2020-03-28 05:09:20.017 30570 DEBUG nova.api.openstack.wsgi [req-52cfd4c7-e1b1-454d-800e-1dfb2474bce5 - - - - -] Calling method '>' _process_stack /usr/lib/python2.7/site-packages/nova/api/openstack/wsgi.py:607
2020-03-28 05:09:20.019 30570 INFO nova.api.openstack.requestlog [req-52cfd4c7-e1b1-454d-800e-1dfb2474bce5 - - - - -] 192.168.24.1 "OPTIONS /" status: 200 len: 383 microversion: - time: 0.001837
2020-03-28 05:09:22.023 30572 DEBUG nova.api.openstack.wsgi [req-36da583f-b773-4023-9314-8ca3d5b3960d - - - - -] Calling method '>' _process_stack /usr/lib/python2.7/site-packages/nova/api/openstack/wsgi.py:607
2020-03-28 05:09:22.024 30572 INFO nova.api.openstack.requestlog [req-36da583f-b773-4023-9314-8ca3d5b3960d - - - - -] 192.168.24.1 "OPTIONS /" status: 200 len: 383 microversion: - time: 0.001417
2020-03-28 05:09:24.028 30562 DEBUG nova.api.openstack.wsgi [req-5f6ab85a-ae0d-4876-be02-d3deb772cc26 - - - - -] Calling method '>' _process_stack /usr/lib/python2.7/site-packages/nova/api/openstack/wsgi.py:607
2020-03-28 05:09:24.029 30562 INFO nova.api.openstack.requestlog [req-5f6ab85a-ae0d-4876-be02-d3deb772cc26 - - - - -] 192.168.24.1 "OPTIONS /" status: 200 len: 383 microversion: - time: 0.001456
2020-03-28 05:09:26.034 30571 DEBUG nova.api.openstack.wsgi [req-dfbbe2d3-2bf5-4b37-8be2-dc1540297f60 - - - - -] Calling method '>' _process_stack /usr/lib/python2.7/site-packages/nova/api/openstack/wsgi.py:607
2020-03-28 05:09:26.036 30571 INFO nova.api.openstack.requestlog [req-dfbbe2d3-2bf5-4b37-8be2-dc1540297f60 - - - - -] 192.168.24.1 "OPTIONS /" status: 200 len: 383 microversion: - time: 0.001562
2020-03-28 05:09:28.041 30570 DEBUG nova.api.openstack.wsgi [req-52cfd4c7-e1b1-454d-800e-1dfb2474bce5 - - - - -] Calling method '>' _process_stack /usr/lib/python2.7/site-packages/nova/api/openstack/wsgi.py:607
2020-03-28 05:09:28.043 30570 INFO nova.api.openstack.requestlog [req-52cfd4c7-e1b1-454d-800e-1dfb2474bce5 - - - - -] 192.168.24.1 "OPTIONS /" status: 200 len: 383 microversion: - time: 0.002574
2020-03-28 05:09:30.049 30562 DEBUG nova.api.openstack.wsgi [req-5f6ab85a-ae0d-4876-be02-d3deb772cc26 - - - - -] Calling method '>' _process_stack /usr/lib/python2.7/site-packages/nova/api/openstack/wsgi.py:607
2020-03-28 05:09:30.051 30562 INFO nova.api.openstack.requestlog [req-5f6ab85a-ae0d-4876-be02-d3deb772cc26 - - - - -] 192.168.24.1 "OPTIONS /" status: 200 len: 383 microversion: - time: 0.003542
2020-03-28 05:09:32.058 30572 DEBUG nova.api.openstack.wsgi [req-36da583f-b773-4023-9314-8ca3d5b3960d - - - - -] Calling method '>' _process_stack /usr/lib/python2.7/site-packages/nova/api/openstack/wsgi.py:607
2020-03-28 05:09:32.061 30572 INFO nova.api.openstack.requestlog [req-36da583f-b773-4023-9314-8ca3d5b3960d - - - - -] 192.168.24.1 "OPTIONS /" status: 200 len: 383 microversion: - time: 0.003697
2020-03-28 05:09:34.065 30571 DEBUG nova.api.openstack.wsgi [req-dfbbe2d3-2bf5-4b37-8be2-dc1540297f60 - - - - -] Calling method '>' _process_stack /usr/lib/python2.7/site-packages/nova/api/openstack/wsgi.py:607
2020-03-28 05:09:34.066 30571 INFO nova.api.openstack.requestlog [req-dfbbe2d3-2bf5-4b37-8be2-dc1540297f60 - - - - -] 192.168.24.1 "OPTIONS /" status: 200 len: 383 microversion: - time: 0.001098
2020-03-28 05:09:36.069 30570 DEBUG nova.api.openstack.wsgi [req-52cfd4c7-e1b1-454d-800e-1dfb2474bce5 - - - - -] Calling method '>' _process_stack /usr/lib/python2.7/site-packages/nova/api/openstack/wsgi.py:607
2020-03-28 05:09:36.071 30570 INFO nova.api.openstack.requestlog [req-52cfd4c7-e1b1-454d-800e-1dfb2474bce5 - - - - -] 192.168.24.1 "OPTIONS /" status: 200 len: 383 microversion: - time: 0.001714
2020-03-28 05:09:38.075 30562 DEBUG nova.api.openstack.wsgi [req-5f6ab85a-ae0d-4876-be02-d3deb772cc26 - - - - -] Calling method '>' _process_stack /usr/lib/python2.7/site-packages/nova/api/openstack/wsgi.py:607
2020-03-28 05:09:38.076 30562 INFO nova.api.openstack.requestlog [req-5f6ab85a-ae0d-4876-be02-d3deb772cc26 - - - - -] 192.168.24.1 "OPTIONS /" status: 200 len: 383 microversion: - time: 0.001401
2020-03-28 05:09:40.080 30570 DEBUG nova.api.openstack.wsgi [req-52cfd4c7-e1b1-454d-800e-1dfb2474bce5 - - - - -] Calling method '>' _process_stack /usr/lib/python2.7/site-packages/nova/api/openstack/wsgi.py:607
2020-03-28 05:09:40.081 30570 INFO nova.api.openstack.requestlog [req-52cfd4c7-e1b1-454d-800e-1dfb2474bce5 - - - - -] 192.168.24.1 "OPTIONS /" status: 200 len: 383 microversion: - time: 0.001182
2020-03-28 05:09:42.085 30562 DEBUG nova.api.openstack.wsgi [req-5f6ab85a-ae0d-4876-be02-d3deb772cc26 - - - - -] Calling method '>' _process_stack /usr/lib/python2.7/site-packages/nova/api/openstack/wsgi.py:607
2020-03-28 05:09:42.087 30562 INFO nova.api.openstack.requestlog [req-5f6ab85a-ae0d-4876-be02-d3deb772cc26 - - - - -] 192.168.24.1 "OPTIONS /" status: 200 len: 383 microversion: - time: 0.001756
2020-03-28 05:09:44.093 30570 DEBUG nova.api.openstack.wsgi [req-52cfd4c7-e1b1-454d-800e-1dfb2474bce5 - - - - -] Calling method '>' _process_stack /usr/lib/python2.7/site-packages/nova/api/openstack/wsgi.py:607
2020-03-28 05:09:44.095 30570 INFO nova.api.openstack.requestlog [req-52cfd4c7-e1b1-454d-800e-1dfb2474bce5 - - - - -] 192.168.24.1 "OPTIONS /" status: 200 len: 383 microversion: - time: 0.002424
2020-03-28 05:09:46.099 30572 DEBUG nova.api.openstack.wsgi [req-36da583f-b773-4023-9314-8ca3d5b3960d - - - - -] Calling method '>' _process_stack /usr/lib/python2.7/site-packages/nova/api/openstack/wsgi.py:607
2020-03-28 05:09:46.101 30572 INFO nova.api.openstack.requestlog [req-36da583f-b773-4023-9314-8ca3d5b3960d - - - - -] 192.168.24.1 "OPTIONS /" status: 200 len: 383 microversion: - time: 0.001549
2020-03-28 05:09:48.104 30570 DEBUG nova.api.openstack.wsgi [req-52cfd4c7-e1b1-454d-800e-1dfb2474bce5 - - - - -] Calling method '>' _process_stack /usr/lib/python2.7/site-packages/nova/api/openstack/wsgi.py:607
2020-03-28 05:09:48.106 30570 INFO nova.api.openstack.requestlog [req-52cfd4c7-e1b1-454d-800e-1dfb2474bce5 - - - - -] 192.168.24.1 "OPTIONS /" status: 200 len: 383 microversion: - time: 0.001530
2020-03-28 05:09:50.109 30572 DEBUG nova.api.openstack.wsgi [req-36da583f-b773-4023-9314-8ca3d5b3960d - - - - -] Calling method '>' _process_stack /usr/lib/python2.7/site-packages/nova/api/openstack/wsgi.py:607
2020-03-28 05:09:50.111 30572 INFO nova.api.openstack.requestlog [req-36da583f-b773-4023-9314-8ca3d5b3960d - - - - -] 192.168.24.1 "OPTIONS /" status: 200 len: 383 microversion: - time: 0.002112
2020-03-28 05:09:52.116 30562 DEBUG nova.api.openstack.wsgi [req-5f6ab85a-ae0d-4876-be02-d3deb772cc26 - - - - -] Calling method '>' _process_stack /usr/lib/python2.7/site-packages/nova/api/openstack/wsgi.py:607
2020-03-28 05:09:52.117 30562 INFO nova.api.openstack.requestlog [req-5f6ab85a-ae0d-4876-be02-d3deb772cc26 - - - - -] 192.168.24.1 "OPTIONS /" status: 200 len: 383 microversion: - time: 0.001151
2020-03-28 05:09:54.121 30572 DEBUG nova.api.openstack.wsgi [req-36da583f-b773-4023-9314-8ca3d5b3960d - - - - -] Calling method '>' _process_stack /usr/lib/python2.7/site-packages/nova/api/openstack/wsgi.py:607
2020-03-28 05:09:54.123 30572 INFO nova.api.openstack.requestlog [req-36da583f-b773-4023-9314-8ca3d5b3960d - - - - -] 192.168.24.1 "OPTIONS /" status: 200 len: 383 microversion: - time: 0.001545
2020-03-28 05:09:56.126 30571 DEBUG nova.api.openstack.wsgi [req-dfbbe2d3-2bf5-4b37-8be2-dc1540297f60 - - - - -] Calling method '>' _process_stack /usr/lib/python2.7/site-packages/nova/api/openstack/wsgi.py:607
2020-03-28 05:09:56.128 30571 INFO nova.api.openstack.requestlog [req-dfbbe2d3-2bf5-4b37-8be2-dc1540297f60 - - - - -] 192.168.24.1 "OPTIONS /" status: 200 len: 383 microversion: - time: 0.002355
2020-03-28 05:09:58.132 30562 DEBUG nova.api.openstack.wsgi [req-5f6ab85a-ae0d-4876-be02-d3deb772cc26 - - - - -] Calling method '>' _process_stack /usr/lib/python2.7/site-packages/nova/api/openstack/wsgi.py:607
2020-03-28 05:09:58.133 30562 INFO nova.api.openstack.requestlog [req-5f6ab85a-ae0d-4876-be02-d3deb772cc26 - - - - -] 192.168.24.1 "OPTIONS /" status: 200 len: 383 microversion: - time: 0.001668
2020-03-28 05:10:00.137 30572 DEBUG nova.api.openstack.wsgi [req-36da583f-b773-4023-9314-8ca3d5b3960d - - - - -] Calling method '>' _process_stack /usr/lib/python2.7/site-packages/nova/api/openstack/wsgi.py:607
2020-03-28 05:10:00.137 30572 INFO nova.api.openstack.requestlog [req-36da583f-b773-4023-9314-8ca3d5b3960d - - - - -] 192.168.24.1 "OPTIONS /" status: 200 len: 383 microversion: - time: 0.000889
2020-03-28 05:10:02.142 30570 DEBUG nova.api.openstack.wsgi [req-52cfd4c7-e1b1-454d-800e-1dfb2474bce5 - - - - -] Calling method '>' _process_stack /usr/lib/python2.7/site-packages/nova/api/openstack/wsgi.py:607
2020-03-28 05:10:02.144 30570 INFO nova.api.openstack.requestlog [req-52cfd4c7-e1b1-454d-800e-1dfb2474bce5 - - - - -] 192.168.24.1 "OPTIONS /" status: 200 len: 383 microversion: - time: 0.002126
2020-03-28 05:10:04.148 30571 DEBUG nova.api.openstack.wsgi [req-dfbbe2d3-2bf5-4b37-8be2-dc1540297f60 - - - - -] Calling method '>' _process_stack /usr/lib/python2.7/site-packages/nova/api/openstack/wsgi.py:607
2020-03-28 05:10:04.149 30571 INFO nova.api.openstack.requestlog [req-dfbbe2d3-2bf5-4b37-8be2-dc1540297f60 - - - - -] 192.168.24.1 "OPTIONS /" status: 200 len: 383 microversion: - time: 0.001371
2020-03-28 05:10:06.153 30572 DEBUG nova.api.openstack.wsgi [req-36da583f-b773-4023-9314-8ca3d5b3960d - - - - -] Calling method '>' _process_stack /usr/lib/python2.7/site-packages/nova/api/openstack/wsgi.py:607
2020-03-28 05:10:06.154 30572 INFO nova.api.openstack.requestlog [req-36da583f-b773-4023-9314-8ca3d5b3960d - - - - -] 192.168.24.1 "OPTIONS /" status: 200 len: 383 microversion: - time: 0.001498
2020-03-28 05:10:08.158 30562 DEBUG nova.api.openstack.wsgi [req-5f6ab85a-ae0d-4876-be02-d3deb772cc26 - - - - -] Calling method '>' _process_stack /usr/lib/python2.7/site-packages/nova/api/openstack/wsgi.py:607
2020-03-28 05:10:08.159 30562 INFO nova.api.openstack.requestlog [req-5f6ab85a-ae0d-4876-be02-d3deb772cc26 - - - - -] 192.168.24.1 "OPTIONS /" status: 200 len: 383 microversion: - time: 0.001544
2020-03-28 05:10:10.162 30570 DEBUG nova.api.openstack.wsgi [req-52cfd4c7-e1b1-454d-800e-1dfb2474bce5 - - - - -] Calling method '>' _process_stack /usr/lib/python2.7/site-packages/nova/api/openstack/wsgi.py:607
2020-03-28 05:10:10.163 30570 INFO nova.api.openstack.requestlog [req-52cfd4c7-e1b1-454d-800e-1dfb2474bce5 - - - - -] 192.168.24.1 "OPTIONS /" status: 200 len: 383 microversion: - time: 0.000747
2020-03-28 05:10:12.167 30572 DEBUG nova.api.openstack.wsgi [req-36da583f-b773-4023-9314-8ca3d5b3960d - - - - -] Calling method '>' _process_stack /usr/lib/python2.7/site-packages/nova/api/openstack/wsgi.py:607
2020-03-28 05:10:12.167 30572 INFO nova.api.openstack.requestlog [req-36da583f-b773-4023-9314-8ca3d5b3960d - - - - -] 192.168.24.1 "OPTIONS /" status: 200 len: 383 microversion: - time: 0.000875
2020-03-28 05:10:14.170 30571 DEBUG nova.api.openstack.wsgi [req-dfbbe2d3-2bf5-4b37-8be2-dc1540297f60 - - - - -] Calling method '>' _process_stack /usr/lib/python2.7/site-packages/nova/api/openstack/wsgi.py:607
2020-03-28 05:10:14.171 30571 INFO nova.api.openstack.requestlog [req-dfbbe2d3-2bf5-4b37-8be2-dc1540297f60 - - - - -] 192.168.24.1 "OPTIONS /" status: 200 len: 383 microversion: - time: 0.001541
2020-03-28 05:10:16.176 30570 DEBUG nova.api.openstack.wsgi [req-52cfd4c7-e1b1-454d-800e-1dfb2474bce5 - - - - -] Calling method '>' _process_stack /usr/lib/python2.7/site-packages/nova/api/openstack/wsgi.py:607
2020-03-28 05:10:16.179 30570 INFO nova.api.openstack.requestlog [req-52cfd4c7-e1b1-454d-800e-1dfb2474bce5 - - - - -] 192.168.24.1 "OPTIONS /" status: 200 len: 383 microversion: - time: 0.002639
2020-03-28 05:10:18.187 30562 DEBUG nova.api.openstack.wsgi [req-5f6ab85a-ae0d-4876-be02-d3deb772cc26 - - - - -] Calling method '>' _process_stack /usr/lib/python2.7/site-packages/nova/api/openstack/wsgi.py:607
2020-03-28 05:10:18.191 30562 INFO nova.api.openstack.requestlog [req-5f6ab85a-ae0d-4876-be02-d3deb772cc26 - - - - -] 192.168.24.1 "OPTIONS /" status: 200 len: 383 microversion: - time: 0.005414
2020-03-28 05:10:20.196 30570 DEBUG nova.api.openstack.wsgi [req-52cfd4c7-e1b1-454d-800e-1dfb2474bce5 - - - - -] Calling method '>' _process_stack /usr/lib/python2.7/site-packages/nova/api/openstack/wsgi.py:607
2020-03-28 05:10:20.197 30570 INFO nova.api.openstack.requestlog [req-52cfd4c7-e1b1-454d-800e-1dfb2474bce5 - - - - -] 192.168.24.1 "OPTIONS /" status: 200 len: 383 microversion: - time: 0.001799
2020-03-28 05:10:22.201 30571 DEBUG nova.api.openstack.wsgi [req-dfbbe2d3-2bf5-4b37-8be2-dc1540297f60 - - - - -] Calling method '>' _process_stack /usr/lib/python2.7/site-packages/nova/api/openstack/wsgi.py:607
2020-03-28 05:10:22.202 30571 INFO nova.api.openstack.requestlog [req-dfbbe2d3-2bf5-4b37-8be2-dc1540297f60 - - - - -] 192.168.24.1 "OPTIONS /" status: 200 len: 383 microversion: - time: 0.000734
2020-03-28 05:10:24.205 30562 DEBUG nova.api.openstack.wsgi [req-5f6ab85a-ae0d-4876-be02-d3deb772cc26 - - - - -] Calling method '>' _process_stack /usr/lib/python2.7/site-packages/nova/api/openstack/wsgi.py:607
2020-03-28 05:10:24.205 30562 INFO nova.api.openstack.requestlog [req-5f6ab85a-ae0d-4876-be02-d3deb772cc26 - - - - -] 192.168.24.1 "OPTIONS /" status: 200 len: 383 microversion: - time: 0.000778
2020-03-28 05:10:26.209 30570 DEBUG nova.api.openstack.wsgi [req-52cfd4c7-e1b1-454d-800e-1dfb2474bce5 - - - - -] Calling method '>' _process_stack /usr/lib/python2.7/site-packages/nova/api/openstack/wsgi.py:607
2020-03-28 05:10:26.211 30570 INFO nova.api.openstack.requestlog [req-52cfd4c7-e1b1-454d-800e-1dfb2474bce5 - - - - -] 192.168.24.1 "OPTIONS /" status: 200 len: 383 microversion: - time: 0.002160
2020-03-28 05:10:28.216 30572 DEBUG nova.api.openstack.wsgi [req-36da583f-b773-4023-9314-8ca3d5b3960d - - - - -] Calling method '>' _process_stack /usr/lib/python2.7/site-packages/nova/api/openstack/wsgi.py:607
2020-03-28 05:10:28.229 30572 INFO nova.api.openstack.requestlog [req-36da583f-b773-4023-9314-8ca3d5b3960d - - - - -] 192.168.24.1 "OPTIONS /" status: 200 len: 383 microversion: - time: 0.013141
2020-03-28 05:10:30.233 30571 DEBUG nova.api.openstack.wsgi [req-dfbbe2d3-2bf5-4b37-8be2-dc1540297f60 - - - - -] Calling method '>' _process_stack /usr/lib/python2.7/site-packages/nova/api/openstack/wsgi.py:607
2020-03-28 05:10:30.234 30571 INFO nova.api.openstack.requestlog [req-dfbbe2d3-2bf5-4b37-8be2-dc1540297f60 - - - - -] 192.168.24.1 "OPTIONS /" status: 200 len: 383 microversion: - time: 0.001514
2020-03-28 05:10:32.238 30562 DEBUG nova.api.openstack.wsgi [req-5f6ab85a-ae0d-4876-be02-d3deb772cc26 - - - - -] Calling method '>' _process_stack /usr/lib/python2.7/site-packages/nova/api/openstack/wsgi.py:607
2020-03-28 05:10:32.238 30562 INFO nova.api.openstack.requestlog [req-5f6ab85a-ae0d-4876-be02-d3deb772cc26 - - - - -] 192.168.24.1 "OPTIONS /" status: 200 len: 383 microversion: - time: 0.000830
2020-03-28 05:10:34.242 30572 DEBUG nova.api.openstack.wsgi [req-36da583f-b773-4023-9314-8ca3d5b3960d - - - - -] Calling method '>' _process_stack /usr/lib/python2.7/site-packages/nova/api/openstack/wsgi.py:607
2020-03-28 05:10:34.244 30572 INFO nova.api.openstack.requestlog [req-36da583f-b773-4023-9314-8ca3d5b3960d - - - - -] 192.168.24.1 "OPTIONS /" status: 200 len: 383 microversion: - time: 0.001942
2020-03-28 05:10:36.248 30562 DEBUG nova.api.openstack.wsgi [req-5f6ab85a-ae0d-4876-be02-d3deb772cc26 - - - - -] Calling method '>' _process_stack /usr/lib/python2.7/site-packages/nova/api/openstack/wsgi.py:607
2020-03-28 05:10:36.250 30562 INFO nova.api.openstack.requestlog [req-5f6ab85a-ae0d-4876-be02-d3deb772cc26 - - - - -] 192.168.24.1 "OPTIONS /" status: 200 len: 383 microversion: - time: 0.001771
2020-03-28 05:10:38.254 30571 DEBUG nova.api.openstack.wsgi [req-dfbbe2d3-2bf5-4b37-8be2-dc1540297f60 - - - - -] Calling method '>' _process_stack /usr/lib/python2.7/site-packages/nova/api/openstack/wsgi.py:607
2020-03-28 05:10:38.255 30571 INFO nova.api.openstack.requestlog [req-dfbbe2d3-2bf5-4b37-8be2-dc1540297f60 - - - - -] 192.168.24.1 "OPTIONS /" status: 200 len: 383 microversion: - time: 0.001465
2020-03-28 05:10:40.259 30570 DEBUG nova.api.openstack.wsgi [req-52cfd4c7-e1b1-454d-800e-1dfb2474bce5 - - - - -] Calling method '>' _process_stack /usr/lib/python2.7/site-packages/nova/api/openstack/wsgi.py:607
2020-03-28 05:10:40.260 30570 INFO nova.api.openstack.requestlog [req-52cfd4c7-e1b1-454d-800e-1dfb2474bce5 - - - - -] 192.168.24.1 "OPTIONS /" status: 200 len: 383 microversion: - time: 0.001302
2020-03-28 05:10:42.262 30562 DEBUG nova.api.openstack.wsgi [req-5f6ab85a-ae0d-4876-be02-d3deb772cc26 - - - - -] Calling method '>' _process_stack /usr/lib/python2.7/site-packages/nova/api/openstack/wsgi.py:607
2020-03-28 05:10:42.263 30562 INFO nova.api.openstack.requestlog [req-5f6ab85a-ae0d-4876-be02-d3deb772cc26 - - - - -] 192.168.24.1 "OPTIONS /" status: 200 len: 383 microversion: - time: 0.000781
2020-03-28 05:10:44.266 30572 DEBUG nova.api.openstack.wsgi [req-36da583f-b773-4023-9314-8ca3d5b3960d - - - - -] Calling method '>' _process_stack /usr/lib/python2.7/site-packages/nova/api/openstack/wsgi.py:607
2020-03-28 05:10:44.268 30572 INFO nova.api.openstack.requestlog [req-36da583f-b773-4023-9314-8ca3d5b3960d - - - - -] 192.168.24.1 "OPTIONS /" status: 200 len: 383 microversion: - time: 0.002177
2020-03-28 05:10:46.273 30571 DEBUG nova.api.openstack.wsgi [req-dfbbe2d3-2bf5-4b37-8be2-dc1540297f60 - - - - -] Calling method '>' _process_stack /usr/lib/python2.7/site-packages/nova/api/openstack/wsgi.py:607
2020-03-28 05:10:46.273 30571 INFO nova.api.openstack.requestlog [req-dfbbe2d3-2bf5-4b37-8be2-dc1540297f60 - - - - -] 192.168.24.1 "OPTIONS /" status: 200 len: 383 microversion: - time: 0.001073
2020-03-28 05:10:48.276 30562 DEBUG nova.api.openstack.wsgi [req-5f6ab85a-ae0d-4876-be02-d3deb772cc26 - - - - -] Calling method '>' _process_stack /usr/lib/python2.7/site-packages/nova/api/openstack/wsgi.py:607
2020-03-28 05:10:48.278 30562 INFO nova.api.openstack.requestlog [req-5f6ab85a-ae0d-4876-be02-d3deb772cc26 - - - - -] 192.168.24.1 "OPTIONS /" status: 200 len: 383 microversion: - time: 0.001424
2020-03-28 05:10:50.281 30572 DEBUG nova.api.openstack.wsgi [req-36da583f-b773-4023-9314-8ca3d5b3960d - - - - -] Calling method '>' _process_stack /usr/lib/python2.7/site-packages/nova/api/openstack/wsgi.py:607
2020-03-28 05:10:50.283 30572 INFO nova.api.openstack.requestlog [req-36da583f-b773-4023-9314-8ca3d5b3960d - - - - -] 192.168.24.1 "OPTIONS /" status: 200 len: 383 microversion: - time: 0.001753
2020-03-28 05:10:52.286 30570 DEBUG nova.api.openstack.wsgi [req-52cfd4c7-e1b1-454d-800e-1dfb2474bce5 - - - - -] Calling method '>' _process_stack /usr/lib/python2.7/site-packages/nova/api/openstack/wsgi.py:607
2020-03-28 05:10:52.288 30570 INFO nova.api.openstack.requestlog [req-52cfd4c7-e1b1-454d-800e-1dfb2474bce5 - - - - -] 192.168.24.1 "OPTIONS /" status: 200 len: 383 microversion: - time: 0.001642
2020-03-28 05:10:54.292 30562 DEBUG nova.api.openstack.wsgi [req-5f6ab85a-ae0d-4876-be02-d3deb772cc26 - - - - -] Calling method '>' _process_stack /usr/lib/python2.7/site-packages/nova/api/openstack/wsgi.py:607
2020-03-28 05:10:54.294 30562 INFO nova.api.openstack.requestlog [req-5f6ab85a-ae0d-4876-be02-d3deb772cc26 - - - - -] 192.168.24.1 "OPTIONS /" status: 200 len: 383 microversion: - time: 0.002113
2020-03-28 05:10:56.298 30571 DEBUG nova.api.openstack.wsgi [req-dfbbe2d3-2bf5-4b37-8be2-dc1540297f60 - - - - -] Calling method '>' _process_stack /usr/lib/python2.7/site-packages/nova/api/openstack/wsgi.py:607
2020-03-28 05:10:56.299 30571 INFO nova.api.openstack.requestlog [req-dfbbe2d3-2bf5-4b37-8be2-dc1540297f60 - - - - -] 192.168.24.1 "OPTIONS /" status: 200 len: 383 microversion: - time: 0.000867
2020-03-28 05:10:58.301 30570 DEBUG nova.api.openstack.wsgi [req-52cfd4c7-e1b1-454d-800e-1dfb2474bce5 - - - - -] Calling method '>' _process_stack /usr/lib/python2.7/site-packages/nova/api/openstack/wsgi.py:607
2020-03-28 05:10:58.302 30570 INFO nova.api.openstack.requestlog [req-52cfd4c7-e1b1-454d-800e-1dfb2474bce5 - - - - -] 192.168.24.1 "OPTIONS /" status: 200 len: 383 microversion: - time: 0.001147
2020-03-28 05:11:00.307 30571 DEBUG nova.api.openstack.wsgi [req-dfbbe2d3-2bf5-4b37-8be2-dc1540297f60 - - - - -] Calling method '>' _process_stack /usr/lib/python2.7/site-packages/nova/api/openstack/wsgi.py:607
2020-03-28 05:11:00.308 30571 INFO nova.api.openstack.requestlog [req-dfbbe2d3-2bf5-4b37-8be2-dc1540297f60 - - - - -] 192.168.24.1 "OPTIONS /" status: 200 len: 383 microversion: - time: 0.001538
2020-03-28 05:11:02.312 30572 DEBUG nova.api.openstack.wsgi [req-36da583f-b773-4023-9314-8ca3d5b3960d - - - - -] Calling method '>' _process_stack /usr/lib/python2.7/site-packages/nova/api/openstack/wsgi.py:607
2020-03-28 05:11:02.314 30572 INFO nova.api.openstack.requestlog [req-36da583f-b773-4023-9314-8ca3d5b3960d - - - - -] 192.168.24.1 "OPTIONS /" status: 200 len: 383 microversion: - time: 0.001844
2020-03-28 05:11:04.317 30562 DEBUG nova.api.openstack.wsgi [req-5f6ab85a-ae0d-4876-be02-d3deb772cc26 - - - - -] Calling method '>' _process_stack /usr/lib/python2.7/site-packages/nova/api/openstack/wsgi.py:607
2020-03-28 05:11:04.319 30562 INFO nova.api.openstack.requestlog [req-5f6ab85a-ae0d-4876-be02-d3deb772cc26 - - - - -] 192.168.24.1 "OPTIONS /" status: 200 len: 383 microversion: - time: 0.001704
2020-03-28 05:11:06.323 30571 DEBUG nova.api.openstack.wsgi [req-dfbbe2d3-2bf5-4b37-8be2-dc1540297f60 - - - - -] Calling method '>' _process_stack /usr/lib/python2.7/site-packages/nova/api/openstack/wsgi.py:607
2020-03-28 05:11:06.323 30571 INFO nova.api.openstack.requestlog [req-dfbbe2d3-2bf5-4b37-8be2-dc1540297f60 - - - - -] 192.168.24.1 "OPTIONS /" status: 200 len: 383 microversion: - time: 0.000849
2020-03-28 05:11:08.326 30562 DEBUG nova.api.openstack.wsgi [req-5f6ab85a-ae0d-4876-be02-d3deb772cc26 - - - - -] Calling method '>' _process_stack /usr/lib/python2.7/site-packages/nova/api/openstack/wsgi.py:607
2020-03-28 05:11:08.327 30562 INFO nova.api.openstack.requestlog [req-5f6ab85a-ae0d-4876-be02-d3deb772cc26 - - - - -] 192.168.24.1 "OPTIONS /" status: 200 len: 383 microversion: - time: 0.001053
2020-03-28 05:11:10.331 30571 DEBUG nova.api.openstack.wsgi [req-dfbbe2d3-2bf5-4b37-8be2-dc1540297f60 - - - - -] Calling method '>' _process_stack /usr/lib/python2.7/site-packages/nova/api/openstack/wsgi.py:607
2020-03-28 05:11:10.333 30571 INFO nova.api.openstack.requestlog [req-dfbbe2d3-2bf5-4b37-8be2-dc1540297f60 - - - - -] 192.168.24.1 "OPTIONS /" status: 200 len: 383 microversion: - time: 0.001464
2020-03-28 05:11:12.336 30570 DEBUG nova.api.openstack.wsgi [req-52cfd4c7-e1b1-454d-800e-1dfb2474bce5 - - - - -] Calling method '>' _process_stack /usr/lib/python2.7/site-packages/nova/api/openstack/wsgi.py:607
2020-03-28 05:11:12.337 30570 INFO nova.api.openstack.requestlog [req-52cfd4c7-e1b1-454d-800e-1dfb2474bce5 - - - - -] 192.168.24.1 "OPTIONS /" status: 200 len: 383 microversion: - time: 0.001145
2020-03-28 05:11:14.341 30572 DEBUG nova.api.openstack.wsgi [req-36da583f-b773-4023-9314-8ca3d5b3960d - - - - -] Calling method '>' _process_stack /usr/lib/python2.7/site-packages/nova/api/openstack/wsgi.py:607
2020-03-28 05:11:14.342 30572 INFO nova.api.openstack.requestlog [req-36da583f-b773-4023-9314-8ca3d5b3960d - - - - -] 192.168.24.1 "OPTIONS /" status: 200 len: 383 microversion: - time: 0.000947
2020-03-28 05:11:16.344 30571 DEBUG nova.api.openstack.wsgi [req-dfbbe2d3-2bf5-4b37-8be2-dc1540297f60 - - - - -] Calling method '>' _process_stack /usr/lib/python2.7/site-packages/nova/api/openstack/wsgi.py:607
2020-03-28 05:11:16.345 30571 INFO nova.api.openstack.requestlog [req-dfbbe2d3-2bf5-4b37-8be2-dc1540297f60 - - - - -] 192.168.24.1 "OPTIONS /" status: 200 len: 383 microversion: - time: 0.000877
2020-03-28 05:11:18.348 30562 DEBUG nova.api.openstack.wsgi [req-5f6ab85a-ae0d-4876-be02-d3deb772cc26 - - - - -] Calling method '>' _process_stack /usr/lib/python2.7/site-packages/nova/api/openstack/wsgi.py:607
2020-03-28 05:11:18.349 30562 INFO nova.api.openstack.requestlog [req-5f6ab85a-ae0d-4876-be02-d3deb772cc26 - - - - -] 192.168.24.1 "OPTIONS /" status: 200 len: 383 microversion: - time: 0.001520
2020-03-28 05:11:20.355 30572 DEBUG nova.api.openstack.wsgi [req-36da583f-b773-4023-9314-8ca3d5b3960d - - - - -] Calling method '>' _process_stack /usr/lib/python2.7/site-packages/nova/api/openstack/wsgi.py:607
2020-03-28 05:11:20.357 30572 INFO nova.api.openstack.requestlog [req-36da583f-b773-4023-9314-8ca3d5b3960d - - - - -] 192.168.24.1 "OPTIONS /" status: 200 len: 383 microversion: - time: 0.002137
2020-03-28 05:11:22.362 30571 DEBUG nova.api.openstack.wsgi [req-dfbbe2d3-2bf5-4b37-8be2-dc1540297f60 - - - - -] Calling method '>' _process_stack /usr/lib/python2.7/site-packages/nova/api/openstack/wsgi.py:607
2020-03-28 05:11:22.364 30571 INFO nova.api.openstack.requestlog [req-dfbbe2d3-2bf5-4b37-8be2-dc1540297f60 - - - - -] 192.168.24.1 "OPTIONS /" status: 200 len: 383 microversion: - time: 0.002209
2020-03-28 05:11:24.369 30562 DEBUG nova.api.openstack.wsgi [req-5f6ab85a-ae0d-4876-be02-d3deb772cc26 - - - - -] Calling method '>' _process_stack /usr/lib/python2.7/site-packages/nova/api/openstack/wsgi.py:607
2020-03-28 05:11:24.371 30562 INFO nova.api.openstack.requestlog [req-5f6ab85a-ae0d-4876-be02-d3deb772cc26 - - - - -] 192.168.24.1 "OPTIONS /" status: 200 len: 383 microversion: - time: 0.002050
2020-03-28 05:11:26.376 30572 DEBUG nova.api.openstack.wsgi [req-36da583f-b773-4023-9314-8ca3d5b3960d - - - - -] Calling method '>' _process_stack /usr/lib/python2.7/site-packages/nova/api/openstack/wsgi.py:607
2020-03-28 05:11:26.378 30572 INFO nova.api.openstack.requestlog [req-36da583f-b773-4023-9314-8ca3d5b3960d - - - - -] 192.168.24.1 "OPTIONS /" status: 200 len: 383 microversion: - time: 0.001896
2020-03-28 05:11:28.381 30562 DEBUG nova.api.openstack.wsgi [req-5f6ab85a-ae0d-4876-be02-d3deb772cc26 - - - - -] Calling method '>' _process_stack /usr/lib/python2.7/site-packages/nova/api/openstack/wsgi.py:607
2020-03-28 05:11:28.382 30562 INFO nova.api.openstack.requestlog [req-5f6ab85a-ae0d-4876-be02-d3deb772cc26 - - - - -] 192.168.24.1 "OPTIONS /" status: 200 len: 383 microversion: - time: 0.001411
2020-03-28 05:11:30.386 30571 DEBUG nova.api.openstack.wsgi [req-dfbbe2d3-2bf5-4b37-8be2-dc1540297f60 - - - - -] Calling method '>' _process_stack /usr/lib/python2.7/site-packages/nova/api/openstack/wsgi.py:607
2020-03-28 05:11:30.387 30571 INFO nova.api.openstack.requestlog [req-dfbbe2d3-2bf5-4b37-8be2-dc1540297f60 - - - - -] 192.168.24.1 "OPTIONS /" status: 200 len: 383 microversion: - time: 0.001296
2020-03-28 05:11:32.391 30562 DEBUG nova.api.openstack.wsgi [req-5f6ab85a-ae0d-4876-be02-d3deb772cc26 - - - - -] Calling method '>' _process_stack /usr/lib/python2.7/site-packages/nova/api/openstack/wsgi.py:607
2020-03-28 05:11:32.393 30562 INFO nova.api.openstack.requestlog [req-5f6ab85a-ae0d-4876-be02-d3deb772cc26 - - - - -] 192.168.24.1 "OPTIONS /" status: 200 len: 383 microversion: - time: 0.001533
2020-03-28 05:11:34.397 30571 DEBUG nova.api.openstack.wsgi [req-dfbbe2d3-2bf5-4b37-8be2-dc1540297f60 - - - - -] Calling method '>' _process_stack /usr/lib/python2.7/site-packages/nova/api/openstack/wsgi.py:607
2020-03-28 05:11:34.397 30571 INFO nova.api.openstack.requestlog [req-dfbbe2d3-2bf5-4b37-8be2-dc1540297f60 - - - - -] 192.168.24.1 "OPTIONS /" status: 200 len: 383 microversion: - time: 0.000986
2020-03-28 05:11:36.401 30562 DEBUG nova.api.openstack.wsgi [req-5f6ab85a-ae0d-4876-be02-d3deb772cc26 - - - - -] Calling method '>' _process_stack /usr/lib/python2.7/site-packages/nova/api/openstack/wsgi.py:607
2020-03-28 05:11:36.403 30562 INFO nova.api.openstack.requestlog [req-5f6ab85a-ae0d-4876-be02-d3deb772cc26 - - - - -] 192.168.24.1 "OPTIONS /" status: 200 len: 383 microversion: - time: 0.001470
2020-03-28 05:11:38.408 30570 DEBUG nova.api.openstack.wsgi [req-52cfd4c7-e1b1-454d-800e-1dfb2474bce5 - - - - -] Calling method '>' _process_stack /usr/lib/python2.7/site-packages/nova/api/openstack/wsgi.py:607
2020-03-28 05:11:38.409 30570 INFO nova.api.openstack.requestlog [req-52cfd4c7-e1b1-454d-800e-1dfb2474bce5 - - - - -] 192.168.24.1 "OPTIONS /" status: 200 len: 383 microversion: - time: 0.001987
2020-03-28 05:11:40.413 30572 DEBUG nova.api.openstack.wsgi [req-36da583f-b773-4023-9314-8ca3d5b3960d - - - - -] Calling method '>' _process_stack /usr/lib/python2.7/site-packages/nova/api/openstack/wsgi.py:607
2020-03-28 05:11:40.414 30572 INFO nova.api.openstack.requestlog [req-36da583f-b773-4023-9314-8ca3d5b3960d - - - - -] 192.168.24.1 "OPTIONS /" status: 200 len: 383 microversion: - time: 0.001028
2020-03-28 05:11:42.420 30562 DEBUG nova.api.openstack.wsgi [req-5f6ab85a-ae0d-4876-be02-d3deb772cc26 - - - - -] Calling method '>' _process_stack /usr/lib/python2.7/site-packages/nova/api/openstack/wsgi.py:607
2020-03-28 05:11:42.424 30562 INFO nova.api.openstack.requestlog [req-5f6ab85a-ae0d-4876-be02-d3deb772cc26 - - - - -] 192.168.24.1 "OPTIONS /" status: 200 len: 383 microversion: - time: 0.004493
2020-03-28 05:11:44.428 30571 DEBUG nova.api.openstack.wsgi [req-dfbbe2d3-2bf5-4b37-8be2-dc1540297f60 - - - - -] Calling method '>' _process_stack /usr/lib/python2.7/site-packages/nova/api/openstack/wsgi.py:607
2020-03-28 05:11:44.429 30571 INFO nova.api.openstack.requestlog [req-dfbbe2d3-2bf5-4b37-8be2-dc1540297f60 - - - - -] 192.168.24.1 "OPTIONS /" status: 200 len: 383 microversion: - time: 0.001404
2020-03-28 05:11:46.434 30562 DEBUG nova.api.openstack.wsgi [req-5f6ab85a-ae0d-4876-be02-d3deb772cc26 - - - - -] Calling method '>' _process_stack /usr/lib/python2.7/site-packages/nova/api/openstack/wsgi.py:607
2020-03-28 05:11:46.436 30562 INFO nova.api.openstack.requestlog [req-5f6ab85a-ae0d-4876-be02-d3deb772cc26 - - - - -] 192.168.24.1 "OPTIONS /" status: 200 len: 383 microversion: - time: 0.001998
2020-03-28 05:11:48.443 30572 DEBUG nova.api.openstack.wsgi [req-36da583f-b773-4023-9314-8ca3d5b3960d - - - - -] Calling method '>' _process_stack /usr/lib/python2.7/site-packages/nova/api/openstack/wsgi.py:607
2020-03-28 05:11:48.446 30572 INFO nova.api.openstack.requestlog [req-36da583f-b773-4023-9314-8ca3d5b3960d - - - - -] 192.168.24.1 "OPTIONS /" status: 200 len: 383 microversion: - time: 0.003778
2020-03-28 05:11:50.453 30570 DEBUG nova.api.openstack.wsgi [req-52cfd4c7-e1b1-454d-800e-1dfb2474bce5 - - - - -] Calling method '>' _process_stack /usr/lib/python2.7/site-packages/nova/api/openstack/wsgi.py:607
2020-03-28 05:11:50.456 30570 INFO nova.api.openstack.requestlog [req-52cfd4c7-e1b1-454d-800e-1dfb2474bce5 - - - - -] 192.168.24.1 "OPTIONS /" status: 200 len: 383 microversion: - time: 0.003392
2020-03-28 05:11:52.460 30572 DEBUG nova.api.openstack.wsgi [req-36da583f-b773-4023-9314-8ca3d5b3960d - - - - -] Calling method '>' _process_stack /usr/lib/python2.7/site-packages/nova/api/openstack/wsgi.py:607
2020-03-28 05:11:52.462 30572 INFO nova.api.openstack.requestlog [req-36da583f-b773-4023-9314-8ca3d5b3960d - - - - -] 192.168.24.1 "OPTIONS /" status: 200 len: 383 microversion: - time: 0.002037
2020-03-28 05:11:54.466 30571 DEBUG nova.api.openstack.wsgi [req-dfbbe2d3-2bf5-4b37-8be2-dc1540297f60 - - - - -] Calling method '>' _process_stack /usr/lib/python2.7/site-packages/nova/api/openstack/wsgi.py:607
2020-03-28 05:11:54.466 30571 INFO nova.api.openstack.requestlog [req-dfbbe2d3-2bf5-4b37-8be2-dc1540297f60 - - - - -] 192.168.24.1 "OPTIONS /" status: 200 len: 383 microversion: - time: 0.000939
2020-03-28 05:11:56.470 30572 DEBUG nova.api.openstack.wsgi [req-36da583f-b773-4023-9314-8ca3d5b3960d - - - - -] Calling method '>' _process_stack /usr/lib/python2.7/site-packages/nova/api/openstack/wsgi.py:607
2020-03-28 05:11:56.471 30572 INFO nova.api.openstack.requestlog [req-36da583f-b773-4023-9314-8ca3d5b3960d - - - - -] 192.168.24.1 "OPTIONS /" status: 200 len: 383 microversion: - time: 0.001822
2020-03-28 05:11:58.475 30562 DEBUG nova.api.openstack.wsgi [req-5f6ab85a-ae0d-4876-be02-d3deb772cc26 - - - - -] Calling method '>' _process_stack /usr/lib/python2.7/site-packages/nova/api/openstack/wsgi.py:607
2020-03-28 05:11:58.477 30562 INFO nova.api.openstack.requestlog [req-5f6ab85a-ae0d-4876-be02-d3deb772cc26 - - - - -] 192.168.24.1 "OPTIONS /" status: 200 len: 383 microversion: - time: 0.001558
2020-03-28 05:12:00.482 30570 DEBUG nova.api.openstack.wsgi [req-52cfd4c7-e1b1-454d-800e-1dfb2474bce5 - - - - -] Calling method '>' _process_stack /usr/lib/python2.7/site-packages/nova/api/openstack/wsgi.py:607
2020-03-28 05:12:00.483 30570 INFO nova.api.openstack.requestlog [req-52cfd4c7-e1b1-454d-800e-1dfb2474bce5 - - - - -] 192.168.24.1 "OPTIONS /" status: 200 len: 383 microversion: - time: 0.001603
2020-03-28 05:12:02.488 30572 DEBUG nova.api.openstack.wsgi [req-36da583f-b773-4023-9314-8ca3d5b3960d - - - - -] Calling method '>' _process_stack /usr/lib/python2.7/site-packages/nova/api/openstack/wsgi.py:607
2020-03-28 05:12:02.490 30572 INFO nova.api.openstack.requestlog [req-36da583f-b773-4023-9314-8ca3d5b3960d - - - - -] 192.168.24.1 "OPTIONS /" status: 200 len: 383 microversion: - time: 0.002419
2020-03-28 05:12:04.493 30562 DEBUG nova.api.openstack.wsgi [req-5f6ab85a-ae0d-4876-be02-d3deb772cc26 - - - - -] Calling method '>' _process_stack /usr/lib/python2.7/site-packages/nova/api/openstack/wsgi.py:607
2020-03-28 05:12:04.494 30562 INFO nova.api.openstack.requestlog [req-5f6ab85a-ae0d-4876-be02-d3deb772cc26 - - - - -] 192.168.24.1 "OPTIONS /" status: 200 len: 383 microversion: - time: 0.001076
2020-03-28 05:12:06.498 30570 DEBUG nova.api.openstack.wsgi [req-52cfd4c7-e1b1-454d-800e-1dfb2474bce5 - - - - -] Calling method '>' _process_stack /usr/lib/python2.7/site-packages/nova/api/openstack/wsgi.py:607
2020-03-28 05:12:06.500 30570 INFO nova.api.openstack.requestlog [req-52cfd4c7-e1b1-454d-800e-1dfb2474bce5 - - - - -] 192.168.24.1 "OPTIONS /" status: 200 len: 383 microversion: - time: 0.001395
2020-03-28 05:12:08.503 30572 DEBUG nova.api.openstack.wsgi [req-36da583f-b773-4023-9314-8ca3d5b3960d - - - - -] Calling method '>' _process_stack /usr/lib/python2.7/site-packages/nova/api/openstack/wsgi.py:607
2020-03-28 05:12:08.504 30572 INFO nova.api.openstack.requestlog [req-36da583f-b773-4023-9314-8ca3d5b3960d - - - - -] 192.168.24.1 "OPTIONS /" status: 200 len: 383 microversion: - time: 0.001702
2020-03-28 05:12:10.508 30562 DEBUG nova.api.openstack.wsgi [req-5f6ab85a-ae0d-4876-be02-d3deb772cc26 - - - - -] Calling method '>' _process_stack /usr/lib/python2.7/site-packages/nova/api/openstack/wsgi.py:607
2020-03-28 05:12:10.509 30562 INFO nova.api.openstack.requestlog [req-5f6ab85a-ae0d-4876-be02-d3deb772cc26 - - - - -] 192.168.24.1 "OPTIONS /" status: 200 len: 383 microversion: - time: 0.001586
2020-03-28 05:12:12.514 30571 DEBUG nova.api.openstack.wsgi [req-dfbbe2d3-2bf5-4b37-8be2-dc1540297f60 - - - - -] Calling method '>' _process_stack /usr/lib/python2.7/site-packages/nova/api/openstack/wsgi.py:607
2020-03-28 05:12:12.517 30571 INFO nova.api.openstack.requestlog [req-dfbbe2d3-2bf5-4b37-8be2-dc1540297f60 - - - - -] 192.168.24.1 "OPTIONS /" status: 200 len: 383 microversion: - time: 0.003256
2020-03-28 05:12:14.521 30570 DEBUG nova.api.openstack.wsgi [req-52cfd4c7-e1b1-454d-800e-1dfb2474bce5 - - - - -] Calling method '>' _process_stack /usr/lib/python2.7/site-packages/nova/api/openstack/wsgi.py:607
2020-03-28 05:12:14.522 30570 INFO nova.api.openstack.requestlog [req-52cfd4c7-e1b1-454d-800e-1dfb2474bce5 - - - - -] 192.168.24.1 "OPTIONS /" status: 200 len: 383 microversion: - time: 0.001282
2020-03-28 05:12:16.526 30571 DEBUG nova.api.openstack.wsgi [req-dfbbe2d3-2bf5-4b37-8be2-dc1540297f60 - - - - -] Calling method '>' _process_stack /usr/lib/python2.7/site-packages/nova/api/openstack/wsgi.py:607
2020-03-28 05:12:16.527 30571 INFO nova.api.openstack.requestlog [req-dfbbe2d3-2bf5-4b37-8be2-dc1540297f60 - - - - -] 192.168.24.1 "OPTIONS /" status: 200 len: 383 microversion: - time: 0.000956
2020-03-28 05:12:18.529 30562 DEBUG nova.api.openstack.wsgi [req-5f6ab85a-ae0d-4876-be02-d3deb772cc26 - - - - -] Calling method '>' _process_stack /usr/lib/python2.7/site-packages/nova/api/openstack/wsgi.py:607
2020-03-28 05:12:18.530 30562 INFO nova.api.openstack.requestlog [req-5f6ab85a-ae0d-4876-be02-d3deb772cc26 - - - - -] 192.168.24.1 "OPTIONS /" status: 200 len: 383 microversion: - time: 0.001379
2020-03-28 05:12:20.533 30570 DEBUG nova.api.openstack.wsgi [req-52cfd4c7-e1b1-454d-800e-1dfb2474bce5 - - - - -] Calling method '>' _process_stack /usr/lib/python2.7/site-packages/nova/api/openstack/wsgi.py:607
2020-03-28 05:12:20.534 30570 INFO nova.api.openstack.requestlog [req-52cfd4c7-e1b1-454d-800e-1dfb2474bce5 - - - - -] 192.168.24.1 "OPTIONS /" status: 200 len: 383 microversion: - time: 0.000892
2020-03-28 05:12:22.538 30572 DEBUG nova.api.openstack.wsgi [req-36da583f-b773-4023-9314-8ca3d5b3960d - - - - -] Calling method '>' _process_stack /usr/lib/python2.7/site-packages/nova/api/openstack/wsgi.py:607
2020-03-28 05:12:22.539 30572 INFO nova.api.openstack.requestlog [req-36da583f-b773-4023-9314-8ca3d5b3960d - - - - -] 192.168.24.1 "OPTIONS /" status: 200 len: 383 microversion: - time: 0.001656
2020-03-28 05:12:24.543 30562 DEBUG nova.api.openstack.wsgi [req-5f6ab85a-ae0d-4876-be02-d3deb772cc26 - - - - -] Calling method '>' _process_stack /usr/lib/python2.7/site-packages/nova/api/openstack/wsgi.py:607
2020-03-28 05:12:24.544 30562 INFO nova.api.openstack.requestlog [req-5f6ab85a-ae0d-4876-be02-d3deb772cc26 - - - - -] 192.168.24.1 "OPTIONS /" status: 200 len: 383 microversion: - time: 0.001409
2020-03-28 05:12:26.548 30570 DEBUG nova.api.openstack.wsgi [req-52cfd4c7-e1b1-454d-800e-1dfb2474bce5 - - - - -] Calling method '>' _process_stack /usr/lib/python2.7/site-packages/nova/api/openstack/wsgi.py:607
2020-03-28 05:12:26.548 30570 INFO nova.api.openstack.requestlog [req-52cfd4c7-e1b1-454d-800e-1dfb2474bce5 - - - - -] 192.168.24.1 "OPTIONS /" status: 200 len: 383 microversion: - time: 0.001096
2020-03-28 05:12:28.552 30572 DEBUG nova.api.openstack.wsgi [req-36da583f-b773-4023-9314-8ca3d5b3960d - - - - -] Calling method '>' _process_stack /usr/lib/python2.7/site-packages/nova/api/openstack/wsgi.py:607
2020-03-28 05:12:28.554 30572 INFO nova.api.openstack.requestlog [req-36da583f-b773-4023-9314-8ca3d5b3960d - - - - -] 192.168.24.1 "OPTIONS /" status: 200 len: 383 microversion: - time: 0.001651
2020-03-28 05:12:30.558 30562 DEBUG nova.api.openstack.wsgi [req-5f6ab85a-ae0d-4876-be02-d3deb772cc26 - - - - -] Calling method '>' _process_stack /usr/lib/python2.7/site-packages/nova/api/openstack/wsgi.py:607
2020-03-28 05:12:30.559 30562 INFO nova.api.openstack.requestlog [req-5f6ab85a-ae0d-4876-be02-d3deb772cc26 - - - - -] 192.168.24.1 "OPTIONS /" status: 200 len: 383 microversion: - time: 0.001202
2020-03-28 05:12:32.563 30571 DEBUG nova.api.openstack.wsgi [req-dfbbe2d3-2bf5-4b37-8be2-dc1540297f60 - - - - -] Calling method '>' _process_stack /usr/lib/python2.7/site-packages/nova/api/openstack/wsgi.py:607
2020-03-28 05:12:32.564 30571 INFO nova.api.openstack.requestlog [req-dfbbe2d3-2bf5-4b37-8be2-dc1540297f60 - - - - -] 192.168.24.1 "OPTIONS /" status: 200 len: 383 microversion: - time: 0.001359
2020-03-28 05:12:34.567 30570 DEBUG nova.api.openstack.wsgi [req-52cfd4c7-e1b1-454d-800e-1dfb2474bce5 - - - - -] Calling method '>' _process_stack /usr/lib/python2.7/site-packages/nova/api/openstack/wsgi.py:607
2020-03-28 05:12:34.568 30570 INFO nova.api.openstack.requestlog [req-52cfd4c7-e1b1-454d-800e-1dfb2474bce5 - - - - -] 192.168.24.1 "OPTIONS /" status: 200 len: 383 microversion: - time: 0.000809
2020-03-28 05:12:36.571 30572 DEBUG nova.api.openstack.wsgi [req-36da583f-b773-4023-9314-8ca3d5b3960d - - - - -] Calling method '>' _process_stack /usr/lib/python2.7/site-packages/nova/api/openstack/wsgi.py:607
2020-03-28 05:12:36.572 30572 INFO nova.api.openstack.requestlog [req-36da583f-b773-4023-9314-8ca3d5b3960d - - - - -] 192.168.24.1 "OPTIONS /" status: 200 len: 383 microversion: - time: 0.001150
2020-03-28 05:12:38.576 30571 DEBUG nova.api.openstack.wsgi [req-dfbbe2d3-2bf5-4b37-8be2-dc1540297f60 - - - - -] Calling method '>' _process_stack /usr/lib/python2.7/site-packages/nova/api/openstack/wsgi.py:607
2020-03-28 05:12:38.577 30571 INFO nova.api.openstack.requestlog [req-dfbbe2d3-2bf5-4b37-8be2-dc1540297f60 - - - - -] 192.168.24.1 "OPTIONS /" status: 200 len: 383 microversion: - time: 0.001753
2020-03-28 05:12:40.582 30562 DEBUG nova.api.openstack.wsgi [req-5f6ab85a-ae0d-4876-be02-d3deb772cc26 - - - - -] Calling method '>' _process_stack /usr/lib/python2.7/site-packages/nova/api/openstack/wsgi.py:607
2020-03-28 05:12:40.583 30562 INFO nova.api.openstack.requestlog [req-5f6ab85a-ae0d-4876-be02-d3deb772cc26 - - - - -] 192.168.24.1 "OPTIONS /" status: 200 len: 383 microversion: - time: 0.001411
2020-03-28 05:12:42.587 30572 DEBUG nova.api.openstack.wsgi [req-36da583f-b773-4023-9314-8ca3d5b3960d - - - - -] Calling method '>' _process_stack /usr/lib/python2.7/site-packages/nova/api/openstack/wsgi.py:607
2020-03-28 05:12:42.588 30572 INFO nova.api.openstack.requestlog [req-36da583f-b773-4023-9314-8ca3d5b3960d - - - - -] 192.168.24.1 "OPTIONS /" status: 200 len: 383 microversion: - time: 0.001638
2020-03-28 05:12:44.592 30571 DEBUG nova.api.openstack.wsgi [req-dfbbe2d3-2bf5-4b37-8be2-dc1540297f60 - - - - -] Calling method '>' _process_stack /usr/lib/python2.7/site-packages/nova/api/openstack/wsgi.py:607
2020-03-28 05:12:44.594 30571 INFO nova.api.openstack.requestlog [req-dfbbe2d3-2bf5-4b37-8be2-dc1540297f60 - - - - -] 192.168.24.1 "OPTIONS /" status: 200 len: 383 microversion: - time: 0.001413
2020-03-28 05:12:46.599 30562 DEBUG nova.api.openstack.wsgi [req-5f6ab85a-ae0d-4876-be02-d3deb772cc26 - - - - -] Calling method '>' _process_stack /usr/lib/python2.7/site-packages/nova/api/openstack/wsgi.py:607
2020-03-28 05:12:46.603 30562 INFO nova.api.openstack.requestlog [req-5f6ab85a-ae0d-4876-be02-d3deb772cc26 - - - - -] 192.168.24.1 "OPTIONS /" status: 200 len: 383 microversion: - time: 0.004566
2020-03-28 05:12:48.607 30571 DEBUG nova.api.openstack.wsgi [req-dfbbe2d3-2bf5-4b37-8be2-dc1540297f60 - - - - -] Calling method '>' _process_stack /usr/lib/python2.7/site-packages/nova/api/openstack/wsgi.py:607
2020-03-28 05:12:48.608 30571 INFO nova.api.openstack.requestlog [req-dfbbe2d3-2bf5-4b37-8be2-dc1540297f60 - - - - -] 192.168.24.1 "OPTIONS /" status: 200 len: 383 microversion: - time: 0.001437
2020-03-28 05:12:50.611 30572 DEBUG nova.api.openstack.wsgi [req-36da583f-b773-4023-9314-8ca3d5b3960d - - - - -] Calling method '>' _process_stack /usr/lib/python2.7/site-packages/nova/api/openstack/wsgi.py:607
2020-03-28 05:12:50.612 30572 INFO nova.api.openstack.requestlog [req-36da583f-b773-4023-9314-8ca3d5b3960d - - - - -] 192.168.24.1 "OPTIONS /" status: 200 len: 383 microversion: - time: 0.000957
2020-03-28 05:12:52.615 30562 DEBUG nova.api.openstack.wsgi [req-5f6ab85a-ae0d-4876-be02-d3deb772cc26 - - - - -] Calling method '>' _process_stack /usr/lib/python2.7/site-packages/nova/api/openstack/wsgi.py:607
2020-03-28 05:12:52.616 30562 INFO nova.api.openstack.requestlog [req-5f6ab85a-ae0d-4876-be02-d3deb772cc26 - - - - -] 192.168.24.1 "OPTIONS /" status: 200 len: 383 microversion: - time: 0.000998
2020-03-28 05:12:54.621 30572 DEBUG nova.api.openstack.wsgi [req-36da583f-b773-4023-9314-8ca3d5b3960d - - - - -] Calling method '>' _process_stack /usr/lib/python2.7/site-packages/nova/api/openstack/wsgi.py:607
2020-03-28 05:12:54.623 30572 INFO nova.api.openstack.requestlog [req-36da583f-b773-4023-9314-8ca3d5b3960d - - - - -] 192.168.24.1 "OPTIONS /" status: 200 len: 383 microversion: - time: 0.002304
2020-03-28 05:12:56.631 30570 DEBUG nova.api.openstack.wsgi [req-52cfd4c7-e1b1-454d-800e-1dfb2474bce5 - - - - -] Calling method '>' _process_stack /usr/lib/python2.7/site-packages/nova/api/openstack/wsgi.py:607
2020-03-28 05:12:56.634 30570 INFO nova.api.openstack.requestlog [req-52cfd4c7-e1b1-454d-800e-1dfb2474bce5 - - - - -] 192.168.24.1 "OPTIONS /" status: 200 len: 383 microversion: - time: 0.004534
2020-03-28 05:12:58.639 30562 DEBUG nova.api.openstack.wsgi [req-5f6ab85a-ae0d-4876-be02-d3deb772cc26 - - - - -] Calling method '>' _process_stack /usr/lib/python2.7/site-packages/nova/api/openstack/wsgi.py:607
2020-03-28 05:12:58.640 30562 INFO nova.api.openstack.requestlog [req-5f6ab85a-ae0d-4876-be02-d3deb772cc26 - - - - -] 192.168.24.1 "OPTIONS /" status: 200 len: 383 microversion: - time: 0.001759
2020-03-28 05:13:00.644 30571 DEBUG nova.api.openstack.wsgi [req-dfbbe2d3-2bf5-4b37-8be2-dc1540297f60 - - - - -] Calling method '>' _process_stack /usr/lib/python2.7/site-packages/nova/api/openstack/wsgi.py:607
2020-03-28 05:13:00.645 30571 INFO nova.api.openstack.requestlog [req-dfbbe2d3-2bf5-4b37-8be2-dc1540297f60 - - - - -] 192.168.24.1 "OPTIONS /" status: 200 len: 383 microversion: - time: 0.001707
2020-03-28 05:13:02.651 30572 DEBUG nova.api.openstack.wsgi [req-36da583f-b773-4023-9314-8ca3d5b3960d - - - - -] Calling method '>' _process_stack /usr/lib/python2.7/site-packages/nova/api/openstack/wsgi.py:607
2020-03-28 05:13:02.653 30572 INFO nova.api.openstack.requestlog [req-36da583f-b773-4023-9314-8ca3d5b3960d - - - - -] 192.168.24.1 "OPTIONS /" status: 200 len: 383 microversion: - time: 0.003170
2020-03-28 05:13:04.659 30562 DEBUG nova.api.openstack.wsgi [req-5f6ab85a-ae0d-4876-be02-d3deb772cc26 - - - - -] Calling method '>' _process_stack /usr/lib/python2.7/site-packages/nova/api/openstack/wsgi.py:607
2020-03-28 05:13:04.661 30562 INFO nova.api.openstack.requestlog [req-5f6ab85a-ae0d-4876-be02-d3deb772cc26 - - - - -] 192.168.24.1 "OPTIONS /" status: 200 len: 383 microversion: - time: 0.002141
2020-03-28 05:13:06.664 30572 DEBUG nova.api.openstack.wsgi [req-36da583f-b773-4023-9314-8ca3d5b3960d - - - - -] Calling method '>' _process_stack /usr/lib/python2.7/site-packages/nova/api/openstack/wsgi.py:607
2020-03-28 05:13:06.665 30572 INFO nova.api.openstack.requestlog [req-36da583f-b773-4023-9314-8ca3d5b3960d - - - - -] 192.168.24.1 "OPTIONS /" status: 200 len: 383 microversion: - time: 0.001253
2020-03-28 05:13:08.669 30571 DEBUG nova.api.openstack.wsgi [req-dfbbe2d3-2bf5-4b37-8be2-dc1540297f60 - - - - -] Calling method '>' _process_stack /usr/lib/python2.7/site-packages/nova/api/openstack/wsgi.py:607
2020-03-28 05:13:08.670 30571 INFO nova.api.openstack.requestlog [req-dfbbe2d3-2bf5-4b37-8be2-dc1540297f60 - - - - -] 192.168.24.1 "OPTIONS /" status: 200 len: 383 microversion: - time: 0.001541
2020-03-28 05:13:10.674 30572 DEBUG nova.api.openstack.wsgi [req-36da583f-b773-4023-9314-8ca3d5b3960d - - - - -] Calling method '>' _process_stack /usr/lib/python2.7/site-packages/nova/api/openstack/wsgi.py:607
2020-03-28 05:13:10.676 30572 INFO nova.api.openstack.requestlog [req-36da583f-b773-4023-9314-8ca3d5b3960d - - - - -] 192.168.24.1 "OPTIONS /" status: 200 len: 383 microversion: - time: 0.002126
2020-03-28 05:13:12.680 30562 DEBUG nova.api.openstack.wsgi [req-5f6ab85a-ae0d-4876-be02-d3deb772cc26 - - - - -] Calling method '>' _process_stack /usr/lib/python2.7/site-packages/nova/api/openstack/wsgi.py:607
2020-03-28 05:13:12.681 30562 INFO nova.api.openstack.requestlog [req-5f6ab85a-ae0d-4876-be02-d3deb772cc26 - - - - -] 192.168.24.1 "OPTIONS /" status: 200 len: 383 microversion: - time: 0.001537
2020-03-28 05:13:14.686 30571 DEBUG nova.api.openstack.wsgi [req-dfbbe2d3-2bf5-4b37-8be2-dc1540297f60 - - - - -] Calling method '>' _process_stack /usr/lib/python2.7/site-packages/nova/api/openstack/wsgi.py:607
2020-03-28 05:13:14.688 30571 INFO nova.api.openstack.requestlog [req-dfbbe2d3-2bf5-4b37-8be2-dc1540297f60 - - - - -] 192.168.24.1 "OPTIONS /" status: 200 len: 383 microversion: - time: 0.002403
2020-03-28 05:13:16.059 1087 DEBUG oslo_concurrency.lockutils [-] Acquired semaphore "singleton_lock" lock /usr/lib/python2.7/site-packages/oslo_concurrency/lockutils.py:212
2020-03-28 05:13:16.060 1087 DEBUG oslo_concurrency.lockutils [-] Releasing semaphore "singleton_lock" lock /usr/lib/python2.7/site-packages/oslo_concurrency/lockutils.py:228
2020-03-28 05:13:16.063 1087 DEBUG nova.wsgi [-] Loading app metadata from /etc/nova/api-paste.ini load_app /usr/lib/python2.7/site-packages/nova/wsgi.py:496
2020-03-28 05:13:16.106 1087 INFO nova.wsgi [-] metadata listening on 192.168.24.1:8775
2020-03-28 05:13:16.106 1087 INFO oslo_service.service [-] Starting 4 workers
2020-03-28 05:13:16.109 1087 DEBUG oslo_service.service [-] Started child 1108 _start_child /usr/lib/python2.7/site-packages/oslo_service/service.py:516
2020-03-28 05:13:16.114 1087 DEBUG oslo_service.service [-] Started child 1109 _start_child /usr/lib/python2.7/site-packages/oslo_service/service.py:516
2020-03-28 05:13:16.120 1087 DEBUG oslo_service.service [-] Started child 1110 _start_child /usr/lib/python2.7/site-packages/oslo_service/service.py:516
2020-03-28 05:13:16.126 1087 DEBUG oslo_service.service [-] Started child 1111 _start_child /usr/lib/python2.7/site-packages/oslo_service/service.py:516
2020-03-28 05:13:16.133 1087 DEBUG oslo_service.service [-] Full set of CONF: wait /usr/lib/python2.7/site-packages/oslo_service/service.py:590
2020-03-28 05:13:16.133 1087 DEBUG oslo_service.service [-] ******************************************************************************** log_opt_values /usr/lib/python2.7/site-packages/oslo_config/cfg.py:2880
2020-03-28 05:13:16.133 1087 DEBUG oslo_service.service [-] Configuration options gathered from: log_opt_values /usr/lib/python2.7/site-packages/oslo_config/cfg.py:2881
2020-03-28 05:13:16.133 1087 DEBUG oslo_service.service [-] command line args: [] log_opt_values /usr/lib/python2.7/site-packages/oslo_config/cfg.py:2882
