2020-03-28 05:15:59.128 30571 WARNING keystonemiddleware.auth_token [req-dfbbe2d3-2bf5-4b37-8be2-dc1540297f60 - - - - -] Using the in-process token cache is deprecated as of the 4.2.0 release and may be removed in the 5.0.0 release or the 'O' development cycle. The in-process cache causes inconsistent results and high memory usage. When the feature is removed the auth_token middleware will not cache tokens by default which may result in performance issues. It is recommended to use memcache for the auth_token token cache by setting the memcached_servers option.
2020-03-28 05:15:59.185 30562 DEBUG nova.api.openstack.wsgi [req-5f6ab85a-ae0d-4876-be02-d3deb772cc26 - - - - -] Calling method '>' _process_stack /usr/lib/python2.7/site-packages/nova/api/openstack/wsgi.py:607
2020-03-28 05:15:59.187 30562 INFO nova.api.openstack.requestlog [req-5f6ab85a-ae0d-4876-be02-d3deb772cc26 - - - - -] 192.168.24.1 "OPTIONS /" status: 200 len: 383 microversion: - time: 0.001696
2020-03-28 05:16:00.110 30571 DEBUG nova.api.openstack.wsgi [req-6b83ed67-02dc-4f57-9f30-a600982b141e b28421c2bd924f379eeb21922ca342ad fca02e1b049443179175814c8eeb7b29 - default default] Action: 'update', calling method: , body: {"quota_set": {"instances": -1, "ram": -1, "cores": -1}} _process_stack /usr/lib/python2.7/site-packages/nova/api/openstack/wsgi.py:604
2020-03-28 05:16:00.320 30571 DEBUG oslo_db.sqlalchemy.engines [req-6b83ed67-02dc-4f57-9f30-a600982b141e b28421c2bd924f379eeb21922ca342ad fca02e1b049443179175814c8eeb7b29 - default default] MySQL server mode set to STRICT_TRANS_TABLES,STRICT_ALL_TABLES,NO_ZERO_IN_DATE,NO_ZERO_DATE,ERROR_FOR_DIVISION_BY_ZERO,TRADITIONAL,NO_AUTO_CREATE_USER,NO_ENGINE_SUBSTITUTION _check_effective_sql_mode /usr/lib/python2.7/site-packages/oslo_db/sqlalchemy/engines.py:290
2020-03-28 05:16:00.644 30571 DEBUG nova.context [req-6b83ed67-02dc-4f57-9f30-a600982b141e b28421c2bd924f379eeb21922ca342ad fca02e1b049443179175814c8eeb7b29 - default default] Found 2 cells: 00000000-0000-0000-0000-000000000000(cell0),89bd9320-9077-412e-86db-630fc5f44ed4(default) load_cells /usr/lib/python2.7/site-packages/nova/context.py:479
2020-03-28 05:16:00.650 30571 DEBUG oslo_concurrency.lockutils [req-6b83ed67-02dc-4f57-9f30-a600982b141e b28421c2bd924f379eeb21922ca342ad fca02e1b049443179175814c8eeb7b29 - default default] Lock "00000000-0000-0000-0000-000000000000" acquired by "nova.context.get_or_set_cached_cell_and_set_connections" :: waited 0.000s inner /usr/lib/python2.7/site-packages/oslo_concurrency/lockutils.py:273
2020-03-28 05:16:00.651 30571 DEBUG oslo_concurrency.lockutils [req-6b83ed67-02dc-4f57-9f30-a600982b141e b28421c2bd924f379eeb21922ca342ad fca02e1b049443179175814c8eeb7b29 - default default] Lock "00000000-0000-0000-0000-000000000000" released by "nova.context.get_or_set_cached_cell_and_set_connections" :: held 0.001s inner /usr/lib/python2.7/site-packages/oslo_concurrency/lockutils.py:285
2020-03-28 05:16:00.660 30571 DEBUG oslo_db.sqlalchemy.engines [req-6b83ed67-02dc-4f57-9f30-a600982b141e b28421c2bd924f379eeb21922ca342ad fca02e1b049443179175814c8eeb7b29 - default default] MySQL server mode set to STRICT_TRANS_TABLES,STRICT_ALL_TABLES,NO_ZERO_IN_DATE,NO_ZERO_DATE,ERROR_FOR_DIVISION_BY_ZERO,TRADITIONAL,NO_AUTO_CREATE_USER,NO_ENGINE_SUBSTITUTION _check_effective_sql_mode /usr/lib/python2.7/site-packages/oslo_db/sqlalchemy/engines.py:290
2020-03-28 05:16:00.670 30571 DEBUG oslo_concurrency.lockutils [req-6b83ed67-02dc-4f57-9f30-a600982b141e b28421c2bd924f379eeb21922ca342ad fca02e1b049443179175814c8eeb7b29 - default default] Lock "89bd9320-9077-412e-86db-630fc5f44ed4" acquired by "nova.context.get_or_set_cached_cell_and_set_connections" :: waited 0.000s inner /usr/lib/python2.7/site-packages/oslo_concurrency/lockutils.py:273
2020-03-28 05:16:00.672 30571 DEBUG oslo_concurrency.lockutils [req-6b83ed67-02dc-4f57-9f30-a600982b141e b28421c2bd924f379eeb21922ca342ad fca02e1b049443179175814c8eeb7b29 - default default] Lock "89bd9320-9077-412e-86db-630fc5f44ed4" released by "nova.context.get_or_set_cached_cell_and_set_connections" :: held 0.002s inner /usr/lib/python2.7/site-packages/oslo_concurrency/lockutils.py:285
2020-03-28 05:16:00.681 30571 DEBUG oslo_db.sqlalchemy.engines [req-6b83ed67-02dc-4f57-9f30-a600982b141e b28421c2bd924f379eeb21922ca342ad fca02e1b049443179175814c8eeb7b29 - default default] MySQL server mode set to STRICT_TRANS_TABLES,STRICT_ALL_TABLES,NO_ZERO_IN_DATE,NO_ZERO_DATE,ERROR_FOR_DIVISION_BY_ZERO,TRADITIONAL,NO_AUTO_CREATE_USER,NO_ENGINE_SUBSTITUTION _check_effective_sql_mode /usr/lib/python2.7/site-packages/oslo_db/sqlalchemy/engines.py:290
2020-03-28 05:16:00.790 30571 INFO nova.api.openstack.requestlog [req-6b83ed67-02dc-4f57-9f30-a600982b141e b28421c2bd924f379eeb21922ca342ad fca02e1b049443179175814c8eeb7b29 - default default] 192.168.24.1 "PUT /v2.1/os-quota-sets/fca02e1b049443179175814c8eeb7b29" status: 200 len: 326 microversion: 2.1 time: 1.665308
2020-03-28 05:16:01.125 1110 DEBUG nova.metadata.wsgi.server [req-6296b70e-83ad-432d-ac9b-89ef84a2600a - - - - -] (1110) accepted ('192.168.24.1', 46806) server /usr/lib/python2.7/site-packages/eventlet/wsgi.py:883
2020-03-28 05:16:01.131 1110 INFO nova.metadata.wsgi.server [-] 192.168.24.1 "OPTIONS / HTTP/1.0" status: 200 len: 234 time: 0.0023370
2020-03-28 05:16:01.191 30570 DEBUG nova.api.openstack.wsgi [req-52cfd4c7-e1b1-454d-800e-1dfb2474bce5 - - - - -] Calling method '>' _process_stack /usr/lib/python2.7/site-packages/nova/api/openstack/wsgi.py:607
2020-03-28 05:16:01.193 30570 INFO nova.api.openstack.requestlog [req-52cfd4c7-e1b1-454d-800e-1dfb2474bce5 - - - - -] 192.168.24.1 "OPTIONS /" status: 200 len: 383 microversion: - time: 0.001599
2020-03-28 05:16:03.133 1110 DEBUG nova.metadata.wsgi.server [req-6296b70e-83ad-432d-ac9b-89ef84a2600a - - - - -] (1110) accepted ('192.168.24.1', 46858) server /usr/lib/python2.7/site-packages/eventlet/wsgi.py:883
2020-03-28 05:16:03.135 1110 INFO nova.metadata.wsgi.server [-] 192.168.24.1 "OPTIONS / HTTP/1.0" status: 200 len: 234 time: 0.0007141
2020-03-28 05:16:03.197 30572 DEBUG nova.api.openstack.wsgi [req-36da583f-b773-4023-9314-8ca3d5b3960d - - - - -] Calling method '>' _process_stack /usr/lib/python2.7/site-packages/nova/api/openstack/wsgi.py:607
2020-03-28 05:16:03.199 30572 INFO nova.api.openstack.requestlog [req-36da583f-b773-4023-9314-8ca3d5b3960d - - - - -] 192.168.24.1 "OPTIONS /" status: 200 len: 383 microversion: - time: 0.002066
2020-03-28 05:16:05.136 1111 DEBUG nova.metadata.wsgi.server [req-f2bc5a34-db5a-4b7a-9f6c-820529437062 - - - - -] (1111) accepted ('192.168.24.1', 46920) server /usr/lib/python2.7/site-packages/eventlet/wsgi.py:883
2020-03-28 05:16:05.138 1111 INFO nova.metadata.wsgi.server [-] 192.168.24.1 "OPTIONS / HTTP/1.0" status: 200 len: 234 time: 0.0004401
2020-03-28 05:16:05.203 30571 DEBUG nova.api.openstack.wsgi [req-6b83ed67-02dc-4f57-9f30-a600982b141e b28421c2bd924f379eeb21922ca342ad fca02e1b049443179175814c8eeb7b29 - default default] Calling method '>' _process_stack /usr/lib/python2.7/site-packages/nova/api/openstack/wsgi.py:607
2020-03-28 05:16:05.204 30571 INFO nova.api.openstack.requestlog [req-6b83ed67-02dc-4f57-9f30-a600982b141e b28421c2bd924f379eeb21922ca342ad fca02e1b049443179175814c8eeb7b29 - default default] 192.168.24.1 "OPTIONS /" status: 200 len: 383 microversion: - time: 0.000950
2020-03-28 05:16:07.140 1108 DEBUG nova.metadata.wsgi.server [req-80800fc6-9fc8-44ce-82c5-ba4b7a1f224f - - - - -] (1108) accepted ('192.168.24.1', 46960) server /usr/lib/python2.7/site-packages/eventlet/wsgi.py:883
2020-03-28 05:16:07.142 1108 INFO nova.metadata.wsgi.server [-] 192.168.24.1 "OPTIONS / HTTP/1.0" status: 200 len: 234 time: 0.0005529
2020-03-28 05:16:07.208 30572 DEBUG nova.api.openstack.wsgi [req-36da583f-b773-4023-9314-8ca3d5b3960d - - - - -] Calling method '>' _process_stack /usr/lib/python2.7/site-packages/nova/api/openstack/wsgi.py:607
2020-03-28 05:16:07.209 30572 INFO nova.api.openstack.requestlog [req-36da583f-b773-4023-9314-8ca3d5b3960d - - - - -] 192.168.24.1 "OPTIONS /" status: 200 len: 383 microversion: - time: 0.002054
2020-03-28 05:16:07.667 30570 WARNING keystonemiddleware.auth_token [req-52cfd4c7-e1b1-454d-800e-1dfb2474bce5 - - - - -] Using the in-process token cache is deprecated as of the 4.2.0 release and may be removed in the 5.0.0 release or the 'O' development cycle. The in-process cache causes inconsistent results and high memory usage. When the feature is removed the auth_token middleware will not cache tokens by default which may result in performance issues. It is recommended to use memcache for the auth_token token cache by setting the memcached_servers option.
2020-03-28 05:16:08.385 30570 DEBUG nova.api.openstack.wsgi [req-3732ddae-e22b-4823-b53c-f144870ee07b b28421c2bd924f379eeb21922ca342ad fca02e1b049443179175814c8eeb7b29 - default default] Calling method '' _process_stack /usr/lib/python2.7/site-packages/nova/api/openstack/wsgi.py:607
2020-03-28 05:16:08.414 30570 DEBUG oslo_db.sqlalchemy.engines [req-3732ddae-e22b-4823-b53c-f144870ee07b b28421c2bd924f379eeb21922ca342ad fca02e1b049443179175814c8eeb7b29 - default default] MySQL server mode set to STRICT_TRANS_TABLES,STRICT_ALL_TABLES,NO_ZERO_IN_DATE,NO_ZERO_DATE,ERROR_FOR_DIVISION_BY_ZERO,TRADITIONAL,NO_AUTO_CREATE_USER,NO_ENGINE_SUBSTITUTION _check_effective_sql_mode /usr/lib/python2.7/site-packages/oslo_db/sqlalchemy/engines.py:290
2020-03-28 05:16:08.471 30570 INFO nova.api.openstack.wsgi [req-3732ddae-e22b-4823-b53c-f144870ee07b b28421c2bd924f379eeb21922ca342ad fca02e1b049443179175814c8eeb7b29 - default default] HTTP exception thrown: Keypair default not found for user b28421c2bd924f379eeb21922ca342ad
2020-03-28 05:16:08.472 30570 DEBUG nova.api.openstack.wsgi [req-3732ddae-e22b-4823-b53c-f144870ee07b b28421c2bd924f379eeb21922ca342ad fca02e1b049443179175814c8eeb7b29 - default default] Returning 404 to user: Keypair default not found for user b28421c2bd924f379eeb21922ca342ad __call__ /usr/lib/python2.7/site-packages/nova/api/openstack/wsgi.py:1064
2020-03-28 05:16:08.472 30570 INFO nova.api.openstack.requestlog [req-3732ddae-e22b-4823-b53c-f144870ee07b b28421c2bd924f379eeb21922ca342ad fca02e1b049443179175814c8eeb7b29 - default default] 192.168.24.1 "GET /v2.1/os-keypairs/default" status: 404 len: 113 microversion: 2.1 time: 0.806995
2020-03-28 05:16:08.496 30562 WARNING keystonemiddleware.auth_token [req-5f6ab85a-ae0d-4876-be02-d3deb772cc26 - - - - -] Using the in-process token cache is deprecated as of the 4.2.0 release and may be removed in the 5.0.0 release or the 'O' development cycle. The in-process cache causes inconsistent results and high memory usage. When the feature is removed the auth_token middleware will not cache tokens by default which may result in performance issues. It is recommended to use memcache for the auth_token token cache by setting the memcached_servers option.
2020-03-28 05:16:09.144 1108 DEBUG nova.metadata.wsgi.server [req-80800fc6-9fc8-44ce-82c5-ba4b7a1f224f - - - - -] (1108) accepted ('192.168.24.1', 47016) server /usr/lib/python2.7/site-packages/eventlet/wsgi.py:883
2020-03-28 05:16:09.145 1108 INFO nova.metadata.wsgi.server [-] 192.168.24.1 "OPTIONS / HTTP/1.0" status: 200 len: 234 time: 0.0004518
2020-03-28 05:16:09.207 30562 DEBUG nova.api.openstack.wsgi [req-2067b179-e517-48de-9e45-275cfab30e07 b28421c2bd924f379eeb21922ca342ad fca02e1b049443179175814c8eeb7b29 - default default] Action: 'create', calling method: , body: {"keypair": {"public_key": "ssh-rsa AAAAB3NzaC1yc2EAAAADAQABAAABAQC830LbHVT3ZDXb4gP4OYcbM5zhQAkcuybdJfUA8O58p++yo9cDDs+8WVh4gk2jx9ZL2u2ezmMZVf7ZAgoJw2xctqTWskm9pB3VnjxHhAi+yreviiBybvU/p2xi2XhZnb0EwkHP6QdnDuLOq90UPvChfqSIAeDEruGPApxO/81Fmf56Q9z4IK3gVmRLax3PyhDeWYh6OgY6OnkL4KCMuu9lLuNFbTkhBB+s2VlNX8mbgDYaMmY6YvN2+4nwVy+LwVfvD47UFCt3QqiyeKMmD5fMkncFdy/fl6A9iixGIcD8STrkBUM7Piqb6dhA1WPgXQx3fJZNW7T88utadYsXKNU9 zuul-build-sshkey", "name": "default"}} _process_stack /usr/lib/python2.7/site-packages/nova/api/openstack/wsgi.py:604
2020-03-28 05:16:09.214 30571 DEBUG nova.api.openstack.wsgi [req-6b83ed67-02dc-4f57-9f30-a600982b141e b28421c2bd924f379eeb21922ca342ad fca02e1b049443179175814c8eeb7b29 - default default] Calling method '>' _process_stack /usr/lib/python2.7/site-packages/nova/api/openstack/wsgi.py:607
2020-03-28 05:16:09.215 30571 INFO nova.api.openstack.requestlog [req-6b83ed67-02dc-4f57-9f30-a600982b141e b28421c2bd924f379eeb21922ca342ad fca02e1b049443179175814c8eeb7b29 - default default] 192.168.24.1 "OPTIONS /" status: 200 len: 383 microversion: - time: 0.001042
2020-03-28 05:16:09.279 30562 DEBUG oslo_db.sqlalchemy.engines [req-2067b179-e517-48de-9e45-275cfab30e07 b28421c2bd924f379eeb21922ca342ad fca02e1b049443179175814c8eeb7b29 - default default] MySQL server mode set to STRICT_TRANS_TABLES,STRICT_ALL_TABLES,NO_ZERO_IN_DATE,NO_ZERO_DATE,ERROR_FOR_DIVISION_BY_ZERO,TRADITIONAL,NO_AUTO_CREATE_USER,NO_ENGINE_SUBSTITUTION _check_effective_sql_mode /usr/lib/python2.7/site-packages/oslo_db/sqlalchemy/engines.py:290
2020-03-28 05:16:09.323 30562 DEBUG nova.quota [req-2067b179-e517-48de-9e45-275cfab30e07 b28421c2bd924f379eeb21922ca342ad fca02e1b049443179175814c8eeb7b29 - default default] Getting quotas for project fca02e1b049443179175814c8eeb7b29. Resources: set(['key_pairs']) _get_quotas /usr/lib/python2.7/site-packages/nova/quota.py:409
2020-03-28 05:16:09.328 30562 DEBUG nova.quota [req-2067b179-e517-48de-9e45-275cfab30e07 b28421c2bd924f379eeb21922ca342ad fca02e1b049443179175814c8eeb7b29 - default default] Getting quotas for user b28421c2bd924f379eeb21922ca342ad and project fca02e1b049443179175814c8eeb7b29. Resources: set(['key_pairs']) _get_quotas /usr/lib/python2.7/site-packages/nova/quota.py:401
2020-03-28 05:16:09.364 30562 INFO nova.api.openstack.requestlog [req-2067b179-e517-48de-9e45-275cfab30e07 b28421c2bd924f379eeb21922ca342ad fca02e1b049443179175814c8eeb7b29 - default default] 192.168.24.1 "POST /v2.1/os-keypairs" status: 200 len: 561 microversion: 2.1 time: 0.871155
2020-03-28 05:16:09.391 30570 DEBUG nova.api.openstack.wsgi [req-58b3d2c6-f3c1-45fb-adbc-eb3edac017e4 b28421c2bd924f379eeb21922ca342ad fca02e1b049443179175814c8eeb7b29 - default default] Calling method '>' _process_stack /usr/lib/python2.7/site-packages/nova/api/openstack/wsgi.py:607
2020-03-28 05:16:09.426 30570 INFO nova.api.openstack.requestlog [req-58b3d2c6-f3c1-45fb-adbc-eb3edac017e4 b28421c2bd924f379eeb21922ca342ad fca02e1b049443179175814c8eeb7b29 - default default] 192.168.24.1 "GET /v2.1/flavors/detail" status: 200 len: 15 microversion: 2.1 time: 0.037804
2020-03-28 05:16:09.436 30572 WARNING keystonemiddleware.auth_token [req-36da583f-b773-4023-9314-8ca3d5b3960d - - - - -] Using the in-process token cache is deprecated as of the 4.2.0 release and may be removed in the 5.0.0 release or the 'O' development cycle. The in-process cache causes inconsistent results and high memory usage. When the feature is removed the auth_token middleware will not cache tokens by default which may result in performance issues. It is recommended to use memcache for the auth_token token cache by setting the memcached_servers option.
2020-03-28 05:16:10.084 30572 DEBUG nova.api.openstack.wsgi [req-95800f0f-87e1-4c2b-b185-f7a8551e374f b28421c2bd924f379eeb21922ca342ad fca02e1b049443179175814c8eeb7b29 - default default] Action: 'update', calling method: , body: {"binary": "nova-cert", "host": "undercloud.localdomain"} _process_stack /usr/lib/python2.7/site-packages/nova/api/openstack/wsgi.py:604
2020-03-28 05:16:10.092 30572 INFO nova.api.openstack.wsgi [req-95800f0f-87e1-4c2b-b185-f7a8551e374f b28421c2bd924f379eeb21922ca342ad fca02e1b049443179175814c8eeb7b29 - default default] HTTP exception thrown: Updating a nova-cert service is not supported. Only nova-compute services can be updated.
2020-03-28 05:16:10.092 30572 DEBUG nova.api.openstack.wsgi [req-95800f0f-87e1-4c2b-b185-f7a8551e374f b28421c2bd924f379eeb21922ca342ad fca02e1b049443179175814c8eeb7b29 - default default] Returning 400 to user: Updating a nova-cert service is not supported. Only nova-compute services can be updated. __call__ /usr/lib/python2.7/site-packages/nova/api/openstack/wsgi.py:1064
2020-03-28 05:16:10.093 30572 INFO nova.api.openstack.requestlog [req-95800f0f-87e1-4c2b-b185-f7a8551e374f b28421c2bd924f379eeb21922ca342ad fca02e1b049443179175814c8eeb7b29 - default default] 192.168.24.1 "PUT /v2.1/os-services/disable" status: 400 len: 133 microversion: 2.1 time: 0.658065
2020-03-28 05:16:10.277 30571 DEBUG nova.api.openstack.wsgi [req-0add94ac-6429-4969-848e-8d0af6121e92 b28421c2bd924f379eeb21922ca342ad fca02e1b049443179175814c8eeb7b29 - default default] Calling method '>' _process_stack /usr/lib/python2.7/site-packages/nova/api/openstack/wsgi.py:607
2020-03-28 05:16:10.306 30571 INFO nova.api.openstack.requestlog [req-0add94ac-6429-4969-848e-8d0af6121e92 b28421c2bd924f379eeb21922ca342ad fca02e1b049443179175814c8eeb7b29 - default default] 192.168.24.1 "GET /v2.1/flavors/detail" status: 200 len: 15 microversion: 2.1 time: 0.089477
2020-03-28 05:16:10.319 30562 DEBUG nova.api.openstack.wsgi [req-abf06b1c-f833-453f-a99b-db464b406e69 b28421c2bd924f379eeb21922ca342ad fca02e1b049443179175814c8eeb7b29 - default default] Action: 'create', calling method: >, body: {"flavor": {"vcpus": 1, "disk": 40, "name": "baremetal", "os-flavor-access:is_public": true, "rxtx_factor": 1.0, "OS-FLV-EXT-DATA:ephemeral": 0, "ram": 4096, "id": null, "swap": 0}} _process_stack /usr/lib/python2.7/site-packages/nova/api/openstack/wsgi.py:604
2020-03-28 05:16:10.365 30562 INFO nova.api.openstack.requestlog [req-abf06b1c-f833-453f-a99b-db464b406e69 b28421c2bd924f379eeb21922ca342ad fca02e1b049443179175814c8eeb7b29 - default default] 192.168.24.1 "POST /v2.1/flavors" status: 200 len: 471 microversion: 2.1 time: 0.048622
2020-03-28 05:16:10.381 30572 DEBUG nova.api.openstack.wsgi [req-f8378cc8-fdb1-4929-8dff-5895b0276906 b28421c2bd924f379eeb21922ca342ad fca02e1b049443179175814c8eeb7b29 - default default] Action: 'create', calling method: >, body: {"extra_specs": {"resources:CUSTOM_BAREMETAL": "1", "resources:DISK_GB": "0", "capabilities:boot_option": "local", "resources:MEMORY_MB": "0", "resources:VCPU": "0"}} _process_stack /usr/lib/python2.7/site-packages/nova/api/openstack/wsgi.py:604
2020-03-28 05:16:10.417 30572 DEBUG oslo_db.sqlalchemy.engines [req-f8378cc8-fdb1-4929-8dff-5895b0276906 b28421c2bd924f379eeb21922ca342ad fca02e1b049443179175814c8eeb7b29 - default default] MySQL server mode set to STRICT_TRANS_TABLES,STRICT_ALL_TABLES,NO_ZERO_IN_DATE,NO_ZERO_DATE,ERROR_FOR_DIVISION_BY_ZERO,TRADITIONAL,NO_AUTO_CREATE_USER,NO_ENGINE_SUBSTITUTION _check_effective_sql_mode /usr/lib/python2.7/site-packages/oslo_db/sqlalchemy/engines.py:290
2020-03-28 05:16:10.506 30572 INFO nova.api.openstack.requestlog [req-f8378cc8-fdb1-4929-8dff-5895b0276906 b28421c2bd924f379eeb21922ca342ad fca02e1b049443179175814c8eeb7b29 - default default] 192.168.24.1 "POST /v2.1/flavors/637f967d-debd-4f4d-8127-d48c5975d767/os-extra_specs" status: 200 len: 166 microversion: 2.1 time: 0.130875
2020-03-28 05:16:10.520 30562 DEBUG nova.api.openstack.wsgi [req-80776c7c-6fd6-4f0e-b70a-484b26238ba0 b28421c2bd924f379eeb21922ca342ad fca02e1b049443179175814c8eeb7b29 - default default] Action: 'create', calling method: >, body: {"flavor": {"vcpus": 1, "disk": 40, "name": "control", "os-flavor-access:is_public": true, "rxtx_factor": 1.0, "OS-FLV-EXT-DATA:ephemeral": 0, "ram": 4096, "id": null, "swap": 0}} _process_stack /usr/lib/python2.7/site-packages/nova/api/openstack/wsgi.py:604
2020-03-28 05:16:10.549 30562 INFO nova.api.openstack.requestlog [req-80776c7c-6fd6-4f0e-b70a-484b26238ba0 b28421c2bd924f379eeb21922ca342ad fca02e1b049443179175814c8eeb7b29 - default default] 192.168.24.1 "POST /v2.1/flavors" status: 200 len: 469 microversion: 2.1 time: 0.032428
2020-03-28 05:16:10.564 30570 DEBUG nova.api.openstack.wsgi [req-cd051ed2-c139-444e-949f-afefbd38d33c b28421c2bd924f379eeb21922ca342ad fca02e1b049443179175814c8eeb7b29 - default default] Action: 'create', calling method: >, body: {"extra_specs": {"capabilities:boot_option": "local", "capabilities:profile": "control", "resources:MEMORY_MB": "0", "resources:VCPU": "0", "resources:CUSTOM_BAREMETAL": "1", "resources:DISK_GB": "0"}} _process_stack /usr/lib/python2.7/site-packages/nova/api/openstack/wsgi.py:604
2020-03-28 05:16:10.625 30570 INFO nova.api.openstack.requestlog [req-cd051ed2-c139-444e-949f-afefbd38d33c b28421c2bd924f379eeb21922ca342ad fca02e1b049443179175814c8eeb7b29 - default default] 192.168.24.1 "POST /v2.1/flavors/d28b38ed-a406-49f1-a92d-391a36d5b11a/os-extra_specs" status: 200 len: 201 microversion: 2.1 time: 0.067212
2020-03-28 05:16:10.638 30562 DEBUG nova.api.openstack.wsgi [req-09bc5ef9-d7b6-4ff1-93b9-cf9059bd9a44 b28421c2bd924f379eeb21922ca342ad fca02e1b049443179175814c8eeb7b29 - default default] Action: 'create', calling method: >, body: {"flavor": {"vcpus": 1, "disk": 40, "name": "compute", "os-flavor-access:is_public": true, "rxtx_factor": 1.0, "OS-FLV-EXT-DATA:ephemeral": 0, "ram": 4096, "id": null, "swap": 0}} _process_stack /usr/lib/python2.7/site-packages/nova/api/openstack/wsgi.py:604
2020-03-28 05:16:10.667 30562 INFO nova.api.openstack.requestlog [req-09bc5ef9-d7b6-4ff1-93b9-cf9059bd9a44 b28421c2bd924f379eeb21922ca342ad fca02e1b049443179175814c8eeb7b29 - default default] 192.168.24.1 "POST /v2.1/flavors" status: 200 len: 469 microversion: 2.1 time: 0.032373
2020-03-28 05:16:10.677 30570 DEBUG nova.api.openstack.wsgi [req-515e5494-e3a3-49b1-873f-e28733608b1a b28421c2bd924f379eeb21922ca342ad fca02e1b049443179175814c8eeb7b29 - default default] Action: 'create', calling method: >, body: {"extra_specs": {"capabilities:boot_option": "local", "capabilities:profile": "compute", "resources:MEMORY_MB": "0", "resources:VCPU": "0", "resources:CUSTOM_BAREMETAL": "1", "resources:DISK_GB": "0"}} _process_stack /usr/lib/python2.7/site-packages/nova/api/openstack/wsgi.py:604
2020-03-28 05:16:10.729 30570 INFO nova.api.openstack.requestlog [req-515e5494-e3a3-49b1-873f-e28733608b1a b28421c2bd924f379eeb21922ca342ad fca02e1b049443179175814c8eeb7b29 - default default] 192.168.24.1 "POST /v2.1/flavors/75aae452-cff9-4bc7-91eb-a017674ba232/os-extra_specs" status: 200 len: 201 microversion: 2.1 time: 0.054599
2020-03-28 05:16:10.743 30572 DEBUG nova.api.openstack.wsgi [req-026c23f8-b079-4423-8b46-7e5c99954025 b28421c2bd924f379eeb21922ca342ad fca02e1b049443179175814c8eeb7b29 - default default] Action: 'create', calling method: >, body: {"flavor": {"vcpus": 1, "disk": 40, "name": "ceph-storage", "os-flavor-access:is_public": true, "rxtx_factor": 1.0, "OS-FLV-EXT-DATA:ephemeral": 0, "ram": 4096, "id": null, "swap": 0}} _process_stack /usr/lib/python2.7/site-packages/nova/api/openstack/wsgi.py:604
2020-03-28 05:16:10.816 30572 INFO nova.api.openstack.requestlog [req-026c23f8-b079-4423-8b46-7e5c99954025 b28421c2bd924f379eeb21922ca342ad fca02e1b049443179175814c8eeb7b29 - default default] 192.168.24.1 "POST /v2.1/flavors" status: 200 len: 474 microversion: 2.1 time: 0.076052
2020-03-28 05:16:10.826 30562 DEBUG nova.api.openstack.wsgi [req-f911d8b7-0cd1-4608-ac66-3603636266b7 b28421c2bd924f379eeb21922ca342ad fca02e1b049443179175814c8eeb7b29 - default default] Action: 'create', calling method: >, body: {"extra_specs": {"capabilities:boot_option": "local", "capabilities:profile": "ceph-storage", "resources:MEMORY_MB": "0", "resources:VCPU": "0", "resources:CUSTOM_BAREMETAL": "1", "resources:DISK_GB": "0"}} _process_stack /usr/lib/python2.7/site-packages/nova/api/openstack/wsgi.py:604
2020-03-28 05:16:10.898 30562 INFO nova.api.openstack.requestlog [req-f911d8b7-0cd1-4608-ac66-3603636266b7 b28421c2bd924f379eeb21922ca342ad fca02e1b049443179175814c8eeb7b29 - default default] 192.168.24.1 "POST /v2.1/flavors/205efc6a-e6aa-45f6-80ad-7fc99bf2c169/os-extra_specs" status: 200 len: 206 microversion: 2.1 time: 0.074593
2020-03-28 05:16:10.910 30570 DEBUG nova.api.openstack.wsgi [req-d0694119-83f3-44c6-ba23-7d11eac12052 b28421c2bd924f379eeb21922ca342ad fca02e1b049443179175814c8eeb7b29 - default default] Action: 'create', calling method: >, body: {"flavor": {"vcpus": 1, "disk": 40, "name": "block-storage", "os-flavor-access:is_public": true, "rxtx_factor": 1.0, "OS-FLV-EXT-DATA:ephemeral": 0, "ram": 4096, "id": null, "swap": 0}} _process_stack /usr/lib/python2.7/site-packages/nova/api/openstack/wsgi.py:604
2020-03-28 05:16:11.015 30570 INFO nova.api.openstack.requestlog [req-d0694119-83f3-44c6-ba23-7d11eac12052 b28421c2bd924f379eeb21922ca342ad fca02e1b049443179175814c8eeb7b29 - default default] 192.168.24.1 "POST /v2.1/flavors" status: 200 len: 475 microversion: 2.1 time: 0.107559
2020-03-28 05:16:11.033 30572 DEBUG nova.api.openstack.wsgi [req-ac004553-94ac-4646-b214-256ea452a054 b28421c2bd924f379eeb21922ca342ad fca02e1b049443179175814c8eeb7b29 - default default] Action: 'create', calling method: >, body: {"extra_specs": {"capabilities:boot_option": "local", "capabilities:profile": "block-storage", "resources:MEMORY_MB": "0", "resources:VCPU": "0", "resources:CUSTOM_BAREMETAL": "1", "resources:DISK_GB": "0"}} _process_stack /usr/lib/python2.7/site-packages/nova/api/openstack/wsgi.py:604
2020-03-28 05:16:11.108 30572 INFO nova.api.openstack.requestlog [req-ac004553-94ac-4646-b214-256ea452a054 b28421c2bd924f379eeb21922ca342ad fca02e1b049443179175814c8eeb7b29 - default default] 192.168.24.1 "POST /v2.1/flavors/0c50b385-4ca5-452e-87e4-d1348d00447b/os-extra_specs" status: 200 len: 207 microversion: 2.1 time: 0.080436
2020-03-28 05:16:11.133 30562 DEBUG nova.api.openstack.wsgi [req-b276ce97-786e-4b72-917a-f2663289ef6d b28421c2bd924f379eeb21922ca342ad fca02e1b049443179175814c8eeb7b29 - default default] Action: 'create', calling method: >, body: {"flavor": {"vcpus": 1, "disk": 40, "name": "swift-storage", "os-flavor-access:is_public": true, "rxtx_factor": 1.0, "OS-FLV-EXT-DATA:ephemeral": 0, "ram": 4096, "id": null, "swap": 0}} _process_stack /usr/lib/python2.7/site-packages/nova/api/openstack/wsgi.py:604
2020-03-28 05:16:11.148 1108 DEBUG nova.metadata.wsgi.server [req-80800fc6-9fc8-44ce-82c5-ba4b7a1f224f - - - - -] (1108) accepted ('192.168.24.1', 47082) server /usr/lib/python2.7/site-packages/eventlet/wsgi.py:883
2020-03-28 05:16:11.152 1108 INFO nova.metadata.wsgi.server [-] 192.168.24.1 "OPTIONS / HTTP/1.0" status: 200 len: 234 time: 0.0009890
2020-03-28 05:16:11.190 30562 INFO nova.api.openstack.requestlog [req-b276ce97-786e-4b72-917a-f2663289ef6d b28421c2bd924f379eeb21922ca342ad fca02e1b049443179175814c8eeb7b29 - default default] 192.168.24.1 "POST /v2.1/flavors" status: 200 len: 475 microversion: 2.1 time: 0.062955
2020-03-28 05:16:11.212 30570 DEBUG nova.api.openstack.wsgi [req-bc2fbea3-1537-4371-9567-866e69723d81 b28421c2bd924f379eeb21922ca342ad fca02e1b049443179175814c8eeb7b29 - default default] Action: 'create', calling method: >, body: {"extra_specs": {"capabilities:boot_option": "local", "capabilities:profile": "swift-storage", "resources:MEMORY_MB": "0", "resources:VCPU": "0", "resources:CUSTOM_BAREMETAL": "1", "resources:DISK_GB": "0"}} _process_stack /usr/lib/python2.7/site-packages/nova/api/openstack/wsgi.py:604
2020-03-28 05:16:11.218 30571 DEBUG nova.api.openstack.wsgi [req-0add94ac-6429-4969-848e-8d0af6121e92 b28421c2bd924f379eeb21922ca342ad fca02e1b049443179175814c8eeb7b29 - default default] Calling method '>' _process_stack /usr/lib/python2.7/site-packages/nova/api/openstack/wsgi.py:607
2020-03-28 05:16:11.219 30571 INFO nova.api.openstack.requestlog [req-0add94ac-6429-4969-848e-8d0af6121e92 b28421c2bd924f379eeb21922ca342ad fca02e1b049443179175814c8eeb7b29 - default default] 192.168.24.1 "OPTIONS /" status: 200 len: 383 microversion: - time: 0.001318
2020-03-28 05:16:11.296 30570 INFO nova.api.openstack.requestlog [req-bc2fbea3-1537-4371-9567-866e69723d81 b28421c2bd924f379eeb21922ca342ad fca02e1b049443179175814c8eeb7b29 - default default] 192.168.24.1 "POST /v2.1/flavors/456c8862-29a1-494f-96ab-27e4c6d6206d/os-extra_specs" status: 200 len: 207 microversion: 2.1 time: 0.091650
2020-03-28 05:16:13.153 1109 DEBUG nova.metadata.wsgi.server [req-986aa06c-9ce0-453a-8300-724b1c841588 - - - - -] (1109) accepted ('192.168.24.1', 47132) server /usr/lib/python2.7/site-packages/eventlet/wsgi.py:883
2020-03-28 05:16:13.161 1109 INFO nova.metadata.wsgi.server [-] 192.168.24.1 "OPTIONS / HTTP/1.0" status: 200 len: 234 time: 0.0021021
2020-03-28 05:16:13.223 30572 DEBUG nova.api.openstack.wsgi [req-ac004553-94ac-4646-b214-256ea452a054 b28421c2bd924f379eeb21922ca342ad fca02e1b049443179175814c8eeb7b29 - default default] Calling method '>' _process_stack /usr/lib/python2.7/site-packages/nova/api/openstack/wsgi.py:607
2020-03-28 05:16:13.224 30572 INFO nova.api.openstack.requestlog [req-ac004553-94ac-4646-b214-256ea452a054 b28421c2bd924f379eeb21922ca342ad fca02e1b049443179175814c8eeb7b29 - default default] 192.168.24.1 "OPTIONS /" status: 200 len: 383 microversion: - time: 0.001630
2020-03-28 05:16:15.162 1108 DEBUG nova.metadata.wsgi.server [req-80800fc6-9fc8-44ce-82c5-ba4b7a1f224f - - - - -] (1108) accepted ('192.168.24.1', 47172) server /usr/lib/python2.7/site-packages/eventlet/wsgi.py:883
2020-03-28 05:16:15.165 1108 INFO nova.metadata.wsgi.server [-] 192.168.24.1 "OPTIONS / HTTP/1.0" status: 200 len: 234 time: 0.0008259
2020-03-28 05:16:15.229 30571 DEBUG nova.api.openstack.wsgi [req-0add94ac-6429-4969-848e-8d0af6121e92 b28421c2bd924f379eeb21922ca342ad fca02e1b049443179175814c8eeb7b29 - default default] Calling method '>' _process_stack /usr/lib/python2.7/site-packages/nova/api/openstack/wsgi.py:607
2020-03-28 05:16:15.230 30571 INFO nova.api.openstack.requestlog [req-0add94ac-6429-4969-848e-8d0af6121e92 b28421c2bd924f379eeb21922ca342ad fca02e1b049443179175814c8eeb7b29 - default default] 192.168.24.1 "OPTIONS /" status: 200 len: 383 microversion: - time: 0.001737
2020-03-28 05:16:17.167 1108 DEBUG nova.metadata.wsgi.server [req-80800fc6-9fc8-44ce-82c5-ba4b7a1f224f - - - - -] (1108) accepted ('192.168.24.1', 47212) server /usr/lib/python2.7/site-packages/eventlet/wsgi.py:883
2020-03-28 05:16:17.169 1108 INFO nova.metadata.wsgi.server [-] 192.168.24.1 "OPTIONS / HTTP/1.0" status: 200 len: 234 time: 0.0006988
2020-03-28 05:16:17.234 30562 DEBUG nova.api.openstack.wsgi [req-b276ce97-786e-4b72-917a-f2663289ef6d b28421c2bd924f379eeb21922ca342ad fca02e1b049443179175814c8eeb7b29 - default default] Calling method '>' _process_stack /usr/lib/python2.7/site-packages/nova/api/openstack/wsgi.py:607
2020-03-28 05:16:17.236 30562 INFO nova.api.openstack.requestlog [req-b276ce97-786e-4b72-917a-f2663289ef6d b28421c2bd924f379eeb21922ca342ad fca02e1b049443179175814c8eeb7b29 - default default] 192.168.24.1 "OPTIONS /" status: 200 len: 383 microversion: - time: 0.002062
2020-03-28 05:16:19.171 1109 DEBUG nova.metadata.wsgi.server [req-986aa06c-9ce0-453a-8300-724b1c841588 - - - - -] (1109) accepted ('192.168.24.1', 47252) server /usr/lib/python2.7/site-packages/eventlet/wsgi.py:883
2020-03-28 05:16:19.173 1109 INFO nova.metadata.wsgi.server [-] 192.168.24.1 "OPTIONS / HTTP/1.0" status: 200 len: 234 time: 0.0004179
2020-03-28 05:16:19.241 30572 DEBUG nova.api.openstack.wsgi [req-ac004553-94ac-4646-b214-256ea452a054 b28421c2bd924f379eeb21922ca342ad fca02e1b049443179175814c8eeb7b29 - default default] Calling method '>' _process_stack /usr/lib/python2.7/site-packages/nova/api/openstack/wsgi.py:607
2020-03-28 05:16:19.242 30572 INFO nova.api.openstack.requestlog [req-ac004553-94ac-4646-b214-256ea452a054 b28421c2bd924f379eeb21922ca342ad fca02e1b049443179175814c8eeb7b29 - default default] 192.168.24.1 "OPTIONS /" status: 200 len: 383 microversion: - time: 0.001641
2020-03-28 05:16:21.175 1108 DEBUG nova.metadata.wsgi.server [req-80800fc6-9fc8-44ce-82c5-ba4b7a1f224f - - - - -] (1108) accepted ('192.168.24.1', 47292) server /usr/lib/python2.7/site-packages/eventlet/wsgi.py:883
2020-03-28 05:16:21.177 1108 INFO nova.metadata.wsgi.server [-] 192.168.24.1 "OPTIONS / HTTP/1.0" status: 200 len: 234 time: 0.0008552
2020-03-28 05:16:21.247 30570 DEBUG nova.api.openstack.wsgi [req-bc2fbea3-1537-4371-9567-866e69723d81 b28421c2bd924f379eeb21922ca342ad fca02e1b049443179175814c8eeb7b29 - default default] Calling method '>' _process_stack /usr/lib/python2.7/site-packages/nova/api/openstack/wsgi.py:607
2020-03-28 05:16:21.248 30570 INFO nova.api.openstack.requestlog [req-bc2fbea3-1537-4371-9567-866e69723d81 b28421c2bd924f379eeb21922ca342ad fca02e1b049443179175814c8eeb7b29 - default default] 192.168.24.1 "OPTIONS /" status: 200 len: 383 microversion: - time: 0.002176
2020-03-28 05:16:23.179 1110 DEBUG nova.metadata.wsgi.server [req-6296b70e-83ad-432d-ac9b-89ef84a2600a - - - - -] (1110) accepted ('192.168.24.1', 47332) server /usr/lib/python2.7/site-packages/eventlet/wsgi.py:883
2020-03-28 05:16:23.180 1110 INFO nova.metadata.wsgi.server [-] 192.168.24.1 "OPTIONS / HTTP/1.0" status: 200 len: 234 time: 0.0006828
2020-03-28 05:16:23.255 30571 DEBUG nova.api.openstack.wsgi [req-0add94ac-6429-4969-848e-8d0af6121e92 b28421c2bd924f379eeb21922ca342ad fca02e1b049443179175814c8eeb7b29 - default default] Calling method '>' _process_stack /usr/lib/python2.7/site-packages/nova/api/openstack/wsgi.py:607
2020-03-28 05:16:23.258 30571 INFO nova.api.openstack.requestlog [req-0add94ac-6429-4969-848e-8d0af6121e92 b28421c2bd924f379eeb21922ca342ad fca02e1b049443179175814c8eeb7b29 - default default] 192.168.24.1 "OPTIONS /" status: 200 len: 383 microversion: - time: 0.004366
2020-03-28 05:16:25.182 1108 DEBUG nova.metadata.wsgi.server [req-80800fc6-9fc8-44ce-82c5-ba4b7a1f224f - - - - -] (1108) accepted ('192.168.24.1', 47372) server /usr/lib/python2.7/site-packages/eventlet/wsgi.py:883
2020-03-28 05:16:25.185 1108 INFO nova.metadata.wsgi.server [-] 192.168.24.1 "OPTIONS / HTTP/1.0" status: 200 len: 234 time: 0.0007761
2020-03-28 05:16:25.261 30562 DEBUG nova.api.openstack.wsgi [req-b276ce97-786e-4b72-917a-f2663289ef6d b28421c2bd924f379eeb21922ca342ad fca02e1b049443179175814c8eeb7b29 - default default] Calling method '>' _process_stack /usr/lib/python2.7/site-packages/nova/api/openstack/wsgi.py:607
2020-03-28 05:16:25.262 30562 INFO nova.api.openstack.requestlog [req-b276ce97-786e-4b72-917a-f2663289ef6d b28421c2bd924f379eeb21922ca342ad fca02e1b049443179175814c8eeb7b29 - default default] 192.168.24.1 "OPTIONS /" status: 200 len: 383 microversion: - time: 0.001160
2020-03-28 05:16:27.186 1108 DEBUG nova.metadata.wsgi.server [req-80800fc6-9fc8-44ce-82c5-ba4b7a1f224f - - - - -] (1108) accepted ('192.168.24.1', 47412) server /usr/lib/python2.7/site-packages/eventlet/wsgi.py:883
2020-03-28 05:16:27.188 1108 INFO nova.metadata.wsgi.server [-] 192.168.24.1 "OPTIONS / HTTP/1.0" status: 200 len: 234 time: 0.0004501
2020-03-28 05:16:27.266 30571 DEBUG nova.api.openstack.wsgi [req-0add94ac-6429-4969-848e-8d0af6121e92 b28421c2bd924f379eeb21922ca342ad fca02e1b049443179175814c8eeb7b29 - default default] Calling method '>' _process_stack /usr/lib/python2.7/site-packages/nova/api/openstack/wsgi.py:607
2020-03-28 05:16:27.268 30571 INFO nova.api.openstack.requestlog [req-0add94ac-6429-4969-848e-8d0af6121e92 b28421c2bd924f379eeb21922ca342ad fca02e1b049443179175814c8eeb7b29 - default default] 192.168.24.1 "OPTIONS /" status: 200 len: 383 microversion: - time: 0.001660
2020-03-28 05:16:29.190 1111 DEBUG nova.metadata.wsgi.server [req-f2bc5a34-db5a-4b7a-9f6c-820529437062 - - - - -] (1111) accepted ('192.168.24.1', 47452) server /usr/lib/python2.7/site-packages/eventlet/wsgi.py:883
2020-03-28 05:16:29.192 1111 INFO nova.metadata.wsgi.server [-] 192.168.24.1 "OPTIONS / HTTP/1.0" status: 200 len: 234 time: 0.0005310
2020-03-28 05:16:29.273 30570 DEBUG nova.api.openstack.wsgi [req-bc2fbea3-1537-4371-9567-866e69723d81 b28421c2bd924f379eeb21922ca342ad fca02e1b049443179175814c8eeb7b29 - default default] Calling method '>' _process_stack /usr/lib/python2.7/site-packages/nova/api/openstack/wsgi.py:607
2020-03-28 05:16:29.274 30570 INFO nova.api.openstack.requestlog [req-bc2fbea3-1537-4371-9567-866e69723d81 b28421c2bd924f379eeb21922ca342ad fca02e1b049443179175814c8eeb7b29 - default default] 192.168.24.1 "OPTIONS /" status: 200 len: 383 microversion: - time: 0.001522
2020-03-28 05:16:31.194 1108 DEBUG nova.metadata.wsgi.server [req-80800fc6-9fc8-44ce-82c5-ba4b7a1f224f - - - - -] (1108) accepted ('192.168.24.1', 47492) server /usr/lib/python2.7/site-packages/eventlet/wsgi.py:883
2020-03-28 05:16:31.201 1108 INFO nova.metadata.wsgi.server [-] 192.168.24.1 "OPTIONS / HTTP/1.0" status: 200 len: 234 time: 0.0025430
2020-03-28 05:16:31.279 30572 DEBUG nova.api.openstack.wsgi [req-ac004553-94ac-4646-b214-256ea452a054 b28421c2bd924f379eeb21922ca342ad fca02e1b049443179175814c8eeb7b29 - default default] Calling method '>' _process_stack /usr/lib/python2.7/site-packages/nova/api/openstack/wsgi.py:607
2020-03-28 05:16:31.281 30572 INFO nova.api.openstack.requestlog [req-ac004553-94ac-4646-b214-256ea452a054 b28421c2bd924f379eeb21922ca342ad fca02e1b049443179175814c8eeb7b29 - default default] 192.168.24.1 "OPTIONS /" status: 200 len: 383 microversion: - time: 0.002286
2020-03-28 05:16:33.203 1110 DEBUG nova.metadata.wsgi.server [req-6296b70e-83ad-432d-ac9b-89ef84a2600a - - - - -] (1110) accepted ('192.168.24.1', 47550) server /usr/lib/python2.7/site-packages/eventlet/wsgi.py:883
2020-03-28 05:16:33.208 1110 INFO nova.metadata.wsgi.server [-] 192.168.24.1 "OPTIONS / HTTP/1.0" status: 200 len: 234 time: 0.0014300
2020-03-28 05:16:33.285 30562 DEBUG nova.api.openstack.wsgi [req-b276ce97-786e-4b72-917a-f2663289ef6d b28421c2bd924f379eeb21922ca342ad fca02e1b049443179175814c8eeb7b29 - default default] Calling method '>' _process_stack /usr/lib/python2.7/site-packages/nova/api/openstack/wsgi.py:607
2020-03-28 05:16:33.285 30562 INFO nova.api.openstack.requestlog [req-b276ce97-786e-4b72-917a-f2663289ef6d b28421c2bd924f379eeb21922ca342ad fca02e1b049443179175814c8eeb7b29 - default default] 192.168.24.1 "OPTIONS /" status: 200 len: 383 microversion: - time: 0.000825
2020-03-28 05:16:35.209 1110 DEBUG nova.metadata.wsgi.server [req-6296b70e-83ad-432d-ac9b-89ef84a2600a - - - - -] (1110) accepted ('192.168.24.1', 47602) server /usr/lib/python2.7/site-packages/eventlet/wsgi.py:883
2020-03-28 05:16:35.211 1110 INFO nova.metadata.wsgi.server [-] 192.168.24.1 "OPTIONS / HTTP/1.0" status: 200 len: 234 time: 0.0010111
2020-03-28 05:16:35.289 30571 DEBUG nova.api.openstack.wsgi [req-0add94ac-6429-4969-848e-8d0af6121e92 b28421c2bd924f379eeb21922ca342ad fca02e1b049443179175814c8eeb7b29 - default default] Calling method '>' _process_stack /usr/lib/python2.7/site-packages/nova/api/openstack/wsgi.py:607
2020-03-28 05:16:35.291 30571 INFO nova.api.openstack.requestlog [req-0add94ac-6429-4969-848e-8d0af6121e92 b28421c2bd924f379eeb21922ca342ad fca02e1b049443179175814c8eeb7b29 - default default] 192.168.24.1 "OPTIONS /" status: 200 len: 383 microversion: - time: 0.002133
2020-03-28 05:16:37.213 1109 DEBUG nova.metadata.wsgi.server [req-986aa06c-9ce0-453a-8300-724b1c841588 - - - - -] (1109) accepted ('192.168.24.1', 47710) server /usr/lib/python2.7/site-packages/eventlet/wsgi.py:883
2020-03-28 05:16:37.218 1109 INFO nova.metadata.wsgi.server [-] 192.168.24.1 "OPTIONS / HTTP/1.0" status: 200 len: 234 time: 0.0015309
2020-03-28 05:16:37.295 30572 DEBUG nova.api.openstack.wsgi [req-ac004553-94ac-4646-b214-256ea452a054 b28421c2bd924f379eeb21922ca342ad fca02e1b049443179175814c8eeb7b29 - default default] Calling method '>' _process_stack /usr/lib/python2.7/site-packages/nova/api/openstack/wsgi.py:607
2020-03-28 05:16:37.297 30572 INFO nova.api.openstack.requestlog [req-ac004553-94ac-4646-b214-256ea452a054 b28421c2bd924f379eeb21922ca342ad fca02e1b049443179175814c8eeb7b29 - default default] 192.168.24.1 "OPTIONS /" status: 200 len: 383 microversion: - time: 0.001975
2020-03-28 05:16:39.220 1110 DEBUG nova.metadata.wsgi.server [req-6296b70e-83ad-432d-ac9b-89ef84a2600a - - - - -] (1110) accepted ('192.168.24.1', 47984) server /usr/lib/python2.7/site-packages/eventlet/wsgi.py:883
2020-03-28 05:16:39.224 1110 INFO nova.metadata.wsgi.server [-] 192.168.24.1 "OPTIONS / HTTP/1.0" status: 200 len: 234 time: 0.0008991
2020-03-28 05:16:39.301 30571 DEBUG nova.api.openstack.wsgi [req-0add94ac-6429-4969-848e-8d0af6121e92 b28421c2bd924f379eeb21922ca342ad fca02e1b049443179175814c8eeb7b29 - default default] Calling method '>' _process_stack /usr/lib/python2.7/site-packages/nova/api/openstack/wsgi.py:607
2020-03-28 05:16:39.302 30571 INFO nova.api.openstack.requestlog [req-0add94ac-6429-4969-848e-8d0af6121e92 b28421c2bd924f379eeb21922ca342ad fca02e1b049443179175814c8eeb7b29 - default default] 192.168.24.1 "OPTIONS /" status: 200 len: 383 microversion: - time: 0.001231
2020-03-28 05:16:41.226 1110 DEBUG nova.metadata.wsgi.server [req-6296b70e-83ad-432d-ac9b-89ef84a2600a - - - - -] (1110) accepted ('192.168.24.1', 48378) server /usr/lib/python2.7/site-packages/eventlet/wsgi.py:883
2020-03-28 05:16:41.227 1110 INFO nova.metadata.wsgi.server [-] 192.168.24.1 "OPTIONS / HTTP/1.0" status: 200 len: 234 time: 0.0005410
2020-03-28 05:16:41.307 30562 DEBUG nova.api.openstack.wsgi [req-b276ce97-786e-4b72-917a-f2663289ef6d b28421c2bd924f379eeb21922ca342ad fca02e1b049443179175814c8eeb7b29 - default default] Calling method '>' _process_stack /usr/lib/python2.7/site-packages/nova/api/openstack/wsgi.py:607
2020-03-28 05:16:41.309 30562 INFO nova.api.openstack.requestlog [req-b276ce97-786e-4b72-917a-f2663289ef6d b28421c2bd924f379eeb21922ca342ad fca02e1b049443179175814c8eeb7b29 - default default] 192.168.24.1 "OPTIONS /" status: 200 len: 383 microversion: - time: 0.002190
2020-03-28 05:16:43.228 1110 DEBUG nova.metadata.wsgi.server [req-6296b70e-83ad-432d-ac9b-89ef84a2600a - - - - -] (1110) accepted ('192.168.24.1', 48800) server /usr/lib/python2.7/site-packages/eventlet/wsgi.py:883
2020-03-28 05:16:43.230 1110 INFO nova.metadata.wsgi.server [-] 192.168.24.1 "OPTIONS / HTTP/1.0" status: 200 len: 234 time: 0.0005469
2020-03-28 05:16:43.315 30572 DEBUG nova.api.openstack.wsgi [req-ac004553-94ac-4646-b214-256ea452a054 b28421c2bd924f379eeb21922ca342ad fca02e1b049443179175814c8eeb7b29 - default default] Calling method '>' _process_stack /usr/lib/python2.7/site-packages/nova/api/openstack/wsgi.py:607
2020-03-28 05:16:43.317 30572 INFO nova.api.openstack.requestlog [req-ac004553-94ac-4646-b214-256ea452a054 b28421c2bd924f379eeb21922ca342ad fca02e1b049443179175814c8eeb7b29 - default default] 192.168.24.1 "OPTIONS /" status: 200 len: 383 microversion: - time: 0.003317
2020-03-28 05:16:45.231 1110 DEBUG nova.metadata.wsgi.server [req-6296b70e-83ad-432d-ac9b-89ef84a2600a - - - - -] (1110) accepted ('192.168.24.1', 49146) server /usr/lib/python2.7/site-packages/eventlet/wsgi.py:883
2020-03-28 05:16:45.234 1110 INFO nova.metadata.wsgi.server [-] 192.168.24.1 "OPTIONS / HTTP/1.0" status: 200 len: 234 time: 0.0008180
2020-03-28 05:16:45.323 30571 DEBUG nova.api.openstack.wsgi [req-0add94ac-6429-4969-848e-8d0af6121e92 b28421c2bd924f379eeb21922ca342ad fca02e1b049443179175814c8eeb7b29 - default default] Calling method '>' _process_stack /usr/lib/python2.7/site-packages/nova/api/openstack/wsgi.py:607
2020-03-28 05:16:45.325 30571 INFO nova.api.openstack.requestlog [req-0add94ac-6429-4969-848e-8d0af6121e92 b28421c2bd924f379eeb21922ca342ad fca02e1b049443179175814c8eeb7b29 - default default] 192.168.24.1 "OPTIONS /" status: 200 len: 383 microversion: - time: 0.001981
2020-03-28 05:16:47.236 1110 DEBUG nova.metadata.wsgi.server [req-6296b70e-83ad-432d-ac9b-89ef84a2600a - - - - -] (1110) accepted ('192.168.24.1', 49484) server /usr/lib/python2.7/site-packages/eventlet/wsgi.py:883
2020-03-28 05:16:47.237 1110 INFO nova.metadata.wsgi.server [-] 192.168.24.1 "OPTIONS / HTTP/1.0" status: 200 len: 234 time: 0.0005269
2020-03-28 05:16:47.329 30562 DEBUG nova.api.openstack.wsgi [req-b276ce97-786e-4b72-917a-f2663289ef6d b28421c2bd924f379eeb21922ca342ad fca02e1b049443179175814c8eeb7b29 - default default] Calling method '>' _process_stack /usr/lib/python2.7/site-packages/nova/api/openstack/wsgi.py:607
2020-03-28 05:16:47.331 30562 INFO nova.api.openstack.requestlog [req-b276ce97-786e-4b72-917a-f2663289ef6d b28421c2bd924f379eeb21922ca342ad fca02e1b049443179175814c8eeb7b29 - default default] 192.168.24.1 "OPTIONS /" status: 200 len: 383 microversion: - time: 0.001904
2020-03-28 05:16:49.239 1110 DEBUG nova.metadata.wsgi.server [req-6296b70e-83ad-432d-ac9b-89ef84a2600a - - - - -] (1110) accepted ('192.168.24.1', 49754) server /usr/lib/python2.7/site-packages/eventlet/wsgi.py:883
2020-03-28 05:16:49.241 1110 INFO nova.metadata.wsgi.server [-] 192.168.24.1 "OPTIONS / HTTP/1.0" status: 200 len: 234 time: 0.0008001
2020-03-28 05:16:49.336 30572 DEBUG nova.api.openstack.wsgi [req-ac004553-94ac-4646-b214-256ea452a054 b28421c2bd924f379eeb21922ca342ad fca02e1b049443179175814c8eeb7b29 - default default] Calling method '>' _process_stack /usr/lib/python2.7/site-packages/nova/api/openstack/wsgi.py:607
2020-03-28 05:16:49.348 30572 INFO nova.api.openstack.requestlog [req-ac004553-94ac-4646-b214-256ea452a054 b28421c2bd924f379eeb21922ca342ad fca02e1b049443179175814c8eeb7b29 - default default] 192.168.24.1 "OPTIONS /" status: 200 len: 383 microversion: - time: 0.012827
2020-03-28 05:16:51.244 1111 DEBUG nova.metadata.wsgi.server [req-f2bc5a34-db5a-4b7a-9f6c-820529437062 - - - - -] (1111) accepted ('192.168.24.1', 50002) server /usr/lib/python2.7/site-packages/eventlet/wsgi.py:883
2020-03-28 05:16:51.249 1111 INFO nova.metadata.wsgi.server [-] 192.168.24.1 "OPTIONS / HTTP/1.0" status: 200 len: 234 time: 0.0015559
2020-03-28 05:16:51.360 30571 DEBUG nova.api.openstack.wsgi [req-0add94ac-6429-4969-848e-8d0af6121e92 b28421c2bd924f379eeb21922ca342ad fca02e1b049443179175814c8eeb7b29 - default default] Calling method '>' _process_stack /usr/lib/python2.7/site-packages/nova/api/openstack/wsgi.py:607
2020-03-28 05:16:51.364 30571 INFO nova.api.openstack.requestlog [req-0add94ac-6429-4969-848e-8d0af6121e92 b28421c2bd924f379eeb21922ca342ad fca02e1b049443179175814c8eeb7b29 - default default] 192.168.24.1 "OPTIONS /" status: 200 len: 383 microversion: - time: 0.004573
2020-03-28 05:16:53.251 1111 DEBUG nova.metadata.wsgi.server [req-f2bc5a34-db5a-4b7a-9f6c-820529437062 - - - - -] (1111) accepted ('192.168.24.1', 50318) server /usr/lib/python2.7/site-packages/eventlet/wsgi.py:883
2020-03-28 05:16:53.254 1111 INFO nova.metadata.wsgi.server [-] 192.168.24.1 "OPTIONS / HTTP/1.0" status: 200 len: 234 time: 0.0008099
2020-03-28 05:16:53.368 30562 DEBUG nova.api.openstack.wsgi [req-b276ce97-786e-4b72-917a-f2663289ef6d b28421c2bd924f379eeb21922ca342ad fca02e1b049443179175814c8eeb7b29 - default default] Calling method '>' _process_stack /usr/lib/python2.7/site-packages/nova/api/openstack/wsgi.py:607
2020-03-28 05:16:53.372 30562 INFO nova.api.openstack.requestlog [req-b276ce97-786e-4b72-917a-f2663289ef6d b28421c2bd924f379eeb21922ca342ad fca02e1b049443179175814c8eeb7b29 - default default] 192.168.24.1 "OPTIONS /" status: 200 len: 383 microversion: - time: 0.003688
2020-03-28 05:16:55.255 1111 DEBUG nova.metadata.wsgi.server [req-f2bc5a34-db5a-4b7a-9f6c-820529437062 - - - - -] (1111) accepted ('192.168.24.1', 50616) server /usr/lib/python2.7/site-packages/eventlet/wsgi.py:883
2020-03-28 05:16:55.261 1111 INFO nova.metadata.wsgi.server [-] 192.168.24.1 "OPTIONS / HTTP/1.0" status: 200 len: 234 time: 0.0007858
2020-03-28 05:16:55.379 30570 DEBUG nova.api.openstack.wsgi [req-bc2fbea3-1537-4371-9567-866e69723d81 b28421c2bd924f379eeb21922ca342ad fca02e1b049443179175814c8eeb7b29 - default default] Calling method '>' _process_stack /usr/lib/python2.7/site-packages/nova/api/openstack/wsgi.py:607
2020-03-28 05:16:55.384 30570 INFO nova.api.openstack.requestlog [req-bc2fbea3-1537-4371-9567-866e69723d81 b28421c2bd924f379eeb21922ca342ad fca02e1b049443179175814c8eeb7b29 - default default] 192.168.24.1 "OPTIONS /" status: 200 len: 383 microversion: - time: 0.005231
2020-03-28 05:16:57.261 1109 DEBUG nova.metadata.wsgi.server [req-986aa06c-9ce0-453a-8300-724b1c841588 - - - - -] (1109) accepted ('192.168.24.1', 50780) server /usr/lib/python2.7/site-packages/eventlet/wsgi.py:883
2020-03-28 05:16:57.264 1109 INFO nova.metadata.wsgi.server [-] 192.168.24.1 "OPTIONS / HTTP/1.0" status: 200 len: 234 time: 0.0009110
2020-03-28 05:16:57.389 30571 DEBUG nova.api.openstack.wsgi [req-0add94ac-6429-4969-848e-8d0af6121e92 b28421c2bd924f379eeb21922ca342ad fca02e1b049443179175814c8eeb7b29 - default default] Calling method '>' _process_stack /usr/lib/python2.7/site-packages/nova/api/openstack/wsgi.py:607
2020-03-28 05:16:57.390 30571 INFO nova.api.openstack.requestlog [req-0add94ac-6429-4969-848e-8d0af6121e92 b28421c2bd924f379eeb21922ca342ad fca02e1b049443179175814c8eeb7b29 - default default] 192.168.24.1 "OPTIONS /" status: 200 len: 383 microversion: - time: 0.001557
2020-03-28 05:16:59.266 1110 DEBUG nova.metadata.wsgi.server [req-6296b70e-83ad-432d-ac9b-89ef84a2600a - - - - -] (1110) accepted ('192.168.24.1', 51108) server /usr/lib/python2.7/site-packages/eventlet/wsgi.py:883
2020-03-28 05:16:59.267 1110 INFO nova.metadata.wsgi.server [-] 192.168.24.1 "OPTIONS / HTTP/1.0" status: 200 len: 234 time: 0.0004530
2020-03-28 05:16:59.393 30562 DEBUG nova.api.openstack.wsgi [req-b276ce97-786e-4b72-917a-f2663289ef6d b28421c2bd924f379eeb21922ca342ad fca02e1b049443179175814c8eeb7b29 - default default] Calling method '>' _process_stack /usr/lib/python2.7/site-packages/nova/api/openstack/wsgi.py:607
2020-03-28 05:16:59.395 30562 INFO nova.api.openstack.requestlog [req-b276ce97-786e-4b72-917a-f2663289ef6d b28421c2bd924f379eeb21922ca342ad fca02e1b049443179175814c8eeb7b29 - default default] 192.168.24.1 "OPTIONS /" status: 200 len: 383 microversion: - time: 0.002390
2020-03-28 05:17:01.269 1109 DEBUG nova.metadata.wsgi.server [req-986aa06c-9ce0-453a-8300-724b1c841588 - - - - -] (1109) accepted ('192.168.24.1', 51400) server /usr/lib/python2.7/site-packages/eventlet/wsgi.py:883
