Mar 28 05:14:33 undercloud.localdomain ironic-inspector[2074]: 2020-03-28 05:14:33.584 2074 DEBUG stevedore.extension [-] found extension EntryPoint.parse('v3oidcclientcredentials = keystoneauth1.loading._plugins.identity.v3:OpenIDConnectClientCredentials') _load_plugins /usr/lib/python2.7/site-packages/stevedore/extension.py:189
Mar 28 05:14:33 undercloud.localdomain ironic-inspector[2074]: 2020-03-28 05:14:33.584 2074 DEBUG stevedore.extension [-] found extension EntryPoint.parse('v3tokenlessauth = keystoneauth1.loading._plugins.identity.v3:TokenlessAuth') _load_plugins /usr/lib/python2.7/site-packages/stevedore/extension.py:189
Mar 28 05:14:33 undercloud.localdomain ironic-inspector[2074]: 2020-03-28 05:14:33.584 2074 DEBUG stevedore.extension [-] found extension EntryPoint.parse('v3token = keystoneauth1.loading._plugins.identity.v3:Token') _load_plugins /usr/lib/python2.7/site-packages/stevedore/extension.py:189
Mar 28 05:14:33 undercloud.localdomain ironic-inspector[2074]: 2020-03-28 05:14:33.585 2074 DEBUG stevedore.extension [-] found extension EntryPoint.parse('v3totp = keystoneauth1.loading._plugins.identity.v3:TOTP') _load_plugins /usr/lib/python2.7/site-packages/stevedore/extension.py:189
Mar 28 05:14:33 undercloud.localdomain ironic-inspector[2074]: 2020-03-28 05:14:33.585 2074 DEBUG stevedore.extension [-] found extension EntryPoint.parse('v3applicationcredential = keystoneauth1.loading._plugins.identity.v3:ApplicationCredential') _load_plugins /usr/lib/python2.7/site-packages/stevedore/extension.py:189
Mar 28 05:14:33 undercloud.localdomain ironic-inspector[2074]: 2020-03-28 05:14:33.585 2074 DEBUG stevedore.extension [-] found extension EntryPoint.parse('password = keystoneauth1.loading._plugins.identity.generic:Password') _load_plugins /usr/lib/python2.7/site-packages/stevedore/extension.py:189
Mar 28 05:14:33 undercloud.localdomain ironic-inspector[2074]: 2020-03-28 05:14:33.586 2074 DEBUG stevedore.extension [-] found extension EntryPoint.parse('v3fedkerb = keystoneauth1.extras.kerberos._loading:MappedKerberos') _load_plugins /usr/lib/python2.7/site-packages/stevedore/extension.py:189
Mar 28 05:14:33 undercloud.localdomain ironic-inspector[2074]: 2020-03-28 05:14:33.586 2074 DEBUG stevedore.extension [-] found extension EntryPoint.parse('gnocchi-basic = gnocchiclient.auth:GnocchiBasicLoader') _load_plugins /usr/lib/python2.7/site-packages/stevedore/extension.py:189
Mar 28 05:14:33 undercloud.localdomain ironic-inspector[2074]: 2020-03-28 05:14:33.586 2074 DEBUG stevedore.extension [-] found extension EntryPoint.parse('gnocchi-noauth = gnocchiclient.auth:GnocchiNoAuthLoader') _load_plugins /usr/lib/python2.7/site-packages/stevedore/extension.py:189
Mar 28 05:14:33 undercloud.localdomain ironic-inspector[2074]: 2020-03-28 05:14:33.586 2074 DEBUG stevedore.extension [-] found extension EntryPoint.parse('aodh-noauth = aodhclient.noauth:AodhNoAuthLoader') _load_plugins /usr/lib/python2.7/site-packages/stevedore/extension.py:189
Mar 28 05:14:33 undercloud.localdomain ironic-inspector[2074]: 2020-03-28 05:14:33.586 2074 DEBUG stevedore.extension [-] found extension EntryPoint.parse('token_endpoint = openstackclient.api.auth_plugin:TokenEndpoint') _load_plugins /usr/lib/python2.7/site-packages/stevedore/extension.py:189
Mar 28 05:14:33 undercloud.localdomain ironic-inspector[2074]: 2020-03-28 05:14:33.587 2074 DEBUG stevedore.extension [-] found extension EntryPoint.parse('noauth = cinderclient.contrib.noauth:CinderNoAuthLoader') _load_plugins /usr/lib/python2.7/site-packages/stevedore/extension.py:189
Mar 28 05:14:33 undercloud.localdomain ironic-inspector[2074]: 2020-03-28 05:14:33.589 2074 INFO ironic_inspector.wsgi_service [-] Introspection data will be stored in Swift in the container ironic-inspector
Mar 28 05:14:33 undercloud.localdomain ironic-inspector[2074]: 2020-03-28 05:14:33.590 2074 DEBUG oslo_concurrency.lockutils [-] Lock "transaction-context-manager" acquired by "ironic_inspector.db._create_context_manager" :: waited 0.000s inner /usr/lib/python2.7/site-packages/oslo_concurrency/lockutils.py:273
Mar 28 05:14:33 undercloud.localdomain ironic-inspector[2074]: 2020-03-28 05:14:33.591 2074 DEBUG oslo_concurrency.lockutils [-] Lock "transaction-context-manager" released by "ironic_inspector.db._create_context_manager" :: held 0.001s inner /usr/lib/python2.7/site-packages/oslo_concurrency/lockutils.py:285
Mar 28 05:14:33 undercloud.localdomain ironic-inspector[2074]: 2020-03-28 05:14:33.611 2074 DEBUG oslo_db.sqlalchemy.engines [-] MySQL server mode set to STRICT_TRANS_TABLES,STRICT_ALL_TABLES,NO_ZERO_IN_DATE,NO_ZERO_DATE,ERROR_FOR_DIVISION_BY_ZERO,TRADITIONAL,NO_AUTO_CREATE_USER,NO_ENGINE_SUBSTITUTION _check_effective_sql_mode /usr/lib/python2.7/site-packages/oslo_db/sqlalchemy/engines.py:290
Mar 28 05:14:33 undercloud.localdomain ironic-inspector[2074]: 2020-03-28 05:14:33.616 2074 DEBUG stevedore.extension [-] found extension EntryPoint.parse('local_link_connection = ironic_inspector.plugins.local_link_connection:GenericLocalLinkConnectionHook') _load_plugins /usr/lib/python2.7/site-packages/stevedore/extension.py:189
Mar 28 05:14:33 undercloud.localdomain ironic-inspector[2074]: 2020-03-28 05:14:33.777 2074 DEBUG stevedore.extension [-] found extension EntryPoint.parse('pci_devices = ironic_inspector.plugins.pci_devices:PciDevicesHook') _load_plugins /usr/lib/python2.7/site-packages/stevedore/extension.py:189
Mar 28 05:14:33 undercloud.localdomain ironic-inspector[2074]: 2020-03-28 05:14:33.780 2074 DEBUG stevedore.extension [-] found extension EntryPoint.parse('ramdisk_error = ironic_inspector.plugins.standard:RamdiskErrorHook') _load_plugins /usr/lib/python2.7/site-packages/stevedore/extension.py:189
Mar 28 05:14:33 undercloud.localdomain ironic-inspector[2074]: 2020-03-28 05:14:33.794 2074 DEBUG stevedore.extension [-] found extension EntryPoint.parse('lldp_basic = ironic_inspector.plugins.lldp_basic:LLDPBasicProcessingHook') _load_plugins /usr/lib/python2.7/site-packages/stevedore/extension.py:189
Mar 28 05:14:33 undercloud.localdomain ironic-inspector[2074]: 2020-03-28 05:14:33.805 2074 DEBUG stevedore.extension [-] found extension EntryPoint.parse('capabilities = ironic_inspector.plugins.capabilities:CapabilitiesHook') _load_plugins /usr/lib/python2.7/site-packages/stevedore/extension.py:189
Mar 28 05:14:33 undercloud.localdomain ironic-inspector[2074]: 2020-03-28 05:14:33.809 2074 DEBUG stevedore.extension [-] found extension EntryPoint.parse('extra_hardware = ironic_inspector.plugins.extra_hardware:ExtraHardwareHook') _load_plugins /usr/lib/python2.7/site-packages/stevedore/extension.py:189
Mar 28 05:14:33 undercloud.localdomain ironic-inspector[2074]: 2020-03-28 05:14:33.812 2074 DEBUG stevedore.extension [-] found extension EntryPoint.parse('root_disk_selection = ironic_inspector.plugins.standard:RootDiskSelectionHook') _load_plugins /usr/lib/python2.7/site-packages/stevedore/extension.py:189
Mar 28 05:14:33 undercloud.localdomain ironic-inspector[2074]: 2020-03-28 05:14:33.812 2074 DEBUG stevedore.extension [-] found extension EntryPoint.parse('raid_device = ironic_inspector.plugins.raid_device:RaidDeviceDetection') _load_plugins /usr/lib/python2.7/site-packages/stevedore/extension.py:189
Mar 28 05:14:33 undercloud.localdomain ironic-inspector[2074]: 2020-03-28 05:14:33.813 2074 DEBUG stevedore.extension [-] found extension EntryPoint.parse('scheduler = ironic_inspector.plugins.standard:SchedulerHook') _load_plugins /usr/lib/python2.7/site-packages/stevedore/extension.py:189
Mar 28 05:14:33 undercloud.localdomain ironic-inspector[2074]: 2020-03-28 05:14:33.814 2074 DEBUG stevedore.extension [-] found extension EntryPoint.parse('validate_interfaces = ironic_inspector.plugins.standard:ValidateInterfacesHook') _load_plugins /usr/lib/python2.7/site-packages/stevedore/extension.py:189
Mar 28 05:14:33 undercloud.localdomain ironic-inspector[2074]: 2020-03-28 05:14:33.815 2074 DEBUG stevedore.extension [-] found extension EntryPoint.parse('example = ironic_inspector.plugins.example:ExampleProcessingHook') _load_plugins /usr/lib/python2.7/site-packages/stevedore/extension.py:189
Mar 28 05:14:33 undercloud.localdomain ironic-inspector[2074]: 2020-03-28 05:14:33.816 2074 INFO ironic_inspector.wsgi_service [-] Enabled processing hooks: ['ramdisk_error', 'root_disk_selection', 'scheduler', 'validate_interfaces', 'capabilities', 'pci_devices', 'extra_hardware', 'lldp_basic', 'local_link_connection']
Mar 28 05:14:33 undercloud.localdomain ironic-inspector[2074]: 2020-03-28 05:14:33.817 2074 DEBUG oslo_concurrency.lockutils [-] Lock "ironic_inspector.pxe_filter.base" acquired by "ironic_inspector.pxe_filter.base._driver_manager" :: waited 0.000s inner /usr/lib/python2.7/site-packages/oslo_concurrency/lockutils.py:273
Mar 28 05:14:33 undercloud.localdomain ironic-inspector[2074]: 2020-03-28 05:14:33.819 2074 DEBUG stevedore.extension [-] found extension EntryPoint.parse('iptables = ironic_inspector.pxe_filter.iptables:IptablesFilter') _load_plugins /usr/lib/python2.7/site-packages/stevedore/extension.py:189
Mar 28 05:14:33 undercloud.localdomain ironic-inspector[2074]: 2020-03-28 05:14:33.819 2074 DEBUG stevedore.extension [-] found extension EntryPoint.parse('noop = ironic_inspector.pxe_filter.base:NoopFilter') _load_plugins /usr/lib/python2.7/site-packages/stevedore/extension.py:189
Mar 28 05:14:33 undercloud.localdomain ironic-inspector[2074]: 2020-03-28 05:14:33.820 2074 DEBUG stevedore.extension [-] found extension EntryPoint.parse('dnsmasq = ironic_inspector.pxe_filter.dnsmasq:DnsmasqFilter') _load_plugins /usr/lib/python2.7/site-packages/stevedore/extension.py:189
Mar 28 05:14:33 undercloud.localdomain ironic-inspector[2074]: 2020-03-28 05:14:33.824 2074 DEBUG oslo_concurrency.lockutils [-] Lock "ironic_inspector.pxe_filter.base" released by "ironic_inspector.pxe_filter.base._driver_manager" :: held 0.007s inner /usr/lib/python2.7/site-packages/oslo_concurrency/lockutils.py:285
Mar 28 05:14:33 undercloud.localdomain ironic-inspector[2074]: 2020-03-28 05:14:33.824 2074 DEBUG ironic_inspector.pxe_filter.base [-] The PXE filter driver DnsmasqFilter, state=uninitialized enters the fsm_reset_on_error context fsm_reset_on_error /usr/lib/python2.7/site-packages/ironic_inspector/pxe_filter/base.py:137
Mar 28 05:14:33 undercloud.localdomain ironic-inspector[2074]: 2020-03-28 05:14:33.825 2074 DEBUG ironic_inspector.pxe_filter.dnsmasq [-] Purging /var/lib/ironic-inspector/dhcp-hostsdir _purge_dhcp_hostsdir /usr/lib/python2.7/site-packages/ironic_inspector/pxe_filter/dnsmasq.py:157
Mar 28 05:14:33 undercloud.localdomain ironic-inspector[2074]: 2020-03-28 05:14:33.826 2074 DEBUG stevedore.extension [-] found extension EntryPoint.parse('v1password = swiftclient.authv1:PasswordLoader') _load_plugins /usr/lib/python2.7/site-packages/stevedore/extension.py:189
Mar 28 05:14:33 undercloud.localdomain ironic-inspector[2074]: 2020-03-28 05:14:33.827 2074 DEBUG stevedore.extension [-] found extension EntryPoint.parse('v2token = keystoneauth1.loading._plugins.identity.v2:Token') _load_plugins /usr/lib/python2.7/site-packages/stevedore/extension.py:189
Mar 28 05:14:33 undercloud.localdomain ironic-inspector[2074]: 2020-03-28 05:14:33.828 2074 DEBUG stevedore.extension [-] found extension EntryPoint.parse('none = keystoneauth1.loading._plugins.noauth:NoAuth') _load_plugins /usr/lib/python2.7/site-packages/stevedore/extension.py:189
Mar 28 05:14:33 undercloud.localdomain ironic-inspector[2074]: 2020-03-28 05:14:33.828 2074 DEBUG stevedore.extension [-] found extension EntryPoint.parse('v3oauth1 = keystoneauth1.extras.oauth1._loading:V3OAuth1') _load_plugins /usr/lib/python2.7/site-packages/stevedore/extension.py:189
Mar 28 05:14:33 undercloud.localdomain ironic-inspector[2074]: 2020-03-28 05:14:33.829 2074 DEBUG stevedore.extension [-] found extension EntryPoint.parse('admin_token = keystoneauth1.loading._plugins.admin_token:AdminToken') _load_plugins /usr/lib/python2.7/site-packages/stevedore/extension.py:189
Mar 28 05:14:33 undercloud.localdomain ironic-inspector[2074]: 2020-03-28 05:14:33.830 2074 DEBUG stevedore.extension [-] found extension EntryPoint.parse('v3oidcauthcode = keystoneauth1.loading._plugins.identity.v3:OpenIDConnectAuthorizationCode') _load_plugins /usr/lib/python2.7/site-packages/stevedore/extension.py:189
Mar 28 05:14:33 undercloud.localdomain ironic-inspector[2074]: 2020-03-28 05:14:33.831 2074 DEBUG stevedore.extension [-] found extension EntryPoint.parse('v2password = keystoneauth1.loading._plugins.identity.v2:Password') _load_plugins /usr/lib/python2.7/site-packages/stevedore/extension.py:189
Mar 28 05:14:33 undercloud.localdomain ironic-inspector[2074]: 2020-03-28 05:14:33.831 2074 DEBUG stevedore.extension [-] found extension EntryPoint.parse('v3samlpassword = keystoneauth1.extras._saml2._loading:Saml2Password') _load_plugins /usr/lib/python2.7/site-packages/stevedore/extension.py:189
Mar 28 05:14:33 undercloud.localdomain ironic-inspector[2074]: 2020-03-28 05:14:33.832 2074 DEBUG stevedore.extension [-] found extension EntryPoint.parse('v3password = keystoneauth1.loading._plugins.identity.v3:Password') _load_plugins /usr/lib/python2.7/site-packages/stevedore/extension.py:189
Mar 28 05:14:33 undercloud.localdomain ironic-inspector[2074]: 2020-03-28 05:14:33.833 2074 DEBUG stevedore.extension [-] found extension EntryPoint.parse('v3adfspassword = keystoneauth1.extras._saml2._loading:ADFSPassword') _load_plugins /usr/lib/python2.7/site-packages/stevedore/extension.py:189
Mar 28 05:14:33 undercloud.localdomain ironic-inspector[2074]: 2020-03-28 05:14:33.833 2074 DEBUG stevedore.extension [-] found extension EntryPoint.parse('v3oidcaccesstoken = keystoneauth1.loading._plugins.identity.v3:OpenIDConnectAccessToken') _load_plugins /usr/lib/python2.7/site-packages/stevedore/extension.py:189
Mar 28 05:14:33 undercloud.localdomain ironic-inspector[2074]: 2020-03-28 05:14:33.834 2074 DEBUG stevedore.extension [-] found extension EntryPoint.parse('v3oidcpassword = keystoneauth1.loading._plugins.identity.v3:OpenIDConnectPassword') _load_plugins /usr/lib/python2.7/site-packages/stevedore/extension.py:189
Mar 28 05:14:33 undercloud.localdomain ironic-inspector[2074]: 2020-03-28 05:14:33.835 2074 DEBUG stevedore.extension [-] found extension EntryPoint.parse('v3kerberos = keystoneauth1.extras.kerberos._loading:Kerberos') _load_plugins /usr/lib/python2.7/site-packages/stevedore/extension.py:189
Mar 28 05:14:33 undercloud.localdomain ironic-inspector[2074]: 2020-03-28 05:14:33.836 2074 DEBUG stevedore.extension [-] found extension EntryPoint.parse('token = keystoneauth1.loading._plugins.identity.generic:Token') _load_plugins /usr/lib/python2.7/site-packages/stevedore/extension.py:189
Mar 28 05:14:33 undercloud.localdomain ironic-inspector[2074]: 2020-03-28 05:14:33.836 2074 DEBUG stevedore.extension [-] found extension EntryPoint.parse('v3oidcclientcredentials = keystoneauth1.loading._plugins.identity.v3:OpenIDConnectClientCredentials') _load_plugins /usr/lib/python2.7/site-packages/stevedore/extension.py:189
Mar 28 05:14:33 undercloud.localdomain ironic-inspector[2074]: 2020-03-28 05:14:33.836 2074 DEBUG stevedore.extension [-] found extension EntryPoint.parse('v3tokenlessauth = keystoneauth1.loading._plugins.identity.v3:TokenlessAuth') _load_plugins /usr/lib/python2.7/site-packages/stevedore/extension.py:189
Mar 28 05:14:33 undercloud.localdomain ironic-inspector[2074]: 2020-03-28 05:14:33.837 2074 DEBUG stevedore.extension [-] found extension EntryPoint.parse('v3token = keystoneauth1.loading._plugins.identity.v3:Token') _load_plugins /usr/lib/python2.7/site-packages/stevedore/extension.py:189
Mar 28 05:14:33 undercloud.localdomain ironic-inspector[2074]: 2020-03-28 05:14:33.837 2074 DEBUG stevedore.extension [-] found extension EntryPoint.parse('v3totp = keystoneauth1.loading._plugins.identity.v3:TOTP') _load_plugins /usr/lib/python2.7/site-packages/stevedore/extension.py:189
Mar 28 05:14:33 undercloud.localdomain ironic-inspector[2074]: 2020-03-28 05:14:33.837 2074 DEBUG stevedore.extension [-] found extension EntryPoint.parse('v3applicationcredential = keystoneauth1.loading._plugins.identity.v3:ApplicationCredential') _load_plugins /usr/lib/python2.7/site-packages/stevedore/extension.py:189
Mar 28 05:14:33 undercloud.localdomain ironic-inspector[2074]: 2020-03-28 05:14:33.837 2074 DEBUG stevedore.extension [-] found extension EntryPoint.parse('password = keystoneauth1.loading._plugins.identity.generic:Password') _load_plugins /usr/lib/python2.7/site-packages/stevedore/extension.py:189
Mar 28 05:14:33 undercloud.localdomain ironic-inspector[2074]: 2020-03-28 05:14:33.838 2074 DEBUG stevedore.extension [-] found extension EntryPoint.parse('v3fedkerb = keystoneauth1.extras.kerberos._loading:MappedKerberos') _load_plugins /usr/lib/python2.7/site-packages/stevedore/extension.py:189
Mar 28 05:14:33 undercloud.localdomain ironic-inspector[2074]: 2020-03-28 05:14:33.838 2074 DEBUG stevedore.extension [-] found extension EntryPoint.parse('gnocchi-basic = gnocchiclient.auth:GnocchiBasicLoader') _load_plugins /usr/lib/python2.7/site-packages/stevedore/extension.py:189
Mar 28 05:14:33 undercloud.localdomain ironic-inspector[2074]: 2020-03-28 05:14:33.838 2074 DEBUG stevedore.extension [-] found extension EntryPoint.parse('gnocchi-noauth = gnocchiclient.auth:GnocchiNoAuthLoader') _load_plugins /usr/lib/python2.7/site-packages/stevedore/extension.py:189
Mar 28 05:14:33 undercloud.localdomain ironic-inspector[2074]: 2020-03-28 05:14:33.839 2074 DEBUG stevedore.extension [-] found extension EntryPoint.parse('aodh-noauth = aodhclient.noauth:AodhNoAuthLoader') _load_plugins /usr/lib/python2.7/site-packages/stevedore/extension.py:189
Mar 28 05:14:33 undercloud.localdomain ironic-inspector[2074]: 2020-03-28 05:14:33.839 2074 DEBUG stevedore.extension [-] found extension EntryPoint.parse('token_endpoint = openstackclient.api.auth_plugin:TokenEndpoint') _load_plugins /usr/lib/python2.7/site-packages/stevedore/extension.py:189
Mar 28 05:14:33 undercloud.localdomain ironic-inspector[2074]: 2020-03-28 05:14:33.839 2074 DEBUG stevedore.extension [-] found extension EntryPoint.parse('noauth = cinderclient.contrib.noauth:CinderNoAuthLoader') _load_plugins /usr/lib/python2.7/site-packages/stevedore/extension.py:189
Mar 28 05:14:33 undercloud.localdomain haproxy[28831]: Connect from 192.168.24.2:36492 to 192.168.24.2:13000 (keystone_public/HTTP)
Mar 28 05:14:33 undercloud.localdomain registry[14923]: 192.168.24.1 - - [28/Mar/2020:05:14:33 +0000] "OPTIONS / HTTP/1.0" 200 0 "" ""
Mar 28 05:14:34 undercloud.localdomain ironic-inspector[2074]: 2020-03-28 05:14:34.799 2074 DEBUG ironic_inspector.pxe_filter.dnsmasq [-] Syncing the driver _sync /usr/lib/python2.7/site-packages/ironic_inspector/pxe_filter/dnsmasq.py:79
Mar 28 05:14:34 undercloud.localdomain haproxy[28831]: Connect from 192.168.24.3:60950 to 192.168.24.3:35357 (keystone_admin/HTTP)
Mar 28 05:14:35 undercloud.localdomain dnsmasq[2154]: inotify, new or changed file /var/lib/ironic-inspector/dhcp-hostsdir/unknown_hosts_filter
Mar 28 05:14:35 undercloud.localdomain dnsmasq-dhcp[2154]: read /var/lib/ironic-inspector/dhcp-hostsdir/unknown_hosts_filter
Mar 28 05:14:35 undercloud.localdomain ironic-inspector[2074]: 2020-03-28 05:14:35.526 2074 DEBUG ironic_inspector.pxe_filter.dnsmasq [-] A blacklist record for all unknown hosts using wildcard mac created _configure_unknown_hosts /usr/lib/python2.7/site-packages/ironic_inspector/pxe_filter/dnsmasq.py:269
Mar 28 05:14:35 undercloud.localdomain ironic-inspector[2074]: 2020-03-28 05:14:35.533 2074 DEBUG ironic_inspector.pxe_filter.dnsmasq [-] The dnsmasq PXE filter was synchronized (took 0:00:00.733291) _sync /usr/lib/python2.7/site-packages/ironic_inspector/pxe_filter/dnsmasq.py:111
Mar 28 05:14:35 undercloud.localdomain ironic-inspector[2074]: 2020-03-28 05:14:35.535 2074 DEBUG oslo_concurrency.processutils [-] Running cmd (subprocess): sudo ironic-inspector-rootwrap /etc/ironic-inspector/rootwrap.conf systemctl start openstack-ironic-inspector-dnsmasq.service execute /usr/lib/python2.7/site-packages/oslo_concurrency/processutils.py:372
Mar 28 05:14:35 undercloud.localdomain sudo[2223]: ironic-inspector : TTY=unknown ; PWD=/ ; USER=root ; COMMAND=/bin/ironic-inspector-rootwrap /etc/ironic-inspector/rootwrap.conf systemctl start openstack-ironic-inspector-dnsmasq.service
Mar 28 05:14:35 undercloud.localdomain systemd[1]: Started Session c3 of user root.
Mar 28 05:14:35 undercloud.localdomain sudo[2223]: pam_unix(sudo:session): session opened for user root by (uid=0)
Mar 28 05:14:35 undercloud.localdomain registry[14923]: 192.168.24.1 - - [28/Mar/2020:05:14:35 +0000] "OPTIONS / HTTP/1.0" 200 0 "" ""
Mar 28 05:14:35 undercloud.localdomain sudo[2223]: pam_unix(sudo:session): session closed for user root
Mar 28 05:14:35 undercloud.localdomain ironic-inspector[2074]: 2020-03-28 05:14:35.981 2074 DEBUG oslo_concurrency.processutils [-] CMD "sudo ironic-inspector-rootwrap /etc/ironic-inspector/rootwrap.conf systemctl start openstack-ironic-inspector-dnsmasq.service" returned: 0 in 0.446s execute /usr/lib/python2.7/site-packages/oslo_concurrency/processutils.py:409
Mar 28 05:14:35 undercloud.localdomain ironic-inspector[2074]: 2020-03-28 05:14:35.983 2074 INFO ironic_inspector.pxe_filter.dnsmasq [-] The dnsmasq PXE filter was initialized
Mar 28 05:14:35 undercloud.localdomain ironic-inspector[2074]: 2020-03-28 05:14:35.984 2074 DEBUG ironic_inspector.pxe_filter.base [-] The PXE filter driver DnsmasqFilter, state=initialized left the fsm_reset_on_error context fsm_reset_on_error /usr/lib/python2.7/site-packages/ironic_inspector/pxe_filter/base.py:153
Mar 28 05:14:35 undercloud.localdomain ironic-inspector[2074]: 2020-03-28 05:14:35.997 2074 INFO werkzeug [-] * Running on http://192.168.24.1:5050/
Mar 28 05:14:37 undercloud.localdomain registry[14923]: 192.168.24.1 - - [28/Mar/2020:05:14:37 +0000] "OPTIONS / HTTP/1.0" 200 0 "" ""
Mar 28 05:14:38 undercloud.localdomain haproxy[28831]: Connect from 192.168.24.3:32798 to 192.168.24.3:35357 (keystone_admin/HTTP)
Mar 28 05:14:38 undercloud.localdomain haproxy[28831]: Server ironic-inspector/192.168.24.1 is UP, reason: Layer4 check passed, check duration: 0ms. 1 active and 0 backup servers online. 0 sessions requeued, 0 total in queue.
Mar 28 05:14:38 undercloud.localdomain haproxy[28831]: Connect from 192.168.24.2:42870 to 192.168.24.2:13050 (ironic-inspector/TCP)
Mar 28 05:14:38 undercloud.localdomain ironic-inspector[2074]: 2020-03-28 05:14:38.883 2074 WARNING keystonemiddleware.auth_token [-] Using the in-process token cache is deprecated as of the 4.2.0 release and may be removed in the 5.0.0 release or the 'O' development cycle. The in-process cache causes inconsistent results and high memory usage. When the feature is removed the auth_token middleware will not cache tokens by default which may result in performance issues. It is recommended to use memcache for the auth_token token cache by setting the memcached_servers option.
Mar 28 05:14:38 undercloud.localdomain ironic-inspector[2074]: 2020-03-28 05:14:38.887 2074 DEBUG oslo_concurrency.lockutils [req-9b3612c9-6268-414f-a454-91a1bd3ee197 - - - - -] Lock "policy_enforcer" acquired by "ironic_inspector.policy.init_enforcer" :: waited 0.000s inner /usr/lib/python2.7/site-packages/oslo_concurrency/lockutils.py:273
Mar 28 05:14:38 undercloud.localdomain ironic-inspector[2074]: 2020-03-28 05:14:38.889 2074 DEBUG oslo_concurrency.lockutils [req-9b3612c9-6268-414f-a454-91a1bd3ee197 - - - - -] Lock "policy_enforcer" released by "ironic_inspector.policy.init_enforcer" :: held 0.002s inner /usr/lib/python2.7/site-packages/oslo_concurrency/lockutils.py:285
Mar 28 05:14:38 undercloud.localdomain ironic-inspector[2074]: 2020-03-28 05:14:38.891 2074 DEBUG oslo_policy._cache_handler [req-9b3612c9-6268-414f-a454-91a1bd3ee197 - - - - -] Reloading cached file /etc/ironic-inspector/policy.json read_cached_file /usr/lib/python2.7/site-packages/oslo_policy/_cache_handler.py:40
Mar 28 05:14:38 undercloud.localdomain ironic-inspector[2074]: 2020-03-28 05:14:38.903 2074 DEBUG oslo_policy.policy [req-9b3612c9-6268-414f-a454-91a1bd3ee197 - - - - -] Reloaded policy file: /etc/ironic-inspector/policy.json _load_policy_file /usr/lib/python2.7/site-packages/oslo_policy/policy.py:761
Mar 28 05:14:38 undercloud.localdomain ironic-inspector[2074]: 2020-03-28 05:14:38.908 2074 INFO werkzeug [req-9b3612c9-6268-414f-a454-91a1bd3ee197 - - - - -] 192.168.24.1 - - [28/Mar/2020 05:14:38] "GET / HTTP/1.1" 200 -
Mar 28 05:14:38 undercloud.localdomain haproxy[28831]: Connect from 192.168.24.3:32820 to 192.168.24.3:35357 (keystone_admin/HTTP)
Mar 28 05:14:39 undercloud.localdomain haproxy[28831]: Connect from 192.168.24.2:42890 to 192.168.24.2:13050 (ironic-inspector/TCP)
Mar 28 05:14:39 undercloud.localdomain ironic-inspector[2074]: 2020-03-28 05:14:39.372 2074 INFO werkzeug [req-a0a30456-07f5-4d85-a697-315814cd6d56 - - - - -] 192.168.24.1 - - [28/Mar/2020 05:14:39] "GET / HTTP/1.1" 200 -
Mar 28 05:14:39 undercloud.localdomain haproxy[28831]: Connect from 192.168.24.3:32840 to 192.168.24.3:35357 (keystone_admin/HTTP)
Mar 28 05:14:39 undercloud.localdomain haproxy[28831]: Connect from 192.168.24.2:42910 to 192.168.24.2:13050 (ironic-inspector/TCP)
Mar 28 05:14:39 undercloud.localdomain ironic-inspector[2074]: 2020-03-28 05:14:39.933 2074 INFO werkzeug [req-9aabb346-83f8-462f-9202-b2972e573460 - - - - -] 192.168.24.1 - - [28/Mar/2020 05:14:39] "GET / HTTP/1.1" 200 -
Mar 28 05:14:39 undercloud.localdomain haproxy[28831]: Connect from 192.168.24.3:32862 to 192.168.24.3:35357 (keystone_admin/HTTP)
Mar 28 05:14:39 undercloud.localdomain registry[14923]: 192.168.24.1 - - [28/Mar/2020:05:14:39 +0000] "OPTIONS / HTTP/1.0" 200 0 "" ""
Mar 28 05:14:40 undercloud.localdomain haproxy[28831]: Connect from 192.168.24.2:42928 to 192.168.24.2:13050 (ironic-inspector/TCP)
Mar 28 05:14:40 undercloud.localdomain ironic-inspector[2074]: 2020-03-28 05:14:40.464 2074 INFO werkzeug [req-c7e0f9cb-c445-405c-8ee2-ca47a96ff33d - - - - -] 192.168.24.1 - - [28/Mar/2020 05:14:40] "GET / HTTP/1.1" 200 -
Mar 28 05:14:40 undercloud.localdomain haproxy[28831]: Connect from 192.168.24.3:32878 to 192.168.24.3:35357 (keystone_admin/HTTP)
Mar 28 05:14:41 undercloud.localdomain haproxy[28831]: Connect from 192.168.24.2:42948 to 192.168.24.2:13050 (ironic-inspector/TCP)
Mar 28 05:14:41 undercloud.localdomain ironic-inspector[2074]: 2020-03-28 05:14:41.073 2074 INFO werkzeug [req-6af433a2-4637-4575-bfe9-d670061fa755 - - - - -] 192.168.24.1 - - [28/Mar/2020 05:14:41] "GET / HTTP/1.1" 200 -
Mar 28 05:14:41 undercloud.localdomain haproxy[28831]: Connect from 192.168.24.3:32900 to 192.168.24.3:35357 (keystone_admin/HTTP)
Mar 28 05:14:41 undercloud.localdomain haproxy[28831]: Connect from 192.168.24.2:42970 to 192.168.24.2:13050 (ironic-inspector/TCP)
Mar 28 05:14:41 undercloud.localdomain ironic-inspector[2074]: 2020-03-28 05:14:41.454 2074 INFO werkzeug [req-bd395c43-584d-4158-a86f-04e166f1a320 - - - - -] 192.168.24.1 - - [28/Mar/2020 05:14:41] "GET / HTTP/1.1" 200 -
Mar 28 05:14:41 undercloud.localdomain haproxy[28831]: Connect from 192.168.24.3:32920 to 192.168.24.3:35357 (keystone_admin/HTTP)
Mar 28 05:14:41 undercloud.localdomain haproxy[28831]: Connect from 192.168.24.2:42986 to 192.168.24.2:13050 (ironic-inspector/TCP)
Mar 28 05:14:41 undercloud.localdomain ironic-inspector[2074]: 2020-03-28 05:14:41.964 2074 INFO werkzeug [req-2214c478-1a28-4a1f-88ad-bdc5804230f4 - - - - -] 192.168.24.1 - - [28/Mar/2020 05:14:41] "GET / HTTP/1.1" 200 -
Mar 28 05:14:41 undercloud.localdomain haproxy[28831]: Connect from 192.168.24.3:32936 to 192.168.24.3:35357 (keystone_admin/HTTP)
Mar 28 05:14:41 undercloud.localdomain registry[14923]: 192.168.24.1 - - [28/Mar/2020:05:14:41 +0000] "OPTIONS / HTTP/1.0" 200 0 "" ""
Mar 28 05:14:42 undercloud.localdomain haproxy[28831]: Connect from 192.168.24.2:43002 to 192.168.24.2:13050 (ironic-inspector/TCP)
Mar 28 05:14:42 undercloud.localdomain ironic-inspector[2074]: 2020-03-28 05:14:42.516 2074 INFO werkzeug [req-8e2194eb-3f54-4978-b5e5-6fa87ed575f0 - - - - -] 192.168.24.1 - - [28/Mar/2020 05:14:42] "GET / HTTP/1.1" 200 -
Mar 28 05:14:42 undercloud.localdomain haproxy[28831]: Connect from 192.168.24.3:32952 to 192.168.24.3:35357 (keystone_admin/HTTP)
Mar 28 05:14:42 undercloud.localdomain haproxy[28831]: Connect from 192.168.24.2:43020 to 192.168.24.2:13050 (ironic-inspector/TCP)
Mar 28 05:14:42 undercloud.localdomain ironic-inspector[2074]: 2020-03-28 05:14:42.992 2074 INFO werkzeug [req-47cefe2b-49dc-4cc1-a723-753d2a9a3c77 - - - - -] 192.168.24.1 - - [28/Mar/2020 05:14:42] "GET / HTTP/1.1" 200 -
Mar 28 05:14:43 undercloud.localdomain haproxy[28831]: Connect from 192.168.24.3:32970 to 192.168.24.3:35357 (keystone_admin/HTTP)
Mar 28 05:14:43 undercloud.localdomain haproxy[28831]: Connect from 192.168.24.2:43038 to 192.168.24.2:13050 (ironic-inspector/TCP)
Mar 28 05:14:43 undercloud.localdomain ironic-inspector[2074]: 2020-03-28 05:14:43.405 2074 INFO werkzeug [req-d694fd7b-44e0-4cae-8295-dba10f66620a - - - - -] 192.168.24.1 - - [28/Mar/2020 05:14:43] "GET / HTTP/1.1" 200 -
Mar 28 05:14:43 undercloud.localdomain haproxy[28831]: Connect from 192.168.24.3:32988 to 192.168.24.3:35357 (keystone_admin/HTTP)
Mar 28 05:14:43 undercloud.localdomain haproxy[28831]: Connect from 192.168.24.2:43056 to 192.168.24.2:13050 (ironic-inspector/TCP)
Mar 28 05:14:43 undercloud.localdomain ironic-inspector[2074]: 2020-03-28 05:14:43.860 2074 INFO werkzeug [req-e45661e3-2f40-4ba0-8926-c91211b81f2d - - - - -] 192.168.24.1 - - [28/Mar/2020 05:14:43] "GET / HTTP/1.1" 200 -
Mar 28 05:14:43 undercloud.localdomain ironic-conductor[29774]: 2020-03-28 05:14:43.882 29774 DEBUG futurist.periodics [-] Submitting periodic callback 'ironic.conductor.manager.ConductorManager._check_cleanwait_timeouts' _process_scheduled /usr/lib/python2.7/site-packages/futurist/periodics.py:639
Mar 28 05:14:43 undercloud.localdomain ironic-conductor[29774]: 2020-03-28 05:14:43.890 29774 DEBUG futurist.periodics [-] Submitting periodic callback 'ironic.conductor.manager.ConductorManager._check_deploy_timeouts' _process_scheduled /usr/lib/python2.7/site-packages/futurist/periodics.py:639
Mar 28 05:14:43 undercloud.localdomain ironic-conductor[29774]: 2020-03-28 05:14:43.898 29774 DEBUG futurist.periodics [-] Submitting periodic callback 'ironic.conductor.manager.ConductorManager._check_inspect_timeouts' _process_scheduled /usr/lib/python2.7/site-packages/futurist/periodics.py:639
Mar 28 05:14:43 undercloud.localdomain ironic-conductor[29774]: 2020-03-28 05:14:43.899 29774 DEBUG futurist.periodics [-] Submitting periodic callback 'ironic.conductor.manager.ConductorManager._check_orphan_nodes' _process_scheduled /usr/lib/python2.7/site-packages/futurist/periodics.py:639
Mar 28 05:14:43 undercloud.localdomain ironic-conductor[29774]: 2020-03-28 05:14:43.904 29774 DEBUG futurist.periodics [-] Submitting periodic callback 'ironic.conductor.manager.ConductorManager._check_rescuewait_timeouts' _process_scheduled /usr/lib/python2.7/site-packages/futurist/periodics.py:639
Mar 28 05:14:43 undercloud.localdomain ironic-conductor[29774]: 2020-03-28 05:14:43.915 29774 DEBUG futurist.periodics [-] Submitting periodic callback 'ironic.conductor.manager.ConductorManager._sync_power_states' _process_scheduled /usr/lib/python2.7/site-packages/futurist/periodics.py:639
Mar 28 05:14:43 undercloud.localdomain ironic-conductor[29774]: 2020-03-28 05:14:43.916 29774 DEBUG futurist.periodics [-] Submitting periodic callback 'ironic.drivers.modules.inspector.Inspector._periodic_check_result' _process_scheduled /usr/lib/python2.7/site-packages/futurist/periodics.py:639
Mar 28 05:14:43 undercloud.localdomain registry[14923]: 192.168.24.1 - - [28/Mar/2020:05:14:43 +0000] "OPTIONS / HTTP/1.0" 200 0 "" ""
Mar 28 05:14:45 undercloud.localdomain registry[14923]: 192.168.24.1 - - [28/Mar/2020:05:14:45 +0000] "OPTIONS / HTTP/1.0" 200 0 "" ""
Mar 28 05:14:47 undercloud.localdomain registry[14923]: 192.168.24.1 - - [28/Mar/2020:05:14:47 +0000] "OPTIONS / HTTP/1.0" 200 0 "" ""
Mar 28 05:14:49 undercloud.localdomain registry[14923]: 192.168.24.1 - - [28/Mar/2020:05:14:49 +0000] "OPTIONS / HTTP/1.0" 200 0 "" ""
Mar 28 05:14:50 undercloud.localdomain haproxy[28831]: Connect from 192.168.24.3:33134 to 192.168.24.3:35357 (keystone_admin/HTTP)
Mar 28 05:14:50 undercloud.localdomain haproxy[28831]: Connect from 192.168.24.2:43196 to 192.168.24.2:13050 (ironic-inspector/TCP)
Mar 28 05:14:50 undercloud.localdomain ironic-inspector[2074]: 2020-03-28 05:14:50.577 2074 INFO werkzeug [req-53a095d1-90d3-43e9-931f-96fb8585a9dd - - - - -] 192.168.24.1 - - [28/Mar/2020 05:14:50] "GET / HTTP/1.1" 200 -
Mar 28 05:14:50 undercloud.localdomain haproxy[28831]: Connect from 192.168.24.3:33148 to 192.168.24.3:35357 (keystone_admin/HTTP)
Mar 28 05:14:50 undercloud.localdomain haproxy[28831]: Connect from 192.168.24.2:43214 to 192.168.24.2:13050 (ironic-inspector/TCP)
Mar 28 05:14:50 undercloud.localdomain ironic-inspector[2074]: 2020-03-28 05:14:50.991 2074 INFO werkzeug [req-da2e77b7-be1b-47de-845b-fcab4482b0a5 - - - - -] 192.168.24.1 - - [28/Mar/2020 05:14:50] "GET / HTTP/1.1" 200 -
Mar 28 05:14:50 undercloud.localdomain ironic-inspector[2074]: 2020-03-28 05:14:50.993 2074 DEBUG futurist.periodics [-] Submitting periodic callback 'ironic_inspector.pxe_filter.base.periodic_sync_task' _process_scheduled /usr/lib/python2.7/site-packages/futurist/periodics.py:639
Mar 28 05:14:50 undercloud.localdomain ironic-inspector[2074]: 2020-03-28 05:14:50.994 2074 DEBUG ironic_inspector.pxe_filter.base [-] The PXE filter driver DnsmasqFilter, state=initialized enters the fsm_reset_on_error context fsm_reset_on_error /usr/lib/python2.7/site-packages/ironic_inspector/pxe_filter/base.py:137
Mar 28 05:14:50 undercloud.localdomain ironic-inspector[2074]: 2020-03-28 05:14:50.995 2074 DEBUG ironic_inspector.pxe_filter.dnsmasq [-] Syncing the driver _sync /usr/lib/python2.7/site-packages/ironic_inspector/pxe_filter/dnsmasq.py:79
Mar 28 05:14:50 undercloud.localdomain haproxy[28831]: Connect from 192.168.24.3:33164 to 192.168.24.3:35357 (keystone_admin/HTTP)
Mar 28 05:14:51 undercloud.localdomain haproxy[28831]: 192.168.24.3:55364 [28/Mar/2020:05:14:34.805] ironic ironic/192.168.24.1 1/0/16199 387 -- 3/0/0/0/0 0/0
Mar 28 05:14:51 undercloud.localdomain haproxy[28831]: Connect from 192.168.24.3:33172 to 192.168.24.3:35357 (keystone_admin/HTTP)
Mar 28 05:14:51 undercloud.localdomain haproxy[28831]: Connect from 192.168.24.2:43246 to 192.168.24.2:13050 (ironic-inspector/TCP)
Mar 28 05:14:51 undercloud.localdomain ironic-inspector[2074]: 2020-03-28 05:14:51.550 2074 INFO werkzeug [req-b850df23-252f-4a57-aff0-f3be7dcb98cb - - - - -] 192.168.24.1 - - [28/Mar/2020 05:14:51] "GET / HTTP/1.1" 200 -
Mar 28 05:14:51 undercloud.localdomain haproxy[28831]: Connect from 192.168.24.3:33196 to 192.168.24.3:35357 (keystone_admin/HTTP)
Mar 28 05:14:51 undercloud.localdomain ironic-inspector[2074]: 2020-03-28 05:14:51.642 2074 DEBUG ironic_inspector.pxe_filter.dnsmasq [-] The dnsmasq PXE filter was synchronized (took 0:00:00.646334) _sync /usr/lib/python2.7/site-packages/ironic_inspector/pxe_filter/dnsmasq.py:111
Mar 28 05:14:51 undercloud.localdomain ironic-inspector[2074]: 2020-03-28 05:14:51.642 2074 DEBUG ironic_inspector.pxe_filter.base [-] The PXE filter driver DnsmasqFilter, state=initialized left the fsm_reset_on_error context fsm_reset_on_error /usr/lib/python2.7/site-packages/ironic_inspector/pxe_filter/base.py:153
Mar 28 05:14:51 undercloud.localdomain haproxy[28831]: Connect from 192.168.24.2:43260 to 192.168.24.2:13050 (ironic-inspector/TCP)
Mar 28 05:14:51 undercloud.localdomain ironic-inspector[2074]: 2020-03-28 05:14:51.927 2074 INFO werkzeug [req-55ebfb1c-041b-4278-ae94-133bde4ac668 - - - - -] 192.168.24.1 - - [28/Mar/2020 05:14:51] "GET / HTTP/1.1" 200 -
Mar 28 05:14:51 undercloud.localdomain haproxy[28831]: Connect from 192.168.24.3:33210 to 192.168.24.3:35357 (keystone_admin/HTTP)
Mar 28 05:14:51 undercloud.localdomain registry[14923]: 192.168.24.1 - - [28/Mar/2020:05:14:51 +0000] "OPTIONS / HTTP/1.0" 200 0 "" ""
Mar 28 05:14:52 undercloud.localdomain haproxy[28831]: Connect from 192.168.24.2:43274 to 192.168.24.2:13050 (ironic-inspector/TCP)
Mar 28 05:14:52 undercloud.localdomain ironic-inspector[2074]: 2020-03-28 05:14:52.236 2074 INFO werkzeug [req-7d4646c2-d4d0-4a1d-8c58-878ecbfdf46f - - - - -] 192.168.24.1 - - [28/Mar/2020 05:14:52] "GET / HTTP/1.1" 200 -
Mar 28 05:14:52 undercloud.localdomain haproxy[28831]: Connect from 192.168.24.3:33224 to 192.168.24.3:35357 (keystone_admin/HTTP)
Mar 28 05:14:52 undercloud.localdomain haproxy[28831]: Connect from 192.168.24.2:43286 to 192.168.24.2:13050 (ironic-inspector/TCP)
Mar 28 05:14:52 undercloud.localdomain ironic-inspector[2074]: 2020-03-28 05:14:52.570 2074 INFO werkzeug [req-5572f918-c006-485e-9fe5-5108079d7088 - - - - -] 192.168.24.1 - - [28/Mar/2020 05:14:52] "GET / HTTP/1.1" 200 -
Mar 28 05:14:52 undercloud.localdomain haproxy[28831]: Connect from 192.168.24.3:33238 to 192.168.24.3:35357 (keystone_admin/HTTP)
Mar 28 05:14:53 undercloud.localdomain haproxy[28831]: Connect from 192.168.24.2:43306 to 192.168.24.2:13050 (ironic-inspector/TCP)
Mar 28 05:14:53 undercloud.localdomain ironic-inspector[2074]: 2020-03-28 05:14:53.105 2074 INFO werkzeug [req-90ff9679-878b-43c4-b958-2d00977b3250 - - - - -] 192.168.24.1 - - [28/Mar/2020 05:14:53] "GET / HTTP/1.1" 200 -
Mar 28 05:14:53 undercloud.localdomain haproxy[28831]: Connect from 192.168.24.3:33256 to 192.168.24.3:35357 (keystone_admin/HTTP)
Mar 28 05:14:53 undercloud.localdomain haproxy[28831]: Connect from 192.168.24.2:43324 to 192.168.24.2:13050 (ironic-inspector/TCP)
Mar 28 05:14:53 undercloud.localdomain ironic-inspector[2074]: 2020-03-28 05:14:53.448 2074 INFO werkzeug [req-650df6ea-62a3-4a5c-b43f-37ffbcc5bbbd - - - - -] 192.168.24.1 - - [28/Mar/2020 05:14:53] "GET / HTTP/1.1" 200 -
Mar 28 05:14:53 undercloud.localdomain haproxy[28831]: Connect from 192.168.24.3:33274 to 192.168.24.3:35357 (keystone_admin/HTTP)
Mar 28 05:14:53 undercloud.localdomain haproxy[28831]: Connect from 192.168.24.2:43340 to 192.168.24.2:13050 (ironic-inspector/TCP)
Mar 28 05:14:53 undercloud.localdomain ironic-inspector[2074]: 2020-03-28 05:14:53.926 2074 INFO werkzeug [req-22d1380d-075b-41b3-9242-c69d13ee7ca6 - - - - -] 192.168.24.1 - - [28/Mar/2020 05:14:53] "GET / HTTP/1.1" 200 -
Mar 28 05:14:53 undercloud.localdomain haproxy[28831]: Connect from 192.168.24.3:33290 to 192.168.24.3:35357 (keystone_admin/HTTP)
Mar 28 05:14:53 undercloud.localdomain registry[14923]: 192.168.24.1 - - [28/Mar/2020:05:14:53 +0000] "OPTIONS / HTTP/1.0" 200 0 "" ""
Mar 28 05:14:54 undercloud.localdomain haproxy[28831]: Connect from 192.168.24.2:43358 to 192.168.24.2:13050 (ironic-inspector/TCP)
Mar 28 05:14:54 undercloud.localdomain ironic-inspector[2074]: 2020-03-28 05:14:54.491 2074 INFO werkzeug [req-455ffce9-16bc-42ee-9943-34de976eb213 - - - - -] 192.168.24.1 - - [28/Mar/2020 05:14:54] "GET / HTTP/1.1" 200 -
Mar 28 05:14:54 undercloud.localdomain haproxy[28831]: Connect from 192.168.24.3:33308 to 192.168.24.3:35357 (keystone_admin/HTTP)
Mar 28 05:14:54 undercloud.localdomain haproxy[28831]: Connect from 192.168.24.2:43372 to 192.168.24.2:13050 (ironic-inspector/TCP)
Mar 28 05:14:54 undercloud.localdomain ironic-inspector[2074]: 2020-03-28 05:14:54.925 2074 INFO werkzeug [req-ddcfab71-d920-41a5-914c-078246a2f9aa - - - - -] 192.168.24.1 - - [28/Mar/2020 05:14:54] "GET / HTTP/1.1" 200 -
Mar 28 05:14:55 undercloud.localdomain registry[14923]: 192.168.24.1 - - [28/Mar/2020:05:14:55 +0000] "OPTIONS / HTTP/1.0" 200 0 "" ""
Mar 28 05:14:56 undercloud.localdomain systemd[1]: Reloading.
Mar 28 05:14:56 undercloud.localdomain systemd[1]: Started Mistral API Server.
Mar 28 05:14:56 undercloud.localdomain systemd[1]: Reloading.
Mar 28 05:14:56 undercloud.localdomain systemd[1]: Reloading.
Mar 28 05:14:57 undercloud.localdomain systemd[1]: Reloading.
Mar 28 05:14:57 undercloud.localdomain systemd[1]: Started Mistral Engine Server.
Mar 28 05:14:57 undercloud.localdomain systemd[1]: Reloading.
Mar 28 05:14:57 undercloud.localdomain systemd[1]: Reloading.
Mar 28 05:14:57 undercloud.localdomain systemd[1]: Reloading.
Mar 28 05:14:57 undercloud.localdomain systemd[1]: Started Mistral Executor Server.
Mar 28 05:14:57 undercloud.localdomain systemd[1]: Reloading.
Mar 28 05:14:57 undercloud.localdomain registry[14923]: 192.168.24.1 - - [28/Mar/2020:05:14:57 +0000] "OPTIONS / HTTP/1.0" 200 0 "" ""
Mar 28 05:14:58 undercloud.localdomain systemd[1]: Reloading.
Mar 28 05:14:58 undercloud.localdomain systemd[1]: Reloading.
Mar 28 05:14:58 undercloud.localdomain systemd[1]: Starting OpenStack Nova Compute Server...
Mar 28 05:14:59 undercloud.localdomain registry[14923]: 192.168.24.1 - - [28/Mar/2020:05:14:59 +0000] "OPTIONS / HTTP/1.0" 200 0 "" ""
Mar 28 05:14:59 undercloud.localdomain mistral-server[2393]: /usr/lib/python2.7/site-packages/oslo_messaging/server.py:341: FutureWarning: blocking executor is deprecated. Executor default will be removed. Use explicitly threading or eventlet instead in version 'pike' and will be removed in version 'rocky'
Mar 28 05:14:59 undercloud.localdomain mistral-server[2393]: category=FutureWarning)
Mar 28 05:15:01 undercloud.localdomain registry[14923]: 192.168.24.1 - - [28/Mar/2020:05:15:01 +0000] "OPTIONS / HTTP/1.0" 200 0 "" ""
Mar 28 05:15:02 undercloud.localdomain haproxy[28831]: Server mistral/192.168.24.1 is UP, reason: Layer7 check passed, code: 200, info: "OK", check duration: 5ms. 1 active and 0 backup servers online. 0 sessions requeued, 0 total in queue.
Mar 28 05:15:02 undercloud.localdomain haproxy[28831]: Connect from 192.168.24.2:37304 to 192.168.24.2:13000 (keystone_public/HTTP)
Mar 28 05:15:03 undercloud.localdomain haproxy[28831]: Connect from 192.168.24.3:33512 to 192.168.24.3:35357 (keystone_admin/HTTP)
Mar 28 05:15:03 undercloud.localdomain systemd[1]: Started OpenStack Nova Compute Server.
Mar 28 05:15:03 undercloud.localdomain systemd[1]: Reloading.
Mar 28 05:15:03 undercloud.localdomain registry[14923]: 192.168.24.1 - - [28/Mar/2020:05:15:03 +0000] "OPTIONS / HTTP/1.0" 200 0 "" ""
Mar 28 05:15:04 undercloud.localdomain systemd[1]: Reloading.
Mar 28 05:15:04 undercloud.localdomain haproxy[28831]: Connect from 192.168.24.3:33552 to 192.168.24.3:35357 (keystone_admin/HTTP)
Mar 28 05:15:05 undercloud.localdomain haproxy[28831]: Connect from 192.168.24.3:33576 to 192.168.24.3:35357 (keystone_admin/HTTP)
Mar 28 05:15:05 undercloud.localdomain registry[14923]: 192.168.24.1 - - [28/Mar/2020:05:15:05 +0000] "OPTIONS / HTTP/1.0" 200 0 "" ""
Mar 28 05:15:05 undercloud.localdomain ironic-inspector[2074]: 2020-03-28 05:15:05.995 2074 DEBUG futurist.periodics [-] Submitting periodic callback 'ironic_inspector.pxe_filter.base.periodic_sync_task' _process_scheduled /usr/lib/python2.7/site-packages/futurist/periodics.py:639
Mar 28 05:15:06 undercloud.localdomain ironic-inspector[2074]: 2020-03-28 05:15:05.999 2074 DEBUG ironic_inspector.pxe_filter.base [-] The PXE filter driver DnsmasqFilter, state=initialized enters the fsm_reset_on_error context fsm_reset_on_error /usr/lib/python2.7/site-packages/ironic_inspector/pxe_filter/base.py:137
Mar 28 05:15:06 undercloud.localdomain ironic-inspector[2074]: 2020-03-28 05:15:06.000 2074 DEBUG ironic_inspector.pxe_filter.dnsmasq [-] Syncing the driver _sync /usr/lib/python2.7/site-packages/ironic_inspector/pxe_filter/dnsmasq.py:79
Mar 28 05:15:06 undercloud.localdomain ironic-inspector[2074]: 2020-03-28 05:15:06.080 2074 DEBUG ironic_inspector.pxe_filter.dnsmasq [-] The dnsmasq PXE filter was synchronized (took 0:00:00.079646) _sync /usr/lib/python2.7/site-packages/ironic_inspector/pxe_filter/dnsmasq.py:111
Mar 28 05:15:06 undercloud.localdomain ironic-inspector[2074]: 2020-03-28 05:15:06.082 2074 DEBUG ironic_inspector.pxe_filter.base [-] The PXE filter driver DnsmasqFilter, state=initialized left the fsm_reset_on_error context fsm_reset_on_error /usr/lib/python2.7/site-packages/ironic_inspector/pxe_filter/base.py:153
Mar 28 05:15:07 undercloud.localdomain registry[14923]: 192.168.24.1 - - [28/Mar/2020:05:15:07 +0000] "OPTIONS / HTTP/1.0" 200 0 "" ""
Mar 28 05:15:10 undercloud.localdomain registry[14923]: 192.168.24.1 - - [28/Mar/2020:05:15:09 +0000] "OPTIONS / HTTP/1.0" 200 0 "" ""
Mar 28 05:15:10 undercloud.localdomain systemd[1]: Reloading.
Mar 28 05:15:10 undercloud.localdomain systemd[1]: Started OpenStack Object Storage (swift) - Account Reaper.
Mar 28 05:15:12 undercloud.localdomain registry[14923]: 192.168.24.1 - - [28/Mar/2020:05:15:12 +0000] "OPTIONS / HTTP/1.0" 200 0 "" ""
Mar 28 05:15:12 undercloud.localdomain systemd[1]: Reloading.
Mar 28 05:15:12 undercloud.localdomain systemd[1]: Reloading.
Mar 28 05:15:12 undercloud.localdomain systemd[1]: Reloading.
Mar 28 05:15:12 undercloud.localdomain systemd[1]: Started OpenStack Object Storage (swift) - Container Updater.
Mar 28 05:15:12 undercloud.localdomain systemd[1]: Reloading.
Mar 28 05:15:12 undercloud.localdomain account-server[2667]: Starting 2667
Mar 28 05:15:12 undercloud.localdomain systemd[1]: Reloading.
Mar 28 05:15:12 undercloud.localdomain systemd[1]: Reloading.
Mar 28 05:15:13 undercloud.localdomain systemd[1]: Started OpenStack Object Storage (swift) - Container Sync.
Mar 28 05:15:13 undercloud.localdomain systemd[1]: Reloading.
Mar 28 05:15:13 undercloud.localdomain systemd[1]: Reloading.
Mar 28 05:15:13 undercloud.localdomain systemd[1]: Reloading.
Mar 28 05:15:13 undercloud.localdomain systemd[1]: Started OpenStack Object Storage (swift) - Object Updater.
Mar 28 05:15:13 undercloud.localdomain systemd[1]: Reloading.
Mar 28 05:15:13 undercloud.localdomain systemd[1]: Reloading.
Mar 28 05:15:14 undercloud.localdomain registry[14923]: 192.168.24.1 - - [28/Mar/2020:05:15:14 +0000] "OPTIONS / HTTP/1.0" 200 0 "" ""
Mar 28 05:15:14 undercloud.localdomain systemd[1]: Reloading.
Mar 28 05:15:14 undercloud.localdomain container-server[2742]: Starting 2742
Mar 28 05:15:14 undercloud.localdomain systemd[1]: Started OpenStack Object Storage (swift) - Object Reconstructor.
Mar 28 05:15:14 undercloud.localdomain systemd[1]: Reloading.
Mar 28 05:15:14 undercloud.localdomain systemd[1]: Reloading.
Mar 28 05:15:14 undercloud.localdomain systemd[1]: Reloading.
Mar 28 05:15:14 undercloud.localdomain container-server[2818]: Starting 2818
Mar 28 05:15:14 undercloud.localdomain container-server[2818]: Configuration option internal_client_conf_path not defined. Using default configuration, See internal-client.conf-sample for options
Mar 28 05:15:14 undercloud.localdomain systemd[1]: Started OpenStack Object Storage (swift) - Account Server.
Mar 28 05:15:14 undercloud.localdomain systemd[1]: Reloading.
Mar 28 05:15:15 undercloud.localdomain systemd[1]: Reloading.
Mar 28 05:15:15 undercloud.localdomain object-server[2892]: Starting 2892
Mar 28 05:15:15 undercloud.localdomain account-server[3050]: Started child 3132
Mar 28 05:15:15 undercloud.localdomain account-server[3050]: Started child 3136
Mar 28 05:15:15 undercloud.localdomain account-server[3050]: Started child 3137
Mar 28 05:15:15 undercloud.localdomain account-server[3050]: Started child 3138
Mar 28 05:15:15 undercloud.localdomain systemd[1]: Reloading.
Mar 28 05:15:15 undercloud.localdomain systemd[1]: Started OpenStack Object Storage (swift) - Container Server.
Mar 28 05:15:15 undercloud.localdomain systemd[1]: Reloading.
Mar 28 05:15:15 undercloud.localdomain systemd[1]: Reloading.
Mar 28 05:15:16 undercloud.localdomain registry[14923]: 192.168.24.1 - - [28/Mar/2020:05:15:16 +0000] "OPTIONS / HTTP/1.0" 200 0 "" ""
Mar 28 05:15:16 undercloud.localdomain object-server[2974]: Starting 2974
Mar 28 05:15:16 undercloud.localdomain object-server[2974]: Starting object reconstructor in daemon mode.
Mar 28 05:15:16 undercloud.localdomain object-server[2974]: Starting object reconstruction pass.
Mar 28 05:15:16 undercloud.localdomain object-server[2974]: Nothing reconstructed for 0.000419855117798 seconds.
Mar 28 05:15:16 undercloud.localdomain object-server[2974]: Object reconstruction complete. (0.00 minutes)
Mar 28 05:15:16 undercloud.localdomain container-server[3158]: Option allow_versions is deprecated. Configure the versioned_writes middleware in the proxy-server instead. This option will be ignored in a future release.
Mar 28 05:15:16 undercloud.localdomain container-server[3158]: Option allow_versions is deprecated. Configure the versioned_writes middleware in the proxy-server instead. This option will be ignored in a future release.
Mar 28 05:15:16 undercloud.localdomain container-server[3158]: Started child 3235
Mar 28 05:15:16 undercloud.localdomain container-server[3158]: Started child 3236
Mar 28 05:15:16 undercloud.localdomain container-server[3158]: Started child 3237
Mar 28 05:15:16 undercloud.localdomain container-server[3158]: Started child 3238
Mar 28 05:15:16 undercloud.localdomain systemd[1]: Reloading.
Mar 28 05:15:16 undercloud.localdomain systemd[1]: Started OpenStack Object Storage (swift) - Object Server.
Mar 28 05:15:16 undercloud.localdomain systemd[1]: Reloading.
Mar 28 05:15:16 undercloud.localdomain systemd[1]: Reloading.
Mar 28 05:15:17 undercloud.localdomain object-server[3262]: Started child 3333
Mar 28 05:15:17 undercloud.localdomain object-server[3262]: Started child 3334
Mar 28 05:15:17 undercloud.localdomain object-server[3262]: Started child 3335
Mar 28 05:15:17 undercloud.localdomain object-server[3262]: Started child 3336
Mar 28 05:15:17 undercloud.localdomain container-server[3238]: Option allow_versions is deprecated. Configure the versioned_writes middleware in the proxy-server instead. This option will be ignored in a future release.
