Mar 28 05:17:16 undercloud.localdomain proxy-server[1332]: 192.168.24.1 192.168.24.1 28/Mar/2020/05/17/16 GET /v1/AUTH_fca02e1b049443179175814c8eeb7b29/overcloud/net-config-noop.j2.yaml HTTP/1.0 200 - python-swiftclient-3.5.1 gAAAAABeft2TyAjY... - 739 - txb3a890152dae4fe2a6cb0-005e7edddc - 0.0187 - - 1585372636.382595062 1585372636.401257992 0
Mar 28 05:17:16 undercloud.localdomain haproxy[28831]: Connect from 192.168.24.2:53764 to 192.168.24.2:13808 (swift_proxy_server/TCP)
Mar 28 05:17:16 undercloud.localdomain proxy-server[1332]: 192.168.24.1 192.168.24.1 28/Mar/2020/05/17/16 DELETE /v1/AUTH_fca02e1b049443179175814c8eeb7b29/__cache__/__cache_overcloud_tripleo.parameters.get HTTP/1.0 404 - python-swiftclient-3.5.1 gAAAAABeft2TyAjY... - 70 - tx8074ea4f96644db594109-005e7edddc - 0.0050 - - 1585372636.433968067 1585372636.439012051 0
Mar 28 05:17:16 undercloud.localdomain haproxy[28831]: Connect from 192.168.24.2:53772 to 192.168.24.2:13808 (swift_proxy_server/TCP)
Mar 28 05:17:16 undercloud.localdomain container-server[3238]: 192.168.24.1 - - [28/Mar/2020:05:17:16 +0000] "PUT /1/622/AUTH_fca02e1b049443179175814c8eeb7b29/overcloud/net-config-noop.yaml" 201 - "PUT http://192.168.24.2:13808/1/248/AUTH_fca02e1b049443179175814c8eeb7b29/overcloud/net-config-noop.yaml" "txfaa076d675e34fe5b3562-005e7edddc" "object-server 3336" 0.0007 "-" 3238 0
Mar 28 05:17:16 undercloud.localdomain object-server[3336]: 192.168.24.1 - - [28/Mar/2020:05:17:16 +0000] "PUT /1/248/AUTH_fca02e1b049443179175814c8eeb7b29/overcloud/net-config-noop.yaml" 201 - "PUT http://192.168.24.2:13808/v1/AUTH_fca02e1b049443179175814c8eeb7b29/overcloud/net-config-noop.yaml" "txfaa076d675e34fe5b3562-005e7edddc" "proxy-server 1336" 0.0185 "-" 3336 0
Mar 28 05:17:16 undercloud.localdomain proxy-server[1336]: 192.168.24.1 192.168.24.1 28/Mar/2020/05/17/16 PUT /v1/AUTH_fca02e1b049443179175814c8eeb7b29/overcloud/net-config-noop.yaml HTTP/1.0 201 - python-swiftclient-3.5.1 gAAAAABeft2TyAjY... 1239 - - txfaa076d675e34fe5b3562-005e7edddc - 0.0290 - - 1585372636.464569092 1585372636.493531942 0
Mar 28 05:17:16 undercloud.localdomain object-server[3335]: 192.168.24.1 - - [28/Mar/2020:05:17:16 +0000] "GET /1/921/AUTH_fca02e1b049443179175814c8eeb7b29/overcloud/net-config-static-bridge-with-external-dhcp.j2.yaml" 200 2402 "GET http://192.168.24.2:13808/v1/AUTH_fca02e1b049443179175814c8eeb7b29/overcloud/net-config-static-bridge-with-external-dhcp.j2.yaml" "txbbba6224dbc6474c96abf-005e7edddc" "proxy-server 1332" 0.0009 "-" 3335 0
Mar 28 05:17:16 undercloud.localdomain proxy-server[1332]: 192.168.24.1 192.168.24.1 28/Mar/2020/05/17/16 GET /v1/AUTH_fca02e1b049443179175814c8eeb7b29/overcloud/net-config-static-bridge-with-external-dhcp.j2.yaml HTTP/1.0 200 - python-swiftclient-3.5.1 gAAAAABeft2TyAjY... - 2402 - txbbba6224dbc6474c96abf-005e7edddc - 0.0114 - - 1585372636.500210047 1585372636.511590004 0
Mar 28 05:17:16 undercloud.localdomain haproxy[28831]: Connect from 192.168.24.2:53782 to 192.168.24.2:13808 (swift_proxy_server/TCP)
Mar 28 05:17:16 undercloud.localdomain proxy-server[1330]: 192.168.24.1 192.168.24.1 28/Mar/2020/05/17/16 DELETE /v1/AUTH_fca02e1b049443179175814c8eeb7b29/__cache__/__cache_overcloud_tripleo.parameters.get HTTP/1.0 404 - python-swiftclient-3.5.1 gAAAAABeft2TyAjY... - 70 - tx8eb42a7a844840ad8faeb-005e7edddc - 0.0036 - - 1585372636.552802086 1585372636.556416988 0
Mar 28 05:17:16 undercloud.localdomain haproxy[28831]: Connect from 192.168.24.2:53786 to 192.168.24.2:13808 (swift_proxy_server/TCP)
Mar 28 05:17:16 undercloud.localdomain container-server[3235]: 192.168.24.1 - - [28/Mar/2020:05:17:16 +0000] "PUT /1/622/AUTH_fca02e1b049443179175814c8eeb7b29/overcloud/net-config-static-bridge-with-external-dhcp.yaml" 201 - "PUT http://192.168.24.2:13808/1/213/AUTH_fca02e1b049443179175814c8eeb7b29/overcloud/net-config-static-bridge-with-external-dhcp.yaml" "tx0ab4efdb81834ad2a0abb-005e7edddc" "object-server 3336" 0.0009 "-" 3235 0
Mar 28 05:17:16 undercloud.localdomain object-server[3336]: 192.168.24.1 - - [28/Mar/2020:05:17:16 +0000] "PUT /1/213/AUTH_fca02e1b049443179175814c8eeb7b29/overcloud/net-config-static-bridge-with-external-dhcp.yaml" 201 - "PUT http://192.168.24.2:13808/v1/AUTH_fca02e1b049443179175814c8eeb7b29/overcloud/net-config-static-bridge-with-external-dhcp.yaml" "tx0ab4efdb81834ad2a0abb-005e7edddc" "proxy-server 1331" 0.0200 "-" 3336 0
Mar 28 05:17:16 undercloud.localdomain proxy-server[1331]: 192.168.24.1 192.168.24.1 28/Mar/2020/05/17/16 PUT /v1/AUTH_fca02e1b049443179175814c8eeb7b29/overcloud/net-config-static-bridge-with-external-dhcp.yaml HTTP/1.0 201 - python-swiftclient-3.5.1 gAAAAABeft2TyAjY... 2902 - - tx0ab4efdb81834ad2a0abb-005e7edddc - 0.0315 - - 1585372636.584301949 1585372636.615813971 0
Mar 28 05:17:16 undercloud.localdomain object-server[3335]: 192.168.24.1 - - [28/Mar/2020:05:17:16 +0000] "GET /1/869/AUTH_fca02e1b049443179175814c8eeb7b29/overcloud/net-config-static-bridge.j2.yaml" 200 2654 "GET http://192.168.24.2:13808/v1/AUTH_fca02e1b049443179175814c8eeb7b29/overcloud/net-config-static-bridge.j2.yaml" "tx6ea6449a20464331af9c3-005e7edddc" "proxy-server 1332" 0.0016 "-" 3335 0
Mar 28 05:17:16 undercloud.localdomain proxy-server[1332]: 192.168.24.1 192.168.24.1 28/Mar/2020/05/17/16 GET /v1/AUTH_fca02e1b049443179175814c8eeb7b29/overcloud/net-config-static-bridge.j2.yaml HTTP/1.0 200 - python-swiftclient-3.5.1 gAAAAABeft2TyAjY... - 2654 - tx6ea6449a20464331af9c3-005e7edddc - 0.0155 - - 1585372636.624762058 1585372636.640247107 0
Mar 28 05:17:16 undercloud.localdomain haproxy[28831]: Connect from 192.168.24.2:53796 to 192.168.24.2:13808 (swift_proxy_server/TCP)
Mar 28 05:17:16 undercloud.localdomain proxy-server[1331]: 192.168.24.1 192.168.24.1 28/Mar/2020/05/17/16 DELETE /v1/AUTH_fca02e1b049443179175814c8eeb7b29/__cache__/__cache_overcloud_tripleo.parameters.get HTTP/1.0 404 - python-swiftclient-3.5.1 gAAAAABeft2TyAjY... - 70 - txf83addb4769844d4b4984-005e7edddc - 0.0108 - - 1585372636.682466984 1585372636.693285942 0
Mar 28 05:17:16 undercloud.localdomain haproxy[28831]: Connect from 192.168.24.2:53802 to 192.168.24.2:13808 (swift_proxy_server/TCP)
Mar 28 05:17:16 undercloud.localdomain container-server[3236]: 192.168.24.1 - - [28/Mar/2020:05:17:16 +0000] "PUT /1/622/AUTH_fca02e1b049443179175814c8eeb7b29/overcloud/net-config-static-bridge.yaml" 201 - "PUT http://192.168.24.2:13808/1/297/AUTH_fca02e1b049443179175814c8eeb7b29/overcloud/net-config-static-bridge.yaml" "txefd9c7738567441098ffa-005e7edddc" "object-server 3334" 0.0006 "-" 3236 0
Mar 28 05:17:16 undercloud.localdomain object-server[3334]: 192.168.24.1 - - [28/Mar/2020:05:17:16 +0000] "PUT /1/297/AUTH_fca02e1b049443179175814c8eeb7b29/overcloud/net-config-static-bridge.yaml" 201 - "PUT http://192.168.24.2:13808/v1/AUTH_fca02e1b049443179175814c8eeb7b29/overcloud/net-config-static-bridge.yaml" "txefd9c7738567441098ffa-005e7edddc" "proxy-server 1330" 0.0333 "-" 3334 0
Mar 28 05:17:16 undercloud.localdomain proxy-server[1330]: 192.168.24.1 192.168.24.1 28/Mar/2020/05/17/16 PUT /v1/AUTH_fca02e1b049443179175814c8eeb7b29/overcloud/net-config-static-bridge.yaml HTTP/1.0 201 - python-swiftclient-3.5.1 gAAAAABeft2TyAjY... 3154 - - txefd9c7738567441098ffa-005e7edddc - 0.0397 - - 1585372636.721334934 1585372636.760993004 0
Mar 28 05:17:16 undercloud.localdomain object-server[3334]: 192.168.24.1 - - [28/Mar/2020:05:17:16 +0000] "GET /1/305/AUTH_fca02e1b049443179175814c8eeb7b29/overcloud/net-config-static.j2.yaml" 200 2402 "GET http://192.168.24.2:13808/v1/AUTH_fca02e1b049443179175814c8eeb7b29/overcloud/net-config-static.j2.yaml" "tx0d454f6a2db9450581ca5-005e7edddc" "proxy-server 1332" 0.0006 "-" 3334 0
Mar 28 05:17:16 undercloud.localdomain proxy-server[1332]: 192.168.24.1 192.168.24.1 28/Mar/2020/05/17/16 GET /v1/AUTH_fca02e1b049443179175814c8eeb7b29/overcloud/net-config-static.j2.yaml HTTP/1.0 200 - python-swiftclient-3.5.1 gAAAAABeft2TyAjY... - 2402 - tx0d454f6a2db9450581ca5-005e7edddc - 0.0114 - - 1585372636.765501022 1585372636.776930094 0
Mar 28 05:17:16 undercloud.localdomain haproxy[28831]: Connect from 192.168.24.2:53812 to 192.168.24.2:13808 (swift_proxy_server/TCP)
Mar 28 05:17:16 undercloud.localdomain proxy-server[1332]: 192.168.24.1 192.168.24.1 28/Mar/2020/05/17/16 DELETE /v1/AUTH_fca02e1b049443179175814c8eeb7b29/__cache__/__cache_overcloud_tripleo.parameters.get HTTP/1.0 404 - python-swiftclient-3.5.1 gAAAAABeft2TyAjY... - 70 - tx850450609c58427e97fec-005e7edddc - 0.0052 - - 1585372636.792649984 1585372636.797833920 0
Mar 28 05:17:16 undercloud.localdomain haproxy[28831]: Connect from 192.168.24.2:53816 to 192.168.24.2:13808 (swift_proxy_server/TCP)
Mar 28 05:17:16 undercloud.localdomain container-server[3236]: 192.168.24.1 - - [28/Mar/2020:05:17:16 +0000] "PUT /1/622/AUTH_fca02e1b049443179175814c8eeb7b29/overcloud/net-config-static.yaml" 201 - "PUT http://192.168.24.2:13808/1/48/AUTH_fca02e1b049443179175814c8eeb7b29/overcloud/net-config-static.yaml" "txa47901181979405f93c37-005e7edddc" "object-server 3336" 0.0004 "-" 3236 0
Mar 28 05:17:16 undercloud.localdomain object-server[3336]: 192.168.24.1 - - [28/Mar/2020:05:17:16 +0000] "PUT /1/48/AUTH_fca02e1b049443179175814c8eeb7b29/overcloud/net-config-static.yaml" 201 - "PUT http://192.168.24.2:13808/v1/AUTH_fca02e1b049443179175814c8eeb7b29/overcloud/net-config-static.yaml" "txa47901181979405f93c37-005e7edddc" "proxy-server 1331" 0.0659 "-" 3336 0
Mar 28 05:17:16 undercloud.localdomain proxy-server[1331]: 192.168.24.1 192.168.24.1 28/Mar/2020/05/17/16 PUT /v1/AUTH_fca02e1b049443179175814c8eeb7b29/overcloud/net-config-static.yaml HTTP/1.0 201 - python-swiftclient-3.5.1 gAAAAABeft2TyAjY... 2902 - - txa47901181979405f93c37-005e7edddc - 0.0721 - - 1585372636.820499897 1585372636.892560959 0
Mar 28 05:17:16 undercloud.localdomain object-server[3334]: 192.168.24.1 - - [28/Mar/2020:05:17:16 +0000] "GET /1/145/AUTH_fca02e1b049443179175814c8eeb7b29/overcloud/net-config-undercloud.j2.yaml" 200 2196 "GET http://192.168.24.2:13808/v1/AUTH_fca02e1b049443179175814c8eeb7b29/overcloud/net-config-undercloud.j2.yaml" "tx9a272534517f429abb42a-005e7edddc" "proxy-server 1332" 0.0010 "-" 3334 0
Mar 28 05:17:16 undercloud.localdomain proxy-server[1332]: 192.168.24.1 192.168.24.1 28/Mar/2020/05/17/16 GET /v1/AUTH_fca02e1b049443179175814c8eeb7b29/overcloud/net-config-undercloud.j2.yaml HTTP/1.0 200 - python-swiftclient-3.5.1 gAAAAABeft2TyAjY... - 2196 - tx9a272534517f429abb42a-005e7edddc - 0.0166 - - 1585372636.910716057 1585372636.927287102 0
Mar 28 05:17:16 undercloud.localdomain haproxy[28831]: Connect from 192.168.24.2:53826 to 192.168.24.2:13808 (swift_proxy_server/TCP)
Mar 28 05:17:16 undercloud.localdomain proxy-server[1332]: 192.168.24.1 192.168.24.1 28/Mar/2020/05/17/16 DELETE /v1/AUTH_fca02e1b049443179175814c8eeb7b29/__cache__/__cache_overcloud_tripleo.parameters.get HTTP/1.0 404 - python-swiftclient-3.5.1 gAAAAABeft2TyAjY... - 70 - tx38e18915d54941c0b3ab4-005e7edddc - 0.0052 - - 1585372636.975445986 1585372636.980649948 0
Mar 28 05:17:17 undercloud.localdomain haproxy[28831]: Connect from 192.168.24.2:53830 to 192.168.24.2:13808 (swift_proxy_server/TCP)
Mar 28 05:17:17 undercloud.localdomain container-server[3236]: 192.168.24.1 - - [28/Mar/2020:05:17:17 +0000] "PUT /1/622/AUTH_fca02e1b049443179175814c8eeb7b29/overcloud/net-config-undercloud.yaml" 201 - "PUT http://192.168.24.2:13808/1/813/AUTH_fca02e1b049443179175814c8eeb7b29/overcloud/net-config-undercloud.yaml" "tx9145530607dd41b4b9279-005e7edddd" "object-server 3333" 0.0007 "-" 3236 0
Mar 28 05:17:17 undercloud.localdomain object-server[3333]: 192.168.24.1 - - [28/Mar/2020:05:17:17 +0000] "PUT /1/813/AUTH_fca02e1b049443179175814c8eeb7b29/overcloud/net-config-undercloud.yaml" 201 - "PUT http://192.168.24.2:13808/v1/AUTH_fca02e1b049443179175814c8eeb7b29/overcloud/net-config-undercloud.yaml" "tx9145530607dd41b4b9279-005e7edddd" "proxy-server 1332" 0.0254 "-" 3333 0
Mar 28 05:17:17 undercloud.localdomain proxy-server[1332]: 192.168.24.1 192.168.24.1 28/Mar/2020/05/17/17 PUT /v1/AUTH_fca02e1b049443179175814c8eeb7b29/overcloud/net-config-undercloud.yaml HTTP/1.0 201 - python-swiftclient-3.5.1 gAAAAABeft2TyAjY... 2696 - - tx9145530607dd41b4b9279-005e7edddd - 0.0369 - - 1585372637.005089045 1585372637.042005062 0
Mar 28 05:17:17 undercloud.localdomain object-server[3333]: 192.168.24.1 - - [28/Mar/2020:05:17:17 +0000] "GET /1/21/AUTH_fca02e1b049443179175814c8eeb7b29/overcloud/network/config/bond-with-vlans/controller-no-external.j2.yaml" 200 5712 "GET http://192.168.24.2:13808/v1/AUTH_fca02e1b049443179175814c8eeb7b29/overcloud/network/config/bond-with-vlans/controller-no-external.j2.yaml" "tx7949661a25d044678e8d9-005e7edddd" "proxy-server 1332" 0.0014 "-" 3333 0
Mar 28 05:17:17 undercloud.localdomain proxy-server[1332]: 192.168.24.1 192.168.24.1 28/Mar/2020/05/17/17 GET /v1/AUTH_fca02e1b049443179175814c8eeb7b29/overcloud/network/config/bond-with-vlans/controller-no-external.j2.yaml HTTP/1.0 200 - python-swiftclient-3.5.1 gAAAAABeft2TyAjY... - 5712 - tx7949661a25d044678e8d9-005e7edddd - 0.0108 - - 1585372637.049567938 1585372637.060405970 0
Mar 28 05:17:17 undercloud.localdomain haproxy[28831]: Connect from 192.168.24.2:53840 to 192.168.24.2:13808 (swift_proxy_server/TCP)
Mar 28 05:17:17 undercloud.localdomain proxy-server[1336]: 192.168.24.1 192.168.24.1 28/Mar/2020/05/17/17 DELETE /v1/AUTH_fca02e1b049443179175814c8eeb7b29/__cache__/__cache_overcloud_tripleo.parameters.get HTTP/1.0 404 - python-swiftclient-3.5.1 gAAAAABeft2TyAjY... - 70 - tx2f81646ca306446b8dfbc-005e7edddd - 0.0054 - - 1585372637.106043100 1585372637.111428976 0
Mar 28 05:17:17 undercloud.localdomain haproxy[28831]: Connect from 192.168.24.2:53844 to 192.168.24.2:13808 (swift_proxy_server/TCP)
Mar 28 05:17:17 undercloud.localdomain container-server[3237]: 192.168.24.1 - - [28/Mar/2020:05:17:17 +0000] "PUT /1/622/AUTH_fca02e1b049443179175814c8eeb7b29/overcloud/network/config/bond-with-vlans/controller-no-external.yaml" 201 - "PUT http://192.168.24.2:13808/1/399/AUTH_fca02e1b049443179175814c8eeb7b29/overcloud/network/config/bond-with-vlans/controller-no-external.yaml" "tx29bbf61528fd428387a71-005e7edddd" "object-server 3333" 0.0009 "-" 3237 0
Mar 28 05:17:17 undercloud.localdomain object-server[3333]: 192.168.24.1 - - [28/Mar/2020:05:17:17 +0000] "PUT /1/399/AUTH_fca02e1b049443179175814c8eeb7b29/overcloud/network/config/bond-with-vlans/controller-no-external.yaml" 201 - "PUT http://192.168.24.2:13808/v1/AUTH_fca02e1b049443179175814c8eeb7b29/overcloud/network/config/bond-with-vlans/controller-no-external.yaml" "tx29bbf61528fd428387a71-005e7edddd" "proxy-server 1330" 0.0181 "-" 3333 0
Mar 28 05:17:17 undercloud.localdomain proxy-server[1330]: 192.168.24.1 192.168.24.1 28/Mar/2020/05/17/17 PUT /v1/AUTH_fca02e1b049443179175814c8eeb7b29/overcloud/network/config/bond-with-vlans/controller-no-external.yaml HTTP/1.0 201 - python-swiftclient-3.5.1 gAAAAABeft2TyAjY... 6342 - - tx29bbf61528fd428387a71-005e7edddd - 0.0308 - - 1585372637.128377914 1585372637.159187078 0
Mar 28 05:17:17 undercloud.localdomain object-server[3334]: 192.168.24.1 - - [28/Mar/2020:05:17:17 +0000] "GET /1/800/AUTH_fca02e1b049443179175814c8eeb7b29/overcloud/network/config/bond-with-vlans/controller-v6.j2.yaml" 200 5994 "GET http://192.168.24.2:13808/v1/AUTH_fca02e1b049443179175814c8eeb7b29/overcloud/network/config/bond-with-vlans/controller-v6.j2.yaml" "tx82023a7ad5f940e580fb5-005e7edddd" "proxy-server 1332" 0.0014 "-" 3334 0
Mar 28 05:17:17 undercloud.localdomain proxy-server[1332]: 192.168.24.1 192.168.24.1 28/Mar/2020/05/17/17 GET /v1/AUTH_fca02e1b049443179175814c8eeb7b29/overcloud/network/config/bond-with-vlans/controller-v6.j2.yaml HTTP/1.0 200 - python-swiftclient-3.5.1 gAAAAABeft2TyAjY... - 5994 - tx82023a7ad5f940e580fb5-005e7edddd - 0.0136 - - 1585372637.165323973 1585372637.178914070 0
Mar 28 05:17:17 undercloud.localdomain haproxy[28831]: Connect from 192.168.24.2:53858 to 192.168.24.2:13808 (swift_proxy_server/TCP)
Mar 28 05:17:17 undercloud.localdomain proxy-server[1330]: 192.168.24.1 192.168.24.1 28/Mar/2020/05/17/17 DELETE /v1/AUTH_fca02e1b049443179175814c8eeb7b29/__cache__/__cache_overcloud_tripleo.parameters.get HTTP/1.0 404 - python-swiftclient-3.5.1 gAAAAABeft2TyAjY... - 70 - txb6f2fd03b68341048e05e-005e7edddd - 0.0086 - - 1585372637.229259014 1585372637.237814903 0
Mar 28 05:17:17 undercloud.localdomain haproxy[28831]: Connect from 192.168.24.2:53864 to 192.168.24.2:13808 (swift_proxy_server/TCP)
Mar 28 05:17:17 undercloud.localdomain container-server[3237]: 192.168.24.1 - - [28/Mar/2020:05:17:17 +0000] "PUT /1/622/AUTH_fca02e1b049443179175814c8eeb7b29/overcloud/network/config/bond-with-vlans/controller-v6.yaml" 201 - "PUT http://192.168.24.2:13808/1/374/AUTH_fca02e1b049443179175814c8eeb7b29/overcloud/network/config/bond-with-vlans/controller-v6.yaml" "tx36e1deb2a03a4ce99de86-005e7edddd" "object-server 3334" 0.0007 "-" 3237 0
Mar 28 05:17:17 undercloud.localdomain object-server[3334]: 192.168.24.1 - - [28/Mar/2020:05:17:17 +0000] "PUT /1/374/AUTH_fca02e1b049443179175814c8eeb7b29/overcloud/network/config/bond-with-vlans/controller-v6.yaml" 201 - "PUT http://192.168.24.2:13808/v1/AUTH_fca02e1b049443179175814c8eeb7b29/overcloud/network/config/bond-with-vlans/controller-v6.yaml" "tx36e1deb2a03a4ce99de86-005e7edddd" "proxy-server 1336" 0.0217 "-" 3334 0
Mar 28 05:17:17 undercloud.localdomain proxy-server[1336]: 192.168.24.1 192.168.24.1 28/Mar/2020/05/17/17 PUT /v1/AUTH_fca02e1b049443179175814c8eeb7b29/overcloud/network/config/bond-with-vlans/controller-v6.yaml HTTP/1.0 201 - python-swiftclient-3.5.1 gAAAAABeft2TyAjY... 6620 - - tx36e1deb2a03a4ce99de86-005e7edddd - 0.0347 - - 1585372637.264534950 1585372637.299196959 0
Mar 28 05:17:17 undercloud.localdomain object-server[3334]: 192.168.24.1 - - [28/Mar/2020:05:17:17 +0000] "GET /1/263/AUTH_fca02e1b049443179175814c8eeb7b29/overcloud/network/config/bond-with-vlans/role.role.j2.yaml" 200 6808 "GET http://192.168.24.2:13808/v1/AUTH_fca02e1b049443179175814c8eeb7b29/overcloud/network/config/bond-with-vlans/role.role.j2.yaml" "txd2a69b2097d74cc0acc63-005e7edddd" "proxy-server 1332" 0.0020 "-" 3334 0
Mar 28 05:17:17 undercloud.localdomain proxy-server[1332]: 192.168.24.1 192.168.24.1 28/Mar/2020/05/17/17 GET /v1/AUTH_fca02e1b049443179175814c8eeb7b29/overcloud/network/config/bond-with-vlans/role.role.j2.yaml HTTP/1.0 200 - python-swiftclient-3.5.1 gAAAAABeft2TyAjY... - 6808 - txd2a69b2097d74cc0acc63-005e7edddd - 0.0156 - - 1585372637.309051037 1585372637.324651957 0
Mar 28 05:17:17 undercloud.localdomain haproxy[28831]: Connect from 192.168.24.2:53880 to 192.168.24.2:13808 (swift_proxy_server/TCP)
Mar 28 05:17:17 undercloud.localdomain proxy-server[1330]: 192.168.24.1 192.168.24.1 28/Mar/2020/05/17/17 DELETE /v1/AUTH_fca02e1b049443179175814c8eeb7b29/__cache__/__cache_overcloud_tripleo.parameters.get HTTP/1.0 404 - python-swiftclient-3.5.1 gAAAAABeft2TyAjY... - 70 - tx8731f09808664fbaac788-005e7edddd - 0.0052 - - 1585372637.401768923 1585372637.406960964 0
Mar 28 05:17:17 undercloud.localdomain haproxy[28831]: Connect from 192.168.24.2:53884 to 192.168.24.2:13808 (swift_proxy_server/TCP)
Mar 28 05:17:17 undercloud.localdomain container-server[3235]: 192.168.24.1 - - [28/Mar/2020:05:17:17 +0000] "PUT /1/622/AUTH_fca02e1b049443179175814c8eeb7b29/overcloud/network/config/bond-with-vlans/controller.yaml" 201 - "PUT http://192.168.24.2:13808/1/272/AUTH_fca02e1b049443179175814c8eeb7b29/overcloud/network/config/bond-with-vlans/controller.yaml" "tx1833c08c9bc146fc9725a-005e7edddd" "object-server 3334" 0.0010 "-" 3235 0
Mar 28 05:17:17 undercloud.localdomain object-server[3334]: 192.168.24.1 - - [28/Mar/2020:05:17:17 +0000] "PUT /1/272/AUTH_fca02e1b049443179175814c8eeb7b29/overcloud/network/config/bond-with-vlans/controller.yaml" 201 - "PUT http://192.168.24.2:13808/v1/AUTH_fca02e1b049443179175814c8eeb7b29/overcloud/network/config/bond-with-vlans/controller.yaml" "tx1833c08c9bc146fc9725a-005e7edddd" "proxy-server 1331" 0.0237 "-" 3334 0
Mar 28 05:17:17 undercloud.localdomain proxy-server[1331]: 192.168.24.1 192.168.24.1 28/Mar/2020/05/17/17 PUT /v1/AUTH_fca02e1b049443179175814c8eeb7b29/overcloud/network/config/bond-with-vlans/controller.yaml HTTP/1.0 201 - python-swiftclient-3.5.1 gAAAAABeft2TyAjY... 5655 - - tx1833c08c9bc146fc9725a-005e7edddd - 0.0359 - - 1585372637.435040951 1585372637.470968962 0
Mar 28 05:17:17 undercloud.localdomain haproxy[28831]: Connect from 192.168.24.2:53900 to 192.168.24.2:13808 (swift_proxy_server/TCP)
Mar 28 05:17:17 undercloud.localdomain proxy-server[1330]: 192.168.24.1 192.168.24.1 28/Mar/2020/05/17/17 DELETE /v1/AUTH_fca02e1b049443179175814c8eeb7b29/__cache__/__cache_overcloud_tripleo.parameters.get HTTP/1.0 404 - python-swiftclient-3.5.1 gAAAAABeft2TyAjY... - 70 - txa3d19c52e12a45e59c74a-005e7edddd - 0.0045 - - 1585372637.549438953 1585372637.553922892 0
Mar 28 05:17:17 undercloud.localdomain haproxy[28831]: Connect from 192.168.24.2:53904 to 192.168.24.2:13808 (swift_proxy_server/TCP)
Mar 28 05:17:17 undercloud.localdomain container-server[3237]: 192.168.24.1 - - [28/Mar/2020:05:17:17 +0000] "PUT /1/622/AUTH_fca02e1b049443179175814c8eeb7b29/overcloud/network/config/bond-with-vlans/compute.yaml" 201 - "PUT http://192.168.24.2:13808/1/537/AUTH_fca02e1b049443179175814c8eeb7b29/overcloud/network/config/bond-with-vlans/compute.yaml" "txbd17ec4c10124dc29bc7e-005e7edddd" "object-server 3334" 0.0007 "-" 3237 0
Mar 28 05:17:17 undercloud.localdomain object-server[3334]: 192.168.24.1 - - [28/Mar/2020:05:17:17 +0000] "PUT /1/537/AUTH_fca02e1b049443179175814c8eeb7b29/overcloud/network/config/bond-with-vlans/compute.yaml" 201 - "PUT http://192.168.24.2:13808/v1/AUTH_fca02e1b049443179175814c8eeb7b29/overcloud/network/config/bond-with-vlans/compute.yaml" "txbd17ec4c10124dc29bc7e-005e7edddd" "proxy-server 1330" 0.0632 "-" 3334 0
Mar 28 05:17:17 undercloud.localdomain proxy-server[1330]: 192.168.24.1 192.168.24.1 28/Mar/2020/05/17/17 PUT /v1/AUTH_fca02e1b049443179175814c8eeb7b29/overcloud/network/config/bond-with-vlans/compute.yaml HTTP/1.0 201 - python-swiftclient-3.5.1 gAAAAABeft2TyAjY... 5169 - - txbd17ec4c10124dc29bc7e-005e7edddd - 0.0695 - - 1585372637.578066111 1585372637.647572994 0
Mar 28 05:17:17 undercloud.localdomain haproxy[28831]: Connect from 192.168.24.2:53914 to 192.168.24.2:13808 (swift_proxy_server/TCP)
Mar 28 05:17:17 undercloud.localdomain proxy-server[1332]: 192.168.24.1 192.168.24.1 28/Mar/2020/05/17/17 DELETE /v1/AUTH_fca02e1b049443179175814c8eeb7b29/__cache__/__cache_overcloud_tripleo.parameters.get HTTP/1.0 404 - python-swiftclient-3.5.1 gAAAAABeft2TyAjY... - 70 - tx35d3a71f9b48440bb1044-005e7edddd - 0.0050 - - 1585372637.722824097 1585372637.727813959 0
Mar 28 05:17:17 undercloud.localdomain haproxy[28831]: Connect from 192.168.24.2:53920 to 192.168.24.2:13808 (swift_proxy_server/TCP)
Mar 28 05:17:17 undercloud.localdomain container-server[3236]: 192.168.24.1 - - [28/Mar/2020:05:17:17 +0000] "PUT /1/622/AUTH_fca02e1b049443179175814c8eeb7b29/overcloud/network/config/bond-with-vlans/cinder-storage.yaml" 201 - "PUT http://192.168.24.2:13808/1/601/AUTH_fca02e1b049443179175814c8eeb7b29/overcloud/network/config/bond-with-vlans/cinder-storage.yaml" "txb86e450527bc4d7a80218-005e7edddd" "object-server 3334" 0.0007 "-" 3236 0
Mar 28 05:17:17 undercloud.localdomain object-server[3334]: 192.168.24.1 - - [28/Mar/2020:05:17:17 +0000] "PUT /1/601/AUTH_fca02e1b049443179175814c8eeb7b29/overcloud/network/config/bond-with-vlans/cinder-storage.yaml" 201 - "PUT http://192.168.24.2:13808/v1/AUTH_fca02e1b049443179175814c8eeb7b29/overcloud/network/config/bond-with-vlans/cinder-storage.yaml" "txb86e450527bc4d7a80218-005e7edddd" "proxy-server 1332" 0.0378 "-" 3334 0
Mar 28 05:17:17 undercloud.localdomain proxy-server[1332]: 192.168.24.1 192.168.24.1 28/Mar/2020/05/17/17 PUT /v1/AUTH_fca02e1b049443179175814c8eeb7b29/overcloud/network/config/bond-with-vlans/cinder-storage.yaml HTTP/1.0 201 - python-swiftclient-3.5.1 gAAAAABeft2TyAjY... 5179 - - txb86e450527bc4d7a80218-005e7edddd - 0.0455 - - 1585372637.753067970 1585372637.798538923 0
Mar 28 05:17:17 undercloud.localdomain haproxy[28831]: Connect from 192.168.24.2:53930 to 192.168.24.2:13808 (swift_proxy_server/TCP)
Mar 28 05:17:17 undercloud.localdomain proxy-server[1336]: 192.168.24.1 192.168.24.1 28/Mar/2020/05/17/17 DELETE /v1/AUTH_fca02e1b049443179175814c8eeb7b29/__cache__/__cache_overcloud_tripleo.parameters.get HTTP/1.0 404 - python-swiftclient-3.5.1 gAAAAABeft2TyAjY... - 70 - txd0549f06463743eea38ea-005e7edddd - 0.0058 - - 1585372637.854989052 1585372637.860827923 0
Mar 28 05:17:17 undercloud.localdomain haproxy[28831]: Connect from 192.168.24.2:53934 to 192.168.24.2:13808 (swift_proxy_server/TCP)
Mar 28 05:17:17 undercloud.localdomain container-server[3237]: 192.168.24.1 - - [28/Mar/2020:05:17:17 +0000] "PUT /1/622/AUTH_fca02e1b049443179175814c8eeb7b29/overcloud/network/config/bond-with-vlans/swift-storage.yaml" 201 - "PUT http://192.168.24.2:13808/1/186/AUTH_fca02e1b049443179175814c8eeb7b29/overcloud/network/config/bond-with-vlans/swift-storage.yaml" "txd4f6316445d3491483f35-005e7edddd" "object-server 3334" 0.0009 "-" 3237 0
Mar 28 05:17:17 undercloud.localdomain object-server[3334]: 192.168.24.1 - - [28/Mar/2020:05:17:17 +0000] "PUT /1/186/AUTH_fca02e1b049443179175814c8eeb7b29/overcloud/network/config/bond-with-vlans/swift-storage.yaml" 201 - "PUT http://192.168.24.2:13808/v1/AUTH_fca02e1b049443179175814c8eeb7b29/overcloud/network/config/bond-with-vlans/swift-storage.yaml" "txd4f6316445d3491483f35-005e7edddd" "proxy-server 1336" 0.0148 "-" 3334 0
Mar 28 05:17:17 undercloud.localdomain proxy-server[1336]: 192.168.24.1 192.168.24.1 28/Mar/2020/05/17/17 PUT /v1/AUTH_fca02e1b049443179175814c8eeb7b29/overcloud/network/config/bond-with-vlans/swift-storage.yaml HTTP/1.0 201 - python-swiftclient-3.5.1 gAAAAABeft2TyAjY... 5180 - - txd4f6316445d3491483f35-005e7edddd - 0.0244 - - 1585372637.893213987 1585372637.917661905 0
Mar 28 05:17:18 undercloud.localdomain haproxy[28831]: Connect from 192.168.24.2:53946 to 192.168.24.2:13808 (swift_proxy_server/TCP)
Mar 28 05:17:18 undercloud.localdomain proxy-server[1331]: 192.168.24.1 192.168.24.1 28/Mar/2020/05/17/18 DELETE /v1/AUTH_fca02e1b049443179175814c8eeb7b29/__cache__/__cache_overcloud_tripleo.parameters.get HTTP/1.0 404 - python-swiftclient-3.5.1 gAAAAABeft2TyAjY... - 70 - tx1c35e9b375f04402ba4dd-005e7eddde - 0.0059 - - 1585372638.012643099 1585372638.018541098 0
Mar 28 05:17:18 undercloud.localdomain haproxy[28831]: Connect from 192.168.24.2:53950 to 192.168.24.2:13808 (swift_proxy_server/TCP)
Mar 28 05:17:18 undercloud.localdomain container-server[3237]: 192.168.24.1 - - [28/Mar/2020:05:17:18 +0000] "PUT /1/622/AUTH_fca02e1b049443179175814c8eeb7b29/overcloud/network/config/bond-with-vlans/ceph-storage.yaml" 201 - "PUT http://192.168.24.2:13808/1/959/AUTH_fca02e1b049443179175814c8eeb7b29/overcloud/network/config/bond-with-vlans/ceph-storage.yaml" "tx11acce96388f467698213-005e7eddde" "object-server 3334" 0.0005 "-" 3237 0
Mar 28 05:17:18 undercloud.localdomain object-server[3334]: 192.168.24.1 - - [28/Mar/2020:05:17:18 +0000] "PUT /1/959/AUTH_fca02e1b049443179175814c8eeb7b29/overcloud/network/config/bond-with-vlans/ceph-storage.yaml" 201 - "PUT http://192.168.24.2:13808/v1/AUTH_fca02e1b049443179175814c8eeb7b29/overcloud/network/config/bond-with-vlans/ceph-storage.yaml" "tx11acce96388f467698213-005e7eddde" "proxy-server 1332" 0.0097 "-" 3334 0
Mar 28 05:17:18 undercloud.localdomain proxy-server[1332]: 192.168.24.1 192.168.24.1 28/Mar/2020/05/17/18 PUT /v1/AUTH_fca02e1b049443179175814c8eeb7b29/overcloud/network/config/bond-with-vlans/ceph-storage.yaml HTTP/1.0 201 - python-swiftclient-3.5.1 gAAAAABeft2TyAjY... 4952 - - tx11acce96388f467698213-005e7eddde - 0.0192 - - 1585372638.035029888 1585372638.054213047 0
Mar 28 05:17:18 undercloud.localdomain object-server[3334]: 192.168.24.1 - - [28/Mar/2020:05:17:18 +0000] "GET /1/427/AUTH_fca02e1b049443179175814c8eeb7b29/overcloud/network/config/multiple-nics/compute-dvr.j2.yaml" 200 4914 "GET http://192.168.24.2:13808/v1/AUTH_fca02e1b049443179175814c8eeb7b29/overcloud/network/config/multiple-nics/compute-dvr.j2.yaml" "txbdfc9b0dead94864a0285-005e7eddde" "proxy-server 1332" 0.0007 "-" 3334 0
Mar 28 05:17:18 undercloud.localdomain proxy-server[1332]: 192.168.24.1 192.168.24.1 28/Mar/2020/05/17/18 GET /v1/AUTH_fca02e1b049443179175814c8eeb7b29/overcloud/network/config/multiple-nics/compute-dvr.j2.yaml HTTP/1.0 200 - python-swiftclient-3.5.1 gAAAAABeft2TyAjY... - 4914 - txbdfc9b0dead94864a0285-005e7eddde - 0.0090 - - 1585372638.059875965 1585372638.068897009 0
Mar 28 05:17:18 undercloud.localdomain haproxy[28831]: Connect from 192.168.24.2:53960 to 192.168.24.2:13808 (swift_proxy_server/TCP)
Mar 28 05:17:18 undercloud.localdomain proxy-server[1332]: 192.168.24.1 192.168.24.1 28/Mar/2020/05/17/18 DELETE /v1/AUTH_fca02e1b049443179175814c8eeb7b29/__cache__/__cache_overcloud_tripleo.parameters.get HTTP/1.0 404 - python-swiftclient-3.5.1 gAAAAABeft2TyAjY... - 70 - txb5f873329ceb458cbd60f-005e7eddde - 0.0027 - - 1585372638.100492954 1585372638.103224039 0
Mar 28 05:17:18 undercloud.localdomain registry[14923]: 192.168.24.1 - - [28/Mar/2020:05:17:18 +0000] "OPTIONS / HTTP/1.0" 200 0 "" ""
Mar 28 05:17:18 undercloud.localdomain haproxy[28831]: Connect from 192.168.24.2:53964 to 192.168.24.2:13808 (swift_proxy_server/TCP)
Mar 28 05:17:18 undercloud.localdomain container-server[3237]: 192.168.24.1 - - [28/Mar/2020:05:17:18 +0000] "PUT /1/622/AUTH_fca02e1b049443179175814c8eeb7b29/overcloud/network/config/multiple-nics/compute-dvr.yaml" 201 - "PUT http://192.168.24.2:13808/1/168/AUTH_fca02e1b049443179175814c8eeb7b29/overcloud/network/config/multiple-nics/compute-dvr.yaml" "txc96755cd50ac4219ac0c5-005e7eddde" "object-server 3335" 0.0006 "-" 3237 0
Mar 28 05:17:18 undercloud.localdomain object-server[3335]: 192.168.24.1 - - [28/Mar/2020:05:17:18 +0000] "PUT /1/168/AUTH_fca02e1b049443179175814c8eeb7b29/overcloud/network/config/multiple-nics/compute-dvr.yaml" 201 - "PUT http://192.168.24.2:13808/v1/AUTH_fca02e1b049443179175814c8eeb7b29/overcloud/network/config/multiple-nics/compute-dvr.yaml" "txc96755cd50ac4219ac0c5-005e7eddde" "proxy-server 1336" 0.0206 "-" 3335 0
Mar 28 05:17:18 undercloud.localdomain proxy-server[1336]: 192.168.24.1 192.168.24.1 28/Mar/2020/05/17/18 PUT /v1/AUTH_fca02e1b049443179175814c8eeb7b29/overcloud/network/config/multiple-nics/compute-dvr.yaml HTTP/1.0 201 - python-swiftclient-3.5.1 gAAAAABeft2TyAjY... 5528 - - txc96755cd50ac4219ac0c5-005e7eddde - 0.0296 - - 1585372638.120621920 1585372638.150243998 0
Mar 28 05:17:18 undercloud.localdomain object-server[3335]: 192.168.24.1 - - [28/Mar/2020:05:17:18 +0000] "GET /1/155/AUTH_fca02e1b049443179175814c8eeb7b29/overcloud/network/config/multiple-nics/controller-v6.j2.yaml" 200 5459 "GET http://192.168.24.2:13808/v1/AUTH_fca02e1b049443179175814c8eeb7b29/overcloud/network/config/multiple-nics/controller-v6.j2.yaml" "txf668b215bddd4764b5fe5-005e7eddde" "proxy-server 1332" 0.0011 "-" 3335 0
Mar 28 05:17:18 undercloud.localdomain proxy-server[1332]: 192.168.24.1 192.168.24.1 28/Mar/2020/05/17/18 GET /v1/AUTH_fca02e1b049443179175814c8eeb7b29/overcloud/network/config/multiple-nics/controller-v6.j2.yaml HTTP/1.0 200 - python-swiftclient-3.5.1 gAAAAABeft2TyAjY... - 5459 - txf668b215bddd4764b5fe5-005e7eddde - 0.0095 - - 1585372638.155309916 1585372638.164776087 0
Mar 28 05:17:18 undercloud.localdomain haproxy[28831]: Connect from 192.168.24.2:53978 to 192.168.24.2:13808 (swift_proxy_server/TCP)
Mar 28 05:17:18 undercloud.localdomain proxy-server[1332]: 192.168.24.1 192.168.24.1 28/Mar/2020/05/17/18 DELETE /v1/AUTH_fca02e1b049443179175814c8eeb7b29/__cache__/__cache_overcloud_tripleo.parameters.get HTTP/1.0 404 - python-swiftclient-3.5.1 gAAAAABeft2TyAjY... - 70 - tx0e2ce7588de947da933a0-005e7eddde - 0.0037 - - 1585372638.207772970 1585372638.211493015 0
Mar 28 05:17:18 undercloud.localdomain haproxy[28831]: Connect from 192.168.24.2:53982 to 192.168.24.2:13808 (swift_proxy_server/TCP)
Mar 28 05:17:18 undercloud.localdomain container-server[3237]: 192.168.24.1 - - [28/Mar/2020:05:17:18 +0000] "PUT /1/622/AUTH_fca02e1b049443179175814c8eeb7b29/overcloud/network/config/multiple-nics/controller-v6.yaml" 201 - "PUT http://192.168.24.2:13808/1/90/AUTH_fca02e1b049443179175814c8eeb7b29/overcloud/network/config/multiple-nics/controller-v6.yaml" "tx5c97aeb7b0034a50add19-005e7eddde" "object-server 3334" 0.0007 "-" 3237 0
Mar 28 05:17:18 undercloud.localdomain object-server[3334]: 192.168.24.1 - - [28/Mar/2020:05:17:18 +0000] "PUT /1/90/AUTH_fca02e1b049443179175814c8eeb7b29/overcloud/network/config/multiple-nics/controller-v6.yaml" 201 - "PUT http://192.168.24.2:13808/v1/AUTH_fca02e1b049443179175814c8eeb7b29/overcloud/network/config/multiple-nics/controller-v6.yaml" "tx5c97aeb7b0034a50add19-005e7eddde" "proxy-server 1331" 0.0118 "-" 3334 0
Mar 28 05:17:18 undercloud.localdomain proxy-server[1331]: 192.168.24.1 192.168.24.1 28/Mar/2020/05/17/18 PUT /v1/AUTH_fca02e1b049443179175814c8eeb7b29/overcloud/network/config/multiple-nics/controller-v6.yaml HTTP/1.0 201 - python-swiftclient-3.5.1 gAAAAABeft2TyAjY... 6073 - - tx5c97aeb7b0034a50add19-005e7eddde - 0.0210 - - 1585372638.234316111 1585372638.255273104 0
Mar 28 05:17:18 undercloud.localdomain object-server[3334]: 192.168.24.1 - - [28/Mar/2020:05:17:18 +0000] "GET /1/115/AUTH_fca02e1b049443179175814c8eeb7b29/overcloud/network/config/multiple-nics/role.role.j2.yaml" 200 5766 "GET http://192.168.24.2:13808/v1/AUTH_fca02e1b049443179175814c8eeb7b29/overcloud/network/config/multiple-nics/role.role.j2.yaml" "txab808d09563f4624a9ac8-005e7eddde" "proxy-server 1332" 0.0010 "-" 3334 0
Mar 28 05:17:18 undercloud.localdomain proxy-server[1332]: 192.168.24.1 192.168.24.1 28/Mar/2020/05/17/18 GET /v1/AUTH_fca02e1b049443179175814c8eeb7b29/overcloud/network/config/multiple-nics/role.role.j2.yaml HTTP/1.0 200 - python-swiftclient-3.5.1 gAAAAABeft2TyAjY... - 5766 - txab808d09563f4624a9ac8-005e7eddde - 0.0081 - - 1585372638.261581898 1585372638.269706964 0
Mar 28 05:17:18 undercloud.localdomain haproxy[28831]: Connect from 192.168.24.2:53992 to 192.168.24.2:13808 (swift_proxy_server/TCP)
Mar 28 05:17:18 undercloud.localdomain proxy-server[1330]: 192.168.24.1 192.168.24.1 28/Mar/2020/05/17/18 DELETE /v1/AUTH_fca02e1b049443179175814c8eeb7b29/__cache__/__cache_overcloud_tripleo.parameters.get HTTP/1.0 404 - python-swiftclient-3.5.1 gAAAAABeft2TyAjY... - 70 - tx778060d551b04a0393b64-005e7eddde - 0.0036 - - 1585372638.331763029 1585372638.335320950 0
Mar 28 05:17:18 undercloud.localdomain haproxy[28831]: Connect from 192.168.24.2:53996 to 192.168.24.2:13808 (swift_proxy_server/TCP)
Mar 28 05:17:18 undercloud.localdomain container-server[3237]: 192.168.24.1 - - [28/Mar/2020:05:17:18 +0000] "PUT /1/622/AUTH_fca02e1b049443179175814c8eeb7b29/overcloud/network/config/multiple-nics/controller.yaml" 201 - "PUT http://192.168.24.2:13808/1/384/AUTH_fca02e1b049443179175814c8eeb7b29/overcloud/network/config/multiple-nics/controller.yaml" "txa1374e3fe0784d33898e0-005e7eddde" "object-server 3333" 0.0006 "-" 3237 0
Mar 28 05:17:18 undercloud.localdomain object-server[3333]: 192.168.24.1 - - [28/Mar/2020:05:17:18 +0000] "PUT /1/384/AUTH_fca02e1b049443179175814c8eeb7b29/overcloud/network/config/multiple-nics/controller.yaml" 201 - "PUT http://192.168.24.2:13808/v1/AUTH_fca02e1b049443179175814c8eeb7b29/overcloud/network/config/multiple-nics/controller.yaml" "txa1374e3fe0784d33898e0-005e7eddde" "proxy-server 1331" 0.0155 "-" 3333 0
Mar 28 05:17:18 undercloud.localdomain proxy-server[1331]: 192.168.24.1 192.168.24.1 28/Mar/2020/05/17/18 PUT /v1/AUTH_fca02e1b049443179175814c8eeb7b29/overcloud/network/config/multiple-nics/controller.yaml HTTP/1.0 201 - python-swiftclient-3.5.1 gAAAAABeft2TyAjY... 5229 - - txa1374e3fe0784d33898e0-005e7eddde - 0.0253 - - 1585372638.353502035 1585372638.378771067 0
Mar 28 05:17:18 undercloud.localdomain haproxy[28831]: Connect from 192.168.24.2:54004 to 192.168.24.2:13808 (swift_proxy_server/TCP)
Mar 28 05:17:18 undercloud.localdomain proxy-server[1330]: 192.168.24.1 192.168.24.1 28/Mar/2020/05/17/18 DELETE /v1/AUTH_fca02e1b049443179175814c8eeb7b29/__cache__/__cache_overcloud_tripleo.parameters.get HTTP/1.0 404 - python-swiftclient-3.5.1 gAAAAABeft2TyAjY... - 70 - tx1e58efd087464c2ebdc16-005e7eddde - 0.0032 - - 1585372638.447417974 1585372638.450647116 0
Mar 28 05:17:18 undercloud.localdomain haproxy[28831]: Connect from 192.168.24.2:54012 to 192.168.24.2:13808 (swift_proxy_server/TCP)
Mar 28 05:17:18 undercloud.localdomain container-server[3238]: 192.168.24.1 - - [28/Mar/2020:05:17:18 +0000] "PUT /1/622/AUTH_fca02e1b049443179175814c8eeb7b29/overcloud/network/config/multiple-nics/compute.yaml" 201 - "PUT http://192.168.24.2:13808/1/894/AUTH_fca02e1b049443179175814c8eeb7b29/overcloud/network/config/multiple-nics/compute.yaml" "tx648955cf5fca40a2965be-005e7eddde" "object-server 3334" 0.0006 "-" 3238 0
Mar 28 05:17:18 undercloud.localdomain object-server[3334]: 192.168.24.1 - - [28/Mar/2020:05:17:18 +0000] "PUT /1/894/AUTH_fca02e1b049443179175814c8eeb7b29/overcloud/network/config/multiple-nics/compute.yaml" 201 - "PUT http://192.168.24.2:13808/v1/AUTH_fca02e1b049443179175814c8eeb7b29/overcloud/network/config/multiple-nics/compute.yaml" "tx648955cf5fca40a2965be-005e7eddde" "proxy-server 1330" 0.0115 "-" 3334 0
Mar 28 05:17:18 undercloud.localdomain proxy-server[1330]: 192.168.24.1 192.168.24.1 28/Mar/2020/05/17/18 PUT /v1/AUTH_fca02e1b049443179175814c8eeb7b29/overcloud/network/config/multiple-nics/compute.yaml HTTP/1.0 201 - python-swiftclient-3.5.1 gAAAAABeft2TyAjY... 4571 - - tx648955cf5fca40a2965be-005e7eddde - 0.0185 - - 1585372638.469475031 1585372638.488003016 0
Mar 28 05:17:18 undercloud.localdomain haproxy[28831]: Connect from 192.168.24.2:54020 to 192.168.24.2:13808 (swift_proxy_server/TCP)
Mar 28 05:17:18 undercloud.localdomain proxy-server[1336]: 192.168.24.1 192.168.24.1 28/Mar/2020/05/17/18 DELETE /v1/AUTH_fca02e1b049443179175814c8eeb7b29/__cache__/__cache_overcloud_tripleo.parameters.get HTTP/1.0 404 - python-swiftclient-3.5.1 gAAAAABeft2TyAjY... - 70 - txb86072c0512c47eb8fc9d-005e7eddde - 0.0057 - - 1585372638.571068048 1585372638.576769114 0
Mar 28 05:17:18 undercloud.localdomain haproxy[28831]: Connect from 192.168.24.2:54024 to 192.168.24.2:13808 (swift_proxy_server/TCP)
Mar 28 05:17:18 undercloud.localdomain container-server[3238]: 192.168.24.1 - - [28/Mar/2020:05:17:18 +0000] "PUT /1/622/AUTH_fca02e1b049443179175814c8eeb7b29/overcloud/network/config/multiple-nics/cinder-storage.yaml" 201 - "PUT http://192.168.24.2:13808/1/403/AUTH_fca02e1b049443179175814c8eeb7b29/overcloud/network/config/multiple-nics/cinder-storage.yaml" "tx896ef00aaeb048739b6a8-005e7eddde" "object-server 3333" 0.0007 "-" 3238 0
Mar 28 05:17:18 undercloud.localdomain object-server[3333]: 192.168.24.1 - - [28/Mar/2020:05:17:18 +0000] "PUT /1/403/AUTH_fca02e1b049443179175814c8eeb7b29/overcloud/network/config/multiple-nics/cinder-storage.yaml" 201 - "PUT http://192.168.24.2:13808/v1/AUTH_fca02e1b049443179175814c8eeb7b29/overcloud/network/config/multiple-nics/cinder-storage.yaml" "tx896ef00aaeb048739b6a8-005e7eddde" "proxy-server 1331" 0.0118 "-" 3333 0
Mar 28 05:17:18 undercloud.localdomain proxy-server[1331]: 192.168.24.1 192.168.24.1 28/Mar/2020/05/17/18 PUT /v1/AUTH_fca02e1b049443179175814c8eeb7b29/overcloud/network/config/multiple-nics/cinder-storage.yaml HTTP/1.0 201 - python-swiftclient-3.5.1 gAAAAABeft2TyAjY... 4352 - - tx896ef00aaeb048739b6a8-005e7eddde - 0.0211 - - 1585372638.602489948 1585372638.623580933 0
Mar 28 05:17:18 undercloud.localdomain haproxy[28831]: Connect from 192.168.24.2:54032 to 192.168.24.2:13808 (swift_proxy_server/TCP)
Mar 28 05:17:18 undercloud.localdomain proxy-server[1332]: 192.168.24.1 192.168.24.1 28/Mar/2020/05/17/18 DELETE /v1/AUTH_fca02e1b049443179175814c8eeb7b29/__cache__/__cache_overcloud_tripleo.parameters.get HTTP/1.0 404 - python-swiftclient-3.5.1 gAAAAABeft2TyAjY... - 70 - tx34be815945d345d4bda82-005e7eddde - 0.0032 - - 1585372638.672077894 1585372638.675232887 0
Mar 28 05:17:18 undercloud.localdomain haproxy[28831]: Connect from 192.168.24.2:54038 to 192.168.24.2:13808 (swift_proxy_server/TCP)
Mar 28 05:17:18 undercloud.localdomain container-server[3237]: 192.168.24.1 - - [28/Mar/2020:05:17:18 +0000] "PUT /1/622/AUTH_fca02e1b049443179175814c8eeb7b29/overcloud/network/config/multiple-nics/swift-storage.yaml" 201 - "PUT http://192.168.24.2:13808/1/121/AUTH_fca02e1b049443179175814c8eeb7b29/overcloud/network/config/multiple-nics/swift-storage.yaml" "txdec97b16990d4eb0a7be3-005e7eddde" "object-server 3336" 0.0008 "-" 3237 0
Mar 28 05:17:18 undercloud.localdomain object-server[3336]: 192.168.24.1 - - [28/Mar/2020:05:17:18 +0000] "PUT /1/121/AUTH_fca02e1b049443179175814c8eeb7b29/overcloud/network/config/multiple-nics/swift-storage.yaml" 201 - "PUT http://192.168.24.2:13808/v1/AUTH_fca02e1b049443179175814c8eeb7b29/overcloud/network/config/multiple-nics/swift-storage.yaml" "txdec97b16990d4eb0a7be3-005e7eddde" "proxy-server 1336" 0.0129 "-" 3336 0
Mar 28 05:17:18 undercloud.localdomain proxy-server[1336]: 192.168.24.1 192.168.24.1 28/Mar/2020/05/17/18 PUT /v1/AUTH_fca02e1b049443179175814c8eeb7b29/overcloud/network/config/multiple-nics/swift-storage.yaml HTTP/1.0 201 - python-swiftclient-3.5.1 gAAAAABeft2TyAjY... 4353 - - txdec97b16990d4eb0a7be3-005e7eddde - 0.0237 - - 1585372638.689522982 1585372638.713228941 0
Mar 28 05:17:18 undercloud.localdomain haproxy[28831]: Connect from 192.168.24.2:54046 to 192.168.24.2:13808 (swift_proxy_server/TCP)
Mar 28 05:17:18 undercloud.localdomain proxy-server[1331]: 192.168.24.1 192.168.24.1 28/Mar/2020/05/17/18 DELETE /v1/AUTH_fca02e1b049443179175814c8eeb7b29/__cache__/__cache_overcloud_tripleo.parameters.get HTTP/1.0 404 - python-swiftclient-3.5.1 gAAAAABeft2TyAjY... - 70 - tx889f7a3c46664a3291204-005e7eddde - 0.0052 - - 1585372638.755233049 1585372638.760426998 0
Mar 28 05:17:18 undercloud.localdomain haproxy[28831]: Connect from 192.168.24.2:54050 to 192.168.24.2:13808 (swift_proxy_server/TCP)
Mar 28 05:17:18 undercloud.localdomain container-server[3236]: 192.168.24.1 - - [28/Mar/2020:05:17:18 +0000] "PUT /1/622/AUTH_fca02e1b049443179175814c8eeb7b29/overcloud/network/config/multiple-nics/ceph-storage.yaml" 201 - "PUT http://192.168.24.2:13808/1/831/AUTH_fca02e1b049443179175814c8eeb7b29/overcloud/network/config/multiple-nics/ceph-storage.yaml" "txcddefe8cb8d7490bb9e6b-005e7eddde" "object-server 3335" 0.0009 "-" 3236 0
Mar 28 05:17:18 undercloud.localdomain object-server[3335]: 192.168.24.1 - - [28/Mar/2020:05:17:18 +0000] "PUT /1/831/AUTH_fca02e1b049443179175814c8eeb7b29/overcloud/network/config/multiple-nics/ceph-storage.yaml" 201 - "PUT http://192.168.24.2:13808/v1/AUTH_fca02e1b049443179175814c8eeb7b29/overcloud/network/config/multiple-nics/ceph-storage.yaml" "txcddefe8cb8d7490bb9e6b-005e7eddde" "proxy-server 1330" 0.0130 "-" 3335 0
Mar 28 05:17:18 undercloud.localdomain proxy-server[1330]: 192.168.24.1 192.168.24.1 28/Mar/2020/05/17/18 PUT /v1/AUTH_fca02e1b049443179175814c8eeb7b29/overcloud/network/config/multiple-nics/ceph-storage.yaml HTTP/1.0 201 - python-swiftclient-3.5.1 gAAAAABeft2TyAjY... 4152 - - txcddefe8cb8d7490bb9e6b-005e7eddde - 0.0225 - - 1585372638.774228096 1585372638.796721935 0
Mar 28 05:17:18 undercloud.localdomain object-server[3334]: 192.168.24.1 - - [28/Mar/2020:05:17:18 +0000] "GET /1/820/AUTH_fca02e1b049443179175814c8eeb7b29/overcloud/network/config/single-nic-linux-bridge-vlans/controller-v6.j2.yaml" 200 5486 "GET http://192.168.24.2:13808/v1/AUTH_fca02e1b049443179175814c8eeb7b29/overcloud/network/config/single-nic-linux-bridge-vlans/controller-v6.j2.yaml" "tx9c85b57c12a04e16bd0a9-005e7eddde" "proxy-server 1332" 0.0009 "-" 3334 0
Mar 28 05:17:18 undercloud.localdomain proxy-server[1332]: 192.168.24.1 192.168.24.1 28/Mar/2020/05/17/18 GET /v1/AUTH_fca02e1b049443179175814c8eeb7b29/overcloud/network/config/single-nic-linux-bridge-vlans/controller-v6.j2.yaml HTTP/1.0 200 - python-swiftclient-3.5.1 gAAAAABeft2TyAjY... - 5486 - tx9c85b57c12a04e16bd0a9-005e7eddde - 0.0108 - - 1585372638.804630995 1585372638.815401077 0
Mar 28 05:17:18 undercloud.localdomain haproxy[28831]: Connect from 192.168.24.2:54060 to 192.168.24.2:13808 (swift_proxy_server/TCP)
Mar 28 05:17:18 undercloud.localdomain proxy-server[1331]: 192.168.24.1 192.168.24.1 28/Mar/2020/05/17/18 DELETE /v1/AUTH_fca02e1b049443179175814c8eeb7b29/__cache__/__cache_overcloud_tripleo.parameters.get HTTP/1.0 404 - python-swiftclient-3.5.1 gAAAAABeft2TyAjY... - 70 - tx2bd7eda07a58426a93f5c-005e7eddde - 0.0031 - - 1585372638.864345074 1585372638.867427111 0
Mar 28 05:17:18 undercloud.localdomain haproxy[28831]: Connect from 192.168.24.2:54064 to 192.168.24.2:13808 (swift_proxy_server/TCP)
Mar 28 05:17:18 undercloud.localdomain container-server[3235]: 192.168.24.1 - - [28/Mar/2020:05:17:18 +0000] "PUT /1/622/AUTH_fca02e1b049443179175814c8eeb7b29/overcloud/network/config/single-nic-linux-bridge-vlans/controller-v6.yaml" 201 - "PUT http://192.168.24.2:13808/1/289/AUTH_fca02e1b049443179175814c8eeb7b29/overcloud/network/config/single-nic-linux-bridge-vlans/controller-v6.yaml" "txf5acaecf450442f59e4fc-005e7eddde" "object-server 3334" 0.0007 "-" 3235 0
Mar 28 05:17:18 undercloud.localdomain object-server[3334]: 192.168.24.1 - - [28/Mar/2020:05:17:18 +0000] "PUT /1/289/AUTH_fca02e1b049443179175814c8eeb7b29/overcloud/network/config/single-nic-linux-bridge-vlans/controller-v6.yaml" 201 - "PUT http://192.168.24.2:13808/v1/AUTH_fca02e1b049443179175814c8eeb7b29/overcloud/network/config/single-nic-linux-bridge-vlans/controller-v6.yaml" "txf5acaecf450442f59e4fc-005e7eddde" "proxy-server 1331" 0.0173 "-" 3334 0
Mar 28 05:17:18 undercloud.localdomain proxy-server[1331]: 192.168.24.1 192.168.24.1 28/Mar/2020/05/17/18 PUT /v1/AUTH_fca02e1b049443179175814c8eeb7b29/overcloud/network/config/single-nic-linux-bridge-vlans/controller-v6.yaml HTTP/1.0 201 - python-swiftclient-3.5.1 gAAAAABeft2TyAjY... 6112 - - txf5acaecf450442f59e4fc-005e7eddde - 0.0262 - - 1585372638.893490076 1585372638.919713974 0
Mar 28 05:17:18 undercloud.localdomain object-server[3334]: 192.168.24.1 - - [28/Mar/2020:05:17:18 +0000] "GET /1/953/AUTH_fca02e1b049443179175814c8eeb7b29/overcloud/network/config/single-nic-linux-bridge-vlans/role.role.j2.yaml" 200 4405 "GET http://192.168.24.2:13808/v1/AUTH_fca02e1b049443179175814c8eeb7b29/overcloud/network/config/single-nic-linux-bridge-vlans/role.role.j2.yaml" "tx633758e6c21342cdacf8a-005e7eddde" "proxy-server 1332" 0.0015 "-" 3334 0
Mar 28 05:17:18 undercloud.localdomain proxy-server[1332]: 192.168.24.1 192.168.24.1 28/Mar/2020/05/17/18 GET /v1/AUTH_fca02e1b049443179175814c8eeb7b29/overcloud/network/config/single-nic-linux-bridge-vlans/role.role.j2.yaml HTTP/1.0 200 - python-swiftclient-3.5.1 gAAAAABeft2TyAjY... - 4405 - tx633758e6c21342cdacf8a-005e7eddde - 0.0148 - - 1585372638.928595066 1585372638.943394899 0
Mar 28 05:17:19 undercloud.localdomain haproxy[28831]: Connect from 192.168.24.2:54074 to 192.168.24.2:13808 (swift_proxy_server/TCP)
Mar 28 05:17:19 undercloud.localdomain proxy-server[1332]: 192.168.24.1 192.168.24.1 28/Mar/2020/05/17/19 DELETE /v1/AUTH_fca02e1b049443179175814c8eeb7b29/__cache__/__cache_overcloud_tripleo.parameters.get HTTP/1.0 404 - python-swiftclient-3.5.1 gAAAAABeft2TyAjY... - 70 - tx6de8b4e5c2ad4406b7cb0-005e7edddf - 0.0043 - - 1585372639.019829988 1585372639.024146080 0
Mar 28 05:17:19 undercloud.localdomain haproxy[28831]: Connect from 192.168.24.2:54078 to 192.168.24.2:13808 (swift_proxy_server/TCP)
Mar 28 05:17:19 undercloud.localdomain container-server[3235]: 192.168.24.1 - - [28/Mar/2020:05:17:19 +0000] "PUT /1/622/AUTH_fca02e1b049443179175814c8eeb7b29/overcloud/network/config/single-nic-linux-bridge-vlans/controller.yaml" 201 - "PUT http://192.168.24.2:13808/1/451/AUTH_fca02e1b049443179175814c8eeb7b29/overcloud/network/config/single-nic-linux-bridge-vlans/controller.yaml" "tx9ba1f16c7a9b447395441-005e7edddf" "object-server 3333" 0.0007 "-" 3235 0
Mar 28 05:17:19 undercloud.localdomain object-server[3333]: 192.168.24.1 - - [28/Mar/2020:05:17:19 +0000] "PUT /1/451/AUTH_fca02e1b049443179175814c8eeb7b29/overcloud/network/config/single-nic-linux-bridge-vlans/controller.yaml" 201 - "PUT http://192.168.24.2:13808/v1/AUTH_fca02e1b049443179175814c8eeb7b29/overcloud/network/config/single-nic-linux-bridge-vlans/controller.yaml" "tx9ba1f16c7a9b447395441-005e7edddf" "proxy-server 1336" 0.0126 "-" 3333 0
Mar 28 05:17:19 undercloud.localdomain proxy-server[1336]: 192.168.24.1 192.168.24.1 28/Mar/2020/05/17/19 PUT /v1/AUTH_fca02e1b049443179175814c8eeb7b29/overcloud/network/config/single-nic-linux-bridge-vlans/controller.yaml HTTP/1.0 201 - python-swiftclient-3.5.1 gAAAAABeft2TyAjY... 5138 - - tx9ba1f16c7a9b447395441-005e7edddf - 0.0235 - - 1585372639.049221992 1585372639.072680950 0
Mar 28 05:17:19 undercloud.localdomain haproxy[28831]: Connect from 192.168.24.2:54086 to 192.168.24.2:13808 (swift_proxy_server/TCP)
Mar 28 05:17:19 undercloud.localdomain proxy-server[1336]: 192.168.24.1 192.168.24.1 28/Mar/2020/05/17/19 DELETE /v1/AUTH_fca02e1b049443179175814c8eeb7b29/__cache__/__cache_overcloud_tripleo.parameters.get HTTP/1.0 404 - python-swiftclient-3.5.1 gAAAAABeft2TyAjY... - 70 - txe02d410ba40345a1aec22-005e7edddf - 0.0044 - - 1585372639.116802931 1585372639.121229887 0
Mar 28 05:17:19 undercloud.localdomain haproxy[28831]: Connect from 192.168.24.2:54090 to 192.168.24.2:13808 (swift_proxy_server/TCP)
