Mar 28 05:17:13 undercloud.localdomain container-server[3237]: 192.168.24.1 - - [28/Mar/2020:05:17:13 +0000] "PUT /1/622/AUTH_fca02e1b049443179175814c8eeb7b29/overcloud/environments/network-isolation-v6-all.yaml" 201 - "PUT http://192.168.24.2:13808/1/818/AUTH_fca02e1b049443179175814c8eeb7b29/overcloud/environments/network-isolation-v6-all.yaml" "txa070fede1f4046b5bcb15-005e7eddd9" "object-server 3333" 0.0006 "-" 3237 0
Mar 28 05:17:13 undercloud.localdomain object-server[3333]: 192.168.24.1 - - [28/Mar/2020:05:17:13 +0000] "PUT /1/818/AUTH_fca02e1b049443179175814c8eeb7b29/overcloud/environments/network-isolation-v6-all.yaml" 201 - "PUT http://192.168.24.2:13808/v1/AUTH_fca02e1b049443179175814c8eeb7b29/overcloud/environments/network-isolation-v6-all.yaml" "txa070fede1f4046b5bcb15-005e7eddd9" "proxy-server 1330" 0.0213 "-" 3333 0
Mar 28 05:17:13 undercloud.localdomain proxy-server[1330]: 192.168.24.1 192.168.24.1 28/Mar/2020/05/17/13 PUT /v1/AUTH_fca02e1b049443179175814c8eeb7b29/overcloud/environments/network-isolation-v6-all.yaml HTTP/1.0 201 - python-swiftclient-3.5.1 gAAAAABeft2TyAjY... 3943 - - txa070fede1f4046b5bcb15-005e7eddd9 - 0.0306 - - 1585372633.516839027 1585372633.547410011 0
Mar 28 05:17:13 undercloud.localdomain object-server[3335]: 192.168.24.1 - - [28/Mar/2020:05:17:13 +0000] "GET /1/999/AUTH_fca02e1b049443179175814c8eeb7b29/overcloud/environments/network-isolation-v6.j2.yaml" 200 3148 "GET http://192.168.24.2:13808/v1/AUTH_fca02e1b049443179175814c8eeb7b29/overcloud/environments/network-isolation-v6.j2.yaml" "tx648e8dc26e3b4cc79f1bb-005e7eddd9" "proxy-server 1332" 0.0014 "-" 3335 0
Mar 28 05:17:13 undercloud.localdomain proxy-server[1332]: 192.168.24.1 192.168.24.1 28/Mar/2020/05/17/13 GET /v1/AUTH_fca02e1b049443179175814c8eeb7b29/overcloud/environments/network-isolation-v6.j2.yaml HTTP/1.0 200 - python-swiftclient-3.5.1 gAAAAABeft2TyAjY... - 3148 - tx648e8dc26e3b4cc79f1bb-005e7eddd9 - 0.0131 - - 1585372633.554565907 1585372633.567665100 0
Mar 28 05:17:13 undercloud.localdomain haproxy[28831]: Connect from 192.168.24.2:53452 to 192.168.24.2:13808 (swift_proxy_server/TCP)
Mar 28 05:17:13 undercloud.localdomain proxy-server[1330]: 192.168.24.1 192.168.24.1 28/Mar/2020/05/17/13 DELETE /v1/AUTH_fca02e1b049443179175814c8eeb7b29/__cache__/__cache_overcloud_tripleo.parameters.get HTTP/1.0 404 - python-swiftclient-3.5.1 gAAAAABeft2TyAjY... - 70 - tx7ccf11f5f2864221813c9-005e7eddd9 - 0.0045 - - 1585372633.639827967 1585372633.644340992 0
Mar 28 05:17:13 undercloud.localdomain haproxy[28831]: Connect from 192.168.24.2:53456 to 192.168.24.2:13808 (swift_proxy_server/TCP)
Mar 28 05:17:13 undercloud.localdomain container-server[3235]: 192.168.24.1 - - [28/Mar/2020:05:17:13 +0000] "PUT /1/622/AUTH_fca02e1b049443179175814c8eeb7b29/overcloud/environments/network-isolation-v6.yaml" 201 - "PUT http://192.168.24.2:13808/1/493/AUTH_fca02e1b049443179175814c8eeb7b29/overcloud/environments/network-isolation-v6.yaml" "txbab58530f72f422abab27-005e7eddd9" "object-server 3334" 0.0006 "-" 3235 0
Mar 28 05:17:13 undercloud.localdomain object-server[3334]: 192.168.24.1 - - [28/Mar/2020:05:17:13 +0000] "PUT /1/493/AUTH_fca02e1b049443179175814c8eeb7b29/overcloud/environments/network-isolation-v6.yaml" 201 - "PUT http://192.168.24.2:13808/v1/AUTH_fca02e1b049443179175814c8eeb7b29/overcloud/environments/network-isolation-v6.yaml" "txbab58530f72f422abab27-005e7eddd9" "proxy-server 1331" 0.0376 "-" 3334 0
Mar 28 05:17:13 undercloud.localdomain proxy-server[1331]: 192.168.24.1 192.168.24.1 28/Mar/2020/05/17/13 PUT /v1/AUTH_fca02e1b049443179175814c8eeb7b29/overcloud/environments/network-isolation-v6.yaml HTTP/1.0 201 - python-swiftclient-3.5.1 gAAAAABeft2TyAjY... 3912 - - txbab58530f72f422abab27-005e7eddd9 - 0.0497 - - 1585372633.671854973 1585372633.721548080 0
Mar 28 05:17:13 undercloud.localdomain object-server[3336]: 192.168.24.1 - - [28/Mar/2020:05:17:13 +0000] "GET /1/522/AUTH_fca02e1b049443179175814c8eeb7b29/overcloud/environments/network-isolation.j2.yaml" 200 1543 "GET http://192.168.24.2:13808/v1/AUTH_fca02e1b049443179175814c8eeb7b29/overcloud/environments/network-isolation.j2.yaml" "tx39cd9d245cb34af4a9c1d-005e7eddd9" "proxy-server 1332" 0.0010 "-" 3336 0
Mar 28 05:17:13 undercloud.localdomain proxy-server[1332]: 192.168.24.1 192.168.24.1 28/Mar/2020/05/17/13 GET /v1/AUTH_fca02e1b049443179175814c8eeb7b29/overcloud/environments/network-isolation.j2.yaml HTTP/1.0 200 - python-swiftclient-3.5.1 gAAAAABeft2TyAjY... - 1543 - tx39cd9d245cb34af4a9c1d-005e7eddd9 - 0.0124 - - 1585372633.741231918 1585372633.753633022 0
Mar 28 05:17:13 undercloud.localdomain haproxy[28831]: Connect from 192.168.24.2:53468 to 192.168.24.2:13808 (swift_proxy_server/TCP)
Mar 28 05:17:13 undercloud.localdomain proxy-server[1332]: 192.168.24.1 192.168.24.1 28/Mar/2020/05/17/13 DELETE /v1/AUTH_fca02e1b049443179175814c8eeb7b29/__cache__/__cache_overcloud_tripleo.parameters.get HTTP/1.0 404 - python-swiftclient-3.5.1 gAAAAABeft2TyAjY... - 70 - txc5ae66d472af442bb5d9c-005e7eddd9 - 0.0051 - - 1585372633.846564054 1585372633.851666927 0
Mar 28 05:17:13 undercloud.localdomain haproxy[28831]: Connect from 192.168.24.2:53474 to 192.168.24.2:13808 (swift_proxy_server/TCP)
Mar 28 05:17:13 undercloud.localdomain container-server[3237]: 192.168.24.1 - - [28/Mar/2020:05:17:13 +0000] "PUT /1/622/AUTH_fca02e1b049443179175814c8eeb7b29/overcloud/environments/network-isolation.yaml" 201 - "PUT http://192.168.24.2:13808/1/398/AUTH_fca02e1b049443179175814c8eeb7b29/overcloud/environments/network-isolation.yaml" "tx24392816bfc647e385623-005e7eddd9" "object-server 3336" 0.0012 "-" 3237 0
Mar 28 05:17:13 undercloud.localdomain object-server[3336]: 192.168.24.1 - - [28/Mar/2020:05:17:13 +0000] "PUT /1/398/AUTH_fca02e1b049443179175814c8eeb7b29/overcloud/environments/network-isolation.yaml" 201 - "PUT http://192.168.24.2:13808/v1/AUTH_fca02e1b049443179175814c8eeb7b29/overcloud/environments/network-isolation.yaml" "tx24392816bfc647e385623-005e7eddd9" "proxy-server 1330" 0.0306 "-" 3336 0
Mar 28 05:17:13 undercloud.localdomain proxy-server[1330]: 192.168.24.1 192.168.24.1 28/Mar/2020/05/17/13 PUT /v1/AUTH_fca02e1b049443179175814c8eeb7b29/overcloud/environments/network-isolation.yaml HTTP/1.0 201 - python-swiftclient-3.5.1 gAAAAABeft2TyAjY... 2651 - - tx24392816bfc647e385623-005e7eddd9 - 0.0387 - - 1585372633.874578953 1585372633.913264036 0
Mar 28 05:17:13 undercloud.localdomain object-server[3336]: 192.168.24.1 - - [28/Mar/2020:05:17:13 +0000] "GET /1/563/AUTH_fca02e1b049443179175814c8eeb7b29/overcloud/environments/networks-disable.j2.yaml" 200 514 "GET http://192.168.24.2:13808/v1/AUTH_fca02e1b049443179175814c8eeb7b29/overcloud/environments/networks-disable.j2.yaml" "txce098722f53d488584424-005e7eddd9" "proxy-server 1332" 0.0015 "-" 3336 0
Mar 28 05:17:13 undercloud.localdomain proxy-server[1332]: 192.168.24.1 192.168.24.1 28/Mar/2020/05/17/13 GET /v1/AUTH_fca02e1b049443179175814c8eeb7b29/overcloud/environments/networks-disable.j2.yaml HTTP/1.0 200 - python-swiftclient-3.5.1 gAAAAABeft2TyAjY... - 514 - txce098722f53d488584424-005e7eddd9 - 0.0149 - - 1585372633.920306921 1585372633.935226917 0
Mar 28 05:17:13 undercloud.localdomain haproxy[28831]: Connect from 192.168.24.2:53488 to 192.168.24.2:13808 (swift_proxy_server/TCP)
Mar 28 05:17:13 undercloud.localdomain proxy-server[1330]: 192.168.24.1 192.168.24.1 28/Mar/2020/05/17/13 DELETE /v1/AUTH_fca02e1b049443179175814c8eeb7b29/__cache__/__cache_overcloud_tripleo.parameters.get HTTP/1.0 404 - python-swiftclient-3.5.1 gAAAAABeft2TyAjY... - 70 - tx4b681f16f3b745d19aedf-005e7eddd9 - 0.0032 - - 1585372633.959294081 1585372633.962479115 0
Mar 28 05:17:13 undercloud.localdomain haproxy[28831]: Connect from 192.168.24.2:53492 to 192.168.24.2:13808 (swift_proxy_server/TCP)
Mar 28 05:17:14 undercloud.localdomain container-server[3235]: 192.168.24.1 - - [28/Mar/2020:05:17:14 +0000] "PUT /1/622/AUTH_fca02e1b049443179175814c8eeb7b29/overcloud/environments/networks-disable.yaml" 201 - "PUT http://192.168.24.2:13808/1/112/AUTH_fca02e1b049443179175814c8eeb7b29/overcloud/environments/networks-disable.yaml" "tx3c07c4148cbb487ebf34a-005e7eddd9" "object-server 3334" 0.0009 "-" 3235 0
Mar 28 05:17:14 undercloud.localdomain object-server[3334]: 192.168.24.1 - - [28/Mar/2020:05:17:14 +0000] "PUT /1/112/AUTH_fca02e1b049443179175814c8eeb7b29/overcloud/environments/networks-disable.yaml" 201 - "PUT http://192.168.24.2:13808/v1/AUTH_fca02e1b049443179175814c8eeb7b29/overcloud/environments/networks-disable.yaml" "tx3c07c4148cbb487ebf34a-005e7eddd9" "proxy-server 1330" 0.0366 "-" 3334 0
Mar 28 05:17:14 undercloud.localdomain proxy-server[1330]: 192.168.24.1 192.168.24.1 28/Mar/2020/05/17/14 PUT /v1/AUTH_fca02e1b049443179175814c8eeb7b29/overcloud/environments/networks-disable.yaml HTTP/1.0 201 - python-swiftclient-3.5.1 gAAAAABeft2TyAjY... 705 - - tx3c07c4148cbb487ebf34a-005e7eddd9 - 0.0432 - - 1585372633.977267027 1585372634.020495892 0
Mar 28 05:17:14 undercloud.localdomain object-server[3334]: 192.168.24.1 - - [28/Mar/2020:05:17:14 +0000] "GET /1/960/AUTH_fca02e1b049443179175814c8eeb7b29/overcloud/environments/overcloud-baremetal.j2.yaml" 200 474 "GET http://192.168.24.2:13808/v1/AUTH_fca02e1b049443179175814c8eeb7b29/overcloud/environments/overcloud-baremetal.j2.yaml" "tx872ced69e69e4722ba0f5-005e7eddda" "proxy-server 1332" 0.0010 "-" 3334 0
Mar 28 05:17:14 undercloud.localdomain proxy-server[1332]: 192.168.24.1 192.168.24.1 28/Mar/2020/05/17/14 GET /v1/AUTH_fca02e1b049443179175814c8eeb7b29/overcloud/environments/overcloud-baremetal.j2.yaml HTTP/1.0 200 - python-swiftclient-3.5.1 gAAAAABeft2TyAjY... - 474 - tx872ced69e69e4722ba0f5-005e7eddda - 0.0124 - - 1585372634.025275946 1585372634.037694931 0
Mar 28 05:17:14 undercloud.localdomain haproxy[28831]: Connect from 192.168.24.2:53502 to 192.168.24.2:13808 (swift_proxy_server/TCP)
Mar 28 05:17:14 undercloud.localdomain proxy-server[1332]: 192.168.24.1 192.168.24.1 28/Mar/2020/05/17/14 DELETE /v1/AUTH_fca02e1b049443179175814c8eeb7b29/__cache__/__cache_overcloud_tripleo.parameters.get HTTP/1.0 404 - python-swiftclient-3.5.1 gAAAAABeft2TyAjY... - 70 - tx14692aa2fd7d4e2b8542d-005e7eddda - 0.0053 - - 1585372634.067044020 1585372634.072386026 0
Mar 28 05:17:14 undercloud.localdomain haproxy[28831]: Connect from 192.168.24.2:53506 to 192.168.24.2:13808 (swift_proxy_server/TCP)
Mar 28 05:17:14 undercloud.localdomain registry[14923]: 192.168.24.1 - - [28/Mar/2020:05:17:14 +0000] "OPTIONS / HTTP/1.0" 200 0 "" ""
Mar 28 05:17:14 undercloud.localdomain container-server[3236]: 192.168.24.1 - - [28/Mar/2020:05:17:14 +0000] "PUT /1/622/AUTH_fca02e1b049443179175814c8eeb7b29/overcloud/environments/overcloud-baremetal.yaml" 201 - "PUT http://192.168.24.2:13808/1/900/AUTH_fca02e1b049443179175814c8eeb7b29/overcloud/environments/overcloud-baremetal.yaml" "txe297f0afe95c488b86646-005e7eddda" "object-server 3334" 0.0009 "-" 3236 0
Mar 28 05:17:14 undercloud.localdomain object-server[3334]: 192.168.24.1 - - [28/Mar/2020:05:17:14 +0000] "PUT /1/900/AUTH_fca02e1b049443179175814c8eeb7b29/overcloud/environments/overcloud-baremetal.yaml" 201 - "PUT http://192.168.24.2:13808/v1/AUTH_fca02e1b049443179175814c8eeb7b29/overcloud/environments/overcloud-baremetal.yaml" "txe297f0afe95c488b86646-005e7eddda" "proxy-server 1330" 0.0560 "-" 3334 0
Mar 28 05:17:14 undercloud.localdomain proxy-server[1330]: 192.168.24.1 192.168.24.1 28/Mar/2020/05/17/14 PUT /v1/AUTH_fca02e1b049443179175814c8eeb7b29/overcloud/environments/overcloud-baremetal.yaml HTTP/1.0 201 - python-swiftclient-3.5.1 gAAAAABeft2TyAjY... 542 - - txe297f0afe95c488b86646-005e7eddda - 0.0644 - - 1585372634.098143101 1585372634.162552118 0
Mar 28 05:17:14 undercloud.localdomain object-server[3334]: 192.168.24.1 - - [28/Mar/2020:05:17:14 +0000] "GET /1/194/AUTH_fca02e1b049443179175814c8eeb7b29/overcloud/environments/split-stack-consistent-hostname-format.j2.yaml" 200 159 "GET http://192.168.24.2:13808/v1/AUTH_fca02e1b049443179175814c8eeb7b29/overcloud/environments/split-stack-consistent-hostname-format.j2.yaml" "txa17644f33e7a4849a1908-005e7eddda" "proxy-server 1332" 0.0010 "-" 3334 0
Mar 28 05:17:14 undercloud.localdomain proxy-server[1332]: 192.168.24.1 192.168.24.1 28/Mar/2020/05/17/14 GET /v1/AUTH_fca02e1b049443179175814c8eeb7b29/overcloud/environments/split-stack-consistent-hostname-format.j2.yaml HTTP/1.0 200 - python-swiftclient-3.5.1 gAAAAABeft2TyAjY... - 159 - txa17644f33e7a4849a1908-005e7eddda - 0.0153 - - 1585372634.168920040 1585372634.184256077 0
Mar 28 05:17:14 undercloud.localdomain haproxy[28831]: Connect from 192.168.24.2:53520 to 192.168.24.2:13808 (swift_proxy_server/TCP)
Mar 28 05:17:14 undercloud.localdomain proxy-server[1330]: 192.168.24.1 192.168.24.1 28/Mar/2020/05/17/14 DELETE /v1/AUTH_fca02e1b049443179175814c8eeb7b29/__cache__/__cache_overcloud_tripleo.parameters.get HTTP/1.0 404 - python-swiftclient-3.5.1 gAAAAABeft2TyAjY... - 70 - txa660dea2d7f242f0bdab8-005e7eddda - 0.0044 - - 1585372634.205765009 1585372634.210144997 0
Mar 28 05:17:14 undercloud.localdomain haproxy[28831]: Connect from 192.168.24.2:53524 to 192.168.24.2:13808 (swift_proxy_server/TCP)
Mar 28 05:17:14 undercloud.localdomain container-server[3237]: 192.168.24.1 - - [28/Mar/2020:05:17:14 +0000] "PUT /1/622/AUTH_fca02e1b049443179175814c8eeb7b29/overcloud/environments/split-stack-consistent-hostname-format.yaml" 201 - "PUT http://192.168.24.2:13808/1/106/AUTH_fca02e1b049443179175814c8eeb7b29/overcloud/environments/split-stack-consistent-hostname-format.yaml" "tx6cb9ed1f2796427c99385-005e7eddda" "object-server 3333" 0.0006 "-" 3237 0
Mar 28 05:17:14 undercloud.localdomain object-server[3333]: 192.168.24.1 - - [28/Mar/2020:05:17:14 +0000] "PUT /1/106/AUTH_fca02e1b049443179175814c8eeb7b29/overcloud/environments/split-stack-consistent-hostname-format.yaml" 201 - "PUT http://192.168.24.2:13808/v1/AUTH_fca02e1b049443179175814c8eeb7b29/overcloud/environments/split-stack-consistent-hostname-format.yaml" "tx6cb9ed1f2796427c99385-005e7eddda" "proxy-server 1331" 0.0217 "-" 3333 0
Mar 28 05:17:14 undercloud.localdomain proxy-server[1331]: 192.168.24.1 192.168.24.1 28/Mar/2020/05/17/14 PUT /v1/AUTH_fca02e1b049443179175814c8eeb7b29/overcloud/environments/split-stack-consistent-hostname-format.yaml HTTP/1.0 201 - python-swiftclient-3.5.1 gAAAAABeft2TyAjY... 347 - - tx6cb9ed1f2796427c99385-005e7eddda - 0.0313 - - 1585372634.227622032 1585372634.258969069 0
Mar 28 05:17:14 undercloud.localdomain object-server[3336]: 192.168.24.1 - - [28/Mar/2020:05:17:14 +0000] "GET /1/887/AUTH_fca02e1b049443179175814c8eeb7b29/overcloud/environments/ssl/enable-internal-tls.j2.yaml" 200 1807 "GET http://192.168.24.2:13808/v1/AUTH_fca02e1b049443179175814c8eeb7b29/overcloud/environments/ssl/enable-internal-tls.j2.yaml" "txbdeff2dd50af4ca4b66ff-005e7eddda" "proxy-server 1332" 0.0010 "-" 3336 0
Mar 28 05:17:14 undercloud.localdomain proxy-server[1332]: 192.168.24.1 192.168.24.1 28/Mar/2020/05/17/14 GET /v1/AUTH_fca02e1b049443179175814c8eeb7b29/overcloud/environments/ssl/enable-internal-tls.j2.yaml HTTP/1.0 200 - python-swiftclient-3.5.1 gAAAAABeft2TyAjY... - 1807 - txbdeff2dd50af4ca4b66ff-005e7eddda - 0.0110 - - 1585372634.266870022 1585372634.277915955 0
Mar 28 05:17:14 undercloud.localdomain haproxy[28831]: Connect from 192.168.24.2:53534 to 192.168.24.2:13808 (swift_proxy_server/TCP)
Mar 28 05:17:14 undercloud.localdomain proxy-server[1330]: 192.168.24.1 192.168.24.1 28/Mar/2020/05/17/14 DELETE /v1/AUTH_fca02e1b049443179175814c8eeb7b29/__cache__/__cache_overcloud_tripleo.parameters.get HTTP/1.0 404 - python-swiftclient-3.5.1 gAAAAABeft2TyAjY... - 70 - tx77ad3186d7744438ad5a7-005e7eddda - 0.0057 - - 1585372634.322618008 1585372634.328311920 0
Mar 28 05:17:14 undercloud.localdomain haproxy[28831]: Connect from 192.168.24.2:53538 to 192.168.24.2:13808 (swift_proxy_server/TCP)
Mar 28 05:17:14 undercloud.localdomain container-server[3236]: 192.168.24.1 - - [28/Mar/2020:05:17:14 +0000] "PUT /1/622/AUTH_fca02e1b049443179175814c8eeb7b29/overcloud/environments/ssl/enable-internal-tls.yaml" 201 - "PUT http://192.168.24.2:13808/1/629/AUTH_fca02e1b049443179175814c8eeb7b29/overcloud/environments/ssl/enable-internal-tls.yaml" "tx66541ed792f640d3a0c8e-005e7eddda" "object-server 3334" 0.0009 "-" 3236 0
Mar 28 05:17:14 undercloud.localdomain object-server[3334]: 192.168.24.1 - - [28/Mar/2020:05:17:14 +0000] "PUT /1/629/AUTH_fca02e1b049443179175814c8eeb7b29/overcloud/environments/ssl/enable-internal-tls.yaml" 201 - "PUT http://192.168.24.2:13808/v1/AUTH_fca02e1b049443179175814c8eeb7b29/overcloud/environments/ssl/enable-internal-tls.yaml" "tx66541ed792f640d3a0c8e-005e7eddda" "proxy-server 1332" 0.0238 "-" 3334 0
Mar 28 05:17:14 undercloud.localdomain proxy-server[1332]: 192.168.24.1 192.168.24.1 28/Mar/2020/05/17/14 PUT /v1/AUTH_fca02e1b049443179175814c8eeb7b29/overcloud/environments/ssl/enable-internal-tls.yaml HTTP/1.0 201 - python-swiftclient-3.5.1 gAAAAABeft2TyAjY... 2271 - - tx66541ed792f640d3a0c8e-005e7eddda - 0.0354 - - 1585372634.354738951 1585372634.390124083 0
Mar 28 05:17:14 undercloud.localdomain object-server[3333]: 192.168.24.1 - - [28/Mar/2020:05:17:14 +0000] "GET /1/504/AUTH_fca02e1b049443179175814c8eeb7b29/overcloud/extraconfig/all_nodes/mac_hostname.j2.yaml" 200 3136 "GET http://192.168.24.2:13808/v1/AUTH_fca02e1b049443179175814c8eeb7b29/overcloud/extraconfig/all_nodes/mac_hostname.j2.yaml" "tx18c3727b77b24ac7aa012-005e7eddda" "proxy-server 1332" 0.0013 "-" 3333 0
Mar 28 05:17:14 undercloud.localdomain proxy-server[1332]: 192.168.24.1 192.168.24.1 28/Mar/2020/05/17/14 GET /v1/AUTH_fca02e1b049443179175814c8eeb7b29/overcloud/extraconfig/all_nodes/mac_hostname.j2.yaml HTTP/1.0 200 - python-swiftclient-3.5.1 gAAAAABeft2TyAjY... - 3136 - tx18c3727b77b24ac7aa012-005e7eddda - 0.0140 - - 1585372634.403018951 1585372634.417013884 0
Mar 28 05:17:14 undercloud.localdomain haproxy[28831]: Connect from 192.168.24.2:53552 to 192.168.24.2:13808 (swift_proxy_server/TCP)
Mar 28 05:17:14 undercloud.localdomain container-server[3238]: 192.168.24.1 - - [28/Mar/2020:05:17:14 +0000] "HEAD /1/12/AUTH_fca02e1b049443179175814c8eeb7b29/__cache__" 404 - "HEAD http://192.168.24.2:13808/v1/AUTH_fca02e1b049443179175814c8eeb7b29/__cache__?format=json" "txc9a94e9043c14b15a91e7-005e7eddda" "proxy-server 1336" 0.0019 "-" 3238 0
Mar 28 05:17:14 undercloud.localdomain proxy-server[1336]: - - 28/Mar/2020/05/17/14 HEAD /v1/AUTH_fca02e1b049443179175814c8eeb7b29/__cache__%3Fformat%3Djson HTTP/1.0 404 - Swift - - - - txc9a94e9043c14b15a91e7-005e7eddda - 0.0075 RL - 1585372634.458513975 1585372634.466063023 0
Mar 28 05:17:14 undercloud.localdomain proxy-server[1336]: 192.168.24.1 192.168.24.1 28/Mar/2020/05/17/14 DELETE /v1/AUTH_fca02e1b049443179175814c8eeb7b29/__cache__/__cache_overcloud_tripleo.parameters.get HTTP/1.0 404 - python-swiftclient-3.5.1 gAAAAABeft2TyAjY... - 70 - txc9a94e9043c14b15a91e7-005e7eddda - 0.0188 - - 1585372634.456391096 1585372634.475215912 0
Mar 28 05:17:14 undercloud.localdomain haproxy[28831]: Connect from 192.168.24.2:53558 to 192.168.24.2:13808 (swift_proxy_server/TCP)
Mar 28 05:17:14 undercloud.localdomain container-server[3238]: 192.168.24.1 - - [28/Mar/2020:05:17:14 +0000] "PUT /1/622/AUTH_fca02e1b049443179175814c8eeb7b29/overcloud/extraconfig/all_nodes/mac_hostname.yaml" 201 - "PUT http://192.168.24.2:13808/1/823/AUTH_fca02e1b049443179175814c8eeb7b29/overcloud/extraconfig/all_nodes/mac_hostname.yaml" "txf1473ba3b068401ea85a1-005e7eddda" "object-server 3333" 0.0008 "-" 3238 0
Mar 28 05:17:14 undercloud.localdomain object-server[3333]: 192.168.24.1 - - [28/Mar/2020:05:17:14 +0000] "PUT /1/823/AUTH_fca02e1b049443179175814c8eeb7b29/overcloud/extraconfig/all_nodes/mac_hostname.yaml" 201 - "PUT http://192.168.24.2:13808/v1/AUTH_fca02e1b049443179175814c8eeb7b29/overcloud/extraconfig/all_nodes/mac_hostname.yaml" "txf1473ba3b068401ea85a1-005e7eddda" "proxy-server 1331" 0.0177 "-" 3333 0
Mar 28 05:17:14 undercloud.localdomain proxy-server[1331]: 192.168.24.1 192.168.24.1 28/Mar/2020/05/17/14 PUT /v1/AUTH_fca02e1b049443179175814c8eeb7b29/overcloud/extraconfig/all_nodes/mac_hostname.yaml HTTP/1.0 201 - python-swiftclient-3.5.1 gAAAAABeft2TyAjY... 4240 - - txf1473ba3b068401ea85a1-005e7eddda - 0.0282 - - 1585372634.504179955 1585372634.532387972 0
Mar 28 05:17:14 undercloud.localdomain object-server[3333]: 192.168.24.1 - - [28/Mar/2020:05:17:14 +0000] "GET /1/885/AUTH_fca02e1b049443179175814c8eeb7b29/overcloud/extraconfig/all_nodes/random_string.j2.yaml" 200 1580 "GET http://192.168.24.2:13808/v1/AUTH_fca02e1b049443179175814c8eeb7b29/overcloud/extraconfig/all_nodes/random_string.j2.yaml" "txc36c73a7d4774a0488d4c-005e7eddda" "proxy-server 1332" 0.0014 "-" 3333 0
Mar 28 05:17:14 undercloud.localdomain proxy-server[1332]: 192.168.24.1 192.168.24.1 28/Mar/2020/05/17/14 GET /v1/AUTH_fca02e1b049443179175814c8eeb7b29/overcloud/extraconfig/all_nodes/random_string.j2.yaml HTTP/1.0 200 - python-swiftclient-3.5.1 gAAAAABeft2TyAjY... - 1580 - txc36c73a7d4774a0488d4c-005e7eddda - 0.0124 - - 1585372634.539678097 1585372634.552095890 0
Mar 28 05:17:14 undercloud.localdomain haproxy[28831]: Connect from 192.168.24.2:53568 to 192.168.24.2:13808 (swift_proxy_server/TCP)
Mar 28 05:17:14 undercloud.localdomain proxy-server[1330]: 192.168.24.1 192.168.24.1 28/Mar/2020/05/17/14 DELETE /v1/AUTH_fca02e1b049443179175814c8eeb7b29/__cache__/__cache_overcloud_tripleo.parameters.get HTTP/1.0 404 - python-swiftclient-3.5.1 gAAAAABeft2TyAjY... - 70 - tx249f766c0ebf4c21a40bd-005e7eddda - 0.0055 - - 1585372634.581650019 1585372634.587100983 0
Mar 28 05:17:14 undercloud.localdomain haproxy[28831]: Connect from 192.168.24.2:53572 to 192.168.24.2:13808 (swift_proxy_server/TCP)
Mar 28 05:17:14 undercloud.localdomain container-server[3238]: 192.168.24.1 - - [28/Mar/2020:05:17:14 +0000] "PUT /1/622/AUTH_fca02e1b049443179175814c8eeb7b29/overcloud/extraconfig/all_nodes/random_string.yaml" 201 - "PUT http://192.168.24.2:13808/1/883/AUTH_fca02e1b049443179175814c8eeb7b29/overcloud/extraconfig/all_nodes/random_string.yaml" "txc3e268b9f9964b91b6e17-005e7eddda" "object-server 3333" 0.0008 "-" 3238 0
Mar 28 05:17:14 undercloud.localdomain object-server[3333]: 192.168.24.1 - - [28/Mar/2020:05:17:14 +0000] "PUT /1/883/AUTH_fca02e1b049443179175814c8eeb7b29/overcloud/extraconfig/all_nodes/random_string.yaml" 201 - "PUT http://192.168.24.2:13808/v1/AUTH_fca02e1b049443179175814c8eeb7b29/overcloud/extraconfig/all_nodes/random_string.yaml" "txc3e268b9f9964b91b6e17-005e7eddda" "proxy-server 1331" 0.0271 "-" 3333 0
Mar 28 05:17:14 undercloud.localdomain proxy-server[1331]: 192.168.24.1 192.168.24.1 28/Mar/2020/05/17/14 PUT /v1/AUTH_fca02e1b049443179175814c8eeb7b29/overcloud/extraconfig/all_nodes/random_string.yaml HTTP/1.0 201 - python-swiftclient-3.5.1 gAAAAABeft2TyAjY... 1579 - - txc3e268b9f9964b91b6e17-005e7eddda - 0.0428 - - 1585372634.617444992 1585372634.660264969 0
Mar 28 05:17:14 undercloud.localdomain object-server[3333]: 192.168.24.1 - - [28/Mar/2020:05:17:14 +0000] "GET /1/209/AUTH_fca02e1b049443179175814c8eeb7b29/overcloud/extraconfig/all_nodes/swap-partition.j2.yaml" 200 1257 "GET http://192.168.24.2:13808/v1/AUTH_fca02e1b049443179175814c8eeb7b29/overcloud/extraconfig/all_nodes/swap-partition.j2.yaml" "tx6a38e3dc12d7401d92ffd-005e7eddda" "proxy-server 1332" 0.0013 "-" 3333 0
Mar 28 05:17:14 undercloud.localdomain proxy-server[1332]: 192.168.24.1 192.168.24.1 28/Mar/2020/05/17/14 GET /v1/AUTH_fca02e1b049443179175814c8eeb7b29/overcloud/extraconfig/all_nodes/swap-partition.j2.yaml HTTP/1.0 200 - python-swiftclient-3.5.1 gAAAAABeft2TyAjY... - 1257 - tx6a38e3dc12d7401d92ffd-005e7eddda - 0.0136 - - 1585372634.668580055 1585372634.682213068 0
Mar 28 05:17:14 undercloud.localdomain haproxy[28831]: Connect from 192.168.24.2:53584 to 192.168.24.2:13808 (swift_proxy_server/TCP)
Mar 28 05:17:14 undercloud.localdomain proxy-server[1330]: 192.168.24.1 192.168.24.1 28/Mar/2020/05/17/14 DELETE /v1/AUTH_fca02e1b049443179175814c8eeb7b29/__cache__/__cache_overcloud_tripleo.parameters.get HTTP/1.0 404 - python-swiftclient-3.5.1 gAAAAABeft2TyAjY... - 70 - tx9a15a96be0b64c9d8aee1-005e7eddda - 0.0056 - - 1585372634.702857018 1585372634.708506107 0
Mar 28 05:17:14 undercloud.localdomain haproxy[28831]: Connect from 192.168.24.2:53588 to 192.168.24.2:13808 (swift_proxy_server/TCP)
Mar 28 05:17:14 undercloud.localdomain container-server[3238]: 192.168.24.1 - - [28/Mar/2020:05:17:14 +0000] "PUT /1/622/AUTH_fca02e1b049443179175814c8eeb7b29/overcloud/extraconfig/all_nodes/swap-partition.yaml" 201 - "PUT http://192.168.24.2:13808/1/696/AUTH_fca02e1b049443179175814c8eeb7b29/overcloud/extraconfig/all_nodes/swap-partition.yaml" "txc5949440a00045e0bea30-005e7eddda" "object-server 3334" 0.0008 "-" 3238 0
Mar 28 05:17:14 undercloud.localdomain object-server[3334]: 192.168.24.1 - - [28/Mar/2020:05:17:14 +0000] "PUT /1/696/AUTH_fca02e1b049443179175814c8eeb7b29/overcloud/extraconfig/all_nodes/swap-partition.yaml" 201 - "PUT http://192.168.24.2:13808/v1/AUTH_fca02e1b049443179175814c8eeb7b29/overcloud/extraconfig/all_nodes/swap-partition.yaml" "txc5949440a00045e0bea30-005e7eddda" "proxy-server 1336" 0.0765 "-" 3334 0
Mar 28 05:17:14 undercloud.localdomain proxy-server[1336]: 192.168.24.1 192.168.24.1 28/Mar/2020/05/17/14 PUT /v1/AUTH_fca02e1b049443179175814c8eeb7b29/overcloud/extraconfig/all_nodes/swap-partition.yaml HTTP/1.0 201 - python-swiftclient-3.5.1 gAAAAABeft2TyAjY... 2529 - - txc5949440a00045e0bea30-005e7eddda - 0.0880 - - 1585372634.732428074 1585372634.820379972 0
Mar 28 05:17:14 undercloud.localdomain object-server[3336]: 192.168.24.1 - - [28/Mar/2020:05:17:14 +0000] "GET /1/961/AUTH_fca02e1b049443179175814c8eeb7b29/overcloud/extraconfig/all_nodes/swap.j2.yaml" 200 1500 "GET http://192.168.24.2:13808/v1/AUTH_fca02e1b049443179175814c8eeb7b29/overcloud/extraconfig/all_nodes/swap.j2.yaml" "txb4363935a33c43af929b0-005e7eddda" "proxy-server 1332" 0.0015 "-" 3336 0
Mar 28 05:17:14 undercloud.localdomain proxy-server[1332]: 192.168.24.1 192.168.24.1 28/Mar/2020/05/17/14 GET /v1/AUTH_fca02e1b049443179175814c8eeb7b29/overcloud/extraconfig/all_nodes/swap.j2.yaml HTTP/1.0 200 - python-swiftclient-3.5.1 gAAAAABeft2TyAjY... - 1500 - txb4363935a33c43af929b0-005e7eddda - 0.0248 - - 1585372634.828355074 1585372634.853122950 0
Mar 28 05:17:14 undercloud.localdomain haproxy[28831]: Connect from 192.168.24.2:53598 to 192.168.24.2:13808 (swift_proxy_server/TCP)
Mar 28 05:17:14 undercloud.localdomain proxy-server[1330]: 192.168.24.1 192.168.24.1 28/Mar/2020/05/17/14 DELETE /v1/AUTH_fca02e1b049443179175814c8eeb7b29/__cache__/__cache_overcloud_tripleo.parameters.get HTTP/1.0 404 - python-swiftclient-3.5.1 gAAAAABeft2TyAjY... - 70 - tx102fb893238744fab7c14-005e7eddda - 0.0042 - - 1585372634.890214920 1585372634.894407034 0
Mar 28 05:17:14 undercloud.localdomain haproxy[28831]: Connect from 192.168.24.2:53602 to 192.168.24.2:13808 (swift_proxy_server/TCP)
Mar 28 05:17:14 undercloud.localdomain container-server[3238]: 192.168.24.1 - - [28/Mar/2020:05:17:14 +0000] "PUT /1/622/AUTH_fca02e1b049443179175814c8eeb7b29/overcloud/extraconfig/all_nodes/swap.yaml" 201 - "PUT http://192.168.24.2:13808/1/884/AUTH_fca02e1b049443179175814c8eeb7b29/overcloud/extraconfig/all_nodes/swap.yaml" "tx8311c27d56db4a18897ce-005e7eddda" "object-server 3336" 0.0006 "-" 3238 0
Mar 28 05:17:14 undercloud.localdomain object-server[3336]: 192.168.24.1 - - [28/Mar/2020:05:17:14 +0000] "PUT /1/884/AUTH_fca02e1b049443179175814c8eeb7b29/overcloud/extraconfig/all_nodes/swap.yaml" 201 - "PUT http://192.168.24.2:13808/v1/AUTH_fca02e1b049443179175814c8eeb7b29/overcloud/extraconfig/all_nodes/swap.yaml" "tx8311c27d56db4a18897ce-005e7eddda" "proxy-server 1331" 0.0240 "-" 3336 0
Mar 28 05:17:14 undercloud.localdomain proxy-server[1331]: 192.168.24.1 192.168.24.1 28/Mar/2020/05/17/14 PUT /v1/AUTH_fca02e1b049443179175814c8eeb7b29/overcloud/extraconfig/all_nodes/swap.yaml HTTP/1.0 201 - python-swiftclient-3.5.1 gAAAAABeft2TyAjY... 2932 - - tx8311c27d56db4a18897ce-005e7eddda - 0.0365 - - 1585372634.918178082 1585372634.954637051 0
Mar 28 05:17:14 undercloud.localdomain object-server[3333]: 192.168.24.1 - - [28/Mar/2020:05:17:14 +0000] "GET /1/389/AUTH_fca02e1b049443179175814c8eeb7b29/overcloud/extraconfig/nova_metadata/krb-service-principals/role.role.j2.yaml" 200 5228 "GET http://192.168.24.2:13808/v1/AUTH_fca02e1b049443179175814c8eeb7b29/overcloud/extraconfig/nova_metadata/krb-service-principals/role.role.j2.yaml" "txd07f0df7b8a445938402a-005e7eddda" "proxy-server 1332" 0.0015 "-" 3333 0
Mar 28 05:17:14 undercloud.localdomain proxy-server[1332]: 192.168.24.1 192.168.24.1 28/Mar/2020/05/17/14 GET /v1/AUTH_fca02e1b049443179175814c8eeb7b29/overcloud/extraconfig/nova_metadata/krb-service-principals/role.role.j2.yaml HTTP/1.0 200 - python-swiftclient-3.5.1 gAAAAABeft2TyAjY... - 5228 - txd07f0df7b8a445938402a-005e7eddda - 0.0137 - - 1585372634.966279984 1585372634.980007887 0
Mar 28 05:17:15 undercloud.localdomain haproxy[28831]: Connect from 192.168.24.2:53612 to 192.168.24.2:13808 (swift_proxy_server/TCP)
Mar 28 05:17:15 undercloud.localdomain proxy-server[1330]: 192.168.24.1 192.168.24.1 28/Mar/2020/05/17/15 DELETE /v1/AUTH_fca02e1b049443179175814c8eeb7b29/__cache__/__cache_overcloud_tripleo.parameters.get HTTP/1.0 404 - python-swiftclient-3.5.1 gAAAAABeft2TyAjY... - 70 - txccbe2230470747d99060d-005e7edddb - 0.0042 - - 1585372635.049613953 1585372635.053845882 0
Mar 28 05:17:15 undercloud.localdomain haproxy[28831]: Connect from 192.168.24.2:53616 to 192.168.24.2:13808 (swift_proxy_server/TCP)
Mar 28 05:17:15 undercloud.localdomain container-server[3238]: 192.168.24.1 - - [28/Mar/2020:05:17:15 +0000] "PUT /1/622/AUTH_fca02e1b049443179175814c8eeb7b29/overcloud/extraconfig/nova_metadata/krb-service-principals/controller-role.yaml" 201 - "PUT http://192.168.24.2:13808/1/577/AUTH_fca02e1b049443179175814c8eeb7b29/overcloud/extraconfig/nova_metadata/krb-service-principals/controller-role.yaml" "tx3f5b80c9f18448009be2e-005e7edddb" "object-server 3333" 0.0007 "-" 3238 0
Mar 28 05:17:15 undercloud.localdomain object-server[3333]: 192.168.24.1 - - [28/Mar/2020:05:17:15 +0000] "PUT /1/577/AUTH_fca02e1b049443179175814c8eeb7b29/overcloud/extraconfig/nova_metadata/krb-service-principals/controller-role.yaml" 201 - "PUT http://192.168.24.2:13808/v1/AUTH_fca02e1b049443179175814c8eeb7b29/overcloud/extraconfig/nova_metadata/krb-service-principals/controller-role.yaml" "tx3f5b80c9f18448009be2e-005e7edddb" "proxy-server 1330" 0.1088 "-" 3333 0
Mar 28 05:17:15 undercloud.localdomain proxy-server[1330]: 192.168.24.1 192.168.24.1 28/Mar/2020/05/17/15 PUT /v1/AUTH_fca02e1b049443179175814c8eeb7b29/overcloud/extraconfig/nova_metadata/krb-service-principals/controller-role.yaml HTTP/1.0 201 - python-swiftclient-3.5.1 gAAAAABeft2TyAjY... 3729 - - tx3f5b80c9f18448009be2e-005e7edddb - 0.1208 - - 1585372635.073601961 1585372635.194360971 0
Mar 28 05:17:15 undercloud.localdomain haproxy[28831]: Connect from 192.168.24.2:53630 to 192.168.24.2:13808 (swift_proxy_server/TCP)
Mar 28 05:17:15 undercloud.localdomain proxy-server[1331]: 192.168.24.1 192.168.24.1 28/Mar/2020/05/17/15 DELETE /v1/AUTH_fca02e1b049443179175814c8eeb7b29/__cache__/__cache_overcloud_tripleo.parameters.get HTTP/1.0 404 - python-swiftclient-3.5.1 gAAAAABeft2TyAjY... - 70 - tx60c019ef9e1943388d2ce-005e7edddb - 0.0051 - - 1585372635.266356945 1585372635.271486998 0
Mar 28 05:17:15 undercloud.localdomain haproxy[28831]: Connect from 192.168.24.2:53636 to 192.168.24.2:13808 (swift_proxy_server/TCP)
Mar 28 05:17:15 undercloud.localdomain container-server[3237]: 192.168.24.1 - - [28/Mar/2020:05:17:15 +0000] "PUT /1/622/AUTH_fca02e1b049443179175814c8eeb7b29/overcloud/extraconfig/nova_metadata/krb-service-principals/compute-role.yaml" 201 - "PUT http://192.168.24.2:13808/1/513/AUTH_fca02e1b049443179175814c8eeb7b29/overcloud/extraconfig/nova_metadata/krb-service-principals/compute-role.yaml" "txdb1d84aa8a824de0ba8c6-005e7edddb" "object-server 3334" 0.0006 "-" 3237 0
Mar 28 05:17:15 undercloud.localdomain object-server[3334]: 192.168.24.1 - - [28/Mar/2020:05:17:15 +0000] "PUT /1/513/AUTH_fca02e1b049443179175814c8eeb7b29/overcloud/extraconfig/nova_metadata/krb-service-principals/compute-role.yaml" 201 - "PUT http://192.168.24.2:13808/v1/AUTH_fca02e1b049443179175814c8eeb7b29/overcloud/extraconfig/nova_metadata/krb-service-principals/compute-role.yaml" "txdb1d84aa8a824de0ba8c6-005e7edddb" "proxy-server 1332" 0.0464 "-" 3334 0
Mar 28 05:17:15 undercloud.localdomain proxy-server[1332]: 192.168.24.1 192.168.24.1 28/Mar/2020/05/17/15 PUT /v1/AUTH_fca02e1b049443179175814c8eeb7b29/overcloud/extraconfig/nova_metadata/krb-service-principals/compute-role.yaml HTTP/1.0 201 - python-swiftclient-3.5.1 gAAAAABeft2TyAjY... 3049 - - txdb1d84aa8a824de0ba8c6-005e7edddb - 0.0560 - - 1585372635.286715031 1585372635.342677116 0
Mar 28 05:17:15 undercloud.localdomain haproxy[28831]: Connect from 192.168.24.2:53648 to 192.168.24.2:13808 (swift_proxy_server/TCP)
Mar 28 05:17:15 undercloud.localdomain proxy-server[1331]: 192.168.24.1 192.168.24.1 28/Mar/2020/05/17/15 DELETE /v1/AUTH_fca02e1b049443179175814c8eeb7b29/__cache__/__cache_overcloud_tripleo.parameters.get HTTP/1.0 404 - python-swiftclient-3.5.1 gAAAAABeft2TyAjY... - 70 - tx2de18a131f5f42a893bbf-005e7edddb - 0.0057 - - 1585372635.390882969 1585372635.396627903 0
Mar 28 05:17:15 undercloud.localdomain haproxy[28831]: Connect from 192.168.24.2:53652 to 192.168.24.2:13808 (swift_proxy_server/TCP)
Mar 28 05:17:15 undercloud.localdomain container-server[3238]: 192.168.24.1 - - [28/Mar/2020:05:17:15 +0000] "PUT /1/622/AUTH_fca02e1b049443179175814c8eeb7b29/overcloud/extraconfig/nova_metadata/krb-service-principals/blockstorage-role.yaml" 201 - "PUT http://192.168.24.2:13808/1/388/AUTH_fca02e1b049443179175814c8eeb7b29/overcloud/extraconfig/nova_metadata/krb-service-principals/blockstorage-role.yaml" "txdccc3e58009c4fab86ecc-005e7edddb" "object-server 3334" 0.0005 "-" 3238 0
Mar 28 05:17:15 undercloud.localdomain object-server[3334]: 192.168.24.1 - - [28/Mar/2020:05:17:15 +0000] "PUT /1/388/AUTH_fca02e1b049443179175814c8eeb7b29/overcloud/extraconfig/nova_metadata/krb-service-principals/blockstorage-role.yaml" 201 - "PUT http://192.168.24.2:13808/v1/AUTH_fca02e1b049443179175814c8eeb7b29/overcloud/extraconfig/nova_metadata/krb-service-principals/blockstorage-role.yaml" "txdccc3e58009c4fab86ecc-005e7edddb" "proxy-server 1331" 0.0289 "-" 3334 0
Mar 28 05:17:15 undercloud.localdomain proxy-server[1331]: 192.168.24.1 192.168.24.1 28/Mar/2020/05/17/15 PUT /v1/AUTH_fca02e1b049443179175814c8eeb7b29/overcloud/extraconfig/nova_metadata/krb-service-principals/blockstorage-role.yaml HTTP/1.0 201 - python-swiftclient-3.5.1 gAAAAABeft2TyAjY... 3431 - - txdccc3e58009c4fab86ecc-005e7edddb - 0.0401 - - 1585372635.413486958 1585372635.453608036 0
Mar 28 05:17:15 undercloud.localdomain haproxy[28831]: Connect from 192.168.24.2:53666 to 192.168.24.2:13808 (swift_proxy_server/TCP)
Mar 28 05:17:15 undercloud.localdomain proxy-server[1331]: 192.168.24.1 192.168.24.1 28/Mar/2020/05/17/15 DELETE /v1/AUTH_fca02e1b049443179175814c8eeb7b29/__cache__/__cache_overcloud_tripleo.parameters.get HTTP/1.0 404 - python-swiftclient-3.5.1 gAAAAABeft2TyAjY... - 70 - tx98ab631d81ea445689779-005e7edddb - 0.0031 - - 1585372635.532252073 1585372635.535363913 0
Mar 28 05:17:15 undercloud.localdomain haproxy[28831]: Connect from 192.168.24.2:53672 to 192.168.24.2:13808 (swift_proxy_server/TCP)
Mar 28 05:17:15 undercloud.localdomain container-server[3237]: 192.168.24.1 - - [28/Mar/2020:05:17:15 +0000] "PUT /1/622/AUTH_fca02e1b049443179175814c8eeb7b29/overcloud/extraconfig/nova_metadata/krb-service-principals/objectstorage-role.yaml" 201 - "PUT http://192.168.24.2:13808/1/696/AUTH_fca02e1b049443179175814c8eeb7b29/overcloud/extraconfig/nova_metadata/krb-service-principals/objectstorage-role.yaml" "tx5be40813d55744caa0ef3-005e7edddb" "object-server 3333" 0.0005 "-" 3237 0
Mar 28 05:17:15 undercloud.localdomain object-server[3333]: 192.168.24.1 - - [28/Mar/2020:05:17:15 +0000] "PUT /1/696/AUTH_fca02e1b049443179175814c8eeb7b29/overcloud/extraconfig/nova_metadata/krb-service-principals/objectstorage-role.yaml" 201 - "PUT http://192.168.24.2:13808/v1/AUTH_fca02e1b049443179175814c8eeb7b29/overcloud/extraconfig/nova_metadata/krb-service-principals/objectstorage-role.yaml" "tx5be40813d55744caa0ef3-005e7edddb" "proxy-server 1330" 0.0141 "-" 3333 0
Mar 28 05:17:15 undercloud.localdomain proxy-server[1330]: 192.168.24.1 192.168.24.1 28/Mar/2020/05/17/15 PUT /v1/AUTH_fca02e1b049443179175814c8eeb7b29/overcloud/extraconfig/nova_metadata/krb-service-principals/objectstorage-role.yaml HTTP/1.0 201 - python-swiftclient-3.5.1 gAAAAABeft2TyAjY... 3432 - - tx5be40813d55744caa0ef3-005e7edddb - 0.0240 - - 1585372635.556581974 1585372635.580535889 0
Mar 28 05:17:15 undercloud.localdomain haproxy[28831]: Connect from 192.168.24.2:53682 to 192.168.24.2:13808 (swift_proxy_server/TCP)
Mar 28 05:17:15 undercloud.localdomain proxy-server[1336]: 192.168.24.1 192.168.24.1 28/Mar/2020/05/17/15 DELETE /v1/AUTH_fca02e1b049443179175814c8eeb7b29/__cache__/__cache_overcloud_tripleo.parameters.get HTTP/1.0 404 - python-swiftclient-3.5.1 gAAAAABeft2TyAjY... - 70 - tx25f3873aeff84bddbad85-005e7edddb - 0.0073 - - 1585372635.646265984 1585372635.653563023 0
Mar 28 05:17:15 undercloud.localdomain haproxy[28831]: Connect from 192.168.24.2:53686 to 192.168.24.2:13808 (swift_proxy_server/TCP)
Mar 28 05:17:15 undercloud.localdomain container-server[3237]: 192.168.24.1 - - [28/Mar/2020:05:17:15 +0000] "PUT /1/622/AUTH_fca02e1b049443179175814c8eeb7b29/overcloud/extraconfig/nova_metadata/krb-service-principals/cephstorage-role.yaml" 201 - "PUT http://192.168.24.2:13808/1/454/AUTH_fca02e1b049443179175814c8eeb7b29/overcloud/extraconfig/nova_metadata/krb-service-principals/cephstorage-role.yaml" "tx201b060cf3524b429a7be-005e7edddb" "object-server 3334" 0.0006 "-" 3237 0
Mar 28 05:17:15 undercloud.localdomain object-server[3334]: 192.168.24.1 - - [28/Mar/2020:05:17:15 +0000] "PUT /1/454/AUTH_fca02e1b049443179175814c8eeb7b29/overcloud/extraconfig/nova_metadata/krb-service-principals/cephstorage-role.yaml" 201 - "PUT http://192.168.24.2:13808/v1/AUTH_fca02e1b049443179175814c8eeb7b29/overcloud/extraconfig/nova_metadata/krb-service-principals/cephstorage-role.yaml" "tx201b060cf3524b429a7be-005e7edddb" "proxy-server 1336" 0.0165 "-" 3334 0
Mar 28 05:17:15 undercloud.localdomain proxy-server[1336]: 192.168.24.1 192.168.24.1 28/Mar/2020/05/17/15 PUT /v1/AUTH_fca02e1b049443179175814c8eeb7b29/overcloud/extraconfig/nova_metadata/krb-service-principals/cephstorage-role.yaml HTTP/1.0 201 - python-swiftclient-3.5.1 gAAAAABeft2TyAjY... 3052 - - tx201b060cf3524b429a7be-005e7edddb - 0.0286 - - 1585372635.677982092 1585372635.706559896 0
Mar 28 05:17:15 undercloud.localdomain object-server[3335]: 192.168.24.1 - - [28/Mar/2020:05:17:15 +0000] "GET /1/2/AUTH_fca02e1b049443179175814c8eeb7b29/overcloud/extraconfig/tasks/post_puppet_pacemaker.j2.yaml" 200 1276 "GET http://192.168.24.2:13808/v1/AUTH_fca02e1b049443179175814c8eeb7b29/overcloud/extraconfig/tasks/post_puppet_pacemaker.j2.yaml" "tx2dcff43727944a99863f3-005e7edddb" "proxy-server 1332" 0.0009 "-" 3335 0
Mar 28 05:17:15 undercloud.localdomain proxy-server[1332]: 192.168.24.1 192.168.24.1 28/Mar/2020/05/17/15 GET /v1/AUTH_fca02e1b049443179175814c8eeb7b29/overcloud/extraconfig/tasks/post_puppet_pacemaker.j2.yaml HTTP/1.0 200 - python-swiftclient-3.5.1 gAAAAABeft2TyAjY... - 1276 - tx2dcff43727944a99863f3-005e7edddb - 0.0092 - - 1585372635.711884975 1585372635.721069098 0
Mar 28 05:17:15 undercloud.localdomain haproxy[28831]: Connect from 192.168.24.2:53698 to 192.168.24.2:13808 (swift_proxy_server/TCP)
Mar 28 05:17:15 undercloud.localdomain proxy-server[1336]: 192.168.24.1 192.168.24.1 28/Mar/2020/05/17/15 DELETE /v1/AUTH_fca02e1b049443179175814c8eeb7b29/__cache__/__cache_overcloud_tripleo.parameters.get HTTP/1.0 404 - python-swiftclient-3.5.1 gAAAAABeft2TyAjY... - 70 - txa56c77104ba9463fa1d14-005e7edddb - 0.0064 - - 1585372635.779522896 1585372635.785972118 0
Mar 28 05:17:15 undercloud.localdomain haproxy[28831]: Connect from 192.168.24.2:53702 to 192.168.24.2:13808 (swift_proxy_server/TCP)
Mar 28 05:17:15 undercloud.localdomain container-server[3237]: 192.168.24.1 - - [28/Mar/2020:05:17:15 +0000] "PUT /1/622/AUTH_fca02e1b049443179175814c8eeb7b29/overcloud/extraconfig/tasks/post_puppet_pacemaker.yaml" 201 - "PUT http://192.168.24.2:13808/1/494/AUTH_fca02e1b049443179175814c8eeb7b29/overcloud/extraconfig/tasks/post_puppet_pacemaker.yaml" "tx74650c71221d44abab3ae-005e7edddb" "object-server 3334" 0.0008 "-" 3237 0
Mar 28 05:17:15 undercloud.localdomain object-server[3334]: 192.168.24.1 - - [28/Mar/2020:05:17:15 +0000] "PUT /1/494/AUTH_fca02e1b049443179175814c8eeb7b29/overcloud/extraconfig/tasks/post_puppet_pacemaker.yaml" 201 - "PUT http://192.168.24.2:13808/v1/AUTH_fca02e1b049443179175814c8eeb7b29/overcloud/extraconfig/tasks/post_puppet_pacemaker.yaml" "tx74650c71221d44abab3ae-005e7edddb" "proxy-server 1336" 0.0275 "-" 3334 0
Mar 28 05:17:15 undercloud.localdomain proxy-server[1336]: 192.168.24.1 192.168.24.1 28/Mar/2020/05/17/15 PUT /v1/AUTH_fca02e1b049443179175814c8eeb7b29/overcloud/extraconfig/tasks/post_puppet_pacemaker.yaml HTTP/1.0 201 - python-swiftclient-3.5.1 gAAAAABeft2TyAjY... 1155 - - tx74650c71221d44abab3ae-005e7edddb - 0.0395 - - 1585372635.811985970 1585372635.851499081 0
Mar 28 05:17:15 undercloud.localdomain object-server[3335]: 192.168.24.1 - - [28/Mar/2020:05:17:15 +0000] "GET /1/722/AUTH_fca02e1b049443179175814c8eeb7b29/overcloud/net-config-bond.j2.yaml" 200 2102 "GET http://192.168.24.2:13808/v1/AUTH_fca02e1b049443179175814c8eeb7b29/overcloud/net-config-bond.j2.yaml" "txdcbb9aba266142f3baf4f-005e7edddb" "proxy-server 1332" 0.0015 "-" 3335 0
Mar 28 05:17:15 undercloud.localdomain proxy-server[1332]: 192.168.24.1 192.168.24.1 28/Mar/2020/05/17/15 GET /v1/AUTH_fca02e1b049443179175814c8eeb7b29/overcloud/net-config-bond.j2.yaml HTTP/1.0 200 - python-swiftclient-3.5.1 gAAAAABeft2TyAjY... - 2102 - txdcbb9aba266142f3baf4f-005e7edddb - 0.0136 - - 1585372635.858851910 1585372635.872435093 0
Mar 28 05:17:15 undercloud.localdomain haproxy[28831]: Connect from 192.168.24.2:53714 to 192.168.24.2:13808 (swift_proxy_server/TCP)
Mar 28 05:17:15 undercloud.localdomain proxy-server[1332]: 192.168.24.1 192.168.24.1 28/Mar/2020/05/17/15 DELETE /v1/AUTH_fca02e1b049443179175814c8eeb7b29/__cache__/__cache_overcloud_tripleo.parameters.get HTTP/1.0 404 - python-swiftclient-3.5.1 gAAAAABeft2TyAjY... - 70 - tx04ac60323cf9411480dc6-005e7edddb - 0.0083 - - 1585372635.908374071 1585372635.916685104 0
Mar 28 05:17:16 undercloud.localdomain haproxy[28831]: Connect from 192.168.24.2:53722 to 192.168.24.2:13808 (swift_proxy_server/TCP)
Mar 28 05:17:16 undercloud.localdomain registry[14923]: 192.168.24.1 - - [28/Mar/2020:05:17:16 +0000] "OPTIONS / HTTP/1.0" 200 0 "" ""
Mar 28 05:17:16 undercloud.localdomain container-server[3237]: 192.168.24.1 - - [28/Mar/2020:05:17:16 +0000] "PUT /1/622/AUTH_fca02e1b049443179175814c8eeb7b29/overcloud/net-config-bond.yaml" 201 - "PUT http://192.168.24.2:13808/1/816/AUTH_fca02e1b049443179175814c8eeb7b29/overcloud/net-config-bond.yaml" "tx771799c2877549adbc12e-005e7edddc" "object-server 3333" 0.0010 "-" 3237 0
Mar 28 05:17:16 undercloud.localdomain object-server[3333]: 192.168.24.1 - - [28/Mar/2020:05:17:16 +0000] "PUT /1/816/AUTH_fca02e1b049443179175814c8eeb7b29/overcloud/net-config-bond.yaml" 201 - "PUT http://192.168.24.2:13808/v1/AUTH_fca02e1b049443179175814c8eeb7b29/overcloud/net-config-bond.yaml" "tx771799c2877549adbc12e-005e7edddc" "proxy-server 1332" 0.0438 "-" 3333 0
Mar 28 05:17:16 undercloud.localdomain proxy-server[1332]: 192.168.24.1 192.168.24.1 28/Mar/2020/05/17/16 PUT /v1/AUTH_fca02e1b049443179175814c8eeb7b29/overcloud/net-config-bond.yaml HTTP/1.0 201 - python-swiftclient-3.5.1 gAAAAABeft2TyAjY... 2602 - - tx771799c2877549adbc12e-005e7edddc - 0.0536 - - 1585372636.105987072 1585372636.159540892 0
Mar 28 05:17:16 undercloud.localdomain object-server[3333]: 192.168.24.1 - - [28/Mar/2020:05:17:16 +0000] "GET /1/321/AUTH_fca02e1b049443179175814c8eeb7b29/overcloud/net-config-bridge.j2.yaml" 200 1141 "GET http://192.168.24.2:13808/v1/AUTH_fca02e1b049443179175814c8eeb7b29/overcloud/net-config-bridge.j2.yaml" "txd23d9e42f1f143fdae97d-005e7edddc" "proxy-server 1332" 0.0011 "-" 3333 0
Mar 28 05:17:16 undercloud.localdomain proxy-server[1332]: 192.168.24.1 192.168.24.1 28/Mar/2020/05/17/16 GET /v1/AUTH_fca02e1b049443179175814c8eeb7b29/overcloud/net-config-bridge.j2.yaml HTTP/1.0 200 - python-swiftclient-3.5.1 gAAAAABeft2TyAjY... - 1141 - txd23d9e42f1f143fdae97d-005e7edddc - 0.0134 - - 1585372636.164069891 1585372636.177470922 0
Mar 28 05:17:16 undercloud.localdomain haproxy[28831]: Connect from 192.168.24.2:53736 to 192.168.24.2:13808 (swift_proxy_server/TCP)
Mar 28 05:17:16 undercloud.localdomain proxy-server[1332]: 192.168.24.1 192.168.24.1 28/Mar/2020/05/17/16 DELETE /v1/AUTH_fca02e1b049443179175814c8eeb7b29/__cache__/__cache_overcloud_tripleo.parameters.get HTTP/1.0 404 - python-swiftclient-3.5.1 gAAAAABeft2TyAjY... - 70 - txe131f0189f9541fd9f95d-005e7edddc - 0.0055 - - 1585372636.192619085 1585372636.198164940 0
Mar 28 05:17:16 undercloud.localdomain haproxy[28831]: Connect from 192.168.24.2:53740 to 192.168.24.2:13808 (swift_proxy_server/TCP)
Mar 28 05:17:16 undercloud.localdomain object-server[2974]: Starting object reconstruction pass.
Mar 28 05:17:16 undercloud.localdomain object-server[2974]: Nothing reconstructed for 0.00178194046021 seconds.
Mar 28 05:17:16 undercloud.localdomain container-server[3238]: 192.168.24.1 - - [28/Mar/2020:05:17:16 +0000] "PUT /1/622/AUTH_fca02e1b049443179175814c8eeb7b29/overcloud/net-config-bridge.yaml" 201 - "PUT http://192.168.24.2:13808/1/254/AUTH_fca02e1b049443179175814c8eeb7b29/overcloud/net-config-bridge.yaml" "tx3de154e66ac94be1a2a56-005e7edddc" "object-server 3334" 0.0009 "-" 3238 0
Mar 28 05:17:16 undercloud.localdomain object-server[2974]: Object reconstruction complete. (0.00 minutes)
Mar 28 05:17:16 undercloud.localdomain object-server[3334]: 192.168.24.1 - - [28/Mar/2020:05:17:16 +0000] "PUT /1/254/AUTH_fca02e1b049443179175814c8eeb7b29/overcloud/net-config-bridge.yaml" 201 - "PUT http://192.168.24.2:13808/v1/AUTH_fca02e1b049443179175814c8eeb7b29/overcloud/net-config-bridge.yaml" "tx3de154e66ac94be1a2a56-005e7edddc" "proxy-server 1336" 0.0213 "-" 3334 0
Mar 28 05:17:16 undercloud.localdomain proxy-server[1336]: 192.168.24.1 192.168.24.1 28/Mar/2020/05/17/16 PUT /v1/AUTH_fca02e1b049443179175814c8eeb7b29/overcloud/net-config-bridge.yaml HTTP/1.0 201 - python-swiftclient-3.5.1 gAAAAABeft2TyAjY... 1641 - - tx3de154e66ac94be1a2a56-005e7edddc - 0.0322 - - 1585372636.210422993 1585372636.242667913 0
Mar 28 05:17:16 undercloud.localdomain object-server[3335]: 192.168.24.1 - - [28/Mar/2020:05:17:16 +0000] "GET /1/956/AUTH_fca02e1b049443179175814c8eeb7b29/overcloud/net-config-linux-bridge.j2.yaml" 200 1885 "GET http://192.168.24.2:13808/v1/AUTH_fca02e1b049443179175814c8eeb7b29/overcloud/net-config-linux-bridge.j2.yaml" "tx735ac8041bb3422f8ecb2-005e7edddc" "proxy-server 1332" 0.0018 "-" 3335 0
Mar 28 05:17:16 undercloud.localdomain proxy-server[1332]: 192.168.24.1 192.168.24.1 28/Mar/2020/05/17/16 GET /v1/AUTH_fca02e1b049443179175814c8eeb7b29/overcloud/net-config-linux-bridge.j2.yaml HTTP/1.0 200 - python-swiftclient-3.5.1 gAAAAABeft2TyAjY... - 1885 - tx735ac8041bb3422f8ecb2-005e7edddc - 0.0258 - - 1585372636.254004955 1585372636.279798031 0
Mar 28 05:17:16 undercloud.localdomain haproxy[28831]: Connect from 192.168.24.2:53750 to 192.168.24.2:13808 (swift_proxy_server/TCP)
Mar 28 05:17:16 undercloud.localdomain proxy-server[1330]: 192.168.24.1 192.168.24.1 28/Mar/2020/05/17/16 DELETE /v1/AUTH_fca02e1b049443179175814c8eeb7b29/__cache__/__cache_overcloud_tripleo.parameters.get HTTP/1.0 404 - python-swiftclient-3.5.1 gAAAAABeft2TyAjY... - 70 - txbd7116078bbb40f592bd2-005e7edddc - 0.0039 - - 1585372636.310619116 1585372636.314517975 0
Mar 28 05:17:16 undercloud.localdomain haproxy[28831]: Connect from 192.168.24.2:53754 to 192.168.24.2:13808 (swift_proxy_server/TCP)
Mar 28 05:17:16 undercloud.localdomain container-server[3235]: 192.168.24.1 - - [28/Mar/2020:05:17:16 +0000] "PUT /1/622/AUTH_fca02e1b049443179175814c8eeb7b29/overcloud/net-config-linux-bridge.yaml" 201 - "PUT http://192.168.24.2:13808/1/152/AUTH_fca02e1b049443179175814c8eeb7b29/overcloud/net-config-linux-bridge.yaml" "txcd902dc435f446309bf2f-005e7edddc" "object-server 3334" 0.0009 "-" 3235 0
Mar 28 05:17:16 undercloud.localdomain object-server[3334]: 192.168.24.1 - - [28/Mar/2020:05:17:16 +0000] "PUT /1/152/AUTH_fca02e1b049443179175814c8eeb7b29/overcloud/net-config-linux-bridge.yaml" 201 - "PUT http://192.168.24.2:13808/v1/AUTH_fca02e1b049443179175814c8eeb7b29/overcloud/net-config-linux-bridge.yaml" "txcd902dc435f446309bf2f-005e7edddc" "proxy-server 1330" 0.0323 "-" 3334 0
Mar 28 05:17:16 undercloud.localdomain proxy-server[1330]: 192.168.24.1 192.168.24.1 28/Mar/2020/05/17/16 PUT /v1/AUTH_fca02e1b049443179175814c8eeb7b29/overcloud/net-config-linux-bridge.yaml HTTP/1.0 201 - python-swiftclient-3.5.1 gAAAAABeft2TyAjY... 2385 - - txcd902dc435f446309bf2f-005e7edddc - 0.0407 - - 1585372636.336587906 1585372636.377259970 0
Mar 28 05:17:16 undercloud.localdomain object-server[3335]: 192.168.24.1 - - [28/Mar/2020:05:17:16 +0000] "GET /1/974/AUTH_fca02e1b049443179175814c8eeb7b29/overcloud/net-config-noop.j2.yaml" 200 739 "GET http://192.168.24.2:13808/v1/AUTH_fca02e1b049443179175814c8eeb7b29/overcloud/net-config-noop.j2.yaml" "txb3a890152dae4fe2a6cb0-005e7edddc" "proxy-server 1332" 0.0016 "-" 3335 0
