Mar 28 05:17:04 undercloud.localdomain container-server[3237]: 192.168.24.1 - - [28/Mar/2020:05:17:04 +0000] "PUT /1/622/AUTH_fca02e1b049443179175814c8eeb7b29/overcloud/docker/services/manila-api.yaml" 201 - "PUT http://192.168.24.2:13808/1/151/AUTH_fca02e1b049443179175814c8eeb7b29/overcloud/docker/services/manila-api.yaml" "txf1c43c94e5d24aa5a5480-005e7eddb4" "object-server 3335" 0.0009 "-" 3237 0
Mar 28 05:17:04 undercloud.localdomain object-server[3335]: 192.168.24.1 - - [28/Mar/2020:05:17:04 +0000] "PUT /1/151/AUTH_fca02e1b049443179175814c8eeb7b29/overcloud/docker/services/manila-api.yaml" 201 - "PUT http://192.168.24.2:13808/v1/AUTH_fca02e1b049443179175814c8eeb7b29/overcloud/docker/services/manila-api.yaml?extract-archive=tar.gz" "txf1c43c94e5d24aa5a5480-005e7eddb4" "proxy-server 1336" 0.0162 "-" 3335 0
Mar 28 05:17:04 undercloud.localdomain container-server[3237]: 192.168.24.1 - - [28/Mar/2020:05:17:04 +0000] "PUT /1/622/AUTH_fca02e1b049443179175814c8eeb7b29/overcloud/docker/services/zaqar.yaml" 201 - "PUT http://192.168.24.2:13808/1/851/AUTH_fca02e1b049443179175814c8eeb7b29/overcloud/docker/services/zaqar.yaml" "txf1c43c94e5d24aa5a5480-005e7eddb4" "object-server 3333" 0.0008 "-" 3237 0
Mar 28 05:17:04 undercloud.localdomain object-server[3333]: 192.168.24.1 - - [28/Mar/2020:05:17:04 +0000] "PUT /1/851/AUTH_fca02e1b049443179175814c8eeb7b29/overcloud/docker/services/zaqar.yaml" 201 - "PUT http://192.168.24.2:13808/v1/AUTH_fca02e1b049443179175814c8eeb7b29/overcloud/docker/services/zaqar.yaml?extract-archive=tar.gz" "txf1c43c94e5d24aa5a5480-005e7eddb4" "proxy-server 1336" 0.0189 "-" 3333 0
Mar 28 05:17:04 undercloud.localdomain container-server[3237]: 192.168.24.1 - - [28/Mar/2020:05:17:04 +0000] "PUT /1/622/AUTH_fca02e1b049443179175814c8eeb7b29/overcloud/docker/services/neutron-ovs-agent.yaml" 201 - "PUT http://192.168.24.2:13808/1/695/AUTH_fca02e1b049443179175814c8eeb7b29/overcloud/docker/services/neutron-ovs-agent.yaml" "txf1c43c94e5d24aa5a5480-005e7eddb4" "object-server 3333" 0.0005 "-" 3237 0
Mar 28 05:17:04 undercloud.localdomain object-server[3333]: 192.168.24.1 - - [28/Mar/2020:05:17:04 +0000] "PUT /1/695/AUTH_fca02e1b049443179175814c8eeb7b29/overcloud/docker/services/neutron-ovs-agent.yaml" 201 - "PUT http://192.168.24.2:13808/v1/AUTH_fca02e1b049443179175814c8eeb7b29/overcloud/docker/services/neutron-ovs-agent.yaml?extract-archive=tar.gz" "txf1c43c94e5d24aa5a5480-005e7eddb4" "proxy-server 1336" 0.0160 "-" 3333 0
Mar 28 05:17:04 undercloud.localdomain container-server[3237]: 192.168.24.1 - - [28/Mar/2020:05:17:04 +0000] "PUT /1/622/AUTH_fca02e1b049443179175814c8eeb7b29/overcloud/docker/services/nova-libvirt.yaml" 201 - "PUT http://192.168.24.2:13808/1/554/AUTH_fca02e1b049443179175814c8eeb7b29/overcloud/docker/services/nova-libvirt.yaml" "txf1c43c94e5d24aa5a5480-005e7eddb4" "object-server 3333" 0.0005 "-" 3237 0
Mar 28 05:17:04 undercloud.localdomain object-server[3333]: 192.168.24.1 - - [28/Mar/2020:05:17:04 +0000] "PUT /1/554/AUTH_fca02e1b049443179175814c8eeb7b29/overcloud/docker/services/nova-libvirt.yaml" 201 - "PUT http://192.168.24.2:13808/v1/AUTH_fca02e1b049443179175814c8eeb7b29/overcloud/docker/services/nova-libvirt.yaml?extract-archive=tar.gz" "txf1c43c94e5d24aa5a5480-005e7eddb4" "proxy-server 1336" 0.0167 "-" 3333 0
Mar 28 05:17:04 undercloud.localdomain container-server[3237]: 192.168.24.1 - - [28/Mar/2020:05:17:04 +0000] "PUT /1/622/AUTH_fca02e1b049443179175814c8eeb7b29/overcloud/docker/services/nova-migration-target.yaml" 201 - "PUT http://192.168.24.2:13808/1/749/AUTH_fca02e1b049443179175814c8eeb7b29/overcloud/docker/services/nova-migration-target.yaml" "txf1c43c94e5d24aa5a5480-005e7eddb4" "object-server 3333" 0.0006 "-" 3237 0
Mar 28 05:17:04 undercloud.localdomain object-server[3333]: 192.168.24.1 - - [28/Mar/2020:05:17:04 +0000] "PUT /1/749/AUTH_fca02e1b049443179175814c8eeb7b29/overcloud/docker/services/nova-migration-target.yaml" 201 - "PUT http://192.168.24.2:13808/v1/AUTH_fca02e1b049443179175814c8eeb7b29/overcloud/docker/services/nova-migration-target.yaml?extract-archive=tar.gz" "txf1c43c94e5d24aa5a5480-005e7eddb4" "proxy-server 1336" 0.0161 "-" 3333 0
Mar 28 05:17:04 undercloud.localdomain container-server[3237]: 192.168.24.1 - - [28/Mar/2020:05:17:04 +0000] "PUT /1/622/AUTH_fca02e1b049443179175814c8eeb7b29/overcloud/docker/services/neutron-plugin-ml2-ansible.yaml" 201 - "PUT http://192.168.24.2:13808/1/948/AUTH_fca02e1b049443179175814c8eeb7b29/overcloud/docker/services/neutron-plugin-ml2-ansible.yaml" "txf1c43c94e5d24aa5a5480-005e7eddb4" "object-server 3336" 0.0006 "-" 3237 0
Mar 28 05:17:04 undercloud.localdomain object-server[3336]: 192.168.24.1 - - [28/Mar/2020:05:17:04 +0000] "PUT /1/948/AUTH_fca02e1b049443179175814c8eeb7b29/overcloud/docker/services/neutron-plugin-ml2-ansible.yaml" 201 - "PUT http://192.168.24.2:13808/v1/AUTH_fca02e1b049443179175814c8eeb7b29/overcloud/docker/services/neutron-plugin-ml2-ansible.yaml?extract-archive=tar.gz" "txf1c43c94e5d24aa5a5480-005e7eddb4" "proxy-server 1336" 0.0147 "-" 3336 0
Mar 28 05:17:04 undercloud.localdomain container-server[3237]: 192.168.24.1 - - [28/Mar/2020:05:17:04 +0000] "PUT /1/622/AUTH_fca02e1b049443179175814c8eeb7b29/overcloud/docker/services/pacemaker/manila-share.yaml" 201 - "PUT http://192.168.24.2:13808/1/404/AUTH_fca02e1b049443179175814c8eeb7b29/overcloud/docker/services/pacemaker/manila-share.yaml" "txf1c43c94e5d24aa5a5480-005e7eddb4" "object-server 3336" 0.0010 "-" 3237 0
Mar 28 05:17:04 undercloud.localdomain object-server[3336]: 192.168.24.1 - - [28/Mar/2020:05:17:04 +0000] "PUT /1/404/AUTH_fca02e1b049443179175814c8eeb7b29/overcloud/docker/services/pacemaker/manila-share.yaml" 201 - "PUT http://192.168.24.2:13808/v1/AUTH_fca02e1b049443179175814c8eeb7b29/overcloud/docker/services/pacemaker/manila-share.yaml?extract-archive=tar.gz" "txf1c43c94e5d24aa5a5480-005e7eddb4" "proxy-server 1336" 0.0154 "-" 3336 0
Mar 28 05:17:04 undercloud.localdomain container-server[3238]: 192.168.24.1 - - [28/Mar/2020:05:17:04 +0000] "PUT /1/622/AUTH_fca02e1b049443179175814c8eeb7b29/overcloud/docker/services/pacemaker/clustercheck.yaml" 201 - "PUT http://192.168.24.2:13808/1/116/AUTH_fca02e1b049443179175814c8eeb7b29/overcloud/docker/services/pacemaker/clustercheck.yaml" "txf1c43c94e5d24aa5a5480-005e7eddb4" "object-server 3333" 0.0012 "-" 3238 0
Mar 28 05:17:04 undercloud.localdomain object-server[3333]: 192.168.24.1 - - [28/Mar/2020:05:17:04 +0000] "PUT /1/116/AUTH_fca02e1b049443179175814c8eeb7b29/overcloud/docker/services/pacemaker/clustercheck.yaml" 201 - "PUT http://192.168.24.2:13808/v1/AUTH_fca02e1b049443179175814c8eeb7b29/overcloud/docker/services/pacemaker/clustercheck.yaml?extract-archive=tar.gz" "txf1c43c94e5d24aa5a5480-005e7eddb4" "proxy-server 1336" 0.0199 "-" 3333 0
Mar 28 05:17:04 undercloud.localdomain container-server[3235]: 192.168.24.1 - - [28/Mar/2020:05:17:04 +0000] "PUT /1/622/AUTH_fca02e1b049443179175814c8eeb7b29/overcloud/docker/services/pacemaker/cinder-volume.yaml" 201 - "PUT http://192.168.24.2:13808/1/705/AUTH_fca02e1b049443179175814c8eeb7b29/overcloud/docker/services/pacemaker/cinder-volume.yaml" "txf1c43c94e5d24aa5a5480-005e7eddb4" "object-server 3336" 0.0008 "-" 3235 0
Mar 28 05:17:04 undercloud.localdomain object-server[3336]: 192.168.24.1 - - [28/Mar/2020:05:17:04 +0000] "PUT /1/705/AUTH_fca02e1b049443179175814c8eeb7b29/overcloud/docker/services/pacemaker/cinder-volume.yaml" 201 - "PUT http://192.168.24.2:13808/v1/AUTH_fca02e1b049443179175814c8eeb7b29/overcloud/docker/services/pacemaker/cinder-volume.yaml?extract-archive=tar.gz" "txf1c43c94e5d24aa5a5480-005e7eddb4" "proxy-server 1336" 0.0216 "-" 3336 0
Mar 28 05:17:04 undercloud.localdomain container-server[3238]: 192.168.24.1 - - [28/Mar/2020:05:17:04 +0000] "PUT /1/622/AUTH_fca02e1b049443179175814c8eeb7b29/overcloud/docker/services/pacemaker/ovn-dbs.yaml" 201 - "PUT http://192.168.24.2:13808/1/172/AUTH_fca02e1b049443179175814c8eeb7b29/overcloud/docker/services/pacemaker/ovn-dbs.yaml" "txf1c43c94e5d24aa5a5480-005e7eddb4" "object-server 3336" 0.0007 "-" 3238 0
Mar 28 05:17:04 undercloud.localdomain object-server[3336]: 192.168.24.1 - - [28/Mar/2020:05:17:04 +0000] "PUT /1/172/AUTH_fca02e1b049443179175814c8eeb7b29/overcloud/docker/services/pacemaker/ovn-dbs.yaml" 201 - "PUT http://192.168.24.2:13808/v1/AUTH_fca02e1b049443179175814c8eeb7b29/overcloud/docker/services/pacemaker/ovn-dbs.yaml?extract-archive=tar.gz" "txf1c43c94e5d24aa5a5480-005e7eddb4" "proxy-server 1336" 0.0193 "-" 3336 0
Mar 28 05:17:04 undercloud.localdomain container-server[3238]: 192.168.24.1 - - [28/Mar/2020:05:17:04 +0000] "PUT /1/622/AUTH_fca02e1b049443179175814c8eeb7b29/overcloud/docker/services/pacemaker/rabbitmq.yaml" 201 - "PUT http://192.168.24.2:13808/1/694/AUTH_fca02e1b049443179175814c8eeb7b29/overcloud/docker/services/pacemaker/rabbitmq.yaml" "txf1c43c94e5d24aa5a5480-005e7eddb4" "object-server 3336" 0.0007 "-" 3238 0
Mar 28 05:17:04 undercloud.localdomain object-server[3336]: 192.168.24.1 - - [28/Mar/2020:05:17:04 +0000] "PUT /1/694/AUTH_fca02e1b049443179175814c8eeb7b29/overcloud/docker/services/pacemaker/rabbitmq.yaml" 201 - "PUT http://192.168.24.2:13808/v1/AUTH_fca02e1b049443179175814c8eeb7b29/overcloud/docker/services/pacemaker/rabbitmq.yaml?extract-archive=tar.gz" "txf1c43c94e5d24aa5a5480-005e7eddb4" "proxy-server 1336" 0.0218 "-" 3336 0
Mar 28 05:17:04 undercloud.localdomain container-server[3238]: 192.168.24.1 - - [28/Mar/2020:05:17:04 +0000] "PUT /1/622/AUTH_fca02e1b049443179175814c8eeb7b29/overcloud/docker/services/pacemaker/database/redis.yaml" 201 - "PUT http://192.168.24.2:13808/1/343/AUTH_fca02e1b049443179175814c8eeb7b29/overcloud/docker/services/pacemaker/database/redis.yaml" "txf1c43c94e5d24aa5a5480-005e7eddb4" "object-server 3334" 0.0006 "-" 3238 0
Mar 28 05:17:04 undercloud.localdomain object-server[3334]: 192.168.24.1 - - [28/Mar/2020:05:17:04 +0000] "PUT /1/343/AUTH_fca02e1b049443179175814c8eeb7b29/overcloud/docker/services/pacemaker/database/redis.yaml" 201 - "PUT http://192.168.24.2:13808/v1/AUTH_fca02e1b049443179175814c8eeb7b29/overcloud/docker/services/pacemaker/database/redis.yaml?extract-archive=tar.gz" "txf1c43c94e5d24aa5a5480-005e7eddb4" "proxy-server 1336" 0.0217 "-" 3334 0
Mar 28 05:17:04 undercloud.localdomain container-server[3237]: 192.168.24.1 - - [28/Mar/2020:05:17:04 +0000] "PUT /1/622/AUTH_fca02e1b049443179175814c8eeb7b29/overcloud/docker/services/pacemaker/database/mysql.yaml" 201 - "PUT http://192.168.24.2:13808/1/937/AUTH_fca02e1b049443179175814c8eeb7b29/overcloud/docker/services/pacemaker/database/mysql.yaml" "txf1c43c94e5d24aa5a5480-005e7eddb4" "object-server 3333" 0.0006 "-" 3237 0
Mar 28 05:17:04 undercloud.localdomain object-server[3333]: 192.168.24.1 - - [28/Mar/2020:05:17:04 +0000] "PUT /1/937/AUTH_fca02e1b049443179175814c8eeb7b29/overcloud/docker/services/pacemaker/database/mysql.yaml" 201 - "PUT http://192.168.24.2:13808/v1/AUTH_fca02e1b049443179175814c8eeb7b29/overcloud/docker/services/pacemaker/database/mysql.yaml?extract-archive=tar.gz" "txf1c43c94e5d24aa5a5480-005e7eddb4" "proxy-server 1336" 0.0216 "-" 3333 0
Mar 28 05:17:04 undercloud.localdomain container-server[3237]: 192.168.24.1 - - [28/Mar/2020:05:17:04 +0000] "PUT /1/622/AUTH_fca02e1b049443179175814c8eeb7b29/overcloud/docker/services/pacemaker/haproxy.yaml" 201 - "PUT http://192.168.24.2:13808/1/627/AUTH_fca02e1b049443179175814c8eeb7b29/overcloud/docker/services/pacemaker/haproxy.yaml" "txf1c43c94e5d24aa5a5480-005e7eddb4" "object-server 3333" 0.0005 "-" 3237 0
Mar 28 05:17:04 undercloud.localdomain object-server[3333]: 192.168.24.1 - - [28/Mar/2020:05:17:04 +0000] "PUT /1/627/AUTH_fca02e1b049443179175814c8eeb7b29/overcloud/docker/services/pacemaker/haproxy.yaml" 201 - "PUT http://192.168.24.2:13808/v1/AUTH_fca02e1b049443179175814c8eeb7b29/overcloud/docker/services/pacemaker/haproxy.yaml?extract-archive=tar.gz" "txf1c43c94e5d24aa5a5480-005e7eddb4" "proxy-server 1336" 0.0191 "-" 3333 0
Mar 28 05:17:04 undercloud.localdomain container-server[3237]: 192.168.24.1 - - [28/Mar/2020:05:17:04 +0000] "PUT /1/622/AUTH_fca02e1b049443179175814c8eeb7b29/overcloud/docker/services/pacemaker/cinder-backup.yaml" 201 - "PUT http://192.168.24.2:13808/1/254/AUTH_fca02e1b049443179175814c8eeb7b29/overcloud/docker/services/pacemaker/cinder-backup.yaml" "txf1c43c94e5d24aa5a5480-005e7eddb4" "object-server 3336" 0.0006 "-" 3237 0
Mar 28 05:17:04 undercloud.localdomain object-server[3336]: 192.168.24.1 - - [28/Mar/2020:05:17:04 +0000] "PUT /1/254/AUTH_fca02e1b049443179175814c8eeb7b29/overcloud/docker/services/pacemaker/cinder-backup.yaml" 201 - "PUT http://192.168.24.2:13808/v1/AUTH_fca02e1b049443179175814c8eeb7b29/overcloud/docker/services/pacemaker/cinder-backup.yaml?extract-archive=tar.gz" "txf1c43c94e5d24aa5a5480-005e7eddb4" "proxy-server 1336" 0.0336 "-" 3336 0
Mar 28 05:17:04 undercloud.localdomain container-server[3237]: 192.168.24.1 - - [28/Mar/2020:05:17:04 +0000] "PUT /1/622/AUTH_fca02e1b049443179175814c8eeb7b29/overcloud/docker/services/octavia-worker.yaml" 201 - "PUT http://192.168.24.2:13808/1/580/AUTH_fca02e1b049443179175814c8eeb7b29/overcloud/docker/services/octavia-worker.yaml" "txf1c43c94e5d24aa5a5480-005e7eddb4" "object-server 3335" 0.0005 "-" 3237 0
Mar 28 05:17:04 undercloud.localdomain object-server[3335]: 192.168.24.1 - - [28/Mar/2020:05:17:04 +0000] "PUT /1/580/AUTH_fca02e1b049443179175814c8eeb7b29/overcloud/docker/services/octavia-worker.yaml" 201 - "PUT http://192.168.24.2:13808/v1/AUTH_fca02e1b049443179175814c8eeb7b29/overcloud/docker/services/octavia-worker.yaml?extract-archive=tar.gz" "txf1c43c94e5d24aa5a5480-005e7eddb4" "proxy-server 1336" 0.0595 "-" 3335 0
Mar 28 05:17:04 undercloud.localdomain container-server[3236]: 192.168.24.1 - - [28/Mar/2020:05:17:04 +0000] "PUT /1/622/AUTH_fca02e1b049443179175814c8eeb7b29/overcloud/docker/services/aodh-evaluator.yaml" 201 - "PUT http://192.168.24.2:13808/1/130/AUTH_fca02e1b049443179175814c8eeb7b29/overcloud/docker/services/aodh-evaluator.yaml" "txf1c43c94e5d24aa5a5480-005e7eddb4" "object-server 3335" 0.0012 "-" 3236 0
Mar 28 05:17:04 undercloud.localdomain object-server[3335]: 192.168.24.1 - - [28/Mar/2020:05:17:04 +0000] "PUT /1/130/AUTH_fca02e1b049443179175814c8eeb7b29/overcloud/docker/services/aodh-evaluator.yaml" 201 - "PUT http://192.168.24.2:13808/v1/AUTH_fca02e1b049443179175814c8eeb7b29/overcloud/docker/services/aodh-evaluator.yaml?extract-archive=tar.gz" "txf1c43c94e5d24aa5a5480-005e7eddb4" "proxy-server 1336" 0.0686 "-" 3335 0
Mar 28 05:17:05 undercloud.localdomain container-server[3235]: 192.168.24.1 - - [28/Mar/2020:05:17:05 +0000] "PUT /1/622/AUTH_fca02e1b049443179175814c8eeb7b29/overcloud/docker/services/nova-consoleauth.yaml" 201 - "PUT http://192.168.24.2:13808/1/941/AUTH_fca02e1b049443179175814c8eeb7b29/overcloud/docker/services/nova-consoleauth.yaml" "txf1c43c94e5d24aa5a5480-005e7eddb4" "object-server 3335" 0.0008 "-" 3235 0
Mar 28 05:17:05 undercloud.localdomain object-server[3335]: 192.168.24.1 - - [28/Mar/2020:05:17:05 +0000] "PUT /1/941/AUTH_fca02e1b049443179175814c8eeb7b29/overcloud/docker/services/nova-consoleauth.yaml" 201 - "PUT http://192.168.24.2:13808/v1/AUTH_fca02e1b049443179175814c8eeb7b29/overcloud/docker/services/nova-consoleauth.yaml?extract-archive=tar.gz" "txf1c43c94e5d24aa5a5480-005e7eddb4" "proxy-server 1336" 0.0620 "-" 3335 0
Mar 28 05:17:05 undercloud.localdomain container-server[3238]: 192.168.24.1 - - [28/Mar/2020:05:17:05 +0000] "PUT /1/622/AUTH_fca02e1b049443179175814c8eeb7b29/overcloud/roles_data_undercloud.yaml" 201 - "PUT http://192.168.24.2:13808/1/903/AUTH_fca02e1b049443179175814c8eeb7b29/overcloud/roles_data_undercloud.yaml" "txf1c43c94e5d24aa5a5480-005e7eddb4" "object-server 3333" 0.0009 "-" 3238 0
Mar 28 05:17:05 undercloud.localdomain object-server[3333]: 192.168.24.1 - - [28/Mar/2020:05:17:05 +0000] "PUT /1/903/AUTH_fca02e1b049443179175814c8eeb7b29/overcloud/roles_data_undercloud.yaml" 201 - "PUT http://192.168.24.2:13808/v1/AUTH_fca02e1b049443179175814c8eeb7b29/overcloud/roles_data_undercloud.yaml?extract-archive=tar.gz" "txf1c43c94e5d24aa5a5480-005e7eddb4" "proxy-server 1336" 0.0472 "-" 3333 0
Mar 28 05:17:05 undercloud.localdomain container-server[3237]: 192.168.24.1 - - [28/Mar/2020:05:17:05 +0000] "PUT /1/622/AUTH_fca02e1b049443179175814c8eeb7b29/overcloud/common/services/role.role.j2.yaml" 201 - "PUT http://192.168.24.2:13808/1/609/AUTH_fca02e1b049443179175814c8eeb7b29/overcloud/common/services/role.role.j2.yaml" "txf1c43c94e5d24aa5a5480-005e7eddb4" "object-server 3333" 0.0008 "-" 3237 0
Mar 28 05:17:05 undercloud.localdomain object-server[3333]: 192.168.24.1 - - [28/Mar/2020:05:17:05 +0000] "PUT /1/609/AUTH_fca02e1b049443179175814c8eeb7b29/overcloud/common/services/role.role.j2.yaml" 201 - "PUT http://192.168.24.2:13808/v1/AUTH_fca02e1b049443179175814c8eeb7b29/overcloud/common/services/role.role.j2.yaml?extract-archive=tar.gz" "txf1c43c94e5d24aa5a5480-005e7eddb4" "proxy-server 1336" 0.0446 "-" 3333 0
Mar 28 05:17:05 undercloud.localdomain container-server[3237]: 192.168.24.1 - - [28/Mar/2020:05:17:05 +0000] "PUT /1/622/AUTH_fca02e1b049443179175814c8eeb7b29/overcloud/common/post.j2.yaml" 201 - "PUT http://192.168.24.2:13808/1/611/AUTH_fca02e1b049443179175814c8eeb7b29/overcloud/common/post.j2.yaml" "txf1c43c94e5d24aa5a5480-005e7eddb4" "object-server 3336" 0.0006 "-" 3237 0
Mar 28 05:17:05 undercloud.localdomain object-server[3336]: 192.168.24.1 - - [28/Mar/2020:05:17:05 +0000] "PUT /1/611/AUTH_fca02e1b049443179175814c8eeb7b29/overcloud/common/post.j2.yaml" 201 - "PUT http://192.168.24.2:13808/v1/AUTH_fca02e1b049443179175814c8eeb7b29/overcloud/common/post.j2.yaml?extract-archive=tar.gz" "txf1c43c94e5d24aa5a5480-005e7eddb4" "proxy-server 1336" 0.0562 "-" 3336 0
Mar 28 05:17:05 undercloud.localdomain container-server[3238]: 192.168.24.1 - - [28/Mar/2020:05:17:05 +0000] "PUT /1/622/AUTH_fca02e1b049443179175814c8eeb7b29/overcloud/common/deploy-steps.j2" 201 - "PUT http://192.168.24.2:13808/1/232/AUTH_fca02e1b049443179175814c8eeb7b29/overcloud/common/deploy-steps.j2" "txf1c43c94e5d24aa5a5480-005e7eddb4" "object-server 3336" 0.0008 "-" 3238 0
Mar 28 05:17:05 undercloud.localdomain object-server[3336]: 192.168.24.1 - - [28/Mar/2020:05:17:05 +0000] "PUT /1/232/AUTH_fca02e1b049443179175814c8eeb7b29/overcloud/common/deploy-steps.j2" 201 - "PUT http://192.168.24.2:13808/v1/AUTH_fca02e1b049443179175814c8eeb7b29/overcloud/common/deploy-steps.j2?extract-archive=tar.gz" "txf1c43c94e5d24aa5a5480-005e7eddb4" "proxy-server 1336" 0.0227 "-" 3336 0
Mar 28 05:17:05 undercloud.localdomain container-server[3238]: 192.168.24.1 - - [28/Mar/2020:05:17:05 +0000] "PUT /1/622/AUTH_fca02e1b049443179175814c8eeb7b29/overcloud/common/deploy-steps-tasks.yaml" 201 - "PUT http://192.168.24.2:13808/1/619/AUTH_fca02e1b049443179175814c8eeb7b29/overcloud/common/deploy-steps-tasks.yaml" "txf1c43c94e5d24aa5a5480-005e7eddb4" "object-server 3334" 0.0006 "-" 3238 0
Mar 28 05:17:05 undercloud.localdomain object-server[3334]: 192.168.24.1 - - [28/Mar/2020:05:17:05 +0000] "PUT /1/619/AUTH_fca02e1b049443179175814c8eeb7b29/overcloud/common/deploy-steps-tasks.yaml" 201 - "PUT http://192.168.24.2:13808/v1/AUTH_fca02e1b049443179175814c8eeb7b29/overcloud/common/deploy-steps-tasks.yaml?extract-archive=tar.gz" "txf1c43c94e5d24aa5a5480-005e7eddb4" "proxy-server 1336" 0.0315 "-" 3334 0
Mar 28 05:17:05 undercloud.localdomain container-server[3238]: 192.168.24.1 - - [28/Mar/2020:05:17:05 +0000] "PUT /1/622/AUTH_fca02e1b049443179175814c8eeb7b29/overcloud/roles_data.yaml" 201 - "PUT http://192.168.24.2:13808/1/216/AUTH_fca02e1b049443179175814c8eeb7b29/overcloud/roles_data.yaml" "txf1c43c94e5d24aa5a5480-005e7eddb4" "object-server 3335" 0.0006 "-" 3238 0
Mar 28 05:17:05 undercloud.localdomain object-server[3335]: 192.168.24.1 - - [28/Mar/2020:05:17:05 +0000] "PUT /1/216/AUTH_fca02e1b049443179175814c8eeb7b29/overcloud/roles_data.yaml" 201 - "PUT http://192.168.24.2:13808/v1/AUTH_fca02e1b049443179175814c8eeb7b29/overcloud/roles_data.yaml?extract-archive=tar.gz" "txf1c43c94e5d24aa5a5480-005e7eddb4" "proxy-server 1336" 0.0314 "-" 3335 0
Mar 28 05:17:05 undercloud.localdomain container-server[3235]: 192.168.24.1 - - [28/Mar/2020:05:17:05 +0000] "PUT /1/622/AUTH_fca02e1b049443179175814c8eeb7b29/overcloud/firstboot/userdata_dev_rsync.yaml" 201 - "PUT http://192.168.24.2:13808/1/932/AUTH_fca02e1b049443179175814c8eeb7b29/overcloud/firstboot/userdata_dev_rsync.yaml" "txf1c43c94e5d24aa5a5480-005e7eddb4" "object-server 3335" 0.0009 "-" 3235 0
Mar 28 05:17:05 undercloud.localdomain object-server[3335]: 192.168.24.1 - - [28/Mar/2020:05:17:05 +0000] "PUT /1/932/AUTH_fca02e1b049443179175814c8eeb7b29/overcloud/firstboot/userdata_dev_rsync.yaml" 201 - "PUT http://192.168.24.2:13808/v1/AUTH_fca02e1b049443179175814c8eeb7b29/overcloud/firstboot/userdata_dev_rsync.yaml?extract-archive=tar.gz" "txf1c43c94e5d24aa5a5480-005e7eddb4" "proxy-server 1336" 0.0146 "-" 3335 0
Mar 28 05:17:05 undercloud.localdomain container-server[3235]: 192.168.24.1 - - [28/Mar/2020:05:17:05 +0000] "PUT /1/622/AUTH_fca02e1b049443179175814c8eeb7b29/overcloud/firstboot/userdata_default.yaml" 201 - "PUT http://192.168.24.2:13808/1/27/AUTH_fca02e1b049443179175814c8eeb7b29/overcloud/firstboot/userdata_default.yaml" "txf1c43c94e5d24aa5a5480-005e7eddb4" "object-server 3335" 0.0007 "-" 3235 0
Mar 28 05:17:05 undercloud.localdomain object-server[3335]: 192.168.24.1 - - [28/Mar/2020:05:17:05 +0000] "PUT /1/27/AUTH_fca02e1b049443179175814c8eeb7b29/overcloud/firstboot/userdata_default.yaml" 201 - "PUT http://192.168.24.2:13808/v1/AUTH_fca02e1b049443179175814c8eeb7b29/overcloud/firstboot/userdata_default.yaml?extract-archive=tar.gz" "txf1c43c94e5d24aa5a5480-005e7eddb4" "proxy-server 1336" 0.0359 "-" 3335 0
Mar 28 05:17:05 undercloud.localdomain container-server[3236]: 192.168.24.1 - - [28/Mar/2020:05:17:05 +0000] "PUT /1/622/AUTH_fca02e1b049443179175814c8eeb7b29/overcloud/firstboot/userdata_heat_admin.yaml" 201 - "PUT http://192.168.24.2:13808/1/190/AUTH_fca02e1b049443179175814c8eeb7b29/overcloud/firstboot/userdata_heat_admin.yaml" "txf1c43c94e5d24aa5a5480-005e7eddb4" "object-server 3334" 0.0010 "-" 3236 0
Mar 28 05:17:05 undercloud.localdomain object-server[3334]: 192.168.24.1 - - [28/Mar/2020:05:17:05 +0000] "PUT /1/190/AUTH_fca02e1b049443179175814c8eeb7b29/overcloud/firstboot/userdata_heat_admin.yaml" 201 - "PUT http://192.168.24.2:13808/v1/AUTH_fca02e1b049443179175814c8eeb7b29/overcloud/firstboot/userdata_heat_admin.yaml?extract-archive=tar.gz" "txf1c43c94e5d24aa5a5480-005e7eddb4" "proxy-server 1336" 0.0959 "-" 3334 0
Mar 28 05:17:05 undercloud.localdomain container-server[3236]: 192.168.24.1 - - [28/Mar/2020:05:17:05 +0000] "PUT /1/622/AUTH_fca02e1b049443179175814c8eeb7b29/overcloud/firstboot/userdata_timesync.yaml" 201 - "PUT http://192.168.24.2:13808/1/562/AUTH_fca02e1b049443179175814c8eeb7b29/overcloud/firstboot/userdata_timesync.yaml" "txf1c43c94e5d24aa5a5480-005e7eddb4" "object-server 3334" 0.0007 "-" 3236 0
Mar 28 05:17:05 undercloud.localdomain object-server[3334]: 192.168.24.1 - - [28/Mar/2020:05:17:05 +0000] "PUT /1/562/AUTH_fca02e1b049443179175814c8eeb7b29/overcloud/firstboot/userdata_timesync.yaml" 201 - "PUT http://192.168.24.2:13808/v1/AUTH_fca02e1b049443179175814c8eeb7b29/overcloud/firstboot/userdata_timesync.yaml?extract-archive=tar.gz" "txf1c43c94e5d24aa5a5480-005e7eddb4" "proxy-server 1336" 0.0660 "-" 3334 0
Mar 28 05:17:05 undercloud.localdomain container-server[3237]: 192.168.24.1 - - [28/Mar/2020:05:17:05 +0000] "PUT /1/622/AUTH_fca02e1b049443179175814c8eeb7b29/overcloud/firstboot/userdata_example.yaml" 201 - "PUT http://192.168.24.2:13808/1/562/AUTH_fca02e1b049443179175814c8eeb7b29/overcloud/firstboot/userdata_example.yaml" "txf1c43c94e5d24aa5a5480-005e7eddb4" "object-server 3334" 0.0006 "-" 3237 0
Mar 28 05:17:05 undercloud.localdomain object-server[3334]: 192.168.24.1 - - [28/Mar/2020:05:17:05 +0000] "PUT /1/562/AUTH_fca02e1b049443179175814c8eeb7b29/overcloud/firstboot/userdata_example.yaml" 201 - "PUT http://192.168.24.2:13808/v1/AUTH_fca02e1b049443179175814c8eeb7b29/overcloud/firstboot/userdata_example.yaml?extract-archive=tar.gz" "txf1c43c94e5d24aa5a5480-005e7eddb4" "proxy-server 1336" 0.0521 "-" 3334 0
Mar 28 05:17:05 undercloud.localdomain container-server[3235]: 192.168.24.1 - - [28/Mar/2020:05:17:05 +0000] "PUT /1/622/AUTH_fca02e1b049443179175814c8eeb7b29/overcloud/firstboot/os-net-config-mappings.yaml" 201 - "PUT http://192.168.24.2:13808/1/642/AUTH_fca02e1b049443179175814c8eeb7b29/overcloud/firstboot/os-net-config-mappings.yaml" "txf1c43c94e5d24aa5a5480-005e7eddb4" "object-server 3334" 0.0007 "-" 3235 0
Mar 28 05:17:05 undercloud.localdomain object-server[3334]: 192.168.24.1 - - [28/Mar/2020:05:17:05 +0000] "PUT /1/642/AUTH_fca02e1b049443179175814c8eeb7b29/overcloud/firstboot/os-net-config-mappings.yaml" 201 - "PUT http://192.168.24.2:13808/v1/AUTH_fca02e1b049443179175814c8eeb7b29/overcloud/firstboot/os-net-config-mappings.yaml?extract-archive=tar.gz" "txf1c43c94e5d24aa5a5480-005e7eddb4" "proxy-server 1336" 0.0214 "-" 3334 0
Mar 28 05:17:05 undercloud.localdomain container-server[3237]: 192.168.24.1 - - [28/Mar/2020:05:17:05 +0000] "PUT /1/622/AUTH_fca02e1b049443179175814c8eeb7b29/overcloud/firstboot/userdata_root_password.yaml" 201 - "PUT http://192.168.24.2:13808/1/956/AUTH_fca02e1b049443179175814c8eeb7b29/overcloud/firstboot/userdata_root_password.yaml" "txf1c43c94e5d24aa5a5480-005e7eddb4" "object-server 3336" 0.0009 "-" 3237 0
Mar 28 05:17:05 undercloud.localdomain object-server[3336]: 192.168.24.1 - - [28/Mar/2020:05:17:05 +0000] "PUT /1/956/AUTH_fca02e1b049443179175814c8eeb7b29/overcloud/firstboot/userdata_root_password.yaml" 201 - "PUT http://192.168.24.2:13808/v1/AUTH_fca02e1b049443179175814c8eeb7b29/overcloud/firstboot/userdata_root_password.yaml?extract-archive=tar.gz" "txf1c43c94e5d24aa5a5480-005e7eddb4" "proxy-server 1336" 0.0264 "-" 3336 0
Mar 28 05:17:05 undercloud.localdomain haproxy[28831]: 192.168.24.2:44672 [28/Mar/2020:05:16:03.764] ironic~ ironic/192.168.24.1 17/1/61941 387 CD 10/4/4/4/0 0/0
Mar 28 05:17:05 undercloud.localdomain container-server[3238]: 192.168.24.1 - - [28/Mar/2020:05:17:05 +0000] "PUT /1/622/AUTH_fca02e1b049443179175814c8eeb7b29/overcloud/firstboot/conntectx3_streering.yaml" 201 - "PUT http://192.168.24.2:13808/1/805/AUTH_fca02e1b049443179175814c8eeb7b29/overcloud/firstboot/conntectx3_streering.yaml" "txf1c43c94e5d24aa5a5480-005e7eddb4" "object-server 3336" 0.0008 "-" 3238 0
Mar 28 05:17:05 undercloud.localdomain object-server[3336]: 192.168.24.1 - - [28/Mar/2020:05:17:05 +0000] "PUT /1/805/AUTH_fca02e1b049443179175814c8eeb7b29/overcloud/firstboot/conntectx3_streering.yaml" 201 - "PUT http://192.168.24.2:13808/v1/AUTH_fca02e1b049443179175814c8eeb7b29/overcloud/firstboot/conntectx3_streering.yaml?extract-archive=tar.gz" "txf1c43c94e5d24aa5a5480-005e7eddb4" "proxy-server 1336" 0.0188 "-" 3336 0
Mar 28 05:17:05 undercloud.localdomain container-server[3237]: 192.168.24.1 - - [28/Mar/2020:05:17:05 +0000] "PUT /1/622/AUTH_fca02e1b049443179175814c8eeb7b29/overcloud/net-config-static.j2.yaml" 201 - "PUT http://192.168.24.2:13808/1/305/AUTH_fca02e1b049443179175814c8eeb7b29/overcloud/net-config-static.j2.yaml" "txf1c43c94e5d24aa5a5480-005e7eddb4" "object-server 3335" 0.0007 "-" 3237 0
Mar 28 05:17:05 undercloud.localdomain object-server[3335]: 192.168.24.1 - - [28/Mar/2020:05:17:05 +0000] "PUT /1/305/AUTH_fca02e1b049443179175814c8eeb7b29/overcloud/net-config-static.j2.yaml" 201 - "PUT http://192.168.24.2:13808/v1/AUTH_fca02e1b049443179175814c8eeb7b29/overcloud/net-config-static.j2.yaml?extract-archive=tar.gz" "txf1c43c94e5d24aa5a5480-005e7eddb4" "proxy-server 1336" 0.1030 "-" 3335 0
Mar 28 05:17:05 undercloud.localdomain proxy-server[1336]: 192.168.24.1 192.168.24.1 28/Mar/2020/05/17/05 PUT /v1/AUTH_fca02e1b049443179175814c8eeb7b29/overcloud%3Fextract-archive%3Dtar.gz HTTP/1.0 200 - python-swiftclient-3.5.1 gAAAAABeft2TyAjY... 549301 79 - txf1c43c94e5d24aa5a5480-005e7eddb4 - 29.2804 - - 1585372596.656555891 1585372625.936920881 -
Mar 28 05:17:06 undercloud.localdomain ironic-inspector[2074]: 2020-03-28 05:17:06.028 2074 DEBUG futurist.periodics [-] Submitting periodic callback 'ironic_inspector.pxe_filter.base.periodic_sync_task' _process_scheduled /usr/lib/python2.7/site-packages/futurist/periodics.py:639
Mar 28 05:17:06 undercloud.localdomain ironic-inspector[2074]: 2020-03-28 05:17:06.030 2074 DEBUG ironic_inspector.pxe_filter.base [-] The PXE filter driver DnsmasqFilter, state=initialized enters the fsm_reset_on_error context fsm_reset_on_error /usr/lib/python2.7/site-packages/ironic_inspector/pxe_filter/base.py:137
Mar 28 05:17:06 undercloud.localdomain ironic-inspector[2074]: 2020-03-28 05:17:06.031 2074 DEBUG ironic_inspector.pxe_filter.dnsmasq [-] Syncing the driver _sync /usr/lib/python2.7/site-packages/ironic_inspector/pxe_filter/dnsmasq.py:79
Mar 28 05:17:06 undercloud.localdomain ironic-inspector[2074]: 2020-03-28 05:17:06.088 2074 DEBUG ironic_inspector.pxe_filter.dnsmasq [-] The dnsmasq PXE filter was synchronized (took 0:00:00.056768) _sync /usr/lib/python2.7/site-packages/ironic_inspector/pxe_filter/dnsmasq.py:111
Mar 28 05:17:06 undercloud.localdomain ironic-inspector[2074]: 2020-03-28 05:17:06.089 2074 DEBUG ironic_inspector.pxe_filter.base [-] The PXE filter driver DnsmasqFilter, state=initialized left the fsm_reset_on_error context fsm_reset_on_error /usr/lib/python2.7/site-packages/ironic_inspector/pxe_filter/base.py:153
Mar 28 05:17:06 undercloud.localdomain registry[14923]: 192.168.24.1 - - [28/Mar/2020:05:17:06 +0000] "OPTIONS / HTTP/1.0" 200 0 "" ""
Mar 28 05:17:06 undercloud.localdomain haproxy[28831]: Connect from 192.168.24.2:52872 to 192.168.24.2:13808 (swift_proxy_server/TCP)
Mar 28 05:17:06 undercloud.localdomain object-server[3334]: 192.168.24.1 - - [28/Mar/2020:05:17:06 +0000] "GET /1/283/AUTH_fca02e1b049443179175814c8eeb7b29/overcloud/plan-environment.yaml" 200 195 "GET http://192.168.24.2:13808/v1/AUTH_fca02e1b049443179175814c8eeb7b29/overcloud/plan-environment.yaml" "txc329718ad05245f2beaec-005e7eddd2" "proxy-server 1332" 0.0033 "-" 3334 0
Mar 28 05:17:06 undercloud.localdomain proxy-server[1332]: 192.168.24.1 192.168.24.1 28/Mar/2020/05/17/06 GET /v1/AUTH_fca02e1b049443179175814c8eeb7b29/overcloud/plan-environment.yaml HTTP/1.0 200 - python-swiftclient-3.5.1 gAAAAABeft2TyAjY... - 195 - txc329718ad05245f2beaec-005e7eddd2 - 0.0390 - - 1585372626.402674913 1585372626.441656113 0
Mar 28 05:17:06 undercloud.localdomain haproxy[28831]: Connect from 192.168.24.3:40078 to 192.168.24.3:35357 (keystone_admin/HTTP)
Mar 28 05:17:06 undercloud.localdomain haproxy[28831]: Connect from 192.168.24.3:40082 to 192.168.24.3:35357 (keystone_admin/HTTP)
Mar 28 05:17:07 undercloud.localdomain haproxy[28831]: 192.168.24.2:37666 [28/Mar/2020:05:17:06.455] heat_api~ heat_api/192.168.24.1 17/0/1/1085/1103 404 796 - - ---- 11/1/0/1/0 0/0 "GET /v1/fca02e1b049443179175814c8eeb7b29/stacks/overcloud/environment HTTP/1.1"
Mar 28 05:17:07 undercloud.localdomain haproxy[28831]: Connect from 192.168.24.3:40122 to 192.168.24.3:35357 (keystone_admin/HTTP)
Mar 28 05:17:08 undercloud.localdomain registry[14923]: 192.168.24.1 - - [28/Mar/2020:05:17:08 +0000] "OPTIONS / HTTP/1.0" 200 0 "" ""
Mar 28 05:17:08 undercloud.localdomain container-server[3236]: 192.168.24.1 - - [28/Mar/2020:05:17:08 +0000] "PUT /1/622/AUTH_fca02e1b049443179175814c8eeb7b29/overcloud/plan-environment.yaml" 201 - "PUT http://192.168.24.2:13808/1/283/AUTH_fca02e1b049443179175814c8eeb7b29/overcloud/plan-environment.yaml" "tx7f991c9aa6f94d9f98ab8-005e7eddd4" "object-server 3334" 0.0006 "-" 3236 0
Mar 28 05:17:08 undercloud.localdomain object-server[3334]: 192.168.24.1 - - [28/Mar/2020:05:17:08 +0000] "PUT /1/283/AUTH_fca02e1b049443179175814c8eeb7b29/overcloud/plan-environment.yaml" 201 - "PUT http://192.168.24.2:13808/v1/AUTH_fca02e1b049443179175814c8eeb7b29/overcloud/plan-environment.yaml" "tx7f991c9aa6f94d9f98ab8-005e7eddd4" "proxy-server 1332" 0.0482 "-" 3334 0
Mar 28 05:17:08 undercloud.localdomain proxy-server[1332]: 192.168.24.1 192.168.24.1 28/Mar/2020/05/17/08 PUT /v1/AUTH_fca02e1b049443179175814c8eeb7b29/overcloud/plan-environment.yaml HTTP/1.0 201 - python-swiftclient-3.5.1 gAAAAABeft2TyAjY... 9694 - - tx7f991c9aa6f94d9f98ab8-005e7eddd4 - 0.0573 - - 1585372628.592427969 1585372628.649698973 0
Mar 28 05:17:08 undercloud.localdomain haproxy[28831]: Connect from 192.168.24.2:52958 to 192.168.24.2:13808 (swift_proxy_server/TCP)
Mar 28 05:17:08 undercloud.localdomain container-server[3236]: 192.168.24.1 - - [28/Mar/2020:05:17:08 +0000] "HEAD /1/12/AUTH_fca02e1b049443179175814c8eeb7b29/__cache__" 404 - "HEAD http://192.168.24.2:13808/v1/AUTH_fca02e1b049443179175814c8eeb7b29/__cache__?format=json" "txc9d60eb782024d0a9ce9d-005e7eddd4" "proxy-server 1332" 0.0015 "-" 3236 0
Mar 28 05:17:08 undercloud.localdomain proxy-server[1332]: - - 28/Mar/2020/05/17/08 HEAD /v1/AUTH_fca02e1b049443179175814c8eeb7b29/__cache__%3Fformat%3Djson HTTP/1.0 404 - Swift - - - - txc9d60eb782024d0a9ce9d-005e7eddd4 - 0.0063 RL - 1585372628.677926064 1585372628.684215069 0
Mar 28 05:17:08 undercloud.localdomain proxy-server[1332]: 192.168.24.1 192.168.24.1 28/Mar/2020/05/17/08 DELETE /v1/AUTH_fca02e1b049443179175814c8eeb7b29/__cache__/__cache_overcloud_tripleo.parameters.get HTTP/1.0 404 - python-swiftclient-3.5.1 gAAAAABeft2TyAjY... - 70 - txc9d60eb782024d0a9ce9d-005e7eddd4 - 0.0130 - - 1585372628.676408052 1585372628.689364910 0
Mar 28 05:17:08 undercloud.localdomain haproxy[28831]: 192.168.24.2:46106 [28/Mar/2020:05:17:07.779] mistral~ mistral/192.168.24.1 8/1/915 576 -- 12/1/1/1/0 0/0
Mar 28 05:17:08 undercloud.localdomain haproxy[28831]: Connect from 192.168.24.2:52964 to 192.168.24.2:13808 (swift_proxy_server/TCP)
Mar 28 05:17:08 undercloud.localdomain object-server[3336]: 192.168.24.1 - - [28/Mar/2020:05:17:08 +0000] "GET /1/283/AUTH_fca02e1b049443179175814c8eeb7b29/overcloud/plan-environment.yaml" 200 9694 "GET http://192.168.24.2:13808/v1/AUTH_fca02e1b049443179175814c8eeb7b29/overcloud/plan-environment.yaml" "tx0a819182d6e24bd89e297-005e7eddd4" "proxy-server 1331" 0.0021 "-" 3336 0
Mar 28 05:17:08 undercloud.localdomain proxy-server[1331]: 192.168.24.1 192.168.24.1 28/Mar/2020/05/17/08 GET /v1/AUTH_fca02e1b049443179175814c8eeb7b29/overcloud/plan-environment.yaml HTTP/1.0 200 - python-swiftclient-3.5.1 gAAAAABeft2TyAjY... - 9694 - tx0a819182d6e24bd89e297-005e7eddd4 - 0.0293 - - 1585372628.838684082 1585372628.868010998 0
Mar 28 05:17:09 undercloud.localdomain container-server[3236]: 192.168.24.1 - - [28/Mar/2020:05:17:09 +0000] "PUT /1/622/AUTH_fca02e1b049443179175814c8eeb7b29/overcloud/plan-environment.yaml" 201 - "PUT http://192.168.24.2:13808/1/283/AUTH_fca02e1b049443179175814c8eeb7b29/overcloud/plan-environment.yaml" "txd2bbfa26c1d144cbb44d4-005e7eddd4" "object-server 3333" 0.0009 "-" 3236 0
Mar 28 05:17:09 undercloud.localdomain object-server[3333]: 192.168.24.1 - - [28/Mar/2020:05:17:09 +0000] "PUT /1/283/AUTH_fca02e1b049443179175814c8eeb7b29/overcloud/plan-environment.yaml" 201 - "PUT http://192.168.24.2:13808/v1/AUTH_fca02e1b049443179175814c8eeb7b29/overcloud/plan-environment.yaml" "txd2bbfa26c1d144cbb44d4-005e7eddd4" "proxy-server 1331" 0.0494 "-" 3333 0
Mar 28 05:17:09 undercloud.localdomain proxy-server[1331]: 192.168.24.1 192.168.24.1 28/Mar/2020/05/17/09 PUT /v1/AUTH_fca02e1b049443179175814c8eeb7b29/overcloud/plan-environment.yaml HTTP/1.0 201 - python-swiftclient-3.5.1 gAAAAABeft2TyAjY... 9741 - - txd2bbfa26c1d144cbb44d4-005e7eddd4 - 0.0622 - - 1585372628.944292068 1585372629.006475925 0
Mar 28 05:17:09 undercloud.localdomain haproxy[28831]: Connect from 192.168.24.2:52976 to 192.168.24.2:13808 (swift_proxy_server/TCP)
Mar 28 05:17:09 undercloud.localdomain object-server[3335]: 192.168.24.1 - - [28/Mar/2020:05:17:09 +0000] "GET /1/283/AUTH_fca02e1b049443179175814c8eeb7b29/overcloud/plan-environment.yaml" 200 9741 "GET http://192.168.24.2:13808/v1/AUTH_fca02e1b049443179175814c8eeb7b29/overcloud/plan-environment.yaml" "tx61f1963c64c140b0b0c96-005e7eddd5" "proxy-server 1336" 0.0018 "-" 3335 0
Mar 28 05:17:09 undercloud.localdomain proxy-server[1336]: 192.168.24.1 192.168.24.1 28/Mar/2020/05/17/09 GET /v1/AUTH_fca02e1b049443179175814c8eeb7b29/overcloud/plan-environment.yaml HTTP/1.0 200 - python-swiftclient-3.5.1 gAAAAABeft2TyAjY... - 9741 - tx61f1963c64c140b0b0c96-005e7eddd5 - 0.0147 - - 1585372629.030688047 1585372629.045428038 0
Mar 28 05:17:09 undercloud.localdomain haproxy[28831]: Connect from 192.168.24.2:52982 to 192.168.24.2:13808 (swift_proxy_server/TCP)
Mar 28 05:17:09 undercloud.localdomain object-server[3335]: 192.168.24.1 - - [28/Mar/2020:05:17:09 +0000] "GET /1/216/AUTH_fca02e1b049443179175814c8eeb7b29/overcloud/roles_data.yaml" 200 15898 "GET http://192.168.24.2:13808/v1/AUTH_fca02e1b049443179175814c8eeb7b29/overcloud/roles_data.yaml" "tx17f68e6fcb194bd7beabf-005e7eddd5" "proxy-server 1332" 0.0014 "-" 3335 0
Mar 28 05:17:09 undercloud.localdomain proxy-server[1332]: 192.168.24.1 192.168.24.1 28/Mar/2020/05/17/09 GET /v1/AUTH_fca02e1b049443179175814c8eeb7b29/overcloud/roles_data.yaml HTTP/1.0 200 - python-swiftclient-3.5.1 gAAAAABeft2TyAjY... - 15898 - tx17f68e6fcb194bd7beabf-005e7eddd5 - 0.0167 - - 1585372629.116283894 1585372629.133008003 0
Mar 28 05:17:09 undercloud.localdomain object-server[3336]: 192.168.24.1 - - [28/Mar/2020:05:17:09 +0000] "GET /1/122/AUTH_fca02e1b049443179175814c8eeb7b29/overcloud/network_data.yaml" 200 5063 "GET http://192.168.24.2:13808/v1/AUTH_fca02e1b049443179175814c8eeb7b29/overcloud/network_data.yaml" "tx1f5592386fa045eab8cfa-005e7eddd5" "proxy-server 1332" 0.0015 "-" 3336 0
Mar 28 05:17:09 undercloud.localdomain proxy-server[1332]: 192.168.24.1 192.168.24.1 28/Mar/2020/05/17/09 GET /v1/AUTH_fca02e1b049443179175814c8eeb7b29/overcloud/network_data.yaml HTTP/1.0 200 - python-swiftclient-3.5.1 gAAAAABeft2TyAjY... - 5063 - tx1f5592386fa045eab8cfa-005e7eddd5 - 0.0139 - - 1585372629.213398933 1585372629.227298975 0
Mar 28 05:17:09 undercloud.localdomain haproxy[28831]: Connect from 192.168.24.2:52998 to 192.168.24.2:13808 (swift_proxy_server/TCP)
Mar 28 05:17:09 undercloud.localdomain object-server[3333]: 192.168.24.1 - - [28/Mar/2020:05:17:09 +0000] "GET /1/267/AUTH_fca02e1b049443179175814c8eeb7b29/overcloud/j2_excludes.yaml" 200 220 "GET http://192.168.24.2:13808/v1/AUTH_fca02e1b049443179175814c8eeb7b29/overcloud/j2_excludes.yaml" "tx995ba6becaf84bf39bc9c-005e7eddd5" "proxy-server 1332" 0.0018 "-" 3333 0
Mar 28 05:17:09 undercloud.localdomain proxy-server[1332]: 192.168.24.1 192.168.24.1 28/Mar/2020/05/17/09 GET /v1/AUTH_fca02e1b049443179175814c8eeb7b29/overcloud/j2_excludes.yaml HTTP/1.0 200 - python-swiftclient-3.5.1 gAAAAABeft2TyAjY... - 220 - tx995ba6becaf84bf39bc9c-005e7eddd5 - 0.0133 - - 1585372629.269088984 1585372629.282368898 0
Mar 28 05:17:09 undercloud.localdomain container-server[3236]: 192.168.24.1 - - [28/Mar/2020:05:17:09 +0000] "GET /1/622/AUTH_fca02e1b049443179175814c8eeb7b29/overcloud" 200 193356 "GET http://192.168.24.2:13808/v1/AUTH_fca02e1b049443179175814c8eeb7b29/overcloud?format=json" "txe07ec9feda154c16bdc23-005e7eddd5" "proxy-server 1332" 0.1134 "-" 3236 0
Mar 28 05:17:09 undercloud.localdomain proxy-server[1332]: 192.168.24.1 192.168.24.1 28/Mar/2020/05/17/09 GET /v1/AUTH_fca02e1b049443179175814c8eeb7b29/overcloud%3Fformat%3Djson HTTP/1.0 200 - python-swiftclient-3.5.1 gAAAAABeft2TyAjY... - 193356 - txe07ec9feda154c16bdc23-005e7eddd5 - 0.1428 - - 1585372629.291410923 1585372629.434221983 0
Mar 28 05:17:09 undercloud.localdomain haproxy[28831]: Connect from 192.168.24.3:40212 to 192.168.24.3:35357 (keystone_admin/HTTP)
Mar 28 05:17:09 undercloud.localdomain haproxy[28831]: Connect from 192.168.24.3:40216 to 192.168.24.3:35357 (keystone_admin/HTTP)
Mar 28 05:17:10 undercloud.localdomain registry[14923]: 192.168.24.1 - - [28/Mar/2020:05:17:10 +0000] "OPTIONS / HTTP/1.0" 200 0 "" ""
Mar 28 05:17:10 undercloud.localdomain haproxy[28831]: 192.168.24.2:37798 [28/Mar/2020:05:17:09.477] heat_api~ heat_api/192.168.24.1 22/0/0/944/966 404 796 - - ---- 15/1/0/1/0 0/0 "GET /v1/fca02e1b049443179175814c8eeb7b29/stacks/overcloud HTTP/1.1"
Mar 28 05:17:10 undercloud.localdomain object-server[3333]: 192.168.24.1 - - [28/Mar/2020:05:17:10 +0000] "GET /1/611/AUTH_fca02e1b049443179175814c8eeb7b29/overcloud/common/post.j2.yaml" 200 32 "GET http://192.168.24.2:13808/v1/AUTH_fca02e1b049443179175814c8eeb7b29/overcloud/common/post.j2.yaml" "tx53e6d927b01c4bfda5ee1-005e7eddd6" "proxy-server 1332" 0.0014 "-" 3333 0
Mar 28 05:17:10 undercloud.localdomain proxy-server[1332]: 192.168.24.1 192.168.24.1 28/Mar/2020/05/17/10 GET /v1/AUTH_fca02e1b049443179175814c8eeb7b29/overcloud/common/post.j2.yaml HTTP/1.0 200 - python-swiftclient-3.5.1 gAAAAABeft2TyAjY... - 32 - tx53e6d927b01c4bfda5ee1-005e7eddd6 - 0.0130 - - 1585372630.453114986 1585372630.466120958 0
Mar 28 05:17:10 undercloud.localdomain haproxy[28831]: Connect from 192.168.24.2:53056 to 192.168.24.2:13808 (swift_proxy_server/TCP)
Mar 28 05:17:10 undercloud.localdomain object-server[3335]: 192.168.24.1 - - [28/Mar/2020:05:17:10 +0000] "GET /1/232/AUTH_fca02e1b049443179175814c8eeb7b29/overcloud/common/deploy-steps.j2" 200 27725 "GET http://192.168.24.2:13808/v1/AUTH_fca02e1b049443179175814c8eeb7b29/overcloud/common/deploy-steps.j2" "txe973c39729c4446283493-005e7eddd6" "proxy-server 1332" 0.0012 "-" 3335 0
Mar 28 05:17:10 undercloud.localdomain proxy-server[1332]: 192.168.24.1 192.168.24.1 28/Mar/2020/05/17/10 GET /v1/AUTH_fca02e1b049443179175814c8eeb7b29/overcloud/common/deploy-steps.j2 HTTP/1.0 200 - python-swiftclient-3.5.1 gAAAAABeft2TyAjY... - 27725 - txe973c39729c4446283493-005e7eddd6 - 0.0123 - - 1585372630.498437881 1585372630.510732889 0
Mar 28 05:17:10 undercloud.localdomain haproxy[28831]: Connect from 192.168.24.2:53064 to 192.168.24.2:13808 (swift_proxy_server/TCP)
Mar 28 05:17:10 undercloud.localdomain proxy-server[1336]: 192.168.24.1 192.168.24.1 28/Mar/2020/05/17/10 DELETE /v1/AUTH_fca02e1b049443179175814c8eeb7b29/__cache__/__cache_overcloud_tripleo.parameters.get HTTP/1.0 404 - python-swiftclient-3.5.1 gAAAAABeft2TyAjY... - 70 - txc8391790b3fb4d7395dce-005e7eddd6 - 0.0045 - - 1585372630.684068918 1585372630.688529968 0
Mar 28 05:17:10 undercloud.localdomain container-server[3236]: 192.168.24.1 - - [28/Mar/2020:05:17:10 +0000] "PUT /1/622/AUTH_fca02e1b049443179175814c8eeb7b29/overcloud/common/post.yaml" 201 - "PUT http://192.168.24.2:13808/1/813/AUTH_fca02e1b049443179175814c8eeb7b29/overcloud/common/post.yaml" "tx93c4cf221c094d7a969d4-005e7eddd6" "object-server 3336" 0.0006 "-" 3236 0
Mar 28 05:17:10 undercloud.localdomain object-server[3336]: 192.168.24.1 - - [28/Mar/2020:05:17:10 +0000] "PUT /1/813/AUTH_fca02e1b049443179175814c8eeb7b29/overcloud/common/post.yaml" 201 - "PUT http://192.168.24.2:13808/v1/AUTH_fca02e1b049443179175814c8eeb7b29/overcloud/common/post.yaml" "tx93c4cf221c094d7a969d4-005e7eddd6" "proxy-server 1332" 0.0695 "-" 3336 0
Mar 28 05:17:10 undercloud.localdomain proxy-server[1332]: 192.168.24.1 192.168.24.1 28/Mar/2020/05/17/10 PUT /v1/AUTH_fca02e1b049443179175814c8eeb7b29/overcloud/common/post.yaml HTTP/1.0 201 - python-swiftclient-3.5.1 gAAAAABeft2TyAjY... 118001 - - tx93c4cf221c094d7a969d4-005e7eddd6 - 0.0795 - - 1585372630.696163893 1585372630.775698900 0
Mar 28 05:17:10 undercloud.localdomain object-server[3335]: 192.168.24.1 - - [28/Mar/2020:05:17:10 +0000] "GET /1/609/AUTH_fca02e1b049443179175814c8eeb7b29/overcloud/common/services/role.role.j2.yaml" 200 14958 "GET http://192.168.24.2:13808/v1/AUTH_fca02e1b049443179175814c8eeb7b29/overcloud/common/services/role.role.j2.yaml" "tx914236ec9cc144a4bc6b8-005e7eddd6" "proxy-server 1332" 0.0008 "-" 3335 0
Mar 28 05:17:10 undercloud.localdomain proxy-server[1332]: 192.168.24.1 192.168.24.1 28/Mar/2020/05/17/10 GET /v1/AUTH_fca02e1b049443179175814c8eeb7b29/overcloud/common/services/role.role.j2.yaml HTTP/1.0 200 - python-swiftclient-3.5.1 gAAAAABeft2TyAjY... - 14958 - tx914236ec9cc144a4bc6b8-005e7eddd6 - 0.0189 - - 1585372630.784252882 1585372630.803179026 0
Mar 28 05:17:10 undercloud.localdomain haproxy[28831]: Connect from 192.168.24.2:53074 to 192.168.24.2:13808 (swift_proxy_server/TCP)
Mar 28 05:17:10 undercloud.localdomain proxy-server[1331]: 192.168.24.1 192.168.24.1 28/Mar/2020/05/17/10 DELETE /v1/AUTH_fca02e1b049443179175814c8eeb7b29/__cache__/__cache_overcloud_tripleo.parameters.get HTTP/1.0 404 - python-swiftclient-3.5.1 gAAAAABeft2TyAjY... - 70 - tx9a65dbc057a04beea3fa3-005e7eddd6 - 0.0060 - - 1585372630.842597961 1585372630.848647118 0
Mar 28 05:17:10 undercloud.localdomain haproxy[28831]: Connect from 192.168.24.2:53078 to 192.168.24.2:13808 (swift_proxy_server/TCP)
Mar 28 05:17:10 undercloud.localdomain container-server[3237]: 192.168.24.1 - - [28/Mar/2020:05:17:10 +0000] "PUT /1/622/AUTH_fca02e1b049443179175814c8eeb7b29/overcloud/common/services/controller-role.yaml" 201 - "PUT http://192.168.24.2:13808/1/62/AUTH_fca02e1b049443179175814c8eeb7b29/overcloud/common/services/controller-role.yaml" "tx556e51d92a474dcb8ba60-005e7eddd6" "object-server 3336" 0.0006 "-" 3237 0
Mar 28 05:17:10 undercloud.localdomain object-server[3336]: 192.168.24.1 - - [28/Mar/2020:05:17:10 +0000] "PUT /1/62/AUTH_fca02e1b049443179175814c8eeb7b29/overcloud/common/services/controller-role.yaml" 201 - "PUT http://192.168.24.2:13808/v1/AUTH_fca02e1b049443179175814c8eeb7b29/overcloud/common/services/controller-role.yaml" "tx556e51d92a474dcb8ba60-005e7eddd6" "proxy-server 1336" 0.0230 "-" 3336 0
Mar 28 05:17:10 undercloud.localdomain proxy-server[1336]: 192.168.24.1 192.168.24.1 28/Mar/2020/05/17/10 PUT /v1/AUTH_fca02e1b049443179175814c8eeb7b29/overcloud/common/services/controller-role.yaml HTTP/1.0 201 - python-swiftclient-3.5.1 gAAAAABeft2TyAjY... 14954 - - tx556e51d92a474dcb8ba60-005e7eddd6 - 0.0325 - - 1585372630.869695902 1585372630.902195930 0
Mar 28 05:17:10 undercloud.localdomain haproxy[28831]: Connect from 192.168.24.2:53086 to 192.168.24.2:13808 (swift_proxy_server/TCP)
Mar 28 05:17:10 undercloud.localdomain proxy-server[1336]: 192.168.24.1 192.168.24.1 28/Mar/2020/05/17/10 DELETE /v1/AUTH_fca02e1b049443179175814c8eeb7b29/__cache__/__cache_overcloud_tripleo.parameters.get HTTP/1.0 404 - python-swiftclient-3.5.1 gAAAAABeft2TyAjY... - 70 - tx129209824ae14d12af567-005e7eddd6 - 0.0053 - - 1585372630.928498983 1585372630.933770895 0
Mar 28 05:17:10 undercloud.localdomain haproxy[28831]: Connect from 192.168.24.2:53090 to 192.168.24.2:13808 (swift_proxy_server/TCP)
Mar 28 05:17:11 undercloud.localdomain container-server[3237]: 192.168.24.1 - - [28/Mar/2020:05:17:11 +0000] "PUT /1/622/AUTH_fca02e1b049443179175814c8eeb7b29/overcloud/common/services/compute-role.yaml" 201 - "PUT http://192.168.24.2:13808/1/36/AUTH_fca02e1b049443179175814c8eeb7b29/overcloud/common/services/compute-role.yaml" "tx91928f7fcae84622840d1-005e7eddd6" "object-server 3335" 0.0007 "-" 3237 0
Mar 28 05:17:11 undercloud.localdomain object-server[3335]: 192.168.24.1 - - [28/Mar/2020:05:17:11 +0000] "PUT /1/36/AUTH_fca02e1b049443179175814c8eeb7b29/overcloud/common/services/compute-role.yaml" 201 - "PUT http://192.168.24.2:13808/v1/AUTH_fca02e1b049443179175814c8eeb7b29/overcloud/common/services/compute-role.yaml" "tx91928f7fcae84622840d1-005e7eddd6" "proxy-server 1332" 0.0795 "-" 3335 0
Mar 28 05:17:11 undercloud.localdomain proxy-server[1332]: 192.168.24.1 192.168.24.1 28/Mar/2020/05/17/11 PUT /v1/AUTH_fca02e1b049443179175814c8eeb7b29/overcloud/common/services/compute-role.yaml HTTP/1.0 201 - python-swiftclient-3.5.1 gAAAAABeft2TyAjY... 14951 - - tx91928f7fcae84622840d1-005e7eddd6 - 0.0860 - - 1585372630.946374893 1585372631.032386065 0
Mar 28 05:17:11 undercloud.localdomain haproxy[28831]: Connect from 192.168.24.2:53098 to 192.168.24.2:13808 (swift_proxy_server/TCP)
Mar 28 05:17:11 undercloud.localdomain proxy-server[1336]: 192.168.24.1 192.168.24.1 28/Mar/2020/05/17/11 DELETE /v1/AUTH_fca02e1b049443179175814c8eeb7b29/__cache__/__cache_overcloud_tripleo.parameters.get HTTP/1.0 404 - python-swiftclient-3.5.1 gAAAAABeft2TyAjY... - 70 - txbe25268adbea40559efee-005e7eddd7 - 0.0052 - - 1585372631.055078030 1585372631.060323954 0
Mar 28 05:17:11 undercloud.localdomain haproxy[28831]: Connect from 192.168.24.2:53102 to 192.168.24.2:13808 (swift_proxy_server/TCP)
Mar 28 05:17:11 undercloud.localdomain container-server[3237]: 192.168.24.1 - - [28/Mar/2020:05:17:11 +0000] "PUT /1/622/AUTH_fca02e1b049443179175814c8eeb7b29/overcloud/common/services/blockstorage-role.yaml" 201 - "PUT http://192.168.24.2:13808/1/778/AUTH_fca02e1b049443179175814c8eeb7b29/overcloud/common/services/blockstorage-role.yaml" "tx2e317c4d7bbf4b34834ab-005e7eddd7" "object-server 3336" 0.0004 "-" 3237 0
Mar 28 05:17:11 undercloud.localdomain object-server[3336]: 192.168.24.1 - - [28/Mar/2020:05:17:11 +0000] "PUT /1/778/AUTH_fca02e1b049443179175814c8eeb7b29/overcloud/common/services/blockstorage-role.yaml" 201 - "PUT http://192.168.24.2:13808/v1/AUTH_fca02e1b049443179175814c8eeb7b29/overcloud/common/services/blockstorage-role.yaml" "tx2e317c4d7bbf4b34834ab-005e7eddd7" "proxy-server 1331" 0.0194 "-" 3336 0
Mar 28 05:17:11 undercloud.localdomain proxy-server[1331]: 192.168.24.1 192.168.24.1 28/Mar/2020/05/17/11 PUT /v1/AUTH_fca02e1b049443179175814c8eeb7b29/overcloud/common/services/blockstorage-role.yaml HTTP/1.0 201 - python-swiftclient-3.5.1 gAAAAABeft2TyAjY... 14956 - - tx2e317c4d7bbf4b34834ab-005e7eddd7 - 0.0295 - - 1585372631.078053951 1585372631.107516050 0
Mar 28 05:17:11 undercloud.localdomain haproxy[28831]: Connect from 192.168.24.2:53110 to 192.168.24.2:13808 (swift_proxy_server/TCP)
