2020-03-28 05:07:44.692 29869 DEBUG oslo_service.service [-] heat_api.max_header_line = 16384 log_opt_values /usr/lib/python2.7/site-packages/oslo_config/cfg.py:2902
2020-03-28 05:07:44.692 29869 DEBUG oslo_service.service [-] heat_api.tcp_keepidle = 600 log_opt_values /usr/lib/python2.7/site-packages/oslo_config/cfg.py:2902
2020-03-28 05:07:44.693 29869 DEBUG oslo_service.service [-] heat_api.workers = 4 log_opt_values /usr/lib/python2.7/site-packages/oslo_config/cfg.py:2902
2020-03-28 05:07:44.693 29869 DEBUG oslo_service.service [-] clients_heat.ca_file = None log_opt_values /usr/lib/python2.7/site-packages/oslo_config/cfg.py:2902
2020-03-28 05:07:44.693 29869 DEBUG oslo_service.service [-] clients_heat.cert_file = None log_opt_values /usr/lib/python2.7/site-packages/oslo_config/cfg.py:2902
2020-03-28 05:07:44.693 29869 DEBUG oslo_service.service [-] clients_heat.endpoint_type = None log_opt_values /usr/lib/python2.7/site-packages/oslo_config/cfg.py:2902
2020-03-28 05:07:44.693 29869 DEBUG oslo_service.service [-] clients_heat.insecure = None log_opt_values /usr/lib/python2.7/site-packages/oslo_config/cfg.py:2902
2020-03-28 05:07:44.693 29869 DEBUG oslo_service.service [-] clients_heat.key_file = None log_opt_values /usr/lib/python2.7/site-packages/oslo_config/cfg.py:2902
2020-03-28 05:07:44.693 29869 DEBUG oslo_service.service [-] clients_heat.url = log_opt_values /usr/lib/python2.7/site-packages/oslo_config/cfg.py:2902
2020-03-28 05:07:44.694 29869 DEBUG oslo_service.service [-] profiler.connection_string = messaging:// log_opt_values /usr/lib/python2.7/site-packages/oslo_config/cfg.py:2902
2020-03-28 05:07:44.694 29869 DEBUG oslo_service.service [-] profiler.enabled = False log_opt_values /usr/lib/python2.7/site-packages/oslo_config/cfg.py:2902
2020-03-28 05:07:44.694 29869 DEBUG oslo_service.service [-] profiler.es_doc_type = notification log_opt_values /usr/lib/python2.7/site-packages/oslo_config/cfg.py:2902
2020-03-28 05:07:44.694 29869 DEBUG oslo_service.service [-] profiler.es_scroll_size = 10000 log_opt_values /usr/lib/python2.7/site-packages/oslo_config/cfg.py:2902
2020-03-28 05:07:44.694 29869 DEBUG oslo_service.service [-] profiler.es_scroll_time = 2m log_opt_values /usr/lib/python2.7/site-packages/oslo_config/cfg.py:2902
2020-03-28 05:07:44.694 29869 DEBUG oslo_service.service [-] profiler.hmac_keys = SECRET_KEY log_opt_values /usr/lib/python2.7/site-packages/oslo_config/cfg.py:2902
2020-03-28 05:07:44.695 29869 DEBUG oslo_service.service [-] profiler.sentinel_service_name = mymaster log_opt_values /usr/lib/python2.7/site-packages/oslo_config/cfg.py:2902
2020-03-28 05:07:44.695 29869 DEBUG oslo_service.service [-] profiler.socket_timeout = 0.1 log_opt_values /usr/lib/python2.7/site-packages/oslo_config/cfg.py:2902
2020-03-28 05:07:44.695 29869 DEBUG oslo_service.service [-] profiler.trace_sqlalchemy = False log_opt_values /usr/lib/python2.7/site-packages/oslo_config/cfg.py:2902
2020-03-28 05:07:44.695 29869 DEBUG oslo_service.service [-] trustee.auth_section = None log_opt_values /usr/lib/python2.7/site-packages/oslo_config/cfg.py:2902
2020-03-28 05:07:44.696 29869 DEBUG oslo_service.service [-] trustee.auth_type = password log_opt_values /usr/lib/python2.7/site-packages/oslo_config/cfg.py:2902
2020-03-28 05:07:44.696 29869 DEBUG oslo_service.service [-] oslo_messaging_rabbit.amqp_auto_delete = False log_opt_values /usr/lib/python2.7/site-packages/oslo_config/cfg.py:2902
2020-03-28 05:07:44.696 29869 DEBUG oslo_service.service [-] oslo_messaging_rabbit.amqp_durable_queues = False log_opt_values /usr/lib/python2.7/site-packages/oslo_config/cfg.py:2902
2020-03-28 05:07:44.696 29869 DEBUG oslo_service.service [-] oslo_messaging_rabbit.conn_pool_min_size = 2 log_opt_values /usr/lib/python2.7/site-packages/oslo_config/cfg.py:2902
2020-03-28 05:07:44.696 29869 DEBUG oslo_service.service [-] oslo_messaging_rabbit.conn_pool_ttl = 1200 log_opt_values /usr/lib/python2.7/site-packages/oslo_config/cfg.py:2902
2020-03-28 05:07:44.697 29869 DEBUG oslo_service.service [-] oslo_messaging_rabbit.fake_rabbit = False log_opt_values /usr/lib/python2.7/site-packages/oslo_config/cfg.py:2902
2020-03-28 05:07:44.697 29869 DEBUG oslo_service.service [-] oslo_messaging_rabbit.heartbeat_rate = 2 log_opt_values /usr/lib/python2.7/site-packages/oslo_config/cfg.py:2902
2020-03-28 05:07:44.697 29869 DEBUG oslo_service.service [-] oslo_messaging_rabbit.heartbeat_timeout_threshold = 60 log_opt_values /usr/lib/python2.7/site-packages/oslo_config/cfg.py:2902
2020-03-28 05:07:44.697 29869 DEBUG oslo_service.service [-] oslo_messaging_rabbit.kombu_compression = None log_opt_values /usr/lib/python2.7/site-packages/oslo_config/cfg.py:2902
2020-03-28 05:07:44.697 29869 DEBUG oslo_service.service [-] oslo_messaging_rabbit.kombu_failover_strategy = round-robin log_opt_values /usr/lib/python2.7/site-packages/oslo_config/cfg.py:2902
2020-03-28 05:07:44.697 29869 DEBUG oslo_service.service [-] oslo_messaging_rabbit.kombu_missing_consumer_retry_timeout = 60 log_opt_values /usr/lib/python2.7/site-packages/oslo_config/cfg.py:2902
2020-03-28 05:07:44.698 29869 DEBUG oslo_service.service [-] oslo_messaging_rabbit.kombu_reconnect_delay = 1.0 log_opt_values /usr/lib/python2.7/site-packages/oslo_config/cfg.py:2902
2020-03-28 05:07:44.698 29869 DEBUG oslo_service.service [-] oslo_messaging_rabbit.rabbit_ha_queues = False log_opt_values /usr/lib/python2.7/site-packages/oslo_config/cfg.py:2902
2020-03-28 05:07:44.698 29869 DEBUG oslo_service.service [-] oslo_messaging_rabbit.rabbit_host = localhost log_opt_values /usr/lib/python2.7/site-packages/oslo_config/cfg.py:2902
2020-03-28 05:07:44.698 29869 DEBUG oslo_service.service [-] oslo_messaging_rabbit.rabbit_hosts = ['localhost:5672'] log_opt_values /usr/lib/python2.7/site-packages/oslo_config/cfg.py:2902
2020-03-28 05:07:44.699 29869 DEBUG oslo_service.service [-] oslo_messaging_rabbit.rabbit_interval_max = 30 log_opt_values /usr/lib/python2.7/site-packages/oslo_config/cfg.py:2902
2020-03-28 05:07:44.699 29869 DEBUG oslo_service.service [-] oslo_messaging_rabbit.rabbit_login_method = AMQPLAIN log_opt_values /usr/lib/python2.7/site-packages/oslo_config/cfg.py:2902
2020-03-28 05:07:44.699 29869 DEBUG oslo_service.service [-] oslo_messaging_rabbit.rabbit_max_retries = 0 log_opt_values /usr/lib/python2.7/site-packages/oslo_config/cfg.py:2902
2020-03-28 05:07:44.699 29869 DEBUG oslo_service.service [-] oslo_messaging_rabbit.rabbit_password = **** log_opt_values /usr/lib/python2.7/site-packages/oslo_config/cfg.py:2902
2020-03-28 05:07:44.699 29869 DEBUG oslo_service.service [-] oslo_messaging_rabbit.rabbit_port = 5672 log_opt_values /usr/lib/python2.7/site-packages/oslo_config/cfg.py:2902
2020-03-28 05:07:44.699 29869 DEBUG oslo_service.service [-] oslo_messaging_rabbit.rabbit_qos_prefetch_count = 0 log_opt_values /usr/lib/python2.7/site-packages/oslo_config/cfg.py:2902
2020-03-28 05:07:44.699 29869 DEBUG oslo_service.service [-] oslo_messaging_rabbit.rabbit_retry_backoff = 2 log_opt_values /usr/lib/python2.7/site-packages/oslo_config/cfg.py:2902
2020-03-28 05:07:44.699 29869 DEBUG oslo_service.service [-] oslo_messaging_rabbit.rabbit_retry_interval = 1 log_opt_values /usr/lib/python2.7/site-packages/oslo_config/cfg.py:2902
2020-03-28 05:07:44.700 29869 DEBUG oslo_service.service [-] oslo_messaging_rabbit.rabbit_transient_queues_ttl = 1800 log_opt_values /usr/lib/python2.7/site-packages/oslo_config/cfg.py:2902
2020-03-28 05:07:44.700 29869 DEBUG oslo_service.service [-] oslo_messaging_rabbit.rabbit_userid = guest log_opt_values /usr/lib/python2.7/site-packages/oslo_config/cfg.py:2902
2020-03-28 05:07:44.700 29869 DEBUG oslo_service.service [-] oslo_messaging_rabbit.rabbit_virtual_host = / log_opt_values /usr/lib/python2.7/site-packages/oslo_config/cfg.py:2902
2020-03-28 05:07:44.700 29869 DEBUG oslo_service.service [-] oslo_messaging_rabbit.rpc_conn_pool_size = 30 log_opt_values /usr/lib/python2.7/site-packages/oslo_config/cfg.py:2902
2020-03-28 05:07:44.700 29869 DEBUG oslo_service.service [-] oslo_messaging_rabbit.ssl = False log_opt_values /usr/lib/python2.7/site-packages/oslo_config/cfg.py:2902
2020-03-28 05:07:44.700 29869 DEBUG oslo_service.service [-] oslo_messaging_rabbit.ssl_ca_file = log_opt_values /usr/lib/python2.7/site-packages/oslo_config/cfg.py:2902
2020-03-28 05:07:44.700 29869 DEBUG oslo_service.service [-] oslo_messaging_rabbit.ssl_cert_file = log_opt_values /usr/lib/python2.7/site-packages/oslo_config/cfg.py:2902
2020-03-28 05:07:44.701 29869 DEBUG oslo_service.service [-] oslo_messaging_rabbit.ssl_key_file = log_opt_values /usr/lib/python2.7/site-packages/oslo_config/cfg.py:2902
2020-03-28 05:07:44.701 29869 DEBUG oslo_service.service [-] oslo_messaging_rabbit.ssl_version = log_opt_values /usr/lib/python2.7/site-packages/oslo_config/cfg.py:2902
2020-03-28 05:07:44.701 29869 DEBUG oslo_service.service [-] auth_password.allowed_auth_uris = [] log_opt_values /usr/lib/python2.7/site-packages/oslo_config/cfg.py:2902
2020-03-28 05:07:44.701 29869 DEBUG oslo_service.service [-] auth_password.multi_cloud = False log_opt_values /usr/lib/python2.7/site-packages/oslo_config/cfg.py:2902
2020-03-28 05:07:44.701 29869 DEBUG oslo_service.service [-] yaql.limit_iterators = 1000 log_opt_values /usr/lib/python2.7/site-packages/oslo_config/cfg.py:2902
2020-03-28 05:07:44.702 29869 DEBUG oslo_service.service [-] yaql.memory_quota = 100000 log_opt_values /usr/lib/python2.7/site-packages/oslo_config/cfg.py:2902
2020-03-28 05:07:44.702 29869 DEBUG oslo_service.service [-] paste_deploy.api_paste_config = /usr/share/heat/api-paste-dist.ini log_opt_values /usr/lib/python2.7/site-packages/oslo_config/cfg.py:2902
2020-03-28 05:07:44.702 29869 DEBUG oslo_service.service [-] paste_deploy.flavor = None log_opt_values /usr/lib/python2.7/site-packages/oslo_config/cfg.py:2902
2020-03-28 05:07:44.703 29869 DEBUG oslo_service.service [-] clients_cinder.ca_file = None log_opt_values /usr/lib/python2.7/site-packages/oslo_config/cfg.py:2902
2020-03-28 05:07:44.703 29869 DEBUG oslo_service.service [-] clients_cinder.cert_file = None log_opt_values /usr/lib/python2.7/site-packages/oslo_config/cfg.py:2902
2020-03-28 05:07:44.703 29869 DEBUG oslo_service.service [-] clients_cinder.endpoint_type = None log_opt_values /usr/lib/python2.7/site-packages/oslo_config/cfg.py:2902
2020-03-28 05:07:44.703 29869 DEBUG oslo_service.service [-] clients_cinder.http_log_debug = False log_opt_values /usr/lib/python2.7/site-packages/oslo_config/cfg.py:2902
2020-03-28 05:07:44.703 29869 DEBUG oslo_service.service [-] clients_cinder.insecure = None log_opt_values /usr/lib/python2.7/site-packages/oslo_config/cfg.py:2902
2020-03-28 05:07:44.703 29869 DEBUG oslo_service.service [-] clients_cinder.key_file = None log_opt_values /usr/lib/python2.7/site-packages/oslo_config/cfg.py:2902
2020-03-28 05:07:44.703 29869 DEBUG oslo_service.service [-] cache.backend = dogpile.cache.null log_opt_values /usr/lib/python2.7/site-packages/oslo_config/cfg.py:2902
2020-03-28 05:07:44.704 29869 DEBUG oslo_service.service [-] cache.backend_argument = **** log_opt_values /usr/lib/python2.7/site-packages/oslo_config/cfg.py:2902
2020-03-28 05:07:44.704 29869 DEBUG oslo_service.service [-] cache.config_prefix = cache.oslo log_opt_values /usr/lib/python2.7/site-packages/oslo_config/cfg.py:2902
2020-03-28 05:07:44.704 29869 DEBUG oslo_service.service [-] cache.debug_cache_backend = False log_opt_values /usr/lib/python2.7/site-packages/oslo_config/cfg.py:2902
2020-03-28 05:07:44.704 29869 DEBUG oslo_service.service [-] cache.enabled = False log_opt_values /usr/lib/python2.7/site-packages/oslo_config/cfg.py:2902
2020-03-28 05:07:44.704 29869 DEBUG oslo_service.service [-] cache.expiration_time = 600 log_opt_values /usr/lib/python2.7/site-packages/oslo_config/cfg.py:2902
2020-03-28 05:07:44.704 29869 DEBUG oslo_service.service [-] cache.memcache_dead_retry = 300 log_opt_values /usr/lib/python2.7/site-packages/oslo_config/cfg.py:2902
2020-03-28 05:07:44.705 29869 DEBUG oslo_service.service [-] cache.memcache_pool_connection_get_timeout = 10 log_opt_values /usr/lib/python2.7/site-packages/oslo_config/cfg.py:2902
2020-03-28 05:07:44.705 29869 DEBUG oslo_service.service [-] cache.memcache_pool_maxsize = 10 log_opt_values /usr/lib/python2.7/site-packages/oslo_config/cfg.py:2902
2020-03-28 05:07:44.705 29869 DEBUG oslo_service.service [-] cache.memcache_pool_unused_timeout = 60 log_opt_values /usr/lib/python2.7/site-packages/oslo_config/cfg.py:2902
2020-03-28 05:07:44.705 29869 DEBUG oslo_service.service [-] cache.memcache_servers = ['localhost:11211'] log_opt_values /usr/lib/python2.7/site-packages/oslo_config/cfg.py:2902
2020-03-28 05:07:44.705 29869 DEBUG oslo_service.service [-] cache.memcache_socket_timeout = 3 log_opt_values /usr/lib/python2.7/site-packages/oslo_config/cfg.py:2902
2020-03-28 05:07:44.705 29869 DEBUG oslo_service.service [-] cache.proxies = [] log_opt_values /usr/lib/python2.7/site-packages/oslo_config/cfg.py:2902
2020-03-28 05:07:44.705 29869 DEBUG oslo_service.service [-] clients_monasca.ca_file = None log_opt_values /usr/lib/python2.7/site-packages/oslo_config/cfg.py:2902
2020-03-28 05:07:44.706 29869 DEBUG oslo_service.service [-] clients_monasca.cert_file = None log_opt_values /usr/lib/python2.7/site-packages/oslo_config/cfg.py:2902
2020-03-28 05:07:44.706 29869 DEBUG oslo_service.service [-] clients_monasca.endpoint_type = None log_opt_values /usr/lib/python2.7/site-packages/oslo_config/cfg.py:2902
2020-03-28 05:07:44.706 29869 DEBUG oslo_service.service [-] clients_monasca.insecure = None log_opt_values /usr/lib/python2.7/site-packages/oslo_config/cfg.py:2902
2020-03-28 05:07:44.706 29869 DEBUG oslo_service.service [-] clients_monasca.key_file = None log_opt_values /usr/lib/python2.7/site-packages/oslo_config/cfg.py:2902
2020-03-28 05:07:44.706 29869 DEBUG oslo_service.service [-] eventlet_opts.client_socket_timeout = 900 log_opt_values /usr/lib/python2.7/site-packages/oslo_config/cfg.py:2902
2020-03-28 05:07:44.706 29869 DEBUG oslo_service.service [-] eventlet_opts.wsgi_keep_alive = True log_opt_values /usr/lib/python2.7/site-packages/oslo_config/cfg.py:2902
2020-03-28 05:07:44.706 29869 DEBUG oslo_service.service [-] clients_trove.ca_file = None log_opt_values /usr/lib/python2.7/site-packages/oslo_config/cfg.py:2902
2020-03-28 05:07:44.707 29869 DEBUG oslo_service.service [-] clients_trove.cert_file = None log_opt_values /usr/lib/python2.7/site-packages/oslo_config/cfg.py:2902
2020-03-28 05:07:44.707 29869 DEBUG oslo_service.service [-] clients_trove.endpoint_type = None log_opt_values /usr/lib/python2.7/site-packages/oslo_config/cfg.py:2902
2020-03-28 05:07:44.707 29869 DEBUG oslo_service.service [-] clients_trove.insecure = None log_opt_values /usr/lib/python2.7/site-packages/oslo_config/cfg.py:2902
2020-03-28 05:07:44.707 29869 DEBUG oslo_service.service [-] clients_trove.key_file = None log_opt_values /usr/lib/python2.7/site-packages/oslo_config/cfg.py:2902
2020-03-28 05:07:44.707 29869 DEBUG oslo_service.service [-] resource_finder_cache.caching = True log_opt_values /usr/lib/python2.7/site-packages/oslo_config/cfg.py:2902
2020-03-28 05:07:44.707 29869 DEBUG oslo_service.service [-] resource_finder_cache.expiration_time = 3600 log_opt_values /usr/lib/python2.7/site-packages/oslo_config/cfg.py:2902
2020-03-28 05:07:44.707 29869 DEBUG oslo_service.service [-] clients_magnum.ca_file = None log_opt_values /usr/lib/python2.7/site-packages/oslo_config/cfg.py:2902
2020-03-28 05:07:44.707 29869 DEBUG oslo_service.service [-] clients_magnum.cert_file = None log_opt_values /usr/lib/python2.7/site-packages/oslo_config/cfg.py:2902
2020-03-28 05:07:44.708 29869 DEBUG oslo_service.service [-] clients_magnum.endpoint_type = None log_opt_values /usr/lib/python2.7/site-packages/oslo_config/cfg.py:2902
2020-03-28 05:07:44.708 29869 DEBUG oslo_service.service [-] clients_magnum.insecure = None log_opt_values /usr/lib/python2.7/site-packages/oslo_config/cfg.py:2902
2020-03-28 05:07:44.708 29869 DEBUG oslo_service.service [-] clients_magnum.key_file = None log_opt_values /usr/lib/python2.7/site-packages/oslo_config/cfg.py:2902
2020-03-28 05:07:44.708 29869 DEBUG oslo_service.service [-] clients_zaqar.ca_file = None log_opt_values /usr/lib/python2.7/site-packages/oslo_config/cfg.py:2902
2020-03-28 05:07:44.708 29869 DEBUG oslo_service.service [-] clients_zaqar.cert_file = None log_opt_values /usr/lib/python2.7/site-packages/oslo_config/cfg.py:2902
2020-03-28 05:07:44.708 29869 DEBUG oslo_service.service [-] clients_zaqar.endpoint_type = None log_opt_values /usr/lib/python2.7/site-packages/oslo_config/cfg.py:2902
2020-03-28 05:07:44.708 29869 DEBUG oslo_service.service [-] clients_zaqar.insecure = None log_opt_values /usr/lib/python2.7/site-packages/oslo_config/cfg.py:2902
2020-03-28 05:07:44.708 29869 DEBUG oslo_service.service [-] clients_zaqar.key_file = None log_opt_values /usr/lib/python2.7/site-packages/oslo_config/cfg.py:2902
2020-03-28 05:07:44.709 29869 DEBUG oslo_service.service [-] constraint_validation_cache.caching = True log_opt_values /usr/lib/python2.7/site-packages/oslo_config/cfg.py:2902
2020-03-28 05:07:44.709 29869 DEBUG oslo_service.service [-] constraint_validation_cache.expiration_time = 60 log_opt_values /usr/lib/python2.7/site-packages/oslo_config/cfg.py:2902
2020-03-28 05:07:44.709 29869 DEBUG oslo_service.service [-] revision.heat_revision = 10.0.4 log_opt_values /usr/lib/python2.7/site-packages/oslo_config/cfg.py:2902
2020-03-28 05:07:44.709 29869 DEBUG oslo_service.service [-] clients_swift.ca_file = None log_opt_values /usr/lib/python2.7/site-packages/oslo_config/cfg.py:2902
2020-03-28 05:07:44.709 29869 DEBUG oslo_service.service [-] clients_swift.cert_file = None log_opt_values /usr/lib/python2.7/site-packages/oslo_config/cfg.py:2902
2020-03-28 05:07:44.709 29869 DEBUG oslo_service.service [-] clients_swift.endpoint_type = None log_opt_values /usr/lib/python2.7/site-packages/oslo_config/cfg.py:2902
2020-03-28 05:07:44.709 29869 DEBUG oslo_service.service [-] clients_swift.insecure = None log_opt_values /usr/lib/python2.7/site-packages/oslo_config/cfg.py:2902
2020-03-28 05:07:44.710 29869 DEBUG oslo_service.service [-] clients_swift.key_file = None log_opt_values /usr/lib/python2.7/site-packages/oslo_config/cfg.py:2902
2020-03-28 05:07:44.710 29869 DEBUG oslo_service.service [-] clients_octavia.ca_file = None log_opt_values /usr/lib/python2.7/site-packages/oslo_config/cfg.py:2902
2020-03-28 05:07:44.710 29869 DEBUG oslo_service.service [-] clients_octavia.cert_file = None log_opt_values /usr/lib/python2.7/site-packages/oslo_config/cfg.py:2902
2020-03-28 05:07:44.710 29869 DEBUG oslo_service.service [-] clients_octavia.endpoint_type = None log_opt_values /usr/lib/python2.7/site-packages/oslo_config/cfg.py:2902
2020-03-28 05:07:44.710 29869 DEBUG oslo_service.service [-] clients_octavia.insecure = None log_opt_values /usr/lib/python2.7/site-packages/oslo_config/cfg.py:2902
2020-03-28 05:07:44.710 29869 DEBUG oslo_service.service [-] clients_octavia.key_file = None log_opt_values /usr/lib/python2.7/site-packages/oslo_config/cfg.py:2902
2020-03-28 05:07:44.710 29869 DEBUG oslo_service.service [-] clients_senlin.ca_file = None log_opt_values /usr/lib/python2.7/site-packages/oslo_config/cfg.py:2902
2020-03-28 05:07:44.710 29869 DEBUG oslo_service.service [-] clients_senlin.cert_file = None log_opt_values /usr/lib/python2.7/site-packages/oslo_config/cfg.py:2902
2020-03-28 05:07:44.711 29869 DEBUG oslo_service.service [-] clients_senlin.endpoint_type = None log_opt_values /usr/lib/python2.7/site-packages/oslo_config/cfg.py:2902
2020-03-28 05:07:44.711 29869 DEBUG oslo_service.service [-] clients_senlin.insecure = None log_opt_values /usr/lib/python2.7/site-packages/oslo_config/cfg.py:2902
2020-03-28 05:07:44.711 29869 DEBUG oslo_service.service [-] clients_senlin.key_file = None log_opt_values /usr/lib/python2.7/site-packages/oslo_config/cfg.py:2902
2020-03-28 05:07:44.711 29869 DEBUG oslo_service.service [-] oslo_messaging_notifications.driver = ['noop'] log_opt_values /usr/lib/python2.7/site-packages/oslo_config/cfg.py:2902
2020-03-28 05:07:44.711 29869 DEBUG oslo_service.service [-] oslo_messaging_notifications.retry = -1 log_opt_values /usr/lib/python2.7/site-packages/oslo_config/cfg.py:2902
2020-03-28 05:07:44.711 29869 DEBUG oslo_service.service [-] oslo_messaging_notifications.topics = ['notifications'] log_opt_values /usr/lib/python2.7/site-packages/oslo_config/cfg.py:2902
2020-03-28 05:07:44.711 29869 DEBUG oslo_service.service [-] oslo_messaging_notifications.transport_url = **** log_opt_values /usr/lib/python2.7/site-packages/oslo_config/cfg.py:2902
2020-03-28 05:07:44.712 29869 DEBUG oslo_service.service [-] clients_sahara.ca_file = None log_opt_values /usr/lib/python2.7/site-packages/oslo_config/cfg.py:2902
2020-03-28 05:07:44.712 29869 DEBUG oslo_service.service [-] clients_sahara.cert_file = None log_opt_values /usr/lib/python2.7/site-packages/oslo_config/cfg.py:2902
2020-03-28 05:07:44.712 29869 DEBUG oslo_service.service [-] clients_sahara.endpoint_type = None log_opt_values /usr/lib/python2.7/site-packages/oslo_config/cfg.py:2902
2020-03-28 05:07:44.712 29869 DEBUG oslo_service.service [-] clients_sahara.insecure = None log_opt_values /usr/lib/python2.7/site-packages/oslo_config/cfg.py:2902
2020-03-28 05:07:44.712 29869 DEBUG oslo_service.service [-] clients_sahara.key_file = None log_opt_values /usr/lib/python2.7/site-packages/oslo_config/cfg.py:2902
2020-03-28 05:07:44.712 29869 DEBUG oslo_service.service [-] oslo_concurrency.disable_process_locking = False log_opt_values /usr/lib/python2.7/site-packages/oslo_config/cfg.py:2902
2020-03-28 05:07:44.712 29869 DEBUG oslo_service.service [-] oslo_concurrency.lock_path = None log_opt_values /usr/lib/python2.7/site-packages/oslo_config/cfg.py:2902
2020-03-28 05:07:44.713 29869 DEBUG oslo_service.service [-] clients_barbican.ca_file = None log_opt_values /usr/lib/python2.7/site-packages/oslo_config/cfg.py:2902
2020-03-28 05:07:44.713 29869 DEBUG oslo_service.service [-] clients_barbican.cert_file = None log_opt_values /usr/lib/python2.7/site-packages/oslo_config/cfg.py:2902
2020-03-28 05:07:44.713 29869 DEBUG oslo_service.service [-] clients_barbican.endpoint_type = None log_opt_values /usr/lib/python2.7/site-packages/oslo_config/cfg.py:2902
2020-03-28 05:07:44.713 29869 DEBUG oslo_service.service [-] clients_barbican.insecure = None log_opt_values /usr/lib/python2.7/site-packages/oslo_config/cfg.py:2902
2020-03-28 05:07:44.713 29869 DEBUG oslo_service.service [-] clients_barbican.key_file = None log_opt_values /usr/lib/python2.7/site-packages/oslo_config/cfg.py:2902
2020-03-28 05:07:44.713 29869 DEBUG oslo_service.service [-] oslo_policy.enforce_scope = False log_opt_values /usr/lib/python2.7/site-packages/oslo_config/cfg.py:2902
2020-03-28 05:07:44.713 29869 DEBUG oslo_service.service [-] oslo_policy.policy_default_rule = default log_opt_values /usr/lib/python2.7/site-packages/oslo_config/cfg.py:2902
2020-03-28 05:07:44.714 29869 DEBUG oslo_service.service [-] oslo_policy.policy_dirs = ['policy.d'] log_opt_values /usr/lib/python2.7/site-packages/oslo_config/cfg.py:2902
2020-03-28 05:07:44.714 29869 DEBUG oslo_service.service [-] oslo_policy.policy_file = /etc/heat/policy.json log_opt_values /usr/lib/python2.7/site-packages/oslo_config/cfg.py:2902
2020-03-28 05:07:44.714 29869 DEBUG oslo_service.service [-] oslo_policy.remote_content_type = application/x-www-form-urlencoded log_opt_values /usr/lib/python2.7/site-packages/oslo_config/cfg.py:2902
2020-03-28 05:07:44.714 29869 DEBUG oslo_service.service [-] oslo_policy.remote_ssl_ca_crt_file = None log_opt_values /usr/lib/python2.7/site-packages/oslo_config/cfg.py:2902
2020-03-28 05:07:44.714 29869 DEBUG oslo_service.service [-] oslo_policy.remote_ssl_client_crt_file = None log_opt_values /usr/lib/python2.7/site-packages/oslo_config/cfg.py:2902
2020-03-28 05:07:44.714 29869 DEBUG oslo_service.service [-] oslo_policy.remote_ssl_client_key_file = None log_opt_values /usr/lib/python2.7/site-packages/oslo_config/cfg.py:2902
2020-03-28 05:07:44.715 29869 DEBUG oslo_service.service [-] oslo_policy.remote_ssl_verify_server_crt = False log_opt_values /usr/lib/python2.7/site-packages/oslo_config/cfg.py:2902
2020-03-28 05:07:44.715 29869 DEBUG oslo_service.service [-] clients_keystone.auth_uri = http://192.168.24.3:35357 log_opt_values /usr/lib/python2.7/site-packages/oslo_config/cfg.py:2902
2020-03-28 05:07:44.715 29869 DEBUG oslo_service.service [-] clients_keystone.ca_file = None log_opt_values /usr/lib/python2.7/site-packages/oslo_config/cfg.py:2902
2020-03-28 05:07:44.715 29869 DEBUG oslo_service.service [-] clients_keystone.cert_file = None log_opt_values /usr/lib/python2.7/site-packages/oslo_config/cfg.py:2902
2020-03-28 05:07:44.715 29869 DEBUG oslo_service.service [-] clients_keystone.endpoint_type = None log_opt_values /usr/lib/python2.7/site-packages/oslo_config/cfg.py:2902
2020-03-28 05:07:44.715 29869 DEBUG oslo_service.service [-] clients_keystone.insecure = None log_opt_values /usr/lib/python2.7/site-packages/oslo_config/cfg.py:2902
2020-03-28 05:07:44.715 29869 DEBUG oslo_service.service [-] clients_keystone.key_file = None log_opt_values /usr/lib/python2.7/site-packages/oslo_config/cfg.py:2902
2020-03-28 05:07:44.716 29869 WARNING oslo_config.cfg [-] Option "db_backend" from group "DEFAULT" is deprecated. Use option "backend" from group "database".
2020-03-28 05:07:44.716 29869 DEBUG oslo_service.service [-] database.backend = heat.db.sqlalchemy.api log_opt_values /usr/lib/python2.7/site-packages/oslo_config/cfg.py:2902
2020-03-28 05:07:44.716 29869 DEBUG oslo_service.service [-] database.connection = **** log_opt_values /usr/lib/python2.7/site-packages/oslo_config/cfg.py:2902
2020-03-28 05:07:44.716 29869 DEBUG oslo_service.service [-] database.connection_debug = 0 log_opt_values /usr/lib/python2.7/site-packages/oslo_config/cfg.py:2902
2020-03-28 05:07:44.716 29869 DEBUG oslo_service.service [-] database.connection_recycle_time = 3600 log_opt_values /usr/lib/python2.7/site-packages/oslo_config/cfg.py:2902
2020-03-28 05:07:44.716 29869 DEBUG oslo_service.service [-] database.connection_trace = False log_opt_values /usr/lib/python2.7/site-packages/oslo_config/cfg.py:2902
2020-03-28 05:07:44.717 29869 DEBUG oslo_service.service [-] database.db_inc_retry_interval = True log_opt_values /usr/lib/python2.7/site-packages/oslo_config/cfg.py:2902
2020-03-28 05:07:44.717 29869 DEBUG oslo_service.service [-] database.db_max_retries = 20 log_opt_values /usr/lib/python2.7/site-packages/oslo_config/cfg.py:2902
2020-03-28 05:07:44.717 29869 DEBUG oslo_service.service [-] database.db_max_retry_interval = 10 log_opt_values /usr/lib/python2.7/site-packages/oslo_config/cfg.py:2902
2020-03-28 05:07:44.717 29869 DEBUG oslo_service.service [-] database.db_retry_interval = 1 log_opt_values /usr/lib/python2.7/site-packages/oslo_config/cfg.py:2902
2020-03-28 05:07:44.717 29869 DEBUG oslo_service.service [-] database.max_overflow = 50 log_opt_values /usr/lib/python2.7/site-packages/oslo_config/cfg.py:2902
2020-03-28 05:07:44.717 29869 DEBUG oslo_service.service [-] database.max_pool_size = 5 log_opt_values /usr/lib/python2.7/site-packages/oslo_config/cfg.py:2902
2020-03-28 05:07:44.717 29869 DEBUG oslo_service.service [-] database.max_retries = 10 log_opt_values /usr/lib/python2.7/site-packages/oslo_config/cfg.py:2902
2020-03-28 05:07:44.717 29869 DEBUG oslo_service.service [-] database.min_pool_size = 1 log_opt_values /usr/lib/python2.7/site-packages/oslo_config/cfg.py:2902
2020-03-28 05:07:44.718 29869 DEBUG oslo_service.service [-] database.mysql_enable_ndb = False log_opt_values /usr/lib/python2.7/site-packages/oslo_config/cfg.py:2902
2020-03-28 05:07:44.718 29869 DEBUG oslo_service.service [-] database.mysql_sql_mode = TRADITIONAL log_opt_values /usr/lib/python2.7/site-packages/oslo_config/cfg.py:2902
2020-03-28 05:07:44.718 29869 DEBUG oslo_service.service [-] database.pool_timeout = None log_opt_values /usr/lib/python2.7/site-packages/oslo_config/cfg.py:2902
2020-03-28 05:07:44.719 29869 DEBUG oslo_service.service [-] database.retry_interval = 10 log_opt_values /usr/lib/python2.7/site-packages/oslo_config/cfg.py:2902
2020-03-28 05:07:44.719 29869 DEBUG oslo_service.service [-] database.slave_connection = **** log_opt_values /usr/lib/python2.7/site-packages/oslo_config/cfg.py:2902
2020-03-28 05:07:44.719 29869 DEBUG oslo_service.service [-] database.sqlite_synchronous = True log_opt_values /usr/lib/python2.7/site-packages/oslo_config/cfg.py:2902
2020-03-28 05:07:44.720 29869 DEBUG oslo_service.service [-] database.use_db_reconnect = False log_opt_values /usr/lib/python2.7/site-packages/oslo_config/cfg.py:2902
2020-03-28 05:07:44.720 29869 DEBUG oslo_service.service [-] clients.ca_file = None log_opt_values /usr/lib/python2.7/site-packages/oslo_config/cfg.py:2902
2020-03-28 05:07:44.720 29869 DEBUG oslo_service.service [-] clients.cert_file = None log_opt_values /usr/lib/python2.7/site-packages/oslo_config/cfg.py:2902
2020-03-28 05:07:44.721 29869 DEBUG oslo_service.service [-] clients.endpoint_type = internal log_opt_values /usr/lib/python2.7/site-packages/oslo_config/cfg.py:2902
2020-03-28 05:07:44.721 29869 DEBUG oslo_service.service [-] clients.insecure = False log_opt_values /usr/lib/python2.7/site-packages/oslo_config/cfg.py:2902
2020-03-28 05:07:44.721 29869 DEBUG oslo_service.service [-] clients.key_file = None log_opt_values /usr/lib/python2.7/site-packages/oslo_config/cfg.py:2902
2020-03-28 05:07:44.721 29869 DEBUG oslo_service.service [-] clients_nova.ca_file = None log_opt_values /usr/lib/python2.7/site-packages/oslo_config/cfg.py:2902
2020-03-28 05:07:44.721 29869 DEBUG oslo_service.service [-] clients_nova.cert_file = None log_opt_values /usr/lib/python2.7/site-packages/oslo_config/cfg.py:2902
2020-03-28 05:07:44.722 29869 DEBUG oslo_service.service [-] clients_nova.endpoint_type = None log_opt_values /usr/lib/python2.7/site-packages/oslo_config/cfg.py:2902
2020-03-28 05:07:44.722 29869 DEBUG oslo_service.service [-] clients_nova.http_log_debug = False log_opt_values /usr/lib/python2.7/site-packages/oslo_config/cfg.py:2902
2020-03-28 05:07:44.722 29869 DEBUG oslo_service.service [-] clients_nova.insecure = None log_opt_values /usr/lib/python2.7/site-packages/oslo_config/cfg.py:2902
2020-03-28 05:07:44.722 29869 DEBUG oslo_service.service [-] clients_nova.key_file = None log_opt_values /usr/lib/python2.7/site-packages/oslo_config/cfg.py:2902
2020-03-28 05:07:44.723 29869 DEBUG oslo_service.service [-] clients_aodh.ca_file = None log_opt_values /usr/lib/python2.7/site-packages/oslo_config/cfg.py:2902
2020-03-28 05:07:44.723 29869 DEBUG oslo_service.service [-] clients_aodh.cert_file = None log_opt_values /usr/lib/python2.7/site-packages/oslo_config/cfg.py:2902
2020-03-28 05:07:44.723 29869 DEBUG oslo_service.service [-] clients_aodh.endpoint_type = None log_opt_values /usr/lib/python2.7/site-packages/oslo_config/cfg.py:2902
2020-03-28 05:07:44.723 29869 DEBUG oslo_service.service [-] clients_aodh.insecure = None log_opt_values /usr/lib/python2.7/site-packages/oslo_config/cfg.py:2902
2020-03-28 05:07:44.723 29869 DEBUG oslo_service.service [-] clients_aodh.key_file = None log_opt_values /usr/lib/python2.7/site-packages/oslo_config/cfg.py:2902
2020-03-28 05:07:44.724 29869 DEBUG oslo_service.service [-] clients_ceilometer.ca_file = None log_opt_values /usr/lib/python2.7/site-packages/oslo_config/cfg.py:2902
2020-03-28 05:07:44.724 29869 DEBUG oslo_service.service [-] clients_ceilometer.cert_file = None log_opt_values /usr/lib/python2.7/site-packages/oslo_config/cfg.py:2902
2020-03-28 05:07:44.724 29869 DEBUG oslo_service.service [-] clients_ceilometer.endpoint_type = None log_opt_values /usr/lib/python2.7/site-packages/oslo_config/cfg.py:2902
2020-03-28 05:07:44.724 29869 DEBUG oslo_service.service [-] clients_ceilometer.insecure = None log_opt_values /usr/lib/python2.7/site-packages/oslo_config/cfg.py:2902
2020-03-28 05:07:44.725 29869 DEBUG oslo_service.service [-] clients_ceilometer.key_file = None log_opt_values /usr/lib/python2.7/site-packages/oslo_config/cfg.py:2902
2020-03-28 05:07:44.725 29869 DEBUG oslo_service.service [-] heat_api_cloudwatch.backlog = 4096 log_opt_values /usr/lib/python2.7/site-packages/oslo_config/cfg.py:2902
2020-03-28 05:07:44.725 29869 DEBUG oslo_service.service [-] heat_api_cloudwatch.bind_host = 0.0.0.0 log_opt_values /usr/lib/python2.7/site-packages/oslo_config/cfg.py:2902
2020-03-28 05:07:44.725 29869 DEBUG oslo_service.service [-] heat_api_cloudwatch.bind_port = 8003 log_opt_values /usr/lib/python2.7/site-packages/oslo_config/cfg.py:2902
2020-03-28 05:07:44.726 29869 DEBUG oslo_service.service [-] heat_api_cloudwatch.cert_file = None log_opt_values /usr/lib/python2.7/site-packages/oslo_config/cfg.py:2902
2020-03-28 05:07:44.726 29869 DEBUG oslo_service.service [-] heat_api_cloudwatch.key_file = None log_opt_values /usr/lib/python2.7/site-packages/oslo_config/cfg.py:2902
2020-03-28 05:07:44.726 29869 DEBUG oslo_service.service [-] heat_api_cloudwatch.max_header_line = 16384 log_opt_values /usr/lib/python2.7/site-packages/oslo_config/cfg.py:2902
2020-03-28 05:07:44.726 29869 DEBUG oslo_service.service [-] heat_api_cloudwatch.tcp_keepidle = 600 log_opt_values /usr/lib/python2.7/site-packages/oslo_config/cfg.py:2902
2020-03-28 05:07:44.726 29869 DEBUG oslo_service.service [-] heat_api_cloudwatch.workers = 1 log_opt_values /usr/lib/python2.7/site-packages/oslo_config/cfg.py:2902
2020-03-28 05:07:44.727 29869 DEBUG oslo_service.service [-] volumes.backups_enabled = True log_opt_values /usr/lib/python2.7/site-packages/oslo_config/cfg.py:2902
2020-03-28 05:07:44.727 29869 DEBUG oslo_service.service [-] heat_api_cfn.backlog = 4096 log_opt_values /usr/lib/python2.7/site-packages/oslo_config/cfg.py:2902
2020-03-28 05:07:44.727 29869 DEBUG oslo_service.service [-] heat_api_cfn.bind_host = 192.168.24.1 log_opt_values /usr/lib/python2.7/site-packages/oslo_config/cfg.py:2902
2020-03-28 05:07:44.727 29869 DEBUG oslo_service.service [-] heat_api_cfn.bind_port = 8000 log_opt_values /usr/lib/python2.7/site-packages/oslo_config/cfg.py:2902
2020-03-28 05:07:44.728 29869 DEBUG oslo_service.service [-] heat_api_cfn.cert_file = None log_opt_values /usr/lib/python2.7/site-packages/oslo_config/cfg.py:2902
2020-03-28 05:07:44.728 29869 DEBUG oslo_service.service [-] heat_api_cfn.key_file = None log_opt_values /usr/lib/python2.7/site-packages/oslo_config/cfg.py:2902
2020-03-28 05:07:44.728 29869 DEBUG oslo_service.service [-] heat_api_cfn.max_header_line = 16384 log_opt_values /usr/lib/python2.7/site-packages/oslo_config/cfg.py:2902
2020-03-28 05:07:44.728 29869 DEBUG oslo_service.service [-] heat_api_cfn.tcp_keepidle = 600 log_opt_values /usr/lib/python2.7/site-packages/oslo_config/cfg.py:2902
2020-03-28 05:07:44.729 29869 DEBUG oslo_service.service [-] heat_api_cfn.workers = 4 log_opt_values /usr/lib/python2.7/site-packages/oslo_config/cfg.py:2902
2020-03-28 05:07:44.729 29869 DEBUG oslo_service.service [-] clients_neutron.ca_file = None log_opt_values /usr/lib/python2.7/site-packages/oslo_config/cfg.py:2902
2020-03-28 05:07:44.729 29869 DEBUG oslo_service.service [-] clients_neutron.cert_file = None log_opt_values /usr/lib/python2.7/site-packages/oslo_config/cfg.py:2902
2020-03-28 05:07:44.729 29869 DEBUG oslo_service.service [-] clients_neutron.endpoint_type = None log_opt_values /usr/lib/python2.7/site-packages/oslo_config/cfg.py:2902
2020-03-28 05:07:44.730 29869 DEBUG oslo_service.service [-] clients_neutron.insecure = None log_opt_values /usr/lib/python2.7/site-packages/oslo_config/cfg.py:2902
2020-03-28 05:07:44.730 29869 DEBUG oslo_service.service [-] clients_neutron.key_file = None log_opt_values /usr/lib/python2.7/site-packages/oslo_config/cfg.py:2902
2020-03-28 05:07:44.730 29869 DEBUG oslo_service.service [-] oslo_versionedobjects.fatal_exception_format_errors = False log_opt_values /usr/lib/python2.7/site-packages/oslo_config/cfg.py:2902
2020-03-28 05:07:44.730 29869 DEBUG oslo_service.service [-] ******************************************************************************** log_opt_values /usr/lib/python2.7/site-packages/oslo_config/cfg.py:2904
2020-03-28 05:07:44.749 29966 INFO heat.engine.worker [-] Starting engine_worker (1.4) in engine b7e52b0f-ccf1-470f-af3b-79d9f04d247f.
2020-03-28 05:07:44.749 29964 INFO heat.engine.worker [-] Starting engine_worker (1.4) in engine e7a78555-7619-4e1b-a447-0ac53067af86.
2020-03-28 05:07:44.751 29963 INFO heat.engine.worker [-] Starting engine_worker (1.4) in engine 541eccb9-b850-4654-ba93-661b2ef6af81.
2020-03-28 05:07:44.759 29965 INFO heat.engine.worker [-] Starting engine_worker (1.4) in engine 637af60e-7c07-47a3-90db-3c026f1ce2e5.
2020-03-28 05:07:44.836 29964 WARNING oslo_config.cfg [req-81363684-86a0-497d-a50e-c564e584496e - - - - -] Option "db_backend" from group "DEFAULT" is deprecated. Use option "backend" from group "database".
2020-03-28 05:07:44.839 29966 WARNING oslo_config.cfg [req-19c4a277-e773-44f4-9305-dfbd4eea74e3 - - - - -] Option "db_backend" from group "DEFAULT" is deprecated. Use option "backend" from group "database".
2020-03-28 05:07:44.841 29963 WARNING oslo_config.cfg [req-279ee803-b153-44c9-b84a-77e1def58fd2 - - - - -] Option "db_backend" from group "DEFAULT" is deprecated. Use option "backend" from group "database".
2020-03-28 05:07:44.853 29965 WARNING oslo_config.cfg [req-3bffd7c2-7aeb-4d67-9d72-c0cdcfdade03 - - - - -] Option "db_backend" from group "DEFAULT" is deprecated. Use option "backend" from group "database".
2020-03-28 05:07:44.862 29964 DEBUG oslo_db.sqlalchemy.engines [req-81363684-86a0-497d-a50e-c564e584496e - - - - -] MySQL server mode set to STRICT_TRANS_TABLES,STRICT_ALL_TABLES,NO_ZERO_IN_DATE,NO_ZERO_DATE,ERROR_FOR_DIVISION_BY_ZERO,TRADITIONAL,NO_AUTO_CREATE_USER,NO_ENGINE_SUBSTITUTION _check_effective_sql_mode /usr/lib/python2.7/site-packages/oslo_db/sqlalchemy/engines.py:290
2020-03-28 05:07:44.869 29966 DEBUG oslo_db.sqlalchemy.engines [req-19c4a277-e773-44f4-9305-dfbd4eea74e3 - - - - -] MySQL server mode set to STRICT_TRANS_TABLES,STRICT_ALL_TABLES,NO_ZERO_IN_DATE,NO_ZERO_DATE,ERROR_FOR_DIVISION_BY_ZERO,TRADITIONAL,NO_AUTO_CREATE_USER,NO_ENGINE_SUBSTITUTION _check_effective_sql_mode /usr/lib/python2.7/site-packages/oslo_db/sqlalchemy/engines.py:290
2020-03-28 05:07:44.877 29963 DEBUG oslo_db.sqlalchemy.engines [req-279ee803-b153-44c9-b84a-77e1def58fd2 - - - - -] MySQL server mode set to STRICT_TRANS_TABLES,STRICT_ALL_TABLES,NO_ZERO_IN_DATE,NO_ZERO_DATE,ERROR_FOR_DIVISION_BY_ZERO,TRADITIONAL,NO_AUTO_CREATE_USER,NO_ENGINE_SUBSTITUTION _check_effective_sql_mode /usr/lib/python2.7/site-packages/oslo_db/sqlalchemy/engines.py:290
2020-03-28 05:07:44.886 29965 DEBUG oslo_db.sqlalchemy.engines [req-3bffd7c2-7aeb-4d67-9d72-c0cdcfdade03 - - - - -] MySQL server mode set to STRICT_TRANS_TABLES,STRICT_ALL_TABLES,NO_ZERO_IN_DATE,NO_ZERO_DATE,ERROR_FOR_DIVISION_BY_ZERO,TRADITIONAL,NO_AUTO_CREATE_USER,NO_ENGINE_SUBSTITUTION _check_effective_sql_mode /usr/lib/python2.7/site-packages/oslo_db/sqlalchemy/engines.py:290
2020-03-28 05:07:44.931 29964 DEBUG heat.engine.service [req-b67cac1c-4fcc-4482-9012-11c3b8b9cd7a - - - - -] Service 6712a45f-286a-4f30-8762-5162aa837271 is started service_manage_report /usr/lib/python2.7/site-packages/heat/engine/service.py:2317
2020-03-28 05:07:44.940 29964 DEBUG heat.engine.service [req-b67cac1c-4fcc-4482-9012-11c3b8b9cd7a - - - - -] Service 6712a45f-286a-4f30-8762-5162aa837271 is updated service_manage_report /usr/lib/python2.7/site-packages/heat/engine/service.py:2324
2020-03-28 05:07:44.953 29965 DEBUG heat.engine.service [req-20a8b312-ba83-4146-ba68-2de343bc3c07 - - - - -] Service 7c5d4e29-0e25-4116-98fc-c74a328c3593 is started service_manage_report /usr/lib/python2.7/site-packages/heat/engine/service.py:2317
2020-03-28 05:07:44.961 29965 DEBUG heat.engine.service [req-20a8b312-ba83-4146-ba68-2de343bc3c07 - - - - -] Service 7c5d4e29-0e25-4116-98fc-c74a328c3593 is updated service_manage_report /usr/lib/python2.7/site-packages/heat/engine/service.py:2324
2020-03-28 05:07:44.966 29966 DEBUG heat.engine.service [req-87e0807b-09f3-460d-82f5-ca412a5e8f5b - - - - -] Service 5c2e60a1-f6ef-4a6f-b653-1a797d7f08b3 is started service_manage_report /usr/lib/python2.7/site-packages/heat/engine/service.py:2317
2020-03-28 05:07:44.974 29966 DEBUG heat.engine.service [req-87e0807b-09f3-460d-82f5-ca412a5e8f5b - - - - -] Service 5c2e60a1-f6ef-4a6f-b653-1a797d7f08b3 is updated service_manage_report /usr/lib/python2.7/site-packages/heat/engine/service.py:2324
2020-03-28 05:07:44.975 29963 DEBUG heat.engine.service [req-7c40795f-a0a5-463e-ae3f-f02480eb372c - - - - -] Service deb66d15-2227-4d9f-ba04-110392a7a109 is started service_manage_report /usr/lib/python2.7/site-packages/heat/engine/service.py:2317
2020-03-28 05:07:44.984 29963 DEBUG heat.engine.service [req-7c40795f-a0a5-463e-ae3f-f02480eb372c - - - - -] Service deb66d15-2227-4d9f-ba04-110392a7a109 is updated service_manage_report /usr/lib/python2.7/site-packages/heat/engine/service.py:2324
2020-03-28 05:08:44.923 29964 DEBUG heat.engine.service [req-d9e96658-7ead-4199-8c9a-d44896d3df27 - - - - -] Service 6712a45f-286a-4f30-8762-5162aa837271 is updated service_manage_report /usr/lib/python2.7/site-packages/heat/engine/service.py:2324
2020-03-28 05:08:44.954 29965 DEBUG heat.engine.service [req-bc056cb5-bb6f-4bc2-9a07-79be921654f7 - - - - -] Service 7c5d4e29-0e25-4116-98fc-c74a328c3593 is updated service_manage_report /usr/lib/python2.7/site-packages/heat/engine/service.py:2324
2020-03-28 05:08:44.956 29966 DEBUG heat.engine.service [req-e2447e61-da82-4a98-b339-30724a2d1fab - - - - -] Service 5c2e60a1-f6ef-4a6f-b653-1a797d7f08b3 is updated service_manage_report /usr/lib/python2.7/site-packages/heat/engine/service.py:2324
2020-03-28 05:08:44.969 29963 DEBUG heat.engine.service [req-fe823861-5928-43ae-97f2-1cd44b05d431 - - - - -] Service deb66d15-2227-4d9f-ba04-110392a7a109 is updated service_manage_report /usr/lib/python2.7/site-packages/heat/engine/service.py:2324
2020-03-28 05:09:44.937 29964 DEBUG heat.engine.service [req-9e64e2ef-1059-498d-a5e4-039811001d18 - - - - -] Service 6712a45f-286a-4f30-8762-5162aa837271 is updated service_manage_report /usr/lib/python2.7/site-packages/heat/engine/service.py:2324
2020-03-28 05:09:44.954 29965 DEBUG heat.engine.service [req-f9126f38-4f52-45cb-bbbf-c07bcc020c7c - - - - -] Service 7c5d4e29-0e25-4116-98fc-c74a328c3593 is updated service_manage_report /usr/lib/python2.7/site-packages/heat/engine/service.py:2324
2020-03-28 05:09:44.957 29966 DEBUG heat.engine.service [req-474f42a5-4c19-45d5-a294-4f91d0f31b9e - - - - -] Service 5c2e60a1-f6ef-4a6f-b653-1a797d7f08b3 is updated service_manage_report /usr/lib/python2.7/site-packages/heat/engine/service.py:2324
2020-03-28 05:09:44.969 29963 DEBUG heat.engine.service [req-230137a0-6e01-4bc5-a40e-248491131034 - - - - -] Service deb66d15-2227-4d9f-ba04-110392a7a109 is updated service_manage_report /usr/lib/python2.7/site-packages/heat/engine/service.py:2324
2020-03-28 05:10:44.940 29964 DEBUG heat.engine.service [req-6e23dec0-611d-433f-83d4-cba7d98f4d9b - - - - -] Service 6712a45f-286a-4f30-8762-5162aa837271 is updated service_manage_report /usr/lib/python2.7/site-packages/heat/engine/service.py:2324
2020-03-28 05:10:44.949 29966 DEBUG heat.engine.service [req-81cb2e32-72af-4e2a-a9ec-e18df763dd36 - - - - -] Service 5c2e60a1-f6ef-4a6f-b653-1a797d7f08b3 is updated service_manage_report /usr/lib/python2.7/site-packages/heat/engine/service.py:2324
2020-03-28 05:10:44.957 29965 DEBUG heat.engine.service [req-512b970e-064e-4818-9141-92123f8e44a9 - - - - -] Service 7c5d4e29-0e25-4116-98fc-c74a328c3593 is updated service_manage_report /usr/lib/python2.7/site-packages/heat/engine/service.py:2324
2020-03-28 05:10:44.964 29963 DEBUG heat.engine.service [req-53967fb5-a378-4b34-9395-d7fd113b4c56 - - - - -] Service deb66d15-2227-4d9f-ba04-110392a7a109 is updated service_manage_report /usr/lib/python2.7/site-packages/heat/engine/service.py:2324
2020-03-28 05:11:44.944 29964 DEBUG heat.engine.service [req-0f362fab-4903-4f78-8dec-631cbc080806 - - - - -] Service 6712a45f-286a-4f30-8762-5162aa837271 is updated service_manage_report /usr/lib/python2.7/site-packages/heat/engine/service.py:2324
2020-03-28 05:11:44.957 29965 DEBUG heat.engine.service [req-1cb72dee-f321-4a6e-9bcf-94f1191e0a58 - - - - -] Service 7c5d4e29-0e25-4116-98fc-c74a328c3593 is updated service_manage_report /usr/lib/python2.7/site-packages/heat/engine/service.py:2324
2020-03-28 05:11:44.959 29966 DEBUG heat.engine.service [req-7c6c52f7-5721-4f88-9ddd-43d8a0764e26 - - - - -] Service 5c2e60a1-f6ef-4a6f-b653-1a797d7f08b3 is updated service_manage_report /usr/lib/python2.7/site-packages/heat/engine/service.py:2324
2020-03-28 05:11:44.966 29963 DEBUG heat.engine.service [req-f8a51899-d393-4297-9ad1-a7df2ad19cdb - - - - -] Service deb66d15-2227-4d9f-ba04-110392a7a109 is updated service_manage_report /usr/lib/python2.7/site-packages/heat/engine/service.py:2324
2020-03-28 05:12:44.949 29964 DEBUG heat.engine.service [req-087fb021-9451-4aab-a8f8-27ff8a8caae4 - - - - -] Service 6712a45f-286a-4f30-8762-5162aa837271 is updated service_manage_report /usr/lib/python2.7/site-packages/heat/engine/service.py:2324
2020-03-28 05:12:44.964 29965 DEBUG heat.engine.service [req-85054189-1a6f-45ab-abd6-a2184cc41f7c - - - - -] Service 7c5d4e29-0e25-4116-98fc-c74a328c3593 is updated service_manage_report /usr/lib/python2.7/site-packages/heat/engine/service.py:2324
2020-03-28 05:12:44.966 29966 DEBUG heat.engine.service [req-d35db818-0e15-443f-b6a8-ab03e11768ac - - - - -] Service 5c2e60a1-f6ef-4a6f-b653-1a797d7f08b3 is updated service_manage_report /usr/lib/python2.7/site-packages/heat/engine/service.py:2324
2020-03-28 05:12:44.967 29963 DEBUG heat.engine.service [req-74f3bd7b-0aa4-41ca-b54a-da8f329221ba - - - - -] Service deb66d15-2227-4d9f-ba04-110392a7a109 is updated service_manage_report /usr/lib/python2.7/site-packages/heat/engine/service.py:2324
2020-03-28 05:13:44.945 29964 DEBUG heat.engine.service [req-3f7ee08e-da82-4d00-9dee-dd11dc08481c - - - - -] Service 6712a45f-286a-4f30-8762-5162aa837271 is updated service_manage_report /usr/lib/python2.7/site-packages/heat/engine/service.py:2324
2020-03-28 05:13:44.951 29965 DEBUG heat.engine.service [req-ae3518fb-3463-4070-b925-25a955c8d90c - - - - -] Service 7c5d4e29-0e25-4116-98fc-c74a328c3593 is updated service_manage_report /usr/lib/python2.7/site-packages/heat/engine/service.py:2324
2020-03-28 05:13:44.956 29966 DEBUG heat.engine.service [req-969957f2-9785-4b19-865d-5542bb527790 - - - - -] Service 5c2e60a1-f6ef-4a6f-b653-1a797d7f08b3 is updated service_manage_report /usr/lib/python2.7/site-packages/heat/engine/service.py:2324
2020-03-28 05:13:44.968 29963 DEBUG heat.engine.service [req-3a10dbc9-ccf2-4208-8316-f0bf2ddc4d35 - - - - -] Service deb66d15-2227-4d9f-ba04-110392a7a109 is updated service_manage_report /usr/lib/python2.7/site-packages/heat/engine/service.py:2324
2020-03-28 05:14:44.964 29965 DEBUG heat.engine.service [req-f52a5d93-df34-4a0c-8621-0591fde57128 - - - - -] Service 7c5d4e29-0e25-4116-98fc-c74a328c3593 is updated service_manage_report /usr/lib/python2.7/site-packages/heat/engine/service.py:2324
2020-03-28 05:14:44.963 29964 DEBUG heat.engine.service [req-1689e4da-4dc3-43d7-9761-1c44d042caa4 - - - - -] Service 6712a45f-286a-4f30-8762-5162aa837271 is updated service_manage_report /usr/lib/python2.7/site-packages/heat/engine/service.py:2324
2020-03-28 05:14:44.969 29963 DEBUG heat.engine.service [req-cd78ffbd-ec97-4444-89cc-8229ba28dc35 - - - - -] Service deb66d15-2227-4d9f-ba04-110392a7a109 is updated service_manage_report /usr/lib/python2.7/site-packages/heat/engine/service.py:2324
2020-03-28 05:14:44.967 29966 DEBUG heat.engine.service [req-b9d0002d-21e5-4309-86cb-cc5fe317b33e - - - - -] Service 5c2e60a1-f6ef-4a6f-b653-1a797d7f08b3 is updated service_manage_report /usr/lib/python2.7/site-packages/heat/engine/service.py:2324
2020-03-28 05:15:44.966 29964 DEBUG heat.engine.service [req-163737d9-42f5-446d-9636-4dc5c9ad4623 - - - - -] Service 6712a45f-286a-4f30-8762-5162aa837271 is updated service_manage_report /usr/lib/python2.7/site-packages/heat/engine/service.py:2324
2020-03-28 05:15:44.972 29965 DEBUG heat.engine.service [req-80a89360-8c6c-4549-9231-1b7c70509edf - - - - -] Service 7c5d4e29-0e25-4116-98fc-c74a328c3593 is updated service_manage_report /usr/lib/python2.7/site-packages/heat/engine/service.py:2324
2020-03-28 05:15:44.973 29966 DEBUG heat.engine.service [req-c5dbb6ae-70b8-43d5-9766-1f433c3f1048 - - - - -] Service 5c2e60a1-f6ef-4a6f-b653-1a797d7f08b3 is updated service_manage_report /usr/lib/python2.7/site-packages/heat/engine/service.py:2324
2020-03-28 05:15:44.975 29963 DEBUG heat.engine.service [req-f9adef46-5a15-46d9-a69f-e31debbeeb4c - - - - -] Service deb66d15-2227-4d9f-ba04-110392a7a109 is updated service_manage_report /usr/lib/python2.7/site-packages/heat/engine/service.py:2324
2020-03-28 05:16:44.953 29964 DEBUG heat.engine.service [req-6bc24190-6d1e-49f7-9313-27b43556ad41 - - - - -] Service 6712a45f-286a-4f30-8762-5162aa837271 is updated service_manage_report /usr/lib/python2.7/site-packages/heat/engine/service.py:2324
2020-03-28 05:16:44.953 29965 DEBUG heat.engine.service [req-fb4be752-3404-4980-85d0-ce9cde5af6d3 - - - - -] Service 7c5d4e29-0e25-4116-98fc-c74a328c3593 is updated service_manage_report /usr/lib/python2.7/site-packages/heat/engine/service.py:2324
2020-03-28 05:16:44.961 29966 DEBUG heat.engine.service [req-379fa600-d7ae-4059-bcad-7342f9e64637 - - - - -] Service 5c2e60a1-f6ef-4a6f-b653-1a797d7f08b3 is updated service_manage_report /usr/lib/python2.7/site-packages/heat/engine/service.py:2324
