Jan 26 19:46:49.213282 np0005596550.novalocal devstack@placement-api.service[175922]: INFO placement.requestlog [req-3af4f891-e22a-4f24-a80a-3f39a9ff310e req-178ce326-e04a-471a-98d7-07bbd4a1976d service nova] 38.102.83.18 "GET /placement/resource_providers/f627156c-932e-4a32-97b3-315a994a2ac9/aggregates" status: 200 len: 93 microversion: 1.19
Jan 26 19:46:49.213550 np0005596550.novalocal devstack@placement-api.service[175922]: [pid: 175922|app: 0|req: 1323/2648] 38.102.83.18 () {74 vars in 1657 bytes} [Mon Jan 26 19:46:49 2026] GET /placement/resource_providers/f627156c-932e-4a32-97b3-315a994a2ac9/aggregates => generated 93 bytes in 9 msecs (HTTP/1.1 200) 8 headers in 295 bytes (1 switches on core 0)
Jan 26 19:46:49.228708 np0005596550.novalocal devstack@placement-api.service[175921]: DEBUG placement.requestlog [req-3af4f891-e22a-4f24-a80a-3f39a9ff310e req-ad0c2f4e-bd71-47f0-befc-8dd116719643 None None] Starting request: 38.102.83.18 "PUT /placement/resource_providers/f627156c-932e-4a32-97b3-315a994a2ac9/aggregates" {{(pid=175921) __call__ /opt/stack/placement/placement/requestlog.py:55}}
Jan 26 19:46:49.244331 np0005596550.novalocal devstack@placement-api.service[175921]: DEBUG placement.objects.resource_provider [req-3af4f891-e22a-4f24-a80a-3f39a9ff310e req-ad0c2f4e-bd71-47f0-befc-8dd116719643 service nova] Setting aggregates for provider f627156c-932e-4a32-97b3-315a994a2ac9. Successfully disassociated aggregate 62b54fbe-d0a8-4f5f-afc8-da24bf20bd48. {{(pid=175921) _set_aggregates /opt/stack/placement/placement/objects/resource_provider.py:404}}
Jan 26 19:46:49.255240 np0005596550.novalocal devstack@placement-api.service[175921]: INFO placement.requestlog [req-3af4f891-e22a-4f24-a80a-3f39a9ff310e req-ad0c2f4e-bd71-47f0-befc-8dd116719643 service nova] 38.102.83.18 "PUT /placement/resource_providers/f627156c-932e-4a32-97b3-315a994a2ac9/aggregates" status: 200 len: 55 microversion: 1.19
Jan 26 19:46:49.255618 np0005596550.novalocal devstack@placement-api.service[175921]: [pid: 175921|app: 0|req: 1326/2649] 38.102.83.18 () {78 vars in 1709 bytes} [Mon Jan 26 19:46:49 2026] PUT /placement/resource_providers/f627156c-932e-4a32-97b3-315a994a2ac9/aggregates => generated 55 bytes in 27 msecs (HTTP/1.1 200) 8 headers in 295 bytes (1 switches on core 0)
Jan 26 19:46:49.405173 np0005596550.novalocal devstack@placement-api.service[175922]: DEBUG placement.requestlog [req-c22d827a-d3e9-4ab3-ba15-a1fecfaea566 req-e4879af5-4fc0-4897-a9a1-405d4ee5bb18 None None] Starting request: 38.102.83.18 "GET /placement/resource_providers?name=np0005596550.novalocal" {{(pid=175922) __call__ /opt/stack/placement/placement/requestlog.py:55}}
Jan 26 19:46:49.410933 np0005596550.novalocal devstack@placement-api.service[175922]: INFO placement.requestlog [req-c22d827a-d3e9-4ab3-ba15-a1fecfaea566 req-e4879af5-4fc0-4897-a9a1-405d4ee5bb18 service nova] 38.102.83.18 "GET /placement/resource_providers?name=np0005596550.novalocal" status: 200 len: 451 microversion: 1.0
Jan 26 19:46:49.411068 np0005596550.novalocal devstack@placement-api.service[175922]: [pid: 175922|app: 0|req: 1324/2650] 38.102.83.18 () {72 vars in 1524 bytes} [Mon Jan 26 19:46:49 2026] GET /placement/resource_providers?name=np0005596550.novalocal => generated 451 bytes in 6 msecs (HTTP/1.1 200) 6 headers in 224 bytes (1 switches on core 0)
Jan 26 19:46:49.429385 np0005596550.novalocal devstack@placement-api.service[175921]: DEBUG placement.requestlog [req-c22d827a-d3e9-4ab3-ba15-a1fecfaea566 req-e9eb9ccd-c632-44c9-aafe-acf74c7d44da None None] Starting request: 38.102.83.18 "GET /placement/resource_providers/f627156c-932e-4a32-97b3-315a994a2ac9/aggregates" {{(pid=175921) __call__ /opt/stack/placement/placement/requestlog.py:55}}
Jan 26 19:46:49.435637 np0005596550.novalocal devstack@placement-api.service[175921]: INFO placement.requestlog [req-c22d827a-d3e9-4ab3-ba15-a1fecfaea566 req-e9eb9ccd-c632-44c9-aafe-acf74c7d44da service nova] 38.102.83.18 "GET /placement/resource_providers/f627156c-932e-4a32-97b3-315a994a2ac9/aggregates" status: 200 len: 55 microversion: 1.19
Jan 26 19:46:49.435917 np0005596550.novalocal devstack@placement-api.service[175921]: [pid: 175921|app: 0|req: 1327/2651] 38.102.83.18 () {74 vars in 1657 bytes} [Mon Jan 26 19:46:49 2026] GET /placement/resource_providers/f627156c-932e-4a32-97b3-315a994a2ac9/aggregates => generated 55 bytes in 6 msecs (HTTP/1.1 200) 8 headers in 295 bytes (1 switches on core 0)
Jan 26 19:46:49.454394 np0005596550.novalocal devstack@placement-api.service[175922]: DEBUG placement.requestlog [req-c22d827a-d3e9-4ab3-ba15-a1fecfaea566 req-4cd0d8bd-de78-45f9-bdfd-21f8d10ae05a None None] Starting request: 38.102.83.18 "PUT /placement/resource_providers/f627156c-932e-4a32-97b3-315a994a2ac9/aggregates" {{(pid=175922) __call__ /opt/stack/placement/placement/requestlog.py:55}}
Jan 26 19:46:49.467466 np0005596550.novalocal devstack@placement-api.service[175922]: DEBUG placement.objects.resource_provider [req-c22d827a-d3e9-4ab3-ba15-a1fecfaea566 req-4cd0d8bd-de78-45f9-bdfd-21f8d10ae05a service nova] _ensure_aggregate() did not find aggregate ff2c06b3-cb5d-49c0-855f-68f5a86f5580. Attempting to create it. {{(pid=175922) _ensure_aggregate /opt/stack/placement/placement/objects/resource_provider.py:321}}
Jan 26 19:46:49.469215 np0005596550.novalocal devstack@placement-api.service[175922]: DEBUG placement.objects.resource_provider [req-c22d827a-d3e9-4ab3-ba15-a1fecfaea566 req-4cd0d8bd-de78-45f9-bdfd-21f8d10ae05a service nova] _ensure_aggregate() created new aggregate ff2c06b3-cb5d-49c0-855f-68f5a86f5580 (id=3). {{(pid=175922) _ensure_aggregate /opt/stack/placement/placement/objects/resource_provider.py:327}}
Jan 26 19:46:49.470208 np0005596550.novalocal devstack@placement-api.service[175922]: DEBUG placement.objects.resource_provider [req-c22d827a-d3e9-4ab3-ba15-a1fecfaea566 req-4cd0d8bd-de78-45f9-bdfd-21f8d10ae05a service nova] Setting aggregates for provider f627156c-932e-4a32-97b3-315a994a2ac9. Successfully associated aggregate ff2c06b3-cb5d-49c0-855f-68f5a86f5580. {{(pid=175922) _set_aggregates /opt/stack/placement/placement/objects/resource_provider.py:389}}
Jan 26 19:46:49.472913 np0005596550.novalocal devstack@placement-api.service[175922]: INFO placement.requestlog [req-c22d827a-d3e9-4ab3-ba15-a1fecfaea566 req-4cd0d8bd-de78-45f9-bdfd-21f8d10ae05a service nova] 38.102.83.18 "PUT /placement/resource_providers/f627156c-932e-4a32-97b3-315a994a2ac9/aggregates" status: 200 len: 93 microversion: 1.19
Jan 26 19:46:49.473507 np0005596550.novalocal devstack@placement-api.service[175922]: [pid: 175922|app: 0|req: 1325/2652] 38.102.83.18 () {78 vars in 1709 bytes} [Mon Jan 26 19:46:49 2026] PUT /placement/resource_providers/f627156c-932e-4a32-97b3-315a994a2ac9/aggregates => generated 93 bytes in 19 msecs (HTTP/1.1 200) 8 headers in 295 bytes (1 switches on core 0)
Jan 26 19:46:49.567561 np0005596550.novalocal devstack@placement-api.service[175921]: DEBUG placement.requestlog [req-065c5413-b685-47ba-ac68-1a54f412c288 req-9faa82e8-d369-4fe2-a27b-a61fe9a41130 None None] Starting request: 38.102.83.18 "GET /placement/resource_providers?name=np0005596550.novalocal" {{(pid=175921) __call__ /opt/stack/placement/placement/requestlog.py:55}}
Jan 26 19:46:49.574823 np0005596550.novalocal devstack@placement-api.service[175921]: INFO placement.requestlog [req-065c5413-b685-47ba-ac68-1a54f412c288 req-9faa82e8-d369-4fe2-a27b-a61fe9a41130 service nova] 38.102.83.18 "GET /placement/resource_providers?name=np0005596550.novalocal" status: 200 len: 451 microversion: 1.0
Jan 26 19:46:49.575388 np0005596550.novalocal devstack@placement-api.service[175921]: [pid: 175921|app: 0|req: 1328/2653] 38.102.83.18 () {72 vars in 1524 bytes} [Mon Jan 26 19:46:49 2026] GET /placement/resource_providers?name=np0005596550.novalocal => generated 451 bytes in 8 msecs (HTTP/1.1 200) 6 headers in 224 bytes (2 switches on core 0)
Jan 26 19:46:49.595214 np0005596550.novalocal devstack@placement-api.service[175922]: DEBUG placement.requestlog [req-065c5413-b685-47ba-ac68-1a54f412c288 req-2bbb1085-bfd4-4bc5-8789-990549269aa7 None None] Starting request: 38.102.83.18 "GET /placement/resource_providers/f627156c-932e-4a32-97b3-315a994a2ac9/aggregates" {{(pid=175922) __call__ /opt/stack/placement/placement/requestlog.py:55}}
Jan 26 19:46:49.600303 np0005596550.novalocal devstack@placement-api.service[175922]: INFO placement.requestlog [req-065c5413-b685-47ba-ac68-1a54f412c288 req-2bbb1085-bfd4-4bc5-8789-990549269aa7 service nova] 38.102.83.18 "GET /placement/resource_providers/f627156c-932e-4a32-97b3-315a994a2ac9/aggregates" status: 200 len: 93 microversion: 1.19
Jan 26 19:46:49.600467 np0005596550.novalocal devstack@placement-api.service[175922]: [pid: 175922|app: 0|req: 1326/2654] 38.102.83.18 () {74 vars in 1657 bytes} [Mon Jan 26 19:46:49 2026] GET /placement/resource_providers/f627156c-932e-4a32-97b3-315a994a2ac9/aggregates => generated 93 bytes in 5 msecs (HTTP/1.1 200) 8 headers in 295 bytes (1 switches on core 0)
Jan 26 19:46:49.619240 np0005596550.novalocal devstack@placement-api.service[175921]: DEBUG placement.requestlog [req-065c5413-b685-47ba-ac68-1a54f412c288 req-97d3a320-36e4-4cc9-9a3c-c83b2392a18d None None] Starting request: 38.102.83.18 "PUT /placement/resource_providers/f627156c-932e-4a32-97b3-315a994a2ac9/aggregates" {{(pid=175921) __call__ /opt/stack/placement/placement/requestlog.py:55}}
Jan 26 19:46:49.627937 np0005596550.novalocal devstack@placement-api.service[175921]: DEBUG placement.objects.resource_provider [req-065c5413-b685-47ba-ac68-1a54f412c288 req-97d3a320-36e4-4cc9-9a3c-c83b2392a18d service nova] Setting aggregates for provider f627156c-932e-4a32-97b3-315a994a2ac9. Successfully disassociated aggregate ff2c06b3-cb5d-49c0-855f-68f5a86f5580. {{(pid=175921) _set_aggregates /opt/stack/placement/placement/objects/resource_provider.py:404}}
Jan 26 19:46:49.632132 np0005596550.novalocal devstack@placement-api.service[175921]: INFO placement.requestlog [req-065c5413-b685-47ba-ac68-1a54f412c288 req-97d3a320-36e4-4cc9-9a3c-c83b2392a18d service nova] 38.102.83.18 "PUT /placement/resource_providers/f627156c-932e-4a32-97b3-315a994a2ac9/aggregates" status: 200 len: 55 microversion: 1.19
Jan 26 19:46:49.632331 np0005596550.novalocal devstack@placement-api.service[175921]: [pid: 175921|app: 0|req: 1329/2655] 38.102.83.18 () {78 vars in 1709 bytes} [Mon Jan 26 19:46:49 2026] PUT /placement/resource_providers/f627156c-932e-4a32-97b3-315a994a2ac9/aggregates => generated 55 bytes in 13 msecs (HTTP/1.1 200) 8 headers in 295 bytes (2 switches on core 0)
Jan 26 19:46:49.780523 np0005596550.novalocal devstack@placement-api.service[175922]: DEBUG placement.requestlog [req-28b3752f-4069-47ee-988a-ac02044d8cab req-068304e3-77b4-43d4-8f95-1e5116090307 None None] Starting request: 38.102.83.18 "GET /placement/resource_providers?name=np0005596550.novalocal" {{(pid=175922) __call__ /opt/stack/placement/placement/requestlog.py:55}}
Jan 26 19:46:49.791793 np0005596550.novalocal devstack@placement-api.service[175922]: INFO placement.requestlog [req-28b3752f-4069-47ee-988a-ac02044d8cab req-068304e3-77b4-43d4-8f95-1e5116090307 service nova] 38.102.83.18 "GET /placement/resource_providers?name=np0005596550.novalocal" status: 200 len: 451 microversion: 1.0
Jan 26 19:46:49.792109 np0005596550.novalocal devstack@placement-api.service[175922]: [pid: 175922|app: 0|req: 1327/2656] 38.102.83.18 () {72 vars in 1524 bytes} [Mon Jan 26 19:46:49 2026] GET /placement/resource_providers?name=np0005596550.novalocal => generated 451 bytes in 12 msecs (HTTP/1.1 200) 6 headers in 224 bytes (1 switches on core 0)
Jan 26 19:46:49.813060 np0005596550.novalocal devstack@placement-api.service[175921]: DEBUG placement.requestlog [req-28b3752f-4069-47ee-988a-ac02044d8cab req-e80a9958-4600-414d-bc79-47080b86953a None None] Starting request: 38.102.83.18 "GET /placement/resource_providers/f627156c-932e-4a32-97b3-315a994a2ac9/aggregates" {{(pid=175921) __call__ /opt/stack/placement/placement/requestlog.py:55}}
Jan 26 19:46:49.822388 np0005596550.novalocal devstack@placement-api.service[175921]: INFO placement.requestlog [req-28b3752f-4069-47ee-988a-ac02044d8cab req-e80a9958-4600-414d-bc79-47080b86953a service nova] 38.102.83.18 "GET /placement/resource_providers/f627156c-932e-4a32-97b3-315a994a2ac9/aggregates" status: 200 len: 55 microversion: 1.19
Jan 26 19:46:49.822591 np0005596550.novalocal devstack@placement-api.service[175921]: [pid: 175921|app: 0|req: 1330/2657] 38.102.83.18 () {74 vars in 1657 bytes} [Mon Jan 26 19:46:49 2026] GET /placement/resource_providers/f627156c-932e-4a32-97b3-315a994a2ac9/aggregates => generated 55 bytes in 10 msecs (HTTP/1.1 200) 8 headers in 295 bytes (1 switches on core 0)
Jan 26 19:46:49.845931 np0005596550.novalocal devstack@placement-api.service[175922]: DEBUG placement.requestlog [req-28b3752f-4069-47ee-988a-ac02044d8cab req-7edce1e1-d2fe-4308-8808-7bbba036dde8 None None] Starting request: 38.102.83.18 "PUT /placement/resource_providers/f627156c-932e-4a32-97b3-315a994a2ac9/aggregates" {{(pid=175922) __call__ /opt/stack/placement/placement/requestlog.py:55}}
Jan 26 19:46:49.861623 np0005596550.novalocal devstack@placement-api.service[175922]: DEBUG placement.objects.resource_provider [req-28b3752f-4069-47ee-988a-ac02044d8cab req-7edce1e1-d2fe-4308-8808-7bbba036dde8 service nova] _ensure_aggregate() did not find aggregate a3aa1a9f-381d-4998-86ef-2ca4f49a0c5f. Attempting to create it. {{(pid=175922) _ensure_aggregate /opt/stack/placement/placement/objects/resource_provider.py:321}}
Jan 26 19:46:49.862615 np0005596550.novalocal devstack@placement-api.service[175922]: DEBUG placement.objects.resource_provider [req-28b3752f-4069-47ee-988a-ac02044d8cab req-7edce1e1-d2fe-4308-8808-7bbba036dde8 service nova] _ensure_aggregate() created new aggregate a3aa1a9f-381d-4998-86ef-2ca4f49a0c5f (id=4). {{(pid=175922) _ensure_aggregate /opt/stack/placement/placement/objects/resource_provider.py:327}}
Jan 26 19:46:49.863558 np0005596550.novalocal devstack@placement-api.service[175922]: DEBUG placement.objects.resource_provider [req-28b3752f-4069-47ee-988a-ac02044d8cab req-7edce1e1-d2fe-4308-8808-7bbba036dde8 service nova] Setting aggregates for provider f627156c-932e-4a32-97b3-315a994a2ac9. Successfully associated aggregate a3aa1a9f-381d-4998-86ef-2ca4f49a0c5f. {{(pid=175922) _set_aggregates /opt/stack/placement/placement/objects/resource_provider.py:389}}
Jan 26 19:46:49.869455 np0005596550.novalocal devstack@placement-api.service[175922]: INFO placement.requestlog [req-28b3752f-4069-47ee-988a-ac02044d8cab req-7edce1e1-d2fe-4308-8808-7bbba036dde8 service nova] 38.102.83.18 "PUT /placement/resource_providers/f627156c-932e-4a32-97b3-315a994a2ac9/aggregates" status: 200 len: 93 microversion: 1.19
Jan 26 19:46:49.869811 np0005596550.novalocal devstack@placement-api.service[175922]: [pid: 175922|app: 0|req: 1328/2658] 38.102.83.18 () {78 vars in 1709 bytes} [Mon Jan 26 19:46:49 2026] PUT /placement/resource_providers/f627156c-932e-4a32-97b3-315a994a2ac9/aggregates => generated 93 bytes in 24 msecs (HTTP/1.1 200) 8 headers in 295 bytes (1 switches on core 0)
Jan 26 19:46:49.940993 np0005596550.novalocal devstack@placement-api.service[175921]: DEBUG placement.requestlog [req-705e4eea-f9f8-43e1-bb85-abb0eabf18f3 req-60b7456f-b2cd-4561-ba94-5a2f37079577 None None] Starting request: 38.102.83.18 "GET /placement/resource_providers?name=np0005596550.novalocal" {{(pid=175921) __call__ /opt/stack/placement/placement/requestlog.py:55}}
Jan 26 19:46:49.951058 np0005596550.novalocal devstack@placement-api.service[175921]: INFO placement.requestlog [req-705e4eea-f9f8-43e1-bb85-abb0eabf18f3 req-60b7456f-b2cd-4561-ba94-5a2f37079577 service nova] 38.102.83.18 "GET /placement/resource_providers?name=np0005596550.novalocal" status: 200 len: 451 microversion: 1.0
Jan 26 19:46:49.951346 np0005596550.novalocal devstack@placement-api.service[175921]: [pid: 175921|app: 0|req: 1331/2659] 38.102.83.18 () {72 vars in 1524 bytes} [Mon Jan 26 19:46:49 2026] GET /placement/resource_providers?name=np0005596550.novalocal => generated 451 bytes in 11 msecs (HTTP/1.1 200) 6 headers in 224 bytes (1 switches on core 0)
Jan 26 19:46:49.975692 np0005596550.novalocal devstack@placement-api.service[175922]: DEBUG placement.requestlog [req-705e4eea-f9f8-43e1-bb85-abb0eabf18f3 req-5fd657a1-ed9b-44ab-b4bc-aa359e43807d None None] Starting request: 38.102.83.18 "GET /placement/resource_providers/f627156c-932e-4a32-97b3-315a994a2ac9/aggregates" {{(pid=175922) __call__ /opt/stack/placement/placement/requestlog.py:55}}
Jan 26 19:46:49.985672 np0005596550.novalocal devstack@placement-api.service[175922]: INFO placement.requestlog [req-705e4eea-f9f8-43e1-bb85-abb0eabf18f3 req-5fd657a1-ed9b-44ab-b4bc-aa359e43807d service nova] 38.102.83.18 "GET /placement/resource_providers/f627156c-932e-4a32-97b3-315a994a2ac9/aggregates" status: 200 len: 93 microversion: 1.19
Jan 26 19:46:49.986000 np0005596550.novalocal devstack@placement-api.service[175922]: [pid: 175922|app: 0|req: 1329/2660] 38.102.83.18 () {74 vars in 1657 bytes} [Mon Jan 26 19:46:49 2026] GET /placement/resource_providers/f627156c-932e-4a32-97b3-315a994a2ac9/aggregates => generated 93 bytes in 11 msecs (HTTP/1.1 200) 8 headers in 295 bytes (1 switches on core 0)
Jan 26 19:46:50.011180 np0005596550.novalocal devstack@placement-api.service[175921]: DEBUG placement.requestlog [req-705e4eea-f9f8-43e1-bb85-abb0eabf18f3 req-2fac6e4f-f418-437c-9f8c-fc4dd03687f5 None None] Starting request: 38.102.83.18 "PUT /placement/resource_providers/f627156c-932e-4a32-97b3-315a994a2ac9/aggregates" {{(pid=175921) __call__ /opt/stack/placement/placement/requestlog.py:55}}
Jan 26 19:46:50.020186 np0005596550.novalocal devstack@placement-api.service[175921]: DEBUG placement.objects.resource_provider [req-705e4eea-f9f8-43e1-bb85-abb0eabf18f3 req-2fac6e4f-f418-437c-9f8c-fc4dd03687f5 service nova] Setting aggregates for provider f627156c-932e-4a32-97b3-315a994a2ac9. Successfully disassociated aggregate a3aa1a9f-381d-4998-86ef-2ca4f49a0c5f. {{(pid=175921) _set_aggregates /opt/stack/placement/placement/objects/resource_provider.py:404}}
Jan 26 19:46:50.027669 np0005596550.novalocal devstack@placement-api.service[175921]: INFO placement.requestlog [req-705e4eea-f9f8-43e1-bb85-abb0eabf18f3 req-2fac6e4f-f418-437c-9f8c-fc4dd03687f5 service nova] 38.102.83.18 "PUT /placement/resource_providers/f627156c-932e-4a32-97b3-315a994a2ac9/aggregates" status: 200 len: 55 microversion: 1.19
Jan 26 19:46:50.027826 np0005596550.novalocal devstack@placement-api.service[175921]: [pid: 175921|app: 0|req: 1332/2661] 38.102.83.18 () {78 vars in 1709 bytes} [Mon Jan 26 19:46:50 2026] PUT /placement/resource_providers/f627156c-932e-4a32-97b3-315a994a2ac9/aggregates => generated 55 bytes in 17 msecs (HTTP/1.1 200) 8 headers in 295 bytes (2 switches on core 0)
Jan 26 19:46:51.531386 np0005596550.novalocal devstack@placement-api.service[175922]: DEBUG placement.requestlog [req-9054a39c-11a0-4dc5-818e-58b8f1c28cd5 req-b906aa26-dc01-473c-83bf-919789af8c77 None None] Starting request: 38.102.83.18 "GET /placement/resource_providers/f627156c-932e-4a32-97b3-315a994a2ac9/allocations" {{(pid=175922) __call__ /opt/stack/placement/placement/requestlog.py:55}}
Jan 26 19:46:51.537854 np0005596550.novalocal devstack@placement-api.service[175922]: INFO placement.requestlog [req-9054a39c-11a0-4dc5-818e-58b8f1c28cd5 req-b906aa26-dc01-473c-83bf-919789af8c77 service nova] 38.102.83.18 "GET /placement/resource_providers/f627156c-932e-4a32-97b3-315a994a2ac9/allocations" status: 200 len: 56 microversion: 1.0
Jan 26 19:46:51.537998 np0005596550.novalocal devstack@placement-api.service[175922]: [pid: 175922|app: 0|req: 1330/2662] 38.102.83.18 () {72 vars in 1623 bytes} [Mon Jan 26 19:46:51 2026] GET /placement/resource_providers/f627156c-932e-4a32-97b3-315a994a2ac9/allocations => generated 56 bytes in 6 msecs (HTTP/1.1 200) 6 headers in 223 bytes (1 switches on core 0)
Jan 26 19:46:51.554685 np0005596550.novalocal devstack@placement-api.service[175921]: DEBUG placement.requestlog [req-9054a39c-11a0-4dc5-818e-58b8f1c28cd5 req-0e74634a-6dfe-4177-a5f3-5552b05f5cb3 None None] Starting request: 38.102.83.18 "GET /placement/resource_providers/f627156c-932e-4a32-97b3-315a994a2ac9/allocations" {{(pid=175921) __call__ /opt/stack/placement/placement/requestlog.py:55}}
Jan 26 19:46:51.560826 np0005596550.novalocal devstack@placement-api.service[175921]: INFO placement.requestlog [req-9054a39c-11a0-4dc5-818e-58b8f1c28cd5 req-0e74634a-6dfe-4177-a5f3-5552b05f5cb3 service nova] 38.102.83.18 "GET /placement/resource_providers/f627156c-932e-4a32-97b3-315a994a2ac9/allocations" status: 200 len: 56 microversion: 1.0
Jan 26 19:46:51.561000 np0005596550.novalocal devstack@placement-api.service[175921]: [pid: 175921|app: 0|req: 1333/2663] 38.102.83.18 () {72 vars in 1623 bytes} [Mon Jan 26 19:46:51 2026] GET /placement/resource_providers/f627156c-932e-4a32-97b3-315a994a2ac9/allocations => generated 56 bytes in 6 msecs (HTTP/1.1 200) 6 headers in 223 bytes (1 switches on core 0)
Jan 26 19:46:53.224377 np0005596550.novalocal devstack@placement-api.service[175922]: DEBUG placement.requestlog [req-ece6dc38-f417-4828-b9c3-73716a6540c3 req-55e4107a-f0da-45df-95e3-dc58d1d10824 None None] Starting request: 38.102.83.18 "GET /placement/resource_providers?name=np0005596550.novalocal" {{(pid=175922) __call__ /opt/stack/placement/placement/requestlog.py:55}}
Jan 26 19:46:53.230640 np0005596550.novalocal devstack@placement-api.service[175922]: INFO placement.requestlog [req-ece6dc38-f417-4828-b9c3-73716a6540c3 req-55e4107a-f0da-45df-95e3-dc58d1d10824 service nova] 38.102.83.18 "GET /placement/resource_providers?name=np0005596550.novalocal" status: 200 len: 451 microversion: 1.0
Jan 26 19:46:53.230718 np0005596550.novalocal devstack@placement-api.service[175922]: [pid: 175922|app: 0|req: 1331/2664] 38.102.83.18 () {72 vars in 1524 bytes} [Mon Jan 26 19:46:53 2026] GET /placement/resource_providers?name=np0005596550.novalocal => generated 451 bytes in 6 msecs (HTTP/1.1 200) 6 headers in 224 bytes (1 switches on core 0)
Jan 26 19:46:53.251586 np0005596550.novalocal devstack@placement-api.service[175921]: DEBUG placement.requestlog [req-ece6dc38-f417-4828-b9c3-73716a6540c3 req-d466cf91-b0c8-4d3b-9c44-025ad618ba82 None None] Starting request: 38.102.83.18 "GET /placement/resource_providers/f627156c-932e-4a32-97b3-315a994a2ac9/aggregates" {{(pid=175921) __call__ /opt/stack/placement/placement/requestlog.py:55}}
Jan 26 19:46:53.258959 np0005596550.novalocal devstack@placement-api.service[175921]: INFO placement.requestlog [req-ece6dc38-f417-4828-b9c3-73716a6540c3 req-d466cf91-b0c8-4d3b-9c44-025ad618ba82 service nova] 38.102.83.18 "GET /placement/resource_providers/f627156c-932e-4a32-97b3-315a994a2ac9/aggregates" status: 200 len: 55 microversion: 1.19
Jan 26 19:46:53.259197 np0005596550.novalocal devstack@placement-api.service[175921]: [pid: 175921|app: 0|req: 1334/2665] 38.102.83.18 () {74 vars in 1657 bytes} [Mon Jan 26 19:46:53 2026] GET /placement/resource_providers/f627156c-932e-4a32-97b3-315a994a2ac9/aggregates => generated 55 bytes in 8 msecs (HTTP/1.1 200) 8 headers in 295 bytes (1 switches on core 0)
Jan 26 19:46:53.278941 np0005596550.novalocal devstack@placement-api.service[175922]: DEBUG placement.requestlog [req-ece6dc38-f417-4828-b9c3-73716a6540c3 req-a6922b21-90a2-4911-80c0-61a31a7fe4b0 None None] Starting request: 38.102.83.18 "PUT /placement/resource_providers/f627156c-932e-4a32-97b3-315a994a2ac9/aggregates" {{(pid=175922) __call__ /opt/stack/placement/placement/requestlog.py:55}}
Jan 26 19:46:53.293942 np0005596550.novalocal devstack@placement-api.service[175922]: DEBUG placement.objects.resource_provider [req-ece6dc38-f417-4828-b9c3-73716a6540c3 req-a6922b21-90a2-4911-80c0-61a31a7fe4b0 service nova] _ensure_aggregate() did not find aggregate 58ae414c-68a3-4dd2-8720-3c1369e6758d. Attempting to create it. {{(pid=175922) _ensure_aggregate /opt/stack/placement/placement/objects/resource_provider.py:321}}
Jan 26 19:46:53.295475 np0005596550.novalocal devstack@placement-api.service[175922]: DEBUG placement.objects.resource_provider [req-ece6dc38-f417-4828-b9c3-73716a6540c3 req-a6922b21-90a2-4911-80c0-61a31a7fe4b0 service nova] _ensure_aggregate() created new aggregate 58ae414c-68a3-4dd2-8720-3c1369e6758d (id=5). {{(pid=175922) _ensure_aggregate /opt/stack/placement/placement/objects/resource_provider.py:327}}
Jan 26 19:46:53.297174 np0005596550.novalocal devstack@placement-api.service[175922]: DEBUG placement.objects.resource_provider [req-ece6dc38-f417-4828-b9c3-73716a6540c3 req-a6922b21-90a2-4911-80c0-61a31a7fe4b0 service nova] Setting aggregates for provider f627156c-932e-4a32-97b3-315a994a2ac9. Successfully associated aggregate 58ae414c-68a3-4dd2-8720-3c1369e6758d. {{(pid=175922) _set_aggregates /opt/stack/placement/placement/objects/resource_provider.py:389}}
Jan 26 19:46:53.300562 np0005596550.novalocal devstack@placement-api.service[175922]: INFO placement.requestlog [req-ece6dc38-f417-4828-b9c3-73716a6540c3 req-a6922b21-90a2-4911-80c0-61a31a7fe4b0 service nova] 38.102.83.18 "PUT /placement/resource_providers/f627156c-932e-4a32-97b3-315a994a2ac9/aggregates" status: 200 len: 93 microversion: 1.19
Jan 26 19:46:53.300941 np0005596550.novalocal devstack@placement-api.service[175922]: [pid: 175922|app: 0|req: 1332/2666] 38.102.83.18 () {78 vars in 1709 bytes} [Mon Jan 26 19:46:53 2026] PUT /placement/resource_providers/f627156c-932e-4a32-97b3-315a994a2ac9/aggregates => generated 93 bytes in 22 msecs (HTTP/1.1 200) 8 headers in 295 bytes (1 switches on core 0)
Jan 26 19:46:53.378075 np0005596550.novalocal devstack@placement-api.service[175921]: DEBUG placement.requestlog [req-317ed613-19d4-4746-bd96-18fcca1a2540 req-b7629637-3125-432a-aac1-420bfde9f56e None None] Starting request: 38.102.83.18 "GET /placement/resource_providers?name=np0005596550.novalocal" {{(pid=175921) __call__ /opt/stack/placement/placement/requestlog.py:55}}
Jan 26 19:46:53.387815 np0005596550.novalocal devstack@placement-api.service[175921]: INFO placement.requestlog [req-317ed613-19d4-4746-bd96-18fcca1a2540 req-b7629637-3125-432a-aac1-420bfde9f56e service nova] 38.102.83.18 "GET /placement/resource_providers?name=np0005596550.novalocal" status: 200 len: 451 microversion: 1.0
Jan 26 19:46:53.388117 np0005596550.novalocal devstack@placement-api.service[175921]: [pid: 175921|app: 0|req: 1335/2667] 38.102.83.18 () {72 vars in 1524 bytes} [Mon Jan 26 19:46:53 2026] GET /placement/resource_providers?name=np0005596550.novalocal => generated 451 bytes in 10 msecs (HTTP/1.1 200) 6 headers in 224 bytes (1 switches on core 0)
Jan 26 19:46:53.417167 np0005596550.novalocal devstack@placement-api.service[175922]: DEBUG placement.requestlog [req-317ed613-19d4-4746-bd96-18fcca1a2540 req-af79b0a2-1fed-4428-bd20-d118ccd513ed None None] Starting request: 38.102.83.18 "GET /placement/resource_providers/f627156c-932e-4a32-97b3-315a994a2ac9/aggregates" {{(pid=175922) __call__ /opt/stack/placement/placement/requestlog.py:55}}
Jan 26 19:46:53.427943 np0005596550.novalocal devstack@placement-api.service[175922]: INFO placement.requestlog [req-317ed613-19d4-4746-bd96-18fcca1a2540 req-af79b0a2-1fed-4428-bd20-d118ccd513ed service nova] 38.102.83.18 "GET /placement/resource_providers/f627156c-932e-4a32-97b3-315a994a2ac9/aggregates" status: 200 len: 93 microversion: 1.19
Jan 26 19:46:53.428283 np0005596550.novalocal devstack@placement-api.service[175922]: [pid: 175922|app: 0|req: 1333/2668] 38.102.83.18 () {74 vars in 1657 bytes} [Mon Jan 26 19:46:53 2026] GET /placement/resource_providers/f627156c-932e-4a32-97b3-315a994a2ac9/aggregates => generated 93 bytes in 11 msecs (HTTP/1.1 200) 8 headers in 295 bytes (1 switches on core 0)
Jan 26 19:46:53.449117 np0005596550.novalocal devstack@placement-api.service[175921]: DEBUG placement.requestlog [req-317ed613-19d4-4746-bd96-18fcca1a2540 req-1183b1d5-1e02-42cc-a9fa-eb372a99fd50 None None] Starting request: 38.102.83.18 "PUT /placement/resource_providers/f627156c-932e-4a32-97b3-315a994a2ac9/aggregates" {{(pid=175921) __call__ /opt/stack/placement/placement/requestlog.py:55}}
Jan 26 19:46:53.462402 np0005596550.novalocal devstack@placement-api.service[175921]: DEBUG placement.objects.resource_provider [req-317ed613-19d4-4746-bd96-18fcca1a2540 req-1183b1d5-1e02-42cc-a9fa-eb372a99fd50 service nova] Setting aggregates for provider f627156c-932e-4a32-97b3-315a994a2ac9. Successfully disassociated aggregate 58ae414c-68a3-4dd2-8720-3c1369e6758d. {{(pid=175921) _set_aggregates /opt/stack/placement/placement/objects/resource_provider.py:404}}
Jan 26 19:46:53.465807 np0005596550.novalocal devstack@placement-api.service[175921]: INFO placement.requestlog [req-317ed613-19d4-4746-bd96-18fcca1a2540 req-1183b1d5-1e02-42cc-a9fa-eb372a99fd50 service nova] 38.102.83.18 "PUT /placement/resource_providers/f627156c-932e-4a32-97b3-315a994a2ac9/aggregates" status: 200 len: 55 microversion: 1.19
Jan 26 19:46:53.466137 np0005596550.novalocal devstack@placement-api.service[175921]: [pid: 175921|app: 0|req: 1336/2669] 38.102.83.18 () {78 vars in 1709 bytes} [Mon Jan 26 19:46:53 2026] PUT /placement/resource_providers/f627156c-932e-4a32-97b3-315a994a2ac9/aggregates => generated 55 bytes in 17 msecs (HTTP/1.1 200) 8 headers in 295 bytes (1 switches on core 0)
Jan 26 19:47:03.426464 np0005596550.novalocal devstack@placement-api.service[175922]: DEBUG dbcounter [-] [175922] Writing DB stats placement:SELECT=34,placement:DELETE=2,placement:INSERT=8,placement:UPDATE=4 {{(pid=175922) stat_writer /usr/local/lib/python3.12/site-packages/dbcounter.py:115}}
Jan 26 19:47:03.463420 np0005596550.novalocal devstack@placement-api.service[175921]: DEBUG dbcounter [-] [175921] Writing DB stats placement:SELECT=27,placement:DELETE=5,placement:UPDATE=5 {{(pid=175921) stat_writer /usr/local/lib/python3.12/site-packages/dbcounter.py:115}}
Jan 26 19:47:06.014202 np0005596550.novalocal devstack@placement-api.service[175922]: DEBUG placement.requestlog [req-b3cdae95-85fb-4454-8add-71880cfcc4f4 req-df725583-de47-4c9f-9fb1-7dfb97fcb278 None None] Starting request: 38.102.83.18 "GET /placement/resource_providers?name=np0005596550.novalocal" {{(pid=175922) __call__ /opt/stack/placement/placement/requestlog.py:55}}
Jan 26 19:47:06.023626 np0005596550.novalocal devstack@placement-api.service[175922]: INFO placement.requestlog [req-b3cdae95-85fb-4454-8add-71880cfcc4f4 req-df725583-de47-4c9f-9fb1-7dfb97fcb278 service nova] 38.102.83.18 "GET /placement/resource_providers?name=np0005596550.novalocal" status: 200 len: 451 microversion: 1.0
Jan 26 19:47:06.023825 np0005596550.novalocal devstack@placement-api.service[175922]: [pid: 175922|app: 0|req: 1334/2670] 38.102.83.18 () {72 vars in 1524 bytes} [Mon Jan 26 19:47:06 2026] GET /placement/resource_providers?name=np0005596550.novalocal => generated 451 bytes in 10 msecs (HTTP/1.1 200) 6 headers in 224 bytes (1 switches on core 0)
Jan 26 19:47:06.044682 np0005596550.novalocal devstack@placement-api.service[175921]: DEBUG placement.requestlog [req-b3cdae95-85fb-4454-8add-71880cfcc4f4 req-36240078-8b3d-411c-9844-c216c2a57756 None None] Starting request: 38.102.83.18 "GET /placement/resource_providers/f627156c-932e-4a32-97b3-315a994a2ac9/aggregates" {{(pid=175921) __call__ /opt/stack/placement/placement/requestlog.py:55}}
Jan 26 19:47:06.053007 np0005596550.novalocal devstack@placement-api.service[175921]: INFO placement.requestlog [req-b3cdae95-85fb-4454-8add-71880cfcc4f4 req-36240078-8b3d-411c-9844-c216c2a57756 service nova] 38.102.83.18 "GET /placement/resource_providers/f627156c-932e-4a32-97b3-315a994a2ac9/aggregates" status: 200 len: 55 microversion: 1.19
Jan 26 19:47:06.053228 np0005596550.novalocal devstack@placement-api.service[175921]: [pid: 175921|app: 0|req: 1337/2671] 38.102.83.18 () {74 vars in 1657 bytes} [Mon Jan 26 19:47:06 2026] GET /placement/resource_providers/f627156c-932e-4a32-97b3-315a994a2ac9/aggregates => generated 55 bytes in 8 msecs (HTTP/1.1 200) 8 headers in 295 bytes (1 switches on core 0)
Jan 26 19:47:06.073391 np0005596550.novalocal devstack@placement-api.service[175922]: DEBUG placement.requestlog [req-b3cdae95-85fb-4454-8add-71880cfcc4f4 req-06994f23-aec3-4573-8b44-d3093824abcf None None] Starting request: 38.102.83.18 "PUT /placement/resource_providers/f627156c-932e-4a32-97b3-315a994a2ac9/aggregates" {{(pid=175922) __call__ /opt/stack/placement/placement/requestlog.py:55}}
Jan 26 19:47:06.081574 np0005596550.novalocal devstack@placement-api.service[175922]: DEBUG placement.objects.resource_provider [req-b3cdae95-85fb-4454-8add-71880cfcc4f4 req-06994f23-aec3-4573-8b44-d3093824abcf service nova] _ensure_aggregate() did not find aggregate f050dd4c-383f-4105-8cb8-e6402f4ba5a5. Attempting to create it. {{(pid=175922) _ensure_aggregate /opt/stack/placement/placement/objects/resource_provider.py:321}}
Jan 26 19:47:06.083536 np0005596550.novalocal devstack@placement-api.service[175922]: DEBUG placement.objects.resource_provider [req-b3cdae95-85fb-4454-8add-71880cfcc4f4 req-06994f23-aec3-4573-8b44-d3093824abcf service nova] _ensure_aggregate() created new aggregate f050dd4c-383f-4105-8cb8-e6402f4ba5a5 (id=6). {{(pid=175922) _ensure_aggregate /opt/stack/placement/placement/objects/resource_provider.py:327}}
Jan 26 19:47:06.084368 np0005596550.novalocal devstack@placement-api.service[175922]: DEBUG placement.objects.resource_provider [req-b3cdae95-85fb-4454-8add-71880cfcc4f4 req-06994f23-aec3-4573-8b44-d3093824abcf service nova] Setting aggregates for provider f627156c-932e-4a32-97b3-315a994a2ac9. Successfully associated aggregate f050dd4c-383f-4105-8cb8-e6402f4ba5a5. {{(pid=175922) _set_aggregates /opt/stack/placement/placement/objects/resource_provider.py:389}}
Jan 26 19:47:06.089069 np0005596550.novalocal devstack@placement-api.service[175922]: INFO placement.requestlog [req-b3cdae95-85fb-4454-8add-71880cfcc4f4 req-06994f23-aec3-4573-8b44-d3093824abcf service nova] 38.102.83.18 "PUT /placement/resource_providers/f627156c-932e-4a32-97b3-315a994a2ac9/aggregates" status: 200 len: 93 microversion: 1.19
Jan 26 19:47:06.089363 np0005596550.novalocal devstack@placement-api.service[175922]: [pid: 175922|app: 0|req: 1335/2672] 38.102.83.18 () {78 vars in 1709 bytes} [Mon Jan 26 19:47:06 2026] PUT /placement/resource_providers/f627156c-932e-4a32-97b3-315a994a2ac9/aggregates => generated 93 bytes in 16 msecs (HTTP/1.1 200) 8 headers in 295 bytes (1 switches on core 0)
Jan 26 19:47:06.306524 np0005596550.novalocal devstack@placement-api.service[175921]: DEBUG placement.requestlog [req-f1e4b6c7-fc04-465f-bdd7-562f7013f5a2 req-7ad925db-4ce1-4544-ac0b-64d4a6870090 None None] Starting request: 38.102.83.18 "GET /placement/resource_providers?name=np0005596550.novalocal" {{(pid=175921) __call__ /opt/stack/placement/placement/requestlog.py:55}}
Jan 26 19:47:06.311835 np0005596550.novalocal devstack@placement-api.service[175921]: INFO placement.requestlog [req-f1e4b6c7-fc04-465f-bdd7-562f7013f5a2 req-7ad925db-4ce1-4544-ac0b-64d4a6870090 service nova] 38.102.83.18 "GET /placement/resource_providers?name=np0005596550.novalocal" status: 200 len: 451 microversion: 1.0
Jan 26 19:47:06.312319 np0005596550.novalocal devstack@placement-api.service[175921]: [pid: 175921|app: 0|req: 1338/2673] 38.102.83.18 () {72 vars in 1524 bytes} [Mon Jan 26 19:47:06 2026] GET /placement/resource_providers?name=np0005596550.novalocal => generated 451 bytes in 6 msecs (HTTP/1.1 200) 6 headers in 224 bytes (1 switches on core 0)
Jan 26 19:47:06.328656 np0005596550.novalocal devstack@placement-api.service[175922]: DEBUG placement.requestlog [req-f1e4b6c7-fc04-465f-bdd7-562f7013f5a2 req-75c5aed9-228b-4513-9d84-95949be98bfe None None] Starting request: 38.102.83.18 "GET /placement/resource_providers/f627156c-932e-4a32-97b3-315a994a2ac9/aggregates" {{(pid=175922) __call__ /opt/stack/placement/placement/requestlog.py:55}}
Jan 26 19:47:06.335726 np0005596550.novalocal devstack@placement-api.service[175922]: INFO placement.requestlog [req-f1e4b6c7-fc04-465f-bdd7-562f7013f5a2 req-75c5aed9-228b-4513-9d84-95949be98bfe service nova] 38.102.83.18 "GET /placement/resource_providers/f627156c-932e-4a32-97b3-315a994a2ac9/aggregates" status: 200 len: 93 microversion: 1.19
Jan 26 19:47:06.336185 np0005596550.novalocal devstack@placement-api.service[175922]: [pid: 175922|app: 0|req: 1336/2674] 38.102.83.18 () {74 vars in 1657 bytes} [Mon Jan 26 19:47:06 2026] GET /placement/resource_providers/f627156c-932e-4a32-97b3-315a994a2ac9/aggregates => generated 93 bytes in 7 msecs (HTTP/1.1 200) 8 headers in 295 bytes (1 switches on core 0)
Jan 26 19:47:06.352124 np0005596550.novalocal devstack@placement-api.service[175921]: DEBUG placement.requestlog [req-f1e4b6c7-fc04-465f-bdd7-562f7013f5a2 req-34ee88ca-3d3b-40ba-97fe-072dada6b623 None None] Starting request: 38.102.83.18 "PUT /placement/resource_providers/f627156c-932e-4a32-97b3-315a994a2ac9/aggregates" {{(pid=175921) __call__ /opt/stack/placement/placement/requestlog.py:55}}
Jan 26 19:47:06.364088 np0005596550.novalocal devstack@placement-api.service[175921]: DEBUG placement.objects.resource_provider [req-f1e4b6c7-fc04-465f-bdd7-562f7013f5a2 req-34ee88ca-3d3b-40ba-97fe-072dada6b623 service nova] Setting aggregates for provider f627156c-932e-4a32-97b3-315a994a2ac9. Successfully disassociated aggregate f050dd4c-383f-4105-8cb8-e6402f4ba5a5. {{(pid=175921) _set_aggregates /opt/stack/placement/placement/objects/resource_provider.py:404}}
Jan 26 19:47:06.366875 np0005596550.novalocal devstack@placement-api.service[175921]: INFO placement.requestlog [req-f1e4b6c7-fc04-465f-bdd7-562f7013f5a2 req-34ee88ca-3d3b-40ba-97fe-072dada6b623 service nova] 38.102.83.18 "PUT /placement/resource_providers/f627156c-932e-4a32-97b3-315a994a2ac9/aggregates" status: 200 len: 55 microversion: 1.19
Jan 26 19:47:06.367337 np0005596550.novalocal devstack@placement-api.service[175921]: [pid: 175921|app: 0|req: 1339/2675] 38.102.83.18 () {78 vars in 1709 bytes} [Mon Jan 26 19:47:06 2026] PUT /placement/resource_providers/f627156c-932e-4a32-97b3-315a994a2ac9/aggregates => generated 55 bytes in 15 msecs (HTTP/1.1 200) 8 headers in 295 bytes (1 switches on core 0)
Jan 26 19:47:08.203922 np0005596550.novalocal devstack@placement-api.service[175922]: DEBUG placement.requestlog [None req-d12a3179-85c1-4933-a62f-cb9a4b49e77e None None] Starting request: 38.102.83.18 "GET /placement/resource_providers/3b0be5db-ed5a-443b-a160-e9dff6d5a1d6/aggregates" {{(pid=175922) __call__ /opt/stack/placement/placement/requestlog.py:55}}
Jan 26 19:47:08.216682 np0005596550.novalocal devstack@placement-api.service[175922]: INFO placement.requestlog [None req-d12a3179-85c1-4933-a62f-cb9a4b49e77e service placement] 38.102.83.18 "GET /placement/resource_providers/3b0be5db-ed5a-443b-a160-e9dff6d5a1d6/aggregates" status: 404 len: 235 microversion: 1.1
Jan 26 19:47:08.217104 np0005596550.novalocal devstack@placement-api.service[175922]: [pid: 175922|app: 0|req: 1337/2676] 38.102.83.18 () {72 vars in 1585 bytes} [Mon Jan 26 19:47:08 2026] GET /placement/resource_providers/3b0be5db-ed5a-443b-a160-e9dff6d5a1d6/aggregates => generated 235 bytes in 14 msecs (HTTP/1.1 404) 5 headers in 202 bytes (1 switches on core 0)
Jan 26 19:47:08.240323 np0005596550.novalocal devstack@placement-api.service[175921]: DEBUG placement.requestlog [None req-78e627f7-9141-4732-a1ac-32a3753c2077 None None] Starting request: 38.102.83.18 "DELETE /placement/resource_providers/3b0be5db-ed5a-443b-a160-e9dff6d5a1d6" {{(pid=175921) __call__ /opt/stack/placement/placement/requestlog.py:55}}
Jan 26 19:47:08.244845 np0005596550.novalocal devstack@placement-api.service[175921]: DEBUG placement.wsgi_wrapper [None req-78e627f7-9141-4732-a1ac-32a3753c2077 service placement] Placement API returning an error response: No resource provider with uuid 3b0be5db-ed5a-443b-a160-e9dff6d5a1d6 found for delete {{(pid=175921) call_func /opt/stack/placement/placement/wsgi_wrapper.py:31}}
Jan 26 19:47:08.244845 np0005596550.novalocal devstack@placement-api.service[175921]: INFO placement.requestlog [None req-78e627f7-9141-4732-a1ac-32a3753c2077 service placement] 38.102.83.18 "DELETE /placement/resource_providers/3b0be5db-ed5a-443b-a160-e9dff6d5a1d6" status: 404 len: 246 microversion: 1.1
Jan 26 19:47:08.244845 np0005596550.novalocal devstack@placement-api.service[175921]: [pid: 175921|app: 0|req: 1340/2677] 38.102.83.18 () {74 vars in 1574 bytes} [Mon Jan 26 19:47:08 2026] DELETE /placement/resource_providers/3b0be5db-ed5a-443b-a160-e9dff6d5a1d6 => generated 246 bytes in 5 msecs (HTTP/1.1 404) 6 headers in 231 bytes (1 switches on core 0)
Jan 26 19:47:10.257905 np0005596550.novalocal devstack@placement-api.service[175922]: DEBUG placement.requestlog [None req-6844eb94-5657-4477-a325-2503387bee03 None None] Starting request: 38.102.83.18 "GET /placement/resource_providers/17faf3c6-842a-4351-8a80-572fff0d28f3/aggregates" {{(pid=175922) __call__ /opt/stack/placement/placement/requestlog.py:55}}
Jan 26 19:47:10.266217 np0005596550.novalocal devstack@placement-api.service[175922]: INFO placement.requestlog [None req-6844eb94-5657-4477-a325-2503387bee03 service placement] 38.102.83.18 "GET /placement/resource_providers/17faf3c6-842a-4351-8a80-572fff0d28f3/aggregates" status: 404 len: 235 microversion: 1.1
Jan 26 19:47:10.266544 np0005596550.novalocal devstack@placement-api.service[175922]: [pid: 175922|app: 0|req: 1338/2678] 38.102.83.18 () {72 vars in 1585 bytes} [Mon Jan 26 19:47:10 2026] GET /placement/resource_providers/17faf3c6-842a-4351-8a80-572fff0d28f3/aggregates => generated 235 bytes in 9 msecs (HTTP/1.1 404) 5 headers in 202 bytes (1 switches on core 0)
Jan 26 19:47:10.278133 np0005596550.novalocal devstack@placement-api.service[175921]: DEBUG placement.requestlog [None req-9286ba34-d7c4-409a-a978-3daebe726849 None None] Starting request: 38.102.83.18 "DELETE /placement/resource_providers/17faf3c6-842a-4351-8a80-572fff0d28f3" {{(pid=175921) __call__ /opt/stack/placement/placement/requestlog.py:55}}
Jan 26 19:47:10.286224 np0005596550.novalocal devstack@placement-api.service[175921]: DEBUG placement.wsgi_wrapper [None req-9286ba34-d7c4-409a-a978-3daebe726849 service placement] Placement API returning an error response: No resource provider with uuid 17faf3c6-842a-4351-8a80-572fff0d28f3 found for delete {{(pid=175921) call_func /opt/stack/placement/placement/wsgi_wrapper.py:31}}
Jan 26 19:47:10.286907 np0005596550.novalocal devstack@placement-api.service[175921]: INFO placement.requestlog [None req-9286ba34-d7c4-409a-a978-3daebe726849 service placement] 38.102.83.18 "DELETE /placement/resource_providers/17faf3c6-842a-4351-8a80-572fff0d28f3" status: 404 len: 246 microversion: 1.1
Jan 26 19:47:10.287256 np0005596550.novalocal devstack@placement-api.service[175921]: [pid: 175921|app: 0|req: 1341/2679] 38.102.83.18 () {74 vars in 1574 bytes} [Mon Jan 26 19:47:10 2026] DELETE /placement/resource_providers/17faf3c6-842a-4351-8a80-572fff0d28f3 => generated 246 bytes in 10 msecs (HTTP/1.1 404) 6 headers in 231 bytes (1 switches on core 0)
Jan 26 19:47:20.264145 np0005596550.novalocal devstack@placement-api.service[175922]: DEBUG dbcounter [-] [175922] Writing DB stats placement:SELECT=8,placement:INSERT=2,placement:UPDATE=1 {{(pid=175922) stat_writer /usr/local/lib/python3.12/site-packages/dbcounter.py:115}}
Jan 26 19:47:20.286238 np0005596550.novalocal devstack@placement-api.service[175921]: DEBUG dbcounter [-] [175921] Writing DB stats placement:SELECT=7,placement:DELETE=1,placement:UPDATE=1 {{(pid=175921) stat_writer /usr/local/lib/python3.12/site-packages/dbcounter.py:115}}