Jan 26 19:02:58.999940 np0005596550.novalocal devstack@neutron-api.service[168857]: DEBUG ovsdbapp.backend.ovs_idl.transaction [None req-54b84f90-1821-4afc-a27c-af7dc1151569 None None] Running txn n=1 command(idx=0): DbRemoveCommand(_result=None, table=Logical_Switch_Port, record=d71d76ac-ceff-4a56-80f3-6467c6b12f29, column=external_ids, values=('neutron:host_id',), keyvalues={}, if_exists=True) {{(pid=168857) do_commit /usr/local/lib/python3.12/site-packages/ovsdbapp/backend/ovs_idl/transaction.py:89}}
Jan 26 19:02:59.003302 np0005596550.novalocal devstack@neutron-api.service[168857]: DEBUG neutron.pecan_wsgi.hooks.policy_enforcement [None req-16ad64b8-c79e-46c3-9f78-59b695e48295 tempest-PortsIpV6TestJSON-1412164039 tempest-PortsIpV6TestJSON-1412164039-project-member] Attributes excluded by policy engine: ['standard_attr_id', 'binding:profile', 'binding:host_id', 'binding:vif_type', 'binding:vif_details', 'network'] {{(pid=168857) _exclude_attributes_by_policy /opt/stack/neutron/neutron/pecan_wsgi/hooks/policy_enforcement.py:258}}
Jan 26 19:02:59.003713 np0005596550.novalocal devstack@neutron-api.service[168857]: DEBUG neutron_lib.callbacks.manager [None req-16ad64b8-c79e-46c3-9f78-59b695e48295 tempest-PortsIpV6TestJSON-1412164039 tempest-PortsIpV6TestJSON-1412164039-project-member] Publish callbacks ['neutron.notifiers.nova.Notifier._send_nova_notification-728960'] for port (None), before_response {{(pid=168857) _notify_loop /usr/local/lib/python3.12/site-packages/neutron_lib/callbacks/manager.py:184}}
Jan 26 19:02:59.014197 np0005596550.novalocal devstack@neutron-api.service[168857]: [pid: 168857|app: 0|req: 2666/5309] 38.102.83.18 () {74 vars in 1380 bytes} [Mon Jan 26 19:02:58 2026] POST /networking/v2.0/ports => generated 731 bytes in 487 msecs (HTTP/1.1 201) 4 headers in 162 bytes (1 switches on core 0)
Jan 26 19:02:59.024061 np0005596550.novalocal devstack@neutron-api.service[168856]: DEBUG neutron.api.v2.base [None req-73621972-15f5-40aa-ac59-afc084bc0d5f tempest-PortsIpV6TestJSON-1412164039 tempest-PortsIpV6TestJSON-1412164039-project-member] Request body: {'port': {'network_id': 'f69e5db1-f25c-462c-bae6-d9414a93bbc1', 'name': 'tempest-PortsIpV6TestJSON-316538837'}} {{(pid=168856) prepare_request_body /opt/stack/neutron/neutron/api/v2/base.py:729}}
Jan 26 19:02:59.053030 np0005596550.novalocal devstack@neutron-api.service[168856]: DEBUG neutron.pecan_wsgi.hooks.quota_enforcement [None req-73621972-15f5-40aa-ac59-afc084bc0d5f tempest-PortsIpV6TestJSON-1412164039 tempest-PortsIpV6TestJSON-1412164039-project-member] Made reservation on behalf of f3c08ead5be24f17ad01bf1093530a29 for: {'port': 1} {{(pid=168856) before /opt/stack/neutron/neutron/pecan_wsgi/hooks/quota_enforcement.py:66}}
Jan 26 19:02:59.055303 np0005596550.novalocal devstack@neutron-api.service[168856]: DEBUG neutron_lib.callbacks.manager [None req-73621972-15f5-40aa-ac59-afc084bc0d5f tempest-PortsIpV6TestJSON-1412164039 tempest-PortsIpV6TestJSON-1412164039-project-member] Publish callbacks ['neutron.plugins.ml2.plugin.SecurityGroupDbMixin._ensure_default_security_group_handler-27312'] for port (None), before_create {{(pid=168856) _notify_loop /usr/local/lib/python3.12/site-packages/neutron_lib/callbacks/manager.py:184}}
Jan 26 19:02:59.063614 np0005596550.novalocal devstack@neutron-api.service[168856]: DEBUG neutron.notifiers.nova [None req-73621972-15f5-40aa-ac59-afc084bc0d5f tempest-PortsIpV6TestJSON-1412164039 tempest-PortsIpV6TestJSON-1412164039-project-member] device_id is not set on port d950c0bf-1f32-4532-9e14-6e8617c97d5e yet. {{(pid=168856) _can_notify /opt/stack/neutron/neutron/notifiers/nova.py:200}}
Jan 26 19:02:59.093176 np0005596550.novalocal devstack@neutron-api.service[168856]: DEBUG neutron.db.db_base_plugin_common [None req-73621972-15f5-40aa-ac59-afc084bc0d5f tempest-PortsIpV6TestJSON-1412164039 tempest-PortsIpV6TestJSON-1412164039-project-member] Allocated IP 2001:db8::237 (f69e5db1-f25c-462c-bae6-d9414a93bbc1/a4153354-afec-4a4c-a68d-e70df1a1d4a3/d950c0bf-1f32-4532-9e14-6e8617c97d5e) {{(pid=168856) _store_ip_allocation /opt/stack/neutron/neutron/db/db_base_plugin_common.py:131}}
Jan 26 19:02:59.137428 np0005596550.novalocal devstack@neutron-api.service[168856]: DEBUG neutron_lib.callbacks.manager [None req-73621972-15f5-40aa-ac59-afc084bc0d5f tempest-PortsIpV6TestJSON-1412164039 tempest-PortsIpV6TestJSON-1412164039-project-member] Publish callbacks ['neutron.plugins.ml2.drivers.ovn.mech_driver.mech_driver.OVNMechanismDriver._validate_allowed_address_pairs-1737023'] for allowed_address_pair (d950c0bf-1f32-4532-9e14-6e8617c97d5e), before_create {{(pid=168856) _notify_loop /usr/local/lib/python3.12/site-packages/neutron_lib/callbacks/manager.py:184}}
Jan 26 19:02:59.137883 np0005596550.novalocal devstack@neutron-api.service[168856]: DEBUG neutron_lib.callbacks.manager [None req-73621972-15f5-40aa-ac59-afc084bc0d5f tempest-PortsIpV6TestJSON-1412164039 tempest-PortsIpV6TestJSON-1412164039-project-member] Publish callbacks [] for port (d950c0bf-1f32-4532-9e14-6e8617c97d5e), precommit_create {{(pid=168856) _notify_loop /usr/local/lib/python3.12/site-packages/neutron_lib/callbacks/manager.py:184}}
Jan 26 19:02:59.138134 np0005596550.novalocal devstack@neutron-api.service[168856]: DEBUG neutron.plugins.ml2.drivers.ovn.mech_driver.mech_driver [None req-73621972-15f5-40aa-ac59-afc084bc0d5f tempest-PortsIpV6TestJSON-1412164039 tempest-PortsIpV6TestJSON-1412164039-project-member] No provisioning block for port d950c0bf-1f32-4532-9e14-6e8617c97d5e since it does not have a host {{(pid=168856) _is_port_provisioning_required /opt/stack/neutron/neutron/plugins/ml2/drivers/ovn/mech_driver/mech_driver.py:883}}
Jan 26 19:02:59.138275 np0005596550.novalocal devstack@neutron-api.service[168856]: DEBUG neutron.db.ovn_revision_numbers_db [None req-73621972-15f5-40aa-ac59-afc084bc0d5f tempest-PortsIpV6TestJSON-1412164039 tempest-PortsIpV6TestJSON-1412164039-project-member] create_initial_revision uuid=d950c0bf-1f32-4532-9e14-6e8617c97d5e, type=ports, rev=-1 {{(pid=168856) create_initial_revision /opt/stack/neutron/neutron/db/ovn_revision_numbers_db.py:98}}
Jan 26 19:02:59.154453 np0005596550.novalocal devstack@neutron-api.service[168856]: DEBUG neutron_lib.callbacks.manager [None req-73621972-15f5-40aa-ac59-afc084bc0d5f tempest-PortsIpV6TestJSON-1412164039 tempest-PortsIpV6TestJSON-1412164039-project-member] Publish callbacks ['neutron.plugins.ml2.ovo_rpc._ObjectChangeHandler.handle_event-2252440', 'neutron.services.segments.plugin.NovaSegmentNotifier._notify_port_created_or_deleted-44471983'] for port (d950c0bf-1f32-4532-9e14-6e8617c97d5e), after_create {{(pid=168856) _notify_loop /usr/local/lib/python3.12/site-packages/neutron_lib/callbacks/manager.py:184}}
Jan 26 19:02:59.171609 np0005596550.novalocal devstack@neutron-api.service[168856]: DEBUG neutron.api.rpc.handlers.resources_rpc [None req-73621972-15f5-40aa-ac59-afc084bc0d5f tempest-PortsIpV6TestJSON-1412164039 tempest-PortsIpV6TestJSON-1412164039-project-member] Pushing event updated for resources: {'Port': ['ID=d950c0bf-1f32-4532-9e14-6e8617c97d5e,revision_number=1']} {{(pid=168856) push /opt/stack/neutron/neutron/api/rpc/handlers/resources_rpc.py:237}}
Jan 26 19:02:59.177491 np0005596550.novalocal devstack@neutron-api.service[168856]: DEBUG neutron.api.rpc.callbacks.version_manager [None req-73621972-15f5-40aa-ac59-afc084bc0d5f tempest-PortsIpV6TestJSON-1412164039 tempest-PortsIpV6TestJSON-1412164039-project-member] Tracked resource versions report:
Jan 26 19:02:59.177491 np0005596550.novalocal devstack@neutron-api.service[168856]: pushed versions:
Jan 26 19:02:59.177491 np0005596550.novalocal devstack@neutron-api.service[168856]: { 'AddressGroup': {'1.2'},
Jan 26 19:02:59.177491 np0005596550.novalocal devstack@neutron-api.service[168856]: 'Agent': {'1.1'},
Jan 26 19:02:59.177491 np0005596550.novalocal devstack@neutron-api.service[168856]: 'ConntrackHelper': {'1.0'},
Jan 26 19:02:59.177491 np0005596550.novalocal devstack@neutron-api.service[168856]: 'LocalIPAssociation': {'1.0'},
Jan 26 19:02:59.177491 np0005596550.novalocal devstack@neutron-api.service[168856]: 'Log': {'1.0'},
Jan 26 19:02:59.177491 np0005596550.novalocal devstack@neutron-api.service[168856]: 'NDPProxy': {'1.0'},
Jan 26 19:02:59.177491 np0005596550.novalocal devstack@neutron-api.service[168856]: 'Network': {'1.2'},
Jan 26 19:02:59.177491 np0005596550.novalocal devstack@neutron-api.service[168856]: 'Port': {'1.10'},
Jan 26 19:02:59.177491 np0005596550.novalocal devstack@neutron-api.service[168856]: 'PortForwarding': {'1.3'},
Jan 26 19:02:59.177491 np0005596550.novalocal devstack@neutron-api.service[168856]: 'QosPolicy': {'1.10'},
Jan 26 19:02:59.177491 np0005596550.novalocal devstack@neutron-api.service[168856]: 'SecurityGroup': {'1.6'},
Jan 26 19:02:59.177491 np0005596550.novalocal devstack@neutron-api.service[168856]: 'SecurityGroupRule': {'1.3'},
Jan 26 19:02:59.177491 np0005596550.novalocal devstack@neutron-api.service[168856]: 'SubPort': {'1.0'},
Jan 26 19:02:59.177491 np0005596550.novalocal devstack@neutron-api.service[168856]: 'Subnet': {'1.2'},
Jan 26 19:02:59.177491 np0005596550.novalocal devstack@neutron-api.service[168856]: 'Trunk': {'1.1'}}
Jan 26 19:02:59.177491 np0005596550.novalocal devstack@neutron-api.service[168856]: consumer versions:
Jan 26 19:02:59.177491 np0005596550.novalocal devstack@neutron-api.service[168856]: { OVN Controller Gateway agent@np0005596550.novalocal: {},
Jan 26 19:02:59.177491 np0005596550.novalocal devstack@neutron-api.service[168856]: OVN Neutron agent@np0005596550.novalocal: {}}
Jan 26 19:02:59.177491 np0005596550.novalocal devstack@neutron-api.service[168856]: {{(pid=168856) report /opt/stack/neutron/neutron/api/rpc/callbacks/version_manager.py:183}}
Jan 26 19:02:59.209689 np0005596550.novalocal devstack@neutron-api.service[168856]: DEBUG ovsdbapp.backend.ovs_idl.transaction [None req-ae0898be-8436-417f-83c8-7999adc26629 None None] Running txn n=1 command(idx=0): AddLSwitchPortCommand(_result=None, lport=d950c0bf-1f32-4532-9e14-6e8617c97d5e, lswitch=neutron-f69e5db1-f25c-462c-bae6-d9414a93bbc1, may_exist=True, network_uuid=f69e5db1-f25c-462c-bae6-d9414a93bbc1, columns={'addresses': ['fa:16:3e:f4:ac:1b 2001:db8::237'], 'external_ids': {'neutron:port_name': 'tempest-PortsIpV6TestJSON-316538837', 'neutron:device_id': '', 'neutron:project_id': 'f3c08ead5be24f17ad01bf1093530a29', 'neutron:cidrs': '2001:db8::237/64', 'neutron:device_owner': '', 'neutron:subnet_pool_addr_scope4': '', 'neutron:subnet_pool_addr_scope6': '', 'neutron:network_name': 'neutron-f69e5db1-f25c-462c-bae6-d9414a93bbc1', 'neutron:security_group_ids': '692064a1-1566-4943-bf9b-4c4e4a222fa9', 'neutron:revision_number': '1', 'neutron:vnic_type': 'normal', 'neutron:port_capabilities': '', 'neutron:mtu': ''}, 'parent_name': [], 'tag': [], 'enabled': True, 'options': {}, 'type': '', 'port_security': ['fa:16:3e:f4:ac:1b 2001:db8::237'], 'dhcpv4_options': [], 'dhcpv6_options': [UUID('c9bf7954-5aee-454a-a341-77e0507523bd')]}) {{(pid=168856) do_commit /usr/local/lib/python3.12/site-packages/ovsdbapp/backend/ovs_idl/transaction.py:89}}
Jan 26 19:02:59.209689 np0005596550.novalocal devstack@neutron-api.service[168856]: DEBUG ovsdbapp.backend.ovs_idl.transaction [None req-ae0898be-8436-417f-83c8-7999adc26629 None None] Running txn n=1 command(idx=1): PgAddPortCommand(_result=None, port_group=neutron_pg_drop, lsp=[AddLSwitchPortCommand(_result=3a69fabf-3e91-4b8e-add8-e836b8a298a4, lport=d950c0bf-1f32-4532-9e14-6e8617c97d5e, lswitch=neutron-f69e5db1-f25c-462c-bae6-d9414a93bbc1, may_exist=True, network_uuid=f69e5db1-f25c-462c-bae6-d9414a93bbc1, columns={'addresses': ['fa:16:3e:f4:ac:1b 2001:db8::237'], 'external_ids': {'neutron:port_name': 'tempest-PortsIpV6TestJSON-316538837', 'neutron:device_id': '', 'neutron:project_id': 'f3c08ead5be24f17ad01bf1093530a29', 'neutron:cidrs': '2001:db8::237/64', 'neutron:device_owner': '', 'neutron:subnet_pool_addr_scope4': '', 'neutron:subnet_pool_addr_scope6': '', 'neutron:network_name': 'neutron-f69e5db1-f25c-462c-bae6-d9414a93bbc1', 'neutron:security_group_ids': '692064a1-1566-4943-bf9b-4c4e4a222fa9', 'neutron:revision_number': '1', 'neutron:vnic_type': 'normal', 'neutron:port_capabilities': '', 'neutron:mtu': ''}, 'parent_name': [], 'enabled': True, 'options': {}, 'type': '', 'port_security': ['fa:16:3e:f4:ac:1b 2001:db8::237']})], if_exists=False) {{(pid=168856) do_commit /usr/local/lib/python3.12/site-packages/ovsdbapp/backend/ovs_idl/transaction.py:89}}
Jan 26 19:02:59.209689 np0005596550.novalocal devstack@neutron-api.service[168856]: DEBUG ovsdbapp.backend.ovs_idl.transaction [None req-ae0898be-8436-417f-83c8-7999adc26629 None None] Running txn n=1 command(idx=2): PgAddPortCommand(_result=None, port_group=pg_692064a1_1566_4943_bf9b_4c4e4a222fa9, lsp=[AddLSwitchPortCommand(_result=3a69fabf-3e91-4b8e-add8-e836b8a298a4, lport=d950c0bf-1f32-4532-9e14-6e8617c97d5e, lswitch=neutron-f69e5db1-f25c-462c-bae6-d9414a93bbc1, may_exist=True, network_uuid=f69e5db1-f25c-462c-bae6-d9414a93bbc1, columns={'addresses': ['fa:16:3e:f4:ac:1b 2001:db8::237'], 'external_ids': {'neutron:port_name': 'tempest-PortsIpV6TestJSON-316538837', 'neutron:device_id': '', 'neutron:project_id': 'f3c08ead5be24f17ad01bf1093530a29', 'neutron:cidrs': '2001:db8::237/64', 'neutron:device_owner': '', 'neutron:subnet_pool_addr_scope4': '', 'neutron:subnet_pool_addr_scope6': '', 'neutron:network_name': 'neutron-f69e5db1-f25c-462c-bae6-d9414a93bbc1', 'neutron:security_group_ids': '692064a1-1566-4943-bf9b-4c4e4a222fa9', 'neutron:revision_number': '1', 'neutron:vnic_type': 'normal', 'neutron:port_capabilities': '', 'neutron:mtu': ''}, 'parent_name': [], 'enabled': True, 'options': {}, 'type': '', 'port_security': ['fa:16:3e:f4:ac:1b 2001:db8::237']})], if_exists=False) {{(pid=168856) do_commit /usr/local/lib/python3.12/site-packages/ovsdbapp/backend/ovs_idl/transaction.py:89}}
Jan 26 19:02:59.209689 np0005596550.novalocal devstack@neutron-api.service[168856]: DEBUG ovsdbapp.backend.ovs_idl.transaction [None req-ae0898be-8436-417f-83c8-7999adc26629 None None] Running txn n=1 command(idx=3): QoSDelCommand(_result=None, switch=neutron-f69e5db1-f25c-462c-bae6-d9414a93bbc1, conditions=[('direction', '=', 'to-lport'), ('priority', '=', 2002), ('match', '=', 'outport == "d950c0bf-1f32-4532-9e14-6e8617c97d5e"')], if_exists=True) {{(pid=168856) do_commit /usr/local/lib/python3.12/site-packages/ovsdbapp/backend/ovs_idl/transaction.py:89}}
Jan 26 19:02:59.209689 np0005596550.novalocal devstack@neutron-api.service[168856]: DEBUG ovsdbapp.backend.ovs_idl.transaction [None req-ae0898be-8436-417f-83c8-7999adc26629 None None] Running txn n=1 command(idx=4): QoSDelCommand(_result=None, switch=neutron-f69e5db1-f25c-462c-bae6-d9414a93bbc1, conditions=[('direction', '=', 'from-lport'), ('priority', '=', 2002), ('match', '=', 'inport == "d950c0bf-1f32-4532-9e14-6e8617c97d5e"')], if_exists=True) {{(pid=168856) do_commit /usr/local/lib/python3.12/site-packages/ovsdbapp/backend/ovs_idl/transaction.py:89}}
Jan 26 19:02:59.219305 np0005596550.novalocal devstack@neutron-api.service[168857]: DEBUG neutron.plugins.ml2.drivers.ovn.mech_driver.ovsdb.ovsdb_monitor [None req-26c53539-a8f2-4728-b656-b8166b330660 None None] Hash Ring: Node 03cf93a88fcc51ae928fca43be3276de (host: np0005596550.novalocal) handling event "create" for row dd8a37bc-4113-41e0-a49e-1ce4bda3979d (table: Port_Binding) {{(pid=168857) notify /opt/stack/neutron/neutron/plugins/ml2/drivers/ovn/mech_driver/ovsdb/ovsdb_monitor.py:893}}
Jan 26 19:02:59.221812 np0005596550.novalocal devstack@neutron-api.service[168857]: DEBUG neutron.plugins.ml2.drivers.ovn.mech_driver.ovsdb.ovsdb_monitor [None req-54b84f90-1821-4afc-a27c-af7dc1151569 None None] Hash Ring: Node 03cf93a88fcc51ae928fca43be3276de (host: np0005596550.novalocal) handling event "update" for row f69e5db1-f25c-462c-bae6-d9414a93bbc1 (table: Logical_Switch) {{(pid=168857) notify /opt/stack/neutron/neutron/plugins/ml2/drivers/ovn/mech_driver/ovsdb/ovsdb_monitor.py:893}}
Jan 26 19:02:59.221812 np0005596550.novalocal devstack@neutron-api.service[168857]: DEBUG neutron.plugins.ml2.drivers.ovn.mech_driver.ovsdb.ovsdb_monitor [None req-54b84f90-1821-4afc-a27c-af7dc1151569 None None] Hash Ring: Node 03cf93a88fcc51ae928fca43be3276de (host: np0005596550.novalocal) handling event "create" for row f7994f0d-6a43-4b20-a663-eddfd2682c5c (table: Logical_Switch_Port) {{(pid=168857) notify /opt/stack/neutron/neutron/plugins/ml2/drivers/ovn/mech_driver/ovsdb/ovsdb_monitor.py:893}}
Jan 26 19:02:59.222457 np0005596550.novalocal devstack@neutron-api.service[168857]: DEBUG ovsdbapp.backend.ovs_idl.event [None req-54b84f90-1821-4afc-a27c-af7dc1151569 None None] Matched CREATE: LogicalSwitchPortCreateEvent(events=('create',), table='Logical_Switch_Port', conditions=[], old_conditions=None), priority=20 to row=Logical_Switch_Port(port_security=['fa:16:3e:f4:ac:1b 2001:db8::237'], type=, addresses=['fa:16:3e:f4:ac:1b 2001:db8::237'], dhcpv4_options=[], up=[], name=d950c0bf-1f32-4532-9e14-6e8617c97d5e, options={}, dynamic_addresses=[], ha_chassis_group=[], external_ids={'neutron:cidrs': '2001:db8::237/64', 'neutron:device_id': '', 'neutron:device_owner': '', 'neutron:mtu': '', 'neutron:network_name': 'neutron-f69e5db1-f25c-462c-bae6-d9414a93bbc1', 'neutron:port_capabilities': '', 'neutron:port_name': 'tempest-PortsIpV6TestJSON-316538837', 'neutron:project_id': 'f3c08ead5be24f17ad01bf1093530a29', 'neutron:revision_number': '1', 'neutron:security_group_ids': '692064a1-1566-4943-bf9b-4c4e4a222fa9', 'neutron:subnet_pool_addr_scope4': '', 'neutron:subnet_pool_addr_scope6': '', 'neutron:vnic_type': 'normal'}, tag=[], parent_name=[], mirror_rules=[], tag_request=[], enabled=[True], dhcpv6_options=[]) old= {{(pid=168857) matches /usr/local/lib/python3.12/site-packages/ovsdbapp/backend/ovs_idl/event.py:55}}
Jan 26 19:02:59.223554 np0005596550.novalocal devstack@neutron-api.service[168857]: DEBUG neutron.plugins.ml2.drivers.ovn.mech_driver.ovsdb.ovsdb_monitor [None req-54b84f90-1821-4afc-a27c-af7dc1151569 None None] Hash Ring: Node 03cf93a88fcc51ae928fca43be3276de (host: np0005596550.novalocal) handling event "update" for row 14a7b8c8-dabc-4a91-b972-7b85d1d91f2f (table: Port_Group) {{(pid=168857) notify /opt/stack/neutron/neutron/plugins/ml2/drivers/ovn/mech_driver/ovsdb/ovsdb_monitor.py:893}}
Jan 26 19:02:59.223719 np0005596550.novalocal devstack@neutron-api.service[168857]: DEBUG neutron.plugins.ml2.drivers.ovn.mech_driver.ovsdb.ovsdb_monitor [None req-54b84f90-1821-4afc-a27c-af7dc1151569 None None] Hash Ring: Node 03cf93a88fcc51ae928fca43be3276de (host: np0005596550.novalocal) handling event "update" for row f5b33850-90ee-4b52-bde7-d4f17be098d6 (table: Port_Group) {{(pid=168857) notify /opt/stack/neutron/neutron/plugins/ml2/drivers/ovn/mech_driver/ovsdb/ovsdb_monitor.py:893}}
Jan 26 19:02:59.224016 np0005596550.novalocal devstack@neutron-api.service[168857]: INFO neutron.plugins.ml2.drivers.ovn.mech_driver.mech_driver [None req-e28cd064-007d-43e1-abe5-83d2a7155773 None None] OVN reports status down for port: d950c0bf-1f32-4532-9e14-6e8617c97d5e
Jan 26 19:02:59.224891 np0005596550.novalocal devstack@neutron-api.service[168857]: DEBUG neutron.plugins.ml2.drivers.ovn.mech_driver.ovsdb.ovsdb_monitor [None req-54b84f90-1821-4afc-a27c-af7dc1151569 None None] Hash Ring: Node 03cf93a88fcc51ae928fca43be3276de (host: np0005596550.novalocal) handling event "update" for row f7994f0d-6a43-4b20-a663-eddfd2682c5c (table: Logical_Switch_Port) {{(pid=168857) notify /opt/stack/neutron/neutron/plugins/ml2/drivers/ovn/mech_driver/ovsdb/ovsdb_monitor.py:893}}
Jan 26 19:02:59.248294 np0005596550.novalocal devstack@neutron-api.service[168857]: DEBUG neutron.notifiers.nova [-] Sending events: [{'server_uuid': 'ca9a34ab-50c7-4278-b247-c7a7baeb5968', 'name': 'network-vif-plugged', 'status': 'completed', 'tag': '7eafe7fe-1251-4542-8c0c-0d2bb26d3e1c'}] {{(pid=168857) send_events /opt/stack/neutron/neutron/notifiers/nova.py:278}}
Jan 26 19:02:59.256952 np0005596550.novalocal devstack@neutron-api.service[168856]: INFO neutron.db.ovn_revision_numbers_db [None req-73621972-15f5-40aa-ac59-afc084bc0d5f tempest-PortsIpV6TestJSON-1412164039 tempest-PortsIpV6TestJSON-1412164039-project-member] Successfully bumped revision number for resource d950c0bf-1f32-4532-9e14-6e8617c97d5e (type: ports) to 1
Jan 26 19:02:59.257116 np0005596550.novalocal devstack@neutron-api.service[168857]: DEBUG novaclient.v2.client [-] REQ: curl -g -i --cacert "/opt/stack/data/ca-bundle.pem" -X POST https://38.102.83.18/compute/v2.1/os-server-external-events -H "Accept: application/json" -H "Content-Type: application/json" -H "User-Agent: python-novaclient" -H "X-Auth-Token: {SHA256}22827c775704d81b74607c0fff7f52b6c75ebb0556e6a86c333935cb78414c98" -H "X-OpenStack-Nova-API-Version: 2.1" -H "X-OpenStack-Request-ID: req-7874ee95-685e-4a47-895d-83da12648506" -d '{"events": [{"server_uuid": "ca9a34ab-50c7-4278-b247-c7a7baeb5968", "name": "network-vif-plugged", "status": "completed", "tag": "7eafe7fe-1251-4542-8c0c-0d2bb26d3e1c"}]}' {{(pid=168857) _http_log_request /usr/local/lib/python3.12/site-packages/keystoneauth1/session.py:575}}
Jan 26 19:02:59.264750 np0005596550.novalocal devstack@neutron-api.service[168856]: DEBUG neutron.pecan_wsgi.hooks.policy_enforcement [None req-73621972-15f5-40aa-ac59-afc084bc0d5f tempest-PortsIpV6TestJSON-1412164039 tempest-PortsIpV6TestJSON-1412164039-project-member] Attributes excluded by policy engine: ['standard_attr_id', 'binding:profile', 'binding:host_id', 'binding:vif_type', 'binding:vif_details', 'network'] {{(pid=168856) _exclude_attributes_by_policy /opt/stack/neutron/neutron/pecan_wsgi/hooks/policy_enforcement.py:258}}
Jan 26 19:02:59.266735 np0005596550.novalocal devstack@neutron-api.service[168856]: DEBUG neutron_lib.callbacks.manager [None req-73621972-15f5-40aa-ac59-afc084bc0d5f tempest-PortsIpV6TestJSON-1412164039 tempest-PortsIpV6TestJSON-1412164039-project-member] Publish callbacks ['neutron.notifiers.nova.Notifier._send_nova_notification-477547'] for port (None), before_response {{(pid=168856) _notify_loop /usr/local/lib/python3.12/site-packages/neutron_lib/callbacks/manager.py:184}}
Jan 26 19:02:59.269516 np0005596550.novalocal devstack@neutron-api.service[168857]: DEBUG neutron.db.provisioning_blocks [None req-e28cd064-007d-43e1-abe5-83d2a7155773 None None] Transition to ACTIVE for port object d950c0bf-1f32-4532-9e14-6e8617c97d5e will not be triggered until provisioned by entity L2. {{(pid=168857) add_provisioning_component /opt/stack/neutron/neutron/db/provisioning_blocks.py:74}}
Jan 26 19:02:59.283240 np0005596550.novalocal devstack@neutron-api.service[168856]: [pid: 168856|app: 0|req: 2644/5310] 38.102.83.18 () {74 vars in 1380 bytes} [Mon Jan 26 19:02:59 2026] POST /networking/v2.0/ports => generated 731 bytes in 263 msecs (HTTP/1.1 201) 4 headers in 162 bytes (1 switches on core 0)
Jan 26 19:02:59.302391 np0005596550.novalocal devstack@neutron-api.service[168857]: DEBUG novaclient.v2.client [-] RESP: [200] Connection: close Content-Length: 183 Content-Type: application/json Date: Tue, 27 Jan 2026 00:02:59 GMT OpenStack-API-Version: compute 2.1 Server: Apache/2.4.63 (CentOS Stream) OpenSSL/3.5.1 mod_wsgi/5.0.0 Python/3.12 Vary: OpenStack-API-Version,X-OpenStack-Nova-API-Version X-OpenStack-Nova-API-Version: 2.1 x-compute-request-id: req-48caf853-f47f-43ec-9a03-9efc7997f6ab x-openstack-request-id: req-48caf853-f47f-43ec-9a03-9efc7997f6ab {{(pid=168857) _http_log_response /usr/local/lib/python3.12/site-packages/keystoneauth1/session.py:616}}
Jan 26 19:02:59.302522 np0005596550.novalocal devstack@neutron-api.service[168857]: DEBUG novaclient.v2.client [-] RESP BODY: {"events": [{"server_uuid": "ca9a34ab-50c7-4278-b247-c7a7baeb5968", "name": "network-vif-plugged", "status": "completed", "tag": "7eafe7fe-1251-4542-8c0c-0d2bb26d3e1c", "code": 200}]} {{(pid=168857) _http_log_response /usr/local/lib/python3.12/site-packages/keystoneauth1/session.py:651}}
Jan 26 19:02:59.302605 np0005596550.novalocal devstack@neutron-api.service[168857]: DEBUG novaclient.v2.client [-] POST call to compute for https://38.102.83.18/compute/v2.1/os-server-external-events used request id req-48caf853-f47f-43ec-9a03-9efc7997f6ab {{(pid=168857) request /usr/local/lib/python3.12/site-packages/keystoneauth1/session.py:1076}}
Jan 26 19:02:59.302753 np0005596550.novalocal devstack@neutron-api.service[168857]: INFO neutron.notifiers.nova [-] Nova event matching ['req-48caf853-f47f-43ec-9a03-9efc7997f6ab'] response: {'server_uuid': 'ca9a34ab-50c7-4278-b247-c7a7baeb5968', 'name': 'network-vif-plugged', 'status': 'completed', 'tag': '7eafe7fe-1251-4542-8c0c-0d2bb26d3e1c', 'code': 200}
Jan 26 19:02:59.349518 np0005596550.novalocal devstack@neutron-api.service[168857]: DEBUG neutron.plugins.ml2.plugin [None req-e28cd064-007d-43e1-abe5-83d2a7155773 None None] Current status of the port d950c0bf-1f32-4532-9e14-6e8617c97d5e is: DOWN; New status is: DOWN {{(pid=168857) _update_individual_port_db_status /opt/stack/neutron/neutron/plugins/ml2/plugin.py:2455}}
Jan 26 19:02:59.350042 np0005596550.novalocal devstack@neutron-api.service[168857]: DEBUG ovsdbapp.backend.ovs_idl.transaction [None req-54b84f90-1821-4afc-a27c-af7dc1151569 None None] Running txn n=1 command(idx=0): DbRemoveCommand(_result=None, table=Logical_Switch_Port, record=d950c0bf-1f32-4532-9e14-6e8617c97d5e, column=external_ids, values=('neutron:host_id',), keyvalues={}, if_exists=True) {{(pid=168857) do_commit /usr/local/lib/python3.12/site-packages/ovsdbapp/backend/ovs_idl/transaction.py:89}}
Jan 26 19:02:59.498974 np0005596550.novalocal devstack@neutron-api.service[168857]: DEBUG neutron.pecan_wsgi.hooks.policy_enforcement [None req-d9e2d373-28bd-43af-bdf7-37e5694aaae6 tempest-PortsIpV6TestJSON-1412164039 tempest-PortsIpV6TestJSON-1412164039-project-reader] Attributes excluded by policy engine: ['standard_attr_id', 'binding:profile', 'binding:host_id', 'binding:vif_type', 'binding:vif_details'] {{(pid=168857) _exclude_attributes_by_policy /opt/stack/neutron/neutron/pecan_wsgi/hooks/policy_enforcement.py:258}}
Jan 26 19:02:59.499934 np0005596550.novalocal devstack@neutron-api.service[168857]: [pid: 168857|app: 0|req: 2667/5311] 38.102.83.18 () {72 vars in 1441 bytes} [Mon Jan 26 19:02:59 2026] GET /networking/v2.0/ports?fixed_ips=ip_address%3D2001%3Adb8%3A%3Aa2 => generated 734 bytes in 198 msecs (HTTP/1.1 200) 4 headers in 157 bytes (1 switches on core 0)
Jan 26 19:02:59.501036 np0005596550.novalocal devstack@neutron-api.service[168856]: DEBUG neutron.pecan_wsgi.hooks.policy_enforcement [req-7ddc671e-ecaa-4975-b8eb-37cf21f43236 req-45b290c8-3627-4970-8b5d-50870a4fc60b tempest-ServerActionsTestOtherA-497818938 tempest-ServerActionsTestOtherA-497818938-project-member] Attributes excluded by policy engine: ['standard_attr_id', 'binding:profile', 'binding:host_id', 'binding:vif_type', 'binding:vif_details'] {{(pid=168856) _exclude_attributes_by_policy /opt/stack/neutron/neutron/pecan_wsgi/hooks/policy_enforcement.py:258}}
Jan 26 19:02:59.502637 np0005596550.novalocal devstack@neutron-api.service[168856]: [pid: 168856|app: 0|req: 2645/5312] 38.102.83.18 () {74 vars in 1700 bytes} [Mon Jan 26 19:02:59 2026] GET /networking/v2.0/ports?device_id=c61cafe4-53dc-4f97-95ce-7920f42bc548 => generated 743 bytes in 162 msecs (HTTP/1.1 200) 4 headers in 157 bytes (1 switches on core 0)
Jan 26 19:02:59.535013 np0005596550.novalocal devstack@neutron-api.service[168856]: DEBUG neutron.api.wsgi [req-7ddc671e-ecaa-4975-b8eb-37cf21f43236 req-724f1106-1b0e-4848-bba3-18a65b6c0beb tempest-ServerActionsTestOtherA-497818938 tempest-ServerActionsTestOtherA-497818938-project-member] Missing Content-Type {{(pid=168856) get_content_type /opt/stack/neutron/neutron/api/wsgi.py:85}}
Jan 26 19:02:59.559423 np0005596550.novalocal devstack@neutron-api.service[168857]: DEBUG neutron.plugins.ml2.plugin [None req-0a11a54c-a3f8-480b-a356-d1eb41ef1fb7 tempest-PortsIpV6TestJSON-1412164039 tempest-PortsIpV6TestJSON-1412164039-project-member] Deleting port d950c0bf-1f32-4532-9e14-6e8617c97d5e {{(pid=168857) _pre_delete_port /opt/stack/neutron/neutron/plugins/ml2/plugin.py:2193}}
Jan 26 19:02:59.559423 np0005596550.novalocal devstack@neutron-api.service[168857]: DEBUG neutron_lib.callbacks.manager [None req-0a11a54c-a3f8-480b-a356-d1eb41ef1fb7 tempest-PortsIpV6TestJSON-1412164039 tempest-PortsIpV6TestJSON-1412164039-project-member] Publish callbacks ['neutron.db.l3_db.L3_NAT_dbonly_mixin._prevent_l3_port_delete_callback-8733126417492'] for port (d950c0bf-1f32-4532-9e14-6e8617c97d5e), before_delete {{(pid=168857) _notify_loop /usr/local/lib/python3.12/site-packages/neutron_lib/callbacks/manager.py:184}}
Jan 26 19:02:59.575678 np0005596550.novalocal devstack@neutron-api.service[168856]: [pid: 168856|app: 0|req: 2646/5313] 38.102.83.18 () {74 vars in 1760 bytes} [Mon Jan 26 19:02:59 2026] GET /networking/v2.0/security-groups?id=b2525e1c-3710-4d89-9f94-c3ecaca032d8&fields=id&fields=name => generated 114 bytes in 44 msecs (HTTP/1.1 200) 4 headers in 157 bytes (1 switches on core 0)
Jan 26 19:02:59.601579 np0005596550.novalocal devstack@neutron-api.service[168857]: DEBUG neutron_lib.callbacks.manager [None req-0a11a54c-a3f8-480b-a356-d1eb41ef1fb7 tempest-PortsIpV6TestJSON-1412164039 tempest-PortsIpV6TestJSON-1412164039-project-member] Publish callbacks ['neutron.services.ovn_l3.plugin.L3_NAT_dbonly_mixin._precommit_delete_port_callback-3332605'] for port (d950c0bf-1f32-4532-9e14-6e8617c97d5e), precommit_delete {{(pid=168857) _notify_loop /usr/local/lib/python3.12/site-packages/neutron_lib/callbacks/manager.py:184}}
Jan 26 19:02:59.606723 np0005596550.novalocal devstack@neutron-api.service[168857]: DEBUG neutron.plugins.ml2.plugin [None req-0a11a54c-a3f8-480b-a356-d1eb41ef1fb7 tempest-PortsIpV6TestJSON-1412164039 tempest-PortsIpV6TestJSON-1412164039-project-member] Calling delete_port for d950c0bf-1f32-4532-9e14-6e8617c97d5e owned by {{(pid=168857) delete_port /opt/stack/neutron/neutron/plugins/ml2/plugin.py:2281}}
Jan 26 19:02:59.656036 np0005596550.novalocal devstack@neutron-api.service[168856]: DEBUG neutron.pecan_wsgi.hooks.policy_enforcement [req-2c690043-332d-4fd7-a667-370888d7213a req-a14da12b-9324-41d2-957c-20aa5b1d45f0 tempest-ServerActionsTestOtherB-1262198412 tempest-ServerActionsTestOtherB-1262198412-project-member] Attributes excluded by policy engine: ['standard_attr_id', 'binding:profile', 'binding:host_id', 'binding:vif_type', 'binding:vif_details'] {{(pid=168856) _exclude_attributes_by_policy /opt/stack/neutron/neutron/pecan_wsgi/hooks/policy_enforcement.py:258}}
Jan 26 19:02:59.657083 np0005596550.novalocal devstack@neutron-api.service[168856]: [pid: 168856|app: 0|req: 2647/5314] 38.102.83.18 () {74 vars in 1700 bytes} [Mon Jan 26 19:02:59 2026] GET /networking/v2.0/ports?device_id=ca9a34ab-50c7-4278-b247-c7a7baeb5968 => generated 745 bytes in 31 msecs (HTTP/1.1 200) 4 headers in 157 bytes (1 switches on core 0)
Jan 26 19:02:59.685181 np0005596550.novalocal devstack@neutron-api.service[168856]: DEBUG neutron.api.wsgi [req-2c690043-332d-4fd7-a667-370888d7213a req-0af88a3d-66cb-41b1-b256-07ec205453c2 tempest-ServerActionsTestOtherB-1262198412 tempest-ServerActionsTestOtherB-1262198412-project-member] Missing Content-Type {{(pid=168856) get_content_type /opt/stack/neutron/neutron/api/wsgi.py:85}}
Jan 26 19:02:59.700379 np0005596550.novalocal devstack@neutron-api.service[168857]: DEBUG neutron_lib.callbacks.manager [None req-0a11a54c-a3f8-480b-a356-d1eb41ef1fb7 tempest-PortsIpV6TestJSON-1412164039 tempest-PortsIpV6TestJSON-1412164039-project-member] Publish callbacks ['neutron.plugins.ml2.ovo_rpc._ObjectChangeHandler.handle_event-3198312', 'neutron.db.l3_db.L3RpcNotifierMixin._notify_routers_callback-8733126423876', 'neutron.services.segments.plugin.NovaSegmentNotifier._notify_port_created_or_deleted-44129822'] for port (d950c0bf-1f32-4532-9e14-6e8617c97d5e), after_delete {{(pid=168857) _notify_loop /usr/local/lib/python3.12/site-packages/neutron_lib/callbacks/manager.py:184}}
Jan 26 19:02:59.710146 np0005596550.novalocal devstack@neutron-api.service[168856]: [pid: 168856|app: 0|req: 2648/5315] 38.102.83.18 () {74 vars in 1760 bytes} [Mon Jan 26 19:02:59 2026] GET /networking/v2.0/security-groups?id=41b0b679-ec5a-4d7a-9822-1fc65c63fd23&fields=id&fields=name => generated 113 bytes in 29 msecs (HTTP/1.1 200) 4 headers in 157 bytes (1 switches on core 0)
Jan 26 19:02:59.712607 np0005596550.novalocal devstack@neutron-api.service[168857]: DEBUG neutron.api.rpc.handlers.resources_rpc [None req-0a11a54c-a3f8-480b-a356-d1eb41ef1fb7 tempest-PortsIpV6TestJSON-1412164039 tempest-PortsIpV6TestJSON-1412164039-project-member] Pushing event deleted for resources: {'Port': ['ID=d950c0bf-1f32-4532-9e14-6e8617c97d5e,revision_number=None']} {{(pid=168857) push /opt/stack/neutron/neutron/api/rpc/handlers/resources_rpc.py:237}}
Jan 26 19:02:59.715490 np0005596550.novalocal devstack@neutron-api.service[168857]: DEBUG ovsdbapp.backend.ovs_idl.transaction [None req-54b84f90-1821-4afc-a27c-af7dc1151569 None None] Running txn n=1 command(idx=0): DelLSwitchPortCommand(_result=None, lport=d950c0bf-1f32-4532-9e14-6e8617c97d5e, lswitch=neutron-f69e5db1-f25c-462c-bae6-d9414a93bbc1, if_exists=True) {{(pid=168857) do_commit /usr/local/lib/python3.12/site-packages/ovsdbapp/backend/ovs_idl/transaction.py:89}}
Jan 26 19:02:59.719290 np0005596550.novalocal devstack@neutron-api.service[168857]: DEBUG ovsdbapp.backend.ovs_idl.transaction [None req-54b84f90-1821-4afc-a27c-af7dc1151569 None None] Running txn n=1 command(idx=1): QoSDelCommand(_result=None, switch=neutron-f69e5db1-f25c-462c-bae6-d9414a93bbc1, conditions=[('direction', '=', 'to-lport'), ('priority', '=', 2002), ('match', '=', 'outport == "d950c0bf-1f32-4532-9e14-6e8617c97d5e"')], if_exists=True) {{(pid=168857) do_commit /usr/local/lib/python3.12/site-packages/ovsdbapp/backend/ovs_idl/transaction.py:89}}
Jan 26 19:02:59.719538 np0005596550.novalocal devstack@neutron-api.service[168857]: DEBUG ovsdbapp.backend.ovs_idl.transaction [None req-54b84f90-1821-4afc-a27c-af7dc1151569 None None] Running txn n=1 command(idx=2): QoSDelCommand(_result=None, switch=neutron-f69e5db1-f25c-462c-bae6-d9414a93bbc1, conditions=[('direction', '=', 'from-lport'), ('priority', '=', 2002), ('match', '=', 'inport == "d950c0bf-1f32-4532-9e14-6e8617c97d5e"')], if_exists=True) {{(pid=168857) do_commit /usr/local/lib/python3.12/site-packages/ovsdbapp/backend/ovs_idl/transaction.py:89}}
Jan 26 19:02:59.726268 np0005596550.novalocal devstack@neutron-api.service[168857]: DEBUG neutron.plugins.ml2.drivers.ovn.mech_driver.ovsdb.ovsdb_monitor [None req-54b84f90-1821-4afc-a27c-af7dc1151569 None None] Hash Ring: Node 03cf93a88fcc51ae928fca43be3276de (host: np0005596550.novalocal) handling event "update" for row f69e5db1-f25c-462c-bae6-d9414a93bbc1 (table: Logical_Switch) {{(pid=168857) notify /opt/stack/neutron/neutron/plugins/ml2/drivers/ovn/mech_driver/ovsdb/ovsdb_monitor.py:893}}
Jan 26 19:02:59.726502 np0005596550.novalocal devstack@neutron-api.service[168857]: DEBUG neutron.plugins.ml2.drivers.ovn.mech_driver.ovsdb.ovsdb_monitor [None req-54b84f90-1821-4afc-a27c-af7dc1151569 None None] Hash Ring: Node 03cf93a88fcc51ae928fca43be3276de (host: np0005596550.novalocal) handling event "delete" for row f7994f0d-6a43-4b20-a663-eddfd2682c5c (table: Logical_Switch_Port) {{(pid=168857) notify /opt/stack/neutron/neutron/plugins/ml2/drivers/ovn/mech_driver/ovsdb/ovsdb_monitor.py:893}}
Jan 26 19:02:59.726698 np0005596550.novalocal devstack@neutron-api.service[168857]: DEBUG neutron.plugins.ml2.drivers.ovn.mech_driver.ovsdb.ovsdb_monitor [None req-54b84f90-1821-4afc-a27c-af7dc1151569 None None] Hash Ring: Node 03cf93a88fcc51ae928fca43be3276de (host: np0005596550.novalocal) handling event "update" for row 14a7b8c8-dabc-4a91-b972-7b85d1d91f2f (table: Port_Group) {{(pid=168857) notify /opt/stack/neutron/neutron/plugins/ml2/drivers/ovn/mech_driver/ovsdb/ovsdb_monitor.py:893}}
Jan 26 19:02:59.727128 np0005596550.novalocal devstack@neutron-api.service[168857]: DEBUG neutron.plugins.ml2.drivers.ovn.mech_driver.ovsdb.ovsdb_monitor [None req-54b84f90-1821-4afc-a27c-af7dc1151569 None None] Hash Ring: Node 03cf93a88fcc51ae928fca43be3276de (host: np0005596550.novalocal) handling event "update" for row f5b33850-90ee-4b52-bde7-d4f17be098d6 (table: Port_Group) {{(pid=168857) notify /opt/stack/neutron/neutron/plugins/ml2/drivers/ovn/mech_driver/ovsdb/ovsdb_monitor.py:893}}
Jan 26 19:02:59.727665 np0005596550.novalocal devstack@neutron-api.service[168857]: DEBUG neutron.db.ovn_revision_numbers_db [None req-0a11a54c-a3f8-480b-a356-d1eb41ef1fb7 tempest-PortsIpV6TestJSON-1412164039 tempest-PortsIpV6TestJSON-1412164039-project-member] delete_revision(d950c0bf-1f32-4532-9e14-6e8617c97d5e) {{(pid=168857) delete_revision /opt/stack/neutron/neutron/db/ovn_revision_numbers_db.py:112}}
Jan 26 19:02:59.730738 np0005596550.novalocal devstack@neutron-api.service[168857]: DEBUG neutron.plugins.ml2.drivers.ovn.mech_driver.ovsdb.ovsdb_monitor [None req-26c53539-a8f2-4728-b656-b8166b330660 None None] Hash Ring: Node 03cf93a88fcc51ae928fca43be3276de (host: np0005596550.novalocal) handling event "delete" for row dd8a37bc-4113-41e0-a49e-1ce4bda3979d (table: Port_Binding) {{(pid=168857) notify /opt/stack/neutron/neutron/plugins/ml2/drivers/ovn/mech_driver/ovsdb/ovsdb_monitor.py:893}}
Jan 26 19:02:59.740083 np0005596550.novalocal devstack@neutron-api.service[168857]: DEBUG neutron_lib.callbacks.manager [None req-0a11a54c-a3f8-480b-a356-d1eb41ef1fb7 tempest-PortsIpV6TestJSON-1412164039 tempest-PortsIpV6TestJSON-1412164039-project-member] Publish callbacks ['neutron.notifiers.nova.Notifier._send_nova_notification-728960'] for port (None), before_response {{(pid=168857) _notify_loop /usr/local/lib/python3.12/site-packages/neutron_lib/callbacks/manager.py:184}}
Jan 26 19:02:59.741927 np0005596550.novalocal devstack@neutron-api.service[168857]: [pid: 168857|app: 0|req: 2668/5316] 38.102.83.18 () {72 vars in 1472 bytes} [Mon Jan 26 19:02:59 2026] DELETE /networking/v2.0/ports/d950c0bf-1f32-4532-9e14-6e8617c97d5e => generated 0 bytes in 233 msecs (HTTP/1.1 204) 3 headers in 131 bytes (1 switches on core 0)
Jan 26 19:02:59.759677 np0005596550.novalocal devstack@neutron-api.service[168856]: INFO neutron.pecan_wsgi.hooks.translation [None req-4aaa12e6-a965-4713-9e36-b338593a3b8b tempest-PortsIpV6TestJSON-1412164039 tempest-PortsIpV6TestJSON-1412164039-project-member] GET failed (client error): The resource could not be found.
Jan 26 19:02:59.762273 np0005596550.novalocal devstack@neutron-api.service[168856]: [pid: 168856|app: 0|req: 2649/5317] 38.102.83.18 () {72 vars in 1469 bytes} [Mon Jan 26 19:02:59 2026] GET /networking/v2.0/ports/d950c0bf-1f32-4532-9e14-6e8617c97d5e => generated 132 bytes in 11 msecs (HTTP/1.1 404) 4 headers in 164 bytes (1 switches on core 0)
Jan 26 19:02:59.820604 np0005596550.novalocal devstack@neutron-api.service[168856]: DEBUG neutron.pecan_wsgi.hooks.policy_enforcement [req-7632dfd4-6fcf-41cd-8cc3-8704df8fbdea req-24e150cb-db38-400f-83bd-58a16d03a27d tempest-ServerActionsTestOtherB-1262198412 tempest-ServerActionsTestOtherB-1262198412-project-member] Attributes excluded by policy engine: ['standard_attr_id', 'binding:profile', 'binding:host_id', 'binding:vif_type', 'binding:vif_details'] {{(pid=168856) _exclude_attributes_by_policy /opt/stack/neutron/neutron/pecan_wsgi/hooks/policy_enforcement.py:258}}
Jan 26 19:02:59.821044 np0005596550.novalocal devstack@neutron-api.service[168856]: [pid: 168856|app: 0|req: 2650/5318] 38.102.83.18 () {74 vars in 1700 bytes} [Mon Jan 26 19:02:59 2026] GET /networking/v2.0/ports?device_id=ca9a34ab-50c7-4278-b247-c7a7baeb5968 => generated 745 bytes in 24 msecs (HTTP/1.1 200) 4 headers in 157 bytes (1 switches on core 0)
Jan 26 19:02:59.832028 np0005596550.novalocal devstack@neutron-api.service[168857]: DEBUG neutron.plugins.ml2.plugin [None req-274984b2-ccf9-4ecf-9048-d2d732680df1 tempest-PortsIpV6TestJSON-1412164039 tempest-PortsIpV6TestJSON-1412164039-project-member] Deleting port d71d76ac-ceff-4a56-80f3-6467c6b12f29 {{(pid=168857) _pre_delete_port /opt/stack/neutron/neutron/plugins/ml2/plugin.py:2193}}
Jan 26 19:02:59.832268 np0005596550.novalocal devstack@neutron-api.service[168857]: DEBUG neutron_lib.callbacks.manager [None req-274984b2-ccf9-4ecf-9048-d2d732680df1 tempest-PortsIpV6TestJSON-1412164039 tempest-PortsIpV6TestJSON-1412164039-project-member] Publish callbacks ['neutron.db.l3_db.L3_NAT_dbonly_mixin._prevent_l3_port_delete_callback-8733126417492'] for port (d71d76ac-ceff-4a56-80f3-6467c6b12f29), before_delete {{(pid=168857) _notify_loop /usr/local/lib/python3.12/site-packages/neutron_lib/callbacks/manager.py:184}}
Jan 26 19:02:59.835631 np0005596550.novalocal devstack@neutron-api.service[168856]: DEBUG neutron.api.v2.base [None req-ee1073d2-6b6d-494b-bfe8-e47b0897ecbf tempest-ServerActionsTestOtherB-1262198412 tempest-ServerActionsTestOtherB-1262198412-project-member] Request body: {'floatingip': {'port_id': '7eafe7fe-1251-4542-8c0c-0d2bb26d3e1c'}} {{(pid=168856) prepare_request_body /opt/stack/neutron/neutron/api/v2/base.py:729}}
Jan 26 19:02:59.862514 np0005596550.novalocal devstack@neutron-api.service[168856]: DEBUG neutron_lib.callbacks.manager [None req-ee1073d2-6b6d-494b-bfe8-e47b0897ecbf tempest-ServerActionsTestOtherB-1262198412 tempest-ServerActionsTestOtherB-1262198412-project-member] Publish callbacks [] for floatingip (34e7d661-9207-465a-bbc3-78325e2cdec1), before_update {{(pid=168856) _notify_loop /usr/local/lib/python3.12/site-packages/neutron_lib/callbacks/manager.py:184}}
Jan 26 19:02:59.864124 np0005596550.novalocal devstack@neutron-api.service[168857]: DEBUG neutron_lib.callbacks.manager [None req-274984b2-ccf9-4ecf-9048-d2d732680df1 tempest-PortsIpV6TestJSON-1412164039 tempest-PortsIpV6TestJSON-1412164039-project-member] Publish callbacks ['neutron.services.ovn_l3.plugin.L3_NAT_dbonly_mixin._precommit_delete_port_callback-3332605'] for port (d71d76ac-ceff-4a56-80f3-6467c6b12f29), precommit_delete {{(pid=168857) _notify_loop /usr/local/lib/python3.12/site-packages/neutron_lib/callbacks/manager.py:184}}
Jan 26 19:02:59.870235 np0005596550.novalocal devstack@neutron-api.service[168857]: DEBUG neutron.plugins.ml2.plugin [None req-274984b2-ccf9-4ecf-9048-d2d732680df1 tempest-PortsIpV6TestJSON-1412164039 tempest-PortsIpV6TestJSON-1412164039-project-member] Calling delete_port for d71d76ac-ceff-4a56-80f3-6467c6b12f29 owned by {{(pid=168857) delete_port /opt/stack/neutron/neutron/plugins/ml2/plugin.py:2281}}
Jan 26 19:02:59.938682 np0005596550.novalocal devstack@neutron-api.service[168857]: DEBUG neutron_lib.callbacks.manager [None req-274984b2-ccf9-4ecf-9048-d2d732680df1 tempest-PortsIpV6TestJSON-1412164039 tempest-PortsIpV6TestJSON-1412164039-project-member] Publish callbacks ['neutron.plugins.ml2.ovo_rpc._ObjectChangeHandler.handle_event-3198312', 'neutron.db.l3_db.L3RpcNotifierMixin._notify_routers_callback-8733126423876', 'neutron.services.segments.plugin.NovaSegmentNotifier._notify_port_created_or_deleted-44129822'] for port (d71d76ac-ceff-4a56-80f3-6467c6b12f29), after_delete {{(pid=168857) _notify_loop /usr/local/lib/python3.12/site-packages/neutron_lib/callbacks/manager.py:184}}
Jan 26 19:02:59.948715 np0005596550.novalocal devstack@neutron-api.service[168857]: DEBUG neutron.api.rpc.handlers.resources_rpc [None req-274984b2-ccf9-4ecf-9048-d2d732680df1 tempest-PortsIpV6TestJSON-1412164039 tempest-PortsIpV6TestJSON-1412164039-project-member] Pushing event deleted for resources: {'Port': ['ID=d71d76ac-ceff-4a56-80f3-6467c6b12f29,revision_number=None']} {{(pid=168857) push /opt/stack/neutron/neutron/api/rpc/handlers/resources_rpc.py:237}}
Jan 26 19:02:59.951520 np0005596550.novalocal devstack@neutron-api.service[168857]: DEBUG ovsdbapp.backend.ovs_idl.transaction [None req-54b84f90-1821-4afc-a27c-af7dc1151569 None None] Running txn n=1 command(idx=0): DelLSwitchPortCommand(_result=None, lport=d71d76ac-ceff-4a56-80f3-6467c6b12f29, lswitch=neutron-f69e5db1-f25c-462c-bae6-d9414a93bbc1, if_exists=True) {{(pid=168857) do_commit /usr/local/lib/python3.12/site-packages/ovsdbapp/backend/ovs_idl/transaction.py:89}}
Jan 26 19:02:59.952052 np0005596550.novalocal devstack@neutron-api.service[168857]: DEBUG ovsdbapp.backend.ovs_idl.transaction [None req-54b84f90-1821-4afc-a27c-af7dc1151569 None None] Running txn n=1 command(idx=1): QoSDelCommand(_result=None, switch=neutron-f69e5db1-f25c-462c-bae6-d9414a93bbc1, conditions=[('direction', '=', 'to-lport'), ('priority', '=', 2002), ('match', '=', 'outport == "d71d76ac-ceff-4a56-80f3-6467c6b12f29"')], if_exists=True) {{(pid=168857) do_commit /usr/local/lib/python3.12/site-packages/ovsdbapp/backend/ovs_idl/transaction.py:89}}
Jan 26 19:02:59.952252 np0005596550.novalocal devstack@neutron-api.service[168857]: DEBUG ovsdbapp.backend.ovs_idl.transaction [None req-54b84f90-1821-4afc-a27c-af7dc1151569 None None] Running txn n=1 command(idx=2): QoSDelCommand(_result=None, switch=neutron-f69e5db1-f25c-462c-bae6-d9414a93bbc1, conditions=[('direction', '=', 'from-lport'), ('priority', '=', 2002), ('match', '=', 'inport == "d71d76ac-ceff-4a56-80f3-6467c6b12f29"')], if_exists=True) {{(pid=168857) do_commit /usr/local/lib/python3.12/site-packages/ovsdbapp/backend/ovs_idl/transaction.py:89}}
Jan 26 19:02:59.985235 np0005596550.novalocal devstack@neutron-api.service[168857]: DEBUG neutron.plugins.ml2.drivers.ovn.mech_driver.ovsdb.ovsdb_monitor [None req-54b84f90-1821-4afc-a27c-af7dc1151569 None None] Hash Ring: Node 03cf93a88fcc51ae928fca43be3276de (host: np0005596550.novalocal) handling event "update" for row f69e5db1-f25c-462c-bae6-d9414a93bbc1 (table: Logical_Switch) {{(pid=168857) notify /opt/stack/neutron/neutron/plugins/ml2/drivers/ovn/mech_driver/ovsdb/ovsdb_monitor.py:893}}
Jan 26 19:02:59.985566 np0005596550.novalocal devstack@neutron-api.service[168857]: DEBUG neutron.plugins.ml2.drivers.ovn.mech_driver.ovsdb.ovsdb_monitor [None req-54b84f90-1821-4afc-a27c-af7dc1151569 None None] Hash Ring: Node 03cf93a88fcc51ae928fca43be3276de (host: np0005596550.novalocal) handling event "delete" for row 6a849737-1394-4aad-86e9-d1b8e6ca9d33 (table: Logical_Switch_Port) {{(pid=168857) notify /opt/stack/neutron/neutron/plugins/ml2/drivers/ovn/mech_driver/ovsdb/ovsdb_monitor.py:893}}
Jan 26 19:02:59.985566 np0005596550.novalocal devstack@neutron-api.service[168857]: DEBUG neutron.plugins.ml2.drivers.ovn.mech_driver.ovsdb.ovsdb_monitor [None req-54b84f90-1821-4afc-a27c-af7dc1151569 None None] Hash Ring: Node 03cf93a88fcc51ae928fca43be3276de (host: np0005596550.novalocal) handling event "update" for row 14a7b8c8-dabc-4a91-b972-7b85d1d91f2f (table: Port_Group) {{(pid=168857) notify /opt/stack/neutron/neutron/plugins/ml2/drivers/ovn/mech_driver/ovsdb/ovsdb_monitor.py:893}}
Jan 26 19:02:59.985707 np0005596550.novalocal devstack@neutron-api.service[168857]: DEBUG neutron.plugins.ml2.drivers.ovn.mech_driver.ovsdb.ovsdb_monitor [None req-54b84f90-1821-4afc-a27c-af7dc1151569 None None] Hash Ring: Node 03cf93a88fcc51ae928fca43be3276de (host: np0005596550.novalocal) handling event "update" for row f5b33850-90ee-4b52-bde7-d4f17be098d6 (table: Port_Group) {{(pid=168857) notify /opt/stack/neutron/neutron/plugins/ml2/drivers/ovn/mech_driver/ovsdb/ovsdb_monitor.py:893}}
Jan 26 19:02:59.987505 np0005596550.novalocal devstack@neutron-api.service[168857]: DEBUG neutron.db.ovn_revision_numbers_db [None req-274984b2-ccf9-4ecf-9048-d2d732680df1 tempest-PortsIpV6TestJSON-1412164039 tempest-PortsIpV6TestJSON-1412164039-project-member] delete_revision(d71d76ac-ceff-4a56-80f3-6467c6b12f29) {{(pid=168857) delete_revision /opt/stack/neutron/neutron/db/ovn_revision_numbers_db.py:112}}
Jan 26 19:02:59.990862 np0005596550.novalocal devstack@neutron-api.service[168856]: DEBUG neutron.plugins.ml2.drivers.ovn.mech_driver.ovsdb.ovsdb_monitor [None req-c9ad1abf-0d4c-43d2-9b48-31f0e8f63445 None None] Hash Ring: Node 3681c1b703ad5d2eb71d7c705ded9136 (host: np0005596550.novalocal) handling event "delete" for row e4fbe6af-cab7-4ddc-a7f9-4d9c05b650c4 (table: Port_Binding) {{(pid=168856) notify /opt/stack/neutron/neutron/plugins/ml2/drivers/ovn/mech_driver/ovsdb/ovsdb_monitor.py:893}}
Jan 26 19:02:59.997899 np0005596550.novalocal devstack@neutron-api.service[168857]: DEBUG neutron_lib.callbacks.manager [None req-274984b2-ccf9-4ecf-9048-d2d732680df1 tempest-PortsIpV6TestJSON-1412164039 tempest-PortsIpV6TestJSON-1412164039-project-member] Publish callbacks ['neutron.notifiers.nova.Notifier._send_nova_notification-728960'] for port (None), before_response {{(pid=168857) _notify_loop /usr/local/lib/python3.12/site-packages/neutron_lib/callbacks/manager.py:184}}
Jan 26 19:02:59.999791 np0005596550.novalocal devstack@neutron-api.service[168857]: [pid: 168857|app: 0|req: 2669/5319] 38.102.83.18 () {72 vars in 1472 bytes} [Mon Jan 26 19:02:59 2026] DELETE /networking/v2.0/ports/d71d76ac-ceff-4a56-80f3-6467c6b12f29 => generated 0 bytes in 230 msecs (HTTP/1.1 204) 3 headers in 131 bytes (1 switches on core 0)
Jan 26 19:03:00.028607 np0005596550.novalocal devstack@neutron-api.service[168857]: INFO neutron.pecan_wsgi.hooks.translation [None req-ee1dca7f-d53e-4f82-82fc-7cd180907f00 tempest-PortsIpV6TestJSON-1412164039 tempest-PortsIpV6TestJSON-1412164039-project-member] GET failed (client error): The resource could not be found.
Jan 26 19:03:00.029945 np0005596550.novalocal devstack@neutron-api.service[168857]: [pid: 168857|app: 0|req: 2670/5320] 38.102.83.18 () {72 vars in 1469 bytes} [Mon Jan 26 19:03:00 2026] GET /networking/v2.0/ports/d71d76ac-ceff-4a56-80f3-6467c6b12f29 => generated 132 bytes in 13 msecs (HTTP/1.1 404) 4 headers in 164 bytes (1 switches on core 0)
