Jan 26 19:02:50.308861 np0005596550.novalocal devstack@neutron-api.service[168857]: INFO neutron.plugins.ml2.drivers.ovn.mech_driver.mech_driver [None req-7dd899fe-d174-4ba1-9260-802d0a844dfe None None] OVN reports status down for port: 36f759b4-c422-4e36-890d-adda38033305
Jan 26 19:02:50.331452 np0005596550.novalocal devstack@neutron-api.service[168857]: DEBUG neutron.pecan_wsgi.hooks.policy_enforcement [None req-e876811b-4b70-45d7-9be9-f869ff79d136 tempest-PortsIpV6TestJSON-1412164039 tempest-PortsIpV6TestJSON-1412164039-project-member] Attributes excluded by policy engine: ['standard_attr_id', 'binding:profile', 'binding:host_id', 'binding:vif_type', 'binding:vif_details', 'network'] {{(pid=168857) _exclude_attributes_by_policy /opt/stack/neutron/neutron/pecan_wsgi/hooks/policy_enforcement.py:258}}
Jan 26 19:02:50.331452 np0005596550.novalocal devstack@neutron-api.service[168857]: DEBUG neutron_lib.callbacks.manager [None req-e876811b-4b70-45d7-9be9-f869ff79d136 tempest-PortsIpV6TestJSON-1412164039 tempest-PortsIpV6TestJSON-1412164039-project-member] Publish callbacks ['neutron.notifiers.nova.Notifier._send_nova_notification-728960'] for port (None), before_response {{(pid=168857) _notify_loop /usr/local/lib/python3.12/site-packages/neutron_lib/callbacks/manager.py:184}}
Jan 26 19:02:50.350894 np0005596550.novalocal devstack@neutron-api.service[168856]: DEBUG neutron.pecan_wsgi.hooks.quota_enforcement [req-b004c5e3-5f2c-42c1-a53d-a7b81607533c req-c621f7a3-6fe9-4482-9dc7-06d03923be57 tempest-ServerActionsTestOtherB-1262198412 tempest-ServerActionsTestOtherB-1262198412-project-member] Made reservation on behalf of 8428b9d1e48c42f690612bf1e012ec42 for: {'port': 1} {{(pid=168856) before /opt/stack/neutron/neutron/pecan_wsgi/hooks/quota_enforcement.py:66}}
Jan 26 19:02:50.353986 np0005596550.novalocal devstack@neutron-api.service[168857]: [pid: 168857|app: 0|req: 2610/5208] 38.102.83.18 () {74 vars in 1380 bytes} [Mon Jan 26 19:02:49 2026] POST /networking/v2.0/ports => generated 732 bytes in 610 msecs (HTTP/1.1 201) 4 headers in 162 bytes (1 switches on core 0)
Jan 26 19:02:50.356858 np0005596550.novalocal devstack@neutron-api.service[168857]: DEBUG neutron.db.provisioning_blocks [None req-7dd899fe-d174-4ba1-9260-802d0a844dfe None None] Transition to ACTIVE for port object 36f759b4-c422-4e36-890d-adda38033305 will not be triggered until provisioned by entity L2. {{(pid=168857) add_provisioning_component /opt/stack/neutron/neutron/db/provisioning_blocks.py:74}}
Jan 26 19:02:50.357672 np0005596550.novalocal devstack@neutron-api.service[168856]: DEBUG neutron_lib.callbacks.manager [req-b004c5e3-5f2c-42c1-a53d-a7b81607533c req-c621f7a3-6fe9-4482-9dc7-06d03923be57 tempest-ServerActionsTestOtherB-1262198412 tempest-ServerActionsTestOtherB-1262198412-project-member] Publish callbacks ['neutron.plugins.ml2.plugin.SecurityGroupDbMixin._ensure_default_security_group_handler-27312'] for port (None), before_create {{(pid=168856) _notify_loop /usr/local/lib/python3.12/site-packages/neutron_lib/callbacks/manager.py:184}}
Jan 26 19:02:50.407530 np0005596550.novalocal devstack@neutron-api.service[168857]: DEBUG neutron.plugins.ml2.plugin [None req-7dd899fe-d174-4ba1-9260-802d0a844dfe None None] Current status of the port 36f759b4-c422-4e36-890d-adda38033305 is: ACTIVE; New status is: DOWN {{(pid=168857) _update_individual_port_db_status /opt/stack/neutron/neutron/plugins/ml2/plugin.py:2455}}
Jan 26 19:02:50.407661 np0005596550.novalocal devstack@neutron-api.service[168857]: DEBUG neutron_lib.callbacks.manager [None req-7dd899fe-d174-4ba1-9260-802d0a844dfe None None] Publish callbacks ['neutron.plugins.ml2.plugin.SecurityGroupDbMixin._ensure_default_security_group_handler-197602', 'neutron.services.ovn_l3.plugin.OVNL3RouterPlugin._port_update-8733125475592', 'neutron.db.l3_db.L3_NAT_dbonly_mixin._prevent_internal_ip_change_for_fip-8733126417502'] for port (36f759b4-c422-4e36-890d-adda38033305), before_update {{(pid=168857) _notify_loop /usr/local/lib/python3.12/site-packages/neutron_lib/callbacks/manager.py:184}}
Jan 26 19:02:50.427737 np0005596550.novalocal devstack@neutron-api.service[168856]: DEBUG neutron.db.db_base_plugin_common [req-b004c5e3-5f2c-42c1-a53d-a7b81607533c req-c621f7a3-6fe9-4482-9dc7-06d03923be57 tempest-ServerActionsTestOtherB-1262198412 tempest-ServerActionsTestOtherB-1262198412-project-member] Allocated IP 10.1.0.12 (c29d0389-610f-4818-bdf8-0c24fb35fc34/3532dc2d-4455-4894-869b-e473ba227ecf/7eafe7fe-1251-4542-8c0c-0d2bb26d3e1c) {{(pid=168856) _store_ip_allocation /opt/stack/neutron/neutron/db/db_base_plugin_common.py:131}}
Jan 26 19:02:50.437800 np0005596550.novalocal devstack@neutron-api.service[168857]: DEBUG neutron.plugins.ml2.plugin [None req-244cc889-60b2-49cc-8351-afbfbc0e2fe1 tempest-PortsIpV6TestJSON-1412164039 tempest-PortsIpV6TestJSON-1412164039-project-member] Deleting port d1ac935a-a47b-4f8c-af34-f8a5d3766ab1 {{(pid=168857) _pre_delete_port /opt/stack/neutron/neutron/plugins/ml2/plugin.py:2193}}
Jan 26 19:02:50.438303 np0005596550.novalocal devstack@neutron-api.service[168857]: DEBUG neutron_lib.callbacks.manager [None req-244cc889-60b2-49cc-8351-afbfbc0e2fe1 tempest-PortsIpV6TestJSON-1412164039 tempest-PortsIpV6TestJSON-1412164039-project-member] Publish callbacks ['neutron.db.l3_db.L3_NAT_dbonly_mixin._prevent_l3_port_delete_callback-8733126417492'] for port (d1ac935a-a47b-4f8c-af34-f8a5d3766ab1), before_delete {{(pid=168857) _notify_loop /usr/local/lib/python3.12/site-packages/neutron_lib/callbacks/manager.py:184}}
Jan 26 19:02:50.459313 np0005596550.novalocal devstack@neutron-api.service[168857]: DEBUG neutron.plugins.ml2.db [None req-7dd899fe-d174-4ba1-9260-802d0a844dfe None None] For port 36f759b4-c422-4e36-890d-adda38033305, host np0005596550.novalocal, got binding levels [PortBindingLevel(driver='ovn',host='np0005596550.novalocal',level=0,port_id=36f759b4-c422-4e36-890d-adda38033305,segment=NetworkSegment(34a692e5-6c8e-4abe-ac36-53c9fca9f93e),segment_id=34a692e5-6c8e-4abe-ac36-53c9fca9f93e)] {{(pid=168857) get_binding_level_objs /opt/stack/neutron/neutron/plugins/ml2/db.py:74}}
Jan 26 19:02:50.459563 np0005596550.novalocal devstack@neutron-api.service[168857]: DEBUG neutron.plugins.ml2.drivers.ovn.mech_driver.mech_driver [None req-7dd899fe-d174-4ba1-9260-802d0a844dfe None None] No provisioning block for port 36f759b4-c422-4e36-890d-adda38033305 since host unchanged {{(pid=168857) _is_port_provisioning_required /opt/stack/neutron/neutron/plugins/ml2/drivers/ovn/mech_driver/mech_driver.py:888}}
Jan 26 19:02:50.481928 np0005596550.novalocal devstack@neutron-api.service[168857]: DEBUG neutron_lib.callbacks.manager [None req-244cc889-60b2-49cc-8351-afbfbc0e2fe1 tempest-PortsIpV6TestJSON-1412164039 tempest-PortsIpV6TestJSON-1412164039-project-member] Publish callbacks ['neutron.services.ovn_l3.plugin.L3_NAT_dbonly_mixin._precommit_delete_port_callback-3332605'] for port (d1ac935a-a47b-4f8c-af34-f8a5d3766ab1), precommit_delete {{(pid=168857) _notify_loop /usr/local/lib/python3.12/site-packages/neutron_lib/callbacks/manager.py:184}}
Jan 26 19:02:50.501566 np0005596550.novalocal devstack@neutron-api.service[168857]: DEBUG neutron.plugins.ml2.plugin [None req-244cc889-60b2-49cc-8351-afbfbc0e2fe1 tempest-PortsIpV6TestJSON-1412164039 tempest-PortsIpV6TestJSON-1412164039-project-member] Calling delete_port for d1ac935a-a47b-4f8c-af34-f8a5d3766ab1 owned by {{(pid=168857) delete_port /opt/stack/neutron/neutron/plugins/ml2/plugin.py:2281}}
Jan 26 19:02:50.511328 np0005596550.novalocal devstack@neutron-api.service[168856]: DEBUG neutron_lib.callbacks.manager [req-b004c5e3-5f2c-42c1-a53d-a7b81607533c req-c621f7a3-6fe9-4482-9dc7-06d03923be57 tempest-ServerActionsTestOtherB-1262198412 tempest-ServerActionsTestOtherB-1262198412-project-member] Publish callbacks ['neutron.plugins.ml2.drivers.ovn.mech_driver.mech_driver.OVNMechanismDriver._validate_allowed_address_pairs-1737023'] for allowed_address_pair (7eafe7fe-1251-4542-8c0c-0d2bb26d3e1c), before_create {{(pid=168856) _notify_loop /usr/local/lib/python3.12/site-packages/neutron_lib/callbacks/manager.py:184}}
Jan 26 19:02:50.511837 np0005596550.novalocal devstack@neutron-api.service[168856]: DEBUG neutron_lib.callbacks.manager [req-b004c5e3-5f2c-42c1-a53d-a7b81607533c req-c621f7a3-6fe9-4482-9dc7-06d03923be57 tempest-ServerActionsTestOtherB-1262198412 tempest-ServerActionsTestOtherB-1262198412-project-member] Publish callbacks [] for port (7eafe7fe-1251-4542-8c0c-0d2bb26d3e1c), precommit_create {{(pid=168856) _notify_loop /usr/local/lib/python3.12/site-packages/neutron_lib/callbacks/manager.py:184}}
Jan 26 19:02:50.511980 np0005596550.novalocal devstack@neutron-api.service[168856]: DEBUG neutron.plugins.ml2.drivers.ovn.mech_driver.mech_driver [req-b004c5e3-5f2c-42c1-a53d-a7b81607533c req-c621f7a3-6fe9-4482-9dc7-06d03923be57 tempest-ServerActionsTestOtherB-1262198412 tempest-ServerActionsTestOtherB-1262198412-project-member] No provisioning block for port 7eafe7fe-1251-4542-8c0c-0d2bb26d3e1c since it does not have a host {{(pid=168856) _is_port_provisioning_required /opt/stack/neutron/neutron/plugins/ml2/drivers/ovn/mech_driver/mech_driver.py:883}}
Jan 26 19:02:50.512073 np0005596550.novalocal devstack@neutron-api.service[168856]: DEBUG neutron.db.ovn_revision_numbers_db [req-b004c5e3-5f2c-42c1-a53d-a7b81607533c req-c621f7a3-6fe9-4482-9dc7-06d03923be57 tempest-ServerActionsTestOtherB-1262198412 tempest-ServerActionsTestOtherB-1262198412-project-member] create_initial_revision uuid=7eafe7fe-1251-4542-8c0c-0d2bb26d3e1c, type=ports, rev=-1 {{(pid=168856) create_initial_revision /opt/stack/neutron/neutron/db/ovn_revision_numbers_db.py:98}}
Jan 26 19:02:50.530654 np0005596550.novalocal devstack@neutron-api.service[168856]: DEBUG neutron_lib.callbacks.manager [req-b004c5e3-5f2c-42c1-a53d-a7b81607533c req-c621f7a3-6fe9-4482-9dc7-06d03923be57 tempest-ServerActionsTestOtherB-1262198412 tempest-ServerActionsTestOtherB-1262198412-project-member] Publish callbacks ['neutron.plugins.ml2.ovo_rpc._ObjectChangeHandler.handle_event-2252440', 'neutron.services.segments.plugin.NovaSegmentNotifier._notify_port_created_or_deleted-44471983'] for port (7eafe7fe-1251-4542-8c0c-0d2bb26d3e1c), after_create {{(pid=168856) _notify_loop /usr/local/lib/python3.12/site-packages/neutron_lib/callbacks/manager.py:184}}
Jan 26 19:02:50.575585 np0005596550.novalocal devstack@neutron-api.service[168856]: DEBUG neutron.api.rpc.handlers.resources_rpc [req-b004c5e3-5f2c-42c1-a53d-a7b81607533c req-c621f7a3-6fe9-4482-9dc7-06d03923be57 tempest-ServerActionsTestOtherB-1262198412 tempest-ServerActionsTestOtherB-1262198412-project-member] Pushing event updated for resources: {'Port': ['ID=7eafe7fe-1251-4542-8c0c-0d2bb26d3e1c,revision_number=1']} {{(pid=168856) push /opt/stack/neutron/neutron/api/rpc/handlers/resources_rpc.py:237}}
Jan 26 19:02:50.586366 np0005596550.novalocal devstack@neutron-api.service[168857]: DEBUG ovsdbapp.backend.ovs_idl.transaction [None req-54b84f90-1821-4afc-a27c-af7dc1151569 None None] Running txn n=1 command(idx=0): CheckRevisionNumberCommand(_result=None, name=36f759b4-c422-4e36-890d-adda38033305, resource={'id': '36f759b4-c422-4e36-890d-adda38033305', 'name': '', 'network_id': 'b2d9e1cb-f287-433e-b8e1-33c8468fe907', 'tenant_id': '53f4982d229a4b93921b2b76b5371afa', 'mac_address': 'fa:16:3e:cb:7d:66', 'admin_state_up': True, 'status': 'DOWN', 'device_id': 'c61cafe4-53dc-4f97-95ce-7920f42bc548', 'device_owner': 'compute:nova', 'standard_attr_id': 830, 'fixed_ips': [{'subnet_id': '2e25615a-9956-4358-aba2-e37a43425993', 'ip_address': '10.1.0.11'}], 'allowed_address_pairs': [], 'extra_dhcp_opts': [], 'security_groups': ['b2525e1c-3710-4d89-9f94-c3ecaca032d8'], 'description': '', 'binding:vnic_type': 'normal', 'binding:profile': {}, 'binding:host_id': 'np0005596550.novalocal', 'binding:vif_type': 'ovs', 'binding:vif_details': {'port_filter': True, 'connectivity': 'l2', 'ovs_create_tap': False, 'bridge_name': 'br-int', 'datapath_type': 'system', 'bound_drivers': {'0': 'ovn'}}, 'port_security_enabled': True, 'tags': [], 'created_at': '2026-01-27T00:02:21Z', 'updated_at': '2026-01-27T00:02:50Z', 'revision_number': 6, 'project_id': '53f4982d229a4b93921b2b76b5371afa', 'network': {'id': 'b2d9e1cb-f287-433e-b8e1-33c8468fe907', 'name': 'tempest-ServerActionsTestOtherA-781104217-network', 'tenant_id': '53f4982d229a4b93921b2b76b5371afa', 'project_id': '53f4982d229a4b93921b2b76b5371afa', 'admin_state_up': True, 'mtu': 1372, 'status': 'ACTIVE', 'subnets': ['2e25615a-9956-4358-aba2-e37a43425993'], 'standard_attr_id': 650, 'shared': False, 'availability_zone_hints': [], 'availability_zones': [], 'ipv4_address_scope': None, 'ipv6_address_scope': None, 'router:external': False, 'qinq': False, 'vlan_transparent': False, 'description': '', 'port_security_enabled': True, 'tags': [], 'created_at': '2026-01-27T00:00:17Z', 'updated_at': '2026-01-27T00:00:18Z', 'revision_number': 2, 'provider:network_type': 'geneve', 'provider:physical_network': None, 'provider:segmentation_id': 59437}}, resource_type=ports, if_exists=True) {{(pid=168857) do_commit /usr/local/lib/python3.12/site-packages/ovsdbapp/backend/ovs_idl/transaction.py:89}}
Jan 26 19:02:50.586366 np0005596550.novalocal devstack@neutron-api.service[168857]: DEBUG ovsdbapp.backend.ovs_idl.transaction [None req-54b84f90-1821-4afc-a27c-af7dc1151569 None None] Running txn n=1 command(idx=1): SetLSwitchPortCommand(_result=None, lport=36f759b4-c422-4e36-890d-adda38033305, external_ids_update=None, columns={'external_ids': {'neutron:port_name': '', 'neutron:device_id': 'c61cafe4-53dc-4f97-95ce-7920f42bc548', 'neutron:project_id': '53f4982d229a4b93921b2b76b5371afa', 'neutron:cidrs': '10.1.0.11/28', 'neutron:device_owner': 'compute:nova', 'neutron:subnet_pool_addr_scope4': '', 'neutron:subnet_pool_addr_scope6': '', 'neutron:network_name': 'neutron-b2d9e1cb-f287-433e-b8e1-33c8468fe907', 'neutron:security_group_ids': 'b2525e1c-3710-4d89-9f94-c3ecaca032d8', 'neutron:revision_number': '6', 'neutron:vnic_type': 'normal', 'neutron:port_capabilities': '', 'neutron:mtu': '', 'neutron:host_id': 'np0005596550.novalocal', 'neutron:port_fip': '172.24.5.62'}, 'parent_name': [], 'tag': [], 'options': {'requested-chassis': 'np0005596550.novalocal'}, 'enabled': True, 'port_security': ['fa:16:3e:cb:7d:66 10.1.0.11'], 'dhcpv4_options': [UUID('2b527690-b9ac-4751-a1cd-806abd86a82d')], 'dhcpv6_options': [], 'type': '', 'addresses': ['fa:16:3e:cb:7d:66 10.1.0.11'], 'ha_chassis_group': []}, if_exists=False) {{(pid=168857) do_commit /usr/local/lib/python3.12/site-packages/ovsdbapp/backend/ovs_idl/transaction.py:89}}
Jan 26 19:02:50.598251 np0005596550.novalocal devstack@neutron-api.service[168857]: DEBUG ovsdbapp.backend.ovs_idl.transaction [None req-54b84f90-1821-4afc-a27c-af7dc1151569 None None] Running txn n=1 command(idx=2): PgAddPortCommand(_result=None, port_group=neutron_pg_drop, lsp=['36f759b4-c422-4e36-890d-adda38033305'], if_exists=False) {{(pid=168857) do_commit /usr/local/lib/python3.12/site-packages/ovsdbapp/backend/ovs_idl/transaction.py:89}}
Jan 26 19:02:50.608619 np0005596550.novalocal devstack@neutron-api.service[168857]: DEBUG neutron.plugins.ml2.drivers.ovn.mech_driver.ovsdb.ovsdb_monitor [None req-26c53539-a8f2-4728-b656-b8166b330660 None None] Hash Ring: Node 03cf93a88fcc51ae928fca43be3276de (host: np0005596550.novalocal) handling event "update" for row 23bdeeac-6139-44d4-9d21-f13aa5c50727 (table: Port_Binding) {{(pid=168857) notify /opt/stack/neutron/neutron/plugins/ml2/drivers/ovn/mech_driver/ovsdb/ovsdb_monitor.py:893}}
Jan 26 19:02:50.610472 np0005596550.novalocal devstack@neutron-api.service[168857]: DEBUG neutron.plugins.ml2.drivers.ovn.mech_driver.ovsdb.ovsdb_monitor [None req-54b84f90-1821-4afc-a27c-af7dc1151569 None None] Hash Ring: Node 03cf93a88fcc51ae928fca43be3276de (host: np0005596550.novalocal) handling event "update" for row 70a9f5ee-8793-4346-96e4-853c93cfab57 (table: Logical_Switch_Port) {{(pid=168857) notify /opt/stack/neutron/neutron/plugins/ml2/drivers/ovn/mech_driver/ovsdb/ovsdb_monitor.py:893}}
Jan 26 19:02:50.627748 np0005596550.novalocal devstack@neutron-api.service[168856]: DEBUG ovsdbapp.backend.ovs_idl.transaction [None req-ae0898be-8436-417f-83c8-7999adc26629 None None] Running txn n=1 command(idx=0): AddLSwitchPortCommand(_result=None, lport=7eafe7fe-1251-4542-8c0c-0d2bb26d3e1c, lswitch=neutron-c29d0389-610f-4818-bdf8-0c24fb35fc34, may_exist=True, network_uuid=c29d0389-610f-4818-bdf8-0c24fb35fc34, columns={'addresses': ['fa:16:3e:5b:ff:6f 10.1.0.12'], 'external_ids': {'neutron:port_name': '', 'neutron:device_id': 'ca9a34ab-50c7-4278-b247-c7a7baeb5968', 'neutron:project_id': '8428b9d1e48c42f690612bf1e012ec42', 'neutron:cidrs': '10.1.0.12/28', 'neutron:device_owner': '', 'neutron:subnet_pool_addr_scope4': '', 'neutron:subnet_pool_addr_scope6': '', 'neutron:network_name': 'neutron-c29d0389-610f-4818-bdf8-0c24fb35fc34', 'neutron:security_group_ids': '41b0b679-ec5a-4d7a-9822-1fc65c63fd23', 'neutron:revision_number': '1', 'neutron:vnic_type': 'normal', 'neutron:port_capabilities': '', 'neutron:mtu': ''}, 'parent_name': [], 'tag': [], 'enabled': True, 'options': {}, 'type': '', 'port_security': ['fa:16:3e:5b:ff:6f 10.1.0.12'], 'dhcpv4_options': [UUID('f3e8453f-188f-4171-9379-360146bc9e0f')], 'dhcpv6_options': []}) {{(pid=168856) do_commit /usr/local/lib/python3.12/site-packages/ovsdbapp/backend/ovs_idl/transaction.py:89}}
Jan 26 19:02:50.627748 np0005596550.novalocal devstack@neutron-api.service[168856]: DEBUG ovsdbapp.backend.ovs_idl.transaction [None req-ae0898be-8436-417f-83c8-7999adc26629 None None] Running txn n=1 command(idx=1): PgAddPortCommand(_result=None, port_group=neutron_pg_drop, lsp=[AddLSwitchPortCommand(_result=3b980dea-b903-4f11-b61b-9b5328c28295, lport=7eafe7fe-1251-4542-8c0c-0d2bb26d3e1c, lswitch=neutron-c29d0389-610f-4818-bdf8-0c24fb35fc34, may_exist=True, network_uuid=c29d0389-610f-4818-bdf8-0c24fb35fc34, columns={'addresses': ['fa:16:3e:5b:ff:6f 10.1.0.12'], 'external_ids': {'neutron:port_name': '', 'neutron:device_id': 'ca9a34ab-50c7-4278-b247-c7a7baeb5968', 'neutron:project_id': '8428b9d1e48c42f690612bf1e012ec42', 'neutron:cidrs': '10.1.0.12/28', 'neutron:device_owner': '', 'neutron:subnet_pool_addr_scope4': '', 'neutron:subnet_pool_addr_scope6': '', 'neutron:network_name': 'neutron-c29d0389-610f-4818-bdf8-0c24fb35fc34', 'neutron:security_group_ids': '41b0b679-ec5a-4d7a-9822-1fc65c63fd23', 'neutron:revision_number': '1', 'neutron:vnic_type': 'normal', 'neutron:port_capabilities': '', 'neutron:mtu': ''}, 'parent_name': [], 'enabled': True, 'options': {}, 'type': '', 'port_security': ['fa:16:3e:5b:ff:6f 10.1.0.12']})], if_exists=False) {{(pid=168856) do_commit /usr/local/lib/python3.12/site-packages/ovsdbapp/backend/ovs_idl/transaction.py:89}}
Jan 26 19:02:50.627944 np0005596550.novalocal devstack@neutron-api.service[168856]: DEBUG ovsdbapp.backend.ovs_idl.transaction [None req-ae0898be-8436-417f-83c8-7999adc26629 None None] Running txn n=1 command(idx=2): PgAddPortCommand(_result=None, port_group=pg_41b0b679_ec5a_4d7a_9822_1fc65c63fd23, lsp=[AddLSwitchPortCommand(_result=3b980dea-b903-4f11-b61b-9b5328c28295, lport=7eafe7fe-1251-4542-8c0c-0d2bb26d3e1c, lswitch=neutron-c29d0389-610f-4818-bdf8-0c24fb35fc34, may_exist=True, network_uuid=c29d0389-610f-4818-bdf8-0c24fb35fc34, columns={'addresses': ['fa:16:3e:5b:ff:6f 10.1.0.12'], 'external_ids': {'neutron:port_name': '', 'neutron:device_id': 'ca9a34ab-50c7-4278-b247-c7a7baeb5968', 'neutron:project_id': '8428b9d1e48c42f690612bf1e012ec42', 'neutron:cidrs': '10.1.0.12/28', 'neutron:device_owner': '', 'neutron:subnet_pool_addr_scope4': '', 'neutron:subnet_pool_addr_scope6': '', 'neutron:network_name': 'neutron-c29d0389-610f-4818-bdf8-0c24fb35fc34', 'neutron:security_group_ids': '41b0b679-ec5a-4d7a-9822-1fc65c63fd23', 'neutron:revision_number': '1', 'neutron:vnic_type': 'normal', 'neutron:port_capabilities': '', 'neutron:mtu': ''}, 'parent_name': [], 'enabled': True, 'options': {}, 'type': '', 'port_security': ['fa:16:3e:5b:ff:6f 10.1.0.12']})], if_exists=False) {{(pid=168856) do_commit /usr/local/lib/python3.12/site-packages/ovsdbapp/backend/ovs_idl/transaction.py:89}}
Jan 26 19:02:50.628032 np0005596550.novalocal devstack@neutron-api.service[168856]: DEBUG ovsdbapp.backend.ovs_idl.transaction [None req-ae0898be-8436-417f-83c8-7999adc26629 None None] Running txn n=1 command(idx=3): QoSDelCommand(_result=None, switch=neutron-c29d0389-610f-4818-bdf8-0c24fb35fc34, conditions=[('direction', '=', 'to-lport'), ('priority', '=', 2002), ('match', '=', 'outport == "7eafe7fe-1251-4542-8c0c-0d2bb26d3e1c"')], if_exists=True) {{(pid=168856) do_commit /usr/local/lib/python3.12/site-packages/ovsdbapp/backend/ovs_idl/transaction.py:89}}
Jan 26 19:02:50.628161 np0005596550.novalocal devstack@neutron-api.service[168856]: DEBUG ovsdbapp.backend.ovs_idl.transaction [None req-ae0898be-8436-417f-83c8-7999adc26629 None None] Running txn n=1 command(idx=4): QoSDelCommand(_result=None, switch=neutron-c29d0389-610f-4818-bdf8-0c24fb35fc34, conditions=[('direction', '=', 'from-lport'), ('priority', '=', 2002), ('match', '=', 'inport == "7eafe7fe-1251-4542-8c0c-0d2bb26d3e1c"')], if_exists=True) {{(pid=168856) do_commit /usr/local/lib/python3.12/site-packages/ovsdbapp/backend/ovs_idl/transaction.py:89}}
Jan 26 19:02:50.632164 np0005596550.novalocal devstack@neutron-api.service[168856]: DEBUG neutron.plugins.ml2.drivers.ovn.mech_driver.ovsdb.ovsdb_monitor [None req-ae0898be-8436-417f-83c8-7999adc26629 None None] Hash Ring: Node 3681c1b703ad5d2eb71d7c705ded9136 (host: np0005596550.novalocal) handling event "update" for row c29d0389-610f-4818-bdf8-0c24fb35fc34 (table: Logical_Switch) {{(pid=168856) notify /opt/stack/neutron/neutron/plugins/ml2/drivers/ovn/mech_driver/ovsdb/ovsdb_monitor.py:893}}
Jan 26 19:02:50.632371 np0005596550.novalocal devstack@neutron-api.service[168856]: DEBUG neutron.plugins.ml2.drivers.ovn.mech_driver.ovsdb.ovsdb_monitor [None req-ae0898be-8436-417f-83c8-7999adc26629 None None] Hash Ring: Node 3681c1b703ad5d2eb71d7c705ded9136 (host: np0005596550.novalocal) handling event "update" for row 95b9535d-4ef2-4fce-88ce-9bdaf51eac6e (table: Port_Group) {{(pid=168856) notify /opt/stack/neutron/neutron/plugins/ml2/drivers/ovn/mech_driver/ovsdb/ovsdb_monitor.py:893}}
Jan 26 19:02:50.634472 np0005596550.novalocal devstack@neutron-api.service[168857]: DEBUG neutron_lib.callbacks.manager [None req-244cc889-60b2-49cc-8351-afbfbc0e2fe1 tempest-PortsIpV6TestJSON-1412164039 tempest-PortsIpV6TestJSON-1412164039-project-member] Publish callbacks ['neutron.plugins.ml2.ovo_rpc._ObjectChangeHandler.handle_event-3198312', 'neutron.db.l3_db.L3RpcNotifierMixin._notify_routers_callback-8733126423876', 'neutron.services.segments.plugin.NovaSegmentNotifier._notify_port_created_or_deleted-44129822'] for port (d1ac935a-a47b-4f8c-af34-f8a5d3766ab1), after_delete {{(pid=168857) _notify_loop /usr/local/lib/python3.12/site-packages/neutron_lib/callbacks/manager.py:184}}
Jan 26 19:02:50.644159 np0005596550.novalocal devstack@neutron-api.service[168856]: DEBUG neutron.plugins.ml2.drivers.ovn.mech_driver.ovsdb.ovsdb_monitor [None req-c9ad1abf-0d4c-43d2-9b48-31f0e8f63445 None None] Hash Ring: Node 3681c1b703ad5d2eb71d7c705ded9136 (host: np0005596550.novalocal) handling event "create" for row 61a05234-cd4c-4ecb-a34c-0242df8ce661 (table: Port_Binding) {{(pid=168856) notify /opt/stack/neutron/neutron/plugins/ml2/drivers/ovn/mech_driver/ovsdb/ovsdb_monitor.py:893}}
Jan 26 19:02:50.646973 np0005596550.novalocal devstack@neutron-api.service[168857]: DEBUG neutron.plugins.ml2.drivers.ovn.mech_driver.ovsdb.ovsdb_monitor [None req-54b84f90-1821-4afc-a27c-af7dc1151569 None None] Hash Ring: Node 03cf93a88fcc51ae928fca43be3276de (host: np0005596550.novalocal) handling event "create" for row bda54d0f-648f-4c01-a09a-b103a301b33a (table: Logical_Switch_Port) {{(pid=168857) notify /opt/stack/neutron/neutron/plugins/ml2/drivers/ovn/mech_driver/ovsdb/ovsdb_monitor.py:893}}
Jan 26 19:02:50.647391 np0005596550.novalocal devstack@neutron-api.service[168857]: DEBUG ovsdbapp.backend.ovs_idl.event [None req-54b84f90-1821-4afc-a27c-af7dc1151569 None None] Matched CREATE: LogicalSwitchPortCreateEvent(events=('create',), table='Logical_Switch_Port', conditions=[], old_conditions=None), priority=20 to row=Logical_Switch_Port(port_security=['fa:16:3e:5b:ff:6f 10.1.0.12'], type=, addresses=['fa:16:3e:5b:ff:6f 10.1.0.12'], dhcpv4_options=[], up=[], name=7eafe7fe-1251-4542-8c0c-0d2bb26d3e1c, options={}, dynamic_addresses=[], ha_chassis_group=[], external_ids={'neutron:cidrs': '10.1.0.12/28', 'neutron:device_id': 'ca9a34ab-50c7-4278-b247-c7a7baeb5968', 'neutron:device_owner': '', 'neutron:mtu': '', 'neutron:network_name': 'neutron-c29d0389-610f-4818-bdf8-0c24fb35fc34', 'neutron:port_capabilities': '', 'neutron:port_name': '', 'neutron:project_id': '8428b9d1e48c42f690612bf1e012ec42', 'neutron:revision_number': '1', 'neutron:security_group_ids': '41b0b679-ec5a-4d7a-9822-1fc65c63fd23', 'neutron:subnet_pool_addr_scope4': '', 'neutron:subnet_pool_addr_scope6': '', 'neutron:vnic_type': 'normal'}, tag=[], parent_name=[], mirror_rules=[], tag_request=[], enabled=[True], dhcpv6_options=[]) old= {{(pid=168857) matches /usr/local/lib/python3.12/site-packages/ovsdbapp/backend/ovs_idl/event.py:55}}
Jan 26 19:02:50.647875 np0005596550.novalocal devstack@neutron-api.service[168857]: DEBUG neutron.plugins.ml2.drivers.ovn.mech_driver.ovsdb.ovsdb_monitor [None req-54b84f90-1821-4afc-a27c-af7dc1151569 None None] Hash Ring: Node 03cf93a88fcc51ae928fca43be3276de (host: np0005596550.novalocal) handling event "update" for row 14a7b8c8-dabc-4a91-b972-7b85d1d91f2f (table: Port_Group) {{(pid=168857) notify /opt/stack/neutron/neutron/plugins/ml2/drivers/ovn/mech_driver/ovsdb/ovsdb_monitor.py:893}}
Jan 26 19:02:50.653425 np0005596550.novalocal devstack@neutron-api.service[168857]: DEBUG neutron.api.rpc.handlers.resources_rpc [None req-244cc889-60b2-49cc-8351-afbfbc0e2fe1 tempest-PortsIpV6TestJSON-1412164039 tempest-PortsIpV6TestJSON-1412164039-project-member] Pushing event deleted for resources: {'Port': ['ID=d1ac935a-a47b-4f8c-af34-f8a5d3766ab1,revision_number=None']} {{(pid=168857) push /opt/stack/neutron/neutron/api/rpc/handlers/resources_rpc.py:237}}
Jan 26 19:02:50.654198 np0005596550.novalocal devstack@neutron-api.service[168857]: DEBUG neutron.plugins.ml2.drivers.ovn.mech_driver.ovsdb.ovsdb_monitor [None req-54b84f90-1821-4afc-a27c-af7dc1151569 None None] Hash Ring: Node 03cf93a88fcc51ae928fca43be3276de (host: np0005596550.novalocal) handling event "update" for row bda54d0f-648f-4c01-a09a-b103a301b33a (table: Logical_Switch_Port) {{(pid=168857) notify /opt/stack/neutron/neutron/plugins/ml2/drivers/ovn/mech_driver/ovsdb/ovsdb_monitor.py:893}}
Jan 26 19:02:50.658106 np0005596550.novalocal devstack@neutron-api.service[168857]: DEBUG ovsdbapp.backend.ovs_idl.transaction [None req-54b84f90-1821-4afc-a27c-af7dc1151569 None None] Running txn n=1 command(idx=0): DelLSwitchPortCommand(_result=None, lport=d1ac935a-a47b-4f8c-af34-f8a5d3766ab1, lswitch=neutron-99d98edb-41ac-4c6c-9787-bd7b5a948b4d, if_exists=True) {{(pid=168857) do_commit /usr/local/lib/python3.12/site-packages/ovsdbapp/backend/ovs_idl/transaction.py:89}}
Jan 26 19:02:50.658323 np0005596550.novalocal devstack@neutron-api.service[168857]: DEBUG ovsdbapp.backend.ovs_idl.transaction [None req-54b84f90-1821-4afc-a27c-af7dc1151569 None None] Running txn n=1 command(idx=1): QoSDelCommand(_result=None, switch=neutron-99d98edb-41ac-4c6c-9787-bd7b5a948b4d, conditions=[('direction', '=', 'to-lport'), ('priority', '=', 2002), ('match', '=', 'outport == "d1ac935a-a47b-4f8c-af34-f8a5d3766ab1"')], if_exists=True) {{(pid=168857) do_commit /usr/local/lib/python3.12/site-packages/ovsdbapp/backend/ovs_idl/transaction.py:89}}
Jan 26 19:02:50.658567 np0005596550.novalocal devstack@neutron-api.service[168857]: DEBUG ovsdbapp.backend.ovs_idl.transaction [None req-54b84f90-1821-4afc-a27c-af7dc1151569 None None] Running txn n=1 command(idx=2): QoSDelCommand(_result=None, switch=neutron-99d98edb-41ac-4c6c-9787-bd7b5a948b4d, conditions=[('direction', '=', 'from-lport'), ('priority', '=', 2002), ('match', '=', 'inport == "d1ac935a-a47b-4f8c-af34-f8a5d3766ab1"')], if_exists=True) {{(pid=168857) do_commit /usr/local/lib/python3.12/site-packages/ovsdbapp/backend/ovs_idl/transaction.py:89}}
Jan 26 19:02:50.660549 np0005596550.novalocal devstack@neutron-api.service[168856]: INFO neutron.db.ovn_revision_numbers_db [req-b004c5e3-5f2c-42c1-a53d-a7b81607533c req-c621f7a3-6fe9-4482-9dc7-06d03923be57 tempest-ServerActionsTestOtherB-1262198412 tempest-ServerActionsTestOtherB-1262198412-project-member] Successfully bumped revision number for resource 7eafe7fe-1251-4542-8c0c-0d2bb26d3e1c (type: ports) to 1
Jan 26 19:02:50.665508 np0005596550.novalocal devstack@neutron-api.service[168857]: DEBUG neutron.plugins.ml2.drivers.ovn.mech_driver.ovsdb.ovsdb_monitor [None req-54b84f90-1821-4afc-a27c-af7dc1151569 None None] Hash Ring: Node 03cf93a88fcc51ae928fca43be3276de (host: np0005596550.novalocal) handling event "update" for row 14a7b8c8-dabc-4a91-b972-7b85d1d91f2f (table: Port_Group) {{(pid=168857) notify /opt/stack/neutron/neutron/plugins/ml2/drivers/ovn/mech_driver/ovsdb/ovsdb_monitor.py:893}}
Jan 26 19:02:50.665659 np0005596550.novalocal devstack@neutron-api.service[168857]: DEBUG neutron.plugins.ml2.drivers.ovn.mech_driver.ovsdb.ovsdb_monitor [None req-54b84f90-1821-4afc-a27c-af7dc1151569 None None] Hash Ring: Node 03cf93a88fcc51ae928fca43be3276de (host: np0005596550.novalocal) handling event "update" for row f5b33850-90ee-4b52-bde7-d4f17be098d6 (table: Port_Group) {{(pid=168857) notify /opt/stack/neutron/neutron/plugins/ml2/drivers/ovn/mech_driver/ovsdb/ovsdb_monitor.py:893}}
Jan 26 19:02:50.666301 np0005596550.novalocal devstack@neutron-api.service[168856]: DEBUG neutron.plugins.ml2.drivers.ovn.mech_driver.ovsdb.ovsdb_monitor [None req-ae0898be-8436-417f-83c8-7999adc26629 None None] Hash Ring: Node 3681c1b703ad5d2eb71d7c705ded9136 (host: np0005596550.novalocal) handling event "update" for row 99d98edb-41ac-4c6c-9787-bd7b5a948b4d (table: Logical_Switch) {{(pid=168856) notify /opt/stack/neutron/neutron/plugins/ml2/drivers/ovn/mech_driver/ovsdb/ovsdb_monitor.py:893}}
Jan 26 19:02:50.666460 np0005596550.novalocal devstack@neutron-api.service[168856]: DEBUG neutron.plugins.ml2.drivers.ovn.mech_driver.ovsdb.ovsdb_monitor [None req-ae0898be-8436-417f-83c8-7999adc26629 None None] Hash Ring: Node 3681c1b703ad5d2eb71d7c705ded9136 (host: np0005596550.novalocal) handling event "delete" for row cd33d436-c410-483d-833c-b925400f3818 (table: Logical_Switch_Port) {{(pid=168856) notify /opt/stack/neutron/neutron/plugins/ml2/drivers/ovn/mech_driver/ovsdb/ovsdb_monitor.py:893}}
Jan 26 19:02:50.667034 np0005596550.novalocal devstack@neutron-api.service[168857]: DEBUG neutron.db.ovn_revision_numbers_db [None req-244cc889-60b2-49cc-8351-afbfbc0e2fe1 tempest-PortsIpV6TestJSON-1412164039 tempest-PortsIpV6TestJSON-1412164039-project-member] delete_revision(d1ac935a-a47b-4f8c-af34-f8a5d3766ab1) {{(pid=168857) delete_revision /opt/stack/neutron/neutron/db/ovn_revision_numbers_db.py:112}}
Jan 26 19:02:50.672488 np0005596550.novalocal devstack@neutron-api.service[168857]: DEBUG neutron.plugins.ml2.drivers.ovn.mech_driver.ovsdb.ovsdb_monitor [None req-26c53539-a8f2-4728-b656-b8166b330660 None None] Hash Ring: Node 03cf93a88fcc51ae928fca43be3276de (host: np0005596550.novalocal) handling event "delete" for row 09ac10a5-31f3-48ad-829b-8922a49f19c4 (table: Port_Binding) {{(pid=168857) notify /opt/stack/neutron/neutron/plugins/ml2/drivers/ovn/mech_driver/ovsdb/ovsdb_monitor.py:893}}
Jan 26 19:02:50.673072 np0005596550.novalocal devstack@neutron-api.service[168857]: INFO neutron.db.ovn_revision_numbers_db [None req-7dd899fe-d174-4ba1-9260-802d0a844dfe None None] Successfully bumped revision number for resource 36f759b4-c422-4e36-890d-adda38033305 (type: ports) to 6
Jan 26 19:02:50.680279 np0005596550.novalocal devstack@neutron-api.service[168857]: DEBUG neutron_lib.callbacks.manager [None req-244cc889-60b2-49cc-8351-afbfbc0e2fe1 tempest-PortsIpV6TestJSON-1412164039 tempest-PortsIpV6TestJSON-1412164039-project-member] Publish callbacks ['neutron.notifiers.nova.Notifier._send_nova_notification-728960'] for port (None), before_response {{(pid=168857) _notify_loop /usr/local/lib/python3.12/site-packages/neutron_lib/callbacks/manager.py:184}}
Jan 26 19:02:50.683685 np0005596550.novalocal devstack@neutron-api.service[168857]: DEBUG neutron_lib.callbacks.manager [None req-7dd899fe-d174-4ba1-9260-802d0a844dfe None None] Publish callbacks ['neutron.plugins.ml2.ovo_rpc._ObjectChangeHandler.handle_event-3198312', 'neutron.db.l3_db.L3RpcNotifierMixin._notify_gateway_port_ip_changed-8733126423896', 'neutron.services.ovn_l3.plugin.OVNL3RouterPlugin._port_update-8733125475592', 'neutron.services.segments.plugin.NovaSegmentNotifier._notify_port_updated-44129800'] for port (36f759b4-c422-4e36-890d-adda38033305), after_update {{(pid=168857) _notify_loop /usr/local/lib/python3.12/site-packages/neutron_lib/callbacks/manager.py:184}}
Jan 26 19:02:50.685341 np0005596550.novalocal devstack@neutron-api.service[168857]: [pid: 168857|app: 0|req: 2611/5209] 38.102.83.18 () {72 vars in 1472 bytes} [Mon Jan 26 19:02:50 2026] DELETE /networking/v2.0/ports/d1ac935a-a47b-4f8c-af34-f8a5d3766ab1 => generated 0 bytes in 322 msecs (HTTP/1.1 204) 3 headers in 131 bytes (2 switches on core 0)
Jan 26 19:02:50.713551 np0005596550.novalocal devstack@neutron-api.service[168856]: DEBUG neutron.pecan_wsgi.hooks.policy_enforcement [req-b004c5e3-5f2c-42c1-a53d-a7b81607533c req-c621f7a3-6fe9-4482-9dc7-06d03923be57 tempest-ServerActionsTestOtherB-1262198412 tempest-ServerActionsTestOtherB-1262198412-project-member] Attributes excluded by policy engine: ['standard_attr_id', 'binding:profile', 'binding:host_id', 'binding:vif_type', 'binding:vif_details', 'network'] {{(pid=168856) _exclude_attributes_by_policy /opt/stack/neutron/neutron/pecan_wsgi/hooks/policy_enforcement.py:258}}
Jan 26 19:02:50.713973 np0005596550.novalocal devstack@neutron-api.service[168856]: DEBUG neutron_lib.callbacks.manager [req-b004c5e3-5f2c-42c1-a53d-a7b81607533c req-c621f7a3-6fe9-4482-9dc7-06d03923be57 tempest-ServerActionsTestOtherB-1262198412 tempest-ServerActionsTestOtherB-1262198412-project-member] Publish callbacks ['neutron.notifiers.nova.Notifier._send_nova_notification-477547'] for port (None), before_response {{(pid=168856) _notify_loop /usr/local/lib/python3.12/site-packages/neutron_lib/callbacks/manager.py:184}}
Jan 26 19:02:50.725780 np0005596550.novalocal devstack@neutron-api.service[168857]: DEBUG neutron.api.rpc.handlers.resources_rpc [None req-9e2e4139-523e-4b84-8233-40650544dd85 None None] Pushing event updated for resources: {'Port': ['ID=36f759b4-c422-4e36-890d-adda38033305,revision_number=6']} {{(pid=168857) push /opt/stack/neutron/neutron/api/rpc/handlers/resources_rpc.py:237}}
Jan 26 19:02:50.725885 np0005596550.novalocal devstack@neutron-api.service[168856]: [pid: 168856|app: 0|req: 2599/5210] 38.102.83.18 () {78 vars in 1661 bytes} [Mon Jan 26 19:02:50 2026] POST /networking/v2.0/ports => generated 728 bytes in 469 msecs (HTTP/1.1 201) 4 headers in 162 bytes (1 switches on core 0)
Jan 26 19:02:50.729005 np0005596550.novalocal devstack@neutron-api.service[168857]: DEBUG neutron.pecan_wsgi.hooks.policy_enforcement [req-469cf8ea-239f-41e8-b380-3241191c1df3 req-49ab2cd5-6c93-4e8b-8f3c-829fc214a9d4 tempest-ServerActionsTestOtherA-497818938 tempest-ServerActionsTestOtherA-497818938-project-member] Attributes excluded by policy engine: ['standard_attr_id', 'binding:profile', 'binding:host_id', 'binding:vif_type', 'binding:vif_details'] {{(pid=168857) _exclude_attributes_by_policy /opt/stack/neutron/neutron/pecan_wsgi/hooks/policy_enforcement.py:258}}
Jan 26 19:02:50.730048 np0005596550.novalocal devstack@neutron-api.service[168857]: [pid: 168857|app: 0|req: 2612/5211] 38.102.83.18 () {74 vars in 1700 bytes} [Mon Jan 26 19:02:50 2026] GET /networking/v2.0/ports?device_id=c61cafe4-53dc-4f97-95ce-7920f42bc548 => generated 743 bytes in 44 msecs (HTTP/1.1 200) 4 headers in 157 bytes (1 switches on core 0)
Jan 26 19:02:50.730799 np0005596550.novalocal devstack@neutron-api.service[168857]: DEBUG ovsdbapp.backend.ovs_idl.transaction [None req-54b84f90-1821-4afc-a27c-af7dc1151569 None None] Running txn n=1 command(idx=0): DbRemoveCommand(_result=None, table=Logical_Switch_Port, record=36f759b4-c422-4e36-890d-adda38033305, column=external_ids, values=('neutron:host_id',), keyvalues={}, if_exists=True) {{(pid=168857) do_commit /usr/local/lib/python3.12/site-packages/ovsdbapp/backend/ovs_idl/transaction.py:89}}
Jan 26 19:02:50.736662 np0005596550.novalocal devstack@neutron-api.service[168857]: DEBUG neutron.plugins.ml2.drivers.ovn.mech_driver.ovsdb.ovsdb_monitor [None req-54b84f90-1821-4afc-a27c-af7dc1151569 None None] Hash Ring: Node 03cf93a88fcc51ae928fca43be3276de (host: np0005596550.novalocal) handling event "update" for row 70a9f5ee-8793-4346-96e4-853c93cfab57 (table: Logical_Switch_Port) {{(pid=168857) notify /opt/stack/neutron/neutron/plugins/ml2/drivers/ovn/mech_driver/ovsdb/ovsdb_monitor.py:893}}
Jan 26 19:02:50.737583 np0005596550.novalocal devstack@neutron-api.service[168857]: INFO neutron.plugins.ml2.drivers.ovn.mech_driver.mech_driver [None req-9e2e4139-523e-4b84-8233-40650544dd85 None None] OVN reports status down for port: 7eafe7fe-1251-4542-8c0c-0d2bb26d3e1c
Jan 26 19:02:50.738557 np0005596550.novalocal devstack@neutron-api.service[168857]: DEBUG neutron.plugins.ml2.drivers.ovn.mech_driver.ovsdb.ovsdb_monitor [None req-26c53539-a8f2-4728-b656-b8166b330660 None None] Hash Ring: Node 03cf93a88fcc51ae928fca43be3276de (host: np0005596550.novalocal) handling event "update" for row 23bdeeac-6139-44d4-9d21-f13aa5c50727 (table: Port_Binding) {{(pid=168857) notify /opt/stack/neutron/neutron/plugins/ml2/drivers/ovn/mech_driver/ovsdb/ovsdb_monitor.py:893}}
Jan 26 19:02:50.743807 np0005596550.novalocal devstack@neutron-api.service[168856]: INFO neutron.pecan_wsgi.hooks.translation [None req-e6940a11-09b4-4322-a475-97cce9fd7368 tempest-PortsIpV6TestJSON-1412164039 tempest-PortsIpV6TestJSON-1412164039-project-member] DELETE failed (client error): The resource could not be found.
Jan 26 19:02:50.744053 np0005596550.novalocal devstack@neutron-api.service[168856]: DEBUG neutron.pecan_wsgi.hooks.notifier [None req-e6940a11-09b4-4322-a475-97cce9fd7368 tempest-PortsIpV6TestJSON-1412164039 tempest-PortsIpV6TestJSON-1412164039-project-member] No notification will be sent due to unsuccessful status code: 404 {{(pid=168856) after /opt/stack/neutron/neutron/pecan_wsgi/hooks/notifier.py:78}}
Jan 26 19:02:50.745859 np0005596550.novalocal devstack@neutron-api.service[168856]: [pid: 168856|app: 0|req: 2600/5212] 38.102.83.18 () {72 vars in 1472 bytes} [Mon Jan 26 19:02:50 2026] DELETE /networking/v2.0/ports/d1ac935a-a47b-4f8c-af34-f8a5d3766ab1 => generated 132 bytes in 19 msecs (HTTP/1.1 404) 4 headers in 164 bytes (1 switches on core 0)
Jan 26 19:02:50.757656 np0005596550.novalocal devstack@neutron-api.service[168856]: DEBUG neutron.api.v2.base [req-b004c5e3-5f2c-42c1-a53d-a7b81607533c req-96e6d722-2df0-4800-9bf1-0e16b0a8d462 service nova] Request body: {'port': {'device_id': 'ca9a34ab-50c7-4278-b247-c7a7baeb5968', 'device_owner': 'compute:nova', 'binding:host_id': 'np0005596550.novalocal', 'dns_name': 'tempest-serveractionstestotherb-server-612125545'}} {{(pid=168856) prepare_request_body /opt/stack/neutron/neutron/api/v2/base.py:729}}
Jan 26 19:02:50.758579 np0005596550.novalocal devstack@neutron-api.service[168857]: DEBUG neutron.api.wsgi [req-469cf8ea-239f-41e8-b380-3241191c1df3 req-68262d98-d498-49de-9152-5ffe407dd7c4 tempest-ServerActionsTestOtherA-497818938 tempest-ServerActionsTestOtherA-497818938-project-member] Missing Content-Type {{(pid=168857) get_content_type /opt/stack/neutron/neutron/api/wsgi.py:85}}
Jan 26 19:02:50.770121 np0005596550.novalocal devstack@neutron-api.service[168857]: DEBUG neutron.db.provisioning_blocks [None req-9e2e4139-523e-4b84-8233-40650544dd85 None None] Transition to ACTIVE for port object 7eafe7fe-1251-4542-8c0c-0d2bb26d3e1c will not be triggered until provisioned by entity L2. {{(pid=168857) add_provisioning_component /opt/stack/neutron/neutron/db/provisioning_blocks.py:74}}
Jan 26 19:02:50.785912 np0005596550.novalocal devstack@neutron-api.service[168856]: DEBUG neutron_lib.callbacks.manager [req-b004c5e3-5f2c-42c1-a53d-a7b81607533c req-96e6d722-2df0-4800-9bf1-0e16b0a8d462 service nova] Publish callbacks ['neutron.plugins.ml2.plugin.SecurityGroupDbMixin._ensure_default_security_group_handler-27312', 'neutron.services.ovn_l3.plugin.OVNL3RouterPlugin._port_update-8733124641412', 'neutron.db.l3_db.L3_NAT_dbonly_mixin._prevent_internal_ip_change_for_fip-8733126422158'] for port (7eafe7fe-1251-4542-8c0c-0d2bb26d3e1c), before_update {{(pid=168856) _notify_loop /usr/local/lib/python3.12/site-packages/neutron_lib/callbacks/manager.py:184}}
Jan 26 19:02:50.788567 np0005596550.novalocal devstack@neutron-api.service[168857]: [pid: 168857|app: 0|req: 2613/5213] 38.102.83.18 () {74 vars in 1760 bytes} [Mon Jan 26 19:02:50 2026] GET /networking/v2.0/security-groups?id=b2525e1c-3710-4d89-9f94-c3ecaca032d8&fields=id&fields=name => generated 114 bytes in 36 msecs (HTTP/1.1 200) 4 headers in 157 bytes (1 switches on core 0)
Jan 26 19:02:50.799032 np0005596550.novalocal devstack@neutron-api.service[168857]: DEBUG neutron.plugins.ml2.plugin [None req-9e2e4139-523e-4b84-8233-40650544dd85 None None] Current status of the port 7eafe7fe-1251-4542-8c0c-0d2bb26d3e1c is: DOWN; New status is: DOWN {{(pid=168857) _update_individual_port_db_status /opt/stack/neutron/neutron/plugins/ml2/plugin.py:2455}}
Jan 26 19:02:50.806980 np0005596550.novalocal devstack@neutron-api.service[168857]: DEBUG ovsdbapp.backend.ovs_idl.transaction [None req-54b84f90-1821-4afc-a27c-af7dc1151569 None None] Running txn n=1 command(idx=0): DbRemoveCommand(_result=None, table=Logical_Switch_Port, record=7eafe7fe-1251-4542-8c0c-0d2bb26d3e1c, column=external_ids, values=('neutron:host_id',), keyvalues={}, if_exists=True) {{(pid=168857) do_commit /usr/local/lib/python3.12/site-packages/ovsdbapp/backend/ovs_idl/transaction.py:89}}
Jan 26 19:02:50.809888 np0005596550.novalocal devstack@neutron-api.service[168857]: INFO neutron.pecan_wsgi.hooks.translation [None req-c0551aff-d116-4881-a476-dd6b8a5063c9 tempest-PortsIpV6TestJSON-1412164039 tempest-PortsIpV6TestJSON-1412164039-project-member] GET failed (client error): The resource could not be found.
Jan 26 19:02:50.810608 np0005596550.novalocal devstack@neutron-api.service[168857]: [pid: 168857|app: 0|req: 2614/5214] 38.102.83.18 () {72 vars in 1469 bytes} [Mon Jan 26 19:02:50 2026] GET /networking/v2.0/ports/d1ac935a-a47b-4f8c-af34-f8a5d3766ab1 => generated 132 bytes in 22 msecs (HTTP/1.1 404) 4 headers in 164 bytes (1 switches on core 0)
Jan 26 19:02:50.839726 np0005596550.novalocal devstack@neutron-api.service[168857]: DEBUG neutron.db.db_base_plugin_v2 [None req-e0963b4e-ff99-4af2-8f50-c84453c0ff44 tempest-PortsIpV6TestJSON-1412164039 tempest-PortsIpV6TestJSON-1412164039-project-member] Deleting subnet 6ba96b3f-1d93-4f66-a50f-c30d2f3d6b5f {{(pid=168857) delete_subnet /opt/stack/neutron/neutron/db/db_base_plugin_v2.py:1171}}
Jan 26 19:02:50.842834 np0005596550.novalocal devstack@neutron-api.service[168857]: DEBUG neutron_lib.callbacks.manager [None req-e0963b4e-ff99-4af2-8f50-c84453c0ff44 tempest-PortsIpV6TestJSON-1412164039 tempest-PortsIpV6TestJSON-1412164039-project-member] Publish callbacks [] for subnet (6ba96b3f-1d93-4f66-a50f-c30d2f3d6b5f), before_delete {{(pid=168857) _notify_loop /usr/local/lib/python3.12/site-packages/neutron_lib/callbacks/manager.py:184}}
Jan 26 19:02:50.864310 np0005596550.novalocal devstack@neutron-api.service[168857]: DEBUG neutron_lib.callbacks.manager [None req-e0963b4e-ff99-4af2-8f50-c84453c0ff44 tempest-PortsIpV6TestJSON-1412164039 tempest-PortsIpV6TestJSON-1412164039-project-member] Publish callbacks ['neutron.services.segments.plugin.Plugin._validate_auto_address_subnet_delete-42243303'] for subnet (6ba96b3f-1d93-4f66-a50f-c30d2f3d6b5f), precommit_delete_associations {{(pid=168857) _notify_loop /usr/local/lib/python3.12/site-packages/neutron_lib/callbacks/manager.py:184}}
Jan 26 19:02:50.882315 np0005596550.novalocal devstack@neutron-api.service[168857]: DEBUG neutron_lib.callbacks.manager [None req-e0963b4e-ff99-4af2-8f50-c84453c0ff44 tempest-PortsIpV6TestJSON-1412164039 tempest-PortsIpV6TestJSON-1412164039-project-member] Publish callbacks ['neutron.plugins.ml2.plugin.Ml2Plugin._subnet_delete_precommit_handler-870900'] for subnet (6ba96b3f-1d93-4f66-a50f-c30d2f3d6b5f), precommit_delete {{(pid=168857) _notify_loop /usr/local/lib/python3.12/site-packages/neutron_lib/callbacks/manager.py:184}}
Jan 26 19:02:50.889599 np0005596550.novalocal devstack@neutron-api.service[168856]: DEBUG neutron.notifiers.nova [req-b004c5e3-5f2c-42c1-a53d-a7b81607533c req-96e6d722-2df0-4800-9bf1-0e16b0a8d462 service nova] Ignoring state change previous_port_status: DOWN current_port_status: DOWN port_id 7eafe7fe-1251-4542-8c0c-0d2bb26d3e1c {{(pid=168856) record_port_status_changed /opt/stack/neutron/neutron/notifiers/nova.py:234}}
Jan 26 19:02:50.894758 np0005596550.novalocal devstack@neutron-api.service[168856]: DEBUG neutron_lib.callbacks.manager [req-b004c5e3-5f2c-42c1-a53d-a7b81607533c req-96e6d722-2df0-4800-9bf1-0e16b0a8d462 service nova] Publish callbacks [] for port (7eafe7fe-1251-4542-8c0c-0d2bb26d3e1c), precommit_update {{(pid=168856) _notify_loop /usr/local/lib/python3.12/site-packages/neutron_lib/callbacks/manager.py:184}}
Jan 26 19:02:50.897463 np0005596550.novalocal devstack@neutron-api.service[168856]: DEBUG neutron.db.provisioning_blocks [req-b004c5e3-5f2c-42c1-a53d-a7b81607533c req-96e6d722-2df0-4800-9bf1-0e16b0a8d462 service nova] Ignored duplicate provisioning block setup for port 7eafe7fe-1251-4542-8c0c-0d2bb26d3e1c by entity L2. {{(pid=168856) add_provisioning_component /opt/stack/neutron/neutron/db/provisioning_blocks.py:69}}
Jan 26 19:02:50.903710 np0005596550.novalocal devstack@neutron-api.service[168856]: DEBUG neutron_lib.callbacks.manager [req-b004c5e3-5f2c-42c1-a53d-a7b81607533c req-96e6d722-2df0-4800-9bf1-0e16b0a8d462 service nova] Publish callbacks ['neutron.plugins.ml2.ovo_rpc._ObjectChangeHandler.handle_event-2252440', 'neutron.db.l3_db.L3RpcNotifierMixin._notify_gateway_port_ip_changed-8733126429576', 'neutron.services.ovn_l3.plugin.OVNL3RouterPlugin._port_update-8733124641412', 'neutron.services.segments.plugin.NovaSegmentNotifier._notify_port_updated-44471953'] for port (7eafe7fe-1251-4542-8c0c-0d2bb26d3e1c), after_update {{(pid=168856) _notify_loop /usr/local/lib/python3.12/site-packages/neutron_lib/callbacks/manager.py:184}}
Jan 26 19:02:50.913356 np0005596550.novalocal devstack@neutron-api.service[168857]: DEBUG neutron_lib.callbacks.manager [None req-e0963b4e-ff99-4af2-8f50-c84453c0ff44 tempest-PortsIpV6TestJSON-1412164039 tempest-PortsIpV6TestJSON-1412164039-project-member] Publish callbacks ['neutron.plugins.ml2.plugin.Ml2Plugin._subnet_delete_after_delete_handler-870894', 'neutron.plugins.ml2.ovo_rpc._ObjectChangeHandler.handle_event-3198315', 'neutron.services.segments.plugin.NovaSegmentNotifier._notify_subnet_deleted-44130286', 'neutron.services.segments.plugin.SegmentHostRoutes.host_routes_after_delete-44175244'] for subnet (6ba96b3f-1d93-4f66-a50f-c30d2f3d6b5f), after_delete {{(pid=168857) _notify_loop /usr/local/lib/python3.12/site-packages/neutron_lib/callbacks/manager.py:184}}
Jan 26 19:02:50.914566 np0005596550.novalocal devstack@neutron-api.service[168857]: DEBUG ovsdbapp.backend.ovs_idl.transaction [None req-54b84f90-1821-4afc-a27c-af7dc1151569 None None] Running txn n=1 command(idx=0): DelDHCPOptionsCommand(_result=None, if_exists=True, row_uuid=ae92fa41-12c4-48be-9aad-122f72abdf6e) {{(pid=168857) do_commit /usr/local/lib/python3.12/site-packages/ovsdbapp/backend/ovs_idl/transaction.py:89}}
Jan 26 19:02:50.917157 np0005596550.novalocal devstack@neutron-api.service[168857]: DEBUG neutron.plugins.ml2.drivers.ovn.mech_driver.ovsdb.ovsdb_monitor [None req-54b84f90-1821-4afc-a27c-af7dc1151569 None None] Hash Ring: Node 03cf93a88fcc51ae928fca43be3276de (host: np0005596550.novalocal) handling event "delete" for row ae92fa41-12c4-48be-9aad-122f72abdf6e (table: DHCP_Options) {{(pid=168857) notify /opt/stack/neutron/neutron/plugins/ml2/drivers/ovn/mech_driver/ovsdb/ovsdb_monitor.py:893}}
Jan 26 19:02:50.917735 np0005596550.novalocal devstack@neutron-api.service[168857]: DEBUG neutron.db.ovn_revision_numbers_db [None req-e0963b4e-ff99-4af2-8f50-c84453c0ff44 tempest-PortsIpV6TestJSON-1412164039 tempest-PortsIpV6TestJSON-1412164039-project-member] delete_revision(6ba96b3f-1d93-4f66-a50f-c30d2f3d6b5f) {{(pid=168857) delete_revision /opt/stack/neutron/neutron/db/ovn_revision_numbers_db.py:112}}
Jan 26 19:02:50.923656 np0005596550.novalocal devstack@neutron-api.service[168856]: DEBUG neutron.api.rpc.handlers.resources_rpc [req-b004c5e3-5f2c-42c1-a53d-a7b81607533c req-96e6d722-2df0-4800-9bf1-0e16b0a8d462 service nova] Pushing event updated for resources: {'Port': ['ID=7eafe7fe-1251-4542-8c0c-0d2bb26d3e1c,revision_number=2']} {{(pid=168856) push /opt/stack/neutron/neutron/api/rpc/handlers/resources_rpc.py:237}}
Jan 26 19:02:50.936913 np0005596550.novalocal devstack@neutron-api.service[168857]: DEBUG neutron.api.rpc.handlers.resources_rpc [None req-e0963b4e-ff99-4af2-8f50-c84453c0ff44 tempest-PortsIpV6TestJSON-1412164039 tempest-PortsIpV6TestJSON-1412164039-project-member] Pushing event deleted for resources: {'Subnet': ['ID=6ba96b3f-1d93-4f66-a50f-c30d2f3d6b5f,revision_number=None']} {{(pid=168857) push /opt/stack/neutron/neutron/api/rpc/handlers/resources_rpc.py:237}}
