Jan 26 19:02:50.936913 np0005596550.novalocal devstack@neutron-api.service[168857]: DEBUG neutron_lib.callbacks.manager [None req-e0963b4e-ff99-4af2-8f50-c84453c0ff44 tempest-PortsIpV6TestJSON-1412164039 tempest-PortsIpV6TestJSON-1412164039-project-member] Publish callbacks [] for subnet (None), before_response {{(pid=168857) _notify_loop /usr/local/lib/python3.12/site-packages/neutron_lib/callbacks/manager.py:184}}
Jan 26 19:02:50.937881 np0005596550.novalocal devstack@neutron-api.service[168857]: [pid: 168857|app: 0|req: 2615/5215] 38.102.83.18 () {72 vars in 1478 bytes} [Mon Jan 26 19:02:50 2026] DELETE /networking/v2.0/subnets/6ba96b3f-1d93-4f66-a50f-c30d2f3d6b5f => generated 0 bytes in 115 msecs (HTTP/1.1 204) 3 headers in 131 bytes (1 switches on core 0)
Jan 26 19:02:50.972629 np0005596550.novalocal devstack@neutron-api.service[168857]: DEBUG neutron_lib.callbacks.manager [None req-ba7e2b99-190d-432e-8c5c-d30e254a311b tempest-PortsIpV6TestJSON-1412164039 tempest-PortsIpV6TestJSON-1412164039-project-member] Publish callbacks ['neutron.plugins.ml2.plugin.External_net_db_mixin._before_network_delete_handler-14228'] for network (99d98edb-41ac-4c6c-9787-bd7b5a948b4d), before_delete {{(pid=168857) _notify_loop /usr/local/lib/python3.12/site-packages/neutron_lib/callbacks/manager.py:184}}
Jan 26 19:02:50.974785 np0005596550.novalocal devstack@neutron-api.service[168856]: DEBUG ovsdbapp.backend.ovs_idl.transaction [None req-ae0898be-8436-417f-83c8-7999adc26629 None None] Running txn n=1 command(idx=0): CheckRevisionNumberCommand(_result=None, name=7eafe7fe-1251-4542-8c0c-0d2bb26d3e1c, resource={'id': '7eafe7fe-1251-4542-8c0c-0d2bb26d3e1c', 'name': '', 'network_id': 'c29d0389-610f-4818-bdf8-0c24fb35fc34', 'tenant_id': '8428b9d1e48c42f690612bf1e012ec42', 'mac_address': 'fa:16:3e:5b:ff:6f', 'admin_state_up': True, 'status': 'DOWN', 'device_id': 'ca9a34ab-50c7-4278-b247-c7a7baeb5968', 'device_owner': 'compute:nova', 'standard_attr_id': 909, 'fixed_ips': [{'subnet_id': '3532dc2d-4455-4894-869b-e473ba227ecf', 'ip_address': '10.1.0.12'}], 'allowed_address_pairs': [], 'extra_dhcp_opts': [], 'security_groups': ['41b0b679-ec5a-4d7a-9822-1fc65c63fd23'], 'description': '', 'binding:vnic_type': 'normal', 'binding:profile': {}, 'binding:host_id': 'np0005596550.novalocal', 'binding:vif_type': 'unbound', 'binding:vif_details': {}, 'port_security_enabled': True, 'tags': [], 'created_at': '2026-01-27T00:02:50Z', 'updated_at': '2026-01-27T00:02:50Z', 'revision_number': 2, 'project_id': '8428b9d1e48c42f690612bf1e012ec42', 'network': {'id': 'c29d0389-610f-4818-bdf8-0c24fb35fc34', 'name': 'tempest-ServerActionsTestOtherB-630226605-network', 'tenant_id': '8428b9d1e48c42f690612bf1e012ec42', 'project_id': '8428b9d1e48c42f690612bf1e012ec42', 'admin_state_up': True, 'mtu': 1372, 'status': 'ACTIVE', 'subnets': ['3532dc2d-4455-4894-869b-e473ba227ecf'], 'standard_attr_id': 868, 'shared': False, 'availability_zone_hints': [], 'availability_zones': [], 'ipv4_address_scope': None, 'ipv6_address_scope': None, 'router:external': False, 'qinq': False, 'vlan_transparent': False, 'description': '', 'port_security_enabled': True, 'tags': [], 'created_at': '2026-01-27T00:02:38Z', 'updated_at': '2026-01-27T00:02:39Z', 'revision_number': 2, 'provider:network_type': 'geneve', 'provider:physical_network': None, 'provider:segmentation_id': 28032}}, resource_type=ports, if_exists=True) {{(pid=168856) do_commit /usr/local/lib/python3.12/site-packages/ovsdbapp/backend/ovs_idl/transaction.py:89}}
Jan 26 19:02:50.975073 np0005596550.novalocal devstack@neutron-api.service[168856]: DEBUG ovsdbapp.backend.ovs_idl.transaction [None req-ae0898be-8436-417f-83c8-7999adc26629 None None] Running txn n=1 command(idx=1): SetLSwitchPortCommand(_result=None, lport=7eafe7fe-1251-4542-8c0c-0d2bb26d3e1c, external_ids_update=None, columns={'external_ids': {'neutron:port_name': '', 'neutron:device_id': 'ca9a34ab-50c7-4278-b247-c7a7baeb5968', 'neutron:project_id': '8428b9d1e48c42f690612bf1e012ec42', 'neutron:cidrs': '10.1.0.12/28', 'neutron:device_owner': 'compute:nova', 'neutron:subnet_pool_addr_scope4': '', 'neutron:subnet_pool_addr_scope6': '', 'neutron:network_name': 'neutron-c29d0389-610f-4818-bdf8-0c24fb35fc34', 'neutron:security_group_ids': '41b0b679-ec5a-4d7a-9822-1fc65c63fd23', 'neutron:revision_number': '2', 'neutron:vnic_type': 'normal', 'neutron:port_capabilities': '', 'neutron:mtu': ''}, 'parent_name': [], 'tag': [], 'options': {'requested-chassis': 'np0005596550.novalocal'}, 'enabled': True, 'port_security': ['fa:16:3e:5b:ff:6f 10.1.0.12'], 'dhcpv4_options': [UUID('f3e8453f-188f-4171-9379-360146bc9e0f')], 'dhcpv6_options': [], 'type': '', 'addresses': ['fa:16:3e:5b:ff:6f 10.1.0.12'], 'ha_chassis_group': []}, if_exists=False) {{(pid=168856) do_commit /usr/local/lib/python3.12/site-packages/ovsdbapp/backend/ovs_idl/transaction.py:89}}
Jan 26 19:02:50.975635 np0005596550.novalocal devstack@neutron-api.service[168856]: DEBUG ovsdbapp.backend.ovs_idl.transaction [None req-ae0898be-8436-417f-83c8-7999adc26629 None None] Running txn n=1 command(idx=2): PgAddPortCommand(_result=None, port_group=neutron_pg_drop, lsp=['7eafe7fe-1251-4542-8c0c-0d2bb26d3e1c'], if_exists=False) {{(pid=168856) do_commit /usr/local/lib/python3.12/site-packages/ovsdbapp/backend/ovs_idl/transaction.py:89}}
Jan 26 19:02:50.982731 np0005596550.novalocal devstack@neutron-api.service[168857]: DEBUG neutron.plugins.ml2.drivers.ovn.mech_driver.ovsdb.ovsdb_monitor [None req-54b84f90-1821-4afc-a27c-af7dc1151569 None None] Hash Ring: Node 03cf93a88fcc51ae928fca43be3276de (host: np0005596550.novalocal) handling event "update" for row bda54d0f-648f-4c01-a09a-b103a301b33a (table: Logical_Switch_Port) {{(pid=168857) notify /opt/stack/neutron/neutron/plugins/ml2/drivers/ovn/mech_driver/ovsdb/ovsdb_monitor.py:893}}
Jan 26 19:02:50.990357 np0005596550.novalocal devstack@neutron-api.service[168856]: DEBUG neutron.plugins.ml2.drivers.ovn.mech_driver.ovsdb.ovsdb_monitor [None req-c9ad1abf-0d4c-43d2-9b48-31f0e8f63445 None None] Hash Ring: Node 3681c1b703ad5d2eb71d7c705ded9136 (host: np0005596550.novalocal) handling event "update" for row 61a05234-cd4c-4ecb-a34c-0242df8ce661 (table: Port_Binding) {{(pid=168856) notify /opt/stack/neutron/neutron/plugins/ml2/drivers/ovn/mech_driver/ovsdb/ovsdb_monitor.py:893}}
Jan 26 19:02:51.004887 np0005596550.novalocal devstack@neutron-api.service[168857]: DEBUG neutron.plugins.ml2.plugin [None req-ba7e2b99-190d-432e-8c5c-d30e254a311b tempest-PortsIpV6TestJSON-1412164039 tempest-PortsIpV6TestJSON-1412164039-project-member] Deleting port 6b784867-b04a-4cb3-af19-e05806f663fb {{(pid=168857) _pre_delete_port /opt/stack/neutron/neutron/plugins/ml2/plugin.py:2193}}
Jan 26 19:02:51.005020 np0005596550.novalocal devstack@neutron-api.service[168857]: DEBUG neutron_lib.callbacks.manager [None req-ba7e2b99-190d-432e-8c5c-d30e254a311b tempest-PortsIpV6TestJSON-1412164039 tempest-PortsIpV6TestJSON-1412164039-project-member] Publish callbacks ['neutron.db.l3_db.L3_NAT_dbonly_mixin._prevent_l3_port_delete_callback-8733126417492'] for port (6b784867-b04a-4cb3-af19-e05806f663fb), before_delete {{(pid=168857) _notify_loop /usr/local/lib/python3.12/site-packages/neutron_lib/callbacks/manager.py:184}}
Jan 26 19:02:51.008554 np0005596550.novalocal devstack@neutron-api.service[168856]: INFO neutron.db.ovn_revision_numbers_db [req-b004c5e3-5f2c-42c1-a53d-a7b81607533c req-96e6d722-2df0-4800-9bf1-0e16b0a8d462 service nova] Successfully bumped revision number for resource 7eafe7fe-1251-4542-8c0c-0d2bb26d3e1c (type: ports) to 2
Jan 26 19:02:51.017141 np0005596550.novalocal devstack@neutron-api.service[168856]: DEBUG neutron.plugins.ml2.managers [req-b004c5e3-5f2c-42c1-a53d-a7b81607533c req-96e6d722-2df0-4800-9bf1-0e16b0a8d462 service nova] Attempting to bind port 7eafe7fe-1251-4542-8c0c-0d2bb26d3e1c on host np0005596550.novalocal for vnic_type normal with profile {{(pid=168856) bind_port /opt/stack/neutron/neutron/plugins/ml2/managers.py:813}}
Jan 26 19:02:51.017272 np0005596550.novalocal devstack@neutron-api.service[168856]: DEBUG neutron.plugins.ml2.managers [req-b004c5e3-5f2c-42c1-a53d-a7b81607533c req-96e6d722-2df0-4800-9bf1-0e16b0a8d462 service nova] Attempting to bind port 7eafe7fe-1251-4542-8c0c-0d2bb26d3e1c by drivers ovn on host np0005596550.novalocal at level 0 using segments [{'id': '91da3b23-d172-40b9-8ec8-dfe86f572961', 'network_type': 'geneve', 'physical_network': None, 'segmentation_id': 28032, 'network_id': 'c29d0389-610f-4818-bdf8-0c24fb35fc34'}] {{(pid=168856) _bind_port_level /opt/stack/neutron/neutron/plugins/ml2/managers.py:838}}
Jan 26 19:02:51.018095 np0005596550.novalocal devstack@neutron-api.service[168856]: DEBUG neutron.plugins.ml2.drivers.ovn.mech_driver.mech_driver [req-b004c5e3-5f2c-42c1-a53d-a7b81607533c req-96e6d722-2df0-4800-9bf1-0e16b0a8d462 service nova] Attempting to bind port 7eafe7fe-1251-4542-8c0c-0d2bb26d3e1c on host np0005596550.novalocal for network segment with type geneve, segmentation ID 28032, physical network None {{(pid=168856) bind_port /opt/stack/neutron/neutron/plugins/ml2/drivers/ovn/mech_driver/mech_driver.py:1175}}
Jan 26 19:02:51.018523 np0005596550.novalocal devstack@neutron-api.service[168856]: DEBUG neutron.plugins.ml2.managers [req-b004c5e3-5f2c-42c1-a53d-a7b81607533c req-96e6d722-2df0-4800-9bf1-0e16b0a8d462 service nova] Bound port: 7eafe7fe-1251-4542-8c0c-0d2bb26d3e1c, host: np0005596550.novalocal, vif_type: ovs, vif_details: {"port_filter": true, "connectivity": "l2", "ovs_create_tap": false, "bridge_name": "br-int", "datapath_type": "system"}, binding_levels: [{'bound_driver': 'ovn', 'bound_segment': {'id': '91da3b23-d172-40b9-8ec8-dfe86f572961', 'network_type': 'geneve', 'physical_network': None, 'segmentation_id': 28032, 'network_id': 'c29d0389-610f-4818-bdf8-0c24fb35fc34'}}] {{(pid=168856) _bind_port_level /opt/stack/neutron/neutron/plugins/ml2/managers.py:949}}
Jan 26 19:02:51.018659 np0005596550.novalocal devstack@neutron-api.service[168856]: DEBUG neutron_lib.callbacks.manager [req-b004c5e3-5f2c-42c1-a53d-a7b81607533c req-96e6d722-2df0-4800-9bf1-0e16b0a8d462 service nova] Publish callbacks ['neutron.plugins.ml2.plugin.SecurityGroupDbMixin._ensure_default_security_group_handler-27312', 'neutron.services.ovn_l3.plugin.OVNL3RouterPlugin._port_update-8733124641412', 'neutron.db.l3_db.L3_NAT_dbonly_mixin._prevent_internal_ip_change_for_fip-8733126422158'] for port (7eafe7fe-1251-4542-8c0c-0d2bb26d3e1c), before_update {{(pid=168856) _notify_loop /usr/local/lib/python3.12/site-packages/neutron_lib/callbacks/manager.py:184}}
Jan 26 19:02:51.021547 np0005596550.novalocal devstack@neutron-api.service[168857]: DEBUG neutron_lib.callbacks.manager [None req-ba7e2b99-190d-432e-8c5c-d30e254a311b tempest-PortsIpV6TestJSON-1412164039 tempest-PortsIpV6TestJSON-1412164039-project-member] Publish callbacks ['neutron.services.ovn_l3.plugin.L3_NAT_dbonly_mixin._precommit_delete_port_callback-3332605'] for port (6b784867-b04a-4cb3-af19-e05806f663fb), precommit_delete {{(pid=168857) _notify_loop /usr/local/lib/python3.12/site-packages/neutron_lib/callbacks/manager.py:184}}
Jan 26 19:02:51.026033 np0005596550.novalocal devstack@neutron-api.service[168857]: DEBUG neutron.plugins.ml2.plugin [None req-ba7e2b99-190d-432e-8c5c-d30e254a311b tempest-PortsIpV6TestJSON-1412164039 tempest-PortsIpV6TestJSON-1412164039-project-member] Calling delete_port for 6b784867-b04a-4cb3-af19-e05806f663fb owned by network:distributed {{(pid=168857) delete_port /opt/stack/neutron/neutron/plugins/ml2/plugin.py:2281}}
Jan 26 19:02:51.053564 np0005596550.novalocal devstack@neutron-api.service[168856]: DEBUG neutron.plugins.ml2.db [req-b004c5e3-5f2c-42c1-a53d-a7b81607533c req-96e6d722-2df0-4800-9bf1-0e16b0a8d462 service nova] For port 7eafe7fe-1251-4542-8c0c-0d2bb26d3e1c, host np0005596550.novalocal, cleared binding levels {{(pid=168856) clear_binding_levels /opt/stack/neutron/neutron/plugins/ml2/db.py:87}}
Jan 26 19:02:51.056777 np0005596550.novalocal devstack@neutron-api.service[168856]: DEBUG neutron.plugins.ml2.db [req-b004c5e3-5f2c-42c1-a53d-a7b81607533c req-96e6d722-2df0-4800-9bf1-0e16b0a8d462 service nova] For port 7eafe7fe-1251-4542-8c0c-0d2bb26d3e1c, host np0005596550.novalocal, set binding levels [PortBindingLevel(driver='ovn',host='np0005596550.novalocal',level=0,port_id=7eafe7fe-1251-4542-8c0c-0d2bb26d3e1c,segment=NetworkSegment(91da3b23-d172-40b9-8ec8-dfe86f572961),segment_id=91da3b23-d172-40b9-8ec8-dfe86f572961)] {{(pid=168856) set_binding_levels /opt/stack/neutron/neutron/plugins/ml2/db.py:59}}
Jan 26 19:02:51.057979 np0005596550.novalocal devstack@neutron-api.service[168856]: DEBUG neutron.plugins.ml2.drivers.ovn.mech_driver.mech_driver [req-b004c5e3-5f2c-42c1-a53d-a7b81607533c req-96e6d722-2df0-4800-9bf1-0e16b0a8d462 service nova] No provisioning block for port 7eafe7fe-1251-4542-8c0c-0d2bb26d3e1c since host unchanged {{(pid=168856) _is_port_provisioning_required /opt/stack/neutron/neutron/plugins/ml2/drivers/ovn/mech_driver/mech_driver.py:888}}
Jan 26 19:02:51.065196 np0005596550.novalocal devstack@neutron-api.service[168857]: DEBUG neutron_lib.callbacks.manager [None req-ba7e2b99-190d-432e-8c5c-d30e254a311b tempest-PortsIpV6TestJSON-1412164039 tempest-PortsIpV6TestJSON-1412164039-project-member] Publish callbacks ['neutron.plugins.ml2.ovo_rpc._ObjectChangeHandler.handle_event-3198312', 'neutron.db.l3_db.L3RpcNotifierMixin._notify_routers_callback-8733126423876', 'neutron.services.segments.plugin.NovaSegmentNotifier._notify_port_created_or_deleted-44129822'] for port (6b784867-b04a-4cb3-af19-e05806f663fb), after_delete {{(pid=168857) _notify_loop /usr/local/lib/python3.12/site-packages/neutron_lib/callbacks/manager.py:184}}
Jan 26 19:02:51.065638 np0005596550.novalocal devstack@neutron-api.service[168856]: DEBUG neutron_lib.callbacks.manager [req-b004c5e3-5f2c-42c1-a53d-a7b81607533c req-96e6d722-2df0-4800-9bf1-0e16b0a8d462 service nova] Publish callbacks ['neutron.plugins.ml2.ovo_rpc._ObjectChangeHandler.handle_event-2252440', 'neutron.db.l3_db.L3RpcNotifierMixin._notify_gateway_port_ip_changed-8733126429576', 'neutron.services.ovn_l3.plugin.OVNL3RouterPlugin._port_update-8733124641412', 'neutron.services.segments.plugin.NovaSegmentNotifier._notify_port_updated-44471953'] for port (7eafe7fe-1251-4542-8c0c-0d2bb26d3e1c), after_update {{(pid=168856) _notify_loop /usr/local/lib/python3.12/site-packages/neutron_lib/callbacks/manager.py:184}}
Jan 26 19:02:51.076809 np0005596550.novalocal devstack@neutron-api.service[168857]: DEBUG neutron.api.rpc.handlers.resources_rpc [None req-ba7e2b99-190d-432e-8c5c-d30e254a311b tempest-PortsIpV6TestJSON-1412164039 tempest-PortsIpV6TestJSON-1412164039-project-member] Pushing event deleted for resources: {'Port': ['ID=6b784867-b04a-4cb3-af19-e05806f663fb,revision_number=None']} {{(pid=168857) push /opt/stack/neutron/neutron/api/rpc/handlers/resources_rpc.py:237}}
Jan 26 19:02:51.079313 np0005596550.novalocal devstack@neutron-api.service[168857]: DEBUG ovsdbapp.backend.ovs_idl.transaction [None req-54b84f90-1821-4afc-a27c-af7dc1151569 None None] Running txn n=1 command(idx=0): DelLSwitchPortCommand(_result=None, lport=6b784867-b04a-4cb3-af19-e05806f663fb, lswitch=neutron-99d98edb-41ac-4c6c-9787-bd7b5a948b4d, if_exists=True) {{(pid=168857) do_commit /usr/local/lib/python3.12/site-packages/ovsdbapp/backend/ovs_idl/transaction.py:89}}
Jan 26 19:02:51.079532 np0005596550.novalocal devstack@neutron-api.service[168857]: DEBUG ovsdbapp.backend.ovs_idl.transaction [None req-54b84f90-1821-4afc-a27c-af7dc1151569 None None] Running txn n=1 command(idx=1): QoSDelCommand(_result=None, switch=neutron-99d98edb-41ac-4c6c-9787-bd7b5a948b4d, conditions=[('direction', '=', 'to-lport'), ('priority', '=', 2002), ('match', '=', 'outport == "6b784867-b04a-4cb3-af19-e05806f663fb"')], if_exists=True) {{(pid=168857) do_commit /usr/local/lib/python3.12/site-packages/ovsdbapp/backend/ovs_idl/transaction.py:89}}
Jan 26 19:02:51.079664 np0005596550.novalocal devstack@neutron-api.service[168857]: DEBUG ovsdbapp.backend.ovs_idl.transaction [None req-54b84f90-1821-4afc-a27c-af7dc1151569 None None] Running txn n=1 command(idx=2): QoSDelCommand(_result=None, switch=neutron-99d98edb-41ac-4c6c-9787-bd7b5a948b4d, conditions=[('direction', '=', 'from-lport'), ('priority', '=', 2002), ('match', '=', 'inport == "6b784867-b04a-4cb3-af19-e05806f663fb"')], if_exists=True) {{(pid=168857) do_commit /usr/local/lib/python3.12/site-packages/ovsdbapp/backend/ovs_idl/transaction.py:89}}
Jan 26 19:02:51.086607 np0005596550.novalocal devstack@neutron-api.service[168857]: DEBUG neutron.db.ovn_revision_numbers_db [None req-ba7e2b99-190d-432e-8c5c-d30e254a311b tempest-PortsIpV6TestJSON-1412164039 tempest-PortsIpV6TestJSON-1412164039-project-member] delete_revision(6b784867-b04a-4cb3-af19-e05806f663fb) {{(pid=168857) delete_revision /opt/stack/neutron/neutron/db/ovn_revision_numbers_db.py:112}}
Jan 26 19:02:51.094806 np0005596550.novalocal devstack@neutron-api.service[168856]: DEBUG neutron.plugins.ml2.drivers.ovn.mech_driver.ovsdb.ovsdb_monitor [None req-ae0898be-8436-417f-83c8-7999adc26629 None None] Hash Ring: Node 3681c1b703ad5d2eb71d7c705ded9136 (host: np0005596550.novalocal) handling event "update" for row 99d98edb-41ac-4c6c-9787-bd7b5a948b4d (table: Logical_Switch) {{(pid=168856) notify /opt/stack/neutron/neutron/plugins/ml2/drivers/ovn/mech_driver/ovsdb/ovsdb_monitor.py:893}}
Jan 26 19:02:51.096894 np0005596550.novalocal devstack@neutron-api.service[168857]: DEBUG neutron.plugins.ml2.drivers.ovn.mech_driver.ovsdb.ovsdb_monitor [None req-26c53539-a8f2-4728-b656-b8166b330660 None None] Hash Ring: Node 03cf93a88fcc51ae928fca43be3276de (host: np0005596550.novalocal) handling event "delete" for row 3220c837-c184-4615-a545-7cb743797c28 (table: Port_Binding) {{(pid=168857) notify /opt/stack/neutron/neutron/plugins/ml2/drivers/ovn/mech_driver/ovsdb/ovsdb_monitor.py:893}}
Jan 26 19:02:51.097277 np0005596550.novalocal devstack@neutron-api.service[168856]: DEBUG neutron.plugins.ml2.drivers.ovn.mech_driver.ovsdb.ovsdb_monitor [None req-ae0898be-8436-417f-83c8-7999adc26629 None None] Hash Ring: Node 3681c1b703ad5d2eb71d7c705ded9136 (host: np0005596550.novalocal) handling event "delete" for row 216776b4-49bf-492c-8164-7b502947e19e (table: Logical_Switch_Port) {{(pid=168856) notify /opt/stack/neutron/neutron/plugins/ml2/drivers/ovn/mech_driver/ovsdb/ovsdb_monitor.py:893}}
Jan 26 19:02:51.100778 np0005596550.novalocal devstack@neutron-api.service[168856]: DEBUG neutron.api.rpc.handlers.resources_rpc [req-b004c5e3-5f2c-42c1-a53d-a7b81607533c req-96e6d722-2df0-4800-9bf1-0e16b0a8d462 service nova] Pushing event updated for resources: {'Port': ['ID=7eafe7fe-1251-4542-8c0c-0d2bb26d3e1c,revision_number=4']} {{(pid=168856) push /opt/stack/neutron/neutron/api/rpc/handlers/resources_rpc.py:237}}
Jan 26 19:02:51.127892 np0005596550.novalocal devstack@neutron-api.service[168856]: DEBUG ovsdbapp.backend.ovs_idl.transaction [None req-ae0898be-8436-417f-83c8-7999adc26629 None None] Running txn n=1 command(idx=0): CheckRevisionNumberCommand(_result=None, name=7eafe7fe-1251-4542-8c0c-0d2bb26d3e1c, resource={'id': '7eafe7fe-1251-4542-8c0c-0d2bb26d3e1c', 'name': '', 'network_id': 'c29d0389-610f-4818-bdf8-0c24fb35fc34', 'tenant_id': '8428b9d1e48c42f690612bf1e012ec42', 'mac_address': 'fa:16:3e:5b:ff:6f', 'admin_state_up': True, 'status': 'DOWN', 'device_id': 'ca9a34ab-50c7-4278-b247-c7a7baeb5968', 'device_owner': 'compute:nova', 'standard_attr_id': 909, 'fixed_ips': [{'subnet_id': '3532dc2d-4455-4894-869b-e473ba227ecf', 'ip_address': '10.1.0.12'}], 'allowed_address_pairs': [], 'extra_dhcp_opts': [], 'security_groups': ['41b0b679-ec5a-4d7a-9822-1fc65c63fd23'], 'description': '', 'binding:vnic_type': 'normal', 'binding:profile': {}, 'binding:host_id': 'np0005596550.novalocal', 'binding:vif_type': 'ovs', 'binding:vif_details': {'port_filter': True, 'connectivity': 'l2', 'ovs_create_tap': False, 'bridge_name': 'br-int', 'datapath_type': 'system', 'bound_drivers': {'0': 'ovn'}}, 'port_security_enabled': True, 'tags': [], 'created_at': '2026-01-27T00:02:50Z', 'updated_at': '2026-01-27T00:02:51Z', 'revision_number': 4, 'project_id': '8428b9d1e48c42f690612bf1e012ec42', 'network': {'id': 'c29d0389-610f-4818-bdf8-0c24fb35fc34', 'name': 'tempest-ServerActionsTestOtherB-630226605-network', 'tenant_id': '8428b9d1e48c42f690612bf1e012ec42', 'project_id': '8428b9d1e48c42f690612bf1e012ec42', 'admin_state_up': True, 'mtu': 1372, 'status': 'ACTIVE', 'subnets': ['3532dc2d-4455-4894-869b-e473ba227ecf'], 'standard_attr_id': 868, 'shared': False, 'availability_zone_hints': [], 'availability_zones': [], 'ipv4_address_scope': None, 'ipv6_address_scope': None, 'router:external': False, 'qinq': False, 'vlan_transparent': False, 'description': '', 'port_security_enabled': True, 'tags': [], 'created_at': '2026-01-27T00:02:38Z', 'updated_at': '2026-01-27T00:02:39Z', 'revision_number': 2, 'provider:network_type': 'geneve', 'provider:physical_network': None, 'provider:segmentation_id': 28032}}, resource_type=ports, if_exists=True) {{(pid=168856) do_commit /usr/local/lib/python3.12/site-packages/ovsdbapp/backend/ovs_idl/transaction.py:89}}
Jan 26 19:02:51.128157 np0005596550.novalocal devstack@neutron-api.service[168856]: DEBUG ovsdbapp.backend.ovs_idl.transaction [None req-ae0898be-8436-417f-83c8-7999adc26629 None None] Running txn n=1 command(idx=1): SetLSwitchPortCommand(_result=None, lport=7eafe7fe-1251-4542-8c0c-0d2bb26d3e1c, external_ids_update=None, columns={'external_ids': {'neutron:port_name': '', 'neutron:device_id': 'ca9a34ab-50c7-4278-b247-c7a7baeb5968', 'neutron:project_id': '8428b9d1e48c42f690612bf1e012ec42', 'neutron:cidrs': '10.1.0.12/28', 'neutron:device_owner': 'compute:nova', 'neutron:subnet_pool_addr_scope4': '', 'neutron:subnet_pool_addr_scope6': '', 'neutron:network_name': 'neutron-c29d0389-610f-4818-bdf8-0c24fb35fc34', 'neutron:security_group_ids': '41b0b679-ec5a-4d7a-9822-1fc65c63fd23', 'neutron:revision_number': '4', 'neutron:vnic_type': 'normal', 'neutron:port_capabilities': '', 'neutron:mtu': ''}, 'parent_name': [], 'tag': [], 'options': {'requested-chassis': 'np0005596550.novalocal'}, 'enabled': True, 'port_security': ['fa:16:3e:5b:ff:6f 10.1.0.12'], 'dhcpv4_options': [UUID('f3e8453f-188f-4171-9379-360146bc9e0f')], 'dhcpv6_options': [], 'type': '', 'addresses': ['fa:16:3e:5b:ff:6f 10.1.0.12'], 'ha_chassis_group': []}, if_exists=False) {{(pid=168856) do_commit /usr/local/lib/python3.12/site-packages/ovsdbapp/backend/ovs_idl/transaction.py:89}}
Jan 26 19:02:51.128567 np0005596550.novalocal devstack@neutron-api.service[168856]: DEBUG ovsdbapp.backend.ovs_idl.transaction [None req-ae0898be-8436-417f-83c8-7999adc26629 None None] Running txn n=1 command(idx=2): PgAddPortCommand(_result=None, port_group=neutron_pg_drop, lsp=['7eafe7fe-1251-4542-8c0c-0d2bb26d3e1c'], if_exists=False) {{(pid=168856) do_commit /usr/local/lib/python3.12/site-packages/ovsdbapp/backend/ovs_idl/transaction.py:89}}
Jan 26 19:02:51.128904 np0005596550.novalocal devstack@neutron-api.service[168857]: DEBUG neutron_lib.callbacks.manager [None req-ba7e2b99-190d-432e-8c5c-d30e254a311b tempest-PortsIpV6TestJSON-1412164039 tempest-PortsIpV6TestJSON-1412164039-project-member] Publish callbacks ['neutron.plugins.ml2.plugin.Ml2Plugin._network_delete_precommit_handler-871214', 'neutron.services.segments.db._delete_segments_for_network-8733126662074'] for network (99d98edb-41ac-4c6c-9787-bd7b5a948b4d), precommit_delete {{(pid=168857) _notify_loop /usr/local/lib/python3.12/site-packages/neutron_lib/callbacks/manager.py:184}}
Jan 26 19:02:51.136233 np0005596550.novalocal devstack@neutron-api.service[168857]: DEBUG neutron.plugins.ml2.drivers.ovn.mech_driver.ovsdb.ovsdb_monitor [None req-54b84f90-1821-4afc-a27c-af7dc1151569 None None] Hash Ring: Node 03cf93a88fcc51ae928fca43be3276de (host: np0005596550.novalocal) handling event "update" for row bda54d0f-648f-4c01-a09a-b103a301b33a (table: Logical_Switch_Port) {{(pid=168857) notify /opt/stack/neutron/neutron/plugins/ml2/drivers/ovn/mech_driver/ovsdb/ovsdb_monitor.py:893}}
Jan 26 19:02:51.136784 np0005596550.novalocal devstack@neutron-api.service[168856]: DEBUG neutron.plugins.ml2.drivers.ovn.mech_driver.ovsdb.ovsdb_monitor [None req-c9ad1abf-0d4c-43d2-9b48-31f0e8f63445 None None] Hash Ring: Node 3681c1b703ad5d2eb71d7c705ded9136 (host: np0005596550.novalocal) handling event "update" for row 61a05234-cd4c-4ecb-a34c-0242df8ce661 (table: Port_Binding) {{(pid=168856) notify /opt/stack/neutron/neutron/plugins/ml2/drivers/ovn/mech_driver/ovsdb/ovsdb_monitor.py:893}}
Jan 26 19:02:51.140122 np0005596550.novalocal devstack@neutron-api.service[168857]: DEBUG neutron.services.segments.db [None req-ba7e2b99-190d-432e-8c5c-d30e254a311b tempest-PortsIpV6TestJSON-1412164039 tempest-PortsIpV6TestJSON-1412164039-project-member] neutron.services.segments.plugin.Plugin method get_segments called with arguments (,) {'filters': {'network_id': ['99d98edb-41ac-4c6c-9787-bd7b5a948b4d']}} {{(pid=168857) wrapper /usr/local/lib/python3.12/site-packages/oslo_log/helpers.py:77}}
Jan 26 19:02:51.144726 np0005596550.novalocal devstack@neutron-api.service[168857]: DEBUG neutron.services.segments.db [None req-ba7e2b99-190d-432e-8c5c-d30e254a311b tempest-PortsIpV6TestJSON-1412164039 tempest-PortsIpV6TestJSON-1412164039-project-member] neutron.services.segments.plugin.Plugin method delete_segment called with arguments (, 'e1f14c0c-cef1-46d7-abcf-f1699c208227') {'for_net_delete': True} {{(pid=168857) wrapper /usr/local/lib/python3.12/site-packages/oslo_log/helpers.py:77}}
Jan 26 19:02:51.144888 np0005596550.novalocal devstack@neutron-api.service[168857]: DEBUG neutron.services.segments.db [None req-ba7e2b99-190d-432e-8c5c-d30e254a311b tempest-PortsIpV6TestJSON-1412164039 tempest-PortsIpV6TestJSON-1412164039-project-member] neutron.services.segments.plugin.Plugin method get_segment called with arguments (, 'e1f14c0c-cef1-46d7-abcf-f1699c208227') {} {{(pid=168857) wrapper /usr/local/lib/python3.12/site-packages/oslo_log/helpers.py:77}}
Jan 26 19:02:51.148960 np0005596550.novalocal devstack@neutron-api.service[168857]: DEBUG neutron_lib.callbacks.manager [None req-ba7e2b99-190d-432e-8c5c-d30e254a311b tempest-PortsIpV6TestJSON-1412164039 tempest-PortsIpV6TestJSON-1412164039-project-member] Publish callbacks ['neutron.plugins.ml2.db._prevent_segment_delete_with_port_bound-8733126567136', 'neutron.services.segments.plugin.Plugin._prevent_segment_delete_with_subnet_associated-42243305'] for segment (e1f14c0c-cef1-46d7-abcf-f1699c208227), before_delete {{(pid=168857) _notify_loop /usr/local/lib/python3.12/site-packages/neutron_lib/callbacks/manager.py:184}}
Jan 26 19:02:51.157185 np0005596550.novalocal devstack@neutron-api.service[168857]: DEBUG neutron_lib.callbacks.manager [None req-ba7e2b99-190d-432e-8c5c-d30e254a311b tempest-PortsIpV6TestJSON-1412164039 tempest-PortsIpV6TestJSON-1412164039-project-member] Publish callbacks ['neutron.plugins.ml2.plugin.Ml2Plugin._handle_segment_change-870754'] for segment (e1f14c0c-cef1-46d7-abcf-f1699c208227), precommit_delete {{(pid=168857) _notify_loop /usr/local/lib/python3.12/site-packages/neutron_lib/callbacks/manager.py:184}}
Jan 26 19:02:51.164249 np0005596550.novalocal devstack@neutron-api.service[168857]: DEBUG neutron.plugins.ml2.drivers.type_tunnel [None req-ba7e2b99-190d-432e-8c5c-d30e254a311b tempest-PortsIpV6TestJSON-1412164039 tempest-PortsIpV6TestJSON-1412164039-project-member] Releasing geneve tunnel 5959 to pool {{(pid=168857) release_segment /opt/stack/neutron/neutron/plugins/ml2/drivers/type_tunnel.py:330}}
Jan 26 19:02:51.164479 np0005596550.novalocal devstack@neutron-api.service[168857]: DEBUG neutron_lib.callbacks.manager [None req-ba7e2b99-190d-432e-8c5c-d30e254a311b tempest-PortsIpV6TestJSON-1412164039 tempest-PortsIpV6TestJSON-1412164039-project-member] Publish callbacks ['neutron.plugins.ml2.plugin.Ml2Plugin._handle_segment_change-870754', 'neutron.plugins.ml2.drivers.ovn.mech_driver.mech_driver.OVNMechanismDriver.delete_segment_provnet_port-380741', 'neutron.services.segments.plugin.NovaSegmentNotifier._notify_segment_deleted-44129888'] for segment (e1f14c0c-cef1-46d7-abcf-f1699c208227), after_delete {{(pid=168857) _notify_loop /usr/local/lib/python3.12/site-packages/neutron_lib/callbacks/manager.py:184}}
Jan 26 19:02:51.165269 np0005596550.novalocal devstack@neutron-api.service[168856]: INFO neutron.db.ovn_revision_numbers_db [req-b004c5e3-5f2c-42c1-a53d-a7b81607533c req-96e6d722-2df0-4800-9bf1-0e16b0a8d462 service nova] Successfully bumped revision number for resource 7eafe7fe-1251-4542-8c0c-0d2bb26d3e1c (type: ports) to 4
Jan 26 19:02:51.175147 np0005596550.novalocal devstack@neutron-api.service[168856]: DEBUG neutron.pecan_wsgi.hooks.policy_enforcement [req-b004c5e3-5f2c-42c1-a53d-a7b81607533c req-96e6d722-2df0-4800-9bf1-0e16b0a8d462 service nova] Attributes excluded by policy engine: ['standard_attr_id'] {{(pid=168856) _exclude_attributes_by_policy /opt/stack/neutron/neutron/pecan_wsgi/hooks/policy_enforcement.py:258}}
Jan 26 19:02:51.175413 np0005596550.novalocal devstack@neutron-api.service[168856]: DEBUG neutron_lib.callbacks.manager [req-b004c5e3-5f2c-42c1-a53d-a7b81607533c req-96e6d722-2df0-4800-9bf1-0e16b0a8d462 service nova] Publish callbacks ['neutron.notifiers.nova.Notifier._send_nova_notification-477547'] for port (None), before_response {{(pid=168856) _notify_loop /usr/local/lib/python3.12/site-packages/neutron_lib/callbacks/manager.py:184}}
Jan 26 19:02:51.175931 np0005596550.novalocal devstack@neutron-api.service[168856]: DEBUG neutron.notifiers.nova [-] Sending events: [{'name': 'network-changed', 'server_uuid': 'ca9a34ab-50c7-4278-b247-c7a7baeb5968', 'tag': '7eafe7fe-1251-4542-8c0c-0d2bb26d3e1c'}] {{(pid=168856) send_events /opt/stack/neutron/neutron/notifiers/nova.py:278}}
Jan 26 19:02:51.177400 np0005596550.novalocal devstack@neutron-api.service[168856]: [pid: 168856|app: 0|req: 2601/5216] 38.102.83.18 () {78 vars in 1771 bytes} [Mon Jan 26 19:02:50 2026] PUT /networking/v2.0/ports/7eafe7fe-1251-4542-8c0c-0d2bb26d3e1c => generated 991 bytes in 423 msecs (HTTP/1.1 200) 4 headers in 157 bytes (1 switches on core 0)
Jan 26 19:02:51.180467 np0005596550.novalocal devstack@neutron-api.service[168856]: DEBUG novaclient.v2.client [-] REQ: curl -g -i --cacert "/opt/stack/data/ca-bundle.pem" -X POST https://38.102.83.18/compute/v2.1/os-server-external-events -H "Accept: application/json" -H "Content-Type: application/json" -H "User-Agent: python-novaclient" -H "X-Auth-Token: {SHA256}09f459b49d885c677eb5bc9b8e9a0ac953293f6ce84764940efb03864b81c9a4" -H "X-OpenStack-Nova-API-Version: 2.1" -H "X-OpenStack-Request-ID: req-dde41b02-b51d-4bef-8a81-00be4ebe477b" -d '{"events": [{"name": "network-changed", "server_uuid": "ca9a34ab-50c7-4278-b247-c7a7baeb5968", "tag": "7eafe7fe-1251-4542-8c0c-0d2bb26d3e1c"}]}' {{(pid=168856) _http_log_request /usr/local/lib/python3.12/site-packages/keystoneauth1/session.py:575}}
Jan 26 19:02:51.193640 np0005596550.novalocal devstack@neutron-api.service[168857]: INFO neutron.services.segments.plugin [-] Segment e1f14c0c-cef1-46d7-abcf-f1699c208227 resource provider aggregate not found
Jan 26 19:02:51.215688 np0005596550.novalocal devstack@neutron-api.service[168856]: DEBUG neutron.pecan_wsgi.hooks.policy_enforcement [req-b04190ce-87aa-42e2-83d9-45a45822ff29 req-cf7b69c7-effb-4241-9a84-c332945b6557 tempest-ServerActionsTestOtherB-1262198412 tempest-ServerActionsTestOtherB-1262198412-project-member] Attributes excluded by policy engine: ['standard_attr_id', 'binding:profile', 'binding:host_id', 'binding:vif_type', 'binding:vif_details'] {{(pid=168856) _exclude_attributes_by_policy /opt/stack/neutron/neutron/pecan_wsgi/hooks/policy_enforcement.py:258}}
Jan 26 19:02:51.216822 np0005596550.novalocal devstack@neutron-api.service[168856]: [pid: 168856|app: 0|req: 2602/5217] 38.102.83.18 () {74 vars in 1700 bytes} [Mon Jan 26 19:02:51 2026] GET /networking/v2.0/ports?device_id=ca9a34ab-50c7-4278-b247-c7a7baeb5968 => generated 743 bytes in 39 msecs (HTTP/1.1 200) 4 headers in 157 bytes (1 switches on core 0)
Jan 26 19:02:51.217158 np0005596550.novalocal devstack@neutron-api.service[168857]: INFO neutron.services.segments.plugin [-] Segment e1f14c0c-cef1-46d7-abcf-f1699c208227 resource provider not found; error: Placement Client Error (4xx): {"errors": [{"status": 404, "title": "Not Found", "detail": "The resource could not be found.\n\n No resource provider with uuid e1f14c0c-cef1-46d7-abcf-f1699c208227 found for delete ", "request_id": "req-b8dda0f5-3920-41a1-858a-3b95922279e0"}]}
Jan 26 19:02:51.245909 np0005596550.novalocal devstack@neutron-api.service[168856]: DEBUG neutron.api.wsgi [req-b04190ce-87aa-42e2-83d9-45a45822ff29 req-748161e4-1b36-4b27-9e49-a04a368dd3a8 tempest-ServerActionsTestOtherB-1262198412 tempest-ServerActionsTestOtherB-1262198412-project-member] Missing Content-Type {{(pid=168856) get_content_type /opt/stack/neutron/neutron/api/wsgi.py:85}}
Jan 26 19:02:51.247617 np0005596550.novalocal devstack@neutron-api.service[168857]: DEBUG neutron_lib.callbacks.manager [None req-ba7e2b99-190d-432e-8c5c-d30e254a311b tempest-PortsIpV6TestJSON-1412164039 tempest-PortsIpV6TestJSON-1412164039-project-member] Publish callbacks ['neutron.plugins.ml2.plugin.Ml2Plugin._network_delete_after_delete_handler-871220', 'neutron.plugins.ml2.ovo_rpc._ObjectChangeHandler.handle_event-3198321'] for network (99d98edb-41ac-4c6c-9787-bd7b5a948b4d), after_delete {{(pid=168857) _notify_loop /usr/local/lib/python3.12/site-packages/neutron_lib/callbacks/manager.py:184}}
Jan 26 19:02:51.247902 np0005596550.novalocal devstack@neutron-api.service[168857]: DEBUG ovsdbapp.backend.ovs_idl.transaction [None req-54b84f90-1821-4afc-a27c-af7dc1151569 None None] Running txn n=1 command(idx=0): DelLogicalSwitchCommand(_result=None, ls_name=neutron-99d98edb-41ac-4c6c-9787-bd7b5a948b4d, if_exists=True) {{(pid=168857) do_commit /usr/local/lib/python3.12/site-packages/ovsdbapp/backend/ovs_idl/transaction.py:89}}
Jan 26 19:02:51.251584 np0005596550.novalocal devstack@neutron-api.service[168856]: DEBUG neutron.plugins.ml2.drivers.ovn.mech_driver.ovsdb.ovsdb_monitor [None req-ae0898be-8436-417f-83c8-7999adc26629 None None] Hash Ring: Node 3681c1b703ad5d2eb71d7c705ded9136 (host: np0005596550.novalocal) handling event "delete" for row 99d98edb-41ac-4c6c-9787-bd7b5a948b4d (table: Logical_Switch) {{(pid=168856) notify /opt/stack/neutron/neutron/plugins/ml2/drivers/ovn/mech_driver/ovsdb/ovsdb_monitor.py:893}}
Jan 26 19:02:51.251635 np0005596550.novalocal devstack@neutron-api.service[168857]: DEBUG neutron.db.ovn_revision_numbers_db [None req-ba7e2b99-190d-432e-8c5c-d30e254a311b tempest-PortsIpV6TestJSON-1412164039 tempest-PortsIpV6TestJSON-1412164039-project-member] delete_revision(99d98edb-41ac-4c6c-9787-bd7b5a948b4d) {{(pid=168857) delete_revision /opt/stack/neutron/neutron/db/ovn_revision_numbers_db.py:112}}
Jan 26 19:02:51.258395 np0005596550.novalocal devstack@neutron-api.service[168856]: DEBUG neutron.plugins.ml2.drivers.ovn.mech_driver.ovsdb.ovsdb_monitor [None req-c9ad1abf-0d4c-43d2-9b48-31f0e8f63445 None None] Hash Ring: Node 3681c1b703ad5d2eb71d7c705ded9136 (host: np0005596550.novalocal) handling event "delete" for row 36790b63-488f-401d-abe1-25b2463f431f (table: Datapath_Binding) {{(pid=168856) notify /opt/stack/neutron/neutron/plugins/ml2/drivers/ovn/mech_driver/ovsdb/ovsdb_monitor.py:893}}
Jan 26 19:02:51.280695 np0005596550.novalocal devstack@neutron-api.service[168857]: DEBUG neutron.api.rpc.handlers.resources_rpc [None req-ba7e2b99-190d-432e-8c5c-d30e254a311b tempest-PortsIpV6TestJSON-1412164039 tempest-PortsIpV6TestJSON-1412164039-project-member] Pushing event deleted for resources: {'Network': ['ID=99d98edb-41ac-4c6c-9787-bd7b5a948b4d,revision_number=None']} {{(pid=168857) push /opt/stack/neutron/neutron/api/rpc/handlers/resources_rpc.py:237}}
Jan 26 19:02:51.283026 np0005596550.novalocal devstack@neutron-api.service[168857]: DEBUG neutron_lib.callbacks.manager [None req-ba7e2b99-190d-432e-8c5c-d30e254a311b tempest-PortsIpV6TestJSON-1412164039 tempest-PortsIpV6TestJSON-1412164039-project-member] Publish callbacks [] for network (None), before_response {{(pid=168857) _notify_loop /usr/local/lib/python3.12/site-packages/neutron_lib/callbacks/manager.py:184}}
Jan 26 19:02:51.284550 np0005596550.novalocal devstack@neutron-api.service[168857]: [pid: 168857|app: 0|req: 2616/5218] 38.102.83.18 () {72 vars in 1481 bytes} [Mon Jan 26 19:02:50 2026] DELETE /networking/v2.0/networks/99d98edb-41ac-4c6c-9787-bd7b5a948b4d => generated 0 bytes in 336 msecs (HTTP/1.1 204) 3 headers in 131 bytes (1 switches on core 0)
Jan 26 19:02:51.286413 np0005596550.novalocal devstack@neutron-api.service[168856]: [pid: 168856|app: 0|req: 2603/5219] 38.102.83.18 () {74 vars in 1760 bytes} [Mon Jan 26 19:02:51 2026] GET /networking/v2.0/security-groups?id=41b0b679-ec5a-4d7a-9822-1fc65c63fd23&fields=id&fields=name => generated 113 bytes in 42 msecs (HTTP/1.1 200) 4 headers in 157 bytes (1 switches on core 0)
Jan 26 19:02:51.304944 np0005596550.novalocal devstack@neutron-api.service[168856]: DEBUG neutron.api.v2.base [None req-2189a8fa-e95d-461c-a7f1-8e2a00833b00 tempest-PortsIpV6TestJSON-1412164039 tempest-PortsIpV6TestJSON-1412164039-project-member] Request body: {'network': {'name': 'tempest-PortsIpV6TestJSON-1912844503'}} {{(pid=168856) prepare_request_body /opt/stack/neutron/neutron/api/v2/base.py:729}}
Jan 26 19:02:51.326869 np0005596550.novalocal devstack@neutron-api.service[168856]: DEBUG novaclient.v2.client [-] RESP: [200] Connection: close Content-Length: 179 Content-Type: application/json Date: Tue, 27 Jan 2026 00:02:51 GMT OpenStack-API-Version: compute 2.1 Server: Apache/2.4.63 (CentOS Stream) OpenSSL/3.5.1 mod_wsgi/5.0.0 Python/3.12 Vary: OpenStack-API-Version,X-OpenStack-Nova-API-Version X-OpenStack-Nova-API-Version: 2.1 x-compute-request-id: req-b279091f-e933-4e0c-b7b2-97b43214932f x-openstack-request-id: req-b279091f-e933-4e0c-b7b2-97b43214932f {{(pid=168856) _http_log_response /usr/local/lib/python3.12/site-packages/keystoneauth1/session.py:616}}
Jan 26 19:02:51.326869 np0005596550.novalocal devstack@neutron-api.service[168856]: DEBUG novaclient.v2.client [-] RESP BODY: {"events": [{"name": "network-changed", "server_uuid": "ca9a34ab-50c7-4278-b247-c7a7baeb5968", "tag": "7eafe7fe-1251-4542-8c0c-0d2bb26d3e1c", "status": "completed", "code": 200}]} {{(pid=168856) _http_log_response /usr/local/lib/python3.12/site-packages/keystoneauth1/session.py:651}}
Jan 26 19:02:51.326869 np0005596550.novalocal devstack@neutron-api.service[168856]: DEBUG novaclient.v2.client [-] POST call to compute for https://38.102.83.18/compute/v2.1/os-server-external-events used request id req-b279091f-e933-4e0c-b7b2-97b43214932f {{(pid=168856) request /usr/local/lib/python3.12/site-packages/keystoneauth1/session.py:1076}}
Jan 26 19:02:51.326869 np0005596550.novalocal devstack@neutron-api.service[168856]: INFO neutron.notifiers.nova [-] Nova event matching ['req-b279091f-e933-4e0c-b7b2-97b43214932f'] response: {'name': 'network-changed', 'server_uuid': 'ca9a34ab-50c7-4278-b247-c7a7baeb5968', 'tag': '7eafe7fe-1251-4542-8c0c-0d2bb26d3e1c', 'status': 'completed', 'code': 200}
Jan 26 19:02:51.333720 np0005596550.novalocal devstack@neutron-api.service[168856]: DEBUG neutron.pecan_wsgi.hooks.quota_enforcement [None req-2189a8fa-e95d-461c-a7f1-8e2a00833b00 tempest-PortsIpV6TestJSON-1412164039 tempest-PortsIpV6TestJSON-1412164039-project-member] Made reservation on behalf of f3c08ead5be24f17ad01bf1093530a29 for: {'network': 1} {{(pid=168856) before /opt/stack/neutron/neutron/pecan_wsgi/hooks/quota_enforcement.py:66}}
Jan 26 19:02:51.336042 np0005596550.novalocal devstack@neutron-api.service[168856]: DEBUG neutron_lib.callbacks.manager [None req-2189a8fa-e95d-461c-a7f1-8e2a00833b00 tempest-PortsIpV6TestJSON-1412164039 tempest-PortsIpV6TestJSON-1412164039-project-member] Publish callbacks ['neutron.plugins.ml2.plugin.SecurityGroupDbMixin._ensure_default_security_group_handler-27312'] for network (None), before_create {{(pid=168856) _notify_loop /usr/local/lib/python3.12/site-packages/neutron_lib/callbacks/manager.py:184}}
Jan 26 19:02:51.364649 np0005596550.novalocal devstack@neutron-api.service[168857]: DEBUG neutron.pecan_wsgi.hooks.policy_enforcement [req-db54fcf6-dcea-4bfe-9181-7ceca32b3733 req-e0ddbe3e-58c2-45f0-bd82-2b153d9b02e7 tempest-ServerActionsTestJSON-960489083 tempest-ServerActionsTestJSON-960489083-project-member] Attributes excluded by policy engine: ['standard_attr_id', 'binding:profile', 'binding:host_id', 'binding:vif_type', 'binding:vif_details'] {{(pid=168857) _exclude_attributes_by_policy /opt/stack/neutron/neutron/pecan_wsgi/hooks/policy_enforcement.py:258}}
Jan 26 19:02:51.365343 np0005596550.novalocal devstack@neutron-api.service[168857]: [pid: 168857|app: 0|req: 2617/5220] 38.102.83.18 () {74 vars in 1700 bytes} [Mon Jan 26 19:02:51 2026] GET /networking/v2.0/ports?device_id=7c928a35-c5a7-45e1-9e9b-9ea987610ad5 => generated 744 bytes in 80 msecs (HTTP/1.1 200) 4 headers in 157 bytes (1 switches on core 0)
Jan 26 19:02:51.387131 np0005596550.novalocal devstack@neutron-api.service[168857]: DEBUG neutron.api.wsgi [req-db54fcf6-dcea-4bfe-9181-7ceca32b3733 req-071b886d-acaa-48ac-b407-f388b34ac701 tempest-ServerActionsTestJSON-960489083 tempest-ServerActionsTestJSON-960489083-project-member] Missing Content-Type {{(pid=168857) get_content_type /opt/stack/neutron/neutron/api/wsgi.py:85}}
Jan 26 19:02:51.408958 np0005596550.novalocal devstack@neutron-api.service[168857]: [pid: 168857|app: 0|req: 2618/5221] 38.102.83.18 () {74 vars in 1760 bytes} [Mon Jan 26 19:02:51 2026] GET /networking/v2.0/security-groups?id=0a16dabb-a48e-4fa0-ab96-d461a8599abd&fields=id&fields=name => generated 114 bytes in 24 msecs (HTTP/1.1 200) 4 headers in 157 bytes (1 switches on core 0)
Jan 26 19:02:51.444577 np0005596550.novalocal devstack@neutron-api.service[168856]: DEBUG neutron.plugins.ml2.drivers.helpers [None req-2189a8fa-e95d-461c-a7f1-8e2a00833b00 tempest-PortsIpV6TestJSON-1412164039 tempest-PortsIpV6TestJSON-1412164039-project-member] geneve segment allocate from pool success with {'geneve_vni': 42539} {{(pid=168856) allocate_partially_specified_segment /opt/stack/neutron/neutron/plugins/ml2/drivers/helpers.py:142}}
Jan 26 19:02:51.462430 np0005596550.novalocal devstack@neutron-api.service[168856]: DEBUG neutron_lib.callbacks.manager [None req-2189a8fa-e95d-461c-a7f1-8e2a00833b00 tempest-PortsIpV6TestJSON-1412164039 tempest-PortsIpV6TestJSON-1412164039-project-member] Publish callbacks ['neutron.plugins.ml2.plugin.Ml2Plugin._handle_segment_change-888868'] for segment (26d9a6d4-557f-4109-946b-8bb6d0382ff2), precommit_create {{(pid=168856) _notify_loop /usr/local/lib/python3.12/site-packages/neutron_lib/callbacks/manager.py:184}}
Jan 26 19:02:51.462594 np0005596550.novalocal devstack@neutron-api.service[168856]: INFO neutron.db.segments_db [None req-2189a8fa-e95d-461c-a7f1-8e2a00833b00 tempest-PortsIpV6TestJSON-1412164039 tempest-PortsIpV6TestJSON-1412164039-project-member] Added segment 26d9a6d4-557f-4109-946b-8bb6d0382ff2 of type geneve for network 2ee71674-3d15-4d67-a675-227e6a4e099e
Jan 26 19:02:51.492587 np0005596550.novalocal devstack@neutron-api.service[168856]: DEBUG neutron_lib.callbacks.manager [None req-2189a8fa-e95d-461c-a7f1-8e2a00833b00 tempest-PortsIpV6TestJSON-1412164039 tempest-PortsIpV6TestJSON-1412164039-project-member] Publish callbacks ['neutron.services.auto_allocate.db._ensure_external_network_default_value_callback-8733125300398'] for network (2ee71674-3d15-4d67-a675-227e6a4e099e), precommit_create {{(pid=168856) _notify_loop /usr/local/lib/python3.12/site-packages/neutron_lib/callbacks/manager.py:184}}
Jan 26 19:02:51.505613 np0005596550.novalocal devstack@neutron-api.service[168856]: DEBUG neutron.plugins.ml2.drivers.ovn.mech_driver.mech_driver [None req-2189a8fa-e95d-461c-a7f1-8e2a00833b00 tempest-PortsIpV6TestJSON-1412164039 tempest-PortsIpV6TestJSON-1412164039-project-member] Validating network segment with type geneve, segmentation ID 42539, physical network None {{(pid=168856) _validate_network_segments /opt/stack/neutron/neutron/plugins/ml2/drivers/ovn/mech_driver/mech_driver.py:630}}
Jan 26 19:02:51.505760 np0005596550.novalocal devstack@neutron-api.service[168856]: DEBUG neutron.db.ovn_revision_numbers_db [None req-2189a8fa-e95d-461c-a7f1-8e2a00833b00 tempest-PortsIpV6TestJSON-1412164039 tempest-PortsIpV6TestJSON-1412164039-project-member] create_initial_revision uuid=2ee71674-3d15-4d67-a675-227e6a4e099e, type=networks, rev=-1 {{(pid=168856) create_initial_revision /opt/stack/neutron/neutron/db/ovn_revision_numbers_db.py:98}}
Jan 26 19:02:51.528821 np0005596550.novalocal devstack@neutron-api.service[168856]: DEBUG neutron_lib.callbacks.manager [None req-2189a8fa-e95d-461c-a7f1-8e2a00833b00 tempest-PortsIpV6TestJSON-1412164039 tempest-PortsIpV6TestJSON-1412164039-project-member] Publish callbacks ['neutron.plugins.ml2.ovo_rpc._ObjectChangeHandler.handle_event-2252659'] for network (2ee71674-3d15-4d67-a675-227e6a4e099e), after_create {{(pid=168856) _notify_loop /usr/local/lib/python3.12/site-packages/neutron_lib/callbacks/manager.py:184}}
Jan 26 19:02:51.531090 np0005596550.novalocal devstack@neutron-api.service[168857]: DEBUG neutron.pecan_wsgi.hooks.policy_enforcement [req-8385ca74-9254-4643-8de3-1698901afe0e req-66761501-e50b-4903-a4c2-73f7e29b0b5d tempest-ServerActionsTestJSON-960489083 tempest-ServerActionsTestJSON-960489083-project-member] Attributes excluded by policy engine: ['standard_attr_id', 'binding:profile', 'binding:host_id', 'binding:vif_type', 'binding:vif_details'] {{(pid=168857) _exclude_attributes_by_policy /opt/stack/neutron/neutron/pecan_wsgi/hooks/policy_enforcement.py:258}}
Jan 26 19:02:51.532233 np0005596550.novalocal devstack@neutron-api.service[168857]: [pid: 168857|app: 0|req: 2619/5222] 38.102.83.18 () {74 vars in 1700 bytes} [Mon Jan 26 19:02:51 2026] GET /networking/v2.0/ports?device_id=7c928a35-c5a7-45e1-9e9b-9ea987610ad5 => generated 744 bytes in 48 msecs (HTTP/1.1 200) 4 headers in 157 bytes (1 switches on core 0)
Jan 26 19:02:51.546573 np0005596550.novalocal devstack@neutron-api.service[168856]: DEBUG neutron.api.rpc.handlers.resources_rpc [None req-2189a8fa-e95d-461c-a7f1-8e2a00833b00 tempest-PortsIpV6TestJSON-1412164039 tempest-PortsIpV6TestJSON-1412164039-project-member] Pushing event updated for resources: {'Network': ['ID=2ee71674-3d15-4d67-a675-227e6a4e099e,revision_number=1']} {{(pid=168856) push /opt/stack/neutron/neutron/api/rpc/handlers/resources_rpc.py:237}}
Jan 26 19:02:51.551566 np0005596550.novalocal devstack@neutron-api.service[168857]: DEBUG neutron.api.v2.base [None req-1e1d3e0e-23c5-49ca-af79-36d0f7ecabf1 tempest-ServerActionsTestJSON-960489083 tempest-ServerActionsTestJSON-960489083-project-member] Request body: {'floatingip': {'port_id': '945f0f2b-c317-4b7c-b9fa-08e7c8d1cc97'}} {{(pid=168857) prepare_request_body /opt/stack/neutron/neutron/api/v2/base.py:729}}
Jan 26 19:02:51.558341 np0005596550.novalocal devstack@neutron-api.service[168856]: DEBUG ovsdbapp.backend.ovs_idl.transaction [None req-ae0898be-8436-417f-83c8-7999adc26629 None None] Running txn n=1 command(idx=0): AddNetworkCommand(_result=None, network_uuid=2ee71674-3d15-4d67-a675-227e6a4e099e, may_exist=True, columns={'external_ids': {'neutron:network_name': 'tempest-PortsIpV6TestJSON-1912844503', 'neutron:mtu': '1372', 'neutron:revision_number': '1', 'neutron:availability_zone_hints': '', 'neutron:provnet-network-type': 'geneve'}, 'other_config': {'mcast_snoop': 'false', 'mcast_flood_unregistered': 'false', 'vlan-passthru': 'false'}}) {{(pid=168856) do_commit /usr/local/lib/python3.12/site-packages/ovsdbapp/backend/ovs_idl/transaction.py:89}}
Jan 26 19:02:51.575681 np0005596550.novalocal devstack@neutron-api.service[168857]: DEBUG neutron.plugins.ml2.drivers.ovn.mech_driver.ovsdb.ovsdb_monitor [None req-54b84f90-1821-4afc-a27c-af7dc1151569 None None] Hash Ring: Node 03cf93a88fcc51ae928fca43be3276de (host: np0005596550.novalocal) handling event "create" for row 2ee71674-3d15-4d67-a675-227e6a4e099e (table: Logical_Switch) {{(pid=168857) notify /opt/stack/neutron/neutron/plugins/ml2/drivers/ovn/mech_driver/ovsdb/ovsdb_monitor.py:893}}
Jan 26 19:02:51.575861 np0005596550.novalocal devstack@neutron-api.service[168856]: DEBUG neutron.plugins.ml2.drivers.ovn.mech_driver.ovsdb.ovsdb_monitor [None req-c9ad1abf-0d4c-43d2-9b48-31f0e8f63445 None None] Hash Ring: Node 3681c1b703ad5d2eb71d7c705ded9136 (host: np0005596550.novalocal) handling event "create" for row 5ddb7dd5-1b27-4aef-b04c-acbefdb3887f (table: Datapath_Binding) {{(pid=168856) notify /opt/stack/neutron/neutron/plugins/ml2/drivers/ovn/mech_driver/ovsdb/ovsdb_monitor.py:893}}
Jan 26 19:02:51.579796 np0005596550.novalocal devstack@neutron-api.service[168857]: DEBUG neutron_lib.callbacks.manager [None req-1e1d3e0e-23c5-49ca-af79-36d0f7ecabf1 tempest-ServerActionsTestJSON-960489083 tempest-ServerActionsTestJSON-960489083-project-member] Publish callbacks [] for floatingip (2820cf67-06f5-4717-bf3a-fb3c5c55b695), before_update {{(pid=168857) _notify_loop /usr/local/lib/python3.12/site-packages/neutron_lib/callbacks/manager.py:184}}
Jan 26 19:02:51.585496 np0005596550.novalocal devstack@neutron-api.service[168856]: INFO neutron.db.ovn_revision_numbers_db [None req-2189a8fa-e95d-461c-a7f1-8e2a00833b00 tempest-PortsIpV6TestJSON-1412164039 tempest-PortsIpV6TestJSON-1412164039-project-member] Successfully bumped revision number for resource 2ee71674-3d15-4d67-a675-227e6a4e099e (type: networks) to 1
