Jan 26 19:15:08.226237 np0005596550.novalocal cinder-volume[196635]: DEBUG oslo_concurrency.lockutils [req-f684ba6e-14bd-4244-addc-050d0c268861 req-a2013a4f-d2d2-4c15-8bca-125e1cb54cf2 tempest-VolumesBackupsTest-97611117 None] Acquiring lock "lioadm" by "cinder.volume.targets.lio.LioAdm._execute" {{(pid=196635) inner /usr/local/lib/python3.12/site-packages/oslo_concurrency/lockutils.py:405}}
Jan 26 19:15:08.226891 np0005596550.novalocal cinder-volume[196635]: DEBUG oslo_concurrency.lockutils [req-f684ba6e-14bd-4244-addc-050d0c268861 req-a2013a4f-d2d2-4c15-8bca-125e1cb54cf2 tempest-VolumesBackupsTest-97611117 None] Lock "lioadm" acquired by "cinder.volume.targets.lio.LioAdm._execute" :: waited 0.001s {{(pid=196635) inner /usr/local/lib/python3.12/site-packages/oslo_concurrency/lockutils.py:410}}
Jan 26 19:15:08.227745 np0005596550.novalocal cinder-volume[196635]: DEBUG oslo_concurrency.processutils [req-f684ba6e-14bd-4244-addc-050d0c268861 req-a2013a4f-d2d2-4c15-8bca-125e1cb54cf2 tempest-VolumesBackupsTest-97611117 None] Running cmd (subprocess): sudo cinder-rootwrap /etc/cinder/rootwrap.conf cinder-rtstool save {{(pid=196635) execute /usr/local/lib/python3.12/site-packages/oslo_concurrency/processutils.py:349}}
Jan 26 19:15:08.248084 np0005596550.novalocal sudo[232486]: stack : PWD=/ ; USER=root ; COMMAND=/usr/local/bin/cinder-rootwrap /etc/cinder/rootwrap.conf cinder-rtstool save
Jan 26 19:15:08.801282 np0005596550.novalocal cinder-volume[196635]: DEBUG oslo_concurrency.processutils [req-f684ba6e-14bd-4244-addc-050d0c268861 req-a2013a4f-d2d2-4c15-8bca-125e1cb54cf2 tempest-VolumesBackupsTest-97611117 None] CMD "sudo cinder-rootwrap /etc/cinder/rootwrap.conf cinder-rtstool save" returned: 0 in 0.574s {{(pid=196635) execute /usr/local/lib/python3.12/site-packages/oslo_concurrency/processutils.py:372}}
Jan 26 19:15:08.801584 np0005596550.novalocal cinder-volume[196635]: DEBUG oslo_concurrency.lockutils [req-f684ba6e-14bd-4244-addc-050d0c268861 req-a2013a4f-d2d2-4c15-8bca-125e1cb54cf2 tempest-VolumesBackupsTest-97611117 None] Lock "lioadm" "released" by "cinder.volume.targets.lio.LioAdm._execute" :: held 0.575s {{(pid=196635) inner /usr/local/lib/python3.12/site-packages/oslo_concurrency/lockutils.py:424}}
Jan 26 19:15:08.802851 np0005596550.novalocal cinder-volume[196635]: DEBUG cinder.volume.targets.iscsi [req-f684ba6e-14bd-4244-addc-050d0c268861 req-a2013a4f-d2d2-4c15-8bca-125e1cb54cf2 tempest-VolumesBackupsTest-97611117 None] Set provider_location to: 38.102.83.18:3260,iqn.2010-10.org.openstack:volume-d438bc89-fce8-47ba-bf8f-fd79987670fc iqn.2010-10.org.openstack:volume-d438bc89-fce8-47ba-bf8f-fd79987670fc 0 {{(pid=196635) create_export /opt/stack/cinder/cinder/volume/targets/iscsi.py:205}}
Jan 26 19:15:08.815795 np0005596550.novalocal cinder-volume[196635]: DEBUG oslo_concurrency.lockutils [req-f684ba6e-14bd-4244-addc-050d0c268861 req-a2013a4f-d2d2-4c15-8bca-125e1cb54cf2 tempest-VolumesBackupsTest-97611117 None] Acquiring lock "lioadm" by "cinder.volume.targets.lio.LioAdm._execute" {{(pid=196635) inner /usr/local/lib/python3.12/site-packages/oslo_concurrency/lockutils.py:405}}
Jan 26 19:15:08.816890 np0005596550.novalocal cinder-volume[196635]: DEBUG oslo_concurrency.lockutils [req-f684ba6e-14bd-4244-addc-050d0c268861 req-a2013a4f-d2d2-4c15-8bca-125e1cb54cf2 tempest-VolumesBackupsTest-97611117 None] Lock "lioadm" acquired by "cinder.volume.targets.lio.LioAdm._execute" :: waited 0.002s {{(pid=196635) inner /usr/local/lib/python3.12/site-packages/oslo_concurrency/lockutils.py:410}}
Jan 26 19:15:08.817413 np0005596550.novalocal cinder-volume[196635]: DEBUG oslo_concurrency.processutils [req-f684ba6e-14bd-4244-addc-050d0c268861 req-a2013a4f-d2d2-4c15-8bca-125e1cb54cf2 tempest-VolumesBackupsTest-97611117 None] Running cmd (subprocess): sudo cinder-rootwrap /etc/cinder/rootwrap.conf cinder-rtstool add-initiator iqn.2010-10.org.openstack:volume-d438bc89-fce8-47ba-bf8f-fd79987670fc MZ4Dn2rVMJZW8cBoWJ6w rExAB8c8ALuAJv9D iqn.1994-05.com.redhat:cea4a155eb24 {{(pid=196635) execute /usr/local/lib/python3.12/site-packages/oslo_concurrency/processutils.py:349}}
Jan 26 19:15:08.840366 np0005596550.novalocal sudo[232493]: stack : PWD=/ ; USER=root ; COMMAND=/usr/local/bin/cinder-rootwrap /etc/cinder/rootwrap.conf cinder-rtstool add-initiator iqn.2010-10.org.openstack:volume-d438bc89-fce8-47ba-bf8f-fd79987670fc MZ4Dn2rVMJZW8cBoWJ6w rExAB8c8ALuAJv9D iqn.1994-05.com.redhat:cea4a155eb24
Jan 26 19:15:09.392100 np0005596550.novalocal cinder-volume[196635]: DEBUG oslo_concurrency.processutils [req-f684ba6e-14bd-4244-addc-050d0c268861 req-a2013a4f-d2d2-4c15-8bca-125e1cb54cf2 tempest-VolumesBackupsTest-97611117 None] CMD "sudo cinder-rootwrap /etc/cinder/rootwrap.conf cinder-rtstool add-initiator iqn.2010-10.org.openstack:volume-d438bc89-fce8-47ba-bf8f-fd79987670fc MZ4Dn2rVMJZW8cBoWJ6w rExAB8c8ALuAJv9D iqn.1994-05.com.redhat:cea4a155eb24" returned: 0 in 0.575s {{(pid=196635) execute /usr/local/lib/python3.12/site-packages/oslo_concurrency/processutils.py:372}}
Jan 26 19:15:09.392418 np0005596550.novalocal cinder-volume[196635]: DEBUG oslo_concurrency.lockutils [req-f684ba6e-14bd-4244-addc-050d0c268861 req-a2013a4f-d2d2-4c15-8bca-125e1cb54cf2 tempest-VolumesBackupsTest-97611117 None] Lock "lioadm" "released" by "cinder.volume.targets.lio.LioAdm._execute" :: held 0.576s {{(pid=196635) inner /usr/local/lib/python3.12/site-packages/oslo_concurrency/lockutils.py:424}}
Jan 26 19:15:09.392587 np0005596550.novalocal cinder-volume[196635]: DEBUG oslo_concurrency.lockutils [req-f684ba6e-14bd-4244-addc-050d0c268861 req-a2013a4f-d2d2-4c15-8bca-125e1cb54cf2 tempest-VolumesBackupsTest-97611117 None] Acquiring lock "lioadm" by "cinder.volume.targets.lio.LioAdm._execute" {{(pid=196635) inner /usr/local/lib/python3.12/site-packages/oslo_concurrency/lockutils.py:405}}
Jan 26 19:15:09.394177 np0005596550.novalocal cinder-volume[196635]: DEBUG oslo_concurrency.lockutils [req-f684ba6e-14bd-4244-addc-050d0c268861 req-a2013a4f-d2d2-4c15-8bca-125e1cb54cf2 tempest-VolumesBackupsTest-97611117 None] Lock "lioadm" acquired by "cinder.volume.targets.lio.LioAdm._execute" :: waited 0.000s {{(pid=196635) inner /usr/local/lib/python3.12/site-packages/oslo_concurrency/lockutils.py:410}}
Jan 26 19:15:09.394623 np0005596550.novalocal cinder-volume[196635]: DEBUG oslo_concurrency.processutils [req-f684ba6e-14bd-4244-addc-050d0c268861 req-a2013a4f-d2d2-4c15-8bca-125e1cb54cf2 tempest-VolumesBackupsTest-97611117 None] Running cmd (subprocess): sudo cinder-rootwrap /etc/cinder/rootwrap.conf cinder-rtstool save {{(pid=196635) execute /usr/local/lib/python3.12/site-packages/oslo_concurrency/processutils.py:349}}
Jan 26 19:15:09.413328 np0005596550.novalocal sudo[232540]: stack : PWD=/ ; USER=root ; COMMAND=/usr/local/bin/cinder-rootwrap /etc/cinder/rootwrap.conf cinder-rtstool save
Jan 26 19:15:09.985244 np0005596550.novalocal cinder-volume[196635]: DEBUG oslo_concurrency.processutils [req-f684ba6e-14bd-4244-addc-050d0c268861 req-a2013a4f-d2d2-4c15-8bca-125e1cb54cf2 tempest-VolumesBackupsTest-97611117 None] CMD "sudo cinder-rootwrap /etc/cinder/rootwrap.conf cinder-rtstool save" returned: 0 in 0.590s {{(pid=196635) execute /usr/local/lib/python3.12/site-packages/oslo_concurrency/processutils.py:372}}
Jan 26 19:15:09.985580 np0005596550.novalocal cinder-volume[196635]: DEBUG oslo_concurrency.lockutils [req-f684ba6e-14bd-4244-addc-050d0c268861 req-a2013a4f-d2d2-4c15-8bca-125e1cb54cf2 tempest-VolumesBackupsTest-97611117 None] Lock "lioadm" "released" by "cinder.volume.targets.lio.LioAdm._execute" :: held 0.593s {{(pid=196635) inner /usr/local/lib/python3.12/site-packages/oslo_concurrency/lockutils.py:424}}
Jan 26 19:15:10.056238 np0005596550.novalocal cinder-volume[196635]: DEBUG cinder.volume.manager [req-f684ba6e-14bd-4244-addc-050d0c268861 req-a2013a4f-d2d2-4c15-8bca-125e1cb54cf2 tempest-VolumesBackupsTest-97611117 None] Connection info returned from driver {'target_discovered': False, 'target_portal': '38.102.83.18:3260', 'target_iqn': 'iqn.2010-10.org.openstack:volume-d438bc89-fce8-47ba-bf8f-fd79987670fc', 'target_lun': 0, 'volume_id': 'd438bc89-fce8-47ba-bf8f-fd79987670fc', 'auth_method': 'CHAP', 'auth_username': 'MZ4Dn2rVMJZW8cBoWJ6w', 'auth_password': '***', 'encrypted': False, 'qos_specs': None, 'access_mode': 'rw', 'cacheable': False, 'driver_volume_type': 'iscsi', 'attachment_id': '59fdad93-8cf6-473e-bf5c-7f2eb74495b7', 'enforce_multipath': True} {{(pid=196635) _connection_create /opt/stack/cinder/cinder/volume/manager.py:4893}}
Jan 26 19:15:10.094120 np0005596550.novalocal cinder-volume[196635]: INFO cinder.volume.manager [req-f684ba6e-14bd-4244-addc-050d0c268861 req-a2013a4f-d2d2-4c15-8bca-125e1cb54cf2 tempest-VolumesBackupsTest-97611117 None] attachment_update completed successfully.
Jan 26 19:15:16.583124 np0005596550.novalocal cinder-volume[196635]: DEBUG cinder.volume.driver [None req-b29362f3-663c-42e4-893c-d94e93b91725 tempest-VolumesBackupsTest-97611117 None] Creating a new backup for volume volume-d438bc89-fce8-47ba-bf8f-fd79987670fc. {{(pid=196635) _get_backup_volume_temp_volume /opt/stack/cinder/cinder/volume/driver.py:1266}}
Jan 26 19:15:16.596672 np0005596550.novalocal cinder-volume[196635]: DEBUG oslo_concurrency.processutils [None req-b29362f3-663c-42e4-893c-d94e93b91725 tempest-VolumesBackupsTest-97611117 None] Running cmd (subprocess): sudo cinder-rootwrap /etc/cinder/rootwrap.conf env LC_ALL=C lvs --noheadings --unit=g -o vg_name,name,size --nosuffix --readonly stack-volumes-lvmdriver-1/volume-d438bc89-fce8-47ba-bf8f-fd79987670fc {{(pid=196635) execute /usr/local/lib/python3.12/site-packages/oslo_concurrency/processutils.py:349}}
Jan 26 19:15:16.625168 np0005596550.novalocal sudo[232619]: stack : PWD=/ ; USER=root ; COMMAND=/usr/local/bin/cinder-rootwrap /etc/cinder/rootwrap.conf env LC_ALL=C lvs --noheadings --unit=g -o vg_name,name,size --nosuffix --readonly stack-volumes-lvmdriver-1/volume-d438bc89-fce8-47ba-bf8f-fd79987670fc
Jan 26 19:15:16.986820 np0005596550.novalocal cinder-volume[196635]: DEBUG oslo_concurrency.processutils [None req-b29362f3-663c-42e4-893c-d94e93b91725 tempest-VolumesBackupsTest-97611117 None] CMD "sudo cinder-rootwrap /etc/cinder/rootwrap.conf env LC_ALL=C lvs --noheadings --unit=g -o vg_name,name,size --nosuffix --readonly stack-volumes-lvmdriver-1/volume-d438bc89-fce8-47ba-bf8f-fd79987670fc" returned: 0 in 0.390s {{(pid=196635) execute /usr/local/lib/python3.12/site-packages/oslo_concurrency/processutils.py:372}}
Jan 26 19:15:16.987513 np0005596550.novalocal cinder-volume[196635]: DEBUG oslo_concurrency.processutils [None req-b29362f3-663c-42e4-893c-d94e93b91725 tempest-VolumesBackupsTest-97611117 None] Running cmd (subprocess): sudo cinder-rootwrap /etc/cinder/rootwrap.conf env LC_ALL=C lvcreate --name volume-6af402df-3843-4a4d-a056-815956f2c91f --snapshot stack-volumes-lvmdriver-1/volume-d438bc89-fce8-47ba-bf8f-fd79987670fc {{(pid=196635) execute /usr/local/lib/python3.12/site-packages/oslo_concurrency/processutils.py:349}}
Jan 26 19:15:17.008966 np0005596550.novalocal sudo[232624]: stack : PWD=/ ; USER=root ; COMMAND=/usr/local/bin/cinder-rootwrap /etc/cinder/rootwrap.conf env LC_ALL=C lvcreate --name volume-6af402df-3843-4a4d-a056-815956f2c91f --snapshot stack-volumes-lvmdriver-1/volume-d438bc89-fce8-47ba-bf8f-fd79987670fc
Jan 26 19:15:17.463856 np0005596550.novalocal cinder-volume[196635]: DEBUG oslo_concurrency.processutils [None req-b29362f3-663c-42e4-893c-d94e93b91725 tempest-VolumesBackupsTest-97611117 None] CMD "sudo cinder-rootwrap /etc/cinder/rootwrap.conf env LC_ALL=C lvcreate --name volume-6af402df-3843-4a4d-a056-815956f2c91f --snapshot stack-volumes-lvmdriver-1/volume-d438bc89-fce8-47ba-bf8f-fd79987670fc" returned: 0 in 0.476s {{(pid=196635) execute /usr/local/lib/python3.12/site-packages/oslo_concurrency/processutils.py:372}}
Jan 26 19:15:17.464493 np0005596550.novalocal cinder-volume[196635]: DEBUG oslo_concurrency.processutils [None req-b29362f3-663c-42e4-893c-d94e93b91725 tempest-VolumesBackupsTest-97611117 None] Running cmd (subprocess): sudo cinder-rootwrap /etc/cinder/rootwrap.conf lvchange -a y --yes -k n stack-volumes-lvmdriver-1/volume-6af402df-3843-4a4d-a056-815956f2c91f {{(pid=196635) execute /usr/local/lib/python3.12/site-packages/oslo_concurrency/processutils.py:349}}
Jan 26 19:15:17.490216 np0005596550.novalocal sudo[232636]: stack : PWD=/ ; USER=root ; COMMAND=/usr/local/bin/cinder-rootwrap /etc/cinder/rootwrap.conf lvchange -a y --yes -k n stack-volumes-lvmdriver-1/volume-6af402df-3843-4a4d-a056-815956f2c91f
Jan 26 19:15:17.937517 np0005596550.novalocal cinder-volume[196635]: DEBUG oslo_concurrency.processutils [None req-b29362f3-663c-42e4-893c-d94e93b91725 tempest-VolumesBackupsTest-97611117 None] CMD "sudo cinder-rootwrap /etc/cinder/rootwrap.conf lvchange -a y --yes -k n stack-volumes-lvmdriver-1/volume-6af402df-3843-4a4d-a056-815956f2c91f" returned: 0 in 0.467s {{(pid=196635) execute /usr/local/lib/python3.12/site-packages/oslo_concurrency/processutils.py:372}}
Jan 26 19:15:17.996171 np0005596550.novalocal cinder-volume[196635]: INFO cinder.volume.manager [None req-b29362f3-663c-42e4-893c-d94e93b91725 tempest-VolumesBackupsTest-97611117 None] Calling backup continue_backup for: Backup(availability_zone='nova',container='tempest-volumesbackupstest-backup-container-346343214',created_at=2026-01-27T00:15:16Z,data_timestamp=2026-01-27T00:15:16Z,deleted=False,deleted_at=None,display_description=None,display_name='tempest-VolumesBackupsTest-Backup-1101682290',encryption_key_id=None,fail_reason=None,host='np0005596550.novalocal',id=5a277df6-85f7-4858-8b96-0c9364da2aa9,metadata={},num_dependent_backups=0,object_count=0,parent=None,parent_id=None,project_id='261cb1c98c954302ba86efa2ceee43f2',restore_volume_id=None,service='cinder.backup.drivers.swift.SwiftBackupDriver',service_metadata=None,size=1,snapshot_id=None,status='creating',temp_snapshot_id=None,temp_volume_id='6af402df-3843-4a4d-a056-815956f2c91f',updated_at=None,user_id='e6cbe3740f6c4303bbf3e5d5c92677db',volume_id=d438bc89-fce8-47ba-bf8f-fd79987670fc)
Jan 26 19:15:17.996749 np0005596550.novalocal cinder-volume[196635]: DEBUG cinder.backup.rpcapi [None req-b29362f3-663c-42e4-893c-d94e93b91725 tempest-VolumesBackupsTest-97611117 None] continue_backup in rpcapi backup_id 5a277df6-85f7-4858-8b96-0c9364da2aa9 {{(pid=196635) continue_backup /opt/stack/cinder/cinder/backup/rpcapi.py:65}}
Jan 26 19:15:18.132949 np0005596550.novalocal cinder-volume[196635]: DEBUG oslo_concurrency.processutils [None req-b29362f3-663c-42e4-893c-d94e93b91725 tempest-VolumesBackupsTest-97611117 None] Running cmd (subprocess): sudo cinder-rootwrap /etc/cinder/rootwrap.conf lvchange -a y --yes -K stack-volumes-lvmdriver-1/volume-6af402df-3843-4a4d-a056-815956f2c91f {{(pid=196635) execute /usr/local/lib/python3.12/site-packages/oslo_concurrency/processutils.py:349}}
Jan 26 19:15:18.171155 np0005596550.novalocal sudo[232724]: stack : PWD=/ ; USER=root ; COMMAND=/usr/local/bin/cinder-rootwrap /etc/cinder/rootwrap.conf lvchange -a y --yes -K stack-volumes-lvmdriver-1/volume-6af402df-3843-4a4d-a056-815956f2c91f
Jan 26 19:15:18.526953 np0005596550.novalocal cinder-volume[196635]: DEBUG oslo_concurrency.processutils [None req-b29362f3-663c-42e4-893c-d94e93b91725 tempest-VolumesBackupsTest-97611117 None] CMD "sudo cinder-rootwrap /etc/cinder/rootwrap.conf lvchange -a y --yes -K stack-volumes-lvmdriver-1/volume-6af402df-3843-4a4d-a056-815956f2c91f" returned: 0 in 0.394s {{(pid=196635) execute /usr/local/lib/python3.12/site-packages/oslo_concurrency/processutils.py:372}}
Jan 26 19:15:18.535538 np0005596550.novalocal cinder-volume[196635]: INFO cinder.volume.targets.lio [None req-b29362f3-663c-42e4-893c-d94e93b91725 tempest-VolumesBackupsTest-97611117 None] Creating iscsi_target for volume: volume-6af402df-3843-4a4d-a056-815956f2c91f
Jan 26 19:15:18.535676 np0005596550.novalocal cinder-volume[196635]: DEBUG oslo_concurrency.lockutils [None req-b29362f3-663c-42e4-893c-d94e93b91725 tempest-VolumesBackupsTest-97611117 None] Acquiring lock "lioadm" by "cinder.volume.targets.lio.LioAdm._execute" {{(pid=196635) inner /usr/local/lib/python3.12/site-packages/oslo_concurrency/lockutils.py:405}}
Jan 26 19:15:18.536086 np0005596550.novalocal cinder-volume[196635]: DEBUG oslo_concurrency.lockutils [None req-b29362f3-663c-42e4-893c-d94e93b91725 tempest-VolumesBackupsTest-97611117 None] Lock "lioadm" acquired by "cinder.volume.targets.lio.LioAdm._execute" :: waited 0.000s {{(pid=196635) inner /usr/local/lib/python3.12/site-packages/oslo_concurrency/lockutils.py:410}}
Jan 26 19:15:18.536409 np0005596550.novalocal cinder-volume[196635]: DEBUG oslo_concurrency.processutils [None req-b29362f3-663c-42e4-893c-d94e93b91725 tempest-VolumesBackupsTest-97611117 None] Running cmd (subprocess): sudo cinder-rootwrap /etc/cinder/rootwrap.conf cinder-rtstool create /dev/stack-volumes-lvmdriver-1/volume-6af402df-3843-4a4d-a056-815956f2c91f iqn.2010-10.org.openstack:volume-6af402df-3843-4a4d-a056-815956f2c91f ULvb2sFUWX84P7c2wFUN Jn74kqBPK5t6AQyx False -p3260 -a38.102.83.18 {{(pid=196635) execute /usr/local/lib/python3.12/site-packages/oslo_concurrency/processutils.py:349}}
Jan 26 19:15:18.556063 np0005596550.novalocal sudo[232734]: stack : PWD=/ ; USER=root ; COMMAND=/usr/local/bin/cinder-rootwrap /etc/cinder/rootwrap.conf cinder-rtstool create /dev/stack-volumes-lvmdriver-1/volume-6af402df-3843-4a4d-a056-815956f2c91f iqn.2010-10.org.openstack:volume-6af402df-3843-4a4d-a056-815956f2c91f ULvb2sFUWX84P7c2wFUN Jn74kqBPK5t6AQyx False -p3260 -a38.102.83.18
Jan 26 19:15:19.152528 np0005596550.novalocal cinder-volume[196635]: DEBUG oslo_concurrency.processutils [None req-b29362f3-663c-42e4-893c-d94e93b91725 tempest-VolumesBackupsTest-97611117 None] CMD "sudo cinder-rootwrap /etc/cinder/rootwrap.conf cinder-rtstool create /dev/stack-volumes-lvmdriver-1/volume-6af402df-3843-4a4d-a056-815956f2c91f iqn.2010-10.org.openstack:volume-6af402df-3843-4a4d-a056-815956f2c91f ULvb2sFUWX84P7c2wFUN Jn74kqBPK5t6AQyx False -p3260 -a38.102.83.18" returned: 0 in 0.616s {{(pid=196635) execute /usr/local/lib/python3.12/site-packages/oslo_concurrency/processutils.py:372}}
Jan 26 19:15:19.152888 np0005596550.novalocal cinder-volume[196635]: DEBUG oslo_concurrency.lockutils [None req-b29362f3-663c-42e4-893c-d94e93b91725 tempest-VolumesBackupsTest-97611117 None] Lock "lioadm" "released" by "cinder.volume.targets.lio.LioAdm._execute" :: held 0.617s {{(pid=196635) inner /usr/local/lib/python3.12/site-packages/oslo_concurrency/lockutils.py:424}}
Jan 26 19:15:19.153041 np0005596550.novalocal cinder-volume[196635]: DEBUG oslo_concurrency.lockutils [None req-b29362f3-663c-42e4-893c-d94e93b91725 tempest-VolumesBackupsTest-97611117 None] Acquiring lock "lioadm" by "cinder.volume.targets.lio.LioAdm._execute" {{(pid=196635) inner /usr/local/lib/python3.12/site-packages/oslo_concurrency/lockutils.py:405}}
Jan 26 19:15:19.153882 np0005596550.novalocal cinder-volume[196635]: DEBUG oslo_concurrency.lockutils [None req-b29362f3-663c-42e4-893c-d94e93b91725 tempest-VolumesBackupsTest-97611117 None] Lock "lioadm" acquired by "cinder.volume.targets.lio.LioAdm._execute" :: waited 0.000s {{(pid=196635) inner /usr/local/lib/python3.12/site-packages/oslo_concurrency/lockutils.py:410}}
Jan 26 19:15:19.153882 np0005596550.novalocal cinder-volume[196635]: DEBUG oslo_concurrency.processutils [None req-b29362f3-663c-42e4-893c-d94e93b91725 tempest-VolumesBackupsTest-97611117 None] Running cmd (subprocess): sudo cinder-rootwrap /etc/cinder/rootwrap.conf cinder-rtstool get-targets {{(pid=196635) execute /usr/local/lib/python3.12/site-packages/oslo_concurrency/processutils.py:349}}
Jan 26 19:15:19.181526 np0005596550.novalocal sudo[232740]: stack : PWD=/ ; USER=root ; COMMAND=/usr/local/bin/cinder-rootwrap /etc/cinder/rootwrap.conf cinder-rtstool get-targets
Jan 26 19:15:19.777394 np0005596550.novalocal cinder-volume[196635]: DEBUG oslo_concurrency.processutils [None req-b29362f3-663c-42e4-893c-d94e93b91725 tempest-VolumesBackupsTest-97611117 None] CMD "sudo cinder-rootwrap /etc/cinder/rootwrap.conf cinder-rtstool get-targets" returned: 0 in 0.623s {{(pid=196635) execute /usr/local/lib/python3.12/site-packages/oslo_concurrency/processutils.py:372}}
Jan 26 19:15:19.777644 np0005596550.novalocal cinder-volume[196635]: DEBUG oslo_concurrency.lockutils [None req-b29362f3-663c-42e4-893c-d94e93b91725 tempest-VolumesBackupsTest-97611117 None] Lock "lioadm" "released" by "cinder.volume.targets.lio.LioAdm._execute" :: held 0.624s {{(pid=196635) inner /usr/local/lib/python3.12/site-packages/oslo_concurrency/lockutils.py:424}}
Jan 26 19:15:19.777811 np0005596550.novalocal cinder-volume[196635]: DEBUG oslo_concurrency.lockutils [None req-b29362f3-663c-42e4-893c-d94e93b91725 tempest-VolumesBackupsTest-97611117 None] Acquiring lock "lioadm" by "cinder.volume.targets.lio.LioAdm._execute" {{(pid=196635) inner /usr/local/lib/python3.12/site-packages/oslo_concurrency/lockutils.py:405}}
Jan 26 19:15:19.778125 np0005596550.novalocal cinder-volume[196635]: DEBUG oslo_concurrency.lockutils [None req-b29362f3-663c-42e4-893c-d94e93b91725 tempest-VolumesBackupsTest-97611117 None] Lock "lioadm" acquired by "cinder.volume.targets.lio.LioAdm._execute" :: waited 0.000s {{(pid=196635) inner /usr/local/lib/python3.12/site-packages/oslo_concurrency/lockutils.py:410}}
Jan 26 19:15:19.778438 np0005596550.novalocal cinder-volume[196635]: DEBUG oslo_concurrency.processutils [None req-b29362f3-663c-42e4-893c-d94e93b91725 tempest-VolumesBackupsTest-97611117 None] Running cmd (subprocess): sudo cinder-rootwrap /etc/cinder/rootwrap.conf cinder-rtstool save {{(pid=196635) execute /usr/local/lib/python3.12/site-packages/oslo_concurrency/processutils.py:349}}
Jan 26 19:15:19.801037 np0005596550.novalocal sudo[232746]: stack : PWD=/ ; USER=root ; COMMAND=/usr/local/bin/cinder-rootwrap /etc/cinder/rootwrap.conf cinder-rtstool save
Jan 26 19:15:20.427182 np0005596550.novalocal cinder-volume[196635]: DEBUG oslo_concurrency.processutils [None req-b29362f3-663c-42e4-893c-d94e93b91725 tempest-VolumesBackupsTest-97611117 None] CMD "sudo cinder-rootwrap /etc/cinder/rootwrap.conf cinder-rtstool save" returned: 0 in 0.648s {{(pid=196635) execute /usr/local/lib/python3.12/site-packages/oslo_concurrency/processutils.py:372}}
Jan 26 19:15:20.427648 np0005596550.novalocal cinder-volume[196635]: DEBUG oslo_concurrency.lockutils [None req-b29362f3-663c-42e4-893c-d94e93b91725 tempest-VolumesBackupsTest-97611117 None] Lock "lioadm" "released" by "cinder.volume.targets.lio.LioAdm._execute" :: held 0.649s {{(pid=196635) inner /usr/local/lib/python3.12/site-packages/oslo_concurrency/lockutils.py:424}}
Jan 26 19:15:20.427970 np0005596550.novalocal cinder-volume[196635]: DEBUG cinder.volume.targets.iscsi [None req-b29362f3-663c-42e4-893c-d94e93b91725 tempest-VolumesBackupsTest-97611117 None] Set provider_location to: 38.102.83.18:3260,iqn.2010-10.org.openstack:volume-6af402df-3843-4a4d-a056-815956f2c91f iqn.2010-10.org.openstack:volume-6af402df-3843-4a4d-a056-815956f2c91f 0 {{(pid=196635) create_export /opt/stack/cinder/cinder/volume/targets/iscsi.py:205}}
Jan 26 19:15:20.437361 np0005596550.novalocal cinder-volume[196635]: DEBUG oslo_concurrency.lockutils [None req-b29362f3-663c-42e4-893c-d94e93b91725 tempest-VolumesBackupsTest-97611117 None] Acquiring lock "lioadm" by "cinder.volume.targets.lio.LioAdm._execute" {{(pid=196635) inner /usr/local/lib/python3.12/site-packages/oslo_concurrency/lockutils.py:405}}
Jan 26 19:15:20.437896 np0005596550.novalocal cinder-volume[196635]: DEBUG oslo_concurrency.lockutils [None req-b29362f3-663c-42e4-893c-d94e93b91725 tempest-VolumesBackupsTest-97611117 None] Lock "lioadm" acquired by "cinder.volume.targets.lio.LioAdm._execute" :: waited 0.001s {{(pid=196635) inner /usr/local/lib/python3.12/site-packages/oslo_concurrency/lockutils.py:410}}
Jan 26 19:15:20.438406 np0005596550.novalocal cinder-volume[196635]: DEBUG oslo_concurrency.processutils [None req-b29362f3-663c-42e4-893c-d94e93b91725 tempest-VolumesBackupsTest-97611117 None] Running cmd (subprocess): sudo cinder-rootwrap /etc/cinder/rootwrap.conf cinder-rtstool add-initiator iqn.2010-10.org.openstack:volume-6af402df-3843-4a4d-a056-815956f2c91f ULvb2sFUWX84P7c2wFUN Jn74kqBPK5t6AQyx iqn.1994-05.com.redhat:cea4a155eb24 {{(pid=196635) execute /usr/local/lib/python3.12/site-packages/oslo_concurrency/processutils.py:349}}
Jan 26 19:15:20.458686 np0005596550.novalocal sudo[232754]: stack : PWD=/ ; USER=root ; COMMAND=/usr/local/bin/cinder-rootwrap /etc/cinder/rootwrap.conf cinder-rtstool add-initiator iqn.2010-10.org.openstack:volume-6af402df-3843-4a4d-a056-815956f2c91f ULvb2sFUWX84P7c2wFUN Jn74kqBPK5t6AQyx iqn.1994-05.com.redhat:cea4a155eb24
Jan 26 19:15:21.071754 np0005596550.novalocal cinder-volume[196635]: DEBUG oslo_concurrency.processutils [None req-b29362f3-663c-42e4-893c-d94e93b91725 tempest-VolumesBackupsTest-97611117 None] CMD "sudo cinder-rootwrap /etc/cinder/rootwrap.conf cinder-rtstool add-initiator iqn.2010-10.org.openstack:volume-6af402df-3843-4a4d-a056-815956f2c91f ULvb2sFUWX84P7c2wFUN Jn74kqBPK5t6AQyx iqn.1994-05.com.redhat:cea4a155eb24" returned: 0 in 0.632s {{(pid=196635) execute /usr/local/lib/python3.12/site-packages/oslo_concurrency/processutils.py:372}}
Jan 26 19:15:21.072196 np0005596550.novalocal cinder-volume[196635]: DEBUG oslo_concurrency.lockutils [None req-b29362f3-663c-42e4-893c-d94e93b91725 tempest-VolumesBackupsTest-97611117 None] Lock "lioadm" "released" by "cinder.volume.targets.lio.LioAdm._execute" :: held 0.634s {{(pid=196635) inner /usr/local/lib/python3.12/site-packages/oslo_concurrency/lockutils.py:424}}
Jan 26 19:15:21.072396 np0005596550.novalocal cinder-volume[196635]: DEBUG oslo_concurrency.lockutils [None req-b29362f3-663c-42e4-893c-d94e93b91725 tempest-VolumesBackupsTest-97611117 None] Acquiring lock "lioadm" by "cinder.volume.targets.lio.LioAdm._execute" {{(pid=196635) inner /usr/local/lib/python3.12/site-packages/oslo_concurrency/lockutils.py:405}}
Jan 26 19:15:21.073030 np0005596550.novalocal cinder-volume[196635]: DEBUG oslo_concurrency.lockutils [None req-b29362f3-663c-42e4-893c-d94e93b91725 tempest-VolumesBackupsTest-97611117 None] Lock "lioadm" acquired by "cinder.volume.targets.lio.LioAdm._execute" :: waited 0.000s {{(pid=196635) inner /usr/local/lib/python3.12/site-packages/oslo_concurrency/lockutils.py:410}}
Jan 26 19:15:21.074107 np0005596550.novalocal cinder-volume[196635]: DEBUG oslo_concurrency.processutils [None req-b29362f3-663c-42e4-893c-d94e93b91725 tempest-VolumesBackupsTest-97611117 None] Running cmd (subprocess): sudo cinder-rootwrap /etc/cinder/rootwrap.conf cinder-rtstool save {{(pid=196635) execute /usr/local/lib/python3.12/site-packages/oslo_concurrency/processutils.py:349}}
Jan 26 19:15:21.098747 np0005596550.novalocal sudo[232769]: stack : PWD=/ ; USER=root ; COMMAND=/usr/local/bin/cinder-rootwrap /etc/cinder/rootwrap.conf cinder-rtstool save
Jan 26 19:15:21.669681 np0005596550.novalocal cinder-volume[196635]: DEBUG oslo_concurrency.processutils [None req-b29362f3-663c-42e4-893c-d94e93b91725 tempest-VolumesBackupsTest-97611117 None] CMD "sudo cinder-rootwrap /etc/cinder/rootwrap.conf cinder-rtstool save" returned: 0 in 0.596s {{(pid=196635) execute /usr/local/lib/python3.12/site-packages/oslo_concurrency/processutils.py:372}}
Jan 26 19:15:21.670847 np0005596550.novalocal cinder-volume[196635]: DEBUG oslo_concurrency.lockutils [None req-b29362f3-663c-42e4-893c-d94e93b91725 tempest-VolumesBackupsTest-97611117 None] Lock "lioadm" "released" by "cinder.volume.targets.lio.LioAdm._execute" :: held 0.597s {{(pid=196635) inner /usr/local/lib/python3.12/site-packages/oslo_concurrency/lockutils.py:424}}
Jan 26 19:15:21.685025 np0005596550.novalocal cinder-volume[196635]: INFO cinder.volume.manager [None req-b29362f3-663c-42e4-893c-d94e93b91725 tempest-VolumesBackupsTest-97611117 None] Initialize volume connection completed successfully.
Jan 26 19:15:38.612028 np0005596550.novalocal cinder-volume[196635]: DEBUG oslo_concurrency.lockutils [None req-b29362f3-663c-42e4-893c-d94e93b91725 tempest-VolumesBackupsTest-97611117 None] Acquiring lock "lioadm" by "cinder.volume.targets.lio.LioAdm._execute" {{(pid=196635) inner /usr/local/lib/python3.12/site-packages/oslo_concurrency/lockutils.py:405}}
Jan 26 19:15:38.612494 np0005596550.novalocal cinder-volume[196635]: DEBUG oslo_concurrency.lockutils [None req-b29362f3-663c-42e4-893c-d94e93b91725 tempest-VolumesBackupsTest-97611117 None] Lock "lioadm" acquired by "cinder.volume.targets.lio.LioAdm._execute" :: waited 0.001s {{(pid=196635) inner /usr/local/lib/python3.12/site-packages/oslo_concurrency/lockutils.py:410}}
Jan 26 19:15:38.612656 np0005596550.novalocal cinder-volume[196635]: DEBUG oslo_concurrency.processutils [None req-b29362f3-663c-42e4-893c-d94e93b91725 tempest-VolumesBackupsTest-97611117 None] Running cmd (subprocess): sudo cinder-rootwrap /etc/cinder/rootwrap.conf cinder-rtstool delete-initiator iqn.2010-10.org.openstack:volume-6af402df-3843-4a4d-a056-815956f2c91f iqn.1994-05.com.redhat:cea4a155eb24 {{(pid=196635) execute /usr/local/lib/python3.12/site-packages/oslo_concurrency/processutils.py:349}}
Jan 26 19:15:38.639918 np0005596550.novalocal sudo[233065]: stack : PWD=/ ; USER=root ; COMMAND=/usr/local/bin/cinder-rootwrap /etc/cinder/rootwrap.conf cinder-rtstool delete-initiator iqn.2010-10.org.openstack:volume-6af402df-3843-4a4d-a056-815956f2c91f iqn.1994-05.com.redhat:cea4a155eb24
Jan 26 19:15:38.983642 np0005596550.novalocal cinder-volume[196635]: DEBUG dbcounter [-] [196635] Writing DB stats cinder:SELECT=10,cinder:UPDATE=2,cinder:INSERT=1 {{(pid=196635) stat_writer /usr/local/lib/python3.12/site-packages/dbcounter.py:115}}
Jan 26 19:15:39.291047 np0005596550.novalocal cinder-volume[196635]: DEBUG oslo_concurrency.processutils [None req-b29362f3-663c-42e4-893c-d94e93b91725 tempest-VolumesBackupsTest-97611117 None] CMD "sudo cinder-rootwrap /etc/cinder/rootwrap.conf cinder-rtstool delete-initiator iqn.2010-10.org.openstack:volume-6af402df-3843-4a4d-a056-815956f2c91f iqn.1994-05.com.redhat:cea4a155eb24" returned: 0 in 0.678s {{(pid=196635) execute /usr/local/lib/python3.12/site-packages/oslo_concurrency/processutils.py:372}}
Jan 26 19:15:39.295805 np0005596550.novalocal cinder-volume[196635]: DEBUG oslo_concurrency.lockutils [None req-b29362f3-663c-42e4-893c-d94e93b91725 tempest-VolumesBackupsTest-97611117 None] Lock "lioadm" "released" by "cinder.volume.targets.lio.LioAdm._execute" :: held 0.682s {{(pid=196635) inner /usr/local/lib/python3.12/site-packages/oslo_concurrency/lockutils.py:424}}
Jan 26 19:15:39.295805 np0005596550.novalocal cinder-volume[196635]: DEBUG oslo_concurrency.lockutils [None req-b29362f3-663c-42e4-893c-d94e93b91725 tempest-VolumesBackupsTest-97611117 None] Acquiring lock "lioadm" by "cinder.volume.targets.lio.LioAdm._execute" {{(pid=196635) inner /usr/local/lib/python3.12/site-packages/oslo_concurrency/lockutils.py:405}}
Jan 26 19:15:39.295805 np0005596550.novalocal cinder-volume[196635]: DEBUG oslo_concurrency.lockutils [None req-b29362f3-663c-42e4-893c-d94e93b91725 tempest-VolumesBackupsTest-97611117 None] Lock "lioadm" acquired by "cinder.volume.targets.lio.LioAdm._execute" :: waited 0.000s {{(pid=196635) inner /usr/local/lib/python3.12/site-packages/oslo_concurrency/lockutils.py:410}}
Jan 26 19:15:39.295805 np0005596550.novalocal cinder-volume[196635]: DEBUG oslo_concurrency.processutils [None req-b29362f3-663c-42e4-893c-d94e93b91725 tempest-VolumesBackupsTest-97611117 None] Running cmd (subprocess): sudo cinder-rootwrap /etc/cinder/rootwrap.conf cinder-rtstool save {{(pid=196635) execute /usr/local/lib/python3.12/site-packages/oslo_concurrency/processutils.py:349}}
Jan 26 19:15:39.324063 np0005596550.novalocal sudo[233072]: stack : PWD=/ ; USER=root ; COMMAND=/usr/local/bin/cinder-rootwrap /etc/cinder/rootwrap.conf cinder-rtstool save
Jan 26 19:15:39.947086 np0005596550.novalocal cinder-volume[196635]: DEBUG oslo_concurrency.processutils [None req-b29362f3-663c-42e4-893c-d94e93b91725 tempest-VolumesBackupsTest-97611117 None] CMD "sudo cinder-rootwrap /etc/cinder/rootwrap.conf cinder-rtstool save" returned: 0 in 0.651s {{(pid=196635) execute /usr/local/lib/python3.12/site-packages/oslo_concurrency/processutils.py:372}}
Jan 26 19:15:39.947086 np0005596550.novalocal cinder-volume[196635]: DEBUG oslo_concurrency.lockutils [None req-b29362f3-663c-42e4-893c-d94e93b91725 tempest-VolumesBackupsTest-97611117 None] Lock "lioadm" "released" by "cinder.volume.targets.lio.LioAdm._execute" :: held 0.652s {{(pid=196635) inner /usr/local/lib/python3.12/site-packages/oslo_concurrency/lockutils.py:424}}
Jan 26 19:15:39.947086 np0005596550.novalocal cinder-volume[196635]: INFO cinder.volume.manager [None req-b29362f3-663c-42e4-893c-d94e93b91725 tempest-VolumesBackupsTest-97611117 None] Terminate volume connection completed successfully.
Jan 26 19:15:40.116958 np0005596550.novalocal cinder-volume[196635]: DEBUG oslo_concurrency.lockutils [None req-b29362f3-663c-42e4-893c-d94e93b91725 tempest-VolumesBackupsTest-97611117 None] Acquiring lock "lioadm" by "cinder.volume.targets.lio.LioAdm._execute" {{(pid=196635) inner /usr/local/lib/python3.12/site-packages/oslo_concurrency/lockutils.py:405}}
Jan 26 19:15:40.117402 np0005596550.novalocal cinder-volume[196635]: DEBUG oslo_concurrency.lockutils [None req-b29362f3-663c-42e4-893c-d94e93b91725 tempest-VolumesBackupsTest-97611117 None] Lock "lioadm" acquired by "cinder.volume.targets.lio.LioAdm._execute" :: waited 0.001s {{(pid=196635) inner /usr/local/lib/python3.12/site-packages/oslo_concurrency/lockutils.py:410}}
Jan 26 19:15:40.117807 np0005596550.novalocal cinder-volume[196635]: DEBUG oslo_concurrency.processutils [None req-b29362f3-663c-42e4-893c-d94e93b91725 tempest-VolumesBackupsTest-97611117 None] Running cmd (subprocess): sudo cinder-rootwrap /etc/cinder/rootwrap.conf cinder-rtstool get-targets {{(pid=196635) execute /usr/local/lib/python3.12/site-packages/oslo_concurrency/processutils.py:349}}
Jan 26 19:15:40.149877 np0005596550.novalocal sudo[233079]: stack : PWD=/ ; USER=root ; COMMAND=/usr/local/bin/cinder-rootwrap /etc/cinder/rootwrap.conf cinder-rtstool get-targets
Jan 26 19:15:40.693227 np0005596550.novalocal cinder-volume[196635]: DEBUG oslo_concurrency.processutils [None req-b29362f3-663c-42e4-893c-d94e93b91725 tempest-VolumesBackupsTest-97611117 None] CMD "sudo cinder-rootwrap /etc/cinder/rootwrap.conf cinder-rtstool get-targets" returned: 0 in 0.574s {{(pid=196635) execute /usr/local/lib/python3.12/site-packages/oslo_concurrency/processutils.py:372}}
Jan 26 19:15:40.693227 np0005596550.novalocal cinder-volume[196635]: DEBUG oslo_concurrency.lockutils [None req-b29362f3-663c-42e4-893c-d94e93b91725 tempest-VolumesBackupsTest-97611117 None] Lock "lioadm" "released" by "cinder.volume.targets.lio.LioAdm._execute" :: held 0.575s {{(pid=196635) inner /usr/local/lib/python3.12/site-packages/oslo_concurrency/lockutils.py:424}}
Jan 26 19:15:40.693227 np0005596550.novalocal cinder-volume[196635]: INFO cinder.volume.targets.lio [None req-b29362f3-663c-42e4-893c-d94e93b91725 tempest-VolumesBackupsTest-97611117 None] Removing iscsi_target: 6af402df-3843-4a4d-a056-815956f2c91f
Jan 26 19:15:40.693623 np0005596550.novalocal cinder-volume[196635]: DEBUG oslo_concurrency.lockutils [None req-b29362f3-663c-42e4-893c-d94e93b91725 tempest-VolumesBackupsTest-97611117 None] Acquiring lock "lioadm" by "cinder.volume.targets.lio.LioAdm._execute" {{(pid=196635) inner /usr/local/lib/python3.12/site-packages/oslo_concurrency/lockutils.py:405}}
Jan 26 19:15:40.694097 np0005596550.novalocal cinder-volume[196635]: DEBUG oslo_concurrency.lockutils [None req-b29362f3-663c-42e4-893c-d94e93b91725 tempest-VolumesBackupsTest-97611117 None] Lock "lioadm" acquired by "cinder.volume.targets.lio.LioAdm._execute" :: waited 0.001s {{(pid=196635) inner /usr/local/lib/python3.12/site-packages/oslo_concurrency/lockutils.py:410}}
Jan 26 19:15:40.695692 np0005596550.novalocal cinder-volume[196635]: DEBUG oslo_concurrency.processutils [None req-b29362f3-663c-42e4-893c-d94e93b91725 tempest-VolumesBackupsTest-97611117 None] Running cmd (subprocess): sudo cinder-rootwrap /etc/cinder/rootwrap.conf cinder-rtstool delete iqn.2010-10.org.openstack:volume-6af402df-3843-4a4d-a056-815956f2c91f {{(pid=196635) execute /usr/local/lib/python3.12/site-packages/oslo_concurrency/processutils.py:349}}
Jan 26 19:15:40.724344 np0005596550.novalocal sudo[233091]: stack : PWD=/ ; USER=root ; COMMAND=/usr/local/bin/cinder-rootwrap /etc/cinder/rootwrap.conf cinder-rtstool delete iqn.2010-10.org.openstack:volume-6af402df-3843-4a4d-a056-815956f2c91f
Jan 26 19:15:41.331387 np0005596550.novalocal cinder-volume[196635]: DEBUG oslo_concurrency.processutils [None req-b29362f3-663c-42e4-893c-d94e93b91725 tempest-VolumesBackupsTest-97611117 None] CMD "sudo cinder-rootwrap /etc/cinder/rootwrap.conf cinder-rtstool delete iqn.2010-10.org.openstack:volume-6af402df-3843-4a4d-a056-815956f2c91f" returned: 0 in 0.636s {{(pid=196635) execute /usr/local/lib/python3.12/site-packages/oslo_concurrency/processutils.py:372}}
Jan 26 19:15:41.332495 np0005596550.novalocal cinder-volume[196635]: DEBUG oslo_concurrency.lockutils [None req-b29362f3-663c-42e4-893c-d94e93b91725 tempest-VolumesBackupsTest-97611117 None] Lock "lioadm" "released" by "cinder.volume.targets.lio.LioAdm._execute" :: held 0.637s {{(pid=196635) inner /usr/local/lib/python3.12/site-packages/oslo_concurrency/lockutils.py:424}}
Jan 26 19:15:41.332495 np0005596550.novalocal cinder-volume[196635]: DEBUG oslo_concurrency.lockutils [None req-b29362f3-663c-42e4-893c-d94e93b91725 tempest-VolumesBackupsTest-97611117 None] Acquiring lock "lioadm" by "cinder.volume.targets.lio.LioAdm._execute" {{(pid=196635) inner /usr/local/lib/python3.12/site-packages/oslo_concurrency/lockutils.py:405}}
Jan 26 19:15:41.332495 np0005596550.novalocal cinder-volume[196635]: DEBUG oslo_concurrency.lockutils [None req-b29362f3-663c-42e4-893c-d94e93b91725 tempest-VolumesBackupsTest-97611117 None] Lock "lioadm" acquired by "cinder.volume.targets.lio.LioAdm._execute" :: waited 0.000s {{(pid=196635) inner /usr/local/lib/python3.12/site-packages/oslo_concurrency/lockutils.py:410}}
Jan 26 19:15:41.332495 np0005596550.novalocal cinder-volume[196635]: DEBUG oslo_concurrency.processutils [None req-b29362f3-663c-42e4-893c-d94e93b91725 tempest-VolumesBackupsTest-97611117 None] Running cmd (subprocess): sudo cinder-rootwrap /etc/cinder/rootwrap.conf cinder-rtstool save {{(pid=196635) execute /usr/local/lib/python3.12/site-packages/oslo_concurrency/processutils.py:349}}
Jan 26 19:15:41.385862 np0005596550.novalocal sudo[233097]: stack : PWD=/ ; USER=root ; COMMAND=/usr/local/bin/cinder-rootwrap /etc/cinder/rootwrap.conf cinder-rtstool save
Jan 26 19:15:41.939812 np0005596550.novalocal cinder-volume[196635]: DEBUG oslo_concurrency.processutils [None req-b29362f3-663c-42e4-893c-d94e93b91725 tempest-VolumesBackupsTest-97611117 None] CMD "sudo cinder-rootwrap /etc/cinder/rootwrap.conf cinder-rtstool save" returned: 0 in 0.607s {{(pid=196635) execute /usr/local/lib/python3.12/site-packages/oslo_concurrency/processutils.py:372}}
Jan 26 19:15:41.939812 np0005596550.novalocal cinder-volume[196635]: DEBUG oslo_concurrency.lockutils [None req-b29362f3-663c-42e4-893c-d94e93b91725 tempest-VolumesBackupsTest-97611117 None] Lock "lioadm" "released" by "cinder.volume.targets.lio.LioAdm._execute" :: held 0.608s {{(pid=196635) inner /usr/local/lib/python3.12/site-packages/oslo_concurrency/lockutils.py:424}}
Jan 26 19:15:41.939924 np0005596550.novalocal cinder-volume[196635]: INFO cinder.volume.manager [None req-b29362f3-663c-42e4-893c-d94e93b91725 tempest-VolumesBackupsTest-97611117 None] Remove volume export completed successfully.
Jan 26 19:15:42.121158 np0005596550.novalocal cinder-volume[196635]: DEBUG cinder.coordination [None req-b29362f3-663c-42e4-893c-d94e93b91725 tempest-VolumesBackupsTest-97611117 None] Acquiring lock "cinder-6af402df-3843-4a4d-a056-815956f2c91f-delete_volume" by "delete_volume" {{(pid=196635) __acquire /opt/stack/cinder/cinder/coordination.py:143}}
Jan 26 19:15:42.131511 np0005596550.novalocal cinder-volume[196635]: DEBUG cinder.coordination [None req-b29362f3-663c-42e4-893c-d94e93b91725 tempest-VolumesBackupsTest-97611117 None] Lock "cinder-6af402df-3843-4a4d-a056-815956f2c91f-delete_volume" acquired by "delete_volume" :: waited 0.008s {{(pid=196635) __acquire /opt/stack/cinder/cinder/coordination.py:146}}
Jan 26 19:15:42.147222 np0005596550.novalocal cinder-volume[196635]: DEBUG oslo_concurrency.lockutils [None req-b29362f3-663c-42e4-893c-d94e93b91725 tempest-VolumesBackupsTest-97611117 None] Acquiring lock "lioadm" by "cinder.volume.targets.lio.LioAdm._execute" {{(pid=196635) inner /usr/local/lib/python3.12/site-packages/oslo_concurrency/lockutils.py:405}}
Jan 26 19:15:42.148311 np0005596550.novalocal cinder-volume[196635]: DEBUG oslo_concurrency.lockutils [None req-b29362f3-663c-42e4-893c-d94e93b91725 tempest-VolumesBackupsTest-97611117 None] Lock "lioadm" acquired by "cinder.volume.targets.lio.LioAdm._execute" :: waited 0.001s {{(pid=196635) inner /usr/local/lib/python3.12/site-packages/oslo_concurrency/lockutils.py:410}}
Jan 26 19:15:42.148543 np0005596550.novalocal cinder-volume[196635]: DEBUG oslo_concurrency.processutils [None req-b29362f3-663c-42e4-893c-d94e93b91725 tempest-VolumesBackupsTest-97611117 None] Running cmd (subprocess): sudo cinder-rootwrap /etc/cinder/rootwrap.conf cinder-rtstool get-targets {{(pid=196635) execute /usr/local/lib/python3.12/site-packages/oslo_concurrency/processutils.py:349}}
Jan 26 19:15:42.179412 np0005596550.novalocal sudo[233129]: stack : PWD=/ ; USER=root ; COMMAND=/usr/local/bin/cinder-rootwrap /etc/cinder/rootwrap.conf cinder-rtstool get-targets
Jan 26 19:15:42.730522 np0005596550.novalocal cinder-volume[196635]: DEBUG cinder.volume.driver [None req-47f124cb-1626-40cf-8c14-84467f211ec1 tempest-VolumesBackupsTest-97611117 None] Creating a new backup for volume volume-d438bc89-fce8-47ba-bf8f-fd79987670fc. {{(pid=196635) _get_backup_volume_temp_volume /opt/stack/cinder/cinder/volume/driver.py:1266}}
Jan 26 19:15:42.762517 np0005596550.novalocal cinder-volume[196635]: DEBUG oslo_concurrency.processutils [None req-47f124cb-1626-40cf-8c14-84467f211ec1 tempest-VolumesBackupsTest-97611117 None] Running cmd (subprocess): sudo cinder-rootwrap /etc/cinder/rootwrap.conf env LC_ALL=C lvs --noheadings --unit=g -o vg_name,name,size --nosuffix --readonly stack-volumes-lvmdriver-1/volume-d438bc89-fce8-47ba-bf8f-fd79987670fc {{(pid=196635) execute /usr/local/lib/python3.12/site-packages/oslo_concurrency/processutils.py:349}}
Jan 26 19:15:42.772715 np0005596550.novalocal cinder-volume[196635]: DEBUG oslo_concurrency.processutils [None req-b29362f3-663c-42e4-893c-d94e93b91725 tempest-VolumesBackupsTest-97611117 None] CMD "sudo cinder-rootwrap /etc/cinder/rootwrap.conf cinder-rtstool get-targets" returned: 0 in 0.624s {{(pid=196635) execute /usr/local/lib/python3.12/site-packages/oslo_concurrency/processutils.py:372}}
Jan 26 19:15:42.773882 np0005596550.novalocal cinder-volume[196635]: DEBUG oslo_concurrency.lockutils [None req-b29362f3-663c-42e4-893c-d94e93b91725 tempest-VolumesBackupsTest-97611117 None] Lock "lioadm" "released" by "cinder.volume.targets.lio.LioAdm._execute" :: held 0.625s {{(pid=196635) inner /usr/local/lib/python3.12/site-packages/oslo_concurrency/lockutils.py:424}}
Jan 26 19:15:42.773882 np0005596550.novalocal cinder-volume[196635]: INFO cinder.volume.targets.iscsi [None req-b29362f3-663c-42e4-893c-d94e93b91725 tempest-VolumesBackupsTest-97611117 None] Skipping remove_export. No iscsi_target is presently exported for volume: 6af402df-3843-4a4d-a056-815956f2c91f
Jan 26 19:15:42.775486 np0005596550.novalocal cinder-volume[196635]: DEBUG oslo_concurrency.processutils [None req-b29362f3-663c-42e4-893c-d94e93b91725 tempest-VolumesBackupsTest-97611117 None] Running cmd (subprocess): sudo cinder-rootwrap /etc/cinder/rootwrap.conf env LC_ALL=C lvs --noheadings --unit=g -o vg_name,name,size --nosuffix --readonly stack-volumes-lvmdriver-1/volume-6af402df-3843-4a4d-a056-815956f2c91f {{(pid=196635) execute /usr/local/lib/python3.12/site-packages/oslo_concurrency/processutils.py:349}}
Jan 26 19:15:42.789083 np0005596550.novalocal sudo[233134]: stack : PWD=/ ; USER=root ; COMMAND=/usr/local/bin/cinder-rootwrap /etc/cinder/rootwrap.conf env LC_ALL=C lvs --noheadings --unit=g -o vg_name,name,size --nosuffix --readonly stack-volumes-lvmdriver-1/volume-d438bc89-fce8-47ba-bf8f-fd79987670fc
Jan 26 19:15:42.791500 np0005596550.novalocal sudo[233136]: stack : PWD=/ ; USER=root ; COMMAND=/usr/local/bin/cinder-rootwrap /etc/cinder/rootwrap.conf env LC_ALL=C lvs --noheadings --unit=g -o vg_name,name,size --nosuffix --readonly stack-volumes-lvmdriver-1/volume-6af402df-3843-4a4d-a056-815956f2c91f
Jan 26 19:15:43.230157 np0005596550.novalocal cinder-volume[196635]: DEBUG oslo_concurrency.processutils [None req-47f124cb-1626-40cf-8c14-84467f211ec1 tempest-VolumesBackupsTest-97611117 None] CMD "sudo cinder-rootwrap /etc/cinder/rootwrap.conf env LC_ALL=C lvs --noheadings --unit=g -o vg_name,name,size --nosuffix --readonly stack-volumes-lvmdriver-1/volume-d438bc89-fce8-47ba-bf8f-fd79987670fc" returned: 0 in 0.467s {{(pid=196635) execute /usr/local/lib/python3.12/site-packages/oslo_concurrency/processutils.py:372}}
Jan 26 19:15:43.230157 np0005596550.novalocal cinder-volume[196635]: DEBUG oslo_concurrency.processutils [None req-47f124cb-1626-40cf-8c14-84467f211ec1 tempest-VolumesBackupsTest-97611117 None] Running cmd (subprocess): sudo cinder-rootwrap /etc/cinder/rootwrap.conf env LC_ALL=C lvcreate --name volume-ab708d6e-762e-49dc-a47b-f27cba340737 --snapshot stack-volumes-lvmdriver-1/volume-d438bc89-fce8-47ba-bf8f-fd79987670fc {{(pid=196635) execute /usr/local/lib/python3.12/site-packages/oslo_concurrency/processutils.py:349}}
Jan 26 19:15:43.236897 np0005596550.novalocal cinder-volume[196635]: DEBUG oslo_concurrency.processutils [None req-b29362f3-663c-42e4-893c-d94e93b91725 tempest-VolumesBackupsTest-97611117 None] CMD "sudo cinder-rootwrap /etc/cinder/rootwrap.conf env LC_ALL=C lvs --noheadings --unit=g -o vg_name,name,size --nosuffix --readonly stack-volumes-lvmdriver-1/volume-6af402df-3843-4a4d-a056-815956f2c91f" returned: 0 in 0.462s {{(pid=196635) execute /usr/local/lib/python3.12/site-packages/oslo_concurrency/processutils.py:372}}
Jan 26 19:15:43.238324 np0005596550.novalocal cinder-volume[196635]: DEBUG oslo_concurrency.processutils [None req-b29362f3-663c-42e4-893c-d94e93b91725 tempest-VolumesBackupsTest-97611117 None] Running cmd (subprocess): sudo cinder-rootwrap /etc/cinder/rootwrap.conf env LC_ALL=C lvdisplay --noheading -C -o Attr --readonly stack-volumes-lvmdriver-1/volume-6af402df-3843-4a4d-a056-815956f2c91f {{(pid=196635) execute /usr/local/lib/python3.12/site-packages/oslo_concurrency/processutils.py:349}}
Jan 26 19:15:43.257031 np0005596550.novalocal sudo[233146]: stack : PWD=/ ; USER=root ; COMMAND=/usr/local/bin/cinder-rootwrap /etc/cinder/rootwrap.conf env LC_ALL=C lvcreate --name volume-ab708d6e-762e-49dc-a47b-f27cba340737 --snapshot stack-volumes-lvmdriver-1/volume-d438bc89-fce8-47ba-bf8f-fd79987670fc
Jan 26 19:15:43.276116 np0005596550.novalocal sudo[233147]: stack : PWD=/ ; USER=root ; COMMAND=/usr/local/bin/cinder-rootwrap /etc/cinder/rootwrap.conf env LC_ALL=C lvdisplay --noheading -C -o Attr --readonly stack-volumes-lvmdriver-1/volume-6af402df-3843-4a4d-a056-815956f2c91f
Jan 26 19:15:43.757995 np0005596550.novalocal cinder-volume[196635]: DEBUG oslo_concurrency.processutils [None req-b29362f3-663c-42e4-893c-d94e93b91725 tempest-VolumesBackupsTest-97611117 None] CMD "sudo cinder-rootwrap /etc/cinder/rootwrap.conf env LC_ALL=C lvdisplay --noheading -C -o Attr --readonly stack-volumes-lvmdriver-1/volume-6af402df-3843-4a4d-a056-815956f2c91f" returned: 0 in 0.519s {{(pid=196635) execute /usr/local/lib/python3.12/site-packages/oslo_concurrency/processutils.py:372}}
Jan 26 19:15:43.770003 np0005596550.novalocal cinder-volume[196635]: DEBUG oslo_concurrency.processutils [None req-b29362f3-663c-42e4-893c-d94e93b91725 tempest-VolumesBackupsTest-97611117 None] Running cmd (subprocess): sudo cinder-rootwrap /etc/cinder/rootwrap.conf lvremove --config activation { retry_deactivation = 1} -f stack-volumes-lvmdriver-1/volume-6af402df-3843-4a4d-a056-815956f2c91f {{(pid=196635) execute /usr/local/lib/python3.12/site-packages/oslo_concurrency/processutils.py:349}}
Jan 26 19:15:43.781698 np0005596550.novalocal cinder-volume[196635]: DEBUG oslo_concurrency.processutils [None req-47f124cb-1626-40cf-8c14-84467f211ec1 tempest-VolumesBackupsTest-97611117 None] CMD "sudo cinder-rootwrap /etc/cinder/rootwrap.conf env LC_ALL=C lvcreate --name volume-ab708d6e-762e-49dc-a47b-f27cba340737 --snapshot stack-volumes-lvmdriver-1/volume-d438bc89-fce8-47ba-bf8f-fd79987670fc" returned: 0 in 0.550s {{(pid=196635) execute /usr/local/lib/python3.12/site-packages/oslo_concurrency/processutils.py:372}}
Jan 26 19:15:43.781698 np0005596550.novalocal cinder-volume[196635]: DEBUG oslo_concurrency.processutils [None req-47f124cb-1626-40cf-8c14-84467f211ec1 tempest-VolumesBackupsTest-97611117 None] Running cmd (subprocess): sudo cinder-rootwrap /etc/cinder/rootwrap.conf lvchange -a y --yes -k n stack-volumes-lvmdriver-1/volume-ab708d6e-762e-49dc-a47b-f27cba340737 {{(pid=196635) execute /usr/local/lib/python3.12/site-packages/oslo_concurrency/processutils.py:349}}
Jan 26 19:15:43.792595 np0005596550.novalocal sudo[233163]: stack : PWD=/ ; USER=root ; COMMAND=/usr/local/bin/cinder-rootwrap /etc/cinder/rootwrap.conf lvremove --config 'activation { retry_deactivation = 1} ' -f stack-volumes-lvmdriver-1/volume-6af402df-3843-4a4d-a056-815956f2c91f
