Jan 26 19:12:04.930335 np0005596550.novalocal cinder-volume[196635]: DEBUG oslo_concurrency.lockutils [None req-9ac07ad3-9f7c-4ec6-8c32-b970956a5d0c tempest-VolumesBackupsTest-97611117 None] Acquiring lock "lioadm" by "cinder.volume.targets.lio.LioAdm._execute" {{(pid=196635) inner /usr/local/lib/python3.12/site-packages/oslo_concurrency/lockutils.py:405}}
Jan 26 19:12:04.931064 np0005596550.novalocal cinder-volume[196635]: DEBUG oslo_concurrency.lockutils [None req-9ac07ad3-9f7c-4ec6-8c32-b970956a5d0c tempest-VolumesBackupsTest-97611117 None] Lock "lioadm" acquired by "cinder.volume.targets.lio.LioAdm._execute" :: waited 0.001s {{(pid=196635) inner /usr/local/lib/python3.12/site-packages/oslo_concurrency/lockutils.py:410}}
Jan 26 19:12:04.931665 np0005596550.novalocal cinder-volume[196635]: DEBUG oslo_concurrency.processutils [None req-9ac07ad3-9f7c-4ec6-8c32-b970956a5d0c tempest-VolumesBackupsTest-97611117 None] Running cmd (subprocess): sudo cinder-rootwrap /etc/cinder/rootwrap.conf cinder-rtstool delete iqn.2010-10.org.openstack:volume-3688e2f1-1cb3-48e8-bffd-1d3a4b8848f2 {{(pid=196635) execute /usr/local/lib/python3.12/site-packages/oslo_concurrency/processutils.py:349}}
Jan 26 19:12:04.950018 np0005596550.novalocal sudo[229402]: stack : PWD=/ ; USER=root ; COMMAND=/usr/local/bin/cinder-rootwrap /etc/cinder/rootwrap.conf cinder-rtstool delete iqn.2010-10.org.openstack:volume-3688e2f1-1cb3-48e8-bffd-1d3a4b8848f2
Jan 26 19:12:05.589305 np0005596550.novalocal cinder-volume[196635]: DEBUG oslo_concurrency.processutils [None req-9ac07ad3-9f7c-4ec6-8c32-b970956a5d0c tempest-VolumesBackupsTest-97611117 None] CMD "sudo cinder-rootwrap /etc/cinder/rootwrap.conf cinder-rtstool delete iqn.2010-10.org.openstack:volume-3688e2f1-1cb3-48e8-bffd-1d3a4b8848f2" returned: 0 in 0.658s {{(pid=196635) execute /usr/local/lib/python3.12/site-packages/oslo_concurrency/processutils.py:372}}
Jan 26 19:12:05.589617 np0005596550.novalocal cinder-volume[196635]: DEBUG oslo_concurrency.lockutils [None req-9ac07ad3-9f7c-4ec6-8c32-b970956a5d0c tempest-VolumesBackupsTest-97611117 None] Lock "lioadm" "released" by "cinder.volume.targets.lio.LioAdm._execute" :: held 0.659s {{(pid=196635) inner /usr/local/lib/python3.12/site-packages/oslo_concurrency/lockutils.py:424}}
Jan 26 19:12:05.589749 np0005596550.novalocal cinder-volume[196635]: DEBUG oslo_concurrency.lockutils [None req-9ac07ad3-9f7c-4ec6-8c32-b970956a5d0c tempest-VolumesBackupsTest-97611117 None] Acquiring lock "lioadm" by "cinder.volume.targets.lio.LioAdm._execute" {{(pid=196635) inner /usr/local/lib/python3.12/site-packages/oslo_concurrency/lockutils.py:405}}
Jan 26 19:12:05.591460 np0005596550.novalocal cinder-volume[196635]: DEBUG oslo_concurrency.lockutils [None req-9ac07ad3-9f7c-4ec6-8c32-b970956a5d0c tempest-VolumesBackupsTest-97611117 None] Lock "lioadm" acquired by "cinder.volume.targets.lio.LioAdm._execute" :: waited 0.002s {{(pid=196635) inner /usr/local/lib/python3.12/site-packages/oslo_concurrency/lockutils.py:410}}
Jan 26 19:12:05.593634 np0005596550.novalocal cinder-volume[196635]: DEBUG oslo_concurrency.processutils [None req-9ac07ad3-9f7c-4ec6-8c32-b970956a5d0c tempest-VolumesBackupsTest-97611117 None] Running cmd (subprocess): sudo cinder-rootwrap /etc/cinder/rootwrap.conf cinder-rtstool save {{(pid=196635) execute /usr/local/lib/python3.12/site-packages/oslo_concurrency/processutils.py:349}}
Jan 26 19:12:05.613863 np0005596550.novalocal sudo[229409]: stack : PWD=/ ; USER=root ; COMMAND=/usr/local/bin/cinder-rootwrap /etc/cinder/rootwrap.conf cinder-rtstool save
Jan 26 19:12:06.224265 np0005596550.novalocal cinder-volume[196635]: DEBUG oslo_concurrency.processutils [None req-9ac07ad3-9f7c-4ec6-8c32-b970956a5d0c tempest-VolumesBackupsTest-97611117 None] CMD "sudo cinder-rootwrap /etc/cinder/rootwrap.conf cinder-rtstool save" returned: 0 in 0.632s {{(pid=196635) execute /usr/local/lib/python3.12/site-packages/oslo_concurrency/processutils.py:372}}
Jan 26 19:12:06.224656 np0005596550.novalocal cinder-volume[196635]: DEBUG oslo_concurrency.lockutils [None req-9ac07ad3-9f7c-4ec6-8c32-b970956a5d0c tempest-VolumesBackupsTest-97611117 None] Lock "lioadm" "released" by "cinder.volume.targets.lio.LioAdm._execute" :: held 0.633s {{(pid=196635) inner /usr/local/lib/python3.12/site-packages/oslo_concurrency/lockutils.py:424}}
Jan 26 19:12:06.227015 np0005596550.novalocal cinder-volume[196635]: INFO cinder.volume.manager [None req-9ac07ad3-9f7c-4ec6-8c32-b970956a5d0c tempest-VolumesBackupsTest-97611117 None] Remove volume export completed successfully.
Jan 26 19:12:06.384608 np0005596550.novalocal cinder-volume[196635]: DEBUG cinder.coordination [None req-9ac07ad3-9f7c-4ec6-8c32-b970956a5d0c tempest-VolumesBackupsTest-97611117 None] Acquiring lock "cinder-3688e2f1-1cb3-48e8-bffd-1d3a4b8848f2-delete_volume" by "delete_volume" {{(pid=196635) __acquire /opt/stack/cinder/cinder/coordination.py:143}}
Jan 26 19:12:06.389811 np0005596550.novalocal cinder-volume[196635]: DEBUG cinder.coordination [None req-9ac07ad3-9f7c-4ec6-8c32-b970956a5d0c tempest-VolumesBackupsTest-97611117 None] Lock "cinder-3688e2f1-1cb3-48e8-bffd-1d3a4b8848f2-delete_volume" acquired by "delete_volume" :: waited 0.005s {{(pid=196635) __acquire /opt/stack/cinder/cinder/coordination.py:146}}
Jan 26 19:12:06.396279 np0005596550.novalocal cinder-volume[196635]: DEBUG oslo_concurrency.lockutils [None req-9ac07ad3-9f7c-4ec6-8c32-b970956a5d0c tempest-VolumesBackupsTest-97611117 None] Acquiring lock "lioadm" by "cinder.volume.targets.lio.LioAdm._execute" {{(pid=196635) inner /usr/local/lib/python3.12/site-packages/oslo_concurrency/lockutils.py:405}}
Jan 26 19:12:06.396597 np0005596550.novalocal cinder-volume[196635]: DEBUG oslo_concurrency.lockutils [None req-9ac07ad3-9f7c-4ec6-8c32-b970956a5d0c tempest-VolumesBackupsTest-97611117 None] Lock "lioadm" acquired by "cinder.volume.targets.lio.LioAdm._execute" :: waited 0.000s {{(pid=196635) inner /usr/local/lib/python3.12/site-packages/oslo_concurrency/lockutils.py:410}}
Jan 26 19:12:06.396905 np0005596550.novalocal cinder-volume[196635]: DEBUG oslo_concurrency.processutils [None req-9ac07ad3-9f7c-4ec6-8c32-b970956a5d0c tempest-VolumesBackupsTest-97611117 None] Running cmd (subprocess): sudo cinder-rootwrap /etc/cinder/rootwrap.conf cinder-rtstool get-targets {{(pid=196635) execute /usr/local/lib/python3.12/site-packages/oslo_concurrency/processutils.py:349}}
Jan 26 19:12:06.419046 np0005596550.novalocal sudo[229418]: stack : PWD=/ ; USER=root ; COMMAND=/usr/local/bin/cinder-rootwrap /etc/cinder/rootwrap.conf cinder-rtstool get-targets
Jan 26 19:12:07.003832 np0005596550.novalocal cinder-volume[196635]: DEBUG oslo_concurrency.processutils [None req-9ac07ad3-9f7c-4ec6-8c32-b970956a5d0c tempest-VolumesBackupsTest-97611117 None] CMD "sudo cinder-rootwrap /etc/cinder/rootwrap.conf cinder-rtstool get-targets" returned: 0 in 0.607s {{(pid=196635) execute /usr/local/lib/python3.12/site-packages/oslo_concurrency/processutils.py:372}}
Jan 26 19:12:07.004441 np0005596550.novalocal cinder-volume[196635]: DEBUG oslo_concurrency.lockutils [None req-9ac07ad3-9f7c-4ec6-8c32-b970956a5d0c tempest-VolumesBackupsTest-97611117 None] Lock "lioadm" "released" by "cinder.volume.targets.lio.LioAdm._execute" :: held 0.608s {{(pid=196635) inner /usr/local/lib/python3.12/site-packages/oslo_concurrency/lockutils.py:424}}
Jan 26 19:12:07.004656 np0005596550.novalocal cinder-volume[196635]: INFO cinder.volume.targets.iscsi [None req-9ac07ad3-9f7c-4ec6-8c32-b970956a5d0c tempest-VolumesBackupsTest-97611117 None] Skipping remove_export. No iscsi_target is presently exported for volume: 3688e2f1-1cb3-48e8-bffd-1d3a4b8848f2
Jan 26 19:12:07.005591 np0005596550.novalocal cinder-volume[196635]: DEBUG oslo_concurrency.processutils [None req-9ac07ad3-9f7c-4ec6-8c32-b970956a5d0c tempest-VolumesBackupsTest-97611117 None] Running cmd (subprocess): sudo cinder-rootwrap /etc/cinder/rootwrap.conf env LC_ALL=C lvs --noheadings --unit=g -o vg_name,name,size --nosuffix --readonly stack-volumes-lvmdriver-1/volume-3688e2f1-1cb3-48e8-bffd-1d3a4b8848f2 {{(pid=196635) execute /usr/local/lib/python3.12/site-packages/oslo_concurrency/processutils.py:349}}
Jan 26 19:12:07.028369 np0005596550.novalocal sudo[229425]: stack : PWD=/ ; USER=root ; COMMAND=/usr/local/bin/cinder-rootwrap /etc/cinder/rootwrap.conf env LC_ALL=C lvs --noheadings --unit=g -o vg_name,name,size --nosuffix --readonly stack-volumes-lvmdriver-1/volume-3688e2f1-1cb3-48e8-bffd-1d3a4b8848f2
Jan 26 19:12:07.393409 np0005596550.novalocal cinder-volume[196635]: DEBUG oslo_concurrency.processutils [None req-9ac07ad3-9f7c-4ec6-8c32-b970956a5d0c tempest-VolumesBackupsTest-97611117 None] CMD "sudo cinder-rootwrap /etc/cinder/rootwrap.conf env LC_ALL=C lvs --noheadings --unit=g -o vg_name,name,size --nosuffix --readonly stack-volumes-lvmdriver-1/volume-3688e2f1-1cb3-48e8-bffd-1d3a4b8848f2" returned: 0 in 0.387s {{(pid=196635) execute /usr/local/lib/python3.12/site-packages/oslo_concurrency/processutils.py:372}}
Jan 26 19:12:07.396843 np0005596550.novalocal cinder-volume[196635]: DEBUG oslo_concurrency.processutils [None req-9ac07ad3-9f7c-4ec6-8c32-b970956a5d0c tempest-VolumesBackupsTest-97611117 None] Running cmd (subprocess): sudo cinder-rootwrap /etc/cinder/rootwrap.conf env LC_ALL=C lvdisplay --noheading -C -o Attr --readonly stack-volumes-lvmdriver-1/volume-3688e2f1-1cb3-48e8-bffd-1d3a4b8848f2 {{(pid=196635) execute /usr/local/lib/python3.12/site-packages/oslo_concurrency/processutils.py:349}}
Jan 26 19:12:07.413982 np0005596550.novalocal sudo[229430]: stack : PWD=/ ; USER=root ; COMMAND=/usr/local/bin/cinder-rootwrap /etc/cinder/rootwrap.conf env LC_ALL=C lvdisplay --noheading -C -o Attr --readonly stack-volumes-lvmdriver-1/volume-3688e2f1-1cb3-48e8-bffd-1d3a4b8848f2
Jan 26 19:12:07.792674 np0005596550.novalocal cinder-volume[196635]: DEBUG oslo_concurrency.processutils [None req-9ac07ad3-9f7c-4ec6-8c32-b970956a5d0c tempest-VolumesBackupsTest-97611117 None] CMD "sudo cinder-rootwrap /etc/cinder/rootwrap.conf env LC_ALL=C lvdisplay --noheading -C -o Attr --readonly stack-volumes-lvmdriver-1/volume-3688e2f1-1cb3-48e8-bffd-1d3a4b8848f2" returned: 0 in 0.397s {{(pid=196635) execute /usr/local/lib/python3.12/site-packages/oslo_concurrency/processutils.py:372}}
Jan 26 19:12:07.795341 np0005596550.novalocal cinder-volume[196635]: DEBUG oslo_concurrency.processutils [None req-9ac07ad3-9f7c-4ec6-8c32-b970956a5d0c tempest-VolumesBackupsTest-97611117 None] Running cmd (subprocess): sudo cinder-rootwrap /etc/cinder/rootwrap.conf lvremove --config activation { retry_deactivation = 1} -f stack-volumes-lvmdriver-1/volume-3688e2f1-1cb3-48e8-bffd-1d3a4b8848f2 {{(pid=196635) execute /usr/local/lib/python3.12/site-packages/oslo_concurrency/processutils.py:349}}
Jan 26 19:12:07.814714 np0005596550.novalocal sudo[229436]: stack : PWD=/ ; USER=root ; COMMAND=/usr/local/bin/cinder-rootwrap /etc/cinder/rootwrap.conf lvremove --config 'activation { retry_deactivation = 1} ' -f stack-volumes-lvmdriver-1/volume-3688e2f1-1cb3-48e8-bffd-1d3a4b8848f2
Jan 26 19:12:08.246504 np0005596550.novalocal cinder-volume[196635]: DEBUG oslo_concurrency.processutils [None req-9ac07ad3-9f7c-4ec6-8c32-b970956a5d0c tempest-VolumesBackupsTest-97611117 None] CMD "sudo cinder-rootwrap /etc/cinder/rootwrap.conf lvremove --config activation { retry_deactivation = 1} -f stack-volumes-lvmdriver-1/volume-3688e2f1-1cb3-48e8-bffd-1d3a4b8848f2" returned: 0 in 0.451s {{(pid=196635) execute /usr/local/lib/python3.12/site-packages/oslo_concurrency/processutils.py:372}}
Jan 26 19:12:08.247160 np0005596550.novalocal cinder-volume[196635]: INFO cinder.volume.drivers.lvm [None req-9ac07ad3-9f7c-4ec6-8c32-b970956a5d0c tempest-VolumesBackupsTest-97611117 None] Successfully deleted volume: 3688e2f1-1cb3-48e8-bffd-1d3a4b8848f2
Jan 26 19:12:08.268597 np0005596550.novalocal cinder-volume[196635]: INFO cinder.volume.manager [None req-9ac07ad3-9f7c-4ec6-8c32-b970956a5d0c tempest-VolumesBackupsTest-97611117 None] Deleted volume successfully.
Jan 26 19:12:08.271932 np0005596550.novalocal cinder-volume[196635]: DEBUG cinder.coordination [None req-9ac07ad3-9f7c-4ec6-8c32-b970956a5d0c tempest-VolumesBackupsTest-97611117 None] Lock "cinder-3688e2f1-1cb3-48e8-bffd-1d3a4b8848f2-delete_volume" released by "delete_volume" :: held 1.882s {{(pid=196635) __release /opt/stack/cinder/cinder/coordination.py:157}}
Jan 26 19:12:09.448247 np0005596550.novalocal cinder-volume[196635]: DEBUG oslo_concurrency.lockutils [req-4d742ded-6e27-402a-bd00-362b0310f4e2 req-5e24280a-7c4b-4759-92b4-8a48c3d1d011 tempest-VolumesBackupsTest-97611117 None] Acquiring lock "lioadm" by "cinder.volume.targets.lio.LioAdm._execute" {{(pid=196635) inner /usr/local/lib/python3.12/site-packages/oslo_concurrency/lockutils.py:405}}
Jan 26 19:12:09.450329 np0005596550.novalocal cinder-volume[196635]: DEBUG oslo_concurrency.lockutils [req-4d742ded-6e27-402a-bd00-362b0310f4e2 req-5e24280a-7c4b-4759-92b4-8a48c3d1d011 tempest-VolumesBackupsTest-97611117 None] Lock "lioadm" acquired by "cinder.volume.targets.lio.LioAdm._execute" :: waited 0.001s {{(pid=196635) inner /usr/local/lib/python3.12/site-packages/oslo_concurrency/lockutils.py:410}}
Jan 26 19:12:09.450329 np0005596550.novalocal cinder-volume[196635]: DEBUG oslo_concurrency.processutils [req-4d742ded-6e27-402a-bd00-362b0310f4e2 req-5e24280a-7c4b-4759-92b4-8a48c3d1d011 tempest-VolumesBackupsTest-97611117 None] Running cmd (subprocess): sudo cinder-rootwrap /etc/cinder/rootwrap.conf cinder-rtstool delete-initiator iqn.2010-10.org.openstack:volume-7b99cea9-3a13-452e-9141-efcbb218f28b iqn.1994-05.com.redhat:cea4a155eb24 {{(pid=196635) execute /usr/local/lib/python3.12/site-packages/oslo_concurrency/processutils.py:349}}
Jan 26 19:12:09.470067 np0005596550.novalocal sudo[229478]: stack : PWD=/ ; USER=root ; COMMAND=/usr/local/bin/cinder-rootwrap /etc/cinder/rootwrap.conf cinder-rtstool delete-initiator iqn.2010-10.org.openstack:volume-7b99cea9-3a13-452e-9141-efcbb218f28b iqn.1994-05.com.redhat:cea4a155eb24
Jan 26 19:12:09.996069 np0005596550.novalocal cinder-volume[196635]: DEBUG oslo_concurrency.processutils [req-4d742ded-6e27-402a-bd00-362b0310f4e2 req-5e24280a-7c4b-4759-92b4-8a48c3d1d011 tempest-VolumesBackupsTest-97611117 None] CMD "sudo cinder-rootwrap /etc/cinder/rootwrap.conf cinder-rtstool delete-initiator iqn.2010-10.org.openstack:volume-7b99cea9-3a13-452e-9141-efcbb218f28b iqn.1994-05.com.redhat:cea4a155eb24" returned: 0 in 0.546s {{(pid=196635) execute /usr/local/lib/python3.12/site-packages/oslo_concurrency/processutils.py:372}}
Jan 26 19:12:09.996583 np0005596550.novalocal cinder-volume[196635]: DEBUG oslo_concurrency.lockutils [req-4d742ded-6e27-402a-bd00-362b0310f4e2 req-5e24280a-7c4b-4759-92b4-8a48c3d1d011 tempest-VolumesBackupsTest-97611117 None] Lock "lioadm" "released" by "cinder.volume.targets.lio.LioAdm._execute" :: held 0.548s {{(pid=196635) inner /usr/local/lib/python3.12/site-packages/oslo_concurrency/lockutils.py:424}}
Jan 26 19:12:09.996889 np0005596550.novalocal cinder-volume[196635]: DEBUG oslo_concurrency.lockutils [req-4d742ded-6e27-402a-bd00-362b0310f4e2 req-5e24280a-7c4b-4759-92b4-8a48c3d1d011 tempest-VolumesBackupsTest-97611117 None] Acquiring lock "lioadm" by "cinder.volume.targets.lio.LioAdm._execute" {{(pid=196635) inner /usr/local/lib/python3.12/site-packages/oslo_concurrency/lockutils.py:405}}
Jan 26 19:12:09.997398 np0005596550.novalocal cinder-volume[196635]: DEBUG oslo_concurrency.lockutils [req-4d742ded-6e27-402a-bd00-362b0310f4e2 req-5e24280a-7c4b-4759-92b4-8a48c3d1d011 tempest-VolumesBackupsTest-97611117 None] Lock "lioadm" acquired by "cinder.volume.targets.lio.LioAdm._execute" :: waited 0.000s {{(pid=196635) inner /usr/local/lib/python3.12/site-packages/oslo_concurrency/lockutils.py:410}}
Jan 26 19:12:09.997895 np0005596550.novalocal cinder-volume[196635]: DEBUG oslo_concurrency.processutils [req-4d742ded-6e27-402a-bd00-362b0310f4e2 req-5e24280a-7c4b-4759-92b4-8a48c3d1d011 tempest-VolumesBackupsTest-97611117 None] Running cmd (subprocess): sudo cinder-rootwrap /etc/cinder/rootwrap.conf cinder-rtstool save {{(pid=196635) execute /usr/local/lib/python3.12/site-packages/oslo_concurrency/processutils.py:349}}
Jan 26 19:12:10.023287 np0005596550.novalocal sudo[229484]: stack : PWD=/ ; USER=root ; COMMAND=/usr/local/bin/cinder-rootwrap /etc/cinder/rootwrap.conf cinder-rtstool save
Jan 26 19:12:10.586114 np0005596550.novalocal cinder-volume[196635]: DEBUG oslo_concurrency.processutils [req-4d742ded-6e27-402a-bd00-362b0310f4e2 req-5e24280a-7c4b-4759-92b4-8a48c3d1d011 tempest-VolumesBackupsTest-97611117 None] CMD "sudo cinder-rootwrap /etc/cinder/rootwrap.conf cinder-rtstool save" returned: 0 in 0.586s {{(pid=196635) execute /usr/local/lib/python3.12/site-packages/oslo_concurrency/processutils.py:372}}
Jan 26 19:12:10.586114 np0005596550.novalocal cinder-volume[196635]: DEBUG oslo_concurrency.lockutils [req-4d742ded-6e27-402a-bd00-362b0310f4e2 req-5e24280a-7c4b-4759-92b4-8a48c3d1d011 tempest-VolumesBackupsTest-97611117 None] Lock "lioadm" "released" by "cinder.volume.targets.lio.LioAdm._execute" :: held 0.587s {{(pid=196635) inner /usr/local/lib/python3.12/site-packages/oslo_concurrency/lockutils.py:424}}
Jan 26 19:12:10.586114 np0005596550.novalocal cinder-volume[196635]: INFO cinder.volume.manager [req-4d742ded-6e27-402a-bd00-362b0310f4e2 req-5e24280a-7c4b-4759-92b4-8a48c3d1d011 tempest-VolumesBackupsTest-97611117 None] Terminate volume connection completed successfully.
Jan 26 19:12:10.586114 np0005596550.novalocal cinder-volume[196635]: DEBUG cinder.volume.manager [req-4d742ded-6e27-402a-bd00-362b0310f4e2 req-5e24280a-7c4b-4759-92b4-8a48c3d1d011 tempest-VolumesBackupsTest-97611117 None] Deleting attachment 16bf5a90-9f6b-4c69-9725-c304d2178e8d. {{(pid=196635) attachment_delete /opt/stack/cinder/cinder/volume/manager.py:5024}}
Jan 26 19:12:10.586114 np0005596550.novalocal cinder-volume[196635]: DEBUG oslo_concurrency.lockutils [req-4d742ded-6e27-402a-bd00-362b0310f4e2 req-5e24280a-7c4b-4759-92b4-8a48c3d1d011 tempest-VolumesBackupsTest-97611117 None] Acquiring lock "lioadm" by "cinder.volume.targets.lio.LioAdm._execute" {{(pid=196635) inner /usr/local/lib/python3.12/site-packages/oslo_concurrency/lockutils.py:405}}
Jan 26 19:12:10.586114 np0005596550.novalocal cinder-volume[196635]: DEBUG oslo_concurrency.lockutils [req-4d742ded-6e27-402a-bd00-362b0310f4e2 req-5e24280a-7c4b-4759-92b4-8a48c3d1d011 tempest-VolumesBackupsTest-97611117 None] Lock "lioadm" acquired by "cinder.volume.targets.lio.LioAdm._execute" :: waited 0.000s {{(pid=196635) inner /usr/local/lib/python3.12/site-packages/oslo_concurrency/lockutils.py:410}}
Jan 26 19:12:10.587013 np0005596550.novalocal cinder-volume[196635]: DEBUG oslo_concurrency.processutils [req-4d742ded-6e27-402a-bd00-362b0310f4e2 req-5e24280a-7c4b-4759-92b4-8a48c3d1d011 tempest-VolumesBackupsTest-97611117 None] Running cmd (subprocess): sudo cinder-rootwrap /etc/cinder/rootwrap.conf cinder-rtstool get-targets {{(pid=196635) execute /usr/local/lib/python3.12/site-packages/oslo_concurrency/processutils.py:349}}
Jan 26 19:12:10.619737 np0005596550.novalocal sudo[229493]: stack : PWD=/ ; USER=root ; COMMAND=/usr/local/bin/cinder-rootwrap /etc/cinder/rootwrap.conf cinder-rtstool get-targets
Jan 26 19:12:11.129842 np0005596550.novalocal cinder-volume[196635]: DEBUG oslo_concurrency.processutils [req-4d742ded-6e27-402a-bd00-362b0310f4e2 req-5e24280a-7c4b-4759-92b4-8a48c3d1d011 tempest-VolumesBackupsTest-97611117 None] CMD "sudo cinder-rootwrap /etc/cinder/rootwrap.conf cinder-rtstool get-targets" returned: 0 in 0.542s {{(pid=196635) execute /usr/local/lib/python3.12/site-packages/oslo_concurrency/processutils.py:372}}
Jan 26 19:12:11.130343 np0005596550.novalocal cinder-volume[196635]: DEBUG oslo_concurrency.lockutils [req-4d742ded-6e27-402a-bd00-362b0310f4e2 req-5e24280a-7c4b-4759-92b4-8a48c3d1d011 tempest-VolumesBackupsTest-97611117 None] Lock "lioadm" "released" by "cinder.volume.targets.lio.LioAdm._execute" :: held 0.545s {{(pid=196635) inner /usr/local/lib/python3.12/site-packages/oslo_concurrency/lockutils.py:424}}
Jan 26 19:12:11.130701 np0005596550.novalocal cinder-volume[196635]: INFO cinder.volume.targets.lio [req-4d742ded-6e27-402a-bd00-362b0310f4e2 req-5e24280a-7c4b-4759-92b4-8a48c3d1d011 tempest-VolumesBackupsTest-97611117 None] Removing iscsi_target: 7b99cea9-3a13-452e-9141-efcbb218f28b
Jan 26 19:12:11.130897 np0005596550.novalocal cinder-volume[196635]: DEBUG oslo_concurrency.lockutils [req-4d742ded-6e27-402a-bd00-362b0310f4e2 req-5e24280a-7c4b-4759-92b4-8a48c3d1d011 tempest-VolumesBackupsTest-97611117 None] Acquiring lock "lioadm" by "cinder.volume.targets.lio.LioAdm._execute" {{(pid=196635) inner /usr/local/lib/python3.12/site-packages/oslo_concurrency/lockutils.py:405}}
Jan 26 19:12:11.131254 np0005596550.novalocal cinder-volume[196635]: DEBUG oslo_concurrency.lockutils [req-4d742ded-6e27-402a-bd00-362b0310f4e2 req-5e24280a-7c4b-4759-92b4-8a48c3d1d011 tempest-VolumesBackupsTest-97611117 None] Lock "lioadm" acquired by "cinder.volume.targets.lio.LioAdm._execute" :: waited 0.000s {{(pid=196635) inner /usr/local/lib/python3.12/site-packages/oslo_concurrency/lockutils.py:410}}
Jan 26 19:12:11.131607 np0005596550.novalocal cinder-volume[196635]: DEBUG oslo_concurrency.processutils [req-4d742ded-6e27-402a-bd00-362b0310f4e2 req-5e24280a-7c4b-4759-92b4-8a48c3d1d011 tempest-VolumesBackupsTest-97611117 None] Running cmd (subprocess): sudo cinder-rootwrap /etc/cinder/rootwrap.conf cinder-rtstool delete iqn.2010-10.org.openstack:volume-7b99cea9-3a13-452e-9141-efcbb218f28b {{(pid=196635) execute /usr/local/lib/python3.12/site-packages/oslo_concurrency/processutils.py:349}}
Jan 26 19:12:11.150357 np0005596550.novalocal sudo[229504]: stack : PWD=/ ; USER=root ; COMMAND=/usr/local/bin/cinder-rootwrap /etc/cinder/rootwrap.conf cinder-rtstool delete iqn.2010-10.org.openstack:volume-7b99cea9-3a13-452e-9141-efcbb218f28b
Jan 26 19:12:11.766524 np0005596550.novalocal cinder-volume[196635]: DEBUG oslo_concurrency.processutils [req-4d742ded-6e27-402a-bd00-362b0310f4e2 req-5e24280a-7c4b-4759-92b4-8a48c3d1d011 tempest-VolumesBackupsTest-97611117 None] CMD "sudo cinder-rootwrap /etc/cinder/rootwrap.conf cinder-rtstool delete iqn.2010-10.org.openstack:volume-7b99cea9-3a13-452e-9141-efcbb218f28b" returned: 0 in 0.634s {{(pid=196635) execute /usr/local/lib/python3.12/site-packages/oslo_concurrency/processutils.py:372}}
Jan 26 19:12:11.767094 np0005596550.novalocal cinder-volume[196635]: DEBUG oslo_concurrency.lockutils [req-4d742ded-6e27-402a-bd00-362b0310f4e2 req-5e24280a-7c4b-4759-92b4-8a48c3d1d011 tempest-VolumesBackupsTest-97611117 None] Lock "lioadm" "released" by "cinder.volume.targets.lio.LioAdm._execute" :: held 0.635s {{(pid=196635) inner /usr/local/lib/python3.12/site-packages/oslo_concurrency/lockutils.py:424}}
Jan 26 19:12:11.767241 np0005596550.novalocal cinder-volume[196635]: DEBUG oslo_concurrency.lockutils [req-4d742ded-6e27-402a-bd00-362b0310f4e2 req-5e24280a-7c4b-4759-92b4-8a48c3d1d011 tempest-VolumesBackupsTest-97611117 None] Acquiring lock "lioadm" by "cinder.volume.targets.lio.LioAdm._execute" {{(pid=196635) inner /usr/local/lib/python3.12/site-packages/oslo_concurrency/lockutils.py:405}}
Jan 26 19:12:11.768744 np0005596550.novalocal cinder-volume[196635]: DEBUG oslo_concurrency.lockutils [req-4d742ded-6e27-402a-bd00-362b0310f4e2 req-5e24280a-7c4b-4759-92b4-8a48c3d1d011 tempest-VolumesBackupsTest-97611117 None] Lock "lioadm" acquired by "cinder.volume.targets.lio.LioAdm._execute" :: waited 0.001s {{(pid=196635) inner /usr/local/lib/python3.12/site-packages/oslo_concurrency/lockutils.py:410}}
Jan 26 19:12:11.768744 np0005596550.novalocal cinder-volume[196635]: DEBUG oslo_concurrency.processutils [req-4d742ded-6e27-402a-bd00-362b0310f4e2 req-5e24280a-7c4b-4759-92b4-8a48c3d1d011 tempest-VolumesBackupsTest-97611117 None] Running cmd (subprocess): sudo cinder-rootwrap /etc/cinder/rootwrap.conf cinder-rtstool save {{(pid=196635) execute /usr/local/lib/python3.12/site-packages/oslo_concurrency/processutils.py:349}}
Jan 26 19:12:11.796020 np0005596550.novalocal sudo[229526]: stack : PWD=/ ; USER=root ; COMMAND=/usr/local/bin/cinder-rootwrap /etc/cinder/rootwrap.conf cinder-rtstool save
Jan 26 19:12:12.308407 np0005596550.novalocal cinder-volume[196635]: DEBUG oslo_concurrency.processutils [req-4d742ded-6e27-402a-bd00-362b0310f4e2 req-5e24280a-7c4b-4759-92b4-8a48c3d1d011 tempest-VolumesBackupsTest-97611117 None] CMD "sudo cinder-rootwrap /etc/cinder/rootwrap.conf cinder-rtstool save" returned: 0 in 0.540s {{(pid=196635) execute /usr/local/lib/python3.12/site-packages/oslo_concurrency/processutils.py:372}}
Jan 26 19:12:12.308898 np0005596550.novalocal cinder-volume[196635]: DEBUG oslo_concurrency.lockutils [req-4d742ded-6e27-402a-bd00-362b0310f4e2 req-5e24280a-7c4b-4759-92b4-8a48c3d1d011 tempest-VolumesBackupsTest-97611117 None] Lock "lioadm" "released" by "cinder.volume.targets.lio.LioAdm._execute" :: held 0.541s {{(pid=196635) inner /usr/local/lib/python3.12/site-packages/oslo_concurrency/lockutils.py:424}}
Jan 26 19:12:19.438536 np0005596550.novalocal cinder-volume[196635]: DEBUG dbcounter [-] [196635] Writing DB stats cinder:SELECT=20,cinder:UPDATE=16,cinder:INSERT=3 {{(pid=196635) stat_writer /usr/local/lib/python3.12/site-packages/dbcounter.py:115}}
Jan 26 19:12:19.445803 np0005596550.novalocal cinder-volume[196635]: DEBUG dbcounter [-] [196635] Writing DB stats cinder:SELECT=21,cinder:UPDATE=15,cinder:INSERT=2,cinder:DELETE=1 {{(pid=196635) stat_writer /usr/local/lib/python3.12/site-packages/dbcounter.py:115}}
Jan 26 19:12:19.866122 np0005596550.novalocal cinder-volume[196635]: DEBUG cinder.coordination [None req-7d0879ff-2932-4dc6-988c-cbee4f7cbfe8 tempest-VolumesBackupsTest-97611117 None] Acquiring lock "cinder-7b99cea9-3a13-452e-9141-efcbb218f28b-delete_volume" by "delete_volume" {{(pid=196635) __acquire /opt/stack/cinder/cinder/coordination.py:143}}
Jan 26 19:12:19.872866 np0005596550.novalocal cinder-volume[196635]: DEBUG cinder.coordination [None req-7d0879ff-2932-4dc6-988c-cbee4f7cbfe8 tempest-VolumesBackupsTest-97611117 None] Lock "cinder-7b99cea9-3a13-452e-9141-efcbb218f28b-delete_volume" acquired by "delete_volume" :: waited 0.007s {{(pid=196635) __acquire /opt/stack/cinder/cinder/coordination.py:146}}
Jan 26 19:12:19.919143 np0005596550.novalocal cinder-volume[196635]: DEBUG oslo_concurrency.lockutils [None req-7d0879ff-2932-4dc6-988c-cbee4f7cbfe8 tempest-VolumesBackupsTest-97611117 None] Acquiring lock "lioadm" by "cinder.volume.targets.lio.LioAdm._execute" {{(pid=196635) inner /usr/local/lib/python3.12/site-packages/oslo_concurrency/lockutils.py:405}}
Jan 26 19:12:19.919581 np0005596550.novalocal cinder-volume[196635]: DEBUG oslo_concurrency.lockutils [None req-7d0879ff-2932-4dc6-988c-cbee4f7cbfe8 tempest-VolumesBackupsTest-97611117 None] Lock "lioadm" acquired by "cinder.volume.targets.lio.LioAdm._execute" :: waited 0.001s {{(pid=196635) inner /usr/local/lib/python3.12/site-packages/oslo_concurrency/lockutils.py:410}}
Jan 26 19:12:19.919940 np0005596550.novalocal cinder-volume[196635]: DEBUG oslo_concurrency.processutils [None req-7d0879ff-2932-4dc6-988c-cbee4f7cbfe8 tempest-VolumesBackupsTest-97611117 None] Running cmd (subprocess): sudo cinder-rootwrap /etc/cinder/rootwrap.conf cinder-rtstool get-targets {{(pid=196635) execute /usr/local/lib/python3.12/site-packages/oslo_concurrency/processutils.py:349}}
Jan 26 19:12:19.943518 np0005596550.novalocal sudo[229743]: stack : PWD=/ ; USER=root ; COMMAND=/usr/local/bin/cinder-rootwrap /etc/cinder/rootwrap.conf cinder-rtstool get-targets
Jan 26 19:12:20.463441 np0005596550.novalocal cinder-volume[196635]: DEBUG oslo_concurrency.processutils [None req-7d0879ff-2932-4dc6-988c-cbee4f7cbfe8 tempest-VolumesBackupsTest-97611117 None] CMD "sudo cinder-rootwrap /etc/cinder/rootwrap.conf cinder-rtstool get-targets" returned: 0 in 0.543s {{(pid=196635) execute /usr/local/lib/python3.12/site-packages/oslo_concurrency/processutils.py:372}}
Jan 26 19:12:20.463867 np0005596550.novalocal cinder-volume[196635]: DEBUG oslo_concurrency.lockutils [None req-7d0879ff-2932-4dc6-988c-cbee4f7cbfe8 tempest-VolumesBackupsTest-97611117 None] Lock "lioadm" "released" by "cinder.volume.targets.lio.LioAdm._execute" :: held 0.544s {{(pid=196635) inner /usr/local/lib/python3.12/site-packages/oslo_concurrency/lockutils.py:424}}
Jan 26 19:12:20.464142 np0005596550.novalocal cinder-volume[196635]: INFO cinder.volume.targets.iscsi [None req-7d0879ff-2932-4dc6-988c-cbee4f7cbfe8 tempest-VolumesBackupsTest-97611117 None] Skipping remove_export. No iscsi_target is presently exported for volume: 7b99cea9-3a13-452e-9141-efcbb218f28b
Jan 26 19:12:20.464830 np0005596550.novalocal cinder-volume[196635]: DEBUG oslo_concurrency.processutils [None req-7d0879ff-2932-4dc6-988c-cbee4f7cbfe8 tempest-VolumesBackupsTest-97611117 None] Running cmd (subprocess): sudo cinder-rootwrap /etc/cinder/rootwrap.conf env LC_ALL=C lvs --noheadings --unit=g -o vg_name,name,size --nosuffix --readonly stack-volumes-lvmdriver-1/volume-7b99cea9-3a13-452e-9141-efcbb218f28b {{(pid=196635) execute /usr/local/lib/python3.12/site-packages/oslo_concurrency/processutils.py:349}}
Jan 26 19:12:20.485105 np0005596550.novalocal sudo[229773]: stack : PWD=/ ; USER=root ; COMMAND=/usr/local/bin/cinder-rootwrap /etc/cinder/rootwrap.conf env LC_ALL=C lvs --noheadings --unit=g -o vg_name,name,size --nosuffix --readonly stack-volumes-lvmdriver-1/volume-7b99cea9-3a13-452e-9141-efcbb218f28b
Jan 26 19:12:20.844883 np0005596550.novalocal cinder-volume[196635]: DEBUG oslo_concurrency.processutils [None req-7d0879ff-2932-4dc6-988c-cbee4f7cbfe8 tempest-VolumesBackupsTest-97611117 None] CMD "sudo cinder-rootwrap /etc/cinder/rootwrap.conf env LC_ALL=C lvs --noheadings --unit=g -o vg_name,name,size --nosuffix --readonly stack-volumes-lvmdriver-1/volume-7b99cea9-3a13-452e-9141-efcbb218f28b" returned: 0 in 0.380s {{(pid=196635) execute /usr/local/lib/python3.12/site-packages/oslo_concurrency/processutils.py:372}}
Jan 26 19:12:20.845852 np0005596550.novalocal cinder-volume[196635]: DEBUG oslo_concurrency.processutils [None req-7d0879ff-2932-4dc6-988c-cbee4f7cbfe8 tempest-VolumesBackupsTest-97611117 None] Running cmd (subprocess): sudo cinder-rootwrap /etc/cinder/rootwrap.conf env LC_ALL=C lvdisplay --noheading -C -o Attr --readonly stack-volumes-lvmdriver-1/volume-7b99cea9-3a13-452e-9141-efcbb218f28b {{(pid=196635) execute /usr/local/lib/python3.12/site-packages/oslo_concurrency/processutils.py:349}}
Jan 26 19:12:20.868555 np0005596550.novalocal sudo[229779]: stack : PWD=/ ; USER=root ; COMMAND=/usr/local/bin/cinder-rootwrap /etc/cinder/rootwrap.conf env LC_ALL=C lvdisplay --noheading -C -o Attr --readonly stack-volumes-lvmdriver-1/volume-7b99cea9-3a13-452e-9141-efcbb218f28b
Jan 26 19:12:21.226017 np0005596550.novalocal cinder-volume[196635]: DEBUG oslo_concurrency.processutils [None req-7d0879ff-2932-4dc6-988c-cbee4f7cbfe8 tempest-VolumesBackupsTest-97611117 None] CMD "sudo cinder-rootwrap /etc/cinder/rootwrap.conf env LC_ALL=C lvdisplay --noheading -C -o Attr --readonly stack-volumes-lvmdriver-1/volume-7b99cea9-3a13-452e-9141-efcbb218f28b" returned: 0 in 0.379s {{(pid=196635) execute /usr/local/lib/python3.12/site-packages/oslo_concurrency/processutils.py:372}}
Jan 26 19:12:21.226017 np0005596550.novalocal cinder-volume[196635]: DEBUG oslo_concurrency.processutils [None req-7d0879ff-2932-4dc6-988c-cbee4f7cbfe8 tempest-VolumesBackupsTest-97611117 None] Running cmd (subprocess): sudo cinder-rootwrap /etc/cinder/rootwrap.conf lvremove --config activation { retry_deactivation = 1} -f stack-volumes-lvmdriver-1/volume-7b99cea9-3a13-452e-9141-efcbb218f28b {{(pid=196635) execute /usr/local/lib/python3.12/site-packages/oslo_concurrency/processutils.py:349}}
Jan 26 19:12:21.249967 np0005596550.novalocal sudo[229784]: stack : PWD=/ ; USER=root ; COMMAND=/usr/local/bin/cinder-rootwrap /etc/cinder/rootwrap.conf lvremove --config 'activation { retry_deactivation = 1} ' -f stack-volumes-lvmdriver-1/volume-7b99cea9-3a13-452e-9141-efcbb218f28b
Jan 26 19:12:22.079797 np0005596550.novalocal cinder-volume[196635]: DEBUG oslo_concurrency.processutils [None req-7d0879ff-2932-4dc6-988c-cbee4f7cbfe8 tempest-VolumesBackupsTest-97611117 None] CMD "sudo cinder-rootwrap /etc/cinder/rootwrap.conf lvremove --config activation { retry_deactivation = 1} -f stack-volumes-lvmdriver-1/volume-7b99cea9-3a13-452e-9141-efcbb218f28b" returned: 0 in 0.854s {{(pid=196635) execute /usr/local/lib/python3.12/site-packages/oslo_concurrency/processutils.py:372}}
Jan 26 19:12:22.080206 np0005596550.novalocal cinder-volume[196635]: INFO cinder.volume.drivers.lvm [None req-7d0879ff-2932-4dc6-988c-cbee4f7cbfe8 tempest-VolumesBackupsTest-97611117 None] Successfully deleted volume: 7b99cea9-3a13-452e-9141-efcbb218f28b
Jan 26 19:12:22.200030 np0005596550.novalocal cinder-volume[196635]: DEBUG cinder.quota [None req-7d0879ff-2932-4dc6-988c-cbee4f7cbfe8 tempest-VolumesBackupsTest-97611117 None] Created reservations ['e46db375-3b19-442b-8104-7a9fe830085c', 'af12c5a8-2e14-4779-b5af-f47306944f2f', '56f1c84d-228e-44d9-88b9-f83e2c632dcf', '46e7858c-ca5b-4ef0-94a8-11efaeec0f37'] {{(pid=196635) reserve /opt/stack/cinder/cinder/quota.py:752}}
Jan 26 19:12:22.262123 np0005596550.novalocal cinder-volume[196635]: DEBUG cinder.volume.drivers.lvm [None req-7d0879ff-2932-4dc6-988c-cbee4f7cbfe8 tempest-VolumesBackupsTest-97611117 None] Updating volume stats {{(pid=196635) _update_volume_stats /opt/stack/cinder/cinder/volume/drivers/lvm.py:228}}
Jan 26 19:12:22.262459 np0005596550.novalocal cinder-volume[196635]: DEBUG oslo_concurrency.processutils [None req-7d0879ff-2932-4dc6-988c-cbee4f7cbfe8 tempest-VolumesBackupsTest-97611117 None] Running cmd (subprocess): sudo cinder-rootwrap /etc/cinder/rootwrap.conf env LC_ALL=C vgs --noheadings --unit=g -o name,size,free,lv_count,uuid --separator : --nosuffix stack-volumes-lvmdriver-1 {{(pid=196635) execute /usr/local/lib/python3.12/site-packages/oslo_concurrency/processutils.py:349}}
Jan 26 19:12:22.292383 np0005596550.novalocal sudo[229793]: stack : PWD=/ ; USER=root ; COMMAND=/usr/local/bin/cinder-rootwrap /etc/cinder/rootwrap.conf env LC_ALL=C vgs --noheadings --unit=g -o name,size,free,lv_count,uuid --separator : --nosuffix stack-volumes-lvmdriver-1
Jan 26 19:12:22.665718 np0005596550.novalocal cinder-volume[196635]: DEBUG oslo_concurrency.processutils [None req-7d0879ff-2932-4dc6-988c-cbee4f7cbfe8 tempest-VolumesBackupsTest-97611117 None] CMD "sudo cinder-rootwrap /etc/cinder/rootwrap.conf env LC_ALL=C vgs --noheadings --unit=g -o name,size,free,lv_count,uuid --separator : --nosuffix stack-volumes-lvmdriver-1" returned: 0 in 0.403s {{(pid=196635) execute /usr/local/lib/python3.12/site-packages/oslo_concurrency/processutils.py:372}}
Jan 26 19:12:22.666428 np0005596550.novalocal cinder-volume[196635]: DEBUG oslo_concurrency.processutils [None req-7d0879ff-2932-4dc6-988c-cbee4f7cbfe8 tempest-VolumesBackupsTest-97611117 None] Running cmd (subprocess): sudo cinder-rootwrap /etc/cinder/rootwrap.conf env LC_ALL=C lvs --noheadings --unit=g -o vg_name,name,size --nosuffix --readonly stack-volumes-lvmdriver-1 {{(pid=196635) execute /usr/local/lib/python3.12/site-packages/oslo_concurrency/processutils.py:349}}
Jan 26 19:12:22.686044 np0005596550.novalocal sudo[229798]: stack : PWD=/ ; USER=root ; COMMAND=/usr/local/bin/cinder-rootwrap /etc/cinder/rootwrap.conf env LC_ALL=C lvs --noheadings --unit=g -o vg_name,name,size --nosuffix --readonly stack-volumes-lvmdriver-1
Jan 26 19:12:23.138073 np0005596550.novalocal cinder-volume[196635]: DEBUG oslo_concurrency.processutils [None req-7d0879ff-2932-4dc6-988c-cbee4f7cbfe8 tempest-VolumesBackupsTest-97611117 None] CMD "sudo cinder-rootwrap /etc/cinder/rootwrap.conf env LC_ALL=C lvs --noheadings --unit=g -o vg_name,name,size --nosuffix --readonly stack-volumes-lvmdriver-1" returned: 0 in 0.471s {{(pid=196635) execute /usr/local/lib/python3.12/site-packages/oslo_concurrency/processutils.py:372}}
Jan 26 19:12:23.142091 np0005596550.novalocal cinder-volume[196635]: DEBUG oslo_concurrency.processutils [None req-7d0879ff-2932-4dc6-988c-cbee4f7cbfe8 tempest-VolumesBackupsTest-97611117 None] Running cmd (subprocess): sudo cinder-rootwrap /etc/cinder/rootwrap.conf env LC_ALL=C lvs --noheadings --unit=g -o size,data_percent --separator : --nosuffix /dev/stack-volumes-lvmdriver-1/stack-volumes-lvmdriver-1-pool {{(pid=196635) execute /usr/local/lib/python3.12/site-packages/oslo_concurrency/processutils.py:349}}
Jan 26 19:12:23.166416 np0005596550.novalocal sudo[229803]: stack : PWD=/ ; USER=root ; COMMAND=/usr/local/bin/cinder-rootwrap /etc/cinder/rootwrap.conf env LC_ALL=C lvs --noheadings --unit=g -o size,data_percent --separator : --nosuffix /dev/stack-volumes-lvmdriver-1/stack-volumes-lvmdriver-1-pool
Jan 26 19:12:23.423705 np0005596550.novalocal cinder-volume[196635]: DEBUG cinder.volume.flows.manager.create_volume [None req-3651f6b7-26ed-4e09-ad37-0c9c80d1931e tempest-VolumesBackupsTest-97611117 None] Volume reschedule parameters: True retry: {'num_attempts': 1, 'backends': ['np0005596550.novalocal@lvmdriver-1#lvmdriver-1'], 'hosts': ['np0005596550.novalocal@lvmdriver-1#lvmdriver-1']} {{(pid=196635) get_flow /opt/stack/cinder/cinder/volume/flows/manager/create_volume.py:1388}}
Jan 26 19:12:23.431032 np0005596550.novalocal cinder-volume[196635]: DEBUG cinder.volume.manager [None req-3651f6b7-26ed-4e09-ad37-0c9c80d1931e tempest-VolumesBackupsTest-97611117 None] Flow 'volume_create_manager' (580fe9f1-731a-4870-8254-03a407656cfb) transitioned into state 'RUNNING' from state 'PENDING' {{(pid=196635) _flow_receiver /usr/local/lib/python3.12/site-packages/taskflow/listeners/logging.py:145}}
Jan 26 19:12:23.434699 np0005596550.novalocal cinder-volume[196635]: DEBUG cinder.volume.manager [None req-3651f6b7-26ed-4e09-ad37-0c9c80d1931e tempest-VolumesBackupsTest-97611117 None] Task 'cinder.volume.flows.manager.create_volume.ExtractVolumeRefTask;volume:create' (e62dcd5f-3bd4-4afc-8a54-04d28fac8cce) transitioned into state 'RUNNING' from state 'PENDING' {{(pid=196635) _task_receiver /usr/local/lib/python3.12/site-packages/taskflow/listeners/logging.py:194}}
Jan 26 19:12:23.445071 np0005596550.novalocal cinder-volume[196635]: DEBUG cinder.volume.manager [None req-3651f6b7-26ed-4e09-ad37-0c9c80d1931e tempest-VolumesBackupsTest-97611117 None] Task 'cinder.volume.flows.manager.create_volume.ExtractVolumeRefTask;volume:create' (e62dcd5f-3bd4-4afc-8a54-04d28fac8cce) transitioned into state 'SUCCESS' from state 'RUNNING' with result 'Volume(_name_id=None,admin_metadata=,attach_status='detached',availability_zone='nova',bootable=False,cluster=,cluster_name=None,consistencygroup=,consistencygroup_id=None,created_at=2026-01-27T00:12:23Z,deleted=False,deleted_at=None,display_description=None,display_name='tempest-VolumesBackupsTest-Volume-178073742',ec2_id=None,encryption_key_id=None,glance_metadata=,group=,group_id=None,host='np0005596550.novalocal@lvmdriver-1#lvmdriver-1',id=b6214f03-b8e1-4484-94a1-ccba3b65c5d9,launched_at=None,metadata={},migration_status=None,multiattach=False,previous_status=None,project_id='261cb1c98c954302ba86efa2ceee43f2',provider_auth=None,provider_geometry=None,provider_id=None,provider_location=None,replication_driver_data=None,replication_extended_status=None,replication_status=None,scheduled_at=2026-01-27T00:12:23Z,service_uuid=None,shared_targets=True,size=1,snapshot_id=None,snapshots=,source_volid=None,status='creating',terminated_at=None,updated_at=2026-01-27T00:12:23Z,use_quota=True,user_id='e6cbe3740f6c4303bbf3e5d5c92677db',volume_attachment=VolumeAttachmentList,volume_type=VolumeType(423298ae-9268-4d03-9cb5-063c9922a67c),volume_type_id=423298ae-9268-4d03-9cb5-063c9922a67c)' {{(pid=196635) _task_receiver /usr/local/lib/python3.12/site-packages/taskflow/listeners/logging.py:182}}
Jan 26 19:12:23.446981 np0005596550.novalocal cinder-volume[196635]: DEBUG cinder.volume.manager [None req-3651f6b7-26ed-4e09-ad37-0c9c80d1931e tempest-VolumesBackupsTest-97611117 None] Task 'cinder.volume.flows.manager.create_volume.OnFailureRescheduleTask;volume:create' (4d03566a-6fa4-470c-af15-1d00727df1a0) transitioned into state 'RUNNING' from state 'PENDING' {{(pid=196635) _task_receiver /usr/local/lib/python3.12/site-packages/taskflow/listeners/logging.py:194}}
Jan 26 19:12:23.448360 np0005596550.novalocal cinder-volume[196635]: DEBUG cinder.volume.manager [None req-3651f6b7-26ed-4e09-ad37-0c9c80d1931e tempest-VolumesBackupsTest-97611117 None] Task 'cinder.volume.flows.manager.create_volume.OnFailureRescheduleTask;volume:create' (4d03566a-6fa4-470c-af15-1d00727df1a0) transitioned into state 'SUCCESS' from state 'RUNNING' with result 'None' {{(pid=196635) _task_receiver /usr/local/lib/python3.12/site-packages/taskflow/listeners/logging.py:182}}
Jan 26 19:12:23.449967 np0005596550.novalocal cinder-volume[196635]: DEBUG cinder.volume.manager [None req-3651f6b7-26ed-4e09-ad37-0c9c80d1931e tempest-VolumesBackupsTest-97611117 None] Task 'cinder.volume.flows.manager.create_volume.ExtractVolumeSpecTask;volume:create' (bd6ff062-5123-48aa-9295-ad7993297a47) transitioned into state 'RUNNING' from state 'PENDING' {{(pid=196635) _task_receiver /usr/local/lib/python3.12/site-packages/taskflow/listeners/logging.py:194}}
Jan 26 19:12:23.450745 np0005596550.novalocal cinder-volume[196635]: DEBUG cinder.image.glance [None req-3651f6b7-26ed-4e09-ad37-0c9c80d1931e tempest-VolumesBackupsTest-97611117 None] Creating Keystone auth plugin from conf {{(pid=196635) _create_glance_client /opt/stack/cinder/cinder/image/glance.py:128}}
Jan 26 19:12:23.575406 np0005596550.novalocal cinder-volume[196635]: DEBUG oslo_concurrency.processutils [None req-7d0879ff-2932-4dc6-988c-cbee4f7cbfe8 tempest-VolumesBackupsTest-97611117 None] CMD "sudo cinder-rootwrap /etc/cinder/rootwrap.conf env LC_ALL=C lvs --noheadings --unit=g -o size,data_percent --separator : --nosuffix /dev/stack-volumes-lvmdriver-1/stack-volumes-lvmdriver-1-pool" returned: 0 in 0.436s {{(pid=196635) execute /usr/local/lib/python3.12/site-packages/oslo_concurrency/processutils.py:372}}
Jan 26 19:12:23.576049 np0005596550.novalocal cinder-volume[196635]: DEBUG oslo_concurrency.processutils [None req-7d0879ff-2932-4dc6-988c-cbee4f7cbfe8 tempest-VolumesBackupsTest-97611117 None] Running cmd (subprocess): sudo cinder-rootwrap /etc/cinder/rootwrap.conf env LC_ALL=C lvs --noheadings --unit=g -o vg_name,name,size --nosuffix --readonly stack-volumes-lvmdriver-1 {{(pid=196635) execute /usr/local/lib/python3.12/site-packages/oslo_concurrency/processutils.py:349}}
Jan 26 19:12:23.598977 np0005596550.novalocal sudo[229808]: stack : PWD=/ ; USER=root ; COMMAND=/usr/local/bin/cinder-rootwrap /etc/cinder/rootwrap.conf env LC_ALL=C lvs --noheadings --unit=g -o vg_name,name,size --nosuffix --readonly stack-volumes-lvmdriver-1
Jan 26 19:12:23.683952 np0005596550.novalocal cinder-volume[196635]: DEBUG cinder.volume.manager [None req-3651f6b7-26ed-4e09-ad37-0c9c80d1931e tempest-VolumesBackupsTest-97611117 None] Task 'cinder.volume.flows.manager.create_volume.ExtractVolumeSpecTask;volume:create' (bd6ff062-5123-48aa-9295-ad7993297a47) transitioned into state 'SUCCESS' from state 'RUNNING' with result '{'status': 'creating', 'type': 'image', 'volume_id': 'b6214f03-b8e1-4484-94a1-ccba3b65c5d9', 'volume_name': 'volume-b6214f03-b8e1-4484-94a1-ccba3b65c5d9', 'volume_size': 1, 'image_id': '83e5abfe-72a8-4364-96d1-e39a77cf888f', 'image_location': (None, [{'url': 'swift+config://ref1/glance/83e5abfe-72a8-4364-96d1-e39a77cf888f', 'metadata': {}}]), 'image_meta': {'name': 'cirros-0.6.3-x86_64-disk', 'disk_format': 'qcow2', 'container_format': 'bare', 'visibility': 'public', 'size': 21692416, 'virtual_size': 117440512, 'status': 'active', 'checksum': '87617e24a5e30cb3b87fda8c0764838f', 'protected': False, 'min_ram': 0, 'min_disk': 0, 'owner': '51b7780042c64addb52fb6fe9587a219', 'os_hidden': False, 'os_hash_algo': 'sha512', 'os_hash_value': '9a9bce0083a00939ec17c11febbfc767aa211aaa54f51e75c5a8b271a9b5637c77205a518b7a2007cb391d23cceb01e0e4e8d64832317151bc85b734b92a7be0', 'id': '83e5abfe-72a8-4364-96d1-e39a77cf888f', 'created_at': datetime.datetime(2026, 1, 26, 23, 49, 32, tzinfo=datetime.timezone.utc), 'updated_at': datetime.datetime(2026, 1, 26, 23, 49, 35, tzinfo=datetime.timezone.utc), 'tags': [], 'file': '/v2/images/83e5abfe-72a8-4364-96d1-e39a77cf888f/file', 'properties': {'hw_rng_model': 'virtio', 'owner_specified.openstack.md5': '', 'owner_specified.openstack.sha256': '', 'owner_specified.openstack.object': 'images/cirros-0.6.3-x86_64-disk', 'os_glance_importing_to_stores': '', 'os_glance_failed_import': ''}}, 'image_service': }' {{(pid=196635) _task_receiver /usr/local/lib/python3.12/site-packages/taskflow/listeners/logging.py:182}}
Jan 26 19:12:23.685531 np0005596550.novalocal cinder-volume[196635]: DEBUG cinder.volume.manager [None req-3651f6b7-26ed-4e09-ad37-0c9c80d1931e tempest-VolumesBackupsTest-97611117 None] Task 'cinder.volume.flows.manager.create_volume.NotifyVolumeActionTask;volume:create, create.start' (ed088dbd-254c-40f8-8a7d-b8af7073030a) transitioned into state 'RUNNING' from state 'PENDING' {{(pid=196635) _task_receiver /usr/local/lib/python3.12/site-packages/taskflow/listeners/logging.py:194}}
Jan 26 19:12:23.686826 np0005596550.novalocal cinder-volume[196635]: DEBUG cinder.volume.manager [None req-3651f6b7-26ed-4e09-ad37-0c9c80d1931e tempest-VolumesBackupsTest-97611117 None] Task 'cinder.volume.flows.manager.create_volume.NotifyVolumeActionTask;volume:create, create.start' (ed088dbd-254c-40f8-8a7d-b8af7073030a) transitioned into state 'SUCCESS' from state 'RUNNING' with result 'None' {{(pid=196635) _task_receiver /usr/local/lib/python3.12/site-packages/taskflow/listeners/logging.py:182}}
Jan 26 19:12:23.688302 np0005596550.novalocal cinder-volume[196635]: DEBUG cinder.volume.manager [None req-3651f6b7-26ed-4e09-ad37-0c9c80d1931e tempest-VolumesBackupsTest-97611117 None] Task 'cinder.volume.flows.manager.create_volume.CreateVolumeFromSpecTask;volume:create' (65e58a05-2105-4e52-991f-1b066f79df35) transitioned into state 'RUNNING' from state 'PENDING' {{(pid=196635) _task_receiver /usr/local/lib/python3.12/site-packages/taskflow/listeners/logging.py:194}}
Jan 26 19:12:23.688747 np0005596550.novalocal cinder-volume[196635]: INFO cinder.volume.flows.manager.create_volume [None req-3651f6b7-26ed-4e09-ad37-0c9c80d1931e tempest-VolumesBackupsTest-97611117 None] Volume b6214f03-b8e1-4484-94a1-ccba3b65c5d9: being created as image with specification: {'status': 'creating', 'volume_name': 'volume-b6214f03-b8e1-4484-94a1-ccba3b65c5d9', 'volume_size': 1, 'image_id': '83e5abfe-72a8-4364-96d1-e39a77cf888f', 'image_location': (None, [{'url': 'swift+config://ref1/glance/83e5abfe-72a8-4364-96d1-e39a77cf888f', 'metadata': {}}]), 'image_meta': {'name': 'cirros-0.6.3-x86_64-disk', 'disk_format': 'qcow2', 'container_format': 'bare', 'visibility': 'public', 'size': 21692416, 'virtual_size': 117440512, 'status': 'active', 'checksum': '87617e24a5e30cb3b87fda8c0764838f', 'protected': False, 'min_ram': 0, 'min_disk': 0, 'owner': '51b7780042c64addb52fb6fe9587a219', 'os_hidden': False, 'os_hash_algo': 'sha512', 'os_hash_value': '9a9bce0083a00939ec17c11febbfc767aa211aaa54f51e75c5a8b271a9b5637c77205a518b7a2007cb391d23cceb01e0e4e8d64832317151bc85b734b92a7be0', 'id': '83e5abfe-72a8-4364-96d1-e39a77cf888f', 'created_at': datetime.datetime(2026, 1, 26, 23, 49, 32, tzinfo=datetime.timezone.utc), 'updated_at': datetime.datetime(2026, 1, 26, 23, 49, 35, tzinfo=datetime.timezone.utc), 'tags': [], 'file': '/v2/images/83e5abfe-72a8-4364-96d1-e39a77cf888f/file', 'properties': {'hw_rng_model': 'virtio', 'owner_specified.openstack.md5': '', 'owner_specified.openstack.sha256': '', 'owner_specified.openstack.object': 'images/cirros-0.6.3-x86_64-disk', 'os_glance_importing_to_stores': '', 'os_glance_failed_import': ''}}, 'image_service': }
Jan 26 19:12:23.688974 np0005596550.novalocal cinder-volume[196635]: DEBUG cinder.volume.flows.manager.create_volume [None req-3651f6b7-26ed-4e09-ad37-0c9c80d1931e tempest-VolumesBackupsTest-97611117 None] Trying to clone b6214f03-b8e1-4484-94a1-ccba3b65c5d9 from image 83e5abfe-72a8-4364-96d1-e39a77cf888f at location (None, [{'url': 'swift+config://ref1/glance/83e5abfe-72a8-4364-96d1-e39a77cf888f', 'metadata': {}}]). {{(pid=196635) _create_from_image /opt/stack/cinder/cinder/volume/flows/manager/create_volume.py:1082}}
Jan 26 19:12:23.689330 np0005596550.novalocal cinder-volume[196635]: DEBUG cinder.coordination [None req-3651f6b7-26ed-4e09-ad37-0c9c80d1931e tempest-VolumesBackupsTest-97611117 None] Acquiring lock "cinder-83e5abfe-72a8-4364-96d1-e39a77cf888f" by "_prepare_image_cache_entry" {{(pid=196635) __acquire /opt/stack/cinder/cinder/coordination.py:143}}
Jan 26 19:12:23.696336 np0005596550.novalocal cinder-volume[196635]: DEBUG cinder.coordination [None req-3651f6b7-26ed-4e09-ad37-0c9c80d1931e tempest-VolumesBackupsTest-97611117 None] Lock "cinder-83e5abfe-72a8-4364-96d1-e39a77cf888f" acquired by "_prepare_image_cache_entry" :: waited 0.007s {{(pid=196635) __acquire /opt/stack/cinder/cinder/coordination.py:146}}
Jan 26 19:12:23.712927 np0005596550.novalocal cinder-volume[196635]: DEBUG cinder.image.cache [None req-3651f6b7-26ed-4e09-ad37-0c9c80d1931e tempest-VolumesBackupsTest-97611117 None] Found image-volume cache entry: {'id': 1, 'image_id': '83e5abfe-72a8-4364-96d1-e39a77cf888f', 'volume_id': 'db1bd902-110d-4c5c-b51c-e592df60253c', 'host': 'np0005596550.novalocal@lvmdriver-1#lvmdriver-1', 'size': 1, 'image_updated_at': datetime.datetime(2026, 1, 26, 23, 49, 35), 'last_used': datetime.datetime(2026, 1, 27, 0, 12, 23, 706164)}. {{(pid=196635) get_entry /opt/stack/cinder/cinder/image/cache.py:84}}
