Jan 26 19:08:29.265481 np0005596550.novalocal cinder-volume[196635]: DEBUG oslo_concurrency.processutils [None req-53ff1f9e-4964-4d0e-abd8-746674e9520d tempest-VolumesSnapshotTestJSON-666453103 None] CMD "sudo cinder-rootwrap /etc/cinder/rootwrap.conf env LC_ALL=C lvextend -L 2g stack-volumes-lvmdriver-1/volume-d8be1075-b3f6-4a17-af81-f5e48eb08806" returned: 0 in 0.424s {{(pid=196635) execute /usr/local/lib/python3.12/site-packages/oslo_concurrency/processutils.py:372}}
Jan 26 19:08:29.266500 np0005596550.novalocal cinder-volume[196635]: DEBUG oslo_concurrency.processutils [None req-53ff1f9e-4964-4d0e-abd8-746674e9520d tempest-VolumesSnapshotTestJSON-666453103 None] Running cmd (subprocess): sudo cinder-rootwrap /etc/cinder/rootwrap.conf lvchange -a y --yes -K stack-volumes-lvmdriver-1/_snapshot-f0c5db06-5c98-49c9-9efc-df779c878910 {{(pid=196635) execute /usr/local/lib/python3.12/site-packages/oslo_concurrency/processutils.py:349}}
Jan 26 19:08:29.286028 np0005596550.novalocal sudo[226155]: stack : PWD=/ ; USER=root ; COMMAND=/usr/local/bin/cinder-rootwrap /etc/cinder/rootwrap.conf lvchange -a y --yes -K stack-volumes-lvmdriver-1/_snapshot-f0c5db06-5c98-49c9-9efc-df779c878910
Jan 26 19:08:29.778268 np0005596550.novalocal cinder-volume[196635]: DEBUG oslo_concurrency.processutils [None req-53ff1f9e-4964-4d0e-abd8-746674e9520d tempest-VolumesSnapshotTestJSON-666453103 None] CMD "sudo cinder-rootwrap /etc/cinder/rootwrap.conf lvchange -a y --yes -K stack-volumes-lvmdriver-1/_snapshot-f0c5db06-5c98-49c9-9efc-df779c878910" returned: 0 in 0.512s {{(pid=196635) execute /usr/local/lib/python3.12/site-packages/oslo_concurrency/processutils.py:372}}
Jan 26 19:08:29.779118 np0005596550.novalocal cinder-volume[196635]: DEBUG oslo_concurrency.processutils [None req-53ff1f9e-4964-4d0e-abd8-746674e9520d tempest-VolumesSnapshotTestJSON-666453103 None] Running cmd (subprocess): sudo cinder-rootwrap /etc/cinder/rootwrap.conf lvchange -a y --yes -k n stack-volumes-lvmdriver-1/volume-d8be1075-b3f6-4a17-af81-f5e48eb08806 {{(pid=196635) execute /usr/local/lib/python3.12/site-packages/oslo_concurrency/processutils.py:349}}
Jan 26 19:08:29.799902 np0005596550.novalocal sudo[226200]: stack : PWD=/ ; USER=root ; COMMAND=/usr/local/bin/cinder-rootwrap /etc/cinder/rootwrap.conf lvchange -a y --yes -k n stack-volumes-lvmdriver-1/volume-d8be1075-b3f6-4a17-af81-f5e48eb08806
Jan 26 19:08:30.286157 np0005596550.novalocal cinder-volume[196635]: DEBUG oslo_concurrency.processutils [None req-53ff1f9e-4964-4d0e-abd8-746674e9520d tempest-VolumesSnapshotTestJSON-666453103 None] CMD "sudo cinder-rootwrap /etc/cinder/rootwrap.conf lvchange -a y --yes -k n stack-volumes-lvmdriver-1/volume-d8be1075-b3f6-4a17-af81-f5e48eb08806" returned: 0 in 0.506s {{(pid=196635) execute /usr/local/lib/python3.12/site-packages/oslo_concurrency/processutils.py:372}}
Jan 26 19:08:30.302804 np0005596550.novalocal cinder-volume[196635]: DEBUG cinder.volume.manager [None req-53ff1f9e-4964-4d0e-abd8-746674e9520d tempest-VolumesSnapshotTestJSON-666453103 None] Task 'cinder.volume.flows.manager.create_volume.CreateVolumeFromSpecTask;volume:create' (84ce5fba-e567-4405-a8aa-c4b550ca0347) transitioned into state 'SUCCESS' from state 'RUNNING' with result '{'status': 'creating', 'volume_name': 'volume-d8be1075-b3f6-4a17-af81-f5e48eb08806', 'volume_size': 2, 'snapshot_id': 'f0c5db06-5c98-49c9-9efc-df779c878910'}' {{(pid=196635) _task_receiver /usr/local/lib/python3.12/site-packages/taskflow/listeners/logging.py:182}}
Jan 26 19:08:30.302804 np0005596550.novalocal cinder-volume[196635]: DEBUG cinder.volume.manager [None req-53ff1f9e-4964-4d0e-abd8-746674e9520d tempest-VolumesSnapshotTestJSON-666453103 None] Task 'cinder.volume.flows.manager.create_volume.CreateVolumeOnFinishTask;volume:create, create.end' (aa042d09-af55-4258-9b3a-87af380cf64e) transitioned into state 'RUNNING' from state 'PENDING' {{(pid=196635) _task_receiver /usr/local/lib/python3.12/site-packages/taskflow/listeners/logging.py:194}}
Jan 26 19:08:30.313579 np0005596550.novalocal cinder-volume[196635]: INFO cinder.volume.flows.manager.create_volume [None req-53ff1f9e-4964-4d0e-abd8-746674e9520d tempest-VolumesSnapshotTestJSON-666453103 None] Volume volume-d8be1075-b3f6-4a17-af81-f5e48eb08806 (d8be1075-b3f6-4a17-af81-f5e48eb08806): created successfully
Jan 26 19:08:30.316136 np0005596550.novalocal cinder-volume[196635]: DEBUG cinder.volume.manager [None req-53ff1f9e-4964-4d0e-abd8-746674e9520d tempest-VolumesSnapshotTestJSON-666453103 None] Task 'cinder.volume.flows.manager.create_volume.CreateVolumeOnFinishTask;volume:create, create.end' (aa042d09-af55-4258-9b3a-87af380cf64e) transitioned into state 'SUCCESS' from state 'RUNNING' with result 'None' {{(pid=196635) _task_receiver /usr/local/lib/python3.12/site-packages/taskflow/listeners/logging.py:182}}
Jan 26 19:08:30.319753 np0005596550.novalocal cinder-volume[196635]: DEBUG cinder.volume.manager [None req-53ff1f9e-4964-4d0e-abd8-746674e9520d tempest-VolumesSnapshotTestJSON-666453103 None] Flow 'volume_create_manager' (b6e22b58-8240-4066-862d-299b04063194) transitioned into state 'SUCCESS' from state 'RUNNING' {{(pid=196635) _flow_receiver /usr/local/lib/python3.12/site-packages/taskflow/listeners/logging.py:145}}
Jan 26 19:08:30.332214 np0005596550.novalocal cinder-volume[196635]: INFO cinder.volume.manager [None req-53ff1f9e-4964-4d0e-abd8-746674e9520d tempest-VolumesSnapshotTestJSON-666453103 None] Created volume successfully.
Jan 26 19:08:30.785651 np0005596550.novalocal cinder-volume[196635]: DEBUG cinder.coordination [None req-8eeef948-06cc-42cc-a83b-dd82e0e8dfb3 tempest-VolumesSnapshotTestJSON-666453103 None] Acquiring lock "cinder-d8be1075-b3f6-4a17-af81-f5e48eb08806-delete_volume" by "delete_volume" {{(pid=196635) __acquire /opt/stack/cinder/cinder/coordination.py:143}}
Jan 26 19:08:30.795526 np0005596550.novalocal cinder-volume[196635]: DEBUG cinder.coordination [None req-8eeef948-06cc-42cc-a83b-dd82e0e8dfb3 tempest-VolumesSnapshotTestJSON-666453103 None] Lock "cinder-d8be1075-b3f6-4a17-af81-f5e48eb08806-delete_volume" acquired by "delete_volume" :: waited 0.010s {{(pid=196635) __acquire /opt/stack/cinder/cinder/coordination.py:146}}
Jan 26 19:08:30.821459 np0005596550.novalocal cinder-volume[196635]: INFO cinder.volume.targets.iscsi [None req-8eeef948-06cc-42cc-a83b-dd82e0e8dfb3 tempest-VolumesSnapshotTestJSON-666453103 None] Skipping remove_export. No iscsi_target is presently exported for volume: d8be1075-b3f6-4a17-af81-f5e48eb08806
Jan 26 19:08:30.822392 np0005596550.novalocal cinder-volume[196635]: DEBUG oslo_concurrency.processutils [None req-8eeef948-06cc-42cc-a83b-dd82e0e8dfb3 tempest-VolumesSnapshotTestJSON-666453103 None] Running cmd (subprocess): sudo cinder-rootwrap /etc/cinder/rootwrap.conf env LC_ALL=C lvs --noheadings --unit=g -o vg_name,name,size --nosuffix --readonly stack-volumes-lvmdriver-1/volume-d8be1075-b3f6-4a17-af81-f5e48eb08806 {{(pid=196635) execute /usr/local/lib/python3.12/site-packages/oslo_concurrency/processutils.py:349}}
Jan 26 19:08:30.854671 np0005596550.novalocal sudo[226219]: stack : PWD=/ ; USER=root ; COMMAND=/usr/local/bin/cinder-rootwrap /etc/cinder/rootwrap.conf env LC_ALL=C lvs --noheadings --unit=g -o vg_name,name,size --nosuffix --readonly stack-volumes-lvmdriver-1/volume-d8be1075-b3f6-4a17-af81-f5e48eb08806
Jan 26 19:08:31.254949 np0005596550.novalocal cinder-volume[196635]: DEBUG oslo_concurrency.processutils [None req-8eeef948-06cc-42cc-a83b-dd82e0e8dfb3 tempest-VolumesSnapshotTestJSON-666453103 None] CMD "sudo cinder-rootwrap /etc/cinder/rootwrap.conf env LC_ALL=C lvs --noheadings --unit=g -o vg_name,name,size --nosuffix --readonly stack-volumes-lvmdriver-1/volume-d8be1075-b3f6-4a17-af81-f5e48eb08806" returned: 0 in 0.433s {{(pid=196635) execute /usr/local/lib/python3.12/site-packages/oslo_concurrency/processutils.py:372}}
Jan 26 19:08:31.255312 np0005596550.novalocal cinder-volume[196635]: DEBUG oslo_concurrency.processutils [None req-8eeef948-06cc-42cc-a83b-dd82e0e8dfb3 tempest-VolumesSnapshotTestJSON-666453103 None] Running cmd (subprocess): sudo cinder-rootwrap /etc/cinder/rootwrap.conf env LC_ALL=C lvdisplay --noheading -C -o Attr --readonly stack-volumes-lvmdriver-1/volume-d8be1075-b3f6-4a17-af81-f5e48eb08806 {{(pid=196635) execute /usr/local/lib/python3.12/site-packages/oslo_concurrency/processutils.py:349}}
Jan 26 19:08:31.296941 np0005596550.novalocal sudo[226225]: stack : PWD=/ ; USER=root ; COMMAND=/usr/local/bin/cinder-rootwrap /etc/cinder/rootwrap.conf env LC_ALL=C lvdisplay --noheading -C -o Attr --readonly stack-volumes-lvmdriver-1/volume-d8be1075-b3f6-4a17-af81-f5e48eb08806
Jan 26 19:08:31.756560 np0005596550.novalocal cinder-volume[196635]: DEBUG oslo_concurrency.processutils [None req-8eeef948-06cc-42cc-a83b-dd82e0e8dfb3 tempest-VolumesSnapshotTestJSON-666453103 None] CMD "sudo cinder-rootwrap /etc/cinder/rootwrap.conf env LC_ALL=C lvdisplay --noheading -C -o Attr --readonly stack-volumes-lvmdriver-1/volume-d8be1075-b3f6-4a17-af81-f5e48eb08806" returned: 0 in 0.501s {{(pid=196635) execute /usr/local/lib/python3.12/site-packages/oslo_concurrency/processutils.py:372}}
Jan 26 19:08:31.757489 np0005596550.novalocal cinder-volume[196635]: DEBUG oslo_concurrency.processutils [None req-8eeef948-06cc-42cc-a83b-dd82e0e8dfb3 tempest-VolumesSnapshotTestJSON-666453103 None] Running cmd (subprocess): sudo cinder-rootwrap /etc/cinder/rootwrap.conf lvremove --config activation { retry_deactivation = 1} -f stack-volumes-lvmdriver-1/volume-d8be1075-b3f6-4a17-af81-f5e48eb08806 {{(pid=196635) execute /usr/local/lib/python3.12/site-packages/oslo_concurrency/processutils.py:349}}
Jan 26 19:08:31.779755 np0005596550.novalocal sudo[226231]: stack : PWD=/ ; USER=root ; COMMAND=/usr/local/bin/cinder-rootwrap /etc/cinder/rootwrap.conf lvremove --config 'activation { retry_deactivation = 1} ' -f stack-volumes-lvmdriver-1/volume-d8be1075-b3f6-4a17-af81-f5e48eb08806
Jan 26 19:08:32.388974 np0005596550.novalocal cinder-volume[196635]: DEBUG oslo_concurrency.processutils [None req-8eeef948-06cc-42cc-a83b-dd82e0e8dfb3 tempest-VolumesSnapshotTestJSON-666453103 None] CMD "sudo cinder-rootwrap /etc/cinder/rootwrap.conf lvremove --config activation { retry_deactivation = 1} -f stack-volumes-lvmdriver-1/volume-d8be1075-b3f6-4a17-af81-f5e48eb08806" returned: 0 in 0.631s {{(pid=196635) execute /usr/local/lib/python3.12/site-packages/oslo_concurrency/processutils.py:372}}
Jan 26 19:08:32.389241 np0005596550.novalocal cinder-volume[196635]: INFO cinder.volume.drivers.lvm [None req-8eeef948-06cc-42cc-a83b-dd82e0e8dfb3 tempest-VolumesSnapshotTestJSON-666453103 None] Successfully deleted volume: d8be1075-b3f6-4a17-af81-f5e48eb08806
Jan 26 19:08:32.428900 np0005596550.novalocal cinder-volume[196635]: DEBUG cinder.quota [None req-8eeef948-06cc-42cc-a83b-dd82e0e8dfb3 tempest-VolumesSnapshotTestJSON-666453103 None] Created reservations ['89b409c0-65b9-4517-9b27-3751736b0ada', '7b1076bd-0816-48bd-b3c8-19e6c409abfd', '95173354-9c6a-45ae-94f8-c2014e19d5db', 'f28fe4d1-14dd-4130-9d2b-602abd8b815e'] {{(pid=196635) reserve /opt/stack/cinder/cinder/quota.py:752}}
Jan 26 19:08:32.458946 np0005596550.novalocal cinder-volume[196635]: DEBUG cinder.volume.drivers.lvm [None req-8eeef948-06cc-42cc-a83b-dd82e0e8dfb3 tempest-VolumesSnapshotTestJSON-666453103 None] Updating volume stats {{(pid=196635) _update_volume_stats /opt/stack/cinder/cinder/volume/drivers/lvm.py:228}}
Jan 26 19:08:32.459256 np0005596550.novalocal cinder-volume[196635]: DEBUG oslo_concurrency.processutils [None req-8eeef948-06cc-42cc-a83b-dd82e0e8dfb3 tempest-VolumesSnapshotTestJSON-666453103 None] Running cmd (subprocess): sudo cinder-rootwrap /etc/cinder/rootwrap.conf env LC_ALL=C vgs --noheadings --unit=g -o name,size,free,lv_count,uuid --separator : --nosuffix stack-volumes-lvmdriver-1 {{(pid=196635) execute /usr/local/lib/python3.12/site-packages/oslo_concurrency/processutils.py:349}}
Jan 26 19:08:32.478601 np0005596550.novalocal sudo[226238]: stack : PWD=/ ; USER=root ; COMMAND=/usr/local/bin/cinder-rootwrap /etc/cinder/rootwrap.conf env LC_ALL=C vgs --noheadings --unit=g -o name,size,free,lv_count,uuid --separator : --nosuffix stack-volumes-lvmdriver-1
Jan 26 19:08:32.859418 np0005596550.novalocal cinder-volume[196635]: DEBUG oslo_concurrency.processutils [None req-8eeef948-06cc-42cc-a83b-dd82e0e8dfb3 tempest-VolumesSnapshotTestJSON-666453103 None] CMD "sudo cinder-rootwrap /etc/cinder/rootwrap.conf env LC_ALL=C vgs --noheadings --unit=g -o name,size,free,lv_count,uuid --separator : --nosuffix stack-volumes-lvmdriver-1" returned: 0 in 0.398s {{(pid=196635) execute /usr/local/lib/python3.12/site-packages/oslo_concurrency/processutils.py:372}}
Jan 26 19:08:32.859418 np0005596550.novalocal cinder-volume[196635]: DEBUG oslo_concurrency.processutils [None req-8eeef948-06cc-42cc-a83b-dd82e0e8dfb3 tempest-VolumesSnapshotTestJSON-666453103 None] Running cmd (subprocess): sudo cinder-rootwrap /etc/cinder/rootwrap.conf env LC_ALL=C lvs --noheadings --unit=g -o vg_name,name,size --nosuffix --readonly stack-volumes-lvmdriver-1 {{(pid=196635) execute /usr/local/lib/python3.12/site-packages/oslo_concurrency/processutils.py:349}}
Jan 26 19:08:32.896498 np0005596550.novalocal sudo[226265]: stack : PWD=/ ; USER=root ; COMMAND=/usr/local/bin/cinder-rootwrap /etc/cinder/rootwrap.conf env LC_ALL=C lvs --noheadings --unit=g -o vg_name,name,size --nosuffix --readonly stack-volumes-lvmdriver-1
Jan 26 19:08:33.104486 np0005596550.novalocal cinder-volume[196635]: DEBUG cinder.coordination [None req-9d948ee6-fc82-4bec-ac75-be90a4164e51 tempest-VolumesSnapshotTestJSON-666453103 None] Acquiring lock "cinder-f0c5db06-5c98-49c9-9efc-df779c878910-delete_snapshot" by "delete_snapshot" {{(pid=196635) __acquire /opt/stack/cinder/cinder/coordination.py:143}}
Jan 26 19:08:33.115984 np0005596550.novalocal cinder-volume[196635]: DEBUG cinder.coordination [None req-9d948ee6-fc82-4bec-ac75-be90a4164e51 tempest-VolumesSnapshotTestJSON-666453103 None] Lock "cinder-f0c5db06-5c98-49c9-9efc-df779c878910-delete_snapshot" acquired by "delete_snapshot" :: waited 0.012s {{(pid=196635) __acquire /opt/stack/cinder/cinder/coordination.py:146}}
Jan 26 19:08:33.116982 np0005596550.novalocal cinder-volume[196635]: DEBUG oslo_concurrency.processutils [None req-9d948ee6-fc82-4bec-ac75-be90a4164e51 tempest-VolumesSnapshotTestJSON-666453103 None] Running cmd (subprocess): sudo cinder-rootwrap /etc/cinder/rootwrap.conf env LC_ALL=C lvs --noheadings --unit=g -o vg_name,name,size --nosuffix --readonly stack-volumes-lvmdriver-1/_snapshot-f0c5db06-5c98-49c9-9efc-df779c878910 {{(pid=196635) execute /usr/local/lib/python3.12/site-packages/oslo_concurrency/processutils.py:349}}
Jan 26 19:08:33.150630 np0005596550.novalocal sudo[226309]: stack : PWD=/ ; USER=root ; COMMAND=/usr/local/bin/cinder-rootwrap /etc/cinder/rootwrap.conf env LC_ALL=C lvs --noheadings --unit=g -o vg_name,name,size --nosuffix --readonly stack-volumes-lvmdriver-1/_snapshot-f0c5db06-5c98-49c9-9efc-df779c878910
Jan 26 19:08:33.287955 np0005596550.novalocal cinder-volume[196635]: DEBUG oslo_concurrency.processutils [None req-8eeef948-06cc-42cc-a83b-dd82e0e8dfb3 tempest-VolumesSnapshotTestJSON-666453103 None] CMD "sudo cinder-rootwrap /etc/cinder/rootwrap.conf env LC_ALL=C lvs --noheadings --unit=g -o vg_name,name,size --nosuffix --readonly stack-volumes-lvmdriver-1" returned: 0 in 0.427s {{(pid=196635) execute /usr/local/lib/python3.12/site-packages/oslo_concurrency/processutils.py:372}}
Jan 26 19:08:33.288673 np0005596550.novalocal cinder-volume[196635]: DEBUG oslo_concurrency.processutils [None req-8eeef948-06cc-42cc-a83b-dd82e0e8dfb3 tempest-VolumesSnapshotTestJSON-666453103 None] Running cmd (subprocess): sudo cinder-rootwrap /etc/cinder/rootwrap.conf env LC_ALL=C lvs --noheadings --unit=g -o size,data_percent --separator : --nosuffix /dev/stack-volumes-lvmdriver-1/stack-volumes-lvmdriver-1-pool {{(pid=196635) execute /usr/local/lib/python3.12/site-packages/oslo_concurrency/processutils.py:349}}
Jan 26 19:08:33.311044 np0005596550.novalocal sudo[226320]: stack : PWD=/ ; USER=root ; COMMAND=/usr/local/bin/cinder-rootwrap /etc/cinder/rootwrap.conf env LC_ALL=C lvs --noheadings --unit=g -o size,data_percent --separator : --nosuffix /dev/stack-volumes-lvmdriver-1/stack-volumes-lvmdriver-1-pool
Jan 26 19:08:33.577038 np0005596550.novalocal cinder-volume[196635]: DEBUG oslo_concurrency.processutils [None req-9d948ee6-fc82-4bec-ac75-be90a4164e51 tempest-VolumesSnapshotTestJSON-666453103 None] CMD "sudo cinder-rootwrap /etc/cinder/rootwrap.conf env LC_ALL=C lvs --noheadings --unit=g -o vg_name,name,size --nosuffix --readonly stack-volumes-lvmdriver-1/_snapshot-f0c5db06-5c98-49c9-9efc-df779c878910" returned: 0 in 0.460s {{(pid=196635) execute /usr/local/lib/python3.12/site-packages/oslo_concurrency/processutils.py:372}}
Jan 26 19:08:33.577905 np0005596550.novalocal cinder-volume[196635]: DEBUG oslo_concurrency.processutils [None req-9d948ee6-fc82-4bec-ac75-be90a4164e51 tempest-VolumesSnapshotTestJSON-666453103 None] Running cmd (subprocess): sudo cinder-rootwrap /etc/cinder/rootwrap.conf lvremove --config activation { retry_deactivation = 1} -f stack-volumes-lvmdriver-1/_snapshot-f0c5db06-5c98-49c9-9efc-df779c878910 {{(pid=196635) execute /usr/local/lib/python3.12/site-packages/oslo_concurrency/processutils.py:349}}
Jan 26 19:08:33.603590 np0005596550.novalocal sudo[226327]: stack : PWD=/ ; USER=root ; COMMAND=/usr/local/bin/cinder-rootwrap /etc/cinder/rootwrap.conf lvremove --config 'activation { retry_deactivation = 1} ' -f stack-volumes-lvmdriver-1/_snapshot-f0c5db06-5c98-49c9-9efc-df779c878910
Jan 26 19:08:33.687097 np0005596550.novalocal cinder-volume[196635]: DEBUG oslo_concurrency.processutils [None req-8eeef948-06cc-42cc-a83b-dd82e0e8dfb3 tempest-VolumesSnapshotTestJSON-666453103 None] CMD "sudo cinder-rootwrap /etc/cinder/rootwrap.conf env LC_ALL=C lvs --noheadings --unit=g -o size,data_percent --separator : --nosuffix /dev/stack-volumes-lvmdriver-1/stack-volumes-lvmdriver-1-pool" returned: 0 in 0.398s {{(pid=196635) execute /usr/local/lib/python3.12/site-packages/oslo_concurrency/processutils.py:372}}
Jan 26 19:08:33.688553 np0005596550.novalocal cinder-volume[196635]: DEBUG oslo_concurrency.processutils [None req-8eeef948-06cc-42cc-a83b-dd82e0e8dfb3 tempest-VolumesSnapshotTestJSON-666453103 None] Running cmd (subprocess): sudo cinder-rootwrap /etc/cinder/rootwrap.conf env LC_ALL=C lvs --noheadings --unit=g -o vg_name,name,size --nosuffix --readonly stack-volumes-lvmdriver-1 {{(pid=196635) execute /usr/local/lib/python3.12/site-packages/oslo_concurrency/processutils.py:349}}
Jan 26 19:08:33.709095 np0005596550.novalocal sudo[226331]: stack : PWD=/ ; USER=root ; COMMAND=/usr/local/bin/cinder-rootwrap /etc/cinder/rootwrap.conf env LC_ALL=C lvs --noheadings --unit=g -o vg_name,name,size --nosuffix --readonly stack-volumes-lvmdriver-1
Jan 26 19:08:34.132825 np0005596550.novalocal cinder-volume[196635]: DEBUG oslo_concurrency.processutils [None req-8eeef948-06cc-42cc-a83b-dd82e0e8dfb3 tempest-VolumesSnapshotTestJSON-666453103 None] CMD "sudo cinder-rootwrap /etc/cinder/rootwrap.conf env LC_ALL=C lvs --noheadings --unit=g -o vg_name,name,size --nosuffix --readonly stack-volumes-lvmdriver-1" returned: 0 in 0.443s {{(pid=196635) execute /usr/local/lib/python3.12/site-packages/oslo_concurrency/processutils.py:372}}
Jan 26 19:08:34.132825 np0005596550.novalocal cinder-volume[196635]: DEBUG cinder.manager [None req-8eeef948-06cc-42cc-a83b-dd82e0e8dfb3 tempest-VolumesSnapshotTestJSON-666453103 None] Notifying Schedulers of capabilities ... {{(pid=196635) _publish_service_capabilities /opt/stack/cinder/cinder/manager.py:202}}
Jan 26 19:08:34.136284 np0005596550.novalocal cinder-volume[196635]: INFO cinder.volume.manager [None req-8eeef948-06cc-42cc-a83b-dd82e0e8dfb3 tempest-VolumesSnapshotTestJSON-666453103 None] Deleted volume successfully.
Jan 26 19:08:34.535599 np0005596550.novalocal cinder-volume[196635]: DEBUG cinder.coordination [None req-8eeef948-06cc-42cc-a83b-dd82e0e8dfb3 tempest-VolumesSnapshotTestJSON-666453103 None] Lock "cinder-d8be1075-b3f6-4a17-af81-f5e48eb08806-delete_volume" released by "delete_volume" :: held 3.739s {{(pid=196635) __release /opt/stack/cinder/cinder/coordination.py:157}}
Jan 26 19:08:34.635477 np0005596550.novalocal cinder-volume[196635]: DEBUG oslo_concurrency.processutils [None req-9d948ee6-fc82-4bec-ac75-be90a4164e51 tempest-VolumesSnapshotTestJSON-666453103 None] CMD "sudo cinder-rootwrap /etc/cinder/rootwrap.conf lvremove --config activation { retry_deactivation = 1} -f stack-volumes-lvmdriver-1/_snapshot-f0c5db06-5c98-49c9-9efc-df779c878910" returned: 0 in 1.057s {{(pid=196635) execute /usr/local/lib/python3.12/site-packages/oslo_concurrency/processutils.py:372}}
Jan 26 19:08:34.838330 np0005596550.novalocal cinder-volume[196635]: DEBUG cinder.quota [None req-9d948ee6-fc82-4bec-ac75-be90a4164e51 tempest-VolumesSnapshotTestJSON-666453103 None] Created reservations ['2df65c05-e0b1-441c-8da2-99e73f31d9c2', 'd5adce2b-ecff-456e-93c3-125937b57277', 'ea1babcc-fa43-475e-99f5-5c45cf75a33e', 'e85a7d19-ed7f-4a82-8a6c-ab551225f695'] {{(pid=196635) reserve /opt/stack/cinder/cinder/quota.py:752}}
Jan 26 19:08:34.946959 np0005596550.novalocal cinder-volume[196635]: INFO cinder.volume.manager [None req-9d948ee6-fc82-4bec-ac75-be90a4164e51 tempest-VolumesSnapshotTestJSON-666453103 None] Delete snapshot completed successfully.
Jan 26 19:08:34.951700 np0005596550.novalocal cinder-volume[196635]: DEBUG cinder.coordination [None req-9d948ee6-fc82-4bec-ac75-be90a4164e51 tempest-VolumesSnapshotTestJSON-666453103 None] Lock "cinder-f0c5db06-5c98-49c9-9efc-df779c878910-delete_snapshot" released by "delete_snapshot" :: held 1.836s {{(pid=196635) __release /opt/stack/cinder/cinder/coordination.py:157}}
Jan 26 19:08:35.369778 np0005596550.novalocal cinder-volume[196635]: DEBUG cinder.coordination [None req-b9387cdb-d61f-4cd8-9d02-844ff8751321 tempest-VolumesSnapshotTestJSON-666453103 None] Acquiring lock "cinder-f9a79fe1-f3cc-40ad-91da-7d85794f547f-delete_volume" by "delete_volume" {{(pid=196635) __acquire /opt/stack/cinder/cinder/coordination.py:143}}
Jan 26 19:08:35.377696 np0005596550.novalocal cinder-volume[196635]: DEBUG cinder.coordination [None req-b9387cdb-d61f-4cd8-9d02-844ff8751321 tempest-VolumesSnapshotTestJSON-666453103 None] Lock "cinder-f9a79fe1-f3cc-40ad-91da-7d85794f547f-delete_volume" acquired by "delete_volume" :: waited 0.008s {{(pid=196635) __acquire /opt/stack/cinder/cinder/coordination.py:146}}
Jan 26 19:08:35.388790 np0005596550.novalocal cinder-volume[196635]: INFO cinder.volume.targets.iscsi [None req-b9387cdb-d61f-4cd8-9d02-844ff8751321 tempest-VolumesSnapshotTestJSON-666453103 None] Skipping remove_export. No iscsi_target is presently exported for volume: f9a79fe1-f3cc-40ad-91da-7d85794f547f
Jan 26 19:08:35.389177 np0005596550.novalocal cinder-volume[196635]: DEBUG oslo_concurrency.processutils [None req-b9387cdb-d61f-4cd8-9d02-844ff8751321 tempest-VolumesSnapshotTestJSON-666453103 None] Running cmd (subprocess): sudo cinder-rootwrap /etc/cinder/rootwrap.conf env LC_ALL=C lvs --noheadings --unit=g -o vg_name,name,size --nosuffix --readonly stack-volumes-lvmdriver-1/volume-f9a79fe1-f3cc-40ad-91da-7d85794f547f {{(pid=196635) execute /usr/local/lib/python3.12/site-packages/oslo_concurrency/processutils.py:349}}
Jan 26 19:08:35.428431 np0005596550.novalocal sudo[226343]: stack : PWD=/ ; USER=root ; COMMAND=/usr/local/bin/cinder-rootwrap /etc/cinder/rootwrap.conf env LC_ALL=C lvs --noheadings --unit=g -o vg_name,name,size --nosuffix --readonly stack-volumes-lvmdriver-1/volume-f9a79fe1-f3cc-40ad-91da-7d85794f547f
Jan 26 19:08:35.842485 np0005596550.novalocal cinder-volume[196635]: DEBUG oslo_concurrency.processutils [None req-b9387cdb-d61f-4cd8-9d02-844ff8751321 tempest-VolumesSnapshotTestJSON-666453103 None] CMD "sudo cinder-rootwrap /etc/cinder/rootwrap.conf env LC_ALL=C lvs --noheadings --unit=g -o vg_name,name,size --nosuffix --readonly stack-volumes-lvmdriver-1/volume-f9a79fe1-f3cc-40ad-91da-7d85794f547f" returned: 0 in 0.453s {{(pid=196635) execute /usr/local/lib/python3.12/site-packages/oslo_concurrency/processutils.py:372}}
Jan 26 19:08:35.843098 np0005596550.novalocal cinder-volume[196635]: DEBUG oslo_concurrency.processutils [None req-b9387cdb-d61f-4cd8-9d02-844ff8751321 tempest-VolumesSnapshotTestJSON-666453103 None] Running cmd (subprocess): sudo cinder-rootwrap /etc/cinder/rootwrap.conf env LC_ALL=C lvdisplay --noheading -C -o Attr --readonly stack-volumes-lvmdriver-1/volume-f9a79fe1-f3cc-40ad-91da-7d85794f547f {{(pid=196635) execute /usr/local/lib/python3.12/site-packages/oslo_concurrency/processutils.py:349}}
Jan 26 19:08:35.875783 np0005596550.novalocal sudo[226363]: stack : PWD=/ ; USER=root ; COMMAND=/usr/local/bin/cinder-rootwrap /etc/cinder/rootwrap.conf env LC_ALL=C lvdisplay --noheading -C -o Attr --readonly stack-volumes-lvmdriver-1/volume-f9a79fe1-f3cc-40ad-91da-7d85794f547f
Jan 26 19:08:36.340239 np0005596550.novalocal cinder-volume[196635]: DEBUG oslo_concurrency.processutils [None req-b9387cdb-d61f-4cd8-9d02-844ff8751321 tempest-VolumesSnapshotTestJSON-666453103 None] CMD "sudo cinder-rootwrap /etc/cinder/rootwrap.conf env LC_ALL=C lvdisplay --noheading -C -o Attr --readonly stack-volumes-lvmdriver-1/volume-f9a79fe1-f3cc-40ad-91da-7d85794f547f" returned: 0 in 0.497s {{(pid=196635) execute /usr/local/lib/python3.12/site-packages/oslo_concurrency/processutils.py:372}}
Jan 26 19:08:36.342810 np0005596550.novalocal cinder-volume[196635]: DEBUG oslo_concurrency.processutils [None req-b9387cdb-d61f-4cd8-9d02-844ff8751321 tempest-VolumesSnapshotTestJSON-666453103 None] Running cmd (subprocess): sudo cinder-rootwrap /etc/cinder/rootwrap.conf lvremove --config activation { retry_deactivation = 1} -f stack-volumes-lvmdriver-1/volume-f9a79fe1-f3cc-40ad-91da-7d85794f547f {{(pid=196635) execute /usr/local/lib/python3.12/site-packages/oslo_concurrency/processutils.py:349}}
Jan 26 19:08:36.370570 np0005596550.novalocal sudo[226389]: stack : PWD=/ ; USER=root ; COMMAND=/usr/local/bin/cinder-rootwrap /etc/cinder/rootwrap.conf lvremove --config 'activation { retry_deactivation = 1} ' -f stack-volumes-lvmdriver-1/volume-f9a79fe1-f3cc-40ad-91da-7d85794f547f
Jan 26 19:08:37.179951 np0005596550.novalocal cinder-volume[196635]: DEBUG oslo_concurrency.processutils [None req-b9387cdb-d61f-4cd8-9d02-844ff8751321 tempest-VolumesSnapshotTestJSON-666453103 None] CMD "sudo cinder-rootwrap /etc/cinder/rootwrap.conf lvremove --config activation { retry_deactivation = 1} -f stack-volumes-lvmdriver-1/volume-f9a79fe1-f3cc-40ad-91da-7d85794f547f" returned: 0 in 0.838s {{(pid=196635) execute /usr/local/lib/python3.12/site-packages/oslo_concurrency/processutils.py:372}}
Jan 26 19:08:37.180227 np0005596550.novalocal cinder-volume[196635]: INFO cinder.volume.drivers.lvm [None req-b9387cdb-d61f-4cd8-9d02-844ff8751321 tempest-VolumesSnapshotTestJSON-666453103 None] Successfully deleted volume: f9a79fe1-f3cc-40ad-91da-7d85794f547f
Jan 26 19:08:37.408943 np0005596550.novalocal cinder-volume[196635]: DEBUG cinder.quota [None req-b9387cdb-d61f-4cd8-9d02-844ff8751321 tempest-VolumesSnapshotTestJSON-666453103 None] Created reservations ['0636c890-387c-45da-bf7f-55c050057474', '71c10acf-18cf-40f5-9318-2eab071f3a0c', '9f7ef62a-9f9f-44f1-8aa1-9b78ea9604f2', 'a08b3542-d9d9-429a-bc1f-d4e1fe4349a0'] {{(pid=196635) reserve /opt/stack/cinder/cinder/quota.py:752}}
Jan 26 19:08:37.442398 np0005596550.novalocal cinder-volume[196635]: DEBUG cinder.volume.drivers.lvm [None req-b9387cdb-d61f-4cd8-9d02-844ff8751321 tempest-VolumesSnapshotTestJSON-666453103 None] Updating volume stats {{(pid=196635) _update_volume_stats /opt/stack/cinder/cinder/volume/drivers/lvm.py:228}}
Jan 26 19:08:37.442935 np0005596550.novalocal cinder-volume[196635]: DEBUG oslo_concurrency.processutils [None req-b9387cdb-d61f-4cd8-9d02-844ff8751321 tempest-VolumesSnapshotTestJSON-666453103 None] Running cmd (subprocess): sudo cinder-rootwrap /etc/cinder/rootwrap.conf env LC_ALL=C vgs --noheadings --unit=g -o name,size,free,lv_count,uuid --separator : --nosuffix stack-volumes-lvmdriver-1 {{(pid=196635) execute /usr/local/lib/python3.12/site-packages/oslo_concurrency/processutils.py:349}}
Jan 26 19:08:37.470577 np0005596550.novalocal sudo[226397]: stack : PWD=/ ; USER=root ; COMMAND=/usr/local/bin/cinder-rootwrap /etc/cinder/rootwrap.conf env LC_ALL=C vgs --noheadings --unit=g -o name,size,free,lv_count,uuid --separator : --nosuffix stack-volumes-lvmdriver-1
Jan 26 19:08:37.845538 np0005596550.novalocal cinder-volume[196635]: DEBUG oslo_concurrency.processutils [None req-b9387cdb-d61f-4cd8-9d02-844ff8751321 tempest-VolumesSnapshotTestJSON-666453103 None] CMD "sudo cinder-rootwrap /etc/cinder/rootwrap.conf env LC_ALL=C vgs --noheadings --unit=g -o name,size,free,lv_count,uuid --separator : --nosuffix stack-volumes-lvmdriver-1" returned: 0 in 0.403s {{(pid=196635) execute /usr/local/lib/python3.12/site-packages/oslo_concurrency/processutils.py:372}}
Jan 26 19:08:37.846907 np0005596550.novalocal cinder-volume[196635]: DEBUG oslo_concurrency.processutils [None req-b9387cdb-d61f-4cd8-9d02-844ff8751321 tempest-VolumesSnapshotTestJSON-666453103 None] Running cmd (subprocess): sudo cinder-rootwrap /etc/cinder/rootwrap.conf env LC_ALL=C lvs --noheadings --unit=g -o vg_name,name,size --nosuffix --readonly stack-volumes-lvmdriver-1 {{(pid=196635) execute /usr/local/lib/python3.12/site-packages/oslo_concurrency/processutils.py:349}}
Jan 26 19:08:37.876033 np0005596550.novalocal sudo[226406]: stack : PWD=/ ; USER=root ; COMMAND=/usr/local/bin/cinder-rootwrap /etc/cinder/rootwrap.conf env LC_ALL=C lvs --noheadings --unit=g -o vg_name,name,size --nosuffix --readonly stack-volumes-lvmdriver-1
Jan 26 19:08:37.882093 np0005596550.novalocal cinder-volume[196635]: DEBUG cinder.volume.flows.manager.create_volume [None req-19201329-f05f-4417-af0a-b07514e94d8b tempest-VolumesSnapshotTestJSON-666453103 None] Volume reschedule parameters: True retry: {'num_attempts': 1, 'backends': ['np0005596550.novalocal@lvmdriver-1#lvmdriver-1'], 'hosts': ['np0005596550.novalocal@lvmdriver-1#lvmdriver-1']} {{(pid=196635) get_flow /opt/stack/cinder/cinder/volume/flows/manager/create_volume.py:1388}}
Jan 26 19:08:37.894616 np0005596550.novalocal cinder-volume[196635]: DEBUG cinder.volume.manager [None req-19201329-f05f-4417-af0a-b07514e94d8b tempest-VolumesSnapshotTestJSON-666453103 None] Flow 'volume_create_manager' (63b9df9a-dc26-4e6b-a198-c95927fa0be0) transitioned into state 'RUNNING' from state 'PENDING' {{(pid=196635) _flow_receiver /usr/local/lib/python3.12/site-packages/taskflow/listeners/logging.py:145}}
Jan 26 19:08:37.896553 np0005596550.novalocal cinder-volume[196635]: DEBUG cinder.volume.manager [None req-19201329-f05f-4417-af0a-b07514e94d8b tempest-VolumesSnapshotTestJSON-666453103 None] Task 'cinder.volume.flows.manager.create_volume.ExtractVolumeRefTask;volume:create' (af90159a-2d11-4845-917b-5f43f3ac0d14) transitioned into state 'RUNNING' from state 'PENDING' {{(pid=196635) _task_receiver /usr/local/lib/python3.12/site-packages/taskflow/listeners/logging.py:194}}
Jan 26 19:08:37.903721 np0005596550.novalocal cinder-volume[196635]: DEBUG cinder.volume.manager [None req-19201329-f05f-4417-af0a-b07514e94d8b tempest-VolumesSnapshotTestJSON-666453103 None] Task 'cinder.volume.flows.manager.create_volume.ExtractVolumeRefTask;volume:create' (af90159a-2d11-4845-917b-5f43f3ac0d14) transitioned into state 'SUCCESS' from state 'RUNNING' with result 'Volume(_name_id=None,admin_metadata=,attach_status='detached',availability_zone='nova',bootable=False,cluster=,cluster_name=None,consistencygroup=,consistencygroup_id=None,created_at=2026-01-27T00:08:37Z,deleted=False,deleted_at=None,display_description=None,display_name='tempest-VolumesSnapshotTestJSON-Volume-1074524090',ec2_id=None,encryption_key_id=None,glance_metadata=,group=,group_id=None,host='np0005596550.novalocal@lvmdriver-1#lvmdriver-1',id=39aa4f64-145f-41d2-9b1c-87543864793c,launched_at=None,metadata={},migration_status=None,multiattach=False,previous_status=None,project_id='c55032abafa74d4facac03929da4a366',provider_auth=None,provider_geometry=None,provider_id=None,provider_location=None,replication_driver_data=None,replication_extended_status=None,replication_status=None,scheduled_at=2026-01-27T00:08:37Z,service_uuid=None,shared_targets=True,size=1,snapshot_id=None,snapshots=,source_volid=None,status='creating',terminated_at=None,updated_at=2026-01-27T00:08:37Z,use_quota=True,user_id='d9bb266354284323ae54b4c3317c26e5',volume_attachment=VolumeAttachmentList,volume_type=VolumeType(423298ae-9268-4d03-9cb5-063c9922a67c),volume_type_id=423298ae-9268-4d03-9cb5-063c9922a67c)' {{(pid=196635) _task_receiver /usr/local/lib/python3.12/site-packages/taskflow/listeners/logging.py:182}}
Jan 26 19:08:37.905172 np0005596550.novalocal cinder-volume[196635]: DEBUG cinder.volume.manager [None req-19201329-f05f-4417-af0a-b07514e94d8b tempest-VolumesSnapshotTestJSON-666453103 None] Task 'cinder.volume.flows.manager.create_volume.OnFailureRescheduleTask;volume:create' (61e521c3-c064-4e0a-b58a-4c6fa3f39090) transitioned into state 'RUNNING' from state 'PENDING' {{(pid=196635) _task_receiver /usr/local/lib/python3.12/site-packages/taskflow/listeners/logging.py:194}}
Jan 26 19:08:37.906374 np0005596550.novalocal cinder-volume[196635]: DEBUG cinder.volume.manager [None req-19201329-f05f-4417-af0a-b07514e94d8b tempest-VolumesSnapshotTestJSON-666453103 None] Task 'cinder.volume.flows.manager.create_volume.OnFailureRescheduleTask;volume:create' (61e521c3-c064-4e0a-b58a-4c6fa3f39090) transitioned into state 'SUCCESS' from state 'RUNNING' with result 'None' {{(pid=196635) _task_receiver /usr/local/lib/python3.12/site-packages/taskflow/listeners/logging.py:182}}
Jan 26 19:08:37.907922 np0005596550.novalocal cinder-volume[196635]: DEBUG cinder.volume.manager [None req-19201329-f05f-4417-af0a-b07514e94d8b tempest-VolumesSnapshotTestJSON-666453103 None] Task 'cinder.volume.flows.manager.create_volume.ExtractVolumeSpecTask;volume:create' (79de441f-9fa8-4475-a796-2d8bfefdc160) transitioned into state 'RUNNING' from state 'PENDING' {{(pid=196635) _task_receiver /usr/local/lib/python3.12/site-packages/taskflow/listeners/logging.py:194}}
Jan 26 19:08:37.909291 np0005596550.novalocal cinder-volume[196635]: DEBUG cinder.volume.manager [None req-19201329-f05f-4417-af0a-b07514e94d8b tempest-VolumesSnapshotTestJSON-666453103 None] Task 'cinder.volume.flows.manager.create_volume.ExtractVolumeSpecTask;volume:create' (79de441f-9fa8-4475-a796-2d8bfefdc160) transitioned into state 'SUCCESS' from state 'RUNNING' with result '{'status': 'creating', 'type': 'raw', 'volume_id': '39aa4f64-145f-41d2-9b1c-87543864793c', 'volume_name': 'volume-39aa4f64-145f-41d2-9b1c-87543864793c', 'volume_size': 1}' {{(pid=196635) _task_receiver /usr/local/lib/python3.12/site-packages/taskflow/listeners/logging.py:182}}
Jan 26 19:08:37.910782 np0005596550.novalocal cinder-volume[196635]: DEBUG cinder.volume.manager [None req-19201329-f05f-4417-af0a-b07514e94d8b tempest-VolumesSnapshotTestJSON-666453103 None] Task 'cinder.volume.flows.manager.create_volume.NotifyVolumeActionTask;volume:create, create.start' (6eaef061-9975-43ad-8770-f0372238ade9) transitioned into state 'RUNNING' from state 'PENDING' {{(pid=196635) _task_receiver /usr/local/lib/python3.12/site-packages/taskflow/listeners/logging.py:194}}
Jan 26 19:08:37.912011 np0005596550.novalocal cinder-volume[196635]: DEBUG cinder.volume.manager [None req-19201329-f05f-4417-af0a-b07514e94d8b tempest-VolumesSnapshotTestJSON-666453103 None] Task 'cinder.volume.flows.manager.create_volume.NotifyVolumeActionTask;volume:create, create.start' (6eaef061-9975-43ad-8770-f0372238ade9) transitioned into state 'SUCCESS' from state 'RUNNING' with result 'None' {{(pid=196635) _task_receiver /usr/local/lib/python3.12/site-packages/taskflow/listeners/logging.py:182}}
Jan 26 19:08:37.913947 np0005596550.novalocal cinder-volume[196635]: DEBUG cinder.volume.manager [None req-19201329-f05f-4417-af0a-b07514e94d8b tempest-VolumesSnapshotTestJSON-666453103 None] Task 'cinder.volume.flows.manager.create_volume.CreateVolumeFromSpecTask;volume:create' (7e49e66e-7396-45ba-9cd7-ecd42dfaf8b1) transitioned into state 'RUNNING' from state 'PENDING' {{(pid=196635) _task_receiver /usr/local/lib/python3.12/site-packages/taskflow/listeners/logging.py:194}}
Jan 26 19:08:37.913947 np0005596550.novalocal cinder-volume[196635]: INFO cinder.volume.flows.manager.create_volume [None req-19201329-f05f-4417-af0a-b07514e94d8b tempest-VolumesSnapshotTestJSON-666453103 None] Volume 39aa4f64-145f-41d2-9b1c-87543864793c: being created as raw with specification: {'status': 'creating', 'volume_name': 'volume-39aa4f64-145f-41d2-9b1c-87543864793c', 'volume_size': 1}
Jan 26 19:08:37.914166 np0005596550.novalocal cinder-volume[196635]: DEBUG oslo_concurrency.processutils [None req-19201329-f05f-4417-af0a-b07514e94d8b tempest-VolumesSnapshotTestJSON-666453103 None] Running cmd (subprocess): sudo cinder-rootwrap /etc/cinder/rootwrap.conf env LC_ALL=C lvcreate -T -V 1g -n volume-39aa4f64-145f-41d2-9b1c-87543864793c stack-volumes-lvmdriver-1/stack-volumes-lvmdriver-1-pool {{(pid=196635) execute /usr/local/lib/python3.12/site-packages/oslo_concurrency/processutils.py:349}}
Jan 26 19:08:37.940791 np0005596550.novalocal sudo[226409]: stack : PWD=/ ; USER=root ; COMMAND=/usr/local/bin/cinder-rootwrap /etc/cinder/rootwrap.conf env LC_ALL=C lvcreate -T -V 1g -n volume-39aa4f64-145f-41d2-9b1c-87543864793c stack-volumes-lvmdriver-1/stack-volumes-lvmdriver-1-pool
Jan 26 19:08:38.261154 np0005596550.novalocal cinder-volume[196635]: DEBUG oslo_concurrency.processutils [None req-b9387cdb-d61f-4cd8-9d02-844ff8751321 tempest-VolumesSnapshotTestJSON-666453103 None] CMD "sudo cinder-rootwrap /etc/cinder/rootwrap.conf env LC_ALL=C lvs --noheadings --unit=g -o vg_name,name,size --nosuffix --readonly stack-volumes-lvmdriver-1" returned: 0 in 0.413s {{(pid=196635) execute /usr/local/lib/python3.12/site-packages/oslo_concurrency/processutils.py:372}}
Jan 26 19:08:38.261571 np0005596550.novalocal cinder-volume[196635]: DEBUG oslo_concurrency.processutils [None req-b9387cdb-d61f-4cd8-9d02-844ff8751321 tempest-VolumesSnapshotTestJSON-666453103 None] Running cmd (subprocess): sudo cinder-rootwrap /etc/cinder/rootwrap.conf env LC_ALL=C lvs --noheadings --unit=g -o size,data_percent --separator : --nosuffix /dev/stack-volumes-lvmdriver-1/stack-volumes-lvmdriver-1-pool {{(pid=196635) execute /usr/local/lib/python3.12/site-packages/oslo_concurrency/processutils.py:349}}
Jan 26 19:08:38.285982 np0005596550.novalocal sudo[226422]: stack : PWD=/ ; USER=root ; COMMAND=/usr/local/bin/cinder-rootwrap /etc/cinder/rootwrap.conf env LC_ALL=C lvs --noheadings --unit=g -o size,data_percent --separator : --nosuffix /dev/stack-volumes-lvmdriver-1/stack-volumes-lvmdriver-1-pool
Jan 26 19:08:38.507883 np0005596550.novalocal cinder-volume[196635]: DEBUG oslo_concurrency.processutils [None req-19201329-f05f-4417-af0a-b07514e94d8b tempest-VolumesSnapshotTestJSON-666453103 None] CMD "sudo cinder-rootwrap /etc/cinder/rootwrap.conf env LC_ALL=C lvcreate -T -V 1g -n volume-39aa4f64-145f-41d2-9b1c-87543864793c stack-volumes-lvmdriver-1/stack-volumes-lvmdriver-1-pool" returned: 0 in 0.593s {{(pid=196635) execute /usr/local/lib/python3.12/site-packages/oslo_concurrency/processutils.py:372}}
Jan 26 19:08:38.509838 np0005596550.novalocal cinder-volume[196635]: DEBUG cinder.volume.manager [None req-19201329-f05f-4417-af0a-b07514e94d8b tempest-VolumesSnapshotTestJSON-666453103 None] Task 'cinder.volume.flows.manager.create_volume.CreateVolumeFromSpecTask;volume:create' (7e49e66e-7396-45ba-9cd7-ecd42dfaf8b1) transitioned into state 'SUCCESS' from state 'RUNNING' with result '{'status': 'creating', 'volume_name': 'volume-39aa4f64-145f-41d2-9b1c-87543864793c', 'volume_size': 1}' {{(pid=196635) _task_receiver /usr/local/lib/python3.12/site-packages/taskflow/listeners/logging.py:182}}
Jan 26 19:08:38.510657 np0005596550.novalocal cinder-volume[196635]: DEBUG cinder.volume.manager [None req-19201329-f05f-4417-af0a-b07514e94d8b tempest-VolumesSnapshotTestJSON-666453103 None] Task 'cinder.volume.flows.manager.create_volume.CreateVolumeOnFinishTask;volume:create, create.end' (9e3ff62b-ddb7-464d-b3cb-53e528e9f6ce) transitioned into state 'RUNNING' from state 'PENDING' {{(pid=196635) _task_receiver /usr/local/lib/python3.12/site-packages/taskflow/listeners/logging.py:194}}
Jan 26 19:08:38.527531 np0005596550.novalocal cinder-volume[196635]: INFO cinder.volume.flows.manager.create_volume [None req-19201329-f05f-4417-af0a-b07514e94d8b tempest-VolumesSnapshotTestJSON-666453103 None] Volume volume-39aa4f64-145f-41d2-9b1c-87543864793c (39aa4f64-145f-41d2-9b1c-87543864793c): created successfully
Jan 26 19:08:38.532188 np0005596550.novalocal cinder-volume[196635]: DEBUG cinder.volume.manager [None req-19201329-f05f-4417-af0a-b07514e94d8b tempest-VolumesSnapshotTestJSON-666453103 None] Task 'cinder.volume.flows.manager.create_volume.CreateVolumeOnFinishTask;volume:create, create.end' (9e3ff62b-ddb7-464d-b3cb-53e528e9f6ce) transitioned into state 'SUCCESS' from state 'RUNNING' with result 'None' {{(pid=196635) _task_receiver /usr/local/lib/python3.12/site-packages/taskflow/listeners/logging.py:182}}
Jan 26 19:08:38.536794 np0005596550.novalocal cinder-volume[196635]: DEBUG cinder.volume.manager [None req-19201329-f05f-4417-af0a-b07514e94d8b tempest-VolumesSnapshotTestJSON-666453103 None] Flow 'volume_create_manager' (63b9df9a-dc26-4e6b-a198-c95927fa0be0) transitioned into state 'SUCCESS' from state 'RUNNING' {{(pid=196635) _flow_receiver /usr/local/lib/python3.12/site-packages/taskflow/listeners/logging.py:145}}
Jan 26 19:08:38.548958 np0005596550.novalocal cinder-volume[196635]: INFO cinder.volume.manager [None req-19201329-f05f-4417-af0a-b07514e94d8b tempest-VolumesSnapshotTestJSON-666453103 None] Created volume successfully.
Jan 26 19:08:38.643926 np0005596550.novalocal cinder-volume[196635]: DEBUG oslo_concurrency.processutils [None req-b9387cdb-d61f-4cd8-9d02-844ff8751321 tempest-VolumesSnapshotTestJSON-666453103 None] CMD "sudo cinder-rootwrap /etc/cinder/rootwrap.conf env LC_ALL=C lvs --noheadings --unit=g -o size,data_percent --separator : --nosuffix /dev/stack-volumes-lvmdriver-1/stack-volumes-lvmdriver-1-pool" returned: 0 in 0.382s {{(pid=196635) execute /usr/local/lib/python3.12/site-packages/oslo_concurrency/processutils.py:372}}
Jan 26 19:08:38.644792 np0005596550.novalocal cinder-volume[196635]: DEBUG oslo_concurrency.processutils [None req-b9387cdb-d61f-4cd8-9d02-844ff8751321 tempest-VolumesSnapshotTestJSON-666453103 None] Running cmd (subprocess): sudo cinder-rootwrap /etc/cinder/rootwrap.conf env LC_ALL=C lvs --noheadings --unit=g -o vg_name,name,size --nosuffix --readonly stack-volumes-lvmdriver-1 {{(pid=196635) execute /usr/local/lib/python3.12/site-packages/oslo_concurrency/processutils.py:349}}
Jan 26 19:08:38.661806 np0005596550.novalocal sudo[226441]: stack : PWD=/ ; USER=root ; COMMAND=/usr/local/bin/cinder-rootwrap /etc/cinder/rootwrap.conf env LC_ALL=C lvs --noheadings --unit=g -o vg_name,name,size --nosuffix --readonly stack-volumes-lvmdriver-1
Jan 26 19:08:39.026311 np0005596550.novalocal cinder-volume[196635]: DEBUG oslo_concurrency.processutils [None req-b9387cdb-d61f-4cd8-9d02-844ff8751321 tempest-VolumesSnapshotTestJSON-666453103 None] CMD "sudo cinder-rootwrap /etc/cinder/rootwrap.conf env LC_ALL=C lvs --noheadings --unit=g -o vg_name,name,size --nosuffix --readonly stack-volumes-lvmdriver-1" returned: 0 in 0.380s {{(pid=196635) execute /usr/local/lib/python3.12/site-packages/oslo_concurrency/processutils.py:372}}
Jan 26 19:08:39.026311 np0005596550.novalocal cinder-volume[196635]: DEBUG cinder.manager [None req-b9387cdb-d61f-4cd8-9d02-844ff8751321 tempest-VolumesSnapshotTestJSON-666453103 None] Notifying Schedulers of capabilities ... {{(pid=196635) _publish_service_capabilities /opt/stack/cinder/cinder/manager.py:202}}
Jan 26 19:08:39.034270 np0005596550.novalocal cinder-volume[196635]: INFO cinder.volume.manager [None req-b9387cdb-d61f-4cd8-9d02-844ff8751321 tempest-VolumesSnapshotTestJSON-666453103 None] Deleted volume successfully.
Jan 26 19:08:39.046842 np0005596550.novalocal cinder-volume[196635]: DEBUG cinder.coordination [None req-b9387cdb-d61f-4cd8-9d02-844ff8751321 tempest-VolumesSnapshotTestJSON-666453103 None] Lock "cinder-f9a79fe1-f3cc-40ad-91da-7d85794f547f-delete_volume" released by "delete_volume" :: held 3.669s {{(pid=196635) __release /opt/stack/cinder/cinder/coordination.py:157}}
Jan 26 19:08:39.070947 np0005596550.novalocal cinder-volume[196635]: DEBUG oslo_concurrency.processutils [None req-cbf75f93-2ccb-43f8-9036-c02e6bf4e20d tempest-VolumesSnapshotTestJSON-666453103 None] Running cmd (subprocess): sudo cinder-rootwrap /etc/cinder/rootwrap.conf env LC_ALL=C lvs --noheadings --unit=g -o vg_name,name,size --nosuffix --readonly stack-volumes-lvmdriver-1/volume-39aa4f64-145f-41d2-9b1c-87543864793c {{(pid=196635) execute /usr/local/lib/python3.12/site-packages/oslo_concurrency/processutils.py:349}}
Jan 26 19:08:39.101702 np0005596550.novalocal sudo[226446]: stack : PWD=/ ; USER=root ; COMMAND=/usr/local/bin/cinder-rootwrap /etc/cinder/rootwrap.conf env LC_ALL=C lvs --noheadings --unit=g -o vg_name,name,size --nosuffix --readonly stack-volumes-lvmdriver-1/volume-39aa4f64-145f-41d2-9b1c-87543864793c
Jan 26 19:08:39.478517 np0005596550.novalocal cinder-volume[196635]: DEBUG oslo_concurrency.processutils [None req-cbf75f93-2ccb-43f8-9036-c02e6bf4e20d tempest-VolumesSnapshotTestJSON-666453103 None] CMD "sudo cinder-rootwrap /etc/cinder/rootwrap.conf env LC_ALL=C lvs --noheadings --unit=g -o vg_name,name,size --nosuffix --readonly stack-volumes-lvmdriver-1/volume-39aa4f64-145f-41d2-9b1c-87543864793c" returned: 0 in 0.405s {{(pid=196635) execute /usr/local/lib/python3.12/site-packages/oslo_concurrency/processutils.py:372}}
Jan 26 19:08:39.478517 np0005596550.novalocal cinder-volume[196635]: DEBUG oslo_concurrency.processutils [None req-cbf75f93-2ccb-43f8-9036-c02e6bf4e20d tempest-VolumesSnapshotTestJSON-666453103 None] Running cmd (subprocess): sudo cinder-rootwrap /etc/cinder/rootwrap.conf env LC_ALL=C lvcreate --name _snapshot-2cf9d212-f6db-4dee-8bbf-2aba51b58f9c --snapshot stack-volumes-lvmdriver-1/volume-39aa4f64-145f-41d2-9b1c-87543864793c {{(pid=196635) execute /usr/local/lib/python3.12/site-packages/oslo_concurrency/processutils.py:349}}
Jan 26 19:08:39.514669 np0005596550.novalocal sudo[226452]: stack : PWD=/ ; USER=root ; COMMAND=/usr/local/bin/cinder-rootwrap /etc/cinder/rootwrap.conf env LC_ALL=C lvcreate --name _snapshot-2cf9d212-f6db-4dee-8bbf-2aba51b58f9c --snapshot stack-volumes-lvmdriver-1/volume-39aa4f64-145f-41d2-9b1c-87543864793c
Jan 26 19:08:39.978458 np0005596550.novalocal cinder-volume[196635]: DEBUG oslo_concurrency.processutils [None req-cbf75f93-2ccb-43f8-9036-c02e6bf4e20d tempest-VolumesSnapshotTestJSON-666453103 None] CMD "sudo cinder-rootwrap /etc/cinder/rootwrap.conf env LC_ALL=C lvcreate --name _snapshot-2cf9d212-f6db-4dee-8bbf-2aba51b58f9c --snapshot stack-volumes-lvmdriver-1/volume-39aa4f64-145f-41d2-9b1c-87543864793c" returned: 0 in 0.501s {{(pid=196635) execute /usr/local/lib/python3.12/site-packages/oslo_concurrency/processutils.py:372}}
Jan 26 19:08:40.132249 np0005596550.novalocal cinder-volume[196635]: INFO cinder.volume.manager [None req-cbf75f93-2ccb-43f8-9036-c02e6bf4e20d tempest-VolumesSnapshotTestJSON-666453103 None] Create snapshot completed successfully
Jan 26 19:08:42.640642 np0005596550.novalocal cinder-volume[196635]: DEBUG cinder.volume.flows.manager.create_volume [None req-6f89db8c-c0e7-4767-83c1-d4ad079f76fd tempest-VolumesSnapshotTestJSON-666453103 None] Volume reschedule parameters: True retry: {'num_attempts': 1, 'backends': ['np0005596550.novalocal@lvmdriver-1#lvmdriver-1'], 'hosts': ['np0005596550.novalocal@lvmdriver-1#lvmdriver-1']} {{(pid=196635) get_flow /opt/stack/cinder/cinder/volume/flows/manager/create_volume.py:1388}}
Jan 26 19:08:42.669529 np0005596550.novalocal cinder-volume[196635]: DEBUG cinder.volume.manager [None req-6f89db8c-c0e7-4767-83c1-d4ad079f76fd tempest-VolumesSnapshotTestJSON-666453103 None] Flow 'volume_create_manager' (242393e3-9aab-4ed7-90b5-8919d3204e2e) transitioned into state 'RUNNING' from state 'PENDING' {{(pid=196635) _flow_receiver /usr/local/lib/python3.12/site-packages/taskflow/listeners/logging.py:145}}
Jan 26 19:08:42.674167 np0005596550.novalocal cinder-volume[196635]: DEBUG cinder.volume.manager [None req-6f89db8c-c0e7-4767-83c1-d4ad079f76fd tempest-VolumesSnapshotTestJSON-666453103 None] Task 'cinder.volume.flows.manager.create_volume.ExtractVolumeRefTask;volume:create' (94e14c12-99f4-403b-a5af-f9ab30626ae5) transitioned into state 'RUNNING' from state 'PENDING' {{(pid=196635) _task_receiver /usr/local/lib/python3.12/site-packages/taskflow/listeners/logging.py:194}}
