Jan 26 19:15:43.859269 np0005596550.novalocal sudo[233166]: stack : PWD=/ ; USER=root ; COMMAND=/usr/local/bin/cinder-rootwrap /etc/cinder/rootwrap.conf lvchange -a y --yes -k n stack-volumes-lvmdriver-1/volume-ab708d6e-762e-49dc-a47b-f27cba340737
Jan 26 19:15:44.337824 np0005596550.novalocal cinder-volume[196635]: DEBUG oslo_concurrency.processutils [None req-b29362f3-663c-42e4-893c-d94e93b91725 tempest-VolumesBackupsTest-97611117 None] CMD "sudo cinder-rootwrap /etc/cinder/rootwrap.conf lvremove --config activation { retry_deactivation = 1} -f stack-volumes-lvmdriver-1/volume-6af402df-3843-4a4d-a056-815956f2c91f" returned: 0 in 0.575s {{(pid=196635) execute /usr/local/lib/python3.12/site-packages/oslo_concurrency/processutils.py:372}}
Jan 26 19:15:44.337824 np0005596550.novalocal cinder-volume[196635]: INFO cinder.volume.drivers.lvm [None req-b29362f3-663c-42e4-893c-d94e93b91725 tempest-VolumesBackupsTest-97611117 None] Successfully deleted volume: 6af402df-3843-4a4d-a056-815956f2c91f
Jan 26 19:15:44.347679 np0005596550.novalocal cinder-volume[196635]: DEBUG oslo_concurrency.processutils [None req-47f124cb-1626-40cf-8c14-84467f211ec1 tempest-VolumesBackupsTest-97611117 None] CMD "sudo cinder-rootwrap /etc/cinder/rootwrap.conf lvchange -a y --yes -k n stack-volumes-lvmdriver-1/volume-ab708d6e-762e-49dc-a47b-f27cba340737" returned: 0 in 0.567s {{(pid=196635) execute /usr/local/lib/python3.12/site-packages/oslo_concurrency/processutils.py:372}}
Jan 26 19:15:44.366590 np0005596550.novalocal cinder-volume[196635]: INFO cinder.volume.manager [None req-47f124cb-1626-40cf-8c14-84467f211ec1 tempest-VolumesBackupsTest-97611117 None] Calling backup continue_backup for: Backup(availability_zone='nova',container=None,created_at=2026-01-27T00:15:42Z,data_timestamp=2026-01-27T00:15:42Z,deleted=False,deleted_at=None,display_description=None,display_name=None,encryption_key_id=None,fail_reason=None,host='np0005596550.novalocal',id=6e58e644-31ab-4e7d-9fe5-a6097416002a,metadata={},num_dependent_backups=0,object_count=0,parent=Backup(5a277df6-85f7-4858-8b96-0c9364da2aa9),parent_id='5a277df6-85f7-4858-8b96-0c9364da2aa9',project_id='261cb1c98c954302ba86efa2ceee43f2',restore_volume_id=None,service='cinder.backup.drivers.swift.SwiftBackupDriver',service_metadata=None,size=1,snapshot_id=None,status='creating',temp_snapshot_id=None,temp_volume_id='ab708d6e-762e-49dc-a47b-f27cba340737',updated_at=None,user_id='e6cbe3740f6c4303bbf3e5d5c92677db',volume_id=d438bc89-fce8-47ba-bf8f-fd79987670fc)
Jan 26 19:15:44.367170 np0005596550.novalocal cinder-volume[196635]: DEBUG cinder.backup.rpcapi [None req-47f124cb-1626-40cf-8c14-84467f211ec1 tempest-VolumesBackupsTest-97611117 None] continue_backup in rpcapi backup_id 6e58e644-31ab-4e7d-9fe5-a6097416002a {{(pid=196635) continue_backup /opt/stack/cinder/cinder/backup/rpcapi.py:65}}
Jan 26 19:15:44.425821 np0005596550.novalocal cinder-volume[196635]: INFO cinder.volume.manager [None req-b29362f3-663c-42e4-893c-d94e93b91725 tempest-VolumesBackupsTest-97611117 None] Deleted volume successfully.
Jan 26 19:15:44.433301 np0005596550.novalocal cinder-volume[196635]: DEBUG cinder.coordination [None req-b29362f3-663c-42e4-893c-d94e93b91725 tempest-VolumesBackupsTest-97611117 None] Lock "cinder-6af402df-3843-4a4d-a056-815956f2c91f-delete_volume" released by "delete_volume" :: held 2.305s {{(pid=196635) __release /opt/stack/cinder/cinder/coordination.py:157}}
Jan 26 19:15:44.504202 np0005596550.novalocal cinder-volume[196635]: DEBUG oslo_concurrency.processutils [None req-47f124cb-1626-40cf-8c14-84467f211ec1 tempest-VolumesBackupsTest-97611117 None] Running cmd (subprocess): sudo cinder-rootwrap /etc/cinder/rootwrap.conf lvchange -a y --yes -K stack-volumes-lvmdriver-1/volume-ab708d6e-762e-49dc-a47b-f27cba340737 {{(pid=196635) execute /usr/local/lib/python3.12/site-packages/oslo_concurrency/processutils.py:349}}
Jan 26 19:15:44.526609 np0005596550.novalocal sudo[233191]: stack : PWD=/ ; USER=root ; COMMAND=/usr/local/bin/cinder-rootwrap /etc/cinder/rootwrap.conf lvchange -a y --yes -K stack-volumes-lvmdriver-1/volume-ab708d6e-762e-49dc-a47b-f27cba340737
Jan 26 19:15:44.927457 np0005596550.novalocal cinder-volume[196635]: DEBUG oslo_concurrency.processutils [None req-47f124cb-1626-40cf-8c14-84467f211ec1 tempest-VolumesBackupsTest-97611117 None] CMD "sudo cinder-rootwrap /etc/cinder/rootwrap.conf lvchange -a y --yes -K stack-volumes-lvmdriver-1/volume-ab708d6e-762e-49dc-a47b-f27cba340737" returned: 0 in 0.423s {{(pid=196635) execute /usr/local/lib/python3.12/site-packages/oslo_concurrency/processutils.py:372}}
Jan 26 19:15:44.955274 np0005596550.novalocal cinder-volume[196635]: INFO cinder.volume.targets.lio [None req-47f124cb-1626-40cf-8c14-84467f211ec1 tempest-VolumesBackupsTest-97611117 None] Creating iscsi_target for volume: volume-ab708d6e-762e-49dc-a47b-f27cba340737
Jan 26 19:15:44.955274 np0005596550.novalocal cinder-volume[196635]: DEBUG oslo_concurrency.lockutils [None req-47f124cb-1626-40cf-8c14-84467f211ec1 tempest-VolumesBackupsTest-97611117 None] Acquiring lock "lioadm" by "cinder.volume.targets.lio.LioAdm._execute" {{(pid=196635) inner /usr/local/lib/python3.12/site-packages/oslo_concurrency/lockutils.py:405}}
Jan 26 19:15:44.955274 np0005596550.novalocal cinder-volume[196635]: DEBUG oslo_concurrency.lockutils [None req-47f124cb-1626-40cf-8c14-84467f211ec1 tempest-VolumesBackupsTest-97611117 None] Lock "lioadm" acquired by "cinder.volume.targets.lio.LioAdm._execute" :: waited 0.000s {{(pid=196635) inner /usr/local/lib/python3.12/site-packages/oslo_concurrency/lockutils.py:410}}
Jan 26 19:15:44.955505 np0005596550.novalocal cinder-volume[196635]: DEBUG oslo_concurrency.processutils [None req-47f124cb-1626-40cf-8c14-84467f211ec1 tempest-VolumesBackupsTest-97611117 None] Running cmd (subprocess): sudo cinder-rootwrap /etc/cinder/rootwrap.conf cinder-rtstool create /dev/stack-volumes-lvmdriver-1/volume-ab708d6e-762e-49dc-a47b-f27cba340737 iqn.2010-10.org.openstack:volume-ab708d6e-762e-49dc-a47b-f27cba340737 FRjdzkNua7bXv3crdYvH i8kNd6KUryxa9AvL False -p3260 -a38.102.83.18 {{(pid=196635) execute /usr/local/lib/python3.12/site-packages/oslo_concurrency/processutils.py:349}}
Jan 26 19:15:44.975387 np0005596550.novalocal sudo[233197]: stack : PWD=/ ; USER=root ; COMMAND=/usr/local/bin/cinder-rootwrap /etc/cinder/rootwrap.conf cinder-rtstool create /dev/stack-volumes-lvmdriver-1/volume-ab708d6e-762e-49dc-a47b-f27cba340737 iqn.2010-10.org.openstack:volume-ab708d6e-762e-49dc-a47b-f27cba340737 FRjdzkNua7bXv3crdYvH i8kNd6KUryxa9AvL False -p3260 -a38.102.83.18
Jan 26 19:15:45.525959 np0005596550.novalocal cinder-volume[196635]: DEBUG oslo_concurrency.processutils [None req-47f124cb-1626-40cf-8c14-84467f211ec1 tempest-VolumesBackupsTest-97611117 None] CMD "sudo cinder-rootwrap /etc/cinder/rootwrap.conf cinder-rtstool create /dev/stack-volumes-lvmdriver-1/volume-ab708d6e-762e-49dc-a47b-f27cba340737 iqn.2010-10.org.openstack:volume-ab708d6e-762e-49dc-a47b-f27cba340737 FRjdzkNua7bXv3crdYvH i8kNd6KUryxa9AvL False -p3260 -a38.102.83.18" returned: 0 in 0.570s {{(pid=196635) execute /usr/local/lib/python3.12/site-packages/oslo_concurrency/processutils.py:372}}
Jan 26 19:15:45.525959 np0005596550.novalocal cinder-volume[196635]: DEBUG oslo_concurrency.lockutils [None req-47f124cb-1626-40cf-8c14-84467f211ec1 tempest-VolumesBackupsTest-97611117 None] Lock "lioadm" "released" by "cinder.volume.targets.lio.LioAdm._execute" :: held 0.571s {{(pid=196635) inner /usr/local/lib/python3.12/site-packages/oslo_concurrency/lockutils.py:424}}
Jan 26 19:15:45.525959 np0005596550.novalocal cinder-volume[196635]: DEBUG oslo_concurrency.lockutils [None req-47f124cb-1626-40cf-8c14-84467f211ec1 tempest-VolumesBackupsTest-97611117 None] Acquiring lock "lioadm" by "cinder.volume.targets.lio.LioAdm._execute" {{(pid=196635) inner /usr/local/lib/python3.12/site-packages/oslo_concurrency/lockutils.py:405}}
Jan 26 19:15:45.528758 np0005596550.novalocal cinder-volume[196635]: DEBUG oslo_concurrency.lockutils [None req-47f124cb-1626-40cf-8c14-84467f211ec1 tempest-VolumesBackupsTest-97611117 None] Lock "lioadm" acquired by "cinder.volume.targets.lio.LioAdm._execute" :: waited 0.000s {{(pid=196635) inner /usr/local/lib/python3.12/site-packages/oslo_concurrency/lockutils.py:410}}
Jan 26 19:15:45.528758 np0005596550.novalocal cinder-volume[196635]: DEBUG oslo_concurrency.processutils [None req-47f124cb-1626-40cf-8c14-84467f211ec1 tempest-VolumesBackupsTest-97611117 None] Running cmd (subprocess): sudo cinder-rootwrap /etc/cinder/rootwrap.conf cinder-rtstool get-targets {{(pid=196635) execute /usr/local/lib/python3.12/site-packages/oslo_concurrency/processutils.py:349}}
Jan 26 19:15:45.565415 np0005596550.novalocal sudo[233206]: stack : PWD=/ ; USER=root ; COMMAND=/usr/local/bin/cinder-rootwrap /etc/cinder/rootwrap.conf cinder-rtstool get-targets
Jan 26 19:15:46.080312 np0005596550.novalocal cinder-volume[196635]: DEBUG oslo_concurrency.processutils [None req-47f124cb-1626-40cf-8c14-84467f211ec1 tempest-VolumesBackupsTest-97611117 None] CMD "sudo cinder-rootwrap /etc/cinder/rootwrap.conf cinder-rtstool get-targets" returned: 0 in 0.553s {{(pid=196635) execute /usr/local/lib/python3.12/site-packages/oslo_concurrency/processutils.py:372}}
Jan 26 19:15:46.080725 np0005596550.novalocal cinder-volume[196635]: DEBUG oslo_concurrency.lockutils [None req-47f124cb-1626-40cf-8c14-84467f211ec1 tempest-VolumesBackupsTest-97611117 None] Lock "lioadm" "released" by "cinder.volume.targets.lio.LioAdm._execute" :: held 0.554s {{(pid=196635) inner /usr/local/lib/python3.12/site-packages/oslo_concurrency/lockutils.py:424}}
Jan 26 19:15:46.080999 np0005596550.novalocal cinder-volume[196635]: DEBUG oslo_concurrency.lockutils [None req-47f124cb-1626-40cf-8c14-84467f211ec1 tempest-VolumesBackupsTest-97611117 None] Acquiring lock "lioadm" by "cinder.volume.targets.lio.LioAdm._execute" {{(pid=196635) inner /usr/local/lib/python3.12/site-packages/oslo_concurrency/lockutils.py:405}}
Jan 26 19:15:46.081294 np0005596550.novalocal cinder-volume[196635]: DEBUG oslo_concurrency.lockutils [None req-47f124cb-1626-40cf-8c14-84467f211ec1 tempest-VolumesBackupsTest-97611117 None] Lock "lioadm" acquired by "cinder.volume.targets.lio.LioAdm._execute" :: waited 0.000s {{(pid=196635) inner /usr/local/lib/python3.12/site-packages/oslo_concurrency/lockutils.py:410}}
Jan 26 19:15:46.081676 np0005596550.novalocal cinder-volume[196635]: DEBUG oslo_concurrency.processutils [None req-47f124cb-1626-40cf-8c14-84467f211ec1 tempest-VolumesBackupsTest-97611117 None] Running cmd (subprocess): sudo cinder-rootwrap /etc/cinder/rootwrap.conf cinder-rtstool save {{(pid=196635) execute /usr/local/lib/python3.12/site-packages/oslo_concurrency/processutils.py:349}}
Jan 26 19:15:46.101892 np0005596550.novalocal sudo[233212]: stack : PWD=/ ; USER=root ; COMMAND=/usr/local/bin/cinder-rootwrap /etc/cinder/rootwrap.conf cinder-rtstool save
Jan 26 19:15:46.672109 np0005596550.novalocal cinder-volume[196635]: DEBUG oslo_concurrency.processutils [None req-47f124cb-1626-40cf-8c14-84467f211ec1 tempest-VolumesBackupsTest-97611117 None] CMD "sudo cinder-rootwrap /etc/cinder/rootwrap.conf cinder-rtstool save" returned: 0 in 0.590s {{(pid=196635) execute /usr/local/lib/python3.12/site-packages/oslo_concurrency/processutils.py:372}}
Jan 26 19:15:46.672546 np0005596550.novalocal cinder-volume[196635]: DEBUG oslo_concurrency.lockutils [None req-47f124cb-1626-40cf-8c14-84467f211ec1 tempest-VolumesBackupsTest-97611117 None] Lock "lioadm" "released" by "cinder.volume.targets.lio.LioAdm._execute" :: held 0.591s {{(pid=196635) inner /usr/local/lib/python3.12/site-packages/oslo_concurrency/lockutils.py:424}}
Jan 26 19:15:46.672875 np0005596550.novalocal cinder-volume[196635]: DEBUG cinder.volume.targets.iscsi [None req-47f124cb-1626-40cf-8c14-84467f211ec1 tempest-VolumesBackupsTest-97611117 None] Set provider_location to: 38.102.83.18:3260,iqn.2010-10.org.openstack:volume-ab708d6e-762e-49dc-a47b-f27cba340737 iqn.2010-10.org.openstack:volume-ab708d6e-762e-49dc-a47b-f27cba340737 0 {{(pid=196635) create_export /opt/stack/cinder/cinder/volume/targets/iscsi.py:205}}
Jan 26 19:15:46.682131 np0005596550.novalocal cinder-volume[196635]: DEBUG oslo_concurrency.lockutils [None req-47f124cb-1626-40cf-8c14-84467f211ec1 tempest-VolumesBackupsTest-97611117 None] Acquiring lock "lioadm" by "cinder.volume.targets.lio.LioAdm._execute" {{(pid=196635) inner /usr/local/lib/python3.12/site-packages/oslo_concurrency/lockutils.py:405}}
Jan 26 19:15:46.682131 np0005596550.novalocal cinder-volume[196635]: DEBUG oslo_concurrency.lockutils [None req-47f124cb-1626-40cf-8c14-84467f211ec1 tempest-VolumesBackupsTest-97611117 None] Lock "lioadm" acquired by "cinder.volume.targets.lio.LioAdm._execute" :: waited 0.001s {{(pid=196635) inner /usr/local/lib/python3.12/site-packages/oslo_concurrency/lockutils.py:410}}
Jan 26 19:15:46.682512 np0005596550.novalocal cinder-volume[196635]: DEBUG oslo_concurrency.processutils [None req-47f124cb-1626-40cf-8c14-84467f211ec1 tempest-VolumesBackupsTest-97611117 None] Running cmd (subprocess): sudo cinder-rootwrap /etc/cinder/rootwrap.conf cinder-rtstool add-initiator iqn.2010-10.org.openstack:volume-ab708d6e-762e-49dc-a47b-f27cba340737 FRjdzkNua7bXv3crdYvH i8kNd6KUryxa9AvL iqn.1994-05.com.redhat:cea4a155eb24 {{(pid=196635) execute /usr/local/lib/python3.12/site-packages/oslo_concurrency/processutils.py:349}}
Jan 26 19:15:46.707802 np0005596550.novalocal sudo[233219]: stack : PWD=/ ; USER=root ; COMMAND=/usr/local/bin/cinder-rootwrap /etc/cinder/rootwrap.conf cinder-rtstool add-initiator iqn.2010-10.org.openstack:volume-ab708d6e-762e-49dc-a47b-f27cba340737 FRjdzkNua7bXv3crdYvH i8kNd6KUryxa9AvL iqn.1994-05.com.redhat:cea4a155eb24
Jan 26 19:15:47.294326 np0005596550.novalocal cinder-volume[196635]: DEBUG oslo_concurrency.processutils [None req-47f124cb-1626-40cf-8c14-84467f211ec1 tempest-VolumesBackupsTest-97611117 None] CMD "sudo cinder-rootwrap /etc/cinder/rootwrap.conf cinder-rtstool add-initiator iqn.2010-10.org.openstack:volume-ab708d6e-762e-49dc-a47b-f27cba340737 FRjdzkNua7bXv3crdYvH i8kNd6KUryxa9AvL iqn.1994-05.com.redhat:cea4a155eb24" returned: 0 in 0.610s {{(pid=196635) execute /usr/local/lib/python3.12/site-packages/oslo_concurrency/processutils.py:372}}
Jan 26 19:15:47.294326 np0005596550.novalocal cinder-volume[196635]: DEBUG oslo_concurrency.lockutils [None req-47f124cb-1626-40cf-8c14-84467f211ec1 tempest-VolumesBackupsTest-97611117 None] Lock "lioadm" "released" by "cinder.volume.targets.lio.LioAdm._execute" :: held 0.612s {{(pid=196635) inner /usr/local/lib/python3.12/site-packages/oslo_concurrency/lockutils.py:424}}
Jan 26 19:15:47.294326 np0005596550.novalocal cinder-volume[196635]: DEBUG oslo_concurrency.lockutils [None req-47f124cb-1626-40cf-8c14-84467f211ec1 tempest-VolumesBackupsTest-97611117 None] Acquiring lock "lioadm" by "cinder.volume.targets.lio.LioAdm._execute" {{(pid=196635) inner /usr/local/lib/python3.12/site-packages/oslo_concurrency/lockutils.py:405}}
Jan 26 19:15:47.294821 np0005596550.novalocal cinder-volume[196635]: DEBUG oslo_concurrency.lockutils [None req-47f124cb-1626-40cf-8c14-84467f211ec1 tempest-VolumesBackupsTest-97611117 None] Lock "lioadm" acquired by "cinder.volume.targets.lio.LioAdm._execute" :: waited 0.000s {{(pid=196635) inner /usr/local/lib/python3.12/site-packages/oslo_concurrency/lockutils.py:410}}
Jan 26 19:15:47.294821 np0005596550.novalocal cinder-volume[196635]: DEBUG oslo_concurrency.processutils [None req-47f124cb-1626-40cf-8c14-84467f211ec1 tempest-VolumesBackupsTest-97611117 None] Running cmd (subprocess): sudo cinder-rootwrap /etc/cinder/rootwrap.conf cinder-rtstool save {{(pid=196635) execute /usr/local/lib/python3.12/site-packages/oslo_concurrency/processutils.py:349}}
Jan 26 19:15:47.322048 np0005596550.novalocal sudo[233232]: stack : PWD=/ ; USER=root ; COMMAND=/usr/local/bin/cinder-rootwrap /etc/cinder/rootwrap.conf cinder-rtstool save
Jan 26 19:15:47.857741 np0005596550.novalocal cinder-volume[196635]: DEBUG oslo_concurrency.processutils [None req-47f124cb-1626-40cf-8c14-84467f211ec1 tempest-VolumesBackupsTest-97611117 None] CMD "sudo cinder-rootwrap /etc/cinder/rootwrap.conf cinder-rtstool save" returned: 0 in 0.563s {{(pid=196635) execute /usr/local/lib/python3.12/site-packages/oslo_concurrency/processutils.py:372}}
Jan 26 19:15:47.857741 np0005596550.novalocal cinder-volume[196635]: DEBUG oslo_concurrency.lockutils [None req-47f124cb-1626-40cf-8c14-84467f211ec1 tempest-VolumesBackupsTest-97611117 None] Lock "lioadm" "released" by "cinder.volume.targets.lio.LioAdm._execute" :: held 0.564s {{(pid=196635) inner /usr/local/lib/python3.12/site-packages/oslo_concurrency/lockutils.py:424}}
Jan 26 19:15:47.873217 np0005596550.novalocal cinder-volume[196635]: INFO cinder.volume.manager [None req-47f124cb-1626-40cf-8c14-84467f211ec1 tempest-VolumesBackupsTest-97611117 None] Initialize volume connection completed successfully.
Jan 26 19:15:49.998060 np0005596550.novalocal cinder-volume[196635]: DEBUG oslo_service.periodic_task [None req-e1609359-a989-4404-8e06-92ddb1d8b944 None None] Running periodic task VolumeManager.publish_service_capabilities {{(pid=196635) run_periodic_tasks /usr/local/lib/python3.12/site-packages/oslo_service/periodic_task.py:210}}
Jan 26 19:15:49.998722 np0005596550.novalocal cinder-volume[196635]: DEBUG cinder.volume.drivers.lvm [None req-e1609359-a989-4404-8e06-92ddb1d8b944 None None] Updating volume stats {{(pid=196635) _update_volume_stats /opt/stack/cinder/cinder/volume/drivers/lvm.py:228}}
Jan 26 19:15:49.998836 np0005596550.novalocal cinder-volume[196635]: DEBUG oslo_concurrency.processutils [None req-e1609359-a989-4404-8e06-92ddb1d8b944 None None] Running cmd (subprocess): sudo cinder-rootwrap /etc/cinder/rootwrap.conf env LC_ALL=C vgs --noheadings --unit=g -o name,size,free,lv_count,uuid --separator : --nosuffix stack-volumes-lvmdriver-1 {{(pid=196635) execute /usr/local/lib/python3.12/site-packages/oslo_concurrency/processutils.py:349}}
Jan 26 19:15:50.020936 np0005596550.novalocal sudo[233321]: stack : PWD=/ ; USER=root ; COMMAND=/usr/local/bin/cinder-rootwrap /etc/cinder/rootwrap.conf env LC_ALL=C vgs --noheadings --unit=g -o name,size,free,lv_count,uuid --separator : --nosuffix stack-volumes-lvmdriver-1
Jan 26 19:15:50.471252 np0005596550.novalocal cinder-volume[196635]: DEBUG oslo_concurrency.processutils [None req-e1609359-a989-4404-8e06-92ddb1d8b944 None None] CMD "sudo cinder-rootwrap /etc/cinder/rootwrap.conf env LC_ALL=C vgs --noheadings --unit=g -o name,size,free,lv_count,uuid --separator : --nosuffix stack-volumes-lvmdriver-1" returned: 0 in 0.472s {{(pid=196635) execute /usr/local/lib/python3.12/site-packages/oslo_concurrency/processutils.py:372}}
Jan 26 19:15:50.471795 np0005596550.novalocal cinder-volume[196635]: DEBUG oslo_concurrency.processutils [None req-e1609359-a989-4404-8e06-92ddb1d8b944 None None] Running cmd (subprocess): sudo cinder-rootwrap /etc/cinder/rootwrap.conf env LC_ALL=C lvs --noheadings --unit=g -o vg_name,name,size --nosuffix --readonly stack-volumes-lvmdriver-1 {{(pid=196635) execute /usr/local/lib/python3.12/site-packages/oslo_concurrency/processutils.py:349}}
Jan 26 19:15:50.497166 np0005596550.novalocal sudo[233331]: stack : PWD=/ ; USER=root ; COMMAND=/usr/local/bin/cinder-rootwrap /etc/cinder/rootwrap.conf env LC_ALL=C lvs --noheadings --unit=g -o vg_name,name,size --nosuffix --readonly stack-volumes-lvmdriver-1
Jan 26 19:15:50.920614 np0005596550.novalocal cinder-volume[196635]: DEBUG oslo_concurrency.processutils [None req-e1609359-a989-4404-8e06-92ddb1d8b944 None None] CMD "sudo cinder-rootwrap /etc/cinder/rootwrap.conf env LC_ALL=C lvs --noheadings --unit=g -o vg_name,name,size --nosuffix --readonly stack-volumes-lvmdriver-1" returned: 0 in 0.447s {{(pid=196635) execute /usr/local/lib/python3.12/site-packages/oslo_concurrency/processutils.py:372}}
Jan 26 19:15:50.921478 np0005596550.novalocal cinder-volume[196635]: DEBUG oslo_concurrency.processutils [None req-e1609359-a989-4404-8e06-92ddb1d8b944 None None] Running cmd (subprocess): sudo cinder-rootwrap /etc/cinder/rootwrap.conf env LC_ALL=C lvs --noheadings --unit=g -o size,data_percent --separator : --nosuffix /dev/stack-volumes-lvmdriver-1/stack-volumes-lvmdriver-1-pool {{(pid=196635) execute /usr/local/lib/python3.12/site-packages/oslo_concurrency/processutils.py:349}}
Jan 26 19:15:50.949370 np0005596550.novalocal sudo[233340]: stack : PWD=/ ; USER=root ; COMMAND=/usr/local/bin/cinder-rootwrap /etc/cinder/rootwrap.conf env LC_ALL=C lvs --noheadings --unit=g -o size,data_percent --separator : --nosuffix /dev/stack-volumes-lvmdriver-1/stack-volumes-lvmdriver-1-pool
Jan 26 19:15:51.388648 np0005596550.novalocal cinder-volume[196635]: DEBUG oslo_concurrency.processutils [None req-e1609359-a989-4404-8e06-92ddb1d8b944 None None] CMD "sudo cinder-rootwrap /etc/cinder/rootwrap.conf env LC_ALL=C lvs --noheadings --unit=g -o size,data_percent --separator : --nosuffix /dev/stack-volumes-lvmdriver-1/stack-volumes-lvmdriver-1-pool" returned: 0 in 0.467s {{(pid=196635) execute /usr/local/lib/python3.12/site-packages/oslo_concurrency/processutils.py:372}}
Jan 26 19:15:51.389750 np0005596550.novalocal cinder-volume[196635]: DEBUG oslo_concurrency.processutils [None req-e1609359-a989-4404-8e06-92ddb1d8b944 None None] Running cmd (subprocess): sudo cinder-rootwrap /etc/cinder/rootwrap.conf env LC_ALL=C lvs --noheadings --unit=g -o vg_name,name,size --nosuffix --readonly stack-volumes-lvmdriver-1 {{(pid=196635) execute /usr/local/lib/python3.12/site-packages/oslo_concurrency/processutils.py:349}}
Jan 26 19:15:51.414329 np0005596550.novalocal sudo[233345]: stack : PWD=/ ; USER=root ; COMMAND=/usr/local/bin/cinder-rootwrap /etc/cinder/rootwrap.conf env LC_ALL=C lvs --noheadings --unit=g -o vg_name,name,size --nosuffix --readonly stack-volumes-lvmdriver-1
Jan 26 19:15:51.864265 np0005596550.novalocal cinder-volume[196635]: DEBUG oslo_concurrency.processutils [None req-e1609359-a989-4404-8e06-92ddb1d8b944 None None] CMD "sudo cinder-rootwrap /etc/cinder/rootwrap.conf env LC_ALL=C lvs --noheadings --unit=g -o vg_name,name,size --nosuffix --readonly stack-volumes-lvmdriver-1" returned: 0 in 0.474s {{(pid=196635) execute /usr/local/lib/python3.12/site-packages/oslo_concurrency/processutils.py:372}}
Jan 26 19:15:51.865234 np0005596550.novalocal cinder-volume[196635]: DEBUG cinder.manager [None req-e1609359-a989-4404-8e06-92ddb1d8b944 None None] Notifying Schedulers of capabilities ... {{(pid=196635) _publish_service_capabilities /opt/stack/cinder/cinder/manager.py:202}}
Jan 26 19:15:56.705606 np0005596550.novalocal cinder-volume[196635]: DEBUG oslo_concurrency.lockutils [None req-47f124cb-1626-40cf-8c14-84467f211ec1 tempest-VolumesBackupsTest-97611117 None] Acquiring lock "lioadm" by "cinder.volume.targets.lio.LioAdm._execute" {{(pid=196635) inner /usr/local/lib/python3.12/site-packages/oslo_concurrency/lockutils.py:405}}
Jan 26 19:15:56.706471 np0005596550.novalocal cinder-volume[196635]: DEBUG oslo_concurrency.lockutils [None req-47f124cb-1626-40cf-8c14-84467f211ec1 tempest-VolumesBackupsTest-97611117 None] Lock "lioadm" acquired by "cinder.volume.targets.lio.LioAdm._execute" :: waited 0.001s {{(pid=196635) inner /usr/local/lib/python3.12/site-packages/oslo_concurrency/lockutils.py:410}}
Jan 26 19:15:56.707191 np0005596550.novalocal cinder-volume[196635]: DEBUG oslo_concurrency.processutils [None req-47f124cb-1626-40cf-8c14-84467f211ec1 tempest-VolumesBackupsTest-97611117 None] Running cmd (subprocess): sudo cinder-rootwrap /etc/cinder/rootwrap.conf cinder-rtstool delete-initiator iqn.2010-10.org.openstack:volume-ab708d6e-762e-49dc-a47b-f27cba340737 iqn.1994-05.com.redhat:cea4a155eb24 {{(pid=196635) execute /usr/local/lib/python3.12/site-packages/oslo_concurrency/processutils.py:349}}
Jan 26 19:15:56.742083 np0005596550.novalocal sudo[233424]: stack : PWD=/ ; USER=root ; COMMAND=/usr/local/bin/cinder-rootwrap /etc/cinder/rootwrap.conf cinder-rtstool delete-initiator iqn.2010-10.org.openstack:volume-ab708d6e-762e-49dc-a47b-f27cba340737 iqn.1994-05.com.redhat:cea4a155eb24
Jan 26 19:15:57.312586 np0005596550.novalocal cinder-volume[196635]: DEBUG oslo_concurrency.processutils [None req-47f124cb-1626-40cf-8c14-84467f211ec1 tempest-VolumesBackupsTest-97611117 None] CMD "sudo cinder-rootwrap /etc/cinder/rootwrap.conf cinder-rtstool delete-initiator iqn.2010-10.org.openstack:volume-ab708d6e-762e-49dc-a47b-f27cba340737 iqn.1994-05.com.redhat:cea4a155eb24" returned: 0 in 0.605s {{(pid=196635) execute /usr/local/lib/python3.12/site-packages/oslo_concurrency/processutils.py:372}}
Jan 26 19:15:57.312713 np0005596550.novalocal cinder-volume[196635]: DEBUG oslo_concurrency.lockutils [None req-47f124cb-1626-40cf-8c14-84467f211ec1 tempest-VolumesBackupsTest-97611117 None] Lock "lioadm" "released" by "cinder.volume.targets.lio.LioAdm._execute" :: held 0.606s {{(pid=196635) inner /usr/local/lib/python3.12/site-packages/oslo_concurrency/lockutils.py:424}}
Jan 26 19:15:57.312976 np0005596550.novalocal cinder-volume[196635]: DEBUG oslo_concurrency.lockutils [None req-47f124cb-1626-40cf-8c14-84467f211ec1 tempest-VolumesBackupsTest-97611117 None] Acquiring lock "lioadm" by "cinder.volume.targets.lio.LioAdm._execute" {{(pid=196635) inner /usr/local/lib/python3.12/site-packages/oslo_concurrency/lockutils.py:405}}
Jan 26 19:15:57.313898 np0005596550.novalocal cinder-volume[196635]: DEBUG oslo_concurrency.lockutils [None req-47f124cb-1626-40cf-8c14-84467f211ec1 tempest-VolumesBackupsTest-97611117 None] Lock "lioadm" acquired by "cinder.volume.targets.lio.LioAdm._execute" :: waited 0.000s {{(pid=196635) inner /usr/local/lib/python3.12/site-packages/oslo_concurrency/lockutils.py:410}}
Jan 26 19:15:57.313898 np0005596550.novalocal cinder-volume[196635]: DEBUG oslo_concurrency.processutils [None req-47f124cb-1626-40cf-8c14-84467f211ec1 tempest-VolumesBackupsTest-97611117 None] Running cmd (subprocess): sudo cinder-rootwrap /etc/cinder/rootwrap.conf cinder-rtstool save {{(pid=196635) execute /usr/local/lib/python3.12/site-packages/oslo_concurrency/processutils.py:349}}
Jan 26 19:15:57.342980 np0005596550.novalocal sudo[233431]: stack : PWD=/ ; USER=root ; COMMAND=/usr/local/bin/cinder-rootwrap /etc/cinder/rootwrap.conf cinder-rtstool save
Jan 26 19:15:57.872667 np0005596550.novalocal cinder-volume[196635]: DEBUG dbcounter [-] [196635] Writing DB stats cinder:SELECT=15,cinder:UPDATE=11 {{(pid=196635) stat_writer /usr/local/lib/python3.12/site-packages/dbcounter.py:115}}
Jan 26 19:15:58.047965 np0005596550.novalocal cinder-volume[196635]: DEBUG oslo_concurrency.processutils [None req-47f124cb-1626-40cf-8c14-84467f211ec1 tempest-VolumesBackupsTest-97611117 None] CMD "sudo cinder-rootwrap /etc/cinder/rootwrap.conf cinder-rtstool save" returned: 0 in 0.733s {{(pid=196635) execute /usr/local/lib/python3.12/site-packages/oslo_concurrency/processutils.py:372}}
Jan 26 19:15:58.048919 np0005596550.novalocal cinder-volume[196635]: DEBUG oslo_concurrency.lockutils [None req-47f124cb-1626-40cf-8c14-84467f211ec1 tempest-VolumesBackupsTest-97611117 None] Lock "lioadm" "released" by "cinder.volume.targets.lio.LioAdm._execute" :: held 0.735s {{(pid=196635) inner /usr/local/lib/python3.12/site-packages/oslo_concurrency/lockutils.py:424}}
Jan 26 19:15:58.049486 np0005596550.novalocal cinder-volume[196635]: INFO cinder.volume.manager [None req-47f124cb-1626-40cf-8c14-84467f211ec1 tempest-VolumesBackupsTest-97611117 None] Terminate volume connection completed successfully.
Jan 26 19:15:58.563217 np0005596550.novalocal cinder-volume[196635]: DEBUG oslo_concurrency.lockutils [None req-47f124cb-1626-40cf-8c14-84467f211ec1 tempest-VolumesBackupsTest-97611117 None] Acquiring lock "lioadm" by "cinder.volume.targets.lio.LioAdm._execute" {{(pid=196635) inner /usr/local/lib/python3.12/site-packages/oslo_concurrency/lockutils.py:405}}
Jan 26 19:15:58.563718 np0005596550.novalocal cinder-volume[196635]: DEBUG oslo_concurrency.lockutils [None req-47f124cb-1626-40cf-8c14-84467f211ec1 tempest-VolumesBackupsTest-97611117 None] Lock "lioadm" acquired by "cinder.volume.targets.lio.LioAdm._execute" :: waited 0.001s {{(pid=196635) inner /usr/local/lib/python3.12/site-packages/oslo_concurrency/lockutils.py:410}}
Jan 26 19:15:58.564172 np0005596550.novalocal cinder-volume[196635]: DEBUG oslo_concurrency.processutils [None req-47f124cb-1626-40cf-8c14-84467f211ec1 tempest-VolumesBackupsTest-97611117 None] Running cmd (subprocess): sudo cinder-rootwrap /etc/cinder/rootwrap.conf cinder-rtstool get-targets {{(pid=196635) execute /usr/local/lib/python3.12/site-packages/oslo_concurrency/processutils.py:349}}
Jan 26 19:15:58.595626 np0005596550.novalocal sudo[233479]: stack : PWD=/ ; USER=root ; COMMAND=/usr/local/bin/cinder-rootwrap /etc/cinder/rootwrap.conf cinder-rtstool get-targets
Jan 26 19:15:59.144753 np0005596550.novalocal cinder-volume[196635]: DEBUG oslo_concurrency.processutils [None req-47f124cb-1626-40cf-8c14-84467f211ec1 tempest-VolumesBackupsTest-97611117 None] CMD "sudo cinder-rootwrap /etc/cinder/rootwrap.conf cinder-rtstool get-targets" returned: 0 in 0.580s {{(pid=196635) execute /usr/local/lib/python3.12/site-packages/oslo_concurrency/processutils.py:372}}
Jan 26 19:15:59.145167 np0005596550.novalocal cinder-volume[196635]: DEBUG oslo_concurrency.lockutils [None req-47f124cb-1626-40cf-8c14-84467f211ec1 tempest-VolumesBackupsTest-97611117 None] Lock "lioadm" "released" by "cinder.volume.targets.lio.LioAdm._execute" :: held 0.581s {{(pid=196635) inner /usr/local/lib/python3.12/site-packages/oslo_concurrency/lockutils.py:424}}
Jan 26 19:15:59.145408 np0005596550.novalocal cinder-volume[196635]: INFO cinder.volume.targets.lio [None req-47f124cb-1626-40cf-8c14-84467f211ec1 tempest-VolumesBackupsTest-97611117 None] Removing iscsi_target: ab708d6e-762e-49dc-a47b-f27cba340737
Jan 26 19:15:59.145585 np0005596550.novalocal cinder-volume[196635]: DEBUG oslo_concurrency.lockutils [None req-47f124cb-1626-40cf-8c14-84467f211ec1 tempest-VolumesBackupsTest-97611117 None] Acquiring lock "lioadm" by "cinder.volume.targets.lio.LioAdm._execute" {{(pid=196635) inner /usr/local/lib/python3.12/site-packages/oslo_concurrency/lockutils.py:405}}
Jan 26 19:15:59.147905 np0005596550.novalocal cinder-volume[196635]: DEBUG oslo_concurrency.lockutils [None req-47f124cb-1626-40cf-8c14-84467f211ec1 tempest-VolumesBackupsTest-97611117 None] Lock "lioadm" acquired by "cinder.volume.targets.lio.LioAdm._execute" :: waited 0.002s {{(pid=196635) inner /usr/local/lib/python3.12/site-packages/oslo_concurrency/lockutils.py:410}}
Jan 26 19:15:59.149323 np0005596550.novalocal cinder-volume[196635]: DEBUG oslo_concurrency.processutils [None req-47f124cb-1626-40cf-8c14-84467f211ec1 tempest-VolumesBackupsTest-97611117 None] Running cmd (subprocess): sudo cinder-rootwrap /etc/cinder/rootwrap.conf cinder-rtstool delete iqn.2010-10.org.openstack:volume-ab708d6e-762e-49dc-a47b-f27cba340737 {{(pid=196635) execute /usr/local/lib/python3.12/site-packages/oslo_concurrency/processutils.py:349}}
Jan 26 19:15:59.169985 np0005596550.novalocal sudo[233489]: stack : PWD=/ ; USER=root ; COMMAND=/usr/local/bin/cinder-rootwrap /etc/cinder/rootwrap.conf cinder-rtstool delete iqn.2010-10.org.openstack:volume-ab708d6e-762e-49dc-a47b-f27cba340737
Jan 26 19:15:59.780193 np0005596550.novalocal cinder-volume[196635]: DEBUG oslo_concurrency.processutils [None req-47f124cb-1626-40cf-8c14-84467f211ec1 tempest-VolumesBackupsTest-97611117 None] CMD "sudo cinder-rootwrap /etc/cinder/rootwrap.conf cinder-rtstool delete iqn.2010-10.org.openstack:volume-ab708d6e-762e-49dc-a47b-f27cba340737" returned: 0 in 0.626s {{(pid=196635) execute /usr/local/lib/python3.12/site-packages/oslo_concurrency/processutils.py:372}}
Jan 26 19:15:59.780369 np0005596550.novalocal cinder-volume[196635]: DEBUG oslo_concurrency.lockutils [None req-47f124cb-1626-40cf-8c14-84467f211ec1 tempest-VolumesBackupsTest-97611117 None] Lock "lioadm" "released" by "cinder.volume.targets.lio.LioAdm._execute" :: held 0.632s {{(pid=196635) inner /usr/local/lib/python3.12/site-packages/oslo_concurrency/lockutils.py:424}}
Jan 26 19:15:59.780510 np0005596550.novalocal cinder-volume[196635]: DEBUG oslo_concurrency.lockutils [None req-47f124cb-1626-40cf-8c14-84467f211ec1 tempest-VolumesBackupsTest-97611117 None] Acquiring lock "lioadm" by "cinder.volume.targets.lio.LioAdm._execute" {{(pid=196635) inner /usr/local/lib/python3.12/site-packages/oslo_concurrency/lockutils.py:405}}
Jan 26 19:15:59.783513 np0005596550.novalocal cinder-volume[196635]: DEBUG oslo_concurrency.lockutils [None req-47f124cb-1626-40cf-8c14-84467f211ec1 tempest-VolumesBackupsTest-97611117 None] Lock "lioadm" acquired by "cinder.volume.targets.lio.LioAdm._execute" :: waited 0.000s {{(pid=196635) inner /usr/local/lib/python3.12/site-packages/oslo_concurrency/lockutils.py:410}}
Jan 26 19:15:59.785588 np0005596550.novalocal cinder-volume[196635]: DEBUG oslo_concurrency.processutils [None req-47f124cb-1626-40cf-8c14-84467f211ec1 tempest-VolumesBackupsTest-97611117 None] Running cmd (subprocess): sudo cinder-rootwrap /etc/cinder/rootwrap.conf cinder-rtstool save {{(pid=196635) execute /usr/local/lib/python3.12/site-packages/oslo_concurrency/processutils.py:349}}
Jan 26 19:15:59.811761 np0005596550.novalocal sudo[233495]: stack : PWD=/ ; USER=root ; COMMAND=/usr/local/bin/cinder-rootwrap /etc/cinder/rootwrap.conf cinder-rtstool save
Jan 26 19:16:00.394153 np0005596550.novalocal cinder-volume[196635]: DEBUG oslo_concurrency.processutils [None req-47f124cb-1626-40cf-8c14-84467f211ec1 tempest-VolumesBackupsTest-97611117 None] CMD "sudo cinder-rootwrap /etc/cinder/rootwrap.conf cinder-rtstool save" returned: 0 in 0.610s {{(pid=196635) execute /usr/local/lib/python3.12/site-packages/oslo_concurrency/processutils.py:372}}
Jan 26 19:16:00.394779 np0005596550.novalocal cinder-volume[196635]: DEBUG oslo_concurrency.lockutils [None req-47f124cb-1626-40cf-8c14-84467f211ec1 tempest-VolumesBackupsTest-97611117 None] Lock "lioadm" "released" by "cinder.volume.targets.lio.LioAdm._execute" :: held 0.614s {{(pid=196635) inner /usr/local/lib/python3.12/site-packages/oslo_concurrency/lockutils.py:424}}
Jan 26 19:16:00.394779 np0005596550.novalocal cinder-volume[196635]: INFO cinder.volume.manager [None req-47f124cb-1626-40cf-8c14-84467f211ec1 tempest-VolumesBackupsTest-97611117 None] Remove volume export completed successfully.
Jan 26 19:16:00.570270 np0005596550.novalocal cinder-volume[196635]: DEBUG cinder.coordination [None req-47f124cb-1626-40cf-8c14-84467f211ec1 tempest-VolumesBackupsTest-97611117 None] Acquiring lock "cinder-ab708d6e-762e-49dc-a47b-f27cba340737-delete_volume" by "delete_volume" {{(pid=196635) __acquire /opt/stack/cinder/cinder/coordination.py:143}}
Jan 26 19:16:00.577030 np0005596550.novalocal cinder-volume[196635]: DEBUG cinder.coordination [None req-47f124cb-1626-40cf-8c14-84467f211ec1 tempest-VolumesBackupsTest-97611117 None] Lock "cinder-ab708d6e-762e-49dc-a47b-f27cba340737-delete_volume" acquired by "delete_volume" :: waited 0.007s {{(pid=196635) __acquire /opt/stack/cinder/cinder/coordination.py:146}}
Jan 26 19:16:00.587754 np0005596550.novalocal cinder-volume[196635]: DEBUG oslo_concurrency.lockutils [None req-47f124cb-1626-40cf-8c14-84467f211ec1 tempest-VolumesBackupsTest-97611117 None] Acquiring lock "lioadm" by "cinder.volume.targets.lio.LioAdm._execute" {{(pid=196635) inner /usr/local/lib/python3.12/site-packages/oslo_concurrency/lockutils.py:405}}
Jan 26 19:16:00.588193 np0005596550.novalocal cinder-volume[196635]: DEBUG oslo_concurrency.lockutils [None req-47f124cb-1626-40cf-8c14-84467f211ec1 tempest-VolumesBackupsTest-97611117 None] Lock "lioadm" acquired by "cinder.volume.targets.lio.LioAdm._execute" :: waited 0.001s {{(pid=196635) inner /usr/local/lib/python3.12/site-packages/oslo_concurrency/lockutils.py:410}}
Jan 26 19:16:00.588574 np0005596550.novalocal cinder-volume[196635]: DEBUG oslo_concurrency.processutils [None req-47f124cb-1626-40cf-8c14-84467f211ec1 tempest-VolumesBackupsTest-97611117 None] Running cmd (subprocess): sudo cinder-rootwrap /etc/cinder/rootwrap.conf cinder-rtstool get-targets {{(pid=196635) execute /usr/local/lib/python3.12/site-packages/oslo_concurrency/processutils.py:349}}
Jan 26 19:16:00.624429 np0005596550.novalocal sudo[233502]: stack : PWD=/ ; USER=root ; COMMAND=/usr/local/bin/cinder-rootwrap /etc/cinder/rootwrap.conf cinder-rtstool get-targets
Jan 26 19:16:01.245129 np0005596550.novalocal cinder-volume[196635]: DEBUG oslo_concurrency.processutils [None req-47f124cb-1626-40cf-8c14-84467f211ec1 tempest-VolumesBackupsTest-97611117 None] CMD "sudo cinder-rootwrap /etc/cinder/rootwrap.conf cinder-rtstool get-targets" returned: 0 in 0.654s {{(pid=196635) execute /usr/local/lib/python3.12/site-packages/oslo_concurrency/processutils.py:372}}
Jan 26 19:16:01.246100 np0005596550.novalocal cinder-volume[196635]: DEBUG oslo_concurrency.lockutils [None req-47f124cb-1626-40cf-8c14-84467f211ec1 tempest-VolumesBackupsTest-97611117 None] Lock "lioadm" "released" by "cinder.volume.targets.lio.LioAdm._execute" :: held 0.657s {{(pid=196635) inner /usr/local/lib/python3.12/site-packages/oslo_concurrency/lockutils.py:424}}
Jan 26 19:16:01.247012 np0005596550.novalocal cinder-volume[196635]: INFO cinder.volume.targets.iscsi [None req-47f124cb-1626-40cf-8c14-84467f211ec1 tempest-VolumesBackupsTest-97611117 None] Skipping remove_export. No iscsi_target is presently exported for volume: ab708d6e-762e-49dc-a47b-f27cba340737
Jan 26 19:16:01.247529 np0005596550.novalocal cinder-volume[196635]: DEBUG oslo_concurrency.processutils [None req-47f124cb-1626-40cf-8c14-84467f211ec1 tempest-VolumesBackupsTest-97611117 None] Running cmd (subprocess): sudo cinder-rootwrap /etc/cinder/rootwrap.conf env LC_ALL=C lvs --noheadings --unit=g -o vg_name,name,size --nosuffix --readonly stack-volumes-lvmdriver-1/volume-ab708d6e-762e-49dc-a47b-f27cba340737 {{(pid=196635) execute /usr/local/lib/python3.12/site-packages/oslo_concurrency/processutils.py:349}}
Jan 26 19:16:01.289553 np0005596550.novalocal sudo[233523]: stack : PWD=/ ; USER=root ; COMMAND=/usr/local/bin/cinder-rootwrap /etc/cinder/rootwrap.conf env LC_ALL=C lvs --noheadings --unit=g -o vg_name,name,size --nosuffix --readonly stack-volumes-lvmdriver-1/volume-ab708d6e-762e-49dc-a47b-f27cba340737
Jan 26 19:16:01.674369 np0005596550.novalocal cinder-volume[196635]: DEBUG oslo_concurrency.processutils [None req-47f124cb-1626-40cf-8c14-84467f211ec1 tempest-VolumesBackupsTest-97611117 None] CMD "sudo cinder-rootwrap /etc/cinder/rootwrap.conf env LC_ALL=C lvs --noheadings --unit=g -o vg_name,name,size --nosuffix --readonly stack-volumes-lvmdriver-1/volume-ab708d6e-762e-49dc-a47b-f27cba340737" returned: 0 in 0.425s {{(pid=196635) execute /usr/local/lib/python3.12/site-packages/oslo_concurrency/processutils.py:372}}
Jan 26 19:16:01.675134 np0005596550.novalocal cinder-volume[196635]: DEBUG oslo_concurrency.processutils [None req-47f124cb-1626-40cf-8c14-84467f211ec1 tempest-VolumesBackupsTest-97611117 None] Running cmd (subprocess): sudo cinder-rootwrap /etc/cinder/rootwrap.conf env LC_ALL=C lvdisplay --noheading -C -o Attr --readonly stack-volumes-lvmdriver-1/volume-ab708d6e-762e-49dc-a47b-f27cba340737 {{(pid=196635) execute /usr/local/lib/python3.12/site-packages/oslo_concurrency/processutils.py:349}}
Jan 26 19:16:01.701527 np0005596550.novalocal sudo[233559]: stack : PWD=/ ; USER=root ; COMMAND=/usr/local/bin/cinder-rootwrap /etc/cinder/rootwrap.conf env LC_ALL=C lvdisplay --noheading -C -o Attr --readonly stack-volumes-lvmdriver-1/volume-ab708d6e-762e-49dc-a47b-f27cba340737
Jan 26 19:16:02.154431 np0005596550.novalocal cinder-volume[196635]: DEBUG oslo_concurrency.processutils [None req-47f124cb-1626-40cf-8c14-84467f211ec1 tempest-VolumesBackupsTest-97611117 None] CMD "sudo cinder-rootwrap /etc/cinder/rootwrap.conf env LC_ALL=C lvdisplay --noheading -C -o Attr --readonly stack-volumes-lvmdriver-1/volume-ab708d6e-762e-49dc-a47b-f27cba340737" returned: 0 in 0.479s {{(pid=196635) execute /usr/local/lib/python3.12/site-packages/oslo_concurrency/processutils.py:372}}
Jan 26 19:16:02.155838 np0005596550.novalocal cinder-volume[196635]: DEBUG oslo_concurrency.processutils [None req-47f124cb-1626-40cf-8c14-84467f211ec1 tempest-VolumesBackupsTest-97611117 None] Running cmd (subprocess): sudo cinder-rootwrap /etc/cinder/rootwrap.conf lvremove --config activation { retry_deactivation = 1} -f stack-volumes-lvmdriver-1/volume-ab708d6e-762e-49dc-a47b-f27cba340737 {{(pid=196635) execute /usr/local/lib/python3.12/site-packages/oslo_concurrency/processutils.py:349}}
Jan 26 19:16:02.202139 np0005596550.novalocal sudo[233583]: stack : PWD=/ ; USER=root ; COMMAND=/usr/local/bin/cinder-rootwrap /etc/cinder/rootwrap.conf lvremove --config 'activation { retry_deactivation = 1} ' -f stack-volumes-lvmdriver-1/volume-ab708d6e-762e-49dc-a47b-f27cba340737
Jan 26 19:16:02.770584 np0005596550.novalocal cinder-volume[196635]: DEBUG cinder.volume.driver [None req-4b032fc3-4cd7-4389-bdb8-6ac103996a0b tempest-VolumesBackupsTest-97611117 None] Creating a new backup for volume volume-d438bc89-fce8-47ba-bf8f-fd79987670fc. {{(pid=196635) _get_backup_volume_temp_volume /opt/stack/cinder/cinder/volume/driver.py:1266}}
Jan 26 19:16:02.782185 np0005596550.novalocal cinder-volume[196635]: DEBUG oslo_concurrency.processutils [None req-4b032fc3-4cd7-4389-bdb8-6ac103996a0b tempest-VolumesBackupsTest-97611117 None] Running cmd (subprocess): sudo cinder-rootwrap /etc/cinder/rootwrap.conf env LC_ALL=C lvs --noheadings --unit=g -o vg_name,name,size --nosuffix --readonly stack-volumes-lvmdriver-1/volume-d438bc89-fce8-47ba-bf8f-fd79987670fc {{(pid=196635) execute /usr/local/lib/python3.12/site-packages/oslo_concurrency/processutils.py:349}}
Jan 26 19:16:02.790587 np0005596550.novalocal cinder-volume[196635]: DEBUG oslo_concurrency.processutils [None req-47f124cb-1626-40cf-8c14-84467f211ec1 tempest-VolumesBackupsTest-97611117 None] CMD "sudo cinder-rootwrap /etc/cinder/rootwrap.conf lvremove --config activation { retry_deactivation = 1} -f stack-volumes-lvmdriver-1/volume-ab708d6e-762e-49dc-a47b-f27cba340737" returned: 0 in 0.634s {{(pid=196635) execute /usr/local/lib/python3.12/site-packages/oslo_concurrency/processutils.py:372}}
Jan 26 19:16:02.794572 np0005596550.novalocal cinder-volume[196635]: INFO cinder.volume.drivers.lvm [None req-47f124cb-1626-40cf-8c14-84467f211ec1 tempest-VolumesBackupsTest-97611117 None] Successfully deleted volume: ab708d6e-762e-49dc-a47b-f27cba340737
Jan 26 19:16:02.809478 np0005596550.novalocal sudo[233608]: stack : PWD=/ ; USER=root ; COMMAND=/usr/local/bin/cinder-rootwrap /etc/cinder/rootwrap.conf env LC_ALL=C lvs --noheadings --unit=g -o vg_name,name,size --nosuffix --readonly stack-volumes-lvmdriver-1/volume-d438bc89-fce8-47ba-bf8f-fd79987670fc
Jan 26 19:16:02.810858 np0005596550.novalocal cinder-volume[196635]: INFO cinder.volume.manager [None req-47f124cb-1626-40cf-8c14-84467f211ec1 tempest-VolumesBackupsTest-97611117 None] Deleted volume successfully.
Jan 26 19:16:02.815142 np0005596550.novalocal cinder-volume[196635]: DEBUG cinder.coordination [None req-47f124cb-1626-40cf-8c14-84467f211ec1 tempest-VolumesBackupsTest-97611117 None] Lock "cinder-ab708d6e-762e-49dc-a47b-f27cba340737-delete_volume" released by "delete_volume" :: held 2.238s {{(pid=196635) __release /opt/stack/cinder/cinder/coordination.py:157}}
Jan 26 19:16:03.173277 np0005596550.novalocal cinder-volume[196635]: DEBUG oslo_concurrency.processutils [None req-4b032fc3-4cd7-4389-bdb8-6ac103996a0b tempest-VolumesBackupsTest-97611117 None] CMD "sudo cinder-rootwrap /etc/cinder/rootwrap.conf env LC_ALL=C lvs --noheadings --unit=g -o vg_name,name,size --nosuffix --readonly stack-volumes-lvmdriver-1/volume-d438bc89-fce8-47ba-bf8f-fd79987670fc" returned: 0 in 0.391s {{(pid=196635) execute /usr/local/lib/python3.12/site-packages/oslo_concurrency/processutils.py:372}}
Jan 26 19:16:03.174539 np0005596550.novalocal cinder-volume[196635]: DEBUG oslo_concurrency.processutils [None req-4b032fc3-4cd7-4389-bdb8-6ac103996a0b tempest-VolumesBackupsTest-97611117 None] Running cmd (subprocess): sudo cinder-rootwrap /etc/cinder/rootwrap.conf env LC_ALL=C lvcreate --name volume-bd62c495-aa86-4e54-8d14-600590804ee8 --snapshot stack-volumes-lvmdriver-1/volume-d438bc89-fce8-47ba-bf8f-fd79987670fc {{(pid=196635) execute /usr/local/lib/python3.12/site-packages/oslo_concurrency/processutils.py:349}}
Jan 26 19:16:03.196494 np0005596550.novalocal sudo[233614]: stack : PWD=/ ; USER=root ; COMMAND=/usr/local/bin/cinder-rootwrap /etc/cinder/rootwrap.conf env LC_ALL=C lvcreate --name volume-bd62c495-aa86-4e54-8d14-600590804ee8 --snapshot stack-volumes-lvmdriver-1/volume-d438bc89-fce8-47ba-bf8f-fd79987670fc
Jan 26 19:16:03.681502 np0005596550.novalocal cinder-volume[196635]: DEBUG oslo_concurrency.processutils [None req-4b032fc3-4cd7-4389-bdb8-6ac103996a0b tempest-VolumesBackupsTest-97611117 None] CMD "sudo cinder-rootwrap /etc/cinder/rootwrap.conf env LC_ALL=C lvcreate --name volume-bd62c495-aa86-4e54-8d14-600590804ee8 --snapshot stack-volumes-lvmdriver-1/volume-d438bc89-fce8-47ba-bf8f-fd79987670fc" returned: 0 in 0.503s {{(pid=196635) execute /usr/local/lib/python3.12/site-packages/oslo_concurrency/processutils.py:372}}
Jan 26 19:16:03.681502 np0005596550.novalocal cinder-volume[196635]: DEBUG oslo_concurrency.processutils [None req-4b032fc3-4cd7-4389-bdb8-6ac103996a0b tempest-VolumesBackupsTest-97611117 None] Running cmd (subprocess): sudo cinder-rootwrap /etc/cinder/rootwrap.conf lvchange -a y --yes -k n stack-volumes-lvmdriver-1/volume-bd62c495-aa86-4e54-8d14-600590804ee8 {{(pid=196635) execute /usr/local/lib/python3.12/site-packages/oslo_concurrency/processutils.py:349}}
Jan 26 19:16:03.717407 np0005596550.novalocal sudo[233625]: stack : PWD=/ ; USER=root ; COMMAND=/usr/local/bin/cinder-rootwrap /etc/cinder/rootwrap.conf lvchange -a y --yes -k n stack-volumes-lvmdriver-1/volume-bd62c495-aa86-4e54-8d14-600590804ee8
Jan 26 19:16:04.170627 np0005596550.novalocal cinder-volume[196635]: DEBUG oslo_concurrency.processutils [None req-4b032fc3-4cd7-4389-bdb8-6ac103996a0b tempest-VolumesBackupsTest-97611117 None] CMD "sudo cinder-rootwrap /etc/cinder/rootwrap.conf lvchange -a y --yes -k n stack-volumes-lvmdriver-1/volume-bd62c495-aa86-4e54-8d14-600590804ee8" returned: 0 in 0.492s {{(pid=196635) execute /usr/local/lib/python3.12/site-packages/oslo_concurrency/processutils.py:372}}
Jan 26 19:16:04.193053 np0005596550.novalocal cinder-volume[196635]: INFO cinder.volume.manager [None req-4b032fc3-4cd7-4389-bdb8-6ac103996a0b tempest-VolumesBackupsTest-97611117 None] Calling backup continue_backup for: Backup(availability_zone='nova',container='tempest-volumesbackupstest-backup-container-568024947',created_at=2026-01-27T00:16:02Z,data_timestamp=2026-01-27T00:16:02Z,deleted=False,deleted_at=None,display_description=None,display_name='tempest-VolumesBackupsTest-Backup-1243615841',encryption_key_id=None,fail_reason=None,host='np0005596550.novalocal',id=9330a24d-929e-4674-9893-1e1da256acec,metadata={},num_dependent_backups=0,object_count=0,parent=Backup(5a277df6-85f7-4858-8b96-0c9364da2aa9),parent_id='5a277df6-85f7-4858-8b96-0c9364da2aa9',project_id='261cb1c98c954302ba86efa2ceee43f2',restore_volume_id=None,service='cinder.backup.drivers.swift.SwiftBackupDriver',service_metadata=None,size=1,snapshot_id=None,status='creating',temp_snapshot_id=None,temp_volume_id='bd62c495-aa86-4e54-8d14-600590804ee8',updated_at=None,user_id='e6cbe3740f6c4303bbf3e5d5c92677db',volume_id=d438bc89-fce8-47ba-bf8f-fd79987670fc)
Jan 26 19:16:04.193490 np0005596550.novalocal cinder-volume[196635]: DEBUG cinder.backup.rpcapi [None req-4b032fc3-4cd7-4389-bdb8-6ac103996a0b tempest-VolumesBackupsTest-97611117 None] continue_backup in rpcapi backup_id 9330a24d-929e-4674-9893-1e1da256acec {{(pid=196635) continue_backup /opt/stack/cinder/cinder/backup/rpcapi.py:65}}
Jan 26 19:16:04.273280 np0005596550.novalocal cinder-volume[196635]: DEBUG oslo_concurrency.processutils [None req-4b032fc3-4cd7-4389-bdb8-6ac103996a0b tempest-VolumesBackupsTest-97611117 None] Running cmd (subprocess): sudo cinder-rootwrap /etc/cinder/rootwrap.conf lvchange -a y --yes -K stack-volumes-lvmdriver-1/volume-bd62c495-aa86-4e54-8d14-600590804ee8 {{(pid=196635) execute /usr/local/lib/python3.12/site-packages/oslo_concurrency/processutils.py:349}}
Jan 26 19:16:04.293492 np0005596550.novalocal sudo[233647]: stack : PWD=/ ; USER=root ; COMMAND=/usr/local/bin/cinder-rootwrap /etc/cinder/rootwrap.conf lvchange -a y --yes -K stack-volumes-lvmdriver-1/volume-bd62c495-aa86-4e54-8d14-600590804ee8
Jan 26 19:16:04.747649 np0005596550.novalocal cinder-volume[196635]: DEBUG oslo_concurrency.processutils [None req-4b032fc3-4cd7-4389-bdb8-6ac103996a0b tempest-VolumesBackupsTest-97611117 None] CMD "sudo cinder-rootwrap /etc/cinder/rootwrap.conf lvchange -a y --yes -K stack-volumes-lvmdriver-1/volume-bd62c495-aa86-4e54-8d14-600590804ee8" returned: 0 in 0.474s {{(pid=196635) execute /usr/local/lib/python3.12/site-packages/oslo_concurrency/processutils.py:372}}
Jan 26 19:16:04.769827 np0005596550.novalocal cinder-volume[196635]: INFO cinder.volume.targets.lio [None req-4b032fc3-4cd7-4389-bdb8-6ac103996a0b tempest-VolumesBackupsTest-97611117 None] Creating iscsi_target for volume: volume-bd62c495-aa86-4e54-8d14-600590804ee8
Jan 26 19:16:04.770201 np0005596550.novalocal cinder-volume[196635]: DEBUG oslo_concurrency.lockutils [None req-4b032fc3-4cd7-4389-bdb8-6ac103996a0b tempest-VolumesBackupsTest-97611117 None] Acquiring lock "lioadm" by "cinder.volume.targets.lio.LioAdm._execute" {{(pid=196635) inner /usr/local/lib/python3.12/site-packages/oslo_concurrency/lockutils.py:405}}
