Jan 26 19:17:50.448526 np0005596550.novalocal cinder-volume[196635]: DEBUG oslo_concurrency.processutils [None req-e1609359-a989-4404-8e06-92ddb1d8b944 None None] Running cmd (subprocess): sudo cinder-rootwrap /etc/cinder/rootwrap.conf env LC_ALL=C lvs --noheadings --unit=g -o vg_name,name,size --nosuffix --readonly stack-volumes-lvmdriver-1 {{(pid=196635) execute /usr/local/lib/python3.12/site-packages/oslo_concurrency/processutils.py:349}}
Jan 26 19:17:50.469983 np0005596550.novalocal sudo[235350]: stack : PWD=/ ; USER=root ; COMMAND=/usr/local/bin/cinder-rootwrap /etc/cinder/rootwrap.conf env LC_ALL=C lvs --noheadings --unit=g -o vg_name,name,size --nosuffix --readonly stack-volumes-lvmdriver-1
Jan 26 19:17:50.512015 np0005596550.novalocal cinder-volume[196635]: DEBUG oslo_concurrency.processutils [req-18c421c7-4624-45a3-b663-2d893cf8b251 req-6886fe35-5e48-48a3-82a7-f51767b4b027 tempest-ServerStableDeviceRescueTest-1891281471 None] CMD "sudo cinder-rootwrap /etc/cinder/rootwrap.conf cinder-rtstool save" returned: 0 in 0.593s {{(pid=196635) execute /usr/local/lib/python3.12/site-packages/oslo_concurrency/processutils.py:372}}
Jan 26 19:17:50.512346 np0005596550.novalocal cinder-volume[196635]: DEBUG oslo_concurrency.lockutils [req-18c421c7-4624-45a3-b663-2d893cf8b251 req-6886fe35-5e48-48a3-82a7-f51767b4b027 tempest-ServerStableDeviceRescueTest-1891281471 None] Lock "lioadm" "released" by "cinder.volume.targets.lio.LioAdm._execute" :: held 0.594s {{(pid=196635) inner /usr/local/lib/python3.12/site-packages/oslo_concurrency/lockutils.py:424}}
Jan 26 19:17:50.512587 np0005596550.novalocal cinder-volume[196635]: DEBUG cinder.volume.targets.iscsi [req-18c421c7-4624-45a3-b663-2d893cf8b251 req-6886fe35-5e48-48a3-82a7-f51767b4b027 tempest-ServerStableDeviceRescueTest-1891281471 None] Set provider_location to: 38.102.83.18:3260,iqn.2010-10.org.openstack:volume-a6220f09-dc37-4c0a-aa27-bc60bac7ffb1 iqn.2010-10.org.openstack:volume-a6220f09-dc37-4c0a-aa27-bc60bac7ffb1 0 {{(pid=196635) create_export /opt/stack/cinder/cinder/volume/targets/iscsi.py:205}}
Jan 26 19:17:50.519507 np0005596550.novalocal cinder-volume[196635]: DEBUG oslo_concurrency.lockutils [req-18c421c7-4624-45a3-b663-2d893cf8b251 req-6886fe35-5e48-48a3-82a7-f51767b4b027 tempest-ServerStableDeviceRescueTest-1891281471 None] Acquiring lock "lioadm" by "cinder.volume.targets.lio.LioAdm._execute" {{(pid=196635) inner /usr/local/lib/python3.12/site-packages/oslo_concurrency/lockutils.py:405}}
Jan 26 19:17:50.519860 np0005596550.novalocal cinder-volume[196635]: DEBUG oslo_concurrency.lockutils [req-18c421c7-4624-45a3-b663-2d893cf8b251 req-6886fe35-5e48-48a3-82a7-f51767b4b027 tempest-ServerStableDeviceRescueTest-1891281471 None] Lock "lioadm" acquired by "cinder.volume.targets.lio.LioAdm._execute" :: waited 0.000s {{(pid=196635) inner /usr/local/lib/python3.12/site-packages/oslo_concurrency/lockutils.py:410}}
Jan 26 19:17:50.520158 np0005596550.novalocal cinder-volume[196635]: DEBUG oslo_concurrency.processutils [req-18c421c7-4624-45a3-b663-2d893cf8b251 req-6886fe35-5e48-48a3-82a7-f51767b4b027 tempest-ServerStableDeviceRescueTest-1891281471 None] Running cmd (subprocess): sudo cinder-rootwrap /etc/cinder/rootwrap.conf cinder-rtstool add-initiator iqn.2010-10.org.openstack:volume-a6220f09-dc37-4c0a-aa27-bc60bac7ffb1 o4gsMKTu24GWUBBBt7AP Ab244SpR22ZP48Yt iqn.1994-05.com.redhat:cea4a155eb24 {{(pid=196635) execute /usr/local/lib/python3.12/site-packages/oslo_concurrency/processutils.py:349}}
Jan 26 19:17:50.539083 np0005596550.novalocal sudo[235355]: stack : PWD=/ ; USER=root ; COMMAND=/usr/local/bin/cinder-rootwrap /etc/cinder/rootwrap.conf cinder-rtstool add-initiator iqn.2010-10.org.openstack:volume-a6220f09-dc37-4c0a-aa27-bc60bac7ffb1 o4gsMKTu24GWUBBBt7AP Ab244SpR22ZP48Yt iqn.1994-05.com.redhat:cea4a155eb24
Jan 26 19:17:50.881029 np0005596550.novalocal cinder-volume[196635]: DEBUG oslo_concurrency.processutils [None req-e1609359-a989-4404-8e06-92ddb1d8b944 None None] CMD "sudo cinder-rootwrap /etc/cinder/rootwrap.conf env LC_ALL=C lvs --noheadings --unit=g -o vg_name,name,size --nosuffix --readonly stack-volumes-lvmdriver-1" returned: 0 in 0.432s {{(pid=196635) execute /usr/local/lib/python3.12/site-packages/oslo_concurrency/processutils.py:372}}
Jan 26 19:17:50.881635 np0005596550.novalocal cinder-volume[196635]: DEBUG oslo_concurrency.processutils [None req-e1609359-a989-4404-8e06-92ddb1d8b944 None None] Running cmd (subprocess): sudo cinder-rootwrap /etc/cinder/rootwrap.conf env LC_ALL=C lvs --noheadings --unit=g -o size,data_percent --separator : --nosuffix /dev/stack-volumes-lvmdriver-1/stack-volumes-lvmdriver-1-pool {{(pid=196635) execute /usr/local/lib/python3.12/site-packages/oslo_concurrency/processutils.py:349}}
Jan 26 19:17:50.902383 np0005596550.novalocal sudo[235361]: stack : PWD=/ ; USER=root ; COMMAND=/usr/local/bin/cinder-rootwrap /etc/cinder/rootwrap.conf env LC_ALL=C lvs --noheadings --unit=g -o size,data_percent --separator : --nosuffix /dev/stack-volumes-lvmdriver-1/stack-volumes-lvmdriver-1-pool
Jan 26 19:17:51.075192 np0005596550.novalocal cinder-volume[196635]: DEBUG oslo_concurrency.processutils [req-18c421c7-4624-45a3-b663-2d893cf8b251 req-6886fe35-5e48-48a3-82a7-f51767b4b027 tempest-ServerStableDeviceRescueTest-1891281471 None] CMD "sudo cinder-rootwrap /etc/cinder/rootwrap.conf cinder-rtstool add-initiator iqn.2010-10.org.openstack:volume-a6220f09-dc37-4c0a-aa27-bc60bac7ffb1 o4gsMKTu24GWUBBBt7AP Ab244SpR22ZP48Yt iqn.1994-05.com.redhat:cea4a155eb24" returned: 0 in 0.555s {{(pid=196635) execute /usr/local/lib/python3.12/site-packages/oslo_concurrency/processutils.py:372}}
Jan 26 19:17:51.075611 np0005596550.novalocal cinder-volume[196635]: DEBUG oslo_concurrency.lockutils [req-18c421c7-4624-45a3-b663-2d893cf8b251 req-6886fe35-5e48-48a3-82a7-f51767b4b027 tempest-ServerStableDeviceRescueTest-1891281471 None] Lock "lioadm" "released" by "cinder.volume.targets.lio.LioAdm._execute" :: held 0.556s {{(pid=196635) inner /usr/local/lib/python3.12/site-packages/oslo_concurrency/lockutils.py:424}}
Jan 26 19:17:51.075848 np0005596550.novalocal cinder-volume[196635]: DEBUG oslo_concurrency.lockutils [req-18c421c7-4624-45a3-b663-2d893cf8b251 req-6886fe35-5e48-48a3-82a7-f51767b4b027 tempest-ServerStableDeviceRescueTest-1891281471 None] Acquiring lock "lioadm" by "cinder.volume.targets.lio.LioAdm._execute" {{(pid=196635) inner /usr/local/lib/python3.12/site-packages/oslo_concurrency/lockutils.py:405}}
Jan 26 19:17:51.076266 np0005596550.novalocal cinder-volume[196635]: DEBUG oslo_concurrency.lockutils [req-18c421c7-4624-45a3-b663-2d893cf8b251 req-6886fe35-5e48-48a3-82a7-f51767b4b027 tempest-ServerStableDeviceRescueTest-1891281471 None] Lock "lioadm" acquired by "cinder.volume.targets.lio.LioAdm._execute" :: waited 0.000s {{(pid=196635) inner /usr/local/lib/python3.12/site-packages/oslo_concurrency/lockutils.py:410}}
Jan 26 19:17:51.076618 np0005596550.novalocal cinder-volume[196635]: DEBUG oslo_concurrency.processutils [req-18c421c7-4624-45a3-b663-2d893cf8b251 req-6886fe35-5e48-48a3-82a7-f51767b4b027 tempest-ServerStableDeviceRescueTest-1891281471 None] Running cmd (subprocess): sudo cinder-rootwrap /etc/cinder/rootwrap.conf cinder-rtstool save {{(pid=196635) execute /usr/local/lib/python3.12/site-packages/oslo_concurrency/processutils.py:349}}
Jan 26 19:17:51.099075 np0005596550.novalocal sudo[235366]: stack : PWD=/ ; USER=root ; COMMAND=/usr/local/bin/cinder-rootwrap /etc/cinder/rootwrap.conf cinder-rtstool save
Jan 26 19:17:51.273365 np0005596550.novalocal cinder-volume[196635]: DEBUG oslo_concurrency.processutils [None req-e1609359-a989-4404-8e06-92ddb1d8b944 None None] CMD "sudo cinder-rootwrap /etc/cinder/rootwrap.conf env LC_ALL=C lvs --noheadings --unit=g -o size,data_percent --separator : --nosuffix /dev/stack-volumes-lvmdriver-1/stack-volumes-lvmdriver-1-pool" returned: 0 in 0.391s {{(pid=196635) execute /usr/local/lib/python3.12/site-packages/oslo_concurrency/processutils.py:372}}
Jan 26 19:17:51.276306 np0005596550.novalocal cinder-volume[196635]: DEBUG oslo_concurrency.processutils [None req-e1609359-a989-4404-8e06-92ddb1d8b944 None None] Running cmd (subprocess): sudo cinder-rootwrap /etc/cinder/rootwrap.conf env LC_ALL=C lvs --noheadings --unit=g -o vg_name,name,size --nosuffix --readonly stack-volumes-lvmdriver-1 {{(pid=196635) execute /usr/local/lib/python3.12/site-packages/oslo_concurrency/processutils.py:349}}
Jan 26 19:17:51.305063 np0005596550.novalocal sudo[235371]: stack : PWD=/ ; USER=root ; COMMAND=/usr/local/bin/cinder-rootwrap /etc/cinder/rootwrap.conf env LC_ALL=C lvs --noheadings --unit=g -o vg_name,name,size --nosuffix --readonly stack-volumes-lvmdriver-1
Jan 26 19:17:51.690194 np0005596550.novalocal cinder-volume[196635]: DEBUG oslo_concurrency.processutils [req-18c421c7-4624-45a3-b663-2d893cf8b251 req-6886fe35-5e48-48a3-82a7-f51767b4b027 tempest-ServerStableDeviceRescueTest-1891281471 None] CMD "sudo cinder-rootwrap /etc/cinder/rootwrap.conf cinder-rtstool save" returned: 0 in 0.613s {{(pid=196635) execute /usr/local/lib/python3.12/site-packages/oslo_concurrency/processutils.py:372}}
Jan 26 19:17:51.690917 np0005596550.novalocal cinder-volume[196635]: DEBUG oslo_concurrency.lockutils [req-18c421c7-4624-45a3-b663-2d893cf8b251 req-6886fe35-5e48-48a3-82a7-f51767b4b027 tempest-ServerStableDeviceRescueTest-1891281471 None] Lock "lioadm" "released" by "cinder.volume.targets.lio.LioAdm._execute" :: held 0.614s {{(pid=196635) inner /usr/local/lib/python3.12/site-packages/oslo_concurrency/lockutils.py:424}}
Jan 26 19:17:51.710288 np0005596550.novalocal cinder-volume[196635]: DEBUG oslo_concurrency.processutils [None req-e1609359-a989-4404-8e06-92ddb1d8b944 None None] CMD "sudo cinder-rootwrap /etc/cinder/rootwrap.conf env LC_ALL=C lvs --noheadings --unit=g -o vg_name,name,size --nosuffix --readonly stack-volumes-lvmdriver-1" returned: 0 in 0.436s {{(pid=196635) execute /usr/local/lib/python3.12/site-packages/oslo_concurrency/processutils.py:372}}
Jan 26 19:17:51.710664 np0005596550.novalocal cinder-volume[196635]: DEBUG cinder.manager [None req-e1609359-a989-4404-8e06-92ddb1d8b944 None None] Notifying Schedulers of capabilities ... {{(pid=196635) _publish_service_capabilities /opt/stack/cinder/cinder/manager.py:202}}
Jan 26 19:17:51.712246 np0005596550.novalocal cinder-volume[196635]: DEBUG cinder.volume.manager [req-18c421c7-4624-45a3-b663-2d893cf8b251 req-6886fe35-5e48-48a3-82a7-f51767b4b027 tempest-ServerStableDeviceRescueTest-1891281471 None] Connection info returned from driver {'target_discovered': False, 'target_portal': '38.102.83.18:3260', 'target_iqn': 'iqn.2010-10.org.openstack:volume-a6220f09-dc37-4c0a-aa27-bc60bac7ffb1', 'target_lun': 0, 'volume_id': 'a6220f09-dc37-4c0a-aa27-bc60bac7ffb1', 'auth_method': 'CHAP', 'auth_username': 'o4gsMKTu24GWUBBBt7AP', 'auth_password': '***', 'encrypted': False, 'qos_specs': None, 'access_mode': 'rw', 'cacheable': False, 'driver_volume_type': 'iscsi', 'attachment_id': 'a975d885-7597-433f-87a5-4862a00096f3', 'enforce_multipath': True} {{(pid=196635) _connection_create /opt/stack/cinder/cinder/volume/manager.py:4893}}
Jan 26 19:17:51.748322 np0005596550.novalocal cinder-volume[196635]: INFO cinder.volume.manager [req-18c421c7-4624-45a3-b663-2d893cf8b251 req-6886fe35-5e48-48a3-82a7-f51767b4b027 tempest-ServerStableDeviceRescueTest-1891281471 None] attachment_update completed successfully.
Jan 26 19:17:54.435644 np0005596550.novalocal cinder-volume[196635]: DEBUG cinder.image.image_utils [None req-939d4228-6eb6-4516-b295-4b09d11c2ce5 tempest-VolumesActionsTest-1801349853 None] 428982b3-75d0-43c1-9ad1-0d49f6aac6f3 was raw, no need to convert to raw {{(pid=196635) upload_volume /opt/stack/cinder/cinder/image/image_utils.py:1163}}
Jan 26 19:17:54.436311 np0005596550.novalocal cinder-volume[196635]: DEBUG oslo_concurrency.processutils [None req-939d4228-6eb6-4516-b295-4b09d11c2ce5 tempest-VolumesActionsTest-1801349853 None] Running cmd (subprocess): sudo cinder-rootwrap /etc/cinder/rootwrap.conf chown 1003 /dev/mapper/stack--volumes--lvmdriver--1-volume--15e03f25--ebac--4125--acaf--18407df523f9 {{(pid=196635) execute /usr/local/lib/python3.12/site-packages/oslo_concurrency/processutils.py:349}}
Jan 26 19:17:54.466451 np0005596550.novalocal sudo[235423]: stack : PWD=/ ; USER=root ; COMMAND=/usr/local/bin/cinder-rootwrap /etc/cinder/rootwrap.conf chown 1003 /dev/mapper/stack--volumes--lvmdriver--1-volume--15e03f25--ebac--4125--acaf--18407df523f9
Jan 26 19:17:54.800758 np0005596550.novalocal cinder-volume[196635]: DEBUG oslo_concurrency.processutils [None req-939d4228-6eb6-4516-b295-4b09d11c2ce5 tempest-VolumesActionsTest-1801349853 None] CMD "sudo cinder-rootwrap /etc/cinder/rootwrap.conf chown 1003 /dev/mapper/stack--volumes--lvmdriver--1-volume--15e03f25--ebac--4125--acaf--18407df523f9" returned: 0 in 0.364s {{(pid=196635) execute /usr/local/lib/python3.12/site-packages/oslo_concurrency/processutils.py:372}}
Jan 26 19:18:04.434040 np0005596550.novalocal cinder-volume[196635]: DEBUG dbcounter [-] [196635] Writing DB stats cinder:INSERT=2,cinder:SELECT=16,cinder:UPDATE=2 {{(pid=196635) stat_writer /usr/local/lib/python3.12/site-packages/dbcounter.py:115}}
Jan 26 19:18:04.435306 np0005596550.novalocal cinder-volume[196635]: DEBUG dbcounter [-] [196635] Writing DB stats cinder:SELECT=12,cinder:UPDATE=8 {{(pid=196635) stat_writer /usr/local/lib/python3.12/site-packages/dbcounter.py:115}}
Jan 26 19:18:08.306406 np0005596550.novalocal cinder-volume[196635]: DEBUG oslo_concurrency.processutils [None req-939d4228-6eb6-4516-b295-4b09d11c2ce5 tempest-VolumesActionsTest-1801349853 None] Running cmd (subprocess): sudo cinder-rootwrap /etc/cinder/rootwrap.conf chown 0 /dev/mapper/stack--volumes--lvmdriver--1-volume--15e03f25--ebac--4125--acaf--18407df523f9 {{(pid=196635) execute /usr/local/lib/python3.12/site-packages/oslo_concurrency/processutils.py:349}}
Jan 26 19:18:08.331581 np0005596550.novalocal sudo[235531]: stack : PWD=/ ; USER=root ; COMMAND=/usr/local/bin/cinder-rootwrap /etc/cinder/rootwrap.conf chown 0 /dev/mapper/stack--volumes--lvmdriver--1-volume--15e03f25--ebac--4125--acaf--18407df523f9
Jan 26 19:18:08.644895 np0005596550.novalocal cinder-volume[196635]: DEBUG oslo_concurrency.processutils [None req-939d4228-6eb6-4516-b295-4b09d11c2ce5 tempest-VolumesActionsTest-1801349853 None] CMD "sudo cinder-rootwrap /etc/cinder/rootwrap.conf chown 0 /dev/mapper/stack--volumes--lvmdriver--1-volume--15e03f25--ebac--4125--acaf--18407df523f9" returned: 0 in 0.338s {{(pid=196635) execute /usr/local/lib/python3.12/site-packages/oslo_concurrency/processutils.py:372}}
Jan 26 19:18:08.645258 np0005596550.novalocal cinder-volume[196635]: DEBUG cinder.volume.manager [None req-939d4228-6eb6-4516-b295-4b09d11c2ce5 tempest-VolumesActionsTest-1801349853 None] Uploaded volume to glance image-id: 428982b3-75d0-43c1-9ad1-0d49f6aac6f3. {{(pid=196635) copy_volume_to_image /opt/stack/cinder/cinder/volume/manager.py:1781}}
Jan 26 19:18:08.656747 np0005596550.novalocal cinder-volume[196635]: INFO cinder.volume.manager [None req-939d4228-6eb6-4516-b295-4b09d11c2ce5 tempest-VolumesActionsTest-1801349853 None] Copy volume to image completed successfully.
Jan 26 19:18:10.278398 np0005596550.novalocal cinder-volume[196635]: DEBUG cinder.image.image_utils [None req-2b00ca17-ab64-456e-9519-a37a6c114b10 tempest-VolumesActionsTest-1801349853 None] c4facedc-4d02-45d6-8616-7b4626b7f55d was raw, converting to qcow2 {{(pid=196635) upload_volume /opt/stack/cinder/cinder/image/image_utils.py:1180}}
Jan 26 19:18:10.291180 np0005596550.novalocal cinder-volume[196635]: DEBUG oslo.privsep.daemon [-] privsep: reply[ff848ce3-9f78-4162-a01e-092e780fd809]: (4, 'raw') {{(pid=210839) _call_back /usr/local/lib/python3.12/site-packages/oslo_privsep/daemon.py:515}}
Jan 26 19:18:10.292072 np0005596550.novalocal cinder-volume[196635]: DEBUG oslo_concurrency.processutils [None req-2b00ca17-ab64-456e-9519-a37a6c114b10 tempest-VolumesActionsTest-1801349853 None] Running cmd (subprocess): /usr/bin/python3.12 -m oslo_concurrency.prlimit --as=1073741824 --cpu=60 -- sudo cinder-rootwrap /etc/cinder/rootwrap.conf env LC_ALL=C qemu-img info -f raw --output=json /dev/mapper/stack--volumes--lvmdriver--1-volume--15e03f25--ebac--4125--acaf--18407df523f9 {{(pid=196635) execute /usr/local/lib/python3.12/site-packages/oslo_concurrency/processutils.py:349}}
Jan 26 19:18:10.395265 np0005596550.novalocal sudo[235554]: stack : PWD=/ ; USER=root ; COMMAND=/usr/local/bin/cinder-rootwrap /etc/cinder/rootwrap.conf env LC_ALL=C qemu-img info -f raw --output=json /dev/mapper/stack--volumes--lvmdriver--1-volume--15e03f25--ebac--4125--acaf--18407df523f9
Jan 26 19:18:10.803259 np0005596550.novalocal cinder-volume[196635]: DEBUG oslo_concurrency.processutils [None req-2b00ca17-ab64-456e-9519-a37a6c114b10 tempest-VolumesActionsTest-1801349853 None] CMD "/usr/bin/python3.12 -m oslo_concurrency.prlimit --as=1073741824 --cpu=60 -- sudo cinder-rootwrap /etc/cinder/rootwrap.conf env LC_ALL=C qemu-img info -f raw --output=json /dev/mapper/stack--volumes--lvmdriver--1-volume--15e03f25--ebac--4125--acaf--18407df523f9" returned: 0 in 0.511s {{(pid=196635) execute /usr/local/lib/python3.12/site-packages/oslo_concurrency/processutils.py:372}}
Jan 26 19:18:10.804169 np0005596550.novalocal cinder-volume[196635]: DEBUG oslo_concurrency.processutils [None req-2b00ca17-ab64-456e-9519-a37a6c114b10 tempest-VolumesActionsTest-1801349853 None] Running cmd (subprocess): /usr/bin/python3.12 -m oslo_concurrency.prlimit --as=1073741824 --cpu=60 -- sudo cinder-rootwrap /etc/cinder/rootwrap.conf env LC_ALL=C qemu-img info -f luks --output=json /dev/mapper/stack--volumes--lvmdriver--1-volume--15e03f25--ebac--4125--acaf--18407df523f9 {{(pid=196635) execute /usr/local/lib/python3.12/site-packages/oslo_concurrency/processutils.py:349}}
Jan 26 19:18:10.911370 np0005596550.novalocal sudo[235561]: stack : PWD=/ ; USER=root ; COMMAND=/usr/local/bin/cinder-rootwrap /etc/cinder/rootwrap.conf env LC_ALL=C qemu-img info -f luks --output=json /dev/mapper/stack--volumes--lvmdriver--1-volume--15e03f25--ebac--4125--acaf--18407df523f9
Jan 26 19:18:11.270507 np0005596550.novalocal cinder-volume[196635]: DEBUG oslo_concurrency.processutils [None req-2b00ca17-ab64-456e-9519-a37a6c114b10 tempest-VolumesActionsTest-1801349853 None] CMD "/usr/bin/python3.12 -m oslo_concurrency.prlimit --as=1073741824 --cpu=60 -- sudo cinder-rootwrap /etc/cinder/rootwrap.conf env LC_ALL=C qemu-img info -f luks --output=json /dev/mapper/stack--volumes--lvmdriver--1-volume--15e03f25--ebac--4125--acaf--18407df523f9" returned: 1 in 0.466s {{(pid=196635) execute /usr/local/lib/python3.12/site-packages/oslo_concurrency/processutils.py:372}}
Jan 26 19:18:11.270854 np0005596550.novalocal cinder-volume[196635]: DEBUG oslo_concurrency.processutils [None req-2b00ca17-ab64-456e-9519-a37a6c114b10 tempest-VolumesActionsTest-1801349853 None] '/usr/bin/python3.12 -m oslo_concurrency.prlimit --as=1073741824 --cpu=60 -- sudo cinder-rootwrap /etc/cinder/rootwrap.conf env LC_ALL=C qemu-img info -f luks --output=json /dev/mapper/stack--volumes--lvmdriver--1-volume--15e03f25--ebac--4125--acaf--18407df523f9' failed. Not Retrying. {{(pid=196635) execute /usr/local/lib/python3.12/site-packages/oslo_concurrency/processutils.py:423}}
Jan 26 19:18:11.271467 np0005596550.novalocal cinder-volume[196635]: DEBUG oslo_concurrency.processutils [None req-2b00ca17-ab64-456e-9519-a37a6c114b10 tempest-VolumesActionsTest-1801349853 None] Running cmd (subprocess): sudo cinder-rootwrap /etc/cinder/rootwrap.conf qemu-img convert -O qcow2 -c /dev/mapper/stack--volumes--lvmdriver--1-volume--15e03f25--ebac--4125--acaf--18407df523f9 /opt/stack/data/cinder/conversion/vol_upload_8tjuu2ab {{(pid=196635) execute /usr/local/lib/python3.12/site-packages/oslo_concurrency/processutils.py:349}}
Jan 26 19:18:11.289469 np0005596550.novalocal sudo[235568]: stack : PWD=/ ; USER=root ; COMMAND=/usr/local/bin/cinder-rootwrap /etc/cinder/rootwrap.conf qemu-img convert -O qcow2 -c /dev/mapper/stack--volumes--lvmdriver--1-volume--15e03f25--ebac--4125--acaf--18407df523f9 /opt/stack/data/cinder/conversion/vol_upload_8tjuu2ab
Jan 26 19:18:12.122713 np0005596550.novalocal cinder-volume[196635]: DEBUG oslo_concurrency.processutils [None req-2b00ca17-ab64-456e-9519-a37a6c114b10 tempest-VolumesActionsTest-1801349853 None] CMD "sudo cinder-rootwrap /etc/cinder/rootwrap.conf qemu-img convert -O qcow2 -c /dev/mapper/stack--volumes--lvmdriver--1-volume--15e03f25--ebac--4125--acaf--18407df523f9 /opt/stack/data/cinder/conversion/vol_upload_8tjuu2ab" returned: 0 in 0.851s {{(pid=196635) execute /usr/local/lib/python3.12/site-packages/oslo_concurrency/processutils.py:372}}
Jan 26 19:18:12.123062 np0005596550.novalocal cinder-volume[196635]: DEBUG cinder.image.image_utils [None req-2b00ca17-ab64-456e-9519-a37a6c114b10 tempest-VolumesActionsTest-1801349853 None] Image conversion details: src /dev/mapper/stack--volumes--lvmdriver--1-volume--15e03f25--ebac--4125--acaf--18407df523f9, size 1024.00 MB, duration 1.00 sec, destination /opt/stack/data/cinder/conversion/vol_upload_8tjuu2ab {{(pid=196635) _convert_image /opt/stack/cinder/cinder/image/image_utils.py:537}}
Jan 26 19:18:12.123220 np0005596550.novalocal cinder-volume[196635]: INFO cinder.image.image_utils [None req-2b00ca17-ab64-456e-9519-a37a6c114b10 tempest-VolumesActionsTest-1801349853 None] Converted 1024.00 MB image at 1024.00 MB/s
Jan 26 19:18:12.125015 np0005596550.novalocal cinder-volume[196635]: DEBUG oslo.privsep.daemon [-] privsep: reply[2434b93f-5b9b-4831-adf9-fde92a1d5815]: (4, 'qcow2') {{(pid=210839) _call_back /usr/local/lib/python3.12/site-packages/oslo_privsep/daemon.py:515}}
Jan 26 19:18:12.125672 np0005596550.novalocal cinder-volume[196635]: DEBUG oslo_concurrency.processutils [None req-2b00ca17-ab64-456e-9519-a37a6c114b10 tempest-VolumesActionsTest-1801349853 None] Running cmd (subprocess): /usr/bin/python3.12 -m oslo_concurrency.prlimit --as=1073741824 --cpu=60 -- sudo cinder-rootwrap /etc/cinder/rootwrap.conf env LC_ALL=C qemu-img info -f qcow2 --output=json /opt/stack/data/cinder/conversion/vol_upload_8tjuu2ab {{(pid=196635) execute /usr/local/lib/python3.12/site-packages/oslo_concurrency/processutils.py:349}}
Jan 26 19:18:12.199315 np0005596550.novalocal sudo[235588]: stack : PWD=/ ; USER=root ; COMMAND=/usr/local/bin/cinder-rootwrap /etc/cinder/rootwrap.conf env LC_ALL=C qemu-img info -f qcow2 --output=json /opt/stack/data/cinder/conversion/vol_upload_8tjuu2ab
Jan 26 19:18:12.518389 np0005596550.novalocal cinder-volume[196635]: DEBUG oslo_concurrency.processutils [None req-2b00ca17-ab64-456e-9519-a37a6c114b10 tempest-VolumesActionsTest-1801349853 None] CMD "/usr/bin/python3.12 -m oslo_concurrency.prlimit --as=1073741824 --cpu=60 -- sudo cinder-rootwrap /etc/cinder/rootwrap.conf env LC_ALL=C qemu-img info -f qcow2 --output=json /opt/stack/data/cinder/conversion/vol_upload_8tjuu2ab" returned: 0 in 0.392s {{(pid=196635) execute /usr/local/lib/python3.12/site-packages/oslo_concurrency/processutils.py:372}}
Jan 26 19:18:13.456991 np0005596550.novalocal cinder-volume[196635]: DEBUG cinder.volume.manager [None req-2b00ca17-ab64-456e-9519-a37a6c114b10 tempest-VolumesActionsTest-1801349853 None] Uploaded volume to glance image-id: c4facedc-4d02-45d6-8616-7b4626b7f55d. {{(pid=196635) copy_volume_to_image /opt/stack/cinder/cinder/volume/manager.py:1781}}
Jan 26 19:18:13.480153 np0005596550.novalocal cinder-volume[196635]: INFO cinder.volume.manager [None req-2b00ca17-ab64-456e-9519-a37a6c114b10 tempest-VolumesActionsTest-1801349853 None] Copy volume to image completed successfully.
Jan 26 19:18:15.702103 np0005596550.novalocal cinder-volume[196635]: DEBUG cinder.coordination [None req-1dde03b3-82b9-4015-91a2-33f246522feb tempest-VolumesActionsTest-1801349853 None] Acquiring lock "cinder-15e03f25-ebac-4125-acaf-18407df523f9-delete_volume" by "delete_volume" {{(pid=196635) __acquire /opt/stack/cinder/cinder/coordination.py:143}}
Jan 26 19:18:15.721195 np0005596550.novalocal cinder-volume[196635]: DEBUG cinder.coordination [None req-1dde03b3-82b9-4015-91a2-33f246522feb tempest-VolumesActionsTest-1801349853 None] Lock "cinder-15e03f25-ebac-4125-acaf-18407df523f9-delete_volume" acquired by "delete_volume" :: waited 0.016s {{(pid=196635) __acquire /opt/stack/cinder/cinder/coordination.py:146}}
Jan 26 19:18:15.740423 np0005596550.novalocal cinder-volume[196635]: INFO cinder.volume.targets.iscsi [None req-1dde03b3-82b9-4015-91a2-33f246522feb tempest-VolumesActionsTest-1801349853 None] Skipping remove_export. No iscsi_target is presently exported for volume: 15e03f25-ebac-4125-acaf-18407df523f9
Jan 26 19:18:15.740869 np0005596550.novalocal cinder-volume[196635]: DEBUG oslo_concurrency.processutils [None req-1dde03b3-82b9-4015-91a2-33f246522feb tempest-VolumesActionsTest-1801349853 None] Running cmd (subprocess): sudo cinder-rootwrap /etc/cinder/rootwrap.conf env LC_ALL=C lvs --noheadings --unit=g -o vg_name,name,size --nosuffix --readonly stack-volumes-lvmdriver-1/volume-15e03f25-ebac-4125-acaf-18407df523f9 {{(pid=196635) execute /usr/local/lib/python3.12/site-packages/oslo_concurrency/processutils.py:349}}
Jan 26 19:18:15.773490 np0005596550.novalocal sudo[235642]: stack : PWD=/ ; USER=root ; COMMAND=/usr/local/bin/cinder-rootwrap /etc/cinder/rootwrap.conf env LC_ALL=C lvs --noheadings --unit=g -o vg_name,name,size --nosuffix --readonly stack-volumes-lvmdriver-1/volume-15e03f25-ebac-4125-acaf-18407df523f9
Jan 26 19:18:16.151696 np0005596550.novalocal cinder-volume[196635]: DEBUG oslo_concurrency.processutils [None req-1dde03b3-82b9-4015-91a2-33f246522feb tempest-VolumesActionsTest-1801349853 None] CMD "sudo cinder-rootwrap /etc/cinder/rootwrap.conf env LC_ALL=C lvs --noheadings --unit=g -o vg_name,name,size --nosuffix --readonly stack-volumes-lvmdriver-1/volume-15e03f25-ebac-4125-acaf-18407df523f9" returned: 0 in 0.411s {{(pid=196635) execute /usr/local/lib/python3.12/site-packages/oslo_concurrency/processutils.py:372}}
Jan 26 19:18:16.152372 np0005596550.novalocal cinder-volume[196635]: DEBUG oslo_concurrency.processutils [None req-1dde03b3-82b9-4015-91a2-33f246522feb tempest-VolumesActionsTest-1801349853 None] Running cmd (subprocess): sudo cinder-rootwrap /etc/cinder/rootwrap.conf env LC_ALL=C lvdisplay --noheading -C -o Attr --readonly stack-volumes-lvmdriver-1/volume-15e03f25-ebac-4125-acaf-18407df523f9 {{(pid=196635) execute /usr/local/lib/python3.12/site-packages/oslo_concurrency/processutils.py:349}}
Jan 26 19:18:16.178456 np0005596550.novalocal sudo[235649]: stack : PWD=/ ; USER=root ; COMMAND=/usr/local/bin/cinder-rootwrap /etc/cinder/rootwrap.conf env LC_ALL=C lvdisplay --noheading -C -o Attr --readonly stack-volumes-lvmdriver-1/volume-15e03f25-ebac-4125-acaf-18407df523f9
Jan 26 19:18:16.550369 np0005596550.novalocal cinder-volume[196635]: DEBUG oslo_concurrency.processutils [None req-1dde03b3-82b9-4015-91a2-33f246522feb tempest-VolumesActionsTest-1801349853 None] CMD "sudo cinder-rootwrap /etc/cinder/rootwrap.conf env LC_ALL=C lvdisplay --noheading -C -o Attr --readonly stack-volumes-lvmdriver-1/volume-15e03f25-ebac-4125-acaf-18407df523f9" returned: 0 in 0.398s {{(pid=196635) execute /usr/local/lib/python3.12/site-packages/oslo_concurrency/processutils.py:372}}
Jan 26 19:18:16.551397 np0005596550.novalocal cinder-volume[196635]: DEBUG oslo_concurrency.processutils [None req-1dde03b3-82b9-4015-91a2-33f246522feb tempest-VolumesActionsTest-1801349853 None] Running cmd (subprocess): sudo cinder-rootwrap /etc/cinder/rootwrap.conf lvremove --config activation { retry_deactivation = 1} -f stack-volumes-lvmdriver-1/volume-15e03f25-ebac-4125-acaf-18407df523f9 {{(pid=196635) execute /usr/local/lib/python3.12/site-packages/oslo_concurrency/processutils.py:349}}
Jan 26 19:18:16.577033 np0005596550.novalocal sudo[235656]: stack : PWD=/ ; USER=root ; COMMAND=/usr/local/bin/cinder-rootwrap /etc/cinder/rootwrap.conf lvremove --config 'activation { retry_deactivation = 1} ' -f stack-volumes-lvmdriver-1/volume-15e03f25-ebac-4125-acaf-18407df523f9
Jan 26 19:18:17.092917 np0005596550.novalocal cinder-volume[196635]: DEBUG oslo_concurrency.processutils [None req-1dde03b3-82b9-4015-91a2-33f246522feb tempest-VolumesActionsTest-1801349853 None] CMD "sudo cinder-rootwrap /etc/cinder/rootwrap.conf lvremove --config activation { retry_deactivation = 1} -f stack-volumes-lvmdriver-1/volume-15e03f25-ebac-4125-acaf-18407df523f9" returned: 0 in 0.541s {{(pid=196635) execute /usr/local/lib/python3.12/site-packages/oslo_concurrency/processutils.py:372}}
Jan 26 19:18:17.093440 np0005596550.novalocal cinder-volume[196635]: INFO cinder.volume.drivers.lvm [None req-1dde03b3-82b9-4015-91a2-33f246522feb tempest-VolumesActionsTest-1801349853 None] Successfully deleted volume: 15e03f25-ebac-4125-acaf-18407df523f9
Jan 26 19:18:17.130792 np0005596550.novalocal cinder-volume[196635]: DEBUG cinder.quota [None req-1dde03b3-82b9-4015-91a2-33f246522feb tempest-VolumesActionsTest-1801349853 None] Created reservations ['ba5c9212-a064-4742-926e-b7be726d9b9b', 'ea793ec8-2c6a-4f0e-a807-4b31026ba2a0', '8f90b763-8e27-4028-812d-46b1ab8e4b53', '6238f879-d404-4f11-94ac-54fba06ebf99'] {{(pid=196635) reserve /opt/stack/cinder/cinder/quota.py:752}}
Jan 26 19:18:17.168250 np0005596550.novalocal cinder-volume[196635]: DEBUG cinder.volume.drivers.lvm [None req-1dde03b3-82b9-4015-91a2-33f246522feb tempest-VolumesActionsTest-1801349853 None] Updating volume stats {{(pid=196635) _update_volume_stats /opt/stack/cinder/cinder/volume/drivers/lvm.py:228}}
Jan 26 19:18:17.168588 np0005596550.novalocal cinder-volume[196635]: DEBUG oslo_concurrency.processutils [None req-1dde03b3-82b9-4015-91a2-33f246522feb tempest-VolumesActionsTest-1801349853 None] Running cmd (subprocess): sudo cinder-rootwrap /etc/cinder/rootwrap.conf env LC_ALL=C vgs --noheadings --unit=g -o name,size,free,lv_count,uuid --separator : --nosuffix stack-volumes-lvmdriver-1 {{(pid=196635) execute /usr/local/lib/python3.12/site-packages/oslo_concurrency/processutils.py:349}}
Jan 26 19:18:17.203243 np0005596550.novalocal sudo[235664]: stack : PWD=/ ; USER=root ; COMMAND=/usr/local/bin/cinder-rootwrap /etc/cinder/rootwrap.conf env LC_ALL=C vgs --noheadings --unit=g -o name,size,free,lv_count,uuid --separator : --nosuffix stack-volumes-lvmdriver-1
Jan 26 19:18:17.590487 np0005596550.novalocal cinder-volume[196635]: DEBUG oslo_concurrency.processutils [None req-1dde03b3-82b9-4015-91a2-33f246522feb tempest-VolumesActionsTest-1801349853 None] CMD "sudo cinder-rootwrap /etc/cinder/rootwrap.conf env LC_ALL=C vgs --noheadings --unit=g -o name,size,free,lv_count,uuid --separator : --nosuffix stack-volumes-lvmdriver-1" returned: 0 in 0.422s {{(pid=196635) execute /usr/local/lib/python3.12/site-packages/oslo_concurrency/processutils.py:372}}
Jan 26 19:18:17.591843 np0005596550.novalocal cinder-volume[196635]: DEBUG oslo_concurrency.processutils [None req-1dde03b3-82b9-4015-91a2-33f246522feb tempest-VolumesActionsTest-1801349853 None] Running cmd (subprocess): sudo cinder-rootwrap /etc/cinder/rootwrap.conf env LC_ALL=C lvs --noheadings --unit=g -o vg_name,name,size --nosuffix --readonly stack-volumes-lvmdriver-1 {{(pid=196635) execute /usr/local/lib/python3.12/site-packages/oslo_concurrency/processutils.py:349}}
Jan 26 19:18:17.615584 np0005596550.novalocal sudo[235669]: stack : PWD=/ ; USER=root ; COMMAND=/usr/local/bin/cinder-rootwrap /etc/cinder/rootwrap.conf env LC_ALL=C lvs --noheadings --unit=g -o vg_name,name,size --nosuffix --readonly stack-volumes-lvmdriver-1
Jan 26 19:18:18.001126 np0005596550.novalocal cinder-volume[196635]: DEBUG oslo_concurrency.processutils [None req-1dde03b3-82b9-4015-91a2-33f246522feb tempest-VolumesActionsTest-1801349853 None] CMD "sudo cinder-rootwrap /etc/cinder/rootwrap.conf env LC_ALL=C lvs --noheadings --unit=g -o vg_name,name,size --nosuffix --readonly stack-volumes-lvmdriver-1" returned: 0 in 0.407s {{(pid=196635) execute /usr/local/lib/python3.12/site-packages/oslo_concurrency/processutils.py:372}}
Jan 26 19:18:18.001303 np0005596550.novalocal cinder-volume[196635]: DEBUG oslo_concurrency.processutils [None req-1dde03b3-82b9-4015-91a2-33f246522feb tempest-VolumesActionsTest-1801349853 None] Running cmd (subprocess): sudo cinder-rootwrap /etc/cinder/rootwrap.conf env LC_ALL=C lvs --noheadings --unit=g -o size,data_percent --separator : --nosuffix /dev/stack-volumes-lvmdriver-1/stack-volumes-lvmdriver-1-pool {{(pid=196635) execute /usr/local/lib/python3.12/site-packages/oslo_concurrency/processutils.py:349}}
Jan 26 19:18:18.040690 np0005596550.novalocal sudo[235689]: stack : PWD=/ ; USER=root ; COMMAND=/usr/local/bin/cinder-rootwrap /etc/cinder/rootwrap.conf env LC_ALL=C lvs --noheadings --unit=g -o size,data_percent --separator : --nosuffix /dev/stack-volumes-lvmdriver-1/stack-volumes-lvmdriver-1-pool
Jan 26 19:18:18.423486 np0005596550.novalocal cinder-volume[196635]: DEBUG oslo_concurrency.processutils [None req-1dde03b3-82b9-4015-91a2-33f246522feb tempest-VolumesActionsTest-1801349853 None] CMD "sudo cinder-rootwrap /etc/cinder/rootwrap.conf env LC_ALL=C lvs --noheadings --unit=g -o size,data_percent --separator : --nosuffix /dev/stack-volumes-lvmdriver-1/stack-volumes-lvmdriver-1-pool" returned: 0 in 0.423s {{(pid=196635) execute /usr/local/lib/python3.12/site-packages/oslo_concurrency/processutils.py:372}}
Jan 26 19:18:18.424586 np0005596550.novalocal cinder-volume[196635]: DEBUG oslo_concurrency.processutils [None req-1dde03b3-82b9-4015-91a2-33f246522feb tempest-VolumesActionsTest-1801349853 None] Running cmd (subprocess): sudo cinder-rootwrap /etc/cinder/rootwrap.conf env LC_ALL=C lvs --noheadings --unit=g -o vg_name,name,size --nosuffix --readonly stack-volumes-lvmdriver-1 {{(pid=196635) execute /usr/local/lib/python3.12/site-packages/oslo_concurrency/processutils.py:349}}
Jan 26 19:18:18.451550 np0005596550.novalocal sudo[235735]: stack : PWD=/ ; USER=root ; COMMAND=/usr/local/bin/cinder-rootwrap /etc/cinder/rootwrap.conf env LC_ALL=C lvs --noheadings --unit=g -o vg_name,name,size --nosuffix --readonly stack-volumes-lvmdriver-1
Jan 26 19:18:18.843911 np0005596550.novalocal cinder-volume[196635]: DEBUG oslo_concurrency.processutils [None req-1dde03b3-82b9-4015-91a2-33f246522feb tempest-VolumesActionsTest-1801349853 None] CMD "sudo cinder-rootwrap /etc/cinder/rootwrap.conf env LC_ALL=C lvs --noheadings --unit=g -o vg_name,name,size --nosuffix --readonly stack-volumes-lvmdriver-1" returned: 0 in 0.419s {{(pid=196635) execute /usr/local/lib/python3.12/site-packages/oslo_concurrency/processutils.py:372}}
Jan 26 19:18:18.844912 np0005596550.novalocal cinder-volume[196635]: DEBUG cinder.manager [None req-1dde03b3-82b9-4015-91a2-33f246522feb tempest-VolumesActionsTest-1801349853 None] Notifying Schedulers of capabilities ... {{(pid=196635) _publish_service_capabilities /opt/stack/cinder/cinder/manager.py:202}}
Jan 26 19:18:18.860535 np0005596550.novalocal cinder-volume[196635]: INFO cinder.volume.manager [None req-1dde03b3-82b9-4015-91a2-33f246522feb tempest-VolumesActionsTest-1801349853 None] Deleted volume successfully.
Jan 26 19:18:18.877472 np0005596550.novalocal cinder-volume[196635]: DEBUG cinder.coordination [None req-1dde03b3-82b9-4015-91a2-33f246522feb tempest-VolumesActionsTest-1801349853 None] Lock "cinder-15e03f25-ebac-4125-acaf-18407df523f9-delete_volume" released by "delete_volume" :: held 3.159s {{(pid=196635) __release /opt/stack/cinder/cinder/coordination.py:157}}
Jan 26 19:18:21.906433 np0005596550.novalocal cinder-volume[196635]: DEBUG cinder.volume.flows.manager.create_volume [None req-d641bd33-2ffe-4816-a1c6-9eaaa4ab83e4 tempest-VolumesExtendTest-1777267077 None] Volume reschedule parameters: True retry: {'num_attempts': 1, 'backends': ['np0005596550.novalocal@lvmdriver-1#lvmdriver-1'], 'hosts': ['np0005596550.novalocal@lvmdriver-1#lvmdriver-1']} {{(pid=196635) get_flow /opt/stack/cinder/cinder/volume/flows/manager/create_volume.py:1388}}
Jan 26 19:18:21.915875 np0005596550.novalocal cinder-volume[196635]: DEBUG cinder.volume.manager [None req-d641bd33-2ffe-4816-a1c6-9eaaa4ab83e4 tempest-VolumesExtendTest-1777267077 None] Flow 'volume_create_manager' (17f25393-81a5-4a6b-a55f-254ea4713ace) transitioned into state 'RUNNING' from state 'PENDING' {{(pid=196635) _flow_receiver /usr/local/lib/python3.12/site-packages/taskflow/listeners/logging.py:145}}
Jan 26 19:18:21.918840 np0005596550.novalocal cinder-volume[196635]: DEBUG cinder.volume.manager [None req-d641bd33-2ffe-4816-a1c6-9eaaa4ab83e4 tempest-VolumesExtendTest-1777267077 None] Task 'cinder.volume.flows.manager.create_volume.ExtractVolumeRefTask;volume:create' (1c02fb69-7b05-42f2-9387-44dde0074746) transitioned into state 'RUNNING' from state 'PENDING' {{(pid=196635) _task_receiver /usr/local/lib/python3.12/site-packages/taskflow/listeners/logging.py:194}}
Jan 26 19:18:21.931042 np0005596550.novalocal cinder-volume[196635]: DEBUG cinder.volume.manager [None req-d641bd33-2ffe-4816-a1c6-9eaaa4ab83e4 tempest-VolumesExtendTest-1777267077 None] Task 'cinder.volume.flows.manager.create_volume.ExtractVolumeRefTask;volume:create' (1c02fb69-7b05-42f2-9387-44dde0074746) transitioned into state 'SUCCESS' from state 'RUNNING' with result 'Volume(_name_id=None,admin_metadata=,attach_status='detached',availability_zone='nova',bootable=False,cluster=,cluster_name=None,consistencygroup=,consistencygroup_id=None,created_at=2026-01-27T00:18:21Z,deleted=False,deleted_at=None,display_description=None,display_name='tempest-VolumesExtendTest-Volume-1366265869',ec2_id=None,encryption_key_id=None,glance_metadata=,group=,group_id=None,host='np0005596550.novalocal@lvmdriver-1#lvmdriver-1',id=ce6b6167-0dc9-45f5-9ce5-3ffa19db1005,launched_at=None,metadata={},migration_status=None,multiattach=False,previous_status=None,project_id='d6012db6d1f047b4b839817b9fcb9ebf',provider_auth=None,provider_geometry=None,provider_id=None,provider_location=None,replication_driver_data=None,replication_extended_status=None,replication_status=None,scheduled_at=2026-01-27T00:18:21Z,service_uuid=None,shared_targets=True,size=1,snapshot_id=None,snapshots=,source_volid=None,status='creating',terminated_at=None,updated_at=2026-01-27T00:18:21Z,use_quota=True,user_id='ff91fc0bbc6b4447ab56dcc67e28c773',volume_attachment=VolumeAttachmentList,volume_type=VolumeType(423298ae-9268-4d03-9cb5-063c9922a67c),volume_type_id=423298ae-9268-4d03-9cb5-063c9922a67c)' {{(pid=196635) _task_receiver /usr/local/lib/python3.12/site-packages/taskflow/listeners/logging.py:182}}
Jan 26 19:18:21.933446 np0005596550.novalocal cinder-volume[196635]: DEBUG cinder.volume.manager [None req-d641bd33-2ffe-4816-a1c6-9eaaa4ab83e4 tempest-VolumesExtendTest-1777267077 None] Task 'cinder.volume.flows.manager.create_volume.OnFailureRescheduleTask;volume:create' (bcb5a176-d338-46ed-be48-c5c2b9a8df1d) transitioned into state 'RUNNING' from state 'PENDING' {{(pid=196635) _task_receiver /usr/local/lib/python3.12/site-packages/taskflow/listeners/logging.py:194}}
Jan 26 19:18:21.935573 np0005596550.novalocal cinder-volume[196635]: DEBUG cinder.volume.manager [None req-d641bd33-2ffe-4816-a1c6-9eaaa4ab83e4 tempest-VolumesExtendTest-1777267077 None] Task 'cinder.volume.flows.manager.create_volume.OnFailureRescheduleTask;volume:create' (bcb5a176-d338-46ed-be48-c5c2b9a8df1d) transitioned into state 'SUCCESS' from state 'RUNNING' with result 'None' {{(pid=196635) _task_receiver /usr/local/lib/python3.12/site-packages/taskflow/listeners/logging.py:182}}
Jan 26 19:18:21.937680 np0005596550.novalocal cinder-volume[196635]: DEBUG cinder.volume.manager [None req-d641bd33-2ffe-4816-a1c6-9eaaa4ab83e4 tempest-VolumesExtendTest-1777267077 None] Task 'cinder.volume.flows.manager.create_volume.ExtractVolumeSpecTask;volume:create' (a2257336-4701-45c4-9bff-bce29f7da974) transitioned into state 'RUNNING' from state 'PENDING' {{(pid=196635) _task_receiver /usr/local/lib/python3.12/site-packages/taskflow/listeners/logging.py:194}}
Jan 26 19:18:21.938473 np0005596550.novalocal cinder-volume[196635]: DEBUG cinder.image.glance [None req-d641bd33-2ffe-4816-a1c6-9eaaa4ab83e4 tempest-VolumesExtendTest-1777267077 None] Creating Keystone auth plugin from conf {{(pid=196635) _create_glance_client /opt/stack/cinder/cinder/image/glance.py:128}}
Jan 26 19:18:22.111839 np0005596550.novalocal cinder-volume[196635]: DEBUG cinder.volume.manager [None req-d641bd33-2ffe-4816-a1c6-9eaaa4ab83e4 tempest-VolumesExtendTest-1777267077 None] Task 'cinder.volume.flows.manager.create_volume.ExtractVolumeSpecTask;volume:create' (a2257336-4701-45c4-9bff-bce29f7da974) transitioned into state 'SUCCESS' from state 'RUNNING' with result '{'status': 'creating', 'type': 'image', 'volume_id': 'ce6b6167-0dc9-45f5-9ce5-3ffa19db1005', 'volume_name': 'volume-ce6b6167-0dc9-45f5-9ce5-3ffa19db1005', 'volume_size': 1, 'image_id': '83e5abfe-72a8-4364-96d1-e39a77cf888f', 'image_location': (None, [{'url': 'swift+config://ref1/glance/83e5abfe-72a8-4364-96d1-e39a77cf888f', 'metadata': {}}]), 'image_meta': {'name': 'cirros-0.6.3-x86_64-disk', 'disk_format': 'qcow2', 'container_format': 'bare', 'visibility': 'public', 'size': 21692416, 'virtual_size': 117440512, 'status': 'active', 'checksum': '87617e24a5e30cb3b87fda8c0764838f', 'protected': False, 'min_ram': 0, 'min_disk': 0, 'owner': '51b7780042c64addb52fb6fe9587a219', 'os_hidden': False, 'os_hash_algo': 'sha512', 'os_hash_value': '9a9bce0083a00939ec17c11febbfc767aa211aaa54f51e75c5a8b271a9b5637c77205a518b7a2007cb391d23cceb01e0e4e8d64832317151bc85b734b92a7be0', 'id': '83e5abfe-72a8-4364-96d1-e39a77cf888f', 'created_at': datetime.datetime(2026, 1, 26, 23, 49, 32, tzinfo=datetime.timezone.utc), 'updated_at': datetime.datetime(2026, 1, 26, 23, 49, 35, tzinfo=datetime.timezone.utc), 'tags': [], 'file': '/v2/images/83e5abfe-72a8-4364-96d1-e39a77cf888f/file', 'properties': {'hw_rng_model': 'virtio', 'owner_specified.openstack.md5': '', 'owner_specified.openstack.sha256': '', 'owner_specified.openstack.object': 'images/cirros-0.6.3-x86_64-disk', 'os_glance_importing_to_stores': '', 'os_glance_failed_import': ''}}, 'image_service': }' {{(pid=196635) _task_receiver /usr/local/lib/python3.12/site-packages/taskflow/listeners/logging.py:182}}
Jan 26 19:18:22.113837 np0005596550.novalocal cinder-volume[196635]: DEBUG cinder.volume.manager [None req-d641bd33-2ffe-4816-a1c6-9eaaa4ab83e4 tempest-VolumesExtendTest-1777267077 None] Task 'cinder.volume.flows.manager.create_volume.NotifyVolumeActionTask;volume:create, create.start' (4fe42ca7-2d3a-4f98-a364-ebaf5c534c1e) transitioned into state 'RUNNING' from state 'PENDING' {{(pid=196635) _task_receiver /usr/local/lib/python3.12/site-packages/taskflow/listeners/logging.py:194}}
Jan 26 19:18:22.115809 np0005596550.novalocal cinder-volume[196635]: DEBUG cinder.volume.manager [None req-d641bd33-2ffe-4816-a1c6-9eaaa4ab83e4 tempest-VolumesExtendTest-1777267077 None] Task 'cinder.volume.flows.manager.create_volume.NotifyVolumeActionTask;volume:create, create.start' (4fe42ca7-2d3a-4f98-a364-ebaf5c534c1e) transitioned into state 'SUCCESS' from state 'RUNNING' with result 'None' {{(pid=196635) _task_receiver /usr/local/lib/python3.12/site-packages/taskflow/listeners/logging.py:182}}
Jan 26 19:18:22.120480 np0005596550.novalocal cinder-volume[196635]: DEBUG cinder.volume.manager [None req-d641bd33-2ffe-4816-a1c6-9eaaa4ab83e4 tempest-VolumesExtendTest-1777267077 None] Task 'cinder.volume.flows.manager.create_volume.CreateVolumeFromSpecTask;volume:create' (c72f0cf2-8f6f-4d65-acd1-ef00d1ea261b) transitioned into state 'RUNNING' from state 'PENDING' {{(pid=196635) _task_receiver /usr/local/lib/python3.12/site-packages/taskflow/listeners/logging.py:194}}
Jan 26 19:18:22.121193 np0005596550.novalocal cinder-volume[196635]: INFO cinder.volume.flows.manager.create_volume [None req-d641bd33-2ffe-4816-a1c6-9eaaa4ab83e4 tempest-VolumesExtendTest-1777267077 None] Volume ce6b6167-0dc9-45f5-9ce5-3ffa19db1005: being created as image with specification: {'status': 'creating', 'volume_name': 'volume-ce6b6167-0dc9-45f5-9ce5-3ffa19db1005', 'volume_size': 1, 'image_id': '83e5abfe-72a8-4364-96d1-e39a77cf888f', 'image_location': (None, [{'url': 'swift+config://ref1/glance/83e5abfe-72a8-4364-96d1-e39a77cf888f', 'metadata': {}}]), 'image_meta': {'name': 'cirros-0.6.3-x86_64-disk', 'disk_format': 'qcow2', 'container_format': 'bare', 'visibility': 'public', 'size': 21692416, 'virtual_size': 117440512, 'status': 'active', 'checksum': '87617e24a5e30cb3b87fda8c0764838f', 'protected': False, 'min_ram': 0, 'min_disk': 0, 'owner': '51b7780042c64addb52fb6fe9587a219', 'os_hidden': False, 'os_hash_algo': 'sha512', 'os_hash_value': '9a9bce0083a00939ec17c11febbfc767aa211aaa54f51e75c5a8b271a9b5637c77205a518b7a2007cb391d23cceb01e0e4e8d64832317151bc85b734b92a7be0', 'id': '83e5abfe-72a8-4364-96d1-e39a77cf888f', 'created_at': datetime.datetime(2026, 1, 26, 23, 49, 32, tzinfo=datetime.timezone.utc), 'updated_at': datetime.datetime(2026, 1, 26, 23, 49, 35, tzinfo=datetime.timezone.utc), 'tags': [], 'file': '/v2/images/83e5abfe-72a8-4364-96d1-e39a77cf888f/file', 'properties': {'hw_rng_model': 'virtio', 'owner_specified.openstack.md5': '', 'owner_specified.openstack.sha256': '', 'owner_specified.openstack.object': 'images/cirros-0.6.3-x86_64-disk', 'os_glance_importing_to_stores': '', 'os_glance_failed_import': ''}}, 'image_service': }
Jan 26 19:18:22.121639 np0005596550.novalocal cinder-volume[196635]: DEBUG cinder.volume.flows.manager.create_volume [None req-d641bd33-2ffe-4816-a1c6-9eaaa4ab83e4 tempest-VolumesExtendTest-1777267077 None] Trying to clone ce6b6167-0dc9-45f5-9ce5-3ffa19db1005 from image 83e5abfe-72a8-4364-96d1-e39a77cf888f at location (None, [{'url': 'swift+config://ref1/glance/83e5abfe-72a8-4364-96d1-e39a77cf888f', 'metadata': {}}]). {{(pid=196635) _create_from_image /opt/stack/cinder/cinder/volume/flows/manager/create_volume.py:1082}}
Jan 26 19:18:22.122245 np0005596550.novalocal cinder-volume[196635]: DEBUG cinder.coordination [None req-d641bd33-2ffe-4816-a1c6-9eaaa4ab83e4 tempest-VolumesExtendTest-1777267077 None] Acquiring lock "cinder-83e5abfe-72a8-4364-96d1-e39a77cf888f" by "_prepare_image_cache_entry" {{(pid=196635) __acquire /opt/stack/cinder/cinder/coordination.py:143}}
Jan 26 19:18:22.130121 np0005596550.novalocal cinder-volume[196635]: DEBUG cinder.coordination [None req-d641bd33-2ffe-4816-a1c6-9eaaa4ab83e4 tempest-VolumesExtendTest-1777267077 None] Lock "cinder-83e5abfe-72a8-4364-96d1-e39a77cf888f" acquired by "_prepare_image_cache_entry" :: waited 0.006s {{(pid=196635) __acquire /opt/stack/cinder/cinder/coordination.py:146}}
Jan 26 19:18:22.141865 np0005596550.novalocal cinder-volume[196635]: DEBUG cinder.image.cache [None req-d641bd33-2ffe-4816-a1c6-9eaaa4ab83e4 tempest-VolumesExtendTest-1777267077 None] Found image-volume cache entry: {'id': 1, 'image_id': '83e5abfe-72a8-4364-96d1-e39a77cf888f', 'volume_id': 'db1bd902-110d-4c5c-b51c-e592df60253c', 'host': 'np0005596550.novalocal@lvmdriver-1#lvmdriver-1', 'size': 1, 'image_updated_at': datetime.datetime(2026, 1, 26, 23, 49, 35), 'last_used': datetime.datetime(2026, 1, 27, 0, 18, 22, 134295)}. {{(pid=196635) get_entry /opt/stack/cinder/cinder/image/cache.py:84}}
Jan 26 19:18:22.142348 np0005596550.novalocal cinder-volume[196635]: DEBUG cinder.image.cache [None req-d641bd33-2ffe-4816-a1c6-9eaaa4ab83e4 tempest-VolumesExtendTest-1777267077 None] Image-volume cache entry image_update_at = 2026-01-26 23:49:35+00:00, requested image updated_at = 2026-01-26 23:49:35+00:00. {{(pid=196635) _should_update_entry /opt/stack/cinder/cinder/image/cache.py:267}}
Jan 26 19:18:22.142628 np0005596550.novalocal cinder-volume[196635]: DEBUG cinder.volume.flows.manager.create_volume [None req-d641bd33-2ffe-4816-a1c6-9eaaa4ab83e4 tempest-VolumesExtendTest-1777267077 None] Found cache entry for image = 83e5abfe-72a8-4364-96d1-e39a77cf888f on host np0005596550.novalocal@lvmdriver-1#lvmdriver-1. {{(pid=196635) _prepare_image_cache_entry /opt/stack/cinder/cinder/volume/flows/manager/create_volume.py:897}}
Jan 26 19:18:22.148186 np0005596550.novalocal cinder-volume[196635]: DEBUG cinder.coordination [None req-d641bd33-2ffe-4816-a1c6-9eaaa4ab83e4 tempest-VolumesExtendTest-1777267077 None] Lock "cinder-83e5abfe-72a8-4364-96d1-e39a77cf888f" released by "_prepare_image_cache_entry" :: held 0.018s {{(pid=196635) __release /opt/stack/cinder/cinder/coordination.py:157}}
Jan 26 19:18:22.148186 np0005596550.novalocal cinder-volume[196635]: DEBUG cinder.volume.flows.manager.create_volume [None req-d641bd33-2ffe-4816-a1c6-9eaaa4ab83e4 tempest-VolumesExtendTest-1777267077 None] Attempting to retrieve cache entry for image = 83e5abfe-72a8-4364-96d1-e39a77cf888f on host np0005596550.novalocal@lvmdriver-1#lvmdriver-1. {{(pid=196635) _create_from_image_cache /opt/stack/cinder/cinder/volume/flows/manager/create_volume.py:836}}
Jan 26 19:18:22.151471 np0005596550.novalocal cinder-volume[196635]: DEBUG cinder.image.cache [None req-d641bd33-2ffe-4816-a1c6-9eaaa4ab83e4 tempest-VolumesExtendTest-1777267077 None] Found image-volume cache entry: {'id': 1, 'image_id': '83e5abfe-72a8-4364-96d1-e39a77cf888f', 'volume_id': 'db1bd902-110d-4c5c-b51c-e592df60253c', 'host': 'np0005596550.novalocal@lvmdriver-1#lvmdriver-1', 'size': 1, 'image_updated_at': datetime.datetime(2026, 1, 26, 23, 49, 35), 'last_used': datetime.datetime(2026, 1, 27, 0, 18, 22, 149966)}. {{(pid=196635) get_entry /opt/stack/cinder/cinder/image/cache.py:84}}
Jan 26 19:18:22.151814 np0005596550.novalocal cinder-volume[196635]: DEBUG cinder.image.cache [None req-d641bd33-2ffe-4816-a1c6-9eaaa4ab83e4 tempest-VolumesExtendTest-1777267077 None] Image-volume cache entry image_update_at = 2026-01-26 23:49:35+00:00, requested image updated_at = 2026-01-26 23:49:35+00:00. {{(pid=196635) _should_update_entry /opt/stack/cinder/cinder/image/cache.py:267}}
