Jan 26 19:04:44.457838 np0005596550.novalocal cinder-volume[196635]: DEBUG oslo_concurrency.processutils [None req-4a2ddc4c-bbe5-4e43-a360-3a56aa5a89f1 tempest-VolumesSnapshotTestJSON-666453103 None] Running cmd (subprocess): sudo cinder-rootwrap /etc/cinder/rootwrap.conf lvchange -a y --yes -K stack-volumes-lvmdriver-1/_snapshot-4cdbe0c9-1623-4d1d-85e9-c3a202ee7d51 {{(pid=196635) execute /usr/local/lib/python3.12/site-packages/oslo_concurrency/processutils.py:349}}
Jan 26 19:04:44.478026 np0005596550.novalocal sudo[222181]: stack : PWD=/ ; USER=root ; COMMAND=/usr/local/bin/cinder-rootwrap /etc/cinder/rootwrap.conf lvchange -a y --yes -K stack-volumes-lvmdriver-1/_snapshot-4cdbe0c9-1623-4d1d-85e9-c3a202ee7d51
Jan 26 19:04:44.868163 np0005596550.novalocal cinder-volume[196635]: DEBUG oslo_concurrency.processutils [None req-4a2ddc4c-bbe5-4e43-a360-3a56aa5a89f1 tempest-VolumesSnapshotTestJSON-666453103 None] CMD "sudo cinder-rootwrap /etc/cinder/rootwrap.conf lvchange -a y --yes -K stack-volumes-lvmdriver-1/_snapshot-4cdbe0c9-1623-4d1d-85e9-c3a202ee7d51" returned: 0 in 0.410s {{(pid=196635) execute /usr/local/lib/python3.12/site-packages/oslo_concurrency/processutils.py:372}}
Jan 26 19:04:44.868926 np0005596550.novalocal cinder-volume[196635]: DEBUG oslo_concurrency.processutils [None req-4a2ddc4c-bbe5-4e43-a360-3a56aa5a89f1 tempest-VolumesSnapshotTestJSON-666453103 None] Running cmd (subprocess): sudo cinder-rootwrap /etc/cinder/rootwrap.conf lvchange -a y --yes -k n stack-volumes-lvmdriver-1/volume-85ff3a52-6e25-4054-861f-36b18350053a {{(pid=196635) execute /usr/local/lib/python3.12/site-packages/oslo_concurrency/processutils.py:349}}
Jan 26 19:04:44.887873 np0005596550.novalocal sudo[222191]: stack : PWD=/ ; USER=root ; COMMAND=/usr/local/bin/cinder-rootwrap /etc/cinder/rootwrap.conf lvchange -a y --yes -k n stack-volumes-lvmdriver-1/volume-85ff3a52-6e25-4054-861f-36b18350053a
Jan 26 19:04:45.288577 np0005596550.novalocal cinder-volume[196635]: DEBUG oslo_concurrency.processutils [None req-4a2ddc4c-bbe5-4e43-a360-3a56aa5a89f1 tempest-VolumesSnapshotTestJSON-666453103 None] CMD "sudo cinder-rootwrap /etc/cinder/rootwrap.conf lvchange -a y --yes -k n stack-volumes-lvmdriver-1/volume-85ff3a52-6e25-4054-861f-36b18350053a" returned: 0 in 0.420s {{(pid=196635) execute /usr/local/lib/python3.12/site-packages/oslo_concurrency/processutils.py:372}}
Jan 26 19:04:45.302923 np0005596550.novalocal cinder-volume[196635]: INFO cinder.volume.manager [None req-4a2ddc4c-bbe5-4e43-a360-3a56aa5a89f1 tempest-VolumesSnapshotTestJSON-666453103 None] Calling backup continue_backup for: Backup(availability_zone='nova',container='tempest-volumessnapshottestjson-backup-container-914741629',created_at=2026-01-27T00:04:43Z,data_timestamp=2026-01-27T00:04:42Z,deleted=False,deleted_at=None,display_description=None,display_name='tempest-VolumesSnapshotTestJSON-Backup-1232927736',encryption_key_id=None,fail_reason=None,host='np0005596550.novalocal',id=9ef48299-e0b5-46db-9b78-2ba617355850,metadata={},num_dependent_backups=0,object_count=0,parent=None,parent_id=None,project_id='c55032abafa74d4facac03929da4a366',restore_volume_id=None,service='cinder.backup.drivers.swift.SwiftBackupDriver',service_metadata=None,size=1,snapshot_id='4cdbe0c9-1623-4d1d-85e9-c3a202ee7d51',status='creating',temp_snapshot_id=None,temp_volume_id='85ff3a52-6e25-4054-861f-36b18350053a',updated_at=None,user_id='d9bb266354284323ae54b4c3317c26e5',volume_id=45ac36d4-0d45-4d42-8723-1353aae47e05)
Jan 26 19:04:45.307856 np0005596550.novalocal cinder-volume[196635]: INFO cinder.rpc [None req-4a2ddc4c-bbe5-4e43-a360-3a56aa5a89f1 tempest-VolumesSnapshotTestJSON-666453103 None] Automatically selected cinder-backup objects version 1.39 as minimum service version.
Jan 26 19:04:45.310819 np0005596550.novalocal cinder-volume[196635]: INFO cinder.rpc [None req-4a2ddc4c-bbe5-4e43-a360-3a56aa5a89f1 tempest-VolumesSnapshotTestJSON-666453103 None] Automatically selected cinder-backup RPC version 2.4 as minimum service version.
Jan 26 19:04:45.315136 np0005596550.novalocal cinder-volume[196635]: DEBUG cinder.backup.rpcapi [None req-4a2ddc4c-bbe5-4e43-a360-3a56aa5a89f1 tempest-VolumesSnapshotTestJSON-666453103 None] continue_backup in rpcapi backup_id 9ef48299-e0b5-46db-9b78-2ba617355850 {{(pid=196635) continue_backup /opt/stack/cinder/cinder/backup/rpcapi.py:65}}
Jan 26 19:04:46.259860 np0005596550.novalocal cinder-volume[196635]: DEBUG oslo_concurrency.processutils [None req-4a2ddc4c-bbe5-4e43-a360-3a56aa5a89f1 tempest-VolumesSnapshotTestJSON-666453103 None] Running cmd (subprocess): sudo cinder-rootwrap /etc/cinder/rootwrap.conf lvchange -a y --yes -K stack-volumes-lvmdriver-1/volume-85ff3a52-6e25-4054-861f-36b18350053a {{(pid=196635) execute /usr/local/lib/python3.12/site-packages/oslo_concurrency/processutils.py:349}}
Jan 26 19:04:46.283960 np0005596550.novalocal sudo[222217]: stack : PWD=/ ; USER=root ; COMMAND=/usr/local/bin/cinder-rootwrap /etc/cinder/rootwrap.conf lvchange -a y --yes -K stack-volumes-lvmdriver-1/volume-85ff3a52-6e25-4054-861f-36b18350053a
Jan 26 19:04:46.658881 np0005596550.novalocal cinder-volume[196635]: DEBUG oslo_concurrency.processutils [None req-4a2ddc4c-bbe5-4e43-a360-3a56aa5a89f1 tempest-VolumesSnapshotTestJSON-666453103 None] CMD "sudo cinder-rootwrap /etc/cinder/rootwrap.conf lvchange -a y --yes -K stack-volumes-lvmdriver-1/volume-85ff3a52-6e25-4054-861f-36b18350053a" returned: 0 in 0.399s {{(pid=196635) execute /usr/local/lib/python3.12/site-packages/oslo_concurrency/processutils.py:372}}
Jan 26 19:04:46.676023 np0005596550.novalocal cinder-volume[196635]: INFO cinder.volume.targets.lio [None req-4a2ddc4c-bbe5-4e43-a360-3a56aa5a89f1 tempest-VolumesSnapshotTestJSON-666453103 None] Creating iscsi_target for volume: volume-85ff3a52-6e25-4054-861f-36b18350053a
Jan 26 19:04:46.676436 np0005596550.novalocal cinder-volume[196635]: DEBUG oslo_concurrency.lockutils [None req-4a2ddc4c-bbe5-4e43-a360-3a56aa5a89f1 tempest-VolumesSnapshotTestJSON-666453103 None] Acquiring lock "lioadm" by "cinder.volume.targets.lio.LioAdm._execute" {{(pid=196635) inner /usr/local/lib/python3.12/site-packages/oslo_concurrency/lockutils.py:405}}
Jan 26 19:04:46.676681 np0005596550.novalocal cinder-volume[196635]: DEBUG oslo_concurrency.lockutils [None req-4a2ddc4c-bbe5-4e43-a360-3a56aa5a89f1 tempest-VolumesSnapshotTestJSON-666453103 None] Lock "lioadm" acquired by "cinder.volume.targets.lio.LioAdm._execute" :: waited 0.000s {{(pid=196635) inner /usr/local/lib/python3.12/site-packages/oslo_concurrency/lockutils.py:410}}
Jan 26 19:04:46.677118 np0005596550.novalocal cinder-volume[196635]: DEBUG oslo_concurrency.processutils [None req-4a2ddc4c-bbe5-4e43-a360-3a56aa5a89f1 tempest-VolumesSnapshotTestJSON-666453103 None] Running cmd (subprocess): sudo cinder-rootwrap /etc/cinder/rootwrap.conf cinder-rtstool create /dev/stack-volumes-lvmdriver-1/volume-85ff3a52-6e25-4054-861f-36b18350053a iqn.2010-10.org.openstack:volume-85ff3a52-6e25-4054-861f-36b18350053a NDmKBgAEd9WveMBXCWys PiYkG9kcZbqhVNT8 False -p3260 -a38.102.83.18 {{(pid=196635) execute /usr/local/lib/python3.12/site-packages/oslo_concurrency/processutils.py:349}}
Jan 26 19:04:46.706474 np0005596550.novalocal sudo[222222]: stack : PWD=/ ; USER=root ; COMMAND=/usr/local/bin/cinder-rootwrap /etc/cinder/rootwrap.conf cinder-rtstool create /dev/stack-volumes-lvmdriver-1/volume-85ff3a52-6e25-4054-861f-36b18350053a iqn.2010-10.org.openstack:volume-85ff3a52-6e25-4054-861f-36b18350053a NDmKBgAEd9WveMBXCWys PiYkG9kcZbqhVNT8 False -p3260 -a38.102.83.18
Jan 26 19:04:47.265048 np0005596550.novalocal cinder-volume[196635]: DEBUG oslo_concurrency.processutils [None req-4a2ddc4c-bbe5-4e43-a360-3a56aa5a89f1 tempest-VolumesSnapshotTestJSON-666453103 None] CMD "sudo cinder-rootwrap /etc/cinder/rootwrap.conf cinder-rtstool create /dev/stack-volumes-lvmdriver-1/volume-85ff3a52-6e25-4054-861f-36b18350053a iqn.2010-10.org.openstack:volume-85ff3a52-6e25-4054-861f-36b18350053a NDmKBgAEd9WveMBXCWys PiYkG9kcZbqhVNT8 False -p3260 -a38.102.83.18" returned: 0 in 0.588s {{(pid=196635) execute /usr/local/lib/python3.12/site-packages/oslo_concurrency/processutils.py:372}}
Jan 26 19:04:47.265472 np0005596550.novalocal cinder-volume[196635]: DEBUG oslo_concurrency.lockutils [None req-4a2ddc4c-bbe5-4e43-a360-3a56aa5a89f1 tempest-VolumesSnapshotTestJSON-666453103 None] Lock "lioadm" "released" by "cinder.volume.targets.lio.LioAdm._execute" :: held 0.589s {{(pid=196635) inner /usr/local/lib/python3.12/site-packages/oslo_concurrency/lockutils.py:424}}
Jan 26 19:04:47.265703 np0005596550.novalocal cinder-volume[196635]: DEBUG oslo_concurrency.lockutils [None req-4a2ddc4c-bbe5-4e43-a360-3a56aa5a89f1 tempest-VolumesSnapshotTestJSON-666453103 None] Acquiring lock "lioadm" by "cinder.volume.targets.lio.LioAdm._execute" {{(pid=196635) inner /usr/local/lib/python3.12/site-packages/oslo_concurrency/lockutils.py:405}}
Jan 26 19:04:47.266181 np0005596550.novalocal cinder-volume[196635]: DEBUG oslo_concurrency.lockutils [None req-4a2ddc4c-bbe5-4e43-a360-3a56aa5a89f1 tempest-VolumesSnapshotTestJSON-666453103 None] Lock "lioadm" acquired by "cinder.volume.targets.lio.LioAdm._execute" :: waited 0.001s {{(pid=196635) inner /usr/local/lib/python3.12/site-packages/oslo_concurrency/lockutils.py:410}}
Jan 26 19:04:47.266616 np0005596550.novalocal cinder-volume[196635]: DEBUG oslo_concurrency.processutils [None req-4a2ddc4c-bbe5-4e43-a360-3a56aa5a89f1 tempest-VolumesSnapshotTestJSON-666453103 None] Running cmd (subprocess): sudo cinder-rootwrap /etc/cinder/rootwrap.conf cinder-rtstool get-targets {{(pid=196635) execute /usr/local/lib/python3.12/site-packages/oslo_concurrency/processutils.py:349}}
Jan 26 19:04:47.287792 np0005596550.novalocal sudo[222236]: stack : PWD=/ ; USER=root ; COMMAND=/usr/local/bin/cinder-rootwrap /etc/cinder/rootwrap.conf cinder-rtstool get-targets
Jan 26 19:04:47.824892 np0005596550.novalocal cinder-volume[196635]: DEBUG oslo_concurrency.processutils [None req-4a2ddc4c-bbe5-4e43-a360-3a56aa5a89f1 tempest-VolumesSnapshotTestJSON-666453103 None] CMD "sudo cinder-rootwrap /etc/cinder/rootwrap.conf cinder-rtstool get-targets" returned: 0 in 0.557s {{(pid=196635) execute /usr/local/lib/python3.12/site-packages/oslo_concurrency/processutils.py:372}}
Jan 26 19:04:47.824892 np0005596550.novalocal cinder-volume[196635]: DEBUG oslo_concurrency.lockutils [None req-4a2ddc4c-bbe5-4e43-a360-3a56aa5a89f1 tempest-VolumesSnapshotTestJSON-666453103 None] Lock "lioadm" "released" by "cinder.volume.targets.lio.LioAdm._execute" :: held 0.558s {{(pid=196635) inner /usr/local/lib/python3.12/site-packages/oslo_concurrency/lockutils.py:424}}
Jan 26 19:04:47.824892 np0005596550.novalocal cinder-volume[196635]: DEBUG oslo_concurrency.lockutils [None req-4a2ddc4c-bbe5-4e43-a360-3a56aa5a89f1 tempest-VolumesSnapshotTestJSON-666453103 None] Acquiring lock "lioadm" by "cinder.volume.targets.lio.LioAdm._execute" {{(pid=196635) inner /usr/local/lib/python3.12/site-packages/oslo_concurrency/lockutils.py:405}}
Jan 26 19:04:47.824892 np0005596550.novalocal cinder-volume[196635]: DEBUG oslo_concurrency.lockutils [None req-4a2ddc4c-bbe5-4e43-a360-3a56aa5a89f1 tempest-VolumesSnapshotTestJSON-666453103 None] Lock "lioadm" acquired by "cinder.volume.targets.lio.LioAdm._execute" :: waited 0.000s {{(pid=196635) inner /usr/local/lib/python3.12/site-packages/oslo_concurrency/lockutils.py:410}}
Jan 26 19:04:47.825141 np0005596550.novalocal cinder-volume[196635]: DEBUG oslo_concurrency.processutils [None req-4a2ddc4c-bbe5-4e43-a360-3a56aa5a89f1 tempest-VolumesSnapshotTestJSON-666453103 None] Running cmd (subprocess): sudo cinder-rootwrap /etc/cinder/rootwrap.conf cinder-rtstool save {{(pid=196635) execute /usr/local/lib/python3.12/site-packages/oslo_concurrency/processutils.py:349}}
Jan 26 19:04:47.848913 np0005596550.novalocal sudo[222249]: stack : PWD=/ ; USER=root ; COMMAND=/usr/local/bin/cinder-rootwrap /etc/cinder/rootwrap.conf cinder-rtstool save
Jan 26 19:04:48.426418 np0005596550.novalocal cinder-volume[196635]: DEBUG oslo_concurrency.processutils [None req-4a2ddc4c-bbe5-4e43-a360-3a56aa5a89f1 tempest-VolumesSnapshotTestJSON-666453103 None] CMD "sudo cinder-rootwrap /etc/cinder/rootwrap.conf cinder-rtstool save" returned: 0 in 0.601s {{(pid=196635) execute /usr/local/lib/python3.12/site-packages/oslo_concurrency/processutils.py:372}}
Jan 26 19:04:48.426863 np0005596550.novalocal cinder-volume[196635]: DEBUG oslo_concurrency.lockutils [None req-4a2ddc4c-bbe5-4e43-a360-3a56aa5a89f1 tempest-VolumesSnapshotTestJSON-666453103 None] Lock "lioadm" "released" by "cinder.volume.targets.lio.LioAdm._execute" :: held 0.602s {{(pid=196635) inner /usr/local/lib/python3.12/site-packages/oslo_concurrency/lockutils.py:424}}
Jan 26 19:04:48.427465 np0005596550.novalocal cinder-volume[196635]: DEBUG cinder.volume.targets.iscsi [None req-4a2ddc4c-bbe5-4e43-a360-3a56aa5a89f1 tempest-VolumesSnapshotTestJSON-666453103 None] Set provider_location to: 38.102.83.18:3260,iqn.2010-10.org.openstack:volume-85ff3a52-6e25-4054-861f-36b18350053a iqn.2010-10.org.openstack:volume-85ff3a52-6e25-4054-861f-36b18350053a 0 {{(pid=196635) create_export /opt/stack/cinder/cinder/volume/targets/iscsi.py:205}}
Jan 26 19:04:48.438070 np0005596550.novalocal cinder-volume[196635]: DEBUG oslo_concurrency.lockutils [None req-4a2ddc4c-bbe5-4e43-a360-3a56aa5a89f1 tempest-VolumesSnapshotTestJSON-666453103 None] Acquiring lock "lioadm" by "cinder.volume.targets.lio.LioAdm._execute" {{(pid=196635) inner /usr/local/lib/python3.12/site-packages/oslo_concurrency/lockutils.py:405}}
Jan 26 19:04:48.438070 np0005596550.novalocal cinder-volume[196635]: DEBUG oslo_concurrency.lockutils [None req-4a2ddc4c-bbe5-4e43-a360-3a56aa5a89f1 tempest-VolumesSnapshotTestJSON-666453103 None] Lock "lioadm" acquired by "cinder.volume.targets.lio.LioAdm._execute" :: waited 0.000s {{(pid=196635) inner /usr/local/lib/python3.12/site-packages/oslo_concurrency/lockutils.py:410}}
Jan 26 19:04:48.438070 np0005596550.novalocal cinder-volume[196635]: DEBUG oslo_concurrency.processutils [None req-4a2ddc4c-bbe5-4e43-a360-3a56aa5a89f1 tempest-VolumesSnapshotTestJSON-666453103 None] Running cmd (subprocess): sudo cinder-rootwrap /etc/cinder/rootwrap.conf cinder-rtstool add-initiator iqn.2010-10.org.openstack:volume-85ff3a52-6e25-4054-861f-36b18350053a NDmKBgAEd9WveMBXCWys PiYkG9kcZbqhVNT8 iqn.1994-05.com.redhat:cea4a155eb24 {{(pid=196635) execute /usr/local/lib/python3.12/site-packages/oslo_concurrency/processutils.py:349}}
Jan 26 19:04:48.456529 np0005596550.novalocal sudo[222256]: stack : PWD=/ ; USER=root ; COMMAND=/usr/local/bin/cinder-rootwrap /etc/cinder/rootwrap.conf cinder-rtstool add-initiator iqn.2010-10.org.openstack:volume-85ff3a52-6e25-4054-861f-36b18350053a NDmKBgAEd9WveMBXCWys PiYkG9kcZbqhVNT8 iqn.1994-05.com.redhat:cea4a155eb24
Jan 26 19:04:48.948214 np0005596550.novalocal cinder-volume[196635]: DEBUG oslo_concurrency.processutils [None req-4a2ddc4c-bbe5-4e43-a360-3a56aa5a89f1 tempest-VolumesSnapshotTestJSON-666453103 None] CMD "sudo cinder-rootwrap /etc/cinder/rootwrap.conf cinder-rtstool add-initiator iqn.2010-10.org.openstack:volume-85ff3a52-6e25-4054-861f-36b18350053a NDmKBgAEd9WveMBXCWys PiYkG9kcZbqhVNT8 iqn.1994-05.com.redhat:cea4a155eb24" returned: 0 in 0.509s {{(pid=196635) execute /usr/local/lib/python3.12/site-packages/oslo_concurrency/processutils.py:372}}
Jan 26 19:04:48.948214 np0005596550.novalocal cinder-volume[196635]: DEBUG oslo_concurrency.lockutils [None req-4a2ddc4c-bbe5-4e43-a360-3a56aa5a89f1 tempest-VolumesSnapshotTestJSON-666453103 None] Lock "lioadm" "released" by "cinder.volume.targets.lio.LioAdm._execute" :: held 0.511s {{(pid=196635) inner /usr/local/lib/python3.12/site-packages/oslo_concurrency/lockutils.py:424}}
Jan 26 19:04:48.948214 np0005596550.novalocal cinder-volume[196635]: DEBUG oslo_concurrency.lockutils [None req-4a2ddc4c-bbe5-4e43-a360-3a56aa5a89f1 tempest-VolumesSnapshotTestJSON-666453103 None] Acquiring lock "lioadm" by "cinder.volume.targets.lio.LioAdm._execute" {{(pid=196635) inner /usr/local/lib/python3.12/site-packages/oslo_concurrency/lockutils.py:405}}
Jan 26 19:04:48.948496 np0005596550.novalocal cinder-volume[196635]: DEBUG oslo_concurrency.lockutils [None req-4a2ddc4c-bbe5-4e43-a360-3a56aa5a89f1 tempest-VolumesSnapshotTestJSON-666453103 None] Lock "lioadm" acquired by "cinder.volume.targets.lio.LioAdm._execute" :: waited 0.001s {{(pid=196635) inner /usr/local/lib/python3.12/site-packages/oslo_concurrency/lockutils.py:410}}
Jan 26 19:04:48.949036 np0005596550.novalocal cinder-volume[196635]: DEBUG oslo_concurrency.processutils [None req-4a2ddc4c-bbe5-4e43-a360-3a56aa5a89f1 tempest-VolumesSnapshotTestJSON-666453103 None] Running cmd (subprocess): sudo cinder-rootwrap /etc/cinder/rootwrap.conf cinder-rtstool save {{(pid=196635) execute /usr/local/lib/python3.12/site-packages/oslo_concurrency/processutils.py:349}}
Jan 26 19:04:48.968816 np0005596550.novalocal sudo[222262]: stack : PWD=/ ; USER=root ; COMMAND=/usr/local/bin/cinder-rootwrap /etc/cinder/rootwrap.conf cinder-rtstool save
Jan 26 19:04:49.523810 np0005596550.novalocal cinder-volume[196635]: DEBUG oslo_concurrency.processutils [None req-4a2ddc4c-bbe5-4e43-a360-3a56aa5a89f1 tempest-VolumesSnapshotTestJSON-666453103 None] CMD "sudo cinder-rootwrap /etc/cinder/rootwrap.conf cinder-rtstool save" returned: 0 in 0.575s {{(pid=196635) execute /usr/local/lib/python3.12/site-packages/oslo_concurrency/processutils.py:372}}
Jan 26 19:04:49.524094 np0005596550.novalocal cinder-volume[196635]: DEBUG oslo_concurrency.lockutils [None req-4a2ddc4c-bbe5-4e43-a360-3a56aa5a89f1 tempest-VolumesSnapshotTestJSON-666453103 None] Lock "lioadm" "released" by "cinder.volume.targets.lio.LioAdm._execute" :: held 0.576s {{(pid=196635) inner /usr/local/lib/python3.12/site-packages/oslo_concurrency/lockutils.py:424}}
Jan 26 19:04:49.542478 np0005596550.novalocal cinder-volume[196635]: INFO cinder.volume.manager [None req-4a2ddc4c-bbe5-4e43-a360-3a56aa5a89f1 tempest-VolumesSnapshotTestJSON-666453103 None] Initialize volume connection completed successfully.
Jan 26 19:04:49.976796 np0005596550.novalocal cinder-volume[196635]: DEBUG oslo_service.periodic_task [None req-e1609359-a989-4404-8e06-92ddb1d8b944 None None] Running periodic task VolumeManager.publish_service_capabilities {{(pid=196635) run_periodic_tasks /usr/local/lib/python3.12/site-packages/oslo_service/periodic_task.py:210}}
Jan 26 19:04:49.977026 np0005596550.novalocal cinder-volume[196635]: DEBUG cinder.volume.drivers.lvm [None req-e1609359-a989-4404-8e06-92ddb1d8b944 None None] Updating volume stats {{(pid=196635) _update_volume_stats /opt/stack/cinder/cinder/volume/drivers/lvm.py:228}}
Jan 26 19:04:49.977296 np0005596550.novalocal cinder-volume[196635]: DEBUG oslo_concurrency.processutils [None req-e1609359-a989-4404-8e06-92ddb1d8b944 None None] Running cmd (subprocess): sudo cinder-rootwrap /etc/cinder/rootwrap.conf env LC_ALL=C vgs --noheadings --unit=g -o name,size,free,lv_count,uuid --separator : --nosuffix stack-volumes-lvmdriver-1 {{(pid=196635) execute /usr/local/lib/python3.12/site-packages/oslo_concurrency/processutils.py:349}}
Jan 26 19:04:50.007749 np0005596550.novalocal sudo[222275]: stack : PWD=/ ; USER=root ; COMMAND=/usr/local/bin/cinder-rootwrap /etc/cinder/rootwrap.conf env LC_ALL=C vgs --noheadings --unit=g -o name,size,free,lv_count,uuid --separator : --nosuffix stack-volumes-lvmdriver-1
Jan 26 19:04:50.387710 np0005596550.novalocal cinder-volume[196635]: DEBUG oslo_concurrency.processutils [None req-e1609359-a989-4404-8e06-92ddb1d8b944 None None] CMD "sudo cinder-rootwrap /etc/cinder/rootwrap.conf env LC_ALL=C vgs --noheadings --unit=g -o name,size,free,lv_count,uuid --separator : --nosuffix stack-volumes-lvmdriver-1" returned: 0 in 0.409s {{(pid=196635) execute /usr/local/lib/python3.12/site-packages/oslo_concurrency/processutils.py:372}}
Jan 26 19:04:50.390241 np0005596550.novalocal cinder-volume[196635]: DEBUG oslo_concurrency.processutils [None req-e1609359-a989-4404-8e06-92ddb1d8b944 None None] Running cmd (subprocess): sudo cinder-rootwrap /etc/cinder/rootwrap.conf env LC_ALL=C lvs --noheadings --unit=g -o vg_name,name,size --nosuffix --readonly stack-volumes-lvmdriver-1 {{(pid=196635) execute /usr/local/lib/python3.12/site-packages/oslo_concurrency/processutils.py:349}}
Jan 26 19:04:50.419170 np0005596550.novalocal sudo[222294]: stack : PWD=/ ; USER=root ; COMMAND=/usr/local/bin/cinder-rootwrap /etc/cinder/rootwrap.conf env LC_ALL=C lvs --noheadings --unit=g -o vg_name,name,size --nosuffix --readonly stack-volumes-lvmdriver-1
Jan 26 19:04:50.759320 np0005596550.novalocal cinder-volume[196635]: DEBUG oslo_concurrency.processutils [None req-e1609359-a989-4404-8e06-92ddb1d8b944 None None] CMD "sudo cinder-rootwrap /etc/cinder/rootwrap.conf env LC_ALL=C lvs --noheadings --unit=g -o vg_name,name,size --nosuffix --readonly stack-volumes-lvmdriver-1" returned: 0 in 0.370s {{(pid=196635) execute /usr/local/lib/python3.12/site-packages/oslo_concurrency/processutils.py:372}}
Jan 26 19:04:50.760500 np0005596550.novalocal cinder-volume[196635]: DEBUG oslo_concurrency.processutils [None req-e1609359-a989-4404-8e06-92ddb1d8b944 None None] Running cmd (subprocess): sudo cinder-rootwrap /etc/cinder/rootwrap.conf env LC_ALL=C lvs --noheadings --unit=g -o size,data_percent --separator : --nosuffix /dev/stack-volumes-lvmdriver-1/stack-volumes-lvmdriver-1-pool {{(pid=196635) execute /usr/local/lib/python3.12/site-packages/oslo_concurrency/processutils.py:349}}
Jan 26 19:04:50.779467 np0005596550.novalocal sudo[222342]: stack : PWD=/ ; USER=root ; COMMAND=/usr/local/bin/cinder-rootwrap /etc/cinder/rootwrap.conf env LC_ALL=C lvs --noheadings --unit=g -o size,data_percent --separator : --nosuffix /dev/stack-volumes-lvmdriver-1/stack-volumes-lvmdriver-1-pool
Jan 26 19:04:51.160987 np0005596550.novalocal cinder-volume[196635]: DEBUG oslo_concurrency.processutils [None req-e1609359-a989-4404-8e06-92ddb1d8b944 None None] CMD "sudo cinder-rootwrap /etc/cinder/rootwrap.conf env LC_ALL=C lvs --noheadings --unit=g -o size,data_percent --separator : --nosuffix /dev/stack-volumes-lvmdriver-1/stack-volumes-lvmdriver-1-pool" returned: 0 in 0.393s {{(pid=196635) execute /usr/local/lib/python3.12/site-packages/oslo_concurrency/processutils.py:372}}
Jan 26 19:04:51.160987 np0005596550.novalocal cinder-volume[196635]: DEBUG oslo_concurrency.processutils [None req-e1609359-a989-4404-8e06-92ddb1d8b944 None None] Running cmd (subprocess): sudo cinder-rootwrap /etc/cinder/rootwrap.conf env LC_ALL=C lvs --noheadings --unit=g -o vg_name,name,size --nosuffix --readonly stack-volumes-lvmdriver-1 {{(pid=196635) execute /usr/local/lib/python3.12/site-packages/oslo_concurrency/processutils.py:349}}
Jan 26 19:04:51.180370 np0005596550.novalocal sudo[222385]: stack : PWD=/ ; USER=root ; COMMAND=/usr/local/bin/cinder-rootwrap /etc/cinder/rootwrap.conf env LC_ALL=C lvs --noheadings --unit=g -o vg_name,name,size --nosuffix --readonly stack-volumes-lvmdriver-1
Jan 26 19:04:51.537002 np0005596550.novalocal cinder-volume[196635]: DEBUG oslo_concurrency.processutils [None req-e1609359-a989-4404-8e06-92ddb1d8b944 None None] CMD "sudo cinder-rootwrap /etc/cinder/rootwrap.conf env LC_ALL=C lvs --noheadings --unit=g -o vg_name,name,size --nosuffix --readonly stack-volumes-lvmdriver-1" returned: 0 in 0.381s {{(pid=196635) execute /usr/local/lib/python3.12/site-packages/oslo_concurrency/processutils.py:372}}
Jan 26 19:04:51.540275 np0005596550.novalocal cinder-volume[196635]: DEBUG cinder.manager [None req-e1609359-a989-4404-8e06-92ddb1d8b944 None None] Notifying Schedulers of capabilities ... {{(pid=196635) _publish_service_capabilities /opt/stack/cinder/cinder/manager.py:202}}
Jan 26 19:04:59.534010 np0005596550.novalocal cinder-volume[196635]: DEBUG dbcounter [-] [196635] Writing DB stats cinder:UPDATE=57,cinder:SELECT=48,cinder:DELETE=6,cinder:INSERT=12 {{(pid=196635) stat_writer /usr/local/lib/python3.12/site-packages/dbcounter.py:115}}
Jan 26 19:04:59.541458 np0005596550.novalocal cinder-volume[196635]: DEBUG dbcounter [-] [196635] Writing DB stats cinder:SELECT=9,cinder:UPDATE=4 {{(pid=196635) stat_writer /usr/local/lib/python3.12/site-packages/dbcounter.py:115}}
Jan 26 19:05:05.473882 np0005596550.novalocal cinder-volume[196635]: DEBUG oslo_concurrency.lockutils [None req-4a2ddc4c-bbe5-4e43-a360-3a56aa5a89f1 tempest-VolumesSnapshotTestJSON-666453103 None] Acquiring lock "lioadm" by "cinder.volume.targets.lio.LioAdm._execute" {{(pid=196635) inner /usr/local/lib/python3.12/site-packages/oslo_concurrency/lockutils.py:405}}
Jan 26 19:05:05.474313 np0005596550.novalocal cinder-volume[196635]: DEBUG oslo_concurrency.lockutils [None req-4a2ddc4c-bbe5-4e43-a360-3a56aa5a89f1 tempest-VolumesSnapshotTestJSON-666453103 None] Lock "lioadm" acquired by "cinder.volume.targets.lio.LioAdm._execute" :: waited 0.000s {{(pid=196635) inner /usr/local/lib/python3.12/site-packages/oslo_concurrency/lockutils.py:410}}
Jan 26 19:05:05.475794 np0005596550.novalocal cinder-volume[196635]: DEBUG oslo_concurrency.processutils [None req-4a2ddc4c-bbe5-4e43-a360-3a56aa5a89f1 tempest-VolumesSnapshotTestJSON-666453103 None] Running cmd (subprocess): sudo cinder-rootwrap /etc/cinder/rootwrap.conf cinder-rtstool delete-initiator iqn.2010-10.org.openstack:volume-85ff3a52-6e25-4054-861f-36b18350053a iqn.1994-05.com.redhat:cea4a155eb24 {{(pid=196635) execute /usr/local/lib/python3.12/site-packages/oslo_concurrency/processutils.py:349}}
Jan 26 19:05:05.501432 np0005596550.novalocal sudo[222569]: stack : PWD=/ ; USER=root ; COMMAND=/usr/local/bin/cinder-rootwrap /etc/cinder/rootwrap.conf cinder-rtstool delete-initiator iqn.2010-10.org.openstack:volume-85ff3a52-6e25-4054-861f-36b18350053a iqn.1994-05.com.redhat:cea4a155eb24
Jan 26 19:05:06.034255 np0005596550.novalocal cinder-volume[196635]: DEBUG oslo_concurrency.processutils [None req-4a2ddc4c-bbe5-4e43-a360-3a56aa5a89f1 tempest-VolumesSnapshotTestJSON-666453103 None] CMD "sudo cinder-rootwrap /etc/cinder/rootwrap.conf cinder-rtstool delete-initiator iqn.2010-10.org.openstack:volume-85ff3a52-6e25-4054-861f-36b18350053a iqn.1994-05.com.redhat:cea4a155eb24" returned: 0 in 0.558s {{(pid=196635) execute /usr/local/lib/python3.12/site-packages/oslo_concurrency/processutils.py:372}}
Jan 26 19:05:06.034255 np0005596550.novalocal cinder-volume[196635]: DEBUG oslo_concurrency.lockutils [None req-4a2ddc4c-bbe5-4e43-a360-3a56aa5a89f1 tempest-VolumesSnapshotTestJSON-666453103 None] Lock "lioadm" "released" by "cinder.volume.targets.lio.LioAdm._execute" :: held 0.559s {{(pid=196635) inner /usr/local/lib/python3.12/site-packages/oslo_concurrency/lockutils.py:424}}
Jan 26 19:05:06.034255 np0005596550.novalocal cinder-volume[196635]: DEBUG oslo_concurrency.lockutils [None req-4a2ddc4c-bbe5-4e43-a360-3a56aa5a89f1 tempest-VolumesSnapshotTestJSON-666453103 None] Acquiring lock "lioadm" by "cinder.volume.targets.lio.LioAdm._execute" {{(pid=196635) inner /usr/local/lib/python3.12/site-packages/oslo_concurrency/lockutils.py:405}}
Jan 26 19:05:06.034255 np0005596550.novalocal cinder-volume[196635]: DEBUG oslo_concurrency.lockutils [None req-4a2ddc4c-bbe5-4e43-a360-3a56aa5a89f1 tempest-VolumesSnapshotTestJSON-666453103 None] Lock "lioadm" acquired by "cinder.volume.targets.lio.LioAdm._execute" :: waited 0.000s {{(pid=196635) inner /usr/local/lib/python3.12/site-packages/oslo_concurrency/lockutils.py:410}}
Jan 26 19:05:06.037958 np0005596550.novalocal cinder-volume[196635]: DEBUG oslo_concurrency.processutils [None req-4a2ddc4c-bbe5-4e43-a360-3a56aa5a89f1 tempest-VolumesSnapshotTestJSON-666453103 None] Running cmd (subprocess): sudo cinder-rootwrap /etc/cinder/rootwrap.conf cinder-rtstool save {{(pid=196635) execute /usr/local/lib/python3.12/site-packages/oslo_concurrency/processutils.py:349}}
Jan 26 19:05:06.051587 np0005596550.novalocal sudo[222631]: stack : PWD=/ ; USER=root ; COMMAND=/usr/local/bin/cinder-rootwrap /etc/cinder/rootwrap.conf cinder-rtstool save
Jan 26 19:05:06.638218 np0005596550.novalocal cinder-volume[196635]: DEBUG oslo_concurrency.processutils [None req-4a2ddc4c-bbe5-4e43-a360-3a56aa5a89f1 tempest-VolumesSnapshotTestJSON-666453103 None] CMD "sudo cinder-rootwrap /etc/cinder/rootwrap.conf cinder-rtstool save" returned: 0 in 0.603s {{(pid=196635) execute /usr/local/lib/python3.12/site-packages/oslo_concurrency/processutils.py:372}}
Jan 26 19:05:06.638900 np0005596550.novalocal cinder-volume[196635]: DEBUG oslo_concurrency.lockutils [None req-4a2ddc4c-bbe5-4e43-a360-3a56aa5a89f1 tempest-VolumesSnapshotTestJSON-666453103 None] Lock "lioadm" "released" by "cinder.volume.targets.lio.LioAdm._execute" :: held 0.605s {{(pid=196635) inner /usr/local/lib/python3.12/site-packages/oslo_concurrency/lockutils.py:424}}
Jan 26 19:05:06.639360 np0005596550.novalocal cinder-volume[196635]: INFO cinder.volume.manager [None req-4a2ddc4c-bbe5-4e43-a360-3a56aa5a89f1 tempest-VolumesSnapshotTestJSON-666453103 None] Terminate volume connection completed successfully.
Jan 26 19:05:06.988355 np0005596550.novalocal cinder-volume[196635]: DEBUG oslo_concurrency.lockutils [None req-4a2ddc4c-bbe5-4e43-a360-3a56aa5a89f1 tempest-VolumesSnapshotTestJSON-666453103 None] Acquiring lock "lioadm" by "cinder.volume.targets.lio.LioAdm._execute" {{(pid=196635) inner /usr/local/lib/python3.12/site-packages/oslo_concurrency/lockutils.py:405}}
Jan 26 19:05:06.989052 np0005596550.novalocal cinder-volume[196635]: DEBUG oslo_concurrency.lockutils [None req-4a2ddc4c-bbe5-4e43-a360-3a56aa5a89f1 tempest-VolumesSnapshotTestJSON-666453103 None] Lock "lioadm" acquired by "cinder.volume.targets.lio.LioAdm._execute" :: waited 0.001s {{(pid=196635) inner /usr/local/lib/python3.12/site-packages/oslo_concurrency/lockutils.py:410}}
Jan 26 19:05:06.989688 np0005596550.novalocal cinder-volume[196635]: DEBUG oslo_concurrency.processutils [None req-4a2ddc4c-bbe5-4e43-a360-3a56aa5a89f1 tempest-VolumesSnapshotTestJSON-666453103 None] Running cmd (subprocess): sudo cinder-rootwrap /etc/cinder/rootwrap.conf cinder-rtstool get-targets {{(pid=196635) execute /usr/local/lib/python3.12/site-packages/oslo_concurrency/processutils.py:349}}
Jan 26 19:05:07.011830 np0005596550.novalocal sudo[222646]: stack : PWD=/ ; USER=root ; COMMAND=/usr/local/bin/cinder-rootwrap /etc/cinder/rootwrap.conf cinder-rtstool get-targets
Jan 26 19:05:07.577991 np0005596550.novalocal cinder-volume[196635]: DEBUG oslo_concurrency.processutils [None req-4a2ddc4c-bbe5-4e43-a360-3a56aa5a89f1 tempest-VolumesSnapshotTestJSON-666453103 None] CMD "sudo cinder-rootwrap /etc/cinder/rootwrap.conf cinder-rtstool get-targets" returned: 0 in 0.587s {{(pid=196635) execute /usr/local/lib/python3.12/site-packages/oslo_concurrency/processutils.py:372}}
Jan 26 19:05:07.577991 np0005596550.novalocal cinder-volume[196635]: DEBUG oslo_concurrency.lockutils [None req-4a2ddc4c-bbe5-4e43-a360-3a56aa5a89f1 tempest-VolumesSnapshotTestJSON-666453103 None] Lock "lioadm" "released" by "cinder.volume.targets.lio.LioAdm._execute" :: held 0.589s {{(pid=196635) inner /usr/local/lib/python3.12/site-packages/oslo_concurrency/lockutils.py:424}}
Jan 26 19:05:07.577991 np0005596550.novalocal cinder-volume[196635]: INFO cinder.volume.targets.lio [None req-4a2ddc4c-bbe5-4e43-a360-3a56aa5a89f1 tempest-VolumesSnapshotTestJSON-666453103 None] Removing iscsi_target: 85ff3a52-6e25-4054-861f-36b18350053a
Jan 26 19:05:07.577991 np0005596550.novalocal cinder-volume[196635]: DEBUG oslo_concurrency.lockutils [None req-4a2ddc4c-bbe5-4e43-a360-3a56aa5a89f1 tempest-VolumesSnapshotTestJSON-666453103 None] Acquiring lock "lioadm" by "cinder.volume.targets.lio.LioAdm._execute" {{(pid=196635) inner /usr/local/lib/python3.12/site-packages/oslo_concurrency/lockutils.py:405}}
Jan 26 19:05:07.578234 np0005596550.novalocal cinder-volume[196635]: DEBUG oslo_concurrency.lockutils [None req-4a2ddc4c-bbe5-4e43-a360-3a56aa5a89f1 tempest-VolumesSnapshotTestJSON-666453103 None] Lock "lioadm" acquired by "cinder.volume.targets.lio.LioAdm._execute" :: waited 0.000s {{(pid=196635) inner /usr/local/lib/python3.12/site-packages/oslo_concurrency/lockutils.py:410}}
Jan 26 19:05:07.578747 np0005596550.novalocal cinder-volume[196635]: DEBUG oslo_concurrency.processutils [None req-4a2ddc4c-bbe5-4e43-a360-3a56aa5a89f1 tempest-VolumesSnapshotTestJSON-666453103 None] Running cmd (subprocess): sudo cinder-rootwrap /etc/cinder/rootwrap.conf cinder-rtstool delete iqn.2010-10.org.openstack:volume-85ff3a52-6e25-4054-861f-36b18350053a {{(pid=196635) execute /usr/local/lib/python3.12/site-packages/oslo_concurrency/processutils.py:349}}
Jan 26 19:05:07.600424 np0005596550.novalocal sudo[222656]: stack : PWD=/ ; USER=root ; COMMAND=/usr/local/bin/cinder-rootwrap /etc/cinder/rootwrap.conf cinder-rtstool delete iqn.2010-10.org.openstack:volume-85ff3a52-6e25-4054-861f-36b18350053a
Jan 26 19:05:08.219738 np0005596550.novalocal cinder-volume[196635]: DEBUG oslo_concurrency.processutils [None req-4a2ddc4c-bbe5-4e43-a360-3a56aa5a89f1 tempest-VolumesSnapshotTestJSON-666453103 None] CMD "sudo cinder-rootwrap /etc/cinder/rootwrap.conf cinder-rtstool delete iqn.2010-10.org.openstack:volume-85ff3a52-6e25-4054-861f-36b18350053a" returned: 0 in 0.641s {{(pid=196635) execute /usr/local/lib/python3.12/site-packages/oslo_concurrency/processutils.py:372}}
Jan 26 19:05:08.220488 np0005596550.novalocal cinder-volume[196635]: DEBUG oslo_concurrency.lockutils [None req-4a2ddc4c-bbe5-4e43-a360-3a56aa5a89f1 tempest-VolumesSnapshotTestJSON-666453103 None] Lock "lioadm" "released" by "cinder.volume.targets.lio.LioAdm._execute" :: held 0.642s {{(pid=196635) inner /usr/local/lib/python3.12/site-packages/oslo_concurrency/lockutils.py:424}}
Jan 26 19:05:08.221608 np0005596550.novalocal cinder-volume[196635]: DEBUG oslo_concurrency.lockutils [None req-4a2ddc4c-bbe5-4e43-a360-3a56aa5a89f1 tempest-VolumesSnapshotTestJSON-666453103 None] Acquiring lock "lioadm" by "cinder.volume.targets.lio.LioAdm._execute" {{(pid=196635) inner /usr/local/lib/python3.12/site-packages/oslo_concurrency/lockutils.py:405}}
Jan 26 19:05:08.221608 np0005596550.novalocal cinder-volume[196635]: DEBUG oslo_concurrency.lockutils [None req-4a2ddc4c-bbe5-4e43-a360-3a56aa5a89f1 tempest-VolumesSnapshotTestJSON-666453103 None] Lock "lioadm" acquired by "cinder.volume.targets.lio.LioAdm._execute" :: waited 0.000s {{(pid=196635) inner /usr/local/lib/python3.12/site-packages/oslo_concurrency/lockutils.py:410}}
Jan 26 19:05:08.222104 np0005596550.novalocal cinder-volume[196635]: DEBUG oslo_concurrency.processutils [None req-4a2ddc4c-bbe5-4e43-a360-3a56aa5a89f1 tempest-VolumesSnapshotTestJSON-666453103 None] Running cmd (subprocess): sudo cinder-rootwrap /etc/cinder/rootwrap.conf cinder-rtstool save {{(pid=196635) execute /usr/local/lib/python3.12/site-packages/oslo_concurrency/processutils.py:349}}
Jan 26 19:05:08.243432 np0005596550.novalocal sudo[222673]: stack : PWD=/ ; USER=root ; COMMAND=/usr/local/bin/cinder-rootwrap /etc/cinder/rootwrap.conf cinder-rtstool save
Jan 26 19:05:08.758069 np0005596550.novalocal cinder-volume[196635]: DEBUG oslo_concurrency.processutils [None req-4a2ddc4c-bbe5-4e43-a360-3a56aa5a89f1 tempest-VolumesSnapshotTestJSON-666453103 None] CMD "sudo cinder-rootwrap /etc/cinder/rootwrap.conf cinder-rtstool save" returned: 0 in 0.535s {{(pid=196635) execute /usr/local/lib/python3.12/site-packages/oslo_concurrency/processutils.py:372}}
Jan 26 19:05:08.758543 np0005596550.novalocal cinder-volume[196635]: DEBUG oslo_concurrency.lockutils [None req-4a2ddc4c-bbe5-4e43-a360-3a56aa5a89f1 tempest-VolumesSnapshotTestJSON-666453103 None] Lock "lioadm" "released" by "cinder.volume.targets.lio.LioAdm._execute" :: held 0.537s {{(pid=196635) inner /usr/local/lib/python3.12/site-packages/oslo_concurrency/lockutils.py:424}}
Jan 26 19:05:08.759039 np0005596550.novalocal cinder-volume[196635]: INFO cinder.volume.manager [None req-4a2ddc4c-bbe5-4e43-a360-3a56aa5a89f1 tempest-VolumesSnapshotTestJSON-666453103 None] Remove volume export completed successfully.
Jan 26 19:05:09.005293 np0005596550.novalocal cinder-volume[196635]: DEBUG cinder.coordination [None req-4a2ddc4c-bbe5-4e43-a360-3a56aa5a89f1 tempest-VolumesSnapshotTestJSON-666453103 None] Acquiring lock "cinder-85ff3a52-6e25-4054-861f-36b18350053a-delete_volume" by "delete_volume" {{(pid=196635) __acquire /opt/stack/cinder/cinder/coordination.py:143}}
Jan 26 19:05:09.020195 np0005596550.novalocal cinder-volume[196635]: DEBUG cinder.coordination [None req-4a2ddc4c-bbe5-4e43-a360-3a56aa5a89f1 tempest-VolumesSnapshotTestJSON-666453103 None] Lock "cinder-85ff3a52-6e25-4054-861f-36b18350053a-delete_volume" acquired by "delete_volume" :: waited 0.018s {{(pid=196635) __acquire /opt/stack/cinder/cinder/coordination.py:146}}
Jan 26 19:05:09.029029 np0005596550.novalocal cinder-volume[196635]: DEBUG oslo_concurrency.lockutils [None req-4a2ddc4c-bbe5-4e43-a360-3a56aa5a89f1 tempest-VolumesSnapshotTestJSON-666453103 None] Acquiring lock "lioadm" by "cinder.volume.targets.lio.LioAdm._execute" {{(pid=196635) inner /usr/local/lib/python3.12/site-packages/oslo_concurrency/lockutils.py:405}}
Jan 26 19:05:09.029806 np0005596550.novalocal cinder-volume[196635]: DEBUG oslo_concurrency.lockutils [None req-4a2ddc4c-bbe5-4e43-a360-3a56aa5a89f1 tempest-VolumesSnapshotTestJSON-666453103 None] Lock "lioadm" acquired by "cinder.volume.targets.lio.LioAdm._execute" :: waited 0.001s {{(pid=196635) inner /usr/local/lib/python3.12/site-packages/oslo_concurrency/lockutils.py:410}}
Jan 26 19:05:09.032905 np0005596550.novalocal cinder-volume[196635]: DEBUG oslo_concurrency.processutils [None req-4a2ddc4c-bbe5-4e43-a360-3a56aa5a89f1 tempest-VolumesSnapshotTestJSON-666453103 None] Running cmd (subprocess): sudo cinder-rootwrap /etc/cinder/rootwrap.conf cinder-rtstool get-targets {{(pid=196635) execute /usr/local/lib/python3.12/site-packages/oslo_concurrency/processutils.py:349}}
Jan 26 19:05:09.059210 np0005596550.novalocal sudo[222698]: stack : PWD=/ ; USER=root ; COMMAND=/usr/local/bin/cinder-rootwrap /etc/cinder/rootwrap.conf cinder-rtstool get-targets
Jan 26 19:05:09.551892 np0005596550.novalocal cinder-volume[196635]: DEBUG oslo_concurrency.processutils [None req-4a2ddc4c-bbe5-4e43-a360-3a56aa5a89f1 tempest-VolumesSnapshotTestJSON-666453103 None] CMD "sudo cinder-rootwrap /etc/cinder/rootwrap.conf cinder-rtstool get-targets" returned: 0 in 0.521s {{(pid=196635) execute /usr/local/lib/python3.12/site-packages/oslo_concurrency/processutils.py:372}}
Jan 26 19:05:09.552214 np0005596550.novalocal cinder-volume[196635]: DEBUG oslo_concurrency.lockutils [None req-4a2ddc4c-bbe5-4e43-a360-3a56aa5a89f1 tempest-VolumesSnapshotTestJSON-666453103 None] Lock "lioadm" "released" by "cinder.volume.targets.lio.LioAdm._execute" :: held 0.523s {{(pid=196635) inner /usr/local/lib/python3.12/site-packages/oslo_concurrency/lockutils.py:424}}
Jan 26 19:05:09.552394 np0005596550.novalocal cinder-volume[196635]: INFO cinder.volume.targets.iscsi [None req-4a2ddc4c-bbe5-4e43-a360-3a56aa5a89f1 tempest-VolumesSnapshotTestJSON-666453103 None] Skipping remove_export. No iscsi_target is presently exported for volume: 85ff3a52-6e25-4054-861f-36b18350053a
Jan 26 19:05:09.552924 np0005596550.novalocal cinder-volume[196635]: DEBUG oslo_concurrency.processutils [None req-4a2ddc4c-bbe5-4e43-a360-3a56aa5a89f1 tempest-VolumesSnapshotTestJSON-666453103 None] Running cmd (subprocess): sudo cinder-rootwrap /etc/cinder/rootwrap.conf env LC_ALL=C lvs --noheadings --unit=g -o vg_name,name,size --nosuffix --readonly stack-volumes-lvmdriver-1/volume-85ff3a52-6e25-4054-861f-36b18350053a {{(pid=196635) execute /usr/local/lib/python3.12/site-packages/oslo_concurrency/processutils.py:349}}
Jan 26 19:05:09.571151 np0005596550.novalocal sudo[222736]: stack : PWD=/ ; USER=root ; COMMAND=/usr/local/bin/cinder-rootwrap /etc/cinder/rootwrap.conf env LC_ALL=C lvs --noheadings --unit=g -o vg_name,name,size --nosuffix --readonly stack-volumes-lvmdriver-1/volume-85ff3a52-6e25-4054-861f-36b18350053a
Jan 26 19:05:09.942403 np0005596550.novalocal cinder-volume[196635]: DEBUG oslo_concurrency.processutils [None req-4a2ddc4c-bbe5-4e43-a360-3a56aa5a89f1 tempest-VolumesSnapshotTestJSON-666453103 None] CMD "sudo cinder-rootwrap /etc/cinder/rootwrap.conf env LC_ALL=C lvs --noheadings --unit=g -o vg_name,name,size --nosuffix --readonly stack-volumes-lvmdriver-1/volume-85ff3a52-6e25-4054-861f-36b18350053a" returned: 0 in 0.389s {{(pid=196635) execute /usr/local/lib/python3.12/site-packages/oslo_concurrency/processutils.py:372}}
Jan 26 19:05:09.943203 np0005596550.novalocal cinder-volume[196635]: DEBUG oslo_concurrency.processutils [None req-4a2ddc4c-bbe5-4e43-a360-3a56aa5a89f1 tempest-VolumesSnapshotTestJSON-666453103 None] Running cmd (subprocess): sudo cinder-rootwrap /etc/cinder/rootwrap.conf env LC_ALL=C lvdisplay --noheading -C -o Attr --readonly stack-volumes-lvmdriver-1/volume-85ff3a52-6e25-4054-861f-36b18350053a {{(pid=196635) execute /usr/local/lib/python3.12/site-packages/oslo_concurrency/processutils.py:349}}
Jan 26 19:05:09.971224 np0005596550.novalocal sudo[222770]: stack : PWD=/ ; USER=root ; COMMAND=/usr/local/bin/cinder-rootwrap /etc/cinder/rootwrap.conf env LC_ALL=C lvdisplay --noheading -C -o Attr --readonly stack-volumes-lvmdriver-1/volume-85ff3a52-6e25-4054-861f-36b18350053a
Jan 26 19:05:10.387067 np0005596550.novalocal cinder-volume[196635]: DEBUG oslo_concurrency.processutils [None req-4a2ddc4c-bbe5-4e43-a360-3a56aa5a89f1 tempest-VolumesSnapshotTestJSON-666453103 None] CMD "sudo cinder-rootwrap /etc/cinder/rootwrap.conf env LC_ALL=C lvdisplay --noheading -C -o Attr --readonly stack-volumes-lvmdriver-1/volume-85ff3a52-6e25-4054-861f-36b18350053a" returned: 0 in 0.444s {{(pid=196635) execute /usr/local/lib/python3.12/site-packages/oslo_concurrency/processutils.py:372}}
Jan 26 19:05:10.389031 np0005596550.novalocal cinder-volume[196635]: DEBUG oslo_concurrency.processutils [None req-4a2ddc4c-bbe5-4e43-a360-3a56aa5a89f1 tempest-VolumesSnapshotTestJSON-666453103 None] Running cmd (subprocess): sudo cinder-rootwrap /etc/cinder/rootwrap.conf lvremove --config activation { retry_deactivation = 1} -f stack-volumes-lvmdriver-1/volume-85ff3a52-6e25-4054-861f-36b18350053a {{(pid=196635) execute /usr/local/lib/python3.12/site-packages/oslo_concurrency/processutils.py:349}}
Jan 26 19:05:10.431026 np0005596550.novalocal sudo[222820]: stack : PWD=/ ; USER=root ; COMMAND=/usr/local/bin/cinder-rootwrap /etc/cinder/rootwrap.conf lvremove --config 'activation { retry_deactivation = 1} ' -f stack-volumes-lvmdriver-1/volume-85ff3a52-6e25-4054-861f-36b18350053a
Jan 26 19:05:10.514950 np0005596550.novalocal cinder-volume[196635]: DEBUG cinder.coordination [None req-1701eced-05b5-47ee-8463-8778f7fdb810 tempest-VolumesSnapshotTestJSON-666453103 None] Acquiring lock "cinder-4cdbe0c9-1623-4d1d-85e9-c3a202ee7d51-delete_snapshot" by "delete_snapshot" {{(pid=196635) __acquire /opt/stack/cinder/cinder/coordination.py:143}}
Jan 26 19:05:10.521793 np0005596550.novalocal cinder-volume[196635]: DEBUG cinder.coordination [None req-1701eced-05b5-47ee-8463-8778f7fdb810 tempest-VolumesSnapshotTestJSON-666453103 None] Lock "cinder-4cdbe0c9-1623-4d1d-85e9-c3a202ee7d51-delete_snapshot" acquired by "delete_snapshot" :: waited 0.007s {{(pid=196635) __acquire /opt/stack/cinder/cinder/coordination.py:146}}
Jan 26 19:05:10.523015 np0005596550.novalocal cinder-volume[196635]: DEBUG oslo_concurrency.processutils [None req-1701eced-05b5-47ee-8463-8778f7fdb810 tempest-VolumesSnapshotTestJSON-666453103 None] Running cmd (subprocess): sudo cinder-rootwrap /etc/cinder/rootwrap.conf env LC_ALL=C lvs --noheadings --unit=g -o vg_name,name,size --nosuffix --readonly stack-volumes-lvmdriver-1/_snapshot-4cdbe0c9-1623-4d1d-85e9-c3a202ee7d51 {{(pid=196635) execute /usr/local/lib/python3.12/site-packages/oslo_concurrency/processutils.py:349}}
Jan 26 19:05:10.558239 np0005596550.novalocal sudo[222823]: stack : PWD=/ ; USER=root ; COMMAND=/usr/local/bin/cinder-rootwrap /etc/cinder/rootwrap.conf env LC_ALL=C lvs --noheadings --unit=g -o vg_name,name,size --nosuffix --readonly stack-volumes-lvmdriver-1/_snapshot-4cdbe0c9-1623-4d1d-85e9-c3a202ee7d51
Jan 26 19:05:10.926687 np0005596550.novalocal cinder-volume[196635]: DEBUG oslo_concurrency.processutils [None req-1701eced-05b5-47ee-8463-8778f7fdb810 tempest-VolumesSnapshotTestJSON-666453103 None] CMD "sudo cinder-rootwrap /etc/cinder/rootwrap.conf env LC_ALL=C lvs --noheadings --unit=g -o vg_name,name,size --nosuffix --readonly stack-volumes-lvmdriver-1/_snapshot-4cdbe0c9-1623-4d1d-85e9-c3a202ee7d51" returned: 0 in 0.404s {{(pid=196635) execute /usr/local/lib/python3.12/site-packages/oslo_concurrency/processutils.py:372}}
Jan 26 19:05:10.927359 np0005596550.novalocal cinder-volume[196635]: DEBUG oslo_concurrency.processutils [None req-1701eced-05b5-47ee-8463-8778f7fdb810 tempest-VolumesSnapshotTestJSON-666453103 None] Running cmd (subprocess): sudo cinder-rootwrap /etc/cinder/rootwrap.conf lvremove --config activation { retry_deactivation = 1} -f stack-volumes-lvmdriver-1/_snapshot-4cdbe0c9-1623-4d1d-85e9-c3a202ee7d51 {{(pid=196635) execute /usr/local/lib/python3.12/site-packages/oslo_concurrency/processutils.py:349}}
Jan 26 19:05:10.946166 np0005596550.novalocal sudo[222832]: stack : PWD=/ ; USER=root ; COMMAND=/usr/local/bin/cinder-rootwrap /etc/cinder/rootwrap.conf lvremove --config 'activation { retry_deactivation = 1} ' -f stack-volumes-lvmdriver-1/_snapshot-4cdbe0c9-1623-4d1d-85e9-c3a202ee7d51
Jan 26 19:05:11.087536 np0005596550.novalocal cinder-volume[196635]: DEBUG oslo_concurrency.processutils [None req-4a2ddc4c-bbe5-4e43-a360-3a56aa5a89f1 tempest-VolumesSnapshotTestJSON-666453103 None] CMD "sudo cinder-rootwrap /etc/cinder/rootwrap.conf lvremove --config activation { retry_deactivation = 1} -f stack-volumes-lvmdriver-1/volume-85ff3a52-6e25-4054-861f-36b18350053a" returned: 0 in 0.699s {{(pid=196635) execute /usr/local/lib/python3.12/site-packages/oslo_concurrency/processutils.py:372}}
Jan 26 19:05:11.088213 np0005596550.novalocal cinder-volume[196635]: INFO cinder.volume.drivers.lvm [None req-4a2ddc4c-bbe5-4e43-a360-3a56aa5a89f1 tempest-VolumesSnapshotTestJSON-666453103 None] Successfully deleted volume: 85ff3a52-6e25-4054-861f-36b18350053a
Jan 26 19:05:11.120604 np0005596550.novalocal cinder-volume[196635]: INFO cinder.volume.manager [None req-4a2ddc4c-bbe5-4e43-a360-3a56aa5a89f1 tempest-VolumesSnapshotTestJSON-666453103 None] Deleted volume successfully.
Jan 26 19:05:11.126632 np0005596550.novalocal cinder-volume[196635]: DEBUG cinder.coordination [None req-4a2ddc4c-bbe5-4e43-a360-3a56aa5a89f1 tempest-VolumesSnapshotTestJSON-666453103 None] Lock "cinder-85ff3a52-6e25-4054-861f-36b18350053a-delete_volume" released by "delete_volume" :: held 2.106s {{(pid=196635) __release /opt/stack/cinder/cinder/coordination.py:157}}
Jan 26 19:05:11.360468 np0005596550.novalocal cinder-volume[196635]: DEBUG oslo_concurrency.processutils [None req-1701eced-05b5-47ee-8463-8778f7fdb810 tempest-VolumesSnapshotTestJSON-666453103 None] CMD "sudo cinder-rootwrap /etc/cinder/rootwrap.conf lvremove --config activation { retry_deactivation = 1} -f stack-volumes-lvmdriver-1/_snapshot-4cdbe0c9-1623-4d1d-85e9-c3a202ee7d51" returned: 0 in 0.433s {{(pid=196635) execute /usr/local/lib/python3.12/site-packages/oslo_concurrency/processutils.py:372}}
Jan 26 19:05:11.399867 np0005596550.novalocal cinder-volume[196635]: DEBUG cinder.quota [None req-1701eced-05b5-47ee-8463-8778f7fdb810 tempest-VolumesSnapshotTestJSON-666453103 None] Created reservations ['582d1669-630d-4809-a4aa-6fcdfc30e717', '4ef507d2-792d-4577-9fb4-58442af91212', '423552cb-2b4f-47a7-826b-fe009bb27ded', 'ab369855-6213-4f60-82c1-4cd05b36ed9f'] {{(pid=196635) reserve /opt/stack/cinder/cinder/quota.py:752}}
Jan 26 19:05:11.429618 np0005596550.novalocal cinder-volume[196635]: INFO cinder.volume.manager [None req-1701eced-05b5-47ee-8463-8778f7fdb810 tempest-VolumesSnapshotTestJSON-666453103 None] Delete snapshot completed successfully.
Jan 26 19:05:11.432848 np0005596550.novalocal cinder-volume[196635]: DEBUG cinder.coordination [None req-1701eced-05b5-47ee-8463-8778f7fdb810 tempest-VolumesSnapshotTestJSON-666453103 None] Lock "cinder-4cdbe0c9-1623-4d1d-85e9-c3a202ee7d51-delete_snapshot" released by "delete_snapshot" :: held 0.911s {{(pid=196635) __release /opt/stack/cinder/cinder/coordination.py:157}}
Jan 26 19:05:12.133525 np0005596550.novalocal cinder-volume[196635]: DEBUG cinder.volume.flows.manager.create_volume [None req-b9e71225-8318-4388-813f-2d561d792c23 tempest-VolumesSnapshotTestJSON-666453103 None] Volume reschedule parameters: True retry: {'num_attempts': 1, 'backends': ['np0005596550.novalocal@lvmdriver-1#lvmdriver-1'], 'hosts': ['np0005596550.novalocal@lvmdriver-1#lvmdriver-1']} {{(pid=196635) get_flow /opt/stack/cinder/cinder/volume/flows/manager/create_volume.py:1388}}
Jan 26 19:05:12.140065 np0005596550.novalocal cinder-volume[196635]: DEBUG cinder.volume.manager [None req-b9e71225-8318-4388-813f-2d561d792c23 tempest-VolumesSnapshotTestJSON-666453103 None] Flow 'volume_create_manager' (5cb9f72d-9ed0-43ee-82d8-e69afece362a) transitioned into state 'RUNNING' from state 'PENDING' {{(pid=196635) _flow_receiver /usr/local/lib/python3.12/site-packages/taskflow/listeners/logging.py:145}}
Jan 26 19:05:12.142005 np0005596550.novalocal cinder-volume[196635]: DEBUG cinder.volume.manager [None req-b9e71225-8318-4388-813f-2d561d792c23 tempest-VolumesSnapshotTestJSON-666453103 None] Task 'cinder.volume.flows.manager.create_volume.ExtractVolumeRefTask;volume:create' (609b3608-b8ae-418f-836d-220bf250c1d2) transitioned into state 'RUNNING' from state 'PENDING' {{(pid=196635) _task_receiver /usr/local/lib/python3.12/site-packages/taskflow/listeners/logging.py:194}}
