Jan 26 19:03:45.406420 np0005596550.novalocal cinder-volume[196635]: DEBUG oslo_concurrency.processutils [req-ee56288a-9873-435d-86ad-59282a5a13ac req-a5e39823-239d-4d0f-b958-4081e02c52ad tempest-ServerActionsTestOtherA-497818938 None] CMD "sudo cinder-rootwrap /etc/cinder/rootwrap.conf env LC_ALL=C lvs --noheadings --unit=g -o vg_name,name,size --nosuffix --readonly stack-volumes-lvmdriver-1" returned: 0 in 0.416s {{(pid=196635) execute /usr/local/lib/python3.12/site-packages/oslo_concurrency/processutils.py:372}}
Jan 26 19:03:45.407411 np0005596550.novalocal cinder-volume[196635]: DEBUG oslo_concurrency.processutils [req-ee56288a-9873-435d-86ad-59282a5a13ac req-a5e39823-239d-4d0f-b958-4081e02c52ad tempest-ServerActionsTestOtherA-497818938 None] Running cmd (subprocess): sudo cinder-rootwrap /etc/cinder/rootwrap.conf env LC_ALL=C lvs --noheadings --unit=g -o size,data_percent --separator : --nosuffix /dev/stack-volumes-lvmdriver-1/stack-volumes-lvmdriver-1-pool {{(pid=196635) execute /usr/local/lib/python3.12/site-packages/oslo_concurrency/processutils.py:349}}
Jan 26 19:03:45.427089 np0005596550.novalocal sudo[221078]: stack : PWD=/ ; USER=root ; COMMAND=/usr/local/bin/cinder-rootwrap /etc/cinder/rootwrap.conf env LC_ALL=C lvs --noheadings --unit=g -o size,data_percent --separator : --nosuffix /dev/stack-volumes-lvmdriver-1/stack-volumes-lvmdriver-1-pool
Jan 26 19:03:45.835338 np0005596550.novalocal cinder-volume[196635]: DEBUG oslo_concurrency.processutils [req-ee56288a-9873-435d-86ad-59282a5a13ac req-a5e39823-239d-4d0f-b958-4081e02c52ad tempest-ServerActionsTestOtherA-497818938 None] CMD "sudo cinder-rootwrap /etc/cinder/rootwrap.conf env LC_ALL=C lvs --noheadings --unit=g -o size,data_percent --separator : --nosuffix /dev/stack-volumes-lvmdriver-1/stack-volumes-lvmdriver-1-pool" returned: 0 in 0.427s {{(pid=196635) execute /usr/local/lib/python3.12/site-packages/oslo_concurrency/processutils.py:372}}
Jan 26 19:03:45.836582 np0005596550.novalocal cinder-volume[196635]: DEBUG oslo_concurrency.processutils [req-ee56288a-9873-435d-86ad-59282a5a13ac req-a5e39823-239d-4d0f-b958-4081e02c52ad tempest-ServerActionsTestOtherA-497818938 None] Running cmd (subprocess): sudo cinder-rootwrap /etc/cinder/rootwrap.conf env LC_ALL=C lvs --noheadings --unit=g -o vg_name,name,size --nosuffix --readonly stack-volumes-lvmdriver-1 {{(pid=196635) execute /usr/local/lib/python3.12/site-packages/oslo_concurrency/processutils.py:349}}
Jan 26 19:03:45.860521 np0005596550.novalocal sudo[221083]: stack : PWD=/ ; USER=root ; COMMAND=/usr/local/bin/cinder-rootwrap /etc/cinder/rootwrap.conf env LC_ALL=C lvs --noheadings --unit=g -o vg_name,name,size --nosuffix --readonly stack-volumes-lvmdriver-1
Jan 26 19:03:46.259370 np0005596550.novalocal cinder-volume[196635]: DEBUG oslo_concurrency.processutils [req-ee56288a-9873-435d-86ad-59282a5a13ac req-a5e39823-239d-4d0f-b958-4081e02c52ad tempest-ServerActionsTestOtherA-497818938 None] CMD "sudo cinder-rootwrap /etc/cinder/rootwrap.conf env LC_ALL=C lvs --noheadings --unit=g -o vg_name,name,size --nosuffix --readonly stack-volumes-lvmdriver-1" returned: 0 in 0.422s {{(pid=196635) execute /usr/local/lib/python3.12/site-packages/oslo_concurrency/processutils.py:372}}
Jan 26 19:03:46.260173 np0005596550.novalocal cinder-volume[196635]: DEBUG cinder.manager [req-ee56288a-9873-435d-86ad-59282a5a13ac req-a5e39823-239d-4d0f-b958-4081e02c52ad tempest-ServerActionsTestOtherA-497818938 None] Notifying Schedulers of capabilities ... {{(pid=196635) _publish_service_capabilities /opt/stack/cinder/cinder/manager.py:202}}
Jan 26 19:03:46.267885 np0005596550.novalocal cinder-volume[196635]: INFO cinder.volume.manager [req-ee56288a-9873-435d-86ad-59282a5a13ac req-a5e39823-239d-4d0f-b958-4081e02c52ad tempest-ServerActionsTestOtherA-497818938 None] Deleted volume successfully.
Jan 26 19:03:46.283891 np0005596550.novalocal cinder-volume[196635]: DEBUG cinder.coordination [req-ee56288a-9873-435d-86ad-59282a5a13ac req-a5e39823-239d-4d0f-b958-4081e02c52ad tempest-ServerActionsTestOtherA-497818938 None] Lock "cinder-3efb2e02-7cf8-4a53-8773-43cb3f187971-delete_volume" released by "delete_volume" :: held 3.974s {{(pid=196635) __release /opt/stack/cinder/cinder/coordination.py:157}}
Jan 26 19:03:49.972354 np0005596550.novalocal cinder-volume[196635]: DEBUG oslo_service.periodic_task [None req-e1609359-a989-4404-8e06-92ddb1d8b944 None None] Running periodic task VolumeManager.publish_service_capabilities {{(pid=196635) run_periodic_tasks /usr/local/lib/python3.12/site-packages/oslo_service/periodic_task.py:210}}
Jan 26 19:03:49.972813 np0005596550.novalocal cinder-volume[196635]: DEBUG cinder.volume.drivers.lvm [None req-e1609359-a989-4404-8e06-92ddb1d8b944 None None] Updating volume stats {{(pid=196635) _update_volume_stats /opt/stack/cinder/cinder/volume/drivers/lvm.py:228}}
Jan 26 19:03:49.972999 np0005596550.novalocal cinder-volume[196635]: DEBUG oslo_concurrency.processutils [None req-e1609359-a989-4404-8e06-92ddb1d8b944 None None] Running cmd (subprocess): sudo cinder-rootwrap /etc/cinder/rootwrap.conf env LC_ALL=C vgs --noheadings --unit=g -o name,size,free,lv_count,uuid --separator : --nosuffix stack-volumes-lvmdriver-1 {{(pid=196635) execute /usr/local/lib/python3.12/site-packages/oslo_concurrency/processutils.py:349}}
Jan 26 19:03:50.006691 np0005596550.novalocal sudo[221171]: stack : PWD=/ ; USER=root ; COMMAND=/usr/local/bin/cinder-rootwrap /etc/cinder/rootwrap.conf env LC_ALL=C vgs --noheadings --unit=g -o name,size,free,lv_count,uuid --separator : --nosuffix stack-volumes-lvmdriver-1
Jan 26 19:03:50.414936 np0005596550.novalocal cinder-volume[196635]: DEBUG oslo_concurrency.processutils [None req-e1609359-a989-4404-8e06-92ddb1d8b944 None None] CMD "sudo cinder-rootwrap /etc/cinder/rootwrap.conf env LC_ALL=C vgs --noheadings --unit=g -o name,size,free,lv_count,uuid --separator : --nosuffix stack-volumes-lvmdriver-1" returned: 0 in 0.441s {{(pid=196635) execute /usr/local/lib/python3.12/site-packages/oslo_concurrency/processutils.py:372}}
Jan 26 19:03:50.416332 np0005596550.novalocal cinder-volume[196635]: DEBUG oslo_concurrency.processutils [None req-e1609359-a989-4404-8e06-92ddb1d8b944 None None] Running cmd (subprocess): sudo cinder-rootwrap /etc/cinder/rootwrap.conf env LC_ALL=C lvs --noheadings --unit=g -o vg_name,name,size --nosuffix --readonly stack-volumes-lvmdriver-1 {{(pid=196635) execute /usr/local/lib/python3.12/site-packages/oslo_concurrency/processutils.py:349}}
Jan 26 19:03:50.441783 np0005596550.novalocal sudo[221176]: stack : PWD=/ ; USER=root ; COMMAND=/usr/local/bin/cinder-rootwrap /etc/cinder/rootwrap.conf env LC_ALL=C lvs --noheadings --unit=g -o vg_name,name,size --nosuffix --readonly stack-volumes-lvmdriver-1
Jan 26 19:03:50.895517 np0005596550.novalocal cinder-volume[196635]: DEBUG oslo_concurrency.processutils [None req-e1609359-a989-4404-8e06-92ddb1d8b944 None None] CMD "sudo cinder-rootwrap /etc/cinder/rootwrap.conf env LC_ALL=C lvs --noheadings --unit=g -o vg_name,name,size --nosuffix --readonly stack-volumes-lvmdriver-1" returned: 0 in 0.480s {{(pid=196635) execute /usr/local/lib/python3.12/site-packages/oslo_concurrency/processutils.py:372}}
Jan 26 19:03:50.896190 np0005596550.novalocal cinder-volume[196635]: DEBUG oslo_concurrency.processutils [None req-e1609359-a989-4404-8e06-92ddb1d8b944 None None] Running cmd (subprocess): sudo cinder-rootwrap /etc/cinder/rootwrap.conf env LC_ALL=C lvs --noheadings --unit=g -o size,data_percent --separator : --nosuffix /dev/stack-volumes-lvmdriver-1/stack-volumes-lvmdriver-1-pool {{(pid=196635) execute /usr/local/lib/python3.12/site-packages/oslo_concurrency/processutils.py:349}}
Jan 26 19:03:50.928797 np0005596550.novalocal sudo[221181]: stack : PWD=/ ; USER=root ; COMMAND=/usr/local/bin/cinder-rootwrap /etc/cinder/rootwrap.conf env LC_ALL=C lvs --noheadings --unit=g -o size,data_percent --separator : --nosuffix /dev/stack-volumes-lvmdriver-1/stack-volumes-lvmdriver-1-pool
Jan 26 19:03:51.343138 np0005596550.novalocal cinder-volume[196635]: DEBUG oslo_concurrency.processutils [None req-e1609359-a989-4404-8e06-92ddb1d8b944 None None] CMD "sudo cinder-rootwrap /etc/cinder/rootwrap.conf env LC_ALL=C lvs --noheadings --unit=g -o size,data_percent --separator : --nosuffix /dev/stack-volumes-lvmdriver-1/stack-volumes-lvmdriver-1-pool" returned: 0 in 0.446s {{(pid=196635) execute /usr/local/lib/python3.12/site-packages/oslo_concurrency/processutils.py:372}}
Jan 26 19:03:51.349251 np0005596550.novalocal cinder-volume[196635]: DEBUG oslo_concurrency.processutils [None req-e1609359-a989-4404-8e06-92ddb1d8b944 None None] Running cmd (subprocess): sudo cinder-rootwrap /etc/cinder/rootwrap.conf env LC_ALL=C lvs --noheadings --unit=g -o vg_name,name,size --nosuffix --readonly stack-volumes-lvmdriver-1 {{(pid=196635) execute /usr/local/lib/python3.12/site-packages/oslo_concurrency/processutils.py:349}}
Jan 26 19:03:51.366138 np0005596550.novalocal sudo[221188]: stack : PWD=/ ; USER=root ; COMMAND=/usr/local/bin/cinder-rootwrap /etc/cinder/rootwrap.conf env LC_ALL=C lvs --noheadings --unit=g -o vg_name,name,size --nosuffix --readonly stack-volumes-lvmdriver-1
Jan 26 19:03:51.790068 np0005596550.novalocal cinder-volume[196635]: DEBUG oslo_concurrency.processutils [None req-e1609359-a989-4404-8e06-92ddb1d8b944 None None] CMD "sudo cinder-rootwrap /etc/cinder/rootwrap.conf env LC_ALL=C lvs --noheadings --unit=g -o vg_name,name,size --nosuffix --readonly stack-volumes-lvmdriver-1" returned: 0 in 0.446s {{(pid=196635) execute /usr/local/lib/python3.12/site-packages/oslo_concurrency/processutils.py:372}}
Jan 26 19:03:51.791455 np0005596550.novalocal cinder-volume[196635]: DEBUG cinder.manager [None req-e1609359-a989-4404-8e06-92ddb1d8b944 None None] Notifying Schedulers of capabilities ... {{(pid=196635) _publish_service_capabilities /opt/stack/cinder/cinder/manager.py:202}}
Jan 26 19:03:54.536687 np0005596550.novalocal cinder-volume[196635]: DEBUG dbcounter [-] [196635] Writing DB stats cinder:SELECT=8,cinder:UPDATE=8,cinder:INSERT=2 {{(pid=196635) stat_writer /usr/local/lib/python3.12/site-packages/dbcounter.py:115}}
Jan 26 19:03:56.273237 np0005596550.novalocal cinder-volume[196635]: DEBUG dbcounter [-] [196635] Writing DB stats cinder:SELECT=6,cinder:INSERT=2,cinder:UPDATE=8,cinder:DELETE=1 {{(pid=196635) stat_writer /usr/local/lib/python3.12/site-packages/dbcounter.py:115}}
Jan 26 19:03:58.855074 np0005596550.novalocal cinder-volume[196635]: DEBUG cinder.volume.flows.manager.create_volume [None req-fd3123a2-0a08-47f4-a913-94638fcc579b tempest-SnapshotMetadataTestJSON-2090211223 None] Volume reschedule parameters: True retry: {'num_attempts': 1, 'backends': ['np0005596550.novalocal@lvmdriver-1#lvmdriver-1'], 'hosts': ['np0005596550.novalocal@lvmdriver-1#lvmdriver-1']} {{(pid=196635) get_flow /opt/stack/cinder/cinder/volume/flows/manager/create_volume.py:1388}}
Jan 26 19:03:58.868955 np0005596550.novalocal cinder-volume[196635]: DEBUG cinder.volume.manager [None req-fd3123a2-0a08-47f4-a913-94638fcc579b tempest-SnapshotMetadataTestJSON-2090211223 None] Flow 'volume_create_manager' (bbc95a1f-8683-4015-97da-3fae026a8ed1) transitioned into state 'RUNNING' from state 'PENDING' {{(pid=196635) _flow_receiver /usr/local/lib/python3.12/site-packages/taskflow/listeners/logging.py:145}}
Jan 26 19:03:58.872151 np0005596550.novalocal cinder-volume[196635]: DEBUG cinder.volume.manager [None req-fd3123a2-0a08-47f4-a913-94638fcc579b tempest-SnapshotMetadataTestJSON-2090211223 None] Task 'cinder.volume.flows.manager.create_volume.ExtractVolumeRefTask;volume:create' (e547727d-dc05-41ed-b27f-ae60206207f4) transitioned into state 'RUNNING' from state 'PENDING' {{(pid=196635) _task_receiver /usr/local/lib/python3.12/site-packages/taskflow/listeners/logging.py:194}}
Jan 26 19:03:58.886983 np0005596550.novalocal cinder-volume[196635]: DEBUG cinder.volume.manager [None req-fd3123a2-0a08-47f4-a913-94638fcc579b tempest-SnapshotMetadataTestJSON-2090211223 None] Task 'cinder.volume.flows.manager.create_volume.ExtractVolumeRefTask;volume:create' (e547727d-dc05-41ed-b27f-ae60206207f4) transitioned into state 'SUCCESS' from state 'RUNNING' with result 'Volume(_name_id=None,admin_metadata=,attach_status='detached',availability_zone='nova',bootable=False,cluster=,cluster_name=None,consistencygroup=,consistencygroup_id=None,created_at=2026-01-27T00:03:58Z,deleted=False,deleted_at=None,display_description=None,display_name='tempest-SnapshotMetadataTestJSON-Volume-1734212149',ec2_id=None,encryption_key_id=None,glance_metadata=,group=,group_id=None,host='np0005596550.novalocal@lvmdriver-1#lvmdriver-1',id=0e218f18-46cc-45d3-9b40-c8511c9d6607,launched_at=None,metadata={},migration_status=None,multiattach=False,previous_status=None,project_id='298128c8d1c0415fbf25d47555725248',provider_auth=None,provider_geometry=None,provider_id=None,provider_location=None,replication_driver_data=None,replication_extended_status=None,replication_status=None,scheduled_at=2026-01-27T00:03:58Z,service_uuid=None,shared_targets=True,size=1,snapshot_id=None,snapshots=,source_volid=None,status='creating',terminated_at=None,updated_at=2026-01-27T00:03:58Z,use_quota=True,user_id='5de66b13d25649daa57c976dafab6ba6',volume_attachment=VolumeAttachmentList,volume_type=VolumeType(423298ae-9268-4d03-9cb5-063c9922a67c),volume_type_id=423298ae-9268-4d03-9cb5-063c9922a67c)' {{(pid=196635) _task_receiver /usr/local/lib/python3.12/site-packages/taskflow/listeners/logging.py:182}}
Jan 26 19:03:58.888732 np0005596550.novalocal cinder-volume[196635]: DEBUG cinder.volume.manager [None req-fd3123a2-0a08-47f4-a913-94638fcc579b tempest-SnapshotMetadataTestJSON-2090211223 None] Task 'cinder.volume.flows.manager.create_volume.OnFailureRescheduleTask;volume:create' (218136ff-668c-4826-be99-4eb0e41c9cb1) transitioned into state 'RUNNING' from state 'PENDING' {{(pid=196635) _task_receiver /usr/local/lib/python3.12/site-packages/taskflow/listeners/logging.py:194}}
Jan 26 19:03:58.890617 np0005596550.novalocal cinder-volume[196635]: DEBUG cinder.volume.manager [None req-fd3123a2-0a08-47f4-a913-94638fcc579b tempest-SnapshotMetadataTestJSON-2090211223 None] Task 'cinder.volume.flows.manager.create_volume.OnFailureRescheduleTask;volume:create' (218136ff-668c-4826-be99-4eb0e41c9cb1) transitioned into state 'SUCCESS' from state 'RUNNING' with result 'None' {{(pid=196635) _task_receiver /usr/local/lib/python3.12/site-packages/taskflow/listeners/logging.py:182}}
Jan 26 19:03:58.894612 np0005596550.novalocal cinder-volume[196635]: DEBUG cinder.volume.manager [None req-fd3123a2-0a08-47f4-a913-94638fcc579b tempest-SnapshotMetadataTestJSON-2090211223 None] Task 'cinder.volume.flows.manager.create_volume.ExtractVolumeSpecTask;volume:create' (473672f1-e1d4-4b48-aa51-4921508faad9) transitioned into state 'RUNNING' from state 'PENDING' {{(pid=196635) _task_receiver /usr/local/lib/python3.12/site-packages/taskflow/listeners/logging.py:194}}
Jan 26 19:03:58.896232 np0005596550.novalocal cinder-volume[196635]: DEBUG cinder.volume.manager [None req-fd3123a2-0a08-47f4-a913-94638fcc579b tempest-SnapshotMetadataTestJSON-2090211223 None] Task 'cinder.volume.flows.manager.create_volume.ExtractVolumeSpecTask;volume:create' (473672f1-e1d4-4b48-aa51-4921508faad9) transitioned into state 'SUCCESS' from state 'RUNNING' with result '{'status': 'creating', 'type': 'raw', 'volume_id': '0e218f18-46cc-45d3-9b40-c8511c9d6607', 'volume_name': 'volume-0e218f18-46cc-45d3-9b40-c8511c9d6607', 'volume_size': 1}' {{(pid=196635) _task_receiver /usr/local/lib/python3.12/site-packages/taskflow/listeners/logging.py:182}}
Jan 26 19:03:58.899614 np0005596550.novalocal cinder-volume[196635]: DEBUG cinder.volume.manager [None req-fd3123a2-0a08-47f4-a913-94638fcc579b tempest-SnapshotMetadataTestJSON-2090211223 None] Task 'cinder.volume.flows.manager.create_volume.NotifyVolumeActionTask;volume:create, create.start' (0d90504c-8880-4a1c-83c6-b49d5424e3ac) transitioned into state 'RUNNING' from state 'PENDING' {{(pid=196635) _task_receiver /usr/local/lib/python3.12/site-packages/taskflow/listeners/logging.py:194}}
Jan 26 19:03:58.901416 np0005596550.novalocal cinder-volume[196635]: DEBUG cinder.volume.manager [None req-fd3123a2-0a08-47f4-a913-94638fcc579b tempest-SnapshotMetadataTestJSON-2090211223 None] Task 'cinder.volume.flows.manager.create_volume.NotifyVolumeActionTask;volume:create, create.start' (0d90504c-8880-4a1c-83c6-b49d5424e3ac) transitioned into state 'SUCCESS' from state 'RUNNING' with result 'None' {{(pid=196635) _task_receiver /usr/local/lib/python3.12/site-packages/taskflow/listeners/logging.py:182}}
Jan 26 19:03:58.902736 np0005596550.novalocal cinder-volume[196635]: DEBUG cinder.volume.manager [None req-fd3123a2-0a08-47f4-a913-94638fcc579b tempest-SnapshotMetadataTestJSON-2090211223 None] Task 'cinder.volume.flows.manager.create_volume.CreateVolumeFromSpecTask;volume:create' (432c33a2-f7df-4b5a-80a8-5c7053326397) transitioned into state 'RUNNING' from state 'PENDING' {{(pid=196635) _task_receiver /usr/local/lib/python3.12/site-packages/taskflow/listeners/logging.py:194}}
Jan 26 19:03:58.903136 np0005596550.novalocal cinder-volume[196635]: INFO cinder.volume.flows.manager.create_volume [None req-fd3123a2-0a08-47f4-a913-94638fcc579b tempest-SnapshotMetadataTestJSON-2090211223 None] Volume 0e218f18-46cc-45d3-9b40-c8511c9d6607: being created as raw with specification: {'status': 'creating', 'volume_name': 'volume-0e218f18-46cc-45d3-9b40-c8511c9d6607', 'volume_size': 1}
Jan 26 19:03:58.903516 np0005596550.novalocal cinder-volume[196635]: DEBUG oslo_concurrency.processutils [None req-fd3123a2-0a08-47f4-a913-94638fcc579b tempest-SnapshotMetadataTestJSON-2090211223 None] Running cmd (subprocess): sudo cinder-rootwrap /etc/cinder/rootwrap.conf env LC_ALL=C lvcreate -T -V 1g -n volume-0e218f18-46cc-45d3-9b40-c8511c9d6607 stack-volumes-lvmdriver-1/stack-volumes-lvmdriver-1-pool {{(pid=196635) execute /usr/local/lib/python3.12/site-packages/oslo_concurrency/processutils.py:349}}
Jan 26 19:03:58.923523 np0005596550.novalocal sudo[221273]: stack : PWD=/ ; USER=root ; COMMAND=/usr/local/bin/cinder-rootwrap /etc/cinder/rootwrap.conf env LC_ALL=C lvcreate -T -V 1g -n volume-0e218f18-46cc-45d3-9b40-c8511c9d6607 stack-volumes-lvmdriver-1/stack-volumes-lvmdriver-1-pool
Jan 26 19:03:59.602009 np0005596550.novalocal cinder-volume[196635]: DEBUG oslo_concurrency.processutils [None req-fd3123a2-0a08-47f4-a913-94638fcc579b tempest-SnapshotMetadataTestJSON-2090211223 None] CMD "sudo cinder-rootwrap /etc/cinder/rootwrap.conf env LC_ALL=C lvcreate -T -V 1g -n volume-0e218f18-46cc-45d3-9b40-c8511c9d6607 stack-volumes-lvmdriver-1/stack-volumes-lvmdriver-1-pool" returned: 0 in 0.698s {{(pid=196635) execute /usr/local/lib/python3.12/site-packages/oslo_concurrency/processutils.py:372}}
Jan 26 19:03:59.604851 np0005596550.novalocal cinder-volume[196635]: DEBUG cinder.volume.manager [None req-fd3123a2-0a08-47f4-a913-94638fcc579b tempest-SnapshotMetadataTestJSON-2090211223 None] Task 'cinder.volume.flows.manager.create_volume.CreateVolumeFromSpecTask;volume:create' (432c33a2-f7df-4b5a-80a8-5c7053326397) transitioned into state 'SUCCESS' from state 'RUNNING' with result '{'status': 'creating', 'volume_name': 'volume-0e218f18-46cc-45d3-9b40-c8511c9d6607', 'volume_size': 1}' {{(pid=196635) _task_receiver /usr/local/lib/python3.12/site-packages/taskflow/listeners/logging.py:182}}
Jan 26 19:03:59.607820 np0005596550.novalocal cinder-volume[196635]: DEBUG cinder.volume.manager [None req-fd3123a2-0a08-47f4-a913-94638fcc579b tempest-SnapshotMetadataTestJSON-2090211223 None] Task 'cinder.volume.flows.manager.create_volume.CreateVolumeOnFinishTask;volume:create, create.end' (e6583f2f-301f-4d27-8cfc-93141265af83) transitioned into state 'RUNNING' from state 'PENDING' {{(pid=196635) _task_receiver /usr/local/lib/python3.12/site-packages/taskflow/listeners/logging.py:194}}
Jan 26 19:03:59.624257 np0005596550.novalocal cinder-volume[196635]: INFO cinder.volume.flows.manager.create_volume [None req-fd3123a2-0a08-47f4-a913-94638fcc579b tempest-SnapshotMetadataTestJSON-2090211223 None] Volume volume-0e218f18-46cc-45d3-9b40-c8511c9d6607 (0e218f18-46cc-45d3-9b40-c8511c9d6607): created successfully
Jan 26 19:03:59.625995 np0005596550.novalocal cinder-volume[196635]: DEBUG cinder.volume.manager [None req-fd3123a2-0a08-47f4-a913-94638fcc579b tempest-SnapshotMetadataTestJSON-2090211223 None] Task 'cinder.volume.flows.manager.create_volume.CreateVolumeOnFinishTask;volume:create, create.end' (e6583f2f-301f-4d27-8cfc-93141265af83) transitioned into state 'SUCCESS' from state 'RUNNING' with result 'None' {{(pid=196635) _task_receiver /usr/local/lib/python3.12/site-packages/taskflow/listeners/logging.py:182}}
Jan 26 19:03:59.628887 np0005596550.novalocal cinder-volume[196635]: DEBUG cinder.volume.manager [None req-fd3123a2-0a08-47f4-a913-94638fcc579b tempest-SnapshotMetadataTestJSON-2090211223 None] Flow 'volume_create_manager' (bbc95a1f-8683-4015-97da-3fae026a8ed1) transitioned into state 'SUCCESS' from state 'RUNNING' {{(pid=196635) _flow_receiver /usr/local/lib/python3.12/site-packages/taskflow/listeners/logging.py:145}}
Jan 26 19:03:59.638822 np0005596550.novalocal cinder-volume[196635]: INFO cinder.volume.manager [None req-fd3123a2-0a08-47f4-a913-94638fcc579b tempest-SnapshotMetadataTestJSON-2090211223 None] Created volume successfully.
Jan 26 19:04:00.054323 np0005596550.novalocal cinder-volume[196635]: DEBUG oslo_concurrency.processutils [None req-2ec0de82-fc35-4042-b509-9f285a52652d tempest-SnapshotMetadataTestJSON-2090211223 None] Running cmd (subprocess): sudo cinder-rootwrap /etc/cinder/rootwrap.conf env LC_ALL=C lvs --noheadings --unit=g -o vg_name,name,size --nosuffix --readonly stack-volumes-lvmdriver-1/volume-0e218f18-46cc-45d3-9b40-c8511c9d6607 {{(pid=196635) execute /usr/local/lib/python3.12/site-packages/oslo_concurrency/processutils.py:349}}
Jan 26 19:04:00.086174 np0005596550.novalocal sudo[221287]: stack : PWD=/ ; USER=root ; COMMAND=/usr/local/bin/cinder-rootwrap /etc/cinder/rootwrap.conf env LC_ALL=C lvs --noheadings --unit=g -o vg_name,name,size --nosuffix --readonly stack-volumes-lvmdriver-1/volume-0e218f18-46cc-45d3-9b40-c8511c9d6607
Jan 26 19:04:00.556217 np0005596550.novalocal cinder-volume[196635]: DEBUG oslo_concurrency.processutils [None req-2ec0de82-fc35-4042-b509-9f285a52652d tempest-SnapshotMetadataTestJSON-2090211223 None] CMD "sudo cinder-rootwrap /etc/cinder/rootwrap.conf env LC_ALL=C lvs --noheadings --unit=g -o vg_name,name,size --nosuffix --readonly stack-volumes-lvmdriver-1/volume-0e218f18-46cc-45d3-9b40-c8511c9d6607" returned: 0 in 0.502s {{(pid=196635) execute /usr/local/lib/python3.12/site-packages/oslo_concurrency/processutils.py:372}}
Jan 26 19:04:00.557044 np0005596550.novalocal cinder-volume[196635]: DEBUG oslo_concurrency.processutils [None req-2ec0de82-fc35-4042-b509-9f285a52652d tempest-SnapshotMetadataTestJSON-2090211223 None] Running cmd (subprocess): sudo cinder-rootwrap /etc/cinder/rootwrap.conf env LC_ALL=C lvcreate --name _snapshot-90afbbe1-f31d-4c91-b33b-4d117c4742ec --snapshot stack-volumes-lvmdriver-1/volume-0e218f18-46cc-45d3-9b40-c8511c9d6607 {{(pid=196635) execute /usr/local/lib/python3.12/site-packages/oslo_concurrency/processutils.py:349}}
Jan 26 19:04:00.578039 np0005596550.novalocal sudo[221292]: stack : PWD=/ ; USER=root ; COMMAND=/usr/local/bin/cinder-rootwrap /etc/cinder/rootwrap.conf env LC_ALL=C lvcreate --name _snapshot-90afbbe1-f31d-4c91-b33b-4d117c4742ec --snapshot stack-volumes-lvmdriver-1/volume-0e218f18-46cc-45d3-9b40-c8511c9d6607
Jan 26 19:04:01.391323 np0005596550.novalocal cinder-volume[196635]: DEBUG oslo_concurrency.processutils [None req-2ec0de82-fc35-4042-b509-9f285a52652d tempest-SnapshotMetadataTestJSON-2090211223 None] CMD "sudo cinder-rootwrap /etc/cinder/rootwrap.conf env LC_ALL=C lvcreate --name _snapshot-90afbbe1-f31d-4c91-b33b-4d117c4742ec --snapshot stack-volumes-lvmdriver-1/volume-0e218f18-46cc-45d3-9b40-c8511c9d6607" returned: 0 in 0.834s {{(pid=196635) execute /usr/local/lib/python3.12/site-packages/oslo_concurrency/processutils.py:372}}
Jan 26 19:04:01.423913 np0005596550.novalocal cinder-volume[196635]: INFO cinder.volume.manager [None req-2ec0de82-fc35-4042-b509-9f285a52652d tempest-SnapshotMetadataTestJSON-2090211223 None] Create snapshot completed successfully
Jan 26 19:04:02.701655 np0005596550.novalocal cinder-volume[196635]: DEBUG cinder.coordination [None req-aa0f55a7-2f89-4081-96e9-7ff90de99be4 tempest-SnapshotMetadataTestJSON-2090211223 None] Acquiring lock "cinder-90afbbe1-f31d-4c91-b33b-4d117c4742ec-delete_snapshot" by "delete_snapshot" {{(pid=196635) __acquire /opt/stack/cinder/cinder/coordination.py:143}}
Jan 26 19:04:02.708616 np0005596550.novalocal cinder-volume[196635]: DEBUG cinder.coordination [None req-aa0f55a7-2f89-4081-96e9-7ff90de99be4 tempest-SnapshotMetadataTestJSON-2090211223 None] Lock "cinder-90afbbe1-f31d-4c91-b33b-4d117c4742ec-delete_snapshot" acquired by "delete_snapshot" :: waited 0.007s {{(pid=196635) __acquire /opt/stack/cinder/cinder/coordination.py:146}}
Jan 26 19:04:02.709696 np0005596550.novalocal cinder-volume[196635]: DEBUG oslo_concurrency.processutils [None req-aa0f55a7-2f89-4081-96e9-7ff90de99be4 tempest-SnapshotMetadataTestJSON-2090211223 None] Running cmd (subprocess): sudo cinder-rootwrap /etc/cinder/rootwrap.conf env LC_ALL=C lvs --noheadings --unit=g -o vg_name,name,size --nosuffix --readonly stack-volumes-lvmdriver-1/_snapshot-90afbbe1-f31d-4c91-b33b-4d117c4742ec {{(pid=196635) execute /usr/local/lib/python3.12/site-packages/oslo_concurrency/processutils.py:349}}
Jan 26 19:04:02.765635 np0005596550.novalocal sudo[221305]: stack : PWD=/ ; USER=root ; COMMAND=/usr/local/bin/cinder-rootwrap /etc/cinder/rootwrap.conf env LC_ALL=C lvs --noheadings --unit=g -o vg_name,name,size --nosuffix --readonly stack-volumes-lvmdriver-1/_snapshot-90afbbe1-f31d-4c91-b33b-4d117c4742ec
Jan 26 19:04:03.184075 np0005596550.novalocal cinder-volume[196635]: DEBUG oslo_concurrency.processutils [None req-aa0f55a7-2f89-4081-96e9-7ff90de99be4 tempest-SnapshotMetadataTestJSON-2090211223 None] CMD "sudo cinder-rootwrap /etc/cinder/rootwrap.conf env LC_ALL=C lvs --noheadings --unit=g -o vg_name,name,size --nosuffix --readonly stack-volumes-lvmdriver-1/_snapshot-90afbbe1-f31d-4c91-b33b-4d117c4742ec" returned: 0 in 0.472s {{(pid=196635) execute /usr/local/lib/python3.12/site-packages/oslo_concurrency/processutils.py:372}}
Jan 26 19:04:03.184075 np0005596550.novalocal cinder-volume[196635]: DEBUG oslo_concurrency.processutils [None req-aa0f55a7-2f89-4081-96e9-7ff90de99be4 tempest-SnapshotMetadataTestJSON-2090211223 None] Running cmd (subprocess): sudo cinder-rootwrap /etc/cinder/rootwrap.conf lvremove --config activation { retry_deactivation = 1} -f stack-volumes-lvmdriver-1/_snapshot-90afbbe1-f31d-4c91-b33b-4d117c4742ec {{(pid=196635) execute /usr/local/lib/python3.12/site-packages/oslo_concurrency/processutils.py:349}}
Jan 26 19:04:03.211280 np0005596550.novalocal sudo[221310]: stack : PWD=/ ; USER=root ; COMMAND=/usr/local/bin/cinder-rootwrap /etc/cinder/rootwrap.conf lvremove --config 'activation { retry_deactivation = 1} ' -f stack-volumes-lvmdriver-1/_snapshot-90afbbe1-f31d-4c91-b33b-4d117c4742ec
Jan 26 19:04:03.663368 np0005596550.novalocal cinder-volume[196635]: DEBUG oslo_concurrency.processutils [None req-aa0f55a7-2f89-4081-96e9-7ff90de99be4 tempest-SnapshotMetadataTestJSON-2090211223 None] CMD "sudo cinder-rootwrap /etc/cinder/rootwrap.conf lvremove --config activation { retry_deactivation = 1} -f stack-volumes-lvmdriver-1/_snapshot-90afbbe1-f31d-4c91-b33b-4d117c4742ec" returned: 0 in 0.477s {{(pid=196635) execute /usr/local/lib/python3.12/site-packages/oslo_concurrency/processutils.py:372}}
Jan 26 19:04:03.727638 np0005596550.novalocal cinder-volume[196635]: DEBUG cinder.quota [None req-aa0f55a7-2f89-4081-96e9-7ff90de99be4 tempest-SnapshotMetadataTestJSON-2090211223 None] Created reservations ['88f7a48a-3f87-49c9-a998-8376962f4a00', '85fa558d-2712-426e-ae8b-0e417cbb0911', '0a3963c2-2dfa-40df-be94-2f159087bd96', '32c345ab-c1e8-4756-a791-14cf196af0e9'] {{(pid=196635) reserve /opt/stack/cinder/cinder/quota.py:752}}
Jan 26 19:04:03.765595 np0005596550.novalocal cinder-volume[196635]: INFO cinder.volume.manager [None req-aa0f55a7-2f89-4081-96e9-7ff90de99be4 tempest-SnapshotMetadataTestJSON-2090211223 None] Delete snapshot completed successfully.
Jan 26 19:04:03.771861 np0005596550.novalocal cinder-volume[196635]: DEBUG cinder.coordination [None req-aa0f55a7-2f89-4081-96e9-7ff90de99be4 tempest-SnapshotMetadataTestJSON-2090211223 None] Lock "cinder-90afbbe1-f31d-4c91-b33b-4d117c4742ec-delete_snapshot" released by "delete_snapshot" :: held 1.063s {{(pid=196635) __release /opt/stack/cinder/cinder/coordination.py:157}}
Jan 26 19:04:03.878063 np0005596550.novalocal cinder-volume[196635]: DEBUG cinder.coordination [None req-2485ad56-6a5e-4e63-a38b-c018d0e53aec tempest-SnapshotMetadataTestJSON-2090211223 None] Acquiring lock "cinder-0e218f18-46cc-45d3-9b40-c8511c9d6607-delete_volume" by "delete_volume" {{(pid=196635) __acquire /opt/stack/cinder/cinder/coordination.py:143}}
Jan 26 19:04:03.885587 np0005596550.novalocal cinder-volume[196635]: DEBUG cinder.coordination [None req-2485ad56-6a5e-4e63-a38b-c018d0e53aec tempest-SnapshotMetadataTestJSON-2090211223 None] Lock "cinder-0e218f18-46cc-45d3-9b40-c8511c9d6607-delete_volume" acquired by "delete_volume" :: waited 0.007s {{(pid=196635) __acquire /opt/stack/cinder/cinder/coordination.py:146}}
Jan 26 19:04:03.911357 np0005596550.novalocal cinder-volume[196635]: INFO cinder.volume.targets.iscsi [None req-2485ad56-6a5e-4e63-a38b-c018d0e53aec tempest-SnapshotMetadataTestJSON-2090211223 None] Skipping remove_export. No iscsi_target is presently exported for volume: 0e218f18-46cc-45d3-9b40-c8511c9d6607
Jan 26 19:04:03.911357 np0005596550.novalocal cinder-volume[196635]: DEBUG oslo_concurrency.processutils [None req-2485ad56-6a5e-4e63-a38b-c018d0e53aec tempest-SnapshotMetadataTestJSON-2090211223 None] Running cmd (subprocess): sudo cinder-rootwrap /etc/cinder/rootwrap.conf env LC_ALL=C lvs --noheadings --unit=g -o vg_name,name,size --nosuffix --readonly stack-volumes-lvmdriver-1/volume-0e218f18-46cc-45d3-9b40-c8511c9d6607 {{(pid=196635) execute /usr/local/lib/python3.12/site-packages/oslo_concurrency/processutils.py:349}}
Jan 26 19:04:03.941331 np0005596550.novalocal sudo[221316]: stack : PWD=/ ; USER=root ; COMMAND=/usr/local/bin/cinder-rootwrap /etc/cinder/rootwrap.conf env LC_ALL=C lvs --noheadings --unit=g -o vg_name,name,size --nosuffix --readonly stack-volumes-lvmdriver-1/volume-0e218f18-46cc-45d3-9b40-c8511c9d6607
Jan 26 19:04:04.374633 np0005596550.novalocal cinder-volume[196635]: DEBUG oslo_concurrency.processutils [None req-2485ad56-6a5e-4e63-a38b-c018d0e53aec tempest-SnapshotMetadataTestJSON-2090211223 None] CMD "sudo cinder-rootwrap /etc/cinder/rootwrap.conf env LC_ALL=C lvs --noheadings --unit=g -o vg_name,name,size --nosuffix --readonly stack-volumes-lvmdriver-1/volume-0e218f18-46cc-45d3-9b40-c8511c9d6607" returned: 0 in 0.466s {{(pid=196635) execute /usr/local/lib/python3.12/site-packages/oslo_concurrency/processutils.py:372}}
Jan 26 19:04:04.375324 np0005596550.novalocal cinder-volume[196635]: DEBUG oslo_concurrency.processutils [None req-2485ad56-6a5e-4e63-a38b-c018d0e53aec tempest-SnapshotMetadataTestJSON-2090211223 None] Running cmd (subprocess): sudo cinder-rootwrap /etc/cinder/rootwrap.conf env LC_ALL=C lvdisplay --noheading -C -o Attr --readonly stack-volumes-lvmdriver-1/volume-0e218f18-46cc-45d3-9b40-c8511c9d6607 {{(pid=196635) execute /usr/local/lib/python3.12/site-packages/oslo_concurrency/processutils.py:349}}
Jan 26 19:04:04.407554 np0005596550.novalocal sudo[221321]: stack : PWD=/ ; USER=root ; COMMAND=/usr/local/bin/cinder-rootwrap /etc/cinder/rootwrap.conf env LC_ALL=C lvdisplay --noheading -C -o Attr --readonly stack-volumes-lvmdriver-1/volume-0e218f18-46cc-45d3-9b40-c8511c9d6607
Jan 26 19:04:04.835152 np0005596550.novalocal cinder-volume[196635]: DEBUG oslo_concurrency.processutils [None req-2485ad56-6a5e-4e63-a38b-c018d0e53aec tempest-SnapshotMetadataTestJSON-2090211223 None] CMD "sudo cinder-rootwrap /etc/cinder/rootwrap.conf env LC_ALL=C lvdisplay --noheading -C -o Attr --readonly stack-volumes-lvmdriver-1/volume-0e218f18-46cc-45d3-9b40-c8511c9d6607" returned: 0 in 0.459s {{(pid=196635) execute /usr/local/lib/python3.12/site-packages/oslo_concurrency/processutils.py:372}}
Jan 26 19:04:04.836196 np0005596550.novalocal cinder-volume[196635]: DEBUG oslo_concurrency.processutils [None req-2485ad56-6a5e-4e63-a38b-c018d0e53aec tempest-SnapshotMetadataTestJSON-2090211223 None] Running cmd (subprocess): sudo cinder-rootwrap /etc/cinder/rootwrap.conf lvremove --config activation { retry_deactivation = 1} -f stack-volumes-lvmdriver-1/volume-0e218f18-46cc-45d3-9b40-c8511c9d6607 {{(pid=196635) execute /usr/local/lib/python3.12/site-packages/oslo_concurrency/processutils.py:349}}
Jan 26 19:04:04.858319 np0005596550.novalocal sudo[221326]: stack : PWD=/ ; USER=root ; COMMAND=/usr/local/bin/cinder-rootwrap /etc/cinder/rootwrap.conf lvremove --config 'activation { retry_deactivation = 1} ' -f stack-volumes-lvmdriver-1/volume-0e218f18-46cc-45d3-9b40-c8511c9d6607
Jan 26 19:04:05.281907 np0005596550.novalocal cinder-volume[196635]: DEBUG oslo_concurrency.processutils [None req-2485ad56-6a5e-4e63-a38b-c018d0e53aec tempest-SnapshotMetadataTestJSON-2090211223 None] CMD "sudo cinder-rootwrap /etc/cinder/rootwrap.conf lvremove --config activation { retry_deactivation = 1} -f stack-volumes-lvmdriver-1/volume-0e218f18-46cc-45d3-9b40-c8511c9d6607" returned: 0 in 0.445s {{(pid=196635) execute /usr/local/lib/python3.12/site-packages/oslo_concurrency/processutils.py:372}}
Jan 26 19:04:05.282257 np0005596550.novalocal cinder-volume[196635]: INFO cinder.volume.drivers.lvm [None req-2485ad56-6a5e-4e63-a38b-c018d0e53aec tempest-SnapshotMetadataTestJSON-2090211223 None] Successfully deleted volume: 0e218f18-46cc-45d3-9b40-c8511c9d6607
Jan 26 19:04:05.331445 np0005596550.novalocal cinder-volume[196635]: DEBUG cinder.quota [None req-2485ad56-6a5e-4e63-a38b-c018d0e53aec tempest-SnapshotMetadataTestJSON-2090211223 None] Created reservations ['58630960-7483-4862-87f6-8dacd47df053', '9d708d73-dccc-4cd6-a458-56e8d810e268', 'c4807401-5f24-437b-ab64-35255275daca', '0ac3f958-f3d5-40ce-99cc-9a3791fd9d4a'] {{(pid=196635) reserve /opt/stack/cinder/cinder/quota.py:752}}
Jan 26 19:04:05.566480 np0005596550.novalocal cinder-volume[196635]: DEBUG cinder.volume.drivers.lvm [None req-2485ad56-6a5e-4e63-a38b-c018d0e53aec tempest-SnapshotMetadataTestJSON-2090211223 None] Updating volume stats {{(pid=196635) _update_volume_stats /opt/stack/cinder/cinder/volume/drivers/lvm.py:228}}
Jan 26 19:04:05.566791 np0005596550.novalocal cinder-volume[196635]: DEBUG oslo_concurrency.processutils [None req-2485ad56-6a5e-4e63-a38b-c018d0e53aec tempest-SnapshotMetadataTestJSON-2090211223 None] Running cmd (subprocess): sudo cinder-rootwrap /etc/cinder/rootwrap.conf env LC_ALL=C vgs --noheadings --unit=g -o name,size,free,lv_count,uuid --separator : --nosuffix stack-volumes-lvmdriver-1 {{(pid=196635) execute /usr/local/lib/python3.12/site-packages/oslo_concurrency/processutils.py:349}}
Jan 26 19:04:05.595155 np0005596550.novalocal sudo[221333]: stack : PWD=/ ; USER=root ; COMMAND=/usr/local/bin/cinder-rootwrap /etc/cinder/rootwrap.conf env LC_ALL=C vgs --noheadings --unit=g -o name,size,free,lv_count,uuid --separator : --nosuffix stack-volumes-lvmdriver-1
Jan 26 19:04:05.992988 np0005596550.novalocal cinder-volume[196635]: DEBUG oslo_concurrency.processutils [None req-2485ad56-6a5e-4e63-a38b-c018d0e53aec tempest-SnapshotMetadataTestJSON-2090211223 None] CMD "sudo cinder-rootwrap /etc/cinder/rootwrap.conf env LC_ALL=C vgs --noheadings --unit=g -o name,size,free,lv_count,uuid --separator : --nosuffix stack-volumes-lvmdriver-1" returned: 0 in 0.426s {{(pid=196635) execute /usr/local/lib/python3.12/site-packages/oslo_concurrency/processutils.py:372}}
Jan 26 19:04:05.994940 np0005596550.novalocal cinder-volume[196635]: DEBUG oslo_concurrency.processutils [None req-2485ad56-6a5e-4e63-a38b-c018d0e53aec tempest-SnapshotMetadataTestJSON-2090211223 None] Running cmd (subprocess): sudo cinder-rootwrap /etc/cinder/rootwrap.conf env LC_ALL=C lvs --noheadings --unit=g -o vg_name,name,size --nosuffix --readonly stack-volumes-lvmdriver-1 {{(pid=196635) execute /usr/local/lib/python3.12/site-packages/oslo_concurrency/processutils.py:349}}
Jan 26 19:04:06.013174 np0005596550.novalocal sudo[221340]: stack : PWD=/ ; USER=root ; COMMAND=/usr/local/bin/cinder-rootwrap /etc/cinder/rootwrap.conf env LC_ALL=C lvs --noheadings --unit=g -o vg_name,name,size --nosuffix --readonly stack-volumes-lvmdriver-1
Jan 26 19:04:06.439335 np0005596550.novalocal cinder-volume[196635]: DEBUG oslo_concurrency.processutils [None req-2485ad56-6a5e-4e63-a38b-c018d0e53aec tempest-SnapshotMetadataTestJSON-2090211223 None] CMD "sudo cinder-rootwrap /etc/cinder/rootwrap.conf env LC_ALL=C lvs --noheadings --unit=g -o vg_name,name,size --nosuffix --readonly stack-volumes-lvmdriver-1" returned: 0 in 0.443s {{(pid=196635) execute /usr/local/lib/python3.12/site-packages/oslo_concurrency/processutils.py:372}}
Jan 26 19:04:06.439967 np0005596550.novalocal cinder-volume[196635]: DEBUG oslo_concurrency.processutils [None req-2485ad56-6a5e-4e63-a38b-c018d0e53aec tempest-SnapshotMetadataTestJSON-2090211223 None] Running cmd (subprocess): sudo cinder-rootwrap /etc/cinder/rootwrap.conf env LC_ALL=C lvs --noheadings --unit=g -o size,data_percent --separator : --nosuffix /dev/stack-volumes-lvmdriver-1/stack-volumes-lvmdriver-1-pool {{(pid=196635) execute /usr/local/lib/python3.12/site-packages/oslo_concurrency/processutils.py:349}}
Jan 26 19:04:06.470801 np0005596550.novalocal sudo[221345]: stack : PWD=/ ; USER=root ; COMMAND=/usr/local/bin/cinder-rootwrap /etc/cinder/rootwrap.conf env LC_ALL=C lvs --noheadings --unit=g -o size,data_percent --separator : --nosuffix /dev/stack-volumes-lvmdriver-1/stack-volumes-lvmdriver-1-pool
Jan 26 19:04:06.850641 np0005596550.novalocal cinder-volume[196635]: DEBUG oslo_concurrency.processutils [None req-2485ad56-6a5e-4e63-a38b-c018d0e53aec tempest-SnapshotMetadataTestJSON-2090211223 None] CMD "sudo cinder-rootwrap /etc/cinder/rootwrap.conf env LC_ALL=C lvs --noheadings --unit=g -o size,data_percent --separator : --nosuffix /dev/stack-volumes-lvmdriver-1/stack-volumes-lvmdriver-1-pool" returned: 0 in 0.413s {{(pid=196635) execute /usr/local/lib/python3.12/site-packages/oslo_concurrency/processutils.py:372}}
Jan 26 19:04:06.853373 np0005596550.novalocal cinder-volume[196635]: DEBUG oslo_concurrency.processutils [None req-2485ad56-6a5e-4e63-a38b-c018d0e53aec tempest-SnapshotMetadataTestJSON-2090211223 None] Running cmd (subprocess): sudo cinder-rootwrap /etc/cinder/rootwrap.conf env LC_ALL=C lvs --noheadings --unit=g -o vg_name,name,size --nosuffix --readonly stack-volumes-lvmdriver-1 {{(pid=196635) execute /usr/local/lib/python3.12/site-packages/oslo_concurrency/processutils.py:349}}
Jan 26 19:04:06.876625 np0005596550.novalocal sudo[221351]: stack : PWD=/ ; USER=root ; COMMAND=/usr/local/bin/cinder-rootwrap /etc/cinder/rootwrap.conf env LC_ALL=C lvs --noheadings --unit=g -o vg_name,name,size --nosuffix --readonly stack-volumes-lvmdriver-1
Jan 26 19:04:07.319351 np0005596550.novalocal cinder-volume[196635]: DEBUG oslo_concurrency.processutils [None req-2485ad56-6a5e-4e63-a38b-c018d0e53aec tempest-SnapshotMetadataTestJSON-2090211223 None] CMD "sudo cinder-rootwrap /etc/cinder/rootwrap.conf env LC_ALL=C lvs --noheadings --unit=g -o vg_name,name,size --nosuffix --readonly stack-volumes-lvmdriver-1" returned: 0 in 0.462s {{(pid=196635) execute /usr/local/lib/python3.12/site-packages/oslo_concurrency/processutils.py:372}}
Jan 26 19:04:07.321528 np0005596550.novalocal cinder-volume[196635]: DEBUG cinder.manager [None req-2485ad56-6a5e-4e63-a38b-c018d0e53aec tempest-SnapshotMetadataTestJSON-2090211223 None] Notifying Schedulers of capabilities ... {{(pid=196635) _publish_service_capabilities /opt/stack/cinder/cinder/manager.py:202}}
Jan 26 19:04:07.327217 np0005596550.novalocal cinder-volume[196635]: INFO cinder.volume.manager [None req-2485ad56-6a5e-4e63-a38b-c018d0e53aec tempest-SnapshotMetadataTestJSON-2090211223 None] Deleted volume successfully.
Jan 26 19:04:07.339366 np0005596550.novalocal cinder-volume[196635]: DEBUG cinder.coordination [None req-2485ad56-6a5e-4e63-a38b-c018d0e53aec tempest-SnapshotMetadataTestJSON-2090211223 None] Lock "cinder-0e218f18-46cc-45d3-9b40-c8511c9d6607-delete_volume" released by "delete_volume" :: held 3.455s {{(pid=196635) __release /opt/stack/cinder/cinder/coordination.py:157}}
Jan 26 19:04:11.114789 np0005596550.novalocal cinder-volume[196635]: DEBUG cinder.volume.flows.manager.create_volume [None req-8e83c1c3-6a36-46bc-9e81-7527f0f724d8 tempest-VolumesMetadataTest-1579708314 None] Volume reschedule parameters: True retry: {'num_attempts': 1, 'backends': ['np0005596550.novalocal@lvmdriver-1#lvmdriver-1'], 'hosts': ['np0005596550.novalocal@lvmdriver-1#lvmdriver-1']} {{(pid=196635) get_flow /opt/stack/cinder/cinder/volume/flows/manager/create_volume.py:1388}}
Jan 26 19:04:11.123886 np0005596550.novalocal cinder-volume[196635]: DEBUG cinder.volume.manager [None req-8e83c1c3-6a36-46bc-9e81-7527f0f724d8 tempest-VolumesMetadataTest-1579708314 None] Flow 'volume_create_manager' (b2e1a12d-6d66-4182-81fc-5d22600755ea) transitioned into state 'RUNNING' from state 'PENDING' {{(pid=196635) _flow_receiver /usr/local/lib/python3.12/site-packages/taskflow/listeners/logging.py:145}}
Jan 26 19:04:11.153368 np0005596550.novalocal cinder-volume[196635]: DEBUG cinder.volume.manager [None req-8e83c1c3-6a36-46bc-9e81-7527f0f724d8 tempest-VolumesMetadataTest-1579708314 None] Task 'cinder.volume.flows.manager.create_volume.ExtractVolumeRefTask;volume:create' (49abb13d-78cf-42c9-9be3-d89eefa31191) transitioned into state 'RUNNING' from state 'PENDING' {{(pid=196635) _task_receiver /usr/local/lib/python3.12/site-packages/taskflow/listeners/logging.py:194}}
Jan 26 19:04:11.153547 np0005596550.novalocal cinder-volume[196635]: DEBUG cinder.volume.manager [None req-8e83c1c3-6a36-46bc-9e81-7527f0f724d8 tempest-VolumesMetadataTest-1579708314 None] Task 'cinder.volume.flows.manager.create_volume.ExtractVolumeRefTask;volume:create' (49abb13d-78cf-42c9-9be3-d89eefa31191) transitioned into state 'SUCCESS' from state 'RUNNING' with result 'Volume(_name_id=None,admin_metadata=,attach_status='detached',availability_zone='nova',bootable=False,cluster=,cluster_name=None,consistencygroup=,consistencygroup_id=None,created_at=2026-01-27T00:04:10Z,deleted=False,deleted_at=None,display_description=None,display_name='tempest-VolumesMetadataTest-Volume-1077851155',ec2_id=None,encryption_key_id=None,glance_metadata=,group=,group_id=None,host='np0005596550.novalocal@lvmdriver-1#lvmdriver-1',id=959f8881-0830-414f-8342-9cb8cdb69951,launched_at=None,metadata={},migration_status=None,multiattach=False,previous_status=None,project_id='26b29f3a0f824358b19fab61803e12fa',provider_auth=None,provider_geometry=None,provider_id=None,provider_location=None,replication_driver_data=None,replication_extended_status=None,replication_status=None,scheduled_at=2026-01-27T00:04:11Z,service_uuid=None,shared_targets=True,size=1,snapshot_id=None,snapshots=,source_volid=None,status='creating',terminated_at=None,updated_at=2026-01-27T00:04:11Z,use_quota=True,user_id='edc6d1ec97b04ed3bf1dd50a229740ed',volume_attachment=VolumeAttachmentList,volume_type=VolumeType(423298ae-9268-4d03-9cb5-063c9922a67c),volume_type_id=423298ae-9268-4d03-9cb5-063c9922a67c)' {{(pid=196635) _task_receiver /usr/local/lib/python3.12/site-packages/taskflow/listeners/logging.py:182}}
Jan 26 19:04:11.153547 np0005596550.novalocal cinder-volume[196635]: DEBUG cinder.volume.manager [None req-8e83c1c3-6a36-46bc-9e81-7527f0f724d8 tempest-VolumesMetadataTest-1579708314 None] Task 'cinder.volume.flows.manager.create_volume.OnFailureRescheduleTask;volume:create' (b0c61cfb-093d-4db9-a644-17721158c507) transitioned into state 'RUNNING' from state 'PENDING' {{(pid=196635) _task_receiver /usr/local/lib/python3.12/site-packages/taskflow/listeners/logging.py:194}}
Jan 26 19:04:11.153547 np0005596550.novalocal cinder-volume[196635]: DEBUG cinder.volume.manager [None req-8e83c1c3-6a36-46bc-9e81-7527f0f724d8 tempest-VolumesMetadataTest-1579708314 None] Task 'cinder.volume.flows.manager.create_volume.OnFailureRescheduleTask;volume:create' (b0c61cfb-093d-4db9-a644-17721158c507) transitioned into state 'SUCCESS' from state 'RUNNING' with result 'None' {{(pid=196635) _task_receiver /usr/local/lib/python3.12/site-packages/taskflow/listeners/logging.py:182}}
Jan 26 19:04:11.153547 np0005596550.novalocal cinder-volume[196635]: DEBUG cinder.volume.manager [None req-8e83c1c3-6a36-46bc-9e81-7527f0f724d8 tempest-VolumesMetadataTest-1579708314 None] Task 'cinder.volume.flows.manager.create_volume.ExtractVolumeSpecTask;volume:create' (d5115f61-a9b2-43d6-8f51-1ad74eb674a5) transitioned into state 'RUNNING' from state 'PENDING' {{(pid=196635) _task_receiver /usr/local/lib/python3.12/site-packages/taskflow/listeners/logging.py:194}}
Jan 26 19:04:11.153547 np0005596550.novalocal cinder-volume[196635]: DEBUG cinder.volume.manager [None req-8e83c1c3-6a36-46bc-9e81-7527f0f724d8 tempest-VolumesMetadataTest-1579708314 None] Task 'cinder.volume.flows.manager.create_volume.ExtractVolumeSpecTask;volume:create' (d5115f61-a9b2-43d6-8f51-1ad74eb674a5) transitioned into state 'SUCCESS' from state 'RUNNING' with result '{'status': 'creating', 'type': 'raw', 'volume_id': '959f8881-0830-414f-8342-9cb8cdb69951', 'volume_name': 'volume-959f8881-0830-414f-8342-9cb8cdb69951', 'volume_size': 1}' {{(pid=196635) _task_receiver /usr/local/lib/python3.12/site-packages/taskflow/listeners/logging.py:182}}
Jan 26 19:04:11.153547 np0005596550.novalocal cinder-volume[196635]: DEBUG cinder.volume.manager [None req-8e83c1c3-6a36-46bc-9e81-7527f0f724d8 tempest-VolumesMetadataTest-1579708314 None] Task 'cinder.volume.flows.manager.create_volume.NotifyVolumeActionTask;volume:create, create.start' (566ea971-187a-413f-9c7e-072cb091a8c8) transitioned into state 'RUNNING' from state 'PENDING' {{(pid=196635) _task_receiver /usr/local/lib/python3.12/site-packages/taskflow/listeners/logging.py:194}}
Jan 26 19:04:11.154632 np0005596550.novalocal cinder-volume[196635]: DEBUG cinder.volume.manager [None req-8e83c1c3-6a36-46bc-9e81-7527f0f724d8 tempest-VolumesMetadataTest-1579708314 None] Task 'cinder.volume.flows.manager.create_volume.NotifyVolumeActionTask;volume:create, create.start' (566ea971-187a-413f-9c7e-072cb091a8c8) transitioned into state 'SUCCESS' from state 'RUNNING' with result 'None' {{(pid=196635) _task_receiver /usr/local/lib/python3.12/site-packages/taskflow/listeners/logging.py:182}}
Jan 26 19:04:11.156330 np0005596550.novalocal cinder-volume[196635]: DEBUG cinder.volume.manager [None req-8e83c1c3-6a36-46bc-9e81-7527f0f724d8 tempest-VolumesMetadataTest-1579708314 None] Task 'cinder.volume.flows.manager.create_volume.CreateVolumeFromSpecTask;volume:create' (3cc345ef-da6b-4019-9217-4bb0106cbf2e) transitioned into state 'RUNNING' from state 'PENDING' {{(pid=196635) _task_receiver /usr/local/lib/python3.12/site-packages/taskflow/listeners/logging.py:194}}
Jan 26 19:04:11.156906 np0005596550.novalocal cinder-volume[196635]: INFO cinder.volume.flows.manager.create_volume [None req-8e83c1c3-6a36-46bc-9e81-7527f0f724d8 tempest-VolumesMetadataTest-1579708314 None] Volume 959f8881-0830-414f-8342-9cb8cdb69951: being created as raw with specification: {'status': 'creating', 'volume_name': 'volume-959f8881-0830-414f-8342-9cb8cdb69951', 'volume_size': 1}
Jan 26 19:04:11.157525 np0005596550.novalocal cinder-volume[196635]: DEBUG oslo_concurrency.processutils [None req-8e83c1c3-6a36-46bc-9e81-7527f0f724d8 tempest-VolumesMetadataTest-1579708314 None] Running cmd (subprocess): sudo cinder-rootwrap /etc/cinder/rootwrap.conf env LC_ALL=C lvcreate -T -V 1g -n volume-959f8881-0830-414f-8342-9cb8cdb69951 stack-volumes-lvmdriver-1/stack-volumes-lvmdriver-1-pool {{(pid=196635) execute /usr/local/lib/python3.12/site-packages/oslo_concurrency/processutils.py:349}}
Jan 26 19:04:11.182841 np0005596550.novalocal sudo[221360]: stack : PWD=/ ; USER=root ; COMMAND=/usr/local/bin/cinder-rootwrap /etc/cinder/rootwrap.conf env LC_ALL=C lvcreate -T -V 1g -n volume-959f8881-0830-414f-8342-9cb8cdb69951 stack-volumes-lvmdriver-1/stack-volumes-lvmdriver-1-pool
Jan 26 19:04:11.767205 np0005596550.novalocal cinder-volume[196635]: DEBUG oslo_concurrency.processutils [None req-8e83c1c3-6a36-46bc-9e81-7527f0f724d8 tempest-VolumesMetadataTest-1579708314 None] CMD "sudo cinder-rootwrap /etc/cinder/rootwrap.conf env LC_ALL=C lvcreate -T -V 1g -n volume-959f8881-0830-414f-8342-9cb8cdb69951 stack-volumes-lvmdriver-1/stack-volumes-lvmdriver-1-pool" returned: 0 in 0.609s {{(pid=196635) execute /usr/local/lib/python3.12/site-packages/oslo_concurrency/processutils.py:372}}
Jan 26 19:04:11.772055 np0005596550.novalocal cinder-volume[196635]: DEBUG cinder.volume.manager [None req-8e83c1c3-6a36-46bc-9e81-7527f0f724d8 tempest-VolumesMetadataTest-1579708314 None] Task 'cinder.volume.flows.manager.create_volume.CreateVolumeFromSpecTask;volume:create' (3cc345ef-da6b-4019-9217-4bb0106cbf2e) transitioned into state 'SUCCESS' from state 'RUNNING' with result '{'status': 'creating', 'volume_name': 'volume-959f8881-0830-414f-8342-9cb8cdb69951', 'volume_size': 1}' {{(pid=196635) _task_receiver /usr/local/lib/python3.12/site-packages/taskflow/listeners/logging.py:182}}
