Jan 26 19:08:42.694074 np0005596550.novalocal cinder-volume[196635]: DEBUG cinder.volume.manager [None req-6f89db8c-c0e7-4767-83c1-d4ad079f76fd tempest-VolumesSnapshotTestJSON-666453103 None] Task 'cinder.volume.flows.manager.create_volume.ExtractVolumeRefTask;volume:create' (94e14c12-99f4-403b-a5af-f9ab30626ae5) transitioned into state 'SUCCESS' from state 'RUNNING' with result 'Volume(_name_id=None,admin_metadata=,attach_status='detached',availability_zone='nova',bootable=False,cluster=,cluster_name=None,consistencygroup=,consistencygroup_id=None,created_at=2026-01-27T00:08:40Z,deleted=False,deleted_at=None,display_description=None,display_name='tempest-VolumesSnapshotTestJSON-Volume-1239307995',ec2_id=None,encryption_key_id=None,glance_metadata=,group=,group_id=None,host='np0005596550.novalocal@lvmdriver-1#lvmdriver-1',id=44e55a76-b3b0-40e8-822e-4f90547dd6af,launched_at=None,metadata={},migration_status=None,multiattach=False,previous_status=None,project_id='c55032abafa74d4facac03929da4a366',provider_auth=None,provider_geometry=None,provider_id=None,provider_location=None,replication_driver_data=None,replication_extended_status=None,replication_status=None,scheduled_at=2026-01-27T00:08:42Z,service_uuid=None,shared_targets=True,size=1,snapshot_id=2cf9d212-f6db-4dee-8bbf-2aba51b58f9c,snapshots=,source_volid=None,status='creating',terminated_at=None,updated_at=2026-01-27T00:08:42Z,use_quota=True,user_id='d9bb266354284323ae54b4c3317c26e5',volume_attachment=VolumeAttachmentList,volume_type=VolumeType(423298ae-9268-4d03-9cb5-063c9922a67c),volume_type_id=423298ae-9268-4d03-9cb5-063c9922a67c)' {{(pid=196635) _task_receiver /usr/local/lib/python3.12/site-packages/taskflow/listeners/logging.py:182}}
Jan 26 19:08:42.696530 np0005596550.novalocal cinder-volume[196635]: DEBUG cinder.volume.manager [None req-6f89db8c-c0e7-4767-83c1-d4ad079f76fd tempest-VolumesSnapshotTestJSON-666453103 None] Task 'cinder.volume.flows.manager.create_volume.OnFailureRescheduleTask;volume:create' (953f436e-00d3-463a-861f-6e69d1bdd30d) transitioned into state 'RUNNING' from state 'PENDING' {{(pid=196635) _task_receiver /usr/local/lib/python3.12/site-packages/taskflow/listeners/logging.py:194}}
Jan 26 19:08:42.698266 np0005596550.novalocal cinder-volume[196635]: DEBUG cinder.volume.manager [None req-6f89db8c-c0e7-4767-83c1-d4ad079f76fd tempest-VolumesSnapshotTestJSON-666453103 None] Task 'cinder.volume.flows.manager.create_volume.OnFailureRescheduleTask;volume:create' (953f436e-00d3-463a-861f-6e69d1bdd30d) transitioned into state 'SUCCESS' from state 'RUNNING' with result 'None' {{(pid=196635) _task_receiver /usr/local/lib/python3.12/site-packages/taskflow/listeners/logging.py:182}}
Jan 26 19:08:42.700323 np0005596550.novalocal cinder-volume[196635]: DEBUG cinder.volume.manager [None req-6f89db8c-c0e7-4767-83c1-d4ad079f76fd tempest-VolumesSnapshotTestJSON-666453103 None] Task 'cinder.volume.flows.manager.create_volume.ExtractVolumeSpecTask;volume:create' (50f2c57e-1f52-4dd6-8435-1f8b5f3a8b49) transitioned into state 'RUNNING' from state 'PENDING' {{(pid=196635) _task_receiver /usr/local/lib/python3.12/site-packages/taskflow/listeners/logging.py:194}}
Jan 26 19:08:42.702714 np0005596550.novalocal cinder-volume[196635]: DEBUG cinder.volume.manager [None req-6f89db8c-c0e7-4767-83c1-d4ad079f76fd tempest-VolumesSnapshotTestJSON-666453103 None] Task 'cinder.volume.flows.manager.create_volume.ExtractVolumeSpecTask;volume:create' (50f2c57e-1f52-4dd6-8435-1f8b5f3a8b49) transitioned into state 'SUCCESS' from state 'RUNNING' with result '{'status': 'creating', 'type': 'snap', 'volume_id': '44e55a76-b3b0-40e8-822e-4f90547dd6af', 'volume_name': 'volume-44e55a76-b3b0-40e8-822e-4f90547dd6af', 'volume_size': 1, 'snapshot_id': '2cf9d212-f6db-4dee-8bbf-2aba51b58f9c'}' {{(pid=196635) _task_receiver /usr/local/lib/python3.12/site-packages/taskflow/listeners/logging.py:182}}
Jan 26 19:08:42.704557 np0005596550.novalocal cinder-volume[196635]: DEBUG cinder.volume.manager [None req-6f89db8c-c0e7-4767-83c1-d4ad079f76fd tempest-VolumesSnapshotTestJSON-666453103 None] Task 'cinder.volume.flows.manager.create_volume.NotifyVolumeActionTask;volume:create, create.start' (22893bdf-0335-497c-8fcc-bd1cd5e7a27f) transitioned into state 'RUNNING' from state 'PENDING' {{(pid=196635) _task_receiver /usr/local/lib/python3.12/site-packages/taskflow/listeners/logging.py:194}}
Jan 26 19:08:42.706281 np0005596550.novalocal cinder-volume[196635]: DEBUG cinder.volume.manager [None req-6f89db8c-c0e7-4767-83c1-d4ad079f76fd tempest-VolumesSnapshotTestJSON-666453103 None] Task 'cinder.volume.flows.manager.create_volume.NotifyVolumeActionTask;volume:create, create.start' (22893bdf-0335-497c-8fcc-bd1cd5e7a27f) transitioned into state 'SUCCESS' from state 'RUNNING' with result 'None' {{(pid=196635) _task_receiver /usr/local/lib/python3.12/site-packages/taskflow/listeners/logging.py:182}}
Jan 26 19:08:42.708176 np0005596550.novalocal cinder-volume[196635]: DEBUG cinder.volume.manager [None req-6f89db8c-c0e7-4767-83c1-d4ad079f76fd tempest-VolumesSnapshotTestJSON-666453103 None] Task 'cinder.volume.flows.manager.create_volume.CreateVolumeFromSpecTask;volume:create' (51ed3b09-0db0-483e-9aef-4c4705b8eb31) transitioned into state 'RUNNING' from state 'PENDING' {{(pid=196635) _task_receiver /usr/local/lib/python3.12/site-packages/taskflow/listeners/logging.py:194}}
Jan 26 19:08:42.708685 np0005596550.novalocal cinder-volume[196635]: INFO cinder.volume.flows.manager.create_volume [None req-6f89db8c-c0e7-4767-83c1-d4ad079f76fd tempest-VolumesSnapshotTestJSON-666453103 None] Volume 44e55a76-b3b0-40e8-822e-4f90547dd6af: being created as snap with specification: {'status': 'creating', 'volume_name': 'volume-44e55a76-b3b0-40e8-822e-4f90547dd6af', 'volume_size': 1, 'snapshot_id': '2cf9d212-f6db-4dee-8bbf-2aba51b58f9c'}
Jan 26 19:08:42.736143 np0005596550.novalocal cinder-volume[196635]: DEBUG oslo_concurrency.processutils [None req-6f89db8c-c0e7-4767-83c1-d4ad079f76fd tempest-VolumesSnapshotTestJSON-666453103 None] Running cmd (subprocess): sudo cinder-rootwrap /etc/cinder/rootwrap.conf env LC_ALL=C lvs --noheadings --unit=g -o vg_name,name,size --nosuffix --readonly stack-volumes-lvmdriver-1/_snapshot-2cf9d212-f6db-4dee-8bbf-2aba51b58f9c {{(pid=196635) execute /usr/local/lib/python3.12/site-packages/oslo_concurrency/processutils.py:349}}
Jan 26 19:08:42.775984 np0005596550.novalocal sudo[226471]: stack : PWD=/ ; USER=root ; COMMAND=/usr/local/bin/cinder-rootwrap /etc/cinder/rootwrap.conf env LC_ALL=C lvs --noheadings --unit=g -o vg_name,name,size --nosuffix --readonly stack-volumes-lvmdriver-1/_snapshot-2cf9d212-f6db-4dee-8bbf-2aba51b58f9c
Jan 26 19:08:43.283081 np0005596550.novalocal cinder-volume[196635]: DEBUG oslo_concurrency.processutils [None req-6f89db8c-c0e7-4767-83c1-d4ad079f76fd tempest-VolumesSnapshotTestJSON-666453103 None] CMD "sudo cinder-rootwrap /etc/cinder/rootwrap.conf env LC_ALL=C lvs --noheadings --unit=g -o vg_name,name,size --nosuffix --readonly stack-volumes-lvmdriver-1/_snapshot-2cf9d212-f6db-4dee-8bbf-2aba51b58f9c" returned: 0 in 0.545s {{(pid=196635) execute /usr/local/lib/python3.12/site-packages/oslo_concurrency/processutils.py:372}}
Jan 26 19:08:43.284053 np0005596550.novalocal cinder-volume[196635]: DEBUG oslo_concurrency.processutils [None req-6f89db8c-c0e7-4767-83c1-d4ad079f76fd tempest-VolumesSnapshotTestJSON-666453103 None] Running cmd (subprocess): sudo cinder-rootwrap /etc/cinder/rootwrap.conf env LC_ALL=C lvcreate --name volume-44e55a76-b3b0-40e8-822e-4f90547dd6af --snapshot stack-volumes-lvmdriver-1/_snapshot-2cf9d212-f6db-4dee-8bbf-2aba51b58f9c {{(pid=196635) execute /usr/local/lib/python3.12/site-packages/oslo_concurrency/processutils.py:349}}
Jan 26 19:08:43.308368 np0005596550.novalocal sudo[226477]: stack : PWD=/ ; USER=root ; COMMAND=/usr/local/bin/cinder-rootwrap /etc/cinder/rootwrap.conf env LC_ALL=C lvcreate --name volume-44e55a76-b3b0-40e8-822e-4f90547dd6af --snapshot stack-volumes-lvmdriver-1/_snapshot-2cf9d212-f6db-4dee-8bbf-2aba51b58f9c
Jan 26 19:08:43.742010 np0005596550.novalocal cinder-volume[196635]: DEBUG oslo_concurrency.processutils [None req-6f89db8c-c0e7-4767-83c1-d4ad079f76fd tempest-VolumesSnapshotTestJSON-666453103 None] CMD "sudo cinder-rootwrap /etc/cinder/rootwrap.conf env LC_ALL=C lvcreate --name volume-44e55a76-b3b0-40e8-822e-4f90547dd6af --snapshot stack-volumes-lvmdriver-1/_snapshot-2cf9d212-f6db-4dee-8bbf-2aba51b58f9c" returned: 0 in 0.455s {{(pid=196635) execute /usr/local/lib/python3.12/site-packages/oslo_concurrency/processutils.py:372}}
Jan 26 19:08:43.743127 np0005596550.novalocal cinder-volume[196635]: DEBUG oslo_concurrency.processutils [None req-6f89db8c-c0e7-4767-83c1-d4ad079f76fd tempest-VolumesSnapshotTestJSON-666453103 None] Running cmd (subprocess): sudo cinder-rootwrap /etc/cinder/rootwrap.conf lvchange -a y --yes -K stack-volumes-lvmdriver-1/_snapshot-2cf9d212-f6db-4dee-8bbf-2aba51b58f9c {{(pid=196635) execute /usr/local/lib/python3.12/site-packages/oslo_concurrency/processutils.py:349}}
Jan 26 19:08:43.771100 np0005596550.novalocal sudo[226484]: stack : PWD=/ ; USER=root ; COMMAND=/usr/local/bin/cinder-rootwrap /etc/cinder/rootwrap.conf lvchange -a y --yes -K stack-volumes-lvmdriver-1/_snapshot-2cf9d212-f6db-4dee-8bbf-2aba51b58f9c
Jan 26 19:08:44.280635 np0005596550.novalocal cinder-volume[196635]: DEBUG oslo_concurrency.processutils [None req-6f89db8c-c0e7-4767-83c1-d4ad079f76fd tempest-VolumesSnapshotTestJSON-666453103 None] CMD "sudo cinder-rootwrap /etc/cinder/rootwrap.conf lvchange -a y --yes -K stack-volumes-lvmdriver-1/_snapshot-2cf9d212-f6db-4dee-8bbf-2aba51b58f9c" returned: 0 in 0.537s {{(pid=196635) execute /usr/local/lib/python3.12/site-packages/oslo_concurrency/processutils.py:372}}
Jan 26 19:08:44.281427 np0005596550.novalocal cinder-volume[196635]: DEBUG oslo_concurrency.processutils [None req-6f89db8c-c0e7-4767-83c1-d4ad079f76fd tempest-VolumesSnapshotTestJSON-666453103 None] Running cmd (subprocess): sudo cinder-rootwrap /etc/cinder/rootwrap.conf lvchange -a y --yes -k n stack-volumes-lvmdriver-1/volume-44e55a76-b3b0-40e8-822e-4f90547dd6af {{(pid=196635) execute /usr/local/lib/python3.12/site-packages/oslo_concurrency/processutils.py:349}}
Jan 26 19:08:44.314212 np0005596550.novalocal sudo[226503]: stack : PWD=/ ; USER=root ; COMMAND=/usr/local/bin/cinder-rootwrap /etc/cinder/rootwrap.conf lvchange -a y --yes -k n stack-volumes-lvmdriver-1/volume-44e55a76-b3b0-40e8-822e-4f90547dd6af
Jan 26 19:08:46.625813 np0005596550.novalocal cinder-volume[196635]: DEBUG oslo_concurrency.processutils [None req-6f89db8c-c0e7-4767-83c1-d4ad079f76fd tempest-VolumesSnapshotTestJSON-666453103 None] CMD "sudo cinder-rootwrap /etc/cinder/rootwrap.conf lvchange -a y --yes -k n stack-volumes-lvmdriver-1/volume-44e55a76-b3b0-40e8-822e-4f90547dd6af" returned: 0 in 2.344s {{(pid=196635) execute /usr/local/lib/python3.12/site-packages/oslo_concurrency/processutils.py:372}}
Jan 26 19:08:46.637982 np0005596550.novalocal cinder-volume[196635]: DEBUG cinder.volume.manager [None req-6f89db8c-c0e7-4767-83c1-d4ad079f76fd tempest-VolumesSnapshotTestJSON-666453103 None] Task 'cinder.volume.flows.manager.create_volume.CreateVolumeFromSpecTask;volume:create' (51ed3b09-0db0-483e-9aef-4c4705b8eb31) transitioned into state 'SUCCESS' from state 'RUNNING' with result '{'status': 'creating', 'volume_name': 'volume-44e55a76-b3b0-40e8-822e-4f90547dd6af', 'volume_size': 1, 'snapshot_id': '2cf9d212-f6db-4dee-8bbf-2aba51b58f9c'}' {{(pid=196635) _task_receiver /usr/local/lib/python3.12/site-packages/taskflow/listeners/logging.py:182}}
Jan 26 19:08:46.641573 np0005596550.novalocal cinder-volume[196635]: DEBUG cinder.volume.manager [None req-6f89db8c-c0e7-4767-83c1-d4ad079f76fd tempest-VolumesSnapshotTestJSON-666453103 None] Task 'cinder.volume.flows.manager.create_volume.CreateVolumeOnFinishTask;volume:create, create.end' (f82df6de-8eb3-4954-8b03-8ddf9d29f553) transitioned into state 'RUNNING' from state 'PENDING' {{(pid=196635) _task_receiver /usr/local/lib/python3.12/site-packages/taskflow/listeners/logging.py:194}}
Jan 26 19:08:46.661964 np0005596550.novalocal cinder-volume[196635]: INFO cinder.volume.flows.manager.create_volume [None req-6f89db8c-c0e7-4767-83c1-d4ad079f76fd tempest-VolumesSnapshotTestJSON-666453103 None] Volume volume-44e55a76-b3b0-40e8-822e-4f90547dd6af (44e55a76-b3b0-40e8-822e-4f90547dd6af): created successfully
Jan 26 19:08:46.663556 np0005596550.novalocal cinder-volume[196635]: DEBUG cinder.volume.manager [None req-6f89db8c-c0e7-4767-83c1-d4ad079f76fd tempest-VolumesSnapshotTestJSON-666453103 None] Task 'cinder.volume.flows.manager.create_volume.CreateVolumeOnFinishTask;volume:create, create.end' (f82df6de-8eb3-4954-8b03-8ddf9d29f553) transitioned into state 'SUCCESS' from state 'RUNNING' with result 'None' {{(pid=196635) _task_receiver /usr/local/lib/python3.12/site-packages/taskflow/listeners/logging.py:182}}
Jan 26 19:08:46.665711 np0005596550.novalocal cinder-volume[196635]: DEBUG cinder.volume.manager [None req-6f89db8c-c0e7-4767-83c1-d4ad079f76fd tempest-VolumesSnapshotTestJSON-666453103 None] Flow 'volume_create_manager' (242393e3-9aab-4ed7-90b5-8919d3204e2e) transitioned into state 'SUCCESS' from state 'RUNNING' {{(pid=196635) _flow_receiver /usr/local/lib/python3.12/site-packages/taskflow/listeners/logging.py:145}}
Jan 26 19:08:46.691579 np0005596550.novalocal cinder-volume[196635]: INFO cinder.volume.manager [None req-6f89db8c-c0e7-4767-83c1-d4ad079f76fd tempest-VolumesSnapshotTestJSON-666453103 None] Created volume successfully.
Jan 26 19:08:47.588735 np0005596550.novalocal cinder-volume[196635]: DEBUG cinder.coordination [None req-191029fb-4909-445f-abb0-7754609a2e62 tempest-VolumesSnapshotTestJSON-666453103 None] Acquiring lock "cinder-44e55a76-b3b0-40e8-822e-4f90547dd6af-delete_volume" by "delete_volume" {{(pid=196635) __acquire /opt/stack/cinder/cinder/coordination.py:143}}
Jan 26 19:08:47.595417 np0005596550.novalocal cinder-volume[196635]: DEBUG cinder.coordination [None req-191029fb-4909-445f-abb0-7754609a2e62 tempest-VolumesSnapshotTestJSON-666453103 None] Lock "cinder-44e55a76-b3b0-40e8-822e-4f90547dd6af-delete_volume" acquired by "delete_volume" :: waited 0.009s {{(pid=196635) __acquire /opt/stack/cinder/cinder/coordination.py:146}}
Jan 26 19:08:47.614123 np0005596550.novalocal cinder-volume[196635]: INFO cinder.volume.targets.iscsi [None req-191029fb-4909-445f-abb0-7754609a2e62 tempest-VolumesSnapshotTestJSON-666453103 None] Skipping remove_export. No iscsi_target is presently exported for volume: 44e55a76-b3b0-40e8-822e-4f90547dd6af
Jan 26 19:08:47.614524 np0005596550.novalocal cinder-volume[196635]: DEBUG oslo_concurrency.processutils [None req-191029fb-4909-445f-abb0-7754609a2e62 tempest-VolumesSnapshotTestJSON-666453103 None] Running cmd (subprocess): sudo cinder-rootwrap /etc/cinder/rootwrap.conf env LC_ALL=C lvs --noheadings --unit=g -o vg_name,name,size --nosuffix --readonly stack-volumes-lvmdriver-1/volume-44e55a76-b3b0-40e8-822e-4f90547dd6af {{(pid=196635) execute /usr/local/lib/python3.12/site-packages/oslo_concurrency/processutils.py:349}}
Jan 26 19:08:47.644402 np0005596550.novalocal sudo[226537]: stack : PWD=/ ; USER=root ; COMMAND=/usr/local/bin/cinder-rootwrap /etc/cinder/rootwrap.conf env LC_ALL=C lvs --noheadings --unit=g -o vg_name,name,size --nosuffix --readonly stack-volumes-lvmdriver-1/volume-44e55a76-b3b0-40e8-822e-4f90547dd6af
Jan 26 19:08:48.075100 np0005596550.novalocal cinder-volume[196635]: DEBUG oslo_concurrency.processutils [None req-191029fb-4909-445f-abb0-7754609a2e62 tempest-VolumesSnapshotTestJSON-666453103 None] CMD "sudo cinder-rootwrap /etc/cinder/rootwrap.conf env LC_ALL=C lvs --noheadings --unit=g -o vg_name,name,size --nosuffix --readonly stack-volumes-lvmdriver-1/volume-44e55a76-b3b0-40e8-822e-4f90547dd6af" returned: 0 in 0.460s {{(pid=196635) execute /usr/local/lib/python3.12/site-packages/oslo_concurrency/processutils.py:372}}
Jan 26 19:08:48.076520 np0005596550.novalocal cinder-volume[196635]: DEBUG oslo_concurrency.processutils [None req-191029fb-4909-445f-abb0-7754609a2e62 tempest-VolumesSnapshotTestJSON-666453103 None] Running cmd (subprocess): sudo cinder-rootwrap /etc/cinder/rootwrap.conf env LC_ALL=C lvdisplay --noheading -C -o Attr --readonly stack-volumes-lvmdriver-1/volume-44e55a76-b3b0-40e8-822e-4f90547dd6af {{(pid=196635) execute /usr/local/lib/python3.12/site-packages/oslo_concurrency/processutils.py:349}}
Jan 26 19:08:48.104807 np0005596550.novalocal sudo[226544]: stack : PWD=/ ; USER=root ; COMMAND=/usr/local/bin/cinder-rootwrap /etc/cinder/rootwrap.conf env LC_ALL=C lvdisplay --noheading -C -o Attr --readonly stack-volumes-lvmdriver-1/volume-44e55a76-b3b0-40e8-822e-4f90547dd6af
Jan 26 19:08:48.527139 np0005596550.novalocal cinder-volume[196635]: DEBUG oslo_concurrency.processutils [None req-191029fb-4909-445f-abb0-7754609a2e62 tempest-VolumesSnapshotTestJSON-666453103 None] CMD "sudo cinder-rootwrap /etc/cinder/rootwrap.conf env LC_ALL=C lvdisplay --noheading -C -o Attr --readonly stack-volumes-lvmdriver-1/volume-44e55a76-b3b0-40e8-822e-4f90547dd6af" returned: 0 in 0.448s {{(pid=196635) execute /usr/local/lib/python3.12/site-packages/oslo_concurrency/processutils.py:372}}
Jan 26 19:08:48.527522 np0005596550.novalocal cinder-volume[196635]: DEBUG oslo_concurrency.processutils [None req-191029fb-4909-445f-abb0-7754609a2e62 tempest-VolumesSnapshotTestJSON-666453103 None] Running cmd (subprocess): sudo cinder-rootwrap /etc/cinder/rootwrap.conf lvremove --config activation { retry_deactivation = 1} -f stack-volumes-lvmdriver-1/volume-44e55a76-b3b0-40e8-822e-4f90547dd6af {{(pid=196635) execute /usr/local/lib/python3.12/site-packages/oslo_concurrency/processutils.py:349}}
Jan 26 19:08:48.563530 np0005596550.novalocal sudo[226549]: stack : PWD=/ ; USER=root ; COMMAND=/usr/local/bin/cinder-rootwrap /etc/cinder/rootwrap.conf lvremove --config 'activation { retry_deactivation = 1} ' -f stack-volumes-lvmdriver-1/volume-44e55a76-b3b0-40e8-822e-4f90547dd6af
Jan 26 19:08:49.044732 np0005596550.novalocal cinder-volume[196635]: DEBUG oslo_concurrency.processutils [None req-191029fb-4909-445f-abb0-7754609a2e62 tempest-VolumesSnapshotTestJSON-666453103 None] CMD "sudo cinder-rootwrap /etc/cinder/rootwrap.conf lvremove --config activation { retry_deactivation = 1} -f stack-volumes-lvmdriver-1/volume-44e55a76-b3b0-40e8-822e-4f90547dd6af" returned: 0 in 0.514s {{(pid=196635) execute /usr/local/lib/python3.12/site-packages/oslo_concurrency/processutils.py:372}}
Jan 26 19:08:49.044732 np0005596550.novalocal cinder-volume[196635]: INFO cinder.volume.drivers.lvm [None req-191029fb-4909-445f-abb0-7754609a2e62 tempest-VolumesSnapshotTestJSON-666453103 None] Successfully deleted volume: 44e55a76-b3b0-40e8-822e-4f90547dd6af
Jan 26 19:08:49.123680 np0005596550.novalocal cinder-volume[196635]: DEBUG cinder.quota [None req-191029fb-4909-445f-abb0-7754609a2e62 tempest-VolumesSnapshotTestJSON-666453103 None] Created reservations ['4b08e32f-1d06-42af-8e3a-3995a7f6c06a', 'fc878a90-536f-4ade-91fe-0ef3fe8acae4', 'f05b8a41-3405-493a-b987-1df936330e41', '2023091e-891f-452e-abbd-3fcfd8d5d297'] {{(pid=196635) reserve /opt/stack/cinder/cinder/quota.py:752}}
Jan 26 19:08:49.187902 np0005596550.novalocal cinder-volume[196635]: DEBUG cinder.volume.drivers.lvm [None req-191029fb-4909-445f-abb0-7754609a2e62 tempest-VolumesSnapshotTestJSON-666453103 None] Updating volume stats {{(pid=196635) _update_volume_stats /opt/stack/cinder/cinder/volume/drivers/lvm.py:228}}
Jan 26 19:08:49.188348 np0005596550.novalocal cinder-volume[196635]: DEBUG oslo_concurrency.processutils [None req-191029fb-4909-445f-abb0-7754609a2e62 tempest-VolumesSnapshotTestJSON-666453103 None] Running cmd (subprocess): sudo cinder-rootwrap /etc/cinder/rootwrap.conf env LC_ALL=C vgs --noheadings --unit=g -o name,size,free,lv_count,uuid --separator : --nosuffix stack-volumes-lvmdriver-1 {{(pid=196635) execute /usr/local/lib/python3.12/site-packages/oslo_concurrency/processutils.py:349}}
Jan 26 19:08:49.206477 np0005596550.novalocal sudo[226556]: stack : PWD=/ ; USER=root ; COMMAND=/usr/local/bin/cinder-rootwrap /etc/cinder/rootwrap.conf env LC_ALL=C vgs --noheadings --unit=g -o name,size,free,lv_count,uuid --separator : --nosuffix stack-volumes-lvmdriver-1
Jan 26 19:08:49.584078 np0005596550.novalocal cinder-volume[196635]: DEBUG oslo_concurrency.processutils [None req-191029fb-4909-445f-abb0-7754609a2e62 tempest-VolumesSnapshotTestJSON-666453103 None] CMD "sudo cinder-rootwrap /etc/cinder/rootwrap.conf env LC_ALL=C vgs --noheadings --unit=g -o name,size,free,lv_count,uuid --separator : --nosuffix stack-volumes-lvmdriver-1" returned: 0 in 0.395s {{(pid=196635) execute /usr/local/lib/python3.12/site-packages/oslo_concurrency/processutils.py:372}}
Jan 26 19:08:49.584847 np0005596550.novalocal cinder-volume[196635]: DEBUG oslo_concurrency.processutils [None req-191029fb-4909-445f-abb0-7754609a2e62 tempest-VolumesSnapshotTestJSON-666453103 None] Running cmd (subprocess): sudo cinder-rootwrap /etc/cinder/rootwrap.conf env LC_ALL=C lvs --noheadings --unit=g -o vg_name,name,size --nosuffix --readonly stack-volumes-lvmdriver-1 {{(pid=196635) execute /usr/local/lib/python3.12/site-packages/oslo_concurrency/processutils.py:349}}
Jan 26 19:08:49.611170 np0005596550.novalocal sudo[226562]: stack : PWD=/ ; USER=root ; COMMAND=/usr/local/bin/cinder-rootwrap /etc/cinder/rootwrap.conf env LC_ALL=C lvs --noheadings --unit=g -o vg_name,name,size --nosuffix --readonly stack-volumes-lvmdriver-1
Jan 26 19:08:49.797807 np0005596550.novalocal cinder-volume[196635]: DEBUG cinder.coordination [None req-1785087f-1738-49db-8341-d472a65b5e4c tempest-VolumesSnapshotTestJSON-666453103 None] Acquiring lock "cinder-2cf9d212-f6db-4dee-8bbf-2aba51b58f9c-delete_snapshot" by "delete_snapshot" {{(pid=196635) __acquire /opt/stack/cinder/cinder/coordination.py:143}}
Jan 26 19:08:49.809799 np0005596550.novalocal cinder-volume[196635]: DEBUG cinder.coordination [None req-1785087f-1738-49db-8341-d472a65b5e4c tempest-VolumesSnapshotTestJSON-666453103 None] Lock "cinder-2cf9d212-f6db-4dee-8bbf-2aba51b58f9c-delete_snapshot" acquired by "delete_snapshot" :: waited 0.009s {{(pid=196635) __acquire /opt/stack/cinder/cinder/coordination.py:146}}
Jan 26 19:08:49.809799 np0005596550.novalocal cinder-volume[196635]: DEBUG oslo_concurrency.processutils [None req-1785087f-1738-49db-8341-d472a65b5e4c tempest-VolumesSnapshotTestJSON-666453103 None] Running cmd (subprocess): sudo cinder-rootwrap /etc/cinder/rootwrap.conf env LC_ALL=C lvs --noheadings --unit=g -o vg_name,name,size --nosuffix --readonly stack-volumes-lvmdriver-1/_snapshot-2cf9d212-f6db-4dee-8bbf-2aba51b58f9c {{(pid=196635) execute /usr/local/lib/python3.12/site-packages/oslo_concurrency/processutils.py:349}}
Jan 26 19:08:49.844354 np0005596550.novalocal sudo[226565]: stack : PWD=/ ; USER=root ; COMMAND=/usr/local/bin/cinder-rootwrap /etc/cinder/rootwrap.conf env LC_ALL=C lvs --noheadings --unit=g -o vg_name,name,size --nosuffix --readonly stack-volumes-lvmdriver-1/_snapshot-2cf9d212-f6db-4dee-8bbf-2aba51b58f9c
Jan 26 19:08:49.993266 np0005596550.novalocal cinder-volume[196635]: DEBUG oslo_service.periodic_task [None req-e1609359-a989-4404-8e06-92ddb1d8b944 None None] Running periodic task VolumeManager.publish_service_capabilities {{(pid=196635) run_periodic_tasks /usr/local/lib/python3.12/site-packages/oslo_service/periodic_task.py:210}}
Jan 26 19:08:49.994380 np0005596550.novalocal cinder-volume[196635]: DEBUG cinder.volume.drivers.lvm [None req-e1609359-a989-4404-8e06-92ddb1d8b944 None None] Updating volume stats {{(pid=196635) _update_volume_stats /opt/stack/cinder/cinder/volume/drivers/lvm.py:228}}
Jan 26 19:08:49.994927 np0005596550.novalocal cinder-volume[196635]: DEBUG oslo_concurrency.processutils [None req-e1609359-a989-4404-8e06-92ddb1d8b944 None None] Running cmd (subprocess): sudo cinder-rootwrap /etc/cinder/rootwrap.conf env LC_ALL=C vgs --noheadings --unit=g -o name,size,free,lv_count,uuid --separator : --nosuffix stack-volumes-lvmdriver-1 {{(pid=196635) execute /usr/local/lib/python3.12/site-packages/oslo_concurrency/processutils.py:349}}
Jan 26 19:08:50.027396 np0005596550.novalocal sudo[226569]: stack : PWD=/ ; USER=root ; COMMAND=/usr/local/bin/cinder-rootwrap /etc/cinder/rootwrap.conf env LC_ALL=C vgs --noheadings --unit=g -o name,size,free,lv_count,uuid --separator : --nosuffix stack-volumes-lvmdriver-1
Jan 26 19:08:50.077946 np0005596550.novalocal cinder-volume[196635]: DEBUG oslo_concurrency.processutils [None req-191029fb-4909-445f-abb0-7754609a2e62 tempest-VolumesSnapshotTestJSON-666453103 None] CMD "sudo cinder-rootwrap /etc/cinder/rootwrap.conf env LC_ALL=C lvs --noheadings --unit=g -o vg_name,name,size --nosuffix --readonly stack-volumes-lvmdriver-1" returned: 0 in 0.491s {{(pid=196635) execute /usr/local/lib/python3.12/site-packages/oslo_concurrency/processutils.py:372}}
Jan 26 19:08:50.077946 np0005596550.novalocal cinder-volume[196635]: DEBUG oslo_concurrency.processutils [None req-191029fb-4909-445f-abb0-7754609a2e62 tempest-VolumesSnapshotTestJSON-666453103 None] Running cmd (subprocess): sudo cinder-rootwrap /etc/cinder/rootwrap.conf env LC_ALL=C lvs --noheadings --unit=g -o size,data_percent --separator : --nosuffix /dev/stack-volumes-lvmdriver-1/stack-volumes-lvmdriver-1-pool {{(pid=196635) execute /usr/local/lib/python3.12/site-packages/oslo_concurrency/processutils.py:349}}
Jan 26 19:08:50.107494 np0005596550.novalocal sudo[226573]: stack : PWD=/ ; USER=root ; COMMAND=/usr/local/bin/cinder-rootwrap /etc/cinder/rootwrap.conf env LC_ALL=C lvs --noheadings --unit=g -o size,data_percent --separator : --nosuffix /dev/stack-volumes-lvmdriver-1/stack-volumes-lvmdriver-1-pool
Jan 26 19:08:50.269984 np0005596550.novalocal cinder-volume[196635]: DEBUG oslo_concurrency.processutils [None req-1785087f-1738-49db-8341-d472a65b5e4c tempest-VolumesSnapshotTestJSON-666453103 None] CMD "sudo cinder-rootwrap /etc/cinder/rootwrap.conf env LC_ALL=C lvs --noheadings --unit=g -o vg_name,name,size --nosuffix --readonly stack-volumes-lvmdriver-1/_snapshot-2cf9d212-f6db-4dee-8bbf-2aba51b58f9c" returned: 0 in 0.460s {{(pid=196635) execute /usr/local/lib/python3.12/site-packages/oslo_concurrency/processutils.py:372}}
Jan 26 19:08:50.269984 np0005596550.novalocal cinder-volume[196635]: DEBUG oslo_concurrency.processutils [None req-1785087f-1738-49db-8341-d472a65b5e4c tempest-VolumesSnapshotTestJSON-666453103 None] Running cmd (subprocess): sudo cinder-rootwrap /etc/cinder/rootwrap.conf lvremove --config activation { retry_deactivation = 1} -f stack-volumes-lvmdriver-1/_snapshot-2cf9d212-f6db-4dee-8bbf-2aba51b58f9c {{(pid=196635) execute /usr/local/lib/python3.12/site-packages/oslo_concurrency/processutils.py:349}}
Jan 26 19:08:50.299447 np0005596550.novalocal sudo[226578]: stack : PWD=/ ; USER=root ; COMMAND=/usr/local/bin/cinder-rootwrap /etc/cinder/rootwrap.conf lvremove --config 'activation { retry_deactivation = 1} ' -f stack-volumes-lvmdriver-1/_snapshot-2cf9d212-f6db-4dee-8bbf-2aba51b58f9c
Jan 26 19:08:50.457148 np0005596550.novalocal cinder-volume[196635]: DEBUG oslo_concurrency.processutils [None req-e1609359-a989-4404-8e06-92ddb1d8b944 None None] CMD "sudo cinder-rootwrap /etc/cinder/rootwrap.conf env LC_ALL=C vgs --noheadings --unit=g -o name,size,free,lv_count,uuid --separator : --nosuffix stack-volumes-lvmdriver-1" returned: 0 in 0.462s {{(pid=196635) execute /usr/local/lib/python3.12/site-packages/oslo_concurrency/processutils.py:372}}
Jan 26 19:08:50.457760 np0005596550.novalocal cinder-volume[196635]: DEBUG oslo_concurrency.processutils [None req-e1609359-a989-4404-8e06-92ddb1d8b944 None None] Running cmd (subprocess): sudo cinder-rootwrap /etc/cinder/rootwrap.conf env LC_ALL=C lvs --noheadings --unit=g -o vg_name,name,size --nosuffix --readonly stack-volumes-lvmdriver-1 {{(pid=196635) execute /usr/local/lib/python3.12/site-packages/oslo_concurrency/processutils.py:349}}
Jan 26 19:08:50.480584 np0005596550.novalocal sudo[226587]: stack : PWD=/ ; USER=root ; COMMAND=/usr/local/bin/cinder-rootwrap /etc/cinder/rootwrap.conf env LC_ALL=C lvs --noheadings --unit=g -o vg_name,name,size --nosuffix --readonly stack-volumes-lvmdriver-1
Jan 26 19:08:50.494853 np0005596550.novalocal cinder-volume[196635]: DEBUG oslo_concurrency.processutils [None req-191029fb-4909-445f-abb0-7754609a2e62 tempest-VolumesSnapshotTestJSON-666453103 None] CMD "sudo cinder-rootwrap /etc/cinder/rootwrap.conf env LC_ALL=C lvs --noheadings --unit=g -o size,data_percent --separator : --nosuffix /dev/stack-volumes-lvmdriver-1/stack-volumes-lvmdriver-1-pool" returned: 0 in 0.418s {{(pid=196635) execute /usr/local/lib/python3.12/site-packages/oslo_concurrency/processutils.py:372}}
Jan 26 19:08:50.495873 np0005596550.novalocal cinder-volume[196635]: DEBUG oslo_concurrency.processutils [None req-191029fb-4909-445f-abb0-7754609a2e62 tempest-VolumesSnapshotTestJSON-666453103 None] Running cmd (subprocess): sudo cinder-rootwrap /etc/cinder/rootwrap.conf env LC_ALL=C lvs --noheadings --unit=g -o vg_name,name,size --nosuffix --readonly stack-volumes-lvmdriver-1 {{(pid=196635) execute /usr/local/lib/python3.12/site-packages/oslo_concurrency/processutils.py:349}}
Jan 26 19:08:50.525008 np0005596550.novalocal sudo[226589]: stack : PWD=/ ; USER=root ; COMMAND=/usr/local/bin/cinder-rootwrap /etc/cinder/rootwrap.conf env LC_ALL=C lvs --noheadings --unit=g -o vg_name,name,size --nosuffix --readonly stack-volumes-lvmdriver-1
Jan 26 19:08:50.865421 np0005596550.novalocal cinder-volume[196635]: DEBUG oslo_concurrency.processutils [None req-1785087f-1738-49db-8341-d472a65b5e4c tempest-VolumesSnapshotTestJSON-666453103 None] CMD "sudo cinder-rootwrap /etc/cinder/rootwrap.conf lvremove --config activation { retry_deactivation = 1} -f stack-volumes-lvmdriver-1/_snapshot-2cf9d212-f6db-4dee-8bbf-2aba51b58f9c" returned: 0 in 0.594s {{(pid=196635) execute /usr/local/lib/python3.12/site-packages/oslo_concurrency/processutils.py:372}}
Jan 26 19:08:50.897276 np0005596550.novalocal cinder-volume[196635]: DEBUG oslo_concurrency.processutils [None req-e1609359-a989-4404-8e06-92ddb1d8b944 None None] CMD "sudo cinder-rootwrap /etc/cinder/rootwrap.conf env LC_ALL=C lvs --noheadings --unit=g -o vg_name,name,size --nosuffix --readonly stack-volumes-lvmdriver-1" returned: 0 in 0.437s {{(pid=196635) execute /usr/local/lib/python3.12/site-packages/oslo_concurrency/processutils.py:372}}
Jan 26 19:08:50.897276 np0005596550.novalocal cinder-volume[196635]: DEBUG oslo_concurrency.processutils [None req-e1609359-a989-4404-8e06-92ddb1d8b944 None None] Running cmd (subprocess): sudo cinder-rootwrap /etc/cinder/rootwrap.conf env LC_ALL=C lvs --noheadings --unit=g -o size,data_percent --separator : --nosuffix /dev/stack-volumes-lvmdriver-1/stack-volumes-lvmdriver-1-pool {{(pid=196635) execute /usr/local/lib/python3.12/site-packages/oslo_concurrency/processutils.py:349}}
Jan 26 19:08:50.938834 np0005596550.novalocal sudo[226635]: stack : PWD=/ ; USER=root ; COMMAND=/usr/local/bin/cinder-rootwrap /etc/cinder/rootwrap.conf env LC_ALL=C lvs --noheadings --unit=g -o size,data_percent --separator : --nosuffix /dev/stack-volumes-lvmdriver-1/stack-volumes-lvmdriver-1-pool
Jan 26 19:08:50.949585 np0005596550.novalocal cinder-volume[196635]: DEBUG cinder.quota [None req-1785087f-1738-49db-8341-d472a65b5e4c tempest-VolumesSnapshotTestJSON-666453103 None] Created reservations ['bf9250e4-e614-412a-9cd1-3c6f6569901d', 'cf0a0739-0c3f-4082-a468-1327a05bcf5f', '7708dfaa-44c4-41be-83de-7d3722a0e4bc', '44186f20-6735-4776-97da-30a46d32aa61'] {{(pid=196635) reserve /opt/stack/cinder/cinder/quota.py:752}}
Jan 26 19:08:50.965817 np0005596550.novalocal cinder-volume[196635]: DEBUG oslo_concurrency.processutils [None req-191029fb-4909-445f-abb0-7754609a2e62 tempest-VolumesSnapshotTestJSON-666453103 None] CMD "sudo cinder-rootwrap /etc/cinder/rootwrap.conf env LC_ALL=C lvs --noheadings --unit=g -o vg_name,name,size --nosuffix --readonly stack-volumes-lvmdriver-1" returned: 0 in 0.470s {{(pid=196635) execute /usr/local/lib/python3.12/site-packages/oslo_concurrency/processutils.py:372}}
Jan 26 19:08:50.966545 np0005596550.novalocal cinder-volume[196635]: DEBUG cinder.manager [None req-191029fb-4909-445f-abb0-7754609a2e62 tempest-VolumesSnapshotTestJSON-666453103 None] Notifying Schedulers of capabilities ... {{(pid=196635) _publish_service_capabilities /opt/stack/cinder/cinder/manager.py:202}}
Jan 26 19:08:50.975596 np0005596550.novalocal cinder-volume[196635]: INFO cinder.volume.manager [None req-191029fb-4909-445f-abb0-7754609a2e62 tempest-VolumesSnapshotTestJSON-666453103 None] Deleted volume successfully.
Jan 26 19:08:51.005944 np0005596550.novalocal cinder-volume[196635]: DEBUG cinder.coordination [None req-191029fb-4909-445f-abb0-7754609a2e62 tempest-VolumesSnapshotTestJSON-666453103 None] Lock "cinder-44e55a76-b3b0-40e8-822e-4f90547dd6af-delete_volume" released by "delete_volume" :: held 3.410s {{(pid=196635) __release /opt/stack/cinder/cinder/coordination.py:157}}
Jan 26 19:08:51.008308 np0005596550.novalocal cinder-volume[196635]: INFO cinder.volume.manager [None req-1785087f-1738-49db-8341-d472a65b5e4c tempest-VolumesSnapshotTestJSON-666453103 None] Delete snapshot completed successfully.
Jan 26 19:08:51.012680 np0005596550.novalocal cinder-volume[196635]: DEBUG cinder.coordination [None req-1785087f-1738-49db-8341-d472a65b5e4c tempest-VolumesSnapshotTestJSON-666453103 None] Lock "cinder-2cf9d212-f6db-4dee-8bbf-2aba51b58f9c-delete_snapshot" released by "delete_snapshot" :: held 1.206s {{(pid=196635) __release /opt/stack/cinder/cinder/coordination.py:157}}
Jan 26 19:08:51.395931 np0005596550.novalocal cinder-volume[196635]: DEBUG oslo_concurrency.processutils [None req-e1609359-a989-4404-8e06-92ddb1d8b944 None None] CMD "sudo cinder-rootwrap /etc/cinder/rootwrap.conf env LC_ALL=C lvs --noheadings --unit=g -o size,data_percent --separator : --nosuffix /dev/stack-volumes-lvmdriver-1/stack-volumes-lvmdriver-1-pool" returned: 0 in 0.498s {{(pid=196635) execute /usr/local/lib/python3.12/site-packages/oslo_concurrency/processutils.py:372}}
Jan 26 19:08:51.396867 np0005596550.novalocal cinder-volume[196635]: DEBUG oslo_concurrency.processutils [None req-e1609359-a989-4404-8e06-92ddb1d8b944 None None] Running cmd (subprocess): sudo cinder-rootwrap /etc/cinder/rootwrap.conf env LC_ALL=C lvs --noheadings --unit=g -o vg_name,name,size --nosuffix --readonly stack-volumes-lvmdriver-1 {{(pid=196635) execute /usr/local/lib/python3.12/site-packages/oslo_concurrency/processutils.py:349}}
Jan 26 19:08:51.421033 np0005596550.novalocal sudo[226645]: stack : PWD=/ ; USER=root ; COMMAND=/usr/local/bin/cinder-rootwrap /etc/cinder/rootwrap.conf env LC_ALL=C lvs --noheadings --unit=g -o vg_name,name,size --nosuffix --readonly stack-volumes-lvmdriver-1
Jan 26 19:08:51.825648 np0005596550.novalocal cinder-volume[196635]: DEBUG oslo_concurrency.processutils [None req-e1609359-a989-4404-8e06-92ddb1d8b944 None None] CMD "sudo cinder-rootwrap /etc/cinder/rootwrap.conf env LC_ALL=C lvs --noheadings --unit=g -o vg_name,name,size --nosuffix --readonly stack-volumes-lvmdriver-1" returned: 0 in 0.427s {{(pid=196635) execute /usr/local/lib/python3.12/site-packages/oslo_concurrency/processutils.py:372}}
Jan 26 19:08:51.825648 np0005596550.novalocal cinder-volume[196635]: DEBUG cinder.manager [None req-e1609359-a989-4404-8e06-92ddb1d8b944 None None] Notifying Schedulers of capabilities ... {{(pid=196635) _publish_service_capabilities /opt/stack/cinder/cinder/manager.py:202}}
Jan 26 19:08:52.011035 np0005596550.novalocal cinder-volume[196635]: DEBUG cinder.coordination [None req-557628f6-6d64-400d-9665-1cd189044038 tempest-VolumesSnapshotTestJSON-666453103 None] Acquiring lock "cinder-39aa4f64-145f-41d2-9b1c-87543864793c-delete_volume" by "delete_volume" {{(pid=196635) __acquire /opt/stack/cinder/cinder/coordination.py:143}}
Jan 26 19:08:52.025366 np0005596550.novalocal cinder-volume[196635]: DEBUG cinder.coordination [None req-557628f6-6d64-400d-9665-1cd189044038 tempest-VolumesSnapshotTestJSON-666453103 None] Lock "cinder-39aa4f64-145f-41d2-9b1c-87543864793c-delete_volume" acquired by "delete_volume" :: waited 0.015s {{(pid=196635) __acquire /opt/stack/cinder/cinder/coordination.py:146}}
Jan 26 19:08:52.052309 np0005596550.novalocal cinder-volume[196635]: INFO cinder.volume.targets.iscsi [None req-557628f6-6d64-400d-9665-1cd189044038 tempest-VolumesSnapshotTestJSON-666453103 None] Skipping remove_export. No iscsi_target is presently exported for volume: 39aa4f64-145f-41d2-9b1c-87543864793c
Jan 26 19:08:52.052853 np0005596550.novalocal cinder-volume[196635]: DEBUG oslo_concurrency.processutils [None req-557628f6-6d64-400d-9665-1cd189044038 tempest-VolumesSnapshotTestJSON-666453103 None] Running cmd (subprocess): sudo cinder-rootwrap /etc/cinder/rootwrap.conf env LC_ALL=C lvs --noheadings --unit=g -o vg_name,name,size --nosuffix --readonly stack-volumes-lvmdriver-1/volume-39aa4f64-145f-41d2-9b1c-87543864793c {{(pid=196635) execute /usr/local/lib/python3.12/site-packages/oslo_concurrency/processutils.py:349}}
Jan 26 19:08:52.074471 np0005596550.novalocal sudo[226651]: stack : PWD=/ ; USER=root ; COMMAND=/usr/local/bin/cinder-rootwrap /etc/cinder/rootwrap.conf env LC_ALL=C lvs --noheadings --unit=g -o vg_name,name,size --nosuffix --readonly stack-volumes-lvmdriver-1/volume-39aa4f64-145f-41d2-9b1c-87543864793c
Jan 26 19:08:52.458807 np0005596550.novalocal cinder-volume[196635]: DEBUG oslo_concurrency.processutils [None req-557628f6-6d64-400d-9665-1cd189044038 tempest-VolumesSnapshotTestJSON-666453103 None] CMD "sudo cinder-rootwrap /etc/cinder/rootwrap.conf env LC_ALL=C lvs --noheadings --unit=g -o vg_name,name,size --nosuffix --readonly stack-volumes-lvmdriver-1/volume-39aa4f64-145f-41d2-9b1c-87543864793c" returned: 0 in 0.404s {{(pid=196635) execute /usr/local/lib/python3.12/site-packages/oslo_concurrency/processutils.py:372}}
Jan 26 19:08:52.460236 np0005596550.novalocal cinder-volume[196635]: DEBUG oslo_concurrency.processutils [None req-557628f6-6d64-400d-9665-1cd189044038 tempest-VolumesSnapshotTestJSON-666453103 None] Running cmd (subprocess): sudo cinder-rootwrap /etc/cinder/rootwrap.conf env LC_ALL=C lvdisplay --noheading -C -o Attr --readonly stack-volumes-lvmdriver-1/volume-39aa4f64-145f-41d2-9b1c-87543864793c {{(pid=196635) execute /usr/local/lib/python3.12/site-packages/oslo_concurrency/processutils.py:349}}
Jan 26 19:08:52.493955 np0005596550.novalocal sudo[226661]: stack : PWD=/ ; USER=root ; COMMAND=/usr/local/bin/cinder-rootwrap /etc/cinder/rootwrap.conf env LC_ALL=C lvdisplay --noheading -C -o Attr --readonly stack-volumes-lvmdriver-1/volume-39aa4f64-145f-41d2-9b1c-87543864793c
Jan 26 19:08:52.888446 np0005596550.novalocal cinder-volume[196635]: DEBUG oslo_concurrency.processutils [None req-557628f6-6d64-400d-9665-1cd189044038 tempest-VolumesSnapshotTestJSON-666453103 None] CMD "sudo cinder-rootwrap /etc/cinder/rootwrap.conf env LC_ALL=C lvdisplay --noheading -C -o Attr --readonly stack-volumes-lvmdriver-1/volume-39aa4f64-145f-41d2-9b1c-87543864793c" returned: 0 in 0.428s {{(pid=196635) execute /usr/local/lib/python3.12/site-packages/oslo_concurrency/processutils.py:372}}
Jan 26 19:08:52.889272 np0005596550.novalocal cinder-volume[196635]: DEBUG oslo_concurrency.processutils [None req-557628f6-6d64-400d-9665-1cd189044038 tempest-VolumesSnapshotTestJSON-666453103 None] Running cmd (subprocess): sudo cinder-rootwrap /etc/cinder/rootwrap.conf lvremove --config activation { retry_deactivation = 1} -f stack-volumes-lvmdriver-1/volume-39aa4f64-145f-41d2-9b1c-87543864793c {{(pid=196635) execute /usr/local/lib/python3.12/site-packages/oslo_concurrency/processutils.py:349}}
Jan 26 19:08:52.910299 np0005596550.novalocal sudo[226693]: stack : PWD=/ ; USER=root ; COMMAND=/usr/local/bin/cinder-rootwrap /etc/cinder/rootwrap.conf lvremove --config 'activation { retry_deactivation = 1} ' -f stack-volumes-lvmdriver-1/volume-39aa4f64-145f-41d2-9b1c-87543864793c
Jan 26 19:08:53.430368 np0005596550.novalocal cinder-volume[196635]: DEBUG oslo_concurrency.processutils [None req-557628f6-6d64-400d-9665-1cd189044038 tempest-VolumesSnapshotTestJSON-666453103 None] CMD "sudo cinder-rootwrap /etc/cinder/rootwrap.conf lvremove --config activation { retry_deactivation = 1} -f stack-volumes-lvmdriver-1/volume-39aa4f64-145f-41d2-9b1c-87543864793c" returned: 0 in 0.540s {{(pid=196635) execute /usr/local/lib/python3.12/site-packages/oslo_concurrency/processutils.py:372}}
Jan 26 19:08:53.431349 np0005596550.novalocal cinder-volume[196635]: INFO cinder.volume.drivers.lvm [None req-557628f6-6d64-400d-9665-1cd189044038 tempest-VolumesSnapshotTestJSON-666453103 None] Successfully deleted volume: 39aa4f64-145f-41d2-9b1c-87543864793c
Jan 26 19:08:53.481280 np0005596550.novalocal cinder-volume[196635]: DEBUG cinder.quota [None req-557628f6-6d64-400d-9665-1cd189044038 tempest-VolumesSnapshotTestJSON-666453103 None] Created reservations ['9fe38cb6-f320-4c24-82ee-66f4ca6bf988', '9b54dc6c-0cac-4ff8-bb20-98d2d5e96ef9', '6e5f929f-6e09-4bfd-850d-320f2bf24acd', '3a0d3075-b946-4805-abf2-47b99b972982'] {{(pid=196635) reserve /opt/stack/cinder/cinder/quota.py:752}}
Jan 26 19:08:53.525791 np0005596550.novalocal cinder-volume[196635]: DEBUG cinder.volume.drivers.lvm [None req-557628f6-6d64-400d-9665-1cd189044038 tempest-VolumesSnapshotTestJSON-666453103 None] Updating volume stats {{(pid=196635) _update_volume_stats /opt/stack/cinder/cinder/volume/drivers/lvm.py:228}}
Jan 26 19:08:53.525791 np0005596550.novalocal cinder-volume[196635]: DEBUG oslo_concurrency.processutils [None req-557628f6-6d64-400d-9665-1cd189044038 tempest-VolumesSnapshotTestJSON-666453103 None] Running cmd (subprocess): sudo cinder-rootwrap /etc/cinder/rootwrap.conf env LC_ALL=C vgs --noheadings --unit=g -o name,size,free,lv_count,uuid --separator : --nosuffix stack-volumes-lvmdriver-1 {{(pid=196635) execute /usr/local/lib/python3.12/site-packages/oslo_concurrency/processutils.py:349}}
Jan 26 19:08:53.545075 np0005596550.novalocal sudo[226703]: stack : PWD=/ ; USER=root ; COMMAND=/usr/local/bin/cinder-rootwrap /etc/cinder/rootwrap.conf env LC_ALL=C vgs --noheadings --unit=g -o name,size,free,lv_count,uuid --separator : --nosuffix stack-volumes-lvmdriver-1
Jan 26 19:08:53.959866 np0005596550.novalocal cinder-volume[196635]: DEBUG oslo_concurrency.processutils [None req-557628f6-6d64-400d-9665-1cd189044038 tempest-VolumesSnapshotTestJSON-666453103 None] CMD "sudo cinder-rootwrap /etc/cinder/rootwrap.conf env LC_ALL=C vgs --noheadings --unit=g -o name,size,free,lv_count,uuid --separator : --nosuffix stack-volumes-lvmdriver-1" returned: 0 in 0.430s {{(pid=196635) execute /usr/local/lib/python3.12/site-packages/oslo_concurrency/processutils.py:372}}
Jan 26 19:08:53.961183 np0005596550.novalocal cinder-volume[196635]: DEBUG oslo_concurrency.processutils [None req-557628f6-6d64-400d-9665-1cd189044038 tempest-VolumesSnapshotTestJSON-666453103 None] Running cmd (subprocess): sudo cinder-rootwrap /etc/cinder/rootwrap.conf env LC_ALL=C lvs --noheadings --unit=g -o vg_name,name,size --nosuffix --readonly stack-volumes-lvmdriver-1 {{(pid=196635) execute /usr/local/lib/python3.12/site-packages/oslo_concurrency/processutils.py:349}}
Jan 26 19:08:53.985227 np0005596550.novalocal sudo[226708]: stack : PWD=/ ; USER=root ; COMMAND=/usr/local/bin/cinder-rootwrap /etc/cinder/rootwrap.conf env LC_ALL=C lvs --noheadings --unit=g -o vg_name,name,size --nosuffix --readonly stack-volumes-lvmdriver-1
Jan 26 19:08:54.310796 np0005596550.novalocal cinder-volume[196635]: DEBUG cinder.coordination [None req-68484252-9a6d-4136-8378-818d93e49221 tempest-VolumesSnapshotTestJSON-666453103 None] Acquiring lock "cinder-45ac36d4-0d45-4d42-8723-1353aae47e05-delete_volume" by "delete_volume" {{(pid=196635) __acquire /opt/stack/cinder/cinder/coordination.py:143}}
Jan 26 19:08:54.319897 np0005596550.novalocal cinder-volume[196635]: DEBUG cinder.coordination [None req-68484252-9a6d-4136-8378-818d93e49221 tempest-VolumesSnapshotTestJSON-666453103 None] Lock "cinder-45ac36d4-0d45-4d42-8723-1353aae47e05-delete_volume" acquired by "delete_volume" :: waited 0.009s {{(pid=196635) __acquire /opt/stack/cinder/cinder/coordination.py:146}}
Jan 26 19:08:54.336056 np0005596550.novalocal cinder-volume[196635]: DEBUG oslo_concurrency.lockutils [None req-68484252-9a6d-4136-8378-818d93e49221 tempest-VolumesSnapshotTestJSON-666453103 None] Acquiring lock "lioadm" by "cinder.volume.targets.lio.LioAdm._execute" {{(pid=196635) inner /usr/local/lib/python3.12/site-packages/oslo_concurrency/lockutils.py:405}}
Jan 26 19:08:54.336809 np0005596550.novalocal cinder-volume[196635]: DEBUG oslo_concurrency.lockutils [None req-68484252-9a6d-4136-8378-818d93e49221 tempest-VolumesSnapshotTestJSON-666453103 None] Lock "lioadm" acquired by "cinder.volume.targets.lio.LioAdm._execute" :: waited 0.001s {{(pid=196635) inner /usr/local/lib/python3.12/site-packages/oslo_concurrency/lockutils.py:410}}
Jan 26 19:08:54.337253 np0005596550.novalocal cinder-volume[196635]: DEBUG oslo_concurrency.processutils [None req-68484252-9a6d-4136-8378-818d93e49221 tempest-VolumesSnapshotTestJSON-666453103 None] Running cmd (subprocess): sudo cinder-rootwrap /etc/cinder/rootwrap.conf cinder-rtstool get-targets {{(pid=196635) execute /usr/local/lib/python3.12/site-packages/oslo_concurrency/processutils.py:349}}
Jan 26 19:08:54.357264 np0005596550.novalocal sudo[226712]: stack : PWD=/ ; USER=root ; COMMAND=/usr/local/bin/cinder-rootwrap /etc/cinder/rootwrap.conf cinder-rtstool get-targets
Jan 26 19:08:54.392943 np0005596550.novalocal cinder-volume[196635]: DEBUG oslo_concurrency.processutils [None req-557628f6-6d64-400d-9665-1cd189044038 tempest-VolumesSnapshotTestJSON-666453103 None] CMD "sudo cinder-rootwrap /etc/cinder/rootwrap.conf env LC_ALL=C lvs --noheadings --unit=g -o vg_name,name,size --nosuffix --readonly stack-volumes-lvmdriver-1" returned: 0 in 0.432s {{(pid=196635) execute /usr/local/lib/python3.12/site-packages/oslo_concurrency/processutils.py:372}}
Jan 26 19:08:54.393595 np0005596550.novalocal cinder-volume[196635]: DEBUG oslo_concurrency.processutils [None req-557628f6-6d64-400d-9665-1cd189044038 tempest-VolumesSnapshotTestJSON-666453103 None] Running cmd (subprocess): sudo cinder-rootwrap /etc/cinder/rootwrap.conf env LC_ALL=C lvs --noheadings --unit=g -o size,data_percent --separator : --nosuffix /dev/stack-volumes-lvmdriver-1/stack-volumes-lvmdriver-1-pool {{(pid=196635) execute /usr/local/lib/python3.12/site-packages/oslo_concurrency/processutils.py:349}}
Jan 26 19:08:54.419362 np0005596550.novalocal sudo[226716]: stack : PWD=/ ; USER=root ; COMMAND=/usr/local/bin/cinder-rootwrap /etc/cinder/rootwrap.conf env LC_ALL=C lvs --noheadings --unit=g -o size,data_percent --separator : --nosuffix /dev/stack-volumes-lvmdriver-1/stack-volumes-lvmdriver-1-pool
Jan 26 19:08:54.837063 np0005596550.novalocal cinder-volume[196635]: DEBUG oslo_concurrency.processutils [None req-557628f6-6d64-400d-9665-1cd189044038 tempest-VolumesSnapshotTestJSON-666453103 None] CMD "sudo cinder-rootwrap /etc/cinder/rootwrap.conf env LC_ALL=C lvs --noheadings --unit=g -o size,data_percent --separator : --nosuffix /dev/stack-volumes-lvmdriver-1/stack-volumes-lvmdriver-1-pool" returned: 0 in 0.440s {{(pid=196635) execute /usr/local/lib/python3.12/site-packages/oslo_concurrency/processutils.py:372}}
Jan 26 19:08:54.837063 np0005596550.novalocal cinder-volume[196635]: DEBUG oslo_concurrency.processutils [None req-557628f6-6d64-400d-9665-1cd189044038 tempest-VolumesSnapshotTestJSON-666453103 None] Running cmd (subprocess): sudo cinder-rootwrap /etc/cinder/rootwrap.conf env LC_ALL=C lvs --noheadings --unit=g -o vg_name,name,size --nosuffix --readonly stack-volumes-lvmdriver-1 {{(pid=196635) execute /usr/local/lib/python3.12/site-packages/oslo_concurrency/processutils.py:349}}
Jan 26 19:08:54.872219 np0005596550.novalocal sudo[226733]: stack : PWD=/ ; USER=root ; COMMAND=/usr/local/bin/cinder-rootwrap /etc/cinder/rootwrap.conf env LC_ALL=C lvs --noheadings --unit=g -o vg_name,name,size --nosuffix --readonly stack-volumes-lvmdriver-1
Jan 26 19:08:55.087565 np0005596550.novalocal cinder-volume[196635]: DEBUG oslo_concurrency.processutils [None req-68484252-9a6d-4136-8378-818d93e49221 tempest-VolumesSnapshotTestJSON-666453103 None] CMD "sudo cinder-rootwrap /etc/cinder/rootwrap.conf cinder-rtstool get-targets" returned: 0 in 0.750s {{(pid=196635) execute /usr/local/lib/python3.12/site-packages/oslo_concurrency/processutils.py:372}}
Jan 26 19:08:55.087935 np0005596550.novalocal cinder-volume[196635]: DEBUG oslo_concurrency.lockutils [None req-68484252-9a6d-4136-8378-818d93e49221 tempest-VolumesSnapshotTestJSON-666453103 None] Lock "lioadm" "released" by "cinder.volume.targets.lio.LioAdm._execute" :: held 0.751s {{(pid=196635) inner /usr/local/lib/python3.12/site-packages/oslo_concurrency/lockutils.py:424}}
Jan 26 19:08:55.088169 np0005596550.novalocal cinder-volume[196635]: INFO cinder.volume.targets.iscsi [None req-68484252-9a6d-4136-8378-818d93e49221 tempest-VolumesSnapshotTestJSON-666453103 None] Skipping remove_export. No iscsi_target is presently exported for volume: 45ac36d4-0d45-4d42-8723-1353aae47e05
Jan 26 19:08:55.089944 np0005596550.novalocal cinder-volume[196635]: DEBUG oslo_concurrency.processutils [None req-68484252-9a6d-4136-8378-818d93e49221 tempest-VolumesSnapshotTestJSON-666453103 None] Running cmd (subprocess): sudo cinder-rootwrap /etc/cinder/rootwrap.conf env LC_ALL=C lvs --noheadings --unit=g -o vg_name,name,size --nosuffix --readonly stack-volumes-lvmdriver-1/volume-45ac36d4-0d45-4d42-8723-1353aae47e05 {{(pid=196635) execute /usr/local/lib/python3.12/site-packages/oslo_concurrency/processutils.py:349}}
