Jan 26 19:10:52.976330 np0005596550.novalocal cinder-volume[196635]: DEBUG oslo_concurrency.processutils [req-0aa61246-5da2-4ac4-9fb9-6a4b99152ec3 req-704d3ede-a7cf-411a-a960-0ac82d8f9499 tempest-ServerActionsV293TestJSON-1845614456 None] CMD "sudo cinder-rootwrap /etc/cinder/rootwrap.conf qemu-img convert -O raw -t none -S 0 -f qcow2 /opt/stack/data/cinder/conversion/image_download_bd70f82e-84e0-4042-ad07-7b834bb8ac38_q08zv2pl /dev/mapper/stack--volumes--lvmdriver--1-volume--4e3fe1e3--916c--4c11--b288--1ca6609a25da" returned: 0 in 1.391s {{(pid=196635) execute /usr/local/lib/python3.12/site-packages/oslo_concurrency/processutils.py:372}}
Jan 26 19:10:52.977538 np0005596550.novalocal cinder-volume[196635]: DEBUG cinder.image.image_utils [req-0aa61246-5da2-4ac4-9fb9-6a4b99152ec3 req-704d3ede-a7cf-411a-a960-0ac82d8f9499 tempest-ServerActionsV293TestJSON-1845614456 None] Image conversion details: src /opt/stack/data/cinder/conversion/image_download_bd70f82e-84e0-4042-ad07-7b834bb8ac38_q08zv2pl, size 112.00 MB, duration 1.39 sec, destination /dev/mapper/stack--volumes--lvmdriver--1-volume--4e3fe1e3--916c--4c11--b288--1ca6609a25da {{(pid=196635) _convert_image /opt/stack/cinder/cinder/image/image_utils.py:537}}
Jan 26 19:10:52.978261 np0005596550.novalocal cinder-volume[196635]: INFO cinder.image.image_utils [req-0aa61246-5da2-4ac4-9fb9-6a4b99152ec3 req-704d3ede-a7cf-411a-a960-0ac82d8f9499 tempest-ServerActionsV293TestJSON-1845614456 None] Converted 112.00 MB image at 80.29 MB/s
Jan 26 19:10:52.980030 np0005596550.novalocal cinder-volume[196635]: DEBUG cinder.volume.volume_utils [req-0aa61246-5da2-4ac4-9fb9-6a4b99152ec3 req-704d3ede-a7cf-411a-a960-0ac82d8f9499 tempest-ServerActionsV293TestJSON-1845614456 None] Downloaded image bd70f82e-84e0-4042-ad07-7b834bb8ac38 ((None, [{'url': 'swift+config://ref1/glance/bd70f82e-84e0-4042-ad07-7b834bb8ac38', 'metadata': {}}])) to volume 4e3fe1e3-916c-4c11-b288-1ca6609a25da successfully. {{(pid=196635) copy_image_to_volume /opt/stack/cinder/cinder/volume/volume_utils.py:1234}}
Jan 26 19:10:52.980369 np0005596550.novalocal cinder-volume[196635]: DEBUG cinder.volume.volume_utils [req-0aa61246-5da2-4ac4-9fb9-6a4b99152ec3 req-704d3ede-a7cf-411a-a960-0ac82d8f9499 tempest-ServerActionsV293TestJSON-1845614456 None] Marking volume 4e3fe1e3-916c-4c11-b288-1ca6609a25da as bootable. {{(pid=196635) enable_bootable_flag /opt/stack/cinder/cinder/volume/volume_utils.py:1138}}
Jan 26 19:10:52.993633 np0005596550.novalocal cinder-volume[196635]: DEBUG cinder.volume.manager [req-0aa61246-5da2-4ac4-9fb9-6a4b99152ec3 req-704d3ede-a7cf-411a-a960-0ac82d8f9499 tempest-ServerActionsV293TestJSON-1845614456 None] Creating volume glance metadata for volume 4e3fe1e3-916c-4c11-b288-1ca6609a25da backed by image bd70f82e-84e0-4042-ad07-7b834bb8ac38 with: {'hw_rng_model': 'virtio', 'owner_specified.openstack.md5': '', 'owner_specified.openstack.sha256': '', 'owner_specified.openstack.object': 'images/cirros-0.6.1-x86_64-disk', 'os_glance_importing_to_stores': '', 'os_glance_failed_import': '', 'image_id': 'bd70f82e-84e0-4042-ad07-7b834bb8ac38', 'image_name': 'cirros-0.6.1-x86_64-disk', 'checksum': '0c839612eb3f2469420f2ccae990827f', 'container_format': 'bare', 'disk_format': 'qcow2', 'min_disk': 0, 'min_ram': 0, 'size': 21233664}. {{(pid=196635) _refresh_volume_glance_meta /opt/stack/cinder/cinder/volume/manager.py:5377}}
Jan 26 19:10:53.087302 np0005596550.novalocal cinder-volume[196635]: DEBUG cinder.compute.nova [req-0aa61246-5da2-4ac4-9fb9-6a4b99152ec3 req-704d3ede-a7cf-411a-a960-0ac82d8f9499 tempest-ServerActionsV293TestJSON-1845614456 None] Creating Keystone auth plugin from conf {{(pid=196635) novaclient /opt/stack/cinder/cinder/compute/nova.py:99}}
Jan 26 19:10:53.181536 np0005596550.novalocal cinder-volume[196635]: DEBUG novaclient.v2.client [req-0aa61246-5da2-4ac4-9fb9-6a4b99152ec3 req-704d3ede-a7cf-411a-a960-0ac82d8f9499 tempest-ServerActionsV293TestJSON-1845614456 None] REQ: curl -g -i --cacert "/opt/stack/data/ca-bundle.pem" -X POST https://38.102.83.18/compute/v2.1/os-server-external-events -H "Accept: application/json" -H "Content-Type: application/json" -H "OpenStack-API-Version: compute 2.93" -H "User-Agent: python-novaclient" -H "X-Auth-Token: {SHA256}697f3e72f391df4c0e4cc2bffd77ecc11a4963d9cbe9998411a77613f641c018" -H "X-OpenStack-Nova-API-Version: 2.93" -H "X-OpenStack-Request-ID: req-0aa61246-5da2-4ac4-9fb9-6a4b99152ec3" -H "X-Service-Token: {SHA256}bf45169b298c2ab059b9823a46aa6335b24211a7025395676134df1f68fd4535" -d '{"events": [{"name": "volume-reimaged", "server_uuid": "e644873b-9046-4305-bda6-e6b01555c047", "tag": "4e3fe1e3-916c-4c11-b288-1ca6609a25da"}]}' {{(pid=196635) _http_log_request /usr/local/lib/python3.12/site-packages/keystoneauth1/session.py:575}}
Jan 26 19:10:53.277432 np0005596550.novalocal cinder-volume[196635]: DEBUG novaclient.v2.client [req-0aa61246-5da2-4ac4-9fb9-6a4b99152ec3 req-704d3ede-a7cf-411a-a960-0ac82d8f9499 tempest-ServerActionsV293TestJSON-1845614456 None] RESP: [200] Connection: close Content-Length: 179 Content-Type: application/json Date: Tue, 27 Jan 2026 00:10:53 GMT OpenStack-API-Version: compute 2.93 Server: Apache/2.4.63 (CentOS Stream) OpenSSL/3.5.1 mod_wsgi/5.0.0 Python/3.12 Vary: OpenStack-API-Version,X-OpenStack-Nova-API-Version X-OpenStack-Nova-API-Version: 2.93 x-compute-request-id: req-e9298e6a-a443-43d9-b64d-2f6c2e02c8b9 x-openstack-request-id: req-e9298e6a-a443-43d9-b64d-2f6c2e02c8b9 {{(pid=196635) _http_log_response /usr/local/lib/python3.12/site-packages/keystoneauth1/session.py:616}}
Jan 26 19:10:53.277789 np0005596550.novalocal cinder-volume[196635]: DEBUG novaclient.v2.client [req-0aa61246-5da2-4ac4-9fb9-6a4b99152ec3 req-704d3ede-a7cf-411a-a960-0ac82d8f9499 tempest-ServerActionsV293TestJSON-1845614456 None] RESP BODY: {"events": [{"name": "volume-reimaged", "server_uuid": "e644873b-9046-4305-bda6-e6b01555c047", "tag": "4e3fe1e3-916c-4c11-b288-1ca6609a25da", "status": "completed", "code": 200}]} {{(pid=196635) _http_log_response /usr/local/lib/python3.12/site-packages/keystoneauth1/session.py:651}}
Jan 26 19:10:53.278968 np0005596550.novalocal cinder-volume[196635]: DEBUG novaclient.v2.client [req-0aa61246-5da2-4ac4-9fb9-6a4b99152ec3 req-704d3ede-a7cf-411a-a960-0ac82d8f9499 tempest-ServerActionsV293TestJSON-1845614456 None] POST call to compute for https://38.102.83.18/compute/v2.1/os-server-external-events used request id req-e9298e6a-a443-43d9-b64d-2f6c2e02c8b9 {{(pid=196635) request /usr/local/lib/python3.12/site-packages/keystoneauth1/session.py:1076}}
Jan 26 19:10:53.279450 np0005596550.novalocal cinder-volume[196635]: INFO cinder.compute.nova [req-0aa61246-5da2-4ac4-9fb9-6a4b99152ec3 req-704d3ede-a7cf-411a-a960-0ac82d8f9499 tempest-ServerActionsV293TestJSON-1845614456 None] Nova event response: {'name': 'volume-reimaged', 'server_uuid': 'e644873b-9046-4305-bda6-e6b01555c047', 'tag': '4e3fe1e3-916c-4c11-b288-1ca6609a25da', 'status': 'completed', 'code': 200}.
Jan 26 19:10:53.279782 np0005596550.novalocal cinder-volume[196635]: DEBUG cinder.volume.manager [req-0aa61246-5da2-4ac4-9fb9-6a4b99152ec3 req-704d3ede-a7cf-411a-a960-0ac82d8f9499 tempest-ServerActionsV293TestJSON-1845614456 None] Re-imaged bd70f82e-84e0-4042-ad07-7b834bb8ac38 to volume 4e3fe1e3-916c-4c11-b288-1ca6609a25da successfully. {{(pid=196635) reimage /opt/stack/cinder/cinder/volume/manager.py:5420}}
Jan 26 19:10:53.959293 np0005596550.novalocal cinder-volume[196635]: DEBUG oslo_db.sqlalchemy.engines [req-0aa61246-5da2-4ac4-9fb9-6a4b99152ec3 req-91edd358-a99b-487b-b093-23ba806eca0b tempest-ServerActionsV293TestJSON-1845614456 None] MySQL server mode set to STRICT_TRANS_TABLES,STRICT_ALL_TABLES,NO_ZERO_IN_DATE,NO_ZERO_DATE,ERROR_FOR_DIVISION_BY_ZERO,TRADITIONAL,NO_AUTO_CREATE_USER,NO_ENGINE_SUBSTITUTION {{(pid=196635) _check_effective_sql_mode /usr/local/lib/python3.12/site-packages/oslo_db/sqlalchemy/engines.py:325}}
Jan 26 19:10:53.968276 np0005596550.novalocal cinder-volume[196635]: DEBUG oslo_concurrency.processutils [req-0aa61246-5da2-4ac4-9fb9-6a4b99152ec3 req-91edd358-a99b-487b-b093-23ba806eca0b tempest-ServerActionsV293TestJSON-1845614456 None] Running cmd (subprocess): sudo cinder-rootwrap /etc/cinder/rootwrap.conf lvchange -a y --yes -K stack-volumes-lvmdriver-1/volume-4e3fe1e3-916c-4c11-b288-1ca6609a25da {{(pid=196635) execute /usr/local/lib/python3.12/site-packages/oslo_concurrency/processutils.py:349}}
Jan 26 19:10:53.994708 np0005596550.novalocal sudo[228429]: stack : PWD=/ ; USER=root ; COMMAND=/usr/local/bin/cinder-rootwrap /etc/cinder/rootwrap.conf lvchange -a y --yes -K stack-volumes-lvmdriver-1/volume-4e3fe1e3-916c-4c11-b288-1ca6609a25da
Jan 26 19:10:54.393244 np0005596550.novalocal cinder-volume[196635]: DEBUG oslo_concurrency.processutils [req-0aa61246-5da2-4ac4-9fb9-6a4b99152ec3 req-91edd358-a99b-487b-b093-23ba806eca0b tempest-ServerActionsV293TestJSON-1845614456 None] CMD "sudo cinder-rootwrap /etc/cinder/rootwrap.conf lvchange -a y --yes -K stack-volumes-lvmdriver-1/volume-4e3fe1e3-916c-4c11-b288-1ca6609a25da" returned: 0 in 0.425s {{(pid=196635) execute /usr/local/lib/python3.12/site-packages/oslo_concurrency/processutils.py:372}}
Jan 26 19:10:54.401325 np0005596550.novalocal cinder-volume[196635]: INFO cinder.volume.targets.lio [req-0aa61246-5da2-4ac4-9fb9-6a4b99152ec3 req-91edd358-a99b-487b-b093-23ba806eca0b tempest-ServerActionsV293TestJSON-1845614456 None] Creating iscsi_target for volume: volume-4e3fe1e3-916c-4c11-b288-1ca6609a25da
Jan 26 19:10:54.401439 np0005596550.novalocal cinder-volume[196635]: DEBUG oslo_concurrency.lockutils [req-0aa61246-5da2-4ac4-9fb9-6a4b99152ec3 req-91edd358-a99b-487b-b093-23ba806eca0b tempest-ServerActionsV293TestJSON-1845614456 None] Acquiring lock "lioadm" by "cinder.volume.targets.lio.LioAdm._execute" {{(pid=196635) inner /usr/local/lib/python3.12/site-packages/oslo_concurrency/lockutils.py:405}}
Jan 26 19:10:54.401922 np0005596550.novalocal cinder-volume[196635]: DEBUG oslo_concurrency.lockutils [req-0aa61246-5da2-4ac4-9fb9-6a4b99152ec3 req-91edd358-a99b-487b-b093-23ba806eca0b tempest-ServerActionsV293TestJSON-1845614456 None] Lock "lioadm" acquired by "cinder.volume.targets.lio.LioAdm._execute" :: waited 0.000s {{(pid=196635) inner /usr/local/lib/python3.12/site-packages/oslo_concurrency/lockutils.py:410}}
Jan 26 19:10:54.402251 np0005596550.novalocal cinder-volume[196635]: DEBUG oslo_concurrency.processutils [req-0aa61246-5da2-4ac4-9fb9-6a4b99152ec3 req-91edd358-a99b-487b-b093-23ba806eca0b tempest-ServerActionsV293TestJSON-1845614456 None] Running cmd (subprocess): sudo cinder-rootwrap /etc/cinder/rootwrap.conf cinder-rtstool create /dev/stack-volumes-lvmdriver-1/volume-4e3fe1e3-916c-4c11-b288-1ca6609a25da iqn.2010-10.org.openstack:volume-4e3fe1e3-916c-4c11-b288-1ca6609a25da vLGbFUG9rYjACzbmVoRC SbExB4HwxUFZppPd False -p3260 -a38.102.83.18 {{(pid=196635) execute /usr/local/lib/python3.12/site-packages/oslo_concurrency/processutils.py:349}}
Jan 26 19:10:54.425037 np0005596550.novalocal sudo[228437]: stack : PWD=/ ; USER=root ; COMMAND=/usr/local/bin/cinder-rootwrap /etc/cinder/rootwrap.conf cinder-rtstool create /dev/stack-volumes-lvmdriver-1/volume-4e3fe1e3-916c-4c11-b288-1ca6609a25da iqn.2010-10.org.openstack:volume-4e3fe1e3-916c-4c11-b288-1ca6609a25da vLGbFUG9rYjACzbmVoRC SbExB4HwxUFZppPd False -p3260 -a38.102.83.18
Jan 26 19:10:54.960381 np0005596550.novalocal cinder-volume[196635]: DEBUG oslo_concurrency.processutils [req-0aa61246-5da2-4ac4-9fb9-6a4b99152ec3 req-91edd358-a99b-487b-b093-23ba806eca0b tempest-ServerActionsV293TestJSON-1845614456 None] CMD "sudo cinder-rootwrap /etc/cinder/rootwrap.conf cinder-rtstool create /dev/stack-volumes-lvmdriver-1/volume-4e3fe1e3-916c-4c11-b288-1ca6609a25da iqn.2010-10.org.openstack:volume-4e3fe1e3-916c-4c11-b288-1ca6609a25da vLGbFUG9rYjACzbmVoRC SbExB4HwxUFZppPd False -p3260 -a38.102.83.18" returned: 0 in 0.557s {{(pid=196635) execute /usr/local/lib/python3.12/site-packages/oslo_concurrency/processutils.py:372}}
Jan 26 19:10:54.960502 np0005596550.novalocal cinder-volume[196635]: DEBUG oslo_concurrency.lockutils [req-0aa61246-5da2-4ac4-9fb9-6a4b99152ec3 req-91edd358-a99b-487b-b093-23ba806eca0b tempest-ServerActionsV293TestJSON-1845614456 None] Lock "lioadm" "released" by "cinder.volume.targets.lio.LioAdm._execute" :: held 0.559s {{(pid=196635) inner /usr/local/lib/python3.12/site-packages/oslo_concurrency/lockutils.py:424}}
Jan 26 19:10:54.960751 np0005596550.novalocal cinder-volume[196635]: DEBUG oslo_concurrency.lockutils [req-0aa61246-5da2-4ac4-9fb9-6a4b99152ec3 req-91edd358-a99b-487b-b093-23ba806eca0b tempest-ServerActionsV293TestJSON-1845614456 None] Acquiring lock "lioadm" by "cinder.volume.targets.lio.LioAdm._execute" {{(pid=196635) inner /usr/local/lib/python3.12/site-packages/oslo_concurrency/lockutils.py:405}}
Jan 26 19:10:54.961296 np0005596550.novalocal cinder-volume[196635]: DEBUG oslo_concurrency.lockutils [req-0aa61246-5da2-4ac4-9fb9-6a4b99152ec3 req-91edd358-a99b-487b-b093-23ba806eca0b tempest-ServerActionsV293TestJSON-1845614456 None] Lock "lioadm" acquired by "cinder.volume.targets.lio.LioAdm._execute" :: waited 0.001s {{(pid=196635) inner /usr/local/lib/python3.12/site-packages/oslo_concurrency/lockutils.py:410}}
Jan 26 19:10:54.962089 np0005596550.novalocal cinder-volume[196635]: DEBUG oslo_concurrency.processutils [req-0aa61246-5da2-4ac4-9fb9-6a4b99152ec3 req-91edd358-a99b-487b-b093-23ba806eca0b tempest-ServerActionsV293TestJSON-1845614456 None] Running cmd (subprocess): sudo cinder-rootwrap /etc/cinder/rootwrap.conf cinder-rtstool get-targets {{(pid=196635) execute /usr/local/lib/python3.12/site-packages/oslo_concurrency/processutils.py:349}}
Jan 26 19:10:54.986178 np0005596550.novalocal sudo[228445]: stack : PWD=/ ; USER=root ; COMMAND=/usr/local/bin/cinder-rootwrap /etc/cinder/rootwrap.conf cinder-rtstool get-targets
Jan 26 19:10:55.532290 np0005596550.novalocal cinder-volume[196635]: DEBUG oslo_concurrency.processutils [req-0aa61246-5da2-4ac4-9fb9-6a4b99152ec3 req-91edd358-a99b-487b-b093-23ba806eca0b tempest-ServerActionsV293TestJSON-1845614456 None] CMD "sudo cinder-rootwrap /etc/cinder/rootwrap.conf cinder-rtstool get-targets" returned: 0 in 0.570s {{(pid=196635) execute /usr/local/lib/python3.12/site-packages/oslo_concurrency/processutils.py:372}}
Jan 26 19:10:55.534806 np0005596550.novalocal cinder-volume[196635]: DEBUG oslo_concurrency.lockutils [req-0aa61246-5da2-4ac4-9fb9-6a4b99152ec3 req-91edd358-a99b-487b-b093-23ba806eca0b tempest-ServerActionsV293TestJSON-1845614456 None] Lock "lioadm" "released" by "cinder.volume.targets.lio.LioAdm._execute" :: held 0.572s {{(pid=196635) inner /usr/local/lib/python3.12/site-packages/oslo_concurrency/lockutils.py:424}}
Jan 26 19:10:55.534806 np0005596550.novalocal cinder-volume[196635]: DEBUG oslo_concurrency.lockutils [req-0aa61246-5da2-4ac4-9fb9-6a4b99152ec3 req-91edd358-a99b-487b-b093-23ba806eca0b tempest-ServerActionsV293TestJSON-1845614456 None] Acquiring lock "lioadm" by "cinder.volume.targets.lio.LioAdm._execute" {{(pid=196635) inner /usr/local/lib/python3.12/site-packages/oslo_concurrency/lockutils.py:405}}
Jan 26 19:10:55.534806 np0005596550.novalocal cinder-volume[196635]: DEBUG oslo_concurrency.lockutils [req-0aa61246-5da2-4ac4-9fb9-6a4b99152ec3 req-91edd358-a99b-487b-b093-23ba806eca0b tempest-ServerActionsV293TestJSON-1845614456 None] Lock "lioadm" acquired by "cinder.volume.targets.lio.LioAdm._execute" :: waited 0.001s {{(pid=196635) inner /usr/local/lib/python3.12/site-packages/oslo_concurrency/lockutils.py:410}}
Jan 26 19:10:55.534806 np0005596550.novalocal cinder-volume[196635]: DEBUG oslo_concurrency.processutils [req-0aa61246-5da2-4ac4-9fb9-6a4b99152ec3 req-91edd358-a99b-487b-b093-23ba806eca0b tempest-ServerActionsV293TestJSON-1845614456 None] Running cmd (subprocess): sudo cinder-rootwrap /etc/cinder/rootwrap.conf cinder-rtstool save {{(pid=196635) execute /usr/local/lib/python3.12/site-packages/oslo_concurrency/processutils.py:349}}
Jan 26 19:10:55.564529 np0005596550.novalocal sudo[228452]: stack : PWD=/ ; USER=root ; COMMAND=/usr/local/bin/cinder-rootwrap /etc/cinder/rootwrap.conf cinder-rtstool save
Jan 26 19:10:56.074973 np0005596550.novalocal cinder-volume[196635]: DEBUG oslo_concurrency.processutils [req-0aa61246-5da2-4ac4-9fb9-6a4b99152ec3 req-91edd358-a99b-487b-b093-23ba806eca0b tempest-ServerActionsV293TestJSON-1845614456 None] CMD "sudo cinder-rootwrap /etc/cinder/rootwrap.conf cinder-rtstool save" returned: 0 in 0.540s {{(pid=196635) execute /usr/local/lib/python3.12/site-packages/oslo_concurrency/processutils.py:372}}
Jan 26 19:10:56.074973 np0005596550.novalocal cinder-volume[196635]: DEBUG oslo_concurrency.lockutils [req-0aa61246-5da2-4ac4-9fb9-6a4b99152ec3 req-91edd358-a99b-487b-b093-23ba806eca0b tempest-ServerActionsV293TestJSON-1845614456 None] Lock "lioadm" "released" by "cinder.volume.targets.lio.LioAdm._execute" :: held 0.541s {{(pid=196635) inner /usr/local/lib/python3.12/site-packages/oslo_concurrency/lockutils.py:424}}
Jan 26 19:10:56.075257 np0005596550.novalocal cinder-volume[196635]: DEBUG cinder.volume.targets.iscsi [req-0aa61246-5da2-4ac4-9fb9-6a4b99152ec3 req-91edd358-a99b-487b-b093-23ba806eca0b tempest-ServerActionsV293TestJSON-1845614456 None] Set provider_location to: 38.102.83.18:3260,iqn.2010-10.org.openstack:volume-4e3fe1e3-916c-4c11-b288-1ca6609a25da iqn.2010-10.org.openstack:volume-4e3fe1e3-916c-4c11-b288-1ca6609a25da 0 {{(pid=196635) create_export /opt/stack/cinder/cinder/volume/targets/iscsi.py:205}}
Jan 26 19:10:56.086310 np0005596550.novalocal cinder-volume[196635]: DEBUG oslo_concurrency.lockutils [req-0aa61246-5da2-4ac4-9fb9-6a4b99152ec3 req-91edd358-a99b-487b-b093-23ba806eca0b tempest-ServerActionsV293TestJSON-1845614456 None] Acquiring lock "lioadm" by "cinder.volume.targets.lio.LioAdm._execute" {{(pid=196635) inner /usr/local/lib/python3.12/site-packages/oslo_concurrency/lockutils.py:405}}
Jan 26 19:10:56.086759 np0005596550.novalocal cinder-volume[196635]: DEBUG oslo_concurrency.lockutils [req-0aa61246-5da2-4ac4-9fb9-6a4b99152ec3 req-91edd358-a99b-487b-b093-23ba806eca0b tempest-ServerActionsV293TestJSON-1845614456 None] Lock "lioadm" acquired by "cinder.volume.targets.lio.LioAdm._execute" :: waited 0.001s {{(pid=196635) inner /usr/local/lib/python3.12/site-packages/oslo_concurrency/lockutils.py:410}}
Jan 26 19:10:56.087267 np0005596550.novalocal cinder-volume[196635]: DEBUG oslo_concurrency.processutils [req-0aa61246-5da2-4ac4-9fb9-6a4b99152ec3 req-91edd358-a99b-487b-b093-23ba806eca0b tempest-ServerActionsV293TestJSON-1845614456 None] Running cmd (subprocess): sudo cinder-rootwrap /etc/cinder/rootwrap.conf cinder-rtstool add-initiator iqn.2010-10.org.openstack:volume-4e3fe1e3-916c-4c11-b288-1ca6609a25da vLGbFUG9rYjACzbmVoRC SbExB4HwxUFZppPd iqn.1994-05.com.redhat:cea4a155eb24 {{(pid=196635) execute /usr/local/lib/python3.12/site-packages/oslo_concurrency/processutils.py:349}}
Jan 26 19:10:56.106635 np0005596550.novalocal sudo[228458]: stack : PWD=/ ; USER=root ; COMMAND=/usr/local/bin/cinder-rootwrap /etc/cinder/rootwrap.conf cinder-rtstool add-initiator iqn.2010-10.org.openstack:volume-4e3fe1e3-916c-4c11-b288-1ca6609a25da vLGbFUG9rYjACzbmVoRC SbExB4HwxUFZppPd iqn.1994-05.com.redhat:cea4a155eb24
Jan 26 19:10:56.594779 np0005596550.novalocal cinder-volume[196635]: DEBUG oslo_concurrency.processutils [req-0aa61246-5da2-4ac4-9fb9-6a4b99152ec3 req-91edd358-a99b-487b-b093-23ba806eca0b tempest-ServerActionsV293TestJSON-1845614456 None] CMD "sudo cinder-rootwrap /etc/cinder/rootwrap.conf cinder-rtstool add-initiator iqn.2010-10.org.openstack:volume-4e3fe1e3-916c-4c11-b288-1ca6609a25da vLGbFUG9rYjACzbmVoRC SbExB4HwxUFZppPd iqn.1994-05.com.redhat:cea4a155eb24" returned: 0 in 0.507s {{(pid=196635) execute /usr/local/lib/python3.12/site-packages/oslo_concurrency/processutils.py:372}}
Jan 26 19:10:56.596006 np0005596550.novalocal cinder-volume[196635]: DEBUG oslo_concurrency.lockutils [req-0aa61246-5da2-4ac4-9fb9-6a4b99152ec3 req-91edd358-a99b-487b-b093-23ba806eca0b tempest-ServerActionsV293TestJSON-1845614456 None] Lock "lioadm" "released" by "cinder.volume.targets.lio.LioAdm._execute" :: held 0.508s {{(pid=196635) inner /usr/local/lib/python3.12/site-packages/oslo_concurrency/lockutils.py:424}}
Jan 26 19:10:56.596006 np0005596550.novalocal cinder-volume[196635]: DEBUG oslo_concurrency.lockutils [req-0aa61246-5da2-4ac4-9fb9-6a4b99152ec3 req-91edd358-a99b-487b-b093-23ba806eca0b tempest-ServerActionsV293TestJSON-1845614456 None] Acquiring lock "lioadm" by "cinder.volume.targets.lio.LioAdm._execute" {{(pid=196635) inner /usr/local/lib/python3.12/site-packages/oslo_concurrency/lockutils.py:405}}
Jan 26 19:10:56.596006 np0005596550.novalocal cinder-volume[196635]: DEBUG oslo_concurrency.lockutils [req-0aa61246-5da2-4ac4-9fb9-6a4b99152ec3 req-91edd358-a99b-487b-b093-23ba806eca0b tempest-ServerActionsV293TestJSON-1845614456 None] Lock "lioadm" acquired by "cinder.volume.targets.lio.LioAdm._execute" :: waited 0.000s {{(pid=196635) inner /usr/local/lib/python3.12/site-packages/oslo_concurrency/lockutils.py:410}}
Jan 26 19:10:56.596253 np0005596550.novalocal cinder-volume[196635]: DEBUG oslo_concurrency.processutils [req-0aa61246-5da2-4ac4-9fb9-6a4b99152ec3 req-91edd358-a99b-487b-b093-23ba806eca0b tempest-ServerActionsV293TestJSON-1845614456 None] Running cmd (subprocess): sudo cinder-rootwrap /etc/cinder/rootwrap.conf cinder-rtstool save {{(pid=196635) execute /usr/local/lib/python3.12/site-packages/oslo_concurrency/processutils.py:349}}
Jan 26 19:10:56.615231 np0005596550.novalocal sudo[228464]: stack : PWD=/ ; USER=root ; COMMAND=/usr/local/bin/cinder-rootwrap /etc/cinder/rootwrap.conf cinder-rtstool save
Jan 26 19:10:57.135005 np0005596550.novalocal cinder-volume[196635]: DEBUG oslo_concurrency.processutils [req-0aa61246-5da2-4ac4-9fb9-6a4b99152ec3 req-91edd358-a99b-487b-b093-23ba806eca0b tempest-ServerActionsV293TestJSON-1845614456 None] CMD "sudo cinder-rootwrap /etc/cinder/rootwrap.conf cinder-rtstool save" returned: 0 in 0.538s {{(pid=196635) execute /usr/local/lib/python3.12/site-packages/oslo_concurrency/processutils.py:372}}
Jan 26 19:10:57.135430 np0005596550.novalocal cinder-volume[196635]: DEBUG oslo_concurrency.lockutils [req-0aa61246-5da2-4ac4-9fb9-6a4b99152ec3 req-91edd358-a99b-487b-b093-23ba806eca0b tempest-ServerActionsV293TestJSON-1845614456 None] Lock "lioadm" "released" by "cinder.volume.targets.lio.LioAdm._execute" :: held 0.539s {{(pid=196635) inner /usr/local/lib/python3.12/site-packages/oslo_concurrency/lockutils.py:424}}
Jan 26 19:10:57.154717 np0005596550.novalocal cinder-volume[196635]: DEBUG cinder.volume.manager [req-0aa61246-5da2-4ac4-9fb9-6a4b99152ec3 req-91edd358-a99b-487b-b093-23ba806eca0b tempest-ServerActionsV293TestJSON-1845614456 None] Connection info returned from driver {'target_discovered': False, 'target_portal': '38.102.83.18:3260', 'target_iqn': 'iqn.2010-10.org.openstack:volume-4e3fe1e3-916c-4c11-b288-1ca6609a25da', 'target_lun': 0, 'volume_id': '4e3fe1e3-916c-4c11-b288-1ca6609a25da', 'auth_method': 'CHAP', 'auth_username': 'vLGbFUG9rYjACzbmVoRC', 'auth_password': '***', 'encrypted': False, 'qos_specs': None, 'access_mode': 'rw', 'cacheable': False, 'driver_volume_type': 'iscsi', 'attachment_id': '18962ed9-fb26-46a6-bc3f-7e25a7017afe', 'enforce_multipath': True} {{(pid=196635) _connection_create /opt/stack/cinder/cinder/volume/manager.py:4893}}
Jan 26 19:10:57.178097 np0005596550.novalocal cinder-volume[196635]: INFO cinder.volume.manager [req-0aa61246-5da2-4ac4-9fb9-6a4b99152ec3 req-91edd358-a99b-487b-b093-23ba806eca0b tempest-ServerActionsV293TestJSON-1845614456 None] attachment_update completed successfully.
Jan 26 19:11:07.172894 np0005596550.novalocal cinder-volume[196635]: DEBUG dbcounter [-] [196635] Writing DB stats cinder:SELECT=12,cinder:UPDATE=4,cinder:INSERT=8 {{(pid=196635) stat_writer /usr/local/lib/python3.12/site-packages/dbcounter.py:115}}
Jan 26 19:11:07.178366 np0005596550.novalocal cinder-volume[196635]: DEBUG dbcounter [-] [196635] Writing DB stats cinder:SELECT=18,cinder:UPDATE=3,cinder:INSERT=6 {{(pid=196635) stat_writer /usr/local/lib/python3.12/site-packages/dbcounter.py:115}}
Jan 26 19:11:32.832744 np0005596550.novalocal cinder-volume[196635]: DEBUG oslo_concurrency.processutils [req-c67a7f8c-9a44-424d-9621-54a7989a2f2b req-d43f758f-fce0-432d-a4fe-3283ccabd2f7 tempest-VolumesBackupsTest-97611117 None] Running cmd (subprocess): sudo cinder-rootwrap /etc/cinder/rootwrap.conf lvchange -a y --yes -K stack-volumes-lvmdriver-1/volume-7b99cea9-3a13-452e-9141-efcbb218f28b {{(pid=196635) execute /usr/local/lib/python3.12/site-packages/oslo_concurrency/processutils.py:349}}
Jan 26 19:11:32.856126 np0005596550.novalocal sudo[228843]: stack : PWD=/ ; USER=root ; COMMAND=/usr/local/bin/cinder-rootwrap /etc/cinder/rootwrap.conf lvchange -a y --yes -K stack-volumes-lvmdriver-1/volume-7b99cea9-3a13-452e-9141-efcbb218f28b
Jan 26 19:11:33.214952 np0005596550.novalocal cinder-volume[196635]: DEBUG oslo_concurrency.processutils [req-c67a7f8c-9a44-424d-9621-54a7989a2f2b req-d43f758f-fce0-432d-a4fe-3283ccabd2f7 tempest-VolumesBackupsTest-97611117 None] CMD "sudo cinder-rootwrap /etc/cinder/rootwrap.conf lvchange -a y --yes -K stack-volumes-lvmdriver-1/volume-7b99cea9-3a13-452e-9141-efcbb218f28b" returned: 0 in 0.381s {{(pid=196635) execute /usr/local/lib/python3.12/site-packages/oslo_concurrency/processutils.py:372}}
Jan 26 19:11:33.223340 np0005596550.novalocal cinder-volume[196635]: INFO cinder.volume.targets.lio [req-c67a7f8c-9a44-424d-9621-54a7989a2f2b req-d43f758f-fce0-432d-a4fe-3283ccabd2f7 tempest-VolumesBackupsTest-97611117 None] Creating iscsi_target for volume: volume-7b99cea9-3a13-452e-9141-efcbb218f28b
Jan 26 19:11:33.223526 np0005596550.novalocal cinder-volume[196635]: DEBUG oslo_concurrency.lockutils [req-c67a7f8c-9a44-424d-9621-54a7989a2f2b req-d43f758f-fce0-432d-a4fe-3283ccabd2f7 tempest-VolumesBackupsTest-97611117 None] Acquiring lock "lioadm" by "cinder.volume.targets.lio.LioAdm._execute" {{(pid=196635) inner /usr/local/lib/python3.12/site-packages/oslo_concurrency/lockutils.py:405}}
Jan 26 19:11:33.224082 np0005596550.novalocal cinder-volume[196635]: DEBUG oslo_concurrency.lockutils [req-c67a7f8c-9a44-424d-9621-54a7989a2f2b req-d43f758f-fce0-432d-a4fe-3283ccabd2f7 tempest-VolumesBackupsTest-97611117 None] Lock "lioadm" acquired by "cinder.volume.targets.lio.LioAdm._execute" :: waited 0.001s {{(pid=196635) inner /usr/local/lib/python3.12/site-packages/oslo_concurrency/lockutils.py:410}}
Jan 26 19:11:33.224459 np0005596550.novalocal cinder-volume[196635]: DEBUG oslo_concurrency.processutils [req-c67a7f8c-9a44-424d-9621-54a7989a2f2b req-d43f758f-fce0-432d-a4fe-3283ccabd2f7 tempest-VolumesBackupsTest-97611117 None] Running cmd (subprocess): sudo cinder-rootwrap /etc/cinder/rootwrap.conf cinder-rtstool create /dev/stack-volumes-lvmdriver-1/volume-7b99cea9-3a13-452e-9141-efcbb218f28b iqn.2010-10.org.openstack:volume-7b99cea9-3a13-452e-9141-efcbb218f28b xAMSGov4NR4iBpfuFrd8 vVVAhujfDMw8unuk False -p3260 -a38.102.83.18 {{(pid=196635) execute /usr/local/lib/python3.12/site-packages/oslo_concurrency/processutils.py:349}}
Jan 26 19:11:33.244041 np0005596550.novalocal sudo[228848]: stack : PWD=/ ; USER=root ; COMMAND=/usr/local/bin/cinder-rootwrap /etc/cinder/rootwrap.conf cinder-rtstool create /dev/stack-volumes-lvmdriver-1/volume-7b99cea9-3a13-452e-9141-efcbb218f28b iqn.2010-10.org.openstack:volume-7b99cea9-3a13-452e-9141-efcbb218f28b xAMSGov4NR4iBpfuFrd8 vVVAhujfDMw8unuk False -p3260 -a38.102.83.18
Jan 26 19:11:33.746579 np0005596550.novalocal cinder-volume[196635]: DEBUG oslo_concurrency.processutils [req-c67a7f8c-9a44-424d-9621-54a7989a2f2b req-d43f758f-fce0-432d-a4fe-3283ccabd2f7 tempest-VolumesBackupsTest-97611117 None] CMD "sudo cinder-rootwrap /etc/cinder/rootwrap.conf cinder-rtstool create /dev/stack-volumes-lvmdriver-1/volume-7b99cea9-3a13-452e-9141-efcbb218f28b iqn.2010-10.org.openstack:volume-7b99cea9-3a13-452e-9141-efcbb218f28b xAMSGov4NR4iBpfuFrd8 vVVAhujfDMw8unuk False -p3260 -a38.102.83.18" returned: 0 in 0.522s {{(pid=196635) execute /usr/local/lib/python3.12/site-packages/oslo_concurrency/processutils.py:372}}
Jan 26 19:11:33.747040 np0005596550.novalocal cinder-volume[196635]: DEBUG oslo_concurrency.lockutils [req-c67a7f8c-9a44-424d-9621-54a7989a2f2b req-d43f758f-fce0-432d-a4fe-3283ccabd2f7 tempest-VolumesBackupsTest-97611117 None] Lock "lioadm" "released" by "cinder.volume.targets.lio.LioAdm._execute" :: held 0.523s {{(pid=196635) inner /usr/local/lib/python3.12/site-packages/oslo_concurrency/lockutils.py:424}}
Jan 26 19:11:33.747231 np0005596550.novalocal cinder-volume[196635]: DEBUG oslo_concurrency.lockutils [req-c67a7f8c-9a44-424d-9621-54a7989a2f2b req-d43f758f-fce0-432d-a4fe-3283ccabd2f7 tempest-VolumesBackupsTest-97611117 None] Acquiring lock "lioadm" by "cinder.volume.targets.lio.LioAdm._execute" {{(pid=196635) inner /usr/local/lib/python3.12/site-packages/oslo_concurrency/lockutils.py:405}}
Jan 26 19:11:33.747653 np0005596550.novalocal cinder-volume[196635]: DEBUG oslo_concurrency.lockutils [req-c67a7f8c-9a44-424d-9621-54a7989a2f2b req-d43f758f-fce0-432d-a4fe-3283ccabd2f7 tempest-VolumesBackupsTest-97611117 None] Lock "lioadm" acquired by "cinder.volume.targets.lio.LioAdm._execute" :: waited 0.000s {{(pid=196635) inner /usr/local/lib/python3.12/site-packages/oslo_concurrency/lockutils.py:410}}
Jan 26 19:11:33.748852 np0005596550.novalocal cinder-volume[196635]: DEBUG oslo_concurrency.processutils [req-c67a7f8c-9a44-424d-9621-54a7989a2f2b req-d43f758f-fce0-432d-a4fe-3283ccabd2f7 tempest-VolumesBackupsTest-97611117 None] Running cmd (subprocess): sudo cinder-rootwrap /etc/cinder/rootwrap.conf cinder-rtstool get-targets {{(pid=196635) execute /usr/local/lib/python3.12/site-packages/oslo_concurrency/processutils.py:349}}
Jan 26 19:11:33.771367 np0005596550.novalocal sudo[228855]: stack : PWD=/ ; USER=root ; COMMAND=/usr/local/bin/cinder-rootwrap /etc/cinder/rootwrap.conf cinder-rtstool get-targets
Jan 26 19:11:34.311618 np0005596550.novalocal cinder-volume[196635]: DEBUG oslo_concurrency.processutils [req-c67a7f8c-9a44-424d-9621-54a7989a2f2b req-d43f758f-fce0-432d-a4fe-3283ccabd2f7 tempest-VolumesBackupsTest-97611117 None] CMD "sudo cinder-rootwrap /etc/cinder/rootwrap.conf cinder-rtstool get-targets" returned: 0 in 0.563s {{(pid=196635) execute /usr/local/lib/python3.12/site-packages/oslo_concurrency/processutils.py:372}}
Jan 26 19:11:34.312105 np0005596550.novalocal cinder-volume[196635]: DEBUG oslo_concurrency.lockutils [req-c67a7f8c-9a44-424d-9621-54a7989a2f2b req-d43f758f-fce0-432d-a4fe-3283ccabd2f7 tempest-VolumesBackupsTest-97611117 None] Lock "lioadm" "released" by "cinder.volume.targets.lio.LioAdm._execute" :: held 0.564s {{(pid=196635) inner /usr/local/lib/python3.12/site-packages/oslo_concurrency/lockutils.py:424}}
Jan 26 19:11:34.312303 np0005596550.novalocal cinder-volume[196635]: DEBUG oslo_concurrency.lockutils [req-c67a7f8c-9a44-424d-9621-54a7989a2f2b req-d43f758f-fce0-432d-a4fe-3283ccabd2f7 tempest-VolumesBackupsTest-97611117 None] Acquiring lock "lioadm" by "cinder.volume.targets.lio.LioAdm._execute" {{(pid=196635) inner /usr/local/lib/python3.12/site-packages/oslo_concurrency/lockutils.py:405}}
Jan 26 19:11:34.312699 np0005596550.novalocal cinder-volume[196635]: DEBUG oslo_concurrency.lockutils [req-c67a7f8c-9a44-424d-9621-54a7989a2f2b req-d43f758f-fce0-432d-a4fe-3283ccabd2f7 tempest-VolumesBackupsTest-97611117 None] Lock "lioadm" acquired by "cinder.volume.targets.lio.LioAdm._execute" :: waited 0.000s {{(pid=196635) inner /usr/local/lib/python3.12/site-packages/oslo_concurrency/lockutils.py:410}}
Jan 26 19:11:34.313163 np0005596550.novalocal cinder-volume[196635]: DEBUG oslo_concurrency.processutils [req-c67a7f8c-9a44-424d-9621-54a7989a2f2b req-d43f758f-fce0-432d-a4fe-3283ccabd2f7 tempest-VolumesBackupsTest-97611117 None] Running cmd (subprocess): sudo cinder-rootwrap /etc/cinder/rootwrap.conf cinder-rtstool save {{(pid=196635) execute /usr/local/lib/python3.12/site-packages/oslo_concurrency/processutils.py:349}}
Jan 26 19:11:34.336054 np0005596550.novalocal sudo[228861]: stack : PWD=/ ; USER=root ; COMMAND=/usr/local/bin/cinder-rootwrap /etc/cinder/rootwrap.conf cinder-rtstool save
Jan 26 19:11:34.897616 np0005596550.novalocal cinder-volume[196635]: DEBUG oslo_concurrency.processutils [req-c67a7f8c-9a44-424d-9621-54a7989a2f2b req-d43f758f-fce0-432d-a4fe-3283ccabd2f7 tempest-VolumesBackupsTest-97611117 None] CMD "sudo cinder-rootwrap /etc/cinder/rootwrap.conf cinder-rtstool save" returned: 0 in 0.584s {{(pid=196635) execute /usr/local/lib/python3.12/site-packages/oslo_concurrency/processutils.py:372}}
Jan 26 19:11:34.898168 np0005596550.novalocal cinder-volume[196635]: DEBUG oslo_concurrency.lockutils [req-c67a7f8c-9a44-424d-9621-54a7989a2f2b req-d43f758f-fce0-432d-a4fe-3283ccabd2f7 tempest-VolumesBackupsTest-97611117 None] Lock "lioadm" "released" by "cinder.volume.targets.lio.LioAdm._execute" :: held 0.585s {{(pid=196635) inner /usr/local/lib/python3.12/site-packages/oslo_concurrency/lockutils.py:424}}
Jan 26 19:11:34.898539 np0005596550.novalocal cinder-volume[196635]: DEBUG cinder.volume.targets.iscsi [req-c67a7f8c-9a44-424d-9621-54a7989a2f2b req-d43f758f-fce0-432d-a4fe-3283ccabd2f7 tempest-VolumesBackupsTest-97611117 None] Set provider_location to: 38.102.83.18:3260,iqn.2010-10.org.openstack:volume-7b99cea9-3a13-452e-9141-efcbb218f28b iqn.2010-10.org.openstack:volume-7b99cea9-3a13-452e-9141-efcbb218f28b 0 {{(pid=196635) create_export /opt/stack/cinder/cinder/volume/targets/iscsi.py:205}}
Jan 26 19:11:34.903943 np0005596550.novalocal cinder-volume[196635]: DEBUG oslo_concurrency.lockutils [req-c67a7f8c-9a44-424d-9621-54a7989a2f2b req-d43f758f-fce0-432d-a4fe-3283ccabd2f7 tempest-VolumesBackupsTest-97611117 None] Acquiring lock "lioadm" by "cinder.volume.targets.lio.LioAdm._execute" {{(pid=196635) inner /usr/local/lib/python3.12/site-packages/oslo_concurrency/lockutils.py:405}}
Jan 26 19:11:34.904376 np0005596550.novalocal cinder-volume[196635]: DEBUG oslo_concurrency.lockutils [req-c67a7f8c-9a44-424d-9621-54a7989a2f2b req-d43f758f-fce0-432d-a4fe-3283ccabd2f7 tempest-VolumesBackupsTest-97611117 None] Lock "lioadm" acquired by "cinder.volume.targets.lio.LioAdm._execute" :: waited 0.001s {{(pid=196635) inner /usr/local/lib/python3.12/site-packages/oslo_concurrency/lockutils.py:410}}
Jan 26 19:11:34.904749 np0005596550.novalocal cinder-volume[196635]: DEBUG oslo_concurrency.processutils [req-c67a7f8c-9a44-424d-9621-54a7989a2f2b req-d43f758f-fce0-432d-a4fe-3283ccabd2f7 tempest-VolumesBackupsTest-97611117 None] Running cmd (subprocess): sudo cinder-rootwrap /etc/cinder/rootwrap.conf cinder-rtstool add-initiator iqn.2010-10.org.openstack:volume-7b99cea9-3a13-452e-9141-efcbb218f28b xAMSGov4NR4iBpfuFrd8 vVVAhujfDMw8unuk iqn.1994-05.com.redhat:cea4a155eb24 {{(pid=196635) execute /usr/local/lib/python3.12/site-packages/oslo_concurrency/processutils.py:349}}
Jan 26 19:11:34.925368 np0005596550.novalocal sudo[228869]: stack : PWD=/ ; USER=root ; COMMAND=/usr/local/bin/cinder-rootwrap /etc/cinder/rootwrap.conf cinder-rtstool add-initiator iqn.2010-10.org.openstack:volume-7b99cea9-3a13-452e-9141-efcbb218f28b xAMSGov4NR4iBpfuFrd8 vVVAhujfDMw8unuk iqn.1994-05.com.redhat:cea4a155eb24
Jan 26 19:11:35.463026 np0005596550.novalocal cinder-volume[196635]: DEBUG oslo_concurrency.processutils [req-c67a7f8c-9a44-424d-9621-54a7989a2f2b req-d43f758f-fce0-432d-a4fe-3283ccabd2f7 tempest-VolumesBackupsTest-97611117 None] CMD "sudo cinder-rootwrap /etc/cinder/rootwrap.conf cinder-rtstool add-initiator iqn.2010-10.org.openstack:volume-7b99cea9-3a13-452e-9141-efcbb218f28b xAMSGov4NR4iBpfuFrd8 vVVAhujfDMw8unuk iqn.1994-05.com.redhat:cea4a155eb24" returned: 0 in 0.558s {{(pid=196635) execute /usr/local/lib/python3.12/site-packages/oslo_concurrency/processutils.py:372}}
Jan 26 19:11:35.464018 np0005596550.novalocal cinder-volume[196635]: DEBUG oslo_concurrency.lockutils [req-c67a7f8c-9a44-424d-9621-54a7989a2f2b req-d43f758f-fce0-432d-a4fe-3283ccabd2f7 tempest-VolumesBackupsTest-97611117 None] Lock "lioadm" "released" by "cinder.volume.targets.lio.LioAdm._execute" :: held 0.560s {{(pid=196635) inner /usr/local/lib/python3.12/site-packages/oslo_concurrency/lockutils.py:424}}
Jan 26 19:11:35.464211 np0005596550.novalocal cinder-volume[196635]: DEBUG oslo_concurrency.lockutils [req-c67a7f8c-9a44-424d-9621-54a7989a2f2b req-d43f758f-fce0-432d-a4fe-3283ccabd2f7 tempest-VolumesBackupsTest-97611117 None] Acquiring lock "lioadm" by "cinder.volume.targets.lio.LioAdm._execute" {{(pid=196635) inner /usr/local/lib/python3.12/site-packages/oslo_concurrency/lockutils.py:405}}
Jan 26 19:11:35.464748 np0005596550.novalocal cinder-volume[196635]: DEBUG oslo_concurrency.lockutils [req-c67a7f8c-9a44-424d-9621-54a7989a2f2b req-d43f758f-fce0-432d-a4fe-3283ccabd2f7 tempest-VolumesBackupsTest-97611117 None] Lock "lioadm" acquired by "cinder.volume.targets.lio.LioAdm._execute" :: waited 0.000s {{(pid=196635) inner /usr/local/lib/python3.12/site-packages/oslo_concurrency/lockutils.py:410}}
Jan 26 19:11:35.465861 np0005596550.novalocal cinder-volume[196635]: DEBUG oslo_concurrency.processutils [req-c67a7f8c-9a44-424d-9621-54a7989a2f2b req-d43f758f-fce0-432d-a4fe-3283ccabd2f7 tempest-VolumesBackupsTest-97611117 None] Running cmd (subprocess): sudo cinder-rootwrap /etc/cinder/rootwrap.conf cinder-rtstool save {{(pid=196635) execute /usr/local/lib/python3.12/site-packages/oslo_concurrency/processutils.py:349}}
Jan 26 19:11:35.483622 np0005596550.novalocal sudo[228883]: stack : PWD=/ ; USER=root ; COMMAND=/usr/local/bin/cinder-rootwrap /etc/cinder/rootwrap.conf cinder-rtstool save
Jan 26 19:11:36.070188 np0005596550.novalocal cinder-volume[196635]: DEBUG oslo_concurrency.processutils [req-c67a7f8c-9a44-424d-9621-54a7989a2f2b req-d43f758f-fce0-432d-a4fe-3283ccabd2f7 tempest-VolumesBackupsTest-97611117 None] CMD "sudo cinder-rootwrap /etc/cinder/rootwrap.conf cinder-rtstool save" returned: 0 in 0.604s {{(pid=196635) execute /usr/local/lib/python3.12/site-packages/oslo_concurrency/processutils.py:372}}
Jan 26 19:11:36.070546 np0005596550.novalocal cinder-volume[196635]: DEBUG oslo_concurrency.lockutils [req-c67a7f8c-9a44-424d-9621-54a7989a2f2b req-d43f758f-fce0-432d-a4fe-3283ccabd2f7 tempest-VolumesBackupsTest-97611117 None] Lock "lioadm" "released" by "cinder.volume.targets.lio.LioAdm._execute" :: held 0.606s {{(pid=196635) inner /usr/local/lib/python3.12/site-packages/oslo_concurrency/lockutils.py:424}}
Jan 26 19:11:36.086301 np0005596550.novalocal cinder-volume[196635]: DEBUG cinder.volume.manager [req-c67a7f8c-9a44-424d-9621-54a7989a2f2b req-d43f758f-fce0-432d-a4fe-3283ccabd2f7 tempest-VolumesBackupsTest-97611117 None] Connection info returned from driver {'target_discovered': False, 'target_portal': '38.102.83.18:3260', 'target_iqn': 'iqn.2010-10.org.openstack:volume-7b99cea9-3a13-452e-9141-efcbb218f28b', 'target_lun': 0, 'volume_id': '7b99cea9-3a13-452e-9141-efcbb218f28b', 'auth_method': 'CHAP', 'auth_username': 'xAMSGov4NR4iBpfuFrd8', 'auth_password': '***', 'encrypted': False, 'qos_specs': None, 'access_mode': 'rw', 'cacheable': False, 'driver_volume_type': 'iscsi', 'attachment_id': '16bf5a90-9f6b-4c69-9725-c304d2178e8d', 'enforce_multipath': True} {{(pid=196635) _connection_create /opt/stack/cinder/cinder/volume/manager.py:4893}}
Jan 26 19:11:36.111673 np0005596550.novalocal cinder-volume[196635]: INFO cinder.volume.manager [req-c67a7f8c-9a44-424d-9621-54a7989a2f2b req-d43f758f-fce0-432d-a4fe-3283ccabd2f7 tempest-VolumesBackupsTest-97611117 None] attachment_update completed successfully.
Jan 26 19:11:42.945805 np0005596550.novalocal cinder-volume[196635]: DEBUG cinder.volume.driver [None req-9ac07ad3-9f7c-4ec6-8c32-b970956a5d0c tempest-VolumesBackupsTest-97611117 None] Creating a new backup for volume volume-7b99cea9-3a13-452e-9141-efcbb218f28b. {{(pid=196635) _get_backup_volume_temp_volume /opt/stack/cinder/cinder/volume/driver.py:1266}}
Jan 26 19:11:42.965032 np0005596550.novalocal cinder-volume[196635]: DEBUG oslo_concurrency.processutils [None req-9ac07ad3-9f7c-4ec6-8c32-b970956a5d0c tempest-VolumesBackupsTest-97611117 None] Running cmd (subprocess): sudo cinder-rootwrap /etc/cinder/rootwrap.conf env LC_ALL=C lvs --noheadings --unit=g -o vg_name,name,size --nosuffix --readonly stack-volumes-lvmdriver-1/volume-7b99cea9-3a13-452e-9141-efcbb218f28b {{(pid=196635) execute /usr/local/lib/python3.12/site-packages/oslo_concurrency/processutils.py:349}}
Jan 26 19:11:42.992072 np0005596550.novalocal sudo[228944]: stack : PWD=/ ; USER=root ; COMMAND=/usr/local/bin/cinder-rootwrap /etc/cinder/rootwrap.conf env LC_ALL=C lvs --noheadings --unit=g -o vg_name,name,size --nosuffix --readonly stack-volumes-lvmdriver-1/volume-7b99cea9-3a13-452e-9141-efcbb218f28b
Jan 26 19:11:43.406733 np0005596550.novalocal cinder-volume[196635]: DEBUG oslo_concurrency.processutils [None req-9ac07ad3-9f7c-4ec6-8c32-b970956a5d0c tempest-VolumesBackupsTest-97611117 None] CMD "sudo cinder-rootwrap /etc/cinder/rootwrap.conf env LC_ALL=C lvs --noheadings --unit=g -o vg_name,name,size --nosuffix --readonly stack-volumes-lvmdriver-1/volume-7b99cea9-3a13-452e-9141-efcbb218f28b" returned: 0 in 0.442s {{(pid=196635) execute /usr/local/lib/python3.12/site-packages/oslo_concurrency/processutils.py:372}}
Jan 26 19:11:43.407463 np0005596550.novalocal cinder-volume[196635]: DEBUG oslo_concurrency.processutils [None req-9ac07ad3-9f7c-4ec6-8c32-b970956a5d0c tempest-VolumesBackupsTest-97611117 None] Running cmd (subprocess): sudo cinder-rootwrap /etc/cinder/rootwrap.conf env LC_ALL=C lvcreate --name volume-3688e2f1-1cb3-48e8-bffd-1d3a4b8848f2 --snapshot stack-volumes-lvmdriver-1/volume-7b99cea9-3a13-452e-9141-efcbb218f28b {{(pid=196635) execute /usr/local/lib/python3.12/site-packages/oslo_concurrency/processutils.py:349}}
Jan 26 19:11:43.431570 np0005596550.novalocal sudo[228950]: stack : PWD=/ ; USER=root ; COMMAND=/usr/local/bin/cinder-rootwrap /etc/cinder/rootwrap.conf env LC_ALL=C lvcreate --name volume-3688e2f1-1cb3-48e8-bffd-1d3a4b8848f2 --snapshot stack-volumes-lvmdriver-1/volume-7b99cea9-3a13-452e-9141-efcbb218f28b
Jan 26 19:11:43.875246 np0005596550.novalocal cinder-volume[196635]: DEBUG oslo_concurrency.processutils [None req-9ac07ad3-9f7c-4ec6-8c32-b970956a5d0c tempest-VolumesBackupsTest-97611117 None] CMD "sudo cinder-rootwrap /etc/cinder/rootwrap.conf env LC_ALL=C lvcreate --name volume-3688e2f1-1cb3-48e8-bffd-1d3a4b8848f2 --snapshot stack-volumes-lvmdriver-1/volume-7b99cea9-3a13-452e-9141-efcbb218f28b" returned: 0 in 0.468s {{(pid=196635) execute /usr/local/lib/python3.12/site-packages/oslo_concurrency/processutils.py:372}}
Jan 26 19:11:43.875951 np0005596550.novalocal cinder-volume[196635]: DEBUG oslo_concurrency.processutils [None req-9ac07ad3-9f7c-4ec6-8c32-b970956a5d0c tempest-VolumesBackupsTest-97611117 None] Running cmd (subprocess): sudo cinder-rootwrap /etc/cinder/rootwrap.conf lvchange -a y --yes -k n stack-volumes-lvmdriver-1/volume-3688e2f1-1cb3-48e8-bffd-1d3a4b8848f2 {{(pid=196635) execute /usr/local/lib/python3.12/site-packages/oslo_concurrency/processutils.py:349}}
Jan 26 19:11:43.895720 np0005596550.novalocal sudo[228962]: stack : PWD=/ ; USER=root ; COMMAND=/usr/local/bin/cinder-rootwrap /etc/cinder/rootwrap.conf lvchange -a y --yes -k n stack-volumes-lvmdriver-1/volume-3688e2f1-1cb3-48e8-bffd-1d3a4b8848f2
Jan 26 19:11:44.346146 np0005596550.novalocal cinder-volume[196635]: DEBUG oslo_concurrency.processutils [None req-9ac07ad3-9f7c-4ec6-8c32-b970956a5d0c tempest-VolumesBackupsTest-97611117 None] CMD "sudo cinder-rootwrap /etc/cinder/rootwrap.conf lvchange -a y --yes -k n stack-volumes-lvmdriver-1/volume-3688e2f1-1cb3-48e8-bffd-1d3a4b8848f2" returned: 0 in 0.468s {{(pid=196635) execute /usr/local/lib/python3.12/site-packages/oslo_concurrency/processutils.py:372}}
Jan 26 19:11:44.362119 np0005596550.novalocal cinder-volume[196635]: INFO cinder.volume.manager [None req-9ac07ad3-9f7c-4ec6-8c32-b970956a5d0c tempest-VolumesBackupsTest-97611117 None] Calling backup continue_backup for: Backup(availability_zone='nova',container='tempest-volumesbackupstest-backup-container-1397569414',created_at=2026-01-27T00:11:42Z,data_timestamp=2026-01-27T00:11:42Z,deleted=False,deleted_at=None,display_description=None,display_name='tempest-VolumesBackupsTest-Backup-1951189700',encryption_key_id=None,fail_reason=None,host='np0005596550.novalocal',id=e4b624ea-c67f-4726-b3b7-0971d80eb396,metadata={},num_dependent_backups=0,object_count=0,parent=None,parent_id=None,project_id='261cb1c98c954302ba86efa2ceee43f2',restore_volume_id=None,service='cinder.backup.drivers.swift.SwiftBackupDriver',service_metadata=None,size=1,snapshot_id=None,status='creating',temp_snapshot_id=None,temp_volume_id='3688e2f1-1cb3-48e8-bffd-1d3a4b8848f2',updated_at=None,user_id='e6cbe3740f6c4303bbf3e5d5c92677db',volume_id=7b99cea9-3a13-452e-9141-efcbb218f28b)
Jan 26 19:11:44.364274 np0005596550.novalocal cinder-volume[196635]: DEBUG cinder.backup.rpcapi [None req-9ac07ad3-9f7c-4ec6-8c32-b970956a5d0c tempest-VolumesBackupsTest-97611117 None] continue_backup in rpcapi backup_id e4b624ea-c67f-4726-b3b7-0971d80eb396 {{(pid=196635) continue_backup /opt/stack/cinder/cinder/backup/rpcapi.py:65}}
Jan 26 19:11:44.458633 np0005596550.novalocal cinder-volume[196635]: DEBUG oslo_concurrency.processutils [None req-9ac07ad3-9f7c-4ec6-8c32-b970956a5d0c tempest-VolumesBackupsTest-97611117 None] Running cmd (subprocess): sudo cinder-rootwrap /etc/cinder/rootwrap.conf lvchange -a y --yes -K stack-volumes-lvmdriver-1/volume-3688e2f1-1cb3-48e8-bffd-1d3a4b8848f2 {{(pid=196635) execute /usr/local/lib/python3.12/site-packages/oslo_concurrency/processutils.py:349}}
Jan 26 19:11:44.480707 np0005596550.novalocal sudo[228982]: stack : PWD=/ ; USER=root ; COMMAND=/usr/local/bin/cinder-rootwrap /etc/cinder/rootwrap.conf lvchange -a y --yes -K stack-volumes-lvmdriver-1/volume-3688e2f1-1cb3-48e8-bffd-1d3a4b8848f2
Jan 26 19:11:44.818641 np0005596550.novalocal cinder-volume[196635]: DEBUG oslo_concurrency.processutils [None req-9ac07ad3-9f7c-4ec6-8c32-b970956a5d0c tempest-VolumesBackupsTest-97611117 None] CMD "sudo cinder-rootwrap /etc/cinder/rootwrap.conf lvchange -a y --yes -K stack-volumes-lvmdriver-1/volume-3688e2f1-1cb3-48e8-bffd-1d3a4b8848f2" returned: 0 in 0.359s {{(pid=196635) execute /usr/local/lib/python3.12/site-packages/oslo_concurrency/processutils.py:372}}
Jan 26 19:11:44.829367 np0005596550.novalocal cinder-volume[196635]: INFO cinder.volume.targets.lio [None req-9ac07ad3-9f7c-4ec6-8c32-b970956a5d0c tempest-VolumesBackupsTest-97611117 None] Creating iscsi_target for volume: volume-3688e2f1-1cb3-48e8-bffd-1d3a4b8848f2
Jan 26 19:11:44.829598 np0005596550.novalocal cinder-volume[196635]: DEBUG oslo_concurrency.lockutils [None req-9ac07ad3-9f7c-4ec6-8c32-b970956a5d0c tempest-VolumesBackupsTest-97611117 None] Acquiring lock "lioadm" by "cinder.volume.targets.lio.LioAdm._execute" {{(pid=196635) inner /usr/local/lib/python3.12/site-packages/oslo_concurrency/lockutils.py:405}}
Jan 26 19:11:44.830282 np0005596550.novalocal cinder-volume[196635]: DEBUG oslo_concurrency.lockutils [None req-9ac07ad3-9f7c-4ec6-8c32-b970956a5d0c tempest-VolumesBackupsTest-97611117 None] Lock "lioadm" acquired by "cinder.volume.targets.lio.LioAdm._execute" :: waited 0.001s {{(pid=196635) inner /usr/local/lib/python3.12/site-packages/oslo_concurrency/lockutils.py:410}}
Jan 26 19:11:44.830727 np0005596550.novalocal cinder-volume[196635]: DEBUG oslo_concurrency.processutils [None req-9ac07ad3-9f7c-4ec6-8c32-b970956a5d0c tempest-VolumesBackupsTest-97611117 None] Running cmd (subprocess): sudo cinder-rootwrap /etc/cinder/rootwrap.conf cinder-rtstool create /dev/stack-volumes-lvmdriver-1/volume-3688e2f1-1cb3-48e8-bffd-1d3a4b8848f2 iqn.2010-10.org.openstack:volume-3688e2f1-1cb3-48e8-bffd-1d3a4b8848f2 rZ55TTiwwKDgXVR5YnB9 6U7hgEZSj4LefmMw False -p3260 -a38.102.83.18 {{(pid=196635) execute /usr/local/lib/python3.12/site-packages/oslo_concurrency/processutils.py:349}}
Jan 26 19:11:44.849834 np0005596550.novalocal sudo[228991]: stack : PWD=/ ; USER=root ; COMMAND=/usr/local/bin/cinder-rootwrap /etc/cinder/rootwrap.conf cinder-rtstool create /dev/stack-volumes-lvmdriver-1/volume-3688e2f1-1cb3-48e8-bffd-1d3a4b8848f2 iqn.2010-10.org.openstack:volume-3688e2f1-1cb3-48e8-bffd-1d3a4b8848f2 rZ55TTiwwKDgXVR5YnB9 6U7hgEZSj4LefmMw False -p3260 -a38.102.83.18
Jan 26 19:11:45.432464 np0005596550.novalocal cinder-volume[196635]: DEBUG oslo_concurrency.processutils [None req-9ac07ad3-9f7c-4ec6-8c32-b970956a5d0c tempest-VolumesBackupsTest-97611117 None] CMD "sudo cinder-rootwrap /etc/cinder/rootwrap.conf cinder-rtstool create /dev/stack-volumes-lvmdriver-1/volume-3688e2f1-1cb3-48e8-bffd-1d3a4b8848f2 iqn.2010-10.org.openstack:volume-3688e2f1-1cb3-48e8-bffd-1d3a4b8848f2 rZ55TTiwwKDgXVR5YnB9 6U7hgEZSj4LefmMw False -p3260 -a38.102.83.18" returned: 0 in 0.601s {{(pid=196635) execute /usr/local/lib/python3.12/site-packages/oslo_concurrency/processutils.py:372}}
Jan 26 19:11:45.432713 np0005596550.novalocal cinder-volume[196635]: DEBUG oslo_concurrency.lockutils [None req-9ac07ad3-9f7c-4ec6-8c32-b970956a5d0c tempest-VolumesBackupsTest-97611117 None] Lock "lioadm" "released" by "cinder.volume.targets.lio.LioAdm._execute" :: held 0.602s {{(pid=196635) inner /usr/local/lib/python3.12/site-packages/oslo_concurrency/lockutils.py:424}}
Jan 26 19:11:45.432826 np0005596550.novalocal cinder-volume[196635]: DEBUG oslo_concurrency.lockutils [None req-9ac07ad3-9f7c-4ec6-8c32-b970956a5d0c tempest-VolumesBackupsTest-97611117 None] Acquiring lock "lioadm" by "cinder.volume.targets.lio.LioAdm._execute" {{(pid=196635) inner /usr/local/lib/python3.12/site-packages/oslo_concurrency/lockutils.py:405}}
