Jan 26 19:05:59.520445 np0005596550.novalocal cinder-volume[196635]: DEBUG cinder.volume.targets.iscsi [req-55c4c7bc-c00c-4e5e-bab5-28c467e1b0ba req-c3c41109-e09f-4b97-bea8-cc479fdc458c tempest-VolumesSnapshotTestJSON-666453103 None] Set provider_location to: 38.102.83.18:3260,iqn.2010-10.org.openstack:volume-fc88f51d-d7b1-4097-802e-4391470eeab1 iqn.2010-10.org.openstack:volume-fc88f51d-d7b1-4097-802e-4391470eeab1 0 {{(pid=196635) create_export /opt/stack/cinder/cinder/volume/targets/iscsi.py:205}}
Jan 26 19:05:59.532703 np0005596550.novalocal cinder-volume[196635]: DEBUG oslo_concurrency.lockutils [req-55c4c7bc-c00c-4e5e-bab5-28c467e1b0ba req-c3c41109-e09f-4b97-bea8-cc479fdc458c tempest-VolumesSnapshotTestJSON-666453103 None] Acquiring lock "lioadm" by "cinder.volume.targets.lio.LioAdm._execute" {{(pid=196635) inner /usr/local/lib/python3.12/site-packages/oslo_concurrency/lockutils.py:405}}
Jan 26 19:05:59.533497 np0005596550.novalocal cinder-volume[196635]: DEBUG oslo_concurrency.lockutils [req-55c4c7bc-c00c-4e5e-bab5-28c467e1b0ba req-c3c41109-e09f-4b97-bea8-cc479fdc458c tempest-VolumesSnapshotTestJSON-666453103 None] Lock "lioadm" acquired by "cinder.volume.targets.lio.LioAdm._execute" :: waited 0.001s {{(pid=196635) inner /usr/local/lib/python3.12/site-packages/oslo_concurrency/lockutils.py:410}}
Jan 26 19:05:59.534304 np0005596550.novalocal cinder-volume[196635]: DEBUG oslo_concurrency.processutils [req-55c4c7bc-c00c-4e5e-bab5-28c467e1b0ba req-c3c41109-e09f-4b97-bea8-cc479fdc458c tempest-VolumesSnapshotTestJSON-666453103 None] Running cmd (subprocess): sudo cinder-rootwrap /etc/cinder/rootwrap.conf cinder-rtstool add-initiator iqn.2010-10.org.openstack:volume-fc88f51d-d7b1-4097-802e-4391470eeab1 AqXp2jypWCEhwN2JacNe 26wbYZuFr7K6fHkj iqn.1994-05.com.redhat:cea4a155eb24 {{(pid=196635) execute /usr/local/lib/python3.12/site-packages/oslo_concurrency/processutils.py:349}}
Jan 26 19:05:59.555735 np0005596550.novalocal sudo[223527]: stack : PWD=/ ; USER=root ; COMMAND=/usr/local/bin/cinder-rootwrap /etc/cinder/rootwrap.conf cinder-rtstool add-initiator iqn.2010-10.org.openstack:volume-fc88f51d-d7b1-4097-802e-4391470eeab1 AqXp2jypWCEhwN2JacNe 26wbYZuFr7K6fHkj iqn.1994-05.com.redhat:cea4a155eb24
Jan 26 19:06:00.085307 np0005596550.novalocal cinder-volume[196635]: DEBUG oslo_concurrency.processutils [req-55c4c7bc-c00c-4e5e-bab5-28c467e1b0ba req-c3c41109-e09f-4b97-bea8-cc479fdc458c tempest-VolumesSnapshotTestJSON-666453103 None] CMD "sudo cinder-rootwrap /etc/cinder/rootwrap.conf cinder-rtstool add-initiator iqn.2010-10.org.openstack:volume-fc88f51d-d7b1-4097-802e-4391470eeab1 AqXp2jypWCEhwN2JacNe 26wbYZuFr7K6fHkj iqn.1994-05.com.redhat:cea4a155eb24" returned: 0 in 0.551s {{(pid=196635) execute /usr/local/lib/python3.12/site-packages/oslo_concurrency/processutils.py:372}}
Jan 26 19:06:00.092412 np0005596550.novalocal cinder-volume[196635]: DEBUG oslo_concurrency.lockutils [req-55c4c7bc-c00c-4e5e-bab5-28c467e1b0ba req-c3c41109-e09f-4b97-bea8-cc479fdc458c tempest-VolumesSnapshotTestJSON-666453103 None] Lock "lioadm" "released" by "cinder.volume.targets.lio.LioAdm._execute" :: held 0.552s {{(pid=196635) inner /usr/local/lib/python3.12/site-packages/oslo_concurrency/lockutils.py:424}}
Jan 26 19:06:00.092412 np0005596550.novalocal cinder-volume[196635]: DEBUG oslo_concurrency.lockutils [req-55c4c7bc-c00c-4e5e-bab5-28c467e1b0ba req-c3c41109-e09f-4b97-bea8-cc479fdc458c tempest-VolumesSnapshotTestJSON-666453103 None] Acquiring lock "lioadm" by "cinder.volume.targets.lio.LioAdm._execute" {{(pid=196635) inner /usr/local/lib/python3.12/site-packages/oslo_concurrency/lockutils.py:405}}
Jan 26 19:06:00.092412 np0005596550.novalocal cinder-volume[196635]: DEBUG oslo_concurrency.lockutils [req-55c4c7bc-c00c-4e5e-bab5-28c467e1b0ba req-c3c41109-e09f-4b97-bea8-cc479fdc458c tempest-VolumesSnapshotTestJSON-666453103 None] Lock "lioadm" acquired by "cinder.volume.targets.lio.LioAdm._execute" :: waited 0.000s {{(pid=196635) inner /usr/local/lib/python3.12/site-packages/oslo_concurrency/lockutils.py:410}}
Jan 26 19:06:00.092412 np0005596550.novalocal cinder-volume[196635]: DEBUG oslo_concurrency.processutils [req-55c4c7bc-c00c-4e5e-bab5-28c467e1b0ba req-c3c41109-e09f-4b97-bea8-cc479fdc458c tempest-VolumesSnapshotTestJSON-666453103 None] Running cmd (subprocess): sudo cinder-rootwrap /etc/cinder/rootwrap.conf cinder-rtstool save {{(pid=196635) execute /usr/local/lib/python3.12/site-packages/oslo_concurrency/processutils.py:349}}
Jan 26 19:06:00.110664 np0005596550.novalocal sudo[223533]: stack : PWD=/ ; USER=root ; COMMAND=/usr/local/bin/cinder-rootwrap /etc/cinder/rootwrap.conf cinder-rtstool save
Jan 26 19:06:00.627944 np0005596550.novalocal cinder-volume[196635]: DEBUG oslo_concurrency.processutils [req-55c4c7bc-c00c-4e5e-bab5-28c467e1b0ba req-c3c41109-e09f-4b97-bea8-cc479fdc458c tempest-VolumesSnapshotTestJSON-666453103 None] CMD "sudo cinder-rootwrap /etc/cinder/rootwrap.conf cinder-rtstool save" returned: 0 in 0.541s {{(pid=196635) execute /usr/local/lib/python3.12/site-packages/oslo_concurrency/processutils.py:372}}
Jan 26 19:06:00.628325 np0005596550.novalocal cinder-volume[196635]: DEBUG oslo_concurrency.lockutils [req-55c4c7bc-c00c-4e5e-bab5-28c467e1b0ba req-c3c41109-e09f-4b97-bea8-cc479fdc458c tempest-VolumesSnapshotTestJSON-666453103 None] Lock "lioadm" "released" by "cinder.volume.targets.lio.LioAdm._execute" :: held 0.542s {{(pid=196635) inner /usr/local/lib/python3.12/site-packages/oslo_concurrency/lockutils.py:424}}
Jan 26 19:06:00.647960 np0005596550.novalocal cinder-volume[196635]: DEBUG cinder.volume.manager [req-55c4c7bc-c00c-4e5e-bab5-28c467e1b0ba req-c3c41109-e09f-4b97-bea8-cc479fdc458c tempest-VolumesSnapshotTestJSON-666453103 None] Connection info returned from driver {'target_discovered': False, 'target_portal': '38.102.83.18:3260', 'target_iqn': 'iqn.2010-10.org.openstack:volume-fc88f51d-d7b1-4097-802e-4391470eeab1', 'target_lun': 0, 'volume_id': 'fc88f51d-d7b1-4097-802e-4391470eeab1', 'auth_method': 'CHAP', 'auth_username': 'AqXp2jypWCEhwN2JacNe', 'auth_password': '***', 'encrypted': False, 'qos_specs': None, 'access_mode': 'rw', 'cacheable': False, 'driver_volume_type': 'iscsi', 'attachment_id': '88d060a3-97a8-429a-9f2d-14fb5fd7b074', 'enforce_multipath': True} {{(pid=196635) _connection_create /opt/stack/cinder/cinder/volume/manager.py:4893}}
Jan 26 19:06:00.675334 np0005596550.novalocal cinder-volume[196635]: INFO cinder.volume.manager [req-55c4c7bc-c00c-4e5e-bab5-28c467e1b0ba req-c3c41109-e09f-4b97-bea8-cc479fdc458c tempest-VolumesSnapshotTestJSON-666453103 None] attachment_update completed successfully.
Jan 26 19:06:00.849729 np0005596550.novalocal cinder-volume[196635]: DEBUG oslo_concurrency.processutils [req-e9d71022-09b2-4ace-865f-500962c4f7d6 req-f009b434-da5c-45bf-9c81-88ac72bc065a tempest-ServerActionsTestOtherB-1262198412 None] Running cmd (subprocess): sudo cinder-rootwrap /etc/cinder/rootwrap.conf lvchange -a y --yes -K stack-volumes-lvmdriver-1/volume-8ca88aff-367a-4ce7-9a74-4ca46af97c3f {{(pid=196635) execute /usr/local/lib/python3.12/site-packages/oslo_concurrency/processutils.py:349}}
Jan 26 19:06:00.876006 np0005596550.novalocal sudo[223552]: stack : PWD=/ ; USER=root ; COMMAND=/usr/local/bin/cinder-rootwrap /etc/cinder/rootwrap.conf lvchange -a y --yes -K stack-volumes-lvmdriver-1/volume-8ca88aff-367a-4ce7-9a74-4ca46af97c3f
Jan 26 19:06:01.233729 np0005596550.novalocal cinder-volume[196635]: DEBUG oslo_concurrency.processutils [req-e9d71022-09b2-4ace-865f-500962c4f7d6 req-f009b434-da5c-45bf-9c81-88ac72bc065a tempest-ServerActionsTestOtherB-1262198412 None] CMD "sudo cinder-rootwrap /etc/cinder/rootwrap.conf lvchange -a y --yes -K stack-volumes-lvmdriver-1/volume-8ca88aff-367a-4ce7-9a74-4ca46af97c3f" returned: 0 in 0.384s {{(pid=196635) execute /usr/local/lib/python3.12/site-packages/oslo_concurrency/processutils.py:372}}
Jan 26 19:06:01.240688 np0005596550.novalocal cinder-volume[196635]: INFO cinder.volume.targets.lio [req-e9d71022-09b2-4ace-865f-500962c4f7d6 req-f009b434-da5c-45bf-9c81-88ac72bc065a tempest-ServerActionsTestOtherB-1262198412 None] Creating iscsi_target for volume: volume-8ca88aff-367a-4ce7-9a74-4ca46af97c3f
Jan 26 19:06:01.240849 np0005596550.novalocal cinder-volume[196635]: DEBUG oslo_concurrency.lockutils [req-e9d71022-09b2-4ace-865f-500962c4f7d6 req-f009b434-da5c-45bf-9c81-88ac72bc065a tempest-ServerActionsTestOtherB-1262198412 None] Acquiring lock "lioadm" by "cinder.volume.targets.lio.LioAdm._execute" {{(pid=196635) inner /usr/local/lib/python3.12/site-packages/oslo_concurrency/lockutils.py:405}}
Jan 26 19:06:01.241157 np0005596550.novalocal cinder-volume[196635]: DEBUG oslo_concurrency.lockutils [req-e9d71022-09b2-4ace-865f-500962c4f7d6 req-f009b434-da5c-45bf-9c81-88ac72bc065a tempest-ServerActionsTestOtherB-1262198412 None] Lock "lioadm" acquired by "cinder.volume.targets.lio.LioAdm._execute" :: waited 0.000s {{(pid=196635) inner /usr/local/lib/python3.12/site-packages/oslo_concurrency/lockutils.py:410}}
Jan 26 19:06:01.241439 np0005596550.novalocal cinder-volume[196635]: DEBUG oslo_concurrency.processutils [req-e9d71022-09b2-4ace-865f-500962c4f7d6 req-f009b434-da5c-45bf-9c81-88ac72bc065a tempest-ServerActionsTestOtherB-1262198412 None] Running cmd (subprocess): sudo cinder-rootwrap /etc/cinder/rootwrap.conf cinder-rtstool create /dev/stack-volumes-lvmdriver-1/volume-8ca88aff-367a-4ce7-9a74-4ca46af97c3f iqn.2010-10.org.openstack:volume-8ca88aff-367a-4ce7-9a74-4ca46af97c3f DJGdCSYcXoX7W45zGsrh QYEGK4BnLv8mKnEB False -p3260 -a38.102.83.18 {{(pid=196635) execute /usr/local/lib/python3.12/site-packages/oslo_concurrency/processutils.py:349}}
Jan 26 19:06:01.262391 np0005596550.novalocal sudo[223559]: stack : PWD=/ ; USER=root ; COMMAND=/usr/local/bin/cinder-rootwrap /etc/cinder/rootwrap.conf cinder-rtstool create /dev/stack-volumes-lvmdriver-1/volume-8ca88aff-367a-4ce7-9a74-4ca46af97c3f iqn.2010-10.org.openstack:volume-8ca88aff-367a-4ce7-9a74-4ca46af97c3f DJGdCSYcXoX7W45zGsrh QYEGK4BnLv8mKnEB False -p3260 -a38.102.83.18
Jan 26 19:06:01.756127 np0005596550.novalocal cinder-volume[196635]: DEBUG oslo_concurrency.processutils [req-e9d71022-09b2-4ace-865f-500962c4f7d6 req-f009b434-da5c-45bf-9c81-88ac72bc065a tempest-ServerActionsTestOtherB-1262198412 None] CMD "sudo cinder-rootwrap /etc/cinder/rootwrap.conf cinder-rtstool create /dev/stack-volumes-lvmdriver-1/volume-8ca88aff-367a-4ce7-9a74-4ca46af97c3f iqn.2010-10.org.openstack:volume-8ca88aff-367a-4ce7-9a74-4ca46af97c3f DJGdCSYcXoX7W45zGsrh QYEGK4BnLv8mKnEB False -p3260 -a38.102.83.18" returned: 0 in 0.514s {{(pid=196635) execute /usr/local/lib/python3.12/site-packages/oslo_concurrency/processutils.py:372}}
Jan 26 19:06:01.756437 np0005596550.novalocal cinder-volume[196635]: DEBUG oslo_concurrency.lockutils [req-e9d71022-09b2-4ace-865f-500962c4f7d6 req-f009b434-da5c-45bf-9c81-88ac72bc065a tempest-ServerActionsTestOtherB-1262198412 None] Lock "lioadm" "released" by "cinder.volume.targets.lio.LioAdm._execute" :: held 0.515s {{(pid=196635) inner /usr/local/lib/python3.12/site-packages/oslo_concurrency/lockutils.py:424}}
Jan 26 19:06:01.756609 np0005596550.novalocal cinder-volume[196635]: DEBUG oslo_concurrency.lockutils [req-e9d71022-09b2-4ace-865f-500962c4f7d6 req-f009b434-da5c-45bf-9c81-88ac72bc065a tempest-ServerActionsTestOtherB-1262198412 None] Acquiring lock "lioadm" by "cinder.volume.targets.lio.LioAdm._execute" {{(pid=196635) inner /usr/local/lib/python3.12/site-packages/oslo_concurrency/lockutils.py:405}}
Jan 26 19:06:01.756924 np0005596550.novalocal cinder-volume[196635]: DEBUG oslo_concurrency.lockutils [req-e9d71022-09b2-4ace-865f-500962c4f7d6 req-f009b434-da5c-45bf-9c81-88ac72bc065a tempest-ServerActionsTestOtherB-1262198412 None] Lock "lioadm" acquired by "cinder.volume.targets.lio.LioAdm._execute" :: waited 0.000s {{(pid=196635) inner /usr/local/lib/python3.12/site-packages/oslo_concurrency/lockutils.py:410}}
Jan 26 19:06:01.757269 np0005596550.novalocal cinder-volume[196635]: DEBUG oslo_concurrency.processutils [req-e9d71022-09b2-4ace-865f-500962c4f7d6 req-f009b434-da5c-45bf-9c81-88ac72bc065a tempest-ServerActionsTestOtherB-1262198412 None] Running cmd (subprocess): sudo cinder-rootwrap /etc/cinder/rootwrap.conf cinder-rtstool get-targets {{(pid=196635) execute /usr/local/lib/python3.12/site-packages/oslo_concurrency/processutils.py:349}}
Jan 26 19:06:01.780155 np0005596550.novalocal sudo[223565]: stack : PWD=/ ; USER=root ; COMMAND=/usr/local/bin/cinder-rootwrap /etc/cinder/rootwrap.conf cinder-rtstool get-targets
Jan 26 19:06:02.307114 np0005596550.novalocal cinder-volume[196635]: DEBUG oslo_concurrency.processutils [req-e9d71022-09b2-4ace-865f-500962c4f7d6 req-f009b434-da5c-45bf-9c81-88ac72bc065a tempest-ServerActionsTestOtherB-1262198412 None] CMD "sudo cinder-rootwrap /etc/cinder/rootwrap.conf cinder-rtstool get-targets" returned: 0 in 0.549s {{(pid=196635) execute /usr/local/lib/python3.12/site-packages/oslo_concurrency/processutils.py:372}}
Jan 26 19:06:02.307597 np0005596550.novalocal cinder-volume[196635]: DEBUG oslo_concurrency.lockutils [req-e9d71022-09b2-4ace-865f-500962c4f7d6 req-f009b434-da5c-45bf-9c81-88ac72bc065a tempest-ServerActionsTestOtherB-1262198412 None] Lock "lioadm" "released" by "cinder.volume.targets.lio.LioAdm._execute" :: held 0.551s {{(pid=196635) inner /usr/local/lib/python3.12/site-packages/oslo_concurrency/lockutils.py:424}}
Jan 26 19:06:02.307867 np0005596550.novalocal cinder-volume[196635]: DEBUG oslo_concurrency.lockutils [req-e9d71022-09b2-4ace-865f-500962c4f7d6 req-f009b434-da5c-45bf-9c81-88ac72bc065a tempest-ServerActionsTestOtherB-1262198412 None] Acquiring lock "lioadm" by "cinder.volume.targets.lio.LioAdm._execute" {{(pid=196635) inner /usr/local/lib/python3.12/site-packages/oslo_concurrency/lockutils.py:405}}
Jan 26 19:06:02.308335 np0005596550.novalocal cinder-volume[196635]: DEBUG oslo_concurrency.lockutils [req-e9d71022-09b2-4ace-865f-500962c4f7d6 req-f009b434-da5c-45bf-9c81-88ac72bc065a tempest-ServerActionsTestOtherB-1262198412 None] Lock "lioadm" acquired by "cinder.volume.targets.lio.LioAdm._execute" :: waited 0.000s {{(pid=196635) inner /usr/local/lib/python3.12/site-packages/oslo_concurrency/lockutils.py:410}}
Jan 26 19:06:02.308756 np0005596550.novalocal cinder-volume[196635]: DEBUG oslo_concurrency.processutils [req-e9d71022-09b2-4ace-865f-500962c4f7d6 req-f009b434-da5c-45bf-9c81-88ac72bc065a tempest-ServerActionsTestOtherB-1262198412 None] Running cmd (subprocess): sudo cinder-rootwrap /etc/cinder/rootwrap.conf cinder-rtstool save {{(pid=196635) execute /usr/local/lib/python3.12/site-packages/oslo_concurrency/processutils.py:349}}
Jan 26 19:06:02.336277 np0005596550.novalocal sudo[223609]: stack : PWD=/ ; USER=root ; COMMAND=/usr/local/bin/cinder-rootwrap /etc/cinder/rootwrap.conf cinder-rtstool save
Jan 26 19:06:02.919283 np0005596550.novalocal cinder-volume[196635]: DEBUG oslo_concurrency.processutils [req-e9d71022-09b2-4ace-865f-500962c4f7d6 req-f009b434-da5c-45bf-9c81-88ac72bc065a tempest-ServerActionsTestOtherB-1262198412 None] CMD "sudo cinder-rootwrap /etc/cinder/rootwrap.conf cinder-rtstool save" returned: 0 in 0.610s {{(pid=196635) execute /usr/local/lib/python3.12/site-packages/oslo_concurrency/processutils.py:372}}
Jan 26 19:06:02.920233 np0005596550.novalocal cinder-volume[196635]: DEBUG oslo_concurrency.lockutils [req-e9d71022-09b2-4ace-865f-500962c4f7d6 req-f009b434-da5c-45bf-9c81-88ac72bc065a tempest-ServerActionsTestOtherB-1262198412 None] Lock "lioadm" "released" by "cinder.volume.targets.lio.LioAdm._execute" :: held 0.612s {{(pid=196635) inner /usr/local/lib/python3.12/site-packages/oslo_concurrency/lockutils.py:424}}
Jan 26 19:06:02.920478 np0005596550.novalocal cinder-volume[196635]: DEBUG cinder.volume.targets.iscsi [req-e9d71022-09b2-4ace-865f-500962c4f7d6 req-f009b434-da5c-45bf-9c81-88ac72bc065a tempest-ServerActionsTestOtherB-1262198412 None] Set provider_location to: 38.102.83.18:3260,iqn.2010-10.org.openstack:volume-8ca88aff-367a-4ce7-9a74-4ca46af97c3f iqn.2010-10.org.openstack:volume-8ca88aff-367a-4ce7-9a74-4ca46af97c3f 0 {{(pid=196635) create_export /opt/stack/cinder/cinder/volume/targets/iscsi.py:205}}
Jan 26 19:06:02.928012 np0005596550.novalocal cinder-volume[196635]: DEBUG oslo_concurrency.lockutils [req-e9d71022-09b2-4ace-865f-500962c4f7d6 req-f009b434-da5c-45bf-9c81-88ac72bc065a tempest-ServerActionsTestOtherB-1262198412 None] Acquiring lock "lioadm" by "cinder.volume.targets.lio.LioAdm._execute" {{(pid=196635) inner /usr/local/lib/python3.12/site-packages/oslo_concurrency/lockutils.py:405}}
Jan 26 19:06:02.928415 np0005596550.novalocal cinder-volume[196635]: DEBUG oslo_concurrency.lockutils [req-e9d71022-09b2-4ace-865f-500962c4f7d6 req-f009b434-da5c-45bf-9c81-88ac72bc065a tempest-ServerActionsTestOtherB-1262198412 None] Lock "lioadm" acquired by "cinder.volume.targets.lio.LioAdm._execute" :: waited 0.001s {{(pid=196635) inner /usr/local/lib/python3.12/site-packages/oslo_concurrency/lockutils.py:410}}
Jan 26 19:06:02.928855 np0005596550.novalocal cinder-volume[196635]: DEBUG oslo_concurrency.processutils [req-e9d71022-09b2-4ace-865f-500962c4f7d6 req-f009b434-da5c-45bf-9c81-88ac72bc065a tempest-ServerActionsTestOtherB-1262198412 None] Running cmd (subprocess): sudo cinder-rootwrap /etc/cinder/rootwrap.conf cinder-rtstool add-initiator iqn.2010-10.org.openstack:volume-8ca88aff-367a-4ce7-9a74-4ca46af97c3f DJGdCSYcXoX7W45zGsrh QYEGK4BnLv8mKnEB iqn.1994-05.com.redhat:cea4a155eb24 {{(pid=196635) execute /usr/local/lib/python3.12/site-packages/oslo_concurrency/processutils.py:349}}
Jan 26 19:06:02.948715 np0005596550.novalocal sudo[223615]: stack : PWD=/ ; USER=root ; COMMAND=/usr/local/bin/cinder-rootwrap /etc/cinder/rootwrap.conf cinder-rtstool add-initiator iqn.2010-10.org.openstack:volume-8ca88aff-367a-4ce7-9a74-4ca46af97c3f DJGdCSYcXoX7W45zGsrh QYEGK4BnLv8mKnEB iqn.1994-05.com.redhat:cea4a155eb24
Jan 26 19:06:03.433119 np0005596550.novalocal cinder-volume[196635]: DEBUG oslo_concurrency.processutils [req-e9d71022-09b2-4ace-865f-500962c4f7d6 req-f009b434-da5c-45bf-9c81-88ac72bc065a tempest-ServerActionsTestOtherB-1262198412 None] CMD "sudo cinder-rootwrap /etc/cinder/rootwrap.conf cinder-rtstool add-initiator iqn.2010-10.org.openstack:volume-8ca88aff-367a-4ce7-9a74-4ca46af97c3f DJGdCSYcXoX7W45zGsrh QYEGK4BnLv8mKnEB iqn.1994-05.com.redhat:cea4a155eb24" returned: 0 in 0.504s {{(pid=196635) execute /usr/local/lib/python3.12/site-packages/oslo_concurrency/processutils.py:372}}
Jan 26 19:06:03.433628 np0005596550.novalocal cinder-volume[196635]: DEBUG oslo_concurrency.lockutils [req-e9d71022-09b2-4ace-865f-500962c4f7d6 req-f009b434-da5c-45bf-9c81-88ac72bc065a tempest-ServerActionsTestOtherB-1262198412 None] Lock "lioadm" "released" by "cinder.volume.targets.lio.LioAdm._execute" :: held 0.505s {{(pid=196635) inner /usr/local/lib/python3.12/site-packages/oslo_concurrency/lockutils.py:424}}
Jan 26 19:06:03.434557 np0005596550.novalocal cinder-volume[196635]: DEBUG oslo_concurrency.lockutils [req-e9d71022-09b2-4ace-865f-500962c4f7d6 req-f009b434-da5c-45bf-9c81-88ac72bc065a tempest-ServerActionsTestOtherB-1262198412 None] Acquiring lock "lioadm" by "cinder.volume.targets.lio.LioAdm._execute" {{(pid=196635) inner /usr/local/lib/python3.12/site-packages/oslo_concurrency/lockutils.py:405}}
Jan 26 19:06:03.435258 np0005596550.novalocal cinder-volume[196635]: DEBUG oslo_concurrency.lockutils [req-e9d71022-09b2-4ace-865f-500962c4f7d6 req-f009b434-da5c-45bf-9c81-88ac72bc065a tempest-ServerActionsTestOtherB-1262198412 None] Lock "lioadm" acquired by "cinder.volume.targets.lio.LioAdm._execute" :: waited 0.001s {{(pid=196635) inner /usr/local/lib/python3.12/site-packages/oslo_concurrency/lockutils.py:410}}
Jan 26 19:06:03.436301 np0005596550.novalocal cinder-volume[196635]: DEBUG oslo_concurrency.processutils [req-e9d71022-09b2-4ace-865f-500962c4f7d6 req-f009b434-da5c-45bf-9c81-88ac72bc065a tempest-ServerActionsTestOtherB-1262198412 None] Running cmd (subprocess): sudo cinder-rootwrap /etc/cinder/rootwrap.conf cinder-rtstool save {{(pid=196635) execute /usr/local/lib/python3.12/site-packages/oslo_concurrency/processutils.py:349}}
Jan 26 19:06:03.454083 np0005596550.novalocal sudo[223621]: stack : PWD=/ ; USER=root ; COMMAND=/usr/local/bin/cinder-rootwrap /etc/cinder/rootwrap.conf cinder-rtstool save
Jan 26 19:06:04.029148 np0005596550.novalocal cinder-volume[196635]: DEBUG oslo_concurrency.processutils [req-e9d71022-09b2-4ace-865f-500962c4f7d6 req-f009b434-da5c-45bf-9c81-88ac72bc065a tempest-ServerActionsTestOtherB-1262198412 None] CMD "sudo cinder-rootwrap /etc/cinder/rootwrap.conf cinder-rtstool save" returned: 0 in 0.593s {{(pid=196635) execute /usr/local/lib/python3.12/site-packages/oslo_concurrency/processutils.py:372}}
Jan 26 19:06:04.029677 np0005596550.novalocal cinder-volume[196635]: DEBUG oslo_concurrency.lockutils [req-e9d71022-09b2-4ace-865f-500962c4f7d6 req-f009b434-da5c-45bf-9c81-88ac72bc065a tempest-ServerActionsTestOtherB-1262198412 None] Lock "lioadm" "released" by "cinder.volume.targets.lio.LioAdm._execute" :: held 0.595s {{(pid=196635) inner /usr/local/lib/python3.12/site-packages/oslo_concurrency/lockutils.py:424}}
Jan 26 19:06:04.052799 np0005596550.novalocal cinder-volume[196635]: DEBUG cinder.volume.manager [req-e9d71022-09b2-4ace-865f-500962c4f7d6 req-f009b434-da5c-45bf-9c81-88ac72bc065a tempest-ServerActionsTestOtherB-1262198412 None] Connection info returned from driver {'target_discovered': False, 'target_portal': '38.102.83.18:3260', 'target_iqn': 'iqn.2010-10.org.openstack:volume-8ca88aff-367a-4ce7-9a74-4ca46af97c3f', 'target_lun': 0, 'volume_id': '8ca88aff-367a-4ce7-9a74-4ca46af97c3f', 'auth_method': 'CHAP', 'auth_username': 'DJGdCSYcXoX7W45zGsrh', 'auth_password': '***', 'encrypted': False, 'qos_specs': None, 'access_mode': 'rw', 'cacheable': False, 'driver_volume_type': 'iscsi', 'attachment_id': '1cecf009-3191-4625-8892-49e786fa503e', 'enforce_multipath': True} {{(pid=196635) _connection_create /opt/stack/cinder/cinder/volume/manager.py:4893}}
Jan 26 19:06:04.095041 np0005596550.novalocal cinder-volume[196635]: INFO cinder.volume.manager [req-e9d71022-09b2-4ace-865f-500962c4f7d6 req-f009b434-da5c-45bf-9c81-88ac72bc065a tempest-ServerActionsTestOtherB-1262198412 None] attachment_update completed successfully.
Jan 26 19:06:07.378476 np0005596550.novalocal cinder-volume[196635]: DEBUG oslo_concurrency.processutils [None req-de59c187-b7de-41b3-a4c8-3e9e47c85d90 tempest-VolumesSnapshotTestJSON-666453103 None] Running cmd (subprocess): sudo cinder-rootwrap /etc/cinder/rootwrap.conf env LC_ALL=C lvs --noheadings --unit=g -o vg_name,name,size --nosuffix --readonly stack-volumes-lvmdriver-1/volume-fc88f51d-d7b1-4097-802e-4391470eeab1 {{(pid=196635) execute /usr/local/lib/python3.12/site-packages/oslo_concurrency/processutils.py:349}}
Jan 26 19:06:07.407629 np0005596550.novalocal sudo[223764]: stack : PWD=/ ; USER=root ; COMMAND=/usr/local/bin/cinder-rootwrap /etc/cinder/rootwrap.conf env LC_ALL=C lvs --noheadings --unit=g -o vg_name,name,size --nosuffix --readonly stack-volumes-lvmdriver-1/volume-fc88f51d-d7b1-4097-802e-4391470eeab1
Jan 26 19:06:07.810121 np0005596550.novalocal cinder-volume[196635]: DEBUG oslo_concurrency.processutils [None req-de59c187-b7de-41b3-a4c8-3e9e47c85d90 tempest-VolumesSnapshotTestJSON-666453103 None] CMD "sudo cinder-rootwrap /etc/cinder/rootwrap.conf env LC_ALL=C lvs --noheadings --unit=g -o vg_name,name,size --nosuffix --readonly stack-volumes-lvmdriver-1/volume-fc88f51d-d7b1-4097-802e-4391470eeab1" returned: 0 in 0.432s {{(pid=196635) execute /usr/local/lib/python3.12/site-packages/oslo_concurrency/processutils.py:372}}
Jan 26 19:06:07.815875 np0005596550.novalocal cinder-volume[196635]: DEBUG oslo_concurrency.processutils [None req-de59c187-b7de-41b3-a4c8-3e9e47c85d90 tempest-VolumesSnapshotTestJSON-666453103 None] Running cmd (subprocess): sudo cinder-rootwrap /etc/cinder/rootwrap.conf env LC_ALL=C lvcreate --name _snapshot-3be4076b-2c2f-4cdd-91f0-dfd415e7e14e --snapshot stack-volumes-lvmdriver-1/volume-fc88f51d-d7b1-4097-802e-4391470eeab1 {{(pid=196635) execute /usr/local/lib/python3.12/site-packages/oslo_concurrency/processutils.py:349}}
Jan 26 19:06:07.845058 np0005596550.novalocal sudo[223771]: stack : PWD=/ ; USER=root ; COMMAND=/usr/local/bin/cinder-rootwrap /etc/cinder/rootwrap.conf env LC_ALL=C lvcreate --name _snapshot-3be4076b-2c2f-4cdd-91f0-dfd415e7e14e --snapshot stack-volumes-lvmdriver-1/volume-fc88f51d-d7b1-4097-802e-4391470eeab1
Jan 26 19:06:08.342872 np0005596550.novalocal cinder-volume[196635]: DEBUG oslo_concurrency.processutils [None req-de59c187-b7de-41b3-a4c8-3e9e47c85d90 tempest-VolumesSnapshotTestJSON-666453103 None] CMD "sudo cinder-rootwrap /etc/cinder/rootwrap.conf env LC_ALL=C lvcreate --name _snapshot-3be4076b-2c2f-4cdd-91f0-dfd415e7e14e --snapshot stack-volumes-lvmdriver-1/volume-fc88f51d-d7b1-4097-802e-4391470eeab1" returned: 0 in 0.526s {{(pid=196635) execute /usr/local/lib/python3.12/site-packages/oslo_concurrency/processutils.py:372}}
Jan 26 19:06:08.395497 np0005596550.novalocal cinder-volume[196635]: INFO cinder.volume.manager [None req-de59c187-b7de-41b3-a4c8-3e9e47c85d90 tempest-VolumesSnapshotTestJSON-666453103 None] Create snapshot completed successfully
Jan 26 19:06:09.705235 np0005596550.novalocal cinder-volume[196635]: DEBUG oslo_concurrency.processutils [None req-c6f6042c-7df9-4064-ab1c-b67ef5e39b05 tempest-VolumesSnapshotTestJSON-666453103 None] Running cmd (subprocess): sudo cinder-rootwrap /etc/cinder/rootwrap.conf env LC_ALL=C lvs --noheadings --unit=g -o vg_name,name,size --nosuffix --readonly stack-volumes-lvmdriver-1/volume-fc88f51d-d7b1-4097-802e-4391470eeab1 {{(pid=196635) execute /usr/local/lib/python3.12/site-packages/oslo_concurrency/processutils.py:349}}
Jan 26 19:06:09.727994 np0005596550.novalocal sudo[223848]: stack : PWD=/ ; USER=root ; COMMAND=/usr/local/bin/cinder-rootwrap /etc/cinder/rootwrap.conf env LC_ALL=C lvs --noheadings --unit=g -o vg_name,name,size --nosuffix --readonly stack-volumes-lvmdriver-1/volume-fc88f51d-d7b1-4097-802e-4391470eeab1
Jan 26 19:06:10.114624 np0005596550.novalocal cinder-volume[196635]: DEBUG oslo_concurrency.processutils [None req-c6f6042c-7df9-4064-ab1c-b67ef5e39b05 tempest-VolumesSnapshotTestJSON-666453103 None] CMD "sudo cinder-rootwrap /etc/cinder/rootwrap.conf env LC_ALL=C lvs --noheadings --unit=g -o vg_name,name,size --nosuffix --readonly stack-volumes-lvmdriver-1/volume-fc88f51d-d7b1-4097-802e-4391470eeab1" returned: 0 in 0.409s {{(pid=196635) execute /usr/local/lib/python3.12/site-packages/oslo_concurrency/processutils.py:372}}
Jan 26 19:06:10.115527 np0005596550.novalocal cinder-volume[196635]: DEBUG oslo_concurrency.processutils [None req-c6f6042c-7df9-4064-ab1c-b67ef5e39b05 tempest-VolumesSnapshotTestJSON-666453103 None] Running cmd (subprocess): sudo cinder-rootwrap /etc/cinder/rootwrap.conf env LC_ALL=C lvcreate --name _snapshot-bb922cc9-bace-4499-8158-1491554e0eea --snapshot stack-volumes-lvmdriver-1/volume-fc88f51d-d7b1-4097-802e-4391470eeab1 {{(pid=196635) execute /usr/local/lib/python3.12/site-packages/oslo_concurrency/processutils.py:349}}
Jan 26 19:06:10.135250 np0005596550.novalocal sudo[223853]: stack : PWD=/ ; USER=root ; COMMAND=/usr/local/bin/cinder-rootwrap /etc/cinder/rootwrap.conf env LC_ALL=C lvcreate --name _snapshot-bb922cc9-bace-4499-8158-1491554e0eea --snapshot stack-volumes-lvmdriver-1/volume-fc88f51d-d7b1-4097-802e-4391470eeab1
Jan 26 19:06:10.618375 np0005596550.novalocal cinder-volume[196635]: DEBUG oslo_concurrency.processutils [None req-c6f6042c-7df9-4064-ab1c-b67ef5e39b05 tempest-VolumesSnapshotTestJSON-666453103 None] CMD "sudo cinder-rootwrap /etc/cinder/rootwrap.conf env LC_ALL=C lvcreate --name _snapshot-bb922cc9-bace-4499-8158-1491554e0eea --snapshot stack-volumes-lvmdriver-1/volume-fc88f51d-d7b1-4097-802e-4391470eeab1" returned: 0 in 0.503s {{(pid=196635) execute /usr/local/lib/python3.12/site-packages/oslo_concurrency/processutils.py:372}}
Jan 26 19:06:10.658883 np0005596550.novalocal cinder-volume[196635]: INFO cinder.volume.manager [None req-c6f6042c-7df9-4064-ab1c-b67ef5e39b05 tempest-VolumesSnapshotTestJSON-666453103 None] Create snapshot completed successfully
Jan 26 19:06:10.857105 np0005596550.novalocal cinder-volume[196635]: DEBUG oslo_concurrency.processutils [None req-7465d478-280a-4f78-9723-dd22a3dce398 tempest-VolumesSnapshotTestJSON-666453103 None] Running cmd (subprocess): sudo cinder-rootwrap /etc/cinder/rootwrap.conf env LC_ALL=C lvs --noheadings --unit=g -o vg_name,name,size --nosuffix --readonly stack-volumes-lvmdriver-1/volume-fc88f51d-d7b1-4097-802e-4391470eeab1 {{(pid=196635) execute /usr/local/lib/python3.12/site-packages/oslo_concurrency/processutils.py:349}}
Jan 26 19:06:10.885163 np0005596550.novalocal sudo[223865]: stack : PWD=/ ; USER=root ; COMMAND=/usr/local/bin/cinder-rootwrap /etc/cinder/rootwrap.conf env LC_ALL=C lvs --noheadings --unit=g -o vg_name,name,size --nosuffix --readonly stack-volumes-lvmdriver-1/volume-fc88f51d-d7b1-4097-802e-4391470eeab1
Jan 26 19:06:11.264483 np0005596550.novalocal cinder-volume[196635]: DEBUG oslo_concurrency.processutils [None req-7465d478-280a-4f78-9723-dd22a3dce398 tempest-VolumesSnapshotTestJSON-666453103 None] CMD "sudo cinder-rootwrap /etc/cinder/rootwrap.conf env LC_ALL=C lvs --noheadings --unit=g -o vg_name,name,size --nosuffix --readonly stack-volumes-lvmdriver-1/volume-fc88f51d-d7b1-4097-802e-4391470eeab1" returned: 0 in 0.407s {{(pid=196635) execute /usr/local/lib/python3.12/site-packages/oslo_concurrency/processutils.py:372}}
Jan 26 19:06:11.264681 np0005596550.novalocal cinder-volume[196635]: DEBUG oslo_concurrency.processutils [None req-7465d478-280a-4f78-9723-dd22a3dce398 tempest-VolumesSnapshotTestJSON-666453103 None] Running cmd (subprocess): sudo cinder-rootwrap /etc/cinder/rootwrap.conf env LC_ALL=C lvcreate --name _snapshot-e9318448-baa2-44b9-a6c9-242d8c1d723b --snapshot stack-volumes-lvmdriver-1/volume-fc88f51d-d7b1-4097-802e-4391470eeab1 {{(pid=196635) execute /usr/local/lib/python3.12/site-packages/oslo_concurrency/processutils.py:349}}
Jan 26 19:06:11.294059 np0005596550.novalocal sudo[223875]: stack : PWD=/ ; USER=root ; COMMAND=/usr/local/bin/cinder-rootwrap /etc/cinder/rootwrap.conf env LC_ALL=C lvcreate --name _snapshot-e9318448-baa2-44b9-a6c9-242d8c1d723b --snapshot stack-volumes-lvmdriver-1/volume-fc88f51d-d7b1-4097-802e-4391470eeab1
Jan 26 19:06:11.692138 np0005596550.novalocal cinder-volume[196635]: DEBUG oslo_concurrency.processutils [None req-7465d478-280a-4f78-9723-dd22a3dce398 tempest-VolumesSnapshotTestJSON-666453103 None] CMD "sudo cinder-rootwrap /etc/cinder/rootwrap.conf env LC_ALL=C lvcreate --name _snapshot-e9318448-baa2-44b9-a6c9-242d8c1d723b --snapshot stack-volumes-lvmdriver-1/volume-fc88f51d-d7b1-4097-802e-4391470eeab1" returned: 0 in 0.427s {{(pid=196635) execute /usr/local/lib/python3.12/site-packages/oslo_concurrency/processutils.py:372}}
Jan 26 19:06:11.753623 np0005596550.novalocal cinder-volume[196635]: INFO cinder.volume.manager [None req-7465d478-280a-4f78-9723-dd22a3dce398 tempest-VolumesSnapshotTestJSON-666453103 None] Create snapshot completed successfully
Jan 26 19:06:11.895917 np0005596550.novalocal cinder-volume[196635]: DEBUG cinder.coordination [None req-db6004df-13c6-4ccf-a8c7-a1354e50aa71 tempest-VolumesSnapshotTestJSON-666453103 None] Acquiring lock "cinder-3be4076b-2c2f-4cdd-91f0-dfd415e7e14e-delete_snapshot" by "delete_snapshot" {{(pid=196635) __acquire /opt/stack/cinder/cinder/coordination.py:143}}
Jan 26 19:06:11.905497 np0005596550.novalocal cinder-volume[196635]: DEBUG cinder.coordination [None req-db6004df-13c6-4ccf-a8c7-a1354e50aa71 tempest-VolumesSnapshotTestJSON-666453103 None] Lock "cinder-3be4076b-2c2f-4cdd-91f0-dfd415e7e14e-delete_snapshot" acquired by "delete_snapshot" :: waited 0.010s {{(pid=196635) __acquire /opt/stack/cinder/cinder/coordination.py:146}}
Jan 26 19:06:11.906352 np0005596550.novalocal cinder-volume[196635]: DEBUG oslo_concurrency.processutils [None req-db6004df-13c6-4ccf-a8c7-a1354e50aa71 tempest-VolumesSnapshotTestJSON-666453103 None] Running cmd (subprocess): sudo cinder-rootwrap /etc/cinder/rootwrap.conf env LC_ALL=C lvs --noheadings --unit=g -o vg_name,name,size --nosuffix --readonly stack-volumes-lvmdriver-1/_snapshot-3be4076b-2c2f-4cdd-91f0-dfd415e7e14e {{(pid=196635) execute /usr/local/lib/python3.12/site-packages/oslo_concurrency/processutils.py:349}}
Jan 26 19:06:11.925244 np0005596550.novalocal sudo[223889]: stack : PWD=/ ; USER=root ; COMMAND=/usr/local/bin/cinder-rootwrap /etc/cinder/rootwrap.conf env LC_ALL=C lvs --noheadings --unit=g -o vg_name,name,size --nosuffix --readonly stack-volumes-lvmdriver-1/_snapshot-3be4076b-2c2f-4cdd-91f0-dfd415e7e14e
Jan 26 19:06:12.315737 np0005596550.novalocal cinder-volume[196635]: DEBUG oslo_concurrency.processutils [None req-db6004df-13c6-4ccf-a8c7-a1354e50aa71 tempest-VolumesSnapshotTestJSON-666453103 None] CMD "sudo cinder-rootwrap /etc/cinder/rootwrap.conf env LC_ALL=C lvs --noheadings --unit=g -o vg_name,name,size --nosuffix --readonly stack-volumes-lvmdriver-1/_snapshot-3be4076b-2c2f-4cdd-91f0-dfd415e7e14e" returned: 0 in 0.409s {{(pid=196635) execute /usr/local/lib/python3.12/site-packages/oslo_concurrency/processutils.py:372}}
Jan 26 19:06:12.317130 np0005596550.novalocal cinder-volume[196635]: DEBUG oslo_concurrency.processutils [None req-db6004df-13c6-4ccf-a8c7-a1354e50aa71 tempest-VolumesSnapshotTestJSON-666453103 None] Running cmd (subprocess): sudo cinder-rootwrap /etc/cinder/rootwrap.conf lvremove --config activation { retry_deactivation = 1} -f stack-volumes-lvmdriver-1/_snapshot-3be4076b-2c2f-4cdd-91f0-dfd415e7e14e {{(pid=196635) execute /usr/local/lib/python3.12/site-packages/oslo_concurrency/processutils.py:349}}
Jan 26 19:06:12.344001 np0005596550.novalocal sudo[223894]: stack : PWD=/ ; USER=root ; COMMAND=/usr/local/bin/cinder-rootwrap /etc/cinder/rootwrap.conf lvremove --config 'activation { retry_deactivation = 1} ' -f stack-volumes-lvmdriver-1/_snapshot-3be4076b-2c2f-4cdd-91f0-dfd415e7e14e
Jan 26 19:06:12.754442 np0005596550.novalocal cinder-volume[196635]: DEBUG oslo_concurrency.processutils [None req-db6004df-13c6-4ccf-a8c7-a1354e50aa71 tempest-VolumesSnapshotTestJSON-666453103 None] CMD "sudo cinder-rootwrap /etc/cinder/rootwrap.conf lvremove --config activation { retry_deactivation = 1} -f stack-volumes-lvmdriver-1/_snapshot-3be4076b-2c2f-4cdd-91f0-dfd415e7e14e" returned: 0 in 0.434s {{(pid=196635) execute /usr/local/lib/python3.12/site-packages/oslo_concurrency/processutils.py:372}}
Jan 26 19:06:12.802492 np0005596550.novalocal cinder-volume[196635]: DEBUG cinder.quota [None req-db6004df-13c6-4ccf-a8c7-a1354e50aa71 tempest-VolumesSnapshotTestJSON-666453103 None] Created reservations ['985e915f-4d11-4a39-b78f-09ac8025e364', 'b90be11a-4d46-4cf7-9ffb-370493979ef2', '34ef826e-d507-4a3c-8fcb-cca5041508db', '229d95e8-f64b-481c-8e48-18ba483dc5a6'] {{(pid=196635) reserve /opt/stack/cinder/cinder/quota.py:752}}
Jan 26 19:06:12.837443 np0005596550.novalocal cinder-volume[196635]: INFO cinder.volume.manager [None req-db6004df-13c6-4ccf-a8c7-a1354e50aa71 tempest-VolumesSnapshotTestJSON-666453103 None] Delete snapshot completed successfully.
Jan 26 19:06:12.840057 np0005596550.novalocal cinder-volume[196635]: DEBUG cinder.coordination [None req-db6004df-13c6-4ccf-a8c7-a1354e50aa71 tempest-VolumesSnapshotTestJSON-666453103 None] Lock "cinder-3be4076b-2c2f-4cdd-91f0-dfd415e7e14e-delete_snapshot" released by "delete_snapshot" :: held 0.935s {{(pid=196635) __release /opt/stack/cinder/cinder/coordination.py:157}}
Jan 26 19:06:12.963259 np0005596550.novalocal cinder-volume[196635]: DEBUG cinder.coordination [None req-ab4950f1-b63a-4016-85c1-6bc7756dd66b tempest-VolumesSnapshotTestJSON-666453103 None] Acquiring lock "cinder-e9318448-baa2-44b9-a6c9-242d8c1d723b-delete_snapshot" by "delete_snapshot" {{(pid=196635) __acquire /opt/stack/cinder/cinder/coordination.py:143}}
Jan 26 19:06:12.970441 np0005596550.novalocal cinder-volume[196635]: DEBUG cinder.coordination [None req-ab4950f1-b63a-4016-85c1-6bc7756dd66b tempest-VolumesSnapshotTestJSON-666453103 None] Lock "cinder-e9318448-baa2-44b9-a6c9-242d8c1d723b-delete_snapshot" acquired by "delete_snapshot" :: waited 0.007s {{(pid=196635) __acquire /opt/stack/cinder/cinder/coordination.py:146}}
Jan 26 19:06:12.971241 np0005596550.novalocal cinder-volume[196635]: DEBUG oslo_concurrency.processutils [None req-ab4950f1-b63a-4016-85c1-6bc7756dd66b tempest-VolumesSnapshotTestJSON-666453103 None] Running cmd (subprocess): sudo cinder-rootwrap /etc/cinder/rootwrap.conf env LC_ALL=C lvs --noheadings --unit=g -o vg_name,name,size --nosuffix --readonly stack-volumes-lvmdriver-1/_snapshot-e9318448-baa2-44b9-a6c9-242d8c1d723b {{(pid=196635) execute /usr/local/lib/python3.12/site-packages/oslo_concurrency/processutils.py:349}}
Jan 26 19:06:12.992149 np0005596550.novalocal sudo[223900]: stack : PWD=/ ; USER=root ; COMMAND=/usr/local/bin/cinder-rootwrap /etc/cinder/rootwrap.conf env LC_ALL=C lvs --noheadings --unit=g -o vg_name,name,size --nosuffix --readonly stack-volumes-lvmdriver-1/_snapshot-e9318448-baa2-44b9-a6c9-242d8c1d723b
Jan 26 19:06:13.362361 np0005596550.novalocal cinder-volume[196635]: DEBUG oslo_concurrency.processutils [None req-ab4950f1-b63a-4016-85c1-6bc7756dd66b tempest-VolumesSnapshotTestJSON-666453103 None] CMD "sudo cinder-rootwrap /etc/cinder/rootwrap.conf env LC_ALL=C lvs --noheadings --unit=g -o vg_name,name,size --nosuffix --readonly stack-volumes-lvmdriver-1/_snapshot-e9318448-baa2-44b9-a6c9-242d8c1d723b" returned: 0 in 0.391s {{(pid=196635) execute /usr/local/lib/python3.12/site-packages/oslo_concurrency/processutils.py:372}}
Jan 26 19:06:13.363062 np0005596550.novalocal cinder-volume[196635]: DEBUG oslo_concurrency.processutils [None req-ab4950f1-b63a-4016-85c1-6bc7756dd66b tempest-VolumesSnapshotTestJSON-666453103 None] Running cmd (subprocess): sudo cinder-rootwrap /etc/cinder/rootwrap.conf lvremove --config activation { retry_deactivation = 1} -f stack-volumes-lvmdriver-1/_snapshot-e9318448-baa2-44b9-a6c9-242d8c1d723b {{(pid=196635) execute /usr/local/lib/python3.12/site-packages/oslo_concurrency/processutils.py:349}}
Jan 26 19:06:13.380112 np0005596550.novalocal sudo[223905]: stack : PWD=/ ; USER=root ; COMMAND=/usr/local/bin/cinder-rootwrap /etc/cinder/rootwrap.conf lvremove --config 'activation { retry_deactivation = 1} ' -f stack-volumes-lvmdriver-1/_snapshot-e9318448-baa2-44b9-a6c9-242d8c1d723b
Jan 26 19:06:13.763849 np0005596550.novalocal cinder-volume[196635]: DEBUG oslo_concurrency.processutils [None req-ab4950f1-b63a-4016-85c1-6bc7756dd66b tempest-VolumesSnapshotTestJSON-666453103 None] CMD "sudo cinder-rootwrap /etc/cinder/rootwrap.conf lvremove --config activation { retry_deactivation = 1} -f stack-volumes-lvmdriver-1/_snapshot-e9318448-baa2-44b9-a6c9-242d8c1d723b" returned: 0 in 0.401s {{(pid=196635) execute /usr/local/lib/python3.12/site-packages/oslo_concurrency/processutils.py:372}}
Jan 26 19:06:13.801493 np0005596550.novalocal cinder-volume[196635]: DEBUG cinder.quota [None req-ab4950f1-b63a-4016-85c1-6bc7756dd66b tempest-VolumesSnapshotTestJSON-666453103 None] Created reservations ['c32d1bb2-7e72-4c27-bdad-fe0090788f13', '9cbe3420-81e8-4480-b324-49e502a85f55', '51561aff-8587-42d9-86ef-52320b366b8b', '4665671a-9fff-46f5-90a5-f46a8fa216e9'] {{(pid=196635) reserve /opt/stack/cinder/cinder/quota.py:752}}
Jan 26 19:06:13.829668 np0005596550.novalocal cinder-volume[196635]: INFO cinder.volume.manager [None req-ab4950f1-b63a-4016-85c1-6bc7756dd66b tempest-VolumesSnapshotTestJSON-666453103 None] Delete snapshot completed successfully.
Jan 26 19:06:13.832591 np0005596550.novalocal cinder-volume[196635]: DEBUG cinder.coordination [None req-ab4950f1-b63a-4016-85c1-6bc7756dd66b tempest-VolumesSnapshotTestJSON-666453103 None] Lock "cinder-e9318448-baa2-44b9-a6c9-242d8c1d723b-delete_snapshot" released by "delete_snapshot" :: held 0.862s {{(pid=196635) __release /opt/stack/cinder/cinder/coordination.py:157}}
Jan 26 19:06:14.046495 np0005596550.novalocal cinder-volume[196635]: DEBUG cinder.coordination [None req-75d22ffb-e32a-41b5-813f-abae368a1b2e tempest-VolumesSnapshotTestJSON-666453103 None] Acquiring lock "cinder-bb922cc9-bace-4499-8158-1491554e0eea-delete_snapshot" by "delete_snapshot" {{(pid=196635) __acquire /opt/stack/cinder/cinder/coordination.py:143}}
Jan 26 19:06:14.051999 np0005596550.novalocal cinder-volume[196635]: DEBUG cinder.coordination [None req-75d22ffb-e32a-41b5-813f-abae368a1b2e tempest-VolumesSnapshotTestJSON-666453103 None] Lock "cinder-bb922cc9-bace-4499-8158-1491554e0eea-delete_snapshot" acquired by "delete_snapshot" :: waited 0.005s {{(pid=196635) __acquire /opt/stack/cinder/cinder/coordination.py:146}}
Jan 26 19:06:14.055054 np0005596550.novalocal cinder-volume[196635]: DEBUG oslo_concurrency.processutils [None req-75d22ffb-e32a-41b5-813f-abae368a1b2e tempest-VolumesSnapshotTestJSON-666453103 None] Running cmd (subprocess): sudo cinder-rootwrap /etc/cinder/rootwrap.conf env LC_ALL=C lvs --noheadings --unit=g -o vg_name,name,size --nosuffix --readonly stack-volumes-lvmdriver-1/_snapshot-bb922cc9-bace-4499-8158-1491554e0eea {{(pid=196635) execute /usr/local/lib/python3.12/site-packages/oslo_concurrency/processutils.py:349}}
Jan 26 19:06:14.079067 np0005596550.novalocal sudo[223919]: stack : PWD=/ ; USER=root ; COMMAND=/usr/local/bin/cinder-rootwrap /etc/cinder/rootwrap.conf env LC_ALL=C lvs --noheadings --unit=g -o vg_name,name,size --nosuffix --readonly stack-volumes-lvmdriver-1/_snapshot-bb922cc9-bace-4499-8158-1491554e0eea
Jan 26 19:06:14.424064 np0005596550.novalocal cinder-volume[196635]: DEBUG oslo_concurrency.processutils [None req-75d22ffb-e32a-41b5-813f-abae368a1b2e tempest-VolumesSnapshotTestJSON-666453103 None] CMD "sudo cinder-rootwrap /etc/cinder/rootwrap.conf env LC_ALL=C lvs --noheadings --unit=g -o vg_name,name,size --nosuffix --readonly stack-volumes-lvmdriver-1/_snapshot-bb922cc9-bace-4499-8158-1491554e0eea" returned: 0 in 0.371s {{(pid=196635) execute /usr/local/lib/python3.12/site-packages/oslo_concurrency/processutils.py:372}}
Jan 26 19:06:14.424800 np0005596550.novalocal cinder-volume[196635]: DEBUG oslo_concurrency.processutils [None req-75d22ffb-e32a-41b5-813f-abae368a1b2e tempest-VolumesSnapshotTestJSON-666453103 None] Running cmd (subprocess): sudo cinder-rootwrap /etc/cinder/rootwrap.conf lvremove --config activation { retry_deactivation = 1} -f stack-volumes-lvmdriver-1/_snapshot-bb922cc9-bace-4499-8158-1491554e0eea {{(pid=196635) execute /usr/local/lib/python3.12/site-packages/oslo_concurrency/processutils.py:349}}
Jan 26 19:06:14.446051 np0005596550.novalocal sudo[223925]: stack : PWD=/ ; USER=root ; COMMAND=/usr/local/bin/cinder-rootwrap /etc/cinder/rootwrap.conf lvremove --config 'activation { retry_deactivation = 1} ' -f stack-volumes-lvmdriver-1/_snapshot-bb922cc9-bace-4499-8158-1491554e0eea
Jan 26 19:06:14.918159 np0005596550.novalocal cinder-volume[196635]: DEBUG oslo_concurrency.processutils [None req-75d22ffb-e32a-41b5-813f-abae368a1b2e tempest-VolumesSnapshotTestJSON-666453103 None] CMD "sudo cinder-rootwrap /etc/cinder/rootwrap.conf lvremove --config activation { retry_deactivation = 1} -f stack-volumes-lvmdriver-1/_snapshot-bb922cc9-bace-4499-8158-1491554e0eea" returned: 0 in 0.493s {{(pid=196635) execute /usr/local/lib/python3.12/site-packages/oslo_concurrency/processutils.py:372}}
Jan 26 19:06:14.955984 np0005596550.novalocal cinder-volume[196635]: DEBUG cinder.quota [None req-75d22ffb-e32a-41b5-813f-abae368a1b2e tempest-VolumesSnapshotTestJSON-666453103 None] Created reservations ['2bf2910f-e058-4d39-b49c-f2694b5cbd22', 'bf40d74f-e760-49f1-9c10-2b7b1bf0a471', 'a9699981-e072-42a3-b8ce-ad9d2358a185', '42e4b22d-b9f9-4a7d-9748-e340b1e829a1'] {{(pid=196635) reserve /opt/stack/cinder/cinder/quota.py:752}}
Jan 26 19:06:14.981662 np0005596550.novalocal cinder-volume[196635]: INFO cinder.volume.manager [None req-75d22ffb-e32a-41b5-813f-abae368a1b2e tempest-VolumesSnapshotTestJSON-666453103 None] Delete snapshot completed successfully.
Jan 26 19:06:14.984342 np0005596550.novalocal cinder-volume[196635]: DEBUG cinder.coordination [None req-75d22ffb-e32a-41b5-813f-abae368a1b2e tempest-VolumesSnapshotTestJSON-666453103 None] Lock "cinder-bb922cc9-bace-4499-8158-1491554e0eea-delete_snapshot" released by "delete_snapshot" :: held 0.933s {{(pid=196635) __release /opt/stack/cinder/cinder/coordination.py:157}}
Jan 26 19:06:16.746459 np0005596550.novalocal cinder-volume[196635]: DEBUG oslo_concurrency.lockutils [req-c0c73f11-b207-402a-bb69-1920b0a4f22d req-d09827a3-d80c-40dd-9bdb-16eeb11b58c0 tempest-VolumesSnapshotTestJSON-666453103 None] Acquiring lock "lioadm" by "cinder.volume.targets.lio.LioAdm._execute" {{(pid=196635) inner /usr/local/lib/python3.12/site-packages/oslo_concurrency/lockutils.py:405}}
Jan 26 19:06:16.746459 np0005596550.novalocal cinder-volume[196635]: DEBUG oslo_concurrency.lockutils [req-c0c73f11-b207-402a-bb69-1920b0a4f22d req-d09827a3-d80c-40dd-9bdb-16eeb11b58c0 tempest-VolumesSnapshotTestJSON-666453103 None] Lock "lioadm" acquired by "cinder.volume.targets.lio.LioAdm._execute" :: waited 0.001s {{(pid=196635) inner /usr/local/lib/python3.12/site-packages/oslo_concurrency/lockutils.py:410}}
Jan 26 19:06:16.746459 np0005596550.novalocal cinder-volume[196635]: DEBUG oslo_concurrency.processutils [req-c0c73f11-b207-402a-bb69-1920b0a4f22d req-d09827a3-d80c-40dd-9bdb-16eeb11b58c0 tempest-VolumesSnapshotTestJSON-666453103 None] Running cmd (subprocess): sudo cinder-rootwrap /etc/cinder/rootwrap.conf cinder-rtstool delete-initiator iqn.2010-10.org.openstack:volume-fc88f51d-d7b1-4097-802e-4391470eeab1 iqn.1994-05.com.redhat:cea4a155eb24 {{(pid=196635) execute /usr/local/lib/python3.12/site-packages/oslo_concurrency/processutils.py:349}}
Jan 26 19:06:16.767909 np0005596550.novalocal sudo[223997]: stack : PWD=/ ; USER=root ; COMMAND=/usr/local/bin/cinder-rootwrap /etc/cinder/rootwrap.conf cinder-rtstool delete-initiator iqn.2010-10.org.openstack:volume-fc88f51d-d7b1-4097-802e-4391470eeab1 iqn.1994-05.com.redhat:cea4a155eb24
Jan 26 19:06:17.330096 np0005596550.novalocal cinder-volume[196635]: DEBUG oslo_concurrency.processutils [req-c0c73f11-b207-402a-bb69-1920b0a4f22d req-d09827a3-d80c-40dd-9bdb-16eeb11b58c0 tempest-VolumesSnapshotTestJSON-666453103 None] CMD "sudo cinder-rootwrap /etc/cinder/rootwrap.conf cinder-rtstool delete-initiator iqn.2010-10.org.openstack:volume-fc88f51d-d7b1-4097-802e-4391470eeab1 iqn.1994-05.com.redhat:cea4a155eb24" returned: 0 in 0.585s {{(pid=196635) execute /usr/local/lib/python3.12/site-packages/oslo_concurrency/processutils.py:372}}
Jan 26 19:06:17.330399 np0005596550.novalocal cinder-volume[196635]: DEBUG oslo_concurrency.lockutils [req-c0c73f11-b207-402a-bb69-1920b0a4f22d req-d09827a3-d80c-40dd-9bdb-16eeb11b58c0 tempest-VolumesSnapshotTestJSON-666453103 None] Lock "lioadm" "released" by "cinder.volume.targets.lio.LioAdm._execute" :: held 0.586s {{(pid=196635) inner /usr/local/lib/python3.12/site-packages/oslo_concurrency/lockutils.py:424}}
Jan 26 19:06:17.330663 np0005596550.novalocal cinder-volume[196635]: DEBUG oslo_concurrency.lockutils [req-c0c73f11-b207-402a-bb69-1920b0a4f22d req-d09827a3-d80c-40dd-9bdb-16eeb11b58c0 tempest-VolumesSnapshotTestJSON-666453103 None] Acquiring lock "lioadm" by "cinder.volume.targets.lio.LioAdm._execute" {{(pid=196635) inner /usr/local/lib/python3.12/site-packages/oslo_concurrency/lockutils.py:405}}
Jan 26 19:06:17.330968 np0005596550.novalocal cinder-volume[196635]: DEBUG oslo_concurrency.lockutils [req-c0c73f11-b207-402a-bb69-1920b0a4f22d req-d09827a3-d80c-40dd-9bdb-16eeb11b58c0 tempest-VolumesSnapshotTestJSON-666453103 None] Lock "lioadm" acquired by "cinder.volume.targets.lio.LioAdm._execute" :: waited 0.000s {{(pid=196635) inner /usr/local/lib/python3.12/site-packages/oslo_concurrency/lockutils.py:410}}
Jan 26 19:06:17.331363 np0005596550.novalocal cinder-volume[196635]: DEBUG oslo_concurrency.processutils [req-c0c73f11-b207-402a-bb69-1920b0a4f22d req-d09827a3-d80c-40dd-9bdb-16eeb11b58c0 tempest-VolumesSnapshotTestJSON-666453103 None] Running cmd (subprocess): sudo cinder-rootwrap /etc/cinder/rootwrap.conf cinder-rtstool save {{(pid=196635) execute /usr/local/lib/python3.12/site-packages/oslo_concurrency/processutils.py:349}}
Jan 26 19:06:17.360723 np0005596550.novalocal sudo[224004]: stack : PWD=/ ; USER=root ; COMMAND=/usr/local/bin/cinder-rootwrap /etc/cinder/rootwrap.conf cinder-rtstool save
Jan 26 19:06:17.950697 np0005596550.novalocal cinder-volume[196635]: DEBUG oslo_concurrency.processutils [req-c0c73f11-b207-402a-bb69-1920b0a4f22d req-d09827a3-d80c-40dd-9bdb-16eeb11b58c0 tempest-VolumesSnapshotTestJSON-666453103 None] CMD "sudo cinder-rootwrap /etc/cinder/rootwrap.conf cinder-rtstool save" returned: 0 in 0.619s {{(pid=196635) execute /usr/local/lib/python3.12/site-packages/oslo_concurrency/processutils.py:372}}
Jan 26 19:06:17.950957 np0005596550.novalocal cinder-volume[196635]: DEBUG oslo_concurrency.lockutils [req-c0c73f11-b207-402a-bb69-1920b0a4f22d req-d09827a3-d80c-40dd-9bdb-16eeb11b58c0 tempest-VolumesSnapshotTestJSON-666453103 None] Lock "lioadm" "released" by "cinder.volume.targets.lio.LioAdm._execute" :: held 0.620s {{(pid=196635) inner /usr/local/lib/python3.12/site-packages/oslo_concurrency/lockutils.py:424}}
Jan 26 19:06:17.951338 np0005596550.novalocal cinder-volume[196635]: INFO cinder.volume.manager [req-c0c73f11-b207-402a-bb69-1920b0a4f22d req-d09827a3-d80c-40dd-9bdb-16eeb11b58c0 tempest-VolumesSnapshotTestJSON-666453103 None] Terminate volume connection completed successfully.
