Jan 26 19:16:04.770692 np0005596550.novalocal cinder-volume[196635]: DEBUG oslo_concurrency.lockutils [None req-4b032fc3-4cd7-4389-bdb8-6ac103996a0b tempest-VolumesBackupsTest-97611117 None] Lock "lioadm" acquired by "cinder.volume.targets.lio.LioAdm._execute" :: waited 0.001s {{(pid=196635) inner /usr/local/lib/python3.12/site-packages/oslo_concurrency/lockutils.py:410}}
Jan 26 19:16:04.771219 np0005596550.novalocal cinder-volume[196635]: DEBUG oslo_concurrency.processutils [None req-4b032fc3-4cd7-4389-bdb8-6ac103996a0b tempest-VolumesBackupsTest-97611117 None] Running cmd (subprocess): sudo cinder-rootwrap /etc/cinder/rootwrap.conf cinder-rtstool create /dev/stack-volumes-lvmdriver-1/volume-bd62c495-aa86-4e54-8d14-600590804ee8 iqn.2010-10.org.openstack:volume-bd62c495-aa86-4e54-8d14-600590804ee8 QeD7x45xnAkqMLPWN64X m5S2LuSXgb2RLJRc False -p3260 -a38.102.83.18 {{(pid=196635) execute /usr/local/lib/python3.12/site-packages/oslo_concurrency/processutils.py:349}}
Jan 26 19:16:04.798013 np0005596550.novalocal sudo[233652]: stack : PWD=/ ; USER=root ; COMMAND=/usr/local/bin/cinder-rootwrap /etc/cinder/rootwrap.conf cinder-rtstool create /dev/stack-volumes-lvmdriver-1/volume-bd62c495-aa86-4e54-8d14-600590804ee8 iqn.2010-10.org.openstack:volume-bd62c495-aa86-4e54-8d14-600590804ee8 QeD7x45xnAkqMLPWN64X m5S2LuSXgb2RLJRc False -p3260 -a38.102.83.18
Jan 26 19:16:05.403034 np0005596550.novalocal cinder-volume[196635]: DEBUG oslo_concurrency.processutils [None req-4b032fc3-4cd7-4389-bdb8-6ac103996a0b tempest-VolumesBackupsTest-97611117 None] CMD "sudo cinder-rootwrap /etc/cinder/rootwrap.conf cinder-rtstool create /dev/stack-volumes-lvmdriver-1/volume-bd62c495-aa86-4e54-8d14-600590804ee8 iqn.2010-10.org.openstack:volume-bd62c495-aa86-4e54-8d14-600590804ee8 QeD7x45xnAkqMLPWN64X m5S2LuSXgb2RLJRc False -p3260 -a38.102.83.18" returned: 0 in 0.632s {{(pid=196635) execute /usr/local/lib/python3.12/site-packages/oslo_concurrency/processutils.py:372}}
Jan 26 19:16:05.403458 np0005596550.novalocal cinder-volume[196635]: DEBUG oslo_concurrency.lockutils [None req-4b032fc3-4cd7-4389-bdb8-6ac103996a0b tempest-VolumesBackupsTest-97611117 None] Lock "lioadm" "released" by "cinder.volume.targets.lio.LioAdm._execute" :: held 0.633s {{(pid=196635) inner /usr/local/lib/python3.12/site-packages/oslo_concurrency/lockutils.py:424}}
Jan 26 19:16:05.403668 np0005596550.novalocal cinder-volume[196635]: DEBUG oslo_concurrency.lockutils [None req-4b032fc3-4cd7-4389-bdb8-6ac103996a0b tempest-VolumesBackupsTest-97611117 None] Acquiring lock "lioadm" by "cinder.volume.targets.lio.LioAdm._execute" {{(pid=196635) inner /usr/local/lib/python3.12/site-packages/oslo_concurrency/lockutils.py:405}}
Jan 26 19:16:05.404183 np0005596550.novalocal cinder-volume[196635]: DEBUG oslo_concurrency.lockutils [None req-4b032fc3-4cd7-4389-bdb8-6ac103996a0b tempest-VolumesBackupsTest-97611117 None] Lock "lioadm" acquired by "cinder.volume.targets.lio.LioAdm._execute" :: waited 0.000s {{(pid=196635) inner /usr/local/lib/python3.12/site-packages/oslo_concurrency/lockutils.py:410}}
Jan 26 19:16:05.404568 np0005596550.novalocal cinder-volume[196635]: DEBUG oslo_concurrency.processutils [None req-4b032fc3-4cd7-4389-bdb8-6ac103996a0b tempest-VolumesBackupsTest-97611117 None] Running cmd (subprocess): sudo cinder-rootwrap /etc/cinder/rootwrap.conf cinder-rtstool get-targets {{(pid=196635) execute /usr/local/lib/python3.12/site-packages/oslo_concurrency/processutils.py:349}}
Jan 26 19:16:05.434909 np0005596550.novalocal sudo[233658]: stack : PWD=/ ; USER=root ; COMMAND=/usr/local/bin/cinder-rootwrap /etc/cinder/rootwrap.conf cinder-rtstool get-targets
Jan 26 19:16:05.987723 np0005596550.novalocal cinder-volume[196635]: DEBUG oslo_concurrency.processutils [None req-4b032fc3-4cd7-4389-bdb8-6ac103996a0b tempest-VolumesBackupsTest-97611117 None] CMD "sudo cinder-rootwrap /etc/cinder/rootwrap.conf cinder-rtstool get-targets" returned: 0 in 0.583s {{(pid=196635) execute /usr/local/lib/python3.12/site-packages/oslo_concurrency/processutils.py:372}}
Jan 26 19:16:05.991856 np0005596550.novalocal cinder-volume[196635]: DEBUG oslo_concurrency.lockutils [None req-4b032fc3-4cd7-4389-bdb8-6ac103996a0b tempest-VolumesBackupsTest-97611117 None] Lock "lioadm" "released" by "cinder.volume.targets.lio.LioAdm._execute" :: held 0.587s {{(pid=196635) inner /usr/local/lib/python3.12/site-packages/oslo_concurrency/lockutils.py:424}}
Jan 26 19:16:05.992316 np0005596550.novalocal cinder-volume[196635]: DEBUG oslo_concurrency.lockutils [None req-4b032fc3-4cd7-4389-bdb8-6ac103996a0b tempest-VolumesBackupsTest-97611117 None] Acquiring lock "lioadm" by "cinder.volume.targets.lio.LioAdm._execute" {{(pid=196635) inner /usr/local/lib/python3.12/site-packages/oslo_concurrency/lockutils.py:405}}
Jan 26 19:16:05.993775 np0005596550.novalocal cinder-volume[196635]: DEBUG oslo_concurrency.lockutils [None req-4b032fc3-4cd7-4389-bdb8-6ac103996a0b tempest-VolumesBackupsTest-97611117 None] Lock "lioadm" acquired by "cinder.volume.targets.lio.LioAdm._execute" :: waited 0.001s {{(pid=196635) inner /usr/local/lib/python3.12/site-packages/oslo_concurrency/lockutils.py:410}}
Jan 26 19:16:05.994408 np0005596550.novalocal cinder-volume[196635]: DEBUG oslo_concurrency.processutils [None req-4b032fc3-4cd7-4389-bdb8-6ac103996a0b tempest-VolumesBackupsTest-97611117 None] Running cmd (subprocess): sudo cinder-rootwrap /etc/cinder/rootwrap.conf cinder-rtstool save {{(pid=196635) execute /usr/local/lib/python3.12/site-packages/oslo_concurrency/processutils.py:349}}
Jan 26 19:16:06.019377 np0005596550.novalocal sudo[233666]: stack : PWD=/ ; USER=root ; COMMAND=/usr/local/bin/cinder-rootwrap /etc/cinder/rootwrap.conf cinder-rtstool save
Jan 26 19:16:06.694789 np0005596550.novalocal cinder-volume[196635]: DEBUG oslo_concurrency.processutils [None req-4b032fc3-4cd7-4389-bdb8-6ac103996a0b tempest-VolumesBackupsTest-97611117 None] CMD "sudo cinder-rootwrap /etc/cinder/rootwrap.conf cinder-rtstool save" returned: 0 in 0.698s {{(pid=196635) execute /usr/local/lib/python3.12/site-packages/oslo_concurrency/processutils.py:372}}
Jan 26 19:16:06.694789 np0005596550.novalocal cinder-volume[196635]: DEBUG oslo_concurrency.lockutils [None req-4b032fc3-4cd7-4389-bdb8-6ac103996a0b tempest-VolumesBackupsTest-97611117 None] Lock "lioadm" "released" by "cinder.volume.targets.lio.LioAdm._execute" :: held 0.700s {{(pid=196635) inner /usr/local/lib/python3.12/site-packages/oslo_concurrency/lockutils.py:424}}
Jan 26 19:16:06.694789 np0005596550.novalocal cinder-volume[196635]: DEBUG cinder.volume.targets.iscsi [None req-4b032fc3-4cd7-4389-bdb8-6ac103996a0b tempest-VolumesBackupsTest-97611117 None] Set provider_location to: 38.102.83.18:3260,iqn.2010-10.org.openstack:volume-bd62c495-aa86-4e54-8d14-600590804ee8 iqn.2010-10.org.openstack:volume-bd62c495-aa86-4e54-8d14-600590804ee8 0 {{(pid=196635) create_export /opt/stack/cinder/cinder/volume/targets/iscsi.py:205}}
Jan 26 19:16:06.704881 np0005596550.novalocal cinder-volume[196635]: DEBUG oslo_concurrency.lockutils [None req-4b032fc3-4cd7-4389-bdb8-6ac103996a0b tempest-VolumesBackupsTest-97611117 None] Acquiring lock "lioadm" by "cinder.volume.targets.lio.LioAdm._execute" {{(pid=196635) inner /usr/local/lib/python3.12/site-packages/oslo_concurrency/lockutils.py:405}}
Jan 26 19:16:06.705187 np0005596550.novalocal cinder-volume[196635]: DEBUG oslo_concurrency.lockutils [None req-4b032fc3-4cd7-4389-bdb8-6ac103996a0b tempest-VolumesBackupsTest-97611117 None] Lock "lioadm" acquired by "cinder.volume.targets.lio.LioAdm._execute" :: waited 0.001s {{(pid=196635) inner /usr/local/lib/python3.12/site-packages/oslo_concurrency/lockutils.py:410}}
Jan 26 19:16:06.705954 np0005596550.novalocal cinder-volume[196635]: DEBUG oslo_concurrency.processutils [None req-4b032fc3-4cd7-4389-bdb8-6ac103996a0b tempest-VolumesBackupsTest-97611117 None] Running cmd (subprocess): sudo cinder-rootwrap /etc/cinder/rootwrap.conf cinder-rtstool add-initiator iqn.2010-10.org.openstack:volume-bd62c495-aa86-4e54-8d14-600590804ee8 QeD7x45xnAkqMLPWN64X m5S2LuSXgb2RLJRc iqn.1994-05.com.redhat:cea4a155eb24 {{(pid=196635) execute /usr/local/lib/python3.12/site-packages/oslo_concurrency/processutils.py:349}}
Jan 26 19:16:06.734037 np0005596550.novalocal sudo[233672]: stack : PWD=/ ; USER=root ; COMMAND=/usr/local/bin/cinder-rootwrap /etc/cinder/rootwrap.conf cinder-rtstool add-initiator iqn.2010-10.org.openstack:volume-bd62c495-aa86-4e54-8d14-600590804ee8 QeD7x45xnAkqMLPWN64X m5S2LuSXgb2RLJRc iqn.1994-05.com.redhat:cea4a155eb24
Jan 26 19:16:07.263700 np0005596550.novalocal cinder-volume[196635]: DEBUG oslo_concurrency.processutils [None req-4b032fc3-4cd7-4389-bdb8-6ac103996a0b tempest-VolumesBackupsTest-97611117 None] CMD "sudo cinder-rootwrap /etc/cinder/rootwrap.conf cinder-rtstool add-initiator iqn.2010-10.org.openstack:volume-bd62c495-aa86-4e54-8d14-600590804ee8 QeD7x45xnAkqMLPWN64X m5S2LuSXgb2RLJRc iqn.1994-05.com.redhat:cea4a155eb24" returned: 0 in 0.557s {{(pid=196635) execute /usr/local/lib/python3.12/site-packages/oslo_concurrency/processutils.py:372}}
Jan 26 19:16:07.263987 np0005596550.novalocal cinder-volume[196635]: DEBUG oslo_concurrency.lockutils [None req-4b032fc3-4cd7-4389-bdb8-6ac103996a0b tempest-VolumesBackupsTest-97611117 None] Lock "lioadm" "released" by "cinder.volume.targets.lio.LioAdm._execute" :: held 0.559s {{(pid=196635) inner /usr/local/lib/python3.12/site-packages/oslo_concurrency/lockutils.py:424}}
Jan 26 19:16:07.263987 np0005596550.novalocal cinder-volume[196635]: DEBUG oslo_concurrency.lockutils [None req-4b032fc3-4cd7-4389-bdb8-6ac103996a0b tempest-VolumesBackupsTest-97611117 None] Acquiring lock "lioadm" by "cinder.volume.targets.lio.LioAdm._execute" {{(pid=196635) inner /usr/local/lib/python3.12/site-packages/oslo_concurrency/lockutils.py:405}}
Jan 26 19:16:07.265099 np0005596550.novalocal cinder-volume[196635]: DEBUG oslo_concurrency.lockutils [None req-4b032fc3-4cd7-4389-bdb8-6ac103996a0b tempest-VolumesBackupsTest-97611117 None] Lock "lioadm" acquired by "cinder.volume.targets.lio.LioAdm._execute" :: waited 0.000s {{(pid=196635) inner /usr/local/lib/python3.12/site-packages/oslo_concurrency/lockutils.py:410}}
Jan 26 19:16:07.265099 np0005596550.novalocal cinder-volume[196635]: DEBUG oslo_concurrency.processutils [None req-4b032fc3-4cd7-4389-bdb8-6ac103996a0b tempest-VolumesBackupsTest-97611117 None] Running cmd (subprocess): sudo cinder-rootwrap /etc/cinder/rootwrap.conf cinder-rtstool save {{(pid=196635) execute /usr/local/lib/python3.12/site-packages/oslo_concurrency/processutils.py:349}}
Jan 26 19:16:07.286857 np0005596550.novalocal sudo[233678]: stack : PWD=/ ; USER=root ; COMMAND=/usr/local/bin/cinder-rootwrap /etc/cinder/rootwrap.conf cinder-rtstool save
Jan 26 19:16:07.797801 np0005596550.novalocal cinder-volume[196635]: DEBUG oslo_concurrency.processutils [None req-4b032fc3-4cd7-4389-bdb8-6ac103996a0b tempest-VolumesBackupsTest-97611117 None] CMD "sudo cinder-rootwrap /etc/cinder/rootwrap.conf cinder-rtstool save" returned: 0 in 0.532s {{(pid=196635) execute /usr/local/lib/python3.12/site-packages/oslo_concurrency/processutils.py:372}}
Jan 26 19:16:07.797801 np0005596550.novalocal cinder-volume[196635]: DEBUG oslo_concurrency.lockutils [None req-4b032fc3-4cd7-4389-bdb8-6ac103996a0b tempest-VolumesBackupsTest-97611117 None] Lock "lioadm" "released" by "cinder.volume.targets.lio.LioAdm._execute" :: held 0.533s {{(pid=196635) inner /usr/local/lib/python3.12/site-packages/oslo_concurrency/lockutils.py:424}}
Jan 26 19:16:07.808737 np0005596550.novalocal cinder-volume[196635]: INFO cinder.volume.manager [None req-4b032fc3-4cd7-4389-bdb8-6ac103996a0b tempest-VolumesBackupsTest-97611117 None] Initialize volume connection completed successfully.
Jan 26 19:16:15.823119 np0005596550.novalocal cinder-volume[196635]: DEBUG oslo_concurrency.lockutils [None req-4b032fc3-4cd7-4389-bdb8-6ac103996a0b tempest-VolumesBackupsTest-97611117 None] Acquiring lock "lioadm" by "cinder.volume.targets.lio.LioAdm._execute" {{(pid=196635) inner /usr/local/lib/python3.12/site-packages/oslo_concurrency/lockutils.py:405}}
Jan 26 19:16:15.824024 np0005596550.novalocal cinder-volume[196635]: DEBUG oslo_concurrency.lockutils [None req-4b032fc3-4cd7-4389-bdb8-6ac103996a0b tempest-VolumesBackupsTest-97611117 None] Lock "lioadm" acquired by "cinder.volume.targets.lio.LioAdm._execute" :: waited 0.001s {{(pid=196635) inner /usr/local/lib/python3.12/site-packages/oslo_concurrency/lockutils.py:410}}
Jan 26 19:16:15.824024 np0005596550.novalocal cinder-volume[196635]: DEBUG oslo_concurrency.processutils [None req-4b032fc3-4cd7-4389-bdb8-6ac103996a0b tempest-VolumesBackupsTest-97611117 None] Running cmd (subprocess): sudo cinder-rootwrap /etc/cinder/rootwrap.conf cinder-rtstool delete-initiator iqn.2010-10.org.openstack:volume-bd62c495-aa86-4e54-8d14-600590804ee8 iqn.1994-05.com.redhat:cea4a155eb24 {{(pid=196635) execute /usr/local/lib/python3.12/site-packages/oslo_concurrency/processutils.py:349}}
Jan 26 19:16:15.850392 np0005596550.novalocal sudo[233830]: stack : PWD=/ ; USER=root ; COMMAND=/usr/local/bin/cinder-rootwrap /etc/cinder/rootwrap.conf cinder-rtstool delete-initiator iqn.2010-10.org.openstack:volume-bd62c495-aa86-4e54-8d14-600590804ee8 iqn.1994-05.com.redhat:cea4a155eb24
Jan 26 19:16:16.394356 np0005596550.novalocal cinder-volume[196635]: DEBUG oslo_concurrency.processutils [None req-4b032fc3-4cd7-4389-bdb8-6ac103996a0b tempest-VolumesBackupsTest-97611117 None] CMD "sudo cinder-rootwrap /etc/cinder/rootwrap.conf cinder-rtstool delete-initiator iqn.2010-10.org.openstack:volume-bd62c495-aa86-4e54-8d14-600590804ee8 iqn.1994-05.com.redhat:cea4a155eb24" returned: 0 in 0.570s {{(pid=196635) execute /usr/local/lib/python3.12/site-packages/oslo_concurrency/processutils.py:372}}
Jan 26 19:16:16.395311 np0005596550.novalocal cinder-volume[196635]: DEBUG oslo_concurrency.lockutils [None req-4b032fc3-4cd7-4389-bdb8-6ac103996a0b tempest-VolumesBackupsTest-97611117 None] Lock "lioadm" "released" by "cinder.volume.targets.lio.LioAdm._execute" :: held 0.571s {{(pid=196635) inner /usr/local/lib/python3.12/site-packages/oslo_concurrency/lockutils.py:424}}
Jan 26 19:16:16.395311 np0005596550.novalocal cinder-volume[196635]: DEBUG oslo_concurrency.lockutils [None req-4b032fc3-4cd7-4389-bdb8-6ac103996a0b tempest-VolumesBackupsTest-97611117 None] Acquiring lock "lioadm" by "cinder.volume.targets.lio.LioAdm._execute" {{(pid=196635) inner /usr/local/lib/python3.12/site-packages/oslo_concurrency/lockutils.py:405}}
Jan 26 19:16:16.395378 np0005596550.novalocal cinder-volume[196635]: DEBUG oslo_concurrency.lockutils [None req-4b032fc3-4cd7-4389-bdb8-6ac103996a0b tempest-VolumesBackupsTest-97611117 None] Lock "lioadm" acquired by "cinder.volume.targets.lio.LioAdm._execute" :: waited 0.000s {{(pid=196635) inner /usr/local/lib/python3.12/site-packages/oslo_concurrency/lockutils.py:410}}
Jan 26 19:16:16.395697 np0005596550.novalocal cinder-volume[196635]: DEBUG oslo_concurrency.processutils [None req-4b032fc3-4cd7-4389-bdb8-6ac103996a0b tempest-VolumesBackupsTest-97611117 None] Running cmd (subprocess): sudo cinder-rootwrap /etc/cinder/rootwrap.conf cinder-rtstool save {{(pid=196635) execute /usr/local/lib/python3.12/site-packages/oslo_concurrency/processutils.py:349}}
Jan 26 19:16:16.426145 np0005596550.novalocal sudo[233836]: stack : PWD=/ ; USER=root ; COMMAND=/usr/local/bin/cinder-rootwrap /etc/cinder/rootwrap.conf cinder-rtstool save
Jan 26 19:16:16.993293 np0005596550.novalocal cinder-volume[196635]: DEBUG oslo_concurrency.processutils [None req-4b032fc3-4cd7-4389-bdb8-6ac103996a0b tempest-VolumesBackupsTest-97611117 None] CMD "sudo cinder-rootwrap /etc/cinder/rootwrap.conf cinder-rtstool save" returned: 0 in 0.597s {{(pid=196635) execute /usr/local/lib/python3.12/site-packages/oslo_concurrency/processutils.py:372}}
Jan 26 19:16:16.993686 np0005596550.novalocal cinder-volume[196635]: DEBUG oslo_concurrency.lockutils [None req-4b032fc3-4cd7-4389-bdb8-6ac103996a0b tempest-VolumesBackupsTest-97611117 None] Lock "lioadm" "released" by "cinder.volume.targets.lio.LioAdm._execute" :: held 0.598s {{(pid=196635) inner /usr/local/lib/python3.12/site-packages/oslo_concurrency/lockutils.py:424}}
Jan 26 19:16:16.994016 np0005596550.novalocal cinder-volume[196635]: INFO cinder.volume.manager [None req-4b032fc3-4cd7-4389-bdb8-6ac103996a0b tempest-VolumesBackupsTest-97611117 None] Terminate volume connection completed successfully.
Jan 26 19:16:17.344116 np0005596550.novalocal cinder-volume[196635]: DEBUG oslo_concurrency.lockutils [None req-4b032fc3-4cd7-4389-bdb8-6ac103996a0b tempest-VolumesBackupsTest-97611117 None] Acquiring lock "lioadm" by "cinder.volume.targets.lio.LioAdm._execute" {{(pid=196635) inner /usr/local/lib/python3.12/site-packages/oslo_concurrency/lockutils.py:405}}
Jan 26 19:16:17.345022 np0005596550.novalocal cinder-volume[196635]: DEBUG oslo_concurrency.lockutils [None req-4b032fc3-4cd7-4389-bdb8-6ac103996a0b tempest-VolumesBackupsTest-97611117 None] Lock "lioadm" acquired by "cinder.volume.targets.lio.LioAdm._execute" :: waited 0.001s {{(pid=196635) inner /usr/local/lib/python3.12/site-packages/oslo_concurrency/lockutils.py:410}}
Jan 26 19:16:17.345301 np0005596550.novalocal cinder-volume[196635]: DEBUG oslo_concurrency.processutils [None req-4b032fc3-4cd7-4389-bdb8-6ac103996a0b tempest-VolumesBackupsTest-97611117 None] Running cmd (subprocess): sudo cinder-rootwrap /etc/cinder/rootwrap.conf cinder-rtstool get-targets {{(pid=196635) execute /usr/local/lib/python3.12/site-packages/oslo_concurrency/processutils.py:349}}
Jan 26 19:16:17.371760 np0005596550.novalocal sudo[233844]: stack : PWD=/ ; USER=root ; COMMAND=/usr/local/bin/cinder-rootwrap /etc/cinder/rootwrap.conf cinder-rtstool get-targets
Jan 26 19:16:17.946058 np0005596550.novalocal cinder-volume[196635]: DEBUG oslo_concurrency.processutils [None req-4b032fc3-4cd7-4389-bdb8-6ac103996a0b tempest-VolumesBackupsTest-97611117 None] CMD "sudo cinder-rootwrap /etc/cinder/rootwrap.conf cinder-rtstool get-targets" returned: 0 in 0.600s {{(pid=196635) execute /usr/local/lib/python3.12/site-packages/oslo_concurrency/processutils.py:372}}
Jan 26 19:16:17.946444 np0005596550.novalocal cinder-volume[196635]: DEBUG oslo_concurrency.lockutils [None req-4b032fc3-4cd7-4389-bdb8-6ac103996a0b tempest-VolumesBackupsTest-97611117 None] Lock "lioadm" "released" by "cinder.volume.targets.lio.LioAdm._execute" :: held 0.601s {{(pid=196635) inner /usr/local/lib/python3.12/site-packages/oslo_concurrency/lockutils.py:424}}
Jan 26 19:16:17.946707 np0005596550.novalocal cinder-volume[196635]: INFO cinder.volume.targets.lio [None req-4b032fc3-4cd7-4389-bdb8-6ac103996a0b tempest-VolumesBackupsTest-97611117 None] Removing iscsi_target: bd62c495-aa86-4e54-8d14-600590804ee8
Jan 26 19:16:17.946900 np0005596550.novalocal cinder-volume[196635]: DEBUG oslo_concurrency.lockutils [None req-4b032fc3-4cd7-4389-bdb8-6ac103996a0b tempest-VolumesBackupsTest-97611117 None] Acquiring lock "lioadm" by "cinder.volume.targets.lio.LioAdm._execute" {{(pid=196635) inner /usr/local/lib/python3.12/site-packages/oslo_concurrency/lockutils.py:405}}
Jan 26 19:16:17.947357 np0005596550.novalocal cinder-volume[196635]: DEBUG oslo_concurrency.lockutils [None req-4b032fc3-4cd7-4389-bdb8-6ac103996a0b tempest-VolumesBackupsTest-97611117 None] Lock "lioadm" acquired by "cinder.volume.targets.lio.LioAdm._execute" :: waited 0.000s {{(pid=196635) inner /usr/local/lib/python3.12/site-packages/oslo_concurrency/lockutils.py:410}}
Jan 26 19:16:17.952199 np0005596550.novalocal cinder-volume[196635]: DEBUG oslo_concurrency.processutils [None req-4b032fc3-4cd7-4389-bdb8-6ac103996a0b tempest-VolumesBackupsTest-97611117 None] Running cmd (subprocess): sudo cinder-rootwrap /etc/cinder/rootwrap.conf cinder-rtstool delete iqn.2010-10.org.openstack:volume-bd62c495-aa86-4e54-8d14-600590804ee8 {{(pid=196635) execute /usr/local/lib/python3.12/site-packages/oslo_concurrency/processutils.py:349}}
Jan 26 19:16:17.986615 np0005596550.novalocal sudo[233852]: stack : PWD=/ ; USER=root ; COMMAND=/usr/local/bin/cinder-rootwrap /etc/cinder/rootwrap.conf cinder-rtstool delete iqn.2010-10.org.openstack:volume-bd62c495-aa86-4e54-8d14-600590804ee8
Jan 26 19:16:18.575722 np0005596550.novalocal cinder-volume[196635]: DEBUG oslo_concurrency.processutils [None req-4b032fc3-4cd7-4389-bdb8-6ac103996a0b tempest-VolumesBackupsTest-97611117 None] CMD "sudo cinder-rootwrap /etc/cinder/rootwrap.conf cinder-rtstool delete iqn.2010-10.org.openstack:volume-bd62c495-aa86-4e54-8d14-600590804ee8" returned: 0 in 0.628s {{(pid=196635) execute /usr/local/lib/python3.12/site-packages/oslo_concurrency/processutils.py:372}}
Jan 26 19:16:18.576075 np0005596550.novalocal cinder-volume[196635]: DEBUG oslo_concurrency.lockutils [None req-4b032fc3-4cd7-4389-bdb8-6ac103996a0b tempest-VolumesBackupsTest-97611117 None] Lock "lioadm" "released" by "cinder.volume.targets.lio.LioAdm._execute" :: held 0.629s {{(pid=196635) inner /usr/local/lib/python3.12/site-packages/oslo_concurrency/lockutils.py:424}}
Jan 26 19:16:18.576176 np0005596550.novalocal cinder-volume[196635]: DEBUG oslo_concurrency.lockutils [None req-4b032fc3-4cd7-4389-bdb8-6ac103996a0b tempest-VolumesBackupsTest-97611117 None] Acquiring lock "lioadm" by "cinder.volume.targets.lio.LioAdm._execute" {{(pid=196635) inner /usr/local/lib/python3.12/site-packages/oslo_concurrency/lockutils.py:405}}
Jan 26 19:16:18.576493 np0005596550.novalocal cinder-volume[196635]: DEBUG oslo_concurrency.lockutils [None req-4b032fc3-4cd7-4389-bdb8-6ac103996a0b tempest-VolumesBackupsTest-97611117 None] Lock "lioadm" acquired by "cinder.volume.targets.lio.LioAdm._execute" :: waited 0.000s {{(pid=196635) inner /usr/local/lib/python3.12/site-packages/oslo_concurrency/lockutils.py:410}}
Jan 26 19:16:18.576838 np0005596550.novalocal cinder-volume[196635]: DEBUG oslo_concurrency.processutils [None req-4b032fc3-4cd7-4389-bdb8-6ac103996a0b tempest-VolumesBackupsTest-97611117 None] Running cmd (subprocess): sudo cinder-rootwrap /etc/cinder/rootwrap.conf cinder-rtstool save {{(pid=196635) execute /usr/local/lib/python3.12/site-packages/oslo_concurrency/processutils.py:349}}
Jan 26 19:16:18.598064 np0005596550.novalocal sudo[233859]: stack : PWD=/ ; USER=root ; COMMAND=/usr/local/bin/cinder-rootwrap /etc/cinder/rootwrap.conf cinder-rtstool save
Jan 26 19:16:19.215427 np0005596550.novalocal cinder-volume[196635]: DEBUG oslo_concurrency.processutils [None req-4b032fc3-4cd7-4389-bdb8-6ac103996a0b tempest-VolumesBackupsTest-97611117 None] CMD "sudo cinder-rootwrap /etc/cinder/rootwrap.conf cinder-rtstool save" returned: 0 in 0.638s {{(pid=196635) execute /usr/local/lib/python3.12/site-packages/oslo_concurrency/processutils.py:372}}
Jan 26 19:16:19.215427 np0005596550.novalocal cinder-volume[196635]: DEBUG oslo_concurrency.lockutils [None req-4b032fc3-4cd7-4389-bdb8-6ac103996a0b tempest-VolumesBackupsTest-97611117 None] Lock "lioadm" "released" by "cinder.volume.targets.lio.LioAdm._execute" :: held 0.639s {{(pid=196635) inner /usr/local/lib/python3.12/site-packages/oslo_concurrency/lockutils.py:424}}
Jan 26 19:16:19.215501 np0005596550.novalocal cinder-volume[196635]: INFO cinder.volume.manager [None req-4b032fc3-4cd7-4389-bdb8-6ac103996a0b tempest-VolumesBackupsTest-97611117 None] Remove volume export completed successfully.
Jan 26 19:16:19.344553 np0005596550.novalocal cinder-volume[196635]: DEBUG cinder.coordination [None req-4b032fc3-4cd7-4389-bdb8-6ac103996a0b tempest-VolumesBackupsTest-97611117 None] Acquiring lock "cinder-bd62c495-aa86-4e54-8d14-600590804ee8-delete_volume" by "delete_volume" {{(pid=196635) __acquire /opt/stack/cinder/cinder/coordination.py:143}}
Jan 26 19:16:19.350985 np0005596550.novalocal cinder-volume[196635]: DEBUG cinder.coordination [None req-4b032fc3-4cd7-4389-bdb8-6ac103996a0b tempest-VolumesBackupsTest-97611117 None] Lock "cinder-bd62c495-aa86-4e54-8d14-600590804ee8-delete_volume" acquired by "delete_volume" :: waited 0.007s {{(pid=196635) __acquire /opt/stack/cinder/cinder/coordination.py:146}}
Jan 26 19:16:19.363753 np0005596550.novalocal cinder-volume[196635]: DEBUG oslo_concurrency.lockutils [None req-4b032fc3-4cd7-4389-bdb8-6ac103996a0b tempest-VolumesBackupsTest-97611117 None] Acquiring lock "lioadm" by "cinder.volume.targets.lio.LioAdm._execute" {{(pid=196635) inner /usr/local/lib/python3.12/site-packages/oslo_concurrency/lockutils.py:405}}
Jan 26 19:16:19.364117 np0005596550.novalocal cinder-volume[196635]: DEBUG oslo_concurrency.lockutils [None req-4b032fc3-4cd7-4389-bdb8-6ac103996a0b tempest-VolumesBackupsTest-97611117 None] Lock "lioadm" acquired by "cinder.volume.targets.lio.LioAdm._execute" :: waited 0.001s {{(pid=196635) inner /usr/local/lib/python3.12/site-packages/oslo_concurrency/lockutils.py:410}}
Jan 26 19:16:19.364493 np0005596550.novalocal cinder-volume[196635]: DEBUG oslo_concurrency.processutils [None req-4b032fc3-4cd7-4389-bdb8-6ac103996a0b tempest-VolumesBackupsTest-97611117 None] Running cmd (subprocess): sudo cinder-rootwrap /etc/cinder/rootwrap.conf cinder-rtstool get-targets {{(pid=196635) execute /usr/local/lib/python3.12/site-packages/oslo_concurrency/processutils.py:349}}
Jan 26 19:16:19.382735 np0005596550.novalocal sudo[233867]: stack : PWD=/ ; USER=root ; COMMAND=/usr/local/bin/cinder-rootwrap /etc/cinder/rootwrap.conf cinder-rtstool get-targets
Jan 26 19:16:19.875616 np0005596550.novalocal cinder-volume[196635]: DEBUG oslo_concurrency.processutils [None req-4b032fc3-4cd7-4389-bdb8-6ac103996a0b tempest-VolumesBackupsTest-97611117 None] CMD "sudo cinder-rootwrap /etc/cinder/rootwrap.conf cinder-rtstool get-targets" returned: 0 in 0.510s {{(pid=196635) execute /usr/local/lib/python3.12/site-packages/oslo_concurrency/processutils.py:372}}
Jan 26 19:16:19.875616 np0005596550.novalocal cinder-volume[196635]: DEBUG oslo_concurrency.lockutils [None req-4b032fc3-4cd7-4389-bdb8-6ac103996a0b tempest-VolumesBackupsTest-97611117 None] Lock "lioadm" "released" by "cinder.volume.targets.lio.LioAdm._execute" :: held 0.511s {{(pid=196635) inner /usr/local/lib/python3.12/site-packages/oslo_concurrency/lockutils.py:424}}
Jan 26 19:16:19.879250 np0005596550.novalocal cinder-volume[196635]: INFO cinder.volume.targets.iscsi [None req-4b032fc3-4cd7-4389-bdb8-6ac103996a0b tempest-VolumesBackupsTest-97611117 None] Skipping remove_export. No iscsi_target is presently exported for volume: bd62c495-aa86-4e54-8d14-600590804ee8
Jan 26 19:16:19.879250 np0005596550.novalocal cinder-volume[196635]: DEBUG oslo_concurrency.processutils [None req-4b032fc3-4cd7-4389-bdb8-6ac103996a0b tempest-VolumesBackupsTest-97611117 None] Running cmd (subprocess): sudo cinder-rootwrap /etc/cinder/rootwrap.conf env LC_ALL=C lvs --noheadings --unit=g -o vg_name,name,size --nosuffix --readonly stack-volumes-lvmdriver-1/volume-bd62c495-aa86-4e54-8d14-600590804ee8 {{(pid=196635) execute /usr/local/lib/python3.12/site-packages/oslo_concurrency/processutils.py:349}}
Jan 26 19:16:19.898179 np0005596550.novalocal sudo[233874]: stack : PWD=/ ; USER=root ; COMMAND=/usr/local/bin/cinder-rootwrap /etc/cinder/rootwrap.conf env LC_ALL=C lvs --noheadings --unit=g -o vg_name,name,size --nosuffix --readonly stack-volumes-lvmdriver-1/volume-bd62c495-aa86-4e54-8d14-600590804ee8
Jan 26 19:16:20.281954 np0005596550.novalocal cinder-volume[196635]: DEBUG oslo_concurrency.processutils [None req-4b032fc3-4cd7-4389-bdb8-6ac103996a0b tempest-VolumesBackupsTest-97611117 None] CMD "sudo cinder-rootwrap /etc/cinder/rootwrap.conf env LC_ALL=C lvs --noheadings --unit=g -o vg_name,name,size --nosuffix --readonly stack-volumes-lvmdriver-1/volume-bd62c495-aa86-4e54-8d14-600590804ee8" returned: 0 in 0.403s {{(pid=196635) execute /usr/local/lib/python3.12/site-packages/oslo_concurrency/processutils.py:372}}
Jan 26 19:16:20.281954 np0005596550.novalocal cinder-volume[196635]: DEBUG oslo_concurrency.processutils [None req-4b032fc3-4cd7-4389-bdb8-6ac103996a0b tempest-VolumesBackupsTest-97611117 None] Running cmd (subprocess): sudo cinder-rootwrap /etc/cinder/rootwrap.conf env LC_ALL=C lvdisplay --noheading -C -o Attr --readonly stack-volumes-lvmdriver-1/volume-bd62c495-aa86-4e54-8d14-600590804ee8 {{(pid=196635) execute /usr/local/lib/python3.12/site-packages/oslo_concurrency/processutils.py:349}}
Jan 26 19:16:20.310172 np0005596550.novalocal sudo[233880]: stack : PWD=/ ; USER=root ; COMMAND=/usr/local/bin/cinder-rootwrap /etc/cinder/rootwrap.conf env LC_ALL=C lvdisplay --noheading -C -o Attr --readonly stack-volumes-lvmdriver-1/volume-bd62c495-aa86-4e54-8d14-600590804ee8
Jan 26 19:16:20.706398 np0005596550.novalocal cinder-volume[196635]: DEBUG oslo_concurrency.processutils [None req-4b032fc3-4cd7-4389-bdb8-6ac103996a0b tempest-VolumesBackupsTest-97611117 None] CMD "sudo cinder-rootwrap /etc/cinder/rootwrap.conf env LC_ALL=C lvdisplay --noheading -C -o Attr --readonly stack-volumes-lvmdriver-1/volume-bd62c495-aa86-4e54-8d14-600590804ee8" returned: 0 in 0.425s {{(pid=196635) execute /usr/local/lib/python3.12/site-packages/oslo_concurrency/processutils.py:372}}
Jan 26 19:16:20.707409 np0005596550.novalocal cinder-volume[196635]: DEBUG oslo_concurrency.processutils [None req-4b032fc3-4cd7-4389-bdb8-6ac103996a0b tempest-VolumesBackupsTest-97611117 None] Running cmd (subprocess): sudo cinder-rootwrap /etc/cinder/rootwrap.conf lvremove --config activation { retry_deactivation = 1} -f stack-volumes-lvmdriver-1/volume-bd62c495-aa86-4e54-8d14-600590804ee8 {{(pid=196635) execute /usr/local/lib/python3.12/site-packages/oslo_concurrency/processutils.py:349}}
Jan 26 19:16:20.729834 np0005596550.novalocal sudo[233885]: stack : PWD=/ ; USER=root ; COMMAND=/usr/local/bin/cinder-rootwrap /etc/cinder/rootwrap.conf lvremove --config 'activation { retry_deactivation = 1} ' -f stack-volumes-lvmdriver-1/volume-bd62c495-aa86-4e54-8d14-600590804ee8
Jan 26 19:16:21.209380 np0005596550.novalocal cinder-volume[196635]: DEBUG oslo_concurrency.processutils [None req-4b032fc3-4cd7-4389-bdb8-6ac103996a0b tempest-VolumesBackupsTest-97611117 None] CMD "sudo cinder-rootwrap /etc/cinder/rootwrap.conf lvremove --config activation { retry_deactivation = 1} -f stack-volumes-lvmdriver-1/volume-bd62c495-aa86-4e54-8d14-600590804ee8" returned: 0 in 0.501s {{(pid=196635) execute /usr/local/lib/python3.12/site-packages/oslo_concurrency/processutils.py:372}}
Jan 26 19:16:21.211009 np0005596550.novalocal cinder-volume[196635]: INFO cinder.volume.drivers.lvm [None req-4b032fc3-4cd7-4389-bdb8-6ac103996a0b tempest-VolumesBackupsTest-97611117 None] Successfully deleted volume: bd62c495-aa86-4e54-8d14-600590804ee8
Jan 26 19:16:21.238903 np0005596550.novalocal cinder-volume[196635]: INFO cinder.volume.manager [None req-4b032fc3-4cd7-4389-bdb8-6ac103996a0b tempest-VolumesBackupsTest-97611117 None] Deleted volume successfully.
Jan 26 19:16:21.242815 np0005596550.novalocal cinder-volume[196635]: DEBUG cinder.coordination [None req-4b032fc3-4cd7-4389-bdb8-6ac103996a0b tempest-VolumesBackupsTest-97611117 None] Lock "cinder-bd62c495-aa86-4e54-8d14-600590804ee8-delete_volume" released by "delete_volume" :: held 1.892s {{(pid=196635) __release /opt/stack/cinder/cinder/coordination.py:157}}
Jan 26 19:16:25.406955 np0005596550.novalocal cinder-volume[196635]: DEBUG oslo_concurrency.lockutils [req-3e0c108d-6f1d-438c-8073-04164582ad4d req-b2bebbcf-a612-46b0-8183-fddd14b9babe tempest-VolumesBackupsTest-97611117 None] Acquiring lock "lioadm" by "cinder.volume.targets.lio.LioAdm._execute" {{(pid=196635) inner /usr/local/lib/python3.12/site-packages/oslo_concurrency/lockutils.py:405}}
Jan 26 19:16:25.406955 np0005596550.novalocal cinder-volume[196635]: DEBUG oslo_concurrency.lockutils [req-3e0c108d-6f1d-438c-8073-04164582ad4d req-b2bebbcf-a612-46b0-8183-fddd14b9babe tempest-VolumesBackupsTest-97611117 None] Lock "lioadm" acquired by "cinder.volume.targets.lio.LioAdm._execute" :: waited 0.001s {{(pid=196635) inner /usr/local/lib/python3.12/site-packages/oslo_concurrency/lockutils.py:410}}
Jan 26 19:16:25.406955 np0005596550.novalocal cinder-volume[196635]: DEBUG oslo_concurrency.processutils [req-3e0c108d-6f1d-438c-8073-04164582ad4d req-b2bebbcf-a612-46b0-8183-fddd14b9babe tempest-VolumesBackupsTest-97611117 None] Running cmd (subprocess): sudo cinder-rootwrap /etc/cinder/rootwrap.conf cinder-rtstool delete-initiator iqn.2010-10.org.openstack:volume-d438bc89-fce8-47ba-bf8f-fd79987670fc iqn.1994-05.com.redhat:cea4a155eb24 {{(pid=196635) execute /usr/local/lib/python3.12/site-packages/oslo_concurrency/processutils.py:349}}
Jan 26 19:16:25.431363 np0005596550.novalocal sudo[234000]: stack : PWD=/ ; USER=root ; COMMAND=/usr/local/bin/cinder-rootwrap /etc/cinder/rootwrap.conf cinder-rtstool delete-initiator iqn.2010-10.org.openstack:volume-d438bc89-fce8-47ba-bf8f-fd79987670fc iqn.1994-05.com.redhat:cea4a155eb24
Jan 26 19:16:26.120256 np0005596550.novalocal cinder-volume[196635]: DEBUG oslo_concurrency.processutils [req-3e0c108d-6f1d-438c-8073-04164582ad4d req-b2bebbcf-a612-46b0-8183-fddd14b9babe tempest-VolumesBackupsTest-97611117 None] CMD "sudo cinder-rootwrap /etc/cinder/rootwrap.conf cinder-rtstool delete-initiator iqn.2010-10.org.openstack:volume-d438bc89-fce8-47ba-bf8f-fd79987670fc iqn.1994-05.com.redhat:cea4a155eb24" returned: 0 in 0.712s {{(pid=196635) execute /usr/local/lib/python3.12/site-packages/oslo_concurrency/processutils.py:372}}
Jan 26 19:16:26.120700 np0005596550.novalocal cinder-volume[196635]: DEBUG oslo_concurrency.lockutils [req-3e0c108d-6f1d-438c-8073-04164582ad4d req-b2bebbcf-a612-46b0-8183-fddd14b9babe tempest-VolumesBackupsTest-97611117 None] Lock "lioadm" "released" by "cinder.volume.targets.lio.LioAdm._execute" :: held 0.715s {{(pid=196635) inner /usr/local/lib/python3.12/site-packages/oslo_concurrency/lockutils.py:424}}
Jan 26 19:16:26.120966 np0005596550.novalocal cinder-volume[196635]: DEBUG oslo_concurrency.lockutils [req-3e0c108d-6f1d-438c-8073-04164582ad4d req-b2bebbcf-a612-46b0-8183-fddd14b9babe tempest-VolumesBackupsTest-97611117 None] Acquiring lock "lioadm" by "cinder.volume.targets.lio.LioAdm._execute" {{(pid=196635) inner /usr/local/lib/python3.12/site-packages/oslo_concurrency/lockutils.py:405}}
Jan 26 19:16:26.121336 np0005596550.novalocal cinder-volume[196635]: DEBUG oslo_concurrency.lockutils [req-3e0c108d-6f1d-438c-8073-04164582ad4d req-b2bebbcf-a612-46b0-8183-fddd14b9babe tempest-VolumesBackupsTest-97611117 None] Lock "lioadm" acquired by "cinder.volume.targets.lio.LioAdm._execute" :: waited 0.000s {{(pid=196635) inner /usr/local/lib/python3.12/site-packages/oslo_concurrency/lockutils.py:410}}
Jan 26 19:16:26.121688 np0005596550.novalocal cinder-volume[196635]: DEBUG oslo_concurrency.processutils [req-3e0c108d-6f1d-438c-8073-04164582ad4d req-b2bebbcf-a612-46b0-8183-fddd14b9babe tempest-VolumesBackupsTest-97611117 None] Running cmd (subprocess): sudo cinder-rootwrap /etc/cinder/rootwrap.conf cinder-rtstool save {{(pid=196635) execute /usr/local/lib/python3.12/site-packages/oslo_concurrency/processutils.py:349}}
Jan 26 19:16:26.163462 np0005596550.novalocal sudo[234007]: stack : PWD=/ ; USER=root ; COMMAND=/usr/local/bin/cinder-rootwrap /etc/cinder/rootwrap.conf cinder-rtstool save
Jan 26 19:16:26.812398 np0005596550.novalocal cinder-volume[196635]: DEBUG oslo_concurrency.processutils [req-3e0c108d-6f1d-438c-8073-04164582ad4d req-b2bebbcf-a612-46b0-8183-fddd14b9babe tempest-VolumesBackupsTest-97611117 None] CMD "sudo cinder-rootwrap /etc/cinder/rootwrap.conf cinder-rtstool save" returned: 0 in 0.688s {{(pid=196635) execute /usr/local/lib/python3.12/site-packages/oslo_concurrency/processutils.py:372}}
Jan 26 19:16:26.813605 np0005596550.novalocal cinder-volume[196635]: DEBUG oslo_concurrency.lockutils [req-3e0c108d-6f1d-438c-8073-04164582ad4d req-b2bebbcf-a612-46b0-8183-fddd14b9babe tempest-VolumesBackupsTest-97611117 None] Lock "lioadm" "released" by "cinder.volume.targets.lio.LioAdm._execute" :: held 0.691s {{(pid=196635) inner /usr/local/lib/python3.12/site-packages/oslo_concurrency/lockutils.py:424}}
Jan 26 19:16:26.814667 np0005596550.novalocal cinder-volume[196635]: INFO cinder.volume.manager [req-3e0c108d-6f1d-438c-8073-04164582ad4d req-b2bebbcf-a612-46b0-8183-fddd14b9babe tempest-VolumesBackupsTest-97611117 None] Terminate volume connection completed successfully.
Jan 26 19:16:26.814810 np0005596550.novalocal cinder-volume[196635]: DEBUG cinder.volume.manager [req-3e0c108d-6f1d-438c-8073-04164582ad4d req-b2bebbcf-a612-46b0-8183-fddd14b9babe tempest-VolumesBackupsTest-97611117 None] Deleting attachment 59fdad93-8cf6-473e-bf5c-7f2eb74495b7. {{(pid=196635) attachment_delete /opt/stack/cinder/cinder/volume/manager.py:5024}}
Jan 26 19:16:26.815483 np0005596550.novalocal cinder-volume[196635]: DEBUG oslo_concurrency.lockutils [req-3e0c108d-6f1d-438c-8073-04164582ad4d req-b2bebbcf-a612-46b0-8183-fddd14b9babe tempest-VolumesBackupsTest-97611117 None] Acquiring lock "lioadm" by "cinder.volume.targets.lio.LioAdm._execute" {{(pid=196635) inner /usr/local/lib/python3.12/site-packages/oslo_concurrency/lockutils.py:405}}
Jan 26 19:16:26.816005 np0005596550.novalocal cinder-volume[196635]: DEBUG oslo_concurrency.lockutils [req-3e0c108d-6f1d-438c-8073-04164582ad4d req-b2bebbcf-a612-46b0-8183-fddd14b9babe tempest-VolumesBackupsTest-97611117 None] Lock "lioadm" acquired by "cinder.volume.targets.lio.LioAdm._execute" :: waited 0.001s {{(pid=196635) inner /usr/local/lib/python3.12/site-packages/oslo_concurrency/lockutils.py:410}}
Jan 26 19:16:26.816438 np0005596550.novalocal cinder-volume[196635]: DEBUG oslo_concurrency.processutils [req-3e0c108d-6f1d-438c-8073-04164582ad4d req-b2bebbcf-a612-46b0-8183-fddd14b9babe tempest-VolumesBackupsTest-97611117 None] Running cmd (subprocess): sudo cinder-rootwrap /etc/cinder/rootwrap.conf cinder-rtstool get-targets {{(pid=196635) execute /usr/local/lib/python3.12/site-packages/oslo_concurrency/processutils.py:349}}
Jan 26 19:16:26.845181 np0005596550.novalocal sudo[234019]: stack : PWD=/ ; USER=root ; COMMAND=/usr/local/bin/cinder-rootwrap /etc/cinder/rootwrap.conf cinder-rtstool get-targets
Jan 26 19:16:27.495962 np0005596550.novalocal cinder-volume[196635]: DEBUG oslo_concurrency.processutils [req-3e0c108d-6f1d-438c-8073-04164582ad4d req-b2bebbcf-a612-46b0-8183-fddd14b9babe tempest-VolumesBackupsTest-97611117 None] CMD "sudo cinder-rootwrap /etc/cinder/rootwrap.conf cinder-rtstool get-targets" returned: 0 in 0.679s {{(pid=196635) execute /usr/local/lib/python3.12/site-packages/oslo_concurrency/processutils.py:372}}
Jan 26 19:16:27.496389 np0005596550.novalocal cinder-volume[196635]: DEBUG oslo_concurrency.lockutils [req-3e0c108d-6f1d-438c-8073-04164582ad4d req-b2bebbcf-a612-46b0-8183-fddd14b9babe tempest-VolumesBackupsTest-97611117 None] Lock "lioadm" "released" by "cinder.volume.targets.lio.LioAdm._execute" :: held 0.680s {{(pid=196635) inner /usr/local/lib/python3.12/site-packages/oslo_concurrency/lockutils.py:424}}
Jan 26 19:16:27.496610 np0005596550.novalocal cinder-volume[196635]: INFO cinder.volume.targets.lio [req-3e0c108d-6f1d-438c-8073-04164582ad4d req-b2bebbcf-a612-46b0-8183-fddd14b9babe tempest-VolumesBackupsTest-97611117 None] Removing iscsi_target: d438bc89-fce8-47ba-bf8f-fd79987670fc
Jan 26 19:16:27.496749 np0005596550.novalocal cinder-volume[196635]: DEBUG oslo_concurrency.lockutils [req-3e0c108d-6f1d-438c-8073-04164582ad4d req-b2bebbcf-a612-46b0-8183-fddd14b9babe tempest-VolumesBackupsTest-97611117 None] Acquiring lock "lioadm" by "cinder.volume.targets.lio.LioAdm._execute" {{(pid=196635) inner /usr/local/lib/python3.12/site-packages/oslo_concurrency/lockutils.py:405}}
Jan 26 19:16:27.502715 np0005596550.novalocal cinder-volume[196635]: DEBUG oslo_concurrency.lockutils [req-3e0c108d-6f1d-438c-8073-04164582ad4d req-b2bebbcf-a612-46b0-8183-fddd14b9babe tempest-VolumesBackupsTest-97611117 None] Lock "lioadm" acquired by "cinder.volume.targets.lio.LioAdm._execute" :: waited 0.006s {{(pid=196635) inner /usr/local/lib/python3.12/site-packages/oslo_concurrency/lockutils.py:410}}
Jan 26 19:16:27.503150 np0005596550.novalocal cinder-volume[196635]: DEBUG oslo_concurrency.processutils [req-3e0c108d-6f1d-438c-8073-04164582ad4d req-b2bebbcf-a612-46b0-8183-fddd14b9babe tempest-VolumesBackupsTest-97611117 None] Running cmd (subprocess): sudo cinder-rootwrap /etc/cinder/rootwrap.conf cinder-rtstool delete iqn.2010-10.org.openstack:volume-d438bc89-fce8-47ba-bf8f-fd79987670fc {{(pid=196635) execute /usr/local/lib/python3.12/site-packages/oslo_concurrency/processutils.py:349}}
Jan 26 19:16:27.531859 np0005596550.novalocal sudo[234025]: stack : PWD=/ ; USER=root ; COMMAND=/usr/local/bin/cinder-rootwrap /etc/cinder/rootwrap.conf cinder-rtstool delete iqn.2010-10.org.openstack:volume-d438bc89-fce8-47ba-bf8f-fd79987670fc
Jan 26 19:16:28.128300 np0005596550.novalocal cinder-volume[196635]: DEBUG oslo_concurrency.processutils [req-3e0c108d-6f1d-438c-8073-04164582ad4d req-b2bebbcf-a612-46b0-8183-fddd14b9babe tempest-VolumesBackupsTest-97611117 None] CMD "sudo cinder-rootwrap /etc/cinder/rootwrap.conf cinder-rtstool delete iqn.2010-10.org.openstack:volume-d438bc89-fce8-47ba-bf8f-fd79987670fc" returned: 0 in 0.621s {{(pid=196635) execute /usr/local/lib/python3.12/site-packages/oslo_concurrency/processutils.py:372}}
Jan 26 19:16:28.129182 np0005596550.novalocal cinder-volume[196635]: DEBUG oslo_concurrency.lockutils [req-3e0c108d-6f1d-438c-8073-04164582ad4d req-b2bebbcf-a612-46b0-8183-fddd14b9babe tempest-VolumesBackupsTest-97611117 None] Lock "lioadm" "released" by "cinder.volume.targets.lio.LioAdm._execute" :: held 0.626s {{(pid=196635) inner /usr/local/lib/python3.12/site-packages/oslo_concurrency/lockutils.py:424}}
Jan 26 19:16:28.132725 np0005596550.novalocal cinder-volume[196635]: DEBUG oslo_concurrency.lockutils [req-3e0c108d-6f1d-438c-8073-04164582ad4d req-b2bebbcf-a612-46b0-8183-fddd14b9babe tempest-VolumesBackupsTest-97611117 None] Acquiring lock "lioadm" by "cinder.volume.targets.lio.LioAdm._execute" {{(pid=196635) inner /usr/local/lib/python3.12/site-packages/oslo_concurrency/lockutils.py:405}}
Jan 26 19:16:28.133363 np0005596550.novalocal cinder-volume[196635]: DEBUG oslo_concurrency.lockutils [req-3e0c108d-6f1d-438c-8073-04164582ad4d req-b2bebbcf-a612-46b0-8183-fddd14b9babe tempest-VolumesBackupsTest-97611117 None] Lock "lioadm" acquired by "cinder.volume.targets.lio.LioAdm._execute" :: waited 0.004s {{(pid=196635) inner /usr/local/lib/python3.12/site-packages/oslo_concurrency/lockutils.py:410}}
Jan 26 19:16:28.134810 np0005596550.novalocal cinder-volume[196635]: DEBUG oslo_concurrency.processutils [req-3e0c108d-6f1d-438c-8073-04164582ad4d req-b2bebbcf-a612-46b0-8183-fddd14b9babe tempest-VolumesBackupsTest-97611117 None] Running cmd (subprocess): sudo cinder-rootwrap /etc/cinder/rootwrap.conf cinder-rtstool save {{(pid=196635) execute /usr/local/lib/python3.12/site-packages/oslo_concurrency/processutils.py:349}}
Jan 26 19:16:28.162076 np0005596550.novalocal sudo[234037]: stack : PWD=/ ; USER=root ; COMMAND=/usr/local/bin/cinder-rootwrap /etc/cinder/rootwrap.conf cinder-rtstool save
Jan 26 19:16:28.746195 np0005596550.novalocal cinder-volume[196635]: DEBUG oslo_concurrency.processutils [req-3e0c108d-6f1d-438c-8073-04164582ad4d req-b2bebbcf-a612-46b0-8183-fddd14b9babe tempest-VolumesBackupsTest-97611117 None] CMD "sudo cinder-rootwrap /etc/cinder/rootwrap.conf cinder-rtstool save" returned: 0 in 0.612s {{(pid=196635) execute /usr/local/lib/python3.12/site-packages/oslo_concurrency/processutils.py:372}}
Jan 26 19:16:28.746915 np0005596550.novalocal cinder-volume[196635]: DEBUG oslo_concurrency.lockutils [req-3e0c108d-6f1d-438c-8073-04164582ad4d req-b2bebbcf-a612-46b0-8183-fddd14b9babe tempest-VolumesBackupsTest-97611117 None] Lock "lioadm" "released" by "cinder.volume.targets.lio.LioAdm._execute" :: held 0.613s {{(pid=196635) inner /usr/local/lib/python3.12/site-packages/oslo_concurrency/lockutils.py:424}}
Jan 26 19:16:35.401618 np0005596550.novalocal cinder-volume[196635]: DEBUG dbcounter [-] [196635] Writing DB stats cinder:SELECT=7,cinder:UPDATE=9 {{(pid=196635) stat_writer /usr/local/lib/python3.12/site-packages/dbcounter.py:115}}
Jan 26 19:16:35.405483 np0005596550.novalocal cinder-volume[196635]: DEBUG dbcounter [-] [196635] Writing DB stats cinder:SELECT=15,cinder:INSERT=2,cinder:UPDATE=13 {{(pid=196635) stat_writer /usr/local/lib/python3.12/site-packages/dbcounter.py:115}}
Jan 26 19:16:37.277664 np0005596550.novalocal cinder-volume[196635]: DEBUG cinder.coordination [None req-21be823b-6991-460f-839d-17e7470fa32f tempest-VolumesBackupsTest-97611117 None] Acquiring lock "cinder-d438bc89-fce8-47ba-bf8f-fd79987670fc-delete_volume" by "delete_volume" {{(pid=196635) __acquire /opt/stack/cinder/cinder/coordination.py:143}}
Jan 26 19:16:37.286334 np0005596550.novalocal cinder-volume[196635]: DEBUG cinder.coordination [None req-21be823b-6991-460f-839d-17e7470fa32f tempest-VolumesBackupsTest-97611117 None] Lock "cinder-d438bc89-fce8-47ba-bf8f-fd79987670fc-delete_volume" acquired by "delete_volume" :: waited 0.008s {{(pid=196635) __acquire /opt/stack/cinder/cinder/coordination.py:146}}
Jan 26 19:16:37.308984 np0005596550.novalocal cinder-volume[196635]: DEBUG oslo_concurrency.lockutils [None req-21be823b-6991-460f-839d-17e7470fa32f tempest-VolumesBackupsTest-97611117 None] Acquiring lock "lioadm" by "cinder.volume.targets.lio.LioAdm._execute" {{(pid=196635) inner /usr/local/lib/python3.12/site-packages/oslo_concurrency/lockutils.py:405}}
Jan 26 19:16:37.309472 np0005596550.novalocal cinder-volume[196635]: DEBUG oslo_concurrency.lockutils [None req-21be823b-6991-460f-839d-17e7470fa32f tempest-VolumesBackupsTest-97611117 None] Lock "lioadm" acquired by "cinder.volume.targets.lio.LioAdm._execute" :: waited 0.001s {{(pid=196635) inner /usr/local/lib/python3.12/site-packages/oslo_concurrency/lockutils.py:410}}
Jan 26 19:16:37.309964 np0005596550.novalocal cinder-volume[196635]: DEBUG oslo_concurrency.processutils [None req-21be823b-6991-460f-839d-17e7470fa32f tempest-VolumesBackupsTest-97611117 None] Running cmd (subprocess): sudo cinder-rootwrap /etc/cinder/rootwrap.conf cinder-rtstool get-targets {{(pid=196635) execute /usr/local/lib/python3.12/site-packages/oslo_concurrency/processutils.py:349}}
Jan 26 19:16:37.336340 np0005596550.novalocal sudo[234162]: stack : PWD=/ ; USER=root ; COMMAND=/usr/local/bin/cinder-rootwrap /etc/cinder/rootwrap.conf cinder-rtstool get-targets
Jan 26 19:16:37.968407 np0005596550.novalocal cinder-volume[196635]: DEBUG oslo_concurrency.processutils [None req-21be823b-6991-460f-839d-17e7470fa32f tempest-VolumesBackupsTest-97611117 None] CMD "sudo cinder-rootwrap /etc/cinder/rootwrap.conf cinder-rtstool get-targets" returned: 0 in 0.658s {{(pid=196635) execute /usr/local/lib/python3.12/site-packages/oslo_concurrency/processutils.py:372}}
Jan 26 19:16:37.969017 np0005596550.novalocal cinder-volume[196635]: DEBUG oslo_concurrency.lockutils [None req-21be823b-6991-460f-839d-17e7470fa32f tempest-VolumesBackupsTest-97611117 None] Lock "lioadm" "released" by "cinder.volume.targets.lio.LioAdm._execute" :: held 0.659s {{(pid=196635) inner /usr/local/lib/python3.12/site-packages/oslo_concurrency/lockutils.py:424}}
Jan 26 19:16:37.969388 np0005596550.novalocal cinder-volume[196635]: INFO cinder.volume.targets.iscsi [None req-21be823b-6991-460f-839d-17e7470fa32f tempest-VolumesBackupsTest-97611117 None] Skipping remove_export. No iscsi_target is presently exported for volume: d438bc89-fce8-47ba-bf8f-fd79987670fc
Jan 26 19:16:37.970430 np0005596550.novalocal cinder-volume[196635]: DEBUG oslo_concurrency.processutils [None req-21be823b-6991-460f-839d-17e7470fa32f tempest-VolumesBackupsTest-97611117 None] Running cmd (subprocess): sudo cinder-rootwrap /etc/cinder/rootwrap.conf env LC_ALL=C lvs --noheadings --unit=g -o vg_name,name,size --nosuffix --readonly stack-volumes-lvmdriver-1/volume-d438bc89-fce8-47ba-bf8f-fd79987670fc {{(pid=196635) execute /usr/local/lib/python3.12/site-packages/oslo_concurrency/processutils.py:349}}
Jan 26 19:16:38.002737 np0005596550.novalocal sudo[234172]: stack : PWD=/ ; USER=root ; COMMAND=/usr/local/bin/cinder-rootwrap /etc/cinder/rootwrap.conf env LC_ALL=C lvs --noheadings --unit=g -o vg_name,name,size --nosuffix --readonly stack-volumes-lvmdriver-1/volume-d438bc89-fce8-47ba-bf8f-fd79987670fc
Jan 26 19:16:38.431215 np0005596550.novalocal cinder-volume[196635]: DEBUG oslo_concurrency.processutils [None req-21be823b-6991-460f-839d-17e7470fa32f tempest-VolumesBackupsTest-97611117 None] CMD "sudo cinder-rootwrap /etc/cinder/rootwrap.conf env LC_ALL=C lvs --noheadings --unit=g -o vg_name,name,size --nosuffix --readonly stack-volumes-lvmdriver-1/volume-d438bc89-fce8-47ba-bf8f-fd79987670fc" returned: 0 in 0.460s {{(pid=196635) execute /usr/local/lib/python3.12/site-packages/oslo_concurrency/processutils.py:372}}
Jan 26 19:16:38.452519 np0005596550.novalocal cinder-volume[196635]: DEBUG oslo_concurrency.processutils [None req-21be823b-6991-460f-839d-17e7470fa32f tempest-VolumesBackupsTest-97611117 None] Running cmd (subprocess): sudo cinder-rootwrap /etc/cinder/rootwrap.conf env LC_ALL=C lvdisplay --noheading -C -o Attr --readonly stack-volumes-lvmdriver-1/volume-d438bc89-fce8-47ba-bf8f-fd79987670fc {{(pid=196635) execute /usr/local/lib/python3.12/site-packages/oslo_concurrency/processutils.py:349}}
Jan 26 19:16:38.489913 np0005596550.novalocal sudo[234219]: stack : PWD=/ ; USER=root ; COMMAND=/usr/local/bin/cinder-rootwrap /etc/cinder/rootwrap.conf env LC_ALL=C lvdisplay --noheading -C -o Attr --readonly stack-volumes-lvmdriver-1/volume-d438bc89-fce8-47ba-bf8f-fd79987670fc
