Jan 26 19:18:22.152068 np0005596550.novalocal cinder-volume[196635]: DEBUG cinder.volume.flows.manager.create_volume [None req-d641bd33-2ffe-4816-a1c6-9eaaa4ab83e4 tempest-VolumesExtendTest-1777267077 None] Creating from source image-volume db1bd902-110d-4c5c-b51c-e592df60253c {{(pid=196635) _create_from_image_cache /opt/stack/cinder/cinder/volume/flows/manager/create_volume.py:850}}
Jan 26 19:18:22.160108 np0005596550.novalocal cinder-volume[196635]: DEBUG oslo_concurrency.processutils [None req-d641bd33-2ffe-4816-a1c6-9eaaa4ab83e4 tempest-VolumesExtendTest-1777267077 None] Running cmd (subprocess): sudo cinder-rootwrap /etc/cinder/rootwrap.conf env LC_ALL=C lvs --noheadings --unit=g -o vg_name,name,size --nosuffix --readonly stack-volumes-lvmdriver-1/volume-db1bd902-110d-4c5c-b51c-e592df60253c {{(pid=196635) execute /usr/local/lib/python3.12/site-packages/oslo_concurrency/processutils.py:349}}
Jan 26 19:18:22.191383 np0005596550.novalocal sudo[235787]: stack : PWD=/ ; USER=root ; COMMAND=/usr/local/bin/cinder-rootwrap /etc/cinder/rootwrap.conf env LC_ALL=C lvs --noheadings --unit=g -o vg_name,name,size --nosuffix --readonly stack-volumes-lvmdriver-1/volume-db1bd902-110d-4c5c-b51c-e592df60253c
Jan 26 19:18:22.543661 np0005596550.novalocal cinder-volume[196635]: DEBUG oslo_concurrency.processutils [None req-d641bd33-2ffe-4816-a1c6-9eaaa4ab83e4 tempest-VolumesExtendTest-1777267077 None] CMD "sudo cinder-rootwrap /etc/cinder/rootwrap.conf env LC_ALL=C lvs --noheadings --unit=g -o vg_name,name,size --nosuffix --readonly stack-volumes-lvmdriver-1/volume-db1bd902-110d-4c5c-b51c-e592df60253c" returned: 0 in 0.379s {{(pid=196635) execute /usr/local/lib/python3.12/site-packages/oslo_concurrency/processutils.py:372}}
Jan 26 19:18:22.545444 np0005596550.novalocal cinder-volume[196635]: DEBUG oslo_concurrency.processutils [None req-d641bd33-2ffe-4816-a1c6-9eaaa4ab83e4 tempest-VolumesExtendTest-1777267077 None] Running cmd (subprocess): sudo cinder-rootwrap /etc/cinder/rootwrap.conf env LC_ALL=C lvcreate --name volume-ce6b6167-0dc9-45f5-9ce5-3ffa19db1005 --snapshot stack-volumes-lvmdriver-1/volume-db1bd902-110d-4c5c-b51c-e592df60253c {{(pid=196635) execute /usr/local/lib/python3.12/site-packages/oslo_concurrency/processutils.py:349}}
Jan 26 19:18:22.583089 np0005596550.novalocal sudo[235793]: stack : PWD=/ ; USER=root ; COMMAND=/usr/local/bin/cinder-rootwrap /etc/cinder/rootwrap.conf env LC_ALL=C lvcreate --name volume-ce6b6167-0dc9-45f5-9ce5-3ffa19db1005 --snapshot stack-volumes-lvmdriver-1/volume-db1bd902-110d-4c5c-b51c-e592df60253c
Jan 26 19:18:23.185135 np0005596550.novalocal cinder-volume[196635]: DEBUG oslo_concurrency.processutils [None req-d641bd33-2ffe-4816-a1c6-9eaaa4ab83e4 tempest-VolumesExtendTest-1777267077 None] CMD "sudo cinder-rootwrap /etc/cinder/rootwrap.conf env LC_ALL=C lvcreate --name volume-ce6b6167-0dc9-45f5-9ce5-3ffa19db1005 --snapshot stack-volumes-lvmdriver-1/volume-db1bd902-110d-4c5c-b51c-e592df60253c" returned: 0 in 0.637s {{(pid=196635) execute /usr/local/lib/python3.12/site-packages/oslo_concurrency/processutils.py:372}}
Jan 26 19:18:23.185846 np0005596550.novalocal cinder-volume[196635]: DEBUG oslo_concurrency.processutils [None req-d641bd33-2ffe-4816-a1c6-9eaaa4ab83e4 tempest-VolumesExtendTest-1777267077 None] Running cmd (subprocess): sudo cinder-rootwrap /etc/cinder/rootwrap.conf lvchange -a y --yes -k n stack-volumes-lvmdriver-1/volume-ce6b6167-0dc9-45f5-9ce5-3ffa19db1005 {{(pid=196635) execute /usr/local/lib/python3.12/site-packages/oslo_concurrency/processutils.py:349}}
Jan 26 19:18:23.223872 np0005596550.novalocal sudo[235805]: stack : PWD=/ ; USER=root ; COMMAND=/usr/local/bin/cinder-rootwrap /etc/cinder/rootwrap.conf lvchange -a y --yes -k n stack-volumes-lvmdriver-1/volume-ce6b6167-0dc9-45f5-9ce5-3ffa19db1005
Jan 26 19:18:23.691318 np0005596550.novalocal cinder-volume[196635]: DEBUG oslo_concurrency.processutils [None req-d641bd33-2ffe-4816-a1c6-9eaaa4ab83e4 tempest-VolumesExtendTest-1777267077 None] CMD "sudo cinder-rootwrap /etc/cinder/rootwrap.conf lvchange -a y --yes -k n stack-volumes-lvmdriver-1/volume-ce6b6167-0dc9-45f5-9ce5-3ffa19db1005" returned: 0 in 0.504s {{(pid=196635) execute /usr/local/lib/python3.12/site-packages/oslo_concurrency/processutils.py:372}}
Jan 26 19:18:23.691960 np0005596550.novalocal cinder-volume[196635]: DEBUG cinder.volume.volume_utils [None req-d641bd33-2ffe-4816-a1c6-9eaaa4ab83e4 tempest-VolumesExtendTest-1777267077 None] Marking volume ce6b6167-0dc9-45f5-9ce5-3ffa19db1005 as bootable. {{(pid=196635) enable_bootable_flag /opt/stack/cinder/cinder/volume/volume_utils.py:1138}}
Jan 26 19:18:23.703926 np0005596550.novalocal cinder-volume[196635]: DEBUG cinder.volume.flows.manager.create_volume [None req-d641bd33-2ffe-4816-a1c6-9eaaa4ab83e4 tempest-VolumesExtendTest-1777267077 None] Copying metadata from image 83e5abfe-72a8-4364-96d1-e39a77cf888f to ce6b6167-0dc9-45f5-9ce5-3ffa19db1005. {{(pid=196635) _handle_bootable_volume_glance_meta /opt/stack/cinder/cinder/volume/flows/manager/create_volume.py:450}}
Jan 26 19:18:23.704553 np0005596550.novalocal cinder-volume[196635]: DEBUG cinder.volume.flows.manager.create_volume [None req-d641bd33-2ffe-4816-a1c6-9eaaa4ab83e4 tempest-VolumesExtendTest-1777267077 None] Creating volume glance metadata for volume ce6b6167-0dc9-45f5-9ce5-3ffa19db1005 backed by image 83e5abfe-72a8-4364-96d1-e39a77cf888f with: {'hw_rng_model': 'virtio', 'owner_specified.openstack.md5': '', 'owner_specified.openstack.sha256': '', 'owner_specified.openstack.object': 'images/cirros-0.6.3-x86_64-disk', 'os_glance_importing_to_stores': '', 'os_glance_failed_import': '', 'image_id': '83e5abfe-72a8-4364-96d1-e39a77cf888f', 'image_name': 'cirros-0.6.3-x86_64-disk', 'checksum': '87617e24a5e30cb3b87fda8c0764838f', 'container_format': 'bare', 'disk_format': 'qcow2', 'min_disk': 0, 'min_ram': 0, 'size': 21692416}. {{(pid=196635) _capture_volume_image_metadata /opt/stack/cinder/cinder/volume/flows/manager/create_volume.py:682}}
Jan 26 19:18:23.741007 np0005596550.novalocal cinder-volume[196635]: DEBUG cinder.volume.manager [None req-d641bd33-2ffe-4816-a1c6-9eaaa4ab83e4 tempest-VolumesExtendTest-1777267077 None] Task 'cinder.volume.flows.manager.create_volume.CreateVolumeFromSpecTask;volume:create' (c72f0cf2-8f6f-4d65-acd1-ef00d1ea261b) transitioned into state 'SUCCESS' from state 'RUNNING' with result '{'status': 'creating', 'volume_name': 'volume-ce6b6167-0dc9-45f5-9ce5-3ffa19db1005', 'volume_size': 1, 'image_id': '83e5abfe-72a8-4364-96d1-e39a77cf888f', 'image_location': (None, [{'url': 'swift+config://ref1/glance/83e5abfe-72a8-4364-96d1-e39a77cf888f', 'metadata': {}}]), 'image_meta': {'name': 'cirros-0.6.3-x86_64-disk', 'disk_format': 'qcow2', 'container_format': 'bare', 'visibility': 'public', 'size': 21692416, 'virtual_size': 117440512, 'status': 'active', 'checksum': '87617e24a5e30cb3b87fda8c0764838f', 'protected': False, 'min_ram': 0, 'min_disk': 0, 'owner': '51b7780042c64addb52fb6fe9587a219', 'os_hidden': False, 'os_hash_algo': 'sha512', 'os_hash_value': '9a9bce0083a00939ec17c11febbfc767aa211aaa54f51e75c5a8b271a9b5637c77205a518b7a2007cb391d23cceb01e0e4e8d64832317151bc85b734b92a7be0', 'id': '83e5abfe-72a8-4364-96d1-e39a77cf888f', 'created_at': datetime.datetime(2026, 1, 26, 23, 49, 32, tzinfo=datetime.timezone.utc), 'updated_at': datetime.datetime(2026, 1, 26, 23, 49, 35, tzinfo=datetime.timezone.utc), 'tags': [], 'file': '/v2/images/83e5abfe-72a8-4364-96d1-e39a77cf888f/file', 'properties': {'hw_rng_model': 'virtio', 'owner_specified.openstack.md5': '', 'owner_specified.openstack.sha256': '', 'owner_specified.openstack.object': 'images/cirros-0.6.3-x86_64-disk', 'os_glance_importing_to_stores': '', 'os_glance_failed_import': ''}}, 'image_service': }' {{(pid=196635) _task_receiver /usr/local/lib/python3.12/site-packages/taskflow/listeners/logging.py:182}}
Jan 26 19:18:23.742795 np0005596550.novalocal cinder-volume[196635]: DEBUG cinder.volume.manager [None req-d641bd33-2ffe-4816-a1c6-9eaaa4ab83e4 tempest-VolumesExtendTest-1777267077 None] Task 'cinder.volume.flows.manager.create_volume.CreateVolumeOnFinishTask;volume:create, create.end' (4fede833-a983-4628-83c3-fe392e743476) transitioned into state 'RUNNING' from state 'PENDING' {{(pid=196635) _task_receiver /usr/local/lib/python3.12/site-packages/taskflow/listeners/logging.py:194}}
Jan 26 19:18:23.749596 np0005596550.novalocal cinder-volume[196635]: INFO cinder.volume.flows.manager.create_volume [None req-d641bd33-2ffe-4816-a1c6-9eaaa4ab83e4 tempest-VolumesExtendTest-1777267077 None] Volume volume-ce6b6167-0dc9-45f5-9ce5-3ffa19db1005 (ce6b6167-0dc9-45f5-9ce5-3ffa19db1005): created successfully
Jan 26 19:18:23.751189 np0005596550.novalocal cinder-volume[196635]: DEBUG cinder.volume.manager [None req-d641bd33-2ffe-4816-a1c6-9eaaa4ab83e4 tempest-VolumesExtendTest-1777267077 None] Task 'cinder.volume.flows.manager.create_volume.CreateVolumeOnFinishTask;volume:create, create.end' (4fede833-a983-4628-83c3-fe392e743476) transitioned into state 'SUCCESS' from state 'RUNNING' with result 'None' {{(pid=196635) _task_receiver /usr/local/lib/python3.12/site-packages/taskflow/listeners/logging.py:182}}
Jan 26 19:18:23.753451 np0005596550.novalocal cinder-volume[196635]: DEBUG cinder.volume.manager [None req-d641bd33-2ffe-4816-a1c6-9eaaa4ab83e4 tempest-VolumesExtendTest-1777267077 None] Flow 'volume_create_manager' (17f25393-81a5-4a6b-a55f-254ea4713ace) transitioned into state 'SUCCESS' from state 'RUNNING' {{(pid=196635) _flow_receiver /usr/local/lib/python3.12/site-packages/taskflow/listeners/logging.py:145}}
Jan 26 19:18:23.758455 np0005596550.novalocal cinder-volume[196635]: INFO cinder.volume.manager [None req-d641bd33-2ffe-4816-a1c6-9eaaa4ab83e4 tempest-VolumesExtendTest-1777267077 None] Created volume successfully.
Jan 26 19:18:24.130799 np0005596550.novalocal cinder-volume[196635]: DEBUG oslo_concurrency.processutils [None req-68c941d6-9a99-4bf4-a0ad-7c910d3e3198 tempest-VolumesExtendTest-1777267077 None] Running cmd (subprocess): sudo cinder-rootwrap /etc/cinder/rootwrap.conf env LC_ALL=C lvdisplay --noheading -C -o Attr --readonly stack-volumes-lvmdriver-1/volume-ce6b6167-0dc9-45f5-9ce5-3ffa19db1005 {{(pid=196635) execute /usr/local/lib/python3.12/site-packages/oslo_concurrency/processutils.py:349}}
Jan 26 19:18:24.167258 np0005596550.novalocal sudo[235818]: stack : PWD=/ ; USER=root ; COMMAND=/usr/local/bin/cinder-rootwrap /etc/cinder/rootwrap.conf env LC_ALL=C lvdisplay --noheading -C -o Attr --readonly stack-volumes-lvmdriver-1/volume-ce6b6167-0dc9-45f5-9ce5-3ffa19db1005
Jan 26 19:18:24.574668 np0005596550.novalocal cinder-volume[196635]: DEBUG oslo_concurrency.processutils [None req-68c941d6-9a99-4bf4-a0ad-7c910d3e3198 tempest-VolumesExtendTest-1777267077 None] CMD "sudo cinder-rootwrap /etc/cinder/rootwrap.conf env LC_ALL=C lvdisplay --noheading -C -o Attr --readonly stack-volumes-lvmdriver-1/volume-ce6b6167-0dc9-45f5-9ce5-3ffa19db1005" returned: 0 in 0.443s {{(pid=196635) execute /usr/local/lib/python3.12/site-packages/oslo_concurrency/processutils.py:372}}
Jan 26 19:18:24.580618 np0005596550.novalocal cinder-volume[196635]: DEBUG oslo_concurrency.processutils [None req-68c941d6-9a99-4bf4-a0ad-7c910d3e3198 tempest-VolumesExtendTest-1777267077 None] Running cmd (subprocess): sudo cinder-rootwrap /etc/cinder/rootwrap.conf env LC_ALL=C lvextend -L 2g stack-volumes-lvmdriver-1/volume-ce6b6167-0dc9-45f5-9ce5-3ffa19db1005 {{(pid=196635) execute /usr/local/lib/python3.12/site-packages/oslo_concurrency/processutils.py:349}}
Jan 26 19:18:24.609358 np0005596550.novalocal sudo[235825]: stack : PWD=/ ; USER=root ; COMMAND=/usr/local/bin/cinder-rootwrap /etc/cinder/rootwrap.conf env LC_ALL=C lvextend -L 2g stack-volumes-lvmdriver-1/volume-ce6b6167-0dc9-45f5-9ce5-3ffa19db1005
Jan 26 19:18:25.195169 np0005596550.novalocal cinder-volume[196635]: DEBUG oslo_concurrency.processutils [None req-68c941d6-9a99-4bf4-a0ad-7c910d3e3198 tempest-VolumesExtendTest-1777267077 None] CMD "sudo cinder-rootwrap /etc/cinder/rootwrap.conf env LC_ALL=C lvextend -L 2g stack-volumes-lvmdriver-1/volume-ce6b6167-0dc9-45f5-9ce5-3ffa19db1005" returned: 0 in 0.614s {{(pid=196635) execute /usr/local/lib/python3.12/site-packages/oslo_concurrency/processutils.py:372}}
Jan 26 19:18:25.228260 np0005596550.novalocal cinder-volume[196635]: INFO cinder.volume.manager [None req-68c941d6-9a99-4bf4-a0ad-7c910d3e3198 tempest-VolumesExtendTest-1777267077 None] Extend volume completed successfully.
Jan 26 19:18:26.396628 np0005596550.novalocal cinder-volume[196635]: DEBUG cinder.coordination [None req-ca2addba-56e3-4df3-9a9e-fc9a616048f5 tempest-VolumesExtendTest-1777267077 None] Acquiring lock "cinder-ce6b6167-0dc9-45f5-9ce5-3ffa19db1005-delete_volume" by "delete_volume" {{(pid=196635) __acquire /opt/stack/cinder/cinder/coordination.py:143}}
Jan 26 19:18:26.402386 np0005596550.novalocal cinder-volume[196635]: DEBUG cinder.coordination [None req-ca2addba-56e3-4df3-9a9e-fc9a616048f5 tempest-VolumesExtendTest-1777267077 None] Lock "cinder-ce6b6167-0dc9-45f5-9ce5-3ffa19db1005-delete_volume" acquired by "delete_volume" :: waited 0.006s {{(pid=196635) __acquire /opt/stack/cinder/cinder/coordination.py:146}}
Jan 26 19:18:26.432825 np0005596550.novalocal cinder-volume[196635]: INFO cinder.volume.targets.iscsi [None req-ca2addba-56e3-4df3-9a9e-fc9a616048f5 tempest-VolumesExtendTest-1777267077 None] Skipping remove_export. No iscsi_target is presently exported for volume: ce6b6167-0dc9-45f5-9ce5-3ffa19db1005
Jan 26 19:18:26.432919 np0005596550.novalocal cinder-volume[196635]: DEBUG oslo_concurrency.processutils [None req-ca2addba-56e3-4df3-9a9e-fc9a616048f5 tempest-VolumesExtendTest-1777267077 None] Running cmd (subprocess): sudo cinder-rootwrap /etc/cinder/rootwrap.conf env LC_ALL=C lvs --noheadings --unit=g -o vg_name,name,size --nosuffix --readonly stack-volumes-lvmdriver-1/volume-ce6b6167-0dc9-45f5-9ce5-3ffa19db1005 {{(pid=196635) execute /usr/local/lib/python3.12/site-packages/oslo_concurrency/processutils.py:349}}
Jan 26 19:18:26.474635 np0005596550.novalocal sudo[235872]: stack : PWD=/ ; USER=root ; COMMAND=/usr/local/bin/cinder-rootwrap /etc/cinder/rootwrap.conf env LC_ALL=C lvs --noheadings --unit=g -o vg_name,name,size --nosuffix --readonly stack-volumes-lvmdriver-1/volume-ce6b6167-0dc9-45f5-9ce5-3ffa19db1005
Jan 26 19:18:26.900466 np0005596550.novalocal cinder-volume[196635]: DEBUG oslo_concurrency.processutils [None req-ca2addba-56e3-4df3-9a9e-fc9a616048f5 tempest-VolumesExtendTest-1777267077 None] CMD "sudo cinder-rootwrap /etc/cinder/rootwrap.conf env LC_ALL=C lvs --noheadings --unit=g -o vg_name,name,size --nosuffix --readonly stack-volumes-lvmdriver-1/volume-ce6b6167-0dc9-45f5-9ce5-3ffa19db1005" returned: 0 in 0.466s {{(pid=196635) execute /usr/local/lib/python3.12/site-packages/oslo_concurrency/processutils.py:372}}
Jan 26 19:18:26.902185 np0005596550.novalocal cinder-volume[196635]: DEBUG oslo_concurrency.processutils [None req-ca2addba-56e3-4df3-9a9e-fc9a616048f5 tempest-VolumesExtendTest-1777267077 None] Running cmd (subprocess): sudo cinder-rootwrap /etc/cinder/rootwrap.conf env LC_ALL=C lvdisplay --noheading -C -o Attr --readonly stack-volumes-lvmdriver-1/volume-ce6b6167-0dc9-45f5-9ce5-3ffa19db1005 {{(pid=196635) execute /usr/local/lib/python3.12/site-packages/oslo_concurrency/processutils.py:349}}
Jan 26 19:18:26.937035 np0005596550.novalocal sudo[235877]: stack : PWD=/ ; USER=root ; COMMAND=/usr/local/bin/cinder-rootwrap /etc/cinder/rootwrap.conf env LC_ALL=C lvdisplay --noheading -C -o Attr --readonly stack-volumes-lvmdriver-1/volume-ce6b6167-0dc9-45f5-9ce5-3ffa19db1005
Jan 26 19:18:27.340638 np0005596550.novalocal cinder-volume[196635]: DEBUG oslo_concurrency.processutils [None req-ca2addba-56e3-4df3-9a9e-fc9a616048f5 tempest-VolumesExtendTest-1777267077 None] CMD "sudo cinder-rootwrap /etc/cinder/rootwrap.conf env LC_ALL=C lvdisplay --noheading -C -o Attr --readonly stack-volumes-lvmdriver-1/volume-ce6b6167-0dc9-45f5-9ce5-3ffa19db1005" returned: 0 in 0.436s {{(pid=196635) execute /usr/local/lib/python3.12/site-packages/oslo_concurrency/processutils.py:372}}
Jan 26 19:18:27.346892 np0005596550.novalocal cinder-volume[196635]: DEBUG oslo_concurrency.processutils [None req-ca2addba-56e3-4df3-9a9e-fc9a616048f5 tempest-VolumesExtendTest-1777267077 None] Running cmd (subprocess): sudo cinder-rootwrap /etc/cinder/rootwrap.conf lvremove --config activation { retry_deactivation = 1} -f stack-volumes-lvmdriver-1/volume-ce6b6167-0dc9-45f5-9ce5-3ffa19db1005 {{(pid=196635) execute /usr/local/lib/python3.12/site-packages/oslo_concurrency/processutils.py:349}}
Jan 26 19:18:27.373513 np0005596550.novalocal sudo[235882]: stack : PWD=/ ; USER=root ; COMMAND=/usr/local/bin/cinder-rootwrap /etc/cinder/rootwrap.conf lvremove --config 'activation { retry_deactivation = 1} ' -f stack-volumes-lvmdriver-1/volume-ce6b6167-0dc9-45f5-9ce5-3ffa19db1005
Jan 26 19:18:27.892397 np0005596550.novalocal cinder-volume[196635]: DEBUG oslo_concurrency.processutils [None req-ca2addba-56e3-4df3-9a9e-fc9a616048f5 tempest-VolumesExtendTest-1777267077 None] CMD "sudo cinder-rootwrap /etc/cinder/rootwrap.conf lvremove --config activation { retry_deactivation = 1} -f stack-volumes-lvmdriver-1/volume-ce6b6167-0dc9-45f5-9ce5-3ffa19db1005" returned: 0 in 0.542s {{(pid=196635) execute /usr/local/lib/python3.12/site-packages/oslo_concurrency/processutils.py:372}}
Jan 26 19:18:27.895954 np0005596550.novalocal cinder-volume[196635]: INFO cinder.volume.drivers.lvm [None req-ca2addba-56e3-4df3-9a9e-fc9a616048f5 tempest-VolumesExtendTest-1777267077 None] Successfully deleted volume: ce6b6167-0dc9-45f5-9ce5-3ffa19db1005
Jan 26 19:18:27.936042 np0005596550.novalocal cinder-volume[196635]: DEBUG cinder.quota [None req-ca2addba-56e3-4df3-9a9e-fc9a616048f5 tempest-VolumesExtendTest-1777267077 None] Created reservations ['a06d37f2-c065-4893-b9e3-8f2574f2e9aa', '779a16b9-f086-4deb-bb48-e88e985989c1', '628a6975-e806-4b87-a3cd-0810d937353a', '2c66d137-77aa-4827-8375-8d8213f01d6e'] {{(pid=196635) reserve /opt/stack/cinder/cinder/quota.py:752}}
Jan 26 19:18:28.012871 np0005596550.novalocal cinder-volume[196635]: DEBUG cinder.volume.drivers.lvm [None req-ca2addba-56e3-4df3-9a9e-fc9a616048f5 tempest-VolumesExtendTest-1777267077 None] Updating volume stats {{(pid=196635) _update_volume_stats /opt/stack/cinder/cinder/volume/drivers/lvm.py:228}}
Jan 26 19:18:28.013470 np0005596550.novalocal cinder-volume[196635]: DEBUG oslo_concurrency.processutils [None req-ca2addba-56e3-4df3-9a9e-fc9a616048f5 tempest-VolumesExtendTest-1777267077 None] Running cmd (subprocess): sudo cinder-rootwrap /etc/cinder/rootwrap.conf env LC_ALL=C vgs --noheadings --unit=g -o name,size,free,lv_count,uuid --separator : --nosuffix stack-volumes-lvmdriver-1 {{(pid=196635) execute /usr/local/lib/python3.12/site-packages/oslo_concurrency/processutils.py:349}}
Jan 26 19:18:28.038935 np0005596550.novalocal sudo[235891]: stack : PWD=/ ; USER=root ; COMMAND=/usr/local/bin/cinder-rootwrap /etc/cinder/rootwrap.conf env LC_ALL=C vgs --noheadings --unit=g -o name,size,free,lv_count,uuid --separator : --nosuffix stack-volumes-lvmdriver-1
Jan 26 19:18:28.404685 np0005596550.novalocal cinder-volume[196635]: DEBUG oslo_concurrency.processutils [None req-ca2addba-56e3-4df3-9a9e-fc9a616048f5 tempest-VolumesExtendTest-1777267077 None] CMD "sudo cinder-rootwrap /etc/cinder/rootwrap.conf env LC_ALL=C vgs --noheadings --unit=g -o name,size,free,lv_count,uuid --separator : --nosuffix stack-volumes-lvmdriver-1" returned: 0 in 0.387s {{(pid=196635) execute /usr/local/lib/python3.12/site-packages/oslo_concurrency/processutils.py:372}}
Jan 26 19:18:28.408630 np0005596550.novalocal cinder-volume[196635]: DEBUG oslo_concurrency.processutils [None req-ca2addba-56e3-4df3-9a9e-fc9a616048f5 tempest-VolumesExtendTest-1777267077 None] Running cmd (subprocess): sudo cinder-rootwrap /etc/cinder/rootwrap.conf env LC_ALL=C lvs --noheadings --unit=g -o vg_name,name,size --nosuffix --readonly stack-volumes-lvmdriver-1 {{(pid=196635) execute /usr/local/lib/python3.12/site-packages/oslo_concurrency/processutils.py:349}}
Jan 26 19:18:28.439655 np0005596550.novalocal sudo[235896]: stack : PWD=/ ; USER=root ; COMMAND=/usr/local/bin/cinder-rootwrap /etc/cinder/rootwrap.conf env LC_ALL=C lvs --noheadings --unit=g -o vg_name,name,size --nosuffix --readonly stack-volumes-lvmdriver-1
Jan 26 19:18:28.751771 np0005596550.novalocal cinder-volume[196635]: DEBUG cinder.volume.flows.manager.create_volume [None req-a7449c6d-b113-452c-8ae7-8f83b292c212 tempest-VolumesExtendTest-1777267077 None] Volume reschedule parameters: True retry: {'num_attempts': 1, 'backends': ['np0005596550.novalocal@lvmdriver-1#lvmdriver-1'], 'hosts': ['np0005596550.novalocal@lvmdriver-1#lvmdriver-1']} {{(pid=196635) get_flow /opt/stack/cinder/cinder/volume/flows/manager/create_volume.py:1388}}
Jan 26 19:18:28.757852 np0005596550.novalocal cinder-volume[196635]: DEBUG cinder.volume.manager [None req-a7449c6d-b113-452c-8ae7-8f83b292c212 tempest-VolumesExtendTest-1777267077 None] Flow 'volume_create_manager' (e9cf5489-b07d-4364-9403-1ebd0ef76045) transitioned into state 'RUNNING' from state 'PENDING' {{(pid=196635) _flow_receiver /usr/local/lib/python3.12/site-packages/taskflow/listeners/logging.py:145}}
Jan 26 19:18:28.759824 np0005596550.novalocal cinder-volume[196635]: DEBUG cinder.volume.manager [None req-a7449c6d-b113-452c-8ae7-8f83b292c212 tempest-VolumesExtendTest-1777267077 None] Task 'cinder.volume.flows.manager.create_volume.ExtractVolumeRefTask;volume:create' (30878a2f-fc5b-460d-8811-ef16af068d71) transitioned into state 'RUNNING' from state 'PENDING' {{(pid=196635) _task_receiver /usr/local/lib/python3.12/site-packages/taskflow/listeners/logging.py:194}}
Jan 26 19:18:28.765930 np0005596550.novalocal cinder-volume[196635]: DEBUG cinder.volume.manager [None req-a7449c6d-b113-452c-8ae7-8f83b292c212 tempest-VolumesExtendTest-1777267077 None] Task 'cinder.volume.flows.manager.create_volume.ExtractVolumeRefTask;volume:create' (30878a2f-fc5b-460d-8811-ef16af068d71) transitioned into state 'SUCCESS' from state 'RUNNING' with result 'Volume(_name_id=None,admin_metadata=,attach_status='detached',availability_zone='nova',bootable=False,cluster=,cluster_name=None,consistencygroup=,consistencygroup_id=None,created_at=2026-01-27T00:18:28Z,deleted=False,deleted_at=None,display_description=None,display_name='tempest-VolumesExtendTest-Volume-19561966',ec2_id=None,encryption_key_id=None,glance_metadata=,group=,group_id=None,host='np0005596550.novalocal@lvmdriver-1#lvmdriver-1',id=ff0aa9d5-0c51-430b-b1dc-6716a27797bf,launched_at=None,metadata={},migration_status=None,multiattach=False,previous_status=None,project_id='d6012db6d1f047b4b839817b9fcb9ebf',provider_auth=None,provider_geometry=None,provider_id=None,provider_location=None,replication_driver_data=None,replication_extended_status=None,replication_status=None,scheduled_at=2026-01-27T00:18:28Z,service_uuid=None,shared_targets=True,size=1,snapshot_id=None,snapshots=,source_volid=None,status='creating',terminated_at=None,updated_at=2026-01-27T00:18:28Z,use_quota=True,user_id='ff91fc0bbc6b4447ab56dcc67e28c773',volume_attachment=VolumeAttachmentList,volume_type=VolumeType(423298ae-9268-4d03-9cb5-063c9922a67c),volume_type_id=423298ae-9268-4d03-9cb5-063c9922a67c)' {{(pid=196635) _task_receiver /usr/local/lib/python3.12/site-packages/taskflow/listeners/logging.py:182}}
Jan 26 19:18:28.767395 np0005596550.novalocal cinder-volume[196635]: DEBUG cinder.volume.manager [None req-a7449c6d-b113-452c-8ae7-8f83b292c212 tempest-VolumesExtendTest-1777267077 None] Task 'cinder.volume.flows.manager.create_volume.OnFailureRescheduleTask;volume:create' (65825b64-524e-4207-ac9d-86a23097236c) transitioned into state 'RUNNING' from state 'PENDING' {{(pid=196635) _task_receiver /usr/local/lib/python3.12/site-packages/taskflow/listeners/logging.py:194}}
Jan 26 19:18:28.768565 np0005596550.novalocal cinder-volume[196635]: DEBUG cinder.volume.manager [None req-a7449c6d-b113-452c-8ae7-8f83b292c212 tempest-VolumesExtendTest-1777267077 None] Task 'cinder.volume.flows.manager.create_volume.OnFailureRescheduleTask;volume:create' (65825b64-524e-4207-ac9d-86a23097236c) transitioned into state 'SUCCESS' from state 'RUNNING' with result 'None' {{(pid=196635) _task_receiver /usr/local/lib/python3.12/site-packages/taskflow/listeners/logging.py:182}}
Jan 26 19:18:28.769901 np0005596550.novalocal cinder-volume[196635]: DEBUG cinder.volume.manager [None req-a7449c6d-b113-452c-8ae7-8f83b292c212 tempest-VolumesExtendTest-1777267077 None] Task 'cinder.volume.flows.manager.create_volume.ExtractVolumeSpecTask;volume:create' (54db17f4-1edb-421a-85a8-63fa2cc3ddd7) transitioned into state 'RUNNING' from state 'PENDING' {{(pid=196635) _task_receiver /usr/local/lib/python3.12/site-packages/taskflow/listeners/logging.py:194}}
Jan 26 19:18:28.771111 np0005596550.novalocal cinder-volume[196635]: DEBUG cinder.volume.manager [None req-a7449c6d-b113-452c-8ae7-8f83b292c212 tempest-VolumesExtendTest-1777267077 None] Task 'cinder.volume.flows.manager.create_volume.ExtractVolumeSpecTask;volume:create' (54db17f4-1edb-421a-85a8-63fa2cc3ddd7) transitioned into state 'SUCCESS' from state 'RUNNING' with result '{'status': 'creating', 'type': 'raw', 'volume_id': 'ff0aa9d5-0c51-430b-b1dc-6716a27797bf', 'volume_name': 'volume-ff0aa9d5-0c51-430b-b1dc-6716a27797bf', 'volume_size': 1}' {{(pid=196635) _task_receiver /usr/local/lib/python3.12/site-packages/taskflow/listeners/logging.py:182}}
Jan 26 19:18:28.772507 np0005596550.novalocal cinder-volume[196635]: DEBUG cinder.volume.manager [None req-a7449c6d-b113-452c-8ae7-8f83b292c212 tempest-VolumesExtendTest-1777267077 None] Task 'cinder.volume.flows.manager.create_volume.NotifyVolumeActionTask;volume:create, create.start' (200cf88f-cc86-435e-9502-a31b9b607c66) transitioned into state 'RUNNING' from state 'PENDING' {{(pid=196635) _task_receiver /usr/local/lib/python3.12/site-packages/taskflow/listeners/logging.py:194}}
Jan 26 19:18:28.773592 np0005596550.novalocal cinder-volume[196635]: DEBUG cinder.volume.manager [None req-a7449c6d-b113-452c-8ae7-8f83b292c212 tempest-VolumesExtendTest-1777267077 None] Task 'cinder.volume.flows.manager.create_volume.NotifyVolumeActionTask;volume:create, create.start' (200cf88f-cc86-435e-9502-a31b9b607c66) transitioned into state 'SUCCESS' from state 'RUNNING' with result 'None' {{(pid=196635) _task_receiver /usr/local/lib/python3.12/site-packages/taskflow/listeners/logging.py:182}}
Jan 26 19:18:28.774851 np0005596550.novalocal cinder-volume[196635]: DEBUG cinder.volume.manager [None req-a7449c6d-b113-452c-8ae7-8f83b292c212 tempest-VolumesExtendTest-1777267077 None] Task 'cinder.volume.flows.manager.create_volume.CreateVolumeFromSpecTask;volume:create' (62692a95-1132-4581-b5be-d4fdfa065fd2) transitioned into state 'RUNNING' from state 'PENDING' {{(pid=196635) _task_receiver /usr/local/lib/python3.12/site-packages/taskflow/listeners/logging.py:194}}
Jan 26 19:18:28.775170 np0005596550.novalocal cinder-volume[196635]: INFO cinder.volume.flows.manager.create_volume [None req-a7449c6d-b113-452c-8ae7-8f83b292c212 tempest-VolumesExtendTest-1777267077 None] Volume ff0aa9d5-0c51-430b-b1dc-6716a27797bf: being created as raw with specification: {'status': 'creating', 'volume_name': 'volume-ff0aa9d5-0c51-430b-b1dc-6716a27797bf', 'volume_size': 1}
Jan 26 19:18:28.775612 np0005596550.novalocal cinder-volume[196635]: DEBUG oslo_concurrency.processutils [None req-a7449c6d-b113-452c-8ae7-8f83b292c212 tempest-VolumesExtendTest-1777267077 None] Running cmd (subprocess): sudo cinder-rootwrap /etc/cinder/rootwrap.conf env LC_ALL=C lvcreate -T -V 1g -n volume-ff0aa9d5-0c51-430b-b1dc-6716a27797bf stack-volumes-lvmdriver-1/stack-volumes-lvmdriver-1-pool {{(pid=196635) execute /usr/local/lib/python3.12/site-packages/oslo_concurrency/processutils.py:349}}
Jan 26 19:18:28.805227 np0005596550.novalocal sudo[235901]: stack : PWD=/ ; USER=root ; COMMAND=/usr/local/bin/cinder-rootwrap /etc/cinder/rootwrap.conf env LC_ALL=C lvcreate -T -V 1g -n volume-ff0aa9d5-0c51-430b-b1dc-6716a27797bf stack-volumes-lvmdriver-1/stack-volumes-lvmdriver-1-pool
Jan 26 19:18:28.851225 np0005596550.novalocal cinder-volume[196635]: DEBUG oslo_concurrency.processutils [None req-ca2addba-56e3-4df3-9a9e-fc9a616048f5 tempest-VolumesExtendTest-1777267077 None] CMD "sudo cinder-rootwrap /etc/cinder/rootwrap.conf env LC_ALL=C lvs --noheadings --unit=g -o vg_name,name,size --nosuffix --readonly stack-volumes-lvmdriver-1" returned: 0 in 0.445s {{(pid=196635) execute /usr/local/lib/python3.12/site-packages/oslo_concurrency/processutils.py:372}}
Jan 26 19:18:28.856886 np0005596550.novalocal cinder-volume[196635]: DEBUG oslo_concurrency.processutils [None req-ca2addba-56e3-4df3-9a9e-fc9a616048f5 tempest-VolumesExtendTest-1777267077 None] Running cmd (subprocess): sudo cinder-rootwrap /etc/cinder/rootwrap.conf env LC_ALL=C lvs --noheadings --unit=g -o size,data_percent --separator : --nosuffix /dev/stack-volumes-lvmdriver-1/stack-volumes-lvmdriver-1-pool {{(pid=196635) execute /usr/local/lib/python3.12/site-packages/oslo_concurrency/processutils.py:349}}
Jan 26 19:18:28.879463 np0005596550.novalocal sudo[235909]: stack : PWD=/ ; USER=root ; COMMAND=/usr/local/bin/cinder-rootwrap /etc/cinder/rootwrap.conf env LC_ALL=C lvs --noheadings --unit=g -o size,data_percent --separator : --nosuffix /dev/stack-volumes-lvmdriver-1/stack-volumes-lvmdriver-1-pool
Jan 26 19:18:29.277206 np0005596550.novalocal cinder-volume[196635]: DEBUG oslo_concurrency.processutils [None req-ca2addba-56e3-4df3-9a9e-fc9a616048f5 tempest-VolumesExtendTest-1777267077 None] CMD "sudo cinder-rootwrap /etc/cinder/rootwrap.conf env LC_ALL=C lvs --noheadings --unit=g -o size,data_percent --separator : --nosuffix /dev/stack-volumes-lvmdriver-1/stack-volumes-lvmdriver-1-pool" returned: 0 in 0.425s {{(pid=196635) execute /usr/local/lib/python3.12/site-packages/oslo_concurrency/processutils.py:372}}
Jan 26 19:18:29.277992 np0005596550.novalocal cinder-volume[196635]: DEBUG oslo_concurrency.processutils [None req-ca2addba-56e3-4df3-9a9e-fc9a616048f5 tempest-VolumesExtendTest-1777267077 None] Running cmd (subprocess): sudo cinder-rootwrap /etc/cinder/rootwrap.conf env LC_ALL=C lvs --noheadings --unit=g -o vg_name,name,size --nosuffix --readonly stack-volumes-lvmdriver-1 {{(pid=196635) execute /usr/local/lib/python3.12/site-packages/oslo_concurrency/processutils.py:349}}
Jan 26 19:18:29.299984 np0005596550.novalocal sudo[235921]: stack : PWD=/ ; USER=root ; COMMAND=/usr/local/bin/cinder-rootwrap /etc/cinder/rootwrap.conf env LC_ALL=C lvs --noheadings --unit=g -o vg_name,name,size --nosuffix --readonly stack-volumes-lvmdriver-1
Jan 26 19:18:29.304227 np0005596550.novalocal cinder-volume[196635]: DEBUG oslo_concurrency.processutils [None req-a7449c6d-b113-452c-8ae7-8f83b292c212 tempest-VolumesExtendTest-1777267077 None] CMD "sudo cinder-rootwrap /etc/cinder/rootwrap.conf env LC_ALL=C lvcreate -T -V 1g -n volume-ff0aa9d5-0c51-430b-b1dc-6716a27797bf stack-volumes-lvmdriver-1/stack-volumes-lvmdriver-1-pool" returned: 0 in 0.528s {{(pid=196635) execute /usr/local/lib/python3.12/site-packages/oslo_concurrency/processutils.py:372}}
Jan 26 19:18:29.306605 np0005596550.novalocal cinder-volume[196635]: DEBUG cinder.volume.manager [None req-a7449c6d-b113-452c-8ae7-8f83b292c212 tempest-VolumesExtendTest-1777267077 None] Task 'cinder.volume.flows.manager.create_volume.CreateVolumeFromSpecTask;volume:create' (62692a95-1132-4581-b5be-d4fdfa065fd2) transitioned into state 'SUCCESS' from state 'RUNNING' with result '{'status': 'creating', 'volume_name': 'volume-ff0aa9d5-0c51-430b-b1dc-6716a27797bf', 'volume_size': 1}' {{(pid=196635) _task_receiver /usr/local/lib/python3.12/site-packages/taskflow/listeners/logging.py:182}}
Jan 26 19:18:29.309152 np0005596550.novalocal cinder-volume[196635]: DEBUG cinder.volume.manager [None req-a7449c6d-b113-452c-8ae7-8f83b292c212 tempest-VolumesExtendTest-1777267077 None] Task 'cinder.volume.flows.manager.create_volume.CreateVolumeOnFinishTask;volume:create, create.end' (9c58bb88-404e-4106-b7ae-29760d0e7dd2) transitioned into state 'RUNNING' from state 'PENDING' {{(pid=196635) _task_receiver /usr/local/lib/python3.12/site-packages/taskflow/listeners/logging.py:194}}
Jan 26 19:18:29.314537 np0005596550.novalocal cinder-volume[196635]: INFO cinder.volume.flows.manager.create_volume [None req-a7449c6d-b113-452c-8ae7-8f83b292c212 tempest-VolumesExtendTest-1777267077 None] Volume volume-ff0aa9d5-0c51-430b-b1dc-6716a27797bf (ff0aa9d5-0c51-430b-b1dc-6716a27797bf): created successfully
Jan 26 19:18:29.316766 np0005596550.novalocal cinder-volume[196635]: DEBUG cinder.volume.manager [None req-a7449c6d-b113-452c-8ae7-8f83b292c212 tempest-VolumesExtendTest-1777267077 None] Task 'cinder.volume.flows.manager.create_volume.CreateVolumeOnFinishTask;volume:create, create.end' (9c58bb88-404e-4106-b7ae-29760d0e7dd2) transitioned into state 'SUCCESS' from state 'RUNNING' with result 'None' {{(pid=196635) _task_receiver /usr/local/lib/python3.12/site-packages/taskflow/listeners/logging.py:182}}
Jan 26 19:18:29.317669 np0005596550.novalocal cinder-volume[196635]: DEBUG cinder.volume.manager [None req-a7449c6d-b113-452c-8ae7-8f83b292c212 tempest-VolumesExtendTest-1777267077 None] Flow 'volume_create_manager' (e9cf5489-b07d-4364-9403-1ebd0ef76045) transitioned into state 'SUCCESS' from state 'RUNNING' {{(pid=196635) _flow_receiver /usr/local/lib/python3.12/site-packages/taskflow/listeners/logging.py:145}}
Jan 26 19:18:29.321917 np0005596550.novalocal cinder-volume[196635]: INFO cinder.volume.manager [None req-a7449c6d-b113-452c-8ae7-8f83b292c212 tempest-VolumesExtendTest-1777267077 None] Created volume successfully.
Jan 26 19:18:29.723349 np0005596550.novalocal cinder-volume[196635]: DEBUG oslo_concurrency.processutils [None req-ca2addba-56e3-4df3-9a9e-fc9a616048f5 tempest-VolumesExtendTest-1777267077 None] CMD "sudo cinder-rootwrap /etc/cinder/rootwrap.conf env LC_ALL=C lvs --noheadings --unit=g -o vg_name,name,size --nosuffix --readonly stack-volumes-lvmdriver-1" returned: 0 in 0.445s {{(pid=196635) execute /usr/local/lib/python3.12/site-packages/oslo_concurrency/processutils.py:372}}
Jan 26 19:18:29.724055 np0005596550.novalocal cinder-volume[196635]: DEBUG cinder.manager [None req-ca2addba-56e3-4df3-9a9e-fc9a616048f5 tempest-VolumesExtendTest-1777267077 None] Notifying Schedulers of capabilities ... {{(pid=196635) _publish_service_capabilities /opt/stack/cinder/cinder/manager.py:202}}
Jan 26 19:18:29.727918 np0005596550.novalocal cinder-volume[196635]: INFO cinder.volume.manager [None req-ca2addba-56e3-4df3-9a9e-fc9a616048f5 tempest-VolumesExtendTest-1777267077 None] Deleted volume successfully.
Jan 26 19:18:29.830804 np0005596550.novalocal cinder-volume[196635]: DEBUG cinder.coordination [None req-ca2addba-56e3-4df3-9a9e-fc9a616048f5 tempest-VolumesExtendTest-1777267077 None] Lock "cinder-ce6b6167-0dc9-45f5-9ce5-3ffa19db1005-delete_volume" released by "delete_volume" :: held 3.428s {{(pid=196635) __release /opt/stack/cinder/cinder/coordination.py:157}}
Jan 26 19:18:30.248807 np0005596550.novalocal cinder-volume[196635]: DEBUG oslo_concurrency.processutils [None req-27e1b70a-89ee-4381-aec6-4b96f5c55f44 tempest-VolumesExtendTest-1777267077 None] Running cmd (subprocess): sudo cinder-rootwrap /etc/cinder/rootwrap.conf env LC_ALL=C lvs --noheadings --unit=g -o vg_name,name,size --nosuffix --readonly stack-volumes-lvmdriver-1/volume-ff0aa9d5-0c51-430b-b1dc-6716a27797bf {{(pid=196635) execute /usr/local/lib/python3.12/site-packages/oslo_concurrency/processutils.py:349}}
Jan 26 19:18:30.279205 np0005596550.novalocal sudo[235928]: stack : PWD=/ ; USER=root ; COMMAND=/usr/local/bin/cinder-rootwrap /etc/cinder/rootwrap.conf env LC_ALL=C lvs --noheadings --unit=g -o vg_name,name,size --nosuffix --readonly stack-volumes-lvmdriver-1/volume-ff0aa9d5-0c51-430b-b1dc-6716a27797bf
Jan 26 19:18:30.622539 np0005596550.novalocal cinder-volume[196635]: DEBUG oslo_concurrency.processutils [None req-27e1b70a-89ee-4381-aec6-4b96f5c55f44 tempest-VolumesExtendTest-1777267077 None] CMD "sudo cinder-rootwrap /etc/cinder/rootwrap.conf env LC_ALL=C lvs --noheadings --unit=g -o vg_name,name,size --nosuffix --readonly stack-volumes-lvmdriver-1/volume-ff0aa9d5-0c51-430b-b1dc-6716a27797bf" returned: 0 in 0.373s {{(pid=196635) execute /usr/local/lib/python3.12/site-packages/oslo_concurrency/processutils.py:372}}
Jan 26 19:18:30.623850 np0005596550.novalocal cinder-volume[196635]: DEBUG oslo_concurrency.processutils [None req-27e1b70a-89ee-4381-aec6-4b96f5c55f44 tempest-VolumesExtendTest-1777267077 None] Running cmd (subprocess): sudo cinder-rootwrap /etc/cinder/rootwrap.conf env LC_ALL=C lvcreate --name _snapshot-48ac9988-659f-4224-8f19-090b6f2d327a --snapshot stack-volumes-lvmdriver-1/volume-ff0aa9d5-0c51-430b-b1dc-6716a27797bf {{(pid=196635) execute /usr/local/lib/python3.12/site-packages/oslo_concurrency/processutils.py:349}}
Jan 26 19:18:30.645287 np0005596550.novalocal sudo[235933]: stack : PWD=/ ; USER=root ; COMMAND=/usr/local/bin/cinder-rootwrap /etc/cinder/rootwrap.conf env LC_ALL=C lvcreate --name _snapshot-48ac9988-659f-4224-8f19-090b6f2d327a --snapshot stack-volumes-lvmdriver-1/volume-ff0aa9d5-0c51-430b-b1dc-6716a27797bf
Jan 26 19:18:31.058090 np0005596550.novalocal cinder-volume[196635]: DEBUG oslo_concurrency.processutils [None req-27e1b70a-89ee-4381-aec6-4b96f5c55f44 tempest-VolumesExtendTest-1777267077 None] CMD "sudo cinder-rootwrap /etc/cinder/rootwrap.conf env LC_ALL=C lvcreate --name _snapshot-48ac9988-659f-4224-8f19-090b6f2d327a --snapshot stack-volumes-lvmdriver-1/volume-ff0aa9d5-0c51-430b-b1dc-6716a27797bf" returned: 0 in 0.434s {{(pid=196635) execute /usr/local/lib/python3.12/site-packages/oslo_concurrency/processutils.py:372}}
Jan 26 19:18:31.073052 np0005596550.novalocal cinder-volume[196635]: INFO cinder.volume.manager [None req-27e1b70a-89ee-4381-aec6-4b96f5c55f44 tempest-VolumesExtendTest-1777267077 None] Create snapshot completed successfully
Jan 26 19:18:31.577055 np0005596550.novalocal cinder-volume[196635]: DEBUG oslo_concurrency.processutils [None req-2b1b6074-53b7-4637-8691-ad3d907ec293 tempest-VolumesExtendTest-1777267077 None] Running cmd (subprocess): sudo cinder-rootwrap /etc/cinder/rootwrap.conf env LC_ALL=C lvdisplay --noheading -C -o Attr --readonly stack-volumes-lvmdriver-1/volume-ff0aa9d5-0c51-430b-b1dc-6716a27797bf {{(pid=196635) execute /usr/local/lib/python3.12/site-packages/oslo_concurrency/processutils.py:349}}
Jan 26 19:18:31.604435 np0005596550.novalocal sudo[235945]: stack : PWD=/ ; USER=root ; COMMAND=/usr/local/bin/cinder-rootwrap /etc/cinder/rootwrap.conf env LC_ALL=C lvdisplay --noheading -C -o Attr --readonly stack-volumes-lvmdriver-1/volume-ff0aa9d5-0c51-430b-b1dc-6716a27797bf
Jan 26 19:18:31.998156 np0005596550.novalocal cinder-volume[196635]: DEBUG oslo_concurrency.processutils [None req-2b1b6074-53b7-4637-8691-ad3d907ec293 tempest-VolumesExtendTest-1777267077 None] CMD "sudo cinder-rootwrap /etc/cinder/rootwrap.conf env LC_ALL=C lvdisplay --noheading -C -o Attr --readonly stack-volumes-lvmdriver-1/volume-ff0aa9d5-0c51-430b-b1dc-6716a27797bf" returned: 0 in 0.421s {{(pid=196635) execute /usr/local/lib/python3.12/site-packages/oslo_concurrency/processutils.py:372}}
Jan 26 19:18:31.999237 np0005596550.novalocal cinder-volume[196635]: DEBUG oslo_concurrency.processutils [None req-2b1b6074-53b7-4637-8691-ad3d907ec293 tempest-VolumesExtendTest-1777267077 None] Running cmd (subprocess): sudo cinder-rootwrap /etc/cinder/rootwrap.conf env LC_ALL=C lvextend -L 2g stack-volumes-lvmdriver-1/volume-ff0aa9d5-0c51-430b-b1dc-6716a27797bf {{(pid=196635) execute /usr/local/lib/python3.12/site-packages/oslo_concurrency/processutils.py:349}}
Jan 26 19:18:32.027086 np0005596550.novalocal sudo[235950]: stack : PWD=/ ; USER=root ; COMMAND=/usr/local/bin/cinder-rootwrap /etc/cinder/rootwrap.conf env LC_ALL=C lvextend -L 2g stack-volumes-lvmdriver-1/volume-ff0aa9d5-0c51-430b-b1dc-6716a27797bf
Jan 26 19:18:32.524799 np0005596550.novalocal cinder-volume[196635]: DEBUG oslo_concurrency.processutils [None req-2b1b6074-53b7-4637-8691-ad3d907ec293 tempest-VolumesExtendTest-1777267077 None] CMD "sudo cinder-rootwrap /etc/cinder/rootwrap.conf env LC_ALL=C lvextend -L 2g stack-volumes-lvmdriver-1/volume-ff0aa9d5-0c51-430b-b1dc-6716a27797bf" returned: 0 in 0.525s {{(pid=196635) execute /usr/local/lib/python3.12/site-packages/oslo_concurrency/processutils.py:372}}
Jan 26 19:18:32.544001 np0005596550.novalocal cinder-volume[196635]: INFO cinder.volume.manager [None req-2b1b6074-53b7-4637-8691-ad3d907ec293 tempest-VolumesExtendTest-1777267077 None] Extend volume completed successfully.
Jan 26 19:18:32.731412 np0005596550.novalocal cinder-volume[196635]: DEBUG cinder.coordination [None req-89168772-adb2-48d2-971d-0d6bc2b65dcf tempest-VolumesExtendTest-1777267077 None] Acquiring lock "cinder-48ac9988-659f-4224-8f19-090b6f2d327a-delete_snapshot" by "delete_snapshot" {{(pid=196635) __acquire /opt/stack/cinder/cinder/coordination.py:143}}
Jan 26 19:18:32.743138 np0005596550.novalocal cinder-volume[196635]: DEBUG cinder.coordination [None req-89168772-adb2-48d2-971d-0d6bc2b65dcf tempest-VolumesExtendTest-1777267077 None] Lock "cinder-48ac9988-659f-4224-8f19-090b6f2d327a-delete_snapshot" acquired by "delete_snapshot" :: waited 0.014s {{(pid=196635) __acquire /opt/stack/cinder/cinder/coordination.py:146}}
Jan 26 19:18:32.745124 np0005596550.novalocal cinder-volume[196635]: DEBUG oslo_concurrency.processutils [None req-89168772-adb2-48d2-971d-0d6bc2b65dcf tempest-VolumesExtendTest-1777267077 None] Running cmd (subprocess): sudo cinder-rootwrap /etc/cinder/rootwrap.conf env LC_ALL=C lvs --noheadings --unit=g -o vg_name,name,size --nosuffix --readonly stack-volumes-lvmdriver-1/_snapshot-48ac9988-659f-4224-8f19-090b6f2d327a {{(pid=196635) execute /usr/local/lib/python3.12/site-packages/oslo_concurrency/processutils.py:349}}
Jan 26 19:18:32.771080 np0005596550.novalocal sudo[235970]: stack : PWD=/ ; USER=root ; COMMAND=/usr/local/bin/cinder-rootwrap /etc/cinder/rootwrap.conf env LC_ALL=C lvs --noheadings --unit=g -o vg_name,name,size --nosuffix --readonly stack-volumes-lvmdriver-1/_snapshot-48ac9988-659f-4224-8f19-090b6f2d327a
Jan 26 19:18:33.266982 np0005596550.novalocal cinder-volume[196635]: DEBUG oslo_concurrency.processutils [None req-89168772-adb2-48d2-971d-0d6bc2b65dcf tempest-VolumesExtendTest-1777267077 None] CMD "sudo cinder-rootwrap /etc/cinder/rootwrap.conf env LC_ALL=C lvs --noheadings --unit=g -o vg_name,name,size --nosuffix --readonly stack-volumes-lvmdriver-1/_snapshot-48ac9988-659f-4224-8f19-090b6f2d327a" returned: 0 in 0.522s {{(pid=196635) execute /usr/local/lib/python3.12/site-packages/oslo_concurrency/processutils.py:372}}
Jan 26 19:18:33.269194 np0005596550.novalocal cinder-volume[196635]: DEBUG oslo_concurrency.processutils [None req-89168772-adb2-48d2-971d-0d6bc2b65dcf tempest-VolumesExtendTest-1777267077 None] Running cmd (subprocess): sudo cinder-rootwrap /etc/cinder/rootwrap.conf lvremove --config activation { retry_deactivation = 1} -f stack-volumes-lvmdriver-1/_snapshot-48ac9988-659f-4224-8f19-090b6f2d327a {{(pid=196635) execute /usr/local/lib/python3.12/site-packages/oslo_concurrency/processutils.py:349}}
Jan 26 19:18:33.290633 np0005596550.novalocal sudo[235975]: stack : PWD=/ ; USER=root ; COMMAND=/usr/local/bin/cinder-rootwrap /etc/cinder/rootwrap.conf lvremove --config 'activation { retry_deactivation = 1} ' -f stack-volumes-lvmdriver-1/_snapshot-48ac9988-659f-4224-8f19-090b6f2d327a
Jan 26 19:18:33.725814 np0005596550.novalocal cinder-volume[196635]: DEBUG oslo_concurrency.processutils [None req-89168772-adb2-48d2-971d-0d6bc2b65dcf tempest-VolumesExtendTest-1777267077 None] CMD "sudo cinder-rootwrap /etc/cinder/rootwrap.conf lvremove --config activation { retry_deactivation = 1} -f stack-volumes-lvmdriver-1/_snapshot-48ac9988-659f-4224-8f19-090b6f2d327a" returned: 0 in 0.458s {{(pid=196635) execute /usr/local/lib/python3.12/site-packages/oslo_concurrency/processutils.py:372}}
Jan 26 19:18:33.824409 np0005596550.novalocal cinder-volume[196635]: DEBUG cinder.quota [None req-89168772-adb2-48d2-971d-0d6bc2b65dcf tempest-VolumesExtendTest-1777267077 None] Created reservations ['05e8eb3a-6ac2-4ba6-a37d-187902f3eb3a', 'b78a9f70-f492-4f46-8552-b670707662d5', '952a3bc6-562d-478d-9101-ce568d1c51b6', 'e20864aa-e425-4eb3-a158-ad9bd8ccfc4e'] {{(pid=196635) reserve /opt/stack/cinder/cinder/quota.py:752}}
Jan 26 19:18:33.913609 np0005596550.novalocal cinder-volume[196635]: INFO cinder.volume.manager [None req-89168772-adb2-48d2-971d-0d6bc2b65dcf tempest-VolumesExtendTest-1777267077 None] Delete snapshot completed successfully.
Jan 26 19:18:33.917894 np0005596550.novalocal cinder-volume[196635]: DEBUG cinder.coordination [None req-89168772-adb2-48d2-971d-0d6bc2b65dcf tempest-VolumesExtendTest-1777267077 None] Lock "cinder-48ac9988-659f-4224-8f19-090b6f2d327a-delete_snapshot" released by "delete_snapshot" :: held 1.175s {{(pid=196635) __release /opt/stack/cinder/cinder/coordination.py:157}}
Jan 26 19:18:34.873894 np0005596550.novalocal cinder-volume[196635]: DEBUG cinder.coordination [None req-b914e5a8-6fb2-4edd-a8bc-475664b8a633 tempest-VolumesExtendTest-1777267077 None] Acquiring lock "cinder-ff0aa9d5-0c51-430b-b1dc-6716a27797bf-delete_volume" by "delete_volume" {{(pid=196635) __acquire /opt/stack/cinder/cinder/coordination.py:143}}
Jan 26 19:18:34.880139 np0005596550.novalocal cinder-volume[196635]: DEBUG cinder.coordination [None req-b914e5a8-6fb2-4edd-a8bc-475664b8a633 tempest-VolumesExtendTest-1777267077 None] Lock "cinder-ff0aa9d5-0c51-430b-b1dc-6716a27797bf-delete_volume" acquired by "delete_volume" :: waited 0.006s {{(pid=196635) __acquire /opt/stack/cinder/cinder/coordination.py:146}}
Jan 26 19:18:34.900008 np0005596550.novalocal cinder-volume[196635]: INFO cinder.volume.targets.iscsi [None req-b914e5a8-6fb2-4edd-a8bc-475664b8a633 tempest-VolumesExtendTest-1777267077 None] Skipping remove_export. No iscsi_target is presently exported for volume: ff0aa9d5-0c51-430b-b1dc-6716a27797bf
Jan 26 19:18:34.900008 np0005596550.novalocal cinder-volume[196635]: DEBUG oslo_concurrency.processutils [None req-b914e5a8-6fb2-4edd-a8bc-475664b8a633 tempest-VolumesExtendTest-1777267077 None] Running cmd (subprocess): sudo cinder-rootwrap /etc/cinder/rootwrap.conf env LC_ALL=C lvs --noheadings --unit=g -o vg_name,name,size --nosuffix --readonly stack-volumes-lvmdriver-1/volume-ff0aa9d5-0c51-430b-b1dc-6716a27797bf {{(pid=196635) execute /usr/local/lib/python3.12/site-packages/oslo_concurrency/processutils.py:349}}
Jan 26 19:18:34.926714 np0005596550.novalocal sudo[235983]: stack : PWD=/ ; USER=root ; COMMAND=/usr/local/bin/cinder-rootwrap /etc/cinder/rootwrap.conf env LC_ALL=C lvs --noheadings --unit=g -o vg_name,name,size --nosuffix --readonly stack-volumes-lvmdriver-1/volume-ff0aa9d5-0c51-430b-b1dc-6716a27797bf
Jan 26 19:18:35.391105 np0005596550.novalocal cinder-volume[196635]: DEBUG oslo_concurrency.processutils [None req-b914e5a8-6fb2-4edd-a8bc-475664b8a633 tempest-VolumesExtendTest-1777267077 None] CMD "sudo cinder-rootwrap /etc/cinder/rootwrap.conf env LC_ALL=C lvs --noheadings --unit=g -o vg_name,name,size --nosuffix --readonly stack-volumes-lvmdriver-1/volume-ff0aa9d5-0c51-430b-b1dc-6716a27797bf" returned: 0 in 0.491s {{(pid=196635) execute /usr/local/lib/python3.12/site-packages/oslo_concurrency/processutils.py:372}}
Jan 26 19:18:35.392724 np0005596550.novalocal cinder-volume[196635]: DEBUG oslo_concurrency.processutils [None req-b914e5a8-6fb2-4edd-a8bc-475664b8a633 tempest-VolumesExtendTest-1777267077 None] Running cmd (subprocess): sudo cinder-rootwrap /etc/cinder/rootwrap.conf env LC_ALL=C lvdisplay --noheading -C -o Attr --readonly stack-volumes-lvmdriver-1/volume-ff0aa9d5-0c51-430b-b1dc-6716a27797bf {{(pid=196635) execute /usr/local/lib/python3.12/site-packages/oslo_concurrency/processutils.py:349}}
Jan 26 19:18:35.420639 np0005596550.novalocal sudo[235988]: stack : PWD=/ ; USER=root ; COMMAND=/usr/local/bin/cinder-rootwrap /etc/cinder/rootwrap.conf env LC_ALL=C lvdisplay --noheading -C -o Attr --readonly stack-volumes-lvmdriver-1/volume-ff0aa9d5-0c51-430b-b1dc-6716a27797bf
Jan 26 19:18:35.898864 np0005596550.novalocal cinder-volume[196635]: DEBUG oslo_concurrency.processutils [None req-b914e5a8-6fb2-4edd-a8bc-475664b8a633 tempest-VolumesExtendTest-1777267077 None] CMD "sudo cinder-rootwrap /etc/cinder/rootwrap.conf env LC_ALL=C lvdisplay --noheading -C -o Attr --readonly stack-volumes-lvmdriver-1/volume-ff0aa9d5-0c51-430b-b1dc-6716a27797bf" returned: 0 in 0.506s {{(pid=196635) execute /usr/local/lib/python3.12/site-packages/oslo_concurrency/processutils.py:372}}
Jan 26 19:18:35.899285 np0005596550.novalocal cinder-volume[196635]: DEBUG oslo_concurrency.processutils [None req-b914e5a8-6fb2-4edd-a8bc-475664b8a633 tempest-VolumesExtendTest-1777267077 None] Running cmd (subprocess): sudo cinder-rootwrap /etc/cinder/rootwrap.conf lvremove --config activation { retry_deactivation = 1} -f stack-volumes-lvmdriver-1/volume-ff0aa9d5-0c51-430b-b1dc-6716a27797bf {{(pid=196635) execute /usr/local/lib/python3.12/site-packages/oslo_concurrency/processutils.py:349}}
Jan 26 19:18:35.920701 np0005596550.novalocal sudo[235993]: stack : PWD=/ ; USER=root ; COMMAND=/usr/local/bin/cinder-rootwrap /etc/cinder/rootwrap.conf lvremove --config 'activation { retry_deactivation = 1} ' -f stack-volumes-lvmdriver-1/volume-ff0aa9d5-0c51-430b-b1dc-6716a27797bf
