Jan 26 19:17:08.481123 np0005596550.novalocal cinder-volume[196635]: DEBUG oslo_concurrency.processutils [None req-5b8deb32-8669-4702-856e-dccd6b74ed2a tempest-VolumesSnapshotListTestJSON-474782606 None] CMD "sudo cinder-rootwrap /etc/cinder/rootwrap.conf env LC_ALL=C lvcreate --name _snapshot-c9f81e80-d4d4-47e7-997f-84a910f0e66f --snapshot stack-volumes-lvmdriver-1/volume-8674645d-c0b5-4639-87b3-d5ac089d8fcd" returned: 0 in 0.578s {{(pid=196635) execute /usr/local/lib/python3.12/site-packages/oslo_concurrency/processutils.py:372}}
Jan 26 19:17:08.503043 np0005596550.novalocal cinder-volume[196635]: INFO cinder.volume.manager [None req-5b8deb32-8669-4702-856e-dccd6b74ed2a tempest-VolumesSnapshotListTestJSON-474782606 None] Create snapshot completed successfully
Jan 26 19:17:09.595462 np0005596550.novalocal cinder-volume[196635]: DEBUG oslo_concurrency.processutils [None req-9fbc4c77-0736-4392-98ac-d5d8bb6a64b9 tempest-VolumesSnapshotListTestJSON-474782606 None] Running cmd (subprocess): sudo cinder-rootwrap /etc/cinder/rootwrap.conf env LC_ALL=C lvs --noheadings --unit=g -o vg_name,name,size --nosuffix --readonly stack-volumes-lvmdriver-1/volume-8674645d-c0b5-4639-87b3-d5ac089d8fcd {{(pid=196635) execute /usr/local/lib/python3.12/site-packages/oslo_concurrency/processutils.py:349}}
Jan 26 19:17:09.637139 np0005596550.novalocal sudo[234850]: stack : PWD=/ ; USER=root ; COMMAND=/usr/local/bin/cinder-rootwrap /etc/cinder/rootwrap.conf env LC_ALL=C lvs --noheadings --unit=g -o vg_name,name,size --nosuffix --readonly stack-volumes-lvmdriver-1/volume-8674645d-c0b5-4639-87b3-d5ac089d8fcd
Jan 26 19:17:10.146725 np0005596550.novalocal cinder-volume[196635]: DEBUG oslo_concurrency.processutils [None req-9fbc4c77-0736-4392-98ac-d5d8bb6a64b9 tempest-VolumesSnapshotListTestJSON-474782606 None] CMD "sudo cinder-rootwrap /etc/cinder/rootwrap.conf env LC_ALL=C lvs --noheadings --unit=g -o vg_name,name,size --nosuffix --readonly stack-volumes-lvmdriver-1/volume-8674645d-c0b5-4639-87b3-d5ac089d8fcd" returned: 0 in 0.549s {{(pid=196635) execute /usr/local/lib/python3.12/site-packages/oslo_concurrency/processutils.py:372}}
Jan 26 19:17:10.148438 np0005596550.novalocal cinder-volume[196635]: DEBUG oslo_concurrency.processutils [None req-9fbc4c77-0736-4392-98ac-d5d8bb6a64b9 tempest-VolumesSnapshotListTestJSON-474782606 None] Running cmd (subprocess): sudo cinder-rootwrap /etc/cinder/rootwrap.conf env LC_ALL=C lvcreate --name _snapshot-b29dd43f-a14e-403c-8c1d-3f4ef2523120 --snapshot stack-volumes-lvmdriver-1/volume-8674645d-c0b5-4639-87b3-d5ac089d8fcd {{(pid=196635) execute /usr/local/lib/python3.12/site-packages/oslo_concurrency/processutils.py:349}}
Jan 26 19:17:10.183155 np0005596550.novalocal sudo[234861]: stack : PWD=/ ; USER=root ; COMMAND=/usr/local/bin/cinder-rootwrap /etc/cinder/rootwrap.conf env LC_ALL=C lvcreate --name _snapshot-b29dd43f-a14e-403c-8c1d-3f4ef2523120 --snapshot stack-volumes-lvmdriver-1/volume-8674645d-c0b5-4639-87b3-d5ac089d8fcd
Jan 26 19:17:10.678822 np0005596550.novalocal cinder-volume[196635]: DEBUG oslo_concurrency.processutils [None req-9fbc4c77-0736-4392-98ac-d5d8bb6a64b9 tempest-VolumesSnapshotListTestJSON-474782606 None] CMD "sudo cinder-rootwrap /etc/cinder/rootwrap.conf env LC_ALL=C lvcreate --name _snapshot-b29dd43f-a14e-403c-8c1d-3f4ef2523120 --snapshot stack-volumes-lvmdriver-1/volume-8674645d-c0b5-4639-87b3-d5ac089d8fcd" returned: 0 in 0.530s {{(pid=196635) execute /usr/local/lib/python3.12/site-packages/oslo_concurrency/processutils.py:372}}
Jan 26 19:17:10.708292 np0005596550.novalocal cinder-volume[196635]: INFO cinder.volume.manager [None req-9fbc4c77-0736-4392-98ac-d5d8bb6a64b9 tempest-VolumesSnapshotListTestJSON-474782606 None] Create snapshot completed successfully
Jan 26 19:17:11.791526 np0005596550.novalocal cinder-volume[196635]: DEBUG oslo_concurrency.processutils [None req-ecfaf716-aee3-4709-bdd2-36c44010be12 tempest-VolumesSnapshotListTestJSON-474782606 None] Running cmd (subprocess): sudo cinder-rootwrap /etc/cinder/rootwrap.conf env LC_ALL=C lvs --noheadings --unit=g -o vg_name,name,size --nosuffix --readonly stack-volumes-lvmdriver-1/volume-8674645d-c0b5-4639-87b3-d5ac089d8fcd {{(pid=196635) execute /usr/local/lib/python3.12/site-packages/oslo_concurrency/processutils.py:349}}
Jan 26 19:17:11.821454 np0005596550.novalocal sudo[234872]: stack : PWD=/ ; USER=root ; COMMAND=/usr/local/bin/cinder-rootwrap /etc/cinder/rootwrap.conf env LC_ALL=C lvs --noheadings --unit=g -o vg_name,name,size --nosuffix --readonly stack-volumes-lvmdriver-1/volume-8674645d-c0b5-4639-87b3-d5ac089d8fcd
Jan 26 19:17:12.252960 np0005596550.novalocal cinder-volume[196635]: DEBUG oslo_concurrency.processutils [None req-ecfaf716-aee3-4709-bdd2-36c44010be12 tempest-VolumesSnapshotListTestJSON-474782606 None] CMD "sudo cinder-rootwrap /etc/cinder/rootwrap.conf env LC_ALL=C lvs --noheadings --unit=g -o vg_name,name,size --nosuffix --readonly stack-volumes-lvmdriver-1/volume-8674645d-c0b5-4639-87b3-d5ac089d8fcd" returned: 0 in 0.461s {{(pid=196635) execute /usr/local/lib/python3.12/site-packages/oslo_concurrency/processutils.py:372}}
Jan 26 19:17:12.253797 np0005596550.novalocal cinder-volume[196635]: DEBUG oslo_concurrency.processutils [None req-ecfaf716-aee3-4709-bdd2-36c44010be12 tempest-VolumesSnapshotListTestJSON-474782606 None] Running cmd (subprocess): sudo cinder-rootwrap /etc/cinder/rootwrap.conf env LC_ALL=C lvcreate --name _snapshot-a9244d53-8f9a-43d8-82a2-4bd12b3a8438 --snapshot stack-volumes-lvmdriver-1/volume-8674645d-c0b5-4639-87b3-d5ac089d8fcd {{(pid=196635) execute /usr/local/lib/python3.12/site-packages/oslo_concurrency/processutils.py:349}}
Jan 26 19:17:12.283203 np0005596550.novalocal sudo[234877]: stack : PWD=/ ; USER=root ; COMMAND=/usr/local/bin/cinder-rootwrap /etc/cinder/rootwrap.conf env LC_ALL=C lvcreate --name _snapshot-a9244d53-8f9a-43d8-82a2-4bd12b3a8438 --snapshot stack-volumes-lvmdriver-1/volume-8674645d-c0b5-4639-87b3-d5ac089d8fcd
Jan 26 19:17:12.754461 np0005596550.novalocal cinder-volume[196635]: DEBUG oslo_concurrency.processutils [None req-ecfaf716-aee3-4709-bdd2-36c44010be12 tempest-VolumesSnapshotListTestJSON-474782606 None] CMD "sudo cinder-rootwrap /etc/cinder/rootwrap.conf env LC_ALL=C lvcreate --name _snapshot-a9244d53-8f9a-43d8-82a2-4bd12b3a8438 --snapshot stack-volumes-lvmdriver-1/volume-8674645d-c0b5-4639-87b3-d5ac089d8fcd" returned: 0 in 0.500s {{(pid=196635) execute /usr/local/lib/python3.12/site-packages/oslo_concurrency/processutils.py:372}}
Jan 26 19:17:12.783309 np0005596550.novalocal cinder-volume[196635]: INFO cinder.volume.manager [None req-ecfaf716-aee3-4709-bdd2-36c44010be12 tempest-VolumesSnapshotListTestJSON-474782606 None] Create snapshot completed successfully
Jan 26 19:17:13.511861 np0005596550.novalocal cinder-volume[196635]: DEBUG cinder.coordination [None req-b2439d3f-a5e8-48fa-81f3-1b081c0b7dc9 tempest-VolumesSnapshotListTestJSON-474782606 None] Acquiring lock "cinder-a9244d53-8f9a-43d8-82a2-4bd12b3a8438-delete_snapshot" by "delete_snapshot" {{(pid=196635) __acquire /opt/stack/cinder/cinder/coordination.py:143}}
Jan 26 19:17:13.521702 np0005596550.novalocal cinder-volume[196635]: DEBUG cinder.coordination [None req-b2439d3f-a5e8-48fa-81f3-1b081c0b7dc9 tempest-VolumesSnapshotListTestJSON-474782606 None] Lock "cinder-a9244d53-8f9a-43d8-82a2-4bd12b3a8438-delete_snapshot" acquired by "delete_snapshot" :: waited 0.010s {{(pid=196635) __acquire /opt/stack/cinder/cinder/coordination.py:146}}
Jan 26 19:17:13.522691 np0005596550.novalocal cinder-volume[196635]: DEBUG oslo_concurrency.processutils [None req-b2439d3f-a5e8-48fa-81f3-1b081c0b7dc9 tempest-VolumesSnapshotListTestJSON-474782606 None] Running cmd (subprocess): sudo cinder-rootwrap /etc/cinder/rootwrap.conf env LC_ALL=C lvs --noheadings --unit=g -o vg_name,name,size --nosuffix --readonly stack-volumes-lvmdriver-1/_snapshot-a9244d53-8f9a-43d8-82a2-4bd12b3a8438 {{(pid=196635) execute /usr/local/lib/python3.12/site-packages/oslo_concurrency/processutils.py:349}}
Jan 26 19:17:13.550384 np0005596550.novalocal sudo[234888]: stack : PWD=/ ; USER=root ; COMMAND=/usr/local/bin/cinder-rootwrap /etc/cinder/rootwrap.conf env LC_ALL=C lvs --noheadings --unit=g -o vg_name,name,size --nosuffix --readonly stack-volumes-lvmdriver-1/_snapshot-a9244d53-8f9a-43d8-82a2-4bd12b3a8438
Jan 26 19:17:13.999691 np0005596550.novalocal cinder-volume[196635]: DEBUG oslo_concurrency.processutils [None req-b2439d3f-a5e8-48fa-81f3-1b081c0b7dc9 tempest-VolumesSnapshotListTestJSON-474782606 None] CMD "sudo cinder-rootwrap /etc/cinder/rootwrap.conf env LC_ALL=C lvs --noheadings --unit=g -o vg_name,name,size --nosuffix --readonly stack-volumes-lvmdriver-1/_snapshot-a9244d53-8f9a-43d8-82a2-4bd12b3a8438" returned: 0 in 0.476s {{(pid=196635) execute /usr/local/lib/python3.12/site-packages/oslo_concurrency/processutils.py:372}}
Jan 26 19:17:14.001685 np0005596550.novalocal cinder-volume[196635]: DEBUG oslo_concurrency.processutils [None req-b2439d3f-a5e8-48fa-81f3-1b081c0b7dc9 tempest-VolumesSnapshotListTestJSON-474782606 None] Running cmd (subprocess): sudo cinder-rootwrap /etc/cinder/rootwrap.conf lvremove --config activation { retry_deactivation = 1} -f stack-volumes-lvmdriver-1/_snapshot-a9244d53-8f9a-43d8-82a2-4bd12b3a8438 {{(pid=196635) execute /usr/local/lib/python3.12/site-packages/oslo_concurrency/processutils.py:349}}
Jan 26 19:17:14.035976 np0005596550.novalocal sudo[234894]: stack : PWD=/ ; USER=root ; COMMAND=/usr/local/bin/cinder-rootwrap /etc/cinder/rootwrap.conf lvremove --config 'activation { retry_deactivation = 1} ' -f stack-volumes-lvmdriver-1/_snapshot-a9244d53-8f9a-43d8-82a2-4bd12b3a8438
Jan 26 19:17:14.509642 np0005596550.novalocal cinder-volume[196635]: DEBUG oslo_concurrency.processutils [None req-b2439d3f-a5e8-48fa-81f3-1b081c0b7dc9 tempest-VolumesSnapshotListTestJSON-474782606 None] CMD "sudo cinder-rootwrap /etc/cinder/rootwrap.conf lvremove --config activation { retry_deactivation = 1} -f stack-volumes-lvmdriver-1/_snapshot-a9244d53-8f9a-43d8-82a2-4bd12b3a8438" returned: 0 in 0.507s {{(pid=196635) execute /usr/local/lib/python3.12/site-packages/oslo_concurrency/processutils.py:372}}
Jan 26 19:17:14.570882 np0005596550.novalocal cinder-volume[196635]: DEBUG cinder.quota [None req-b2439d3f-a5e8-48fa-81f3-1b081c0b7dc9 tempest-VolumesSnapshotListTestJSON-474782606 None] Created reservations ['d4987548-13c3-4616-8667-2da0d7b7979e', '43b41268-3f7d-4ef3-8785-8eb9457ddd43', '246c59f0-3bef-48c9-aac7-5e86c51c4e95', 'd54577f4-a901-418c-b8ef-39dcd22c2ec2'] {{(pid=196635) reserve /opt/stack/cinder/cinder/quota.py:752}}
Jan 26 19:17:14.607679 np0005596550.novalocal cinder-volume[196635]: INFO cinder.volume.manager [None req-b2439d3f-a5e8-48fa-81f3-1b081c0b7dc9 tempest-VolumesSnapshotListTestJSON-474782606 None] Delete snapshot completed successfully.
Jan 26 19:17:14.613050 np0005596550.novalocal cinder-volume[196635]: DEBUG cinder.coordination [None req-b2439d3f-a5e8-48fa-81f3-1b081c0b7dc9 tempest-VolumesSnapshotListTestJSON-474782606 None] Lock "cinder-a9244d53-8f9a-43d8-82a2-4bd12b3a8438-delete_snapshot" released by "delete_snapshot" :: held 1.091s {{(pid=196635) __release /opt/stack/cinder/cinder/coordination.py:157}}
Jan 26 19:17:15.623469 np0005596550.novalocal cinder-volume[196635]: DEBUG cinder.coordination [None req-01212cd8-ab33-48f0-a720-c97e718cfb6c tempest-VolumesSnapshotListTestJSON-474782606 None] Acquiring lock "cinder-b29dd43f-a14e-403c-8c1d-3f4ef2523120-delete_snapshot" by "delete_snapshot" {{(pid=196635) __acquire /opt/stack/cinder/cinder/coordination.py:143}}
Jan 26 19:17:15.629178 np0005596550.novalocal cinder-volume[196635]: DEBUG cinder.coordination [None req-01212cd8-ab33-48f0-a720-c97e718cfb6c tempest-VolumesSnapshotListTestJSON-474782606 None] Lock "cinder-b29dd43f-a14e-403c-8c1d-3f4ef2523120-delete_snapshot" acquired by "delete_snapshot" :: waited 0.006s {{(pid=196635) __acquire /opt/stack/cinder/cinder/coordination.py:146}}
Jan 26 19:17:15.629945 np0005596550.novalocal cinder-volume[196635]: DEBUG oslo_concurrency.processutils [None req-01212cd8-ab33-48f0-a720-c97e718cfb6c tempest-VolumesSnapshotListTestJSON-474782606 None] Running cmd (subprocess): sudo cinder-rootwrap /etc/cinder/rootwrap.conf env LC_ALL=C lvs --noheadings --unit=g -o vg_name,name,size --nosuffix --readonly stack-volumes-lvmdriver-1/_snapshot-b29dd43f-a14e-403c-8c1d-3f4ef2523120 {{(pid=196635) execute /usr/local/lib/python3.12/site-packages/oslo_concurrency/processutils.py:349}}
Jan 26 19:17:15.663141 np0005596550.novalocal sudo[234920]: stack : PWD=/ ; USER=root ; COMMAND=/usr/local/bin/cinder-rootwrap /etc/cinder/rootwrap.conf env LC_ALL=C lvs --noheadings --unit=g -o vg_name,name,size --nosuffix --readonly stack-volumes-lvmdriver-1/_snapshot-b29dd43f-a14e-403c-8c1d-3f4ef2523120
Jan 26 19:17:16.072235 np0005596550.novalocal cinder-volume[196635]: DEBUG oslo_concurrency.processutils [None req-01212cd8-ab33-48f0-a720-c97e718cfb6c tempest-VolumesSnapshotListTestJSON-474782606 None] CMD "sudo cinder-rootwrap /etc/cinder/rootwrap.conf env LC_ALL=C lvs --noheadings --unit=g -o vg_name,name,size --nosuffix --readonly stack-volumes-lvmdriver-1/_snapshot-b29dd43f-a14e-403c-8c1d-3f4ef2523120" returned: 0 in 0.442s {{(pid=196635) execute /usr/local/lib/python3.12/site-packages/oslo_concurrency/processutils.py:372}}
Jan 26 19:17:16.073806 np0005596550.novalocal cinder-volume[196635]: DEBUG oslo_concurrency.processutils [None req-01212cd8-ab33-48f0-a720-c97e718cfb6c tempest-VolumesSnapshotListTestJSON-474782606 None] Running cmd (subprocess): sudo cinder-rootwrap /etc/cinder/rootwrap.conf lvremove --config activation { retry_deactivation = 1} -f stack-volumes-lvmdriver-1/_snapshot-b29dd43f-a14e-403c-8c1d-3f4ef2523120 {{(pid=196635) execute /usr/local/lib/python3.12/site-packages/oslo_concurrency/processutils.py:349}}
Jan 26 19:17:16.110175 np0005596550.novalocal sudo[234925]: stack : PWD=/ ; USER=root ; COMMAND=/usr/local/bin/cinder-rootwrap /etc/cinder/rootwrap.conf lvremove --config 'activation { retry_deactivation = 1} ' -f stack-volumes-lvmdriver-1/_snapshot-b29dd43f-a14e-403c-8c1d-3f4ef2523120
Jan 26 19:17:16.527975 np0005596550.novalocal cinder-volume[196635]: DEBUG oslo_concurrency.processutils [None req-01212cd8-ab33-48f0-a720-c97e718cfb6c tempest-VolumesSnapshotListTestJSON-474782606 None] CMD "sudo cinder-rootwrap /etc/cinder/rootwrap.conf lvremove --config activation { retry_deactivation = 1} -f stack-volumes-lvmdriver-1/_snapshot-b29dd43f-a14e-403c-8c1d-3f4ef2523120" returned: 0 in 0.452s {{(pid=196635) execute /usr/local/lib/python3.12/site-packages/oslo_concurrency/processutils.py:372}}
Jan 26 19:17:16.585471 np0005596550.novalocal cinder-volume[196635]: DEBUG cinder.quota [None req-01212cd8-ab33-48f0-a720-c97e718cfb6c tempest-VolumesSnapshotListTestJSON-474782606 None] Created reservations ['f887c7cf-754c-4aa5-950e-965dd0c25e83', 'f141ad59-2776-4231-a243-4381f6a47c30', '459f6863-ea42-4eb6-b8ea-87f731db000d', '6ef3fdae-1756-46b9-83af-cd7c8f8b93a8'] {{(pid=196635) reserve /opt/stack/cinder/cinder/quota.py:752}}
Jan 26 19:17:16.624330 np0005596550.novalocal cinder-volume[196635]: INFO cinder.volume.manager [None req-01212cd8-ab33-48f0-a720-c97e718cfb6c tempest-VolumesSnapshotListTestJSON-474782606 None] Delete snapshot completed successfully.
Jan 26 19:17:16.629483 np0005596550.novalocal cinder-volume[196635]: DEBUG cinder.coordination [None req-01212cd8-ab33-48f0-a720-c97e718cfb6c tempest-VolumesSnapshotListTestJSON-474782606 None] Lock "cinder-b29dd43f-a14e-403c-8c1d-3f4ef2523120-delete_snapshot" released by "delete_snapshot" :: held 1.000s {{(pid=196635) __release /opt/stack/cinder/cinder/coordination.py:157}}
Jan 26 19:17:16.707815 np0005596550.novalocal cinder-volume[196635]: DEBUG cinder.coordination [None req-42dccbbc-5450-44c2-9e6d-d8e09c3429b0 tempest-VolumesSnapshotListTestJSON-474782606 None] Acquiring lock "cinder-c9f81e80-d4d4-47e7-997f-84a910f0e66f-delete_snapshot" by "delete_snapshot" {{(pid=196635) __acquire /opt/stack/cinder/cinder/coordination.py:143}}
Jan 26 19:17:16.717231 np0005596550.novalocal cinder-volume[196635]: DEBUG cinder.coordination [None req-42dccbbc-5450-44c2-9e6d-d8e09c3429b0 tempest-VolumesSnapshotListTestJSON-474782606 None] Lock "cinder-c9f81e80-d4d4-47e7-997f-84a910f0e66f-delete_snapshot" acquired by "delete_snapshot" :: waited 0.009s {{(pid=196635) __acquire /opt/stack/cinder/cinder/coordination.py:146}}
Jan 26 19:17:16.718455 np0005596550.novalocal cinder-volume[196635]: DEBUG oslo_concurrency.processutils [None req-42dccbbc-5450-44c2-9e6d-d8e09c3429b0 tempest-VolumesSnapshotListTestJSON-474782606 None] Running cmd (subprocess): sudo cinder-rootwrap /etc/cinder/rootwrap.conf env LC_ALL=C lvs --noheadings --unit=g -o vg_name,name,size --nosuffix --readonly stack-volumes-lvmdriver-1/_snapshot-c9f81e80-d4d4-47e7-997f-84a910f0e66f {{(pid=196635) execute /usr/local/lib/python3.12/site-packages/oslo_concurrency/processutils.py:349}}
Jan 26 19:17:16.743813 np0005596550.novalocal sudo[234931]: stack : PWD=/ ; USER=root ; COMMAND=/usr/local/bin/cinder-rootwrap /etc/cinder/rootwrap.conf env LC_ALL=C lvs --noheadings --unit=g -o vg_name,name,size --nosuffix --readonly stack-volumes-lvmdriver-1/_snapshot-c9f81e80-d4d4-47e7-997f-84a910f0e66f
Jan 26 19:17:17.094548 np0005596550.novalocal cinder-volume[196635]: DEBUG oslo_concurrency.processutils [None req-42dccbbc-5450-44c2-9e6d-d8e09c3429b0 tempest-VolumesSnapshotListTestJSON-474782606 None] CMD "sudo cinder-rootwrap /etc/cinder/rootwrap.conf env LC_ALL=C lvs --noheadings --unit=g -o vg_name,name,size --nosuffix --readonly stack-volumes-lvmdriver-1/_snapshot-c9f81e80-d4d4-47e7-997f-84a910f0e66f" returned: 0 in 0.376s {{(pid=196635) execute /usr/local/lib/python3.12/site-packages/oslo_concurrency/processutils.py:372}}
Jan 26 19:17:17.097868 np0005596550.novalocal cinder-volume[196635]: DEBUG oslo_concurrency.processutils [None req-42dccbbc-5450-44c2-9e6d-d8e09c3429b0 tempest-VolumesSnapshotListTestJSON-474782606 None] Running cmd (subprocess): sudo cinder-rootwrap /etc/cinder/rootwrap.conf lvremove --config activation { retry_deactivation = 1} -f stack-volumes-lvmdriver-1/_snapshot-c9f81e80-d4d4-47e7-997f-84a910f0e66f {{(pid=196635) execute /usr/local/lib/python3.12/site-packages/oslo_concurrency/processutils.py:349}}
Jan 26 19:17:17.131627 np0005596550.novalocal sudo[234936]: stack : PWD=/ ; USER=root ; COMMAND=/usr/local/bin/cinder-rootwrap /etc/cinder/rootwrap.conf lvremove --config 'activation { retry_deactivation = 1} ' -f stack-volumes-lvmdriver-1/_snapshot-c9f81e80-d4d4-47e7-997f-84a910f0e66f
Jan 26 19:17:17.563256 np0005596550.novalocal cinder-volume[196635]: DEBUG oslo_concurrency.processutils [None req-42dccbbc-5450-44c2-9e6d-d8e09c3429b0 tempest-VolumesSnapshotListTestJSON-474782606 None] CMD "sudo cinder-rootwrap /etc/cinder/rootwrap.conf lvremove --config activation { retry_deactivation = 1} -f stack-volumes-lvmdriver-1/_snapshot-c9f81e80-d4d4-47e7-997f-84a910f0e66f" returned: 0 in 0.465s {{(pid=196635) execute /usr/local/lib/python3.12/site-packages/oslo_concurrency/processutils.py:372}}
Jan 26 19:17:17.606723 np0005596550.novalocal cinder-volume[196635]: DEBUG cinder.quota [None req-42dccbbc-5450-44c2-9e6d-d8e09c3429b0 tempest-VolumesSnapshotListTestJSON-474782606 None] Created reservations ['071ad14a-e609-49bb-82d6-234025957345', '62aecf94-9016-4858-9143-9721aab207bf', '43b5aa3d-88ad-4ba0-bfb6-119d5a2fe970', '198fe551-55d2-4308-ba19-7f7e891d820c'] {{(pid=196635) reserve /opt/stack/cinder/cinder/quota.py:752}}
Jan 26 19:17:17.627069 np0005596550.novalocal cinder-volume[196635]: INFO cinder.volume.manager [None req-42dccbbc-5450-44c2-9e6d-d8e09c3429b0 tempest-VolumesSnapshotListTestJSON-474782606 None] Delete snapshot completed successfully.
Jan 26 19:17:17.630707 np0005596550.novalocal cinder-volume[196635]: DEBUG cinder.coordination [None req-42dccbbc-5450-44c2-9e6d-d8e09c3429b0 tempest-VolumesSnapshotListTestJSON-474782606 None] Lock "cinder-c9f81e80-d4d4-47e7-997f-84a910f0e66f-delete_snapshot" released by "delete_snapshot" :: held 0.913s {{(pid=196635) __release /opt/stack/cinder/cinder/coordination.py:157}}
Jan 26 19:17:17.854702 np0005596550.novalocal cinder-volume[196635]: DEBUG cinder.coordination [None req-996e2dac-1f90-4fb5-a922-4fb57c511a5f tempest-VolumesSnapshotListTestJSON-474782606 None] Acquiring lock "cinder-8674645d-c0b5-4639-87b3-d5ac089d8fcd-delete_volume" by "delete_volume" {{(pid=196635) __acquire /opt/stack/cinder/cinder/coordination.py:143}}
Jan 26 19:17:17.862647 np0005596550.novalocal cinder-volume[196635]: DEBUG cinder.coordination [None req-996e2dac-1f90-4fb5-a922-4fb57c511a5f tempest-VolumesSnapshotListTestJSON-474782606 None] Lock "cinder-8674645d-c0b5-4639-87b3-d5ac089d8fcd-delete_volume" acquired by "delete_volume" :: waited 0.008s {{(pid=196635) __acquire /opt/stack/cinder/cinder/coordination.py:146}}
Jan 26 19:17:17.883476 np0005596550.novalocal cinder-volume[196635]: INFO cinder.volume.targets.iscsi [None req-996e2dac-1f90-4fb5-a922-4fb57c511a5f tempest-VolumesSnapshotListTestJSON-474782606 None] Skipping remove_export. No iscsi_target is presently exported for volume: 8674645d-c0b5-4639-87b3-d5ac089d8fcd
Jan 26 19:17:17.884037 np0005596550.novalocal cinder-volume[196635]: DEBUG oslo_concurrency.processutils [None req-996e2dac-1f90-4fb5-a922-4fb57c511a5f tempest-VolumesSnapshotListTestJSON-474782606 None] Running cmd (subprocess): sudo cinder-rootwrap /etc/cinder/rootwrap.conf env LC_ALL=C lvs --noheadings --unit=g -o vg_name,name,size --nosuffix --readonly stack-volumes-lvmdriver-1/volume-8674645d-c0b5-4639-87b3-d5ac089d8fcd {{(pid=196635) execute /usr/local/lib/python3.12/site-packages/oslo_concurrency/processutils.py:349}}
Jan 26 19:17:17.914036 np0005596550.novalocal sudo[234947]: stack : PWD=/ ; USER=root ; COMMAND=/usr/local/bin/cinder-rootwrap /etc/cinder/rootwrap.conf env LC_ALL=C lvs --noheadings --unit=g -o vg_name,name,size --nosuffix --readonly stack-volumes-lvmdriver-1/volume-8674645d-c0b5-4639-87b3-d5ac089d8fcd
Jan 26 19:17:18.287629 np0005596550.novalocal cinder-volume[196635]: DEBUG oslo_concurrency.processutils [None req-996e2dac-1f90-4fb5-a922-4fb57c511a5f tempest-VolumesSnapshotListTestJSON-474782606 None] CMD "sudo cinder-rootwrap /etc/cinder/rootwrap.conf env LC_ALL=C lvs --noheadings --unit=g -o vg_name,name,size --nosuffix --readonly stack-volumes-lvmdriver-1/volume-8674645d-c0b5-4639-87b3-d5ac089d8fcd" returned: 0 in 0.403s {{(pid=196635) execute /usr/local/lib/python3.12/site-packages/oslo_concurrency/processutils.py:372}}
Jan 26 19:17:18.288293 np0005596550.novalocal cinder-volume[196635]: DEBUG oslo_concurrency.processutils [None req-996e2dac-1f90-4fb5-a922-4fb57c511a5f tempest-VolumesSnapshotListTestJSON-474782606 None] Running cmd (subprocess): sudo cinder-rootwrap /etc/cinder/rootwrap.conf env LC_ALL=C lvdisplay --noheading -C -o Attr --readonly stack-volumes-lvmdriver-1/volume-8674645d-c0b5-4639-87b3-d5ac089d8fcd {{(pid=196635) execute /usr/local/lib/python3.12/site-packages/oslo_concurrency/processutils.py:349}}
Jan 26 19:17:18.312129 np0005596550.novalocal sudo[234952]: stack : PWD=/ ; USER=root ; COMMAND=/usr/local/bin/cinder-rootwrap /etc/cinder/rootwrap.conf env LC_ALL=C lvdisplay --noheading -C -o Attr --readonly stack-volumes-lvmdriver-1/volume-8674645d-c0b5-4639-87b3-d5ac089d8fcd
Jan 26 19:17:18.744965 np0005596550.novalocal cinder-volume[196635]: DEBUG oslo_concurrency.processutils [None req-996e2dac-1f90-4fb5-a922-4fb57c511a5f tempest-VolumesSnapshotListTestJSON-474782606 None] CMD "sudo cinder-rootwrap /etc/cinder/rootwrap.conf env LC_ALL=C lvdisplay --noheading -C -o Attr --readonly stack-volumes-lvmdriver-1/volume-8674645d-c0b5-4639-87b3-d5ac089d8fcd" returned: 0 in 0.454s {{(pid=196635) execute /usr/local/lib/python3.12/site-packages/oslo_concurrency/processutils.py:372}}
Jan 26 19:17:18.744965 np0005596550.novalocal cinder-volume[196635]: DEBUG oslo_concurrency.processutils [None req-996e2dac-1f90-4fb5-a922-4fb57c511a5f tempest-VolumesSnapshotListTestJSON-474782606 None] Running cmd (subprocess): sudo cinder-rootwrap /etc/cinder/rootwrap.conf lvremove --config activation { retry_deactivation = 1} -f stack-volumes-lvmdriver-1/volume-8674645d-c0b5-4639-87b3-d5ac089d8fcd {{(pid=196635) execute /usr/local/lib/python3.12/site-packages/oslo_concurrency/processutils.py:349}}
Jan 26 19:17:18.765357 np0005596550.novalocal sudo[234957]: stack : PWD=/ ; USER=root ; COMMAND=/usr/local/bin/cinder-rootwrap /etc/cinder/rootwrap.conf lvremove --config 'activation { retry_deactivation = 1} ' -f stack-volumes-lvmdriver-1/volume-8674645d-c0b5-4639-87b3-d5ac089d8fcd
Jan 26 19:17:19.177402 np0005596550.novalocal cinder-volume[196635]: DEBUG oslo_concurrency.processutils [None req-996e2dac-1f90-4fb5-a922-4fb57c511a5f tempest-VolumesSnapshotListTestJSON-474782606 None] CMD "sudo cinder-rootwrap /etc/cinder/rootwrap.conf lvremove --config activation { retry_deactivation = 1} -f stack-volumes-lvmdriver-1/volume-8674645d-c0b5-4639-87b3-d5ac089d8fcd" returned: 0 in 0.432s {{(pid=196635) execute /usr/local/lib/python3.12/site-packages/oslo_concurrency/processutils.py:372}}
Jan 26 19:17:19.177402 np0005596550.novalocal cinder-volume[196635]: INFO cinder.volume.drivers.lvm [None req-996e2dac-1f90-4fb5-a922-4fb57c511a5f tempest-VolumesSnapshotListTestJSON-474782606 None] Successfully deleted volume: 8674645d-c0b5-4639-87b3-d5ac089d8fcd
Jan 26 19:17:19.200351 np0005596550.novalocal cinder-volume[196635]: DEBUG cinder.quota [None req-996e2dac-1f90-4fb5-a922-4fb57c511a5f tempest-VolumesSnapshotListTestJSON-474782606 None] Created reservations ['c76bf633-8291-4a59-be97-422bc17bd665', '7353fab8-ec4b-44cb-882c-83158d3a701b', '80eb10f2-fd11-4eb7-8475-791b75c8e60d', 'b5ae9ee8-5133-4eeb-99d9-8189cdb4b73f'] {{(pid=196635) reserve /opt/stack/cinder/cinder/quota.py:752}}
Jan 26 19:17:19.226015 np0005596550.novalocal cinder-volume[196635]: DEBUG cinder.volume.drivers.lvm [None req-996e2dac-1f90-4fb5-a922-4fb57c511a5f tempest-VolumesSnapshotListTestJSON-474782606 None] Updating volume stats {{(pid=196635) _update_volume_stats /opt/stack/cinder/cinder/volume/drivers/lvm.py:228}}
Jan 26 19:17:19.226383 np0005596550.novalocal cinder-volume[196635]: DEBUG oslo_concurrency.processutils [None req-996e2dac-1f90-4fb5-a922-4fb57c511a5f tempest-VolumesSnapshotListTestJSON-474782606 None] Running cmd (subprocess): sudo cinder-rootwrap /etc/cinder/rootwrap.conf env LC_ALL=C vgs --noheadings --unit=g -o name,size,free,lv_count,uuid --separator : --nosuffix stack-volumes-lvmdriver-1 {{(pid=196635) execute /usr/local/lib/python3.12/site-packages/oslo_concurrency/processutils.py:349}}
Jan 26 19:17:19.247184 np0005596550.novalocal sudo[234964]: stack : PWD=/ ; USER=root ; COMMAND=/usr/local/bin/cinder-rootwrap /etc/cinder/rootwrap.conf env LC_ALL=C vgs --noheadings --unit=g -o name,size,free,lv_count,uuid --separator : --nosuffix stack-volumes-lvmdriver-1
Jan 26 19:17:19.664879 np0005596550.novalocal cinder-volume[196635]: DEBUG oslo_concurrency.processutils [None req-996e2dac-1f90-4fb5-a922-4fb57c511a5f tempest-VolumesSnapshotListTestJSON-474782606 None] CMD "sudo cinder-rootwrap /etc/cinder/rootwrap.conf env LC_ALL=C vgs --noheadings --unit=g -o name,size,free,lv_count,uuid --separator : --nosuffix stack-volumes-lvmdriver-1" returned: 0 in 0.437s {{(pid=196635) execute /usr/local/lib/python3.12/site-packages/oslo_concurrency/processutils.py:372}}
Jan 26 19:17:19.722086 np0005596550.novalocal cinder-volume[196635]: DEBUG oslo_concurrency.processutils [None req-996e2dac-1f90-4fb5-a922-4fb57c511a5f tempest-VolumesSnapshotListTestJSON-474782606 None] Running cmd (subprocess): sudo cinder-rootwrap /etc/cinder/rootwrap.conf env LC_ALL=C lvs --noheadings --unit=g -o vg_name,name,size --nosuffix --readonly stack-volumes-lvmdriver-1 {{(pid=196635) execute /usr/local/lib/python3.12/site-packages/oslo_concurrency/processutils.py:349}}
Jan 26 19:17:19.754632 np0005596550.novalocal sudo[234987]: stack : PWD=/ ; USER=root ; COMMAND=/usr/local/bin/cinder-rootwrap /etc/cinder/rootwrap.conf env LC_ALL=C lvs --noheadings --unit=g -o vg_name,name,size --nosuffix --readonly stack-volumes-lvmdriver-1
Jan 26 19:17:20.211445 np0005596550.novalocal cinder-volume[196635]: DEBUG oslo_concurrency.processutils [None req-996e2dac-1f90-4fb5-a922-4fb57c511a5f tempest-VolumesSnapshotListTestJSON-474782606 None] CMD "sudo cinder-rootwrap /etc/cinder/rootwrap.conf env LC_ALL=C lvs --noheadings --unit=g -o vg_name,name,size --nosuffix --readonly stack-volumes-lvmdriver-1" returned: 0 in 0.545s {{(pid=196635) execute /usr/local/lib/python3.12/site-packages/oslo_concurrency/processutils.py:372}}
Jan 26 19:17:20.212582 np0005596550.novalocal cinder-volume[196635]: DEBUG oslo_concurrency.processutils [None req-996e2dac-1f90-4fb5-a922-4fb57c511a5f tempest-VolumesSnapshotListTestJSON-474782606 None] Running cmd (subprocess): sudo cinder-rootwrap /etc/cinder/rootwrap.conf env LC_ALL=C lvs --noheadings --unit=g -o size,data_percent --separator : --nosuffix /dev/stack-volumes-lvmdriver-1/stack-volumes-lvmdriver-1-pool {{(pid=196635) execute /usr/local/lib/python3.12/site-packages/oslo_concurrency/processutils.py:349}}
Jan 26 19:17:20.244185 np0005596550.novalocal sudo[235043]: stack : PWD=/ ; USER=root ; COMMAND=/usr/local/bin/cinder-rootwrap /etc/cinder/rootwrap.conf env LC_ALL=C lvs --noheadings --unit=g -o size,data_percent --separator : --nosuffix /dev/stack-volumes-lvmdriver-1/stack-volumes-lvmdriver-1-pool
Jan 26 19:17:20.631265 np0005596550.novalocal cinder-volume[196635]: DEBUG oslo_concurrency.processutils [None req-996e2dac-1f90-4fb5-a922-4fb57c511a5f tempest-VolumesSnapshotListTestJSON-474782606 None] CMD "sudo cinder-rootwrap /etc/cinder/rootwrap.conf env LC_ALL=C lvs --noheadings --unit=g -o size,data_percent --separator : --nosuffix /dev/stack-volumes-lvmdriver-1/stack-volumes-lvmdriver-1-pool" returned: 0 in 0.418s {{(pid=196635) execute /usr/local/lib/python3.12/site-packages/oslo_concurrency/processutils.py:372}}
Jan 26 19:17:20.632410 np0005596550.novalocal cinder-volume[196635]: DEBUG oslo_concurrency.processutils [None req-996e2dac-1f90-4fb5-a922-4fb57c511a5f tempest-VolumesSnapshotListTestJSON-474782606 None] Running cmd (subprocess): sudo cinder-rootwrap /etc/cinder/rootwrap.conf env LC_ALL=C lvs --noheadings --unit=g -o vg_name,name,size --nosuffix --readonly stack-volumes-lvmdriver-1 {{(pid=196635) execute /usr/local/lib/python3.12/site-packages/oslo_concurrency/processutils.py:349}}
Jan 26 19:17:20.665512 np0005596550.novalocal sudo[235049]: stack : PWD=/ ; USER=root ; COMMAND=/usr/local/bin/cinder-rootwrap /etc/cinder/rootwrap.conf env LC_ALL=C lvs --noheadings --unit=g -o vg_name,name,size --nosuffix --readonly stack-volumes-lvmdriver-1
Jan 26 19:17:21.033242 np0005596550.novalocal cinder-volume[196635]: DEBUG oslo_concurrency.processutils [None req-996e2dac-1f90-4fb5-a922-4fb57c511a5f tempest-VolumesSnapshotListTestJSON-474782606 None] CMD "sudo cinder-rootwrap /etc/cinder/rootwrap.conf env LC_ALL=C lvs --noheadings --unit=g -o vg_name,name,size --nosuffix --readonly stack-volumes-lvmdriver-1" returned: 0 in 0.400s {{(pid=196635) execute /usr/local/lib/python3.12/site-packages/oslo_concurrency/processutils.py:372}}
Jan 26 19:17:21.034012 np0005596550.novalocal cinder-volume[196635]: DEBUG cinder.manager [None req-996e2dac-1f90-4fb5-a922-4fb57c511a5f tempest-VolumesSnapshotListTestJSON-474782606 None] Notifying Schedulers of capabilities ... {{(pid=196635) _publish_service_capabilities /opt/stack/cinder/cinder/manager.py:202}}
Jan 26 19:17:21.039239 np0005596550.novalocal cinder-volume[196635]: INFO cinder.volume.manager [None req-996e2dac-1f90-4fb5-a922-4fb57c511a5f tempest-VolumesSnapshotListTestJSON-474782606 None] Deleted volume successfully.
Jan 26 19:17:21.053053 np0005596550.novalocal cinder-volume[196635]: DEBUG cinder.coordination [None req-996e2dac-1f90-4fb5-a922-4fb57c511a5f tempest-VolumesSnapshotListTestJSON-474782606 None] Lock "cinder-8674645d-c0b5-4639-87b3-d5ac089d8fcd-delete_volume" released by "delete_volume" :: held 3.191s {{(pid=196635) __release /opt/stack/cinder/cinder/coordination.py:157}}
Jan 26 19:17:22.605864 np0005596550.novalocal cinder-volume[196635]: DEBUG cinder.coordination [None req-f2a8fe78-39a0-499f-9a0f-eb146a86404d tempest-VolumesActionsTest-1801349853 None] Acquiring lock "cinder-15e03f25-ebac-4125-acaf-18407df523f9" by "attach_volume" {{(pid=196635) __acquire /opt/stack/cinder/cinder/coordination.py:143}}
Jan 26 19:17:22.612301 np0005596550.novalocal cinder-volume[196635]: DEBUG cinder.coordination [None req-f2a8fe78-39a0-499f-9a0f-eb146a86404d tempest-VolumesActionsTest-1801349853 None] Lock "cinder-15e03f25-ebac-4125-acaf-18407df523f9" acquired by "attach_volume" :: waited 0.007s {{(pid=196635) __acquire /opt/stack/cinder/cinder/coordination.py:146}}
Jan 26 19:17:22.649501 np0005596550.novalocal cinder-volume[196635]: INFO cinder.volume.manager [None req-f2a8fe78-39a0-499f-9a0f-eb146a86404d tempest-VolumesActionsTest-1801349853 None] Attaching volume 15e03f25-ebac-4125-acaf-18407df523f9 to instance ed63e88d-2392-46c6-b3d4-bd932dced23b at mountpoint /dev/vdb on host None.
Jan 26 19:17:22.662855 np0005596550.novalocal cinder-volume[196635]: INFO cinder.volume.manager [None req-f2a8fe78-39a0-499f-9a0f-eb146a86404d tempest-VolumesActionsTest-1801349853 None] Attach volume completed successfully.
Jan 26 19:17:22.665154 np0005596550.novalocal cinder-volume[196635]: DEBUG cinder.coordination [None req-f2a8fe78-39a0-499f-9a0f-eb146a86404d tempest-VolumesActionsTest-1801349853 None] Lock "cinder-15e03f25-ebac-4125-acaf-18407df523f9" released by "attach_volume" :: held 0.053s {{(pid=196635) __release /opt/stack/cinder/cinder/coordination.py:157}}
Jan 26 19:17:23.189511 np0005596550.novalocal cinder-volume[196635]: DEBUG cinder.coordination [None req-d3befa03-00d2-44d1-a08e-1ed1a2498b95 tempest-VolumesActionsTest-1801349853 None] Acquiring lock "cinder-15e03f25-ebac-4125-acaf-18407df523f9-detach_volume" by "detach_volume" {{(pid=196635) __acquire /opt/stack/cinder/cinder/coordination.py:143}}
Jan 26 19:17:23.195093 np0005596550.novalocal cinder-volume[196635]: DEBUG cinder.coordination [None req-d3befa03-00d2-44d1-a08e-1ed1a2498b95 tempest-VolumesActionsTest-1801349853 None] Lock "cinder-15e03f25-ebac-4125-acaf-18407df523f9-detach_volume" acquired by "detach_volume" :: waited 0.006s {{(pid=196635) __acquire /opt/stack/cinder/cinder/coordination.py:146}}
Jan 26 19:17:23.195286 np0005596550.novalocal cinder-volume[196635]: INFO cinder.volume.manager [None req-d3befa03-00d2-44d1-a08e-1ed1a2498b95 tempest-VolumesActionsTest-1801349853 None] Detaching volume 15e03f25-ebac-4125-acaf-18407df523f9 from instance ed63e88d-2392-46c6-b3d4-bd932dced23b.
Jan 26 19:17:23.195574 np0005596550.novalocal cinder-volume[196635]: INFO cinder.volume.targets.iscsi [None req-d3befa03-00d2-44d1-a08e-1ed1a2498b95 tempest-VolumesActionsTest-1801349853 None] Skipping remove_export. No iscsi_target is presently exported for volume: 15e03f25-ebac-4125-acaf-18407df523f9
Jan 26 19:17:23.216326 np0005596550.novalocal cinder-volume[196635]: INFO cinder.volume.manager [None req-d3befa03-00d2-44d1-a08e-1ed1a2498b95 tempest-VolumesActionsTest-1801349853 None] Detach volume completed successfully.
Jan 26 19:17:23.219010 np0005596550.novalocal cinder-volume[196635]: DEBUG cinder.coordination [None req-d3befa03-00d2-44d1-a08e-1ed1a2498b95 tempest-VolumesActionsTest-1801349853 None] Lock "cinder-15e03f25-ebac-4125-acaf-18407df523f9-detach_volume" released by "detach_volume" :: held 0.024s {{(pid=196635) __release /opt/stack/cinder/cinder/coordination.py:157}}
Jan 26 19:17:38.987375 np0005596550.novalocal cinder-volume[196635]: DEBUG dbcounter [-] [196635] Writing DB stats cinder:SELECT=81,cinder:UPDATE=90,cinder:INSERT=46,cinder:DELETE=6 {{(pid=196635) stat_writer /usr/local/lib/python3.12/site-packages/dbcounter.py:115}}
Jan 26 19:17:38.990052 np0005596550.novalocal cinder-volume[196635]: DEBUG dbcounter [-] [196635] Writing DB stats cinder:SELECT=97,cinder:INSERT=38,cinder:UPDATE=99,cinder:DELETE=12 {{(pid=196635) stat_writer /usr/local/lib/python3.12/site-packages/dbcounter.py:115}}
Jan 26 19:17:44.677276 np0005596550.novalocal cinder-volume[196635]: DEBUG cinder.coordination [None req-af45e60b-22b5-4ad1-95f2-0c6e505ea9cd tempest-VolumesActionsTest-1801349853 None] Acquiring lock "cinder-15e03f25-ebac-4125-acaf-18407df523f9" by "attach_volume" {{(pid=196635) __acquire /opt/stack/cinder/cinder/coordination.py:143}}
Jan 26 19:17:44.682685 np0005596550.novalocal cinder-volume[196635]: DEBUG cinder.coordination [None req-af45e60b-22b5-4ad1-95f2-0c6e505ea9cd tempest-VolumesActionsTest-1801349853 None] Lock "cinder-15e03f25-ebac-4125-acaf-18407df523f9" acquired by "attach_volume" :: waited 0.005s {{(pid=196635) __acquire /opt/stack/cinder/cinder/coordination.py:146}}
Jan 26 19:17:44.700792 np0005596550.novalocal cinder-volume[196635]: INFO cinder.volume.manager [None req-af45e60b-22b5-4ad1-95f2-0c6e505ea9cd tempest-VolumesActionsTest-1801349853 None] Attaching volume 15e03f25-ebac-4125-acaf-18407df523f9 to instance 7ab671bd-c50f-4726-b486-f24e9de9be75 at mountpoint /dev/vdb on host None.
Jan 26 19:17:44.709117 np0005596550.novalocal cinder-volume[196635]: INFO cinder.volume.manager [None req-af45e60b-22b5-4ad1-95f2-0c6e505ea9cd tempest-VolumesActionsTest-1801349853 None] Attach volume completed successfully.
Jan 26 19:17:44.711794 np0005596550.novalocal cinder-volume[196635]: DEBUG cinder.coordination [None req-af45e60b-22b5-4ad1-95f2-0c6e505ea9cd tempest-VolumesActionsTest-1801349853 None] Lock "cinder-15e03f25-ebac-4125-acaf-18407df523f9" released by "attach_volume" :: held 0.029s {{(pid=196635) __release /opt/stack/cinder/cinder/coordination.py:157}}
Jan 26 19:17:45.319117 np0005596550.novalocal cinder-volume[196635]: DEBUG cinder.coordination [None req-89037997-2ef9-469a-a532-aa2b4aaab27c tempest-VolumesActionsTest-1801349853 None] Acquiring lock "cinder-15e03f25-ebac-4125-acaf-18407df523f9-detach_volume" by "detach_volume" {{(pid=196635) __acquire /opt/stack/cinder/cinder/coordination.py:143}}
Jan 26 19:17:45.325192 np0005596550.novalocal cinder-volume[196635]: DEBUG cinder.coordination [None req-89037997-2ef9-469a-a532-aa2b4aaab27c tempest-VolumesActionsTest-1801349853 None] Lock "cinder-15e03f25-ebac-4125-acaf-18407df523f9-detach_volume" acquired by "detach_volume" :: waited 0.006s {{(pid=196635) __acquire /opt/stack/cinder/cinder/coordination.py:146}}
Jan 26 19:17:45.325472 np0005596550.novalocal cinder-volume[196635]: INFO cinder.volume.manager [None req-89037997-2ef9-469a-a532-aa2b4aaab27c tempest-VolumesActionsTest-1801349853 None] Detaching volume 15e03f25-ebac-4125-acaf-18407df523f9 from instance 7ab671bd-c50f-4726-b486-f24e9de9be75.
Jan 26 19:17:45.326399 np0005596550.novalocal cinder-volume[196635]: INFO cinder.volume.targets.iscsi [None req-89037997-2ef9-469a-a532-aa2b4aaab27c tempest-VolumesActionsTest-1801349853 None] Skipping remove_export. No iscsi_target is presently exported for volume: 15e03f25-ebac-4125-acaf-18407df523f9
Jan 26 19:17:45.353516 np0005596550.novalocal cinder-volume[196635]: INFO cinder.volume.manager [None req-89037997-2ef9-469a-a532-aa2b4aaab27c tempest-VolumesActionsTest-1801349853 None] Detach volume completed successfully.
Jan 26 19:17:45.356307 np0005596550.novalocal cinder-volume[196635]: DEBUG cinder.coordination [None req-89037997-2ef9-469a-a532-aa2b4aaab27c tempest-VolumesActionsTest-1801349853 None] Lock "cinder-15e03f25-ebac-4125-acaf-18407df523f9-detach_volume" released by "detach_volume" :: held 0.031s {{(pid=196635) __release /opt/stack/cinder/cinder/coordination.py:157}}
Jan 26 19:17:48.206798 np0005596550.novalocal cinder-volume[196635]: DEBUG oslo_concurrency.processutils [req-18c421c7-4624-45a3-b663-2d893cf8b251 req-6886fe35-5e48-48a3-82a7-f51767b4b027 tempest-ServerStableDeviceRescueTest-1891281471 None] Running cmd (subprocess): sudo cinder-rootwrap /etc/cinder/rootwrap.conf lvchange -a y --yes -K stack-volumes-lvmdriver-1/volume-a6220f09-dc37-4c0a-aa27-bc60bac7ffb1 {{(pid=196635) execute /usr/local/lib/python3.12/site-packages/oslo_concurrency/processutils.py:349}}
Jan 26 19:17:48.240389 np0005596550.novalocal sudo[235319]: stack : PWD=/ ; USER=root ; COMMAND=/usr/local/bin/cinder-rootwrap /etc/cinder/rootwrap.conf lvchange -a y --yes -K stack-volumes-lvmdriver-1/volume-a6220f09-dc37-4c0a-aa27-bc60bac7ffb1
Jan 26 19:17:48.655329 np0005596550.novalocal cinder-volume[196635]: DEBUG oslo_concurrency.processutils [req-18c421c7-4624-45a3-b663-2d893cf8b251 req-6886fe35-5e48-48a3-82a7-f51767b4b027 tempest-ServerStableDeviceRescueTest-1891281471 None] CMD "sudo cinder-rootwrap /etc/cinder/rootwrap.conf lvchange -a y --yes -K stack-volumes-lvmdriver-1/volume-a6220f09-dc37-4c0a-aa27-bc60bac7ffb1" returned: 0 in 0.448s {{(pid=196635) execute /usr/local/lib/python3.12/site-packages/oslo_concurrency/processutils.py:372}}
Jan 26 19:17:48.668556 np0005596550.novalocal cinder-volume[196635]: INFO cinder.volume.targets.lio [req-18c421c7-4624-45a3-b663-2d893cf8b251 req-6886fe35-5e48-48a3-82a7-f51767b4b027 tempest-ServerStableDeviceRescueTest-1891281471 None] Creating iscsi_target for volume: volume-a6220f09-dc37-4c0a-aa27-bc60bac7ffb1
Jan 26 19:17:48.669033 np0005596550.novalocal cinder-volume[196635]: DEBUG oslo_concurrency.lockutils [req-18c421c7-4624-45a3-b663-2d893cf8b251 req-6886fe35-5e48-48a3-82a7-f51767b4b027 tempest-ServerStableDeviceRescueTest-1891281471 None] Acquiring lock "lioadm" by "cinder.volume.targets.lio.LioAdm._execute" {{(pid=196635) inner /usr/local/lib/python3.12/site-packages/oslo_concurrency/lockutils.py:405}}
Jan 26 19:17:48.669931 np0005596550.novalocal cinder-volume[196635]: DEBUG oslo_concurrency.lockutils [req-18c421c7-4624-45a3-b663-2d893cf8b251 req-6886fe35-5e48-48a3-82a7-f51767b4b027 tempest-ServerStableDeviceRescueTest-1891281471 None] Lock "lioadm" acquired by "cinder.volume.targets.lio.LioAdm._execute" :: waited 0.001s {{(pid=196635) inner /usr/local/lib/python3.12/site-packages/oslo_concurrency/lockutils.py:410}}
Jan 26 19:17:48.670720 np0005596550.novalocal cinder-volume[196635]: DEBUG oslo_concurrency.processutils [req-18c421c7-4624-45a3-b663-2d893cf8b251 req-6886fe35-5e48-48a3-82a7-f51767b4b027 tempest-ServerStableDeviceRescueTest-1891281471 None] Running cmd (subprocess): sudo cinder-rootwrap /etc/cinder/rootwrap.conf cinder-rtstool create /dev/stack-volumes-lvmdriver-1/volume-a6220f09-dc37-4c0a-aa27-bc60bac7ffb1 iqn.2010-10.org.openstack:volume-a6220f09-dc37-4c0a-aa27-bc60bac7ffb1 o4gsMKTu24GWUBBBt7AP Ab244SpR22ZP48Yt False -p3260 -a38.102.83.18 {{(pid=196635) execute /usr/local/lib/python3.12/site-packages/oslo_concurrency/processutils.py:349}}
Jan 26 19:17:48.700780 np0005596550.novalocal sudo[235324]: stack : PWD=/ ; USER=root ; COMMAND=/usr/local/bin/cinder-rootwrap /etc/cinder/rootwrap.conf cinder-rtstool create /dev/stack-volumes-lvmdriver-1/volume-a6220f09-dc37-4c0a-aa27-bc60bac7ffb1 iqn.2010-10.org.openstack:volume-a6220f09-dc37-4c0a-aa27-bc60bac7ffb1 o4gsMKTu24GWUBBBt7AP Ab244SpR22ZP48Yt False -p3260 -a38.102.83.18
Jan 26 19:17:49.304323 np0005596550.novalocal cinder-volume[196635]: DEBUG oslo_concurrency.processutils [req-18c421c7-4624-45a3-b663-2d893cf8b251 req-6886fe35-5e48-48a3-82a7-f51767b4b027 tempest-ServerStableDeviceRescueTest-1891281471 None] CMD "sudo cinder-rootwrap /etc/cinder/rootwrap.conf cinder-rtstool create /dev/stack-volumes-lvmdriver-1/volume-a6220f09-dc37-4c0a-aa27-bc60bac7ffb1 iqn.2010-10.org.openstack:volume-a6220f09-dc37-4c0a-aa27-bc60bac7ffb1 o4gsMKTu24GWUBBBt7AP Ab244SpR22ZP48Yt False -p3260 -a38.102.83.18" returned: 0 in 0.630s {{(pid=196635) execute /usr/local/lib/python3.12/site-packages/oslo_concurrency/processutils.py:372}}
Jan 26 19:17:49.304998 np0005596550.novalocal cinder-volume[196635]: DEBUG oslo_concurrency.lockutils [req-18c421c7-4624-45a3-b663-2d893cf8b251 req-6886fe35-5e48-48a3-82a7-f51767b4b027 tempest-ServerStableDeviceRescueTest-1891281471 None] Lock "lioadm" "released" by "cinder.volume.targets.lio.LioAdm._execute" :: held 0.635s {{(pid=196635) inner /usr/local/lib/python3.12/site-packages/oslo_concurrency/lockutils.py:424}}
Jan 26 19:17:49.304998 np0005596550.novalocal cinder-volume[196635]: DEBUG oslo_concurrency.lockutils [req-18c421c7-4624-45a3-b663-2d893cf8b251 req-6886fe35-5e48-48a3-82a7-f51767b4b027 tempest-ServerStableDeviceRescueTest-1891281471 None] Acquiring lock "lioadm" by "cinder.volume.targets.lio.LioAdm._execute" {{(pid=196635) inner /usr/local/lib/python3.12/site-packages/oslo_concurrency/lockutils.py:405}}
Jan 26 19:17:49.305326 np0005596550.novalocal cinder-volume[196635]: DEBUG oslo_concurrency.lockutils [req-18c421c7-4624-45a3-b663-2d893cf8b251 req-6886fe35-5e48-48a3-82a7-f51767b4b027 tempest-ServerStableDeviceRescueTest-1891281471 None] Lock "lioadm" acquired by "cinder.volume.targets.lio.LioAdm._execute" :: waited 0.000s {{(pid=196635) inner /usr/local/lib/python3.12/site-packages/oslo_concurrency/lockutils.py:410}}
Jan 26 19:17:49.305638 np0005596550.novalocal cinder-volume[196635]: DEBUG oslo_concurrency.processutils [req-18c421c7-4624-45a3-b663-2d893cf8b251 req-6886fe35-5e48-48a3-82a7-f51767b4b027 tempest-ServerStableDeviceRescueTest-1891281471 None] Running cmd (subprocess): sudo cinder-rootwrap /etc/cinder/rootwrap.conf cinder-rtstool get-targets {{(pid=196635) execute /usr/local/lib/python3.12/site-packages/oslo_concurrency/processutils.py:349}}
Jan 26 19:17:49.325288 np0005596550.novalocal sudo[235333]: stack : PWD=/ ; USER=root ; COMMAND=/usr/local/bin/cinder-rootwrap /etc/cinder/rootwrap.conf cinder-rtstool get-targets
Jan 26 19:17:49.917725 np0005596550.novalocal cinder-volume[196635]: DEBUG oslo_concurrency.processutils [req-18c421c7-4624-45a3-b663-2d893cf8b251 req-6886fe35-5e48-48a3-82a7-f51767b4b027 tempest-ServerStableDeviceRescueTest-1891281471 None] CMD "sudo cinder-rootwrap /etc/cinder/rootwrap.conf cinder-rtstool get-targets" returned: 0 in 0.612s {{(pid=196635) execute /usr/local/lib/python3.12/site-packages/oslo_concurrency/processutils.py:372}}
Jan 26 19:17:49.918152 np0005596550.novalocal cinder-volume[196635]: DEBUG oslo_concurrency.lockutils [req-18c421c7-4624-45a3-b663-2d893cf8b251 req-6886fe35-5e48-48a3-82a7-f51767b4b027 tempest-ServerStableDeviceRescueTest-1891281471 None] Lock "lioadm" "released" by "cinder.volume.targets.lio.LioAdm._execute" :: held 0.613s {{(pid=196635) inner /usr/local/lib/python3.12/site-packages/oslo_concurrency/lockutils.py:424}}
Jan 26 19:17:49.918340 np0005596550.novalocal cinder-volume[196635]: DEBUG oslo_concurrency.lockutils [req-18c421c7-4624-45a3-b663-2d893cf8b251 req-6886fe35-5e48-48a3-82a7-f51767b4b027 tempest-ServerStableDeviceRescueTest-1891281471 None] Acquiring lock "lioadm" by "cinder.volume.targets.lio.LioAdm._execute" {{(pid=196635) inner /usr/local/lib/python3.12/site-packages/oslo_concurrency/lockutils.py:405}}
Jan 26 19:17:49.918748 np0005596550.novalocal cinder-volume[196635]: DEBUG oslo_concurrency.lockutils [req-18c421c7-4624-45a3-b663-2d893cf8b251 req-6886fe35-5e48-48a3-82a7-f51767b4b027 tempest-ServerStableDeviceRescueTest-1891281471 None] Lock "lioadm" acquired by "cinder.volume.targets.lio.LioAdm._execute" :: waited 0.000s {{(pid=196635) inner /usr/local/lib/python3.12/site-packages/oslo_concurrency/lockutils.py:410}}
Jan 26 19:17:49.919198 np0005596550.novalocal cinder-volume[196635]: DEBUG oslo_concurrency.processutils [req-18c421c7-4624-45a3-b663-2d893cf8b251 req-6886fe35-5e48-48a3-82a7-f51767b4b027 tempest-ServerStableDeviceRescueTest-1891281471 None] Running cmd (subprocess): sudo cinder-rootwrap /etc/cinder/rootwrap.conf cinder-rtstool save {{(pid=196635) execute /usr/local/lib/python3.12/site-packages/oslo_concurrency/processutils.py:349}}
Jan 26 19:17:49.945653 np0005596550.novalocal sudo[235339]: stack : PWD=/ ; USER=root ; COMMAND=/usr/local/bin/cinder-rootwrap /etc/cinder/rootwrap.conf cinder-rtstool save
Jan 26 19:17:50.001799 np0005596550.novalocal cinder-volume[196635]: DEBUG oslo_service.periodic_task [None req-e1609359-a989-4404-8e06-92ddb1d8b944 None None] Running periodic task VolumeManager.publish_service_capabilities {{(pid=196635) run_periodic_tasks /usr/local/lib/python3.12/site-packages/oslo_service/periodic_task.py:210}}
Jan 26 19:17:50.002087 np0005596550.novalocal cinder-volume[196635]: DEBUG cinder.volume.drivers.lvm [None req-e1609359-a989-4404-8e06-92ddb1d8b944 None None] Updating volume stats {{(pid=196635) _update_volume_stats /opt/stack/cinder/cinder/volume/drivers/lvm.py:228}}
Jan 26 19:17:50.002511 np0005596550.novalocal cinder-volume[196635]: DEBUG oslo_concurrency.processutils [None req-e1609359-a989-4404-8e06-92ddb1d8b944 None None] Running cmd (subprocess): sudo cinder-rootwrap /etc/cinder/rootwrap.conf env LC_ALL=C vgs --noheadings --unit=g -o name,size,free,lv_count,uuid --separator : --nosuffix stack-volumes-lvmdriver-1 {{(pid=196635) execute /usr/local/lib/python3.12/site-packages/oslo_concurrency/processutils.py:349}}
Jan 26 19:17:50.023289 np0005596550.novalocal sudo[235342]: stack : PWD=/ ; USER=root ; COMMAND=/usr/local/bin/cinder-rootwrap /etc/cinder/rootwrap.conf env LC_ALL=C vgs --noheadings --unit=g -o name,size,free,lv_count,uuid --separator : --nosuffix stack-volumes-lvmdriver-1
Jan 26 19:17:50.448017 np0005596550.novalocal cinder-volume[196635]: DEBUG oslo_concurrency.processutils [None req-e1609359-a989-4404-8e06-92ddb1d8b944 None None] CMD "sudo cinder-rootwrap /etc/cinder/rootwrap.conf env LC_ALL=C vgs --noheadings --unit=g -o name,size,free,lv_count,uuid --separator : --nosuffix stack-volumes-lvmdriver-1" returned: 0 in 0.445s {{(pid=196635) execute /usr/local/lib/python3.12/site-packages/oslo_concurrency/processutils.py:372}}
