Jan 26 19:07:04.858706 np0005596550.novalocal cinder-volume[196635]: DEBUG oslo_concurrency.processutils [req-b127eb85-15f3-4c2d-9db2-82bc5d1ca993 req-d917affb-29a7-4826-94c4-d7f16d2a9999 tempest-ServerActionsTestOtherB-1262198412 None] Running cmd (subprocess): sudo cinder-rootwrap /etc/cinder/rootwrap.conf cinder-rtstool add-initiator iqn.2010-10.org.openstack:volume-8ca88aff-367a-4ce7-9a74-4ca46af97c3f DJGdCSYcXoX7W45zGsrh QYEGK4BnLv8mKnEB iqn.1994-05.com.redhat:cea4a155eb24 {{(pid=196635) execute /usr/local/lib/python3.12/site-packages/oslo_concurrency/processutils.py:349}}
Jan 26 19:07:04.886045 np0005596550.novalocal sudo[224799]: stack : PWD=/ ; USER=root ; COMMAND=/usr/local/bin/cinder-rootwrap /etc/cinder/rootwrap.conf cinder-rtstool add-initiator iqn.2010-10.org.openstack:volume-8ca88aff-367a-4ce7-9a74-4ca46af97c3f DJGdCSYcXoX7W45zGsrh QYEGK4BnLv8mKnEB iqn.1994-05.com.redhat:cea4a155eb24
Jan 26 19:07:05.576492 np0005596550.novalocal cinder-volume[196635]: DEBUG oslo_concurrency.processutils [req-b127eb85-15f3-4c2d-9db2-82bc5d1ca993 req-d917affb-29a7-4826-94c4-d7f16d2a9999 tempest-ServerActionsTestOtherB-1262198412 None] CMD "sudo cinder-rootwrap /etc/cinder/rootwrap.conf cinder-rtstool add-initiator iqn.2010-10.org.openstack:volume-8ca88aff-367a-4ce7-9a74-4ca46af97c3f DJGdCSYcXoX7W45zGsrh QYEGK4BnLv8mKnEB iqn.1994-05.com.redhat:cea4a155eb24" returned: 0 in 0.720s {{(pid=196635) execute /usr/local/lib/python3.12/site-packages/oslo_concurrency/processutils.py:372}}
Jan 26 19:07:05.577682 np0005596550.novalocal cinder-volume[196635]: DEBUG oslo_concurrency.lockutils [req-b127eb85-15f3-4c2d-9db2-82bc5d1ca993 req-d917affb-29a7-4826-94c4-d7f16d2a9999 tempest-ServerActionsTestOtherB-1262198412 None] Lock "lioadm" "released" by "cinder.volume.targets.lio.LioAdm._execute" :: held 0.722s {{(pid=196635) inner /usr/local/lib/python3.12/site-packages/oslo_concurrency/lockutils.py:424}}
Jan 26 19:07:05.578230 np0005596550.novalocal cinder-volume[196635]: DEBUG oslo_concurrency.lockutils [req-b127eb85-15f3-4c2d-9db2-82bc5d1ca993 req-d917affb-29a7-4826-94c4-d7f16d2a9999 tempest-ServerActionsTestOtherB-1262198412 None] Acquiring lock "lioadm" by "cinder.volume.targets.lio.LioAdm._execute" {{(pid=196635) inner /usr/local/lib/python3.12/site-packages/oslo_concurrency/lockutils.py:405}}
Jan 26 19:07:05.579131 np0005596550.novalocal cinder-volume[196635]: DEBUG oslo_concurrency.lockutils [req-b127eb85-15f3-4c2d-9db2-82bc5d1ca993 req-d917affb-29a7-4826-94c4-d7f16d2a9999 tempest-ServerActionsTestOtherB-1262198412 None] Lock "lioadm" acquired by "cinder.volume.targets.lio.LioAdm._execute" :: waited 0.001s {{(pid=196635) inner /usr/local/lib/python3.12/site-packages/oslo_concurrency/lockutils.py:410}}
Jan 26 19:07:05.580861 np0005596550.novalocal cinder-volume[196635]: DEBUG oslo_concurrency.processutils [req-b127eb85-15f3-4c2d-9db2-82bc5d1ca993 req-d917affb-29a7-4826-94c4-d7f16d2a9999 tempest-ServerActionsTestOtherB-1262198412 None] Running cmd (subprocess): sudo cinder-rootwrap /etc/cinder/rootwrap.conf cinder-rtstool save {{(pid=196635) execute /usr/local/lib/python3.12/site-packages/oslo_concurrency/processutils.py:349}}
Jan 26 19:07:05.602589 np0005596550.novalocal sudo[224809]: stack : PWD=/ ; USER=root ; COMMAND=/usr/local/bin/cinder-rootwrap /etc/cinder/rootwrap.conf cinder-rtstool save
Jan 26 19:07:06.397824 np0005596550.novalocal cinder-volume[196635]: DEBUG oslo_concurrency.processutils [req-b127eb85-15f3-4c2d-9db2-82bc5d1ca993 req-d917affb-29a7-4826-94c4-d7f16d2a9999 tempest-ServerActionsTestOtherB-1262198412 None] CMD "sudo cinder-rootwrap /etc/cinder/rootwrap.conf cinder-rtstool save" returned: 0 in 0.816s {{(pid=196635) execute /usr/local/lib/python3.12/site-packages/oslo_concurrency/processutils.py:372}}
Jan 26 19:07:06.400137 np0005596550.novalocal cinder-volume[196635]: DEBUG oslo_concurrency.lockutils [req-b127eb85-15f3-4c2d-9db2-82bc5d1ca993 req-d917affb-29a7-4826-94c4-d7f16d2a9999 tempest-ServerActionsTestOtherB-1262198412 None] Lock "lioadm" "released" by "cinder.volume.targets.lio.LioAdm._execute" :: held 0.820s {{(pid=196635) inner /usr/local/lib/python3.12/site-packages/oslo_concurrency/lockutils.py:424}}
Jan 26 19:07:06.455538 np0005596550.novalocal cinder-volume[196635]: DEBUG cinder.volume.manager [req-b127eb85-15f3-4c2d-9db2-82bc5d1ca993 req-d917affb-29a7-4826-94c4-d7f16d2a9999 tempest-ServerActionsTestOtherB-1262198412 None] Connection info returned from driver {'target_discovered': False, 'target_portal': '38.102.83.18:3260', 'target_iqn': 'iqn.2010-10.org.openstack:volume-8ca88aff-367a-4ce7-9a74-4ca46af97c3f', 'target_lun': 0, 'volume_id': '8ca88aff-367a-4ce7-9a74-4ca46af97c3f', 'auth_method': 'CHAP', 'auth_username': 'DJGdCSYcXoX7W45zGsrh', 'auth_password': '***', 'encrypted': False, 'qos_specs': None, 'access_mode': 'rw', 'cacheable': False, 'driver_volume_type': 'iscsi', 'attachment_id': '2eba164a-b5bf-411a-8476-79a2f645ed12', 'enforce_multipath': True} {{(pid=196635) _connection_create /opt/stack/cinder/cinder/volume/manager.py:4893}}
Jan 26 19:07:06.532190 np0005596550.novalocal cinder-volume[196635]: INFO cinder.volume.manager [req-b127eb85-15f3-4c2d-9db2-82bc5d1ca993 req-d917affb-29a7-4826-94c4-d7f16d2a9999 tempest-ServerActionsTestOtherB-1262198412 None] attachment_update completed successfully.
Jan 26 19:07:16.529707 np0005596550.novalocal cinder-volume[196635]: DEBUG dbcounter [-] [196635] Writing DB stats cinder:SELECT=12,cinder:UPDATE=9,cinder:DELETE=2,cinder:INSERT=2 {{(pid=196635) stat_writer /usr/local/lib/python3.12/site-packages/dbcounter.py:115}}
Jan 26 19:07:16.533447 np0005596550.novalocal cinder-volume[196635]: DEBUG dbcounter [-] [196635] Writing DB stats cinder:SELECT=14,cinder:UPDATE=13,cinder:INSERT=2 {{(pid=196635) stat_writer /usr/local/lib/python3.12/site-packages/dbcounter.py:115}}
Jan 26 19:07:19.369990 np0005596550.novalocal cinder-volume[196635]: DEBUG oslo_concurrency.lockutils [req-37467f1d-d779-4e82-98db-a6b63c9f62d1 req-e24e9ab8-6972-4cc8-84c3-b610773517e0 tempest-ServerActionsTestOtherB-1262198412 None] Acquiring lock "lioadm" by "cinder.volume.targets.lio.LioAdm._execute" {{(pid=196635) inner /usr/local/lib/python3.12/site-packages/oslo_concurrency/lockutils.py:405}}
Jan 26 19:07:19.369990 np0005596550.novalocal cinder-volume[196635]: DEBUG oslo_concurrency.lockutils [req-37467f1d-d779-4e82-98db-a6b63c9f62d1 req-e24e9ab8-6972-4cc8-84c3-b610773517e0 tempest-ServerActionsTestOtherB-1262198412 None] Lock "lioadm" acquired by "cinder.volume.targets.lio.LioAdm._execute" :: waited 0.000s {{(pid=196635) inner /usr/local/lib/python3.12/site-packages/oslo_concurrency/lockutils.py:410}}
Jan 26 19:07:19.369990 np0005596550.novalocal cinder-volume[196635]: DEBUG oslo_concurrency.processutils [req-37467f1d-d779-4e82-98db-a6b63c9f62d1 req-e24e9ab8-6972-4cc8-84c3-b610773517e0 tempest-ServerActionsTestOtherB-1262198412 None] Running cmd (subprocess): sudo cinder-rootwrap /etc/cinder/rootwrap.conf cinder-rtstool delete-initiator iqn.2010-10.org.openstack:volume-8ca88aff-367a-4ce7-9a74-4ca46af97c3f iqn.1994-05.com.redhat:cea4a155eb24 {{(pid=196635) execute /usr/local/lib/python3.12/site-packages/oslo_concurrency/processutils.py:349}}
Jan 26 19:07:19.400957 np0005596550.novalocal sudo[225285]: stack : PWD=/ ; USER=root ; COMMAND=/usr/local/bin/cinder-rootwrap /etc/cinder/rootwrap.conf cinder-rtstool delete-initiator iqn.2010-10.org.openstack:volume-8ca88aff-367a-4ce7-9a74-4ca46af97c3f iqn.1994-05.com.redhat:cea4a155eb24
Jan 26 19:07:19.993543 np0005596550.novalocal cinder-volume[196635]: DEBUG oslo_concurrency.processutils [req-37467f1d-d779-4e82-98db-a6b63c9f62d1 req-e24e9ab8-6972-4cc8-84c3-b610773517e0 tempest-ServerActionsTestOtherB-1262198412 None] CMD "sudo cinder-rootwrap /etc/cinder/rootwrap.conf cinder-rtstool delete-initiator iqn.2010-10.org.openstack:volume-8ca88aff-367a-4ce7-9a74-4ca46af97c3f iqn.1994-05.com.redhat:cea4a155eb24" returned: 0 in 0.623s {{(pid=196635) execute /usr/local/lib/python3.12/site-packages/oslo_concurrency/processutils.py:372}}
Jan 26 19:07:19.994173 np0005596550.novalocal cinder-volume[196635]: DEBUG oslo_concurrency.lockutils [req-37467f1d-d779-4e82-98db-a6b63c9f62d1 req-e24e9ab8-6972-4cc8-84c3-b610773517e0 tempest-ServerActionsTestOtherB-1262198412 None] Lock "lioadm" "released" by "cinder.volume.targets.lio.LioAdm._execute" :: held 0.624s {{(pid=196635) inner /usr/local/lib/python3.12/site-packages/oslo_concurrency/lockutils.py:424}}
Jan 26 19:07:19.994488 np0005596550.novalocal cinder-volume[196635]: DEBUG oslo_concurrency.lockutils [req-37467f1d-d779-4e82-98db-a6b63c9f62d1 req-e24e9ab8-6972-4cc8-84c3-b610773517e0 tempest-ServerActionsTestOtherB-1262198412 None] Acquiring lock "lioadm" by "cinder.volume.targets.lio.LioAdm._execute" {{(pid=196635) inner /usr/local/lib/python3.12/site-packages/oslo_concurrency/lockutils.py:405}}
Jan 26 19:07:19.995149 np0005596550.novalocal cinder-volume[196635]: DEBUG oslo_concurrency.lockutils [req-37467f1d-d779-4e82-98db-a6b63c9f62d1 req-e24e9ab8-6972-4cc8-84c3-b610773517e0 tempest-ServerActionsTestOtherB-1262198412 None] Lock "lioadm" acquired by "cinder.volume.targets.lio.LioAdm._execute" :: waited 0.001s {{(pid=196635) inner /usr/local/lib/python3.12/site-packages/oslo_concurrency/lockutils.py:410}}
Jan 26 19:07:19.995784 np0005596550.novalocal cinder-volume[196635]: DEBUG oslo_concurrency.processutils [req-37467f1d-d779-4e82-98db-a6b63c9f62d1 req-e24e9ab8-6972-4cc8-84c3-b610773517e0 tempest-ServerActionsTestOtherB-1262198412 None] Running cmd (subprocess): sudo cinder-rootwrap /etc/cinder/rootwrap.conf cinder-rtstool save {{(pid=196635) execute /usr/local/lib/python3.12/site-packages/oslo_concurrency/processutils.py:349}}
Jan 26 19:07:20.018850 np0005596550.novalocal sudo[225293]: stack : PWD=/ ; USER=root ; COMMAND=/usr/local/bin/cinder-rootwrap /etc/cinder/rootwrap.conf cinder-rtstool save
Jan 26 19:07:20.517613 np0005596550.novalocal cinder-volume[196635]: DEBUG oslo_concurrency.processutils [req-37467f1d-d779-4e82-98db-a6b63c9f62d1 req-e24e9ab8-6972-4cc8-84c3-b610773517e0 tempest-ServerActionsTestOtherB-1262198412 None] CMD "sudo cinder-rootwrap /etc/cinder/rootwrap.conf cinder-rtstool save" returned: 0 in 0.521s {{(pid=196635) execute /usr/local/lib/python3.12/site-packages/oslo_concurrency/processutils.py:372}}
Jan 26 19:07:20.517613 np0005596550.novalocal cinder-volume[196635]: DEBUG oslo_concurrency.lockutils [req-37467f1d-d779-4e82-98db-a6b63c9f62d1 req-e24e9ab8-6972-4cc8-84c3-b610773517e0 tempest-ServerActionsTestOtherB-1262198412 None] Lock "lioadm" "released" by "cinder.volume.targets.lio.LioAdm._execute" :: held 0.522s {{(pid=196635) inner /usr/local/lib/python3.12/site-packages/oslo_concurrency/lockutils.py:424}}
Jan 26 19:07:20.517613 np0005596550.novalocal cinder-volume[196635]: INFO cinder.volume.manager [req-37467f1d-d779-4e82-98db-a6b63c9f62d1 req-e24e9ab8-6972-4cc8-84c3-b610773517e0 tempest-ServerActionsTestOtherB-1262198412 None] Terminate volume connection completed successfully.
Jan 26 19:07:20.517613 np0005596550.novalocal cinder-volume[196635]: DEBUG cinder.volume.manager [req-37467f1d-d779-4e82-98db-a6b63c9f62d1 req-e24e9ab8-6972-4cc8-84c3-b610773517e0 tempest-ServerActionsTestOtherB-1262198412 None] Deleting attachment 2eba164a-b5bf-411a-8476-79a2f645ed12. {{(pid=196635) attachment_delete /opt/stack/cinder/cinder/volume/manager.py:5024}}
Jan 26 19:07:20.518719 np0005596550.novalocal cinder-volume[196635]: DEBUG oslo_concurrency.lockutils [req-37467f1d-d779-4e82-98db-a6b63c9f62d1 req-e24e9ab8-6972-4cc8-84c3-b610773517e0 tempest-ServerActionsTestOtherB-1262198412 None] Acquiring lock "lioadm" by "cinder.volume.targets.lio.LioAdm._execute" {{(pid=196635) inner /usr/local/lib/python3.12/site-packages/oslo_concurrency/lockutils.py:405}}
Jan 26 19:07:20.518719 np0005596550.novalocal cinder-volume[196635]: DEBUG oslo_concurrency.lockutils [req-37467f1d-d779-4e82-98db-a6b63c9f62d1 req-e24e9ab8-6972-4cc8-84c3-b610773517e0 tempest-ServerActionsTestOtherB-1262198412 None] Lock "lioadm" acquired by "cinder.volume.targets.lio.LioAdm._execute" :: waited 0.000s {{(pid=196635) inner /usr/local/lib/python3.12/site-packages/oslo_concurrency/lockutils.py:410}}
Jan 26 19:07:20.518719 np0005596550.novalocal cinder-volume[196635]: DEBUG oslo_concurrency.processutils [req-37467f1d-d779-4e82-98db-a6b63c9f62d1 req-e24e9ab8-6972-4cc8-84c3-b610773517e0 tempest-ServerActionsTestOtherB-1262198412 None] Running cmd (subprocess): sudo cinder-rootwrap /etc/cinder/rootwrap.conf cinder-rtstool get-targets {{(pid=196635) execute /usr/local/lib/python3.12/site-packages/oslo_concurrency/processutils.py:349}}
Jan 26 19:07:20.538187 np0005596550.novalocal sudo[225299]: stack : PWD=/ ; USER=root ; COMMAND=/usr/local/bin/cinder-rootwrap /etc/cinder/rootwrap.conf cinder-rtstool get-targets
Jan 26 19:07:21.167797 np0005596550.novalocal cinder-volume[196635]: DEBUG oslo_concurrency.processutils [req-37467f1d-d779-4e82-98db-a6b63c9f62d1 req-e24e9ab8-6972-4cc8-84c3-b610773517e0 tempest-ServerActionsTestOtherB-1262198412 None] CMD "sudo cinder-rootwrap /etc/cinder/rootwrap.conf cinder-rtstool get-targets" returned: 0 in 0.649s {{(pid=196635) execute /usr/local/lib/python3.12/site-packages/oslo_concurrency/processutils.py:372}}
Jan 26 19:07:21.168519 np0005596550.novalocal cinder-volume[196635]: DEBUG oslo_concurrency.lockutils [req-37467f1d-d779-4e82-98db-a6b63c9f62d1 req-e24e9ab8-6972-4cc8-84c3-b610773517e0 tempest-ServerActionsTestOtherB-1262198412 None] Lock "lioadm" "released" by "cinder.volume.targets.lio.LioAdm._execute" :: held 0.650s {{(pid=196635) inner /usr/local/lib/python3.12/site-packages/oslo_concurrency/lockutils.py:424}}
Jan 26 19:07:21.168986 np0005596550.novalocal cinder-volume[196635]: INFO cinder.volume.targets.lio [req-37467f1d-d779-4e82-98db-a6b63c9f62d1 req-e24e9ab8-6972-4cc8-84c3-b610773517e0 tempest-ServerActionsTestOtherB-1262198412 None] Removing iscsi_target: 8ca88aff-367a-4ce7-9a74-4ca46af97c3f
Jan 26 19:07:21.169348 np0005596550.novalocal cinder-volume[196635]: DEBUG oslo_concurrency.lockutils [req-37467f1d-d779-4e82-98db-a6b63c9f62d1 req-e24e9ab8-6972-4cc8-84c3-b610773517e0 tempest-ServerActionsTestOtherB-1262198412 None] Acquiring lock "lioadm" by "cinder.volume.targets.lio.LioAdm._execute" {{(pid=196635) inner /usr/local/lib/python3.12/site-packages/oslo_concurrency/lockutils.py:405}}
Jan 26 19:07:21.170264 np0005596550.novalocal cinder-volume[196635]: DEBUG oslo_concurrency.lockutils [req-37467f1d-d779-4e82-98db-a6b63c9f62d1 req-e24e9ab8-6972-4cc8-84c3-b610773517e0 tempest-ServerActionsTestOtherB-1262198412 None] Lock "lioadm" acquired by "cinder.volume.targets.lio.LioAdm._execute" :: waited 0.001s {{(pid=196635) inner /usr/local/lib/python3.12/site-packages/oslo_concurrency/lockutils.py:410}}
Jan 26 19:07:21.171014 np0005596550.novalocal cinder-volume[196635]: DEBUG oslo_concurrency.processutils [req-37467f1d-d779-4e82-98db-a6b63c9f62d1 req-e24e9ab8-6972-4cc8-84c3-b610773517e0 tempest-ServerActionsTestOtherB-1262198412 None] Running cmd (subprocess): sudo cinder-rootwrap /etc/cinder/rootwrap.conf cinder-rtstool delete iqn.2010-10.org.openstack:volume-8ca88aff-367a-4ce7-9a74-4ca46af97c3f {{(pid=196635) execute /usr/local/lib/python3.12/site-packages/oslo_concurrency/processutils.py:349}}
Jan 26 19:07:21.192092 np0005596550.novalocal sudo[225305]: stack : PWD=/ ; USER=root ; COMMAND=/usr/local/bin/cinder-rootwrap /etc/cinder/rootwrap.conf cinder-rtstool delete iqn.2010-10.org.openstack:volume-8ca88aff-367a-4ce7-9a74-4ca46af97c3f
Jan 26 19:07:21.737822 np0005596550.novalocal cinder-volume[196635]: DEBUG oslo_concurrency.processutils [req-37467f1d-d779-4e82-98db-a6b63c9f62d1 req-e24e9ab8-6972-4cc8-84c3-b610773517e0 tempest-ServerActionsTestOtherB-1262198412 None] CMD "sudo cinder-rootwrap /etc/cinder/rootwrap.conf cinder-rtstool delete iqn.2010-10.org.openstack:volume-8ca88aff-367a-4ce7-9a74-4ca46af97c3f" returned: 0 in 0.567s {{(pid=196635) execute /usr/local/lib/python3.12/site-packages/oslo_concurrency/processutils.py:372}}
Jan 26 19:07:21.738467 np0005596550.novalocal cinder-volume[196635]: DEBUG oslo_concurrency.lockutils [req-37467f1d-d779-4e82-98db-a6b63c9f62d1 req-e24e9ab8-6972-4cc8-84c3-b610773517e0 tempest-ServerActionsTestOtherB-1262198412 None] Lock "lioadm" "released" by "cinder.volume.targets.lio.LioAdm._execute" :: held 0.568s {{(pid=196635) inner /usr/local/lib/python3.12/site-packages/oslo_concurrency/lockutils.py:424}}
Jan 26 19:07:21.738827 np0005596550.novalocal cinder-volume[196635]: DEBUG oslo_concurrency.lockutils [req-37467f1d-d779-4e82-98db-a6b63c9f62d1 req-e24e9ab8-6972-4cc8-84c3-b610773517e0 tempest-ServerActionsTestOtherB-1262198412 None] Acquiring lock "lioadm" by "cinder.volume.targets.lio.LioAdm._execute" {{(pid=196635) inner /usr/local/lib/python3.12/site-packages/oslo_concurrency/lockutils.py:405}}
Jan 26 19:07:21.739724 np0005596550.novalocal cinder-volume[196635]: DEBUG oslo_concurrency.lockutils [req-37467f1d-d779-4e82-98db-a6b63c9f62d1 req-e24e9ab8-6972-4cc8-84c3-b610773517e0 tempest-ServerActionsTestOtherB-1262198412 None] Lock "lioadm" acquired by "cinder.volume.targets.lio.LioAdm._execute" :: waited 0.001s {{(pid=196635) inner /usr/local/lib/python3.12/site-packages/oslo_concurrency/lockutils.py:410}}
Jan 26 19:07:21.740515 np0005596550.novalocal cinder-volume[196635]: DEBUG oslo_concurrency.processutils [req-37467f1d-d779-4e82-98db-a6b63c9f62d1 req-e24e9ab8-6972-4cc8-84c3-b610773517e0 tempest-ServerActionsTestOtherB-1262198412 None] Running cmd (subprocess): sudo cinder-rootwrap /etc/cinder/rootwrap.conf cinder-rtstool save {{(pid=196635) execute /usr/local/lib/python3.12/site-packages/oslo_concurrency/processutils.py:349}}
Jan 26 19:07:21.761680 np0005596550.novalocal sudo[225317]: stack : PWD=/ ; USER=root ; COMMAND=/usr/local/bin/cinder-rootwrap /etc/cinder/rootwrap.conf cinder-rtstool save
Jan 26 19:07:22.323950 np0005596550.novalocal cinder-volume[196635]: DEBUG oslo_concurrency.processutils [req-37467f1d-d779-4e82-98db-a6b63c9f62d1 req-e24e9ab8-6972-4cc8-84c3-b610773517e0 tempest-ServerActionsTestOtherB-1262198412 None] CMD "sudo cinder-rootwrap /etc/cinder/rootwrap.conf cinder-rtstool save" returned: 0 in 0.583s {{(pid=196635) execute /usr/local/lib/python3.12/site-packages/oslo_concurrency/processutils.py:372}}
Jan 26 19:07:22.324384 np0005596550.novalocal cinder-volume[196635]: DEBUG oslo_concurrency.lockutils [req-37467f1d-d779-4e82-98db-a6b63c9f62d1 req-e24e9ab8-6972-4cc8-84c3-b610773517e0 tempest-ServerActionsTestOtherB-1262198412 None] Lock "lioadm" "released" by "cinder.volume.targets.lio.LioAdm._execute" :: held 0.585s {{(pid=196635) inner /usr/local/lib/python3.12/site-packages/oslo_concurrency/lockutils.py:424}}
Jan 26 19:07:38.984257 np0005596550.novalocal cinder-volume[196635]: DEBUG dbcounter [-] [196635] Writing DB stats cinder:SELECT=2 {{(pid=196635) stat_writer /usr/local/lib/python3.12/site-packages/dbcounter.py:115}}
Jan 26 19:07:38.987636 np0005596550.novalocal cinder-volume[196635]: DEBUG dbcounter [-] [196635] Writing DB stats cinder:SELECT=3,cinder:UPDATE=1 {{(pid=196635) stat_writer /usr/local/lib/python3.12/site-packages/dbcounter.py:115}}
Jan 26 19:07:49.986716 np0005596550.novalocal cinder-volume[196635]: DEBUG oslo_service.periodic_task [None req-e1609359-a989-4404-8e06-92ddb1d8b944 None None] Running periodic task VolumeManager.publish_service_capabilities {{(pid=196635) run_periodic_tasks /usr/local/lib/python3.12/site-packages/oslo_service/periodic_task.py:210}}
Jan 26 19:07:49.987185 np0005596550.novalocal cinder-volume[196635]: DEBUG cinder.volume.drivers.lvm [None req-e1609359-a989-4404-8e06-92ddb1d8b944 None None] Updating volume stats {{(pid=196635) _update_volume_stats /opt/stack/cinder/cinder/volume/drivers/lvm.py:228}}
Jan 26 19:07:49.987683 np0005596550.novalocal cinder-volume[196635]: DEBUG oslo_concurrency.processutils [None req-e1609359-a989-4404-8e06-92ddb1d8b944 None None] Running cmd (subprocess): sudo cinder-rootwrap /etc/cinder/rootwrap.conf env LC_ALL=C vgs --noheadings --unit=g -o name,size,free,lv_count,uuid --separator : --nosuffix stack-volumes-lvmdriver-1 {{(pid=196635) execute /usr/local/lib/python3.12/site-packages/oslo_concurrency/processutils.py:349}}
Jan 26 19:07:50.015200 np0005596550.novalocal sudo[225589]: stack : PWD=/ ; USER=root ; COMMAND=/usr/local/bin/cinder-rootwrap /etc/cinder/rootwrap.conf env LC_ALL=C vgs --noheadings --unit=g -o name,size,free,lv_count,uuid --separator : --nosuffix stack-volumes-lvmdriver-1
Jan 26 19:07:50.429759 np0005596550.novalocal cinder-volume[196635]: DEBUG oslo_concurrency.processutils [None req-e1609359-a989-4404-8e06-92ddb1d8b944 None None] CMD "sudo cinder-rootwrap /etc/cinder/rootwrap.conf env LC_ALL=C vgs --noheadings --unit=g -o name,size,free,lv_count,uuid --separator : --nosuffix stack-volumes-lvmdriver-1" returned: 0 in 0.442s {{(pid=196635) execute /usr/local/lib/python3.12/site-packages/oslo_concurrency/processutils.py:372}}
Jan 26 19:07:50.430136 np0005596550.novalocal cinder-volume[196635]: DEBUG oslo_concurrency.processutils [None req-e1609359-a989-4404-8e06-92ddb1d8b944 None None] Running cmd (subprocess): sudo cinder-rootwrap /etc/cinder/rootwrap.conf env LC_ALL=C lvs --noheadings --unit=g -o vg_name,name,size --nosuffix --readonly stack-volumes-lvmdriver-1 {{(pid=196635) execute /usr/local/lib/python3.12/site-packages/oslo_concurrency/processutils.py:349}}
Jan 26 19:07:50.449910 np0005596550.novalocal sudo[225595]: stack : PWD=/ ; USER=root ; COMMAND=/usr/local/bin/cinder-rootwrap /etc/cinder/rootwrap.conf env LC_ALL=C lvs --noheadings --unit=g -o vg_name,name,size --nosuffix --readonly stack-volumes-lvmdriver-1
Jan 26 19:07:50.873008 np0005596550.novalocal cinder-volume[196635]: DEBUG oslo_concurrency.processutils [None req-e1609359-a989-4404-8e06-92ddb1d8b944 None None] CMD "sudo cinder-rootwrap /etc/cinder/rootwrap.conf env LC_ALL=C lvs --noheadings --unit=g -o vg_name,name,size --nosuffix --readonly stack-volumes-lvmdriver-1" returned: 0 in 0.443s {{(pid=196635) execute /usr/local/lib/python3.12/site-packages/oslo_concurrency/processutils.py:372}}
Jan 26 19:07:50.873804 np0005596550.novalocal cinder-volume[196635]: DEBUG oslo_concurrency.processutils [None req-e1609359-a989-4404-8e06-92ddb1d8b944 None None] Running cmd (subprocess): sudo cinder-rootwrap /etc/cinder/rootwrap.conf env LC_ALL=C lvs --noheadings --unit=g -o size,data_percent --separator : --nosuffix /dev/stack-volumes-lvmdriver-1/stack-volumes-lvmdriver-1-pool {{(pid=196635) execute /usr/local/lib/python3.12/site-packages/oslo_concurrency/processutils.py:349}}
Jan 26 19:07:50.901032 np0005596550.novalocal sudo[225601]: stack : PWD=/ ; USER=root ; COMMAND=/usr/local/bin/cinder-rootwrap /etc/cinder/rootwrap.conf env LC_ALL=C lvs --noheadings --unit=g -o size,data_percent --separator : --nosuffix /dev/stack-volumes-lvmdriver-1/stack-volumes-lvmdriver-1-pool
Jan 26 19:07:51.299724 np0005596550.novalocal cinder-volume[196635]: DEBUG oslo_concurrency.processutils [None req-e1609359-a989-4404-8e06-92ddb1d8b944 None None] CMD "sudo cinder-rootwrap /etc/cinder/rootwrap.conf env LC_ALL=C lvs --noheadings --unit=g -o size,data_percent --separator : --nosuffix /dev/stack-volumes-lvmdriver-1/stack-volumes-lvmdriver-1-pool" returned: 0 in 0.426s {{(pid=196635) execute /usr/local/lib/python3.12/site-packages/oslo_concurrency/processutils.py:372}}
Jan 26 19:07:51.300565 np0005596550.novalocal cinder-volume[196635]: DEBUG oslo_concurrency.processutils [None req-e1609359-a989-4404-8e06-92ddb1d8b944 None None] Running cmd (subprocess): sudo cinder-rootwrap /etc/cinder/rootwrap.conf env LC_ALL=C lvs --noheadings --unit=g -o vg_name,name,size --nosuffix --readonly stack-volumes-lvmdriver-1 {{(pid=196635) execute /usr/local/lib/python3.12/site-packages/oslo_concurrency/processutils.py:349}}
Jan 26 19:07:51.327261 np0005596550.novalocal sudo[225605]: stack : PWD=/ ; USER=root ; COMMAND=/usr/local/bin/cinder-rootwrap /etc/cinder/rootwrap.conf env LC_ALL=C lvs --noheadings --unit=g -o vg_name,name,size --nosuffix --readonly stack-volumes-lvmdriver-1
Jan 26 19:07:51.767205 np0005596550.novalocal cinder-volume[196635]: DEBUG oslo_concurrency.processutils [None req-e1609359-a989-4404-8e06-92ddb1d8b944 None None] CMD "sudo cinder-rootwrap /etc/cinder/rootwrap.conf env LC_ALL=C lvs --noheadings --unit=g -o vg_name,name,size --nosuffix --readonly stack-volumes-lvmdriver-1" returned: 0 in 0.464s {{(pid=196635) execute /usr/local/lib/python3.12/site-packages/oslo_concurrency/processutils.py:372}}
Jan 26 19:07:51.767205 np0005596550.novalocal cinder-volume[196635]: DEBUG cinder.manager [None req-e1609359-a989-4404-8e06-92ddb1d8b944 None None] Notifying Schedulers of capabilities ... {{(pid=196635) _publish_service_capabilities /opt/stack/cinder/cinder/manager.py:202}}
Jan 26 19:07:52.180807 np0005596550.novalocal cinder-volume[196635]: DEBUG oslo_concurrency.processutils [req-aefb50bf-2097-43c2-9852-07c1e144a618 req-d3d98b3e-a5b6-477e-a94a-4f50fd9a9fe2 tempest-VolumesSnapshotTestJSON-666453103 None] Running cmd (subprocess): sudo cinder-rootwrap /etc/cinder/rootwrap.conf lvchange -a y --yes -K stack-volumes-lvmdriver-1/volume-45ac36d4-0d45-4d42-8723-1353aae47e05 {{(pid=196635) execute /usr/local/lib/python3.12/site-packages/oslo_concurrency/processutils.py:349}}
Jan 26 19:07:52.198463 np0005596550.novalocal sudo[225620]: stack : PWD=/ ; USER=root ; COMMAND=/usr/local/bin/cinder-rootwrap /etc/cinder/rootwrap.conf lvchange -a y --yes -K stack-volumes-lvmdriver-1/volume-45ac36d4-0d45-4d42-8723-1353aae47e05
Jan 26 19:07:52.588352 np0005596550.novalocal cinder-volume[196635]: DEBUG oslo_concurrency.processutils [req-aefb50bf-2097-43c2-9852-07c1e144a618 req-d3d98b3e-a5b6-477e-a94a-4f50fd9a9fe2 tempest-VolumesSnapshotTestJSON-666453103 None] CMD "sudo cinder-rootwrap /etc/cinder/rootwrap.conf lvchange -a y --yes -K stack-volumes-lvmdriver-1/volume-45ac36d4-0d45-4d42-8723-1353aae47e05" returned: 0 in 0.405s {{(pid=196635) execute /usr/local/lib/python3.12/site-packages/oslo_concurrency/processutils.py:372}}
Jan 26 19:07:52.606797 np0005596550.novalocal cinder-volume[196635]: INFO cinder.volume.targets.lio [req-aefb50bf-2097-43c2-9852-07c1e144a618 req-d3d98b3e-a5b6-477e-a94a-4f50fd9a9fe2 tempest-VolumesSnapshotTestJSON-666453103 None] Creating iscsi_target for volume: volume-45ac36d4-0d45-4d42-8723-1353aae47e05
Jan 26 19:07:52.606797 np0005596550.novalocal cinder-volume[196635]: DEBUG oslo_concurrency.lockutils [req-aefb50bf-2097-43c2-9852-07c1e144a618 req-d3d98b3e-a5b6-477e-a94a-4f50fd9a9fe2 tempest-VolumesSnapshotTestJSON-666453103 None] Acquiring lock "lioadm" by "cinder.volume.targets.lio.LioAdm._execute" {{(pid=196635) inner /usr/local/lib/python3.12/site-packages/oslo_concurrency/lockutils.py:405}}
Jan 26 19:07:52.606797 np0005596550.novalocal cinder-volume[196635]: DEBUG oslo_concurrency.lockutils [req-aefb50bf-2097-43c2-9852-07c1e144a618 req-d3d98b3e-a5b6-477e-a94a-4f50fd9a9fe2 tempest-VolumesSnapshotTestJSON-666453103 None] Lock "lioadm" acquired by "cinder.volume.targets.lio.LioAdm._execute" :: waited 0.001s {{(pid=196635) inner /usr/local/lib/python3.12/site-packages/oslo_concurrency/lockutils.py:410}}
Jan 26 19:07:52.606797 np0005596550.novalocal cinder-volume[196635]: DEBUG oslo_concurrency.processutils [req-aefb50bf-2097-43c2-9852-07c1e144a618 req-d3d98b3e-a5b6-477e-a94a-4f50fd9a9fe2 tempest-VolumesSnapshotTestJSON-666453103 None] Running cmd (subprocess): sudo cinder-rootwrap /etc/cinder/rootwrap.conf cinder-rtstool create /dev/stack-volumes-lvmdriver-1/volume-45ac36d4-0d45-4d42-8723-1353aae47e05 iqn.2010-10.org.openstack:volume-45ac36d4-0d45-4d42-8723-1353aae47e05 Scs6TyYAxWX4riLALM2P h3KRx6AGqb6Fnjbj False -p3260 -a38.102.83.18 {{(pid=196635) execute /usr/local/lib/python3.12/site-packages/oslo_concurrency/processutils.py:349}}
Jan 26 19:07:52.632265 np0005596550.novalocal sudo[225625]: stack : PWD=/ ; USER=root ; COMMAND=/usr/local/bin/cinder-rootwrap /etc/cinder/rootwrap.conf cinder-rtstool create /dev/stack-volumes-lvmdriver-1/volume-45ac36d4-0d45-4d42-8723-1353aae47e05 iqn.2010-10.org.openstack:volume-45ac36d4-0d45-4d42-8723-1353aae47e05 Scs6TyYAxWX4riLALM2P h3KRx6AGqb6Fnjbj False -p3260 -a38.102.83.18
Jan 26 19:07:53.236781 np0005596550.novalocal cinder-volume[196635]: DEBUG oslo_concurrency.processutils [req-aefb50bf-2097-43c2-9852-07c1e144a618 req-d3d98b3e-a5b6-477e-a94a-4f50fd9a9fe2 tempest-VolumesSnapshotTestJSON-666453103 None] CMD "sudo cinder-rootwrap /etc/cinder/rootwrap.conf cinder-rtstool create /dev/stack-volumes-lvmdriver-1/volume-45ac36d4-0d45-4d42-8723-1353aae47e05 iqn.2010-10.org.openstack:volume-45ac36d4-0d45-4d42-8723-1353aae47e05 Scs6TyYAxWX4riLALM2P h3KRx6AGqb6Fnjbj False -p3260 -a38.102.83.18" returned: 0 in 0.629s {{(pid=196635) execute /usr/local/lib/python3.12/site-packages/oslo_concurrency/processutils.py:372}}
Jan 26 19:07:53.236781 np0005596550.novalocal cinder-volume[196635]: DEBUG oslo_concurrency.lockutils [req-aefb50bf-2097-43c2-9852-07c1e144a618 req-d3d98b3e-a5b6-477e-a94a-4f50fd9a9fe2 tempest-VolumesSnapshotTestJSON-666453103 None] Lock "lioadm" "released" by "cinder.volume.targets.lio.LioAdm._execute" :: held 0.631s {{(pid=196635) inner /usr/local/lib/python3.12/site-packages/oslo_concurrency/lockutils.py:424}}
Jan 26 19:07:53.236781 np0005596550.novalocal cinder-volume[196635]: DEBUG oslo_concurrency.lockutils [req-aefb50bf-2097-43c2-9852-07c1e144a618 req-d3d98b3e-a5b6-477e-a94a-4f50fd9a9fe2 tempest-VolumesSnapshotTestJSON-666453103 None] Acquiring lock "lioadm" by "cinder.volume.targets.lio.LioAdm._execute" {{(pid=196635) inner /usr/local/lib/python3.12/site-packages/oslo_concurrency/lockutils.py:405}}
Jan 26 19:07:53.236963 np0005596550.novalocal cinder-volume[196635]: DEBUG oslo_concurrency.lockutils [req-aefb50bf-2097-43c2-9852-07c1e144a618 req-d3d98b3e-a5b6-477e-a94a-4f50fd9a9fe2 tempest-VolumesSnapshotTestJSON-666453103 None] Lock "lioadm" acquired by "cinder.volume.targets.lio.LioAdm._execute" :: waited 0.000s {{(pid=196635) inner /usr/local/lib/python3.12/site-packages/oslo_concurrency/lockutils.py:410}}
Jan 26 19:07:53.237398 np0005596550.novalocal cinder-volume[196635]: DEBUG oslo_concurrency.processutils [req-aefb50bf-2097-43c2-9852-07c1e144a618 req-d3d98b3e-a5b6-477e-a94a-4f50fd9a9fe2 tempest-VolumesSnapshotTestJSON-666453103 None] Running cmd (subprocess): sudo cinder-rootwrap /etc/cinder/rootwrap.conf cinder-rtstool get-targets {{(pid=196635) execute /usr/local/lib/python3.12/site-packages/oslo_concurrency/processutils.py:349}}
Jan 26 19:07:53.258426 np0005596550.novalocal sudo[225632]: stack : PWD=/ ; USER=root ; COMMAND=/usr/local/bin/cinder-rootwrap /etc/cinder/rootwrap.conf cinder-rtstool get-targets
Jan 26 19:07:53.852751 np0005596550.novalocal cinder-volume[196635]: DEBUG oslo_concurrency.processutils [req-aefb50bf-2097-43c2-9852-07c1e144a618 req-d3d98b3e-a5b6-477e-a94a-4f50fd9a9fe2 tempest-VolumesSnapshotTestJSON-666453103 None] CMD "sudo cinder-rootwrap /etc/cinder/rootwrap.conf cinder-rtstool get-targets" returned: 0 in 0.614s {{(pid=196635) execute /usr/local/lib/python3.12/site-packages/oslo_concurrency/processutils.py:372}}
Jan 26 19:07:53.854357 np0005596550.novalocal cinder-volume[196635]: DEBUG oslo_concurrency.lockutils [req-aefb50bf-2097-43c2-9852-07c1e144a618 req-d3d98b3e-a5b6-477e-a94a-4f50fd9a9fe2 tempest-VolumesSnapshotTestJSON-666453103 None] Lock "lioadm" "released" by "cinder.volume.targets.lio.LioAdm._execute" :: held 0.617s {{(pid=196635) inner /usr/local/lib/python3.12/site-packages/oslo_concurrency/lockutils.py:424}}
Jan 26 19:07:53.854796 np0005596550.novalocal cinder-volume[196635]: DEBUG oslo_concurrency.lockutils [req-aefb50bf-2097-43c2-9852-07c1e144a618 req-d3d98b3e-a5b6-477e-a94a-4f50fd9a9fe2 tempest-VolumesSnapshotTestJSON-666453103 None] Acquiring lock "lioadm" by "cinder.volume.targets.lio.LioAdm._execute" {{(pid=196635) inner /usr/local/lib/python3.12/site-packages/oslo_concurrency/lockutils.py:405}}
Jan 26 19:07:53.856409 np0005596550.novalocal cinder-volume[196635]: DEBUG oslo_concurrency.lockutils [req-aefb50bf-2097-43c2-9852-07c1e144a618 req-d3d98b3e-a5b6-477e-a94a-4f50fd9a9fe2 tempest-VolumesSnapshotTestJSON-666453103 None] Lock "lioadm" acquired by "cinder.volume.targets.lio.LioAdm._execute" :: waited 0.001s {{(pid=196635) inner /usr/local/lib/python3.12/site-packages/oslo_concurrency/lockutils.py:410}}
Jan 26 19:07:53.857367 np0005596550.novalocal cinder-volume[196635]: DEBUG oslo_concurrency.processutils [req-aefb50bf-2097-43c2-9852-07c1e144a618 req-d3d98b3e-a5b6-477e-a94a-4f50fd9a9fe2 tempest-VolumesSnapshotTestJSON-666453103 None] Running cmd (subprocess): sudo cinder-rootwrap /etc/cinder/rootwrap.conf cinder-rtstool save {{(pid=196635) execute /usr/local/lib/python3.12/site-packages/oslo_concurrency/processutils.py:349}}
Jan 26 19:07:53.885420 np0005596550.novalocal sudo[225639]: stack : PWD=/ ; USER=root ; COMMAND=/usr/local/bin/cinder-rootwrap /etc/cinder/rootwrap.conf cinder-rtstool save
Jan 26 19:07:54.449380 np0005596550.novalocal cinder-volume[196635]: DEBUG oslo_concurrency.processutils [req-aefb50bf-2097-43c2-9852-07c1e144a618 req-d3d98b3e-a5b6-477e-a94a-4f50fd9a9fe2 tempest-VolumesSnapshotTestJSON-666453103 None] CMD "sudo cinder-rootwrap /etc/cinder/rootwrap.conf cinder-rtstool save" returned: 0 in 0.592s {{(pid=196635) execute /usr/local/lib/python3.12/site-packages/oslo_concurrency/processutils.py:372}}
Jan 26 19:07:54.449738 np0005596550.novalocal cinder-volume[196635]: DEBUG oslo_concurrency.lockutils [req-aefb50bf-2097-43c2-9852-07c1e144a618 req-d3d98b3e-a5b6-477e-a94a-4f50fd9a9fe2 tempest-VolumesSnapshotTestJSON-666453103 None] Lock "lioadm" "released" by "cinder.volume.targets.lio.LioAdm._execute" :: held 0.594s {{(pid=196635) inner /usr/local/lib/python3.12/site-packages/oslo_concurrency/lockutils.py:424}}
Jan 26 19:07:54.450020 np0005596550.novalocal cinder-volume[196635]: DEBUG cinder.volume.targets.iscsi [req-aefb50bf-2097-43c2-9852-07c1e144a618 req-d3d98b3e-a5b6-477e-a94a-4f50fd9a9fe2 tempest-VolumesSnapshotTestJSON-666453103 None] Set provider_location to: 38.102.83.18:3260,iqn.2010-10.org.openstack:volume-45ac36d4-0d45-4d42-8723-1353aae47e05 iqn.2010-10.org.openstack:volume-45ac36d4-0d45-4d42-8723-1353aae47e05 0 {{(pid=196635) create_export /opt/stack/cinder/cinder/volume/targets/iscsi.py:205}}
Jan 26 19:07:54.458153 np0005596550.novalocal cinder-volume[196635]: DEBUG oslo_concurrency.lockutils [req-aefb50bf-2097-43c2-9852-07c1e144a618 req-d3d98b3e-a5b6-477e-a94a-4f50fd9a9fe2 tempest-VolumesSnapshotTestJSON-666453103 None] Acquiring lock "lioadm" by "cinder.volume.targets.lio.LioAdm._execute" {{(pid=196635) inner /usr/local/lib/python3.12/site-packages/oslo_concurrency/lockutils.py:405}}
Jan 26 19:07:54.458500 np0005596550.novalocal cinder-volume[196635]: DEBUG oslo_concurrency.lockutils [req-aefb50bf-2097-43c2-9852-07c1e144a618 req-d3d98b3e-a5b6-477e-a94a-4f50fd9a9fe2 tempest-VolumesSnapshotTestJSON-666453103 None] Lock "lioadm" acquired by "cinder.volume.targets.lio.LioAdm._execute" :: waited 0.000s {{(pid=196635) inner /usr/local/lib/python3.12/site-packages/oslo_concurrency/lockutils.py:410}}
Jan 26 19:07:54.458814 np0005596550.novalocal cinder-volume[196635]: DEBUG oslo_concurrency.processutils [req-aefb50bf-2097-43c2-9852-07c1e144a618 req-d3d98b3e-a5b6-477e-a94a-4f50fd9a9fe2 tempest-VolumesSnapshotTestJSON-666453103 None] Running cmd (subprocess): sudo cinder-rootwrap /etc/cinder/rootwrap.conf cinder-rtstool add-initiator iqn.2010-10.org.openstack:volume-45ac36d4-0d45-4d42-8723-1353aae47e05 Scs6TyYAxWX4riLALM2P h3KRx6AGqb6Fnjbj iqn.1994-05.com.redhat:cea4a155eb24 {{(pid=196635) execute /usr/local/lib/python3.12/site-packages/oslo_concurrency/processutils.py:349}}
Jan 26 19:07:54.490663 np0005596550.novalocal sudo[225646]: stack : PWD=/ ; USER=root ; COMMAND=/usr/local/bin/cinder-rootwrap /etc/cinder/rootwrap.conf cinder-rtstool add-initiator iqn.2010-10.org.openstack:volume-45ac36d4-0d45-4d42-8723-1353aae47e05 Scs6TyYAxWX4riLALM2P h3KRx6AGqb6Fnjbj iqn.1994-05.com.redhat:cea4a155eb24
Jan 26 19:07:55.007191 np0005596550.novalocal cinder-volume[196635]: DEBUG oslo_concurrency.processutils [req-aefb50bf-2097-43c2-9852-07c1e144a618 req-d3d98b3e-a5b6-477e-a94a-4f50fd9a9fe2 tempest-VolumesSnapshotTestJSON-666453103 None] CMD "sudo cinder-rootwrap /etc/cinder/rootwrap.conf cinder-rtstool add-initiator iqn.2010-10.org.openstack:volume-45ac36d4-0d45-4d42-8723-1353aae47e05 Scs6TyYAxWX4riLALM2P h3KRx6AGqb6Fnjbj iqn.1994-05.com.redhat:cea4a155eb24" returned: 0 in 0.548s {{(pid=196635) execute /usr/local/lib/python3.12/site-packages/oslo_concurrency/processutils.py:372}}
Jan 26 19:07:55.007619 np0005596550.novalocal cinder-volume[196635]: DEBUG oslo_concurrency.lockutils [req-aefb50bf-2097-43c2-9852-07c1e144a618 req-d3d98b3e-a5b6-477e-a94a-4f50fd9a9fe2 tempest-VolumesSnapshotTestJSON-666453103 None] Lock "lioadm" "released" by "cinder.volume.targets.lio.LioAdm._execute" :: held 0.549s {{(pid=196635) inner /usr/local/lib/python3.12/site-packages/oslo_concurrency/lockutils.py:424}}
Jan 26 19:07:55.007865 np0005596550.novalocal cinder-volume[196635]: DEBUG oslo_concurrency.lockutils [req-aefb50bf-2097-43c2-9852-07c1e144a618 req-d3d98b3e-a5b6-477e-a94a-4f50fd9a9fe2 tempest-VolumesSnapshotTestJSON-666453103 None] Acquiring lock "lioadm" by "cinder.volume.targets.lio.LioAdm._execute" {{(pid=196635) inner /usr/local/lib/python3.12/site-packages/oslo_concurrency/lockutils.py:405}}
Jan 26 19:07:55.008573 np0005596550.novalocal cinder-volume[196635]: DEBUG oslo_concurrency.lockutils [req-aefb50bf-2097-43c2-9852-07c1e144a618 req-d3d98b3e-a5b6-477e-a94a-4f50fd9a9fe2 tempest-VolumesSnapshotTestJSON-666453103 None] Lock "lioadm" acquired by "cinder.volume.targets.lio.LioAdm._execute" :: waited 0.000s {{(pid=196635) inner /usr/local/lib/python3.12/site-packages/oslo_concurrency/lockutils.py:410}}
Jan 26 19:07:55.008714 np0005596550.novalocal cinder-volume[196635]: DEBUG oslo_concurrency.processutils [req-aefb50bf-2097-43c2-9852-07c1e144a618 req-d3d98b3e-a5b6-477e-a94a-4f50fd9a9fe2 tempest-VolumesSnapshotTestJSON-666453103 None] Running cmd (subprocess): sudo cinder-rootwrap /etc/cinder/rootwrap.conf cinder-rtstool save {{(pid=196635) execute /usr/local/lib/python3.12/site-packages/oslo_concurrency/processutils.py:349}}
Jan 26 19:07:55.031688 np0005596550.novalocal sudo[225654]: stack : PWD=/ ; USER=root ; COMMAND=/usr/local/bin/cinder-rootwrap /etc/cinder/rootwrap.conf cinder-rtstool save
Jan 26 19:07:55.680044 np0005596550.novalocal cinder-volume[196635]: DEBUG oslo_concurrency.processutils [req-aefb50bf-2097-43c2-9852-07c1e144a618 req-d3d98b3e-a5b6-477e-a94a-4f50fd9a9fe2 tempest-VolumesSnapshotTestJSON-666453103 None] CMD "sudo cinder-rootwrap /etc/cinder/rootwrap.conf cinder-rtstool save" returned: 0 in 0.671s {{(pid=196635) execute /usr/local/lib/python3.12/site-packages/oslo_concurrency/processutils.py:372}}
Jan 26 19:07:55.680521 np0005596550.novalocal cinder-volume[196635]: DEBUG oslo_concurrency.lockutils [req-aefb50bf-2097-43c2-9852-07c1e144a618 req-d3d98b3e-a5b6-477e-a94a-4f50fd9a9fe2 tempest-VolumesSnapshotTestJSON-666453103 None] Lock "lioadm" "released" by "cinder.volume.targets.lio.LioAdm._execute" :: held 0.672s {{(pid=196635) inner /usr/local/lib/python3.12/site-packages/oslo_concurrency/lockutils.py:424}}
Jan 26 19:07:55.715084 np0005596550.novalocal cinder-volume[196635]: DEBUG cinder.volume.manager [req-aefb50bf-2097-43c2-9852-07c1e144a618 req-d3d98b3e-a5b6-477e-a94a-4f50fd9a9fe2 tempest-VolumesSnapshotTestJSON-666453103 None] Connection info returned from driver {'target_discovered': False, 'target_portal': '38.102.83.18:3260', 'target_iqn': 'iqn.2010-10.org.openstack:volume-45ac36d4-0d45-4d42-8723-1353aae47e05', 'target_lun': 0, 'volume_id': '45ac36d4-0d45-4d42-8723-1353aae47e05', 'auth_method': 'CHAP', 'auth_username': 'Scs6TyYAxWX4riLALM2P', 'auth_password': '***', 'encrypted': False, 'qos_specs': None, 'access_mode': 'rw', 'cacheable': False, 'driver_volume_type': 'iscsi', 'attachment_id': '751bc286-8f12-4b77-996d-71b7a6814584', 'enforce_multipath': True} {{(pid=196635) _connection_create /opt/stack/cinder/cinder/volume/manager.py:4893}}
Jan 26 19:07:55.772433 np0005596550.novalocal cinder-volume[196635]: INFO cinder.volume.manager [req-aefb50bf-2097-43c2-9852-07c1e144a618 req-d3d98b3e-a5b6-477e-a94a-4f50fd9a9fe2 tempest-VolumesSnapshotTestJSON-666453103 None] attachment_update completed successfully.
Jan 26 19:08:02.513381 np0005596550.novalocal cinder-volume[196635]: DEBUG oslo_concurrency.processutils [None req-bcb262ca-b48d-4fca-af7d-3e44ed69f121 tempest-VolumesSnapshotTestJSON-666453103 None] Running cmd (subprocess): sudo cinder-rootwrap /etc/cinder/rootwrap.conf env LC_ALL=C lvs --noheadings --unit=g -o vg_name,name,size --nosuffix --readonly stack-volumes-lvmdriver-1/volume-45ac36d4-0d45-4d42-8723-1353aae47e05 {{(pid=196635) execute /usr/local/lib/python3.12/site-packages/oslo_concurrency/processutils.py:349}}
Jan 26 19:08:02.541194 np0005596550.novalocal sudo[225798]: stack : PWD=/ ; USER=root ; COMMAND=/usr/local/bin/cinder-rootwrap /etc/cinder/rootwrap.conf env LC_ALL=C lvs --noheadings --unit=g -o vg_name,name,size --nosuffix --readonly stack-volumes-lvmdriver-1/volume-45ac36d4-0d45-4d42-8723-1353aae47e05
Jan 26 19:08:02.983996 np0005596550.novalocal cinder-volume[196635]: DEBUG oslo_concurrency.processutils [None req-bcb262ca-b48d-4fca-af7d-3e44ed69f121 tempest-VolumesSnapshotTestJSON-666453103 None] CMD "sudo cinder-rootwrap /etc/cinder/rootwrap.conf env LC_ALL=C lvs --noheadings --unit=g -o vg_name,name,size --nosuffix --readonly stack-volumes-lvmdriver-1/volume-45ac36d4-0d45-4d42-8723-1353aae47e05" returned: 0 in 0.470s {{(pid=196635) execute /usr/local/lib/python3.12/site-packages/oslo_concurrency/processutils.py:372}}
Jan 26 19:08:02.984469 np0005596550.novalocal cinder-volume[196635]: DEBUG oslo_concurrency.processutils [None req-bcb262ca-b48d-4fca-af7d-3e44ed69f121 tempest-VolumesSnapshotTestJSON-666453103 None] Running cmd (subprocess): sudo cinder-rootwrap /etc/cinder/rootwrap.conf env LC_ALL=C lvcreate --name _snapshot-3c3b0b55-258f-40f4-8136-2955f105787e --snapshot stack-volumes-lvmdriver-1/volume-45ac36d4-0d45-4d42-8723-1353aae47e05 {{(pid=196635) execute /usr/local/lib/python3.12/site-packages/oslo_concurrency/processutils.py:349}}
Jan 26 19:08:03.015279 np0005596550.novalocal sudo[225803]: stack : PWD=/ ; USER=root ; COMMAND=/usr/local/bin/cinder-rootwrap /etc/cinder/rootwrap.conf env LC_ALL=C lvcreate --name _snapshot-3c3b0b55-258f-40f4-8136-2955f105787e --snapshot stack-volumes-lvmdriver-1/volume-45ac36d4-0d45-4d42-8723-1353aae47e05
Jan 26 19:08:03.607789 np0005596550.novalocal cinder-volume[196635]: DEBUG oslo_concurrency.processutils [None req-bcb262ca-b48d-4fca-af7d-3e44ed69f121 tempest-VolumesSnapshotTestJSON-666453103 None] CMD "sudo cinder-rootwrap /etc/cinder/rootwrap.conf env LC_ALL=C lvcreate --name _snapshot-3c3b0b55-258f-40f4-8136-2955f105787e --snapshot stack-volumes-lvmdriver-1/volume-45ac36d4-0d45-4d42-8723-1353aae47e05" returned: 0 in 0.620s {{(pid=196635) execute /usr/local/lib/python3.12/site-packages/oslo_concurrency/processutils.py:372}}
Jan 26 19:08:03.634873 np0005596550.novalocal cinder-volume[196635]: INFO cinder.volume.manager [None req-bcb262ca-b48d-4fca-af7d-3e44ed69f121 tempest-VolumesSnapshotTestJSON-666453103 None] Create snapshot completed successfully
Jan 26 19:08:04.737237 np0005596550.novalocal cinder-volume[196635]: DEBUG oslo_concurrency.processutils [None req-29edd939-4614-4e3b-bb82-4d88022569d2 tempest-VolumesSnapshotTestJSON-666453103 None] Running cmd (subprocess): sudo cinder-rootwrap /etc/cinder/rootwrap.conf env LC_ALL=C lvs --noheadings --unit=g -o vg_name,name,size --nosuffix --readonly stack-volumes-lvmdriver-1/volume-45ac36d4-0d45-4d42-8723-1353aae47e05 {{(pid=196635) execute /usr/local/lib/python3.12/site-packages/oslo_concurrency/processutils.py:349}}
Jan 26 19:08:04.767520 np0005596550.novalocal sudo[225817]: stack : PWD=/ ; USER=root ; COMMAND=/usr/local/bin/cinder-rootwrap /etc/cinder/rootwrap.conf env LC_ALL=C lvs --noheadings --unit=g -o vg_name,name,size --nosuffix --readonly stack-volumes-lvmdriver-1/volume-45ac36d4-0d45-4d42-8723-1353aae47e05
Jan 26 19:08:05.269806 np0005596550.novalocal cinder-volume[196635]: DEBUG oslo_concurrency.processutils [None req-29edd939-4614-4e3b-bb82-4d88022569d2 tempest-VolumesSnapshotTestJSON-666453103 None] CMD "sudo cinder-rootwrap /etc/cinder/rootwrap.conf env LC_ALL=C lvs --noheadings --unit=g -o vg_name,name,size --nosuffix --readonly stack-volumes-lvmdriver-1/volume-45ac36d4-0d45-4d42-8723-1353aae47e05" returned: 0 in 0.532s {{(pid=196635) execute /usr/local/lib/python3.12/site-packages/oslo_concurrency/processutils.py:372}}
Jan 26 19:08:05.271195 np0005596550.novalocal cinder-volume[196635]: DEBUG oslo_concurrency.processutils [None req-29edd939-4614-4e3b-bb82-4d88022569d2 tempest-VolumesSnapshotTestJSON-666453103 None] Running cmd (subprocess): sudo cinder-rootwrap /etc/cinder/rootwrap.conf env LC_ALL=C lvcreate --name _snapshot-edbefaa9-0149-4e36-bf50-7cbfb4448964 --snapshot stack-volumes-lvmdriver-1/volume-45ac36d4-0d45-4d42-8723-1353aae47e05 {{(pid=196635) execute /usr/local/lib/python3.12/site-packages/oslo_concurrency/processutils.py:349}}
Jan 26 19:08:05.299959 np0005596550.novalocal sudo[225863]: stack : PWD=/ ; USER=root ; COMMAND=/usr/local/bin/cinder-rootwrap /etc/cinder/rootwrap.conf env LC_ALL=C lvcreate --name _snapshot-edbefaa9-0149-4e36-bf50-7cbfb4448964 --snapshot stack-volumes-lvmdriver-1/volume-45ac36d4-0d45-4d42-8723-1353aae47e05
Jan 26 19:08:05.872016 np0005596550.novalocal cinder-volume[196635]: DEBUG oslo_concurrency.processutils [None req-29edd939-4614-4e3b-bb82-4d88022569d2 tempest-VolumesSnapshotTestJSON-666453103 None] CMD "sudo cinder-rootwrap /etc/cinder/rootwrap.conf env LC_ALL=C lvcreate --name _snapshot-edbefaa9-0149-4e36-bf50-7cbfb4448964 --snapshot stack-volumes-lvmdriver-1/volume-45ac36d4-0d45-4d42-8723-1353aae47e05" returned: 0 in 0.600s {{(pid=196635) execute /usr/local/lib/python3.12/site-packages/oslo_concurrency/processutils.py:372}}
Jan 26 19:08:05.913322 np0005596550.novalocal cinder-volume[196635]: INFO cinder.volume.manager [None req-29edd939-4614-4e3b-bb82-4d88022569d2 tempest-VolumesSnapshotTestJSON-666453103 None] Create snapshot completed successfully
Jan 26 19:08:06.867481 np0005596550.novalocal cinder-volume[196635]: DEBUG cinder.coordination [None req-16343bc5-3023-4d63-aaf0-5ce9e8848f02 tempest-VolumesSnapshotTestJSON-666453103 None] Acquiring lock "cinder-edbefaa9-0149-4e36-bf50-7cbfb4448964-delete_snapshot" by "delete_snapshot" {{(pid=196635) __acquire /opt/stack/cinder/cinder/coordination.py:143}}
Jan 26 19:08:06.875802 np0005596550.novalocal cinder-volume[196635]: DEBUG cinder.coordination [None req-16343bc5-3023-4d63-aaf0-5ce9e8848f02 tempest-VolumesSnapshotTestJSON-666453103 None] Lock "cinder-edbefaa9-0149-4e36-bf50-7cbfb4448964-delete_snapshot" acquired by "delete_snapshot" :: waited 0.008s {{(pid=196635) __acquire /opt/stack/cinder/cinder/coordination.py:146}}
Jan 26 19:08:06.880849 np0005596550.novalocal cinder-volume[196635]: DEBUG oslo_concurrency.processutils [None req-16343bc5-3023-4d63-aaf0-5ce9e8848f02 tempest-VolumesSnapshotTestJSON-666453103 None] Running cmd (subprocess): sudo cinder-rootwrap /etc/cinder/rootwrap.conf env LC_ALL=C lvs --noheadings --unit=g -o vg_name,name,size --nosuffix --readonly stack-volumes-lvmdriver-1/_snapshot-edbefaa9-0149-4e36-bf50-7cbfb4448964 {{(pid=196635) execute /usr/local/lib/python3.12/site-packages/oslo_concurrency/processutils.py:349}}
Jan 26 19:08:06.899644 np0005596550.novalocal sudo[225878]: stack : PWD=/ ; USER=root ; COMMAND=/usr/local/bin/cinder-rootwrap /etc/cinder/rootwrap.conf env LC_ALL=C lvs --noheadings --unit=g -o vg_name,name,size --nosuffix --readonly stack-volumes-lvmdriver-1/_snapshot-edbefaa9-0149-4e36-bf50-7cbfb4448964
Jan 26 19:08:07.247241 np0005596550.novalocal cinder-volume[196635]: DEBUG oslo_concurrency.processutils [None req-16343bc5-3023-4d63-aaf0-5ce9e8848f02 tempest-VolumesSnapshotTestJSON-666453103 None] CMD "sudo cinder-rootwrap /etc/cinder/rootwrap.conf env LC_ALL=C lvs --noheadings --unit=g -o vg_name,name,size --nosuffix --readonly stack-volumes-lvmdriver-1/_snapshot-edbefaa9-0149-4e36-bf50-7cbfb4448964" returned: 0 in 0.370s {{(pid=196635) execute /usr/local/lib/python3.12/site-packages/oslo_concurrency/processutils.py:372}}
Jan 26 19:08:07.247962 np0005596550.novalocal cinder-volume[196635]: DEBUG oslo_concurrency.processutils [None req-16343bc5-3023-4d63-aaf0-5ce9e8848f02 tempest-VolumesSnapshotTestJSON-666453103 None] Running cmd (subprocess): sudo cinder-rootwrap /etc/cinder/rootwrap.conf lvremove --config activation { retry_deactivation = 1} -f stack-volumes-lvmdriver-1/_snapshot-edbefaa9-0149-4e36-bf50-7cbfb4448964 {{(pid=196635) execute /usr/local/lib/python3.12/site-packages/oslo_concurrency/processutils.py:349}}
Jan 26 19:08:07.264978 np0005596550.novalocal sudo[225883]: stack : PWD=/ ; USER=root ; COMMAND=/usr/local/bin/cinder-rootwrap /etc/cinder/rootwrap.conf lvremove --config 'activation { retry_deactivation = 1} ' -f stack-volumes-lvmdriver-1/_snapshot-edbefaa9-0149-4e36-bf50-7cbfb4448964
Jan 26 19:08:07.667503 np0005596550.novalocal cinder-volume[196635]: DEBUG oslo_concurrency.processutils [None req-16343bc5-3023-4d63-aaf0-5ce9e8848f02 tempest-VolumesSnapshotTestJSON-666453103 None] CMD "sudo cinder-rootwrap /etc/cinder/rootwrap.conf lvremove --config activation { retry_deactivation = 1} -f stack-volumes-lvmdriver-1/_snapshot-edbefaa9-0149-4e36-bf50-7cbfb4448964" returned: 0 in 0.419s {{(pid=196635) execute /usr/local/lib/python3.12/site-packages/oslo_concurrency/processutils.py:372}}
