Feb 2 22:36:59 standalone proxy-server[131026]: 172.18.0.2 172.18.0.100 02/Feb/2026/22/36/59 GET /v1/AUTH_7df9793668ed44d695a92489552e5f5c/gnocchi.a048bad5-0db5-4f71-8dec-b67d625a46f9%3Fformat%3Djson%26states%3Dlisting HTTP/1.0 200 - python-swiftclient-3.11.1 gAAAAABpgSaZAKP7... - 2 - tx032de2665c98477fb42c1-006981270b - 0.0167 - - 1770071819.682873011 1770071819.699531555 0
Feb 2 22:36:59 standalone object-server[128968]: 172.20.0.100 - - [02/Feb/2026:22:36:59 +0000] "GET /d1/800/AUTH_7df9793668ed44d695a92489552e5f5c/gnocchi.a048bad5-0db5-4f71-8dec-b67d625a46f9/1769040000.0_mean_300.0_v3" 404 70 "GET http://172.18.0.2:8080/v1/AUTH_7df9793668ed44d695a92489552e5f5c/gnocchi.a048bad5-0db5-4f71-8dec-b67d625a46f9/1769040000.0_mean_300.0_v3" "tx974b5bba31c44dc8bc219-006981270b" "proxy-server 20" 0.0005 "-" 21 0
Feb 2 22:36:59 standalone proxy-server[131026]: 172.18.0.2 172.18.0.100 02/Feb/2026/22/36/59 GET /v1/AUTH_7df9793668ed44d695a92489552e5f5c/gnocchi.a048bad5-0db5-4f71-8dec-b67d625a46f9/1769040000.0_mean_300.0_v3 HTTP/1.0 404 - python-swiftclient-3.11.1 gAAAAABpgSaZAKP7... - 70 - tx974b5bba31c44dc8bc219-006981270b - 0.0059 - - 1770071819.703830957 1770071819.709774494 0
Feb 2 22:36:59 standalone container-server[128816]: 172.20.0.100 - - [02/Feb/2026:22:36:59 +0000] "PUT /d1/619/AUTH_7df9793668ed44d695a92489552e5f5c/gnocchi.a048bad5-0db5-4f71-8dec-b67d625a46f9/1769040000.0_mean_300.0_v3" 201 - "PUT http://172.18.0.2:8080/d1/800/AUTH_7df9793668ed44d695a92489552e5f5c/gnocchi.a048bad5-0db5-4f71-8dec-b67d625a46f9/1769040000.0_mean_300.0_v3" "txa59afb3309634d669e3c9-006981270b" "object-server 25" 0.0012 "-" 17 0
Feb 2 22:36:59 standalone object-server[128973]: 172.20.0.100 - - [02/Feb/2026:22:36:59 +0000] "PUT /d1/800/AUTH_7df9793668ed44d695a92489552e5f5c/gnocchi.a048bad5-0db5-4f71-8dec-b67d625a46f9/1769040000.0_mean_300.0_v3" 201 - "PUT http://172.18.0.2:8080/v1/AUTH_7df9793668ed44d695a92489552e5f5c/gnocchi.a048bad5-0db5-4f71-8dec-b67d625a46f9/1769040000.0_mean_300.0_v3" "txa59afb3309634d669e3c9-006981270b" "proxy-server 20" 0.0124 "-" 25 0
Feb 2 22:36:59 standalone proxy-server[131026]: 172.18.0.2 172.18.0.100 02/Feb/2026/22/36/59 PUT /v1/AUTH_7df9793668ed44d695a92489552e5f5c/gnocchi.a048bad5-0db5-4f71-8dec-b67d625a46f9/1769040000.0_mean_300.0_v3 HTTP/1.0 201 - python-swiftclient-3.11.1 gAAAAABpgSaZAKP7... 16 - - txa59afb3309634d669e3c9-006981270b - 0.0194 - - 1770071819.713244677 1770071819.732679367 0
Feb 2 22:36:59 standalone container-server[128811]: 172.20.0.100 - - [02/Feb/2026:22:36:59 +0000] "PUT /d1/619/AUTH_7df9793668ed44d695a92489552e5f5c/gnocchi.a048bad5-0db5-4f71-8dec-b67d625a46f9/none_v3" 201 - "PUT http://172.18.0.2:8080/d1/282/AUTH_7df9793668ed44d695a92489552e5f5c/gnocchi.a048bad5-0db5-4f71-8dec-b67d625a46f9/none_v3" "txdcd3cb48be584da68424f-006981270b" "object-server 24" 0.0010 "-" 16 0
Feb 2 22:36:59 standalone object-server[128972]: 172.20.0.100 - - [02/Feb/2026:22:36:59 +0000] "PUT /d1/282/AUTH_7df9793668ed44d695a92489552e5f5c/gnocchi.a048bad5-0db5-4f71-8dec-b67d625a46f9/none_v3" 201 - "PUT http://172.18.0.2:8080/v1/AUTH_7df9793668ed44d695a92489552e5f5c/gnocchi.a048bad5-0db5-4f71-8dec-b67d625a46f9/none_v3" "txdcd3cb48be584da68424f-006981270b" "proxy-server 20" 0.0144 "-" 24 0
Feb 2 22:36:59 standalone proxy-server[131026]: 172.18.0.2 172.18.0.100 02/Feb/2026/22/36/59 PUT /v1/AUTH_7df9793668ed44d695a92489552e5f5c/gnocchi.a048bad5-0db5-4f71-8dec-b67d625a46f9/none_v3 HTTP/1.0 201 - python-swiftclient-3.11.1 gAAAAABpgSaZAKP7... 22 - - txdcd3cb48be584da68424f-006981270b - 0.0203 - - 1770071819.736144066 1770071819.756446123 0
Feb 2 22:37:00 standalone object-server[128969]: 172.20.0.100 - - [02/Feb/2026:22:37:00 +0000] "GET /d1/282/AUTH_7df9793668ed44d695a92489552e5f5c/gnocchi.a048bad5-0db5-4f71-8dec-b67d625a46f9/none_v3" 200 22 "GET http://172.18.0.2:8080/v1/AUTH_7df9793668ed44d695a92489552e5f5c/gnocchi.a048bad5-0db5-4f71-8dec-b67d625a46f9/none_v3" "tx335fb40e3fbf41bb8342d-006981270c" "proxy-server 20" 0.0008 "-" 22 0
Feb 2 22:37:00 standalone proxy-server[131026]: 172.18.0.2 172.18.0.100 02/Feb/2026/22/37/00 GET /v1/AUTH_7df9793668ed44d695a92489552e5f5c/gnocchi.a048bad5-0db5-4f71-8dec-b67d625a46f9/none_v3 HTTP/1.0 200 - python-swiftclient-3.11.1 gAAAAABpgSaZAKP7... - 22 - tx335fb40e3fbf41bb8342d-006981270c - 0.0069 - - 1770071820.604407787 1770071820.611266375 0
Feb 2 22:37:00 standalone container-server[128816]: 172.20.0.100 - - [02/Feb/2026:22:37:00 +0000] "GET /d1/619/AUTH_7df9793668ed44d695a92489552e5f5c/gnocchi.a048bad5-0db5-4f71-8dec-b67d625a46f9" 200 357 "GET http://172.18.0.2:8080/v1/AUTH_7df9793668ed44d695a92489552e5f5c/gnocchi.a048bad5-0db5-4f71-8dec-b67d625a46f9?format=json&states=listing" "tx7590373111cd4b33a7320-006981270c" "proxy-server 20" 0.0162 "-" 17 0
Feb 2 22:37:00 standalone proxy-server[131026]: 172.18.0.2 172.18.0.100 02/Feb/2026/22/37/00 GET /v1/AUTH_7df9793668ed44d695a92489552e5f5c/gnocchi.a048bad5-0db5-4f71-8dec-b67d625a46f9%3Fformat%3Djson%26states%3Dlisting HTTP/1.0 200 - python-swiftclient-3.11.1 gAAAAABpgSaZAKP7... - 357 - tx7590373111cd4b33a7320-006981270c - 0.0226 - - 1770071820.618932962 1770071820.641555548 0
Feb 2 22:37:00 standalone container-server[128816]: 172.20.0.100 - - [02/Feb/2026:22:37:00 +0000] "GET /d1/619/AUTH_7df9793668ed44d695a92489552e5f5c/gnocchi.a048bad5-0db5-4f71-8dec-b67d625a46f9" 200 2 "GET http://172.18.0.2:8080/v1/AUTH_7df9793668ed44d695a92489552e5f5c/gnocchi.a048bad5-0db5-4f71-8dec-b67d625a46f9?format=json&marker=none_v3&states=listing" "txb2a572741b6e4141aff34-006981270c" "proxy-server 20" 0.0016 "-" 17 0
Feb 2 22:37:00 standalone proxy-server[131026]: 172.18.0.2 172.18.0.100 02/Feb/2026/22/37/00 GET /v1/AUTH_7df9793668ed44d695a92489552e5f5c/gnocchi.a048bad5-0db5-4f71-8dec-b67d625a46f9%3Fformat%3Djson%26marker%3Dnone_v3%26states%3Dlisting HTTP/1.0 200 - python-swiftclient-3.11.1 gAAAAABpgSaZAKP7... - 2 - txb2a572741b6e4141aff34-006981270c - 0.0060 - - 1770071820.644880533 1770071820.650856018 0
Feb 2 22:37:00 standalone object-server[128972]: 172.20.0.100 - - [02/Feb/2026:22:37:00 +0000] "GET /d1/800/AUTH_7df9793668ed44d695a92489552e5f5c/gnocchi.a048bad5-0db5-4f71-8dec-b67d625a46f9/1769040000.0_mean_300.0_v3" 200 16 "GET http://172.18.0.2:8080/v1/AUTH_7df9793668ed44d695a92489552e5f5c/gnocchi.a048bad5-0db5-4f71-8dec-b67d625a46f9/1769040000.0_mean_300.0_v3" "txa65246737fb244c0b620c-006981270c" "proxy-server 20" 0.0006 "-" 24 0
Feb 2 22:37:00 standalone proxy-server[131026]: 172.18.0.2 172.18.0.100 02/Feb/2026/22/37/00 GET /v1/AUTH_7df9793668ed44d695a92489552e5f5c/gnocchi.a048bad5-0db5-4f71-8dec-b67d625a46f9/1769040000.0_mean_300.0_v3 HTTP/1.0 200 - python-swiftclient-3.11.1 gAAAAABpgSaZAKP7... - 16 - txa65246737fb244c0b620c-006981270c - 0.0072 - - 1770071820.654745340 1770071820.661985874 0
Feb 2 22:37:00 standalone container-server[128816]: 172.20.0.100 - - [02/Feb/2026:22:37:00 +0000] "PUT /d1/619/AUTH_7df9793668ed44d695a92489552e5f5c/gnocchi.a048bad5-0db5-4f71-8dec-b67d625a46f9/1769040000.0_mean_300.0_v3" 201 - "PUT http://172.18.0.2:8080/d1/800/AUTH_7df9793668ed44d695a92489552e5f5c/gnocchi.a048bad5-0db5-4f71-8dec-b67d625a46f9/1769040000.0_mean_300.0_v3" "txb947e9528e644873aa7ba-006981270c" "object-server 21" 0.0008 "-" 17 0
Feb 2 22:37:00 standalone object-server[128968]: 172.20.0.100 - - [02/Feb/2026:22:37:00 +0000] "PUT /d1/800/AUTH_7df9793668ed44d695a92489552e5f5c/gnocchi.a048bad5-0db5-4f71-8dec-b67d625a46f9/1769040000.0_mean_300.0_v3" 201 - "PUT http://172.18.0.2:8080/v1/AUTH_7df9793668ed44d695a92489552e5f5c/gnocchi.a048bad5-0db5-4f71-8dec-b67d625a46f9/1769040000.0_mean_300.0_v3" "txb947e9528e644873aa7ba-006981270c" "proxy-server 20" 0.0197 "-" 21 0
Feb 2 22:37:00 standalone proxy-server[131026]: 172.18.0.2 172.18.0.100 02/Feb/2026/22/37/00 PUT /v1/AUTH_7df9793668ed44d695a92489552e5f5c/gnocchi.a048bad5-0db5-4f71-8dec-b67d625a46f9/1769040000.0_mean_300.0_v3 HTTP/1.0 201 - python-swiftclient-3.11.1 gAAAAABpgSaZAKP7... 16 - - txb947e9528e644873aa7ba-006981270c - 0.0236 - - 1770071820.668202400 1770071820.691823244 0
Feb 2 22:37:00 standalone container-server[128816]: 172.20.0.100 - - [02/Feb/2026:22:37:00 +0000] "PUT /d1/619/AUTH_7df9793668ed44d695a92489552e5f5c/gnocchi.a048bad5-0db5-4f71-8dec-b67d625a46f9/none_v3" 201 - "PUT http://172.18.0.2:8080/d1/282/AUTH_7df9793668ed44d695a92489552e5f5c/gnocchi.a048bad5-0db5-4f71-8dec-b67d625a46f9/none_v3" "tx68c507bb7df04db3bdda6-006981270c" "object-server 21" 0.0004 "-" 17 0
Feb 2 22:37:00 standalone object-server[128968]: 172.20.0.100 - - [02/Feb/2026:22:37:00 +0000] "PUT /d1/282/AUTH_7df9793668ed44d695a92489552e5f5c/gnocchi.a048bad5-0db5-4f71-8dec-b67d625a46f9/none_v3" 201 - "PUT http://172.18.0.2:8080/v1/AUTH_7df9793668ed44d695a92489552e5f5c/gnocchi.a048bad5-0db5-4f71-8dec-b67d625a46f9/none_v3" "tx68c507bb7df04db3bdda6-006981270c" "proxy-server 20" 0.0087 "-" 21 0
Feb 2 22:37:00 standalone proxy-server[131026]: 172.18.0.2 172.18.0.100 02/Feb/2026/22/37/00 PUT /v1/AUTH_7df9793668ed44d695a92489552e5f5c/gnocchi.a048bad5-0db5-4f71-8dec-b67d625a46f9/none_v3 HTTP/1.0 201 - python-swiftclient-3.11.1 gAAAAABpgSaZAKP7... 31 - - tx68c507bb7df04db3bdda6-006981270c - 0.0140 - - 1770071820.694795847 1770071820.708793163 0
Feb 2 22:37:09 standalone account-server[128791]: 172.20.0.100 - - [02/Feb/2026:22:37:09 +0000] "HEAD /d1/643/AUTH_7df9793668ed44d695a92489552e5f5c" 204 - "HEAD http://172.18.0.2:8080/v1/AUTH_7df9793668ed44d695a92489552e5f5c?format=json" "tx57183c46b71b452d9aa8b-0069812715" "proxy-server 20" 0.0056 "-" 20 -
Feb 2 22:37:09 standalone proxy-server[131026]: - - 02/Feb/2026/22/37/09 HEAD /v1/AUTH_7df9793668ed44d695a92489552e5f5c%3Fformat%3Djson HTTP/1.0 204 - Swift - - - - tx57183c46b71b452d9aa8b-0069812715 - 0.0116 RL - 1770071829.665298462 1770071829.676887989 -
Feb 2 22:37:09 standalone object-server[128968]: 172.20.0.100 - - [02/Feb/2026:22:37:09 +0000] "GET /d1/929/AUTH_7df9793668ed44d695a92489552e5f5c/gnocchi.954d8934-484a-4cfd-b2e5-c379c791cc06/none_v3" 200 32 "GET http://172.18.0.2:8080/v1/AUTH_7df9793668ed44d695a92489552e5f5c/gnocchi.954d8934-484a-4cfd-b2e5-c379c791cc06/none_v3" "tx57183c46b71b452d9aa8b-0069812715" "proxy-server 20" 0.0010 "-" 21 0
Feb 2 22:37:09 standalone proxy-server[131026]: 172.18.0.2 172.18.0.100 02/Feb/2026/22/37/09 GET /v1/AUTH_7df9793668ed44d695a92489552e5f5c/gnocchi.954d8934-484a-4cfd-b2e5-c379c791cc06/none_v3 HTTP/1.0 200 - python-swiftclient-3.11.1 gAAAAABpgSaZAKP7... - 32 - tx57183c46b71b452d9aa8b-0069812715 - 0.0280 - - 1770071829.663753271 1770071829.691772938 0
Feb 2 22:37:09 standalone container-server[128811]: 172.20.0.100 - - [02/Feb/2026:22:37:09 +0000] "GET /d1/473/AUTH_7df9793668ed44d695a92489552e5f5c/gnocchi.954d8934-484a-4cfd-b2e5-c379c791cc06" 200 357 "GET http://172.18.0.2:8080/v1/AUTH_7df9793668ed44d695a92489552e5f5c/gnocchi.954d8934-484a-4cfd-b2e5-c379c791cc06?format=json&states=listing" "tx08c4f99b57bf4fc28dbb7-0069812715" "proxy-server 20" 0.0073 "-" 16 0
Feb 2 22:37:09 standalone proxy-server[131026]: 172.18.0.2 172.18.0.100 02/Feb/2026/22/37/09 GET /v1/AUTH_7df9793668ed44d695a92489552e5f5c/gnocchi.954d8934-484a-4cfd-b2e5-c379c791cc06%3Fformat%3Djson%26states%3Dlisting HTTP/1.0 200 - python-swiftclient-3.11.1 gAAAAABpgSaZAKP7... - 357 - tx08c4f99b57bf4fc28dbb7-0069812715 - 0.0174 - - 1770071829.697206259 1770071829.714648485 0
Feb 2 22:37:09 standalone container-server[128809]: 172.20.0.100 - - [02/Feb/2026:22:37:09 +0000] "GET /d1/473/AUTH_7df9793668ed44d695a92489552e5f5c/gnocchi.954d8934-484a-4cfd-b2e5-c379c791cc06" 200 2 "GET http://172.18.0.2:8080/v1/AUTH_7df9793668ed44d695a92489552e5f5c/gnocchi.954d8934-484a-4cfd-b2e5-c379c791cc06?format=json&marker=none_v3&states=listing" "tx0d3c7df56d444deb8ac61-0069812715" "proxy-server 20" 0.0025 "-" 15 0
Feb 2 22:37:09 standalone proxy-server[131026]: 172.18.0.2 172.18.0.100 02/Feb/2026/22/37/09 GET /v1/AUTH_7df9793668ed44d695a92489552e5f5c/gnocchi.954d8934-484a-4cfd-b2e5-c379c791cc06%3Fformat%3Djson%26marker%3Dnone_v3%26states%3Dlisting HTTP/1.0 200 - python-swiftclient-3.11.1 gAAAAABpgSaZAKP7... - 2 - tx0d3c7df56d444deb8ac61-0069812715 - 0.0085 - - 1770071829.727045774 1770071829.735556364 0
Feb 2 22:37:09 standalone object-server[128973]: 172.20.0.100 - - [02/Feb/2026:22:37:09 +0000] "GET /d1/793/AUTH_7df9793668ed44d695a92489552e5f5c/gnocchi.954d8934-484a-4cfd-b2e5-c379c791cc06/1769040000.0_mean_300.0_v3" 200 16 "GET http://172.18.0.2:8080/v1/AUTH_7df9793668ed44d695a92489552e5f5c/gnocchi.954d8934-484a-4cfd-b2e5-c379c791cc06/1769040000.0_mean_300.0_v3" "tx2e2a51acf6454f319b386-0069812715" "proxy-server 20" 0.0025 "-" 25 0
Feb 2 22:37:09 standalone proxy-server[131026]: 172.18.0.2 172.18.0.100 02/Feb/2026/22/37/09 GET /v1/AUTH_7df9793668ed44d695a92489552e5f5c/gnocchi.954d8934-484a-4cfd-b2e5-c379c791cc06/1769040000.0_mean_300.0_v3 HTTP/1.0 200 - python-swiftclient-3.11.1 gAAAAABpgSaZAKP7... - 16 - tx2e2a51acf6454f319b386-0069812715 - 0.0148 - - 1770071829.740663290 1770071829.755419493 0
Feb 2 22:37:09 standalone container-server[128809]: 172.20.0.100 - - [02/Feb/2026:22:37:09 +0000] "PUT /d1/473/AUTH_7df9793668ed44d695a92489552e5f5c/gnocchi.954d8934-484a-4cfd-b2e5-c379c791cc06/1769040000.0_mean_300.0_v3" 201 - "PUT http://172.18.0.2:8080/d1/793/AUTH_7df9793668ed44d695a92489552e5f5c/gnocchi.954d8934-484a-4cfd-b2e5-c379c791cc06/1769040000.0_mean_300.0_v3" "txde25be6565ce482ea788e-0069812715" "object-server 21" 0.0006 "-" 15 0
Feb 2 22:37:09 standalone object-server[128968]: 172.20.0.100 - - [02/Feb/2026:22:37:09 +0000] "PUT /d1/793/AUTH_7df9793668ed44d695a92489552e5f5c/gnocchi.954d8934-484a-4cfd-b2e5-c379c791cc06/1769040000.0_mean_300.0_v3" 201 - "PUT http://172.18.0.2:8080/v1/AUTH_7df9793668ed44d695a92489552e5f5c/gnocchi.954d8934-484a-4cfd-b2e5-c379c791cc06/1769040000.0_mean_300.0_v3" "txde25be6565ce482ea788e-0069812715" "proxy-server 20" 0.0103 "-" 21 0
Feb 2 22:37:09 standalone proxy-server[131026]: 172.18.0.2 172.18.0.100 02/Feb/2026/22/37/09 PUT /v1/AUTH_7df9793668ed44d695a92489552e5f5c/gnocchi.954d8934-484a-4cfd-b2e5-c379c791cc06/1769040000.0_mean_300.0_v3 HTTP/1.0 201 - python-swiftclient-3.11.1 gAAAAABpgSaZAKP7... 16 - - txde25be6565ce482ea788e-0069812715 - 0.0169 - - 1770071829.764355421 1770071829.781221628 0
Feb 2 22:37:09 standalone container-server[128809]: 172.20.0.100 - - [02/Feb/2026:22:37:09 +0000] "PUT /d1/473/AUTH_7df9793668ed44d695a92489552e5f5c/gnocchi.954d8934-484a-4cfd-b2e5-c379c791cc06/none_v3" 201 - "PUT http://172.18.0.2:8080/d1/929/AUTH_7df9793668ed44d695a92489552e5f5c/gnocchi.954d8934-484a-4cfd-b2e5-c379c791cc06/none_v3" "tx07a4aaa9728141e28197c-0069812715" "object-server 21" 0.0009 "-" 15 0
Feb 2 22:37:09 standalone object-server[128968]: 172.20.0.100 - - [02/Feb/2026:22:37:09 +0000] "PUT /d1/929/AUTH_7df9793668ed44d695a92489552e5f5c/gnocchi.954d8934-484a-4cfd-b2e5-c379c791cc06/none_v3" 201 - "PUT http://172.18.0.2:8080/v1/AUTH_7df9793668ed44d695a92489552e5f5c/gnocchi.954d8934-484a-4cfd-b2e5-c379c791cc06/none_v3" "tx07a4aaa9728141e28197c-0069812715" "proxy-server 20" 0.0088 "-" 21 0
Feb 2 22:37:09 standalone proxy-server[131026]: 172.18.0.2 172.18.0.100 02/Feb/2026/22/37/09 PUT /v1/AUTH_7df9793668ed44d695a92489552e5f5c/gnocchi.954d8934-484a-4cfd-b2e5-c379c791cc06/none_v3 HTTP/1.0 201 - python-swiftclient-3.11.1 gAAAAABpgSaZAKP7... 46 - - tx07a4aaa9728141e28197c-0069812715 - 0.0152 - - 1770071829.783617020 1770071829.798797846 0
Feb 2 22:37:10 standalone object-server[128973]: 172.20.0.100 - - [02/Feb/2026:22:37:10 +0000] "GET /d1/929/AUTH_7df9793668ed44d695a92489552e5f5c/gnocchi.954d8934-484a-4cfd-b2e5-c379c791cc06/none_v3" 200 46 "GET http://172.18.0.2:8080/v1/AUTH_7df9793668ed44d695a92489552e5f5c/gnocchi.954d8934-484a-4cfd-b2e5-c379c791cc06/none_v3" "txf7b39d35e1fb483dbe9a8-0069812716" "proxy-server 20" 0.0007 "-" 25 0
Feb 2 22:37:10 standalone proxy-server[131026]: 172.18.0.2 172.18.0.100 02/Feb/2026/22/37/10 GET /v1/AUTH_7df9793668ed44d695a92489552e5f5c/gnocchi.954d8934-484a-4cfd-b2e5-c379c791cc06/none_v3 HTTP/1.0 200 - python-swiftclient-3.11.1 gAAAAABpgSaZAKP7... - 46 - txf7b39d35e1fb483dbe9a8-0069812716 - 0.0080 - - 1770071830.619895220 1770071830.627860308 0
Feb 2 22:37:10 standalone container-server[128811]: 172.20.0.100 - - [02/Feb/2026:22:37:10 +0000] "GET /d1/473/AUTH_7df9793668ed44d695a92489552e5f5c/gnocchi.954d8934-484a-4cfd-b2e5-c379c791cc06" 200 357 "GET http://172.18.0.2:8080/v1/AUTH_7df9793668ed44d695a92489552e5f5c/gnocchi.954d8934-484a-4cfd-b2e5-c379c791cc06?format=json&states=listing" "txdbf9a8b3ded14cf3b092b-0069812716" "proxy-server 20" 0.0061 "-" 16 0
Feb 2 22:37:10 standalone proxy-server[131026]: 172.18.0.2 172.18.0.100 02/Feb/2026/22/37/10 GET /v1/AUTH_7df9793668ed44d695a92489552e5f5c/gnocchi.954d8934-484a-4cfd-b2e5-c379c791cc06%3Fformat%3Djson%26states%3Dlisting HTTP/1.0 200 - python-swiftclient-3.11.1 gAAAAABpgSaZAKP7... - 357 - txdbf9a8b3ded14cf3b092b-0069812716 - 0.0126 - - 1770071830.632689714 1770071830.645272255 0
Feb 2 22:37:10 standalone container-server[128809]: 172.20.0.100 - - [02/Feb/2026:22:37:10 +0000] "GET /d1/473/AUTH_7df9793668ed44d695a92489552e5f5c/gnocchi.954d8934-484a-4cfd-b2e5-c379c791cc06" 200 2 "GET http://172.18.0.2:8080/v1/AUTH_7df9793668ed44d695a92489552e5f5c/gnocchi.954d8934-484a-4cfd-b2e5-c379c791cc06?format=json&marker=none_v3&states=listing" "txaaab87a23f3044709a3cf-0069812716" "proxy-server 20" 0.0020 "-" 15 0
Feb 2 22:37:10 standalone proxy-server[131026]: 172.18.0.2 172.18.0.100 02/Feb/2026/22/37/10 GET /v1/AUTH_7df9793668ed44d695a92489552e5f5c/gnocchi.954d8934-484a-4cfd-b2e5-c379c791cc06%3Fformat%3Djson%26marker%3Dnone_v3%26states%3Dlisting HTTP/1.0 200 - python-swiftclient-3.11.1 gAAAAABpgSaZAKP7... - 2 - txaaab87a23f3044709a3cf-0069812716 - 0.0079 - - 1770071830.649319649 1770071830.657239199 0
Feb 2 22:37:10 standalone object-server[128969]: 172.20.0.100 - - [02/Feb/2026:22:37:10 +0000] "GET /d1/793/AUTH_7df9793668ed44d695a92489552e5f5c/gnocchi.954d8934-484a-4cfd-b2e5-c379c791cc06/1769040000.0_mean_300.0_v3" 200 16 "GET http://172.18.0.2:8080/v1/AUTH_7df9793668ed44d695a92489552e5f5c/gnocchi.954d8934-484a-4cfd-b2e5-c379c791cc06/1769040000.0_mean_300.0_v3" "tx672ba41636dd4adf8ff75-0069812716" "proxy-server 20" 0.0006 "-" 22 0
Feb 2 22:37:10 standalone proxy-server[131026]: 172.18.0.2 172.18.0.100 02/Feb/2026/22/37/10 GET /v1/AUTH_7df9793668ed44d695a92489552e5f5c/gnocchi.954d8934-484a-4cfd-b2e5-c379c791cc06/1769040000.0_mean_300.0_v3 HTTP/1.0 200 - python-swiftclient-3.11.1 gAAAAABpgSaZAKP7... - 16 - tx672ba41636dd4adf8ff75-0069812716 - 0.0069 - - 1770071830.662278175 1770071830.669187307 0
Feb 2 22:37:10 standalone container-server[128811]: 172.20.0.100 - - [02/Feb/2026:22:37:10 +0000] "PUT /d1/473/AUTH_7df9793668ed44d695a92489552e5f5c/gnocchi.954d8934-484a-4cfd-b2e5-c379c791cc06/1769040000.0_mean_300.0_v3" 201 - "PUT http://172.18.0.2:8080/d1/793/AUTH_7df9793668ed44d695a92489552e5f5c/gnocchi.954d8934-484a-4cfd-b2e5-c379c791cc06/1769040000.0_mean_300.0_v3" "tx749378b20f084195b5160-0069812716" "object-server 22" 0.0005 "-" 16 0
Feb 2 22:37:10 standalone object-server[128969]: 172.20.0.100 - - [02/Feb/2026:22:37:10 +0000] "PUT /d1/793/AUTH_7df9793668ed44d695a92489552e5f5c/gnocchi.954d8934-484a-4cfd-b2e5-c379c791cc06/1769040000.0_mean_300.0_v3" 201 - "PUT http://172.18.0.2:8080/v1/AUTH_7df9793668ed44d695a92489552e5f5c/gnocchi.954d8934-484a-4cfd-b2e5-c379c791cc06/1769040000.0_mean_300.0_v3" "tx749378b20f084195b5160-0069812716" "proxy-server 20" 0.0079 "-" 22 0
Feb 2 22:37:10 standalone proxy-server[131026]: 172.18.0.2 172.18.0.100 02/Feb/2026/22/37/10 PUT /v1/AUTH_7df9793668ed44d695a92489552e5f5c/gnocchi.954d8934-484a-4cfd-b2e5-c379c791cc06/1769040000.0_mean_300.0_v3 HTTP/1.0 201 - python-swiftclient-3.11.1 gAAAAABpgSaZAKP7... 16 - - tx749378b20f084195b5160-0069812716 - 0.0124 - - 1770071830.673100233 1770071830.685456753 0
Feb 2 22:37:10 standalone container-server[128808]: 172.20.0.100 - - [02/Feb/2026:22:37:10 +0000] "PUT /d1/473/AUTH_7df9793668ed44d695a92489552e5f5c/gnocchi.954d8934-484a-4cfd-b2e5-c379c791cc06/none_v3" 201 - "PUT http://172.18.0.2:8080/d1/929/AUTH_7df9793668ed44d695a92489552e5f5c/gnocchi.954d8934-484a-4cfd-b2e5-c379c791cc06/none_v3" "tx107fec1784d84ceaa54dd-0069812716" "object-server 24" 0.0007 "-" 14 0
Feb 2 22:37:10 standalone object-server[128972]: 172.20.0.100 - - [02/Feb/2026:22:37:10 +0000] "PUT /d1/929/AUTH_7df9793668ed44d695a92489552e5f5c/gnocchi.954d8934-484a-4cfd-b2e5-c379c791cc06/none_v3" 201 - "PUT http://172.18.0.2:8080/v1/AUTH_7df9793668ed44d695a92489552e5f5c/gnocchi.954d8934-484a-4cfd-b2e5-c379c791cc06/none_v3" "tx107fec1784d84ceaa54dd-0069812716" "proxy-server 20" 0.0123 "-" 24 0
Feb 2 22:37:10 standalone proxy-server[131026]: 172.18.0.2 172.18.0.100 02/Feb/2026/22/37/10 PUT /v1/AUTH_7df9793668ed44d695a92489552e5f5c/gnocchi.954d8934-484a-4cfd-b2e5-c379c791cc06/none_v3 HTTP/1.0 201 - python-swiftclient-3.11.1 gAAAAABpgSaZAKP7... 51 - - tx107fec1784d84ceaa54dd-0069812716 - 0.0191 - - 1770071830.689126253 1770071830.708239555 0
Feb 2 22:37:10 standalone object-server[128972]: 172.20.0.100 - - [02/Feb/2026:22:37:10 +0000] "GET /d1/685/AUTH_7df9793668ed44d695a92489552e5f5c/gnocchi.618957f8-51a8-4781-80d9-50aaf8e74571/none_v3" 200 22 "GET http://172.18.0.2:8080/v1/AUTH_7df9793668ed44d695a92489552e5f5c/gnocchi.618957f8-51a8-4781-80d9-50aaf8e74571/none_v3" "txebbe03210cbc408ea4d6e-0069812716" "proxy-server 20" 0.0010 "-" 24 0
Feb 2 22:37:10 standalone proxy-server[131026]: 172.18.0.2 172.18.0.100 02/Feb/2026/22/37/10 GET /v1/AUTH_7df9793668ed44d695a92489552e5f5c/gnocchi.618957f8-51a8-4781-80d9-50aaf8e74571/none_v3 HTTP/1.0 200 - python-swiftclient-3.11.1 gAAAAABpgSaZAKP7... - 22 - txebbe03210cbc408ea4d6e-0069812716 - 0.0084 - - 1770071830.722259521 1770071830.730612278 0
Feb 2 22:37:10 standalone container-server[128811]: 172.20.0.100 - - [02/Feb/2026:22:37:10 +0000] "GET /d1/906/AUTH_7df9793668ed44d695a92489552e5f5c/gnocchi.618957f8-51a8-4781-80d9-50aaf8e74571" 200 357 "GET http://172.18.0.2:8080/v1/AUTH_7df9793668ed44d695a92489552e5f5c/gnocchi.618957f8-51a8-4781-80d9-50aaf8e74571?format=json&states=listing" "txe3c44109ec394b12993e4-0069812716" "proxy-server 20" 0.0083 "-" 16 0
Feb 2 22:37:10 standalone proxy-server[131026]: 172.18.0.2 172.18.0.100 02/Feb/2026/22/37/10 GET /v1/AUTH_7df9793668ed44d695a92489552e5f5c/gnocchi.618957f8-51a8-4781-80d9-50aaf8e74571%3Fformat%3Djson%26states%3Dlisting HTTP/1.0 200 - python-swiftclient-3.11.1 gAAAAABpgSaZAKP7... - 357 - txe3c44109ec394b12993e4-0069812716 - 0.0155 - - 1770071830.735022068 1770071830.750511169 0
Feb 2 22:37:10 standalone container-server[128809]: 172.20.0.100 - - [02/Feb/2026:22:37:10 +0000] "GET /d1/906/AUTH_7df9793668ed44d695a92489552e5f5c/gnocchi.618957f8-51a8-4781-80d9-50aaf8e74571" 200 2 "GET http://172.18.0.2:8080/v1/AUTH_7df9793668ed44d695a92489552e5f5c/gnocchi.618957f8-51a8-4781-80d9-50aaf8e74571?format=json&marker=none_v3&states=listing" "tx9f1231f506714b1d9ae66-0069812716" "proxy-server 20" 0.0016 "-" 15 0
Feb 2 22:37:10 standalone proxy-server[131026]: 172.18.0.2 172.18.0.100 02/Feb/2026/22/37/10 GET /v1/AUTH_7df9793668ed44d695a92489552e5f5c/gnocchi.618957f8-51a8-4781-80d9-50aaf8e74571%3Fformat%3Djson%26marker%3Dnone_v3%26states%3Dlisting HTTP/1.0 200 - python-swiftclient-3.11.1 gAAAAABpgSaZAKP7... - 2 - tx9f1231f506714b1d9ae66-0069812716 - 0.0084 - - 1770071830.754108429 1770071830.762515306 0
Feb 2 22:37:10 standalone object-server[128972]: 172.20.0.100 - - [02/Feb/2026:22:37:10 +0000] "GET /d1/446/AUTH_7df9793668ed44d695a92489552e5f5c/gnocchi.618957f8-51a8-4781-80d9-50aaf8e74571/1769040000.0_mean_300.0_v3" 200 16 "GET http://172.18.0.2:8080/v1/AUTH_7df9793668ed44d695a92489552e5f5c/gnocchi.618957f8-51a8-4781-80d9-50aaf8e74571/1769040000.0_mean_300.0_v3" "txb06da28d8e4948818c9ec-0069812716" "proxy-server 20" 0.0010 "-" 24 0
Feb 2 22:37:10 standalone proxy-server[131026]: 172.18.0.2 172.18.0.100 02/Feb/2026/22/37/10 GET /v1/AUTH_7df9793668ed44d695a92489552e5f5c/gnocchi.618957f8-51a8-4781-80d9-50aaf8e74571/1769040000.0_mean_300.0_v3 HTTP/1.0 200 - python-swiftclient-3.11.1 gAAAAABpgSaZAKP7... - 16 - txb06da28d8e4948818c9ec-0069812716 - 0.0085 - - 1770071830.766613007 1770071830.775106668 0
Feb 2 22:37:10 standalone container-server[128811]: 172.20.0.100 - - [02/Feb/2026:22:37:10 +0000] "PUT /d1/906/AUTH_7df9793668ed44d695a92489552e5f5c/gnocchi.618957f8-51a8-4781-80d9-50aaf8e74571/1769040000.0_mean_300.0_v3" 201 - "PUT http://172.18.0.2:8080/d1/446/AUTH_7df9793668ed44d695a92489552e5f5c/gnocchi.618957f8-51a8-4781-80d9-50aaf8e74571/1769040000.0_mean_300.0_v3" "tx18f92bbdc9ab4d2198354-0069812716" "object-server 21" 0.0003 "-" 16 0
Feb 2 22:37:10 standalone object-server[128968]: 172.20.0.100 - - [02/Feb/2026:22:37:10 +0000] "PUT /d1/446/AUTH_7df9793668ed44d695a92489552e5f5c/gnocchi.618957f8-51a8-4781-80d9-50aaf8e74571/1769040000.0_mean_300.0_v3" 201 - "PUT http://172.18.0.2:8080/v1/AUTH_7df9793668ed44d695a92489552e5f5c/gnocchi.618957f8-51a8-4781-80d9-50aaf8e74571/1769040000.0_mean_300.0_v3" "tx18f92bbdc9ab4d2198354-0069812716" "proxy-server 20" 0.0080 "-" 21 0
Feb 2 22:37:10 standalone proxy-server[131026]: 172.18.0.2 172.18.0.100 02/Feb/2026/22/37/10 PUT /v1/AUTH_7df9793668ed44d695a92489552e5f5c/gnocchi.618957f8-51a8-4781-80d9-50aaf8e74571/1769040000.0_mean_300.0_v3 HTTP/1.0 201 - python-swiftclient-3.11.1 gAAAAABpgSaZAKP7... 16 - - tx18f92bbdc9ab4d2198354-0069812716 - 0.0142 - - 1770071830.778733730 1770071830.792938709 0
Feb 2 22:37:10 standalone container-server[128816]: 172.20.0.100 - - [02/Feb/2026:22:37:10 +0000] "PUT /d1/906/AUTH_7df9793668ed44d695a92489552e5f5c/gnocchi.618957f8-51a8-4781-80d9-50aaf8e74571/none_v3" 201 - "PUT http://172.18.0.2:8080/d1/685/AUTH_7df9793668ed44d695a92489552e5f5c/gnocchi.618957f8-51a8-4781-80d9-50aaf8e74571/none_v3" "tx075a39c91fff4c61bf1cf-0069812716" "object-server 24" 0.0004 "-" 17 0
Feb 2 22:37:10 standalone object-server[128972]: 172.20.0.100 - - [02/Feb/2026:22:37:10 +0000] "PUT /d1/685/AUTH_7df9793668ed44d695a92489552e5f5c/gnocchi.618957f8-51a8-4781-80d9-50aaf8e74571/none_v3" 201 - "PUT http://172.18.0.2:8080/v1/AUTH_7df9793668ed44d695a92489552e5f5c/gnocchi.618957f8-51a8-4781-80d9-50aaf8e74571/none_v3" "tx075a39c91fff4c61bf1cf-0069812716" "proxy-server 20" 0.0094 "-" 24 0
Feb 2 22:37:10 standalone proxy-server[131026]: 172.18.0.2 172.18.0.100 02/Feb/2026/22/37/10 PUT /v1/AUTH_7df9793668ed44d695a92489552e5f5c/gnocchi.618957f8-51a8-4781-80d9-50aaf8e74571/none_v3 HTTP/1.0 201 - python-swiftclient-3.11.1 gAAAAABpgSaZAKP7... 32 - - tx075a39c91fff4c61bf1cf-0069812716 - 0.0164 - - 1770071830.796149969 1770071830.812505960 0
Feb 2 22:37:10 standalone object-server[128972]: 172.20.0.100 - - [02/Feb/2026:22:37:10 +0000] "GET /d1/831/AUTH_7df9793668ed44d695a92489552e5f5c/gnocchi.6c28138b-6ad1-424e-afc2-993441f039f8/none_v3" 200 22 "GET http://172.18.0.2:8080/v1/AUTH_7df9793668ed44d695a92489552e5f5c/gnocchi.6c28138b-6ad1-424e-afc2-993441f039f8/none_v3" "tx62562d5c044f47daa4856-0069812716" "proxy-server 20" 0.0010 "-" 24 0
Feb 2 22:37:10 standalone proxy-server[131026]: 172.18.0.2 172.18.0.100 02/Feb/2026/22/37/10 GET /v1/AUTH_7df9793668ed44d695a92489552e5f5c/gnocchi.6c28138b-6ad1-424e-afc2-993441f039f8/none_v3 HTTP/1.0 200 - python-swiftclient-3.11.1 gAAAAABpgSaZAKP7... - 22 - tx62562d5c044f47daa4856-0069812716 - 0.0088 - - 1770071830.822530508 1770071830.831356049 0
Feb 2 22:37:10 standalone container-server[128816]: 172.20.0.100 - - [02/Feb/2026:22:37:10 +0000] "GET /d1/619/AUTH_7df9793668ed44d695a92489552e5f5c/gnocchi.6c28138b-6ad1-424e-afc2-993441f039f8" 200 357 "GET http://172.18.0.2:8080/v1/AUTH_7df9793668ed44d695a92489552e5f5c/gnocchi.6c28138b-6ad1-424e-afc2-993441f039f8?format=json&states=listing" "tx69e9ea42ed18462f95798-0069812716" "proxy-server 20" 0.0079 "-" 17 0
Feb 2 22:37:10 standalone proxy-server[131026]: 172.18.0.2 172.18.0.100 02/Feb/2026/22/37/10 GET /v1/AUTH_7df9793668ed44d695a92489552e5f5c/gnocchi.6c28138b-6ad1-424e-afc2-993441f039f8%3Fformat%3Djson%26states%3Dlisting HTTP/1.0 200 - python-swiftclient-3.11.1 gAAAAABpgSaZAKP7... - 357 - tx69e9ea42ed18462f95798-0069812716 - 0.0154 - - 1770071830.835194349 1770071830.850595951 0
Feb 2 22:37:10 standalone container-server[128816]: 172.20.0.100 - - [02/Feb/2026:22:37:10 +0000] "GET /d1/619/AUTH_7df9793668ed44d695a92489552e5f5c/gnocchi.6c28138b-6ad1-424e-afc2-993441f039f8" 200 2 "GET http://172.18.0.2:8080/v1/AUTH_7df9793668ed44d695a92489552e5f5c/gnocchi.6c28138b-6ad1-424e-afc2-993441f039f8?format=json&marker=none_v3&states=listing" "tx0e7f84a4c6074816af724-0069812716" "proxy-server 20" 0.0014 "-" 17 0
Feb 2 22:37:10 standalone proxy-server[131026]: 172.18.0.2 172.18.0.100 02/Feb/2026/22/37/10 GET /v1/AUTH_7df9793668ed44d695a92489552e5f5c/gnocchi.6c28138b-6ad1-424e-afc2-993441f039f8%3Fformat%3Djson%26marker%3Dnone_v3%26states%3Dlisting HTTP/1.0 200 - python-swiftclient-3.11.1 gAAAAABpgSaZAKP7... - 2 - tx0e7f84a4c6074816af724-0069812716 - 0.0083 - - 1770071830.853760481 1770071830.862050056 0
Feb 2 22:37:10 standalone object-server[128973]: 172.20.0.100 - - [02/Feb/2026:22:37:10 +0000] "GET /d1/148/AUTH_7df9793668ed44d695a92489552e5f5c/gnocchi.6c28138b-6ad1-424e-afc2-993441f039f8/1769040000.0_mean_300.0_v3" 200 16 "GET http://172.18.0.2:8080/v1/AUTH_7df9793668ed44d695a92489552e5f5c/gnocchi.6c28138b-6ad1-424e-afc2-993441f039f8/1769040000.0_mean_300.0_v3" "txccece41b2708424780f06-0069812716" "proxy-server 20" 0.0010 "-" 25 0
Feb 2 22:37:10 standalone proxy-server[131026]: 172.18.0.2 172.18.0.100 02/Feb/2026/22/37/10 GET /v1/AUTH_7df9793668ed44d695a92489552e5f5c/gnocchi.6c28138b-6ad1-424e-afc2-993441f039f8/1769040000.0_mean_300.0_v3 HTTP/1.0 200 - python-swiftclient-3.11.1 gAAAAABpgSaZAKP7... - 16 - txccece41b2708424780f06-0069812716 - 0.0092 - - 1770071830.865855694 1770071830.875031471 0
Feb 2 22:37:10 standalone container-server[128811]: 172.20.0.100 - - [02/Feb/2026:22:37:10 +0000] "PUT /d1/619/AUTH_7df9793668ed44d695a92489552e5f5c/gnocchi.6c28138b-6ad1-424e-afc2-993441f039f8/1769040000.0_mean_300.0_v3" 201 - "PUT http://172.18.0.2:8080/d1/148/AUTH_7df9793668ed44d695a92489552e5f5c/gnocchi.6c28138b-6ad1-424e-afc2-993441f039f8/1769040000.0_mean_300.0_v3" "txe074a5f374f347ceab014-0069812716" "object-server 25" 0.0008 "-" 16 0
Feb 2 22:37:10 standalone object-server[128973]: 172.20.0.100 - - [02/Feb/2026:22:37:10 +0000] "PUT /d1/148/AUTH_7df9793668ed44d695a92489552e5f5c/gnocchi.6c28138b-6ad1-424e-afc2-993441f039f8/1769040000.0_mean_300.0_v3" 201 - "PUT http://172.18.0.2:8080/v1/AUTH_7df9793668ed44d695a92489552e5f5c/gnocchi.6c28138b-6ad1-424e-afc2-993441f039f8/1769040000.0_mean_300.0_v3" "txe074a5f374f347ceab014-0069812716" "proxy-server 20" 0.0128 "-" 25 0
Feb 2 22:37:10 standalone proxy-server[131026]: 172.18.0.2 172.18.0.100 02/Feb/2026/22/37/10 PUT /v1/AUTH_7df9793668ed44d695a92489552e5f5c/gnocchi.6c28138b-6ad1-424e-afc2-993441f039f8/1769040000.0_mean_300.0_v3 HTTP/1.0 201 - python-swiftclient-3.11.1 gAAAAABpgSaZAKP7... 16 - - txe074a5f374f347ceab014-0069812716 - 0.0208 - - 1770071830.878451109 1770071830.899250746 0
Feb 2 22:37:10 standalone container-server[128816]: 172.20.0.100 - - [02/Feb/2026:22:37:10 +0000] "PUT /d1/619/AUTH_7df9793668ed44d695a92489552e5f5c/gnocchi.6c28138b-6ad1-424e-afc2-993441f039f8/none_v3" 201 - "PUT http://172.18.0.2:8080/d1/831/AUTH_7df9793668ed44d695a92489552e5f5c/gnocchi.6c28138b-6ad1-424e-afc2-993441f039f8/none_v3" "tx8b94f7f9071b4797ba249-0069812716" "object-server 22" 0.0008 "-" 17 0
Feb 2 22:37:10 standalone object-server[128969]: 172.20.0.100 - - [02/Feb/2026:22:37:10 +0000] "PUT /d1/831/AUTH_7df9793668ed44d695a92489552e5f5c/gnocchi.6c28138b-6ad1-424e-afc2-993441f039f8/none_v3" 201 - "PUT http://172.18.0.2:8080/v1/AUTH_7df9793668ed44d695a92489552e5f5c/gnocchi.6c28138b-6ad1-424e-afc2-993441f039f8/none_v3" "tx8b94f7f9071b4797ba249-0069812716" "proxy-server 20" 0.0115 "-" 22 0
Feb 2 22:37:10 standalone proxy-server[131026]: 172.18.0.2 172.18.0.100 02/Feb/2026/22/37/10 PUT /v1/AUTH_7df9793668ed44d695a92489552e5f5c/gnocchi.6c28138b-6ad1-424e-afc2-993441f039f8/none_v3 HTTP/1.0 201 - python-swiftclient-3.11.1 gAAAAABpgSaZAKP7... 32 - - tx8b94f7f9071b4797ba249-0069812716 - 0.0180 - - 1770071830.903348207 1770071830.921356440 0
Feb 2 22:37:10 standalone object-server[128973]: 172.20.0.100 - - [02/Feb/2026:22:37:10 +0000] "GET /d1/951/AUTH_7df9793668ed44d695a92489552e5f5c/gnocchi.711b90fc-bdfd-4f9c-9cbf-3c00b82e62cc/none_v3" 200 22 "GET http://172.18.0.2:8080/v1/AUTH_7df9793668ed44d695a92489552e5f5c/gnocchi.711b90fc-bdfd-4f9c-9cbf-3c00b82e62cc/none_v3" "tx26504c8bf743447c9d592-0069812716" "proxy-server 20" 0.0010 "-" 25 0
Feb 2 22:37:10 standalone proxy-server[131026]: 172.18.0.2 172.18.0.100 02/Feb/2026/22/37/10 GET /v1/AUTH_7df9793668ed44d695a92489552e5f5c/gnocchi.711b90fc-bdfd-4f9c-9cbf-3c00b82e62cc/none_v3 HTTP/1.0 200 - python-swiftclient-3.11.1 gAAAAABpgSaZAKP7... - 22 - tx26504c8bf743447c9d592-0069812716 - 0.0104 - - 1770071830.937221289 1770071830.947618723 0
Feb 2 22:37:10 standalone container-server[128809]: 172.20.0.100 - - [02/Feb/2026:22:37:10 +0000] "GET /d1/0/AUTH_7df9793668ed44d695a92489552e5f5c/gnocchi.711b90fc-bdfd-4f9c-9cbf-3c00b82e62cc" 200 357 "GET http://172.18.0.2:8080/v1/AUTH_7df9793668ed44d695a92489552e5f5c/gnocchi.711b90fc-bdfd-4f9c-9cbf-3c00b82e62cc?format=json&states=listing" "tx5eff34cbe8b940458e403-0069812716" "proxy-server 20" 0.0151 "-" 15 0
Feb 2 22:37:10 standalone proxy-server[131026]: 172.18.0.2 172.18.0.100 02/Feb/2026/22/37/10 GET /v1/AUTH_7df9793668ed44d695a92489552e5f5c/gnocchi.711b90fc-bdfd-4f9c-9cbf-3c00b82e62cc%3Fformat%3Djson%26states%3Dlisting HTTP/1.0 200 - python-swiftclient-3.11.1 gAAAAABpgSaZAKP7... - 357 - tx5eff34cbe8b940458e403-0069812716 - 0.0249 - - 1770071830.952671051 1770071830.977602959 0
Feb 2 22:37:10 standalone container-server[128816]: 172.20.0.100 - - [02/Feb/2026:22:37:10 +0000] "GET /d1/0/AUTH_7df9793668ed44d695a92489552e5f5c/gnocchi.711b90fc-bdfd-4f9c-9cbf-3c00b82e62cc" 200 2 "GET http://172.18.0.2:8080/v1/AUTH_7df9793668ed44d695a92489552e5f5c/gnocchi.711b90fc-bdfd-4f9c-9cbf-3c00b82e62cc?format=json&marker=none_v3&states=listing" "tx847f8a1caa3e4cf7a5087-0069812716" "proxy-server 20" 0.0028 "-" 17 0
Feb 2 22:37:10 standalone proxy-server[131026]: 172.18.0.2 172.18.0.100 02/Feb/2026/22/37/10 GET /v1/AUTH_7df9793668ed44d695a92489552e5f5c/gnocchi.711b90fc-bdfd-4f9c-9cbf-3c00b82e62cc%3Fformat%3Djson%26marker%3Dnone_v3%26states%3Dlisting HTTP/1.0 200 - python-swiftclient-3.11.1 gAAAAABpgSaZAKP7... - 2 - tx847f8a1caa3e4cf7a5087-0069812716 - 0.0113 - - 1770071830.981523752 1770071830.992789507 0
Feb 2 22:37:11 standalone object-server[128973]: 172.20.0.100 - - [02/Feb/2026:22:37:11 +0000] "GET /d1/841/AUTH_7df9793668ed44d695a92489552e5f5c/gnocchi.711b90fc-bdfd-4f9c-9cbf-3c00b82e62cc/1769040000.0_mean_300.0_v3" 200 16 "GET http://172.18.0.2:8080/v1/AUTH_7df9793668ed44d695a92489552e5f5c/gnocchi.711b90fc-bdfd-4f9c-9cbf-3c00b82e62cc/1769040000.0_mean_300.0_v3" "tx3f7a9625f6db4857ae82e-0069812716" "proxy-server 20" 0.0008 "-" 25 0
Feb 2 22:37:11 standalone proxy-server[131026]: 172.18.0.2 172.18.0.100 02/Feb/2026/22/37/11 GET /v1/AUTH_7df9793668ed44d695a92489552e5f5c/gnocchi.711b90fc-bdfd-4f9c-9cbf-3c00b82e62cc/1769040000.0_mean_300.0_v3 HTTP/1.0 200 - python-swiftclient-3.11.1 gAAAAABpgSaZAKP7... - 16 - tx3f7a9625f6db4857ae82e-0069812716 - 0.0089 - - 1770071830.997528315 1770071831.006426573 0
Feb 2 22:37:11 standalone container-server[128811]: 172.20.0.100 - - [02/Feb/2026:22:37:11 +0000] "PUT /d1/0/AUTH_7df9793668ed44d695a92489552e5f5c/gnocchi.711b90fc-bdfd-4f9c-9cbf-3c00b82e62cc/1769040000.0_mean_300.0_v3" 201 - "PUT http://172.18.0.2:8080/d1/841/AUTH_7df9793668ed44d695a92489552e5f5c/gnocchi.711b90fc-bdfd-4f9c-9cbf-3c00b82e62cc/1769040000.0_mean_300.0_v3" "tx8c5d3751982840beabe4f-0069812717" "object-server 24" 0.0006 "-" 16 0
Feb 2 22:37:11 standalone object-server[128972]: 172.20.0.100 - - [02/Feb/2026:22:37:11 +0000] "PUT /d1/841/AUTH_7df9793668ed44d695a92489552e5f5c/gnocchi.711b90fc-bdfd-4f9c-9cbf-3c00b82e62cc/1769040000.0_mean_300.0_v3" 201 - "PUT http://172.18.0.2:8080/v1/AUTH_7df9793668ed44d695a92489552e5f5c/gnocchi.711b90fc-bdfd-4f9c-9cbf-3c00b82e62cc/1769040000.0_mean_300.0_v3" "tx8c5d3751982840beabe4f-0069812717" "proxy-server 20" 0.0098 "-" 24 0
Feb 2 22:37:11 standalone proxy-server[131026]: 172.18.0.2 172.18.0.100 02/Feb/2026/22/37/11 PUT /v1/AUTH_7df9793668ed44d695a92489552e5f5c/gnocchi.711b90fc-bdfd-4f9c-9cbf-3c00b82e62cc/1769040000.0_mean_300.0_v3 HTTP/1.0 201 - python-swiftclient-3.11.1 gAAAAABpgSaZAKP7... 16 - - tx8c5d3751982840beabe4f-0069812717 - 0.0180 - - 1770071831.010566473 1770071831.028606892 0
Feb 2 22:37:11 standalone container-server[128811]: 172.20.0.100 - - [02/Feb/2026:22:37:11 +0000] "PUT /d1/0/AUTH_7df9793668ed44d695a92489552e5f5c/gnocchi.711b90fc-bdfd-4f9c-9cbf-3c00b82e62cc/none_v3" 201 - "PUT http://172.18.0.2:8080/d1/951/AUTH_7df9793668ed44d695a92489552e5f5c/gnocchi.711b90fc-bdfd-4f9c-9cbf-3c00b82e62cc/none_v3" "txe476cfbfb62e413a8f985-0069812717" "object-server 24" 0.0009 "-" 16 0
Feb 2 22:37:11 standalone object-server[128972]: 172.20.0.100 - - [02/Feb/2026:22:37:11 +0000] "PUT /d1/951/AUTH_7df9793668ed44d695a92489552e5f5c/gnocchi.711b90fc-bdfd-4f9c-9cbf-3c00b82e62cc/none_v3" 201 - "PUT http://172.18.0.2:8080/v1/AUTH_7df9793668ed44d695a92489552e5f5c/gnocchi.711b90fc-bdfd-4f9c-9cbf-3c00b82e62cc/none_v3" "txe476cfbfb62e413a8f985-0069812717" "proxy-server 20" 0.0112 "-" 24 0
Feb 2 22:37:11 standalone proxy-server[131026]: 172.18.0.2 172.18.0.100 02/Feb/2026/22/37/11 PUT /v1/AUTH_7df9793668ed44d695a92489552e5f5c/gnocchi.711b90fc-bdfd-4f9c-9cbf-3c00b82e62cc/none_v3 HTTP/1.0 201 - python-swiftclient-3.11.1 gAAAAABpgSaZAKP7... 32 - - txe476cfbfb62e413a8f985-0069812717 - 0.0190 - - 1770071831.032734632 1770071831.051763058 0
Feb 2 22:37:11 standalone object-server[128969]: 172.20.0.100 - - [02/Feb/2026:22:37:11 +0000] "GET /d1/268/AUTH_7df9793668ed44d695a92489552e5f5c/gnocchi.c61c4a74-3f78-4adc-b427-d18f354a291c/none_v3" 200 22 "GET http://172.18.0.2:8080/v1/AUTH_7df9793668ed44d695a92489552e5f5c/gnocchi.c61c4a74-3f78-4adc-b427-d18f354a291c/none_v3" "tx0d8fe1d6ac5d469187772-0069812717" "proxy-server 20" 0.0006 "-" 22 0
Feb 2 22:37:11 standalone proxy-server[131026]: 172.18.0.2 172.18.0.100 02/Feb/2026/22/37/11 GET /v1/AUTH_7df9793668ed44d695a92489552e5f5c/gnocchi.c61c4a74-3f78-4adc-b427-d18f354a291c/none_v3 HTTP/1.0 200 - python-swiftclient-3.11.1 gAAAAABpgSaZAKP7... - 22 - tx0d8fe1d6ac5d469187772-0069812717 - 0.0066 - - 1770071831.064176559 1770071831.070737600 0
Feb 2 22:37:11 standalone container-server[128808]: 172.20.0.100 - - [02/Feb/2026:22:37:11 +0000] "GET /d1/859/AUTH_7df9793668ed44d695a92489552e5f5c/gnocchi.c61c4a74-3f78-4adc-b427-d18f354a291c" 200 357 "GET http://172.18.0.2:8080/v1/AUTH_7df9793668ed44d695a92489552e5f5c/gnocchi.c61c4a74-3f78-4adc-b427-d18f354a291c?format=json&states=listing" "tx54a7eba310684a4f82e9b-0069812717" "proxy-server 20" 0.0210 "-" 14 0
Feb 2 22:37:11 standalone proxy-server[131026]: 172.18.0.2 172.18.0.100 02/Feb/2026/22/37/11 GET /v1/AUTH_7df9793668ed44d695a92489552e5f5c/gnocchi.c61c4a74-3f78-4adc-b427-d18f354a291c%3Fformat%3Djson%26states%3Dlisting HTTP/1.0 200 - python-swiftclient-3.11.1 gAAAAABpgSaZAKP7... - 357 - tx54a7eba310684a4f82e9b-0069812717 - 0.0283 - - 1770071831.074962616 1770071831.103254080 0
Feb 2 22:37:11 standalone container-server[128808]: 172.20.0.100 - - [02/Feb/2026:22:37:11 +0000] "GET /d1/859/AUTH_7df9793668ed44d695a92489552e5f5c/gnocchi.c61c4a74-3f78-4adc-b427-d18f354a291c" 200 2 "GET http://172.18.0.2:8080/v1/AUTH_7df9793668ed44d695a92489552e5f5c/gnocchi.c61c4a74-3f78-4adc-b427-d18f354a291c?format=json&marker=none_v3&states=listing" "txd3d484258a944bcab8e99-0069812717" "proxy-server 20" 0.0037 "-" 14 0
Feb 2 22:37:11 standalone proxy-server[131026]: 172.18.0.2 172.18.0.100 02/Feb/2026/22/37/11 GET /v1/AUTH_7df9793668ed44d695a92489552e5f5c/gnocchi.c61c4a74-3f78-4adc-b427-d18f354a291c%3Fformat%3Djson%26marker%3Dnone_v3%26states%3Dlisting HTTP/1.0 200 - python-swiftclient-3.11.1 gAAAAABpgSaZAKP7... - 2 - txd3d484258a944bcab8e99-0069812717 - 0.0135 - - 1770071831.107708693 1770071831.121229410 0
Feb 2 22:37:11 standalone object-server[128968]: 172.20.0.100 - - [02/Feb/2026:22:37:11 +0000] "GET /d1/344/AUTH_7df9793668ed44d695a92489552e5f5c/gnocchi.c61c4a74-3f78-4adc-b427-d18f354a291c/1769040000.0_mean_300.0_v3" 200 16 "GET http://172.18.0.2:8080/v1/AUTH_7df9793668ed44d695a92489552e5f5c/gnocchi.c61c4a74-3f78-4adc-b427-d18f354a291c/1769040000.0_mean_300.0_v3" "tx3b95716dc7d54984ab2a2-0069812717" "proxy-server 20" 0.0006 "-" 21 0
Feb 2 22:37:11 standalone proxy-server[131026]: 172.18.0.2 172.18.0.100 02/Feb/2026/22/37/11 GET /v1/AUTH_7df9793668ed44d695a92489552e5f5c/gnocchi.c61c4a74-3f78-4adc-b427-d18f354a291c/1769040000.0_mean_300.0_v3 HTTP/1.0 200 - python-swiftclient-3.11.1 gAAAAABpgSaZAKP7... - 16 - tx3b95716dc7d54984ab2a2-0069812717 - 0.0088 - - 1770071831.126495123 1770071831.135316849 0
Feb 2 22:37:11 standalone container-server[128808]: 172.20.0.100 - - [02/Feb/2026:22:37:11 +0000] "PUT /d1/859/AUTH_7df9793668ed44d695a92489552e5f5c/gnocchi.c61c4a74-3f78-4adc-b427-d18f354a291c/1769040000.0_mean_300.0_v3" 201 - "PUT http://172.18.0.2:8080/d1/344/AUTH_7df9793668ed44d695a92489552e5f5c/gnocchi.c61c4a74-3f78-4adc-b427-d18f354a291c/1769040000.0_mean_300.0_v3" "tx3a72b25cf46949bf95fdc-0069812717" "object-server 24" 0.0023 "-" 14 0
Feb 2 22:37:11 standalone object-server[128972]: 172.20.0.100 - - [02/Feb/2026:22:37:11 +0000] "PUT /d1/344/AUTH_7df9793668ed44d695a92489552e5f5c/gnocchi.c61c4a74-3f78-4adc-b427-d18f354a291c/1769040000.0_mean_300.0_v3" 201 - "PUT http://172.18.0.2:8080/v1/AUTH_7df9793668ed44d695a92489552e5f5c/gnocchi.c61c4a74-3f78-4adc-b427-d18f354a291c/1769040000.0_mean_300.0_v3" "tx3a72b25cf46949bf95fdc-0069812717" "proxy-server 20" 0.0148 "-" 24 0
Feb 2 22:37:11 standalone proxy-server[131026]: 172.18.0.2 172.18.0.100 02/Feb/2026/22/37/11 PUT /v1/AUTH_7df9793668ed44d695a92489552e5f5c/gnocchi.c61c4a74-3f78-4adc-b427-d18f354a291c/1769040000.0_mean_300.0_v3 HTTP/1.0 201 - python-swiftclient-3.11.1 gAAAAABpgSaZAKP7... 16 - - tx3a72b25cf46949bf95fdc-0069812717 - 0.0223 - - 1770071831.144034624 1770071831.166316986 0
Feb 2 22:37:11 standalone container-server[128808]: 172.20.0.100 - - [02/Feb/2026:22:37:11 +0000] "PUT /d1/859/AUTH_7df9793668ed44d695a92489552e5f5c/gnocchi.c61c4a74-3f78-4adc-b427-d18f354a291c/none_v3" 201 - "PUT http://172.18.0.2:8080/d1/268/AUTH_7df9793668ed44d695a92489552e5f5c/gnocchi.c61c4a74-3f78-4adc-b427-d18f354a291c/none_v3" "txf70e586e703847af83149-0069812717" "object-server 24" 0.0007 "-" 14 0
Feb 2 22:37:11 standalone object-server[128972]: 172.20.0.100 - - [02/Feb/2026:22:37:11 +0000] "PUT /d1/268/AUTH_7df9793668ed44d695a92489552e5f5c/gnocchi.c61c4a74-3f78-4adc-b427-d18f354a291c/none_v3" 201 - "PUT http://172.18.0.2:8080/v1/AUTH_7df9793668ed44d695a92489552e5f5c/gnocchi.c61c4a74-3f78-4adc-b427-d18f354a291c/none_v3" "txf70e586e703847af83149-0069812717" "proxy-server 20" 0.0118 "-" 24 0
Feb 2 22:37:11 standalone proxy-server[131026]: 172.18.0.2 172.18.0.100 02/Feb/2026/22/37/11 PUT /v1/AUTH_7df9793668ed44d695a92489552e5f5c/gnocchi.c61c4a74-3f78-4adc-b427-d18f354a291c/none_v3 HTTP/1.0 201 - python-swiftclient-3.11.1 gAAAAABpgSaZAKP7... 32 - - txf70e586e703847af83149-0069812717 - 0.0168 - - 1770071831.168861628 1770071831.185666561 0
Feb 2 22:37:14 standalone container-server[128809]: 172.20.0.100 - - [02/Feb/2026:22:37:14 +0000] "HEAD /d1/89/AUTH_7df9793668ed44d695a92489552e5f5c/gnocchi.3a8d3de1-6348-4b4a-ba4b-3eaaba51befb" 404 - "HEAD http://172.18.0.2:8080/v1/AUTH_7df9793668ed44d695a92489552e5f5c/gnocchi.3a8d3de1-6348-4b4a-ba4b-3eaaba51befb?format=json&states=listing" "txab40f081636248db8fac7-006981271a" "proxy-server 20" 0.0010 "-" 15 0
Feb 2 22:37:14 standalone object-server[128973]: 172.20.0.100 - - [02/Feb/2026:22:37:14 +0000] "GET /d1/176/AUTH_7df9793668ed44d695a92489552e5f5c/gnocchi.3a8d3de1-6348-4b4a-ba4b-3eaaba51befb/none_v3" 404 70 "GET http://172.18.0.2:8080/v1/AUTH_7df9793668ed44d695a92489552e5f5c/gnocchi.3a8d3de1-6348-4b4a-ba4b-3eaaba51befb/none_v3" "txab40f081636248db8fac7-006981271a" "proxy-server 20" 0.0006 "-" 25 0
Feb 2 22:37:14 standalone proxy-server[131026]: 172.18.0.2 172.18.0.100 02/Feb/2026/22/37/14 GET /v1/AUTH_7df9793668ed44d695a92489552e5f5c/gnocchi.3a8d3de1-6348-4b4a-ba4b-3eaaba51befb/none_v3 HTTP/1.0 404 - python-swiftclient-3.11.1 gAAAAABpgSaZAKP7... - 70 - txab40f081636248db8fac7-006981271a - 0.0136 - - 1770071834.172991991 1770071834.186582327 0
Feb 2 22:37:14 standalone account-server[128794]: 172.20.0.100 - - [02/Feb/2026:22:37:14 +0000] "PUT /d1/643/AUTH_7df9793668ed44d695a92489552e5f5c/gnocchi.3a8d3de1-6348-4b4a-ba4b-3eaaba51befb" 201 - "PUT http://172.20.0.100:6001/d1/89/AUTH_7df9793668ed44d695a92489552e5f5c/gnocchi.3a8d3de1-6348-4b4a-ba4b-3eaaba51befb" "tx3b92c8a42b57409ea4e82-006981271a" "container-server 15" 0.0016 "-" 21 0
Feb 2 22:37:14 standalone container-server[128809]: 172.20.0.100 - - [02/Feb/2026:22:37:14 +0000] "PUT /d1/89/AUTH_7df9793668ed44d695a92489552e5f5c/gnocchi.3a8d3de1-6348-4b4a-ba4b-3eaaba51befb" 201 - "PUT http://172.18.0.2:8080/v1/AUTH_7df9793668ed44d695a92489552e5f5c/gnocchi.3a8d3de1-6348-4b4a-ba4b-3eaaba51befb" "tx3b92c8a42b57409ea4e82-006981271a" "proxy-server 20" 0.0150 "-" 15 0
Feb 2 22:37:14 standalone proxy-server[131026]: 172.18.0.2 172.18.0.100 02/Feb/2026/22/37/14 PUT /v1/AUTH_7df9793668ed44d695a92489552e5f5c/gnocchi.3a8d3de1-6348-4b4a-ba4b-3eaaba51befb HTTP/1.0 201 - python-swiftclient-3.11.1 gAAAAABpgSaZAKP7... - - - tx3b92c8a42b57409ea4e82-006981271a - 0.0205 - - 1770071834.189274788 1770071834.209806919 0
Feb 2 22:37:14 standalone container-server[128808]: 172.20.0.100 - - [02/Feb/2026:22:37:14 +0000] "HEAD /d1/89/AUTH_7df9793668ed44d695a92489552e5f5c/gnocchi.3a8d3de1-6348-4b4a-ba4b-3eaaba51befb" 204 - "HEAD http://172.18.0.2:8080/v1/AUTH_7df9793668ed44d695a92489552e5f5c/gnocchi.3a8d3de1-6348-4b4a-ba4b-3eaaba51befb?format=json&states=listing" "tx938a0d4b7aea4f00a70a8-006981271a" "proxy-server 20" 0.0025 "-" 14 0
Feb 2 22:37:14 standalone proxy-server[131026]: - - 02/Feb/2026/22/37/14 HEAD /v1/AUTH_7df9793668ed44d695a92489552e5f5c/gnocchi.3a8d3de1-6348-4b4a-ba4b-3eaaba51befb%3Fformat%3Djson%26states%3Dlisting HTTP/1.0 204 - Swift - - - - tx938a0d4b7aea4f00a70a8-006981271a - 0.0067 RL - 1770071834.217907190 1770071834.224557400 0
Feb 2 22:37:14 standalone container-server[128808]: 172.20.0.100 - - [02/Feb/2026:22:37:14 +0000] "GET /d1/89/AUTH_7df9793668ed44d695a92489552e5f5c/gnocchi.3a8d3de1-6348-4b4a-ba4b-3eaaba51befb" 200 2 "GET http://172.18.0.2:8080/v1/AUTH_7df9793668ed44d695a92489552e5f5c/gnocchi.3a8d3de1-6348-4b4a-ba4b-3eaaba51befb?format=json&states=listing" "tx938a0d4b7aea4f00a70a8-006981271a" "proxy-server 20" 0.0048 "-" 14 0
Feb 2 22:37:14 standalone proxy-server[131026]: 172.18.0.2 172.18.0.100 02/Feb/2026/22/37/14 GET /v1/AUTH_7df9793668ed44d695a92489552e5f5c/gnocchi.3a8d3de1-6348-4b4a-ba4b-3eaaba51befb%3Fformat%3Djson%26states%3Dlisting HTTP/1.0 200 - python-swiftclient-3.11.1 gAAAAABpgSaZAKP7... - 2 - tx938a0d4b7aea4f00a70a8-006981271a - 0.0215 - - 1770071834.216663122 1770071834.238199472 0
Feb 2 22:37:14 standalone object-server[128972]: 172.20.0.100 - - [02/Feb/2026:22:37:14 +0000] "GET /d1/464/AUTH_7df9793668ed44d695a92489552e5f5c/gnocchi.3a8d3de1-6348-4b4a-ba4b-3eaaba51befb/1769040000.0_mean_300.0_v3" 404 70 "GET http://172.18.0.2:8080/v1/AUTH_7df9793668ed44d695a92489552e5f5c/gnocchi.3a8d3de1-6348-4b4a-ba4b-3eaaba51befb/1769040000.0_mean_300.0_v3" "tx754d466c51e44440a85d7-006981271a" "proxy-server 20" 0.0003 "-" 24 0
Feb 2 22:37:14 standalone proxy-server[131026]: 172.18.0.2 172.18.0.100 02/Feb/2026/22/37/14 GET /v1/AUTH_7df9793668ed44d695a92489552e5f5c/gnocchi.3a8d3de1-6348-4b4a-ba4b-3eaaba51befb/1769040000.0_mean_300.0_v3 HTTP/1.0 404 - python-swiftclient-3.11.1 gAAAAABpgSaZAKP7... - 70 - tx754d466c51e44440a85d7-006981271a - 0.0059 - - 1770071834.244148016 1770071834.250014782 0
Feb 2 22:37:14 standalone container-server[128811]: 172.20.0.100 - - [02/Feb/2026:22:37:14 +0000] "PUT /d1/89/AUTH_7df9793668ed44d695a92489552e5f5c/gnocchi.3a8d3de1-6348-4b4a-ba4b-3eaaba51befb/1769040000.0_mean_300.0_v3" 201 - "PUT http://172.18.0.2:8080/d1/464/AUTH_7df9793668ed44d695a92489552e5f5c/gnocchi.3a8d3de1-6348-4b4a-ba4b-3eaaba51befb/1769040000.0_mean_300.0_v3" "tx2bdd573c26d340baa4371-006981271a" "object-server 24" 0.0008 "-" 16 0
Feb 2 22:37:14 standalone object-server[128972]: 172.20.0.100 - - [02/Feb/2026:22:37:14 +0000] "PUT /d1/464/AUTH_7df9793668ed44d695a92489552e5f5c/gnocchi.3a8d3de1-6348-4b4a-ba4b-3eaaba51befb/1769040000.0_mean_300.0_v3" 201 - "PUT http://172.18.0.2:8080/v1/AUTH_7df9793668ed44d695a92489552e5f5c/gnocchi.3a8d3de1-6348-4b4a-ba4b-3eaaba51befb/1769040000.0_mean_300.0_v3" "tx2bdd573c26d340baa4371-006981271a" "proxy-server 20" 0.0103 "-" 24 0
Feb 2 22:37:14 standalone proxy-server[131026]: 172.18.0.2 172.18.0.100 02/Feb/2026/22/37/14 PUT /v1/AUTH_7df9793668ed44d695a92489552e5f5c/gnocchi.3a8d3de1-6348-4b4a-ba4b-3eaaba51befb/1769040000.0_mean_300.0_v3 HTTP/1.0 201 - python-swiftclient-3.11.1 gAAAAABpgSaZAKP7... 16 - - tx2bdd573c26d340baa4371-006981271a - 0.0196 - - 1770071834.253844976 1770071834.273474455 0
Feb 2 22:37:14 standalone container-server[128811]: 172.20.0.100 - - [02/Feb/2026:22:37:14 +0000] "PUT /d1/89/AUTH_7df9793668ed44d695a92489552e5f5c/gnocchi.3a8d3de1-6348-4b4a-ba4b-3eaaba51befb/none_v3" 201 - "PUT http://172.18.0.2:8080/d1/176/AUTH_7df9793668ed44d695a92489552e5f5c/gnocchi.3a8d3de1-6348-4b4a-ba4b-3eaaba51befb/none_v3" "tx87d2175672c445dfab68d-006981271a" "object-server 21" 0.0007 "-" 16 0
