Feb 2 22:22:38 standalone account-server[128534]: Starting 2
Feb 2 22:22:38 standalone account-server[128551]: Started child 20 from parent 2
Feb 2 22:22:38 standalone account-server[128551]: Started child 21 from parent 2
Feb 2 22:22:38 standalone account-server[128551]: Started child 22 from parent 2
Feb 2 22:22:38 standalone account-server[128551]: Started child 23 from parent 2
Feb 2 22:22:38 standalone container-server[128479]: Option allow_versions is deprecated. Configure the versioned_writes middleware in the proxy-server instead. This option will be ignored in a future release.
Feb 2 22:22:38 standalone container-server[128808]: Option allow_versions is deprecated. Configure the versioned_writes middleware in the proxy-server instead. This option will be ignored in a future release.
Feb 2 22:22:38 standalone container-server[128479]: Started child 14 from parent 2
Feb 2 22:22:38 standalone container-server[128809]: Option allow_versions is deprecated. Configure the versioned_writes middleware in the proxy-server instead. This option will be ignored in a future release.
Feb 2 22:22:38 standalone container-server[128479]: Started child 15 from parent 2
Feb 2 22:22:38 standalone container-server[128811]: Option allow_versions is deprecated. Configure the versioned_writes middleware in the proxy-server instead. This option will be ignored in a future release.
Feb 2 22:22:38 standalone container-server[128479]: Started child 16 from parent 2
Feb 2 22:22:38 standalone container-server[128816]: Option allow_versions is deprecated. Configure the versioned_writes middleware in the proxy-server instead. This option will be ignored in a future release.
Feb 2 22:22:38 standalone container-server[128659]: Starting 2
Feb 2 22:22:38 standalone container-server[128479]: Started child 17 from parent 2
Feb 2 22:22:39 standalone object-expirer[128842]: Starting 2
Feb 2 22:22:39 standalone object-expirer[128842]: Option auto_create_account_prefix is deprecated. Configure auto_create_account_prefix under the swift-constraints section of swift.conf. This option will be ignored in a future release.
Feb 2 22:22:39 standalone object-server[128852]: Starting 2
Feb 2 22:22:39 standalone object-server[128867]: Started child 21 from parent 2
Feb 2 22:22:39 standalone object-server[128867]: Started child 22 from parent 2
Feb 2 22:22:39 standalone object-server[128867]: Started child 24 from parent 2
Feb 2 22:22:39 standalone object-server[128867]: Started child 25 from parent 2
Feb 2 22:22:46 standalone proxy-server[130801]: Starting Keystone auth_token middleware
Feb 2 22:22:46 standalone proxy-server[130801]: AuthToken middleware is set with keystone_authtoken.service_token_roles_required set to False. This is backwards compatible but deprecated behaviour. Please set this to True.
Feb 2 22:22:46 standalone proxy-server[131026]: Starting Keystone auth_token middleware
Feb 2 22:22:46 standalone proxy-server[131026]: STDERR: The option "bind_port" is not known to keystonemiddleware
Feb 2 22:22:46 standalone proxy-server[131026]: STDERR: The option "workers" is not known to keystonemiddleware
Feb 2 22:22:46 standalone proxy-server[131026]: STDERR: The option "user" is not known to keystonemiddleware
Feb 2 22:22:46 standalone proxy-server[131026]: STDERR: The option "bind_ip" is not known to keystonemiddleware
Feb 2 22:22:46 standalone proxy-server[131026]: STDERR: The option "log_name" is not known to keystonemiddleware
Feb 2 22:22:46 standalone proxy-server[131026]: STDERR: The option "log_facility" is not known to keystonemiddleware
Feb 2 22:22:46 standalone proxy-server[131026]: STDERR: The option "log_level" is not known to keystonemiddleware
Feb 2 22:22:46 standalone proxy-server[131026]: STDERR: The option "log_headers" is not known to keystonemiddleware
Feb 2 22:22:46 standalone proxy-server[131026]: STDERR: The option "log_address" is not known to keystonemiddleware
Feb 2 22:22:46 standalone proxy-server[131026]: STDERR: The option "project_name" is not known to keystonemiddleware
Feb 2 22:22:46 standalone proxy-server[131026]: STDERR: The option "username" is not known to keystonemiddleware
Feb 2 22:22:46 standalone proxy-server[131026]: STDERR: The option "password" is not known to keystonemiddleware
Feb 2 22:22:46 standalone proxy-server[131026]: STDERR: The option "auth_url" is not known to keystonemiddleware
Feb 2 22:22:46 standalone proxy-server[131026]: STDERR: The option "signing_dir" is not known to keystonemiddleware
Feb 2 22:22:46 standalone proxy-server[131026]: STDERR: The option "project_domain_id" is not known to keystonemiddleware
Feb 2 22:22:46 standalone proxy-server[131026]: STDERR: The option "user_domain_id" is not known to keystonemiddleware
Feb 2 22:22:46 standalone proxy-server[131026]: STDERR: The option "__name__" is not known to keystonemiddleware
Feb 2 22:22:46 standalone proxy-server[131026]: AuthToken middleware is set with keystone_authtoken.service_token_roles_required set to False. This is backwards compatible but deprecated behaviour. Please set this to True.
Feb 2 22:22:46 standalone proxy-server[130801]: Started child 20 from parent 2
Feb 2 22:24:26 standalone object-server[128852]: Begin object update sweep
Feb 2 22:24:26 standalone object-server[142849]: Object update sweep starting on /srv/node/d1 (pid: 11)
Feb 2 22:24:26 standalone object-server[142849]: Object update sweep completed on /srv/node/d1 in 0.00s seconds:, 0 successes, 0 failures, 0 quarantines, 0 unlinks, 0 errors, 0 redirects (pid: 11)
Feb 2 22:24:26 standalone object-server[142849]: Object update sweep of d1 completed: 0.00s, 0 successes, 0 failures, 0 quarantines, 0 unlinks, 0 errors, 0 redirects
Feb 2 22:24:27 standalone object-server[128852]: Object update sweep completed: 0.05s
Feb 2 22:24:42 standalone account-server[128534]: Devices pass completed: 0.00s
Feb 2 22:25:03 standalone container-server[128659]: Begin container update sweep
Feb 2 22:25:03 standalone container-server[128659]: Container update sweep completed: 0.00s
Feb 2 22:26:28 standalone account-server[128795]: 172.20.0.100 - - [02/Feb/2026:22:26:28 +0000] "HEAD /d1/880/.expiring_objects" 404 - "HEAD http://localhost/v1/.expiring_objects?format=json" "tx9c86dd3f848d4354a8a43-0069812494" "proxy-server 2" 0.0017 "-" 22 -
Feb 2 22:26:28 standalone object-expirer[128842]: Pass completed in 0s; 0 objects expired (txn: tx9c86dd3f848d4354a8a43-0069812494)
Feb 2 22:29:27 standalone object-server[128852]: Begin object update sweep
Feb 2 22:29:27 standalone object-server[180270]: Object update sweep starting on /srv/node/d1 (pid: 13)
Feb 2 22:29:27 standalone object-server[180270]: Object update sweep completed on /srv/node/d1 in 0.00s seconds:, 0 successes, 0 failures, 0 quarantines, 0 unlinks, 0 errors, 0 redirects (pid: 13)
Feb 2 22:29:27 standalone object-server[180270]: Object update sweep of d1 completed: 0.00s, 0 successes, 0 failures, 0 quarantines, 0 unlinks, 0 errors, 0 redirects
Feb 2 22:29:27 standalone object-server[128852]: Object update sweep completed: 0.08s
Feb 2 22:30:04 standalone container-server[128659]: Begin container update sweep
Feb 2 22:30:04 standalone container-server[128659]: Container update sweep completed: 0.00s
Feb 2 22:30:42 standalone account-server[128795]: 172.20.0.100 - - [02/Feb/2026:22:30:42 +0000] "HEAD /d1/880/.expiring_objects" 404 - "HEAD http://localhost/v1/.expiring_objects?format=json" "tx5d4993b81b0b41cfaf313-0069812592" "proxy-server 2" 0.0005 "-" 22 -
Feb 2 22:30:42 standalone object-expirer[128842]: Pass completed in 0s; 0 objects expired (txn: tx5d4993b81b0b41cfaf313-0069812592)
Feb 2 22:32:07 standalone account-server[128797]: 172.20.0.100 - - [02/Feb/2026:22:32:07 +0000] "HEAD /d1/880/.expiring_objects" 404 - "HEAD http://localhost/v1/.expiring_objects?format=json" "txf76a96a06a0f4dc692901-00698125e7" "proxy-server 2" 0.0017 "-" 23 -
Feb 2 22:32:07 standalone object-expirer[128842]: Pass completed in 0s; 0 objects expired (txn: txf76a96a06a0f4dc692901-00698125e7)
Feb 2 22:34:27 standalone object-server[128852]: Begin object update sweep
Feb 2 22:34:27 standalone object-server[219374]: Object update sweep starting on /srv/node/d1 (pid: 14)
Feb 2 22:34:27 standalone object-server[219374]: Object update sweep completed on /srv/node/d1 in 0.00s seconds:, 0 successes, 0 failures, 0 quarantines, 0 unlinks, 0 errors, 0 redirects (pid: 14)
Feb 2 22:34:27 standalone object-server[219374]: Object update sweep of d1 completed: 0.00s, 0 successes, 0 failures, 0 quarantines, 0 unlinks, 0 errors, 0 redirects
Feb 2 22:34:27 standalone object-server[128852]: Object update sweep completed: 0.11s
Feb 2 22:35:04 standalone container-server[128659]: Begin container update sweep
Feb 2 22:35:04 standalone container-server[128659]: Container update sweep completed: 0.00s
Feb 2 22:35:05 standalone account-server[128797]: 172.20.0.100 - - [02/Feb/2026:22:35:05 +0000] "HEAD /d1/643/AUTH_7df9793668ed44d695a92489552e5f5c" 404 - "HEAD http://172.18.0.2:8080/v1/AUTH_7df9793668ed44d695a92489552e5f5c?format=json" "tx340caafcb58f4361a8d57-0069812699" "proxy-server 20" 0.0008 "-" 23 -
Feb 2 22:35:05 standalone proxy-server[131026]: - - 02/Feb/2026/22/35/05 HEAD /v1/AUTH_7df9793668ed44d695a92489552e5f5c%3Fformat%3Djson HTTP/1.0 200 - Swift - - - - tx340caafcb58f4361a8d57-0069812699 - 0.0075 RL - 1770071705.755824089 1770071705.763309479 -
Feb 2 22:35:06 standalone object-server[128969]: 172.20.0.100 - - [02/Feb/2026:22:35:06 +0000] "GET /d1/669/AUTH_7df9793668ed44d695a92489552e5f5c/gnocchi.46539403-e01b-4e89-b939-a8874361f02a/none_v3" 404 70 "GET http://172.18.0.2:8080/v1/AUTH_7df9793668ed44d695a92489552e5f5c/gnocchi.46539403-e01b-4e89-b939-a8874361f02a/none_v3" "tx340caafcb58f4361a8d57-0069812699" "proxy-server 20" 0.0011 "-" 22 0
Feb 2 22:35:06 standalone proxy-server[131026]: 172.18.0.2 172.18.0.100 02/Feb/2026/22/35/06 GET /v1/AUTH_7df9793668ed44d695a92489552e5f5c/gnocchi.46539403-e01b-4e89-b939-a8874361f02a/none_v3 HTTP/1.0 404 - python-swiftclient-3.11.1 gAAAAABpgSaZAKP7... - 70 - tx340caafcb58f4361a8d57-0069812699 - 0.4249 - - 1770071705.751317024 1770071706.176212311 0
Feb 2 22:35:06 standalone account-server[128791]: 172.20.0.100 - - [02/Feb/2026:22:35:06 +0000] "PUT /d1/643/AUTH_7df9793668ed44d695a92489552e5f5c" 201 - "-" "tx5324a3b8b90440e0a42f6-006981269a" "-" 0.4655 "-" 20 -
Feb 2 22:35:06 standalone proxy-server[131026]: autocreate account '/AUTH_7df9793668ed44d695a92489552e5f5c' (txn: tx5324a3b8b90440e0a42f6-006981269a)
Feb 2 22:35:06 standalone account-server[128797]: 172.20.0.100 - - [02/Feb/2026:22:35:06 +0000] "HEAD /d1/643/AUTH_7df9793668ed44d695a92489552e5f5c" 204 - "HEAD http://172.18.0.2:8080/v1/AUTH_7df9793668ed44d695a92489552e5f5c?format=json" "tx5324a3b8b90440e0a42f6-006981269a" "proxy-server 20" 0.0060 "-" 23 -
Feb 2 22:35:06 standalone account-server[128797]: 172.20.0.100 - - [02/Feb/2026:22:35:06 +0000] "PUT /d1/643/AUTH_7df9793668ed44d695a92489552e5f5c/gnocchi.46539403-e01b-4e89-b939-a8874361f02a" 201 - "PUT http://172.20.0.100:6001/d1/137/AUTH_7df9793668ed44d695a92489552e5f5c/gnocchi.46539403-e01b-4e89-b939-a8874361f02a" "tx5324a3b8b90440e0a42f6-006981269a" "container-server 17" 0.0013 "-" 23 0
Feb 2 22:35:06 standalone container-server[128816]: 172.20.0.100 - - [02/Feb/2026:22:35:06 +0000] "PUT /d1/137/AUTH_7df9793668ed44d695a92489552e5f5c/gnocchi.46539403-e01b-4e89-b939-a8874361f02a" 201 - "PUT http://172.18.0.2:8080/v1/AUTH_7df9793668ed44d695a92489552e5f5c/gnocchi.46539403-e01b-4e89-b939-a8874361f02a" "tx5324a3b8b90440e0a42f6-006981269a" "proxy-server 20" 0.0491 "-" 17 0
Feb 2 22:35:06 standalone proxy-server[131026]: 172.18.0.2 172.18.0.100 02/Feb/2026/22/35/06 PUT /v1/AUTH_7df9793668ed44d695a92489552e5f5c/gnocchi.46539403-e01b-4e89-b939-a8874361f02a HTTP/1.0 201 - python-swiftclient-3.11.1 gAAAAABpgSaZAKP7... - - - tx5324a3b8b90440e0a42f6-006981269a - 0.5374 - - 1770071706.178879499 1770071706.716283798 0
Feb 2 22:35:06 standalone container-server[128811]: 172.20.0.100 - - [02/Feb/2026:22:35:06 +0000] "HEAD /d1/137/AUTH_7df9793668ed44d695a92489552e5f5c/gnocchi.46539403-e01b-4e89-b939-a8874361f02a" 204 - "HEAD http://172.18.0.2:8080/v1/AUTH_7df9793668ed44d695a92489552e5f5c/gnocchi.46539403-e01b-4e89-b939-a8874361f02a?format=json&states=listing" "tx00268e8b7aec4cf8b7e32-006981269a" "proxy-server 20" 0.0045 "-" 16 0
Feb 2 22:35:06 standalone proxy-server[131026]: - - 02/Feb/2026/22/35/06 HEAD /v1/AUTH_7df9793668ed44d695a92489552e5f5c/gnocchi.46539403-e01b-4e89-b939-a8874361f02a%3Fformat%3Djson%26states%3Dlisting HTTP/1.0 204 - Swift - - - - tx00268e8b7aec4cf8b7e32-006981269a - 0.0103 RL - 1770071706.723207712 1770071706.733501911 0
Feb 2 22:35:06 standalone container-server[128809]: 172.20.0.100 - - [02/Feb/2026:22:35:06 +0000] "GET /d1/137/AUTH_7df9793668ed44d695a92489552e5f5c/gnocchi.46539403-e01b-4e89-b939-a8874361f02a" 200 2 "GET http://172.18.0.2:8080/v1/AUTH_7df9793668ed44d695a92489552e5f5c/gnocchi.46539403-e01b-4e89-b939-a8874361f02a?format=json&states=listing" "tx00268e8b7aec4cf8b7e32-006981269a" "proxy-server 20" 0.0042 "-" 15 0
Feb 2 22:35:06 standalone proxy-server[131026]: 172.18.0.2 172.18.0.100 02/Feb/2026/22/35/06 GET /v1/AUTH_7df9793668ed44d695a92489552e5f5c/gnocchi.46539403-e01b-4e89-b939-a8874361f02a%3Fformat%3Djson%26states%3Dlisting HTTP/1.0 200 - python-swiftclient-3.11.1 gAAAAABpgSaZAKP7... - 2 - tx00268e8b7aec4cf8b7e32-006981269a - 0.0253 - - 1770071706.721719265 1770071706.747046947 0
Feb 2 22:35:06 standalone object-server[128972]: 172.20.0.100 - - [02/Feb/2026:22:35:06 +0000] "GET /d1/959/AUTH_7df9793668ed44d695a92489552e5f5c/gnocchi.46539403-e01b-4e89-b939-a8874361f02a/1769040000.0_mean_300.0_v3" 404 70 "GET http://172.18.0.2:8080/v1/AUTH_7df9793668ed44d695a92489552e5f5c/gnocchi.46539403-e01b-4e89-b939-a8874361f02a/1769040000.0_mean_300.0_v3" "tx25ab3959dc6e4d35a41b1-006981269a" "proxy-server 20" 0.0012 "-" 24 0
Feb 2 22:35:06 standalone proxy-server[131026]: 172.18.0.2 172.18.0.100 02/Feb/2026/22/35/06 GET /v1/AUTH_7df9793668ed44d695a92489552e5f5c/gnocchi.46539403-e01b-4e89-b939-a8874361f02a/1769040000.0_mean_300.0_v3 HTTP/1.0 404 - python-swiftclient-3.11.1 gAAAAABpgSaZAKP7... - 70 - tx25ab3959dc6e4d35a41b1-006981269a - 0.0100 - - 1770071706.752830744 1770071706.762869596 0
Feb 2 22:35:06 standalone container-server[128808]: 172.20.0.100 - - [02/Feb/2026:22:35:06 +0000] "PUT /d1/137/AUTH_7df9793668ed44d695a92489552e5f5c/gnocchi.46539403-e01b-4e89-b939-a8874361f02a/1769040000.0_mean_300.0_v3" 201 - "PUT http://172.18.0.2:8080/d1/959/AUTH_7df9793668ed44d695a92489552e5f5c/gnocchi.46539403-e01b-4e89-b939-a8874361f02a/1769040000.0_mean_300.0_v3" "tx50b8c542e8b341c4a46f4-006981269a" "object-server 21" 0.0017 "-" 14 0
Feb 2 22:35:06 standalone object-server[128968]: 172.20.0.100 - - [02/Feb/2026:22:35:06 +0000] "PUT /d1/959/AUTH_7df9793668ed44d695a92489552e5f5c/gnocchi.46539403-e01b-4e89-b939-a8874361f02a/1769040000.0_mean_300.0_v3" 201 - "PUT http://172.18.0.2:8080/v1/AUTH_7df9793668ed44d695a92489552e5f5c/gnocchi.46539403-e01b-4e89-b939-a8874361f02a/1769040000.0_mean_300.0_v3" "tx50b8c542e8b341c4a46f4-006981269a" "proxy-server 20" 0.0395 "-" 21 0
Feb 2 22:35:06 standalone proxy-server[131026]: 172.18.0.2 172.18.0.100 02/Feb/2026/22/35/06 PUT /v1/AUTH_7df9793668ed44d695a92489552e5f5c/gnocchi.46539403-e01b-4e89-b939-a8874361f02a/1769040000.0_mean_300.0_v3 HTTP/1.0 201 - python-swiftclient-3.11.1 gAAAAABpgSaZAKP7... 16 - - tx50b8c542e8b341c4a46f4-006981269a - 0.0495 - - 1770071706.767332315 1770071706.816847801 0
Feb 2 22:35:06 standalone container-server[128816]: 172.20.0.100 - - [02/Feb/2026:22:35:06 +0000] "PUT /d1/137/AUTH_7df9793668ed44d695a92489552e5f5c/gnocchi.46539403-e01b-4e89-b939-a8874361f02a/none_v3" 201 - "PUT http://172.18.0.2:8080/d1/669/AUTH_7df9793668ed44d695a92489552e5f5c/gnocchi.46539403-e01b-4e89-b939-a8874361f02a/none_v3" "tx74331b6395644bff8beed-006981269a" "object-server 22" 0.0008 "-" 17 0
Feb 2 22:35:06 standalone object-server[128969]: 172.20.0.100 - - [02/Feb/2026:22:35:06 +0000] "PUT /d1/669/AUTH_7df9793668ed44d695a92489552e5f5c/gnocchi.46539403-e01b-4e89-b939-a8874361f02a/none_v3" 201 - "PUT http://172.18.0.2:8080/v1/AUTH_7df9793668ed44d695a92489552e5f5c/gnocchi.46539403-e01b-4e89-b939-a8874361f02a/none_v3" "tx74331b6395644bff8beed-006981269a" "proxy-server 20" 0.0530 "-" 22 0
Feb 2 22:35:06 standalone proxy-server[131026]: 172.18.0.2 172.18.0.100 02/Feb/2026/22/35/06 PUT /v1/AUTH_7df9793668ed44d695a92489552e5f5c/gnocchi.46539403-e01b-4e89-b939-a8874361f02a/none_v3 HTTP/1.0 201 - python-swiftclient-3.11.1 gAAAAABpgSaZAKP7... 22 - - tx74331b6395644bff8beed-006981269a - 0.0614 - - 1770071706.821181297 1770071706.882630110 0
Feb 2 22:35:35 standalone object-server[128973]: 172.20.0.100 - - [02/Feb/2026:22:35:35 +0000] "GET /d1/669/AUTH_7df9793668ed44d695a92489552e5f5c/gnocchi.46539403-e01b-4e89-b939-a8874361f02a/none_v3" 200 22 "GET http://172.18.0.2:8080/v1/AUTH_7df9793668ed44d695a92489552e5f5c/gnocchi.46539403-e01b-4e89-b939-a8874361f02a/none_v3" "txc4e6083d94964481ba61a-00698126b7" "proxy-server 20" 0.0015 "-" 25 0
Feb 2 22:35:35 standalone proxy-server[131026]: 172.18.0.2 172.18.0.100 02/Feb/2026/22/35/35 GET /v1/AUTH_7df9793668ed44d695a92489552e5f5c/gnocchi.46539403-e01b-4e89-b939-a8874361f02a/none_v3 HTTP/1.0 200 - python-swiftclient-3.11.1 gAAAAABpgSaZAKP7... - 22 - txc4e6083d94964481ba61a-00698126b7 - 0.0163 - - 1770071735.525090218 1770071735.541395187 0
Feb 2 22:35:35 standalone container-server[128811]: 172.20.0.100 - - [02/Feb/2026:22:35:35 +0000] "GET /d1/137/AUTH_7df9793668ed44d695a92489552e5f5c/gnocchi.46539403-e01b-4e89-b939-a8874361f02a" 200 357 "GET http://172.18.0.2:8080/v1/AUTH_7df9793668ed44d695a92489552e5f5c/gnocchi.46539403-e01b-4e89-b939-a8874361f02a?format=json&states=listing" "tx7b32614c0b59484db74b3-00698126b7" "proxy-server 20" 0.0177 "-" 16 0
Feb 2 22:35:35 standalone proxy-server[131026]: 172.18.0.2 172.18.0.100 02/Feb/2026/22/35/35 GET /v1/AUTH_7df9793668ed44d695a92489552e5f5c/gnocchi.46539403-e01b-4e89-b939-a8874361f02a%3Fformat%3Djson%26states%3Dlisting HTTP/1.0 200 - python-swiftclient-3.11.1 gAAAAABpgSaZAKP7... - 357 - tx7b32614c0b59484db74b3-00698126b7 - 0.0283 - - 1770071735.548766136 1770071735.577079773 0
Feb 2 22:35:35 standalone container-server[128808]: 172.20.0.100 - - [02/Feb/2026:22:35:35 +0000] "GET /d1/137/AUTH_7df9793668ed44d695a92489552e5f5c/gnocchi.46539403-e01b-4e89-b939-a8874361f02a" 200 2 "GET http://172.18.0.2:8080/v1/AUTH_7df9793668ed44d695a92489552e5f5c/gnocchi.46539403-e01b-4e89-b939-a8874361f02a?format=json&marker=none_v3&states=listing" "txcaf52bb43bb3425484966-00698126b7" "proxy-server 20" 0.0053 "-" 14 0
Feb 2 22:35:35 standalone proxy-server[131026]: 172.18.0.2 172.18.0.100 02/Feb/2026/22/35/35 GET /v1/AUTH_7df9793668ed44d695a92489552e5f5c/gnocchi.46539403-e01b-4e89-b939-a8874361f02a%3Fformat%3Djson%26marker%3Dnone_v3%26states%3Dlisting HTTP/1.0 200 - python-swiftclient-3.11.1 gAAAAABpgSaZAKP7... - 2 - txcaf52bb43bb3425484966-00698126b7 - 0.0158 - - 1770071735.581594706 1770071735.597381353 0
Feb 2 22:35:35 standalone object-server[128972]: 172.20.0.100 - - [02/Feb/2026:22:35:35 +0000] "GET /d1/959/AUTH_7df9793668ed44d695a92489552e5f5c/gnocchi.46539403-e01b-4e89-b939-a8874361f02a/1769040000.0_mean_300.0_v3" 200 16 "GET http://172.18.0.2:8080/v1/AUTH_7df9793668ed44d695a92489552e5f5c/gnocchi.46539403-e01b-4e89-b939-a8874361f02a/1769040000.0_mean_300.0_v3" "txce3dad52b9a74e578ef65-00698126b7" "proxy-server 20" 0.0008 "-" 24 0
Feb 2 22:35:35 standalone proxy-server[131026]: 172.18.0.2 172.18.0.100 02/Feb/2026/22/35/35 GET /v1/AUTH_7df9793668ed44d695a92489552e5f5c/gnocchi.46539403-e01b-4e89-b939-a8874361f02a/1769040000.0_mean_300.0_v3 HTTP/1.0 200 - python-swiftclient-3.11.1 gAAAAABpgSaZAKP7... - 16 - txce3dad52b9a74e578ef65-00698126b7 - 0.0287 - - 1770071735.604675055 1770071735.633363962 0
Feb 2 22:35:35 standalone container-server[128816]: 172.20.0.100 - - [02/Feb/2026:22:35:35 +0000] "PUT /d1/137/AUTH_7df9793668ed44d695a92489552e5f5c/gnocchi.46539403-e01b-4e89-b939-a8874361f02a/1769040000.0_mean_300.0_v3" 201 - "PUT http://172.18.0.2:8080/d1/959/AUTH_7df9793668ed44d695a92489552e5f5c/gnocchi.46539403-e01b-4e89-b939-a8874361f02a/1769040000.0_mean_300.0_v3" "txef841580ea5f4946acc63-00698126b7" "object-server 25" 0.0013 "-" 17 0
Feb 2 22:35:35 standalone object-server[128973]: 172.20.0.100 - - [02/Feb/2026:22:35:35 +0000] "PUT /d1/959/AUTH_7df9793668ed44d695a92489552e5f5c/gnocchi.46539403-e01b-4e89-b939-a8874361f02a/1769040000.0_mean_300.0_v3" 201 - "PUT http://172.18.0.2:8080/v1/AUTH_7df9793668ed44d695a92489552e5f5c/gnocchi.46539403-e01b-4e89-b939-a8874361f02a/1769040000.0_mean_300.0_v3" "txef841580ea5f4946acc63-00698126b7" "proxy-server 20" 0.0251 "-" 25 0
Feb 2 22:35:35 standalone proxy-server[131026]: 172.18.0.2 172.18.0.100 02/Feb/2026/22/35/35 PUT /v1/AUTH_7df9793668ed44d695a92489552e5f5c/gnocchi.46539403-e01b-4e89-b939-a8874361f02a/1769040000.0_mean_300.0_v3 HTTP/1.0 201 - python-swiftclient-3.11.1 gAAAAABpgSaZAKP7... 16 - - txef841580ea5f4946acc63-00698126b7 - 0.0311 - - 1770071735.638616800 1770071735.669687510 0
Feb 2 22:35:35 standalone container-server[128811]: 172.20.0.100 - - [02/Feb/2026:22:35:35 +0000] "PUT /d1/137/AUTH_7df9793668ed44d695a92489552e5f5c/gnocchi.46539403-e01b-4e89-b939-a8874361f02a/none_v3" 201 - "PUT http://172.18.0.2:8080/d1/669/AUTH_7df9793668ed44d695a92489552e5f5c/gnocchi.46539403-e01b-4e89-b939-a8874361f02a/none_v3" "txa6586fe7d2dc4985b1a70-00698126b7" "object-server 21" 0.0006 "-" 16 0
Feb 2 22:35:35 standalone object-server[128968]: 172.20.0.100 - - [02/Feb/2026:22:35:35 +0000] "PUT /d1/669/AUTH_7df9793668ed44d695a92489552e5f5c/gnocchi.46539403-e01b-4e89-b939-a8874361f02a/none_v3" 201 - "PUT http://172.18.0.2:8080/v1/AUTH_7df9793668ed44d695a92489552e5f5c/gnocchi.46539403-e01b-4e89-b939-a8874361f02a/none_v3" "txa6586fe7d2dc4985b1a70-00698126b7" "proxy-server 20" 0.0096 "-" 21 0
Feb 2 22:35:35 standalone proxy-server[131026]: 172.18.0.2 172.18.0.100 02/Feb/2026/22/35/35 PUT /v1/AUTH_7df9793668ed44d695a92489552e5f5c/gnocchi.46539403-e01b-4e89-b939-a8874361f02a/none_v3 HTTP/1.0 201 - python-swiftclient-3.11.1 gAAAAABpgSaZAKP7... 32 - - txa6586fe7d2dc4985b1a70-00698126b7 - 0.0169 - - 1770071735.674689054 1770071735.691623449 0
Feb 2 22:35:44 standalone account-server[128794]: 172.20.0.100 - - [02/Feb/2026:22:35:44 +0000] "HEAD /d1/880/.expiring_objects" 404 - "HEAD http://localhost/v1/.expiring_objects?format=json" "tx6b3b4bf5677e493fa1cea-00698126c0" "proxy-server 2" 0.0023 "-" 21 -
Feb 2 22:35:44 standalone object-expirer[128842]: Pass completed in 0s; 0 objects expired (txn: tx6b3b4bf5677e493fa1cea-00698126c0)
Feb 2 22:36:06 standalone container-server[128816]: 172.20.0.100 - - [02/Feb/2026:22:36:06 +0000] "HEAD /d1/1020/AUTH_7df9793668ed44d695a92489552e5f5c/gnocchi.fb5d1a88-c719-438d-8cb0-f32242c58f78" 404 - "HEAD http://172.18.0.2:8080/v1/AUTH_7df9793668ed44d695a92489552e5f5c/gnocchi.fb5d1a88-c719-438d-8cb0-f32242c58f78?format=json&states=listing" "tx3e9792f89e4841c4b40dd-00698126d6" "proxy-server 20" 0.0010 "-" 17 0
Feb 2 22:36:06 standalone object-server[128973]: 172.20.0.100 - - [02/Feb/2026:22:36:06 +0000] "GET /d1/995/AUTH_7df9793668ed44d695a92489552e5f5c/gnocchi.fb5d1a88-c719-438d-8cb0-f32242c58f78/none_v3" 404 70 "GET http://172.18.0.2:8080/v1/AUTH_7df9793668ed44d695a92489552e5f5c/gnocchi.fb5d1a88-c719-438d-8cb0-f32242c58f78/none_v3" "tx3e9792f89e4841c4b40dd-00698126d6" "proxy-server 20" 0.0007 "-" 25 0
Feb 2 22:36:06 standalone proxy-server[131026]: 172.18.0.2 172.18.0.100 02/Feb/2026/22/36/06 GET /v1/AUTH_7df9793668ed44d695a92489552e5f5c/gnocchi.fb5d1a88-c719-438d-8cb0-f32242c58f78/none_v3 HTTP/1.0 404 - python-swiftclient-3.11.1 gAAAAABpgSaZAKP7... - 70 - tx3e9792f89e4841c4b40dd-00698126d6 - 0.0161 - - 1770071766.522338152 1770071766.538394928 0
Feb 2 22:36:06 standalone account-server[128797]: 172.20.0.100 - - [02/Feb/2026:22:36:06 +0000] "PUT /d1/643/AUTH_7df9793668ed44d695a92489552e5f5c/gnocchi.fb5d1a88-c719-438d-8cb0-f32242c58f78" 201 - "PUT http://172.20.0.100:6001/d1/1020/AUTH_7df9793668ed44d695a92489552e5f5c/gnocchi.fb5d1a88-c719-438d-8cb0-f32242c58f78" "tx75dc95990fc84d35b82db-00698126d6" "container-server 14" 0.0052 "-" 23 0
Feb 2 22:36:06 standalone container-server[128808]: 172.20.0.100 - - [02/Feb/2026:22:36:06 +0000] "PUT /d1/1020/AUTH_7df9793668ed44d695a92489552e5f5c/gnocchi.fb5d1a88-c719-438d-8cb0-f32242c58f78" 201 - "PUT http://172.18.0.2:8080/v1/AUTH_7df9793668ed44d695a92489552e5f5c/gnocchi.fb5d1a88-c719-438d-8cb0-f32242c58f78" "tx75dc95990fc84d35b82db-00698126d6" "proxy-server 20" 0.0178 "-" 14 0
Feb 2 22:36:06 standalone proxy-server[131026]: 172.18.0.2 172.18.0.100 02/Feb/2026/22/36/06 PUT /v1/AUTH_7df9793668ed44d695a92489552e5f5c/gnocchi.fb5d1a88-c719-438d-8cb0-f32242c58f78 HTTP/1.0 201 - python-swiftclient-3.11.1 gAAAAABpgSaZAKP7... - - - tx75dc95990fc84d35b82db-00698126d6 - 0.0252 - - 1770071766.542147398 1770071766.567326784 0
Feb 2 22:36:06 standalone container-server[128809]: 172.20.0.100 - - [02/Feb/2026:22:36:06 +0000] "HEAD /d1/1020/AUTH_7df9793668ed44d695a92489552e5f5c/gnocchi.fb5d1a88-c719-438d-8cb0-f32242c58f78" 204 - "HEAD http://172.18.0.2:8080/v1/AUTH_7df9793668ed44d695a92489552e5f5c/gnocchi.fb5d1a88-c719-438d-8cb0-f32242c58f78?format=json&states=listing" "tx86af50ef306a4bccb998a-00698126d6" "proxy-server 20" 0.0015 "-" 15 0
Feb 2 22:36:06 standalone proxy-server[131026]: - - 02/Feb/2026/22/36/06 HEAD /v1/AUTH_7df9793668ed44d695a92489552e5f5c/gnocchi.fb5d1a88-c719-438d-8cb0-f32242c58f78%3Fformat%3Djson%26states%3Dlisting HTTP/1.0 204 - Swift - - - - tx86af50ef306a4bccb998a-00698126d6 - 0.0060 RL - 1770071766.572730541 1770071766.578764915 0
Feb 2 22:36:06 standalone container-server[128816]: 172.20.0.100 - - [02/Feb/2026:22:36:06 +0000] "GET /d1/1020/AUTH_7df9793668ed44d695a92489552e5f5c/gnocchi.fb5d1a88-c719-438d-8cb0-f32242c58f78" 200 2 "GET http://172.18.0.2:8080/v1/AUTH_7df9793668ed44d695a92489552e5f5c/gnocchi.fb5d1a88-c719-438d-8cb0-f32242c58f78?format=json&states=listing" "tx86af50ef306a4bccb998a-00698126d6" "proxy-server 20" 0.0023 "-" 17 0
Feb 2 22:36:06 standalone proxy-server[131026]: 172.18.0.2 172.18.0.100 02/Feb/2026/22/36/06 GET /v1/AUTH_7df9793668ed44d695a92489552e5f5c/gnocchi.fb5d1a88-c719-438d-8cb0-f32242c58f78%3Fformat%3Djson%26states%3Dlisting HTTP/1.0 200 - python-swiftclient-3.11.1 gAAAAABpgSaZAKP7... - 2 - tx86af50ef306a4bccb998a-00698126d6 - 0.0178 - - 1770071766.571118116 1770071766.588936806 0
Feb 2 22:36:06 standalone object-server[128972]: 172.20.0.100 - - [02/Feb/2026:22:36:06 +0000] "GET /d1/913/AUTH_7df9793668ed44d695a92489552e5f5c/gnocchi.fb5d1a88-c719-438d-8cb0-f32242c58f78/1769040000.0_mean_300.0_v3" 404 70 "GET http://172.18.0.2:8080/v1/AUTH_7df9793668ed44d695a92489552e5f5c/gnocchi.fb5d1a88-c719-438d-8cb0-f32242c58f78/1769040000.0_mean_300.0_v3" "tx8b73792c3f164d0d8ca07-00698126d6" "proxy-server 20" 0.0006 "-" 24 0
Feb 2 22:36:06 standalone proxy-server[131026]: 172.18.0.2 172.18.0.100 02/Feb/2026/22/36/06 GET /v1/AUTH_7df9793668ed44d695a92489552e5f5c/gnocchi.fb5d1a88-c719-438d-8cb0-f32242c58f78/1769040000.0_mean_300.0_v3 HTTP/1.0 404 - python-swiftclient-3.11.1 gAAAAABpgSaZAKP7... - 70 - tx8b73792c3f164d0d8ca07-00698126d6 - 0.0083 - - 1770071766.592655659 1770071766.600919008 0
Feb 2 22:36:06 standalone container-server[128816]: 172.20.0.100 - - [02/Feb/2026:22:36:06 +0000] "PUT /d1/1020/AUTH_7df9793668ed44d695a92489552e5f5c/gnocchi.fb5d1a88-c719-438d-8cb0-f32242c58f78/1769040000.0_mean_300.0_v3" 201 - "PUT http://172.18.0.2:8080/d1/913/AUTH_7df9793668ed44d695a92489552e5f5c/gnocchi.fb5d1a88-c719-438d-8cb0-f32242c58f78/1769040000.0_mean_300.0_v3" "tx8b3dde68b9ac4d00931df-00698126d6" "object-server 21" 0.0006 "-" 17 0
Feb 2 22:36:06 standalone object-server[128968]: 172.20.0.100 - - [02/Feb/2026:22:36:06 +0000] "PUT /d1/913/AUTH_7df9793668ed44d695a92489552e5f5c/gnocchi.fb5d1a88-c719-438d-8cb0-f32242c58f78/1769040000.0_mean_300.0_v3" 201 - "PUT http://172.18.0.2:8080/v1/AUTH_7df9793668ed44d695a92489552e5f5c/gnocchi.fb5d1a88-c719-438d-8cb0-f32242c58f78/1769040000.0_mean_300.0_v3" "tx8b3dde68b9ac4d00931df-00698126d6" "proxy-server 20" 0.0101 "-" 21 0
Feb 2 22:36:06 standalone proxy-server[131026]: 172.18.0.2 172.18.0.100 02/Feb/2026/22/36/06 PUT /v1/AUTH_7df9793668ed44d695a92489552e5f5c/gnocchi.fb5d1a88-c719-438d-8cb0-f32242c58f78/1769040000.0_mean_300.0_v3 HTTP/1.0 201 - python-swiftclient-3.11.1 gAAAAABpgSaZAKP7... 16 - - tx8b3dde68b9ac4d00931df-00698126d6 - 0.0201 - - 1770071766.604577541 1770071766.624679089 0
Feb 2 22:36:06 standalone container-server[128816]: 172.20.0.100 - - [02/Feb/2026:22:36:06 +0000] "PUT /d1/1020/AUTH_7df9793668ed44d695a92489552e5f5c/gnocchi.fb5d1a88-c719-438d-8cb0-f32242c58f78/none_v3" 201 - "PUT http://172.18.0.2:8080/d1/995/AUTH_7df9793668ed44d695a92489552e5f5c/gnocchi.fb5d1a88-c719-438d-8cb0-f32242c58f78/none_v3" "tx5852deb7adb94ac8981b6-00698126d6" "object-server 22" 0.0004 "-" 17 0
Feb 2 22:36:06 standalone object-server[128969]: 172.20.0.100 - - [02/Feb/2026:22:36:06 +0000] "PUT /d1/995/AUTH_7df9793668ed44d695a92489552e5f5c/gnocchi.fb5d1a88-c719-438d-8cb0-f32242c58f78/none_v3" 201 - "PUT http://172.18.0.2:8080/v1/AUTH_7df9793668ed44d695a92489552e5f5c/gnocchi.fb5d1a88-c719-438d-8cb0-f32242c58f78/none_v3" "tx5852deb7adb94ac8981b6-00698126d6" "proxy-server 20" 0.0076 "-" 22 0
Feb 2 22:36:06 standalone proxy-server[131026]: 172.18.0.2 172.18.0.100 02/Feb/2026/22/36/06 PUT /v1/AUTH_7df9793668ed44d695a92489552e5f5c/gnocchi.fb5d1a88-c719-438d-8cb0-f32242c58f78/none_v3 HTTP/1.0 201 - python-swiftclient-3.11.1 gAAAAABpgSaZAKP7... 22 - - tx5852deb7adb94ac8981b6-00698126d6 - 0.0144 - - 1770071766.628051043 1770071766.642427921 0
Feb 2 22:36:06 standalone container-server[128808]: 172.20.0.100 - - [02/Feb/2026:22:36:06 +0000] "HEAD /d1/406/AUTH_7df9793668ed44d695a92489552e5f5c/gnocchi.2e80d78b-44f3-40e4-a2b4-07bddce34d6e" 404 - "HEAD http://172.18.0.2:8080/v1/AUTH_7df9793668ed44d695a92489552e5f5c/gnocchi.2e80d78b-44f3-40e4-a2b4-07bddce34d6e?format=json&states=listing" "txf7e115fa753a421aa7577-00698126d6" "proxy-server 20" 0.0007 "-" 14 0
Feb 2 22:36:06 standalone object-server[128968]: 172.20.0.100 - - [02/Feb/2026:22:36:06 +0000] "GET /d1/836/AUTH_7df9793668ed44d695a92489552e5f5c/gnocchi.2e80d78b-44f3-40e4-a2b4-07bddce34d6e/none_v3" 404 70 "GET http://172.18.0.2:8080/v1/AUTH_7df9793668ed44d695a92489552e5f5c/gnocchi.2e80d78b-44f3-40e4-a2b4-07bddce34d6e/none_v3" "txf7e115fa753a421aa7577-00698126d6" "proxy-server 20" 0.0003 "-" 21 0
Feb 2 22:36:06 standalone proxy-server[131026]: 172.18.0.2 172.18.0.100 02/Feb/2026/22/36/06 GET /v1/AUTH_7df9793668ed44d695a92489552e5f5c/gnocchi.2e80d78b-44f3-40e4-a2b4-07bddce34d6e/none_v3 HTTP/1.0 404 - python-swiftclient-3.11.1 gAAAAABpgSaZAKP7... - 70 - txf7e115fa753a421aa7577-00698126d6 - 0.0145 - - 1770071766.652650356 1770071766.667108536 0
Feb 2 22:36:06 standalone account-server[128791]: 172.20.0.100 - - [02/Feb/2026:22:36:06 +0000] "PUT /d1/643/AUTH_7df9793668ed44d695a92489552e5f5c/gnocchi.2e80d78b-44f3-40e4-a2b4-07bddce34d6e" 201 - "PUT http://172.20.0.100:6001/d1/406/AUTH_7df9793668ed44d695a92489552e5f5c/gnocchi.2e80d78b-44f3-40e4-a2b4-07bddce34d6e" "txaf7c5c537a8e4beda2265-00698126d6" "container-server 15" 0.0088 "-" 20 0
Feb 2 22:36:06 standalone container-server[128809]: 172.20.0.100 - - [02/Feb/2026:22:36:06 +0000] "PUT /d1/406/AUTH_7df9793668ed44d695a92489552e5f5c/gnocchi.2e80d78b-44f3-40e4-a2b4-07bddce34d6e" 201 - "PUT http://172.18.0.2:8080/v1/AUTH_7df9793668ed44d695a92489552e5f5c/gnocchi.2e80d78b-44f3-40e4-a2b4-07bddce34d6e" "txaf7c5c537a8e4beda2265-00698126d6" "proxy-server 20" 0.0297 "-" 15 0
Feb 2 22:36:06 standalone proxy-server[131026]: 172.18.0.2 172.18.0.100 02/Feb/2026/22/36/06 PUT /v1/AUTH_7df9793668ed44d695a92489552e5f5c/gnocchi.2e80d78b-44f3-40e4-a2b4-07bddce34d6e HTTP/1.0 201 - python-swiftclient-3.11.1 gAAAAABpgSaZAKP7... - - - txaf7c5c537a8e4beda2265-00698126d6 - 0.0362 - - 1770071766.671441317 1770071766.707613707 0
Feb 2 22:36:06 standalone account-server[128791]: 172.20.0.100 - - [02/Feb/2026:22:36:06 +0000] "HEAD /d1/643/AUTH_7df9793668ed44d695a92489552e5f5c" 204 - "HEAD http://172.18.0.2:8080/v1/AUTH_7df9793668ed44d695a92489552e5f5c?format=json" "txbc8d4c0066404988b5464-00698126d6" "proxy-server 20" 0.0127 "-" 20 -
Feb 2 22:36:06 standalone proxy-server[131026]: - - 02/Feb/2026/22/36/06 HEAD /v1/AUTH_7df9793668ed44d695a92489552e5f5c%3Fformat%3Djson HTTP/1.0 204 - Swift - - - - txbc8d4c0066404988b5464-00698126d6 - 0.0158 RL - 1770071766.712209463 1770071766.727999449 -
Feb 2 22:36:06 standalone container-server[128816]: 172.20.0.100 - - [02/Feb/2026:22:36:06 +0000] "HEAD /d1/406/AUTH_7df9793668ed44d695a92489552e5f5c/gnocchi.2e80d78b-44f3-40e4-a2b4-07bddce34d6e" 204 - "HEAD http://172.18.0.2:8080/v1/AUTH_7df9793668ed44d695a92489552e5f5c/gnocchi.2e80d78b-44f3-40e4-a2b4-07bddce34d6e?format=json&states=listing" "txbc8d4c0066404988b5464-00698126d6" "proxy-server 20" 0.0024 "-" 17 0
Feb 2 22:36:06 standalone proxy-server[131026]: - - 02/Feb/2026/22/36/06 HEAD /v1/AUTH_7df9793668ed44d695a92489552e5f5c/gnocchi.2e80d78b-44f3-40e4-a2b4-07bddce34d6e%3Fformat%3Djson%26states%3Dlisting HTTP/1.0 204 - Swift - - - - txbc8d4c0066404988b5464-00698126d6 - 0.0063 RL - 1770071766.729107380 1770071766.735366344 0
Feb 2 22:36:06 standalone container-server[128811]: 172.20.0.100 - - [02/Feb/2026:22:36:06 +0000] "GET /d1/406/AUTH_7df9793668ed44d695a92489552e5f5c/gnocchi.2e80d78b-44f3-40e4-a2b4-07bddce34d6e" 200 2 "GET http://172.18.0.2:8080/v1/AUTH_7df9793668ed44d695a92489552e5f5c/gnocchi.2e80d78b-44f3-40e4-a2b4-07bddce34d6e?format=json&states=listing" "txbc8d4c0066404988b5464-00698126d6" "proxy-server 20" 0.0044 "-" 16 0
Feb 2 22:36:06 standalone proxy-server[131026]: 172.18.0.2 172.18.0.100 02/Feb/2026/22/36/06 GET /v1/AUTH_7df9793668ed44d695a92489552e5f5c/gnocchi.2e80d78b-44f3-40e4-a2b4-07bddce34d6e%3Fformat%3Djson%26states%3Dlisting HTTP/1.0 200 - python-swiftclient-3.11.1 gAAAAABpgSaZAKP7... - 2 - txbc8d4c0066404988b5464-00698126d6 - 0.0338 - - 1770071766.711546659 1770071766.745335102 0
Feb 2 22:36:06 standalone object-server[128972]: 172.20.0.100 - - [02/Feb/2026:22:36:06 +0000] "GET /d1/354/AUTH_7df9793668ed44d695a92489552e5f5c/gnocchi.2e80d78b-44f3-40e4-a2b4-07bddce34d6e/1769040000.0_mean_300.0_v3" 404 70 "GET http://172.18.0.2:8080/v1/AUTH_7df9793668ed44d695a92489552e5f5c/gnocchi.2e80d78b-44f3-40e4-a2b4-07bddce34d6e/1769040000.0_mean_300.0_v3" "txa4274b1be0c14b7f8e98a-00698126d6" "proxy-server 20" 0.0003 "-" 24 0
Feb 2 22:36:06 standalone proxy-server[131026]: 172.18.0.2 172.18.0.100 02/Feb/2026/22/36/06 GET /v1/AUTH_7df9793668ed44d695a92489552e5f5c/gnocchi.2e80d78b-44f3-40e4-a2b4-07bddce34d6e/1769040000.0_mean_300.0_v3 HTTP/1.0 404 - python-swiftclient-3.11.1 gAAAAABpgSaZAKP7... - 70 - txa4274b1be0c14b7f8e98a-00698126d6 - 0.0045 - - 1770071766.749761581 1770071766.754243374 0
Feb 2 22:36:06 standalone container-server[128808]: 172.20.0.100 - - [02/Feb/2026:22:36:06 +0000] "PUT /d1/406/AUTH_7df9793668ed44d695a92489552e5f5c/gnocchi.2e80d78b-44f3-40e4-a2b4-07bddce34d6e/1769040000.0_mean_300.0_v3" 201 - "PUT http://172.18.0.2:8080/d1/354/AUTH_7df9793668ed44d695a92489552e5f5c/gnocchi.2e80d78b-44f3-40e4-a2b4-07bddce34d6e/1769040000.0_mean_300.0_v3" "tx94459e2472eb4beb972b8-00698126d6" "object-server 21" 0.0005 "-" 14 0
Feb 2 22:36:06 standalone object-server[128968]: 172.20.0.100 - - [02/Feb/2026:22:36:06 +0000] "PUT /d1/354/AUTH_7df9793668ed44d695a92489552e5f5c/gnocchi.2e80d78b-44f3-40e4-a2b4-07bddce34d6e/1769040000.0_mean_300.0_v3" 201 - "PUT http://172.18.0.2:8080/v1/AUTH_7df9793668ed44d695a92489552e5f5c/gnocchi.2e80d78b-44f3-40e4-a2b4-07bddce34d6e/1769040000.0_mean_300.0_v3" "tx94459e2472eb4beb972b8-00698126d6" "proxy-server 20" 0.0280 "-" 21 0
Feb 2 22:36:06 standalone proxy-server[131026]: 172.18.0.2 172.18.0.100 02/Feb/2026/22/36/06 PUT /v1/AUTH_7df9793668ed44d695a92489552e5f5c/gnocchi.2e80d78b-44f3-40e4-a2b4-07bddce34d6e/1769040000.0_mean_300.0_v3 HTTP/1.0 201 - python-swiftclient-3.11.1 gAAAAABpgSaZAKP7... 16 - - tx94459e2472eb4beb972b8-00698126d6 - 0.0326 - - 1770071766.757962465 1770071766.790600300 0
Feb 2 22:36:06 standalone container-server[128816]: 172.20.0.100 - - [02/Feb/2026:22:36:06 +0000] "PUT /d1/406/AUTH_7df9793668ed44d695a92489552e5f5c/gnocchi.2e80d78b-44f3-40e4-a2b4-07bddce34d6e/none_v3" 201 - "PUT http://172.18.0.2:8080/d1/836/AUTH_7df9793668ed44d695a92489552e5f5c/gnocchi.2e80d78b-44f3-40e4-a2b4-07bddce34d6e/none_v3" "tx1d112962addf4792a570e-00698126d6" "object-server 24" 0.0008 "-" 17 0
Feb 2 22:36:06 standalone object-server[128972]: 172.20.0.100 - - [02/Feb/2026:22:36:06 +0000] "PUT /d1/836/AUTH_7df9793668ed44d695a92489552e5f5c/gnocchi.2e80d78b-44f3-40e4-a2b4-07bddce34d6e/none_v3" 201 - "PUT http://172.18.0.2:8080/v1/AUTH_7df9793668ed44d695a92489552e5f5c/gnocchi.2e80d78b-44f3-40e4-a2b4-07bddce34d6e/none_v3" "tx1d112962addf4792a570e-00698126d6" "proxy-server 20" 0.0324 "-" 24 0
Feb 2 22:36:06 standalone proxy-server[131026]: 172.18.0.2 172.18.0.100 02/Feb/2026/22/36/06 PUT /v1/AUTH_7df9793668ed44d695a92489552e5f5c/gnocchi.2e80d78b-44f3-40e4-a2b4-07bddce34d6e/none_v3 HTTP/1.0 201 - python-swiftclient-3.11.1 gAAAAABpgSaZAKP7... 22 - - tx1d112962addf4792a570e-00698126d6 - 0.0401 - - 1770071766.794341803 1770071766.834475756 0
Feb 2 22:36:14 standalone container-server[128811]: 172.20.0.100 - - [02/Feb/2026:22:36:14 +0000] "HEAD /d1/906/AUTH_7df9793668ed44d695a92489552e5f5c/gnocchi.618957f8-51a8-4781-80d9-50aaf8e74571" 404 - "HEAD http://172.18.0.2:8080/v1/AUTH_7df9793668ed44d695a92489552e5f5c/gnocchi.618957f8-51a8-4781-80d9-50aaf8e74571?format=json&states=listing" "txdf3720bf7838488ea0e5d-00698126de" "proxy-server 20" 0.0006 "-" 16 0
Feb 2 22:36:14 standalone object-server[128969]: 172.20.0.100 - - [02/Feb/2026:22:36:14 +0000] "GET /d1/685/AUTH_7df9793668ed44d695a92489552e5f5c/gnocchi.618957f8-51a8-4781-80d9-50aaf8e74571/none_v3" 404 70 "GET http://172.18.0.2:8080/v1/AUTH_7df9793668ed44d695a92489552e5f5c/gnocchi.618957f8-51a8-4781-80d9-50aaf8e74571/none_v3" "txdf3720bf7838488ea0e5d-00698126de" "proxy-server 20" 0.0009 "-" 22 0
Feb 2 22:36:14 standalone proxy-server[131026]: 172.18.0.2 172.18.0.100 02/Feb/2026/22/36/14 GET /v1/AUTH_7df9793668ed44d695a92489552e5f5c/gnocchi.618957f8-51a8-4781-80d9-50aaf8e74571/none_v3 HTTP/1.0 404 - python-swiftclient-3.11.1 gAAAAABpgSaZAKP7... - 70 - txdf3720bf7838488ea0e5d-00698126de - 0.0149 - - 1770071774.617735863 1770071774.632645845 0
Feb 2 22:36:14 standalone account-server[128791]: 172.20.0.100 - - [02/Feb/2026:22:36:14 +0000] "PUT /d1/643/AUTH_7df9793668ed44d695a92489552e5f5c/gnocchi.618957f8-51a8-4781-80d9-50aaf8e74571" 201 - "PUT http://172.20.0.100:6001/d1/906/AUTH_7df9793668ed44d695a92489552e5f5c/gnocchi.618957f8-51a8-4781-80d9-50aaf8e74571" "tx8c0aec6ec40149f1b6376-00698126de" "container-server 16" 0.0023 "-" 20 0
Feb 2 22:36:14 standalone container-server[128811]: 172.20.0.100 - - [02/Feb/2026:22:36:14 +0000] "PUT /d1/906/AUTH_7df9793668ed44d695a92489552e5f5c/gnocchi.618957f8-51a8-4781-80d9-50aaf8e74571" 201 - "PUT http://172.18.0.2:8080/v1/AUTH_7df9793668ed44d695a92489552e5f5c/gnocchi.618957f8-51a8-4781-80d9-50aaf8e74571" "tx8c0aec6ec40149f1b6376-00698126de" "proxy-server 20" 0.0171 "-" 16 0
Feb 2 22:36:14 standalone proxy-server[131026]: 172.18.0.2 172.18.0.100 02/Feb/2026/22/36/14 PUT /v1/AUTH_7df9793668ed44d695a92489552e5f5c/gnocchi.618957f8-51a8-4781-80d9-50aaf8e74571 HTTP/1.0 201 - python-swiftclient-3.11.1 gAAAAABpgSaZAKP7... - - - tx8c0aec6ec40149f1b6376-00698126de - 0.0230 - - 1770071774.635791063 1770071774.658773184 0
Feb 2 22:36:14 standalone container-server[128811]: 172.20.0.100 - - [02/Feb/2026:22:36:14 +0000] "HEAD /d1/906/AUTH_7df9793668ed44d695a92489552e5f5c/gnocchi.618957f8-51a8-4781-80d9-50aaf8e74571" 204 - "HEAD http://172.18.0.2:8080/v1/AUTH_7df9793668ed44d695a92489552e5f5c/gnocchi.618957f8-51a8-4781-80d9-50aaf8e74571?format=json&states=listing" "txd110e8dd5c624913b6959-00698126de" "proxy-server 20" 0.0013 "-" 16 0
Feb 2 22:36:14 standalone proxy-server[131026]: - - 02/Feb/2026/22/36/14 HEAD /v1/AUTH_7df9793668ed44d695a92489552e5f5c/gnocchi.618957f8-51a8-4781-80d9-50aaf8e74571%3Fformat%3Djson%26states%3Dlisting HTTP/1.0 204 - Swift - - - - txd110e8dd5c624913b6959-00698126de - 0.0061 RL - 1770071774.664024830 1770071774.670107603 0
Feb 2 22:36:14 standalone container-server[128809]: 172.20.0.100 - - [02/Feb/2026:22:36:14 +0000] "GET /d1/906/AUTH_7df9793668ed44d695a92489552e5f5c/gnocchi.618957f8-51a8-4781-80d9-50aaf8e74571" 200 2 "GET http://172.18.0.2:8080/v1/AUTH_7df9793668ed44d695a92489552e5f5c/gnocchi.618957f8-51a8-4781-80d9-50aaf8e74571?format=json&states=listing" "txd110e8dd5c624913b6959-00698126de" "proxy-server 20" 0.0028 "-" 15 0
Feb 2 22:36:14 standalone proxy-server[131026]: 172.18.0.2 172.18.0.100 02/Feb/2026/22/36/14 GET /v1/AUTH_7df9793668ed44d695a92489552e5f5c/gnocchi.618957f8-51a8-4781-80d9-50aaf8e74571%3Fformat%3Djson%26states%3Dlisting HTTP/1.0 200 - python-swiftclient-3.11.1 gAAAAABpgSaZAKP7... - 2 - txd110e8dd5c624913b6959-00698126de - 0.0192 - - 1770071774.662463188 1770071774.681654453 0
Feb 2 22:36:14 standalone object-server[128973]: 172.20.0.100 - - [02/Feb/2026:22:36:14 +0000] "GET /d1/446/AUTH_7df9793668ed44d695a92489552e5f5c/gnocchi.618957f8-51a8-4781-80d9-50aaf8e74571/1769040000.0_mean_300.0_v3" 404 70 "GET http://172.18.0.2:8080/v1/AUTH_7df9793668ed44d695a92489552e5f5c/gnocchi.618957f8-51a8-4781-80d9-50aaf8e74571/1769040000.0_mean_300.0_v3" "txf4278c58849c442baab02-00698126de" "proxy-server 20" 0.0005 "-" 25 0
Feb 2 22:36:14 standalone proxy-server[131026]: 172.18.0.2 172.18.0.100 02/Feb/2026/22/36/14 GET /v1/AUTH_7df9793668ed44d695a92489552e5f5c/gnocchi.618957f8-51a8-4781-80d9-50aaf8e74571/1769040000.0_mean_300.0_v3 HTTP/1.0 404 - python-swiftclient-3.11.1 gAAAAABpgSaZAKP7... - 70 - txf4278c58849c442baab02-00698126de - 0.0124 - - 1770071774.685489893 1770071774.697847843 0
Feb 2 22:36:14 standalone container-server[128809]: 172.20.0.100 - - [02/Feb/2026:22:36:14 +0000] "PUT /d1/906/AUTH_7df9793668ed44d695a92489552e5f5c/gnocchi.618957f8-51a8-4781-80d9-50aaf8e74571/1769040000.0_mean_300.0_v3" 201 - "PUT http://172.18.0.2:8080/d1/446/AUTH_7df9793668ed44d695a92489552e5f5c/gnocchi.618957f8-51a8-4781-80d9-50aaf8e74571/1769040000.0_mean_300.0_v3" "txf769f0a15ba44559bcd07-00698126de" "object-server 22" 0.0006 "-" 15 0
Feb 2 22:36:14 standalone object-server[128969]: 172.20.0.100 - - [02/Feb/2026:22:36:14 +0000] "PUT /d1/446/AUTH_7df9793668ed44d695a92489552e5f5c/gnocchi.618957f8-51a8-4781-80d9-50aaf8e74571/1769040000.0_mean_300.0_v3" 201 - "PUT http://172.18.0.2:8080/v1/AUTH_7df9793668ed44d695a92489552e5f5c/gnocchi.618957f8-51a8-4781-80d9-50aaf8e74571/1769040000.0_mean_300.0_v3" "txf769f0a15ba44559bcd07-00698126de" "proxy-server 20" 0.0187 "-" 22 0
Feb 2 22:36:14 standalone proxy-server[131026]: 172.18.0.2 172.18.0.100 02/Feb/2026/22/36/14 PUT /v1/AUTH_7df9793668ed44d695a92489552e5f5c/gnocchi.618957f8-51a8-4781-80d9-50aaf8e74571/1769040000.0_mean_300.0_v3 HTTP/1.0 201 - python-swiftclient-3.11.1 gAAAAABpgSaZAKP7... 16 - - txf769f0a15ba44559bcd07-00698126de - 0.0251 - - 1770071774.706123352 1770071774.731262207 0
Feb 2 22:36:14 standalone container-server[128816]: 172.20.0.100 - - [02/Feb/2026:22:36:14 +0000] "PUT /d1/906/AUTH_7df9793668ed44d695a92489552e5f5c/gnocchi.618957f8-51a8-4781-80d9-50aaf8e74571/none_v3" 201 - "PUT http://172.18.0.2:8080/d1/685/AUTH_7df9793668ed44d695a92489552e5f5c/gnocchi.618957f8-51a8-4781-80d9-50aaf8e74571/none_v3" "tx2975d1d783944296b1427-00698126de" "object-server 25" 0.0013 "-" 17 0
Feb 2 22:36:14 standalone object-server[128973]: 172.20.0.100 - - [02/Feb/2026:22:36:14 +0000] "PUT /d1/685/AUTH_7df9793668ed44d695a92489552e5f5c/gnocchi.618957f8-51a8-4781-80d9-50aaf8e74571/none_v3" 201 - "PUT http://172.18.0.2:8080/v1/AUTH_7df9793668ed44d695a92489552e5f5c/gnocchi.618957f8-51a8-4781-80d9-50aaf8e74571/none_v3" "tx2975d1d783944296b1427-00698126de" "proxy-server 20" 0.0187 "-" 25 0
Feb 2 22:36:14 standalone proxy-server[131026]: 172.18.0.2 172.18.0.100 02/Feb/2026/22/36/14 PUT /v1/AUTH_7df9793668ed44d695a92489552e5f5c/gnocchi.618957f8-51a8-4781-80d9-50aaf8e74571/none_v3 HTTP/1.0 201 - python-swiftclient-3.11.1 gAAAAABpgSaZAKP7... 22 - - tx2975d1d783944296b1427-00698126de - 0.0282 - - 1770071774.735576391 1770071774.763811111 0
Feb 2 22:36:14 standalone container-server[128811]: 172.20.0.100 - - [02/Feb/2026:22:36:14 +0000] "HEAD /d1/619/AUTH_7df9793668ed44d695a92489552e5f5c/gnocchi.6c28138b-6ad1-424e-afc2-993441f039f8" 404 - "HEAD http://172.18.0.2:8080/v1/AUTH_7df9793668ed44d695a92489552e5f5c/gnocchi.6c28138b-6ad1-424e-afc2-993441f039f8?format=json&states=listing" "tx55937b5766ad4309a0b7f-00698126de" "proxy-server 20" 0.0010 "-" 16 0
Feb 2 22:36:14 standalone object-server[128969]: 172.20.0.100 - - [02/Feb/2026:22:36:14 +0000] "GET /d1/831/AUTH_7df9793668ed44d695a92489552e5f5c/gnocchi.6c28138b-6ad1-424e-afc2-993441f039f8/none_v3" 404 70 "GET http://172.18.0.2:8080/v1/AUTH_7df9793668ed44d695a92489552e5f5c/gnocchi.6c28138b-6ad1-424e-afc2-993441f039f8/none_v3" "tx55937b5766ad4309a0b7f-00698126de" "proxy-server 20" 0.0004 "-" 22 0
Feb 2 22:36:14 standalone proxy-server[131026]: 172.18.0.2 172.18.0.100 02/Feb/2026/22/36/14 GET /v1/AUTH_7df9793668ed44d695a92489552e5f5c/gnocchi.6c28138b-6ad1-424e-afc2-993441f039f8/none_v3 HTTP/1.0 404 - python-swiftclient-3.11.1 gAAAAABpgSaZAKP7... - 70 - tx55937b5766ad4309a0b7f-00698126de - 0.0139 - - 1770071774.800778389 1770071774.814680815 0
Feb 2 22:36:14 standalone account-server[128794]: 172.20.0.100 - - [02/Feb/2026:22:36:14 +0000] "PUT /d1/643/AUTH_7df9793668ed44d695a92489552e5f5c/gnocchi.6c28138b-6ad1-424e-afc2-993441f039f8" 201 - "PUT http://172.20.0.100:6001/d1/619/AUTH_7df9793668ed44d695a92489552e5f5c/gnocchi.6c28138b-6ad1-424e-afc2-993441f039f8" "tx5091f6ab775e4be08cdcb-00698126de" "container-server 15" 0.0074 "-" 21 0
Feb 2 22:36:14 standalone container-server[128809]: 172.20.0.100 - - [02/Feb/2026:22:36:14 +0000] "PUT /d1/619/AUTH_7df9793668ed44d695a92489552e5f5c/gnocchi.6c28138b-6ad1-424e-afc2-993441f039f8" 201 - "PUT http://172.18.0.2:8080/v1/AUTH_7df9793668ed44d695a92489552e5f5c/gnocchi.6c28138b-6ad1-424e-afc2-993441f039f8" "tx5091f6ab775e4be08cdcb-00698126de" "proxy-server 20" 0.0221 "-" 15 0
Feb 2 22:36:14 standalone proxy-server[131026]: 172.18.0.2 172.18.0.100 02/Feb/2026/22/36/14 PUT /v1/AUTH_7df9793668ed44d695a92489552e5f5c/gnocchi.6c28138b-6ad1-424e-afc2-993441f039f8 HTTP/1.0 201 - python-swiftclient-3.11.1 gAAAAABpgSaZAKP7... - - - tx5091f6ab775e4be08cdcb-00698126de - 0.0350 - - 1770071774.819593430 1770071774.854619741 0
Feb 2 22:36:14 standalone container-server[128809]: 172.20.0.100 - - [02/Feb/2026:22:36:14 +0000] "HEAD /d1/619/AUTH_7df9793668ed44d695a92489552e5f5c/gnocchi.6c28138b-6ad1-424e-afc2-993441f039f8" 204 - "HEAD http://172.18.0.2:8080/v1/AUTH_7df9793668ed44d695a92489552e5f5c/gnocchi.6c28138b-6ad1-424e-afc2-993441f039f8?format=json&states=listing" "tx330b31e47c214615b82b4-00698126de" "proxy-server 20" 0.0014 "-" 15 0
Feb 2 22:36:14 standalone proxy-server[131026]: - - 02/Feb/2026/22/36/14 HEAD /v1/AUTH_7df9793668ed44d695a92489552e5f5c/gnocchi.6c28138b-6ad1-424e-afc2-993441f039f8%3Fformat%3Djson%26states%3Dlisting HTTP/1.0 204 - Swift - - - - tx330b31e47c214615b82b4-00698126de - 0.0061 RL - 1770071774.861030102 1770071774.867132425 0
Feb 2 22:36:14 standalone container-server[128816]: 172.20.0.100 - - [02/Feb/2026:22:36:14 +0000] "GET /d1/619/AUTH_7df9793668ed44d695a92489552e5f5c/gnocchi.6c28138b-6ad1-424e-afc2-993441f039f8" 200 2 "GET http://172.18.0.2:8080/v1/AUTH_7df9793668ed44d695a92489552e5f5c/gnocchi.6c28138b-6ad1-424e-afc2-993441f039f8?format=json&states=listing" "tx330b31e47c214615b82b4-00698126de" "proxy-server 20" 0.0036 "-" 17 0
Feb 2 22:36:14 standalone proxy-server[131026]: 172.18.0.2 172.18.0.100 02/Feb/2026/22/36/14 GET /v1/AUTH_7df9793668ed44d695a92489552e5f5c/gnocchi.6c28138b-6ad1-424e-afc2-993441f039f8%3Fformat%3Djson%26states%3Dlisting HTTP/1.0 200 - python-swiftclient-3.11.1 gAAAAABpgSaZAKP7... - 2 - tx330b31e47c214615b82b4-00698126de - 0.0264 - - 1770071774.859128237 1770071774.885479450 0
Feb 2 22:36:14 standalone object-server[128969]: 172.20.0.100 - - [02/Feb/2026:22:36:14 +0000] "GET /d1/148/AUTH_7df9793668ed44d695a92489552e5f5c/gnocchi.6c28138b-6ad1-424e-afc2-993441f039f8/1769040000.0_mean_300.0_v3" 404 70 "GET http://172.18.0.2:8080/v1/AUTH_7df9793668ed44d695a92489552e5f5c/gnocchi.6c28138b-6ad1-424e-afc2-993441f039f8/1769040000.0_mean_300.0_v3" "tx2d7812484449411686ebe-00698126de" "proxy-server 20" 0.0005 "-" 22 0
Feb 2 22:36:14 standalone proxy-server[131026]: 172.18.0.2 172.18.0.100 02/Feb/2026/22/36/14 GET /v1/AUTH_7df9793668ed44d695a92489552e5f5c/gnocchi.6c28138b-6ad1-424e-afc2-993441f039f8/1769040000.0_mean_300.0_v3 HTTP/1.0 404 - python-swiftclient-3.11.1 gAAAAABpgSaZAKP7... - 70 - tx2d7812484449411686ebe-00698126de - 0.0680 - - 1770071774.892527342 1770071774.960514069 0
Feb 2 22:36:14 standalone container-server[128816]: 172.20.0.100 - - [02/Feb/2026:22:36:14 +0000] "PUT /d1/619/AUTH_7df9793668ed44d695a92489552e5f5c/gnocchi.6c28138b-6ad1-424e-afc2-993441f039f8/1769040000.0_mean_300.0_v3" 201 - "PUT http://172.18.0.2:8080/d1/148/AUTH_7df9793668ed44d695a92489552e5f5c/gnocchi.6c28138b-6ad1-424e-afc2-993441f039f8/1769040000.0_mean_300.0_v3" "txc4438b8708e84370bbcdd-00698126de" "object-server 22" 0.0009 "-" 17 0
Feb 2 22:36:14 standalone object-server[128969]: 172.20.0.100 - - [02/Feb/2026:22:36:14 +0000] "PUT /d1/148/AUTH_7df9793668ed44d695a92489552e5f5c/gnocchi.6c28138b-6ad1-424e-afc2-993441f039f8/1769040000.0_mean_300.0_v3" 201 - "PUT http://172.18.0.2:8080/v1/AUTH_7df9793668ed44d695a92489552e5f5c/gnocchi.6c28138b-6ad1-424e-afc2-993441f039f8/1769040000.0_mean_300.0_v3" "txc4438b8708e84370bbcdd-00698126de" "proxy-server 20" 0.0175 "-" 22 0
