Feb 2 22:37:14 standalone object-server[128968]: 172.20.0.100 - - [02/Feb/2026:22:37:14 +0000] "PUT /d1/176/AUTH_7df9793668ed44d695a92489552e5f5c/gnocchi.3a8d3de1-6348-4b4a-ba4b-3eaaba51befb/none_v3" 201 - "PUT http://172.18.0.2:8080/v1/AUTH_7df9793668ed44d695a92489552e5f5c/gnocchi.3a8d3de1-6348-4b4a-ba4b-3eaaba51befb/none_v3" "tx87d2175672c445dfab68d-006981271a" "proxy-server 20" 0.0251 "-" 21 0
Feb 2 22:37:14 standalone proxy-server[131026]: 172.18.0.2 172.18.0.100 02/Feb/2026/22/37/14 PUT /v1/AUTH_7df9793668ed44d695a92489552e5f5c/gnocchi.3a8d3de1-6348-4b4a-ba4b-3eaaba51befb/none_v3 HTTP/1.0 201 - python-swiftclient-3.11.1 gAAAAABpgSaZAKP7... 22 - - tx87d2175672c445dfab68d-006981271a - 0.0351 - - 1770071834.276311159 1770071834.311411142 0
Feb 2 22:37:14 standalone object-server[128972]: 172.20.0.100 - - [02/Feb/2026:22:37:14 +0000] "GET /d1/995/AUTH_7df9793668ed44d695a92489552e5f5c/gnocchi.fb5d1a88-c719-438d-8cb0-f32242c58f78/none_v3" 200 33 "GET http://172.18.0.2:8080/v1/AUTH_7df9793668ed44d695a92489552e5f5c/gnocchi.fb5d1a88-c719-438d-8cb0-f32242c58f78/none_v3" "tx54d735274c3140f89dd6f-006981271a" "proxy-server 20" 0.0012 "-" 24 0
Feb 2 22:37:14 standalone proxy-server[131026]: 172.18.0.2 172.18.0.100 02/Feb/2026/22/37/14 GET /v1/AUTH_7df9793668ed44d695a92489552e5f5c/gnocchi.fb5d1a88-c719-438d-8cb0-f32242c58f78/none_v3 HTTP/1.0 200 - python-swiftclient-3.11.1 gAAAAABpgSaZAKP7... - 33 - tx54d735274c3140f89dd6f-006981271a - 0.0093 - - 1770071834.377161026 1770071834.386436939 0
Feb 2 22:37:14 standalone container-server[128816]: 172.20.0.100 - - [02/Feb/2026:22:37:14 +0000] "GET /d1/1020/AUTH_7df9793668ed44d695a92489552e5f5c/gnocchi.fb5d1a88-c719-438d-8cb0-f32242c58f78" 200 357 "GET http://172.18.0.2:8080/v1/AUTH_7df9793668ed44d695a92489552e5f5c/gnocchi.fb5d1a88-c719-438d-8cb0-f32242c58f78?format=json&states=listing" "tx6ac981626b344aeb92ab3-006981271a" "proxy-server 20" 0.0091 "-" 17 0
Feb 2 22:37:14 standalone proxy-server[131026]: 172.18.0.2 172.18.0.100 02/Feb/2026/22/37/14 GET /v1/AUTH_7df9793668ed44d695a92489552e5f5c/gnocchi.fb5d1a88-c719-438d-8cb0-f32242c58f78%3Fformat%3Djson%26states%3Dlisting HTTP/1.0 200 - python-swiftclient-3.11.1 gAAAAABpgSaZAKP7... - 357 - tx6ac981626b344aeb92ab3-006981271a - 0.0160 - - 1770071834.389534712 1770071834.405528069 0
Feb 2 22:37:14 standalone container-server[128811]: 172.20.0.100 - - [02/Feb/2026:22:37:14 +0000] "GET /d1/1020/AUTH_7df9793668ed44d695a92489552e5f5c/gnocchi.fb5d1a88-c719-438d-8cb0-f32242c58f78" 200 2 "GET http://172.18.0.2:8080/v1/AUTH_7df9793668ed44d695a92489552e5f5c/gnocchi.fb5d1a88-c719-438d-8cb0-f32242c58f78?format=json&marker=none_v3&states=listing" "tx7ad6c9ee9df54156adda7-006981271a" "proxy-server 20" 0.0025 "-" 16 0
Feb 2 22:37:14 standalone proxy-server[131026]: 172.18.0.2 172.18.0.100 02/Feb/2026/22/37/14 GET /v1/AUTH_7df9793668ed44d695a92489552e5f5c/gnocchi.fb5d1a88-c719-438d-8cb0-f32242c58f78%3Fformat%3Djson%26marker%3Dnone_v3%26states%3Dlisting HTTP/1.0 200 - python-swiftclient-3.11.1 gAAAAABpgSaZAKP7... - 2 - tx7ad6c9ee9df54156adda7-006981271a - 0.0115 - - 1770071834.408318281 1770071834.419856548 0
Feb 2 22:37:14 standalone object-server[128968]: 172.20.0.100 - - [02/Feb/2026:22:37:14 +0000] "GET /d1/913/AUTH_7df9793668ed44d695a92489552e5f5c/gnocchi.fb5d1a88-c719-438d-8cb0-f32242c58f78/1769040000.0_mean_300.0_v3" 200 16 "GET http://172.18.0.2:8080/v1/AUTH_7df9793668ed44d695a92489552e5f5c/gnocchi.fb5d1a88-c719-438d-8cb0-f32242c58f78/1769040000.0_mean_300.0_v3" "tx7c937676df4e42b2a750e-006981271a" "proxy-server 20" 0.0013 "-" 21 0
Feb 2 22:37:14 standalone proxy-server[131026]: 172.18.0.2 172.18.0.100 02/Feb/2026/22/37/14 GET /v1/AUTH_7df9793668ed44d695a92489552e5f5c/gnocchi.fb5d1a88-c719-438d-8cb0-f32242c58f78/1769040000.0_mean_300.0_v3 HTTP/1.0 200 - python-swiftclient-3.11.1 gAAAAABpgSaZAKP7... - 16 - tx7c937676df4e42b2a750e-006981271a - 0.0071 - - 1770071834.423342943 1770071834.430470943 0
Feb 2 22:37:14 standalone container-server[128811]: 172.20.0.100 - - [02/Feb/2026:22:37:14 +0000] "PUT /d1/1020/AUTH_7df9793668ed44d695a92489552e5f5c/gnocchi.fb5d1a88-c719-438d-8cb0-f32242c58f78/1769040000.0_mean_300.0_v3" 201 - "PUT http://172.18.0.2:8080/d1/913/AUTH_7df9793668ed44d695a92489552e5f5c/gnocchi.fb5d1a88-c719-438d-8cb0-f32242c58f78/1769040000.0_mean_300.0_v3" "tx6e85e9d40cce4120bdc36-006981271a" "object-server 21" 0.0006 "-" 16 0
Feb 2 22:37:14 standalone object-server[128968]: 172.20.0.100 - - [02/Feb/2026:22:37:14 +0000] "PUT /d1/913/AUTH_7df9793668ed44d695a92489552e5f5c/gnocchi.fb5d1a88-c719-438d-8cb0-f32242c58f78/1769040000.0_mean_300.0_v3" 201 - "PUT http://172.18.0.2:8080/v1/AUTH_7df9793668ed44d695a92489552e5f5c/gnocchi.fb5d1a88-c719-438d-8cb0-f32242c58f78/1769040000.0_mean_300.0_v3" "tx6e85e9d40cce4120bdc36-006981271a" "proxy-server 20" 0.0100 "-" 21 0
Feb 2 22:37:14 standalone proxy-server[131026]: 172.18.0.2 172.18.0.100 02/Feb/2026/22/37/14 PUT /v1/AUTH_7df9793668ed44d695a92489552e5f5c/gnocchi.fb5d1a88-c719-438d-8cb0-f32242c58f78/1769040000.0_mean_300.0_v3 HTTP/1.0 201 - python-swiftclient-3.11.1 gAAAAABpgSaZAKP7... 16 - - tx6e85e9d40cce4120bdc36-006981271a - 0.0153 - - 1770071834.433218956 1770071834.448505163 0
Feb 2 22:37:14 standalone container-server[128816]: 172.20.0.100 - - [02/Feb/2026:22:37:14 +0000] "PUT /d1/1020/AUTH_7df9793668ed44d695a92489552e5f5c/gnocchi.fb5d1a88-c719-438d-8cb0-f32242c58f78/none_v3" 201 - "PUT http://172.18.0.2:8080/d1/995/AUTH_7df9793668ed44d695a92489552e5f5c/gnocchi.fb5d1a88-c719-438d-8cb0-f32242c58f78/none_v3" "tx7667b2d244c34800a1139-006981271a" "object-server 22" 0.0007 "-" 17 0
Feb 2 22:37:14 standalone object-server[128969]: 172.20.0.100 - - [02/Feb/2026:22:37:14 +0000] "PUT /d1/995/AUTH_7df9793668ed44d695a92489552e5f5c/gnocchi.fb5d1a88-c719-438d-8cb0-f32242c58f78/none_v3" 201 - "PUT http://172.18.0.2:8080/v1/AUTH_7df9793668ed44d695a92489552e5f5c/gnocchi.fb5d1a88-c719-438d-8cb0-f32242c58f78/none_v3" "tx7667b2d244c34800a1139-006981271a" "proxy-server 20" 0.0100 "-" 22 0
Feb 2 22:37:14 standalone proxy-server[131026]: 172.18.0.2 172.18.0.100 02/Feb/2026/22/37/14 PUT /v1/AUTH_7df9793668ed44d695a92489552e5f5c/gnocchi.fb5d1a88-c719-438d-8cb0-f32242c58f78/none_v3 HTTP/1.0 201 - python-swiftclient-3.11.1 gAAAAABpgSaZAKP7... 48 - - tx7667b2d244c34800a1139-006981271a - 0.0145 - - 1770071834.450673580 1770071834.465209007 0
Feb 2 22:37:14 standalone object-server[128968]: 172.20.0.100 - - [02/Feb/2026:22:37:14 +0000] "GET /d1/836/AUTH_7df9793668ed44d695a92489552e5f5c/gnocchi.2e80d78b-44f3-40e4-a2b4-07bddce34d6e/none_v3" 200 33 "GET http://172.18.0.2:8080/v1/AUTH_7df9793668ed44d695a92489552e5f5c/gnocchi.2e80d78b-44f3-40e4-a2b4-07bddce34d6e/none_v3" "txe1116f226db24df189abd-006981271a" "proxy-server 20" 0.0010 "-" 21 0
Feb 2 22:37:14 standalone proxy-server[131026]: 172.18.0.2 172.18.0.100 02/Feb/2026/22/37/14 GET /v1/AUTH_7df9793668ed44d695a92489552e5f5c/gnocchi.2e80d78b-44f3-40e4-a2b4-07bddce34d6e/none_v3 HTTP/1.0 200 - python-swiftclient-3.11.1 gAAAAABpgSaZAKP7... - 33 - txe1116f226db24df189abd-006981271a - 0.0069 - - 1770071834.474295378 1770071834.481172323 0
Feb 2 22:37:14 standalone container-server[128808]: 172.20.0.100 - - [02/Feb/2026:22:37:14 +0000] "GET /d1/406/AUTH_7df9793668ed44d695a92489552e5f5c/gnocchi.2e80d78b-44f3-40e4-a2b4-07bddce34d6e" 200 357 "GET http://172.18.0.2:8080/v1/AUTH_7df9793668ed44d695a92489552e5f5c/gnocchi.2e80d78b-44f3-40e4-a2b4-07bddce34d6e?format=json&states=listing" "txb1d60723933d4da0b6212-006981271a" "proxy-server 20" 0.0082 "-" 14 0
Feb 2 22:37:14 standalone proxy-server[131026]: 172.18.0.2 172.18.0.100 02/Feb/2026/22/37/14 GET /v1/AUTH_7df9793668ed44d695a92489552e5f5c/gnocchi.2e80d78b-44f3-40e4-a2b4-07bddce34d6e%3Fformat%3Djson%26states%3Dlisting HTTP/1.0 200 - python-swiftclient-3.11.1 gAAAAABpgSaZAKP7... - 357 - txb1d60723933d4da0b6212-006981271a - 0.0137 - - 1770071834.484171867 1770071834.497849703 0
Feb 2 22:37:14 standalone container-server[128816]: 172.20.0.100 - - [02/Feb/2026:22:37:14 +0000] "GET /d1/406/AUTH_7df9793668ed44d695a92489552e5f5c/gnocchi.2e80d78b-44f3-40e4-a2b4-07bddce34d6e" 200 2 "GET http://172.18.0.2:8080/v1/AUTH_7df9793668ed44d695a92489552e5f5c/gnocchi.2e80d78b-44f3-40e4-a2b4-07bddce34d6e?format=json&marker=none_v3&states=listing" "tx234614f746b64b1e81d81-006981271a" "proxy-server 20" 0.0034 "-" 17 0
Feb 2 22:37:14 standalone proxy-server[131026]: 172.18.0.2 172.18.0.100 02/Feb/2026/22/37/14 GET /v1/AUTH_7df9793668ed44d695a92489552e5f5c/gnocchi.2e80d78b-44f3-40e4-a2b4-07bddce34d6e%3Fformat%3Djson%26marker%3Dnone_v3%26states%3Dlisting HTTP/1.0 200 - python-swiftclient-3.11.1 gAAAAABpgSaZAKP7... - 2 - tx234614f746b64b1e81d81-006981271a - 0.0086 - - 1770071834.499999762 1770071834.508565187 0
Feb 2 22:37:14 standalone object-server[128968]: 172.20.0.100 - - [02/Feb/2026:22:37:14 +0000] "GET /d1/354/AUTH_7df9793668ed44d695a92489552e5f5c/gnocchi.2e80d78b-44f3-40e4-a2b4-07bddce34d6e/1769040000.0_mean_300.0_v3" 200 16 "GET http://172.18.0.2:8080/v1/AUTH_7df9793668ed44d695a92489552e5f5c/gnocchi.2e80d78b-44f3-40e4-a2b4-07bddce34d6e/1769040000.0_mean_300.0_v3" "tx4e537ac18c3c4608a5f21-006981271a" "proxy-server 20" 0.0010 "-" 21 0
Feb 2 22:37:14 standalone proxy-server[131026]: 172.18.0.2 172.18.0.100 02/Feb/2026/22/37/14 GET /v1/AUTH_7df9793668ed44d695a92489552e5f5c/gnocchi.2e80d78b-44f3-40e4-a2b4-07bddce34d6e/1769040000.0_mean_300.0_v3 HTTP/1.0 200 - python-swiftclient-3.11.1 gAAAAABpgSaZAKP7... - 16 - tx4e537ac18c3c4608a5f21-006981271a - 0.0063 - - 1770071834.511414289 1770071834.517673016 0
Feb 2 22:37:14 standalone container-server[128811]: 172.20.0.100 - - [02/Feb/2026:22:37:14 +0000] "PUT /d1/406/AUTH_7df9793668ed44d695a92489552e5f5c/gnocchi.2e80d78b-44f3-40e4-a2b4-07bddce34d6e/1769040000.0_mean_300.0_v3" 201 - "PUT http://172.18.0.2:8080/d1/354/AUTH_7df9793668ed44d695a92489552e5f5c/gnocchi.2e80d78b-44f3-40e4-a2b4-07bddce34d6e/1769040000.0_mean_300.0_v3" "tx09bbf7ef1f7a496abcbdf-006981271a" "object-server 25" 0.0006 "-" 16 0
Feb 2 22:37:14 standalone object-server[128973]: 172.20.0.100 - - [02/Feb/2026:22:37:14 +0000] "PUT /d1/354/AUTH_7df9793668ed44d695a92489552e5f5c/gnocchi.2e80d78b-44f3-40e4-a2b4-07bddce34d6e/1769040000.0_mean_300.0_v3" 201 - "PUT http://172.18.0.2:8080/v1/AUTH_7df9793668ed44d695a92489552e5f5c/gnocchi.2e80d78b-44f3-40e4-a2b4-07bddce34d6e/1769040000.0_mean_300.0_v3" "tx09bbf7ef1f7a496abcbdf-006981271a" "proxy-server 20" 0.0116 "-" 25 0
Feb 2 22:37:14 standalone proxy-server[131026]: 172.18.0.2 172.18.0.100 02/Feb/2026/22/37/14 PUT /v1/AUTH_7df9793668ed44d695a92489552e5f5c/gnocchi.2e80d78b-44f3-40e4-a2b4-07bddce34d6e/1769040000.0_mean_300.0_v3 HTTP/1.0 201 - python-swiftclient-3.11.1 gAAAAABpgSaZAKP7... 16 - - tx09bbf7ef1f7a496abcbdf-006981271a - 0.0166 - - 1770071834.519995928 1770071834.536599398 0
Feb 2 22:37:14 standalone container-server[128808]: 172.20.0.100 - - [02/Feb/2026:22:37:14 +0000] "PUT /d1/406/AUTH_7df9793668ed44d695a92489552e5f5c/gnocchi.2e80d78b-44f3-40e4-a2b4-07bddce34d6e/none_v3" 201 - "PUT http://172.18.0.2:8080/d1/836/AUTH_7df9793668ed44d695a92489552e5f5c/gnocchi.2e80d78b-44f3-40e4-a2b4-07bddce34d6e/none_v3" "tx796e5db401d34ddfb7435-006981271a" "object-server 24" 0.0008 "-" 14 0
Feb 2 22:37:14 standalone object-server[128972]: 172.20.0.100 - - [02/Feb/2026:22:37:14 +0000] "PUT /d1/836/AUTH_7df9793668ed44d695a92489552e5f5c/gnocchi.2e80d78b-44f3-40e4-a2b4-07bddce34d6e/none_v3" 201 - "PUT http://172.18.0.2:8080/v1/AUTH_7df9793668ed44d695a92489552e5f5c/gnocchi.2e80d78b-44f3-40e4-a2b4-07bddce34d6e/none_v3" "tx796e5db401d34ddfb7435-006981271a" "proxy-server 20" 0.0122 "-" 24 0
Feb 2 22:37:14 standalone proxy-server[131026]: 172.18.0.2 172.18.0.100 02/Feb/2026/22/37/14 PUT /v1/AUTH_7df9793668ed44d695a92489552e5f5c/gnocchi.2e80d78b-44f3-40e4-a2b4-07bddce34d6e/none_v3 HTTP/1.0 201 - python-swiftclient-3.11.1 gAAAAABpgSaZAKP7... 48 - - tx796e5db401d34ddfb7435-006981271a - 0.0180 - - 1770071834.539007902 1770071834.557021379 0
Feb 2 22:37:16 standalone object-server[128969]: 172.20.0.100 - - [02/Feb/2026:22:37:16 +0000] "GET /d1/176/AUTH_7df9793668ed44d695a92489552e5f5c/gnocchi.3a8d3de1-6348-4b4a-ba4b-3eaaba51befb/none_v3" 200 22 "GET http://172.18.0.2:8080/v1/AUTH_7df9793668ed44d695a92489552e5f5c/gnocchi.3a8d3de1-6348-4b4a-ba4b-3eaaba51befb/none_v3" "txda033437c1f04bf8a9d24-006981271c" "proxy-server 20" 0.0008 "-" 22 0
Feb 2 22:37:16 standalone proxy-server[131026]: 172.18.0.2 172.18.0.100 02/Feb/2026/22/37/16 GET /v1/AUTH_7df9793668ed44d695a92489552e5f5c/gnocchi.3a8d3de1-6348-4b4a-ba4b-3eaaba51befb/none_v3 HTTP/1.0 200 - python-swiftclient-3.11.1 gAAAAABpgSaZAKP7... - 22 - txda033437c1f04bf8a9d24-006981271c - 0.0093 - - 1770071836.157580137 1770071836.166925430 0
Feb 2 22:37:16 standalone container-server[128816]: 172.20.0.100 - - [02/Feb/2026:22:37:16 +0000] "GET /d1/89/AUTH_7df9793668ed44d695a92489552e5f5c/gnocchi.3a8d3de1-6348-4b4a-ba4b-3eaaba51befb" 200 357 "GET http://172.18.0.2:8080/v1/AUTH_7df9793668ed44d695a92489552e5f5c/gnocchi.3a8d3de1-6348-4b4a-ba4b-3eaaba51befb?format=json&states=listing" "tx9e4d1b9e3bf34fa8b17ce-006981271c" "proxy-server 20" 0.0103 "-" 17 0
Feb 2 22:37:16 standalone proxy-server[131026]: 172.18.0.2 172.18.0.100 02/Feb/2026/22/37/16 GET /v1/AUTH_7df9793668ed44d695a92489552e5f5c/gnocchi.3a8d3de1-6348-4b4a-ba4b-3eaaba51befb%3Fformat%3Djson%26states%3Dlisting HTTP/1.0 200 - python-swiftclient-3.11.1 gAAAAABpgSaZAKP7... - 357 - tx9e4d1b9e3bf34fa8b17ce-006981271c - 0.0177 - - 1770071836.169845819 1770071836.187542677 0
Feb 2 22:37:16 standalone container-server[128808]: 172.20.0.100 - - [02/Feb/2026:22:37:16 +0000] "GET /d1/89/AUTH_7df9793668ed44d695a92489552e5f5c/gnocchi.3a8d3de1-6348-4b4a-ba4b-3eaaba51befb" 200 2 "GET http://172.18.0.2:8080/v1/AUTH_7df9793668ed44d695a92489552e5f5c/gnocchi.3a8d3de1-6348-4b4a-ba4b-3eaaba51befb?format=json&marker=none_v3&states=listing" "tx3c4e7ca052664084aa1ab-006981271c" "proxy-server 20" 0.0039 "-" 14 0
Feb 2 22:37:16 standalone proxy-server[131026]: 172.18.0.2 172.18.0.100 02/Feb/2026/22/37/16 GET /v1/AUTH_7df9793668ed44d695a92489552e5f5c/gnocchi.3a8d3de1-6348-4b4a-ba4b-3eaaba51befb%3Fformat%3Djson%26marker%3Dnone_v3%26states%3Dlisting HTTP/1.0 200 - python-swiftclient-3.11.1 gAAAAABpgSaZAKP7... - 2 - tx3c4e7ca052664084aa1ab-006981271c - 0.0104 - - 1770071836.189489603 1770071836.199883461 0
Feb 2 22:37:16 standalone object-server[128973]: 172.20.0.100 - - [02/Feb/2026:22:37:16 +0000] "GET /d1/464/AUTH_7df9793668ed44d695a92489552e5f5c/gnocchi.3a8d3de1-6348-4b4a-ba4b-3eaaba51befb/1769040000.0_mean_300.0_v3" 200 16 "GET http://172.18.0.2:8080/v1/AUTH_7df9793668ed44d695a92489552e5f5c/gnocchi.3a8d3de1-6348-4b4a-ba4b-3eaaba51befb/1769040000.0_mean_300.0_v3" "txe1323fbb10374122b08c5-006981271c" "proxy-server 20" 0.0011 "-" 25 0
Feb 2 22:37:16 standalone proxy-server[131026]: 172.18.0.2 172.18.0.100 02/Feb/2026/22/37/16 GET /v1/AUTH_7df9793668ed44d695a92489552e5f5c/gnocchi.3a8d3de1-6348-4b4a-ba4b-3eaaba51befb/1769040000.0_mean_300.0_v3 HTTP/1.0 200 - python-swiftclient-3.11.1 gAAAAABpgSaZAKP7... - 16 - txe1323fbb10374122b08c5-006981271c - 0.0075 - - 1770071836.202414751 1770071836.209929466 0
Feb 2 22:37:16 standalone container-server[128809]: 172.20.0.100 - - [02/Feb/2026:22:37:16 +0000] "PUT /d1/89/AUTH_7df9793668ed44d695a92489552e5f5c/gnocchi.3a8d3de1-6348-4b4a-ba4b-3eaaba51befb/1769040000.0_mean_300.0_v3" 201 - "PUT http://172.18.0.2:8080/d1/464/AUTH_7df9793668ed44d695a92489552e5f5c/gnocchi.3a8d3de1-6348-4b4a-ba4b-3eaaba51befb/1769040000.0_mean_300.0_v3" "tx6c8703c1cfbf4031a9b5d-006981271c" "object-server 25" 0.0008 "-" 15 0
Feb 2 22:37:16 standalone object-server[128973]: 172.20.0.100 - - [02/Feb/2026:22:37:16 +0000] "PUT /d1/464/AUTH_7df9793668ed44d695a92489552e5f5c/gnocchi.3a8d3de1-6348-4b4a-ba4b-3eaaba51befb/1769040000.0_mean_300.0_v3" 201 - "PUT http://172.18.0.2:8080/v1/AUTH_7df9793668ed44d695a92489552e5f5c/gnocchi.3a8d3de1-6348-4b4a-ba4b-3eaaba51befb/1769040000.0_mean_300.0_v3" "tx6c8703c1cfbf4031a9b5d-006981271c" "proxy-server 20" 0.0122 "-" 25 0
Feb 2 22:37:16 standalone proxy-server[131026]: 172.18.0.2 172.18.0.100 02/Feb/2026/22/37/16 PUT /v1/AUTH_7df9793668ed44d695a92489552e5f5c/gnocchi.3a8d3de1-6348-4b4a-ba4b-3eaaba51befb/1769040000.0_mean_300.0_v3 HTTP/1.0 201 - python-swiftclient-3.11.1 gAAAAABpgSaZAKP7... 16 - - tx6c8703c1cfbf4031a9b5d-006981271c - 0.0177 - - 1770071836.212033987 1770071836.229753494 0
Feb 2 22:37:16 standalone container-server[128811]: 172.20.0.100 - - [02/Feb/2026:22:37:16 +0000] "PUT /d1/89/AUTH_7df9793668ed44d695a92489552e5f5c/gnocchi.3a8d3de1-6348-4b4a-ba4b-3eaaba51befb/none_v3" 201 - "PUT http://172.18.0.2:8080/d1/176/AUTH_7df9793668ed44d695a92489552e5f5c/gnocchi.3a8d3de1-6348-4b4a-ba4b-3eaaba51befb/none_v3" "txca3c1698fe6d43a09a0fc-006981271c" "object-server 22" 0.0005 "-" 16 0
Feb 2 22:37:16 standalone object-server[128969]: 172.20.0.100 - - [02/Feb/2026:22:37:16 +0000] "PUT /d1/176/AUTH_7df9793668ed44d695a92489552e5f5c/gnocchi.3a8d3de1-6348-4b4a-ba4b-3eaaba51befb/none_v3" 201 - "PUT http://172.18.0.2:8080/v1/AUTH_7df9793668ed44d695a92489552e5f5c/gnocchi.3a8d3de1-6348-4b4a-ba4b-3eaaba51befb/none_v3" "txca3c1698fe6d43a09a0fc-006981271c" "proxy-server 20" 0.0083 "-" 22 0
Feb 2 22:37:16 standalone proxy-server[131026]: 172.18.0.2 172.18.0.100 02/Feb/2026/22/37/16 PUT /v1/AUTH_7df9793668ed44d695a92489552e5f5c/gnocchi.3a8d3de1-6348-4b4a-ba4b-3eaaba51befb/none_v3 HTTP/1.0 201 - python-swiftclient-3.11.1 gAAAAABpgSaZAKP7... 31 - - txca3c1698fe6d43a09a0fc-006981271c - 0.0127 - - 1770071836.231622696 1770071836.244323730 0
Feb 2 22:37:24 standalone object-server[128968]: 172.20.0.100 - - [02/Feb/2026:22:37:24 +0000] "GET /d1/176/AUTH_7df9793668ed44d695a92489552e5f5c/gnocchi.3a8d3de1-6348-4b4a-ba4b-3eaaba51befb/none_v3" 200 31 "GET http://172.18.0.2:8080/v1/AUTH_7df9793668ed44d695a92489552e5f5c/gnocchi.3a8d3de1-6348-4b4a-ba4b-3eaaba51befb/none_v3" "txb1676a8048534ad5b0bee-0069812724" "proxy-server 20" 0.0010 "-" 21 0
Feb 2 22:37:24 standalone proxy-server[131026]: 172.18.0.2 172.18.0.100 02/Feb/2026/22/37/24 GET /v1/AUTH_7df9793668ed44d695a92489552e5f5c/gnocchi.3a8d3de1-6348-4b4a-ba4b-3eaaba51befb/none_v3 HTTP/1.0 200 - python-swiftclient-3.11.1 gAAAAABpgSaZAKP7... - 31 - txb1676a8048534ad5b0bee-0069812724 - 0.0072 - - 1770071844.275658131 1770071844.282901287 0
Feb 2 22:37:24 standalone container-server[128809]: 172.20.0.100 - - [02/Feb/2026:22:37:24 +0000] "GET /d1/89/AUTH_7df9793668ed44d695a92489552e5f5c/gnocchi.3a8d3de1-6348-4b4a-ba4b-3eaaba51befb" 200 357 "GET http://172.18.0.2:8080/v1/AUTH_7df9793668ed44d695a92489552e5f5c/gnocchi.3a8d3de1-6348-4b4a-ba4b-3eaaba51befb?format=json&states=listing" "tx7cc42e45ddf14e139db28-0069812724" "proxy-server 20" 0.0118 "-" 15 0
Feb 2 22:37:24 standalone proxy-server[131026]: 172.18.0.2 172.18.0.100 02/Feb/2026/22/37/24 GET /v1/AUTH_7df9793668ed44d695a92489552e5f5c/gnocchi.3a8d3de1-6348-4b4a-ba4b-3eaaba51befb%3Fformat%3Djson%26states%3Dlisting HTTP/1.0 200 - python-swiftclient-3.11.1 gAAAAABpgSaZAKP7... - 357 - tx7cc42e45ddf14e139db28-0069812724 - 0.0177 - - 1770071844.286272526 1770071844.303926945 0
Feb 2 22:37:24 standalone container-server[128809]: 172.20.0.100 - - [02/Feb/2026:22:37:24 +0000] "GET /d1/89/AUTH_7df9793668ed44d695a92489552e5f5c/gnocchi.3a8d3de1-6348-4b4a-ba4b-3eaaba51befb" 200 2 "GET http://172.18.0.2:8080/v1/AUTH_7df9793668ed44d695a92489552e5f5c/gnocchi.3a8d3de1-6348-4b4a-ba4b-3eaaba51befb?format=json&marker=none_v3&states=listing" "tx7ecc4cca0df64599b1934-0069812724" "proxy-server 20" 0.0018 "-" 15 0
Feb 2 22:37:24 standalone proxy-server[131026]: 172.18.0.2 172.18.0.100 02/Feb/2026/22/37/24 GET /v1/AUTH_7df9793668ed44d695a92489552e5f5c/gnocchi.3a8d3de1-6348-4b4a-ba4b-3eaaba51befb%3Fformat%3Djson%26marker%3Dnone_v3%26states%3Dlisting HTTP/1.0 200 - python-swiftclient-3.11.1 gAAAAABpgSaZAKP7... - 2 - tx7ecc4cca0df64599b1934-0069812724 - 0.0124 - - 1770071844.308218956 1770071844.320590734 0
Feb 2 22:37:24 standalone object-server[128969]: 172.20.0.100 - - [02/Feb/2026:22:37:24 +0000] "GET /d1/464/AUTH_7df9793668ed44d695a92489552e5f5c/gnocchi.3a8d3de1-6348-4b4a-ba4b-3eaaba51befb/1769040000.0_mean_300.0_v3" 200 16 "GET http://172.18.0.2:8080/v1/AUTH_7df9793668ed44d695a92489552e5f5c/gnocchi.3a8d3de1-6348-4b4a-ba4b-3eaaba51befb/1769040000.0_mean_300.0_v3" "tx0217e869e63547ce8e3f6-0069812724" "proxy-server 20" 0.0008 "-" 22 0
Feb 2 22:37:24 standalone proxy-server[131026]: 172.18.0.2 172.18.0.100 02/Feb/2026/22/37/24 GET /v1/AUTH_7df9793668ed44d695a92489552e5f5c/gnocchi.3a8d3de1-6348-4b4a-ba4b-3eaaba51befb/1769040000.0_mean_300.0_v3 HTTP/1.0 200 - python-swiftclient-3.11.1 gAAAAABpgSaZAKP7... - 16 - tx0217e869e63547ce8e3f6-0069812724 - 0.0135 - - 1770071844.324019670 1770071844.337484598 0
Feb 2 22:37:24 standalone container-server[128809]: 172.20.0.100 - - [02/Feb/2026:22:37:24 +0000] "PUT /d1/89/AUTH_7df9793668ed44d695a92489552e5f5c/gnocchi.3a8d3de1-6348-4b4a-ba4b-3eaaba51befb/1769040000.0_mean_300.0_v3" 201 - "PUT http://172.18.0.2:8080/d1/464/AUTH_7df9793668ed44d695a92489552e5f5c/gnocchi.3a8d3de1-6348-4b4a-ba4b-3eaaba51befb/1769040000.0_mean_300.0_v3" "txf719a2c0b69e406bb7fb2-0069812724" "object-server 21" 0.0009 "-" 15 0
Feb 2 22:37:24 standalone object-server[128968]: 172.20.0.100 - - [02/Feb/2026:22:37:24 +0000] "PUT /d1/464/AUTH_7df9793668ed44d695a92489552e5f5c/gnocchi.3a8d3de1-6348-4b4a-ba4b-3eaaba51befb/1769040000.0_mean_300.0_v3" 201 - "PUT http://172.18.0.2:8080/v1/AUTH_7df9793668ed44d695a92489552e5f5c/gnocchi.3a8d3de1-6348-4b4a-ba4b-3eaaba51befb/1769040000.0_mean_300.0_v3" "txf719a2c0b69e406bb7fb2-0069812724" "proxy-server 20" 0.0231 "-" 21 0
Feb 2 22:37:24 standalone proxy-server[131026]: 172.18.0.2 172.18.0.100 02/Feb/2026/22/37/24 PUT /v1/AUTH_7df9793668ed44d695a92489552e5f5c/gnocchi.3a8d3de1-6348-4b4a-ba4b-3eaaba51befb/1769040000.0_mean_300.0_v3 HTTP/1.0 201 - python-swiftclient-3.11.1 gAAAAABpgSaZAKP7... 16 - - txf719a2c0b69e406bb7fb2-0069812724 - 0.0292 - - 1770071844.341461897 1770071844.370658636 0
Feb 2 22:37:24 standalone container-server[128808]: 172.20.0.100 - - [02/Feb/2026:22:37:24 +0000] "PUT /d1/89/AUTH_7df9793668ed44d695a92489552e5f5c/gnocchi.3a8d3de1-6348-4b4a-ba4b-3eaaba51befb/none_v3" 201 - "PUT http://172.18.0.2:8080/d1/176/AUTH_7df9793668ed44d695a92489552e5f5c/gnocchi.3a8d3de1-6348-4b4a-ba4b-3eaaba51befb/none_v3" "tx58e008fc69d34bc3b8231-0069812724" "object-server 25" 0.0005 "-" 14 0
Feb 2 22:37:24 standalone object-server[128973]: 172.20.0.100 - - [02/Feb/2026:22:37:24 +0000] "PUT /d1/176/AUTH_7df9793668ed44d695a92489552e5f5c/gnocchi.3a8d3de1-6348-4b4a-ba4b-3eaaba51befb/none_v3" 201 - "PUT http://172.18.0.2:8080/v1/AUTH_7df9793668ed44d695a92489552e5f5c/gnocchi.3a8d3de1-6348-4b4a-ba4b-3eaaba51befb/none_v3" "tx58e008fc69d34bc3b8231-0069812724" "proxy-server 20" 0.0163 "-" 25 0
Feb 2 22:37:24 standalone proxy-server[131026]: 172.18.0.2 172.18.0.100 02/Feb/2026/22/37/24 PUT /v1/AUTH_7df9793668ed44d695a92489552e5f5c/gnocchi.3a8d3de1-6348-4b4a-ba4b-3eaaba51befb/none_v3 HTTP/1.0 201 - python-swiftclient-3.11.1 gAAAAABpgSaZAKP7... 46 - - tx58e008fc69d34bc3b8231-0069812724 - 0.0264 - - 1770071844.373677731 1770071844.400084019 0
Feb 2 22:37:25 standalone object-server[128972]: 172.20.0.100 - - [02/Feb/2026:22:37:25 +0000] "GET /d1/176/AUTH_7df9793668ed44d695a92489552e5f5c/gnocchi.3a8d3de1-6348-4b4a-ba4b-3eaaba51befb/none_v3" 200 46 "GET http://172.18.0.2:8080/v1/AUTH_7df9793668ed44d695a92489552e5f5c/gnocchi.3a8d3de1-6348-4b4a-ba4b-3eaaba51befb/none_v3" "tx34eba14f074f4be8a78a8-0069812725" "proxy-server 20" 0.0012 "-" 24 0
Feb 2 22:37:25 standalone proxy-server[131026]: 172.18.0.2 172.18.0.100 02/Feb/2026/22/37/25 GET /v1/AUTH_7df9793668ed44d695a92489552e5f5c/gnocchi.3a8d3de1-6348-4b4a-ba4b-3eaaba51befb/none_v3 HTTP/1.0 200 - python-swiftclient-3.11.1 gAAAAABpgSaZAKP7... - 46 - tx34eba14f074f4be8a78a8-0069812725 - 0.0108 - - 1770071845.127889156 1770071845.138667345 0
Feb 2 22:37:25 standalone container-server[128808]: 172.20.0.100 - - [02/Feb/2026:22:37:25 +0000] "GET /d1/89/AUTH_7df9793668ed44d695a92489552e5f5c/gnocchi.3a8d3de1-6348-4b4a-ba4b-3eaaba51befb" 200 357 "GET http://172.18.0.2:8080/v1/AUTH_7df9793668ed44d695a92489552e5f5c/gnocchi.3a8d3de1-6348-4b4a-ba4b-3eaaba51befb?format=json&states=listing" "txb78045eb99d040dd928e8-0069812725" "proxy-server 20" 0.0102 "-" 14 0
Feb 2 22:37:25 standalone proxy-server[131026]: 172.18.0.2 172.18.0.100 02/Feb/2026/22/37/25 GET /v1/AUTH_7df9793668ed44d695a92489552e5f5c/gnocchi.3a8d3de1-6348-4b4a-ba4b-3eaaba51befb%3Fformat%3Djson%26states%3Dlisting HTTP/1.0 200 - python-swiftclient-3.11.1 gAAAAABpgSaZAKP7... - 357 - txb78045eb99d040dd928e8-0069812725 - 0.0193 - - 1770071845.143558741 1770071845.162900209 0
Feb 2 22:37:25 standalone container-server[128816]: 172.20.0.100 - - [02/Feb/2026:22:37:25 +0000] "GET /d1/89/AUTH_7df9793668ed44d695a92489552e5f5c/gnocchi.3a8d3de1-6348-4b4a-ba4b-3eaaba51befb" 200 2 "GET http://172.18.0.2:8080/v1/AUTH_7df9793668ed44d695a92489552e5f5c/gnocchi.3a8d3de1-6348-4b4a-ba4b-3eaaba51befb?format=json&marker=none_v3&states=listing" "tx34f1a745304042bc8eee3-0069812725" "proxy-server 20" 0.0044 "-" 17 0
Feb 2 22:37:25 standalone proxy-server[131026]: 172.18.0.2 172.18.0.100 02/Feb/2026/22/37/25 GET /v1/AUTH_7df9793668ed44d695a92489552e5f5c/gnocchi.3a8d3de1-6348-4b4a-ba4b-3eaaba51befb%3Fformat%3Djson%26marker%3Dnone_v3%26states%3Dlisting HTTP/1.0 200 - python-swiftclient-3.11.1 gAAAAABpgSaZAKP7... - 2 - tx34f1a745304042bc8eee3-0069812725 - 0.0130 - - 1770071845.166855335 1770071845.179806232 0
Feb 2 22:37:25 standalone object-server[128973]: 172.20.0.100 - - [02/Feb/2026:22:37:25 +0000] "GET /d1/464/AUTH_7df9793668ed44d695a92489552e5f5c/gnocchi.3a8d3de1-6348-4b4a-ba4b-3eaaba51befb/1769040000.0_mean_300.0_v3" 200 16 "GET http://172.18.0.2:8080/v1/AUTH_7df9793668ed44d695a92489552e5f5c/gnocchi.3a8d3de1-6348-4b4a-ba4b-3eaaba51befb/1769040000.0_mean_300.0_v3" "tx70eb054068e44b789ae61-0069812725" "proxy-server 20" 0.0011 "-" 25 0
Feb 2 22:37:25 standalone proxy-server[131026]: 172.18.0.2 172.18.0.100 02/Feb/2026/22/37/25 GET /v1/AUTH_7df9793668ed44d695a92489552e5f5c/gnocchi.3a8d3de1-6348-4b4a-ba4b-3eaaba51befb/1769040000.0_mean_300.0_v3 HTTP/1.0 200 - python-swiftclient-3.11.1 gAAAAABpgSaZAKP7... - 16 - tx70eb054068e44b789ae61-0069812725 - 0.0094 - - 1770071845.187500954 1770071845.196921110 0
Feb 2 22:37:25 standalone container-server[128811]: 172.20.0.100 - - [02/Feb/2026:22:37:25 +0000] "PUT /d1/89/AUTH_7df9793668ed44d695a92489552e5f5c/gnocchi.3a8d3de1-6348-4b4a-ba4b-3eaaba51befb/1769040000.0_mean_300.0_v3" 201 - "PUT http://172.18.0.2:8080/d1/464/AUTH_7df9793668ed44d695a92489552e5f5c/gnocchi.3a8d3de1-6348-4b4a-ba4b-3eaaba51befb/1769040000.0_mean_300.0_v3" "tx89ce22663f4044a499fdb-0069812725" "object-server 21" 0.0006 "-" 16 0
Feb 2 22:37:25 standalone object-server[128968]: 172.20.0.100 - - [02/Feb/2026:22:37:25 +0000] "PUT /d1/464/AUTH_7df9793668ed44d695a92489552e5f5c/gnocchi.3a8d3de1-6348-4b4a-ba4b-3eaaba51befb/1769040000.0_mean_300.0_v3" 201 - "PUT http://172.18.0.2:8080/v1/AUTH_7df9793668ed44d695a92489552e5f5c/gnocchi.3a8d3de1-6348-4b4a-ba4b-3eaaba51befb/1769040000.0_mean_300.0_v3" "tx89ce22663f4044a499fdb-0069812725" "proxy-server 20" 0.0119 "-" 21 0
Feb 2 22:37:25 standalone proxy-server[131026]: 172.18.0.2 172.18.0.100 02/Feb/2026/22/37/25 PUT /v1/AUTH_7df9793668ed44d695a92489552e5f5c/gnocchi.3a8d3de1-6348-4b4a-ba4b-3eaaba51befb/1769040000.0_mean_300.0_v3 HTTP/1.0 201 - python-swiftclient-3.11.1 gAAAAABpgSaZAKP7... 16 - - tx89ce22663f4044a499fdb-0069812725 - 0.0200 - - 1770071845.200356007 1770071845.220372915 0
Feb 2 22:37:25 standalone container-server[128816]: 172.20.0.100 - - [02/Feb/2026:22:37:25 +0000] "PUT /d1/89/AUTH_7df9793668ed44d695a92489552e5f5c/gnocchi.3a8d3de1-6348-4b4a-ba4b-3eaaba51befb/none_v3" 201 - "PUT http://172.18.0.2:8080/d1/176/AUTH_7df9793668ed44d695a92489552e5f5c/gnocchi.3a8d3de1-6348-4b4a-ba4b-3eaaba51befb/none_v3" "tx1d67d806014d453f889cd-0069812725" "object-server 22" 0.0009 "-" 17 0
Feb 2 22:37:25 standalone object-server[128969]: 172.20.0.100 - - [02/Feb/2026:22:37:25 +0000] "PUT /d1/176/AUTH_7df9793668ed44d695a92489552e5f5c/gnocchi.3a8d3de1-6348-4b4a-ba4b-3eaaba51befb/none_v3" 201 - "PUT http://172.18.0.2:8080/v1/AUTH_7df9793668ed44d695a92489552e5f5c/gnocchi.3a8d3de1-6348-4b4a-ba4b-3eaaba51befb/none_v3" "tx1d67d806014d453f889cd-0069812725" "proxy-server 20" 0.0117 "-" 22 0
Feb 2 22:37:25 standalone proxy-server[131026]: 172.18.0.2 172.18.0.100 02/Feb/2026/22/37/25 PUT /v1/AUTH_7df9793668ed44d695a92489552e5f5c/gnocchi.3a8d3de1-6348-4b4a-ba4b-3eaaba51befb/none_v3 HTTP/1.0 201 - python-swiftclient-3.11.1 gAAAAABpgSaZAKP7... 51 - - tx1d67d806014d453f889cd-0069812725 - 0.0213 - - 1770071845.224403143 1770071845.245739937 0
Feb 2 22:37:28 standalone container-server[128809]: 172.20.0.100 - - [02/Feb/2026:22:37:28 +0000] "HEAD /d1/868/AUTH_7df9793668ed44d695a92489552e5f5c/gnocchi.979ff8b2-f4e5-4c4a-8e0f-ee720f50f233" 404 - "HEAD http://172.18.0.2:8080/v1/AUTH_7df9793668ed44d695a92489552e5f5c/gnocchi.979ff8b2-f4e5-4c4a-8e0f-ee720f50f233?format=json&states=listing" "tx8a697512fa9243d8b56c3-0069812728" "proxy-server 20" 0.0008 "-" 15 0
Feb 2 22:37:28 standalone object-server[128968]: 172.20.0.100 - - [02/Feb/2026:22:37:28 +0000] "GET /d1/356/AUTH_7df9793668ed44d695a92489552e5f5c/gnocchi.979ff8b2-f4e5-4c4a-8e0f-ee720f50f233/none_v3" 404 70 "GET http://172.18.0.2:8080/v1/AUTH_7df9793668ed44d695a92489552e5f5c/gnocchi.979ff8b2-f4e5-4c4a-8e0f-ee720f50f233/none_v3" "tx8a697512fa9243d8b56c3-0069812728" "proxy-server 20" 0.0006 "-" 21 0
Feb 2 22:37:28 standalone proxy-server[131026]: 172.18.0.2 172.18.0.100 02/Feb/2026/22/37/28 GET /v1/AUTH_7df9793668ed44d695a92489552e5f5c/gnocchi.979ff8b2-f4e5-4c4a-8e0f-ee720f50f233/none_v3 HTTP/1.0 404 - python-swiftclient-3.11.1 gAAAAABpgSaZAKP7... - 70 - tx8a697512fa9243d8b56c3-0069812728 - 0.0147 - - 1770071848.087147236 1770071848.101826906 0
Feb 2 22:37:28 standalone account-server[128794]: 172.20.0.100 - - [02/Feb/2026:22:37:28 +0000] "PUT /d1/643/AUTH_7df9793668ed44d695a92489552e5f5c/gnocchi.979ff8b2-f4e5-4c4a-8e0f-ee720f50f233" 201 - "PUT http://172.20.0.100:6001/d1/868/AUTH_7df9793668ed44d695a92489552e5f5c/gnocchi.979ff8b2-f4e5-4c4a-8e0f-ee720f50f233" "tx021e8949e2f04152aed16-0069812728" "container-server 16" 0.0048 "-" 21 0
Feb 2 22:37:28 standalone container-server[128811]: 172.20.0.100 - - [02/Feb/2026:22:37:28 +0000] "PUT /d1/868/AUTH_7df9793668ed44d695a92489552e5f5c/gnocchi.979ff8b2-f4e5-4c4a-8e0f-ee720f50f233" 201 - "PUT http://172.18.0.2:8080/v1/AUTH_7df9793668ed44d695a92489552e5f5c/gnocchi.979ff8b2-f4e5-4c4a-8e0f-ee720f50f233" "tx021e8949e2f04152aed16-0069812728" "proxy-server 20" 0.0147 "-" 16 0
Feb 2 22:37:28 standalone proxy-server[131026]: 172.18.0.2 172.18.0.100 02/Feb/2026/22/37/28 PUT /v1/AUTH_7df9793668ed44d695a92489552e5f5c/gnocchi.979ff8b2-f4e5-4c4a-8e0f-ee720f50f233 HTTP/1.0 201 - python-swiftclient-3.11.1 gAAAAABpgSaZAKP7... - - - tx021e8949e2f04152aed16-0069812728 - 0.0204 - - 1770071848.105229855 1770071848.125631094 0
Feb 2 22:37:28 standalone container-server[128808]: 172.20.0.100 - - [02/Feb/2026:22:37:28 +0000] "HEAD /d1/868/AUTH_7df9793668ed44d695a92489552e5f5c/gnocchi.979ff8b2-f4e5-4c4a-8e0f-ee720f50f233" 204 - "HEAD http://172.18.0.2:8080/v1/AUTH_7df9793668ed44d695a92489552e5f5c/gnocchi.979ff8b2-f4e5-4c4a-8e0f-ee720f50f233?format=json&states=listing" "txa438cf8177b74a6d8047a-0069812728" "proxy-server 20" 0.0070 "-" 14 0
Feb 2 22:37:28 standalone proxy-server[131026]: - - 02/Feb/2026/22/37/28 HEAD /v1/AUTH_7df9793668ed44d695a92489552e5f5c/gnocchi.979ff8b2-f4e5-4c4a-8e0f-ee720f50f233%3Fformat%3Djson%26states%3Dlisting HTTP/1.0 204 - Swift - - - - txa438cf8177b74a6d8047a-0069812728 - 0.0116 RL - 1770071848.129987001 1770071848.141566277 0
Feb 2 22:37:28 standalone container-server[128816]: 172.20.0.100 - - [02/Feb/2026:22:37:28 +0000] "GET /d1/868/AUTH_7df9793668ed44d695a92489552e5f5c/gnocchi.979ff8b2-f4e5-4c4a-8e0f-ee720f50f233" 200 2 "GET http://172.18.0.2:8080/v1/AUTH_7df9793668ed44d695a92489552e5f5c/gnocchi.979ff8b2-f4e5-4c4a-8e0f-ee720f50f233?format=json&states=listing" "txa438cf8177b74a6d8047a-0069812728" "proxy-server 20" 0.0040 "-" 17 0
Feb 2 22:37:28 standalone proxy-server[131026]: 172.18.0.2 172.18.0.100 02/Feb/2026/22/37/28 GET /v1/AUTH_7df9793668ed44d695a92489552e5f5c/gnocchi.979ff8b2-f4e5-4c4a-8e0f-ee720f50f233%3Fformat%3Djson%26states%3Dlisting HTTP/1.0 200 - python-swiftclient-3.11.1 gAAAAABpgSaZAKP7... - 2 - txa438cf8177b74a6d8047a-0069812728 - 0.0269 - - 1770071848.128926754 1770071848.155840874 0
Feb 2 22:37:28 standalone object-server[128973]: 172.20.0.100 - - [02/Feb/2026:22:37:28 +0000] "GET /d1/759/AUTH_7df9793668ed44d695a92489552e5f5c/gnocchi.979ff8b2-f4e5-4c4a-8e0f-ee720f50f233/1769040000.0_mean_300.0_v3" 404 70 "GET http://172.18.0.2:8080/v1/AUTH_7df9793668ed44d695a92489552e5f5c/gnocchi.979ff8b2-f4e5-4c4a-8e0f-ee720f50f233/1769040000.0_mean_300.0_v3" "txa1175f065de9461283b1e-0069812728" "proxy-server 20" 0.0006 "-" 25 0
Feb 2 22:37:28 standalone proxy-server[131026]: 172.18.0.2 172.18.0.100 02/Feb/2026/22/37/28 GET /v1/AUTH_7df9793668ed44d695a92489552e5f5c/gnocchi.979ff8b2-f4e5-4c4a-8e0f-ee720f50f233/1769040000.0_mean_300.0_v3 HTTP/1.0 404 - python-swiftclient-3.11.1 gAAAAABpgSaZAKP7... - 70 - txa1175f065de9461283b1e-0069812728 - 0.0072 - - 1770071848.159634590 1770071848.166798830 0
Feb 2 22:37:28 standalone container-server[128809]: 172.20.0.100 - - [02/Feb/2026:22:37:28 +0000] "PUT /d1/868/AUTH_7df9793668ed44d695a92489552e5f5c/gnocchi.979ff8b2-f4e5-4c4a-8e0f-ee720f50f233/1769040000.0_mean_300.0_v3" 201 - "PUT http://172.18.0.2:8080/d1/759/AUTH_7df9793668ed44d695a92489552e5f5c/gnocchi.979ff8b2-f4e5-4c4a-8e0f-ee720f50f233/1769040000.0_mean_300.0_v3" "tx3cdf8205597b492e84902-0069812728" "object-server 24" 0.0017 "-" 15 0
Feb 2 22:37:28 standalone object-server[128972]: 172.20.0.100 - - [02/Feb/2026:22:37:28 +0000] "PUT /d1/759/AUTH_7df9793668ed44d695a92489552e5f5c/gnocchi.979ff8b2-f4e5-4c4a-8e0f-ee720f50f233/1769040000.0_mean_300.0_v3" 201 - "PUT http://172.18.0.2:8080/v1/AUTH_7df9793668ed44d695a92489552e5f5c/gnocchi.979ff8b2-f4e5-4c4a-8e0f-ee720f50f233/1769040000.0_mean_300.0_v3" "tx3cdf8205597b492e84902-0069812728" "proxy-server 20" 0.0840 "-" 24 0
Feb 2 22:37:28 standalone proxy-server[131026]: 172.18.0.2 172.18.0.100 02/Feb/2026/22/37/28 PUT /v1/AUTH_7df9793668ed44d695a92489552e5f5c/gnocchi.979ff8b2-f4e5-4c4a-8e0f-ee720f50f233/1769040000.0_mean_300.0_v3 HTTP/1.0 201 - python-swiftclient-3.11.1 gAAAAABpgSaZAKP7... 16 - - tx3cdf8205597b492e84902-0069812728 - 0.0925 - - 1770071848.169742584 1770071848.262204885 0
Feb 2 22:37:28 standalone container-server[128808]: 172.20.0.100 - - [02/Feb/2026:22:37:28 +0000] "PUT /d1/868/AUTH_7df9793668ed44d695a92489552e5f5c/gnocchi.979ff8b2-f4e5-4c4a-8e0f-ee720f50f233/none_v3" 201 - "PUT http://172.18.0.2:8080/d1/356/AUTH_7df9793668ed44d695a92489552e5f5c/gnocchi.979ff8b2-f4e5-4c4a-8e0f-ee720f50f233/none_v3" "txedc866797dc449f59bb25-0069812728" "object-server 22" 0.0012 "-" 14 0
Feb 2 22:37:28 standalone object-server[128969]: 172.20.0.100 - - [02/Feb/2026:22:37:28 +0000] "PUT /d1/356/AUTH_7df9793668ed44d695a92489552e5f5c/gnocchi.979ff8b2-f4e5-4c4a-8e0f-ee720f50f233/none_v3" 201 - "PUT http://172.18.0.2:8080/v1/AUTH_7df9793668ed44d695a92489552e5f5c/gnocchi.979ff8b2-f4e5-4c4a-8e0f-ee720f50f233/none_v3" "txedc866797dc449f59bb25-0069812728" "proxy-server 20" 0.0167 "-" 22 0
Feb 2 22:37:28 standalone proxy-server[131026]: 172.18.0.2 172.18.0.100 02/Feb/2026/22/37/28 PUT /v1/AUTH_7df9793668ed44d695a92489552e5f5c/gnocchi.979ff8b2-f4e5-4c4a-8e0f-ee720f50f233/none_v3 HTTP/1.0 201 - python-swiftclient-3.11.1 gAAAAABpgSaZAKP7... 22 - - txedc866797dc449f59bb25-0069812728 - 0.0268 - - 1770071848.269511938 1770071848.296297789 0
Feb 2 22:37:28 standalone container-server[128808]: 172.20.0.100 - - [02/Feb/2026:22:37:28 +0000] "HEAD /d1/573/AUTH_7df9793668ed44d695a92489552e5f5c/gnocchi.e2133bf9-babd-4fce-9556-75cc2153925e" 404 - "HEAD http://172.18.0.2:8080/v1/AUTH_7df9793668ed44d695a92489552e5f5c/gnocchi.e2133bf9-babd-4fce-9556-75cc2153925e?format=json&states=listing" "tx395b96d88e1747c486f6f-0069812728" "proxy-server 20" 0.0006 "-" 14 0
Feb 2 22:37:28 standalone object-server[128972]: 172.20.0.100 - - [02/Feb/2026:22:37:28 +0000] "GET /d1/904/AUTH_7df9793668ed44d695a92489552e5f5c/gnocchi.e2133bf9-babd-4fce-9556-75cc2153925e/none_v3" 404 70 "GET http://172.18.0.2:8080/v1/AUTH_7df9793668ed44d695a92489552e5f5c/gnocchi.e2133bf9-babd-4fce-9556-75cc2153925e/none_v3" "tx395b96d88e1747c486f6f-0069812728" "proxy-server 20" 0.0005 "-" 24 0
Feb 2 22:37:28 standalone proxy-server[131026]: 172.18.0.2 172.18.0.100 02/Feb/2026/22/37/28 GET /v1/AUTH_7df9793668ed44d695a92489552e5f5c/gnocchi.e2133bf9-babd-4fce-9556-75cc2153925e/none_v3 HTTP/1.0 404 - python-swiftclient-3.11.1 gAAAAABpgSaZAKP7... - 70 - tx395b96d88e1747c486f6f-0069812728 - 0.0192 - - 1770071848.309280872 1770071848.328448534 0
Feb 2 22:37:28 standalone account-server[128795]: 172.20.0.100 - - [02/Feb/2026:22:37:28 +0000] "PUT /d1/643/AUTH_7df9793668ed44d695a92489552e5f5c/gnocchi.e2133bf9-babd-4fce-9556-75cc2153925e" 201 - "PUT http://172.20.0.100:6001/d1/573/AUTH_7df9793668ed44d695a92489552e5f5c/gnocchi.e2133bf9-babd-4fce-9556-75cc2153925e" "tx1e5f947a1ac04868bee95-0069812728" "container-server 16" 0.0095 "-" 22 0
Feb 2 22:37:28 standalone container-server[128811]: 172.20.0.100 - - [02/Feb/2026:22:37:28 +0000] "PUT /d1/573/AUTH_7df9793668ed44d695a92489552e5f5c/gnocchi.e2133bf9-babd-4fce-9556-75cc2153925e" 201 - "PUT http://172.18.0.2:8080/v1/AUTH_7df9793668ed44d695a92489552e5f5c/gnocchi.e2133bf9-babd-4fce-9556-75cc2153925e" "tx1e5f947a1ac04868bee95-0069812728" "proxy-server 20" 0.0223 "-" 16 0
Feb 2 22:37:28 standalone proxy-server[131026]: 172.18.0.2 172.18.0.100 02/Feb/2026/22/37/28 PUT /v1/AUTH_7df9793668ed44d695a92489552e5f5c/gnocchi.e2133bf9-babd-4fce-9556-75cc2153925e HTTP/1.0 201 - python-swiftclient-3.11.1 gAAAAABpgSaZAKP7... - - - tx1e5f947a1ac04868bee95-0069812728 - 0.0348 - - 1770071848.331458092 1770071848.366285324 0
Feb 2 22:37:28 standalone container-server[128811]: 172.20.0.100 - - [02/Feb/2026:22:37:28 +0000] "HEAD /d1/573/AUTH_7df9793668ed44d695a92489552e5f5c/gnocchi.e2133bf9-babd-4fce-9556-75cc2153925e" 204 - "HEAD http://172.18.0.2:8080/v1/AUTH_7df9793668ed44d695a92489552e5f5c/gnocchi.e2133bf9-babd-4fce-9556-75cc2153925e?format=json&states=listing" "tx06ed2a4a5ab9408bb689f-0069812728" "proxy-server 20" 0.0014 "-" 16 0
Feb 2 22:37:28 standalone proxy-server[131026]: - - 02/Feb/2026/22/37/28 HEAD /v1/AUTH_7df9793668ed44d695a92489552e5f5c/gnocchi.e2133bf9-babd-4fce-9556-75cc2153925e%3Fformat%3Djson%26states%3Dlisting HTTP/1.0 204 - Swift - - - - tx06ed2a4a5ab9408bb689f-0069812728 - 0.0050 RL - 1770071848.372270584 1770071848.377275944 0
Feb 2 22:37:28 standalone container-server[128809]: 172.20.0.100 - - [02/Feb/2026:22:37:28 +0000] "GET /d1/573/AUTH_7df9793668ed44d695a92489552e5f5c/gnocchi.e2133bf9-babd-4fce-9556-75cc2153925e" 200 2 "GET http://172.18.0.2:8080/v1/AUTH_7df9793668ed44d695a92489552e5f5c/gnocchi.e2133bf9-babd-4fce-9556-75cc2153925e?format=json&states=listing" "tx06ed2a4a5ab9408bb689f-0069812728" "proxy-server 20" 0.0028 "-" 15 0
Feb 2 22:37:28 standalone proxy-server[131026]: 172.18.0.2 172.18.0.100 02/Feb/2026/22/37/28 GET /v1/AUTH_7df9793668ed44d695a92489552e5f5c/gnocchi.e2133bf9-babd-4fce-9556-75cc2153925e%3Fformat%3Djson%26states%3Dlisting HTTP/1.0 200 - python-swiftclient-3.11.1 gAAAAABpgSaZAKP7... - 2 - tx06ed2a4a5ab9408bb689f-0069812728 - 0.0162 - - 1770071848.370775700 1770071848.386992693 0
Feb 2 22:37:28 standalone object-server[128973]: 172.20.0.100 - - [02/Feb/2026:22:37:28 +0000] "GET /d1/178/AUTH_7df9793668ed44d695a92489552e5f5c/gnocchi.e2133bf9-babd-4fce-9556-75cc2153925e/1769040000.0_mean_300.0_v3" 404 70 "GET http://172.18.0.2:8080/v1/AUTH_7df9793668ed44d695a92489552e5f5c/gnocchi.e2133bf9-babd-4fce-9556-75cc2153925e/1769040000.0_mean_300.0_v3" "txc9da4294e0264cab90c71-0069812728" "proxy-server 20" 0.0003 "-" 25 0
Feb 2 22:37:28 standalone proxy-server[131026]: 172.18.0.2 172.18.0.100 02/Feb/2026/22/37/28 GET /v1/AUTH_7df9793668ed44d695a92489552e5f5c/gnocchi.e2133bf9-babd-4fce-9556-75cc2153925e/1769040000.0_mean_300.0_v3 HTTP/1.0 404 - python-swiftclient-3.11.1 gAAAAABpgSaZAKP7... - 70 - txc9da4294e0264cab90c71-0069812728 - 0.0092 - - 1770071848.390757799 1770071848.399916887 0
Feb 2 22:37:28 standalone container-server[128811]: 172.20.0.100 - - [02/Feb/2026:22:37:28 +0000] "PUT /d1/573/AUTH_7df9793668ed44d695a92489552e5f5c/gnocchi.e2133bf9-babd-4fce-9556-75cc2153925e/1769040000.0_mean_300.0_v3" 201 - "PUT http://172.18.0.2:8080/d1/178/AUTH_7df9793668ed44d695a92489552e5f5c/gnocchi.e2133bf9-babd-4fce-9556-75cc2153925e/1769040000.0_mean_300.0_v3" "tx179b47090b5749449d20b-0069812728" "object-server 21" 0.0006 "-" 16 0
Feb 2 22:37:28 standalone object-server[128968]: 172.20.0.100 - - [02/Feb/2026:22:37:28 +0000] "PUT /d1/178/AUTH_7df9793668ed44d695a92489552e5f5c/gnocchi.e2133bf9-babd-4fce-9556-75cc2153925e/1769040000.0_mean_300.0_v3" 201 - "PUT http://172.18.0.2:8080/v1/AUTH_7df9793668ed44d695a92489552e5f5c/gnocchi.e2133bf9-babd-4fce-9556-75cc2153925e/1769040000.0_mean_300.0_v3" "tx179b47090b5749449d20b-0069812728" "proxy-server 20" 0.0174 "-" 21 0
Feb 2 22:37:28 standalone proxy-server[131026]: 172.18.0.2 172.18.0.100 02/Feb/2026/22/37/28 PUT /v1/AUTH_7df9793668ed44d695a92489552e5f5c/gnocchi.e2133bf9-babd-4fce-9556-75cc2153925e/1769040000.0_mean_300.0_v3 HTTP/1.0 201 - python-swiftclient-3.11.1 gAAAAABpgSaZAKP7... 16 - - tx179b47090b5749449d20b-0069812728 - 0.0226 - - 1770071848.408081055 1770071848.430686951 0
Feb 2 22:37:28 standalone container-server[128809]: 172.20.0.100 - - [02/Feb/2026:22:37:28 +0000] "PUT /d1/573/AUTH_7df9793668ed44d695a92489552e5f5c/gnocchi.e2133bf9-babd-4fce-9556-75cc2153925e/none_v3" 201 - "PUT http://172.18.0.2:8080/d1/904/AUTH_7df9793668ed44d695a92489552e5f5c/gnocchi.e2133bf9-babd-4fce-9556-75cc2153925e/none_v3" "txc6d7a9de86b144e7b4a32-0069812728" "object-server 25" 0.0005 "-" 15 0
Feb 2 22:37:28 standalone object-server[128973]: 172.20.0.100 - - [02/Feb/2026:22:37:28 +0000] "PUT /d1/904/AUTH_7df9793668ed44d695a92489552e5f5c/gnocchi.e2133bf9-babd-4fce-9556-75cc2153925e/none_v3" 201 - "PUT http://172.18.0.2:8080/v1/AUTH_7df9793668ed44d695a92489552e5f5c/gnocchi.e2133bf9-babd-4fce-9556-75cc2153925e/none_v3" "txc6d7a9de86b144e7b4a32-0069812728" "proxy-server 20" 0.0093 "-" 25 0
Feb 2 22:37:28 standalone proxy-server[131026]: 172.18.0.2 172.18.0.100 02/Feb/2026/22/37/28 PUT /v1/AUTH_7df9793668ed44d695a92489552e5f5c/gnocchi.e2133bf9-babd-4fce-9556-75cc2153925e/none_v3 HTTP/1.0 201 - python-swiftclient-3.11.1 gAAAAABpgSaZAKP7... 22 - - txc6d7a9de86b144e7b4a32-0069812728 - 0.0253 - - 1770071848.434380293 1770071848.459633827 0
Feb 2 22:37:28 standalone container-server[128808]: 172.20.0.100 - - [02/Feb/2026:22:37:28 +0000] "HEAD /d1/559/AUTH_7df9793668ed44d695a92489552e5f5c/gnocchi.fa062b41-f7b8-4d16-84fe-fa529589a9c2" 404 - "HEAD http://172.18.0.2:8080/v1/AUTH_7df9793668ed44d695a92489552e5f5c/gnocchi.fa062b41-f7b8-4d16-84fe-fa529589a9c2?format=json&states=listing" "tx090e45d4372b4b4889d74-0069812728" "proxy-server 20" 0.0004 "-" 14 0
Feb 2 22:37:28 standalone object-server[128973]: 172.20.0.100 - - [02/Feb/2026:22:37:28 +0000] "GET /d1/588/AUTH_7df9793668ed44d695a92489552e5f5c/gnocchi.fa062b41-f7b8-4d16-84fe-fa529589a9c2/none_v3" 404 70 "GET http://172.18.0.2:8080/v1/AUTH_7df9793668ed44d695a92489552e5f5c/gnocchi.fa062b41-f7b8-4d16-84fe-fa529589a9c2/none_v3" "tx090e45d4372b4b4889d74-0069812728" "proxy-server 20" 0.0004 "-" 25 0
Feb 2 22:37:28 standalone proxy-server[131026]: 172.18.0.2 172.18.0.100 02/Feb/2026/22/37/28 GET /v1/AUTH_7df9793668ed44d695a92489552e5f5c/gnocchi.fa062b41-f7b8-4d16-84fe-fa529589a9c2/none_v3 HTTP/1.0 404 - python-swiftclient-3.11.1 gAAAAABpgSaZAKP7... - 70 - tx090e45d4372b4b4889d74-0069812728 - 0.0102 - - 1770071848.474129200 1770071848.484285593 0
Feb 2 22:37:28 standalone account-server[128797]: 172.20.0.100 - - [02/Feb/2026:22:37:28 +0000] "PUT /d1/643/AUTH_7df9793668ed44d695a92489552e5f5c/gnocchi.fa062b41-f7b8-4d16-84fe-fa529589a9c2" 201 - "PUT http://172.20.0.100:6001/d1/559/AUTH_7df9793668ed44d695a92489552e5f5c/gnocchi.fa062b41-f7b8-4d16-84fe-fa529589a9c2" "txd3ee974e13554721850ac-0069812728" "container-server 17" 0.0048 "-" 23 0
Feb 2 22:37:28 standalone container-server[128816]: 172.20.0.100 - - [02/Feb/2026:22:37:28 +0000] "PUT /d1/559/AUTH_7df9793668ed44d695a92489552e5f5c/gnocchi.fa062b41-f7b8-4d16-84fe-fa529589a9c2" 201 - "PUT http://172.18.0.2:8080/v1/AUTH_7df9793668ed44d695a92489552e5f5c/gnocchi.fa062b41-f7b8-4d16-84fe-fa529589a9c2" "txd3ee974e13554721850ac-0069812728" "proxy-server 20" 0.0179 "-" 17 0
Feb 2 22:37:28 standalone proxy-server[131026]: 172.18.0.2 172.18.0.100 02/Feb/2026/22/37/28 PUT /v1/AUTH_7df9793668ed44d695a92489552e5f5c/gnocchi.fa062b41-f7b8-4d16-84fe-fa529589a9c2 HTTP/1.0 201 - python-swiftclient-3.11.1 gAAAAABpgSaZAKP7... - - - txd3ee974e13554721850ac-0069812728 - 0.0311 - - 1770071848.486706495 1770071848.517761469 0
Feb 2 22:37:28 standalone container-server[128809]: 172.20.0.100 - - [02/Feb/2026:22:37:28 +0000] "HEAD /d1/559/AUTH_7df9793668ed44d695a92489552e5f5c/gnocchi.fa062b41-f7b8-4d16-84fe-fa529589a9c2" 204 - "HEAD http://172.18.0.2:8080/v1/AUTH_7df9793668ed44d695a92489552e5f5c/gnocchi.fa062b41-f7b8-4d16-84fe-fa529589a9c2?format=json&states=listing" "tx2ee1c553260d42a9b998b-0069812728" "proxy-server 20" 0.0024 "-" 15 0
Feb 2 22:37:28 standalone proxy-server[131026]: - - 02/Feb/2026/22/37/28 HEAD /v1/AUTH_7df9793668ed44d695a92489552e5f5c/gnocchi.fa062b41-f7b8-4d16-84fe-fa529589a9c2%3Fformat%3Djson%26states%3Dlisting HTTP/1.0 204 - Swift - - - - tx2ee1c553260d42a9b998b-0069812728 - 0.0080 RL - 1770071848.523130178 1770071848.531137466 0
Feb 2 22:37:28 standalone container-server[128816]: 172.20.0.100 - - [02/Feb/2026:22:37:28 +0000] "GET /d1/559/AUTH_7df9793668ed44d695a92489552e5f5c/gnocchi.fa062b41-f7b8-4d16-84fe-fa529589a9c2" 200 2 "GET http://172.18.0.2:8080/v1/AUTH_7df9793668ed44d695a92489552e5f5c/gnocchi.fa062b41-f7b8-4d16-84fe-fa529589a9c2?format=json&states=listing" "tx2ee1c553260d42a9b998b-0069812728" "proxy-server 20" 0.0021 "-" 17 0
Feb 2 22:37:28 standalone proxy-server[131026]: 172.18.0.2 172.18.0.100 02/Feb/2026/22/37/28 GET /v1/AUTH_7df9793668ed44d695a92489552e5f5c/gnocchi.fa062b41-f7b8-4d16-84fe-fa529589a9c2%3Fformat%3Djson%26states%3Dlisting HTTP/1.0 200 - python-swiftclient-3.11.1 gAAAAABpgSaZAKP7... - 2 - tx2ee1c553260d42a9b998b-0069812728 - 0.0234 - - 1770071848.521516323 1770071848.544893742 0
Feb 2 22:37:28 standalone object-server[128972]: 172.20.0.100 - - [02/Feb/2026:22:37:28 +0000] "GET /d1/552/AUTH_7df9793668ed44d695a92489552e5f5c/gnocchi.fa062b41-f7b8-4d16-84fe-fa529589a9c2/1769040000.0_mean_300.0_v3" 404 70 "GET http://172.18.0.2:8080/v1/AUTH_7df9793668ed44d695a92489552e5f5c/gnocchi.fa062b41-f7b8-4d16-84fe-fa529589a9c2/1769040000.0_mean_300.0_v3" "tx0c8ec5cee40a4a2a95110-0069812728" "proxy-server 20" 0.0005 "-" 24 0
Feb 2 22:37:28 standalone proxy-server[131026]: 172.18.0.2 172.18.0.100 02/Feb/2026/22/37/28 GET /v1/AUTH_7df9793668ed44d695a92489552e5f5c/gnocchi.fa062b41-f7b8-4d16-84fe-fa529589a9c2/1769040000.0_mean_300.0_v3 HTTP/1.0 404 - python-swiftclient-3.11.1 gAAAAABpgSaZAKP7... - 70 - tx0c8ec5cee40a4a2a95110-0069812728 - 0.0065 - - 1770071848.548753500 1770071848.555232763 0
Feb 2 22:37:28 standalone container-server[128809]: 172.20.0.100 - - [02/Feb/2026:22:37:28 +0000] "PUT /d1/559/AUTH_7df9793668ed44d695a92489552e5f5c/gnocchi.fa062b41-f7b8-4d16-84fe-fa529589a9c2/1769040000.0_mean_300.0_v3" 201 - "PUT http://172.18.0.2:8080/d1/552/AUTH_7df9793668ed44d695a92489552e5f5c/gnocchi.fa062b41-f7b8-4d16-84fe-fa529589a9c2/1769040000.0_mean_300.0_v3" "tx78ffc2a57c454c2493e5e-0069812728" "object-server 21" 0.0015 "-" 15 0
Feb 2 22:37:28 standalone object-server[128968]: 172.20.0.100 - - [02/Feb/2026:22:37:28 +0000] "PUT /d1/552/AUTH_7df9793668ed44d695a92489552e5f5c/gnocchi.fa062b41-f7b8-4d16-84fe-fa529589a9c2/1769040000.0_mean_300.0_v3" 201 - "PUT http://172.18.0.2:8080/v1/AUTH_7df9793668ed44d695a92489552e5f5c/gnocchi.fa062b41-f7b8-4d16-84fe-fa529589a9c2/1769040000.0_mean_300.0_v3" "tx78ffc2a57c454c2493e5e-0069812728" "proxy-server 20" 0.0133 "-" 21 0
Feb 2 22:37:28 standalone proxy-server[131026]: 172.18.0.2 172.18.0.100 02/Feb/2026/22/37/28 PUT /v1/AUTH_7df9793668ed44d695a92489552e5f5c/gnocchi.fa062b41-f7b8-4d16-84fe-fa529589a9c2/1769040000.0_mean_300.0_v3 HTTP/1.0 201 - python-swiftclient-3.11.1 gAAAAABpgSaZAKP7... 16 - - tx78ffc2a57c454c2493e5e-0069812728 - 0.0203 - - 1770071848.560315132 1770071848.580610752 0
Feb 2 22:37:28 standalone container-server[128816]: 172.20.0.100 - - [02/Feb/2026:22:37:28 +0000] "PUT /d1/559/AUTH_7df9793668ed44d695a92489552e5f5c/gnocchi.fa062b41-f7b8-4d16-84fe-fa529589a9c2/none_v3" 201 - "PUT http://172.18.0.2:8080/d1/588/AUTH_7df9793668ed44d695a92489552e5f5c/gnocchi.fa062b41-f7b8-4d16-84fe-fa529589a9c2/none_v3" "tx493ea3a01b934f2bbfc67-0069812728" "object-server 25" 0.0005 "-" 17 0
Feb 2 22:37:28 standalone object-server[128973]: 172.20.0.100 - - [02/Feb/2026:22:37:28 +0000] "PUT /d1/588/AUTH_7df9793668ed44d695a92489552e5f5c/gnocchi.fa062b41-f7b8-4d16-84fe-fa529589a9c2/none_v3" 201 - "PUT http://172.18.0.2:8080/v1/AUTH_7df9793668ed44d695a92489552e5f5c/gnocchi.fa062b41-f7b8-4d16-84fe-fa529589a9c2/none_v3" "tx493ea3a01b934f2bbfc67-0069812728" "proxy-server 20" 0.0153 "-" 25 0
Feb 2 22:37:28 standalone proxy-server[131026]: 172.18.0.2 172.18.0.100 02/Feb/2026/22/37/28 PUT /v1/AUTH_7df9793668ed44d695a92489552e5f5c/gnocchi.fa062b41-f7b8-4d16-84fe-fa529589a9c2/none_v3 HTTP/1.0 201 - python-swiftclient-3.11.1 gAAAAABpgSaZAKP7... 22 - - tx493ea3a01b934f2bbfc67-0069812728 - 0.0239 - - 1770071848.584666729 1770071848.608535290 0
