Feb 2 22:37:37 standalone proxy-server[131026]: 172.18.0.2 172.18.0.100 02/Feb/2026/22/37/37 PUT /v1/AUTH_7df9793668ed44d695a92489552e5f5c/gnocchi.865ddcdd-004f-4807-a120-a525fcefa767 HTTP/1.0 201 - python-swiftclient-3.11.1 gAAAAABpgSaZAKP7... - - - txfb9d087166fa453fa576b-0069812731 - 0.0817 - - 1770071857.343417406 1770071857.425122261 0
Feb 2 22:37:37 standalone container-server[128809]: 172.20.0.100 - - [02/Feb/2026:22:37:37 +0000] "HEAD /d1/235/AUTH_7df9793668ed44d695a92489552e5f5c/gnocchi.865ddcdd-004f-4807-a120-a525fcefa767" 204 - "HEAD http://172.18.0.2:8080/v1/AUTH_7df9793668ed44d695a92489552e5f5c/gnocchi.865ddcdd-004f-4807-a120-a525fcefa767?format=json&states=listing" "txca8a8b7afd0e401fb1d80-0069812731" "proxy-server 20" 0.0025 "-" 15 0
Feb 2 22:37:37 standalone proxy-server[131026]: - - 02/Feb/2026/22/37/37 HEAD /v1/AUTH_7df9793668ed44d695a92489552e5f5c/gnocchi.865ddcdd-004f-4807-a120-a525fcefa767%3Fformat%3Djson%26states%3Dlisting HTTP/1.0 204 - Swift - - - - txca8a8b7afd0e401fb1d80-0069812731 - 0.0094 RL - 1770071857.433749914 1770071857.443171740 0
Feb 2 22:37:37 standalone container-server[128816]: 172.20.0.100 - - [02/Feb/2026:22:37:37 +0000] "GET /d1/235/AUTH_7df9793668ed44d695a92489552e5f5c/gnocchi.865ddcdd-004f-4807-a120-a525fcefa767" 200 2 "GET http://172.18.0.2:8080/v1/AUTH_7df9793668ed44d695a92489552e5f5c/gnocchi.865ddcdd-004f-4807-a120-a525fcefa767?format=json&states=listing" "txca8a8b7afd0e401fb1d80-0069812731" "proxy-server 20" 0.0037 "-" 17 0
Feb 2 22:37:37 standalone proxy-server[131026]: 172.18.0.2 172.18.0.100 02/Feb/2026/22/37/37 GET /v1/AUTH_7df9793668ed44d695a92489552e5f5c/gnocchi.865ddcdd-004f-4807-a120-a525fcefa767%3Fformat%3Djson%26states%3Dlisting HTTP/1.0 200 - python-swiftclient-3.11.1 gAAAAABpgSaZAKP7... - 2 - txca8a8b7afd0e401fb1d80-0069812731 - 0.0247 - - 1770071857.432006359 1770071857.456737518 0
Feb 2 22:37:37 standalone object-server[128972]: 172.20.0.100 - - [02/Feb/2026:22:37:37 +0000] "GET /d1/882/AUTH_7df9793668ed44d695a92489552e5f5c/gnocchi.865ddcdd-004f-4807-a120-a525fcefa767/1769040000.0_mean_300.0_v3" 404 70 "GET http://172.18.0.2:8080/v1/AUTH_7df9793668ed44d695a92489552e5f5c/gnocchi.865ddcdd-004f-4807-a120-a525fcefa767/1769040000.0_mean_300.0_v3" "tx43f265ca91624736a9e78-0069812731" "proxy-server 20" 0.0005 "-" 24 0
Feb 2 22:37:37 standalone proxy-server[131026]: 172.18.0.2 172.18.0.100 02/Feb/2026/22/37/37 GET /v1/AUTH_7df9793668ed44d695a92489552e5f5c/gnocchi.865ddcdd-004f-4807-a120-a525fcefa767/1769040000.0_mean_300.0_v3 HTTP/1.0 404 - python-swiftclient-3.11.1 gAAAAABpgSaZAKP7... - 70 - tx43f265ca91624736a9e78-0069812731 - 0.0080 - - 1770071857.466521502 1770071857.474513292 0
Feb 2 22:37:37 standalone container-server[128808]: 172.20.0.100 - - [02/Feb/2026:22:37:37 +0000] "PUT /d1/235/AUTH_7df9793668ed44d695a92489552e5f5c/gnocchi.865ddcdd-004f-4807-a120-a525fcefa767/1769040000.0_mean_300.0_v3" 201 - "PUT http://172.18.0.2:8080/d1/882/AUTH_7df9793668ed44d695a92489552e5f5c/gnocchi.865ddcdd-004f-4807-a120-a525fcefa767/1769040000.0_mean_300.0_v3" "tx31b811f1ee6241e7be8fa-0069812731" "object-server 24" 0.0005 "-" 14 0
Feb 2 22:37:37 standalone object-server[128972]: 172.20.0.100 - - [02/Feb/2026:22:37:37 +0000] "PUT /d1/882/AUTH_7df9793668ed44d695a92489552e5f5c/gnocchi.865ddcdd-004f-4807-a120-a525fcefa767/1769040000.0_mean_300.0_v3" 201 - "PUT http://172.18.0.2:8080/v1/AUTH_7df9793668ed44d695a92489552e5f5c/gnocchi.865ddcdd-004f-4807-a120-a525fcefa767/1769040000.0_mean_300.0_v3" "tx31b811f1ee6241e7be8fa-0069812731" "proxy-server 20" 0.0435 "-" 24 0
Feb 2 22:37:37 standalone proxy-server[131026]: 172.18.0.2 172.18.0.100 02/Feb/2026/22/37/37 PUT /v1/AUTH_7df9793668ed44d695a92489552e5f5c/gnocchi.865ddcdd-004f-4807-a120-a525fcefa767/1769040000.0_mean_300.0_v3 HTTP/1.0 201 - python-swiftclient-3.11.1 gAAAAABpgSaZAKP7... 16 - - tx31b811f1ee6241e7be8fa-0069812731 - 0.0511 - - 1770071857.479406118 1770071857.530480146 0
Feb 2 22:37:37 standalone container-server[128809]: 172.20.0.100 - - [02/Feb/2026:22:37:37 +0000] "PUT /d1/235/AUTH_7df9793668ed44d695a92489552e5f5c/gnocchi.865ddcdd-004f-4807-a120-a525fcefa767/none_v3" 201 - "PUT http://172.18.0.2:8080/d1/717/AUTH_7df9793668ed44d695a92489552e5f5c/gnocchi.865ddcdd-004f-4807-a120-a525fcefa767/none_v3" "txa2ba81a160424ffc82ae5-0069812731" "object-server 22" 0.0009 "-" 15 0
Feb 2 22:37:37 standalone object-server[128969]: 172.20.0.100 - - [02/Feb/2026:22:37:37 +0000] "PUT /d1/717/AUTH_7df9793668ed44d695a92489552e5f5c/gnocchi.865ddcdd-004f-4807-a120-a525fcefa767/none_v3" 201 - "PUT http://172.18.0.2:8080/v1/AUTH_7df9793668ed44d695a92489552e5f5c/gnocchi.865ddcdd-004f-4807-a120-a525fcefa767/none_v3" "txa2ba81a160424ffc82ae5-0069812731" "proxy-server 20" 0.0143 "-" 22 0
Feb 2 22:37:37 standalone proxy-server[131026]: 172.18.0.2 172.18.0.100 02/Feb/2026/22/37/37 PUT /v1/AUTH_7df9793668ed44d695a92489552e5f5c/gnocchi.865ddcdd-004f-4807-a120-a525fcefa767/none_v3 HTTP/1.0 201 - python-swiftclient-3.11.1 gAAAAABpgSaZAKP7... 22 - - txa2ba81a160424ffc82ae5-0069812731 - 0.0261 - - 1770071857.535457850 1770071857.561568022 0
Feb 2 22:37:37 standalone container-server[128811]: 172.20.0.100 - - [02/Feb/2026:22:37:37 +0000] "HEAD /d1/952/AUTH_7df9793668ed44d695a92489552e5f5c/gnocchi.eef47c56-f8ec-4bc5-929d-76281ec88545" 404 - "HEAD http://172.18.0.2:8080/v1/AUTH_7df9793668ed44d695a92489552e5f5c/gnocchi.eef47c56-f8ec-4bc5-929d-76281ec88545?format=json&states=listing" "txe2132aaedf8f4a62ae23b-0069812731" "proxy-server 20" 0.0008 "-" 16 0
Feb 2 22:37:37 standalone object-server[128968]: 172.20.0.100 - - [02/Feb/2026:22:37:37 +0000] "GET /d1/685/AUTH_7df9793668ed44d695a92489552e5f5c/gnocchi.eef47c56-f8ec-4bc5-929d-76281ec88545/none_v3" 404 70 "GET http://172.18.0.2:8080/v1/AUTH_7df9793668ed44d695a92489552e5f5c/gnocchi.eef47c56-f8ec-4bc5-929d-76281ec88545/none_v3" "txe2132aaedf8f4a62ae23b-0069812731" "proxy-server 20" 0.0008 "-" 21 0
Feb 2 22:37:37 standalone proxy-server[131026]: 172.18.0.2 172.18.0.100 02/Feb/2026/22/37/37 GET /v1/AUTH_7df9793668ed44d695a92489552e5f5c/gnocchi.eef47c56-f8ec-4bc5-929d-76281ec88545/none_v3 HTTP/1.0 404 - python-swiftclient-3.11.1 gAAAAABpgSaZAKP7... - 70 - txe2132aaedf8f4a62ae23b-0069812731 - 0.0172 - - 1770071857.579235077 1770071857.596389771 0
Feb 2 22:37:37 standalone account-server[128795]: 172.20.0.100 - - [02/Feb/2026:22:37:37 +0000] "PUT /d1/643/AUTH_7df9793668ed44d695a92489552e5f5c/gnocchi.eef47c56-f8ec-4bc5-929d-76281ec88545" 201 - "PUT http://172.20.0.100:6001/d1/952/AUTH_7df9793668ed44d695a92489552e5f5c/gnocchi.eef47c56-f8ec-4bc5-929d-76281ec88545" "txbb45e2df03fb4411aaa66-0069812731" "container-server 15" 0.0065 "-" 22 0
Feb 2 22:37:37 standalone container-server[128809]: 172.20.0.100 - - [02/Feb/2026:22:37:37 +0000] "PUT /d1/952/AUTH_7df9793668ed44d695a92489552e5f5c/gnocchi.eef47c56-f8ec-4bc5-929d-76281ec88545" 201 - "PUT http://172.18.0.2:8080/v1/AUTH_7df9793668ed44d695a92489552e5f5c/gnocchi.eef47c56-f8ec-4bc5-929d-76281ec88545" "txbb45e2df03fb4411aaa66-0069812731" "proxy-server 20" 0.0223 "-" 15 0
Feb 2 22:37:37 standalone proxy-server[131026]: 172.18.0.2 172.18.0.100 02/Feb/2026/22/37/37 PUT /v1/AUTH_7df9793668ed44d695a92489552e5f5c/gnocchi.eef47c56-f8ec-4bc5-929d-76281ec88545 HTTP/1.0 201 - python-swiftclient-3.11.1 gAAAAABpgSaZAKP7... - - - txbb45e2df03fb4411aaa66-0069812731 - 0.0296 - - 1770071857.601342916 1770071857.630965233 0
Feb 2 22:37:37 standalone container-server[128816]: 172.20.0.100 - - [02/Feb/2026:22:37:37 +0000] "HEAD /d1/952/AUTH_7df9793668ed44d695a92489552e5f5c/gnocchi.eef47c56-f8ec-4bc5-929d-76281ec88545" 204 - "HEAD http://172.18.0.2:8080/v1/AUTH_7df9793668ed44d695a92489552e5f5c/gnocchi.eef47c56-f8ec-4bc5-929d-76281ec88545?format=json&states=listing" "txcf93a83da95c46e7b58b7-0069812731" "proxy-server 20" 0.0030 "-" 17 0
Feb 2 22:37:37 standalone proxy-server[131026]: - - 02/Feb/2026/22/37/37 HEAD /v1/AUTH_7df9793668ed44d695a92489552e5f5c/gnocchi.eef47c56-f8ec-4bc5-929d-76281ec88545%3Fformat%3Djson%26states%3Dlisting HTTP/1.0 204 - Swift - - - - txcf93a83da95c46e7b58b7-0069812731 - 0.0098 RL - 1770071857.637634039 1770071857.647414446 0
Feb 2 22:37:37 standalone container-server[128816]: 172.20.0.100 - - [02/Feb/2026:22:37:37 +0000] "GET /d1/952/AUTH_7df9793668ed44d695a92489552e5f5c/gnocchi.eef47c56-f8ec-4bc5-929d-76281ec88545" 200 2 "GET http://172.18.0.2:8080/v1/AUTH_7df9793668ed44d695a92489552e5f5c/gnocchi.eef47c56-f8ec-4bc5-929d-76281ec88545?format=json&states=listing" "txcf93a83da95c46e7b58b7-0069812731" "proxy-server 20" 0.0043 "-" 17 0
Feb 2 22:37:37 standalone proxy-server[131026]: 172.18.0.2 172.18.0.100 02/Feb/2026/22/37/37 GET /v1/AUTH_7df9793668ed44d695a92489552e5f5c/gnocchi.eef47c56-f8ec-4bc5-929d-76281ec88545%3Fformat%3Djson%26states%3Dlisting HTTP/1.0 200 - python-swiftclient-3.11.1 gAAAAABpgSaZAKP7... - 2 - txcf93a83da95c46e7b58b7-0069812731 - 0.0230 - - 1770071857.636044502 1770071857.659078598 0
Feb 2 22:37:37 standalone object-server[128973]: 172.20.0.100 - - [02/Feb/2026:22:37:37 +0000] "GET /d1/591/AUTH_7df9793668ed44d695a92489552e5f5c/gnocchi.eef47c56-f8ec-4bc5-929d-76281ec88545/1769040000.0_mean_300.0_v3" 404 70 "GET http://172.18.0.2:8080/v1/AUTH_7df9793668ed44d695a92489552e5f5c/gnocchi.eef47c56-f8ec-4bc5-929d-76281ec88545/1769040000.0_mean_300.0_v3" "tx7f51169e657d4440a1d26-0069812731" "proxy-server 20" 0.0005 "-" 25 0
Feb 2 22:37:37 standalone proxy-server[131026]: 172.18.0.2 172.18.0.100 02/Feb/2026/22/37/37 GET /v1/AUTH_7df9793668ed44d695a92489552e5f5c/gnocchi.eef47c56-f8ec-4bc5-929d-76281ec88545/1769040000.0_mean_300.0_v3 HTTP/1.0 404 - python-swiftclient-3.11.1 gAAAAABpgSaZAKP7... - 70 - tx7f51169e657d4440a1d26-0069812731 - 0.0055 - - 1770071857.666265965 1770071857.671747446 0
Feb 2 22:37:37 standalone container-server[128808]: 172.20.0.100 - - [02/Feb/2026:22:37:37 +0000] "PUT /d1/952/AUTH_7df9793668ed44d695a92489552e5f5c/gnocchi.eef47c56-f8ec-4bc5-929d-76281ec88545/1769040000.0_mean_300.0_v3" 201 - "PUT http://172.18.0.2:8080/d1/591/AUTH_7df9793668ed44d695a92489552e5f5c/gnocchi.eef47c56-f8ec-4bc5-929d-76281ec88545/1769040000.0_mean_300.0_v3" "tx034096b9db49454d86654-0069812731" "object-server 25" 0.0007 "-" 14 0
Feb 2 22:37:37 standalone object-server[128973]: 172.20.0.100 - - [02/Feb/2026:22:37:37 +0000] "PUT /d1/591/AUTH_7df9793668ed44d695a92489552e5f5c/gnocchi.eef47c56-f8ec-4bc5-929d-76281ec88545/1769040000.0_mean_300.0_v3" 201 - "PUT http://172.18.0.2:8080/v1/AUTH_7df9793668ed44d695a92489552e5f5c/gnocchi.eef47c56-f8ec-4bc5-929d-76281ec88545/1769040000.0_mean_300.0_v3" "tx034096b9db49454d86654-0069812731" "proxy-server 20" 0.0139 "-" 25 0
Feb 2 22:37:37 standalone proxy-server[131026]: 172.18.0.2 172.18.0.100 02/Feb/2026/22/37/37 PUT /v1/AUTH_7df9793668ed44d695a92489552e5f5c/gnocchi.eef47c56-f8ec-4bc5-929d-76281ec88545/1769040000.0_mean_300.0_v3 HTTP/1.0 201 - python-swiftclient-3.11.1 gAAAAABpgSaZAKP7... 16 - - tx034096b9db49454d86654-0069812731 - 0.0184 - - 1770071857.675278425 1770071857.693631887 0
Feb 2 22:37:37 standalone container-server[128809]: 172.20.0.100 - - [02/Feb/2026:22:37:37 +0000] "PUT /d1/952/AUTH_7df9793668ed44d695a92489552e5f5c/gnocchi.eef47c56-f8ec-4bc5-929d-76281ec88545/none_v3" 201 - "PUT http://172.18.0.2:8080/d1/685/AUTH_7df9793668ed44d695a92489552e5f5c/gnocchi.eef47c56-f8ec-4bc5-929d-76281ec88545/none_v3" "txf89eb8645fbe43f48e2e1-0069812731" "object-server 24" 0.0010 "-" 15 0
Feb 2 22:37:37 standalone object-server[128972]: 172.20.0.100 - - [02/Feb/2026:22:37:37 +0000] "PUT /d1/685/AUTH_7df9793668ed44d695a92489552e5f5c/gnocchi.eef47c56-f8ec-4bc5-929d-76281ec88545/none_v3" 201 - "PUT http://172.18.0.2:8080/v1/AUTH_7df9793668ed44d695a92489552e5f5c/gnocchi.eef47c56-f8ec-4bc5-929d-76281ec88545/none_v3" "txf89eb8645fbe43f48e2e1-0069812731" "proxy-server 20" 0.0118 "-" 24 0
Feb 2 22:37:37 standalone proxy-server[131026]: 172.18.0.2 172.18.0.100 02/Feb/2026/22/37/37 PUT /v1/AUTH_7df9793668ed44d695a92489552e5f5c/gnocchi.eef47c56-f8ec-4bc5-929d-76281ec88545/none_v3 HTTP/1.0 201 - python-swiftclient-3.11.1 gAAAAABpgSaZAKP7... 22 - - txf89eb8645fbe43f48e2e1-0069812731 - 0.0194 - - 1770071857.697296858 1770071857.716677189 0
Feb 2 22:37:37 standalone container-server[128816]: 172.20.0.100 - - [02/Feb/2026:22:37:37 +0000] "HEAD /d1/609/AUTH_7df9793668ed44d695a92489552e5f5c/gnocchi.08117896-370c-45a7-9a3c-dcacdb103ed4" 404 - "HEAD http://172.18.0.2:8080/v1/AUTH_7df9793668ed44d695a92489552e5f5c/gnocchi.08117896-370c-45a7-9a3c-dcacdb103ed4?format=json&states=listing" "tx297167c2e1ba4e60ad171-0069812731" "proxy-server 20" 0.0010 "-" 17 0
Feb 2 22:37:37 standalone object-server[128968]: 172.20.0.100 - - [02/Feb/2026:22:37:37 +0000] "GET /d1/390/AUTH_7df9793668ed44d695a92489552e5f5c/gnocchi.08117896-370c-45a7-9a3c-dcacdb103ed4/none_v3" 404 70 "GET http://172.18.0.2:8080/v1/AUTH_7df9793668ed44d695a92489552e5f5c/gnocchi.08117896-370c-45a7-9a3c-dcacdb103ed4/none_v3" "tx297167c2e1ba4e60ad171-0069812731" "proxy-server 20" 0.0005 "-" 21 0
Feb 2 22:37:37 standalone proxy-server[131026]: 172.18.0.2 172.18.0.100 02/Feb/2026/22/37/37 GET /v1/AUTH_7df9793668ed44d695a92489552e5f5c/gnocchi.08117896-370c-45a7-9a3c-dcacdb103ed4/none_v3 HTTP/1.0 404 - python-swiftclient-3.11.1 gAAAAABpgSaZAKP7... - 70 - tx297167c2e1ba4e60ad171-0069812731 - 0.0094 - - 1770071857.729023933 1770071857.738378048 0
Feb 2 22:37:37 standalone account-server[128794]: 172.20.0.100 - - [02/Feb/2026:22:37:37 +0000] "PUT /d1/643/AUTH_7df9793668ed44d695a92489552e5f5c/gnocchi.08117896-370c-45a7-9a3c-dcacdb103ed4" 201 - "PUT http://172.20.0.100:6001/d1/609/AUTH_7df9793668ed44d695a92489552e5f5c/gnocchi.08117896-370c-45a7-9a3c-dcacdb103ed4" "tx480fdbcce1e6477cb7654-0069812731" "container-server 15" 0.0070 "-" 21 0
Feb 2 22:37:37 standalone container-server[128809]: 172.20.0.100 - - [02/Feb/2026:22:37:37 +0000] "PUT /d1/609/AUTH_7df9793668ed44d695a92489552e5f5c/gnocchi.08117896-370c-45a7-9a3c-dcacdb103ed4" 201 - "PUT http://172.18.0.2:8080/v1/AUTH_7df9793668ed44d695a92489552e5f5c/gnocchi.08117896-370c-45a7-9a3c-dcacdb103ed4" "tx480fdbcce1e6477cb7654-0069812731" "proxy-server 20" 0.0206 "-" 15 0
Feb 2 22:37:37 standalone proxy-server[131026]: 172.18.0.2 172.18.0.100 02/Feb/2026/22/37/37 PUT /v1/AUTH_7df9793668ed44d695a92489552e5f5c/gnocchi.08117896-370c-45a7-9a3c-dcacdb103ed4 HTTP/1.0 201 - python-swiftclient-3.11.1 gAAAAABpgSaZAKP7... - - - tx480fdbcce1e6477cb7654-0069812731 - 0.0253 - - 1770071857.741625071 1770071857.766945362 0
Feb 2 22:37:37 standalone container-server[128811]: 172.20.0.100 - - [02/Feb/2026:22:37:37 +0000] "HEAD /d1/609/AUTH_7df9793668ed44d695a92489552e5f5c/gnocchi.08117896-370c-45a7-9a3c-dcacdb103ed4" 204 - "HEAD http://172.18.0.2:8080/v1/AUTH_7df9793668ed44d695a92489552e5f5c/gnocchi.08117896-370c-45a7-9a3c-dcacdb103ed4?format=json&states=listing" "tx99d8fd6649664650a4401-0069812731" "proxy-server 20" 0.0024 "-" 16 0
Feb 2 22:37:37 standalone proxy-server[131026]: - - 02/Feb/2026/22/37/37 HEAD /v1/AUTH_7df9793668ed44d695a92489552e5f5c/gnocchi.08117896-370c-45a7-9a3c-dcacdb103ed4%3Fformat%3Djson%26states%3Dlisting HTTP/1.0 204 - Swift - - - - tx99d8fd6649664650a4401-0069812731 - 0.0061 RL - 1770071857.773666143 1770071857.779791832 0
Feb 2 22:37:37 standalone container-server[128816]: 172.20.0.100 - - [02/Feb/2026:22:37:37 +0000] "GET /d1/609/AUTH_7df9793668ed44d695a92489552e5f5c/gnocchi.08117896-370c-45a7-9a3c-dcacdb103ed4" 200 2 "GET http://172.18.0.2:8080/v1/AUTH_7df9793668ed44d695a92489552e5f5c/gnocchi.08117896-370c-45a7-9a3c-dcacdb103ed4?format=json&states=listing" "tx99d8fd6649664650a4401-0069812731" "proxy-server 20" 0.0052 "-" 17 0
Feb 2 22:37:37 standalone proxy-server[131026]: 172.18.0.2 172.18.0.100 02/Feb/2026/22/37/37 GET /v1/AUTH_7df9793668ed44d695a92489552e5f5c/gnocchi.08117896-370c-45a7-9a3c-dcacdb103ed4%3Fformat%3Djson%26states%3Dlisting HTTP/1.0 200 - python-swiftclient-3.11.1 gAAAAABpgSaZAKP7... - 2 - tx99d8fd6649664650a4401-0069812731 - 0.0188 - - 1770071857.772537231 1770071857.791347504 0
Feb 2 22:37:37 standalone object-server[128973]: 172.20.0.100 - - [02/Feb/2026:22:37:37 +0000] "GET /d1/517/AUTH_7df9793668ed44d695a92489552e5f5c/gnocchi.08117896-370c-45a7-9a3c-dcacdb103ed4/1769040000.0_mean_300.0_v3" 404 70 "GET http://172.18.0.2:8080/v1/AUTH_7df9793668ed44d695a92489552e5f5c/gnocchi.08117896-370c-45a7-9a3c-dcacdb103ed4/1769040000.0_mean_300.0_v3" "tx26cb868bbd364a9e92248-0069812731" "proxy-server 20" 0.0004 "-" 25 0
Feb 2 22:37:37 standalone proxy-server[131026]: 172.18.0.2 172.18.0.100 02/Feb/2026/22/37/37 GET /v1/AUTH_7df9793668ed44d695a92489552e5f5c/gnocchi.08117896-370c-45a7-9a3c-dcacdb103ed4/1769040000.0_mean_300.0_v3 HTTP/1.0 404 - python-swiftclient-3.11.1 gAAAAABpgSaZAKP7... - 70 - tx26cb868bbd364a9e92248-0069812731 - 0.0052 - - 1770071857.796211958 1770071857.801383734 0
Feb 2 22:37:37 standalone container-server[128808]: 172.20.0.100 - - [02/Feb/2026:22:37:37 +0000] "PUT /d1/609/AUTH_7df9793668ed44d695a92489552e5f5c/gnocchi.08117896-370c-45a7-9a3c-dcacdb103ed4/1769040000.0_mean_300.0_v3" 201 - "PUT http://172.18.0.2:8080/d1/517/AUTH_7df9793668ed44d695a92489552e5f5c/gnocchi.08117896-370c-45a7-9a3c-dcacdb103ed4/1769040000.0_mean_300.0_v3" "tx6c7ccdde0b0f4c2398523-0069812731" "object-server 22" 0.0006 "-" 14 0
Feb 2 22:37:37 standalone object-server[128969]: 172.20.0.100 - - [02/Feb/2026:22:37:37 +0000] "PUT /d1/517/AUTH_7df9793668ed44d695a92489552e5f5c/gnocchi.08117896-370c-45a7-9a3c-dcacdb103ed4/1769040000.0_mean_300.0_v3" 201 - "PUT http://172.18.0.2:8080/v1/AUTH_7df9793668ed44d695a92489552e5f5c/gnocchi.08117896-370c-45a7-9a3c-dcacdb103ed4/1769040000.0_mean_300.0_v3" "tx6c7ccdde0b0f4c2398523-0069812731" "proxy-server 20" 0.0113 "-" 22 0
Feb 2 22:37:37 standalone proxy-server[131026]: 172.18.0.2 172.18.0.100 02/Feb/2026/22/37/37 PUT /v1/AUTH_7df9793668ed44d695a92489552e5f5c/gnocchi.08117896-370c-45a7-9a3c-dcacdb103ed4/1769040000.0_mean_300.0_v3 HTTP/1.0 201 - python-swiftclient-3.11.1 gAAAAABpgSaZAKP7... 16 - - tx6c7ccdde0b0f4c2398523-0069812731 - 0.0169 - - 1770071857.805269241 1770071857.822166443 0
Feb 2 22:37:37 standalone container-server[128816]: 172.20.0.100 - - [02/Feb/2026:22:37:37 +0000] "PUT /d1/609/AUTH_7df9793668ed44d695a92489552e5f5c/gnocchi.08117896-370c-45a7-9a3c-dcacdb103ed4/none_v3" 201 - "PUT http://172.18.0.2:8080/d1/390/AUTH_7df9793668ed44d695a92489552e5f5c/gnocchi.08117896-370c-45a7-9a3c-dcacdb103ed4/none_v3" "tx4e02df8a26a04fc2bcc15-0069812731" "object-server 25" 0.0009 "-" 17 0
Feb 2 22:37:37 standalone object-server[128973]: 172.20.0.100 - - [02/Feb/2026:22:37:37 +0000] "PUT /d1/390/AUTH_7df9793668ed44d695a92489552e5f5c/gnocchi.08117896-370c-45a7-9a3c-dcacdb103ed4/none_v3" 201 - "PUT http://172.18.0.2:8080/v1/AUTH_7df9793668ed44d695a92489552e5f5c/gnocchi.08117896-370c-45a7-9a3c-dcacdb103ed4/none_v3" "tx4e02df8a26a04fc2bcc15-0069812731" "proxy-server 20" 0.0124 "-" 25 0
Feb 2 22:37:37 standalone proxy-server[131026]: 172.18.0.2 172.18.0.100 02/Feb/2026/22/37/37 PUT /v1/AUTH_7df9793668ed44d695a92489552e5f5c/gnocchi.08117896-370c-45a7-9a3c-dcacdb103ed4/none_v3 HTTP/1.0 201 - python-swiftclient-3.11.1 gAAAAABpgSaZAKP7... 22 - - tx4e02df8a26a04fc2bcc15-0069812731 - 0.0188 - - 1770071857.826644421 1770071857.845473051 0
Feb 2 22:37:37 standalone container-server[128808]: 172.20.0.100 - - [02/Feb/2026:22:37:37 +0000] "HEAD /d1/759/AUTH_7df9793668ed44d695a92489552e5f5c/gnocchi.512dae1e-1f1b-4454-8ef4-c36277ca3ae1" 404 - "HEAD http://172.18.0.2:8080/v1/AUTH_7df9793668ed44d695a92489552e5f5c/gnocchi.512dae1e-1f1b-4454-8ef4-c36277ca3ae1?format=json&states=listing" "txeacaf1c6346f4442b1439-0069812731" "proxy-server 20" 0.0004 "-" 14 0
Feb 2 22:37:37 standalone object-server[128968]: 172.20.0.100 - - [02/Feb/2026:22:37:37 +0000] "GET /d1/767/AUTH_7df9793668ed44d695a92489552e5f5c/gnocchi.512dae1e-1f1b-4454-8ef4-c36277ca3ae1/none_v3" 404 70 "GET http://172.18.0.2:8080/v1/AUTH_7df9793668ed44d695a92489552e5f5c/gnocchi.512dae1e-1f1b-4454-8ef4-c36277ca3ae1/none_v3" "txeacaf1c6346f4442b1439-0069812731" "proxy-server 20" 0.0004 "-" 21 0
Feb 2 22:37:37 standalone proxy-server[131026]: 172.18.0.2 172.18.0.100 02/Feb/2026/22/37/37 GET /v1/AUTH_7df9793668ed44d695a92489552e5f5c/gnocchi.512dae1e-1f1b-4454-8ef4-c36277ca3ae1/none_v3 HTTP/1.0 404 - python-swiftclient-3.11.1 gAAAAABpgSaZAKP7... - 70 - txeacaf1c6346f4442b1439-0069812731 - 0.0137 - - 1770071857.862112999 1770071857.875810146 0
Feb 2 22:37:37 standalone account-server[128797]: 172.20.0.100 - - [02/Feb/2026:22:37:37 +0000] "PUT /d1/643/AUTH_7df9793668ed44d695a92489552e5f5c/gnocchi.512dae1e-1f1b-4454-8ef4-c36277ca3ae1" 201 - "PUT http://172.20.0.100:6001/d1/759/AUTH_7df9793668ed44d695a92489552e5f5c/gnocchi.512dae1e-1f1b-4454-8ef4-c36277ca3ae1" "txa4a9c6efb5184950b59e4-0069812731" "container-server 15" 0.0059 "-" 23 0
Feb 2 22:37:37 standalone container-server[128809]: 172.20.0.100 - - [02/Feb/2026:22:37:37 +0000] "PUT /d1/759/AUTH_7df9793668ed44d695a92489552e5f5c/gnocchi.512dae1e-1f1b-4454-8ef4-c36277ca3ae1" 201 - "PUT http://172.18.0.2:8080/v1/AUTH_7df9793668ed44d695a92489552e5f5c/gnocchi.512dae1e-1f1b-4454-8ef4-c36277ca3ae1" "txa4a9c6efb5184950b59e4-0069812731" "proxy-server 20" 0.0203 "-" 15 0
Feb 2 22:37:37 standalone proxy-server[131026]: 172.18.0.2 172.18.0.100 02/Feb/2026/22/37/37 PUT /v1/AUTH_7df9793668ed44d695a92489552e5f5c/gnocchi.512dae1e-1f1b-4454-8ef4-c36277ca3ae1 HTTP/1.0 201 - python-swiftclient-3.11.1 gAAAAABpgSaZAKP7... - - - txa4a9c6efb5184950b59e4-0069812731 - 0.0292 - - 1770071857.880097389 1770071857.909250021 0
Feb 2 22:37:37 standalone container-server[128816]: 172.20.0.100 - - [02/Feb/2026:22:37:37 +0000] "HEAD /d1/759/AUTH_7df9793668ed44d695a92489552e5f5c/gnocchi.512dae1e-1f1b-4454-8ef4-c36277ca3ae1" 204 - "HEAD http://172.18.0.2:8080/v1/AUTH_7df9793668ed44d695a92489552e5f5c/gnocchi.512dae1e-1f1b-4454-8ef4-c36277ca3ae1?format=json&states=listing" "txb1bd9076740c42c186781-0069812731" "proxy-server 20" 0.0013 "-" 17 0
Feb 2 22:37:37 standalone proxy-server[131026]: - - 02/Feb/2026/22/37/37 HEAD /v1/AUTH_7df9793668ed44d695a92489552e5f5c/gnocchi.512dae1e-1f1b-4454-8ef4-c36277ca3ae1%3Fformat%3Djson%26states%3Dlisting HTTP/1.0 204 - Swift - - - - txb1bd9076740c42c186781-0069812731 - 0.0071 RL - 1770071857.916518450 1770071857.923577785 0
Feb 2 22:37:37 standalone container-server[128811]: 172.20.0.100 - - [02/Feb/2026:22:37:37 +0000] "GET /d1/759/AUTH_7df9793668ed44d695a92489552e5f5c/gnocchi.512dae1e-1f1b-4454-8ef4-c36277ca3ae1" 200 2 "GET http://172.18.0.2:8080/v1/AUTH_7df9793668ed44d695a92489552e5f5c/gnocchi.512dae1e-1f1b-4454-8ef4-c36277ca3ae1?format=json&states=listing" "txb1bd9076740c42c186781-0069812731" "proxy-server 20" 0.0017 "-" 16 0
Feb 2 22:37:37 standalone proxy-server[131026]: 172.18.0.2 172.18.0.100 02/Feb/2026/22/37/37 GET /v1/AUTH_7df9793668ed44d695a92489552e5f5c/gnocchi.512dae1e-1f1b-4454-8ef4-c36277ca3ae1%3Fformat%3Djson%26states%3Dlisting HTTP/1.0 200 - python-swiftclient-3.11.1 gAAAAABpgSaZAKP7... - 2 - txb1bd9076740c42c186781-0069812731 - 0.0231 - - 1770071857.913609505 1770071857.936693430 0
Feb 2 22:37:37 standalone object-server[128973]: 172.20.0.100 - - [02/Feb/2026:22:37:37 +0000] "GET /d1/792/AUTH_7df9793668ed44d695a92489552e5f5c/gnocchi.512dae1e-1f1b-4454-8ef4-c36277ca3ae1/1769040000.0_mean_300.0_v3" 404 70 "GET http://172.18.0.2:8080/v1/AUTH_7df9793668ed44d695a92489552e5f5c/gnocchi.512dae1e-1f1b-4454-8ef4-c36277ca3ae1/1769040000.0_mean_300.0_v3" "tx674a308c1a074d6596879-0069812731" "proxy-server 20" 0.0003 "-" 25 0
Feb 2 22:37:37 standalone proxy-server[131026]: 172.18.0.2 172.18.0.100 02/Feb/2026/22/37/37 GET /v1/AUTH_7df9793668ed44d695a92489552e5f5c/gnocchi.512dae1e-1f1b-4454-8ef4-c36277ca3ae1/1769040000.0_mean_300.0_v3 HTTP/1.0 404 - python-swiftclient-3.11.1 gAAAAABpgSaZAKP7... - 70 - tx674a308c1a074d6596879-0069812731 - 0.0090 - - 1770071857.942841768 1770071857.951813698 0
Feb 2 22:37:37 standalone container-server[128816]: 172.20.0.100 - - [02/Feb/2026:22:37:37 +0000] "PUT /d1/759/AUTH_7df9793668ed44d695a92489552e5f5c/gnocchi.512dae1e-1f1b-4454-8ef4-c36277ca3ae1/1769040000.0_mean_300.0_v3" 201 - "PUT http://172.18.0.2:8080/d1/792/AUTH_7df9793668ed44d695a92489552e5f5c/gnocchi.512dae1e-1f1b-4454-8ef4-c36277ca3ae1/1769040000.0_mean_300.0_v3" "tx35077157f2454054ae7d4-0069812731" "object-server 21" 0.0006 "-" 17 0
Feb 2 22:37:37 standalone object-server[128968]: 172.20.0.100 - - [02/Feb/2026:22:37:37 +0000] "PUT /d1/792/AUTH_7df9793668ed44d695a92489552e5f5c/gnocchi.512dae1e-1f1b-4454-8ef4-c36277ca3ae1/1769040000.0_mean_300.0_v3" 201 - "PUT http://172.18.0.2:8080/v1/AUTH_7df9793668ed44d695a92489552e5f5c/gnocchi.512dae1e-1f1b-4454-8ef4-c36277ca3ae1/1769040000.0_mean_300.0_v3" "tx35077157f2454054ae7d4-0069812731" "proxy-server 20" 0.0200 "-" 21 0
Feb 2 22:37:37 standalone proxy-server[131026]: 172.18.0.2 172.18.0.100 02/Feb/2026/22/37/37 PUT /v1/AUTH_7df9793668ed44d695a92489552e5f5c/gnocchi.512dae1e-1f1b-4454-8ef4-c36277ca3ae1/1769040000.0_mean_300.0_v3 HTTP/1.0 201 - python-swiftclient-3.11.1 gAAAAABpgSaZAKP7... 16 - - tx35077157f2454054ae7d4-0069812731 - 0.0301 - - 1770071857.955600739 1770071857.985698223 0
Feb 2 22:37:38 standalone container-server[128808]: 172.20.0.100 - - [02/Feb/2026:22:37:38 +0000] "PUT /d1/759/AUTH_7df9793668ed44d695a92489552e5f5c/gnocchi.512dae1e-1f1b-4454-8ef4-c36277ca3ae1/none_v3" 201 - "PUT http://172.18.0.2:8080/d1/767/AUTH_7df9793668ed44d695a92489552e5f5c/gnocchi.512dae1e-1f1b-4454-8ef4-c36277ca3ae1/none_v3" "tx523f2dd192244638a6a13-0069812731" "object-server 22" 0.0005 "-" 14 0
Feb 2 22:37:38 standalone object-server[128969]: 172.20.0.100 - - [02/Feb/2026:22:37:38 +0000] "PUT /d1/767/AUTH_7df9793668ed44d695a92489552e5f5c/gnocchi.512dae1e-1f1b-4454-8ef4-c36277ca3ae1/none_v3" 201 - "PUT http://172.18.0.2:8080/v1/AUTH_7df9793668ed44d695a92489552e5f5c/gnocchi.512dae1e-1f1b-4454-8ef4-c36277ca3ae1/none_v3" "tx523f2dd192244638a6a13-0069812731" "proxy-server 20" 0.0123 "-" 22 0
Feb 2 22:37:38 standalone proxy-server[131026]: 172.18.0.2 172.18.0.100 02/Feb/2026/22/37/38 PUT /v1/AUTH_7df9793668ed44d695a92489552e5f5c/gnocchi.512dae1e-1f1b-4454-8ef4-c36277ca3ae1/none_v3 HTTP/1.0 201 - python-swiftclient-3.11.1 gAAAAABpgSaZAKP7... 22 - - tx523f2dd192244638a6a13-0069812731 - 0.0232 - - 1770071857.990315437 1770071858.013513565 0
Feb 2 22:37:38 standalone container-server[128816]: 172.20.0.100 - - [02/Feb/2026:22:37:38 +0000] "HEAD /d1/297/AUTH_7df9793668ed44d695a92489552e5f5c/gnocchi.ee21f454-3b01-477c-ae7d-8abc00fc4b59" 404 - "HEAD http://172.18.0.2:8080/v1/AUTH_7df9793668ed44d695a92489552e5f5c/gnocchi.ee21f454-3b01-477c-ae7d-8abc00fc4b59?format=json&states=listing" "tx50fdcbb9ad1f4a87879e2-0069812732" "proxy-server 20" 0.0004 "-" 17 0
Feb 2 22:37:38 standalone object-server[128969]: 172.20.0.100 - - [02/Feb/2026:22:37:38 +0000] "GET /d1/739/AUTH_7df9793668ed44d695a92489552e5f5c/gnocchi.ee21f454-3b01-477c-ae7d-8abc00fc4b59/none_v3" 404 70 "GET http://172.18.0.2:8080/v1/AUTH_7df9793668ed44d695a92489552e5f5c/gnocchi.ee21f454-3b01-477c-ae7d-8abc00fc4b59/none_v3" "tx50fdcbb9ad1f4a87879e2-0069812732" "proxy-server 20" 0.0016 "-" 22 0
Feb 2 22:37:38 standalone proxy-server[131026]: 172.18.0.2 172.18.0.100 02/Feb/2026/22/37/38 GET /v1/AUTH_7df9793668ed44d695a92489552e5f5c/gnocchi.ee21f454-3b01-477c-ae7d-8abc00fc4b59/none_v3 HTTP/1.0 404 - python-swiftclient-3.11.1 gAAAAABpgSaZAKP7... - 70 - tx50fdcbb9ad1f4a87879e2-0069812732 - 0.0222 - - 1770071858.030654192 1770071858.052882195 0
Feb 2 22:37:38 standalone account-server[128794]: 172.20.0.100 - - [02/Feb/2026:22:37:38 +0000] "PUT /d1/643/AUTH_7df9793668ed44d695a92489552e5f5c/gnocchi.ee21f454-3b01-477c-ae7d-8abc00fc4b59" 201 - "PUT http://172.20.0.100:6001/d1/297/AUTH_7df9793668ed44d695a92489552e5f5c/gnocchi.ee21f454-3b01-477c-ae7d-8abc00fc4b59" "tx18448083137f4d0fa64cb-0069812732" "container-server 17" 0.0061 "-" 21 0
Feb 2 22:37:38 standalone container-server[128816]: 172.20.0.100 - - [02/Feb/2026:22:37:38 +0000] "PUT /d1/297/AUTH_7df9793668ed44d695a92489552e5f5c/gnocchi.ee21f454-3b01-477c-ae7d-8abc00fc4b59" 201 - "PUT http://172.18.0.2:8080/v1/AUTH_7df9793668ed44d695a92489552e5f5c/gnocchi.ee21f454-3b01-477c-ae7d-8abc00fc4b59" "tx18448083137f4d0fa64cb-0069812732" "proxy-server 20" 0.0174 "-" 17 0
Feb 2 22:37:38 standalone proxy-server[131026]: 172.18.0.2 172.18.0.100 02/Feb/2026/22/37/38 PUT /v1/AUTH_7df9793668ed44d695a92489552e5f5c/gnocchi.ee21f454-3b01-477c-ae7d-8abc00fc4b59 HTTP/1.0 201 - python-swiftclient-3.11.1 gAAAAABpgSaZAKP7... - - - tx18448083137f4d0fa64cb-0069812732 - 0.0254 - - 1770071858.063114166 1770071858.088525057 0
Feb 2 22:37:38 standalone container-server[128816]: 172.20.0.100 - - [02/Feb/2026:22:37:38 +0000] "HEAD /d1/297/AUTH_7df9793668ed44d695a92489552e5f5c/gnocchi.ee21f454-3b01-477c-ae7d-8abc00fc4b59" 204 - "HEAD http://172.18.0.2:8080/v1/AUTH_7df9793668ed44d695a92489552e5f5c/gnocchi.ee21f454-3b01-477c-ae7d-8abc00fc4b59?format=json&states=listing" "tx13b1b8aa0c454ea8a86c8-0069812732" "proxy-server 20" 0.0011 "-" 17 0
Feb 2 22:37:38 standalone proxy-server[131026]: - - 02/Feb/2026/22/37/38 HEAD /v1/AUTH_7df9793668ed44d695a92489552e5f5c/gnocchi.ee21f454-3b01-477c-ae7d-8abc00fc4b59%3Fformat%3Djson%26states%3Dlisting HTTP/1.0 204 - Swift - - - - tx13b1b8aa0c454ea8a86c8-0069812732 - 0.0055 RL - 1770071858.097252607 1770071858.102786303 0
Feb 2 22:37:38 standalone container-server[128808]: 172.20.0.100 - - [02/Feb/2026:22:37:38 +0000] "GET /d1/297/AUTH_7df9793668ed44d695a92489552e5f5c/gnocchi.ee21f454-3b01-477c-ae7d-8abc00fc4b59" 200 2 "GET http://172.18.0.2:8080/v1/AUTH_7df9793668ed44d695a92489552e5f5c/gnocchi.ee21f454-3b01-477c-ae7d-8abc00fc4b59?format=json&states=listing" "tx13b1b8aa0c454ea8a86c8-0069812732" "proxy-server 20" 0.0045 "-" 14 0
Feb 2 22:37:38 standalone proxy-server[131026]: 172.18.0.2 172.18.0.100 02/Feb/2026/22/37/38 GET /v1/AUTH_7df9793668ed44d695a92489552e5f5c/gnocchi.ee21f454-3b01-477c-ae7d-8abc00fc4b59%3Fformat%3Djson%26states%3Dlisting HTTP/1.0 200 - python-swiftclient-3.11.1 gAAAAABpgSaZAKP7... - 2 - tx13b1b8aa0c454ea8a86c8-0069812732 - 0.0280 - - 1770071858.095261097 1770071858.123218060 0
Feb 2 22:37:38 standalone object-server[128969]: 172.20.0.100 - - [02/Feb/2026:22:37:38 +0000] "GET /d1/862/AUTH_7df9793668ed44d695a92489552e5f5c/gnocchi.ee21f454-3b01-477c-ae7d-8abc00fc4b59/1769040000.0_mean_300.0_v3" 404 70 "GET http://172.18.0.2:8080/v1/AUTH_7df9793668ed44d695a92489552e5f5c/gnocchi.ee21f454-3b01-477c-ae7d-8abc00fc4b59/1769040000.0_mean_300.0_v3" "tx5a7d61d1a3264628bc109-0069812732" "proxy-server 20" 0.0006 "-" 22 0
Feb 2 22:37:38 standalone proxy-server[131026]: 172.18.0.2 172.18.0.100 02/Feb/2026/22/37/38 GET /v1/AUTH_7df9793668ed44d695a92489552e5f5c/gnocchi.ee21f454-3b01-477c-ae7d-8abc00fc4b59/1769040000.0_mean_300.0_v3 HTTP/1.0 404 - python-swiftclient-3.11.1 gAAAAABpgSaZAKP7... - 70 - tx5a7d61d1a3264628bc109-0069812732 - 0.0086 - - 1770071858.129241228 1770071858.137859821 0
Feb 2 22:37:38 standalone container-server[128809]: 172.20.0.100 - - [02/Feb/2026:22:37:38 +0000] "PUT /d1/297/AUTH_7df9793668ed44d695a92489552e5f5c/gnocchi.ee21f454-3b01-477c-ae7d-8abc00fc4b59/1769040000.0_mean_300.0_v3" 201 - "PUT http://172.18.0.2:8080/d1/862/AUTH_7df9793668ed44d695a92489552e5f5c/gnocchi.ee21f454-3b01-477c-ae7d-8abc00fc4b59/1769040000.0_mean_300.0_v3" "tx2d84caecdeed44e5a8fd1-0069812732" "object-server 22" 0.0013 "-" 15 0
Feb 2 22:37:38 standalone object-server[128969]: 172.20.0.100 - - [02/Feb/2026:22:37:38 +0000] "PUT /d1/862/AUTH_7df9793668ed44d695a92489552e5f5c/gnocchi.ee21f454-3b01-477c-ae7d-8abc00fc4b59/1769040000.0_mean_300.0_v3" 201 - "PUT http://172.18.0.2:8080/v1/AUTH_7df9793668ed44d695a92489552e5f5c/gnocchi.ee21f454-3b01-477c-ae7d-8abc00fc4b59/1769040000.0_mean_300.0_v3" "tx2d84caecdeed44e5a8fd1-0069812732" "proxy-server 20" 0.0127 "-" 22 0
Feb 2 22:37:38 standalone proxy-server[131026]: 172.18.0.2 172.18.0.100 02/Feb/2026/22/37/38 PUT /v1/AUTH_7df9793668ed44d695a92489552e5f5c/gnocchi.ee21f454-3b01-477c-ae7d-8abc00fc4b59/1769040000.0_mean_300.0_v3 HTTP/1.0 201 - python-swiftclient-3.11.1 gAAAAABpgSaZAKP7... 16 - - tx2d84caecdeed44e5a8fd1-0069812732 - 0.0208 - - 1770071858.142217398 1770071858.163011074 0
Feb 2 22:37:38 standalone container-server[128808]: 172.20.0.100 - - [02/Feb/2026:22:37:38 +0000] "PUT /d1/297/AUTH_7df9793668ed44d695a92489552e5f5c/gnocchi.ee21f454-3b01-477c-ae7d-8abc00fc4b59/none_v3" 201 - "PUT http://172.18.0.2:8080/d1/739/AUTH_7df9793668ed44d695a92489552e5f5c/gnocchi.ee21f454-3b01-477c-ae7d-8abc00fc4b59/none_v3" "tx26ccbdbbef3d41e3bcba3-0069812732" "object-server 24" 0.0008 "-" 14 0
Feb 2 22:37:38 standalone object-server[128972]: 172.20.0.100 - - [02/Feb/2026:22:37:38 +0000] "PUT /d1/739/AUTH_7df9793668ed44d695a92489552e5f5c/gnocchi.ee21f454-3b01-477c-ae7d-8abc00fc4b59/none_v3" 201 - "PUT http://172.18.0.2:8080/v1/AUTH_7df9793668ed44d695a92489552e5f5c/gnocchi.ee21f454-3b01-477c-ae7d-8abc00fc4b59/none_v3" "tx26ccbdbbef3d41e3bcba3-0069812732" "proxy-server 20" 0.0151 "-" 24 0
Feb 2 22:37:38 standalone proxy-server[131026]: 172.18.0.2 172.18.0.100 02/Feb/2026/22/37/38 PUT /v1/AUTH_7df9793668ed44d695a92489552e5f5c/gnocchi.ee21f454-3b01-477c-ae7d-8abc00fc4b59/none_v3 HTTP/1.0 201 - python-swiftclient-3.11.1 gAAAAABpgSaZAKP7... 22 - - tx26ccbdbbef3d41e3bcba3-0069812732 - 0.0232 - - 1770071858.167247772 1770071858.190489769 0
Feb 2 22:37:38 standalone container-server[128809]: 172.20.0.100 - - [02/Feb/2026:22:37:38 +0000] "HEAD /d1/856/AUTH_7df9793668ed44d695a92489552e5f5c/gnocchi.19801b7d-4e87-47d1-943a-c37c5e9a662d" 404 - "HEAD http://172.18.0.2:8080/v1/AUTH_7df9793668ed44d695a92489552e5f5c/gnocchi.19801b7d-4e87-47d1-943a-c37c5e9a662d?format=json&states=listing" "txfb6abe0b446441d192f64-0069812732" "proxy-server 20" 0.0006 "-" 15 0
Feb 2 22:37:38 standalone object-server[128972]: 172.20.0.100 - - [02/Feb/2026:22:37:38 +0000] "GET /d1/10/AUTH_7df9793668ed44d695a92489552e5f5c/gnocchi.19801b7d-4e87-47d1-943a-c37c5e9a662d/none_v3" 404 70 "GET http://172.18.0.2:8080/v1/AUTH_7df9793668ed44d695a92489552e5f5c/gnocchi.19801b7d-4e87-47d1-943a-c37c5e9a662d/none_v3" "txfb6abe0b446441d192f64-0069812732" "proxy-server 20" 0.0006 "-" 24 0
Feb 2 22:37:38 standalone proxy-server[131026]: 172.18.0.2 172.18.0.100 02/Feb/2026/22/37/38 GET /v1/AUTH_7df9793668ed44d695a92489552e5f5c/gnocchi.19801b7d-4e87-47d1-943a-c37c5e9a662d/none_v3 HTTP/1.0 404 - python-swiftclient-3.11.1 gAAAAABpgSaZAKP7... - 70 - txfb6abe0b446441d192f64-0069812732 - 0.0142 - - 1770071858.208106279 1770071858.222274780 0
Feb 2 22:37:38 standalone account-server[128791]: 172.20.0.100 - - [02/Feb/2026:22:37:38 +0000] "PUT /d1/643/AUTH_7df9793668ed44d695a92489552e5f5c/gnocchi.19801b7d-4e87-47d1-943a-c37c5e9a662d" 201 - "PUT http://172.20.0.100:6001/d1/856/AUTH_7df9793668ed44d695a92489552e5f5c/gnocchi.19801b7d-4e87-47d1-943a-c37c5e9a662d" "tx2bac1419fdb949d888378-0069812732" "container-server 17" 0.0060 "-" 20 0
Feb 2 22:37:38 standalone container-server[128816]: 172.20.0.100 - - [02/Feb/2026:22:37:38 +0000] "PUT /d1/856/AUTH_7df9793668ed44d695a92489552e5f5c/gnocchi.19801b7d-4e87-47d1-943a-c37c5e9a662d" 201 - "PUT http://172.18.0.2:8080/v1/AUTH_7df9793668ed44d695a92489552e5f5c/gnocchi.19801b7d-4e87-47d1-943a-c37c5e9a662d" "tx2bac1419fdb949d888378-0069812732" "proxy-server 20" 0.0186 "-" 17 0
Feb 2 22:37:38 standalone proxy-server[131026]: 172.18.0.2 172.18.0.100 02/Feb/2026/22/37/38 PUT /v1/AUTH_7df9793668ed44d695a92489552e5f5c/gnocchi.19801b7d-4e87-47d1-943a-c37c5e9a662d HTTP/1.0 201 - python-swiftclient-3.11.1 gAAAAABpgSaZAKP7... - - - tx2bac1419fdb949d888378-0069812732 - 0.0335 - - 1770071858.225965023 1770071858.259446621 0
Feb 2 22:37:38 standalone container-server[128808]: 172.20.0.100 - - [02/Feb/2026:22:37:38 +0000] "HEAD /d1/856/AUTH_7df9793668ed44d695a92489552e5f5c/gnocchi.19801b7d-4e87-47d1-943a-c37c5e9a662d" 204 - "HEAD http://172.18.0.2:8080/v1/AUTH_7df9793668ed44d695a92489552e5f5c/gnocchi.19801b7d-4e87-47d1-943a-c37c5e9a662d?format=json&states=listing" "tx50ac60c5dbd94a3283718-0069812732" "proxy-server 20" 0.0022 "-" 14 0
Feb 2 22:37:38 standalone proxy-server[131026]: - - 02/Feb/2026/22/37/38 HEAD /v1/AUTH_7df9793668ed44d695a92489552e5f5c/gnocchi.19801b7d-4e87-47d1-943a-c37c5e9a662d%3Fformat%3Djson%26states%3Dlisting HTTP/1.0 204 - Swift - - - - tx50ac60c5dbd94a3283718-0069812732 - 0.0126 RL - 1770071858.267790556 1770071858.280390978 0
Feb 2 22:37:38 standalone container-server[128808]: 172.20.0.100 - - [02/Feb/2026:22:37:38 +0000] "GET /d1/856/AUTH_7df9793668ed44d695a92489552e5f5c/gnocchi.19801b7d-4e87-47d1-943a-c37c5e9a662d" 200 2 "GET http://172.18.0.2:8080/v1/AUTH_7df9793668ed44d695a92489552e5f5c/gnocchi.19801b7d-4e87-47d1-943a-c37c5e9a662d?format=json&states=listing" "tx50ac60c5dbd94a3283718-0069812732" "proxy-server 20" 0.0033 "-" 14 0
Feb 2 22:37:38 standalone proxy-server[131026]: 172.18.0.2 172.18.0.100 02/Feb/2026/22/37/38 GET /v1/AUTH_7df9793668ed44d695a92489552e5f5c/gnocchi.19801b7d-4e87-47d1-943a-c37c5e9a662d%3Fformat%3Djson%26states%3Dlisting HTTP/1.0 200 - python-swiftclient-3.11.1 gAAAAABpgSaZAKP7... - 2 - tx50ac60c5dbd94a3283718-0069812732 - 0.0293 - - 1770071858.266211510 1770071858.295551777 0
Feb 2 22:37:38 standalone object-server[128969]: 172.20.0.100 - - [02/Feb/2026:22:37:38 +0000] "GET /d1/407/AUTH_7df9793668ed44d695a92489552e5f5c/gnocchi.19801b7d-4e87-47d1-943a-c37c5e9a662d/1769040000.0_mean_300.0_v3" 404 70 "GET http://172.18.0.2:8080/v1/AUTH_7df9793668ed44d695a92489552e5f5c/gnocchi.19801b7d-4e87-47d1-943a-c37c5e9a662d/1769040000.0_mean_300.0_v3" "txb68d928d59784a82bd0ff-0069812732" "proxy-server 20" 0.0006 "-" 22 0
Feb 2 22:37:38 standalone proxy-server[131026]: 172.18.0.2 172.18.0.100 02/Feb/2026/22/37/38 GET /v1/AUTH_7df9793668ed44d695a92489552e5f5c/gnocchi.19801b7d-4e87-47d1-943a-c37c5e9a662d/1769040000.0_mean_300.0_v3 HTTP/1.0 404 - python-swiftclient-3.11.1 gAAAAABpgSaZAKP7... - 70 - txb68d928d59784a82bd0ff-0069812732 - 0.0077 - - 1770071858.301227093 1770071858.308897018 0
Feb 2 22:37:38 standalone container-server[128811]: 172.20.0.100 - - [02/Feb/2026:22:37:38 +0000] "PUT /d1/856/AUTH_7df9793668ed44d695a92489552e5f5c/gnocchi.19801b7d-4e87-47d1-943a-c37c5e9a662d/1769040000.0_mean_300.0_v3" 201 - "PUT http://172.18.0.2:8080/d1/407/AUTH_7df9793668ed44d695a92489552e5f5c/gnocchi.19801b7d-4e87-47d1-943a-c37c5e9a662d/1769040000.0_mean_300.0_v3" "tx71c7a3f3a41840508bd71-0069812732" "object-server 21" 0.0008 "-" 16 0
Feb 2 22:37:38 standalone object-server[128968]: 172.20.0.100 - - [02/Feb/2026:22:37:38 +0000] "PUT /d1/407/AUTH_7df9793668ed44d695a92489552e5f5c/gnocchi.19801b7d-4e87-47d1-943a-c37c5e9a662d/1769040000.0_mean_300.0_v3" 201 - "PUT http://172.18.0.2:8080/v1/AUTH_7df9793668ed44d695a92489552e5f5c/gnocchi.19801b7d-4e87-47d1-943a-c37c5e9a662d/1769040000.0_mean_300.0_v3" "tx71c7a3f3a41840508bd71-0069812732" "proxy-server 20" 0.0118 "-" 21 0
Feb 2 22:37:38 standalone proxy-server[131026]: 172.18.0.2 172.18.0.100 02/Feb/2026/22/37/38 PUT /v1/AUTH_7df9793668ed44d695a92489552e5f5c/gnocchi.19801b7d-4e87-47d1-943a-c37c5e9a662d/1769040000.0_mean_300.0_v3 HTTP/1.0 201 - python-swiftclient-3.11.1 gAAAAABpgSaZAKP7... 16 - - tx71c7a3f3a41840508bd71-0069812732 - 0.0196 - - 1770071858.313239574 1770071858.332866669 0
Feb 2 22:37:38 standalone container-server[128808]: 172.20.0.100 - - [02/Feb/2026:22:37:38 +0000] "PUT /d1/856/AUTH_7df9793668ed44d695a92489552e5f5c/gnocchi.19801b7d-4e87-47d1-943a-c37c5e9a662d/none_v3" 201 - "PUT http://172.18.0.2:8080/d1/10/AUTH_7df9793668ed44d695a92489552e5f5c/gnocchi.19801b7d-4e87-47d1-943a-c37c5e9a662d/none_v3" "txb3685f4781a940cc922b4-0069812732" "object-server 24" 0.0007 "-" 14 0
Feb 2 22:37:38 standalone object-server[128972]: 172.20.0.100 - - [02/Feb/2026:22:37:38 +0000] "PUT /d1/10/AUTH_7df9793668ed44d695a92489552e5f5c/gnocchi.19801b7d-4e87-47d1-943a-c37c5e9a662d/none_v3" 201 - "PUT http://172.18.0.2:8080/v1/AUTH_7df9793668ed44d695a92489552e5f5c/gnocchi.19801b7d-4e87-47d1-943a-c37c5e9a662d/none_v3" "txb3685f4781a940cc922b4-0069812732" "proxy-server 20" 0.0108 "-" 24 0
Feb 2 22:37:38 standalone proxy-server[131026]: 172.18.0.2 172.18.0.100 02/Feb/2026/22/37/38 PUT /v1/AUTH_7df9793668ed44d695a92489552e5f5c/gnocchi.19801b7d-4e87-47d1-943a-c37c5e9a662d/none_v3 HTTP/1.0 201 - python-swiftclient-3.11.1 gAAAAABpgSaZAKP7... 22 - - txb3685f4781a940cc922b4-0069812732 - 0.0194 - - 1770071858.336414099 1770071858.355813980 0
Feb 2 22:37:41 standalone object-server[128969]: 172.20.0.100 - - [02/Feb/2026:22:37:41 +0000] "GET /d1/10/AUTH_7df9793668ed44d695a92489552e5f5c/gnocchi.19801b7d-4e87-47d1-943a-c37c5e9a662d/none_v3" 200 22 "GET http://172.18.0.2:8080/v1/AUTH_7df9793668ed44d695a92489552e5f5c/gnocchi.19801b7d-4e87-47d1-943a-c37c5e9a662d/none_v3" "tx366ede81bf5343caa21df-0069812735" "proxy-server 20" 0.0018 "-" 22 0
Feb 2 22:37:41 standalone proxy-server[131026]: 172.18.0.2 172.18.0.100 02/Feb/2026/22/37/41 GET /v1/AUTH_7df9793668ed44d695a92489552e5f5c/gnocchi.19801b7d-4e87-47d1-943a-c37c5e9a662d/none_v3 HTTP/1.0 200 - python-swiftclient-3.11.1 gAAAAABpgSaZAKP7... - 22 - tx366ede81bf5343caa21df-0069812735 - 0.0120 - - 1770071861.441714525 1770071861.453741312 0
Feb 2 22:37:41 standalone container-server[128808]: 172.20.0.100 - - [02/Feb/2026:22:37:41 +0000] "GET /d1/856/AUTH_7df9793668ed44d695a92489552e5f5c/gnocchi.19801b7d-4e87-47d1-943a-c37c5e9a662d" 200 357 "GET http://172.18.0.2:8080/v1/AUTH_7df9793668ed44d695a92489552e5f5c/gnocchi.19801b7d-4e87-47d1-943a-c37c5e9a662d?format=json&states=listing" "txae20ef929ca149f7bb171-0069812735" "proxy-server 20" 0.0100 "-" 14 0
Feb 2 22:37:41 standalone proxy-server[131026]: 172.18.0.2 172.18.0.100 02/Feb/2026/22/37/41 GET /v1/AUTH_7df9793668ed44d695a92489552e5f5c/gnocchi.19801b7d-4e87-47d1-943a-c37c5e9a662d%3Fformat%3Djson%26states%3Dlisting HTTP/1.0 200 - python-swiftclient-3.11.1 gAAAAABpgSaZAKP7... - 357 - txae20ef929ca149f7bb171-0069812735 - 0.0203 - - 1770071861.459794998 1770071861.480112076 0
Feb 2 22:37:41 standalone container-server[128816]: 172.20.0.100 - - [02/Feb/2026:22:37:41 +0000] "GET /d1/856/AUTH_7df9793668ed44d695a92489552e5f5c/gnocchi.19801b7d-4e87-47d1-943a-c37c5e9a662d" 200 2 "GET http://172.18.0.2:8080/v1/AUTH_7df9793668ed44d695a92489552e5f5c/gnocchi.19801b7d-4e87-47d1-943a-c37c5e9a662d?format=json&marker=none_v3&states=listing" "tx271f5aa5c3d7454ba3a53-0069812735" "proxy-server 20" 0.0045 "-" 17 0
Feb 2 22:37:41 standalone proxy-server[131026]: 172.18.0.2 172.18.0.100 02/Feb/2026/22/37/41 GET /v1/AUTH_7df9793668ed44d695a92489552e5f5c/gnocchi.19801b7d-4e87-47d1-943a-c37c5e9a662d%3Fformat%3Djson%26marker%3Dnone_v3%26states%3Dlisting HTTP/1.0 200 - python-swiftclient-3.11.1 gAAAAABpgSaZAKP7... - 2 - tx271f5aa5c3d7454ba3a53-0069812735 - 0.0152 - - 1770071861.484901905 1770071861.500127316 0
Feb 2 22:37:41 standalone object-server[128969]: 172.20.0.100 - - [02/Feb/2026:22:37:41 +0000] "GET /d1/407/AUTH_7df9793668ed44d695a92489552e5f5c/gnocchi.19801b7d-4e87-47d1-943a-c37c5e9a662d/1769040000.0_mean_300.0_v3" 200 16 "GET http://172.18.0.2:8080/v1/AUTH_7df9793668ed44d695a92489552e5f5c/gnocchi.19801b7d-4e87-47d1-943a-c37c5e9a662d/1769040000.0_mean_300.0_v3" "tx44b8bf0a95d048e9a20bd-0069812735" "proxy-server 20" 0.0013 "-" 22 0
Feb 2 22:37:41 standalone proxy-server[131026]: 172.18.0.2 172.18.0.100 02/Feb/2026/22/37/41 GET /v1/AUTH_7df9793668ed44d695a92489552e5f5c/gnocchi.19801b7d-4e87-47d1-943a-c37c5e9a662d/1769040000.0_mean_300.0_v3 HTTP/1.0 200 - python-swiftclient-3.11.1 gAAAAABpgSaZAKP7... - 16 - tx44b8bf0a95d048e9a20bd-0069812735 - 0.0104 - - 1770071861.507014751 1770071861.517376184 0
Feb 2 22:37:41 standalone container-server[128816]: 172.20.0.100 - - [02/Feb/2026:22:37:41 +0000] "PUT /d1/856/AUTH_7df9793668ed44d695a92489552e5f5c/gnocchi.19801b7d-4e87-47d1-943a-c37c5e9a662d/1769040000.0_mean_300.0_v3" 201 - "PUT http://172.18.0.2:8080/d1/407/AUTH_7df9793668ed44d695a92489552e5f5c/gnocchi.19801b7d-4e87-47d1-943a-c37c5e9a662d/1769040000.0_mean_300.0_v3" "txb0d532c131da423486510-0069812735" "object-server 24" 0.0011 "-" 17 0
Feb 2 22:37:41 standalone object-server[128972]: 172.20.0.100 - - [02/Feb/2026:22:37:41 +0000] "PUT /d1/407/AUTH_7df9793668ed44d695a92489552e5f5c/gnocchi.19801b7d-4e87-47d1-943a-c37c5e9a662d/1769040000.0_mean_300.0_v3" 201 - "PUT http://172.18.0.2:8080/v1/AUTH_7df9793668ed44d695a92489552e5f5c/gnocchi.19801b7d-4e87-47d1-943a-c37c5e9a662d/1769040000.0_mean_300.0_v3" "txb0d532c131da423486510-0069812735" "proxy-server 20" 0.0210 "-" 24 0
Feb 2 22:37:41 standalone proxy-server[131026]: 172.18.0.2 172.18.0.100 02/Feb/2026/22/37/41 PUT /v1/AUTH_7df9793668ed44d695a92489552e5f5c/gnocchi.19801b7d-4e87-47d1-943a-c37c5e9a662d/1769040000.0_mean_300.0_v3 HTTP/1.0 201 - python-swiftclient-3.11.1 gAAAAABpgSaZAKP7... 16 - - txb0d532c131da423486510-0069812735 - 0.0324 - - 1770071861.523081779 1770071861.555496931 0
Feb 2 22:37:41 standalone container-server[128809]: 172.20.0.100 - - [02/Feb/2026:22:37:41 +0000] "PUT /d1/856/AUTH_7df9793668ed44d695a92489552e5f5c/gnocchi.19801b7d-4e87-47d1-943a-c37c5e9a662d/none_v3" 201 - "PUT http://172.18.0.2:8080/d1/10/AUTH_7df9793668ed44d695a92489552e5f5c/gnocchi.19801b7d-4e87-47d1-943a-c37c5e9a662d/none_v3" "tx35cdc63fc37547dda56af-0069812735" "object-server 25" 0.0012 "-" 15 0
Feb 2 22:37:41 standalone object-server[128973]: 172.20.0.100 - - [02/Feb/2026:22:37:41 +0000] "PUT /d1/10/AUTH_7df9793668ed44d695a92489552e5f5c/gnocchi.19801b7d-4e87-47d1-943a-c37c5e9a662d/none_v3" 201 - "PUT http://172.18.0.2:8080/v1/AUTH_7df9793668ed44d695a92489552e5f5c/gnocchi.19801b7d-4e87-47d1-943a-c37c5e9a662d/none_v3" "tx35cdc63fc37547dda56af-0069812735" "proxy-server 20" 0.0208 "-" 25 0
Feb 2 22:37:41 standalone proxy-server[131026]: 172.18.0.2 172.18.0.100 02/Feb/2026/22/37/41 PUT /v1/AUTH_7df9793668ed44d695a92489552e5f5c/gnocchi.19801b7d-4e87-47d1-943a-c37c5e9a662d/none_v3 HTTP/1.0 201 - python-swiftclient-3.11.1 gAAAAABpgSaZAKP7... 32 - - tx35cdc63fc37547dda56af-0069812735 - 0.0309 - - 1770071861.561709881 1770071861.592563152 0
Feb 2 22:39:03 standalone account-server[128795]: 172.20.0.100 - - [02/Feb/2026:22:39:03 +0000] "HEAD /d1/880/.expiring_objects" 404 - "HEAD http://localhost/v1/.expiring_objects?format=json" "txd4972ccb4ad04567bed83-0069812787" "proxy-server 2" 0.0007 "-" 22 -
Feb 2 22:39:03 standalone object-expirer[128842]: Pass completed in 0s; 0 objects expired (txn: txd4972ccb4ad04567bed83-0069812787)
Feb 2 22:39:27 standalone object-server[128852]: Begin object update sweep
Feb 2 22:39:27 standalone object-server[252599]: Object update sweep starting on /srv/node/d1 (pid: 15)
Feb 2 22:39:27 standalone object-server[252599]: Object update sweep completed on /srv/node/d1 in 0.00s seconds:, 0 successes, 0 failures, 0 quarantines, 0 unlinks, 0 errors, 0 redirects (pid: 15)
Feb 2 22:39:27 standalone object-server[252599]: Object update sweep of d1 completed: 0.00s, 0 successes, 0 failures, 0 quarantines, 0 unlinks, 0 errors, 0 redirects
Feb 2 22:39:27 standalone object-server[128852]: Object update sweep completed: 0.08s
Feb 2 22:40:04 standalone container-server[128659]: Begin container update sweep
Feb 2 22:40:04 standalone account-server[128794]: 172.20.0.100 - - [02/Feb/2026:22:40:04 +0000] "PUT /d1/643/AUTH_7df9793668ed44d695a92489552e5f5c/gnocchi.954d8934-484a-4cfd-b2e5-c379c791cc06" 201 - "-" "-" "container-updater 2" 0.0011 "-" 21 0
Feb 2 22:40:04 standalone account-server[128795]: 172.20.0.100 - - [02/Feb/2026:22:40:04 +0000] "PUT /d1/643/AUTH_7df9793668ed44d695a92489552e5f5c/gnocchi.08117896-370c-45a7-9a3c-dcacdb103ed4" 201 - "-" "-" "container-updater 2" 0.0007 "-" 22 0
Feb 2 22:40:04 standalone account-server[128795]: 172.20.0.100 - - [02/Feb/2026:22:40:04 +0000] "PUT /d1/643/AUTH_7df9793668ed44d695a92489552e5f5c/gnocchi.b7a12575-181a-4f80-bcc4-0a385888c407" 201 - "-" "-" "container-updater 2" 0.0007 "-" 22 0
Feb 2 22:40:05 standalone account-server[128795]: 172.20.0.100 - - [02/Feb/2026:22:40:05 +0000] "PUT /d1/643/AUTH_7df9793668ed44d695a92489552e5f5c/gnocchi.5a817723-0d60-456e-ac8f-699b360e2176" 201 - "-" "-" "container-updater 2" 0.0006 "-" 22 0
Feb 2 22:40:05 standalone account-server[128795]: 172.20.0.100 - - [02/Feb/2026:22:40:05 +0000] "PUT /d1/643/AUTH_7df9793668ed44d695a92489552e5f5c/gnocchi.d6bdee56-0762-411c-9f97-bfdd51778bb3" 201 - "-" "-" "container-updater 2" 0.0006 "-" 22 0
Feb 2 22:40:05 standalone account-server[128797]: 172.20.0.100 - - [02/Feb/2026:22:40:05 +0000] "PUT /d1/643/AUTH_7df9793668ed44d695a92489552e5f5c/gnocchi.fd61d257-a3ea-439f-a04f-72e199017792" 201 - "-" "-" "container-updater 2" 0.0009 "-" 23 0
Feb 2 22:40:05 standalone account-server[128797]: 172.20.0.100 - - [02/Feb/2026:22:40:05 +0000] "PUT /d1/643/AUTH_7df9793668ed44d695a92489552e5f5c/gnocchi.46f10cc9-52cd-47b0-8731-e804a9e543a0" 201 - "-" "-" "container-updater 2" 0.0006 "-" 23 0
Feb 2 22:40:05 standalone account-server[128791]: 172.20.0.100 - - [02/Feb/2026:22:40:05 +0000] "PUT /d1/643/AUTH_7df9793668ed44d695a92489552e5f5c/gnocchi.b74e707b-1e00-463c-af81-d21d6c49ab66" 201 - "-" "-" "container-updater 2" 0.0009 "-" 20 0
Feb 2 22:40:05 standalone account-server[128791]: 172.20.0.100 - - [02/Feb/2026:22:40:05 +0000] "PUT /d1/643/AUTH_7df9793668ed44d695a92489552e5f5c/gnocchi.e6f98282-4e41-468d-b5fc-0759c42960c9" 201 - "-" "-" "container-updater 2" 0.0009 "-" 20 0
Feb 2 22:40:05 standalone account-server[128794]: 172.20.0.100 - - [02/Feb/2026:22:40:05 +0000] "PUT /d1/643/AUTH_7df9793668ed44d695a92489552e5f5c/gnocchi.ecb87cca-e149-401d-8fa6-af68fcf82b5d" 201 - "-" "-" "container-updater 2" 0.0011 "-" 21 0
Feb 2 22:40:05 standalone account-server[128797]: 172.20.0.100 - - [02/Feb/2026:22:40:05 +0000] "PUT /d1/643/AUTH_7df9793668ed44d695a92489552e5f5c/gnocchi.34a51b40-e318-40ae-a96e-430c01826e30" 201 - "-" "-" "container-updater 2" 0.0010 "-" 23 0
Feb 2 22:40:06 standalone account-server[128797]: 172.20.0.100 - - [02/Feb/2026:22:40:06 +0000] "PUT /d1/643/AUTH_7df9793668ed44d695a92489552e5f5c/gnocchi.46539403-e01b-4e89-b939-a8874361f02a" 201 - "-" "-" "container-updater 2" 0.0005 "-" 23 0
