Feb 2 22:36:14 standalone proxy-server[131026]: 172.18.0.2 172.18.0.100 02/Feb/2026/22/36/14 PUT /v1/AUTH_7df9793668ed44d695a92489552e5f5c/gnocchi.6c28138b-6ad1-424e-afc2-993441f039f8/1769040000.0_mean_300.0_v3 HTTP/1.0 201 - python-swiftclient-3.11.1 gAAAAABpgSaZAKP7... 16 - - txc4438b8708e84370bbcdd-00698126de - 0.0268 - - 1770071774.967519999 1770071774.994368792 0
Feb 2 22:36:15 standalone container-server[128811]: 172.20.0.100 - - [02/Feb/2026:22:36:15 +0000] "PUT /d1/619/AUTH_7df9793668ed44d695a92489552e5f5c/gnocchi.6c28138b-6ad1-424e-afc2-993441f039f8/none_v3" 201 - "PUT http://172.18.0.2:8080/d1/831/AUTH_7df9793668ed44d695a92489552e5f5c/gnocchi.6c28138b-6ad1-424e-afc2-993441f039f8/none_v3" "txdb2e8e07368b4aacbd028-00698126de" "object-server 24" 0.0007 "-" 16 0
Feb 2 22:36:15 standalone object-server[128972]: 172.20.0.100 - - [02/Feb/2026:22:36:15 +0000] "PUT /d1/831/AUTH_7df9793668ed44d695a92489552e5f5c/gnocchi.6c28138b-6ad1-424e-afc2-993441f039f8/none_v3" 201 - "PUT http://172.18.0.2:8080/v1/AUTH_7df9793668ed44d695a92489552e5f5c/gnocchi.6c28138b-6ad1-424e-afc2-993441f039f8/none_v3" "txdb2e8e07368b4aacbd028-00698126de" "proxy-server 20" 0.0112 "-" 24 0
Feb 2 22:36:15 standalone proxy-server[131026]: 172.18.0.2 172.18.0.100 02/Feb/2026/22/36/15 PUT /v1/AUTH_7df9793668ed44d695a92489552e5f5c/gnocchi.6c28138b-6ad1-424e-afc2-993441f039f8/none_v3 HTTP/1.0 201 - python-swiftclient-3.11.1 gAAAAABpgSaZAKP7... 22 - - txdb2e8e07368b4aacbd028-00698126de - 0.0188 - - 1770071774.998086691 1770071775.016858339 0
Feb 2 22:36:15 standalone container-server[128809]: 172.20.0.100 - - [02/Feb/2026:22:36:15 +0000] "HEAD /d1/825/AUTH_7df9793668ed44d695a92489552e5f5c/gnocchi.67540cc0-40f9-435e-8405-61ec99cc6cc2" 404 - "HEAD http://172.18.0.2:8080/v1/AUTH_7df9793668ed44d695a92489552e5f5c/gnocchi.67540cc0-40f9-435e-8405-61ec99cc6cc2?format=json&states=listing" "txf3603d7c94c840c0bd59a-00698126df" "proxy-server 20" 0.0005 "-" 15 0
Feb 2 22:36:15 standalone object-server[128969]: 172.20.0.100 - - [02/Feb/2026:22:36:15 +0000] "GET /d1/417/AUTH_7df9793668ed44d695a92489552e5f5c/gnocchi.67540cc0-40f9-435e-8405-61ec99cc6cc2/none_v3" 404 70 "GET http://172.18.0.2:8080/v1/AUTH_7df9793668ed44d695a92489552e5f5c/gnocchi.67540cc0-40f9-435e-8405-61ec99cc6cc2/none_v3" "txf3603d7c94c840c0bd59a-00698126df" "proxy-server 20" 0.0004 "-" 22 0
Feb 2 22:36:15 standalone proxy-server[131026]: 172.18.0.2 172.18.0.100 02/Feb/2026/22/36/15 GET /v1/AUTH_7df9793668ed44d695a92489552e5f5c/gnocchi.67540cc0-40f9-435e-8405-61ec99cc6cc2/none_v3 HTTP/1.0 404 - python-swiftclient-3.11.1 gAAAAABpgSaZAKP7... - 70 - txf3603d7c94c840c0bd59a-00698126df - 0.0100 - - 1770071775.029389858 1770071775.039412498 0
Feb 2 22:36:15 standalone account-server[128797]: 172.20.0.100 - - [02/Feb/2026:22:36:15 +0000] "PUT /d1/643/AUTH_7df9793668ed44d695a92489552e5f5c/gnocchi.67540cc0-40f9-435e-8405-61ec99cc6cc2" 201 - "PUT http://172.20.0.100:6001/d1/825/AUTH_7df9793668ed44d695a92489552e5f5c/gnocchi.67540cc0-40f9-435e-8405-61ec99cc6cc2" "txd507ee88677742029829a-00698126df" "container-server 16" 0.0055 "-" 23 0
Feb 2 22:36:15 standalone container-server[128811]: 172.20.0.100 - - [02/Feb/2026:22:36:15 +0000] "PUT /d1/825/AUTH_7df9793668ed44d695a92489552e5f5c/gnocchi.67540cc0-40f9-435e-8405-61ec99cc6cc2" 201 - "PUT http://172.18.0.2:8080/v1/AUTH_7df9793668ed44d695a92489552e5f5c/gnocchi.67540cc0-40f9-435e-8405-61ec99cc6cc2" "txd507ee88677742029829a-00698126df" "proxy-server 20" 0.0207 "-" 16 0
Feb 2 22:36:15 standalone proxy-server[131026]: 172.18.0.2 172.18.0.100 02/Feb/2026/22/36/15 PUT /v1/AUTH_7df9793668ed44d695a92489552e5f5c/gnocchi.67540cc0-40f9-435e-8405-61ec99cc6cc2 HTTP/1.0 201 - python-swiftclient-3.11.1 gAAAAABpgSaZAKP7... - - - txd507ee88677742029829a-00698126df - 0.0294 - - 1770071775.069301367 1770071775.098721027 0
Feb 2 22:36:15 standalone container-server[128809]: 172.20.0.100 - - [02/Feb/2026:22:36:15 +0000] "HEAD /d1/825/AUTH_7df9793668ed44d695a92489552e5f5c/gnocchi.67540cc0-40f9-435e-8405-61ec99cc6cc2" 204 - "HEAD http://172.18.0.2:8080/v1/AUTH_7df9793668ed44d695a92489552e5f5c/gnocchi.67540cc0-40f9-435e-8405-61ec99cc6cc2?format=json&states=listing" "tx9fd938f604914edca981f-00698126df" "proxy-server 20" 0.0018 "-" 15 0
Feb 2 22:36:15 standalone proxy-server[131026]: - - 02/Feb/2026/22/36/15 HEAD /v1/AUTH_7df9793668ed44d695a92489552e5f5c/gnocchi.67540cc0-40f9-435e-8405-61ec99cc6cc2%3Fformat%3Djson%26states%3Dlisting HTTP/1.0 204 - Swift - - - - tx9fd938f604914edca981f-00698126df - 0.0072 RL - 1770071775.107577085 1770071775.114748716 0
Feb 2 22:36:15 standalone container-server[128811]: 172.20.0.100 - - [02/Feb/2026:22:36:15 +0000] "GET /d1/825/AUTH_7df9793668ed44d695a92489552e5f5c/gnocchi.67540cc0-40f9-435e-8405-61ec99cc6cc2" 200 2 "GET http://172.18.0.2:8080/v1/AUTH_7df9793668ed44d695a92489552e5f5c/gnocchi.67540cc0-40f9-435e-8405-61ec99cc6cc2?format=json&states=listing" "tx9fd938f604914edca981f-00698126df" "proxy-server 20" 0.0030 "-" 16 0
Feb 2 22:36:15 standalone proxy-server[131026]: 172.18.0.2 172.18.0.100 02/Feb/2026/22/36/15 GET /v1/AUTH_7df9793668ed44d695a92489552e5f5c/gnocchi.67540cc0-40f9-435e-8405-61ec99cc6cc2%3Fformat%3Djson%26states%3Dlisting HTTP/1.0 200 - python-swiftclient-3.11.1 gAAAAABpgSaZAKP7... - 2 - tx9fd938f604914edca981f-00698126df - 0.0210 - - 1770071775.105558157 1770071775.126580954 0
Feb 2 22:36:15 standalone object-server[128969]: 172.20.0.100 - - [02/Feb/2026:22:36:15 +0000] "GET /d1/893/AUTH_7df9793668ed44d695a92489552e5f5c/gnocchi.67540cc0-40f9-435e-8405-61ec99cc6cc2/1769040000.0_mean_300.0_v3" 404 70 "GET http://172.18.0.2:8080/v1/AUTH_7df9793668ed44d695a92489552e5f5c/gnocchi.67540cc0-40f9-435e-8405-61ec99cc6cc2/1769040000.0_mean_300.0_v3" "tx102d954abf3b48d688596-00698126df" "proxy-server 20" 0.0010 "-" 22 0
Feb 2 22:36:15 standalone proxy-server[131026]: 172.18.0.2 172.18.0.100 02/Feb/2026/22/36/15 GET /v1/AUTH_7df9793668ed44d695a92489552e5f5c/gnocchi.67540cc0-40f9-435e-8405-61ec99cc6cc2/1769040000.0_mean_300.0_v3 HTTP/1.0 404 - python-swiftclient-3.11.1 gAAAAABpgSaZAKP7... - 70 - tx102d954abf3b48d688596-00698126df - 0.0092 - - 1770071775.131587029 1770071775.140782118 0
Feb 2 22:36:15 standalone container-server[128811]: 172.20.0.100 - - [02/Feb/2026:22:36:15 +0000] "PUT /d1/825/AUTH_7df9793668ed44d695a92489552e5f5c/gnocchi.67540cc0-40f9-435e-8405-61ec99cc6cc2/1769040000.0_mean_300.0_v3" 201 - "PUT http://172.18.0.2:8080/d1/893/AUTH_7df9793668ed44d695a92489552e5f5c/gnocchi.67540cc0-40f9-435e-8405-61ec99cc6cc2/1769040000.0_mean_300.0_v3" "txc8d7be36801b44508e224-00698126df" "object-server 22" 0.0006 "-" 16 0
Feb 2 22:36:15 standalone object-server[128969]: 172.20.0.100 - - [02/Feb/2026:22:36:15 +0000] "PUT /d1/893/AUTH_7df9793668ed44d695a92489552e5f5c/gnocchi.67540cc0-40f9-435e-8405-61ec99cc6cc2/1769040000.0_mean_300.0_v3" 201 - "PUT http://172.18.0.2:8080/v1/AUTH_7df9793668ed44d695a92489552e5f5c/gnocchi.67540cc0-40f9-435e-8405-61ec99cc6cc2/1769040000.0_mean_300.0_v3" "txc8d7be36801b44508e224-00698126df" "proxy-server 20" 0.0109 "-" 22 0
Feb 2 22:36:15 standalone proxy-server[131026]: 172.18.0.2 172.18.0.100 02/Feb/2026/22/36/15 PUT /v1/AUTH_7df9793668ed44d695a92489552e5f5c/gnocchi.67540cc0-40f9-435e-8405-61ec99cc6cc2/1769040000.0_mean_300.0_v3 HTTP/1.0 201 - python-swiftclient-3.11.1 gAAAAABpgSaZAKP7... 16 - - txc8d7be36801b44508e224-00698126df - 0.0222 - - 1770071775.145150423 1770071775.167381287 0
Feb 2 22:36:15 standalone container-server[128816]: 172.20.0.100 - - [02/Feb/2026:22:36:15 +0000] "PUT /d1/825/AUTH_7df9793668ed44d695a92489552e5f5c/gnocchi.67540cc0-40f9-435e-8405-61ec99cc6cc2/none_v3" 201 - "PUT http://172.18.0.2:8080/d1/417/AUTH_7df9793668ed44d695a92489552e5f5c/gnocchi.67540cc0-40f9-435e-8405-61ec99cc6cc2/none_v3" "txc572e73840fb4b73a0742-00698126df" "object-server 22" 0.0010 "-" 17 0
Feb 2 22:36:15 standalone object-server[128969]: 172.20.0.100 - - [02/Feb/2026:22:36:15 +0000] "PUT /d1/417/AUTH_7df9793668ed44d695a92489552e5f5c/gnocchi.67540cc0-40f9-435e-8405-61ec99cc6cc2/none_v3" 201 - "PUT http://172.18.0.2:8080/v1/AUTH_7df9793668ed44d695a92489552e5f5c/gnocchi.67540cc0-40f9-435e-8405-61ec99cc6cc2/none_v3" "txc572e73840fb4b73a0742-00698126df" "proxy-server 20" 0.0182 "-" 22 0
Feb 2 22:36:15 standalone proxy-server[131026]: 172.18.0.2 172.18.0.100 02/Feb/2026/22/36/15 PUT /v1/AUTH_7df9793668ed44d695a92489552e5f5c/gnocchi.67540cc0-40f9-435e-8405-61ec99cc6cc2/none_v3 HTTP/1.0 201 - python-swiftclient-3.11.1 gAAAAABpgSaZAKP7... 22 - - txc572e73840fb4b73a0742-00698126df - 0.0325 - - 1770071775.172464848 1770071775.205006838 0
Feb 2 22:36:15 standalone container-server[128809]: 172.20.0.100 - - [02/Feb/2026:22:36:15 +0000] "HEAD /d1/0/AUTH_7df9793668ed44d695a92489552e5f5c/gnocchi.711b90fc-bdfd-4f9c-9cbf-3c00b82e62cc" 404 - "HEAD http://172.18.0.2:8080/v1/AUTH_7df9793668ed44d695a92489552e5f5c/gnocchi.711b90fc-bdfd-4f9c-9cbf-3c00b82e62cc?format=json&states=listing" "tx118720f85cd7487dadac9-00698126df" "proxy-server 20" 0.0007 "-" 15 0
Feb 2 22:36:15 standalone object-server[128968]: 172.20.0.100 - - [02/Feb/2026:22:36:15 +0000] "GET /d1/951/AUTH_7df9793668ed44d695a92489552e5f5c/gnocchi.711b90fc-bdfd-4f9c-9cbf-3c00b82e62cc/none_v3" 404 70 "GET http://172.18.0.2:8080/v1/AUTH_7df9793668ed44d695a92489552e5f5c/gnocchi.711b90fc-bdfd-4f9c-9cbf-3c00b82e62cc/none_v3" "tx118720f85cd7487dadac9-00698126df" "proxy-server 20" 0.0011 "-" 21 0
Feb 2 22:36:15 standalone proxy-server[131026]: 172.18.0.2 172.18.0.100 02/Feb/2026/22/36/15 GET /v1/AUTH_7df9793668ed44d695a92489552e5f5c/gnocchi.711b90fc-bdfd-4f9c-9cbf-3c00b82e62cc/none_v3 HTTP/1.0 404 - python-swiftclient-3.11.1 gAAAAABpgSaZAKP7... - 70 - tx118720f85cd7487dadac9-00698126df - 0.0203 - - 1770071775.223877907 1770071775.244212151 0
Feb 2 22:36:15 standalone account-server[128794]: 172.20.0.100 - - [02/Feb/2026:22:36:15 +0000] "PUT /d1/643/AUTH_7df9793668ed44d695a92489552e5f5c/gnocchi.711b90fc-bdfd-4f9c-9cbf-3c00b82e62cc" 201 - "PUT http://172.20.0.100:6001/d1/0/AUTH_7df9793668ed44d695a92489552e5f5c/gnocchi.711b90fc-bdfd-4f9c-9cbf-3c00b82e62cc" "txaceb40641ed7455385af4-00698126df" "container-server 16" 0.0069 "-" 21 0
Feb 2 22:36:15 standalone container-server[128811]: 172.20.0.100 - - [02/Feb/2026:22:36:15 +0000] "PUT /d1/0/AUTH_7df9793668ed44d695a92489552e5f5c/gnocchi.711b90fc-bdfd-4f9c-9cbf-3c00b82e62cc" 201 - "PUT http://172.18.0.2:8080/v1/AUTH_7df9793668ed44d695a92489552e5f5c/gnocchi.711b90fc-bdfd-4f9c-9cbf-3c00b82e62cc" "txaceb40641ed7455385af4-00698126df" "proxy-server 20" 0.0188 "-" 16 0
Feb 2 22:36:15 standalone proxy-server[131026]: 172.18.0.2 172.18.0.100 02/Feb/2026/22/36/15 PUT /v1/AUTH_7df9793668ed44d695a92489552e5f5c/gnocchi.711b90fc-bdfd-4f9c-9cbf-3c00b82e62cc HTTP/1.0 201 - python-swiftclient-3.11.1 gAAAAABpgSaZAKP7... - - - txaceb40641ed7455385af4-00698126df - 0.0292 - - 1770071775.250166893 1770071775.279406548 0
Feb 2 22:36:15 standalone container-server[128816]: 172.20.0.100 - - [02/Feb/2026:22:36:15 +0000] "HEAD /d1/0/AUTH_7df9793668ed44d695a92489552e5f5c/gnocchi.711b90fc-bdfd-4f9c-9cbf-3c00b82e62cc" 204 - "HEAD http://172.18.0.2:8080/v1/AUTH_7df9793668ed44d695a92489552e5f5c/gnocchi.711b90fc-bdfd-4f9c-9cbf-3c00b82e62cc?format=json&states=listing" "tx658852b1ff824f569a91e-00698126df" "proxy-server 20" 0.0015 "-" 17 0
Feb 2 22:36:15 standalone proxy-server[131026]: - - 02/Feb/2026/22/36/15 HEAD /v1/AUTH_7df9793668ed44d695a92489552e5f5c/gnocchi.711b90fc-bdfd-4f9c-9cbf-3c00b82e62cc%3Fformat%3Djson%26states%3Dlisting HTTP/1.0 204 - Swift - - - - tx658852b1ff824f569a91e-00698126df - 0.0076 RL - 1770071775.289528370 1770071775.297136068 0
Feb 2 22:36:15 standalone container-server[128811]: 172.20.0.100 - - [02/Feb/2026:22:36:15 +0000] "GET /d1/0/AUTH_7df9793668ed44d695a92489552e5f5c/gnocchi.711b90fc-bdfd-4f9c-9cbf-3c00b82e62cc" 200 2 "GET http://172.18.0.2:8080/v1/AUTH_7df9793668ed44d695a92489552e5f5c/gnocchi.711b90fc-bdfd-4f9c-9cbf-3c00b82e62cc?format=json&states=listing" "tx658852b1ff824f569a91e-00698126df" "proxy-server 20" 0.0079 "-" 16 0
Feb 2 22:36:15 standalone proxy-server[131026]: 172.18.0.2 172.18.0.100 02/Feb/2026/22/36/15 GET /v1/AUTH_7df9793668ed44d695a92489552e5f5c/gnocchi.711b90fc-bdfd-4f9c-9cbf-3c00b82e62cc%3Fformat%3Djson%26states%3Dlisting HTTP/1.0 200 - python-swiftclient-3.11.1 gAAAAABpgSaZAKP7... - 2 - tx658852b1ff824f569a91e-00698126df - 0.0357 - - 1770071775.286918402 1770071775.322610378 0
Feb 2 22:36:15 standalone object-server[128972]: 172.20.0.100 - - [02/Feb/2026:22:36:15 +0000] "GET /d1/841/AUTH_7df9793668ed44d695a92489552e5f5c/gnocchi.711b90fc-bdfd-4f9c-9cbf-3c00b82e62cc/1769040000.0_mean_300.0_v3" 404 70 "GET http://172.18.0.2:8080/v1/AUTH_7df9793668ed44d695a92489552e5f5c/gnocchi.711b90fc-bdfd-4f9c-9cbf-3c00b82e62cc/1769040000.0_mean_300.0_v3" "tx83de5851c9904aabafd86-00698126df" "proxy-server 20" 0.0008 "-" 24 0
Feb 2 22:36:15 standalone proxy-server[131026]: 172.18.0.2 172.18.0.100 02/Feb/2026/22/36/15 GET /v1/AUTH_7df9793668ed44d695a92489552e5f5c/gnocchi.711b90fc-bdfd-4f9c-9cbf-3c00b82e62cc/1769040000.0_mean_300.0_v3 HTTP/1.0 404 - python-swiftclient-3.11.1 gAAAAABpgSaZAKP7... - 70 - tx83de5851c9904aabafd86-00698126df - 0.0105 - - 1770071775.328034639 1770071775.338565588 0
Feb 2 22:36:15 standalone container-server[128809]: 172.20.0.100 - - [02/Feb/2026:22:36:15 +0000] "PUT /d1/0/AUTH_7df9793668ed44d695a92489552e5f5c/gnocchi.711b90fc-bdfd-4f9c-9cbf-3c00b82e62cc/1769040000.0_mean_300.0_v3" 201 - "PUT http://172.18.0.2:8080/d1/841/AUTH_7df9793668ed44d695a92489552e5f5c/gnocchi.711b90fc-bdfd-4f9c-9cbf-3c00b82e62cc/1769040000.0_mean_300.0_v3" "tx3e6b0bf3915f417ca6f72-00698126df" "object-server 22" 0.0031 "-" 15 0
Feb 2 22:36:15 standalone object-server[128969]: 172.20.0.100 - - [02/Feb/2026:22:36:15 +0000] "PUT /d1/841/AUTH_7df9793668ed44d695a92489552e5f5c/gnocchi.711b90fc-bdfd-4f9c-9cbf-3c00b82e62cc/1769040000.0_mean_300.0_v3" 201 - "PUT http://172.18.0.2:8080/v1/AUTH_7df9793668ed44d695a92489552e5f5c/gnocchi.711b90fc-bdfd-4f9c-9cbf-3c00b82e62cc/1769040000.0_mean_300.0_v3" "tx3e6b0bf3915f417ca6f72-00698126df" "proxy-server 20" 0.0159 "-" 22 0
Feb 2 22:36:15 standalone proxy-server[131026]: 172.18.0.2 172.18.0.100 02/Feb/2026/22/36/15 PUT /v1/AUTH_7df9793668ed44d695a92489552e5f5c/gnocchi.711b90fc-bdfd-4f9c-9cbf-3c00b82e62cc/1769040000.0_mean_300.0_v3 HTTP/1.0 201 - python-swiftclient-3.11.1 gAAAAABpgSaZAKP7... 16 - - tx3e6b0bf3915f417ca6f72-00698126df - 0.0291 - - 1770071775.343194962 1770071775.372332811 0
Feb 2 22:36:15 standalone container-server[128816]: 172.20.0.100 - - [02/Feb/2026:22:36:15 +0000] "PUT /d1/0/AUTH_7df9793668ed44d695a92489552e5f5c/gnocchi.711b90fc-bdfd-4f9c-9cbf-3c00b82e62cc/none_v3" 201 - "PUT http://172.18.0.2:8080/d1/951/AUTH_7df9793668ed44d695a92489552e5f5c/gnocchi.711b90fc-bdfd-4f9c-9cbf-3c00b82e62cc/none_v3" "txb3924f02050f4068888c3-00698126df" "object-server 25" 0.0011 "-" 17 0
Feb 2 22:36:15 standalone object-server[128973]: 172.20.0.100 - - [02/Feb/2026:22:36:15 +0000] "PUT /d1/951/AUTH_7df9793668ed44d695a92489552e5f5c/gnocchi.711b90fc-bdfd-4f9c-9cbf-3c00b82e62cc/none_v3" 201 - "PUT http://172.18.0.2:8080/v1/AUTH_7df9793668ed44d695a92489552e5f5c/gnocchi.711b90fc-bdfd-4f9c-9cbf-3c00b82e62cc/none_v3" "txb3924f02050f4068888c3-00698126df" "proxy-server 20" 0.0290 "-" 25 0
Feb 2 22:36:15 standalone proxy-server[131026]: 172.18.0.2 172.18.0.100 02/Feb/2026/22/36/15 PUT /v1/AUTH_7df9793668ed44d695a92489552e5f5c/gnocchi.711b90fc-bdfd-4f9c-9cbf-3c00b82e62cc/none_v3 HTTP/1.0 201 - python-swiftclient-3.11.1 gAAAAABpgSaZAKP7... 22 - - txb3924f02050f4068888c3-00698126df - 0.0379 - - 1770071775.376399040 1770071775.414256811 0
Feb 2 22:36:15 standalone container-server[128809]: 172.20.0.100 - - [02/Feb/2026:22:36:15 +0000] "HEAD /d1/859/AUTH_7df9793668ed44d695a92489552e5f5c/gnocchi.c61c4a74-3f78-4adc-b427-d18f354a291c" 404 - "HEAD http://172.18.0.2:8080/v1/AUTH_7df9793668ed44d695a92489552e5f5c/gnocchi.c61c4a74-3f78-4adc-b427-d18f354a291c?format=json&states=listing" "tx1c817c7451144e8ca902d-00698126df" "proxy-server 20" 0.0006 "-" 15 0
Feb 2 22:36:15 standalone object-server[128968]: 172.20.0.100 - - [02/Feb/2026:22:36:15 +0000] "GET /d1/268/AUTH_7df9793668ed44d695a92489552e5f5c/gnocchi.c61c4a74-3f78-4adc-b427-d18f354a291c/none_v3" 404 70 "GET http://172.18.0.2:8080/v1/AUTH_7df9793668ed44d695a92489552e5f5c/gnocchi.c61c4a74-3f78-4adc-b427-d18f354a291c/none_v3" "tx1c817c7451144e8ca902d-00698126df" "proxy-server 20" 0.0005 "-" 21 0
Feb 2 22:36:15 standalone proxy-server[131026]: 172.18.0.2 172.18.0.100 02/Feb/2026/22/36/15 GET /v1/AUTH_7df9793668ed44d695a92489552e5f5c/gnocchi.c61c4a74-3f78-4adc-b427-d18f354a291c/none_v3 HTTP/1.0 404 - python-swiftclient-3.11.1 gAAAAABpgSaZAKP7... - 70 - tx1c817c7451144e8ca902d-00698126df - 0.0241 - - 1770071775.450588226 1770071775.474687576 0
Feb 2 22:36:15 standalone account-server[128794]: 172.20.0.100 - - [02/Feb/2026:22:36:15 +0000] "PUT /d1/643/AUTH_7df9793668ed44d695a92489552e5f5c/gnocchi.c61c4a74-3f78-4adc-b427-d18f354a291c" 201 - "PUT http://172.20.0.100:6001/d1/859/AUTH_7df9793668ed44d695a92489552e5f5c/gnocchi.c61c4a74-3f78-4adc-b427-d18f354a291c" "tx522c39b0dee14a3e8d8a7-00698126df" "container-server 14" 0.0108 "-" 21 0
Feb 2 22:36:15 standalone container-server[128808]: 172.20.0.100 - - [02/Feb/2026:22:36:15 +0000] "PUT /d1/859/AUTH_7df9793668ed44d695a92489552e5f5c/gnocchi.c61c4a74-3f78-4adc-b427-d18f354a291c" 201 - "PUT http://172.18.0.2:8080/v1/AUTH_7df9793668ed44d695a92489552e5f5c/gnocchi.c61c4a74-3f78-4adc-b427-d18f354a291c" "tx522c39b0dee14a3e8d8a7-00698126df" "proxy-server 20" 0.0287 "-" 14 0
Feb 2 22:36:15 standalone proxy-server[131026]: 172.18.0.2 172.18.0.100 02/Feb/2026/22/36/15 PUT /v1/AUTH_7df9793668ed44d695a92489552e5f5c/gnocchi.c61c4a74-3f78-4adc-b427-d18f354a291c HTTP/1.0 201 - python-swiftclient-3.11.1 gAAAAABpgSaZAKP7... - - - tx522c39b0dee14a3e8d8a7-00698126df - 0.0431 - - 1770071775.479830265 1770071775.522966385 0
Feb 2 22:36:15 standalone container-server[128808]: 172.20.0.100 - - [02/Feb/2026:22:36:15 +0000] "HEAD /d1/859/AUTH_7df9793668ed44d695a92489552e5f5c/gnocchi.c61c4a74-3f78-4adc-b427-d18f354a291c" 204 - "HEAD http://172.18.0.2:8080/v1/AUTH_7df9793668ed44d695a92489552e5f5c/gnocchi.c61c4a74-3f78-4adc-b427-d18f354a291c?format=json&states=listing" "tx3a1f816f2a774484bf2a4-00698126df" "proxy-server 20" 0.0014 "-" 14 0
Feb 2 22:36:15 standalone proxy-server[131026]: - - 02/Feb/2026/22/36/15 HEAD /v1/AUTH_7df9793668ed44d695a92489552e5f5c/gnocchi.c61c4a74-3f78-4adc-b427-d18f354a291c%3Fformat%3Djson%26states%3Dlisting HTTP/1.0 204 - Swift - - - - tx3a1f816f2a774484bf2a4-00698126df - 0.0060 RL - 1770071775.529417276 1770071775.535443306 0
Feb 2 22:36:15 standalone container-server[128809]: 172.20.0.100 - - [02/Feb/2026:22:36:15 +0000] "GET /d1/859/AUTH_7df9793668ed44d695a92489552e5f5c/gnocchi.c61c4a74-3f78-4adc-b427-d18f354a291c" 200 2 "GET http://172.18.0.2:8080/v1/AUTH_7df9793668ed44d695a92489552e5f5c/gnocchi.c61c4a74-3f78-4adc-b427-d18f354a291c?format=json&states=listing" "tx3a1f816f2a774484bf2a4-00698126df" "proxy-server 20" 0.0047 "-" 15 0
Feb 2 22:36:15 standalone proxy-server[131026]: 172.18.0.2 172.18.0.100 02/Feb/2026/22/36/15 GET /v1/AUTH_7df9793668ed44d695a92489552e5f5c/gnocchi.c61c4a74-3f78-4adc-b427-d18f354a291c%3Fformat%3Djson%26states%3Dlisting HTTP/1.0 200 - python-swiftclient-3.11.1 gAAAAABpgSaZAKP7... - 2 - tx3a1f816f2a774484bf2a4-00698126df - 0.0234 - - 1770071775.527713776 1770071775.551080227 0
Feb 2 22:36:15 standalone object-server[128968]: 172.20.0.100 - - [02/Feb/2026:22:36:15 +0000] "GET /d1/344/AUTH_7df9793668ed44d695a92489552e5f5c/gnocchi.c61c4a74-3f78-4adc-b427-d18f354a291c/1769040000.0_mean_300.0_v3" 404 70 "GET http://172.18.0.2:8080/v1/AUTH_7df9793668ed44d695a92489552e5f5c/gnocchi.c61c4a74-3f78-4adc-b427-d18f354a291c/1769040000.0_mean_300.0_v3" "tx098c7dbf044244e6bb4f2-00698126df" "proxy-server 20" 0.0010 "-" 21 0
Feb 2 22:36:15 standalone proxy-server[131026]: 172.18.0.2 172.18.0.100 02/Feb/2026/22/36/15 GET /v1/AUTH_7df9793668ed44d695a92489552e5f5c/gnocchi.c61c4a74-3f78-4adc-b427-d18f354a291c/1769040000.0_mean_300.0_v3 HTTP/1.0 404 - python-swiftclient-3.11.1 gAAAAABpgSaZAKP7... - 70 - tx098c7dbf044244e6bb4f2-00698126df - 0.0161 - - 1770071775.557305098 1770071775.573436499 0
Feb 2 22:36:15 standalone container-server[128811]: 172.20.0.100 - - [02/Feb/2026:22:36:15 +0000] "PUT /d1/859/AUTH_7df9793668ed44d695a92489552e5f5c/gnocchi.c61c4a74-3f78-4adc-b427-d18f354a291c/1769040000.0_mean_300.0_v3" 201 - "PUT http://172.18.0.2:8080/d1/344/AUTH_7df9793668ed44d695a92489552e5f5c/gnocchi.c61c4a74-3f78-4adc-b427-d18f354a291c/1769040000.0_mean_300.0_v3" "txcd5730db928847879adbe-00698126df" "object-server 25" 0.0012 "-" 16 0
Feb 2 22:36:15 standalone object-server[128973]: 172.20.0.100 - - [02/Feb/2026:22:36:15 +0000] "PUT /d1/344/AUTH_7df9793668ed44d695a92489552e5f5c/gnocchi.c61c4a74-3f78-4adc-b427-d18f354a291c/1769040000.0_mean_300.0_v3" 201 - "PUT http://172.18.0.2:8080/v1/AUTH_7df9793668ed44d695a92489552e5f5c/gnocchi.c61c4a74-3f78-4adc-b427-d18f354a291c/1769040000.0_mean_300.0_v3" "txcd5730db928847879adbe-00698126df" "proxy-server 20" 0.0215 "-" 25 0
Feb 2 22:36:15 standalone proxy-server[131026]: 172.18.0.2 172.18.0.100 02/Feb/2026/22/36/15 PUT /v1/AUTH_7df9793668ed44d695a92489552e5f5c/gnocchi.c61c4a74-3f78-4adc-b427-d18f354a291c/1769040000.0_mean_300.0_v3 HTTP/1.0 201 - python-swiftclient-3.11.1 gAAAAABpgSaZAKP7... 16 - - txcd5730db928847879adbe-00698126df - 0.0322 - - 1770071775.579759598 1770071775.611918449 0
Feb 2 22:36:15 standalone container-server[128809]: 172.20.0.100 - - [02/Feb/2026:22:36:15 +0000] "PUT /d1/859/AUTH_7df9793668ed44d695a92489552e5f5c/gnocchi.c61c4a74-3f78-4adc-b427-d18f354a291c/none_v3" 201 - "PUT http://172.18.0.2:8080/d1/268/AUTH_7df9793668ed44d695a92489552e5f5c/gnocchi.c61c4a74-3f78-4adc-b427-d18f354a291c/none_v3" "txb0878184aa7b4b3b91e66-00698126df" "object-server 21" 0.0009 "-" 15 0
Feb 2 22:36:15 standalone object-server[128968]: 172.20.0.100 - - [02/Feb/2026:22:36:15 +0000] "PUT /d1/268/AUTH_7df9793668ed44d695a92489552e5f5c/gnocchi.c61c4a74-3f78-4adc-b427-d18f354a291c/none_v3" 201 - "PUT http://172.18.0.2:8080/v1/AUTH_7df9793668ed44d695a92489552e5f5c/gnocchi.c61c4a74-3f78-4adc-b427-d18f354a291c/none_v3" "txb0878184aa7b4b3b91e66-00698126df" "proxy-server 20" 0.0116 "-" 21 0
Feb 2 22:36:15 standalone proxy-server[131026]: 172.18.0.2 172.18.0.100 02/Feb/2026/22/36/15 PUT /v1/AUTH_7df9793668ed44d695a92489552e5f5c/gnocchi.c61c4a74-3f78-4adc-b427-d18f354a291c/none_v3 HTTP/1.0 201 - python-swiftclient-3.11.1 gAAAAABpgSaZAKP7... 22 - - txb0878184aa7b4b3b91e66-00698126df - 0.0212 - - 1770071775.619839191 1770071775.641056776 0
Feb 2 22:36:44 standalone container-server[128808]: 172.20.0.100 - - [02/Feb/2026:22:36:44 +0000] "HEAD /d1/473/AUTH_7df9793668ed44d695a92489552e5f5c/gnocchi.954d8934-484a-4cfd-b2e5-c379c791cc06" 404 - "HEAD http://172.18.0.2:8080/v1/AUTH_7df9793668ed44d695a92489552e5f5c/gnocchi.954d8934-484a-4cfd-b2e5-c379c791cc06?format=json&states=listing" "txf716142b670648dca3cea-00698126fc" "proxy-server 20" 0.0006 "-" 14 0
Feb 2 22:36:44 standalone object-server[128968]: 172.20.0.100 - - [02/Feb/2026:22:36:44 +0000] "GET /d1/929/AUTH_7df9793668ed44d695a92489552e5f5c/gnocchi.954d8934-484a-4cfd-b2e5-c379c791cc06/none_v3" 404 70 "GET http://172.18.0.2:8080/v1/AUTH_7df9793668ed44d695a92489552e5f5c/gnocchi.954d8934-484a-4cfd-b2e5-c379c791cc06/none_v3" "txf716142b670648dca3cea-00698126fc" "proxy-server 20" 0.0005 "-" 21 0
Feb 2 22:36:44 standalone proxy-server[131026]: 172.18.0.2 172.18.0.100 02/Feb/2026/22/36/44 GET /v1/AUTH_7df9793668ed44d695a92489552e5f5c/gnocchi.954d8934-484a-4cfd-b2e5-c379c791cc06/none_v3 HTTP/1.0 404 - python-swiftclient-3.11.1 gAAAAABpgSaZAKP7... - 70 - txf716142b670648dca3cea-00698126fc - 0.0119 - - 1770071804.820147753 1770071804.832094669 0
Feb 2 22:36:44 standalone account-server[128795]: 172.20.0.100 - - [02/Feb/2026:22:36:44 +0000] "PUT /d1/643/AUTH_7df9793668ed44d695a92489552e5f5c/gnocchi.954d8934-484a-4cfd-b2e5-c379c791cc06" 201 - "PUT http://172.20.0.100:6001/d1/473/AUTH_7df9793668ed44d695a92489552e5f5c/gnocchi.954d8934-484a-4cfd-b2e5-c379c791cc06" "tx328725724de94e3e93ed8-00698126fc" "container-server 15" 0.0297 "-" 22 0
Feb 2 22:36:44 standalone container-server[128809]: 172.20.0.100 - - [02/Feb/2026:22:36:44 +0000] "PUT /d1/473/AUTH_7df9793668ed44d695a92489552e5f5c/gnocchi.954d8934-484a-4cfd-b2e5-c379c791cc06" 201 - "PUT http://172.18.0.2:8080/v1/AUTH_7df9793668ed44d695a92489552e5f5c/gnocchi.954d8934-484a-4cfd-b2e5-c379c791cc06" "tx328725724de94e3e93ed8-00698126fc" "proxy-server 20" 0.0585 "-" 15 0
Feb 2 22:36:44 standalone proxy-server[131026]: 172.18.0.2 172.18.0.100 02/Feb/2026/22/36/44 PUT /v1/AUTH_7df9793668ed44d695a92489552e5f5c/gnocchi.954d8934-484a-4cfd-b2e5-c379c791cc06 HTTP/1.0 201 - python-swiftclient-3.11.1 gAAAAABpgSaZAKP7... - - - tx328725724de94e3e93ed8-00698126fc - 0.0648 - - 1770071804.835466862 1770071804.900218487 0
Feb 2 22:36:44 standalone container-server[128816]: 172.20.0.100 - - [02/Feb/2026:22:36:44 +0000] "HEAD /d1/473/AUTH_7df9793668ed44d695a92489552e5f5c/gnocchi.954d8934-484a-4cfd-b2e5-c379c791cc06" 204 - "HEAD http://172.18.0.2:8080/v1/AUTH_7df9793668ed44d695a92489552e5f5c/gnocchi.954d8934-484a-4cfd-b2e5-c379c791cc06?format=json&states=listing" "tx0807fddca2b6415580964-00698126fc" "proxy-server 20" 0.0015 "-" 17 0
Feb 2 22:36:44 standalone proxy-server[131026]: - - 02/Feb/2026/22/36/44 HEAD /v1/AUTH_7df9793668ed44d695a92489552e5f5c/gnocchi.954d8934-484a-4cfd-b2e5-c379c791cc06%3Fformat%3Djson%26states%3Dlisting HTTP/1.0 204 - Swift - - - - tx0807fddca2b6415580964-00698126fc - 0.0054 RL - 1770071804.907569170 1770071804.912926912 0
Feb 2 22:36:44 standalone container-server[128811]: 172.20.0.100 - - [02/Feb/2026:22:36:44 +0000] "GET /d1/473/AUTH_7df9793668ed44d695a92489552e5f5c/gnocchi.954d8934-484a-4cfd-b2e5-c379c791cc06" 200 2 "GET http://172.18.0.2:8080/v1/AUTH_7df9793668ed44d695a92489552e5f5c/gnocchi.954d8934-484a-4cfd-b2e5-c379c791cc06?format=json&states=listing" "tx0807fddca2b6415580964-00698126fc" "proxy-server 20" 0.0028 "-" 16 0
Feb 2 22:36:44 standalone proxy-server[131026]: 172.18.0.2 172.18.0.100 02/Feb/2026/22/36/44 GET /v1/AUTH_7df9793668ed44d695a92489552e5f5c/gnocchi.954d8934-484a-4cfd-b2e5-c379c791cc06%3Fformat%3Djson%26states%3Dlisting HTTP/1.0 200 - python-swiftclient-3.11.1 gAAAAABpgSaZAKP7... - 2 - tx0807fddca2b6415580964-00698126fc - 0.0164 - - 1770071804.906206608 1770071804.922626972 0
Feb 2 22:36:44 standalone object-server[128972]: 172.20.0.100 - - [02/Feb/2026:22:36:44 +0000] "GET /d1/793/AUTH_7df9793668ed44d695a92489552e5f5c/gnocchi.954d8934-484a-4cfd-b2e5-c379c791cc06/1769040000.0_mean_300.0_v3" 404 70 "GET http://172.18.0.2:8080/v1/AUTH_7df9793668ed44d695a92489552e5f5c/gnocchi.954d8934-484a-4cfd-b2e5-c379c791cc06/1769040000.0_mean_300.0_v3" "tx944edc5a77cc4699aefdf-00698126fc" "proxy-server 20" 0.0004 "-" 24 0
Feb 2 22:36:44 standalone proxy-server[131026]: 172.18.0.2 172.18.0.100 02/Feb/2026/22/36/44 GET /v1/AUTH_7df9793668ed44d695a92489552e5f5c/gnocchi.954d8934-484a-4cfd-b2e5-c379c791cc06/1769040000.0_mean_300.0_v3 HTTP/1.0 404 - python-swiftclient-3.11.1 gAAAAABpgSaZAKP7... - 70 - tx944edc5a77cc4699aefdf-00698126fc - 0.0071 - - 1770071804.926671982 1770071804.933752060 0
Feb 2 22:36:44 standalone container-server[128808]: 172.20.0.100 - - [02/Feb/2026:22:36:44 +0000] "PUT /d1/473/AUTH_7df9793668ed44d695a92489552e5f5c/gnocchi.954d8934-484a-4cfd-b2e5-c379c791cc06/1769040000.0_mean_300.0_v3" 201 - "PUT http://172.18.0.2:8080/d1/793/AUTH_7df9793668ed44d695a92489552e5f5c/gnocchi.954d8934-484a-4cfd-b2e5-c379c791cc06/1769040000.0_mean_300.0_v3" "tx18ac4a1194b3405fbb797-00698126fc" "object-server 25" 0.0005 "-" 14 0
Feb 2 22:36:44 standalone object-server[128973]: 172.20.0.100 - - [02/Feb/2026:22:36:44 +0000] "PUT /d1/793/AUTH_7df9793668ed44d695a92489552e5f5c/gnocchi.954d8934-484a-4cfd-b2e5-c379c791cc06/1769040000.0_mean_300.0_v3" 201 - "PUT http://172.18.0.2:8080/v1/AUTH_7df9793668ed44d695a92489552e5f5c/gnocchi.954d8934-484a-4cfd-b2e5-c379c791cc06/1769040000.0_mean_300.0_v3" "tx18ac4a1194b3405fbb797-00698126fc" "proxy-server 20" 0.0557 "-" 25 0
Feb 2 22:36:45 standalone proxy-server[131026]: 172.18.0.2 172.18.0.100 02/Feb/2026/22/36/44 PUT /v1/AUTH_7df9793668ed44d695a92489552e5f5c/gnocchi.954d8934-484a-4cfd-b2e5-c379c791cc06/1769040000.0_mean_300.0_v3 HTTP/1.0 201 - python-swiftclient-3.11.1 gAAAAABpgSaZAKP7... 16 - - tx18ac4a1194b3405fbb797-00698126fc - 0.0623 - - 1770071804.936839342 1770071804.999123096 0
Feb 2 22:36:45 standalone container-server[128808]: 172.20.0.100 - - [02/Feb/2026:22:36:45 +0000] "PUT /d1/473/AUTH_7df9793668ed44d695a92489552e5f5c/gnocchi.954d8934-484a-4cfd-b2e5-c379c791cc06/none_v3" 201 - "PUT http://172.18.0.2:8080/d1/929/AUTH_7df9793668ed44d695a92489552e5f5c/gnocchi.954d8934-484a-4cfd-b2e5-c379c791cc06/none_v3" "txefa06c5af95e4251b2cfe-00698126fd" "object-server 22" 0.0005 "-" 14 0
Feb 2 22:36:45 standalone object-server[128969]: 172.20.0.100 - - [02/Feb/2026:22:36:45 +0000] "PUT /d1/929/AUTH_7df9793668ed44d695a92489552e5f5c/gnocchi.954d8934-484a-4cfd-b2e5-c379c791cc06/none_v3" 201 - "PUT http://172.18.0.2:8080/v1/AUTH_7df9793668ed44d695a92489552e5f5c/gnocchi.954d8934-484a-4cfd-b2e5-c379c791cc06/none_v3" "txefa06c5af95e4251b2cfe-00698126fd" "proxy-server 20" 0.0308 "-" 22 0
Feb 2 22:36:45 standalone proxy-server[131026]: 172.18.0.2 172.18.0.100 02/Feb/2026/22/36/45 PUT /v1/AUTH_7df9793668ed44d695a92489552e5f5c/gnocchi.954d8934-484a-4cfd-b2e5-c379c791cc06/none_v3 HTTP/1.0 201 - python-swiftclient-3.11.1 gAAAAABpgSaZAKP7... 22 - - txefa06c5af95e4251b2cfe-00698126fd - 0.0430 - - 1770071805.008816242 1770071805.051771164 0
Feb 2 22:36:45 standalone object-server[128969]: 172.20.0.100 - - [02/Feb/2026:22:36:45 +0000] "GET /d1/995/AUTH_7df9793668ed44d695a92489552e5f5c/gnocchi.fb5d1a88-c719-438d-8cb0-f32242c58f78/none_v3" 200 22 "GET http://172.18.0.2:8080/v1/AUTH_7df9793668ed44d695a92489552e5f5c/gnocchi.fb5d1a88-c719-438d-8cb0-f32242c58f78/none_v3" "tx0111c24c81f14aa085131-00698126fd" "proxy-server 20" 0.0007 "-" 22 0
Feb 2 22:36:45 standalone proxy-server[131026]: 172.18.0.2 172.18.0.100 02/Feb/2026/22/36/45 GET /v1/AUTH_7df9793668ed44d695a92489552e5f5c/gnocchi.fb5d1a88-c719-438d-8cb0-f32242c58f78/none_v3 HTTP/1.0 200 - python-swiftclient-3.11.1 gAAAAABpgSaZAKP7... - 22 - tx0111c24c81f14aa085131-00698126fd - 0.0069 - - 1770071805.117753267 1770071805.124626160 0
Feb 2 22:36:45 standalone container-server[128811]: 172.20.0.100 - - [02/Feb/2026:22:36:45 +0000] "GET /d1/1020/AUTH_7df9793668ed44d695a92489552e5f5c/gnocchi.fb5d1a88-c719-438d-8cb0-f32242c58f78" 200 357 "GET http://172.18.0.2:8080/v1/AUTH_7df9793668ed44d695a92489552e5f5c/gnocchi.fb5d1a88-c719-438d-8cb0-f32242c58f78?format=json&states=listing" "tx859fd08ef2ec4394844de-00698126fd" "proxy-server 20" 0.0098 "-" 16 0
Feb 2 22:36:45 standalone proxy-server[131026]: 172.18.0.2 172.18.0.100 02/Feb/2026/22/36/45 GET /v1/AUTH_7df9793668ed44d695a92489552e5f5c/gnocchi.fb5d1a88-c719-438d-8cb0-f32242c58f78%3Fformat%3Djson%26states%3Dlisting HTTP/1.0 200 - python-swiftclient-3.11.1 gAAAAABpgSaZAKP7... - 357 - tx859fd08ef2ec4394844de-00698126fd - 0.0184 - - 1770071805.129287004 1770071805.147638798 0
Feb 2 22:36:45 standalone container-server[128811]: 172.20.0.100 - - [02/Feb/2026:22:36:45 +0000] "GET /d1/1020/AUTH_7df9793668ed44d695a92489552e5f5c/gnocchi.fb5d1a88-c719-438d-8cb0-f32242c58f78" 200 2 "GET http://172.18.0.2:8080/v1/AUTH_7df9793668ed44d695a92489552e5f5c/gnocchi.fb5d1a88-c719-438d-8cb0-f32242c58f78?format=json&marker=none_v3&states=listing" "txc9754cdde000424b8c1a4-00698126fd" "proxy-server 20" 0.0025 "-" 16 0
Feb 2 22:36:45 standalone proxy-server[131026]: 172.18.0.2 172.18.0.100 02/Feb/2026/22/36/45 GET /v1/AUTH_7df9793668ed44d695a92489552e5f5c/gnocchi.fb5d1a88-c719-438d-8cb0-f32242c58f78%3Fformat%3Djson%26marker%3Dnone_v3%26states%3Dlisting HTTP/1.0 200 - python-swiftclient-3.11.1 gAAAAABpgSaZAKP7... - 2 - txc9754cdde000424b8c1a4-00698126fd - 0.0102 - - 1770071805.151407003 1770071805.161623716 0
Feb 2 22:36:45 standalone object-server[128972]: 172.20.0.100 - - [02/Feb/2026:22:36:45 +0000] "GET /d1/913/AUTH_7df9793668ed44d695a92489552e5f5c/gnocchi.fb5d1a88-c719-438d-8cb0-f32242c58f78/1769040000.0_mean_300.0_v3" 200 16 "GET http://172.18.0.2:8080/v1/AUTH_7df9793668ed44d695a92489552e5f5c/gnocchi.fb5d1a88-c719-438d-8cb0-f32242c58f78/1769040000.0_mean_300.0_v3" "txfe1eac56e11346c9a5f85-00698126fd" "proxy-server 20" 0.0007 "-" 24 0
Feb 2 22:36:45 standalone proxy-server[131026]: 172.18.0.2 172.18.0.100 02/Feb/2026/22/36/45 GET /v1/AUTH_7df9793668ed44d695a92489552e5f5c/gnocchi.fb5d1a88-c719-438d-8cb0-f32242c58f78/1769040000.0_mean_300.0_v3 HTTP/1.0 200 - python-swiftclient-3.11.1 gAAAAABpgSaZAKP7... - 16 - txfe1eac56e11346c9a5f85-00698126fd - 0.0090 - - 1770071805.166277409 1770071805.175294638 0
Feb 2 22:36:45 standalone container-server[128808]: 172.20.0.100 - - [02/Feb/2026:22:36:45 +0000] "PUT /d1/1020/AUTH_7df9793668ed44d695a92489552e5f5c/gnocchi.fb5d1a88-c719-438d-8cb0-f32242c58f78/1769040000.0_mean_300.0_v3" 201 - "PUT http://172.18.0.2:8080/d1/913/AUTH_7df9793668ed44d695a92489552e5f5c/gnocchi.fb5d1a88-c719-438d-8cb0-f32242c58f78/1769040000.0_mean_300.0_v3" "txb69dba8d433e446aaa83c-00698126fd" "object-server 21" 0.0005 "-" 14 0
Feb 2 22:36:45 standalone object-server[128968]: 172.20.0.100 - - [02/Feb/2026:22:36:45 +0000] "PUT /d1/913/AUTH_7df9793668ed44d695a92489552e5f5c/gnocchi.fb5d1a88-c719-438d-8cb0-f32242c58f78/1769040000.0_mean_300.0_v3" 201 - "PUT http://172.18.0.2:8080/v1/AUTH_7df9793668ed44d695a92489552e5f5c/gnocchi.fb5d1a88-c719-438d-8cb0-f32242c58f78/1769040000.0_mean_300.0_v3" "txb69dba8d433e446aaa83c-00698126fd" "proxy-server 20" 0.0079 "-" 21 0
Feb 2 22:36:45 standalone proxy-server[131026]: 172.18.0.2 172.18.0.100 02/Feb/2026/22/36/45 PUT /v1/AUTH_7df9793668ed44d695a92489552e5f5c/gnocchi.fb5d1a88-c719-438d-8cb0-f32242c58f78/1769040000.0_mean_300.0_v3 HTTP/1.0 201 - python-swiftclient-3.11.1 gAAAAABpgSaZAKP7... 16 - - txb69dba8d433e446aaa83c-00698126fd - 0.0134 - - 1770071805.179763794 1770071805.193204403 0
Feb 2 22:36:45 standalone container-server[128816]: 172.20.0.100 - - [02/Feb/2026:22:36:45 +0000] "PUT /d1/1020/AUTH_7df9793668ed44d695a92489552e5f5c/gnocchi.fb5d1a88-c719-438d-8cb0-f32242c58f78/none_v3" 201 - "PUT http://172.18.0.2:8080/d1/995/AUTH_7df9793668ed44d695a92489552e5f5c/gnocchi.fb5d1a88-c719-438d-8cb0-f32242c58f78/none_v3" "txa3abfcb342114295908b3-00698126fd" "object-server 25" 0.0006 "-" 17 0
Feb 2 22:36:45 standalone object-server[128973]: 172.20.0.100 - - [02/Feb/2026:22:36:45 +0000] "PUT /d1/995/AUTH_7df9793668ed44d695a92489552e5f5c/gnocchi.fb5d1a88-c719-438d-8cb0-f32242c58f78/none_v3" 201 - "PUT http://172.18.0.2:8080/v1/AUTH_7df9793668ed44d695a92489552e5f5c/gnocchi.fb5d1a88-c719-438d-8cb0-f32242c58f78/none_v3" "txa3abfcb342114295908b3-00698126fd" "proxy-server 20" 0.0090 "-" 25 0
Feb 2 22:36:45 standalone proxy-server[131026]: 172.18.0.2 172.18.0.100 02/Feb/2026/22/36/45 PUT /v1/AUTH_7df9793668ed44d695a92489552e5f5c/gnocchi.fb5d1a88-c719-438d-8cb0-f32242c58f78/none_v3 HTTP/1.0 201 - python-swiftclient-3.11.1 gAAAAABpgSaZAKP7... 33 - - txa3abfcb342114295908b3-00698126fd - 0.0145 - - 1770071805.197407484 1770071805.211901426 0
Feb 2 22:36:45 standalone object-server[128973]: 172.20.0.100 - - [02/Feb/2026:22:36:45 +0000] "GET /d1/836/AUTH_7df9793668ed44d695a92489552e5f5c/gnocchi.2e80d78b-44f3-40e4-a2b4-07bddce34d6e/none_v3" 200 22 "GET http://172.18.0.2:8080/v1/AUTH_7df9793668ed44d695a92489552e5f5c/gnocchi.2e80d78b-44f3-40e4-a2b4-07bddce34d6e/none_v3" "txd63ca5eb04ba40e58d029-00698126fd" "proxy-server 20" 0.0007 "-" 25 0
Feb 2 22:36:45 standalone proxy-server[131026]: 172.18.0.2 172.18.0.100 02/Feb/2026/22/36/45 GET /v1/AUTH_7df9793668ed44d695a92489552e5f5c/gnocchi.2e80d78b-44f3-40e4-a2b4-07bddce34d6e/none_v3 HTTP/1.0 200 - python-swiftclient-3.11.1 gAAAAABpgSaZAKP7... - 22 - txd63ca5eb04ba40e58d029-00698126fd - 0.0060 - - 1770071805.227868319 1770071805.233841658 0
Feb 2 22:36:45 standalone container-server[128816]: 172.20.0.100 - - [02/Feb/2026:22:36:45 +0000] "GET /d1/406/AUTH_7df9793668ed44d695a92489552e5f5c/gnocchi.2e80d78b-44f3-40e4-a2b4-07bddce34d6e" 200 357 "GET http://172.18.0.2:8080/v1/AUTH_7df9793668ed44d695a92489552e5f5c/gnocchi.2e80d78b-44f3-40e4-a2b4-07bddce34d6e?format=json&states=listing" "txce499927f89743ca909e8-00698126fd" "proxy-server 20" 0.0108 "-" 17 0
Feb 2 22:36:45 standalone proxy-server[131026]: 172.18.0.2 172.18.0.100 02/Feb/2026/22/36/45 GET /v1/AUTH_7df9793668ed44d695a92489552e5f5c/gnocchi.2e80d78b-44f3-40e4-a2b4-07bddce34d6e%3Fformat%3Djson%26states%3Dlisting HTTP/1.0 200 - python-swiftclient-3.11.1 gAAAAABpgSaZAKP7... - 357 - txce499927f89743ca909e8-00698126fd - 0.0157 - - 1770071805.237799406 1770071805.253484249 0
Feb 2 22:36:45 standalone container-server[128809]: 172.20.0.100 - - [02/Feb/2026:22:36:45 +0000] "GET /d1/406/AUTH_7df9793668ed44d695a92489552e5f5c/gnocchi.2e80d78b-44f3-40e4-a2b4-07bddce34d6e" 200 2 "GET http://172.18.0.2:8080/v1/AUTH_7df9793668ed44d695a92489552e5f5c/gnocchi.2e80d78b-44f3-40e4-a2b4-07bddce34d6e?format=json&marker=none_v3&states=listing" "txfb93863a74474b9ba8e4e-00698126fd" "proxy-server 20" 0.0020 "-" 15 0
Feb 2 22:36:45 standalone proxy-server[131026]: 172.18.0.2 172.18.0.100 02/Feb/2026/22/36/45 GET /v1/AUTH_7df9793668ed44d695a92489552e5f5c/gnocchi.2e80d78b-44f3-40e4-a2b4-07bddce34d6e%3Fformat%3Djson%26marker%3Dnone_v3%26states%3Dlisting HTTP/1.0 200 - python-swiftclient-3.11.1 gAAAAABpgSaZAKP7... - 2 - txfb93863a74474b9ba8e4e-00698126fd - 0.0083 - - 1770071805.293247461 1770071805.301596403 0
Feb 2 22:36:45 standalone object-server[128972]: 172.20.0.100 - - [02/Feb/2026:22:36:45 +0000] "GET /d1/354/AUTH_7df9793668ed44d695a92489552e5f5c/gnocchi.2e80d78b-44f3-40e4-a2b4-07bddce34d6e/1769040000.0_mean_300.0_v3" 200 16 "GET http://172.18.0.2:8080/v1/AUTH_7df9793668ed44d695a92489552e5f5c/gnocchi.2e80d78b-44f3-40e4-a2b4-07bddce34d6e/1769040000.0_mean_300.0_v3" "tx581630a3e2f0476e9dbc4-00698126fd" "proxy-server 20" 0.0007 "-" 24 0
Feb 2 22:36:45 standalone proxy-server[131026]: 172.18.0.2 172.18.0.100 02/Feb/2026/22/36/45 GET /v1/AUTH_7df9793668ed44d695a92489552e5f5c/gnocchi.2e80d78b-44f3-40e4-a2b4-07bddce34d6e/1769040000.0_mean_300.0_v3 HTTP/1.0 200 - python-swiftclient-3.11.1 gAAAAABpgSaZAKP7... - 16 - tx581630a3e2f0476e9dbc4-00698126fd - 0.0051 - - 1770071805.305676460 1770071805.310784340 0
Feb 2 22:36:45 standalone container-server[128808]: 172.20.0.100 - - [02/Feb/2026:22:36:45 +0000] "PUT /d1/406/AUTH_7df9793668ed44d695a92489552e5f5c/gnocchi.2e80d78b-44f3-40e4-a2b4-07bddce34d6e/1769040000.0_mean_300.0_v3" 201 - "PUT http://172.18.0.2:8080/d1/354/AUTH_7df9793668ed44d695a92489552e5f5c/gnocchi.2e80d78b-44f3-40e4-a2b4-07bddce34d6e/1769040000.0_mean_300.0_v3" "tx65ddd32f9f944052a5b60-00698126fd" "object-server 24" 0.0006 "-" 14 0
Feb 2 22:36:45 standalone object-server[128972]: 172.20.0.100 - - [02/Feb/2026:22:36:45 +0000] "PUT /d1/354/AUTH_7df9793668ed44d695a92489552e5f5c/gnocchi.2e80d78b-44f3-40e4-a2b4-07bddce34d6e/1769040000.0_mean_300.0_v3" 201 - "PUT http://172.18.0.2:8080/v1/AUTH_7df9793668ed44d695a92489552e5f5c/gnocchi.2e80d78b-44f3-40e4-a2b4-07bddce34d6e/1769040000.0_mean_300.0_v3" "tx65ddd32f9f944052a5b60-00698126fd" "proxy-server 20" 0.0096 "-" 24 0
Feb 2 22:36:45 standalone proxy-server[131026]: 172.18.0.2 172.18.0.100 02/Feb/2026/22/36/45 PUT /v1/AUTH_7df9793668ed44d695a92489552e5f5c/gnocchi.2e80d78b-44f3-40e4-a2b4-07bddce34d6e/1769040000.0_mean_300.0_v3 HTTP/1.0 201 - python-swiftclient-3.11.1 gAAAAABpgSaZAKP7... 16 - - tx65ddd32f9f944052a5b60-00698126fd - 0.0137 - - 1770071805.314430475 1770071805.328130722 0
Feb 2 22:36:45 standalone container-server[128816]: 172.20.0.100 - - [02/Feb/2026:22:36:45 +0000] "PUT /d1/406/AUTH_7df9793668ed44d695a92489552e5f5c/gnocchi.2e80d78b-44f3-40e4-a2b4-07bddce34d6e/none_v3" 201 - "PUT http://172.18.0.2:8080/d1/836/AUTH_7df9793668ed44d695a92489552e5f5c/gnocchi.2e80d78b-44f3-40e4-a2b4-07bddce34d6e/none_v3" "tx5d3ccd69effd4523989bb-00698126fd" "object-server 24" 0.0008 "-" 17 0
Feb 2 22:36:45 standalone object-server[128972]: 172.20.0.100 - - [02/Feb/2026:22:36:45 +0000] "PUT /d1/836/AUTH_7df9793668ed44d695a92489552e5f5c/gnocchi.2e80d78b-44f3-40e4-a2b4-07bddce34d6e/none_v3" 201 - "PUT http://172.18.0.2:8080/v1/AUTH_7df9793668ed44d695a92489552e5f5c/gnocchi.2e80d78b-44f3-40e4-a2b4-07bddce34d6e/none_v3" "tx5d3ccd69effd4523989bb-00698126fd" "proxy-server 20" 0.0093 "-" 24 0
Feb 2 22:36:45 standalone proxy-server[131026]: 172.18.0.2 172.18.0.100 02/Feb/2026/22/36/45 PUT /v1/AUTH_7df9793668ed44d695a92489552e5f5c/gnocchi.2e80d78b-44f3-40e4-a2b4-07bddce34d6e/none_v3 HTTP/1.0 201 - python-swiftclient-3.11.1 gAAAAABpgSaZAKP7... 33 - - tx5d3ccd69effd4523989bb-00698126fd - 0.0148 - - 1770071805.331870794 1770071805.346679211 0
Feb 2 22:36:49 standalone object-server[128972]: 172.20.0.100 - - [02/Feb/2026:22:36:49 +0000] "GET /d1/929/AUTH_7df9793668ed44d695a92489552e5f5c/gnocchi.954d8934-484a-4cfd-b2e5-c379c791cc06/none_v3" 200 22 "GET http://172.18.0.2:8080/v1/AUTH_7df9793668ed44d695a92489552e5f5c/gnocchi.954d8934-484a-4cfd-b2e5-c379c791cc06/none_v3" "txcfd6f7bd4ee140569e53a-0069812701" "proxy-server 20" 0.0019 "-" 24 0
Feb 2 22:36:49 standalone proxy-server[131026]: 172.18.0.2 172.18.0.100 02/Feb/2026/22/36/49 GET /v1/AUTH_7df9793668ed44d695a92489552e5f5c/gnocchi.954d8934-484a-4cfd-b2e5-c379c791cc06/none_v3 HTTP/1.0 200 - python-swiftclient-3.11.1 gAAAAABpgSaZAKP7... - 22 - txcfd6f7bd4ee140569e53a-0069812701 - 0.0137 - - 1770071809.418098450 1770071809.431790113 0
Feb 2 22:36:49 standalone container-server[128816]: 172.20.0.100 - - [02/Feb/2026:22:36:49 +0000] "GET /d1/473/AUTH_7df9793668ed44d695a92489552e5f5c/gnocchi.954d8934-484a-4cfd-b2e5-c379c791cc06" 200 357 "GET http://172.18.0.2:8080/v1/AUTH_7df9793668ed44d695a92489552e5f5c/gnocchi.954d8934-484a-4cfd-b2e5-c379c791cc06?format=json&states=listing" "tx9f60055990c540c5b09b4-0069812701" "proxy-server 20" 0.0113 "-" 17 0
Feb 2 22:36:49 standalone proxy-server[131026]: 172.18.0.2 172.18.0.100 02/Feb/2026/22/36/49 GET /v1/AUTH_7df9793668ed44d695a92489552e5f5c/gnocchi.954d8934-484a-4cfd-b2e5-c379c791cc06%3Fformat%3Djson%26states%3Dlisting HTTP/1.0 200 - python-swiftclient-3.11.1 gAAAAABpgSaZAKP7... - 357 - tx9f60055990c540c5b09b4-0069812701 - 0.0213 - - 1770071809.437554598 1770071809.458818913 0
Feb 2 22:36:49 standalone container-server[128808]: 172.20.0.100 - - [02/Feb/2026:22:36:49 +0000] "GET /d1/473/AUTH_7df9793668ed44d695a92489552e5f5c/gnocchi.954d8934-484a-4cfd-b2e5-c379c791cc06" 200 2 "GET http://172.18.0.2:8080/v1/AUTH_7df9793668ed44d695a92489552e5f5c/gnocchi.954d8934-484a-4cfd-b2e5-c379c791cc06?format=json&marker=none_v3&states=listing" "tx7efb6e5fc4ee4e1ba367b-0069812701" "proxy-server 20" 0.0024 "-" 14 0
Feb 2 22:36:49 standalone proxy-server[131026]: 172.18.0.2 172.18.0.100 02/Feb/2026/22/36/49 GET /v1/AUTH_7df9793668ed44d695a92489552e5f5c/gnocchi.954d8934-484a-4cfd-b2e5-c379c791cc06%3Fformat%3Djson%26marker%3Dnone_v3%26states%3Dlisting HTTP/1.0 200 - python-swiftclient-3.11.1 gAAAAABpgSaZAKP7... - 2 - tx7efb6e5fc4ee4e1ba367b-0069812701 - 0.0115 - - 1770071809.464234591 1770071809.475766182 0
Feb 2 22:36:49 standalone object-server[128968]: 172.20.0.100 - - [02/Feb/2026:22:36:49 +0000] "GET /d1/793/AUTH_7df9793668ed44d695a92489552e5f5c/gnocchi.954d8934-484a-4cfd-b2e5-c379c791cc06/1769040000.0_mean_300.0_v3" 200 16 "GET http://172.18.0.2:8080/v1/AUTH_7df9793668ed44d695a92489552e5f5c/gnocchi.954d8934-484a-4cfd-b2e5-c379c791cc06/1769040000.0_mean_300.0_v3" "tx65cb1c428b844c6ea479c-0069812701" "proxy-server 20" 0.0018 "-" 21 0
Feb 2 22:36:49 standalone proxy-server[131026]: 172.18.0.2 172.18.0.100 02/Feb/2026/22/36/49 GET /v1/AUTH_7df9793668ed44d695a92489552e5f5c/gnocchi.954d8934-484a-4cfd-b2e5-c379c791cc06/1769040000.0_mean_300.0_v3 HTTP/1.0 200 - python-swiftclient-3.11.1 gAAAAABpgSaZAKP7... - 16 - tx65cb1c428b844c6ea479c-0069812701 - 0.0118 - - 1770071809.482506990 1770071809.494286537 0
Feb 2 22:36:49 standalone container-server[128811]: 172.20.0.100 - - [02/Feb/2026:22:36:49 +0000] "PUT /d1/473/AUTH_7df9793668ed44d695a92489552e5f5c/gnocchi.954d8934-484a-4cfd-b2e5-c379c791cc06/1769040000.0_mean_300.0_v3" 201 - "PUT http://172.18.0.2:8080/d1/793/AUTH_7df9793668ed44d695a92489552e5f5c/gnocchi.954d8934-484a-4cfd-b2e5-c379c791cc06/1769040000.0_mean_300.0_v3" "tx02d4e978d895408a950b8-0069812701" "object-server 25" 0.0008 "-" 16 0
Feb 2 22:36:49 standalone object-server[128973]: 172.20.0.100 - - [02/Feb/2026:22:36:49 +0000] "PUT /d1/793/AUTH_7df9793668ed44d695a92489552e5f5c/gnocchi.954d8934-484a-4cfd-b2e5-c379c791cc06/1769040000.0_mean_300.0_v3" 201 - "PUT http://172.18.0.2:8080/v1/AUTH_7df9793668ed44d695a92489552e5f5c/gnocchi.954d8934-484a-4cfd-b2e5-c379c791cc06/1769040000.0_mean_300.0_v3" "tx02d4e978d895408a950b8-0069812701" "proxy-server 20" 0.0118 "-" 25 0
Feb 2 22:36:49 standalone proxy-server[131026]: 172.18.0.2 172.18.0.100 02/Feb/2026/22/36/49 PUT /v1/AUTH_7df9793668ed44d695a92489552e5f5c/gnocchi.954d8934-484a-4cfd-b2e5-c379c791cc06/1769040000.0_mean_300.0_v3 HTTP/1.0 201 - python-swiftclient-3.11.1 gAAAAABpgSaZAKP7... 16 - - tx02d4e978d895408a950b8-0069812701 - 0.0194 - - 1770071809.498872519 1770071809.518269539 0
Feb 2 22:36:49 standalone container-server[128808]: 172.20.0.100 - - [02/Feb/2026:22:36:49 +0000] "PUT /d1/473/AUTH_7df9793668ed44d695a92489552e5f5c/gnocchi.954d8934-484a-4cfd-b2e5-c379c791cc06/none_v3" 201 - "PUT http://172.18.0.2:8080/d1/929/AUTH_7df9793668ed44d695a92489552e5f5c/gnocchi.954d8934-484a-4cfd-b2e5-c379c791cc06/none_v3" "tx53a2b3f4c884420c83ebc-0069812701" "object-server 21" 0.0005 "-" 14 0
Feb 2 22:36:49 standalone object-server[128968]: 172.20.0.100 - - [02/Feb/2026:22:36:49 +0000] "PUT /d1/929/AUTH_7df9793668ed44d695a92489552e5f5c/gnocchi.954d8934-484a-4cfd-b2e5-c379c791cc06/none_v3" 201 - "PUT http://172.18.0.2:8080/v1/AUTH_7df9793668ed44d695a92489552e5f5c/gnocchi.954d8934-484a-4cfd-b2e5-c379c791cc06/none_v3" "tx53a2b3f4c884420c83ebc-0069812701" "proxy-server 20" 0.0144 "-" 21 0
Feb 2 22:36:49 standalone proxy-server[131026]: 172.18.0.2 172.18.0.100 02/Feb/2026/22/36/49 PUT /v1/AUTH_7df9793668ed44d695a92489552e5f5c/gnocchi.954d8934-484a-4cfd-b2e5-c379c791cc06/none_v3 HTTP/1.0 201 - python-swiftclient-3.11.1 gAAAAABpgSaZAKP7... 32 - - tx53a2b3f4c884420c83ebc-0069812701 - 0.0229 - - 1770071809.523679733 1770071809.546598673 0
Feb 2 22:36:59 standalone container-server[128808]: 172.20.0.100 - - [02/Feb/2026:22:36:59 +0000] "HEAD /d1/619/AUTH_7df9793668ed44d695a92489552e5f5c/gnocchi.a048bad5-0db5-4f71-8dec-b67d625a46f9" 404 - "HEAD http://172.18.0.2:8080/v1/AUTH_7df9793668ed44d695a92489552e5f5c/gnocchi.a048bad5-0db5-4f71-8dec-b67d625a46f9?format=json&states=listing" "tx0ba8b09c5c614779a7d49-006981270b" "proxy-server 20" 0.0010 "-" 14 0
Feb 2 22:36:59 standalone object-server[128969]: 172.20.0.100 - - [02/Feb/2026:22:36:59 +0000] "GET /d1/282/AUTH_7df9793668ed44d695a92489552e5f5c/gnocchi.a048bad5-0db5-4f71-8dec-b67d625a46f9/none_v3" 404 70 "GET http://172.18.0.2:8080/v1/AUTH_7df9793668ed44d695a92489552e5f5c/gnocchi.a048bad5-0db5-4f71-8dec-b67d625a46f9/none_v3" "tx0ba8b09c5c614779a7d49-006981270b" "proxy-server 20" 0.0007 "-" 22 0
Feb 2 22:36:59 standalone proxy-server[131026]: 172.18.0.2 172.18.0.100 02/Feb/2026/22/36/59 GET /v1/AUTH_7df9793668ed44d695a92489552e5f5c/gnocchi.a048bad5-0db5-4f71-8dec-b67d625a46f9/none_v3 HTTP/1.0 404 - python-swiftclient-3.11.1 gAAAAABpgSaZAKP7... - 70 - tx0ba8b09c5c614779a7d49-006981270b - 0.0203 - - 1770071819.620518684 1770071819.640781641 0
Feb 2 22:36:59 standalone account-server[128797]: 172.20.0.100 - - [02/Feb/2026:22:36:59 +0000] "PUT /d1/643/AUTH_7df9793668ed44d695a92489552e5f5c/gnocchi.a048bad5-0db5-4f71-8dec-b67d625a46f9" 201 - "PUT http://172.20.0.100:6001/d1/619/AUTH_7df9793668ed44d695a92489552e5f5c/gnocchi.a048bad5-0db5-4f71-8dec-b67d625a46f9" "txb323bea6448c41b485369-006981270b" "container-server 16" 0.0081 "-" 23 0
Feb 2 22:36:59 standalone container-server[128811]: 172.20.0.100 - - [02/Feb/2026:22:36:59 +0000] "PUT /d1/619/AUTH_7df9793668ed44d695a92489552e5f5c/gnocchi.a048bad5-0db5-4f71-8dec-b67d625a46f9" 201 - "PUT http://172.18.0.2:8080/v1/AUTH_7df9793668ed44d695a92489552e5f5c/gnocchi.a048bad5-0db5-4f71-8dec-b67d625a46f9" "txb323bea6448c41b485369-006981270b" "proxy-server 20" 0.0252 "-" 16 0
Feb 2 22:36:59 standalone proxy-server[131026]: 172.18.0.2 172.18.0.100 02/Feb/2026/22/36/59 PUT /v1/AUTH_7df9793668ed44d695a92489552e5f5c/gnocchi.a048bad5-0db5-4f71-8dec-b67d625a46f9 HTTP/1.0 201 - python-swiftclient-3.11.1 gAAAAABpgSaZAKP7... - - - txb323bea6448c41b485369-006981270b - 0.0335 - - 1770071819.644921780 1770071819.678388596 0
Feb 2 22:36:59 standalone container-server[128809]: 172.20.0.100 - - [02/Feb/2026:22:36:59 +0000] "HEAD /d1/619/AUTH_7df9793668ed44d695a92489552e5f5c/gnocchi.a048bad5-0db5-4f71-8dec-b67d625a46f9" 204 - "HEAD http://172.18.0.2:8080/v1/AUTH_7df9793668ed44d695a92489552e5f5c/gnocchi.a048bad5-0db5-4f71-8dec-b67d625a46f9?format=json&states=listing" "tx032de2665c98477fb42c1-006981270b" "proxy-server 20" 0.0022 "-" 15 0
Feb 2 22:36:59 standalone proxy-server[131026]: - - 02/Feb/2026/22/36/59 HEAD /v1/AUTH_7df9793668ed44d695a92489552e5f5c/gnocchi.a048bad5-0db5-4f71-8dec-b67d625a46f9%3Fformat%3Djson%26states%3Dlisting HTTP/1.0 204 - Swift - - - - tx032de2665c98477fb42c1-006981270b - 0.0063 RL - 1770071819.684043407 1770071819.690337181 0
Feb 2 22:36:59 standalone container-server[128809]: 172.20.0.100 - - [02/Feb/2026:22:36:59 +0000] "GET /d1/619/AUTH_7df9793668ed44d695a92489552e5f5c/gnocchi.a048bad5-0db5-4f71-8dec-b67d625a46f9" 200 2 "GET http://172.18.0.2:8080/v1/AUTH_7df9793668ed44d695a92489552e5f5c/gnocchi.a048bad5-0db5-4f71-8dec-b67d625a46f9?format=json&states=listing" "tx032de2665c98477fb42c1-006981270b" "proxy-server 20" 0.0032 "-" 15 0
