2026-02-03 07:30:24.635 15 DEBUG neutron.services.segments.db [req-03f19842-409e-40d6-ad6b-bf03059f2935 d92e705af86343ea8b111c62ac0862f6 56046a43b28d490bba8b741c4dfa6aaf - default default] neutron.services.segments.plugin.Plugin method get_segment called with arguments (, 'external_external_subnet') {'fields': []} wrapper /usr/lib/python3.9/site-packages/oslo_log/helpers.py:65
2026-02-03 07:30:24.643 15 INFO neutron.api.v2.resource [req-03f19842-409e-40d6-ad6b-bf03059f2935 d92e705af86343ea8b111c62ac0862f6 56046a43b28d490bba8b741c4dfa6aaf - default default] show failed (client error): The resource could not be found.
2026-02-03 07:30:24.643 15 INFO neutron.wsgi [req-03f19842-409e-40d6-ad6b-bf03059f2935 d92e705af86343ea8b111c62ac0862f6 56046a43b28d490bba8b741c4dfa6aaf - default default] 192.168.122.99,192.168.122.100 "GET /v2.0/segments/external_external_subnet?network_id=9da2bc30-2f54-40c7-8f80-ee5e96c9e3ba HTTP/1.1" status: 404 len: 308 time: 0.0111048
2026-02-03 07:30:24.650 15 DEBUG neutron.services.segments.db [req-08c7dfe5-621f-4b96-b2aa-20aa8de3c561 d92e705af86343ea8b111c62ac0862f6 56046a43b28d490bba8b741c4dfa6aaf - default default] neutron.services.segments.plugin.Plugin method get_segments called with arguments (,) {'filters': {'name': ['external_external_subnet'], 'network_id': ['9da2bc30-2f54-40c7-8f80-ee5e96c9e3ba']}, 'fields': [], 'sorts': [('id', True)], 'limit': None, 'marker': None, 'page_reverse': False} wrapper /usr/lib/python3.9/site-packages/oslo_log/helpers.py:65
2026-02-03 07:30:24.661 15 INFO neutron.wsgi [req-08c7dfe5-621f-4b96-b2aa-20aa8de3c561 d92e705af86343ea8b111c62ac0862f6 56046a43b28d490bba8b741c4dfa6aaf - default default] 192.168.122.99,192.168.122.100 "GET /v2.0/segments?name=external_external_subnet&network_id=9da2bc30-2f54-40c7-8f80-ee5e96c9e3ba HTTP/1.1" status: 200 len: 541 time: 0.0142570
2026-02-03 07:30:24.691 15 INFO neutron.pecan_wsgi.hooks.translation [req-79f97b88-7195-405d-aee3-326b43244502 d92e705af86343ea8b111c62ac0862f6 56046a43b28d490bba8b741c4dfa6aaf - default default] GET failed (client error): The resource could not be found.
2026-02-03 07:30:24.693 15 INFO neutron.wsgi [req-79f97b88-7195-405d-aee3-326b43244502 d92e705af86343ea8b111c62ac0862f6 56046a43b28d490bba8b741c4dfa6aaf - default default] 192.168.122.99,192.168.122.100 "GET /v2.0/subnets/external_subnet?network_id=9da2bc30-2f54-40c7-8f80-ee5e96c9e3ba HTTP/1.1" status: 404 len: 297 time: 0.0260611
2026-02-03 07:30:24.763 15 DEBUG neutron.pecan_wsgi.hooks.policy_enforcement [req-3e3f57da-7b09-4cec-b95a-b1eece334b37 d92e705af86343ea8b111c62ac0862f6 56046a43b28d490bba8b741c4dfa6aaf - default default] Attributes excluded by policy engine: ['standard_attr_id', 'shared'] _exclude_attributes_by_policy /usr/lib/python3.9/site-packages/neutron/pecan_wsgi/hooks/policy_enforcement.py:259
2026-02-03 07:30:24.764 15 INFO neutron.wsgi [req-3e3f57da-7b09-4cec-b95a-b1eece334b37 d92e705af86343ea8b111c62ac0862f6 56046a43b28d490bba8b741c4dfa6aaf - default default] 192.168.122.99,192.168.122.100 "GET /v2.0/subnets?name=external_subnet&network_id=9da2bc30-2f54-40c7-8f80-ee5e96c9e3ba HTTP/1.1" status: 200 len: 871 time: 0.0678728
2026-02-03 07:30:26.304 18 DEBUG neutron.wsgi [-] (18) accepted ('192.168.122.100', 48096) server /usr/lib/python3.9/site-packages/eventlet/wsgi.py:992
2026-02-03 07:30:26.372 18 INFO neutron.pecan_wsgi.hooks.translation [req-9c0defae-e266-4b45-b776-afb6ac99d940 d92e705af86343ea8b111c62ac0862f6 56046a43b28d490bba8b741c4dfa6aaf - default default] GET failed (client error): The resource could not be found.
2026-02-03 07:30:26.374 18 INFO neutron.wsgi [req-9c0defae-e266-4b45-b776-afb6ac99d940 d92e705af86343ea8b111c62ac0862f6 56046a43b28d490bba8b741c4dfa6aaf - default default] 192.168.122.99,192.168.122.100 "GET /v2.0/networks/storage HTTP/1.1" status: 404 len: 291 time: 0.0691648
2026-02-03 07:30:26.459 18 DEBUG neutron.pecan_wsgi.hooks.policy_enforcement [req-93acf078-0308-4f8c-a84d-a24ea22a23ef d92e705af86343ea8b111c62ac0862f6 56046a43b28d490bba8b741c4dfa6aaf - default default] Attributes excluded by policy engine: ['standard_attr_id', 'vlan_transparent'] _exclude_attributes_by_policy /usr/lib/python3.9/site-packages/neutron/pecan_wsgi/hooks/policy_enforcement.py:259
2026-02-03 07:30:26.460 18 INFO neutron.wsgi [req-93acf078-0308-4f8c-a84d-a24ea22a23ef d92e705af86343ea8b111c62ac0862f6 56046a43b28d490bba8b741c4dfa6aaf - default default] 192.168.122.99,192.168.122.100 "GET /v2.0/networks?name=storage HTTP/1.1" status: 200 len: 1023 time: 0.0815160
2026-02-03 07:30:26.502 18 DEBUG neutron.pecan_wsgi.hooks.policy_enforcement [req-3cafc0bf-84fe-4747-946d-14226b48aae8 d92e705af86343ea8b111c62ac0862f6 56046a43b28d490bba8b741c4dfa6aaf - default default] Attributes excluded by policy engine: ['standard_attr_id', 'shared'] _exclude_attributes_by_policy /usr/lib/python3.9/site-packages/neutron/pecan_wsgi/hooks/policy_enforcement.py:259
2026-02-03 07:30:26.503 18 INFO neutron.wsgi [req-3cafc0bf-84fe-4747-946d-14226b48aae8 d92e705af86343ea8b111c62ac0862f6 56046a43b28d490bba8b741c4dfa6aaf - default default] 192.168.122.99,192.168.122.100 "GET /v2.0/subnets/d55349e2-8b94-454e-8c55-4838f7d4bc23 HTTP/1.1" status: 200 len: 859 time: 0.0359476
2026-02-03 07:30:26.524 18 INFO neutron.pecan_wsgi.hooks.translation [req-46f78b29-7ba7-4649-8aa7-3433534dbd2d d92e705af86343ea8b111c62ac0862f6 56046a43b28d490bba8b741c4dfa6aaf - default default] GET failed (client error): The resource could not be found.
2026-02-03 07:30:26.525 18 INFO neutron.wsgi [req-46f78b29-7ba7-4649-8aa7-3433534dbd2d d92e705af86343ea8b111c62ac0862f6 56046a43b28d490bba8b741c4dfa6aaf - default default] 192.168.122.99,192.168.122.100 "GET /v2.0/networks/storage_mgmt HTTP/1.1" status: 404 len: 296 time: 0.0168493
2026-02-03 07:30:26.529 15 DEBUG neutron.wsgi [-] (15) accepted ('192.168.122.100', 48102) server /usr/lib/python3.9/site-packages/eventlet/wsgi.py:992
2026-02-03 07:30:26.533 15 INFO neutron.wsgi [-] 192.168.122.100 "GET /healthcheck HTTP/1.0" status: 200 len: 137 time: 0.0027359
2026-02-03 07:30:26.586 18 DEBUG neutron.pecan_wsgi.hooks.policy_enforcement [req-ab6bc96b-0bdd-461f-9b78-11b5c785665d d92e705af86343ea8b111c62ac0862f6 56046a43b28d490bba8b741c4dfa6aaf - default default] Attributes excluded by policy engine: ['standard_attr_id', 'vlan_transparent'] _exclude_attributes_by_policy /usr/lib/python3.9/site-packages/neutron/pecan_wsgi/hooks/policy_enforcement.py:259
2026-02-03 07:30:26.587 18 INFO neutron.wsgi [req-ab6bc96b-0bdd-461f-9b78-11b5c785665d d92e705af86343ea8b111c62ac0862f6 56046a43b28d490bba8b741c4dfa6aaf - default default] 192.168.122.99,192.168.122.100 "GET /v2.0/networks?name=storage_mgmt HTTP/1.1" status: 200 len: 1051 time: 0.0584121
2026-02-03 07:30:26.622 18 DEBUG neutron.pecan_wsgi.hooks.policy_enforcement [req-fcb9ebde-7d67-4934-b881-3fbe3cd92b69 d92e705af86343ea8b111c62ac0862f6 56046a43b28d490bba8b741c4dfa6aaf - default default] Attributes excluded by policy engine: ['standard_attr_id', 'shared'] _exclude_attributes_by_policy /usr/lib/python3.9/site-packages/neutron/pecan_wsgi/hooks/policy_enforcement.py:259
2026-02-03 07:30:26.623 18 INFO neutron.wsgi [req-fcb9ebde-7d67-4934-b881-3fbe3cd92b69 d92e705af86343ea8b111c62ac0862f6 56046a43b28d490bba8b741c4dfa6aaf - default default] 192.168.122.99,192.168.122.100 "GET /v2.0/subnets/8ff185ae-2702-4b4e-a702-e277e64a6b8c HTTP/1.1" status: 200 len: 864 time: 0.0280552
2026-02-03 07:30:26.639 18 INFO neutron.pecan_wsgi.hooks.translation [req-3f9fa760-bf74-4df5-8c92-cd2dc05c2468 d92e705af86343ea8b111c62ac0862f6 56046a43b28d490bba8b741c4dfa6aaf - default default] GET failed (client error): The resource could not be found.
2026-02-03 07:30:26.640 18 INFO neutron.wsgi [req-3f9fa760-bf74-4df5-8c92-cd2dc05c2468 d92e705af86343ea8b111c62ac0862f6 56046a43b28d490bba8b741c4dfa6aaf - default default] 192.168.122.99,192.168.122.100 "GET /v2.0/networks/internal_api HTTP/1.1" status: 404 len: 296 time: 0.0108654
2026-02-03 07:30:26.694 18 DEBUG neutron.pecan_wsgi.hooks.policy_enforcement [req-a10883fe-7877-440c-8adb-5898a9861c7c d92e705af86343ea8b111c62ac0862f6 56046a43b28d490bba8b741c4dfa6aaf - default default] Attributes excluded by policy engine: ['standard_attr_id', 'vlan_transparent'] _exclude_attributes_by_policy /usr/lib/python3.9/site-packages/neutron/pecan_wsgi/hooks/policy_enforcement.py:259
2026-02-03 07:30:26.695 18 INFO neutron.wsgi [req-a10883fe-7877-440c-8adb-5898a9861c7c d92e705af86343ea8b111c62ac0862f6 56046a43b28d490bba8b741c4dfa6aaf - default default] 192.168.122.99,192.168.122.100 "GET /v2.0/networks?name=internal_api HTTP/1.1" status: 200 len: 1052 time: 0.0514340
2026-02-03 07:30:26.728 18 DEBUG neutron.pecan_wsgi.hooks.policy_enforcement [req-e351028f-3fce-4e57-aba0-1bfed9ec07c7 d92e705af86343ea8b111c62ac0862f6 56046a43b28d490bba8b741c4dfa6aaf - default default] Attributes excluded by policy engine: ['standard_attr_id', 'shared'] _exclude_attributes_by_policy /usr/lib/python3.9/site-packages/neutron/pecan_wsgi/hooks/policy_enforcement.py:259
2026-02-03 07:30:26.729 18 INFO neutron.wsgi [req-e351028f-3fce-4e57-aba0-1bfed9ec07c7 d92e705af86343ea8b111c62ac0862f6 56046a43b28d490bba8b741c4dfa6aaf - default default] 192.168.122.99,192.168.122.100 "GET /v2.0/subnets/e5497bba-a174-43ae-bd62-1d8b92f1dd8d HTTP/1.1" status: 200 len: 864 time: 0.0283241
2026-02-03 07:30:26.744 18 INFO neutron.pecan_wsgi.hooks.translation [req-898da98d-e276-4cfd-9f47-cf76b826361a d92e705af86343ea8b111c62ac0862f6 56046a43b28d490bba8b741c4dfa6aaf - default default] GET failed (client error): The resource could not be found.
2026-02-03 07:30:26.744 18 INFO neutron.wsgi [req-898da98d-e276-4cfd-9f47-cf76b826361a d92e705af86343ea8b111c62ac0862f6 56046a43b28d490bba8b741c4dfa6aaf - default default] 192.168.122.99,192.168.122.100 "GET /v2.0/networks/tenant HTTP/1.1" status: 404 len: 290 time: 0.0108480
2026-02-03 07:30:26.799 18 DEBUG neutron.pecan_wsgi.hooks.policy_enforcement [req-fdde5375-2c2d-4b1e-b9bf-07db5a6f7cb2 d92e705af86343ea8b111c62ac0862f6 56046a43b28d490bba8b741c4dfa6aaf - default default] Attributes excluded by policy engine: ['standard_attr_id', 'vlan_transparent'] _exclude_attributes_by_policy /usr/lib/python3.9/site-packages/neutron/pecan_wsgi/hooks/policy_enforcement.py:259
2026-02-03 07:30:26.800 18 INFO neutron.wsgi [req-fdde5375-2c2d-4b1e-b9bf-07db5a6f7cb2 d92e705af86343ea8b111c62ac0862f6 56046a43b28d490bba8b741c4dfa6aaf - default default] 192.168.122.99,192.168.122.100 "GET /v2.0/networks?name=tenant HTTP/1.1" status: 200 len: 998 time: 0.0520022
2026-02-03 07:30:26.833 18 DEBUG neutron.pecan_wsgi.hooks.policy_enforcement [req-08fc0fb4-7ee3-4bbd-98bb-940bbb071787 d92e705af86343ea8b111c62ac0862f6 56046a43b28d490bba8b741c4dfa6aaf - default default] Attributes excluded by policy engine: ['standard_attr_id', 'shared'] _exclude_attributes_by_policy /usr/lib/python3.9/site-packages/neutron/pecan_wsgi/hooks/policy_enforcement.py:259
2026-02-03 07:30:26.834 18 INFO neutron.wsgi [req-08fc0fb4-7ee3-4bbd-98bb-940bbb071787 d92e705af86343ea8b111c62ac0862f6 56046a43b28d490bba8b741c4dfa6aaf - default default] 192.168.122.99,192.168.122.100 "GET /v2.0/subnets/cce97547-837a-4e13-b206-844649c13cf8 HTTP/1.1" status: 200 len: 858 time: 0.0276272
2026-02-03 07:30:26.850 18 INFO neutron.pecan_wsgi.hooks.translation [req-2f952a7c-b097-4831-9abf-c3fb7505a446 d92e705af86343ea8b111c62ac0862f6 56046a43b28d490bba8b741c4dfa6aaf - default default] GET failed (client error): The resource could not be found.
2026-02-03 07:30:26.851 18 INFO neutron.wsgi [req-2f952a7c-b097-4831-9abf-c3fb7505a446 d92e705af86343ea8b111c62ac0862f6 56046a43b28d490bba8b741c4dfa6aaf - default default] 192.168.122.99,192.168.122.100 "GET /v2.0/networks/external HTTP/1.1" status: 404 len: 292 time: 0.0111086
2026-02-03 07:30:26.906 18 DEBUG neutron.pecan_wsgi.hooks.policy_enforcement [req-248c6901-e77d-4c76-a3e7-46b64b54943a d92e705af86343ea8b111c62ac0862f6 56046a43b28d490bba8b741c4dfa6aaf - default default] Attributes excluded by policy engine: ['standard_attr_id', 'vlan_transparent'] _exclude_attributes_by_policy /usr/lib/python3.9/site-packages/neutron/pecan_wsgi/hooks/policy_enforcement.py:259
2026-02-03 07:30:26.907 18 INFO neutron.wsgi [req-248c6901-e77d-4c76-a3e7-46b64b54943a d92e705af86343ea8b111c62ac0862f6 56046a43b28d490bba8b741c4dfa6aaf - default default] 192.168.122.99,192.168.122.100 "GET /v2.0/networks?name=external HTTP/1.1" status: 200 len: 1029 time: 0.0527811
2026-02-03 07:30:26.942 18 DEBUG neutron.pecan_wsgi.hooks.policy_enforcement [req-02e719dd-aa40-4154-a9b4-7e7d91ce5278 d92e705af86343ea8b111c62ac0862f6 56046a43b28d490bba8b741c4dfa6aaf - default default] Attributes excluded by policy engine: ['standard_attr_id', 'shared'] _exclude_attributes_by_policy /usr/lib/python3.9/site-packages/neutron/pecan_wsgi/hooks/policy_enforcement.py:259
2026-02-03 07:30:26.943 18 INFO neutron.wsgi [req-02e719dd-aa40-4154-a9b4-7e7d91ce5278 d92e705af86343ea8b111c62ac0862f6 56046a43b28d490bba8b741c4dfa6aaf - default default] 192.168.122.99,192.168.122.100 "GET /v2.0/subnets/a1227194-a8de-4a83-b1d4-260998fb7402 HTTP/1.1" status: 200 len: 868 time: 0.0292654
2026-02-03 07:30:28.535 18 DEBUG neutron.wsgi [-] (18) accepted ('192.168.122.100', 48112) server /usr/lib/python3.9/site-packages/eventlet/wsgi.py:992
2026-02-03 07:30:28.538 18 INFO neutron.wsgi [-] 192.168.122.100 "GET /healthcheck HTTP/1.0" status: 200 len: 137 time: 0.0027373
2026-02-03 07:30:30.540 18 DEBUG neutron.wsgi [-] (18) accepted ('192.168.122.100', 36000) server /usr/lib/python3.9/site-packages/eventlet/wsgi.py:992
2026-02-03 07:30:30.543 18 INFO neutron.wsgi [-] 192.168.122.100 "GET /healthcheck HTTP/1.0" status: 200 len: 137 time: 0.0015190
2026-02-03 07:30:32.544 18 DEBUG neutron.wsgi [-] (18) accepted ('192.168.122.100', 36004) server /usr/lib/python3.9/site-packages/eventlet/wsgi.py:992
2026-02-03 07:30:32.548 18 INFO neutron.wsgi [-] 192.168.122.100 "GET /healthcheck HTTP/1.0" status: 200 len: 137 time: 0.0025852
2026-02-03 07:30:33.281 18 DEBUG neutron.wsgi [-] (18) accepted ('192.168.122.100', 36010) server /usr/lib/python3.9/site-packages/eventlet/wsgi.py:992
2026-02-03 07:30:33.449 18 DEBUG neutron.pecan_wsgi.hooks.policy_enforcement [req-b6691977-65aa-400f-84e8-47b73dc0ee84 d92e705af86343ea8b111c62ac0862f6 56046a43b28d490bba8b741c4dfa6aaf - default default] Attributes excluded by policy engine: ['standard_attr_id', 'vlan_transparent'] _exclude_attributes_by_policy /usr/lib/python3.9/site-packages/neutron/pecan_wsgi/hooks/policy_enforcement.py:259
2026-02-03 07:30:33.450 18 DEBUG neutron.pecan_wsgi.hooks.policy_enforcement [req-b6691977-65aa-400f-84e8-47b73dc0ee84 d92e705af86343ea8b111c62ac0862f6 56046a43b28d490bba8b741c4dfa6aaf - default default] Attributes excluded by policy engine: ['standard_attr_id', 'vlan_transparent'] _exclude_attributes_by_policy /usr/lib/python3.9/site-packages/neutron/pecan_wsgi/hooks/policy_enforcement.py:259
2026-02-03 07:30:33.451 18 DEBUG neutron.pecan_wsgi.hooks.policy_enforcement [req-b6691977-65aa-400f-84e8-47b73dc0ee84 d92e705af86343ea8b111c62ac0862f6 56046a43b28d490bba8b741c4dfa6aaf - default default] Attributes excluded by policy engine: ['standard_attr_id', 'vlan_transparent'] _exclude_attributes_by_policy /usr/lib/python3.9/site-packages/neutron/pecan_wsgi/hooks/policy_enforcement.py:259
2026-02-03 07:30:33.451 18 DEBUG neutron.pecan_wsgi.hooks.policy_enforcement [req-b6691977-65aa-400f-84e8-47b73dc0ee84 d92e705af86343ea8b111c62ac0862f6 56046a43b28d490bba8b741c4dfa6aaf - default default] Attributes excluded by policy engine: ['standard_attr_id', 'vlan_transparent'] _exclude_attributes_by_policy /usr/lib/python3.9/site-packages/neutron/pecan_wsgi/hooks/policy_enforcement.py:259
2026-02-03 07:30:33.452 18 DEBUG neutron.pecan_wsgi.hooks.policy_enforcement [req-b6691977-65aa-400f-84e8-47b73dc0ee84 d92e705af86343ea8b111c62ac0862f6 56046a43b28d490bba8b741c4dfa6aaf - default default] Attributes excluded by policy engine: ['standard_attr_id', 'vlan_transparent'] _exclude_attributes_by_policy /usr/lib/python3.9/site-packages/neutron/pecan_wsgi/hooks/policy_enforcement.py:259
2026-02-03 07:30:33.453 18 DEBUG neutron.pecan_wsgi.hooks.policy_enforcement [req-b6691977-65aa-400f-84e8-47b73dc0ee84 d92e705af86343ea8b111c62ac0862f6 56046a43b28d490bba8b741c4dfa6aaf - default default] Attributes excluded by policy engine: ['standard_attr_id', 'vlan_transparent'] _exclude_attributes_by_policy /usr/lib/python3.9/site-packages/neutron/pecan_wsgi/hooks/policy_enforcement.py:259
2026-02-03 07:30:33.455 18 INFO neutron.wsgi [req-b6691977-65aa-400f-84e8-47b73dc0ee84 d92e705af86343ea8b111c62ac0862f6 56046a43b28d490bba8b741c4dfa6aaf - default default] 192.168.122.99,192.168.122.100 "GET /v2.0/networks HTTP/1.1" status: 200 len: 5131 time: 0.1723340
2026-02-03 07:30:33.504 18 DEBUG neutron.pecan_wsgi.hooks.policy_enforcement [req-edcbe80c-ba60-4689-9b3f-44d3b309033c d92e705af86343ea8b111c62ac0862f6 56046a43b28d490bba8b741c4dfa6aaf - default default] Attributes excluded by policy engine: ['standard_attr_id', 'shared'] _exclude_attributes_by_policy /usr/lib/python3.9/site-packages/neutron/pecan_wsgi/hooks/policy_enforcement.py:259
2026-02-03 07:30:33.505 18 INFO neutron.wsgi [req-edcbe80c-ba60-4689-9b3f-44d3b309033c d92e705af86343ea8b111c62ac0862f6 56046a43b28d490bba8b741c4dfa6aaf - default default] 192.168.122.99,192.168.122.100 "GET /v2.0/subnets?network_id=0ad887a6-089e-46c8-8bb6-d2d178c649aa HTTP/1.1" status: 200 len: 867 time: 0.0440805
2026-02-03 07:30:33.546 18 DEBUG neutron.pecan_wsgi.hooks.policy_enforcement [req-7ea68288-f25f-416a-8277-e948f8d5ab14 d92e705af86343ea8b111c62ac0862f6 56046a43b28d490bba8b741c4dfa6aaf - default default] Attributes excluded by policy engine: ['standard_attr_id', 'shared'] _exclude_attributes_by_policy /usr/lib/python3.9/site-packages/neutron/pecan_wsgi/hooks/policy_enforcement.py:259
2026-02-03 07:30:33.547 18 INFO neutron.wsgi [req-7ea68288-f25f-416a-8277-e948f8d5ab14 d92e705af86343ea8b111c62ac0862f6 56046a43b28d490bba8b741c4dfa6aaf - default default] 192.168.122.99,192.168.122.100 "GET /v2.0/subnets?network_id=339d38a9-7711-42ca-bbc1-507d5bc7f74b HTTP/1.1" status: 200 len: 862 time: 0.0351586
2026-02-03 07:30:33.611 18 DEBUG neutron.pecan_wsgi.hooks.policy_enforcement [req-cc2b59f4-b4a5-4398-81f1-0a03ba5d7600 d92e705af86343ea8b111c62ac0862f6 56046a43b28d490bba8b741c4dfa6aaf - default default] Attributes excluded by policy engine: ['standard_attr_id', 'shared'] _exclude_attributes_by_policy /usr/lib/python3.9/site-packages/neutron/pecan_wsgi/hooks/policy_enforcement.py:259
2026-02-03 07:30:33.613 18 INFO neutron.wsgi [req-cc2b59f4-b4a5-4398-81f1-0a03ba5d7600 d92e705af86343ea8b111c62ac0862f6 56046a43b28d490bba8b741c4dfa6aaf - default default] 192.168.122.99,192.168.122.100 "GET /v2.0/subnets?network_id=67199d90-28fa-455e-a39e-0a0d84a84751 HTTP/1.1" status: 200 len: 845 time: 0.0586259
2026-02-03 07:30:33.645 18 DEBUG neutron.pecan_wsgi.hooks.policy_enforcement [req-66ac93ad-6a35-4af6-9d51-a72089c2ce54 d92e705af86343ea8b111c62ac0862f6 56046a43b28d490bba8b741c4dfa6aaf - default default] Attributes excluded by policy engine: ['standard_attr_id', 'shared'] _exclude_attributes_by_policy /usr/lib/python3.9/site-packages/neutron/pecan_wsgi/hooks/policy_enforcement.py:259
2026-02-03 07:30:33.646 18 INFO neutron.wsgi [req-66ac93ad-6a35-4af6-9d51-a72089c2ce54 d92e705af86343ea8b111c62ac0862f6 56046a43b28d490bba8b741c4dfa6aaf - default default] 192.168.122.99,192.168.122.100 "GET /v2.0/subnets?network_id=9da2bc30-2f54-40c7-8f80-ee5e96c9e3ba HTTP/1.1" status: 200 len: 871 time: 0.0265996
2026-02-03 07:30:33.676 18 DEBUG neutron.pecan_wsgi.hooks.policy_enforcement [req-9526c45e-f654-4c7c-aa73-4d41786b9016 d92e705af86343ea8b111c62ac0862f6 56046a43b28d490bba8b741c4dfa6aaf - default default] Attributes excluded by policy engine: ['standard_attr_id', 'shared'] _exclude_attributes_by_policy /usr/lib/python3.9/site-packages/neutron/pecan_wsgi/hooks/policy_enforcement.py:259
2026-02-03 07:30:33.677 18 INFO neutron.wsgi [req-9526c45e-f654-4c7c-aa73-4d41786b9016 d92e705af86343ea8b111c62ac0862f6 56046a43b28d490bba8b741c4dfa6aaf - default default] 192.168.122.99,192.168.122.100 "GET /v2.0/subnets?network_id=dd8ee6f7-14fd-4bb9-8170-7c0de01bb252 HTTP/1.1" status: 200 len: 867 time: 0.0248771
2026-02-03 07:30:33.705 18 DEBUG neutron.pecan_wsgi.hooks.policy_enforcement [req-0dd8eae5-5e25-4930-9373-9d15a7d52670 d92e705af86343ea8b111c62ac0862f6 56046a43b28d490bba8b741c4dfa6aaf - default default] Attributes excluded by policy engine: ['standard_attr_id', 'shared'] _exclude_attributes_by_policy /usr/lib/python3.9/site-packages/neutron/pecan_wsgi/hooks/policy_enforcement.py:259
2026-02-03 07:30:33.706 18 INFO neutron.wsgi [req-0dd8eae5-5e25-4930-9373-9d15a7d52670 d92e705af86343ea8b111c62ac0862f6 56046a43b28d490bba8b741c4dfa6aaf - default default] 192.168.122.99,192.168.122.100 "GET /v2.0/subnets?network_id=de5e202f-21f8-4898-a49a-cc88adafaa19 HTTP/1.1" status: 200 len: 861 time: 0.0232368
2026-02-03 07:30:33.735 15 DEBUG neutron.wsgi [-] (15) accepted ('192.168.122.100', 36014) server /usr/lib/python3.9/site-packages/eventlet/wsgi.py:992
2026-02-03 07:30:33.742 17 DEBUG neutron.wsgi [-] (17) accepted ('192.168.122.100', 36016) server /usr/lib/python3.9/site-packages/eventlet/wsgi.py:992
2026-02-03 07:30:33.744 16 DEBUG neutron.wsgi [-] (16) accepted ('192.168.122.100', 36020) server /usr/lib/python3.9/site-packages/eventlet/wsgi.py:992
2026-02-03 07:30:33.747 18 DEBUG neutron.wsgi [-] (18) accepted ('192.168.122.100', 36030) server /usr/lib/python3.9/site-packages/eventlet/wsgi.py:992
2026-02-03 07:30:33.750 18 INFO neutron.wsgi [req-fd0d9b99-d9a8-4762-a4d5-9388db5208ac d92e705af86343ea8b111c62ac0862f6 56046a43b28d490bba8b741c4dfa6aaf - default default] 192.168.122.99,192.168.122.100 "GET /v2.0/ports?network_id=67199d90-28fa-455e-a39e-0a0d84a84751&tags=tripleo_stack_name%3Dcell2&tags=tripleo_vip_net%3Dctlplane HTTP/1.1" status: 200 len: 186 time: 0.0358584
2026-02-03 07:30:33.760 15 INFO neutron.wsgi [req-6da497e5-06e1-4c03-aba9-ff63baaffd2a d92e705af86343ea8b111c62ac0862f6 56046a43b28d490bba8b741c4dfa6aaf - default default] 192.168.122.99,192.168.122.100 "GET /v2.0/ports?network_id=dd8ee6f7-14fd-4bb9-8170-7c0de01bb252&tags=tripleo_stack_name%3Dcell2&tags=tripleo_vip_net%3Dinternal_api HTTP/1.1" status: 200 len: 186 time: 0.0239482
2026-02-03 07:30:33.767 15 DEBUG neutron.api.v2.base [req-2ba4fed5-c55a-479d-a37b-70163bed9364 d92e705af86343ea8b111c62ac0862f6 56046a43b28d490bba8b741c4dfa6aaf - default default] Request body: {'port': {'fixed_ips': [{'ip_address': '172.17.0.136'}], 'name': 'internal_api_vip', 'network_id': 'dd8ee6f7-14fd-4bb9-8170-7c0de01bb252', 'dns_name': 'multicell'}} prepare_request_body /usr/lib/python3.9/site-packages/neutron/api/v2/base.py:729
2026-02-03 07:30:33.777 15 DEBUG neutron.pecan_wsgi.hooks.quota_enforcement [req-2ba4fed5-c55a-479d-a37b-70163bed9364 d92e705af86343ea8b111c62ac0862f6 56046a43b28d490bba8b741c4dfa6aaf - default default] Made reservation on behalf of 56046a43b28d490bba8b741c4dfa6aaf for: {'port': 1} before /usr/lib/python3.9/site-packages/neutron/pecan_wsgi/hooks/quota_enforcement.py:53
2026-02-03 07:30:33.778 15 DEBUG neutron_lib.callbacks.manager [req-2ba4fed5-c55a-479d-a37b-70163bed9364 d92e705af86343ea8b111c62ac0862f6 56046a43b28d490bba8b741c4dfa6aaf - default default] Notify callbacks ['neutron.plugins.ml2.plugin.SecurityGroupDbMixin._ensure_default_security_group_handler-573251'] for port, before_create _notify_loop /usr/lib/python3.9/site-packages/neutron_lib/callbacks/manager.py:200
2026-02-03 07:30:33.791 18 DEBUG neutron.api.v2.base [req-a51898f6-72b3-4876-b13c-7a42da4c1ed8 d92e705af86343ea8b111c62ac0862f6 56046a43b28d490bba8b741c4dfa6aaf - default default] Request body: {'port': {'fixed_ips': [{'ip_address': '192.168.122.96'}], 'name': 'ctlplane_vip', 'network_id': '67199d90-28fa-455e-a39e-0a0d84a84751', 'dns_name': 'multicell'}} prepare_request_body /usr/lib/python3.9/site-packages/neutron/api/v2/base.py:729
2026-02-03 07:30:33.794 15 DEBUG neutron.notifiers.nova [req-2ba4fed5-c55a-479d-a37b-70163bed9364 d92e705af86343ea8b111c62ac0862f6 56046a43b28d490bba8b741c4dfa6aaf - default default] device_id is not set on port a2f27955-4060-45ca-a05d-094a27079aff yet. _can_notify /usr/lib/python3.9/site-packages/neutron/notifiers/nova.py:201
2026-02-03 07:30:33.798 16 INFO neutron.wsgi [req-0534cb78-fc79-44c6-8eb2-9ad192bcdb49 d92e705af86343ea8b111c62ac0862f6 56046a43b28d490bba8b741c4dfa6aaf - default default] 192.168.122.99,192.168.122.100 "GET /v2.0/ports?network_id=0ad887a6-089e-46c8-8bb6-d2d178c649aa&tags=tripleo_stack_name%3Dcell2&tags=tripleo_vip_net%3Dstorage_mgmt HTTP/1.1" status: 200 len: 186 time: 0.0523083
2026-02-03 07:30:33.799 18 INFO neutron.wsgi [req-44e54637-7948-4ceb-a549-fd6131d6fcea d92e705af86343ea8b111c62ac0862f6 56046a43b28d490bba8b741c4dfa6aaf - default default] 192.168.122.99,192.168.122.100 "GET /v2.0/ports?network_id=9da2bc30-2f54-40c7-8f80-ee5e96c9e3ba&tags=tripleo_stack_name%3Dcell2&tags=tripleo_vip_net%3Dexternal HTTP/1.1" status: 200 len: 186 time: 0.0480466
2026-02-03 07:30:33.809 16 DEBUG neutron.api.v2.base [req-53b5f553-f98d-403c-a5a0-734c48d8afca d92e705af86343ea8b111c62ac0862f6 56046a43b28d490bba8b741c4dfa6aaf - default default] Request body: {'port': {'fixed_ips': [{'ip_address': '172.20.0.156'}], 'name': 'storage_mgmt_vip', 'network_id': '0ad887a6-089e-46c8-8bb6-d2d178c649aa', 'dns_name': 'multicell'}} prepare_request_body /usr/lib/python3.9/site-packages/neutron/api/v2/base.py:729
2026-02-03 07:30:33.812 18 DEBUG neutron.api.v2.base [req-329f847b-3e49-494d-a1c8-01e606aaa02d d92e705af86343ea8b111c62ac0862f6 56046a43b28d490bba8b741c4dfa6aaf - default default] Request body: {'port': {'fixed_ips': [{'ip_address': '172.21.0.86'}], 'name': 'external_vip', 'network_id': '9da2bc30-2f54-40c7-8f80-ee5e96c9e3ba', 'dns_name': 'multicell'}} prepare_request_body /usr/lib/python3.9/site-packages/neutron/api/v2/base.py:729
2026-02-03 07:30:33.814 18 DEBUG neutron.pecan_wsgi.hooks.quota_enforcement [req-a51898f6-72b3-4876-b13c-7a42da4c1ed8 d92e705af86343ea8b111c62ac0862f6 56046a43b28d490bba8b741c4dfa6aaf - default default] Made reservation on behalf of 56046a43b28d490bba8b741c4dfa6aaf for: {'port': 1} before /usr/lib/python3.9/site-packages/neutron/pecan_wsgi/hooks/quota_enforcement.py:53
2026-02-03 07:30:33.816 18 DEBUG neutron_lib.callbacks.manager [req-a51898f6-72b3-4876-b13c-7a42da4c1ed8 d92e705af86343ea8b111c62ac0862f6 56046a43b28d490bba8b741c4dfa6aaf - default default] Notify callbacks ['neutron.plugins.ml2.plugin.SecurityGroupDbMixin._ensure_default_security_group_handler-573251'] for port, before_create _notify_loop /usr/lib/python3.9/site-packages/neutron_lib/callbacks/manager.py:200
2026-02-03 07:30:33.820 16 DEBUG neutron.pecan_wsgi.hooks.quota_enforcement [req-53b5f553-f98d-403c-a5a0-734c48d8afca d92e705af86343ea8b111c62ac0862f6 56046a43b28d490bba8b741c4dfa6aaf - default default] Made reservation on behalf of 56046a43b28d490bba8b741c4dfa6aaf for: {'port': 1} before /usr/lib/python3.9/site-packages/neutron/pecan_wsgi/hooks/quota_enforcement.py:53
2026-02-03 07:30:33.822 16 DEBUG neutron_lib.callbacks.manager [req-53b5f553-f98d-403c-a5a0-734c48d8afca d92e705af86343ea8b111c62ac0862f6 56046a43b28d490bba8b741c4dfa6aaf - default default] Notify callbacks ['neutron.plugins.ml2.plugin.SecurityGroupDbMixin._ensure_default_security_group_handler-573251'] for port, before_create _notify_loop /usr/lib/python3.9/site-packages/neutron_lib/callbacks/manager.py:200
2026-02-03 07:30:33.837 18 DEBUG neutron.notifiers.nova [req-a51898f6-72b3-4876-b13c-7a42da4c1ed8 d92e705af86343ea8b111c62ac0862f6 56046a43b28d490bba8b741c4dfa6aaf - default default] device_id is not set on port e39ac305-2c3c-4d4d-92a5-a12462f11e97 yet. _can_notify /usr/lib/python3.9/site-packages/neutron/notifiers/nova.py:201
2026-02-03 07:30:33.844 16 DEBUG neutron.notifiers.nova [req-53b5f553-f98d-403c-a5a0-734c48d8afca d92e705af86343ea8b111c62ac0862f6 56046a43b28d490bba8b741c4dfa6aaf - default default] device_id is not set on port d737ae42-e52f-4624-9781-a5a016247610 yet. _can_notify /usr/lib/python3.9/site-packages/neutron/notifiers/nova.py:201
2026-02-03 07:30:33.856 18 DEBUG neutron.pecan_wsgi.hooks.quota_enforcement [req-329f847b-3e49-494d-a1c8-01e606aaa02d d92e705af86343ea8b111c62ac0862f6 56046a43b28d490bba8b741c4dfa6aaf - default default] Made reservation on behalf of 56046a43b28d490bba8b741c4dfa6aaf for: {'port': 1} before /usr/lib/python3.9/site-packages/neutron/pecan_wsgi/hooks/quota_enforcement.py:53
2026-02-03 07:30:33.857 18 DEBUG neutron_lib.callbacks.manager [req-329f847b-3e49-494d-a1c8-01e606aaa02d d92e705af86343ea8b111c62ac0862f6 56046a43b28d490bba8b741c4dfa6aaf - default default] Notify callbacks ['neutron.plugins.ml2.plugin.SecurityGroupDbMixin._ensure_default_security_group_handler-573251'] for port, before_create _notify_loop /usr/lib/python3.9/site-packages/neutron_lib/callbacks/manager.py:200
2026-02-03 07:30:33.859 17 INFO neutron.wsgi [req-57c8d42d-4100-4e85-87d1-0bda6d4d3578 d92e705af86343ea8b111c62ac0862f6 56046a43b28d490bba8b741c4dfa6aaf - default default] 192.168.122.99,192.168.122.100 "GET /v2.0/ports?network_id=339d38a9-7711-42ca-bbc1-507d5bc7f74b&tags=tripleo_stack_name%3Dcell2&tags=tripleo_vip_net%3Dstorage HTTP/1.1" status: 200 len: 186 time: 0.1152763
2026-02-03 07:30:33.869 17 DEBUG neutron.api.v2.base [req-f9a35bba-e108-4c16-b18e-c0eed1be8127 d92e705af86343ea8b111c62ac0862f6 56046a43b28d490bba8b741c4dfa6aaf - default default] Request body: {'port': {'fixed_ips': [{'ip_address': '172.18.0.146'}], 'name': 'storage_vip', 'network_id': '339d38a9-7711-42ca-bbc1-507d5bc7f74b', 'dns_name': 'multicell'}} prepare_request_body /usr/lib/python3.9/site-packages/neutron/api/v2/base.py:729
2026-02-03 07:30:33.871 15 DEBUG neutron.db.db_base_plugin_common [req-2ba4fed5-c55a-479d-a37b-70163bed9364 d92e705af86343ea8b111c62ac0862f6 56046a43b28d490bba8b741c4dfa6aaf - default default] Allocated IP 172.17.0.136 (dd8ee6f7-14fd-4bb9-8170-7c0de01bb252/e5497bba-a174-43ae-bd62-1d8b92f1dd8d/a2f27955-4060-45ca-a05d-094a27079aff) _store_ip_allocation /usr/lib/python3.9/site-packages/neutron/db/db_base_plugin_common.py:131
2026-02-03 07:30:33.881 17 DEBUG neutron.pecan_wsgi.hooks.quota_enforcement [req-f9a35bba-e108-4c16-b18e-c0eed1be8127 d92e705af86343ea8b111c62ac0862f6 56046a43b28d490bba8b741c4dfa6aaf - default default] Made reservation on behalf of 56046a43b28d490bba8b741c4dfa6aaf for: {'port': 1} before /usr/lib/python3.9/site-packages/neutron/pecan_wsgi/hooks/quota_enforcement.py:53
2026-02-03 07:30:33.883 18 DEBUG neutron.notifiers.nova [req-329f847b-3e49-494d-a1c8-01e606aaa02d d92e705af86343ea8b111c62ac0862f6 56046a43b28d490bba8b741c4dfa6aaf - default default] device_id is not set on port 94f4e0c4-1dca-4948-9c99-4aae69de1e72 yet. _can_notify /usr/lib/python3.9/site-packages/neutron/notifiers/nova.py:201
2026-02-03 07:30:33.883 17 DEBUG neutron_lib.callbacks.manager [req-f9a35bba-e108-4c16-b18e-c0eed1be8127 d92e705af86343ea8b111c62ac0862f6 56046a43b28d490bba8b741c4dfa6aaf - default default] Notify callbacks ['neutron.plugins.ml2.plugin.SecurityGroupDbMixin._ensure_default_security_group_handler-573251'] for port, before_create _notify_loop /usr/lib/python3.9/site-packages/neutron_lib/callbacks/manager.py:200
2026-02-03 07:30:33.902 17 DEBUG neutron.notifiers.nova [req-f9a35bba-e108-4c16-b18e-c0eed1be8127 d92e705af86343ea8b111c62ac0862f6 56046a43b28d490bba8b741c4dfa6aaf - default default] device_id is not set on port a0dcd3f3-caba-4e48-b652-efbdd3ccb463 yet. _can_notify /usr/lib/python3.9/site-packages/neutron/notifiers/nova.py:201
2026-02-03 07:30:33.942 16 DEBUG neutron.db.db_base_plugin_common [req-53b5f553-f98d-403c-a5a0-734c48d8afca d92e705af86343ea8b111c62ac0862f6 56046a43b28d490bba8b741c4dfa6aaf - default default] Allocated IP 172.20.0.156 (0ad887a6-089e-46c8-8bb6-d2d178c649aa/8ff185ae-2702-4b4e-a702-e277e64a6b8c/d737ae42-e52f-4624-9781-a5a016247610) _store_ip_allocation /usr/lib/python3.9/site-packages/neutron/db/db_base_plugin_common.py:131
2026-02-03 07:30:34.010 18 DEBUG neutron.db.db_base_plugin_common [req-a51898f6-72b3-4876-b13c-7a42da4c1ed8 d92e705af86343ea8b111c62ac0862f6 56046a43b28d490bba8b741c4dfa6aaf - default default] Allocated IP 192.168.122.96 (67199d90-28fa-455e-a39e-0a0d84a84751/4dbf7848-b7da-4e6e-a46e-e3a1fa712928/e39ac305-2c3c-4d4d-92a5-a12462f11e97) _store_ip_allocation /usr/lib/python3.9/site-packages/neutron/db/db_base_plugin_common.py:131
2026-02-03 07:30:34.011 15 DEBUG neutron_lib.callbacks.manager [req-2ba4fed5-c55a-479d-a37b-70163bed9364 d92e705af86343ea8b111c62ac0862f6 56046a43b28d490bba8b741c4dfa6aaf - default default] Notify callbacks [] for allowed_address_pair, before_create _notify_loop /usr/lib/python3.9/site-packages/neutron_lib/callbacks/manager.py:200
2026-02-03 07:30:34.012 15 DEBUG neutron_lib.callbacks.manager [req-2ba4fed5-c55a-479d-a37b-70163bed9364 d92e705af86343ea8b111c62ac0862f6 56046a43b28d490bba8b741c4dfa6aaf - default default] Notify callbacks [] for port, precommit_create _notify_loop /usr/lib/python3.9/site-packages/neutron_lib/callbacks/manager.py:200
2026-02-03 07:30:34.026 15 DEBUG neutron_lib.callbacks.manager [req-2ba4fed5-c55a-479d-a37b-70163bed9364 d92e705af86343ea8b111c62ac0862f6 56046a43b28d490bba8b741c4dfa6aaf - default default] Notify callbacks ['neutron.plugins.ml2.plugin.SecurityGroupServerNotifierRpcMixin.notify_sg_on_port_change-528535', 'neutron.plugins.ml2.extensions.dns_integration._create_port_in_external_dns_service-8732551354471', 'neutron.plugins.ml2.ovo_rpc._ObjectChangeHandler.handle_event-4019920', 'neutron.api.rpc.agentnotifiers.dhcp_rpc_agent_api.DhcpAgentNotifyAPI._native_event_send_dhcp_notification-3534845', 'neutron.services.segments.plugin.NovaSegmentNotifier._notify_port_created_or_deleted-489177'] for port, after_create _notify_loop /usr/lib/python3.9/site-packages/neutron_lib/callbacks/manager.py:200
2026-02-03 07:30:34.035 17 DEBUG neutron.db.db_base_plugin_common [req-f9a35bba-e108-4c16-b18e-c0eed1be8127 d92e705af86343ea8b111c62ac0862f6 56046a43b28d490bba8b741c4dfa6aaf - default default] Allocated IP 172.18.0.146 (339d38a9-7711-42ca-bbc1-507d5bc7f74b/d55349e2-8b94-454e-8c55-4838f7d4bc23/a0dcd3f3-caba-4e48-b652-efbdd3ccb463) _store_ip_allocation /usr/lib/python3.9/site-packages/neutron/db/db_base_plugin_common.py:131
2026-02-03 07:30:34.040 18 DEBUG neutron.db.db_base_plugin_common [req-329f847b-3e49-494d-a1c8-01e606aaa02d d92e705af86343ea8b111c62ac0862f6 56046a43b28d490bba8b741c4dfa6aaf - default default] Allocated IP 172.21.0.86 (9da2bc30-2f54-40c7-8f80-ee5e96c9e3ba/a1227194-a8de-4a83-b1d4-260998fb7402/94f4e0c4-1dca-4948-9c99-4aae69de1e72) _store_ip_allocation /usr/lib/python3.9/site-packages/neutron/db/db_base_plugin_common.py:131
2026-02-03 07:30:34.056 15 DEBUG neutron.api.rpc.handlers.resources_rpc [req-2ba4fed5-c55a-479d-a37b-70163bed9364 d92e705af86343ea8b111c62ac0862f6 56046a43b28d490bba8b741c4dfa6aaf - - -] Pushing event updated for resources: {'Port': ['ID=a2f27955-4060-45ca-a05d-094a27079aff,revision_number=1']} push /usr/lib/python3.9/site-packages/neutron/api/rpc/handlers/resources_rpc.py:237
2026-02-03 07:30:34.060 15 DEBUG neutron.api.rpc.callbacks.version_manager [req-2ba4fed5-c55a-479d-a37b-70163bed9364 d92e705af86343ea8b111c62ac0862f6 56046a43b28d490bba8b741c4dfa6aaf - - -] Version for resource type AddressGroup changed None to 1.2 on consumer Open vSwitch agent@undercloud.ooo.test _set_version /usr/lib/python3.9/site-packages/neutron/api/rpc/callbacks/version_manager.py:113
2026-02-03 07:30:34.060 15 DEBUG neutron.api.rpc.callbacks.version_manager [req-2ba4fed5-c55a-479d-a37b-70163bed9364 d92e705af86343ea8b111c62ac0862f6 56046a43b28d490bba8b741c4dfa6aaf - - -] Version for resource type ConntrackHelper changed None to 1.0 on consumer Open vSwitch agent@undercloud.ooo.test _set_version /usr/lib/python3.9/site-packages/neutron/api/rpc/callbacks/version_manager.py:113
2026-02-03 07:30:34.060 15 DEBUG neutron.api.rpc.callbacks.version_manager [req-2ba4fed5-c55a-479d-a37b-70163bed9364 d92e705af86343ea8b111c62ac0862f6 56046a43b28d490bba8b741c4dfa6aaf - - -] Version for resource type Log changed None to 1.0 on consumer Open vSwitch agent@undercloud.ooo.test _set_version /usr/lib/python3.9/site-packages/neutron/api/rpc/callbacks/version_manager.py:113
2026-02-03 07:30:34.060 15 DEBUG neutron.api.rpc.callbacks.version_manager [req-2ba4fed5-c55a-479d-a37b-70163bed9364 d92e705af86343ea8b111c62ac0862f6 56046a43b28d490bba8b741c4dfa6aaf - - -] Version for resource type Network changed None to 1.1 on consumer Open vSwitch agent@undercloud.ooo.test _set_version /usr/lib/python3.9/site-packages/neutron/api/rpc/callbacks/version_manager.py:113
2026-02-03 07:30:34.060 15 DEBUG neutron.api.rpc.callbacks.version_manager [req-2ba4fed5-c55a-479d-a37b-70163bed9364 d92e705af86343ea8b111c62ac0862f6 56046a43b28d490bba8b741c4dfa6aaf - - -] Version for resource type Port changed None to 1.7 on consumer Open vSwitch agent@undercloud.ooo.test _set_version /usr/lib/python3.9/site-packages/neutron/api/rpc/callbacks/version_manager.py:113
2026-02-03 07:30:34.061 15 DEBUG neutron.api.rpc.callbacks.version_manager [req-2ba4fed5-c55a-479d-a37b-70163bed9364 d92e705af86343ea8b111c62ac0862f6 56046a43b28d490bba8b741c4dfa6aaf - - -] Version for resource type PortForwarding changed None to 1.2 on consumer Open vSwitch agent@undercloud.ooo.test _set_version /usr/lib/python3.9/site-packages/neutron/api/rpc/callbacks/version_manager.py:113
2026-02-03 07:30:34.061 15 DEBUG neutron.api.rpc.callbacks.version_manager [req-2ba4fed5-c55a-479d-a37b-70163bed9364 d92e705af86343ea8b111c62ac0862f6 56046a43b28d490bba8b741c4dfa6aaf - - -] Version for resource type QosPolicy changed None to 1.8 on consumer Open vSwitch agent@undercloud.ooo.test _set_version /usr/lib/python3.9/site-packages/neutron/api/rpc/callbacks/version_manager.py:113
2026-02-03 07:30:34.061 15 DEBUG neutron.api.rpc.callbacks.version_manager [req-2ba4fed5-c55a-479d-a37b-70163bed9364 d92e705af86343ea8b111c62ac0862f6 56046a43b28d490bba8b741c4dfa6aaf - - -] Version for resource type SecurityGroup changed None to 1.5 on consumer Open vSwitch agent@undercloud.ooo.test _set_version /usr/lib/python3.9/site-packages/neutron/api/rpc/callbacks/version_manager.py:113
2026-02-03 07:30:34.061 15 DEBUG neutron.api.rpc.callbacks.version_manager [req-2ba4fed5-c55a-479d-a37b-70163bed9364 d92e705af86343ea8b111c62ac0862f6 56046a43b28d490bba8b741c4dfa6aaf - - -] Version for resource type SecurityGroupRule changed None to 1.2 on consumer Open vSwitch agent@undercloud.ooo.test _set_version /usr/lib/python3.9/site-packages/neutron/api/rpc/callbacks/version_manager.py:113
2026-02-03 07:30:34.061 15 DEBUG neutron.api.rpc.callbacks.version_manager [req-2ba4fed5-c55a-479d-a37b-70163bed9364 d92e705af86343ea8b111c62ac0862f6 56046a43b28d490bba8b741c4dfa6aaf - - -] Version for resource type SubPort changed None to 1.0 on consumer Open vSwitch agent@undercloud.ooo.test _set_version /usr/lib/python3.9/site-packages/neutron/api/rpc/callbacks/version_manager.py:113
2026-02-03 07:30:34.061 15 DEBUG neutron.api.rpc.callbacks.version_manager [req-2ba4fed5-c55a-479d-a37b-70163bed9364 d92e705af86343ea8b111c62ac0862f6 56046a43b28d490bba8b741c4dfa6aaf - - -] Version for resource type Subnet changed None to 1.1 on consumer Open vSwitch agent@undercloud.ooo.test _set_version /usr/lib/python3.9/site-packages/neutron/api/rpc/callbacks/version_manager.py:113
2026-02-03 07:30:34.061 15 DEBUG neutron.api.rpc.callbacks.version_manager [req-2ba4fed5-c55a-479d-a37b-70163bed9364 d92e705af86343ea8b111c62ac0862f6 56046a43b28d490bba8b741c4dfa6aaf - - -] Version for resource type Trunk changed None to 1.1 on consumer Open vSwitch agent@undercloud.ooo.test _set_version /usr/lib/python3.9/site-packages/neutron/api/rpc/callbacks/version_manager.py:113
2026-02-03 07:30:34.079 15 DEBUG neutron.plugins.ml2.drivers.mech_agent [req-2ba4fed5-c55a-479d-a37b-70163bed9364 d92e705af86343ea8b111c62ac0862f6 56046a43b28d490bba8b741c4dfa6aaf - default default] Checking segment: {'id': 'e1da1d72-8c5a-4b33-a206-bbfe395da12a', 'network_type': 'flat', 'physical_network': 'internal_api_internal_api_subnet', 'segmentation_id': None, 'network_id': 'dd8ee6f7-14fd-4bb9-8170-7c0de01bb252'} for mappings: {'ctlplane': 'br-ctlplane'} with network types: ['local', 'flat', 'vlan'] check_segment_for_agent /usr/lib/python3.9/site-packages/neutron/plugins/ml2/drivers/mech_agent.py:343
2026-02-03 07:30:34.080 15 DEBUG neutron.plugins.ml2.drivers.mech_agent [req-2ba4fed5-c55a-479d-a37b-70163bed9364 d92e705af86343ea8b111c62ac0862f6 56046a43b28d490bba8b741c4dfa6aaf - default default] Network dd8ee6f7-14fd-4bb9-8170-7c0de01bb252 with segment e1da1d72-8c5a-4b33-a206-bbfe395da12a is connected to physical network internal_api_internal_api_subnet, but agent undercloud.ooo.test reported physical networks {'ctlplane': 'br-ctlplane'}. The physical network must be configured on the agent if binding is to succeed. check_segment_for_agent /usr/lib/python3.9/site-packages/neutron/plugins/ml2/drivers/mech_agent.py:365
2026-02-03 07:30:34.082 15 DEBUG neutron.scheduler.dhcp_agent_scheduler [req-2ba4fed5-c55a-479d-a37b-70163bed9364 d92e705af86343ea8b111c62ac0862f6 56046a43b28d490bba8b741c4dfa6aaf - default default] Network hostable DHCP agents. Network: dd8ee6f7-14fd-4bb9-8170-7c0de01bb252, hostable agents: [], hosted agents: [] _get_network_hostable_dhcp_agents /usr/lib/python3.9/site-packages/neutron/scheduler/dhcp_agent_scheduler.py:329
2026-02-03 07:30:34.082 15 DEBUG neutron.scheduler.base_scheduler [req-2ba4fed5-c55a-479d-a37b-70163bed9364 d92e705af86343ea8b111c62ac0862f6 56046a43b28d490bba8b741c4dfa6aaf - default default] Resources bound (agent type, host, resource id): schedule /usr/lib/python3.9/site-packages/neutron/scheduler/base_scheduler.py:57
2026-02-03 07:30:34.082 15 WARNING neutron.api.rpc.agentnotifiers.dhcp_rpc_agent_api [req-2ba4fed5-c55a-479d-a37b-70163bed9364 d92e705af86343ea8b111c62ac0862f6 56046a43b28d490bba8b741c4dfa6aaf - default default] Unable to schedule network dd8ee6f7-14fd-4bb9-8170-7c0de01bb252: no agents available; will retry on subsequent port and subnet creation events.
2026-02-03 07:30:34.082 15 DEBUG neutron.api.rpc.agentnotifiers.dhcp_rpc_agent_api [req-2ba4fed5-c55a-479d-a37b-70163bed9364 d92e705af86343ea8b111c62ac0862f6 56046a43b28d490bba8b741c4dfa6aaf - default default] Network dd8ee6f7-14fd-4bb9-8170-7c0de01bb252 is not hosted by any dhcp agent _notify_agents /usr/lib/python3.9/site-packages/neutron/api/rpc/agentnotifiers/dhcp_rpc_agent_api.py:228
2026-02-03 07:30:34.096 16 DEBUG neutron_lib.callbacks.manager [req-53b5f553-f98d-403c-a5a0-734c48d8afca d92e705af86343ea8b111c62ac0862f6 56046a43b28d490bba8b741c4dfa6aaf - default default] Notify callbacks [] for allowed_address_pair, before_create _notify_loop /usr/lib/python3.9/site-packages/neutron_lib/callbacks/manager.py:200
2026-02-03 07:30:34.097 16 DEBUG neutron_lib.callbacks.manager [req-53b5f553-f98d-403c-a5a0-734c48d8afca d92e705af86343ea8b111c62ac0862f6 56046a43b28d490bba8b741c4dfa6aaf - default default] Notify callbacks [] for port, precommit_create _notify_loop /usr/lib/python3.9/site-packages/neutron_lib/callbacks/manager.py:200
2026-02-03 07:30:34.105 15 DEBUG neutron.pecan_wsgi.hooks.policy_enforcement [req-2ba4fed5-c55a-479d-a37b-70163bed9364 d92e705af86343ea8b111c62ac0862f6 56046a43b28d490bba8b741c4dfa6aaf - default default] Attributes excluded by policy engine: ['standard_attr_id', 'network'] _exclude_attributes_by_policy /usr/lib/python3.9/site-packages/neutron/pecan_wsgi/hooks/policy_enforcement.py:259
2026-02-03 07:30:34.106 15 DEBUG neutron_lib.callbacks.manager [req-2ba4fed5-c55a-479d-a37b-70163bed9364 d92e705af86343ea8b111c62ac0862f6 56046a43b28d490bba8b741c4dfa6aaf - default default] Notify callbacks ['neutron.notifiers.nova.Notifier._send_nova_notification-161373', 'neutron.api.rpc.agentnotifiers.dhcp_rpc_agent_api.DhcpAgentNotifyAPI._send_dhcp_notification-3534731'] for port, before_response _notify_loop /usr/lib/python3.9/site-packages/neutron_lib/callbacks/manager.py:200
2026-02-03 07:30:34.114 15 INFO neutron.wsgi [req-2ba4fed5-c55a-479d-a37b-70163bed9364 d92e705af86343ea8b111c62ac0862f6 56046a43b28d490bba8b741c4dfa6aaf - default default] 192.168.122.99,192.168.122.100 "POST /v2.0/ports HTTP/1.1" status: 201 len: 1155 time: 0.3495204
2026-02-03 07:30:34.116 16 DEBUG neutron_lib.callbacks.manager [req-53b5f553-f98d-403c-a5a0-734c48d8afca d92e705af86343ea8b111c62ac0862f6 56046a43b28d490bba8b741c4dfa6aaf - default default] Notify callbacks ['neutron.plugins.ml2.plugin.SecurityGroupServerNotifierRpcMixin.notify_sg_on_port_change-528535', 'neutron.plugins.ml2.extensions.dns_integration._create_port_in_external_dns_service-8732551354471', 'neutron.plugins.ml2.ovo_rpc._ObjectChangeHandler.handle_event-4019920', 'neutron.api.rpc.agentnotifiers.dhcp_rpc_agent_api.DhcpAgentNotifyAPI._native_event_send_dhcp_notification-3534845', 'neutron.services.segments.plugin.NovaSegmentNotifier._notify_port_created_or_deleted-489177'] for port, after_create _notify_loop /usr/lib/python3.9/site-packages/neutron_lib/callbacks/manager.py:200
2026-02-03 07:30:34.122 15 DEBUG neutron.services.tag.tag_plugin [req-0daa32d1-937f-4a19-be8a-c0ff7cf9e6c4 d92e705af86343ea8b111c62ac0862f6 56046a43b28d490bba8b741c4dfa6aaf - default default] neutron.services.tag.tag_plugin.TagPlugin method update_tags called with arguments (, 'ports', 'a2f27955-4060-45ca-a05d-094a27079aff', {'tags': ['tripleo_stack_name=cell2', 'tripleo_vip_net=internal_api']}) {} wrapper /usr/lib/python3.9/site-packages/oslo_log/helpers.py:65
2026-02-03 07:30:34.155 15 INFO neutron.wsgi [req-0daa32d1-937f-4a19-be8a-c0ff7cf9e6c4 d92e705af86343ea8b111c62ac0862f6 56046a43b28d490bba8b741c4dfa6aaf - default default] 192.168.122.99,192.168.122.100 "PUT /v2.0/ports/a2f27955-4060-45ca-a05d-094a27079aff/tags HTTP/1.1" status: 200 len: 244 time: 0.0348427
2026-02-03 07:30:34.155 16 DEBUG neutron.api.rpc.handlers.resources_rpc [req-53b5f553-f98d-403c-a5a0-734c48d8afca d92e705af86343ea8b111c62ac0862f6 56046a43b28d490bba8b741c4dfa6aaf - - -] Pushing event updated for resources: {'Port': ['ID=d737ae42-e52f-4624-9781-a5a016247610,revision_number=1']} push /usr/lib/python3.9/site-packages/neutron/api/rpc/handlers/resources_rpc.py:237
2026-02-03 07:30:34.158 16 DEBUG neutron.plugins.ml2.drivers.mech_agent [req-53b5f553-f98d-403c-a5a0-734c48d8afca d92e705af86343ea8b111c62ac0862f6 56046a43b28d490bba8b741c4dfa6aaf - default default] Checking segment: {'id': '06345c26-9670-49d0-a389-39d1a31df4e3', 'network_type': 'flat', 'physical_network': 'storage_mgmt_storage_mgmt_subnet', 'segmentation_id': None, 'network_id': '0ad887a6-089e-46c8-8bb6-d2d178c649aa'} for mappings: {'ctlplane': 'br-ctlplane'} with network types: ['local', 'flat', 'vlan'] check_segment_for_agent /usr/lib/python3.9/site-packages/neutron/plugins/ml2/drivers/mech_agent.py:343
2026-02-03 07:30:34.158 16 DEBUG neutron.plugins.ml2.drivers.mech_agent [req-53b5f553-f98d-403c-a5a0-734c48d8afca d92e705af86343ea8b111c62ac0862f6 56046a43b28d490bba8b741c4dfa6aaf - default default] Network 0ad887a6-089e-46c8-8bb6-d2d178c649aa with segment 06345c26-9670-49d0-a389-39d1a31df4e3 is connected to physical network storage_mgmt_storage_mgmt_subnet, but agent undercloud.ooo.test reported physical networks {'ctlplane': 'br-ctlplane'}. The physical network must be configured on the agent if binding is to succeed. check_segment_for_agent /usr/lib/python3.9/site-packages/neutron/plugins/ml2/drivers/mech_agent.py:365
2026-02-03 07:30:34.161 16 DEBUG neutron.api.rpc.callbacks.version_manager [req-53b5f553-f98d-403c-a5a0-734c48d8afca d92e705af86343ea8b111c62ac0862f6 56046a43b28d490bba8b741c4dfa6aaf - - -] Version for resource type AddressGroup changed None to 1.2 on consumer Open vSwitch agent@undercloud.ooo.test _set_version /usr/lib/python3.9/site-packages/neutron/api/rpc/callbacks/version_manager.py:113
2026-02-03 07:30:34.161 16 DEBUG neutron.api.rpc.callbacks.version_manager [req-53b5f553-f98d-403c-a5a0-734c48d8afca d92e705af86343ea8b111c62ac0862f6 56046a43b28d490bba8b741c4dfa6aaf - - -] Version for resource type ConntrackHelper changed None to 1.0 on consumer Open vSwitch agent@undercloud.ooo.test _set_version /usr/lib/python3.9/site-packages/neutron/api/rpc/callbacks/version_manager.py:113
2026-02-03 07:30:34.161 16 DEBUG neutron.api.rpc.callbacks.version_manager [req-53b5f553-f98d-403c-a5a0-734c48d8afca d92e705af86343ea8b111c62ac0862f6 56046a43b28d490bba8b741c4dfa6aaf - - -] Version for resource type Log changed None to 1.0 on consumer Open vSwitch agent@undercloud.ooo.test _set_version /usr/lib/python3.9/site-packages/neutron/api/rpc/callbacks/version_manager.py:113
2026-02-03 07:30:34.161 16 DEBUG neutron.api.rpc.callbacks.version_manager [req-53b5f553-f98d-403c-a5a0-734c48d8afca d92e705af86343ea8b111c62ac0862f6 56046a43b28d490bba8b741c4dfa6aaf - - -] Version for resource type Network changed None to 1.1 on consumer Open vSwitch agent@undercloud.ooo.test _set_version /usr/lib/python3.9/site-packages/neutron/api/rpc/callbacks/version_manager.py:113
2026-02-03 07:30:34.161 16 DEBUG neutron.api.rpc.callbacks.version_manager [req-53b5f553-f98d-403c-a5a0-734c48d8afca d92e705af86343ea8b111c62ac0862f6 56046a43b28d490bba8b741c4dfa6aaf - - -] Version for resource type Port changed None to 1.7 on consumer Open vSwitch agent@undercloud.ooo.test _set_version /usr/lib/python3.9/site-packages/neutron/api/rpc/callbacks/version_manager.py:113
