2026-02-03 07:29:35.891 15 DEBUG neutron.services.segments.db [req-018a3c6a-9174-4802-94cb-8b3844ffaa5a d92e705af86343ea8b111c62ac0862f6 56046a43b28d490bba8b741c4dfa6aaf - default default] neutron.services.segments.plugin.Plugin method get_segment called with arguments (, '536a0cca-c38f-45bd-95c5-8cc4b422a1e6') {} wrapper /usr/lib/python3.9/site-packages/oslo_log/helpers.py:65
2026-02-03 07:29:35.923 15 DEBUG neutron.api.rpc.handlers.resources_rpc [req-018a3c6a-9174-4802-94cb-8b3844ffaa5a d92e705af86343ea8b111c62ac0862f6 56046a43b28d490bba8b741c4dfa6aaf - - -] Pushing event updated for resources: {'Subnet': ['ID=a1227194-a8de-4a83-b1d4-260998fb7402,revision_number=0']} push /usr/lib/python3.9/site-packages/neutron/api/rpc/handlers/resources_rpc.py:237
2026-02-03 07:29:35.934 15 DEBUG neutron.plugins.ml2.drivers.mech_agent [req-018a3c6a-9174-4802-94cb-8b3844ffaa5a d92e705af86343ea8b111c62ac0862f6 56046a43b28d490bba8b741c4dfa6aaf - default default] Checking segment: {'id': '536a0cca-c38f-45bd-95c5-8cc4b422a1e6', 'network_type': 'flat', 'physical_network': 'external_external_subnet', 'segmentation_id': None, 'network_id': '9da2bc30-2f54-40c7-8f80-ee5e96c9e3ba'} for mappings: {'ctlplane': 'br-ctlplane'} with network types: ['local', 'flat', 'vlan'] check_segment_for_agent /usr/lib/python3.9/site-packages/neutron/plugins/ml2/drivers/mech_agent.py:343
2026-02-03 07:29:35.934 15 DEBUG neutron.plugins.ml2.drivers.mech_agent [req-018a3c6a-9174-4802-94cb-8b3844ffaa5a d92e705af86343ea8b111c62ac0862f6 56046a43b28d490bba8b741c4dfa6aaf - default default] Network 9da2bc30-2f54-40c7-8f80-ee5e96c9e3ba with segment 536a0cca-c38f-45bd-95c5-8cc4b422a1e6 is connected to physical network external_external_subnet, but agent undercloud.ooo.test reported physical networks {'ctlplane': 'br-ctlplane'}. The physical network must be configured on the agent if binding is to succeed. check_segment_for_agent /usr/lib/python3.9/site-packages/neutron/plugins/ml2/drivers/mech_agent.py:365
2026-02-03 07:29:35.936 15 DEBUG neutron.scheduler.dhcp_agent_scheduler [req-018a3c6a-9174-4802-94cb-8b3844ffaa5a d92e705af86343ea8b111c62ac0862f6 56046a43b28d490bba8b741c4dfa6aaf - default default] Network hostable DHCP agents. Network: 9da2bc30-2f54-40c7-8f80-ee5e96c9e3ba, hostable agents: [], hosted agents: [] _get_network_hostable_dhcp_agents /usr/lib/python3.9/site-packages/neutron/scheduler/dhcp_agent_scheduler.py:329
2026-02-03 07:29:35.937 15 DEBUG neutron.scheduler.base_scheduler [req-018a3c6a-9174-4802-94cb-8b3844ffaa5a d92e705af86343ea8b111c62ac0862f6 56046a43b28d490bba8b741c4dfa6aaf - default default] Resources bound (agent type, host, resource id): schedule /usr/lib/python3.9/site-packages/neutron/scheduler/base_scheduler.py:57
2026-02-03 07:29:35.937 15 WARNING neutron.api.rpc.agentnotifiers.dhcp_rpc_agent_api [req-018a3c6a-9174-4802-94cb-8b3844ffaa5a d92e705af86343ea8b111c62ac0862f6 56046a43b28d490bba8b741c4dfa6aaf - default default] Unable to schedule network 9da2bc30-2f54-40c7-8f80-ee5e96c9e3ba: no agents available; will retry on subsequent port and subnet creation events.
2026-02-03 07:29:35.937 15 DEBUG neutron.api.rpc.agentnotifiers.dhcp_rpc_agent_api [req-018a3c6a-9174-4802-94cb-8b3844ffaa5a d92e705af86343ea8b111c62ac0862f6 56046a43b28d490bba8b741c4dfa6aaf - default default] Network 9da2bc30-2f54-40c7-8f80-ee5e96c9e3ba is not hosted by any dhcp agent _notify_agents /usr/lib/python3.9/site-packages/neutron/api/rpc/agentnotifiers/dhcp_rpc_agent_api.py:228
2026-02-03 07:29:35.942 15 DEBUG neutron.pecan_wsgi.hooks.policy_enforcement [req-018a3c6a-9174-4802-94cb-8b3844ffaa5a d92e705af86343ea8b111c62ac0862f6 56046a43b28d490bba8b741c4dfa6aaf - default default] Attributes excluded by policy engine: ['standard_attr_id', 'shared', 'network'] _exclude_attributes_by_policy /usr/lib/python3.9/site-packages/neutron/pecan_wsgi/hooks/policy_enforcement.py:259
2026-02-03 07:29:35.943 15 DEBUG neutron_lib.callbacks.manager [req-018a3c6a-9174-4802-94cb-8b3844ffaa5a d92e705af86343ea8b111c62ac0862f6 56046a43b28d490bba8b741c4dfa6aaf - default default] Notify callbacks ['neutron.api.rpc.agentnotifiers.dhcp_rpc_agent_api.DhcpAgentNotifyAPI._send_dhcp_notification-3534731'] for subnet, before_response _notify_loop /usr/lib/python3.9/site-packages/neutron_lib/callbacks/manager.py:200
2026-02-03 07:29:35.952 15 INFO neutron.wsgi [req-018a3c6a-9174-4802-94cb-8b3844ffaa5a d92e705af86343ea8b111c62ac0862f6 56046a43b28d490bba8b741c4dfa6aaf - default default] 192.168.122.99,192.168.122.100 "POST /v2.0/subnets HTTP/1.1" status: 201 len: 853 time: 0.1799622
2026-02-03 07:29:35.959 15 DEBUG neutron.services.tag.tag_plugin [req-4bf83757-be4f-4733-8a95-38e75df8d541 d92e705af86343ea8b111c62ac0862f6 56046a43b28d490bba8b741c4dfa6aaf - default default] neutron.services.tag.tag_plugin.TagPlugin method update_tags called with arguments (, 'subnets', 'a1227194-a8de-4a83-b1d4-260998fb7402', {'tags': ['tripleo_vlan_id=44']}) {} wrapper /usr/lib/python3.9/site-packages/oslo_log/helpers.py:65
2026-02-03 07:29:35.985 15 INFO neutron.wsgi [req-4bf83757-be4f-4733-8a95-38e75df8d541 d92e705af86343ea8b111c62ac0862f6 56046a43b28d490bba8b741c4dfa6aaf - default default] 192.168.122.99,192.168.122.100 "PUT /v2.0/subnets/a1227194-a8de-4a83-b1d4-260998fb7402/tags HTTP/1.1" status: 200 len: 206 time: 0.0287056
2026-02-03 07:29:36.400 15 DEBUG neutron.wsgi [-] (15) accepted ('192.168.122.100', 45920) server /usr/lib/python3.9/site-packages/eventlet/wsgi.py:992
2026-02-03 07:29:36.405 15 INFO neutron.wsgi [-] 192.168.122.100 "GET /healthcheck HTTP/1.0" status: 200 len: 137 time: 0.0033092
2026-02-03 07:29:37.256 18 DEBUG neutron.wsgi [-] (18) accepted ('192.168.122.100', 45934) server /usr/lib/python3.9/site-packages/eventlet/wsgi.py:992
2026-02-03 07:29:37.347 18 INFO neutron.pecan_wsgi.hooks.translation [req-78968b9f-5b70-4610-9745-cd78fbc55bfc d92e705af86343ea8b111c62ac0862f6 56046a43b28d490bba8b741c4dfa6aaf - default default] GET failed (client error): The resource could not be found.
2026-02-03 07:29:37.349 18 INFO neutron.wsgi [req-78968b9f-5b70-4610-9745-cd78fbc55bfc d92e705af86343ea8b111c62ac0862f6 56046a43b28d490bba8b741c4dfa6aaf - default default] 192.168.122.99,192.168.122.100 "GET /v2.0/networks/storage HTTP/1.1" status: 404 len: 291 time: 0.0915375
2026-02-03 07:29:37.471 18 DEBUG neutron.pecan_wsgi.hooks.policy_enforcement [req-272f2adc-7d61-4b0f-9960-fe9739d6d583 d92e705af86343ea8b111c62ac0862f6 56046a43b28d490bba8b741c4dfa6aaf - default default] Attributes excluded by policy engine: ['standard_attr_id', 'vlan_transparent'] _exclude_attributes_by_policy /usr/lib/python3.9/site-packages/neutron/pecan_wsgi/hooks/policy_enforcement.py:259
2026-02-03 07:29:37.472 18 INFO neutron.wsgi [req-272f2adc-7d61-4b0f-9960-fe9739d6d583 d92e705af86343ea8b111c62ac0862f6 56046a43b28d490bba8b741c4dfa6aaf - default default] 192.168.122.99,192.168.122.100 "GET /v2.0/networks?name=storage HTTP/1.1" status: 200 len: 1023 time: 0.1200516
2026-02-03 07:29:37.517 18 DEBUG neutron.pecan_wsgi.hooks.policy_enforcement [req-974f922f-f38b-4c6f-a813-22a82059ec95 d92e705af86343ea8b111c62ac0862f6 56046a43b28d490bba8b741c4dfa6aaf - default default] Attributes excluded by policy engine: ['standard_attr_id', 'shared'] _exclude_attributes_by_policy /usr/lib/python3.9/site-packages/neutron/pecan_wsgi/hooks/policy_enforcement.py:259
2026-02-03 07:29:37.518 18 INFO neutron.wsgi [req-974f922f-f38b-4c6f-a813-22a82059ec95 d92e705af86343ea8b111c62ac0862f6 56046a43b28d490bba8b741c4dfa6aaf - default default] 192.168.122.99,192.168.122.100 "GET /v2.0/subnets/d55349e2-8b94-454e-8c55-4838f7d4bc23 HTTP/1.1" status: 200 len: 859 time: 0.0398469
2026-02-03 07:29:37.538 18 INFO neutron.pecan_wsgi.hooks.translation [req-f66d869f-9429-4c47-a357-5f6735ef72f2 d92e705af86343ea8b111c62ac0862f6 56046a43b28d490bba8b741c4dfa6aaf - default default] GET failed (client error): The resource could not be found.
2026-02-03 07:29:37.539 18 INFO neutron.wsgi [req-f66d869f-9429-4c47-a357-5f6735ef72f2 d92e705af86343ea8b111c62ac0862f6 56046a43b28d490bba8b741c4dfa6aaf - default default] 192.168.122.99,192.168.122.100 "GET /v2.0/networks/storage_mgmt HTTP/1.1" status: 404 len: 296 time: 0.0146046
2026-02-03 07:29:37.602 18 DEBUG neutron.pecan_wsgi.hooks.policy_enforcement [req-b0b614ba-286c-48af-80e0-a49630496367 d92e705af86343ea8b111c62ac0862f6 56046a43b28d490bba8b741c4dfa6aaf - default default] Attributes excluded by policy engine: ['standard_attr_id', 'vlan_transparent'] _exclude_attributes_by_policy /usr/lib/python3.9/site-packages/neutron/pecan_wsgi/hooks/policy_enforcement.py:259
2026-02-03 07:29:37.603 18 INFO neutron.wsgi [req-b0b614ba-286c-48af-80e0-a49630496367 d92e705af86343ea8b111c62ac0862f6 56046a43b28d490bba8b741c4dfa6aaf - default default] 192.168.122.99,192.168.122.100 "GET /v2.0/networks?name=storage_mgmt HTTP/1.1" status: 200 len: 1051 time: 0.0603406
2026-02-03 07:29:37.635 18 DEBUG neutron.pecan_wsgi.hooks.policy_enforcement [req-710b9dc2-2eb5-4ea5-a09b-cb9651e41028 d92e705af86343ea8b111c62ac0862f6 56046a43b28d490bba8b741c4dfa6aaf - default default] Attributes excluded by policy engine: ['standard_attr_id', 'shared'] _exclude_attributes_by_policy /usr/lib/python3.9/site-packages/neutron/pecan_wsgi/hooks/policy_enforcement.py:259
2026-02-03 07:29:37.635 18 INFO neutron.wsgi [req-710b9dc2-2eb5-4ea5-a09b-cb9651e41028 d92e705af86343ea8b111c62ac0862f6 56046a43b28d490bba8b741c4dfa6aaf - default default] 192.168.122.99,192.168.122.100 "GET /v2.0/subnets/8ff185ae-2702-4b4e-a702-e277e64a6b8c HTTP/1.1" status: 200 len: 864 time: 0.0266004
2026-02-03 07:29:37.651 18 INFO neutron.pecan_wsgi.hooks.translation [req-b713cb7e-e4a5-4b4a-b86b-669bc6280348 d92e705af86343ea8b111c62ac0862f6 56046a43b28d490bba8b741c4dfa6aaf - default default] GET failed (client error): The resource could not be found.
2026-02-03 07:29:37.651 18 INFO neutron.wsgi [req-b713cb7e-e4a5-4b4a-b86b-669bc6280348 d92e705af86343ea8b111c62ac0862f6 56046a43b28d490bba8b741c4dfa6aaf - default default] 192.168.122.99,192.168.122.100 "GET /v2.0/networks/internal_api HTTP/1.1" status: 404 len: 296 time: 0.0106432
2026-02-03 07:29:37.707 18 DEBUG neutron.pecan_wsgi.hooks.policy_enforcement [req-bd83c2e0-21be-42f6-af2a-d0d326e3520b d92e705af86343ea8b111c62ac0862f6 56046a43b28d490bba8b741c4dfa6aaf - default default] Attributes excluded by policy engine: ['standard_attr_id', 'vlan_transparent'] _exclude_attributes_by_policy /usr/lib/python3.9/site-packages/neutron/pecan_wsgi/hooks/policy_enforcement.py:259
2026-02-03 07:29:37.708 18 INFO neutron.wsgi [req-bd83c2e0-21be-42f6-af2a-d0d326e3520b d92e705af86343ea8b111c62ac0862f6 56046a43b28d490bba8b741c4dfa6aaf - default default] 192.168.122.99,192.168.122.100 "GET /v2.0/networks?name=internal_api HTTP/1.1" status: 200 len: 1052 time: 0.0529580
2026-02-03 07:29:37.742 18 DEBUG neutron.pecan_wsgi.hooks.policy_enforcement [req-9fc1d3ac-2fe7-4588-868f-c46997990382 d92e705af86343ea8b111c62ac0862f6 56046a43b28d490bba8b741c4dfa6aaf - default default] Attributes excluded by policy engine: ['standard_attr_id', 'shared'] _exclude_attributes_by_policy /usr/lib/python3.9/site-packages/neutron/pecan_wsgi/hooks/policy_enforcement.py:259
2026-02-03 07:29:37.742 18 INFO neutron.wsgi [req-9fc1d3ac-2fe7-4588-868f-c46997990382 d92e705af86343ea8b111c62ac0862f6 56046a43b28d490bba8b741c4dfa6aaf - default default] 192.168.122.99,192.168.122.100 "GET /v2.0/subnets/e5497bba-a174-43ae-bd62-1d8b92f1dd8d HTTP/1.1" status: 200 len: 864 time: 0.0290756
2026-02-03 07:29:37.758 18 INFO neutron.pecan_wsgi.hooks.translation [req-06a47b6c-aee4-464e-9fbf-4c08ee8a09c6 d92e705af86343ea8b111c62ac0862f6 56046a43b28d490bba8b741c4dfa6aaf - default default] GET failed (client error): The resource could not be found.
2026-02-03 07:29:37.759 18 INFO neutron.wsgi [req-06a47b6c-aee4-464e-9fbf-4c08ee8a09c6 d92e705af86343ea8b111c62ac0862f6 56046a43b28d490bba8b741c4dfa6aaf - default default] 192.168.122.99,192.168.122.100 "GET /v2.0/networks/tenant HTTP/1.1" status: 404 len: 290 time: 0.0112875
2026-02-03 07:29:37.814 18 DEBUG neutron.pecan_wsgi.hooks.policy_enforcement [req-b96420f1-5a96-4d72-8f54-b1a7e96e9e47 d92e705af86343ea8b111c62ac0862f6 56046a43b28d490bba8b741c4dfa6aaf - default default] Attributes excluded by policy engine: ['standard_attr_id', 'vlan_transparent'] _exclude_attributes_by_policy /usr/lib/python3.9/site-packages/neutron/pecan_wsgi/hooks/policy_enforcement.py:259
2026-02-03 07:29:37.815 18 INFO neutron.wsgi [req-b96420f1-5a96-4d72-8f54-b1a7e96e9e47 d92e705af86343ea8b111c62ac0862f6 56046a43b28d490bba8b741c4dfa6aaf - default default] 192.168.122.99,192.168.122.100 "GET /v2.0/networks?name=tenant HTTP/1.1" status: 200 len: 998 time: 0.0523736
2026-02-03 07:29:37.848 18 DEBUG neutron.pecan_wsgi.hooks.policy_enforcement [req-932643eb-7f0d-44a4-86ee-a67e48aafb79 d92e705af86343ea8b111c62ac0862f6 56046a43b28d490bba8b741c4dfa6aaf - default default] Attributes excluded by policy engine: ['standard_attr_id', 'shared'] _exclude_attributes_by_policy /usr/lib/python3.9/site-packages/neutron/pecan_wsgi/hooks/policy_enforcement.py:259
2026-02-03 07:29:37.849 18 INFO neutron.wsgi [req-932643eb-7f0d-44a4-86ee-a67e48aafb79 d92e705af86343ea8b111c62ac0862f6 56046a43b28d490bba8b741c4dfa6aaf - default default] 192.168.122.99,192.168.122.100 "GET /v2.0/subnets/cce97547-837a-4e13-b206-844649c13cf8 HTTP/1.1" status: 200 len: 858 time: 0.0277438
2026-02-03 07:29:37.866 18 INFO neutron.pecan_wsgi.hooks.translation [req-eef9af88-23a1-4c5a-a81d-03979930394a d92e705af86343ea8b111c62ac0862f6 56046a43b28d490bba8b741c4dfa6aaf - default default] GET failed (client error): The resource could not be found.
2026-02-03 07:29:37.867 18 INFO neutron.wsgi [req-eef9af88-23a1-4c5a-a81d-03979930394a d92e705af86343ea8b111c62ac0862f6 56046a43b28d490bba8b741c4dfa6aaf - default default] 192.168.122.99,192.168.122.100 "GET /v2.0/networks/external HTTP/1.1" status: 404 len: 292 time: 0.0128710
2026-02-03 07:29:37.939 18 DEBUG neutron.pecan_wsgi.hooks.policy_enforcement [req-6548b457-17d1-4cb7-b333-dfe0903f2d11 d92e705af86343ea8b111c62ac0862f6 56046a43b28d490bba8b741c4dfa6aaf - default default] Attributes excluded by policy engine: ['standard_attr_id', 'vlan_transparent'] _exclude_attributes_by_policy /usr/lib/python3.9/site-packages/neutron/pecan_wsgi/hooks/policy_enforcement.py:259
2026-02-03 07:29:37.939 18 INFO neutron.wsgi [req-6548b457-17d1-4cb7-b333-dfe0903f2d11 d92e705af86343ea8b111c62ac0862f6 56046a43b28d490bba8b741c4dfa6aaf - default default] 192.168.122.99,192.168.122.100 "GET /v2.0/networks?name=external HTTP/1.1" status: 200 len: 1029 time: 0.0687232
2026-02-03 07:29:37.972 18 DEBUG neutron.pecan_wsgi.hooks.policy_enforcement [req-91e4881c-be1b-4272-8b7e-f4725a5703bb d92e705af86343ea8b111c62ac0862f6 56046a43b28d490bba8b741c4dfa6aaf - default default] Attributes excluded by policy engine: ['standard_attr_id', 'shared'] _exclude_attributes_by_policy /usr/lib/python3.9/site-packages/neutron/pecan_wsgi/hooks/policy_enforcement.py:259
2026-02-03 07:29:37.972 18 INFO neutron.wsgi [req-91e4881c-be1b-4272-8b7e-f4725a5703bb d92e705af86343ea8b111c62ac0862f6 56046a43b28d490bba8b741c4dfa6aaf - default default] 192.168.122.99,192.168.122.100 "GET /v2.0/subnets/a1227194-a8de-4a83-b1d4-260998fb7402 HTTP/1.1" status: 200 len: 868 time: 0.0269837
2026-02-03 07:29:38.406 17 DEBUG neutron.wsgi [-] (17) accepted ('192.168.122.100', 45936) server /usr/lib/python3.9/site-packages/eventlet/wsgi.py:992
2026-02-03 07:29:38.409 17 INFO neutron.wsgi [-] 192.168.122.100 "GET /healthcheck HTTP/1.0" status: 200 len: 137 time: 0.0017698
2026-02-03 07:29:40.411 18 DEBUG neutron.wsgi [-] (18) accepted ('192.168.122.100', 44864) server /usr/lib/python3.9/site-packages/eventlet/wsgi.py:992
2026-02-03 07:29:40.414 18 INFO neutron.wsgi [-] 192.168.122.100 "GET /healthcheck HTTP/1.0" status: 200 len: 137 time: 0.0025597
2026-02-03 07:29:42.416 18 DEBUG neutron.wsgi [-] (18) accepted ('192.168.122.100', 44876) server /usr/lib/python3.9/site-packages/eventlet/wsgi.py:992
2026-02-03 07:29:42.420 18 INFO neutron.wsgi [-] 192.168.122.100 "GET /healthcheck HTTP/1.0" status: 200 len: 137 time: 0.0025058
2026-02-03 07:29:42.915 18 DEBUG neutron.wsgi [-] (18) accepted ('192.168.122.100', 44878) server /usr/lib/python3.9/site-packages/eventlet/wsgi.py:992
2026-02-03 07:29:42.917 18 INFO neutron.wsgi [-] 192.168.122.100 "GET / HTTP/1.1" status: 200 len: 233 time: 0.0012920
2026-02-03 07:29:43.674 17 DEBUG neutron.wsgi [-] (17) accepted ('192.168.122.100', 44892) server /usr/lib/python3.9/site-packages/eventlet/wsgi.py:992
2026-02-03 07:29:43.810 17 DEBUG neutron.pecan_wsgi.hooks.policy_enforcement [req-7778b0ee-f842-46f8-8efb-062027930bc1 d92e705af86343ea8b111c62ac0862f6 56046a43b28d490bba8b741c4dfa6aaf - default default] Attributes excluded by policy engine: ['standard_attr_id', 'vlan_transparent'] _exclude_attributes_by_policy /usr/lib/python3.9/site-packages/neutron/pecan_wsgi/hooks/policy_enforcement.py:259
2026-02-03 07:29:43.810 17 DEBUG neutron.pecan_wsgi.hooks.policy_enforcement [req-7778b0ee-f842-46f8-8efb-062027930bc1 d92e705af86343ea8b111c62ac0862f6 56046a43b28d490bba8b741c4dfa6aaf - default default] Attributes excluded by policy engine: ['standard_attr_id', 'vlan_transparent'] _exclude_attributes_by_policy /usr/lib/python3.9/site-packages/neutron/pecan_wsgi/hooks/policy_enforcement.py:259
2026-02-03 07:29:43.811 17 DEBUG neutron.pecan_wsgi.hooks.policy_enforcement [req-7778b0ee-f842-46f8-8efb-062027930bc1 d92e705af86343ea8b111c62ac0862f6 56046a43b28d490bba8b741c4dfa6aaf - default default] Attributes excluded by policy engine: ['standard_attr_id', 'vlan_transparent'] _exclude_attributes_by_policy /usr/lib/python3.9/site-packages/neutron/pecan_wsgi/hooks/policy_enforcement.py:259
2026-02-03 07:29:43.811 17 DEBUG neutron.pecan_wsgi.hooks.policy_enforcement [req-7778b0ee-f842-46f8-8efb-062027930bc1 d92e705af86343ea8b111c62ac0862f6 56046a43b28d490bba8b741c4dfa6aaf - default default] Attributes excluded by policy engine: ['standard_attr_id', 'vlan_transparent'] _exclude_attributes_by_policy /usr/lib/python3.9/site-packages/neutron/pecan_wsgi/hooks/policy_enforcement.py:259
2026-02-03 07:29:43.811 17 DEBUG neutron.pecan_wsgi.hooks.policy_enforcement [req-7778b0ee-f842-46f8-8efb-062027930bc1 d92e705af86343ea8b111c62ac0862f6 56046a43b28d490bba8b741c4dfa6aaf - default default] Attributes excluded by policy engine: ['standard_attr_id', 'vlan_transparent'] _exclude_attributes_by_policy /usr/lib/python3.9/site-packages/neutron/pecan_wsgi/hooks/policy_enforcement.py:259
2026-02-03 07:29:43.812 17 DEBUG neutron.pecan_wsgi.hooks.policy_enforcement [req-7778b0ee-f842-46f8-8efb-062027930bc1 d92e705af86343ea8b111c62ac0862f6 56046a43b28d490bba8b741c4dfa6aaf - default default] Attributes excluded by policy engine: ['standard_attr_id', 'vlan_transparent'] _exclude_attributes_by_policy /usr/lib/python3.9/site-packages/neutron/pecan_wsgi/hooks/policy_enforcement.py:259
2026-02-03 07:29:43.813 17 INFO neutron.wsgi [req-7778b0ee-f842-46f8-8efb-062027930bc1 d92e705af86343ea8b111c62ac0862f6 56046a43b28d490bba8b741c4dfa6aaf - default default] 192.168.122.99,192.168.122.100 "GET /v2.0/networks HTTP/1.1" status: 200 len: 5131 time: 0.1379318
2026-02-03 07:29:43.872 17 DEBUG neutron.pecan_wsgi.hooks.policy_enforcement [req-9e6e7afc-034d-4ace-a5a6-4eba99684536 d92e705af86343ea8b111c62ac0862f6 56046a43b28d490bba8b741c4dfa6aaf - default default] Attributes excluded by policy engine: ['standard_attr_id', 'shared'] _exclude_attributes_by_policy /usr/lib/python3.9/site-packages/neutron/pecan_wsgi/hooks/policy_enforcement.py:259
2026-02-03 07:29:43.873 17 INFO neutron.wsgi [req-9e6e7afc-034d-4ace-a5a6-4eba99684536 d92e705af86343ea8b111c62ac0862f6 56046a43b28d490bba8b741c4dfa6aaf - default default] 192.168.122.99,192.168.122.100 "GET /v2.0/subnets?network_id=0ad887a6-089e-46c8-8bb6-d2d178c649aa HTTP/1.1" status: 200 len: 867 time: 0.0564141
2026-02-03 07:29:43.921 17 DEBUG neutron.pecan_wsgi.hooks.policy_enforcement [req-4cb0d146-2e8e-47bd-aad3-2a581b3368fa d92e705af86343ea8b111c62ac0862f6 56046a43b28d490bba8b741c4dfa6aaf - default default] Attributes excluded by policy engine: ['standard_attr_id', 'shared'] _exclude_attributes_by_policy /usr/lib/python3.9/site-packages/neutron/pecan_wsgi/hooks/policy_enforcement.py:259
2026-02-03 07:29:43.922 17 INFO neutron.wsgi [req-4cb0d146-2e8e-47bd-aad3-2a581b3368fa d92e705af86343ea8b111c62ac0862f6 56046a43b28d490bba8b741c4dfa6aaf - default default] 192.168.122.99,192.168.122.100 "GET /v2.0/subnets?network_id=339d38a9-7711-42ca-bbc1-507d5bc7f74b HTTP/1.1" status: 200 len: 862 time: 0.0425973
2026-02-03 07:29:43.964 17 DEBUG neutron.pecan_wsgi.hooks.policy_enforcement [req-17471515-f621-44b6-8313-a2139b922433 d92e705af86343ea8b111c62ac0862f6 56046a43b28d490bba8b741c4dfa6aaf - default default] Attributes excluded by policy engine: ['standard_attr_id', 'shared'] _exclude_attributes_by_policy /usr/lib/python3.9/site-packages/neutron/pecan_wsgi/hooks/policy_enforcement.py:259
2026-02-03 07:29:43.965 17 INFO neutron.wsgi [req-17471515-f621-44b6-8313-a2139b922433 d92e705af86343ea8b111c62ac0862f6 56046a43b28d490bba8b741c4dfa6aaf - default default] 192.168.122.99,192.168.122.100 "GET /v2.0/subnets?network_id=67199d90-28fa-455e-a39e-0a0d84a84751 HTTP/1.1" status: 200 len: 845 time: 0.0359526
2026-02-03 07:29:44.006 17 DEBUG neutron.pecan_wsgi.hooks.policy_enforcement [req-8d89635b-8bc0-4fac-bf99-23aebdde6a4d d92e705af86343ea8b111c62ac0862f6 56046a43b28d490bba8b741c4dfa6aaf - default default] Attributes excluded by policy engine: ['standard_attr_id', 'shared'] _exclude_attributes_by_policy /usr/lib/python3.9/site-packages/neutron/pecan_wsgi/hooks/policy_enforcement.py:259
2026-02-03 07:29:44.006 17 INFO neutron.wsgi [req-8d89635b-8bc0-4fac-bf99-23aebdde6a4d d92e705af86343ea8b111c62ac0862f6 56046a43b28d490bba8b741c4dfa6aaf - default default] 192.168.122.99,192.168.122.100 "GET /v2.0/subnets?network_id=9da2bc30-2f54-40c7-8f80-ee5e96c9e3ba HTTP/1.1" status: 200 len: 871 time: 0.0352063
2026-02-03 07:29:44.044 17 DEBUG neutron.pecan_wsgi.hooks.policy_enforcement [req-29409f76-f3ec-4f35-b158-afeb720b5137 d92e705af86343ea8b111c62ac0862f6 56046a43b28d490bba8b741c4dfa6aaf - default default] Attributes excluded by policy engine: ['standard_attr_id', 'shared'] _exclude_attributes_by_policy /usr/lib/python3.9/site-packages/neutron/pecan_wsgi/hooks/policy_enforcement.py:259
2026-02-03 07:29:44.045 17 INFO neutron.wsgi [req-29409f76-f3ec-4f35-b158-afeb720b5137 d92e705af86343ea8b111c62ac0862f6 56046a43b28d490bba8b741c4dfa6aaf - default default] 192.168.122.99,192.168.122.100 "GET /v2.0/subnets?network_id=dd8ee6f7-14fd-4bb9-8170-7c0de01bb252 HTTP/1.1" status: 200 len: 867 time: 0.0326231
2026-02-03 07:29:44.078 17 DEBUG neutron.pecan_wsgi.hooks.policy_enforcement [req-418b9f65-12de-4974-a4a3-233fced6c20b d92e705af86343ea8b111c62ac0862f6 56046a43b28d490bba8b741c4dfa6aaf - default default] Attributes excluded by policy engine: ['standard_attr_id', 'shared'] _exclude_attributes_by_policy /usr/lib/python3.9/site-packages/neutron/pecan_wsgi/hooks/policy_enforcement.py:259
2026-02-03 07:29:44.079 17 INFO neutron.wsgi [req-418b9f65-12de-4974-a4a3-233fced6c20b d92e705af86343ea8b111c62ac0862f6 56046a43b28d490bba8b741c4dfa6aaf - default default] 192.168.122.99,192.168.122.100 "GET /v2.0/subnets?network_id=de5e202f-21f8-4898-a49a-cc88adafaa19 HTTP/1.1" status: 200 len: 861 time: 0.0281241
2026-02-03 07:29:44.106 16 DEBUG neutron.wsgi [-] (16) accepted ('192.168.122.100', 44896) server /usr/lib/python3.9/site-packages/eventlet/wsgi.py:992
2026-02-03 07:29:44.108 18 DEBUG neutron.wsgi [-] (18) accepted ('192.168.122.100', 44898) server /usr/lib/python3.9/site-packages/eventlet/wsgi.py:992
2026-02-03 07:29:44.108 15 DEBUG neutron.wsgi [-] (15) accepted ('192.168.122.100', 44902) server /usr/lib/python3.9/site-packages/eventlet/wsgi.py:992
2026-02-03 07:29:44.109 15 DEBUG neutron.wsgi [-] (15) accepted ('192.168.122.100', 44916) server /usr/lib/python3.9/site-packages/eventlet/wsgi.py:992
2026-02-03 07:29:44.120 17 INFO neutron.wsgi [req-de2d1f57-347d-4499-8eea-b29b833117da d92e705af86343ea8b111c62ac0862f6 56046a43b28d490bba8b741c4dfa6aaf - default default] 192.168.122.99,192.168.122.100 "GET /v2.0/ports?network_id=67199d90-28fa-455e-a39e-0a0d84a84751&tags=tripleo_stack_name%3Dovercloud&tags=tripleo_vip_net%3Dctlplane HTTP/1.1" status: 200 len: 186 time: 0.0331974
2026-02-03 07:29:44.125 17 DEBUG neutron.api.v2.base [req-4fe24208-81ca-4224-9fc6-35204a5470b0 d92e705af86343ea8b111c62ac0862f6 56046a43b28d490bba8b741c4dfa6aaf - default default] Request body: {'port': {'network_id': '67199d90-28fa-455e-a39e-0a0d84a84751', 'dns_name': 'multicell', 'fixed_ips': [{'ip_address': '192.168.122.90'}], 'name': 'ctlplane_vip'}} prepare_request_body /usr/lib/python3.9/site-packages/neutron/api/v2/base.py:729
2026-02-03 07:29:44.133 17 DEBUG neutron.pecan_wsgi.hooks.quota_enforcement [req-4fe24208-81ca-4224-9fc6-35204a5470b0 d92e705af86343ea8b111c62ac0862f6 56046a43b28d490bba8b741c4dfa6aaf - default default] Made reservation on behalf of 56046a43b28d490bba8b741c4dfa6aaf for: {'port': 1} before /usr/lib/python3.9/site-packages/neutron/pecan_wsgi/hooks/quota_enforcement.py:53
2026-02-03 07:29:44.135 17 DEBUG neutron_lib.callbacks.manager [req-4fe24208-81ca-4224-9fc6-35204a5470b0 d92e705af86343ea8b111c62ac0862f6 56046a43b28d490bba8b741c4dfa6aaf - default default] Notify callbacks ['neutron.plugins.ml2.plugin.SecurityGroupDbMixin._ensure_default_security_group_handler-573251'] for port, before_create _notify_loop /usr/lib/python3.9/site-packages/neutron_lib/callbacks/manager.py:200
2026-02-03 07:29:44.147 17 DEBUG neutron.notifiers.nova [req-4fe24208-81ca-4224-9fc6-35204a5470b0 d92e705af86343ea8b111c62ac0862f6 56046a43b28d490bba8b741c4dfa6aaf - default default] device_id is not set on port 1e2855db-6374-426c-bcf0-d07bda48bd0a yet. _can_notify /usr/lib/python3.9/site-packages/neutron/notifiers/nova.py:201
2026-02-03 07:29:44.165 18 INFO neutron.wsgi [req-822fb387-c8b6-4624-b31b-739c263be90b d92e705af86343ea8b111c62ac0862f6 56046a43b28d490bba8b741c4dfa6aaf - default default] 192.168.122.99,192.168.122.100 "GET /v2.0/ports?network_id=dd8ee6f7-14fd-4bb9-8170-7c0de01bb252&tags=tripleo_stack_name%3Dovercloud&tags=tripleo_vip_net%3Dinternal_api HTTP/1.1" status: 200 len: 186 time: 0.0564046
2026-02-03 07:29:44.172 18 DEBUG neutron.api.v2.base [req-356cd42c-ef1e-46b3-b69a-e81130f75eac d92e705af86343ea8b111c62ac0862f6 56046a43b28d490bba8b741c4dfa6aaf - default default] Request body: {'port': {'network_id': 'dd8ee6f7-14fd-4bb9-8170-7c0de01bb252', 'dns_name': 'multicell', 'fixed_ips': [{'ip_address': '172.17.0.130'}], 'name': 'internal_api_vip'}} prepare_request_body /usr/lib/python3.9/site-packages/neutron/api/v2/base.py:729
2026-02-03 07:29:44.181 16 INFO neutron.wsgi [req-62262a27-a220-4aad-b598-87fc877903f0 d92e705af86343ea8b111c62ac0862f6 56046a43b28d490bba8b741c4dfa6aaf - default default] 192.168.122.99,192.168.122.100 "GET /v2.0/ports?network_id=339d38a9-7711-42ca-bbc1-507d5bc7f74b&tags=tripleo_stack_name%3Dovercloud&tags=tripleo_vip_net%3Dstorage HTTP/1.1" status: 200 len: 186 time: 0.0734634
2026-02-03 07:29:44.183 18 DEBUG neutron.pecan_wsgi.hooks.quota_enforcement [req-356cd42c-ef1e-46b3-b69a-e81130f75eac d92e705af86343ea8b111c62ac0862f6 56046a43b28d490bba8b741c4dfa6aaf - default default] Made reservation on behalf of 56046a43b28d490bba8b741c4dfa6aaf for: {'port': 1} before /usr/lib/python3.9/site-packages/neutron/pecan_wsgi/hooks/quota_enforcement.py:53
2026-02-03 07:29:44.185 18 DEBUG neutron_lib.callbacks.manager [req-356cd42c-ef1e-46b3-b69a-e81130f75eac d92e705af86343ea8b111c62ac0862f6 56046a43b28d490bba8b741c4dfa6aaf - default default] Notify callbacks ['neutron.plugins.ml2.plugin.SecurityGroupDbMixin._ensure_default_security_group_handler-573251'] for port, before_create _notify_loop /usr/lib/python3.9/site-packages/neutron_lib/callbacks/manager.py:200
2026-02-03 07:29:44.189 16 DEBUG neutron.api.v2.base [req-56302a48-18f3-4c42-a325-e27559ad95f3 d92e705af86343ea8b111c62ac0862f6 56046a43b28d490bba8b741c4dfa6aaf - default default] Request body: {'port': {'network_id': '339d38a9-7711-42ca-bbc1-507d5bc7f74b', 'dns_name': 'multicell', 'fixed_ips': [{'ip_address': '172.18.0.140'}], 'name': 'storage_vip'}} prepare_request_body /usr/lib/python3.9/site-packages/neutron/api/v2/base.py:729
2026-02-03 07:29:44.191 15 INFO neutron.wsgi [req-c3851d4b-3af4-4446-8fe3-1bfc0c23c495 d92e705af86343ea8b111c62ac0862f6 56046a43b28d490bba8b741c4dfa6aaf - default default] 192.168.122.99,192.168.122.100 "GET /v2.0/ports?network_id=0ad887a6-089e-46c8-8bb6-d2d178c649aa&tags=tripleo_stack_name%3Dovercloud&tags=tripleo_vip_net%3Dstorage_mgmt HTTP/1.1" status: 200 len: 186 time: 0.0807886
2026-02-03 07:29:44.196 15 DEBUG neutron.api.v2.base [req-81d62687-9682-421b-8d0f-962edee0cf2e d92e705af86343ea8b111c62ac0862f6 56046a43b28d490bba8b741c4dfa6aaf - default default] Request body: {'port': {'network_id': '0ad887a6-089e-46c8-8bb6-d2d178c649aa', 'dns_name': 'multicell', 'fixed_ips': [{'ip_address': '172.20.0.150'}], 'name': 'storage_mgmt_vip'}} prepare_request_body /usr/lib/python3.9/site-packages/neutron/api/v2/base.py:729
2026-02-03 07:29:44.198 16 DEBUG neutron.pecan_wsgi.hooks.quota_enforcement [req-56302a48-18f3-4c42-a325-e27559ad95f3 d92e705af86343ea8b111c62ac0862f6 56046a43b28d490bba8b741c4dfa6aaf - default default] Made reservation on behalf of 56046a43b28d490bba8b741c4dfa6aaf for: {'port': 1} before /usr/lib/python3.9/site-packages/neutron/pecan_wsgi/hooks/quota_enforcement.py:53
2026-02-03 07:29:44.198 15 INFO neutron.wsgi [req-ced233e5-47ce-4755-8a0a-90fde9e7f374 d92e705af86343ea8b111c62ac0862f6 56046a43b28d490bba8b741c4dfa6aaf - default default] 192.168.122.99,192.168.122.100 "GET /v2.0/ports?network_id=9da2bc30-2f54-40c7-8f80-ee5e96c9e3ba&tags=tripleo_stack_name%3Dovercloud&tags=tripleo_vip_net%3Dexternal HTTP/1.1" status: 200 len: 186 time: 0.0428553
2026-02-03 07:29:44.200 16 DEBUG neutron_lib.callbacks.manager [req-56302a48-18f3-4c42-a325-e27559ad95f3 d92e705af86343ea8b111c62ac0862f6 56046a43b28d490bba8b741c4dfa6aaf - default default] Notify callbacks ['neutron.plugins.ml2.plugin.SecurityGroupDbMixin._ensure_default_security_group_handler-573251'] for port, before_create _notify_loop /usr/lib/python3.9/site-packages/neutron_lib/callbacks/manager.py:200
2026-02-03 07:29:44.203 18 DEBUG neutron.notifiers.nova [req-356cd42c-ef1e-46b3-b69a-e81130f75eac d92e705af86343ea8b111c62ac0862f6 56046a43b28d490bba8b741c4dfa6aaf - default default] device_id is not set on port 8a8305e2-0982-4365-a131-8b54a441f780 yet. _can_notify /usr/lib/python3.9/site-packages/neutron/notifiers/nova.py:201
2026-02-03 07:29:44.206 15 DEBUG neutron.api.v2.base [req-383135eb-c18c-42ad-ae71-2213bd043326 d92e705af86343ea8b111c62ac0862f6 56046a43b28d490bba8b741c4dfa6aaf - default default] Request body: {'port': {'network_id': '9da2bc30-2f54-40c7-8f80-ee5e96c9e3ba', 'dns_name': 'multicell', 'fixed_ips': [{'ip_address': '172.21.0.80'}], 'name': 'external_vip'}} prepare_request_body /usr/lib/python3.9/site-packages/neutron/api/v2/base.py:729
2026-02-03 07:29:44.209 15 DEBUG neutron.pecan_wsgi.hooks.quota_enforcement [req-81d62687-9682-421b-8d0f-962edee0cf2e d92e705af86343ea8b111c62ac0862f6 56046a43b28d490bba8b741c4dfa6aaf - default default] Made reservation on behalf of 56046a43b28d490bba8b741c4dfa6aaf for: {'port': 1} before /usr/lib/python3.9/site-packages/neutron/pecan_wsgi/hooks/quota_enforcement.py:53
2026-02-03 07:29:44.210 15 DEBUG neutron_lib.callbacks.manager [req-81d62687-9682-421b-8d0f-962edee0cf2e d92e705af86343ea8b111c62ac0862f6 56046a43b28d490bba8b741c4dfa6aaf - default default] Notify callbacks ['neutron.plugins.ml2.plugin.SecurityGroupDbMixin._ensure_default_security_group_handler-573251'] for port, before_create _notify_loop /usr/lib/python3.9/site-packages/neutron_lib/callbacks/manager.py:200
2026-02-03 07:29:44.220 16 DEBUG neutron.notifiers.nova [req-56302a48-18f3-4c42-a325-e27559ad95f3 d92e705af86343ea8b111c62ac0862f6 56046a43b28d490bba8b741c4dfa6aaf - default default] device_id is not set on port 651ec98a-4289-4b01-9a9b-17b96b82886e yet. _can_notify /usr/lib/python3.9/site-packages/neutron/notifiers/nova.py:201
2026-02-03 07:29:44.223 15 DEBUG neutron.pecan_wsgi.hooks.quota_enforcement [req-383135eb-c18c-42ad-ae71-2213bd043326 d92e705af86343ea8b111c62ac0862f6 56046a43b28d490bba8b741c4dfa6aaf - default default] Made reservation on behalf of 56046a43b28d490bba8b741c4dfa6aaf for: {'port': 1} before /usr/lib/python3.9/site-packages/neutron/pecan_wsgi/hooks/quota_enforcement.py:53
2026-02-03 07:29:44.224 15 DEBUG neutron_lib.callbacks.manager [req-383135eb-c18c-42ad-ae71-2213bd043326 d92e705af86343ea8b111c62ac0862f6 56046a43b28d490bba8b741c4dfa6aaf - default default] Notify callbacks ['neutron.plugins.ml2.plugin.SecurityGroupDbMixin._ensure_default_security_group_handler-573251'] for port, before_create _notify_loop /usr/lib/python3.9/site-packages/neutron_lib/callbacks/manager.py:200
2026-02-03 07:29:44.230 15 DEBUG neutron.notifiers.nova [req-81d62687-9682-421b-8d0f-962edee0cf2e d92e705af86343ea8b111c62ac0862f6 56046a43b28d490bba8b741c4dfa6aaf - default default] device_id is not set on port e1a9407e-bfc0-481a-99c5-032f996e049c yet. _can_notify /usr/lib/python3.9/site-packages/neutron/notifiers/nova.py:201
2026-02-03 07:29:44.233 17 DEBUG neutron.db.db_base_plugin_common [req-4fe24208-81ca-4224-9fc6-35204a5470b0 d92e705af86343ea8b111c62ac0862f6 56046a43b28d490bba8b741c4dfa6aaf - default default] Allocated IP 192.168.122.90 (67199d90-28fa-455e-a39e-0a0d84a84751/4dbf7848-b7da-4e6e-a46e-e3a1fa712928/1e2855db-6374-426c-bcf0-d07bda48bd0a) _store_ip_allocation /usr/lib/python3.9/site-packages/neutron/db/db_base_plugin_common.py:131
2026-02-03 07:29:44.251 15 DEBUG neutron.notifiers.nova [req-383135eb-c18c-42ad-ae71-2213bd043326 d92e705af86343ea8b111c62ac0862f6 56046a43b28d490bba8b741c4dfa6aaf - default default] device_id is not set on port c9fca121-7b0f-4672-9645-7bebc4763a02 yet. _can_notify /usr/lib/python3.9/site-packages/neutron/notifiers/nova.py:201
2026-02-03 07:29:44.319 16 DEBUG neutron.db.db_base_plugin_common [req-56302a48-18f3-4c42-a325-e27559ad95f3 d92e705af86343ea8b111c62ac0862f6 56046a43b28d490bba8b741c4dfa6aaf - default default] Allocated IP 172.18.0.140 (339d38a9-7711-42ca-bbc1-507d5bc7f74b/d55349e2-8b94-454e-8c55-4838f7d4bc23/651ec98a-4289-4b01-9a9b-17b96b82886e) _store_ip_allocation /usr/lib/python3.9/site-packages/neutron/db/db_base_plugin_common.py:131
2026-02-03 07:29:44.366 18 DEBUG neutron.db.db_base_plugin_common [req-356cd42c-ef1e-46b3-b69a-e81130f75eac d92e705af86343ea8b111c62ac0862f6 56046a43b28d490bba8b741c4dfa6aaf - default default] Allocated IP 172.17.0.130 (dd8ee6f7-14fd-4bb9-8170-7c0de01bb252/e5497bba-a174-43ae-bd62-1d8b92f1dd8d/8a8305e2-0982-4365-a131-8b54a441f780) _store_ip_allocation /usr/lib/python3.9/site-packages/neutron/db/db_base_plugin_common.py:131
2026-02-03 07:29:44.395 17 DEBUG neutron_lib.callbacks.manager [req-4fe24208-81ca-4224-9fc6-35204a5470b0 d92e705af86343ea8b111c62ac0862f6 56046a43b28d490bba8b741c4dfa6aaf - default default] Notify callbacks [] for allowed_address_pair, before_create _notify_loop /usr/lib/python3.9/site-packages/neutron_lib/callbacks/manager.py:200
2026-02-03 07:29:44.396 17 DEBUG neutron_lib.callbacks.manager [req-4fe24208-81ca-4224-9fc6-35204a5470b0 d92e705af86343ea8b111c62ac0862f6 56046a43b28d490bba8b741c4dfa6aaf - default default] Notify callbacks [] for port, precommit_create _notify_loop /usr/lib/python3.9/site-packages/neutron_lib/callbacks/manager.py:200
2026-02-03 07:29:44.398 15 DEBUG neutron.db.db_base_plugin_common [req-81d62687-9682-421b-8d0f-962edee0cf2e d92e705af86343ea8b111c62ac0862f6 56046a43b28d490bba8b741c4dfa6aaf - default default] Allocated IP 172.20.0.150 (0ad887a6-089e-46c8-8bb6-d2d178c649aa/8ff185ae-2702-4b4e-a702-e277e64a6b8c/e1a9407e-bfc0-481a-99c5-032f996e049c) _store_ip_allocation /usr/lib/python3.9/site-packages/neutron/db/db_base_plugin_common.py:131
2026-02-03 07:29:44.405 17 DEBUG neutron.db.provisioning_blocks [req-4fe24208-81ca-4224-9fc6-35204a5470b0 d92e705af86343ea8b111c62ac0862f6 56046a43b28d490bba8b741c4dfa6aaf - default default] Transition to ACTIVE for port object 1e2855db-6374-426c-bcf0-d07bda48bd0a will not be triggered until provisioned by entity DHCP. add_provisioning_component /usr/lib/python3.9/site-packages/neutron/db/provisioning_blocks.py:74
2026-02-03 07:29:44.408 15 DEBUG neutron.db.db_base_plugin_common [req-383135eb-c18c-42ad-ae71-2213bd043326 d92e705af86343ea8b111c62ac0862f6 56046a43b28d490bba8b741c4dfa6aaf - default default] Allocated IP 172.21.0.80 (9da2bc30-2f54-40c7-8f80-ee5e96c9e3ba/a1227194-a8de-4a83-b1d4-260998fb7402/c9fca121-7b0f-4672-9645-7bebc4763a02) _store_ip_allocation /usr/lib/python3.9/site-packages/neutron/db/db_base_plugin_common.py:131
2026-02-03 07:29:44.420 17 DEBUG neutron.wsgi [-] (17) accepted ('192.168.122.100', 44932) server /usr/lib/python3.9/site-packages/eventlet/wsgi.py:992
2026-02-03 07:29:44.422 17 INFO neutron.wsgi [-] 192.168.122.100 "GET /healthcheck HTTP/1.0" status: 200 len: 137 time: 0.0014095
2026-02-03 07:29:44.437 17 DEBUG neutron_lib.callbacks.manager [req-4fe24208-81ca-4224-9fc6-35204a5470b0 d92e705af86343ea8b111c62ac0862f6 56046a43b28d490bba8b741c4dfa6aaf - default default] Notify callbacks ['neutron.plugins.ml2.plugin.SecurityGroupServerNotifierRpcMixin.notify_sg_on_port_change-528535', 'neutron.plugins.ml2.extensions.dns_integration._create_port_in_external_dns_service-8732551354471', 'neutron.plugins.ml2.ovo_rpc._ObjectChangeHandler.handle_event-4019920', 'neutron.api.rpc.agentnotifiers.dhcp_rpc_agent_api.DhcpAgentNotifyAPI._native_event_send_dhcp_notification-3534845', 'neutron.services.segments.plugin.NovaSegmentNotifier._notify_port_created_or_deleted-489177'] for port, after_create _notify_loop /usr/lib/python3.9/site-packages/neutron_lib/callbacks/manager.py:200
2026-02-03 07:29:44.468 17 DEBUG neutron.scheduler.dhcp_agent_scheduler [req-4fe24208-81ca-4224-9fc6-35204a5470b0 d92e705af86343ea8b111c62ac0862f6 56046a43b28d490bba8b741c4dfa6aaf - default default] Network 67199d90-28fa-455e-a39e-0a0d84a84751 is already hosted by enough agents. _get_dhcp_agents_hosting_network /usr/lib/python3.9/site-packages/neutron/scheduler/dhcp_agent_scheduler.py:275
2026-02-03 07:29:44.471 17 DEBUG neutron.scheduler.base_scheduler [req-4fe24208-81ca-4224-9fc6-35204a5470b0 d92e705af86343ea8b111c62ac0862f6 56046a43b28d490bba8b741c4dfa6aaf - default default] Resources bound (agent type, host, resource id): schedule /usr/lib/python3.9/site-packages/neutron/scheduler/base_scheduler.py:57
2026-02-03 07:29:44.474 16 DEBUG neutron_lib.callbacks.manager [req-56302a48-18f3-4c42-a325-e27559ad95f3 d92e705af86343ea8b111c62ac0862f6 56046a43b28d490bba8b741c4dfa6aaf - default default] Notify callbacks [] for allowed_address_pair, before_create _notify_loop /usr/lib/python3.9/site-packages/neutron_lib/callbacks/manager.py:200
2026-02-03 07:29:44.475 16 DEBUG neutron_lib.callbacks.manager [req-56302a48-18f3-4c42-a325-e27559ad95f3 d92e705af86343ea8b111c62ac0862f6 56046a43b28d490bba8b741c4dfa6aaf - default default] Notify callbacks [] for port, precommit_create _notify_loop /usr/lib/python3.9/site-packages/neutron_lib/callbacks/manager.py:200
2026-02-03 07:29:44.490 17 DEBUG neutron.api.rpc.handlers.resources_rpc [req-4fe24208-81ca-4224-9fc6-35204a5470b0 d92e705af86343ea8b111c62ac0862f6 56046a43b28d490bba8b741c4dfa6aaf - - -] Pushing event updated for resources: {'Port': ['ID=1e2855db-6374-426c-bcf0-d07bda48bd0a,revision_number=1']} push /usr/lib/python3.9/site-packages/neutron/api/rpc/handlers/resources_rpc.py:237
2026-02-03 07:29:44.508 16 DEBUG neutron_lib.callbacks.manager [req-56302a48-18f3-4c42-a325-e27559ad95f3 d92e705af86343ea8b111c62ac0862f6 56046a43b28d490bba8b741c4dfa6aaf - default default] Notify callbacks ['neutron.plugins.ml2.plugin.SecurityGroupServerNotifierRpcMixin.notify_sg_on_port_change-528535', 'neutron.plugins.ml2.extensions.dns_integration._create_port_in_external_dns_service-8732551354471', 'neutron.plugins.ml2.ovo_rpc._ObjectChangeHandler.handle_event-4019920', 'neutron.api.rpc.agentnotifiers.dhcp_rpc_agent_api.DhcpAgentNotifyAPI._native_event_send_dhcp_notification-3534845', 'neutron.services.segments.plugin.NovaSegmentNotifier._notify_port_created_or_deleted-489177'] for port, after_create _notify_loop /usr/lib/python3.9/site-packages/neutron_lib/callbacks/manager.py:200
2026-02-03 07:29:44.515 17 DEBUG neutron.pecan_wsgi.hooks.policy_enforcement [req-4fe24208-81ca-4224-9fc6-35204a5470b0 d92e705af86343ea8b111c62ac0862f6 56046a43b28d490bba8b741c4dfa6aaf - default default] Attributes excluded by policy engine: ['standard_attr_id', 'network'] _exclude_attributes_by_policy /usr/lib/python3.9/site-packages/neutron/pecan_wsgi/hooks/policy_enforcement.py:259
2026-02-03 07:29:44.516 17 DEBUG neutron_lib.callbacks.manager [req-4fe24208-81ca-4224-9fc6-35204a5470b0 d92e705af86343ea8b111c62ac0862f6 56046a43b28d490bba8b741c4dfa6aaf - default default] Notify callbacks ['neutron.notifiers.nova.Notifier._send_nova_notification-161373', 'neutron.api.rpc.agentnotifiers.dhcp_rpc_agent_api.DhcpAgentNotifyAPI._send_dhcp_notification-3534731'] for port, before_response _notify_loop /usr/lib/python3.9/site-packages/neutron_lib/callbacks/manager.py:200
2026-02-03 07:29:44.533 17 INFO neutron.wsgi [req-4fe24208-81ca-4224-9fc6-35204a5470b0 d92e705af86343ea8b111c62ac0862f6 56046a43b28d490bba8b741c4dfa6aaf - default default] 192.168.122.99,192.168.122.100 "POST /v2.0/ports HTTP/1.1" status: 201 len: 1155 time: 0.4094100
2026-02-03 07:29:44.542 17 DEBUG neutron.services.tag.tag_plugin [req-1dea7c97-3bd7-42e1-8f35-1feadb2b674a d92e705af86343ea8b111c62ac0862f6 56046a43b28d490bba8b741c4dfa6aaf - default default] neutron.services.tag.tag_plugin.TagPlugin method update_tags called with arguments (, 'ports', '1e2855db-6374-426c-bcf0-d07bda48bd0a', {'tags': ['tripleo_stack_name=overcloud', 'tripleo_vip_net=ctlplane']}) {} wrapper /usr/lib/python3.9/site-packages/oslo_log/helpers.py:65
2026-02-03 07:29:44.547 16 DEBUG neutron.api.rpc.handlers.resources_rpc [req-56302a48-18f3-4c42-a325-e27559ad95f3 d92e705af86343ea8b111c62ac0862f6 56046a43b28d490bba8b741c4dfa6aaf - - -] Pushing event updated for resources: {'Port': ['ID=651ec98a-4289-4b01-9a9b-17b96b82886e,revision_number=1']} push /usr/lib/python3.9/site-packages/neutron/api/rpc/handlers/resources_rpc.py:237
2026-02-03 07:29:44.552 16 DEBUG neutron.plugins.ml2.drivers.mech_agent [req-56302a48-18f3-4c42-a325-e27559ad95f3 d92e705af86343ea8b111c62ac0862f6 56046a43b28d490bba8b741c4dfa6aaf - default default] Checking segment: {'id': '6915638f-df41-449f-98cf-4fcc810256ea', 'network_type': 'flat', 'physical_network': 'storage_storage_subnet', 'segmentation_id': None, 'network_id': '339d38a9-7711-42ca-bbc1-507d5bc7f74b'} for mappings: {'ctlplane': 'br-ctlplane'} with network types: ['local', 'flat', 'vlan'] check_segment_for_agent /usr/lib/python3.9/site-packages/neutron/plugins/ml2/drivers/mech_agent.py:343
2026-02-03 07:29:44.553 16 DEBUG neutron.plugins.ml2.drivers.mech_agent [req-56302a48-18f3-4c42-a325-e27559ad95f3 d92e705af86343ea8b111c62ac0862f6 56046a43b28d490bba8b741c4dfa6aaf - default default] Network 339d38a9-7711-42ca-bbc1-507d5bc7f74b with segment 6915638f-df41-449f-98cf-4fcc810256ea is connected to physical network storage_storage_subnet, but agent undercloud.ooo.test reported physical networks {'ctlplane': 'br-ctlplane'}. The physical network must be configured on the agent if binding is to succeed. check_segment_for_agent /usr/lib/python3.9/site-packages/neutron/plugins/ml2/drivers/mech_agent.py:365
2026-02-03 07:29:44.555 16 DEBUG neutron.scheduler.dhcp_agent_scheduler [req-56302a48-18f3-4c42-a325-e27559ad95f3 d92e705af86343ea8b111c62ac0862f6 56046a43b28d490bba8b741c4dfa6aaf - default default] Network hostable DHCP agents. Network: 339d38a9-7711-42ca-bbc1-507d5bc7f74b, hostable agents: [], hosted agents: [] _get_network_hostable_dhcp_agents /usr/lib/python3.9/site-packages/neutron/scheduler/dhcp_agent_scheduler.py:329
2026-02-03 07:29:44.556 16 DEBUG neutron.scheduler.base_scheduler [req-56302a48-18f3-4c42-a325-e27559ad95f3 d92e705af86343ea8b111c62ac0862f6 56046a43b28d490bba8b741c4dfa6aaf - default default] Resources bound (agent type, host, resource id): schedule /usr/lib/python3.9/site-packages/neutron/scheduler/base_scheduler.py:57
2026-02-03 07:29:44.556 16 WARNING neutron.api.rpc.agentnotifiers.dhcp_rpc_agent_api [req-56302a48-18f3-4c42-a325-e27559ad95f3 d92e705af86343ea8b111c62ac0862f6 56046a43b28d490bba8b741c4dfa6aaf - default default] Unable to schedule network 339d38a9-7711-42ca-bbc1-507d5bc7f74b: no agents available; will retry on subsequent port and subnet creation events.
2026-02-03 07:29:44.556 16 DEBUG neutron.api.rpc.agentnotifiers.dhcp_rpc_agent_api [req-56302a48-18f3-4c42-a325-e27559ad95f3 d92e705af86343ea8b111c62ac0862f6 56046a43b28d490bba8b741c4dfa6aaf - default default] Network 339d38a9-7711-42ca-bbc1-507d5bc7f74b is not hosted by any dhcp agent _notify_agents /usr/lib/python3.9/site-packages/neutron/api/rpc/agentnotifiers/dhcp_rpc_agent_api.py:228
2026-02-03 07:29:44.579 16 DEBUG neutron.pecan_wsgi.hooks.policy_enforcement [req-56302a48-18f3-4c42-a325-e27559ad95f3 d92e705af86343ea8b111c62ac0862f6 56046a43b28d490bba8b741c4dfa6aaf - default default] Attributes excluded by policy engine: ['standard_attr_id', 'network'] _exclude_attributes_by_policy /usr/lib/python3.9/site-packages/neutron/pecan_wsgi/hooks/policy_enforcement.py:259
2026-02-03 07:29:44.580 16 DEBUG neutron_lib.callbacks.manager [req-56302a48-18f3-4c42-a325-e27559ad95f3 d92e705af86343ea8b111c62ac0862f6 56046a43b28d490bba8b741c4dfa6aaf - default default] Notify callbacks ['neutron.notifiers.nova.Notifier._send_nova_notification-161373', 'neutron.api.rpc.agentnotifiers.dhcp_rpc_agent_api.DhcpAgentNotifyAPI._send_dhcp_notification-3534731'] for port, before_response _notify_loop /usr/lib/python3.9/site-packages/neutron_lib/callbacks/manager.py:200
2026-02-03 07:29:44.588 17 INFO neutron.wsgi [req-1dea7c97-3bd7-42e1-8f35-1feadb2b674a d92e705af86343ea8b111c62ac0862f6 56046a43b28d490bba8b741c4dfa6aaf - default default] 192.168.122.99,192.168.122.100 "PUT /v2.0/ports/1e2855db-6374-426c-bcf0-d07bda48bd0a/tags HTTP/1.1" status: 200 len: 244 time: 0.0518572
2026-02-03 07:29:44.590 16 INFO neutron.wsgi [req-56302a48-18f3-4c42-a325-e27559ad95f3 d92e705af86343ea8b111c62ac0862f6 56046a43b28d490bba8b741c4dfa6aaf - default default] 192.168.122.99,192.168.122.100 "POST /v2.0/ports HTTP/1.1" status: 201 len: 1150 time: 0.4035845
2026-02-03 07:29:44.597 16 DEBUG neutron.services.tag.tag_plugin [req-dc1fef49-d79c-40c6-befd-326c3b09d5e3 d92e705af86343ea8b111c62ac0862f6 56046a43b28d490bba8b741c4dfa6aaf - default default] neutron.services.tag.tag_plugin.TagPlugin method update_tags called with arguments (, 'ports', '651ec98a-4289-4b01-9a9b-17b96b82886e', {'tags': ['tripleo_stack_name=overcloud', 'tripleo_vip_net=storage']}) {} wrapper /usr/lib/python3.9/site-packages/oslo_log/helpers.py:65
2026-02-03 07:29:44.612 18 DEBUG neutron_lib.callbacks.manager [req-356cd42c-ef1e-46b3-b69a-e81130f75eac d92e705af86343ea8b111c62ac0862f6 56046a43b28d490bba8b741c4dfa6aaf - default default] Notify callbacks [] for allowed_address_pair, before_create _notify_loop /usr/lib/python3.9/site-packages/neutron_lib/callbacks/manager.py:200
2026-02-03 07:29:44.613 18 DEBUG neutron_lib.callbacks.manager [req-356cd42c-ef1e-46b3-b69a-e81130f75eac d92e705af86343ea8b111c62ac0862f6 56046a43b28d490bba8b741c4dfa6aaf - default default] Notify callbacks [] for port, precommit_create _notify_loop /usr/lib/python3.9/site-packages/neutron_lib/callbacks/manager.py:200
2026-02-03 07:29:44.629 16 INFO neutron.wsgi [req-dc1fef49-d79c-40c6-befd-326c3b09d5e3 d92e705af86343ea8b111c62ac0862f6 56046a43b28d490bba8b741c4dfa6aaf - default default] 192.168.122.99,192.168.122.100 "PUT /v2.0/ports/651ec98a-4289-4b01-9a9b-17b96b82886e/tags HTTP/1.1" status: 200 len: 243 time: 0.0348880
2026-02-03 07:29:44.640 18 DEBUG neutron_lib.callbacks.manager [req-356cd42c-ef1e-46b3-b69a-e81130f75eac d92e705af86343ea8b111c62ac0862f6 56046a43b28d490bba8b741c4dfa6aaf - default default] Notify callbacks ['neutron.plugins.ml2.plugin.SecurityGroupServerNotifierRpcMixin.notify_sg_on_port_change-528535', 'neutron.plugins.ml2.extensions.dns_integration._create_port_in_external_dns_service-8732551354471', 'neutron.plugins.ml2.ovo_rpc._ObjectChangeHandler.handle_event-4019920', 'neutron.api.rpc.agentnotifiers.dhcp_rpc_agent_api.DhcpAgentNotifyAPI._native_event_send_dhcp_notification-3534845', 'neutron.services.segments.plugin.NovaSegmentNotifier._notify_port_created_or_deleted-489177'] for port, after_create _notify_loop /usr/lib/python3.9/site-packages/neutron_lib/callbacks/manager.py:200
2026-02-03 07:29:44.676 18 DEBUG neutron.api.rpc.handlers.resources_rpc [req-356cd42c-ef1e-46b3-b69a-e81130f75eac d92e705af86343ea8b111c62ac0862f6 56046a43b28d490bba8b741c4dfa6aaf - - -] Pushing event updated for resources: {'Port': ['ID=8a8305e2-0982-4365-a131-8b54a441f780,revision_number=1']} push /usr/lib/python3.9/site-packages/neutron/api/rpc/handlers/resources_rpc.py:237
2026-02-03 07:29:44.677 15 DEBUG neutron_lib.callbacks.manager [req-81d62687-9682-421b-8d0f-962edee0cf2e d92e705af86343ea8b111c62ac0862f6 56046a43b28d490bba8b741c4dfa6aaf - default default] Notify callbacks [] for allowed_address_pair, before_create _notify_loop /usr/lib/python3.9/site-packages/neutron_lib/callbacks/manager.py:200
2026-02-03 07:29:44.678 15 DEBUG neutron_lib.callbacks.manager [req-81d62687-9682-421b-8d0f-962edee0cf2e d92e705af86343ea8b111c62ac0862f6 56046a43b28d490bba8b741c4dfa6aaf - default default] Notify callbacks [] for port, precommit_create _notify_loop /usr/lib/python3.9/site-packages/neutron_lib/callbacks/manager.py:200
