Nov 27 13:40:28 np0005538165.novalocal object-server[96394]: ::1 - - [27/Nov/2025:18:40:28 +0000] "GET /2/154564/AUTH_891a4d8ec8d044eaa174442078fb7e80/gnocchi.ee791571-df06-473c-bf0a-0057f5280ae9/none_v3" 404 70 "GET https://[::1]:8080/v1/AUTH_891a4d8ec8d044eaa174442078fb7e80/gnocchi.ee791571-df06-473c-bf0a-0057f5280ae9/none_v3" "tx19e5f16f2c484aa4bba71-0069289b1c" "proxy-server 97369" 0.0003 "-" 96394 0
Nov 27 13:40:28 np0005538165.novalocal proxy-server[97369]: ::1 ::1 27/Nov/2025/18/40/28 GET /v1/AUTH_891a4d8ec8d044eaa174442078fb7e80/gnocchi.ee791571-df06-473c-bf0a-0057f5280ae9/none_v3 HTTP/1.0 404 - python-swiftclient-4.7.0 gAAAAABpKJsYjUMx... - 70 - tx19e5f16f2c484aa4bba71-0069289b1c - 0.0257 - - 1764268828.148893595 1764268828.174592972 0
Nov 27 13:40:28 np0005538165.novalocal container-server[96061]: ::1 - - [27/Nov/2025:18:40:28 +0000] "PUT /1/204824/AUTH_891a4d8ec8d044eaa174442078fb7e80/gnocchi.5aff5d27-a90c-41f5-9ee1-b16acae5d75f/none_v3" 201 - "PUT http://[::1]:8080/3/118779/AUTH_891a4d8ec8d044eaa174442078fb7e80/gnocchi.5aff5d27-a90c-41f5-9ee1-b16acae5d75f/none_v3" "tx72714183108542b799ebe-0069289b1c" "object-server 96393" 0.0004 "-" 96061 0
Nov 27 13:40:28 np0005538165.novalocal object-server[96393]: ::1 - - [27/Nov/2025:18:40:28 +0000] "PUT /3/118779/AUTH_891a4d8ec8d044eaa174442078fb7e80/gnocchi.5aff5d27-a90c-41f5-9ee1-b16acae5d75f/none_v3" 201 - "PUT https://[::1]:8080/v1/AUTH_891a4d8ec8d044eaa174442078fb7e80/gnocchi.5aff5d27-a90c-41f5-9ee1-b16acae5d75f/none_v3" "tx72714183108542b799ebe-0069289b1c" "proxy-server 97370" 0.0066 "-" 96393 0
Nov 27 13:40:28 np0005538165.novalocal container-server[96061]: ::1 - - [27/Nov/2025:18:40:28 +0000] "PUT /3/204824/AUTH_891a4d8ec8d044eaa174442078fb7e80/gnocchi.5aff5d27-a90c-41f5-9ee1-b16acae5d75f/none_v3" 201 - "PUT http://[::1]:8080/1/118779/AUTH_891a4d8ec8d044eaa174442078fb7e80/gnocchi.5aff5d27-a90c-41f5-9ee1-b16acae5d75f/none_v3" "tx72714183108542b799ebe-0069289b1c" "object-server 96394" 0.0003 "-" 96061 0
Nov 27 13:40:28 np0005538165.novalocal object-server[96394]: ::1 - - [27/Nov/2025:18:40:28 +0000] "PUT /1/118779/AUTH_891a4d8ec8d044eaa174442078fb7e80/gnocchi.5aff5d27-a90c-41f5-9ee1-b16acae5d75f/none_v3" 201 - "PUT https://[::1]:8080/v1/AUTH_891a4d8ec8d044eaa174442078fb7e80/gnocchi.5aff5d27-a90c-41f5-9ee1-b16acae5d75f/none_v3" "tx72714183108542b799ebe-0069289b1c" "proxy-server 97370" 0.0107 "-" 96394 0
Nov 27 13:40:28 np0005538165.novalocal container-server[96060]: ::1 - - [27/Nov/2025:18:40:28 +0000] "PUT /2/204824/AUTH_891a4d8ec8d044eaa174442078fb7e80/gnocchi.5aff5d27-a90c-41f5-9ee1-b16acae5d75f/none_v3" 201 - "PUT http://[::1]:8080/2/118779/AUTH_891a4d8ec8d044eaa174442078fb7e80/gnocchi.5aff5d27-a90c-41f5-9ee1-b16acae5d75f/none_v3" "tx72714183108542b799ebe-0069289b1c" "object-server 96394" 0.0004 "-" 96060 0
Nov 27 13:40:28 np0005538165.novalocal object-server[96394]: ::1 - - [27/Nov/2025:18:40:28 +0000] "PUT /2/118779/AUTH_891a4d8ec8d044eaa174442078fb7e80/gnocchi.5aff5d27-a90c-41f5-9ee1-b16acae5d75f/none_v3" 201 - "PUT https://[::1]:8080/v1/AUTH_891a4d8ec8d044eaa174442078fb7e80/gnocchi.5aff5d27-a90c-41f5-9ee1-b16acae5d75f/none_v3" "tx72714183108542b799ebe-0069289b1c" "proxy-server 97370" 0.0131 "-" 96394 0
Nov 27 13:40:28 np0005538165.novalocal proxy-server[97370]: ::1 ::1 27/Nov/2025/18/40/28 PUT /v1/AUTH_891a4d8ec8d044eaa174442078fb7e80/gnocchi.5aff5d27-a90c-41f5-9ee1-b16acae5d75f/none_v3 HTTP/1.0 201 - python-swiftclient-4.7.0 gAAAAABpKJsZdlPH... 22 - - tx72714183108542b799ebe-0069289b1c - 0.0210 - - 1764268828.164223433 1764268828.185173988 0
Nov 27 13:40:28 np0005538165.novalocal account-server[95766]: ::1 - - [27/Nov/2025:18:40:28 +0000] "PUT /1/91627/AUTH_891a4d8ec8d044eaa174442078fb7e80/gnocchi.ee791571-df06-473c-bf0a-0057f5280ae9" 201 - "PUT http://[::1]:6001/1/249409/AUTH_891a4d8ec8d044eaa174442078fb7e80/gnocchi.ee791571-df06-473c-bf0a-0057f5280ae9" "txa31fbde3f2fd4f32b0b63-0069289b1c" "container-server 96061" 0.0066 "-" 95766 0
Nov 27 13:40:28 np0005538165.novalocal container-server[96061]: ::1 - - [27/Nov/2025:18:40:28 +0000] "PUT /1/249409/AUTH_891a4d8ec8d044eaa174442078fb7e80/gnocchi.ee791571-df06-473c-bf0a-0057f5280ae9" 201 - "PUT https://[::1]:8080/v1/AUTH_891a4d8ec8d044eaa174442078fb7e80/gnocchi.ee791571-df06-473c-bf0a-0057f5280ae9" "txa31fbde3f2fd4f32b0b63-0069289b1c" "proxy-server 97369" 0.0155 "-" 96061 0
Nov 27 13:40:28 np0005538165.novalocal account-server[95765]: ::1 - - [27/Nov/2025:18:40:28 +0000] "PUT /3/91627/AUTH_891a4d8ec8d044eaa174442078fb7e80/gnocchi.ee791571-df06-473c-bf0a-0057f5280ae9" 201 - "PUT http://[::1]:6001/2/249409/AUTH_891a4d8ec8d044eaa174442078fb7e80/gnocchi.ee791571-df06-473c-bf0a-0057f5280ae9" "txa31fbde3f2fd4f32b0b63-0069289b1c" "container-server 96060" 0.0065 "-" 95765 0
Nov 27 13:40:28 np0005538165.novalocal container-server[96060]: ::1 - - [27/Nov/2025:18:40:28 +0000] "PUT /2/249409/AUTH_891a4d8ec8d044eaa174442078fb7e80/gnocchi.ee791571-df06-473c-bf0a-0057f5280ae9" 201 - "PUT https://[::1]:8080/v1/AUTH_891a4d8ec8d044eaa174442078fb7e80/gnocchi.ee791571-df06-473c-bf0a-0057f5280ae9" "txa31fbde3f2fd4f32b0b63-0069289b1c" "proxy-server 97369" 0.0174 "-" 96060 0
Nov 27 13:40:28 np0005538165.novalocal account-server[95765]: ::1 - - [27/Nov/2025:18:40:28 +0000] "PUT /2/91627/AUTH_891a4d8ec8d044eaa174442078fb7e80/gnocchi.ee791571-df06-473c-bf0a-0057f5280ae9" 201 - "PUT http://[::1]:6001/3/249409/AUTH_891a4d8ec8d044eaa174442078fb7e80/gnocchi.ee791571-df06-473c-bf0a-0057f5280ae9" "txa31fbde3f2fd4f32b0b63-0069289b1c" "container-server 96060" 0.0035 "-" 95765 0
Nov 27 13:40:28 np0005538165.novalocal container-server[96060]: ::1 - - [27/Nov/2025:18:40:28 +0000] "PUT /3/249409/AUTH_891a4d8ec8d044eaa174442078fb7e80/gnocchi.ee791571-df06-473c-bf0a-0057f5280ae9" 201 - "PUT https://[::1]:8080/v1/AUTH_891a4d8ec8d044eaa174442078fb7e80/gnocchi.ee791571-df06-473c-bf0a-0057f5280ae9" "txa31fbde3f2fd4f32b0b63-0069289b1c" "proxy-server 97369" 0.0168 "-" 96060 0
Nov 27 13:40:28 np0005538165.novalocal proxy-server[97369]: ::1 ::1 27/Nov/2025/18/40/28 PUT /v1/AUTH_891a4d8ec8d044eaa174442078fb7e80/gnocchi.ee791571-df06-473c-bf0a-0057f5280ae9 HTTP/1.0 201 - python-swiftclient-4.7.0 gAAAAABpKJsYjUMx... - - - txa31fbde3f2fd4f32b0b63-0069289b1c - 0.0302 - - 1764268828.178383827 1764268828.208563566 0
Nov 27 13:40:28 np0005538165.novalocal container-server[96060]: ::1 - - [27/Nov/2025:18:40:28 +0000] "HEAD /3/249409/AUTH_891a4d8ec8d044eaa174442078fb7e80/gnocchi.ee791571-df06-473c-bf0a-0057f5280ae9" 204 - "HEAD http://[::1]:8080/v1/AUTH_891a4d8ec8d044eaa174442078fb7e80/gnocchi.ee791571-df06-473c-bf0a-0057f5280ae9" "tx6a01a3984ef442eeb9725-0069289b1c" "proxy-server 97369" 0.0010 "-" 96060 0
Nov 27 13:40:28 np0005538165.novalocal proxy-server[97369]: - - 27/Nov/2025/18/40/28 HEAD /v1/AUTH_891a4d8ec8d044eaa174442078fb7e80/gnocchi.ee791571-df06-473c-bf0a-0057f5280ae9 HTTP/1.0 204 - Swift - - - - tx6a01a3984ef442eeb9725-0069289b1c - 0.0045 CS - 1764268828.211932659 1764268828.216446400 0
Nov 27 13:40:28 np0005538165.novalocal container-server[96061]: ::1 - - [27/Nov/2025:18:40:28 +0000] "GET /2/249409/AUTH_891a4d8ec8d044eaa174442078fb7e80/gnocchi.ee791571-df06-473c-bf0a-0057f5280ae9" 200 2 "GET https://[::1]:8080/v1/AUTH_891a4d8ec8d044eaa174442078fb7e80/gnocchi.ee791571-df06-473c-bf0a-0057f5280ae9?format=json&states=listing" "tx6a01a3984ef442eeb9725-0069289b1c" "proxy-server 97369" 0.0037 "-" 96061 0
Nov 27 13:40:28 np0005538165.novalocal container-server[96060]: ::1 - - [27/Nov/2025:18:40:28 +0000] "HEAD /1/65219/AUTH_891a4d8ec8d044eaa174442078fb7e80/gnocchi.b7f55c0a-1ecc-41be-b6cf-40643f9d4d6c" 404 - "HEAD http://[::1]:8080/v1/AUTH_891a4d8ec8d044eaa174442078fb7e80/gnocchi.b7f55c0a-1ecc-41be-b6cf-40643f9d4d6c" "txde7b5202cc2a4678ab444-0069289b1c" "proxy-server 97370" 0.0002 "-" 96060 0
Nov 27 13:40:28 np0005538165.novalocal container-server[96060]: ::1 - - [27/Nov/2025:18:40:28 +0000] "HEAD /2/65219/AUTH_891a4d8ec8d044eaa174442078fb7e80/gnocchi.b7f55c0a-1ecc-41be-b6cf-40643f9d4d6c" 404 - "HEAD http://[::1]:8080/v1/AUTH_891a4d8ec8d044eaa174442078fb7e80/gnocchi.b7f55c0a-1ecc-41be-b6cf-40643f9d4d6c" "txde7b5202cc2a4678ab444-0069289b1c" "proxy-server 97370" 0.0001 "-" 96060 0
Nov 27 13:40:28 np0005538165.novalocal container-server[96060]: ::1 - - [27/Nov/2025:18:40:28 +0000] "HEAD /3/65219/AUTH_891a4d8ec8d044eaa174442078fb7e80/gnocchi.b7f55c0a-1ecc-41be-b6cf-40643f9d4d6c" 404 - "HEAD http://[::1]:8080/v1/AUTH_891a4d8ec8d044eaa174442078fb7e80/gnocchi.b7f55c0a-1ecc-41be-b6cf-40643f9d4d6c" "txde7b5202cc2a4678ab444-0069289b1c" "proxy-server 97370" 0.0003 "-" 96060 0
Nov 27 13:40:28 np0005538165.novalocal proxy-server[97369]: ::1 ::1 27/Nov/2025/18/40/28 GET /v1/AUTH_891a4d8ec8d044eaa174442078fb7e80/gnocchi.ee791571-df06-473c-bf0a-0057f5280ae9%3Fformat%3Djson%26states%3Dlisting HTTP/1.0 200 - python-swiftclient-4.7.0 gAAAAABpKJsYjUMx... - 2 - tx6a01a3984ef442eeb9725-0069289b1c - 0.0189 - - 1764268828.211154222 1764268828.230027199 0
Nov 27 13:40:28 np0005538165.novalocal proxy-server[97370]: - - 27/Nov/2025/18/40/28 HEAD /v1/AUTH_891a4d8ec8d044eaa174442078fb7e80/gnocchi.b7f55c0a-1ecc-41be-b6cf-40643f9d4d6c HTTP/1.0 404 - Swift - - - - txde7b5202cc2a4678ab444-0069289b1c - 0.0074 CS - 1764268828.223360062 1764268828.230726480 0
Nov 27 13:40:28 np0005538165.novalocal object-server[96394]: ::1 - - [27/Nov/2025:18:40:28 +0000] "GET /1/75681/AUTH_891a4d8ec8d044eaa174442078fb7e80/gnocchi.b7f55c0a-1ecc-41be-b6cf-40643f9d4d6c/none_v3" 404 70 "GET https://[::1]:8080/v1/AUTH_891a4d8ec8d044eaa174442078fb7e80/gnocchi.b7f55c0a-1ecc-41be-b6cf-40643f9d4d6c/none_v3" "txde7b5202cc2a4678ab444-0069289b1c" "proxy-server 97370" 0.0004 "-" 96394 0
Nov 27 13:40:28 np0005538165.novalocal object-server[96394]: ::1 - - [27/Nov/2025:18:40:28 +0000] "GET /2/75681/AUTH_891a4d8ec8d044eaa174442078fb7e80/gnocchi.b7f55c0a-1ecc-41be-b6cf-40643f9d4d6c/none_v3" 404 70 "GET https://[::1]:8080/v1/AUTH_891a4d8ec8d044eaa174442078fb7e80/gnocchi.b7f55c0a-1ecc-41be-b6cf-40643f9d4d6c/none_v3" "txde7b5202cc2a4678ab444-0069289b1c" "proxy-server 97370" 0.0002 "-" 96394 0
Nov 27 13:40:28 np0005538165.novalocal object-server[96393]: ::1 - - [27/Nov/2025:18:40:28 +0000] "GET /3/75681/AUTH_891a4d8ec8d044eaa174442078fb7e80/gnocchi.b7f55c0a-1ecc-41be-b6cf-40643f9d4d6c/none_v3" 404 70 "GET https://[::1]:8080/v1/AUTH_891a4d8ec8d044eaa174442078fb7e80/gnocchi.b7f55c0a-1ecc-41be-b6cf-40643f9d4d6c/none_v3" "txde7b5202cc2a4678ab444-0069289b1c" "proxy-server 97370" 0.0003 "-" 96393 0
Nov 27 13:40:28 np0005538165.novalocal proxy-server[97370]: ::1 ::1 27/Nov/2025/18/40/28 GET /v1/AUTH_891a4d8ec8d044eaa174442078fb7e80/gnocchi.b7f55c0a-1ecc-41be-b6cf-40643f9d4d6c/none_v3 HTTP/1.0 404 - python-swiftclient-4.7.0 gAAAAABpKJsZdlPH... - 70 - txde7b5202cc2a4678ab444-0069289b1c - 0.0207 - - 1764268828.222903728 1764268828.243623734 0
Nov 27 13:40:28 np0005538165.novalocal object-server[96393]: ::1 - - [27/Nov/2025:18:40:28 +0000] "GET /1/71084/AUTH_891a4d8ec8d044eaa174442078fb7e80/gnocchi.ee791571-df06-473c-bf0a-0057f5280ae9/1763640000.0_mean_300.0_v3" 404 70 "GET https://[::1]:8080/v1/AUTH_891a4d8ec8d044eaa174442078fb7e80/gnocchi.ee791571-df06-473c-bf0a-0057f5280ae9/1763640000.0_mean_300.0_v3" "tx6452acc5ddc34877be099-0069289b1c" "proxy-server 97369" 0.0002 "-" 96393 0
Nov 27 13:40:28 np0005538165.novalocal object-server[96394]: ::1 - - [27/Nov/2025:18:40:28 +0000] "GET /3/71084/AUTH_891a4d8ec8d044eaa174442078fb7e80/gnocchi.ee791571-df06-473c-bf0a-0057f5280ae9/1763640000.0_mean_300.0_v3" 404 70 "GET https://[::1]:8080/v1/AUTH_891a4d8ec8d044eaa174442078fb7e80/gnocchi.ee791571-df06-473c-bf0a-0057f5280ae9/1763640000.0_mean_300.0_v3" "tx6452acc5ddc34877be099-0069289b1c" "proxy-server 97369" 0.0003 "-" 96394 0
Nov 27 13:40:28 np0005538165.novalocal object-server[96394]: ::1 - - [27/Nov/2025:18:40:28 +0000] "GET /2/71084/AUTH_891a4d8ec8d044eaa174442078fb7e80/gnocchi.ee791571-df06-473c-bf0a-0057f5280ae9/1763640000.0_mean_300.0_v3" 404 70 "GET https://[::1]:8080/v1/AUTH_891a4d8ec8d044eaa174442078fb7e80/gnocchi.ee791571-df06-473c-bf0a-0057f5280ae9/1763640000.0_mean_300.0_v3" "tx6452acc5ddc34877be099-0069289b1c" "proxy-server 97369" 0.0003 "-" 96394 0
Nov 27 13:40:28 np0005538165.novalocal proxy-server[97369]: ::1 ::1 27/Nov/2025/18/40/28 GET /v1/AUTH_891a4d8ec8d044eaa174442078fb7e80/gnocchi.ee791571-df06-473c-bf0a-0057f5280ae9/1763640000.0_mean_300.0_v3 HTTP/1.0 404 - python-swiftclient-4.7.0 gAAAAABpKJsYjUMx... - 70 - tx6452acc5ddc34877be099-0069289b1c - 0.0157 - - 1764268828.234390974 1764268828.250092745 0
Nov 27 13:40:28 np0005538165.novalocal account-server[95766]: ::1 - - [27/Nov/2025:18:40:28 +0000] "PUT /1/91627/AUTH_891a4d8ec8d044eaa174442078fb7e80/gnocchi.b7f55c0a-1ecc-41be-b6cf-40643f9d4d6c" 201 - "PUT http://[::1]:6001/1/65219/AUTH_891a4d8ec8d044eaa174442078fb7e80/gnocchi.b7f55c0a-1ecc-41be-b6cf-40643f9d4d6c" "tx1598f8da92e749509b834-0069289b1c" "container-server 96061" 0.0056 "-" 95766 0
Nov 27 13:40:28 np0005538165.novalocal account-server[95765]: ::1 - - [27/Nov/2025:18:40:28 +0000] "PUT /2/91627/AUTH_891a4d8ec8d044eaa174442078fb7e80/gnocchi.b7f55c0a-1ecc-41be-b6cf-40643f9d4d6c" 201 - "PUT http://[::1]:6001/2/65219/AUTH_891a4d8ec8d044eaa174442078fb7e80/gnocchi.b7f55c0a-1ecc-41be-b6cf-40643f9d4d6c" "tx1598f8da92e749509b834-0069289b1c" "container-server 96060" 0.0034 "-" 95765 0
Nov 27 13:40:28 np0005538165.novalocal container-server[96061]: ::1 - - [27/Nov/2025:18:40:28 +0000] "PUT /1/65219/AUTH_891a4d8ec8d044eaa174442078fb7e80/gnocchi.b7f55c0a-1ecc-41be-b6cf-40643f9d4d6c" 201 - "PUT https://[::1]:8080/v1/AUTH_891a4d8ec8d044eaa174442078fb7e80/gnocchi.b7f55c0a-1ecc-41be-b6cf-40643f9d4d6c" "tx1598f8da92e749509b834-0069289b1c" "proxy-server 97370" 0.0173 "-" 96061 0
Nov 27 13:40:28 np0005538165.novalocal container-server[96060]: ::1 - - [27/Nov/2025:18:40:28 +0000] "PUT /2/65219/AUTH_891a4d8ec8d044eaa174442078fb7e80/gnocchi.b7f55c0a-1ecc-41be-b6cf-40643f9d4d6c" 201 - "PUT https://[::1]:8080/v1/AUTH_891a4d8ec8d044eaa174442078fb7e80/gnocchi.b7f55c0a-1ecc-41be-b6cf-40643f9d4d6c" "tx1598f8da92e749509b834-0069289b1c" "proxy-server 97370" 0.0174 "-" 96060 0
Nov 27 13:40:28 np0005538165.novalocal account-server[95766]: ::1 - - [27/Nov/2025:18:40:28 +0000] "PUT /3/91627/AUTH_891a4d8ec8d044eaa174442078fb7e80/gnocchi.b7f55c0a-1ecc-41be-b6cf-40643f9d4d6c" 201 - "PUT http://[::1]:6001/3/65219/AUTH_891a4d8ec8d044eaa174442078fb7e80/gnocchi.b7f55c0a-1ecc-41be-b6cf-40643f9d4d6c" "tx1598f8da92e749509b834-0069289b1c" "container-server 96061" 0.0033 "-" 95766 0
Nov 27 13:40:28 np0005538165.novalocal container-server[96061]: ::1 - - [27/Nov/2025:18:40:28 +0000] "PUT /3/65219/AUTH_891a4d8ec8d044eaa174442078fb7e80/gnocchi.b7f55c0a-1ecc-41be-b6cf-40643f9d4d6c" 201 - "PUT https://[::1]:8080/v1/AUTH_891a4d8ec8d044eaa174442078fb7e80/gnocchi.b7f55c0a-1ecc-41be-b6cf-40643f9d4d6c" "tx1598f8da92e749509b834-0069289b1c" "proxy-server 97370" 0.0130 "-" 96061 0
Nov 27 13:40:28 np0005538165.novalocal proxy-server[97370]: ::1 ::1 27/Nov/2025/18/40/28 PUT /v1/AUTH_891a4d8ec8d044eaa174442078fb7e80/gnocchi.b7f55c0a-1ecc-41be-b6cf-40643f9d4d6c HTTP/1.0 201 - python-swiftclient-4.7.0 gAAAAABpKJsZdlPH... - - - tx1598f8da92e749509b834-0069289b1c - 0.0262 - - 1764268828.248489380 1764268828.274734259 0
Nov 27 13:40:28 np0005538165.novalocal container-server[96061]: ::1 - - [27/Nov/2025:18:40:28 +0000] "PUT /2/249409/AUTH_891a4d8ec8d044eaa174442078fb7e80/gnocchi.ee791571-df06-473c-bf0a-0057f5280ae9/1763640000.0_mean_300.0_v3" 201 - "PUT http://[::1]:8080/1/71084/AUTH_891a4d8ec8d044eaa174442078fb7e80/gnocchi.ee791571-df06-473c-bf0a-0057f5280ae9/1763640000.0_mean_300.0_v3" "txcf6148ee5ace40e998af0-0069289b1c" "object-server 96394" 0.0004 "-" 96061 0
Nov 27 13:40:28 np0005538165.novalocal object-server[96394]: ::1 - - [27/Nov/2025:18:40:28 +0000] "PUT /1/71084/AUTH_891a4d8ec8d044eaa174442078fb7e80/gnocchi.ee791571-df06-473c-bf0a-0057f5280ae9/1763640000.0_mean_300.0_v3" 201 - "PUT https://[::1]:8080/v1/AUTH_891a4d8ec8d044eaa174442078fb7e80/gnocchi.ee791571-df06-473c-bf0a-0057f5280ae9/1763640000.0_mean_300.0_v3" "txcf6148ee5ace40e998af0-0069289b1c" "proxy-server 97369" 0.0210 "-" 96394 0
Nov 27 13:40:28 np0005538165.novalocal container-server[96061]: ::1 - - [27/Nov/2025:18:40:28 +0000] "PUT /3/249409/AUTH_891a4d8ec8d044eaa174442078fb7e80/gnocchi.ee791571-df06-473c-bf0a-0057f5280ae9/1763640000.0_mean_300.0_v3" 201 - "PUT http://[::1]:8080/2/71084/AUTH_891a4d8ec8d044eaa174442078fb7e80/gnocchi.ee791571-df06-473c-bf0a-0057f5280ae9/1763640000.0_mean_300.0_v3" "txcf6148ee5ace40e998af0-0069289b1c" "object-server 96394" 0.0003 "-" 96061 0
Nov 27 13:40:28 np0005538165.novalocal object-server[96394]: ::1 - - [27/Nov/2025:18:40:28 +0000] "PUT /2/71084/AUTH_891a4d8ec8d044eaa174442078fb7e80/gnocchi.ee791571-df06-473c-bf0a-0057f5280ae9/1763640000.0_mean_300.0_v3" 201 - "PUT https://[::1]:8080/v1/AUTH_891a4d8ec8d044eaa174442078fb7e80/gnocchi.ee791571-df06-473c-bf0a-0057f5280ae9/1763640000.0_mean_300.0_v3" "txcf6148ee5ace40e998af0-0069289b1c" "proxy-server 97369" 0.0250 "-" 96394 0
Nov 27 13:40:28 np0005538165.novalocal container-server[96061]: ::1 - - [27/Nov/2025:18:40:28 +0000] "PUT /1/249409/AUTH_891a4d8ec8d044eaa174442078fb7e80/gnocchi.ee791571-df06-473c-bf0a-0057f5280ae9/1763640000.0_mean_300.0_v3" 201 - "PUT http://[::1]:8080/3/71084/AUTH_891a4d8ec8d044eaa174442078fb7e80/gnocchi.ee791571-df06-473c-bf0a-0057f5280ae9/1763640000.0_mean_300.0_v3" "txcf6148ee5ace40e998af0-0069289b1c" "object-server 96394" 0.0003 "-" 96061 0
Nov 27 13:40:28 np0005538165.novalocal container-server[96060]: ::1 - - [27/Nov/2025:18:40:28 +0000] "HEAD /3/181344/AUTH_891a4d8ec8d044eaa174442078fb7e80/gnocchi.ea1f4a6c-8c1c-4561-9f81-d9d3acb836ec" 404 - "HEAD http://[::1]:8080/v1/AUTH_891a4d8ec8d044eaa174442078fb7e80/gnocchi.ea1f4a6c-8c1c-4561-9f81-d9d3acb836ec" "tx68b300dcbc164952bf15d-0069289b1c" "proxy-server 97370" 0.0003 "-" 96060 0
Nov 27 13:40:28 np0005538165.novalocal object-server[96394]: ::1 - - [27/Nov/2025:18:40:28 +0000] "PUT /3/71084/AUTH_891a4d8ec8d044eaa174442078fb7e80/gnocchi.ee791571-df06-473c-bf0a-0057f5280ae9/1763640000.0_mean_300.0_v3" 201 - "PUT https://[::1]:8080/v1/AUTH_891a4d8ec8d044eaa174442078fb7e80/gnocchi.ee791571-df06-473c-bf0a-0057f5280ae9/1763640000.0_mean_300.0_v3" "txcf6148ee5ace40e998af0-0069289b1c" "proxy-server 97369" 0.0241 "-" 96394 0
Nov 27 13:40:28 np0005538165.novalocal container-server[96061]: ::1 - - [27/Nov/2025:18:40:28 +0000] "HEAD /1/181344/AUTH_891a4d8ec8d044eaa174442078fb7e80/gnocchi.ea1f4a6c-8c1c-4561-9f81-d9d3acb836ec" 404 - "HEAD http://[::1]:8080/v1/AUTH_891a4d8ec8d044eaa174442078fb7e80/gnocchi.ea1f4a6c-8c1c-4561-9f81-d9d3acb836ec" "tx68b300dcbc164952bf15d-0069289b1c" "proxy-server 97370" 0.0002 "-" 96061 0
Nov 27 13:40:28 np0005538165.novalocal proxy-server[97369]: ::1 ::1 27/Nov/2025/18/40/28 PUT /v1/AUTH_891a4d8ec8d044eaa174442078fb7e80/gnocchi.ee791571-df06-473c-bf0a-0057f5280ae9/1763640000.0_mean_300.0_v3 HTTP/1.0 201 - python-swiftclient-4.7.0 gAAAAABpKJsYjUMx... 16 - - txcf6148ee5ace40e998af0-0069289b1c - 0.0322 - - 1764268828.252136946 1764268828.284337759 0
Nov 27 13:40:28 np0005538165.novalocal container-server[96061]: ::1 - - [27/Nov/2025:18:40:28 +0000] "HEAD /2/181344/AUTH_891a4d8ec8d044eaa174442078fb7e80/gnocchi.ea1f4a6c-8c1c-4561-9f81-d9d3acb836ec" 404 - "HEAD http://[::1]:8080/v1/AUTH_891a4d8ec8d044eaa174442078fb7e80/gnocchi.ea1f4a6c-8c1c-4561-9f81-d9d3acb836ec" "tx68b300dcbc164952bf15d-0069289b1c" "proxy-server 97370" 0.0002 "-" 96061 0
Nov 27 13:40:28 np0005538165.novalocal proxy-server[97370]: - - 27/Nov/2025/18/40/28 HEAD /v1/AUTH_891a4d8ec8d044eaa174442078fb7e80/gnocchi.ea1f4a6c-8c1c-4561-9f81-d9d3acb836ec HTTP/1.0 404 - Swift - - - - tx68b300dcbc164952bf15d-0069289b1c - 0.0102 CS - 1764268828.278437614 1764268828.288656950 0
Nov 27 13:40:28 np0005538165.novalocal object-server[96394]: ::1 - - [27/Nov/2025:18:40:28 +0000] "GET /1/164232/AUTH_891a4d8ec8d044eaa174442078fb7e80/gnocchi.ea1f4a6c-8c1c-4561-9f81-d9d3acb836ec/none_v3" 404 70 "GET https://[::1]:8080/v1/AUTH_891a4d8ec8d044eaa174442078fb7e80/gnocchi.ea1f4a6c-8c1c-4561-9f81-d9d3acb836ec/none_v3" "tx68b300dcbc164952bf15d-0069289b1c" "proxy-server 97370" 0.0039 "-" 96394 0
Nov 27 13:40:28 np0005538165.novalocal object-server[96393]: ::1 - - [27/Nov/2025:18:40:28 +0000] "GET /2/164232/AUTH_891a4d8ec8d044eaa174442078fb7e80/gnocchi.ea1f4a6c-8c1c-4561-9f81-d9d3acb836ec/none_v3" 404 70 "GET https://[::1]:8080/v1/AUTH_891a4d8ec8d044eaa174442078fb7e80/gnocchi.ea1f4a6c-8c1c-4561-9f81-d9d3acb836ec/none_v3" "tx68b300dcbc164952bf15d-0069289b1c" "proxy-server 97370" 0.0002 "-" 96393 0
Nov 27 13:40:28 np0005538165.novalocal object-server[96393]: ::1 - - [27/Nov/2025:18:40:28 +0000] "GET /3/164232/AUTH_891a4d8ec8d044eaa174442078fb7e80/gnocchi.ea1f4a6c-8c1c-4561-9f81-d9d3acb836ec/none_v3" 404 70 "GET https://[::1]:8080/v1/AUTH_891a4d8ec8d044eaa174442078fb7e80/gnocchi.ea1f4a6c-8c1c-4561-9f81-d9d3acb836ec/none_v3" "tx68b300dcbc164952bf15d-0069289b1c" "proxy-server 97370" 0.0002 "-" 96393 0
Nov 27 13:40:28 np0005538165.novalocal proxy-server[97370]: ::1 ::1 27/Nov/2025/18/40/28 GET /v1/AUTH_891a4d8ec8d044eaa174442078fb7e80/gnocchi.ea1f4a6c-8c1c-4561-9f81-d9d3acb836ec/none_v3 HTTP/1.0 404 - python-swiftclient-4.7.0 gAAAAABpKJsZdlPH... - 70 - tx68b300dcbc164952bf15d-0069289b1c - 0.0235 - - 1764268828.277781248 1764268828.301297188 0
Nov 27 13:40:28 np0005538165.novalocal container-server[96060]: ::1 - - [27/Nov/2025:18:40:28 +0000] "PUT /1/249409/AUTH_891a4d8ec8d044eaa174442078fb7e80/gnocchi.ee791571-df06-473c-bf0a-0057f5280ae9/none_v3" 201 - "PUT http://[::1]:8080/2/154564/AUTH_891a4d8ec8d044eaa174442078fb7e80/gnocchi.ee791571-df06-473c-bf0a-0057f5280ae9/none_v3" "txce4df71d53e24066aa2cd-0069289b1c" "object-server 96393" 0.0006 "-" 96060 0
Nov 27 13:40:28 np0005538165.novalocal object-server[96393]: ::1 - - [27/Nov/2025:18:40:28 +0000] "PUT /2/154564/AUTH_891a4d8ec8d044eaa174442078fb7e80/gnocchi.ee791571-df06-473c-bf0a-0057f5280ae9/none_v3" 201 - "PUT https://[::1]:8080/v1/AUTH_891a4d8ec8d044eaa174442078fb7e80/gnocchi.ee791571-df06-473c-bf0a-0057f5280ae9/none_v3" "txce4df71d53e24066aa2cd-0069289b1c" "proxy-server 97369" 0.0186 "-" 96393 0
Nov 27 13:40:28 np0005538165.novalocal container-server[96060]: ::1 - - [27/Nov/2025:18:40:28 +0000] "PUT /2/249409/AUTH_891a4d8ec8d044eaa174442078fb7e80/gnocchi.ee791571-df06-473c-bf0a-0057f5280ae9/none_v3" 201 - "PUT http://[::1]:8080/1/154564/AUTH_891a4d8ec8d044eaa174442078fb7e80/gnocchi.ee791571-df06-473c-bf0a-0057f5280ae9/none_v3" "txce4df71d53e24066aa2cd-0069289b1c" "object-server 96394" 0.0003 "-" 96060 0
Nov 27 13:40:28 np0005538165.novalocal container-server[96060]: ::1 - - [27/Nov/2025:18:40:28 +0000] "PUT /3/249409/AUTH_891a4d8ec8d044eaa174442078fb7e80/gnocchi.ee791571-df06-473c-bf0a-0057f5280ae9/none_v3" 201 - "PUT http://[::1]:8080/3/154564/AUTH_891a4d8ec8d044eaa174442078fb7e80/gnocchi.ee791571-df06-473c-bf0a-0057f5280ae9/none_v3" "txce4df71d53e24066aa2cd-0069289b1c" "object-server 96393" 0.0003 "-" 96060 0
Nov 27 13:40:28 np0005538165.novalocal object-server[96393]: ::1 - - [27/Nov/2025:18:40:28 +0000] "PUT /3/154564/AUTH_891a4d8ec8d044eaa174442078fb7e80/gnocchi.ee791571-df06-473c-bf0a-0057f5280ae9/none_v3" 201 - "PUT https://[::1]:8080/v1/AUTH_891a4d8ec8d044eaa174442078fb7e80/gnocchi.ee791571-df06-473c-bf0a-0057f5280ae9/none_v3" "txce4df71d53e24066aa2cd-0069289b1c" "proxy-server 97369" 0.0189 "-" 96393 0
Nov 27 13:40:28 np0005538165.novalocal object-server[96394]: ::1 - - [27/Nov/2025:18:40:28 +0000] "PUT /1/154564/AUTH_891a4d8ec8d044eaa174442078fb7e80/gnocchi.ee791571-df06-473c-bf0a-0057f5280ae9/none_v3" 201 - "PUT https://[::1]:8080/v1/AUTH_891a4d8ec8d044eaa174442078fb7e80/gnocchi.ee791571-df06-473c-bf0a-0057f5280ae9/none_v3" "txce4df71d53e24066aa2cd-0069289b1c" "proxy-server 97369" 0.0159 "-" 96394 0
Nov 27 13:40:28 np0005538165.novalocal proxy-server[97369]: ::1 ::1 27/Nov/2025/18/40/28 PUT /v1/AUTH_891a4d8ec8d044eaa174442078fb7e80/gnocchi.ee791571-df06-473c-bf0a-0057f5280ae9/none_v3 HTTP/1.0 201 - python-swiftclient-4.7.0 gAAAAABpKJsYjUMx... 22 - - txce4df71d53e24066aa2cd-0069289b1c - 0.0307 - - 1764268828.287836075 1764268828.318547964 0
Nov 27 13:40:28 np0005538165.novalocal account-server[95765]: ::1 - - [27/Nov/2025:18:40:28 +0000] "PUT /1/91627/AUTH_891a4d8ec8d044eaa174442078fb7e80/gnocchi.ea1f4a6c-8c1c-4561-9f81-d9d3acb836ec" 201 - "PUT http://[::1]:6001/1/181344/AUTH_891a4d8ec8d044eaa174442078fb7e80/gnocchi.ea1f4a6c-8c1c-4561-9f81-d9d3acb836ec" "tx093d20e3993f4df68fa65-0069289b1c" "container-server 96061" 0.0037 "-" 95765 0
Nov 27 13:40:28 np0005538165.novalocal container-server[96061]: ::1 - - [27/Nov/2025:18:40:28 +0000] "PUT /1/181344/AUTH_891a4d8ec8d044eaa174442078fb7e80/gnocchi.ea1f4a6c-8c1c-4561-9f81-d9d3acb836ec" 201 - "PUT https://[::1]:8080/v1/AUTH_891a4d8ec8d044eaa174442078fb7e80/gnocchi.ea1f4a6c-8c1c-4561-9f81-d9d3acb836ec" "tx093d20e3993f4df68fa65-0069289b1c" "proxy-server 97370" 0.0217 "-" 96061 0
Nov 27 13:40:28 np0005538165.novalocal account-server[95765]: ::1 - - [27/Nov/2025:18:40:28 +0000] "PUT /2/91627/AUTH_891a4d8ec8d044eaa174442078fb7e80/gnocchi.ea1f4a6c-8c1c-4561-9f81-d9d3acb836ec" 201 - "PUT http://[::1]:6001/3/181344/AUTH_891a4d8ec8d044eaa174442078fb7e80/gnocchi.ea1f4a6c-8c1c-4561-9f81-d9d3acb836ec" "tx093d20e3993f4df68fa65-0069289b1c" "container-server 96061" 0.0034 "-" 95765 0
Nov 27 13:40:28 np0005538165.novalocal container-server[96061]: ::1 - - [27/Nov/2025:18:40:28 +0000] "HEAD /2/157551/AUTH_891a4d8ec8d044eaa174442078fb7e80/gnocchi.8ce013f2-cbd1-4999-a175-489f2d7ad5ed" 404 - "HEAD http://[::1]:8080/v1/AUTH_891a4d8ec8d044eaa174442078fb7e80/gnocchi.8ce013f2-cbd1-4999-a175-489f2d7ad5ed" "tx19fcee0719f54d438e31e-0069289b1c" "proxy-server 97369" 0.0011 "-" 96061 0
Nov 27 13:40:28 np0005538165.novalocal container-server[96061]: ::1 - - [27/Nov/2025:18:40:28 +0000] "PUT /3/181344/AUTH_891a4d8ec8d044eaa174442078fb7e80/gnocchi.ea1f4a6c-8c1c-4561-9f81-d9d3acb836ec" 201 - "PUT https://[::1]:8080/v1/AUTH_891a4d8ec8d044eaa174442078fb7e80/gnocchi.ea1f4a6c-8c1c-4561-9f81-d9d3acb836ec" "tx093d20e3993f4df68fa65-0069289b1c" "proxy-server 97370" 0.0345 "-" 96061 0
Nov 27 13:40:28 np0005538165.novalocal container-server[96060]: ::1 - - [27/Nov/2025:18:40:28 +0000] "HEAD /3/157551/AUTH_891a4d8ec8d044eaa174442078fb7e80/gnocchi.8ce013f2-cbd1-4999-a175-489f2d7ad5ed" 404 - "HEAD http://[::1]:8080/v1/AUTH_891a4d8ec8d044eaa174442078fb7e80/gnocchi.8ce013f2-cbd1-4999-a175-489f2d7ad5ed" "tx19fcee0719f54d438e31e-0069289b1c" "proxy-server 97369" 0.0003 "-" 96060 0
Nov 27 13:40:28 np0005538165.novalocal account-server[95766]: ::1 - - [27/Nov/2025:18:40:28 +0000] "PUT /3/91627/AUTH_891a4d8ec8d044eaa174442078fb7e80/gnocchi.ea1f4a6c-8c1c-4561-9f81-d9d3acb836ec" 201 - "PUT http://[::1]:6001/2/181344/AUTH_891a4d8ec8d044eaa174442078fb7e80/gnocchi.ea1f4a6c-8c1c-4561-9f81-d9d3acb836ec" "tx093d20e3993f4df68fa65-0069289b1c" "container-server 96061" 0.0083 "-" 95766 0
Nov 27 13:40:28 np0005538165.novalocal container-server[96060]: ::1 - - [27/Nov/2025:18:40:28 +0000] "HEAD /1/157551/AUTH_891a4d8ec8d044eaa174442078fb7e80/gnocchi.8ce013f2-cbd1-4999-a175-489f2d7ad5ed" 404 - "HEAD http://[::1]:8080/v1/AUTH_891a4d8ec8d044eaa174442078fb7e80/gnocchi.8ce013f2-cbd1-4999-a175-489f2d7ad5ed" "tx19fcee0719f54d438e31e-0069289b1c" "proxy-server 97369" 0.0002 "-" 96060 0
Nov 27 13:40:28 np0005538165.novalocal container-server[96061]: ::1 - - [27/Nov/2025:18:40:28 +0000] "PUT /2/181344/AUTH_891a4d8ec8d044eaa174442078fb7e80/gnocchi.ea1f4a6c-8c1c-4561-9f81-d9d3acb836ec" 201 - "PUT https://[::1]:8080/v1/AUTH_891a4d8ec8d044eaa174442078fb7e80/gnocchi.ea1f4a6c-8c1c-4561-9f81-d9d3acb836ec" "tx093d20e3993f4df68fa65-0069289b1c" "proxy-server 97370" 0.0227 "-" 96061 0
Nov 27 13:40:28 np0005538165.novalocal proxy-server[97369]: - - 27/Nov/2025/18/40/28 HEAD /v1/AUTH_891a4d8ec8d044eaa174442078fb7e80/gnocchi.8ce013f2-cbd1-4999-a175-489f2d7ad5ed HTTP/1.0 404 - Swift - - - - tx19fcee0719f54d438e31e-0069289b1c - 0.0137 CS - 1764268828.335303307 1764268828.348970175 0
Nov 27 13:40:28 np0005538165.novalocal proxy-server[97370]: ::1 ::1 27/Nov/2025/18/40/28 PUT /v1/AUTH_891a4d8ec8d044eaa174442078fb7e80/gnocchi.ea1f4a6c-8c1c-4561-9f81-d9d3acb836ec HTTP/1.0 201 - python-swiftclient-4.7.0 gAAAAABpKJsZdlPH... - - - tx093d20e3993f4df68fa65-0069289b1c - 0.0462 - - 1764268828.303061962 1764268828.349214315 0
Nov 27 13:40:28 np0005538165.novalocal object-server[96393]: ::1 - - [27/Nov/2025:18:40:28 +0000] "GET /2/204848/AUTH_891a4d8ec8d044eaa174442078fb7e80/gnocchi.8ce013f2-cbd1-4999-a175-489f2d7ad5ed/none_v3" 404 70 "GET https://[::1]:8080/v1/AUTH_891a4d8ec8d044eaa174442078fb7e80/gnocchi.8ce013f2-cbd1-4999-a175-489f2d7ad5ed/none_v3" "tx19fcee0719f54d438e31e-0069289b1c" "proxy-server 97369" 0.0003 "-" 96393 0
Nov 27 13:40:28 np0005538165.novalocal container-server[96061]: ::1 - - [27/Nov/2025:18:40:28 +0000] "HEAD /1/65219/AUTH_891a4d8ec8d044eaa174442078fb7e80/gnocchi.b7f55c0a-1ecc-41be-b6cf-40643f9d4d6c" 204 - "HEAD http://[::1]:8080/v1/AUTH_891a4d8ec8d044eaa174442078fb7e80/gnocchi.b7f55c0a-1ecc-41be-b6cf-40643f9d4d6c" "tx86fea8c61eb24b3fbe3f5-0069289b1c" "proxy-server 97370" 0.0012 "-" 96061 0
Nov 27 13:40:28 np0005538165.novalocal proxy-server[97370]: - - 27/Nov/2025/18/40/28 HEAD /v1/AUTH_891a4d8ec8d044eaa174442078fb7e80/gnocchi.b7f55c0a-1ecc-41be-b6cf-40643f9d4d6c HTTP/1.0 204 - Swift - - - - tx86fea8c61eb24b3fbe3f5-0069289b1c - 0.0055 CS - 1764268828.356325388 1764268828.361860752 0
Nov 27 13:40:28 np0005538165.novalocal object-server[96393]: ::1 - - [27/Nov/2025:18:40:28 +0000] "GET /1/204848/AUTH_891a4d8ec8d044eaa174442078fb7e80/gnocchi.8ce013f2-cbd1-4999-a175-489f2d7ad5ed/none_v3" 404 70 "GET https://[::1]:8080/v1/AUTH_891a4d8ec8d044eaa174442078fb7e80/gnocchi.8ce013f2-cbd1-4999-a175-489f2d7ad5ed/none_v3" "tx19fcee0719f54d438e31e-0069289b1c" "proxy-server 97369" 0.0004 "-" 96393 0
Nov 27 13:40:28 np0005538165.novalocal object-server[96394]: ::1 - - [27/Nov/2025:18:40:28 +0000] "GET /3/204848/AUTH_891a4d8ec8d044eaa174442078fb7e80/gnocchi.8ce013f2-cbd1-4999-a175-489f2d7ad5ed/none_v3" 404 70 "GET https://[::1]:8080/v1/AUTH_891a4d8ec8d044eaa174442078fb7e80/gnocchi.8ce013f2-cbd1-4999-a175-489f2d7ad5ed/none_v3" "tx19fcee0719f54d438e31e-0069289b1c" "proxy-server 97369" 0.0003 "-" 96394 0
Nov 27 13:40:28 np0005538165.novalocal proxy-server[97369]: ::1 ::1 27/Nov/2025/18/40/28 GET /v1/AUTH_891a4d8ec8d044eaa174442078fb7e80/gnocchi.8ce013f2-cbd1-4999-a175-489f2d7ad5ed/none_v3 HTTP/1.0 404 - python-swiftclient-4.7.0 gAAAAABpKJsYjUMx... - 70 - tx19fcee0719f54d438e31e-0069289b1c - 0.0320 - - 1764268828.334762812 1764268828.366807461 0
Nov 27 13:40:28 np0005538165.novalocal container-server[96060]: ::1 - - [27/Nov/2025:18:40:28 +0000] "GET /2/65219/AUTH_891a4d8ec8d044eaa174442078fb7e80/gnocchi.b7f55c0a-1ecc-41be-b6cf-40643f9d4d6c" 200 2 "GET https://[::1]:8080/v1/AUTH_891a4d8ec8d044eaa174442078fb7e80/gnocchi.b7f55c0a-1ecc-41be-b6cf-40643f9d4d6c?format=json&states=listing" "tx86fea8c61eb24b3fbe3f5-0069289b1c" "proxy-server 97370" 0.0017 "-" 96060 0
Nov 27 13:40:28 np0005538165.novalocal proxy-server[97370]: ::1 ::1 27/Nov/2025/18/40/28 GET /v1/AUTH_891a4d8ec8d044eaa174442078fb7e80/gnocchi.b7f55c0a-1ecc-41be-b6cf-40643f9d4d6c%3Fformat%3Djson%26states%3Dlisting HTTP/1.0 200 - python-swiftclient-4.7.0 gAAAAABpKJsZdlPH... - 2 - tx86fea8c61eb24b3fbe3f5-0069289b1c - 0.0199 - - 1764268828.355871439 1764268828.375732899 0
Nov 27 13:40:28 np0005538165.novalocal account-server[95766]: ::1 - - [27/Nov/2025:18:40:28 +0000] "PUT /3/91627/AUTH_891a4d8ec8d044eaa174442078fb7e80/gnocchi.8ce013f2-cbd1-4999-a175-489f2d7ad5ed" 201 - "PUT http://[::1]:6001/2/157551/AUTH_891a4d8ec8d044eaa174442078fb7e80/gnocchi.8ce013f2-cbd1-4999-a175-489f2d7ad5ed" "tx4517d0bf58f1415ab6dc2-0069289b1c" "container-server 96061" 0.0054 "-" 95766 0
Nov 27 13:40:28 np0005538165.novalocal container-server[96061]: ::1 - - [27/Nov/2025:18:40:28 +0000] "HEAD /1/181344/AUTH_891a4d8ec8d044eaa174442078fb7e80/gnocchi.ea1f4a6c-8c1c-4561-9f81-d9d3acb836ec" 204 - "HEAD http://[::1]:8080/v1/AUTH_891a4d8ec8d044eaa174442078fb7e80/gnocchi.ea1f4a6c-8c1c-4561-9f81-d9d3acb836ec" "tx1f2af6885fb14908ab11d-0069289b1c" "proxy-server 97370" 0.0010 "-" 96061 0
Nov 27 13:40:28 np0005538165.novalocal sshd-session[103827]: Received disconnect from 103.172.112.192 port 36614:11: Bye Bye [preauth]
Nov 27 13:40:28 np0005538165.novalocal container-server[96061]: ::1 - - [27/Nov/2025:18:40:28 +0000] "PUT /2/157551/AUTH_891a4d8ec8d044eaa174442078fb7e80/gnocchi.8ce013f2-cbd1-4999-a175-489f2d7ad5ed" 201 - "PUT https://[::1]:8080/v1/AUTH_891a4d8ec8d044eaa174442078fb7e80/gnocchi.8ce013f2-cbd1-4999-a175-489f2d7ad5ed" "tx4517d0bf58f1415ab6dc2-0069289b1c" "proxy-server 97369" 0.0274 "-" 96061 0
Nov 27 13:40:28 np0005538165.novalocal sshd-session[103827]: Disconnected from invalid user magento 103.172.112.192 port 36614 [preauth]
Nov 27 13:40:28 np0005538165.novalocal proxy-server[97370]: - - 27/Nov/2025/18/40/28 HEAD /v1/AUTH_891a4d8ec8d044eaa174442078fb7e80/gnocchi.ea1f4a6c-8c1c-4561-9f81-d9d3acb836ec HTTP/1.0 204 - Swift - - - - tx1f2af6885fb14908ab11d-0069289b1c - 0.0227 CS - 1764268828.380591154 1764268828.403295517 0
Nov 27 13:40:28 np0005538165.novalocal account-server[95765]: ::1 - - [27/Nov/2025:18:40:28 +0000] "PUT /1/91627/AUTH_891a4d8ec8d044eaa174442078fb7e80/gnocchi.8ce013f2-cbd1-4999-a175-489f2d7ad5ed" 201 - "PUT http://[::1]:6001/3/157551/AUTH_891a4d8ec8d044eaa174442078fb7e80/gnocchi.8ce013f2-cbd1-4999-a175-489f2d7ad5ed" "tx4517d0bf58f1415ab6dc2-0069289b1c" "container-server 96061" 0.0038 "-" 95765 0
Nov 27 13:40:28 np0005538165.novalocal container-server[96061]: ::1 - - [27/Nov/2025:18:40:28 +0000] "PUT /3/157551/AUTH_891a4d8ec8d044eaa174442078fb7e80/gnocchi.8ce013f2-cbd1-4999-a175-489f2d7ad5ed" 201 - "PUT https://[::1]:8080/v1/AUTH_891a4d8ec8d044eaa174442078fb7e80/gnocchi.8ce013f2-cbd1-4999-a175-489f2d7ad5ed" "tx4517d0bf58f1415ab6dc2-0069289b1c" "proxy-server 97369" 0.0158 "-" 96061 0
Nov 27 13:40:28 np0005538165.novalocal account-server[95766]: ::1 - - [27/Nov/2025:18:40:28 +0000] "PUT /2/91627/AUTH_891a4d8ec8d044eaa174442078fb7e80/gnocchi.8ce013f2-cbd1-4999-a175-489f2d7ad5ed" 201 - "PUT http://[::1]:6001/1/157551/AUTH_891a4d8ec8d044eaa174442078fb7e80/gnocchi.8ce013f2-cbd1-4999-a175-489f2d7ad5ed" "tx4517d0bf58f1415ab6dc2-0069289b1c" "container-server 96061" 0.0047 "-" 95766 0
Nov 27 13:40:28 np0005538165.novalocal container-server[96061]: ::1 - - [27/Nov/2025:18:40:28 +0000] "GET /2/181344/AUTH_891a4d8ec8d044eaa174442078fb7e80/gnocchi.ea1f4a6c-8c1c-4561-9f81-d9d3acb836ec" 200 2 "GET https://[::1]:8080/v1/AUTH_891a4d8ec8d044eaa174442078fb7e80/gnocchi.ea1f4a6c-8c1c-4561-9f81-d9d3acb836ec?format=json&states=listing" "tx1f2af6885fb14908ab11d-0069289b1c" "proxy-server 97370" 0.0017 "-" 96061 0
Nov 27 13:40:28 np0005538165.novalocal container-server[96061]: ::1 - - [27/Nov/2025:18:40:28 +0000] "PUT /1/157551/AUTH_891a4d8ec8d044eaa174442078fb7e80/gnocchi.8ce013f2-cbd1-4999-a175-489f2d7ad5ed" 201 - "PUT https://[::1]:8080/v1/AUTH_891a4d8ec8d044eaa174442078fb7e80/gnocchi.8ce013f2-cbd1-4999-a175-489f2d7ad5ed" "tx4517d0bf58f1415ab6dc2-0069289b1c" "proxy-server 97369" 0.0283 "-" 96061 0
Nov 27 13:40:28 np0005538165.novalocal proxy-server[97370]: ::1 ::1 27/Nov/2025/18/40/28 GET /v1/AUTH_891a4d8ec8d044eaa174442078fb7e80/gnocchi.ea1f4a6c-8c1c-4561-9f81-d9d3acb836ec%3Fformat%3Djson%26states%3Dlisting HTTP/1.0 200 - python-swiftclient-4.7.0 gAAAAABpKJsZdlPH... - 2 - tx1f2af6885fb14908ab11d-0069289b1c - 0.0342 - - 1764268828.380118608 1764268828.414354086 0
Nov 27 13:40:28 np0005538165.novalocal proxy-server[97369]: ::1 ::1 27/Nov/2025/18/40/28 PUT /v1/AUTH_891a4d8ec8d044eaa174442078fb7e80/gnocchi.8ce013f2-cbd1-4999-a175-489f2d7ad5ed HTTP/1.0 201 - python-swiftclient-4.7.0 gAAAAABpKJsYjUMx... - - - tx4517d0bf58f1415ab6dc2-0069289b1c - 0.0479 - - 1764268828.370056868 1764268828.417987823 0
Nov 27 13:40:28 np0005538165.novalocal object-server[96394]: ::1 - - [27/Nov/2025:18:40:28 +0000] "GET /1/253768/AUTH_891a4d8ec8d044eaa174442078fb7e80/gnocchi.b7f55c0a-1ecc-41be-b6cf-40643f9d4d6c/1763640000.0_mean_300.0_v3" 404 70 "GET https://[::1]:8080/v1/AUTH_891a4d8ec8d044eaa174442078fb7e80/gnocchi.b7f55c0a-1ecc-41be-b6cf-40643f9d4d6c/1763640000.0_mean_300.0_v3" "tx6c0c2d58983c495ebf908-0069289b1c" "proxy-server 97370" 0.0004 "-" 96394 0
Nov 27 13:40:28 np0005538165.novalocal object-server[96393]: ::1 - - [27/Nov/2025:18:40:28 +0000] "GET /2/253768/AUTH_891a4d8ec8d044eaa174442078fb7e80/gnocchi.b7f55c0a-1ecc-41be-b6cf-40643f9d4d6c/1763640000.0_mean_300.0_v3" 404 70 "GET https://[::1]:8080/v1/AUTH_891a4d8ec8d044eaa174442078fb7e80/gnocchi.b7f55c0a-1ecc-41be-b6cf-40643f9d4d6c/1763640000.0_mean_300.0_v3" "tx6c0c2d58983c495ebf908-0069289b1c" "proxy-server 97370" 0.0003 "-" 96393 0
Nov 27 13:40:28 np0005538165.novalocal object-server[96393]: ::1 - - [27/Nov/2025:18:40:28 +0000] "GET /3/253768/AUTH_891a4d8ec8d044eaa174442078fb7e80/gnocchi.b7f55c0a-1ecc-41be-b6cf-40643f9d4d6c/1763640000.0_mean_300.0_v3" 404 70 "GET https://[::1]:8080/v1/AUTH_891a4d8ec8d044eaa174442078fb7e80/gnocchi.b7f55c0a-1ecc-41be-b6cf-40643f9d4d6c/1763640000.0_mean_300.0_v3" "tx6c0c2d58983c495ebf908-0069289b1c" "proxy-server 97370" 0.0002 "-" 96393 0
Nov 27 13:40:28 np0005538165.novalocal proxy-server[97370]: ::1 ::1 27/Nov/2025/18/40/28 GET /v1/AUTH_891a4d8ec8d044eaa174442078fb7e80/gnocchi.b7f55c0a-1ecc-41be-b6cf-40643f9d4d6c/1763640000.0_mean_300.0_v3 HTTP/1.0 404 - python-swiftclient-4.7.0 gAAAAABpKJsZdlPH... - 70 - tx6c0c2d58983c495ebf908-0069289b1c - 0.0102 - - 1764268828.417487621 1764268828.427698135 0
Nov 27 13:40:28 np0005538165.novalocal object-server[96393]: ::1 - - [27/Nov/2025:18:40:28 +0000] "GET /2/128873/AUTH_891a4d8ec8d044eaa174442078fb7e80/gnocchi.ea1f4a6c-8c1c-4561-9f81-d9d3acb836ec/1763640000.0_mean_300.0_v3" 404 70 "GET https://[::1]:8080/v1/AUTH_891a4d8ec8d044eaa174442078fb7e80/gnocchi.ea1f4a6c-8c1c-4561-9f81-d9d3acb836ec/1763640000.0_mean_300.0_v3" "txe2abc6f9bb7d4de7906a4-0069289b1c" "proxy-server 97370" 0.0002 "-" 96393 0
Nov 27 13:40:28 np0005538165.novalocal container-server[96061]: ::1 - - [27/Nov/2025:18:40:28 +0000] "HEAD /3/2841/AUTH_891a4d8ec8d044eaa174442078fb7e80/gnocchi.a951e2a6-219d-4cc5-a5fb-6775e850106d" 404 - "HEAD http://[::1]:8080/v1/AUTH_891a4d8ec8d044eaa174442078fb7e80/gnocchi.a951e2a6-219d-4cc5-a5fb-6775e850106d" "tx043629d56698427a948a9-0069289b1c" "proxy-server 97369" 0.0003 "-" 96061 0
Nov 27 13:40:28 np0005538165.novalocal container-server[96061]: ::1 - - [27/Nov/2025:18:40:28 +0000] "HEAD /2/2841/AUTH_891a4d8ec8d044eaa174442078fb7e80/gnocchi.a951e2a6-219d-4cc5-a5fb-6775e850106d" 404 - "HEAD http://[::1]:8080/v1/AUTH_891a4d8ec8d044eaa174442078fb7e80/gnocchi.a951e2a6-219d-4cc5-a5fb-6775e850106d" "tx043629d56698427a948a9-0069289b1c" "proxy-server 97369" 0.0002 "-" 96061 0
Nov 27 13:40:28 np0005538165.novalocal container-server[96061]: ::1 - - [27/Nov/2025:18:40:28 +0000] "HEAD /1/2841/AUTH_891a4d8ec8d044eaa174442078fb7e80/gnocchi.a951e2a6-219d-4cc5-a5fb-6775e850106d" 404 - "HEAD http://[::1]:8080/v1/AUTH_891a4d8ec8d044eaa174442078fb7e80/gnocchi.a951e2a6-219d-4cc5-a5fb-6775e850106d" "tx043629d56698427a948a9-0069289b1c" "proxy-server 97369" 0.0001 "-" 96061 0
Nov 27 13:40:28 np0005538165.novalocal object-server[96394]: ::1 - - [27/Nov/2025:18:40:28 +0000] "GET /3/128873/AUTH_891a4d8ec8d044eaa174442078fb7e80/gnocchi.ea1f4a6c-8c1c-4561-9f81-d9d3acb836ec/1763640000.0_mean_300.0_v3" 404 70 "GET https://[::1]:8080/v1/AUTH_891a4d8ec8d044eaa174442078fb7e80/gnocchi.ea1f4a6c-8c1c-4561-9f81-d9d3acb836ec/1763640000.0_mean_300.0_v3" "txe2abc6f9bb7d4de7906a4-0069289b1c" "proxy-server 97370" 0.0003 "-" 96394 0
Nov 27 13:40:28 np0005538165.novalocal object-server[96393]: ::1 - - [27/Nov/2025:18:40:28 +0000] "GET /1/128873/AUTH_891a4d8ec8d044eaa174442078fb7e80/gnocchi.ea1f4a6c-8c1c-4561-9f81-d9d3acb836ec/1763640000.0_mean_300.0_v3" 404 70 "GET https://[::1]:8080/v1/AUTH_891a4d8ec8d044eaa174442078fb7e80/gnocchi.ea1f4a6c-8c1c-4561-9f81-d9d3acb836ec/1763640000.0_mean_300.0_v3" "txe2abc6f9bb7d4de7906a4-0069289b1c" "proxy-server 97370" 0.0003 "-" 96393 0
Nov 27 13:40:28 np0005538165.novalocal proxy-server[97369]: - - 27/Nov/2025/18/40/28 HEAD /v1/AUTH_891a4d8ec8d044eaa174442078fb7e80/gnocchi.a951e2a6-219d-4cc5-a5fb-6775e850106d HTTP/1.0 404 - Swift - - - - tx043629d56698427a948a9-0069289b1c - 0.0152 CS - 1764268828.426513433 1764268828.441738129 0
Nov 27 13:40:28 np0005538165.novalocal proxy-server[97370]: ::1 ::1 27/Nov/2025/18/40/28 GET /v1/AUTH_891a4d8ec8d044eaa174442078fb7e80/gnocchi.ea1f4a6c-8c1c-4561-9f81-d9d3acb836ec/1763640000.0_mean_300.0_v3 HTTP/1.0 404 - python-swiftclient-4.7.0 gAAAAABpKJsZdlPH... - 70 - txe2abc6f9bb7d4de7906a4-0069289b1c - 0.0118 - - 1764268828.430106163 1764268828.441952467 0
Nov 27 13:40:28 np0005538165.novalocal object-server[96394]: ::1 - - [27/Nov/2025:18:40:28 +0000] "GET /2/168112/AUTH_891a4d8ec8d044eaa174442078fb7e80/gnocchi.a951e2a6-219d-4cc5-a5fb-6775e850106d/none_v3" 404 70 "GET https://[::1]:8080/v1/AUTH_891a4d8ec8d044eaa174442078fb7e80/gnocchi.a951e2a6-219d-4cc5-a5fb-6775e850106d/none_v3" "tx043629d56698427a948a9-0069289b1c" "proxy-server 97369" 0.0002 "-" 96394 0
Nov 27 13:40:28 np0005538165.novalocal object-server[96393]: ::1 - - [27/Nov/2025:18:40:28 +0000] "GET /3/168112/AUTH_891a4d8ec8d044eaa174442078fb7e80/gnocchi.a951e2a6-219d-4cc5-a5fb-6775e850106d/none_v3" 404 70 "GET https://[::1]:8080/v1/AUTH_891a4d8ec8d044eaa174442078fb7e80/gnocchi.a951e2a6-219d-4cc5-a5fb-6775e850106d/none_v3" "tx043629d56698427a948a9-0069289b1c" "proxy-server 97369" 0.0008 "-" 96393 0
Nov 27 13:40:28 np0005538165.novalocal object-server[96393]: ::1 - - [27/Nov/2025:18:40:28 +0000] "GET /1/168112/AUTH_891a4d8ec8d044eaa174442078fb7e80/gnocchi.a951e2a6-219d-4cc5-a5fb-6775e850106d/none_v3" 404 70 "GET https://[::1]:8080/v1/AUTH_891a4d8ec8d044eaa174442078fb7e80/gnocchi.a951e2a6-219d-4cc5-a5fb-6775e850106d/none_v3" "tx043629d56698427a948a9-0069289b1c" "proxy-server 97369" 0.0002 "-" 96393 0
Nov 27 13:40:28 np0005538165.novalocal proxy-server[97369]: ::1 ::1 27/Nov/2025/18/40/28 GET /v1/AUTH_891a4d8ec8d044eaa174442078fb7e80/gnocchi.a951e2a6-219d-4cc5-a5fb-6775e850106d/none_v3 HTTP/1.0 404 - python-swiftclient-4.7.0 gAAAAABpKJsYjUMx... - 70 - tx043629d56698427a948a9-0069289b1c - 0.0361 - - 1764268828.420076609 1764268828.456219673 0
Nov 27 13:40:28 np0005538165.novalocal container-server[96060]: ::1 - - [27/Nov/2025:18:40:28 +0000] "PUT /1/65219/AUTH_891a4d8ec8d044eaa174442078fb7e80/gnocchi.b7f55c0a-1ecc-41be-b6cf-40643f9d4d6c/1763640000.0_mean_300.0_v3" 201 - "PUT http://[::1]:8080/1/253768/AUTH_891a4d8ec8d044eaa174442078fb7e80/gnocchi.b7f55c0a-1ecc-41be-b6cf-40643f9d4d6c/1763640000.0_mean_300.0_v3" "tx930d108a6e6b4db68c4f9-0069289b1c" "object-server 96394" 0.0005 "-" 96060 0
Nov 27 13:40:28 np0005538165.novalocal object-server[96394]: ::1 - - [27/Nov/2025:18:40:28 +0000] "PUT /1/253768/AUTH_891a4d8ec8d044eaa174442078fb7e80/gnocchi.b7f55c0a-1ecc-41be-b6cf-40643f9d4d6c/1763640000.0_mean_300.0_v3" 201 - "PUT https://[::1]:8080/v1/AUTH_891a4d8ec8d044eaa174442078fb7e80/gnocchi.b7f55c0a-1ecc-41be-b6cf-40643f9d4d6c/1763640000.0_mean_300.0_v3" "tx930d108a6e6b4db68c4f9-0069289b1c" "proxy-server 97370" 0.0147 "-" 96394 0
Nov 27 13:40:28 np0005538165.novalocal container-server[96060]: ::1 - - [27/Nov/2025:18:40:28 +0000] "PUT /2/65219/AUTH_891a4d8ec8d044eaa174442078fb7e80/gnocchi.b7f55c0a-1ecc-41be-b6cf-40643f9d4d6c/1763640000.0_mean_300.0_v3" 201 - "PUT http://[::1]:8080/2/253768/AUTH_891a4d8ec8d044eaa174442078fb7e80/gnocchi.b7f55c0a-1ecc-41be-b6cf-40643f9d4d6c/1763640000.0_mean_300.0_v3" "tx930d108a6e6b4db68c4f9-0069289b1c" "object-server 96393" 0.0009 "-" 96060 0
Nov 27 13:40:28 np0005538165.novalocal object-server[96393]: ::1 - - [27/Nov/2025:18:40:28 +0000] "PUT /2/253768/AUTH_891a4d8ec8d044eaa174442078fb7e80/gnocchi.b7f55c0a-1ecc-41be-b6cf-40643f9d4d6c/1763640000.0_mean_300.0_v3" 201 - "PUT https://[::1]:8080/v1/AUTH_891a4d8ec8d044eaa174442078fb7e80/gnocchi.b7f55c0a-1ecc-41be-b6cf-40643f9d4d6c/1763640000.0_mean_300.0_v3" "tx930d108a6e6b4db68c4f9-0069289b1c" "proxy-server 97370" 0.0130 "-" 96393 0
Nov 27 13:40:28 np0005538165.novalocal container-server[96060]: ::1 - - [27/Nov/2025:18:40:28 +0000] "PUT /3/65219/AUTH_891a4d8ec8d044eaa174442078fb7e80/gnocchi.b7f55c0a-1ecc-41be-b6cf-40643f9d4d6c/1763640000.0_mean_300.0_v3" 201 - "PUT http://[::1]:8080/3/253768/AUTH_891a4d8ec8d044eaa174442078fb7e80/gnocchi.b7f55c0a-1ecc-41be-b6cf-40643f9d4d6c/1763640000.0_mean_300.0_v3" "tx930d108a6e6b4db68c4f9-0069289b1c" "object-server 96394" 0.0003 "-" 96060 0
Nov 27 13:40:28 np0005538165.novalocal object-server[96394]: ::1 - - [27/Nov/2025:18:40:28 +0000] "PUT /3/253768/AUTH_891a4d8ec8d044eaa174442078fb7e80/gnocchi.b7f55c0a-1ecc-41be-b6cf-40643f9d4d6c/1763640000.0_mean_300.0_v3" 201 - "PUT https://[::1]:8080/v1/AUTH_891a4d8ec8d044eaa174442078fb7e80/gnocchi.b7f55c0a-1ecc-41be-b6cf-40643f9d4d6c/1763640000.0_mean_300.0_v3" "tx930d108a6e6b4db68c4f9-0069289b1c" "proxy-server 97370" 0.0161 "-" 96394 0
Nov 27 13:40:28 np0005538165.novalocal proxy-server[97370]: ::1 ::1 27/Nov/2025/18/40/28 PUT /v1/AUTH_891a4d8ec8d044eaa174442078fb7e80/gnocchi.b7f55c0a-1ecc-41be-b6cf-40643f9d4d6c/1763640000.0_mean_300.0_v3 HTTP/1.0 201 - python-swiftclient-4.7.0 gAAAAABpKJsZdlPH... 16 - - tx930d108a6e6b4db68c4f9-0069289b1c - 0.0223 - - 1764268828.444527864 1764268828.466835499 0
Nov 27 13:40:28 np0005538165.novalocal account-server[95765]: ::1 - - [27/Nov/2025:18:40:28 +0000] "PUT /3/91627/AUTH_891a4d8ec8d044eaa174442078fb7e80/gnocchi.a951e2a6-219d-4cc5-a5fb-6775e850106d" 201 - "PUT http://[::1]:6001/3/2841/AUTH_891a4d8ec8d044eaa174442078fb7e80/gnocchi.a951e2a6-219d-4cc5-a5fb-6775e850106d" "tx9039445e3bf74d1e955a3-0069289b1c" "container-server 96060" 0.0053 "-" 95765 0
Nov 27 13:40:28 np0005538165.novalocal container-server[96060]: ::1 - - [27/Nov/2025:18:40:28 +0000] "PUT /3/2841/AUTH_891a4d8ec8d044eaa174442078fb7e80/gnocchi.a951e2a6-219d-4cc5-a5fb-6775e850106d" 201 - "PUT https://[::1]:8080/v1/AUTH_891a4d8ec8d044eaa174442078fb7e80/gnocchi.a951e2a6-219d-4cc5-a5fb-6775e850106d" "tx9039445e3bf74d1e955a3-0069289b1c" "proxy-server 97369" 0.0138 "-" 96060 0
Nov 27 13:40:28 np0005538165.novalocal container-server[96060]: ::1 - - [27/Nov/2025:18:40:28 +0000] "PUT /1/181344/AUTH_891a4d8ec8d044eaa174442078fb7e80/gnocchi.ea1f4a6c-8c1c-4561-9f81-d9d3acb836ec/1763640000.0_mean_300.0_v3" 201 - "PUT http://[::1]:8080/1/128873/AUTH_891a4d8ec8d044eaa174442078fb7e80/gnocchi.ea1f4a6c-8c1c-4561-9f81-d9d3acb836ec/1763640000.0_mean_300.0_v3" "tx6aa96c89e2fc4f4da0993-0069289b1c" "object-server 96393" 0.0003 "-" 96060 0
Nov 27 13:40:28 np0005538165.novalocal object-server[96393]: ::1 - - [27/Nov/2025:18:40:28 +0000] "PUT /1/128873/AUTH_891a4d8ec8d044eaa174442078fb7e80/gnocchi.ea1f4a6c-8c1c-4561-9f81-d9d3acb836ec/1763640000.0_mean_300.0_v3" 201 - "PUT https://[::1]:8080/v1/AUTH_891a4d8ec8d044eaa174442078fb7e80/gnocchi.ea1f4a6c-8c1c-4561-9f81-d9d3acb836ec/1763640000.0_mean_300.0_v3" "tx6aa96c89e2fc4f4da0993-0069289b1c" "proxy-server 97370" 0.0150 "-" 96393 0
Nov 27 13:40:28 np0005538165.novalocal container-server[96060]: ::1 - - [27/Nov/2025:18:40:28 +0000] "PUT /3/181344/AUTH_891a4d8ec8d044eaa174442078fb7e80/gnocchi.ea1f4a6c-8c1c-4561-9f81-d9d3acb836ec/1763640000.0_mean_300.0_v3" 201 - "PUT http://[::1]:8080/3/128873/AUTH_891a4d8ec8d044eaa174442078fb7e80/gnocchi.ea1f4a6c-8c1c-4561-9f81-d9d3acb836ec/1763640000.0_mean_300.0_v3" "tx6aa96c89e2fc4f4da0993-0069289b1c" "object-server 96393" 0.0004 "-" 96060 0
Nov 27 13:40:28 np0005538165.novalocal container-server[96061]: ::1 - - [27/Nov/2025:18:40:28 +0000] "PUT /2/181344/AUTH_891a4d8ec8d044eaa174442078fb7e80/gnocchi.ea1f4a6c-8c1c-4561-9f81-d9d3acb836ec/1763640000.0_mean_300.0_v3" 201 - "PUT http://[::1]:8080/2/128873/AUTH_891a4d8ec8d044eaa174442078fb7e80/gnocchi.ea1f4a6c-8c1c-4561-9f81-d9d3acb836ec/1763640000.0_mean_300.0_v3" "tx6aa96c89e2fc4f4da0993-0069289b1c" "object-server 96394" 0.0004 "-" 96061 0
Nov 27 13:40:28 np0005538165.novalocal account-server[95765]: ::1 - - [27/Nov/2025:18:40:28 +0000] "PUT /1/91627/AUTH_891a4d8ec8d044eaa174442078fb7e80/gnocchi.a951e2a6-219d-4cc5-a5fb-6775e850106d" 201 - "PUT http://[::1]:6001/2/2841/AUTH_891a4d8ec8d044eaa174442078fb7e80/gnocchi.a951e2a6-219d-4cc5-a5fb-6775e850106d" "tx9039445e3bf74d1e955a3-0069289b1c" "container-server 96061" 0.0038 "-" 95765 0
Nov 27 13:40:28 np0005538165.novalocal object-server[96394]: ::1 - - [27/Nov/2025:18:40:28 +0000] "PUT /2/128873/AUTH_891a4d8ec8d044eaa174442078fb7e80/gnocchi.ea1f4a6c-8c1c-4561-9f81-d9d3acb836ec/1763640000.0_mean_300.0_v3" 201 - "PUT https://[::1]:8080/v1/AUTH_891a4d8ec8d044eaa174442078fb7e80/gnocchi.ea1f4a6c-8c1c-4561-9f81-d9d3acb836ec/1763640000.0_mean_300.0_v3" "tx6aa96c89e2fc4f4da0993-0069289b1c" "proxy-server 97370" 0.0165 "-" 96394 0
Nov 27 13:40:28 np0005538165.novalocal container-server[96061]: ::1 - - [27/Nov/2025:18:40:28 +0000] "PUT /2/2841/AUTH_891a4d8ec8d044eaa174442078fb7e80/gnocchi.a951e2a6-219d-4cc5-a5fb-6775e850106d" 201 - "PUT https://[::1]:8080/v1/AUTH_891a4d8ec8d044eaa174442078fb7e80/gnocchi.a951e2a6-219d-4cc5-a5fb-6775e850106d" "tx9039445e3bf74d1e955a3-0069289b1c" "proxy-server 97369" 0.0150 "-" 96061 0
Nov 27 13:40:28 np0005538165.novalocal object-server[96393]: ::1 - - [27/Nov/2025:18:40:28 +0000] "PUT /3/128873/AUTH_891a4d8ec8d044eaa174442078fb7e80/gnocchi.ea1f4a6c-8c1c-4561-9f81-d9d3acb836ec/1763640000.0_mean_300.0_v3" 201 - "PUT https://[::1]:8080/v1/AUTH_891a4d8ec8d044eaa174442078fb7e80/gnocchi.ea1f4a6c-8c1c-4561-9f81-d9d3acb836ec/1763640000.0_mean_300.0_v3" "tx6aa96c89e2fc4f4da0993-0069289b1c" "proxy-server 97370" 0.0161 "-" 96393 0
