Nov 27 13:41:24 np0005538165.novalocal container-server[96061]: ::1 - - [27/Nov/2025:18:41:24 +0000] "GET /3/73074/AUTH_891a4d8ec8d044eaa174442078fb7e80/gnocchi.06aa7721-92ba-46e0-b6da-60b5189a6fc2" 200 2 "GET https://[::1]:8080/v1/AUTH_891a4d8ec8d044eaa174442078fb7e80/gnocchi.06aa7721-92ba-46e0-b6da-60b5189a6fc2?format=json&marker=none_v3&states=listing" "tx090d3049fdeb44738112c-0069289b54" "proxy-server 97370" 0.0039 "-" 96061 0
Nov 27 13:41:24 np0005538165.novalocal proxy-server[97370]: ::1 ::1 27/Nov/2025/18/41/24 GET /v1/AUTH_891a4d8ec8d044eaa174442078fb7e80/gnocchi.06aa7721-92ba-46e0-b6da-60b5189a6fc2%3Fformat%3Djson%26marker%3Dnone_v3%26states%3Dlisting HTTP/1.0 200 - python-swiftclient-4.7.0 gAAAAABpKJsZdlPH... - 2 - tx090d3049fdeb44738112c-0069289b54 - 0.0091 - - 1764268884.816979170 1764268884.826047897 0
Nov 27 13:41:24 np0005538165.novalocal container-server[96060]: ::1 - - [27/Nov/2025:18:41:24 +0000] "GET /3/82947/AUTH_891a4d8ec8d044eaa174442078fb7e80/gnocchi.39a7073e-948c-4301-852b-f885166f30c6" 200 357 "GET https://[::1]:8080/v1/AUTH_891a4d8ec8d044eaa174442078fb7e80/gnocchi.39a7073e-948c-4301-852b-f885166f30c6?format=json&states=listing" "tx5b2763cae74a456dafbfc-0069289b54" "proxy-server 97369" 0.0024 "-" 96060 0
Nov 27 13:41:24 np0005538165.novalocal object-server[96393]: ::1 - - [27/Nov/2025:18:41:24 +0000] "GET /2/189946/AUTH_891a4d8ec8d044eaa174442078fb7e80/gnocchi.06aa7721-92ba-46e0-b6da-60b5189a6fc2/1763640000.0_rate%3Amean_300.0_v3" 404 70 "GET https://[::1]:8080/v1/AUTH_891a4d8ec8d044eaa174442078fb7e80/gnocchi.06aa7721-92ba-46e0-b6da-60b5189a6fc2/1763640000.0_rate%3Amean_300.0_v3" "tx74f93e729c274cd49f132-0069289b54" "proxy-server 97370" 0.0005 "-" 96393 0
Nov 27 13:41:24 np0005538165.novalocal proxy-server[97369]: ::1 ::1 27/Nov/2025/18/41/24 GET /v1/AUTH_891a4d8ec8d044eaa174442078fb7e80/gnocchi.39a7073e-948c-4301-852b-f885166f30c6%3Fformat%3Djson%26states%3Dlisting HTTP/1.0 200 - python-swiftclient-4.7.0 gAAAAABpKJsYjUMx... - 357 - tx5b2763cae74a456dafbfc-0069289b54 - 0.0148 - - 1764268884.821273327 1764268884.836077213 0
Nov 27 13:41:24 np0005538165.novalocal object-server[96393]: ::1 - - [27/Nov/2025:18:41:24 +0000] "GET /1/189946/AUTH_891a4d8ec8d044eaa174442078fb7e80/gnocchi.06aa7721-92ba-46e0-b6da-60b5189a6fc2/1763640000.0_rate%3Amean_300.0_v3" 404 70 "GET https://[::1]:8080/v1/AUTH_891a4d8ec8d044eaa174442078fb7e80/gnocchi.06aa7721-92ba-46e0-b6da-60b5189a6fc2/1763640000.0_rate%3Amean_300.0_v3" "tx74f93e729c274cd49f132-0069289b54" "proxy-server 97370" 0.0003 "-" 96393 0
Nov 27 13:41:24 np0005538165.novalocal object-server[96394]: ::1 - - [27/Nov/2025:18:41:24 +0000] "GET /3/189946/AUTH_891a4d8ec8d044eaa174442078fb7e80/gnocchi.06aa7721-92ba-46e0-b6da-60b5189a6fc2/1763640000.0_rate%3Amean_300.0_v3" 404 70 "GET https://[::1]:8080/v1/AUTH_891a4d8ec8d044eaa174442078fb7e80/gnocchi.06aa7721-92ba-46e0-b6da-60b5189a6fc2/1763640000.0_rate%3Amean_300.0_v3" "tx74f93e729c274cd49f132-0069289b54" "proxy-server 97370" 0.0003 "-" 96394 0
Nov 27 13:41:24 np0005538165.novalocal proxy-server[97370]: ::1 ::1 27/Nov/2025/18/41/24 GET /v1/AUTH_891a4d8ec8d044eaa174442078fb7e80/gnocchi.06aa7721-92ba-46e0-b6da-60b5189a6fc2/1763640000.0_rate%253Amean_300.0_v3 HTTP/1.0 404 - python-swiftclient-4.7.0 gAAAAABpKJsZdlPH... - 70 - tx74f93e729c274cd49f132-0069289b54 - 0.0124 - - 1764268884.829039812 1764268884.841468096 0
Nov 27 13:41:24 np0005538165.novalocal object-server[96394]: ::1 - - [27/Nov/2025:18:41:24 +0000] "GET /3/236059/AUTH_891a4d8ec8d044eaa174442078fb7e80/gnocchi.06aa7721-92ba-46e0-b6da-60b5189a6fc2/1763640000.0_mean_300.0_v3" 200 16 "GET https://[::1]:8080/v1/AUTH_891a4d8ec8d044eaa174442078fb7e80/gnocchi.06aa7721-92ba-46e0-b6da-60b5189a6fc2/1763640000.0_mean_300.0_v3" "tx40594e94f8eb4fbe86c50-0069289b54" "proxy-server 97370" 0.0009 "-" 96394 0
Nov 27 13:41:24 np0005538165.novalocal proxy-server[97370]: ::1 ::1 27/Nov/2025/18/41/24 GET /v1/AUTH_891a4d8ec8d044eaa174442078fb7e80/gnocchi.06aa7721-92ba-46e0-b6da-60b5189a6fc2/1763640000.0_mean_300.0_v3 HTTP/1.0 200 - python-swiftclient-4.7.0 gAAAAABpKJsZdlPH... - 16 - tx40594e94f8eb4fbe86c50-0069289b54 - 0.0050 - - 1764268884.843324184 1764268884.848337650 0
Nov 27 13:41:24 np0005538165.novalocal container-server[96061]: ::1 - - [27/Nov/2025:18:41:24 +0000] "GET /2/82947/AUTH_891a4d8ec8d044eaa174442078fb7e80/gnocchi.39a7073e-948c-4301-852b-f885166f30c6" 200 2 "GET https://[::1]:8080/v1/AUTH_891a4d8ec8d044eaa174442078fb7e80/gnocchi.39a7073e-948c-4301-852b-f885166f30c6?format=json&marker=none_v3&states=listing" "tx3f9ea1557c7f4654b1832-0069289b54" "proxy-server 97369" 0.0032 "-" 96061 0
Nov 27 13:41:24 np0005538165.novalocal proxy-server[97369]: ::1 ::1 27/Nov/2025/18/41/24 GET /v1/AUTH_891a4d8ec8d044eaa174442078fb7e80/gnocchi.39a7073e-948c-4301-852b-f885166f30c6%3Fformat%3Djson%26marker%3Dnone_v3%26states%3Dlisting HTTP/1.0 200 - python-swiftclient-4.7.0 gAAAAABpKJsYjUMx... - 2 - tx3f9ea1557c7f4654b1832-0069289b54 - 0.0117 - - 1764268884.838604689 1764268884.850291491 0
Nov 27 13:41:24 np0005538165.novalocal object-server[96393]: ::1 - - [27/Nov/2025:18:41:24 +0000] "GET /3/10817/AUTH_891a4d8ec8d044eaa174442078fb7e80/gnocchi.39a7073e-948c-4301-852b-f885166f30c6/1763640000.0_rate%3Amean_300.0_v3" 404 70 "GET https://[::1]:8080/v1/AUTH_891a4d8ec8d044eaa174442078fb7e80/gnocchi.39a7073e-948c-4301-852b-f885166f30c6/1763640000.0_rate%3Amean_300.0_v3" "tx992d2b5f339c47d488fd0-0069289b54" "proxy-server 97369" 0.0003 "-" 96393 0
Nov 27 13:41:24 np0005538165.novalocal container-server[96061]: ::1 - - [27/Nov/2025:18:41:24 +0000] "PUT /3/73074/AUTH_891a4d8ec8d044eaa174442078fb7e80/gnocchi.06aa7721-92ba-46e0-b6da-60b5189a6fc2/1763640000.0_rate%3Amean_300.0_v3" 201 - "PUT http://[::1]:8080/2/189946/AUTH_891a4d8ec8d044eaa174442078fb7e80/gnocchi.06aa7721-92ba-46e0-b6da-60b5189a6fc2/1763640000.0_rate%3Amean_300.0_v3" "tx3c1dbeb03b7e4fb8bb6d6-0069289b54" "object-server 96394" 0.0013 "-" 96061 0
Nov 27 13:41:24 np0005538165.novalocal object-server[96394]: ::1 - - [27/Nov/2025:18:41:24 +0000] "PUT /2/189946/AUTH_891a4d8ec8d044eaa174442078fb7e80/gnocchi.06aa7721-92ba-46e0-b6da-60b5189a6fc2/1763640000.0_rate%3Amean_300.0_v3" 201 - "PUT https://[::1]:8080/v1/AUTH_891a4d8ec8d044eaa174442078fb7e80/gnocchi.06aa7721-92ba-46e0-b6da-60b5189a6fc2/1763640000.0_rate%3Amean_300.0_v3" "tx3c1dbeb03b7e4fb8bb6d6-0069289b54" "proxy-server 97370" 0.0107 "-" 96394 0
Nov 27 13:41:24 np0005538165.novalocal container-server[96061]: ::1 - - [27/Nov/2025:18:41:24 +0000] "PUT /2/73074/AUTH_891a4d8ec8d044eaa174442078fb7e80/gnocchi.06aa7721-92ba-46e0-b6da-60b5189a6fc2/1763640000.0_rate%3Amean_300.0_v3" 201 - "PUT http://[::1]:8080/1/189946/AUTH_891a4d8ec8d044eaa174442078fb7e80/gnocchi.06aa7721-92ba-46e0-b6da-60b5189a6fc2/1763640000.0_rate%3Amean_300.0_v3" "tx3c1dbeb03b7e4fb8bb6d6-0069289b54" "object-server 96394" 0.0004 "-" 96061 0
Nov 27 13:41:24 np0005538165.novalocal object-server[96394]: ::1 - - [27/Nov/2025:18:41:24 +0000] "GET /2/10817/AUTH_891a4d8ec8d044eaa174442078fb7e80/gnocchi.39a7073e-948c-4301-852b-f885166f30c6/1763640000.0_rate%3Amean_300.0_v3" 404 70 "GET https://[::1]:8080/v1/AUTH_891a4d8ec8d044eaa174442078fb7e80/gnocchi.39a7073e-948c-4301-852b-f885166f30c6/1763640000.0_rate%3Amean_300.0_v3" "tx992d2b5f339c47d488fd0-0069289b54" "proxy-server 97369" 0.0002 "-" 96394 0
Nov 27 13:41:24 np0005538165.novalocal object-server[96394]: ::1 - - [27/Nov/2025:18:41:24 +0000] "PUT /1/189946/AUTH_891a4d8ec8d044eaa174442078fb7e80/gnocchi.06aa7721-92ba-46e0-b6da-60b5189a6fc2/1763640000.0_rate%3Amean_300.0_v3" 201 - "PUT https://[::1]:8080/v1/AUTH_891a4d8ec8d044eaa174442078fb7e80/gnocchi.06aa7721-92ba-46e0-b6da-60b5189a6fc2/1763640000.0_rate%3Amean_300.0_v3" "tx3c1dbeb03b7e4fb8bb6d6-0069289b54" "proxy-server 97370" 0.0115 "-" 96394 0
Nov 27 13:41:24 np0005538165.novalocal container-server[96060]: ::1 - - [27/Nov/2025:18:41:24 +0000] "PUT /1/73074/AUTH_891a4d8ec8d044eaa174442078fb7e80/gnocchi.06aa7721-92ba-46e0-b6da-60b5189a6fc2/1763640000.0_rate%3Amean_300.0_v3" 201 - "PUT http://[::1]:8080/3/189946/AUTH_891a4d8ec8d044eaa174442078fb7e80/gnocchi.06aa7721-92ba-46e0-b6da-60b5189a6fc2/1763640000.0_rate%3Amean_300.0_v3" "tx3c1dbeb03b7e4fb8bb6d6-0069289b54" "object-server 96393" 0.0005 "-" 96060 0
Nov 27 13:41:24 np0005538165.novalocal object-server[96393]: ::1 - - [27/Nov/2025:18:41:24 +0000] "GET /1/10817/AUTH_891a4d8ec8d044eaa174442078fb7e80/gnocchi.39a7073e-948c-4301-852b-f885166f30c6/1763640000.0_rate%3Amean_300.0_v3" 404 70 "GET https://[::1]:8080/v1/AUTH_891a4d8ec8d044eaa174442078fb7e80/gnocchi.39a7073e-948c-4301-852b-f885166f30c6/1763640000.0_rate%3Amean_300.0_v3" "tx992d2b5f339c47d488fd0-0069289b54" "proxy-server 97369" 0.0004 "-" 96393 0
Nov 27 13:41:24 np0005538165.novalocal proxy-server[97369]: ::1 ::1 27/Nov/2025/18/41/24 GET /v1/AUTH_891a4d8ec8d044eaa174442078fb7e80/gnocchi.39a7073e-948c-4301-852b-f885166f30c6/1763640000.0_rate%253Amean_300.0_v3 HTTP/1.0 404 - python-swiftclient-4.7.0 gAAAAABpKJsYjUMx... - 70 - tx992d2b5f339c47d488fd0-0069289b54 - 0.0183 - - 1764268884.853850603 1764268884.872158527 0
Nov 27 13:41:24 np0005538165.novalocal object-server[96393]: ::1 - - [27/Nov/2025:18:41:24 +0000] "PUT /3/189946/AUTH_891a4d8ec8d044eaa174442078fb7e80/gnocchi.06aa7721-92ba-46e0-b6da-60b5189a6fc2/1763640000.0_rate%3Amean_300.0_v3" 201 - "PUT https://[::1]:8080/v1/AUTH_891a4d8ec8d044eaa174442078fb7e80/gnocchi.06aa7721-92ba-46e0-b6da-60b5189a6fc2/1763640000.0_rate%3Amean_300.0_v3" "tx3c1dbeb03b7e4fb8bb6d6-0069289b54" "proxy-server 97370" 0.0172 "-" 96393 0
Nov 27 13:41:24 np0005538165.novalocal proxy-server[97370]: ::1 ::1 27/Nov/2025/18/41/24 PUT /v1/AUTH_891a4d8ec8d044eaa174442078fb7e80/gnocchi.06aa7721-92ba-46e0-b6da-60b5189a6fc2/1763640000.0_rate%253Amean_300.0_v3 HTTP/1.0 201 - python-swiftclient-4.7.0 gAAAAABpKJsZdlPH... 16 - - tx3c1dbeb03b7e4fb8bb6d6-0069289b54 - 0.0238 - - 1764268884.850022793 1764268884.873804808 0
Nov 27 13:41:24 np0005538165.novalocal object-server[96394]: ::1 - - [27/Nov/2025:18:41:24 +0000] "GET /1/172058/AUTH_891a4d8ec8d044eaa174442078fb7e80/gnocchi.39a7073e-948c-4301-852b-f885166f30c6/1763640000.0_mean_300.0_v3" 200 16 "GET https://[::1]:8080/v1/AUTH_891a4d8ec8d044eaa174442078fb7e80/gnocchi.39a7073e-948c-4301-852b-f885166f30c6/1763640000.0_mean_300.0_v3" "tx6d86ce6fa3c746698343e-0069289b54" "proxy-server 97369" 0.0005 "-" 96394 0
Nov 27 13:41:24 np0005538165.novalocal proxy-server[97369]: ::1 ::1 27/Nov/2025/18/41/24 GET /v1/AUTH_891a4d8ec8d044eaa174442078fb7e80/gnocchi.39a7073e-948c-4301-852b-f885166f30c6/1763640000.0_mean_300.0_v3 HTTP/1.0 200 - python-swiftclient-4.7.0 gAAAAABpKJsYjUMx... - 16 - tx6d86ce6fa3c746698343e-0069289b54 - 0.0046 - - 1764268884.874485254 1764268884.879054070 0
Nov 27 13:41:24 np0005538165.novalocal account-server[95765]: ::1 - - [27/Nov/2025:18:41:24 +0000] "PUT /2/91627/AUTH_891a4d8ec8d044eaa174442078fb7e80/gnocchi.213225cf-4dd1-4c5c-a327-cd140fbf5c97" 201 - "-" "-" "container-updater 95229" 0.0003 "-" 95765 0
Nov 27 13:41:24 np0005538165.novalocal account-server[95766]: ::1 - - [27/Nov/2025:18:41:24 +0000] "PUT /1/91627/AUTH_891a4d8ec8d044eaa174442078fb7e80/gnocchi.213225cf-4dd1-4c5c-a327-cd140fbf5c97" 201 - "-" "-" "container-updater 95229" 0.0004 "-" 95766 0
Nov 27 13:41:24 np0005538165.novalocal account-server[95765]: ::1 - - [27/Nov/2025:18:41:24 +0000] "PUT /3/91627/AUTH_891a4d8ec8d044eaa174442078fb7e80/gnocchi.213225cf-4dd1-4c5c-a327-cd140fbf5c97" 201 - "-" "-" "container-updater 95229" 0.0002 "-" 95765 0
Nov 27 13:41:24 np0005538165.novalocal container-server[96060]: ::1 - - [27/Nov/2025:18:41:24 +0000] "PUT /2/73074/AUTH_891a4d8ec8d044eaa174442078fb7e80/gnocchi.06aa7721-92ba-46e0-b6da-60b5189a6fc2/1763640000.0_mean_300.0_v3" 201 - "PUT http://[::1]:8080/1/236059/AUTH_891a4d8ec8d044eaa174442078fb7e80/gnocchi.06aa7721-92ba-46e0-b6da-60b5189a6fc2/1763640000.0_mean_300.0_v3" "txfb39c52e2850411894b34-0069289b54" "object-server 96394" 0.0006 "-" 96060 0
Nov 27 13:41:24 np0005538165.novalocal object-server[96394]: ::1 - - [27/Nov/2025:18:41:24 +0000] "PUT /1/236059/AUTH_891a4d8ec8d044eaa174442078fb7e80/gnocchi.06aa7721-92ba-46e0-b6da-60b5189a6fc2/1763640000.0_mean_300.0_v3" 201 - "PUT https://[::1]:8080/v1/AUTH_891a4d8ec8d044eaa174442078fb7e80/gnocchi.06aa7721-92ba-46e0-b6da-60b5189a6fc2/1763640000.0_mean_300.0_v3" "txfb39c52e2850411894b34-0069289b54" "proxy-server 97370" 0.0113 "-" 96394 0
Nov 27 13:41:24 np0005538165.novalocal container-server[96061]: ::1 - - [27/Nov/2025:18:41:24 +0000] "PUT /1/73074/AUTH_891a4d8ec8d044eaa174442078fb7e80/gnocchi.06aa7721-92ba-46e0-b6da-60b5189a6fc2/1763640000.0_mean_300.0_v3" 201 - "PUT http://[::1]:8080/2/236059/AUTH_891a4d8ec8d044eaa174442078fb7e80/gnocchi.06aa7721-92ba-46e0-b6da-60b5189a6fc2/1763640000.0_mean_300.0_v3" "txfb39c52e2850411894b34-0069289b54" "object-server 96393" 0.0009 "-" 96061 0
Nov 27 13:41:24 np0005538165.novalocal object-server[96393]: ::1 - - [27/Nov/2025:18:41:24 +0000] "PUT /2/236059/AUTH_891a4d8ec8d044eaa174442078fb7e80/gnocchi.06aa7721-92ba-46e0-b6da-60b5189a6fc2/1763640000.0_mean_300.0_v3" 201 - "PUT https://[::1]:8080/v1/AUTH_891a4d8ec8d044eaa174442078fb7e80/gnocchi.06aa7721-92ba-46e0-b6da-60b5189a6fc2/1763640000.0_mean_300.0_v3" "txfb39c52e2850411894b34-0069289b54" "proxy-server 97370" 0.0228 "-" 96393 0
Nov 27 13:41:24 np0005538165.novalocal container-server[96061]: ::1 - - [27/Nov/2025:18:41:24 +0000] "PUT /3/73074/AUTH_891a4d8ec8d044eaa174442078fb7e80/gnocchi.06aa7721-92ba-46e0-b6da-60b5189a6fc2/1763640000.0_mean_300.0_v3" 201 - "PUT http://[::1]:8080/3/236059/AUTH_891a4d8ec8d044eaa174442078fb7e80/gnocchi.06aa7721-92ba-46e0-b6da-60b5189a6fc2/1763640000.0_mean_300.0_v3" "txfb39c52e2850411894b34-0069289b54" "object-server 96393" 0.0009 "-" 96061 0
Nov 27 13:41:24 np0005538165.novalocal object-server[96393]: ::1 - - [27/Nov/2025:18:41:24 +0000] "PUT /3/236059/AUTH_891a4d8ec8d044eaa174442078fb7e80/gnocchi.06aa7721-92ba-46e0-b6da-60b5189a6fc2/1763640000.0_mean_300.0_v3" 201 - "PUT https://[::1]:8080/v1/AUTH_891a4d8ec8d044eaa174442078fb7e80/gnocchi.06aa7721-92ba-46e0-b6da-60b5189a6fc2/1763640000.0_mean_300.0_v3" "txfb39c52e2850411894b34-0069289b54" "proxy-server 97370" 0.0280 "-" 96393 0
Nov 27 13:41:24 np0005538165.novalocal container-server[96060]: ::1 - - [27/Nov/2025:18:41:24 +0000] "PUT /3/82947/AUTH_891a4d8ec8d044eaa174442078fb7e80/gnocchi.39a7073e-948c-4301-852b-f885166f30c6/1763640000.0_rate%3Amean_300.0_v3" 201 - "PUT http://[::1]:8080/3/10817/AUTH_891a4d8ec8d044eaa174442078fb7e80/gnocchi.39a7073e-948c-4301-852b-f885166f30c6/1763640000.0_rate%3Amean_300.0_v3" "tx4ac7ec5bb65c4433a9834-0069289b54" "object-server 96393" 0.0007 "-" 96060 0
Nov 27 13:41:24 np0005538165.novalocal proxy-server[97370]: ::1 ::1 27/Nov/2025/18/41/24 PUT /v1/AUTH_891a4d8ec8d044eaa174442078fb7e80/gnocchi.06aa7721-92ba-46e0-b6da-60b5189a6fc2/1763640000.0_mean_300.0_v3 HTTP/1.0 201 - python-swiftclient-4.7.0 gAAAAABpKJsZdlPH... 16 - - txfb39c52e2850411894b34-0069289b54 - 0.0340 - - 1764268884.877066851 1764268884.911077023 0
Nov 27 13:41:24 np0005538165.novalocal object-server[96393]: ::1 - - [27/Nov/2025:18:41:24 +0000] "PUT /3/10817/AUTH_891a4d8ec8d044eaa174442078fb7e80/gnocchi.39a7073e-948c-4301-852b-f885166f30c6/1763640000.0_rate%3Amean_300.0_v3" 201 - "PUT https://[::1]:8080/v1/AUTH_891a4d8ec8d044eaa174442078fb7e80/gnocchi.39a7073e-948c-4301-852b-f885166f30c6/1763640000.0_rate%3Amean_300.0_v3" "tx4ac7ec5bb65c4433a9834-0069289b54" "proxy-server 97369" 0.0163 "-" 96393 0
Nov 27 13:41:24 np0005538165.novalocal container-server[96061]: ::1 - - [27/Nov/2025:18:41:24 +0000] "PUT /1/82947/AUTH_891a4d8ec8d044eaa174442078fb7e80/gnocchi.39a7073e-948c-4301-852b-f885166f30c6/1763640000.0_rate%3Amean_300.0_v3" 201 - "PUT http://[::1]:8080/1/10817/AUTH_891a4d8ec8d044eaa174442078fb7e80/gnocchi.39a7073e-948c-4301-852b-f885166f30c6/1763640000.0_rate%3Amean_300.0_v3" "tx4ac7ec5bb65c4433a9834-0069289b54" "object-server 96393" 0.0006 "-" 96061 0
Nov 27 13:41:24 np0005538165.novalocal object-server[96393]: ::1 - - [27/Nov/2025:18:41:24 +0000] "PUT /1/10817/AUTH_891a4d8ec8d044eaa174442078fb7e80/gnocchi.39a7073e-948c-4301-852b-f885166f30c6/1763640000.0_rate%3Amean_300.0_v3" 201 - "PUT https://[::1]:8080/v1/AUTH_891a4d8ec8d044eaa174442078fb7e80/gnocchi.39a7073e-948c-4301-852b-f885166f30c6/1763640000.0_rate%3Amean_300.0_v3" "tx4ac7ec5bb65c4433a9834-0069289b54" "proxy-server 97369" 0.0237 "-" 96393 0
Nov 27 13:41:24 np0005538165.novalocal container-server[96061]: ::1 - - [27/Nov/2025:18:41:24 +0000] "PUT /2/82947/AUTH_891a4d8ec8d044eaa174442078fb7e80/gnocchi.39a7073e-948c-4301-852b-f885166f30c6/1763640000.0_rate%3Amean_300.0_v3" 201 - "PUT http://[::1]:8080/2/10817/AUTH_891a4d8ec8d044eaa174442078fb7e80/gnocchi.39a7073e-948c-4301-852b-f885166f30c6/1763640000.0_rate%3Amean_300.0_v3" "tx4ac7ec5bb65c4433a9834-0069289b54" "object-server 96393" 0.0007 "-" 96061 0
Nov 27 13:41:24 np0005538165.novalocal object-server[96393]: ::1 - - [27/Nov/2025:18:41:24 +0000] "PUT /2/10817/AUTH_891a4d8ec8d044eaa174442078fb7e80/gnocchi.39a7073e-948c-4301-852b-f885166f30c6/1763640000.0_rate%3Amean_300.0_v3" 201 - "PUT https://[::1]:8080/v1/AUTH_891a4d8ec8d044eaa174442078fb7e80/gnocchi.39a7073e-948c-4301-852b-f885166f30c6/1763640000.0_rate%3Amean_300.0_v3" "tx4ac7ec5bb65c4433a9834-0069289b54" "proxy-server 97369" 0.0294 "-" 96393 0
Nov 27 13:41:24 np0005538165.novalocal proxy-server[97369]: ::1 ::1 27/Nov/2025/18/41/24 PUT /v1/AUTH_891a4d8ec8d044eaa174442078fb7e80/gnocchi.39a7073e-948c-4301-852b-f885166f30c6/1763640000.0_rate%253Amean_300.0_v3 HTTP/1.0 201 - python-swiftclient-4.7.0 gAAAAABpKJsYjUMx... 16 - - tx4ac7ec5bb65c4433a9834-0069289b54 - 0.0395 - - 1764268884.884228945 1764268884.923704147 0
Nov 27 13:41:24 np0005538165.novalocal container-server[96061]: ::1 - - [27/Nov/2025:18:41:24 +0000] "PUT /2/73074/AUTH_891a4d8ec8d044eaa174442078fb7e80/gnocchi.06aa7721-92ba-46e0-b6da-60b5189a6fc2/none_v3" 201 - "PUT http://[::1]:8080/3/117215/AUTH_891a4d8ec8d044eaa174442078fb7e80/gnocchi.06aa7721-92ba-46e0-b6da-60b5189a6fc2/none_v3" "tx9db9288661e84133ae5fc-0069289b54" "object-server 96394" 0.0006 "-" 96061 0
Nov 27 13:41:24 np0005538165.novalocal object-server[96394]: ::1 - - [27/Nov/2025:18:41:24 +0000] "PUT /3/117215/AUTH_891a4d8ec8d044eaa174442078fb7e80/gnocchi.06aa7721-92ba-46e0-b6da-60b5189a6fc2/none_v3" 201 - "PUT https://[::1]:8080/v1/AUTH_891a4d8ec8d044eaa174442078fb7e80/gnocchi.06aa7721-92ba-46e0-b6da-60b5189a6fc2/none_v3" "tx9db9288661e84133ae5fc-0069289b54" "proxy-server 97370" 0.0106 "-" 96394 0
Nov 27 13:41:24 np0005538165.novalocal container-server[96060]: ::1 - - [27/Nov/2025:18:41:24 +0000] "PUT /1/73074/AUTH_891a4d8ec8d044eaa174442078fb7e80/gnocchi.06aa7721-92ba-46e0-b6da-60b5189a6fc2/none_v3" 201 - "PUT http://[::1]:8080/1/117215/AUTH_891a4d8ec8d044eaa174442078fb7e80/gnocchi.06aa7721-92ba-46e0-b6da-60b5189a6fc2/none_v3" "tx9db9288661e84133ae5fc-0069289b54" "object-server 96394" 0.0006 "-" 96060 0
Nov 27 13:41:24 np0005538165.novalocal object-server[96394]: ::1 - - [27/Nov/2025:18:41:24 +0000] "PUT /1/117215/AUTH_891a4d8ec8d044eaa174442078fb7e80/gnocchi.06aa7721-92ba-46e0-b6da-60b5189a6fc2/none_v3" 201 - "PUT https://[::1]:8080/v1/AUTH_891a4d8ec8d044eaa174442078fb7e80/gnocchi.06aa7721-92ba-46e0-b6da-60b5189a6fc2/none_v3" "tx9db9288661e84133ae5fc-0069289b54" "proxy-server 97370" 0.0142 "-" 96394 0
Nov 27 13:41:24 np0005538165.novalocal container-server[96061]: ::1 - - [27/Nov/2025:18:41:24 +0000] "PUT /3/73074/AUTH_891a4d8ec8d044eaa174442078fb7e80/gnocchi.06aa7721-92ba-46e0-b6da-60b5189a6fc2/none_v3" 201 - "PUT http://[::1]:8080/2/117215/AUTH_891a4d8ec8d044eaa174442078fb7e80/gnocchi.06aa7721-92ba-46e0-b6da-60b5189a6fc2/none_v3" "tx9db9288661e84133ae5fc-0069289b54" "object-server 96394" 0.0011 "-" 96061 0
Nov 27 13:41:24 np0005538165.novalocal object-server[96394]: ::1 - - [27/Nov/2025:18:41:24 +0000] "PUT /2/117215/AUTH_891a4d8ec8d044eaa174442078fb7e80/gnocchi.06aa7721-92ba-46e0-b6da-60b5189a6fc2/none_v3" 201 - "PUT https://[::1]:8080/v1/AUTH_891a4d8ec8d044eaa174442078fb7e80/gnocchi.06aa7721-92ba-46e0-b6da-60b5189a6fc2/none_v3" "tx9db9288661e84133ae5fc-0069289b54" "proxy-server 97370" 0.0149 "-" 96394 0
Nov 27 13:41:24 np0005538165.novalocal proxy-server[97370]: ::1 ::1 27/Nov/2025/18/41/24 PUT /v1/AUTH_891a4d8ec8d044eaa174442078fb7e80/gnocchi.06aa7721-92ba-46e0-b6da-60b5189a6fc2/none_v3 HTTP/1.0 201 - python-swiftclient-4.7.0 gAAAAABpKJsZdlPH... 27 - - tx9db9288661e84133ae5fc-0069289b54 - 0.0354 - - 1764268884.913300514 1764268884.948676586 0
Nov 27 13:41:24 np0005538165.novalocal container-server[96060]: ::1 - - [27/Nov/2025:18:41:24 +0000] "PUT /3/82947/AUTH_891a4d8ec8d044eaa174442078fb7e80/gnocchi.39a7073e-948c-4301-852b-f885166f30c6/1763640000.0_mean_300.0_v3" 201 - "PUT http://[::1]:8080/3/172058/AUTH_891a4d8ec8d044eaa174442078fb7e80/gnocchi.39a7073e-948c-4301-852b-f885166f30c6/1763640000.0_mean_300.0_v3" "tx417aa5a1850348cf82849-0069289b54" "object-server 96394" 0.0007 "-" 96060 0
Nov 27 13:41:24 np0005538165.novalocal object-server[96394]: ::1 - - [27/Nov/2025:18:41:24 +0000] "PUT /3/172058/AUTH_891a4d8ec8d044eaa174442078fb7e80/gnocchi.39a7073e-948c-4301-852b-f885166f30c6/1763640000.0_mean_300.0_v3" 201 - "PUT https://[::1]:8080/v1/AUTH_891a4d8ec8d044eaa174442078fb7e80/gnocchi.39a7073e-948c-4301-852b-f885166f30c6/1763640000.0_mean_300.0_v3" "tx417aa5a1850348cf82849-0069289b54" "proxy-server 97369" 0.0142 "-" 96394 0
Nov 27 13:41:24 np0005538165.novalocal container-server[96061]: ::1 - - [27/Nov/2025:18:41:24 +0000] "PUT /1/82947/AUTH_891a4d8ec8d044eaa174442078fb7e80/gnocchi.39a7073e-948c-4301-852b-f885166f30c6/1763640000.0_mean_300.0_v3" 201 - "PUT http://[::1]:8080/1/172058/AUTH_891a4d8ec8d044eaa174442078fb7e80/gnocchi.39a7073e-948c-4301-852b-f885166f30c6/1763640000.0_mean_300.0_v3" "tx417aa5a1850348cf82849-0069289b54" "object-server 96394" 0.0007 "-" 96061 0
Nov 27 13:41:24 np0005538165.novalocal object-server[96394]: ::1 - - [27/Nov/2025:18:41:24 +0000] "PUT /1/172058/AUTH_891a4d8ec8d044eaa174442078fb7e80/gnocchi.39a7073e-948c-4301-852b-f885166f30c6/1763640000.0_mean_300.0_v3" 201 - "PUT https://[::1]:8080/v1/AUTH_891a4d8ec8d044eaa174442078fb7e80/gnocchi.39a7073e-948c-4301-852b-f885166f30c6/1763640000.0_mean_300.0_v3" "tx417aa5a1850348cf82849-0069289b54" "proxy-server 97369" 0.0147 "-" 96394 0
Nov 27 13:41:24 np0005538165.novalocal container-server[96061]: ::1 - - [27/Nov/2025:18:41:24 +0000] "PUT /2/82947/AUTH_891a4d8ec8d044eaa174442078fb7e80/gnocchi.39a7073e-948c-4301-852b-f885166f30c6/1763640000.0_mean_300.0_v3" 201 - "PUT http://[::1]:8080/2/172058/AUTH_891a4d8ec8d044eaa174442078fb7e80/gnocchi.39a7073e-948c-4301-852b-f885166f30c6/1763640000.0_mean_300.0_v3" "tx417aa5a1850348cf82849-0069289b54" "object-server 96393" 0.0005 "-" 96061 0
Nov 27 13:41:24 np0005538165.novalocal object-server[96393]: ::1 - - [27/Nov/2025:18:41:24 +0000] "PUT /2/172058/AUTH_891a4d8ec8d044eaa174442078fb7e80/gnocchi.39a7073e-948c-4301-852b-f885166f30c6/1763640000.0_mean_300.0_v3" 201 - "PUT https://[::1]:8080/v1/AUTH_891a4d8ec8d044eaa174442078fb7e80/gnocchi.39a7073e-948c-4301-852b-f885166f30c6/1763640000.0_mean_300.0_v3" "tx417aa5a1850348cf82849-0069289b54" "proxy-server 97369" 0.0147 "-" 96393 0
Nov 27 13:41:24 np0005538165.novalocal proxy-server[97369]: ::1 ::1 27/Nov/2025/18/41/24 PUT /v1/AUTH_891a4d8ec8d044eaa174442078fb7e80/gnocchi.39a7073e-948c-4301-852b-f885166f30c6/1763640000.0_mean_300.0_v3 HTTP/1.0 201 - python-swiftclient-4.7.0 gAAAAABpKJsYjUMx... 16 - - tx417aa5a1850348cf82849-0069289b54 - 0.0297 - - 1764268884.929247379 1764268884.958943605 0
Nov 27 13:41:24 np0005538165.novalocal container-server[96061]: ::1 - - [27/Nov/2025:18:41:24 +0000] "PUT /2/82947/AUTH_891a4d8ec8d044eaa174442078fb7e80/gnocchi.39a7073e-948c-4301-852b-f885166f30c6/none_v3" 201 - "PUT http://[::1]:8080/1/250123/AUTH_891a4d8ec8d044eaa174442078fb7e80/gnocchi.39a7073e-948c-4301-852b-f885166f30c6/none_v3" "txa0de1c89e5414e06991af-0069289b54" "object-server 96393" 0.0004 "-" 96061 0
Nov 27 13:41:24 np0005538165.novalocal container-server[96060]: ::1 - - [27/Nov/2025:18:41:24 +0000] "PUT /3/82947/AUTH_891a4d8ec8d044eaa174442078fb7e80/gnocchi.39a7073e-948c-4301-852b-f885166f30c6/none_v3" 201 - "PUT http://[::1]:8080/3/250123/AUTH_891a4d8ec8d044eaa174442078fb7e80/gnocchi.39a7073e-948c-4301-852b-f885166f30c6/none_v3" "txa0de1c89e5414e06991af-0069289b54" "object-server 96394" 0.0006 "-" 96060 0
Nov 27 13:41:24 np0005538165.novalocal object-server[96394]: ::1 - - [27/Nov/2025:18:41:24 +0000] "PUT /3/250123/AUTH_891a4d8ec8d044eaa174442078fb7e80/gnocchi.39a7073e-948c-4301-852b-f885166f30c6/none_v3" 201 - "PUT https://[::1]:8080/v1/AUTH_891a4d8ec8d044eaa174442078fb7e80/gnocchi.39a7073e-948c-4301-852b-f885166f30c6/none_v3" "txa0de1c89e5414e06991af-0069289b54" "proxy-server 97369" 0.0125 "-" 96394 0
Nov 27 13:41:24 np0005538165.novalocal object-server[96393]: ::1 - - [27/Nov/2025:18:41:24 +0000] "PUT /1/250123/AUTH_891a4d8ec8d044eaa174442078fb7e80/gnocchi.39a7073e-948c-4301-852b-f885166f30c6/none_v3" 201 - "PUT https://[::1]:8080/v1/AUTH_891a4d8ec8d044eaa174442078fb7e80/gnocchi.39a7073e-948c-4301-852b-f885166f30c6/none_v3" "txa0de1c89e5414e06991af-0069289b54" "proxy-server 97369" 0.0128 "-" 96393 0
Nov 27 13:41:24 np0005538165.novalocal container-server[96060]: ::1 - - [27/Nov/2025:18:41:24 +0000] "PUT /1/82947/AUTH_891a4d8ec8d044eaa174442078fb7e80/gnocchi.39a7073e-948c-4301-852b-f885166f30c6/none_v3" 201 - "PUT http://[::1]:8080/2/250123/AUTH_891a4d8ec8d044eaa174442078fb7e80/gnocchi.39a7073e-948c-4301-852b-f885166f30c6/none_v3" "txa0de1c89e5414e06991af-0069289b54" "object-server 96393" 0.0006 "-" 96060 0
Nov 27 13:41:24 np0005538165.novalocal object-server[96393]: ::1 - - [27/Nov/2025:18:41:24 +0000] "PUT /2/250123/AUTH_891a4d8ec8d044eaa174442078fb7e80/gnocchi.39a7073e-948c-4301-852b-f885166f30c6/none_v3" 201 - "PUT https://[::1]:8080/v1/AUTH_891a4d8ec8d044eaa174442078fb7e80/gnocchi.39a7073e-948c-4301-852b-f885166f30c6/none_v3" "txa0de1c89e5414e06991af-0069289b54" "proxy-server 97369" 0.0124 "-" 96393 0
Nov 27 13:41:24 np0005538165.novalocal proxy-server[97369]: ::1 ::1 27/Nov/2025/18/41/24 PUT /v1/AUTH_891a4d8ec8d044eaa174442078fb7e80/gnocchi.39a7073e-948c-4301-852b-f885166f30c6/none_v3 HTTP/1.0 201 - python-swiftclient-4.7.0 gAAAAABpKJsYjUMx... 32 - - txa0de1c89e5414e06991af-0069289b54 - 0.0221 - - 1764268884.965003490 1764268884.987088680 0
Nov 27 13:41:24 np0005538165.novalocal account-server[95765]: ::1 - - [27/Nov/2025:18:41:24 +0000] "PUT /3/91627/AUTH_891a4d8ec8d044eaa174442078fb7e80/gnocchi.36a463a1-cefb-46e0-98ed-34a9b355a183" 201 - "-" "-" "container-updater 95229" 0.0004 "-" 95765 0
Nov 27 13:41:24 np0005538165.novalocal account-server[95766]: ::1 - - [27/Nov/2025:18:41:24 +0000] "PUT /2/91627/AUTH_891a4d8ec8d044eaa174442078fb7e80/gnocchi.36a463a1-cefb-46e0-98ed-34a9b355a183" 201 - "-" "-" "container-updater 95229" 0.0005 "-" 95766 0
Nov 27 13:41:24 np0005538165.novalocal account-server[95766]: ::1 - - [27/Nov/2025:18:41:24 +0000] "PUT /1/91627/AUTH_891a4d8ec8d044eaa174442078fb7e80/gnocchi.36a463a1-cefb-46e0-98ed-34a9b355a183" 201 - "-" "-" "container-updater 95229" 0.0003 "-" 95766 0
Nov 27 13:41:24 np0005538165.novalocal object-server[96394]: ::1 - - [27/Nov/2025:18:41:24 +0000] "GET /3/28388/AUTH_891a4d8ec8d044eaa174442078fb7e80/gnocchi.35b13d6a-a903-4c65-9085-cbb3b2fbcf50/none_v3" 200 22 "GET https://[::1]:8080/v1/AUTH_891a4d8ec8d044eaa174442078fb7e80/gnocchi.35b13d6a-a903-4c65-9085-cbb3b2fbcf50/none_v3" "txb03babc37cc548949c3f6-0069289b54" "proxy-server 97370" 0.0006 "-" 96394 0
Nov 27 13:41:24 np0005538165.novalocal proxy-server[97370]: ::1 ::1 27/Nov/2025/18/41/24 GET /v1/AUTH_891a4d8ec8d044eaa174442078fb7e80/gnocchi.35b13d6a-a903-4c65-9085-cbb3b2fbcf50/none_v3 HTTP/1.0 200 - python-swiftclient-4.7.0 gAAAAABpKJsZdlPH... - 22 - txb03babc37cc548949c3f6-0069289b54 - 0.0074 - - 1764268884.989326477 1764268884.996711254 0
Nov 27 13:41:25 np0005538165.novalocal container-server[96061]: ::1 - - [27/Nov/2025:18:41:25 +0000] "HEAD /3/210981/AUTH_891a4d8ec8d044eaa174442078fb7e80/gnocchi.9c9f950f-c6e2-4629-9785-814031b58650" 404 - "HEAD http://[::1]:8080/v1/AUTH_891a4d8ec8d044eaa174442078fb7e80/gnocchi.9c9f950f-c6e2-4629-9785-814031b58650" "txddaf6949f1f347ac87dde-0069289b54" "proxy-server 97370" 0.0002 "-" 96061 0
Nov 27 13:41:25 np0005538165.novalocal container-server[96061]: ::1 - - [27/Nov/2025:18:41:25 +0000] "HEAD /2/210981/AUTH_891a4d8ec8d044eaa174442078fb7e80/gnocchi.9c9f950f-c6e2-4629-9785-814031b58650" 404 - "HEAD http://[::1]:8080/v1/AUTH_891a4d8ec8d044eaa174442078fb7e80/gnocchi.9c9f950f-c6e2-4629-9785-814031b58650" "txddaf6949f1f347ac87dde-0069289b54" "proxy-server 97370" 0.0001 "-" 96061 0
Nov 27 13:41:25 np0005538165.novalocal container-server[96061]: ::1 - - [27/Nov/2025:18:41:25 +0000] "HEAD /1/210981/AUTH_891a4d8ec8d044eaa174442078fb7e80/gnocchi.9c9f950f-c6e2-4629-9785-814031b58650" 404 - "HEAD http://[::1]:8080/v1/AUTH_891a4d8ec8d044eaa174442078fb7e80/gnocchi.9c9f950f-c6e2-4629-9785-814031b58650" "txddaf6949f1f347ac87dde-0069289b54" "proxy-server 97370" 0.0005 "-" 96061 0
Nov 27 13:41:25 np0005538165.novalocal proxy-server[97370]: - - 27/Nov/2025/18/41/25 HEAD /v1/AUTH_891a4d8ec8d044eaa174442078fb7e80/gnocchi.9c9f950f-c6e2-4629-9785-814031b58650 HTTP/1.0 404 - Swift - - - - txddaf6949f1f347ac87dde-0069289b54 - 0.0085 CS - 1764268884.999348164 1764268885.007811785 0
Nov 27 13:41:25 np0005538165.novalocal object-server[96394]: ::1 - - [27/Nov/2025:18:41:25 +0000] "GET /3/27147/AUTH_891a4d8ec8d044eaa174442078fb7e80/gnocchi.9c9f950f-c6e2-4629-9785-814031b58650/none_v3" 404 70 "GET https://[::1]:8080/v1/AUTH_891a4d8ec8d044eaa174442078fb7e80/gnocchi.9c9f950f-c6e2-4629-9785-814031b58650/none_v3" "txddaf6949f1f347ac87dde-0069289b54" "proxy-server 97370" 0.0005 "-" 96394 0
Nov 27 13:41:25 np0005538165.novalocal object-server[96393]: ::1 - - [27/Nov/2025:18:41:25 +0000] "GET /1/27147/AUTH_891a4d8ec8d044eaa174442078fb7e80/gnocchi.9c9f950f-c6e2-4629-9785-814031b58650/none_v3" 404 70 "GET https://[::1]:8080/v1/AUTH_891a4d8ec8d044eaa174442078fb7e80/gnocchi.9c9f950f-c6e2-4629-9785-814031b58650/none_v3" "txddaf6949f1f347ac87dde-0069289b54" "proxy-server 97370" 0.0004 "-" 96393 0
Nov 27 13:41:25 np0005538165.novalocal object-server[96394]: ::1 - - [27/Nov/2025:18:41:25 +0000] "GET /2/27147/AUTH_891a4d8ec8d044eaa174442078fb7e80/gnocchi.9c9f950f-c6e2-4629-9785-814031b58650/none_v3" 404 70 "GET https://[::1]:8080/v1/AUTH_891a4d8ec8d044eaa174442078fb7e80/gnocchi.9c9f950f-c6e2-4629-9785-814031b58650/none_v3" "txddaf6949f1f347ac87dde-0069289b54" "proxy-server 97370" 0.0002 "-" 96394 0
Nov 27 13:41:25 np0005538165.novalocal proxy-server[97370]: ::1 ::1 27/Nov/2025/18/41/25 GET /v1/AUTH_891a4d8ec8d044eaa174442078fb7e80/gnocchi.9c9f950f-c6e2-4629-9785-814031b58650/none_v3 HTTP/1.0 404 - python-swiftclient-4.7.0 gAAAAABpKJsZdlPH... - 70 - txddaf6949f1f347ac87dde-0069289b54 - 0.0237 - - 1764268884.998969555 1764268885.022652626 0
Nov 27 13:41:25 np0005538165.novalocal object-server[96394]: ::1 - - [27/Nov/2025:18:41:25 +0000] "GET /1/118779/AUTH_891a4d8ec8d044eaa174442078fb7e80/gnocchi.5aff5d27-a90c-41f5-9ee1-b16acae5d75f/none_v3" 200 32 "GET https://[::1]:8080/v1/AUTH_891a4d8ec8d044eaa174442078fb7e80/gnocchi.5aff5d27-a90c-41f5-9ee1-b16acae5d75f/none_v3" "tx232a3e7c0cce46ba8c43c-0069289b55" "proxy-server 97369" 0.0005 "-" 96394 0
Nov 27 13:41:25 np0005538165.novalocal proxy-server[97369]: ::1 ::1 27/Nov/2025/18/41/25 GET /v1/AUTH_891a4d8ec8d044eaa174442078fb7e80/gnocchi.5aff5d27-a90c-41f5-9ee1-b16acae5d75f/none_v3 HTTP/1.0 200 - python-swiftclient-4.7.0 gAAAAABpKJsYjUMx... - 32 - tx232a3e7c0cce46ba8c43c-0069289b55 - 0.0057 - - 1764268885.052227259 1764268885.057888985 0
Nov 27 13:41:25 np0005538165.novalocal account-server[95765]: ::1 - - [27/Nov/2025:18:41:25 +0000] "PUT /1/91627/AUTH_891a4d8ec8d044eaa174442078fb7e80/gnocchi.9c9f950f-c6e2-4629-9785-814031b58650" 201 - "PUT http://[::1]:6001/3/210981/AUTH_891a4d8ec8d044eaa174442078fb7e80/gnocchi.9c9f950f-c6e2-4629-9785-814031b58650" "txed1020564a874a5eab709-0069289b55" "container-server 96060" 0.0124 "-" 95765 0
Nov 27 13:41:25 np0005538165.novalocal container-server[96060]: ::1 - - [27/Nov/2025:18:41:25 +0000] "PUT /3/210981/AUTH_891a4d8ec8d044eaa174442078fb7e80/gnocchi.9c9f950f-c6e2-4629-9785-814031b58650" 201 - "PUT https://[::1]:8080/v1/AUTH_891a4d8ec8d044eaa174442078fb7e80/gnocchi.9c9f950f-c6e2-4629-9785-814031b58650" "txed1020564a874a5eab709-0069289b55" "proxy-server 97370" 0.0240 "-" 96060 0
Nov 27 13:41:25 np0005538165.novalocal container-server[96060]: ::1 - - [27/Nov/2025:18:41:25 +0000] "GET /2/204824/AUTH_891a4d8ec8d044eaa174442078fb7e80/gnocchi.5aff5d27-a90c-41f5-9ee1-b16acae5d75f" 200 357 "GET https://[::1]:8080/v1/AUTH_891a4d8ec8d044eaa174442078fb7e80/gnocchi.5aff5d27-a90c-41f5-9ee1-b16acae5d75f?format=json&states=listing" "tx4c10b16ded124803bee05-0069289b55" "proxy-server 97369" 0.0018 "-" 96060 0
Nov 27 13:41:25 np0005538165.novalocal proxy-server[97369]: ::1 ::1 27/Nov/2025/18/41/25 GET /v1/AUTH_891a4d8ec8d044eaa174442078fb7e80/gnocchi.5aff5d27-a90c-41f5-9ee1-b16acae5d75f%3Fformat%3Djson%26states%3Dlisting HTTP/1.0 200 - python-swiftclient-4.7.0 gAAAAABpKJsYjUMx... - 357 - tx4c10b16ded124803bee05-0069289b55 - 0.0069 - - 1764268885.061133623 1764268885.068062067 0
Nov 27 13:41:25 np0005538165.novalocal account-server[95765]: ::1 - - [27/Nov/2025:18:41:25 +0000] "PUT /3/91627/AUTH_891a4d8ec8d044eaa174442078fb7e80/gnocchi.9c9f950f-c6e2-4629-9785-814031b58650" 201 - "PUT http://[::1]:6001/1/210981/AUTH_891a4d8ec8d044eaa174442078fb7e80/gnocchi.9c9f950f-c6e2-4629-9785-814031b58650" "txed1020564a874a5eab709-0069289b55" "container-server 96061" 0.0187 "-" 95765 0
Nov 27 13:41:25 np0005538165.novalocal container-server[96061]: ::1 - - [27/Nov/2025:18:41:25 +0000] "GET /3/204824/AUTH_891a4d8ec8d044eaa174442078fb7e80/gnocchi.5aff5d27-a90c-41f5-9ee1-b16acae5d75f" 200 2 "GET https://[::1]:8080/v1/AUTH_891a4d8ec8d044eaa174442078fb7e80/gnocchi.5aff5d27-a90c-41f5-9ee1-b16acae5d75f?format=json&marker=none_v3&states=listing" "tx0cd4aeb827554b41a089a-0069289b55" "proxy-server 97369" 0.0051 "-" 96061 0
Nov 27 13:41:25 np0005538165.novalocal account-server[95766]: ::1 - - [27/Nov/2025:18:41:25 +0000] "PUT /2/91627/AUTH_891a4d8ec8d044eaa174442078fb7e80/gnocchi.9c9f950f-c6e2-4629-9785-814031b58650" 201 - "PUT http://[::1]:6001/2/210981/AUTH_891a4d8ec8d044eaa174442078fb7e80/gnocchi.9c9f950f-c6e2-4629-9785-814031b58650" "txed1020564a874a5eab709-0069289b55" "container-server 96061" 0.0235 "-" 95766 0
Nov 27 13:41:25 np0005538165.novalocal container-server[96061]: ::1 - - [27/Nov/2025:18:41:25 +0000] "PUT /2/210981/AUTH_891a4d8ec8d044eaa174442078fb7e80/gnocchi.9c9f950f-c6e2-4629-9785-814031b58650" 201 - "PUT https://[::1]:8080/v1/AUTH_891a4d8ec8d044eaa174442078fb7e80/gnocchi.9c9f950f-c6e2-4629-9785-814031b58650" "txed1020564a874a5eab709-0069289b55" "proxy-server 97370" 0.0508 "-" 96061 0
Nov 27 13:41:25 np0005538165.novalocal proxy-server[97369]: ::1 ::1 27/Nov/2025/18/41/25 GET /v1/AUTH_891a4d8ec8d044eaa174442078fb7e80/gnocchi.5aff5d27-a90c-41f5-9ee1-b16acae5d75f%3Fformat%3Djson%26marker%3Dnone_v3%26states%3Dlisting HTTP/1.0 200 - python-swiftclient-4.7.0 gAAAAABpKJsYjUMx... - 2 - tx0cd4aeb827554b41a089a-0069289b55 - 0.0181 - - 1764268885.071033716 1764268885.089130640 0
Nov 27 13:41:25 np0005538165.novalocal container-server[96061]: ::1 - - [27/Nov/2025:18:41:25 +0000] "PUT /1/210981/AUTH_891a4d8ec8d044eaa174442078fb7e80/gnocchi.9c9f950f-c6e2-4629-9785-814031b58650" 201 - "PUT https://[::1]:8080/v1/AUTH_891a4d8ec8d044eaa174442078fb7e80/gnocchi.9c9f950f-c6e2-4629-9785-814031b58650" "txed1020564a874a5eab709-0069289b55" "proxy-server 97370" 0.0398 "-" 96061 0
Nov 27 13:41:25 np0005538165.novalocal account-server[95766]: ::1 - - [27/Nov/2025:18:41:25 +0000] "PUT /3/91627/AUTH_891a4d8ec8d044eaa174442078fb7e80/gnocchi.5aff5d27-a90c-41f5-9ee1-b16acae5d75f" 201 - "-" "-" "container-updater 95229" 0.0004 "-" 95766 0
Nov 27 13:41:25 np0005538165.novalocal account-server[95765]: ::1 - - [27/Nov/2025:18:41:25 +0000] "PUT /1/91627/AUTH_891a4d8ec8d044eaa174442078fb7e80/gnocchi.5aff5d27-a90c-41f5-9ee1-b16acae5d75f" 201 - "-" "-" "container-updater 95229" 0.0003 "-" 95765 0
Nov 27 13:41:25 np0005538165.novalocal account-server[95766]: ::1 - - [27/Nov/2025:18:41:25 +0000] "PUT /2/91627/AUTH_891a4d8ec8d044eaa174442078fb7e80/gnocchi.5aff5d27-a90c-41f5-9ee1-b16acae5d75f" 201 - "-" "-" "container-updater 95229" 0.0003 "-" 95766 0
Nov 27 13:41:25 np0005538165.novalocal object-server[96393]: ::1 - - [27/Nov/2025:18:41:25 +0000] "GET /3/219239/AUTH_891a4d8ec8d044eaa174442078fb7e80/gnocchi.5aff5d27-a90c-41f5-9ee1-b16acae5d75f/1763640000.0_mean_300.0_v3" 200 16 "GET https://[::1]:8080/v1/AUTH_891a4d8ec8d044eaa174442078fb7e80/gnocchi.5aff5d27-a90c-41f5-9ee1-b16acae5d75f/1763640000.0_mean_300.0_v3" "txc9e6179716cd40e68414f-0069289b55" "proxy-server 97369" 0.0007 "-" 96393 0
Nov 27 13:41:25 np0005538165.novalocal proxy-server[97370]: ::1 ::1 27/Nov/2025/18/41/25 PUT /v1/AUTH_891a4d8ec8d044eaa174442078fb7e80/gnocchi.9c9f950f-c6e2-4629-9785-814031b58650 HTTP/1.0 201 - python-swiftclient-4.7.0 gAAAAABpKJsZdlPH... - - - txed1020564a874a5eab709-0069289b55 - 0.0719 - - 1764268885.025494099 1764268885.097431660 0
Nov 27 13:41:25 np0005538165.novalocal proxy-server[97369]: ::1 ::1 27/Nov/2025/18/41/25 GET /v1/AUTH_891a4d8ec8d044eaa174442078fb7e80/gnocchi.5aff5d27-a90c-41f5-9ee1-b16acae5d75f/1763640000.0_mean_300.0_v3 HTTP/1.0 200 - python-swiftclient-4.7.0 gAAAAABpKJsYjUMx... - 16 - txc9e6179716cd40e68414f-0069289b55 - 0.0073 - - 1764268885.092325926 1764268885.099582434 0
Nov 27 13:41:25 np0005538165.novalocal container-server[96061]: ::1 - - [27/Nov/2025:18:41:25 +0000] "GET /2/76790/AUTH_891a4d8ec8d044eaa174442078fb7e80/gnocchi.35b13d6a-a903-4c65-9085-cbb3b2fbcf50" 200 357 "GET https://[::1]:8080/v1/AUTH_891a4d8ec8d044eaa174442078fb7e80/gnocchi.35b13d6a-a903-4c65-9085-cbb3b2fbcf50?format=json&states=listing" "tx0b90e8a3077f40ab92029-0069289b55" "proxy-server 97370" 0.0027 "-" 96061 0
Nov 27 13:41:25 np0005538165.novalocal proxy-server[97370]: ::1 ::1 27/Nov/2025/18/41/25 GET /v1/AUTH_891a4d8ec8d044eaa174442078fb7e80/gnocchi.35b13d6a-a903-4c65-9085-cbb3b2fbcf50%3Fformat%3Djson%26states%3Dlisting HTTP/1.0 200 - python-swiftclient-4.7.0 gAAAAABpKJsZdlPH... - 357 - tx0b90e8a3077f40ab92029-0069289b55 - 0.0108 - - 1764268885.100682020 1764268885.111504793 0
Nov 27 13:41:25 np0005538165.novalocal container-server[96061]: ::1 - - [27/Nov/2025:18:41:25 +0000] "GET /1/76790/AUTH_891a4d8ec8d044eaa174442078fb7e80/gnocchi.35b13d6a-a903-4c65-9085-cbb3b2fbcf50" 200 2 "GET https://[::1]:8080/v1/AUTH_891a4d8ec8d044eaa174442078fb7e80/gnocchi.35b13d6a-a903-4c65-9085-cbb3b2fbcf50?format=json&marker=none_v3&states=listing" "tx771107cdcb4b47baba66d-0069289b55" "proxy-server 97370" 0.0026 "-" 96061 0
Nov 27 13:41:25 np0005538165.novalocal proxy-server[97370]: ::1 ::1 27/Nov/2025/18/41/25 GET /v1/AUTH_891a4d8ec8d044eaa174442078fb7e80/gnocchi.35b13d6a-a903-4c65-9085-cbb3b2fbcf50%3Fformat%3Djson%26marker%3Dnone_v3%26states%3Dlisting HTTP/1.0 200 - python-swiftclient-4.7.0 gAAAAABpKJsZdlPH... - 2 - tx771107cdcb4b47baba66d-0069289b55 - 0.0088 - - 1764268885.113924980 1764268885.122752190 0
Nov 27 13:41:25 np0005538165.novalocal container-server[96060]: ::1 - - [27/Nov/2025:18:41:25 +0000] "PUT /3/204824/AUTH_891a4d8ec8d044eaa174442078fb7e80/gnocchi.5aff5d27-a90c-41f5-9ee1-b16acae5d75f/1763640000.0_mean_300.0_v3" 201 - "PUT http://[::1]:8080/2/219239/AUTH_891a4d8ec8d044eaa174442078fb7e80/gnocchi.5aff5d27-a90c-41f5-9ee1-b16acae5d75f/1763640000.0_mean_300.0_v3" "tx6e8dab7924a8424ca9f0e-0069289b55" "object-server 96394" 0.0004 "-" 96060 0
Nov 27 13:41:25 np0005538165.novalocal object-server[96394]: ::1 - - [27/Nov/2025:18:41:25 +0000] "PUT /2/219239/AUTH_891a4d8ec8d044eaa174442078fb7e80/gnocchi.5aff5d27-a90c-41f5-9ee1-b16acae5d75f/1763640000.0_mean_300.0_v3" 201 - "PUT https://[::1]:8080/v1/AUTH_891a4d8ec8d044eaa174442078fb7e80/gnocchi.5aff5d27-a90c-41f5-9ee1-b16acae5d75f/1763640000.0_mean_300.0_v3" "tx6e8dab7924a8424ca9f0e-0069289b55" "proxy-server 97369" 0.0093 "-" 96394 0
Nov 27 13:41:25 np0005538165.novalocal container-server[96060]: ::1 - - [27/Nov/2025:18:41:25 +0000] "PUT /1/204824/AUTH_891a4d8ec8d044eaa174442078fb7e80/gnocchi.5aff5d27-a90c-41f5-9ee1-b16acae5d75f/1763640000.0_mean_300.0_v3" 201 - "PUT http://[::1]:8080/3/219239/AUTH_891a4d8ec8d044eaa174442078fb7e80/gnocchi.5aff5d27-a90c-41f5-9ee1-b16acae5d75f/1763640000.0_mean_300.0_v3" "tx6e8dab7924a8424ca9f0e-0069289b55" "object-server 96393" 0.0005 "-" 96060 0
Nov 27 13:41:25 np0005538165.novalocal container-server[96060]: ::1 - - [27/Nov/2025:18:41:25 +0000] "PUT /2/204824/AUTH_891a4d8ec8d044eaa174442078fb7e80/gnocchi.5aff5d27-a90c-41f5-9ee1-b16acae5d75f/1763640000.0_mean_300.0_v3" 201 - "PUT http://[::1]:8080/1/219239/AUTH_891a4d8ec8d044eaa174442078fb7e80/gnocchi.5aff5d27-a90c-41f5-9ee1-b16acae5d75f/1763640000.0_mean_300.0_v3" "tx6e8dab7924a8424ca9f0e-0069289b55" "object-server 96393" 0.0003 "-" 96060 0
Nov 27 13:41:25 np0005538165.novalocal object-server[96393]: ::1 - - [27/Nov/2025:18:41:25 +0000] "PUT /3/219239/AUTH_891a4d8ec8d044eaa174442078fb7e80/gnocchi.5aff5d27-a90c-41f5-9ee1-b16acae5d75f/1763640000.0_mean_300.0_v3" 201 - "PUT https://[::1]:8080/v1/AUTH_891a4d8ec8d044eaa174442078fb7e80/gnocchi.5aff5d27-a90c-41f5-9ee1-b16acae5d75f/1763640000.0_mean_300.0_v3" "tx6e8dab7924a8424ca9f0e-0069289b55" "proxy-server 97369" 0.0115 "-" 96393 0
Nov 27 13:41:25 np0005538165.novalocal object-server[96393]: ::1 - - [27/Nov/2025:18:41:25 +0000] "PUT /1/219239/AUTH_891a4d8ec8d044eaa174442078fb7e80/gnocchi.5aff5d27-a90c-41f5-9ee1-b16acae5d75f/1763640000.0_mean_300.0_v3" 201 - "PUT https://[::1]:8080/v1/AUTH_891a4d8ec8d044eaa174442078fb7e80/gnocchi.5aff5d27-a90c-41f5-9ee1-b16acae5d75f/1763640000.0_mean_300.0_v3" "tx6e8dab7924a8424ca9f0e-0069289b55" "proxy-server 97369" 0.0109 "-" 96393 0
Nov 27 13:41:25 np0005538165.novalocal proxy-server[97369]: ::1 ::1 27/Nov/2025/18/41/25 PUT /v1/AUTH_891a4d8ec8d044eaa174442078fb7e80/gnocchi.5aff5d27-a90c-41f5-9ee1-b16acae5d75f/1763640000.0_mean_300.0_v3 HTTP/1.0 201 - python-swiftclient-4.7.0 gAAAAABpKJsYjUMx... 16 - - tx6e8dab7924a8424ca9f0e-0069289b55 - 0.0265 - - 1764268885.102165222 1764268885.128629684 0
Nov 27 13:41:25 np0005538165.novalocal container-server[96061]: ::1 - - [27/Nov/2025:18:41:25 +0000] "HEAD /2/210981/AUTH_891a4d8ec8d044eaa174442078fb7e80/gnocchi.9c9f950f-c6e2-4629-9785-814031b58650" 204 - "HEAD http://[::1]:8080/v1/AUTH_891a4d8ec8d044eaa174442078fb7e80/gnocchi.9c9f950f-c6e2-4629-9785-814031b58650" "tx9621f810ee0a4e359239d-0069289b55" "proxy-server 97370" 0.0015 "-" 96061 0
Nov 27 13:41:25 np0005538165.novalocal proxy-server[97370]: - - 27/Nov/2025/18/41/25 HEAD /v1/AUTH_891a4d8ec8d044eaa174442078fb7e80/gnocchi.9c9f950f-c6e2-4629-9785-814031b58650 HTTP/1.0 204 - Swift - - - - tx9621f810ee0a4e359239d-0069289b55 - 0.0048 CS - 1764268885.127361059 1764268885.132130623 0
Nov 27 13:41:25 np0005538165.novalocal container-server[96060]: ::1 - - [27/Nov/2025:18:41:25 +0000] "GET /2/210981/AUTH_891a4d8ec8d044eaa174442078fb7e80/gnocchi.9c9f950f-c6e2-4629-9785-814031b58650" 200 2 "GET https://[::1]:8080/v1/AUTH_891a4d8ec8d044eaa174442078fb7e80/gnocchi.9c9f950f-c6e2-4629-9785-814031b58650?format=json&states=listing" "tx9621f810ee0a4e359239d-0069289b55" "proxy-server 97370" 0.0017 "-" 96060 0
Nov 27 13:41:25 np0005538165.novalocal proxy-server[97370]: ::1 ::1 27/Nov/2025/18/41/25 GET /v1/AUTH_891a4d8ec8d044eaa174442078fb7e80/gnocchi.9c9f950f-c6e2-4629-9785-814031b58650%3Fformat%3Djson%26states%3Dlisting HTTP/1.0 200 - python-swiftclient-4.7.0 gAAAAABpKJsZdlPH... - 2 - tx9621f810ee0a4e359239d-0069289b55 - 0.0201 - - 1764268885.126981974 1764268885.147077799 0
Nov 27 13:41:25 np0005538165.novalocal container-server[96060]: ::1 - - [27/Nov/2025:18:41:25 +0000] "PUT /1/204824/AUTH_891a4d8ec8d044eaa174442078fb7e80/gnocchi.5aff5d27-a90c-41f5-9ee1-b16acae5d75f/none_v3" 201 - "PUT http://[::1]:8080/3/118779/AUTH_891a4d8ec8d044eaa174442078fb7e80/gnocchi.5aff5d27-a90c-41f5-9ee1-b16acae5d75f/none_v3" "txe324bf57925749ce9eead-0069289b55" "object-server 96394" 0.0004 "-" 96060 0
Nov 27 13:41:25 np0005538165.novalocal object-server[96394]: ::1 - - [27/Nov/2025:18:41:25 +0000] "PUT /3/118779/AUTH_891a4d8ec8d044eaa174442078fb7e80/gnocchi.5aff5d27-a90c-41f5-9ee1-b16acae5d75f/none_v3" 201 - "PUT https://[::1]:8080/v1/AUTH_891a4d8ec8d044eaa174442078fb7e80/gnocchi.5aff5d27-a90c-41f5-9ee1-b16acae5d75f/none_v3" "txe324bf57925749ce9eead-0069289b55" "proxy-server 97369" 0.0096 "-" 96394 0
Nov 27 13:41:25 np0005538165.novalocal container-server[96060]: ::1 - - [27/Nov/2025:18:41:25 +0000] "PUT /3/204824/AUTH_891a4d8ec8d044eaa174442078fb7e80/gnocchi.5aff5d27-a90c-41f5-9ee1-b16acae5d75f/none_v3" 201 - "PUT http://[::1]:8080/2/118779/AUTH_891a4d8ec8d044eaa174442078fb7e80/gnocchi.5aff5d27-a90c-41f5-9ee1-b16acae5d75f/none_v3" "txe324bf57925749ce9eead-0069289b55" "object-server 96394" 0.0003 "-" 96060 0
Nov 27 13:41:25 np0005538165.novalocal object-server[96394]: ::1 - - [27/Nov/2025:18:41:25 +0000] "PUT /2/118779/AUTH_891a4d8ec8d044eaa174442078fb7e80/gnocchi.5aff5d27-a90c-41f5-9ee1-b16acae5d75f/none_v3" 201 - "PUT https://[::1]:8080/v1/AUTH_891a4d8ec8d044eaa174442078fb7e80/gnocchi.5aff5d27-a90c-41f5-9ee1-b16acae5d75f/none_v3" "txe324bf57925749ce9eead-0069289b55" "proxy-server 97369" 0.0119 "-" 96394 0
Nov 27 13:41:25 np0005538165.novalocal container-server[96060]: ::1 - - [27/Nov/2025:18:41:25 +0000] "PUT /2/204824/AUTH_891a4d8ec8d044eaa174442078fb7e80/gnocchi.5aff5d27-a90c-41f5-9ee1-b16acae5d75f/none_v3" 201 - "PUT http://[::1]:8080/1/118779/AUTH_891a4d8ec8d044eaa174442078fb7e80/gnocchi.5aff5d27-a90c-41f5-9ee1-b16acae5d75f/none_v3" "txe324bf57925749ce9eead-0069289b55" "object-server 96393" 0.0003 "-" 96060 0
Nov 27 13:41:25 np0005538165.novalocal object-server[96393]: ::1 - - [27/Nov/2025:18:41:25 +0000] "PUT /1/118779/AUTH_891a4d8ec8d044eaa174442078fb7e80/gnocchi.5aff5d27-a90c-41f5-9ee1-b16acae5d75f/none_v3" 201 - "PUT https://[::1]:8080/v1/AUTH_891a4d8ec8d044eaa174442078fb7e80/gnocchi.5aff5d27-a90c-41f5-9ee1-b16acae5d75f/none_v3" "txe324bf57925749ce9eead-0069289b55" "proxy-server 97369" 0.0124 "-" 96393 0
Nov 27 13:41:25 np0005538165.novalocal proxy-server[97369]: ::1 ::1 27/Nov/2025/18/41/25 PUT /v1/AUTH_891a4d8ec8d044eaa174442078fb7e80/gnocchi.5aff5d27-a90c-41f5-9ee1-b16acae5d75f/none_v3 HTTP/1.0 201 - python-swiftclient-4.7.0 gAAAAABpKJsYjUMx... 46 - - txe324bf57925749ce9eead-0069289b55 - 0.0231 - - 1764268885.131055593 1764268885.154158354 0
Nov 27 13:41:25 np0005538165.novalocal object-server[96393]: ::1 - - [27/Nov/2025:18:41:25 +0000] "GET /1/219790/AUTH_891a4d8ec8d044eaa174442078fb7e80/gnocchi.35b13d6a-a903-4c65-9085-cbb3b2fbcf50/1763640000.0_rate%3Amean_300.0_v3" 404 70 "GET https://[::1]:8080/v1/AUTH_891a4d8ec8d044eaa174442078fb7e80/gnocchi.35b13d6a-a903-4c65-9085-cbb3b2fbcf50/1763640000.0_rate%3Amean_300.0_v3" "txc481f7e0245f4deaa434a-0069289b55" "proxy-server 97370" 0.0003 "-" 96393 0
Nov 27 13:41:25 np0005538165.novalocal object-server[96394]: ::1 - - [27/Nov/2025:18:41:25 +0000] "GET /2/219790/AUTH_891a4d8ec8d044eaa174442078fb7e80/gnocchi.35b13d6a-a903-4c65-9085-cbb3b2fbcf50/1763640000.0_rate%3Amean_300.0_v3" 404 70 "GET https://[::1]:8080/v1/AUTH_891a4d8ec8d044eaa174442078fb7e80/gnocchi.35b13d6a-a903-4c65-9085-cbb3b2fbcf50/1763640000.0_rate%3Amean_300.0_v3" "txc481f7e0245f4deaa434a-0069289b55" "proxy-server 97370" 0.0003 "-" 96394 0
Nov 27 13:41:25 np0005538165.novalocal object-server[96394]: ::1 - - [27/Nov/2025:18:41:25 +0000] "GET /3/219790/AUTH_891a4d8ec8d044eaa174442078fb7e80/gnocchi.35b13d6a-a903-4c65-9085-cbb3b2fbcf50/1763640000.0_rate%3Amean_300.0_v3" 404 70 "GET https://[::1]:8080/v1/AUTH_891a4d8ec8d044eaa174442078fb7e80/gnocchi.35b13d6a-a903-4c65-9085-cbb3b2fbcf50/1763640000.0_rate%3Amean_300.0_v3" "txc481f7e0245f4deaa434a-0069289b55" "proxy-server 97370" 0.0002 "-" 96394 0
Nov 27 13:41:25 np0005538165.novalocal proxy-server[97370]: ::1 ::1 27/Nov/2025/18/41/25 GET /v1/AUTH_891a4d8ec8d044eaa174442078fb7e80/gnocchi.35b13d6a-a903-4c65-9085-cbb3b2fbcf50/1763640000.0_rate%253Amean_300.0_v3 HTTP/1.0 404 - python-swiftclient-4.7.0 gAAAAABpKJsZdlPH... - 70 - txc481f7e0245f4deaa434a-0069289b55 - 0.0103 - - 1764268885.150354147 1764268885.160645962 0
Nov 27 13:41:25 np0005538165.novalocal object-server[96393]: ::1 - - [27/Nov/2025:18:41:25 +0000] "GET /2/236402/AUTH_891a4d8ec8d044eaa174442078fb7e80/gnocchi.35b13d6a-a903-4c65-9085-cbb3b2fbcf50/1763640000.0_mean_300.0_v3" 200 16 "GET https://[::1]:8080/v1/AUTH_891a4d8ec8d044eaa174442078fb7e80/gnocchi.35b13d6a-a903-4c65-9085-cbb3b2fbcf50/1763640000.0_mean_300.0_v3" "txef908eff4760448cab639-0069289b55" "proxy-server 97370" 0.0008 "-" 96393 0
Nov 27 13:41:25 np0005538165.novalocal proxy-server[97370]: ::1 ::1 27/Nov/2025/18/41/25 GET /v1/AUTH_891a4d8ec8d044eaa174442078fb7e80/gnocchi.35b13d6a-a903-4c65-9085-cbb3b2fbcf50/1763640000.0_mean_300.0_v3 HTTP/1.0 200 - python-swiftclient-4.7.0 gAAAAABpKJsZdlPH... - 16 - txef908eff4760448cab639-0069289b55 - 0.0069 - - 1764268885.163280964 1764268885.170196533 0
Nov 27 13:41:25 np0005538165.novalocal object-server[96394]: ::1 - - [27/Nov/2025:18:41:25 +0000] "GET /1/94681/AUTH_891a4d8ec8d044eaa174442078fb7e80/gnocchi.9c9f950f-c6e2-4629-9785-814031b58650/1763640000.0_mean_300.0_v3" 404 70 "GET https://[::1]:8080/v1/AUTH_891a4d8ec8d044eaa174442078fb7e80/gnocchi.9c9f950f-c6e2-4629-9785-814031b58650/1763640000.0_mean_300.0_v3" "tx846192d729814993bef1a-0069289b55" "proxy-server 97370" 0.0003 "-" 96394 0
