Nov 27 13:40:28 np0005538165.novalocal proxy-server[97370]: ::1 ::1 27/Nov/2025/18/40/28 PUT /v1/AUTH_891a4d8ec8d044eaa174442078fb7e80/gnocchi.ea1f4a6c-8c1c-4561-9f81-d9d3acb836ec/1763640000.0_mean_300.0_v3 HTTP/1.0 201 - python-swiftclient-4.7.0 gAAAAABpKJsZdlPH... 16 - - tx6aa96c89e2fc4f4da0993-0069289b1c - 0.0228 - - 1764268828.468872786 1764268828.491709232 0
Nov 27 13:40:28 np0005538165.novalocal account-server[95765]: ::1 - - [27/Nov/2025:18:40:28 +0000] "PUT /2/91627/AUTH_891a4d8ec8d044eaa174442078fb7e80/gnocchi.a951e2a6-219d-4cc5-a5fb-6775e850106d" 201 - "PUT http://[::1]:6001/1/2841/AUTH_891a4d8ec8d044eaa174442078fb7e80/gnocchi.a951e2a6-219d-4cc5-a5fb-6775e850106d" "tx9039445e3bf74d1e955a3-0069289b1c" "container-server 96061" 0.0030 "-" 95765 0
Nov 27 13:40:28 np0005538165.novalocal container-server[96061]: ::1 - - [27/Nov/2025:18:40:28 +0000] "PUT /1/2841/AUTH_891a4d8ec8d044eaa174442078fb7e80/gnocchi.a951e2a6-219d-4cc5-a5fb-6775e850106d" 201 - "PUT https://[::1]:8080/v1/AUTH_891a4d8ec8d044eaa174442078fb7e80/gnocchi.a951e2a6-219d-4cc5-a5fb-6775e850106d" "tx9039445e3bf74d1e955a3-0069289b1c" "proxy-server 97369" 0.0303 "-" 96061 0
Nov 27 13:40:28 np0005538165.novalocal proxy-server[97369]: ::1 ::1 27/Nov/2025/18/40/28 PUT /v1/AUTH_891a4d8ec8d044eaa174442078fb7e80/gnocchi.a951e2a6-219d-4cc5-a5fb-6775e850106d HTTP/1.0 201 - python-swiftclient-4.7.0 gAAAAABpKJsYjUMx... - - - tx9039445e3bf74d1e955a3-0069289b1c - 0.0369 - - 1764268828.458611012 1764268828.495479345 0
Nov 27 13:40:28 np0005538165.novalocal container-server[96060]: ::1 - - [27/Nov/2025:18:40:28 +0000] "HEAD /2/157551/AUTH_891a4d8ec8d044eaa174442078fb7e80/gnocchi.8ce013f2-cbd1-4999-a175-489f2d7ad5ed" 204 - "HEAD http://[::1]:8080/v1/AUTH_891a4d8ec8d044eaa174442078fb7e80/gnocchi.8ce013f2-cbd1-4999-a175-489f2d7ad5ed" "txd003d645e44c440daf3f6-0069289b1c" "proxy-server 97369" 0.0017 "-" 96060 0
Nov 27 13:40:28 np0005538165.novalocal proxy-server[97369]: - - 27/Nov/2025/18/40/28 HEAD /v1/AUTH_891a4d8ec8d044eaa174442078fb7e80/gnocchi.8ce013f2-cbd1-4999-a175-489f2d7ad5ed HTTP/1.0 204 - Swift - - - - txd003d645e44c440daf3f6-0069289b1c - 0.0050 CS - 1764268828.502061367 1764268828.507093430 0
Nov 27 13:40:28 np0005538165.novalocal container-server[96060]: ::1 - - [27/Nov/2025:18:40:28 +0000] "PUT /3/65219/AUTH_891a4d8ec8d044eaa174442078fb7e80/gnocchi.b7f55c0a-1ecc-41be-b6cf-40643f9d4d6c/none_v3" 201 - "PUT http://[::1]:8080/2/75681/AUTH_891a4d8ec8d044eaa174442078fb7e80/gnocchi.b7f55c0a-1ecc-41be-b6cf-40643f9d4d6c/none_v3" "tx5b1c69b2c9b0473b922a4-0069289b1c" "object-server 96393" 0.0003 "-" 96060 0
Nov 27 13:40:28 np0005538165.novalocal object-server[96393]: ::1 - - [27/Nov/2025:18:40:28 +0000] "PUT /2/75681/AUTH_891a4d8ec8d044eaa174442078fb7e80/gnocchi.b7f55c0a-1ecc-41be-b6cf-40643f9d4d6c/none_v3" 201 - "PUT https://[::1]:8080/v1/AUTH_891a4d8ec8d044eaa174442078fb7e80/gnocchi.b7f55c0a-1ecc-41be-b6cf-40643f9d4d6c/none_v3" "tx5b1c69b2c9b0473b922a4-0069289b1c" "proxy-server 97370" 0.0074 "-" 96393 0
Nov 27 13:40:28 np0005538165.novalocal container-server[96061]: ::1 - - [27/Nov/2025:18:40:28 +0000] "PUT /1/65219/AUTH_891a4d8ec8d044eaa174442078fb7e80/gnocchi.b7f55c0a-1ecc-41be-b6cf-40643f9d4d6c/none_v3" 201 - "PUT http://[::1]:8080/3/75681/AUTH_891a4d8ec8d044eaa174442078fb7e80/gnocchi.b7f55c0a-1ecc-41be-b6cf-40643f9d4d6c/none_v3" "tx5b1c69b2c9b0473b922a4-0069289b1c" "object-server 96394" 0.0003 "-" 96061 0
Nov 27 13:40:28 np0005538165.novalocal container-server[96061]: ::1 - - [27/Nov/2025:18:40:28 +0000] "PUT /2/65219/AUTH_891a4d8ec8d044eaa174442078fb7e80/gnocchi.b7f55c0a-1ecc-41be-b6cf-40643f9d4d6c/none_v3" 201 - "PUT http://[::1]:8080/1/75681/AUTH_891a4d8ec8d044eaa174442078fb7e80/gnocchi.b7f55c0a-1ecc-41be-b6cf-40643f9d4d6c/none_v3" "tx5b1c69b2c9b0473b922a4-0069289b1c" "object-server 96394" 0.0002 "-" 96061 0
Nov 27 13:40:28 np0005538165.novalocal object-server[96394]: ::1 - - [27/Nov/2025:18:40:28 +0000] "PUT /3/75681/AUTH_891a4d8ec8d044eaa174442078fb7e80/gnocchi.b7f55c0a-1ecc-41be-b6cf-40643f9d4d6c/none_v3" 201 - "PUT https://[::1]:8080/v1/AUTH_891a4d8ec8d044eaa174442078fb7e80/gnocchi.b7f55c0a-1ecc-41be-b6cf-40643f9d4d6c/none_v3" "tx5b1c69b2c9b0473b922a4-0069289b1c" "proxy-server 97370" 0.0099 "-" 96394 0
Nov 27 13:40:28 np0005538165.novalocal object-server[96394]: ::1 - - [27/Nov/2025:18:40:28 +0000] "PUT /1/75681/AUTH_891a4d8ec8d044eaa174442078fb7e80/gnocchi.b7f55c0a-1ecc-41be-b6cf-40643f9d4d6c/none_v3" 201 - "PUT https://[::1]:8080/v1/AUTH_891a4d8ec8d044eaa174442078fb7e80/gnocchi.b7f55c0a-1ecc-41be-b6cf-40643f9d4d6c/none_v3" "tx5b1c69b2c9b0473b922a4-0069289b1c" "proxy-server 97370" 0.0121 "-" 96394 0
Nov 27 13:40:28 np0005538165.novalocal proxy-server[97370]: ::1 ::1 27/Nov/2025/18/40/28 PUT /v1/AUTH_891a4d8ec8d044eaa174442078fb7e80/gnocchi.b7f55c0a-1ecc-41be-b6cf-40643f9d4d6c/none_v3 HTTP/1.0 201 - python-swiftclient-4.7.0 gAAAAABpKJsZdlPH... 22 - - tx5b1c69b2c9b0473b922a4-0069289b1c - 0.0177 - - 1764268828.493632078 1764268828.511305332 0
Nov 27 13:40:28 np0005538165.novalocal container-server[96060]: ::1 - - [27/Nov/2025:18:40:28 +0000] "GET /2/157551/AUTH_891a4d8ec8d044eaa174442078fb7e80/gnocchi.8ce013f2-cbd1-4999-a175-489f2d7ad5ed" 200 2 "GET https://[::1]:8080/v1/AUTH_891a4d8ec8d044eaa174442078fb7e80/gnocchi.8ce013f2-cbd1-4999-a175-489f2d7ad5ed?format=json&states=listing" "txd003d645e44c440daf3f6-0069289b1c" "proxy-server 97369" 0.0015 "-" 96060 0
Nov 27 13:40:28 np0005538165.novalocal proxy-server[97369]: ::1 ::1 27/Nov/2025/18/40/28 GET /v1/AUTH_891a4d8ec8d044eaa174442078fb7e80/gnocchi.8ce013f2-cbd1-4999-a175-489f2d7ad5ed%3Fformat%3Djson%26states%3Dlisting HTTP/1.0 200 - python-swiftclient-4.7.0 gAAAAABpKJsYjUMx... - 2 - txd003d645e44c440daf3f6-0069289b1c - 0.0124 - - 1764268828.501238346 1764268828.513615608 0
Nov 27 13:40:28 np0005538165.novalocal container-server[96061]: ::1 - - [27/Nov/2025:18:40:28 +0000] "HEAD /1/2841/AUTH_891a4d8ec8d044eaa174442078fb7e80/gnocchi.a951e2a6-219d-4cc5-a5fb-6775e850106d" 204 - "HEAD http://[::1]:8080/v1/AUTH_891a4d8ec8d044eaa174442078fb7e80/gnocchi.a951e2a6-219d-4cc5-a5fb-6775e850106d" "tx653e56e58b53450e8ea41-0069289b1c" "proxy-server 97369" 0.0009 "-" 96061 0
Nov 27 13:40:28 np0005538165.novalocal proxy-server[97369]: - - 27/Nov/2025/18/40/28 HEAD /v1/AUTH_891a4d8ec8d044eaa174442078fb7e80/gnocchi.a951e2a6-219d-4cc5-a5fb-6775e850106d HTTP/1.0 204 - Swift - - - - tx653e56e58b53450e8ea41-0069289b1c - 0.0030 CS - 1764268828.516636610 1764268828.519603968 0
Nov 27 13:40:28 np0005538165.novalocal container-server[96060]: ::1 - - [27/Nov/2025:18:40:28 +0000] "GET /1/2841/AUTH_891a4d8ec8d044eaa174442078fb7e80/gnocchi.a951e2a6-219d-4cc5-a5fb-6775e850106d" 200 2 "GET https://[::1]:8080/v1/AUTH_891a4d8ec8d044eaa174442078fb7e80/gnocchi.a951e2a6-219d-4cc5-a5fb-6775e850106d?format=json&states=listing" "tx653e56e58b53450e8ea41-0069289b1c" "proxy-server 97369" 0.0014 "-" 96060 0
Nov 27 13:40:28 np0005538165.novalocal container-server[96060]: ::1 - - [27/Nov/2025:18:40:28 +0000] "PUT /1/181344/AUTH_891a4d8ec8d044eaa174442078fb7e80/gnocchi.ea1f4a6c-8c1c-4561-9f81-d9d3acb836ec/none_v3" 201 - "PUT http://[::1]:8080/3/164232/AUTH_891a4d8ec8d044eaa174442078fb7e80/gnocchi.ea1f4a6c-8c1c-4561-9f81-d9d3acb836ec/none_v3" "txb240400f256e4a7382901-0069289b1c" "object-server 96394" 0.0003 "-" 96060 0
Nov 27 13:40:28 np0005538165.novalocal proxy-server[97369]: ::1 ::1 27/Nov/2025/18/40/28 GET /v1/AUTH_891a4d8ec8d044eaa174442078fb7e80/gnocchi.a951e2a6-219d-4cc5-a5fb-6775e850106d%3Fformat%3Djson%26states%3Dlisting HTTP/1.0 200 - python-swiftclient-4.7.0 gAAAAABpKJsYjUMx... - 2 - tx653e56e58b53450e8ea41-0069289b1c - 0.0101 - - 1764268828.516171217 1764268828.526262999 0
Nov 27 13:40:28 np0005538165.novalocal object-server[96394]: ::1 - - [27/Nov/2025:18:40:28 +0000] "PUT /3/164232/AUTH_891a4d8ec8d044eaa174442078fb7e80/gnocchi.ea1f4a6c-8c1c-4561-9f81-d9d3acb836ec/none_v3" 201 - "PUT https://[::1]:8080/v1/AUTH_891a4d8ec8d044eaa174442078fb7e80/gnocchi.ea1f4a6c-8c1c-4561-9f81-d9d3acb836ec/none_v3" "txb240400f256e4a7382901-0069289b1c" "proxy-server 97370" 0.0096 "-" 96394 0
Nov 27 13:40:28 np0005538165.novalocal container-server[96061]: ::1 - - [27/Nov/2025:18:40:28 +0000] "PUT /2/181344/AUTH_891a4d8ec8d044eaa174442078fb7e80/gnocchi.ea1f4a6c-8c1c-4561-9f81-d9d3acb836ec/none_v3" 201 - "PUT http://[::1]:8080/2/164232/AUTH_891a4d8ec8d044eaa174442078fb7e80/gnocchi.ea1f4a6c-8c1c-4561-9f81-d9d3acb836ec/none_v3" "txb240400f256e4a7382901-0069289b1c" "object-server 96394" 0.0003 "-" 96061 0
Nov 27 13:40:28 np0005538165.novalocal object-server[96394]: ::1 - - [27/Nov/2025:18:40:28 +0000] "PUT /2/164232/AUTH_891a4d8ec8d044eaa174442078fb7e80/gnocchi.ea1f4a6c-8c1c-4561-9f81-d9d3acb836ec/none_v3" 201 - "PUT https://[::1]:8080/v1/AUTH_891a4d8ec8d044eaa174442078fb7e80/gnocchi.ea1f4a6c-8c1c-4561-9f81-d9d3acb836ec/none_v3" "txb240400f256e4a7382901-0069289b1c" "proxy-server 97370" 0.0104 "-" 96394 0
Nov 27 13:40:28 np0005538165.novalocal container-server[96061]: ::1 - - [27/Nov/2025:18:40:28 +0000] "PUT /3/181344/AUTH_891a4d8ec8d044eaa174442078fb7e80/gnocchi.ea1f4a6c-8c1c-4561-9f81-d9d3acb836ec/none_v3" 201 - "PUT http://[::1]:8080/1/164232/AUTH_891a4d8ec8d044eaa174442078fb7e80/gnocchi.ea1f4a6c-8c1c-4561-9f81-d9d3acb836ec/none_v3" "txb240400f256e4a7382901-0069289b1c" "object-server 96394" 0.0003 "-" 96061 0
Nov 27 13:40:28 np0005538165.novalocal object-server[96394]: ::1 - - [27/Nov/2025:18:40:28 +0000] "PUT /1/164232/AUTH_891a4d8ec8d044eaa174442078fb7e80/gnocchi.ea1f4a6c-8c1c-4561-9f81-d9d3acb836ec/none_v3" 201 - "PUT https://[::1]:8080/v1/AUTH_891a4d8ec8d044eaa174442078fb7e80/gnocchi.ea1f4a6c-8c1c-4561-9f81-d9d3acb836ec/none_v3" "txb240400f256e4a7382901-0069289b1c" "proxy-server 97370" 0.0136 "-" 96394 0
Nov 27 13:40:28 np0005538165.novalocal proxy-server[97370]: ::1 ::1 27/Nov/2025/18/40/28 PUT /v1/AUTH_891a4d8ec8d044eaa174442078fb7e80/gnocchi.ea1f4a6c-8c1c-4561-9f81-d9d3acb836ec/none_v3 HTTP/1.0 201 - python-swiftclient-4.7.0 gAAAAABpKJsZdlPH... 22 - - txb240400f256e4a7382901-0069289b1c - 0.0206 - - 1764268828.513122797 1764268828.533735752 0
Nov 27 13:40:28 np0005538165.novalocal object-server[96393]: ::1 - - [27/Nov/2025:18:40:28 +0000] "GET /3/58821/AUTH_891a4d8ec8d044eaa174442078fb7e80/gnocchi.8ce013f2-cbd1-4999-a175-489f2d7ad5ed/1763640000.0_mean_300.0_v3" 404 70 "GET https://[::1]:8080/v1/AUTH_891a4d8ec8d044eaa174442078fb7e80/gnocchi.8ce013f2-cbd1-4999-a175-489f2d7ad5ed/1763640000.0_mean_300.0_v3" "tx0015942197df409683d20-0069289b1c" "proxy-server 97369" 0.0003 "-" 96393 0
Nov 27 13:40:28 np0005538165.novalocal object-server[96394]: ::1 - - [27/Nov/2025:18:40:28 +0000] "GET /2/58821/AUTH_891a4d8ec8d044eaa174442078fb7e80/gnocchi.8ce013f2-cbd1-4999-a175-489f2d7ad5ed/1763640000.0_mean_300.0_v3" 404 70 "GET https://[::1]:8080/v1/AUTH_891a4d8ec8d044eaa174442078fb7e80/gnocchi.8ce013f2-cbd1-4999-a175-489f2d7ad5ed/1763640000.0_mean_300.0_v3" "tx0015942197df409683d20-0069289b1c" "proxy-server 97369" 0.0004 "-" 96394 0
Nov 27 13:40:28 np0005538165.novalocal object-server[96393]: ::1 - - [27/Nov/2025:18:40:28 +0000] "GET /1/58821/AUTH_891a4d8ec8d044eaa174442078fb7e80/gnocchi.8ce013f2-cbd1-4999-a175-489f2d7ad5ed/1763640000.0_mean_300.0_v3" 404 70 "GET https://[::1]:8080/v1/AUTH_891a4d8ec8d044eaa174442078fb7e80/gnocchi.8ce013f2-cbd1-4999-a175-489f2d7ad5ed/1763640000.0_mean_300.0_v3" "tx0015942197df409683d20-0069289b1c" "proxy-server 97369" 0.0002 "-" 96393 0
Nov 27 13:40:28 np0005538165.novalocal proxy-server[97369]: ::1 ::1 27/Nov/2025/18/40/28 GET /v1/AUTH_891a4d8ec8d044eaa174442078fb7e80/gnocchi.8ce013f2-cbd1-4999-a175-489f2d7ad5ed/1763640000.0_mean_300.0_v3 HTTP/1.0 404 - python-swiftclient-4.7.0 gAAAAABpKJsYjUMx... - 70 - tx0015942197df409683d20-0069289b1c - 0.0175 - - 1764268828.528709173 1764268828.546182394 0
Nov 27 13:40:28 np0005538165.novalocal container-server[96061]: ::1 - - [27/Nov/2025:18:40:28 +0000] "HEAD /1/9280/AUTH_891a4d8ec8d044eaa174442078fb7e80/gnocchi.bb21929a-ae74-420d-8551-214a202e6cf1" 404 - "HEAD http://[::1]:8080/v1/AUTH_891a4d8ec8d044eaa174442078fb7e80/gnocchi.bb21929a-ae74-420d-8551-214a202e6cf1" "txf0d19be2aaf24b1e865f4-0069289b1c" "proxy-server 97370" 0.0002 "-" 96061 0
Nov 27 13:40:28 np0005538165.novalocal container-server[96061]: ::1 - - [27/Nov/2025:18:40:28 +0000] "HEAD /3/9280/AUTH_891a4d8ec8d044eaa174442078fb7e80/gnocchi.bb21929a-ae74-420d-8551-214a202e6cf1" 404 - "HEAD http://[::1]:8080/v1/AUTH_891a4d8ec8d044eaa174442078fb7e80/gnocchi.bb21929a-ae74-420d-8551-214a202e6cf1" "txf0d19be2aaf24b1e865f4-0069289b1c" "proxy-server 97370" 0.0005 "-" 96061 0
Nov 27 13:40:28 np0005538165.novalocal container-server[96061]: ::1 - - [27/Nov/2025:18:40:28 +0000] "HEAD /2/9280/AUTH_891a4d8ec8d044eaa174442078fb7e80/gnocchi.bb21929a-ae74-420d-8551-214a202e6cf1" 404 - "HEAD http://[::1]:8080/v1/AUTH_891a4d8ec8d044eaa174442078fb7e80/gnocchi.bb21929a-ae74-420d-8551-214a202e6cf1" "txf0d19be2aaf24b1e865f4-0069289b1c" "proxy-server 97370" 0.0001 "-" 96061 0
Nov 27 13:40:28 np0005538165.novalocal proxy-server[97370]: - - 27/Nov/2025/18/40/28 HEAD /v1/AUTH_891a4d8ec8d044eaa174442078fb7e80/gnocchi.bb21929a-ae74-420d-8551-214a202e6cf1 HTTP/1.0 404 - Swift - - - - txf0d19be2aaf24b1e865f4-0069289b1c - 0.0094 CS - 1764268828.543465376 1764268828.552895784 0
Nov 27 13:40:28 np0005538165.novalocal object-server[96393]: ::1 - - [27/Nov/2025:18:40:28 +0000] "GET /3/71401/AUTH_891a4d8ec8d044eaa174442078fb7e80/gnocchi.a951e2a6-219d-4cc5-a5fb-6775e850106d/1763640000.0_mean_300.0_v3" 404 70 "GET https://[::1]:8080/v1/AUTH_891a4d8ec8d044eaa174442078fb7e80/gnocchi.a951e2a6-219d-4cc5-a5fb-6775e850106d/1763640000.0_mean_300.0_v3" "tx405ed119e0144707a890a-0069289b1c" "proxy-server 97369" 0.0004 "-" 96393 0
Nov 27 13:40:28 np0005538165.novalocal object-server[96393]: ::1 - - [27/Nov/2025:18:40:28 +0000] "GET /1/71401/AUTH_891a4d8ec8d044eaa174442078fb7e80/gnocchi.a951e2a6-219d-4cc5-a5fb-6775e850106d/1763640000.0_mean_300.0_v3" 404 70 "GET https://[::1]:8080/v1/AUTH_891a4d8ec8d044eaa174442078fb7e80/gnocchi.a951e2a6-219d-4cc5-a5fb-6775e850106d/1763640000.0_mean_300.0_v3" "tx405ed119e0144707a890a-0069289b1c" "proxy-server 97369" 0.0001 "-" 96393 0
Nov 27 13:40:28 np0005538165.novalocal object-server[96394]: ::1 - - [27/Nov/2025:18:40:28 +0000] "GET /3/248807/AUTH_891a4d8ec8d044eaa174442078fb7e80/gnocchi.bb21929a-ae74-420d-8551-214a202e6cf1/none_v3" 404 70 "GET https://[::1]:8080/v1/AUTH_891a4d8ec8d044eaa174442078fb7e80/gnocchi.bb21929a-ae74-420d-8551-214a202e6cf1/none_v3" "txf0d19be2aaf24b1e865f4-0069289b1c" "proxy-server 97370" 0.0004 "-" 96394 0
Nov 27 13:40:28 np0005538165.novalocal object-server[96394]: ::1 - - [27/Nov/2025:18:40:28 +0000] "GET /2/71401/AUTH_891a4d8ec8d044eaa174442078fb7e80/gnocchi.a951e2a6-219d-4cc5-a5fb-6775e850106d/1763640000.0_mean_300.0_v3" 404 70 "GET https://[::1]:8080/v1/AUTH_891a4d8ec8d044eaa174442078fb7e80/gnocchi.a951e2a6-219d-4cc5-a5fb-6775e850106d/1763640000.0_mean_300.0_v3" "tx405ed119e0144707a890a-0069289b1c" "proxy-server 97369" 0.0002 "-" 96394 0
Nov 27 13:40:28 np0005538165.novalocal object-server[96394]: ::1 - - [27/Nov/2025:18:40:28 +0000] "GET /1/248807/AUTH_891a4d8ec8d044eaa174442078fb7e80/gnocchi.bb21929a-ae74-420d-8551-214a202e6cf1/none_v3" 404 70 "GET https://[::1]:8080/v1/AUTH_891a4d8ec8d044eaa174442078fb7e80/gnocchi.bb21929a-ae74-420d-8551-214a202e6cf1/none_v3" "txf0d19be2aaf24b1e865f4-0069289b1c" "proxy-server 97370" 0.0002 "-" 96394 0
Nov 27 13:40:28 np0005538165.novalocal object-server[96393]: ::1 - - [27/Nov/2025:18:40:28 +0000] "GET /2/248807/AUTH_891a4d8ec8d044eaa174442078fb7e80/gnocchi.bb21929a-ae74-420d-8551-214a202e6cf1/none_v3" 404 70 "GET https://[::1]:8080/v1/AUTH_891a4d8ec8d044eaa174442078fb7e80/gnocchi.bb21929a-ae74-420d-8551-214a202e6cf1/none_v3" "txf0d19be2aaf24b1e865f4-0069289b1c" "proxy-server 97370" 0.0001 "-" 96393 0
Nov 27 13:40:28 np0005538165.novalocal proxy-server[97370]: ::1 ::1 27/Nov/2025/18/40/28 GET /v1/AUTH_891a4d8ec8d044eaa174442078fb7e80/gnocchi.bb21929a-ae74-420d-8551-214a202e6cf1/none_v3 HTTP/1.0 404 - python-swiftclient-4.7.0 gAAAAABpKJsZdlPH... - 70 - txf0d19be2aaf24b1e865f4-0069289b1c - 0.0205 - - 1764268828.542904615 1764268828.563385487 0
Nov 27 13:40:28 np0005538165.novalocal proxy-server[97369]: ::1 ::1 27/Nov/2025/18/40/28 GET /v1/AUTH_891a4d8ec8d044eaa174442078fb7e80/gnocchi.a951e2a6-219d-4cc5-a5fb-6775e850106d/1763640000.0_mean_300.0_v3 HTTP/1.0 404 - python-swiftclient-4.7.0 gAAAAABpKJsYjUMx... - 70 - tx405ed119e0144707a890a-0069289b1c - 0.0154 - - 1764268828.548204660 1764268828.563632488 0
Nov 27 13:40:28 np0005538165.novalocal container-server[96061]: ::1 - - [27/Nov/2025:18:40:28 +0000] "PUT /3/157551/AUTH_891a4d8ec8d044eaa174442078fb7e80/gnocchi.8ce013f2-cbd1-4999-a175-489f2d7ad5ed/1763640000.0_mean_300.0_v3" 201 - "PUT http://[::1]:8080/2/58821/AUTH_891a4d8ec8d044eaa174442078fb7e80/gnocchi.8ce013f2-cbd1-4999-a175-489f2d7ad5ed/1763640000.0_mean_300.0_v3" "tx6278d9c2879246a2bd410-0069289b1c" "object-server 96393" 0.0004 "-" 96061 0
Nov 27 13:40:28 np0005538165.novalocal object-server[96393]: ::1 - - [27/Nov/2025:18:40:28 +0000] "PUT /2/58821/AUTH_891a4d8ec8d044eaa174442078fb7e80/gnocchi.8ce013f2-cbd1-4999-a175-489f2d7ad5ed/1763640000.0_mean_300.0_v3" 201 - "PUT https://[::1]:8080/v1/AUTH_891a4d8ec8d044eaa174442078fb7e80/gnocchi.8ce013f2-cbd1-4999-a175-489f2d7ad5ed/1763640000.0_mean_300.0_v3" "tx6278d9c2879246a2bd410-0069289b1c" "proxy-server 97369" 0.0188 "-" 96393 0
Nov 27 13:40:28 np0005538165.novalocal account-server[95765]: ::1 - - [27/Nov/2025:18:40:28 +0000] "PUT /2/91627/AUTH_891a4d8ec8d044eaa174442078fb7e80/gnocchi.bb21929a-ae74-420d-8551-214a202e6cf1" 201 - "PUT http://[::1]:6001/3/9280/AUTH_891a4d8ec8d044eaa174442078fb7e80/gnocchi.bb21929a-ae74-420d-8551-214a202e6cf1" "txf1001a234f8a4754aaaac-0069289b1c" "container-server 96060" 0.0060 "-" 95765 0
Nov 27 13:40:28 np0005538165.novalocal container-server[96060]: ::1 - - [27/Nov/2025:18:40:28 +0000] "PUT /2/157551/AUTH_891a4d8ec8d044eaa174442078fb7e80/gnocchi.8ce013f2-cbd1-4999-a175-489f2d7ad5ed/1763640000.0_mean_300.0_v3" 201 - "PUT http://[::1]:8080/1/58821/AUTH_891a4d8ec8d044eaa174442078fb7e80/gnocchi.8ce013f2-cbd1-4999-a175-489f2d7ad5ed/1763640000.0_mean_300.0_v3" "tx6278d9c2879246a2bd410-0069289b1c" "object-server 96394" 0.0003 "-" 96060 0
Nov 27 13:40:28 np0005538165.novalocal object-server[96394]: ::1 - - [27/Nov/2025:18:40:28 +0000] "PUT /1/58821/AUTH_891a4d8ec8d044eaa174442078fb7e80/gnocchi.8ce013f2-cbd1-4999-a175-489f2d7ad5ed/1763640000.0_mean_300.0_v3" 201 - "PUT https://[::1]:8080/v1/AUTH_891a4d8ec8d044eaa174442078fb7e80/gnocchi.8ce013f2-cbd1-4999-a175-489f2d7ad5ed/1763640000.0_mean_300.0_v3" "tx6278d9c2879246a2bd410-0069289b1c" "proxy-server 97369" 0.0229 "-" 96394 0
Nov 27 13:40:28 np0005538165.novalocal container-server[96060]: ::1 - - [27/Nov/2025:18:40:28 +0000] "PUT /1/157551/AUTH_891a4d8ec8d044eaa174442078fb7e80/gnocchi.8ce013f2-cbd1-4999-a175-489f2d7ad5ed/1763640000.0_mean_300.0_v3" 201 - "PUT http://[::1]:8080/3/58821/AUTH_891a4d8ec8d044eaa174442078fb7e80/gnocchi.8ce013f2-cbd1-4999-a175-489f2d7ad5ed/1763640000.0_mean_300.0_v3" "tx6278d9c2879246a2bd410-0069289b1c" "object-server 96394" 0.0004 "-" 96060 0
Nov 27 13:40:28 np0005538165.novalocal object-server[96394]: ::1 - - [27/Nov/2025:18:40:28 +0000] "PUT /3/58821/AUTH_891a4d8ec8d044eaa174442078fb7e80/gnocchi.8ce013f2-cbd1-4999-a175-489f2d7ad5ed/1763640000.0_mean_300.0_v3" 201 - "PUT https://[::1]:8080/v1/AUTH_891a4d8ec8d044eaa174442078fb7e80/gnocchi.8ce013f2-cbd1-4999-a175-489f2d7ad5ed/1763640000.0_mean_300.0_v3" "tx6278d9c2879246a2bd410-0069289b1c" "proxy-server 97369" 0.0202 "-" 96394 0
Nov 27 13:40:28 np0005538165.novalocal container-server[96060]: ::1 - - [27/Nov/2025:18:40:28 +0000] "PUT /3/9280/AUTH_891a4d8ec8d044eaa174442078fb7e80/gnocchi.bb21929a-ae74-420d-8551-214a202e6cf1" 201 - "PUT https://[::1]:8080/v1/AUTH_891a4d8ec8d044eaa174442078fb7e80/gnocchi.bb21929a-ae74-420d-8551-214a202e6cf1" "txf1001a234f8a4754aaaac-0069289b1c" "proxy-server 97370" 0.0179 "-" 96060 0
Nov 27 13:40:28 np0005538165.novalocal proxy-server[97369]: ::1 ::1 27/Nov/2025/18/40/28 PUT /v1/AUTH_891a4d8ec8d044eaa174442078fb7e80/gnocchi.8ce013f2-cbd1-4999-a175-489f2d7ad5ed/1763640000.0_mean_300.0_v3 HTTP/1.0 201 - python-swiftclient-4.7.0 gAAAAABpKJsYjUMx... 16 - - tx6278d9c2879246a2bd410-0069289b1c - 0.0310 - - 1764268828.565739155 1764268828.596762896 0
Nov 27 13:40:28 np0005538165.novalocal account-server[95765]: ::1 - - [27/Nov/2025:18:40:28 +0000] "PUT /3/91627/AUTH_891a4d8ec8d044eaa174442078fb7e80/gnocchi.bb21929a-ae74-420d-8551-214a202e6cf1" 201 - "PUT http://[::1]:6001/1/9280/AUTH_891a4d8ec8d044eaa174442078fb7e80/gnocchi.bb21929a-ae74-420d-8551-214a202e6cf1" "txf1001a234f8a4754aaaac-0069289b1c" "container-server 96061" 0.0051 "-" 95765 0
Nov 27 13:40:28 np0005538165.novalocal container-server[96061]: ::1 - - [27/Nov/2025:18:40:28 +0000] "PUT /1/9280/AUTH_891a4d8ec8d044eaa174442078fb7e80/gnocchi.bb21929a-ae74-420d-8551-214a202e6cf1" 201 - "PUT https://[::1]:8080/v1/AUTH_891a4d8ec8d044eaa174442078fb7e80/gnocchi.bb21929a-ae74-420d-8551-214a202e6cf1" "txf1001a234f8a4754aaaac-0069289b1c" "proxy-server 97370" 0.0244 "-" 96061 0
Nov 27 13:40:28 np0005538165.novalocal account-server[95765]: ::1 - - [27/Nov/2025:18:40:28 +0000] "PUT /1/91627/AUTH_891a4d8ec8d044eaa174442078fb7e80/gnocchi.bb21929a-ae74-420d-8551-214a202e6cf1" 201 - "PUT http://[::1]:6001/2/9280/AUTH_891a4d8ec8d044eaa174442078fb7e80/gnocchi.bb21929a-ae74-420d-8551-214a202e6cf1" "txf1001a234f8a4754aaaac-0069289b1c" "container-server 96060" 0.0045 "-" 95765 0
Nov 27 13:40:28 np0005538165.novalocal container-server[96060]: ::1 - - [27/Nov/2025:18:40:28 +0000] "PUT /2/9280/AUTH_891a4d8ec8d044eaa174442078fb7e80/gnocchi.bb21929a-ae74-420d-8551-214a202e6cf1" 201 - "PUT https://[::1]:8080/v1/AUTH_891a4d8ec8d044eaa174442078fb7e80/gnocchi.bb21929a-ae74-420d-8551-214a202e6cf1" "txf1001a234f8a4754aaaac-0069289b1c" "proxy-server 97370" 0.0239 "-" 96060 0
Nov 27 13:40:28 np0005538165.novalocal proxy-server[97370]: ::1 ::1 27/Nov/2025/18/40/28 PUT /v1/AUTH_891a4d8ec8d044eaa174442078fb7e80/gnocchi.bb21929a-ae74-420d-8551-214a202e6cf1 HTTP/1.0 201 - python-swiftclient-4.7.0 gAAAAABpKJsZdlPH... - - - txf1001a234f8a4754aaaac-0069289b1c - 0.0384 - - 1764268828.572560787 1764268828.610924959 0
Nov 27 13:40:28 np0005538165.novalocal container-server[96061]: ::1 - - [27/Nov/2025:18:40:28 +0000] "PUT /2/2841/AUTH_891a4d8ec8d044eaa174442078fb7e80/gnocchi.a951e2a6-219d-4cc5-a5fb-6775e850106d/1763640000.0_mean_300.0_v3" 201 - "PUT http://[::1]:8080/1/71401/AUTH_891a4d8ec8d044eaa174442078fb7e80/gnocchi.a951e2a6-219d-4cc5-a5fb-6775e850106d/1763640000.0_mean_300.0_v3" "tx5ed280ab404a48e8852c8-0069289b1c" "object-server 96393" 0.0004 "-" 96061 0
Nov 27 13:40:28 np0005538165.novalocal object-server[96393]: ::1 - - [27/Nov/2025:18:40:28 +0000] "PUT /1/71401/AUTH_891a4d8ec8d044eaa174442078fb7e80/gnocchi.a951e2a6-219d-4cc5-a5fb-6775e850106d/1763640000.0_mean_300.0_v3" 201 - "PUT https://[::1]:8080/v1/AUTH_891a4d8ec8d044eaa174442078fb7e80/gnocchi.a951e2a6-219d-4cc5-a5fb-6775e850106d/1763640000.0_mean_300.0_v3" "tx5ed280ab404a48e8852c8-0069289b1c" "proxy-server 97369" 0.0091 "-" 96393 0
Nov 27 13:40:28 np0005538165.novalocal container-server[96060]: ::1 - - [27/Nov/2025:18:40:28 +0000] "PUT /3/2841/AUTH_891a4d8ec8d044eaa174442078fb7e80/gnocchi.a951e2a6-219d-4cc5-a5fb-6775e850106d/1763640000.0_mean_300.0_v3" 201 - "PUT http://[::1]:8080/2/71401/AUTH_891a4d8ec8d044eaa174442078fb7e80/gnocchi.a951e2a6-219d-4cc5-a5fb-6775e850106d/1763640000.0_mean_300.0_v3" "tx5ed280ab404a48e8852c8-0069289b1c" "object-server 96394" 0.0006 "-" 96060 0
Nov 27 13:40:28 np0005538165.novalocal container-server[96061]: ::1 - - [27/Nov/2025:18:40:28 +0000] "HEAD /2/209295/AUTH_891a4d8ec8d044eaa174442078fb7e80/gnocchi.c1c6b357-c301-45e2-b5fa-1fab8d677471" 404 - "HEAD http://[::1]:8080/v1/AUTH_891a4d8ec8d044eaa174442078fb7e80/gnocchi.c1c6b357-c301-45e2-b5fa-1fab8d677471" "tx7cc5ecda062d4b15b73e5-0069289b1c" "proxy-server 97370" 0.0002 "-" 96061 0
Nov 27 13:40:28 np0005538165.novalocal container-server[96060]: ::1 - - [27/Nov/2025:18:40:28 +0000] "PUT /1/2841/AUTH_891a4d8ec8d044eaa174442078fb7e80/gnocchi.a951e2a6-219d-4cc5-a5fb-6775e850106d/1763640000.0_mean_300.0_v3" 201 - "PUT http://[::1]:8080/3/71401/AUTH_891a4d8ec8d044eaa174442078fb7e80/gnocchi.a951e2a6-219d-4cc5-a5fb-6775e850106d/1763640000.0_mean_300.0_v3" "tx5ed280ab404a48e8852c8-0069289b1c" "object-server 96394" 0.0004 "-" 96060 0
Nov 27 13:40:28 np0005538165.novalocal container-server[96060]: ::1 - - [27/Nov/2025:18:40:28 +0000] "HEAD /1/209295/AUTH_891a4d8ec8d044eaa174442078fb7e80/gnocchi.c1c6b357-c301-45e2-b5fa-1fab8d677471" 404 - "HEAD http://[::1]:8080/v1/AUTH_891a4d8ec8d044eaa174442078fb7e80/gnocchi.c1c6b357-c301-45e2-b5fa-1fab8d677471" "tx7cc5ecda062d4b15b73e5-0069289b1c" "proxy-server 97370" 0.0002 "-" 96060 0
Nov 27 13:40:28 np0005538165.novalocal object-server[96394]: ::1 - - [27/Nov/2025:18:40:28 +0000] "PUT /2/71401/AUTH_891a4d8ec8d044eaa174442078fb7e80/gnocchi.a951e2a6-219d-4cc5-a5fb-6775e850106d/1763640000.0_mean_300.0_v3" 201 - "PUT https://[::1]:8080/v1/AUTH_891a4d8ec8d044eaa174442078fb7e80/gnocchi.a951e2a6-219d-4cc5-a5fb-6775e850106d/1763640000.0_mean_300.0_v3" "tx5ed280ab404a48e8852c8-0069289b1c" "proxy-server 97369" 0.0137 "-" 96394 0
Nov 27 13:40:28 np0005538165.novalocal container-server[96061]: ::1 - - [27/Nov/2025:18:40:28 +0000] "HEAD /3/209295/AUTH_891a4d8ec8d044eaa174442078fb7e80/gnocchi.c1c6b357-c301-45e2-b5fa-1fab8d677471" 404 - "HEAD http://[::1]:8080/v1/AUTH_891a4d8ec8d044eaa174442078fb7e80/gnocchi.c1c6b357-c301-45e2-b5fa-1fab8d677471" "tx7cc5ecda062d4b15b73e5-0069289b1c" "proxy-server 97370" 0.0002 "-" 96061 0
Nov 27 13:40:28 np0005538165.novalocal object-server[96394]: ::1 - - [27/Nov/2025:18:40:28 +0000] "PUT /3/71401/AUTH_891a4d8ec8d044eaa174442078fb7e80/gnocchi.a951e2a6-219d-4cc5-a5fb-6775e850106d/1763640000.0_mean_300.0_v3" 201 - "PUT https://[::1]:8080/v1/AUTH_891a4d8ec8d044eaa174442078fb7e80/gnocchi.a951e2a6-219d-4cc5-a5fb-6775e850106d/1763640000.0_mean_300.0_v3" "tx5ed280ab404a48e8852c8-0069289b1c" "proxy-server 97369" 0.0160 "-" 96394 0
Nov 27 13:40:28 np0005538165.novalocal proxy-server[97370]: - - 27/Nov/2025/18/40/28 HEAD /v1/AUTH_891a4d8ec8d044eaa174442078fb7e80/gnocchi.c1c6b357-c301-45e2-b5fa-1fab8d677471 HTTP/1.0 404 - Swift - - - - tx7cc5ecda062d4b15b73e5-0069289b1c - 0.0083 CS - 1764268828.614568233 1764268828.622825623 0
Nov 27 13:40:28 np0005538165.novalocal object-server[96393]: ::1 - - [27/Nov/2025:18:40:28 +0000] "GET /3/211396/AUTH_891a4d8ec8d044eaa174442078fb7e80/gnocchi.c1c6b357-c301-45e2-b5fa-1fab8d677471/none_v3" 404 70 "GET https://[::1]:8080/v1/AUTH_891a4d8ec8d044eaa174442078fb7e80/gnocchi.c1c6b357-c301-45e2-b5fa-1fab8d677471/none_v3" "tx7cc5ecda062d4b15b73e5-0069289b1c" "proxy-server 97370" 0.0002 "-" 96393 0
Nov 27 13:40:28 np0005538165.novalocal proxy-server[97369]: ::1 ::1 27/Nov/2025/18/40/28 PUT /v1/AUTH_891a4d8ec8d044eaa174442078fb7e80/gnocchi.a951e2a6-219d-4cc5-a5fb-6775e850106d/1763640000.0_mean_300.0_v3 HTTP/1.0 201 - python-swiftclient-4.7.0 gAAAAABpKJsYjUMx... 16 - - tx5ed280ab404a48e8852c8-0069289b1c - 0.0240 - - 1764268828.599213362 1764268828.623210192 0
Nov 27 13:40:28 np0005538165.novalocal object-server[96393]: ::1 - - [27/Nov/2025:18:40:28 +0000] "GET /1/211396/AUTH_891a4d8ec8d044eaa174442078fb7e80/gnocchi.c1c6b357-c301-45e2-b5fa-1fab8d677471/none_v3" 404 70 "GET https://[::1]:8080/v1/AUTH_891a4d8ec8d044eaa174442078fb7e80/gnocchi.c1c6b357-c301-45e2-b5fa-1fab8d677471/none_v3" "tx7cc5ecda062d4b15b73e5-0069289b1c" "proxy-server 97370" 0.0002 "-" 96393 0
Nov 27 13:40:28 np0005538165.novalocal object-server[96393]: ::1 - - [27/Nov/2025:18:40:28 +0000] "GET /2/211396/AUTH_891a4d8ec8d044eaa174442078fb7e80/gnocchi.c1c6b357-c301-45e2-b5fa-1fab8d677471/none_v3" 404 70 "GET https://[::1]:8080/v1/AUTH_891a4d8ec8d044eaa174442078fb7e80/gnocchi.c1c6b357-c301-45e2-b5fa-1fab8d677471/none_v3" "tx7cc5ecda062d4b15b73e5-0069289b1c" "proxy-server 97370" 0.0001 "-" 96393 0
Nov 27 13:40:28 np0005538165.novalocal proxy-server[97370]: ::1 ::1 27/Nov/2025/18/40/28 GET /v1/AUTH_891a4d8ec8d044eaa174442078fb7e80/gnocchi.c1c6b357-c301-45e2-b5fa-1fab8d677471/none_v3 HTTP/1.0 404 - python-swiftclient-4.7.0 gAAAAABpKJsZdlPH... - 70 - tx7cc5ecda062d4b15b73e5-0069289b1c - 0.0205 - - 1764268828.613415003 1764268828.633874655 0
Nov 27 13:40:28 np0005538165.novalocal container-server[96061]: ::1 - - [27/Nov/2025:18:40:28 +0000] "PUT /3/157551/AUTH_891a4d8ec8d044eaa174442078fb7e80/gnocchi.8ce013f2-cbd1-4999-a175-489f2d7ad5ed/none_v3" 201 - "PUT http://[::1]:8080/2/204848/AUTH_891a4d8ec8d044eaa174442078fb7e80/gnocchi.8ce013f2-cbd1-4999-a175-489f2d7ad5ed/none_v3" "tx3826a6839e9e449bb5ff4-0069289b1c" "object-server 96393" 0.0014 "-" 96061 0
Nov 27 13:40:28 np0005538165.novalocal object-server[96393]: ::1 - - [27/Nov/2025:18:40:28 +0000] "PUT /2/204848/AUTH_891a4d8ec8d044eaa174442078fb7e80/gnocchi.8ce013f2-cbd1-4999-a175-489f2d7ad5ed/none_v3" 201 - "PUT https://[::1]:8080/v1/AUTH_891a4d8ec8d044eaa174442078fb7e80/gnocchi.8ce013f2-cbd1-4999-a175-489f2d7ad5ed/none_v3" "tx3826a6839e9e449bb5ff4-0069289b1c" "proxy-server 97369" 0.0133 "-" 96393 0
Nov 27 13:40:28 np0005538165.novalocal account-server[95765]: ::1 - - [27/Nov/2025:18:40:28 +0000] "PUT /3/91627/AUTH_891a4d8ec8d044eaa174442078fb7e80/gnocchi.c1c6b357-c301-45e2-b5fa-1fab8d677471" 201 - "PUT http://[::1]:6001/2/209295/AUTH_891a4d8ec8d044eaa174442078fb7e80/gnocchi.c1c6b357-c301-45e2-b5fa-1fab8d677471" "txeb43587ee5874843bb241-0069289b1c" "container-server 96060" 0.0032 "-" 95765 0
Nov 27 13:40:28 np0005538165.novalocal container-server[96060]: ::1 - - [27/Nov/2025:18:40:28 +0000] "PUT /2/157551/AUTH_891a4d8ec8d044eaa174442078fb7e80/gnocchi.8ce013f2-cbd1-4999-a175-489f2d7ad5ed/none_v3" 201 - "PUT http://[::1]:8080/1/204848/AUTH_891a4d8ec8d044eaa174442078fb7e80/gnocchi.8ce013f2-cbd1-4999-a175-489f2d7ad5ed/none_v3" "tx3826a6839e9e449bb5ff4-0069289b1c" "object-server 96394" 0.0004 "-" 96060 0
Nov 27 13:40:28 np0005538165.novalocal container-server[96060]: ::1 - - [27/Nov/2025:18:40:28 +0000] "PUT /1/157551/AUTH_891a4d8ec8d044eaa174442078fb7e80/gnocchi.8ce013f2-cbd1-4999-a175-489f2d7ad5ed/none_v3" 201 - "PUT http://[::1]:8080/3/204848/AUTH_891a4d8ec8d044eaa174442078fb7e80/gnocchi.8ce013f2-cbd1-4999-a175-489f2d7ad5ed/none_v3" "tx3826a6839e9e449bb5ff4-0069289b1c" "object-server 96393" 0.0003 "-" 96060 0
Nov 27 13:40:28 np0005538165.novalocal object-server[96394]: ::1 - - [27/Nov/2025:18:40:28 +0000] "PUT /1/204848/AUTH_891a4d8ec8d044eaa174442078fb7e80/gnocchi.8ce013f2-cbd1-4999-a175-489f2d7ad5ed/none_v3" 201 - "PUT https://[::1]:8080/v1/AUTH_891a4d8ec8d044eaa174442078fb7e80/gnocchi.8ce013f2-cbd1-4999-a175-489f2d7ad5ed/none_v3" "tx3826a6839e9e449bb5ff4-0069289b1c" "proxy-server 97369" 0.0373 "-" 96394 0
Nov 27 13:40:28 np0005538165.novalocal container-server[96060]: ::1 - - [27/Nov/2025:18:40:28 +0000] "PUT /2/209295/AUTH_891a4d8ec8d044eaa174442078fb7e80/gnocchi.c1c6b357-c301-45e2-b5fa-1fab8d677471" 201 - "PUT https://[::1]:8080/v1/AUTH_891a4d8ec8d044eaa174442078fb7e80/gnocchi.c1c6b357-c301-45e2-b5fa-1fab8d677471" "txeb43587ee5874843bb241-0069289b1c" "proxy-server 97370" 0.0230 "-" 96060 0
Nov 27 13:40:28 np0005538165.novalocal account-server[95765]: ::1 - - [27/Nov/2025:18:40:28 +0000] "PUT /1/91627/AUTH_891a4d8ec8d044eaa174442078fb7e80/gnocchi.c1c6b357-c301-45e2-b5fa-1fab8d677471" 201 - "PUT http://[::1]:6001/3/209295/AUTH_891a4d8ec8d044eaa174442078fb7e80/gnocchi.c1c6b357-c301-45e2-b5fa-1fab8d677471" "txeb43587ee5874843bb241-0069289b1c" "container-server 96060" 0.0046 "-" 95765 0
Nov 27 13:40:28 np0005538165.novalocal container-server[96060]: ::1 - - [27/Nov/2025:18:40:28 +0000] "PUT /3/209295/AUTH_891a4d8ec8d044eaa174442078fb7e80/gnocchi.c1c6b357-c301-45e2-b5fa-1fab8d677471" 201 - "PUT https://[::1]:8080/v1/AUTH_891a4d8ec8d044eaa174442078fb7e80/gnocchi.c1c6b357-c301-45e2-b5fa-1fab8d677471" "txeb43587ee5874843bb241-0069289b1c" "proxy-server 97370" 0.0377 "-" 96060 0
Nov 27 13:40:28 np0005538165.novalocal object-server[96393]: ::1 - - [27/Nov/2025:18:40:28 +0000] "PUT /3/204848/AUTH_891a4d8ec8d044eaa174442078fb7e80/gnocchi.8ce013f2-cbd1-4999-a175-489f2d7ad5ed/none_v3" 201 - "PUT https://[::1]:8080/v1/AUTH_891a4d8ec8d044eaa174442078fb7e80/gnocchi.8ce013f2-cbd1-4999-a175-489f2d7ad5ed/none_v3" "tx3826a6839e9e449bb5ff4-0069289b1c" "proxy-server 97369" 0.0416 "-" 96393 0
Nov 27 13:40:28 np0005538165.novalocal account-server[95766]: ::1 - - [27/Nov/2025:18:40:28 +0000] "PUT /2/91627/AUTH_891a4d8ec8d044eaa174442078fb7e80/gnocchi.c1c6b357-c301-45e2-b5fa-1fab8d677471" 201 - "PUT http://[::1]:6001/1/209295/AUTH_891a4d8ec8d044eaa174442078fb7e80/gnocchi.c1c6b357-c301-45e2-b5fa-1fab8d677471" "txeb43587ee5874843bb241-0069289b1c" "container-server 96060" 0.0042 "-" 95766 0
Nov 27 13:40:28 np0005538165.novalocal proxy-server[97369]: ::1 ::1 27/Nov/2025/18/40/28 PUT /v1/AUTH_891a4d8ec8d044eaa174442078fb7e80/gnocchi.8ce013f2-cbd1-4999-a175-489f2d7ad5ed/none_v3 HTTP/1.0 201 - python-swiftclient-4.7.0 gAAAAABpKJsYjUMx... 22 - - tx3826a6839e9e449bb5ff4-0069289b1c - 0.0496 - - 1764268828.630134821 1764268828.679688692 0
Nov 27 13:40:28 np0005538165.novalocal container-server[96060]: ::1 - - [27/Nov/2025:18:40:28 +0000] "PUT /1/209295/AUTH_891a4d8ec8d044eaa174442078fb7e80/gnocchi.c1c6b357-c301-45e2-b5fa-1fab8d677471" 201 - "PUT https://[::1]:8080/v1/AUTH_891a4d8ec8d044eaa174442078fb7e80/gnocchi.c1c6b357-c301-45e2-b5fa-1fab8d677471" "txeb43587ee5874843bb241-0069289b1c" "proxy-server 97370" 0.0168 "-" 96060 0
Nov 27 13:40:28 np0005538165.novalocal proxy-server[97370]: ::1 ::1 27/Nov/2025/18/40/28 PUT /v1/AUTH_891a4d8ec8d044eaa174442078fb7e80/gnocchi.c1c6b357-c301-45e2-b5fa-1fab8d677471 HTTP/1.0 201 - python-swiftclient-4.7.0 gAAAAABpKJsZdlPH... - - - txeb43587ee5874843bb241-0069289b1c - 0.0467 - - 1764268828.636188269 1764268828.682926893 0
Nov 27 13:40:28 np0005538165.novalocal container-server[96061]: ::1 - - [27/Nov/2025:18:40:28 +0000] "HEAD /3/9280/AUTH_891a4d8ec8d044eaa174442078fb7e80/gnocchi.bb21929a-ae74-420d-8551-214a202e6cf1" 204 - "HEAD http://[::1]:8080/v1/AUTH_891a4d8ec8d044eaa174442078fb7e80/gnocchi.bb21929a-ae74-420d-8551-214a202e6cf1" "txf990ba8febd14c54a9c0e-0069289b1c" "proxy-server 97370" 0.0014 "-" 96061 0
Nov 27 13:40:28 np0005538165.novalocal proxy-server[97370]: - - 27/Nov/2025/18/40/28 HEAD /v1/AUTH_891a4d8ec8d044eaa174442078fb7e80/gnocchi.bb21929a-ae74-420d-8551-214a202e6cf1 HTTP/1.0 204 - Swift - - - - txf990ba8febd14c54a9c0e-0069289b1c - 0.0042 CS - 1764268828.686733484 1764268828.690982103 0
Nov 27 13:40:28 np0005538165.novalocal container-server[96061]: ::1 - - [27/Nov/2025:18:40:28 +0000] "GET /1/9280/AUTH_891a4d8ec8d044eaa174442078fb7e80/gnocchi.bb21929a-ae74-420d-8551-214a202e6cf1" 200 2 "GET https://[::1]:8080/v1/AUTH_891a4d8ec8d044eaa174442078fb7e80/gnocchi.bb21929a-ae74-420d-8551-214a202e6cf1?format=json&states=listing" "txf990ba8febd14c54a9c0e-0069289b1c" "proxy-server 97370" 0.0031 "-" 96061 0
Nov 27 13:40:28 np0005538165.novalocal container-server[96061]: ::1 - - [27/Nov/2025:18:40:28 +0000] "PUT /3/2841/AUTH_891a4d8ec8d044eaa174442078fb7e80/gnocchi.a951e2a6-219d-4cc5-a5fb-6775e850106d/none_v3" 201 - "PUT http://[::1]:8080/1/168112/AUTH_891a4d8ec8d044eaa174442078fb7e80/gnocchi.a951e2a6-219d-4cc5-a5fb-6775e850106d/none_v3" "tx22c540f09d58451798649-0069289b1c" "object-server 96394" 0.0004 "-" 96061 0
Nov 27 13:40:28 np0005538165.novalocal proxy-server[97370]: ::1 ::1 27/Nov/2025/18/40/28 GET /v1/AUTH_891a4d8ec8d044eaa174442078fb7e80/gnocchi.bb21929a-ae74-420d-8551-214a202e6cf1%3Fformat%3Djson%26states%3Dlisting HTTP/1.0 200 - python-swiftclient-4.7.0 gAAAAABpKJsZdlPH... - 2 - txf990ba8febd14c54a9c0e-0069289b1c - 0.0143 - - 1764268828.686246634 1764268828.700515270 0
Nov 27 13:40:28 np0005538165.novalocal container-server[96061]: ::1 - - [27/Nov/2025:18:40:28 +0000] "PUT /1/2841/AUTH_891a4d8ec8d044eaa174442078fb7e80/gnocchi.a951e2a6-219d-4cc5-a5fb-6775e850106d/none_v3" 201 - "PUT http://[::1]:8080/2/168112/AUTH_891a4d8ec8d044eaa174442078fb7e80/gnocchi.a951e2a6-219d-4cc5-a5fb-6775e850106d/none_v3" "tx22c540f09d58451798649-0069289b1c" "object-server 96393" 0.0004 "-" 96061 0
Nov 27 13:40:28 np0005538165.novalocal object-server[96393]: ::1 - - [27/Nov/2025:18:40:28 +0000] "PUT /2/168112/AUTH_891a4d8ec8d044eaa174442078fb7e80/gnocchi.a951e2a6-219d-4cc5-a5fb-6775e850106d/none_v3" 201 - "PUT https://[::1]:8080/v1/AUTH_891a4d8ec8d044eaa174442078fb7e80/gnocchi.a951e2a6-219d-4cc5-a5fb-6775e850106d/none_v3" "tx22c540f09d58451798649-0069289b1c" "proxy-server 97369" 0.0158 "-" 96393 0
Nov 27 13:40:28 np0005538165.novalocal container-server[96060]: ::1 - - [27/Nov/2025:18:40:28 +0000] "PUT /2/2841/AUTH_891a4d8ec8d044eaa174442078fb7e80/gnocchi.a951e2a6-219d-4cc5-a5fb-6775e850106d/none_v3" 201 - "PUT http://[::1]:8080/3/168112/AUTH_891a4d8ec8d044eaa174442078fb7e80/gnocchi.a951e2a6-219d-4cc5-a5fb-6775e850106d/none_v3" "tx22c540f09d58451798649-0069289b1c" "object-server 96394" 0.0005 "-" 96060 0
Nov 27 13:40:28 np0005538165.novalocal object-server[96394]: ::1 - - [27/Nov/2025:18:40:28 +0000] "PUT /1/168112/AUTH_891a4d8ec8d044eaa174442078fb7e80/gnocchi.a951e2a6-219d-4cc5-a5fb-6775e850106d/none_v3" 201 - "PUT https://[::1]:8080/v1/AUTH_891a4d8ec8d044eaa174442078fb7e80/gnocchi.a951e2a6-219d-4cc5-a5fb-6775e850106d/none_v3" "tx22c540f09d58451798649-0069289b1c" "proxy-server 97369" 0.0114 "-" 96394 0
Nov 27 13:40:28 np0005538165.novalocal object-server[96394]: ::1 - - [27/Nov/2025:18:40:28 +0000] "PUT /3/168112/AUTH_891a4d8ec8d044eaa174442078fb7e80/gnocchi.a951e2a6-219d-4cc5-a5fb-6775e850106d/none_v3" 201 - "PUT https://[::1]:8080/v1/AUTH_891a4d8ec8d044eaa174442078fb7e80/gnocchi.a951e2a6-219d-4cc5-a5fb-6775e850106d/none_v3" "tx22c540f09d58451798649-0069289b1c" "proxy-server 97369" 0.0183 "-" 96394 0
Nov 27 13:40:28 np0005538165.novalocal proxy-server[97369]: ::1 ::1 27/Nov/2025/18/40/28 PUT /v1/AUTH_891a4d8ec8d044eaa174442078fb7e80/gnocchi.a951e2a6-219d-4cc5-a5fb-6775e850106d/none_v3 HTTP/1.0 201 - python-swiftclient-4.7.0 gAAAAABpKJsYjUMx... 22 - - tx22c540f09d58451798649-0069289b1c - 0.0254 - - 1764268828.681689739 1764268828.707070827 0
Nov 27 13:40:28 np0005538165.novalocal container-server[96060]: ::1 - - [27/Nov/2025:18:40:28 +0000] "HEAD /2/209295/AUTH_891a4d8ec8d044eaa174442078fb7e80/gnocchi.c1c6b357-c301-45e2-b5fa-1fab8d677471" 204 - "HEAD http://[::1]:8080/v1/AUTH_891a4d8ec8d044eaa174442078fb7e80/gnocchi.c1c6b357-c301-45e2-b5fa-1fab8d677471" "txfa54a4c9152f4fa5b575f-0069289b1c" "proxy-server 97370" 0.0013 "-" 96060 0
Nov 27 13:40:28 np0005538165.novalocal proxy-server[97370]: - - 27/Nov/2025/18/40/28 HEAD /v1/AUTH_891a4d8ec8d044eaa174442078fb7e80/gnocchi.c1c6b357-c301-45e2-b5fa-1fab8d677471 HTTP/1.0 204 - Swift - - - - txfa54a4c9152f4fa5b575f-0069289b1c - 0.0097 CS - 1764268828.704874277 1764268828.714591742 0
Nov 27 13:40:28 np0005538165.novalocal container-server[96060]: ::1 - - [27/Nov/2025:18:40:28 +0000] "HEAD /1/190470/AUTH_891a4d8ec8d044eaa174442078fb7e80/gnocchi.a4081a27-69ca-4c47-afad-afc66a232ffb" 404 - "HEAD http://[::1]:8080/v1/AUTH_891a4d8ec8d044eaa174442078fb7e80/gnocchi.a4081a27-69ca-4c47-afad-afc66a232ffb" "txd8a11db4ce8d4f8ba8ada-0069289b1c" "proxy-server 97369" 0.0004 "-" 96060 0
Nov 27 13:40:28 np0005538165.novalocal container-server[96061]: ::1 - - [27/Nov/2025:18:40:28 +0000] "GET /1/209295/AUTH_891a4d8ec8d044eaa174442078fb7e80/gnocchi.c1c6b357-c301-45e2-b5fa-1fab8d677471" 200 2 "GET https://[::1]:8080/v1/AUTH_891a4d8ec8d044eaa174442078fb7e80/gnocchi.c1c6b357-c301-45e2-b5fa-1fab8d677471?format=json&states=listing" "txfa54a4c9152f4fa5b575f-0069289b1c" "proxy-server 97370" 0.0026 "-" 96061 0
Nov 27 13:40:28 np0005538165.novalocal container-server[96061]: ::1 - - [27/Nov/2025:18:40:28 +0000] "HEAD /2/190470/AUTH_891a4d8ec8d044eaa174442078fb7e80/gnocchi.a4081a27-69ca-4c47-afad-afc66a232ffb" 404 - "HEAD http://[::1]:8080/v1/AUTH_891a4d8ec8d044eaa174442078fb7e80/gnocchi.a4081a27-69ca-4c47-afad-afc66a232ffb" "txd8a11db4ce8d4f8ba8ada-0069289b1c" "proxy-server 97369" 0.0005 "-" 96061 0
Nov 27 13:40:28 np0005538165.novalocal container-server[96060]: ::1 - - [27/Nov/2025:18:40:28 +0000] "HEAD /3/190470/AUTH_891a4d8ec8d044eaa174442078fb7e80/gnocchi.a4081a27-69ca-4c47-afad-afc66a232ffb" 404 - "HEAD http://[::1]:8080/v1/AUTH_891a4d8ec8d044eaa174442078fb7e80/gnocchi.a4081a27-69ca-4c47-afad-afc66a232ffb" "txd8a11db4ce8d4f8ba8ada-0069289b1c" "proxy-server 97369" 0.0002 "-" 96060 0
Nov 27 13:40:28 np0005538165.novalocal proxy-server[97370]: ::1 ::1 27/Nov/2025/18/40/28 GET /v1/AUTH_891a4d8ec8d044eaa174442078fb7e80/gnocchi.c1c6b357-c301-45e2-b5fa-1fab8d677471%3Fformat%3Djson%26states%3Dlisting HTTP/1.0 200 - python-swiftclient-4.7.0 gAAAAABpKJsZdlPH... - 2 - txfa54a4c9152f4fa5b575f-0069289b1c - 0.0287 - - 1764268828.704300880 1764268828.732980490 0
Nov 27 13:40:28 np0005538165.novalocal proxy-server[97369]: - - 27/Nov/2025/18/40/28 HEAD /v1/AUTH_891a4d8ec8d044eaa174442078fb7e80/gnocchi.a4081a27-69ca-4c47-afad-afc66a232ffb HTTP/1.0 404 - Swift - - - - txd8a11db4ce8d4f8ba8ada-0069289b1c - 0.0091 CS - 1764268828.725302696 1764268828.734390259 0
Nov 27 13:40:28 np0005538165.novalocal object-server[96393]: ::1 - - [27/Nov/2025:18:40:28 +0000] "GET /1/227513/AUTH_891a4d8ec8d044eaa174442078fb7e80/gnocchi.a4081a27-69ca-4c47-afad-afc66a232ffb/none_v3" 404 70 "GET https://[::1]:8080/v1/AUTH_891a4d8ec8d044eaa174442078fb7e80/gnocchi.a4081a27-69ca-4c47-afad-afc66a232ffb/none_v3" "txd8a11db4ce8d4f8ba8ada-0069289b1c" "proxy-server 97369" 0.0003 "-" 96393 0
Nov 27 13:40:28 np0005538165.novalocal object-server[96393]: ::1 - - [27/Nov/2025:18:40:28 +0000] "GET /2/227513/AUTH_891a4d8ec8d044eaa174442078fb7e80/gnocchi.a4081a27-69ca-4c47-afad-afc66a232ffb/none_v3" 404 70 "GET https://[::1]:8080/v1/AUTH_891a4d8ec8d044eaa174442078fb7e80/gnocchi.a4081a27-69ca-4c47-afad-afc66a232ffb/none_v3" "txd8a11db4ce8d4f8ba8ada-0069289b1c" "proxy-server 97369" 0.0002 "-" 96393 0
Nov 27 13:40:28 np0005538165.novalocal object-server[96393]: ::1 - - [27/Nov/2025:18:40:28 +0000] "GET /3/227513/AUTH_891a4d8ec8d044eaa174442078fb7e80/gnocchi.a4081a27-69ca-4c47-afad-afc66a232ffb/none_v3" 404 70 "GET https://[::1]:8080/v1/AUTH_891a4d8ec8d044eaa174442078fb7e80/gnocchi.a4081a27-69ca-4c47-afad-afc66a232ffb/none_v3" "txd8a11db4ce8d4f8ba8ada-0069289b1c" "proxy-server 97369" 0.0002 "-" 96393 0
Nov 27 13:40:28 np0005538165.novalocal proxy-server[97369]: ::1 ::1 27/Nov/2025/18/40/28 GET /v1/AUTH_891a4d8ec8d044eaa174442078fb7e80/gnocchi.a4081a27-69ca-4c47-afad-afc66a232ffb/none_v3 HTTP/1.0 404 - python-swiftclient-4.7.0 gAAAAABpKJsYjUMx... - 70 - txd8a11db4ce8d4f8ba8ada-0069289b1c - 0.0183 - - 1764268828.724753857 1764268828.743055344 0
Nov 27 13:40:28 np0005538165.novalocal object-server[96394]: ::1 - - [27/Nov/2025:18:40:28 +0000] "GET /3/6538/AUTH_891a4d8ec8d044eaa174442078fb7e80/gnocchi.bb21929a-ae74-420d-8551-214a202e6cf1/1763640000.0_mean_300.0_v3" 404 70 "GET https://[::1]:8080/v1/AUTH_891a4d8ec8d044eaa174442078fb7e80/gnocchi.bb21929a-ae74-420d-8551-214a202e6cf1/1763640000.0_mean_300.0_v3" "tx2aec9262be7845fbb5ef6-0069289b1c" "proxy-server 97370" 0.0003 "-" 96394 0
Nov 27 13:40:28 np0005538165.novalocal object-server[96394]: ::1 - - [27/Nov/2025:18:40:28 +0000] "GET /2/6538/AUTH_891a4d8ec8d044eaa174442078fb7e80/gnocchi.bb21929a-ae74-420d-8551-214a202e6cf1/1763640000.0_mean_300.0_v3" 404 70 "GET https://[::1]:8080/v1/AUTH_891a4d8ec8d044eaa174442078fb7e80/gnocchi.bb21929a-ae74-420d-8551-214a202e6cf1/1763640000.0_mean_300.0_v3" "tx2aec9262be7845fbb5ef6-0069289b1c" "proxy-server 97370" 0.0002 "-" 96394 0
Nov 27 13:40:28 np0005538165.novalocal object-server[96393]: ::1 - - [27/Nov/2025:18:40:28 +0000] "GET /1/6538/AUTH_891a4d8ec8d044eaa174442078fb7e80/gnocchi.bb21929a-ae74-420d-8551-214a202e6cf1/1763640000.0_mean_300.0_v3" 404 70 "GET https://[::1]:8080/v1/AUTH_891a4d8ec8d044eaa174442078fb7e80/gnocchi.bb21929a-ae74-420d-8551-214a202e6cf1/1763640000.0_mean_300.0_v3" "tx2aec9262be7845fbb5ef6-0069289b1c" "proxy-server 97370" 0.0002 "-" 96393 0
Nov 27 13:40:28 np0005538165.novalocal proxy-server[97370]: ::1 ::1 27/Nov/2025/18/40/28 GET /v1/AUTH_891a4d8ec8d044eaa174442078fb7e80/gnocchi.bb21929a-ae74-420d-8551-214a202e6cf1/1763640000.0_mean_300.0_v3 HTTP/1.0 404 - python-swiftclient-4.7.0 gAAAAABpKJsZdlPH... - 70 - tx2aec9262be7845fbb5ef6-0069289b1c - 0.0139 - - 1764268828.738343716 1764268828.752261639 0
Nov 27 13:40:28 np0005538165.novalocal object-server[96394]: ::1 - - [27/Nov/2025:18:40:28 +0000] "GET /2/232937/AUTH_891a4d8ec8d044eaa174442078fb7e80/gnocchi.c1c6b357-c301-45e2-b5fa-1fab8d677471/1763640000.0_mean_300.0_v3" 404 70 "GET https://[::1]:8080/v1/AUTH_891a4d8ec8d044eaa174442078fb7e80/gnocchi.c1c6b357-c301-45e2-b5fa-1fab8d677471/1763640000.0_mean_300.0_v3" "tx79dd44dee9314b7593f86-0069289b1c" "proxy-server 97370" 0.0003 "-" 96394 0
Nov 27 13:40:28 np0005538165.novalocal object-server[96394]: ::1 - - [27/Nov/2025:18:40:28 +0000] "GET /1/232937/AUTH_891a4d8ec8d044eaa174442078fb7e80/gnocchi.c1c6b357-c301-45e2-b5fa-1fab8d677471/1763640000.0_mean_300.0_v3" 404 70 "GET https://[::1]:8080/v1/AUTH_891a4d8ec8d044eaa174442078fb7e80/gnocchi.c1c6b357-c301-45e2-b5fa-1fab8d677471/1763640000.0_mean_300.0_v3" "tx79dd44dee9314b7593f86-0069289b1c" "proxy-server 97370" 0.0002 "-" 96394 0
Nov 27 13:40:28 np0005538165.novalocal object-server[96393]: ::1 - - [27/Nov/2025:18:40:28 +0000] "GET /3/232937/AUTH_891a4d8ec8d044eaa174442078fb7e80/gnocchi.c1c6b357-c301-45e2-b5fa-1fab8d677471/1763640000.0_mean_300.0_v3" 404 70 "GET https://[::1]:8080/v1/AUTH_891a4d8ec8d044eaa174442078fb7e80/gnocchi.c1c6b357-c301-45e2-b5fa-1fab8d677471/1763640000.0_mean_300.0_v3" "tx79dd44dee9314b7593f86-0069289b1c" "proxy-server 97370" 0.0003 "-" 96393 0
Nov 27 13:40:28 np0005538165.novalocal proxy-server[97370]: ::1 ::1 27/Nov/2025/18/40/28 GET /v1/AUTH_891a4d8ec8d044eaa174442078fb7e80/gnocchi.c1c6b357-c301-45e2-b5fa-1fab8d677471/1763640000.0_mean_300.0_v3 HTTP/1.0 404 - python-swiftclient-4.7.0 gAAAAABpKJsZdlPH... - 70 - tx79dd44dee9314b7593f86-0069289b1c - 0.0136 - - 1764268828.754713774 1764268828.768264294 0
Nov 27 13:40:28 np0005538165.novalocal account-server[95765]: ::1 - - [27/Nov/2025:18:40:28 +0000] "PUT /3/91627/AUTH_891a4d8ec8d044eaa174442078fb7e80/gnocchi.a4081a27-69ca-4c47-afad-afc66a232ffb" 201 - "PUT http://[::1]:6001/2/190470/AUTH_891a4d8ec8d044eaa174442078fb7e80/gnocchi.a4081a27-69ca-4c47-afad-afc66a232ffb" "txd53af543ce014ad490dfc-0069289b1c" "container-server 96061" 0.0060 "-" 95765 0
Nov 27 13:40:28 np0005538165.novalocal container-server[96061]: ::1 - - [27/Nov/2025:18:40:28 +0000] "PUT /2/190470/AUTH_891a4d8ec8d044eaa174442078fb7e80/gnocchi.a4081a27-69ca-4c47-afad-afc66a232ffb" 201 - "PUT https://[::1]:8080/v1/AUTH_891a4d8ec8d044eaa174442078fb7e80/gnocchi.a4081a27-69ca-4c47-afad-afc66a232ffb" "txd53af543ce014ad490dfc-0069289b1c" "proxy-server 97369" 0.0250 "-" 96061 0
Nov 27 13:40:28 np0005538165.novalocal account-server[95765]: ::1 - - [27/Nov/2025:18:40:28 +0000] "PUT /1/91627/AUTH_891a4d8ec8d044eaa174442078fb7e80/gnocchi.a4081a27-69ca-4c47-afad-afc66a232ffb" 201 - "PUT http://[::1]:6001/3/190470/AUTH_891a4d8ec8d044eaa174442078fb7e80/gnocchi.a4081a27-69ca-4c47-afad-afc66a232ffb" "txd53af543ce014ad490dfc-0069289b1c" "container-server 96060" 0.0040 "-" 95765 0
Nov 27 13:40:28 np0005538165.novalocal container-server[96060]: ::1 - - [27/Nov/2025:18:40:28 +0000] "PUT /3/190470/AUTH_891a4d8ec8d044eaa174442078fb7e80/gnocchi.a4081a27-69ca-4c47-afad-afc66a232ffb" 201 - "PUT https://[::1]:8080/v1/AUTH_891a4d8ec8d044eaa174442078fb7e80/gnocchi.a4081a27-69ca-4c47-afad-afc66a232ffb" "txd53af543ce014ad490dfc-0069289b1c" "proxy-server 97369" 0.0280 "-" 96060 0
Nov 27 13:40:28 np0005538165.novalocal account-server[95765]: ::1 - - [27/Nov/2025:18:40:28 +0000] "PUT /2/91627/AUTH_891a4d8ec8d044eaa174442078fb7e80/gnocchi.a4081a27-69ca-4c47-afad-afc66a232ffb" 201 - "PUT http://[::1]:6001/1/190470/AUTH_891a4d8ec8d044eaa174442078fb7e80/gnocchi.a4081a27-69ca-4c47-afad-afc66a232ffb" "txd53af543ce014ad490dfc-0069289b1c" "container-server 96061" 0.0041 "-" 95765 0
Nov 27 13:40:28 np0005538165.novalocal container-server[96061]: ::1 - - [27/Nov/2025:18:40:28 +0000] "PUT /1/190470/AUTH_891a4d8ec8d044eaa174442078fb7e80/gnocchi.a4081a27-69ca-4c47-afad-afc66a232ffb" 201 - "PUT https://[::1]:8080/v1/AUTH_891a4d8ec8d044eaa174442078fb7e80/gnocchi.a4081a27-69ca-4c47-afad-afc66a232ffb" "txd53af543ce014ad490dfc-0069289b1c" "proxy-server 97369" 0.0168 "-" 96061 0
Nov 27 13:40:28 np0005538165.novalocal proxy-server[97369]: ::1 ::1 27/Nov/2025/18/40/28 PUT /v1/AUTH_891a4d8ec8d044eaa174442078fb7e80/gnocchi.a4081a27-69ca-4c47-afad-afc66a232ffb HTTP/1.0 201 - python-swiftclient-4.7.0 gAAAAABpKJsYjUMx... - - - txd53af543ce014ad490dfc-0069289b1c - 0.0374 - - 1764268828.745058775 1764268828.782491446 0
Nov 27 13:40:28 np0005538165.novalocal container-server[96061]: ::1 - - [27/Nov/2025:18:40:28 +0000] "HEAD /2/190470/AUTH_891a4d8ec8d044eaa174442078fb7e80/gnocchi.a4081a27-69ca-4c47-afad-afc66a232ffb" 204 - "HEAD http://[::1]:8080/v1/AUTH_891a4d8ec8d044eaa174442078fb7e80/gnocchi.a4081a27-69ca-4c47-afad-afc66a232ffb" "txa7b310c522a842c082213-0069289b1c" "proxy-server 97369" 0.0016 "-" 96061 0
Nov 27 13:40:28 np0005538165.novalocal proxy-server[97369]: - - 27/Nov/2025/18/40/28 HEAD /v1/AUTH_891a4d8ec8d044eaa174442078fb7e80/gnocchi.a4081a27-69ca-4c47-afad-afc66a232ffb HTTP/1.0 204 - Swift - - - - txa7b310c522a842c082213-0069289b1c - 0.0044 CS - 1764268828.785447598 1764268828.789823532 0
