Nov 27 13:41:19 np0005538165.novalocal object-server[96394]: ::1 - - [27/Nov/2025:18:41:19 +0000] "GET /1/38950/AUTH_891a4d8ec8d044eaa174442078fb7e80/gnocchi.0084c84f-e4b5-4636-b237-4827ea3f3f13/1763640000.0_mean_300.0_v3" 200 16 "GET https://[::1]:8080/v1/AUTH_891a4d8ec8d044eaa174442078fb7e80/gnocchi.0084c84f-e4b5-4636-b237-4827ea3f3f13/1763640000.0_mean_300.0_v3" "tx9e37f57b8ef74e12a5c93-0069289b4f" "proxy-server 97369" 0.0010 "-" 96394 0
Nov 27 13:41:19 np0005538165.novalocal proxy-server[97369]: ::1 ::1 27/Nov/2025/18/41/19 GET /v1/AUTH_891a4d8ec8d044eaa174442078fb7e80/gnocchi.0084c84f-e4b5-4636-b237-4827ea3f3f13/1763640000.0_mean_300.0_v3 HTTP/1.0 200 - python-swiftclient-4.7.0 gAAAAABpKJsYjUMx... - 16 - tx9e37f57b8ef74e12a5c93-0069289b4f - 0.0121 - - 1764268879.132561445 1764268879.144672871 0
Nov 27 13:41:19 np0005538165.novalocal container-server[96061]: ::1 - - [27/Nov/2025:18:41:19 +0000] "PUT /3/200773/AUTH_891a4d8ec8d044eaa174442078fb7e80/gnocchi.0084c84f-e4b5-4636-b237-4827ea3f3f13/1763640000.0_mean_300.0_v3" 201 - "PUT http://[::1]:8080/1/38950/AUTH_891a4d8ec8d044eaa174442078fb7e80/gnocchi.0084c84f-e4b5-4636-b237-4827ea3f3f13/1763640000.0_mean_300.0_v3" "tx71c85a2918aa42819643d-0069289b4f" "object-server 96393" 0.0005 "-" 96061 0
Nov 27 13:41:19 np0005538165.novalocal container-server[96061]: ::1 - - [27/Nov/2025:18:41:19 +0000] "PUT /1/200773/AUTH_891a4d8ec8d044eaa174442078fb7e80/gnocchi.0084c84f-e4b5-4636-b237-4827ea3f3f13/1763640000.0_mean_300.0_v3" 201 - "PUT http://[::1]:8080/2/38950/AUTH_891a4d8ec8d044eaa174442078fb7e80/gnocchi.0084c84f-e4b5-4636-b237-4827ea3f3f13/1763640000.0_mean_300.0_v3" "tx71c85a2918aa42819643d-0069289b4f" "object-server 96394" 0.0008 "-" 96061 0
Nov 27 13:41:19 np0005538165.novalocal object-server[96393]: ::1 - - [27/Nov/2025:18:41:19 +0000] "PUT /1/38950/AUTH_891a4d8ec8d044eaa174442078fb7e80/gnocchi.0084c84f-e4b5-4636-b237-4827ea3f3f13/1763640000.0_mean_300.0_v3" 201 - "PUT https://[::1]:8080/v1/AUTH_891a4d8ec8d044eaa174442078fb7e80/gnocchi.0084c84f-e4b5-4636-b237-4827ea3f3f13/1763640000.0_mean_300.0_v3" "tx71c85a2918aa42819643d-0069289b4f" "proxy-server 97369" 0.0192 "-" 96393 0
Nov 27 13:41:19 np0005538165.novalocal object-server[96394]: ::1 - - [27/Nov/2025:18:41:19 +0000] "PUT /2/38950/AUTH_891a4d8ec8d044eaa174442078fb7e80/gnocchi.0084c84f-e4b5-4636-b237-4827ea3f3f13/1763640000.0_mean_300.0_v3" 201 - "PUT https://[::1]:8080/v1/AUTH_891a4d8ec8d044eaa174442078fb7e80/gnocchi.0084c84f-e4b5-4636-b237-4827ea3f3f13/1763640000.0_mean_300.0_v3" "tx71c85a2918aa42819643d-0069289b4f" "proxy-server 97369" 0.0185 "-" 96394 0
Nov 27 13:41:19 np0005538165.novalocal container-server[96061]: ::1 - - [27/Nov/2025:18:41:19 +0000] "PUT /2/200773/AUTH_891a4d8ec8d044eaa174442078fb7e80/gnocchi.0084c84f-e4b5-4636-b237-4827ea3f3f13/1763640000.0_mean_300.0_v3" 201 - "PUT http://[::1]:8080/3/38950/AUTH_891a4d8ec8d044eaa174442078fb7e80/gnocchi.0084c84f-e4b5-4636-b237-4827ea3f3f13/1763640000.0_mean_300.0_v3" "tx71c85a2918aa42819643d-0069289b4f" "object-server 96394" 0.0003 "-" 96061 0
Nov 27 13:41:19 np0005538165.novalocal object-server[96394]: ::1 - - [27/Nov/2025:18:41:19 +0000] "PUT /3/38950/AUTH_891a4d8ec8d044eaa174442078fb7e80/gnocchi.0084c84f-e4b5-4636-b237-4827ea3f3f13/1763640000.0_mean_300.0_v3" 201 - "PUT https://[::1]:8080/v1/AUTH_891a4d8ec8d044eaa174442078fb7e80/gnocchi.0084c84f-e4b5-4636-b237-4827ea3f3f13/1763640000.0_mean_300.0_v3" "tx71c85a2918aa42819643d-0069289b4f" "proxy-server 97369" 0.0264 "-" 96394 0
Nov 27 13:41:19 np0005538165.novalocal proxy-server[97369]: ::1 ::1 27/Nov/2025/18/41/19 PUT /v1/AUTH_891a4d8ec8d044eaa174442078fb7e80/gnocchi.0084c84f-e4b5-4636-b237-4827ea3f3f13/1763640000.0_mean_300.0_v3 HTTP/1.0 201 - python-swiftclient-4.7.0 gAAAAABpKJsYjUMx... 16 - - tx71c85a2918aa42819643d-0069289b4f - 0.0412 - - 1764268879.148745537 1764268879.189905882 0
Nov 27 13:41:19 np0005538165.novalocal account-server[95765]: ::1 - - [27/Nov/2025:18:41:19 +0000] "PUT /3/91627/AUTH_891a4d8ec8d044eaa174442078fb7e80/gnocchi.35b13d6a-a903-4c65-9085-cbb3b2fbcf50" 201 - "-" "-" "container-updater 95229" 0.0008 "-" 95765 0
Nov 27 13:41:19 np0005538165.novalocal container-server[96061]: ::1 - - [27/Nov/2025:18:41:19 +0000] "PUT /2/200773/AUTH_891a4d8ec8d044eaa174442078fb7e80/gnocchi.0084c84f-e4b5-4636-b237-4827ea3f3f13/none_v3" 201 - "PUT http://[::1]:8080/1/204074/AUTH_891a4d8ec8d044eaa174442078fb7e80/gnocchi.0084c84f-e4b5-4636-b237-4827ea3f3f13/none_v3" "tx1c5233a4436f4d8e8b456-0069289b4f" "object-server 96394" 0.0012 "-" 96061 0
Nov 27 13:41:19 np0005538165.novalocal account-server[95765]: ::1 - - [27/Nov/2025:18:41:19 +0000] "PUT /2/91627/AUTH_891a4d8ec8d044eaa174442078fb7e80/gnocchi.35b13d6a-a903-4c65-9085-cbb3b2fbcf50" 201 - "-" "-" "container-updater 95229" 0.0005 "-" 95765 0
Nov 27 13:41:19 np0005538165.novalocal container-server[96060]: ::1 - - [27/Nov/2025:18:41:19 +0000] "PUT /3/200773/AUTH_891a4d8ec8d044eaa174442078fb7e80/gnocchi.0084c84f-e4b5-4636-b237-4827ea3f3f13/none_v3" 201 - "PUT http://[::1]:8080/2/204074/AUTH_891a4d8ec8d044eaa174442078fb7e80/gnocchi.0084c84f-e4b5-4636-b237-4827ea3f3f13/none_v3" "tx1c5233a4436f4d8e8b456-0069289b4f" "object-server 96394" 0.0007 "-" 96060 0
Nov 27 13:41:19 np0005538165.novalocal object-server[96394]: ::1 - - [27/Nov/2025:18:41:19 +0000] "PUT /2/204074/AUTH_891a4d8ec8d044eaa174442078fb7e80/gnocchi.0084c84f-e4b5-4636-b237-4827ea3f3f13/none_v3" 201 - "PUT https://[::1]:8080/v1/AUTH_891a4d8ec8d044eaa174442078fb7e80/gnocchi.0084c84f-e4b5-4636-b237-4827ea3f3f13/none_v3" "tx1c5233a4436f4d8e8b456-0069289b4f" "proxy-server 97369" 0.0160 "-" 96394 0
Nov 27 13:41:19 np0005538165.novalocal account-server[95766]: ::1 - - [27/Nov/2025:18:41:19 +0000] "PUT /1/91627/AUTH_891a4d8ec8d044eaa174442078fb7e80/gnocchi.35b13d6a-a903-4c65-9085-cbb3b2fbcf50" 201 - "-" "-" "container-updater 95229" 0.0007 "-" 95766 0
Nov 27 13:41:19 np0005538165.novalocal object-server[96394]: ::1 - - [27/Nov/2025:18:41:19 +0000] "PUT /1/204074/AUTH_891a4d8ec8d044eaa174442078fb7e80/gnocchi.0084c84f-e4b5-4636-b237-4827ea3f3f13/none_v3" 201 - "PUT https://[::1]:8080/v1/AUTH_891a4d8ec8d044eaa174442078fb7e80/gnocchi.0084c84f-e4b5-4636-b237-4827ea3f3f13/none_v3" "tx1c5233a4436f4d8e8b456-0069289b4f" "proxy-server 97369" 0.0212 "-" 96394 0
Nov 27 13:41:19 np0005538165.novalocal container-server[96060]: ::1 - - [27/Nov/2025:18:41:19 +0000] "PUT /1/200773/AUTH_891a4d8ec8d044eaa174442078fb7e80/gnocchi.0084c84f-e4b5-4636-b237-4827ea3f3f13/none_v3" 201 - "PUT http://[::1]:8080/3/204074/AUTH_891a4d8ec8d044eaa174442078fb7e80/gnocchi.0084c84f-e4b5-4636-b237-4827ea3f3f13/none_v3" "tx1c5233a4436f4d8e8b456-0069289b4f" "object-server 96394" 0.0006 "-" 96060 0
Nov 27 13:41:19 np0005538165.novalocal object-server[96394]: ::1 - - [27/Nov/2025:18:41:19 +0000] "PUT /3/204074/AUTH_891a4d8ec8d044eaa174442078fb7e80/gnocchi.0084c84f-e4b5-4636-b237-4827ea3f3f13/none_v3" 201 - "PUT https://[::1]:8080/v1/AUTH_891a4d8ec8d044eaa174442078fb7e80/gnocchi.0084c84f-e4b5-4636-b237-4827ea3f3f13/none_v3" "tx1c5233a4436f4d8e8b456-0069289b4f" "proxy-server 97369" 0.0271 "-" 96394 0
Nov 27 13:41:19 np0005538165.novalocal proxy-server[97369]: ::1 ::1 27/Nov/2025/18/41/19 PUT /v1/AUTH_891a4d8ec8d044eaa174442078fb7e80/gnocchi.0084c84f-e4b5-4636-b237-4827ea3f3f13/none_v3 HTTP/1.0 201 - python-swiftclient-4.7.0 gAAAAABpKJsYjUMx... 27 - - tx1c5233a4436f4d8e8b456-0069289b4f - 0.0426 - - 1764268879.195766687 1764268879.238322735 0
Nov 27 13:41:19 np0005538165.novalocal object-server[96394]: ::1 - - [27/Nov/2025:18:41:19 +0000] "GET /1/10714/AUTH_891a4d8ec8d044eaa174442078fb7e80/gnocchi.c53a91fd-6990-4b14-bdd0-0b6bdb9f4cb5/none_v3" 200 22 "GET https://[::1]:8080/v1/AUTH_891a4d8ec8d044eaa174442078fb7e80/gnocchi.c53a91fd-6990-4b14-bdd0-0b6bdb9f4cb5/none_v3" "tx76680ead58f54b5580635-0069289b4f" "proxy-server 97369" 0.0010 "-" 96394 0
Nov 27 13:41:19 np0005538165.novalocal proxy-server[97369]: ::1 ::1 27/Nov/2025/18/41/19 GET /v1/AUTH_891a4d8ec8d044eaa174442078fb7e80/gnocchi.c53a91fd-6990-4b14-bdd0-0b6bdb9f4cb5/none_v3 HTTP/1.0 200 - python-swiftclient-4.7.0 gAAAAABpKJsYjUMx... - 22 - tx76680ead58f54b5580635-0069289b4f - 0.0083 - - 1764268879.309900522 1764268879.318186522 0
Nov 27 13:41:19 np0005538165.novalocal container-server[96061]: ::1 - - [27/Nov/2025:18:41:19 +0000] "GET /3/9651/AUTH_891a4d8ec8d044eaa174442078fb7e80/gnocchi.c53a91fd-6990-4b14-bdd0-0b6bdb9f4cb5" 200 357 "GET https://[::1]:8080/v1/AUTH_891a4d8ec8d044eaa174442078fb7e80/gnocchi.c53a91fd-6990-4b14-bdd0-0b6bdb9f4cb5?format=json&states=listing" "txe94be4486dcb4093bb74b-0069289b4f" "proxy-server 97369" 0.0030 "-" 96061 0
Nov 27 13:41:19 np0005538165.novalocal proxy-server[97369]: ::1 ::1 27/Nov/2025/18/41/19 GET /v1/AUTH_891a4d8ec8d044eaa174442078fb7e80/gnocchi.c53a91fd-6990-4b14-bdd0-0b6bdb9f4cb5%3Fformat%3Djson%26states%3Dlisting HTTP/1.0 200 - python-swiftclient-4.7.0 gAAAAABpKJsYjUMx... - 357 - txe94be4486dcb4093bb74b-0069289b4f - 0.0106 - - 1764268879.323070049 1764268879.333707094 0
Nov 27 13:41:19 np0005538165.novalocal container-server[96060]: ::1 - - [27/Nov/2025:18:41:19 +0000] "GET /3/9651/AUTH_891a4d8ec8d044eaa174442078fb7e80/gnocchi.c53a91fd-6990-4b14-bdd0-0b6bdb9f4cb5" 200 2 "GET https://[::1]:8080/v1/AUTH_891a4d8ec8d044eaa174442078fb7e80/gnocchi.c53a91fd-6990-4b14-bdd0-0b6bdb9f4cb5?format=json&marker=none_v3&states=listing" "tx6521058a7d2542dbbb331-0069289b4f" "proxy-server 97369" 0.0037 "-" 96060 0
Nov 27 13:41:19 np0005538165.novalocal proxy-server[97369]: ::1 ::1 27/Nov/2025/18/41/19 GET /v1/AUTH_891a4d8ec8d044eaa174442078fb7e80/gnocchi.c53a91fd-6990-4b14-bdd0-0b6bdb9f4cb5%3Fformat%3Djson%26marker%3Dnone_v3%26states%3Dlisting HTTP/1.0 200 - python-swiftclient-4.7.0 gAAAAABpKJsYjUMx... - 2 - tx6521058a7d2542dbbb331-0069289b4f - 0.0132 - - 1764268879.337172747 1764268879.350406647 0
Nov 27 13:41:19 np0005538165.novalocal account-server[95765]: ::1 - - [27/Nov/2025:18:41:19 +0000] "PUT /3/91627/AUTH_891a4d8ec8d044eaa174442078fb7e80/gnocchi.1fbc97d7-86db-4a0c-90e2-e400244d4abc" 201 - "-" "-" "container-updater 95229" 0.0003 "-" 95765 0
Nov 27 13:41:19 np0005538165.novalocal account-server[95765]: ::1 - - [27/Nov/2025:18:41:19 +0000] "PUT /1/91627/AUTH_891a4d8ec8d044eaa174442078fb7e80/gnocchi.1fbc97d7-86db-4a0c-90e2-e400244d4abc" 201 - "-" "-" "container-updater 95229" 0.0002 "-" 95765 0
Nov 27 13:41:19 np0005538165.novalocal account-server[95766]: ::1 - - [27/Nov/2025:18:41:19 +0000] "PUT /2/91627/AUTH_891a4d8ec8d044eaa174442078fb7e80/gnocchi.1fbc97d7-86db-4a0c-90e2-e400244d4abc" 201 - "-" "-" "container-updater 95229" 0.0007 "-" 95766 0
Nov 27 13:41:19 np0005538165.novalocal object-server[96393]: ::1 - - [27/Nov/2025:18:41:19 +0000] "GET /1/86208/AUTH_891a4d8ec8d044eaa174442078fb7e80/gnocchi.1fbc97d7-86db-4a0c-90e2-e400244d4abc/none_v3" 200 22 "GET https://[::1]:8080/v1/AUTH_891a4d8ec8d044eaa174442078fb7e80/gnocchi.1fbc97d7-86db-4a0c-90e2-e400244d4abc/none_v3" "tx10e812e7ca9b4c5e953de-0069289b4f" "proxy-server 97370" 0.0032 "-" 96393 0
Nov 27 13:41:19 np0005538165.novalocal object-server[96393]: ::1 - - [27/Nov/2025:18:41:19 +0000] "GET /2/58857/AUTH_891a4d8ec8d044eaa174442078fb7e80/gnocchi.c53a91fd-6990-4b14-bdd0-0b6bdb9f4cb5/1763640000.0_mean_300.0_v3" 200 16 "GET https://[::1]:8080/v1/AUTH_891a4d8ec8d044eaa174442078fb7e80/gnocchi.c53a91fd-6990-4b14-bdd0-0b6bdb9f4cb5/1763640000.0_mean_300.0_v3" "tx58523f4018704522a786c-0069289b4f" "proxy-server 97369" 0.0008 "-" 96393 0
Nov 27 13:41:19 np0005538165.novalocal proxy-server[97370]: ::1 ::1 27/Nov/2025/18/41/19 GET /v1/AUTH_891a4d8ec8d044eaa174442078fb7e80/gnocchi.1fbc97d7-86db-4a0c-90e2-e400244d4abc/none_v3 HTTP/1.0 200 - python-swiftclient-4.7.0 gAAAAABpKJsZdlPH... - 22 - tx10e812e7ca9b4c5e953de-0069289b4f - 0.0114 - - 1764268879.350986958 1764268879.362422943 0
Nov 27 13:41:19 np0005538165.novalocal proxy-server[97369]: ::1 ::1 27/Nov/2025/18/41/19 GET /v1/AUTH_891a4d8ec8d044eaa174442078fb7e80/gnocchi.c53a91fd-6990-4b14-bdd0-0b6bdb9f4cb5/1763640000.0_mean_300.0_v3 HTTP/1.0 200 - python-swiftclient-4.7.0 gAAAAABpKJsYjUMx... - 16 - tx58523f4018704522a786c-0069289b4f - 0.0091 - - 1764268879.355419636 1764268879.364551783 0
Nov 27 13:41:19 np0005538165.novalocal container-server[96060]: ::1 - - [27/Nov/2025:18:41:19 +0000] "GET /2/204183/AUTH_891a4d8ec8d044eaa174442078fb7e80/gnocchi.1fbc97d7-86db-4a0c-90e2-e400244d4abc" 200 357 "GET https://[::1]:8080/v1/AUTH_891a4d8ec8d044eaa174442078fb7e80/gnocchi.1fbc97d7-86db-4a0c-90e2-e400244d4abc?format=json&states=listing" "tx2141e40bc34e41fab2493-0069289b4f" "proxy-server 97370" 0.0031 "-" 96060 0
Nov 27 13:41:19 np0005538165.novalocal proxy-server[97370]: ::1 ::1 27/Nov/2025/18/41/19 GET /v1/AUTH_891a4d8ec8d044eaa174442078fb7e80/gnocchi.1fbc97d7-86db-4a0c-90e2-e400244d4abc%3Fformat%3Djson%26states%3Dlisting HTTP/1.0 200 - python-swiftclient-4.7.0 gAAAAABpKJsZdlPH... - 357 - tx2141e40bc34e41fab2493-0069289b4f - 0.0108 - - 1764268879.367186785 1764268879.377988577 0
Nov 27 13:41:19 np0005538165.novalocal container-server[96060]: ::1 - - [27/Nov/2025:18:41:19 +0000] "PUT /1/9651/AUTH_891a4d8ec8d044eaa174442078fb7e80/gnocchi.c53a91fd-6990-4b14-bdd0-0b6bdb9f4cb5/1763640000.0_mean_300.0_v3" 201 - "PUT http://[::1]:8080/2/58857/AUTH_891a4d8ec8d044eaa174442078fb7e80/gnocchi.c53a91fd-6990-4b14-bdd0-0b6bdb9f4cb5/1763640000.0_mean_300.0_v3" "tx99fe2af076024081aac1b-0069289b4f" "object-server 96393" 0.0005 "-" 96060 0
Nov 27 13:41:19 np0005538165.novalocal object-server[96393]: ::1 - - [27/Nov/2025:18:41:19 +0000] "PUT /2/58857/AUTH_891a4d8ec8d044eaa174442078fb7e80/gnocchi.c53a91fd-6990-4b14-bdd0-0b6bdb9f4cb5/1763640000.0_mean_300.0_v3" 201 - "PUT https://[::1]:8080/v1/AUTH_891a4d8ec8d044eaa174442078fb7e80/gnocchi.c53a91fd-6990-4b14-bdd0-0b6bdb9f4cb5/1763640000.0_mean_300.0_v3" "tx99fe2af076024081aac1b-0069289b4f" "proxy-server 97369" 0.0106 "-" 96393 0
Nov 27 13:41:19 np0005538165.novalocal container-server[96061]: ::1 - - [27/Nov/2025:18:41:19 +0000] "PUT /2/9651/AUTH_891a4d8ec8d044eaa174442078fb7e80/gnocchi.c53a91fd-6990-4b14-bdd0-0b6bdb9f4cb5/1763640000.0_mean_300.0_v3" 201 - "PUT http://[::1]:8080/1/58857/AUTH_891a4d8ec8d044eaa174442078fb7e80/gnocchi.c53a91fd-6990-4b14-bdd0-0b6bdb9f4cb5/1763640000.0_mean_300.0_v3" "tx99fe2af076024081aac1b-0069289b4f" "object-server 96394" 0.0004 "-" 96061 0
Nov 27 13:41:19 np0005538165.novalocal object-server[96394]: ::1 - - [27/Nov/2025:18:41:19 +0000] "PUT /1/58857/AUTH_891a4d8ec8d044eaa174442078fb7e80/gnocchi.c53a91fd-6990-4b14-bdd0-0b6bdb9f4cb5/1763640000.0_mean_300.0_v3" 201 - "PUT https://[::1]:8080/v1/AUTH_891a4d8ec8d044eaa174442078fb7e80/gnocchi.c53a91fd-6990-4b14-bdd0-0b6bdb9f4cb5/1763640000.0_mean_300.0_v3" "tx99fe2af076024081aac1b-0069289b4f" "proxy-server 97369" 0.0118 "-" 96394 0
Nov 27 13:41:19 np0005538165.novalocal container-server[96061]: ::1 - - [27/Nov/2025:18:41:19 +0000] "PUT /3/9651/AUTH_891a4d8ec8d044eaa174442078fb7e80/gnocchi.c53a91fd-6990-4b14-bdd0-0b6bdb9f4cb5/1763640000.0_mean_300.0_v3" 201 - "PUT http://[::1]:8080/3/58857/AUTH_891a4d8ec8d044eaa174442078fb7e80/gnocchi.c53a91fd-6990-4b14-bdd0-0b6bdb9f4cb5/1763640000.0_mean_300.0_v3" "tx99fe2af076024081aac1b-0069289b4f" "object-server 96394" 0.0004 "-" 96061 0
Nov 27 13:41:19 np0005538165.novalocal object-server[96394]: ::1 - - [27/Nov/2025:18:41:19 +0000] "PUT /3/58857/AUTH_891a4d8ec8d044eaa174442078fb7e80/gnocchi.c53a91fd-6990-4b14-bdd0-0b6bdb9f4cb5/1763640000.0_mean_300.0_v3" 201 - "PUT https://[::1]:8080/v1/AUTH_891a4d8ec8d044eaa174442078fb7e80/gnocchi.c53a91fd-6990-4b14-bdd0-0b6bdb9f4cb5/1763640000.0_mean_300.0_v3" "tx99fe2af076024081aac1b-0069289b4f" "proxy-server 97369" 0.0153 "-" 96394 0
Nov 27 13:41:19 np0005538165.novalocal proxy-server[97369]: ::1 ::1 27/Nov/2025/18/41/19 PUT /v1/AUTH_891a4d8ec8d044eaa174442078fb7e80/gnocchi.c53a91fd-6990-4b14-bdd0-0b6bdb9f4cb5/1763640000.0_mean_300.0_v3 HTTP/1.0 201 - python-swiftclient-4.7.0 gAAAAABpKJsYjUMx... 16 - - tx99fe2af076024081aac1b-0069289b4f - 0.0231 - - 1764268879.367843390 1764268879.390947580 0
Nov 27 13:41:19 np0005538165.novalocal container-server[96061]: ::1 - - [27/Nov/2025:18:41:19 +0000] "GET /3/204183/AUTH_891a4d8ec8d044eaa174442078fb7e80/gnocchi.1fbc97d7-86db-4a0c-90e2-e400244d4abc" 200 2 "GET https://[::1]:8080/v1/AUTH_891a4d8ec8d044eaa174442078fb7e80/gnocchi.1fbc97d7-86db-4a0c-90e2-e400244d4abc?format=json&marker=none_v3&states=listing" "tx57b308fa7542404c9d77d-0069289b4f" "proxy-server 97370" 0.0025 "-" 96061 0
Nov 27 13:41:19 np0005538165.novalocal proxy-server[97370]: ::1 ::1 27/Nov/2025/18/41/19 GET /v1/AUTH_891a4d8ec8d044eaa174442078fb7e80/gnocchi.1fbc97d7-86db-4a0c-90e2-e400244d4abc%3Fformat%3Djson%26marker%3Dnone_v3%26states%3Dlisting HTTP/1.0 200 - python-swiftclient-4.7.0 gAAAAABpKJsZdlPH... - 2 - tx57b308fa7542404c9d77d-0069289b4f - 0.0127 - - 1764268879.383140802 1764268879.395849705 0
Nov 27 13:41:19 np0005538165.novalocal container-server[96060]: ::1 - - [27/Nov/2025:18:41:19 +0000] "PUT /2/9651/AUTH_891a4d8ec8d044eaa174442078fb7e80/gnocchi.c53a91fd-6990-4b14-bdd0-0b6bdb9f4cb5/none_v3" 201 - "PUT http://[::1]:8080/1/10714/AUTH_891a4d8ec8d044eaa174442078fb7e80/gnocchi.c53a91fd-6990-4b14-bdd0-0b6bdb9f4cb5/none_v3" "txbe2240319ef543b3b7d82-0069289b4f" "object-server 96393" 0.0004 "-" 96060 0
Nov 27 13:41:19 np0005538165.novalocal object-server[96393]: ::1 - - [27/Nov/2025:18:41:19 +0000] "PUT /1/10714/AUTH_891a4d8ec8d044eaa174442078fb7e80/gnocchi.c53a91fd-6990-4b14-bdd0-0b6bdb9f4cb5/none_v3" 201 - "PUT https://[::1]:8080/v1/AUTH_891a4d8ec8d044eaa174442078fb7e80/gnocchi.c53a91fd-6990-4b14-bdd0-0b6bdb9f4cb5/none_v3" "txbe2240319ef543b3b7d82-0069289b4f" "proxy-server 97369" 0.0108 "-" 96393 0
Nov 27 13:41:19 np0005538165.novalocal object-server[96394]: ::1 - - [27/Nov/2025:18:41:19 +0000] "GET /3/244497/AUTH_891a4d8ec8d044eaa174442078fb7e80/gnocchi.1fbc97d7-86db-4a0c-90e2-e400244d4abc/1763640000.0_mean_300.0_v3" 200 16 "GET https://[::1]:8080/v1/AUTH_891a4d8ec8d044eaa174442078fb7e80/gnocchi.1fbc97d7-86db-4a0c-90e2-e400244d4abc/1763640000.0_mean_300.0_v3" "txea7e115e717a458f92bd9-0069289b4f" "proxy-server 97370" 0.0037 "-" 96394 0
Nov 27 13:41:19 np0005538165.novalocal proxy-server[97370]: ::1 ::1 27/Nov/2025/18/41/19 GET /v1/AUTH_891a4d8ec8d044eaa174442078fb7e80/gnocchi.1fbc97d7-86db-4a0c-90e2-e400244d4abc/1763640000.0_mean_300.0_v3 HTTP/1.0 200 - python-swiftclient-4.7.0 gAAAAABpKJsZdlPH... - 16 - txea7e115e717a458f92bd9-0069289b4f - 0.0130 - - 1764268879.401421070 1764268879.414421558 0
Nov 27 13:41:19 np0005538165.novalocal container-server[96060]: ::1 - - [27/Nov/2025:18:41:19 +0000] "PUT /3/9651/AUTH_891a4d8ec8d044eaa174442078fb7e80/gnocchi.c53a91fd-6990-4b14-bdd0-0b6bdb9f4cb5/none_v3" 201 - "PUT http://[::1]:8080/2/10714/AUTH_891a4d8ec8d044eaa174442078fb7e80/gnocchi.c53a91fd-6990-4b14-bdd0-0b6bdb9f4cb5/none_v3" "txbe2240319ef543b3b7d82-0069289b4f" "object-server 96394" 0.0003 "-" 96060 0
Nov 27 13:41:19 np0005538165.novalocal container-server[96061]: ::1 - - [27/Nov/2025:18:41:19 +0000] "PUT /1/9651/AUTH_891a4d8ec8d044eaa174442078fb7e80/gnocchi.c53a91fd-6990-4b14-bdd0-0b6bdb9f4cb5/none_v3" 201 - "PUT http://[::1]:8080/3/10714/AUTH_891a4d8ec8d044eaa174442078fb7e80/gnocchi.c53a91fd-6990-4b14-bdd0-0b6bdb9f4cb5/none_v3" "txbe2240319ef543b3b7d82-0069289b4f" "object-server 96394" 0.0004 "-" 96061 0
Nov 27 13:41:19 np0005538165.novalocal object-server[96394]: ::1 - - [27/Nov/2025:18:41:19 +0000] "PUT /2/10714/AUTH_891a4d8ec8d044eaa174442078fb7e80/gnocchi.c53a91fd-6990-4b14-bdd0-0b6bdb9f4cb5/none_v3" 201 - "PUT https://[::1]:8080/v1/AUTH_891a4d8ec8d044eaa174442078fb7e80/gnocchi.c53a91fd-6990-4b14-bdd0-0b6bdb9f4cb5/none_v3" "txbe2240319ef543b3b7d82-0069289b4f" "proxy-server 97369" 0.0166 "-" 96394 0
Nov 27 13:41:19 np0005538165.novalocal object-server[96394]: ::1 - - [27/Nov/2025:18:41:19 +0000] "PUT /3/10714/AUTH_891a4d8ec8d044eaa174442078fb7e80/gnocchi.c53a91fd-6990-4b14-bdd0-0b6bdb9f4cb5/none_v3" 201 - "PUT https://[::1]:8080/v1/AUTH_891a4d8ec8d044eaa174442078fb7e80/gnocchi.c53a91fd-6990-4b14-bdd0-0b6bdb9f4cb5/none_v3" "txbe2240319ef543b3b7d82-0069289b4f" "proxy-server 97369" 0.0153 "-" 96394 0
Nov 27 13:41:19 np0005538165.novalocal proxy-server[97369]: ::1 ::1 27/Nov/2025/18/41/19 PUT /v1/AUTH_891a4d8ec8d044eaa174442078fb7e80/gnocchi.c53a91fd-6990-4b14-bdd0-0b6bdb9f4cb5/none_v3 HTTP/1.0 201 - python-swiftclient-4.7.0 gAAAAABpKJsYjUMx... 32 - - txbe2240319ef543b3b7d82-0069289b4f - 0.0255 - - 1764268879.393661976 1764268879.419203997 0
Nov 27 13:41:19 np0005538165.novalocal container-server[96060]: ::1 - - [27/Nov/2025:18:41:19 +0000] "PUT /2/204183/AUTH_891a4d8ec8d044eaa174442078fb7e80/gnocchi.1fbc97d7-86db-4a0c-90e2-e400244d4abc/1763640000.0_mean_300.0_v3" 201 - "PUT http://[::1]:8080/2/244497/AUTH_891a4d8ec8d044eaa174442078fb7e80/gnocchi.1fbc97d7-86db-4a0c-90e2-e400244d4abc/1763640000.0_mean_300.0_v3" "txb1af81540c5145d1beba2-0069289b4f" "object-server 96393" 0.0004 "-" 96060 0
Nov 27 13:41:19 np0005538165.novalocal container-server[96061]: ::1 - - [27/Nov/2025:18:41:19 +0000] "PUT /3/204183/AUTH_891a4d8ec8d044eaa174442078fb7e80/gnocchi.1fbc97d7-86db-4a0c-90e2-e400244d4abc/1763640000.0_mean_300.0_v3" 201 - "PUT http://[::1]:8080/3/244497/AUTH_891a4d8ec8d044eaa174442078fb7e80/gnocchi.1fbc97d7-86db-4a0c-90e2-e400244d4abc/1763640000.0_mean_300.0_v3" "txb1af81540c5145d1beba2-0069289b4f" "object-server 96394" 0.0011 "-" 96061 0
Nov 27 13:41:19 np0005538165.novalocal object-server[96393]: ::1 - - [27/Nov/2025:18:41:19 +0000] "PUT /2/244497/AUTH_891a4d8ec8d044eaa174442078fb7e80/gnocchi.1fbc97d7-86db-4a0c-90e2-e400244d4abc/1763640000.0_mean_300.0_v3" 201 - "PUT https://[::1]:8080/v1/AUTH_891a4d8ec8d044eaa174442078fb7e80/gnocchi.1fbc97d7-86db-4a0c-90e2-e400244d4abc/1763640000.0_mean_300.0_v3" "txb1af81540c5145d1beba2-0069289b4f" "proxy-server 97370" 0.0136 "-" 96393 0
Nov 27 13:41:19 np0005538165.novalocal object-server[96394]: ::1 - - [27/Nov/2025:18:41:19 +0000] "PUT /3/244497/AUTH_891a4d8ec8d044eaa174442078fb7e80/gnocchi.1fbc97d7-86db-4a0c-90e2-e400244d4abc/1763640000.0_mean_300.0_v3" 201 - "PUT https://[::1]:8080/v1/AUTH_891a4d8ec8d044eaa174442078fb7e80/gnocchi.1fbc97d7-86db-4a0c-90e2-e400244d4abc/1763640000.0_mean_300.0_v3" "txb1af81540c5145d1beba2-0069289b4f" "proxy-server 97370" 0.0136 "-" 96394 0
Nov 27 13:41:19 np0005538165.novalocal container-server[96061]: ::1 - - [27/Nov/2025:18:41:19 +0000] "PUT /1/204183/AUTH_891a4d8ec8d044eaa174442078fb7e80/gnocchi.1fbc97d7-86db-4a0c-90e2-e400244d4abc/1763640000.0_mean_300.0_v3" 201 - "PUT http://[::1]:8080/1/244497/AUTH_891a4d8ec8d044eaa174442078fb7e80/gnocchi.1fbc97d7-86db-4a0c-90e2-e400244d4abc/1763640000.0_mean_300.0_v3" "txb1af81540c5145d1beba2-0069289b4f" "object-server 96393" 0.0008 "-" 96061 0
Nov 27 13:41:19 np0005538165.novalocal object-server[96393]: ::1 - - [27/Nov/2025:18:41:19 +0000] "PUT /1/244497/AUTH_891a4d8ec8d044eaa174442078fb7e80/gnocchi.1fbc97d7-86db-4a0c-90e2-e400244d4abc/1763640000.0_mean_300.0_v3" 201 - "PUT https://[::1]:8080/v1/AUTH_891a4d8ec8d044eaa174442078fb7e80/gnocchi.1fbc97d7-86db-4a0c-90e2-e400244d4abc/1763640000.0_mean_300.0_v3" "txb1af81540c5145d1beba2-0069289b4f" "proxy-server 97370" 0.0173 "-" 96393 0
Nov 27 13:41:19 np0005538165.novalocal proxy-server[97370]: ::1 ::1 27/Nov/2025/18/41/19 PUT /v1/AUTH_891a4d8ec8d044eaa174442078fb7e80/gnocchi.1fbc97d7-86db-4a0c-90e2-e400244d4abc/1763640000.0_mean_300.0_v3 HTTP/1.0 201 - python-swiftclient-4.7.0 gAAAAABpKJsZdlPH... 16 - - txb1af81540c5145d1beba2-0069289b4f - 0.0289 - - 1764268879.417229891 1764268879.446120501 0
Nov 27 13:41:19 np0005538165.novalocal container-server[96060]: ::1 - - [27/Nov/2025:18:41:19 +0000] "PUT /3/204183/AUTH_891a4d8ec8d044eaa174442078fb7e80/gnocchi.1fbc97d7-86db-4a0c-90e2-e400244d4abc/none_v3" 201 - "PUT http://[::1]:8080/2/86208/AUTH_891a4d8ec8d044eaa174442078fb7e80/gnocchi.1fbc97d7-86db-4a0c-90e2-e400244d4abc/none_v3" "txfa7dc335ca64425fb4dcc-0069289b4f" "object-server 96393" 0.0004 "-" 96060 0
Nov 27 13:41:19 np0005538165.novalocal object-server[96393]: ::1 - - [27/Nov/2025:18:41:19 +0000] "PUT /2/86208/AUTH_891a4d8ec8d044eaa174442078fb7e80/gnocchi.1fbc97d7-86db-4a0c-90e2-e400244d4abc/none_v3" 201 - "PUT https://[::1]:8080/v1/AUTH_891a4d8ec8d044eaa174442078fb7e80/gnocchi.1fbc97d7-86db-4a0c-90e2-e400244d4abc/none_v3" "txfa7dc335ca64425fb4dcc-0069289b4f" "proxy-server 97370" 0.0128 "-" 96393 0
Nov 27 13:41:19 np0005538165.novalocal container-server[96061]: ::1 - - [27/Nov/2025:18:41:19 +0000] "PUT /1/204183/AUTH_891a4d8ec8d044eaa174442078fb7e80/gnocchi.1fbc97d7-86db-4a0c-90e2-e400244d4abc/none_v3" 201 - "PUT http://[::1]:8080/1/86208/AUTH_891a4d8ec8d044eaa174442078fb7e80/gnocchi.1fbc97d7-86db-4a0c-90e2-e400244d4abc/none_v3" "txfa7dc335ca64425fb4dcc-0069289b4f" "object-server 96394" 0.0007 "-" 96061 0
Nov 27 13:41:19 np0005538165.novalocal object-server[96394]: ::1 - - [27/Nov/2025:18:41:19 +0000] "PUT /1/86208/AUTH_891a4d8ec8d044eaa174442078fb7e80/gnocchi.1fbc97d7-86db-4a0c-90e2-e400244d4abc/none_v3" 201 - "PUT https://[::1]:8080/v1/AUTH_891a4d8ec8d044eaa174442078fb7e80/gnocchi.1fbc97d7-86db-4a0c-90e2-e400244d4abc/none_v3" "txfa7dc335ca64425fb4dcc-0069289b4f" "proxy-server 97370" 0.0141 "-" 96394 0
Nov 27 13:41:19 np0005538165.novalocal container-server[96061]: ::1 - - [27/Nov/2025:18:41:19 +0000] "PUT /2/204183/AUTH_891a4d8ec8d044eaa174442078fb7e80/gnocchi.1fbc97d7-86db-4a0c-90e2-e400244d4abc/none_v3" 201 - "PUT http://[::1]:8080/3/86208/AUTH_891a4d8ec8d044eaa174442078fb7e80/gnocchi.1fbc97d7-86db-4a0c-90e2-e400244d4abc/none_v3" "txfa7dc335ca64425fb4dcc-0069289b4f" "object-server 96393" 0.0004 "-" 96061 0
Nov 27 13:41:19 np0005538165.novalocal object-server[96393]: ::1 - - [27/Nov/2025:18:41:19 +0000] "GET /1/51775/AUTH_891a4d8ec8d044eaa174442078fb7e80/gnocchi.46e09bd6-2b6a-433d-b981-6558e0cb9651/none_v3" 200 22 "GET https://[::1]:8080/v1/AUTH_891a4d8ec8d044eaa174442078fb7e80/gnocchi.46e09bd6-2b6a-433d-b981-6558e0cb9651/none_v3" "txa782596ad14d496e8878d-0069289b4f" "proxy-server 97369" 0.0009 "-" 96393 0
Nov 27 13:41:19 np0005538165.novalocal account-server[95766]: ::1 - - [27/Nov/2025:18:41:19 +0000] "PUT /2/91627/AUTH_891a4d8ec8d044eaa174442078fb7e80/gnocchi.d0c02e20-75a8-4569-b925-5ce2625bed11" 201 - "-" "-" "container-updater 95229" 0.0004 "-" 95766 0
Nov 27 13:41:19 np0005538165.novalocal account-server[95765]: ::1 - - [27/Nov/2025:18:41:19 +0000] "PUT /3/91627/AUTH_891a4d8ec8d044eaa174442078fb7e80/gnocchi.d0c02e20-75a8-4569-b925-5ce2625bed11" 201 - "-" "-" "container-updater 95229" 0.0005 "-" 95765 0
Nov 27 13:41:19 np0005538165.novalocal account-server[95766]: ::1 - - [27/Nov/2025:18:41:19 +0000] "PUT /1/91627/AUTH_891a4d8ec8d044eaa174442078fb7e80/gnocchi.d0c02e20-75a8-4569-b925-5ce2625bed11" 201 - "-" "-" "container-updater 95229" 0.0002 "-" 95766 0
Nov 27 13:41:19 np0005538165.novalocal object-server[96393]: ::1 - - [27/Nov/2025:18:41:19 +0000] "PUT /3/86208/AUTH_891a4d8ec8d044eaa174442078fb7e80/gnocchi.1fbc97d7-86db-4a0c-90e2-e400244d4abc/none_v3" 201 - "PUT https://[::1]:8080/v1/AUTH_891a4d8ec8d044eaa174442078fb7e80/gnocchi.1fbc97d7-86db-4a0c-90e2-e400244d4abc/none_v3" "txfa7dc335ca64425fb4dcc-0069289b4f" "proxy-server 97370" 0.0170 "-" 96393 0
Nov 27 13:41:19 np0005538165.novalocal proxy-server[97369]: ::1 ::1 27/Nov/2025/18/41/19 GET /v1/AUTH_891a4d8ec8d044eaa174442078fb7e80/gnocchi.46e09bd6-2b6a-433d-b981-6558e0cb9651/none_v3 HTTP/1.0 200 - python-swiftclient-4.7.0 gAAAAABpKJsYjUMx... - 22 - txa782596ad14d496e8878d-0069289b4f - 0.0090 - - 1764268879.465917110 1764268879.474889994 0
Nov 27 13:41:19 np0005538165.novalocal proxy-server[97370]: ::1 ::1 27/Nov/2025/18/41/19 PUT /v1/AUTH_891a4d8ec8d044eaa174442078fb7e80/gnocchi.1fbc97d7-86db-4a0c-90e2-e400244d4abc/none_v3 HTTP/1.0 201 - python-swiftclient-4.7.0 gAAAAABpKJsZdlPH... 31 - - txfa7dc335ca64425fb4dcc-0069289b4f - 0.0271 - - 1764268879.448557138 1764268879.475651979 0
Nov 27 13:41:19 np0005538165.novalocal container-server[96060]: ::1 - - [27/Nov/2025:18:41:19 +0000] "GET /3/71341/AUTH_891a4d8ec8d044eaa174442078fb7e80/gnocchi.46e09bd6-2b6a-433d-b981-6558e0cb9651" 200 357 "GET https://[::1]:8080/v1/AUTH_891a4d8ec8d044eaa174442078fb7e80/gnocchi.46e09bd6-2b6a-433d-b981-6558e0cb9651?format=json&states=listing" "tx0e970a9a2f404767848eb-0069289b4f" "proxy-server 97369" 0.0019 "-" 96060 0
Nov 27 13:41:19 np0005538165.novalocal proxy-server[97369]: ::1 ::1 27/Nov/2025/18/41/19 GET /v1/AUTH_891a4d8ec8d044eaa174442078fb7e80/gnocchi.46e09bd6-2b6a-433d-b981-6558e0cb9651%3Fformat%3Djson%26states%3Dlisting HTTP/1.0 200 - python-swiftclient-4.7.0 gAAAAABpKJsYjUMx... - 357 - tx0e970a9a2f404767848eb-0069289b4f - 0.0102 - - 1764268879.478285074 1764268879.488514900 0
Nov 27 13:41:19 np0005538165.novalocal container-server[96060]: ::1 - - [27/Nov/2025:18:41:19 +0000] "GET /2/71341/AUTH_891a4d8ec8d044eaa174442078fb7e80/gnocchi.46e09bd6-2b6a-433d-b981-6558e0cb9651" 200 2 "GET https://[::1]:8080/v1/AUTH_891a4d8ec8d044eaa174442078fb7e80/gnocchi.46e09bd6-2b6a-433d-b981-6558e0cb9651?format=json&marker=none_v3&states=listing" "txe62a27c4bf834694afff3-0069289b4f" "proxy-server 97369" 0.0015 "-" 96060 0
Nov 27 13:41:19 np0005538165.novalocal proxy-server[97369]: ::1 ::1 27/Nov/2025/18/41/19 GET /v1/AUTH_891a4d8ec8d044eaa174442078fb7e80/gnocchi.46e09bd6-2b6a-433d-b981-6558e0cb9651%3Fformat%3Djson%26marker%3Dnone_v3%26states%3Dlisting HTTP/1.0 200 - python-swiftclient-4.7.0 gAAAAABpKJsYjUMx... - 2 - txe62a27c4bf834694afff3-0069289b4f - 0.0108 - - 1764268879.492684364 1764268879.503495216 0
Nov 27 13:41:19 np0005538165.novalocal object-server[96393]: ::1 - - [27/Nov/2025:18:41:19 +0000] "GET /3/129422/AUTH_891a4d8ec8d044eaa174442078fb7e80/gnocchi.46e09bd6-2b6a-433d-b981-6558e0cb9651/1763640000.0_mean_300.0_v3" 200 16 "GET https://[::1]:8080/v1/AUTH_891a4d8ec8d044eaa174442078fb7e80/gnocchi.46e09bd6-2b6a-433d-b981-6558e0cb9651/1763640000.0_mean_300.0_v3" "txa7b89b4366774d6a9518f-0069289b4f" "proxy-server 97369" 0.0008 "-" 96393 0
Nov 27 13:41:19 np0005538165.novalocal object-server[96394]: ::1 - - [27/Nov/2025:18:41:19 +0000] "GET /3/205791/AUTH_891a4d8ec8d044eaa174442078fb7e80/gnocchi.bbe75a0c-d4e0-4289-904c-544571b5fed8/none_v3" 200 22 "GET https://[::1]:8080/v1/AUTH_891a4d8ec8d044eaa174442078fb7e80/gnocchi.bbe75a0c-d4e0-4289-904c-544571b5fed8/none_v3" "tx400841084c7d4b9c8ca56-0069289b4f" "proxy-server 97370" 0.0008 "-" 96394 0
Nov 27 13:41:19 np0005538165.novalocal proxy-server[97370]: ::1 ::1 27/Nov/2025/18/41/19 GET /v1/AUTH_891a4d8ec8d044eaa174442078fb7e80/gnocchi.bbe75a0c-d4e0-4289-904c-544571b5fed8/none_v3 HTTP/1.0 200 - python-swiftclient-4.7.0 gAAAAABpKJsZdlPH... - 22 - tx400841084c7d4b9c8ca56-0069289b4f - 0.0079 - - 1764268879.511369944 1764268879.519316912 0
Nov 27 13:41:19 np0005538165.novalocal proxy-server[97369]: ::1 ::1 27/Nov/2025/18/41/19 GET /v1/AUTH_891a4d8ec8d044eaa174442078fb7e80/gnocchi.46e09bd6-2b6a-433d-b981-6558e0cb9651/1763640000.0_mean_300.0_v3 HTTP/1.0 200 - python-swiftclient-4.7.0 gAAAAABpKJsYjUMx... - 16 - txa7b89b4366774d6a9518f-0069289b4f - 0.0138 - - 1764268879.507549524 1764268879.521328688 0
Nov 27 13:41:19 np0005538165.novalocal container-server[96060]: ::1 - - [27/Nov/2025:18:41:19 +0000] "GET /1/51739/AUTH_891a4d8ec8d044eaa174442078fb7e80/gnocchi.bbe75a0c-d4e0-4289-904c-544571b5fed8" 200 357 "GET https://[::1]:8080/v1/AUTH_891a4d8ec8d044eaa174442078fb7e80/gnocchi.bbe75a0c-d4e0-4289-904c-544571b5fed8?format=json&states=listing" "tx59c86f8c9b9f4b7ca65fc-0069289b4f" "proxy-server 97370" 0.0018 "-" 96060 0
Nov 27 13:41:19 np0005538165.novalocal proxy-server[97370]: ::1 ::1 27/Nov/2025/18/41/19 GET /v1/AUTH_891a4d8ec8d044eaa174442078fb7e80/gnocchi.bbe75a0c-d4e0-4289-904c-544571b5fed8%3Fformat%3Djson%26states%3Dlisting HTTP/1.0 200 - python-swiftclient-4.7.0 gAAAAABpKJsZdlPH... - 357 - tx59c86f8c9b9f4b7ca65fc-0069289b4f - 0.0082 - - 1764268879.523961306 1764268879.532163382 0
Nov 27 13:41:19 np0005538165.novalocal container-server[96061]: ::1 - - [27/Nov/2025:18:41:19 +0000] "GET /3/51739/AUTH_891a4d8ec8d044eaa174442078fb7e80/gnocchi.bbe75a0c-d4e0-4289-904c-544571b5fed8" 200 2 "GET https://[::1]:8080/v1/AUTH_891a4d8ec8d044eaa174442078fb7e80/gnocchi.bbe75a0c-d4e0-4289-904c-544571b5fed8?format=json&marker=none_v3&states=listing" "tx130d4fbab9c345579eb78-0069289b4f" "proxy-server 97370" 0.0030 "-" 96061 0
Nov 27 13:41:19 np0005538165.novalocal container-server[96061]: ::1 - - [27/Nov/2025:18:41:19 +0000] "PUT /2/71341/AUTH_891a4d8ec8d044eaa174442078fb7e80/gnocchi.46e09bd6-2b6a-433d-b981-6558e0cb9651/1763640000.0_mean_300.0_v3" 201 - "PUT http://[::1]:8080/1/129422/AUTH_891a4d8ec8d044eaa174442078fb7e80/gnocchi.46e09bd6-2b6a-433d-b981-6558e0cb9651/1763640000.0_mean_300.0_v3" "tx84413e9b6bc94538bccd3-0069289b4f" "object-server 96394" 0.0004 "-" 96061 0
Nov 27 13:41:19 np0005538165.novalocal container-server[96060]: ::1 - - [27/Nov/2025:18:41:19 +0000] "PUT /3/71341/AUTH_891a4d8ec8d044eaa174442078fb7e80/gnocchi.46e09bd6-2b6a-433d-b981-6558e0cb9651/1763640000.0_mean_300.0_v3" 201 - "PUT http://[::1]:8080/3/129422/AUTH_891a4d8ec8d044eaa174442078fb7e80/gnocchi.46e09bd6-2b6a-433d-b981-6558e0cb9651/1763640000.0_mean_300.0_v3" "tx84413e9b6bc94538bccd3-0069289b4f" "object-server 96393" 0.0004 "-" 96060 0
Nov 27 13:41:19 np0005538165.novalocal object-server[96394]: ::1 - - [27/Nov/2025:18:41:19 +0000] "PUT /1/129422/AUTH_891a4d8ec8d044eaa174442078fb7e80/gnocchi.46e09bd6-2b6a-433d-b981-6558e0cb9651/1763640000.0_mean_300.0_v3" 201 - "PUT https://[::1]:8080/v1/AUTH_891a4d8ec8d044eaa174442078fb7e80/gnocchi.46e09bd6-2b6a-433d-b981-6558e0cb9651/1763640000.0_mean_300.0_v3" "tx84413e9b6bc94538bccd3-0069289b4f" "proxy-server 97369" 0.0128 "-" 96394 0
Nov 27 13:41:19 np0005538165.novalocal container-server[96061]: ::1 - - [27/Nov/2025:18:41:19 +0000] "PUT /1/71341/AUTH_891a4d8ec8d044eaa174442078fb7e80/gnocchi.46e09bd6-2b6a-433d-b981-6558e0cb9651/1763640000.0_mean_300.0_v3" 201 - "PUT http://[::1]:8080/2/129422/AUTH_891a4d8ec8d044eaa174442078fb7e80/gnocchi.46e09bd6-2b6a-433d-b981-6558e0cb9651/1763640000.0_mean_300.0_v3" "tx84413e9b6bc94538bccd3-0069289b4f" "object-server 96393" 0.0004 "-" 96061 0
Nov 27 13:41:19 np0005538165.novalocal object-server[96393]: ::1 - - [27/Nov/2025:18:41:19 +0000] "PUT /3/129422/AUTH_891a4d8ec8d044eaa174442078fb7e80/gnocchi.46e09bd6-2b6a-433d-b981-6558e0cb9651/1763640000.0_mean_300.0_v3" 201 - "PUT https://[::1]:8080/v1/AUTH_891a4d8ec8d044eaa174442078fb7e80/gnocchi.46e09bd6-2b6a-433d-b981-6558e0cb9651/1763640000.0_mean_300.0_v3" "tx84413e9b6bc94538bccd3-0069289b4f" "proxy-server 97369" 0.0107 "-" 96393 0
Nov 27 13:41:19 np0005538165.novalocal object-server[96393]: ::1 - - [27/Nov/2025:18:41:19 +0000] "PUT /2/129422/AUTH_891a4d8ec8d044eaa174442078fb7e80/gnocchi.46e09bd6-2b6a-433d-b981-6558e0cb9651/1763640000.0_mean_300.0_v3" 201 - "PUT https://[::1]:8080/v1/AUTH_891a4d8ec8d044eaa174442078fb7e80/gnocchi.46e09bd6-2b6a-433d-b981-6558e0cb9651/1763640000.0_mean_300.0_v3" "tx84413e9b6bc94538bccd3-0069289b4f" "proxy-server 97369" 0.0100 "-" 96393 0
Nov 27 13:41:19 np0005538165.novalocal proxy-server[97370]: ::1 ::1 27/Nov/2025/18/41/19 GET /v1/AUTH_891a4d8ec8d044eaa174442078fb7e80/gnocchi.bbe75a0c-d4e0-4289-904c-544571b5fed8%3Fformat%3Djson%26marker%3Dnone_v3%26states%3Dlisting HTTP/1.0 200 - python-swiftclient-4.7.0 gAAAAABpKJsZdlPH... - 2 - tx130d4fbab9c345579eb78-0069289b4f - 0.0152 - - 1764268879.535830736 1764268879.551023245 0
Nov 27 13:41:19 np0005538165.novalocal proxy-server[97369]: ::1 ::1 27/Nov/2025/18/41/19 PUT /v1/AUTH_891a4d8ec8d044eaa174442078fb7e80/gnocchi.46e09bd6-2b6a-433d-b981-6558e0cb9651/1763640000.0_mean_300.0_v3 HTTP/1.0 201 - python-swiftclient-4.7.0 gAAAAABpKJsYjUMx... 16 - - tx84413e9b6bc94538bccd3-0069289b4f - 0.0248 - - 1764268879.527866125 1764268879.552621365 0
Nov 27 13:41:19 np0005538165.novalocal object-server[96393]: ::1 - - [27/Nov/2025:18:41:19 +0000] "GET /1/94951/AUTH_891a4d8ec8d044eaa174442078fb7e80/gnocchi.bbe75a0c-d4e0-4289-904c-544571b5fed8/1763640000.0_mean_300.0_v3" 200 16 "GET https://[::1]:8080/v1/AUTH_891a4d8ec8d044eaa174442078fb7e80/gnocchi.bbe75a0c-d4e0-4289-904c-544571b5fed8/1763640000.0_mean_300.0_v3" "tx16c623569447493190e48-0069289b4f" "proxy-server 97370" 0.0007 "-" 96393 0
Nov 27 13:41:19 np0005538165.novalocal proxy-server[97370]: ::1 ::1 27/Nov/2025/18/41/19 GET /v1/AUTH_891a4d8ec8d044eaa174442078fb7e80/gnocchi.bbe75a0c-d4e0-4289-904c-544571b5fed8/1763640000.0_mean_300.0_v3 HTTP/1.0 200 - python-swiftclient-4.7.0 gAAAAABpKJsZdlPH... - 16 - tx16c623569447493190e48-0069289b4f - 0.0067 - - 1764268879.556380749 1764268879.563092709 0
Nov 27 13:41:19 np0005538165.novalocal account-server[95765]: ::1 - - [27/Nov/2025:18:41:19 +0000] "PUT /2/91627/AUTH_891a4d8ec8d044eaa174442078fb7e80/gnocchi.8ce013f2-cbd1-4999-a175-489f2d7ad5ed" 201 - "-" "-" "container-updater 95229" 0.0003 "-" 95765 0
Nov 27 13:41:19 np0005538165.novalocal account-server[95766]: ::1 - - [27/Nov/2025:18:41:19 +0000] "PUT /3/91627/AUTH_891a4d8ec8d044eaa174442078fb7e80/gnocchi.8ce013f2-cbd1-4999-a175-489f2d7ad5ed" 201 - "-" "-" "container-updater 95229" 0.0015 "-" 95766 0
Nov 27 13:41:19 np0005538165.novalocal container-server[96060]: ::1 - - [27/Nov/2025:18:41:19 +0000] "PUT /1/71341/AUTH_891a4d8ec8d044eaa174442078fb7e80/gnocchi.46e09bd6-2b6a-433d-b981-6558e0cb9651/none_v3" 201 - "PUT http://[::1]:8080/3/51775/AUTH_891a4d8ec8d044eaa174442078fb7e80/gnocchi.46e09bd6-2b6a-433d-b981-6558e0cb9651/none_v3" "tx90974ed93ed34b038c280-0069289b4f" "object-server 96393" 0.0006 "-" 96060 0
Nov 27 13:41:19 np0005538165.novalocal account-server[95765]: ::1 - - [27/Nov/2025:18:41:19 +0000] "PUT /1/91627/AUTH_891a4d8ec8d044eaa174442078fb7e80/gnocchi.8ce013f2-cbd1-4999-a175-489f2d7ad5ed" 201 - "-" "-" "container-updater 95229" 0.0002 "-" 95765 0
Nov 27 13:41:19 np0005538165.novalocal object-server[96393]: ::1 - - [27/Nov/2025:18:41:19 +0000] "PUT /3/51775/AUTH_891a4d8ec8d044eaa174442078fb7e80/gnocchi.46e09bd6-2b6a-433d-b981-6558e0cb9651/none_v3" 201 - "PUT https://[::1]:8080/v1/AUTH_891a4d8ec8d044eaa174442078fb7e80/gnocchi.46e09bd6-2b6a-433d-b981-6558e0cb9651/none_v3" "tx90974ed93ed34b038c280-0069289b4f" "proxy-server 97369" 0.0104 "-" 96393 0
Nov 27 13:41:19 np0005538165.novalocal container-server[96061]: ::1 - - [27/Nov/2025:18:41:19 +0000] "PUT /2/71341/AUTH_891a4d8ec8d044eaa174442078fb7e80/gnocchi.46e09bd6-2b6a-433d-b981-6558e0cb9651/none_v3" 201 - "PUT http://[::1]:8080/2/51775/AUTH_891a4d8ec8d044eaa174442078fb7e80/gnocchi.46e09bd6-2b6a-433d-b981-6558e0cb9651/none_v3" "tx90974ed93ed34b038c280-0069289b4f" "object-server 96393" 0.0005 "-" 96061 0
Nov 27 13:41:19 np0005538165.novalocal object-server[96393]: ::1 - - [27/Nov/2025:18:41:19 +0000] "PUT /2/51775/AUTH_891a4d8ec8d044eaa174442078fb7e80/gnocchi.46e09bd6-2b6a-433d-b981-6558e0cb9651/none_v3" 201 - "PUT https://[::1]:8080/v1/AUTH_891a4d8ec8d044eaa174442078fb7e80/gnocchi.46e09bd6-2b6a-433d-b981-6558e0cb9651/none_v3" "tx90974ed93ed34b038c280-0069289b4f" "proxy-server 97369" 0.0141 "-" 96393 0
Nov 27 13:41:19 np0005538165.novalocal container-server[96061]: ::1 - - [27/Nov/2025:18:41:19 +0000] "PUT /3/71341/AUTH_891a4d8ec8d044eaa174442078fb7e80/gnocchi.46e09bd6-2b6a-433d-b981-6558e0cb9651/none_v3" 201 - "PUT http://[::1]:8080/1/51775/AUTH_891a4d8ec8d044eaa174442078fb7e80/gnocchi.46e09bd6-2b6a-433d-b981-6558e0cb9651/none_v3" "tx90974ed93ed34b038c280-0069289b4f" "object-server 96393" 0.0003 "-" 96061 0
Nov 27 13:41:19 np0005538165.novalocal object-server[96393]: ::1 - - [27/Nov/2025:18:41:19 +0000] "PUT /1/51775/AUTH_891a4d8ec8d044eaa174442078fb7e80/gnocchi.46e09bd6-2b6a-433d-b981-6558e0cb9651/none_v3" 201 - "PUT https://[::1]:8080/v1/AUTH_891a4d8ec8d044eaa174442078fb7e80/gnocchi.46e09bd6-2b6a-433d-b981-6558e0cb9651/none_v3" "tx90974ed93ed34b038c280-0069289b4f" "proxy-server 97369" 0.0124 "-" 96393 0
Nov 27 13:41:19 np0005538165.novalocal proxy-server[97369]: ::1 ::1 27/Nov/2025/18/41/19 PUT /v1/AUTH_891a4d8ec8d044eaa174442078fb7e80/gnocchi.46e09bd6-2b6a-433d-b981-6558e0cb9651/none_v3 HTTP/1.0 201 - python-swiftclient-4.7.0 gAAAAABpKJsYjUMx... 27 - - tx90974ed93ed34b038c280-0069289b4f - 0.0251 - - 1764268879.555511713 1764268879.580566883 0
Nov 27 13:41:19 np0005538165.novalocal container-server[96061]: ::1 - - [27/Nov/2025:18:41:19 +0000] "PUT /1/51739/AUTH_891a4d8ec8d044eaa174442078fb7e80/gnocchi.bbe75a0c-d4e0-4289-904c-544571b5fed8/1763640000.0_mean_300.0_v3" 201 - "PUT http://[::1]:8080/3/94951/AUTH_891a4d8ec8d044eaa174442078fb7e80/gnocchi.bbe75a0c-d4e0-4289-904c-544571b5fed8/1763640000.0_mean_300.0_v3" "txd1999601c9114091a0aa6-0069289b4f" "object-server 96394" 0.0004 "-" 96061 0
Nov 27 13:41:19 np0005538165.novalocal object-server[96394]: ::1 - - [27/Nov/2025:18:41:19 +0000] "PUT /3/94951/AUTH_891a4d8ec8d044eaa174442078fb7e80/gnocchi.bbe75a0c-d4e0-4289-904c-544571b5fed8/1763640000.0_mean_300.0_v3" 201 - "PUT https://[::1]:8080/v1/AUTH_891a4d8ec8d044eaa174442078fb7e80/gnocchi.bbe75a0c-d4e0-4289-904c-544571b5fed8/1763640000.0_mean_300.0_v3" "txd1999601c9114091a0aa6-0069289b4f" "proxy-server 97370" 0.0116 "-" 96394 0
Nov 27 13:41:19 np0005538165.novalocal container-server[96060]: ::1 - - [27/Nov/2025:18:41:19 +0000] "PUT /2/51739/AUTH_891a4d8ec8d044eaa174442078fb7e80/gnocchi.bbe75a0c-d4e0-4289-904c-544571b5fed8/1763640000.0_mean_300.0_v3" 201 - "PUT http://[::1]:8080/2/94951/AUTH_891a4d8ec8d044eaa174442078fb7e80/gnocchi.bbe75a0c-d4e0-4289-904c-544571b5fed8/1763640000.0_mean_300.0_v3" "txd1999601c9114091a0aa6-0069289b4f" "object-server 96394" 0.0006 "-" 96060 0
Nov 27 13:41:19 np0005538165.novalocal object-server[96394]: ::1 - - [27/Nov/2025:18:41:19 +0000] "PUT /2/94951/AUTH_891a4d8ec8d044eaa174442078fb7e80/gnocchi.bbe75a0c-d4e0-4289-904c-544571b5fed8/1763640000.0_mean_300.0_v3" 201 - "PUT https://[::1]:8080/v1/AUTH_891a4d8ec8d044eaa174442078fb7e80/gnocchi.bbe75a0c-d4e0-4289-904c-544571b5fed8/1763640000.0_mean_300.0_v3" "txd1999601c9114091a0aa6-0069289b4f" "proxy-server 97370" 0.0114 "-" 96394 0
Nov 27 13:41:19 np0005538165.novalocal container-server[96060]: ::1 - - [27/Nov/2025:18:41:19 +0000] "PUT /3/51739/AUTH_891a4d8ec8d044eaa174442078fb7e80/gnocchi.bbe75a0c-d4e0-4289-904c-544571b5fed8/1763640000.0_mean_300.0_v3" 201 - "PUT http://[::1]:8080/1/94951/AUTH_891a4d8ec8d044eaa174442078fb7e80/gnocchi.bbe75a0c-d4e0-4289-904c-544571b5fed8/1763640000.0_mean_300.0_v3" "txd1999601c9114091a0aa6-0069289b4f" "object-server 96394" 0.0003 "-" 96060 0
Nov 27 13:41:19 np0005538165.novalocal object-server[96394]: ::1 - - [27/Nov/2025:18:41:19 +0000] "PUT /1/94951/AUTH_891a4d8ec8d044eaa174442078fb7e80/gnocchi.bbe75a0c-d4e0-4289-904c-544571b5fed8/1763640000.0_mean_300.0_v3" 201 - "PUT https://[::1]:8080/v1/AUTH_891a4d8ec8d044eaa174442078fb7e80/gnocchi.bbe75a0c-d4e0-4289-904c-544571b5fed8/1763640000.0_mean_300.0_v3" "txd1999601c9114091a0aa6-0069289b4f" "proxy-server 97370" 0.0165 "-" 96394 0
Nov 27 13:41:19 np0005538165.novalocal proxy-server[97370]: ::1 ::1 27/Nov/2025/18/41/19 PUT /v1/AUTH_891a4d8ec8d044eaa174442078fb7e80/gnocchi.bbe75a0c-d4e0-4289-904c-544571b5fed8/1763640000.0_mean_300.0_v3 HTTP/1.0 201 - python-swiftclient-4.7.0 gAAAAABpKJsZdlPH... 16 - - txd1999601c9114091a0aa6-0069289b4f - 0.0321 - - 1764268879.566405535 1764268879.598485231 0
Nov 27 13:41:19 np0005538165.novalocal object-server[96393]: ::1 - - [27/Nov/2025:18:41:19 +0000] "GET /3/118779/AUTH_891a4d8ec8d044eaa174442078fb7e80/gnocchi.5aff5d27-a90c-41f5-9ee1-b16acae5d75f/none_v3" 200 22 "GET https://[::1]:8080/v1/AUTH_891a4d8ec8d044eaa174442078fb7e80/gnocchi.5aff5d27-a90c-41f5-9ee1-b16acae5d75f/none_v3" "txa985d684cffe418eb070a-0069289b4f" "proxy-server 97369" 0.0008 "-" 96393 0
Nov 27 13:41:19 np0005538165.novalocal proxy-server[97369]: ::1 ::1 27/Nov/2025/18/41/19 GET /v1/AUTH_891a4d8ec8d044eaa174442078fb7e80/gnocchi.5aff5d27-a90c-41f5-9ee1-b16acae5d75f/none_v3 HTTP/1.0 200 - python-swiftclient-4.7.0 gAAAAABpKJsYjUMx... - 22 - txa985d684cffe418eb070a-0069289b4f - 0.0065 - - 1764268879.599903584 1764268879.606415987 0
Nov 27 13:41:19 np0005538165.novalocal container-server[96061]: ::1 - - [27/Nov/2025:18:41:19 +0000] "GET /3/204824/AUTH_891a4d8ec8d044eaa174442078fb7e80/gnocchi.5aff5d27-a90c-41f5-9ee1-b16acae5d75f" 200 357 "GET https://[::1]:8080/v1/AUTH_891a4d8ec8d044eaa174442078fb7e80/gnocchi.5aff5d27-a90c-41f5-9ee1-b16acae5d75f?format=json&states=listing" "txe3114b641dd64078abebd-0069289b4f" "proxy-server 97369" 0.0024 "-" 96061 0
Nov 27 13:41:19 np0005538165.novalocal container-server[96060]: ::1 - - [27/Nov/2025:18:41:19 +0000] "PUT /2/51739/AUTH_891a4d8ec8d044eaa174442078fb7e80/gnocchi.bbe75a0c-d4e0-4289-904c-544571b5fed8/none_v3" 201 - "PUT http://[::1]:8080/1/205791/AUTH_891a4d8ec8d044eaa174442078fb7e80/gnocchi.bbe75a0c-d4e0-4289-904c-544571b5fed8/none_v3" "txfa24c4fb354c41a79a934-0069289b4f" "object-server 96394" 0.0006 "-" 96060 0
Nov 27 13:41:19 np0005538165.novalocal container-server[96061]: ::1 - - [27/Nov/2025:18:41:19 +0000] "PUT /1/51739/AUTH_891a4d8ec8d044eaa174442078fb7e80/gnocchi.bbe75a0c-d4e0-4289-904c-544571b5fed8/none_v3" 201 - "PUT http://[::1]:8080/3/205791/AUTH_891a4d8ec8d044eaa174442078fb7e80/gnocchi.bbe75a0c-d4e0-4289-904c-544571b5fed8/none_v3" "txfa24c4fb354c41a79a934-0069289b4f" "object-server 96393" 0.0005 "-" 96061 0
Nov 27 13:41:19 np0005538165.novalocal object-server[96394]: ::1 - - [27/Nov/2025:18:41:19 +0000] "PUT /1/205791/AUTH_891a4d8ec8d044eaa174442078fb7e80/gnocchi.bbe75a0c-d4e0-4289-904c-544571b5fed8/none_v3" 201 - "PUT https://[::1]:8080/v1/AUTH_891a4d8ec8d044eaa174442078fb7e80/gnocchi.bbe75a0c-d4e0-4289-904c-544571b5fed8/none_v3" "txfa24c4fb354c41a79a934-0069289b4f" "proxy-server 97370" 0.0091 "-" 96394 0
Nov 27 13:41:19 np0005538165.novalocal object-server[96393]: ::1 - - [27/Nov/2025:18:41:19 +0000] "PUT /3/205791/AUTH_891a4d8ec8d044eaa174442078fb7e80/gnocchi.bbe75a0c-d4e0-4289-904c-544571b5fed8/none_v3" 201 - "PUT https://[::1]:8080/v1/AUTH_891a4d8ec8d044eaa174442078fb7e80/gnocchi.bbe75a0c-d4e0-4289-904c-544571b5fed8/none_v3" "txfa24c4fb354c41a79a934-0069289b4f" "proxy-server 97370" 0.0107 "-" 96393 0
Nov 27 13:41:19 np0005538165.novalocal proxy-server[97369]: ::1 ::1 27/Nov/2025/18/41/19 GET /v1/AUTH_891a4d8ec8d044eaa174442078fb7e80/gnocchi.5aff5d27-a90c-41f5-9ee1-b16acae5d75f%3Fformat%3Djson%26states%3Dlisting HTTP/1.0 200 - python-swiftclient-4.7.0 gAAAAABpKJsYjUMx... - 357 - txe3114b641dd64078abebd-0069289b4f - 0.0096 - - 1764268879.609492302 1764268879.619097710 0
Nov 27 13:41:19 np0005538165.novalocal container-server[96061]: ::1 - - [27/Nov/2025:18:41:19 +0000] "PUT /3/51739/AUTH_891a4d8ec8d044eaa174442078fb7e80/gnocchi.bbe75a0c-d4e0-4289-904c-544571b5fed8/none_v3" 201 - "PUT http://[::1]:8080/2/205791/AUTH_891a4d8ec8d044eaa174442078fb7e80/gnocchi.bbe75a0c-d4e0-4289-904c-544571b5fed8/none_v3" "txfa24c4fb354c41a79a934-0069289b4f" "object-server 96394" 0.0003 "-" 96061 0
Nov 27 13:41:19 np0005538165.novalocal object-server[96394]: ::1 - - [27/Nov/2025:18:41:19 +0000] "PUT /2/205791/AUTH_891a4d8ec8d044eaa174442078fb7e80/gnocchi.bbe75a0c-d4e0-4289-904c-544571b5fed8/none_v3" 201 - "PUT https://[::1]:8080/v1/AUTH_891a4d8ec8d044eaa174442078fb7e80/gnocchi.bbe75a0c-d4e0-4289-904c-544571b5fed8/none_v3" "txfa24c4fb354c41a79a934-0069289b4f" "proxy-server 97370" 0.0134 "-" 96394 0
Nov 27 13:41:19 np0005538165.novalocal proxy-server[97370]: ::1 ::1 27/Nov/2025/18/41/19 PUT /v1/AUTH_891a4d8ec8d044eaa174442078fb7e80/gnocchi.bbe75a0c-d4e0-4289-904c-544571b5fed8/none_v3 HTTP/1.0 201 - python-swiftclient-4.7.0 gAAAAABpKJsZdlPH... 31 - - txfa24c4fb354c41a79a934-0069289b4f - 0.0205 - - 1764268879.601686478 1764268879.622171640 0
Nov 27 13:41:19 np0005538165.novalocal container-server[96060]: ::1 - - [27/Nov/2025:18:41:19 +0000] "GET /1/204824/AUTH_891a4d8ec8d044eaa174442078fb7e80/gnocchi.5aff5d27-a90c-41f5-9ee1-b16acae5d75f" 200 2 "GET https://[::1]:8080/v1/AUTH_891a4d8ec8d044eaa174442078fb7e80/gnocchi.5aff5d27-a90c-41f5-9ee1-b16acae5d75f?format=json&marker=none_v3&states=listing" "txa9ab70b41d504872947a8-0069289b4f" "proxy-server 97369" 0.0024 "-" 96060 0
Nov 27 13:41:19 np0005538165.novalocal proxy-server[97369]: ::1 ::1 27/Nov/2025/18/41/19 GET /v1/AUTH_891a4d8ec8d044eaa174442078fb7e80/gnocchi.5aff5d27-a90c-41f5-9ee1-b16acae5d75f%3Fformat%3Djson%26marker%3Dnone_v3%26states%3Dlisting HTTP/1.0 200 - python-swiftclient-4.7.0 gAAAAABpKJsYjUMx... - 2 - txa9ab70b41d504872947a8-0069289b4f - 0.0081 - - 1764268879.621917963 1764268879.630030632 0
Nov 27 13:41:19 np0005538165.novalocal object-server[96394]: ::1 - - [27/Nov/2025:18:41:19 +0000] "GET /2/219239/AUTH_891a4d8ec8d044eaa174442078fb7e80/gnocchi.5aff5d27-a90c-41f5-9ee1-b16acae5d75f/1763640000.0_mean_300.0_v3" 200 16 "GET https://[::1]:8080/v1/AUTH_891a4d8ec8d044eaa174442078fb7e80/gnocchi.5aff5d27-a90c-41f5-9ee1-b16acae5d75f/1763640000.0_mean_300.0_v3" "tx7993137f5737400ba8170-0069289b4f" "proxy-server 97369" 0.0007 "-" 96394 0
Nov 27 13:41:19 np0005538165.novalocal proxy-server[97369]: ::1 ::1 27/Nov/2025/18/41/19 GET /v1/AUTH_891a4d8ec8d044eaa174442078fb7e80/gnocchi.5aff5d27-a90c-41f5-9ee1-b16acae5d75f/1763640000.0_mean_300.0_v3 HTTP/1.0 200 - python-swiftclient-4.7.0 gAAAAABpKJsYjUMx... - 16 - tx7993137f5737400ba8170-0069289b4f - 0.0062 - - 1764268879.633275032 1764268879.639441252 0
Nov 27 13:41:19 np0005538165.novalocal kernel: qvb3a086e17-20: left allmulticast mode
Nov 27 13:41:19 np0005538165.novalocal kernel: qvb3a086e17-20: left promiscuous mode
Nov 27 13:41:19 np0005538165.novalocal kernel: qbr3a086e17-20: port 1(qvb3a086e17-20) entered disabled state
Nov 27 13:41:19 np0005538165.novalocal container-server[96060]: ::1 - - [27/Nov/2025:18:41:19 +0000] "PUT /1/204824/AUTH_891a4d8ec8d044eaa174442078fb7e80/gnocchi.5aff5d27-a90c-41f5-9ee1-b16acae5d75f/1763640000.0_mean_300.0_v3" 201 - "PUT http://[::1]:8080/3/219239/AUTH_891a4d8ec8d044eaa174442078fb7e80/gnocchi.5aff5d27-a90c-41f5-9ee1-b16acae5d75f/1763640000.0_mean_300.0_v3" "tx6efcb27b32ba416e951cb-0069289b4f" "object-server 96393" 0.0005 "-" 96060 0
