Nov 27 13:40:27 np0005538165.novalocal account-server[95766]: ::1 - - [27/Nov/2025:18:40:27 +0000] "PUT /1/91627/AUTH_891a4d8ec8d044eaa174442078fb7e80/gnocchi.39a7073e-948c-4301-852b-f885166f30c6" 201 - "PUT http://[::1]:6001/2/82947/AUTH_891a4d8ec8d044eaa174442078fb7e80/gnocchi.39a7073e-948c-4301-852b-f885166f30c6" "tx0c986c7b564d46d6aac9b-0069289b1b" "container-server 96060" 0.0056 "-" 95766 0
Nov 27 13:40:27 np0005538165.novalocal container-server[96060]: ::1 - - [27/Nov/2025:18:40:27 +0000] "PUT /2/82947/AUTH_891a4d8ec8d044eaa174442078fb7e80/gnocchi.39a7073e-948c-4301-852b-f885166f30c6" 201 - "PUT https://[::1]:8080/v1/AUTH_891a4d8ec8d044eaa174442078fb7e80/gnocchi.39a7073e-948c-4301-852b-f885166f30c6" "tx0c986c7b564d46d6aac9b-0069289b1b" "proxy-server 97369" 0.0169 "-" 96060 0
Nov 27 13:40:27 np0005538165.novalocal account-server[95766]: ::1 - - [27/Nov/2025:18:40:27 +0000] "PUT /2/91627/AUTH_891a4d8ec8d044eaa174442078fb7e80/gnocchi.39a7073e-948c-4301-852b-f885166f30c6" 201 - "PUT http://[::1]:6001/1/82947/AUTH_891a4d8ec8d044eaa174442078fb7e80/gnocchi.39a7073e-948c-4301-852b-f885166f30c6" "tx0c986c7b564d46d6aac9b-0069289b1b" "container-server 96061" 0.0031 "-" 95766 0
Nov 27 13:40:27 np0005538165.novalocal container-server[96061]: ::1 - - [27/Nov/2025:18:40:27 +0000] "PUT /1/82947/AUTH_891a4d8ec8d044eaa174442078fb7e80/gnocchi.39a7073e-948c-4301-852b-f885166f30c6" 201 - "PUT https://[::1]:8080/v1/AUTH_891a4d8ec8d044eaa174442078fb7e80/gnocchi.39a7073e-948c-4301-852b-f885166f30c6" "tx0c986c7b564d46d6aac9b-0069289b1b" "proxy-server 97369" 0.0255 "-" 96061 0
Nov 27 13:40:27 np0005538165.novalocal account-server[95765]: ::1 - - [27/Nov/2025:18:40:27 +0000] "PUT /3/91627/AUTH_891a4d8ec8d044eaa174442078fb7e80/gnocchi.39a7073e-948c-4301-852b-f885166f30c6" 201 - "PUT http://[::1]:6001/3/82947/AUTH_891a4d8ec8d044eaa174442078fb7e80/gnocchi.39a7073e-948c-4301-852b-f885166f30c6" "tx0c986c7b564d46d6aac9b-0069289b1b" "container-server 96061" 0.0042 "-" 95765 0
Nov 27 13:40:27 np0005538165.novalocal container-server[96061]: ::1 - - [27/Nov/2025:18:40:27 +0000] "PUT /3/82947/AUTH_891a4d8ec8d044eaa174442078fb7e80/gnocchi.39a7073e-948c-4301-852b-f885166f30c6" 201 - "PUT https://[::1]:8080/v1/AUTH_891a4d8ec8d044eaa174442078fb7e80/gnocchi.39a7073e-948c-4301-852b-f885166f30c6" "tx0c986c7b564d46d6aac9b-0069289b1b" "proxy-server 97369" 0.0129 "-" 96061 0
Nov 27 13:40:27 np0005538165.novalocal proxy-server[97369]: ::1 ::1 27/Nov/2025/18/40/27 PUT /v1/AUTH_891a4d8ec8d044eaa174442078fb7e80/gnocchi.39a7073e-948c-4301-852b-f885166f30c6 HTTP/1.0 201 - python-swiftclient-4.7.0 gAAAAABpKJsYjUMx... - - - tx0c986c7b564d46d6aac9b-0069289b1b - 0.0327 - - 1764268827.365904808 1764268827.398584127 0
Nov 27 13:40:27 np0005538165.novalocal container-server[96060]: ::1 - - [27/Nov/2025:18:40:27 +0000] "HEAD /3/82947/AUTH_891a4d8ec8d044eaa174442078fb7e80/gnocchi.39a7073e-948c-4301-852b-f885166f30c6" 204 - "HEAD http://[::1]:8080/v1/AUTH_891a4d8ec8d044eaa174442078fb7e80/gnocchi.39a7073e-948c-4301-852b-f885166f30c6" "txa6b00277aa1f4eb5a2a60-0069289b1b" "proxy-server 97369" 0.0015 "-" 96060 0
Nov 27 13:40:27 np0005538165.novalocal proxy-server[97369]: - - 27/Nov/2025/18/40/27 HEAD /v1/AUTH_891a4d8ec8d044eaa174442078fb7e80/gnocchi.39a7073e-948c-4301-852b-f885166f30c6 HTTP/1.0 204 - Swift - - - - txa6b00277aa1f4eb5a2a60-0069289b1b - 0.0041 CS - 1764268827.401681662 1764268827.405773640 0
Nov 27 13:40:27 np0005538165.novalocal container-server[96061]: ::1 - - [27/Nov/2025:18:40:27 +0000] "GET /3/82947/AUTH_891a4d8ec8d044eaa174442078fb7e80/gnocchi.39a7073e-948c-4301-852b-f885166f30c6" 200 2 "GET https://[::1]:8080/v1/AUTH_891a4d8ec8d044eaa174442078fb7e80/gnocchi.39a7073e-948c-4301-852b-f885166f30c6?format=json&states=listing" "txa6b00277aa1f4eb5a2a60-0069289b1b" "proxy-server 97369" 0.0022 "-" 96061 0
Nov 27 13:40:27 np0005538165.novalocal proxy-server[97369]: ::1 ::1 27/Nov/2025/18/40/27 GET /v1/AUTH_891a4d8ec8d044eaa174442078fb7e80/gnocchi.39a7073e-948c-4301-852b-f885166f30c6%3Fformat%3Djson%26states%3Dlisting HTTP/1.0 200 - python-swiftclient-4.7.0 gAAAAABpKJsYjUMx... - 2 - txa6b00277aa1f4eb5a2a60-0069289b1b - 0.0128 - - 1764268827.401191950 1764268827.413979053 0
Nov 27 13:40:27 np0005538165.novalocal object-server[96394]: ::1 - - [27/Nov/2025:18:40:27 +0000] "GET /3/172058/AUTH_891a4d8ec8d044eaa174442078fb7e80/gnocchi.39a7073e-948c-4301-852b-f885166f30c6/1763640000.0_mean_300.0_v3" 404 70 "GET https://[::1]:8080/v1/AUTH_891a4d8ec8d044eaa174442078fb7e80/gnocchi.39a7073e-948c-4301-852b-f885166f30c6/1763640000.0_mean_300.0_v3" "tx688e05943a36439ab8e98-0069289b1b" "proxy-server 97369" 0.0003 "-" 96394 0
Nov 27 13:40:27 np0005538165.novalocal object-server[96393]: ::1 - - [27/Nov/2025:18:40:27 +0000] "GET /2/172058/AUTH_891a4d8ec8d044eaa174442078fb7e80/gnocchi.39a7073e-948c-4301-852b-f885166f30c6/1763640000.0_mean_300.0_v3" 404 70 "GET https://[::1]:8080/v1/AUTH_891a4d8ec8d044eaa174442078fb7e80/gnocchi.39a7073e-948c-4301-852b-f885166f30c6/1763640000.0_mean_300.0_v3" "tx688e05943a36439ab8e98-0069289b1b" "proxy-server 97369" 0.0002 "-" 96393 0
Nov 27 13:40:27 np0005538165.novalocal object-server[96393]: ::1 - - [27/Nov/2025:18:40:27 +0000] "GET /1/172058/AUTH_891a4d8ec8d044eaa174442078fb7e80/gnocchi.39a7073e-948c-4301-852b-f885166f30c6/1763640000.0_mean_300.0_v3" 404 70 "GET https://[::1]:8080/v1/AUTH_891a4d8ec8d044eaa174442078fb7e80/gnocchi.39a7073e-948c-4301-852b-f885166f30c6/1763640000.0_mean_300.0_v3" "tx688e05943a36439ab8e98-0069289b1b" "proxy-server 97369" 0.0001 "-" 96393 0
Nov 27 13:40:27 np0005538165.novalocal proxy-server[97369]: ::1 ::1 27/Nov/2025/18/40/27 GET /v1/AUTH_891a4d8ec8d044eaa174442078fb7e80/gnocchi.39a7073e-948c-4301-852b-f885166f30c6/1763640000.0_mean_300.0_v3 HTTP/1.0 404 - python-swiftclient-4.7.0 gAAAAABpKJsYjUMx... - 70 - tx688e05943a36439ab8e98-0069289b1b - 0.0127 - - 1764268827.416925192 1764268827.429652214 0
Nov 27 13:40:27 np0005538165.novalocal container-server[96061]: ::1 - - [27/Nov/2025:18:40:27 +0000] "PUT /2/82947/AUTH_891a4d8ec8d044eaa174442078fb7e80/gnocchi.39a7073e-948c-4301-852b-f885166f30c6/1763640000.0_mean_300.0_v3" 201 - "PUT http://[::1]:8080/2/172058/AUTH_891a4d8ec8d044eaa174442078fb7e80/gnocchi.39a7073e-948c-4301-852b-f885166f30c6/1763640000.0_mean_300.0_v3" "tx92b34a64476d49b493f53-0069289b1b" "object-server 96393" 0.0005 "-" 96061 0
Nov 27 13:40:27 np0005538165.novalocal object-server[96393]: ::1 - - [27/Nov/2025:18:40:27 +0000] "PUT /2/172058/AUTH_891a4d8ec8d044eaa174442078fb7e80/gnocchi.39a7073e-948c-4301-852b-f885166f30c6/1763640000.0_mean_300.0_v3" 201 - "PUT https://[::1]:8080/v1/AUTH_891a4d8ec8d044eaa174442078fb7e80/gnocchi.39a7073e-948c-4301-852b-f885166f30c6/1763640000.0_mean_300.0_v3" "tx92b34a64476d49b493f53-0069289b1b" "proxy-server 97369" 0.0139 "-" 96393 0
Nov 27 13:40:27 np0005538165.novalocal container-server[96061]: ::1 - - [27/Nov/2025:18:40:27 +0000] "PUT /3/82947/AUTH_891a4d8ec8d044eaa174442078fb7e80/gnocchi.39a7073e-948c-4301-852b-f885166f30c6/1763640000.0_mean_300.0_v3" 201 - "PUT http://[::1]:8080/3/172058/AUTH_891a4d8ec8d044eaa174442078fb7e80/gnocchi.39a7073e-948c-4301-852b-f885166f30c6/1763640000.0_mean_300.0_v3" "tx92b34a64476d49b493f53-0069289b1b" "object-server 96393" 0.0004 "-" 96061 0
Nov 27 13:40:27 np0005538165.novalocal container-server[96060]: ::1 - - [27/Nov/2025:18:40:27 +0000] "PUT /1/82947/AUTH_891a4d8ec8d044eaa174442078fb7e80/gnocchi.39a7073e-948c-4301-852b-f885166f30c6/1763640000.0_mean_300.0_v3" 201 - "PUT http://[::1]:8080/1/172058/AUTH_891a4d8ec8d044eaa174442078fb7e80/gnocchi.39a7073e-948c-4301-852b-f885166f30c6/1763640000.0_mean_300.0_v3" "tx92b34a64476d49b493f53-0069289b1b" "object-server 96393" 0.0005 "-" 96060 0
Nov 27 13:40:27 np0005538165.novalocal object-server[96393]: ::1 - - [27/Nov/2025:18:40:27 +0000] "PUT /3/172058/AUTH_891a4d8ec8d044eaa174442078fb7e80/gnocchi.39a7073e-948c-4301-852b-f885166f30c6/1763640000.0_mean_300.0_v3" 201 - "PUT https://[::1]:8080/v1/AUTH_891a4d8ec8d044eaa174442078fb7e80/gnocchi.39a7073e-948c-4301-852b-f885166f30c6/1763640000.0_mean_300.0_v3" "tx92b34a64476d49b493f53-0069289b1b" "proxy-server 97369" 0.0131 "-" 96393 0
Nov 27 13:40:27 np0005538165.novalocal object-server[96393]: ::1 - - [27/Nov/2025:18:40:27 +0000] "PUT /1/172058/AUTH_891a4d8ec8d044eaa174442078fb7e80/gnocchi.39a7073e-948c-4301-852b-f885166f30c6/1763640000.0_mean_300.0_v3" 201 - "PUT https://[::1]:8080/v1/AUTH_891a4d8ec8d044eaa174442078fb7e80/gnocchi.39a7073e-948c-4301-852b-f885166f30c6/1763640000.0_mean_300.0_v3" "tx92b34a64476d49b493f53-0069289b1b" "proxy-server 97369" 0.0154 "-" 96393 0
Nov 27 13:40:27 np0005538165.novalocal proxy-server[97369]: ::1 ::1 27/Nov/2025/18/40/27 PUT /v1/AUTH_891a4d8ec8d044eaa174442078fb7e80/gnocchi.39a7073e-948c-4301-852b-f885166f30c6/1763640000.0_mean_300.0_v3 HTTP/1.0 201 - python-swiftclient-4.7.0 gAAAAABpKJsYjUMx... 16 - - tx92b34a64476d49b493f53-0069289b1b - 0.0268 - - 1764268827.435893536 1764268827.462729692 0
Nov 27 13:40:27 np0005538165.novalocal container-server[96060]: ::1 - - [27/Nov/2025:18:40:27 +0000] "PUT /3/82947/AUTH_891a4d8ec8d044eaa174442078fb7e80/gnocchi.39a7073e-948c-4301-852b-f885166f30c6/none_v3" 201 - "PUT http://[::1]:8080/2/250123/AUTH_891a4d8ec8d044eaa174442078fb7e80/gnocchi.39a7073e-948c-4301-852b-f885166f30c6/none_v3" "tx8f94c881b4f9497c99760-0069289b1b" "object-server 96394" 0.0004 "-" 96060 0
Nov 27 13:40:27 np0005538165.novalocal object-server[96394]: ::1 - - [27/Nov/2025:18:40:27 +0000] "PUT /2/250123/AUTH_891a4d8ec8d044eaa174442078fb7e80/gnocchi.39a7073e-948c-4301-852b-f885166f30c6/none_v3" 201 - "PUT https://[::1]:8080/v1/AUTH_891a4d8ec8d044eaa174442078fb7e80/gnocchi.39a7073e-948c-4301-852b-f885166f30c6/none_v3" "tx8f94c881b4f9497c99760-0069289b1b" "proxy-server 97369" 0.0145 "-" 96394 0
Nov 27 13:40:27 np0005538165.novalocal container-server[96061]: ::1 - - [27/Nov/2025:18:40:27 +0000] "PUT /2/82947/AUTH_891a4d8ec8d044eaa174442078fb7e80/gnocchi.39a7073e-948c-4301-852b-f885166f30c6/none_v3" 201 - "PUT http://[::1]:8080/3/250123/AUTH_891a4d8ec8d044eaa174442078fb7e80/gnocchi.39a7073e-948c-4301-852b-f885166f30c6/none_v3" "tx8f94c881b4f9497c99760-0069289b1b" "object-server 96394" 0.0005 "-" 96061 0
Nov 27 13:40:27 np0005538165.novalocal container-server[96060]: ::1 - - [27/Nov/2025:18:40:27 +0000] "PUT /1/82947/AUTH_891a4d8ec8d044eaa174442078fb7e80/gnocchi.39a7073e-948c-4301-852b-f885166f30c6/none_v3" 201 - "PUT http://[::1]:8080/1/250123/AUTH_891a4d8ec8d044eaa174442078fb7e80/gnocchi.39a7073e-948c-4301-852b-f885166f30c6/none_v3" "tx8f94c881b4f9497c99760-0069289b1b" "object-server 96394" 0.0003 "-" 96060 0
Nov 27 13:40:27 np0005538165.novalocal object-server[96394]: ::1 - - [27/Nov/2025:18:40:27 +0000] "PUT /1/250123/AUTH_891a4d8ec8d044eaa174442078fb7e80/gnocchi.39a7073e-948c-4301-852b-f885166f30c6/none_v3" 201 - "PUT https://[::1]:8080/v1/AUTH_891a4d8ec8d044eaa174442078fb7e80/gnocchi.39a7073e-948c-4301-852b-f885166f30c6/none_v3" "tx8f94c881b4f9497c99760-0069289b1b" "proxy-server 97369" 0.0149 "-" 96394 0
Nov 27 13:40:27 np0005538165.novalocal object-server[96394]: ::1 - - [27/Nov/2025:18:40:27 +0000] "PUT /3/250123/AUTH_891a4d8ec8d044eaa174442078fb7e80/gnocchi.39a7073e-948c-4301-852b-f885166f30c6/none_v3" 201 - "PUT https://[::1]:8080/v1/AUTH_891a4d8ec8d044eaa174442078fb7e80/gnocchi.39a7073e-948c-4301-852b-f885166f30c6/none_v3" "tx8f94c881b4f9497c99760-0069289b1b" "proxy-server 97369" 0.0162 "-" 96394 0
Nov 27 13:40:27 np0005538165.novalocal proxy-server[97369]: ::1 ::1 27/Nov/2025/18/40/27 PUT /v1/AUTH_891a4d8ec8d044eaa174442078fb7e80/gnocchi.39a7073e-948c-4301-852b-f885166f30c6/none_v3 HTTP/1.0 201 - python-swiftclient-4.7.0 gAAAAABpKJsYjUMx... 22 - - tx8f94c881b4f9497c99760-0069289b1b - 0.0281 - - 1764268827.465982199 1764268827.494087696 0
Nov 27 13:40:27 np0005538165.novalocal container-server[96061]: ::1 - - [27/Nov/2025:18:40:27 +0000] "HEAD /2/76790/AUTH_891a4d8ec8d044eaa174442078fb7e80/gnocchi.35b13d6a-a903-4c65-9085-cbb3b2fbcf50" 404 - "HEAD http://[::1]:8080/v1/AUTH_891a4d8ec8d044eaa174442078fb7e80/gnocchi.35b13d6a-a903-4c65-9085-cbb3b2fbcf50" "tx143fce03dee3424389f05-0069289b1b" "proxy-server 97369" 0.0003 "-" 96061 0
Nov 27 13:40:27 np0005538165.novalocal container-server[96060]: ::1 - - [27/Nov/2025:18:40:27 +0000] "HEAD /1/76790/AUTH_891a4d8ec8d044eaa174442078fb7e80/gnocchi.35b13d6a-a903-4c65-9085-cbb3b2fbcf50" 404 - "HEAD http://[::1]:8080/v1/AUTH_891a4d8ec8d044eaa174442078fb7e80/gnocchi.35b13d6a-a903-4c65-9085-cbb3b2fbcf50" "tx143fce03dee3424389f05-0069289b1b" "proxy-server 97369" 0.0002 "-" 96060 0
Nov 27 13:40:27 np0005538165.novalocal sudo[103836]: pam_unix(sudo:session): session closed for user root
Nov 27 13:40:27 np0005538165.novalocal systemd[1]: session-c111.scope: Deactivated successfully.
Nov 27 13:40:27 np0005538165.novalocal container-server[96061]: ::1 - - [27/Nov/2025:18:40:27 +0000] "HEAD /3/76790/AUTH_891a4d8ec8d044eaa174442078fb7e80/gnocchi.35b13d6a-a903-4c65-9085-cbb3b2fbcf50" 404 - "HEAD http://[::1]:8080/v1/AUTH_891a4d8ec8d044eaa174442078fb7e80/gnocchi.35b13d6a-a903-4c65-9085-cbb3b2fbcf50" "tx143fce03dee3424389f05-0069289b1b" "proxy-server 97369" 0.0002 "-" 96061 0
Nov 27 13:40:27 np0005538165.novalocal proxy-server[97369]: - - 27/Nov/2025/18/40/27 HEAD /v1/AUTH_891a4d8ec8d044eaa174442078fb7e80/gnocchi.35b13d6a-a903-4c65-9085-cbb3b2fbcf50 HTTP/1.0 404 - Swift - - - - tx143fce03dee3424389f05-0069289b1b - 0.0102 CS - 1764268827.511215210 1764268827.521408319 0
Nov 27 13:40:27 np0005538165.novalocal object-server[96393]: ::1 - - [27/Nov/2025:18:40:27 +0000] "GET /2/58438/AUTH_891a4d8ec8d044eaa174442078fb7e80/gnocchi.0ae29268-5d16-46ff-927d-c0948f1a6901/none_v3" 404 70 "GET https://[::1]:8080/v1/AUTH_891a4d8ec8d044eaa174442078fb7e80/gnocchi.0ae29268-5d16-46ff-927d-c0948f1a6901/none_v3" "txd82fcfc72d8741c4a7acd-0069289b1a" "proxy-server 97370" 0.0003 "-" 96393 0
Nov 27 13:40:27 np0005538165.novalocal object-server[96394]: ::1 - - [27/Nov/2025:18:40:27 +0000] "GET /2/28388/AUTH_891a4d8ec8d044eaa174442078fb7e80/gnocchi.35b13d6a-a903-4c65-9085-cbb3b2fbcf50/none_v3" 404 70 "GET https://[::1]:8080/v1/AUTH_891a4d8ec8d044eaa174442078fb7e80/gnocchi.35b13d6a-a903-4c65-9085-cbb3b2fbcf50/none_v3" "tx143fce03dee3424389f05-0069289b1b" "proxy-server 97369" 0.0002 "-" 96394 0
Nov 27 13:40:27 np0005538165.novalocal object-server[96394]: ::1 - - [27/Nov/2025:18:40:27 +0000] "GET /1/28388/AUTH_891a4d8ec8d044eaa174442078fb7e80/gnocchi.35b13d6a-a903-4c65-9085-cbb3b2fbcf50/none_v3" 404 70 "GET https://[::1]:8080/v1/AUTH_891a4d8ec8d044eaa174442078fb7e80/gnocchi.35b13d6a-a903-4c65-9085-cbb3b2fbcf50/none_v3" "tx143fce03dee3424389f05-0069289b1b" "proxy-server 97369" 0.0002 "-" 96394 0
Nov 27 13:40:27 np0005538165.novalocal object-server[96394]: ::1 - - [27/Nov/2025:18:40:27 +0000] "GET /1/58438/AUTH_891a4d8ec8d044eaa174442078fb7e80/gnocchi.0ae29268-5d16-46ff-927d-c0948f1a6901/none_v3" 404 70 "GET https://[::1]:8080/v1/AUTH_891a4d8ec8d044eaa174442078fb7e80/gnocchi.0ae29268-5d16-46ff-927d-c0948f1a6901/none_v3" "txd82fcfc72d8741c4a7acd-0069289b1a" "proxy-server 97370" 0.0001 "-" 96394 0
Nov 27 13:40:27 np0005538165.novalocal object-server[96394]: ::1 - - [27/Nov/2025:18:40:27 +0000] "GET /3/28388/AUTH_891a4d8ec8d044eaa174442078fb7e80/gnocchi.35b13d6a-a903-4c65-9085-cbb3b2fbcf50/none_v3" 404 70 "GET https://[::1]:8080/v1/AUTH_891a4d8ec8d044eaa174442078fb7e80/gnocchi.35b13d6a-a903-4c65-9085-cbb3b2fbcf50/none_v3" "tx143fce03dee3424389f05-0069289b1b" "proxy-server 97369" 0.0001 "-" 96394 0
Nov 27 13:40:27 np0005538165.novalocal object-server[96394]: ::1 - - [27/Nov/2025:18:40:27 +0000] "GET /3/58438/AUTH_891a4d8ec8d044eaa174442078fb7e80/gnocchi.0ae29268-5d16-46ff-927d-c0948f1a6901/none_v3" 404 70 "GET https://[::1]:8080/v1/AUTH_891a4d8ec8d044eaa174442078fb7e80/gnocchi.0ae29268-5d16-46ff-927d-c0948f1a6901/none_v3" "txd82fcfc72d8741c4a7acd-0069289b1a" "proxy-server 97370" 0.0002 "-" 96394 0
Nov 27 13:40:27 np0005538165.novalocal proxy-server[97369]: ::1 ::1 27/Nov/2025/18/40/27 GET /v1/AUTH_891a4d8ec8d044eaa174442078fb7e80/gnocchi.35b13d6a-a903-4c65-9085-cbb3b2fbcf50/none_v3 HTTP/1.0 404 - python-swiftclient-4.7.0 gAAAAABpKJsYjUMx... - 70 - tx143fce03dee3424389f05-0069289b1b - 0.0246 - - 1764268827.509241104 1764268827.533798695 0
Nov 27 13:40:27 np0005538165.novalocal sudo[103840]: cinder : PWD=/ ; USER=root ; COMMAND=/usr/bin/cinder-rootwrap /etc/cinder/rootwrap.conf env LC_ALL=C lvs --noheadings --unit=g -o vg_name,name,size --nosuffix --readonly cinder-volumes
Nov 27 13:40:27 np0005538165.novalocal proxy-server[97370]: ::1 ::1 27/Nov/2025/18/40/27 GET /v1/AUTH_891a4d8ec8d044eaa174442078fb7e80/gnocchi.0ae29268-5d16-46ff-927d-c0948f1a6901/none_v3 HTTP/1.0 404 - python-swiftclient-4.7.0 gAAAAABpKJsZdlPH... - 70 - txd82fcfc72d8741c4a7acd-0069289b1a - 1.0585 - - 1764268826.486520290 1764268827.544984102 0
Nov 27 13:40:27 np0005538165.novalocal account-server[95766]: ::1 - - [27/Nov/2025:18:40:27 +0000] "PUT /1/91627/AUTH_891a4d8ec8d044eaa174442078fb7e80/gnocchi.35b13d6a-a903-4c65-9085-cbb3b2fbcf50" 201 - "PUT http://[::1]:6001/1/76790/AUTH_891a4d8ec8d044eaa174442078fb7e80/gnocchi.35b13d6a-a903-4c65-9085-cbb3b2fbcf50" "tx90af586a31244d0b9cd5a-0069289b1b" "container-server 96060" 0.0070 "-" 95766 0
Nov 27 13:40:27 np0005538165.novalocal container-server[96060]: ::1 - - [27/Nov/2025:18:40:27 +0000] "PUT /1/76790/AUTH_891a4d8ec8d044eaa174442078fb7e80/gnocchi.35b13d6a-a903-4c65-9085-cbb3b2fbcf50" 201 - "PUT https://[::1]:8080/v1/AUTH_891a4d8ec8d044eaa174442078fb7e80/gnocchi.35b13d6a-a903-4c65-9085-cbb3b2fbcf50" "tx90af586a31244d0b9cd5a-0069289b1b" "proxy-server 97369" 0.0186 "-" 96060 0
Nov 27 13:40:27 np0005538165.novalocal account-server[95766]: ::1 - - [27/Nov/2025:18:40:27 +0000] "PUT /2/91627/AUTH_891a4d8ec8d044eaa174442078fb7e80/gnocchi.35b13d6a-a903-4c65-9085-cbb3b2fbcf50" 201 - "PUT http://[::1]:6001/2/76790/AUTH_891a4d8ec8d044eaa174442078fb7e80/gnocchi.35b13d6a-a903-4c65-9085-cbb3b2fbcf50" "tx90af586a31244d0b9cd5a-0069289b1b" "container-server 96061" 0.0059 "-" 95766 0
Nov 27 13:40:27 np0005538165.novalocal container-server[96061]: ::1 - - [27/Nov/2025:18:40:27 +0000] "PUT /2/76790/AUTH_891a4d8ec8d044eaa174442078fb7e80/gnocchi.35b13d6a-a903-4c65-9085-cbb3b2fbcf50" 201 - "PUT https://[::1]:8080/v1/AUTH_891a4d8ec8d044eaa174442078fb7e80/gnocchi.35b13d6a-a903-4c65-9085-cbb3b2fbcf50" "tx90af586a31244d0b9cd5a-0069289b1b" "proxy-server 97369" 0.0213 "-" 96061 0
Nov 27 13:40:27 np0005538165.novalocal account-server[95765]: ::1 - - [27/Nov/2025:18:40:27 +0000] "PUT /3/91627/AUTH_891a4d8ec8d044eaa174442078fb7e80/gnocchi.35b13d6a-a903-4c65-9085-cbb3b2fbcf50" 201 - "PUT http://[::1]:6001/3/76790/AUTH_891a4d8ec8d044eaa174442078fb7e80/gnocchi.35b13d6a-a903-4c65-9085-cbb3b2fbcf50" "tx90af586a31244d0b9cd5a-0069289b1b" "container-server 96060" 0.0052 "-" 95765 0
Nov 27 13:40:27 np0005538165.novalocal container-server[96060]: ::1 - - [27/Nov/2025:18:40:27 +0000] "PUT /3/76790/AUTH_891a4d8ec8d044eaa174442078fb7e80/gnocchi.35b13d6a-a903-4c65-9085-cbb3b2fbcf50" 201 - "PUT https://[::1]:8080/v1/AUTH_891a4d8ec8d044eaa174442078fb7e80/gnocchi.35b13d6a-a903-4c65-9085-cbb3b2fbcf50" "tx90af586a31244d0b9cd5a-0069289b1b" "proxy-server 97369" 0.0137 "-" 96060 0
Nov 27 13:40:27 np0005538165.novalocal systemd[1]: Started Session c112 of User root.
Nov 27 13:40:27 np0005538165.novalocal proxy-server[97369]: ::1 ::1 27/Nov/2025/18/40/27 PUT /v1/AUTH_891a4d8ec8d044eaa174442078fb7e80/gnocchi.35b13d6a-a903-4c65-9085-cbb3b2fbcf50 HTTP/1.0 201 - python-swiftclient-4.7.0 gAAAAABpKJsYjUMx... - - - tx90af586a31244d0b9cd5a-0069289b1b - 0.0300 - - 1764268827.535857677 1764268827.565847158 0
Nov 27 13:40:27 np0005538165.novalocal sudo[103840]: pam_unix(sudo:session): session opened for user root(uid=0) by (uid=165)
Nov 27 13:40:27 np0005538165.novalocal account-server[95766]: ::1 - - [27/Nov/2025:18:40:27 +0000] "PUT /3/91627/AUTH_891a4d8ec8d044eaa174442078fb7e80/gnocchi.0ae29268-5d16-46ff-927d-c0948f1a6901" 201 - "PUT http://[::1]:6001/1/53353/AUTH_891a4d8ec8d044eaa174442078fb7e80/gnocchi.0ae29268-5d16-46ff-927d-c0948f1a6901" "tx15124bd1f46b4eb6b1a53-0069289b1b" "container-server 96060" 0.0036 "-" 95766 0
Nov 27 13:40:27 np0005538165.novalocal container-server[96060]: ::1 - - [27/Nov/2025:18:40:27 +0000] "PUT /1/53353/AUTH_891a4d8ec8d044eaa174442078fb7e80/gnocchi.0ae29268-5d16-46ff-927d-c0948f1a6901" 201 - "PUT https://[::1]:8080/v1/AUTH_891a4d8ec8d044eaa174442078fb7e80/gnocchi.0ae29268-5d16-46ff-927d-c0948f1a6901" "tx15124bd1f46b4eb6b1a53-0069289b1b" "proxy-server 97370" 0.0115 "-" 96060 0
Nov 27 13:40:27 np0005538165.novalocal account-server[95765]: ::1 - - [27/Nov/2025:18:40:27 +0000] "PUT /2/91627/AUTH_891a4d8ec8d044eaa174442078fb7e80/gnocchi.0ae29268-5d16-46ff-927d-c0948f1a6901" 201 - "PUT http://[::1]:6001/2/53353/AUTH_891a4d8ec8d044eaa174442078fb7e80/gnocchi.0ae29268-5d16-46ff-927d-c0948f1a6901" "tx15124bd1f46b4eb6b1a53-0069289b1b" "container-server 96061" 0.0053 "-" 95765 0
Nov 27 13:40:27 np0005538165.novalocal container-server[96061]: ::1 - - [27/Nov/2025:18:40:27 +0000] "PUT /2/53353/AUTH_891a4d8ec8d044eaa174442078fb7e80/gnocchi.0ae29268-5d16-46ff-927d-c0948f1a6901" 201 - "PUT https://[::1]:8080/v1/AUTH_891a4d8ec8d044eaa174442078fb7e80/gnocchi.0ae29268-5d16-46ff-927d-c0948f1a6901" "tx15124bd1f46b4eb6b1a53-0069289b1b" "proxy-server 97370" 0.0307 "-" 96061 0
Nov 27 13:40:27 np0005538165.novalocal account-server[95765]: ::1 - - [27/Nov/2025:18:40:27 +0000] "PUT /1/91627/AUTH_891a4d8ec8d044eaa174442078fb7e80/gnocchi.0ae29268-5d16-46ff-927d-c0948f1a6901" 201 - "PUT http://[::1]:6001/3/53353/AUTH_891a4d8ec8d044eaa174442078fb7e80/gnocchi.0ae29268-5d16-46ff-927d-c0948f1a6901" "tx15124bd1f46b4eb6b1a53-0069289b1b" "container-server 96061" 0.0035 "-" 95765 0
Nov 27 13:40:27 np0005538165.novalocal container-server[96061]: ::1 - - [27/Nov/2025:18:40:27 +0000] "PUT /3/53353/AUTH_891a4d8ec8d044eaa174442078fb7e80/gnocchi.0ae29268-5d16-46ff-927d-c0948f1a6901" 201 - "PUT https://[::1]:8080/v1/AUTH_891a4d8ec8d044eaa174442078fb7e80/gnocchi.0ae29268-5d16-46ff-927d-c0948f1a6901" "tx15124bd1f46b4eb6b1a53-0069289b1b" "proxy-server 97370" 0.0233 "-" 96061 0
Nov 27 13:40:27 np0005538165.novalocal container-server[96061]: ::1 - - [27/Nov/2025:18:40:27 +0000] "HEAD /3/76790/AUTH_891a4d8ec8d044eaa174442078fb7e80/gnocchi.35b13d6a-a903-4c65-9085-cbb3b2fbcf50" 204 - "HEAD http://[::1]:8080/v1/AUTH_891a4d8ec8d044eaa174442078fb7e80/gnocchi.35b13d6a-a903-4c65-9085-cbb3b2fbcf50" "tx0f178f86ff7d4db085899-0069289b1b" "proxy-server 97369" 0.0014 "-" 96061 0
Nov 27 13:40:27 np0005538165.novalocal proxy-server[97370]: ::1 ::1 27/Nov/2025/18/40/27 PUT /v1/AUTH_891a4d8ec8d044eaa174442078fb7e80/gnocchi.0ae29268-5d16-46ff-927d-c0948f1a6901 HTTP/1.0 201 - python-swiftclient-4.7.0 gAAAAABpKJsZdlPH... - - - tx15124bd1f46b4eb6b1a53-0069289b1b - 0.0543 - - 1764268827.553198576 1764268827.607472658 0
Nov 27 13:40:27 np0005538165.novalocal proxy-server[97369]: - - 27/Nov/2025/18/40/27 HEAD /v1/AUTH_891a4d8ec8d044eaa174442078fb7e80/gnocchi.35b13d6a-a903-4c65-9085-cbb3b2fbcf50 HTTP/1.0 204 - Swift - - - - tx0f178f86ff7d4db085899-0069289b1b - 0.0087 CS - 1764268827.601887465 1764268827.610546350 0
Nov 27 13:40:27 np0005538165.novalocal container-server[96061]: ::1 - - [27/Nov/2025:18:40:27 +0000] "GET /2/76790/AUTH_891a4d8ec8d044eaa174442078fb7e80/gnocchi.35b13d6a-a903-4c65-9085-cbb3b2fbcf50" 200 2 "GET https://[::1]:8080/v1/AUTH_891a4d8ec8d044eaa174442078fb7e80/gnocchi.35b13d6a-a903-4c65-9085-cbb3b2fbcf50?format=json&states=listing" "tx0f178f86ff7d4db085899-0069289b1b" "proxy-server 97369" 0.0018 "-" 96061 0
Nov 27 13:40:27 np0005538165.novalocal proxy-server[97369]: ::1 ::1 27/Nov/2025/18/40/27 GET /v1/AUTH_891a4d8ec8d044eaa174442078fb7e80/gnocchi.35b13d6a-a903-4c65-9085-cbb3b2fbcf50%3Fformat%3Djson%26states%3Dlisting HTTP/1.0 200 - python-swiftclient-4.7.0 gAAAAABpKJsYjUMx... - 2 - tx0f178f86ff7d4db085899-0069289b1b - 0.0441 - - 1764268827.586306810 1764268827.630432844 0
Nov 27 13:40:27 np0005538165.novalocal object-server[96393]: ::1 - - [27/Nov/2025:18:40:27 +0000] "GET /3/236402/AUTH_891a4d8ec8d044eaa174442078fb7e80/gnocchi.35b13d6a-a903-4c65-9085-cbb3b2fbcf50/1763640000.0_mean_300.0_v3" 404 70 "GET https://[::1]:8080/v1/AUTH_891a4d8ec8d044eaa174442078fb7e80/gnocchi.35b13d6a-a903-4c65-9085-cbb3b2fbcf50/1763640000.0_mean_300.0_v3" "tx6bb064bb0e8b4e339acc0-0069289b1b" "proxy-server 97369" 0.0003 "-" 96393 0
Nov 27 13:40:27 np0005538165.novalocal object-server[96393]: ::1 - - [27/Nov/2025:18:40:27 +0000] "GET /2/236402/AUTH_891a4d8ec8d044eaa174442078fb7e80/gnocchi.35b13d6a-a903-4c65-9085-cbb3b2fbcf50/1763640000.0_mean_300.0_v3" 404 70 "GET https://[::1]:8080/v1/AUTH_891a4d8ec8d044eaa174442078fb7e80/gnocchi.35b13d6a-a903-4c65-9085-cbb3b2fbcf50/1763640000.0_mean_300.0_v3" "tx6bb064bb0e8b4e339acc0-0069289b1b" "proxy-server 97369" 0.0001 "-" 96393 0
Nov 27 13:40:27 np0005538165.novalocal object-server[96393]: ::1 - - [27/Nov/2025:18:40:27 +0000] "GET /1/236402/AUTH_891a4d8ec8d044eaa174442078fb7e80/gnocchi.35b13d6a-a903-4c65-9085-cbb3b2fbcf50/1763640000.0_mean_300.0_v3" 404 70 "GET https://[::1]:8080/v1/AUTH_891a4d8ec8d044eaa174442078fb7e80/gnocchi.35b13d6a-a903-4c65-9085-cbb3b2fbcf50/1763640000.0_mean_300.0_v3" "tx6bb064bb0e8b4e339acc0-0069289b1b" "proxy-server 97369" 0.0001 "-" 96393 0
Nov 27 13:40:27 np0005538165.novalocal proxy-server[97369]: ::1 ::1 27/Nov/2025/18/40/27 GET /v1/AUTH_891a4d8ec8d044eaa174442078fb7e80/gnocchi.35b13d6a-a903-4c65-9085-cbb3b2fbcf50/1763640000.0_mean_300.0_v3 HTTP/1.0 404 - python-swiftclient-4.7.0 gAAAAABpKJsYjUMx... - 70 - tx6bb064bb0e8b4e339acc0-0069289b1b - 0.0133 - - 1764268827.634564638 1764268827.647863865 0
Nov 27 13:40:27 np0005538165.novalocal container-server[96060]: ::1 - - [27/Nov/2025:18:40:27 +0000] "HEAD /1/53353/AUTH_891a4d8ec8d044eaa174442078fb7e80/gnocchi.0ae29268-5d16-46ff-927d-c0948f1a6901" 204 - "HEAD http://[::1]:8080/v1/AUTH_891a4d8ec8d044eaa174442078fb7e80/gnocchi.0ae29268-5d16-46ff-927d-c0948f1a6901" "txf7e81a40e8d240df8cb76-0069289b1b" "proxy-server 97370" 0.0014 "-" 96060 0
Nov 27 13:40:27 np0005538165.novalocal proxy-server[97370]: - - 27/Nov/2025/18/40/27 HEAD /v1/AUTH_891a4d8ec8d044eaa174442078fb7e80/gnocchi.0ae29268-5d16-46ff-927d-c0948f1a6901 HTTP/1.0 204 - Swift - - - - txf7e81a40e8d240df8cb76-0069289b1b - 0.0061 CS - 1764268827.663173437 1764268827.669291019 0
Nov 27 13:40:27 np0005538165.novalocal container-server[96060]: ::1 - - [27/Nov/2025:18:40:27 +0000] "PUT /2/76790/AUTH_891a4d8ec8d044eaa174442078fb7e80/gnocchi.35b13d6a-a903-4c65-9085-cbb3b2fbcf50/1763640000.0_mean_300.0_v3" 201 - "PUT http://[::1]:8080/3/236402/AUTH_891a4d8ec8d044eaa174442078fb7e80/gnocchi.35b13d6a-a903-4c65-9085-cbb3b2fbcf50/1763640000.0_mean_300.0_v3" "tx7634f237bf7c491099f22-0069289b1b" "object-server 96394" 0.0004 "-" 96060 0
Nov 27 13:40:27 np0005538165.novalocal container-server[96061]: ::1 - - [27/Nov/2025:18:40:27 +0000] "PUT /3/76790/AUTH_891a4d8ec8d044eaa174442078fb7e80/gnocchi.35b13d6a-a903-4c65-9085-cbb3b2fbcf50/1763640000.0_mean_300.0_v3" 201 - "PUT http://[::1]:8080/1/236402/AUTH_891a4d8ec8d044eaa174442078fb7e80/gnocchi.35b13d6a-a903-4c65-9085-cbb3b2fbcf50/1763640000.0_mean_300.0_v3" "tx7634f237bf7c491099f22-0069289b1b" "object-server 96393" 0.0005 "-" 96061 0
Nov 27 13:40:27 np0005538165.novalocal object-server[96394]: ::1 - - [27/Nov/2025:18:40:27 +0000] "PUT /3/236402/AUTH_891a4d8ec8d044eaa174442078fb7e80/gnocchi.35b13d6a-a903-4c65-9085-cbb3b2fbcf50/1763640000.0_mean_300.0_v3" 201 - "PUT https://[::1]:8080/v1/AUTH_891a4d8ec8d044eaa174442078fb7e80/gnocchi.35b13d6a-a903-4c65-9085-cbb3b2fbcf50/1763640000.0_mean_300.0_v3" "tx7634f237bf7c491099f22-0069289b1b" "proxy-server 97369" 0.0090 "-" 96394 0
Nov 27 13:40:27 np0005538165.novalocal object-server[96393]: ::1 - - [27/Nov/2025:18:40:27 +0000] "PUT /1/236402/AUTH_891a4d8ec8d044eaa174442078fb7e80/gnocchi.35b13d6a-a903-4c65-9085-cbb3b2fbcf50/1763640000.0_mean_300.0_v3" 201 - "PUT https://[::1]:8080/v1/AUTH_891a4d8ec8d044eaa174442078fb7e80/gnocchi.35b13d6a-a903-4c65-9085-cbb3b2fbcf50/1763640000.0_mean_300.0_v3" "tx7634f237bf7c491099f22-0069289b1b" "proxy-server 97369" 0.0110 "-" 96393 0
Nov 27 13:40:27 np0005538165.novalocal container-server[96060]: ::1 - - [27/Nov/2025:18:40:27 +0000] "PUT /1/76790/AUTH_891a4d8ec8d044eaa174442078fb7e80/gnocchi.35b13d6a-a903-4c65-9085-cbb3b2fbcf50/1763640000.0_mean_300.0_v3" 201 - "PUT http://[::1]:8080/2/236402/AUTH_891a4d8ec8d044eaa174442078fb7e80/gnocchi.35b13d6a-a903-4c65-9085-cbb3b2fbcf50/1763640000.0_mean_300.0_v3" "tx7634f237bf7c491099f22-0069289b1b" "object-server 96394" 0.0005 "-" 96060 0
Nov 27 13:40:27 np0005538165.novalocal object-server[96394]: ::1 - - [27/Nov/2025:18:40:27 +0000] "PUT /2/236402/AUTH_891a4d8ec8d044eaa174442078fb7e80/gnocchi.35b13d6a-a903-4c65-9085-cbb3b2fbcf50/1763640000.0_mean_300.0_v3" 201 - "PUT https://[::1]:8080/v1/AUTH_891a4d8ec8d044eaa174442078fb7e80/gnocchi.35b13d6a-a903-4c65-9085-cbb3b2fbcf50/1763640000.0_mean_300.0_v3" "tx7634f237bf7c491099f22-0069289b1b" "proxy-server 97369" 0.0219 "-" 96394 0
Nov 27 13:40:27 np0005538165.novalocal proxy-server[97369]: ::1 ::1 27/Nov/2025/18/40/27 PUT /v1/AUTH_891a4d8ec8d044eaa174442078fb7e80/gnocchi.35b13d6a-a903-4c65-9085-cbb3b2fbcf50/1763640000.0_mean_300.0_v3 HTTP/1.0 201 - python-swiftclient-4.7.0 gAAAAABpKJsYjUMx... 16 - - tx7634f237bf7c491099f22-0069289b1b - 0.0288 - - 1764268827.653759241 1764268827.682603836 0
Nov 27 13:40:27 np0005538165.novalocal container-server[96060]: ::1 - - [27/Nov/2025:18:40:27 +0000] "GET /2/53353/AUTH_891a4d8ec8d044eaa174442078fb7e80/gnocchi.0ae29268-5d16-46ff-927d-c0948f1a6901" 200 2 "GET https://[::1]:8080/v1/AUTH_891a4d8ec8d044eaa174442078fb7e80/gnocchi.0ae29268-5d16-46ff-927d-c0948f1a6901?format=json&states=listing" "txf7e81a40e8d240df8cb76-0069289b1b" "proxy-server 97370" 0.0015 "-" 96060 0
Nov 27 13:40:27 np0005538165.novalocal proxy-server[97370]: ::1 ::1 27/Nov/2025/18/40/27 GET /v1/AUTH_891a4d8ec8d044eaa174442078fb7e80/gnocchi.0ae29268-5d16-46ff-927d-c0948f1a6901%3Fformat%3Djson%26states%3Dlisting HTTP/1.0 200 - python-swiftclient-4.7.0 gAAAAABpKJsZdlPH... - 2 - txf7e81a40e8d240df8cb76-0069289b1b - 0.0513 - - 1764268827.637036800 1764268827.688344002 0
Nov 27 13:40:27 np0005538165.novalocal object-server[96393]: ::1 - - [27/Nov/2025:18:40:27 +0000] "GET /3/40675/AUTH_891a4d8ec8d044eaa174442078fb7e80/gnocchi.0ae29268-5d16-46ff-927d-c0948f1a6901/1763640000.0_mean_300.0_v3" 404 70 "GET https://[::1]:8080/v1/AUTH_891a4d8ec8d044eaa174442078fb7e80/gnocchi.0ae29268-5d16-46ff-927d-c0948f1a6901/1763640000.0_mean_300.0_v3" "tx1302ca9074aa44438161e-0069289b1b" "proxy-server 97370" 0.0011 "-" 96393 0
Nov 27 13:40:27 np0005538165.novalocal object-server[96394]: ::1 - - [27/Nov/2025:18:40:27 +0000] "GET /2/40675/AUTH_891a4d8ec8d044eaa174442078fb7e80/gnocchi.0ae29268-5d16-46ff-927d-c0948f1a6901/1763640000.0_mean_300.0_v3" 404 70 "GET https://[::1]:8080/v1/AUTH_891a4d8ec8d044eaa174442078fb7e80/gnocchi.0ae29268-5d16-46ff-927d-c0948f1a6901/1763640000.0_mean_300.0_v3" "tx1302ca9074aa44438161e-0069289b1b" "proxy-server 97370" 0.0003 "-" 96394 0
Nov 27 13:40:27 np0005538165.novalocal container-server[96061]: ::1 - - [27/Nov/2025:18:40:27 +0000] "PUT /2/76790/AUTH_891a4d8ec8d044eaa174442078fb7e80/gnocchi.35b13d6a-a903-4c65-9085-cbb3b2fbcf50/none_v3" 201 - "PUT http://[::1]:8080/1/28388/AUTH_891a4d8ec8d044eaa174442078fb7e80/gnocchi.35b13d6a-a903-4c65-9085-cbb3b2fbcf50/none_v3" "tx21f6f7c1453446b6b5c30-0069289b1b" "object-server 96393" 0.0005 "-" 96061 0
Nov 27 13:40:27 np0005538165.novalocal object-server[96393]: ::1 - - [27/Nov/2025:18:40:27 +0000] "PUT /1/28388/AUTH_891a4d8ec8d044eaa174442078fb7e80/gnocchi.35b13d6a-a903-4c65-9085-cbb3b2fbcf50/none_v3" 201 - "PUT https://[::1]:8080/v1/AUTH_891a4d8ec8d044eaa174442078fb7e80/gnocchi.35b13d6a-a903-4c65-9085-cbb3b2fbcf50/none_v3" "tx21f6f7c1453446b6b5c30-0069289b1b" "proxy-server 97369" 0.0215 "-" 96393 0
Nov 27 13:40:27 np0005538165.novalocal container-server[96061]: ::1 - - [27/Nov/2025:18:40:27 +0000] "PUT /3/76790/AUTH_891a4d8ec8d044eaa174442078fb7e80/gnocchi.35b13d6a-a903-4c65-9085-cbb3b2fbcf50/none_v3" 201 - "PUT http://[::1]:8080/2/28388/AUTH_891a4d8ec8d044eaa174442078fb7e80/gnocchi.35b13d6a-a903-4c65-9085-cbb3b2fbcf50/none_v3" "tx21f6f7c1453446b6b5c30-0069289b1b" "object-server 96393" 0.0003 "-" 96061 0
Nov 27 13:40:27 np0005538165.novalocal object-server[96393]: ::1 - - [27/Nov/2025:18:40:27 +0000] "PUT /2/28388/AUTH_891a4d8ec8d044eaa174442078fb7e80/gnocchi.35b13d6a-a903-4c65-9085-cbb3b2fbcf50/none_v3" 201 - "PUT https://[::1]:8080/v1/AUTH_891a4d8ec8d044eaa174442078fb7e80/gnocchi.35b13d6a-a903-4c65-9085-cbb3b2fbcf50/none_v3" "tx21f6f7c1453446b6b5c30-0069289b1b" "proxy-server 97369" 0.0224 "-" 96393 0
Nov 27 13:40:27 np0005538165.novalocal object-server[96393]: ::1 - - [27/Nov/2025:18:40:27 +0000] "GET /1/40675/AUTH_891a4d8ec8d044eaa174442078fb7e80/gnocchi.0ae29268-5d16-46ff-927d-c0948f1a6901/1763640000.0_mean_300.0_v3" 404 70 "GET https://[::1]:8080/v1/AUTH_891a4d8ec8d044eaa174442078fb7e80/gnocchi.0ae29268-5d16-46ff-927d-c0948f1a6901/1763640000.0_mean_300.0_v3" "tx1302ca9074aa44438161e-0069289b1b" "proxy-server 97370" 0.0002 "-" 96393 0
Nov 27 13:40:27 np0005538165.novalocal container-server[96060]: ::1 - - [27/Nov/2025:18:40:27 +0000] "PUT /1/76790/AUTH_891a4d8ec8d044eaa174442078fb7e80/gnocchi.35b13d6a-a903-4c65-9085-cbb3b2fbcf50/none_v3" 201 - "PUT http://[::1]:8080/3/28388/AUTH_891a4d8ec8d044eaa174442078fb7e80/gnocchi.35b13d6a-a903-4c65-9085-cbb3b2fbcf50/none_v3" "tx21f6f7c1453446b6b5c30-0069289b1b" "object-server 96394" 0.0004 "-" 96060 0
Nov 27 13:40:27 np0005538165.novalocal object-server[96394]: ::1 - - [27/Nov/2025:18:40:27 +0000] "PUT /3/28388/AUTH_891a4d8ec8d044eaa174442078fb7e80/gnocchi.35b13d6a-a903-4c65-9085-cbb3b2fbcf50/none_v3" 201 - "PUT https://[::1]:8080/v1/AUTH_891a4d8ec8d044eaa174442078fb7e80/gnocchi.35b13d6a-a903-4c65-9085-cbb3b2fbcf50/none_v3" "tx21f6f7c1453446b6b5c30-0069289b1b" "proxy-server 97369" 0.0287 "-" 96394 0
Nov 27 13:40:27 np0005538165.novalocal proxy-server[97370]: ::1 ::1 27/Nov/2025/18/40/27 GET /v1/AUTH_891a4d8ec8d044eaa174442078fb7e80/gnocchi.0ae29268-5d16-46ff-927d-c0948f1a6901/1763640000.0_mean_300.0_v3 HTTP/1.0 404 - python-swiftclient-4.7.0 gAAAAABpKJsZdlPH... - 70 - tx1302ca9074aa44438161e-0069289b1b - 0.0256 - - 1764268827.703765154 1764268827.729361773 0
Nov 27 13:40:27 np0005538165.novalocal proxy-server[97369]: ::1 ::1 27/Nov/2025/18/40/27 PUT /v1/AUTH_891a4d8ec8d044eaa174442078fb7e80/gnocchi.35b13d6a-a903-4c65-9085-cbb3b2fbcf50/none_v3 HTTP/1.0 201 - python-swiftclient-4.7.0 gAAAAABpKJsYjUMx... 22 - - tx21f6f7c1453446b6b5c30-0069289b1b - 0.0688 - - 1764268827.685308456 1764268827.754121542 0
Nov 27 13:40:27 np0005538165.novalocal container-server[96060]: ::1 - - [27/Nov/2025:18:40:27 +0000] "PUT /1/53353/AUTH_891a4d8ec8d044eaa174442078fb7e80/gnocchi.0ae29268-5d16-46ff-927d-c0948f1a6901/1763640000.0_mean_300.0_v3" 201 - "PUT http://[::1]:8080/3/40675/AUTH_891a4d8ec8d044eaa174442078fb7e80/gnocchi.0ae29268-5d16-46ff-927d-c0948f1a6901/1763640000.0_mean_300.0_v3" "tx24099bfa8e2d45b4a0e5b-0069289b1b" "object-server 96393" 0.0005 "-" 96060 0
Nov 27 13:40:27 np0005538165.novalocal container-server[96061]: ::1 - - [27/Nov/2025:18:40:27 +0000] "PUT /2/53353/AUTH_891a4d8ec8d044eaa174442078fb7e80/gnocchi.0ae29268-5d16-46ff-927d-c0948f1a6901/1763640000.0_mean_300.0_v3" 201 - "PUT http://[::1]:8080/1/40675/AUTH_891a4d8ec8d044eaa174442078fb7e80/gnocchi.0ae29268-5d16-46ff-927d-c0948f1a6901/1763640000.0_mean_300.0_v3" "tx24099bfa8e2d45b4a0e5b-0069289b1b" "object-server 96394" 0.0005 "-" 96061 0
Nov 27 13:40:27 np0005538165.novalocal object-server[96393]: ::1 - - [27/Nov/2025:18:40:27 +0000] "PUT /3/40675/AUTH_891a4d8ec8d044eaa174442078fb7e80/gnocchi.0ae29268-5d16-46ff-927d-c0948f1a6901/1763640000.0_mean_300.0_v3" 201 - "PUT https://[::1]:8080/v1/AUTH_891a4d8ec8d044eaa174442078fb7e80/gnocchi.0ae29268-5d16-46ff-927d-c0948f1a6901/1763640000.0_mean_300.0_v3" "tx24099bfa8e2d45b4a0e5b-0069289b1b" "proxy-server 97370" 0.0117 "-" 96393 0
Nov 27 13:40:27 np0005538165.novalocal object-server[96394]: ::1 - - [27/Nov/2025:18:40:27 +0000] "PUT /1/40675/AUTH_891a4d8ec8d044eaa174442078fb7e80/gnocchi.0ae29268-5d16-46ff-927d-c0948f1a6901/1763640000.0_mean_300.0_v3" 201 - "PUT https://[::1]:8080/v1/AUTH_891a4d8ec8d044eaa174442078fb7e80/gnocchi.0ae29268-5d16-46ff-927d-c0948f1a6901/1763640000.0_mean_300.0_v3" "tx24099bfa8e2d45b4a0e5b-0069289b1b" "proxy-server 97370" 0.0112 "-" 96394 0
Nov 27 13:40:27 np0005538165.novalocal container-server[96061]: ::1 - - [27/Nov/2025:18:40:27 +0000] "PUT /3/53353/AUTH_891a4d8ec8d044eaa174442078fb7e80/gnocchi.0ae29268-5d16-46ff-927d-c0948f1a6901/1763640000.0_mean_300.0_v3" 201 - "PUT http://[::1]:8080/2/40675/AUTH_891a4d8ec8d044eaa174442078fb7e80/gnocchi.0ae29268-5d16-46ff-927d-c0948f1a6901/1763640000.0_mean_300.0_v3" "tx24099bfa8e2d45b4a0e5b-0069289b1b" "object-server 96393" 0.0006 "-" 96061 0
Nov 27 13:40:27 np0005538165.novalocal object-server[96393]: ::1 - - [27/Nov/2025:18:40:27 +0000] "PUT /2/40675/AUTH_891a4d8ec8d044eaa174442078fb7e80/gnocchi.0ae29268-5d16-46ff-927d-c0948f1a6901/1763640000.0_mean_300.0_v3" 201 - "PUT https://[::1]:8080/v1/AUTH_891a4d8ec8d044eaa174442078fb7e80/gnocchi.0ae29268-5d16-46ff-927d-c0948f1a6901/1763640000.0_mean_300.0_v3" "tx24099bfa8e2d45b4a0e5b-0069289b1b" "proxy-server 97370" 0.0150 "-" 96393 0
Nov 27 13:40:27 np0005538165.novalocal proxy-server[97370]: ::1 ::1 27/Nov/2025/18/40/27 PUT /v1/AUTH_891a4d8ec8d044eaa174442078fb7e80/gnocchi.0ae29268-5d16-46ff-927d-c0948f1a6901/1763640000.0_mean_300.0_v3 HTTP/1.0 201 - python-swiftclient-4.7.0 gAAAAABpKJsZdlPH... 16 - - tx24099bfa8e2d45b4a0e5b-0069289b1b - 0.0436 - - 1764268827.738517761 1764268827.782071114 0
Nov 27 13:40:27 np0005538165.novalocal container-server[96060]: ::1 - - [27/Nov/2025:18:40:27 +0000] "HEAD /1/71341/AUTH_891a4d8ec8d044eaa174442078fb7e80/gnocchi.46e09bd6-2b6a-433d-b981-6558e0cb9651" 404 - "HEAD http://[::1]:8080/v1/AUTH_891a4d8ec8d044eaa174442078fb7e80/gnocchi.46e09bd6-2b6a-433d-b981-6558e0cb9651" "txfa85c55675c9452b855cc-0069289b1b" "proxy-server 97369" 0.0002 "-" 96060 0
Nov 27 13:40:27 np0005538165.novalocal container-server[96060]: ::1 - - [27/Nov/2025:18:40:27 +0000] "HEAD /3/71341/AUTH_891a4d8ec8d044eaa174442078fb7e80/gnocchi.46e09bd6-2b6a-433d-b981-6558e0cb9651" 404 - "HEAD http://[::1]:8080/v1/AUTH_891a4d8ec8d044eaa174442078fb7e80/gnocchi.46e09bd6-2b6a-433d-b981-6558e0cb9651" "txfa85c55675c9452b855cc-0069289b1b" "proxy-server 97369" 0.0002 "-" 96060 0
Nov 27 13:40:27 np0005538165.novalocal container-server[96061]: ::1 - - [27/Nov/2025:18:40:27 +0000] "HEAD /2/71341/AUTH_891a4d8ec8d044eaa174442078fb7e80/gnocchi.46e09bd6-2b6a-433d-b981-6558e0cb9651" 404 - "HEAD http://[::1]:8080/v1/AUTH_891a4d8ec8d044eaa174442078fb7e80/gnocchi.46e09bd6-2b6a-433d-b981-6558e0cb9651" "txfa85c55675c9452b855cc-0069289b1b" "proxy-server 97369" 0.0003 "-" 96061 0
Nov 27 13:40:27 np0005538165.novalocal proxy-server[97369]: - - 27/Nov/2025/18/40/27 HEAD /v1/AUTH_891a4d8ec8d044eaa174442078fb7e80/gnocchi.46e09bd6-2b6a-433d-b981-6558e0cb9651 HTTP/1.0 404 - Swift - - - - txfa85c55675c9452b855cc-0069289b1b - 0.0086 CS - 1764268827.783522844 1764268827.792164564 0
Nov 27 13:40:27 np0005538165.novalocal object-server[96394]: ::1 - - [27/Nov/2025:18:40:27 +0000] "GET /2/51775/AUTH_891a4d8ec8d044eaa174442078fb7e80/gnocchi.46e09bd6-2b6a-433d-b981-6558e0cb9651/none_v3" 404 70 "GET https://[::1]:8080/v1/AUTH_891a4d8ec8d044eaa174442078fb7e80/gnocchi.46e09bd6-2b6a-433d-b981-6558e0cb9651/none_v3" "txfa85c55675c9452b855cc-0069289b1b" "proxy-server 97369" 0.0014 "-" 96394 0
Nov 27 13:40:27 np0005538165.novalocal container-server[96060]: ::1 - - [27/Nov/2025:18:40:27 +0000] "PUT /1/53353/AUTH_891a4d8ec8d044eaa174442078fb7e80/gnocchi.0ae29268-5d16-46ff-927d-c0948f1a6901/none_v3" 201 - "PUT http://[::1]:8080/2/58438/AUTH_891a4d8ec8d044eaa174442078fb7e80/gnocchi.0ae29268-5d16-46ff-927d-c0948f1a6901/none_v3" "tx1c207bc914b945d98e1a3-0069289b1b" "object-server 96393" 0.0008 "-" 96060 0
Nov 27 13:40:27 np0005538165.novalocal container-server[96061]: ::1 - - [27/Nov/2025:18:40:27 +0000] "PUT /3/53353/AUTH_891a4d8ec8d044eaa174442078fb7e80/gnocchi.0ae29268-5d16-46ff-927d-c0948f1a6901/none_v3" 201 - "PUT http://[::1]:8080/3/58438/AUTH_891a4d8ec8d044eaa174442078fb7e80/gnocchi.0ae29268-5d16-46ff-927d-c0948f1a6901/none_v3" "tx1c207bc914b945d98e1a3-0069289b1b" "object-server 96394" 0.0005 "-" 96061 0
Nov 27 13:40:27 np0005538165.novalocal object-server[96393]: ::1 - - [27/Nov/2025:18:40:27 +0000] "PUT /2/58438/AUTH_891a4d8ec8d044eaa174442078fb7e80/gnocchi.0ae29268-5d16-46ff-927d-c0948f1a6901/none_v3" 201 - "PUT https://[::1]:8080/v1/AUTH_891a4d8ec8d044eaa174442078fb7e80/gnocchi.0ae29268-5d16-46ff-927d-c0948f1a6901/none_v3" "tx1c207bc914b945d98e1a3-0069289b1b" "proxy-server 97370" 0.0120 "-" 96393 0
Nov 27 13:40:27 np0005538165.novalocal object-server[96394]: ::1 - - [27/Nov/2025:18:40:27 +0000] "PUT /3/58438/AUTH_891a4d8ec8d044eaa174442078fb7e80/gnocchi.0ae29268-5d16-46ff-927d-c0948f1a6901/none_v3" 201 - "PUT https://[::1]:8080/v1/AUTH_891a4d8ec8d044eaa174442078fb7e80/gnocchi.0ae29268-5d16-46ff-927d-c0948f1a6901/none_v3" "tx1c207bc914b945d98e1a3-0069289b1b" "proxy-server 97370" 0.0120 "-" 96394 0
Nov 27 13:40:27 np0005538165.novalocal container-server[96061]: ::1 - - [27/Nov/2025:18:40:27 +0000] "PUT /2/53353/AUTH_891a4d8ec8d044eaa174442078fb7e80/gnocchi.0ae29268-5d16-46ff-927d-c0948f1a6901/none_v3" 201 - "PUT http://[::1]:8080/1/58438/AUTH_891a4d8ec8d044eaa174442078fb7e80/gnocchi.0ae29268-5d16-46ff-927d-c0948f1a6901/none_v3" "tx1c207bc914b945d98e1a3-0069289b1b" "object-server 96393" 0.0003 "-" 96061 0
Nov 27 13:40:27 np0005538165.novalocal object-server[96393]: ::1 - - [27/Nov/2025:18:40:27 +0000] "PUT /1/58438/AUTH_891a4d8ec8d044eaa174442078fb7e80/gnocchi.0ae29268-5d16-46ff-927d-c0948f1a6901/none_v3" 201 - "PUT https://[::1]:8080/v1/AUTH_891a4d8ec8d044eaa174442078fb7e80/gnocchi.0ae29268-5d16-46ff-927d-c0948f1a6901/none_v3" "tx1c207bc914b945d98e1a3-0069289b1b" "proxy-server 97370" 0.0118 "-" 96393 0
Nov 27 13:40:27 np0005538165.novalocal object-server[96393]: ::1 - - [27/Nov/2025:18:40:27 +0000] "GET /3/51775/AUTH_891a4d8ec8d044eaa174442078fb7e80/gnocchi.46e09bd6-2b6a-433d-b981-6558e0cb9651/none_v3" 404 70 "GET https://[::1]:8080/v1/AUTH_891a4d8ec8d044eaa174442078fb7e80/gnocchi.46e09bd6-2b6a-433d-b981-6558e0cb9651/none_v3" "txfa85c55675c9452b855cc-0069289b1b" "proxy-server 97369" 0.0002 "-" 96393 0
Nov 27 13:40:27 np0005538165.novalocal proxy-server[97370]: ::1 ::1 27/Nov/2025/18/40/27 PUT /v1/AUTH_891a4d8ec8d044eaa174442078fb7e80/gnocchi.0ae29268-5d16-46ff-927d-c0948f1a6901/none_v3 HTTP/1.0 201 - python-swiftclient-4.7.0 gAAAAABpKJsZdlPH... 22 - - tx1c207bc914b945d98e1a3-0069289b1b - 0.0236 - - 1764268827.784268379 1764268827.807863474 0
Nov 27 13:40:27 np0005538165.novalocal object-server[96394]: ::1 - - [27/Nov/2025:18:40:27 +0000] "GET /1/51775/AUTH_891a4d8ec8d044eaa174442078fb7e80/gnocchi.46e09bd6-2b6a-433d-b981-6558e0cb9651/none_v3" 404 70 "GET https://[::1]:8080/v1/AUTH_891a4d8ec8d044eaa174442078fb7e80/gnocchi.46e09bd6-2b6a-433d-b981-6558e0cb9651/none_v3" "txfa85c55675c9452b855cc-0069289b1b" "proxy-server 97369" 0.0003 "-" 96394 0
Nov 27 13:40:27 np0005538165.novalocal proxy-server[97369]: ::1 ::1 27/Nov/2025/18/40/27 GET /v1/AUTH_891a4d8ec8d044eaa174442078fb7e80/gnocchi.46e09bd6-2b6a-433d-b981-6558e0cb9651/none_v3 HTTP/1.0 404 - python-swiftclient-4.7.0 gAAAAABpKJsYjUMx... - 70 - txfa85c55675c9452b855cc-0069289b1b - 0.0292 - - 1764268827.782937765 1764268827.812107325 0
Nov 27 13:40:27 np0005538165.novalocal account-server[95766]: ::1 - - [27/Nov/2025:18:40:27 +0000] "PUT /1/91627/AUTH_891a4d8ec8d044eaa174442078fb7e80/gnocchi.46e09bd6-2b6a-433d-b981-6558e0cb9651" 201 - "PUT http://[::1]:6001/3/71341/AUTH_891a4d8ec8d044eaa174442078fb7e80/gnocchi.46e09bd6-2b6a-433d-b981-6558e0cb9651" "tx01c4f40590fc4ce1954bd-0069289b1b" "container-server 96060" 0.0040 "-" 95766 0
Nov 27 13:40:27 np0005538165.novalocal container-server[96060]: ::1 - - [27/Nov/2025:18:40:27 +0000] "PUT /3/71341/AUTH_891a4d8ec8d044eaa174442078fb7e80/gnocchi.46e09bd6-2b6a-433d-b981-6558e0cb9651" 201 - "PUT https://[::1]:8080/v1/AUTH_891a4d8ec8d044eaa174442078fb7e80/gnocchi.46e09bd6-2b6a-433d-b981-6558e0cb9651" "tx01c4f40590fc4ce1954bd-0069289b1b" "proxy-server 97369" 0.0165 "-" 96060 0
Nov 27 13:40:27 np0005538165.novalocal account-server[95766]: ::1 - - [27/Nov/2025:18:40:27 +0000] "PUT /3/91627/AUTH_891a4d8ec8d044eaa174442078fb7e80/gnocchi.46e09bd6-2b6a-433d-b981-6558e0cb9651" 201 - "PUT http://[::1]:6001/1/71341/AUTH_891a4d8ec8d044eaa174442078fb7e80/gnocchi.46e09bd6-2b6a-433d-b981-6558e0cb9651" "tx01c4f40590fc4ce1954bd-0069289b1b" "container-server 96061" 0.0060 "-" 95766 0
Nov 27 13:40:27 np0005538165.novalocal container-server[96061]: ::1 - - [27/Nov/2025:18:40:27 +0000] "PUT /1/71341/AUTH_891a4d8ec8d044eaa174442078fb7e80/gnocchi.46e09bd6-2b6a-433d-b981-6558e0cb9651" 201 - "PUT https://[::1]:8080/v1/AUTH_891a4d8ec8d044eaa174442078fb7e80/gnocchi.46e09bd6-2b6a-433d-b981-6558e0cb9651" "tx01c4f40590fc4ce1954bd-0069289b1b" "proxy-server 97369" 0.0240 "-" 96061 0
Nov 27 13:40:27 np0005538165.novalocal account-server[95766]: ::1 - - [27/Nov/2025:18:40:27 +0000] "PUT /2/91627/AUTH_891a4d8ec8d044eaa174442078fb7e80/gnocchi.46e09bd6-2b6a-433d-b981-6558e0cb9651" 201 - "PUT http://[::1]:6001/2/71341/AUTH_891a4d8ec8d044eaa174442078fb7e80/gnocchi.46e09bd6-2b6a-433d-b981-6558e0cb9651" "tx01c4f40590fc4ce1954bd-0069289b1b" "container-server 96060" 0.0034 "-" 95766 0
Nov 27 13:40:27 np0005538165.novalocal container-server[96060]: ::1 - - [27/Nov/2025:18:40:27 +0000] "PUT /2/71341/AUTH_891a4d8ec8d044eaa174442078fb7e80/gnocchi.46e09bd6-2b6a-433d-b981-6558e0cb9651" 201 - "PUT https://[::1]:8080/v1/AUTH_891a4d8ec8d044eaa174442078fb7e80/gnocchi.46e09bd6-2b6a-433d-b981-6558e0cb9651" "tx01c4f40590fc4ce1954bd-0069289b1b" "proxy-server 97369" 0.0162 "-" 96060 0
Nov 27 13:40:27 np0005538165.novalocal proxy-server[97369]: ::1 ::1 27/Nov/2025/18/40/27 PUT /v1/AUTH_891a4d8ec8d044eaa174442078fb7e80/gnocchi.46e09bd6-2b6a-433d-b981-6558e0cb9651 HTTP/1.0 201 - python-swiftclient-4.7.0 gAAAAABpKJsYjUMx... - - - tx01c4f40590fc4ce1954bd-0069289b1b - 0.0318 - - 1764268827.820298195 1764268827.852050781 0
Nov 27 13:40:27 np0005538165.novalocal container-server[96061]: ::1 - - [27/Nov/2025:18:40:27 +0000] "HEAD /2/71341/AUTH_891a4d8ec8d044eaa174442078fb7e80/gnocchi.46e09bd6-2b6a-433d-b981-6558e0cb9651" 204 - "HEAD http://[::1]:8080/v1/AUTH_891a4d8ec8d044eaa174442078fb7e80/gnocchi.46e09bd6-2b6a-433d-b981-6558e0cb9651" "tx278abc75ba3c4684bedc9-0069289b1b" "proxy-server 97369" 0.0012 "-" 96061 0
Nov 27 13:40:27 np0005538165.novalocal proxy-server[97369]: - - 27/Nov/2025/18/40/27 HEAD /v1/AUTH_891a4d8ec8d044eaa174442078fb7e80/gnocchi.46e09bd6-2b6a-433d-b981-6558e0cb9651 HTTP/1.0 204 - Swift - - - - tx278abc75ba3c4684bedc9-0069289b1b - 0.0063 CS - 1764268827.854937553 1764268827.861240864 0
Nov 27 13:40:27 np0005538165.novalocal container-server[96061]: ::1 - - [27/Nov/2025:18:40:27 +0000] "GET /2/71341/AUTH_891a4d8ec8d044eaa174442078fb7e80/gnocchi.46e09bd6-2b6a-433d-b981-6558e0cb9651" 200 2 "GET https://[::1]:8080/v1/AUTH_891a4d8ec8d044eaa174442078fb7e80/gnocchi.46e09bd6-2b6a-433d-b981-6558e0cb9651?format=json&states=listing" "tx278abc75ba3c4684bedc9-0069289b1b" "proxy-server 97369" 0.0016 "-" 96061 0
Nov 27 13:40:27 np0005538165.novalocal proxy-server[97369]: ::1 ::1 27/Nov/2025/18/40/27 GET /v1/AUTH_891a4d8ec8d044eaa174442078fb7e80/gnocchi.46e09bd6-2b6a-433d-b981-6558e0cb9651%3Fformat%3Djson%26states%3Dlisting HTTP/1.0 200 - python-swiftclient-4.7.0 gAAAAABpKJsYjUMx... - 2 - tx278abc75ba3c4684bedc9-0069289b1b - 0.0152 - - 1764268827.854330778 1764268827.869522572 0
Nov 27 13:40:27 np0005538165.novalocal sudo[103840]: pam_unix(sudo:session): session closed for user root
Nov 27 13:40:27 np0005538165.novalocal object-server[96394]: ::1 - - [27/Nov/2025:18:40:27 +0000] "GET /3/129422/AUTH_891a4d8ec8d044eaa174442078fb7e80/gnocchi.46e09bd6-2b6a-433d-b981-6558e0cb9651/1763640000.0_mean_300.0_v3" 404 70 "GET https://[::1]:8080/v1/AUTH_891a4d8ec8d044eaa174442078fb7e80/gnocchi.46e09bd6-2b6a-433d-b981-6558e0cb9651/1763640000.0_mean_300.0_v3" "tx6ba4c2dc64424f3c9feb7-0069289b1b" "proxy-server 97369" 0.0003 "-" 96394 0
Nov 27 13:40:27 np0005538165.novalocal systemd[1]: session-c112.scope: Deactivated successfully.
Nov 27 13:40:27 np0005538165.novalocal object-server[96394]: ::1 - - [27/Nov/2025:18:40:27 +0000] "GET /1/129422/AUTH_891a4d8ec8d044eaa174442078fb7e80/gnocchi.46e09bd6-2b6a-433d-b981-6558e0cb9651/1763640000.0_mean_300.0_v3" 404 70 "GET https://[::1]:8080/v1/AUTH_891a4d8ec8d044eaa174442078fb7e80/gnocchi.46e09bd6-2b6a-433d-b981-6558e0cb9651/1763640000.0_mean_300.0_v3" "tx6ba4c2dc64424f3c9feb7-0069289b1b" "proxy-server 97369" 0.0002 "-" 96394 0
Nov 27 13:40:27 np0005538165.novalocal object-server[96394]: ::1 - - [27/Nov/2025:18:40:27 +0000] "GET /2/129422/AUTH_891a4d8ec8d044eaa174442078fb7e80/gnocchi.46e09bd6-2b6a-433d-b981-6558e0cb9651/1763640000.0_mean_300.0_v3" 404 70 "GET https://[::1]:8080/v1/AUTH_891a4d8ec8d044eaa174442078fb7e80/gnocchi.46e09bd6-2b6a-433d-b981-6558e0cb9651/1763640000.0_mean_300.0_v3" "tx6ba4c2dc64424f3c9feb7-0069289b1b" "proxy-server 97369" 0.0002 "-" 96394 0
Nov 27 13:40:27 np0005538165.novalocal container-server[96061]: ::1 - - [27/Nov/2025:18:40:27 +0000] "HEAD /2/80711/AUTH_891a4d8ec8d044eaa174442078fb7e80/gnocchi.6db38309-2316-416d-9992-a795b83a9ad5" 404 - "HEAD http://[::1]:8080/v1/AUTH_891a4d8ec8d044eaa174442078fb7e80/gnocchi.6db38309-2316-416d-9992-a795b83a9ad5" "tx26bdf1f3fcee4f809e772-0069289b1b" "proxy-server 97370" 0.0003 "-" 96061 0
