Nov 27 13:41:24 np0005538165.novalocal container-server[96061]: ::1 - - [27/Nov/2025:18:41:24 +0000] "PUT /2/43317/AUTH_891a4d8ec8d044eaa174442078fb7e80/gnocchi.d1883406-65e7-47f4-862b-7b48734d8a82/none_v3" 201 - "PUT http://[::1]:8080/3/36155/AUTH_891a4d8ec8d044eaa174442078fb7e80/gnocchi.d1883406-65e7-47f4-862b-7b48734d8a82/none_v3" "tx18dd34fde1e94b519ad23-0069289b54" "object-server 96394" 0.0007 "-" 96061 0
Nov 27 13:41:24 np0005538165.novalocal object-server[96394]: ::1 - - [27/Nov/2025:18:41:24 +0000] "PUT /2/36155/AUTH_891a4d8ec8d044eaa174442078fb7e80/gnocchi.d1883406-65e7-47f4-862b-7b48734d8a82/none_v3" 201 - "PUT https://[::1]:8080/v1/AUTH_891a4d8ec8d044eaa174442078fb7e80/gnocchi.d1883406-65e7-47f4-862b-7b48734d8a82/none_v3" "tx18dd34fde1e94b519ad23-0069289b54" "proxy-server 97370" 0.0189 "-" 96394 0
Nov 27 13:41:24 np0005538165.novalocal object-server[96394]: ::1 - - [27/Nov/2025:18:41:24 +0000] "PUT /3/36155/AUTH_891a4d8ec8d044eaa174442078fb7e80/gnocchi.d1883406-65e7-47f4-862b-7b48734d8a82/none_v3" 201 - "PUT https://[::1]:8080/v1/AUTH_891a4d8ec8d044eaa174442078fb7e80/gnocchi.d1883406-65e7-47f4-862b-7b48734d8a82/none_v3" "tx18dd34fde1e94b519ad23-0069289b54" "proxy-server 97370" 0.0148 "-" 96394 0
Nov 27 13:41:24 np0005538165.novalocal container-server[96061]: ::1 - - [27/Nov/2025:18:41:24 +0000] "PUT /1/43317/AUTH_891a4d8ec8d044eaa174442078fb7e80/gnocchi.d1883406-65e7-47f4-862b-7b48734d8a82/none_v3" 201 - "PUT http://[::1]:8080/1/36155/AUTH_891a4d8ec8d044eaa174442078fb7e80/gnocchi.d1883406-65e7-47f4-862b-7b48734d8a82/none_v3" "tx18dd34fde1e94b519ad23-0069289b54" "object-server 96394" 0.0003 "-" 96061 0
Nov 27 13:41:24 np0005538165.novalocal object-server[96394]: ::1 - - [27/Nov/2025:18:41:24 +0000] "PUT /1/36155/AUTH_891a4d8ec8d044eaa174442078fb7e80/gnocchi.d1883406-65e7-47f4-862b-7b48734d8a82/none_v3" 201 - "PUT https://[::1]:8080/v1/AUTH_891a4d8ec8d044eaa174442078fb7e80/gnocchi.d1883406-65e7-47f4-862b-7b48734d8a82/none_v3" "tx18dd34fde1e94b519ad23-0069289b54" "proxy-server 97370" 0.0202 "-" 96394 0
Nov 27 13:41:24 np0005538165.novalocal proxy-server[97370]: ::1 ::1 27/Nov/2025/18/41/24 PUT /v1/AUTH_891a4d8ec8d044eaa174442078fb7e80/gnocchi.d1883406-65e7-47f4-862b-7b48734d8a82/none_v3 HTTP/1.0 201 - python-swiftclient-4.7.0 gAAAAABpKJsZdlPH... 27 - - tx18dd34fde1e94b519ad23-0069289b54 - 0.0344 - - 1764268884.433572769 1764268884.467987776 0
Nov 27 13:41:24 np0005538165.novalocal container-server[96061]: ::1 - - [27/Nov/2025:18:41:24 +0000] "PUT /1/170240/AUTH_891a4d8ec8d044eaa174442078fb7e80/gnocchi.686a44d4-6793-4dd2-8034-03145575e48d/1763640000.0_mean_300.0_v3" 201 - "PUT http://[::1]:8080/2/8243/AUTH_891a4d8ec8d044eaa174442078fb7e80/gnocchi.686a44d4-6793-4dd2-8034-03145575e48d/1763640000.0_mean_300.0_v3" "txde3d86b4bcbf4b8db6e6e-0069289b54" "object-server 96393" 0.0003 "-" 96061 0
Nov 27 13:41:24 np0005538165.novalocal container-server[96061]: ::1 - - [27/Nov/2025:18:41:24 +0000] "PUT /2/170240/AUTH_891a4d8ec8d044eaa174442078fb7e80/gnocchi.686a44d4-6793-4dd2-8034-03145575e48d/1763640000.0_mean_300.0_v3" 201 - "PUT http://[::1]:8080/3/8243/AUTH_891a4d8ec8d044eaa174442078fb7e80/gnocchi.686a44d4-6793-4dd2-8034-03145575e48d/1763640000.0_mean_300.0_v3" "txde3d86b4bcbf4b8db6e6e-0069289b54" "object-server 96394" 0.0003 "-" 96061 0
Nov 27 13:41:24 np0005538165.novalocal object-server[96393]: ::1 - - [27/Nov/2025:18:41:24 +0000] "PUT /2/8243/AUTH_891a4d8ec8d044eaa174442078fb7e80/gnocchi.686a44d4-6793-4dd2-8034-03145575e48d/1763640000.0_mean_300.0_v3" 201 - "PUT https://[::1]:8080/v1/AUTH_891a4d8ec8d044eaa174442078fb7e80/gnocchi.686a44d4-6793-4dd2-8034-03145575e48d/1763640000.0_mean_300.0_v3" "txde3d86b4bcbf4b8db6e6e-0069289b54" "proxy-server 97369" 0.0158 "-" 96393 0
Nov 27 13:41:24 np0005538165.novalocal object-server[96394]: ::1 - - [27/Nov/2025:18:41:24 +0000] "PUT /3/8243/AUTH_891a4d8ec8d044eaa174442078fb7e80/gnocchi.686a44d4-6793-4dd2-8034-03145575e48d/1763640000.0_mean_300.0_v3" 201 - "PUT https://[::1]:8080/v1/AUTH_891a4d8ec8d044eaa174442078fb7e80/gnocchi.686a44d4-6793-4dd2-8034-03145575e48d/1763640000.0_mean_300.0_v3" "txde3d86b4bcbf4b8db6e6e-0069289b54" "proxy-server 97369" 0.0215 "-" 96394 0
Nov 27 13:41:24 np0005538165.novalocal container-server[96061]: ::1 - - [27/Nov/2025:18:41:24 +0000] "PUT /3/170240/AUTH_891a4d8ec8d044eaa174442078fb7e80/gnocchi.686a44d4-6793-4dd2-8034-03145575e48d/1763640000.0_mean_300.0_v3" 201 - "PUT http://[::1]:8080/1/8243/AUTH_891a4d8ec8d044eaa174442078fb7e80/gnocchi.686a44d4-6793-4dd2-8034-03145575e48d/1763640000.0_mean_300.0_v3" "txde3d86b4bcbf4b8db6e6e-0069289b54" "object-server 96393" 0.0005 "-" 96061 0
Nov 27 13:41:24 np0005538165.novalocal object-server[96393]: ::1 - - [27/Nov/2025:18:41:24 +0000] "PUT /1/8243/AUTH_891a4d8ec8d044eaa174442078fb7e80/gnocchi.686a44d4-6793-4dd2-8034-03145575e48d/1763640000.0_mean_300.0_v3" 201 - "PUT https://[::1]:8080/v1/AUTH_891a4d8ec8d044eaa174442078fb7e80/gnocchi.686a44d4-6793-4dd2-8034-03145575e48d/1763640000.0_mean_300.0_v3" "txde3d86b4bcbf4b8db6e6e-0069289b54" "proxy-server 97369" 0.0183 "-" 96393 0
Nov 27 13:41:24 np0005538165.novalocal proxy-server[97369]: ::1 ::1 27/Nov/2025/18/41/24 PUT /v1/AUTH_891a4d8ec8d044eaa174442078fb7e80/gnocchi.686a44d4-6793-4dd2-8034-03145575e48d/1763640000.0_mean_300.0_v3 HTTP/1.0 201 - python-swiftclient-4.7.0 gAAAAABpKJsYjUMx... 16 - - txde3d86b4bcbf4b8db6e6e-0069289b54 - 0.0404 - - 1764268884.446743250 1764268884.487156391 0
Nov 27 13:41:24 np0005538165.novalocal container-server[96060]: ::1 - - [27/Nov/2025:18:41:24 +0000] "PUT /2/170240/AUTH_891a4d8ec8d044eaa174442078fb7e80/gnocchi.686a44d4-6793-4dd2-8034-03145575e48d/none_v3" 201 - "PUT http://[::1]:8080/1/217987/AUTH_891a4d8ec8d044eaa174442078fb7e80/gnocchi.686a44d4-6793-4dd2-8034-03145575e48d/none_v3" "tx61306bea52de4ead82a3d-0069289b54" "object-server 96394" 0.0006 "-" 96060 0
Nov 27 13:41:24 np0005538165.novalocal object-server[96394]: ::1 - - [27/Nov/2025:18:41:24 +0000] "PUT /1/217987/AUTH_891a4d8ec8d044eaa174442078fb7e80/gnocchi.686a44d4-6793-4dd2-8034-03145575e48d/none_v3" 201 - "PUT https://[::1]:8080/v1/AUTH_891a4d8ec8d044eaa174442078fb7e80/gnocchi.686a44d4-6793-4dd2-8034-03145575e48d/none_v3" "tx61306bea52de4ead82a3d-0069289b54" "proxy-server 97369" 0.0113 "-" 96394 0
Nov 27 13:41:24 np0005538165.novalocal container-server[96061]: ::1 - - [27/Nov/2025:18:41:24 +0000] "PUT /1/170240/AUTH_891a4d8ec8d044eaa174442078fb7e80/gnocchi.686a44d4-6793-4dd2-8034-03145575e48d/none_v3" 201 - "PUT http://[::1]:8080/2/217987/AUTH_891a4d8ec8d044eaa174442078fb7e80/gnocchi.686a44d4-6793-4dd2-8034-03145575e48d/none_v3" "tx61306bea52de4ead82a3d-0069289b54" "object-server 96394" 0.0005 "-" 96061 0
Nov 27 13:41:24 np0005538165.novalocal container-server[96060]: ::1 - - [27/Nov/2025:18:41:24 +0000] "PUT /3/170240/AUTH_891a4d8ec8d044eaa174442078fb7e80/gnocchi.686a44d4-6793-4dd2-8034-03145575e48d/none_v3" 201 - "PUT http://[::1]:8080/3/217987/AUTH_891a4d8ec8d044eaa174442078fb7e80/gnocchi.686a44d4-6793-4dd2-8034-03145575e48d/none_v3" "tx61306bea52de4ead82a3d-0069289b54" "object-server 96394" 0.0004 "-" 96060 0
Nov 27 13:41:24 np0005538165.novalocal object-server[96394]: ::1 - - [27/Nov/2025:18:41:24 +0000] "PUT /3/217987/AUTH_891a4d8ec8d044eaa174442078fb7e80/gnocchi.686a44d4-6793-4dd2-8034-03145575e48d/none_v3" 201 - "PUT https://[::1]:8080/v1/AUTH_891a4d8ec8d044eaa174442078fb7e80/gnocchi.686a44d4-6793-4dd2-8034-03145575e48d/none_v3" "tx61306bea52de4ead82a3d-0069289b54" "proxy-server 97369" 0.0143 "-" 96394 0
Nov 27 13:41:24 np0005538165.novalocal object-server[96394]: ::1 - - [27/Nov/2025:18:41:24 +0000] "PUT /2/217987/AUTH_891a4d8ec8d044eaa174442078fb7e80/gnocchi.686a44d4-6793-4dd2-8034-03145575e48d/none_v3" 201 - "PUT https://[::1]:8080/v1/AUTH_891a4d8ec8d044eaa174442078fb7e80/gnocchi.686a44d4-6793-4dd2-8034-03145575e48d/none_v3" "tx61306bea52de4ead82a3d-0069289b54" "proxy-server 97369" 0.0122 "-" 96394 0
Nov 27 13:41:24 np0005538165.novalocal proxy-server[97369]: ::1 ::1 27/Nov/2025/18/41/24 PUT /v1/AUTH_891a4d8ec8d044eaa174442078fb7e80/gnocchi.686a44d4-6793-4dd2-8034-03145575e48d/none_v3 HTTP/1.0 201 - python-swiftclient-4.7.0 gAAAAABpKJsYjUMx... 27 - - tx61306bea52de4ead82a3d-0069289b54 - 0.0224 - - 1764268884.489594936 1764268884.511979342 0
Nov 27 13:41:24 np0005538165.novalocal object-server[96394]: ::1 - - [27/Nov/2025:18:41:24 +0000] "GET /1/47222/AUTH_891a4d8ec8d044eaa174442078fb7e80/gnocchi.d0c02e20-75a8-4569-b925-5ce2625bed11/none_v3" 200 22 "GET https://[::1]:8080/v1/AUTH_891a4d8ec8d044eaa174442078fb7e80/gnocchi.d0c02e20-75a8-4569-b925-5ce2625bed11/none_v3" "tx63cf6f2ca30e4cdb9a179-0069289b54" "proxy-server 97370" 0.0007 "-" 96394 0
Nov 27 13:41:24 np0005538165.novalocal proxy-server[97370]: ::1 ::1 27/Nov/2025/18/41/24 GET /v1/AUTH_891a4d8ec8d044eaa174442078fb7e80/gnocchi.d0c02e20-75a8-4569-b925-5ce2625bed11/none_v3 HTTP/1.0 200 - python-swiftclient-4.7.0 gAAAAABpKJsZdlPH... - 22 - tx63cf6f2ca30e4cdb9a179-0069289b54 - 0.0103 - - 1764268884.506203175 1764268884.516482353 0
Nov 27 13:41:24 np0005538165.novalocal container-server[96061]: ::1 - - [27/Nov/2025:18:41:24 +0000] "GET /1/237379/AUTH_891a4d8ec8d044eaa174442078fb7e80/gnocchi.d0c02e20-75a8-4569-b925-5ce2625bed11" 200 357 "GET https://[::1]:8080/v1/AUTH_891a4d8ec8d044eaa174442078fb7e80/gnocchi.d0c02e20-75a8-4569-b925-5ce2625bed11?format=json&states=listing" "txf7a2645df89e4e3b95d57-0069289b54" "proxy-server 97370" 0.0034 "-" 96061 0
Nov 27 13:41:24 np0005538165.novalocal proxy-server[97370]: ::1 ::1 27/Nov/2025/18/41/24 GET /v1/AUTH_891a4d8ec8d044eaa174442078fb7e80/gnocchi.d0c02e20-75a8-4569-b925-5ce2625bed11%3Fformat%3Djson%26states%3Dlisting HTTP/1.0 200 - python-swiftclient-4.7.0 gAAAAABpKJsZdlPH... - 357 - txf7a2645df89e4e3b95d57-0069289b54 - 0.0110 - - 1764268884.520285130 1764268884.531281948 0
Nov 27 13:41:24 np0005538165.novalocal account-server[95766]: ::1 - - [27/Nov/2025:18:41:24 +0000] "PUT /3/91627/AUTH_891a4d8ec8d044eaa174442078fb7e80/gnocchi.36a463a1-cefb-46e0-98ed-34a9b355a183" 201 - "-" "-" "container-updater 95229" 0.0005 "-" 95766 0
Nov 27 13:41:24 np0005538165.novalocal account-server[95765]: ::1 - - [27/Nov/2025:18:41:24 +0000] "PUT /1/91627/AUTH_891a4d8ec8d044eaa174442078fb7e80/gnocchi.36a463a1-cefb-46e0-98ed-34a9b355a183" 201 - "-" "-" "container-updater 95229" 0.0005 "-" 95765 0
Nov 27 13:41:24 np0005538165.novalocal account-server[95766]: ::1 - - [27/Nov/2025:18:41:24 +0000] "PUT /2/91627/AUTH_891a4d8ec8d044eaa174442078fb7e80/gnocchi.36a463a1-cefb-46e0-98ed-34a9b355a183" 201 - "-" "-" "container-updater 95229" 0.0002 "-" 95766 0
Nov 27 13:41:24 np0005538165.novalocal container-server[96060]: ::1 - - [27/Nov/2025:18:41:24 +0000] "GET /3/237379/AUTH_891a4d8ec8d044eaa174442078fb7e80/gnocchi.d0c02e20-75a8-4569-b925-5ce2625bed11" 200 2 "GET https://[::1]:8080/v1/AUTH_891a4d8ec8d044eaa174442078fb7e80/gnocchi.d0c02e20-75a8-4569-b925-5ce2625bed11?format=json&marker=none_v3&states=listing" "txb7afdde1b8114e8aaf228-0069289b54" "proxy-server 97370" 0.0018 "-" 96060 0
Nov 27 13:41:24 np0005538165.novalocal proxy-server[97370]: ::1 ::1 27/Nov/2025/18/41/24 GET /v1/AUTH_891a4d8ec8d044eaa174442078fb7e80/gnocchi.d0c02e20-75a8-4569-b925-5ce2625bed11%3Fformat%3Djson%26marker%3Dnone_v3%26states%3Dlisting HTTP/1.0 200 - python-swiftclient-4.7.0 gAAAAABpKJsZdlPH... - 2 - txb7afdde1b8114e8aaf228-0069289b54 - 0.0139 - - 1764268884.533389330 1764268884.547316313 0
Nov 27 13:41:24 np0005538165.novalocal object-server[96393]: ::1 - - [27/Nov/2025:18:41:24 +0000] "GET /3/7640/AUTH_891a4d8ec8d044eaa174442078fb7e80/gnocchi.d0c02e20-75a8-4569-b925-5ce2625bed11/1763640000.0_rate%3Amean_300.0_v3" 404 70 "GET https://[::1]:8080/v1/AUTH_891a4d8ec8d044eaa174442078fb7e80/gnocchi.d0c02e20-75a8-4569-b925-5ce2625bed11/1763640000.0_rate%3Amean_300.0_v3" "txf26bed9bc90444d9b592d-0069289b54" "proxy-server 97370" 0.0003 "-" 96393 0
Nov 27 13:41:24 np0005538165.novalocal object-server[96394]: ::1 - - [27/Nov/2025:18:41:24 +0000] "GET /2/173681/AUTH_891a4d8ec8d044eaa174442078fb7e80/gnocchi.4be542f7-2089-4ec1-b321-95a2c8b11ba6/none_v3" 200 22 "GET https://[::1]:8080/v1/AUTH_891a4d8ec8d044eaa174442078fb7e80/gnocchi.4be542f7-2089-4ec1-b321-95a2c8b11ba6/none_v3" "tx99cbda185c1d4a61955cd-0069289b54" "proxy-server 97369" 0.0007 "-" 96394 0
Nov 27 13:41:24 np0005538165.novalocal proxy-server[97369]: ::1 ::1 27/Nov/2025/18/41/24 GET /v1/AUTH_891a4d8ec8d044eaa174442078fb7e80/gnocchi.4be542f7-2089-4ec1-b321-95a2c8b11ba6/none_v3 HTTP/1.0 200 - python-swiftclient-4.7.0 gAAAAABpKJsYjUMx... - 22 - tx99cbda185c1d4a61955cd-0069289b54 - 0.0079 - - 1764268884.551677227 1764268884.559566736 0
Nov 27 13:41:24 np0005538165.novalocal object-server[96394]: ::1 - - [27/Nov/2025:18:41:24 +0000] "GET /2/7640/AUTH_891a4d8ec8d044eaa174442078fb7e80/gnocchi.d0c02e20-75a8-4569-b925-5ce2625bed11/1763640000.0_rate%3Amean_300.0_v3" 404 70 "GET https://[::1]:8080/v1/AUTH_891a4d8ec8d044eaa174442078fb7e80/gnocchi.d0c02e20-75a8-4569-b925-5ce2625bed11/1763640000.0_rate%3Amean_300.0_v3" "txf26bed9bc90444d9b592d-0069289b54" "proxy-server 97370" 0.0024 "-" 96394 0
Nov 27 13:41:24 np0005538165.novalocal object-server[96393]: ::1 - - [27/Nov/2025:18:41:24 +0000] "GET /1/7640/AUTH_891a4d8ec8d044eaa174442078fb7e80/gnocchi.d0c02e20-75a8-4569-b925-5ce2625bed11/1763640000.0_rate%3Amean_300.0_v3" 404 70 "GET https://[::1]:8080/v1/AUTH_891a4d8ec8d044eaa174442078fb7e80/gnocchi.d0c02e20-75a8-4569-b925-5ce2625bed11/1763640000.0_rate%3Amean_300.0_v3" "txf26bed9bc90444d9b592d-0069289b54" "proxy-server 97370" 0.0004 "-" 96393 0
Nov 27 13:41:24 np0005538165.novalocal proxy-server[97370]: ::1 ::1 27/Nov/2025/18/41/24 GET /v1/AUTH_891a4d8ec8d044eaa174442078fb7e80/gnocchi.d0c02e20-75a8-4569-b925-5ce2625bed11/1763640000.0_rate%253Amean_300.0_v3 HTTP/1.0 404 - python-swiftclient-4.7.0 gAAAAABpKJsZdlPH... - 70 - txf26bed9bc90444d9b592d-0069289b54 - 0.0143 - - 1764268884.550411463 1764268884.564755440 0
Nov 27 13:41:24 np0005538165.novalocal container-server[96061]: ::1 - - [27/Nov/2025:18:41:24 +0000] "GET /1/203784/AUTH_891a4d8ec8d044eaa174442078fb7e80/gnocchi.4be542f7-2089-4ec1-b321-95a2c8b11ba6" 200 357 "GET https://[::1]:8080/v1/AUTH_891a4d8ec8d044eaa174442078fb7e80/gnocchi.4be542f7-2089-4ec1-b321-95a2c8b11ba6?format=json&states=listing" "txbee57ae5fe9841849058b-0069289b54" "proxy-server 97369" 0.0039 "-" 96061 0
Nov 27 13:41:24 np0005538165.novalocal object-server[96393]: ::1 - - [27/Nov/2025:18:41:24 +0000] "GET /2/187480/AUTH_891a4d8ec8d044eaa174442078fb7e80/gnocchi.d0c02e20-75a8-4569-b925-5ce2625bed11/1763640000.0_mean_300.0_v3" 200 16 "GET https://[::1]:8080/v1/AUTH_891a4d8ec8d044eaa174442078fb7e80/gnocchi.d0c02e20-75a8-4569-b925-5ce2625bed11/1763640000.0_mean_300.0_v3" "tx086e13a4dda2471c8f4c2-0069289b54" "proxy-server 97370" 0.0006 "-" 96393 0
Nov 27 13:41:24 np0005538165.novalocal proxy-server[97369]: ::1 ::1 27/Nov/2025/18/41/24 GET /v1/AUTH_891a4d8ec8d044eaa174442078fb7e80/gnocchi.4be542f7-2089-4ec1-b321-95a2c8b11ba6%3Fformat%3Djson%26states%3Dlisting HTTP/1.0 200 - python-swiftclient-4.7.0 gAAAAABpKJsYjUMx... - 357 - txbee57ae5fe9841849058b-0069289b54 - 0.0102 - - 1764268884.564651966 1764268884.574899435 0
Nov 27 13:41:24 np0005538165.novalocal proxy-server[97370]: ::1 ::1 27/Nov/2025/18/41/24 GET /v1/AUTH_891a4d8ec8d044eaa174442078fb7e80/gnocchi.d0c02e20-75a8-4569-b925-5ce2625bed11/1763640000.0_mean_300.0_v3 HTTP/1.0 200 - python-swiftclient-4.7.0 gAAAAABpKJsZdlPH... - 16 - tx086e13a4dda2471c8f4c2-0069289b54 - 0.0082 - - 1764268884.567129135 1764268884.575350046 0
Nov 27 13:41:24 np0005538165.novalocal container-server[96061]: ::1 - - [27/Nov/2025:18:41:24 +0000] "GET /2/203784/AUTH_891a4d8ec8d044eaa174442078fb7e80/gnocchi.4be542f7-2089-4ec1-b321-95a2c8b11ba6" 200 2 "GET https://[::1]:8080/v1/AUTH_891a4d8ec8d044eaa174442078fb7e80/gnocchi.4be542f7-2089-4ec1-b321-95a2c8b11ba6?format=json&marker=none_v3&states=listing" "txe93f704a7fc6408784a69-0069289b54" "proxy-server 97369" 0.0048 "-" 96061 0
Nov 27 13:41:24 np0005538165.novalocal proxy-server[97369]: ::1 ::1 27/Nov/2025/18/41/24 GET /v1/AUTH_891a4d8ec8d044eaa174442078fb7e80/gnocchi.4be542f7-2089-4ec1-b321-95a2c8b11ba6%3Fformat%3Djson%26marker%3Dnone_v3%26states%3Dlisting HTTP/1.0 200 - python-swiftclient-4.7.0 gAAAAABpKJsYjUMx... - 2 - txe93f704a7fc6408784a69-0069289b54 - 0.0109 - - 1764268884.577282906 1764268884.588163376 0
Nov 27 13:41:24 np0005538165.novalocal container-server[96061]: ::1 - - [27/Nov/2025:18:41:24 +0000] "PUT /2/237379/AUTH_891a4d8ec8d044eaa174442078fb7e80/gnocchi.d0c02e20-75a8-4569-b925-5ce2625bed11/1763640000.0_rate%3Amean_300.0_v3" 201 - "PUT http://[::1]:8080/3/7640/AUTH_891a4d8ec8d044eaa174442078fb7e80/gnocchi.d0c02e20-75a8-4569-b925-5ce2625bed11/1763640000.0_rate%3Amean_300.0_v3" "txcd393bd98cb543dd8f03a-0069289b54" "object-server 96394" 0.0005 "-" 96061 0
Nov 27 13:41:24 np0005538165.novalocal object-server[96394]: ::1 - - [27/Nov/2025:18:41:24 +0000] "PUT /3/7640/AUTH_891a4d8ec8d044eaa174442078fb7e80/gnocchi.d0c02e20-75a8-4569-b925-5ce2625bed11/1763640000.0_rate%3Amean_300.0_v3" 201 - "PUT https://[::1]:8080/v1/AUTH_891a4d8ec8d044eaa174442078fb7e80/gnocchi.d0c02e20-75a8-4569-b925-5ce2625bed11/1763640000.0_rate%3Amean_300.0_v3" "txcd393bd98cb543dd8f03a-0069289b54" "proxy-server 97370" 0.0119 "-" 96394 0
Nov 27 13:41:24 np0005538165.novalocal container-server[96060]: ::1 - - [27/Nov/2025:18:41:24 +0000] "PUT /3/237379/AUTH_891a4d8ec8d044eaa174442078fb7e80/gnocchi.d0c02e20-75a8-4569-b925-5ce2625bed11/1763640000.0_rate%3Amean_300.0_v3" 201 - "PUT http://[::1]:8080/1/7640/AUTH_891a4d8ec8d044eaa174442078fb7e80/gnocchi.d0c02e20-75a8-4569-b925-5ce2625bed11/1763640000.0_rate%3Amean_300.0_v3" "txcd393bd98cb543dd8f03a-0069289b54" "object-server 96393" 0.0005 "-" 96060 0
Nov 27 13:41:24 np0005538165.novalocal object-server[96393]: ::1 - - [27/Nov/2025:18:41:24 +0000] "PUT /1/7640/AUTH_891a4d8ec8d044eaa174442078fb7e80/gnocchi.d0c02e20-75a8-4569-b925-5ce2625bed11/1763640000.0_rate%3Amean_300.0_v3" 201 - "PUT https://[::1]:8080/v1/AUTH_891a4d8ec8d044eaa174442078fb7e80/gnocchi.d0c02e20-75a8-4569-b925-5ce2625bed11/1763640000.0_rate%3Amean_300.0_v3" "txcd393bd98cb543dd8f03a-0069289b54" "proxy-server 97370" 0.0110 "-" 96393 0
Nov 27 13:41:24 np0005538165.novalocal container-server[96060]: ::1 - - [27/Nov/2025:18:41:24 +0000] "PUT /1/237379/AUTH_891a4d8ec8d044eaa174442078fb7e80/gnocchi.d0c02e20-75a8-4569-b925-5ce2625bed11/1763640000.0_rate%3Amean_300.0_v3" 201 - "PUT http://[::1]:8080/2/7640/AUTH_891a4d8ec8d044eaa174442078fb7e80/gnocchi.d0c02e20-75a8-4569-b925-5ce2625bed11/1763640000.0_rate%3Amean_300.0_v3" "txcd393bd98cb543dd8f03a-0069289b54" "object-server 96393" 0.0003 "-" 96060 0
Nov 27 13:41:24 np0005538165.novalocal object-server[96393]: ::1 - - [27/Nov/2025:18:41:24 +0000] "PUT /2/7640/AUTH_891a4d8ec8d044eaa174442078fb7e80/gnocchi.d0c02e20-75a8-4569-b925-5ce2625bed11/1763640000.0_rate%3Amean_300.0_v3" 201 - "PUT https://[::1]:8080/v1/AUTH_891a4d8ec8d044eaa174442078fb7e80/gnocchi.d0c02e20-75a8-4569-b925-5ce2625bed11/1763640000.0_rate%3Amean_300.0_v3" "txcd393bd98cb543dd8f03a-0069289b54" "proxy-server 97370" 0.0143 "-" 96393 0
Nov 27 13:41:24 np0005538165.novalocal proxy-server[97370]: ::1 ::1 27/Nov/2025/18/41/24 PUT /v1/AUTH_891a4d8ec8d044eaa174442078fb7e80/gnocchi.d0c02e20-75a8-4569-b925-5ce2625bed11/1763640000.0_rate%253Amean_300.0_v3 HTTP/1.0 201 - python-swiftclient-4.7.0 gAAAAABpKJsZdlPH... 16 - - txcd393bd98cb543dd8f03a-0069289b54 - 0.0220 - - 1764268884.578288555 1764268884.600335836 0
Nov 27 13:41:24 np0005538165.novalocal object-server[96393]: ::1 - - [27/Nov/2025:18:41:24 +0000] "GET /1/156089/AUTH_891a4d8ec8d044eaa174442078fb7e80/gnocchi.4be542f7-2089-4ec1-b321-95a2c8b11ba6/1763640000.0_rate%3Amean_300.0_v3" 404 70 "GET https://[::1]:8080/v1/AUTH_891a4d8ec8d044eaa174442078fb7e80/gnocchi.4be542f7-2089-4ec1-b321-95a2c8b11ba6/1763640000.0_rate%3Amean_300.0_v3" "txaae76e8a53644382866c6-0069289b54" "proxy-server 97369" 0.0003 "-" 96393 0
Nov 27 13:41:24 np0005538165.novalocal object-server[96393]: ::1 - - [27/Nov/2025:18:41:24 +0000] "GET /3/156089/AUTH_891a4d8ec8d044eaa174442078fb7e80/gnocchi.4be542f7-2089-4ec1-b321-95a2c8b11ba6/1763640000.0_rate%3Amean_300.0_v3" 404 70 "GET https://[::1]:8080/v1/AUTH_891a4d8ec8d044eaa174442078fb7e80/gnocchi.4be542f7-2089-4ec1-b321-95a2c8b11ba6/1763640000.0_rate%3Amean_300.0_v3" "txaae76e8a53644382866c6-0069289b54" "proxy-server 97369" 0.0004 "-" 96393 0
Nov 27 13:41:24 np0005538165.novalocal object-server[96393]: ::1 - - [27/Nov/2025:18:41:24 +0000] "GET /2/156089/AUTH_891a4d8ec8d044eaa174442078fb7e80/gnocchi.4be542f7-2089-4ec1-b321-95a2c8b11ba6/1763640000.0_rate%3Amean_300.0_v3" 404 70 "GET https://[::1]:8080/v1/AUTH_891a4d8ec8d044eaa174442078fb7e80/gnocchi.4be542f7-2089-4ec1-b321-95a2c8b11ba6/1763640000.0_rate%3Amean_300.0_v3" "txaae76e8a53644382866c6-0069289b54" "proxy-server 97369" 0.0002 "-" 96393 0
Nov 27 13:41:24 np0005538165.novalocal proxy-server[97369]: ::1 ::1 27/Nov/2025/18/41/24 GET /v1/AUTH_891a4d8ec8d044eaa174442078fb7e80/gnocchi.4be542f7-2089-4ec1-b321-95a2c8b11ba6/1763640000.0_rate%253Amean_300.0_v3 HTTP/1.0 404 - python-swiftclient-4.7.0 gAAAAABpKJsYjUMx... - 70 - txaae76e8a53644382866c6-0069289b54 - 0.0187 - - 1764268884.594880104 1764268884.613606930 0
Nov 27 13:41:24 np0005538165.novalocal container-server[96060]: ::1 - - [27/Nov/2025:18:41:24 +0000] "PUT /1/237379/AUTH_891a4d8ec8d044eaa174442078fb7e80/gnocchi.d0c02e20-75a8-4569-b925-5ce2625bed11/1763640000.0_mean_300.0_v3" 201 - "PUT http://[::1]:8080/1/187480/AUTH_891a4d8ec8d044eaa174442078fb7e80/gnocchi.d0c02e20-75a8-4569-b925-5ce2625bed11/1763640000.0_mean_300.0_v3" "txfff6e9f1aef945ecb2547-0069289b54" "object-server 96393" 0.0004 "-" 96060 0
Nov 27 13:41:24 np0005538165.novalocal object-server[96393]: ::1 - - [27/Nov/2025:18:41:24 +0000] "PUT /1/187480/AUTH_891a4d8ec8d044eaa174442078fb7e80/gnocchi.d0c02e20-75a8-4569-b925-5ce2625bed11/1763640000.0_mean_300.0_v3" 201 - "PUT https://[::1]:8080/v1/AUTH_891a4d8ec8d044eaa174442078fb7e80/gnocchi.d0c02e20-75a8-4569-b925-5ce2625bed11/1763640000.0_mean_300.0_v3" "txfff6e9f1aef945ecb2547-0069289b54" "proxy-server 97370" 0.0094 "-" 96393 0
Nov 27 13:41:24 np0005538165.novalocal container-server[96061]: ::1 - - [27/Nov/2025:18:41:24 +0000] "PUT /2/237379/AUTH_891a4d8ec8d044eaa174442078fb7e80/gnocchi.d0c02e20-75a8-4569-b925-5ce2625bed11/1763640000.0_mean_300.0_v3" 201 - "PUT http://[::1]:8080/3/187480/AUTH_891a4d8ec8d044eaa174442078fb7e80/gnocchi.d0c02e20-75a8-4569-b925-5ce2625bed11/1763640000.0_mean_300.0_v3" "txfff6e9f1aef945ecb2547-0069289b54" "object-server 96394" 0.0004 "-" 96061 0
Nov 27 13:41:24 np0005538165.novalocal object-server[96394]: ::1 - - [27/Nov/2025:18:41:24 +0000] "PUT /3/187480/AUTH_891a4d8ec8d044eaa174442078fb7e80/gnocchi.d0c02e20-75a8-4569-b925-5ce2625bed11/1763640000.0_mean_300.0_v3" 201 - "PUT https://[::1]:8080/v1/AUTH_891a4d8ec8d044eaa174442078fb7e80/gnocchi.d0c02e20-75a8-4569-b925-5ce2625bed11/1763640000.0_mean_300.0_v3" "txfff6e9f1aef945ecb2547-0069289b54" "proxy-server 97370" 0.0111 "-" 96394 0
Nov 27 13:41:24 np0005538165.novalocal account-server[95766]: ::1 - - [27/Nov/2025:18:41:24 +0000] "PUT /2/91627/AUTH_891a4d8ec8d044eaa174442078fb7e80/gnocchi.d0c02e20-75a8-4569-b925-5ce2625bed11" 201 - "-" "-" "container-updater 95229" 0.0003 "-" 95766 0
Nov 27 13:41:24 np0005538165.novalocal account-server[95766]: ::1 - - [27/Nov/2025:18:41:24 +0000] "PUT /1/91627/AUTH_891a4d8ec8d044eaa174442078fb7e80/gnocchi.d0c02e20-75a8-4569-b925-5ce2625bed11" 201 - "-" "-" "container-updater 95229" 0.0002 "-" 95766 0
Nov 27 13:41:24 np0005538165.novalocal account-server[95765]: ::1 - - [27/Nov/2025:18:41:24 +0000] "PUT /3/91627/AUTH_891a4d8ec8d044eaa174442078fb7e80/gnocchi.d0c02e20-75a8-4569-b925-5ce2625bed11" 201 - "-" "-" "container-updater 95229" 0.0008 "-" 95765 0
Nov 27 13:41:24 np0005538165.novalocal object-server[96394]: ::1 - - [27/Nov/2025:18:41:24 +0000] "GET /1/80199/AUTH_891a4d8ec8d044eaa174442078fb7e80/gnocchi.4be542f7-2089-4ec1-b321-95a2c8b11ba6/1763640000.0_mean_300.0_v3" 200 16 "GET https://[::1]:8080/v1/AUTH_891a4d8ec8d044eaa174442078fb7e80/gnocchi.4be542f7-2089-4ec1-b321-95a2c8b11ba6/1763640000.0_mean_300.0_v3" "tx37dbee001aec49209954e-0069289b54" "proxy-server 97369" 0.0007 "-" 96394 0
Nov 27 13:41:24 np0005538165.novalocal proxy-server[97369]: ::1 ::1 27/Nov/2025/18/41/24 GET /v1/AUTH_891a4d8ec8d044eaa174442078fb7e80/gnocchi.4be542f7-2089-4ec1-b321-95a2c8b11ba6/1763640000.0_mean_300.0_v3 HTTP/1.0 200 - python-swiftclient-4.7.0 gAAAAABpKJsYjUMx... - 16 - tx37dbee001aec49209954e-0069289b54 - 0.0096 - - 1764268884.620388031 1764268884.630023003 0
Nov 27 13:41:24 np0005538165.novalocal container-server[96060]: ::1 - - [27/Nov/2025:18:41:24 +0000] "PUT /3/237379/AUTH_891a4d8ec8d044eaa174442078fb7e80/gnocchi.d0c02e20-75a8-4569-b925-5ce2625bed11/1763640000.0_mean_300.0_v3" 201 - "PUT http://[::1]:8080/2/187480/AUTH_891a4d8ec8d044eaa174442078fb7e80/gnocchi.d0c02e20-75a8-4569-b925-5ce2625bed11/1763640000.0_mean_300.0_v3" "txfff6e9f1aef945ecb2547-0069289b54" "object-server 96394" 0.0104 "-" 96060 0
Nov 27 13:41:24 np0005538165.novalocal object-server[96394]: ::1 - - [27/Nov/2025:18:41:24 +0000] "PUT /2/187480/AUTH_891a4d8ec8d044eaa174442078fb7e80/gnocchi.d0c02e20-75a8-4569-b925-5ce2625bed11/1763640000.0_mean_300.0_v3" 201 - "PUT https://[::1]:8080/v1/AUTH_891a4d8ec8d044eaa174442078fb7e80/gnocchi.d0c02e20-75a8-4569-b925-5ce2625bed11/1763640000.0_mean_300.0_v3" "txfff6e9f1aef945ecb2547-0069289b54" "proxy-server 97370" 0.0224 "-" 96394 0
Nov 27 13:41:24 np0005538165.novalocal proxy-server[97370]: ::1 ::1 27/Nov/2025/18/41/24 PUT /v1/AUTH_891a4d8ec8d044eaa174442078fb7e80/gnocchi.d0c02e20-75a8-4569-b925-5ce2625bed11/1763640000.0_mean_300.0_v3 HTTP/1.0 201 - python-swiftclient-4.7.0 gAAAAABpKJsZdlPH... 16 - - txfff6e9f1aef945ecb2547-0069289b54 - 0.0292 - - 1764268884.602820396 1764268884.632000923 0
Nov 27 13:41:24 np0005538165.novalocal container-server[96060]: ::1 - - [27/Nov/2025:18:41:24 +0000] "PUT /2/237379/AUTH_891a4d8ec8d044eaa174442078fb7e80/gnocchi.d0c02e20-75a8-4569-b925-5ce2625bed11/none_v3" 201 - "PUT http://[::1]:8080/2/47222/AUTH_891a4d8ec8d044eaa174442078fb7e80/gnocchi.d0c02e20-75a8-4569-b925-5ce2625bed11/none_v3" "txca769520837447c98d7cd-0069289b54" "object-server 96394" 0.0004 "-" 96060 0
Nov 27 13:41:24 np0005538165.novalocal container-server[96061]: ::1 - - [27/Nov/2025:18:41:24 +0000] "PUT /3/237379/AUTH_891a4d8ec8d044eaa174442078fb7e80/gnocchi.d0c02e20-75a8-4569-b925-5ce2625bed11/none_v3" 201 - "PUT http://[::1]:8080/3/47222/AUTH_891a4d8ec8d044eaa174442078fb7e80/gnocchi.d0c02e20-75a8-4569-b925-5ce2625bed11/none_v3" "txca769520837447c98d7cd-0069289b54" "object-server 96394" 0.0005 "-" 96061 0
Nov 27 13:41:24 np0005538165.novalocal object-server[96394]: ::1 - - [27/Nov/2025:18:41:24 +0000] "PUT /2/47222/AUTH_891a4d8ec8d044eaa174442078fb7e80/gnocchi.d0c02e20-75a8-4569-b925-5ce2625bed11/none_v3" 201 - "PUT https://[::1]:8080/v1/AUTH_891a4d8ec8d044eaa174442078fb7e80/gnocchi.d0c02e20-75a8-4569-b925-5ce2625bed11/none_v3" "txca769520837447c98d7cd-0069289b54" "proxy-server 97370" 0.0088 "-" 96394 0
Nov 27 13:41:24 np0005538165.novalocal object-server[96394]: ::1 - - [27/Nov/2025:18:41:24 +0000] "PUT /3/47222/AUTH_891a4d8ec8d044eaa174442078fb7e80/gnocchi.d0c02e20-75a8-4569-b925-5ce2625bed11/none_v3" 201 - "PUT https://[::1]:8080/v1/AUTH_891a4d8ec8d044eaa174442078fb7e80/gnocchi.d0c02e20-75a8-4569-b925-5ce2625bed11/none_v3" "txca769520837447c98d7cd-0069289b54" "proxy-server 97370" 0.0112 "-" 96394 0
Nov 27 13:41:24 np0005538165.novalocal container-server[96060]: ::1 - - [27/Nov/2025:18:41:24 +0000] "PUT /1/237379/AUTH_891a4d8ec8d044eaa174442078fb7e80/gnocchi.d0c02e20-75a8-4569-b925-5ce2625bed11/none_v3" 201 - "PUT http://[::1]:8080/1/47222/AUTH_891a4d8ec8d044eaa174442078fb7e80/gnocchi.d0c02e20-75a8-4569-b925-5ce2625bed11/none_v3" "txca769520837447c98d7cd-0069289b54" "object-server 96393" 0.0003 "-" 96060 0
Nov 27 13:41:24 np0005538165.novalocal container-server[96060]: ::1 - - [27/Nov/2025:18:41:24 +0000] "PUT /1/203784/AUTH_891a4d8ec8d044eaa174442078fb7e80/gnocchi.4be542f7-2089-4ec1-b321-95a2c8b11ba6/1763640000.0_rate%3Amean_300.0_v3" 201 - "PUT http://[::1]:8080/1/156089/AUTH_891a4d8ec8d044eaa174442078fb7e80/gnocchi.4be542f7-2089-4ec1-b321-95a2c8b11ba6/1763640000.0_rate%3Amean_300.0_v3" "txc6f507489e4d46ff93d01-0069289b54" "object-server 96394" 0.0005 "-" 96060 0
Nov 27 13:41:24 np0005538165.novalocal object-server[96394]: ::1 - - [27/Nov/2025:18:41:24 +0000] "PUT /1/156089/AUTH_891a4d8ec8d044eaa174442078fb7e80/gnocchi.4be542f7-2089-4ec1-b321-95a2c8b11ba6/1763640000.0_rate%3Amean_300.0_v3" 201 - "PUT https://[::1]:8080/v1/AUTH_891a4d8ec8d044eaa174442078fb7e80/gnocchi.4be542f7-2089-4ec1-b321-95a2c8b11ba6/1763640000.0_rate%3Amean_300.0_v3" "txc6f507489e4d46ff93d01-0069289b54" "proxy-server 97369" 0.0114 "-" 96394 0
Nov 27 13:41:24 np0005538165.novalocal object-server[96393]: ::1 - - [27/Nov/2025:18:41:24 +0000] "PUT /1/47222/AUTH_891a4d8ec8d044eaa174442078fb7e80/gnocchi.d0c02e20-75a8-4569-b925-5ce2625bed11/none_v3" 201 - "PUT https://[::1]:8080/v1/AUTH_891a4d8ec8d044eaa174442078fb7e80/gnocchi.d0c02e20-75a8-4569-b925-5ce2625bed11/none_v3" "txca769520837447c98d7cd-0069289b54" "proxy-server 97370" 0.0162 "-" 96393 0
Nov 27 13:41:24 np0005538165.novalocal proxy-server[97370]: ::1 ::1 27/Nov/2025/18/41/24 PUT /v1/AUTH_891a4d8ec8d044eaa174442078fb7e80/gnocchi.d0c02e20-75a8-4569-b925-5ce2625bed11/none_v3 HTTP/1.0 201 - python-swiftclient-4.7.0 gAAAAABpKJsZdlPH... 33 - - txca769520837447c98d7cd-0069289b54 - 0.0267 - - 1764268884.635045528 1764268884.661761761 0
Nov 27 13:41:24 np0005538165.novalocal container-server[96061]: ::1 - - [27/Nov/2025:18:41:24 +0000] "PUT /2/203784/AUTH_891a4d8ec8d044eaa174442078fb7e80/gnocchi.4be542f7-2089-4ec1-b321-95a2c8b11ba6/1763640000.0_rate%3Amean_300.0_v3" 201 - "PUT http://[::1]:8080/2/156089/AUTH_891a4d8ec8d044eaa174442078fb7e80/gnocchi.4be542f7-2089-4ec1-b321-95a2c8b11ba6/1763640000.0_rate%3Amean_300.0_v3" "txc6f507489e4d46ff93d01-0069289b54" "object-server 96393" 0.0005 "-" 96061 0
Nov 27 13:41:24 np0005538165.novalocal object-server[96393]: ::1 - - [27/Nov/2025:18:41:24 +0000] "PUT /2/156089/AUTH_891a4d8ec8d044eaa174442078fb7e80/gnocchi.4be542f7-2089-4ec1-b321-95a2c8b11ba6/1763640000.0_rate%3Amean_300.0_v3" 201 - "PUT https://[::1]:8080/v1/AUTH_891a4d8ec8d044eaa174442078fb7e80/gnocchi.4be542f7-2089-4ec1-b321-95a2c8b11ba6/1763640000.0_rate%3Amean_300.0_v3" "txc6f507489e4d46ff93d01-0069289b54" "proxy-server 97369" 0.0174 "-" 96393 0
Nov 27 13:41:24 np0005538165.novalocal container-server[96060]: ::1 - - [27/Nov/2025:18:41:24 +0000] "PUT /3/203784/AUTH_891a4d8ec8d044eaa174442078fb7e80/gnocchi.4be542f7-2089-4ec1-b321-95a2c8b11ba6/1763640000.0_rate%3Amean_300.0_v3" 201 - "PUT http://[::1]:8080/3/156089/AUTH_891a4d8ec8d044eaa174442078fb7e80/gnocchi.4be542f7-2089-4ec1-b321-95a2c8b11ba6/1763640000.0_rate%3Amean_300.0_v3" "txc6f507489e4d46ff93d01-0069289b54" "object-server 96393" 0.0005 "-" 96060 0
Nov 27 13:41:24 np0005538165.novalocal object-server[96393]: ::1 - - [27/Nov/2025:18:41:24 +0000] "PUT /3/156089/AUTH_891a4d8ec8d044eaa174442078fb7e80/gnocchi.4be542f7-2089-4ec1-b321-95a2c8b11ba6/1763640000.0_rate%3Amean_300.0_v3" 201 - "PUT https://[::1]:8080/v1/AUTH_891a4d8ec8d044eaa174442078fb7e80/gnocchi.4be542f7-2089-4ec1-b321-95a2c8b11ba6/1763640000.0_rate%3Amean_300.0_v3" "txc6f507489e4d46ff93d01-0069289b54" "proxy-server 97369" 0.0205 "-" 96393 0
Nov 27 13:41:24 np0005538165.novalocal proxy-server[97369]: ::1 ::1 27/Nov/2025/18/41/24 PUT /v1/AUTH_891a4d8ec8d044eaa174442078fb7e80/gnocchi.4be542f7-2089-4ec1-b321-95a2c8b11ba6/1763640000.0_rate%253Amean_300.0_v3 HTTP/1.0 201 - python-swiftclient-4.7.0 gAAAAABpKJsYjUMx... 16 - - txc6f507489e4d46ff93d01-0069289b54 - 0.0339 - - 1764268884.637719870 1764268884.671658754 0
Nov 27 13:41:24 np0005538165.novalocal container-server[96061]: ::1 - - [27/Nov/2025:18:41:24 +0000] "PUT /2/203784/AUTH_891a4d8ec8d044eaa174442078fb7e80/gnocchi.4be542f7-2089-4ec1-b321-95a2c8b11ba6/1763640000.0_mean_300.0_v3" 201 - "PUT http://[::1]:8080/2/80199/AUTH_891a4d8ec8d044eaa174442078fb7e80/gnocchi.4be542f7-2089-4ec1-b321-95a2c8b11ba6/1763640000.0_mean_300.0_v3" "tx957967f1a4d94cfbb5ff2-0069289b54" "object-server 96394" 0.0021 "-" 96061 0
Nov 27 13:41:24 np0005538165.novalocal object-server[96394]: ::1 - - [27/Nov/2025:18:41:24 +0000] "PUT /2/80199/AUTH_891a4d8ec8d044eaa174442078fb7e80/gnocchi.4be542f7-2089-4ec1-b321-95a2c8b11ba6/1763640000.0_mean_300.0_v3" 201 - "PUT https://[::1]:8080/v1/AUTH_891a4d8ec8d044eaa174442078fb7e80/gnocchi.4be542f7-2089-4ec1-b321-95a2c8b11ba6/1763640000.0_mean_300.0_v3" "tx957967f1a4d94cfbb5ff2-0069289b54" "proxy-server 97369" 0.0123 "-" 96394 0
Nov 27 13:41:24 np0005538165.novalocal container-server[96061]: ::1 - - [27/Nov/2025:18:41:24 +0000] "PUT /1/203784/AUTH_891a4d8ec8d044eaa174442078fb7e80/gnocchi.4be542f7-2089-4ec1-b321-95a2c8b11ba6/1763640000.0_mean_300.0_v3" 201 - "PUT http://[::1]:8080/1/80199/AUTH_891a4d8ec8d044eaa174442078fb7e80/gnocchi.4be542f7-2089-4ec1-b321-95a2c8b11ba6/1763640000.0_mean_300.0_v3" "tx957967f1a4d94cfbb5ff2-0069289b54" "object-server 96393" 0.0004 "-" 96061 0
Nov 27 13:41:24 np0005538165.novalocal object-server[96393]: ::1 - - [27/Nov/2025:18:41:24 +0000] "PUT /1/80199/AUTH_891a4d8ec8d044eaa174442078fb7e80/gnocchi.4be542f7-2089-4ec1-b321-95a2c8b11ba6/1763640000.0_mean_300.0_v3" 201 - "PUT https://[::1]:8080/v1/AUTH_891a4d8ec8d044eaa174442078fb7e80/gnocchi.4be542f7-2089-4ec1-b321-95a2c8b11ba6/1763640000.0_mean_300.0_v3" "tx957967f1a4d94cfbb5ff2-0069289b54" "proxy-server 97369" 0.0130 "-" 96393 0
Nov 27 13:41:24 np0005538165.novalocal container-server[96061]: ::1 - - [27/Nov/2025:18:41:24 +0000] "PUT /3/203784/AUTH_891a4d8ec8d044eaa174442078fb7e80/gnocchi.4be542f7-2089-4ec1-b321-95a2c8b11ba6/1763640000.0_mean_300.0_v3" 201 - "PUT http://[::1]:8080/3/80199/AUTH_891a4d8ec8d044eaa174442078fb7e80/gnocchi.4be542f7-2089-4ec1-b321-95a2c8b11ba6/1763640000.0_mean_300.0_v3" "tx957967f1a4d94cfbb5ff2-0069289b54" "object-server 96393" 0.0003 "-" 96061 0
Nov 27 13:41:24 np0005538165.novalocal object-server[96393]: ::1 - - [27/Nov/2025:18:41:24 +0000] "PUT /3/80199/AUTH_891a4d8ec8d044eaa174442078fb7e80/gnocchi.4be542f7-2089-4ec1-b321-95a2c8b11ba6/1763640000.0_mean_300.0_v3" 201 - "PUT https://[::1]:8080/v1/AUTH_891a4d8ec8d044eaa174442078fb7e80/gnocchi.4be542f7-2089-4ec1-b321-95a2c8b11ba6/1763640000.0_mean_300.0_v3" "tx957967f1a4d94cfbb5ff2-0069289b54" "proxy-server 97369" 0.0168 "-" 96393 0
Nov 27 13:41:24 np0005538165.novalocal proxy-server[97369]: ::1 ::1 27/Nov/2025/18/41/24 PUT /v1/AUTH_891a4d8ec8d044eaa174442078fb7e80/gnocchi.4be542f7-2089-4ec1-b321-95a2c8b11ba6/1763640000.0_mean_300.0_v3 HTTP/1.0 201 - python-swiftclient-4.7.0 gAAAAABpKJsYjUMx... 16 - - tx957967f1a4d94cfbb5ff2-0069289b54 - 0.0403 - - 1764268884.675715685 1764268884.715987444 0
Nov 27 13:41:24 np0005538165.novalocal object-server[96393]: ::1 - - [27/Nov/2025:18:41:24 +0000] "GET /1/86208/AUTH_891a4d8ec8d044eaa174442078fb7e80/gnocchi.1fbc97d7-86db-4a0c-90e2-e400244d4abc/none_v3" 200 31 "GET https://[::1]:8080/v1/AUTH_891a4d8ec8d044eaa174442078fb7e80/gnocchi.1fbc97d7-86db-4a0c-90e2-e400244d4abc/none_v3" "tx9d36bcec9d6348fba25b8-0069289b54" "proxy-server 97370" 0.0005 "-" 96393 0
Nov 27 13:41:24 np0005538165.novalocal proxy-server[97370]: ::1 ::1 27/Nov/2025/18/41/24 GET /v1/AUTH_891a4d8ec8d044eaa174442078fb7e80/gnocchi.1fbc97d7-86db-4a0c-90e2-e400244d4abc/none_v3 HTTP/1.0 200 - python-swiftclient-4.7.0 gAAAAABpKJsZdlPH... - 31 - tx9d36bcec9d6348fba25b8-0069289b54 - 0.0054 - - 1764268884.712760925 1764268884.718174219 0
Nov 27 13:41:24 np0005538165.novalocal container-server[96061]: ::1 - - [27/Nov/2025:18:41:24 +0000] "GET /2/204183/AUTH_891a4d8ec8d044eaa174442078fb7e80/gnocchi.1fbc97d7-86db-4a0c-90e2-e400244d4abc" 200 357 "GET https://[::1]:8080/v1/AUTH_891a4d8ec8d044eaa174442078fb7e80/gnocchi.1fbc97d7-86db-4a0c-90e2-e400244d4abc?format=json&states=listing" "tx07951c15ecba4033970f3-0069289b54" "proxy-server 97370" 0.0018 "-" 96061 0
Nov 27 13:41:24 np0005538165.novalocal proxy-server[97370]: ::1 ::1 27/Nov/2025/18/41/24 GET /v1/AUTH_891a4d8ec8d044eaa174442078fb7e80/gnocchi.1fbc97d7-86db-4a0c-90e2-e400244d4abc%3Fformat%3Djson%26states%3Dlisting HTTP/1.0 200 - python-swiftclient-4.7.0 gAAAAABpKJsZdlPH... - 357 - tx07951c15ecba4033970f3-0069289b54 - 0.0069 - - 1764268884.720654488 1764268884.727604389 0
Nov 27 13:41:24 np0005538165.novalocal container-server[96060]: ::1 - - [27/Nov/2025:18:41:24 +0000] "GET /2/204183/AUTH_891a4d8ec8d044eaa174442078fb7e80/gnocchi.1fbc97d7-86db-4a0c-90e2-e400244d4abc" 200 2 "GET https://[::1]:8080/v1/AUTH_891a4d8ec8d044eaa174442078fb7e80/gnocchi.1fbc97d7-86db-4a0c-90e2-e400244d4abc?format=json&marker=none_v3&states=listing" "tx4b98e7fa97bd4e809c293-0069289b54" "proxy-server 97370" 0.0017 "-" 96060 0
Nov 27 13:41:24 np0005538165.novalocal proxy-server[97370]: ::1 ::1 27/Nov/2025/18/41/24 GET /v1/AUTH_891a4d8ec8d044eaa174442078fb7e80/gnocchi.1fbc97d7-86db-4a0c-90e2-e400244d4abc%3Fformat%3Djson%26marker%3Dnone_v3%26states%3Dlisting HTTP/1.0 200 - python-swiftclient-4.7.0 gAAAAABpKJsZdlPH... - 2 - tx4b98e7fa97bd4e809c293-0069289b54 - 0.0070 - - 1764268884.729291916 1764268884.736268520 0
Nov 27 13:41:24 np0005538165.novalocal container-server[96061]: ::1 - - [27/Nov/2025:18:41:24 +0000] "PUT /2/203784/AUTH_891a4d8ec8d044eaa174442078fb7e80/gnocchi.4be542f7-2089-4ec1-b321-95a2c8b11ba6/none_v3" 201 - "PUT http://[::1]:8080/2/173681/AUTH_891a4d8ec8d044eaa174442078fb7e80/gnocchi.4be542f7-2089-4ec1-b321-95a2c8b11ba6/none_v3" "tx6c4be5beb7ee4cc5a4b89-0069289b54" "object-server 96394" 0.0003 "-" 96061 0
Nov 27 13:41:24 np0005538165.novalocal object-server[96394]: ::1 - - [27/Nov/2025:18:41:24 +0000] "PUT /2/173681/AUTH_891a4d8ec8d044eaa174442078fb7e80/gnocchi.4be542f7-2089-4ec1-b321-95a2c8b11ba6/none_v3" 201 - "PUT https://[::1]:8080/v1/AUTH_891a4d8ec8d044eaa174442078fb7e80/gnocchi.4be542f7-2089-4ec1-b321-95a2c8b11ba6/none_v3" "tx6c4be5beb7ee4cc5a4b89-0069289b54" "proxy-server 97369" 0.0107 "-" 96394 0
Nov 27 13:41:24 np0005538165.novalocal container-server[96061]: ::1 - - [27/Nov/2025:18:41:24 +0000] "PUT /3/203784/AUTH_891a4d8ec8d044eaa174442078fb7e80/gnocchi.4be542f7-2089-4ec1-b321-95a2c8b11ba6/none_v3" 201 - "PUT http://[::1]:8080/1/173681/AUTH_891a4d8ec8d044eaa174442078fb7e80/gnocchi.4be542f7-2089-4ec1-b321-95a2c8b11ba6/none_v3" "tx6c4be5beb7ee4cc5a4b89-0069289b54" "object-server 96394" 0.0003 "-" 96061 0
Nov 27 13:41:24 np0005538165.novalocal object-server[96394]: ::1 - - [27/Nov/2025:18:41:24 +0000] "PUT /1/173681/AUTH_891a4d8ec8d044eaa174442078fb7e80/gnocchi.4be542f7-2089-4ec1-b321-95a2c8b11ba6/none_v3" 201 - "PUT https://[::1]:8080/v1/AUTH_891a4d8ec8d044eaa174442078fb7e80/gnocchi.4be542f7-2089-4ec1-b321-95a2c8b11ba6/none_v3" "tx6c4be5beb7ee4cc5a4b89-0069289b54" "proxy-server 97369" 0.0129 "-" 96394 0
Nov 27 13:41:24 np0005538165.novalocal object-server[96394]: ::1 - - [27/Nov/2025:18:41:24 +0000] "GET /2/244497/AUTH_891a4d8ec8d044eaa174442078fb7e80/gnocchi.1fbc97d7-86db-4a0c-90e2-e400244d4abc/1763640000.0_mean_300.0_v3" 200 16 "GET https://[::1]:8080/v1/AUTH_891a4d8ec8d044eaa174442078fb7e80/gnocchi.1fbc97d7-86db-4a0c-90e2-e400244d4abc/1763640000.0_mean_300.0_v3" "txb0f4485cf47446b58e02b-0069289b54" "proxy-server 97370" 0.0005 "-" 96394 0
Nov 27 13:41:24 np0005538165.novalocal proxy-server[97370]: ::1 ::1 27/Nov/2025/18/41/24 GET /v1/AUTH_891a4d8ec8d044eaa174442078fb7e80/gnocchi.1fbc97d7-86db-4a0c-90e2-e400244d4abc/1763640000.0_mean_300.0_v3 HTTP/1.0 200 - python-swiftclient-4.7.0 gAAAAABpKJsZdlPH... - 16 - txb0f4485cf47446b58e02b-0069289b54 - 0.0050 - - 1764268884.738646984 1764268884.743616819 0
Nov 27 13:41:24 np0005538165.novalocal account-server[95765]: ::1 - - [27/Nov/2025:18:41:24 +0000] "PUT /3/91627/AUTH_891a4d8ec8d044eaa174442078fb7e80/gnocchi.4be542f7-2089-4ec1-b321-95a2c8b11ba6" 201 - "-" "-" "container-updater 95229" 0.0003 "-" 95765 0
Nov 27 13:41:24 np0005538165.novalocal account-server[95765]: ::1 - - [27/Nov/2025:18:41:24 +0000] "PUT /2/91627/AUTH_891a4d8ec8d044eaa174442078fb7e80/gnocchi.4be542f7-2089-4ec1-b321-95a2c8b11ba6" 201 - "-" "-" "container-updater 95229" 0.0002 "-" 95765 0
Nov 27 13:41:24 np0005538165.novalocal container-server[96060]: ::1 - - [27/Nov/2025:18:41:24 +0000] "PUT /1/203784/AUTH_891a4d8ec8d044eaa174442078fb7e80/gnocchi.4be542f7-2089-4ec1-b321-95a2c8b11ba6/none_v3" 201 - "PUT http://[::1]:8080/3/173681/AUTH_891a4d8ec8d044eaa174442078fb7e80/gnocchi.4be542f7-2089-4ec1-b321-95a2c8b11ba6/none_v3" "tx6c4be5beb7ee4cc5a4b89-0069289b54" "object-server 96393" 0.0106 "-" 96060 0
Nov 27 13:41:24 np0005538165.novalocal object-server[96393]: ::1 - - [27/Nov/2025:18:41:24 +0000] "PUT /3/173681/AUTH_891a4d8ec8d044eaa174442078fb7e80/gnocchi.4be542f7-2089-4ec1-b321-95a2c8b11ba6/none_v3" 201 - "PUT https://[::1]:8080/v1/AUTH_891a4d8ec8d044eaa174442078fb7e80/gnocchi.4be542f7-2089-4ec1-b321-95a2c8b11ba6/none_v3" "tx6c4be5beb7ee4cc5a4b89-0069289b54" "proxy-server 97369" 0.0232 "-" 96393 0
Nov 27 13:41:24 np0005538165.novalocal account-server[95765]: ::1 - - [27/Nov/2025:18:41:24 +0000] "PUT /1/91627/AUTH_891a4d8ec8d044eaa174442078fb7e80/gnocchi.4be542f7-2089-4ec1-b321-95a2c8b11ba6" 201 - "-" "-" "container-updater 95229" 0.0005 "-" 95765 0
Nov 27 13:41:24 np0005538165.novalocal proxy-server[97369]: ::1 ::1 27/Nov/2025/18/41/24 PUT /v1/AUTH_891a4d8ec8d044eaa174442078fb7e80/gnocchi.4be542f7-2089-4ec1-b321-95a2c8b11ba6/none_v3 HTTP/1.0 201 - python-swiftclient-4.7.0 gAAAAABpKJsYjUMx... 32 - - tx6c4be5beb7ee4cc5a4b89-0069289b54 - 0.0354 - - 1764268884.719599247 1764268884.754969120 0
Nov 27 13:41:24 np0005538165.novalocal container-server[96061]: ::1 - - [27/Nov/2025:18:41:24 +0000] "PUT /1/204183/AUTH_891a4d8ec8d044eaa174442078fb7e80/gnocchi.1fbc97d7-86db-4a0c-90e2-e400244d4abc/1763640000.0_mean_300.0_v3" 201 - "PUT http://[::1]:8080/1/244497/AUTH_891a4d8ec8d044eaa174442078fb7e80/gnocchi.1fbc97d7-86db-4a0c-90e2-e400244d4abc/1763640000.0_mean_300.0_v3" "txf0e9714b7bed4594bb671-0069289b54" "object-server 96393" 0.0005 "-" 96061 0
Nov 27 13:41:24 np0005538165.novalocal container-server[96061]: ::1 - - [27/Nov/2025:18:41:24 +0000] "PUT /2/204183/AUTH_891a4d8ec8d044eaa174442078fb7e80/gnocchi.1fbc97d7-86db-4a0c-90e2-e400244d4abc/1763640000.0_mean_300.0_v3" 201 - "PUT http://[::1]:8080/3/244497/AUTH_891a4d8ec8d044eaa174442078fb7e80/gnocchi.1fbc97d7-86db-4a0c-90e2-e400244d4abc/1763640000.0_mean_300.0_v3" "txf0e9714b7bed4594bb671-0069289b54" "object-server 96394" 0.0003 "-" 96061 0
Nov 27 13:41:24 np0005538165.novalocal container-server[96061]: ::1 - - [27/Nov/2025:18:41:24 +0000] "PUT /3/204183/AUTH_891a4d8ec8d044eaa174442078fb7e80/gnocchi.1fbc97d7-86db-4a0c-90e2-e400244d4abc/1763640000.0_mean_300.0_v3" 201 - "PUT http://[::1]:8080/2/244497/AUTH_891a4d8ec8d044eaa174442078fb7e80/gnocchi.1fbc97d7-86db-4a0c-90e2-e400244d4abc/1763640000.0_mean_300.0_v3" "txf0e9714b7bed4594bb671-0069289b54" "object-server 96394" 0.0003 "-" 96061 0
Nov 27 13:41:24 np0005538165.novalocal object-server[96394]: ::1 - - [27/Nov/2025:18:41:24 +0000] "PUT /3/244497/AUTH_891a4d8ec8d044eaa174442078fb7e80/gnocchi.1fbc97d7-86db-4a0c-90e2-e400244d4abc/1763640000.0_mean_300.0_v3" 201 - "PUT https://[::1]:8080/v1/AUTH_891a4d8ec8d044eaa174442078fb7e80/gnocchi.1fbc97d7-86db-4a0c-90e2-e400244d4abc/1763640000.0_mean_300.0_v3" "txf0e9714b7bed4594bb671-0069289b54" "proxy-server 97370" 0.0109 "-" 96394 0
Nov 27 13:41:24 np0005538165.novalocal object-server[96393]: ::1 - - [27/Nov/2025:18:41:24 +0000] "PUT /1/244497/AUTH_891a4d8ec8d044eaa174442078fb7e80/gnocchi.1fbc97d7-86db-4a0c-90e2-e400244d4abc/1763640000.0_mean_300.0_v3" 201 - "PUT https://[::1]:8080/v1/AUTH_891a4d8ec8d044eaa174442078fb7e80/gnocchi.1fbc97d7-86db-4a0c-90e2-e400244d4abc/1763640000.0_mean_300.0_v3" "txf0e9714b7bed4594bb671-0069289b54" "proxy-server 97370" 0.0108 "-" 96393 0
Nov 27 13:41:24 np0005538165.novalocal object-server[96394]: ::1 - - [27/Nov/2025:18:41:24 +0000] "PUT /2/244497/AUTH_891a4d8ec8d044eaa174442078fb7e80/gnocchi.1fbc97d7-86db-4a0c-90e2-e400244d4abc/1763640000.0_mean_300.0_v3" 201 - "PUT https://[::1]:8080/v1/AUTH_891a4d8ec8d044eaa174442078fb7e80/gnocchi.1fbc97d7-86db-4a0c-90e2-e400244d4abc/1763640000.0_mean_300.0_v3" "txf0e9714b7bed4594bb671-0069289b54" "proxy-server 97370" 0.0106 "-" 96394 0
Nov 27 13:41:24 np0005538165.novalocal proxy-server[97370]: ::1 ::1 27/Nov/2025/18/41/24 PUT /v1/AUTH_891a4d8ec8d044eaa174442078fb7e80/gnocchi.1fbc97d7-86db-4a0c-90e2-e400244d4abc/1763640000.0_mean_300.0_v3 HTTP/1.0 201 - python-swiftclient-4.7.0 gAAAAABpKJsZdlPH... 16 - - txf0e9714b7bed4594bb671-0069289b54 - 0.0170 - - 1764268884.745140791 1764268884.762092590 0
Nov 27 13:41:24 np0005538165.novalocal container-server[96061]: ::1 - - [27/Nov/2025:18:41:24 +0000] "PUT /2/204183/AUTH_891a4d8ec8d044eaa174442078fb7e80/gnocchi.1fbc97d7-86db-4a0c-90e2-e400244d4abc/none_v3" 201 - "PUT http://[::1]:8080/2/86208/AUTH_891a4d8ec8d044eaa174442078fb7e80/gnocchi.1fbc97d7-86db-4a0c-90e2-e400244d4abc/none_v3" "txe1d6af0940154c9887b8b-0069289b54" "object-server 96394" 0.0006 "-" 96061 0
Nov 27 13:41:24 np0005538165.novalocal object-server[96394]: ::1 - - [27/Nov/2025:18:41:24 +0000] "PUT /2/86208/AUTH_891a4d8ec8d044eaa174442078fb7e80/gnocchi.1fbc97d7-86db-4a0c-90e2-e400244d4abc/none_v3" 201 - "PUT https://[::1]:8080/v1/AUTH_891a4d8ec8d044eaa174442078fb7e80/gnocchi.1fbc97d7-86db-4a0c-90e2-e400244d4abc/none_v3" "txe1d6af0940154c9887b8b-0069289b54" "proxy-server 97370" 0.0090 "-" 96394 0
Nov 27 13:41:24 np0005538165.novalocal container-server[96060]: ::1 - - [27/Nov/2025:18:41:24 +0000] "PUT /3/204183/AUTH_891a4d8ec8d044eaa174442078fb7e80/gnocchi.1fbc97d7-86db-4a0c-90e2-e400244d4abc/none_v3" 201 - "PUT http://[::1]:8080/1/86208/AUTH_891a4d8ec8d044eaa174442078fb7e80/gnocchi.1fbc97d7-86db-4a0c-90e2-e400244d4abc/none_v3" "txe1d6af0940154c9887b8b-0069289b54" "object-server 96393" 0.0004 "-" 96060 0
Nov 27 13:41:24 np0005538165.novalocal object-server[96393]: ::1 - - [27/Nov/2025:18:41:24 +0000] "PUT /1/86208/AUTH_891a4d8ec8d044eaa174442078fb7e80/gnocchi.1fbc97d7-86db-4a0c-90e2-e400244d4abc/none_v3" 201 - "PUT https://[::1]:8080/v1/AUTH_891a4d8ec8d044eaa174442078fb7e80/gnocchi.1fbc97d7-86db-4a0c-90e2-e400244d4abc/none_v3" "txe1d6af0940154c9887b8b-0069289b54" "proxy-server 97370" 0.0125 "-" 96393 0
Nov 27 13:41:24 np0005538165.novalocal container-server[96061]: ::1 - - [27/Nov/2025:18:41:24 +0000] "PUT /1/204183/AUTH_891a4d8ec8d044eaa174442078fb7e80/gnocchi.1fbc97d7-86db-4a0c-90e2-e400244d4abc/none_v3" 201 - "PUT http://[::1]:8080/3/86208/AUTH_891a4d8ec8d044eaa174442078fb7e80/gnocchi.1fbc97d7-86db-4a0c-90e2-e400244d4abc/none_v3" "txe1d6af0940154c9887b8b-0069289b54" "object-server 96393" 0.0003 "-" 96061 0
Nov 27 13:41:24 np0005538165.novalocal object-server[96393]: ::1 - - [27/Nov/2025:18:41:24 +0000] "PUT /3/86208/AUTH_891a4d8ec8d044eaa174442078fb7e80/gnocchi.1fbc97d7-86db-4a0c-90e2-e400244d4abc/none_v3" 201 - "PUT https://[::1]:8080/v1/AUTH_891a4d8ec8d044eaa174442078fb7e80/gnocchi.1fbc97d7-86db-4a0c-90e2-e400244d4abc/none_v3" "txe1d6af0940154c9887b8b-0069289b54" "proxy-server 97370" 0.0126 "-" 96393 0
Nov 27 13:41:24 np0005538165.novalocal proxy-server[97370]: ::1 ::1 27/Nov/2025/18/41/24 PUT /v1/AUTH_891a4d8ec8d044eaa174442078fb7e80/gnocchi.1fbc97d7-86db-4a0c-90e2-e400244d4abc/none_v3 HTTP/1.0 201 - python-swiftclient-4.7.0 gAAAAABpKJsZdlPH... 44 - - txe1d6af0940154c9887b8b-0069289b54 - 0.0197 - - 1764268884.763996840 1764268884.783743858 0
Nov 27 13:41:24 np0005538165.novalocal object-server[96393]: ::1 - - [27/Nov/2025:18:41:24 +0000] "GET /2/117215/AUTH_891a4d8ec8d044eaa174442078fb7e80/gnocchi.06aa7721-92ba-46e0-b6da-60b5189a6fc2/none_v3" 200 22 "GET https://[::1]:8080/v1/AUTH_891a4d8ec8d044eaa174442078fb7e80/gnocchi.06aa7721-92ba-46e0-b6da-60b5189a6fc2/none_v3" "tx3352244ef153484bb46d2-0069289b54" "proxy-server 97370" 0.0006 "-" 96393 0
Nov 27 13:41:24 np0005538165.novalocal proxy-server[97370]: ::1 ::1 27/Nov/2025/18/41/24 GET /v1/AUTH_891a4d8ec8d044eaa174442078fb7e80/gnocchi.06aa7721-92ba-46e0-b6da-60b5189a6fc2/none_v3 HTTP/1.0 200 - python-swiftclient-4.7.0 gAAAAABpKJsZdlPH... - 22 - tx3352244ef153484bb46d2-0069289b54 - 0.0096 - - 1764268884.794126272 1764268884.803753614 0
Nov 27 13:41:24 np0005538165.novalocal container-server[96060]: ::1 - - [27/Nov/2025:18:41:24 +0000] "GET /1/73074/AUTH_891a4d8ec8d044eaa174442078fb7e80/gnocchi.06aa7721-92ba-46e0-b6da-60b5189a6fc2" 200 357 "GET https://[::1]:8080/v1/AUTH_891a4d8ec8d044eaa174442078fb7e80/gnocchi.06aa7721-92ba-46e0-b6da-60b5189a6fc2?format=json&states=listing" "tx98468ed9732c47e3af348-0069289b54" "proxy-server 97370" 0.0027 "-" 96060 0
Nov 27 13:41:24 np0005538165.novalocal object-server[96394]: ::1 - - [27/Nov/2025:18:41:24 +0000] "GET /1/250123/AUTH_891a4d8ec8d044eaa174442078fb7e80/gnocchi.39a7073e-948c-4301-852b-f885166f30c6/none_v3" 200 22 "GET https://[::1]:8080/v1/AUTH_891a4d8ec8d044eaa174442078fb7e80/gnocchi.39a7073e-948c-4301-852b-f885166f30c6/none_v3" "tx7ee25f74f197467692e28-0069289b54" "proxy-server 97369" 0.0006 "-" 96394 0
Nov 27 13:41:24 np0005538165.novalocal proxy-server[97370]: ::1 ::1 27/Nov/2025/18/41/24 GET /v1/AUTH_891a4d8ec8d044eaa174442078fb7e80/gnocchi.06aa7721-92ba-46e0-b6da-60b5189a6fc2%3Fformat%3Djson%26states%3Dlisting HTTP/1.0 200 - python-swiftclient-4.7.0 gAAAAABpKJsZdlPH... - 357 - tx98468ed9732c47e3af348-0069289b54 - 0.0082 - - 1764268884.806612253 1764268884.814822912 0
Nov 27 13:41:24 np0005538165.novalocal proxy-server[97369]: ::1 ::1 27/Nov/2025/18/41/24 GET /v1/AUTH_891a4d8ec8d044eaa174442078fb7e80/gnocchi.39a7073e-948c-4301-852b-f885166f30c6/none_v3 HTTP/1.0 200 - python-swiftclient-4.7.0 gAAAAABpKJsYjUMx... - 22 - tx7ee25f74f197467692e28-0069289b54 - 0.0093 - - 1764268884.808101177 1764268884.817359209 0
