Nov 27 13:41:22 np0005538165.novalocal NetworkManager[859]: [1764268882.3969] device (tap3a086e17-20): state change: ip-check -> secondaries (reason 'none', managed-type: 'external')
Nov 27 13:41:22 np0005538165.novalocal NetworkManager[859]: [1764268882.3971] device (tap3a086e17-20): state change: secondaries -> activated (reason 'none', managed-type: 'external')
Nov 27 13:41:22 np0005538165.novalocal NetworkManager[859]: [1764268882.3982] device (tap3a086e17-20): Activation: successful, device activated.
Nov 27 13:41:22 np0005538165.novalocal systemd[1]: Started Virtual Machine qemu-3-instance-00000001.
Nov 27 13:41:22 np0005538165.novalocal systemd[1]: iscsi.service: Unit cannot be reloaded because it is inactive.
Nov 27 13:41:22 np0005538165.novalocal account-server[95765]: ::1 - - [27/Nov/2025:18:41:22 +0000] "PUT /2/91627/AUTH_891a4d8ec8d044eaa174442078fb7e80/gnocchi.a4081a27-69ca-4c47-afad-afc66a232ffb" 201 - "-" "-" "container-updater 95229" 0.0004 "-" 95765 0
Nov 27 13:41:22 np0005538165.novalocal account-server[95766]: ::1 - - [27/Nov/2025:18:41:22 +0000] "PUT /3/91627/AUTH_891a4d8ec8d044eaa174442078fb7e80/gnocchi.a4081a27-69ca-4c47-afad-afc66a232ffb" 201 - "-" "-" "container-updater 95229" 0.0011 "-" 95766 0
Nov 27 13:41:22 np0005538165.novalocal account-server[95766]: ::1 - - [27/Nov/2025:18:41:22 +0000] "PUT /1/91627/AUTH_891a4d8ec8d044eaa174442078fb7e80/gnocchi.a4081a27-69ca-4c47-afad-afc66a232ffb" 201 - "-" "-" "container-updater 95229" 0.0004 "-" 95766 0
Nov 27 13:41:22 np0005538165.novalocal account-server[95766]: ::1 - - [27/Nov/2025:18:41:22 +0000] "PUT /3/91627/AUTH_891a4d8ec8d044eaa174442078fb7e80/gnocchi.0084c84f-e4b5-4636-b237-4827ea3f3f13" 201 - "-" "-" "container-updater 95229" 0.0007 "-" 95766 0
Nov 27 13:41:22 np0005538165.novalocal account-server[95766]: ::1 - - [27/Nov/2025:18:41:22 +0000] "PUT /2/91627/AUTH_891a4d8ec8d044eaa174442078fb7e80/gnocchi.0084c84f-e4b5-4636-b237-4827ea3f3f13" 201 - "-" "-" "container-updater 95229" 0.0007 "-" 95766 0
Nov 27 13:41:22 np0005538165.novalocal account-server[95766]: ::1 - - [27/Nov/2025:18:41:22 +0000] "PUT /1/91627/AUTH_891a4d8ec8d044eaa174442078fb7e80/gnocchi.0084c84f-e4b5-4636-b237-4827ea3f3f13" 201 - "-" "-" "container-updater 95229" 0.0004 "-" 95766 0
Nov 27 13:41:22 np0005538165.novalocal account-server[95765]: ::1 - - [27/Nov/2025:18:41:22 +0000] "PUT /3/91627/AUTH_891a4d8ec8d044eaa174442078fb7e80/gnocchi.ea1f4a6c-8c1c-4561-9f81-d9d3acb836ec" 201 - "-" "-" "container-updater 95229" 0.0004 "-" 95765 0
Nov 27 13:41:22 np0005538165.novalocal account-server[95765]: ::1 - - [27/Nov/2025:18:41:22 +0000] "PUT /2/91627/AUTH_891a4d8ec8d044eaa174442078fb7e80/gnocchi.ea1f4a6c-8c1c-4561-9f81-d9d3acb836ec" 201 - "-" "-" "container-updater 95229" 0.0002 "-" 95765 0
Nov 27 13:41:22 np0005538165.novalocal account-server[95766]: ::1 - - [27/Nov/2025:18:41:22 +0000] "PUT /1/91627/AUTH_891a4d8ec8d044eaa174442078fb7e80/gnocchi.ea1f4a6c-8c1c-4561-9f81-d9d3acb836ec" 201 - "-" "-" "container-updater 95229" 0.0009 "-" 95766 0
Nov 27 13:41:22 np0005538165.novalocal account-server[95765]: ::1 - - [27/Nov/2025:18:41:22 +0000] "PUT /3/91627/AUTH_891a4d8ec8d044eaa174442078fb7e80/gnocchi.a951e2a6-219d-4cc5-a5fb-6775e850106d" 201 - "-" "-" "container-updater 95229" 0.0005 "-" 95765 0
Nov 27 13:41:22 np0005538165.novalocal account-server[95766]: ::1 - - [27/Nov/2025:18:41:22 +0000] "PUT /2/91627/AUTH_891a4d8ec8d044eaa174442078fb7e80/gnocchi.a951e2a6-219d-4cc5-a5fb-6775e850106d" 201 - "-" "-" "container-updater 95229" 0.0007 "-" 95766 0
Nov 27 13:41:22 np0005538165.novalocal account-server[95766]: ::1 - - [27/Nov/2025:18:41:22 +0000] "PUT /1/91627/AUTH_891a4d8ec8d044eaa174442078fb7e80/gnocchi.a951e2a6-219d-4cc5-a5fb-6775e850106d" 201 - "-" "-" "container-updater 95229" 0.0007 "-" 95766 0
Nov 27 13:41:22 np0005538165.novalocal account-server[95765]: ::1 - - [27/Nov/2025:18:41:22 +0000] "PUT /3/91627/AUTH_891a4d8ec8d044eaa174442078fb7e80/gnocchi.06aa7721-92ba-46e0-b6da-60b5189a6fc2" 201 - "-" "-" "container-updater 95229" 0.0004 "-" 95765 0
Nov 27 13:41:22 np0005538165.novalocal account-server[95765]: ::1 - - [27/Nov/2025:18:41:22 +0000] "PUT /2/91627/AUTH_891a4d8ec8d044eaa174442078fb7e80/gnocchi.06aa7721-92ba-46e0-b6da-60b5189a6fc2" 201 - "-" "-" "container-updater 95229" 0.0002 "-" 95765 0
Nov 27 13:41:22 np0005538165.novalocal account-server[95765]: ::1 - - [27/Nov/2025:18:41:22 +0000] "PUT /1/91627/AUTH_891a4d8ec8d044eaa174442078fb7e80/gnocchi.06aa7721-92ba-46e0-b6da-60b5189a6fc2" 201 - "-" "-" "container-updater 95229" 0.0002 "-" 95765 0
Nov 27 13:41:23 np0005538165.novalocal account-server[95766]: ::1 - - [27/Nov/2025:18:41:23 +0000] "PUT /3/91627/AUTH_891a4d8ec8d044eaa174442078fb7e80/gnocchi.ea1f4a6c-8c1c-4561-9f81-d9d3acb836ec" 201 - "-" "-" "container-updater 95229" 0.0005 "-" 95766 0
Nov 27 13:41:23 np0005538165.novalocal account-server[95765]: ::1 - - [27/Nov/2025:18:41:23 +0000] "PUT /2/91627/AUTH_891a4d8ec8d044eaa174442078fb7e80/gnocchi.ea1f4a6c-8c1c-4561-9f81-d9d3acb836ec" 201 - "-" "-" "container-updater 95229" 0.0003 "-" 95765 0
Nov 27 13:41:23 np0005538165.novalocal account-server[95766]: ::1 - - [27/Nov/2025:18:41:23 +0000] "PUT /1/91627/AUTH_891a4d8ec8d044eaa174442078fb7e80/gnocchi.ea1f4a6c-8c1c-4561-9f81-d9d3acb836ec" 201 - "-" "-" "container-updater 95229" 0.0005 "-" 95766 0
Nov 27 13:41:23 np0005538165.novalocal account-server[95766]: ::1 - - [27/Nov/2025:18:41:23 +0000] "PUT /3/91627/AUTH_891a4d8ec8d044eaa174442078fb7e80/gnocchi.8e885060-3039-4495-b4c3-32918b63af7f" 201 - "-" "-" "container-updater 95229" 0.0004 "-" 95766 0
Nov 27 13:41:23 np0005538165.novalocal account-server[95766]: ::1 - - [27/Nov/2025:18:41:23 +0000] "PUT /1/91627/AUTH_891a4d8ec8d044eaa174442078fb7e80/gnocchi.8e885060-3039-4495-b4c3-32918b63af7f" 201 - "-" "-" "container-updater 95229" 0.0002 "-" 95766 0
Nov 27 13:41:23 np0005538165.novalocal account-server[95766]: ::1 - - [27/Nov/2025:18:41:23 +0000] "PUT /2/91627/AUTH_891a4d8ec8d044eaa174442078fb7e80/gnocchi.8e885060-3039-4495-b4c3-32918b63af7f" 201 - "-" "-" "container-updater 95229" 0.0002 "-" 95766 0
Nov 27 13:41:23 np0005538165.novalocal account-server[95765]: ::1 - - [27/Nov/2025:18:41:23 +0000] "PUT /2/91627/AUTH_891a4d8ec8d044eaa174442078fb7e80/gnocchi.ee791571-df06-473c-bf0a-0057f5280ae9" 201 - "-" "-" "container-updater 95229" 0.0004 "-" 95765 0
Nov 27 13:41:23 np0005538165.novalocal account-server[95766]: ::1 - - [27/Nov/2025:18:41:23 +0000] "PUT /1/91627/AUTH_891a4d8ec8d044eaa174442078fb7e80/gnocchi.ee791571-df06-473c-bf0a-0057f5280ae9" 201 - "-" "-" "container-updater 95229" 0.0007 "-" 95766 0
Nov 27 13:41:23 np0005538165.novalocal account-server[95766]: ::1 - - [27/Nov/2025:18:41:23 +0000] "PUT /3/91627/AUTH_891a4d8ec8d044eaa174442078fb7e80/gnocchi.ee791571-df06-473c-bf0a-0057f5280ae9" 201 - "-" "-" "container-updater 95229" 0.0005 "-" 95766 0
Nov 27 13:41:23 np0005538165.novalocal account-server[95765]: ::1 - - [27/Nov/2025:18:41:23 +0000] "PUT /2/91627/AUTH_891a4d8ec8d044eaa174442078fb7e80/gnocchi.39a7073e-948c-4301-852b-f885166f30c6" 201 - "-" "-" "container-updater 95229" 0.0005 "-" 95765 0
Nov 27 13:41:23 np0005538165.novalocal account-server[95766]: ::1 - - [27/Nov/2025:18:41:23 +0000] "PUT /3/91627/AUTH_891a4d8ec8d044eaa174442078fb7e80/gnocchi.39a7073e-948c-4301-852b-f885166f30c6" 201 - "-" "-" "container-updater 95229" 0.0008 "-" 95766 0
Nov 27 13:41:23 np0005538165.novalocal account-server[95765]: ::1 - - [27/Nov/2025:18:41:23 +0000] "PUT /1/91627/AUTH_891a4d8ec8d044eaa174442078fb7e80/gnocchi.39a7073e-948c-4301-852b-f885166f30c6" 201 - "-" "-" "container-updater 95229" 0.0003 "-" 95765 0
Nov 27 13:41:23 np0005538165.novalocal account-server[95765]: ::1 - - [27/Nov/2025:18:41:23 +0000] "PUT /3/91627/AUTH_891a4d8ec8d044eaa174442078fb7e80/gnocchi.bbe75a0c-d4e0-4289-904c-544571b5fed8" 201 - "-" "-" "container-updater 95229" 0.0007 "-" 95765 0
Nov 27 13:41:23 np0005538165.novalocal account-server[95765]: ::1 - - [27/Nov/2025:18:41:23 +0000] "PUT /2/91627/AUTH_891a4d8ec8d044eaa174442078fb7e80/gnocchi.bbe75a0c-d4e0-4289-904c-544571b5fed8" 201 - "-" "-" "container-updater 95229" 0.0005 "-" 95765 0
Nov 27 13:41:23 np0005538165.novalocal account-server[95765]: ::1 - - [27/Nov/2025:18:41:23 +0000] "PUT /1/91627/AUTH_891a4d8ec8d044eaa174442078fb7e80/gnocchi.bbe75a0c-d4e0-4289-904c-544571b5fed8" 201 - "-" "-" "container-updater 95229" 0.0004 "-" 95765 0
Nov 27 13:41:23 np0005538165.novalocal account-server[95766]: ::1 - - [27/Nov/2025:18:41:23 +0000] "PUT /2/91627/AUTH_891a4d8ec8d044eaa174442078fb7e80/gnocchi.d1883406-65e7-47f4-862b-7b48734d8a82" 201 - "-" "-" "container-updater 95229" 0.0006 "-" 95766 0
Nov 27 13:41:23 np0005538165.novalocal account-server[95766]: ::1 - - [27/Nov/2025:18:41:23 +0000] "PUT /3/91627/AUTH_891a4d8ec8d044eaa174442078fb7e80/gnocchi.d1883406-65e7-47f4-862b-7b48734d8a82" 201 - "-" "-" "container-updater 95229" 0.0002 "-" 95766 0
Nov 27 13:41:23 np0005538165.novalocal account-server[95765]: ::1 - - [27/Nov/2025:18:41:23 +0000] "PUT /1/91627/AUTH_891a4d8ec8d044eaa174442078fb7e80/gnocchi.d1883406-65e7-47f4-862b-7b48734d8a82" 201 - "-" "-" "container-updater 95229" 0.0010 "-" 95765 0
Nov 27 13:41:23 np0005538165.novalocal account-server[95765]: ::1 - - [27/Nov/2025:18:41:23 +0000] "PUT /3/91627/AUTH_891a4d8ec8d044eaa174442078fb7e80/gnocchi.22c8f8f2-fac1-43e9-a31a-8071c0933295" 201 - "-" "-" "container-updater 95229" 0.0008 "-" 95765 0
Nov 27 13:41:23 np0005538165.novalocal account-server[95766]: ::1 - - [27/Nov/2025:18:41:23 +0000] "PUT /1/91627/AUTH_891a4d8ec8d044eaa174442078fb7e80/gnocchi.22c8f8f2-fac1-43e9-a31a-8071c0933295" 201 - "-" "-" "container-updater 95229" 0.0007 "-" 95766 0
Nov 27 13:41:23 np0005538165.novalocal account-server[95765]: ::1 - - [27/Nov/2025:18:41:23 +0000] "PUT /2/91627/AUTH_891a4d8ec8d044eaa174442078fb7e80/gnocchi.22c8f8f2-fac1-43e9-a31a-8071c0933295" 201 - "-" "-" "container-updater 95229" 0.0005 "-" 95765 0
Nov 27 13:41:23 np0005538165.novalocal account-server[95766]: ::1 - - [27/Nov/2025:18:41:23 +0000] "PUT /2/91627/AUTH_891a4d8ec8d044eaa174442078fb7e80/gnocchi.c53a91fd-6990-4b14-bdd0-0b6bdb9f4cb5" 201 - "-" "-" "container-updater 95229" 0.0004 "-" 95766 0
Nov 27 13:41:23 np0005538165.novalocal account-server[95765]: ::1 - - [27/Nov/2025:18:41:23 +0000] "PUT /3/91627/AUTH_891a4d8ec8d044eaa174442078fb7e80/gnocchi.c53a91fd-6990-4b14-bdd0-0b6bdb9f4cb5" 201 - "-" "-" "container-updater 95229" 0.0010 "-" 95765 0
Nov 27 13:41:23 np0005538165.novalocal account-server[95766]: ::1 - - [27/Nov/2025:18:41:23 +0000] "PUT /1/91627/AUTH_891a4d8ec8d044eaa174442078fb7e80/gnocchi.c53a91fd-6990-4b14-bdd0-0b6bdb9f4cb5" 201 - "-" "-" "container-updater 95229" 0.0002 "-" 95766 0
Nov 27 13:41:23 np0005538165.novalocal account-server[95766]: ::1 - - [27/Nov/2025:18:41:23 +0000] "PUT /2/91627/AUTH_891a4d8ec8d044eaa174442078fb7e80/gnocchi.ee791571-df06-473c-bf0a-0057f5280ae9" 201 - "-" "-" "container-updater 95229" 0.0004 "-" 95766 0
Nov 27 13:41:23 np0005538165.novalocal account-server[95765]: ::1 - - [27/Nov/2025:18:41:23 +0000] "PUT /3/91627/AUTH_891a4d8ec8d044eaa174442078fb7e80/gnocchi.ee791571-df06-473c-bf0a-0057f5280ae9" 201 - "-" "-" "container-updater 95229" 0.0007 "-" 95765 0
Nov 27 13:41:23 np0005538165.novalocal account-server[95766]: ::1 - - [27/Nov/2025:18:41:23 +0000] "PUT /1/91627/AUTH_891a4d8ec8d044eaa174442078fb7e80/gnocchi.ee791571-df06-473c-bf0a-0057f5280ae9" 201 - "-" "-" "container-updater 95229" 0.0002 "-" 95766 0
Nov 27 13:41:24 np0005538165.novalocal object-server[96394]: ::1 - - [27/Nov/2025:18:41:24 +0000] "GET /2/58438/AUTH_891a4d8ec8d044eaa174442078fb7e80/gnocchi.0ae29268-5d16-46ff-927d-c0948f1a6901/none_v3" 200 22 "GET https://[::1]:8080/v1/AUTH_891a4d8ec8d044eaa174442078fb7e80/gnocchi.0ae29268-5d16-46ff-927d-c0948f1a6901/none_v3" "txc78c58d6bac44d088b5e7-0069289b54" "proxy-server 97369" 0.0007 "-" 96394 0
Nov 27 13:41:24 np0005538165.novalocal proxy-server[97369]: ::1 ::1 27/Nov/2025/18/41/24 GET /v1/AUTH_891a4d8ec8d044eaa174442078fb7e80/gnocchi.0ae29268-5d16-46ff-927d-c0948f1a6901/none_v3 HTTP/1.0 200 - python-swiftclient-4.7.0 gAAAAABpKJsYjUMx... - 22 - txc78c58d6bac44d088b5e7-0069289b54 - 0.0095 - - 1764268884.036531448 1764268884.046071291 0
Nov 27 13:41:24 np0005538165.novalocal container-server[96061]: ::1 - - [27/Nov/2025:18:41:24 +0000] "GET /2/53353/AUTH_891a4d8ec8d044eaa174442078fb7e80/gnocchi.0ae29268-5d16-46ff-927d-c0948f1a6901" 200 357 "GET https://[::1]:8080/v1/AUTH_891a4d8ec8d044eaa174442078fb7e80/gnocchi.0ae29268-5d16-46ff-927d-c0948f1a6901?format=json&states=listing" "tx7265b18eae9f466eb00d8-0069289b54" "proxy-server 97369" 0.0073 "-" 96061 0
Nov 27 13:41:24 np0005538165.novalocal proxy-server[97369]: ::1 ::1 27/Nov/2025/18/41/24 GET /v1/AUTH_891a4d8ec8d044eaa174442078fb7e80/gnocchi.0ae29268-5d16-46ff-927d-c0948f1a6901%3Fformat%3Djson%26states%3Dlisting HTTP/1.0 200 - python-swiftclient-4.7.0 gAAAAABpKJsYjUMx... - 357 - tx7265b18eae9f466eb00d8-0069289b54 - 0.0162 - - 1764268884.050331593 1764268884.066541910 0
Nov 27 13:41:24 np0005538165.novalocal account-server[95766]: ::1 - - [27/Nov/2025:18:41:24 +0000] "PUT /3/91627/AUTH_891a4d8ec8d044eaa174442078fb7e80/gnocchi.d1883406-65e7-47f4-862b-7b48734d8a82" 201 - "-" "-" "container-updater 95229" 0.0004 "-" 95766 0
Nov 27 13:41:24 np0005538165.novalocal account-server[95766]: ::1 - - [27/Nov/2025:18:41:24 +0000] "PUT /2/91627/AUTH_891a4d8ec8d044eaa174442078fb7e80/gnocchi.d1883406-65e7-47f4-862b-7b48734d8a82" 201 - "-" "-" "container-updater 95229" 0.0002 "-" 95766 0
Nov 27 13:41:24 np0005538165.novalocal account-server[95765]: ::1 - - [27/Nov/2025:18:41:24 +0000] "PUT /1/91627/AUTH_891a4d8ec8d044eaa174442078fb7e80/gnocchi.d1883406-65e7-47f4-862b-7b48734d8a82" 201 - "-" "-" "container-updater 95229" 0.0007 "-" 95765 0
Nov 27 13:41:24 np0005538165.novalocal container-sharder[95425]: Container sharder cycle starting, auto-sharding False
Nov 27 13:41:24 np0005538165.novalocal container-server[96061]: ::1 - - [27/Nov/2025:18:41:24 +0000] "GET /1/53353/AUTH_891a4d8ec8d044eaa174442078fb7e80/gnocchi.0ae29268-5d16-46ff-927d-c0948f1a6901" 200 2 "GET https://[::1]:8080/v1/AUTH_891a4d8ec8d044eaa174442078fb7e80/gnocchi.0ae29268-5d16-46ff-927d-c0948f1a6901?format=json&marker=none_v3&states=listing" "tx138cf99f29e041d9925c3-0069289b54" "proxy-server 97369" 0.0042 "-" 96061 0
Nov 27 13:41:24 np0005538165.novalocal proxy-server[97369]: ::1 ::1 27/Nov/2025/18/41/24 GET /v1/AUTH_891a4d8ec8d044eaa174442078fb7e80/gnocchi.0ae29268-5d16-46ff-927d-c0948f1a6901%3Fformat%3Djson%26marker%3Dnone_v3%26states%3Dlisting HTTP/1.0 200 - python-swiftclient-4.7.0 gAAAAABpKJsYjUMx... - 2 - tx138cf99f29e041d9925c3-0069289b54 - 0.0111 - - 1764268884.070003986 1764268884.081055164 0
Nov 27 13:41:24 np0005538165.novalocal object-server[96393]: ::1 - - [27/Nov/2025:18:41:24 +0000] "GET /2/129120/AUTH_891a4d8ec8d044eaa174442078fb7e80/gnocchi.0ae29268-5d16-46ff-927d-c0948f1a6901/1763640000.0_rate%3Amean_300.0_v3" 404 70 "GET https://[::1]:8080/v1/AUTH_891a4d8ec8d044eaa174442078fb7e80/gnocchi.0ae29268-5d16-46ff-927d-c0948f1a6901/1763640000.0_rate%3Amean_300.0_v3" "tx8f4f69d4bf72446fa429c-0069289b54" "proxy-server 97369" 0.0003 "-" 96393 0
Nov 27 13:41:24 np0005538165.novalocal object-server[96393]: ::1 - - [27/Nov/2025:18:41:24 +0000] "GET /3/129120/AUTH_891a4d8ec8d044eaa174442078fb7e80/gnocchi.0ae29268-5d16-46ff-927d-c0948f1a6901/1763640000.0_rate%3Amean_300.0_v3" 404 70 "GET https://[::1]:8080/v1/AUTH_891a4d8ec8d044eaa174442078fb7e80/gnocchi.0ae29268-5d16-46ff-927d-c0948f1a6901/1763640000.0_rate%3Amean_300.0_v3" "tx8f4f69d4bf72446fa429c-0069289b54" "proxy-server 97369" 0.0002 "-" 96393 0
Nov 27 13:41:24 np0005538165.novalocal object-server[96393]: ::1 - - [27/Nov/2025:18:41:24 +0000] "GET /1/129120/AUTH_891a4d8ec8d044eaa174442078fb7e80/gnocchi.0ae29268-5d16-46ff-927d-c0948f1a6901/1763640000.0_rate%3Amean_300.0_v3" 404 70 "GET https://[::1]:8080/v1/AUTH_891a4d8ec8d044eaa174442078fb7e80/gnocchi.0ae29268-5d16-46ff-927d-c0948f1a6901/1763640000.0_rate%3Amean_300.0_v3" "tx8f4f69d4bf72446fa429c-0069289b54" "proxy-server 97369" 0.0002 "-" 96393 0
Nov 27 13:41:24 np0005538165.novalocal proxy-server[97369]: ::1 ::1 27/Nov/2025/18/41/24 GET /v1/AUTH_891a4d8ec8d044eaa174442078fb7e80/gnocchi.0ae29268-5d16-46ff-927d-c0948f1a6901/1763640000.0_rate%253Amean_300.0_v3 HTTP/1.0 404 - python-swiftclient-4.7.0 gAAAAABpKJsYjUMx... - 70 - tx8f4f69d4bf72446fa429c-0069289b54 - 0.0190 - - 1764268884.096617937 1764268884.115599394 0
Nov 27 13:41:24 np0005538165.novalocal object-server[96393]: ::1 - - [27/Nov/2025:18:41:24 +0000] "GET /3/40675/AUTH_891a4d8ec8d044eaa174442078fb7e80/gnocchi.0ae29268-5d16-46ff-927d-c0948f1a6901/1763640000.0_mean_300.0_v3" 200 16 "GET https://[::1]:8080/v1/AUTH_891a4d8ec8d044eaa174442078fb7e80/gnocchi.0ae29268-5d16-46ff-927d-c0948f1a6901/1763640000.0_mean_300.0_v3" "txe8a9ff4db4c945288153e-0069289b54" "proxy-server 97369" 0.0006 "-" 96393 0
Nov 27 13:41:24 np0005538165.novalocal proxy-server[97369]: ::1 ::1 27/Nov/2025/18/41/24 GET /v1/AUTH_891a4d8ec8d044eaa174442078fb7e80/gnocchi.0ae29268-5d16-46ff-927d-c0948f1a6901/1763640000.0_mean_300.0_v3 HTTP/1.0 200 - python-swiftclient-4.7.0 gAAAAABpKJsYjUMx... - 16 - txe8a9ff4db4c945288153e-0069289b54 - 0.0066 - - 1764268884.119431496 1764268884.125997543 0
Nov 27 13:41:24 np0005538165.novalocal container-server[96060]: ::1 - - [27/Nov/2025:18:41:24 +0000] "PUT /2/53353/AUTH_891a4d8ec8d044eaa174442078fb7e80/gnocchi.0ae29268-5d16-46ff-927d-c0948f1a6901/1763640000.0_rate%3Amean_300.0_v3" 201 - "PUT http://[::1]:8080/1/129120/AUTH_891a4d8ec8d044eaa174442078fb7e80/gnocchi.0ae29268-5d16-46ff-927d-c0948f1a6901/1763640000.0_rate%3Amean_300.0_v3" "tx411a77c9aa144bff86323-0069289b54" "object-server 96393" 0.0006 "-" 96060 0
Nov 27 13:41:24 np0005538165.novalocal object-server[96393]: ::1 - - [27/Nov/2025:18:41:24 +0000] "PUT /1/129120/AUTH_891a4d8ec8d044eaa174442078fb7e80/gnocchi.0ae29268-5d16-46ff-927d-c0948f1a6901/1763640000.0_rate%3Amean_300.0_v3" 201 - "PUT https://[::1]:8080/v1/AUTH_891a4d8ec8d044eaa174442078fb7e80/gnocchi.0ae29268-5d16-46ff-927d-c0948f1a6901/1763640000.0_rate%3Amean_300.0_v3" "tx411a77c9aa144bff86323-0069289b54" "proxy-server 97369" 0.0185 "-" 96393 0
Nov 27 13:41:24 np0005538165.novalocal container-server[96060]: ::1 - - [27/Nov/2025:18:41:24 +0000] "PUT /1/53353/AUTH_891a4d8ec8d044eaa174442078fb7e80/gnocchi.0ae29268-5d16-46ff-927d-c0948f1a6901/1763640000.0_rate%3Amean_300.0_v3" 201 - "PUT http://[::1]:8080/2/129120/AUTH_891a4d8ec8d044eaa174442078fb7e80/gnocchi.0ae29268-5d16-46ff-927d-c0948f1a6901/1763640000.0_rate%3Amean_300.0_v3" "tx411a77c9aa144bff86323-0069289b54" "object-server 96394" 0.0005 "-" 96060 0
Nov 27 13:41:24 np0005538165.novalocal container-server[96060]: ::1 - - [27/Nov/2025:18:41:24 +0000] "PUT /3/53353/AUTH_891a4d8ec8d044eaa174442078fb7e80/gnocchi.0ae29268-5d16-46ff-927d-c0948f1a6901/1763640000.0_rate%3Amean_300.0_v3" 201 - "PUT http://[::1]:8080/3/129120/AUTH_891a4d8ec8d044eaa174442078fb7e80/gnocchi.0ae29268-5d16-46ff-927d-c0948f1a6901/1763640000.0_rate%3Amean_300.0_v3" "tx411a77c9aa144bff86323-0069289b54" "object-server 96393" 0.0004 "-" 96060 0
Nov 27 13:41:24 np0005538165.novalocal object-server[96393]: ::1 - - [27/Nov/2025:18:41:24 +0000] "PUT /3/129120/AUTH_891a4d8ec8d044eaa174442078fb7e80/gnocchi.0ae29268-5d16-46ff-927d-c0948f1a6901/1763640000.0_rate%3Amean_300.0_v3" 201 - "PUT https://[::1]:8080/v1/AUTH_891a4d8ec8d044eaa174442078fb7e80/gnocchi.0ae29268-5d16-46ff-927d-c0948f1a6901/1763640000.0_rate%3Amean_300.0_v3" "tx411a77c9aa144bff86323-0069289b54" "proxy-server 97369" 0.0201 "-" 96393 0
Nov 27 13:41:24 np0005538165.novalocal object-server[96394]: ::1 - - [27/Nov/2025:18:41:24 +0000] "PUT /2/129120/AUTH_891a4d8ec8d044eaa174442078fb7e80/gnocchi.0ae29268-5d16-46ff-927d-c0948f1a6901/1763640000.0_rate%3Amean_300.0_v3" 201 - "PUT https://[::1]:8080/v1/AUTH_891a4d8ec8d044eaa174442078fb7e80/gnocchi.0ae29268-5d16-46ff-927d-c0948f1a6901/1763640000.0_rate%3Amean_300.0_v3" "tx411a77c9aa144bff86323-0069289b54" "proxy-server 97369" 0.0179 "-" 96394 0
Nov 27 13:41:24 np0005538165.novalocal proxy-server[97369]: ::1 ::1 27/Nov/2025/18/41/24 PUT /v1/AUTH_891a4d8ec8d044eaa174442078fb7e80/gnocchi.0ae29268-5d16-46ff-927d-c0948f1a6901/1763640000.0_rate%253Amean_300.0_v3 HTTP/1.0 201 - python-swiftclient-4.7.0 gAAAAABpKJsYjUMx... 16 - - tx411a77c9aa144bff86323-0069289b54 - 0.0290 - - 1764268884.129163980 1764268884.158189535 0
Nov 27 13:41:24 np0005538165.novalocal container-server[96061]: ::1 - - [27/Nov/2025:18:41:24 +0000] "PUT /2/53353/AUTH_891a4d8ec8d044eaa174442078fb7e80/gnocchi.0ae29268-5d16-46ff-927d-c0948f1a6901/1763640000.0_mean_300.0_v3" 201 - "PUT http://[::1]:8080/3/40675/AUTH_891a4d8ec8d044eaa174442078fb7e80/gnocchi.0ae29268-5d16-46ff-927d-c0948f1a6901/1763640000.0_mean_300.0_v3" "txdd07007c3cfe454eb4dd0-0069289b54" "object-server 96393" 0.0009 "-" 96061 0
Nov 27 13:41:24 np0005538165.novalocal object-server[96393]: ::1 - - [27/Nov/2025:18:41:24 +0000] "PUT /3/40675/AUTH_891a4d8ec8d044eaa174442078fb7e80/gnocchi.0ae29268-5d16-46ff-927d-c0948f1a6901/1763640000.0_mean_300.0_v3" 201 - "PUT https://[::1]:8080/v1/AUTH_891a4d8ec8d044eaa174442078fb7e80/gnocchi.0ae29268-5d16-46ff-927d-c0948f1a6901/1763640000.0_mean_300.0_v3" "txdd07007c3cfe454eb4dd0-0069289b54" "proxy-server 97369" 0.0130 "-" 96393 0
Nov 27 13:41:24 np0005538165.novalocal container-server[96060]: ::1 - - [27/Nov/2025:18:41:24 +0000] "PUT /1/53353/AUTH_891a4d8ec8d044eaa174442078fb7e80/gnocchi.0ae29268-5d16-46ff-927d-c0948f1a6901/1763640000.0_mean_300.0_v3" 201 - "PUT http://[::1]:8080/1/40675/AUTH_891a4d8ec8d044eaa174442078fb7e80/gnocchi.0ae29268-5d16-46ff-927d-c0948f1a6901/1763640000.0_mean_300.0_v3" "txdd07007c3cfe454eb4dd0-0069289b54" "object-server 96394" 0.0005 "-" 96060 0
Nov 27 13:41:24 np0005538165.novalocal object-server[96394]: ::1 - - [27/Nov/2025:18:41:24 +0000] "PUT /1/40675/AUTH_891a4d8ec8d044eaa174442078fb7e80/gnocchi.0ae29268-5d16-46ff-927d-c0948f1a6901/1763640000.0_mean_300.0_v3" 201 - "PUT https://[::1]:8080/v1/AUTH_891a4d8ec8d044eaa174442078fb7e80/gnocchi.0ae29268-5d16-46ff-927d-c0948f1a6901/1763640000.0_mean_300.0_v3" "txdd07007c3cfe454eb4dd0-0069289b54" "proxy-server 97369" 0.0123 "-" 96394 0
Nov 27 13:41:24 np0005538165.novalocal account-server[95765]: ::1 - - [27/Nov/2025:18:41:24 +0000] "PUT /2/91627/AUTH_891a4d8ec8d044eaa174442078fb7e80/gnocchi.a4081a27-69ca-4c47-afad-afc66a232ffb" 201 - "-" "-" "container-updater 95229" 0.0005 "-" 95765 0
Nov 27 13:41:24 np0005538165.novalocal account-server[95766]: ::1 - - [27/Nov/2025:18:41:24 +0000] "PUT /3/91627/AUTH_891a4d8ec8d044eaa174442078fb7e80/gnocchi.a4081a27-69ca-4c47-afad-afc66a232ffb" 201 - "-" "-" "container-updater 95229" 0.0004 "-" 95766 0
Nov 27 13:41:24 np0005538165.novalocal account-server[95766]: ::1 - - [27/Nov/2025:18:41:24 +0000] "PUT /1/91627/AUTH_891a4d8ec8d044eaa174442078fb7e80/gnocchi.a4081a27-69ca-4c47-afad-afc66a232ffb" 201 - "-" "-" "container-updater 95229" 0.0003 "-" 95766 0
Nov 27 13:41:24 np0005538165.novalocal container-server[96061]: ::1 - - [27/Nov/2025:18:41:24 +0000] "PUT /3/53353/AUTH_891a4d8ec8d044eaa174442078fb7e80/gnocchi.0ae29268-5d16-46ff-927d-c0948f1a6901/1763640000.0_mean_300.0_v3" 201 - "PUT http://[::1]:8080/2/40675/AUTH_891a4d8ec8d044eaa174442078fb7e80/gnocchi.0ae29268-5d16-46ff-927d-c0948f1a6901/1763640000.0_mean_300.0_v3" "txdd07007c3cfe454eb4dd0-0069289b54" "object-server 96394" 0.0520 "-" 96061 0
Nov 27 13:41:24 np0005538165.novalocal object-server[96394]: ::1 - - [27/Nov/2025:18:41:24 +0000] "PUT /2/40675/AUTH_891a4d8ec8d044eaa174442078fb7e80/gnocchi.0ae29268-5d16-46ff-927d-c0948f1a6901/1763640000.0_mean_300.0_v3" 201 - "PUT https://[::1]:8080/v1/AUTH_891a4d8ec8d044eaa174442078fb7e80/gnocchi.0ae29268-5d16-46ff-927d-c0948f1a6901/1763640000.0_mean_300.0_v3" "txdd07007c3cfe454eb4dd0-0069289b54" "proxy-server 97369" 0.0709 "-" 96394 0
Nov 27 13:41:24 np0005538165.novalocal proxy-server[97369]: ::1 ::1 27/Nov/2025/18/41/24 PUT /v1/AUTH_891a4d8ec8d044eaa174442078fb7e80/gnocchi.0ae29268-5d16-46ff-927d-c0948f1a6901/1763640000.0_mean_300.0_v3 HTTP/1.0 201 - python-swiftclient-4.7.0 gAAAAABpKJsYjUMx... 16 - - txdd07007c3cfe454eb4dd0-0069289b54 - 0.0797 - - 1764268884.160877943 1764268884.240539789 0
Nov 27 13:41:24 np0005538165.novalocal container-server[96060]: ::1 - - [27/Nov/2025:18:41:24 +0000] "PUT /2/53353/AUTH_891a4d8ec8d044eaa174442078fb7e80/gnocchi.0ae29268-5d16-46ff-927d-c0948f1a6901/none_v3" 201 - "PUT http://[::1]:8080/2/58438/AUTH_891a4d8ec8d044eaa174442078fb7e80/gnocchi.0ae29268-5d16-46ff-927d-c0948f1a6901/none_v3" "tx063ff35323b54932ac6bd-0069289b54" "object-server 96393" 0.0005 "-" 96060 0
Nov 27 13:41:24 np0005538165.novalocal object-server[96393]: ::1 - - [27/Nov/2025:18:41:24 +0000] "PUT /2/58438/AUTH_891a4d8ec8d044eaa174442078fb7e80/gnocchi.0ae29268-5d16-46ff-927d-c0948f1a6901/none_v3" 201 - "PUT https://[::1]:8080/v1/AUTH_891a4d8ec8d044eaa174442078fb7e80/gnocchi.0ae29268-5d16-46ff-927d-c0948f1a6901/none_v3" "tx063ff35323b54932ac6bd-0069289b54" "proxy-server 97369" 0.0163 "-" 96393 0
Nov 27 13:41:24 np0005538165.novalocal account-server[95765]: ::1 - - [27/Nov/2025:18:41:24 +0000] "PUT /1/91627/AUTH_891a4d8ec8d044eaa174442078fb7e80/gnocchi.8e885060-3039-4495-b4c3-32918b63af7f" 201 - "-" "-" "container-updater 95229" 0.0004 "-" 95765 0
Nov 27 13:41:24 np0005538165.novalocal container-server[96060]: ::1 - - [27/Nov/2025:18:41:24 +0000] "PUT /3/53353/AUTH_891a4d8ec8d044eaa174442078fb7e80/gnocchi.0ae29268-5d16-46ff-927d-c0948f1a6901/none_v3" 201 - "PUT http://[::1]:8080/3/58438/AUTH_891a4d8ec8d044eaa174442078fb7e80/gnocchi.0ae29268-5d16-46ff-927d-c0948f1a6901/none_v3" "tx063ff35323b54932ac6bd-0069289b54" "object-server 96394" 0.0007 "-" 96060 0
Nov 27 13:41:24 np0005538165.novalocal account-server[95766]: ::1 - - [27/Nov/2025:18:41:24 +0000] "PUT /3/91627/AUTH_891a4d8ec8d044eaa174442078fb7e80/gnocchi.8e885060-3039-4495-b4c3-32918b63af7f" 201 - "-" "-" "container-updater 95229" 0.0008 "-" 95766 0
Nov 27 13:41:24 np0005538165.novalocal account-server[95766]: ::1 - - [27/Nov/2025:18:41:24 +0000] "PUT /2/91627/AUTH_891a4d8ec8d044eaa174442078fb7e80/gnocchi.8e885060-3039-4495-b4c3-32918b63af7f" 201 - "-" "-" "container-updater 95229" 0.0003 "-" 95766 0
Nov 27 13:41:24 np0005538165.novalocal object-server[96394]: ::1 - - [27/Nov/2025:18:41:24 +0000] "PUT /3/58438/AUTH_891a4d8ec8d044eaa174442078fb7e80/gnocchi.0ae29268-5d16-46ff-927d-c0948f1a6901/none_v3" 201 - "PUT https://[::1]:8080/v1/AUTH_891a4d8ec8d044eaa174442078fb7e80/gnocchi.0ae29268-5d16-46ff-927d-c0948f1a6901/none_v3" "tx063ff35323b54932ac6bd-0069289b54" "proxy-server 97369" 0.0189 "-" 96394 0
Nov 27 13:41:24 np0005538165.novalocal container-server[96060]: ::1 - - [27/Nov/2025:18:41:24 +0000] "PUT /1/53353/AUTH_891a4d8ec8d044eaa174442078fb7e80/gnocchi.0ae29268-5d16-46ff-927d-c0948f1a6901/none_v3" 201 - "PUT http://[::1]:8080/1/58438/AUTH_891a4d8ec8d044eaa174442078fb7e80/gnocchi.0ae29268-5d16-46ff-927d-c0948f1a6901/none_v3" "tx063ff35323b54932ac6bd-0069289b54" "object-server 96394" 0.0005 "-" 96060 0
Nov 27 13:41:24 np0005538165.novalocal object-server[96394]: ::1 - - [27/Nov/2025:18:41:24 +0000] "PUT /1/58438/AUTH_891a4d8ec8d044eaa174442078fb7e80/gnocchi.0ae29268-5d16-46ff-927d-c0948f1a6901/none_v3" 201 - "PUT https://[::1]:8080/v1/AUTH_891a4d8ec8d044eaa174442078fb7e80/gnocchi.0ae29268-5d16-46ff-927d-c0948f1a6901/none_v3" "tx063ff35323b54932ac6bd-0069289b54" "proxy-server 97369" 0.0242 "-" 96394 0
Nov 27 13:41:24 np0005538165.novalocal proxy-server[97369]: ::1 ::1 27/Nov/2025/18/41/24 PUT /v1/AUTH_891a4d8ec8d044eaa174442078fb7e80/gnocchi.0ae29268-5d16-46ff-927d-c0948f1a6901/none_v3 HTTP/1.0 201 - python-swiftclient-4.7.0 gAAAAABpKJsYjUMx... 33 - - tx063ff35323b54932ac6bd-0069289b54 - 0.0439 - - 1764268884.243195295 1764268884.287050486 0
Nov 27 13:41:24 np0005538165.novalocal container-server[96061]: ::1 - - [27/Nov/2025:18:41:24 +0000] "HEAD /2/43317/AUTH_891a4d8ec8d044eaa174442078fb7e80/gnocchi.d1883406-65e7-47f4-862b-7b48734d8a82" 204 - "HEAD http://[::1]:8080/v1/AUTH_891a4d8ec8d044eaa174442078fb7e80/gnocchi.d1883406-65e7-47f4-862b-7b48734d8a82" "txac98d1671c6a48c6a9044-0069289b54" "proxy-server 97370" 0.0019 "-" 96061 0
Nov 27 13:41:24 np0005538165.novalocal proxy-server[97370]: - - 27/Nov/2025/18/41/24 HEAD /v1/AUTH_891a4d8ec8d044eaa174442078fb7e80/gnocchi.d1883406-65e7-47f4-862b-7b48734d8a82 HTTP/1.0 204 - Swift - - - - txac98d1671c6a48c6a9044-0069289b54 - 0.0078 CS - 1764268884.290366888 1764268884.298205137 0
Nov 27 13:41:24 np0005538165.novalocal object-server[96393]: ::1 - - [27/Nov/2025:18:41:24 +0000] "GET /1/36155/AUTH_891a4d8ec8d044eaa174442078fb7e80/gnocchi.d1883406-65e7-47f4-862b-7b48734d8a82/none_v3" 200 22 "GET https://[::1]:8080/v1/AUTH_891a4d8ec8d044eaa174442078fb7e80/gnocchi.d1883406-65e7-47f4-862b-7b48734d8a82/none_v3" "txac98d1671c6a48c6a9044-0069289b54" "proxy-server 97370" 0.0007 "-" 96393 0
Nov 27 13:41:24 np0005538165.novalocal proxy-server[97370]: ::1 ::1 27/Nov/2025/18/41/24 GET /v1/AUTH_891a4d8ec8d044eaa174442078fb7e80/gnocchi.d1883406-65e7-47f4-862b-7b48734d8a82/none_v3 HTTP/1.0 200 - python-swiftclient-4.7.0 gAAAAABpKJsZdlPH... - 22 - txac98d1671c6a48c6a9044-0069289b54 - 0.0193 - - 1764268884.289433241 1764268884.308711767 0
Nov 27 13:41:24 np0005538165.novalocal object-server[96393]: ::1 - - [27/Nov/2025:18:41:24 +0000] "GET /1/217987/AUTH_891a4d8ec8d044eaa174442078fb7e80/gnocchi.686a44d4-6793-4dd2-8034-03145575e48d/none_v3" 200 22 "GET https://[::1]:8080/v1/AUTH_891a4d8ec8d044eaa174442078fb7e80/gnocchi.686a44d4-6793-4dd2-8034-03145575e48d/none_v3" "txdbcc4266cabe4550b27ed-0069289b54" "proxy-server 97369" 0.0005 "-" 96393 0
Nov 27 13:41:24 np0005538165.novalocal proxy-server[97369]: ::1 ::1 27/Nov/2025/18/41/24 GET /v1/AUTH_891a4d8ec8d044eaa174442078fb7e80/gnocchi.686a44d4-6793-4dd2-8034-03145575e48d/none_v3 HTTP/1.0 200 - python-swiftclient-4.7.0 gAAAAABpKJsYjUMx... - 22 - txdbcc4266cabe4550b27ed-0069289b54 - 0.0089 - - 1764268884.311652899 1764268884.320580006 0
Nov 27 13:41:24 np0005538165.novalocal container-server[96060]: ::1 - - [27/Nov/2025:18:41:24 +0000] "GET /2/43317/AUTH_891a4d8ec8d044eaa174442078fb7e80/gnocchi.d1883406-65e7-47f4-862b-7b48734d8a82" 200 357 "GET https://[::1]:8080/v1/AUTH_891a4d8ec8d044eaa174442078fb7e80/gnocchi.d1883406-65e7-47f4-862b-7b48734d8a82?format=json&states=listing" "tx1df013e24f6949c6b5e1e-0069289b54" "proxy-server 97370" 0.0032 "-" 96060 0
Nov 27 13:41:24 np0005538165.novalocal proxy-server[97370]: ::1 ::1 27/Nov/2025/18/41/24 GET /v1/AUTH_891a4d8ec8d044eaa174442078fb7e80/gnocchi.d1883406-65e7-47f4-862b-7b48734d8a82%3Fformat%3Djson%26states%3Dlisting HTTP/1.0 200 - python-swiftclient-4.7.0 gAAAAABpKJsZdlPH... - 357 - tx1df013e24f6949c6b5e1e-0069289b54 - 0.0124 - - 1764268884.312755108 1764268884.325174570 0
Nov 27 13:41:24 np0005538165.novalocal container-server[96061]: ::1 - - [27/Nov/2025:18:41:24 +0000] "GET /3/170240/AUTH_891a4d8ec8d044eaa174442078fb7e80/gnocchi.686a44d4-6793-4dd2-8034-03145575e48d" 200 357 "GET https://[::1]:8080/v1/AUTH_891a4d8ec8d044eaa174442078fb7e80/gnocchi.686a44d4-6793-4dd2-8034-03145575e48d?format=json&states=listing" "tx4327566af8eb451c873e2-0069289b54" "proxy-server 97369" 0.0035 "-" 96061 0
Nov 27 13:41:24 np0005538165.novalocal container-server[96061]: ::1 - - [27/Nov/2025:18:41:24 +0000] "GET /2/43317/AUTH_891a4d8ec8d044eaa174442078fb7e80/gnocchi.d1883406-65e7-47f4-862b-7b48734d8a82" 200 2 "GET https://[::1]:8080/v1/AUTH_891a4d8ec8d044eaa174442078fb7e80/gnocchi.d1883406-65e7-47f4-862b-7b48734d8a82?format=json&marker=none_v3&states=listing" "tx72cdd167e91f47069dabb-0069289b54" "proxy-server 97370" 0.0027 "-" 96061 0
Nov 27 13:41:24 np0005538165.novalocal proxy-server[97370]: ::1 ::1 27/Nov/2025/18/41/24 GET /v1/AUTH_891a4d8ec8d044eaa174442078fb7e80/gnocchi.d1883406-65e7-47f4-862b-7b48734d8a82%3Fformat%3Djson%26marker%3Dnone_v3%26states%3Dlisting HTTP/1.0 200 - python-swiftclient-4.7.0 gAAAAABpKJsZdlPH... - 2 - tx72cdd167e91f47069dabb-0069289b54 - 0.0143 - - 1764268884.327883244 1764268884.342137575 0
Nov 27 13:41:24 np0005538165.novalocal proxy-server[97369]: ::1 ::1 27/Nov/2025/18/41/24 GET /v1/AUTH_891a4d8ec8d044eaa174442078fb7e80/gnocchi.686a44d4-6793-4dd2-8034-03145575e48d%3Fformat%3Djson%26states%3Dlisting HTTP/1.0 200 - python-swiftclient-4.7.0 gAAAAABpKJsYjUMx... - 357 - tx4327566af8eb451c873e2-0069289b54 - 0.0178 - - 1764268884.326024532 1764268884.343814135 0
Nov 27 13:41:24 np0005538165.novalocal object-server[96394]: ::1 - - [27/Nov/2025:18:41:24 +0000] "GET /2/154890/AUTH_891a4d8ec8d044eaa174442078fb7e80/gnocchi.d1883406-65e7-47f4-862b-7b48734d8a82/1763640000.0_rate%3Amean_300.0_v3" 404 70 "GET https://[::1]:8080/v1/AUTH_891a4d8ec8d044eaa174442078fb7e80/gnocchi.d1883406-65e7-47f4-862b-7b48734d8a82/1763640000.0_rate%3Amean_300.0_v3" "tx3f4f570e8be04e3ba49ff-0069289b54" "proxy-server 97370" 0.0005 "-" 96394 0
Nov 27 13:41:24 np0005538165.novalocal object-server[96393]: ::1 - - [27/Nov/2025:18:41:24 +0000] "GET /3/154890/AUTH_891a4d8ec8d044eaa174442078fb7e80/gnocchi.d1883406-65e7-47f4-862b-7b48734d8a82/1763640000.0_rate%3Amean_300.0_v3" 404 70 "GET https://[::1]:8080/v1/AUTH_891a4d8ec8d044eaa174442078fb7e80/gnocchi.d1883406-65e7-47f4-862b-7b48734d8a82/1763640000.0_rate%3Amean_300.0_v3" "tx3f4f570e8be04e3ba49ff-0069289b54" "proxy-server 97370" 0.0004 "-" 96393 0
Nov 27 13:41:24 np0005538165.novalocal object-server[96393]: ::1 - - [27/Nov/2025:18:41:24 +0000] "GET /1/154890/AUTH_891a4d8ec8d044eaa174442078fb7e80/gnocchi.d1883406-65e7-47f4-862b-7b48734d8a82/1763640000.0_rate%3Amean_300.0_v3" 404 70 "GET https://[::1]:8080/v1/AUTH_891a4d8ec8d044eaa174442078fb7e80/gnocchi.d1883406-65e7-47f4-862b-7b48734d8a82/1763640000.0_rate%3Amean_300.0_v3" "tx3f4f570e8be04e3ba49ff-0069289b54" "proxy-server 97370" 0.0002 "-" 96393 0
Nov 27 13:41:24 np0005538165.novalocal container-server[96060]: ::1 - - [27/Nov/2025:18:41:24 +0000] "GET /1/170240/AUTH_891a4d8ec8d044eaa174442078fb7e80/gnocchi.686a44d4-6793-4dd2-8034-03145575e48d" 200 2 "GET https://[::1]:8080/v1/AUTH_891a4d8ec8d044eaa174442078fb7e80/gnocchi.686a44d4-6793-4dd2-8034-03145575e48d?format=json&marker=none_v3&states=listing" "tx502005a50204452d86341-0069289b54" "proxy-server 97369" 0.0035 "-" 96060 0
Nov 27 13:41:24 np0005538165.novalocal proxy-server[97370]: ::1 ::1 27/Nov/2025/18/41/24 GET /v1/AUTH_891a4d8ec8d044eaa174442078fb7e80/gnocchi.d1883406-65e7-47f4-862b-7b48734d8a82/1763640000.0_rate%253Amean_300.0_v3 HTTP/1.0 404 - python-swiftclient-4.7.0 gAAAAABpKJsZdlPH... - 70 - tx3f4f570e8be04e3ba49ff-0069289b54 - 0.0125 - - 1764268884.346913338 1764268884.359448671 0
Nov 27 13:41:24 np0005538165.novalocal proxy-server[97369]: ::1 ::1 27/Nov/2025/18/41/24 GET /v1/AUTH_891a4d8ec8d044eaa174442078fb7e80/gnocchi.686a44d4-6793-4dd2-8034-03145575e48d%3Fformat%3Djson%26marker%3Dnone_v3%26states%3Dlisting HTTP/1.0 200 - python-swiftclient-4.7.0 gAAAAABpKJsYjUMx... - 2 - tx502005a50204452d86341-0069289b54 - 0.0140 - - 1764268884.347660065 1764268884.361657858 0
Nov 27 13:41:24 np0005538165.novalocal object-server[96393]: ::1 - - [27/Nov/2025:18:41:24 +0000] "GET /1/228107/AUTH_891a4d8ec8d044eaa174442078fb7e80/gnocchi.d1883406-65e7-47f4-862b-7b48734d8a82/1763640000.0_mean_300.0_v3" 200 16 "GET https://[::1]:8080/v1/AUTH_891a4d8ec8d044eaa174442078fb7e80/gnocchi.d1883406-65e7-47f4-862b-7b48734d8a82/1763640000.0_mean_300.0_v3" "tx14a89d15b93f42a5ab4ba-0069289b54" "proxy-server 97370" 0.0006 "-" 96393 0
Nov 27 13:41:24 np0005538165.novalocal proxy-server[97370]: ::1 ::1 27/Nov/2025/18/41/24 GET /v1/AUTH_891a4d8ec8d044eaa174442078fb7e80/gnocchi.d1883406-65e7-47f4-862b-7b48734d8a82/1763640000.0_mean_300.0_v3 HTTP/1.0 200 - python-swiftclient-4.7.0 gAAAAABpKJsZdlPH... - 16 - tx14a89d15b93f42a5ab4ba-0069289b54 - 0.0066 - - 1764268884.362010479 1764268884.368570328 0
Nov 27 13:41:24 np0005538165.novalocal object-server[96394]: ::1 - - [27/Nov/2025:18:41:24 +0000] "GET /2/114956/AUTH_891a4d8ec8d044eaa174442078fb7e80/gnocchi.686a44d4-6793-4dd2-8034-03145575e48d/1763640000.0_rate%3Amean_300.0_v3" 404 70 "GET https://[::1]:8080/v1/AUTH_891a4d8ec8d044eaa174442078fb7e80/gnocchi.686a44d4-6793-4dd2-8034-03145575e48d/1763640000.0_rate%3Amean_300.0_v3" "txa979ed93b3e349b08156d-0069289b54" "proxy-server 97369" 0.0005 "-" 96394 0
Nov 27 13:41:24 np0005538165.novalocal object-server[96394]: ::1 - - [27/Nov/2025:18:41:24 +0000] "GET /3/114956/AUTH_891a4d8ec8d044eaa174442078fb7e80/gnocchi.686a44d4-6793-4dd2-8034-03145575e48d/1763640000.0_rate%3Amean_300.0_v3" 404 70 "GET https://[::1]:8080/v1/AUTH_891a4d8ec8d044eaa174442078fb7e80/gnocchi.686a44d4-6793-4dd2-8034-03145575e48d/1763640000.0_rate%3Amean_300.0_v3" "txa979ed93b3e349b08156d-0069289b54" "proxy-server 97369" 0.0003 "-" 96394 0
Nov 27 13:41:24 np0005538165.novalocal account-server[95765]: ::1 - - [27/Nov/2025:18:41:24 +0000] "PUT /2/91627/AUTH_891a4d8ec8d044eaa174442078fb7e80/gnocchi.0084c84f-e4b5-4636-b237-4827ea3f3f13" 201 - "-" "-" "container-updater 95229" 0.0004 "-" 95765 0
Nov 27 13:41:24 np0005538165.novalocal account-server[95765]: ::1 - - [27/Nov/2025:18:41:24 +0000] "PUT /1/91627/AUTH_891a4d8ec8d044eaa174442078fb7e80/gnocchi.0084c84f-e4b5-4636-b237-4827ea3f3f13" 201 - "-" "-" "container-updater 95229" 0.0002 "-" 95765 0
Nov 27 13:41:24 np0005538165.novalocal account-server[95765]: ::1 - - [27/Nov/2025:18:41:24 +0000] "PUT /3/91627/AUTH_891a4d8ec8d044eaa174442078fb7e80/gnocchi.0084c84f-e4b5-4636-b237-4827ea3f3f13" 201 - "-" "-" "container-updater 95229" 0.0002 "-" 95765 0
Nov 27 13:41:24 np0005538165.novalocal object-server[96394]: ::1 - - [27/Nov/2025:18:41:24 +0000] "GET /1/114956/AUTH_891a4d8ec8d044eaa174442078fb7e80/gnocchi.686a44d4-6793-4dd2-8034-03145575e48d/1763640000.0_rate%3Amean_300.0_v3" 404 70 "GET https://[::1]:8080/v1/AUTH_891a4d8ec8d044eaa174442078fb7e80/gnocchi.686a44d4-6793-4dd2-8034-03145575e48d/1763640000.0_rate%3Amean_300.0_v3" "txa979ed93b3e349b08156d-0069289b54" "proxy-server 97369" 0.0002 "-" 96394 0
Nov 27 13:41:24 np0005538165.novalocal proxy-server[97369]: ::1 ::1 27/Nov/2025/18/41/24 GET /v1/AUTH_891a4d8ec8d044eaa174442078fb7e80/gnocchi.686a44d4-6793-4dd2-8034-03145575e48d/1763640000.0_rate%253Amean_300.0_v3 HTTP/1.0 404 - python-swiftclient-4.7.0 gAAAAABpKJsYjUMx... - 70 - txa979ed93b3e349b08156d-0069289b54 - 0.0168 - - 1764268884.366686583 1764268884.383448124 0
Nov 27 13:41:24 np0005538165.novalocal container-server[96061]: ::1 - - [27/Nov/2025:18:41:24 +0000] "PUT /2/43317/AUTH_891a4d8ec8d044eaa174442078fb7e80/gnocchi.d1883406-65e7-47f4-862b-7b48734d8a82/1763640000.0_rate%3Amean_300.0_v3" 201 - "PUT http://[::1]:8080/1/154890/AUTH_891a4d8ec8d044eaa174442078fb7e80/gnocchi.d1883406-65e7-47f4-862b-7b48734d8a82/1763640000.0_rate%3Amean_300.0_v3" "tx48c520a3192647a787e40-0069289b54" "object-server 96394" 0.0008 "-" 96061 0
Nov 27 13:41:24 np0005538165.novalocal object-server[96393]: ::1 - - [27/Nov/2025:18:41:24 +0000] "GET /1/8243/AUTH_891a4d8ec8d044eaa174442078fb7e80/gnocchi.686a44d4-6793-4dd2-8034-03145575e48d/1763640000.0_mean_300.0_v3" 200 16 "GET https://[::1]:8080/v1/AUTH_891a4d8ec8d044eaa174442078fb7e80/gnocchi.686a44d4-6793-4dd2-8034-03145575e48d/1763640000.0_mean_300.0_v3" "txf7bc179c6d8840cbbd8f5-0069289b54" "proxy-server 97369" 0.0008 "-" 96393 0
Nov 27 13:41:24 np0005538165.novalocal object-server[96394]: ::1 - - [27/Nov/2025:18:41:24 +0000] "PUT /1/154890/AUTH_891a4d8ec8d044eaa174442078fb7e80/gnocchi.d1883406-65e7-47f4-862b-7b48734d8a82/1763640000.0_rate%3Amean_300.0_v3" 201 - "PUT https://[::1]:8080/v1/AUTH_891a4d8ec8d044eaa174442078fb7e80/gnocchi.d1883406-65e7-47f4-862b-7b48734d8a82/1763640000.0_rate%3Amean_300.0_v3" "tx48c520a3192647a787e40-0069289b54" "proxy-server 97370" 0.0202 "-" 96394 0
Nov 27 13:41:24 np0005538165.novalocal container-server[96060]: ::1 - - [27/Nov/2025:18:41:24 +0000] "PUT /3/43317/AUTH_891a4d8ec8d044eaa174442078fb7e80/gnocchi.d1883406-65e7-47f4-862b-7b48734d8a82/1763640000.0_rate%3Amean_300.0_v3" 201 - "PUT http://[::1]:8080/3/154890/AUTH_891a4d8ec8d044eaa174442078fb7e80/gnocchi.d1883406-65e7-47f4-862b-7b48734d8a82/1763640000.0_rate%3Amean_300.0_v3" "tx48c520a3192647a787e40-0069289b54" "object-server 96393" 0.0005 "-" 96060 0
Nov 27 13:41:24 np0005538165.novalocal container-server[96061]: ::1 - - [27/Nov/2025:18:41:24 +0000] "PUT /1/43317/AUTH_891a4d8ec8d044eaa174442078fb7e80/gnocchi.d1883406-65e7-47f4-862b-7b48734d8a82/1763640000.0_rate%3Amean_300.0_v3" 201 - "PUT http://[::1]:8080/2/154890/AUTH_891a4d8ec8d044eaa174442078fb7e80/gnocchi.d1883406-65e7-47f4-862b-7b48734d8a82/1763640000.0_rate%3Amean_300.0_v3" "tx48c520a3192647a787e40-0069289b54" "object-server 96393" 0.0006 "-" 96061 0
Nov 27 13:41:24 np0005538165.novalocal proxy-server[97369]: ::1 ::1 27/Nov/2025/18/41/24 GET /v1/AUTH_891a4d8ec8d044eaa174442078fb7e80/gnocchi.686a44d4-6793-4dd2-8034-03145575e48d/1763640000.0_mean_300.0_v3 HTTP/1.0 200 - python-swiftclient-4.7.0 gAAAAABpKJsYjUMx... - 16 - txf7bc179c6d8840cbbd8f5-0069289b54 - 0.0141 - - 1764268884.388538361 1764268884.402604103 0
Nov 27 13:41:24 np0005538165.novalocal object-server[96393]: ::1 - - [27/Nov/2025:18:41:24 +0000] "PUT /3/154890/AUTH_891a4d8ec8d044eaa174442078fb7e80/gnocchi.d1883406-65e7-47f4-862b-7b48734d8a82/1763640000.0_rate%3Amean_300.0_v3" 201 - "PUT https://[::1]:8080/v1/AUTH_891a4d8ec8d044eaa174442078fb7e80/gnocchi.d1883406-65e7-47f4-862b-7b48734d8a82/1763640000.0_rate%3Amean_300.0_v3" "tx48c520a3192647a787e40-0069289b54" "proxy-server 97370" 0.0238 "-" 96393 0
Nov 27 13:41:24 np0005538165.novalocal object-server[96393]: ::1 - - [27/Nov/2025:18:41:24 +0000] "PUT /2/154890/AUTH_891a4d8ec8d044eaa174442078fb7e80/gnocchi.d1883406-65e7-47f4-862b-7b48734d8a82/1763640000.0_rate%3Amean_300.0_v3" 201 - "PUT https://[::1]:8080/v1/AUTH_891a4d8ec8d044eaa174442078fb7e80/gnocchi.d1883406-65e7-47f4-862b-7b48734d8a82/1763640000.0_rate%3Amean_300.0_v3" "tx48c520a3192647a787e40-0069289b54" "proxy-server 97370" 0.0215 "-" 96393 0
Nov 27 13:41:24 np0005538165.novalocal proxy-server[97370]: ::1 ::1 27/Nov/2025/18/41/24 PUT /v1/AUTH_891a4d8ec8d044eaa174442078fb7e80/gnocchi.d1883406-65e7-47f4-862b-7b48734d8a82/1763640000.0_rate%253Amean_300.0_v3 HTTP/1.0 201 - python-swiftclient-4.7.0 gAAAAABpKJsZdlPH... 16 - - tx48c520a3192647a787e40-0069289b54 - 0.0336 - - 1764268884.371522188 1764268884.405083179 0
Nov 27 13:41:24 np0005538165.novalocal container-server[96060]: ::1 - - [27/Nov/2025:18:41:24 +0000] "PUT /3/43317/AUTH_891a4d8ec8d044eaa174442078fb7e80/gnocchi.d1883406-65e7-47f4-862b-7b48734d8a82/1763640000.0_mean_300.0_v3" 201 - "PUT http://[::1]:8080/1/228107/AUTH_891a4d8ec8d044eaa174442078fb7e80/gnocchi.d1883406-65e7-47f4-862b-7b48734d8a82/1763640000.0_mean_300.0_v3" "tx015d2ead35024fcc99fa0-0069289b54" "object-server 96394" 0.0005 "-" 96060 0
Nov 27 13:41:24 np0005538165.novalocal container-server[96060]: ::1 - - [27/Nov/2025:18:41:24 +0000] "PUT /2/43317/AUTH_891a4d8ec8d044eaa174442078fb7e80/gnocchi.d1883406-65e7-47f4-862b-7b48734d8a82/1763640000.0_mean_300.0_v3" 201 - "PUT http://[::1]:8080/2/228107/AUTH_891a4d8ec8d044eaa174442078fb7e80/gnocchi.d1883406-65e7-47f4-862b-7b48734d8a82/1763640000.0_mean_300.0_v3" "tx015d2ead35024fcc99fa0-0069289b54" "object-server 96393" 0.0005 "-" 96060 0
Nov 27 13:41:24 np0005538165.novalocal object-server[96393]: ::1 - - [27/Nov/2025:18:41:24 +0000] "PUT /2/228107/AUTH_891a4d8ec8d044eaa174442078fb7e80/gnocchi.d1883406-65e7-47f4-862b-7b48734d8a82/1763640000.0_mean_300.0_v3" 201 - "PUT https://[::1]:8080/v1/AUTH_891a4d8ec8d044eaa174442078fb7e80/gnocchi.d1883406-65e7-47f4-862b-7b48734d8a82/1763640000.0_mean_300.0_v3" "tx015d2ead35024fcc99fa0-0069289b54" "proxy-server 97370" 0.0147 "-" 96393 0
Nov 27 13:41:24 np0005538165.novalocal container-server[96060]: ::1 - - [27/Nov/2025:18:41:24 +0000] "PUT /1/43317/AUTH_891a4d8ec8d044eaa174442078fb7e80/gnocchi.d1883406-65e7-47f4-862b-7b48734d8a82/1763640000.0_mean_300.0_v3" 201 - "PUT http://[::1]:8080/3/228107/AUTH_891a4d8ec8d044eaa174442078fb7e80/gnocchi.d1883406-65e7-47f4-862b-7b48734d8a82/1763640000.0_mean_300.0_v3" "tx015d2ead35024fcc99fa0-0069289b54" "object-server 96393" 0.0003 "-" 96060 0
Nov 27 13:41:24 np0005538165.novalocal object-server[96393]: ::1 - - [27/Nov/2025:18:41:24 +0000] "PUT /3/228107/AUTH_891a4d8ec8d044eaa174442078fb7e80/gnocchi.d1883406-65e7-47f4-862b-7b48734d8a82/1763640000.0_mean_300.0_v3" 201 - "PUT https://[::1]:8080/v1/AUTH_891a4d8ec8d044eaa174442078fb7e80/gnocchi.d1883406-65e7-47f4-862b-7b48734d8a82/1763640000.0_mean_300.0_v3" "tx015d2ead35024fcc99fa0-0069289b54" "proxy-server 97370" 0.0139 "-" 96393 0
Nov 27 13:41:24 np0005538165.novalocal object-server[96394]: ::1 - - [27/Nov/2025:18:41:24 +0000] "PUT /1/228107/AUTH_891a4d8ec8d044eaa174442078fb7e80/gnocchi.d1883406-65e7-47f4-862b-7b48734d8a82/1763640000.0_mean_300.0_v3" 201 - "PUT https://[::1]:8080/v1/AUTH_891a4d8ec8d044eaa174442078fb7e80/gnocchi.d1883406-65e7-47f4-862b-7b48734d8a82/1763640000.0_mean_300.0_v3" "tx015d2ead35024fcc99fa0-0069289b54" "proxy-server 97370" 0.0161 "-" 96394 0
Nov 27 13:41:24 np0005538165.novalocal proxy-server[97370]: ::1 ::1 27/Nov/2025/18/41/24 PUT /v1/AUTH_891a4d8ec8d044eaa174442078fb7e80/gnocchi.d1883406-65e7-47f4-862b-7b48734d8a82/1763640000.0_mean_300.0_v3 HTTP/1.0 201 - python-swiftclient-4.7.0 gAAAAABpKJsZdlPH... 16 - - tx015d2ead35024fcc99fa0-0069289b54 - 0.0226 - - 1764268884.407737494 1764268884.430334568 0
Nov 27 13:41:24 np0005538165.novalocal container-server[96061]: ::1 - - [27/Nov/2025:18:41:24 +0000] "PUT /1/170240/AUTH_891a4d8ec8d044eaa174442078fb7e80/gnocchi.686a44d4-6793-4dd2-8034-03145575e48d/1763640000.0_rate%3Amean_300.0_v3" 201 - "PUT http://[::1]:8080/2/114956/AUTH_891a4d8ec8d044eaa174442078fb7e80/gnocchi.686a44d4-6793-4dd2-8034-03145575e48d/1763640000.0_rate%3Amean_300.0_v3" "tx8d0da44dddb9452a8d9a7-0069289b54" "object-server 96394" 0.0007 "-" 96061 0
Nov 27 13:41:24 np0005538165.novalocal object-server[96394]: ::1 - - [27/Nov/2025:18:41:24 +0000] "PUT /2/114956/AUTH_891a4d8ec8d044eaa174442078fb7e80/gnocchi.686a44d4-6793-4dd2-8034-03145575e48d/1763640000.0_rate%3Amean_300.0_v3" 201 - "PUT https://[::1]:8080/v1/AUTH_891a4d8ec8d044eaa174442078fb7e80/gnocchi.686a44d4-6793-4dd2-8034-03145575e48d/1763640000.0_rate%3Amean_300.0_v3" "tx8d0da44dddb9452a8d9a7-0069289b54" "proxy-server 97369" 0.0130 "-" 96394 0
Nov 27 13:41:24 np0005538165.novalocal container-server[96061]: ::1 - - [27/Nov/2025:18:41:24 +0000] "PUT /3/170240/AUTH_891a4d8ec8d044eaa174442078fb7e80/gnocchi.686a44d4-6793-4dd2-8034-03145575e48d/1763640000.0_rate%3Amean_300.0_v3" 201 - "PUT http://[::1]:8080/1/114956/AUTH_891a4d8ec8d044eaa174442078fb7e80/gnocchi.686a44d4-6793-4dd2-8034-03145575e48d/1763640000.0_rate%3Amean_300.0_v3" "tx8d0da44dddb9452a8d9a7-0069289b54" "object-server 96394" 0.0004 "-" 96061 0
Nov 27 13:41:24 np0005538165.novalocal object-server[96394]: ::1 - - [27/Nov/2025:18:41:24 +0000] "PUT /1/114956/AUTH_891a4d8ec8d044eaa174442078fb7e80/gnocchi.686a44d4-6793-4dd2-8034-03145575e48d/1763640000.0_rate%3Amean_300.0_v3" 201 - "PUT https://[::1]:8080/v1/AUTH_891a4d8ec8d044eaa174442078fb7e80/gnocchi.686a44d4-6793-4dd2-8034-03145575e48d/1763640000.0_rate%3Amean_300.0_v3" "tx8d0da44dddb9452a8d9a7-0069289b54" "proxy-server 97369" 0.0141 "-" 96394 0
Nov 27 13:41:24 np0005538165.novalocal container-server[96060]: ::1 - - [27/Nov/2025:18:41:24 +0000] "PUT /2/170240/AUTH_891a4d8ec8d044eaa174442078fb7e80/gnocchi.686a44d4-6793-4dd2-8034-03145575e48d/1763640000.0_rate%3Amean_300.0_v3" 201 - "PUT http://[::1]:8080/3/114956/AUTH_891a4d8ec8d044eaa174442078fb7e80/gnocchi.686a44d4-6793-4dd2-8034-03145575e48d/1763640000.0_rate%3Amean_300.0_v3" "tx8d0da44dddb9452a8d9a7-0069289b54" "object-server 96393" 0.0007 "-" 96060 0
Nov 27 13:41:24 np0005538165.novalocal object-server[96393]: ::1 - - [27/Nov/2025:18:41:24 +0000] "PUT /3/114956/AUTH_891a4d8ec8d044eaa174442078fb7e80/gnocchi.686a44d4-6793-4dd2-8034-03145575e48d/1763640000.0_rate%3Amean_300.0_v3" 201 - "PUT https://[::1]:8080/v1/AUTH_891a4d8ec8d044eaa174442078fb7e80/gnocchi.686a44d4-6793-4dd2-8034-03145575e48d/1763640000.0_rate%3Amean_300.0_v3" "tx8d0da44dddb9452a8d9a7-0069289b54" "proxy-server 97369" 0.0176 "-" 96393 0
Nov 27 13:41:24 np0005538165.novalocal proxy-server[97369]: ::1 ::1 27/Nov/2025/18/41/24 PUT /v1/AUTH_891a4d8ec8d044eaa174442078fb7e80/gnocchi.686a44d4-6793-4dd2-8034-03145575e48d/1763640000.0_rate%253Amean_300.0_v3 HTTP/1.0 201 - python-swiftclient-4.7.0 gAAAAABpKJsYjUMx... 16 - - tx8d0da44dddb9452a8d9a7-0069289b54 - 0.0267 - - 1764268884.417257547 1764268884.443993807 0
Nov 27 13:41:24 np0005538165.novalocal account-server[95765]: ::1 - - [27/Nov/2025:18:41:24 +0000] "PUT /3/91627/AUTH_891a4d8ec8d044eaa174442078fb7e80/gnocchi.c53a91fd-6990-4b14-bdd0-0b6bdb9f4cb5" 201 - "-" "-" "container-updater 95229" 0.0004 "-" 95765 0
Nov 27 13:41:24 np0005538165.novalocal account-server[95765]: ::1 - - [27/Nov/2025:18:41:24 +0000] "PUT /1/91627/AUTH_891a4d8ec8d044eaa174442078fb7e80/gnocchi.c53a91fd-6990-4b14-bdd0-0b6bdb9f4cb5" 201 - "-" "-" "container-updater 95229" 0.0003 "-" 95765 0
Nov 27 13:41:24 np0005538165.novalocal account-server[95766]: ::1 - - [27/Nov/2025:18:41:24 +0000] "PUT /2/91627/AUTH_891a4d8ec8d044eaa174442078fb7e80/gnocchi.c53a91fd-6990-4b14-bdd0-0b6bdb9f4cb5" 201 - "-" "-" "container-updater 95229" 0.0006 "-" 95766 0
Nov 27 13:41:24 np0005538165.novalocal container-server[96061]: ::1 - - [27/Nov/2025:18:41:24 +0000] "PUT /3/43317/AUTH_891a4d8ec8d044eaa174442078fb7e80/gnocchi.d1883406-65e7-47f4-862b-7b48734d8a82/none_v3" 201 - "PUT http://[::1]:8080/2/36155/AUTH_891a4d8ec8d044eaa174442078fb7e80/gnocchi.d1883406-65e7-47f4-862b-7b48734d8a82/none_v3" "tx18dd34fde1e94b519ad23-0069289b54" "object-server 96394" 0.0005 "-" 96061 0
