Nov 27 13:40:27 np0005538165.novalocal proxy-server[97369]: ::1 ::1 27/Nov/2025/18/40/27 GET /v1/AUTH_891a4d8ec8d044eaa174442078fb7e80/gnocchi.46e09bd6-2b6a-433d-b981-6558e0cb9651/1763640000.0_mean_300.0_v3 HTTP/1.0 404 - python-swiftclient-4.7.0 gAAAAABpKJsYjUMx... - 70 - tx6ba4c2dc64424f3c9feb7-0069289b1b - 0.0201 - - 1764268827.872207880 1764268827.892264843 0
Nov 27 13:40:27 np0005538165.novalocal container-server[96061]: ::1 - - [27/Nov/2025:18:40:27 +0000] "HEAD /3/80711/AUTH_891a4d8ec8d044eaa174442078fb7e80/gnocchi.6db38309-2316-416d-9992-a795b83a9ad5" 404 - "HEAD http://[::1]:8080/v1/AUTH_891a4d8ec8d044eaa174442078fb7e80/gnocchi.6db38309-2316-416d-9992-a795b83a9ad5" "tx26bdf1f3fcee4f809e772-0069289b1b" "proxy-server 97370" 0.0001 "-" 96061 0
Nov 27 13:40:27 np0005538165.novalocal container-server[96060]: ::1 - - [27/Nov/2025:18:40:27 +0000] "HEAD /1/80711/AUTH_891a4d8ec8d044eaa174442078fb7e80/gnocchi.6db38309-2316-416d-9992-a795b83a9ad5" 404 - "HEAD http://[::1]:8080/v1/AUTH_891a4d8ec8d044eaa174442078fb7e80/gnocchi.6db38309-2316-416d-9992-a795b83a9ad5" "tx26bdf1f3fcee4f809e772-0069289b1b" "proxy-server 97370" 0.0002 "-" 96060 0
Nov 27 13:40:27 np0005538165.novalocal proxy-server[97370]: - - 27/Nov/2025/18/40/27 HEAD /v1/AUTH_891a4d8ec8d044eaa174442078fb7e80/gnocchi.6db38309-2316-416d-9992-a795b83a9ad5 HTTP/1.0 404 - Swift - - - - tx26bdf1f3fcee4f809e772-0069289b1b - 0.0130 CS - 1764268827.885411501 1764268827.898416996 0
Nov 27 13:40:27 np0005538165.novalocal object-server[96393]: ::1 - - [27/Nov/2025:18:40:27 +0000] "GET /3/71861/AUTH_891a4d8ec8d044eaa174442078fb7e80/gnocchi.6db38309-2316-416d-9992-a795b83a9ad5/none_v3" 404 70 "GET https://[::1]:8080/v1/AUTH_891a4d8ec8d044eaa174442078fb7e80/gnocchi.6db38309-2316-416d-9992-a795b83a9ad5/none_v3" "tx26bdf1f3fcee4f809e772-0069289b1b" "proxy-server 97370" 0.0002 "-" 96393 0
Nov 27 13:40:27 np0005538165.novalocal object-server[96393]: ::1 - - [27/Nov/2025:18:40:27 +0000] "GET /1/71861/AUTH_891a4d8ec8d044eaa174442078fb7e80/gnocchi.6db38309-2316-416d-9992-a795b83a9ad5/none_v3" 404 70 "GET https://[::1]:8080/v1/AUTH_891a4d8ec8d044eaa174442078fb7e80/gnocchi.6db38309-2316-416d-9992-a795b83a9ad5/none_v3" "tx26bdf1f3fcee4f809e772-0069289b1b" "proxy-server 97370" 0.0002 "-" 96393 0
Nov 27 13:40:27 np0005538165.novalocal container-server[96060]: ::1 - - [27/Nov/2025:18:40:27 +0000] "PUT /1/71341/AUTH_891a4d8ec8d044eaa174442078fb7e80/gnocchi.46e09bd6-2b6a-433d-b981-6558e0cb9651/1763640000.0_mean_300.0_v3" 201 - "PUT http://[::1]:8080/3/129422/AUTH_891a4d8ec8d044eaa174442078fb7e80/gnocchi.46e09bd6-2b6a-433d-b981-6558e0cb9651/1763640000.0_mean_300.0_v3" "txa326e32d8e154a7a8fc47-0069289b1b" "object-server 96394" 0.0005 "-" 96060 0
Nov 27 13:40:27 np0005538165.novalocal object-server[96394]: ::1 - - [27/Nov/2025:18:40:27 +0000] "GET /2/71861/AUTH_891a4d8ec8d044eaa174442078fb7e80/gnocchi.6db38309-2316-416d-9992-a795b83a9ad5/none_v3" 404 70 "GET https://[::1]:8080/v1/AUTH_891a4d8ec8d044eaa174442078fb7e80/gnocchi.6db38309-2316-416d-9992-a795b83a9ad5/none_v3" "tx26bdf1f3fcee4f809e772-0069289b1b" "proxy-server 97370" 0.0002 "-" 96394 0
Nov 27 13:40:27 np0005538165.novalocal container-server[96061]: ::1 - - [27/Nov/2025:18:40:27 +0000] "PUT /3/71341/AUTH_891a4d8ec8d044eaa174442078fb7e80/gnocchi.46e09bd6-2b6a-433d-b981-6558e0cb9651/1763640000.0_mean_300.0_v3" 201 - "PUT http://[::1]:8080/2/129422/AUTH_891a4d8ec8d044eaa174442078fb7e80/gnocchi.46e09bd6-2b6a-433d-b981-6558e0cb9651/1763640000.0_mean_300.0_v3" "txa326e32d8e154a7a8fc47-0069289b1b" "object-server 96394" 0.0005 "-" 96061 0
Nov 27 13:40:27 np0005538165.novalocal container-server[96060]: ::1 - - [27/Nov/2025:18:40:27 +0000] "PUT /2/71341/AUTH_891a4d8ec8d044eaa174442078fb7e80/gnocchi.46e09bd6-2b6a-433d-b981-6558e0cb9651/1763640000.0_mean_300.0_v3" 201 - "PUT http://[::1]:8080/1/129422/AUTH_891a4d8ec8d044eaa174442078fb7e80/gnocchi.46e09bd6-2b6a-433d-b981-6558e0cb9651/1763640000.0_mean_300.0_v3" "txa326e32d8e154a7a8fc47-0069289b1b" "object-server 96393" 0.0003 "-" 96060 0
Nov 27 13:40:27 np0005538165.novalocal object-server[96394]: ::1 - - [27/Nov/2025:18:40:27 +0000] "PUT /3/129422/AUTH_891a4d8ec8d044eaa174442078fb7e80/gnocchi.46e09bd6-2b6a-433d-b981-6558e0cb9651/1763640000.0_mean_300.0_v3" 201 - "PUT https://[::1]:8080/v1/AUTH_891a4d8ec8d044eaa174442078fb7e80/gnocchi.46e09bd6-2b6a-433d-b981-6558e0cb9651/1763640000.0_mean_300.0_v3" "txa326e32d8e154a7a8fc47-0069289b1b" "proxy-server 97369" 0.0103 "-" 96394 0
Nov 27 13:40:27 np0005538165.novalocal object-server[96393]: ::1 - - [27/Nov/2025:18:40:27 +0000] "PUT /1/129422/AUTH_891a4d8ec8d044eaa174442078fb7e80/gnocchi.46e09bd6-2b6a-433d-b981-6558e0cb9651/1763640000.0_mean_300.0_v3" 201 - "PUT https://[::1]:8080/v1/AUTH_891a4d8ec8d044eaa174442078fb7e80/gnocchi.46e09bd6-2b6a-433d-b981-6558e0cb9651/1763640000.0_mean_300.0_v3" "txa326e32d8e154a7a8fc47-0069289b1b" "proxy-server 97369" 0.0114 "-" 96393 0
Nov 27 13:40:27 np0005538165.novalocal proxy-server[97370]: ::1 ::1 27/Nov/2025/18/40/27 GET /v1/AUTH_891a4d8ec8d044eaa174442078fb7e80/gnocchi.6db38309-2316-416d-9992-a795b83a9ad5/none_v3 HTTP/1.0 404 - python-swiftclient-4.7.0 gAAAAABpKJsZdlPH... - 70 - tx26bdf1f3fcee4f809e772-0069289b1b - 0.0279 - - 1764268827.884821415 1764268827.912745237 0
Nov 27 13:40:27 np0005538165.novalocal object-server[96394]: ::1 - - [27/Nov/2025:18:40:27 +0000] "PUT /2/129422/AUTH_891a4d8ec8d044eaa174442078fb7e80/gnocchi.46e09bd6-2b6a-433d-b981-6558e0cb9651/1763640000.0_mean_300.0_v3" 201 - "PUT https://[::1]:8080/v1/AUTH_891a4d8ec8d044eaa174442078fb7e80/gnocchi.46e09bd6-2b6a-433d-b981-6558e0cb9651/1763640000.0_mean_300.0_v3" "txa326e32d8e154a7a8fc47-0069289b1b" "proxy-server 97369" 0.0120 "-" 96394 0
Nov 27 13:40:27 np0005538165.novalocal proxy-server[97369]: ::1 ::1 27/Nov/2025/18/40/27 PUT /v1/AUTH_891a4d8ec8d044eaa174442078fb7e80/gnocchi.46e09bd6-2b6a-433d-b981-6558e0cb9651/1763640000.0_mean_300.0_v3 HTTP/1.0 201 - python-swiftclient-4.7.0 gAAAAABpKJsYjUMx... 16 - - txa326e32d8e154a7a8fc47-0069289b1b - 0.0179 - - 1764268827.896026850 1764268827.913887501 0
Nov 27 13:40:27 np0005538165.novalocal container-server[96061]: ::1 - - [27/Nov/2025:18:40:27 +0000] "PUT /3/71341/AUTH_891a4d8ec8d044eaa174442078fb7e80/gnocchi.46e09bd6-2b6a-433d-b981-6558e0cb9651/none_v3" 201 - "PUT http://[::1]:8080/3/51775/AUTH_891a4d8ec8d044eaa174442078fb7e80/gnocchi.46e09bd6-2b6a-433d-b981-6558e0cb9651/none_v3" "txa6e9c092284143ba894b4-0069289b1b" "object-server 96394" 0.0004 "-" 96061 0
Nov 27 13:40:27 np0005538165.novalocal account-server[95766]: ::1 - - [27/Nov/2025:18:40:27 +0000] "PUT /2/91627/AUTH_891a4d8ec8d044eaa174442078fb7e80/gnocchi.6db38309-2316-416d-9992-a795b83a9ad5" 201 - "PUT http://[::1]:6001/2/80711/AUTH_891a4d8ec8d044eaa174442078fb7e80/gnocchi.6db38309-2316-416d-9992-a795b83a9ad5" "txedbd48e09a23482daf002-0069289b1b" "container-server 96060" 0.0051 "-" 95766 0
Nov 27 13:40:27 np0005538165.novalocal object-server[96394]: ::1 - - [27/Nov/2025:18:40:27 +0000] "PUT /3/51775/AUTH_891a4d8ec8d044eaa174442078fb7e80/gnocchi.46e09bd6-2b6a-433d-b981-6558e0cb9651/none_v3" 201 - "PUT https://[::1]:8080/v1/AUTH_891a4d8ec8d044eaa174442078fb7e80/gnocchi.46e09bd6-2b6a-433d-b981-6558e0cb9651/none_v3" "txa6e9c092284143ba894b4-0069289b1b" "proxy-server 97369" 0.0119 "-" 96394 0
Nov 27 13:40:27 np0005538165.novalocal container-server[96060]: ::1 - - [27/Nov/2025:18:40:27 +0000] "PUT /2/80711/AUTH_891a4d8ec8d044eaa174442078fb7e80/gnocchi.6db38309-2316-416d-9992-a795b83a9ad5" 201 - "PUT https://[::1]:8080/v1/AUTH_891a4d8ec8d044eaa174442078fb7e80/gnocchi.6db38309-2316-416d-9992-a795b83a9ad5" "txedbd48e09a23482daf002-0069289b1b" "proxy-server 97370" 0.0226 "-" 96060 0
Nov 27 13:40:27 np0005538165.novalocal container-server[96060]: ::1 - - [27/Nov/2025:18:40:27 +0000] "PUT /1/71341/AUTH_891a4d8ec8d044eaa174442078fb7e80/gnocchi.46e09bd6-2b6a-433d-b981-6558e0cb9651/none_v3" 201 - "PUT http://[::1]:8080/2/51775/AUTH_891a4d8ec8d044eaa174442078fb7e80/gnocchi.46e09bd6-2b6a-433d-b981-6558e0cb9651/none_v3" "txa6e9c092284143ba894b4-0069289b1b" "object-server 96393" 0.0003 "-" 96060 0
Nov 27 13:40:27 np0005538165.novalocal container-server[96060]: ::1 - - [27/Nov/2025:18:40:27 +0000] "PUT /2/71341/AUTH_891a4d8ec8d044eaa174442078fb7e80/gnocchi.46e09bd6-2b6a-433d-b981-6558e0cb9651/none_v3" 201 - "PUT http://[::1]:8080/1/51775/AUTH_891a4d8ec8d044eaa174442078fb7e80/gnocchi.46e09bd6-2b6a-433d-b981-6558e0cb9651/none_v3" "txa6e9c092284143ba894b4-0069289b1b" "object-server 96394" 0.0003 "-" 96060 0
Nov 27 13:40:27 np0005538165.novalocal object-server[96393]: ::1 - - [27/Nov/2025:18:40:27 +0000] "PUT /2/51775/AUTH_891a4d8ec8d044eaa174442078fb7e80/gnocchi.46e09bd6-2b6a-433d-b981-6558e0cb9651/none_v3" 201 - "PUT https://[::1]:8080/v1/AUTH_891a4d8ec8d044eaa174442078fb7e80/gnocchi.46e09bd6-2b6a-433d-b981-6558e0cb9651/none_v3" "txa6e9c092284143ba894b4-0069289b1b" "proxy-server 97369" 0.0248 "-" 96393 0
Nov 27 13:40:27 np0005538165.novalocal object-server[96394]: ::1 - - [27/Nov/2025:18:40:27 +0000] "PUT /1/51775/AUTH_891a4d8ec8d044eaa174442078fb7e80/gnocchi.46e09bd6-2b6a-433d-b981-6558e0cb9651/none_v3" 201 - "PUT https://[::1]:8080/v1/AUTH_891a4d8ec8d044eaa174442078fb7e80/gnocchi.46e09bd6-2b6a-433d-b981-6558e0cb9651/none_v3" "txa6e9c092284143ba894b4-0069289b1b" "proxy-server 97369" 0.0246 "-" 96394 0
Nov 27 13:40:27 np0005538165.novalocal account-server[95766]: ::1 - - [27/Nov/2025:18:40:27 +0000] "PUT /3/91627/AUTH_891a4d8ec8d044eaa174442078fb7e80/gnocchi.6db38309-2316-416d-9992-a795b83a9ad5" 201 - "PUT http://[::1]:6001/3/80711/AUTH_891a4d8ec8d044eaa174442078fb7e80/gnocchi.6db38309-2316-416d-9992-a795b83a9ad5" "txedbd48e09a23482daf002-0069289b1b" "container-server 96060" 0.0041 "-" 95766 0
Nov 27 13:40:27 np0005538165.novalocal container-server[96060]: ::1 - - [27/Nov/2025:18:40:27 +0000] "PUT /3/80711/AUTH_891a4d8ec8d044eaa174442078fb7e80/gnocchi.6db38309-2316-416d-9992-a795b83a9ad5" 201 - "PUT https://[::1]:8080/v1/AUTH_891a4d8ec8d044eaa174442078fb7e80/gnocchi.6db38309-2316-416d-9992-a795b83a9ad5" "txedbd48e09a23482daf002-0069289b1b" "proxy-server 97370" 0.0125 "-" 96060 0
Nov 27 13:40:27 np0005538165.novalocal proxy-server[97369]: ::1 ::1 27/Nov/2025/18/40/27 PUT /v1/AUTH_891a4d8ec8d044eaa174442078fb7e80/gnocchi.46e09bd6-2b6a-433d-b981-6558e0cb9651/none_v3 HTTP/1.0 201 - python-swiftclient-4.7.0 gAAAAABpKJsYjUMx... 22 - - txa6e9c092284143ba894b4-0069289b1b - 0.0312 - - 1764268827.915597916 1764268827.946806431 0
Nov 27 13:40:27 np0005538165.novalocal account-server[95766]: ::1 - - [27/Nov/2025:18:40:27 +0000] "PUT /1/91627/AUTH_891a4d8ec8d044eaa174442078fb7e80/gnocchi.6db38309-2316-416d-9992-a795b83a9ad5" 201 - "PUT http://[::1]:6001/1/80711/AUTH_891a4d8ec8d044eaa174442078fb7e80/gnocchi.6db38309-2316-416d-9992-a795b83a9ad5" "txedbd48e09a23482daf002-0069289b1b" "container-server 96060" 0.0051 "-" 95766 0
Nov 27 13:40:27 np0005538165.novalocal container-server[96060]: ::1 - - [27/Nov/2025:18:40:27 +0000] "PUT /1/80711/AUTH_891a4d8ec8d044eaa174442078fb7e80/gnocchi.6db38309-2316-416d-9992-a795b83a9ad5" 201 - "PUT https://[::1]:8080/v1/AUTH_891a4d8ec8d044eaa174442078fb7e80/gnocchi.6db38309-2316-416d-9992-a795b83a9ad5" "txedbd48e09a23482daf002-0069289b1b" "proxy-server 97370" 0.0246 "-" 96060 0
Nov 27 13:40:27 np0005538165.novalocal proxy-server[97370]: ::1 ::1 27/Nov/2025/18/40/27 PUT /v1/AUTH_891a4d8ec8d044eaa174442078fb7e80/gnocchi.6db38309-2316-416d-9992-a795b83a9ad5 HTTP/1.0 201 - python-swiftclient-4.7.0 gAAAAABpKJsZdlPH... - - - txedbd48e09a23482daf002-0069289b1b - 0.0402 - - 1764268827.915492296 1764268827.955673695 0
Nov 27 13:40:27 np0005538165.novalocal container-server[96061]: ::1 - - [27/Nov/2025:18:40:27 +0000] "HEAD /2/80711/AUTH_891a4d8ec8d044eaa174442078fb7e80/gnocchi.6db38309-2316-416d-9992-a795b83a9ad5" 204 - "HEAD http://[::1]:8080/v1/AUTH_891a4d8ec8d044eaa174442078fb7e80/gnocchi.6db38309-2316-416d-9992-a795b83a9ad5" "txaead51a48e2c4a81815fc-0069289b1b" "proxy-server 97370" 0.0011 "-" 96061 0
Nov 27 13:40:27 np0005538165.novalocal proxy-server[97370]: - - 27/Nov/2025/18/40/27 HEAD /v1/AUTH_891a4d8ec8d044eaa174442078fb7e80/gnocchi.6db38309-2316-416d-9992-a795b83a9ad5 HTTP/1.0 204 - Swift - - - - txaead51a48e2c4a81815fc-0069289b1b - 0.0059 CS - 1764268827.958604813 1764268827.964506865 0
Nov 27 13:40:27 np0005538165.novalocal container-server[96060]: ::1 - - [27/Nov/2025:18:40:27 +0000] "GET /1/80711/AUTH_891a4d8ec8d044eaa174442078fb7e80/gnocchi.6db38309-2316-416d-9992-a795b83a9ad5" 200 2 "GET https://[::1]:8080/v1/AUTH_891a4d8ec8d044eaa174442078fb7e80/gnocchi.6db38309-2316-416d-9992-a795b83a9ad5?format=json&states=listing" "txaead51a48e2c4a81815fc-0069289b1b" "proxy-server 97370" 0.0017 "-" 96060 0
Nov 27 13:40:27 np0005538165.novalocal proxy-server[97370]: ::1 ::1 27/Nov/2025/18/40/27 GET /v1/AUTH_891a4d8ec8d044eaa174442078fb7e80/gnocchi.6db38309-2316-416d-9992-a795b83a9ad5%3Fformat%3Djson%26states%3Dlisting HTTP/1.0 200 - python-swiftclient-4.7.0 gAAAAABpKJsZdlPH... - 2 - txaead51a48e2c4a81815fc-0069289b1b - 0.0123 - - 1764268827.958210468 1764268827.970544815 0
Nov 27 13:40:27 np0005538165.novalocal container-server[96060]: ::1 - - [27/Nov/2025:18:40:27 +0000] "HEAD /2/51739/AUTH_891a4d8ec8d044eaa174442078fb7e80/gnocchi.bbe75a0c-d4e0-4289-904c-544571b5fed8" 404 - "HEAD http://[::1]:8080/v1/AUTH_891a4d8ec8d044eaa174442078fb7e80/gnocchi.bbe75a0c-d4e0-4289-904c-544571b5fed8" "txa6a75508b5d34cb0bd38e-0069289b1b" "proxy-server 97369" 0.0002 "-" 96060 0
Nov 27 13:40:27 np0005538165.novalocal container-server[96060]: ::1 - - [27/Nov/2025:18:40:27 +0000] "HEAD /1/51739/AUTH_891a4d8ec8d044eaa174442078fb7e80/gnocchi.bbe75a0c-d4e0-4289-904c-544571b5fed8" 404 - "HEAD http://[::1]:8080/v1/AUTH_891a4d8ec8d044eaa174442078fb7e80/gnocchi.bbe75a0c-d4e0-4289-904c-544571b5fed8" "txa6a75508b5d34cb0bd38e-0069289b1b" "proxy-server 97369" 0.0001 "-" 96060 0
Nov 27 13:40:27 np0005538165.novalocal container-server[96060]: ::1 - - [27/Nov/2025:18:40:27 +0000] "HEAD /3/51739/AUTH_891a4d8ec8d044eaa174442078fb7e80/gnocchi.bbe75a0c-d4e0-4289-904c-544571b5fed8" 404 - "HEAD http://[::1]:8080/v1/AUTH_891a4d8ec8d044eaa174442078fb7e80/gnocchi.bbe75a0c-d4e0-4289-904c-544571b5fed8" "txa6a75508b5d34cb0bd38e-0069289b1b" "proxy-server 97369" 0.0001 "-" 96060 0
Nov 27 13:40:27 np0005538165.novalocal proxy-server[97369]: - - 27/Nov/2025/18/40/27 HEAD /v1/AUTH_891a4d8ec8d044eaa174442078fb7e80/gnocchi.bbe75a0c-d4e0-4289-904c-544571b5fed8 HTTP/1.0 404 - Swift - - - - txa6a75508b5d34cb0bd38e-0069289b1b - 0.0110 CS - 1764268827.966550589 1764268827.977580547 0
Nov 27 13:40:27 np0005538165.novalocal object-server[96394]: ::1 - - [27/Nov/2025:18:40:27 +0000] "GET /1/26177/AUTH_891a4d8ec8d044eaa174442078fb7e80/gnocchi.6db38309-2316-416d-9992-a795b83a9ad5/1763640000.0_mean_300.0_v3" 404 70 "GET https://[::1]:8080/v1/AUTH_891a4d8ec8d044eaa174442078fb7e80/gnocchi.6db38309-2316-416d-9992-a795b83a9ad5/1763640000.0_mean_300.0_v3" "tx715ff7501a33476893a0c-0069289b1b" "proxy-server 97370" 0.0004 "-" 96394 0
Nov 27 13:40:27 np0005538165.novalocal object-server[96393]: ::1 - - [27/Nov/2025:18:40:27 +0000] "GET /2/205791/AUTH_891a4d8ec8d044eaa174442078fb7e80/gnocchi.bbe75a0c-d4e0-4289-904c-544571b5fed8/none_v3" 404 70 "GET https://[::1]:8080/v1/AUTH_891a4d8ec8d044eaa174442078fb7e80/gnocchi.bbe75a0c-d4e0-4289-904c-544571b5fed8/none_v3" "txa6a75508b5d34cb0bd38e-0069289b1b" "proxy-server 97369" 0.0003 "-" 96393 0
Nov 27 13:40:27 np0005538165.novalocal object-server[96393]: ::1 - - [27/Nov/2025:18:40:27 +0000] "GET /3/26177/AUTH_891a4d8ec8d044eaa174442078fb7e80/gnocchi.6db38309-2316-416d-9992-a795b83a9ad5/1763640000.0_mean_300.0_v3" 404 70 "GET https://[::1]:8080/v1/AUTH_891a4d8ec8d044eaa174442078fb7e80/gnocchi.6db38309-2316-416d-9992-a795b83a9ad5/1763640000.0_mean_300.0_v3" "tx715ff7501a33476893a0c-0069289b1b" "proxy-server 97370" 0.0002 "-" 96393 0
Nov 27 13:40:27 np0005538165.novalocal object-server[96393]: ::1 - - [27/Nov/2025:18:40:27 +0000] "GET /3/205791/AUTH_891a4d8ec8d044eaa174442078fb7e80/gnocchi.bbe75a0c-d4e0-4289-904c-544571b5fed8/none_v3" 404 70 "GET https://[::1]:8080/v1/AUTH_891a4d8ec8d044eaa174442078fb7e80/gnocchi.bbe75a0c-d4e0-4289-904c-544571b5fed8/none_v3" "txa6a75508b5d34cb0bd38e-0069289b1b" "proxy-server 97369" 0.0002 "-" 96393 0
Nov 27 13:40:27 np0005538165.novalocal object-server[96393]: ::1 - - [27/Nov/2025:18:40:27 +0000] "GET /1/205791/AUTH_891a4d8ec8d044eaa174442078fb7e80/gnocchi.bbe75a0c-d4e0-4289-904c-544571b5fed8/none_v3" 404 70 "GET https://[::1]:8080/v1/AUTH_891a4d8ec8d044eaa174442078fb7e80/gnocchi.bbe75a0c-d4e0-4289-904c-544571b5fed8/none_v3" "txa6a75508b5d34cb0bd38e-0069289b1b" "proxy-server 97369" 0.0002 "-" 96393 0
Nov 27 13:40:27 np0005538165.novalocal proxy-server[97369]: ::1 ::1 27/Nov/2025/18/40/27 GET /v1/AUTH_891a4d8ec8d044eaa174442078fb7e80/gnocchi.bbe75a0c-d4e0-4289-904c-544571b5fed8/none_v3 HTTP/1.0 404 - python-swiftclient-4.7.0 gAAAAABpKJsYjUMx... - 70 - txa6a75508b5d34cb0bd38e-0069289b1b - 0.0221 - - 1764268827.962938070 1764268827.985084057 0
Nov 27 13:40:27 np0005538165.novalocal object-server[96394]: ::1 - - [27/Nov/2025:18:40:27 +0000] "GET /2/26177/AUTH_891a4d8ec8d044eaa174442078fb7e80/gnocchi.6db38309-2316-416d-9992-a795b83a9ad5/1763640000.0_mean_300.0_v3" 404 70 "GET https://[::1]:8080/v1/AUTH_891a4d8ec8d044eaa174442078fb7e80/gnocchi.6db38309-2316-416d-9992-a795b83a9ad5/1763640000.0_mean_300.0_v3" "tx715ff7501a33476893a0c-0069289b1b" "proxy-server 97370" 0.0002 "-" 96394 0
Nov 27 13:40:27 np0005538165.novalocal proxy-server[97370]: ::1 ::1 27/Nov/2025/18/40/27 GET /v1/AUTH_891a4d8ec8d044eaa174442078fb7e80/gnocchi.6db38309-2316-416d-9992-a795b83a9ad5/1763640000.0_mean_300.0_v3 HTTP/1.0 404 - python-swiftclient-4.7.0 gAAAAABpKJsZdlPH... - 70 - tx715ff7501a33476893a0c-0069289b1b - 0.0127 - - 1764268827.973510504 1764268827.986203194 0
Nov 27 13:40:28 np0005538165.novalocal account-server[95765]: ::1 - - [27/Nov/2025:18:40:28 +0000] "PUT /1/91627/AUTH_891a4d8ec8d044eaa174442078fb7e80/gnocchi.bbe75a0c-d4e0-4289-904c-544571b5fed8" 201 - "PUT http://[::1]:6001/3/51739/AUTH_891a4d8ec8d044eaa174442078fb7e80/gnocchi.bbe75a0c-d4e0-4289-904c-544571b5fed8" "tx5838f87498114f1eafddf-0069289b1b" "container-server 96060" 0.0082 "-" 95765 0
Nov 27 13:40:28 np0005538165.novalocal container-server[96060]: ::1 - - [27/Nov/2025:18:40:28 +0000] "PUT /3/51739/AUTH_891a4d8ec8d044eaa174442078fb7e80/gnocchi.bbe75a0c-d4e0-4289-904c-544571b5fed8" 201 - "PUT https://[::1]:8080/v1/AUTH_891a4d8ec8d044eaa174442078fb7e80/gnocchi.bbe75a0c-d4e0-4289-904c-544571b5fed8" "tx5838f87498114f1eafddf-0069289b1b" "proxy-server 97369" 0.0161 "-" 96060 0
Nov 27 13:40:28 np0005538165.novalocal container-server[96061]: ::1 - - [27/Nov/2025:18:40:28 +0000] "PUT /3/80711/AUTH_891a4d8ec8d044eaa174442078fb7e80/gnocchi.6db38309-2316-416d-9992-a795b83a9ad5/1763640000.0_mean_300.0_v3" 201 - "PUT http://[::1]:8080/2/26177/AUTH_891a4d8ec8d044eaa174442078fb7e80/gnocchi.6db38309-2316-416d-9992-a795b83a9ad5/1763640000.0_mean_300.0_v3" "tx516442056a324346a519d-0069289b1b" "object-server 96393" 0.0006 "-" 96061 0
Nov 27 13:40:28 np0005538165.novalocal object-server[96393]: ::1 - - [27/Nov/2025:18:40:28 +0000] "PUT /2/26177/AUTH_891a4d8ec8d044eaa174442078fb7e80/gnocchi.6db38309-2316-416d-9992-a795b83a9ad5/1763640000.0_mean_300.0_v3" 201 - "PUT https://[::1]:8080/v1/AUTH_891a4d8ec8d044eaa174442078fb7e80/gnocchi.6db38309-2316-416d-9992-a795b83a9ad5/1763640000.0_mean_300.0_v3" "tx516442056a324346a519d-0069289b1b" "proxy-server 97370" 0.0195 "-" 96393 0
Nov 27 13:40:28 np0005538165.novalocal container-server[96060]: ::1 - - [27/Nov/2025:18:40:28 +0000] "PUT /1/80711/AUTH_891a4d8ec8d044eaa174442078fb7e80/gnocchi.6db38309-2316-416d-9992-a795b83a9ad5/1763640000.0_mean_300.0_v3" 201 - "PUT http://[::1]:8080/3/26177/AUTH_891a4d8ec8d044eaa174442078fb7e80/gnocchi.6db38309-2316-416d-9992-a795b83a9ad5/1763640000.0_mean_300.0_v3" "tx516442056a324346a519d-0069289b1b" "object-server 96394" 0.0005 "-" 96060 0
Nov 27 13:40:28 np0005538165.novalocal object-server[96394]: ::1 - - [27/Nov/2025:18:40:28 +0000] "PUT /3/26177/AUTH_891a4d8ec8d044eaa174442078fb7e80/gnocchi.6db38309-2316-416d-9992-a795b83a9ad5/1763640000.0_mean_300.0_v3" 201 - "PUT https://[::1]:8080/v1/AUTH_891a4d8ec8d044eaa174442078fb7e80/gnocchi.6db38309-2316-416d-9992-a795b83a9ad5/1763640000.0_mean_300.0_v3" "tx516442056a324346a519d-0069289b1b" "proxy-server 97370" 0.0167 "-" 96394 0
Nov 27 13:40:28 np0005538165.novalocal container-server[96061]: ::1 - - [27/Nov/2025:18:40:28 +0000] "PUT /2/80711/AUTH_891a4d8ec8d044eaa174442078fb7e80/gnocchi.6db38309-2316-416d-9992-a795b83a9ad5/1763640000.0_mean_300.0_v3" 201 - "PUT http://[::1]:8080/1/26177/AUTH_891a4d8ec8d044eaa174442078fb7e80/gnocchi.6db38309-2316-416d-9992-a795b83a9ad5/1763640000.0_mean_300.0_v3" "tx516442056a324346a519d-0069289b1b" "object-server 96394" 0.0007 "-" 96061 0
Nov 27 13:40:28 np0005538165.novalocal account-server[95766]: ::1 - - [27/Nov/2025:18:40:28 +0000] "PUT /3/91627/AUTH_891a4d8ec8d044eaa174442078fb7e80/gnocchi.bbe75a0c-d4e0-4289-904c-544571b5fed8" 201 - "PUT http://[::1]:6001/1/51739/AUTH_891a4d8ec8d044eaa174442078fb7e80/gnocchi.bbe75a0c-d4e0-4289-904c-544571b5fed8" "tx5838f87498114f1eafddf-0069289b1b" "container-server 96061" 0.0038 "-" 95766 0
Nov 27 13:40:28 np0005538165.novalocal object-server[96394]: ::1 - - [27/Nov/2025:18:40:28 +0000] "PUT /1/26177/AUTH_891a4d8ec8d044eaa174442078fb7e80/gnocchi.6db38309-2316-416d-9992-a795b83a9ad5/1763640000.0_mean_300.0_v3" 201 - "PUT https://[::1]:8080/v1/AUTH_891a4d8ec8d044eaa174442078fb7e80/gnocchi.6db38309-2316-416d-9992-a795b83a9ad5/1763640000.0_mean_300.0_v3" "tx516442056a324346a519d-0069289b1b" "proxy-server 97370" 0.0167 "-" 96394 0
Nov 27 13:40:28 np0005538165.novalocal proxy-server[97370]: ::1 ::1 27/Nov/2025/18/40/28 PUT /v1/AUTH_891a4d8ec8d044eaa174442078fb7e80/gnocchi.6db38309-2316-416d-9992-a795b83a9ad5/1763640000.0_mean_300.0_v3 HTTP/1.0 201 - python-swiftclient-4.7.0 gAAAAABpKJsZdlPH... 16 - - tx516442056a324346a519d-0069289b1b - 0.0283 - - 1764268827.988211155 1764268828.016539097 0
Nov 27 13:40:28 np0005538165.novalocal container-server[96061]: ::1 - - [27/Nov/2025:18:40:28 +0000] "PUT /1/51739/AUTH_891a4d8ec8d044eaa174442078fb7e80/gnocchi.bbe75a0c-d4e0-4289-904c-544571b5fed8" 201 - "PUT https://[::1]:8080/v1/AUTH_891a4d8ec8d044eaa174442078fb7e80/gnocchi.bbe75a0c-d4e0-4289-904c-544571b5fed8" "tx5838f87498114f1eafddf-0069289b1b" "proxy-server 97369" 0.0219 "-" 96061 0
Nov 27 13:40:28 np0005538165.novalocal account-server[95766]: ::1 - - [27/Nov/2025:18:40:28 +0000] "PUT /2/91627/AUTH_891a4d8ec8d044eaa174442078fb7e80/gnocchi.bbe75a0c-d4e0-4289-904c-544571b5fed8" 201 - "PUT http://[::1]:6001/2/51739/AUTH_891a4d8ec8d044eaa174442078fb7e80/gnocchi.bbe75a0c-d4e0-4289-904c-544571b5fed8" "tx5838f87498114f1eafddf-0069289b1b" "container-server 96061" 0.0030 "-" 95766 0
Nov 27 13:40:28 np0005538165.novalocal container-server[96061]: ::1 - - [27/Nov/2025:18:40:28 +0000] "PUT /2/51739/AUTH_891a4d8ec8d044eaa174442078fb7e80/gnocchi.bbe75a0c-d4e0-4289-904c-544571b5fed8" 201 - "PUT https://[::1]:8080/v1/AUTH_891a4d8ec8d044eaa174442078fb7e80/gnocchi.bbe75a0c-d4e0-4289-904c-544571b5fed8" "tx5838f87498114f1eafddf-0069289b1b" "proxy-server 97369" 0.0158 "-" 96061 0
Nov 27 13:40:28 np0005538165.novalocal proxy-server[97369]: ::1 ::1 27/Nov/2025/18/40/28 PUT /v1/AUTH_891a4d8ec8d044eaa174442078fb7e80/gnocchi.bbe75a0c-d4e0-4289-904c-544571b5fed8 HTTP/1.0 201 - python-swiftclient-4.7.0 gAAAAABpKJsYjUMx... - - - tx5838f87498114f1eafddf-0069289b1b - 0.0349 - - 1764268827.987050533 1764268828.021963835 0
Nov 27 13:40:28 np0005538165.novalocal container-server[96060]: ::1 - - [27/Nov/2025:18:40:28 +0000] "HEAD /3/51739/AUTH_891a4d8ec8d044eaa174442078fb7e80/gnocchi.bbe75a0c-d4e0-4289-904c-544571b5fed8" 204 - "HEAD http://[::1]:8080/v1/AUTH_891a4d8ec8d044eaa174442078fb7e80/gnocchi.bbe75a0c-d4e0-4289-904c-544571b5fed8" "txf7a02173c36a4371b6810-0069289b1c" "proxy-server 97369" 0.0010 "-" 96060 0
Nov 27 13:40:28 np0005538165.novalocal proxy-server[97369]: - - 27/Nov/2025/18/40/28 HEAD /v1/AUTH_891a4d8ec8d044eaa174442078fb7e80/gnocchi.bbe75a0c-d4e0-4289-904c-544571b5fed8 HTTP/1.0 204 - Swift - - - - txf7a02173c36a4371b6810-0069289b1c - 0.0038 CS - 1764268828.024895668 1764268828.028665066 0
Nov 27 13:40:28 np0005538165.novalocal container-server[96060]: ::1 - - [27/Nov/2025:18:40:28 +0000] "PUT /3/80711/AUTH_891a4d8ec8d044eaa174442078fb7e80/gnocchi.6db38309-2316-416d-9992-a795b83a9ad5/none_v3" 201 - "PUT http://[::1]:8080/3/71861/AUTH_891a4d8ec8d044eaa174442078fb7e80/gnocchi.6db38309-2316-416d-9992-a795b83a9ad5/none_v3" "tx82389825febd4adcafcb8-0069289b1c" "object-server 96393" 0.0003 "-" 96060 0
Nov 27 13:40:28 np0005538165.novalocal container-server[96061]: ::1 - - [27/Nov/2025:18:40:28 +0000] "PUT /2/80711/AUTH_891a4d8ec8d044eaa174442078fb7e80/gnocchi.6db38309-2316-416d-9992-a795b83a9ad5/none_v3" 201 - "PUT http://[::1]:8080/2/71861/AUTH_891a4d8ec8d044eaa174442078fb7e80/gnocchi.6db38309-2316-416d-9992-a795b83a9ad5/none_v3" "tx82389825febd4adcafcb8-0069289b1c" "object-server 96394" 0.0004 "-" 96061 0
Nov 27 13:40:28 np0005538165.novalocal object-server[96393]: ::1 - - [27/Nov/2025:18:40:28 +0000] "PUT /3/71861/AUTH_891a4d8ec8d044eaa174442078fb7e80/gnocchi.6db38309-2316-416d-9992-a795b83a9ad5/none_v3" 201 - "PUT https://[::1]:8080/v1/AUTH_891a4d8ec8d044eaa174442078fb7e80/gnocchi.6db38309-2316-416d-9992-a795b83a9ad5/none_v3" "tx82389825febd4adcafcb8-0069289b1c" "proxy-server 97370" 0.0088 "-" 96393 0
Nov 27 13:40:28 np0005538165.novalocal container-server[96060]: ::1 - - [27/Nov/2025:18:40:28 +0000] "PUT /1/80711/AUTH_891a4d8ec8d044eaa174442078fb7e80/gnocchi.6db38309-2316-416d-9992-a795b83a9ad5/none_v3" 201 - "PUT http://[::1]:8080/1/71861/AUTH_891a4d8ec8d044eaa174442078fb7e80/gnocchi.6db38309-2316-416d-9992-a795b83a9ad5/none_v3" "tx82389825febd4adcafcb8-0069289b1c" "object-server 96394" 0.0003 "-" 96060 0
Nov 27 13:40:28 np0005538165.novalocal object-server[96394]: ::1 - - [27/Nov/2025:18:40:28 +0000] "PUT /2/71861/AUTH_891a4d8ec8d044eaa174442078fb7e80/gnocchi.6db38309-2316-416d-9992-a795b83a9ad5/none_v3" 201 - "PUT https://[::1]:8080/v1/AUTH_891a4d8ec8d044eaa174442078fb7e80/gnocchi.6db38309-2316-416d-9992-a795b83a9ad5/none_v3" "tx82389825febd4adcafcb8-0069289b1c" "proxy-server 97370" 0.0090 "-" 96394 0
Nov 27 13:40:28 np0005538165.novalocal object-server[96394]: ::1 - - [27/Nov/2025:18:40:28 +0000] "PUT /1/71861/AUTH_891a4d8ec8d044eaa174442078fb7e80/gnocchi.6db38309-2316-416d-9992-a795b83a9ad5/none_v3" 201 - "PUT https://[::1]:8080/v1/AUTH_891a4d8ec8d044eaa174442078fb7e80/gnocchi.6db38309-2316-416d-9992-a795b83a9ad5/none_v3" "tx82389825febd4adcafcb8-0069289b1c" "proxy-server 97370" 0.0094 "-" 96394 0
Nov 27 13:40:28 np0005538165.novalocal proxy-server[97370]: ::1 ::1 27/Nov/2025/18/40/28 PUT /v1/AUTH_891a4d8ec8d044eaa174442078fb7e80/gnocchi.6db38309-2316-416d-9992-a795b83a9ad5/none_v3 HTTP/1.0 201 - python-swiftclient-4.7.0 gAAAAABpKJsZdlPH... 22 - - tx82389825febd4adcafcb8-0069289b1c - 0.0158 - - 1764268828.018186092 1764268828.034016371 0
Nov 27 13:40:28 np0005538165.novalocal container-server[96061]: ::1 - - [27/Nov/2025:18:40:28 +0000] "GET /2/51739/AUTH_891a4d8ec8d044eaa174442078fb7e80/gnocchi.bbe75a0c-d4e0-4289-904c-544571b5fed8" 200 2 "GET https://[::1]:8080/v1/AUTH_891a4d8ec8d044eaa174442078fb7e80/gnocchi.bbe75a0c-d4e0-4289-904c-544571b5fed8?format=json&states=listing" "txf7a02173c36a4371b6810-0069289b1c" "proxy-server 97369" 0.0026 "-" 96061 0
Nov 27 13:40:28 np0005538165.novalocal proxy-server[97369]: ::1 ::1 27/Nov/2025/18/40/28 GET /v1/AUTH_891a4d8ec8d044eaa174442078fb7e80/gnocchi.bbe75a0c-d4e0-4289-904c-544571b5fed8%3Fformat%3Djson%26states%3Dlisting HTTP/1.0 200 - python-swiftclient-4.7.0 gAAAAABpKJsYjUMx... - 2 - txf7a02173c36a4371b6810-0069289b1c - 0.0156 - - 1764268828.024474859 1764268828.040101528 0
Nov 27 13:40:28 np0005538165.novalocal object-server[96393]: ::1 - - [27/Nov/2025:18:40:28 +0000] "GET /3/94951/AUTH_891a4d8ec8d044eaa174442078fb7e80/gnocchi.bbe75a0c-d4e0-4289-904c-544571b5fed8/1763640000.0_mean_300.0_v3" 404 70 "GET https://[::1]:8080/v1/AUTH_891a4d8ec8d044eaa174442078fb7e80/gnocchi.bbe75a0c-d4e0-4289-904c-544571b5fed8/1763640000.0_mean_300.0_v3" "txb97c98ac7a1b40da87734-0069289b1c" "proxy-server 97369" 0.0004 "-" 96393 0
Nov 27 13:40:28 np0005538165.novalocal object-server[96394]: ::1 - - [27/Nov/2025:18:40:28 +0000] "GET /1/94951/AUTH_891a4d8ec8d044eaa174442078fb7e80/gnocchi.bbe75a0c-d4e0-4289-904c-544571b5fed8/1763640000.0_mean_300.0_v3" 404 70 "GET https://[::1]:8080/v1/AUTH_891a4d8ec8d044eaa174442078fb7e80/gnocchi.bbe75a0c-d4e0-4289-904c-544571b5fed8/1763640000.0_mean_300.0_v3" "txb97c98ac7a1b40da87734-0069289b1c" "proxy-server 97369" 0.0002 "-" 96394 0
Nov 27 13:40:28 np0005538165.novalocal object-server[96393]: ::1 - - [27/Nov/2025:18:40:28 +0000] "GET /2/94951/AUTH_891a4d8ec8d044eaa174442078fb7e80/gnocchi.bbe75a0c-d4e0-4289-904c-544571b5fed8/1763640000.0_mean_300.0_v3" 404 70 "GET https://[::1]:8080/v1/AUTH_891a4d8ec8d044eaa174442078fb7e80/gnocchi.bbe75a0c-d4e0-4289-904c-544571b5fed8/1763640000.0_mean_300.0_v3" "txb97c98ac7a1b40da87734-0069289b1c" "proxy-server 97369" 0.0001 "-" 96393 0
Nov 27 13:40:28 np0005538165.novalocal container-server[96060]: ::1 - - [27/Nov/2025:18:40:28 +0000] "HEAD /2/204824/AUTH_891a4d8ec8d044eaa174442078fb7e80/gnocchi.5aff5d27-a90c-41f5-9ee1-b16acae5d75f" 404 - "HEAD http://[::1]:8080/v1/AUTH_891a4d8ec8d044eaa174442078fb7e80/gnocchi.5aff5d27-a90c-41f5-9ee1-b16acae5d75f" "tx553b67cd437e41059e423-0069289b1c" "proxy-server 97370" 0.0003 "-" 96060 0
Nov 27 13:40:28 np0005538165.novalocal proxy-server[97369]: ::1 ::1 27/Nov/2025/18/40/28 GET /v1/AUTH_891a4d8ec8d044eaa174442078fb7e80/gnocchi.bbe75a0c-d4e0-4289-904c-544571b5fed8/1763640000.0_mean_300.0_v3 HTTP/1.0 404 - python-swiftclient-4.7.0 gAAAAABpKJsYjUMx... - 70 - txb97c98ac7a1b40da87734-0069289b1c - 0.0093 - - 1764268828.042984724 1764268828.052304029 0
Nov 27 13:40:28 np0005538165.novalocal container-server[96061]: ::1 - - [27/Nov/2025:18:40:28 +0000] "HEAD /3/204824/AUTH_891a4d8ec8d044eaa174442078fb7e80/gnocchi.5aff5d27-a90c-41f5-9ee1-b16acae5d75f" 404 - "HEAD http://[::1]:8080/v1/AUTH_891a4d8ec8d044eaa174442078fb7e80/gnocchi.5aff5d27-a90c-41f5-9ee1-b16acae5d75f" "tx553b67cd437e41059e423-0069289b1c" "proxy-server 97370" 0.0005 "-" 96061 0
Nov 27 13:40:28 np0005538165.novalocal container-server[96060]: ::1 - - [27/Nov/2025:18:40:28 +0000] "HEAD /1/204824/AUTH_891a4d8ec8d044eaa174442078fb7e80/gnocchi.5aff5d27-a90c-41f5-9ee1-b16acae5d75f" 404 - "HEAD http://[::1]:8080/v1/AUTH_891a4d8ec8d044eaa174442078fb7e80/gnocchi.5aff5d27-a90c-41f5-9ee1-b16acae5d75f" "tx553b67cd437e41059e423-0069289b1c" "proxy-server 97370" 0.0002 "-" 96060 0
Nov 27 13:40:28 np0005538165.novalocal proxy-server[97370]: - - 27/Nov/2025/18/40/28 HEAD /v1/AUTH_891a4d8ec8d044eaa174442078fb7e80/gnocchi.5aff5d27-a90c-41f5-9ee1-b16acae5d75f HTTP/1.0 404 - Swift - - - - tx553b67cd437e41059e423-0069289b1c - 0.0082 CS - 1764268828.047542810 1764268828.055761099 0
Nov 27 13:40:28 np0005538165.novalocal object-server[96394]: ::1 - - [27/Nov/2025:18:40:28 +0000] "GET /2/118779/AUTH_891a4d8ec8d044eaa174442078fb7e80/gnocchi.5aff5d27-a90c-41f5-9ee1-b16acae5d75f/none_v3" 404 70 "GET https://[::1]:8080/v1/AUTH_891a4d8ec8d044eaa174442078fb7e80/gnocchi.5aff5d27-a90c-41f5-9ee1-b16acae5d75f/none_v3" "tx553b67cd437e41059e423-0069289b1c" "proxy-server 97370" 0.0002 "-" 96394 0
Nov 27 13:40:28 np0005538165.novalocal object-server[96393]: ::1 - - [27/Nov/2025:18:40:28 +0000] "GET /1/118779/AUTH_891a4d8ec8d044eaa174442078fb7e80/gnocchi.5aff5d27-a90c-41f5-9ee1-b16acae5d75f/none_v3" 404 70 "GET https://[::1]:8080/v1/AUTH_891a4d8ec8d044eaa174442078fb7e80/gnocchi.5aff5d27-a90c-41f5-9ee1-b16acae5d75f/none_v3" "tx553b67cd437e41059e423-0069289b1c" "proxy-server 97370" 0.0004 "-" 96393 0
Nov 27 13:40:28 np0005538165.novalocal container-server[96060]: ::1 - - [27/Nov/2025:18:40:28 +0000] "PUT /3/51739/AUTH_891a4d8ec8d044eaa174442078fb7e80/gnocchi.bbe75a0c-d4e0-4289-904c-544571b5fed8/1763640000.0_mean_300.0_v3" 201 - "PUT http://[::1]:8080/1/94951/AUTH_891a4d8ec8d044eaa174442078fb7e80/gnocchi.bbe75a0c-d4e0-4289-904c-544571b5fed8/1763640000.0_mean_300.0_v3" "tx64b476cf46e14dc2867b8-0069289b1c" "object-server 96394" 0.0004 "-" 96060 0
Nov 27 13:40:28 np0005538165.novalocal object-server[96394]: ::1 - - [27/Nov/2025:18:40:28 +0000] "GET /3/118779/AUTH_891a4d8ec8d044eaa174442078fb7e80/gnocchi.5aff5d27-a90c-41f5-9ee1-b16acae5d75f/none_v3" 404 70 "GET https://[::1]:8080/v1/AUTH_891a4d8ec8d044eaa174442078fb7e80/gnocchi.5aff5d27-a90c-41f5-9ee1-b16acae5d75f/none_v3" "tx553b67cd437e41059e423-0069289b1c" "proxy-server 97370" 0.0002 "-" 96394 0
Nov 27 13:40:28 np0005538165.novalocal container-server[96060]: ::1 - - [27/Nov/2025:18:40:28 +0000] "PUT /2/51739/AUTH_891a4d8ec8d044eaa174442078fb7e80/gnocchi.bbe75a0c-d4e0-4289-904c-544571b5fed8/1763640000.0_mean_300.0_v3" 201 - "PUT http://[::1]:8080/3/94951/AUTH_891a4d8ec8d044eaa174442078fb7e80/gnocchi.bbe75a0c-d4e0-4289-904c-544571b5fed8/1763640000.0_mean_300.0_v3" "tx64b476cf46e14dc2867b8-0069289b1c" "object-server 96393" 0.0003 "-" 96060 0
Nov 27 13:40:28 np0005538165.novalocal object-server[96394]: ::1 - - [27/Nov/2025:18:40:28 +0000] "PUT /1/94951/AUTH_891a4d8ec8d044eaa174442078fb7e80/gnocchi.bbe75a0c-d4e0-4289-904c-544571b5fed8/1763640000.0_mean_300.0_v3" 201 - "PUT https://[::1]:8080/v1/AUTH_891a4d8ec8d044eaa174442078fb7e80/gnocchi.bbe75a0c-d4e0-4289-904c-544571b5fed8/1763640000.0_mean_300.0_v3" "tx64b476cf46e14dc2867b8-0069289b1c" "proxy-server 97369" 0.0088 "-" 96394 0
Nov 27 13:40:28 np0005538165.novalocal object-server[96393]: ::1 - - [27/Nov/2025:18:40:28 +0000] "PUT /3/94951/AUTH_891a4d8ec8d044eaa174442078fb7e80/gnocchi.bbe75a0c-d4e0-4289-904c-544571b5fed8/1763640000.0_mean_300.0_v3" 201 - "PUT https://[::1]:8080/v1/AUTH_891a4d8ec8d044eaa174442078fb7e80/gnocchi.bbe75a0c-d4e0-4289-904c-544571b5fed8/1763640000.0_mean_300.0_v3" "tx64b476cf46e14dc2867b8-0069289b1c" "proxy-server 97369" 0.0092 "-" 96393 0
Nov 27 13:40:28 np0005538165.novalocal proxy-server[97370]: ::1 ::1 27/Nov/2025/18/40/28 GET /v1/AUTH_891a4d8ec8d044eaa174442078fb7e80/gnocchi.5aff5d27-a90c-41f5-9ee1-b16acae5d75f/none_v3 HTTP/1.0 404 - python-swiftclient-4.7.0 gAAAAABpKJsZdlPH... - 70 - tx553b67cd437e41059e423-0069289b1c - 0.0221 - - 1764268828.047084332 1764268828.069144011 0
Nov 27 13:40:28 np0005538165.novalocal container-server[96061]: ::1 - - [27/Nov/2025:18:40:28 +0000] "PUT /1/51739/AUTH_891a4d8ec8d044eaa174442078fb7e80/gnocchi.bbe75a0c-d4e0-4289-904c-544571b5fed8/1763640000.0_mean_300.0_v3" 201 - "PUT http://[::1]:8080/2/94951/AUTH_891a4d8ec8d044eaa174442078fb7e80/gnocchi.bbe75a0c-d4e0-4289-904c-544571b5fed8/1763640000.0_mean_300.0_v3" "tx64b476cf46e14dc2867b8-0069289b1c" "object-server 96393" 0.0004 "-" 96061 0
Nov 27 13:40:28 np0005538165.novalocal object-server[96393]: ::1 - - [27/Nov/2025:18:40:28 +0000] "PUT /2/94951/AUTH_891a4d8ec8d044eaa174442078fb7e80/gnocchi.bbe75a0c-d4e0-4289-904c-544571b5fed8/1763640000.0_mean_300.0_v3" 201 - "PUT https://[::1]:8080/v1/AUTH_891a4d8ec8d044eaa174442078fb7e80/gnocchi.bbe75a0c-d4e0-4289-904c-544571b5fed8/1763640000.0_mean_300.0_v3" "tx64b476cf46e14dc2867b8-0069289b1c" "proxy-server 97369" 0.0099 "-" 96393 0
Nov 27 13:40:28 np0005538165.novalocal proxy-server[97369]: ::1 ::1 27/Nov/2025/18/40/28 PUT /v1/AUTH_891a4d8ec8d044eaa174442078fb7e80/gnocchi.bbe75a0c-d4e0-4289-904c-544571b5fed8/1763640000.0_mean_300.0_v3 HTTP/1.0 201 - python-swiftclient-4.7.0 gAAAAABpKJsYjUMx... 16 - - tx64b476cf46e14dc2867b8-0069289b1c - 0.0168 - - 1764268828.054062128 1764268828.070902586 0
Nov 27 13:40:28 np0005538165.novalocal account-server[95765]: ::1 - - [27/Nov/2025:18:40:28 +0000] "PUT /3/91627/AUTH_891a4d8ec8d044eaa174442078fb7e80/gnocchi.5aff5d27-a90c-41f5-9ee1-b16acae5d75f" 201 - "PUT http://[::1]:6001/3/204824/AUTH_891a4d8ec8d044eaa174442078fb7e80/gnocchi.5aff5d27-a90c-41f5-9ee1-b16acae5d75f" "tx4308d0c6a6ea4d76b5a51-0069289b1c" "container-server 96061" 0.0048 "-" 95765 0
Nov 27 13:40:28 np0005538165.novalocal container-server[96061]: ::1 - - [27/Nov/2025:18:40:28 +0000] "PUT /3/204824/AUTH_891a4d8ec8d044eaa174442078fb7e80/gnocchi.5aff5d27-a90c-41f5-9ee1-b16acae5d75f" 201 - "PUT https://[::1]:8080/v1/AUTH_891a4d8ec8d044eaa174442078fb7e80/gnocchi.5aff5d27-a90c-41f5-9ee1-b16acae5d75f" "tx4308d0c6a6ea4d76b5a51-0069289b1c" "proxy-server 97370" 0.0151 "-" 96061 0
Nov 27 13:40:28 np0005538165.novalocal container-server[96061]: ::1 - - [27/Nov/2025:18:40:28 +0000] "PUT /2/51739/AUTH_891a4d8ec8d044eaa174442078fb7e80/gnocchi.bbe75a0c-d4e0-4289-904c-544571b5fed8/none_v3" 201 - "PUT http://[::1]:8080/1/205791/AUTH_891a4d8ec8d044eaa174442078fb7e80/gnocchi.bbe75a0c-d4e0-4289-904c-544571b5fed8/none_v3" "txf9c85075ce9f4528a8e5a-0069289b1c" "object-server 96394" 0.0004 "-" 96061 0
Nov 27 13:40:28 np0005538165.novalocal object-server[96394]: ::1 - - [27/Nov/2025:18:40:28 +0000] "PUT /1/205791/AUTH_891a4d8ec8d044eaa174442078fb7e80/gnocchi.bbe75a0c-d4e0-4289-904c-544571b5fed8/none_v3" 201 - "PUT https://[::1]:8080/v1/AUTH_891a4d8ec8d044eaa174442078fb7e80/gnocchi.bbe75a0c-d4e0-4289-904c-544571b5fed8/none_v3" "txf9c85075ce9f4528a8e5a-0069289b1c" "proxy-server 97369" 0.0167 "-" 96394 0
Nov 27 13:40:28 np0005538165.novalocal account-server[95766]: ::1 - - [27/Nov/2025:18:40:28 +0000] "PUT /2/91627/AUTH_891a4d8ec8d044eaa174442078fb7e80/gnocchi.5aff5d27-a90c-41f5-9ee1-b16acae5d75f" 201 - "PUT http://[::1]:6001/2/204824/AUTH_891a4d8ec8d044eaa174442078fb7e80/gnocchi.5aff5d27-a90c-41f5-9ee1-b16acae5d75f" "tx4308d0c6a6ea4d76b5a51-0069289b1c" "container-server 96060" 0.0052 "-" 95766 0
Nov 27 13:40:28 np0005538165.novalocal container-server[96061]: ::1 - - [27/Nov/2025:18:40:28 +0000] "PUT /1/51739/AUTH_891a4d8ec8d044eaa174442078fb7e80/gnocchi.bbe75a0c-d4e0-4289-904c-544571b5fed8/none_v3" 201 - "PUT http://[::1]:8080/2/205791/AUTH_891a4d8ec8d044eaa174442078fb7e80/gnocchi.bbe75a0c-d4e0-4289-904c-544571b5fed8/none_v3" "txf9c85075ce9f4528a8e5a-0069289b1c" "object-server 96394" 0.0004 "-" 96061 0
Nov 27 13:40:28 np0005538165.novalocal container-server[96060]: ::1 - - [27/Nov/2025:18:40:28 +0000] "PUT /2/204824/AUTH_891a4d8ec8d044eaa174442078fb7e80/gnocchi.5aff5d27-a90c-41f5-9ee1-b16acae5d75f" 201 - "PUT https://[::1]:8080/v1/AUTH_891a4d8ec8d044eaa174442078fb7e80/gnocchi.5aff5d27-a90c-41f5-9ee1-b16acae5d75f" "tx4308d0c6a6ea4d76b5a51-0069289b1c" "proxy-server 97370" 0.0143 "-" 96060 0
Nov 27 13:40:28 np0005538165.novalocal object-server[96394]: ::1 - - [27/Nov/2025:18:40:28 +0000] "PUT /2/205791/AUTH_891a4d8ec8d044eaa174442078fb7e80/gnocchi.bbe75a0c-d4e0-4289-904c-544571b5fed8/none_v3" 201 - "PUT https://[::1]:8080/v1/AUTH_891a4d8ec8d044eaa174442078fb7e80/gnocchi.bbe75a0c-d4e0-4289-904c-544571b5fed8/none_v3" "txf9c85075ce9f4528a8e5a-0069289b1c" "proxy-server 97369" 0.0196 "-" 96394 0
Nov 27 13:40:28 np0005538165.novalocal account-server[95765]: ::1 - - [27/Nov/2025:18:40:28 +0000] "PUT /1/91627/AUTH_891a4d8ec8d044eaa174442078fb7e80/gnocchi.5aff5d27-a90c-41f5-9ee1-b16acae5d75f" 201 - "PUT http://[::1]:6001/1/204824/AUTH_891a4d8ec8d044eaa174442078fb7e80/gnocchi.5aff5d27-a90c-41f5-9ee1-b16acae5d75f" "tx4308d0c6a6ea4d76b5a51-0069289b1c" "container-server 96060" 0.0055 "-" 95765 0
Nov 27 13:40:28 np0005538165.novalocal container-server[96060]: ::1 - - [27/Nov/2025:18:40:28 +0000] "PUT /1/204824/AUTH_891a4d8ec8d044eaa174442078fb7e80/gnocchi.5aff5d27-a90c-41f5-9ee1-b16acae5d75f" 201 - "PUT https://[::1]:8080/v1/AUTH_891a4d8ec8d044eaa174442078fb7e80/gnocchi.5aff5d27-a90c-41f5-9ee1-b16acae5d75f" "tx4308d0c6a6ea4d76b5a51-0069289b1c" "proxy-server 97370" 0.0246 "-" 96060 0
Nov 27 13:40:28 np0005538165.novalocal proxy-server[97370]: ::1 ::1 27/Nov/2025/18/40/28 PUT /v1/AUTH_891a4d8ec8d044eaa174442078fb7e80/gnocchi.5aff5d27-a90c-41f5-9ee1-b16acae5d75f HTTP/1.0 201 - python-swiftclient-4.7.0 gAAAAABpKJsZdlPH... - - - tx4308d0c6a6ea4d76b5a51-0069289b1c - 0.0297 - - 1764268828.071565390 1764268828.101284266 0
Nov 27 13:40:28 np0005538165.novalocal container-server[96061]: ::1 - - [27/Nov/2025:18:40:28 +0000] "PUT /3/51739/AUTH_891a4d8ec8d044eaa174442078fb7e80/gnocchi.bbe75a0c-d4e0-4289-904c-544571b5fed8/none_v3" 201 - "PUT http://[::1]:8080/3/205791/AUTH_891a4d8ec8d044eaa174442078fb7e80/gnocchi.bbe75a0c-d4e0-4289-904c-544571b5fed8/none_v3" "txf9c85075ce9f4528a8e5a-0069289b1c" "object-server 96393" 0.0004 "-" 96061 0
Nov 27 13:40:28 np0005538165.novalocal object-server[96393]: ::1 - - [27/Nov/2025:18:40:28 +0000] "PUT /3/205791/AUTH_891a4d8ec8d044eaa174442078fb7e80/gnocchi.bbe75a0c-d4e0-4289-904c-544571b5fed8/none_v3" 201 - "PUT https://[::1]:8080/v1/AUTH_891a4d8ec8d044eaa174442078fb7e80/gnocchi.bbe75a0c-d4e0-4289-904c-544571b5fed8/none_v3" "txf9c85075ce9f4528a8e5a-0069289b1c" "proxy-server 97369" 0.0259 "-" 96393 0
Nov 27 13:40:28 np0005538165.novalocal container-server[96061]: ::1 - - [27/Nov/2025:18:40:28 +0000] "HEAD /2/204824/AUTH_891a4d8ec8d044eaa174442078fb7e80/gnocchi.5aff5d27-a90c-41f5-9ee1-b16acae5d75f" 204 - "HEAD http://[::1]:8080/v1/AUTH_891a4d8ec8d044eaa174442078fb7e80/gnocchi.5aff5d27-a90c-41f5-9ee1-b16acae5d75f" "tx9f771e7d54974082bcc71-0069289b1c" "proxy-server 97370" 0.0012 "-" 96061 0
Nov 27 13:40:28 np0005538165.novalocal proxy-server[97369]: ::1 ::1 27/Nov/2025/18/40/28 PUT /v1/AUTH_891a4d8ec8d044eaa174442078fb7e80/gnocchi.bbe75a0c-d4e0-4289-904c-544571b5fed8/none_v3 HTTP/1.0 201 - python-swiftclient-4.7.0 gAAAAABpKJsYjUMx... 22 - - txf9c85075ce9f4528a8e5a-0069289b1c - 0.0372 - - 1764268828.072540522 1764268828.109730721 0
Nov 27 13:40:28 np0005538165.novalocal proxy-server[97370]: - - 27/Nov/2025/18/40/28 HEAD /v1/AUTH_891a4d8ec8d044eaa174442078fb7e80/gnocchi.5aff5d27-a90c-41f5-9ee1-b16acae5d75f HTTP/1.0 204 - Swift - - - - tx9f771e7d54974082bcc71-0069289b1c - 0.0055 CS - 1764268828.104098558 1764268828.109596968 0
Nov 27 13:40:28 np0005538165.novalocal container-server[96061]: ::1 - - [27/Nov/2025:18:40:28 +0000] "GET /1/204824/AUTH_891a4d8ec8d044eaa174442078fb7e80/gnocchi.5aff5d27-a90c-41f5-9ee1-b16acae5d75f" 200 2 "GET https://[::1]:8080/v1/AUTH_891a4d8ec8d044eaa174442078fb7e80/gnocchi.5aff5d27-a90c-41f5-9ee1-b16acae5d75f?format=json&states=listing" "tx9f771e7d54974082bcc71-0069289b1c" "proxy-server 97370" 0.0017 "-" 96061 0
Nov 27 13:40:28 np0005538165.novalocal proxy-server[97370]: ::1 ::1 27/Nov/2025/18/40/28 GET /v1/AUTH_891a4d8ec8d044eaa174442078fb7e80/gnocchi.5aff5d27-a90c-41f5-9ee1-b16acae5d75f%3Fformat%3Djson%26states%3Dlisting HTTP/1.0 200 - python-swiftclient-4.7.0 gAAAAABpKJsZdlPH... - 2 - tx9f771e7d54974082bcc71-0069289b1c - 0.0127 - - 1764268828.103693247 1764268828.116366386 0
Nov 27 13:40:28 np0005538165.novalocal object-server[96394]: ::1 - - [27/Nov/2025:18:40:28 +0000] "GET /1/219239/AUTH_891a4d8ec8d044eaa174442078fb7e80/gnocchi.5aff5d27-a90c-41f5-9ee1-b16acae5d75f/1763640000.0_mean_300.0_v3" 404 70 "GET https://[::1]:8080/v1/AUTH_891a4d8ec8d044eaa174442078fb7e80/gnocchi.5aff5d27-a90c-41f5-9ee1-b16acae5d75f/1763640000.0_mean_300.0_v3" "tx92d832d90fd041ffbc11a-0069289b1c" "proxy-server 97370" 0.0003 "-" 96394 0
Nov 27 13:40:28 np0005538165.novalocal object-server[96394]: ::1 - - [27/Nov/2025:18:40:28 +0000] "GET /3/219239/AUTH_891a4d8ec8d044eaa174442078fb7e80/gnocchi.5aff5d27-a90c-41f5-9ee1-b16acae5d75f/1763640000.0_mean_300.0_v3" 404 70 "GET https://[::1]:8080/v1/AUTH_891a4d8ec8d044eaa174442078fb7e80/gnocchi.5aff5d27-a90c-41f5-9ee1-b16acae5d75f/1763640000.0_mean_300.0_v3" "tx92d832d90fd041ffbc11a-0069289b1c" "proxy-server 97370" 0.0002 "-" 96394 0
Nov 27 13:40:28 np0005538165.novalocal object-server[96393]: ::1 - - [27/Nov/2025:18:40:28 +0000] "GET /2/219239/AUTH_891a4d8ec8d044eaa174442078fb7e80/gnocchi.5aff5d27-a90c-41f5-9ee1-b16acae5d75f/1763640000.0_mean_300.0_v3" 404 70 "GET https://[::1]:8080/v1/AUTH_891a4d8ec8d044eaa174442078fb7e80/gnocchi.5aff5d27-a90c-41f5-9ee1-b16acae5d75f/1763640000.0_mean_300.0_v3" "tx92d832d90fd041ffbc11a-0069289b1c" "proxy-server 97370" 0.0003 "-" 96393 0
Nov 27 13:40:28 np0005538165.novalocal proxy-server[97370]: ::1 ::1 27/Nov/2025/18/40/28 GET /v1/AUTH_891a4d8ec8d044eaa174442078fb7e80/gnocchi.5aff5d27-a90c-41f5-9ee1-b16acae5d75f/1763640000.0_mean_300.0_v3 HTTP/1.0 404 - python-swiftclient-4.7.0 gAAAAABpKJsZdlPH... - 70 - tx92d832d90fd041ffbc11a-0069289b1c - 0.0180 - - 1764268828.118908882 1764268828.136886597 0
Nov 27 13:40:28 np0005538165.novalocal sshd-session[103827]: Invalid user magento from 103.172.112.192 port 36614
Nov 27 13:40:28 np0005538165.novalocal container-server[96061]: ::1 - - [27/Nov/2025:18:40:28 +0000] "HEAD /2/249409/AUTH_891a4d8ec8d044eaa174442078fb7e80/gnocchi.ee791571-df06-473c-bf0a-0057f5280ae9" 404 - "HEAD http://[::1]:8080/v1/AUTH_891a4d8ec8d044eaa174442078fb7e80/gnocchi.ee791571-df06-473c-bf0a-0057f5280ae9" "tx19e5f16f2c484aa4bba71-0069289b1c" "proxy-server 97369" 0.0003 "-" 96061 0
Nov 27 13:40:28 np0005538165.novalocal container-server[96061]: ::1 - - [27/Nov/2025:18:40:28 +0000] "PUT /1/204824/AUTH_891a4d8ec8d044eaa174442078fb7e80/gnocchi.5aff5d27-a90c-41f5-9ee1-b16acae5d75f/1763640000.0_mean_300.0_v3" 201 - "PUT http://[::1]:8080/1/219239/AUTH_891a4d8ec8d044eaa174442078fb7e80/gnocchi.5aff5d27-a90c-41f5-9ee1-b16acae5d75f/1763640000.0_mean_300.0_v3" "txf5e532b39d514614a77cf-0069289b1c" "object-server 96394" 0.0004 "-" 96061 0
Nov 27 13:40:28 np0005538165.novalocal container-server[96060]: ::1 - - [27/Nov/2025:18:40:28 +0000] "PUT /3/204824/AUTH_891a4d8ec8d044eaa174442078fb7e80/gnocchi.5aff5d27-a90c-41f5-9ee1-b16acae5d75f/1763640000.0_mean_300.0_v3" 201 - "PUT http://[::1]:8080/2/219239/AUTH_891a4d8ec8d044eaa174442078fb7e80/gnocchi.5aff5d27-a90c-41f5-9ee1-b16acae5d75f/1763640000.0_mean_300.0_v3" "txf5e532b39d514614a77cf-0069289b1c" "object-server 96394" 0.0004 "-" 96060 0
Nov 27 13:40:28 np0005538165.novalocal object-server[96394]: ::1 - - [27/Nov/2025:18:40:28 +0000] "PUT /1/219239/AUTH_891a4d8ec8d044eaa174442078fb7e80/gnocchi.5aff5d27-a90c-41f5-9ee1-b16acae5d75f/1763640000.0_mean_300.0_v3" 201 - "PUT https://[::1]:8080/v1/AUTH_891a4d8ec8d044eaa174442078fb7e80/gnocchi.5aff5d27-a90c-41f5-9ee1-b16acae5d75f/1763640000.0_mean_300.0_v3" "txf5e532b39d514614a77cf-0069289b1c" "proxy-server 97370" 0.0097 "-" 96394 0
Nov 27 13:40:28 np0005538165.novalocal object-server[96394]: ::1 - - [27/Nov/2025:18:40:28 +0000] "PUT /2/219239/AUTH_891a4d8ec8d044eaa174442078fb7e80/gnocchi.5aff5d27-a90c-41f5-9ee1-b16acae5d75f/1763640000.0_mean_300.0_v3" 201 - "PUT https://[::1]:8080/v1/AUTH_891a4d8ec8d044eaa174442078fb7e80/gnocchi.5aff5d27-a90c-41f5-9ee1-b16acae5d75f/1763640000.0_mean_300.0_v3" "txf5e532b39d514614a77cf-0069289b1c" "proxy-server 97370" 0.0096 "-" 96394 0
Nov 27 13:40:28 np0005538165.novalocal container-server[96061]: ::1 - - [27/Nov/2025:18:40:28 +0000] "HEAD /3/249409/AUTH_891a4d8ec8d044eaa174442078fb7e80/gnocchi.ee791571-df06-473c-bf0a-0057f5280ae9" 404 - "HEAD http://[::1]:8080/v1/AUTH_891a4d8ec8d044eaa174442078fb7e80/gnocchi.ee791571-df06-473c-bf0a-0057f5280ae9" "tx19e5f16f2c484aa4bba71-0069289b1c" "proxy-server 97369" 0.0008 "-" 96061 0
Nov 27 13:40:28 np0005538165.novalocal container-server[96060]: ::1 - - [27/Nov/2025:18:40:28 +0000] "PUT /2/204824/AUTH_891a4d8ec8d044eaa174442078fb7e80/gnocchi.5aff5d27-a90c-41f5-9ee1-b16acae5d75f/1763640000.0_mean_300.0_v3" 201 - "PUT http://[::1]:8080/3/219239/AUTH_891a4d8ec8d044eaa174442078fb7e80/gnocchi.5aff5d27-a90c-41f5-9ee1-b16acae5d75f/1763640000.0_mean_300.0_v3" "txf5e532b39d514614a77cf-0069289b1c" "object-server 96393" 0.0004 "-" 96060 0
Nov 27 13:40:28 np0005538165.novalocal object-server[96393]: ::1 - - [27/Nov/2025:18:40:28 +0000] "PUT /3/219239/AUTH_891a4d8ec8d044eaa174442078fb7e80/gnocchi.5aff5d27-a90c-41f5-9ee1-b16acae5d75f/1763640000.0_mean_300.0_v3" 201 - "PUT https://[::1]:8080/v1/AUTH_891a4d8ec8d044eaa174442078fb7e80/gnocchi.5aff5d27-a90c-41f5-9ee1-b16acae5d75f/1763640000.0_mean_300.0_v3" "txf5e532b39d514614a77cf-0069289b1c" "proxy-server 97370" 0.0150 "-" 96393 0
Nov 27 13:40:28 np0005538165.novalocal container-server[96061]: ::1 - - [27/Nov/2025:18:40:28 +0000] "HEAD /1/249409/AUTH_891a4d8ec8d044eaa174442078fb7e80/gnocchi.ee791571-df06-473c-bf0a-0057f5280ae9" 404 - "HEAD http://[::1]:8080/v1/AUTH_891a4d8ec8d044eaa174442078fb7e80/gnocchi.ee791571-df06-473c-bf0a-0057f5280ae9" "tx19e5f16f2c484aa4bba71-0069289b1c" "proxy-server 97369" 0.0001 "-" 96061 0
Nov 27 13:40:28 np0005538165.novalocal proxy-server[97369]: - - 27/Nov/2025/18/40/28 HEAD /v1/AUTH_891a4d8ec8d044eaa174442078fb7e80/gnocchi.ee791571-df06-473c-bf0a-0057f5280ae9 HTTP/1.0 404 - Swift - - - - tx19e5f16f2c484aa4bba71-0069289b1c - 0.0116 CS - 1764268828.150662899 1764268828.162279367 0
Nov 27 13:40:28 np0005538165.novalocal proxy-server[97370]: ::1 ::1 27/Nov/2025/18/40/28 PUT /v1/AUTH_891a4d8ec8d044eaa174442078fb7e80/gnocchi.5aff5d27-a90c-41f5-9ee1-b16acae5d75f/1763640000.0_mean_300.0_v3 HTTP/1.0 201 - python-swiftclient-4.7.0 gAAAAABpKJsZdlPH... 16 - - txf5e532b39d514614a77cf-0069289b1c - 0.0227 - - 1764268828.139580011 1764268828.162320137 0
Nov 27 13:40:28 np0005538165.novalocal object-server[96393]: ::1 - - [27/Nov/2025:18:40:28 +0000] "GET /3/154564/AUTH_891a4d8ec8d044eaa174442078fb7e80/gnocchi.ee791571-df06-473c-bf0a-0057f5280ae9/none_v3" 404 70 "GET https://[::1]:8080/v1/AUTH_891a4d8ec8d044eaa174442078fb7e80/gnocchi.ee791571-df06-473c-bf0a-0057f5280ae9/none_v3" "tx19e5f16f2c484aa4bba71-0069289b1c" "proxy-server 97369" 0.0003 "-" 96393 0
Nov 27 13:40:28 np0005538165.novalocal object-server[96393]: ::1 - - [27/Nov/2025:18:40:28 +0000] "GET /1/154564/AUTH_891a4d8ec8d044eaa174442078fb7e80/gnocchi.ee791571-df06-473c-bf0a-0057f5280ae9/none_v3" 404 70 "GET https://[::1]:8080/v1/AUTH_891a4d8ec8d044eaa174442078fb7e80/gnocchi.ee791571-df06-473c-bf0a-0057f5280ae9/none_v3" "tx19e5f16f2c484aa4bba71-0069289b1c" "proxy-server 97369" 0.0001 "-" 96393 0
