Jan 29 12:00:08 standalone object-server[127667]: 172.20.0.100 - - [29/Jan/2026:12:00:08 +0000] "PUT /d1/8/AUTH_233cd3df76d2455f93405d4e62407b5d/gnocchi.c0ab653f-e03a-4f13-aece-e134a4d67431/none_v3" 201 - "PUT http://172.18.0.2:8080/v1/AUTH_233cd3df76d2455f93405d4e62407b5d/gnocchi.c0ab653f-e03a-4f13-aece-e134a4d67431/none_v3" "tx350436ec7a4b4ad4bcaa4-00697b4bc8" "proxy-server 20" 0.0068 "-" 23 0
Jan 29 12:00:08 standalone proxy-server[129651]: 172.18.0.2 172.18.0.100 29/Jan/2026/12/00/08 PUT /v1/AUTH_233cd3df76d2455f93405d4e62407b5d/gnocchi.c0ab653f-e03a-4f13-aece-e134a4d67431/none_v3 HTTP/1.0 201 - python-swiftclient-3.11.1 gAAAAABpe0sU3ETA... 22 - - tx350436ec7a4b4ad4bcaa4-00697b4bc8 - 0.0111 - - 1769688008.776366234 1769688008.787469387 0
Jan 29 12:00:08 standalone container-server[127485]: 172.20.0.100 - - [29/Jan/2026:12:00:08 +0000] "HEAD /d1/494/AUTH_233cd3df76d2455f93405d4e62407b5d/gnocchi.087fee2f-d1c7-45b7-abd9-d29c4d023032" 404 - "HEAD http://172.18.0.2:8080/v1/AUTH_233cd3df76d2455f93405d4e62407b5d/gnocchi.087fee2f-d1c7-45b7-abd9-d29c4d023032?format=json&states=listing" "txba41b1fe0bab4ebba3a58-00697b4bc8" "proxy-server 20" 0.0005 "-" 17 0
Jan 29 12:00:08 standalone object-server[127667]: 172.20.0.100 - - [29/Jan/2026:12:00:08 +0000] "GET /d1/218/AUTH_233cd3df76d2455f93405d4e62407b5d/gnocchi.087fee2f-d1c7-45b7-abd9-d29c4d023032/none_v3" 404 70 "GET http://172.18.0.2:8080/v1/AUTH_233cd3df76d2455f93405d4e62407b5d/gnocchi.087fee2f-d1c7-45b7-abd9-d29c4d023032/none_v3" "txba41b1fe0bab4ebba3a58-00697b4bc8" "proxy-server 20" 0.0003 "-" 23 0
Jan 29 12:00:08 standalone proxy-server[129651]: 172.18.0.2 172.18.0.100 29/Jan/2026/12/00/08 GET /v1/AUTH_233cd3df76d2455f93405d4e62407b5d/gnocchi.087fee2f-d1c7-45b7-abd9-d29c4d023032/none_v3 HTTP/1.0 404 - python-swiftclient-3.11.1 gAAAAABpe0sU3ETA... - 70 - txba41b1fe0bab4ebba3a58-00697b4bc8 - 0.0082 - - 1769688008.804908752 1769688008.813095093 0
Jan 29 12:00:08 standalone account-server[127369]: 172.20.0.100 - - [29/Jan/2026:12:00:08 +0000] "PUT /d1/482/AUTH_233cd3df76d2455f93405d4e62407b5d/gnocchi.087fee2f-d1c7-45b7-abd9-d29c4d023032" 201 - "PUT http://172.20.0.100:6001/d1/494/AUTH_233cd3df76d2455f93405d4e62407b5d/gnocchi.087fee2f-d1c7-45b7-abd9-d29c4d023032" "txd9b6c27ca06f44a893bff-00697b4bc8" "container-server 17" 0.0059 "-" 23 0
Jan 29 12:00:08 standalone container-server[127485]: 172.20.0.100 - - [29/Jan/2026:12:00:08 +0000] "PUT /d1/494/AUTH_233cd3df76d2455f93405d4e62407b5d/gnocchi.087fee2f-d1c7-45b7-abd9-d29c4d023032" 201 - "PUT http://172.18.0.2:8080/v1/AUTH_233cd3df76d2455f93405d4e62407b5d/gnocchi.087fee2f-d1c7-45b7-abd9-d29c4d023032" "txd9b6c27ca06f44a893bff-00697b4bc8" "proxy-server 20" 0.0181 "-" 17 0
Jan 29 12:00:08 standalone proxy-server[129651]: 172.18.0.2 172.18.0.100 29/Jan/2026/12/00/08 PUT /v1/AUTH_233cd3df76d2455f93405d4e62407b5d/gnocchi.087fee2f-d1c7-45b7-abd9-d29c4d023032 HTTP/1.0 201 - python-swiftclient-3.11.1 gAAAAABpe0sU3ETA... - - - txd9b6c27ca06f44a893bff-00697b4bc8 - 0.0261 - - 1769688008.825479746 1769688008.851617813 0
Jan 29 12:00:08 standalone container-server[127485]: 172.20.0.100 - - [29/Jan/2026:12:00:08 +0000] "HEAD /d1/494/AUTH_233cd3df76d2455f93405d4e62407b5d/gnocchi.087fee2f-d1c7-45b7-abd9-d29c4d023032" 204 - "HEAD http://172.18.0.2:8080/v1/AUTH_233cd3df76d2455f93405d4e62407b5d/gnocchi.087fee2f-d1c7-45b7-abd9-d29c4d023032?format=json&states=listing" "tx5356e2ec131a4ec99b32c-00697b4bc8" "proxy-server 20" 0.0014 "-" 17 0
Jan 29 12:00:08 standalone proxy-server[129651]: - - 29/Jan/2026/12/00/08 HEAD /v1/AUTH_233cd3df76d2455f93405d4e62407b5d/gnocchi.087fee2f-d1c7-45b7-abd9-d29c4d023032%3Fformat%3Djson%26states%3Dlisting HTTP/1.0 204 - Swift - - - - tx5356e2ec131a4ec99b32c-00697b4bc8 - 0.0066 RL - 1769688008.857201576 1769688008.863772154 0
Jan 29 12:00:08 standalone container-server[127478]: 172.20.0.100 - - [29/Jan/2026:12:00:08 +0000] "GET /d1/494/AUTH_233cd3df76d2455f93405d4e62407b5d/gnocchi.087fee2f-d1c7-45b7-abd9-d29c4d023032" 200 2 "GET http://172.18.0.2:8080/v1/AUTH_233cd3df76d2455f93405d4e62407b5d/gnocchi.087fee2f-d1c7-45b7-abd9-d29c4d023032?format=json&states=listing" "tx5356e2ec131a4ec99b32c-00697b4bc8" "proxy-server 20" 0.0016 "-" 16 0
Jan 29 12:00:08 standalone proxy-server[129651]: 172.18.0.2 172.18.0.100 29/Jan/2026/12/00/08 GET /v1/AUTH_233cd3df76d2455f93405d4e62407b5d/gnocchi.087fee2f-d1c7-45b7-abd9-d29c4d023032%3Fformat%3Djson%26states%3Dlisting HTTP/1.0 200 - python-swiftclient-3.11.1 gAAAAABpe0sU3ETA... - 2 - tx5356e2ec131a4ec99b32c-00697b4bc8 - 0.0237 - - 1769688008.855584145 1769688008.879276752 0
Jan 29 12:00:08 standalone object-server[127681]: 172.20.0.100 - - [29/Jan/2026:12:00:08 +0000] "GET /d1/260/AUTH_233cd3df76d2455f93405d4e62407b5d/gnocchi.087fee2f-d1c7-45b7-abd9-d29c4d023032/1769040000.0_mean_300.0_v3" 404 70 "GET http://172.18.0.2:8080/v1/AUTH_233cd3df76d2455f93405d4e62407b5d/gnocchi.087fee2f-d1c7-45b7-abd9-d29c4d023032/1769040000.0_mean_300.0_v3" "tx3cfbb9cf26b14d70bfcf4-00697b4bc8" "proxy-server 20" 0.0005 "-" 25 0
Jan 29 12:00:08 standalone proxy-server[129651]: 172.18.0.2 172.18.0.100 29/Jan/2026/12/00/08 GET /v1/AUTH_233cd3df76d2455f93405d4e62407b5d/gnocchi.087fee2f-d1c7-45b7-abd9-d29c4d023032/1769040000.0_mean_300.0_v3 HTTP/1.0 404 - python-swiftclient-3.11.1 gAAAAABpe0sU3ETA... - 70 - tx3cfbb9cf26b14d70bfcf4-00697b4bc8 - 0.0087 - - 1769688008.882894278 1769688008.891613007 0
Jan 29 12:00:08 standalone container-server[127466]: 172.20.0.100 - - [29/Jan/2026:12:00:08 +0000] "PUT /d1/494/AUTH_233cd3df76d2455f93405d4e62407b5d/gnocchi.087fee2f-d1c7-45b7-abd9-d29c4d023032/1769040000.0_mean_300.0_v3" 201 - "PUT http://172.18.0.2:8080/d1/260/AUTH_233cd3df76d2455f93405d4e62407b5d/gnocchi.087fee2f-d1c7-45b7-abd9-d29c4d023032/1769040000.0_mean_300.0_v3" "txf8e92b50929d4b3497163-00697b4bc8" "object-server 22" 0.0005 "-" 14 0
Jan 29 12:00:08 standalone object-server[127658]: 172.20.0.100 - - [29/Jan/2026:12:00:08 +0000] "PUT /d1/260/AUTH_233cd3df76d2455f93405d4e62407b5d/gnocchi.087fee2f-d1c7-45b7-abd9-d29c4d023032/1769040000.0_mean_300.0_v3" 201 - "PUT http://172.18.0.2:8080/v1/AUTH_233cd3df76d2455f93405d4e62407b5d/gnocchi.087fee2f-d1c7-45b7-abd9-d29c4d023032/1769040000.0_mean_300.0_v3" "txf8e92b50929d4b3497163-00697b4bc8" "proxy-server 20" 0.0084 "-" 22 0
Jan 29 12:00:08 standalone proxy-server[129651]: 172.18.0.2 172.18.0.100 29/Jan/2026/12/00/08 PUT /v1/AUTH_233cd3df76d2455f93405d4e62407b5d/gnocchi.087fee2f-d1c7-45b7-abd9-d29c4d023032/1769040000.0_mean_300.0_v3 HTTP/1.0 201 - python-swiftclient-3.11.1 gAAAAABpe0sU3ETA... 16 - - txf8e92b50929d4b3497163-00697b4bc8 - 0.0159 - - 1769688008.894468307 1769688008.910357475 0
Jan 29 12:00:08 standalone container-server[127478]: 172.20.0.100 - - [29/Jan/2026:12:00:08 +0000] "PUT /d1/494/AUTH_233cd3df76d2455f93405d4e62407b5d/gnocchi.087fee2f-d1c7-45b7-abd9-d29c4d023032/none_v3" 201 - "PUT http://172.18.0.2:8080/d1/218/AUTH_233cd3df76d2455f93405d4e62407b5d/gnocchi.087fee2f-d1c7-45b7-abd9-d29c4d023032/none_v3" "txb404a6b8b94649688966c-00697b4bc8" "object-server 23" 0.0007 "-" 16 0
Jan 29 12:00:08 standalone object-server[127667]: 172.20.0.100 - - [29/Jan/2026:12:00:08 +0000] "PUT /d1/218/AUTH_233cd3df76d2455f93405d4e62407b5d/gnocchi.087fee2f-d1c7-45b7-abd9-d29c4d023032/none_v3" 201 - "PUT http://172.18.0.2:8080/v1/AUTH_233cd3df76d2455f93405d4e62407b5d/gnocchi.087fee2f-d1c7-45b7-abd9-d29c4d023032/none_v3" "txb404a6b8b94649688966c-00697b4bc8" "proxy-server 20" 0.0087 "-" 23 0
Jan 29 12:00:08 standalone proxy-server[129651]: 172.18.0.2 172.18.0.100 29/Jan/2026/12/00/08 PUT /v1/AUTH_233cd3df76d2455f93405d4e62407b5d/gnocchi.087fee2f-d1c7-45b7-abd9-d29c4d023032/none_v3 HTTP/1.0 201 - python-swiftclient-3.11.1 gAAAAABpe0sU3ETA... 22 - - txb404a6b8b94649688966c-00697b4bc8 - 0.0151 - - 1769688008.913269281 1769688008.928403139 0
Jan 29 12:00:08 standalone container-server[127466]: 172.20.0.100 - - [29/Jan/2026:12:00:08 +0000] "HEAD /d1/194/AUTH_233cd3df76d2455f93405d4e62407b5d/gnocchi.6d9a6570-0cc1-426a-96c4-a4bbe3ae4ab4" 404 - "HEAD http://172.18.0.2:8080/v1/AUTH_233cd3df76d2455f93405d4e62407b5d/gnocchi.6d9a6570-0cc1-426a-96c4-a4bbe3ae4ab4?format=json&states=listing" "tx3e1970b560e74e369884f-00697b4bc8" "proxy-server 20" 0.0004 "-" 14 0
Jan 29 12:00:08 standalone object-server[127658]: 172.20.0.100 - - [29/Jan/2026:12:00:08 +0000] "GET /d1/8/AUTH_233cd3df76d2455f93405d4e62407b5d/gnocchi.6d9a6570-0cc1-426a-96c4-a4bbe3ae4ab4/none_v3" 404 70 "GET http://172.18.0.2:8080/v1/AUTH_233cd3df76d2455f93405d4e62407b5d/gnocchi.6d9a6570-0cc1-426a-96c4-a4bbe3ae4ab4/none_v3" "tx3e1970b560e74e369884f-00697b4bc8" "proxy-server 20" 0.0004 "-" 22 0
Jan 29 12:00:08 standalone proxy-server[129651]: 172.18.0.2 172.18.0.100 29/Jan/2026/12/00/08 GET /v1/AUTH_233cd3df76d2455f93405d4e62407b5d/gnocchi.6d9a6570-0cc1-426a-96c4-a4bbe3ae4ab4/none_v3 HTTP/1.0 404 - python-swiftclient-3.11.1 gAAAAABpe0sU3ETA... - 70 - tx3e1970b560e74e369884f-00697b4bc8 - 0.0097 - - 1769688008.943044901 1769688008.952761412 0
Jan 29 12:00:08 standalone account-server[127353]: 172.20.0.100 - - [29/Jan/2026:12:00:08 +0000] "PUT /d1/482/AUTH_233cd3df76d2455f93405d4e62407b5d/gnocchi.6d9a6570-0cc1-426a-96c4-a4bbe3ae4ab4" 201 - "PUT http://172.20.0.100:6001/d1/194/AUTH_233cd3df76d2455f93405d4e62407b5d/gnocchi.6d9a6570-0cc1-426a-96c4-a4bbe3ae4ab4" "txe832aa587ccf41fcab56a-00697b4bc8" "container-server 15" 0.0037 "-" 20 0
Jan 29 12:00:08 standalone container-server[127472]: 172.20.0.100 - - [29/Jan/2026:12:00:08 +0000] "PUT /d1/194/AUTH_233cd3df76d2455f93405d4e62407b5d/gnocchi.6d9a6570-0cc1-426a-96c4-a4bbe3ae4ab4" 201 - "PUT http://172.18.0.2:8080/v1/AUTH_233cd3df76d2455f93405d4e62407b5d/gnocchi.6d9a6570-0cc1-426a-96c4-a4bbe3ae4ab4" "txe832aa587ccf41fcab56a-00697b4bc8" "proxy-server 20" 0.0135 "-" 15 0
Jan 29 12:00:08 standalone proxy-server[129651]: 172.18.0.2 172.18.0.100 29/Jan/2026/12/00/08 PUT /v1/AUTH_233cd3df76d2455f93405d4e62407b5d/gnocchi.6d9a6570-0cc1-426a-96c4-a4bbe3ae4ab4 HTTP/1.0 201 - python-swiftclient-3.11.1 gAAAAABpe0sU3ETA... - - - txe832aa587ccf41fcab56a-00697b4bc8 - 0.0175 - - 1769688008.955693722 1769688008.973178148 0
Jan 29 12:00:08 standalone container-server[127466]: 172.20.0.100 - - [29/Jan/2026:12:00:08 +0000] "HEAD /d1/194/AUTH_233cd3df76d2455f93405d4e62407b5d/gnocchi.6d9a6570-0cc1-426a-96c4-a4bbe3ae4ab4" 204 - "HEAD http://172.18.0.2:8080/v1/AUTH_233cd3df76d2455f93405d4e62407b5d/gnocchi.6d9a6570-0cc1-426a-96c4-a4bbe3ae4ab4?format=json&states=listing" "tx26dd6a0375eb41e88503f-00697b4bc8" "proxy-server 20" 0.0011 "-" 14 0
Jan 29 12:00:08 standalone proxy-server[129651]: - - 29/Jan/2026/12/00/08 HEAD /v1/AUTH_233cd3df76d2455f93405d4e62407b5d/gnocchi.6d9a6570-0cc1-426a-96c4-a4bbe3ae4ab4%3Fformat%3Djson%26states%3Dlisting HTTP/1.0 204 - Swift - - - - tx26dd6a0375eb41e88503f-00697b4bc8 - 0.0035 RL - 1769688008.976750135 1769688008.980229616 0
Jan 29 12:00:08 standalone container-server[127478]: 172.20.0.100 - - [29/Jan/2026:12:00:08 +0000] "GET /d1/194/AUTH_233cd3df76d2455f93405d4e62407b5d/gnocchi.6d9a6570-0cc1-426a-96c4-a4bbe3ae4ab4" 200 2 "GET http://172.18.0.2:8080/v1/AUTH_233cd3df76d2455f93405d4e62407b5d/gnocchi.6d9a6570-0cc1-426a-96c4-a4bbe3ae4ab4?format=json&states=listing" "tx26dd6a0375eb41e88503f-00697b4bc8" "proxy-server 20" 0.0016 "-" 16 0
Jan 29 12:00:08 standalone proxy-server[129651]: 172.18.0.2 172.18.0.100 29/Jan/2026/12/00/08 GET /v1/AUTH_233cd3df76d2455f93405d4e62407b5d/gnocchi.6d9a6570-0cc1-426a-96c4-a4bbe3ae4ab4%3Fformat%3Djson%26states%3Dlisting HTTP/1.0 200 - python-swiftclient-3.11.1 gAAAAABpe0sU3ETA... - 2 - tx26dd6a0375eb41e88503f-00697b4bc8 - 0.0106 - - 1769688008.975906134 1769688008.986491442 0
Jan 29 12:00:08 standalone object-server[127681]: 172.20.0.100 - - [29/Jan/2026:12:00:08 +0000] "GET /d1/456/AUTH_233cd3df76d2455f93405d4e62407b5d/gnocchi.6d9a6570-0cc1-426a-96c4-a4bbe3ae4ab4/1769040000.0_mean_300.0_v3" 404 70 "GET http://172.18.0.2:8080/v1/AUTH_233cd3df76d2455f93405d4e62407b5d/gnocchi.6d9a6570-0cc1-426a-96c4-a4bbe3ae4ab4/1769040000.0_mean_300.0_v3" "txe1c8656210394dfaa68a4-00697b4bc8" "proxy-server 20" 0.0003 "-" 25 0
Jan 29 12:00:08 standalone proxy-server[129651]: 172.18.0.2 172.18.0.100 29/Jan/2026/12/00/08 GET /v1/AUTH_233cd3df76d2455f93405d4e62407b5d/gnocchi.6d9a6570-0cc1-426a-96c4-a4bbe3ae4ab4/1769040000.0_mean_300.0_v3 HTTP/1.0 404 - python-swiftclient-3.11.1 gAAAAABpe0sU3ETA... - 70 - txe1c8656210394dfaa68a4-00697b4bc8 - 0.0038 - - 1769688008.989472628 1769688008.993314028 0
Jan 29 12:00:09 standalone container-server[127472]: 172.20.0.100 - - [29/Jan/2026:12:00:09 +0000] "PUT /d1/194/AUTH_233cd3df76d2455f93405d4e62407b5d/gnocchi.6d9a6570-0cc1-426a-96c4-a4bbe3ae4ab4/1769040000.0_mean_300.0_v3" 201 - "PUT http://172.18.0.2:8080/d1/456/AUTH_233cd3df76d2455f93405d4e62407b5d/gnocchi.6d9a6570-0cc1-426a-96c4-a4bbe3ae4ab4/1769040000.0_mean_300.0_v3" "tx534e280edd6c4cc6a9e15-00697b4bc8" "object-server 22" 0.0011 "-" 15 0
Jan 29 12:00:09 standalone object-server[127658]: 172.20.0.100 - - [29/Jan/2026:12:00:09 +0000] "PUT /d1/456/AUTH_233cd3df76d2455f93405d4e62407b5d/gnocchi.6d9a6570-0cc1-426a-96c4-a4bbe3ae4ab4/1769040000.0_mean_300.0_v3" 201 - "PUT http://172.18.0.2:8080/v1/AUTH_233cd3df76d2455f93405d4e62407b5d/gnocchi.6d9a6570-0cc1-426a-96c4-a4bbe3ae4ab4/1769040000.0_mean_300.0_v3" "tx534e280edd6c4cc6a9e15-00697b4bc8" "proxy-server 20" 0.0096 "-" 22 0
Jan 29 12:00:09 standalone proxy-server[129651]: 172.18.0.2 172.18.0.100 29/Jan/2026/12/00/09 PUT /v1/AUTH_233cd3df76d2455f93405d4e62407b5d/gnocchi.6d9a6570-0cc1-426a-96c4-a4bbe3ae4ab4/1769040000.0_mean_300.0_v3 HTTP/1.0 201 - python-swiftclient-3.11.1 gAAAAABpe0sU3ETA... 16 - - tx534e280edd6c4cc6a9e15-00697b4bc8 - 0.0137 - - 1769688008.995322943 1769688009.008995533 0
Jan 29 12:00:09 standalone container-server[127472]: 172.20.0.100 - - [29/Jan/2026:12:00:09 +0000] "PUT /d1/194/AUTH_233cd3df76d2455f93405d4e62407b5d/gnocchi.6d9a6570-0cc1-426a-96c4-a4bbe3ae4ab4/none_v3" 201 - "PUT http://172.18.0.2:8080/d1/8/AUTH_233cd3df76d2455f93405d4e62407b5d/gnocchi.6d9a6570-0cc1-426a-96c4-a4bbe3ae4ab4/none_v3" "tx1217c3af7eed40fd94d1a-00697b4bc9" "object-server 23" 0.0008 "-" 15 0
Jan 29 12:00:09 standalone object-server[127667]: 172.20.0.100 - - [29/Jan/2026:12:00:09 +0000] "PUT /d1/8/AUTH_233cd3df76d2455f93405d4e62407b5d/gnocchi.6d9a6570-0cc1-426a-96c4-a4bbe3ae4ab4/none_v3" 201 - "PUT http://172.18.0.2:8080/v1/AUTH_233cd3df76d2455f93405d4e62407b5d/gnocchi.6d9a6570-0cc1-426a-96c4-a4bbe3ae4ab4/none_v3" "tx1217c3af7eed40fd94d1a-00697b4bc9" "proxy-server 20" 0.0088 "-" 23 0
Jan 29 12:00:09 standalone proxy-server[129651]: 172.18.0.2 172.18.0.100 29/Jan/2026/12/00/09 PUT /v1/AUTH_233cd3df76d2455f93405d4e62407b5d/gnocchi.6d9a6570-0cc1-426a-96c4-a4bbe3ae4ab4/none_v3 HTTP/1.0 201 - python-swiftclient-3.11.1 gAAAAABpe0sU3ETA... 22 - - tx1217c3af7eed40fd94d1a-00697b4bc9 - 0.0158 - - 1769688009.012157202 1769688009.027987003 0
Jan 29 12:00:09 standalone container-server[127485]: 172.20.0.100 - - [29/Jan/2026:12:00:09 +0000] "HEAD /d1/233/AUTH_233cd3df76d2455f93405d4e62407b5d/gnocchi.ae151a2d-ffc9-474d-9361-ee05ad7390b7" 404 - "HEAD http://172.18.0.2:8080/v1/AUTH_233cd3df76d2455f93405d4e62407b5d/gnocchi.ae151a2d-ffc9-474d-9361-ee05ad7390b7?format=json&states=listing" "txc0f7402581b9423e94c0b-00697b4bc9" "proxy-server 20" 0.0005 "-" 17 0
Jan 29 12:00:09 standalone object-server[127673]: 172.20.0.100 - - [29/Jan/2026:12:00:09 +0000] "GET /d1/749/AUTH_233cd3df76d2455f93405d4e62407b5d/gnocchi.ae151a2d-ffc9-474d-9361-ee05ad7390b7/none_v3" 404 70 "GET http://172.18.0.2:8080/v1/AUTH_233cd3df76d2455f93405d4e62407b5d/gnocchi.ae151a2d-ffc9-474d-9361-ee05ad7390b7/none_v3" "txc0f7402581b9423e94c0b-00697b4bc9" "proxy-server 20" 0.0003 "-" 24 0
Jan 29 12:00:09 standalone proxy-server[129651]: 172.18.0.2 172.18.0.100 29/Jan/2026/12/00/09 GET /v1/AUTH_233cd3df76d2455f93405d4e62407b5d/gnocchi.ae151a2d-ffc9-474d-9361-ee05ad7390b7/none_v3 HTTP/1.0 404 - python-swiftclient-3.11.1 gAAAAABpe0sU3ETA... - 70 - txc0f7402581b9423e94c0b-00697b4bc9 - 0.0123 - - 1769688009.041805744 1769688009.054062128 0
Jan 29 12:00:09 standalone account-server[127353]: 172.20.0.100 - - [29/Jan/2026:12:00:09 +0000] "PUT /d1/482/AUTH_233cd3df76d2455f93405d4e62407b5d/gnocchi.ae151a2d-ffc9-474d-9361-ee05ad7390b7" 201 - "PUT http://172.20.0.100:6001/d1/233/AUTH_233cd3df76d2455f93405d4e62407b5d/gnocchi.ae151a2d-ffc9-474d-9361-ee05ad7390b7" "tx32a5a740e6e64e06bc82f-00697b4bc9" "container-server 17" 0.0041 "-" 20 0
Jan 29 12:00:09 standalone container-server[127485]: 172.20.0.100 - - [29/Jan/2026:12:00:09 +0000] "PUT /d1/233/AUTH_233cd3df76d2455f93405d4e62407b5d/gnocchi.ae151a2d-ffc9-474d-9361-ee05ad7390b7" 201 - "PUT http://172.18.0.2:8080/v1/AUTH_233cd3df76d2455f93405d4e62407b5d/gnocchi.ae151a2d-ffc9-474d-9361-ee05ad7390b7" "tx32a5a740e6e64e06bc82f-00697b4bc9" "proxy-server 20" 0.0164 "-" 17 0
Jan 29 12:00:09 standalone proxy-server[129651]: 172.18.0.2 172.18.0.100 29/Jan/2026/12/00/09 PUT /v1/AUTH_233cd3df76d2455f93405d4e62407b5d/gnocchi.ae151a2d-ffc9-474d-9361-ee05ad7390b7 HTTP/1.0 201 - python-swiftclient-3.11.1 gAAAAABpe0sU3ETA... - - - tx32a5a740e6e64e06bc82f-00697b4bc9 - 0.0234 - - 1769688009.056657553 1769688009.080037832 0
Jan 29 12:00:09 standalone container-server[127478]: 172.20.0.100 - - [29/Jan/2026:12:00:09 +0000] "HEAD /d1/233/AUTH_233cd3df76d2455f93405d4e62407b5d/gnocchi.ae151a2d-ffc9-474d-9361-ee05ad7390b7" 204 - "HEAD http://172.18.0.2:8080/v1/AUTH_233cd3df76d2455f93405d4e62407b5d/gnocchi.ae151a2d-ffc9-474d-9361-ee05ad7390b7?format=json&states=listing" "tx424f3517545d41f6b646c-00697b4bc9" "proxy-server 20" 0.0011 "-" 16 0
Jan 29 12:00:09 standalone proxy-server[129651]: - - 29/Jan/2026/12/00/09 HEAD /v1/AUTH_233cd3df76d2455f93405d4e62407b5d/gnocchi.ae151a2d-ffc9-474d-9361-ee05ad7390b7%3Fformat%3Djson%26states%3Dlisting HTTP/1.0 204 - Swift - - - - tx424f3517545d41f6b646c-00697b4bc9 - 0.0059 RL - 1769688009.085173607 1769688009.091035604 0
Jan 29 12:00:09 standalone container-server[127472]: 172.20.0.100 - - [29/Jan/2026:12:00:09 +0000] "GET /d1/233/AUTH_233cd3df76d2455f93405d4e62407b5d/gnocchi.ae151a2d-ffc9-474d-9361-ee05ad7390b7" 200 2 "GET http://172.18.0.2:8080/v1/AUTH_233cd3df76d2455f93405d4e62407b5d/gnocchi.ae151a2d-ffc9-474d-9361-ee05ad7390b7?format=json&states=listing" "tx424f3517545d41f6b646c-00697b4bc9" "proxy-server 20" 0.0032 "-" 15 0
Jan 29 12:00:09 standalone proxy-server[129651]: 172.18.0.2 172.18.0.100 29/Jan/2026/12/00/09 GET /v1/AUTH_233cd3df76d2455f93405d4e62407b5d/gnocchi.ae151a2d-ffc9-474d-9361-ee05ad7390b7%3Fformat%3Djson%26states%3Dlisting HTTP/1.0 200 - python-swiftclient-3.11.1 gAAAAABpe0sU3ETA... - 2 - tx424f3517545d41f6b646c-00697b4bc9 - 0.0222 - - 1769688009.083524466 1769688009.105761766 0
Jan 29 12:00:09 standalone object-server[127681]: 172.20.0.100 - - [29/Jan/2026:12:00:09 +0000] "GET /d1/751/AUTH_233cd3df76d2455f93405d4e62407b5d/gnocchi.ae151a2d-ffc9-474d-9361-ee05ad7390b7/1769040000.0_mean_300.0_v3" 404 70 "GET http://172.18.0.2:8080/v1/AUTH_233cd3df76d2455f93405d4e62407b5d/gnocchi.ae151a2d-ffc9-474d-9361-ee05ad7390b7/1769040000.0_mean_300.0_v3" "txdd826ce880dc4462b6f3f-00697b4bc9" "proxy-server 20" 0.0003 "-" 25 0
Jan 29 12:00:09 standalone proxy-server[129651]: 172.18.0.2 172.18.0.100 29/Jan/2026/12/00/09 GET /v1/AUTH_233cd3df76d2455f93405d4e62407b5d/gnocchi.ae151a2d-ffc9-474d-9361-ee05ad7390b7/1769040000.0_mean_300.0_v3 HTTP/1.0 404 - python-swiftclient-3.11.1 gAAAAABpe0sU3ETA... - 70 - txdd826ce880dc4462b6f3f-00697b4bc9 - 0.0155 - - 1769688009.110419512 1769688009.125954151 0
Jan 29 12:00:09 standalone container-server[127472]: 172.20.0.100 - - [29/Jan/2026:12:00:09 +0000] "PUT /d1/233/AUTH_233cd3df76d2455f93405d4e62407b5d/gnocchi.ae151a2d-ffc9-474d-9361-ee05ad7390b7/1769040000.0_mean_300.0_v3" 201 - "PUT http://172.18.0.2:8080/d1/751/AUTH_233cd3df76d2455f93405d4e62407b5d/gnocchi.ae151a2d-ffc9-474d-9361-ee05ad7390b7/1769040000.0_mean_300.0_v3" "tx01171459a00e40baa9301-00697b4bc9" "object-server 22" 0.0008 "-" 15 0
Jan 29 12:00:09 standalone object-server[127658]: 172.20.0.100 - - [29/Jan/2026:12:00:09 +0000] "PUT /d1/751/AUTH_233cd3df76d2455f93405d4e62407b5d/gnocchi.ae151a2d-ffc9-474d-9361-ee05ad7390b7/1769040000.0_mean_300.0_v3" 201 - "PUT http://172.18.0.2:8080/v1/AUTH_233cd3df76d2455f93405d4e62407b5d/gnocchi.ae151a2d-ffc9-474d-9361-ee05ad7390b7/1769040000.0_mean_300.0_v3" "tx01171459a00e40baa9301-00697b4bc9" "proxy-server 20" 0.0095 "-" 22 0
Jan 29 12:00:09 standalone proxy-server[129651]: 172.18.0.2 172.18.0.100 29/Jan/2026/12/00/09 PUT /v1/AUTH_233cd3df76d2455f93405d4e62407b5d/gnocchi.ae151a2d-ffc9-474d-9361-ee05ad7390b7/1769040000.0_mean_300.0_v3 HTTP/1.0 201 - python-swiftclient-3.11.1 gAAAAABpe0sU3ETA... 16 - - tx01171459a00e40baa9301-00697b4bc9 - 0.0177 - - 1769688009.129472256 1769688009.147156239 0
Jan 29 12:00:09 standalone container-server[127466]: 172.20.0.100 - - [29/Jan/2026:12:00:09 +0000] "PUT /d1/233/AUTH_233cd3df76d2455f93405d4e62407b5d/gnocchi.ae151a2d-ffc9-474d-9361-ee05ad7390b7/none_v3" 201 - "PUT http://172.18.0.2:8080/d1/749/AUTH_233cd3df76d2455f93405d4e62407b5d/gnocchi.ae151a2d-ffc9-474d-9361-ee05ad7390b7/none_v3" "tx0bd9a85a4e6f49f78972f-00697b4bc9" "object-server 23" 0.0005 "-" 14 0
Jan 29 12:00:09 standalone object-server[127667]: 172.20.0.100 - - [29/Jan/2026:12:00:09 +0000] "PUT /d1/749/AUTH_233cd3df76d2455f93405d4e62407b5d/gnocchi.ae151a2d-ffc9-474d-9361-ee05ad7390b7/none_v3" 201 - "PUT http://172.18.0.2:8080/v1/AUTH_233cd3df76d2455f93405d4e62407b5d/gnocchi.ae151a2d-ffc9-474d-9361-ee05ad7390b7/none_v3" "tx0bd9a85a4e6f49f78972f-00697b4bc9" "proxy-server 20" 0.0096 "-" 23 0
Jan 29 12:00:09 standalone proxy-server[129651]: 172.18.0.2 172.18.0.100 29/Jan/2026/12/00/09 PUT /v1/AUTH_233cd3df76d2455f93405d4e62407b5d/gnocchi.ae151a2d-ffc9-474d-9361-ee05ad7390b7/none_v3 HTTP/1.0 201 - python-swiftclient-3.11.1 gAAAAABpe0sU3ETA... 22 - - tx0bd9a85a4e6f49f78972f-00697b4bc9 - 0.0168 - - 1769688009.150156021 1769688009.166978836 0
Jan 29 12:00:09 standalone container-server[127485]: 172.20.0.100 - - [29/Jan/2026:12:00:09 +0000] "HEAD /d1/402/AUTH_233cd3df76d2455f93405d4e62407b5d/gnocchi.46652e3d-ebeb-4644-96b3-2b178d93153c" 404 - "HEAD http://172.18.0.2:8080/v1/AUTH_233cd3df76d2455f93405d4e62407b5d/gnocchi.46652e3d-ebeb-4644-96b3-2b178d93153c?format=json&states=listing" "tx08fef74b464e43ef8ed52-00697b4bc9" "proxy-server 20" 0.0003 "-" 17 0
Jan 29 12:00:09 standalone object-server[127681]: 172.20.0.100 - - [29/Jan/2026:12:00:09 +0000] "GET /d1/374/AUTH_233cd3df76d2455f93405d4e62407b5d/gnocchi.46652e3d-ebeb-4644-96b3-2b178d93153c/none_v3" 404 70 "GET http://172.18.0.2:8080/v1/AUTH_233cd3df76d2455f93405d4e62407b5d/gnocchi.46652e3d-ebeb-4644-96b3-2b178d93153c/none_v3" "tx08fef74b464e43ef8ed52-00697b4bc9" "proxy-server 20" 0.0004 "-" 25 0
Jan 29 12:00:09 standalone proxy-server[129651]: 172.18.0.2 172.18.0.100 29/Jan/2026/12/00/09 GET /v1/AUTH_233cd3df76d2455f93405d4e62407b5d/gnocchi.46652e3d-ebeb-4644-96b3-2b178d93153c/none_v3 HTTP/1.0 404 - python-swiftclient-3.11.1 gAAAAABpe0sU3ETA... - 70 - tx08fef74b464e43ef8ed52-00697b4bc9 - 0.0119 - - 1769688009.182018757 1769688009.193943739 0
Jan 29 12:00:09 standalone account-server[127353]: 172.20.0.100 - - [29/Jan/2026:12:00:09 +0000] "PUT /d1/482/AUTH_233cd3df76d2455f93405d4e62407b5d/gnocchi.46652e3d-ebeb-4644-96b3-2b178d93153c" 201 - "PUT http://172.20.0.100:6001/d1/402/AUTH_233cd3df76d2455f93405d4e62407b5d/gnocchi.46652e3d-ebeb-4644-96b3-2b178d93153c" "tx91e975ddd2a743c0ab0b7-00697b4bc9" "container-server 16" 0.0043 "-" 20 0
Jan 29 12:00:09 standalone container-server[127478]: 172.20.0.100 - - [29/Jan/2026:12:00:09 +0000] "PUT /d1/402/AUTH_233cd3df76d2455f93405d4e62407b5d/gnocchi.46652e3d-ebeb-4644-96b3-2b178d93153c" 201 - "PUT http://172.18.0.2:8080/v1/AUTH_233cd3df76d2455f93405d4e62407b5d/gnocchi.46652e3d-ebeb-4644-96b3-2b178d93153c" "tx91e975ddd2a743c0ab0b7-00697b4bc9" "proxy-server 20" 0.0138 "-" 16 0
Jan 29 12:00:09 standalone proxy-server[129651]: 172.18.0.2 172.18.0.100 29/Jan/2026/12/00/09 PUT /v1/AUTH_233cd3df76d2455f93405d4e62407b5d/gnocchi.46652e3d-ebeb-4644-96b3-2b178d93153c HTTP/1.0 201 - python-swiftclient-3.11.1 gAAAAABpe0sU3ETA... - - - tx91e975ddd2a743c0ab0b7-00697b4bc9 - 0.0221 - - 1769688009.197216272 1769688009.219279766 0
Jan 29 12:00:09 standalone container-server[127472]: 172.20.0.100 - - [29/Jan/2026:12:00:09 +0000] "HEAD /d1/735/AUTH_233cd3df76d2455f93405d4e62407b5d/gnocchi.f00d524f-3fb0-48e6-a976-ca533cdd9ebc" 404 - "HEAD http://172.18.0.2:8080/v1/AUTH_233cd3df76d2455f93405d4e62407b5d/gnocchi.f00d524f-3fb0-48e6-a976-ca533cdd9ebc?format=json&states=listing" "tx9a88620c801c456ba86ee-00697b4bc9" "proxy-server 20" 0.0006 "-" 15 0
Jan 29 12:00:09 standalone object-server[127667]: 172.20.0.100 - - [29/Jan/2026:12:00:09 +0000] "GET /d1/629/AUTH_233cd3df76d2455f93405d4e62407b5d/gnocchi.f00d524f-3fb0-48e6-a976-ca533cdd9ebc/none_v3" 404 70 "GET http://172.18.0.2:8080/v1/AUTH_233cd3df76d2455f93405d4e62407b5d/gnocchi.f00d524f-3fb0-48e6-a976-ca533cdd9ebc/none_v3" "tx9a88620c801c456ba86ee-00697b4bc9" "proxy-server 20" 0.0003 "-" 23 0
Jan 29 12:00:09 standalone proxy-server[129651]: 172.18.0.2 172.18.0.100 29/Jan/2026/12/00/09 GET /v1/AUTH_233cd3df76d2455f93405d4e62407b5d/gnocchi.f00d524f-3fb0-48e6-a976-ca533cdd9ebc/none_v3 HTTP/1.0 404 - python-swiftclient-3.11.1 gAAAAABpe0sU3ETA... - 70 - tx9a88620c801c456ba86ee-00697b4bc9 - 0.0103 - - 1769688009.223015308 1769688009.233268499 0
Jan 29 12:00:09 standalone account-server[127369]: 172.20.0.100 - - [29/Jan/2026:12:00:09 +0000] "PUT /d1/482/AUTH_233cd3df76d2455f93405d4e62407b5d/gnocchi.f00d524f-3fb0-48e6-a976-ca533cdd9ebc" 201 - "PUT http://172.20.0.100:6001/d1/735/AUTH_233cd3df76d2455f93405d4e62407b5d/gnocchi.f00d524f-3fb0-48e6-a976-ca533cdd9ebc" "tx36e18d77f21d4645bd229-00697b4bc9" "container-server 14" 0.0060 "-" 23 0
Jan 29 12:00:09 standalone container-server[127466]: 172.20.0.100 - - [29/Jan/2026:12:00:09 +0000] "PUT /d1/735/AUTH_233cd3df76d2455f93405d4e62407b5d/gnocchi.f00d524f-3fb0-48e6-a976-ca533cdd9ebc" 201 - "PUT http://172.18.0.2:8080/v1/AUTH_233cd3df76d2455f93405d4e62407b5d/gnocchi.f00d524f-3fb0-48e6-a976-ca533cdd9ebc" "tx36e18d77f21d4645bd229-00697b4bc9" "proxy-server 20" 0.0159 "-" 14 0
Jan 29 12:00:09 standalone proxy-server[129651]: 172.18.0.2 172.18.0.100 29/Jan/2026/12/00/09 PUT /v1/AUTH_233cd3df76d2455f93405d4e62407b5d/gnocchi.f00d524f-3fb0-48e6-a976-ca533cdd9ebc HTTP/1.0 201 - python-swiftclient-3.11.1 gAAAAABpe0sU3ETA... - - - tx36e18d77f21d4645bd229-00697b4bc9 - 0.0202 - - 1769688009.236643791 1769688009.256841421 0
Jan 29 12:00:09 standalone container-server[127478]: 172.20.0.100 - - [29/Jan/2026:12:00:09 +0000] "HEAD /d1/402/AUTH_233cd3df76d2455f93405d4e62407b5d/gnocchi.46652e3d-ebeb-4644-96b3-2b178d93153c" 204 - "HEAD http://172.18.0.2:8080/v1/AUTH_233cd3df76d2455f93405d4e62407b5d/gnocchi.46652e3d-ebeb-4644-96b3-2b178d93153c?format=json&states=listing" "tx24b71961f1984743ac8af-00697b4bc9" "proxy-server 20" 0.0012 "-" 16 0
Jan 29 12:00:09 standalone proxy-server[129651]: - - 29/Jan/2026/12/00/09 HEAD /v1/AUTH_233cd3df76d2455f93405d4e62407b5d/gnocchi.46652e3d-ebeb-4644-96b3-2b178d93153c%3Fformat%3Djson%26states%3Dlisting HTTP/1.0 204 - Swift - - - - tx24b71961f1984743ac8af-00697b4bc9 - 0.0041 RL - 1769688009.263916016 1769688009.267997503 0
Jan 29 12:00:09 standalone container-server[127466]: 172.20.0.100 - - [29/Jan/2026:12:00:09 +0000] "GET /d1/402/AUTH_233cd3df76d2455f93405d4e62407b5d/gnocchi.46652e3d-ebeb-4644-96b3-2b178d93153c" 200 2 "GET http://172.18.0.2:8080/v1/AUTH_233cd3df76d2455f93405d4e62407b5d/gnocchi.46652e3d-ebeb-4644-96b3-2b178d93153c?format=json&states=listing" "tx24b71961f1984743ac8af-00697b4bc9" "proxy-server 20" 0.0022 "-" 14 0
Jan 29 12:00:09 standalone proxy-server[129651]: 172.18.0.2 172.18.0.100 29/Jan/2026/12/00/09 GET /v1/AUTH_233cd3df76d2455f93405d4e62407b5d/gnocchi.46652e3d-ebeb-4644-96b3-2b178d93153c%3Fformat%3Djson%26states%3Dlisting HTTP/1.0 200 - python-swiftclient-3.11.1 gAAAAABpe0sU3ETA... - 2 - tx24b71961f1984743ac8af-00697b4bc9 - 0.0140 - - 1769688009.261777878 1769688009.275765181 0
Jan 29 12:00:09 standalone container-server[127466]: 172.20.0.100 - - [29/Jan/2026:12:00:09 +0000] "HEAD /d1/735/AUTH_233cd3df76d2455f93405d4e62407b5d/gnocchi.f00d524f-3fb0-48e6-a976-ca533cdd9ebc" 204 - "HEAD http://172.18.0.2:8080/v1/AUTH_233cd3df76d2455f93405d4e62407b5d/gnocchi.f00d524f-3fb0-48e6-a976-ca533cdd9ebc?format=json&states=listing" "txf1ba0e6ede884d32b52dd-00697b4bc9" "proxy-server 20" 0.0019 "-" 14 0
Jan 29 12:00:09 standalone proxy-server[129651]: - - 29/Jan/2026/12/00/09 HEAD /v1/AUTH_233cd3df76d2455f93405d4e62407b5d/gnocchi.f00d524f-3fb0-48e6-a976-ca533cdd9ebc%3Fformat%3Djson%26states%3Dlisting HTTP/1.0 204 - Swift - - - - txf1ba0e6ede884d32b52dd-00697b4bc9 - 0.0046 RL - 1769688009.282054901 1769688009.286681652 0
Jan 29 12:00:09 standalone container-server[127485]: 172.20.0.100 - - [29/Jan/2026:12:00:09 +0000] "GET /d1/735/AUTH_233cd3df76d2455f93405d4e62407b5d/gnocchi.f00d524f-3fb0-48e6-a976-ca533cdd9ebc" 200 2 "GET http://172.18.0.2:8080/v1/AUTH_233cd3df76d2455f93405d4e62407b5d/gnocchi.f00d524f-3fb0-48e6-a976-ca533cdd9ebc?format=json&states=listing" "txf1ba0e6ede884d32b52dd-00697b4bc9" "proxy-server 20" 0.0017 "-" 17 0
Jan 29 12:00:09 standalone proxy-server[129651]: 172.18.0.2 172.18.0.100 29/Jan/2026/12/00/09 GET /v1/AUTH_233cd3df76d2455f93405d4e62407b5d/gnocchi.f00d524f-3fb0-48e6-a976-ca533cdd9ebc%3Fformat%3Djson%26states%3Dlisting HTTP/1.0 200 - python-swiftclient-3.11.1 gAAAAABpe0sU3ETA... - 2 - txf1ba0e6ede884d32b52dd-00697b4bc9 - 0.0124 - - 1769688009.281078815 1769688009.293429613 0
Jan 29 12:00:09 standalone object-server[127667]: 172.20.0.100 - - [29/Jan/2026:12:00:09 +0000] "GET /d1/253/AUTH_233cd3df76d2455f93405d4e62407b5d/gnocchi.46652e3d-ebeb-4644-96b3-2b178d93153c/1769040000.0_mean_300.0_v3" 404 70 "GET http://172.18.0.2:8080/v1/AUTH_233cd3df76d2455f93405d4e62407b5d/gnocchi.46652e3d-ebeb-4644-96b3-2b178d93153c/1769040000.0_mean_300.0_v3" "txa70e97ab408841f19f378-00697b4bc9" "proxy-server 20" 0.0006 "-" 23 0
Jan 29 12:00:09 standalone proxy-server[129651]: 172.18.0.2 172.18.0.100 29/Jan/2026/12/00/09 GET /v1/AUTH_233cd3df76d2455f93405d4e62407b5d/gnocchi.46652e3d-ebeb-4644-96b3-2b178d93153c/1769040000.0_mean_300.0_v3 HTTP/1.0 404 - python-swiftclient-3.11.1 gAAAAABpe0sU3ETA... - 70 - txa70e97ab408841f19f378-00697b4bc9 - 0.0066 - - 1769688009.297881126 1769688009.304493427 0
Jan 29 12:00:09 standalone object-server[127681]: 172.20.0.100 - - [29/Jan/2026:12:00:09 +0000] "GET /d1/6/AUTH_233cd3df76d2455f93405d4e62407b5d/gnocchi.f00d524f-3fb0-48e6-a976-ca533cdd9ebc/1769040000.0_mean_300.0_v3" 404 70 "GET http://172.18.0.2:8080/v1/AUTH_233cd3df76d2455f93405d4e62407b5d/gnocchi.f00d524f-3fb0-48e6-a976-ca533cdd9ebc/1769040000.0_mean_300.0_v3" "tx90a1d3d6bd2648f88a94f-00697b4bc9" "proxy-server 20" 0.0003 "-" 25 0
Jan 29 12:00:09 standalone proxy-server[129651]: 172.18.0.2 172.18.0.100 29/Jan/2026/12/00/09 GET /v1/AUTH_233cd3df76d2455f93405d4e62407b5d/gnocchi.f00d524f-3fb0-48e6-a976-ca533cdd9ebc/1769040000.0_mean_300.0_v3 HTTP/1.0 404 - python-swiftclient-3.11.1 gAAAAABpe0sU3ETA... - 70 - tx90a1d3d6bd2648f88a94f-00697b4bc9 - 0.0054 - - 1769688009.309222698 1769688009.314578533 0
Jan 29 12:00:09 standalone container-server[127478]: 172.20.0.100 - - [29/Jan/2026:12:00:09 +0000] "PUT /d1/402/AUTH_233cd3df76d2455f93405d4e62407b5d/gnocchi.46652e3d-ebeb-4644-96b3-2b178d93153c/1769040000.0_mean_300.0_v3" 201 - "PUT http://172.18.0.2:8080/d1/253/AUTH_233cd3df76d2455f93405d4e62407b5d/gnocchi.46652e3d-ebeb-4644-96b3-2b178d93153c/1769040000.0_mean_300.0_v3" "tx737da00a4215460bb2872-00697b4bc9" "object-server 23" 0.0006 "-" 16 0
Jan 29 12:00:09 standalone object-server[127667]: 172.20.0.100 - - [29/Jan/2026:12:00:09 +0000] "PUT /d1/253/AUTH_233cd3df76d2455f93405d4e62407b5d/gnocchi.46652e3d-ebeb-4644-96b3-2b178d93153c/1769040000.0_mean_300.0_v3" 201 - "PUT http://172.18.0.2:8080/v1/AUTH_233cd3df76d2455f93405d4e62407b5d/gnocchi.46652e3d-ebeb-4644-96b3-2b178d93153c/1769040000.0_mean_300.0_v3" "tx737da00a4215460bb2872-00697b4bc9" "proxy-server 20" 0.0104 "-" 23 0
Jan 29 12:00:09 standalone proxy-server[129651]: 172.18.0.2 172.18.0.100 29/Jan/2026/12/00/09 PUT /v1/AUTH_233cd3df76d2455f93405d4e62407b5d/gnocchi.46652e3d-ebeb-4644-96b3-2b178d93153c/1769040000.0_mean_300.0_v3 HTTP/1.0 201 - python-swiftclient-3.11.1 gAAAAABpe0sU3ETA... 16 - - tx737da00a4215460bb2872-00697b4bc9 - 0.0164 - - 1769688009.319391966 1769688009.335783720 0
Jan 29 12:00:09 standalone container-server[127478]: 172.20.0.100 - - [29/Jan/2026:12:00:09 +0000] "PUT /d1/735/AUTH_233cd3df76d2455f93405d4e62407b5d/gnocchi.f00d524f-3fb0-48e6-a976-ca533cdd9ebc/1769040000.0_mean_300.0_v3" 201 - "PUT http://172.18.0.2:8080/d1/6/AUTH_233cd3df76d2455f93405d4e62407b5d/gnocchi.f00d524f-3fb0-48e6-a976-ca533cdd9ebc/1769040000.0_mean_300.0_v3" "txd5fcac4269464f37ba6e5-00697b4bc9" "object-server 23" 0.0005 "-" 16 0
Jan 29 12:00:09 standalone object-server[127667]: 172.20.0.100 - - [29/Jan/2026:12:00:09 +0000] "PUT /d1/6/AUTH_233cd3df76d2455f93405d4e62407b5d/gnocchi.f00d524f-3fb0-48e6-a976-ca533cdd9ebc/1769040000.0_mean_300.0_v3" 201 - "PUT http://172.18.0.2:8080/v1/AUTH_233cd3df76d2455f93405d4e62407b5d/gnocchi.f00d524f-3fb0-48e6-a976-ca533cdd9ebc/1769040000.0_mean_300.0_v3" "txd5fcac4269464f37ba6e5-00697b4bc9" "proxy-server 20" 0.0111 "-" 23 0
Jan 29 12:00:09 standalone proxy-server[129651]: 172.18.0.2 172.18.0.100 29/Jan/2026/12/00/09 PUT /v1/AUTH_233cd3df76d2455f93405d4e62407b5d/gnocchi.f00d524f-3fb0-48e6-a976-ca533cdd9ebc/1769040000.0_mean_300.0_v3 HTTP/1.0 201 - python-swiftclient-3.11.1 gAAAAABpe0sU3ETA... 16 - - txd5fcac4269464f37ba6e5-00697b4bc9 - 0.0208 - - 1769688009.340000868 1769688009.360808134 0
Jan 29 12:00:09 standalone container-server[127478]: 172.20.0.100 - - [29/Jan/2026:12:00:09 +0000] "PUT /d1/402/AUTH_233cd3df76d2455f93405d4e62407b5d/gnocchi.46652e3d-ebeb-4644-96b3-2b178d93153c/none_v3" 201 - "PUT http://172.18.0.2:8080/d1/374/AUTH_233cd3df76d2455f93405d4e62407b5d/gnocchi.46652e3d-ebeb-4644-96b3-2b178d93153c/none_v3" "txca72246e519343e5bc5c0-00697b4bc9" "object-server 22" 0.0006 "-" 16 0
Jan 29 12:00:09 standalone object-server[127658]: 172.20.0.100 - - [29/Jan/2026:12:00:09 +0000] "PUT /d1/374/AUTH_233cd3df76d2455f93405d4e62407b5d/gnocchi.46652e3d-ebeb-4644-96b3-2b178d93153c/none_v3" 201 - "PUT http://172.18.0.2:8080/v1/AUTH_233cd3df76d2455f93405d4e62407b5d/gnocchi.46652e3d-ebeb-4644-96b3-2b178d93153c/none_v3" "txca72246e519343e5bc5c0-00697b4bc9" "proxy-server 20" 0.0093 "-" 22 0
Jan 29 12:00:09 standalone proxy-server[129651]: 172.18.0.2 172.18.0.100 29/Jan/2026/12/00/09 PUT /v1/AUTH_233cd3df76d2455f93405d4e62407b5d/gnocchi.46652e3d-ebeb-4644-96b3-2b178d93153c/none_v3 HTTP/1.0 201 - python-swiftclient-3.11.1 gAAAAABpe0sU3ETA... 22 - - txca72246e519343e5bc5c0-00697b4bc9 - 0.0148 - - 1769688009.363881111 1769688009.378643751 0
Jan 29 12:00:09 standalone container-server[127472]: 172.20.0.100 - - [29/Jan/2026:12:00:09 +0000] "PUT /d1/735/AUTH_233cd3df76d2455f93405d4e62407b5d/gnocchi.f00d524f-3fb0-48e6-a976-ca533cdd9ebc/none_v3" 201 - "PUT http://172.18.0.2:8080/d1/629/AUTH_233cd3df76d2455f93405d4e62407b5d/gnocchi.f00d524f-3fb0-48e6-a976-ca533cdd9ebc/none_v3" "txb3d71504b8034bb3b1e02-00697b4bc9" "object-server 25" 0.0010 "-" 15 0
Jan 29 12:00:09 standalone object-server[127681]: 172.20.0.100 - - [29/Jan/2026:12:00:09 +0000] "PUT /d1/629/AUTH_233cd3df76d2455f93405d4e62407b5d/gnocchi.f00d524f-3fb0-48e6-a976-ca533cdd9ebc/none_v3" 201 - "PUT http://172.18.0.2:8080/v1/AUTH_233cd3df76d2455f93405d4e62407b5d/gnocchi.f00d524f-3fb0-48e6-a976-ca533cdd9ebc/none_v3" "txb3d71504b8034bb3b1e02-00697b4bc9" "proxy-server 20" 0.0107 "-" 25 0
Jan 29 12:00:09 standalone proxy-server[129651]: 172.18.0.2 172.18.0.100 29/Jan/2026/12/00/09 PUT /v1/AUTH_233cd3df76d2455f93405d4e62407b5d/gnocchi.f00d524f-3fb0-48e6-a976-ca533cdd9ebc/none_v3 HTTP/1.0 201 - python-swiftclient-3.11.1 gAAAAABpe0sU3ETA... 22 - - txb3d71504b8034bb3b1e02-00697b4bc9 - 0.0171 - - 1769688009.381560087 1769688009.398648739 0
Jan 29 12:00:09 standalone container-server[127485]: 172.20.0.100 - - [29/Jan/2026:12:00:09 +0000] "HEAD /d1/303/AUTH_233cd3df76d2455f93405d4e62407b5d/gnocchi.445a122f-65ff-4d2e-9329-9fafd7f34bc1" 404 - "HEAD http://172.18.0.2:8080/v1/AUTH_233cd3df76d2455f93405d4e62407b5d/gnocchi.445a122f-65ff-4d2e-9329-9fafd7f34bc1?format=json&states=listing" "tx2ae4d60190714280b94b5-00697b4bc9" "proxy-server 20" 0.0005 "-" 17 0
Jan 29 12:00:09 standalone object-server[127673]: 172.20.0.100 - - [29/Jan/2026:12:00:09 +0000] "GET /d1/92/AUTH_233cd3df76d2455f93405d4e62407b5d/gnocchi.445a122f-65ff-4d2e-9329-9fafd7f34bc1/none_v3" 404 70 "GET http://172.18.0.2:8080/v1/AUTH_233cd3df76d2455f93405d4e62407b5d/gnocchi.445a122f-65ff-4d2e-9329-9fafd7f34bc1/none_v3" "tx2ae4d60190714280b94b5-00697b4bc9" "proxy-server 20" 0.0003 "-" 24 0
Jan 29 12:00:09 standalone proxy-server[129651]: 172.18.0.2 172.18.0.100 29/Jan/2026/12/00/09 GET /v1/AUTH_233cd3df76d2455f93405d4e62407b5d/gnocchi.445a122f-65ff-4d2e-9329-9fafd7f34bc1/none_v3 HTTP/1.0 404 - python-swiftclient-3.11.1 gAAAAABpe0sU3ETA... - 70 - tx2ae4d60190714280b94b5-00697b4bc9 - 0.0104 - - 1769688009.414077759 1769688009.424460173 0
Jan 29 12:00:09 standalone account-server[127353]: 172.20.0.100 - - [29/Jan/2026:12:00:09 +0000] "PUT /d1/482/AUTH_233cd3df76d2455f93405d4e62407b5d/gnocchi.445a122f-65ff-4d2e-9329-9fafd7f34bc1" 201 - "PUT http://172.20.0.100:6001/d1/303/AUTH_233cd3df76d2455f93405d4e62407b5d/gnocchi.445a122f-65ff-4d2e-9329-9fafd7f34bc1" "tx442b22079f0e402da7244-00697b4bc9" "container-server 17" 0.0058 "-" 20 0
Jan 29 12:00:09 standalone container-server[127485]: 172.20.0.100 - - [29/Jan/2026:12:00:09 +0000] "PUT /d1/303/AUTH_233cd3df76d2455f93405d4e62407b5d/gnocchi.445a122f-65ff-4d2e-9329-9fafd7f34bc1" 201 - "PUT http://172.18.0.2:8080/v1/AUTH_233cd3df76d2455f93405d4e62407b5d/gnocchi.445a122f-65ff-4d2e-9329-9fafd7f34bc1" "tx442b22079f0e402da7244-00697b4bc9" "proxy-server 20" 0.0181 "-" 17 0
Jan 29 12:00:09 standalone proxy-server[129651]: 172.18.0.2 172.18.0.100 29/Jan/2026/12/00/09 PUT /v1/AUTH_233cd3df76d2455f93405d4e62407b5d/gnocchi.445a122f-65ff-4d2e-9329-9fafd7f34bc1 HTTP/1.0 201 - python-swiftclient-3.11.1 gAAAAABpe0sU3ETA... - - - tx442b22079f0e402da7244-00697b4bc9 - 0.0246 - - 1769688009.427175522 1769688009.451749086 0
Jan 29 12:00:09 standalone container-server[127466]: 172.20.0.100 - - [29/Jan/2026:12:00:09 +0000] "HEAD /d1/303/AUTH_233cd3df76d2455f93405d4e62407b5d/gnocchi.445a122f-65ff-4d2e-9329-9fafd7f34bc1" 204 - "HEAD http://172.18.0.2:8080/v1/AUTH_233cd3df76d2455f93405d4e62407b5d/gnocchi.445a122f-65ff-4d2e-9329-9fafd7f34bc1?format=json&states=listing" "txa6fbc284954e4eb89791d-00697b4bc9" "proxy-server 20" 0.0022 "-" 14 0
Jan 29 12:00:09 standalone proxy-server[129651]: - - 29/Jan/2026/12/00/09 HEAD /v1/AUTH_233cd3df76d2455f93405d4e62407b5d/gnocchi.445a122f-65ff-4d2e-9329-9fafd7f34bc1%3Fformat%3Djson%26states%3Dlisting HTTP/1.0 204 - Swift - - - - txa6fbc284954e4eb89791d-00697b4bc9 - 0.0073 RL - 1769688009.457513571 1769688009.464833736 0
Jan 29 12:00:09 standalone container-server[127478]: 172.20.0.100 - - [29/Jan/2026:12:00:09 +0000] "GET /d1/303/AUTH_233cd3df76d2455f93405d4e62407b5d/gnocchi.445a122f-65ff-4d2e-9329-9fafd7f34bc1" 200 2 "GET http://172.18.0.2:8080/v1/AUTH_233cd3df76d2455f93405d4e62407b5d/gnocchi.445a122f-65ff-4d2e-9329-9fafd7f34bc1?format=json&states=listing" "txa6fbc284954e4eb89791d-00697b4bc9" "proxy-server 20" 0.0024 "-" 16 0
Jan 29 12:00:09 standalone proxy-server[129651]: 172.18.0.2 172.18.0.100 29/Jan/2026/12/00/09 GET /v1/AUTH_233cd3df76d2455f93405d4e62407b5d/gnocchi.445a122f-65ff-4d2e-9329-9fafd7f34bc1%3Fformat%3Djson%26states%3Dlisting HTTP/1.0 200 - python-swiftclient-3.11.1 gAAAAABpe0sU3ETA... - 2 - txa6fbc284954e4eb89791d-00697b4bc9 - 0.0208 - - 1769688009.455764771 1769688009.476538181 0
Jan 29 12:00:09 standalone object-server[127658]: 172.20.0.100 - - [29/Jan/2026:12:00:09 +0000] "GET /d1/54/AUTH_233cd3df76d2455f93405d4e62407b5d/gnocchi.445a122f-65ff-4d2e-9329-9fafd7f34bc1/1769040000.0_mean_300.0_v3" 404 70 "GET http://172.18.0.2:8080/v1/AUTH_233cd3df76d2455f93405d4e62407b5d/gnocchi.445a122f-65ff-4d2e-9329-9fafd7f34bc1/1769040000.0_mean_300.0_v3" "tx81d9e120d4d54308a27a4-00697b4bc9" "proxy-server 20" 0.0003 "-" 22 0
Jan 29 12:00:09 standalone proxy-server[129651]: 172.18.0.2 172.18.0.100 29/Jan/2026/12/00/09 GET /v1/AUTH_233cd3df76d2455f93405d4e62407b5d/gnocchi.445a122f-65ff-4d2e-9329-9fafd7f34bc1/1769040000.0_mean_300.0_v3 HTTP/1.0 404 - python-swiftclient-3.11.1 gAAAAABpe0sU3ETA... - 70 - tx81d9e120d4d54308a27a4-00697b4bc9 - 0.0073 - - 1769688009.480627298 1769688009.487919569 0
Jan 29 12:00:09 standalone container-server[127478]: 172.20.0.100 - - [29/Jan/2026:12:00:09 +0000] "PUT /d1/303/AUTH_233cd3df76d2455f93405d4e62407b5d/gnocchi.445a122f-65ff-4d2e-9329-9fafd7f34bc1/1769040000.0_mean_300.0_v3" 201 - "PUT http://172.18.0.2:8080/d1/54/AUTH_233cd3df76d2455f93405d4e62407b5d/gnocchi.445a122f-65ff-4d2e-9329-9fafd7f34bc1/1769040000.0_mean_300.0_v3" "tx68238aedf3ac463f83558-00697b4bc9" "object-server 24" 0.0009 "-" 16 0
Jan 29 12:00:09 standalone object-server[127673]: 172.20.0.100 - - [29/Jan/2026:12:00:09 +0000] "PUT /d1/54/AUTH_233cd3df76d2455f93405d4e62407b5d/gnocchi.445a122f-65ff-4d2e-9329-9fafd7f34bc1/1769040000.0_mean_300.0_v3" 201 - "PUT http://172.18.0.2:8080/v1/AUTH_233cd3df76d2455f93405d4e62407b5d/gnocchi.445a122f-65ff-4d2e-9329-9fafd7f34bc1/1769040000.0_mean_300.0_v3" "tx68238aedf3ac463f83558-00697b4bc9" "proxy-server 20" 0.0098 "-" 24 0
Jan 29 12:00:09 standalone proxy-server[129651]: 172.18.0.2 172.18.0.100 29/Jan/2026/12/00/09 PUT /v1/AUTH_233cd3df76d2455f93405d4e62407b5d/gnocchi.445a122f-65ff-4d2e-9329-9fafd7f34bc1/1769040000.0_mean_300.0_v3 HTTP/1.0 201 - python-swiftclient-3.11.1 gAAAAABpe0sU3ETA... 16 - - tx68238aedf3ac463f83558-00697b4bc9 - 0.0164 - - 1769688009.491592646 1769688009.508009434 0
Jan 29 12:00:09 standalone container-server[127466]: 172.20.0.100 - - [29/Jan/2026:12:00:09 +0000] "PUT /d1/303/AUTH_233cd3df76d2455f93405d4e62407b5d/gnocchi.445a122f-65ff-4d2e-9329-9fafd7f34bc1/none_v3" 201 - "PUT http://172.18.0.2:8080/d1/92/AUTH_233cd3df76d2455f93405d4e62407b5d/gnocchi.445a122f-65ff-4d2e-9329-9fafd7f34bc1/none_v3" "txba63a6be7de34d2f9b815-00697b4bc9" "object-server 22" 0.0006 "-" 14 0
Jan 29 12:00:09 standalone object-server[127658]: 172.20.0.100 - - [29/Jan/2026:12:00:09 +0000] "PUT /d1/92/AUTH_233cd3df76d2455f93405d4e62407b5d/gnocchi.445a122f-65ff-4d2e-9329-9fafd7f34bc1/none_v3" 201 - "PUT http://172.18.0.2:8080/v1/AUTH_233cd3df76d2455f93405d4e62407b5d/gnocchi.445a122f-65ff-4d2e-9329-9fafd7f34bc1/none_v3" "txba63a6be7de34d2f9b815-00697b4bc9" "proxy-server 20" 0.0125 "-" 22 0
Jan 29 12:00:09 standalone proxy-server[129651]: 172.18.0.2 172.18.0.100 29/Jan/2026/12/00/09 PUT /v1/AUTH_233cd3df76d2455f93405d4e62407b5d/gnocchi.445a122f-65ff-4d2e-9329-9fafd7f34bc1/none_v3 HTTP/1.0 201 - python-swiftclient-3.11.1 gAAAAABpe0sU3ETA... 22 - - txba63a6be7de34d2f9b815-00697b4bc9 - 0.0200 - - 1769688009.511389017 1769688009.531380415 0
Jan 29 12:00:09 standalone container-server[127466]: 172.20.0.100 - - [29/Jan/2026:12:00:09 +0000] "HEAD /d1/782/AUTH_233cd3df76d2455f93405d4e62407b5d/gnocchi.830e9dc7-3972-43f1-8608-f9d77189afc2" 404 - "HEAD http://172.18.0.2:8080/v1/AUTH_233cd3df76d2455f93405d4e62407b5d/gnocchi.830e9dc7-3972-43f1-8608-f9d77189afc2?format=json&states=listing" "tx31e8dd8ab69e44cdb74f5-00697b4bc9" "proxy-server 20" 0.0004 "-" 14 0
Jan 29 12:00:09 standalone object-server[127667]: 172.20.0.100 - - [29/Jan/2026:12:00:09 +0000] "GET /d1/696/AUTH_233cd3df76d2455f93405d4e62407b5d/gnocchi.830e9dc7-3972-43f1-8608-f9d77189afc2/none_v3" 404 70 "GET http://172.18.0.2:8080/v1/AUTH_233cd3df76d2455f93405d4e62407b5d/gnocchi.830e9dc7-3972-43f1-8608-f9d77189afc2/none_v3" "tx31e8dd8ab69e44cdb74f5-00697b4bc9" "proxy-server 20" 0.0003 "-" 23 0
Jan 29 12:00:09 standalone proxy-server[129651]: 172.18.0.2 172.18.0.100 29/Jan/2026/12/00/09 GET /v1/AUTH_233cd3df76d2455f93405d4e62407b5d/gnocchi.830e9dc7-3972-43f1-8608-f9d77189afc2/none_v3 HTTP/1.0 404 - python-swiftclient-3.11.1 gAAAAABpe0sU3ETA... - 70 - tx31e8dd8ab69e44cdb74f5-00697b4bc9 - 0.0129 - - 1769688009.547587872 1769688009.560452700 0
Jan 29 12:00:09 standalone account-server[127369]: 172.20.0.100 - - [29/Jan/2026:12:00:09 +0000] "PUT /d1/482/AUTH_233cd3df76d2455f93405d4e62407b5d/gnocchi.830e9dc7-3972-43f1-8608-f9d77189afc2" 201 - "PUT http://172.20.0.100:6001/d1/782/AUTH_233cd3df76d2455f93405d4e62407b5d/gnocchi.830e9dc7-3972-43f1-8608-f9d77189afc2" "tx90eeef386efd4c8faa224-00697b4bc9" "container-server 17" 0.0059 "-" 23 0
Jan 29 12:00:09 standalone container-server[127485]: 172.20.0.100 - - [29/Jan/2026:12:00:09 +0000] "PUT /d1/782/AUTH_233cd3df76d2455f93405d4e62407b5d/gnocchi.830e9dc7-3972-43f1-8608-f9d77189afc2" 201 - "PUT http://172.18.0.2:8080/v1/AUTH_233cd3df76d2455f93405d4e62407b5d/gnocchi.830e9dc7-3972-43f1-8608-f9d77189afc2" "tx90eeef386efd4c8faa224-00697b4bc9" "proxy-server 20" 0.0139 "-" 17 0
Jan 29 12:00:09 standalone proxy-server[129651]: 172.18.0.2 172.18.0.100 29/Jan/2026/12/00/09 PUT /v1/AUTH_233cd3df76d2455f93405d4e62407b5d/gnocchi.830e9dc7-3972-43f1-8608-f9d77189afc2 HTTP/1.0 201 - python-swiftclient-3.11.1 gAAAAABpe0sU3ETA... - - - tx90eeef386efd4c8faa224-00697b4bc9 - 0.0250 - - 1769688009.563933134 1769688009.588932276 0
Jan 29 12:00:09 standalone container-server[127485]: 172.20.0.100 - - [29/Jan/2026:12:00:09 +0000] "HEAD /d1/782/AUTH_233cd3df76d2455f93405d4e62407b5d/gnocchi.830e9dc7-3972-43f1-8608-f9d77189afc2" 204 - "HEAD http://172.18.0.2:8080/v1/AUTH_233cd3df76d2455f93405d4e62407b5d/gnocchi.830e9dc7-3972-43f1-8608-f9d77189afc2?format=json&states=listing" "tx2ac07e1106fd4ea8963a7-00697b4bc9" "proxy-server 20" 0.0010 "-" 17 0
Jan 29 12:00:09 standalone proxy-server[129651]: - - 29/Jan/2026/12/00/09 HEAD /v1/AUTH_233cd3df76d2455f93405d4e62407b5d/gnocchi.830e9dc7-3972-43f1-8608-f9d77189afc2%3Fformat%3Djson%26states%3Dlisting HTTP/1.0 204 - Swift - - - - tx2ac07e1106fd4ea8963a7-00697b4bc9 - 0.0039 RL - 1769688009.594047785 1769688009.597948790 0
Jan 29 12:00:09 standalone container-server[127478]: 172.20.0.100 - - [29/Jan/2026:12:00:09 +0000] "GET /d1/782/AUTH_233cd3df76d2455f93405d4e62407b5d/gnocchi.830e9dc7-3972-43f1-8608-f9d77189afc2" 200 2 "GET http://172.18.0.2:8080/v1/AUTH_233cd3df76d2455f93405d4e62407b5d/gnocchi.830e9dc7-3972-43f1-8608-f9d77189afc2?format=json&states=listing" "tx2ac07e1106fd4ea8963a7-00697b4bc9" "proxy-server 20" 0.0025 "-" 16 0
Jan 29 12:00:09 standalone proxy-server[129651]: 172.18.0.2 172.18.0.100 29/Jan/2026/12/00/09 GET /v1/AUTH_233cd3df76d2455f93405d4e62407b5d/gnocchi.830e9dc7-3972-43f1-8608-f9d77189afc2%3Fformat%3Djson%26states%3Dlisting HTTP/1.0 200 - python-swiftclient-3.11.1 gAAAAABpe0sU3ETA... - 2 - tx2ac07e1106fd4ea8963a7-00697b4bc9 - 0.0140 - - 1769688009.592812777 1769688009.606830120 0
Jan 29 12:00:09 standalone object-server[127681]: 172.20.0.100 - - [29/Jan/2026:12:00:09 +0000] "GET /d1/209/AUTH_233cd3df76d2455f93405d4e62407b5d/gnocchi.830e9dc7-3972-43f1-8608-f9d77189afc2/1769040000.0_mean_300.0_v3" 404 70 "GET http://172.18.0.2:8080/v1/AUTH_233cd3df76d2455f93405d4e62407b5d/gnocchi.830e9dc7-3972-43f1-8608-f9d77189afc2/1769040000.0_mean_300.0_v3" "txdf6322d78f3147de84a5d-00697b4bc9" "proxy-server 20" 0.0003 "-" 25 0
Jan 29 12:00:09 standalone proxy-server[129651]: 172.18.0.2 172.18.0.100 29/Jan/2026/12/00/09 GET /v1/AUTH_233cd3df76d2455f93405d4e62407b5d/gnocchi.830e9dc7-3972-43f1-8608-f9d77189afc2/1769040000.0_mean_300.0_v3 HTTP/1.0 404 - python-swiftclient-3.11.1 gAAAAABpe0sU3ETA... - 70 - txdf6322d78f3147de84a5d-00697b4bc9 - 0.0050 - - 1769688009.610701799 1769688009.615720272 0
Jan 29 12:00:09 standalone container-server[127485]: 172.20.0.100 - - [29/Jan/2026:12:00:09 +0000] "PUT /d1/782/AUTH_233cd3df76d2455f93405d4e62407b5d/gnocchi.830e9dc7-3972-43f1-8608-f9d77189afc2/1769040000.0_mean_300.0_v3" 201 - "PUT http://172.18.0.2:8080/d1/209/AUTH_233cd3df76d2455f93405d4e62407b5d/gnocchi.830e9dc7-3972-43f1-8608-f9d77189afc2/1769040000.0_mean_300.0_v3" "tx2d5132ed43dd495cb30ca-00697b4bc9" "object-server 25" 0.0005 "-" 17 0
Jan 29 12:00:09 standalone object-server[127681]: 172.20.0.100 - - [29/Jan/2026:12:00:09 +0000] "PUT /d1/209/AUTH_233cd3df76d2455f93405d4e62407b5d/gnocchi.830e9dc7-3972-43f1-8608-f9d77189afc2/1769040000.0_mean_300.0_v3" 201 - "PUT http://172.18.0.2:8080/v1/AUTH_233cd3df76d2455f93405d4e62407b5d/gnocchi.830e9dc7-3972-43f1-8608-f9d77189afc2/1769040000.0_mean_300.0_v3" "tx2d5132ed43dd495cb30ca-00697b4bc9" "proxy-server 20" 0.0069 "-" 25 0
Jan 29 12:00:09 standalone proxy-server[129651]: 172.18.0.2 172.18.0.100 29/Jan/2026/12/00/09 PUT /v1/AUTH_233cd3df76d2455f93405d4e62407b5d/gnocchi.830e9dc7-3972-43f1-8608-f9d77189afc2/1769040000.0_mean_300.0_v3 HTTP/1.0 201 - python-swiftclient-3.11.1 gAAAAABpe0sU3ETA... 16 - - tx2d5132ed43dd495cb30ca-00697b4bc9 - 0.0115 - - 1769688009.620279312 1769688009.631752491 0
Jan 29 12:00:09 standalone container-server[127478]: 172.20.0.100 - - [29/Jan/2026:12:00:09 +0000] "PUT /d1/782/AUTH_233cd3df76d2455f93405d4e62407b5d/gnocchi.830e9dc7-3972-43f1-8608-f9d77189afc2/none_v3" 201 - "PUT http://172.18.0.2:8080/d1/696/AUTH_233cd3df76d2455f93405d4e62407b5d/gnocchi.830e9dc7-3972-43f1-8608-f9d77189afc2/none_v3" "tx3215cdbbd7cf43508a530-00697b4bc9" "object-server 23" 0.0006 "-" 16 0
Jan 29 12:00:09 standalone object-server[127667]: 172.20.0.100 - - [29/Jan/2026:12:00:09 +0000] "PUT /d1/696/AUTH_233cd3df76d2455f93405d4e62407b5d/gnocchi.830e9dc7-3972-43f1-8608-f9d77189afc2/none_v3" 201 - "PUT http://172.18.0.2:8080/v1/AUTH_233cd3df76d2455f93405d4e62407b5d/gnocchi.830e9dc7-3972-43f1-8608-f9d77189afc2/none_v3" "tx3215cdbbd7cf43508a530-00697b4bc9" "proxy-server 20" 0.0078 "-" 23 0
