Jan 29 11:45:10 standalone account-server[127122]: Started child 19 from parent 2
Jan 29 11:45:10 standalone account-server[127122]: Started child 20 from parent 2
Jan 29 11:45:10 standalone account-server[127122]: Started child 21 from parent 2
Jan 29 11:45:10 standalone account-server[127122]: Started child 23 from parent 2
Jan 29 11:45:10 standalone account-server[127171]: Starting 2
Jan 29 11:45:11 standalone container-server[127292]: Starting 2
Jan 29 11:45:11 standalone container-server[127213]: Option allow_versions is deprecated. Configure the versioned_writes middleware in the proxy-server instead. This option will be ignored in a future release.
Jan 29 11:45:11 standalone container-server[127466]: Option allow_versions is deprecated. Configure the versioned_writes middleware in the proxy-server instead. This option will be ignored in a future release.
Jan 29 11:45:11 standalone container-server[127213]: Started child 14 from parent 2
Jan 29 11:45:11 standalone container-server[127472]: Option allow_versions is deprecated. Configure the versioned_writes middleware in the proxy-server instead. This option will be ignored in a future release.
Jan 29 11:45:11 standalone container-server[127213]: Started child 15 from parent 2
Jan 29 11:45:11 standalone container-server[127478]: Option allow_versions is deprecated. Configure the versioned_writes middleware in the proxy-server instead. This option will be ignored in a future release.
Jan 29 11:45:11 standalone container-server[127213]: Started child 16 from parent 2
Jan 29 11:45:11 standalone container-server[127485]: Option allow_versions is deprecated. Configure the versioned_writes middleware in the proxy-server instead. This option will be ignored in a future release.
Jan 29 11:45:11 standalone container-server[127213]: Started child 17 from parent 2
Jan 29 11:45:11 standalone object-server[127488]: Started child 22 from parent 2
Jan 29 11:45:11 standalone object-server[127488]: Started child 23 from parent 2
Jan 29 11:45:11 standalone object-server[127488]: Started child 24 from parent 2
Jan 29 11:45:11 standalone object-server[127488]: Started child 25 from parent 2
Jan 29 11:45:11 standalone object-expirer[127551]: Starting 2
Jan 29 11:45:11 standalone object-expirer[127551]: Option auto_create_account_prefix is deprecated. Configure auto_create_account_prefix under the swift-constraints section of swift.conf. This option will be ignored in a future release.
Jan 29 11:45:11 standalone object-server[127603]: Starting 2
Jan 29 11:45:17 standalone proxy-server[129369]: Starting Keystone auth_token middleware
Jan 29 11:45:17 standalone proxy-server[129369]: AuthToken middleware is set with keystone_authtoken.service_token_roles_required set to False. This is backwards compatible but deprecated behaviour. Please set this to True.
Jan 29 11:45:17 standalone proxy-server[129651]: Starting Keystone auth_token middleware
Jan 29 11:45:17 standalone proxy-server[129651]: STDERR: The option "bind_port" is not known to keystonemiddleware
Jan 29 11:45:17 standalone proxy-server[129651]: STDERR: The option "workers" is not known to keystonemiddleware
Jan 29 11:45:17 standalone proxy-server[129651]: STDERR: The option "user" is not known to keystonemiddleware
Jan 29 11:45:17 standalone proxy-server[129651]: STDERR: The option "bind_ip" is not known to keystonemiddleware
Jan 29 11:45:17 standalone proxy-server[129651]: STDERR: The option "log_name" is not known to keystonemiddleware
Jan 29 11:45:17 standalone proxy-server[129651]: STDERR: The option "log_facility" is not known to keystonemiddleware
Jan 29 11:45:17 standalone proxy-server[129651]: STDERR: The option "log_level" is not known to keystonemiddleware
Jan 29 11:45:17 standalone proxy-server[129651]: STDERR: The option "log_headers" is not known to keystonemiddleware
Jan 29 11:45:17 standalone proxy-server[129651]: STDERR: The option "log_address" is not known to keystonemiddleware
Jan 29 11:45:17 standalone proxy-server[129651]: STDERR: The option "project_name" is not known to keystonemiddleware
Jan 29 11:45:17 standalone proxy-server[129651]: STDERR: The option "username" is not known to keystonemiddleware
Jan 29 11:45:17 standalone proxy-server[129651]: STDERR: The option "password" is not known to keystonemiddleware
Jan 29 11:45:17 standalone proxy-server[129651]: STDERR: The option "auth_url" is not known to keystonemiddleware
Jan 29 11:45:17 standalone proxy-server[129651]: STDERR: The option "signing_dir" is not known to keystonemiddleware
Jan 29 11:45:17 standalone proxy-server[129651]: STDERR: The option "project_domain_id" is not known to keystonemiddleware
Jan 29 11:45:17 standalone proxy-server[129651]: STDERR: The option "user_domain_id" is not known to keystonemiddleware
Jan 29 11:45:17 standalone proxy-server[129651]: STDERR: The option "__name__" is not known to keystonemiddleware
Jan 29 11:45:17 standalone proxy-server[129651]: AuthToken middleware is set with keystone_authtoken.service_token_roles_required set to False. This is backwards compatible but deprecated behaviour. Please set this to True.
Jan 29 11:45:17 standalone proxy-server[129369]: Started child 20 from parent 2
Jan 29 11:45:29 standalone object-server[127603]: Begin object update sweep
Jan 29 11:45:29 standalone object-server[130958]: Object update sweep starting on /srv/node/d1 (pid: 11)
Jan 29 11:45:29 standalone object-server[130958]: Object update sweep completed on /srv/node/d1 in 0.00s seconds:, 0 successes, 0 failures, 0 quarantines, 0 unlinks, 0 errors, 0 redirects (pid: 11)
Jan 29 11:45:29 standalone object-server[130958]: Object update sweep of d1 completed: 0.00s, 0 successes, 0 failures, 0 quarantines, 0 unlinks, 0 errors, 0 redirects
Jan 29 11:45:29 standalone object-server[127603]: Object update sweep completed: 0.08s
Jan 29 11:46:10 standalone account-server[127369]: 172.20.0.100 - - [29/Jan/2026:11:46:10 +0000] "HEAD /d1/891/.expiring_objects" 404 - "HEAD http://localhost/v1/.expiring_objects?format=json" "tx1fc24583f0354ae3a3d96-00697b4882" "proxy-server 2" 0.0021 "-" 23 -
Jan 29 11:46:10 standalone object-expirer[127551]: Pass completed in 0s; 0 objects expired (txn: tx1fc24583f0354ae3a3d96-00697b4882)
Jan 29 11:46:25 standalone container-server[127292]: Begin container update sweep
Jan 29 11:46:25 standalone container-server[127292]: Container update sweep completed: 0.00s
Jan 29 11:50:25 standalone account-server[127353]: 172.20.0.100 - - [29/Jan/2026:11:50:25 +0000] "HEAD /d1/891/.expiring_objects" 404 - "HEAD http://localhost/v1/.expiring_objects?format=json" "tx79de905744724e00b97fa-00697b4981" "proxy-server 2" 0.0010 "-" 20 -
Jan 29 11:50:25 standalone object-expirer[127551]: Pass completed in 0s; 0 objects expired (txn: tx79de905744724e00b97fa-00697b4981)
Jan 29 11:50:29 standalone object-server[127603]: Begin object update sweep
Jan 29 11:50:29 standalone object-server[166937]: Object update sweep starting on /srv/node/d1 (pid: 13)
Jan 29 11:50:29 standalone object-server[166937]: Object update sweep completed on /srv/node/d1 in 0.00s seconds:, 0 successes, 0 failures, 0 quarantines, 0 unlinks, 0 errors, 0 redirects (pid: 13)
Jan 29 11:50:29 standalone object-server[166937]: Object update sweep of d1 completed: 0.00s, 0 successes, 0 failures, 0 quarantines, 0 unlinks, 0 errors, 0 redirects
Jan 29 11:50:29 standalone object-server[127603]: Object update sweep completed: 0.06s
Jan 29 11:51:25 standalone container-server[127292]: Begin container update sweep
Jan 29 11:51:25 standalone container-server[127292]: Container update sweep completed: 0.00s
Jan 29 11:52:41 standalone account-server[127356]: 172.20.0.100 - - [29/Jan/2026:11:52:41 +0000] "HEAD /d1/891/.expiring_objects" 404 - "HEAD http://localhost/v1/.expiring_objects?format=json" "txc1e68d08e8f74c2aac0e5-00697b4a09" "proxy-server 2" 0.0010 "-" 21 -
Jan 29 11:52:41 standalone object-expirer[127551]: Pass completed in 0s; 0 objects expired (txn: txc1e68d08e8f74c2aac0e5-00697b4a09)
Jan 29 11:55:30 standalone object-server[127603]: Begin object update sweep
Jan 29 11:55:30 standalone object-server[208574]: Object update sweep starting on /srv/node/d1 (pid: 14)
Jan 29 11:55:30 standalone object-server[208574]: Object update sweep completed on /srv/node/d1 in 0.00s seconds:, 0 successes, 0 failures, 0 quarantines, 0 unlinks, 0 errors, 0 redirects (pid: 14)
Jan 29 11:55:30 standalone object-server[208574]: Object update sweep of d1 completed: 0.00s, 0 successes, 0 failures, 0 quarantines, 0 unlinks, 0 errors, 0 redirects
Jan 29 11:55:30 standalone object-server[127603]: Object update sweep completed: 0.08s
Jan 29 11:56:25 standalone container-server[127292]: Begin container update sweep
Jan 29 11:56:25 standalone container-server[127292]: Container update sweep completed: 0.00s
Jan 29 11:56:38 standalone account-server[127353]: 172.20.0.100 - - [29/Jan/2026:11:56:38 +0000] "HEAD /d1/891/.expiring_objects" 404 - "HEAD http://localhost/v1/.expiring_objects?format=json" "txf1bdffb780e44b0ababea-00697b4af6" "proxy-server 2" 0.0003 "-" 20 -
Jan 29 11:56:38 standalone object-expirer[127551]: Pass completed in 0s; 0 objects expired (txn: txf1bdffb780e44b0ababea-00697b4af6)
Jan 29 11:57:08 standalone account-server[127353]: 172.20.0.100 - - [29/Jan/2026:11:57:08 +0000] "HEAD /d1/482/AUTH_233cd3df76d2455f93405d4e62407b5d" 404 - "HEAD http://172.18.0.2:8080/v1/AUTH_233cd3df76d2455f93405d4e62407b5d?format=json" "tx33278d36c1ac4d4eadc6b-00697b4b14" "proxy-server 20" 0.0004 "-" 20 -
Jan 29 11:57:08 standalone proxy-server[129651]: - - 29/Jan/2026/11/57/08 HEAD /v1/AUTH_233cd3df76d2455f93405d4e62407b5d%3Fformat%3Djson HTTP/1.0 200 - Swift - - - - tx33278d36c1ac4d4eadc6b-00697b4b14 - 0.0042 RL - 1769687828.268232346 1769687828.272421122 -
Jan 29 11:57:08 standalone object-server[127667]: 172.20.0.100 - - [29/Jan/2026:11:57:08 +0000] "GET /d1/875/AUTH_233cd3df76d2455f93405d4e62407b5d/gnocchi.bebcbbd9-1526-4a1c-8ee9-5b35511650b0/none_v3" 404 70 "GET http://172.18.0.2:8080/v1/AUTH_233cd3df76d2455f93405d4e62407b5d/gnocchi.bebcbbd9-1526-4a1c-8ee9-5b35511650b0/none_v3" "tx33278d36c1ac4d4eadc6b-00697b4b14" "proxy-server 20" 0.0014 "-" 23 0
Jan 29 11:57:08 standalone proxy-server[129651]: 172.18.0.2 172.18.0.100 29/Jan/2026/11/57/08 GET /v1/AUTH_233cd3df76d2455f93405d4e62407b5d/gnocchi.bebcbbd9-1526-4a1c-8ee9-5b35511650b0/none_v3 HTTP/1.0 404 - python-swiftclient-3.11.1 gAAAAABpe0sU3ETA... - 70 - tx33278d36c1ac4d4eadc6b-00697b4b14 - 0.3783 - - 1769687828.266141176 1769687828.644489050 0
Jan 29 11:57:08 standalone account-server[127342]: 172.20.0.100 - - [29/Jan/2026:11:57:08 +0000] "PUT /d1/482/AUTH_233cd3df76d2455f93405d4e62407b5d" 201 - "-" "tx333ecedacdcf40c292aec-00697b4b14" "-" 0.0185 "-" 19 -
Jan 29 11:57:08 standalone proxy-server[129651]: autocreate account '/AUTH_233cd3df76d2455f93405d4e62407b5d' (txn: tx333ecedacdcf40c292aec-00697b4b14)
Jan 29 11:57:08 standalone account-server[127369]: 172.20.0.100 - - [29/Jan/2026:11:57:08 +0000] "HEAD /d1/482/AUTH_233cd3df76d2455f93405d4e62407b5d" 204 - "HEAD http://172.18.0.2:8080/v1/AUTH_233cd3df76d2455f93405d4e62407b5d?format=json" "tx333ecedacdcf40c292aec-00697b4b14" "proxy-server 20" 0.0029 "-" 23 -
Jan 29 11:57:08 standalone account-server[127342]: 172.20.0.100 - - [29/Jan/2026:11:57:08 +0000] "PUT /d1/482/AUTH_233cd3df76d2455f93405d4e62407b5d/gnocchi.bebcbbd9-1526-4a1c-8ee9-5b35511650b0" 201 - "PUT http://172.20.0.100:6001/d1/236/AUTH_233cd3df76d2455f93405d4e62407b5d/gnocchi.bebcbbd9-1526-4a1c-8ee9-5b35511650b0" "tx333ecedacdcf40c292aec-00697b4b14" "container-server 15" 0.0022 "-" 19 0
Jan 29 11:57:08 standalone container-server[127472]: 172.20.0.100 - - [29/Jan/2026:11:57:08 +0000] "PUT /d1/236/AUTH_233cd3df76d2455f93405d4e62407b5d/gnocchi.bebcbbd9-1526-4a1c-8ee9-5b35511650b0" 201 - "PUT http://172.18.0.2:8080/v1/AUTH_233cd3df76d2455f93405d4e62407b5d/gnocchi.bebcbbd9-1526-4a1c-8ee9-5b35511650b0" "tx333ecedacdcf40c292aec-00697b4b14" "proxy-server 20" 0.0138 "-" 15 0
Jan 29 11:57:08 standalone proxy-server[129651]: 172.18.0.2 172.18.0.100 29/Jan/2026/11/57/08 PUT /v1/AUTH_233cd3df76d2455f93405d4e62407b5d/gnocchi.bebcbbd9-1526-4a1c-8ee9-5b35511650b0 HTTP/1.0 201 - python-swiftclient-3.11.1 gAAAAABpe0sU3ETA... - - - tx333ecedacdcf40c292aec-00697b4b14 - 0.0532 - - 1769687828.649863720 1769687828.703049421 0
Jan 29 11:57:08 standalone container-server[127472]: 172.20.0.100 - - [29/Jan/2026:11:57:08 +0000] "HEAD /d1/236/AUTH_233cd3df76d2455f93405d4e62407b5d/gnocchi.bebcbbd9-1526-4a1c-8ee9-5b35511650b0" 204 - "HEAD http://172.18.0.2:8080/v1/AUTH_233cd3df76d2455f93405d4e62407b5d/gnocchi.bebcbbd9-1526-4a1c-8ee9-5b35511650b0?format=json&states=listing" "txfd7fbb577e884e90b5b31-00697b4b14" "proxy-server 20" 0.0019 "-" 15 0
Jan 29 11:57:08 standalone proxy-server[129651]: - - 29/Jan/2026/11/57/08 HEAD /v1/AUTH_233cd3df76d2455f93405d4e62407b5d/gnocchi.bebcbbd9-1526-4a1c-8ee9-5b35511650b0%3Fformat%3Djson%26states%3Dlisting HTTP/1.0 204 - Swift - - - - txfd7fbb577e884e90b5b31-00697b4b14 - 0.0060 RL - 1769687828.710952282 1769687828.716978788 0
Jan 29 11:57:08 standalone container-server[127466]: 172.20.0.100 - - [29/Jan/2026:11:57:08 +0000] "GET /d1/236/AUTH_233cd3df76d2455f93405d4e62407b5d/gnocchi.bebcbbd9-1526-4a1c-8ee9-5b35511650b0" 200 2 "GET http://172.18.0.2:8080/v1/AUTH_233cd3df76d2455f93405d4e62407b5d/gnocchi.bebcbbd9-1526-4a1c-8ee9-5b35511650b0?format=json&states=listing" "txfd7fbb577e884e90b5b31-00697b4b14" "proxy-server 20" 0.0056 "-" 14 0
Jan 29 11:57:08 standalone proxy-server[129651]: 172.18.0.2 172.18.0.100 29/Jan/2026/11/57/08 GET /v1/AUTH_233cd3df76d2455f93405d4e62407b5d/gnocchi.bebcbbd9-1526-4a1c-8ee9-5b35511650b0%3Fformat%3Djson%26states%3Dlisting HTTP/1.0 200 - python-swiftclient-3.11.1 gAAAAABpe0sU3ETA... - 2 - txfd7fbb577e884e90b5b31-00697b4b14 - 0.0225 - - 1769687828.709172249 1769687828.731709003 0
Jan 29 11:57:08 standalone object-server[127658]: 172.20.0.100 - - [29/Jan/2026:11:57:08 +0000] "GET /d1/358/AUTH_233cd3df76d2455f93405d4e62407b5d/gnocchi.bebcbbd9-1526-4a1c-8ee9-5b35511650b0/1769040000.0_mean_300.0_v3" 404 70 "GET http://172.18.0.2:8080/v1/AUTH_233cd3df76d2455f93405d4e62407b5d/gnocchi.bebcbbd9-1526-4a1c-8ee9-5b35511650b0/1769040000.0_mean_300.0_v3" "tx67a45d3f050d4c46b68cd-00697b4b14" "proxy-server 20" 0.0012 "-" 22 0
Jan 29 11:57:08 standalone proxy-server[129651]: 172.18.0.2 172.18.0.100 29/Jan/2026/11/57/08 GET /v1/AUTH_233cd3df76d2455f93405d4e62407b5d/gnocchi.bebcbbd9-1526-4a1c-8ee9-5b35511650b0/1769040000.0_mean_300.0_v3 HTTP/1.0 404 - python-swiftclient-3.11.1 gAAAAABpe0sU3ETA... - 70 - tx67a45d3f050d4c46b68cd-00697b4b14 - 0.0100 - - 1769687828.738158941 1769687828.748161077 0
Jan 29 11:57:08 standalone container-server[127472]: 172.20.0.100 - - [29/Jan/2026:11:57:08 +0000] "PUT /d1/236/AUTH_233cd3df76d2455f93405d4e62407b5d/gnocchi.bebcbbd9-1526-4a1c-8ee9-5b35511650b0/1769040000.0_mean_300.0_v3" 201 - "PUT http://172.18.0.2:8080/d1/358/AUTH_233cd3df76d2455f93405d4e62407b5d/gnocchi.bebcbbd9-1526-4a1c-8ee9-5b35511650b0/1769040000.0_mean_300.0_v3" "tx137794aa693e448eb6942-00697b4b14" "object-server 23" 0.0006 "-" 15 0
Jan 29 11:57:08 standalone object-server[127667]: 172.20.0.100 - - [29/Jan/2026:11:57:08 +0000] "PUT /d1/358/AUTH_233cd3df76d2455f93405d4e62407b5d/gnocchi.bebcbbd9-1526-4a1c-8ee9-5b35511650b0/1769040000.0_mean_300.0_v3" 201 - "PUT http://172.18.0.2:8080/v1/AUTH_233cd3df76d2455f93405d4e62407b5d/gnocchi.bebcbbd9-1526-4a1c-8ee9-5b35511650b0/1769040000.0_mean_300.0_v3" "tx137794aa693e448eb6942-00697b4b14" "proxy-server 20" 0.0345 "-" 23 0
Jan 29 11:57:08 standalone proxy-server[129651]: 172.18.0.2 172.18.0.100 29/Jan/2026/11/57/08 PUT /v1/AUTH_233cd3df76d2455f93405d4e62407b5d/gnocchi.bebcbbd9-1526-4a1c-8ee9-5b35511650b0/1769040000.0_mean_300.0_v3 HTTP/1.0 201 - python-swiftclient-3.11.1 gAAAAABpe0sU3ETA... 16 - - tx137794aa693e448eb6942-00697b4b14 - 0.0443 - - 1769687828.753201485 1769687828.797500134 0
Jan 29 11:57:08 standalone container-server[127485]: 172.20.0.100 - - [29/Jan/2026:11:57:08 +0000] "PUT /d1/236/AUTH_233cd3df76d2455f93405d4e62407b5d/gnocchi.bebcbbd9-1526-4a1c-8ee9-5b35511650b0/none_v3" 201 - "PUT http://172.18.0.2:8080/d1/875/AUTH_233cd3df76d2455f93405d4e62407b5d/gnocchi.bebcbbd9-1526-4a1c-8ee9-5b35511650b0/none_v3" "txd336f1be9dfb4c9094f8f-00697b4b14" "object-server 23" 0.0019 "-" 17 0
Jan 29 11:57:08 standalone object-server[127667]: 172.20.0.100 - - [29/Jan/2026:11:57:08 +0000] "PUT /d1/875/AUTH_233cd3df76d2455f93405d4e62407b5d/gnocchi.bebcbbd9-1526-4a1c-8ee9-5b35511650b0/none_v3" 201 - "PUT http://172.18.0.2:8080/v1/AUTH_233cd3df76d2455f93405d4e62407b5d/gnocchi.bebcbbd9-1526-4a1c-8ee9-5b35511650b0/none_v3" "txd336f1be9dfb4c9094f8f-00697b4b14" "proxy-server 20" 0.0144 "-" 23 0
Jan 29 11:57:08 standalone proxy-server[129651]: 172.18.0.2 172.18.0.100 29/Jan/2026/11/57/08 PUT /v1/AUTH_233cd3df76d2455f93405d4e62407b5d/gnocchi.bebcbbd9-1526-4a1c-8ee9-5b35511650b0/none_v3 HTTP/1.0 201 - python-swiftclient-3.11.1 gAAAAABpe0sU3ETA... 32 - - txd336f1be9dfb4c9094f8f-00697b4b14 - 0.0223 - - 1769687828.801971436 1769687828.824266911 0
Jan 29 11:57:43 standalone account-server[127356]: 172.20.0.100 - - [29/Jan/2026:11:57:43 +0000] "HEAD /d1/891/.expiring_objects" 404 - "HEAD http://localhost/v1/.expiring_objects?format=json" "txa20d1c38b4a747e0a0269-00697b4b37" "proxy-server 2" 0.0005 "-" 21 -
Jan 29 11:57:43 standalone object-expirer[127551]: Pass completed in 0s; 0 objects expired (txn: txa20d1c38b4a747e0a0269-00697b4b37)
Jan 29 11:58:07 standalone container-server[127478]: 172.20.0.100 - - [29/Jan/2026:11:58:07 +0000] "HEAD /d1/135/AUTH_233cd3df76d2455f93405d4e62407b5d/gnocchi.889aba3a-476d-4093-a9f4-d2f5f62be440" 404 - "HEAD http://172.18.0.2:8080/v1/AUTH_233cd3df76d2455f93405d4e62407b5d/gnocchi.889aba3a-476d-4093-a9f4-d2f5f62be440?format=json&states=listing" "txe838dad278f54888826b8-00697b4b4f" "proxy-server 20" 0.0010 "-" 16 0
Jan 29 11:58:07 standalone object-server[127681]: 172.20.0.100 - - [29/Jan/2026:11:58:07 +0000] "GET /d1/933/AUTH_233cd3df76d2455f93405d4e62407b5d/gnocchi.889aba3a-476d-4093-a9f4-d2f5f62be440/none_v3" 404 70 "GET http://172.18.0.2:8080/v1/AUTH_233cd3df76d2455f93405d4e62407b5d/gnocchi.889aba3a-476d-4093-a9f4-d2f5f62be440/none_v3" "txe838dad278f54888826b8-00697b4b4f" "proxy-server 20" 0.0007 "-" 25 0
Jan 29 11:58:07 standalone proxy-server[129651]: 172.18.0.2 172.18.0.100 29/Jan/2026/11/58/07 GET /v1/AUTH_233cd3df76d2455f93405d4e62407b5d/gnocchi.889aba3a-476d-4093-a9f4-d2f5f62be440/none_v3 HTTP/1.0 404 - python-swiftclient-3.11.1 gAAAAABpe0sU3ETA... - 70 - txe838dad278f54888826b8-00697b4b4f - 0.0099 - - 1769687887.448323727 1769687887.458221912 0
Jan 29 11:58:07 standalone account-server[127353]: 172.20.0.100 - - [29/Jan/2026:11:58:07 +0000] "PUT /d1/482/AUTH_233cd3df76d2455f93405d4e62407b5d/gnocchi.889aba3a-476d-4093-a9f4-d2f5f62be440" 201 - "PUT http://172.20.0.100:6001/d1/135/AUTH_233cd3df76d2455f93405d4e62407b5d/gnocchi.889aba3a-476d-4093-a9f4-d2f5f62be440" "tx32d5bdb3e85743798a739-00697b4b4f" "container-server 16" 0.0061 "-" 20 0
Jan 29 11:58:07 standalone container-server[127478]: 172.20.0.100 - - [29/Jan/2026:11:58:07 +0000] "PUT /d1/135/AUTH_233cd3df76d2455f93405d4e62407b5d/gnocchi.889aba3a-476d-4093-a9f4-d2f5f62be440" 201 - "PUT http://172.18.0.2:8080/v1/AUTH_233cd3df76d2455f93405d4e62407b5d/gnocchi.889aba3a-476d-4093-a9f4-d2f5f62be440" "tx32d5bdb3e85743798a739-00697b4b4f" "proxy-server 20" 0.0163 "-" 16 0
Jan 29 11:58:07 standalone proxy-server[129651]: 172.18.0.2 172.18.0.100 29/Jan/2026/11/58/07 PUT /v1/AUTH_233cd3df76d2455f93405d4e62407b5d/gnocchi.889aba3a-476d-4093-a9f4-d2f5f62be440 HTTP/1.0 201 - python-swiftclient-3.11.1 gAAAAABpe0sU3ETA... - - - tx32d5bdb3e85743798a739-00697b4b4f - 0.0201 - - 1769687887.461387157 1769687887.481473207 0
Jan 29 11:58:07 standalone container-server[127466]: 172.20.0.100 - - [29/Jan/2026:11:58:07 +0000] "HEAD /d1/135/AUTH_233cd3df76d2455f93405d4e62407b5d/gnocchi.889aba3a-476d-4093-a9f4-d2f5f62be440" 204 - "HEAD http://172.18.0.2:8080/v1/AUTH_233cd3df76d2455f93405d4e62407b5d/gnocchi.889aba3a-476d-4093-a9f4-d2f5f62be440?format=json&states=listing" "txf611302208bb4a7695a65-00697b4b4f" "proxy-server 20" 0.0014 "-" 14 0
Jan 29 11:58:07 standalone proxy-server[129651]: - - 29/Jan/2026/11/58/07 HEAD /v1/AUTH_233cd3df76d2455f93405d4e62407b5d/gnocchi.889aba3a-476d-4093-a9f4-d2f5f62be440%3Fformat%3Djson%26states%3Dlisting HTTP/1.0 204 - Swift - - - - txf611302208bb4a7695a65-00697b4b4f - 0.0042 RL - 1769687887.485023260 1769687887.489234686 0
Jan 29 11:58:07 standalone container-server[127472]: 172.20.0.100 - - [29/Jan/2026:11:58:07 +0000] "GET /d1/135/AUTH_233cd3df76d2455f93405d4e62407b5d/gnocchi.889aba3a-476d-4093-a9f4-d2f5f62be440" 200 2 "GET http://172.18.0.2:8080/v1/AUTH_233cd3df76d2455f93405d4e62407b5d/gnocchi.889aba3a-476d-4093-a9f4-d2f5f62be440?format=json&states=listing" "txf611302208bb4a7695a65-00697b4b4f" "proxy-server 20" 0.0020 "-" 15 0
Jan 29 11:58:07 standalone proxy-server[129651]: 172.18.0.2 172.18.0.100 29/Jan/2026/11/58/07 GET /v1/AUTH_233cd3df76d2455f93405d4e62407b5d/gnocchi.889aba3a-476d-4093-a9f4-d2f5f62be440%3Fformat%3Djson%26states%3Dlisting HTTP/1.0 200 - python-swiftclient-3.11.1 gAAAAABpe0sU3ETA... - 2 - txf611302208bb4a7695a65-00697b4b4f - 0.0123 - - 1769687887.484205008 1769687887.496534824 0
Jan 29 11:58:07 standalone object-server[127667]: 172.20.0.100 - - [29/Jan/2026:11:58:07 +0000] "GET /d1/881/AUTH_233cd3df76d2455f93405d4e62407b5d/gnocchi.889aba3a-476d-4093-a9f4-d2f5f62be440/1769040000.0_mean_300.0_v3" 404 70 "GET http://172.18.0.2:8080/v1/AUTH_233cd3df76d2455f93405d4e62407b5d/gnocchi.889aba3a-476d-4093-a9f4-d2f5f62be440/1769040000.0_mean_300.0_v3" "tx9cdf75c6cf2a40d0976b6-00697b4b4f" "proxy-server 20" 0.0003 "-" 23 0
Jan 29 11:58:07 standalone proxy-server[129651]: 172.18.0.2 172.18.0.100 29/Jan/2026/11/58/07 GET /v1/AUTH_233cd3df76d2455f93405d4e62407b5d/gnocchi.889aba3a-476d-4093-a9f4-d2f5f62be440/1769040000.0_mean_300.0_v3 HTTP/1.0 404 - python-swiftclient-3.11.1 gAAAAABpe0sU3ETA... - 70 - tx9cdf75c6cf2a40d0976b6-00697b4b4f - 0.0049 - - 1769687887.499638557 1769687887.504533768 0
Jan 29 11:58:07 standalone container-server[127478]: 172.20.0.100 - - [29/Jan/2026:11:58:07 +0000] "PUT /d1/135/AUTH_233cd3df76d2455f93405d4e62407b5d/gnocchi.889aba3a-476d-4093-a9f4-d2f5f62be440/1769040000.0_mean_300.0_v3" 201 - "PUT http://172.18.0.2:8080/d1/881/AUTH_233cd3df76d2455f93405d4e62407b5d/gnocchi.889aba3a-476d-4093-a9f4-d2f5f62be440/1769040000.0_mean_300.0_v3" "tx88831e3fe38a4ee1ba16f-00697b4b4f" "object-server 23" 0.0006 "-" 16 0
Jan 29 11:58:07 standalone object-server[127667]: 172.20.0.100 - - [29/Jan/2026:11:58:07 +0000] "PUT /d1/881/AUTH_233cd3df76d2455f93405d4e62407b5d/gnocchi.889aba3a-476d-4093-a9f4-d2f5f62be440/1769040000.0_mean_300.0_v3" 201 - "PUT http://172.18.0.2:8080/v1/AUTH_233cd3df76d2455f93405d4e62407b5d/gnocchi.889aba3a-476d-4093-a9f4-d2f5f62be440/1769040000.0_mean_300.0_v3" "tx88831e3fe38a4ee1ba16f-00697b4b4f" "proxy-server 20" 0.0112 "-" 23 0
Jan 29 11:58:07 standalone proxy-server[129651]: 172.18.0.2 172.18.0.100 29/Jan/2026/11/58/07 PUT /v1/AUTH_233cd3df76d2455f93405d4e62407b5d/gnocchi.889aba3a-476d-4093-a9f4-d2f5f62be440/1769040000.0_mean_300.0_v3 HTTP/1.0 201 - python-swiftclient-3.11.1 gAAAAABpe0sU3ETA... 16 - - tx88831e3fe38a4ee1ba16f-00697b4b4f - 0.0157 - - 1769687887.509390354 1769687887.525052071 0
Jan 29 11:58:07 standalone container-server[127485]: 172.20.0.100 - - [29/Jan/2026:11:58:07 +0000] "PUT /d1/135/AUTH_233cd3df76d2455f93405d4e62407b5d/gnocchi.889aba3a-476d-4093-a9f4-d2f5f62be440/none_v3" 201 - "PUT http://172.18.0.2:8080/d1/933/AUTH_233cd3df76d2455f93405d4e62407b5d/gnocchi.889aba3a-476d-4093-a9f4-d2f5f62be440/none_v3" "txee5c17cc13804e0e84a82-00697b4b4f" "object-server 24" 0.0005 "-" 17 0
Jan 29 11:58:07 standalone object-server[127673]: 172.20.0.100 - - [29/Jan/2026:11:58:07 +0000] "PUT /d1/933/AUTH_233cd3df76d2455f93405d4e62407b5d/gnocchi.889aba3a-476d-4093-a9f4-d2f5f62be440/none_v3" 201 - "PUT http://172.18.0.2:8080/v1/AUTH_233cd3df76d2455f93405d4e62407b5d/gnocchi.889aba3a-476d-4093-a9f4-d2f5f62be440/none_v3" "txee5c17cc13804e0e84a82-00697b4b4f" "proxy-server 20" 0.0403 "-" 24 0
Jan 29 11:58:07 standalone proxy-server[129651]: 172.18.0.2 172.18.0.100 29/Jan/2026/11/58/07 PUT /v1/AUTH_233cd3df76d2455f93405d4e62407b5d/gnocchi.889aba3a-476d-4093-a9f4-d2f5f62be440/none_v3 HTTP/1.0 201 - python-swiftclient-3.11.1 gAAAAABpe0sU3ETA... 22 - - txee5c17cc13804e0e84a82-00697b4b4f - 0.0454 - - 1769687887.527570248 1769687887.573011875 0
Jan 29 11:58:07 standalone container-server[127466]: 172.20.0.100 - - [29/Jan/2026:11:58:07 +0000] "HEAD /d1/114/AUTH_233cd3df76d2455f93405d4e62407b5d/gnocchi.fdacb2de-6439-4102-83b6-fddb1b110c64" 404 - "HEAD http://172.18.0.2:8080/v1/AUTH_233cd3df76d2455f93405d4e62407b5d/gnocchi.fdacb2de-6439-4102-83b6-fddb1b110c64?format=json&states=listing" "tx5d8ebfa0c7104f5abe068-00697b4b4f" "proxy-server 20" 0.0006 "-" 14 0
Jan 29 11:58:07 standalone object-server[127673]: 172.20.0.100 - - [29/Jan/2026:11:58:07 +0000] "GET /d1/381/AUTH_233cd3df76d2455f93405d4e62407b5d/gnocchi.fdacb2de-6439-4102-83b6-fddb1b110c64/none_v3" 404 70 "GET http://172.18.0.2:8080/v1/AUTH_233cd3df76d2455f93405d4e62407b5d/gnocchi.fdacb2de-6439-4102-83b6-fddb1b110c64/none_v3" "tx5d8ebfa0c7104f5abe068-00697b4b4f" "proxy-server 20" 0.0005 "-" 24 0
Jan 29 11:58:07 standalone proxy-server[129651]: 172.18.0.2 172.18.0.100 29/Jan/2026/11/58/07 GET /v1/AUTH_233cd3df76d2455f93405d4e62407b5d/gnocchi.fdacb2de-6439-4102-83b6-fddb1b110c64/none_v3 HTTP/1.0 404 - python-swiftclient-3.11.1 gAAAAABpe0sU3ETA... - 70 - tx5d8ebfa0c7104f5abe068-00697b4b4f - 0.0118 - - 1769687887.582534313 1769687887.594368219 0
Jan 29 11:58:07 standalone account-server[127342]: 172.20.0.100 - - [29/Jan/2026:11:58:07 +0000] "PUT /d1/482/AUTH_233cd3df76d2455f93405d4e62407b5d/gnocchi.fdacb2de-6439-4102-83b6-fddb1b110c64" 201 - "PUT http://172.20.0.100:6001/d1/114/AUTH_233cd3df76d2455f93405d4e62407b5d/gnocchi.fdacb2de-6439-4102-83b6-fddb1b110c64" "tx5a72acef0a504ebba8958-00697b4b4f" "container-server 15" 0.0101 "-" 19 0
Jan 29 11:58:07 standalone container-server[127472]: 172.20.0.100 - - [29/Jan/2026:11:58:07 +0000] "PUT /d1/114/AUTH_233cd3df76d2455f93405d4e62407b5d/gnocchi.fdacb2de-6439-4102-83b6-fddb1b110c64" 201 - "PUT http://172.18.0.2:8080/v1/AUTH_233cd3df76d2455f93405d4e62407b5d/gnocchi.fdacb2de-6439-4102-83b6-fddb1b110c64" "tx5a72acef0a504ebba8958-00697b4b4f" "proxy-server 20" 0.0297 "-" 15 0
Jan 29 11:58:07 standalone proxy-server[129651]: 172.18.0.2 172.18.0.100 29/Jan/2026/11/58/07 PUT /v1/AUTH_233cd3df76d2455f93405d4e62407b5d/gnocchi.fdacb2de-6439-4102-83b6-fddb1b110c64 HTTP/1.0 201 - python-swiftclient-3.11.1 gAAAAABpe0sU3ETA... - - - tx5a72acef0a504ebba8958-00697b4b4f - 0.0351 - - 1769687887.598266602 1769687887.633371115 0
Jan 29 11:58:07 standalone container-server[127466]: 172.20.0.100 - - [29/Jan/2026:11:58:07 +0000] "HEAD /d1/114/AUTH_233cd3df76d2455f93405d4e62407b5d/gnocchi.fdacb2de-6439-4102-83b6-fddb1b110c64" 204 - "HEAD http://172.18.0.2:8080/v1/AUTH_233cd3df76d2455f93405d4e62407b5d/gnocchi.fdacb2de-6439-4102-83b6-fddb1b110c64?format=json&states=listing" "tx771160de9f3c40a8972d7-00697b4b4f" "proxy-server 20" 0.0012 "-" 14 0
Jan 29 11:58:07 standalone proxy-server[129651]: - - 29/Jan/2026/11/58/07 HEAD /v1/AUTH_233cd3df76d2455f93405d4e62407b5d/gnocchi.fdacb2de-6439-4102-83b6-fddb1b110c64%3Fformat%3Djson%26states%3Dlisting HTTP/1.0 204 - Swift - - - - tx771160de9f3c40a8972d7-00697b4b4f - 0.0041 RL - 1769687887.636911869 1769687887.641000271 0
Jan 29 11:58:07 standalone container-server[127466]: 172.20.0.100 - - [29/Jan/2026:11:58:07 +0000] "GET /d1/114/AUTH_233cd3df76d2455f93405d4e62407b5d/gnocchi.fdacb2de-6439-4102-83b6-fddb1b110c64" 200 2 "GET http://172.18.0.2:8080/v1/AUTH_233cd3df76d2455f93405d4e62407b5d/gnocchi.fdacb2de-6439-4102-83b6-fddb1b110c64?format=json&states=listing" "tx771160de9f3c40a8972d7-00697b4b4f" "proxy-server 20" 0.0014 "-" 14 0
Jan 29 11:58:07 standalone proxy-server[129651]: 172.18.0.2 172.18.0.100 29/Jan/2026/11/58/07 GET /v1/AUTH_233cd3df76d2455f93405d4e62407b5d/gnocchi.fdacb2de-6439-4102-83b6-fddb1b110c64%3Fformat%3Djson%26states%3Dlisting HTTP/1.0 200 - python-swiftclient-3.11.1 gAAAAABpe0sU3ETA... - 2 - tx771160de9f3c40a8972d7-00697b4b4f - 0.0112 - - 1769687887.636050940 1769687887.647280455 0
Jan 29 11:58:07 standalone object-server[127658]: 172.20.0.100 - - [29/Jan/2026:11:58:07 +0000] "GET /d1/750/AUTH_233cd3df76d2455f93405d4e62407b5d/gnocchi.fdacb2de-6439-4102-83b6-fddb1b110c64/1769040000.0_mean_300.0_v3" 404 70 "GET http://172.18.0.2:8080/v1/AUTH_233cd3df76d2455f93405d4e62407b5d/gnocchi.fdacb2de-6439-4102-83b6-fddb1b110c64/1769040000.0_mean_300.0_v3" "txcdf5cf6d4bd3461c95620-00697b4b4f" "proxy-server 20" 0.0003 "-" 22 0
Jan 29 11:58:07 standalone proxy-server[129651]: 172.18.0.2 172.18.0.100 29/Jan/2026/11/58/07 GET /v1/AUTH_233cd3df76d2455f93405d4e62407b5d/gnocchi.fdacb2de-6439-4102-83b6-fddb1b110c64/1769040000.0_mean_300.0_v3 HTTP/1.0 404 - python-swiftclient-3.11.1 gAAAAABpe0sU3ETA... - 70 - txcdf5cf6d4bd3461c95620-00697b4b4f - 0.0071 - - 1769687887.650475264 1769687887.657554388 0
Jan 29 11:58:07 standalone container-server[127466]: 172.20.0.100 - - [29/Jan/2026:11:58:07 +0000] "PUT /d1/114/AUTH_233cd3df76d2455f93405d4e62407b5d/gnocchi.fdacb2de-6439-4102-83b6-fddb1b110c64/1769040000.0_mean_300.0_v3" 201 - "PUT http://172.18.0.2:8080/d1/750/AUTH_233cd3df76d2455f93405d4e62407b5d/gnocchi.fdacb2de-6439-4102-83b6-fddb1b110c64/1769040000.0_mean_300.0_v3" "txdd3273892e0e45cd9e0af-00697b4b4f" "object-server 22" 0.0006 "-" 14 0
Jan 29 11:58:07 standalone object-server[127658]: 172.20.0.100 - - [29/Jan/2026:11:58:07 +0000] "PUT /d1/750/AUTH_233cd3df76d2455f93405d4e62407b5d/gnocchi.fdacb2de-6439-4102-83b6-fddb1b110c64/1769040000.0_mean_300.0_v3" 201 - "PUT http://172.18.0.2:8080/v1/AUTH_233cd3df76d2455f93405d4e62407b5d/gnocchi.fdacb2de-6439-4102-83b6-fddb1b110c64/1769040000.0_mean_300.0_v3" "txdd3273892e0e45cd9e0af-00697b4b4f" "proxy-server 20" 0.0307 "-" 22 0
Jan 29 11:58:07 standalone proxy-server[129651]: 172.18.0.2 172.18.0.100 29/Jan/2026/11/58/07 PUT /v1/AUTH_233cd3df76d2455f93405d4e62407b5d/gnocchi.fdacb2de-6439-4102-83b6-fddb1b110c64/1769040000.0_mean_300.0_v3 HTTP/1.0 201 - python-swiftclient-3.11.1 gAAAAABpe0sU3ETA... 16 - - txdd3273892e0e45cd9e0af-00697b4b4f - 0.0355 - - 1769687887.661005020 1769687887.696462393 0
Jan 29 11:58:07 standalone container-server[127472]: 172.20.0.100 - - [29/Jan/2026:11:58:07 +0000] "PUT /d1/114/AUTH_233cd3df76d2455f93405d4e62407b5d/gnocchi.fdacb2de-6439-4102-83b6-fddb1b110c64/none_v3" 201 - "PUT http://172.18.0.2:8080/d1/381/AUTH_233cd3df76d2455f93405d4e62407b5d/gnocchi.fdacb2de-6439-4102-83b6-fddb1b110c64/none_v3" "tx47c5a8544f394cc7956e9-00697b4b4f" "object-server 22" 0.0005 "-" 15 0
Jan 29 11:58:07 standalone object-server[127658]: 172.20.0.100 - - [29/Jan/2026:11:58:07 +0000] "PUT /d1/381/AUTH_233cd3df76d2455f93405d4e62407b5d/gnocchi.fdacb2de-6439-4102-83b6-fddb1b110c64/none_v3" 201 - "PUT http://172.18.0.2:8080/v1/AUTH_233cd3df76d2455f93405d4e62407b5d/gnocchi.fdacb2de-6439-4102-83b6-fddb1b110c64/none_v3" "tx47c5a8544f394cc7956e9-00697b4b4f" "proxy-server 20" 0.0180 "-" 22 0
Jan 29 11:58:07 standalone proxy-server[129651]: 172.18.0.2 172.18.0.100 29/Jan/2026/11/58/07 PUT /v1/AUTH_233cd3df76d2455f93405d4e62407b5d/gnocchi.fdacb2de-6439-4102-83b6-fddb1b110c64/none_v3 HTTP/1.0 201 - python-swiftclient-3.11.1 gAAAAABpe0sU3ETA... 22 - - tx47c5a8544f394cc7956e9-00697b4b4f - 0.0228 - - 1769687887.700139523 1769687887.722902060 0
Jan 29 11:58:15 standalone account-server[127342]: 172.20.0.100 - - [29/Jan/2026:11:58:15 +0000] "HEAD /d1/482/AUTH_233cd3df76d2455f93405d4e62407b5d" 204 - "HEAD http://172.18.0.2:8080/v1/AUTH_233cd3df76d2455f93405d4e62407b5d?format=json" "txcc1f1b97829543a08866d-00697b4b57" "proxy-server 20" 0.0092 "-" 19 -
Jan 29 11:58:15 standalone proxy-server[129651]: - - 29/Jan/2026/11/58/15 HEAD /v1/AUTH_233cd3df76d2455f93405d4e62407b5d%3Fformat%3Djson HTTP/1.0 204 - Swift - - - - txcc1f1b97829543a08866d-00697b4b57 - 0.0168 RL - 1769687895.362924814 1769687895.379680872 -
Jan 29 11:58:15 standalone container-server[127472]: 172.20.0.100 - - [29/Jan/2026:11:58:15 +0000] "HEAD /d1/485/AUTH_233cd3df76d2455f93405d4e62407b5d/gnocchi.50f0ad84-a693-49a4-8432-59877e4d5590" 404 - "HEAD http://172.18.0.2:8080/v1/AUTH_233cd3df76d2455f93405d4e62407b5d/gnocchi.50f0ad84-a693-49a4-8432-59877e4d5590?format=json&states=listing" "txcc1f1b97829543a08866d-00697b4b57" "proxy-server 20" 0.0008 "-" 15 0
Jan 29 11:58:15 standalone object-server[127681]: 172.20.0.100 - - [29/Jan/2026:11:58:15 +0000] "GET /d1/382/AUTH_233cd3df76d2455f93405d4e62407b5d/gnocchi.50f0ad84-a693-49a4-8432-59877e4d5590/none_v3" 404 70 "GET http://172.18.0.2:8080/v1/AUTH_233cd3df76d2455f93405d4e62407b5d/gnocchi.50f0ad84-a693-49a4-8432-59877e4d5590/none_v3" "txcc1f1b97829543a08866d-00697b4b57" "proxy-server 20" 0.0006 "-" 25 0
Jan 29 11:58:15 standalone proxy-server[129651]: 172.18.0.2 172.18.0.100 29/Jan/2026/11/58/15 GET /v1/AUTH_233cd3df76d2455f93405d4e62407b5d/gnocchi.50f0ad84-a693-49a4-8432-59877e4d5590/none_v3 HTTP/1.0 404 - python-swiftclient-3.11.1 gAAAAABpe0sU3ETA... - 70 - txcc1f1b97829543a08866d-00697b4b57 - 0.0399 - - 1769687895.360968113 1769687895.400851250 0
Jan 29 11:58:15 standalone account-server[127356]: 172.20.0.100 - - [29/Jan/2026:11:58:15 +0000] "PUT /d1/482/AUTH_233cd3df76d2455f93405d4e62407b5d/gnocchi.50f0ad84-a693-49a4-8432-59877e4d5590" 201 - "PUT http://172.20.0.100:6001/d1/485/AUTH_233cd3df76d2455f93405d4e62407b5d/gnocchi.50f0ad84-a693-49a4-8432-59877e4d5590" "tx5bf0596a3afe4f49963b7-00697b4b57" "container-server 17" 0.0017 "-" 21 0
Jan 29 11:58:15 standalone container-server[127485]: 172.20.0.100 - - [29/Jan/2026:11:58:15 +0000] "PUT /d1/485/AUTH_233cd3df76d2455f93405d4e62407b5d/gnocchi.50f0ad84-a693-49a4-8432-59877e4d5590" 201 - "PUT http://172.18.0.2:8080/v1/AUTH_233cd3df76d2455f93405d4e62407b5d/gnocchi.50f0ad84-a693-49a4-8432-59877e4d5590" "tx5bf0596a3afe4f49963b7-00697b4b57" "proxy-server 20" 0.0182 "-" 17 0
Jan 29 11:58:15 standalone proxy-server[129651]: 172.18.0.2 172.18.0.100 29/Jan/2026/11/58/15 PUT /v1/AUTH_233cd3df76d2455f93405d4e62407b5d/gnocchi.50f0ad84-a693-49a4-8432-59877e4d5590 HTTP/1.0 201 - python-swiftclient-3.11.1 gAAAAABpe0sU3ETA... - - - tx5bf0596a3afe4f49963b7-00697b4b57 - 0.0260 - - 1769687895.405753136 1769687895.431787252 0
Jan 29 11:58:15 standalone container-server[127466]: 172.20.0.100 - - [29/Jan/2026:11:58:15 +0000] "HEAD /d1/485/AUTH_233cd3df76d2455f93405d4e62407b5d/gnocchi.50f0ad84-a693-49a4-8432-59877e4d5590" 204 - "HEAD http://172.18.0.2:8080/v1/AUTH_233cd3df76d2455f93405d4e62407b5d/gnocchi.50f0ad84-a693-49a4-8432-59877e4d5590?format=json&states=listing" "txd87288ba6a7e4a949ffea-00697b4b57" "proxy-server 20" 0.0021 "-" 14 0
Jan 29 11:58:15 standalone proxy-server[129651]: - - 29/Jan/2026/11/58/15 HEAD /v1/AUTH_233cd3df76d2455f93405d4e62407b5d/gnocchi.50f0ad84-a693-49a4-8432-59877e4d5590%3Fformat%3Djson%26states%3Dlisting HTTP/1.0 204 - Swift - - - - txd87288ba6a7e4a949ffea-00697b4b57 - 0.0071 RL - 1769687895.438403368 1769687895.445528030 0
Jan 29 11:58:15 standalone container-server[127478]: 172.20.0.100 - - [29/Jan/2026:11:58:15 +0000] "GET /d1/485/AUTH_233cd3df76d2455f93405d4e62407b5d/gnocchi.50f0ad84-a693-49a4-8432-59877e4d5590" 200 2 "GET http://172.18.0.2:8080/v1/AUTH_233cd3df76d2455f93405d4e62407b5d/gnocchi.50f0ad84-a693-49a4-8432-59877e4d5590?format=json&states=listing" "txd87288ba6a7e4a949ffea-00697b4b57" "proxy-server 20" 0.0036 "-" 16 0
Jan 29 11:58:15 standalone proxy-server[129651]: 172.18.0.2 172.18.0.100 29/Jan/2026/11/58/15 GET /v1/AUTH_233cd3df76d2455f93405d4e62407b5d/gnocchi.50f0ad84-a693-49a4-8432-59877e4d5590%3Fformat%3Djson%26states%3Dlisting HTTP/1.0 200 - python-swiftclient-3.11.1 gAAAAABpe0sU3ETA... - 2 - txd87288ba6a7e4a949ffea-00697b4b57 - 0.0225 - - 1769687895.436774492 1769687895.459274292 0
Jan 29 11:58:15 standalone object-server[127658]: 172.20.0.100 - - [29/Jan/2026:11:58:15 +0000] "GET /d1/354/AUTH_233cd3df76d2455f93405d4e62407b5d/gnocchi.50f0ad84-a693-49a4-8432-59877e4d5590/1769040000.0_mean_300.0_v3" 404 70 "GET http://172.18.0.2:8080/v1/AUTH_233cd3df76d2455f93405d4e62407b5d/gnocchi.50f0ad84-a693-49a4-8432-59877e4d5590/1769040000.0_mean_300.0_v3" "txb912d00641474a638906b-00697b4b57" "proxy-server 20" 0.0005 "-" 22 0
Jan 29 11:58:15 standalone proxy-server[129651]: 172.18.0.2 172.18.0.100 29/Jan/2026/11/58/15 GET /v1/AUTH_233cd3df76d2455f93405d4e62407b5d/gnocchi.50f0ad84-a693-49a4-8432-59877e4d5590/1769040000.0_mean_300.0_v3 HTTP/1.0 404 - python-swiftclient-3.11.1 gAAAAABpe0sU3ETA... - 70 - txb912d00641474a638906b-00697b4b57 - 0.0077 - - 1769687895.465065241 1769687895.472716570 0
Jan 29 11:58:15 standalone container-server[127485]: 172.20.0.100 - - [29/Jan/2026:11:58:15 +0000] "PUT /d1/485/AUTH_233cd3df76d2455f93405d4e62407b5d/gnocchi.50f0ad84-a693-49a4-8432-59877e4d5590/1769040000.0_mean_300.0_v3" 201 - "PUT http://172.18.0.2:8080/d1/354/AUTH_233cd3df76d2455f93405d4e62407b5d/gnocchi.50f0ad84-a693-49a4-8432-59877e4d5590/1769040000.0_mean_300.0_v3" "tx8c234eaf57d44d20b8a3f-00697b4b57" "object-server 22" 0.0012 "-" 17 0
Jan 29 11:58:15 standalone object-server[127658]: 172.20.0.100 - - [29/Jan/2026:11:58:15 +0000] "PUT /d1/354/AUTH_233cd3df76d2455f93405d4e62407b5d/gnocchi.50f0ad84-a693-49a4-8432-59877e4d5590/1769040000.0_mean_300.0_v3" 201 - "PUT http://172.18.0.2:8080/v1/AUTH_233cd3df76d2455f93405d4e62407b5d/gnocchi.50f0ad84-a693-49a4-8432-59877e4d5590/1769040000.0_mean_300.0_v3" "tx8c234eaf57d44d20b8a3f-00697b4b57" "proxy-server 20" 0.0116 "-" 22 0
Jan 29 11:58:15 standalone proxy-server[129651]: 172.18.0.2 172.18.0.100 29/Jan/2026/11/58/15 PUT /v1/AUTH_233cd3df76d2455f93405d4e62407b5d/gnocchi.50f0ad84-a693-49a4-8432-59877e4d5590/1769040000.0_mean_300.0_v3 HTTP/1.0 201 - python-swiftclient-3.11.1 gAAAAABpe0sU3ETA... 16 - - tx8c234eaf57d44d20b8a3f-00697b4b57 - 0.0178 - - 1769687895.479030132 1769687895.496879339 0
Jan 29 11:58:15 standalone container-server[127466]: 172.20.0.100 - - [29/Jan/2026:11:58:15 +0000] "PUT /d1/485/AUTH_233cd3df76d2455f93405d4e62407b5d/gnocchi.50f0ad84-a693-49a4-8432-59877e4d5590/none_v3" 201 - "PUT http://172.18.0.2:8080/d1/382/AUTH_233cd3df76d2455f93405d4e62407b5d/gnocchi.50f0ad84-a693-49a4-8432-59877e4d5590/none_v3" "tx9078ea3b50814579bf1c6-00697b4b57" "object-server 23" 0.0026 "-" 14 0
Jan 29 11:58:15 standalone object-server[127667]: 172.20.0.100 - - [29/Jan/2026:11:58:15 +0000] "PUT /d1/382/AUTH_233cd3df76d2455f93405d4e62407b5d/gnocchi.50f0ad84-a693-49a4-8432-59877e4d5590/none_v3" 201 - "PUT http://172.18.0.2:8080/v1/AUTH_233cd3df76d2455f93405d4e62407b5d/gnocchi.50f0ad84-a693-49a4-8432-59877e4d5590/none_v3" "tx9078ea3b50814579bf1c6-00697b4b57" "proxy-server 20" 0.0139 "-" 23 0
Jan 29 11:58:15 standalone proxy-server[129651]: 172.18.0.2 172.18.0.100 29/Jan/2026/11/58/15 PUT /v1/AUTH_233cd3df76d2455f93405d4e62407b5d/gnocchi.50f0ad84-a693-49a4-8432-59877e4d5590/none_v3 HTTP/1.0 201 - python-swiftclient-3.11.1 gAAAAABpe0sU3ETA... 22 - - tx9078ea3b50814579bf1c6-00697b4b57 - 0.0215 - - 1769687895.501517057 1769687895.523063898 0
Jan 29 11:58:15 standalone container-server[127472]: 172.20.0.100 - - [29/Jan/2026:11:58:15 +0000] "HEAD /d1/867/AUTH_233cd3df76d2455f93405d4e62407b5d/gnocchi.5b4b09bc-b318-4c57-af49-54418dca96df" 404 - "HEAD http://172.18.0.2:8080/v1/AUTH_233cd3df76d2455f93405d4e62407b5d/gnocchi.5b4b09bc-b318-4c57-af49-54418dca96df?format=json&states=listing" "tx25cc9762231848d2a587d-00697b4b57" "proxy-server 20" 0.0005 "-" 15 0
Jan 29 11:58:15 standalone object-server[127681]: 172.20.0.100 - - [29/Jan/2026:11:58:15 +0000] "GET /d1/172/AUTH_233cd3df76d2455f93405d4e62407b5d/gnocchi.5b4b09bc-b318-4c57-af49-54418dca96df/none_v3" 404 70 "GET http://172.18.0.2:8080/v1/AUTH_233cd3df76d2455f93405d4e62407b5d/gnocchi.5b4b09bc-b318-4c57-af49-54418dca96df/none_v3" "tx25cc9762231848d2a587d-00697b4b57" "proxy-server 20" 0.0006 "-" 25 0
Jan 29 11:58:15 standalone proxy-server[129651]: 172.18.0.2 172.18.0.100 29/Jan/2026/11/58/15 GET /v1/AUTH_233cd3df76d2455f93405d4e62407b5d/gnocchi.5b4b09bc-b318-4c57-af49-54418dca96df/none_v3 HTTP/1.0 404 - python-swiftclient-3.11.1 gAAAAABpe0sU3ETA... - 70 - tx25cc9762231848d2a587d-00697b4b57 - 0.0141 - - 1769687895.763684273 1769687895.777807713 0
Jan 29 11:58:15 standalone account-server[127353]: 172.20.0.100 - - [29/Jan/2026:11:58:15 +0000] "PUT /d1/482/AUTH_233cd3df76d2455f93405d4e62407b5d/gnocchi.5b4b09bc-b318-4c57-af49-54418dca96df" 201 - "PUT http://172.20.0.100:6001/d1/867/AUTH_233cd3df76d2455f93405d4e62407b5d/gnocchi.5b4b09bc-b318-4c57-af49-54418dca96df" "txeaf2e85dc3b04ccb906fa-00697b4b57" "container-server 16" 0.0063 "-" 20 0
Jan 29 11:58:15 standalone container-server[127478]: 172.20.0.100 - - [29/Jan/2026:11:58:15 +0000] "PUT /d1/867/AUTH_233cd3df76d2455f93405d4e62407b5d/gnocchi.5b4b09bc-b318-4c57-af49-54418dca96df" 201 - "PUT http://172.18.0.2:8080/v1/AUTH_233cd3df76d2455f93405d4e62407b5d/gnocchi.5b4b09bc-b318-4c57-af49-54418dca96df" "txeaf2e85dc3b04ccb906fa-00697b4b57" "proxy-server 20" 0.0228 "-" 16 0
Jan 29 11:58:15 standalone proxy-server[129651]: 172.18.0.2 172.18.0.100 29/Jan/2026/11/58/15 PUT /v1/AUTH_233cd3df76d2455f93405d4e62407b5d/gnocchi.5b4b09bc-b318-4c57-af49-54418dca96df HTTP/1.0 201 - python-swiftclient-3.11.1 gAAAAABpe0sU3ETA... - - - txeaf2e85dc3b04ccb906fa-00697b4b57 - 0.0309 - - 1769687895.781662464 1769687895.812524557 0
Jan 29 11:58:15 standalone container-server[127466]: 172.20.0.100 - - [29/Jan/2026:11:58:15 +0000] "HEAD /d1/867/AUTH_233cd3df76d2455f93405d4e62407b5d/gnocchi.5b4b09bc-b318-4c57-af49-54418dca96df" 204 - "HEAD http://172.18.0.2:8080/v1/AUTH_233cd3df76d2455f93405d4e62407b5d/gnocchi.5b4b09bc-b318-4c57-af49-54418dca96df?format=json&states=listing" "tx711b9f59a8e24710ba60c-00697b4b57" "proxy-server 20" 0.0023 "-" 14 0
Jan 29 11:58:15 standalone proxy-server[129651]: - - 29/Jan/2026/11/58/15 HEAD /v1/AUTH_233cd3df76d2455f93405d4e62407b5d/gnocchi.5b4b09bc-b318-4c57-af49-54418dca96df%3Fformat%3Djson%26states%3Dlisting HTTP/1.0 204 - Swift - - - - tx711b9f59a8e24710ba60c-00697b4b57 - 0.0072 RL - 1769687895.824630976 1769687895.831825495 0
Jan 29 11:58:15 standalone container-server[127485]: 172.20.0.100 - - [29/Jan/2026:11:58:15 +0000] "GET /d1/867/AUTH_233cd3df76d2455f93405d4e62407b5d/gnocchi.5b4b09bc-b318-4c57-af49-54418dca96df" 200 2 "GET http://172.18.0.2:8080/v1/AUTH_233cd3df76d2455f93405d4e62407b5d/gnocchi.5b4b09bc-b318-4c57-af49-54418dca96df?format=json&states=listing" "tx711b9f59a8e24710ba60c-00697b4b57" "proxy-server 20" 0.0033 "-" 17 0
Jan 29 11:58:15 standalone proxy-server[129651]: 172.18.0.2 172.18.0.100 29/Jan/2026/11/58/15 GET /v1/AUTH_233cd3df76d2455f93405d4e62407b5d/gnocchi.5b4b09bc-b318-4c57-af49-54418dca96df%3Fformat%3Djson%26states%3Dlisting HTTP/1.0 200 - python-swiftclient-3.11.1 gAAAAABpe0sU3ETA... - 2 - tx711b9f59a8e24710ba60c-00697b4b57 - 0.0209 - - 1769687895.822551250 1769687895.843432188 0
Jan 29 11:58:15 standalone object-server[127673]: 172.20.0.100 - - [29/Jan/2026:11:58:15 +0000] "GET /d1/29/AUTH_233cd3df76d2455f93405d4e62407b5d/gnocchi.5b4b09bc-b318-4c57-af49-54418dca96df/1769040000.0_mean_300.0_v3" 404 70 "GET http://172.18.0.2:8080/v1/AUTH_233cd3df76d2455f93405d4e62407b5d/gnocchi.5b4b09bc-b318-4c57-af49-54418dca96df/1769040000.0_mean_300.0_v3" "tx2a160dcc3a32444abafe5-00697b4b57" "proxy-server 20" 0.0006 "-" 24 0
Jan 29 11:58:15 standalone proxy-server[129651]: 172.18.0.2 172.18.0.100 29/Jan/2026/11/58/15 GET /v1/AUTH_233cd3df76d2455f93405d4e62407b5d/gnocchi.5b4b09bc-b318-4c57-af49-54418dca96df/1769040000.0_mean_300.0_v3 HTTP/1.0 404 - python-swiftclient-3.11.1 gAAAAABpe0sU3ETA... - 70 - tx2a160dcc3a32444abafe5-00697b4b57 - 0.0087 - - 1769687895.849098682 1769687895.857791901 0
Jan 29 11:58:15 standalone container-server[127478]: 172.20.0.100 - - [29/Jan/2026:11:58:15 +0000] "PUT /d1/867/AUTH_233cd3df76d2455f93405d4e62407b5d/gnocchi.5b4b09bc-b318-4c57-af49-54418dca96df/1769040000.0_mean_300.0_v3" 201 - "PUT http://172.18.0.2:8080/d1/29/AUTH_233cd3df76d2455f93405d4e62407b5d/gnocchi.5b4b09bc-b318-4c57-af49-54418dca96df/1769040000.0_mean_300.0_v3" "tx9e30ccfa2d5d48edad6b0-00697b4b57" "object-server 23" 0.0016 "-" 16 0
Jan 29 11:58:15 standalone object-server[127667]: 172.20.0.100 - - [29/Jan/2026:11:58:15 +0000] "PUT /d1/29/AUTH_233cd3df76d2455f93405d4e62407b5d/gnocchi.5b4b09bc-b318-4c57-af49-54418dca96df/1769040000.0_mean_300.0_v3" 201 - "PUT http://172.18.0.2:8080/v1/AUTH_233cd3df76d2455f93405d4e62407b5d/gnocchi.5b4b09bc-b318-4c57-af49-54418dca96df/1769040000.0_mean_300.0_v3" "tx9e30ccfa2d5d48edad6b0-00697b4b57" "proxy-server 20" 0.0161 "-" 23 0
Jan 29 11:58:15 standalone proxy-server[129651]: 172.18.0.2 172.18.0.100 29/Jan/2026/11/58/15 PUT /v1/AUTH_233cd3df76d2455f93405d4e62407b5d/gnocchi.5b4b09bc-b318-4c57-af49-54418dca96df/1769040000.0_mean_300.0_v3 HTTP/1.0 201 - python-swiftclient-3.11.1 gAAAAABpe0sU3ETA... 16 - - tx9e30ccfa2d5d48edad6b0-00697b4b57 - 0.0232 - - 1769687895.863382101 1769687895.886612415 0
Jan 29 11:58:15 standalone container-server[127478]: 172.20.0.100 - - [29/Jan/2026:11:58:15 +0000] "PUT /d1/867/AUTH_233cd3df76d2455f93405d4e62407b5d/gnocchi.5b4b09bc-b318-4c57-af49-54418dca96df/none_v3" 201 - "PUT http://172.18.0.2:8080/d1/172/AUTH_233cd3df76d2455f93405d4e62407b5d/gnocchi.5b4b09bc-b318-4c57-af49-54418dca96df/none_v3" "tx28541b855578457eaf26a-00697b4b57" "object-server 24" 0.0008 "-" 16 0
Jan 29 11:58:15 standalone object-server[127673]: 172.20.0.100 - - [29/Jan/2026:11:58:15 +0000] "PUT /d1/172/AUTH_233cd3df76d2455f93405d4e62407b5d/gnocchi.5b4b09bc-b318-4c57-af49-54418dca96df/none_v3" 201 - "PUT http://172.18.0.2:8080/v1/AUTH_233cd3df76d2455f93405d4e62407b5d/gnocchi.5b4b09bc-b318-4c57-af49-54418dca96df/none_v3" "tx28541b855578457eaf26a-00697b4b57" "proxy-server 20" 0.0118 "-" 24 0
Jan 29 11:58:15 standalone proxy-server[129651]: 172.18.0.2 172.18.0.100 29/Jan/2026/11/58/15 PUT /v1/AUTH_233cd3df76d2455f93405d4e62407b5d/gnocchi.5b4b09bc-b318-4c57-af49-54418dca96df/none_v3 HTTP/1.0 201 - python-swiftclient-3.11.1 gAAAAABpe0sU3ETA... 22 - - tx28541b855578457eaf26a-00697b4b57 - 0.0225 - - 1769687895.890403271 1769687895.912875414 0
Jan 29 11:58:15 standalone container-server[127466]: 172.20.0.100 - - [29/Jan/2026:11:58:15 +0000] "HEAD /d1/1004/AUTH_233cd3df76d2455f93405d4e62407b5d/gnocchi.f0c21a59-87b3-47dd-b0e1-7431665a52ef" 404 - "HEAD http://172.18.0.2:8080/v1/AUTH_233cd3df76d2455f93405d4e62407b5d/gnocchi.f0c21a59-87b3-47dd-b0e1-7431665a52ef?format=json&states=listing" "tx4b49897910c846cf9d44d-00697b4b57" "proxy-server 20" 0.0011 "-" 14 0
Jan 29 11:58:15 standalone object-server[127673]: 172.20.0.100 - - [29/Jan/2026:11:58:15 +0000] "GET /d1/316/AUTH_233cd3df76d2455f93405d4e62407b5d/gnocchi.f0c21a59-87b3-47dd-b0e1-7431665a52ef/none_v3" 404 70 "GET http://172.18.0.2:8080/v1/AUTH_233cd3df76d2455f93405d4e62407b5d/gnocchi.f0c21a59-87b3-47dd-b0e1-7431665a52ef/none_v3" "tx4b49897910c846cf9d44d-00697b4b57" "proxy-server 20" 0.0003 "-" 24 0
Jan 29 11:58:15 standalone proxy-server[129651]: 172.18.0.2 172.18.0.100 29/Jan/2026/11/58/15 GET /v1/AUTH_233cd3df76d2455f93405d4e62407b5d/gnocchi.f0c21a59-87b3-47dd-b0e1-7431665a52ef/none_v3 HTTP/1.0 404 - python-swiftclient-3.11.1 gAAAAABpe0sU3ETA... - 70 - tx4b49897910c846cf9d44d-00697b4b57 - 0.0114 - - 1769687895.945240736 1769687895.956634283 0
Jan 29 11:58:15 standalone account-server[127342]: 172.20.0.100 - - [29/Jan/2026:11:58:15 +0000] "PUT /d1/482/AUTH_233cd3df76d2455f93405d4e62407b5d/gnocchi.f0c21a59-87b3-47dd-b0e1-7431665a52ef" 201 - "PUT http://172.20.0.100:6001/d1/1004/AUTH_233cd3df76d2455f93405d4e62407b5d/gnocchi.f0c21a59-87b3-47dd-b0e1-7431665a52ef" "txe235d47f8d504016a90fd-00697b4b57" "container-server 17" 0.0048 "-" 19 0
Jan 29 11:58:15 standalone container-server[127485]: 172.20.0.100 - - [29/Jan/2026:11:58:15 +0000] "PUT /d1/1004/AUTH_233cd3df76d2455f93405d4e62407b5d/gnocchi.f0c21a59-87b3-47dd-b0e1-7431665a52ef" 201 - "PUT http://172.18.0.2:8080/v1/AUTH_233cd3df76d2455f93405d4e62407b5d/gnocchi.f0c21a59-87b3-47dd-b0e1-7431665a52ef" "txe235d47f8d504016a90fd-00697b4b57" "proxy-server 20" 0.0156 "-" 17 0
Jan 29 11:58:15 standalone proxy-server[129651]: 172.18.0.2 172.18.0.100 29/Jan/2026/11/58/15 PUT /v1/AUTH_233cd3df76d2455f93405d4e62407b5d/gnocchi.f0c21a59-87b3-47dd-b0e1-7431665a52ef HTTP/1.0 201 - python-swiftclient-3.11.1 gAAAAABpe0sU3ETA... - - - txe235d47f8d504016a90fd-00697b4b57 - 0.0249 - - 1769687895.960622549 1769687895.985571623 0
Jan 29 11:58:15 standalone container-server[127472]: 172.20.0.100 - - [29/Jan/2026:11:58:15 +0000] "HEAD /d1/1004/AUTH_233cd3df76d2455f93405d4e62407b5d/gnocchi.f0c21a59-87b3-47dd-b0e1-7431665a52ef" 204 - "HEAD http://172.18.0.2:8080/v1/AUTH_233cd3df76d2455f93405d4e62407b5d/gnocchi.f0c21a59-87b3-47dd-b0e1-7431665a52ef?format=json&states=listing" "tx76dc07ba3990413b96901-00697b4b57" "proxy-server 20" 0.0017 "-" 15 0
Jan 29 11:58:16 standalone proxy-server[129651]: - - 29/Jan/2026/11/58/16 HEAD /v1/AUTH_233cd3df76d2455f93405d4e62407b5d/gnocchi.f0c21a59-87b3-47dd-b0e1-7431665a52ef%3Fformat%3Djson%26states%3Dlisting HTTP/1.0 204 - Swift - - - - tx76dc07ba3990413b96901-00697b4b57 - 0.0078 RL - 1769687895.992825031 1769687896.000672579 0
Jan 29 11:58:16 standalone container-server[127472]: 172.20.0.100 - - [29/Jan/2026:11:58:16 +0000] "GET /d1/1004/AUTH_233cd3df76d2455f93405d4e62407b5d/gnocchi.f0c21a59-87b3-47dd-b0e1-7431665a52ef" 200 2 "GET http://172.18.0.2:8080/v1/AUTH_233cd3df76d2455f93405d4e62407b5d/gnocchi.f0c21a59-87b3-47dd-b0e1-7431665a52ef?format=json&states=listing" "tx76dc07ba3990413b96901-00697b4b57" "proxy-server 20" 0.0021 "-" 15 0
