Jan 29 11:59:28 standalone container-server[127466]: 172.20.0.100 - - [29/Jan/2026:11:59:28 +0000] "PUT /d1/254/AUTH_233cd3df76d2455f93405d4e62407b5d/gnocchi.0058e747-2289-483b-844d-82814026e4c2/1769040000.0_mean_300.0_v3" 201 - "PUT http://172.18.0.2:8080/d1/574/AUTH_233cd3df76d2455f93405d4e62407b5d/gnocchi.0058e747-2289-483b-844d-82814026e4c2/1769040000.0_mean_300.0_v3" "tx261aecf5151f445aa8b69-00697b4ba0" "object-server 22" 0.0005 "-" 14 0
Jan 29 11:59:28 standalone object-server[127658]: 172.20.0.100 - - [29/Jan/2026:11:59:28 +0000] "PUT /d1/574/AUTH_233cd3df76d2455f93405d4e62407b5d/gnocchi.0058e747-2289-483b-844d-82814026e4c2/1769040000.0_mean_300.0_v3" 201 - "PUT http://172.18.0.2:8080/v1/AUTH_233cd3df76d2455f93405d4e62407b5d/gnocchi.0058e747-2289-483b-844d-82814026e4c2/1769040000.0_mean_300.0_v3" "tx261aecf5151f445aa8b69-00697b4ba0" "proxy-server 20" 0.0083 "-" 22 0
Jan 29 11:59:28 standalone proxy-server[129651]: 172.18.0.2 172.18.0.100 29/Jan/2026/11/59/28 PUT /v1/AUTH_233cd3df76d2455f93405d4e62407b5d/gnocchi.0058e747-2289-483b-844d-82814026e4c2/1769040000.0_mean_300.0_v3 HTTP/1.0 201 - python-swiftclient-3.11.1 gAAAAABpe0sU3ETA... 16 - - tx261aecf5151f445aa8b69-00697b4ba0 - 0.0130 - - 1769687968.645118713 1769687968.658163548 0
Jan 29 11:59:28 standalone container-server[127472]: 172.20.0.100 - - [29/Jan/2026:11:59:28 +0000] "PUT /d1/254/AUTH_233cd3df76d2455f93405d4e62407b5d/gnocchi.0058e747-2289-483b-844d-82814026e4c2/none_v3" 201 - "PUT http://172.18.0.2:8080/d1/863/AUTH_233cd3df76d2455f93405d4e62407b5d/gnocchi.0058e747-2289-483b-844d-82814026e4c2/none_v3" "txd24e5fbebce6401ba9d71-00697b4ba0" "object-server 22" 0.0006 "-" 15 0
Jan 29 11:59:28 standalone object-server[127658]: 172.20.0.100 - - [29/Jan/2026:11:59:28 +0000] "PUT /d1/863/AUTH_233cd3df76d2455f93405d4e62407b5d/gnocchi.0058e747-2289-483b-844d-82814026e4c2/none_v3" 201 - "PUT http://172.18.0.2:8080/v1/AUTH_233cd3df76d2455f93405d4e62407b5d/gnocchi.0058e747-2289-483b-844d-82814026e4c2/none_v3" "txd24e5fbebce6401ba9d71-00697b4ba0" "proxy-server 20" 0.0096 "-" 22 0
Jan 29 11:59:28 standalone proxy-server[129651]: 172.18.0.2 172.18.0.100 29/Jan/2026/11/59/28 PUT /v1/AUTH_233cd3df76d2455f93405d4e62407b5d/gnocchi.0058e747-2289-483b-844d-82814026e4c2/none_v3 HTTP/1.0 201 - python-swiftclient-3.11.1 gAAAAABpe0sU3ETA... 22 - - txd24e5fbebce6401ba9d71-00697b4ba0 - 0.0152 - - 1769687968.661754608 1769687968.676999092 0
Jan 29 11:59:28 standalone container-server[127466]: 172.20.0.100 - - [29/Jan/2026:11:59:28 +0000] "HEAD /d1/572/AUTH_233cd3df76d2455f93405d4e62407b5d/gnocchi.690f796d-b003-4c40-bd4a-f688c643af3b" 404 - "HEAD http://172.18.0.2:8080/v1/AUTH_233cd3df76d2455f93405d4e62407b5d/gnocchi.690f796d-b003-4c40-bd4a-f688c643af3b?format=json&states=listing" "txc6db542ef46248cab2b88-00697b4ba0" "proxy-server 20" 0.0003 "-" 14 0
Jan 29 11:59:28 standalone object-server[127681]: 172.20.0.100 - - [29/Jan/2026:11:59:28 +0000] "GET /d1/939/AUTH_233cd3df76d2455f93405d4e62407b5d/gnocchi.690f796d-b003-4c40-bd4a-f688c643af3b/none_v3" 404 70 "GET http://172.18.0.2:8080/v1/AUTH_233cd3df76d2455f93405d4e62407b5d/gnocchi.690f796d-b003-4c40-bd4a-f688c643af3b/none_v3" "txc6db542ef46248cab2b88-00697b4ba0" "proxy-server 20" 0.0009 "-" 25 0
Jan 29 11:59:28 standalone proxy-server[129651]: 172.18.0.2 172.18.0.100 29/Jan/2026/11/59/28 GET /v1/AUTH_233cd3df76d2455f93405d4e62407b5d/gnocchi.690f796d-b003-4c40-bd4a-f688c643af3b/none_v3 HTTP/1.0 404 - python-swiftclient-3.11.1 gAAAAABpe0sU3ETA... - 70 - txc6db542ef46248cab2b88-00697b4ba0 - 0.0123 - - 1769687968.691170216 1769687968.703476667 0
Jan 29 11:59:28 standalone account-server[127356]: 172.20.0.100 - - [29/Jan/2026:11:59:28 +0000] "PUT /d1/482/AUTH_233cd3df76d2455f93405d4e62407b5d/gnocchi.690f796d-b003-4c40-bd4a-f688c643af3b" 201 - "PUT http://172.20.0.100:6001/d1/572/AUTH_233cd3df76d2455f93405d4e62407b5d/gnocchi.690f796d-b003-4c40-bd4a-f688c643af3b" "txa8d154c57dd543748cb16-00697b4ba0" "container-server 15" 0.0051 "-" 21 0
Jan 29 11:59:28 standalone container-server[127472]: 172.20.0.100 - - [29/Jan/2026:11:59:28 +0000] "PUT /d1/572/AUTH_233cd3df76d2455f93405d4e62407b5d/gnocchi.690f796d-b003-4c40-bd4a-f688c643af3b" 201 - "PUT http://172.18.0.2:8080/v1/AUTH_233cd3df76d2455f93405d4e62407b5d/gnocchi.690f796d-b003-4c40-bd4a-f688c643af3b" "txa8d154c57dd543748cb16-00697b4ba0" "proxy-server 20" 0.0162 "-" 15 0
Jan 29 11:59:28 standalone proxy-server[129651]: 172.18.0.2 172.18.0.100 29/Jan/2026/11/59/28 PUT /v1/AUTH_233cd3df76d2455f93405d4e62407b5d/gnocchi.690f796d-b003-4c40-bd4a-f688c643af3b HTTP/1.0 201 - python-swiftclient-3.11.1 gAAAAABpe0sU3ETA... - - - txa8d154c57dd543748cb16-00697b4ba0 - 0.0228 - - 1769687968.707115412 1769687968.729942322 0
Jan 29 11:59:28 standalone container-server[127472]: 172.20.0.100 - - [29/Jan/2026:11:59:28 +0000] "HEAD /d1/572/AUTH_233cd3df76d2455f93405d4e62407b5d/gnocchi.690f796d-b003-4c40-bd4a-f688c643af3b" 204 - "HEAD http://172.18.0.2:8080/v1/AUTH_233cd3df76d2455f93405d4e62407b5d/gnocchi.690f796d-b003-4c40-bd4a-f688c643af3b?format=json&states=listing" "tx9ad50ca8181c43f792112-00697b4ba0" "proxy-server 20" 0.0020 "-" 15 0
Jan 29 11:59:28 standalone proxy-server[129651]: - - 29/Jan/2026/11/59/28 HEAD /v1/AUTH_233cd3df76d2455f93405d4e62407b5d/gnocchi.690f796d-b003-4c40-bd4a-f688c643af3b%3Fformat%3Djson%26states%3Dlisting HTTP/1.0 204 - Swift - - - - tx9ad50ca8181c43f792112-00697b4ba0 - 0.0062 RL - 1769687968.736413240 1769687968.742614269 0
Jan 29 11:59:28 standalone container-server[127478]: 172.20.0.100 - - [29/Jan/2026:11:59:28 +0000] "GET /d1/572/AUTH_233cd3df76d2455f93405d4e62407b5d/gnocchi.690f796d-b003-4c40-bd4a-f688c643af3b" 200 2 "GET http://172.18.0.2:8080/v1/AUTH_233cd3df76d2455f93405d4e62407b5d/gnocchi.690f796d-b003-4c40-bd4a-f688c643af3b?format=json&states=listing" "tx9ad50ca8181c43f792112-00697b4ba0" "proxy-server 20" 0.0043 "-" 16 0
Jan 29 11:59:28 standalone proxy-server[129651]: 172.18.0.2 172.18.0.100 29/Jan/2026/11/59/28 GET /v1/AUTH_233cd3df76d2455f93405d4e62407b5d/gnocchi.690f796d-b003-4c40-bd4a-f688c643af3b%3Fformat%3Djson%26states%3Dlisting HTTP/1.0 200 - python-swiftclient-3.11.1 gAAAAABpe0sU3ETA... - 2 - tx9ad50ca8181c43f792112-00697b4ba0 - 0.0208 - - 1769687968.735051155 1769687968.755893946 0
Jan 29 11:59:28 standalone object-server[127658]: 172.20.0.100 - - [29/Jan/2026:11:59:28 +0000] "GET /d1/651/AUTH_233cd3df76d2455f93405d4e62407b5d/gnocchi.690f796d-b003-4c40-bd4a-f688c643af3b/1769040000.0_mean_300.0_v3" 404 70 "GET http://172.18.0.2:8080/v1/AUTH_233cd3df76d2455f93405d4e62407b5d/gnocchi.690f796d-b003-4c40-bd4a-f688c643af3b/1769040000.0_mean_300.0_v3" "tx20b118feaffd40b3a43ee-00697b4ba0" "proxy-server 20" 0.0006 "-" 22 0
Jan 29 11:59:28 standalone proxy-server[129651]: 172.18.0.2 172.18.0.100 29/Jan/2026/11/59/28 GET /v1/AUTH_233cd3df76d2455f93405d4e62407b5d/gnocchi.690f796d-b003-4c40-bd4a-f688c643af3b/1769040000.0_mean_300.0_v3 HTTP/1.0 404 - python-swiftclient-3.11.1 gAAAAABpe0sU3ETA... - 70 - tx20b118feaffd40b3a43ee-00697b4ba0 - 0.0089 - - 1769687968.762241125 1769687968.771185637 0
Jan 29 11:59:28 standalone container-server[127466]: 172.20.0.100 - - [29/Jan/2026:11:59:28 +0000] "PUT /d1/572/AUTH_233cd3df76d2455f93405d4e62407b5d/gnocchi.690f796d-b003-4c40-bd4a-f688c643af3b/1769040000.0_mean_300.0_v3" 201 - "PUT http://172.18.0.2:8080/d1/651/AUTH_233cd3df76d2455f93405d4e62407b5d/gnocchi.690f796d-b003-4c40-bd4a-f688c643af3b/1769040000.0_mean_300.0_v3" "txd5e9ccdb21854590989eb-00697b4ba0" "object-server 24" 0.0005 "-" 14 0
Jan 29 11:59:28 standalone object-server[127673]: 172.20.0.100 - - [29/Jan/2026:11:59:28 +0000] "PUT /d1/651/AUTH_233cd3df76d2455f93405d4e62407b5d/gnocchi.690f796d-b003-4c40-bd4a-f688c643af3b/1769040000.0_mean_300.0_v3" 201 - "PUT http://172.18.0.2:8080/v1/AUTH_233cd3df76d2455f93405d4e62407b5d/gnocchi.690f796d-b003-4c40-bd4a-f688c643af3b/1769040000.0_mean_300.0_v3" "txd5e9ccdb21854590989eb-00697b4ba0" "proxy-server 20" 0.0103 "-" 24 0
Jan 29 11:59:28 standalone proxy-server[129651]: 172.18.0.2 172.18.0.100 29/Jan/2026/11/59/28 PUT /v1/AUTH_233cd3df76d2455f93405d4e62407b5d/gnocchi.690f796d-b003-4c40-bd4a-f688c643af3b/1769040000.0_mean_300.0_v3 HTTP/1.0 201 - python-swiftclient-3.11.1 gAAAAABpe0sU3ETA... 16 - - txd5e9ccdb21854590989eb-00697b4ba0 - 0.0177 - - 1769687968.776254654 1769687968.793924570 0
Jan 29 11:59:28 standalone container-server[127478]: 172.20.0.100 - - [29/Jan/2026:11:59:28 +0000] "PUT /d1/572/AUTH_233cd3df76d2455f93405d4e62407b5d/gnocchi.690f796d-b003-4c40-bd4a-f688c643af3b/none_v3" 201 - "PUT http://172.18.0.2:8080/d1/939/AUTH_233cd3df76d2455f93405d4e62407b5d/gnocchi.690f796d-b003-4c40-bd4a-f688c643af3b/none_v3" "tx55db2cbe5d564d57a94e8-00697b4ba0" "object-server 24" 0.0008 "-" 16 0
Jan 29 11:59:28 standalone object-server[127673]: 172.20.0.100 - - [29/Jan/2026:11:59:28 +0000] "PUT /d1/939/AUTH_233cd3df76d2455f93405d4e62407b5d/gnocchi.690f796d-b003-4c40-bd4a-f688c643af3b/none_v3" 201 - "PUT http://172.18.0.2:8080/v1/AUTH_233cd3df76d2455f93405d4e62407b5d/gnocchi.690f796d-b003-4c40-bd4a-f688c643af3b/none_v3" "tx55db2cbe5d564d57a94e8-00697b4ba0" "proxy-server 20" 0.0096 "-" 24 0
Jan 29 11:59:28 standalone proxy-server[129651]: 172.18.0.2 172.18.0.100 29/Jan/2026/11/59/28 PUT /v1/AUTH_233cd3df76d2455f93405d4e62407b5d/gnocchi.690f796d-b003-4c40-bd4a-f688c643af3b/none_v3 HTTP/1.0 201 - python-swiftclient-3.11.1 gAAAAABpe0sU3ETA... 22 - - tx55db2cbe5d564d57a94e8-00697b4ba0 - 0.0168 - - 1769687968.797915697 1769687968.814749956 0
Jan 29 11:59:39 standalone container-server[127472]: 172.20.0.100 - - [29/Jan/2026:11:59:39 +0000] "HEAD /d1/458/AUTH_233cd3df76d2455f93405d4e62407b5d/gnocchi.cb091800-febe-4f66-90c9-a69357ca76e4" 404 - "HEAD http://172.18.0.2:8080/v1/AUTH_233cd3df76d2455f93405d4e62407b5d/gnocchi.cb091800-febe-4f66-90c9-a69357ca76e4?format=json&states=listing" "tx7a208a8219bf418caddf9-00697b4bab" "proxy-server 20" 0.0005 "-" 15 0
Jan 29 11:59:39 standalone object-server[127658]: 172.20.0.100 - - [29/Jan/2026:11:59:39 +0000] "GET /d1/17/AUTH_233cd3df76d2455f93405d4e62407b5d/gnocchi.cb091800-febe-4f66-90c9-a69357ca76e4/none_v3" 404 70 "GET http://172.18.0.2:8080/v1/AUTH_233cd3df76d2455f93405d4e62407b5d/gnocchi.cb091800-febe-4f66-90c9-a69357ca76e4/none_v3" "tx7a208a8219bf418caddf9-00697b4bab" "proxy-server 20" 0.0010 "-" 22 0
Jan 29 11:59:39 standalone proxy-server[129651]: 172.18.0.2 172.18.0.100 29/Jan/2026/11/59/39 GET /v1/AUTH_233cd3df76d2455f93405d4e62407b5d/gnocchi.cb091800-febe-4f66-90c9-a69357ca76e4/none_v3 HTTP/1.0 404 - python-swiftclient-3.11.1 gAAAAABpe0sU3ETA... - 70 - tx7a208a8219bf418caddf9-00697b4bab - 0.0207 - - 1769687979.411002874 1769687979.431733847 0
Jan 29 11:59:39 standalone account-server[127369]: 172.20.0.100 - - [29/Jan/2026:11:59:39 +0000] "PUT /d1/482/AUTH_233cd3df76d2455f93405d4e62407b5d/gnocchi.cb091800-febe-4f66-90c9-a69357ca76e4" 201 - "PUT http://172.20.0.100:6001/d1/458/AUTH_233cd3df76d2455f93405d4e62407b5d/gnocchi.cb091800-febe-4f66-90c9-a69357ca76e4" "txfeb33feed99c422e86619-00697b4bab" "container-server 17" 0.0048 "-" 23 0
Jan 29 11:59:39 standalone container-server[127485]: 172.20.0.100 - - [29/Jan/2026:11:59:39 +0000] "PUT /d1/458/AUTH_233cd3df76d2455f93405d4e62407b5d/gnocchi.cb091800-febe-4f66-90c9-a69357ca76e4" 201 - "PUT http://172.18.0.2:8080/v1/AUTH_233cd3df76d2455f93405d4e62407b5d/gnocchi.cb091800-febe-4f66-90c9-a69357ca76e4" "txfeb33feed99c422e86619-00697b4bab" "proxy-server 20" 0.0161 "-" 17 0
Jan 29 11:59:39 standalone proxy-server[129651]: 172.18.0.2 172.18.0.100 29/Jan/2026/11/59/39 PUT /v1/AUTH_233cd3df76d2455f93405d4e62407b5d/gnocchi.cb091800-febe-4f66-90c9-a69357ca76e4 HTTP/1.0 201 - python-swiftclient-3.11.1 gAAAAABpe0sU3ETA... - - - txfeb33feed99c422e86619-00697b4bab - 0.0242 - - 1769687979.440975189 1769687979.465134382 0
Jan 29 11:59:39 standalone container-server[127485]: 172.20.0.100 - - [29/Jan/2026:11:59:39 +0000] "HEAD /d1/458/AUTH_233cd3df76d2455f93405d4e62407b5d/gnocchi.cb091800-febe-4f66-90c9-a69357ca76e4" 204 - "HEAD http://172.18.0.2:8080/v1/AUTH_233cd3df76d2455f93405d4e62407b5d/gnocchi.cb091800-febe-4f66-90c9-a69357ca76e4?format=json&states=listing" "txc636109eccd04250b9a23-00697b4bab" "proxy-server 20" 0.0010 "-" 17 0
Jan 29 11:59:39 standalone proxy-server[129651]: - - 29/Jan/2026/11/59/39 HEAD /v1/AUTH_233cd3df76d2455f93405d4e62407b5d/gnocchi.cb091800-febe-4f66-90c9-a69357ca76e4%3Fformat%3Djson%26states%3Dlisting HTTP/1.0 204 - Swift - - - - txc636109eccd04250b9a23-00697b4bab - 0.0055 RL - 1769687979.471017361 1769687979.476542234 0
Jan 29 11:59:39 standalone container-server[127466]: 172.20.0.100 - - [29/Jan/2026:11:59:39 +0000] "GET /d1/458/AUTH_233cd3df76d2455f93405d4e62407b5d/gnocchi.cb091800-febe-4f66-90c9-a69357ca76e4" 200 2 "GET http://172.18.0.2:8080/v1/AUTH_233cd3df76d2455f93405d4e62407b5d/gnocchi.cb091800-febe-4f66-90c9-a69357ca76e4?format=json&states=listing" "txc636109eccd04250b9a23-00697b4bab" "proxy-server 20" 0.0019 "-" 14 0
Jan 29 11:59:39 standalone proxy-server[129651]: 172.18.0.2 172.18.0.100 29/Jan/2026/11/59/39 GET /v1/AUTH_233cd3df76d2455f93405d4e62407b5d/gnocchi.cb091800-febe-4f66-90c9-a69357ca76e4%3Fformat%3Djson%26states%3Dlisting HTTP/1.0 200 - python-swiftclient-3.11.1 gAAAAABpe0sU3ETA... - 2 - txc636109eccd04250b9a23-00697b4bab - 0.0183 - - 1769687979.468863010 1769687979.487173080 0
Jan 29 11:59:39 standalone object-server[127681]: 172.20.0.100 - - [29/Jan/2026:11:59:39 +0000] "GET /d1/123/AUTH_233cd3df76d2455f93405d4e62407b5d/gnocchi.cb091800-febe-4f66-90c9-a69357ca76e4/1769040000.0_mean_300.0_v3" 404 70 "GET http://172.18.0.2:8080/v1/AUTH_233cd3df76d2455f93405d4e62407b5d/gnocchi.cb091800-febe-4f66-90c9-a69357ca76e4/1769040000.0_mean_300.0_v3" "tx9a7867a765fa481c89165-00697b4bab" "proxy-server 20" 0.0004 "-" 25 0
Jan 29 11:59:39 standalone proxy-server[129651]: 172.18.0.2 172.18.0.100 29/Jan/2026/11/59/39 GET /v1/AUTH_233cd3df76d2455f93405d4e62407b5d/gnocchi.cb091800-febe-4f66-90c9-a69357ca76e4/1769040000.0_mean_300.0_v3 HTTP/1.0 404 - python-swiftclient-3.11.1 gAAAAABpe0sU3ETA... - 70 - tx9a7867a765fa481c89165-00697b4bab - 0.0078 - - 1769687979.490960598 1769687979.498716593 0
Jan 29 11:59:39 standalone container-server[127472]: 172.20.0.100 - - [29/Jan/2026:11:59:39 +0000] "PUT /d1/458/AUTH_233cd3df76d2455f93405d4e62407b5d/gnocchi.cb091800-febe-4f66-90c9-a69357ca76e4/1769040000.0_mean_300.0_v3" 201 - "PUT http://172.18.0.2:8080/d1/123/AUTH_233cd3df76d2455f93405d4e62407b5d/gnocchi.cb091800-febe-4f66-90c9-a69357ca76e4/1769040000.0_mean_300.0_v3" "txbcd5ac6a2d1c479c86b0f-00697b4bab" "object-server 23" 0.0006 "-" 15 0
Jan 29 11:59:39 standalone object-server[127667]: 172.20.0.100 - - [29/Jan/2026:11:59:39 +0000] "PUT /d1/123/AUTH_233cd3df76d2455f93405d4e62407b5d/gnocchi.cb091800-febe-4f66-90c9-a69357ca76e4/1769040000.0_mean_300.0_v3" 201 - "PUT http://172.18.0.2:8080/v1/AUTH_233cd3df76d2455f93405d4e62407b5d/gnocchi.cb091800-febe-4f66-90c9-a69357ca76e4/1769040000.0_mean_300.0_v3" "txbcd5ac6a2d1c479c86b0f-00697b4bab" "proxy-server 20" 0.0149 "-" 23 0
Jan 29 11:59:39 standalone proxy-server[129651]: 172.18.0.2 172.18.0.100 29/Jan/2026/11/59/39 PUT /v1/AUTH_233cd3df76d2455f93405d4e62407b5d/gnocchi.cb091800-febe-4f66-90c9-a69357ca76e4/1769040000.0_mean_300.0_v3 HTTP/1.0 201 - python-swiftclient-3.11.1 gAAAAABpe0sU3ETA... 16 - - txbcd5ac6a2d1c479c86b0f-00697b4bab - 0.0239 - - 1769687979.501760960 1769687979.525646925 0
Jan 29 11:59:39 standalone container-server[127485]: 172.20.0.100 - - [29/Jan/2026:11:59:39 +0000] "PUT /d1/458/AUTH_233cd3df76d2455f93405d4e62407b5d/gnocchi.cb091800-febe-4f66-90c9-a69357ca76e4/none_v3" 201 - "PUT http://172.18.0.2:8080/d1/17/AUTH_233cd3df76d2455f93405d4e62407b5d/gnocchi.cb091800-febe-4f66-90c9-a69357ca76e4/none_v3" "tx691cc6275db442e5ab893-00697b4bab" "object-server 22" 0.0004 "-" 17 0
Jan 29 11:59:39 standalone object-server[127658]: 172.20.0.100 - - [29/Jan/2026:11:59:39 +0000] "PUT /d1/17/AUTH_233cd3df76d2455f93405d4e62407b5d/gnocchi.cb091800-febe-4f66-90c9-a69357ca76e4/none_v3" 201 - "PUT http://172.18.0.2:8080/v1/AUTH_233cd3df76d2455f93405d4e62407b5d/gnocchi.cb091800-febe-4f66-90c9-a69357ca76e4/none_v3" "tx691cc6275db442e5ab893-00697b4bab" "proxy-server 20" 0.0109 "-" 22 0
Jan 29 11:59:39 standalone proxy-server[129651]: 172.18.0.2 172.18.0.100 29/Jan/2026/11/59/39 PUT /v1/AUTH_233cd3df76d2455f93405d4e62407b5d/gnocchi.cb091800-febe-4f66-90c9-a69357ca76e4/none_v3 HTTP/1.0 201 - python-swiftclient-3.11.1 gAAAAABpe0sU3ETA... 22 - - tx691cc6275db442e5ab893-00697b4bab - 0.0329 - - 1769687979.529670000 1769687979.562581062 0
Jan 29 11:59:45 standalone object-server[127667]: 172.20.0.100 - - [29/Jan/2026:11:59:45 +0000] "GET /d1/17/AUTH_233cd3df76d2455f93405d4e62407b5d/gnocchi.cb091800-febe-4f66-90c9-a69357ca76e4/none_v3" 200 22 "GET http://172.18.0.2:8080/v1/AUTH_233cd3df76d2455f93405d4e62407b5d/gnocchi.cb091800-febe-4f66-90c9-a69357ca76e4/none_v3" "txa4782ba6935a4f43b8ef1-00697b4bb1" "proxy-server 20" 0.0015 "-" 23 0
Jan 29 11:59:45 standalone proxy-server[129651]: 172.18.0.2 172.18.0.100 29/Jan/2026/11/59/45 GET /v1/AUTH_233cd3df76d2455f93405d4e62407b5d/gnocchi.cb091800-febe-4f66-90c9-a69357ca76e4/none_v3 HTTP/1.0 200 - python-swiftclient-3.11.1 gAAAAABpe0sU3ETA... - 22 - txa4782ba6935a4f43b8ef1-00697b4bb1 - 0.0115 - - 1769687985.807606459 1769687985.819155931 0
Jan 29 11:59:45 standalone container-server[127472]: 172.20.0.100 - - [29/Jan/2026:11:59:45 +0000] "GET /d1/458/AUTH_233cd3df76d2455f93405d4e62407b5d/gnocchi.cb091800-febe-4f66-90c9-a69357ca76e4" 200 357 "GET http://172.18.0.2:8080/v1/AUTH_233cd3df76d2455f93405d4e62407b5d/gnocchi.cb091800-febe-4f66-90c9-a69357ca76e4?format=json&states=listing" "txee1d8964560746bd864c9-00697b4bb1" "proxy-server 20" 0.0110 "-" 15 0
Jan 29 11:59:45 standalone proxy-server[129651]: 172.18.0.2 172.18.0.100 29/Jan/2026/11/59/45 GET /v1/AUTH_233cd3df76d2455f93405d4e62407b5d/gnocchi.cb091800-febe-4f66-90c9-a69357ca76e4%3Fformat%3Djson%26states%3Dlisting HTTP/1.0 200 - python-swiftclient-3.11.1 gAAAAABpe0sU3ETA... - 357 - txee1d8964560746bd864c9-00697b4bb1 - 0.0287 - - 1769687985.825757504 1769687985.854417562 0
Jan 29 11:59:45 standalone container-server[127478]: 172.20.0.100 - - [29/Jan/2026:11:59:45 +0000] "GET /d1/458/AUTH_233cd3df76d2455f93405d4e62407b5d/gnocchi.cb091800-febe-4f66-90c9-a69357ca76e4" 200 2 "GET http://172.18.0.2:8080/v1/AUTH_233cd3df76d2455f93405d4e62407b5d/gnocchi.cb091800-febe-4f66-90c9-a69357ca76e4?format=json&marker=none_v3&states=listing" "tx01bf6809d2604e8aacc8e-00697b4bb1" "proxy-server 20" 0.0023 "-" 16 0
Jan 29 11:59:45 standalone proxy-server[129651]: 172.18.0.2 172.18.0.100 29/Jan/2026/11/59/45 GET /v1/AUTH_233cd3df76d2455f93405d4e62407b5d/gnocchi.cb091800-febe-4f66-90c9-a69357ca76e4%3Fformat%3Djson%26marker%3Dnone_v3%26states%3Dlisting HTTP/1.0 200 - python-swiftclient-3.11.1 gAAAAABpe0sU3ETA... - 2 - tx01bf6809d2604e8aacc8e-00697b4bb1 - 0.0117 - - 1769687985.860313892 1769687985.872057676 0
Jan 29 11:59:45 standalone object-server[127681]: 172.20.0.100 - - [29/Jan/2026:11:59:45 +0000] "GET /d1/123/AUTH_233cd3df76d2455f93405d4e62407b5d/gnocchi.cb091800-febe-4f66-90c9-a69357ca76e4/1769040000.0_mean_300.0_v3" 200 16 "GET http://172.18.0.2:8080/v1/AUTH_233cd3df76d2455f93405d4e62407b5d/gnocchi.cb091800-febe-4f66-90c9-a69357ca76e4/1769040000.0_mean_300.0_v3" "txc812d7360bc44c0684b0c-00697b4bb1" "proxy-server 20" 0.0012 "-" 25 0
Jan 29 11:59:45 standalone proxy-server[129651]: 172.18.0.2 172.18.0.100 29/Jan/2026/11/59/45 GET /v1/AUTH_233cd3df76d2455f93405d4e62407b5d/gnocchi.cb091800-febe-4f66-90c9-a69357ca76e4/1769040000.0_mean_300.0_v3 HTTP/1.0 200 - python-swiftclient-3.11.1 gAAAAABpe0sU3ETA... - 16 - txc812d7360bc44c0684b0c-00697b4bb1 - 0.0106 - - 1769687985.877493858 1769687985.888092518 0
Jan 29 11:59:45 standalone container-server[127478]: 172.20.0.100 - - [29/Jan/2026:11:59:45 +0000] "PUT /d1/458/AUTH_233cd3df76d2455f93405d4e62407b5d/gnocchi.cb091800-febe-4f66-90c9-a69357ca76e4/1769040000.0_mean_300.0_v3" 201 - "PUT http://172.18.0.2:8080/d1/123/AUTH_233cd3df76d2455f93405d4e62407b5d/gnocchi.cb091800-febe-4f66-90c9-a69357ca76e4/1769040000.0_mean_300.0_v3" "tx01ebc9768e354f90b2406-00697b4bb1" "object-server 24" 0.0005 "-" 16 0
Jan 29 11:59:45 standalone object-server[127673]: 172.20.0.100 - - [29/Jan/2026:11:59:45 +0000] "PUT /d1/123/AUTH_233cd3df76d2455f93405d4e62407b5d/gnocchi.cb091800-febe-4f66-90c9-a69357ca76e4/1769040000.0_mean_300.0_v3" 201 - "PUT http://172.18.0.2:8080/v1/AUTH_233cd3df76d2455f93405d4e62407b5d/gnocchi.cb091800-febe-4f66-90c9-a69357ca76e4/1769040000.0_mean_300.0_v3" "tx01ebc9768e354f90b2406-00697b4bb1" "proxy-server 20" 0.0115 "-" 24 0
Jan 29 11:59:45 standalone proxy-server[129651]: 172.18.0.2 172.18.0.100 29/Jan/2026/11/59/45 PUT /v1/AUTH_233cd3df76d2455f93405d4e62407b5d/gnocchi.cb091800-febe-4f66-90c9-a69357ca76e4/1769040000.0_mean_300.0_v3 HTTP/1.0 201 - python-swiftclient-3.11.1 gAAAAABpe0sU3ETA... 16 - - tx01ebc9768e354f90b2406-00697b4bb1 - 0.0203 - - 1769687985.893103600 1769687985.913413525 0
Jan 29 11:59:45 standalone container-server[127485]: 172.20.0.100 - - [29/Jan/2026:11:59:45 +0000] "PUT /d1/458/AUTH_233cd3df76d2455f93405d4e62407b5d/gnocchi.cb091800-febe-4f66-90c9-a69357ca76e4/none_v3" 201 - "PUT http://172.18.0.2:8080/d1/17/AUTH_233cd3df76d2455f93405d4e62407b5d/gnocchi.cb091800-febe-4f66-90c9-a69357ca76e4/none_v3" "tx3cef48d192d04e589b4f1-00697b4bb1" "object-server 23" 0.0008 "-" 17 0
Jan 29 11:59:45 standalone object-server[127667]: 172.20.0.100 - - [29/Jan/2026:11:59:45 +0000] "PUT /d1/17/AUTH_233cd3df76d2455f93405d4e62407b5d/gnocchi.cb091800-febe-4f66-90c9-a69357ca76e4/none_v3" 201 - "PUT http://172.18.0.2:8080/v1/AUTH_233cd3df76d2455f93405d4e62407b5d/gnocchi.cb091800-febe-4f66-90c9-a69357ca76e4/none_v3" "tx3cef48d192d04e589b4f1-00697b4bb1" "proxy-server 20" 0.0123 "-" 23 0
Jan 29 11:59:45 standalone proxy-server[129651]: 172.18.0.2 172.18.0.100 29/Jan/2026/11/59/45 PUT /v1/AUTH_233cd3df76d2455f93405d4e62407b5d/gnocchi.cb091800-febe-4f66-90c9-a69357ca76e4/none_v3 HTTP/1.0 201 - python-swiftclient-3.11.1 gAAAAABpe0sU3ETA... 32 - - tx3cef48d192d04e589b4f1-00697b4bb1 - 0.0207 - - 1769687985.917651653 1769687985.938354254 0
Jan 29 12:00:08 standalone container-server[127472]: 172.20.0.100 - - [29/Jan/2026:12:00:08 +0000] "HEAD /d1/999/AUTH_233cd3df76d2455f93405d4e62407b5d/gnocchi.26a71388-2d65-4c3a-bffb-3f6f0b082a12" 404 - "HEAD http://172.18.0.2:8080/v1/AUTH_233cd3df76d2455f93405d4e62407b5d/gnocchi.26a71388-2d65-4c3a-bffb-3f6f0b082a12?format=json&states=listing" "tx07de1ade40cd4c5db9ec1-00697b4bc8" "proxy-server 20" 0.0006 "-" 15 0
Jan 29 12:00:08 standalone object-server[127681]: 172.20.0.100 - - [29/Jan/2026:12:00:08 +0000] "GET /d1/467/AUTH_233cd3df76d2455f93405d4e62407b5d/gnocchi.26a71388-2d65-4c3a-bffb-3f6f0b082a12/none_v3" 404 70 "GET http://172.18.0.2:8080/v1/AUTH_233cd3df76d2455f93405d4e62407b5d/gnocchi.26a71388-2d65-4c3a-bffb-3f6f0b082a12/none_v3" "tx07de1ade40cd4c5db9ec1-00697b4bc8" "proxy-server 20" 0.0010 "-" 25 0
Jan 29 12:00:08 standalone proxy-server[129651]: 172.18.0.2 172.18.0.100 29/Jan/2026/12/00/08 GET /v1/AUTH_233cd3df76d2455f93405d4e62407b5d/gnocchi.26a71388-2d65-4c3a-bffb-3f6f0b082a12/none_v3 HTTP/1.0 404 - python-swiftclient-3.11.1 gAAAAABpe0sU3ETA... - 70 - tx07de1ade40cd4c5db9ec1-00697b4bc8 - 0.0212 - - 1769688008.267142773 1769688008.288345575 0
Jan 29 12:00:08 standalone account-server[127356]: 172.20.0.100 - - [29/Jan/2026:12:00:08 +0000] "PUT /d1/482/AUTH_233cd3df76d2455f93405d4e62407b5d/gnocchi.26a71388-2d65-4c3a-bffb-3f6f0b082a12" 201 - "PUT http://172.20.0.100:6001/d1/999/AUTH_233cd3df76d2455f93405d4e62407b5d/gnocchi.26a71388-2d65-4c3a-bffb-3f6f0b082a12" "tx1dee91879e6e4ad39a0b9-00697b4bc8" "container-server 14" 0.0044 "-" 21 0
Jan 29 12:00:08 standalone container-server[127466]: 172.20.0.100 - - [29/Jan/2026:12:00:08 +0000] "PUT /d1/999/AUTH_233cd3df76d2455f93405d4e62407b5d/gnocchi.26a71388-2d65-4c3a-bffb-3f6f0b082a12" 201 - "PUT http://172.18.0.2:8080/v1/AUTH_233cd3df76d2455f93405d4e62407b5d/gnocchi.26a71388-2d65-4c3a-bffb-3f6f0b082a12" "tx1dee91879e6e4ad39a0b9-00697b4bc8" "proxy-server 20" 0.0180 "-" 14 0
Jan 29 12:00:08 standalone proxy-server[129651]: 172.18.0.2 172.18.0.100 29/Jan/2026/12/00/08 PUT /v1/AUTH_233cd3df76d2455f93405d4e62407b5d/gnocchi.26a71388-2d65-4c3a-bffb-3f6f0b082a12 HTTP/1.0 201 - python-swiftclient-3.11.1 gAAAAABpe0sU3ETA... - - - tx1dee91879e6e4ad39a0b9-00697b4bc8 - 0.0293 - - 1769688008.293496370 1769688008.322844744 0
Jan 29 12:00:08 standalone container-server[127485]: 172.20.0.100 - - [29/Jan/2026:12:00:08 +0000] "HEAD /d1/999/AUTH_233cd3df76d2455f93405d4e62407b5d/gnocchi.26a71388-2d65-4c3a-bffb-3f6f0b082a12" 204 - "HEAD http://172.18.0.2:8080/v1/AUTH_233cd3df76d2455f93405d4e62407b5d/gnocchi.26a71388-2d65-4c3a-bffb-3f6f0b082a12?format=json&states=listing" "txd7b4c47b6a15451789205-00697b4bc8" "proxy-server 20" 0.0014 "-" 17 0
Jan 29 12:00:08 standalone proxy-server[129651]: - - 29/Jan/2026/12/00/08 HEAD /v1/AUTH_233cd3df76d2455f93405d4e62407b5d/gnocchi.26a71388-2d65-4c3a-bffb-3f6f0b082a12%3Fformat%3Djson%26states%3Dlisting HTTP/1.0 204 - Swift - - - - txd7b4c47b6a15451789205-00697b4bc8 - 0.0051 RL - 1769688008.332429886 1769688008.337560177 0
Jan 29 12:00:08 standalone container-server[127478]: 172.20.0.100 - - [29/Jan/2026:12:00:08 +0000] "GET /d1/999/AUTH_233cd3df76d2455f93405d4e62407b5d/gnocchi.26a71388-2d65-4c3a-bffb-3f6f0b082a12" 200 2 "GET http://172.18.0.2:8080/v1/AUTH_233cd3df76d2455f93405d4e62407b5d/gnocchi.26a71388-2d65-4c3a-bffb-3f6f0b082a12?format=json&states=listing" "txd7b4c47b6a15451789205-00697b4bc8" "proxy-server 20" 0.0026 "-" 16 0
Jan 29 12:00:08 standalone proxy-server[129651]: 172.18.0.2 172.18.0.100 29/Jan/2026/12/00/08 GET /v1/AUTH_233cd3df76d2455f93405d4e62407b5d/gnocchi.26a71388-2d65-4c3a-bffb-3f6f0b082a12%3Fformat%3Djson%26states%3Dlisting HTTP/1.0 200 - python-swiftclient-3.11.1 gAAAAABpe0sU3ETA... - 2 - txd7b4c47b6a15451789205-00697b4bc8 - 0.0654 - - 1769688008.329832554 1769688008.395239592 0
Jan 29 12:00:08 standalone object-server[127658]: 172.20.0.100 - - [29/Jan/2026:12:00:08 +0000] "GET /d1/88/AUTH_233cd3df76d2455f93405d4e62407b5d/gnocchi.26a71388-2d65-4c3a-bffb-3f6f0b082a12/1769040000.0_mean_300.0_v3" 404 70 "GET http://172.18.0.2:8080/v1/AUTH_233cd3df76d2455f93405d4e62407b5d/gnocchi.26a71388-2d65-4c3a-bffb-3f6f0b082a12/1769040000.0_mean_300.0_v3" "txbd695154c6b74cc098af2-00697b4bc8" "proxy-server 20" 0.0008 "-" 22 0
Jan 29 12:00:08 standalone proxy-server[129651]: 172.18.0.2 172.18.0.100 29/Jan/2026/12/00/08 GET /v1/AUTH_233cd3df76d2455f93405d4e62407b5d/gnocchi.26a71388-2d65-4c3a-bffb-3f6f0b082a12/1769040000.0_mean_300.0_v3 HTTP/1.0 404 - python-swiftclient-3.11.1 gAAAAABpe0sU3ETA... - 70 - txbd695154c6b74cc098af2-00697b4bc8 - 0.0114 - - 1769688008.400125027 1769688008.411531210 0
Jan 29 12:00:08 standalone container-server[127466]: 172.20.0.100 - - [29/Jan/2026:12:00:08 +0000] "PUT /d1/999/AUTH_233cd3df76d2455f93405d4e62407b5d/gnocchi.26a71388-2d65-4c3a-bffb-3f6f0b082a12/1769040000.0_mean_300.0_v3" 201 - "PUT http://172.18.0.2:8080/d1/88/AUTH_233cd3df76d2455f93405d4e62407b5d/gnocchi.26a71388-2d65-4c3a-bffb-3f6f0b082a12/1769040000.0_mean_300.0_v3" "tx60ff170e5a724fc99e799-00697b4bc8" "object-server 22" 0.0009 "-" 14 0
Jan 29 12:00:08 standalone object-server[127658]: 172.20.0.100 - - [29/Jan/2026:12:00:08 +0000] "PUT /d1/88/AUTH_233cd3df76d2455f93405d4e62407b5d/gnocchi.26a71388-2d65-4c3a-bffb-3f6f0b082a12/1769040000.0_mean_300.0_v3" 201 - "PUT http://172.18.0.2:8080/v1/AUTH_233cd3df76d2455f93405d4e62407b5d/gnocchi.26a71388-2d65-4c3a-bffb-3f6f0b082a12/1769040000.0_mean_300.0_v3" "tx60ff170e5a724fc99e799-00697b4bc8" "proxy-server 20" 0.0121 "-" 22 0
Jan 29 12:00:08 standalone proxy-server[129651]: 172.18.0.2 172.18.0.100 29/Jan/2026/12/00/08 PUT /v1/AUTH_233cd3df76d2455f93405d4e62407b5d/gnocchi.26a71388-2d65-4c3a-bffb-3f6f0b082a12/1769040000.0_mean_300.0_v3 HTTP/1.0 201 - python-swiftclient-3.11.1 gAAAAABpe0sU3ETA... 16 - - tx60ff170e5a724fc99e799-00697b4bc8 - 0.0182 - - 1769688008.414968252 1769688008.433176041 0
Jan 29 12:00:08 standalone container-server[127466]: 172.20.0.100 - - [29/Jan/2026:12:00:08 +0000] "PUT /d1/999/AUTH_233cd3df76d2455f93405d4e62407b5d/gnocchi.26a71388-2d65-4c3a-bffb-3f6f0b082a12/none_v3" 201 - "PUT http://172.18.0.2:8080/d1/467/AUTH_233cd3df76d2455f93405d4e62407b5d/gnocchi.26a71388-2d65-4c3a-bffb-3f6f0b082a12/none_v3" "tx3e88bd876390419eaf459-00697b4bc8" "object-server 22" 0.0004 "-" 14 0
Jan 29 12:00:08 standalone object-server[127658]: 172.20.0.100 - - [29/Jan/2026:12:00:08 +0000] "PUT /d1/467/AUTH_233cd3df76d2455f93405d4e62407b5d/gnocchi.26a71388-2d65-4c3a-bffb-3f6f0b082a12/none_v3" 201 - "PUT http://172.18.0.2:8080/v1/AUTH_233cd3df76d2455f93405d4e62407b5d/gnocchi.26a71388-2d65-4c3a-bffb-3f6f0b082a12/none_v3" "tx3e88bd876390419eaf459-00697b4bc8" "proxy-server 20" 0.0099 "-" 22 0
Jan 29 12:00:08 standalone proxy-server[129651]: 172.18.0.2 172.18.0.100 29/Jan/2026/12/00/08 PUT /v1/AUTH_233cd3df76d2455f93405d4e62407b5d/gnocchi.26a71388-2d65-4c3a-bffb-3f6f0b082a12/none_v3 HTTP/1.0 201 - python-swiftclient-3.11.1 gAAAAABpe0sU3ETA... 22 - - tx3e88bd876390419eaf459-00697b4bc8 - 0.0157 - - 1769688008.436039925 1769688008.451735020 0
Jan 29 12:00:08 standalone container-server[127466]: 172.20.0.100 - - [29/Jan/2026:12:00:08 +0000] "HEAD /d1/870/AUTH_233cd3df76d2455f93405d4e62407b5d/gnocchi.cbd78b7b-61ca-420e-a0dc-dcb1b9bd0fa8" 404 - "HEAD http://172.18.0.2:8080/v1/AUTH_233cd3df76d2455f93405d4e62407b5d/gnocchi.cbd78b7b-61ca-420e-a0dc-dcb1b9bd0fa8?format=json&states=listing" "txf995744d7b444ed5b98c4-00697b4bc8" "proxy-server 20" 0.0004 "-" 14 0
Jan 29 12:00:08 standalone object-server[127658]: 172.20.0.100 - - [29/Jan/2026:12:00:08 +0000] "GET /d1/16/AUTH_233cd3df76d2455f93405d4e62407b5d/gnocchi.cbd78b7b-61ca-420e-a0dc-dcb1b9bd0fa8/none_v3" 404 70 "GET http://172.18.0.2:8080/v1/AUTH_233cd3df76d2455f93405d4e62407b5d/gnocchi.cbd78b7b-61ca-420e-a0dc-dcb1b9bd0fa8/none_v3" "txf995744d7b444ed5b98c4-00697b4bc8" "proxy-server 20" 0.0004 "-" 22 0
Jan 29 12:00:08 standalone proxy-server[129651]: 172.18.0.2 172.18.0.100 29/Jan/2026/12/00/08 GET /v1/AUTH_233cd3df76d2455f93405d4e62407b5d/gnocchi.cbd78b7b-61ca-420e-a0dc-dcb1b9bd0fa8/none_v3 HTTP/1.0 404 - python-swiftclient-3.11.1 gAAAAABpe0sU3ETA... - 70 - txf995744d7b444ed5b98c4-00697b4bc8 - 0.0095 - - 1769688008.485028028 1769688008.494537354 0
Jan 29 12:00:08 standalone account-server[127342]: 172.20.0.100 - - [29/Jan/2026:12:00:08 +0000] "PUT /d1/482/AUTH_233cd3df76d2455f93405d4e62407b5d/gnocchi.cbd78b7b-61ca-420e-a0dc-dcb1b9bd0fa8" 201 - "PUT http://172.20.0.100:6001/d1/870/AUTH_233cd3df76d2455f93405d4e62407b5d/gnocchi.cbd78b7b-61ca-420e-a0dc-dcb1b9bd0fa8" "tx8cf3da30900b428da1e34-00697b4bc8" "container-server 16" 0.0042 "-" 19 0
Jan 29 12:00:08 standalone container-server[127478]: 172.20.0.100 - - [29/Jan/2026:12:00:08 +0000] "PUT /d1/870/AUTH_233cd3df76d2455f93405d4e62407b5d/gnocchi.cbd78b7b-61ca-420e-a0dc-dcb1b9bd0fa8" 201 - "PUT http://172.18.0.2:8080/v1/AUTH_233cd3df76d2455f93405d4e62407b5d/gnocchi.cbd78b7b-61ca-420e-a0dc-dcb1b9bd0fa8" "tx8cf3da30900b428da1e34-00697b4bc8" "proxy-server 20" 0.0169 "-" 16 0
Jan 29 12:00:08 standalone proxy-server[129651]: 172.18.0.2 172.18.0.100 29/Jan/2026/12/00/08 PUT /v1/AUTH_233cd3df76d2455f93405d4e62407b5d/gnocchi.cbd78b7b-61ca-420e-a0dc-dcb1b9bd0fa8 HTTP/1.0 201 - python-swiftclient-3.11.1 gAAAAABpe0sU3ETA... - - - tx8cf3da30900b428da1e34-00697b4bc8 - 0.0222 - - 1769688008.496561766 1769688008.518774271 0
Jan 29 12:00:08 standalone container-server[127478]: 172.20.0.100 - - [29/Jan/2026:12:00:08 +0000] "HEAD /d1/870/AUTH_233cd3df76d2455f93405d4e62407b5d/gnocchi.cbd78b7b-61ca-420e-a0dc-dcb1b9bd0fa8" 204 - "HEAD http://172.18.0.2:8080/v1/AUTH_233cd3df76d2455f93405d4e62407b5d/gnocchi.cbd78b7b-61ca-420e-a0dc-dcb1b9bd0fa8?format=json&states=listing" "tx34fd795970e340e4aa9fa-00697b4bc8" "proxy-server 20" 0.0015 "-" 16 0
Jan 29 12:00:08 standalone proxy-server[129651]: - - 29/Jan/2026/12/00/08 HEAD /v1/AUTH_233cd3df76d2455f93405d4e62407b5d/gnocchi.cbd78b7b-61ca-420e-a0dc-dcb1b9bd0fa8%3Fformat%3Djson%26states%3Dlisting HTTP/1.0 204 - Swift - - - - tx34fd795970e340e4aa9fa-00697b4bc8 - 0.0043 RL - 1769688008.522593021 1769688008.526854992 0
Jan 29 12:00:08 standalone container-server[127485]: 172.20.0.100 - - [29/Jan/2026:12:00:08 +0000] "GET /d1/870/AUTH_233cd3df76d2455f93405d4e62407b5d/gnocchi.cbd78b7b-61ca-420e-a0dc-dcb1b9bd0fa8" 200 2 "GET http://172.18.0.2:8080/v1/AUTH_233cd3df76d2455f93405d4e62407b5d/gnocchi.cbd78b7b-61ca-420e-a0dc-dcb1b9bd0fa8?format=json&states=listing" "tx34fd795970e340e4aa9fa-00697b4bc8" "proxy-server 20" 0.0017 "-" 17 0
Jan 29 12:00:08 standalone proxy-server[129651]: 172.18.0.2 172.18.0.100 29/Jan/2026/12/00/08 GET /v1/AUTH_233cd3df76d2455f93405d4e62407b5d/gnocchi.cbd78b7b-61ca-420e-a0dc-dcb1b9bd0fa8%3Fformat%3Djson%26states%3Dlisting HTTP/1.0 200 - python-swiftclient-3.11.1 gAAAAABpe0sU3ETA... - 2 - tx34fd795970e340e4aa9fa-00697b4bc8 - 0.0113 - - 1769688008.521619797 1769688008.532919884 0
Jan 29 12:00:08 standalone object-server[127673]: 172.20.0.100 - - [29/Jan/2026:12:00:08 +0000] "GET /d1/960/AUTH_233cd3df76d2455f93405d4e62407b5d/gnocchi.cbd78b7b-61ca-420e-a0dc-dcb1b9bd0fa8/1769040000.0_mean_300.0_v3" 404 70 "GET http://172.18.0.2:8080/v1/AUTH_233cd3df76d2455f93405d4e62407b5d/gnocchi.cbd78b7b-61ca-420e-a0dc-dcb1b9bd0fa8/1769040000.0_mean_300.0_v3" "txd22944ee911e477ea87df-00697b4bc8" "proxy-server 20" 0.0003 "-" 24 0
Jan 29 12:00:08 standalone proxy-server[129651]: 172.18.0.2 172.18.0.100 29/Jan/2026/12/00/08 GET /v1/AUTH_233cd3df76d2455f93405d4e62407b5d/gnocchi.cbd78b7b-61ca-420e-a0dc-dcb1b9bd0fa8/1769040000.0_mean_300.0_v3 HTTP/1.0 404 - python-swiftclient-3.11.1 gAAAAABpe0sU3ETA... - 70 - txd22944ee911e477ea87df-00697b4bc8 - 0.0048 - - 1769688008.535259485 1769688008.540027618 0
Jan 29 12:00:08 standalone container-server[127485]: 172.20.0.100 - - [29/Jan/2026:12:00:08 +0000] "PUT /d1/870/AUTH_233cd3df76d2455f93405d4e62407b5d/gnocchi.cbd78b7b-61ca-420e-a0dc-dcb1b9bd0fa8/1769040000.0_mean_300.0_v3" 201 - "PUT http://172.18.0.2:8080/d1/960/AUTH_233cd3df76d2455f93405d4e62407b5d/gnocchi.cbd78b7b-61ca-420e-a0dc-dcb1b9bd0fa8/1769040000.0_mean_300.0_v3" "tx4364816263c54a0eac6b9-00697b4bc8" "object-server 25" 0.0005 "-" 17 0
Jan 29 12:00:08 standalone object-server[127681]: 172.20.0.100 - - [29/Jan/2026:12:00:08 +0000] "PUT /d1/960/AUTH_233cd3df76d2455f93405d4e62407b5d/gnocchi.cbd78b7b-61ca-420e-a0dc-dcb1b9bd0fa8/1769040000.0_mean_300.0_v3" 201 - "PUT http://172.18.0.2:8080/v1/AUTH_233cd3df76d2455f93405d4e62407b5d/gnocchi.cbd78b7b-61ca-420e-a0dc-dcb1b9bd0fa8/1769040000.0_mean_300.0_v3" "tx4364816263c54a0eac6b9-00697b4bc8" "proxy-server 20" 0.0071 "-" 25 0
Jan 29 12:00:08 standalone proxy-server[129651]: 172.18.0.2 172.18.0.100 29/Jan/2026/12/00/08 PUT /v1/AUTH_233cd3df76d2455f93405d4e62407b5d/gnocchi.cbd78b7b-61ca-420e-a0dc-dcb1b9bd0fa8/1769040000.0_mean_300.0_v3 HTTP/1.0 201 - python-swiftclient-3.11.1 gAAAAABpe0sU3ETA... 16 - - tx4364816263c54a0eac6b9-00697b4bc8 - 0.0115 - - 1769688008.542083025 1769688008.553611755 0
Jan 29 12:00:08 standalone container-server[127478]: 172.20.0.100 - - [29/Jan/2026:12:00:08 +0000] "PUT /d1/870/AUTH_233cd3df76d2455f93405d4e62407b5d/gnocchi.cbd78b7b-61ca-420e-a0dc-dcb1b9bd0fa8/none_v3" 201 - "PUT http://172.18.0.2:8080/d1/16/AUTH_233cd3df76d2455f93405d4e62407b5d/gnocchi.cbd78b7b-61ca-420e-a0dc-dcb1b9bd0fa8/none_v3" "txca2fbe1eb1154614a81bd-00697b4bc8" "object-server 25" 0.0005 "-" 16 0
Jan 29 12:00:08 standalone object-server[127681]: 172.20.0.100 - - [29/Jan/2026:12:00:08 +0000] "PUT /d1/16/AUTH_233cd3df76d2455f93405d4e62407b5d/gnocchi.cbd78b7b-61ca-420e-a0dc-dcb1b9bd0fa8/none_v3" 201 - "PUT http://172.18.0.2:8080/v1/AUTH_233cd3df76d2455f93405d4e62407b5d/gnocchi.cbd78b7b-61ca-420e-a0dc-dcb1b9bd0fa8/none_v3" "txca2fbe1eb1154614a81bd-00697b4bc8" "proxy-server 20" 0.0071 "-" 25 0
Jan 29 12:00:08 standalone proxy-server[129651]: 172.18.0.2 172.18.0.100 29/Jan/2026/12/00/08 PUT /v1/AUTH_233cd3df76d2455f93405d4e62407b5d/gnocchi.cbd78b7b-61ca-420e-a0dc-dcb1b9bd0fa8/none_v3 HTTP/1.0 201 - python-swiftclient-3.11.1 gAAAAABpe0sU3ETA... 22 - - txca2fbe1eb1154614a81bd-00697b4bc8 - 0.0111 - - 1769688008.555860519 1769688008.566910982 0
Jan 29 12:00:08 standalone container-server[127485]: 172.20.0.100 - - [29/Jan/2026:12:00:08 +0000] "HEAD /d1/286/AUTH_233cd3df76d2455f93405d4e62407b5d/gnocchi.cfec5d94-9cba-4d0f-b183-f1af008533af" 404 - "HEAD http://172.18.0.2:8080/v1/AUTH_233cd3df76d2455f93405d4e62407b5d/gnocchi.cfec5d94-9cba-4d0f-b183-f1af008533af?format=json&states=listing" "tx5aa2c5238bd54173bcba4-00697b4bc8" "proxy-server 20" 0.0004 "-" 17 0
Jan 29 12:00:08 standalone object-server[127658]: 172.20.0.100 - - [29/Jan/2026:12:00:08 +0000] "GET /d1/753/AUTH_233cd3df76d2455f93405d4e62407b5d/gnocchi.cfec5d94-9cba-4d0f-b183-f1af008533af/none_v3" 404 70 "GET http://172.18.0.2:8080/v1/AUTH_233cd3df76d2455f93405d4e62407b5d/gnocchi.cfec5d94-9cba-4d0f-b183-f1af008533af/none_v3" "tx5aa2c5238bd54173bcba4-00697b4bc8" "proxy-server 20" 0.0003 "-" 22 0
Jan 29 12:00:08 standalone proxy-server[129651]: 172.18.0.2 172.18.0.100 29/Jan/2026/12/00/08 GET /v1/AUTH_233cd3df76d2455f93405d4e62407b5d/gnocchi.cfec5d94-9cba-4d0f-b183-f1af008533af/none_v3 HTTP/1.0 404 - python-swiftclient-3.11.1 gAAAAABpe0sU3ETA... - 70 - tx5aa2c5238bd54173bcba4-00697b4bc8 - 0.0084 - - 1769688008.583675623 1769688008.592096329 0
Jan 29 12:00:08 standalone account-server[127369]: 172.20.0.100 - - [29/Jan/2026:12:00:08 +0000] "PUT /d1/482/AUTH_233cd3df76d2455f93405d4e62407b5d/gnocchi.cfec5d94-9cba-4d0f-b183-f1af008533af" 201 - "PUT http://172.20.0.100:6001/d1/286/AUTH_233cd3df76d2455f93405d4e62407b5d/gnocchi.cfec5d94-9cba-4d0f-b183-f1af008533af" "txb566e3044a4f4719b0cd2-00697b4bc8" "container-server 16" 0.0038 "-" 23 0
Jan 29 12:00:08 standalone container-server[127478]: 172.20.0.100 - - [29/Jan/2026:12:00:08 +0000] "PUT /d1/286/AUTH_233cd3df76d2455f93405d4e62407b5d/gnocchi.cfec5d94-9cba-4d0f-b183-f1af008533af" 201 - "PUT http://172.18.0.2:8080/v1/AUTH_233cd3df76d2455f93405d4e62407b5d/gnocchi.cfec5d94-9cba-4d0f-b183-f1af008533af" "txb566e3044a4f4719b0cd2-00697b4bc8" "proxy-server 20" 0.0164 "-" 16 0
Jan 29 12:00:08 standalone proxy-server[129651]: 172.18.0.2 172.18.0.100 29/Jan/2026/12/00/08 PUT /v1/AUTH_233cd3df76d2455f93405d4e62407b5d/gnocchi.cfec5d94-9cba-4d0f-b183-f1af008533af HTTP/1.0 201 - python-swiftclient-3.11.1 gAAAAABpe0sU3ETA... - - - txb566e3044a4f4719b0cd2-00697b4bc8 - 0.0208 - - 1769688008.594389677 1769688008.615163565 0
Jan 29 12:00:08 standalone container-server[127478]: 172.20.0.100 - - [29/Jan/2026:12:00:08 +0000] "HEAD /d1/286/AUTH_233cd3df76d2455f93405d4e62407b5d/gnocchi.cfec5d94-9cba-4d0f-b183-f1af008533af" 204 - "HEAD http://172.18.0.2:8080/v1/AUTH_233cd3df76d2455f93405d4e62407b5d/gnocchi.cfec5d94-9cba-4d0f-b183-f1af008533af?format=json&states=listing" "tx4eec7d38abde4942b6258-00697b4bc8" "proxy-server 20" 0.0014 "-" 16 0
Jan 29 12:00:08 standalone proxy-server[129651]: - - 29/Jan/2026/12/00/08 HEAD /v1/AUTH_233cd3df76d2455f93405d4e62407b5d/gnocchi.cfec5d94-9cba-4d0f-b183-f1af008533af%3Fformat%3Djson%26states%3Dlisting HTTP/1.0 204 - Swift - - - - tx4eec7d38abde4942b6258-00697b4bc8 - 0.0039 RL - 1769688008.622602940 1769688008.626534462 0
Jan 29 12:00:08 standalone container-server[127478]: 172.20.0.100 - - [29/Jan/2026:12:00:08 +0000] "GET /d1/286/AUTH_233cd3df76d2455f93405d4e62407b5d/gnocchi.cfec5d94-9cba-4d0f-b183-f1af008533af" 200 2 "GET http://172.18.0.2:8080/v1/AUTH_233cd3df76d2455f93405d4e62407b5d/gnocchi.cfec5d94-9cba-4d0f-b183-f1af008533af?format=json&states=listing" "tx4eec7d38abde4942b6258-00697b4bc8" "proxy-server 20" 0.0022 "-" 16 0
Jan 29 12:00:08 standalone proxy-server[129651]: 172.18.0.2 172.18.0.100 29/Jan/2026/12/00/08 GET /v1/AUTH_233cd3df76d2455f93405d4e62407b5d/gnocchi.cfec5d94-9cba-4d0f-b183-f1af008533af%3Fformat%3Djson%26states%3Dlisting HTTP/1.0 200 - python-swiftclient-3.11.1 gAAAAABpe0sU3ETA... - 2 - tx4eec7d38abde4942b6258-00697b4bc8 - 0.0114 - - 1769688008.621786833 1769688008.633157015 0
Jan 29 12:00:08 standalone object-server[127673]: 172.20.0.100 - - [29/Jan/2026:12:00:08 +0000] "GET /d1/839/AUTH_233cd3df76d2455f93405d4e62407b5d/gnocchi.cfec5d94-9cba-4d0f-b183-f1af008533af/1769040000.0_mean_300.0_v3" 404 70 "GET http://172.18.0.2:8080/v1/AUTH_233cd3df76d2455f93405d4e62407b5d/gnocchi.cfec5d94-9cba-4d0f-b183-f1af008533af/1769040000.0_mean_300.0_v3" "tx08dfd5186ff7462cb92ae-00697b4bc8" "proxy-server 20" 0.0003 "-" 24 0
Jan 29 12:00:08 standalone proxy-server[129651]: 172.18.0.2 172.18.0.100 29/Jan/2026/12/00/08 GET /v1/AUTH_233cd3df76d2455f93405d4e62407b5d/gnocchi.cfec5d94-9cba-4d0f-b183-f1af008533af/1769040000.0_mean_300.0_v3 HTTP/1.0 404 - python-swiftclient-3.11.1 gAAAAABpe0sU3ETA... - 70 - tx08dfd5186ff7462cb92ae-00697b4bc8 - 0.0042 - - 1769688008.636244535 1769688008.640429258 0
Jan 29 12:00:08 standalone container-server[127472]: 172.20.0.100 - - [29/Jan/2026:12:00:08 +0000] "PUT /d1/286/AUTH_233cd3df76d2455f93405d4e62407b5d/gnocchi.cfec5d94-9cba-4d0f-b183-f1af008533af/1769040000.0_mean_300.0_v3" 201 - "PUT http://172.18.0.2:8080/d1/839/AUTH_233cd3df76d2455f93405d4e62407b5d/gnocchi.cfec5d94-9cba-4d0f-b183-f1af008533af/1769040000.0_mean_300.0_v3" "tx4a334fc3146d4214a644e-00697b4bc8" "object-server 23" 0.0005 "-" 15 0
Jan 29 12:00:08 standalone object-server[127667]: 172.20.0.100 - - [29/Jan/2026:12:00:08 +0000] "PUT /d1/839/AUTH_233cd3df76d2455f93405d4e62407b5d/gnocchi.cfec5d94-9cba-4d0f-b183-f1af008533af/1769040000.0_mean_300.0_v3" 201 - "PUT http://172.18.0.2:8080/v1/AUTH_233cd3df76d2455f93405d4e62407b5d/gnocchi.cfec5d94-9cba-4d0f-b183-f1af008533af/1769040000.0_mean_300.0_v3" "tx4a334fc3146d4214a644e-00697b4bc8" "proxy-server 20" 0.0088 "-" 23 0
Jan 29 12:00:08 standalone proxy-server[129651]: 172.18.0.2 172.18.0.100 29/Jan/2026/12/00/08 PUT /v1/AUTH_233cd3df76d2455f93405d4e62407b5d/gnocchi.cfec5d94-9cba-4d0f-b183-f1af008533af/1769040000.0_mean_300.0_v3 HTTP/1.0 201 - python-swiftclient-3.11.1 gAAAAABpe0sU3ETA... 16 - - tx4a334fc3146d4214a644e-00697b4bc8 - 0.0131 - - 1769688008.642678261 1769688008.655751705 0
Jan 29 12:00:08 standalone container-server[127466]: 172.20.0.100 - - [29/Jan/2026:12:00:08 +0000] "PUT /d1/286/AUTH_233cd3df76d2455f93405d4e62407b5d/gnocchi.cfec5d94-9cba-4d0f-b183-f1af008533af/none_v3" 201 - "PUT http://172.18.0.2:8080/d1/753/AUTH_233cd3df76d2455f93405d4e62407b5d/gnocchi.cfec5d94-9cba-4d0f-b183-f1af008533af/none_v3" "txf7bded9aa7114da28c921-00697b4bc8" "object-server 25" 0.0005 "-" 14 0
Jan 29 12:00:08 standalone object-server[127681]: 172.20.0.100 - - [29/Jan/2026:12:00:08 +0000] "PUT /d1/753/AUTH_233cd3df76d2455f93405d4e62407b5d/gnocchi.cfec5d94-9cba-4d0f-b183-f1af008533af/none_v3" 201 - "PUT http://172.18.0.2:8080/v1/AUTH_233cd3df76d2455f93405d4e62407b5d/gnocchi.cfec5d94-9cba-4d0f-b183-f1af008533af/none_v3" "txf7bded9aa7114da28c921-00697b4bc8" "proxy-server 20" 0.0101 "-" 25 0
Jan 29 12:00:08 standalone proxy-server[129651]: 172.18.0.2 172.18.0.100 29/Jan/2026/12/00/08 PUT /v1/AUTH_233cd3df76d2455f93405d4e62407b5d/gnocchi.cfec5d94-9cba-4d0f-b183-f1af008533af/none_v3 HTTP/1.0 201 - python-swiftclient-3.11.1 gAAAAABpe0sU3ETA... 22 - - txf7bded9aa7114da28c921-00697b4bc8 - 0.0146 - - 1769688008.658107281 1769688008.672698975 0
Jan 29 12:00:08 standalone container-server[127478]: 172.20.0.100 - - [29/Jan/2026:12:00:08 +0000] "HEAD /d1/823/AUTH_233cd3df76d2455f93405d4e62407b5d/gnocchi.c0ab653f-e03a-4f13-aece-e134a4d67431" 404 - "HEAD http://172.18.0.2:8080/v1/AUTH_233cd3df76d2455f93405d4e62407b5d/gnocchi.c0ab653f-e03a-4f13-aece-e134a4d67431?format=json&states=listing" "tx3a446f62c9c947b5ae4b2-00697b4bc8" "proxy-server 20" 0.0005 "-" 16 0
Jan 29 12:00:08 standalone object-server[127673]: 172.20.0.100 - - [29/Jan/2026:12:00:08 +0000] "GET /d1/8/AUTH_233cd3df76d2455f93405d4e62407b5d/gnocchi.c0ab653f-e03a-4f13-aece-e134a4d67431/none_v3" 404 70 "GET http://172.18.0.2:8080/v1/AUTH_233cd3df76d2455f93405d4e62407b5d/gnocchi.c0ab653f-e03a-4f13-aece-e134a4d67431/none_v3" "tx3a446f62c9c947b5ae4b2-00697b4bc8" "proxy-server 20" 0.0006 "-" 24 0
Jan 29 12:00:08 standalone proxy-server[129651]: 172.18.0.2 172.18.0.100 29/Jan/2026/12/00/08 GET /v1/AUTH_233cd3df76d2455f93405d4e62407b5d/gnocchi.c0ab653f-e03a-4f13-aece-e134a4d67431/none_v3 HTTP/1.0 404 - python-swiftclient-3.11.1 gAAAAABpe0sU3ETA... - 70 - tx3a446f62c9c947b5ae4b2-00697b4bc8 - 0.0090 - - 1769688008.684371233 1769688008.693371058 0
Jan 29 12:00:08 standalone account-server[127342]: 172.20.0.100 - - [29/Jan/2026:12:00:08 +0000] "PUT /d1/482/AUTH_233cd3df76d2455f93405d4e62407b5d/gnocchi.c0ab653f-e03a-4f13-aece-e134a4d67431" 201 - "PUT http://172.20.0.100:6001/d1/823/AUTH_233cd3df76d2455f93405d4e62407b5d/gnocchi.c0ab653f-e03a-4f13-aece-e134a4d67431" "tx41df0df811d64f0496ecb-00697b4bc8" "container-server 15" 0.0060 "-" 19 0
Jan 29 12:00:08 standalone container-server[127472]: 172.20.0.100 - - [29/Jan/2026:12:00:08 +0000] "PUT /d1/823/AUTH_233cd3df76d2455f93405d4e62407b5d/gnocchi.c0ab653f-e03a-4f13-aece-e134a4d67431" 201 - "PUT http://172.18.0.2:8080/v1/AUTH_233cd3df76d2455f93405d4e62407b5d/gnocchi.c0ab653f-e03a-4f13-aece-e134a4d67431" "tx41df0df811d64f0496ecb-00697b4bc8" "proxy-server 20" 0.0163 "-" 15 0
Jan 29 12:00:08 standalone proxy-server[129651]: 172.18.0.2 172.18.0.100 29/Jan/2026/12/00/08 PUT /v1/AUTH_233cd3df76d2455f93405d4e62407b5d/gnocchi.c0ab653f-e03a-4f13-aece-e134a4d67431 HTTP/1.0 201 - python-swiftclient-3.11.1 gAAAAABpe0sU3ETA... - - - tx41df0df811d64f0496ecb-00697b4bc8 - 0.0205 - - 1769688008.696047544 1769688008.716589451 0
Jan 29 12:00:08 standalone container-server[127485]: 172.20.0.100 - - [29/Jan/2026:12:00:08 +0000] "HEAD /d1/823/AUTH_233cd3df76d2455f93405d4e62407b5d/gnocchi.c0ab653f-e03a-4f13-aece-e134a4d67431" 204 - "HEAD http://172.18.0.2:8080/v1/AUTH_233cd3df76d2455f93405d4e62407b5d/gnocchi.c0ab653f-e03a-4f13-aece-e134a4d67431?format=json&states=listing" "txf4a3a95df80b49bca5652-00697b4bc8" "proxy-server 20" 0.0012 "-" 17 0
Jan 29 12:00:08 standalone proxy-server[129651]: - - 29/Jan/2026/12/00/08 HEAD /v1/AUTH_233cd3df76d2455f93405d4e62407b5d/gnocchi.c0ab653f-e03a-4f13-aece-e134a4d67431%3Fformat%3Djson%26states%3Dlisting HTTP/1.0 204 - Swift - - - - txf4a3a95df80b49bca5652-00697b4bc8 - 0.0039 RL - 1769688008.720877171 1769688008.724759340 0
Jan 29 12:00:08 standalone container-server[127466]: 172.20.0.100 - - [29/Jan/2026:12:00:08 +0000] "GET /d1/823/AUTH_233cd3df76d2455f93405d4e62407b5d/gnocchi.c0ab653f-e03a-4f13-aece-e134a4d67431" 200 2 "GET http://172.18.0.2:8080/v1/AUTH_233cd3df76d2455f93405d4e62407b5d/gnocchi.c0ab653f-e03a-4f13-aece-e134a4d67431?format=json&states=listing" "txf4a3a95df80b49bca5652-00697b4bc8" "proxy-server 20" 0.0018 "-" 14 0
Jan 29 12:00:08 standalone proxy-server[129651]: 172.18.0.2 172.18.0.100 29/Jan/2026/12/00/08 GET /v1/AUTH_233cd3df76d2455f93405d4e62407b5d/gnocchi.c0ab653f-e03a-4f13-aece-e134a4d67431%3Fformat%3Djson%26states%3Dlisting HTTP/1.0 200 - python-swiftclient-3.11.1 gAAAAABpe0sU3ETA... - 2 - txf4a3a95df80b49bca5652-00697b4bc8 - 0.0121 - - 1769688008.720014334 1769688008.732074976 0
Jan 29 12:00:08 standalone object-server[127673]: 172.20.0.100 - - [29/Jan/2026:12:00:08 +0000] "GET /d1/33/AUTH_233cd3df76d2455f93405d4e62407b5d/gnocchi.c0ab653f-e03a-4f13-aece-e134a4d67431/1769040000.0_mean_300.0_v3" 404 70 "GET http://172.18.0.2:8080/v1/AUTH_233cd3df76d2455f93405d4e62407b5d/gnocchi.c0ab653f-e03a-4f13-aece-e134a4d67431/1769040000.0_mean_300.0_v3" "txe5a9ad641f40451fb435c-00697b4bc8" "proxy-server 20" 0.0007 "-" 24 0
Jan 29 12:00:08 standalone proxy-server[129651]: 172.18.0.2 172.18.0.100 29/Jan/2026/12/00/08 GET /v1/AUTH_233cd3df76d2455f93405d4e62407b5d/gnocchi.c0ab653f-e03a-4f13-aece-e134a4d67431/1769040000.0_mean_300.0_v3 HTTP/1.0 404 - python-swiftclient-3.11.1 gAAAAABpe0sU3ETA... - 70 - txe5a9ad641f40451fb435c-00697b4bc8 - 0.0074 - - 1769688008.736438751 1769688008.743823051 0
Jan 29 12:00:08 standalone container-server[127478]: 172.20.0.100 - - [29/Jan/2026:12:00:08 +0000] "PUT /d1/823/AUTH_233cd3df76d2455f93405d4e62407b5d/gnocchi.c0ab653f-e03a-4f13-aece-e134a4d67431/1769040000.0_mean_300.0_v3" 201 - "PUT http://172.18.0.2:8080/d1/33/AUTH_233cd3df76d2455f93405d4e62407b5d/gnocchi.c0ab653f-e03a-4f13-aece-e134a4d67431/1769040000.0_mean_300.0_v3" "txbe4001c722b34be0aa4c7-00697b4bc8" "object-server 24" 0.0007 "-" 16 0
Jan 29 12:00:08 standalone object-server[127673]: 172.20.0.100 - - [29/Jan/2026:12:00:08 +0000] "PUT /d1/33/AUTH_233cd3df76d2455f93405d4e62407b5d/gnocchi.c0ab653f-e03a-4f13-aece-e134a4d67431/1769040000.0_mean_300.0_v3" 201 - "PUT http://172.18.0.2:8080/v1/AUTH_233cd3df76d2455f93405d4e62407b5d/gnocchi.c0ab653f-e03a-4f13-aece-e134a4d67431/1769040000.0_mean_300.0_v3" "txbe4001c722b34be0aa4c7-00697b4bc8" "proxy-server 20" 0.0165 "-" 24 0
Jan 29 12:00:08 standalone proxy-server[129651]: 172.18.0.2 172.18.0.100 29/Jan/2026/12/00/08 PUT /v1/AUTH_233cd3df76d2455f93405d4e62407b5d/gnocchi.c0ab653f-e03a-4f13-aece-e134a4d67431/1769040000.0_mean_300.0_v3 HTTP/1.0 201 - python-swiftclient-3.11.1 gAAAAABpe0sU3ETA... 16 - - txbe4001c722b34be0aa4c7-00697b4bc8 - 0.0232 - - 1769688008.748189926 1769688008.771374702 0
Jan 29 12:00:08 standalone container-server[127466]: 172.20.0.100 - - [29/Jan/2026:12:00:08 +0000] "PUT /d1/823/AUTH_233cd3df76d2455f93405d4e62407b5d/gnocchi.c0ab653f-e03a-4f13-aece-e134a4d67431/none_v3" 201 - "PUT http://172.18.0.2:8080/d1/8/AUTH_233cd3df76d2455f93405d4e62407b5d/gnocchi.c0ab653f-e03a-4f13-aece-e134a4d67431/none_v3" "tx350436ec7a4b4ad4bcaa4-00697b4bc8" "object-server 23" 0.0006 "-" 14 0
