Jan 29 12:00:11 standalone object-server[127673]: 172.20.0.100 - - [29/Jan/2026:12:00:11 +0000] "GET /d1/119/AUTH_233cd3df76d2455f93405d4e62407b5d/gnocchi.41d36492-e542-4f21-827f-d488d76390f6/none_v3" 404 70 "GET http://172.18.0.2:8080/v1/AUTH_233cd3df76d2455f93405d4e62407b5d/gnocchi.41d36492-e542-4f21-827f-d488d76390f6/none_v3" "tx2113207a04fc4954adbd8-00697b4bcb" "proxy-server 20" 0.0003 "-" 24 0
Jan 29 12:00:11 standalone proxy-server[129651]: 172.18.0.2 172.18.0.100 29/Jan/2026/12/00/11 GET /v1/AUTH_233cd3df76d2455f93405d4e62407b5d/gnocchi.41d36492-e542-4f21-827f-d488d76390f6/none_v3 HTTP/1.0 404 - python-swiftclient-3.11.1 gAAAAABpe0sU3ETA... - 70 - tx2113207a04fc4954adbd8-00697b4bcb - 0.0120 - - 1769688011.384241104 1769688011.396234989 0
Jan 29 12:00:11 standalone account-server[127353]: 172.20.0.100 - - [29/Jan/2026:12:00:11 +0000] "PUT /d1/482/AUTH_233cd3df76d2455f93405d4e62407b5d/gnocchi.41d36492-e542-4f21-827f-d488d76390f6" 201 - "PUT http://172.20.0.100:6001/d1/614/AUTH_233cd3df76d2455f93405d4e62407b5d/gnocchi.41d36492-e542-4f21-827f-d488d76390f6" "tx76c7c324dd7c4872bb669-00697b4bcb" "container-server 17" 0.0102 "-" 20 0
Jan 29 12:00:11 standalone container-server[127485]: 172.20.0.100 - - [29/Jan/2026:12:00:11 +0000] "PUT /d1/614/AUTH_233cd3df76d2455f93405d4e62407b5d/gnocchi.41d36492-e542-4f21-827f-d488d76390f6" 201 - "PUT http://172.18.0.2:8080/v1/AUTH_233cd3df76d2455f93405d4e62407b5d/gnocchi.41d36492-e542-4f21-827f-d488d76390f6" "tx76c7c324dd7c4872bb669-00697b4bcb" "proxy-server 20" 0.0323 "-" 17 0
Jan 29 12:00:11 standalone proxy-server[129651]: 172.18.0.2 172.18.0.100 29/Jan/2026/12/00/11 PUT /v1/AUTH_233cd3df76d2455f93405d4e62407b5d/gnocchi.41d36492-e542-4f21-827f-d488d76390f6 HTTP/1.0 201 - python-swiftclient-3.11.1 gAAAAABpe0sU3ETA... - - - tx76c7c324dd7c4872bb669-00697b4bcb - 0.0418 - - 1769688011.398861408 1769688011.440695286 0
Jan 29 12:00:11 standalone container-server[127466]: 172.20.0.100 - - [29/Jan/2026:12:00:11 +0000] "HEAD /d1/614/AUTH_233cd3df76d2455f93405d4e62407b5d/gnocchi.41d36492-e542-4f21-827f-d488d76390f6" 204 - "HEAD http://172.18.0.2:8080/v1/AUTH_233cd3df76d2455f93405d4e62407b5d/gnocchi.41d36492-e542-4f21-827f-d488d76390f6?format=json&states=listing" "tx150f05b8fd084686b2cde-00697b4bcb" "proxy-server 20" 0.0017 "-" 14 0
Jan 29 12:00:11 standalone proxy-server[129651]: - - 29/Jan/2026/12/00/11 HEAD /v1/AUTH_233cd3df76d2455f93405d4e62407b5d/gnocchi.41d36492-e542-4f21-827f-d488d76390f6%3Fformat%3Djson%26states%3Dlisting HTTP/1.0 204 - Swift - - - - tx150f05b8fd084686b2cde-00697b4bcb - 0.0075 RL - 1769688011.444879293 1769688011.452419996 0
Jan 29 12:00:11 standalone container-server[127472]: 172.20.0.100 - - [29/Jan/2026:12:00:11 +0000] "GET /d1/614/AUTH_233cd3df76d2455f93405d4e62407b5d/gnocchi.41d36492-e542-4f21-827f-d488d76390f6" 200 2 "GET http://172.18.0.2:8080/v1/AUTH_233cd3df76d2455f93405d4e62407b5d/gnocchi.41d36492-e542-4f21-827f-d488d76390f6?format=json&states=listing" "tx150f05b8fd084686b2cde-00697b4bcb" "proxy-server 20" 0.0018 "-" 15 0
Jan 29 12:00:11 standalone proxy-server[129651]: 172.18.0.2 172.18.0.100 29/Jan/2026/12/00/11 GET /v1/AUTH_233cd3df76d2455f93405d4e62407b5d/gnocchi.41d36492-e542-4f21-827f-d488d76390f6%3Fformat%3Djson%26states%3Dlisting HTTP/1.0 200 - python-swiftclient-3.11.1 gAAAAABpe0sU3ETA... - 2 - tx150f05b8fd084686b2cde-00697b4bcb - 0.0201 - - 1769688011.443800688 1769688011.463896513 0
Jan 29 12:00:11 standalone object-server[127667]: 172.20.0.100 - - [29/Jan/2026:12:00:11 +0000] "GET /d1/749/AUTH_233cd3df76d2455f93405d4e62407b5d/gnocchi.41d36492-e542-4f21-827f-d488d76390f6/1769040000.0_mean_300.0_v3" 404 70 "GET http://172.18.0.2:8080/v1/AUTH_233cd3df76d2455f93405d4e62407b5d/gnocchi.41d36492-e542-4f21-827f-d488d76390f6/1769040000.0_mean_300.0_v3" "tx5b164d3a5d34462bb1aa2-00697b4bcb" "proxy-server 20" 0.0004 "-" 23 0
Jan 29 12:00:11 standalone proxy-server[129651]: 172.18.0.2 172.18.0.100 29/Jan/2026/12/00/11 GET /v1/AUTH_233cd3df76d2455f93405d4e62407b5d/gnocchi.41d36492-e542-4f21-827f-d488d76390f6/1769040000.0_mean_300.0_v3 HTTP/1.0 404 - python-swiftclient-3.11.1 gAAAAABpe0sU3ETA... - 70 - tx5b164d3a5d34462bb1aa2-00697b4bcb - 0.0098 - - 1769688011.469181776 1769688011.479017258 0
Jan 29 12:00:11 standalone container-server[127478]: 172.20.0.100 - - [29/Jan/2026:12:00:11 +0000] "PUT /d1/614/AUTH_233cd3df76d2455f93405d4e62407b5d/gnocchi.41d36492-e542-4f21-827f-d488d76390f6/1769040000.0_mean_300.0_v3" 201 - "PUT http://172.18.0.2:8080/d1/749/AUTH_233cd3df76d2455f93405d4e62407b5d/gnocchi.41d36492-e542-4f21-827f-d488d76390f6/1769040000.0_mean_300.0_v3" "txef9916a8d6764c739828d-00697b4bcb" "object-server 25" 0.0006 "-" 16 0
Jan 29 12:00:11 standalone object-server[127681]: 172.20.0.100 - - [29/Jan/2026:12:00:11 +0000] "PUT /d1/749/AUTH_233cd3df76d2455f93405d4e62407b5d/gnocchi.41d36492-e542-4f21-827f-d488d76390f6/1769040000.0_mean_300.0_v3" 201 - "PUT http://172.18.0.2:8080/v1/AUTH_233cd3df76d2455f93405d4e62407b5d/gnocchi.41d36492-e542-4f21-827f-d488d76390f6/1769040000.0_mean_300.0_v3" "txef9916a8d6764c739828d-00697b4bcb" "proxy-server 20" 0.0085 "-" 25 0
Jan 29 12:00:11 standalone proxy-server[129651]: 172.18.0.2 172.18.0.100 29/Jan/2026/12/00/11 PUT /v1/AUTH_233cd3df76d2455f93405d4e62407b5d/gnocchi.41d36492-e542-4f21-827f-d488d76390f6/1769040000.0_mean_300.0_v3 HTTP/1.0 201 - python-swiftclient-3.11.1 gAAAAABpe0sU3ETA... 16 - - txef9916a8d6764c739828d-00697b4bcb - 0.0163 - - 1769688011.481965780 1769688011.498228550 0
Jan 29 12:00:11 standalone container-server[127472]: 172.20.0.100 - - [29/Jan/2026:12:00:11 +0000] "PUT /d1/614/AUTH_233cd3df76d2455f93405d4e62407b5d/gnocchi.41d36492-e542-4f21-827f-d488d76390f6/none_v3" 201 - "PUT http://172.18.0.2:8080/d1/119/AUTH_233cd3df76d2455f93405d4e62407b5d/gnocchi.41d36492-e542-4f21-827f-d488d76390f6/none_v3" "tx553469cb92634f5084291-00697b4bcb" "object-server 22" 0.0005 "-" 15 0
Jan 29 12:00:11 standalone object-server[127658]: 172.20.0.100 - - [29/Jan/2026:12:00:11 +0000] "PUT /d1/119/AUTH_233cd3df76d2455f93405d4e62407b5d/gnocchi.41d36492-e542-4f21-827f-d488d76390f6/none_v3" 201 - "PUT http://172.18.0.2:8080/v1/AUTH_233cd3df76d2455f93405d4e62407b5d/gnocchi.41d36492-e542-4f21-827f-d488d76390f6/none_v3" "tx553469cb92634f5084291-00697b4bcb" "proxy-server 20" 0.0154 "-" 22 0
Jan 29 12:00:11 standalone proxy-server[129651]: 172.18.0.2 172.18.0.100 29/Jan/2026/12/00/11 PUT /v1/AUTH_233cd3df76d2455f93405d4e62407b5d/gnocchi.41d36492-e542-4f21-827f-d488d76390f6/none_v3 HTTP/1.0 201 - python-swiftclient-3.11.1 gAAAAABpe0sU3ETA... 22 - - tx553469cb92634f5084291-00697b4bcb - 0.0230 - - 1769688011.501552105 1769688011.524530649 0
Jan 29 12:00:11 standalone container-server[127472]: 172.20.0.100 - - [29/Jan/2026:12:00:11 +0000] "HEAD /d1/235/AUTH_233cd3df76d2455f93405d4e62407b5d/gnocchi.73da6212-0be0-41b9-9e06-75c5310062fe" 404 - "HEAD http://172.18.0.2:8080/v1/AUTH_233cd3df76d2455f93405d4e62407b5d/gnocchi.73da6212-0be0-41b9-9e06-75c5310062fe?format=json&states=listing" "txfd37333a887b4ae1b3ba8-00697b4bcb" "proxy-server 20" 0.0017 "-" 15 0
Jan 29 12:00:11 standalone object-server[127681]: 172.20.0.100 - - [29/Jan/2026:12:00:11 +0000] "GET /d1/336/AUTH_233cd3df76d2455f93405d4e62407b5d/gnocchi.73da6212-0be0-41b9-9e06-75c5310062fe/none_v3" 404 70 "GET http://172.18.0.2:8080/v1/AUTH_233cd3df76d2455f93405d4e62407b5d/gnocchi.73da6212-0be0-41b9-9e06-75c5310062fe/none_v3" "txfd37333a887b4ae1b3ba8-00697b4bcb" "proxy-server 20" 0.0004 "-" 25 0
Jan 29 12:00:11 standalone proxy-server[129651]: 172.18.0.2 172.18.0.100 29/Jan/2026/12/00/11 GET /v1/AUTH_233cd3df76d2455f93405d4e62407b5d/gnocchi.73da6212-0be0-41b9-9e06-75c5310062fe/none_v3 HTTP/1.0 404 - python-swiftclient-3.11.1 gAAAAABpe0sU3ETA... - 70 - txfd37333a887b4ae1b3ba8-00697b4bcb - 0.0130 - - 1769688011.554558039 1769688011.567514658 0
Jan 29 12:00:11 standalone account-server[127353]: 172.20.0.100 - - [29/Jan/2026:12:00:11 +0000] "PUT /d1/482/AUTH_233cd3df76d2455f93405d4e62407b5d/gnocchi.73da6212-0be0-41b9-9e06-75c5310062fe" 201 - "PUT http://172.20.0.100:6001/d1/235/AUTH_233cd3df76d2455f93405d4e62407b5d/gnocchi.73da6212-0be0-41b9-9e06-75c5310062fe" "tx08c18bcc8ca04bf8b2259-00697b4bcb" "container-server 16" 0.0050 "-" 20 0
Jan 29 12:00:11 standalone container-server[127478]: 172.20.0.100 - - [29/Jan/2026:12:00:11 +0000] "PUT /d1/235/AUTH_233cd3df76d2455f93405d4e62407b5d/gnocchi.73da6212-0be0-41b9-9e06-75c5310062fe" 201 - "PUT http://172.18.0.2:8080/v1/AUTH_233cd3df76d2455f93405d4e62407b5d/gnocchi.73da6212-0be0-41b9-9e06-75c5310062fe" "tx08c18bcc8ca04bf8b2259-00697b4bcb" "proxy-server 20" 0.0151 "-" 16 0
Jan 29 12:00:11 standalone proxy-server[129651]: 172.18.0.2 172.18.0.100 29/Jan/2026/12/00/11 PUT /v1/AUTH_233cd3df76d2455f93405d4e62407b5d/gnocchi.73da6212-0be0-41b9-9e06-75c5310062fe HTTP/1.0 201 - python-swiftclient-3.11.1 gAAAAABpe0sU3ETA... - - - tx08c18bcc8ca04bf8b2259-00697b4bcb - 0.0216 - - 1769688011.570347309 1769688011.591944695 0
Jan 29 12:00:11 standalone container-server[127485]: 172.20.0.100 - - [29/Jan/2026:12:00:11 +0000] "HEAD /d1/613/AUTH_233cd3df76d2455f93405d4e62407b5d/gnocchi.abe101b7-d2a7-4f90-9eaf-e49267985d7e" 404 - "HEAD http://172.18.0.2:8080/v1/AUTH_233cd3df76d2455f93405d4e62407b5d/gnocchi.abe101b7-d2a7-4f90-9eaf-e49267985d7e?format=json&states=listing" "txb8ecc60feec34454832b1-00697b4bcb" "proxy-server 20" 0.0004 "-" 17 0
Jan 29 12:00:11 standalone object-server[127667]: 172.20.0.100 - - [29/Jan/2026:12:00:11 +0000] "GET /d1/140/AUTH_233cd3df76d2455f93405d4e62407b5d/gnocchi.abe101b7-d2a7-4f90-9eaf-e49267985d7e/none_v3" 404 70 "GET http://172.18.0.2:8080/v1/AUTH_233cd3df76d2455f93405d4e62407b5d/gnocchi.abe101b7-d2a7-4f90-9eaf-e49267985d7e/none_v3" "txb8ecc60feec34454832b1-00697b4bcb" "proxy-server 20" 0.0004 "-" 23 0
Jan 29 12:00:11 standalone proxy-server[129651]: 172.18.0.2 172.18.0.100 29/Jan/2026/12/00/11 GET /v1/AUTH_233cd3df76d2455f93405d4e62407b5d/gnocchi.abe101b7-d2a7-4f90-9eaf-e49267985d7e/none_v3 HTTP/1.0 404 - python-swiftclient-3.11.1 gAAAAABpe0sU3ETA... - 70 - txb8ecc60feec34454832b1-00697b4bcb - 0.0117 - - 1769688011.596071720 1769688011.607765436 0
Jan 29 12:00:11 standalone account-server[127342]: 172.20.0.100 - - [29/Jan/2026:12:00:11 +0000] "PUT /d1/482/AUTH_233cd3df76d2455f93405d4e62407b5d/gnocchi.abe101b7-d2a7-4f90-9eaf-e49267985d7e" 201 - "PUT http://172.20.0.100:6001/d1/613/AUTH_233cd3df76d2455f93405d4e62407b5d/gnocchi.abe101b7-d2a7-4f90-9eaf-e49267985d7e" "tx629323cfae1f4d9c8159e-00697b4bcb" "container-server 17" 0.0065 "-" 19 0
Jan 29 12:00:11 standalone container-server[127485]: 172.20.0.100 - - [29/Jan/2026:12:00:11 +0000] "PUT /d1/613/AUTH_233cd3df76d2455f93405d4e62407b5d/gnocchi.abe101b7-d2a7-4f90-9eaf-e49267985d7e" 201 - "PUT http://172.18.0.2:8080/v1/AUTH_233cd3df76d2455f93405d4e62407b5d/gnocchi.abe101b7-d2a7-4f90-9eaf-e49267985d7e" "tx629323cfae1f4d9c8159e-00697b4bcb" "proxy-server 20" 0.0228 "-" 17 0
Jan 29 12:00:11 standalone proxy-server[129651]: 172.18.0.2 172.18.0.100 29/Jan/2026/12/00/11 PUT /v1/AUTH_233cd3df76d2455f93405d4e62407b5d/gnocchi.abe101b7-d2a7-4f90-9eaf-e49267985d7e HTTP/1.0 201 - python-swiftclient-3.11.1 gAAAAABpe0sU3ETA... - - - tx629323cfae1f4d9c8159e-00697b4bcb - 0.0300 - - 1769688011.616730452 1769688011.646691561 0
Jan 29 12:00:11 standalone container-server[127478]: 172.20.0.100 - - [29/Jan/2026:12:00:11 +0000] "HEAD /d1/235/AUTH_233cd3df76d2455f93405d4e62407b5d/gnocchi.73da6212-0be0-41b9-9e06-75c5310062fe" 204 - "HEAD http://172.18.0.2:8080/v1/AUTH_233cd3df76d2455f93405d4e62407b5d/gnocchi.73da6212-0be0-41b9-9e06-75c5310062fe?format=json&states=listing" "tx5005c1f3d883433e9a6cb-00697b4bcb" "proxy-server 20" 0.0012 "-" 16 0
Jan 29 12:00:11 standalone proxy-server[129651]: - - 29/Jan/2026/12/00/11 HEAD /v1/AUTH_233cd3df76d2455f93405d4e62407b5d/gnocchi.73da6212-0be0-41b9-9e06-75c5310062fe%3Fformat%3Djson%26states%3Dlisting HTTP/1.0 204 - Swift - - - - tx5005c1f3d883433e9a6cb-00697b4bcb - 0.0048 RL - 1769688011.661169291 1769688011.666002035 0
Jan 29 12:00:11 standalone container-server[127485]: 172.20.0.100 - - [29/Jan/2026:12:00:11 +0000] "GET /d1/235/AUTH_233cd3df76d2455f93405d4e62407b5d/gnocchi.73da6212-0be0-41b9-9e06-75c5310062fe" 200 2 "GET http://172.18.0.2:8080/v1/AUTH_233cd3df76d2455f93405d4e62407b5d/gnocchi.73da6212-0be0-41b9-9e06-75c5310062fe?format=json&states=listing" "tx5005c1f3d883433e9a6cb-00697b4bcb" "proxy-server 20" 0.0021 "-" 17 0
Jan 29 12:00:11 standalone proxy-server[129651]: 172.18.0.2 172.18.0.100 29/Jan/2026/12/00/11 GET /v1/AUTH_233cd3df76d2455f93405d4e62407b5d/gnocchi.73da6212-0be0-41b9-9e06-75c5310062fe%3Fformat%3Djson%26states%3Dlisting HTTP/1.0 200 - python-swiftclient-3.11.1 gAAAAABpe0sU3ETA... - 2 - tx5005c1f3d883433e9a6cb-00697b4bcb - 0.0155 - - 1769688011.659546137 1769688011.675022125 0
Jan 29 12:00:11 standalone container-server[127478]: 172.20.0.100 - - [29/Jan/2026:12:00:11 +0000] "HEAD /d1/613/AUTH_233cd3df76d2455f93405d4e62407b5d/gnocchi.abe101b7-d2a7-4f90-9eaf-e49267985d7e" 204 - "HEAD http://172.18.0.2:8080/v1/AUTH_233cd3df76d2455f93405d4e62407b5d/gnocchi.abe101b7-d2a7-4f90-9eaf-e49267985d7e?format=json&states=listing" "txc914d4e14c9f467c95281-00697b4bcb" "proxy-server 20" 0.0011 "-" 16 0
Jan 29 12:00:11 standalone proxy-server[129651]: - - 29/Jan/2026/12/00/11 HEAD /v1/AUTH_233cd3df76d2455f93405d4e62407b5d/gnocchi.abe101b7-d2a7-4f90-9eaf-e49267985d7e%3Fformat%3Djson%26states%3Dlisting HTTP/1.0 204 - Swift - - - - txc914d4e14c9f467c95281-00697b4bcb - 0.0047 RL - 1769688011.683071136 1769688011.687758684 0
Jan 29 12:00:11 standalone container-server[127466]: 172.20.0.100 - - [29/Jan/2026:12:00:11 +0000] "GET /d1/613/AUTH_233cd3df76d2455f93405d4e62407b5d/gnocchi.abe101b7-d2a7-4f90-9eaf-e49267985d7e" 200 2 "GET http://172.18.0.2:8080/v1/AUTH_233cd3df76d2455f93405d4e62407b5d/gnocchi.abe101b7-d2a7-4f90-9eaf-e49267985d7e?format=json&states=listing" "txc914d4e14c9f467c95281-00697b4bcb" "proxy-server 20" 0.0023 "-" 14 0
Jan 29 12:00:11 standalone proxy-server[129651]: 172.18.0.2 172.18.0.100 29/Jan/2026/12/00/11 GET /v1/AUTH_233cd3df76d2455f93405d4e62407b5d/gnocchi.abe101b7-d2a7-4f90-9eaf-e49267985d7e%3Fformat%3Djson%26states%3Dlisting HTTP/1.0 200 - python-swiftclient-3.11.1 gAAAAABpe0sU3ETA... - 2 - txc914d4e14c9f467c95281-00697b4bcb - 0.0158 - - 1769688011.681841850 1769688011.697688103 0
Jan 29 12:00:11 standalone object-server[127658]: 172.20.0.100 - - [29/Jan/2026:12:00:11 +0000] "GET /d1/885/AUTH_233cd3df76d2455f93405d4e62407b5d/gnocchi.73da6212-0be0-41b9-9e06-75c5310062fe/1769040000.0_mean_300.0_v3" 404 70 "GET http://172.18.0.2:8080/v1/AUTH_233cd3df76d2455f93405d4e62407b5d/gnocchi.73da6212-0be0-41b9-9e06-75c5310062fe/1769040000.0_mean_300.0_v3" "tx3f3349d81fe346c68410d-00697b4bcb" "proxy-server 20" 0.0003 "-" 22 0
Jan 29 12:00:11 standalone proxy-server[129651]: 172.18.0.2 172.18.0.100 29/Jan/2026/12/00/11 GET /v1/AUTH_233cd3df76d2455f93405d4e62407b5d/gnocchi.73da6212-0be0-41b9-9e06-75c5310062fe/1769040000.0_mean_300.0_v3 HTTP/1.0 404 - python-swiftclient-3.11.1 gAAAAABpe0sU3ETA... - 70 - tx3f3349d81fe346c68410d-00697b4bcb - 0.0051 - - 1769688011.701301098 1769688011.706384659 0
Jan 29 12:00:11 standalone object-server[127658]: 172.20.0.100 - - [29/Jan/2026:12:00:11 +0000] "GET /d1/941/AUTH_233cd3df76d2455f93405d4e62407b5d/gnocchi.abe101b7-d2a7-4f90-9eaf-e49267985d7e/1769040000.0_mean_300.0_v3" 404 70 "GET http://172.18.0.2:8080/v1/AUTH_233cd3df76d2455f93405d4e62407b5d/gnocchi.abe101b7-d2a7-4f90-9eaf-e49267985d7e/1769040000.0_mean_300.0_v3" "tx59f7e062135b4f2f9b386-00697b4bcb" "proxy-server 20" 0.0002 "-" 22 0
Jan 29 12:00:11 standalone proxy-server[129651]: 172.18.0.2 172.18.0.100 29/Jan/2026/12/00/11 GET /v1/AUTH_233cd3df76d2455f93405d4e62407b5d/gnocchi.abe101b7-d2a7-4f90-9eaf-e49267985d7e/1769040000.0_mean_300.0_v3 HTTP/1.0 404 - python-swiftclient-3.11.1 gAAAAABpe0sU3ETA... - 70 - tx59f7e062135b4f2f9b386-00697b4bcb - 0.0055 - - 1769688011.708937407 1769688011.714411974 0
Jan 29 12:00:11 standalone container-server[127478]: 172.20.0.100 - - [29/Jan/2026:12:00:11 +0000] "PUT /d1/235/AUTH_233cd3df76d2455f93405d4e62407b5d/gnocchi.73da6212-0be0-41b9-9e06-75c5310062fe/1769040000.0_mean_300.0_v3" 201 - "PUT http://172.18.0.2:8080/d1/885/AUTH_233cd3df76d2455f93405d4e62407b5d/gnocchi.73da6212-0be0-41b9-9e06-75c5310062fe/1769040000.0_mean_300.0_v3" "txd256ab598cac4b7bab282-00697b4bcb" "object-server 22" 0.0010 "-" 16 0
Jan 29 12:00:11 standalone object-server[127658]: 172.20.0.100 - - [29/Jan/2026:12:00:11 +0000] "PUT /d1/885/AUTH_233cd3df76d2455f93405d4e62407b5d/gnocchi.73da6212-0be0-41b9-9e06-75c5310062fe/1769040000.0_mean_300.0_v3" 201 - "PUT http://172.18.0.2:8080/v1/AUTH_233cd3df76d2455f93405d4e62407b5d/gnocchi.73da6212-0be0-41b9-9e06-75c5310062fe/1769040000.0_mean_300.0_v3" "txd256ab598cac4b7bab282-00697b4bcb" "proxy-server 20" 0.0113 "-" 22 0
Jan 29 12:00:11 standalone proxy-server[129651]: 172.18.0.2 172.18.0.100 29/Jan/2026/12/00/11 PUT /v1/AUTH_233cd3df76d2455f93405d4e62407b5d/gnocchi.73da6212-0be0-41b9-9e06-75c5310062fe/1769040000.0_mean_300.0_v3 HTTP/1.0 201 - python-swiftclient-3.11.1 gAAAAABpe0sU3ETA... 16 - - txd256ab598cac4b7bab282-00697b4bcb - 0.0171 - - 1769688011.718712807 1769688011.735826731 0
Jan 29 12:00:11 standalone container-server[127466]: 172.20.0.100 - - [29/Jan/2026:12:00:11 +0000] "PUT /d1/613/AUTH_233cd3df76d2455f93405d4e62407b5d/gnocchi.abe101b7-d2a7-4f90-9eaf-e49267985d7e/1769040000.0_mean_300.0_v3" 201 - "PUT http://172.18.0.2:8080/d1/941/AUTH_233cd3df76d2455f93405d4e62407b5d/gnocchi.abe101b7-d2a7-4f90-9eaf-e49267985d7e/1769040000.0_mean_300.0_v3" "tx96cc26234bb44ed58f3d5-00697b4bcb" "object-server 25" 0.0005 "-" 14 0
Jan 29 12:00:11 standalone object-server[127681]: 172.20.0.100 - - [29/Jan/2026:12:00:11 +0000] "PUT /d1/941/AUTH_233cd3df76d2455f93405d4e62407b5d/gnocchi.abe101b7-d2a7-4f90-9eaf-e49267985d7e/1769040000.0_mean_300.0_v3" 201 - "PUT http://172.18.0.2:8080/v1/AUTH_233cd3df76d2455f93405d4e62407b5d/gnocchi.abe101b7-d2a7-4f90-9eaf-e49267985d7e/1769040000.0_mean_300.0_v3" "tx96cc26234bb44ed58f3d5-00697b4bcb" "proxy-server 20" 0.0071 "-" 25 0
Jan 29 12:00:11 standalone proxy-server[129651]: 172.18.0.2 172.18.0.100 29/Jan/2026/12/00/11 PUT /v1/AUTH_233cd3df76d2455f93405d4e62407b5d/gnocchi.abe101b7-d2a7-4f90-9eaf-e49267985d7e/1769040000.0_mean_300.0_v3 HTTP/1.0 201 - python-swiftclient-3.11.1 gAAAAABpe0sU3ETA... 16 - - tx96cc26234bb44ed58f3d5-00697b4bcb - 0.0115 - - 1769688011.738405228 1769688011.749943256 0
Jan 29 12:00:11 standalone container-server[127478]: 172.20.0.100 - - [29/Jan/2026:12:00:11 +0000] "PUT /d1/235/AUTH_233cd3df76d2455f93405d4e62407b5d/gnocchi.73da6212-0be0-41b9-9e06-75c5310062fe/none_v3" 201 - "PUT http://172.18.0.2:8080/d1/336/AUTH_233cd3df76d2455f93405d4e62407b5d/gnocchi.73da6212-0be0-41b9-9e06-75c5310062fe/none_v3" "tx084bdbe8761d4597a1739-00697b4bcb" "object-server 25" 0.0004 "-" 16 0
Jan 29 12:00:11 standalone object-server[127681]: 172.20.0.100 - - [29/Jan/2026:12:00:11 +0000] "PUT /d1/336/AUTH_233cd3df76d2455f93405d4e62407b5d/gnocchi.73da6212-0be0-41b9-9e06-75c5310062fe/none_v3" 201 - "PUT http://172.18.0.2:8080/v1/AUTH_233cd3df76d2455f93405d4e62407b5d/gnocchi.73da6212-0be0-41b9-9e06-75c5310062fe/none_v3" "tx084bdbe8761d4597a1739-00697b4bcb" "proxy-server 20" 0.0130 "-" 25 0
Jan 29 12:00:11 standalone proxy-server[129651]: 172.18.0.2 172.18.0.100 29/Jan/2026/12/00/11 PUT /v1/AUTH_233cd3df76d2455f93405d4e62407b5d/gnocchi.73da6212-0be0-41b9-9e06-75c5310062fe/none_v3 HTTP/1.0 201 - python-swiftclient-3.11.1 gAAAAABpe0sU3ETA... 22 - - tx084bdbe8761d4597a1739-00697b4bcb - 0.0193 - - 1769688011.752330542 1769688011.771605015 0
Jan 29 12:00:11 standalone container-server[127472]: 172.20.0.100 - - [29/Jan/2026:12:00:11 +0000] "PUT /d1/613/AUTH_233cd3df76d2455f93405d4e62407b5d/gnocchi.abe101b7-d2a7-4f90-9eaf-e49267985d7e/none_v3" 201 - "PUT http://172.18.0.2:8080/d1/140/AUTH_233cd3df76d2455f93405d4e62407b5d/gnocchi.abe101b7-d2a7-4f90-9eaf-e49267985d7e/none_v3" "txea5848b75193422f8f52d-00697b4bcb" "object-server 25" 0.0005 "-" 15 0
Jan 29 12:00:11 standalone object-server[127681]: 172.20.0.100 - - [29/Jan/2026:12:00:11 +0000] "PUT /d1/140/AUTH_233cd3df76d2455f93405d4e62407b5d/gnocchi.abe101b7-d2a7-4f90-9eaf-e49267985d7e/none_v3" 201 - "PUT http://172.18.0.2:8080/v1/AUTH_233cd3df76d2455f93405d4e62407b5d/gnocchi.abe101b7-d2a7-4f90-9eaf-e49267985d7e/none_v3" "txea5848b75193422f8f52d-00697b4bcb" "proxy-server 20" 0.0084 "-" 25 0
Jan 29 12:00:11 standalone proxy-server[129651]: 172.18.0.2 172.18.0.100 29/Jan/2026/12/00/11 PUT /v1/AUTH_233cd3df76d2455f93405d4e62407b5d/gnocchi.abe101b7-d2a7-4f90-9eaf-e49267985d7e/none_v3 HTTP/1.0 201 - python-swiftclient-3.11.1 gAAAAABpe0sU3ETA... 22 - - txea5848b75193422f8f52d-00697b4bcb - 0.0127 - - 1769688011.774430513 1769688011.787159920 0
Jan 29 12:00:11 standalone container-server[127485]: 172.20.0.100 - - [29/Jan/2026:12:00:11 +0000] "HEAD /d1/441/AUTH_233cd3df76d2455f93405d4e62407b5d/gnocchi.9956cc99-babe-4517-841d-4c682ff4d78e" 404 - "HEAD http://172.18.0.2:8080/v1/AUTH_233cd3df76d2455f93405d4e62407b5d/gnocchi.9956cc99-babe-4517-841d-4c682ff4d78e?format=json&states=listing" "txb086be37a82f4148981e4-00697b4bcb" "proxy-server 20" 0.0007 "-" 17 0
Jan 29 12:00:11 standalone object-server[127667]: 172.20.0.100 - - [29/Jan/2026:12:00:11 +0000] "GET /d1/957/AUTH_233cd3df76d2455f93405d4e62407b5d/gnocchi.9956cc99-babe-4517-841d-4c682ff4d78e/none_v3" 404 70 "GET http://172.18.0.2:8080/v1/AUTH_233cd3df76d2455f93405d4e62407b5d/gnocchi.9956cc99-babe-4517-841d-4c682ff4d78e/none_v3" "txb086be37a82f4148981e4-00697b4bcb" "proxy-server 20" 0.0003 "-" 23 0
Jan 29 12:00:11 standalone proxy-server[129651]: 172.18.0.2 172.18.0.100 29/Jan/2026/12/00/11 GET /v1/AUTH_233cd3df76d2455f93405d4e62407b5d/gnocchi.9956cc99-babe-4517-841d-4c682ff4d78e/none_v3 HTTP/1.0 404 - python-swiftclient-3.11.1 gAAAAABpe0sU3ETA... - 70 - txb086be37a82f4148981e4-00697b4bcb - 0.0095 - - 1769688011.798998117 1769688011.808500290 0
Jan 29 12:00:11 standalone account-server[127342]: 172.20.0.100 - - [29/Jan/2026:12:00:11 +0000] "PUT /d1/482/AUTH_233cd3df76d2455f93405d4e62407b5d/gnocchi.9956cc99-babe-4517-841d-4c682ff4d78e" 201 - "PUT http://172.20.0.100:6001/d1/441/AUTH_233cd3df76d2455f93405d4e62407b5d/gnocchi.9956cc99-babe-4517-841d-4c682ff4d78e" "txa659fa7f7c05488ebbf86-00697b4bcb" "container-server 15" 0.0036 "-" 19 0
Jan 29 12:00:11 standalone container-server[127472]: 172.20.0.100 - - [29/Jan/2026:12:00:11 +0000] "PUT /d1/441/AUTH_233cd3df76d2455f93405d4e62407b5d/gnocchi.9956cc99-babe-4517-841d-4c682ff4d78e" 201 - "PUT http://172.18.0.2:8080/v1/AUTH_233cd3df76d2455f93405d4e62407b5d/gnocchi.9956cc99-babe-4517-841d-4c682ff4d78e" "txa659fa7f7c05488ebbf86-00697b4bcb" "proxy-server 20" 0.0158 "-" 15 0
Jan 29 12:00:11 standalone proxy-server[129651]: 172.18.0.2 172.18.0.100 29/Jan/2026/12/00/11 PUT /v1/AUTH_233cd3df76d2455f93405d4e62407b5d/gnocchi.9956cc99-babe-4517-841d-4c682ff4d78e HTTP/1.0 201 - python-swiftclient-3.11.1 gAAAAABpe0sU3ETA... - - - txa659fa7f7c05488ebbf86-00697b4bcb - 0.0196 - - 1769688011.810527563 1769688011.830136538 0
Jan 29 12:00:11 standalone container-server[127472]: 172.20.0.100 - - [29/Jan/2026:12:00:11 +0000] "HEAD /d1/441/AUTH_233cd3df76d2455f93405d4e62407b5d/gnocchi.9956cc99-babe-4517-841d-4c682ff4d78e" 204 - "HEAD http://172.18.0.2:8080/v1/AUTH_233cd3df76d2455f93405d4e62407b5d/gnocchi.9956cc99-babe-4517-841d-4c682ff4d78e?format=json&states=listing" "txb9d00c2923344bea8c43f-00697b4bcb" "proxy-server 20" 0.0011 "-" 15 0
Jan 29 12:00:11 standalone proxy-server[129651]: - - 29/Jan/2026/12/00/11 HEAD /v1/AUTH_233cd3df76d2455f93405d4e62407b5d/gnocchi.9956cc99-babe-4517-841d-4c682ff4d78e%3Fformat%3Djson%26states%3Dlisting HTTP/1.0 204 - Swift - - - - txb9d00c2923344bea8c43f-00697b4bcb - 0.0035 RL - 1769688011.835735559 1769688011.839201212 0
Jan 29 12:00:11 standalone container-server[127485]: 172.20.0.100 - - [29/Jan/2026:12:00:11 +0000] "GET /d1/441/AUTH_233cd3df76d2455f93405d4e62407b5d/gnocchi.9956cc99-babe-4517-841d-4c682ff4d78e" 200 2 "GET http://172.18.0.2:8080/v1/AUTH_233cd3df76d2455f93405d4e62407b5d/gnocchi.9956cc99-babe-4517-841d-4c682ff4d78e?format=json&states=listing" "txb9d00c2923344bea8c43f-00697b4bcb" "proxy-server 20" 0.0042 "-" 17 0
Jan 29 12:00:11 standalone proxy-server[129651]: 172.18.0.2 172.18.0.100 29/Jan/2026/12/00/11 GET /v1/AUTH_233cd3df76d2455f93405d4e62407b5d/gnocchi.9956cc99-babe-4517-841d-4c682ff4d78e%3Fformat%3Djson%26states%3Dlisting HTTP/1.0 200 - python-swiftclient-3.11.1 gAAAAABpe0sU3ETA... - 2 - txb9d00c2923344bea8c43f-00697b4bcb - 0.0152 - - 1769688011.834872723 1769688011.850099802 0
Jan 29 12:00:11 standalone object-server[127673]: 172.20.0.100 - - [29/Jan/2026:12:00:11 +0000] "GET /d1/726/AUTH_233cd3df76d2455f93405d4e62407b5d/gnocchi.9956cc99-babe-4517-841d-4c682ff4d78e/1769040000.0_mean_300.0_v3" 404 70 "GET http://172.18.0.2:8080/v1/AUTH_233cd3df76d2455f93405d4e62407b5d/gnocchi.9956cc99-babe-4517-841d-4c682ff4d78e/1769040000.0_mean_300.0_v3" "txb912cfd842c944fab9641-00697b4bcb" "proxy-server 20" 0.0005 "-" 24 0
Jan 29 12:00:11 standalone proxy-server[129651]: 172.18.0.2 172.18.0.100 29/Jan/2026/12/00/11 GET /v1/AUTH_233cd3df76d2455f93405d4e62407b5d/gnocchi.9956cc99-babe-4517-841d-4c682ff4d78e/1769040000.0_mean_300.0_v3 HTTP/1.0 404 - python-swiftclient-3.11.1 gAAAAABpe0sU3ETA... - 70 - txb912cfd842c944fab9641-00697b4bcb - 0.0061 - - 1769688011.853691339 1769688011.859828711 0
Jan 29 12:00:11 standalone container-server[127478]: 172.20.0.100 - - [29/Jan/2026:12:00:11 +0000] "PUT /d1/441/AUTH_233cd3df76d2455f93405d4e62407b5d/gnocchi.9956cc99-babe-4517-841d-4c682ff4d78e/1769040000.0_mean_300.0_v3" 201 - "PUT http://172.18.0.2:8080/d1/726/AUTH_233cd3df76d2455f93405d4e62407b5d/gnocchi.9956cc99-babe-4517-841d-4c682ff4d78e/1769040000.0_mean_300.0_v3" "tx0059d852622644398ce51-00697b4bcb" "object-server 25" 0.0007 "-" 16 0
Jan 29 12:00:11 standalone object-server[127681]: 172.20.0.100 - - [29/Jan/2026:12:00:11 +0000] "PUT /d1/726/AUTH_233cd3df76d2455f93405d4e62407b5d/gnocchi.9956cc99-babe-4517-841d-4c682ff4d78e/1769040000.0_mean_300.0_v3" 201 - "PUT http://172.18.0.2:8080/v1/AUTH_233cd3df76d2455f93405d4e62407b5d/gnocchi.9956cc99-babe-4517-841d-4c682ff4d78e/1769040000.0_mean_300.0_v3" "tx0059d852622644398ce51-00697b4bcb" "proxy-server 20" 0.0077 "-" 25 0
Jan 29 12:00:11 standalone proxy-server[129651]: 172.18.0.2 172.18.0.100 29/Jan/2026/12/00/11 PUT /v1/AUTH_233cd3df76d2455f93405d4e62407b5d/gnocchi.9956cc99-babe-4517-841d-4c682ff4d78e/1769040000.0_mean_300.0_v3 HTTP/1.0 201 - python-swiftclient-3.11.1 gAAAAABpe0sU3ETA... 16 - - tx0059d852622644398ce51-00697b4bcb - 0.0120 - - 1769688011.862365246 1769688011.874385118 0
Jan 29 12:00:11 standalone container-server[127472]: 172.20.0.100 - - [29/Jan/2026:12:00:11 +0000] "PUT /d1/441/AUTH_233cd3df76d2455f93405d4e62407b5d/gnocchi.9956cc99-babe-4517-841d-4c682ff4d78e/none_v3" 201 - "PUT http://172.18.0.2:8080/d1/957/AUTH_233cd3df76d2455f93405d4e62407b5d/gnocchi.9956cc99-babe-4517-841d-4c682ff4d78e/none_v3" "tx81a37a758cf443378a660-00697b4bcb" "object-server 24" 0.0009 "-" 15 0
Jan 29 12:00:11 standalone object-server[127673]: 172.20.0.100 - - [29/Jan/2026:12:00:11 +0000] "PUT /d1/957/AUTH_233cd3df76d2455f93405d4e62407b5d/gnocchi.9956cc99-babe-4517-841d-4c682ff4d78e/none_v3" 201 - "PUT http://172.18.0.2:8080/v1/AUTH_233cd3df76d2455f93405d4e62407b5d/gnocchi.9956cc99-babe-4517-841d-4c682ff4d78e/none_v3" "tx81a37a758cf443378a660-00697b4bcb" "proxy-server 20" 0.0123 "-" 24 0
Jan 29 12:00:11 standalone proxy-server[129651]: 172.18.0.2 172.18.0.100 29/Jan/2026/12/00/11 PUT /v1/AUTH_233cd3df76d2455f93405d4e62407b5d/gnocchi.9956cc99-babe-4517-841d-4c682ff4d78e/none_v3 HTTP/1.0 201 - python-swiftclient-3.11.1 gAAAAABpe0sU3ETA... 22 - - tx81a37a758cf443378a660-00697b4bcb - 0.0182 - - 1769688011.876647711 1769688011.894871473 0
Jan 29 12:00:11 standalone container-server[127478]: 172.20.0.100 - - [29/Jan/2026:12:00:11 +0000] "HEAD /d1/405/AUTH_233cd3df76d2455f93405d4e62407b5d/gnocchi.f0fc7517-fdaa-4d82-8876-c220695a2c93" 404 - "HEAD http://172.18.0.2:8080/v1/AUTH_233cd3df76d2455f93405d4e62407b5d/gnocchi.f0fc7517-fdaa-4d82-8876-c220695a2c93?format=json&states=listing" "tx95b2bfb3547c4f91ae492-00697b4bcb" "proxy-server 20" 0.0004 "-" 16 0
Jan 29 12:00:11 standalone object-server[127673]: 172.20.0.100 - - [29/Jan/2026:12:00:11 +0000] "GET /d1/841/AUTH_233cd3df76d2455f93405d4e62407b5d/gnocchi.f0fc7517-fdaa-4d82-8876-c220695a2c93/none_v3" 404 70 "GET http://172.18.0.2:8080/v1/AUTH_233cd3df76d2455f93405d4e62407b5d/gnocchi.f0fc7517-fdaa-4d82-8876-c220695a2c93/none_v3" "tx95b2bfb3547c4f91ae492-00697b4bcb" "proxy-server 20" 0.0008 "-" 24 0
Jan 29 12:00:11 standalone proxy-server[129651]: 172.18.0.2 172.18.0.100 29/Jan/2026/12/00/11 GET /v1/AUTH_233cd3df76d2455f93405d4e62407b5d/gnocchi.f0fc7517-fdaa-4d82-8876-c220695a2c93/none_v3 HTTP/1.0 404 - python-swiftclient-3.11.1 gAAAAABpe0sU3ETA... - 70 - tx95b2bfb3547c4f91ae492-00697b4bcb - 0.0098 - - 1769688011.902659416 1769688011.912439108 0
Jan 29 12:00:11 standalone account-server[127369]: 172.20.0.100 - - [29/Jan/2026:12:00:11 +0000] "PUT /d1/482/AUTH_233cd3df76d2455f93405d4e62407b5d/gnocchi.f0fc7517-fdaa-4d82-8876-c220695a2c93" 201 - "PUT http://172.20.0.100:6001/d1/405/AUTH_233cd3df76d2455f93405d4e62407b5d/gnocchi.f0fc7517-fdaa-4d82-8876-c220695a2c93" "tx6c968651191a4cf5b22ee-00697b4bcb" "container-server 15" 0.0039 "-" 23 0
Jan 29 12:00:11 standalone container-server[127472]: 172.20.0.100 - - [29/Jan/2026:12:00:11 +0000] "PUT /d1/405/AUTH_233cd3df76d2455f93405d4e62407b5d/gnocchi.f0fc7517-fdaa-4d82-8876-c220695a2c93" 201 - "PUT http://172.18.0.2:8080/v1/AUTH_233cd3df76d2455f93405d4e62407b5d/gnocchi.f0fc7517-fdaa-4d82-8876-c220695a2c93" "tx6c968651191a4cf5b22ee-00697b4bcb" "proxy-server 20" 0.0188 "-" 15 0
Jan 29 12:00:11 standalone proxy-server[129651]: 172.18.0.2 172.18.0.100 29/Jan/2026/12/00/11 PUT /v1/AUTH_233cd3df76d2455f93405d4e62407b5d/gnocchi.f0fc7517-fdaa-4d82-8876-c220695a2c93 HTTP/1.0 201 - python-swiftclient-3.11.1 gAAAAABpe0sU3ETA... - - - tx6c968651191a4cf5b22ee-00697b4bcb - 0.0245 - - 1769688011.914979935 1769688011.939466238 0
Jan 29 12:00:11 standalone container-server[127478]: 172.20.0.100 - - [29/Jan/2026:12:00:11 +0000] "HEAD /d1/405/AUTH_233cd3df76d2455f93405d4e62407b5d/gnocchi.f0fc7517-fdaa-4d82-8876-c220695a2c93" 204 - "HEAD http://172.18.0.2:8080/v1/AUTH_233cd3df76d2455f93405d4e62407b5d/gnocchi.f0fc7517-fdaa-4d82-8876-c220695a2c93?format=json&states=listing" "tx837a6aec9b774a8385405-00697b4bcb" "proxy-server 20" 0.0015 "-" 16 0
Jan 29 12:00:11 standalone proxy-server[129651]: - - 29/Jan/2026/12/00/11 HEAD /v1/AUTH_233cd3df76d2455f93405d4e62407b5d/gnocchi.f0fc7517-fdaa-4d82-8876-c220695a2c93%3Fformat%3Djson%26states%3Dlisting HTTP/1.0 204 - Swift - - - - tx837a6aec9b774a8385405-00697b4bcb - 0.0046 RL - 1769688011.943275928 1769688011.947860479 0
Jan 29 12:00:11 standalone container-server[127478]: 172.20.0.100 - - [29/Jan/2026:12:00:11 +0000] "GET /d1/405/AUTH_233cd3df76d2455f93405d4e62407b5d/gnocchi.f0fc7517-fdaa-4d82-8876-c220695a2c93" 200 2 "GET http://172.18.0.2:8080/v1/AUTH_233cd3df76d2455f93405d4e62407b5d/gnocchi.f0fc7517-fdaa-4d82-8876-c220695a2c93?format=json&states=listing" "tx837a6aec9b774a8385405-00697b4bcb" "proxy-server 20" 0.0025 "-" 16 0
Jan 29 12:00:11 standalone proxy-server[129651]: 172.18.0.2 172.18.0.100 29/Jan/2026/12/00/11 GET /v1/AUTH_233cd3df76d2455f93405d4e62407b5d/gnocchi.f0fc7517-fdaa-4d82-8876-c220695a2c93%3Fformat%3Djson%26states%3Dlisting HTTP/1.0 200 - python-swiftclient-3.11.1 gAAAAABpe0sU3ETA... - 2 - tx837a6aec9b774a8385405-00697b4bcb - 0.0130 - - 1769688011.942358494 1769688011.955348253 0
Jan 29 12:00:11 standalone object-server[127658]: 172.20.0.100 - - [29/Jan/2026:12:00:11 +0000] "GET /d1/565/AUTH_233cd3df76d2455f93405d4e62407b5d/gnocchi.f0fc7517-fdaa-4d82-8876-c220695a2c93/1769040000.0_mean_300.0_v3" 404 70 "GET http://172.18.0.2:8080/v1/AUTH_233cd3df76d2455f93405d4e62407b5d/gnocchi.f0fc7517-fdaa-4d82-8876-c220695a2c93/1769040000.0_mean_300.0_v3" "tx768dec6d00344a9cb174e-00697b4bcb" "proxy-server 20" 0.0004 "-" 22 0
Jan 29 12:00:11 standalone proxy-server[129651]: 172.18.0.2 172.18.0.100 29/Jan/2026/12/00/11 GET /v1/AUTH_233cd3df76d2455f93405d4e62407b5d/gnocchi.f0fc7517-fdaa-4d82-8876-c220695a2c93/1769040000.0_mean_300.0_v3 HTTP/1.0 404 - python-swiftclient-3.11.1 gAAAAABpe0sU3ETA... - 70 - tx768dec6d00344a9cb174e-00697b4bcb - 0.0049 - - 1769688011.958162069 1769688011.963023663 0
Jan 29 12:00:11 standalone container-server[127466]: 172.20.0.100 - - [29/Jan/2026:12:00:11 +0000] "PUT /d1/405/AUTH_233cd3df76d2455f93405d4e62407b5d/gnocchi.f0fc7517-fdaa-4d82-8876-c220695a2c93/1769040000.0_mean_300.0_v3" 201 - "PUT http://172.18.0.2:8080/d1/565/AUTH_233cd3df76d2455f93405d4e62407b5d/gnocchi.f0fc7517-fdaa-4d82-8876-c220695a2c93/1769040000.0_mean_300.0_v3" "txd1ff86a7c0174ce8903bb-00697b4bcb" "object-server 22" 0.0008 "-" 14 0
Jan 29 12:00:11 standalone object-server[127658]: 172.20.0.100 - - [29/Jan/2026:12:00:11 +0000] "PUT /d1/565/AUTH_233cd3df76d2455f93405d4e62407b5d/gnocchi.f0fc7517-fdaa-4d82-8876-c220695a2c93/1769040000.0_mean_300.0_v3" 201 - "PUT http://172.18.0.2:8080/v1/AUTH_233cd3df76d2455f93405d4e62407b5d/gnocchi.f0fc7517-fdaa-4d82-8876-c220695a2c93/1769040000.0_mean_300.0_v3" "txd1ff86a7c0174ce8903bb-00697b4bcb" "proxy-server 20" 0.0081 "-" 22 0
Jan 29 12:00:11 standalone proxy-server[129651]: 172.18.0.2 172.18.0.100 29/Jan/2026/12/00/11 PUT /v1/AUTH_233cd3df76d2455f93405d4e62407b5d/gnocchi.f0fc7517-fdaa-4d82-8876-c220695a2c93/1769040000.0_mean_300.0_v3 HTTP/1.0 201 - python-swiftclient-3.11.1 gAAAAABpe0sU3ETA... 16 - - txd1ff86a7c0174ce8903bb-00697b4bcb - 0.0122 - - 1769688011.967549324 1769688011.979719639 0
Jan 29 12:00:11 standalone container-server[127466]: 172.20.0.100 - - [29/Jan/2026:12:00:11 +0000] "PUT /d1/405/AUTH_233cd3df76d2455f93405d4e62407b5d/gnocchi.f0fc7517-fdaa-4d82-8876-c220695a2c93/none_v3" 201 - "PUT http://172.18.0.2:8080/d1/841/AUTH_233cd3df76d2455f93405d4e62407b5d/gnocchi.f0fc7517-fdaa-4d82-8876-c220695a2c93/none_v3" "txd7a1b79cfba94461b0074-00697b4bcb" "object-server 23" 0.0005 "-" 14 0
Jan 29 12:00:11 standalone object-server[127667]: 172.20.0.100 - - [29/Jan/2026:12:00:11 +0000] "PUT /d1/841/AUTH_233cd3df76d2455f93405d4e62407b5d/gnocchi.f0fc7517-fdaa-4d82-8876-c220695a2c93/none_v3" 201 - "PUT http://172.18.0.2:8080/v1/AUTH_233cd3df76d2455f93405d4e62407b5d/gnocchi.f0fc7517-fdaa-4d82-8876-c220695a2c93/none_v3" "txd7a1b79cfba94461b0074-00697b4bcb" "proxy-server 20" 0.0122 "-" 23 0
Jan 29 12:00:12 standalone proxy-server[129651]: 172.18.0.2 172.18.0.100 29/Jan/2026/12/00/12 PUT /v1/AUTH_233cd3df76d2455f93405d4e62407b5d/gnocchi.f0fc7517-fdaa-4d82-8876-c220695a2c93/none_v3 HTTP/1.0 201 - python-swiftclient-3.11.1 gAAAAABpe0sU3ETA... 22 - - txd7a1b79cfba94461b0074-00697b4bcb - 0.0186 - - 1769688011.981771946 1769688012.000381708 0
Jan 29 12:00:12 standalone container-server[127485]: 172.20.0.100 - - [29/Jan/2026:12:00:12 +0000] "HEAD /d1/752/AUTH_233cd3df76d2455f93405d4e62407b5d/gnocchi.76e9d47c-184d-4885-a718-dd14061e79a1" 404 - "HEAD http://172.18.0.2:8080/v1/AUTH_233cd3df76d2455f93405d4e62407b5d/gnocchi.76e9d47c-184d-4885-a718-dd14061e79a1?format=json&states=listing" "txad56ef0025a143dc82238-00697b4bcc" "proxy-server 20" 0.0004 "-" 17 0
Jan 29 12:00:12 standalone object-server[127681]: 172.20.0.100 - - [29/Jan/2026:12:00:12 +0000] "GET /d1/799/AUTH_233cd3df76d2455f93405d4e62407b5d/gnocchi.76e9d47c-184d-4885-a718-dd14061e79a1/none_v3" 404 70 "GET http://172.18.0.2:8080/v1/AUTH_233cd3df76d2455f93405d4e62407b5d/gnocchi.76e9d47c-184d-4885-a718-dd14061e79a1/none_v3" "txad56ef0025a143dc82238-00697b4bcc" "proxy-server 20" 0.0004 "-" 25 0
Jan 29 12:00:12 standalone proxy-server[129651]: 172.18.0.2 172.18.0.100 29/Jan/2026/12/00/12 GET /v1/AUTH_233cd3df76d2455f93405d4e62407b5d/gnocchi.76e9d47c-184d-4885-a718-dd14061e79a1/none_v3 HTTP/1.0 404 - python-swiftclient-3.11.1 gAAAAABpe0sU3ETA... - 70 - txad56ef0025a143dc82238-00697b4bcc - 0.0089 - - 1769688012.009434223 1769688012.018323183 0
Jan 29 12:00:12 standalone account-server[127353]: 172.20.0.100 - - [29/Jan/2026:12:00:12 +0000] "PUT /d1/482/AUTH_233cd3df76d2455f93405d4e62407b5d/gnocchi.76e9d47c-184d-4885-a718-dd14061e79a1" 201 - "PUT http://172.20.0.100:6001/d1/752/AUTH_233cd3df76d2455f93405d4e62407b5d/gnocchi.76e9d47c-184d-4885-a718-dd14061e79a1" "tx71d207e688024c5faf1c2-00697b4bcc" "container-server 15" 0.0057 "-" 20 0
Jan 29 12:00:12 standalone container-server[127472]: 172.20.0.100 - - [29/Jan/2026:12:00:12 +0000] "PUT /d1/752/AUTH_233cd3df76d2455f93405d4e62407b5d/gnocchi.76e9d47c-184d-4885-a718-dd14061e79a1" 201 - "PUT http://172.18.0.2:8080/v1/AUTH_233cd3df76d2455f93405d4e62407b5d/gnocchi.76e9d47c-184d-4885-a718-dd14061e79a1" "tx71d207e688024c5faf1c2-00697b4bcc" "proxy-server 20" 0.0155 "-" 15 0
Jan 29 12:00:12 standalone proxy-server[129651]: 172.18.0.2 172.18.0.100 29/Jan/2026/12/00/12 PUT /v1/AUTH_233cd3df76d2455f93405d4e62407b5d/gnocchi.76e9d47c-184d-4885-a718-dd14061e79a1 HTTP/1.0 201 - python-swiftclient-3.11.1 gAAAAABpe0sU3ETA... - - - tx71d207e688024c5faf1c2-00697b4bcc - 0.0196 - - 1769688012.020401478 1769688012.039959908 0
Jan 29 12:00:12 standalone container-server[127466]: 172.20.0.100 - - [29/Jan/2026:12:00:12 +0000] "HEAD /d1/752/AUTH_233cd3df76d2455f93405d4e62407b5d/gnocchi.76e9d47c-184d-4885-a718-dd14061e79a1" 204 - "HEAD http://172.18.0.2:8080/v1/AUTH_233cd3df76d2455f93405d4e62407b5d/gnocchi.76e9d47c-184d-4885-a718-dd14061e79a1?format=json&states=listing" "txb4668f3a66f94ac2af926-00697b4bcc" "proxy-server 20" 0.0017 "-" 14 0
Jan 29 12:00:12 standalone proxy-server[129651]: - - 29/Jan/2026/12/00/12 HEAD /v1/AUTH_233cd3df76d2455f93405d4e62407b5d/gnocchi.76e9d47c-184d-4885-a718-dd14061e79a1%3Fformat%3Djson%26states%3Dlisting HTTP/1.0 204 - Swift - - - - txb4668f3a66f94ac2af926-00697b4bcc - 0.0046 RL - 1769688012.043472052 1769688012.048033237 0
Jan 29 12:00:12 standalone container-server[127466]: 172.20.0.100 - - [29/Jan/2026:12:00:12 +0000] "GET /d1/752/AUTH_233cd3df76d2455f93405d4e62407b5d/gnocchi.76e9d47c-184d-4885-a718-dd14061e79a1" 200 2 "GET http://172.18.0.2:8080/v1/AUTH_233cd3df76d2455f93405d4e62407b5d/gnocchi.76e9d47c-184d-4885-a718-dd14061e79a1?format=json&states=listing" "txb4668f3a66f94ac2af926-00697b4bcc" "proxy-server 20" 0.0021 "-" 14 0
Jan 29 12:00:12 standalone proxy-server[129651]: 172.18.0.2 172.18.0.100 29/Jan/2026/12/00/12 GET /v1/AUTH_233cd3df76d2455f93405d4e62407b5d/gnocchi.76e9d47c-184d-4885-a718-dd14061e79a1%3Fformat%3Djson%26states%3Dlisting HTTP/1.0 200 - python-swiftclient-3.11.1 gAAAAABpe0sU3ETA... - 2 - txb4668f3a66f94ac2af926-00697b4bcc - 0.0120 - - 1769688012.042626858 1769688012.054661036 0
Jan 29 12:00:12 standalone object-server[127658]: 172.20.0.100 - - [29/Jan/2026:12:00:12 +0000] "GET /d1/620/AUTH_233cd3df76d2455f93405d4e62407b5d/gnocchi.76e9d47c-184d-4885-a718-dd14061e79a1/1769040000.0_mean_300.0_v3" 404 70 "GET http://172.18.0.2:8080/v1/AUTH_233cd3df76d2455f93405d4e62407b5d/gnocchi.76e9d47c-184d-4885-a718-dd14061e79a1/1769040000.0_mean_300.0_v3" "tx1572e14f2ae145d8bec62-00697b4bcc" "proxy-server 20" 0.0004 "-" 22 0
Jan 29 12:00:12 standalone proxy-server[129651]: 172.18.0.2 172.18.0.100 29/Jan/2026/12/00/12 GET /v1/AUTH_233cd3df76d2455f93405d4e62407b5d/gnocchi.76e9d47c-184d-4885-a718-dd14061e79a1/1769040000.0_mean_300.0_v3 HTTP/1.0 404 - python-swiftclient-3.11.1 gAAAAABpe0sU3ETA... - 70 - tx1572e14f2ae145d8bec62-00697b4bcc - 0.0049 - - 1769688012.057346344 1769688012.062212467 0
Jan 29 12:00:12 standalone container-server[127472]: 172.20.0.100 - - [29/Jan/2026:12:00:12 +0000] "PUT /d1/752/AUTH_233cd3df76d2455f93405d4e62407b5d/gnocchi.76e9d47c-184d-4885-a718-dd14061e79a1/1769040000.0_mean_300.0_v3" 201 - "PUT http://172.18.0.2:8080/d1/620/AUTH_233cd3df76d2455f93405d4e62407b5d/gnocchi.76e9d47c-184d-4885-a718-dd14061e79a1/1769040000.0_mean_300.0_v3" "tx60c3b89cd89d441c893a4-00697b4bcc" "object-server 24" 0.0010 "-" 15 0
Jan 29 12:00:12 standalone object-server[127673]: 172.20.0.100 - - [29/Jan/2026:12:00:12 +0000] "PUT /d1/620/AUTH_233cd3df76d2455f93405d4e62407b5d/gnocchi.76e9d47c-184d-4885-a718-dd14061e79a1/1769040000.0_mean_300.0_v3" 201 - "PUT http://172.18.0.2:8080/v1/AUTH_233cd3df76d2455f93405d4e62407b5d/gnocchi.76e9d47c-184d-4885-a718-dd14061e79a1/1769040000.0_mean_300.0_v3" "tx60c3b89cd89d441c893a4-00697b4bcc" "proxy-server 20" 0.0123 "-" 24 0
Jan 29 12:00:12 standalone proxy-server[129651]: 172.18.0.2 172.18.0.100 29/Jan/2026/12/00/12 PUT /v1/AUTH_233cd3df76d2455f93405d4e62407b5d/gnocchi.76e9d47c-184d-4885-a718-dd14061e79a1/1769040000.0_mean_300.0_v3 HTTP/1.0 201 - python-swiftclient-3.11.1 gAAAAABpe0sU3ETA... 16 - - tx60c3b89cd89d441c893a4-00697b4bcc - 0.0166 - - 1769688012.064229965 1769688012.080867767 0
Jan 29 12:00:12 standalone container-server[127466]: 172.20.0.100 - - [29/Jan/2026:12:00:12 +0000] "PUT /d1/752/AUTH_233cd3df76d2455f93405d4e62407b5d/gnocchi.76e9d47c-184d-4885-a718-dd14061e79a1/none_v3" 201 - "PUT http://172.18.0.2:8080/d1/799/AUTH_233cd3df76d2455f93405d4e62407b5d/gnocchi.76e9d47c-184d-4885-a718-dd14061e79a1/none_v3" "tx47b1c7076a1d44608fa86-00697b4bcc" "object-server 22" 0.0006 "-" 14 0
Jan 29 12:00:12 standalone object-server[127658]: 172.20.0.100 - - [29/Jan/2026:12:00:12 +0000] "PUT /d1/799/AUTH_233cd3df76d2455f93405d4e62407b5d/gnocchi.76e9d47c-184d-4885-a718-dd14061e79a1/none_v3" 201 - "PUT http://172.18.0.2:8080/v1/AUTH_233cd3df76d2455f93405d4e62407b5d/gnocchi.76e9d47c-184d-4885-a718-dd14061e79a1/none_v3" "tx47b1c7076a1d44608fa86-00697b4bcc" "proxy-server 20" 0.0124 "-" 22 0
Jan 29 12:00:12 standalone proxy-server[129651]: 172.18.0.2 172.18.0.100 29/Jan/2026/12/00/12 PUT /v1/AUTH_233cd3df76d2455f93405d4e62407b5d/gnocchi.76e9d47c-184d-4885-a718-dd14061e79a1/none_v3 HTTP/1.0 201 - python-swiftclient-3.11.1 gAAAAABpe0sU3ETA... 22 - - tx47b1c7076a1d44608fa86-00697b4bcc - 0.0175 - - 1769688012.083116770 1769688012.100613594 0
Jan 29 12:00:12 standalone container-server[127485]: 172.20.0.100 - - [29/Jan/2026:12:00:12 +0000] "HEAD /d1/709/AUTH_233cd3df76d2455f93405d4e62407b5d/gnocchi.05979287-ea23-4940-9605-22d5f703831a" 404 - "HEAD http://172.18.0.2:8080/v1/AUTH_233cd3df76d2455f93405d4e62407b5d/gnocchi.05979287-ea23-4940-9605-22d5f703831a?format=json&states=listing" "tx1e9a0401103240cb810e5-00697b4bcc" "proxy-server 20" 0.0004 "-" 17 0
Jan 29 12:00:12 standalone object-server[127658]: 172.20.0.100 - - [29/Jan/2026:12:00:12 +0000] "GET /d1/241/AUTH_233cd3df76d2455f93405d4e62407b5d/gnocchi.05979287-ea23-4940-9605-22d5f703831a/none_v3" 404 70 "GET http://172.18.0.2:8080/v1/AUTH_233cd3df76d2455f93405d4e62407b5d/gnocchi.05979287-ea23-4940-9605-22d5f703831a/none_v3" "tx1e9a0401103240cb810e5-00697b4bcc" "proxy-server 20" 0.0003 "-" 22 0
Jan 29 12:00:12 standalone proxy-server[129651]: 172.18.0.2 172.18.0.100 29/Jan/2026/12/00/12 GET /v1/AUTH_233cd3df76d2455f93405d4e62407b5d/gnocchi.05979287-ea23-4940-9605-22d5f703831a/none_v3 HTTP/1.0 404 - python-swiftclient-3.11.1 gAAAAABpe0sU3ETA... - 70 - tx1e9a0401103240cb810e5-00697b4bcc - 0.0083 - - 1769688012.108241558 1769688012.116579533 0
Jan 29 12:00:12 standalone account-server[127356]: 172.20.0.100 - - [29/Jan/2026:12:00:12 +0000] "PUT /d1/482/AUTH_233cd3df76d2455f93405d4e62407b5d/gnocchi.05979287-ea23-4940-9605-22d5f703831a" 201 - "PUT http://172.20.0.100:6001/d1/709/AUTH_233cd3df76d2455f93405d4e62407b5d/gnocchi.05979287-ea23-4940-9605-22d5f703831a" "txea88c1c4aa7d4870b9235-00697b4bcc" "container-server 15" 0.0045 "-" 21 0
Jan 29 12:00:12 standalone container-server[127472]: 172.20.0.100 - - [29/Jan/2026:12:00:12 +0000] "PUT /d1/709/AUTH_233cd3df76d2455f93405d4e62407b5d/gnocchi.05979287-ea23-4940-9605-22d5f703831a" 201 - "PUT http://172.18.0.2:8080/v1/AUTH_233cd3df76d2455f93405d4e62407b5d/gnocchi.05979287-ea23-4940-9605-22d5f703831a" "txea88c1c4aa7d4870b9235-00697b4bcc" "proxy-server 20" 0.0159 "-" 15 0
Jan 29 12:00:12 standalone proxy-server[129651]: 172.18.0.2 172.18.0.100 29/Jan/2026/12/00/12 PUT /v1/AUTH_233cd3df76d2455f93405d4e62407b5d/gnocchi.05979287-ea23-4940-9605-22d5f703831a HTTP/1.0 201 - python-swiftclient-3.11.1 gAAAAABpe0sU3ETA... - - - txea88c1c4aa7d4870b9235-00697b4bcc - 0.0201 - - 1769688012.120739937 1769688012.140882492 0
Jan 29 12:00:12 standalone container-server[127466]: 172.20.0.100 - - [29/Jan/2026:12:00:12 +0000] "HEAD /d1/709/AUTH_233cd3df76d2455f93405d4e62407b5d/gnocchi.05979287-ea23-4940-9605-22d5f703831a" 204 - "HEAD http://172.18.0.2:8080/v1/AUTH_233cd3df76d2455f93405d4e62407b5d/gnocchi.05979287-ea23-4940-9605-22d5f703831a?format=json&states=listing" "tx67c9e5efd4a14ed283152-00697b4bcc" "proxy-server 20" 0.0014 "-" 14 0
Jan 29 12:00:12 standalone proxy-server[129651]: - - 29/Jan/2026/12/00/12 HEAD /v1/AUTH_233cd3df76d2455f93405d4e62407b5d/gnocchi.05979287-ea23-4940-9605-22d5f703831a%3Fformat%3Djson%26states%3Dlisting HTTP/1.0 204 - Swift - - - - tx67c9e5efd4a14ed283152-00697b4bcc - 0.0043 RL - 1769688012.146268606 1769688012.150552750 0
Jan 29 12:00:12 standalone container-server[127478]: 172.20.0.100 - - [29/Jan/2026:12:00:12 +0000] "GET /d1/709/AUTH_233cd3df76d2455f93405d4e62407b5d/gnocchi.05979287-ea23-4940-9605-22d5f703831a" 200 2 "GET http://172.18.0.2:8080/v1/AUTH_233cd3df76d2455f93405d4e62407b5d/gnocchi.05979287-ea23-4940-9605-22d5f703831a?format=json&states=listing" "tx67c9e5efd4a14ed283152-00697b4bcc" "proxy-server 20" 0.0036 "-" 16 0
Jan 29 12:00:12 standalone proxy-server[129651]: 172.18.0.2 172.18.0.100 29/Jan/2026/12/00/12 GET /v1/AUTH_233cd3df76d2455f93405d4e62407b5d/gnocchi.05979287-ea23-4940-9605-22d5f703831a%3Fformat%3Djson%26states%3Dlisting HTTP/1.0 200 - python-swiftclient-3.11.1 gAAAAABpe0sU3ETA... - 2 - tx67c9e5efd4a14ed283152-00697b4bcc - 0.0523 - - 1769688012.145365238 1769688012.197709322 0
Jan 29 12:00:12 standalone object-server[127673]: 172.20.0.100 - - [29/Jan/2026:12:00:12 +0000] "GET /d1/684/AUTH_233cd3df76d2455f93405d4e62407b5d/gnocchi.05979287-ea23-4940-9605-22d5f703831a/1769040000.0_mean_300.0_v3" 404 70 "GET http://172.18.0.2:8080/v1/AUTH_233cd3df76d2455f93405d4e62407b5d/gnocchi.05979287-ea23-4940-9605-22d5f703831a/1769040000.0_mean_300.0_v3" "txa0c57c98f76a4633ac8fa-00697b4bcc" "proxy-server 20" 0.0003 "-" 24 0
Jan 29 12:00:12 standalone proxy-server[129651]: 172.18.0.2 172.18.0.100 29/Jan/2026/12/00/12 GET /v1/AUTH_233cd3df76d2455f93405d4e62407b5d/gnocchi.05979287-ea23-4940-9605-22d5f703831a/1769040000.0_mean_300.0_v3 HTTP/1.0 404 - python-swiftclient-3.11.1 gAAAAABpe0sU3ETA... - 70 - txa0c57c98f76a4633ac8fa-00697b4bcc - 0.0048 - - 1769688012.201956272 1769688012.206720114 0
Jan 29 12:00:12 standalone container-server[127466]: 172.20.0.100 - - [29/Jan/2026:12:00:12 +0000] "PUT /d1/709/AUTH_233cd3df76d2455f93405d4e62407b5d/gnocchi.05979287-ea23-4940-9605-22d5f703831a/1769040000.0_mean_300.0_v3" 201 - "PUT http://172.18.0.2:8080/d1/684/AUTH_233cd3df76d2455f93405d4e62407b5d/gnocchi.05979287-ea23-4940-9605-22d5f703831a/1769040000.0_mean_300.0_v3" "tx700136ff039d4345baead-00697b4bcc" "object-server 23" 0.0006 "-" 14 0
Jan 29 12:00:12 standalone object-server[127667]: 172.20.0.100 - - [29/Jan/2026:12:00:12 +0000] "PUT /d1/684/AUTH_233cd3df76d2455f93405d4e62407b5d/gnocchi.05979287-ea23-4940-9605-22d5f703831a/1769040000.0_mean_300.0_v3" 201 - "PUT http://172.18.0.2:8080/v1/AUTH_233cd3df76d2455f93405d4e62407b5d/gnocchi.05979287-ea23-4940-9605-22d5f703831a/1769040000.0_mean_300.0_v3" "tx700136ff039d4345baead-00697b4bcc" "proxy-server 20" 0.0114 "-" 23 0
Jan 29 12:00:12 standalone proxy-server[129651]: 172.18.0.2 172.18.0.100 29/Jan/2026/12/00/12 PUT /v1/AUTH_233cd3df76d2455f93405d4e62407b5d/gnocchi.05979287-ea23-4940-9605-22d5f703831a/1769040000.0_mean_300.0_v3 HTTP/1.0 201 - python-swiftclient-3.11.1 gAAAAABpe0sU3ETA... 16 - - tx700136ff039d4345baead-00697b4bcc - 0.0161 - - 1769688012.209270716 1769688012.225347042 0
Jan 29 12:00:12 standalone account-server[127356]: 172.20.0.100 - - [29/Jan/2026:12:00:12 +0000] "HEAD /d1/891/.expiring_objects" 404 - "HEAD http://localhost/v1/.expiring_objects?format=json" "tx3782780254824790bb00f-00697b4bcc" "proxy-server 2" 0.0003 "-" 21 -
Jan 29 12:00:12 standalone object-expirer[127551]: Pass completed in 0s; 0 objects expired (txn: tx3782780254824790bb00f-00697b4bcc)
Jan 29 12:00:12 standalone container-server[127485]: 172.20.0.100 - - [29/Jan/2026:12:00:12 +0000] "PUT /d1/709/AUTH_233cd3df76d2455f93405d4e62407b5d/gnocchi.05979287-ea23-4940-9605-22d5f703831a/none_v3" 201 - "PUT http://172.18.0.2:8080/d1/241/AUTH_233cd3df76d2455f93405d4e62407b5d/gnocchi.05979287-ea23-4940-9605-22d5f703831a/none_v3" "txc7d5221d5be6418fa3b3f-00697b4bcc" "object-server 22" 0.0008 "-" 17 0
Jan 29 12:00:12 standalone object-server[127658]: 172.20.0.100 - - [29/Jan/2026:12:00:12 +0000] "PUT /d1/241/AUTH_233cd3df76d2455f93405d4e62407b5d/gnocchi.05979287-ea23-4940-9605-22d5f703831a/none_v3" 201 - "PUT http://172.18.0.2:8080/v1/AUTH_233cd3df76d2455f93405d4e62407b5d/gnocchi.05979287-ea23-4940-9605-22d5f703831a/none_v3" "txc7d5221d5be6418fa3b3f-00697b4bcc" "proxy-server 20" 0.0120 "-" 22 0
Jan 29 12:00:12 standalone proxy-server[129651]: 172.18.0.2 172.18.0.100 29/Jan/2026/12/00/12 PUT /v1/AUTH_233cd3df76d2455f93405d4e62407b5d/gnocchi.05979287-ea23-4940-9605-22d5f703831a/none_v3 HTTP/1.0 201 - python-swiftclient-3.11.1 gAAAAABpe0sU3ETA... 22 - - txc7d5221d5be6418fa3b3f-00697b4bcc - 0.0176 - - 1769688012.228058815 1769688012.245646954 0
Jan 29 12:00:30 standalone object-server[127603]: Begin object update sweep
Jan 29 12:00:30 standalone object-server[242444]: Object update sweep starting on /srv/node/d1 (pid: 15)
Jan 29 12:00:30 standalone object-server[242444]: Object update sweep completed on /srv/node/d1 in 0.00s seconds:, 0 successes, 0 failures, 0 quarantines, 0 unlinks, 0 errors, 0 redirects (pid: 15)
Jan 29 12:00:30 standalone object-server[242444]: Object update sweep of d1 completed: 0.00s, 0 successes, 0 failures, 0 quarantines, 0 unlinks, 0 errors, 0 redirects
