Jan 29 11:59:01 standalone proxy-server[129651]: 172.18.0.2 172.18.0.100 29/Jan/2026/11/59/01 GET /v1/AUTH_233cd3df76d2455f93405d4e62407b5d/gnocchi.078d4f10-3216-471d-a5f4-af034cafd10b%3Fformat%3Djson%26states%3Dlisting HTTP/1.0 200 - python-swiftclient-3.11.1 gAAAAABpe0sU3ETA... - 357 - tx26d4d12da5cb4c1c823ac-00697b4b84 - 0.0190 - - 1769687940.990576267 1769687941.009572983 0
Jan 29 11:59:01 standalone container-server[127466]: 172.20.0.100 - - [29/Jan/2026:11:59:01 +0000] "GET /d1/304/AUTH_233cd3df76d2455f93405d4e62407b5d/gnocchi.078d4f10-3216-471d-a5f4-af034cafd10b" 200 2 "GET http://172.18.0.2:8080/v1/AUTH_233cd3df76d2455f93405d4e62407b5d/gnocchi.078d4f10-3216-471d-a5f4-af034cafd10b?format=json&marker=none_v3&states=listing" "tx166ecccdfd614ac8b3ac2-00697b4b85" "proxy-server 20" 0.0021 "-" 14 0
Jan 29 11:59:01 standalone proxy-server[129651]: 172.18.0.2 172.18.0.100 29/Jan/2026/11/59/01 GET /v1/AUTH_233cd3df76d2455f93405d4e62407b5d/gnocchi.078d4f10-3216-471d-a5f4-af034cafd10b%3Fformat%3Djson%26marker%3Dnone_v3%26states%3Dlisting HTTP/1.0 200 - python-swiftclient-3.11.1 gAAAAABpe0sU3ETA... - 2 - tx166ecccdfd614ac8b3ac2-00697b4b85 - 0.0065 - - 1769687941.012092352 1769687941.018602848 0
Jan 29 11:59:01 standalone object-server[127667]: 172.20.0.100 - - [29/Jan/2026:11:59:01 +0000] "GET /d1/704/AUTH_233cd3df76d2455f93405d4e62407b5d/gnocchi.078d4f10-3216-471d-a5f4-af034cafd10b/1769040000.0_mean_300.0_v3" 200 16 "GET http://172.18.0.2:8080/v1/AUTH_233cd3df76d2455f93405d4e62407b5d/gnocchi.078d4f10-3216-471d-a5f4-af034cafd10b/1769040000.0_mean_300.0_v3" "txbf561ef82d40423dac46b-00697b4b85" "proxy-server 20" 0.0007 "-" 23 0
Jan 29 11:59:01 standalone proxy-server[129651]: 172.18.0.2 172.18.0.100 29/Jan/2026/11/59/01 GET /v1/AUTH_233cd3df76d2455f93405d4e62407b5d/gnocchi.078d4f10-3216-471d-a5f4-af034cafd10b/1769040000.0_mean_300.0_v3 HTTP/1.0 200 - python-swiftclient-3.11.1 gAAAAABpe0sU3ETA... - 16 - txbf561ef82d40423dac46b-00697b4b85 - 0.0051 - - 1769687941.021596193 1769687941.026660919 0
Jan 29 11:59:01 standalone container-server[127472]: 172.20.0.100 - - [29/Jan/2026:11:59:01 +0000] "PUT /d1/304/AUTH_233cd3df76d2455f93405d4e62407b5d/gnocchi.078d4f10-3216-471d-a5f4-af034cafd10b/1769040000.0_mean_300.0_v3" 201 - "PUT http://172.18.0.2:8080/d1/704/AUTH_233cd3df76d2455f93405d4e62407b5d/gnocchi.078d4f10-3216-471d-a5f4-af034cafd10b/1769040000.0_mean_300.0_v3" "tx3b41696a72684ee78cb96-00697b4b85" "object-server 22" 0.0007 "-" 15 0
Jan 29 11:59:01 standalone object-server[127658]: 172.20.0.100 - - [29/Jan/2026:11:59:01 +0000] "PUT /d1/704/AUTH_233cd3df76d2455f93405d4e62407b5d/gnocchi.078d4f10-3216-471d-a5f4-af034cafd10b/1769040000.0_mean_300.0_v3" 201 - "PUT http://172.18.0.2:8080/v1/AUTH_233cd3df76d2455f93405d4e62407b5d/gnocchi.078d4f10-3216-471d-a5f4-af034cafd10b/1769040000.0_mean_300.0_v3" "tx3b41696a72684ee78cb96-00697b4b85" "proxy-server 20" 0.0182 "-" 22 0
Jan 29 11:59:01 standalone proxy-server[129651]: 172.18.0.2 172.18.0.100 29/Jan/2026/11/59/01 PUT /v1/AUTH_233cd3df76d2455f93405d4e62407b5d/gnocchi.078d4f10-3216-471d-a5f4-af034cafd10b/1769040000.0_mean_300.0_v3 HTTP/1.0 201 - python-swiftclient-3.11.1 gAAAAABpe0sU3ETA... 16 - - tx3b41696a72684ee78cb96-00697b4b85 - 0.0224 - - 1769687941.029168367 1769687941.051605225 0
Jan 29 11:59:01 standalone container-server[127485]: 172.20.0.100 - - [29/Jan/2026:11:59:01 +0000] "PUT /d1/304/AUTH_233cd3df76d2455f93405d4e62407b5d/gnocchi.078d4f10-3216-471d-a5f4-af034cafd10b/none_v3" 201 - "PUT http://172.18.0.2:8080/d1/193/AUTH_233cd3df76d2455f93405d4e62407b5d/gnocchi.078d4f10-3216-471d-a5f4-af034cafd10b/none_v3" "tx679a72c1be9c48e8aa79d-00697b4b85" "object-server 25" 0.0008 "-" 17 0
Jan 29 11:59:01 standalone object-server[127681]: 172.20.0.100 - - [29/Jan/2026:11:59:01 +0000] "PUT /d1/193/AUTH_233cd3df76d2455f93405d4e62407b5d/gnocchi.078d4f10-3216-471d-a5f4-af034cafd10b/none_v3" 201 - "PUT http://172.18.0.2:8080/v1/AUTH_233cd3df76d2455f93405d4e62407b5d/gnocchi.078d4f10-3216-471d-a5f4-af034cafd10b/none_v3" "tx679a72c1be9c48e8aa79d-00697b4b85" "proxy-server 20" 0.0155 "-" 25 0
Jan 29 11:59:01 standalone proxy-server[129651]: 172.18.0.2 172.18.0.100 29/Jan/2026/11/59/01 PUT /v1/AUTH_233cd3df76d2455f93405d4e62407b5d/gnocchi.078d4f10-3216-471d-a5f4-af034cafd10b/none_v3 HTTP/1.0 201 - python-swiftclient-3.11.1 gAAAAABpe0sU3ETA... 31 - - tx679a72c1be9c48e8aa79d-00697b4b85 - 0.0239 - - 1769687941.054510117 1769687941.078372955 0
Jan 29 11:59:09 standalone object-server[127667]: 172.20.0.100 - - [29/Jan/2026:11:59:09 +0000] "GET /d1/317/AUTH_233cd3df76d2455f93405d4e62407b5d/gnocchi.c85d7916-e638-45a6-bb0e-0d6b81259803/none_v3" 200 32 "GET http://172.18.0.2:8080/v1/AUTH_233cd3df76d2455f93405d4e62407b5d/gnocchi.c85d7916-e638-45a6-bb0e-0d6b81259803/none_v3" "tx3725cf7830be4c81be0e1-00697b4b8d" "proxy-server 20" 0.0010 "-" 23 0
Jan 29 11:59:09 standalone proxy-server[129651]: 172.18.0.2 172.18.0.100 29/Jan/2026/11/59/09 GET /v1/AUTH_233cd3df76d2455f93405d4e62407b5d/gnocchi.c85d7916-e638-45a6-bb0e-0d6b81259803/none_v3 HTTP/1.0 200 - python-swiftclient-3.11.1 gAAAAABpe0sU3ETA... - 32 - tx3725cf7830be4c81be0e1-00697b4b8d - 0.0097 - - 1769687949.738822222 1769687949.748481989 0
Jan 29 11:59:09 standalone container-server[127485]: 172.20.0.100 - - [29/Jan/2026:11:59:09 +0000] "GET /d1/646/AUTH_233cd3df76d2455f93405d4e62407b5d/gnocchi.c85d7916-e638-45a6-bb0e-0d6b81259803" 200 357 "GET http://172.18.0.2:8080/v1/AUTH_233cd3df76d2455f93405d4e62407b5d/gnocchi.c85d7916-e638-45a6-bb0e-0d6b81259803?format=json&states=listing" "txd425aa7040394f6db1543-00697b4b8d" "proxy-server 20" 0.0126 "-" 17 0
Jan 29 11:59:09 standalone proxy-server[129651]: 172.18.0.2 172.18.0.100 29/Jan/2026/11/59/09 GET /v1/AUTH_233cd3df76d2455f93405d4e62407b5d/gnocchi.c85d7916-e638-45a6-bb0e-0d6b81259803%3Fformat%3Djson%26states%3Dlisting HTTP/1.0 200 - python-swiftclient-3.11.1 gAAAAABpe0sU3ETA... - 357 - txd425aa7040394f6db1543-00697b4b8d - 0.0240 - - 1769687949.752467394 1769687949.776475191 0
Jan 29 11:59:09 standalone container-server[127478]: 172.20.0.100 - - [29/Jan/2026:11:59:09 +0000] "GET /d1/646/AUTH_233cd3df76d2455f93405d4e62407b5d/gnocchi.c85d7916-e638-45a6-bb0e-0d6b81259803" 200 2 "GET http://172.18.0.2:8080/v1/AUTH_233cd3df76d2455f93405d4e62407b5d/gnocchi.c85d7916-e638-45a6-bb0e-0d6b81259803?format=json&marker=none_v3&states=listing" "txaa83fcc38bbb46c1ab1fc-00697b4b8d" "proxy-server 20" 0.0019 "-" 16 0
Jan 29 11:59:09 standalone proxy-server[129651]: 172.18.0.2 172.18.0.100 29/Jan/2026/11/59/09 GET /v1/AUTH_233cd3df76d2455f93405d4e62407b5d/gnocchi.c85d7916-e638-45a6-bb0e-0d6b81259803%3Fformat%3Djson%26marker%3Dnone_v3%26states%3Dlisting HTTP/1.0 200 - python-swiftclient-3.11.1 gAAAAABpe0sU3ETA... - 2 - txaa83fcc38bbb46c1ab1fc-00697b4b8d - 0.0159 - - 1769687949.779531240 1769687949.795413971 0
Jan 29 11:59:09 standalone object-server[127673]: 172.20.0.100 - - [29/Jan/2026:11:59:09 +0000] "GET /d1/1003/AUTH_233cd3df76d2455f93405d4e62407b5d/gnocchi.c85d7916-e638-45a6-bb0e-0d6b81259803/1769040000.0_mean_300.0_v3" 200 16 "GET http://172.18.0.2:8080/v1/AUTH_233cd3df76d2455f93405d4e62407b5d/gnocchi.c85d7916-e638-45a6-bb0e-0d6b81259803/1769040000.0_mean_300.0_v3" "tx7970463640c9417fba200-00697b4b8d" "proxy-server 20" 0.0008 "-" 24 0
Jan 29 11:59:09 standalone proxy-server[129651]: 172.18.0.2 172.18.0.100 29/Jan/2026/11/59/09 GET /v1/AUTH_233cd3df76d2455f93405d4e62407b5d/gnocchi.c85d7916-e638-45a6-bb0e-0d6b81259803/1769040000.0_mean_300.0_v3 HTTP/1.0 200 - python-swiftclient-3.11.1 gAAAAABpe0sU3ETA... - 16 - tx7970463640c9417fba200-00697b4b8d - 0.0154 - - 1769687949.801404476 1769687949.816811562 0
Jan 29 11:59:09 standalone container-server[127485]: 172.20.0.100 - - [29/Jan/2026:11:59:09 +0000] "PUT /d1/646/AUTH_233cd3df76d2455f93405d4e62407b5d/gnocchi.c85d7916-e638-45a6-bb0e-0d6b81259803/1769040000.0_mean_300.0_v3" 201 - "PUT http://172.18.0.2:8080/d1/1003/AUTH_233cd3df76d2455f93405d4e62407b5d/gnocchi.c85d7916-e638-45a6-bb0e-0d6b81259803/1769040000.0_mean_300.0_v3" "txf2c6070713b34df6a686b-00697b4b8d" "object-server 25" 0.0007 "-" 17 0
Jan 29 11:59:09 standalone object-server[127681]: 172.20.0.100 - - [29/Jan/2026:11:59:09 +0000] "PUT /d1/1003/AUTH_233cd3df76d2455f93405d4e62407b5d/gnocchi.c85d7916-e638-45a6-bb0e-0d6b81259803/1769040000.0_mean_300.0_v3" 201 - "PUT http://172.18.0.2:8080/v1/AUTH_233cd3df76d2455f93405d4e62407b5d/gnocchi.c85d7916-e638-45a6-bb0e-0d6b81259803/1769040000.0_mean_300.0_v3" "txf2c6070713b34df6a686b-00697b4b8d" "proxy-server 20" 0.0214 "-" 25 0
Jan 29 11:59:09 standalone proxy-server[129651]: 172.18.0.2 172.18.0.100 29/Jan/2026/11/59/09 PUT /v1/AUTH_233cd3df76d2455f93405d4e62407b5d/gnocchi.c85d7916-e638-45a6-bb0e-0d6b81259803/1769040000.0_mean_300.0_v3 HTTP/1.0 201 - python-swiftclient-3.11.1 gAAAAABpe0sU3ETA... 16 - - txf2c6070713b34df6a686b-00697b4b8d - 0.0305 - - 1769687949.820462942 1769687949.850990534 0
Jan 29 11:59:09 standalone container-server[127466]: 172.20.0.100 - - [29/Jan/2026:11:59:09 +0000] "PUT /d1/646/AUTH_233cd3df76d2455f93405d4e62407b5d/gnocchi.c85d7916-e638-45a6-bb0e-0d6b81259803/none_v3" 201 - "PUT http://172.18.0.2:8080/d1/317/AUTH_233cd3df76d2455f93405d4e62407b5d/gnocchi.c85d7916-e638-45a6-bb0e-0d6b81259803/none_v3" "txda429767e73c4946a3c57-00697b4b8d" "object-server 23" 0.0004 "-" 14 0
Jan 29 11:59:09 standalone object-server[127667]: 172.20.0.100 - - [29/Jan/2026:11:59:09 +0000] "PUT /d1/317/AUTH_233cd3df76d2455f93405d4e62407b5d/gnocchi.c85d7916-e638-45a6-bb0e-0d6b81259803/none_v3" 201 - "PUT http://172.18.0.2:8080/v1/AUTH_233cd3df76d2455f93405d4e62407b5d/gnocchi.c85d7916-e638-45a6-bb0e-0d6b81259803/none_v3" "txda429767e73c4946a3c57-00697b4b8d" "proxy-server 20" 0.0130 "-" 23 0
Jan 29 11:59:09 standalone proxy-server[129651]: 172.18.0.2 172.18.0.100 29/Jan/2026/11/59/09 PUT /v1/AUTH_233cd3df76d2455f93405d4e62407b5d/gnocchi.c85d7916-e638-45a6-bb0e-0d6b81259803/none_v3 HTTP/1.0 201 - python-swiftclient-3.11.1 gAAAAABpe0sU3ETA... 46 - - txda429767e73c4946a3c57-00697b4b8d - 0.0205 - - 1769687949.857183695 1769687949.877652168 0
Jan 29 11:59:10 standalone object-server[127673]: 172.20.0.100 - - [29/Jan/2026:11:59:10 +0000] "GET /d1/317/AUTH_233cd3df76d2455f93405d4e62407b5d/gnocchi.c85d7916-e638-45a6-bb0e-0d6b81259803/none_v3" 200 46 "GET http://172.18.0.2:8080/v1/AUTH_233cd3df76d2455f93405d4e62407b5d/gnocchi.c85d7916-e638-45a6-bb0e-0d6b81259803/none_v3" "tx720a47bb4cfc45b4be193-00697b4b8e" "proxy-server 20" 0.0013 "-" 24 0
Jan 29 11:59:10 standalone proxy-server[129651]: 172.18.0.2 172.18.0.100 29/Jan/2026/11/59/10 GET /v1/AUTH_233cd3df76d2455f93405d4e62407b5d/gnocchi.c85d7916-e638-45a6-bb0e-0d6b81259803/none_v3 HTTP/1.0 200 - python-swiftclient-3.11.1 gAAAAABpe0sU3ETA... - 46 - tx720a47bb4cfc45b4be193-00697b4b8e - 0.0077 - - 1769687950.780484915 1769687950.788234234 0
Jan 29 11:59:10 standalone container-server[127485]: 172.20.0.100 - - [29/Jan/2026:11:59:10 +0000] "GET /d1/646/AUTH_233cd3df76d2455f93405d4e62407b5d/gnocchi.c85d7916-e638-45a6-bb0e-0d6b81259803" 200 357 "GET http://172.18.0.2:8080/v1/AUTH_233cd3df76d2455f93405d4e62407b5d/gnocchi.c85d7916-e638-45a6-bb0e-0d6b81259803?format=json&states=listing" "txa2549bc4f32f4f8eaccbd-00697b4b8e" "proxy-server 20" 0.0102 "-" 17 0
Jan 29 11:59:10 standalone proxy-server[129651]: 172.18.0.2 172.18.0.100 29/Jan/2026/11/59/10 GET /v1/AUTH_233cd3df76d2455f93405d4e62407b5d/gnocchi.c85d7916-e638-45a6-bb0e-0d6b81259803%3Fformat%3Djson%26states%3Dlisting HTTP/1.0 200 - python-swiftclient-3.11.1 gAAAAABpe0sU3ETA... - 357 - txa2549bc4f32f4f8eaccbd-00697b4b8e - 0.0171 - - 1769687950.791703463 1769687950.808832884 0
Jan 29 11:59:10 standalone container-server[127485]: 172.20.0.100 - - [29/Jan/2026:11:59:10 +0000] "GET /d1/646/AUTH_233cd3df76d2455f93405d4e62407b5d/gnocchi.c85d7916-e638-45a6-bb0e-0d6b81259803" 200 2 "GET http://172.18.0.2:8080/v1/AUTH_233cd3df76d2455f93405d4e62407b5d/gnocchi.c85d7916-e638-45a6-bb0e-0d6b81259803?format=json&marker=none_v3&states=listing" "txade7a1e43bf24df195ad5-00697b4b8e" "proxy-server 20" 0.0038 "-" 17 0
Jan 29 11:59:10 standalone proxy-server[129651]: 172.18.0.2 172.18.0.100 29/Jan/2026/11/59/10 GET /v1/AUTH_233cd3df76d2455f93405d4e62407b5d/gnocchi.c85d7916-e638-45a6-bb0e-0d6b81259803%3Fformat%3Djson%26marker%3Dnone_v3%26states%3Dlisting HTTP/1.0 200 - python-swiftclient-3.11.1 gAAAAABpe0sU3ETA... - 2 - txade7a1e43bf24df195ad5-00697b4b8e - 0.0104 - - 1769687950.813664913 1769687950.824056625 0
Jan 29 11:59:10 standalone object-server[127658]: 172.20.0.100 - - [29/Jan/2026:11:59:10 +0000] "GET /d1/1003/AUTH_233cd3df76d2455f93405d4e62407b5d/gnocchi.c85d7916-e638-45a6-bb0e-0d6b81259803/1769040000.0_mean_300.0_v3" 200 16 "GET http://172.18.0.2:8080/v1/AUTH_233cd3df76d2455f93405d4e62407b5d/gnocchi.c85d7916-e638-45a6-bb0e-0d6b81259803/1769040000.0_mean_300.0_v3" "tx6ccb72be35674300856d6-00697b4b8e" "proxy-server 20" 0.0006 "-" 22 0
Jan 29 11:59:10 standalone proxy-server[129651]: 172.18.0.2 172.18.0.100 29/Jan/2026/11/59/10 GET /v1/AUTH_233cd3df76d2455f93405d4e62407b5d/gnocchi.c85d7916-e638-45a6-bb0e-0d6b81259803/1769040000.0_mean_300.0_v3 HTTP/1.0 200 - python-swiftclient-3.11.1 gAAAAABpe0sU3ETA... - 16 - tx6ccb72be35674300856d6-00697b4b8e - 0.0055 - - 1769687950.827115297 1769687950.832598686 0
Jan 29 11:59:10 standalone container-server[127485]: 172.20.0.100 - - [29/Jan/2026:11:59:10 +0000] "PUT /d1/646/AUTH_233cd3df76d2455f93405d4e62407b5d/gnocchi.c85d7916-e638-45a6-bb0e-0d6b81259803/1769040000.0_mean_300.0_v3" 201 - "PUT http://172.18.0.2:8080/d1/1003/AUTH_233cd3df76d2455f93405d4e62407b5d/gnocchi.c85d7916-e638-45a6-bb0e-0d6b81259803/1769040000.0_mean_300.0_v3" "txddab5be1805d4fba957d2-00697b4b8e" "object-server 22" 0.0008 "-" 17 0
Jan 29 11:59:10 standalone object-server[127658]: 172.20.0.100 - - [29/Jan/2026:11:59:10 +0000] "PUT /d1/1003/AUTH_233cd3df76d2455f93405d4e62407b5d/gnocchi.c85d7916-e638-45a6-bb0e-0d6b81259803/1769040000.0_mean_300.0_v3" 201 - "PUT http://172.18.0.2:8080/v1/AUTH_233cd3df76d2455f93405d4e62407b5d/gnocchi.c85d7916-e638-45a6-bb0e-0d6b81259803/1769040000.0_mean_300.0_v3" "txddab5be1805d4fba957d2-00697b4b8e" "proxy-server 20" 0.0179 "-" 22 0
Jan 29 11:59:10 standalone proxy-server[129651]: 172.18.0.2 172.18.0.100 29/Jan/2026/11/59/10 PUT /v1/AUTH_233cd3df76d2455f93405d4e62407b5d/gnocchi.c85d7916-e638-45a6-bb0e-0d6b81259803/1769040000.0_mean_300.0_v3 HTTP/1.0 201 - python-swiftclient-3.11.1 gAAAAABpe0sU3ETA... 16 - - txddab5be1805d4fba957d2-00697b4b8e - 0.0236 - - 1769687950.834823608 1769687950.858418226 0
Jan 29 11:59:10 standalone container-server[127472]: 172.20.0.100 - - [29/Jan/2026:11:59:10 +0000] "PUT /d1/646/AUTH_233cd3df76d2455f93405d4e62407b5d/gnocchi.c85d7916-e638-45a6-bb0e-0d6b81259803/none_v3" 201 - "PUT http://172.18.0.2:8080/d1/317/AUTH_233cd3df76d2455f93405d4e62407b5d/gnocchi.c85d7916-e638-45a6-bb0e-0d6b81259803/none_v3" "txb9294a0320d349b3a9e22-00697b4b8e" "object-server 24" 0.0023 "-" 15 0
Jan 29 11:59:10 standalone object-server[127673]: 172.20.0.100 - - [29/Jan/2026:11:59:10 +0000] "PUT /d1/317/AUTH_233cd3df76d2455f93405d4e62407b5d/gnocchi.c85d7916-e638-45a6-bb0e-0d6b81259803/none_v3" 201 - "PUT http://172.18.0.2:8080/v1/AUTH_233cd3df76d2455f93405d4e62407b5d/gnocchi.c85d7916-e638-45a6-bb0e-0d6b81259803/none_v3" "txb9294a0320d349b3a9e22-00697b4b8e" "proxy-server 20" 0.0113 "-" 24 0
Jan 29 11:59:10 standalone proxy-server[129651]: 172.18.0.2 172.18.0.100 29/Jan/2026/11/59/10 PUT /v1/AUTH_233cd3df76d2455f93405d4e62407b5d/gnocchi.c85d7916-e638-45a6-bb0e-0d6b81259803/none_v3 HTTP/1.0 201 - python-swiftclient-3.11.1 gAAAAABpe0sU3ETA... 50 - - txb9294a0320d349b3a9e22-00697b4b8e - 0.0196 - - 1769687950.860561371 1769687950.880121946 0
Jan 29 11:59:10 standalone object-server[127658]: 172.20.0.100 - - [29/Jan/2026:11:59:10 +0000] "GET /d1/382/AUTH_233cd3df76d2455f93405d4e62407b5d/gnocchi.50f0ad84-a693-49a4-8432-59877e4d5590/none_v3" 200 22 "GET http://172.18.0.2:8080/v1/AUTH_233cd3df76d2455f93405d4e62407b5d/gnocchi.50f0ad84-a693-49a4-8432-59877e4d5590/none_v3" "tx9bdbf9278a7d4a09aa551-00697b4b8e" "proxy-server 20" 0.0008 "-" 22 0
Jan 29 11:59:10 standalone proxy-server[129651]: 172.18.0.2 172.18.0.100 29/Jan/2026/11/59/10 GET /v1/AUTH_233cd3df76d2455f93405d4e62407b5d/gnocchi.50f0ad84-a693-49a4-8432-59877e4d5590/none_v3 HTTP/1.0 200 - python-swiftclient-3.11.1 gAAAAABpe0sU3ETA... - 22 - tx9bdbf9278a7d4a09aa551-00697b4b8e - 0.0097 - - 1769687950.890459061 1769687950.900186777 0
Jan 29 11:59:10 standalone container-server[127485]: 172.20.0.100 - - [29/Jan/2026:11:59:10 +0000] "GET /d1/485/AUTH_233cd3df76d2455f93405d4e62407b5d/gnocchi.50f0ad84-a693-49a4-8432-59877e4d5590" 200 357 "GET http://172.18.0.2:8080/v1/AUTH_233cd3df76d2455f93405d4e62407b5d/gnocchi.50f0ad84-a693-49a4-8432-59877e4d5590?format=json&states=listing" "tx90fc002ea70a4a85a7a76-00697b4b8e" "proxy-server 20" 0.0083 "-" 17 0
Jan 29 11:59:10 standalone proxy-server[129651]: 172.18.0.2 172.18.0.100 29/Jan/2026/11/59/10 GET /v1/AUTH_233cd3df76d2455f93405d4e62407b5d/gnocchi.50f0ad84-a693-49a4-8432-59877e4d5590%3Fformat%3Djson%26states%3Dlisting HTTP/1.0 200 - python-swiftclient-3.11.1 gAAAAABpe0sU3ETA... - 357 - tx90fc002ea70a4a85a7a76-00697b4b8e - 0.0184 - - 1769687950.903885841 1769687950.922282696 0
Jan 29 11:59:10 standalone container-server[127466]: 172.20.0.100 - - [29/Jan/2026:11:59:10 +0000] "GET /d1/485/AUTH_233cd3df76d2455f93405d4e62407b5d/gnocchi.50f0ad84-a693-49a4-8432-59877e4d5590" 200 2 "GET http://172.18.0.2:8080/v1/AUTH_233cd3df76d2455f93405d4e62407b5d/gnocchi.50f0ad84-a693-49a4-8432-59877e4d5590?format=json&marker=none_v3&states=listing" "tx4acc38db359a46c4a90f3-00697b4b8e" "proxy-server 20" 0.0035 "-" 14 0
Jan 29 11:59:10 standalone proxy-server[129651]: 172.18.0.2 172.18.0.100 29/Jan/2026/11/59/10 GET /v1/AUTH_233cd3df76d2455f93405d4e62407b5d/gnocchi.50f0ad84-a693-49a4-8432-59877e4d5590%3Fformat%3Djson%26marker%3Dnone_v3%26states%3Dlisting HTTP/1.0 200 - python-swiftclient-3.11.1 gAAAAABpe0sU3ETA... - 2 - tx4acc38db359a46c4a90f3-00697b4b8e - 0.0110 - - 1769687950.925086498 1769687950.936067581 0
Jan 29 11:59:10 standalone object-server[127681]: 172.20.0.100 - - [29/Jan/2026:11:59:10 +0000] "GET /d1/354/AUTH_233cd3df76d2455f93405d4e62407b5d/gnocchi.50f0ad84-a693-49a4-8432-59877e4d5590/1769040000.0_mean_300.0_v3" 200 16 "GET http://172.18.0.2:8080/v1/AUTH_233cd3df76d2455f93405d4e62407b5d/gnocchi.50f0ad84-a693-49a4-8432-59877e4d5590/1769040000.0_mean_300.0_v3" "txf0c7768547d34a1899720-00697b4b8e" "proxy-server 20" 0.0007 "-" 25 0
Jan 29 11:59:10 standalone proxy-server[129651]: 172.18.0.2 172.18.0.100 29/Jan/2026/11/59/10 GET /v1/AUTH_233cd3df76d2455f93405d4e62407b5d/gnocchi.50f0ad84-a693-49a4-8432-59877e4d5590/1769040000.0_mean_300.0_v3 HTTP/1.0 200 - python-swiftclient-3.11.1 gAAAAABpe0sU3ETA... - 16 - txf0c7768547d34a1899720-00697b4b8e - 0.0052 - - 1769687950.939788103 1769687950.944944143 0
Jan 29 11:59:10 standalone container-server[127485]: 172.20.0.100 - - [29/Jan/2026:11:59:10 +0000] "PUT /d1/485/AUTH_233cd3df76d2455f93405d4e62407b5d/gnocchi.50f0ad84-a693-49a4-8432-59877e4d5590/1769040000.0_mean_300.0_v3" 201 - "PUT http://172.18.0.2:8080/d1/354/AUTH_233cd3df76d2455f93405d4e62407b5d/gnocchi.50f0ad84-a693-49a4-8432-59877e4d5590/1769040000.0_mean_300.0_v3" "tx60a62db26d1246c683f69-00697b4b8e" "object-server 24" 0.0010 "-" 17 0
Jan 29 11:59:10 standalone object-server[127673]: 172.20.0.100 - - [29/Jan/2026:11:59:10 +0000] "PUT /d1/354/AUTH_233cd3df76d2455f93405d4e62407b5d/gnocchi.50f0ad84-a693-49a4-8432-59877e4d5590/1769040000.0_mean_300.0_v3" 201 - "PUT http://172.18.0.2:8080/v1/AUTH_233cd3df76d2455f93405d4e62407b5d/gnocchi.50f0ad84-a693-49a4-8432-59877e4d5590/1769040000.0_mean_300.0_v3" "tx60a62db26d1246c683f69-00697b4b8e" "proxy-server 20" 0.0098 "-" 24 0
Jan 29 11:59:10 standalone proxy-server[129651]: 172.18.0.2 172.18.0.100 29/Jan/2026/11/59/10 PUT /v1/AUTH_233cd3df76d2455f93405d4e62407b5d/gnocchi.50f0ad84-a693-49a4-8432-59877e4d5590/1769040000.0_mean_300.0_v3 HTTP/1.0 201 - python-swiftclient-3.11.1 gAAAAABpe0sU3ETA... 16 - - tx60a62db26d1246c683f69-00697b4b8e - 0.0143 - - 1769687950.947328568 1769687950.961600542 0
Jan 29 11:59:10 standalone container-server[127472]: 172.20.0.100 - - [29/Jan/2026:11:59:10 +0000] "PUT /d1/485/AUTH_233cd3df76d2455f93405d4e62407b5d/gnocchi.50f0ad84-a693-49a4-8432-59877e4d5590/none_v3" 201 - "PUT http://172.18.0.2:8080/d1/382/AUTH_233cd3df76d2455f93405d4e62407b5d/gnocchi.50f0ad84-a693-49a4-8432-59877e4d5590/none_v3" "tx1bad37894c0647e7a6c0e-00697b4b8e" "object-server 23" 0.0006 "-" 15 0
Jan 29 11:59:10 standalone object-server[127667]: 172.20.0.100 - - [29/Jan/2026:11:59:10 +0000] "PUT /d1/382/AUTH_233cd3df76d2455f93405d4e62407b5d/gnocchi.50f0ad84-a693-49a4-8432-59877e4d5590/none_v3" 201 - "PUT http://172.18.0.2:8080/v1/AUTH_233cd3df76d2455f93405d4e62407b5d/gnocchi.50f0ad84-a693-49a4-8432-59877e4d5590/none_v3" "tx1bad37894c0647e7a6c0e-00697b4b8e" "proxy-server 20" 0.0098 "-" 23 0
Jan 29 11:59:10 standalone proxy-server[129651]: 172.18.0.2 172.18.0.100 29/Jan/2026/11/59/10 PUT /v1/AUTH_233cd3df76d2455f93405d4e62407b5d/gnocchi.50f0ad84-a693-49a4-8432-59877e4d5590/none_v3 HTTP/1.0 201 - python-swiftclient-3.11.1 gAAAAABpe0sU3ETA... 32 - - tx1bad37894c0647e7a6c0e-00697b4b8e - 0.0147 - - 1769687950.963880301 1769687950.978622913 0
Jan 29 11:59:10 standalone object-server[127673]: 172.20.0.100 - - [29/Jan/2026:11:59:10 +0000] "GET /d1/172/AUTH_233cd3df76d2455f93405d4e62407b5d/gnocchi.5b4b09bc-b318-4c57-af49-54418dca96df/none_v3" 200 22 "GET http://172.18.0.2:8080/v1/AUTH_233cd3df76d2455f93405d4e62407b5d/gnocchi.5b4b09bc-b318-4c57-af49-54418dca96df/none_v3" "tx1743aa0a075243d4bda15-00697b4b8e" "proxy-server 20" 0.0010 "-" 24 0
Jan 29 11:59:10 standalone proxy-server[129651]: 172.18.0.2 172.18.0.100 29/Jan/2026/11/59/10 GET /v1/AUTH_233cd3df76d2455f93405d4e62407b5d/gnocchi.5b4b09bc-b318-4c57-af49-54418dca96df/none_v3 HTTP/1.0 200 - python-swiftclient-3.11.1 gAAAAABpe0sU3ETA... - 22 - tx1743aa0a075243d4bda15-00697b4b8e - 0.0058 - - 1769687950.990215540 1769687950.995983601 0
Jan 29 11:59:11 standalone container-server[127485]: 172.20.0.100 - - [29/Jan/2026:11:59:11 +0000] "GET /d1/867/AUTH_233cd3df76d2455f93405d4e62407b5d/gnocchi.5b4b09bc-b318-4c57-af49-54418dca96df" 200 357 "GET http://172.18.0.2:8080/v1/AUTH_233cd3df76d2455f93405d4e62407b5d/gnocchi.5b4b09bc-b318-4c57-af49-54418dca96df?format=json&states=listing" "txecbe305ee2144ac3b76f7-00697b4b8e" "proxy-server 20" 0.0086 "-" 17 0
Jan 29 11:59:11 standalone proxy-server[129651]: 172.18.0.2 172.18.0.100 29/Jan/2026/11/59/11 GET /v1/AUTH_233cd3df76d2455f93405d4e62407b5d/gnocchi.5b4b09bc-b318-4c57-af49-54418dca96df%3Fformat%3Djson%26states%3Dlisting HTTP/1.0 200 - python-swiftclient-3.11.1 gAAAAABpe0sU3ETA... - 357 - txecbe305ee2144ac3b76f7-00697b4b8e - 0.0137 - - 1769687950.999596119 1769687951.013322353 0
Jan 29 11:59:11 standalone container-server[127478]: 172.20.0.100 - - [29/Jan/2026:11:59:11 +0000] "GET /d1/867/AUTH_233cd3df76d2455f93405d4e62407b5d/gnocchi.5b4b09bc-b318-4c57-af49-54418dca96df" 200 2 "GET http://172.18.0.2:8080/v1/AUTH_233cd3df76d2455f93405d4e62407b5d/gnocchi.5b4b09bc-b318-4c57-af49-54418dca96df?format=json&marker=none_v3&states=listing" "tx4f5baa7e7d7d4329a2296-00697b4b8f" "proxy-server 20" 0.0034 "-" 16 0
Jan 29 11:59:11 standalone proxy-server[129651]: 172.18.0.2 172.18.0.100 29/Jan/2026/11/59/11 GET /v1/AUTH_233cd3df76d2455f93405d4e62407b5d/gnocchi.5b4b09bc-b318-4c57-af49-54418dca96df%3Fformat%3Djson%26marker%3Dnone_v3%26states%3Dlisting HTTP/1.0 200 - python-swiftclient-3.11.1 gAAAAABpe0sU3ETA... - 2 - tx4f5baa7e7d7d4329a2296-00697b4b8f - 0.0081 - - 1769687951.016123295 1769687951.024251461 0
Jan 29 11:59:11 standalone object-server[127667]: 172.20.0.100 - - [29/Jan/2026:11:59:11 +0000] "GET /d1/29/AUTH_233cd3df76d2455f93405d4e62407b5d/gnocchi.5b4b09bc-b318-4c57-af49-54418dca96df/1769040000.0_mean_300.0_v3" 200 16 "GET http://172.18.0.2:8080/v1/AUTH_233cd3df76d2455f93405d4e62407b5d/gnocchi.5b4b09bc-b318-4c57-af49-54418dca96df/1769040000.0_mean_300.0_v3" "tx521a59c7e417460a862fa-00697b4b8f" "proxy-server 20" 0.0011 "-" 23 0
Jan 29 11:59:11 standalone proxy-server[129651]: 172.18.0.2 172.18.0.100 29/Jan/2026/11/59/11 GET /v1/AUTH_233cd3df76d2455f93405d4e62407b5d/gnocchi.5b4b09bc-b318-4c57-af49-54418dca96df/1769040000.0_mean_300.0_v3 HTTP/1.0 200 - python-swiftclient-3.11.1 gAAAAABpe0sU3ETA... - 16 - tx521a59c7e417460a862fa-00697b4b8f - 0.0069 - - 1769687951.028321028 1769687951.035176754 0
Jan 29 11:59:11 standalone container-server[127485]: 172.20.0.100 - - [29/Jan/2026:11:59:11 +0000] "PUT /d1/867/AUTH_233cd3df76d2455f93405d4e62407b5d/gnocchi.5b4b09bc-b318-4c57-af49-54418dca96df/1769040000.0_mean_300.0_v3" 201 - "PUT http://172.18.0.2:8080/d1/29/AUTH_233cd3df76d2455f93405d4e62407b5d/gnocchi.5b4b09bc-b318-4c57-af49-54418dca96df/1769040000.0_mean_300.0_v3" "tx0e6477052e6c4334a7e7d-00697b4b8f" "object-server 24" 0.0009 "-" 17 0
Jan 29 11:59:11 standalone object-server[127673]: 172.20.0.100 - - [29/Jan/2026:11:59:11 +0000] "PUT /d1/29/AUTH_233cd3df76d2455f93405d4e62407b5d/gnocchi.5b4b09bc-b318-4c57-af49-54418dca96df/1769040000.0_mean_300.0_v3" 201 - "PUT http://172.18.0.2:8080/v1/AUTH_233cd3df76d2455f93405d4e62407b5d/gnocchi.5b4b09bc-b318-4c57-af49-54418dca96df/1769040000.0_mean_300.0_v3" "tx0e6477052e6c4334a7e7d-00697b4b8f" "proxy-server 20" 0.0122 "-" 24 0
Jan 29 11:59:11 standalone proxy-server[129651]: 172.18.0.2 172.18.0.100 29/Jan/2026/11/59/11 PUT /v1/AUTH_233cd3df76d2455f93405d4e62407b5d/gnocchi.5b4b09bc-b318-4c57-af49-54418dca96df/1769040000.0_mean_300.0_v3 HTTP/1.0 201 - python-swiftclient-3.11.1 gAAAAABpe0sU3ETA... 16 - - tx0e6477052e6c4334a7e7d-00697b4b8f - 0.0163 - - 1769687951.038399458 1769687951.054721594 0
Jan 29 11:59:11 standalone container-server[127472]: 172.20.0.100 - - [29/Jan/2026:11:59:11 +0000] "PUT /d1/867/AUTH_233cd3df76d2455f93405d4e62407b5d/gnocchi.5b4b09bc-b318-4c57-af49-54418dca96df/none_v3" 201 - "PUT http://172.18.0.2:8080/d1/172/AUTH_233cd3df76d2455f93405d4e62407b5d/gnocchi.5b4b09bc-b318-4c57-af49-54418dca96df/none_v3" "tx3f775e0c7aee4104a6281-00697b4b8f" "object-server 23" 0.0013 "-" 15 0
Jan 29 11:59:11 standalone object-server[127667]: 172.20.0.100 - - [29/Jan/2026:11:59:11 +0000] "PUT /d1/172/AUTH_233cd3df76d2455f93405d4e62407b5d/gnocchi.5b4b09bc-b318-4c57-af49-54418dca96df/none_v3" 201 - "PUT http://172.18.0.2:8080/v1/AUTH_233cd3df76d2455f93405d4e62407b5d/gnocchi.5b4b09bc-b318-4c57-af49-54418dca96df/none_v3" "tx3f775e0c7aee4104a6281-00697b4b8f" "proxy-server 20" 0.0118 "-" 23 0
Jan 29 11:59:11 standalone proxy-server[129651]: 172.18.0.2 172.18.0.100 29/Jan/2026/11/59/11 PUT /v1/AUTH_233cd3df76d2455f93405d4e62407b5d/gnocchi.5b4b09bc-b318-4c57-af49-54418dca96df/none_v3 HTTP/1.0 201 - python-swiftclient-3.11.1 gAAAAABpe0sU3ETA... 32 - - tx3f775e0c7aee4104a6281-00697b4b8f - 0.0215 - - 1769687951.058427572 1769687951.079896927 0
Jan 29 11:59:11 standalone object-server[127667]: 172.20.0.100 - - [29/Jan/2026:11:59:11 +0000] "GET /d1/940/AUTH_233cd3df76d2455f93405d4e62407b5d/gnocchi.6f1fdc59-4539-4d67-b5e8-720a6b83dbf0/none_v3" 200 22 "GET http://172.18.0.2:8080/v1/AUTH_233cd3df76d2455f93405d4e62407b5d/gnocchi.6f1fdc59-4539-4d67-b5e8-720a6b83dbf0/none_v3" "tx787774f278cb4f8cbddc9-00697b4b8f" "proxy-server 20" 0.0012 "-" 23 0
Jan 29 11:59:11 standalone proxy-server[129651]: 172.18.0.2 172.18.0.100 29/Jan/2026/11/59/11 GET /v1/AUTH_233cd3df76d2455f93405d4e62407b5d/gnocchi.6f1fdc59-4539-4d67-b5e8-720a6b83dbf0/none_v3 HTTP/1.0 200 - python-swiftclient-3.11.1 gAAAAABpe0sU3ETA... - 22 - tx787774f278cb4f8cbddc9-00697b4b8f - 0.0102 - - 1769687951.095928669 1769687951.106083393 0
Jan 29 11:59:11 standalone container-server[127485]: 172.20.0.100 - - [29/Jan/2026:11:59:11 +0000] "GET /d1/931/AUTH_233cd3df76d2455f93405d4e62407b5d/gnocchi.6f1fdc59-4539-4d67-b5e8-720a6b83dbf0" 200 357 "GET http://172.18.0.2:8080/v1/AUTH_233cd3df76d2455f93405d4e62407b5d/gnocchi.6f1fdc59-4539-4d67-b5e8-720a6b83dbf0?format=json&states=listing" "txdbc1b987358b47eaa370d-00697b4b8f" "proxy-server 20" 0.0083 "-" 17 0
Jan 29 11:59:11 standalone proxy-server[129651]: 172.18.0.2 172.18.0.100 29/Jan/2026/11/59/11 GET /v1/AUTH_233cd3df76d2455f93405d4e62407b5d/gnocchi.6f1fdc59-4539-4d67-b5e8-720a6b83dbf0%3Fformat%3Djson%26states%3Dlisting HTTP/1.0 200 - python-swiftclient-3.11.1 gAAAAABpe0sU3ETA... - 357 - txdbc1b987358b47eaa370d-00697b4b8f - 0.0172 - - 1769687951.111385345 1769687951.128620148 0
Jan 29 11:59:11 standalone container-server[127478]: 172.20.0.100 - - [29/Jan/2026:11:59:11 +0000] "GET /d1/931/AUTH_233cd3df76d2455f93405d4e62407b5d/gnocchi.6f1fdc59-4539-4d67-b5e8-720a6b83dbf0" 200 2 "GET http://172.18.0.2:8080/v1/AUTH_233cd3df76d2455f93405d4e62407b5d/gnocchi.6f1fdc59-4539-4d67-b5e8-720a6b83dbf0?format=json&marker=none_v3&states=listing" "tx448aaaf1e1ba46e7880da-00697b4b8f" "proxy-server 20" 0.0036 "-" 16 0
Jan 29 11:59:11 standalone proxy-server[129651]: 172.18.0.2 172.18.0.100 29/Jan/2026/11/59/11 GET /v1/AUTH_233cd3df76d2455f93405d4e62407b5d/gnocchi.6f1fdc59-4539-4d67-b5e8-720a6b83dbf0%3Fformat%3Djson%26marker%3Dnone_v3%26states%3Dlisting HTTP/1.0 200 - python-swiftclient-3.11.1 gAAAAABpe0sU3ETA... - 2 - tx448aaaf1e1ba46e7880da-00697b4b8f - 0.0120 - - 1769687951.132144451 1769687951.144189596 0
Jan 29 11:59:11 standalone object-server[127658]: 172.20.0.100 - - [29/Jan/2026:11:59:11 +0000] "GET /d1/401/AUTH_233cd3df76d2455f93405d4e62407b5d/gnocchi.6f1fdc59-4539-4d67-b5e8-720a6b83dbf0/1769040000.0_mean_300.0_v3" 200 16 "GET http://172.18.0.2:8080/v1/AUTH_233cd3df76d2455f93405d4e62407b5d/gnocchi.6f1fdc59-4539-4d67-b5e8-720a6b83dbf0/1769040000.0_mean_300.0_v3" "tx324789981ccc46bb9adc9-00697b4b8f" "proxy-server 20" 0.0011 "-" 22 0
Jan 29 11:59:11 standalone proxy-server[129651]: 172.18.0.2 172.18.0.100 29/Jan/2026/11/59/11 GET /v1/AUTH_233cd3df76d2455f93405d4e62407b5d/gnocchi.6f1fdc59-4539-4d67-b5e8-720a6b83dbf0/1769040000.0_mean_300.0_v3 HTTP/1.0 200 - python-swiftclient-3.11.1 gAAAAABpe0sU3ETA... - 16 - tx324789981ccc46bb9adc9-00697b4b8f - 0.0142 - - 1769687951.148672581 1769687951.162886381 0
Jan 29 11:59:11 standalone container-server[127485]: 172.20.0.100 - - [29/Jan/2026:11:59:11 +0000] "PUT /d1/931/AUTH_233cd3df76d2455f93405d4e62407b5d/gnocchi.6f1fdc59-4539-4d67-b5e8-720a6b83dbf0/1769040000.0_mean_300.0_v3" 201 - "PUT http://172.18.0.2:8080/d1/401/AUTH_233cd3df76d2455f93405d4e62407b5d/gnocchi.6f1fdc59-4539-4d67-b5e8-720a6b83dbf0/1769040000.0_mean_300.0_v3" "tx29632f533c36404b828b0-00697b4b8f" "object-server 23" 0.0008 "-" 17 0
Jan 29 11:59:11 standalone object-server[127667]: 172.20.0.100 - - [29/Jan/2026:11:59:11 +0000] "PUT /d1/401/AUTH_233cd3df76d2455f93405d4e62407b5d/gnocchi.6f1fdc59-4539-4d67-b5e8-720a6b83dbf0/1769040000.0_mean_300.0_v3" 201 - "PUT http://172.18.0.2:8080/v1/AUTH_233cd3df76d2455f93405d4e62407b5d/gnocchi.6f1fdc59-4539-4d67-b5e8-720a6b83dbf0/1769040000.0_mean_300.0_v3" "tx29632f533c36404b828b0-00697b4b8f" "proxy-server 20" 0.0128 "-" 23 0
Jan 29 11:59:11 standalone proxy-server[129651]: 172.18.0.2 172.18.0.100 29/Jan/2026/11/59/11 PUT /v1/AUTH_233cd3df76d2455f93405d4e62407b5d/gnocchi.6f1fdc59-4539-4d67-b5e8-720a6b83dbf0/1769040000.0_mean_300.0_v3 HTTP/1.0 201 - python-swiftclient-3.11.1 gAAAAABpe0sU3ETA... 16 - - tx29632f533c36404b828b0-00697b4b8f - 0.0208 - - 1769687951.166891098 1769687951.187715769 0
Jan 29 11:59:11 standalone container-server[127478]: 172.20.0.100 - - [29/Jan/2026:11:59:11 +0000] "PUT /d1/931/AUTH_233cd3df76d2455f93405d4e62407b5d/gnocchi.6f1fdc59-4539-4d67-b5e8-720a6b83dbf0/none_v3" 201 - "PUT http://172.18.0.2:8080/d1/940/AUTH_233cd3df76d2455f93405d4e62407b5d/gnocchi.6f1fdc59-4539-4d67-b5e8-720a6b83dbf0/none_v3" "txb560412e0a014486ad097-00697b4b8f" "object-server 24" 0.0007 "-" 16 0
Jan 29 11:59:11 standalone object-server[127673]: 172.20.0.100 - - [29/Jan/2026:11:59:11 +0000] "PUT /d1/940/AUTH_233cd3df76d2455f93405d4e62407b5d/gnocchi.6f1fdc59-4539-4d67-b5e8-720a6b83dbf0/none_v3" 201 - "PUT http://172.18.0.2:8080/v1/AUTH_233cd3df76d2455f93405d4e62407b5d/gnocchi.6f1fdc59-4539-4d67-b5e8-720a6b83dbf0/none_v3" "txb560412e0a014486ad097-00697b4b8f" "proxy-server 20" 0.0118 "-" 24 0
Jan 29 11:59:11 standalone proxy-server[129651]: 172.18.0.2 172.18.0.100 29/Jan/2026/11/59/11 PUT /v1/AUTH_233cd3df76d2455f93405d4e62407b5d/gnocchi.6f1fdc59-4539-4d67-b5e8-720a6b83dbf0/none_v3 HTTP/1.0 201 - python-swiftclient-3.11.1 gAAAAABpe0sU3ETA... 32 - - txb560412e0a014486ad097-00697b4b8f - 0.0193 - - 1769687951.191509962 1769687951.210796595 0
Jan 29 11:59:11 standalone object-server[127667]: 172.20.0.100 - - [29/Jan/2026:11:59:11 +0000] "GET /d1/989/AUTH_233cd3df76d2455f93405d4e62407b5d/gnocchi.80e70678-939c-4e33-8b24-79ebfd3393f4/none_v3" 200 22 "GET http://172.18.0.2:8080/v1/AUTH_233cd3df76d2455f93405d4e62407b5d/gnocchi.80e70678-939c-4e33-8b24-79ebfd3393f4/none_v3" "tx85e2eb989c8246408f92f-00697b4b8f" "proxy-server 20" 0.0011 "-" 23 0
Jan 29 11:59:11 standalone proxy-server[129651]: 172.18.0.2 172.18.0.100 29/Jan/2026/11/59/11 GET /v1/AUTH_233cd3df76d2455f93405d4e62407b5d/gnocchi.80e70678-939c-4e33-8b24-79ebfd3393f4/none_v3 HTTP/1.0 200 - python-swiftclient-3.11.1 gAAAAABpe0sU3ETA... - 22 - tx85e2eb989c8246408f92f-00697b4b8f - 0.0101 - - 1769687951.225927114 1769687951.236048222 0
Jan 29 11:59:11 standalone container-server[127466]: 172.20.0.100 - - [29/Jan/2026:11:59:11 +0000] "GET /d1/651/AUTH_233cd3df76d2455f93405d4e62407b5d/gnocchi.80e70678-939c-4e33-8b24-79ebfd3393f4" 200 357 "GET http://172.18.0.2:8080/v1/AUTH_233cd3df76d2455f93405d4e62407b5d/gnocchi.80e70678-939c-4e33-8b24-79ebfd3393f4?format=json&states=listing" "txa9eddc6e008e414097d2e-00697b4b8f" "proxy-server 20" 0.0108 "-" 14 0
Jan 29 11:59:11 standalone proxy-server[129651]: 172.18.0.2 172.18.0.100 29/Jan/2026/11/59/11 GET /v1/AUTH_233cd3df76d2455f93405d4e62407b5d/gnocchi.80e70678-939c-4e33-8b24-79ebfd3393f4%3Fformat%3Djson%26states%3Dlisting HTTP/1.0 200 - python-swiftclient-3.11.1 gAAAAABpe0sU3ETA... - 357 - txa9eddc6e008e414097d2e-00697b4b8f - 0.0189 - - 1769687951.240516901 1769687951.259455204 0
Jan 29 11:59:11 standalone container-server[127485]: 172.20.0.100 - - [29/Jan/2026:11:59:11 +0000] "GET /d1/651/AUTH_233cd3df76d2455f93405d4e62407b5d/gnocchi.80e70678-939c-4e33-8b24-79ebfd3393f4" 200 2 "GET http://172.18.0.2:8080/v1/AUTH_233cd3df76d2455f93405d4e62407b5d/gnocchi.80e70678-939c-4e33-8b24-79ebfd3393f4?format=json&marker=none_v3&states=listing" "tx5e8f9f7deae74dc6a67bf-00697b4b8f" "proxy-server 20" 0.0059 "-" 17 0
Jan 29 11:59:11 standalone proxy-server[129651]: 172.18.0.2 172.18.0.100 29/Jan/2026/11/59/11 GET /v1/AUTH_233cd3df76d2455f93405d4e62407b5d/gnocchi.80e70678-939c-4e33-8b24-79ebfd3393f4%3Fformat%3Djson%26marker%3Dnone_v3%26states%3Dlisting HTTP/1.0 200 - python-swiftclient-3.11.1 gAAAAABpe0sU3ETA... - 2 - tx5e8f9f7deae74dc6a67bf-00697b4b8f - 0.0176 - - 1769687951.263746023 1769687951.281382084 0
Jan 29 11:59:11 standalone object-server[127681]: 172.20.0.100 - - [29/Jan/2026:11:59:11 +0000] "GET /d1/153/AUTH_233cd3df76d2455f93405d4e62407b5d/gnocchi.80e70678-939c-4e33-8b24-79ebfd3393f4/1769040000.0_mean_300.0_v3" 200 16 "GET http://172.18.0.2:8080/v1/AUTH_233cd3df76d2455f93405d4e62407b5d/gnocchi.80e70678-939c-4e33-8b24-79ebfd3393f4/1769040000.0_mean_300.0_v3" "tx30e99b79bf514dcca968e-00697b4b8f" "proxy-server 20" 0.0014 "-" 25 0
Jan 29 11:59:11 standalone proxy-server[129651]: 172.18.0.2 172.18.0.100 29/Jan/2026/11/59/11 GET /v1/AUTH_233cd3df76d2455f93405d4e62407b5d/gnocchi.80e70678-939c-4e33-8b24-79ebfd3393f4/1769040000.0_mean_300.0_v3 HTTP/1.0 200 - python-swiftclient-3.11.1 gAAAAABpe0sU3ETA... - 16 - tx30e99b79bf514dcca968e-00697b4b8f - 0.0096 - - 1769687951.286562204 1769687951.296117306 0
Jan 29 11:59:11 standalone container-server[127466]: 172.20.0.100 - - [29/Jan/2026:11:59:11 +0000] "PUT /d1/651/AUTH_233cd3df76d2455f93405d4e62407b5d/gnocchi.80e70678-939c-4e33-8b24-79ebfd3393f4/1769040000.0_mean_300.0_v3" 201 - "PUT http://172.18.0.2:8080/d1/153/AUTH_233cd3df76d2455f93405d4e62407b5d/gnocchi.80e70678-939c-4e33-8b24-79ebfd3393f4/1769040000.0_mean_300.0_v3" "tx642e193637a94c97aafab-00697b4b8f" "object-server 22" 0.0010 "-" 14 0
Jan 29 11:59:11 standalone object-server[127658]: 172.20.0.100 - - [29/Jan/2026:11:59:11 +0000] "PUT /d1/153/AUTH_233cd3df76d2455f93405d4e62407b5d/gnocchi.80e70678-939c-4e33-8b24-79ebfd3393f4/1769040000.0_mean_300.0_v3" 201 - "PUT http://172.18.0.2:8080/v1/AUTH_233cd3df76d2455f93405d4e62407b5d/gnocchi.80e70678-939c-4e33-8b24-79ebfd3393f4/1769040000.0_mean_300.0_v3" "tx642e193637a94c97aafab-00697b4b8f" "proxy-server 20" 0.0124 "-" 22 0
Jan 29 11:59:11 standalone proxy-server[129651]: 172.18.0.2 172.18.0.100 29/Jan/2026/11/59/11 PUT /v1/AUTH_233cd3df76d2455f93405d4e62407b5d/gnocchi.80e70678-939c-4e33-8b24-79ebfd3393f4/1769040000.0_mean_300.0_v3 HTTP/1.0 201 - python-swiftclient-3.11.1 gAAAAABpe0sU3ETA... 16 - - tx642e193637a94c97aafab-00697b4b8f - 0.0204 - - 1769687951.300194263 1769687951.320553541 0
Jan 29 11:59:11 standalone container-server[127466]: 172.20.0.100 - - [29/Jan/2026:11:59:11 +0000] "PUT /d1/651/AUTH_233cd3df76d2455f93405d4e62407b5d/gnocchi.80e70678-939c-4e33-8b24-79ebfd3393f4/none_v3" 201 - "PUT http://172.18.0.2:8080/d1/989/AUTH_233cd3df76d2455f93405d4e62407b5d/gnocchi.80e70678-939c-4e33-8b24-79ebfd3393f4/none_v3" "tx09fae7a2dd4a494ab1a70-00697b4b8f" "object-server 23" 0.0009 "-" 14 0
Jan 29 11:59:11 standalone object-server[127667]: 172.20.0.100 - - [29/Jan/2026:11:59:11 +0000] "PUT /d1/989/AUTH_233cd3df76d2455f93405d4e62407b5d/gnocchi.80e70678-939c-4e33-8b24-79ebfd3393f4/none_v3" 201 - "PUT http://172.18.0.2:8080/v1/AUTH_233cd3df76d2455f93405d4e62407b5d/gnocchi.80e70678-939c-4e33-8b24-79ebfd3393f4/none_v3" "tx09fae7a2dd4a494ab1a70-00697b4b8f" "proxy-server 20" 0.0114 "-" 23 0
Jan 29 11:59:11 standalone proxy-server[129651]: 172.18.0.2 172.18.0.100 29/Jan/2026/11/59/11 PUT /v1/AUTH_233cd3df76d2455f93405d4e62407b5d/gnocchi.80e70678-939c-4e33-8b24-79ebfd3393f4/none_v3 HTTP/1.0 201 - python-swiftclient-3.11.1 gAAAAABpe0sU3ETA... 32 - - tx09fae7a2dd4a494ab1a70-00697b4b8f - 0.0198 - - 1769687951.324038506 1769687951.343848705 0
Jan 29 11:59:14 standalone container-server[127466]: 172.20.0.100 - - [29/Jan/2026:11:59:14 +0000] "HEAD /d1/1/AUTH_233cd3df76d2455f93405d4e62407b5d/gnocchi.6f07de0b-dab5-424e-b926-3acca967e3b1" 404 - "HEAD http://172.18.0.2:8080/v1/AUTH_233cd3df76d2455f93405d4e62407b5d/gnocchi.6f07de0b-dab5-424e-b926-3acca967e3b1?format=json&states=listing" "tx15290951446048a6adf97-00697b4b92" "proxy-server 20" 0.0010 "-" 14 0
Jan 29 11:59:14 standalone object-server[127681]: 172.20.0.100 - - [29/Jan/2026:11:59:14 +0000] "GET /d1/973/AUTH_233cd3df76d2455f93405d4e62407b5d/gnocchi.6f07de0b-dab5-424e-b926-3acca967e3b1/none_v3" 404 70 "GET http://172.18.0.2:8080/v1/AUTH_233cd3df76d2455f93405d4e62407b5d/gnocchi.6f07de0b-dab5-424e-b926-3acca967e3b1/none_v3" "tx15290951446048a6adf97-00697b4b92" "proxy-server 20" 0.0005 "-" 25 0
Jan 29 11:59:14 standalone proxy-server[129651]: 172.18.0.2 172.18.0.100 29/Jan/2026/11/59/14 GET /v1/AUTH_233cd3df76d2455f93405d4e62407b5d/gnocchi.6f07de0b-dab5-424e-b926-3acca967e3b1/none_v3 HTTP/1.0 404 - python-swiftclient-3.11.1 gAAAAABpe0sU3ETA... - 70 - tx15290951446048a6adf97-00697b4b92 - 0.0162 - - 1769687954.403834105 1769687954.419988155 0
Jan 29 11:59:14 standalone account-server[127353]: 172.20.0.100 - - [29/Jan/2026:11:59:14 +0000] "PUT /d1/482/AUTH_233cd3df76d2455f93405d4e62407b5d/gnocchi.6f07de0b-dab5-424e-b926-3acca967e3b1" 201 - "PUT http://172.20.0.100:6001/d1/1/AUTH_233cd3df76d2455f93405d4e62407b5d/gnocchi.6f07de0b-dab5-424e-b926-3acca967e3b1" "tx754c8935f1584426a9e9a-00697b4b92" "container-server 15" 0.0067 "-" 20 0
Jan 29 11:59:14 standalone container-server[127472]: 172.20.0.100 - - [29/Jan/2026:11:59:14 +0000] "PUT /d1/1/AUTH_233cd3df76d2455f93405d4e62407b5d/gnocchi.6f07de0b-dab5-424e-b926-3acca967e3b1" 201 - "PUT http://172.18.0.2:8080/v1/AUTH_233cd3df76d2455f93405d4e62407b5d/gnocchi.6f07de0b-dab5-424e-b926-3acca967e3b1" "tx754c8935f1584426a9e9a-00697b4b92" "proxy-server 20" 0.0236 "-" 15 0
Jan 29 11:59:14 standalone proxy-server[129651]: 172.18.0.2 172.18.0.100 29/Jan/2026/11/59/14 PUT /v1/AUTH_233cd3df76d2455f93405d4e62407b5d/gnocchi.6f07de0b-dab5-424e-b926-3acca967e3b1 HTTP/1.0 201 - python-swiftclient-3.11.1 gAAAAABpe0sU3ETA... - - - tx754c8935f1584426a9e9a-00697b4b92 - 0.0332 - - 1769687954.424978018 1769687954.458150148 0
Jan 29 11:59:14 standalone container-server[127466]: 172.20.0.100 - - [29/Jan/2026:11:59:14 +0000] "HEAD /d1/1/AUTH_233cd3df76d2455f93405d4e62407b5d/gnocchi.6f07de0b-dab5-424e-b926-3acca967e3b1" 204 - "HEAD http://172.18.0.2:8080/v1/AUTH_233cd3df76d2455f93405d4e62407b5d/gnocchi.6f07de0b-dab5-424e-b926-3acca967e3b1?format=json&states=listing" "tx2ae506ebd2454f6a93573-00697b4b92" "proxy-server 20" 0.0023 "-" 14 0
Jan 29 11:59:14 standalone proxy-server[129651]: - - 29/Jan/2026/11/59/14 HEAD /v1/AUTH_233cd3df76d2455f93405d4e62407b5d/gnocchi.6f07de0b-dab5-424e-b926-3acca967e3b1%3Fformat%3Djson%26states%3Dlisting HTTP/1.0 204 - Swift - - - - tx2ae506ebd2454f6a93573-00697b4b92 - 0.0091 RL - 1769687954.468924046 1769687954.477979422 0
Jan 29 11:59:14 standalone container-server[127472]: 172.20.0.100 - - [29/Jan/2026:11:59:14 +0000] "GET /d1/1/AUTH_233cd3df76d2455f93405d4e62407b5d/gnocchi.6f07de0b-dab5-424e-b926-3acca967e3b1" 200 2 "GET http://172.18.0.2:8080/v1/AUTH_233cd3df76d2455f93405d4e62407b5d/gnocchi.6f07de0b-dab5-424e-b926-3acca967e3b1?format=json&states=listing" "tx2ae506ebd2454f6a93573-00697b4b92" "proxy-server 20" 0.0046 "-" 15 0
Jan 29 11:59:14 standalone proxy-server[129651]: 172.18.0.2 172.18.0.100 29/Jan/2026/11/59/14 GET /v1/AUTH_233cd3df76d2455f93405d4e62407b5d/gnocchi.6f07de0b-dab5-424e-b926-3acca967e3b1%3Fformat%3Djson%26states%3Dlisting HTTP/1.0 200 - python-swiftclient-3.11.1 gAAAAABpe0sU3ETA... - 2 - tx2ae506ebd2454f6a93573-00697b4b92 - 0.0282 - - 1769687954.464218378 1769687954.492422342 0
Jan 29 11:59:14 standalone object-server[127681]: 172.20.0.100 - - [29/Jan/2026:11:59:14 +0000] "GET /d1/863/AUTH_233cd3df76d2455f93405d4e62407b5d/gnocchi.6f07de0b-dab5-424e-b926-3acca967e3b1/1769040000.0_mean_300.0_v3" 404 70 "GET http://172.18.0.2:8080/v1/AUTH_233cd3df76d2455f93405d4e62407b5d/gnocchi.6f07de0b-dab5-424e-b926-3acca967e3b1/1769040000.0_mean_300.0_v3" "tx01dd6f61fc89426082b0d-00697b4b92" "proxy-server 20" 0.0007 "-" 25 0
Jan 29 11:59:14 standalone proxy-server[129651]: 172.18.0.2 172.18.0.100 29/Jan/2026/11/59/14 GET /v1/AUTH_233cd3df76d2455f93405d4e62407b5d/gnocchi.6f07de0b-dab5-424e-b926-3acca967e3b1/1769040000.0_mean_300.0_v3 HTTP/1.0 404 - python-swiftclient-3.11.1 gAAAAABpe0sU3ETA... - 70 - tx01dd6f61fc89426082b0d-00697b4b92 - 0.0153 - - 1769687954.497916460 1769687954.513188601 0
Jan 29 11:59:14 standalone container-server[127485]: 172.20.0.100 - - [29/Jan/2026:11:59:14 +0000] "PUT /d1/1/AUTH_233cd3df76d2455f93405d4e62407b5d/gnocchi.6f07de0b-dab5-424e-b926-3acca967e3b1/1769040000.0_mean_300.0_v3" 201 - "PUT http://172.18.0.2:8080/d1/863/AUTH_233cd3df76d2455f93405d4e62407b5d/gnocchi.6f07de0b-dab5-424e-b926-3acca967e3b1/1769040000.0_mean_300.0_v3" "tx727f0009bad148969fd63-00697b4b92" "object-server 24" 0.0014 "-" 17 0
Jan 29 11:59:14 standalone object-server[127673]: 172.20.0.100 - - [29/Jan/2026:11:59:14 +0000] "PUT /d1/863/AUTH_233cd3df76d2455f93405d4e62407b5d/gnocchi.6f07de0b-dab5-424e-b926-3acca967e3b1/1769040000.0_mean_300.0_v3" 201 - "PUT http://172.18.0.2:8080/v1/AUTH_233cd3df76d2455f93405d4e62407b5d/gnocchi.6f07de0b-dab5-424e-b926-3acca967e3b1/1769040000.0_mean_300.0_v3" "tx727f0009bad148969fd63-00697b4b92" "proxy-server 20" 0.0198 "-" 24 0
Jan 29 11:59:14 standalone proxy-server[129651]: 172.18.0.2 172.18.0.100 29/Jan/2026/11/59/14 PUT /v1/AUTH_233cd3df76d2455f93405d4e62407b5d/gnocchi.6f07de0b-dab5-424e-b926-3acca967e3b1/1769040000.0_mean_300.0_v3 HTTP/1.0 201 - python-swiftclient-3.11.1 gAAAAABpe0sU3ETA... 16 - - tx727f0009bad148969fd63-00697b4b92 - 0.0305 - - 1769687954.517441511 1769687954.547955036 0
Jan 29 11:59:14 standalone container-server[127466]: 172.20.0.100 - - [29/Jan/2026:11:59:14 +0000] "PUT /d1/1/AUTH_233cd3df76d2455f93405d4e62407b5d/gnocchi.6f07de0b-dab5-424e-b926-3acca967e3b1/none_v3" 201 - "PUT http://172.18.0.2:8080/d1/973/AUTH_233cd3df76d2455f93405d4e62407b5d/gnocchi.6f07de0b-dab5-424e-b926-3acca967e3b1/none_v3" "txeec5511d72eb4fe1b9219-00697b4b92" "object-server 24" 0.0010 "-" 14 0
Jan 29 11:59:14 standalone object-server[127673]: 172.20.0.100 - - [29/Jan/2026:11:59:14 +0000] "PUT /d1/973/AUTH_233cd3df76d2455f93405d4e62407b5d/gnocchi.6f07de0b-dab5-424e-b926-3acca967e3b1/none_v3" 201 - "PUT http://172.18.0.2:8080/v1/AUTH_233cd3df76d2455f93405d4e62407b5d/gnocchi.6f07de0b-dab5-424e-b926-3acca967e3b1/none_v3" "txeec5511d72eb4fe1b9219-00697b4b92" "proxy-server 20" 0.0128 "-" 24 0
Jan 29 11:59:14 standalone proxy-server[129651]: 172.18.0.2 172.18.0.100 29/Jan/2026/11/59/14 PUT /v1/AUTH_233cd3df76d2455f93405d4e62407b5d/gnocchi.6f07de0b-dab5-424e-b926-3acca967e3b1/none_v3 HTTP/1.0 201 - python-swiftclient-3.11.1 gAAAAABpe0sU3ETA... 22 - - txeec5511d72eb4fe1b9219-00697b4b92 - 0.0223 - - 1769687954.552798033 1769687954.575112104 0
Jan 29 11:59:14 standalone object-server[127681]: 172.20.0.100 - - [29/Jan/2026:11:59:14 +0000] "GET /d1/933/AUTH_233cd3df76d2455f93405d4e62407b5d/gnocchi.889aba3a-476d-4093-a9f4-d2f5f62be440/none_v3" 200 33 "GET http://172.18.0.2:8080/v1/AUTH_233cd3df76d2455f93405d4e62407b5d/gnocchi.889aba3a-476d-4093-a9f4-d2f5f62be440/none_v3" "tx73eab836c4fb4ac09ae06-00697b4b92" "proxy-server 20" 0.0011 "-" 25 0
Jan 29 11:59:14 standalone proxy-server[129651]: 172.18.0.2 172.18.0.100 29/Jan/2026/11/59/14 GET /v1/AUTH_233cd3df76d2455f93405d4e62407b5d/gnocchi.889aba3a-476d-4093-a9f4-d2f5f62be440/none_v3 HTTP/1.0 200 - python-swiftclient-3.11.1 gAAAAABpe0sU3ETA... - 33 - tx73eab836c4fb4ac09ae06-00697b4b92 - 0.0099 - - 1769687954.761515856 1769687954.771448374 0
Jan 29 11:59:14 standalone container-server[127478]: 172.20.0.100 - - [29/Jan/2026:11:59:14 +0000] "GET /d1/135/AUTH_233cd3df76d2455f93405d4e62407b5d/gnocchi.889aba3a-476d-4093-a9f4-d2f5f62be440" 200 357 "GET http://172.18.0.2:8080/v1/AUTH_233cd3df76d2455f93405d4e62407b5d/gnocchi.889aba3a-476d-4093-a9f4-d2f5f62be440?format=json&states=listing" "tx3d57beaed4454b52b6ae2-00697b4b92" "proxy-server 20" 0.0085 "-" 16 0
Jan 29 11:59:14 standalone proxy-server[129651]: 172.18.0.2 172.18.0.100 29/Jan/2026/11/59/14 GET /v1/AUTH_233cd3df76d2455f93405d4e62407b5d/gnocchi.889aba3a-476d-4093-a9f4-d2f5f62be440%3Fformat%3Djson%26states%3Dlisting HTTP/1.0 200 - python-swiftclient-3.11.1 gAAAAABpe0sU3ETA... - 357 - tx3d57beaed4454b52b6ae2-00697b4b92 - 0.0187 - - 1769687954.777813435 1769687954.796486378 0
Jan 29 11:59:14 standalone container-server[127478]: 172.20.0.100 - - [29/Jan/2026:11:59:14 +0000] "GET /d1/135/AUTH_233cd3df76d2455f93405d4e62407b5d/gnocchi.889aba3a-476d-4093-a9f4-d2f5f62be440" 200 2 "GET http://172.18.0.2:8080/v1/AUTH_233cd3df76d2455f93405d4e62407b5d/gnocchi.889aba3a-476d-4093-a9f4-d2f5f62be440?format=json&marker=none_v3&states=listing" "tx3b127775c9614240b572b-00697b4b92" "proxy-server 20" 0.0032 "-" 16 0
Jan 29 11:59:14 standalone proxy-server[129651]: 172.18.0.2 172.18.0.100 29/Jan/2026/11/59/14 GET /v1/AUTH_233cd3df76d2455f93405d4e62407b5d/gnocchi.889aba3a-476d-4093-a9f4-d2f5f62be440%3Fformat%3Djson%26marker%3Dnone_v3%26states%3Dlisting HTTP/1.0 200 - python-swiftclient-3.11.1 gAAAAABpe0sU3ETA... - 2 - tx3b127775c9614240b572b-00697b4b92 - 0.0138 - - 1769687954.800977468 1769687954.814797878 0
Jan 29 11:59:14 standalone object-server[127667]: 172.20.0.100 - - [29/Jan/2026:11:59:14 +0000] "GET /d1/881/AUTH_233cd3df76d2455f93405d4e62407b5d/gnocchi.889aba3a-476d-4093-a9f4-d2f5f62be440/1769040000.0_mean_300.0_v3" 200 16 "GET http://172.18.0.2:8080/v1/AUTH_233cd3df76d2455f93405d4e62407b5d/gnocchi.889aba3a-476d-4093-a9f4-d2f5f62be440/1769040000.0_mean_300.0_v3" "tx6f044950aa964a4cbb700-00697b4b92" "proxy-server 20" 0.0012 "-" 23 0
Jan 29 11:59:14 standalone proxy-server[129651]: 172.18.0.2 172.18.0.100 29/Jan/2026/11/59/14 GET /v1/AUTH_233cd3df76d2455f93405d4e62407b5d/gnocchi.889aba3a-476d-4093-a9f4-d2f5f62be440/1769040000.0_mean_300.0_v3 HTTP/1.0 200 - python-swiftclient-3.11.1 gAAAAABpe0sU3ETA... - 16 - tx6f044950aa964a4cbb700-00697b4b92 - 0.0128 - - 1769687954.822408676 1769687954.835177422 0
Jan 29 11:59:14 standalone account-server[127369]: 172.20.0.100 - - [29/Jan/2026:11:59:14 +0000] "HEAD /d1/482/AUTH_233cd3df76d2455f93405d4e62407b5d" 204 - "HEAD http://172.18.0.2:8080/v1/AUTH_233cd3df76d2455f93405d4e62407b5d?format=json" "tx51a1aebea49c42438c6be-00697b4b92" "proxy-server 20" 0.0051 "-" 23 -
Jan 29 11:59:14 standalone proxy-server[129651]: - - 29/Jan/2026/11/59/14 HEAD /v1/AUTH_233cd3df76d2455f93405d4e62407b5d%3Fformat%3Djson HTTP/1.0 204 - Swift - - - - tx51a1aebea49c42438c6be-00697b4b92 - 0.0108 RL - 1769687954.841829538 1769687954.852586269 -
Jan 29 11:59:14 standalone container-server[127472]: 172.20.0.100 - - [29/Jan/2026:11:59:14 +0000] "PUT /d1/135/AUTH_233cd3df76d2455f93405d4e62407b5d/gnocchi.889aba3a-476d-4093-a9f4-d2f5f62be440/1769040000.0_mean_300.0_v3" 201 - "PUT http://172.18.0.2:8080/d1/881/AUTH_233cd3df76d2455f93405d4e62407b5d/gnocchi.889aba3a-476d-4093-a9f4-d2f5f62be440/1769040000.0_mean_300.0_v3" "tx51a1aebea49c42438c6be-00697b4b92" "object-server 24" 0.0006 "-" 15 0
Jan 29 11:59:14 standalone object-server[127673]: 172.20.0.100 - - [29/Jan/2026:11:59:14 +0000] "PUT /d1/881/AUTH_233cd3df76d2455f93405d4e62407b5d/gnocchi.889aba3a-476d-4093-a9f4-d2f5f62be440/1769040000.0_mean_300.0_v3" 201 - "PUT http://172.18.0.2:8080/v1/AUTH_233cd3df76d2455f93405d4e62407b5d/gnocchi.889aba3a-476d-4093-a9f4-d2f5f62be440/1769040000.0_mean_300.0_v3" "tx51a1aebea49c42438c6be-00697b4b92" "proxy-server 20" 0.0113 "-" 24 0
