Jan 29 12:00:30 standalone object-server[127603]: Object update sweep completed: 0.08s
Jan 29 12:00:54 standalone account-server[127356]: 172.20.0.100 - - [29/Jan/2026:12:00:54 +0000] "HEAD /d1/482/AUTH_233cd3df76d2455f93405d4e62407b5d" 204 - "HEAD http://172.18.0.2:8080/v1/AUTH_233cd3df76d2455f93405d4e62407b5d?format=json" "tx65f61a06ff4a433eab757-00697b4bf6" "proxy-server 20" 0.0073 "-" 21 -
Jan 29 12:00:54 standalone proxy-server[129651]: - - 29/Jan/2026/12/00/54 HEAD /v1/AUTH_233cd3df76d2455f93405d4e62407b5d%3Fformat%3Djson HTTP/1.0 204 - Swift - - - - tx65f61a06ff4a433eab757-00697b4bf6 - 0.0140 RL - 1769688054.163102865 1769688054.177102089 -
Jan 29 12:00:54 standalone container-server[127485]: 172.20.0.100 - - [29/Jan/2026:12:00:54 +0000] "HEAD /d1/254/AUTH_233cd3df76d2455f93405d4e62407b5d/gnocchi.0058e747-2289-483b-844d-82814026e4c2" 204 - "HEAD http://172.18.0.2:8080/v1/AUTH_233cd3df76d2455f93405d4e62407b5d/gnocchi.0058e747-2289-483b-844d-82814026e4c2?format=json&states=listing" "tx65f61a06ff4a433eab757-00697b4bf6" "proxy-server 20" 0.0085 "-" 17 0
Jan 29 12:00:54 standalone object-server[127673]: 172.20.0.100 - - [29/Jan/2026:12:00:54 +0000] "GET /d1/863/AUTH_233cd3df76d2455f93405d4e62407b5d/gnocchi.0058e747-2289-483b-844d-82814026e4c2/none_v3" 200 22 "GET http://172.18.0.2:8080/v1/AUTH_233cd3df76d2455f93405d4e62407b5d/gnocchi.0058e747-2289-483b-844d-82814026e4c2/none_v3" "tx65f61a06ff4a433eab757-00697b4bf6" "proxy-server 20" 0.0016 "-" 24 0
Jan 29 12:00:54 standalone proxy-server[129651]: 172.18.0.2 172.18.0.100 29/Jan/2026/12/00/54 GET /v1/AUTH_233cd3df76d2455f93405d4e62407b5d/gnocchi.0058e747-2289-483b-844d-82814026e4c2/none_v3 HTTP/1.0 200 - python-swiftclient-3.11.1 gAAAAABpe0sU3ETA... - 22 - tx65f61a06ff4a433eab757-00697b4bf6 - 0.0455 - - 1769688054.161893129 1769688054.207352161 0
Jan 29 12:00:54 standalone container-server[127472]: 172.20.0.100 - - [29/Jan/2026:12:00:54 +0000] "GET /d1/254/AUTH_233cd3df76d2455f93405d4e62407b5d/gnocchi.0058e747-2289-483b-844d-82814026e4c2" 200 357 "GET http://172.18.0.2:8080/v1/AUTH_233cd3df76d2455f93405d4e62407b5d/gnocchi.0058e747-2289-483b-844d-82814026e4c2?format=json&states=listing" "txd7691906ed724dff920d3-00697b4bf6" "proxy-server 20" 0.0039 "-" 15 0
Jan 29 12:00:54 standalone proxy-server[129651]: 172.18.0.2 172.18.0.100 29/Jan/2026/12/00/54 GET /v1/AUTH_233cd3df76d2455f93405d4e62407b5d/gnocchi.0058e747-2289-483b-844d-82814026e4c2%3Fformat%3Djson%26states%3Dlisting HTTP/1.0 200 - python-swiftclient-3.11.1 gAAAAABpe0sU3ETA... - 357 - txd7691906ed724dff920d3-00697b4bf6 - 0.0141 - - 1769688054.213214159 1769688054.227339029 0
Jan 29 12:00:54 standalone container-server[127478]: 172.20.0.100 - - [29/Jan/2026:12:00:54 +0000] "GET /d1/254/AUTH_233cd3df76d2455f93405d4e62407b5d/gnocchi.0058e747-2289-483b-844d-82814026e4c2" 200 2 "GET http://172.18.0.2:8080/v1/AUTH_233cd3df76d2455f93405d4e62407b5d/gnocchi.0058e747-2289-483b-844d-82814026e4c2?format=json&marker=none_v3&states=listing" "tx4dc329f506684e45bec97-00697b4bf6" "proxy-server 20" 0.0040 "-" 16 0
Jan 29 12:00:54 standalone proxy-server[129651]: 172.18.0.2 172.18.0.100 29/Jan/2026/12/00/54 GET /v1/AUTH_233cd3df76d2455f93405d4e62407b5d/gnocchi.0058e747-2289-483b-844d-82814026e4c2%3Fformat%3Djson%26marker%3Dnone_v3%26states%3Dlisting HTTP/1.0 200 - python-swiftclient-3.11.1 gAAAAABpe0sU3ETA... - 2 - tx4dc329f506684e45bec97-00697b4bf6 - 0.0138 - - 1769688054.231659412 1769688054.245429516 0
Jan 29 12:00:54 standalone object-server[127681]: 172.20.0.100 - - [29/Jan/2026:12:00:54 +0000] "GET /d1/574/AUTH_233cd3df76d2455f93405d4e62407b5d/gnocchi.0058e747-2289-483b-844d-82814026e4c2/1769040000.0_mean_300.0_v3" 200 16 "GET http://172.18.0.2:8080/v1/AUTH_233cd3df76d2455f93405d4e62407b5d/gnocchi.0058e747-2289-483b-844d-82814026e4c2/1769040000.0_mean_300.0_v3" "txd7bb90430a82430abd410-00697b4bf6" "proxy-server 20" 0.0012 "-" 25 0
Jan 29 12:00:54 standalone proxy-server[129651]: 172.18.0.2 172.18.0.100 29/Jan/2026/12/00/54 GET /v1/AUTH_233cd3df76d2455f93405d4e62407b5d/gnocchi.0058e747-2289-483b-844d-82814026e4c2/1769040000.0_mean_300.0_v3 HTTP/1.0 200 - python-swiftclient-3.11.1 gAAAAABpe0sU3ETA... - 16 - txd7bb90430a82430abd410-00697b4bf6 - 0.0098 - - 1769688054.250788450 1769688054.260548353 0
Jan 29 12:00:54 standalone container-server[127478]: 172.20.0.100 - - [29/Jan/2026:12:00:54 +0000] "PUT /d1/254/AUTH_233cd3df76d2455f93405d4e62407b5d/gnocchi.0058e747-2289-483b-844d-82814026e4c2/1769040000.0_mean_300.0_v3" 201 - "PUT http://172.18.0.2:8080/d1/574/AUTH_233cd3df76d2455f93405d4e62407b5d/gnocchi.0058e747-2289-483b-844d-82814026e4c2/1769040000.0_mean_300.0_v3" "tx0c9ff96a1e994d6bb2cfd-00697b4bf6" "object-server 22" 0.0010 "-" 16 0
Jan 29 12:00:54 standalone object-server[127658]: 172.20.0.100 - - [29/Jan/2026:12:00:54 +0000] "PUT /d1/574/AUTH_233cd3df76d2455f93405d4e62407b5d/gnocchi.0058e747-2289-483b-844d-82814026e4c2/1769040000.0_mean_300.0_v3" 201 - "PUT http://172.18.0.2:8080/v1/AUTH_233cd3df76d2455f93405d4e62407b5d/gnocchi.0058e747-2289-483b-844d-82814026e4c2/1769040000.0_mean_300.0_v3" "tx0c9ff96a1e994d6bb2cfd-00697b4bf6" "proxy-server 20" 0.0113 "-" 22 0
Jan 29 12:00:54 standalone proxy-server[129651]: 172.18.0.2 172.18.0.100 29/Jan/2026/12/00/54 PUT /v1/AUTH_233cd3df76d2455f93405d4e62407b5d/gnocchi.0058e747-2289-483b-844d-82814026e4c2/1769040000.0_mean_300.0_v3 HTTP/1.0 201 - python-swiftclient-3.11.1 gAAAAABpe0sU3ETA... 23 - - tx0c9ff96a1e994d6bb2cfd-00697b4bf6 - 0.0191 - - 1769688054.264842749 1769688054.283959389 0
Jan 29 12:00:54 standalone container-server[127485]: 172.20.0.100 - - [29/Jan/2026:12:00:54 +0000] "PUT /d1/254/AUTH_233cd3df76d2455f93405d4e62407b5d/gnocchi.0058e747-2289-483b-844d-82814026e4c2/none_v3" 201 - "PUT http://172.18.0.2:8080/d1/863/AUTH_233cd3df76d2455f93405d4e62407b5d/gnocchi.0058e747-2289-483b-844d-82814026e4c2/none_v3" "tx174f56fa13cf48caa1e64-00697b4bf6" "object-server 23" 0.0008 "-" 17 0
Jan 29 12:00:54 standalone object-server[127667]: 172.20.0.100 - - [29/Jan/2026:12:00:54 +0000] "PUT /d1/863/AUTH_233cd3df76d2455f93405d4e62407b5d/gnocchi.0058e747-2289-483b-844d-82814026e4c2/none_v3" 201 - "PUT http://172.18.0.2:8080/v1/AUTH_233cd3df76d2455f93405d4e62407b5d/gnocchi.0058e747-2289-483b-844d-82814026e4c2/none_v3" "tx174f56fa13cf48caa1e64-00697b4bf6" "proxy-server 20" 0.0124 "-" 23 0
Jan 29 12:00:54 standalone proxy-server[129651]: 172.18.0.2 172.18.0.100 29/Jan/2026/12/00/54 PUT /v1/AUTH_233cd3df76d2455f93405d4e62407b5d/gnocchi.0058e747-2289-483b-844d-82814026e4c2/none_v3 HTTP/1.0 201 - python-swiftclient-3.11.1 gAAAAABpe0sU3ETA... 22 - - tx174f56fa13cf48caa1e64-00697b4bf6 - 0.0207 - - 1769688054.288111448 1769688054.308806896 0
Jan 29 12:00:54 standalone container-server[127485]: 172.20.0.100 - - [29/Jan/2026:12:00:54 +0000] "HEAD /d1/100/AUTH_233cd3df76d2455f93405d4e62407b5d/gnocchi.0b9f8395-8b91-44f7-85f5-f8fa5a0d50c5" 204 - "HEAD http://172.18.0.2:8080/v1/AUTH_233cd3df76d2455f93405d4e62407b5d/gnocchi.0b9f8395-8b91-44f7-85f5-f8fa5a0d50c5?format=json&states=listing" "tx2f753ce0b08f4bb4a55d8-00697b4bf6" "proxy-server 20" 0.0073 "-" 17 0
Jan 29 12:00:54 standalone object-server[127667]: 172.20.0.100 - - [29/Jan/2026:12:00:54 +0000] "GET /d1/840/AUTH_233cd3df76d2455f93405d4e62407b5d/gnocchi.0b9f8395-8b91-44f7-85f5-f8fa5a0d50c5/none_v3" 200 22 "GET http://172.18.0.2:8080/v1/AUTH_233cd3df76d2455f93405d4e62407b5d/gnocchi.0b9f8395-8b91-44f7-85f5-f8fa5a0d50c5/none_v3" "tx2f753ce0b08f4bb4a55d8-00697b4bf6" "proxy-server 20" 0.0011 "-" 23 0
Jan 29 12:00:54 standalone proxy-server[129651]: 172.18.0.2 172.18.0.100 29/Jan/2026/12/00/54 GET /v1/AUTH_233cd3df76d2455f93405d4e62407b5d/gnocchi.0b9f8395-8b91-44f7-85f5-f8fa5a0d50c5/none_v3 HTTP/1.0 200 - python-swiftclient-3.11.1 gAAAAABpe0sU3ETA... - 22 - tx2f753ce0b08f4bb4a55d8-00697b4bf6 - 0.0221 - - 1769688054.321632862 1769688054.343756914 0
Jan 29 12:00:54 standalone container-server[127472]: 172.20.0.100 - - [29/Jan/2026:12:00:54 +0000] "GET /d1/100/AUTH_233cd3df76d2455f93405d4e62407b5d/gnocchi.0b9f8395-8b91-44f7-85f5-f8fa5a0d50c5" 200 357 "GET http://172.18.0.2:8080/v1/AUTH_233cd3df76d2455f93405d4e62407b5d/gnocchi.0b9f8395-8b91-44f7-85f5-f8fa5a0d50c5?format=json&states=listing" "tx0918789d842441a5a2537-00697b4bf6" "proxy-server 20" 0.0044 "-" 15 0
Jan 29 12:00:54 standalone proxy-server[129651]: 172.18.0.2 172.18.0.100 29/Jan/2026/12/00/54 GET /v1/AUTH_233cd3df76d2455f93405d4e62407b5d/gnocchi.0b9f8395-8b91-44f7-85f5-f8fa5a0d50c5%3Fformat%3Djson%26states%3Dlisting HTTP/1.0 200 - python-swiftclient-3.11.1 gAAAAABpe0sU3ETA... - 357 - tx0918789d842441a5a2537-00697b4bf6 - 0.0144 - - 1769688054.348395586 1769688054.362837076 0
Jan 29 12:00:54 standalone container-server[127466]: 172.20.0.100 - - [29/Jan/2026:12:00:54 +0000] "GET /d1/100/AUTH_233cd3df76d2455f93405d4e62407b5d/gnocchi.0b9f8395-8b91-44f7-85f5-f8fa5a0d50c5" 200 2 "GET http://172.18.0.2:8080/v1/AUTH_233cd3df76d2455f93405d4e62407b5d/gnocchi.0b9f8395-8b91-44f7-85f5-f8fa5a0d50c5?format=json&marker=none_v3&states=listing" "tx65db8c9deede4b0d9ff63-00697b4bf6" "proxy-server 20" 0.0041 "-" 14 0
Jan 29 12:00:54 standalone proxy-server[129651]: 172.18.0.2 172.18.0.100 29/Jan/2026/12/00/54 GET /v1/AUTH_233cd3df76d2455f93405d4e62407b5d/gnocchi.0b9f8395-8b91-44f7-85f5-f8fa5a0d50c5%3Fformat%3Djson%26marker%3Dnone_v3%26states%3Dlisting HTTP/1.0 200 - python-swiftclient-3.11.1 gAAAAABpe0sU3ETA... - 2 - tx65db8c9deede4b0d9ff63-00697b4bf6 - 0.0138 - - 1769688054.367047071 1769688054.380838871 0
Jan 29 12:00:54 standalone object-server[127681]: 172.20.0.100 - - [29/Jan/2026:12:00:54 +0000] "GET /d1/27/AUTH_233cd3df76d2455f93405d4e62407b5d/gnocchi.0b9f8395-8b91-44f7-85f5-f8fa5a0d50c5/1769040000.0_mean_300.0_v3" 200 16 "GET http://172.18.0.2:8080/v1/AUTH_233cd3df76d2455f93405d4e62407b5d/gnocchi.0b9f8395-8b91-44f7-85f5-f8fa5a0d50c5/1769040000.0_mean_300.0_v3" "txd7fd7390cbae465db4c37-00697b4bf6" "proxy-server 20" 0.0011 "-" 25 0
Jan 29 12:00:54 standalone proxy-server[129651]: 172.18.0.2 172.18.0.100 29/Jan/2026/12/00/54 GET /v1/AUTH_233cd3df76d2455f93405d4e62407b5d/gnocchi.0b9f8395-8b91-44f7-85f5-f8fa5a0d50c5/1769040000.0_mean_300.0_v3 HTTP/1.0 200 - python-swiftclient-3.11.1 gAAAAABpe0sU3ETA... - 16 - txd7fd7390cbae465db4c37-00697b4bf6 - 0.0105 - - 1769688054.386274338 1769688054.396789551 0
Jan 29 12:00:54 standalone container-server[127478]: 172.20.0.100 - - [29/Jan/2026:12:00:54 +0000] "PUT /d1/100/AUTH_233cd3df76d2455f93405d4e62407b5d/gnocchi.0b9f8395-8b91-44f7-85f5-f8fa5a0d50c5/1769040000.0_mean_300.0_v3" 201 - "PUT http://172.18.0.2:8080/d1/27/AUTH_233cd3df76d2455f93405d4e62407b5d/gnocchi.0b9f8395-8b91-44f7-85f5-f8fa5a0d50c5/1769040000.0_mean_300.0_v3" "txd4f58e258fb849b28990c-00697b4bf6" "object-server 25" 0.0009 "-" 16 0
Jan 29 12:00:54 standalone object-server[127681]: 172.20.0.100 - - [29/Jan/2026:12:00:54 +0000] "PUT /d1/27/AUTH_233cd3df76d2455f93405d4e62407b5d/gnocchi.0b9f8395-8b91-44f7-85f5-f8fa5a0d50c5/1769040000.0_mean_300.0_v3" 201 - "PUT http://172.18.0.2:8080/v1/AUTH_233cd3df76d2455f93405d4e62407b5d/gnocchi.0b9f8395-8b91-44f7-85f5-f8fa5a0d50c5/1769040000.0_mean_300.0_v3" "txd4f58e258fb849b28990c-00697b4bf6" "proxy-server 20" 0.0119 "-" 25 0
Jan 29 12:00:54 standalone proxy-server[129651]: 172.18.0.2 172.18.0.100 29/Jan/2026/12/00/54 PUT /v1/AUTH_233cd3df76d2455f93405d4e62407b5d/gnocchi.0b9f8395-8b91-44f7-85f5-f8fa5a0d50c5/1769040000.0_mean_300.0_v3 HTTP/1.0 201 - python-swiftclient-3.11.1 gAAAAABpe0sU3ETA... 23 - - txd4f58e258fb849b28990c-00697b4bf6 - 0.0204 - - 1769688054.401340723 1769688054.421693087 0
Jan 29 12:00:54 standalone container-server[127472]: 172.20.0.100 - - [29/Jan/2026:12:00:54 +0000] "PUT /d1/100/AUTH_233cd3df76d2455f93405d4e62407b5d/gnocchi.0b9f8395-8b91-44f7-85f5-f8fa5a0d50c5/none_v3" 201 - "PUT http://172.18.0.2:8080/d1/840/AUTH_233cd3df76d2455f93405d4e62407b5d/gnocchi.0b9f8395-8b91-44f7-85f5-f8fa5a0d50c5/none_v3" "tx58eedd84d22e454fa026b-00697b4bf6" "object-server 24" 0.0008 "-" 15 0
Jan 29 12:00:54 standalone object-server[127673]: 172.20.0.100 - - [29/Jan/2026:12:00:54 +0000] "PUT /d1/840/AUTH_233cd3df76d2455f93405d4e62407b5d/gnocchi.0b9f8395-8b91-44f7-85f5-f8fa5a0d50c5/none_v3" 201 - "PUT http://172.18.0.2:8080/v1/AUTH_233cd3df76d2455f93405d4e62407b5d/gnocchi.0b9f8395-8b91-44f7-85f5-f8fa5a0d50c5/none_v3" "tx58eedd84d22e454fa026b-00697b4bf6" "proxy-server 20" 0.0120 "-" 24 0
Jan 29 12:00:54 standalone proxy-server[129651]: 172.18.0.2 172.18.0.100 29/Jan/2026/12/00/54 PUT /v1/AUTH_233cd3df76d2455f93405d4e62407b5d/gnocchi.0b9f8395-8b91-44f7-85f5-f8fa5a0d50c5/none_v3 HTTP/1.0 201 - python-swiftclient-3.11.1 gAAAAABpe0sU3ETA... 22 - - tx58eedd84d22e454fa026b-00697b4bf6 - 0.0208 - - 1769688054.425857782 1769688054.446622372 0
Jan 29 12:00:54 standalone container-server[127472]: 172.20.0.100 - - [29/Jan/2026:12:00:54 +0000] "HEAD /d1/867/AUTH_233cd3df76d2455f93405d4e62407b5d/gnocchi.5b4b09bc-b318-4c57-af49-54418dca96df" 204 - "HEAD http://172.18.0.2:8080/v1/AUTH_233cd3df76d2455f93405d4e62407b5d/gnocchi.5b4b09bc-b318-4c57-af49-54418dca96df?format=json&states=listing" "tx98813bc592a14c9a9d886-00697b4bf6" "proxy-server 20" 0.0073 "-" 15 0
Jan 29 12:00:54 standalone object-server[127681]: 172.20.0.100 - - [29/Jan/2026:12:00:54 +0000] "GET /d1/172/AUTH_233cd3df76d2455f93405d4e62407b5d/gnocchi.5b4b09bc-b318-4c57-af49-54418dca96df/none_v3" 200 32 "GET http://172.18.0.2:8080/v1/AUTH_233cd3df76d2455f93405d4e62407b5d/gnocchi.5b4b09bc-b318-4c57-af49-54418dca96df/none_v3" "tx98813bc592a14c9a9d886-00697b4bf6" "proxy-server 20" 0.0008 "-" 25 0
Jan 29 12:00:54 standalone proxy-server[129651]: 172.18.0.2 172.18.0.100 29/Jan/2026/12/00/54 GET /v1/AUTH_233cd3df76d2455f93405d4e62407b5d/gnocchi.5b4b09bc-b318-4c57-af49-54418dca96df/none_v3 HTTP/1.0 200 - python-swiftclient-3.11.1 gAAAAABpe0sU3ETA... - 32 - tx98813bc592a14c9a9d886-00697b4bf6 - 0.0234 - - 1769688054.461670637 1769688054.485046387 0
Jan 29 12:00:54 standalone container-server[127472]: 172.20.0.100 - - [29/Jan/2026:12:00:54 +0000] "GET /d1/867/AUTH_233cd3df76d2455f93405d4e62407b5d/gnocchi.5b4b09bc-b318-4c57-af49-54418dca96df" 200 357 "GET http://172.18.0.2:8080/v1/AUTH_233cd3df76d2455f93405d4e62407b5d/gnocchi.5b4b09bc-b318-4c57-af49-54418dca96df?format=json&states=listing" "tx85626ee5d5b04c85a43e7-00697b4bf6" "proxy-server 20" 0.0044 "-" 15 0
Jan 29 12:00:54 standalone proxy-server[129651]: 172.18.0.2 172.18.0.100 29/Jan/2026/12/00/54 GET /v1/AUTH_233cd3df76d2455f93405d4e62407b5d/gnocchi.5b4b09bc-b318-4c57-af49-54418dca96df%3Fformat%3Djson%26states%3Dlisting HTTP/1.0 200 - python-swiftclient-3.11.1 gAAAAABpe0sU3ETA... - 357 - tx85626ee5d5b04c85a43e7-00697b4bf6 - 0.0155 - - 1769688054.489246607 1769688054.504748583 0
Jan 29 12:00:54 standalone container-server[127485]: 172.20.0.100 - - [29/Jan/2026:12:00:54 +0000] "GET /d1/867/AUTH_233cd3df76d2455f93405d4e62407b5d/gnocchi.5b4b09bc-b318-4c57-af49-54418dca96df" 200 2 "GET http://172.18.0.2:8080/v1/AUTH_233cd3df76d2455f93405d4e62407b5d/gnocchi.5b4b09bc-b318-4c57-af49-54418dca96df?format=json&marker=none_v3&states=listing" "txd69b60497bea4f9ebee44-00697b4bf6" "proxy-server 20" 0.0025 "-" 17 0
Jan 29 12:00:54 standalone proxy-server[129651]: 172.18.0.2 172.18.0.100 29/Jan/2026/12/00/54 GET /v1/AUTH_233cd3df76d2455f93405d4e62407b5d/gnocchi.5b4b09bc-b318-4c57-af49-54418dca96df%3Fformat%3Djson%26marker%3Dnone_v3%26states%3Dlisting HTTP/1.0 200 - python-swiftclient-3.11.1 gAAAAABpe0sU3ETA... - 2 - txd69b60497bea4f9ebee44-00697b4bf6 - 0.0123 - - 1769688054.507960796 1769688054.520278692 0
Jan 29 12:00:54 standalone object-server[127673]: 172.20.0.100 - - [29/Jan/2026:12:00:54 +0000] "GET /d1/29/AUTH_233cd3df76d2455f93405d4e62407b5d/gnocchi.5b4b09bc-b318-4c57-af49-54418dca96df/1769040000.0_mean_300.0_v3" 200 16 "GET http://172.18.0.2:8080/v1/AUTH_233cd3df76d2455f93405d4e62407b5d/gnocchi.5b4b09bc-b318-4c57-af49-54418dca96df/1769040000.0_mean_300.0_v3" "tx5c2838aebd8e4f19b7b19-00697b4bf6" "proxy-server 20" 0.0016 "-" 24 0
Jan 29 12:00:54 standalone proxy-server[129651]: 172.18.0.2 172.18.0.100 29/Jan/2026/12/00/54 GET /v1/AUTH_233cd3df76d2455f93405d4e62407b5d/gnocchi.5b4b09bc-b318-4c57-af49-54418dca96df/1769040000.0_mean_300.0_v3 HTTP/1.0 200 - python-swiftclient-3.11.1 gAAAAABpe0sU3ETA... - 16 - tx5c2838aebd8e4f19b7b19-00697b4bf6 - 0.0166 - - 1769688054.526380301 1769688054.543015242 0
Jan 29 12:00:54 standalone container-server[127466]: 172.20.0.100 - - [29/Jan/2026:12:00:54 +0000] "PUT /d1/867/AUTH_233cd3df76d2455f93405d4e62407b5d/gnocchi.5b4b09bc-b318-4c57-af49-54418dca96df/1769040000.0_mean_300.0_v3" 201 - "PUT http://172.18.0.2:8080/d1/29/AUTH_233cd3df76d2455f93405d4e62407b5d/gnocchi.5b4b09bc-b318-4c57-af49-54418dca96df/1769040000.0_mean_300.0_v3" "txa2d335e69c9d4796b880d-00697b4bf6" "object-server 23" 0.0008 "-" 14 0
Jan 29 12:00:54 standalone object-server[127667]: 172.20.0.100 - - [29/Jan/2026:12:00:54 +0000] "PUT /d1/29/AUTH_233cd3df76d2455f93405d4e62407b5d/gnocchi.5b4b09bc-b318-4c57-af49-54418dca96df/1769040000.0_mean_300.0_v3" 201 - "PUT http://172.18.0.2:8080/v1/AUTH_233cd3df76d2455f93405d4e62407b5d/gnocchi.5b4b09bc-b318-4c57-af49-54418dca96df/1769040000.0_mean_300.0_v3" "txa2d335e69c9d4796b880d-00697b4bf6" "proxy-server 20" 0.0128 "-" 23 0
Jan 29 12:00:54 standalone proxy-server[129651]: 172.18.0.2 172.18.0.100 29/Jan/2026/12/00/54 PUT /v1/AUTH_233cd3df76d2455f93405d4e62407b5d/gnocchi.5b4b09bc-b318-4c57-af49-54418dca96df/1769040000.0_mean_300.0_v3 HTTP/1.0 201 - python-swiftclient-3.11.1 gAAAAABpe0sU3ETA... 23 - - txa2d335e69c9d4796b880d-00697b4bf6 - 0.0222 - - 1769688054.548534155 1769688054.570744991 0
Jan 29 12:00:54 standalone container-server[127478]: 172.20.0.100 - - [29/Jan/2026:12:00:54 +0000] "PUT /d1/867/AUTH_233cd3df76d2455f93405d4e62407b5d/gnocchi.5b4b09bc-b318-4c57-af49-54418dca96df/none_v3" 201 - "PUT http://172.18.0.2:8080/d1/172/AUTH_233cd3df76d2455f93405d4e62407b5d/gnocchi.5b4b09bc-b318-4c57-af49-54418dca96df/none_v3" "tx5d53607144104bf18e6cc-00697b4bf6" "object-server 22" 0.0008 "-" 16 0
Jan 29 12:00:54 standalone object-server[127658]: 172.20.0.100 - - [29/Jan/2026:12:00:54 +0000] "PUT /d1/172/AUTH_233cd3df76d2455f93405d4e62407b5d/gnocchi.5b4b09bc-b318-4c57-af49-54418dca96df/none_v3" 201 - "PUT http://172.18.0.2:8080/v1/AUTH_233cd3df76d2455f93405d4e62407b5d/gnocchi.5b4b09bc-b318-4c57-af49-54418dca96df/none_v3" "tx5d53607144104bf18e6cc-00697b4bf6" "proxy-server 20" 0.0105 "-" 22 0
Jan 29 12:00:54 standalone proxy-server[129651]: 172.18.0.2 172.18.0.100 29/Jan/2026/12/00/54 PUT /v1/AUTH_233cd3df76d2455f93405d4e62407b5d/gnocchi.5b4b09bc-b318-4c57-af49-54418dca96df/none_v3 HTTP/1.0 201 - python-swiftclient-3.11.1 gAAAAABpe0sU3ETA... 22 - - tx5d53607144104bf18e6cc-00697b4bf6 - 0.0165 - - 1769688054.575220585 1769688054.591745853 0
Jan 29 12:00:54 standalone container-server[127485]: 172.20.0.100 - - [29/Jan/2026:12:00:54 +0000] "HEAD /d1/931/AUTH_233cd3df76d2455f93405d4e62407b5d/gnocchi.6f1fdc59-4539-4d67-b5e8-720a6b83dbf0" 204 - "HEAD http://172.18.0.2:8080/v1/AUTH_233cd3df76d2455f93405d4e62407b5d/gnocchi.6f1fdc59-4539-4d67-b5e8-720a6b83dbf0?format=json&states=listing" "tx597c7ff681cb4f80aefa3-00697b4bf6" "proxy-server 20" 0.0078 "-" 17 0
Jan 29 12:00:54 standalone object-server[127658]: 172.20.0.100 - - [29/Jan/2026:12:00:54 +0000] "GET /d1/940/AUTH_233cd3df76d2455f93405d4e62407b5d/gnocchi.6f1fdc59-4539-4d67-b5e8-720a6b83dbf0/none_v3" 200 32 "GET http://172.18.0.2:8080/v1/AUTH_233cd3df76d2455f93405d4e62407b5d/gnocchi.6f1fdc59-4539-4d67-b5e8-720a6b83dbf0/none_v3" "tx597c7ff681cb4f80aefa3-00697b4bf6" "proxy-server 20" 0.0008 "-" 22 0
Jan 29 12:00:54 standalone proxy-server[129651]: 172.18.0.2 172.18.0.100 29/Jan/2026/12/00/54 GET /v1/AUTH_233cd3df76d2455f93405d4e62407b5d/gnocchi.6f1fdc59-4539-4d67-b5e8-720a6b83dbf0/none_v3 HTTP/1.0 200 - python-swiftclient-3.11.1 gAAAAABpe0sU3ETA... - 32 - tx597c7ff681cb4f80aefa3-00697b4bf6 - 0.0210 - - 1769688054.608119488 1769688054.629080772 0
Jan 29 12:00:54 standalone container-server[127472]: 172.20.0.100 - - [29/Jan/2026:12:00:54 +0000] "GET /d1/931/AUTH_233cd3df76d2455f93405d4e62407b5d/gnocchi.6f1fdc59-4539-4d67-b5e8-720a6b83dbf0" 200 357 "GET http://172.18.0.2:8080/v1/AUTH_233cd3df76d2455f93405d4e62407b5d/gnocchi.6f1fdc59-4539-4d67-b5e8-720a6b83dbf0?format=json&states=listing" "tx6810a09e571944c8b0451-00697b4bf6" "proxy-server 20" 0.0039 "-" 15 0
Jan 29 12:00:54 standalone proxy-server[129651]: 172.18.0.2 172.18.0.100 29/Jan/2026/12/00/54 GET /v1/AUTH_233cd3df76d2455f93405d4e62407b5d/gnocchi.6f1fdc59-4539-4d67-b5e8-720a6b83dbf0%3Fformat%3Djson%26states%3Dlisting HTTP/1.0 200 - python-swiftclient-3.11.1 gAAAAABpe0sU3ETA... - 357 - tx6810a09e571944c8b0451-00697b4bf6 - 0.0137 - - 1769688054.634037495 1769688054.647757530 0
Jan 29 12:00:54 standalone container-server[127466]: 172.20.0.100 - - [29/Jan/2026:12:00:54 +0000] "GET /d1/931/AUTH_233cd3df76d2455f93405d4e62407b5d/gnocchi.6f1fdc59-4539-4d67-b5e8-720a6b83dbf0" 200 2 "GET http://172.18.0.2:8080/v1/AUTH_233cd3df76d2455f93405d4e62407b5d/gnocchi.6f1fdc59-4539-4d67-b5e8-720a6b83dbf0?format=json&marker=none_v3&states=listing" "txf9d64cfabac649e1811b8-00697b4bf6" "proxy-server 20" 0.0040 "-" 14 0
Jan 29 12:00:54 standalone proxy-server[129651]: 172.18.0.2 172.18.0.100 29/Jan/2026/12/00/54 GET /v1/AUTH_233cd3df76d2455f93405d4e62407b5d/gnocchi.6f1fdc59-4539-4d67-b5e8-720a6b83dbf0%3Fformat%3Djson%26marker%3Dnone_v3%26states%3Dlisting HTTP/1.0 200 - python-swiftclient-3.11.1 gAAAAABpe0sU3ETA... - 2 - txf9d64cfabac649e1811b8-00697b4bf6 - 0.0133 - - 1769688054.652186155 1769688054.665511847 0
Jan 29 12:00:54 standalone object-server[127658]: 172.20.0.100 - - [29/Jan/2026:12:00:54 +0000] "GET /d1/401/AUTH_233cd3df76d2455f93405d4e62407b5d/gnocchi.6f1fdc59-4539-4d67-b5e8-720a6b83dbf0/1769040000.0_mean_300.0_v3" 200 16 "GET http://172.18.0.2:8080/v1/AUTH_233cd3df76d2455f93405d4e62407b5d/gnocchi.6f1fdc59-4539-4d67-b5e8-720a6b83dbf0/1769040000.0_mean_300.0_v3" "tx61fcefbcafcd42a28b9ad-00697b4bf6" "proxy-server 20" 0.0010 "-" 22 0
Jan 29 12:00:54 standalone proxy-server[129651]: 172.18.0.2 172.18.0.100 29/Jan/2026/12/00/54 GET /v1/AUTH_233cd3df76d2455f93405d4e62407b5d/gnocchi.6f1fdc59-4539-4d67-b5e8-720a6b83dbf0/1769040000.0_mean_300.0_v3 HTTP/1.0 200 - python-swiftclient-3.11.1 gAAAAABpe0sU3ETA... - 16 - tx61fcefbcafcd42a28b9ad-00697b4bf6 - 0.0079 - - 1769688054.670468330 1769688054.678413868 0
Jan 29 12:00:54 standalone container-server[127466]: 172.20.0.100 - - [29/Jan/2026:12:00:54 +0000] "PUT /d1/931/AUTH_233cd3df76d2455f93405d4e62407b5d/gnocchi.6f1fdc59-4539-4d67-b5e8-720a6b83dbf0/1769040000.0_mean_300.0_v3" 201 - "PUT http://172.18.0.2:8080/d1/401/AUTH_233cd3df76d2455f93405d4e62407b5d/gnocchi.6f1fdc59-4539-4d67-b5e8-720a6b83dbf0/1769040000.0_mean_300.0_v3" "tx830d69566e7f4a06aae5c-00697b4bf6" "object-server 24" 0.0007 "-" 14 0
Jan 29 12:00:54 standalone object-server[127673]: 172.20.0.100 - - [29/Jan/2026:12:00:54 +0000] "PUT /d1/401/AUTH_233cd3df76d2455f93405d4e62407b5d/gnocchi.6f1fdc59-4539-4d67-b5e8-720a6b83dbf0/1769040000.0_mean_300.0_v3" 201 - "PUT http://172.18.0.2:8080/v1/AUTH_233cd3df76d2455f93405d4e62407b5d/gnocchi.6f1fdc59-4539-4d67-b5e8-720a6b83dbf0/1769040000.0_mean_300.0_v3" "tx830d69566e7f4a06aae5c-00697b4bf6" "proxy-server 20" 0.0095 "-" 24 0
Jan 29 12:00:54 standalone proxy-server[129651]: 172.18.0.2 172.18.0.100 29/Jan/2026/12/00/54 PUT /v1/AUTH_233cd3df76d2455f93405d4e62407b5d/gnocchi.6f1fdc59-4539-4d67-b5e8-720a6b83dbf0/1769040000.0_mean_300.0_v3 HTTP/1.0 201 - python-swiftclient-3.11.1 gAAAAABpe0sU3ETA... 23 - - tx830d69566e7f4a06aae5c-00697b4bf6 - 0.0154 - - 1769688054.682091713 1769688054.697522640 0
Jan 29 12:00:54 standalone container-server[127485]: 172.20.0.100 - - [29/Jan/2026:12:00:54 +0000] "PUT /d1/931/AUTH_233cd3df76d2455f93405d4e62407b5d/gnocchi.6f1fdc59-4539-4d67-b5e8-720a6b83dbf0/none_v3" 201 - "PUT http://172.18.0.2:8080/d1/940/AUTH_233cd3df76d2455f93405d4e62407b5d/gnocchi.6f1fdc59-4539-4d67-b5e8-720a6b83dbf0/none_v3" "tx5d9109d1235a43bba4259-00697b4bf6" "object-server 24" 0.0009 "-" 17 0
Jan 29 12:00:54 standalone object-server[127673]: 172.20.0.100 - - [29/Jan/2026:12:00:54 +0000] "PUT /d1/940/AUTH_233cd3df76d2455f93405d4e62407b5d/gnocchi.6f1fdc59-4539-4d67-b5e8-720a6b83dbf0/none_v3" 201 - "PUT http://172.18.0.2:8080/v1/AUTH_233cd3df76d2455f93405d4e62407b5d/gnocchi.6f1fdc59-4539-4d67-b5e8-720a6b83dbf0/none_v3" "tx5d9109d1235a43bba4259-00697b4bf6" "proxy-server 20" 0.0093 "-" 24 0
Jan 29 12:00:54 standalone proxy-server[129651]: 172.18.0.2 172.18.0.100 29/Jan/2026/12/00/54 PUT /v1/AUTH_233cd3df76d2455f93405d4e62407b5d/gnocchi.6f1fdc59-4539-4d67-b5e8-720a6b83dbf0/none_v3 HTTP/1.0 201 - python-swiftclient-3.11.1 gAAAAABpe0sU3ETA... 22 - - tx5d9109d1235a43bba4259-00697b4bf6 - 0.0147 - - 1769688054.701400757 1769688054.716078520 0
Jan 29 12:00:54 standalone container-server[127478]: 172.20.0.100 - - [29/Jan/2026:12:00:54 +0000] "HEAD /d1/651/AUTH_233cd3df76d2455f93405d4e62407b5d/gnocchi.80e70678-939c-4e33-8b24-79ebfd3393f4" 204 - "HEAD http://172.18.0.2:8080/v1/AUTH_233cd3df76d2455f93405d4e62407b5d/gnocchi.80e70678-939c-4e33-8b24-79ebfd3393f4?format=json&states=listing" "tx5e840ab1eb8d404092b3d-00697b4bf6" "proxy-server 20" 0.0084 "-" 16 0
Jan 29 12:00:54 standalone object-server[127681]: 172.20.0.100 - - [29/Jan/2026:12:00:54 +0000] "GET /d1/989/AUTH_233cd3df76d2455f93405d4e62407b5d/gnocchi.80e70678-939c-4e33-8b24-79ebfd3393f4/none_v3" 200 32 "GET http://172.18.0.2:8080/v1/AUTH_233cd3df76d2455f93405d4e62407b5d/gnocchi.80e70678-939c-4e33-8b24-79ebfd3393f4/none_v3" "tx5e840ab1eb8d404092b3d-00697b4bf6" "proxy-server 20" 0.0006 "-" 25 0
Jan 29 12:00:54 standalone proxy-server[129651]: 172.18.0.2 172.18.0.100 29/Jan/2026/12/00/54 GET /v1/AUTH_233cd3df76d2455f93405d4e62407b5d/gnocchi.80e70678-939c-4e33-8b24-79ebfd3393f4/none_v3 HTTP/1.0 200 - python-swiftclient-3.11.1 gAAAAABpe0sU3ETA... - 32 - tx5e840ab1eb8d404092b3d-00697b4bf6 - 0.0195 - - 1769688054.728490591 1769688054.747949839 0
Jan 29 12:00:54 standalone container-server[127485]: 172.20.0.100 - - [29/Jan/2026:12:00:54 +0000] "GET /d1/651/AUTH_233cd3df76d2455f93405d4e62407b5d/gnocchi.80e70678-939c-4e33-8b24-79ebfd3393f4" 200 357 "GET http://172.18.0.2:8080/v1/AUTH_233cd3df76d2455f93405d4e62407b5d/gnocchi.80e70678-939c-4e33-8b24-79ebfd3393f4?format=json&states=listing" "txc555f6e928b14f19b0eb1-00697b4bf6" "proxy-server 20" 0.0044 "-" 17 0
Jan 29 12:00:54 standalone proxy-server[129651]: 172.18.0.2 172.18.0.100 29/Jan/2026/12/00/54 GET /v1/AUTH_233cd3df76d2455f93405d4e62407b5d/gnocchi.80e70678-939c-4e33-8b24-79ebfd3393f4%3Fformat%3Djson%26states%3Dlisting HTTP/1.0 200 - python-swiftclient-3.11.1 gAAAAABpe0sU3ETA... - 357 - txc555f6e928b14f19b0eb1-00697b4bf6 - 0.0115 - - 1769688054.752130985 1769688054.763591528 0
Jan 29 12:00:54 standalone container-server[127472]: 172.20.0.100 - - [29/Jan/2026:12:00:54 +0000] "GET /d1/651/AUTH_233cd3df76d2455f93405d4e62407b5d/gnocchi.80e70678-939c-4e33-8b24-79ebfd3393f4" 200 2 "GET http://172.18.0.2:8080/v1/AUTH_233cd3df76d2455f93405d4e62407b5d/gnocchi.80e70678-939c-4e33-8b24-79ebfd3393f4?format=json&marker=none_v3&states=listing" "tx215b0970854c4aed95c3b-00697b4bf6" "proxy-server 20" 0.0037 "-" 15 0
Jan 29 12:00:54 standalone proxy-server[129651]: 172.18.0.2 172.18.0.100 29/Jan/2026/12/00/54 GET /v1/AUTH_233cd3df76d2455f93405d4e62407b5d/gnocchi.80e70678-939c-4e33-8b24-79ebfd3393f4%3Fformat%3Djson%26marker%3Dnone_v3%26states%3Dlisting HTTP/1.0 200 - python-swiftclient-3.11.1 gAAAAABpe0sU3ETA... - 2 - tx215b0970854c4aed95c3b-00697b4bf6 - 0.0103 - - 1769688054.767017126 1769688054.777361155 0
Jan 29 12:00:54 standalone object-server[127667]: 172.20.0.100 - - [29/Jan/2026:12:00:54 +0000] "GET /d1/153/AUTH_233cd3df76d2455f93405d4e62407b5d/gnocchi.80e70678-939c-4e33-8b24-79ebfd3393f4/1769040000.0_mean_300.0_v3" 200 16 "GET http://172.18.0.2:8080/v1/AUTH_233cd3df76d2455f93405d4e62407b5d/gnocchi.80e70678-939c-4e33-8b24-79ebfd3393f4/1769040000.0_mean_300.0_v3" "txc3e8d92462814a29b092b-00697b4bf6" "proxy-server 20" 0.0012 "-" 23 0
Jan 29 12:00:54 standalone proxy-server[129651]: 172.18.0.2 172.18.0.100 29/Jan/2026/12/00/54 GET /v1/AUTH_233cd3df76d2455f93405d4e62407b5d/gnocchi.80e70678-939c-4e33-8b24-79ebfd3393f4/1769040000.0_mean_300.0_v3 HTTP/1.0 200 - python-swiftclient-3.11.1 gAAAAABpe0sU3ETA... - 16 - txc3e8d92462814a29b092b-00697b4bf6 - 0.0075 - - 1769688054.781805754 1769688054.789353371 0
Jan 29 12:00:54 standalone container-server[127485]: 172.20.0.100 - - [29/Jan/2026:12:00:54 +0000] "PUT /d1/651/AUTH_233cd3df76d2455f93405d4e62407b5d/gnocchi.80e70678-939c-4e33-8b24-79ebfd3393f4/1769040000.0_mean_300.0_v3" 201 - "PUT http://172.18.0.2:8080/d1/153/AUTH_233cd3df76d2455f93405d4e62407b5d/gnocchi.80e70678-939c-4e33-8b24-79ebfd3393f4/1769040000.0_mean_300.0_v3" "txafa13a73eb3b4789a402a-00697b4bf6" "object-server 22" 0.0013 "-" 17 0
Jan 29 12:00:54 standalone object-server[127658]: 172.20.0.100 - - [29/Jan/2026:12:00:54 +0000] "PUT /d1/153/AUTH_233cd3df76d2455f93405d4e62407b5d/gnocchi.80e70678-939c-4e33-8b24-79ebfd3393f4/1769040000.0_mean_300.0_v3" 201 - "PUT http://172.18.0.2:8080/v1/AUTH_233cd3df76d2455f93405d4e62407b5d/gnocchi.80e70678-939c-4e33-8b24-79ebfd3393f4/1769040000.0_mean_300.0_v3" "txafa13a73eb3b4789a402a-00697b4bf6" "proxy-server 20" 0.0106 "-" 22 0
Jan 29 12:00:54 standalone proxy-server[129651]: 172.18.0.2 172.18.0.100 29/Jan/2026/12/00/54 PUT /v1/AUTH_233cd3df76d2455f93405d4e62407b5d/gnocchi.80e70678-939c-4e33-8b24-79ebfd3393f4/1769040000.0_mean_300.0_v3 HTTP/1.0 201 - python-swiftclient-3.11.1 gAAAAABpe0sU3ETA... 23 - - txafa13a73eb3b4789a402a-00697b4bf6 - 0.0166 - - 1769688054.792694330 1769688054.809336662 0
Jan 29 12:00:54 standalone container-server[127485]: 172.20.0.100 - - [29/Jan/2026:12:00:54 +0000] "PUT /d1/651/AUTH_233cd3df76d2455f93405d4e62407b5d/gnocchi.80e70678-939c-4e33-8b24-79ebfd3393f4/none_v3" 201 - "PUT http://172.18.0.2:8080/d1/989/AUTH_233cd3df76d2455f93405d4e62407b5d/gnocchi.80e70678-939c-4e33-8b24-79ebfd3393f4/none_v3" "tx0bd1d5b1f19d48c898705-00697b4bf6" "object-server 23" 0.0008 "-" 17 0
Jan 29 12:00:54 standalone object-server[127667]: 172.20.0.100 - - [29/Jan/2026:12:00:54 +0000] "PUT /d1/989/AUTH_233cd3df76d2455f93405d4e62407b5d/gnocchi.80e70678-939c-4e33-8b24-79ebfd3393f4/none_v3" 201 - "PUT http://172.18.0.2:8080/v1/AUTH_233cd3df76d2455f93405d4e62407b5d/gnocchi.80e70678-939c-4e33-8b24-79ebfd3393f4/none_v3" "tx0bd1d5b1f19d48c898705-00697b4bf6" "proxy-server 20" 0.0123 "-" 23 0
Jan 29 12:00:54 standalone proxy-server[129651]: 172.18.0.2 172.18.0.100 29/Jan/2026/12/00/54 PUT /v1/AUTH_233cd3df76d2455f93405d4e62407b5d/gnocchi.80e70678-939c-4e33-8b24-79ebfd3393f4/none_v3 HTTP/1.0 201 - python-swiftclient-3.11.1 gAAAAABpe0sU3ETA... 22 - - tx0bd1d5b1f19d48c898705-00697b4bf6 - 0.0181 - - 1769688054.812958241 1769688054.831048012 0
Jan 29 12:00:54 standalone container-server[127485]: 172.20.0.100 - - [29/Jan/2026:12:00:54 +0000] "HEAD /d1/148/AUTH_233cd3df76d2455f93405d4e62407b5d/gnocchi.47b71a6d-1d9c-453b-8d20-3886b655b582" 204 - "HEAD http://172.18.0.2:8080/v1/AUTH_233cd3df76d2455f93405d4e62407b5d/gnocchi.47b71a6d-1d9c-453b-8d20-3886b655b582?format=json&states=listing" "tx5143502a695f409fbc62e-00697b4bf6" "proxy-server 20" 0.0084 "-" 17 0
Jan 29 12:00:54 standalone object-server[127681]: 172.20.0.100 - - [29/Jan/2026:12:00:54 +0000] "GET /d1/642/AUTH_233cd3df76d2455f93405d4e62407b5d/gnocchi.47b71a6d-1d9c-453b-8d20-3886b655b582/none_v3" 200 22 "GET http://172.18.0.2:8080/v1/AUTH_233cd3df76d2455f93405d4e62407b5d/gnocchi.47b71a6d-1d9c-453b-8d20-3886b655b582/none_v3" "tx5143502a695f409fbc62e-00697b4bf6" "proxy-server 20" 0.0011 "-" 25 0
Jan 29 12:00:54 standalone proxy-server[129651]: 172.18.0.2 172.18.0.100 29/Jan/2026/12/00/54 GET /v1/AUTH_233cd3df76d2455f93405d4e62407b5d/gnocchi.47b71a6d-1d9c-453b-8d20-3886b655b582/none_v3 HTTP/1.0 200 - python-swiftclient-3.11.1 gAAAAABpe0sU3ETA... - 22 - tx5143502a695f409fbc62e-00697b4bf6 - 0.0267 - - 1769688054.846925735 1769688054.873597622 0
Jan 29 12:00:54 standalone container-server[127478]: 172.20.0.100 - - [29/Jan/2026:12:00:54 +0000] "GET /d1/148/AUTH_233cd3df76d2455f93405d4e62407b5d/gnocchi.47b71a6d-1d9c-453b-8d20-3886b655b582" 200 357 "GET http://172.18.0.2:8080/v1/AUTH_233cd3df76d2455f93405d4e62407b5d/gnocchi.47b71a6d-1d9c-453b-8d20-3886b655b582?format=json&states=listing" "tx28ab05010bef45e1a8fd7-00697b4bf6" "proxy-server 20" 0.0045 "-" 16 0
Jan 29 12:00:54 standalone proxy-server[129651]: 172.18.0.2 172.18.0.100 29/Jan/2026/12/00/54 GET /v1/AUTH_233cd3df76d2455f93405d4e62407b5d/gnocchi.47b71a6d-1d9c-453b-8d20-3886b655b582%3Fformat%3Djson%26states%3Dlisting HTTP/1.0 200 - python-swiftclient-3.11.1 gAAAAABpe0sU3ETA... - 357 - tx28ab05010bef45e1a8fd7-00697b4bf6 - 0.0153 - - 1769688054.880950689 1769688054.896224976 0
Jan 29 12:00:54 standalone container-server[127466]: 172.20.0.100 - - [29/Jan/2026:12:00:54 +0000] "GET /d1/148/AUTH_233cd3df76d2455f93405d4e62407b5d/gnocchi.47b71a6d-1d9c-453b-8d20-3886b655b582" 200 2 "GET http://172.18.0.2:8080/v1/AUTH_233cd3df76d2455f93405d4e62407b5d/gnocchi.47b71a6d-1d9c-453b-8d20-3886b655b582?format=json&marker=none_v3&states=listing" "tx8da8531998404be3b23da-00697b4bf6" "proxy-server 20" 0.0046 "-" 14 0
Jan 29 12:00:54 standalone proxy-server[129651]: 172.18.0.2 172.18.0.100 29/Jan/2026/12/00/54 GET /v1/AUTH_233cd3df76d2455f93405d4e62407b5d/gnocchi.47b71a6d-1d9c-453b-8d20-3886b655b582%3Fformat%3Djson%26marker%3Dnone_v3%26states%3Dlisting HTTP/1.0 200 - python-swiftclient-3.11.1 gAAAAABpe0sU3ETA... - 2 - tx8da8531998404be3b23da-00697b4bf6 - 0.0158 - - 1769688054.901987076 1769688054.917739153 0
Jan 29 12:00:54 standalone object-server[127673]: 172.20.0.100 - - [29/Jan/2026:12:00:54 +0000] "GET /d1/304/AUTH_233cd3df76d2455f93405d4e62407b5d/gnocchi.47b71a6d-1d9c-453b-8d20-3886b655b582/1769040000.0_mean_300.0_v3" 200 16 "GET http://172.18.0.2:8080/v1/AUTH_233cd3df76d2455f93405d4e62407b5d/gnocchi.47b71a6d-1d9c-453b-8d20-3886b655b582/1769040000.0_mean_300.0_v3" "tx11f4a73b7bf642098587f-00697b4bf6" "proxy-server 20" 0.0013 "-" 24 0
Jan 29 12:00:54 standalone proxy-server[129651]: 172.18.0.2 172.18.0.100 29/Jan/2026/12/00/54 GET /v1/AUTH_233cd3df76d2455f93405d4e62407b5d/gnocchi.47b71a6d-1d9c-453b-8d20-3886b655b582/1769040000.0_mean_300.0_v3 HTTP/1.0 200 - python-swiftclient-3.11.1 gAAAAABpe0sU3ETA... - 16 - tx11f4a73b7bf642098587f-00697b4bf6 - 0.0120 - - 1769688054.924997330 1769688054.936951876 0
Jan 29 12:00:54 standalone container-server[127478]: 172.20.0.100 - - [29/Jan/2026:12:00:54 +0000] "PUT /d1/148/AUTH_233cd3df76d2455f93405d4e62407b5d/gnocchi.47b71a6d-1d9c-453b-8d20-3886b655b582/1769040000.0_mean_300.0_v3" 201 - "PUT http://172.18.0.2:8080/d1/304/AUTH_233cd3df76d2455f93405d4e62407b5d/gnocchi.47b71a6d-1d9c-453b-8d20-3886b655b582/1769040000.0_mean_300.0_v3" "tx2b440d3837e3464abb4c8-00697b4bf6" "object-server 22" 0.0013 "-" 16 0
Jan 29 12:00:54 standalone object-server[127658]: 172.20.0.100 - - [29/Jan/2026:12:00:54 +0000] "PUT /d1/304/AUTH_233cd3df76d2455f93405d4e62407b5d/gnocchi.47b71a6d-1d9c-453b-8d20-3886b655b582/1769040000.0_mean_300.0_v3" 201 - "PUT http://172.18.0.2:8080/v1/AUTH_233cd3df76d2455f93405d4e62407b5d/gnocchi.47b71a6d-1d9c-453b-8d20-3886b655b582/1769040000.0_mean_300.0_v3" "tx2b440d3837e3464abb4c8-00697b4bf6" "proxy-server 20" 0.0137 "-" 22 0
Jan 29 12:00:54 standalone proxy-server[129651]: 172.18.0.2 172.18.0.100 29/Jan/2026/12/00/54 PUT /v1/AUTH_233cd3df76d2455f93405d4e62407b5d/gnocchi.47b71a6d-1d9c-453b-8d20-3886b655b582/1769040000.0_mean_300.0_v3 HTTP/1.0 201 - python-swiftclient-3.11.1 gAAAAABpe0sU3ETA... 23 - - tx2b440d3837e3464abb4c8-00697b4bf6 - 0.0227 - - 1769688054.940978527 1769688054.963674307 0
Jan 29 12:00:54 standalone container-server[127485]: 172.20.0.100 - - [29/Jan/2026:12:00:54 +0000] "PUT /d1/148/AUTH_233cd3df76d2455f93405d4e62407b5d/gnocchi.47b71a6d-1d9c-453b-8d20-3886b655b582/none_v3" 201 - "PUT http://172.18.0.2:8080/d1/642/AUTH_233cd3df76d2455f93405d4e62407b5d/gnocchi.47b71a6d-1d9c-453b-8d20-3886b655b582/none_v3" "txba825ce4196249e59bd51-00697b4bf6" "object-server 25" 0.0008 "-" 17 0
Jan 29 12:00:54 standalone object-server[127681]: 172.20.0.100 - - [29/Jan/2026:12:00:54 +0000] "PUT /d1/642/AUTH_233cd3df76d2455f93405d4e62407b5d/gnocchi.47b71a6d-1d9c-453b-8d20-3886b655b582/none_v3" 201 - "PUT http://172.18.0.2:8080/v1/AUTH_233cd3df76d2455f93405d4e62407b5d/gnocchi.47b71a6d-1d9c-453b-8d20-3886b655b582/none_v3" "txba825ce4196249e59bd51-00697b4bf6" "proxy-server 20" 0.0152 "-" 25 0
Jan 29 12:00:54 standalone proxy-server[129651]: 172.18.0.2 172.18.0.100 29/Jan/2026/12/00/54 PUT /v1/AUTH_233cd3df76d2455f93405d4e62407b5d/gnocchi.47b71a6d-1d9c-453b-8d20-3886b655b582/none_v3 HTTP/1.0 201 - python-swiftclient-3.11.1 gAAAAABpe0sU3ETA... 22 - - txba825ce4196249e59bd51-00697b4bf6 - 0.0237 - - 1769688054.968217134 1769688054.991926193 0
Jan 29 12:00:55 standalone container-server[127472]: 172.20.0.100 - - [29/Jan/2026:12:00:55 +0000] "HEAD /d1/572/AUTH_233cd3df76d2455f93405d4e62407b5d/gnocchi.690f796d-b003-4c40-bd4a-f688c643af3b" 204 - "HEAD http://172.18.0.2:8080/v1/AUTH_233cd3df76d2455f93405d4e62407b5d/gnocchi.690f796d-b003-4c40-bd4a-f688c643af3b?format=json&states=listing" "txd0c1b7073a5f4850b0112-00697b4bf7" "proxy-server 20" 0.0087 "-" 15 0
Jan 29 12:00:55 standalone object-server[127667]: 172.20.0.100 - - [29/Jan/2026:12:00:55 +0000] "GET /d1/939/AUTH_233cd3df76d2455f93405d4e62407b5d/gnocchi.690f796d-b003-4c40-bd4a-f688c643af3b/none_v3" 200 22 "GET http://172.18.0.2:8080/v1/AUTH_233cd3df76d2455f93405d4e62407b5d/gnocchi.690f796d-b003-4c40-bd4a-f688c643af3b/none_v3" "txd0c1b7073a5f4850b0112-00697b4bf7" "proxy-server 20" 0.0011 "-" 23 0
Jan 29 12:00:55 standalone proxy-server[129651]: 172.18.0.2 172.18.0.100 29/Jan/2026/12/00/55 GET /v1/AUTH_233cd3df76d2455f93405d4e62407b5d/gnocchi.690f796d-b003-4c40-bd4a-f688c643af3b/none_v3 HTTP/1.0 200 - python-swiftclient-3.11.1 gAAAAABpe0sU3ETA... - 22 - txd0c1b7073a5f4850b0112-00697b4bf7 - 0.0244 - - 1769688055.008784294 1769688055.033168554 0
Jan 29 12:00:55 standalone container-server[127485]: 172.20.0.100 - - [29/Jan/2026:12:00:55 +0000] "GET /d1/572/AUTH_233cd3df76d2455f93405d4e62407b5d/gnocchi.690f796d-b003-4c40-bd4a-f688c643af3b" 200 357 "GET http://172.18.0.2:8080/v1/AUTH_233cd3df76d2455f93405d4e62407b5d/gnocchi.690f796d-b003-4c40-bd4a-f688c643af3b?format=json&states=listing" "tx0c0c83464e814401af5e0-00697b4bf7" "proxy-server 20" 0.0039 "-" 17 0
Jan 29 12:00:55 standalone proxy-server[129651]: 172.18.0.2 172.18.0.100 29/Jan/2026/12/00/55 GET /v1/AUTH_233cd3df76d2455f93405d4e62407b5d/gnocchi.690f796d-b003-4c40-bd4a-f688c643af3b%3Fformat%3Djson%26states%3Dlisting HTTP/1.0 200 - python-swiftclient-3.11.1 gAAAAABpe0sU3ETA... - 357 - tx0c0c83464e814401af5e0-00697b4bf7 - 0.0141 - - 1769688055.039103031 1769688055.053220749 0
Jan 29 12:00:55 standalone container-server[127472]: 172.20.0.100 - - [29/Jan/2026:12:00:55 +0000] "GET /d1/572/AUTH_233cd3df76d2455f93405d4e62407b5d/gnocchi.690f796d-b003-4c40-bd4a-f688c643af3b" 200 2 "GET http://172.18.0.2:8080/v1/AUTH_233cd3df76d2455f93405d4e62407b5d/gnocchi.690f796d-b003-4c40-bd4a-f688c643af3b?format=json&marker=none_v3&states=listing" "tx8398173cdca14e4ca525f-00697b4bf7" "proxy-server 20" 0.0034 "-" 15 0
Jan 29 12:00:55 standalone proxy-server[129651]: 172.18.0.2 172.18.0.100 29/Jan/2026/12/00/55 GET /v1/AUTH_233cd3df76d2455f93405d4e62407b5d/gnocchi.690f796d-b003-4c40-bd4a-f688c643af3b%3Fformat%3Djson%26marker%3Dnone_v3%26states%3Dlisting HTTP/1.0 200 - python-swiftclient-3.11.1 gAAAAABpe0sU3ETA... - 2 - tx8398173cdca14e4ca525f-00697b4bf7 - 0.0127 - - 1769688055.057950974 1769688055.070645571 0
Jan 29 12:00:55 standalone object-server[127681]: 172.20.0.100 - - [29/Jan/2026:12:00:55 +0000] "GET /d1/651/AUTH_233cd3df76d2455f93405d4e62407b5d/gnocchi.690f796d-b003-4c40-bd4a-f688c643af3b/1769040000.0_mean_300.0_v3" 200 16 "GET http://172.18.0.2:8080/v1/AUTH_233cd3df76d2455f93405d4e62407b5d/gnocchi.690f796d-b003-4c40-bd4a-f688c643af3b/1769040000.0_mean_300.0_v3" "tx5d2981873ccc49069f19f-00697b4bf7" "proxy-server 20" 0.0012 "-" 25 0
Jan 29 12:00:55 standalone proxy-server[129651]: 172.18.0.2 172.18.0.100 29/Jan/2026/12/00/55 GET /v1/AUTH_233cd3df76d2455f93405d4e62407b5d/gnocchi.690f796d-b003-4c40-bd4a-f688c643af3b/1769040000.0_mean_300.0_v3 HTTP/1.0 200 - python-swiftclient-3.11.1 gAAAAABpe0sU3ETA... - 16 - tx5d2981873ccc49069f19f-00697b4bf7 - 0.0105 - - 1769688055.074967384 1769688055.085442305 0
Jan 29 12:00:55 standalone container-server[127466]: 172.20.0.100 - - [29/Jan/2026:12:00:55 +0000] "PUT /d1/572/AUTH_233cd3df76d2455f93405d4e62407b5d/gnocchi.690f796d-b003-4c40-bd4a-f688c643af3b/1769040000.0_mean_300.0_v3" 201 - "PUT http://172.18.0.2:8080/d1/651/AUTH_233cd3df76d2455f93405d4e62407b5d/gnocchi.690f796d-b003-4c40-bd4a-f688c643af3b/1769040000.0_mean_300.0_v3" "txadcfe2fea3a34065a6f09-00697b4bf7" "object-server 22" 0.0007 "-" 14 0
Jan 29 12:00:55 standalone object-server[127658]: 172.20.0.100 - - [29/Jan/2026:12:00:55 +0000] "PUT /d1/651/AUTH_233cd3df76d2455f93405d4e62407b5d/gnocchi.690f796d-b003-4c40-bd4a-f688c643af3b/1769040000.0_mean_300.0_v3" 201 - "PUT http://172.18.0.2:8080/v1/AUTH_233cd3df76d2455f93405d4e62407b5d/gnocchi.690f796d-b003-4c40-bd4a-f688c643af3b/1769040000.0_mean_300.0_v3" "txadcfe2fea3a34065a6f09-00697b4bf7" "proxy-server 20" 0.0115 "-" 22 0
Jan 29 12:00:55 standalone proxy-server[129651]: 172.18.0.2 172.18.0.100 29/Jan/2026/12/00/55 PUT /v1/AUTH_233cd3df76d2455f93405d4e62407b5d/gnocchi.690f796d-b003-4c40-bd4a-f688c643af3b/1769040000.0_mean_300.0_v3 HTTP/1.0 201 - python-swiftclient-3.11.1 gAAAAABpe0sU3ETA... 23 - - txadcfe2fea3a34065a6f09-00697b4bf7 - 0.0205 - - 1769688055.089560747 1769688055.110050201 0
Jan 29 12:00:55 standalone container-server[127466]: 172.20.0.100 - - [29/Jan/2026:12:00:55 +0000] "PUT /d1/572/AUTH_233cd3df76d2455f93405d4e62407b5d/gnocchi.690f796d-b003-4c40-bd4a-f688c643af3b/none_v3" 201 - "PUT http://172.18.0.2:8080/d1/939/AUTH_233cd3df76d2455f93405d4e62407b5d/gnocchi.690f796d-b003-4c40-bd4a-f688c643af3b/none_v3" "txff68058e5ca44078a9ff5-00697b4bf7" "object-server 22" 0.0006 "-" 14 0
Jan 29 12:00:55 standalone object-server[127658]: 172.20.0.100 - - [29/Jan/2026:12:00:55 +0000] "PUT /d1/939/AUTH_233cd3df76d2455f93405d4e62407b5d/gnocchi.690f796d-b003-4c40-bd4a-f688c643af3b/none_v3" 201 - "PUT http://172.18.0.2:8080/v1/AUTH_233cd3df76d2455f93405d4e62407b5d/gnocchi.690f796d-b003-4c40-bd4a-f688c643af3b/none_v3" "txff68058e5ca44078a9ff5-00697b4bf7" "proxy-server 20" 0.0107 "-" 22 0
Jan 29 12:00:55 standalone proxy-server[129651]: 172.18.0.2 172.18.0.100 29/Jan/2026/12/00/55 PUT /v1/AUTH_233cd3df76d2455f93405d4e62407b5d/gnocchi.690f796d-b003-4c40-bd4a-f688c643af3b/none_v3 HTTP/1.0 201 - python-swiftclient-3.11.1 gAAAAABpe0sU3ETA... 22 - - txff68058e5ca44078a9ff5-00697b4bf7 - 0.0188 - - 1769688055.117741108 1769688055.136574030 0
Jan 29 12:00:55 standalone container-server[127472]: 172.20.0.100 - - [29/Jan/2026:12:00:55 +0000] "HEAD /d1/485/AUTH_233cd3df76d2455f93405d4e62407b5d/gnocchi.50f0ad84-a693-49a4-8432-59877e4d5590" 204 - "HEAD http://172.18.0.2:8080/v1/AUTH_233cd3df76d2455f93405d4e62407b5d/gnocchi.50f0ad84-a693-49a4-8432-59877e4d5590?format=json&states=listing" "tx812668b352d94d13a1830-00697b4bf7" "proxy-server 20" 0.0071 "-" 15 0
Jan 29 12:00:55 standalone object-server[127681]: 172.20.0.100 - - [29/Jan/2026:12:00:55 +0000] "GET /d1/382/AUTH_233cd3df76d2455f93405d4e62407b5d/gnocchi.50f0ad84-a693-49a4-8432-59877e4d5590/none_v3" 200 32 "GET http://172.18.0.2:8080/v1/AUTH_233cd3df76d2455f93405d4e62407b5d/gnocchi.50f0ad84-a693-49a4-8432-59877e4d5590/none_v3" "tx812668b352d94d13a1830-00697b4bf7" "proxy-server 20" 0.0012 "-" 25 0
Jan 29 12:00:55 standalone proxy-server[129651]: 172.18.0.2 172.18.0.100 29/Jan/2026/12/00/55 GET /v1/AUTH_233cd3df76d2455f93405d4e62407b5d/gnocchi.50f0ad84-a693-49a4-8432-59877e4d5590/none_v3 HTTP/1.0 200 - python-swiftclient-3.11.1 gAAAAABpe0sU3ETA... - 32 - tx812668b352d94d13a1830-00697b4bf7 - 0.0219 - - 1769688055.147092342 1769688055.169001579 0
Jan 29 12:00:55 standalone container-server[127478]: 172.20.0.100 - - [29/Jan/2026:12:00:55 +0000] "GET /d1/485/AUTH_233cd3df76d2455f93405d4e62407b5d/gnocchi.50f0ad84-a693-49a4-8432-59877e4d5590" 200 357 "GET http://172.18.0.2:8080/v1/AUTH_233cd3df76d2455f93405d4e62407b5d/gnocchi.50f0ad84-a693-49a4-8432-59877e4d5590?format=json&states=listing" "tx23c1867786c546a298d67-00697b4bf7" "proxy-server 20" 0.0023 "-" 16 0
Jan 29 12:00:55 standalone proxy-server[129651]: 172.18.0.2 172.18.0.100 29/Jan/2026/12/00/55 GET /v1/AUTH_233cd3df76d2455f93405d4e62407b5d/gnocchi.50f0ad84-a693-49a4-8432-59877e4d5590%3Fformat%3Djson%26states%3Dlisting HTTP/1.0 200 - python-swiftclient-3.11.1 gAAAAABpe0sU3ETA... - 357 - tx23c1867786c546a298d67-00697b4bf7 - 0.0106 - - 1769688055.172801733 1769688055.183383465 0
Jan 29 12:00:55 standalone container-server[127466]: 172.20.0.100 - - [29/Jan/2026:12:00:55 +0000] "GET /d1/485/AUTH_233cd3df76d2455f93405d4e62407b5d/gnocchi.50f0ad84-a693-49a4-8432-59877e4d5590" 200 2 "GET http://172.18.0.2:8080/v1/AUTH_233cd3df76d2455f93405d4e62407b5d/gnocchi.50f0ad84-a693-49a4-8432-59877e4d5590?format=json&marker=none_v3&states=listing" "txc4c85406831e4cc6a3399-00697b4bf7" "proxy-server 20" 0.0020 "-" 14 0
Jan 29 12:00:55 standalone proxy-server[129651]: 172.18.0.2 172.18.0.100 29/Jan/2026/12/00/55 GET /v1/AUTH_233cd3df76d2455f93405d4e62407b5d/gnocchi.50f0ad84-a693-49a4-8432-59877e4d5590%3Fformat%3Djson%26marker%3Dnone_v3%26states%3Dlisting HTTP/1.0 200 - python-swiftclient-3.11.1 gAAAAABpe0sU3ETA... - 2 - txc4c85406831e4cc6a3399-00697b4bf7 - 0.0112 - - 1769688055.187682867 1769688055.198895693 0
Jan 29 12:00:55 standalone object-server[127681]: 172.20.0.100 - - [29/Jan/2026:12:00:55 +0000] "GET /d1/354/AUTH_233cd3df76d2455f93405d4e62407b5d/gnocchi.50f0ad84-a693-49a4-8432-59877e4d5590/1769040000.0_mean_300.0_v3" 200 16 "GET http://172.18.0.2:8080/v1/AUTH_233cd3df76d2455f93405d4e62407b5d/gnocchi.50f0ad84-a693-49a4-8432-59877e4d5590/1769040000.0_mean_300.0_v3" "tx120b4ee69c4e4fb2955f0-00697b4bf7" "proxy-server 20" 0.0010 "-" 25 0
Jan 29 12:00:55 standalone proxy-server[129651]: 172.18.0.2 172.18.0.100 29/Jan/2026/12/00/55 GET /v1/AUTH_233cd3df76d2455f93405d4e62407b5d/gnocchi.50f0ad84-a693-49a4-8432-59877e4d5590/1769040000.0_mean_300.0_v3 HTTP/1.0 200 - python-swiftclient-3.11.1 gAAAAABpe0sU3ETA... - 16 - tx120b4ee69c4e4fb2955f0-00697b4bf7 - 0.0091 - - 1769688055.202604771 1769688055.211704016 0
Jan 29 12:00:55 standalone container-server[127478]: 172.20.0.100 - - [29/Jan/2026:12:00:55 +0000] "PUT /d1/485/AUTH_233cd3df76d2455f93405d4e62407b5d/gnocchi.50f0ad84-a693-49a4-8432-59877e4d5590/1769040000.0_mean_300.0_v3" 201 - "PUT http://172.18.0.2:8080/d1/354/AUTH_233cd3df76d2455f93405d4e62407b5d/gnocchi.50f0ad84-a693-49a4-8432-59877e4d5590/1769040000.0_mean_300.0_v3" "tx635fefd3e20b48c9bd025-00697b4bf7" "object-server 23" 0.0007 "-" 16 0
Jan 29 12:00:55 standalone object-server[127667]: 172.20.0.100 - - [29/Jan/2026:12:00:55 +0000] "PUT /d1/354/AUTH_233cd3df76d2455f93405d4e62407b5d/gnocchi.50f0ad84-a693-49a4-8432-59877e4d5590/1769040000.0_mean_300.0_v3" 201 - "PUT http://172.18.0.2:8080/v1/AUTH_233cd3df76d2455f93405d4e62407b5d/gnocchi.50f0ad84-a693-49a4-8432-59877e4d5590/1769040000.0_mean_300.0_v3" "tx635fefd3e20b48c9bd025-00697b4bf7" "proxy-server 20" 0.0121 "-" 23 0
Jan 29 12:00:55 standalone proxy-server[129651]: 172.18.0.2 172.18.0.100 29/Jan/2026/12/00/55 PUT /v1/AUTH_233cd3df76d2455f93405d4e62407b5d/gnocchi.50f0ad84-a693-49a4-8432-59877e4d5590/1769040000.0_mean_300.0_v3 HTTP/1.0 201 - python-swiftclient-3.11.1 gAAAAABpe0sU3ETA... 23 - - tx635fefd3e20b48c9bd025-00697b4bf7 - 0.0193 - - 1769688055.214581728 1769688055.233859777 0
Jan 29 12:00:55 standalone container-server[127472]: 172.20.0.100 - - [29/Jan/2026:12:00:55 +0000] "PUT /d1/485/AUTH_233cd3df76d2455f93405d4e62407b5d/gnocchi.50f0ad84-a693-49a4-8432-59877e4d5590/none_v3" 201 - "PUT http://172.18.0.2:8080/d1/382/AUTH_233cd3df76d2455f93405d4e62407b5d/gnocchi.50f0ad84-a693-49a4-8432-59877e4d5590/none_v3" "tx83889f86a89f44fdbcac6-00697b4bf7" "object-server 24" 0.0008 "-" 15 0
Jan 29 12:00:55 standalone object-server[127673]: 172.20.0.100 - - [29/Jan/2026:12:00:55 +0000] "PUT /d1/382/AUTH_233cd3df76d2455f93405d4e62407b5d/gnocchi.50f0ad84-a693-49a4-8432-59877e4d5590/none_v3" 201 - "PUT http://172.18.0.2:8080/v1/AUTH_233cd3df76d2455f93405d4e62407b5d/gnocchi.50f0ad84-a693-49a4-8432-59877e4d5590/none_v3" "tx83889f86a89f44fdbcac6-00697b4bf7" "proxy-server 20" 0.0107 "-" 24 0
Jan 29 12:00:55 standalone proxy-server[129651]: 172.18.0.2 172.18.0.100 29/Jan/2026/12/00/55 PUT /v1/AUTH_233cd3df76d2455f93405d4e62407b5d/gnocchi.50f0ad84-a693-49a4-8432-59877e4d5590/none_v3 HTTP/1.0 201 - python-swiftclient-3.11.1 gAAAAABpe0sU3ETA... 22 - - tx83889f86a89f44fdbcac6-00697b4bf7 - 0.0180 - - 1769688055.236815453 1769688055.254838467 0
Jan 29 12:01:25 standalone container-server[127292]: Begin container update sweep
Jan 29 12:01:25 standalone account-server[127369]: 172.20.0.100 - - [29/Jan/2026:12:01:25 +0000] "PUT /d1/482/AUTH_233cd3df76d2455f93405d4e62407b5d/gnocchi.f0c21a59-87b3-47dd-b0e1-7431665a52ef" 201 - "-" "-" "container-updater 2" 0.0010 "-" 23 0
Jan 29 12:01:25 standalone account-server[127353]: 172.20.0.100 - - [29/Jan/2026:12:01:25 +0000] "PUT /d1/482/AUTH_233cd3df76d2455f93405d4e62407b5d/gnocchi.765335f1-a724-4ab9-8784-66a94086eb65" 201 - "-" "-" "container-updater 2" 0.0006 "-" 20 0
Jan 29 12:01:26 standalone account-server[127353]: 172.20.0.100 - - [29/Jan/2026:12:01:26 +0000] "PUT /d1/482/AUTH_233cd3df76d2455f93405d4e62407b5d/gnocchi.37314b9d-8876-47f8-8bb8-d224966cebd1" 201 - "-" "-" "container-updater 2" 0.0003 "-" 20 0
Jan 29 12:01:26 standalone account-server[127356]: 172.20.0.100 - - [29/Jan/2026:12:01:26 +0000] "PUT /d1/482/AUTH_233cd3df76d2455f93405d4e62407b5d/gnocchi.5fad9771-0d6b-4f8d-9953-7cf7348bd4e0" 201 - "-" "-" "container-updater 2" 0.0007 "-" 21 0
