Sep 30 14:29:43 standalone account-server[125329]: Started child 20 from parent 2
Sep 30 14:29:43 standalone account-server[125329]: Started child 21 from parent 2
Sep 30 14:29:43 standalone account-server[125329]: Started child 22 from parent 2
Sep 30 14:29:43 standalone account-server[125329]: Started child 23 from parent 2
Sep 30 14:29:43 standalone container-server[125628]: Starting 2
Sep 30 14:29:43 standalone container-server[125390]: Option allow_versions is deprecated. Configure the versioned_writes middleware in the proxy-server instead. This option will be ignored in a future release.
Sep 30 14:29:43 standalone account-server[125411]: Starting 2
Sep 30 14:29:43 standalone container-server[125784]: Option allow_versions is deprecated. Configure the versioned_writes middleware in the proxy-server instead. This option will be ignored in a future release.
Sep 30 14:29:43 standalone container-server[125390]: Started child 20 from parent 2
Sep 30 14:29:43 standalone container-server[125786]: Option allow_versions is deprecated. Configure the versioned_writes middleware in the proxy-server instead. This option will be ignored in a future release.
Sep 30 14:29:43 standalone container-server[125390]: Started child 21 from parent 2
Sep 30 14:29:44 standalone container-server[125789]: Option allow_versions is deprecated. Configure the versioned_writes middleware in the proxy-server instead. This option will be ignored in a future release.
Sep 30 14:29:44 standalone container-server[125390]: Started child 22 from parent 2
Sep 30 14:29:44 standalone container-server[125799]: Option allow_versions is deprecated. Configure the versioned_writes middleware in the proxy-server instead. This option will be ignored in a future release.
Sep 30 14:29:44 standalone container-server[125390]: Started child 23 from parent 2
Sep 30 14:29:44 standalone object-expirer[125801]: Starting 2
Sep 30 14:29:44 standalone object-expirer[125801]: Option auto_create_account_prefix is deprecated. Configure auto_create_account_prefix under the swift-constraints section of swift.conf. This option will be ignored in a future release.
Sep 30 14:29:44 standalone object-server[125835]: Starting 2
Sep 30 14:29:44 standalone object-server[125816]: Started child 22 from parent 2
Sep 30 14:29:44 standalone object-server[125816]: Started child 23 from parent 2
Sep 30 14:29:44 standalone object-server[125816]: Started child 24 from parent 2
Sep 30 14:29:44 standalone object-server[125816]: Started child 25 from parent 2
Sep 30 14:29:51 standalone proxy-server[127423]: Starting Keystone auth_token middleware
Sep 30 14:29:51 standalone proxy-server[127423]: AuthToken middleware is set with keystone_authtoken.service_token_roles_required set to False. This is backwards compatible but deprecated behaviour. Please set this to True.
Sep 30 14:29:51 standalone proxy-server[127659]: Starting Keystone auth_token middleware
Sep 30 14:29:51 standalone proxy-server[127659]: STDERR: The option "bind_port" is not known to keystonemiddleware
Sep 30 14:29:51 standalone proxy-server[127659]: STDERR: The option "workers" is not known to keystonemiddleware
Sep 30 14:29:51 standalone proxy-server[127659]: STDERR: The option "user" is not known to keystonemiddleware
Sep 30 14:29:51 standalone proxy-server[127659]: STDERR: The option "bind_ip" is not known to keystonemiddleware
Sep 30 14:29:51 standalone proxy-server[127659]: STDERR: The option "log_name" is not known to keystonemiddleware
Sep 30 14:29:51 standalone proxy-server[127659]: STDERR: The option "log_facility" is not known to keystonemiddleware
Sep 30 14:29:51 standalone proxy-server[127659]: STDERR: The option "log_level" is not known to keystonemiddleware
Sep 30 14:29:51 standalone proxy-server[127659]: STDERR: The option "log_headers" is not known to keystonemiddleware
Sep 30 14:29:51 standalone proxy-server[127659]: STDERR: The option "log_address" is not known to keystonemiddleware
Sep 30 14:29:51 standalone proxy-server[127659]: STDERR: The option "project_name" is not known to keystonemiddleware
Sep 30 14:29:51 standalone proxy-server[127659]: STDERR: The option "username" is not known to keystonemiddleware
Sep 30 14:29:51 standalone proxy-server[127659]: STDERR: The option "password" is not known to keystonemiddleware
Sep 30 14:29:51 standalone proxy-server[127659]: STDERR: The option "auth_url" is not known to keystonemiddleware
Sep 30 14:29:51 standalone proxy-server[127659]: STDERR: The option "signing_dir" is not known to keystonemiddleware
Sep 30 14:29:51 standalone proxy-server[127659]: STDERR: The option "project_domain_id" is not known to keystonemiddleware
Sep 30 14:29:51 standalone proxy-server[127659]: STDERR: The option "user_domain_id" is not known to keystonemiddleware
Sep 30 14:29:51 standalone proxy-server[127659]: STDERR: The option "__name__" is not known to keystonemiddleware
Sep 30 14:29:51 standalone proxy-server[127659]: AuthToken middleware is set with keystone_authtoken.service_token_roles_required set to False. This is backwards compatible but deprecated behaviour. Please set this to True.
Sep 30 14:29:51 standalone proxy-server[127423]: Started child 21 from parent 2
Sep 30 14:30:22 standalone container-server[125628]: Begin container update sweep
Sep 30 14:30:22 standalone container-server[125628]: Container update sweep completed: 0.00s
Sep 30 14:31:11 standalone account-server[125627]: 172.20.0.100 - - [30/Sep/2025:14:31:11 +0000] "HEAD /d1/482/.expiring_objects" 404 - "HEAD http://localhost/v1/.expiring_objects?format=json" "txcf203c7b59194a8b90144-0068dbe9af" "proxy-server 2" 0.0011 "-" 22 -
Sep 30 14:31:11 standalone object-expirer[125801]: Pass completed in 0s; 0 objects expired (txn: txcf203c7b59194a8b90144-0068dbe9af)
Sep 30 14:33:09 standalone object-server[125835]: Begin object update sweep
Sep 30 14:33:09 standalone object-server[149474]: Object update sweep starting on /srv/node/d1 (pid: 11)
Sep 30 14:33:09 standalone object-server[149474]: Object update sweep completed on /srv/node/d1 in 0.00s seconds:, 0 successes, 0 failures, 0 quarantines, 0 unlinks, 0 errors, 0 redirects (pid: 11)
Sep 30 14:33:09 standalone object-server[149474]: Object update sweep of d1 completed: 0.00s, 0 successes, 0 failures, 0 quarantines, 0 unlinks, 0 errors, 0 redirects
Sep 30 14:33:09 standalone object-server[125835]: Object update sweep completed: 0.08s
Sep 30 14:33:51 standalone account-server[125648]: 172.20.0.100 - - [30/Sep/2025:14:33:51 +0000] "HEAD /d1/482/.expiring_objects" 404 - "HEAD http://localhost/v1/.expiring_objects?format=json" "tx68883cbead7249dc815c2-0068dbea4f" "proxy-server 2" 0.0016 "-" 23 -
Sep 30 14:33:51 standalone object-expirer[125801]: Pass completed in 0s; 0 objects expired (txn: tx68883cbead7249dc815c2-0068dbea4f)
Sep 30 14:35:22 standalone container-server[125628]: Begin container update sweep
Sep 30 14:35:22 standalone container-server[125628]: Container update sweep completed: 0.00s
Sep 30 14:36:22 standalone account-server[125648]: 172.20.0.100 - - [30/Sep/2025:14:36:22 +0000] "HEAD /d1/482/.expiring_objects" 404 - "HEAD http://localhost/v1/.expiring_objects?format=json" "tx305eed6739a8445092e11-0068dbeae6" "proxy-server 2" 0.0005 "-" 23 -
Sep 30 14:36:22 standalone object-expirer[125801]: Pass completed in 0s; 0 objects expired (txn: tx305eed6739a8445092e11-0068dbeae6)
Sep 30 14:36:28 standalone account-server[125617]: 172.20.0.100 - - [30/Sep/2025:14:36:28 +0000] "HEAD /d1/612/AUTH_3fcc262b58f944b78fae9b8a4c1d4d81" 404 - "HEAD http://localhost:8080/v1/AUTH_3fcc262b58f944b78fae9b8a4c1d4d81?format=json" "tx66ffb4750ba1468b8b805-0068dbeaec" "proxy-server 21" 0.0013 "-" 21 -
Sep 30 14:36:28 standalone proxy-server[127659]: - - 30/Sep/2025/14/36/28 HEAD /v1/AUTH_3fcc262b58f944b78fae9b8a4c1d4d81%3Fformat%3Djson HTTP/1.0 200 - Swift - - - - tx66ffb4750ba1468b8b805-0068dbeaec - 0.0071 RL - 1759242988.294108391 1759242988.301242828 -
Sep 30 14:36:28 standalone proxy-server[127659]: 172.18.0.2 ::1 30/Sep/2025/14/36/28 HEAD /v1/AUTH_3fcc262b58f944b78fae9b8a4c1d4d81/glance%3Fformat%3Djson HTTP/1.0 404 - python-swiftclient-3.11.1 gAAAAABo2-rsvJL2... - - - tx66ffb4750ba1468b8b805-0068dbeaec - 0.4596 - - 1759242988.286004543 1759242988.745590925 -
Sep 30 14:36:28 standalone account-server[125611]: 172.20.0.100 - - [30/Sep/2025:14:36:28 +0000] "PUT /d1/612/AUTH_3fcc262b58f944b78fae9b8a4c1d4d81" 201 - "-" "tx8d976905595d498e9acfd-0068dbeaec" "-" 0.0129 "-" 20 -
Sep 30 14:36:28 standalone proxy-server[127659]: autocreate account '/AUTH_3fcc262b58f944b78fae9b8a4c1d4d81' (txn: tx8d976905595d498e9acfd-0068dbeaec)
Sep 30 14:36:28 standalone account-server[125627]: 172.20.0.100 - - [30/Sep/2025:14:36:28 +0000] "HEAD /d1/612/AUTH_3fcc262b58f944b78fae9b8a4c1d4d81" 204 - "HEAD http://localhost:8080/v1/AUTH_3fcc262b58f944b78fae9b8a4c1d4d81?format=json" "tx8d976905595d498e9acfd-0068dbeaec" "proxy-server 21" 0.0030 "-" 22 -
Sep 30 14:36:28 standalone account-server[125617]: 172.20.0.100 - - [30/Sep/2025:14:36:28 +0000] "PUT /d1/612/AUTH_3fcc262b58f944b78fae9b8a4c1d4d81/glance" 201 - "PUT http://172.20.0.100:6001/d1/916/AUTH_3fcc262b58f944b78fae9b8a4c1d4d81/glance" "tx8d976905595d498e9acfd-0068dbeaec" "container-server 22" 0.0016 "-" 21 0
Sep 30 14:36:28 standalone container-server[125789]: 172.20.0.100 - - [30/Sep/2025:14:36:28 +0000] "PUT /d1/916/AUTH_3fcc262b58f944b78fae9b8a4c1d4d81/glance" 201 - "PUT http://localhost:8080/v1/AUTH_3fcc262b58f944b78fae9b8a4c1d4d81/glance" "tx8d976905595d498e9acfd-0068dbeaec" "proxy-server 21" 0.0186 "-" 22 0
Sep 30 14:36:28 standalone proxy-server[127659]: 172.18.0.2 ::1 30/Sep/2025/14/36/28 PUT /v1/AUTH_3fcc262b58f944b78fae9b8a4c1d4d81/glance HTTP/1.0 201 - python-swiftclient-3.11.1 gAAAAABo2-rsvJL2... - - - tx8d976905595d498e9acfd-0068dbeaec - 0.0569 - - 1759242988.755728722 1759242988.812669754 0
Sep 30 14:36:28 standalone container-server[125799]: 172.20.0.100 - - [30/Sep/2025:14:36:28 +0000] "HEAD /d1/916/AUTH_3fcc262b58f944b78fae9b8a4c1d4d81/glance" 204 - "HEAD http://localhost:8080/v1/AUTH_3fcc262b58f944b78fae9b8a4c1d4d81/glance?format=json&states=listing" "txc60ece9bfb084955bf2cb-0068dbeaec" "proxy-server 21" 0.0046 "-" 23 0
Sep 30 14:36:28 standalone proxy-server[127659]: - - 30/Sep/2025/14/36/28 HEAD /v1/AUTH_3fcc262b58f944b78fae9b8a4c1d4d81/glance%3Fformat%3Djson%26states%3Dlisting HTTP/1.0 204 - Swift - - - - txc60ece9bfb084955bf2cb-0068dbeaec - 0.0106 RL - 1759242988.820916891 1759242988.831501245 0
Sep 30 14:36:46 standalone container-server[125799]: 172.20.0.100 - - [30/Sep/2025:14:36:46 +0000] "PUT /d1/916/AUTH_3fcc262b58f944b78fae9b8a4c1d4d81/glance/37f0c8d5-b648-42cc-aed8-95df7e2d4e55" 201 - "PUT http://localhost:8080/d1/421/AUTH_3fcc262b58f944b78fae9b8a4c1d4d81/glance/37f0c8d5-b648-42cc-aed8-95df7e2d4e55" "txc60ece9bfb084955bf2cb-0068dbeaec" "object-server 24" 0.0007 "-" 23 0
Sep 30 14:36:46 standalone object-server[125934]: 172.20.0.100 - - [30/Sep/2025:14:36:46 +0000] "PUT /d1/421/AUTH_3fcc262b58f944b78fae9b8a4c1d4d81/glance/37f0c8d5-b648-42cc-aed8-95df7e2d4e55" 201 - "PUT http://localhost:8080/v1/AUTH_3fcc262b58f944b78fae9b8a4c1d4d81/glance/37f0c8d5-b648-42cc-aed8-95df7e2d4e55" "txc60ece9bfb084955bf2cb-0068dbeaec" "proxy-server 21" 17.7116 "-" 24 0
Sep 30 14:36:46 standalone proxy-server[127659]: 172.18.0.2 ::1 30/Sep/2025/14/36/46 PUT /v1/AUTH_3fcc262b58f944b78fae9b8a4c1d4d81/glance/37f0c8d5-b648-42cc-aed8-95df7e2d4e55 HTTP/1.0 201 - python-swiftclient-3.11.1 gAAAAABo2-rsvJL2... 1445986304 - - txc60ece9bfb084955bf2cb-0068dbeaec - 17.7362 - - 1759242988.819126129 1759243006.555346966 0
Sep 30 14:38:09 standalone object-server[125835]: Begin object update sweep
Sep 30 14:38:09 standalone object-server[188889]: Object update sweep starting on /srv/node/d1 (pid: 13)
Sep 30 14:38:09 standalone object-server[188889]: Object update sweep completed on /srv/node/d1 in 0.00s seconds:, 0 successes, 0 failures, 0 quarantines, 0 unlinks, 0 errors, 0 redirects (pid: 13)
Sep 30 14:38:09 standalone object-server[188889]: Object update sweep of d1 completed: 0.00s, 0 successes, 0 failures, 0 quarantines, 0 unlinks, 0 errors, 0 redirects
Sep 30 14:38:09 standalone object-server[125835]: Object update sweep completed: 0.06s
Sep 30 14:40:23 standalone container-server[125628]: Begin container update sweep
Sep 30 14:40:23 standalone account-server[125611]: 172.20.0.100 - - [30/Sep/2025:14:40:23 +0000] "PUT /d1/612/AUTH_3fcc262b58f944b78fae9b8a4c1d4d81/glance" 201 - "-" "-" "container-updater 2" 0.0013 "-" 20 0
Sep 30 14:40:23 standalone container-server[125628]: Container update sweep completed: 0.10s
Sep 30 14:40:59 standalone account-server[125648]: 172.20.0.100 - - [30/Sep/2025:14:40:59 +0000] "HEAD /d1/482/.expiring_objects" 404 - "HEAD http://localhost/v1/.expiring_objects?format=json" "txfae8010224644ffaa6d21-0068dbebfb" "proxy-server 2" 0.0004 "-" 23 -
Sep 30 14:40:59 standalone object-expirer[125801]: Pass completed in 0s; 0 objects expired (txn: txfae8010224644ffaa6d21-0068dbebfb)
Sep 30 14:41:33 standalone account-server[125617]: 172.20.0.100 - - [30/Sep/2025:14:41:33 +0000] "HEAD /d1/612/AUTH_3fcc262b58f944b78fae9b8a4c1d4d81" 204 - "HEAD http://localhost:8080/v1/AUTH_3fcc262b58f944b78fae9b8a4c1d4d81?format=json" "txeb25a734977342228f758-0068dbec1d" "proxy-server 21" 0.0077 "-" 21 -
Sep 30 14:41:33 standalone proxy-server[127659]: - - 30/Sep/2025/14/41/33 HEAD /v1/AUTH_3fcc262b58f944b78fae9b8a4c1d4d81%3Fformat%3Djson HTTP/1.0 204 - Swift - - - - txeb25a734977342228f758-0068dbec1d - 0.0179 RL - 1759243293.459280491 1759243293.477211475 -
Sep 30 14:41:33 standalone container-server[125786]: 172.20.0.100 - - [30/Sep/2025:14:41:33 +0000] "HEAD /d1/916/AUTH_3fcc262b58f944b78fae9b8a4c1d4d81/glance" 204 - "HEAD http://localhost:8080/v1/AUTH_3fcc262b58f944b78fae9b8a4c1d4d81/glance?format=json&states=listing" "txeb25a734977342228f758-0068dbec1d" "proxy-server 21" 0.0032 "-" 21 0
Sep 30 14:41:33 standalone proxy-server[127659]: 172.18.0.2 ::1 30/Sep/2025/14/41/33 HEAD /v1/AUTH_3fcc262b58f944b78fae9b8a4c1d4d81/glance%3Fformat%3Djson%26states%3Dlisting HTTP/1.0 204 - python-swiftclient-3.11.1 gAAAAABo2-wdN1O7... - - - txeb25a734977342228f758-0068dbec1d - 0.0916 - - 1759243293.458050489 1759243293.549670458 0
Sep 30 14:41:36 standalone container-server[125784]: 172.20.0.100 - - [30/Sep/2025:14:41:36 +0000] "PUT /d1/916/AUTH_3fcc262b58f944b78fae9b8a4c1d4d81/glance/38bcd026-7bd4-485d-a6e8-7c8c5f7fc302-00001" 201 - "PUT http://localhost:8080/d1/317/AUTH_3fcc262b58f944b78fae9b8a4c1d4d81/glance/38bcd026-7bd4-485d-a6e8-7c8c5f7fc302-00001" "tx7d3b26732d42438eb144f-0068dbec1d" "object-server 22" 0.0018 "-" 20 0
Sep 30 14:41:36 standalone object-server[125932]: 172.20.0.100 - - [30/Sep/2025:14:41:36 +0000] "PUT /d1/317/AUTH_3fcc262b58f944b78fae9b8a4c1d4d81/glance/38bcd026-7bd4-485d-a6e8-7c8c5f7fc302-00001" 201 - "PUT http://localhost:8080/v1/AUTH_3fcc262b58f944b78fae9b8a4c1d4d81/glance/38bcd026-7bd4-485d-a6e8-7c8c5f7fc302-00001" "tx7d3b26732d42438eb144f-0068dbec1d" "proxy-server 21" 2.9460 "-" 22 0
Sep 30 14:41:36 standalone proxy-server[127659]: 172.18.0.2 ::1 30/Sep/2025/14/41/36 PUT /v1/AUTH_3fcc262b58f944b78fae9b8a4c1d4d81/glance/38bcd026-7bd4-485d-a6e8-7c8c5f7fc302-00001 HTTP/1.0 201 - python-swiftclient-3.11.1 gAAAAABo2-wdN1O7... 21692416 - - tx7d3b26732d42438eb144f-0068dbec1d - 2.9551 - - 1759243293.555013657 1759243296.510136366 0
Sep 30 14:41:36 standalone container-server[125799]: 172.20.0.100 - - [30/Sep/2025:14:41:36 +0000] "PUT /d1/916/AUTH_3fcc262b58f944b78fae9b8a4c1d4d81/glance/38bcd026-7bd4-485d-a6e8-7c8c5f7fc302" 201 - "PUT http://localhost:8080/d1/559/AUTH_3fcc262b58f944b78fae9b8a4c1d4d81/glance/38bcd026-7bd4-485d-a6e8-7c8c5f7fc302" "tx1e50de992ce142d58534a-0068dbec20" "object-server 25" 0.0009 "-" 23 0
Sep 30 14:41:36 standalone object-server[125935]: 172.20.0.100 - - [30/Sep/2025:14:41:36 +0000] "PUT /d1/559/AUTH_3fcc262b58f944b78fae9b8a4c1d4d81/glance/38bcd026-7bd4-485d-a6e8-7c8c5f7fc302" 201 - "PUT http://localhost:8080/v1/AUTH_3fcc262b58f944b78fae9b8a4c1d4d81/glance/38bcd026-7bd4-485d-a6e8-7c8c5f7fc302" "tx1e50de992ce142d58534a-0068dbec20" "proxy-server 21" 0.0264 "-" 25 0
Sep 30 14:41:36 standalone proxy-server[127659]: 172.18.0.2 ::1 30/Sep/2025/14/41/36 PUT /v1/AUTH_3fcc262b58f944b78fae9b8a4c1d4d81/glance/38bcd026-7bd4-485d-a6e8-7c8c5f7fc302 HTTP/1.0 201 - python-swiftclient-3.11.1 gAAAAABo2-wdN1O7... - - - tx1e50de992ce142d58534a-0068dbec20 - 0.0362 - - 1759243296.516728640 1759243296.552903891 0
Sep 30 14:41:37 standalone container-server[125799]: 172.20.0.100 - - [30/Sep/2025:14:41:37 +0000] "HEAD /d1/304/AUTH_3fcc262b58f944b78fae9b8a4c1d4d81/gnocchi.c72764ce-3488-46b1-8d35-7b80b69cc0c7" 404 - "HEAD http://localhost:8080/v1/AUTH_3fcc262b58f944b78fae9b8a4c1d4d81/gnocchi.c72764ce-3488-46b1-8d35-7b80b69cc0c7?format=json&states=listing" "tx6aab4f9476724587b5117-0068dbec21" "proxy-server 21" 0.0007 "-" 23 0
Sep 30 14:41:37 standalone object-server[125932]: 172.20.0.100 - - [30/Sep/2025:14:41:37 +0000] "GET /d1/272/AUTH_3fcc262b58f944b78fae9b8a4c1d4d81/gnocchi.c72764ce-3488-46b1-8d35-7b80b69cc0c7/none_v3" 404 70 "GET http://localhost:8080/v1/AUTH_3fcc262b58f944b78fae9b8a4c1d4d81/gnocchi.c72764ce-3488-46b1-8d35-7b80b69cc0c7/none_v3" "tx6aab4f9476724587b5117-0068dbec21" "proxy-server 21" 0.0007 "-" 22 0
Sep 30 14:41:37 standalone proxy-server[127659]: 172.18.0.2 ::1 30/Sep/2025/14/41/37 GET /v1/AUTH_3fcc262b58f944b78fae9b8a4c1d4d81/gnocchi.c72764ce-3488-46b1-8d35-7b80b69cc0c7/none_v3 HTTP/1.0 404 - python-swiftclient-3.11.1 gAAAAABo2-whVp_D... - 70 - tx6aab4f9476724587b5117-0068dbec21 - 0.0438 - - 1759243297.234947920 1759243297.278789043 0
Sep 30 14:41:37 standalone account-server[125617]: 172.20.0.100 - - [30/Sep/2025:14:41:37 +0000] "PUT /d1/612/AUTH_3fcc262b58f944b78fae9b8a4c1d4d81/gnocchi.c72764ce-3488-46b1-8d35-7b80b69cc0c7" 201 - "PUT http://172.20.0.100:6001/d1/304/AUTH_3fcc262b58f944b78fae9b8a4c1d4d81/gnocchi.c72764ce-3488-46b1-8d35-7b80b69cc0c7" "tx5b038ba6fff147cbbf22c-0068dbec21" "container-server 23" 0.0023 "-" 21 0
Sep 30 14:41:37 standalone container-server[125799]: 172.20.0.100 - - [30/Sep/2025:14:41:37 +0000] "PUT /d1/304/AUTH_3fcc262b58f944b78fae9b8a4c1d4d81/gnocchi.c72764ce-3488-46b1-8d35-7b80b69cc0c7" 201 - "PUT http://localhost:8080/v1/AUTH_3fcc262b58f944b78fae9b8a4c1d4d81/gnocchi.c72764ce-3488-46b1-8d35-7b80b69cc0c7" "tx5b038ba6fff147cbbf22c-0068dbec21" "proxy-server 21" 0.0176 "-" 23 0
Sep 30 14:41:37 standalone proxy-server[127659]: 172.18.0.2 ::1 30/Sep/2025/14/41/37 PUT /v1/AUTH_3fcc262b58f944b78fae9b8a4c1d4d81/gnocchi.c72764ce-3488-46b1-8d35-7b80b69cc0c7 HTTP/1.0 201 - python-swiftclient-3.11.1 gAAAAABo2-whVp_D... - - - tx5b038ba6fff147cbbf22c-0068dbec21 - 0.0224 - - 1759243297.282178640 1759243297.304560661 0
Sep 30 14:41:37 standalone container-server[125784]: 172.20.0.100 - - [30/Sep/2025:14:41:37 +0000] "HEAD /d1/304/AUTH_3fcc262b58f944b78fae9b8a4c1d4d81/gnocchi.c72764ce-3488-46b1-8d35-7b80b69cc0c7" 204 - "HEAD http://localhost:8080/v1/AUTH_3fcc262b58f944b78fae9b8a4c1d4d81/gnocchi.c72764ce-3488-46b1-8d35-7b80b69cc0c7?format=json&states=listing" "tx0d65eff4917b4f9eb328e-0068dbec21" "proxy-server 21" 0.0035 "-" 20 0
Sep 30 14:41:37 standalone proxy-server[127659]: - - 30/Sep/2025/14/41/37 HEAD /v1/AUTH_3fcc262b58f944b78fae9b8a4c1d4d81/gnocchi.c72764ce-3488-46b1-8d35-7b80b69cc0c7%3Fformat%3Djson%26states%3Dlisting HTTP/1.0 204 - Swift - - - - tx0d65eff4917b4f9eb328e-0068dbec21 - 0.0073 RL - 1759243297.312891245 1759243297.320207357 0
Sep 30 14:41:37 standalone container-server[125799]: 172.20.0.100 - - [30/Sep/2025:14:41:37 +0000] "GET /d1/304/AUTH_3fcc262b58f944b78fae9b8a4c1d4d81/gnocchi.c72764ce-3488-46b1-8d35-7b80b69cc0c7" 200 2 "GET http://localhost:8080/v1/AUTH_3fcc262b58f944b78fae9b8a4c1d4d81/gnocchi.c72764ce-3488-46b1-8d35-7b80b69cc0c7?format=json&states=listing" "tx0d65eff4917b4f9eb328e-0068dbec21" "proxy-server 21" 0.0039 "-" 23 0
Sep 30 14:41:37 standalone proxy-server[127659]: 172.18.0.2 ::1 30/Sep/2025/14/41/37 GET /v1/AUTH_3fcc262b58f944b78fae9b8a4c1d4d81/gnocchi.c72764ce-3488-46b1-8d35-7b80b69cc0c7%3Fformat%3Djson%26states%3Dlisting HTTP/1.0 200 - python-swiftclient-3.11.1 gAAAAABo2-whVp_D... - 2 - tx0d65eff4917b4f9eb328e-0068dbec21 - 0.0184 - - 1759243297.311908245 1759243297.330298424 0
Sep 30 14:41:37 standalone object-server[125932]: 172.20.0.100 - - [30/Sep/2025:14:41:37 +0000] "GET /d1/522/AUTH_3fcc262b58f944b78fae9b8a4c1d4d81/gnocchi.c72764ce-3488-46b1-8d35-7b80b69cc0c7/1758240000.0_mean_300.0_v3" 404 70 "GET http://localhost:8080/v1/AUTH_3fcc262b58f944b78fae9b8a4c1d4d81/gnocchi.c72764ce-3488-46b1-8d35-7b80b69cc0c7/1758240000.0_mean_300.0_v3" "txedd23820bd5845abb4c63-0068dbec21" "proxy-server 21" 0.0004 "-" 22 0
Sep 30 14:41:37 standalone proxy-server[127659]: 172.18.0.2 ::1 30/Sep/2025/14/41/37 GET /v1/AUTH_3fcc262b58f944b78fae9b8a4c1d4d81/gnocchi.c72764ce-3488-46b1-8d35-7b80b69cc0c7/1758240000.0_mean_300.0_v3 HTTP/1.0 404 - python-swiftclient-3.11.1 gAAAAABo2-whVp_D... - 70 - txedd23820bd5845abb4c63-0068dbec21 - 0.0052 - - 1759243297.334254265 1759243297.339432955 0
Sep 30 14:41:37 standalone container-server[125784]: 172.20.0.100 - - [30/Sep/2025:14:41:37 +0000] "PUT /d1/304/AUTH_3fcc262b58f944b78fae9b8a4c1d4d81/gnocchi.c72764ce-3488-46b1-8d35-7b80b69cc0c7/1758240000.0_mean_300.0_v3" 201 - "PUT http://localhost:8080/d1/522/AUTH_3fcc262b58f944b78fae9b8a4c1d4d81/gnocchi.c72764ce-3488-46b1-8d35-7b80b69cc0c7/1758240000.0_mean_300.0_v3" "tx15c13f915c394b6180601-0068dbec21" "object-server 22" 0.0008 "-" 20 0
Sep 30 14:41:37 standalone object-server[125932]: 172.20.0.100 - - [30/Sep/2025:14:41:37 +0000] "PUT /d1/522/AUTH_3fcc262b58f944b78fae9b8a4c1d4d81/gnocchi.c72764ce-3488-46b1-8d35-7b80b69cc0c7/1758240000.0_mean_300.0_v3" 201 - "PUT http://localhost:8080/v1/AUTH_3fcc262b58f944b78fae9b8a4c1d4d81/gnocchi.c72764ce-3488-46b1-8d35-7b80b69cc0c7/1758240000.0_mean_300.0_v3" "tx15c13f915c394b6180601-0068dbec21" "proxy-server 21" 0.0183 "-" 22 0
Sep 30 14:41:37 standalone proxy-server[127659]: 172.18.0.2 ::1 30/Sep/2025/14/41/37 PUT /v1/AUTH_3fcc262b58f944b78fae9b8a4c1d4d81/gnocchi.c72764ce-3488-46b1-8d35-7b80b69cc0c7/1758240000.0_mean_300.0_v3 HTTP/1.0 201 - python-swiftclient-3.11.1 gAAAAABo2-whVp_D... 16 - - tx15c13f915c394b6180601-0068dbec21 - 0.0235 - - 1759243297.342574835 1759243297.366052389 0
Sep 30 14:41:37 standalone container-server[125786]: 172.20.0.100 - - [30/Sep/2025:14:41:37 +0000] "PUT /d1/304/AUTH_3fcc262b58f944b78fae9b8a4c1d4d81/gnocchi.c72764ce-3488-46b1-8d35-7b80b69cc0c7/none_v3" 201 - "PUT http://localhost:8080/d1/272/AUTH_3fcc262b58f944b78fae9b8a4c1d4d81/gnocchi.c72764ce-3488-46b1-8d35-7b80b69cc0c7/none_v3" "txbe10a71ca5304eba9b4c3-0068dbec21" "object-server 23" 0.0009 "-" 21 0
Sep 30 14:41:37 standalone object-server[125933]: 172.20.0.100 - - [30/Sep/2025:14:41:37 +0000] "PUT /d1/272/AUTH_3fcc262b58f944b78fae9b8a4c1d4d81/gnocchi.c72764ce-3488-46b1-8d35-7b80b69cc0c7/none_v3" 201 - "PUT http://localhost:8080/v1/AUTH_3fcc262b58f944b78fae9b8a4c1d4d81/gnocchi.c72764ce-3488-46b1-8d35-7b80b69cc0c7/none_v3" "txbe10a71ca5304eba9b4c3-0068dbec21" "proxy-server 21" 0.0344 "-" 23 0
Sep 30 14:41:37 standalone proxy-server[127659]: 172.18.0.2 ::1 30/Sep/2025/14/41/37 PUT /v1/AUTH_3fcc262b58f944b78fae9b8a4c1d4d81/gnocchi.c72764ce-3488-46b1-8d35-7b80b69cc0c7/none_v3 HTTP/1.0 201 - python-swiftclient-3.11.1 gAAAAABo2-whVp_D... 22 - - txbe10a71ca5304eba9b4c3-0068dbec21 - 0.0415 - - 1759243297.369254112 1759243297.410734415 0
Sep 30 14:42:07 standalone object-server[125933]: 172.20.0.100 - - [30/Sep/2025:14:42:07 +0000] "GET /d1/272/AUTH_3fcc262b58f944b78fae9b8a4c1d4d81/gnocchi.c72764ce-3488-46b1-8d35-7b80b69cc0c7/none_v3" 200 22 "GET http://localhost:8080/v1/AUTH_3fcc262b58f944b78fae9b8a4c1d4d81/gnocchi.c72764ce-3488-46b1-8d35-7b80b69cc0c7/none_v3" "tx147289d7115844dd8f452-0068dbec3f" "proxy-server 21" 0.0016 "-" 23 0
Sep 30 14:42:07 standalone proxy-server[127659]: 172.18.0.2 ::1 30/Sep/2025/14/42/07 GET /v1/AUTH_3fcc262b58f944b78fae9b8a4c1d4d81/gnocchi.c72764ce-3488-46b1-8d35-7b80b69cc0c7/none_v3 HTTP/1.0 200 - python-swiftclient-3.11.1 gAAAAABo2-whVp_D... - 22 - tx147289d7115844dd8f452-0068dbec3f - 0.0112 - - 1759243327.034089804 1759243327.045317411 0
Sep 30 14:42:07 standalone container-server[125789]: 172.20.0.100 - - [30/Sep/2025:14:42:07 +0000] "GET /d1/304/AUTH_3fcc262b58f944b78fae9b8a4c1d4d81/gnocchi.c72764ce-3488-46b1-8d35-7b80b69cc0c7" 200 357 "GET http://localhost:8080/v1/AUTH_3fcc262b58f944b78fae9b8a4c1d4d81/gnocchi.c72764ce-3488-46b1-8d35-7b80b69cc0c7?format=json&states=listing" "txdcd512b7b014496ea8a28-0068dbec3f" "proxy-server 21" 0.0195 "-" 22 0
Sep 30 14:42:07 standalone proxy-server[127659]: 172.18.0.2 ::1 30/Sep/2025/14/42/07 GET /v1/AUTH_3fcc262b58f944b78fae9b8a4c1d4d81/gnocchi.c72764ce-3488-46b1-8d35-7b80b69cc0c7%3Fformat%3Djson%26states%3Dlisting HTTP/1.0 200 - python-swiftclient-3.11.1 gAAAAABo2-whVp_D... - 357 - txdcd512b7b014496ea8a28-0068dbec3f - 0.0258 - - 1759243327.049172878 1759243327.074944735 0
Sep 30 14:42:07 standalone container-server[125789]: 172.20.0.100 - - [30/Sep/2025:14:42:07 +0000] "GET /d1/304/AUTH_3fcc262b58f944b78fae9b8a4c1d4d81/gnocchi.c72764ce-3488-46b1-8d35-7b80b69cc0c7" 200 2 "GET http://localhost:8080/v1/AUTH_3fcc262b58f944b78fae9b8a4c1d4d81/gnocchi.c72764ce-3488-46b1-8d35-7b80b69cc0c7?format=json&marker=none_v3&states=listing" "tx6bd178d90ea249bfb2508-0068dbec3f" "proxy-server 21" 0.0033 "-" 22 0
Sep 30 14:42:07 standalone proxy-server[127659]: 172.18.0.2 ::1 30/Sep/2025/14/42/07 GET /v1/AUTH_3fcc262b58f944b78fae9b8a4c1d4d81/gnocchi.c72764ce-3488-46b1-8d35-7b80b69cc0c7%3Fformat%3Djson%26marker%3Dnone_v3%26states%3Dlisting HTTP/1.0 200 - python-swiftclient-3.11.1 gAAAAABo2-whVp_D... - 2 - tx6bd178d90ea249bfb2508-0068dbec3f - 0.0082 - - 1759243327.077497959 1759243327.085667372 0
Sep 30 14:42:07 standalone object-server[125934]: 172.20.0.100 - - [30/Sep/2025:14:42:07 +0000] "GET /d1/522/AUTH_3fcc262b58f944b78fae9b8a4c1d4d81/gnocchi.c72764ce-3488-46b1-8d35-7b80b69cc0c7/1758240000.0_mean_300.0_v3" 200 16 "GET http://localhost:8080/v1/AUTH_3fcc262b58f944b78fae9b8a4c1d4d81/gnocchi.c72764ce-3488-46b1-8d35-7b80b69cc0c7/1758240000.0_mean_300.0_v3" "tx629b1d5d863c4a8fb8b1f-0068dbec3f" "proxy-server 21" 0.0015 "-" 24 0
Sep 30 14:42:07 standalone proxy-server[127659]: 172.18.0.2 ::1 30/Sep/2025/14/42/07 GET /v1/AUTH_3fcc262b58f944b78fae9b8a4c1d4d81/gnocchi.c72764ce-3488-46b1-8d35-7b80b69cc0c7/1758240000.0_mean_300.0_v3 HTTP/1.0 200 - python-swiftclient-3.11.1 gAAAAABo2-whVp_D... - 16 - tx629b1d5d863c4a8fb8b1f-0068dbec3f - 0.0068 - - 1759243327.090434551 1759243327.097273588 0
Sep 30 14:42:07 standalone container-server[125789]: 172.20.0.100 - - [30/Sep/2025:14:42:07 +0000] "PUT /d1/304/AUTH_3fcc262b58f944b78fae9b8a4c1d4d81/gnocchi.c72764ce-3488-46b1-8d35-7b80b69cc0c7/1758240000.0_mean_300.0_v3" 201 - "PUT http://localhost:8080/d1/522/AUTH_3fcc262b58f944b78fae9b8a4c1d4d81/gnocchi.c72764ce-3488-46b1-8d35-7b80b69cc0c7/1758240000.0_mean_300.0_v3" "tx0e5b3757ea0a44ffae72f-0068dbec3f" "object-server 24" 0.0007 "-" 22 0
Sep 30 14:42:07 standalone object-server[125934]: 172.20.0.100 - - [30/Sep/2025:14:42:07 +0000] "PUT /d1/522/AUTH_3fcc262b58f944b78fae9b8a4c1d4d81/gnocchi.c72764ce-3488-46b1-8d35-7b80b69cc0c7/1758240000.0_mean_300.0_v3" 201 - "PUT http://localhost:8080/v1/AUTH_3fcc262b58f944b78fae9b8a4c1d4d81/gnocchi.c72764ce-3488-46b1-8d35-7b80b69cc0c7/1758240000.0_mean_300.0_v3" "tx0e5b3757ea0a44ffae72f-0068dbec3f" "proxy-server 21" 0.0107 "-" 24 0
Sep 30 14:42:07 standalone proxy-server[127659]: 172.18.0.2 ::1 30/Sep/2025/14/42/07 PUT /v1/AUTH_3fcc262b58f944b78fae9b8a4c1d4d81/gnocchi.c72764ce-3488-46b1-8d35-7b80b69cc0c7/1758240000.0_mean_300.0_v3 HTTP/1.0 201 - python-swiftclient-3.11.1 gAAAAABo2-whVp_D... 16 - - tx0e5b3757ea0a44ffae72f-0068dbec3f - 0.0157 - - 1759243327.101316690 1759243327.117053270 0
Sep 30 14:42:07 standalone container-server[125799]: 172.20.0.100 - - [30/Sep/2025:14:42:07 +0000] "PUT /d1/304/AUTH_3fcc262b58f944b78fae9b8a4c1d4d81/gnocchi.c72764ce-3488-46b1-8d35-7b80b69cc0c7/none_v3" 201 - "PUT http://localhost:8080/d1/272/AUTH_3fcc262b58f944b78fae9b8a4c1d4d81/gnocchi.c72764ce-3488-46b1-8d35-7b80b69cc0c7/none_v3" "tx7d83605efc7d445cabf3c-0068dbec3f" "object-server 24" 0.0008 "-" 23 0
Sep 30 14:42:07 standalone object-server[125934]: 172.20.0.100 - - [30/Sep/2025:14:42:07 +0000] "PUT /d1/272/AUTH_3fcc262b58f944b78fae9b8a4c1d4d81/gnocchi.c72764ce-3488-46b1-8d35-7b80b69cc0c7/none_v3" 201 - "PUT http://localhost:8080/v1/AUTH_3fcc262b58f944b78fae9b8a4c1d4d81/gnocchi.c72764ce-3488-46b1-8d35-7b80b69cc0c7/none_v3" "tx7d83605efc7d445cabf3c-0068dbec3f" "proxy-server 21" 0.0110 "-" 24 0
Sep 30 14:42:07 standalone proxy-server[127659]: 172.18.0.2 ::1 30/Sep/2025/14/42/07 PUT /v1/AUTH_3fcc262b58f944b78fae9b8a4c1d4d81/gnocchi.c72764ce-3488-46b1-8d35-7b80b69cc0c7/none_v3 HTTP/1.0 201 - python-swiftclient-3.11.1 gAAAAABo2-whVp_D... 32 - - tx7d83605efc7d445cabf3c-0068dbec3f - 0.0155 - - 1759243327.120654345 1759243327.136113644 0
Sep 30 14:42:39 standalone account-server[125617]: 172.20.0.100 - - [30/Sep/2025:14:42:39 +0000] "HEAD /d1/612/AUTH_3fcc262b58f944b78fae9b8a4c1d4d81" 204 - "HEAD http://localhost:8080/v1/AUTH_3fcc262b58f944b78fae9b8a4c1d4d81?format=json" "tx0e8f2c2aab3f425798fa9-0068dbec5f" "proxy-server 21" 0.0050 "-" 21 -
Sep 30 14:42:39 standalone proxy-server[127659]: - - 30/Sep/2025/14/42/39 HEAD /v1/AUTH_3fcc262b58f944b78fae9b8a4c1d4d81%3Fformat%3Djson HTTP/1.0 204 - Swift - - - - tx0e8f2c2aab3f425798fa9-0068dbec5f - 0.0100 RL - 1759243359.600507975 1759243359.610540390 -
Sep 30 14:42:39 standalone container-server[125789]: 172.20.0.100 - - [30/Sep/2025:14:42:39 +0000] "HEAD /d1/916/AUTH_3fcc262b58f944b78fae9b8a4c1d4d81/glance" 204 - "HEAD http://localhost:8080/v1/AUTH_3fcc262b58f944b78fae9b8a4c1d4d81/glance?format=json&states=listing" "tx0e8f2c2aab3f425798fa9-0068dbec5f" "proxy-server 21" 0.0080 "-" 22 0
Sep 30 14:42:39 standalone object-server[125934]: 172.20.0.100 - - [30/Sep/2025:14:42:39 +0000] "GET /d1/559/AUTH_3fcc262b58f944b78fae9b8a4c1d4d81/glance/38bcd026-7bd4-485d-a6e8-7c8c5f7fc302" 200 - "GET http://localhost:8080/v1/AUTH_3fcc262b58f944b78fae9b8a4c1d4d81/glance/38bcd026-7bd4-485d-a6e8-7c8c5f7fc302" "tx0e8f2c2aab3f425798fa9-0068dbec5f" "proxy-server 21" 0.0015 "-" 24 0
Sep 30 14:42:39 standalone container-server[125786]: 172.20.0.100 - - [30/Sep/2025:14:42:39 +0000] "GET /d1/916/AUTH_3fcc262b58f944b78fae9b8a4c1d4d81/glance" 200 210 "GET http://localhost:8080/v1/AUTH_3fcc262b58f944b78fae9b8a4c1d4d81/glance?prefix=38bcd026-7bd4-485d-a6e8-7c8c5f7fc302-&format=json&states=listing" "tx0e8f2c2aab3f425798fa9-0068dbec5f" "proxy-server 21" 0.0042 "-" 21 0
Sep 30 14:42:39 standalone proxy-server[127659]: - - 30/Sep/2025/14/42/39 GET /v1/AUTH_3fcc262b58f944b78fae9b8a4c1d4d81/glance%3Fprefix%3D38bcd026-7bd4-485d-a6e8-7c8c5f7fc302-%26format%3Djson%26states%3Dlisting HTTP/1.0 200 - python-swiftclient-3.11.1%20DLO%20MultipartGET gAAAAABo2-xf214n... - 210 - tx0e8f2c2aab3f425798fa9-0068dbec5f - 0.0100 DLO - 1759243359.736140966 1759243359.746173143 0
Sep 30 14:42:39 standalone object-server[125932]: 172.20.0.100 - - [30/Sep/2025:14:42:39 +0000] "GET /d1/317/AUTH_3fcc262b58f944b78fae9b8a4c1d4d81/glance/38bcd026-7bd4-485d-a6e8-7c8c5f7fc302-00001" 200 21692416 "GET http://localhost:8080/v1/AUTH_3fcc262b58f944b78fae9b8a4c1d4d81/glance/38bcd026-7bd4-485d-a6e8-7c8c5f7fc302-00001?multipart-manifest=get" "tx0e8f2c2aab3f425798fa9-0068dbec5f" "proxy-server 21" 0.0012 "-" 22 0
Sep 30 14:42:39 standalone proxy-server[127659]: - - 30/Sep/2025/14/42/39 GET /v1/AUTH_3fcc262b58f944b78fae9b8a4c1d4d81/glance/38bcd026-7bd4-485d-a6e8-7c8c5f7fc302-00001%3Fmultipart-manifest%3Dget HTTP/1.0 200 - python-swiftclient-3.11.1%20%20DLO%20MultipartGET gAAAAABo2-xf214n... - 21692416 - tx0e8f2c2aab3f425798fa9-0068dbec5f - 0.1142 DLO - 1759243359.747107983 1759243359.861323595 0
Sep 30 14:42:39 standalone proxy-server[127659]: 172.18.0.2 ::1 30/Sep/2025/14/42/39 GET /v1/AUTH_3fcc262b58f944b78fae9b8a4c1d4d81/glance/38bcd026-7bd4-485d-a6e8-7c8c5f7fc302 HTTP/1.0 200 - python-swiftclient-3.11.1 gAAAAABo2-xf214n... - 21692416 - tx0e8f2c2aab3f425798fa9-0068dbec5f - 0.2632 - - 1759243359.598858356 1759243359.862083673 0
Sep 30 14:42:40 standalone container-server[125786]: 172.20.0.100 - - [30/Sep/2025:14:42:40 +0000] "HEAD /d1/78/AUTH_3fcc262b58f944b78fae9b8a4c1d4d81/gnocchi.63f072c9-0502-41b1-b1cc-bf3ea191b5a9" 404 - "HEAD http://localhost:8080/v1/AUTH_3fcc262b58f944b78fae9b8a4c1d4d81/gnocchi.63f072c9-0502-41b1-b1cc-bf3ea191b5a9?format=json&states=listing" "tx65e00016655b496eb886a-0068dbec60" "proxy-server 21" 0.0004 "-" 21 0
Sep 30 14:42:40 standalone object-server[125934]: 172.20.0.100 - - [30/Sep/2025:14:42:40 +0000] "GET /d1/9/AUTH_3fcc262b58f944b78fae9b8a4c1d4d81/gnocchi.63f072c9-0502-41b1-b1cc-bf3ea191b5a9/none_v3" 404 70 "GET http://localhost:8080/v1/AUTH_3fcc262b58f944b78fae9b8a4c1d4d81/gnocchi.63f072c9-0502-41b1-b1cc-bf3ea191b5a9/none_v3" "tx65e00016655b496eb886a-0068dbec60" "proxy-server 21" 0.0003 "-" 24 0
Sep 30 14:42:40 standalone proxy-server[127659]: 172.18.0.2 ::1 30/Sep/2025/14/42/40 GET /v1/AUTH_3fcc262b58f944b78fae9b8a4c1d4d81/gnocchi.63f072c9-0502-41b1-b1cc-bf3ea191b5a9/none_v3 HTTP/1.0 404 - python-swiftclient-3.11.1 gAAAAABo2-whVp_D... - 70 - tx65e00016655b496eb886a-0068dbec60 - 0.0139 - - 1759243360.239770889 1759243360.253698826 0
Sep 30 14:42:40 standalone account-server[125648]: 172.20.0.100 - - [30/Sep/2025:14:42:40 +0000] "PUT /d1/612/AUTH_3fcc262b58f944b78fae9b8a4c1d4d81/gnocchi.63f072c9-0502-41b1-b1cc-bf3ea191b5a9" 201 - "PUT http://172.20.0.100:6001/d1/78/AUTH_3fcc262b58f944b78fae9b8a4c1d4d81/gnocchi.63f072c9-0502-41b1-b1cc-bf3ea191b5a9" "txb6303309c9984d9ab4ad7-0068dbec60" "container-server 23" 0.0030 "-" 23 0
Sep 30 14:42:40 standalone container-server[125799]: 172.20.0.100 - - [30/Sep/2025:14:42:40 +0000] "PUT /d1/78/AUTH_3fcc262b58f944b78fae9b8a4c1d4d81/gnocchi.63f072c9-0502-41b1-b1cc-bf3ea191b5a9" 201 - "PUT http://localhost:8080/v1/AUTH_3fcc262b58f944b78fae9b8a4c1d4d81/gnocchi.63f072c9-0502-41b1-b1cc-bf3ea191b5a9" "txb6303309c9984d9ab4ad7-0068dbec60" "proxy-server 21" 0.0211 "-" 23 0
Sep 30 14:42:40 standalone proxy-server[127659]: 172.18.0.2 ::1 30/Sep/2025/14/42/40 PUT /v1/AUTH_3fcc262b58f944b78fae9b8a4c1d4d81/gnocchi.63f072c9-0502-41b1-b1cc-bf3ea191b5a9 HTTP/1.0 201 - python-swiftclient-3.11.1 gAAAAABo2-whVp_D... - - - txb6303309c9984d9ab4ad7-0068dbec60 - 0.0281 - - 1759243360.258012772 1759243360.286122799 0
Sep 30 14:42:40 standalone container-server[125789]: 172.20.0.100 - - [30/Sep/2025:14:42:40 +0000] "HEAD /d1/78/AUTH_3fcc262b58f944b78fae9b8a4c1d4d81/gnocchi.63f072c9-0502-41b1-b1cc-bf3ea191b5a9" 204 - "HEAD http://localhost:8080/v1/AUTH_3fcc262b58f944b78fae9b8a4c1d4d81/gnocchi.63f072c9-0502-41b1-b1cc-bf3ea191b5a9?format=json&states=listing" "tx549abe0fcf60493098488-0068dbec60" "proxy-server 21" 0.0012 "-" 22 0
Sep 30 14:42:40 standalone proxy-server[127659]: - - 30/Sep/2025/14/42/40 HEAD /v1/AUTH_3fcc262b58f944b78fae9b8a4c1d4d81/gnocchi.63f072c9-0502-41b1-b1cc-bf3ea191b5a9%3Fformat%3Djson%26states%3Dlisting HTTP/1.0 204 - Swift - - - - tx549abe0fcf60493098488-0068dbec60 - 0.0045 RL - 1759243360.292000771 1759243360.296486855 0
Sep 30 14:42:40 standalone container-server[125784]: 172.20.0.100 - - [30/Sep/2025:14:42:40 +0000] "GET /d1/78/AUTH_3fcc262b58f944b78fae9b8a4c1d4d81/gnocchi.63f072c9-0502-41b1-b1cc-bf3ea191b5a9" 200 2 "GET http://localhost:8080/v1/AUTH_3fcc262b58f944b78fae9b8a4c1d4d81/gnocchi.63f072c9-0502-41b1-b1cc-bf3ea191b5a9?format=json&states=listing" "tx549abe0fcf60493098488-0068dbec60" "proxy-server 21" 0.0042 "-" 20 0
Sep 30 14:42:40 standalone proxy-server[127659]: 172.18.0.2 ::1 30/Sep/2025/14/42/40 GET /v1/AUTH_3fcc262b58f944b78fae9b8a4c1d4d81/gnocchi.63f072c9-0502-41b1-b1cc-bf3ea191b5a9%3Fformat%3Djson%26states%3Dlisting HTTP/1.0 200 - python-swiftclient-3.11.1 gAAAAABo2-whVp_D... - 2 - tx549abe0fcf60493098488-0068dbec60 - 0.0178 - - 1759243360.290670633 1759243360.308423758 0
Sep 30 14:42:40 standalone object-server[125935]: 172.20.0.100 - - [30/Sep/2025:14:42:40 +0000] "GET /d1/61/AUTH_3fcc262b58f944b78fae9b8a4c1d4d81/gnocchi.63f072c9-0502-41b1-b1cc-bf3ea191b5a9/1758240000.0_mean_300.0_v3" 404 70 "GET http://localhost:8080/v1/AUTH_3fcc262b58f944b78fae9b8a4c1d4d81/gnocchi.63f072c9-0502-41b1-b1cc-bf3ea191b5a9/1758240000.0_mean_300.0_v3" "txd66f28e547744c1485dd5-0068dbec60" "proxy-server 21" 0.0005 "-" 25 0
Sep 30 14:42:40 standalone proxy-server[127659]: 172.18.0.2 ::1 30/Sep/2025/14/42/40 GET /v1/AUTH_3fcc262b58f944b78fae9b8a4c1d4d81/gnocchi.63f072c9-0502-41b1-b1cc-bf3ea191b5a9/1758240000.0_mean_300.0_v3 HTTP/1.0 404 - python-swiftclient-3.11.1 gAAAAABo2-whVp_D... - 70 - txd66f28e547744c1485dd5-0068dbec60 - 0.0084 - - 1759243360.313172817 1759243360.321576118 0
Sep 30 14:42:40 standalone container-server[125799]: 172.20.0.100 - - [30/Sep/2025:14:42:40 +0000] "PUT /d1/78/AUTH_3fcc262b58f944b78fae9b8a4c1d4d81/gnocchi.63f072c9-0502-41b1-b1cc-bf3ea191b5a9/1758240000.0_mean_300.0_v3" 201 - "PUT http://localhost:8080/d1/61/AUTH_3fcc262b58f944b78fae9b8a4c1d4d81/gnocchi.63f072c9-0502-41b1-b1cc-bf3ea191b5a9/1758240000.0_mean_300.0_v3" "tx65886794ecc84433aca50-0068dbec60" "object-server 23" 0.0005 "-" 23 0
Sep 30 14:42:40 standalone object-server[125933]: 172.20.0.100 - - [30/Sep/2025:14:42:40 +0000] "PUT /d1/61/AUTH_3fcc262b58f944b78fae9b8a4c1d4d81/gnocchi.63f072c9-0502-41b1-b1cc-bf3ea191b5a9/1758240000.0_mean_300.0_v3" 201 - "PUT http://localhost:8080/v1/AUTH_3fcc262b58f944b78fae9b8a4c1d4d81/gnocchi.63f072c9-0502-41b1-b1cc-bf3ea191b5a9/1758240000.0_mean_300.0_v3" "tx65886794ecc84433aca50-0068dbec60" "proxy-server 21" 0.0088 "-" 23 0
Sep 30 14:42:40 standalone proxy-server[127659]: 172.18.0.2 ::1 30/Sep/2025/14/42/40 PUT /v1/AUTH_3fcc262b58f944b78fae9b8a4c1d4d81/gnocchi.63f072c9-0502-41b1-b1cc-bf3ea191b5a9/1758240000.0_mean_300.0_v3 HTTP/1.0 201 - python-swiftclient-3.11.1 gAAAAABo2-whVp_D... 16 - - tx65886794ecc84433aca50-0068dbec60 - 0.0166 - - 1759243360.325741768 1759243360.342342615 0
Sep 30 14:42:40 standalone container-server[125789]: 172.20.0.100 - - [30/Sep/2025:14:42:40 +0000] "PUT /d1/78/AUTH_3fcc262b58f944b78fae9b8a4c1d4d81/gnocchi.63f072c9-0502-41b1-b1cc-bf3ea191b5a9/none_v3" 201 - "PUT http://localhost:8080/d1/9/AUTH_3fcc262b58f944b78fae9b8a4c1d4d81/gnocchi.63f072c9-0502-41b1-b1cc-bf3ea191b5a9/none_v3" "tx4cc9c9d31d014975b0550-0068dbec60" "object-server 22" 0.0004 "-" 22 0
Sep 30 14:42:40 standalone object-server[125932]: 172.20.0.100 - - [30/Sep/2025:14:42:40 +0000] "PUT /d1/9/AUTH_3fcc262b58f944b78fae9b8a4c1d4d81/gnocchi.63f072c9-0502-41b1-b1cc-bf3ea191b5a9/none_v3" 201 - "PUT http://localhost:8080/v1/AUTH_3fcc262b58f944b78fae9b8a4c1d4d81/gnocchi.63f072c9-0502-41b1-b1cc-bf3ea191b5a9/none_v3" "tx4cc9c9d31d014975b0550-0068dbec60" "proxy-server 21" 0.0102 "-" 22 0
Sep 30 14:42:40 standalone proxy-server[127659]: 172.18.0.2 ::1 30/Sep/2025/14/42/40 PUT /v1/AUTH_3fcc262b58f944b78fae9b8a4c1d4d81/gnocchi.63f072c9-0502-41b1-b1cc-bf3ea191b5a9/none_v3 HTTP/1.0 201 - python-swiftclient-3.11.1 gAAAAABo2-whVp_D... 22 - - tx4cc9c9d31d014975b0550-0068dbec60 - 0.0180 - - 1759243360.346929312 1759243360.364916801 0
Sep 30 14:42:40 standalone container-server[125789]: 172.20.0.100 - - [30/Sep/2025:14:42:40 +0000] "HEAD /d1/995/AUTH_3fcc262b58f944b78fae9b8a4c1d4d81/gnocchi.770fb184-c2ca-4b02-a328-b06d5bc081cb" 404 - "HEAD http://localhost:8080/v1/AUTH_3fcc262b58f944b78fae9b8a4c1d4d81/gnocchi.770fb184-c2ca-4b02-a328-b06d5bc081cb?format=json&states=listing" "txa8e3aeb20d9d464d912bd-0068dbec60" "proxy-server 21" 0.0002 "-" 22 0
Sep 30 14:42:40 standalone object-server[125933]: 172.20.0.100 - - [30/Sep/2025:14:42:40 +0000] "GET /d1/273/AUTH_3fcc262b58f944b78fae9b8a4c1d4d81/gnocchi.770fb184-c2ca-4b02-a328-b06d5bc081cb/none_v3" 404 70 "GET http://localhost:8080/v1/AUTH_3fcc262b58f944b78fae9b8a4c1d4d81/gnocchi.770fb184-c2ca-4b02-a328-b06d5bc081cb/none_v3" "txa8e3aeb20d9d464d912bd-0068dbec60" "proxy-server 21" 0.0002 "-" 23 0
Sep 30 14:42:40 standalone proxy-server[127659]: 172.18.0.2 ::1 30/Sep/2025/14/42/40 GET /v1/AUTH_3fcc262b58f944b78fae9b8a4c1d4d81/gnocchi.770fb184-c2ca-4b02-a328-b06d5bc081cb/none_v3 HTTP/1.0 404 - python-swiftclient-3.11.1 gAAAAABo2-whVp_D... - 70 - txa8e3aeb20d9d464d912bd-0068dbec60 - 0.0099 - - 1759243360.379988194 1759243360.389853716 0
Sep 30 14:42:40 standalone account-server[125627]: 172.20.0.100 - - [30/Sep/2025:14:42:40 +0000] "PUT /d1/612/AUTH_3fcc262b58f944b78fae9b8a4c1d4d81/gnocchi.770fb184-c2ca-4b02-a328-b06d5bc081cb" 201 - "PUT http://172.20.0.100:6001/d1/995/AUTH_3fcc262b58f944b78fae9b8a4c1d4d81/gnocchi.770fb184-c2ca-4b02-a328-b06d5bc081cb" "tx30e7350f73f74264ba282-0068dbec60" "container-server 23" 0.0048 "-" 22 0
Sep 30 14:42:40 standalone container-server[125799]: 172.20.0.100 - - [30/Sep/2025:14:42:40 +0000] "PUT /d1/995/AUTH_3fcc262b58f944b78fae9b8a4c1d4d81/gnocchi.770fb184-c2ca-4b02-a328-b06d5bc081cb" 201 - "PUT http://localhost:8080/v1/AUTH_3fcc262b58f944b78fae9b8a4c1d4d81/gnocchi.770fb184-c2ca-4b02-a328-b06d5bc081cb" "tx30e7350f73f74264ba282-0068dbec60" "proxy-server 21" 0.0126 "-" 23 0
Sep 30 14:42:40 standalone proxy-server[127659]: 172.18.0.2 ::1 30/Sep/2025/14/42/40 PUT /v1/AUTH_3fcc262b58f944b78fae9b8a4c1d4d81/gnocchi.770fb184-c2ca-4b02-a328-b06d5bc081cb HTTP/1.0 201 - python-swiftclient-3.11.1 gAAAAABo2-whVp_D... - - - tx30e7350f73f74264ba282-0068dbec60 - 0.0189 - - 1759243360.394343853 1759243360.413256407 0
Sep 30 14:42:40 standalone container-server[125799]: 172.20.0.100 - - [30/Sep/2025:14:42:40 +0000] "HEAD /d1/995/AUTH_3fcc262b58f944b78fae9b8a4c1d4d81/gnocchi.770fb184-c2ca-4b02-a328-b06d5bc081cb" 204 - "HEAD http://localhost:8080/v1/AUTH_3fcc262b58f944b78fae9b8a4c1d4d81/gnocchi.770fb184-c2ca-4b02-a328-b06d5bc081cb?format=json&states=listing" "tx74155842bbd54af987d4f-0068dbec60" "proxy-server 21" 0.0009 "-" 23 0
Sep 30 14:42:40 standalone proxy-server[127659]: - - 30/Sep/2025/14/42/40 HEAD /v1/AUTH_3fcc262b58f944b78fae9b8a4c1d4d81/gnocchi.770fb184-c2ca-4b02-a328-b06d5bc081cb%3Fformat%3Djson%26states%3Dlisting HTTP/1.0 204 - Swift - - - - tx74155842bbd54af987d4f-0068dbec60 - 0.0042 RL - 1759243360.419389486 1759243360.423584938 0
Sep 30 14:42:40 standalone container-server[125799]: 172.20.0.100 - - [30/Sep/2025:14:42:40 +0000] "GET /d1/995/AUTH_3fcc262b58f944b78fae9b8a4c1d4d81/gnocchi.770fb184-c2ca-4b02-a328-b06d5bc081cb" 200 2 "GET http://localhost:8080/v1/AUTH_3fcc262b58f944b78fae9b8a4c1d4d81/gnocchi.770fb184-c2ca-4b02-a328-b06d5bc081cb?format=json&states=listing" "tx74155842bbd54af987d4f-0068dbec60" "proxy-server 21" 0.0014 "-" 23 0
Sep 30 14:42:40 standalone proxy-server[127659]: 172.18.0.2 ::1 30/Sep/2025/14/42/40 GET /v1/AUTH_3fcc262b58f944b78fae9b8a4c1d4d81/gnocchi.770fb184-c2ca-4b02-a328-b06d5bc081cb%3Fformat%3Djson%26states%3Dlisting HTTP/1.0 200 - python-swiftclient-3.11.1 gAAAAABo2-whVp_D... - 2 - tx74155842bbd54af987d4f-0068dbec60 - 0.0143 - - 1759243360.417869329 1759243360.432183743 0
Sep 30 14:42:40 standalone object-server[125935]: 172.20.0.100 - - [30/Sep/2025:14:42:40 +0000] "GET /d1/554/AUTH_3fcc262b58f944b78fae9b8a4c1d4d81/gnocchi.770fb184-c2ca-4b02-a328-b06d5bc081cb/1758240000.0_mean_300.0_v3" 404 70 "GET http://localhost:8080/v1/AUTH_3fcc262b58f944b78fae9b8a4c1d4d81/gnocchi.770fb184-c2ca-4b02-a328-b06d5bc081cb/1758240000.0_mean_300.0_v3" "tx451b797f05844d069d33f-0068dbec60" "proxy-server 21" 0.0005 "-" 25 0
Sep 30 14:42:40 standalone proxy-server[127659]: 172.18.0.2 ::1 30/Sep/2025/14/42/40 GET /v1/AUTH_3fcc262b58f944b78fae9b8a4c1d4d81/gnocchi.770fb184-c2ca-4b02-a328-b06d5bc081cb/1758240000.0_mean_300.0_v3 HTTP/1.0 404 - python-swiftclient-3.11.1 gAAAAABo2-whVp_D... - 70 - tx451b797f05844d069d33f-0068dbec60 - 0.0079 - - 1759243360.437011003 1759243360.444885492 0
Sep 30 14:42:40 standalone container-server[125784]: 172.20.0.100 - - [30/Sep/2025:14:42:40 +0000] "PUT /d1/995/AUTH_3fcc262b58f944b78fae9b8a4c1d4d81/gnocchi.770fb184-c2ca-4b02-a328-b06d5bc081cb/1758240000.0_mean_300.0_v3" 201 - "PUT http://localhost:8080/d1/554/AUTH_3fcc262b58f944b78fae9b8a4c1d4d81/gnocchi.770fb184-c2ca-4b02-a328-b06d5bc081cb/1758240000.0_mean_300.0_v3" "txe50070be8bb74962add90-0068dbec60" "object-server 24" 0.0008 "-" 20 0
Sep 30 14:42:40 standalone object-server[125934]: 172.20.0.100 - - [30/Sep/2025:14:42:40 +0000] "PUT /d1/554/AUTH_3fcc262b58f944b78fae9b8a4c1d4d81/gnocchi.770fb184-c2ca-4b02-a328-b06d5bc081cb/1758240000.0_mean_300.0_v3" 201 - "PUT http://localhost:8080/v1/AUTH_3fcc262b58f944b78fae9b8a4c1d4d81/gnocchi.770fb184-c2ca-4b02-a328-b06d5bc081cb/1758240000.0_mean_300.0_v3" "txe50070be8bb74962add90-0068dbec60" "proxy-server 21" 0.0117 "-" 24 0
Sep 30 14:42:40 standalone proxy-server[127659]: 172.18.0.2 ::1 30/Sep/2025/14/42/40 PUT /v1/AUTH_3fcc262b58f944b78fae9b8a4c1d4d81/gnocchi.770fb184-c2ca-4b02-a328-b06d5bc081cb/1758240000.0_mean_300.0_v3 HTTP/1.0 201 - python-swiftclient-3.11.1 gAAAAABo2-whVp_D... 16 - - txe50070be8bb74962add90-0068dbec60 - 0.0213 - - 1759243360.449893475 1759243360.471220493 0
Sep 30 14:42:40 standalone container-server[125786]: 172.20.0.100 - - [30/Sep/2025:14:42:40 +0000] "PUT /d1/995/AUTH_3fcc262b58f944b78fae9b8a4c1d4d81/gnocchi.770fb184-c2ca-4b02-a328-b06d5bc081cb/none_v3" 201 - "PUT http://localhost:8080/d1/273/AUTH_3fcc262b58f944b78fae9b8a4c1d4d81/gnocchi.770fb184-c2ca-4b02-a328-b06d5bc081cb/none_v3" "txd16d9391193241c6bfb7e-0068dbec60" "object-server 23" 0.0011 "-" 21 0
Sep 30 14:42:40 standalone object-server[125933]: 172.20.0.100 - - [30/Sep/2025:14:42:40 +0000] "PUT /d1/273/AUTH_3fcc262b58f944b78fae9b8a4c1d4d81/gnocchi.770fb184-c2ca-4b02-a328-b06d5bc081cb/none_v3" 201 - "PUT http://localhost:8080/v1/AUTH_3fcc262b58f944b78fae9b8a4c1d4d81/gnocchi.770fb184-c2ca-4b02-a328-b06d5bc081cb/none_v3" "txd16d9391193241c6bfb7e-0068dbec60" "proxy-server 21" 0.0113 "-" 23 0
Sep 30 14:42:40 standalone proxy-server[127659]: 172.18.0.2 ::1 30/Sep/2025/14/42/40 PUT /v1/AUTH_3fcc262b58f944b78fae9b8a4c1d4d81/gnocchi.770fb184-c2ca-4b02-a328-b06d5bc081cb/none_v3 HTTP/1.0 201 - python-swiftclient-3.11.1 gAAAAABo2-whVp_D... 22 - - txd16d9391193241c6bfb7e-0068dbec60 - 0.0189 - - 1759243360.475877285 1759243360.494782209 0
Sep 30 14:42:44 standalone container-server[125799]: 172.20.0.100 - - [30/Sep/2025:14:42:44 +0000] "HEAD /d1/900/AUTH_3fcc262b58f944b78fae9b8a4c1d4d81/gnocchi.56ea7426-1048-4c4a-8162-fc36de78634f" 404 - "HEAD http://localhost:8080/v1/AUTH_3fcc262b58f944b78fae9b8a4c1d4d81/gnocchi.56ea7426-1048-4c4a-8162-fc36de78634f?format=json&states=listing" "tx6d0f87046d864d1db7967-0068dbec64" "proxy-server 21" 0.0008 "-" 23 0
Sep 30 14:42:44 standalone object-server[125934]: 172.20.0.100 - - [30/Sep/2025:14:42:44 +0000] "GET /d1/268/AUTH_3fcc262b58f944b78fae9b8a4c1d4d81/gnocchi.56ea7426-1048-4c4a-8162-fc36de78634f/none_v3" 404 70 "GET http://localhost:8080/v1/AUTH_3fcc262b58f944b78fae9b8a4c1d4d81/gnocchi.56ea7426-1048-4c4a-8162-fc36de78634f/none_v3" "tx6d0f87046d864d1db7967-0068dbec64" "proxy-server 21" 0.0004 "-" 24 0
Sep 30 14:42:44 standalone proxy-server[127659]: 172.18.0.2 ::1 30/Sep/2025/14/42/44 GET /v1/AUTH_3fcc262b58f944b78fae9b8a4c1d4d81/gnocchi.56ea7426-1048-4c4a-8162-fc36de78634f/none_v3 HTTP/1.0 404 - python-swiftclient-3.11.1 gAAAAABo2-whVp_D... - 70 - tx6d0f87046d864d1db7967-0068dbec64 - 0.0163 - - 1759243364.517238379 1759243364.533551693 0
Sep 30 14:42:44 standalone account-server[125648]: 172.20.0.100 - - [30/Sep/2025:14:42:44 +0000] "PUT /d1/612/AUTH_3fcc262b58f944b78fae9b8a4c1d4d81/gnocchi.56ea7426-1048-4c4a-8162-fc36de78634f" 201 - "PUT http://172.20.0.100:6001/d1/900/AUTH_3fcc262b58f944b78fae9b8a4c1d4d81/gnocchi.56ea7426-1048-4c4a-8162-fc36de78634f" "tx9bc938fdbc8741589b7f5-0068dbec64" "container-server 22" 0.0092 "-" 23 0
Sep 30 14:42:44 standalone container-server[125789]: 172.20.0.100 - - [30/Sep/2025:14:42:44 +0000] "PUT /d1/900/AUTH_3fcc262b58f944b78fae9b8a4c1d4d81/gnocchi.56ea7426-1048-4c4a-8162-fc36de78634f" 201 - "PUT http://localhost:8080/v1/AUTH_3fcc262b58f944b78fae9b8a4c1d4d81/gnocchi.56ea7426-1048-4c4a-8162-fc36de78634f" "tx9bc938fdbc8741589b7f5-0068dbec64" "proxy-server 21" 0.0233 "-" 22 0
Sep 30 14:42:44 standalone proxy-server[127659]: 172.18.0.2 ::1 30/Sep/2025/14/42/44 PUT /v1/AUTH_3fcc262b58f944b78fae9b8a4c1d4d81/gnocchi.56ea7426-1048-4c4a-8162-fc36de78634f HTTP/1.0 201 - python-swiftclient-3.11.1 gAAAAABo2-whVp_D... - - - tx9bc938fdbc8741589b7f5-0068dbec64 - 0.0316 - - 1759243364.538960934 1759243364.570515156 0
Sep 30 14:42:44 standalone container-server[125786]: 172.20.0.100 - - [30/Sep/2025:14:42:44 +0000] "HEAD /d1/900/AUTH_3fcc262b58f944b78fae9b8a4c1d4d81/gnocchi.56ea7426-1048-4c4a-8162-fc36de78634f" 204 - "HEAD http://localhost:8080/v1/AUTH_3fcc262b58f944b78fae9b8a4c1d4d81/gnocchi.56ea7426-1048-4c4a-8162-fc36de78634f?format=json&states=listing" "txcda03046332b483aad922-0068dbec64" "proxy-server 21" 0.0013 "-" 21 0
Sep 30 14:42:44 standalone proxy-server[127659]: - - 30/Sep/2025/14/42/44 HEAD /v1/AUTH_3fcc262b58f944b78fae9b8a4c1d4d81/gnocchi.56ea7426-1048-4c4a-8162-fc36de78634f%3Fformat%3Djson%26states%3Dlisting HTTP/1.0 204 - Swift - - - - txcda03046332b483aad922-0068dbec64 - 0.0063 RL - 1759243364.576975584 1759243364.583243847 0
Sep 30 14:42:44 standalone container-server[125784]: 172.20.0.100 - - [30/Sep/2025:14:42:44 +0000] "GET /d1/900/AUTH_3fcc262b58f944b78fae9b8a4c1d4d81/gnocchi.56ea7426-1048-4c4a-8162-fc36de78634f" 200 2 "GET http://localhost:8080/v1/AUTH_3fcc262b58f944b78fae9b8a4c1d4d81/gnocchi.56ea7426-1048-4c4a-8162-fc36de78634f?format=json&states=listing" "txcda03046332b483aad922-0068dbec64" "proxy-server 21" 0.0034 "-" 20 0
