Sep 30 14:42:44 standalone proxy-server[127659]: 172.18.0.2 ::1 30/Sep/2025/14/42/44 GET /v1/AUTH_3fcc262b58f944b78fae9b8a4c1d4d81/gnocchi.56ea7426-1048-4c4a-8162-fc36de78634f%3Fformat%3Djson%26states%3Dlisting HTTP/1.0 200 - python-swiftclient-3.11.1 gAAAAABo2-whVp_D... - 2 - txcda03046332b483aad922-0068dbec64 - 0.0219 - - 1759243364.575334311 1759243364.597221613 0
Sep 30 14:42:44 standalone object-server[125935]: 172.20.0.100 - - [30/Sep/2025:14:42:44 +0000] "GET /d1/129/AUTH_3fcc262b58f944b78fae9b8a4c1d4d81/gnocchi.56ea7426-1048-4c4a-8162-fc36de78634f/1758240000.0_mean_300.0_v3" 404 70 "GET http://localhost:8080/v1/AUTH_3fcc262b58f944b78fae9b8a4c1d4d81/gnocchi.56ea7426-1048-4c4a-8162-fc36de78634f/1758240000.0_mean_300.0_v3" "tx8ba52ab7cb2e4ce5b7e47-0068dbec64" "proxy-server 21" 0.0007 "-" 25 0
Sep 30 14:42:44 standalone proxy-server[127659]: 172.18.0.2 ::1 30/Sep/2025/14/42/44 GET /v1/AUTH_3fcc262b58f944b78fae9b8a4c1d4d81/gnocchi.56ea7426-1048-4c4a-8162-fc36de78634f/1758240000.0_mean_300.0_v3 HTTP/1.0 404 - python-swiftclient-3.11.1 gAAAAABo2-whVp_D... - 70 - tx8ba52ab7cb2e4ce5b7e47-0068dbec64 - 0.0105 - - 1759243364.602020264 1759243364.612566710 0
Sep 30 14:42:44 standalone container-server[125789]: 172.20.0.100 - - [30/Sep/2025:14:42:44 +0000] "PUT /d1/900/AUTH_3fcc262b58f944b78fae9b8a4c1d4d81/gnocchi.56ea7426-1048-4c4a-8162-fc36de78634f/1758240000.0_mean_300.0_v3" 201 - "PUT http://localhost:8080/d1/129/AUTH_3fcc262b58f944b78fae9b8a4c1d4d81/gnocchi.56ea7426-1048-4c4a-8162-fc36de78634f/1758240000.0_mean_300.0_v3" "txbda312918f0a43318d950-0068dbec64" "object-server 23" 0.0009 "-" 22 0
Sep 30 14:42:44 standalone object-server[125933]: 172.20.0.100 - - [30/Sep/2025:14:42:44 +0000] "PUT /d1/129/AUTH_3fcc262b58f944b78fae9b8a4c1d4d81/gnocchi.56ea7426-1048-4c4a-8162-fc36de78634f/1758240000.0_mean_300.0_v3" 201 - "PUT http://localhost:8080/v1/AUTH_3fcc262b58f944b78fae9b8a4c1d4d81/gnocchi.56ea7426-1048-4c4a-8162-fc36de78634f/1758240000.0_mean_300.0_v3" "txbda312918f0a43318d950-0068dbec64" "proxy-server 21" 0.0192 "-" 23 0
Sep 30 14:42:44 standalone proxy-server[127659]: 172.18.0.2 ::1 30/Sep/2025/14/42/44 PUT /v1/AUTH_3fcc262b58f944b78fae9b8a4c1d4d81/gnocchi.56ea7426-1048-4c4a-8162-fc36de78634f/1758240000.0_mean_300.0_v3 HTTP/1.0 201 - python-swiftclient-3.11.1 gAAAAABo2-whVp_D... 16 - - txbda312918f0a43318d950-0068dbec64 - 0.0285 - - 1759243364.618178606 1759243364.646683455 0
Sep 30 14:42:44 standalone container-server[125789]: 172.20.0.100 - - [30/Sep/2025:14:42:44 +0000] "PUT /d1/900/AUTH_3fcc262b58f944b78fae9b8a4c1d4d81/gnocchi.56ea7426-1048-4c4a-8162-fc36de78634f/none_v3" 201 - "PUT http://localhost:8080/d1/268/AUTH_3fcc262b58f944b78fae9b8a4c1d4d81/gnocchi.56ea7426-1048-4c4a-8162-fc36de78634f/none_v3" "txcdf869205cfa4b1288229-0068dbec64" "object-server 23" 0.0014 "-" 22 0
Sep 30 14:42:44 standalone object-server[125933]: 172.20.0.100 - - [30/Sep/2025:14:42:44 +0000] "PUT /d1/268/AUTH_3fcc262b58f944b78fae9b8a4c1d4d81/gnocchi.56ea7426-1048-4c4a-8162-fc36de78634f/none_v3" 201 - "PUT http://localhost:8080/v1/AUTH_3fcc262b58f944b78fae9b8a4c1d4d81/gnocchi.56ea7426-1048-4c4a-8162-fc36de78634f/none_v3" "txcdf869205cfa4b1288229-0068dbec64" "proxy-server 21" 0.0148 "-" 23 0
Sep 30 14:42:44 standalone proxy-server[127659]: 172.18.0.2 ::1 30/Sep/2025/14/42/44 PUT /v1/AUTH_3fcc262b58f944b78fae9b8a4c1d4d81/gnocchi.56ea7426-1048-4c4a-8162-fc36de78634f/none_v3 HTTP/1.0 201 - python-swiftclient-3.11.1 gAAAAABo2-whVp_D... 22 - - txcdf869205cfa4b1288229-0068dbec64 - 0.0249 - - 1759243364.650896072 1759243364.675827980 0
Sep 30 14:42:44 standalone container-server[125786]: 172.20.0.100 - - [30/Sep/2025:14:42:44 +0000] "HEAD /d1/268/AUTH_3fcc262b58f944b78fae9b8a4c1d4d81/gnocchi.827bcb17-7ad1-40c7-8d03-9af38951acb6" 404 - "HEAD http://localhost:8080/v1/AUTH_3fcc262b58f944b78fae9b8a4c1d4d81/gnocchi.827bcb17-7ad1-40c7-8d03-9af38951acb6?format=json&states=listing" "tx8898d7c05bd3462b874c4-0068dbec64" "proxy-server 21" 0.0006 "-" 21 0
Sep 30 14:42:44 standalone object-server[125932]: 172.20.0.100 - - [30/Sep/2025:14:42:44 +0000] "GET /d1/352/AUTH_3fcc262b58f944b78fae9b8a4c1d4d81/gnocchi.827bcb17-7ad1-40c7-8d03-9af38951acb6/none_v3" 404 70 "GET http://localhost:8080/v1/AUTH_3fcc262b58f944b78fae9b8a4c1d4d81/gnocchi.827bcb17-7ad1-40c7-8d03-9af38951acb6/none_v3" "tx8898d7c05bd3462b874c4-0068dbec64" "proxy-server 21" 0.0003 "-" 22 0
Sep 30 14:42:44 standalone proxy-server[127659]: 172.18.0.2 ::1 30/Sep/2025/14/42/44 GET /v1/AUTH_3fcc262b58f944b78fae9b8a4c1d4d81/gnocchi.827bcb17-7ad1-40c7-8d03-9af38951acb6/none_v3 HTTP/1.0 404 - python-swiftclient-3.11.1 gAAAAABo2-whVp_D... - 70 - tx8898d7c05bd3462b874c4-0068dbec64 - 0.0163 - - 1759243364.689029217 1759243364.705351591 0
Sep 30 14:42:44 standalone account-server[125648]: 172.20.0.100 - - [30/Sep/2025:14:42:44 +0000] "PUT /d1/612/AUTH_3fcc262b58f944b78fae9b8a4c1d4d81/gnocchi.827bcb17-7ad1-40c7-8d03-9af38951acb6" 201 - "PUT http://172.20.0.100:6001/d1/268/AUTH_3fcc262b58f944b78fae9b8a4c1d4d81/gnocchi.827bcb17-7ad1-40c7-8d03-9af38951acb6" "tx034c6d7c1c9649e6b1f1b-0068dbec64" "container-server 23" 0.0059 "-" 23 0
Sep 30 14:42:44 standalone container-server[125799]: 172.20.0.100 - - [30/Sep/2025:14:42:44 +0000] "PUT /d1/268/AUTH_3fcc262b58f944b78fae9b8a4c1d4d81/gnocchi.827bcb17-7ad1-40c7-8d03-9af38951acb6" 201 - "PUT http://localhost:8080/v1/AUTH_3fcc262b58f944b78fae9b8a4c1d4d81/gnocchi.827bcb17-7ad1-40c7-8d03-9af38951acb6" "tx034c6d7c1c9649e6b1f1b-0068dbec64" "proxy-server 21" 0.0186 "-" 23 0
Sep 30 14:42:44 standalone proxy-server[127659]: 172.18.0.2 ::1 30/Sep/2025/14/42/44 PUT /v1/AUTH_3fcc262b58f944b78fae9b8a4c1d4d81/gnocchi.827bcb17-7ad1-40c7-8d03-9af38951acb6 HTTP/1.0 201 - python-swiftclient-3.11.1 gAAAAABo2-whVp_D... - - - tx034c6d7c1c9649e6b1f1b-0068dbec64 - 0.0274 - - 1759243364.710341215 1759243364.737780333 0
Sep 30 14:42:44 standalone container-server[125799]: 172.20.0.100 - - [30/Sep/2025:14:42:44 +0000] "HEAD /d1/268/AUTH_3fcc262b58f944b78fae9b8a4c1d4d81/gnocchi.827bcb17-7ad1-40c7-8d03-9af38951acb6" 204 - "HEAD http://localhost:8080/v1/AUTH_3fcc262b58f944b78fae9b8a4c1d4d81/gnocchi.827bcb17-7ad1-40c7-8d03-9af38951acb6?format=json&states=listing" "txe7f4879c308241ea88903-0068dbec64" "proxy-server 21" 0.0017 "-" 23 0
Sep 30 14:42:44 standalone proxy-server[127659]: - - 30/Sep/2025/14/42/44 HEAD /v1/AUTH_3fcc262b58f944b78fae9b8a4c1d4d81/gnocchi.827bcb17-7ad1-40c7-8d03-9af38951acb6%3Fformat%3Djson%26states%3Dlisting HTTP/1.0 204 - Swift - - - - txe7f4879c308241ea88903-0068dbec64 - 0.0072 RL - 1759243364.746873617 1759243364.754024267 0
Sep 30 14:42:44 standalone container-server[125799]: 172.20.0.100 - - [30/Sep/2025:14:42:44 +0000] "GET /d1/268/AUTH_3fcc262b58f944b78fae9b8a4c1d4d81/gnocchi.827bcb17-7ad1-40c7-8d03-9af38951acb6" 200 2 "GET http://localhost:8080/v1/AUTH_3fcc262b58f944b78fae9b8a4c1d4d81/gnocchi.827bcb17-7ad1-40c7-8d03-9af38951acb6?format=json&states=listing" "txe7f4879c308241ea88903-0068dbec64" "proxy-server 21" 0.0020 "-" 23 0
Sep 30 14:42:44 standalone proxy-server[127659]: 172.18.0.2 ::1 30/Sep/2025/14/42/44 GET /v1/AUTH_3fcc262b58f944b78fae9b8a4c1d4d81/gnocchi.827bcb17-7ad1-40c7-8d03-9af38951acb6%3Fformat%3Djson%26states%3Dlisting HTTP/1.0 200 - python-swiftclient-3.11.1 gAAAAABo2-whVp_D... - 2 - txe7f4879c308241ea88903-0068dbec64 - 0.0232 - - 1759243364.744811058 1759243364.768011570 0
Sep 30 14:42:44 standalone object-server[125933]: 172.20.0.100 - - [30/Sep/2025:14:42:44 +0000] "GET /d1/538/AUTH_3fcc262b58f944b78fae9b8a4c1d4d81/gnocchi.827bcb17-7ad1-40c7-8d03-9af38951acb6/1758240000.0_mean_300.0_v3" 404 70 "GET http://localhost:8080/v1/AUTH_3fcc262b58f944b78fae9b8a4c1d4d81/gnocchi.827bcb17-7ad1-40c7-8d03-9af38951acb6/1758240000.0_mean_300.0_v3" "tx7ae0e160025f40e3a3b89-0068dbec64" "proxy-server 21" 0.0008 "-" 23 0
Sep 30 14:42:44 standalone proxy-server[127659]: 172.18.0.2 ::1 30/Sep/2025/14/42/44 GET /v1/AUTH_3fcc262b58f944b78fae9b8a4c1d4d81/gnocchi.827bcb17-7ad1-40c7-8d03-9af38951acb6/1758240000.0_mean_300.0_v3 HTTP/1.0 404 - python-swiftclient-3.11.1 gAAAAABo2-whVp_D... - 70 - tx7ae0e160025f40e3a3b89-0068dbec64 - 0.0119 - - 1759243364.777888298 1759243364.789794922 0
Sep 30 14:42:44 standalone container-server[125786]: 172.20.0.100 - - [30/Sep/2025:14:42:44 +0000] "PUT /d1/268/AUTH_3fcc262b58f944b78fae9b8a4c1d4d81/gnocchi.827bcb17-7ad1-40c7-8d03-9af38951acb6/1758240000.0_mean_300.0_v3" 201 - "PUT http://localhost:8080/d1/538/AUTH_3fcc262b58f944b78fae9b8a4c1d4d81/gnocchi.827bcb17-7ad1-40c7-8d03-9af38951acb6/1758240000.0_mean_300.0_v3" "txee5822cdf7a541b6b2bd5-0068dbec64" "object-server 23" 0.0009 "-" 21 0
Sep 30 14:42:44 standalone object-server[125933]: 172.20.0.100 - - [30/Sep/2025:14:42:44 +0000] "PUT /d1/538/AUTH_3fcc262b58f944b78fae9b8a4c1d4d81/gnocchi.827bcb17-7ad1-40c7-8d03-9af38951acb6/1758240000.0_mean_300.0_v3" 201 - "PUT http://localhost:8080/v1/AUTH_3fcc262b58f944b78fae9b8a4c1d4d81/gnocchi.827bcb17-7ad1-40c7-8d03-9af38951acb6/1758240000.0_mean_300.0_v3" "txee5822cdf7a541b6b2bd5-0068dbec64" "proxy-server 21" 0.0164 "-" 23 0
Sep 30 14:42:44 standalone proxy-server[127659]: 172.18.0.2 ::1 30/Sep/2025/14/42/44 PUT /v1/AUTH_3fcc262b58f944b78fae9b8a4c1d4d81/gnocchi.827bcb17-7ad1-40c7-8d03-9af38951acb6/1758240000.0_mean_300.0_v3 HTTP/1.0 201 - python-swiftclient-3.11.1 gAAAAABo2-whVp_D... 16 - - txee5822cdf7a541b6b2bd5-0068dbec64 - 0.0275 - - 1759243364.796784401 1759243364.824310541 0
Sep 30 14:42:44 standalone container-server[125789]: 172.20.0.100 - - [30/Sep/2025:14:42:44 +0000] "PUT /d1/268/AUTH_3fcc262b58f944b78fae9b8a4c1d4d81/gnocchi.827bcb17-7ad1-40c7-8d03-9af38951acb6/none_v3" 201 - "PUT http://localhost:8080/d1/352/AUTH_3fcc262b58f944b78fae9b8a4c1d4d81/gnocchi.827bcb17-7ad1-40c7-8d03-9af38951acb6/none_v3" "tx531502035a8a4f9a91b54-0068dbec64" "object-server 22" 0.0008 "-" 22 0
Sep 30 14:42:44 standalone object-server[125932]: 172.20.0.100 - - [30/Sep/2025:14:42:44 +0000] "PUT /d1/352/AUTH_3fcc262b58f944b78fae9b8a4c1d4d81/gnocchi.827bcb17-7ad1-40c7-8d03-9af38951acb6/none_v3" 201 - "PUT http://localhost:8080/v1/AUTH_3fcc262b58f944b78fae9b8a4c1d4d81/gnocchi.827bcb17-7ad1-40c7-8d03-9af38951acb6/none_v3" "tx531502035a8a4f9a91b54-0068dbec64" "proxy-server 21" 0.0150 "-" 22 0
Sep 30 14:42:44 standalone proxy-server[127659]: 172.18.0.2 ::1 30/Sep/2025/14/42/44 PUT /v1/AUTH_3fcc262b58f944b78fae9b8a4c1d4d81/gnocchi.827bcb17-7ad1-40c7-8d03-9af38951acb6/none_v3 HTTP/1.0 201 - python-swiftclient-3.11.1 gAAAAABo2-whVp_D... 22 - - tx531502035a8a4f9a91b54-0068dbec64 - 0.0263 - - 1759243364.830060244 1759243364.856399298 0
Sep 30 14:42:44 standalone container-server[125786]: 172.20.0.100 - - [30/Sep/2025:14:42:44 +0000] "HEAD /d1/572/AUTH_3fcc262b58f944b78fae9b8a4c1d4d81/gnocchi.3bb95a3c-799f-45bc-af11-5dc61aa1547f" 404 - "HEAD http://localhost:8080/v1/AUTH_3fcc262b58f944b78fae9b8a4c1d4d81/gnocchi.3bb95a3c-799f-45bc-af11-5dc61aa1547f?format=json&states=listing" "tx26131d0e586f4b239eb53-0068dbec64" "proxy-server 21" 0.0011 "-" 21 0
Sep 30 14:42:44 standalone object-server[125933]: 172.20.0.100 - - [30/Sep/2025:14:42:44 +0000] "GET /d1/822/AUTH_3fcc262b58f944b78fae9b8a4c1d4d81/gnocchi.3bb95a3c-799f-45bc-af11-5dc61aa1547f/none_v3" 404 70 "GET http://localhost:8080/v1/AUTH_3fcc262b58f944b78fae9b8a4c1d4d81/gnocchi.3bb95a3c-799f-45bc-af11-5dc61aa1547f/none_v3" "tx26131d0e586f4b239eb53-0068dbec64" "proxy-server 21" 0.0004 "-" 23 0
Sep 30 14:42:44 standalone proxy-server[127659]: 172.18.0.2 ::1 30/Sep/2025/14/42/44 GET /v1/AUTH_3fcc262b58f944b78fae9b8a4c1d4d81/gnocchi.3bb95a3c-799f-45bc-af11-5dc61aa1547f/none_v3 HTTP/1.0 404 - python-swiftclient-3.11.1 gAAAAABo2-whVp_D... - 70 - tx26131d0e586f4b239eb53-0068dbec64 - 0.0208 - - 1759243364.875654697 1759243364.896452904 0
Sep 30 14:42:44 standalone account-server[125648]: 172.20.0.100 - - [30/Sep/2025:14:42:44 +0000] "PUT /d1/612/AUTH_3fcc262b58f944b78fae9b8a4c1d4d81/gnocchi.3bb95a3c-799f-45bc-af11-5dc61aa1547f" 201 - "PUT http://172.20.0.100:6001/d1/572/AUTH_3fcc262b58f944b78fae9b8a4c1d4d81/gnocchi.3bb95a3c-799f-45bc-af11-5dc61aa1547f" "tx163cf2e81293429f9f82e-0068dbec64" "container-server 21" 0.0086 "-" 23 0
Sep 30 14:42:44 standalone container-server[125786]: 172.20.0.100 - - [30/Sep/2025:14:42:44 +0000] "PUT /d1/572/AUTH_3fcc262b58f944b78fae9b8a4c1d4d81/gnocchi.3bb95a3c-799f-45bc-af11-5dc61aa1547f" 201 - "PUT http://localhost:8080/v1/AUTH_3fcc262b58f944b78fae9b8a4c1d4d81/gnocchi.3bb95a3c-799f-45bc-af11-5dc61aa1547f" "tx163cf2e81293429f9f82e-0068dbec64" "proxy-server 21" 0.0323 "-" 21 0
Sep 30 14:42:44 standalone proxy-server[127659]: 172.18.0.2 ::1 30/Sep/2025/14/42/44 PUT /v1/AUTH_3fcc262b58f944b78fae9b8a4c1d4d81/gnocchi.3bb95a3c-799f-45bc-af11-5dc61aa1547f HTTP/1.0 201 - python-swiftclient-3.11.1 gAAAAABo2-whVp_D... - - - tx163cf2e81293429f9f82e-0068dbec64 - 0.0424 - - 1759243364.901517868 1759243364.943924189 0
Sep 30 14:42:44 standalone container-server[125786]: 172.20.0.100 - - [30/Sep/2025:14:42:44 +0000] "HEAD /d1/572/AUTH_3fcc262b58f944b78fae9b8a4c1d4d81/gnocchi.3bb95a3c-799f-45bc-af11-5dc61aa1547f" 204 - "HEAD http://localhost:8080/v1/AUTH_3fcc262b58f944b78fae9b8a4c1d4d81/gnocchi.3bb95a3c-799f-45bc-af11-5dc61aa1547f?format=json&states=listing" "tx3ef0bf3d59d44b64a9354-0068dbec64" "proxy-server 21" 0.0040 "-" 21 0
Sep 30 14:42:44 standalone proxy-server[127659]: - - 30/Sep/2025/14/42/44 HEAD /v1/AUTH_3fcc262b58f944b78fae9b8a4c1d4d81/gnocchi.3bb95a3c-799f-45bc-af11-5dc61aa1547f%3Fformat%3Djson%26states%3Dlisting HTTP/1.0 204 - Swift - - - - tx3ef0bf3d59d44b64a9354-0068dbec64 - 0.0100 RL - 1759243364.954585552 1759243364.964540243 0
Sep 30 14:42:44 standalone container-server[125789]: 172.20.0.100 - - [30/Sep/2025:14:42:44 +0000] "GET /d1/572/AUTH_3fcc262b58f944b78fae9b8a4c1d4d81/gnocchi.3bb95a3c-799f-45bc-af11-5dc61aa1547f" 200 2 "GET http://localhost:8080/v1/AUTH_3fcc262b58f944b78fae9b8a4c1d4d81/gnocchi.3bb95a3c-799f-45bc-af11-5dc61aa1547f?format=json&states=listing" "tx3ef0bf3d59d44b64a9354-0068dbec64" "proxy-server 21" 0.0036 "-" 22 0
Sep 30 14:42:44 standalone proxy-server[127659]: 172.18.0.2 ::1 30/Sep/2025/14/42/44 GET /v1/AUTH_3fcc262b58f944b78fae9b8a4c1d4d81/gnocchi.3bb95a3c-799f-45bc-af11-5dc61aa1547f%3Fformat%3Djson%26states%3Dlisting HTTP/1.0 200 - python-swiftclient-3.11.1 gAAAAABo2-whVp_D... - 2 - tx3ef0bf3d59d44b64a9354-0068dbec64 - 0.0294 - - 1759243364.952606201 1759243364.982016325 0
Sep 30 14:42:45 standalone object-server[125935]: 172.20.0.100 - - [30/Sep/2025:14:42:45 +0000] "GET /d1/574/AUTH_3fcc262b58f944b78fae9b8a4c1d4d81/gnocchi.3bb95a3c-799f-45bc-af11-5dc61aa1547f/1758240000.0_mean_300.0_v3" 404 70 "GET http://localhost:8080/v1/AUTH_3fcc262b58f944b78fae9b8a4c1d4d81/gnocchi.3bb95a3c-799f-45bc-af11-5dc61aa1547f/1758240000.0_mean_300.0_v3" "tx73aa349ad2a54d0aaa3bb-0068dbec64" "proxy-server 21" 0.0008 "-" 25 0
Sep 30 14:42:45 standalone proxy-server[127659]: 172.18.0.2 ::1 30/Sep/2025/14/42/45 GET /v1/AUTH_3fcc262b58f944b78fae9b8a4c1d4d81/gnocchi.3bb95a3c-799f-45bc-af11-5dc61aa1547f/1758240000.0_mean_300.0_v3 HTTP/1.0 404 - python-swiftclient-3.11.1 gAAAAABo2-whVp_D... - 70 - tx73aa349ad2a54d0aaa3bb-0068dbec64 - 0.0113 - - 1759243364.993437767 1759243365.004717350 0
Sep 30 14:42:45 standalone container-server[125786]: 172.20.0.100 - - [30/Sep/2025:14:42:45 +0000] "PUT /d1/572/AUTH_3fcc262b58f944b78fae9b8a4c1d4d81/gnocchi.3bb95a3c-799f-45bc-af11-5dc61aa1547f/1758240000.0_mean_300.0_v3" 201 - "PUT http://localhost:8080/d1/574/AUTH_3fcc262b58f944b78fae9b8a4c1d4d81/gnocchi.3bb95a3c-799f-45bc-af11-5dc61aa1547f/1758240000.0_mean_300.0_v3" "txa03dcddd4d4d4c0aa040d-0068dbec65" "object-server 25" 0.0017 "-" 21 0
Sep 30 14:42:45 standalone object-server[125935]: 172.20.0.100 - - [30/Sep/2025:14:42:45 +0000] "PUT /d1/574/AUTH_3fcc262b58f944b78fae9b8a4c1d4d81/gnocchi.3bb95a3c-799f-45bc-af11-5dc61aa1547f/1758240000.0_mean_300.0_v3" 201 - "PUT http://localhost:8080/v1/AUTH_3fcc262b58f944b78fae9b8a4c1d4d81/gnocchi.3bb95a3c-799f-45bc-af11-5dc61aa1547f/1758240000.0_mean_300.0_v3" "txa03dcddd4d4d4c0aa040d-0068dbec65" "proxy-server 21" 0.0280 "-" 25 0
Sep 30 14:42:45 standalone proxy-server[127659]: 172.18.0.2 ::1 30/Sep/2025/14/42/45 PUT /v1/AUTH_3fcc262b58f944b78fae9b8a4c1d4d81/gnocchi.3bb95a3c-799f-45bc-af11-5dc61aa1547f/1758240000.0_mean_300.0_v3 HTTP/1.0 201 - python-swiftclient-3.11.1 gAAAAABo2-whVp_D... 16 - - txa03dcddd4d4d4c0aa040d-0068dbec65 - 0.0381 - - 1759243365.010475874 1759243365.048548460 0
Sep 30 14:42:45 standalone container-server[125799]: 172.20.0.100 - - [30/Sep/2025:14:42:45 +0000] "PUT /d1/572/AUTH_3fcc262b58f944b78fae9b8a4c1d4d81/gnocchi.3bb95a3c-799f-45bc-af11-5dc61aa1547f/none_v3" 201 - "PUT http://localhost:8080/d1/822/AUTH_3fcc262b58f944b78fae9b8a4c1d4d81/gnocchi.3bb95a3c-799f-45bc-af11-5dc61aa1547f/none_v3" "txd6deda84228646dfb3069-0068dbec65" "object-server 24" 0.0008 "-" 23 0
Sep 30 14:42:45 standalone object-server[125934]: 172.20.0.100 - - [30/Sep/2025:14:42:45 +0000] "PUT /d1/822/AUTH_3fcc262b58f944b78fae9b8a4c1d4d81/gnocchi.3bb95a3c-799f-45bc-af11-5dc61aa1547f/none_v3" 201 - "PUT http://localhost:8080/v1/AUTH_3fcc262b58f944b78fae9b8a4c1d4d81/gnocchi.3bb95a3c-799f-45bc-af11-5dc61aa1547f/none_v3" "txd6deda84228646dfb3069-0068dbec65" "proxy-server 21" 0.0146 "-" 24 0
Sep 30 14:42:45 standalone proxy-server[127659]: 172.18.0.2 ::1 30/Sep/2025/14/42/45 PUT /v1/AUTH_3fcc262b58f944b78fae9b8a4c1d4d81/gnocchi.3bb95a3c-799f-45bc-af11-5dc61aa1547f/none_v3 HTTP/1.0 201 - python-swiftclient-3.11.1 gAAAAABo2-whVp_D... 22 - - txd6deda84228646dfb3069-0068dbec65 - 0.0247 - - 1759243365.054274321 1759243365.079020500 0
Sep 30 14:42:45 standalone container-server[125789]: 172.20.0.100 - - [30/Sep/2025:14:42:45 +0000] "HEAD /d1/496/AUTH_3fcc262b58f944b78fae9b8a4c1d4d81/gnocchi.d6abdeb3-3555-41ea-a60f-9b44f2ac4411" 404 - "HEAD http://localhost:8080/v1/AUTH_3fcc262b58f944b78fae9b8a4c1d4d81/gnocchi.d6abdeb3-3555-41ea-a60f-9b44f2ac4411?format=json&states=listing" "tx73ca112f4ea544e1a616a-0068dbec65" "proxy-server 21" 0.0006 "-" 22 0
Sep 30 14:42:45 standalone object-server[125935]: 172.20.0.100 - - [30/Sep/2025:14:42:45 +0000] "GET /d1/407/AUTH_3fcc262b58f944b78fae9b8a4c1d4d81/gnocchi.d6abdeb3-3555-41ea-a60f-9b44f2ac4411/none_v3" 404 70 "GET http://localhost:8080/v1/AUTH_3fcc262b58f944b78fae9b8a4c1d4d81/gnocchi.d6abdeb3-3555-41ea-a60f-9b44f2ac4411/none_v3" "tx73ca112f4ea544e1a616a-0068dbec65" "proxy-server 21" 0.0008 "-" 25 0
Sep 30 14:42:45 standalone proxy-server[127659]: 172.18.0.2 ::1 30/Sep/2025/14/42/45 GET /v1/AUTH_3fcc262b58f944b78fae9b8a4c1d4d81/gnocchi.d6abdeb3-3555-41ea-a60f-9b44f2ac4411/none_v3 HTTP/1.0 404 - python-swiftclient-3.11.1 gAAAAABo2-whVp_D... - 70 - tx73ca112f4ea544e1a616a-0068dbec65 - 0.0177 - - 1759243365.158733368 1759243365.176474094 0
Sep 30 14:42:45 standalone account-server[125648]: 172.20.0.100 - - [30/Sep/2025:14:42:45 +0000] "PUT /d1/612/AUTH_3fcc262b58f944b78fae9b8a4c1d4d81/gnocchi.d6abdeb3-3555-41ea-a60f-9b44f2ac4411" 201 - "PUT http://172.20.0.100:6001/d1/496/AUTH_3fcc262b58f944b78fae9b8a4c1d4d81/gnocchi.d6abdeb3-3555-41ea-a60f-9b44f2ac4411" "txde6226b014f44e4a87d27-0068dbec65" "container-server 20" 0.0082 "-" 23 0
Sep 30 14:42:45 standalone container-server[125784]: 172.20.0.100 - - [30/Sep/2025:14:42:45 +0000] "PUT /d1/496/AUTH_3fcc262b58f944b78fae9b8a4c1d4d81/gnocchi.d6abdeb3-3555-41ea-a60f-9b44f2ac4411" 201 - "PUT http://localhost:8080/v1/AUTH_3fcc262b58f944b78fae9b8a4c1d4d81/gnocchi.d6abdeb3-3555-41ea-a60f-9b44f2ac4411" "txde6226b014f44e4a87d27-0068dbec65" "proxy-server 21" 0.0281 "-" 20 0
Sep 30 14:42:45 standalone proxy-server[127659]: 172.18.0.2 ::1 30/Sep/2025/14/42/45 PUT /v1/AUTH_3fcc262b58f944b78fae9b8a4c1d4d81/gnocchi.d6abdeb3-3555-41ea-a60f-9b44f2ac4411 HTTP/1.0 201 - python-swiftclient-3.11.1 gAAAAABo2-whVp_D... - - - txde6226b014f44e4a87d27-0068dbec65 - 0.0383 - - 1759243365.181553602 1759243365.219886303 0
Sep 30 14:42:45 standalone container-server[125784]: 172.20.0.100 - - [30/Sep/2025:14:42:45 +0000] "HEAD /d1/496/AUTH_3fcc262b58f944b78fae9b8a4c1d4d81/gnocchi.d6abdeb3-3555-41ea-a60f-9b44f2ac4411" 204 - "HEAD http://localhost:8080/v1/AUTH_3fcc262b58f944b78fae9b8a4c1d4d81/gnocchi.d6abdeb3-3555-41ea-a60f-9b44f2ac4411?format=json&states=listing" "tx2db745acc78948afa17b0-0068dbec65" "proxy-server 21" 0.0037 "-" 20 0
Sep 30 14:42:45 standalone proxy-server[127659]: - - 30/Sep/2025/14/42/45 HEAD /v1/AUTH_3fcc262b58f944b78fae9b8a4c1d4d81/gnocchi.d6abdeb3-3555-41ea-a60f-9b44f2ac4411%3Fformat%3Djson%26states%3Dlisting HTTP/1.0 204 - Swift - - - - tx2db745acc78948afa17b0-0068dbec65 - 0.0105 RL - 1759243365.229975224 1759243365.240498781 0
Sep 30 14:42:45 standalone container-server[125784]: 172.20.0.100 - - [30/Sep/2025:14:42:45 +0000] "GET /d1/496/AUTH_3fcc262b58f944b78fae9b8a4c1d4d81/gnocchi.d6abdeb3-3555-41ea-a60f-9b44f2ac4411" 200 2 "GET http://localhost:8080/v1/AUTH_3fcc262b58f944b78fae9b8a4c1d4d81/gnocchi.d6abdeb3-3555-41ea-a60f-9b44f2ac4411?format=json&states=listing" "tx2db745acc78948afa17b0-0068dbec65" "proxy-server 21" 0.0055 "-" 20 0
Sep 30 14:42:45 standalone proxy-server[127659]: 172.18.0.2 ::1 30/Sep/2025/14/42/45 GET /v1/AUTH_3fcc262b58f944b78fae9b8a4c1d4d81/gnocchi.d6abdeb3-3555-41ea-a60f-9b44f2ac4411%3Fformat%3Djson%26states%3Dlisting HTTP/1.0 200 - python-swiftclient-3.11.1 gAAAAABo2-whVp_D... - 2 - tx2db745acc78948afa17b0-0068dbec65 - 0.0308 - - 1759243365.227818489 1759243365.258662224 0
Sep 30 14:42:45 standalone object-server[125934]: 172.20.0.100 - - [30/Sep/2025:14:42:45 +0000] "GET /d1/215/AUTH_3fcc262b58f944b78fae9b8a4c1d4d81/gnocchi.d6abdeb3-3555-41ea-a60f-9b44f2ac4411/1758240000.0_mean_300.0_v3" 404 70 "GET http://localhost:8080/v1/AUTH_3fcc262b58f944b78fae9b8a4c1d4d81/gnocchi.d6abdeb3-3555-41ea-a60f-9b44f2ac4411/1758240000.0_mean_300.0_v3" "tx56c5bcab5ef0460d8e389-0068dbec65" "proxy-server 21" 0.0006 "-" 24 0
Sep 30 14:42:45 standalone proxy-server[127659]: 172.18.0.2 ::1 30/Sep/2025/14/42/45 GET /v1/AUTH_3fcc262b58f944b78fae9b8a4c1d4d81/gnocchi.d6abdeb3-3555-41ea-a60f-9b44f2ac4411/1758240000.0_mean_300.0_v3 HTTP/1.0 404 - python-swiftclient-3.11.1 gAAAAABo2-whVp_D... - 70 - tx56c5bcab5ef0460d8e389-0068dbec65 - 0.0104 - - 1759243365.265140772 1759243365.275501251 0
Sep 30 14:42:45 standalone container-server[125784]: 172.20.0.100 - - [30/Sep/2025:14:42:45 +0000] "PUT /d1/496/AUTH_3fcc262b58f944b78fae9b8a4c1d4d81/gnocchi.d6abdeb3-3555-41ea-a60f-9b44f2ac4411/1758240000.0_mean_300.0_v3" 201 - "PUT http://localhost:8080/d1/215/AUTH_3fcc262b58f944b78fae9b8a4c1d4d81/gnocchi.d6abdeb3-3555-41ea-a60f-9b44f2ac4411/1758240000.0_mean_300.0_v3" "txfefc1ca7caf04d5bb1b9f-0068dbec65" "object-server 22" 0.0012 "-" 20 0
Sep 30 14:42:45 standalone object-server[125932]: 172.20.0.100 - - [30/Sep/2025:14:42:45 +0000] "PUT /d1/215/AUTH_3fcc262b58f944b78fae9b8a4c1d4d81/gnocchi.d6abdeb3-3555-41ea-a60f-9b44f2ac4411/1758240000.0_mean_300.0_v3" 201 - "PUT http://localhost:8080/v1/AUTH_3fcc262b58f944b78fae9b8a4c1d4d81/gnocchi.d6abdeb3-3555-41ea-a60f-9b44f2ac4411/1758240000.0_mean_300.0_v3" "txfefc1ca7caf04d5bb1b9f-0068dbec65" "proxy-server 21" 0.0198 "-" 22 0
Sep 30 14:42:45 standalone proxy-server[127659]: 172.18.0.2 ::1 30/Sep/2025/14/42/45 PUT /v1/AUTH_3fcc262b58f944b78fae9b8a4c1d4d81/gnocchi.d6abdeb3-3555-41ea-a60f-9b44f2ac4411/1758240000.0_mean_300.0_v3 HTTP/1.0 201 - python-swiftclient-3.11.1 gAAAAABo2-whVp_D... 16 - - txfefc1ca7caf04d5bb1b9f-0068dbec65 - 0.0328 - - 1759243365.286755800 1759243365.319542170 0
Sep 30 14:42:45 standalone container-server[125786]: 172.20.0.100 - - [30/Sep/2025:14:42:45 +0000] "PUT /d1/496/AUTH_3fcc262b58f944b78fae9b8a4c1d4d81/gnocchi.d6abdeb3-3555-41ea-a60f-9b44f2ac4411/none_v3" 201 - "PUT http://localhost:8080/d1/407/AUTH_3fcc262b58f944b78fae9b8a4c1d4d81/gnocchi.d6abdeb3-3555-41ea-a60f-9b44f2ac4411/none_v3" "txfb4a346558d241a196998-0068dbec65" "object-server 22" 0.0019 "-" 21 0
Sep 30 14:42:45 standalone object-server[125932]: 172.20.0.100 - - [30/Sep/2025:14:42:45 +0000] "PUT /d1/407/AUTH_3fcc262b58f944b78fae9b8a4c1d4d81/gnocchi.d6abdeb3-3555-41ea-a60f-9b44f2ac4411/none_v3" 201 - "PUT http://localhost:8080/v1/AUTH_3fcc262b58f944b78fae9b8a4c1d4d81/gnocchi.d6abdeb3-3555-41ea-a60f-9b44f2ac4411/none_v3" "txfb4a346558d241a196998-0068dbec65" "proxy-server 21" 0.0215 "-" 22 0
Sep 30 14:42:45 standalone proxy-server[127659]: 172.18.0.2 ::1 30/Sep/2025/14/42/45 PUT /v1/AUTH_3fcc262b58f944b78fae9b8a4c1d4d81/gnocchi.d6abdeb3-3555-41ea-a60f-9b44f2ac4411/none_v3 HTTP/1.0 201 - python-swiftclient-3.11.1 gAAAAABo2-whVp_D... 22 - - txfb4a346558d241a196998-0068dbec65 - 0.0334 - - 1759243365.328200102 1759243365.361630678 0
Sep 30 14:42:45 standalone container-server[125784]: 172.20.0.100 - - [30/Sep/2025:14:42:45 +0000] "HEAD /d1/1018/AUTH_3fcc262b58f944b78fae9b8a4c1d4d81/gnocchi.2154ccca-38b3-4bd0-8ae5-9c984495a032" 404 - "HEAD http://localhost:8080/v1/AUTH_3fcc262b58f944b78fae9b8a4c1d4d81/gnocchi.2154ccca-38b3-4bd0-8ae5-9c984495a032?format=json&states=listing" "tx02a74976bd2342e8830c0-0068dbec65" "proxy-server 21" 0.0007 "-" 20 0
Sep 30 14:42:45 standalone object-server[125933]: 172.20.0.100 - - [30/Sep/2025:14:42:45 +0000] "GET /d1/942/AUTH_3fcc262b58f944b78fae9b8a4c1d4d81/gnocchi.2154ccca-38b3-4bd0-8ae5-9c984495a032/none_v3" 404 70 "GET http://localhost:8080/v1/AUTH_3fcc262b58f944b78fae9b8a4c1d4d81/gnocchi.2154ccca-38b3-4bd0-8ae5-9c984495a032/none_v3" "tx02a74976bd2342e8830c0-0068dbec65" "proxy-server 21" 0.0005 "-" 23 0
Sep 30 14:42:45 standalone proxy-server[127659]: 172.18.0.2 ::1 30/Sep/2025/14/42/45 GET /v1/AUTH_3fcc262b58f944b78fae9b8a4c1d4d81/gnocchi.2154ccca-38b3-4bd0-8ae5-9c984495a032/none_v3 HTTP/1.0 404 - python-swiftclient-3.11.1 gAAAAABo2-whVp_D... - 70 - tx02a74976bd2342e8830c0-0068dbec65 - 0.0170 - - 1759243365.377987385 1759243365.395033360 0
Sep 30 14:42:45 standalone account-server[125611]: 172.20.0.100 - - [30/Sep/2025:14:42:45 +0000] "PUT /d1/612/AUTH_3fcc262b58f944b78fae9b8a4c1d4d81/gnocchi.2154ccca-38b3-4bd0-8ae5-9c984495a032" 201 - "PUT http://172.20.0.100:6001/d1/1018/AUTH_3fcc262b58f944b78fae9b8a4c1d4d81/gnocchi.2154ccca-38b3-4bd0-8ae5-9c984495a032" "tx364f9451d7fa47f898cd8-0068dbec65" "container-server 20" 0.0096 "-" 20 0
Sep 30 14:42:45 standalone container-server[125784]: 172.20.0.100 - - [30/Sep/2025:14:42:45 +0000] "PUT /d1/1018/AUTH_3fcc262b58f944b78fae9b8a4c1d4d81/gnocchi.2154ccca-38b3-4bd0-8ae5-9c984495a032" 201 - "PUT http://localhost:8080/v1/AUTH_3fcc262b58f944b78fae9b8a4c1d4d81/gnocchi.2154ccca-38b3-4bd0-8ae5-9c984495a032" "tx364f9451d7fa47f898cd8-0068dbec65" "proxy-server 21" 0.0295 "-" 20 0
Sep 30 14:42:45 standalone proxy-server[127659]: 172.18.0.2 ::1 30/Sep/2025/14/42/45 PUT /v1/AUTH_3fcc262b58f944b78fae9b8a4c1d4d81/gnocchi.2154ccca-38b3-4bd0-8ae5-9c984495a032 HTTP/1.0 201 - python-swiftclient-3.11.1 gAAAAABo2-whVp_D... - - - tx364f9451d7fa47f898cd8-0068dbec65 - 0.0388 - - 1759243365.399650574 1759243365.438451767 0
Sep 30 14:42:45 standalone container-server[125786]: 172.20.0.100 - - [30/Sep/2025:14:42:45 +0000] "HEAD /d1/1018/AUTH_3fcc262b58f944b78fae9b8a4c1d4d81/gnocchi.2154ccca-38b3-4bd0-8ae5-9c984495a032" 204 - "HEAD http://localhost:8080/v1/AUTH_3fcc262b58f944b78fae9b8a4c1d4d81/gnocchi.2154ccca-38b3-4bd0-8ae5-9c984495a032?format=json&states=listing" "tx3eecfe9b35504e088d4b2-0068dbec65" "proxy-server 21" 0.0032 "-" 21 0
Sep 30 14:42:45 standalone proxy-server[127659]: - - 30/Sep/2025/14/42/45 HEAD /v1/AUTH_3fcc262b58f944b78fae9b8a4c1d4d81/gnocchi.2154ccca-38b3-4bd0-8ae5-9c984495a032%3Fformat%3Djson%26states%3Dlisting HTTP/1.0 204 - Swift - - - - tx3eecfe9b35504e088d4b2-0068dbec65 - 0.0119 RL - 1759243365.455771208 1759243365.467668295 0
Sep 30 14:42:45 standalone container-server[125799]: 172.20.0.100 - - [30/Sep/2025:14:42:45 +0000] "GET /d1/1018/AUTH_3fcc262b58f944b78fae9b8a4c1d4d81/gnocchi.2154ccca-38b3-4bd0-8ae5-9c984495a032" 200 2 "GET http://localhost:8080/v1/AUTH_3fcc262b58f944b78fae9b8a4c1d4d81/gnocchi.2154ccca-38b3-4bd0-8ae5-9c984495a032?format=json&states=listing" "tx3eecfe9b35504e088d4b2-0068dbec65" "proxy-server 21" 0.0044 "-" 23 0
Sep 30 14:42:45 standalone proxy-server[127659]: 172.18.0.2 ::1 30/Sep/2025/14/42/45 GET /v1/AUTH_3fcc262b58f944b78fae9b8a4c1d4d81/gnocchi.2154ccca-38b3-4bd0-8ae5-9c984495a032%3Fformat%3Djson%26states%3Dlisting HTTP/1.0 200 - python-swiftclient-3.11.1 gAAAAABo2-whVp_D... - 2 - tx3eecfe9b35504e088d4b2-0068dbec65 - 0.0371 - - 1759243365.452287197 1759243365.489421844 0
Sep 30 14:42:45 standalone object-server[125934]: 172.20.0.100 - - [30/Sep/2025:14:42:45 +0000] "GET /d1/195/AUTH_3fcc262b58f944b78fae9b8a4c1d4d81/gnocchi.2154ccca-38b3-4bd0-8ae5-9c984495a032/1758240000.0_mean_300.0_v3" 404 70 "GET http://localhost:8080/v1/AUTH_3fcc262b58f944b78fae9b8a4c1d4d81/gnocchi.2154ccca-38b3-4bd0-8ae5-9c984495a032/1758240000.0_mean_300.0_v3" "tx50040e77b7d6434e99035-0068dbec65" "proxy-server 21" 0.0006 "-" 24 0
Sep 30 14:42:45 standalone proxy-server[127659]: 172.18.0.2 ::1 30/Sep/2025/14/42/45 GET /v1/AUTH_3fcc262b58f944b78fae9b8a4c1d4d81/gnocchi.2154ccca-38b3-4bd0-8ae5-9c984495a032/1758240000.0_mean_300.0_v3 HTTP/1.0 404 - python-swiftclient-3.11.1 gAAAAABo2-whVp_D... - 70 - tx50040e77b7d6434e99035-0068dbec65 - 0.0157 - - 1759243365.498702049 1759243365.514392614 0
Sep 30 14:42:45 standalone container-server[125784]: 172.20.0.100 - - [30/Sep/2025:14:42:45 +0000] "PUT /d1/1018/AUTH_3fcc262b58f944b78fae9b8a4c1d4d81/gnocchi.2154ccca-38b3-4bd0-8ae5-9c984495a032/1758240000.0_mean_300.0_v3" 201 - "PUT http://localhost:8080/d1/195/AUTH_3fcc262b58f944b78fae9b8a4c1d4d81/gnocchi.2154ccca-38b3-4bd0-8ae5-9c984495a032/1758240000.0_mean_300.0_v3" "txc16ba0af6eaa4f16a8269-0068dbec65" "object-server 25" 0.0016 "-" 20 0
Sep 30 14:42:45 standalone object-server[125935]: 172.20.0.100 - - [30/Sep/2025:14:42:45 +0000] "PUT /d1/195/AUTH_3fcc262b58f944b78fae9b8a4c1d4d81/gnocchi.2154ccca-38b3-4bd0-8ae5-9c984495a032/1758240000.0_mean_300.0_v3" 201 - "PUT http://localhost:8080/v1/AUTH_3fcc262b58f944b78fae9b8a4c1d4d81/gnocchi.2154ccca-38b3-4bd0-8ae5-9c984495a032/1758240000.0_mean_300.0_v3" "txc16ba0af6eaa4f16a8269-0068dbec65" "proxy-server 21" 0.0201 "-" 25 0
Sep 30 14:42:45 standalone proxy-server[127659]: 172.18.0.2 ::1 30/Sep/2025/14/42/45 PUT /v1/AUTH_3fcc262b58f944b78fae9b8a4c1d4d81/gnocchi.2154ccca-38b3-4bd0-8ae5-9c984495a032/1758240000.0_mean_300.0_v3 HTTP/1.0 201 - python-swiftclient-3.11.1 gAAAAABo2-whVp_D... 16 - - txc16ba0af6eaa4f16a8269-0068dbec65 - 0.0351 - - 1759243365.521299362 1759243365.556363583 0
Sep 30 14:42:45 standalone container-server[125784]: 172.20.0.100 - - [30/Sep/2025:14:42:45 +0000] "PUT /d1/1018/AUTH_3fcc262b58f944b78fae9b8a4c1d4d81/gnocchi.2154ccca-38b3-4bd0-8ae5-9c984495a032/none_v3" 201 - "PUT http://localhost:8080/d1/942/AUTH_3fcc262b58f944b78fae9b8a4c1d4d81/gnocchi.2154ccca-38b3-4bd0-8ae5-9c984495a032/none_v3" "tx53eabfa3c37f46fd81c13-0068dbec65" "object-server 25" 0.0007 "-" 20 0
Sep 30 14:42:45 standalone object-server[125935]: 172.20.0.100 - - [30/Sep/2025:14:42:45 +0000] "PUT /d1/942/AUTH_3fcc262b58f944b78fae9b8a4c1d4d81/gnocchi.2154ccca-38b3-4bd0-8ae5-9c984495a032/none_v3" 201 - "PUT http://localhost:8080/v1/AUTH_3fcc262b58f944b78fae9b8a4c1d4d81/gnocchi.2154ccca-38b3-4bd0-8ae5-9c984495a032/none_v3" "tx53eabfa3c37f46fd81c13-0068dbec65" "proxy-server 21" 0.0129 "-" 25 0
Sep 30 14:42:45 standalone proxy-server[127659]: 172.18.0.2 ::1 30/Sep/2025/14/42/45 PUT /v1/AUTH_3fcc262b58f944b78fae9b8a4c1d4d81/gnocchi.2154ccca-38b3-4bd0-8ae5-9c984495a032/none_v3 HTTP/1.0 201 - python-swiftclient-3.11.1 gAAAAABo2-whVp_D... 22 - - tx53eabfa3c37f46fd81c13-0068dbec65 - 0.0243 - - 1759243365.563861609 1759243365.588155985 0
Sep 30 14:43:09 standalone object-server[125835]: Begin object update sweep
Sep 30 14:43:09 standalone object-server[222162]: Object update sweep starting on /srv/node/d1 (pid: 14)
Sep 30 14:43:09 standalone object-server[222162]: Object update sweep completed on /srv/node/d1 in 0.00s seconds:, 0 successes, 0 failures, 0 quarantines, 0 unlinks, 0 errors, 0 redirects (pid: 14)
Sep 30 14:43:09 standalone object-server[222162]: Object update sweep of d1 completed: 0.00s, 0 successes, 0 failures, 0 quarantines, 0 unlinks, 0 errors, 0 redirects
Sep 30 14:43:09 standalone object-server[125835]: Object update sweep completed: 0.08s
Sep 30 14:44:09 standalone account-server[125648]: 172.20.0.100 - - [30/Sep/2025:14:44:09 +0000] "HEAD /d1/482/.expiring_objects" 404 - "HEAD http://localhost/v1/.expiring_objects?format=json" "txe17b096c827b4b06ad15a-0068dbecb9" "proxy-server 2" 0.0008 "-" 23 -
Sep 30 14:44:09 standalone object-expirer[125801]: Pass completed in 0s; 0 objects expired (txn: txe17b096c827b4b06ad15a-0068dbecb9)
Sep 30 14:44:40 standalone account-server[125617]: 172.20.0.100 - - [30/Sep/2025:14:44:40 +0000] "HEAD /d1/612/AUTH_3fcc262b58f944b78fae9b8a4c1d4d81" 204 - "HEAD http://localhost:8080/v1/AUTH_3fcc262b58f944b78fae9b8a4c1d4d81?format=json" "tx5124003b0b62438da9122-0068dbecd8" "proxy-server 21" 0.0056 "-" 21 -
Sep 30 14:44:40 standalone proxy-server[127659]: - - 30/Sep/2025/14/44/40 HEAD /v1/AUTH_3fcc262b58f944b78fae9b8a4c1d4d81%3Fformat%3Djson HTTP/1.0 204 - Swift - - - - tx5124003b0b62438da9122-0068dbecd8 - 0.0101 RL - 1759243480.633728027 1759243480.643834114 -
Sep 30 14:44:40 standalone container-server[125789]: 172.20.0.100 - - [30/Sep/2025:14:44:40 +0000] "HEAD /d1/625/AUTH_3fcc262b58f944b78fae9b8a4c1d4d81/gnocchi.df97f015-bc3a-4ac7-9c0d-f560dce2698b" 404 - "HEAD http://localhost:8080/v1/AUTH_3fcc262b58f944b78fae9b8a4c1d4d81/gnocchi.df97f015-bc3a-4ac7-9c0d-f560dce2698b?format=json&states=listing" "tx5124003b0b62438da9122-0068dbecd8" "proxy-server 21" 0.0007 "-" 22 0
Sep 30 14:44:40 standalone object-server[125934]: 172.20.0.100 - - [30/Sep/2025:14:44:40 +0000] "GET /d1/305/AUTH_3fcc262b58f944b78fae9b8a4c1d4d81/gnocchi.df97f015-bc3a-4ac7-9c0d-f560dce2698b/none_v3" 404 70 "GET http://localhost:8080/v1/AUTH_3fcc262b58f944b78fae9b8a4c1d4d81/gnocchi.df97f015-bc3a-4ac7-9c0d-f560dce2698b/none_v3" "tx5124003b0b62438da9122-0068dbecd8" "proxy-server 21" 0.0004 "-" 24 0
Sep 30 14:44:40 standalone proxy-server[127659]: 172.18.0.2 ::1 30/Sep/2025/14/44/40 GET /v1/AUTH_3fcc262b58f944b78fae9b8a4c1d4d81/gnocchi.df97f015-bc3a-4ac7-9c0d-f560dce2698b/none_v3 HTTP/1.0 404 - python-swiftclient-3.11.1 gAAAAABo2-whVp_D... - 70 - tx5124003b0b62438da9122-0068dbecd8 - 0.0252 - - 1759243480.632914543 1759243480.658113480 0
Sep 30 14:44:40 standalone account-server[125617]: 172.20.0.100 - - [30/Sep/2025:14:44:40 +0000] "PUT /d1/612/AUTH_3fcc262b58f944b78fae9b8a4c1d4d81/gnocchi.df97f015-bc3a-4ac7-9c0d-f560dce2698b" 201 - "PUT http://172.20.0.100:6001/d1/625/AUTH_3fcc262b58f944b78fae9b8a4c1d4d81/gnocchi.df97f015-bc3a-4ac7-9c0d-f560dce2698b" "tx2597d70209b246318ecab-0068dbecd8" "container-server 21" 0.0011 "-" 21 0
Sep 30 14:44:40 standalone container-server[125786]: 172.20.0.100 - - [30/Sep/2025:14:44:40 +0000] "PUT /d1/625/AUTH_3fcc262b58f944b78fae9b8a4c1d4d81/gnocchi.df97f015-bc3a-4ac7-9c0d-f560dce2698b" 201 - "PUT http://localhost:8080/v1/AUTH_3fcc262b58f944b78fae9b8a4c1d4d81/gnocchi.df97f015-bc3a-4ac7-9c0d-f560dce2698b" "tx2597d70209b246318ecab-0068dbecd8" "proxy-server 21" 0.0112 "-" 21 0
Sep 30 14:44:40 standalone proxy-server[127659]: 172.18.0.2 ::1 30/Sep/2025/14/44/40 PUT /v1/AUTH_3fcc262b58f944b78fae9b8a4c1d4d81/gnocchi.df97f015-bc3a-4ac7-9c0d-f560dce2698b HTTP/1.0 201 - python-swiftclient-3.11.1 gAAAAABo2-whVp_D... - - - tx2597d70209b246318ecab-0068dbecd8 - 0.0162 - - 1759243480.663975477 1759243480.680148125 0
Sep 30 14:44:40 standalone container-server[125799]: 172.20.0.100 - - [30/Sep/2025:14:44:40 +0000] "HEAD /d1/625/AUTH_3fcc262b58f944b78fae9b8a4c1d4d81/gnocchi.df97f015-bc3a-4ac7-9c0d-f560dce2698b" 204 - "HEAD http://localhost:8080/v1/AUTH_3fcc262b58f944b78fae9b8a4c1d4d81/gnocchi.df97f015-bc3a-4ac7-9c0d-f560dce2698b?format=json&states=listing" "txc64b7c7ccdf240fe80abe-0068dbecd8" "proxy-server 21" 0.0012 "-" 23 0
Sep 30 14:44:40 standalone proxy-server[127659]: - - 30/Sep/2025/14/44/40 HEAD /v1/AUTH_3fcc262b58f944b78fae9b8a4c1d4d81/gnocchi.df97f015-bc3a-4ac7-9c0d-f560dce2698b%3Fformat%3Djson%26states%3Dlisting HTTP/1.0 204 - Swift - - - - txc64b7c7ccdf240fe80abe-0068dbecd8 - 0.0061 RL - 1759243480.684718370 1759243480.690848827 0
Sep 30 14:44:40 standalone container-server[125786]: 172.20.0.100 - - [30/Sep/2025:14:44:40 +0000] "GET /d1/625/AUTH_3fcc262b58f944b78fae9b8a4c1d4d81/gnocchi.df97f015-bc3a-4ac7-9c0d-f560dce2698b" 200 2 "GET http://localhost:8080/v1/AUTH_3fcc262b58f944b78fae9b8a4c1d4d81/gnocchi.df97f015-bc3a-4ac7-9c0d-f560dce2698b?format=json&states=listing" "txc64b7c7ccdf240fe80abe-0068dbecd8" "proxy-server 21" 0.0020 "-" 21 0
Sep 30 14:44:40 standalone proxy-server[127659]: 172.18.0.2 ::1 30/Sep/2025/14/44/40 GET /v1/AUTH_3fcc262b58f944b78fae9b8a4c1d4d81/gnocchi.df97f015-bc3a-4ac7-9c0d-f560dce2698b%3Fformat%3Djson%26states%3Dlisting HTTP/1.0 200 - python-swiftclient-3.11.1 gAAAAABo2-whVp_D... - 2 - txc64b7c7ccdf240fe80abe-0068dbecd8 - 0.0181 - - 1759243480.683787107 1759243480.701854706 0
Sep 30 14:44:40 standalone object-server[125934]: 172.20.0.100 - - [30/Sep/2025:14:44:40 +0000] "GET /d1/613/AUTH_3fcc262b58f944b78fae9b8a4c1d4d81/gnocchi.df97f015-bc3a-4ac7-9c0d-f560dce2698b/1758240000.0_mean_300.0_v3" 404 70 "GET http://localhost:8080/v1/AUTH_3fcc262b58f944b78fae9b8a4c1d4d81/gnocchi.df97f015-bc3a-4ac7-9c0d-f560dce2698b/1758240000.0_mean_300.0_v3" "tx25104ef11b614a7b83968-0068dbecd8" "proxy-server 21" 0.0003 "-" 24 0
Sep 30 14:44:40 standalone proxy-server[127659]: 172.18.0.2 ::1 30/Sep/2025/14/44/40 GET /v1/AUTH_3fcc262b58f944b78fae9b8a4c1d4d81/gnocchi.df97f015-bc3a-4ac7-9c0d-f560dce2698b/1758240000.0_mean_300.0_v3 HTTP/1.0 404 - python-swiftclient-3.11.1 gAAAAABo2-whVp_D... - 70 - tx25104ef11b614a7b83968-0068dbecd8 - 0.0112 - - 1759243480.706986427 1759243480.718199492 0
Sep 30 14:44:40 standalone container-server[125799]: 172.20.0.100 - - [30/Sep/2025:14:44:40 +0000] "PUT /d1/625/AUTH_3fcc262b58f944b78fae9b8a4c1d4d81/gnocchi.df97f015-bc3a-4ac7-9c0d-f560dce2698b/1758240000.0_mean_300.0_v3" 201 - "PUT http://localhost:8080/d1/613/AUTH_3fcc262b58f944b78fae9b8a4c1d4d81/gnocchi.df97f015-bc3a-4ac7-9c0d-f560dce2698b/1758240000.0_mean_300.0_v3" "tx4318a270534140fa88280-0068dbecd8" "object-server 22" 0.0005 "-" 23 0
Sep 30 14:44:40 standalone object-server[125932]: 172.20.0.100 - - [30/Sep/2025:14:44:40 +0000] "PUT /d1/613/AUTH_3fcc262b58f944b78fae9b8a4c1d4d81/gnocchi.df97f015-bc3a-4ac7-9c0d-f560dce2698b/1758240000.0_mean_300.0_v3" 201 - "PUT http://localhost:8080/v1/AUTH_3fcc262b58f944b78fae9b8a4c1d4d81/gnocchi.df97f015-bc3a-4ac7-9c0d-f560dce2698b/1758240000.0_mean_300.0_v3" "tx4318a270534140fa88280-0068dbecd8" "proxy-server 21" 0.0094 "-" 22 0
Sep 30 14:44:40 standalone proxy-server[127659]: 172.18.0.2 ::1 30/Sep/2025/14/44/40 PUT /v1/AUTH_3fcc262b58f944b78fae9b8a4c1d4d81/gnocchi.df97f015-bc3a-4ac7-9c0d-f560dce2698b/1758240000.0_mean_300.0_v3 HTTP/1.0 201 - python-swiftclient-3.11.1 gAAAAABo2-whVp_D... 16 - - tx4318a270534140fa88280-0068dbecd8 - 0.0149 - - 1759243480.755077362 1759243480.769994497 0
Sep 30 14:44:40 standalone container-server[125799]: 172.20.0.100 - - [30/Sep/2025:14:44:40 +0000] "PUT /d1/625/AUTH_3fcc262b58f944b78fae9b8a4c1d4d81/gnocchi.df97f015-bc3a-4ac7-9c0d-f560dce2698b/none_v3" 201 - "PUT http://localhost:8080/d1/305/AUTH_3fcc262b58f944b78fae9b8a4c1d4d81/gnocchi.df97f015-bc3a-4ac7-9c0d-f560dce2698b/none_v3" "tx08caf202625842aeb7dcb-0068dbecd8" "object-server 23" 0.0004 "-" 23 0
Sep 30 14:44:40 standalone object-server[125933]: 172.20.0.100 - - [30/Sep/2025:14:44:40 +0000] "PUT /d1/305/AUTH_3fcc262b58f944b78fae9b8a4c1d4d81/gnocchi.df97f015-bc3a-4ac7-9c0d-f560dce2698b/none_v3" 201 - "PUT http://localhost:8080/v1/AUTH_3fcc262b58f944b78fae9b8a4c1d4d81/gnocchi.df97f015-bc3a-4ac7-9c0d-f560dce2698b/none_v3" "tx08caf202625842aeb7dcb-0068dbecd8" "proxy-server 21" 0.0094 "-" 23 0
Sep 30 14:44:40 standalone proxy-server[127659]: 172.18.0.2 ::1 30/Sep/2025/14/44/40 PUT /v1/AUTH_3fcc262b58f944b78fae9b8a4c1d4d81/gnocchi.df97f015-bc3a-4ac7-9c0d-f560dce2698b/none_v3 HTTP/1.0 201 - python-swiftclient-3.11.1 gAAAAABo2-whVp_D... 22 - - tx08caf202625842aeb7dcb-0068dbecd8 - 0.0156 - - 1759243480.776805639 1759243480.792359114 0
Sep 30 14:44:40 standalone container-server[125799]: 172.20.0.100 - - [30/Sep/2025:14:44:40 +0000] "HEAD /d1/913/AUTH_3fcc262b58f944b78fae9b8a4c1d4d81/gnocchi.d6eb3d16-5483-4eed-b7e0-9922b825feb3" 404 - "HEAD http://localhost:8080/v1/AUTH_3fcc262b58f944b78fae9b8a4c1d4d81/gnocchi.d6eb3d16-5483-4eed-b7e0-9922b825feb3?format=json&states=listing" "txadd19a5005d942629038a-0068dbecd8" "proxy-server 21" 0.0003 "-" 23 0
Sep 30 14:44:40 standalone object-server[125932]: 172.20.0.100 - - [30/Sep/2025:14:44:40 +0000] "GET /d1/633/AUTH_3fcc262b58f944b78fae9b8a4c1d4d81/gnocchi.d6eb3d16-5483-4eed-b7e0-9922b825feb3/none_v3" 404 70 "GET http://localhost:8080/v1/AUTH_3fcc262b58f944b78fae9b8a4c1d4d81/gnocchi.d6eb3d16-5483-4eed-b7e0-9922b825feb3/none_v3" "txadd19a5005d942629038a-0068dbecd8" "proxy-server 21" 0.0003 "-" 22 0
Sep 30 14:44:40 standalone proxy-server[127659]: 172.18.0.2 ::1 30/Sep/2025/14/44/40 GET /v1/AUTH_3fcc262b58f944b78fae9b8a4c1d4d81/gnocchi.d6eb3d16-5483-4eed-b7e0-9922b825feb3/none_v3 HTTP/1.0 404 - python-swiftclient-3.11.1 gAAAAABo2-whVp_D... - 70 - txadd19a5005d942629038a-0068dbecd8 - 0.0120 - - 1759243480.803558111 1759243480.815521002 0
Sep 30 14:44:40 standalone account-server[125648]: 172.20.0.100 - - [30/Sep/2025:14:44:40 +0000] "PUT /d1/612/AUTH_3fcc262b58f944b78fae9b8a4c1d4d81/gnocchi.d6eb3d16-5483-4eed-b7e0-9922b825feb3" 201 - "PUT http://172.20.0.100:6001/d1/913/AUTH_3fcc262b58f944b78fae9b8a4c1d4d81/gnocchi.d6eb3d16-5483-4eed-b7e0-9922b825feb3" "tx6ef7433b0e974a5b998d8-0068dbecd8" "container-server 20" 0.0039 "-" 23 0
Sep 30 14:44:40 standalone container-server[125784]: 172.20.0.100 - - [30/Sep/2025:14:44:40 +0000] "PUT /d1/913/AUTH_3fcc262b58f944b78fae9b8a4c1d4d81/gnocchi.d6eb3d16-5483-4eed-b7e0-9922b825feb3" 201 - "PUT http://localhost:8080/v1/AUTH_3fcc262b58f944b78fae9b8a4c1d4d81/gnocchi.d6eb3d16-5483-4eed-b7e0-9922b825feb3" "tx6ef7433b0e974a5b998d8-0068dbecd8" "proxy-server 21" 0.0130 "-" 20 0
Sep 30 14:44:40 standalone proxy-server[127659]: 172.18.0.2 ::1 30/Sep/2025/14/44/40 PUT /v1/AUTH_3fcc262b58f944b78fae9b8a4c1d4d81/gnocchi.d6eb3d16-5483-4eed-b7e0-9922b825feb3 HTTP/1.0 201 - python-swiftclient-3.11.1 gAAAAABo2-whVp_D... - - - tx6ef7433b0e974a5b998d8-0068dbecd8 - 0.0179 - - 1759243480.818633556 1759243480.836487770 0
Sep 30 14:44:40 standalone container-server[125799]: 172.20.0.100 - - [30/Sep/2025:14:44:40 +0000] "HEAD /d1/913/AUTH_3fcc262b58f944b78fae9b8a4c1d4d81/gnocchi.d6eb3d16-5483-4eed-b7e0-9922b825feb3" 204 - "HEAD http://localhost:8080/v1/AUTH_3fcc262b58f944b78fae9b8a4c1d4d81/gnocchi.d6eb3d16-5483-4eed-b7e0-9922b825feb3?format=json&states=listing" "tx01846453ddde4ede938ee-0068dbecd8" "proxy-server 21" 0.0011 "-" 23 0
Sep 30 14:44:40 standalone proxy-server[127659]: - - 30/Sep/2025/14/44/40 HEAD /v1/AUTH_3fcc262b58f944b78fae9b8a4c1d4d81/gnocchi.d6eb3d16-5483-4eed-b7e0-9922b825feb3%3Fformat%3Djson%26states%3Dlisting HTTP/1.0 204 - Swift - - - - tx01846453ddde4ede938ee-0068dbecd8 - 0.0038 RL - 1759243480.841254473 1759243480.845029831 0
Sep 30 14:44:40 standalone container-server[125784]: 172.20.0.100 - - [30/Sep/2025:14:44:40 +0000] "GET /d1/913/AUTH_3fcc262b58f944b78fae9b8a4c1d4d81/gnocchi.d6eb3d16-5483-4eed-b7e0-9922b825feb3" 200 2 "GET http://localhost:8080/v1/AUTH_3fcc262b58f944b78fae9b8a4c1d4d81/gnocchi.d6eb3d16-5483-4eed-b7e0-9922b825feb3?format=json&states=listing" "tx01846453ddde4ede938ee-0068dbecd8" "proxy-server 21" 0.0017 "-" 20 0
Sep 30 14:44:40 standalone proxy-server[127659]: 172.18.0.2 ::1 30/Sep/2025/14/44/40 GET /v1/AUTH_3fcc262b58f944b78fae9b8a4c1d4d81/gnocchi.d6eb3d16-5483-4eed-b7e0-9922b825feb3%3Fformat%3Djson%26states%3Dlisting HTTP/1.0 200 - python-swiftclient-3.11.1 gAAAAABo2-whVp_D... - 2 - tx01846453ddde4ede938ee-0068dbecd8 - 0.0105 - - 1759243480.840234041 1759243480.850759983 0
Sep 30 14:44:40 standalone object-server[125935]: 172.20.0.100 - - [30/Sep/2025:14:44:40 +0000] "GET /d1/513/AUTH_3fcc262b58f944b78fae9b8a4c1d4d81/gnocchi.d6eb3d16-5483-4eed-b7e0-9922b825feb3/1758240000.0_mean_300.0_v3" 404 70 "GET http://localhost:8080/v1/AUTH_3fcc262b58f944b78fae9b8a4c1d4d81/gnocchi.d6eb3d16-5483-4eed-b7e0-9922b825feb3/1758240000.0_mean_300.0_v3" "tx63768efe89bc48c5b9862-0068dbecd8" "proxy-server 21" 0.0003 "-" 25 0
Sep 30 14:44:40 standalone proxy-server[127659]: 172.18.0.2 ::1 30/Sep/2025/14/44/40 GET /v1/AUTH_3fcc262b58f944b78fae9b8a4c1d4d81/gnocchi.d6eb3d16-5483-4eed-b7e0-9922b825feb3/1758240000.0_mean_300.0_v3 HTTP/1.0 404 - python-swiftclient-3.11.1 gAAAAABo2-whVp_D... - 70 - tx63768efe89bc48c5b9862-0068dbecd8 - 0.0043 - - 1759243480.853789091 1759243480.858131886 0
Sep 30 14:44:40 standalone container-server[125786]: 172.20.0.100 - - [30/Sep/2025:14:44:40 +0000] "PUT /d1/913/AUTH_3fcc262b58f944b78fae9b8a4c1d4d81/gnocchi.d6eb3d16-5483-4eed-b7e0-9922b825feb3/1758240000.0_mean_300.0_v3" 201 - "PUT http://localhost:8080/d1/513/AUTH_3fcc262b58f944b78fae9b8a4c1d4d81/gnocchi.d6eb3d16-5483-4eed-b7e0-9922b825feb3/1758240000.0_mean_300.0_v3" "tx29624f78b47b4db7a1864-0068dbecd8" "object-server 22" 0.0005 "-" 21 0
Sep 30 14:44:40 standalone object-server[125932]: 172.20.0.100 - - [30/Sep/2025:14:44:40 +0000] "PUT /d1/513/AUTH_3fcc262b58f944b78fae9b8a4c1d4d81/gnocchi.d6eb3d16-5483-4eed-b7e0-9922b825feb3/1758240000.0_mean_300.0_v3" 201 - "PUT http://localhost:8080/v1/AUTH_3fcc262b58f944b78fae9b8a4c1d4d81/gnocchi.d6eb3d16-5483-4eed-b7e0-9922b825feb3/1758240000.0_mean_300.0_v3" "tx29624f78b47b4db7a1864-0068dbecd8" "proxy-server 21" 0.0083 "-" 22 0
Sep 30 14:44:40 standalone proxy-server[127659]: 172.18.0.2 ::1 30/Sep/2025/14/44/40 PUT /v1/AUTH_3fcc262b58f944b78fae9b8a4c1d4d81/gnocchi.d6eb3d16-5483-4eed-b7e0-9922b825feb3/1758240000.0_mean_300.0_v3 HTTP/1.0 201 - python-swiftclient-3.11.1 gAAAAABo2-whVp_D... 16 - - tx29624f78b47b4db7a1864-0068dbecd8 - 0.0125 - - 1759243480.860273838 1759243480.872774601 0
Sep 30 14:44:40 standalone container-server[125786]: 172.20.0.100 - - [30/Sep/2025:14:44:40 +0000] "PUT /d1/913/AUTH_3fcc262b58f944b78fae9b8a4c1d4d81/gnocchi.d6eb3d16-5483-4eed-b7e0-9922b825feb3/none_v3" 201 - "PUT http://localhost:8080/d1/633/AUTH_3fcc262b58f944b78fae9b8a4c1d4d81/gnocchi.d6eb3d16-5483-4eed-b7e0-9922b825feb3/none_v3" "txfbafdeaeee4d4de29e5cd-0068dbecd8" "object-server 23" 0.0005 "-" 21 0
Sep 30 14:44:40 standalone object-server[125933]: 172.20.0.100 - - [30/Sep/2025:14:44:40 +0000] "PUT /d1/633/AUTH_3fcc262b58f944b78fae9b8a4c1d4d81/gnocchi.d6eb3d16-5483-4eed-b7e0-9922b825feb3/none_v3" 201 - "PUT http://localhost:8080/v1/AUTH_3fcc262b58f944b78fae9b8a4c1d4d81/gnocchi.d6eb3d16-5483-4eed-b7e0-9922b825feb3/none_v3" "txfbafdeaeee4d4de29e5cd-0068dbecd8" "proxy-server 21" 0.0106 "-" 23 0
Sep 30 14:44:40 standalone proxy-server[127659]: 172.18.0.2 ::1 30/Sep/2025/14/44/40 PUT /v1/AUTH_3fcc262b58f944b78fae9b8a4c1d4d81/gnocchi.d6eb3d16-5483-4eed-b7e0-9922b825feb3/none_v3 HTTP/1.0 201 - python-swiftclient-3.11.1 gAAAAABo2-whVp_D... 22 - - txfbafdeaeee4d4de29e5cd-0068dbecd8 - 0.0166 - - 1759243480.875590324 1759243480.892215014 0
Sep 30 14:44:40 standalone container-server[125799]: 172.20.0.100 - - [30/Sep/2025:14:44:40 +0000] "HEAD /d1/829/AUTH_3fcc262b58f944b78fae9b8a4c1d4d81/gnocchi.fbcfd116-4fe1-47ef-9109-77a4635bfe86" 404 - "HEAD http://localhost:8080/v1/AUTH_3fcc262b58f944b78fae9b8a4c1d4d81/gnocchi.fbcfd116-4fe1-47ef-9109-77a4635bfe86?format=json&states=listing" "txee744706aad0430995aba-0068dbecd8" "proxy-server 21" 0.0003 "-" 23 0
Sep 30 14:44:40 standalone object-server[125932]: 172.20.0.100 - - [30/Sep/2025:14:44:40 +0000] "GET /d1/936/AUTH_3fcc262b58f944b78fae9b8a4c1d4d81/gnocchi.fbcfd116-4fe1-47ef-9109-77a4635bfe86/none_v3" 404 70 "GET http://localhost:8080/v1/AUTH_3fcc262b58f944b78fae9b8a4c1d4d81/gnocchi.fbcfd116-4fe1-47ef-9109-77a4635bfe86/none_v3" "txee744706aad0430995aba-0068dbecd8" "proxy-server 21" 0.0003 "-" 22 0
Sep 30 14:44:40 standalone proxy-server[127659]: 172.18.0.2 ::1 30/Sep/2025/14/44/40 GET /v1/AUTH_3fcc262b58f944b78fae9b8a4c1d4d81/gnocchi.fbcfd116-4fe1-47ef-9109-77a4635bfe86/none_v3 HTTP/1.0 404 - python-swiftclient-3.11.1 gAAAAABo2-whVp_D... - 70 - txee744706aad0430995aba-0068dbecd8 - 0.0130 - - 1759243480.905462027 1759243480.918508053 0
Sep 30 14:44:40 standalone account-server[125611]: 172.20.0.100 - - [30/Sep/2025:14:44:40 +0000] "PUT /d1/612/AUTH_3fcc262b58f944b78fae9b8a4c1d4d81/gnocchi.fbcfd116-4fe1-47ef-9109-77a4635bfe86" 201 - "PUT http://172.20.0.100:6001/d1/829/AUTH_3fcc262b58f944b78fae9b8a4c1d4d81/gnocchi.fbcfd116-4fe1-47ef-9109-77a4635bfe86" "txf580db35ed6f4748b2168-0068dbecd8" "container-server 22" 0.0043 "-" 20 0
Sep 30 14:44:40 standalone container-server[125789]: 172.20.0.100 - - [30/Sep/2025:14:44:40 +0000] "PUT /d1/829/AUTH_3fcc262b58f944b78fae9b8a4c1d4d81/gnocchi.fbcfd116-4fe1-47ef-9109-77a4635bfe86" 201 - "PUT http://localhost:8080/v1/AUTH_3fcc262b58f944b78fae9b8a4c1d4d81/gnocchi.fbcfd116-4fe1-47ef-9109-77a4635bfe86" "txf580db35ed6f4748b2168-0068dbecd8" "proxy-server 21" 0.0134 "-" 22 0
Sep 30 14:44:40 standalone proxy-server[127659]: 172.18.0.2 ::1 30/Sep/2025/14/44/40 PUT /v1/AUTH_3fcc262b58f944b78fae9b8a4c1d4d81/gnocchi.fbcfd116-4fe1-47ef-9109-77a4635bfe86 HTTP/1.0 201 - python-swiftclient-3.11.1 gAAAAABo2-whVp_D... - - - txf580db35ed6f4748b2168-0068dbecd8 - 0.0175 - - 1759243480.922580719 1759243480.940043688 0
Sep 30 14:44:40 standalone container-server[125799]: 172.20.0.100 - - [30/Sep/2025:14:44:40 +0000] "HEAD /d1/829/AUTH_3fcc262b58f944b78fae9b8a4c1d4d81/gnocchi.fbcfd116-4fe1-47ef-9109-77a4635bfe86" 204 - "HEAD http://localhost:8080/v1/AUTH_3fcc262b58f944b78fae9b8a4c1d4d81/gnocchi.fbcfd116-4fe1-47ef-9109-77a4635bfe86?format=json&states=listing" "tx3b2fed70a6a14f1caf47b-0068dbecd8" "proxy-server 21" 0.0011 "-" 23 0
