Sep 30 14:44:40 standalone proxy-server[127659]: - - 30/Sep/2025/14/44/40 HEAD /v1/AUTH_3fcc262b58f944b78fae9b8a4c1d4d81/gnocchi.fbcfd116-4fe1-47ef-9109-77a4635bfe86%3Fformat%3Djson%26states%3Dlisting HTTP/1.0 204 - Swift - - - - tx3b2fed70a6a14f1caf47b-0068dbecd8 - 0.0031 RL - 1759243480.943766594 1759243480.946850300 0
Sep 30 14:44:40 standalone container-server[125799]: 172.20.0.100 - - [30/Sep/2025:14:44:40 +0000] "GET /d1/829/AUTH_3fcc262b58f944b78fae9b8a4c1d4d81/gnocchi.fbcfd116-4fe1-47ef-9109-77a4635bfe86" 200 2 "GET http://localhost:8080/v1/AUTH_3fcc262b58f944b78fae9b8a4c1d4d81/gnocchi.fbcfd116-4fe1-47ef-9109-77a4635bfe86?format=json&states=listing" "tx3b2fed70a6a14f1caf47b-0068dbecd8" "proxy-server 21" 0.0014 "-" 23 0
Sep 30 14:44:40 standalone proxy-server[127659]: 172.18.0.2 ::1 30/Sep/2025/14/44/40 GET /v1/AUTH_3fcc262b58f944b78fae9b8a4c1d4d81/gnocchi.fbcfd116-4fe1-47ef-9109-77a4635bfe86%3Fformat%3Djson%26states%3Dlisting HTTP/1.0 200 - python-swiftclient-3.11.1 gAAAAABo2-whVp_D... - 2 - tx3b2fed70a6a14f1caf47b-0068dbecd8 - 0.0088 - - 1759243480.943052292 1759243480.951891899 0
Sep 30 14:44:40 standalone object-server[125932]: 172.20.0.100 - - [30/Sep/2025:14:44:40 +0000] "GET /d1/157/AUTH_3fcc262b58f944b78fae9b8a4c1d4d81/gnocchi.fbcfd116-4fe1-47ef-9109-77a4635bfe86/1758240000.0_mean_300.0_v3" 404 70 "GET http://localhost:8080/v1/AUTH_3fcc262b58f944b78fae9b8a4c1d4d81/gnocchi.fbcfd116-4fe1-47ef-9109-77a4635bfe86/1758240000.0_mean_300.0_v3" "tx19b9030fbc8946e1a13e8-0068dbecd8" "proxy-server 21" 0.0002 "-" 22 0
Sep 30 14:44:40 standalone proxy-server[127659]: 172.18.0.2 ::1 30/Sep/2025/14/44/40 GET /v1/AUTH_3fcc262b58f944b78fae9b8a4c1d4d81/gnocchi.fbcfd116-4fe1-47ef-9109-77a4635bfe86/1758240000.0_mean_300.0_v3 HTTP/1.0 404 - python-swiftclient-3.11.1 gAAAAABo2-whVp_D... - 70 - tx19b9030fbc8946e1a13e8-0068dbecd8 - 0.0067 - - 1759243480.954424620 1759243480.961159706 0
Sep 30 14:44:40 standalone container-server[125784]: 172.20.0.100 - - [30/Sep/2025:14:44:40 +0000] "PUT /d1/829/AUTH_3fcc262b58f944b78fae9b8a4c1d4d81/gnocchi.fbcfd116-4fe1-47ef-9109-77a4635bfe86/1758240000.0_mean_300.0_v3" 201 - "PUT http://localhost:8080/d1/157/AUTH_3fcc262b58f944b78fae9b8a4c1d4d81/gnocchi.fbcfd116-4fe1-47ef-9109-77a4635bfe86/1758240000.0_mean_300.0_v3" "tx04522cfcc65442dcb9525-0068dbecd8" "object-server 24" 0.0005 "-" 20 0
Sep 30 14:44:40 standalone object-server[125934]: 172.20.0.100 - - [30/Sep/2025:14:44:40 +0000] "PUT /d1/157/AUTH_3fcc262b58f944b78fae9b8a4c1d4d81/gnocchi.fbcfd116-4fe1-47ef-9109-77a4635bfe86/1758240000.0_mean_300.0_v3" 201 - "PUT http://localhost:8080/v1/AUTH_3fcc262b58f944b78fae9b8a4c1d4d81/gnocchi.fbcfd116-4fe1-47ef-9109-77a4635bfe86/1758240000.0_mean_300.0_v3" "tx04522cfcc65442dcb9525-0068dbecd8" "proxy-server 21" 0.0086 "-" 24 0
Sep 30 14:44:40 standalone proxy-server[127659]: 172.18.0.2 ::1 30/Sep/2025/14/44/40 PUT /v1/AUTH_3fcc262b58f944b78fae9b8a4c1d4d81/gnocchi.fbcfd116-4fe1-47ef-9109-77a4635bfe86/1758240000.0_mean_300.0_v3 HTTP/1.0 201 - python-swiftclient-3.11.1 gAAAAABo2-whVp_D... 16 - - tx04522cfcc65442dcb9525-0068dbecd8 - 0.0138 - - 1759243480.963791370 1759243480.977556467 0
Sep 30 14:44:40 standalone container-server[125784]: 172.20.0.100 - - [30/Sep/2025:14:44:40 +0000] "PUT /d1/829/AUTH_3fcc262b58f944b78fae9b8a4c1d4d81/gnocchi.fbcfd116-4fe1-47ef-9109-77a4635bfe86/none_v3" 201 - "PUT http://localhost:8080/d1/936/AUTH_3fcc262b58f944b78fae9b8a4c1d4d81/gnocchi.fbcfd116-4fe1-47ef-9109-77a4635bfe86/none_v3" "tx9efb2a98b52e41de92dc8-0068dbecd8" "object-server 25" 0.0005 "-" 20 0
Sep 30 14:44:40 standalone object-server[125935]: 172.20.0.100 - - [30/Sep/2025:14:44:40 +0000] "PUT /d1/936/AUTH_3fcc262b58f944b78fae9b8a4c1d4d81/gnocchi.fbcfd116-4fe1-47ef-9109-77a4635bfe86/none_v3" 201 - "PUT http://localhost:8080/v1/AUTH_3fcc262b58f944b78fae9b8a4c1d4d81/gnocchi.fbcfd116-4fe1-47ef-9109-77a4635bfe86/none_v3" "tx9efb2a98b52e41de92dc8-0068dbecd8" "proxy-server 21" 0.0074 "-" 25 0
Sep 30 14:44:40 standalone proxy-server[127659]: 172.18.0.2 ::1 30/Sep/2025/14/44/40 PUT /v1/AUTH_3fcc262b58f944b78fae9b8a4c1d4d81/gnocchi.fbcfd116-4fe1-47ef-9109-77a4635bfe86/none_v3 HTTP/1.0 201 - python-swiftclient-3.11.1 gAAAAABo2-whVp_D... 22 - - tx9efb2a98b52e41de92dc8-0068dbecd8 - 0.0119 - - 1759243480.979899406 1759243480.991815090 0
Sep 30 14:44:41 standalone container-server[125789]: 172.20.0.100 - - [30/Sep/2025:14:44:41 +0000] "HEAD /d1/895/AUTH_3fcc262b58f944b78fae9b8a4c1d4d81/gnocchi.753ecc0c-bbe0-4e4b-a29b-b1cdec9d0407" 404 - "HEAD http://localhost:8080/v1/AUTH_3fcc262b58f944b78fae9b8a4c1d4d81/gnocchi.753ecc0c-bbe0-4e4b-a29b-b1cdec9d0407?format=json&states=listing" "tx1d2ead1fe4ba45ee8b56d-0068dbecd9" "proxy-server 21" 0.0004 "-" 22 0
Sep 30 14:44:41 standalone object-server[125932]: 172.20.0.100 - - [30/Sep/2025:14:44:41 +0000] "GET /d1/262/AUTH_3fcc262b58f944b78fae9b8a4c1d4d81/gnocchi.753ecc0c-bbe0-4e4b-a29b-b1cdec9d0407/none_v3" 404 70 "GET http://localhost:8080/v1/AUTH_3fcc262b58f944b78fae9b8a4c1d4d81/gnocchi.753ecc0c-bbe0-4e4b-a29b-b1cdec9d0407/none_v3" "tx1d2ead1fe4ba45ee8b56d-0068dbecd9" "proxy-server 21" 0.0002 "-" 22 0
Sep 30 14:44:41 standalone proxy-server[127659]: 172.18.0.2 ::1 30/Sep/2025/14/44/41 GET /v1/AUTH_3fcc262b58f944b78fae9b8a4c1d4d81/gnocchi.753ecc0c-bbe0-4e4b-a29b-b1cdec9d0407/none_v3 HTTP/1.0 404 - python-swiftclient-3.11.1 gAAAAABo2-whVp_D... - 70 - tx1d2ead1fe4ba45ee8b56d-0068dbecd9 - 0.0080 - - 1759243481.000790358 1759243481.008741140 0
Sep 30 14:44:41 standalone account-server[125617]: 172.20.0.100 - - [30/Sep/2025:14:44:41 +0000] "PUT /d1/612/AUTH_3fcc262b58f944b78fae9b8a4c1d4d81/gnocchi.753ecc0c-bbe0-4e4b-a29b-b1cdec9d0407" 201 - "PUT http://172.20.0.100:6001/d1/895/AUTH_3fcc262b58f944b78fae9b8a4c1d4d81/gnocchi.753ecc0c-bbe0-4e4b-a29b-b1cdec9d0407" "txd5365572f50042ddb5a0a-0068dbecd9" "container-server 22" 0.0049 "-" 21 0
Sep 30 14:44:41 standalone container-server[125789]: 172.20.0.100 - - [30/Sep/2025:14:44:41 +0000] "PUT /d1/895/AUTH_3fcc262b58f944b78fae9b8a4c1d4d81/gnocchi.753ecc0c-bbe0-4e4b-a29b-b1cdec9d0407" 201 - "PUT http://localhost:8080/v1/AUTH_3fcc262b58f944b78fae9b8a4c1d4d81/gnocchi.753ecc0c-bbe0-4e4b-a29b-b1cdec9d0407" "txd5365572f50042ddb5a0a-0068dbecd9" "proxy-server 21" 0.0155 "-" 22 0
Sep 30 14:44:41 standalone proxy-server[127659]: 172.18.0.2 ::1 30/Sep/2025/14/44/41 PUT /v1/AUTH_3fcc262b58f944b78fae9b8a4c1d4d81/gnocchi.753ecc0c-bbe0-4e4b-a29b-b1cdec9d0407 HTTP/1.0 201 - python-swiftclient-3.11.1 gAAAAABo2-whVp_D... - - - txd5365572f50042ddb5a0a-0068dbecd9 - 0.0207 - - 1759243481.013579845 1759243481.034282207 0
Sep 30 14:44:41 standalone container-server[125789]: 172.20.0.100 - - [30/Sep/2025:14:44:41 +0000] "HEAD /d1/895/AUTH_3fcc262b58f944b78fae9b8a4c1d4d81/gnocchi.753ecc0c-bbe0-4e4b-a29b-b1cdec9d0407" 204 - "HEAD http://localhost:8080/v1/AUTH_3fcc262b58f944b78fae9b8a4c1d4d81/gnocchi.753ecc0c-bbe0-4e4b-a29b-b1cdec9d0407?format=json&states=listing" "txb338fe0d15144a1bbc7da-0068dbecd9" "proxy-server 21" 0.0017 "-" 22 0
Sep 30 14:44:41 standalone proxy-server[127659]: - - 30/Sep/2025/14/44/41 HEAD /v1/AUTH_3fcc262b58f944b78fae9b8a4c1d4d81/gnocchi.753ecc0c-bbe0-4e4b-a29b-b1cdec9d0407%3Fformat%3Djson%26states%3Dlisting HTTP/1.0 204 - Swift - - - - txb338fe0d15144a1bbc7da-0068dbecd9 - 0.0054 RL - 1759243481.038837194 1759243481.044228554 0
Sep 30 14:44:41 standalone container-server[125789]: 172.20.0.100 - - [30/Sep/2025:14:44:41 +0000] "GET /d1/895/AUTH_3fcc262b58f944b78fae9b8a4c1d4d81/gnocchi.753ecc0c-bbe0-4e4b-a29b-b1cdec9d0407" 200 2 "GET http://localhost:8080/v1/AUTH_3fcc262b58f944b78fae9b8a4c1d4d81/gnocchi.753ecc0c-bbe0-4e4b-a29b-b1cdec9d0407?format=json&states=listing" "txb338fe0d15144a1bbc7da-0068dbecd9" "proxy-server 21" 0.0022 "-" 22 0
Sep 30 14:44:41 standalone proxy-server[127659]: 172.18.0.2 ::1 30/Sep/2025/14/44/41 GET /v1/AUTH_3fcc262b58f944b78fae9b8a4c1d4d81/gnocchi.753ecc0c-bbe0-4e4b-a29b-b1cdec9d0407%3Fformat%3Djson%26states%3Dlisting HTTP/1.0 200 - python-swiftclient-3.11.1 gAAAAABo2-whVp_D... - 2 - txb338fe0d15144a1bbc7da-0068dbecd9 - 0.0149 - - 1759243481.037579298 1759243481.052467346 0
Sep 30 14:44:41 standalone object-server[125933]: 172.20.0.100 - - [30/Sep/2025:14:44:41 +0000] "GET /d1/454/AUTH_3fcc262b58f944b78fae9b8a4c1d4d81/gnocchi.753ecc0c-bbe0-4e4b-a29b-b1cdec9d0407/1758240000.0_mean_300.0_v3" 404 70 "GET http://localhost:8080/v1/AUTH_3fcc262b58f944b78fae9b8a4c1d4d81/gnocchi.753ecc0c-bbe0-4e4b-a29b-b1cdec9d0407/1758240000.0_mean_300.0_v3" "tx62d13a6b0fe1410db5f18-0068dbecd9" "proxy-server 21" 0.0008 "-" 23 0
Sep 30 14:44:41 standalone proxy-server[127659]: 172.18.0.2 ::1 30/Sep/2025/14/44/41 GET /v1/AUTH_3fcc262b58f944b78fae9b8a4c1d4d81/gnocchi.753ecc0c-bbe0-4e4b-a29b-b1cdec9d0407/1758240000.0_mean_300.0_v3 HTTP/1.0 404 - python-swiftclient-3.11.1 gAAAAABo2-whVp_D... - 70 - tx62d13a6b0fe1410db5f18-0068dbecd9 - 0.0069 - - 1759243481.055721283 1759243481.062648773 0
Sep 30 14:44:41 standalone container-server[125789]: 172.20.0.100 - - [30/Sep/2025:14:44:41 +0000] "PUT /d1/895/AUTH_3fcc262b58f944b78fae9b8a4c1d4d81/gnocchi.753ecc0c-bbe0-4e4b-a29b-b1cdec9d0407/1758240000.0_mean_300.0_v3" 201 - "PUT http://localhost:8080/d1/454/AUTH_3fcc262b58f944b78fae9b8a4c1d4d81/gnocchi.753ecc0c-bbe0-4e4b-a29b-b1cdec9d0407/1758240000.0_mean_300.0_v3" "txcde756d5e97a4910acd50-0068dbecd9" "object-server 24" 0.0006 "-" 22 0
Sep 30 14:44:41 standalone object-server[125934]: 172.20.0.100 - - [30/Sep/2025:14:44:41 +0000] "PUT /d1/454/AUTH_3fcc262b58f944b78fae9b8a4c1d4d81/gnocchi.753ecc0c-bbe0-4e4b-a29b-b1cdec9d0407/1758240000.0_mean_300.0_v3" 201 - "PUT http://localhost:8080/v1/AUTH_3fcc262b58f944b78fae9b8a4c1d4d81/gnocchi.753ecc0c-bbe0-4e4b-a29b-b1cdec9d0407/1758240000.0_mean_300.0_v3" "txcde756d5e97a4910acd50-0068dbecd9" "proxy-server 21" 0.0176 "-" 24 0
Sep 30 14:44:41 standalone proxy-server[127659]: 172.18.0.2 ::1 30/Sep/2025/14/44/41 PUT /v1/AUTH_3fcc262b58f944b78fae9b8a4c1d4d81/gnocchi.753ecc0c-bbe0-4e4b-a29b-b1cdec9d0407/1758240000.0_mean_300.0_v3 HTTP/1.0 201 - python-swiftclient-3.11.1 gAAAAABo2-whVp_D... 16 - - txcde756d5e97a4910acd50-0068dbecd9 - 0.0229 - - 1759243481.065453053 1759243481.088337898 0
Sep 30 14:44:41 standalone container-server[125784]: 172.20.0.100 - - [30/Sep/2025:14:44:41 +0000] "PUT /d1/895/AUTH_3fcc262b58f944b78fae9b8a4c1d4d81/gnocchi.753ecc0c-bbe0-4e4b-a29b-b1cdec9d0407/none_v3" 201 - "PUT http://localhost:8080/d1/262/AUTH_3fcc262b58f944b78fae9b8a4c1d4d81/gnocchi.753ecc0c-bbe0-4e4b-a29b-b1cdec9d0407/none_v3" "txa1a9d6d9ec1d497f8e2dd-0068dbecd9" "object-server 22" 0.0006 "-" 20 0
Sep 30 14:44:41 standalone object-server[125932]: 172.20.0.100 - - [30/Sep/2025:14:44:41 +0000] "PUT /d1/262/AUTH_3fcc262b58f944b78fae9b8a4c1d4d81/gnocchi.753ecc0c-bbe0-4e4b-a29b-b1cdec9d0407/none_v3" 201 - "PUT http://localhost:8080/v1/AUTH_3fcc262b58f944b78fae9b8a4c1d4d81/gnocchi.753ecc0c-bbe0-4e4b-a29b-b1cdec9d0407/none_v3" "txa1a9d6d9ec1d497f8e2dd-0068dbecd9" "proxy-server 21" 0.0146 "-" 22 0
Sep 30 14:44:41 standalone proxy-server[127659]: 172.18.0.2 ::1 30/Sep/2025/14/44/41 PUT /v1/AUTH_3fcc262b58f944b78fae9b8a4c1d4d81/gnocchi.753ecc0c-bbe0-4e4b-a29b-b1cdec9d0407/none_v3 HTTP/1.0 201 - python-swiftclient-3.11.1 gAAAAABo2-whVp_D... 22 - - txa1a9d6d9ec1d497f8e2dd-0068dbecd9 - 0.0199 - - 1759243481.091428518 1759243481.111349344 0
Sep 30 14:44:41 standalone container-server[125784]: 172.20.0.100 - - [30/Sep/2025:14:44:41 +0000] "HEAD /d1/365/AUTH_3fcc262b58f944b78fae9b8a4c1d4d81/gnocchi.bd9305c6-79d6-4757-bdc0-b77d23609927" 404 - "HEAD http://localhost:8080/v1/AUTH_3fcc262b58f944b78fae9b8a4c1d4d81/gnocchi.bd9305c6-79d6-4757-bdc0-b77d23609927?format=json&states=listing" "txa583ad81b8334dc586c78-0068dbecd9" "proxy-server 21" 0.0004 "-" 20 0
Sep 30 14:44:41 standalone object-server[125932]: 172.20.0.100 - - [30/Sep/2025:14:44:41 +0000] "GET /d1/628/AUTH_3fcc262b58f944b78fae9b8a4c1d4d81/gnocchi.bd9305c6-79d6-4757-bdc0-b77d23609927/none_v3" 404 70 "GET http://localhost:8080/v1/AUTH_3fcc262b58f944b78fae9b8a4c1d4d81/gnocchi.bd9305c6-79d6-4757-bdc0-b77d23609927/none_v3" "txa583ad81b8334dc586c78-0068dbecd9" "proxy-server 21" 0.0004 "-" 22 0
Sep 30 14:44:41 standalone proxy-server[127659]: 172.18.0.2 ::1 30/Sep/2025/14/44/41 GET /v1/AUTH_3fcc262b58f944b78fae9b8a4c1d4d81/gnocchi.bd9305c6-79d6-4757-bdc0-b77d23609927/none_v3 HTTP/1.0 404 - python-swiftclient-3.11.1 gAAAAABo2-whVp_D... - 70 - txa583ad81b8334dc586c78-0068dbecd9 - 0.0125 - - 1759243481.129958630 1759243481.142456293 0
Sep 30 14:44:41 standalone account-server[125627]: 172.20.0.100 - - [30/Sep/2025:14:44:41 +0000] "PUT /d1/612/AUTH_3fcc262b58f944b78fae9b8a4c1d4d81/gnocchi.bd9305c6-79d6-4757-bdc0-b77d23609927" 201 - "PUT http://172.20.0.100:6001/d1/365/AUTH_3fcc262b58f944b78fae9b8a4c1d4d81/gnocchi.bd9305c6-79d6-4757-bdc0-b77d23609927" "txa93577a9fa614070a6b9f-0068dbecd9" "container-server 22" 0.0057 "-" 22 0
Sep 30 14:44:41 standalone container-server[125789]: 172.20.0.100 - - [30/Sep/2025:14:44:41 +0000] "PUT /d1/365/AUTH_3fcc262b58f944b78fae9b8a4c1d4d81/gnocchi.bd9305c6-79d6-4757-bdc0-b77d23609927" 201 - "PUT http://localhost:8080/v1/AUTH_3fcc262b58f944b78fae9b8a4c1d4d81/gnocchi.bd9305c6-79d6-4757-bdc0-b77d23609927" "txa93577a9fa614070a6b9f-0068dbecd9" "proxy-server 21" 0.0212 "-" 22 0
Sep 30 14:44:41 standalone proxy-server[127659]: 172.18.0.2 ::1 30/Sep/2025/14/44/41 PUT /v1/AUTH_3fcc262b58f944b78fae9b8a4c1d4d81/gnocchi.bd9305c6-79d6-4757-bdc0-b77d23609927 HTTP/1.0 201 - python-swiftclient-3.11.1 gAAAAABo2-whVp_D... - - - txa93577a9fa614070a6b9f-0068dbecd9 - 0.0304 - - 1759243481.149189949 1759243481.179568052 0
Sep 30 14:44:41 standalone container-server[125799]: 172.20.0.100 - - [30/Sep/2025:14:44:41 +0000] "HEAD /d1/365/AUTH_3fcc262b58f944b78fae9b8a4c1d4d81/gnocchi.bd9305c6-79d6-4757-bdc0-b77d23609927" 204 - "HEAD http://localhost:8080/v1/AUTH_3fcc262b58f944b78fae9b8a4c1d4d81/gnocchi.bd9305c6-79d6-4757-bdc0-b77d23609927?format=json&states=listing" "tx6c93b0de66b14e88b333b-0068dbecd9" "proxy-server 21" 0.0013 "-" 23 0
Sep 30 14:44:41 standalone proxy-server[127659]: - - 30/Sep/2025/14/44/41 HEAD /v1/AUTH_3fcc262b58f944b78fae9b8a4c1d4d81/gnocchi.bd9305c6-79d6-4757-bdc0-b77d23609927%3Fformat%3Djson%26states%3Dlisting HTTP/1.0 204 - Swift - - - - tx6c93b0de66b14e88b333b-0068dbecd9 - 0.0061 RL - 1759243481.188574553 1759243481.194720030 0
Sep 30 14:44:41 standalone container-server[125799]: 172.20.0.100 - - [30/Sep/2025:14:44:41 +0000] "GET /d1/365/AUTH_3fcc262b58f944b78fae9b8a4c1d4d81/gnocchi.bd9305c6-79d6-4757-bdc0-b77d23609927" 200 2 "GET http://localhost:8080/v1/AUTH_3fcc262b58f944b78fae9b8a4c1d4d81/gnocchi.bd9305c6-79d6-4757-bdc0-b77d23609927?format=json&states=listing" "tx6c93b0de66b14e88b333b-0068dbecd9" "proxy-server 21" 0.0014 "-" 23 0
Sep 30 14:44:41 standalone proxy-server[127659]: 172.18.0.2 ::1 30/Sep/2025/14/44/41 GET /v1/AUTH_3fcc262b58f944b78fae9b8a4c1d4d81/gnocchi.bd9305c6-79d6-4757-bdc0-b77d23609927%3Fformat%3Djson%26states%3Dlisting HTTP/1.0 200 - python-swiftclient-3.11.1 gAAAAABo2-whVp_D... - 2 - tx6c93b0de66b14e88b333b-0068dbecd9 - 0.0222 - - 1759243481.186469793 1759243481.208645105 0
Sep 30 14:44:41 standalone object-server[125935]: 172.20.0.100 - - [30/Sep/2025:14:44:41 +0000] "GET /d1/43/AUTH_3fcc262b58f944b78fae9b8a4c1d4d81/gnocchi.bd9305c6-79d6-4757-bdc0-b77d23609927/1758240000.0_mean_300.0_v3" 404 70 "GET http://localhost:8080/v1/AUTH_3fcc262b58f944b78fae9b8a4c1d4d81/gnocchi.bd9305c6-79d6-4757-bdc0-b77d23609927/1758240000.0_mean_300.0_v3" "txbbbfe9cd459e4f16a06fc-0068dbecd9" "proxy-server 21" 0.0004 "-" 25 0
Sep 30 14:44:41 standalone proxy-server[127659]: 172.18.0.2 ::1 30/Sep/2025/14/44/41 GET /v1/AUTH_3fcc262b58f944b78fae9b8a4c1d4d81/gnocchi.bd9305c6-79d6-4757-bdc0-b77d23609927/1758240000.0_mean_300.0_v3 HTTP/1.0 404 - python-swiftclient-3.11.1 gAAAAABo2-whVp_D... - 70 - txbbbfe9cd459e4f16a06fc-0068dbecd9 - 0.0081 - - 1759243481.217609167 1759243481.225674391 0
Sep 30 14:44:41 standalone container-server[125789]: 172.20.0.100 - - [30/Sep/2025:14:44:41 +0000] "PUT /d1/365/AUTH_3fcc262b58f944b78fae9b8a4c1d4d81/gnocchi.bd9305c6-79d6-4757-bdc0-b77d23609927/1758240000.0_mean_300.0_v3" 201 - "PUT http://localhost:8080/d1/43/AUTH_3fcc262b58f944b78fae9b8a4c1d4d81/gnocchi.bd9305c6-79d6-4757-bdc0-b77d23609927/1758240000.0_mean_300.0_v3" "txea081b4d54aa4867a11fd-0068dbecd9" "object-server 23" 0.0010 "-" 22 0
Sep 30 14:44:41 standalone object-server[125933]: 172.20.0.100 - - [30/Sep/2025:14:44:41 +0000] "PUT /d1/43/AUTH_3fcc262b58f944b78fae9b8a4c1d4d81/gnocchi.bd9305c6-79d6-4757-bdc0-b77d23609927/1758240000.0_mean_300.0_v3" 201 - "PUT http://localhost:8080/v1/AUTH_3fcc262b58f944b78fae9b8a4c1d4d81/gnocchi.bd9305c6-79d6-4757-bdc0-b77d23609927/1758240000.0_mean_300.0_v3" "txea081b4d54aa4867a11fd-0068dbecd9" "proxy-server 21" 0.0151 "-" 23 0
Sep 30 14:44:41 standalone proxy-server[127659]: 172.18.0.2 ::1 30/Sep/2025/14/44/41 PUT /v1/AUTH_3fcc262b58f944b78fae9b8a4c1d4d81/gnocchi.bd9305c6-79d6-4757-bdc0-b77d23609927/1758240000.0_mean_300.0_v3 HTTP/1.0 201 - python-swiftclient-3.11.1 gAAAAABo2-whVp_D... 16 - - txea081b4d54aa4867a11fd-0068dbecd9 - 0.0255 - - 1759243481.231928349 1759243481.257419586 0
Sep 30 14:44:41 standalone container-server[125786]: 172.20.0.100 - - [30/Sep/2025:14:44:41 +0000] "PUT /d1/365/AUTH_3fcc262b58f944b78fae9b8a4c1d4d81/gnocchi.bd9305c6-79d6-4757-bdc0-b77d23609927/none_v3" 201 - "PUT http://localhost:8080/d1/628/AUTH_3fcc262b58f944b78fae9b8a4c1d4d81/gnocchi.bd9305c6-79d6-4757-bdc0-b77d23609927/none_v3" "tx8c297848062b4dbca6a10-0068dbecd9" "object-server 23" 0.0009 "-" 21 0
Sep 30 14:44:41 standalone object-server[125933]: 172.20.0.100 - - [30/Sep/2025:14:44:41 +0000] "PUT /d1/628/AUTH_3fcc262b58f944b78fae9b8a4c1d4d81/gnocchi.bd9305c6-79d6-4757-bdc0-b77d23609927/none_v3" 201 - "PUT http://localhost:8080/v1/AUTH_3fcc262b58f944b78fae9b8a4c1d4d81/gnocchi.bd9305c6-79d6-4757-bdc0-b77d23609927/none_v3" "tx8c297848062b4dbca6a10-0068dbecd9" "proxy-server 21" 0.0123 "-" 23 0
Sep 30 14:44:41 standalone proxy-server[127659]: 172.18.0.2 ::1 30/Sep/2025/14/44/41 PUT /v1/AUTH_3fcc262b58f944b78fae9b8a4c1d4d81/gnocchi.bd9305c6-79d6-4757-bdc0-b77d23609927/none_v3 HTTP/1.0 201 - python-swiftclient-3.11.1 gAAAAABo2-whVp_D... 22 - - tx8c297848062b4dbca6a10-0068dbecd9 - 0.0211 - - 1759243481.263486385 1759243481.284608841 0
Sep 30 14:44:41 standalone container-server[125784]: 172.20.0.100 - - [30/Sep/2025:14:44:41 +0000] "HEAD /d1/54/AUTH_3fcc262b58f944b78fae9b8a4c1d4d81/gnocchi.e0ef45eb-a690-4ef4-8722-5eb69ffef672" 404 - "HEAD http://localhost:8080/v1/AUTH_3fcc262b58f944b78fae9b8a4c1d4d81/gnocchi.e0ef45eb-a690-4ef4-8722-5eb69ffef672?format=json&states=listing" "txfae659b63c464b62beedd-0068dbecd9" "proxy-server 21" 0.0004 "-" 20 0
Sep 30 14:44:41 standalone object-server[125934]: 172.20.0.100 - - [30/Sep/2025:14:44:41 +0000] "GET /d1/597/AUTH_3fcc262b58f944b78fae9b8a4c1d4d81/gnocchi.e0ef45eb-a690-4ef4-8722-5eb69ffef672/none_v3" 404 70 "GET http://localhost:8080/v1/AUTH_3fcc262b58f944b78fae9b8a4c1d4d81/gnocchi.e0ef45eb-a690-4ef4-8722-5eb69ffef672/none_v3" "txfae659b63c464b62beedd-0068dbecd9" "proxy-server 21" 0.0005 "-" 24 0
Sep 30 14:44:41 standalone proxy-server[127659]: 172.18.0.2 ::1 30/Sep/2025/14/44/41 GET /v1/AUTH_3fcc262b58f944b78fae9b8a4c1d4d81/gnocchi.e0ef45eb-a690-4ef4-8722-5eb69ffef672/none_v3 HTTP/1.0 404 - python-swiftclient-3.11.1 gAAAAABo2-whVp_D... - 70 - txfae659b63c464b62beedd-0068dbecd9 - 0.0140 - - 1759243481.302561760 1759243481.316607237 0
Sep 30 14:44:41 standalone account-server[125648]: 172.20.0.100 - - [30/Sep/2025:14:44:41 +0000] "PUT /d1/612/AUTH_3fcc262b58f944b78fae9b8a4c1d4d81/gnocchi.e0ef45eb-a690-4ef4-8722-5eb69ffef672" 201 - "PUT http://172.20.0.100:6001/d1/54/AUTH_3fcc262b58f944b78fae9b8a4c1d4d81/gnocchi.e0ef45eb-a690-4ef4-8722-5eb69ffef672" "txa5adbfdd98c140478ff8b-0068dbecd9" "container-server 23" 0.0048 "-" 23 0
Sep 30 14:44:41 standalone container-server[125799]: 172.20.0.100 - - [30/Sep/2025:14:44:41 +0000] "PUT /d1/54/AUTH_3fcc262b58f944b78fae9b8a4c1d4d81/gnocchi.e0ef45eb-a690-4ef4-8722-5eb69ffef672" 201 - "PUT http://localhost:8080/v1/AUTH_3fcc262b58f944b78fae9b8a4c1d4d81/gnocchi.e0ef45eb-a690-4ef4-8722-5eb69ffef672" "txa5adbfdd98c140478ff8b-0068dbecd9" "proxy-server 21" 0.0178 "-" 23 0
Sep 30 14:44:41 standalone proxy-server[127659]: 172.18.0.2 ::1 30/Sep/2025/14/44/41 PUT /v1/AUTH_3fcc262b58f944b78fae9b8a4c1d4d81/gnocchi.e0ef45eb-a690-4ef4-8722-5eb69ffef672 HTTP/1.0 201 - python-swiftclient-3.11.1 gAAAAABo2-whVp_D... - - - txa5adbfdd98c140478ff8b-0068dbecd9 - 0.0275 - - 1759243481.322369814 1759243481.349879742 0
Sep 30 14:44:41 standalone container-server[125799]: 172.20.0.100 - - [30/Sep/2025:14:44:41 +0000] "HEAD /d1/54/AUTH_3fcc262b58f944b78fae9b8a4c1d4d81/gnocchi.e0ef45eb-a690-4ef4-8722-5eb69ffef672" 204 - "HEAD http://localhost:8080/v1/AUTH_3fcc262b58f944b78fae9b8a4c1d4d81/gnocchi.e0ef45eb-a690-4ef4-8722-5eb69ffef672?format=json&states=listing" "tx1f160a2750bf49d4a618d-0068dbecd9" "proxy-server 21" 0.0019 "-" 23 0
Sep 30 14:44:41 standalone proxy-server[127659]: - - 30/Sep/2025/14/44/41 HEAD /v1/AUTH_3fcc262b58f944b78fae9b8a4c1d4d81/gnocchi.e0ef45eb-a690-4ef4-8722-5eb69ffef672%3Fformat%3Djson%26states%3Dlisting HTTP/1.0 204 - Swift - - - - tx1f160a2750bf49d4a618d-0068dbecd9 - 0.0088 RL - 1759243481.357661963 1759243481.366451025 0
Sep 30 14:44:41 standalone container-server[125789]: 172.20.0.100 - - [30/Sep/2025:14:44:41 +0000] "GET /d1/54/AUTH_3fcc262b58f944b78fae9b8a4c1d4d81/gnocchi.e0ef45eb-a690-4ef4-8722-5eb69ffef672" 200 2 "GET http://localhost:8080/v1/AUTH_3fcc262b58f944b78fae9b8a4c1d4d81/gnocchi.e0ef45eb-a690-4ef4-8722-5eb69ffef672?format=json&states=listing" "tx1f160a2750bf49d4a618d-0068dbecd9" "proxy-server 21" 0.0040 "-" 22 0
Sep 30 14:44:41 standalone proxy-server[127659]: 172.18.0.2 ::1 30/Sep/2025/14/44/41 GET /v1/AUTH_3fcc262b58f944b78fae9b8a4c1d4d81/gnocchi.e0ef45eb-a690-4ef4-8722-5eb69ffef672%3Fformat%3Djson%26states%3Dlisting HTTP/1.0 200 - python-swiftclient-3.11.1 gAAAAABo2-whVp_D... - 2 - tx1f160a2750bf49d4a618d-0068dbecd9 - 0.0261 - - 1759243481.355481625 1759243481.381618023 0
Sep 30 14:44:41 standalone object-server[125934]: 172.20.0.100 - - [30/Sep/2025:14:44:41 +0000] "GET /d1/1014/AUTH_3fcc262b58f944b78fae9b8a4c1d4d81/gnocchi.e0ef45eb-a690-4ef4-8722-5eb69ffef672/1758240000.0_mean_300.0_v3" 404 70 "GET http://localhost:8080/v1/AUTH_3fcc262b58f944b78fae9b8a4c1d4d81/gnocchi.e0ef45eb-a690-4ef4-8722-5eb69ffef672/1758240000.0_mean_300.0_v3" "tx822ce19e3e2849a8bc718-0068dbecd9" "proxy-server 21" 0.0005 "-" 24 0
Sep 30 14:44:41 standalone proxy-server[127659]: 172.18.0.2 ::1 30/Sep/2025/14/44/41 GET /v1/AUTH_3fcc262b58f944b78fae9b8a4c1d4d81/gnocchi.e0ef45eb-a690-4ef4-8722-5eb69ffef672/1758240000.0_mean_300.0_v3 HTTP/1.0 404 - python-swiftclient-3.11.1 gAAAAABo2-whVp_D... - 70 - tx822ce19e3e2849a8bc718-0068dbecd9 - 0.0062 - - 1759243481.386448622 1759243481.392664433 0
Sep 30 14:44:41 standalone container-server[125784]: 172.20.0.100 - - [30/Sep/2025:14:44:41 +0000] "PUT /d1/54/AUTH_3fcc262b58f944b78fae9b8a4c1d4d81/gnocchi.e0ef45eb-a690-4ef4-8722-5eb69ffef672/1758240000.0_mean_300.0_v3" 201 - "PUT http://localhost:8080/d1/1014/AUTH_3fcc262b58f944b78fae9b8a4c1d4d81/gnocchi.e0ef45eb-a690-4ef4-8722-5eb69ffef672/1758240000.0_mean_300.0_v3" "tx9a1adf527d904e31bb455-0068dbecd9" "object-server 25" 0.0009 "-" 20 0
Sep 30 14:44:41 standalone object-server[125935]: 172.20.0.100 - - [30/Sep/2025:14:44:41 +0000] "PUT /d1/1014/AUTH_3fcc262b58f944b78fae9b8a4c1d4d81/gnocchi.e0ef45eb-a690-4ef4-8722-5eb69ffef672/1758240000.0_mean_300.0_v3" 201 - "PUT http://localhost:8080/v1/AUTH_3fcc262b58f944b78fae9b8a4c1d4d81/gnocchi.e0ef45eb-a690-4ef4-8722-5eb69ffef672/1758240000.0_mean_300.0_v3" "tx9a1adf527d904e31bb455-0068dbecd9" "proxy-server 21" 0.0151 "-" 25 0
Sep 30 14:44:41 standalone proxy-server[127659]: 172.18.0.2 ::1 30/Sep/2025/14/44/41 PUT /v1/AUTH_3fcc262b58f944b78fae9b8a4c1d4d81/gnocchi.e0ef45eb-a690-4ef4-8722-5eb69ffef672/1758240000.0_mean_300.0_v3 HTTP/1.0 201 - python-swiftclient-3.11.1 gAAAAABo2-whVp_D... 16 - - tx9a1adf527d904e31bb455-0068dbecd9 - 0.0219 - - 1759243481.396106720 1759243481.417991161 0
Sep 30 14:44:41 standalone container-server[125786]: 172.20.0.100 - - [30/Sep/2025:14:44:41 +0000] "PUT /d1/54/AUTH_3fcc262b58f944b78fae9b8a4c1d4d81/gnocchi.e0ef45eb-a690-4ef4-8722-5eb69ffef672/none_v3" 201 - "PUT http://localhost:8080/d1/597/AUTH_3fcc262b58f944b78fae9b8a4c1d4d81/gnocchi.e0ef45eb-a690-4ef4-8722-5eb69ffef672/none_v3" "txa6594d5689a943cbb6fbf-0068dbecd9" "object-server 24" 0.0006 "-" 21 0
Sep 30 14:44:41 standalone object-server[125934]: 172.20.0.100 - - [30/Sep/2025:14:44:41 +0000] "PUT /d1/597/AUTH_3fcc262b58f944b78fae9b8a4c1d4d81/gnocchi.e0ef45eb-a690-4ef4-8722-5eb69ffef672/none_v3" 201 - "PUT http://localhost:8080/v1/AUTH_3fcc262b58f944b78fae9b8a4c1d4d81/gnocchi.e0ef45eb-a690-4ef4-8722-5eb69ffef672/none_v3" "txa6594d5689a943cbb6fbf-0068dbecd9" "proxy-server 21" 0.0104 "-" 24 0
Sep 30 14:44:41 standalone proxy-server[127659]: 172.18.0.2 ::1 30/Sep/2025/14/44/41 PUT /v1/AUTH_3fcc262b58f944b78fae9b8a4c1d4d81/gnocchi.e0ef45eb-a690-4ef4-8722-5eb69ffef672/none_v3 HTTP/1.0 201 - python-swiftclient-3.11.1 gAAAAABo2-whVp_D... 22 - - txa6594d5689a943cbb6fbf-0068dbecd9 - 0.0171 - - 1759243481.422701120 1759243481.439774275 0
Sep 30 14:44:41 standalone container-server[125799]: 172.20.0.100 - - [30/Sep/2025:14:44:41 +0000] "HEAD /d1/977/AUTH_3fcc262b58f944b78fae9b8a4c1d4d81/gnocchi.e8d07ff4-a198-44eb-8f3e-d52832a39bcf" 404 - "HEAD http://localhost:8080/v1/AUTH_3fcc262b58f944b78fae9b8a4c1d4d81/gnocchi.e8d07ff4-a198-44eb-8f3e-d52832a39bcf?format=json&states=listing" "tx8f5267a351124895a4d15-0068dbecd9" "proxy-server 21" 0.0005 "-" 23 0
Sep 30 14:44:41 standalone object-server[125935]: 172.20.0.100 - - [30/Sep/2025:14:44:41 +0000] "GET /d1/7/AUTH_3fcc262b58f944b78fae9b8a4c1d4d81/gnocchi.e8d07ff4-a198-44eb-8f3e-d52832a39bcf/none_v3" 404 70 "GET http://localhost:8080/v1/AUTH_3fcc262b58f944b78fae9b8a4c1d4d81/gnocchi.e8d07ff4-a198-44eb-8f3e-d52832a39bcf/none_v3" "tx8f5267a351124895a4d15-0068dbecd9" "proxy-server 21" 0.0004 "-" 25 0
Sep 30 14:44:41 standalone proxy-server[127659]: 172.18.0.2 ::1 30/Sep/2025/14/44/41 GET /v1/AUTH_3fcc262b58f944b78fae9b8a4c1d4d81/gnocchi.e8d07ff4-a198-44eb-8f3e-d52832a39bcf/none_v3 HTTP/1.0 404 - python-swiftclient-3.11.1 gAAAAABo2-whVp_D... - 70 - tx8f5267a351124895a4d15-0068dbecd9 - 0.0150 - - 1759243481.452810764 1759243481.467803717 0
Sep 30 14:44:41 standalone account-server[125648]: 172.20.0.100 - - [30/Sep/2025:14:44:41 +0000] "PUT /d1/612/AUTH_3fcc262b58f944b78fae9b8a4c1d4d81/gnocchi.e8d07ff4-a198-44eb-8f3e-d52832a39bcf" 201 - "PUT http://172.20.0.100:6001/d1/977/AUTH_3fcc262b58f944b78fae9b8a4c1d4d81/gnocchi.e8d07ff4-a198-44eb-8f3e-d52832a39bcf" "txf5b8b51ce215465fa239d-0068dbecd9" "container-server 20" 0.0072 "-" 23 0
Sep 30 14:44:41 standalone container-server[125784]: 172.20.0.100 - - [30/Sep/2025:14:44:41 +0000] "PUT /d1/977/AUTH_3fcc262b58f944b78fae9b8a4c1d4d81/gnocchi.e8d07ff4-a198-44eb-8f3e-d52832a39bcf" 201 - "PUT http://localhost:8080/v1/AUTH_3fcc262b58f944b78fae9b8a4c1d4d81/gnocchi.e8d07ff4-a198-44eb-8f3e-d52832a39bcf" "txf5b8b51ce215465fa239d-0068dbecd9" "proxy-server 21" 0.0208 "-" 20 0
Sep 30 14:44:41 standalone proxy-server[127659]: 172.18.0.2 ::1 30/Sep/2025/14/44/41 PUT /v1/AUTH_3fcc262b58f944b78fae9b8a4c1d4d81/gnocchi.e8d07ff4-a198-44eb-8f3e-d52832a39bcf HTTP/1.0 201 - python-swiftclient-3.11.1 gAAAAABo2-whVp_D... - - - txf5b8b51ce215465fa239d-0068dbecd9 - 0.0302 - - 1759243481.472657204 1759243481.502866268 0
Sep 30 14:44:41 standalone container-server[125799]: 172.20.0.100 - - [30/Sep/2025:14:44:41 +0000] "HEAD /d1/977/AUTH_3fcc262b58f944b78fae9b8a4c1d4d81/gnocchi.e8d07ff4-a198-44eb-8f3e-d52832a39bcf" 204 - "HEAD http://localhost:8080/v1/AUTH_3fcc262b58f944b78fae9b8a4c1d4d81/gnocchi.e8d07ff4-a198-44eb-8f3e-d52832a39bcf?format=json&states=listing" "tx9668468b49e64a9ca86bc-0068dbecd9" "proxy-server 21" 0.0021 "-" 23 0
Sep 30 14:44:41 standalone proxy-server[127659]: - - 30/Sep/2025/14/44/41 HEAD /v1/AUTH_3fcc262b58f944b78fae9b8a4c1d4d81/gnocchi.e8d07ff4-a198-44eb-8f3e-d52832a39bcf%3Fformat%3Djson%26states%3Dlisting HTTP/1.0 204 - Swift - - - - tx9668468b49e64a9ca86bc-0068dbecd9 - 0.0064 RL - 1759243481.509647131 1759243481.516052485 0
Sep 30 14:44:41 standalone container-server[125784]: 172.20.0.100 - - [30/Sep/2025:14:44:41 +0000] "GET /d1/977/AUTH_3fcc262b58f944b78fae9b8a4c1d4d81/gnocchi.e8d07ff4-a198-44eb-8f3e-d52832a39bcf" 200 2 "GET http://localhost:8080/v1/AUTH_3fcc262b58f944b78fae9b8a4c1d4d81/gnocchi.e8d07ff4-a198-44eb-8f3e-d52832a39bcf?format=json&states=listing" "tx9668468b49e64a9ca86bc-0068dbecd9" "proxy-server 21" 0.0039 "-" 20 0
Sep 30 14:44:41 standalone proxy-server[127659]: 172.18.0.2 ::1 30/Sep/2025/14/44/41 GET /v1/AUTH_3fcc262b58f944b78fae9b8a4c1d4d81/gnocchi.e8d07ff4-a198-44eb-8f3e-d52832a39bcf%3Fformat%3Djson%26states%3Dlisting HTTP/1.0 200 - python-swiftclient-3.11.1 gAAAAABo2-whVp_D... - 2 - tx9668468b49e64a9ca86bc-0068dbecd9 - 0.0205 - - 1759243481.508349180 1759243481.528886080 0
Sep 30 14:44:41 standalone object-server[125935]: 172.20.0.100 - - [30/Sep/2025:14:44:41 +0000] "GET /d1/521/AUTH_3fcc262b58f944b78fae9b8a4c1d4d81/gnocchi.e8d07ff4-a198-44eb-8f3e-d52832a39bcf/1758240000.0_mean_300.0_v3" 404 70 "GET http://localhost:8080/v1/AUTH_3fcc262b58f944b78fae9b8a4c1d4d81/gnocchi.e8d07ff4-a198-44eb-8f3e-d52832a39bcf/1758240000.0_mean_300.0_v3" "tx214f7c5fb4b6418f8dcf0-0068dbecd9" "proxy-server 21" 0.0005 "-" 25 0
Sep 30 14:44:41 standalone proxy-server[127659]: 172.18.0.2 ::1 30/Sep/2025/14/44/41 GET /v1/AUTH_3fcc262b58f944b78fae9b8a4c1d4d81/gnocchi.e8d07ff4-a198-44eb-8f3e-d52832a39bcf/1758240000.0_mean_300.0_v3 HTTP/1.0 404 - python-swiftclient-3.11.1 gAAAAABo2-whVp_D... - 70 - tx214f7c5fb4b6418f8dcf0-0068dbecd9 - 0.0072 - - 1759243481.534397125 1759243481.541625023 0
Sep 30 14:44:41 standalone container-server[125786]: 172.20.0.100 - - [30/Sep/2025:14:44:41 +0000] "PUT /d1/977/AUTH_3fcc262b58f944b78fae9b8a4c1d4d81/gnocchi.e8d07ff4-a198-44eb-8f3e-d52832a39bcf/1758240000.0_mean_300.0_v3" 201 - "PUT http://localhost:8080/d1/521/AUTH_3fcc262b58f944b78fae9b8a4c1d4d81/gnocchi.e8d07ff4-a198-44eb-8f3e-d52832a39bcf/1758240000.0_mean_300.0_v3" "tx327447337c4b47f2ae4d3-0068dbecd9" "object-server 24" 0.0010 "-" 21 0
Sep 30 14:44:41 standalone object-server[125934]: 172.20.0.100 - - [30/Sep/2025:14:44:41 +0000] "PUT /d1/521/AUTH_3fcc262b58f944b78fae9b8a4c1d4d81/gnocchi.e8d07ff4-a198-44eb-8f3e-d52832a39bcf/1758240000.0_mean_300.0_v3" 201 - "PUT http://localhost:8080/v1/AUTH_3fcc262b58f944b78fae9b8a4c1d4d81/gnocchi.e8d07ff4-a198-44eb-8f3e-d52832a39bcf/1758240000.0_mean_300.0_v3" "tx327447337c4b47f2ae4d3-0068dbecd9" "proxy-server 21" 0.0122 "-" 24 0
Sep 30 14:44:41 standalone proxy-server[127659]: 172.18.0.2 ::1 30/Sep/2025/14/44/41 PUT /v1/AUTH_3fcc262b58f944b78fae9b8a4c1d4d81/gnocchi.e8d07ff4-a198-44eb-8f3e-d52832a39bcf/1758240000.0_mean_300.0_v3 HTTP/1.0 201 - python-swiftclient-3.11.1 gAAAAABo2-whVp_D... 16 - - tx327447337c4b47f2ae4d3-0068dbecd9 - 0.0188 - - 1759243481.545189619 1759243481.564010143 0
Sep 30 14:44:41 standalone container-server[125786]: 172.20.0.100 - - [30/Sep/2025:14:44:41 +0000] "PUT /d1/977/AUTH_3fcc262b58f944b78fae9b8a4c1d4d81/gnocchi.e8d07ff4-a198-44eb-8f3e-d52832a39bcf/none_v3" 201 - "PUT http://localhost:8080/d1/7/AUTH_3fcc262b58f944b78fae9b8a4c1d4d81/gnocchi.e8d07ff4-a198-44eb-8f3e-d52832a39bcf/none_v3" "txa1a6944d6f984dc5acb0f-0068dbecd9" "object-server 23" 0.0008 "-" 21 0
Sep 30 14:44:41 standalone object-server[125933]: 172.20.0.100 - - [30/Sep/2025:14:44:41 +0000] "PUT /d1/7/AUTH_3fcc262b58f944b78fae9b8a4c1d4d81/gnocchi.e8d07ff4-a198-44eb-8f3e-d52832a39bcf/none_v3" 201 - "PUT http://localhost:8080/v1/AUTH_3fcc262b58f944b78fae9b8a4c1d4d81/gnocchi.e8d07ff4-a198-44eb-8f3e-d52832a39bcf/none_v3" "txa1a6944d6f984dc5acb0f-0068dbecd9" "proxy-server 21" 0.0241 "-" 23 0
Sep 30 14:44:41 standalone proxy-server[127659]: 172.18.0.2 ::1 30/Sep/2025/14/44/41 PUT /v1/AUTH_3fcc262b58f944b78fae9b8a4c1d4d81/gnocchi.e8d07ff4-a198-44eb-8f3e-d52832a39bcf/none_v3 HTTP/1.0 201 - python-swiftclient-3.11.1 gAAAAABo2-whVp_D... 22 - - txa1a6944d6f984dc5acb0f-0068dbecd9 - 0.0328 - - 1759243481.568677187 1759243481.601467848 0
Sep 30 14:44:41 standalone container-server[125789]: 172.20.0.100 - - [30/Sep/2025:14:44:41 +0000] "HEAD /d1/970/AUTH_3fcc262b58f944b78fae9b8a4c1d4d81/gnocchi.0fc66079-3fd6-4208-8bd4-bc2cad560f6a" 404 - "HEAD http://localhost:8080/v1/AUTH_3fcc262b58f944b78fae9b8a4c1d4d81/gnocchi.0fc66079-3fd6-4208-8bd4-bc2cad560f6a?format=json&states=listing" "tx1bc9df0d330b43aab71ec-0068dbecd9" "proxy-server 21" 0.0004 "-" 22 0
Sep 30 14:44:41 standalone object-server[125932]: 172.20.0.100 - - [30/Sep/2025:14:44:41 +0000] "GET /d1/483/AUTH_3fcc262b58f944b78fae9b8a4c1d4d81/gnocchi.0fc66079-3fd6-4208-8bd4-bc2cad560f6a/none_v3" 404 70 "GET http://localhost:8080/v1/AUTH_3fcc262b58f944b78fae9b8a4c1d4d81/gnocchi.0fc66079-3fd6-4208-8bd4-bc2cad560f6a/none_v3" "tx1bc9df0d330b43aab71ec-0068dbecd9" "proxy-server 21" 0.0005 "-" 22 0
Sep 30 14:44:41 standalone proxy-server[127659]: 172.18.0.2 ::1 30/Sep/2025/14/44/41 GET /v1/AUTH_3fcc262b58f944b78fae9b8a4c1d4d81/gnocchi.0fc66079-3fd6-4208-8bd4-bc2cad560f6a/none_v3 HTTP/1.0 404 - python-swiftclient-3.11.1 gAAAAABo2-whVp_D... - 70 - tx1bc9df0d330b43aab71ec-0068dbecd9 - 0.0105 - - 1759243481.615074158 1759243481.625597954 0
Sep 30 14:44:41 standalone account-server[125648]: 172.20.0.100 - - [30/Sep/2025:14:44:41 +0000] "PUT /d1/612/AUTH_3fcc262b58f944b78fae9b8a4c1d4d81/gnocchi.0fc66079-3fd6-4208-8bd4-bc2cad560f6a" 201 - "PUT http://172.20.0.100:6001/d1/970/AUTH_3fcc262b58f944b78fae9b8a4c1d4d81/gnocchi.0fc66079-3fd6-4208-8bd4-bc2cad560f6a" "txf85875d08b0044f18b601-0068dbecd9" "container-server 20" 0.0059 "-" 23 0
Sep 30 14:44:41 standalone container-server[125784]: 172.20.0.100 - - [30/Sep/2025:14:44:41 +0000] "PUT /d1/970/AUTH_3fcc262b58f944b78fae9b8a4c1d4d81/gnocchi.0fc66079-3fd6-4208-8bd4-bc2cad560f6a" 201 - "PUT http://localhost:8080/v1/AUTH_3fcc262b58f944b78fae9b8a4c1d4d81/gnocchi.0fc66079-3fd6-4208-8bd4-bc2cad560f6a" "txf85875d08b0044f18b601-0068dbecd9" "proxy-server 21" 0.0211 "-" 20 0
Sep 30 14:44:41 standalone proxy-server[127659]: 172.18.0.2 ::1 30/Sep/2025/14/44/41 PUT /v1/AUTH_3fcc262b58f944b78fae9b8a4c1d4d81/gnocchi.0fc66079-3fd6-4208-8bd4-bc2cad560f6a HTTP/1.0 201 - python-swiftclient-3.11.1 gAAAAABo2-whVp_D... - - - txf85875d08b0044f18b601-0068dbecd9 - 0.0271 - - 1759243481.628742695 1759243481.655862093 0
Sep 30 14:44:41 standalone container-server[125786]: 172.20.0.100 - - [30/Sep/2025:14:44:41 +0000] "HEAD /d1/970/AUTH_3fcc262b58f944b78fae9b8a4c1d4d81/gnocchi.0fc66079-3fd6-4208-8bd4-bc2cad560f6a" 204 - "HEAD http://localhost:8080/v1/AUTH_3fcc262b58f944b78fae9b8a4c1d4d81/gnocchi.0fc66079-3fd6-4208-8bd4-bc2cad560f6a?format=json&states=listing" "tx158267271a3b475ea3af5-0068dbecd9" "proxy-server 21" 0.0029 "-" 21 0
Sep 30 14:44:41 standalone proxy-server[127659]: - - 30/Sep/2025/14/44/41 HEAD /v1/AUTH_3fcc262b58f944b78fae9b8a4c1d4d81/gnocchi.0fc66079-3fd6-4208-8bd4-bc2cad560f6a%3Fformat%3Djson%26states%3Dlisting HTTP/1.0 204 - Swift - - - - tx158267271a3b475ea3af5-0068dbecd9 - 0.0072 RL - 1759243481.661961317 1759243481.669209242 0
Sep 30 14:44:41 standalone container-server[125789]: 172.20.0.100 - - [30/Sep/2025:14:44:41 +0000] "GET /d1/970/AUTH_3fcc262b58f944b78fae9b8a4c1d4d81/gnocchi.0fc66079-3fd6-4208-8bd4-bc2cad560f6a" 200 2 "GET http://localhost:8080/v1/AUTH_3fcc262b58f944b78fae9b8a4c1d4d81/gnocchi.0fc66079-3fd6-4208-8bd4-bc2cad560f6a?format=json&states=listing" "tx158267271a3b475ea3af5-0068dbecd9" "proxy-server 21" 0.0022 "-" 22 0
Sep 30 14:44:41 standalone proxy-server[127659]: 172.18.0.2 ::1 30/Sep/2025/14/44/41 GET /v1/AUTH_3fcc262b58f944b78fae9b8a4c1d4d81/gnocchi.0fc66079-3fd6-4208-8bd4-bc2cad560f6a%3Fformat%3Djson%26states%3Dlisting HTTP/1.0 200 - python-swiftclient-3.11.1 gAAAAABo2-whVp_D... - 2 - tx158267271a3b475ea3af5-0068dbecd9 - 0.0167 - - 1759243481.660701036 1759243481.677370071 0
Sep 30 14:44:41 standalone object-server[125932]: 172.20.0.100 - - [30/Sep/2025:14:44:41 +0000] "GET /d1/115/AUTH_3fcc262b58f944b78fae9b8a4c1d4d81/gnocchi.0fc66079-3fd6-4208-8bd4-bc2cad560f6a/1758240000.0_mean_300.0_v3" 404 70 "GET http://localhost:8080/v1/AUTH_3fcc262b58f944b78fae9b8a4c1d4d81/gnocchi.0fc66079-3fd6-4208-8bd4-bc2cad560f6a/1758240000.0_mean_300.0_v3" "tx938335b8d2ab45e48d86d-0068dbecd9" "proxy-server 21" 0.0003 "-" 22 0
Sep 30 14:44:41 standalone proxy-server[127659]: 172.18.0.2 ::1 30/Sep/2025/14/44/41 GET /v1/AUTH_3fcc262b58f944b78fae9b8a4c1d4d81/gnocchi.0fc66079-3fd6-4208-8bd4-bc2cad560f6a/1758240000.0_mean_300.0_v3 HTTP/1.0 404 - python-swiftclient-3.11.1 gAAAAABo2-whVp_D... - 70 - tx938335b8d2ab45e48d86d-0068dbecd9 - 0.0059 - - 1759243481.681331873 1759243481.687183857 0
Sep 30 14:44:41 standalone container-server[125784]: 172.20.0.100 - - [30/Sep/2025:14:44:41 +0000] "PUT /d1/970/AUTH_3fcc262b58f944b78fae9b8a4c1d4d81/gnocchi.0fc66079-3fd6-4208-8bd4-bc2cad560f6a/1758240000.0_mean_300.0_v3" 201 - "PUT http://localhost:8080/d1/115/AUTH_3fcc262b58f944b78fae9b8a4c1d4d81/gnocchi.0fc66079-3fd6-4208-8bd4-bc2cad560f6a/1758240000.0_mean_300.0_v3" "tx40a779043e2e4c9bad50d-0068dbecd9" "object-server 22" 0.0010 "-" 20 0
Sep 30 14:44:41 standalone object-server[125932]: 172.20.0.100 - - [30/Sep/2025:14:44:41 +0000] "PUT /d1/115/AUTH_3fcc262b58f944b78fae9b8a4c1d4d81/gnocchi.0fc66079-3fd6-4208-8bd4-bc2cad560f6a/1758240000.0_mean_300.0_v3" 201 - "PUT http://localhost:8080/v1/AUTH_3fcc262b58f944b78fae9b8a4c1d4d81/gnocchi.0fc66079-3fd6-4208-8bd4-bc2cad560f6a/1758240000.0_mean_300.0_v3" "tx40a779043e2e4c9bad50d-0068dbecd9" "proxy-server 21" 0.0113 "-" 22 0
Sep 30 14:44:41 standalone proxy-server[127659]: 172.18.0.2 ::1 30/Sep/2025/14/44/41 PUT /v1/AUTH_3fcc262b58f944b78fae9b8a4c1d4d81/gnocchi.0fc66079-3fd6-4208-8bd4-bc2cad560f6a/1758240000.0_mean_300.0_v3 HTTP/1.0 201 - python-swiftclient-3.11.1 gAAAAABo2-whVp_D... 16 - - tx40a779043e2e4c9bad50d-0068dbecd9 - 0.0184 - - 1759243481.690386057 1759243481.708825111 0
Sep 30 14:44:41 standalone container-server[125799]: 172.20.0.100 - - [30/Sep/2025:14:44:41 +0000] "PUT /d1/970/AUTH_3fcc262b58f944b78fae9b8a4c1d4d81/gnocchi.0fc66079-3fd6-4208-8bd4-bc2cad560f6a/none_v3" 201 - "PUT http://localhost:8080/d1/483/AUTH_3fcc262b58f944b78fae9b8a4c1d4d81/gnocchi.0fc66079-3fd6-4208-8bd4-bc2cad560f6a/none_v3" "tx4ee521c17ebd4facb16c2-0068dbecd9" "object-server 24" 0.0009 "-" 23 0
Sep 30 14:44:41 standalone object-server[125934]: 172.20.0.100 - - [30/Sep/2025:14:44:41 +0000] "PUT /d1/483/AUTH_3fcc262b58f944b78fae9b8a4c1d4d81/gnocchi.0fc66079-3fd6-4208-8bd4-bc2cad560f6a/none_v3" 201 - "PUT http://localhost:8080/v1/AUTH_3fcc262b58f944b78fae9b8a4c1d4d81/gnocchi.0fc66079-3fd6-4208-8bd4-bc2cad560f6a/none_v3" "tx4ee521c17ebd4facb16c2-0068dbecd9" "proxy-server 21" 0.0173 "-" 24 0
Sep 30 14:44:41 standalone proxy-server[127659]: 172.18.0.2 ::1 30/Sep/2025/14/44/41 PUT /v1/AUTH_3fcc262b58f944b78fae9b8a4c1d4d81/gnocchi.0fc66079-3fd6-4208-8bd4-bc2cad560f6a/none_v3 HTTP/1.0 201 - python-swiftclient-3.11.1 gAAAAABo2-whVp_D... 22 - - tx4ee521c17ebd4facb16c2-0068dbecd9 - 0.0238 - - 1759243481.712363482 1759243481.736177683 0
Sep 30 14:44:41 standalone container-server[125789]: 172.20.0.100 - - [30/Sep/2025:14:44:41 +0000] "HEAD /d1/470/AUTH_3fcc262b58f944b78fae9b8a4c1d4d81/gnocchi.e39856f7-d507-45a4-9279-679b56a4a61a" 404 - "HEAD http://localhost:8080/v1/AUTH_3fcc262b58f944b78fae9b8a4c1d4d81/gnocchi.e39856f7-d507-45a4-9279-679b56a4a61a?format=json&states=listing" "tx35a59422e23b4b48b2b2d-0068dbecd9" "proxy-server 21" 0.0004 "-" 22 0
Sep 30 14:44:41 standalone object-server[125935]: 172.20.0.100 - - [30/Sep/2025:14:44:41 +0000] "GET /d1/857/AUTH_3fcc262b58f944b78fae9b8a4c1d4d81/gnocchi.e39856f7-d507-45a4-9279-679b56a4a61a/none_v3" 404 70 "GET http://localhost:8080/v1/AUTH_3fcc262b58f944b78fae9b8a4c1d4d81/gnocchi.e39856f7-d507-45a4-9279-679b56a4a61a/none_v3" "tx35a59422e23b4b48b2b2d-0068dbecd9" "proxy-server 21" 0.0004 "-" 25 0
Sep 30 14:44:41 standalone proxy-server[127659]: 172.18.0.2 ::1 30/Sep/2025/14/44/41 GET /v1/AUTH_3fcc262b58f944b78fae9b8a4c1d4d81/gnocchi.e39856f7-d507-45a4-9279-679b56a4a61a/none_v3 HTTP/1.0 404 - python-swiftclient-3.11.1 gAAAAABo2-whVp_D... - 70 - tx35a59422e23b4b48b2b2d-0068dbecd9 - 0.0132 - - 1759243481.749743938 1759243481.762915611 0
Sep 30 14:44:41 standalone account-server[125617]: 172.20.0.100 - - [30/Sep/2025:14:44:41 +0000] "PUT /d1/612/AUTH_3fcc262b58f944b78fae9b8a4c1d4d81/gnocchi.e39856f7-d507-45a4-9279-679b56a4a61a" 201 - "PUT http://172.20.0.100:6001/d1/470/AUTH_3fcc262b58f944b78fae9b8a4c1d4d81/gnocchi.e39856f7-d507-45a4-9279-679b56a4a61a" "txc54bf5f9655449bd9a287-0068dbecd9" "container-server 23" 0.0064 "-" 21 0
Sep 30 14:44:41 standalone container-server[125799]: 172.20.0.100 - - [30/Sep/2025:14:44:41 +0000] "PUT /d1/470/AUTH_3fcc262b58f944b78fae9b8a4c1d4d81/gnocchi.e39856f7-d507-45a4-9279-679b56a4a61a" 201 - "PUT http://localhost:8080/v1/AUTH_3fcc262b58f944b78fae9b8a4c1d4d81/gnocchi.e39856f7-d507-45a4-9279-679b56a4a61a" "txc54bf5f9655449bd9a287-0068dbecd9" "proxy-server 21" 0.0198 "-" 23 0
Sep 30 14:44:41 standalone proxy-server[127659]: 172.18.0.2 ::1 30/Sep/2025/14/44/41 PUT /v1/AUTH_3fcc262b58f944b78fae9b8a4c1d4d81/gnocchi.e39856f7-d507-45a4-9279-679b56a4a61a HTTP/1.0 201 - python-swiftclient-3.11.1 gAAAAABo2-whVp_D... - - - txc54bf5f9655449bd9a287-0068dbecd9 - 0.0269 - - 1759243481.766743660 1759243481.793650150 0
Sep 30 14:44:41 standalone container-server[125786]: 172.20.0.100 - - [30/Sep/2025:14:44:41 +0000] "HEAD /d1/470/AUTH_3fcc262b58f944b78fae9b8a4c1d4d81/gnocchi.e39856f7-d507-45a4-9279-679b56a4a61a" 204 - "HEAD http://localhost:8080/v1/AUTH_3fcc262b58f944b78fae9b8a4c1d4d81/gnocchi.e39856f7-d507-45a4-9279-679b56a4a61a?format=json&states=listing" "tx29d4956af39d46678f0cd-0068dbecd9" "proxy-server 21" 0.0024 "-" 21 0
Sep 30 14:44:41 standalone proxy-server[127659]: - - 30/Sep/2025/14/44/41 HEAD /v1/AUTH_3fcc262b58f944b78fae9b8a4c1d4d81/gnocchi.e39856f7-d507-45a4-9279-679b56a4a61a%3Fformat%3Djson%26states%3Dlisting HTTP/1.0 204 - Swift - - - - tx29d4956af39d46678f0cd-0068dbecd9 - 0.0073 RL - 1759243481.800231218 1759243481.807543516 0
Sep 30 14:44:41 standalone container-server[125799]: 172.20.0.100 - - [30/Sep/2025:14:44:41 +0000] "GET /d1/470/AUTH_3fcc262b58f944b78fae9b8a4c1d4d81/gnocchi.e39856f7-d507-45a4-9279-679b56a4a61a" 200 2 "GET http://localhost:8080/v1/AUTH_3fcc262b58f944b78fae9b8a4c1d4d81/gnocchi.e39856f7-d507-45a4-9279-679b56a4a61a?format=json&states=listing" "tx29d4956af39d46678f0cd-0068dbecd9" "proxy-server 21" 0.0030 "-" 23 0
Sep 30 14:44:41 standalone proxy-server[127659]: 172.18.0.2 ::1 30/Sep/2025/14/44/41 GET /v1/AUTH_3fcc262b58f944b78fae9b8a4c1d4d81/gnocchi.e39856f7-d507-45a4-9279-679b56a4a61a%3Fformat%3Djson%26states%3Dlisting HTTP/1.0 200 - python-swiftclient-3.11.1 gAAAAABo2-whVp_D... - 2 - tx29d4956af39d46678f0cd-0068dbecd9 - 0.0204 - - 1759243481.798566103 1759243481.818970442 0
Sep 30 14:44:41 standalone object-server[125933]: 172.20.0.100 - - [30/Sep/2025:14:44:41 +0000] "GET /d1/62/AUTH_3fcc262b58f944b78fae9b8a4c1d4d81/gnocchi.e39856f7-d507-45a4-9279-679b56a4a61a/1758240000.0_mean_300.0_v3" 404 70 "GET http://localhost:8080/v1/AUTH_3fcc262b58f944b78fae9b8a4c1d4d81/gnocchi.e39856f7-d507-45a4-9279-679b56a4a61a/1758240000.0_mean_300.0_v3" "tx359c9e0f01a947b0b650e-0068dbecd9" "proxy-server 21" 0.0005 "-" 23 0
Sep 30 14:44:41 standalone proxy-server[127659]: 172.18.0.2 ::1 30/Sep/2025/14/44/41 GET /v1/AUTH_3fcc262b58f944b78fae9b8a4c1d4d81/gnocchi.e39856f7-d507-45a4-9279-679b56a4a61a/1758240000.0_mean_300.0_v3 HTTP/1.0 404 - python-swiftclient-3.11.1 gAAAAABo2-whVp_D... - 70 - tx359c9e0f01a947b0b650e-0068dbecd9 - 0.0082 - - 1759243481.823470831 1759243481.831710577 0
Sep 30 14:44:41 standalone container-server[125799]: 172.20.0.100 - - [30/Sep/2025:14:44:41 +0000] "PUT /d1/470/AUTH_3fcc262b58f944b78fae9b8a4c1d4d81/gnocchi.e39856f7-d507-45a4-9279-679b56a4a61a/1758240000.0_mean_300.0_v3" 201 - "PUT http://localhost:8080/d1/62/AUTH_3fcc262b58f944b78fae9b8a4c1d4d81/gnocchi.e39856f7-d507-45a4-9279-679b56a4a61a/1758240000.0_mean_300.0_v3" "tx236a0f4976144b86895cc-0068dbecd9" "object-server 23" 0.0007 "-" 23 0
Sep 30 14:44:41 standalone object-server[125933]: 172.20.0.100 - - [30/Sep/2025:14:44:41 +0000] "PUT /d1/62/AUTH_3fcc262b58f944b78fae9b8a4c1d4d81/gnocchi.e39856f7-d507-45a4-9279-679b56a4a61a/1758240000.0_mean_300.0_v3" 201 - "PUT http://localhost:8080/v1/AUTH_3fcc262b58f944b78fae9b8a4c1d4d81/gnocchi.e39856f7-d507-45a4-9279-679b56a4a61a/1758240000.0_mean_300.0_v3" "tx236a0f4976144b86895cc-0068dbecd9" "proxy-server 21" 0.0122 "-" 23 0
Sep 30 14:44:41 standalone proxy-server[127659]: 172.18.0.2 ::1 30/Sep/2025/14/44/41 PUT /v1/AUTH_3fcc262b58f944b78fae9b8a4c1d4d81/gnocchi.e39856f7-d507-45a4-9279-679b56a4a61a/1758240000.0_mean_300.0_v3 HTTP/1.0 201 - python-swiftclient-3.11.1 gAAAAABo2-whVp_D... 16 - - tx236a0f4976144b86895cc-0068dbecd9 - 0.0198 - - 1759243481.835350990 1759243481.855195045 0
Sep 30 14:44:41 standalone container-server[125789]: 172.20.0.100 - - [30/Sep/2025:14:44:41 +0000] "PUT /d1/470/AUTH_3fcc262b58f944b78fae9b8a4c1d4d81/gnocchi.e39856f7-d507-45a4-9279-679b56a4a61a/none_v3" 201 - "PUT http://localhost:8080/d1/857/AUTH_3fcc262b58f944b78fae9b8a4c1d4d81/gnocchi.e39856f7-d507-45a4-9279-679b56a4a61a/none_v3" "tx985069973a4b4f0597166-0068dbecd9" "object-server 25" 0.0006 "-" 22 0
Sep 30 14:44:41 standalone object-server[125935]: 172.20.0.100 - - [30/Sep/2025:14:44:41 +0000] "PUT /d1/857/AUTH_3fcc262b58f944b78fae9b8a4c1d4d81/gnocchi.e39856f7-d507-45a4-9279-679b56a4a61a/none_v3" 201 - "PUT http://localhost:8080/v1/AUTH_3fcc262b58f944b78fae9b8a4c1d4d81/gnocchi.e39856f7-d507-45a4-9279-679b56a4a61a/none_v3" "tx985069973a4b4f0597166-0068dbecd9" "proxy-server 21" 0.0101 "-" 25 0
Sep 30 14:44:41 standalone proxy-server[127659]: 172.18.0.2 ::1 30/Sep/2025/14/44/41 PUT /v1/AUTH_3fcc262b58f944b78fae9b8a4c1d4d81/gnocchi.e39856f7-d507-45a4-9279-679b56a4a61a/none_v3 HTTP/1.0 201 - python-swiftclient-3.11.1 gAAAAABo2-whVp_D... 22 - - tx985069973a4b4f0597166-0068dbecd9 - 0.0189 - - 1759243481.858861923 1759243481.877802610 0
Sep 30 14:44:41 standalone container-server[125789]: 172.20.0.100 - - [30/Sep/2025:14:44:41 +0000] "HEAD /d1/802/AUTH_3fcc262b58f944b78fae9b8a4c1d4d81/gnocchi.8852bf00-f125-4bd4-9b6b-524a806d26ba" 404 - "HEAD http://localhost:8080/v1/AUTH_3fcc262b58f944b78fae9b8a4c1d4d81/gnocchi.8852bf00-f125-4bd4-9b6b-524a806d26ba?format=json&states=listing" "txbd27ad1c823c4d2ea0797-0068dbecd9" "proxy-server 21" 0.0004 "-" 22 0
Sep 30 14:44:41 standalone object-server[125935]: 172.20.0.100 - - [30/Sep/2025:14:44:41 +0000] "GET /d1/796/AUTH_3fcc262b58f944b78fae9b8a4c1d4d81/gnocchi.8852bf00-f125-4bd4-9b6b-524a806d26ba/none_v3" 404 70 "GET http://localhost:8080/v1/AUTH_3fcc262b58f944b78fae9b8a4c1d4d81/gnocchi.8852bf00-f125-4bd4-9b6b-524a806d26ba/none_v3" "txbd27ad1c823c4d2ea0797-0068dbecd9" "proxy-server 21" 0.0003 "-" 25 0
Sep 30 14:44:41 standalone proxy-server[127659]: 172.18.0.2 ::1 30/Sep/2025/14/44/41 GET /v1/AUTH_3fcc262b58f944b78fae9b8a4c1d4d81/gnocchi.8852bf00-f125-4bd4-9b6b-524a806d26ba/none_v3 HTTP/1.0 404 - python-swiftclient-3.11.1 gAAAAABo2-whVp_D... - 70 - txbd27ad1c823c4d2ea0797-0068dbecd9 - 0.0128 - - 1759243481.893620491 1759243481.906414986 0
Sep 30 14:44:41 standalone account-server[125627]: 172.20.0.100 - - [30/Sep/2025:14:44:41 +0000] "PUT /d1/612/AUTH_3fcc262b58f944b78fae9b8a4c1d4d81/gnocchi.8852bf00-f125-4bd4-9b6b-524a806d26ba" 201 - "PUT http://172.20.0.100:6001/d1/802/AUTH_3fcc262b58f944b78fae9b8a4c1d4d81/gnocchi.8852bf00-f125-4bd4-9b6b-524a806d26ba" "txf097e9cfd7c4407d92eae-0068dbecd9" "container-server 20" 0.0062 "-" 22 0
Sep 30 14:44:41 standalone container-server[125784]: 172.20.0.100 - - [30/Sep/2025:14:44:41 +0000] "PUT /d1/802/AUTH_3fcc262b58f944b78fae9b8a4c1d4d81/gnocchi.8852bf00-f125-4bd4-9b6b-524a806d26ba" 201 - "PUT http://localhost:8080/v1/AUTH_3fcc262b58f944b78fae9b8a4c1d4d81/gnocchi.8852bf00-f125-4bd4-9b6b-524a806d26ba" "txf097e9cfd7c4407d92eae-0068dbecd9" "proxy-server 21" 0.0218 "-" 20 0
Sep 30 14:44:41 standalone proxy-server[127659]: 172.18.0.2 ::1 30/Sep/2025/14/44/41 PUT /v1/AUTH_3fcc262b58f944b78fae9b8a4c1d4d81/gnocchi.8852bf00-f125-4bd4-9b6b-524a806d26ba HTTP/1.0 201 - python-swiftclient-3.11.1 gAAAAABo2-whVp_D... - - - txf097e9cfd7c4407d92eae-0068dbecd9 - 0.0295 - - 1759243481.910159111 1759243481.939643383 0
Sep 30 14:44:41 standalone container-server[125799]: 172.20.0.100 - - [30/Sep/2025:14:44:41 +0000] "HEAD /d1/802/AUTH_3fcc262b58f944b78fae9b8a4c1d4d81/gnocchi.8852bf00-f125-4bd4-9b6b-524a806d26ba" 204 - "HEAD http://localhost:8080/v1/AUTH_3fcc262b58f944b78fae9b8a4c1d4d81/gnocchi.8852bf00-f125-4bd4-9b6b-524a806d26ba?format=json&states=listing" "tx1b409eabac3b4106914fa-0068dbecd9" "proxy-server 21" 0.0021 "-" 23 0
Sep 30 14:44:41 standalone proxy-server[127659]: - - 30/Sep/2025/14/44/41 HEAD /v1/AUTH_3fcc262b58f944b78fae9b8a4c1d4d81/gnocchi.8852bf00-f125-4bd4-9b6b-524a806d26ba%3Fformat%3Djson%26states%3Dlisting HTTP/1.0 204 - Swift - - - - tx1b409eabac3b4106914fa-0068dbecd9 - 0.0072 RL - 1759243481.946489573 1759243481.953651667 0
Sep 30 14:44:41 standalone container-server[125789]: 172.20.0.100 - - [30/Sep/2025:14:44:41 +0000] "GET /d1/802/AUTH_3fcc262b58f944b78fae9b8a4c1d4d81/gnocchi.8852bf00-f125-4bd4-9b6b-524a806d26ba" 200 2 "GET http://localhost:8080/v1/AUTH_3fcc262b58f944b78fae9b8a4c1d4d81/gnocchi.8852bf00-f125-4bd4-9b6b-524a806d26ba?format=json&states=listing" "tx1b409eabac3b4106914fa-0068dbecd9" "proxy-server 21" 0.0025 "-" 22 0
