Sep 30 14:44:41 standalone proxy-server[127659]: 172.18.0.2 ::1 30/Sep/2025/14/44/41 GET /v1/AUTH_3fcc262b58f944b78fae9b8a4c1d4d81/gnocchi.8852bf00-f125-4bd4-9b6b-524a806d26ba%3Fformat%3Djson%26states%3Dlisting HTTP/1.0 200 - python-swiftclient-3.11.1 gAAAAABo2-whVp_D... - 2 - tx1b409eabac3b4106914fa-0068dbecd9 - 0.0201 - - 1759243481.944642305 1759243481.964767694 0
Sep 30 14:44:41 standalone object-server[125934]: 172.20.0.100 - - [30/Sep/2025:14:44:41 +0000] "GET /d1/830/AUTH_3fcc262b58f944b78fae9b8a4c1d4d81/gnocchi.8852bf00-f125-4bd4-9b6b-524a806d26ba/1758240000.0_mean_300.0_v3" 404 70 "GET http://localhost:8080/v1/AUTH_3fcc262b58f944b78fae9b8a4c1d4d81/gnocchi.8852bf00-f125-4bd4-9b6b-524a806d26ba/1758240000.0_mean_300.0_v3" "txc3cae80efc314fda97d4a-0068dbecd9" "proxy-server 21" 0.0006 "-" 24 0
Sep 30 14:44:41 standalone proxy-server[127659]: 172.18.0.2 ::1 30/Sep/2025/14/44/41 GET /v1/AUTH_3fcc262b58f944b78fae9b8a4c1d4d81/gnocchi.8852bf00-f125-4bd4-9b6b-524a806d26ba/1758240000.0_mean_300.0_v3 HTTP/1.0 404 - python-swiftclient-3.11.1 gAAAAABo2-whVp_D... - 70 - txc3cae80efc314fda97d4a-0068dbecd9 - 0.0085 - - 1759243481.969630480 1759243481.978096724 0
Sep 30 14:44:42 standalone container-server[125786]: 172.20.0.100 - - [30/Sep/2025:14:44:42 +0000] "PUT /d1/802/AUTH_3fcc262b58f944b78fae9b8a4c1d4d81/gnocchi.8852bf00-f125-4bd4-9b6b-524a806d26ba/1758240000.0_mean_300.0_v3" 201 - "PUT http://localhost:8080/d1/830/AUTH_3fcc262b58f944b78fae9b8a4c1d4d81/gnocchi.8852bf00-f125-4bd4-9b6b-524a806d26ba/1758240000.0_mean_300.0_v3" "txb3e31260f14743afab70e-0068dbecd9" "object-server 23" 0.0020 "-" 21 0
Sep 30 14:44:42 standalone object-server[125933]: 172.20.0.100 - - [30/Sep/2025:14:44:42 +0000] "PUT /d1/830/AUTH_3fcc262b58f944b78fae9b8a4c1d4d81/gnocchi.8852bf00-f125-4bd4-9b6b-524a806d26ba/1758240000.0_mean_300.0_v3" 201 - "PUT http://localhost:8080/v1/AUTH_3fcc262b58f944b78fae9b8a4c1d4d81/gnocchi.8852bf00-f125-4bd4-9b6b-524a806d26ba/1758240000.0_mean_300.0_v3" "txb3e31260f14743afab70e-0068dbecd9" "proxy-server 21" 0.0134 "-" 23 0
Sep 30 14:44:42 standalone proxy-server[127659]: 172.18.0.2 ::1 30/Sep/2025/14/44/42 PUT /v1/AUTH_3fcc262b58f944b78fae9b8a4c1d4d81/gnocchi.8852bf00-f125-4bd4-9b6b-524a806d26ba/1758240000.0_mean_300.0_v3 HTTP/1.0 201 - python-swiftclient-3.11.1 gAAAAABo2-whVp_D... 16 - - txb3e31260f14743afab70e-0068dbecd9 - 0.0227 - - 1759243481.981843233 1759243482.004497051 0
Sep 30 14:44:42 standalone container-server[125786]: 172.20.0.100 - - [30/Sep/2025:14:44:42 +0000] "PUT /d1/802/AUTH_3fcc262b58f944b78fae9b8a4c1d4d81/gnocchi.8852bf00-f125-4bd4-9b6b-524a806d26ba/none_v3" 201 - "PUT http://localhost:8080/d1/796/AUTH_3fcc262b58f944b78fae9b8a4c1d4d81/gnocchi.8852bf00-f125-4bd4-9b6b-524a806d26ba/none_v3" "txfff9b6bb291e4e23a8163-0068dbecda" "object-server 25" 0.0011 "-" 21 0
Sep 30 14:44:42 standalone object-server[125935]: 172.20.0.100 - - [30/Sep/2025:14:44:42 +0000] "PUT /d1/796/AUTH_3fcc262b58f944b78fae9b8a4c1d4d81/gnocchi.8852bf00-f125-4bd4-9b6b-524a806d26ba/none_v3" 201 - "PUT http://localhost:8080/v1/AUTH_3fcc262b58f944b78fae9b8a4c1d4d81/gnocchi.8852bf00-f125-4bd4-9b6b-524a806d26ba/none_v3" "txfff9b6bb291e4e23a8163-0068dbecda" "proxy-server 21" 0.0120 "-" 25 0
Sep 30 14:44:42 standalone proxy-server[127659]: 172.18.0.2 ::1 30/Sep/2025/14/44/42 PUT /v1/AUTH_3fcc262b58f944b78fae9b8a4c1d4d81/gnocchi.8852bf00-f125-4bd4-9b6b-524a806d26ba/none_v3 HTTP/1.0 201 - python-swiftclient-3.11.1 gAAAAABo2-whVp_D... 22 - - txfff9b6bb291e4e23a8163-0068dbecda - 0.0213 - - 1759243482.011087179 1759243482.032407999 0
Sep 30 14:44:42 standalone container-server[125789]: 172.20.0.100 - - [30/Sep/2025:14:44:42 +0000] "HEAD /d1/143/AUTH_3fcc262b58f944b78fae9b8a4c1d4d81/gnocchi.38cbf76f-be37-4265-af6a-a3ff69a1f337" 404 - "HEAD http://localhost:8080/v1/AUTH_3fcc262b58f944b78fae9b8a4c1d4d81/gnocchi.38cbf76f-be37-4265-af6a-a3ff69a1f337?format=json&states=listing" "tx947df9ebb5db42c6b64ca-0068dbecda" "proxy-server 21" 0.0004 "-" 22 0
Sep 30 14:44:42 standalone object-server[125932]: 172.20.0.100 - - [30/Sep/2025:14:44:42 +0000] "GET /d1/183/AUTH_3fcc262b58f944b78fae9b8a4c1d4d81/gnocchi.38cbf76f-be37-4265-af6a-a3ff69a1f337/none_v3" 404 70 "GET http://localhost:8080/v1/AUTH_3fcc262b58f944b78fae9b8a4c1d4d81/gnocchi.38cbf76f-be37-4265-af6a-a3ff69a1f337/none_v3" "tx947df9ebb5db42c6b64ca-0068dbecda" "proxy-server 21" 0.0005 "-" 22 0
Sep 30 14:44:42 standalone proxy-server[127659]: 172.18.0.2 ::1 30/Sep/2025/14/44/42 GET /v1/AUTH_3fcc262b58f944b78fae9b8a4c1d4d81/gnocchi.38cbf76f-be37-4265-af6a-a3ff69a1f337/none_v3 HTTP/1.0 404 - python-swiftclient-3.11.1 gAAAAABo2-whVp_D... - 70 - tx947df9ebb5db42c6b64ca-0068dbecda - 0.0138 - - 1759243482.045900583 1759243482.059736013 0
Sep 30 14:44:42 standalone account-server[125617]: 172.20.0.100 - - [30/Sep/2025:14:44:42 +0000] "PUT /d1/612/AUTH_3fcc262b58f944b78fae9b8a4c1d4d81/gnocchi.38cbf76f-be37-4265-af6a-a3ff69a1f337" 201 - "PUT http://172.20.0.100:6001/d1/143/AUTH_3fcc262b58f944b78fae9b8a4c1d4d81/gnocchi.38cbf76f-be37-4265-af6a-a3ff69a1f337" "tx6b5085ba19944ea29ff32-0068dbecda" "container-server 20" 0.0059 "-" 21 0
Sep 30 14:44:42 standalone container-server[125784]: 172.20.0.100 - - [30/Sep/2025:14:44:42 +0000] "PUT /d1/143/AUTH_3fcc262b58f944b78fae9b8a4c1d4d81/gnocchi.38cbf76f-be37-4265-af6a-a3ff69a1f337" 201 - "PUT http://localhost:8080/v1/AUTH_3fcc262b58f944b78fae9b8a4c1d4d81/gnocchi.38cbf76f-be37-4265-af6a-a3ff69a1f337" "tx6b5085ba19944ea29ff32-0068dbecda" "proxy-server 21" 0.0224 "-" 20 0
Sep 30 14:44:42 standalone proxy-server[127659]: 172.18.0.2 ::1 30/Sep/2025/14/44/42 PUT /v1/AUTH_3fcc262b58f944b78fae9b8a4c1d4d81/gnocchi.38cbf76f-be37-4265-af6a-a3ff69a1f337 HTTP/1.0 201 - python-swiftclient-3.11.1 gAAAAABo2-whVp_D... - - - tx6b5085ba19944ea29ff32-0068dbecda - 0.0313 - - 1759243482.063736916 1759243482.094989300 0
Sep 30 14:44:42 standalone container-server[125784]: 172.20.0.100 - - [30/Sep/2025:14:44:42 +0000] "HEAD /d1/143/AUTH_3fcc262b58f944b78fae9b8a4c1d4d81/gnocchi.38cbf76f-be37-4265-af6a-a3ff69a1f337" 204 - "HEAD http://localhost:8080/v1/AUTH_3fcc262b58f944b78fae9b8a4c1d4d81/gnocchi.38cbf76f-be37-4265-af6a-a3ff69a1f337?format=json&states=listing" "txdb6b4369686e4b48a802d-0068dbecda" "proxy-server 21" 0.0021 "-" 20 0
Sep 30 14:44:42 standalone proxy-server[127659]: - - 30/Sep/2025/14/44/42 HEAD /v1/AUTH_3fcc262b58f944b78fae9b8a4c1d4d81/gnocchi.38cbf76f-be37-4265-af6a-a3ff69a1f337%3Fformat%3Djson%26states%3Dlisting HTTP/1.0 204 - Swift - - - - txdb6b4369686e4b48a802d-0068dbecda - 0.0075 RL - 1759243482.101755381 1759243482.109260321 0
Sep 30 14:44:42 standalone container-server[125799]: 172.20.0.100 - - [30/Sep/2025:14:44:42 +0000] "GET /d1/143/AUTH_3fcc262b58f944b78fae9b8a4c1d4d81/gnocchi.38cbf76f-be37-4265-af6a-a3ff69a1f337" 200 2 "GET http://localhost:8080/v1/AUTH_3fcc262b58f944b78fae9b8a4c1d4d81/gnocchi.38cbf76f-be37-4265-af6a-a3ff69a1f337?format=json&states=listing" "txdb6b4369686e4b48a802d-0068dbecda" "proxy-server 21" 0.0046 "-" 23 0
Sep 30 14:44:42 standalone proxy-server[127659]: 172.18.0.2 ::1 30/Sep/2025/14/44/42 GET /v1/AUTH_3fcc262b58f944b78fae9b8a4c1d4d81/gnocchi.38cbf76f-be37-4265-af6a-a3ff69a1f337%3Fformat%3Djson%26states%3Dlisting HTTP/1.0 200 - python-swiftclient-3.11.1 gAAAAABo2-whVp_D... - 2 - txdb6b4369686e4b48a802d-0068dbecda - 0.0237 - - 1759243482.099923134 1759243482.123662949 0
Sep 30 14:44:42 standalone object-server[125933]: 172.20.0.100 - - [30/Sep/2025:14:44:42 +0000] "GET /d1/925/AUTH_3fcc262b58f944b78fae9b8a4c1d4d81/gnocchi.38cbf76f-be37-4265-af6a-a3ff69a1f337/1758240000.0_mean_300.0_v3" 404 70 "GET http://localhost:8080/v1/AUTH_3fcc262b58f944b78fae9b8a4c1d4d81/gnocchi.38cbf76f-be37-4265-af6a-a3ff69a1f337/1758240000.0_mean_300.0_v3" "txb9e114107f8146208ed4d-0068dbecda" "proxy-server 21" 0.0005 "-" 23 0
Sep 30 14:44:42 standalone proxy-server[127659]: 172.18.0.2 ::1 30/Sep/2025/14/44/42 GET /v1/AUTH_3fcc262b58f944b78fae9b8a4c1d4d81/gnocchi.38cbf76f-be37-4265-af6a-a3ff69a1f337/1758240000.0_mean_300.0_v3 HTTP/1.0 404 - python-swiftclient-3.11.1 gAAAAABo2-whVp_D... - 70 - txb9e114107f8146208ed4d-0068dbecda - 0.0081 - - 1759243482.129712343 1759243482.137775421 0
Sep 30 14:44:42 standalone container-server[125786]: 172.20.0.100 - - [30/Sep/2025:14:44:42 +0000] "PUT /d1/143/AUTH_3fcc262b58f944b78fae9b8a4c1d4d81/gnocchi.38cbf76f-be37-4265-af6a-a3ff69a1f337/1758240000.0_mean_300.0_v3" 201 - "PUT http://localhost:8080/d1/925/AUTH_3fcc262b58f944b78fae9b8a4c1d4d81/gnocchi.38cbf76f-be37-4265-af6a-a3ff69a1f337/1758240000.0_mean_300.0_v3" "txc8e590b656294eabbb16c-0068dbecda" "object-server 24" 0.0015 "-" 21 0
Sep 30 14:44:42 standalone object-server[125934]: 172.20.0.100 - - [30/Sep/2025:14:44:42 +0000] "PUT /d1/925/AUTH_3fcc262b58f944b78fae9b8a4c1d4d81/gnocchi.38cbf76f-be37-4265-af6a-a3ff69a1f337/1758240000.0_mean_300.0_v3" 201 - "PUT http://localhost:8080/v1/AUTH_3fcc262b58f944b78fae9b8a4c1d4d81/gnocchi.38cbf76f-be37-4265-af6a-a3ff69a1f337/1758240000.0_mean_300.0_v3" "txc8e590b656294eabbb16c-0068dbecda" "proxy-server 21" 0.0142 "-" 24 0
Sep 30 14:44:42 standalone proxy-server[127659]: 172.18.0.2 ::1 30/Sep/2025/14/44/42 PUT /v1/AUTH_3fcc262b58f944b78fae9b8a4c1d4d81/gnocchi.38cbf76f-be37-4265-af6a-a3ff69a1f337/1758240000.0_mean_300.0_v3 HTTP/1.0 201 - python-swiftclient-3.11.1 gAAAAABo2-whVp_D... 16 - - txc8e590b656294eabbb16c-0068dbecda - 0.0228 - - 1759243482.143230200 1759243482.166025639 0
Sep 30 14:44:42 standalone container-server[125786]: 172.20.0.100 - - [30/Sep/2025:14:44:42 +0000] "PUT /d1/143/AUTH_3fcc262b58f944b78fae9b8a4c1d4d81/gnocchi.38cbf76f-be37-4265-af6a-a3ff69a1f337/none_v3" 201 - "PUT http://localhost:8080/d1/183/AUTH_3fcc262b58f944b78fae9b8a4c1d4d81/gnocchi.38cbf76f-be37-4265-af6a-a3ff69a1f337/none_v3" "tx2ca157422da04d489a80e-0068dbecda" "object-server 23" 0.0008 "-" 21 0
Sep 30 14:44:42 standalone object-server[125933]: 172.20.0.100 - - [30/Sep/2025:14:44:42 +0000] "PUT /d1/183/AUTH_3fcc262b58f944b78fae9b8a4c1d4d81/gnocchi.38cbf76f-be37-4265-af6a-a3ff69a1f337/none_v3" 201 - "PUT http://localhost:8080/v1/AUTH_3fcc262b58f944b78fae9b8a4c1d4d81/gnocchi.38cbf76f-be37-4265-af6a-a3ff69a1f337/none_v3" "tx2ca157422da04d489a80e-0068dbecda" "proxy-server 21" 0.0126 "-" 23 0
Sep 30 14:44:42 standalone proxy-server[127659]: 172.18.0.2 ::1 30/Sep/2025/14/44/42 PUT /v1/AUTH_3fcc262b58f944b78fae9b8a4c1d4d81/gnocchi.38cbf76f-be37-4265-af6a-a3ff69a1f337/none_v3 HTTP/1.0 201 - python-swiftclient-3.11.1 gAAAAABo2-whVp_D... 22 - - tx2ca157422da04d489a80e-0068dbecda - 0.0218 - - 1759243482.171200752 1759243482.192971468 0
Sep 30 14:44:42 standalone container-server[125799]: 172.20.0.100 - - [30/Sep/2025:14:44:42 +0000] "HEAD /d1/1007/AUTH_3fcc262b58f944b78fae9b8a4c1d4d81/gnocchi.070ce9f7-487a-4c12-aa00-4298e76537bf" 404 - "HEAD http://localhost:8080/v1/AUTH_3fcc262b58f944b78fae9b8a4c1d4d81/gnocchi.070ce9f7-487a-4c12-aa00-4298e76537bf?format=json&states=listing" "txa431d23b52784bd681b08-0068dbecda" "proxy-server 21" 0.0005 "-" 23 0
Sep 30 14:44:42 standalone object-server[125933]: 172.20.0.100 - - [30/Sep/2025:14:44:42 +0000] "GET /d1/538/AUTH_3fcc262b58f944b78fae9b8a4c1d4d81/gnocchi.070ce9f7-487a-4c12-aa00-4298e76537bf/none_v3" 404 70 "GET http://localhost:8080/v1/AUTH_3fcc262b58f944b78fae9b8a4c1d4d81/gnocchi.070ce9f7-487a-4c12-aa00-4298e76537bf/none_v3" "txa431d23b52784bd681b08-0068dbecda" "proxy-server 21" 0.0004 "-" 23 0
Sep 30 14:44:42 standalone proxy-server[127659]: 172.18.0.2 ::1 30/Sep/2025/14/44/42 GET /v1/AUTH_3fcc262b58f944b78fae9b8a4c1d4d81/gnocchi.070ce9f7-487a-4c12-aa00-4298e76537bf/none_v3 HTTP/1.0 404 - python-swiftclient-3.11.1 gAAAAABo2-whVp_D... - 70 - txa431d23b52784bd681b08-0068dbecda - 0.0130 - - 1759243482.208083630 1759243482.221042633 0
Sep 30 14:44:42 standalone account-server[125627]: 172.20.0.100 - - [30/Sep/2025:14:44:42 +0000] "PUT /d1/612/AUTH_3fcc262b58f944b78fae9b8a4c1d4d81/gnocchi.070ce9f7-487a-4c12-aa00-4298e76537bf" 201 - "PUT http://172.20.0.100:6001/d1/1007/AUTH_3fcc262b58f944b78fae9b8a4c1d4d81/gnocchi.070ce9f7-487a-4c12-aa00-4298e76537bf" "txf02ba96d5e564adb8d3f7-0068dbecda" "container-server 23" 0.0063 "-" 22 0
Sep 30 14:44:42 standalone container-server[125799]: 172.20.0.100 - - [30/Sep/2025:14:44:42 +0000] "PUT /d1/1007/AUTH_3fcc262b58f944b78fae9b8a4c1d4d81/gnocchi.070ce9f7-487a-4c12-aa00-4298e76537bf" 201 - "PUT http://localhost:8080/v1/AUTH_3fcc262b58f944b78fae9b8a4c1d4d81/gnocchi.070ce9f7-487a-4c12-aa00-4298e76537bf" "txf02ba96d5e564adb8d3f7-0068dbecda" "proxy-server 21" 0.0206 "-" 23 0
Sep 30 14:44:42 standalone proxy-server[127659]: 172.18.0.2 ::1 30/Sep/2025/14/44/42 PUT /v1/AUTH_3fcc262b58f944b78fae9b8a4c1d4d81/gnocchi.070ce9f7-487a-4c12-aa00-4298e76537bf HTTP/1.0 201 - python-swiftclient-3.11.1 gAAAAABo2-whVp_D... - - - txf02ba96d5e564adb8d3f7-0068dbecda - 0.0270 - - 1759243482.225110054 1759243482.252132177 0
Sep 30 14:44:42 standalone container-server[125799]: 172.20.0.100 - - [30/Sep/2025:14:44:42 +0000] "HEAD /d1/1007/AUTH_3fcc262b58f944b78fae9b8a4c1d4d81/gnocchi.070ce9f7-487a-4c12-aa00-4298e76537bf" 204 - "HEAD http://localhost:8080/v1/AUTH_3fcc262b58f944b78fae9b8a4c1d4d81/gnocchi.070ce9f7-487a-4c12-aa00-4298e76537bf?format=json&states=listing" "tx56caba92d6e542f0b74fe-0068dbecda" "proxy-server 21" 0.0019 "-" 23 0
Sep 30 14:44:42 standalone proxy-server[127659]: - - 30/Sep/2025/14/44/42 HEAD /v1/AUTH_3fcc262b58f944b78fae9b8a4c1d4d81/gnocchi.070ce9f7-487a-4c12-aa00-4298e76537bf%3Fformat%3Djson%26states%3Dlisting HTTP/1.0 204 - Swift - - - - tx56caba92d6e542f0b74fe-0068dbecda - 0.0063 RL - 1759243482.258972883 1759243482.265295029 0
Sep 30 14:44:42 standalone container-server[125799]: 172.20.0.100 - - [30/Sep/2025:14:44:42 +0000] "GET /d1/1007/AUTH_3fcc262b58f944b78fae9b8a4c1d4d81/gnocchi.070ce9f7-487a-4c12-aa00-4298e76537bf" 200 2 "GET http://localhost:8080/v1/AUTH_3fcc262b58f944b78fae9b8a4c1d4d81/gnocchi.070ce9f7-487a-4c12-aa00-4298e76537bf?format=json&states=listing" "tx56caba92d6e542f0b74fe-0068dbecda" "proxy-server 21" 0.0031 "-" 23 0
Sep 30 14:44:42 standalone proxy-server[127659]: 172.18.0.2 ::1 30/Sep/2025/14/44/42 GET /v1/AUTH_3fcc262b58f944b78fae9b8a4c1d4d81/gnocchi.070ce9f7-487a-4c12-aa00-4298e76537bf%3Fformat%3Djson%26states%3Dlisting HTTP/1.0 200 - python-swiftclient-3.11.1 gAAAAABo2-whVp_D... - 2 - tx56caba92d6e542f0b74fe-0068dbecda - 0.0198 - - 1759243482.257416964 1759243482.277245760 0
Sep 30 14:44:42 standalone object-server[125935]: 172.20.0.100 - - [30/Sep/2025:14:44:42 +0000] "GET /d1/876/AUTH_3fcc262b58f944b78fae9b8a4c1d4d81/gnocchi.070ce9f7-487a-4c12-aa00-4298e76537bf/1758240000.0_mean_300.0_v3" 404 70 "GET http://localhost:8080/v1/AUTH_3fcc262b58f944b78fae9b8a4c1d4d81/gnocchi.070ce9f7-487a-4c12-aa00-4298e76537bf/1758240000.0_mean_300.0_v3" "txa4fe0a511c724f6aa18dd-0068dbecda" "proxy-server 21" 0.0006 "-" 25 0
Sep 30 14:44:42 standalone proxy-server[127659]: 172.18.0.2 ::1 30/Sep/2025/14/44/42 GET /v1/AUTH_3fcc262b58f944b78fae9b8a4c1d4d81/gnocchi.070ce9f7-487a-4c12-aa00-4298e76537bf/1758240000.0_mean_300.0_v3 HTTP/1.0 404 - python-swiftclient-3.11.1 gAAAAABo2-whVp_D... - 70 - txa4fe0a511c724f6aa18dd-0068dbecda - 0.0084 - - 1759243482.282289505 1759243482.290716648 0
Sep 30 14:44:42 standalone container-server[125784]: 172.20.0.100 - - [30/Sep/2025:14:44:42 +0000] "PUT /d1/1007/AUTH_3fcc262b58f944b78fae9b8a4c1d4d81/gnocchi.070ce9f7-487a-4c12-aa00-4298e76537bf/1758240000.0_mean_300.0_v3" 201 - "PUT http://localhost:8080/d1/876/AUTH_3fcc262b58f944b78fae9b8a4c1d4d81/gnocchi.070ce9f7-487a-4c12-aa00-4298e76537bf/1758240000.0_mean_300.0_v3" "tx7df133f57ba1438bb56ba-0068dbecda" "object-server 23" 0.0009 "-" 20 0
Sep 30 14:44:42 standalone object-server[125933]: 172.20.0.100 - - [30/Sep/2025:14:44:42 +0000] "PUT /d1/876/AUTH_3fcc262b58f944b78fae9b8a4c1d4d81/gnocchi.070ce9f7-487a-4c12-aa00-4298e76537bf/1758240000.0_mean_300.0_v3" 201 - "PUT http://localhost:8080/v1/AUTH_3fcc262b58f944b78fae9b8a4c1d4d81/gnocchi.070ce9f7-487a-4c12-aa00-4298e76537bf/1758240000.0_mean_300.0_v3" "tx7df133f57ba1438bb56ba-0068dbecda" "proxy-server 21" 0.0126 "-" 23 0
Sep 30 14:44:42 standalone proxy-server[127659]: 172.18.0.2 ::1 30/Sep/2025/14/44/42 PUT /v1/AUTH_3fcc262b58f944b78fae9b8a4c1d4d81/gnocchi.070ce9f7-487a-4c12-aa00-4298e76537bf/1758240000.0_mean_300.0_v3 HTTP/1.0 201 - python-swiftclient-3.11.1 gAAAAABo2-whVp_D... 16 - - tx7df133f57ba1438bb56ba-0068dbecda - 0.0209 - - 1759243482.295986891 1759243482.316844225 0
Sep 30 14:44:42 standalone container-server[125784]: 172.20.0.100 - - [30/Sep/2025:14:44:42 +0000] "PUT /d1/1007/AUTH_3fcc262b58f944b78fae9b8a4c1d4d81/gnocchi.070ce9f7-487a-4c12-aa00-4298e76537bf/none_v3" 201 - "PUT http://localhost:8080/d1/538/AUTH_3fcc262b58f944b78fae9b8a4c1d4d81/gnocchi.070ce9f7-487a-4c12-aa00-4298e76537bf/none_v3" "tx217bb5129437459db6c8b-0068dbecda" "object-server 25" 0.0008 "-" 20 0
Sep 30 14:44:42 standalone object-server[125935]: 172.20.0.100 - - [30/Sep/2025:14:44:42 +0000] "PUT /d1/538/AUTH_3fcc262b58f944b78fae9b8a4c1d4d81/gnocchi.070ce9f7-487a-4c12-aa00-4298e76537bf/none_v3" 201 - "PUT http://localhost:8080/v1/AUTH_3fcc262b58f944b78fae9b8a4c1d4d81/gnocchi.070ce9f7-487a-4c12-aa00-4298e76537bf/none_v3" "tx217bb5129437459db6c8b-0068dbecda" "proxy-server 21" 0.0125 "-" 25 0
Sep 30 14:44:42 standalone proxy-server[127659]: 172.18.0.2 ::1 30/Sep/2025/14/44/42 PUT /v1/AUTH_3fcc262b58f944b78fae9b8a4c1d4d81/gnocchi.070ce9f7-487a-4c12-aa00-4298e76537bf/none_v3 HTTP/1.0 201 - python-swiftclient-3.11.1 gAAAAABo2-whVp_D... 22 - - tx217bb5129437459db6c8b-0068dbecda - 0.0212 - - 1759243482.321251631 1759243482.342471838 0
Sep 30 14:44:42 standalone container-server[125799]: 172.20.0.100 - - [30/Sep/2025:14:44:42 +0000] "HEAD /d1/167/AUTH_3fcc262b58f944b78fae9b8a4c1d4d81/gnocchi.b0535492-7819-45f4-8e5c-5dab73bfeb6b" 404 - "HEAD http://localhost:8080/v1/AUTH_3fcc262b58f944b78fae9b8a4c1d4d81/gnocchi.b0535492-7819-45f4-8e5c-5dab73bfeb6b?format=json&states=listing" "txca4740715c8d4431913e4-0068dbecda" "proxy-server 21" 0.0008 "-" 23 0
Sep 30 14:44:42 standalone object-server[125932]: 172.20.0.100 - - [30/Sep/2025:14:44:42 +0000] "GET /d1/479/AUTH_3fcc262b58f944b78fae9b8a4c1d4d81/gnocchi.b0535492-7819-45f4-8e5c-5dab73bfeb6b/none_v3" 404 70 "GET http://localhost:8080/v1/AUTH_3fcc262b58f944b78fae9b8a4c1d4d81/gnocchi.b0535492-7819-45f4-8e5c-5dab73bfeb6b/none_v3" "txca4740715c8d4431913e4-0068dbecda" "proxy-server 21" 0.0005 "-" 22 0
Sep 30 14:44:42 standalone proxy-server[127659]: 172.18.0.2 ::1 30/Sep/2025/14/44/42 GET /v1/AUTH_3fcc262b58f944b78fae9b8a4c1d4d81/gnocchi.b0535492-7819-45f4-8e5c-5dab73bfeb6b/none_v3 HTTP/1.0 404 - python-swiftclient-3.11.1 gAAAAABo2-whVp_D... - 70 - txca4740715c8d4431913e4-0068dbecda - 0.0152 - - 1759243482.364547253 1759243482.379720926 0
Sep 30 14:44:42 standalone account-server[125617]: 172.20.0.100 - - [30/Sep/2025:14:44:42 +0000] "PUT /d1/612/AUTH_3fcc262b58f944b78fae9b8a4c1d4d81/gnocchi.b0535492-7819-45f4-8e5c-5dab73bfeb6b" 201 - "PUT http://172.20.0.100:6001/d1/167/AUTH_3fcc262b58f944b78fae9b8a4c1d4d81/gnocchi.b0535492-7819-45f4-8e5c-5dab73bfeb6b" "tx5d0222ec8ec54c73b0439-0068dbecda" "container-server 20" 0.0060 "-" 21 0
Sep 30 14:44:42 standalone container-server[125784]: 172.20.0.100 - - [30/Sep/2025:14:44:42 +0000] "PUT /d1/167/AUTH_3fcc262b58f944b78fae9b8a4c1d4d81/gnocchi.b0535492-7819-45f4-8e5c-5dab73bfeb6b" 201 - "PUT http://localhost:8080/v1/AUTH_3fcc262b58f944b78fae9b8a4c1d4d81/gnocchi.b0535492-7819-45f4-8e5c-5dab73bfeb6b" "tx5d0222ec8ec54c73b0439-0068dbecda" "proxy-server 21" 0.0213 "-" 20 0
Sep 30 14:44:42 standalone proxy-server[127659]: 172.18.0.2 ::1 30/Sep/2025/14/44/42 PUT /v1/AUTH_3fcc262b58f944b78fae9b8a4c1d4d81/gnocchi.b0535492-7819-45f4-8e5c-5dab73bfeb6b HTTP/1.0 201 - python-swiftclient-3.11.1 gAAAAABo2-whVp_D... - - - tx5d0222ec8ec54c73b0439-0068dbecda - 0.0293 - - 1759243482.385727406 1759243482.415067911 0
Sep 30 14:44:42 standalone container-server[125789]: 172.20.0.100 - - [30/Sep/2025:14:44:42 +0000] "HEAD /d1/167/AUTH_3fcc262b58f944b78fae9b8a4c1d4d81/gnocchi.b0535492-7819-45f4-8e5c-5dab73bfeb6b" 204 - "HEAD http://localhost:8080/v1/AUTH_3fcc262b58f944b78fae9b8a4c1d4d81/gnocchi.b0535492-7819-45f4-8e5c-5dab73bfeb6b?format=json&states=listing" "txa8bfa114e320458c8edf2-0068dbecda" "proxy-server 21" 0.0022 "-" 22 0
Sep 30 14:44:42 standalone proxy-server[127659]: - - 30/Sep/2025/14/44/42 HEAD /v1/AUTH_3fcc262b58f944b78fae9b8a4c1d4d81/gnocchi.b0535492-7819-45f4-8e5c-5dab73bfeb6b%3Fformat%3Djson%26states%3Dlisting HTTP/1.0 204 - Swift - - - - txa8bfa114e320458c8edf2-0068dbecda - 0.0074 RL - 1759243482.423419952 1759243482.430812836 0
Sep 30 14:44:42 standalone container-server[125786]: 172.20.0.100 - - [30/Sep/2025:14:44:42 +0000] "GET /d1/167/AUTH_3fcc262b58f944b78fae9b8a4c1d4d81/gnocchi.b0535492-7819-45f4-8e5c-5dab73bfeb6b" 200 2 "GET http://localhost:8080/v1/AUTH_3fcc262b58f944b78fae9b8a4c1d4d81/gnocchi.b0535492-7819-45f4-8e5c-5dab73bfeb6b?format=json&states=listing" "txa8bfa114e320458c8edf2-0068dbecda" "proxy-server 21" 0.0039 "-" 21 0
Sep 30 14:44:42 standalone proxy-server[127659]: 172.18.0.2 ::1 30/Sep/2025/14/44/42 GET /v1/AUTH_3fcc262b58f944b78fae9b8a4c1d4d81/gnocchi.b0535492-7819-45f4-8e5c-5dab73bfeb6b%3Fformat%3Djson%26states%3Dlisting HTTP/1.0 200 - python-swiftclient-3.11.1 gAAAAABo2-whVp_D... - 2 - txa8bfa114e320458c8edf2-0068dbecda - 0.0223 - - 1759243482.421548128 1759243482.443809032 0
Sep 30 14:44:42 standalone object-server[125933]: 172.20.0.100 - - [30/Sep/2025:14:44:42 +0000] "GET /d1/298/AUTH_3fcc262b58f944b78fae9b8a4c1d4d81/gnocchi.b0535492-7819-45f4-8e5c-5dab73bfeb6b/1758240000.0_mean_300.0_v3" 404 70 "GET http://localhost:8080/v1/AUTH_3fcc262b58f944b78fae9b8a4c1d4d81/gnocchi.b0535492-7819-45f4-8e5c-5dab73bfeb6b/1758240000.0_mean_300.0_v3" "tx85fb20b851524bdf86c1e-0068dbecda" "proxy-server 21" 0.0005 "-" 23 0
Sep 30 14:44:42 standalone proxy-server[127659]: 172.18.0.2 ::1 30/Sep/2025/14/44/42 GET /v1/AUTH_3fcc262b58f944b78fae9b8a4c1d4d81/gnocchi.b0535492-7819-45f4-8e5c-5dab73bfeb6b/1758240000.0_mean_300.0_v3 HTTP/1.0 404 - python-swiftclient-3.11.1 gAAAAABo2-whVp_D... - 70 - tx85fb20b851524bdf86c1e-0068dbecda - 0.0083 - - 1759243482.449373245 1759243482.457691193 0
Sep 30 14:44:42 standalone container-server[125789]: 172.20.0.100 - - [30/Sep/2025:14:44:42 +0000] "PUT /d1/167/AUTH_3fcc262b58f944b78fae9b8a4c1d4d81/gnocchi.b0535492-7819-45f4-8e5c-5dab73bfeb6b/1758240000.0_mean_300.0_v3" 201 - "PUT http://localhost:8080/d1/298/AUTH_3fcc262b58f944b78fae9b8a4c1d4d81/gnocchi.b0535492-7819-45f4-8e5c-5dab73bfeb6b/1758240000.0_mean_300.0_v3" "txd1129043ed654322a0d6f-0068dbecda" "object-server 22" 0.0009 "-" 22 0
Sep 30 14:44:42 standalone object-server[125932]: 172.20.0.100 - - [30/Sep/2025:14:44:42 +0000] "PUT /d1/298/AUTH_3fcc262b58f944b78fae9b8a4c1d4d81/gnocchi.b0535492-7819-45f4-8e5c-5dab73bfeb6b/1758240000.0_mean_300.0_v3" 201 - "PUT http://localhost:8080/v1/AUTH_3fcc262b58f944b78fae9b8a4c1d4d81/gnocchi.b0535492-7819-45f4-8e5c-5dab73bfeb6b/1758240000.0_mean_300.0_v3" "txd1129043ed654322a0d6f-0068dbecda" "proxy-server 21" 0.0121 "-" 22 0
Sep 30 14:44:42 standalone proxy-server[127659]: 172.18.0.2 ::1 30/Sep/2025/14/44/42 PUT /v1/AUTH_3fcc262b58f944b78fae9b8a4c1d4d81/gnocchi.b0535492-7819-45f4-8e5c-5dab73bfeb6b/1758240000.0_mean_300.0_v3 HTTP/1.0 201 - python-swiftclient-3.11.1 gAAAAABo2-whVp_D... 16 - - txd1129043ed654322a0d6f-0068dbecda - 0.0202 - - 1759243482.463051558 1759243482.483239889 0
Sep 30 14:44:42 standalone container-server[125786]: 172.20.0.100 - - [30/Sep/2025:14:44:42 +0000] "PUT /d1/167/AUTH_3fcc262b58f944b78fae9b8a4c1d4d81/gnocchi.b0535492-7819-45f4-8e5c-5dab73bfeb6b/none_v3" 201 - "PUT http://localhost:8080/d1/479/AUTH_3fcc262b58f944b78fae9b8a4c1d4d81/gnocchi.b0535492-7819-45f4-8e5c-5dab73bfeb6b/none_v3" "tx88ada28b352c42d89abd4-0068dbecda" "object-server 22" 0.0010 "-" 21 0
Sep 30 14:44:42 standalone object-server[125932]: 172.20.0.100 - - [30/Sep/2025:14:44:42 +0000] "PUT /d1/479/AUTH_3fcc262b58f944b78fae9b8a4c1d4d81/gnocchi.b0535492-7819-45f4-8e5c-5dab73bfeb6b/none_v3" 201 - "PUT http://localhost:8080/v1/AUTH_3fcc262b58f944b78fae9b8a4c1d4d81/gnocchi.b0535492-7819-45f4-8e5c-5dab73bfeb6b/none_v3" "tx88ada28b352c42d89abd4-0068dbecda" "proxy-server 21" 0.0115 "-" 22 0
Sep 30 14:44:42 standalone proxy-server[127659]: 172.18.0.2 ::1 30/Sep/2025/14/44/42 PUT /v1/AUTH_3fcc262b58f944b78fae9b8a4c1d4d81/gnocchi.b0535492-7819-45f4-8e5c-5dab73bfeb6b/none_v3 HTTP/1.0 201 - python-swiftclient-3.11.1 gAAAAABo2-whVp_D... 22 - - tx88ada28b352c42d89abd4-0068dbecda - 0.0193 - - 1759243482.487663031 1759243482.506922722 0
Sep 30 14:44:42 standalone container-server[125784]: 172.20.0.100 - - [30/Sep/2025:14:44:42 +0000] "HEAD /d1/165/AUTH_3fcc262b58f944b78fae9b8a4c1d4d81/gnocchi.c655fc4b-057e-42d5-a6a7-6a8642ee3dbc" 404 - "HEAD http://localhost:8080/v1/AUTH_3fcc262b58f944b78fae9b8a4c1d4d81/gnocchi.c655fc4b-057e-42d5-a6a7-6a8642ee3dbc?format=json&states=listing" "tx079a855a4beb4f76a6739-0068dbecda" "proxy-server 21" 0.0006 "-" 20 0
Sep 30 14:44:42 standalone object-server[125934]: 172.20.0.100 - - [30/Sep/2025:14:44:42 +0000] "GET /d1/678/AUTH_3fcc262b58f944b78fae9b8a4c1d4d81/gnocchi.c655fc4b-057e-42d5-a6a7-6a8642ee3dbc/none_v3" 404 70 "GET http://localhost:8080/v1/AUTH_3fcc262b58f944b78fae9b8a4c1d4d81/gnocchi.c655fc4b-057e-42d5-a6a7-6a8642ee3dbc/none_v3" "tx079a855a4beb4f76a6739-0068dbecda" "proxy-server 21" 0.0005 "-" 24 0
Sep 30 14:44:42 standalone proxy-server[127659]: 172.18.0.2 ::1 30/Sep/2025/14/44/42 GET /v1/AUTH_3fcc262b58f944b78fae9b8a4c1d4d81/gnocchi.c655fc4b-057e-42d5-a6a7-6a8642ee3dbc/none_v3 HTTP/1.0 404 - python-swiftclient-3.11.1 gAAAAABo2-whVp_D... - 70 - tx079a855a4beb4f76a6739-0068dbecda - 0.0140 - - 1759243482.524258852 1759243482.538221359 0
Sep 30 14:44:42 standalone account-server[125617]: 172.20.0.100 - - [30/Sep/2025:14:44:42 +0000] "PUT /d1/612/AUTH_3fcc262b58f944b78fae9b8a4c1d4d81/gnocchi.c655fc4b-057e-42d5-a6a7-6a8642ee3dbc" 201 - "PUT http://172.20.0.100:6001/d1/165/AUTH_3fcc262b58f944b78fae9b8a4c1d4d81/gnocchi.c655fc4b-057e-42d5-a6a7-6a8642ee3dbc" "tx26b50b9b0e11453094ce6-0068dbecda" "container-server 20" 0.0056 "-" 21 0
Sep 30 14:44:42 standalone container-server[125784]: 172.20.0.100 - - [30/Sep/2025:14:44:42 +0000] "PUT /d1/165/AUTH_3fcc262b58f944b78fae9b8a4c1d4d81/gnocchi.c655fc4b-057e-42d5-a6a7-6a8642ee3dbc" 201 - "PUT http://localhost:8080/v1/AUTH_3fcc262b58f944b78fae9b8a4c1d4d81/gnocchi.c655fc4b-057e-42d5-a6a7-6a8642ee3dbc" "tx26b50b9b0e11453094ce6-0068dbecda" "proxy-server 21" 0.0266 "-" 20 0
Sep 30 14:44:42 standalone proxy-server[127659]: 172.18.0.2 ::1 30/Sep/2025/14/44/42 PUT /v1/AUTH_3fcc262b58f944b78fae9b8a4c1d4d81/gnocchi.c655fc4b-057e-42d5-a6a7-6a8642ee3dbc HTTP/1.0 201 - python-swiftclient-3.11.1 gAAAAABo2-whVp_D... - - - tx26b50b9b0e11453094ce6-0068dbecda - 0.0342 - - 1759243482.543192148 1759243482.577399254 0
Sep 30 14:44:42 standalone container-server[125799]: 172.20.0.100 - - [30/Sep/2025:14:44:42 +0000] "HEAD /d1/165/AUTH_3fcc262b58f944b78fae9b8a4c1d4d81/gnocchi.c655fc4b-057e-42d5-a6a7-6a8642ee3dbc" 204 - "HEAD http://localhost:8080/v1/AUTH_3fcc262b58f944b78fae9b8a4c1d4d81/gnocchi.c655fc4b-057e-42d5-a6a7-6a8642ee3dbc?format=json&states=listing" "tx312e2d30e6684f12a5b55-0068dbecda" "proxy-server 21" 0.0022 "-" 23 0
Sep 30 14:44:42 standalone proxy-server[127659]: - - 30/Sep/2025/14/44/42 HEAD /v1/AUTH_3fcc262b58f944b78fae9b8a4c1d4d81/gnocchi.c655fc4b-057e-42d5-a6a7-6a8642ee3dbc%3Fformat%3Djson%26states%3Dlisting HTTP/1.0 204 - Swift - - - - tx312e2d30e6684f12a5b55-0068dbecda - 0.0076 RL - 1759243482.585604191 1759243482.593227863 0
Sep 30 14:44:42 standalone container-server[125799]: 172.20.0.100 - - [30/Sep/2025:14:44:42 +0000] "GET /d1/165/AUTH_3fcc262b58f944b78fae9b8a4c1d4d81/gnocchi.c655fc4b-057e-42d5-a6a7-6a8642ee3dbc" 200 2 "GET http://localhost:8080/v1/AUTH_3fcc262b58f944b78fae9b8a4c1d4d81/gnocchi.c655fc4b-057e-42d5-a6a7-6a8642ee3dbc?format=json&states=listing" "tx312e2d30e6684f12a5b55-0068dbecda" "proxy-server 21" 0.0034 "-" 23 0
Sep 30 14:44:42 standalone proxy-server[127659]: 172.18.0.2 ::1 30/Sep/2025/14/44/42 GET /v1/AUTH_3fcc262b58f944b78fae9b8a4c1d4d81/gnocchi.c655fc4b-057e-42d5-a6a7-6a8642ee3dbc%3Fformat%3Djson%26states%3Dlisting HTTP/1.0 200 - python-swiftclient-3.11.1 gAAAAABo2-whVp_D... - 2 - tx312e2d30e6684f12a5b55-0068dbecda - 0.0227 - - 1759243482.583573818 1759243482.606300354 0
Sep 30 14:44:42 standalone object-server[125934]: 172.20.0.100 - - [30/Sep/2025:14:44:42 +0000] "GET /d1/156/AUTH_3fcc262b58f944b78fae9b8a4c1d4d81/gnocchi.c655fc4b-057e-42d5-a6a7-6a8642ee3dbc/1758240000.0_mean_300.0_v3" 404 70 "GET http://localhost:8080/v1/AUTH_3fcc262b58f944b78fae9b8a4c1d4d81/gnocchi.c655fc4b-057e-42d5-a6a7-6a8642ee3dbc/1758240000.0_mean_300.0_v3" "tx93f1ef5eb38b4c8b813db-0068dbecda" "proxy-server 21" 0.0006 "-" 24 0
Sep 30 14:44:42 standalone proxy-server[127659]: 172.18.0.2 ::1 30/Sep/2025/14/44/42 GET /v1/AUTH_3fcc262b58f944b78fae9b8a4c1d4d81/gnocchi.c655fc4b-057e-42d5-a6a7-6a8642ee3dbc/1758240000.0_mean_300.0_v3 HTTP/1.0 404 - python-swiftclient-3.11.1 gAAAAABo2-whVp_D... - 70 - tx93f1ef5eb38b4c8b813db-0068dbecda - 0.0089 - - 1759243482.612026691 1759243482.620968103 0
Sep 30 14:44:42 standalone container-server[125786]: 172.20.0.100 - - [30/Sep/2025:14:44:42 +0000] "PUT /d1/165/AUTH_3fcc262b58f944b78fae9b8a4c1d4d81/gnocchi.c655fc4b-057e-42d5-a6a7-6a8642ee3dbc/1758240000.0_mean_300.0_v3" 201 - "PUT http://localhost:8080/d1/156/AUTH_3fcc262b58f944b78fae9b8a4c1d4d81/gnocchi.c655fc4b-057e-42d5-a6a7-6a8642ee3dbc/1758240000.0_mean_300.0_v3" "tx582fa380ee4840439daa2-0068dbecda" "object-server 24" 0.0009 "-" 21 0
Sep 30 14:44:42 standalone object-server[125934]: 172.20.0.100 - - [30/Sep/2025:14:44:42 +0000] "PUT /d1/156/AUTH_3fcc262b58f944b78fae9b8a4c1d4d81/gnocchi.c655fc4b-057e-42d5-a6a7-6a8642ee3dbc/1758240000.0_mean_300.0_v3" 201 - "PUT http://localhost:8080/v1/AUTH_3fcc262b58f944b78fae9b8a4c1d4d81/gnocchi.c655fc4b-057e-42d5-a6a7-6a8642ee3dbc/1758240000.0_mean_300.0_v3" "tx582fa380ee4840439daa2-0068dbecda" "proxy-server 21" 0.0121 "-" 24 0
Sep 30 14:44:42 standalone proxy-server[127659]: 172.18.0.2 ::1 30/Sep/2025/14/44/42 PUT /v1/AUTH_3fcc262b58f944b78fae9b8a4c1d4d81/gnocchi.c655fc4b-057e-42d5-a6a7-6a8642ee3dbc/1758240000.0_mean_300.0_v3 HTTP/1.0 201 - python-swiftclient-3.11.1 gAAAAABo2-whVp_D... 16 - - tx582fa380ee4840439daa2-0068dbecda - 0.0201 - - 1759243482.625772715 1759243482.645887136 0
Sep 30 14:44:42 standalone container-server[125789]: 172.20.0.100 - - [30/Sep/2025:14:44:42 +0000] "PUT /d1/165/AUTH_3fcc262b58f944b78fae9b8a4c1d4d81/gnocchi.c655fc4b-057e-42d5-a6a7-6a8642ee3dbc/none_v3" 201 - "PUT http://localhost:8080/d1/678/AUTH_3fcc262b58f944b78fae9b8a4c1d4d81/gnocchi.c655fc4b-057e-42d5-a6a7-6a8642ee3dbc/none_v3" "txc05bf195ed1943f68e1ba-0068dbecda" "object-server 22" 0.0009 "-" 22 0
Sep 30 14:44:42 standalone object-server[125932]: 172.20.0.100 - - [30/Sep/2025:14:44:42 +0000] "PUT /d1/678/AUTH_3fcc262b58f944b78fae9b8a4c1d4d81/gnocchi.c655fc4b-057e-42d5-a6a7-6a8642ee3dbc/none_v3" 201 - "PUT http://localhost:8080/v1/AUTH_3fcc262b58f944b78fae9b8a4c1d4d81/gnocchi.c655fc4b-057e-42d5-a6a7-6a8642ee3dbc/none_v3" "txc05bf195ed1943f68e1ba-0068dbecda" "proxy-server 21" 0.0119 "-" 22 0
Sep 30 14:44:42 standalone proxy-server[127659]: 172.18.0.2 ::1 30/Sep/2025/14/44/42 PUT /v1/AUTH_3fcc262b58f944b78fae9b8a4c1d4d81/gnocchi.c655fc4b-057e-42d5-a6a7-6a8642ee3dbc/none_v3 HTTP/1.0 201 - python-swiftclient-3.11.1 gAAAAABo2-whVp_D... 22 - - txc05bf195ed1943f68e1ba-0068dbecda - 0.0203 - - 1759243482.650634050 1759243482.670890570 0
Sep 30 14:45:23 standalone container-server[125628]: Begin container update sweep
Sep 30 14:45:23 standalone account-server[125627]: 172.20.0.100 - - [30/Sep/2025:14:45:23 +0000] "PUT /d1/612/AUTH_3fcc262b58f944b78fae9b8a4c1d4d81/gnocchi.2154ccca-38b3-4bd0-8ae5-9c984495a032" 201 - "-" "-" "container-updater 2" 0.0009 "-" 22 0
Sep 30 14:45:23 standalone account-server[125617]: 172.20.0.100 - - [30/Sep/2025:14:45:23 +0000] "PUT /d1/612/AUTH_3fcc262b58f944b78fae9b8a4c1d4d81/gnocchi.56ea7426-1048-4c4a-8162-fc36de78634f" 201 - "-" "-" "container-updater 2" 0.0006 "-" 21 0
Sep 30 14:45:23 standalone account-server[125648]: 172.20.0.100 - - [30/Sep/2025:14:45:23 +0000] "PUT /d1/612/AUTH_3fcc262b58f944b78fae9b8a4c1d4d81/gnocchi.b0535492-7819-45f4-8e5c-5dab73bfeb6b" 201 - "-" "-" "container-updater 2" 0.0008 "-" 23 0
Sep 30 14:45:23 standalone account-server[125611]: 172.20.0.100 - - [30/Sep/2025:14:45:23 +0000] "PUT /d1/612/AUTH_3fcc262b58f944b78fae9b8a4c1d4d81/gnocchi.070ce9f7-487a-4c12-aa00-4298e76537bf" 201 - "-" "-" "container-updater 2" 0.0005 "-" 20 0
Sep 30 14:45:23 standalone account-server[125627]: 172.20.0.100 - - [30/Sep/2025:14:45:23 +0000] "PUT /d1/612/AUTH_3fcc262b58f944b78fae9b8a4c1d4d81/gnocchi.3bb95a3c-799f-45bc-af11-5dc61aa1547f" 201 - "-" "-" "container-updater 2" 0.0005 "-" 22 0
Sep 30 14:45:23 standalone account-server[125648]: 172.20.0.100 - - [30/Sep/2025:14:45:23 +0000] "PUT /d1/612/AUTH_3fcc262b58f944b78fae9b8a4c1d4d81/gnocchi.e0ef45eb-a690-4ef4-8722-5eb69ffef672" 201 - "-" "-" "container-updater 2" 0.0004 "-" 23 0
Sep 30 14:45:23 standalone account-server[125627]: 172.20.0.100 - - [30/Sep/2025:14:45:23 +0000] "PUT /d1/612/AUTH_3fcc262b58f944b78fae9b8a4c1d4d81/gnocchi.d6abdeb3-3555-41ea-a60f-9b44f2ac4411" 201 - "-" "-" "container-updater 2" 0.0005 "-" 22 0
Sep 30 14:45:23 standalone account-server[125617]: 172.20.0.100 - - [30/Sep/2025:14:45:23 +0000] "PUT /d1/612/AUTH_3fcc262b58f944b78fae9b8a4c1d4d81/gnocchi.770fb184-c2ca-4b02-a328-b06d5bc081cb" 201 - "-" "-" "container-updater 2" 0.0006 "-" 21 0
Sep 30 14:45:24 standalone account-server[125611]: 172.20.0.100 - - [30/Sep/2025:14:45:24 +0000] "PUT /d1/612/AUTH_3fcc262b58f944b78fae9b8a4c1d4d81/gnocchi.38cbf76f-be37-4265-af6a-a3ff69a1f337" 201 - "-" "-" "container-updater 2" 0.0007 "-" 20 0
Sep 30 14:45:24 standalone account-server[125648]: 172.20.0.100 - - [30/Sep/2025:14:45:24 +0000] "PUT /d1/612/AUTH_3fcc262b58f944b78fae9b8a4c1d4d81/gnocchi.e39856f7-d507-45a4-9279-679b56a4a61a" 201 - "-" "-" "container-updater 2" 0.0007 "-" 23 0
Sep 30 14:45:24 standalone account-server[125648]: 172.20.0.100 - - [30/Sep/2025:14:45:24 +0000] "PUT /d1/612/AUTH_3fcc262b58f944b78fae9b8a4c1d4d81/gnocchi.753ecc0c-bbe0-4e4b-a29b-b1cdec9d0407" 201 - "-" "-" "container-updater 2" 0.0007 "-" 23 0
Sep 30 14:45:24 standalone account-server[125617]: 172.20.0.100 - - [30/Sep/2025:14:45:24 +0000] "PUT /d1/612/AUTH_3fcc262b58f944b78fae9b8a4c1d4d81/gnocchi.bd9305c6-79d6-4757-bdc0-b77d23609927" 201 - "-" "-" "container-updater 2" 0.0004 "-" 21 0
Sep 30 14:45:24 standalone account-server[125617]: 172.20.0.100 - - [30/Sep/2025:14:45:24 +0000] "PUT /d1/612/AUTH_3fcc262b58f944b78fae9b8a4c1d4d81/gnocchi.c655fc4b-057e-42d5-a6a7-6a8642ee3dbc" 201 - "-" "-" "container-updater 2" 0.0007 "-" 21 0
Sep 30 14:45:24 standalone account-server[125611]: 172.20.0.100 - - [30/Sep/2025:14:45:24 +0000] "PUT /d1/612/AUTH_3fcc262b58f944b78fae9b8a4c1d4d81/gnocchi.e8d07ff4-a198-44eb-8f3e-d52832a39bcf" 201 - "-" "-" "container-updater 2" 0.0007 "-" 20 0
Sep 30 14:45:24 standalone account-server[125617]: 172.20.0.100 - - [30/Sep/2025:14:45:24 +0000] "PUT /d1/612/AUTH_3fcc262b58f944b78fae9b8a4c1d4d81/glance" 201 - "-" "-" "container-updater 2" 0.0007 "-" 21 0
Sep 30 14:45:24 standalone account-server[125648]: 172.20.0.100 - - [30/Sep/2025:14:45:24 +0000] "PUT /d1/612/AUTH_3fcc262b58f944b78fae9b8a4c1d4d81/gnocchi.63f072c9-0502-41b1-b1cc-bf3ea191b5a9" 201 - "-" "-" "container-updater 2" 0.0005 "-" 23 0
Sep 30 14:45:24 standalone account-server[125611]: 172.20.0.100 - - [30/Sep/2025:14:45:24 +0000] "PUT /d1/612/AUTH_3fcc262b58f944b78fae9b8a4c1d4d81/gnocchi.c72764ce-3488-46b1-8d35-7b80b69cc0c7" 201 - "-" "-" "container-updater 2" 0.0004 "-" 20 0
Sep 30 14:45:25 standalone account-server[125648]: 172.20.0.100 - - [30/Sep/2025:14:45:25 +0000] "PUT /d1/612/AUTH_3fcc262b58f944b78fae9b8a4c1d4d81/gnocchi.827bcb17-7ad1-40c7-8d03-9af38951acb6" 201 - "-" "-" "container-updater 2" 0.0007 "-" 23 0
Sep 30 14:45:25 standalone account-server[125617]: 172.20.0.100 - - [30/Sep/2025:14:45:25 +0000] "PUT /d1/612/AUTH_3fcc262b58f944b78fae9b8a4c1d4d81/gnocchi.d6eb3d16-5483-4eed-b7e0-9922b825feb3" 201 - "-" "-" "container-updater 2" 0.0007 "-" 21 0
Sep 30 14:45:25 standalone account-server[125648]: 172.20.0.100 - - [30/Sep/2025:14:45:25 +0000] "PUT /d1/612/AUTH_3fcc262b58f944b78fae9b8a4c1d4d81/gnocchi.8852bf00-f125-4bd4-9b6b-524a806d26ba" 201 - "-" "-" "container-updater 2" 0.0004 "-" 23 0
Sep 30 14:45:25 standalone account-server[125648]: 172.20.0.100 - - [30/Sep/2025:14:45:25 +0000] "PUT /d1/612/AUTH_3fcc262b58f944b78fae9b8a4c1d4d81/gnocchi.0fc66079-3fd6-4208-8bd4-bc2cad560f6a" 201 - "-" "-" "container-updater 2" 0.0006 "-" 23 0
Sep 30 14:45:25 standalone account-server[125617]: 172.20.0.100 - - [30/Sep/2025:14:45:25 +0000] "PUT /d1/612/AUTH_3fcc262b58f944b78fae9b8a4c1d4d81/gnocchi.fbcfd116-4fe1-47ef-9109-77a4635bfe86" 201 - "-" "-" "container-updater 2" 0.0007 "-" 21 0
Sep 30 14:45:25 standalone account-server[125627]: 172.20.0.100 - - [30/Sep/2025:14:45:25 +0000] "PUT /d1/612/AUTH_3fcc262b58f944b78fae9b8a4c1d4d81/gnocchi.df97f015-bc3a-4ac7-9c0d-f560dce2698b" 201 - "-" "-" "container-updater 2" 0.0007 "-" 22 0
Sep 30 14:45:25 standalone container-server[125628]: Container update sweep completed: 2.37s
Sep 30 14:47:09 standalone account-server[125611]: 172.20.0.100 - - [30/Sep/2025:14:47:09 +0000] "HEAD /d1/482/.expiring_objects" 404 - "HEAD http://localhost/v1/.expiring_objects?format=json" "txf847312501b4415a99ec6-0068dbed6d" "proxy-server 2" 0.0012 "-" 20 -
Sep 30 14:47:09 standalone object-expirer[125801]: Pass completed in 0s; 0 objects expired (txn: txf847312501b4415a99ec6-0068dbed6d)
Sep 30 14:48:09 standalone object-server[125835]: Begin object update sweep
Sep 30 14:48:09 standalone object-server[252844]: Object update sweep starting on /srv/node/d1 (pid: 15)
Sep 30 14:48:09 standalone object-server[252844]: Object update sweep completed on /srv/node/d1 in 0.00s seconds:, 0 successes, 0 failures, 0 quarantines, 0 unlinks, 0 errors, 0 redirects (pid: 15)
Sep 30 14:48:09 standalone object-server[252844]: Object update sweep of d1 completed: 0.00s, 0 successes, 0 failures, 0 quarantines, 0 unlinks, 0 errors, 0 redirects
Sep 30 14:48:10 standalone object-server[125835]: Object update sweep completed: 0.12s
Sep 30 14:50:23 standalone container-server[125628]: Begin container update sweep
Sep 30 14:50:25 standalone container-server[125628]: Container update sweep completed: 1.84s
Sep 30 14:51:44 standalone account-server[125648]: 172.20.0.100 - - [30/Sep/2025:14:51:44 +0000] "HEAD /d1/482/.expiring_objects" 404 - "HEAD http://localhost/v1/.expiring_objects?format=json" "tx1c9995307fc04eb5bd047-0068dbee80" "proxy-server 2" 0.0008 "-" 23 -
Sep 30 14:51:44 standalone object-expirer[125801]: Pass completed in 0s; 0 objects expired (txn: tx1c9995307fc04eb5bd047-0068dbee80)
Sep 30 14:53:09 standalone object-server[125835]: Begin object update sweep
Sep 30 14:53:10 standalone object-server[276789]: Object update sweep starting on /srv/node/d1 (pid: 16)
Sep 30 14:53:10 standalone object-server[276789]: Object update sweep completed on /srv/node/d1 in 0.00s seconds:, 0 successes, 0 failures, 0 quarantines, 0 unlinks, 0 errors, 0 redirects (pid: 16)
Sep 30 14:53:10 standalone object-server[276789]: Object update sweep of d1 completed: 0.00s, 0 successes, 0 failures, 0 quarantines, 0 unlinks, 0 errors, 0 redirects
Sep 30 14:53:10 standalone object-server[125835]: Object update sweep completed: 0.07s