Feb 1 08:26:04 np0005604211 container-server[120750]: 172.20.0.103 - - [01/Feb/2026:08:26:04 +0000] "HEAD /d1/257/AUTH_8c7e182e9edd4a9496010d2b1c99e9ab/gnocchi.6a57f66c-c3a3-48cd-b4ae-ecd529243a03" 404 - "HEAD http://172.18.0.154:8080/v1/AUTH_8c7e182e9edd4a9496010d2b1c99e9ab/gnocchi.6a57f66c-c3a3-48cd-b4ae-ecd529243a03?format=json&states=listing" "tx9b76ed0ea6e048cfbd0af-00697f0e1c" "proxy-server 20" 0.0005 "-" 21 0
Feb 1 08:26:04 np0005604211 container-server[120747]: 172.20.0.105 - - [01/Feb/2026:08:26:04 +0000] "HEAD /d1/130/AUTH_8c7e182e9edd4a9496010d2b1c99e9ab/gnocchi.85911d85-6526-41fd-8941-23f9aa68f9fb" 404 - "HEAD http://172.18.0.154:8080/v1/AUTH_8c7e182e9edd4a9496010d2b1c99e9ab/gnocchi.85911d85-6526-41fd-8941-23f9aa68f9fb?format=json&states=listing" "txb694cb96049a42f5a30e5-00697f0e1c" "proxy-server 20" 0.0005 "-" 20 0
Feb 1 08:26:04 np0005604211 object-server[121164]: 172.20.0.103 - - [01/Feb/2026:08:26:04 +0000] "GET /d1/710/AUTH_8c7e182e9edd4a9496010d2b1c99e9ab/gnocchi.6a57f66c-c3a3-48cd-b4ae-ecd529243a03/none_v3" 404 70 "GET http://172.18.0.154:8080/v1/AUTH_8c7e182e9edd4a9496010d2b1c99e9ab/gnocchi.6a57f66c-c3a3-48cd-b4ae-ecd529243a03/none_v3" "tx9b76ed0ea6e048cfbd0af-00697f0e1c" "proxy-server 20" 0.0005 "-" 22 0
Feb 1 08:26:04 np0005604211 object-server[121164]: 172.20.0.105 - - [01/Feb/2026:08:26:04 +0000] "GET /d1/140/AUTH_8c7e182e9edd4a9496010d2b1c99e9ab/gnocchi.85911d85-6526-41fd-8941-23f9aa68f9fb/none_v3" 404 70 "GET http://172.18.0.154:8080/v1/AUTH_8c7e182e9edd4a9496010d2b1c99e9ab/gnocchi.85911d85-6526-41fd-8941-23f9aa68f9fb/none_v3" "txb694cb96049a42f5a30e5-00697f0e1c" "proxy-server 20" 0.0002 "-" 22 0
Feb 1 08:26:04 np0005604211 proxy-server[122537]: 172.18.0.105 172.18.0.104 01/Feb/2026/08/26/04 GET /v1/AUTH_8c7e182e9edd4a9496010d2b1c99e9ab/gnocchi.85911d85-6526-41fd-8941-23f9aa68f9fb/none_v3 HTTP/1.0 404 - python-swiftclient-3.11.1 gAAAAABpfw2NcD79... - 70 - txb694cb96049a42f5a30e5-00697f0e1c - 0.0252 - - 1769934364.496639729 1769934364.521823168 0
Feb 1 08:26:04 np0005604211 container-server[120757]: 172.20.0.104 - - [01/Feb/2026:08:26:04 +0000] "HEAD /d1/0/AUTH_8c7e182e9edd4a9496010d2b1c99e9ab/gnocchi.cdf71562-1977-41e8-9491-295b0516e7e2" 404 - "HEAD http://172.18.0.154:8080/v1/AUTH_8c7e182e9edd4a9496010d2b1c99e9ab/gnocchi.cdf71562-1977-41e8-9491-295b0516e7e2?format=json&states=listing" "tx3ffab34014a14a2a9351e-00697f0e1c" "proxy-server 20" 0.0004 "-" 22 0
Feb 1 08:26:04 np0005604211 object-server[121191]: 172.20.0.104 - - [01/Feb/2026:08:26:04 +0000] "GET /d1/588/AUTH_8c7e182e9edd4a9496010d2b1c99e9ab/gnocchi.cdf71562-1977-41e8-9491-295b0516e7e2/none_v3" 404 70 "GET http://172.18.0.154:8080/v1/AUTH_8c7e182e9edd4a9496010d2b1c99e9ab/gnocchi.cdf71562-1977-41e8-9491-295b0516e7e2/none_v3" "tx3ffab34014a14a2a9351e-00697f0e1c" "proxy-server 20" 0.0006 "-" 24 0
Feb 1 08:26:04 np0005604211 container-server[120750]: 172.20.0.105 - - [01/Feb/2026:08:26:04 +0000] "PUT /d1/130/AUTH_8c7e182e9edd4a9496010d2b1c99e9ab/gnocchi.85911d85-6526-41fd-8941-23f9aa68f9fb" 201 - "PUT http://172.18.0.154:8080/v1/AUTH_8c7e182e9edd4a9496010d2b1c99e9ab/gnocchi.85911d85-6526-41fd-8941-23f9aa68f9fb" "tx15b9990927f54db58c012-00697f0e1c" "proxy-server 20" 0.0186 "-" 21 0
Feb 1 08:26:04 np0005604211 account-server[120538]: 172.20.0.103 - - [01/Feb/2026:08:26:04 +0000] "PUT /d1/833/AUTH_8c7e182e9edd4a9496010d2b1c99e9ab/gnocchi.85911d85-6526-41fd-8941-23f9aa68f9fb" 201 - "PUT http://172.20.0.103:6001/d1/130/AUTH_8c7e182e9edd4a9496010d2b1c99e9ab/gnocchi.85911d85-6526-41fd-8941-23f9aa68f9fb" "tx15b9990927f54db58c012-00697f0e1c" "container-server 20" 0.0057 "-" 21 0
Feb 1 08:26:04 np0005604211 proxy-server[122537]: 172.18.0.105 172.18.0.104 01/Feb/2026/08/26/04 PUT /v1/AUTH_8c7e182e9edd4a9496010d2b1c99e9ab/gnocchi.85911d85-6526-41fd-8941-23f9aa68f9fb HTTP/1.0 201 - python-swiftclient-3.11.1 gAAAAABpfw2NcD79... - - - tx15b9990927f54db58c012-00697f0e1c - 0.0297 - - 1769934364.525185108 1769934364.554929256 0
Feb 1 08:26:04 np0005604211 account-server[120561]: 172.20.0.105 - - [01/Feb/2026:08:26:04 +0000] "PUT /d1/833/AUTH_8c7e182e9edd4a9496010d2b1c99e9ab/gnocchi.6a57f66c-c3a3-48cd-b4ae-ecd529243a03" 201 - "PUT http://172.20.0.105:6001/d1/257/AUTH_8c7e182e9edd4a9496010d2b1c99e9ab/gnocchi.6a57f66c-c3a3-48cd-b4ae-ecd529243a03" "tx753b75bb48774c76aa8b2-00697f0e1c" "container-server 22" 0.0166 "-" 22 0
Feb 1 08:26:04 np0005604211 proxy-server[122537]: - - 01/Feb/2026/08/26/04 HEAD /v1/AUTH_8c7e182e9edd4a9496010d2b1c99e9ab/gnocchi.85911d85-6526-41fd-8941-23f9aa68f9fb%3Fformat%3Djson%26states%3Dlisting HTTP/1.0 204 - Swift - - - - tx4eed77bcf668401ea004e-00697f0e1c - 0.0067 RL - 1769934364.561560631 1769934364.568214417 0
Feb 1 08:26:04 np0005604211 container-server[120757]: 172.20.0.103 - - [01/Feb/2026:08:26:04 +0000] "PUT /d1/257/AUTH_8c7e182e9edd4a9496010d2b1c99e9ab/gnocchi.6a57f66c-c3a3-48cd-b4ae-ecd529243a03" 201 - "PUT http://172.18.0.154:8080/v1/AUTH_8c7e182e9edd4a9496010d2b1c99e9ab/gnocchi.6a57f66c-c3a3-48cd-b4ae-ecd529243a03" "tx753b75bb48774c76aa8b2-00697f0e1c" "proxy-server 20" 0.0342 "-" 22 0
Feb 1 08:26:04 np0005604211 account-server[120567]: 172.20.0.103 - - [01/Feb/2026:08:26:04 +0000] "PUT /d1/833/AUTH_8c7e182e9edd4a9496010d2b1c99e9ab/gnocchi.cdf71562-1977-41e8-9491-295b0516e7e2" 201 - "PUT http://172.20.0.103:6001/d1/0/AUTH_8c7e182e9edd4a9496010d2b1c99e9ab/gnocchi.cdf71562-1977-41e8-9491-295b0516e7e2" "txf9e0b74ac42b402b937d2-00697f0e1c" "container-server 21" 0.0052 "-" 23 0
Feb 1 08:26:04 np0005604211 container-server[120758]: 172.20.0.105 - - [01/Feb/2026:08:26:04 +0000] "GET /d1/130/AUTH_8c7e182e9edd4a9496010d2b1c99e9ab/gnocchi.85911d85-6526-41fd-8941-23f9aa68f9fb" 200 2 "GET http://172.18.0.154:8080/v1/AUTH_8c7e182e9edd4a9496010d2b1c99e9ab/gnocchi.85911d85-6526-41fd-8941-23f9aa68f9fb?format=json&states=listing" "tx4eed77bcf668401ea004e-00697f0e1c" "proxy-server 20" 0.0022 "-" 23 0
Feb 1 08:26:04 np0005604211 proxy-server[122537]: 172.18.0.105 172.18.0.104 01/Feb/2026/08/26/04 GET /v1/AUTH_8c7e182e9edd4a9496010d2b1c99e9ab/gnocchi.85911d85-6526-41fd-8941-23f9aa68f9fb%3Fformat%3Djson%26states%3Dlisting HTTP/1.0 200 - python-swiftclient-3.11.1 gAAAAABpfw2NcD79... - 2 - tx4eed77bcf668401ea004e-00697f0e1c - 0.0166 - - 1769934364.560119390 1769934364.576717615 0
Feb 1 08:26:04 np0005604211 container-server[120757]: 172.20.0.104 - - [01/Feb/2026:08:26:04 +0000] "PUT /d1/0/AUTH_8c7e182e9edd4a9496010d2b1c99e9ab/gnocchi.cdf71562-1977-41e8-9491-295b0516e7e2" 201 - "PUT http://172.18.0.154:8080/v1/AUTH_8c7e182e9edd4a9496010d2b1c99e9ab/gnocchi.cdf71562-1977-41e8-9491-295b0516e7e2" "txf9e0b74ac42b402b937d2-00697f0e1c" "proxy-server 20" 0.0238 "-" 22 0
Feb 1 08:26:04 np0005604211 container-server[120750]: 172.20.0.103 - - [01/Feb/2026:08:26:04 +0000] "HEAD /d1/257/AUTH_8c7e182e9edd4a9496010d2b1c99e9ab/gnocchi.6a57f66c-c3a3-48cd-b4ae-ecd529243a03" 204 - "HEAD http://172.18.0.154:8080/v1/AUTH_8c7e182e9edd4a9496010d2b1c99e9ab/gnocchi.6a57f66c-c3a3-48cd-b4ae-ecd529243a03?format=json&states=listing" "tx000f305bec9249f0a4555-00697f0e1c" "proxy-server 20" 0.0021 "-" 21 0
Feb 1 08:26:04 np0005604211 object-server[121185]: 172.20.0.105 - - [01/Feb/2026:08:26:04 +0000] "GET /d1/600/AUTH_8c7e182e9edd4a9496010d2b1c99e9ab/gnocchi.85911d85-6526-41fd-8941-23f9aa68f9fb/1769040000.0_mean_300.0_v3" 404 70 "GET http://172.18.0.154:8080/v1/AUTH_8c7e182e9edd4a9496010d2b1c99e9ab/gnocchi.85911d85-6526-41fd-8941-23f9aa68f9fb/1769040000.0_mean_300.0_v3" "tx3f0b0fe6beff4ae6bd63d-00697f0e1c" "proxy-server 20" 0.0005 "-" 23 0
Feb 1 08:26:04 np0005604211 proxy-server[122537]: 172.18.0.105 172.18.0.104 01/Feb/2026/08/26/04 GET /v1/AUTH_8c7e182e9edd4a9496010d2b1c99e9ab/gnocchi.85911d85-6526-41fd-8941-23f9aa68f9fb/1769040000.0_mean_300.0_v3 HTTP/1.0 404 - python-swiftclient-3.11.1 gAAAAABpfw2NcD79... - 70 - tx3f0b0fe6beff4ae6bd63d-00697f0e1c - 0.0132 - - 1769934364.580770016 1769934364.593996048 0
Feb 1 08:26:04 np0005604211 container-server[120750]: 172.20.0.104 - - [01/Feb/2026:08:26:04 +0000] "PUT /d1/130/AUTH_8c7e182e9edd4a9496010d2b1c99e9ab/gnocchi.85911d85-6526-41fd-8941-23f9aa68f9fb/1769040000.0_mean_300.0_v3" 201 - "PUT http://172.18.0.154:8080/d1/600/AUTH_8c7e182e9edd4a9496010d2b1c99e9ab/gnocchi.85911d85-6526-41fd-8941-23f9aa68f9fb/1769040000.0_mean_300.0_v3" "tx83d0ab30a38d4240985d0-00697f0e1c" "object-server 23" 0.0011 "-" 21 0
Feb 1 08:26:04 np0005604211 object-server[121197]: 172.20.0.105 - - [01/Feb/2026:08:26:04 +0000] "PUT /d1/600/AUTH_8c7e182e9edd4a9496010d2b1c99e9ab/gnocchi.85911d85-6526-41fd-8941-23f9aa68f9fb/1769040000.0_mean_300.0_v3" 201 - "PUT http://172.18.0.154:8080/v1/AUTH_8c7e182e9edd4a9496010d2b1c99e9ab/gnocchi.85911d85-6526-41fd-8941-23f9aa68f9fb/1769040000.0_mean_300.0_v3" "tx83d0ab30a38d4240985d0-00697f0e1c" "proxy-server 20" 0.0150 "-" 25 0
Feb 1 08:26:04 np0005604211 object-server[121185]: 172.20.0.104 - - [01/Feb/2026:08:26:04 +0000] "GET /d1/34/AUTH_8c7e182e9edd4a9496010d2b1c99e9ab/gnocchi.6a57f66c-c3a3-48cd-b4ae-ecd529243a03/1769040000.0_mean_300.0_v3" 404 70 "GET http://172.18.0.154:8080/v1/AUTH_8c7e182e9edd4a9496010d2b1c99e9ab/gnocchi.6a57f66c-c3a3-48cd-b4ae-ecd529243a03/1769040000.0_mean_300.0_v3" "tx4147eba979ae4287b0a85-00697f0e1c" "proxy-server 20" 0.0004 "-" 23 0
Feb 1 08:26:04 np0005604211 object-server[121191]: 172.20.0.103 - - [01/Feb/2026:08:26:04 +0000] "GET /d1/936/AUTH_8c7e182e9edd4a9496010d2b1c99e9ab/gnocchi.cdf71562-1977-41e8-9491-295b0516e7e2/1769040000.0_mean_300.0_v3" 404 70 "GET http://172.18.0.154:8080/v1/AUTH_8c7e182e9edd4a9496010d2b1c99e9ab/gnocchi.cdf71562-1977-41e8-9491-295b0516e7e2/1769040000.0_mean_300.0_v3" "tx4bf67ba80734403989706-00697f0e1c" "proxy-server 20" 0.0004 "-" 24 0
Feb 1 08:26:04 np0005604211 proxy-server[122537]: 172.18.0.105 172.18.0.104 01/Feb/2026/08/26/04 PUT /v1/AUTH_8c7e182e9edd4a9496010d2b1c99e9ab/gnocchi.85911d85-6526-41fd-8941-23f9aa68f9fb/1769040000.0_mean_300.0_v3 HTTP/1.0 201 - python-swiftclient-3.11.1 gAAAAABpfw2NcD79... 16 - - tx83d0ab30a38d4240985d0-00697f0e1c - 0.0249 - - 1769934364.597336054 1769934364.622215986 0
Feb 1 08:26:04 np0005604211 container-server[120747]: 172.20.0.103 - - [01/Feb/2026:08:26:04 +0000] "PUT /d1/0/AUTH_8c7e182e9edd4a9496010d2b1c99e9ab/gnocchi.cdf71562-1977-41e8-9491-295b0516e7e2/1769040000.0_mean_300.0_v3" 201 - "PUT http://172.18.0.154:8080/d1/936/AUTH_8c7e182e9edd4a9496010d2b1c99e9ab/gnocchi.cdf71562-1977-41e8-9491-295b0516e7e2/1769040000.0_mean_300.0_v3" "tx4bd3fa1ea6184f62aad7c-00697f0e1c" "object-server 22" 0.0006 "-" 20 0
Feb 1 08:26:04 np0005604211 container-server[120757]: 172.20.0.103 - - [01/Feb/2026:08:26:04 +0000] "PUT /d1/257/AUTH_8c7e182e9edd4a9496010d2b1c99e9ab/gnocchi.6a57f66c-c3a3-48cd-b4ae-ecd529243a03/1769040000.0_mean_300.0_v3" 201 - "PUT http://172.18.0.154:8080/d1/34/AUTH_8c7e182e9edd4a9496010d2b1c99e9ab/gnocchi.6a57f66c-c3a3-48cd-b4ae-ecd529243a03/1769040000.0_mean_300.0_v3" "tx23cbd4b69b29482c9ff1a-00697f0e1c" "object-server 23" 0.0011 "-" 22 0
Feb 1 08:26:04 np0005604211 object-server[121191]: 172.20.0.105 - - [01/Feb/2026:08:26:04 +0000] "PUT /d1/140/AUTH_8c7e182e9edd4a9496010d2b1c99e9ab/gnocchi.85911d85-6526-41fd-8941-23f9aa68f9fb/none_v3" 201 - "PUT http://172.18.0.154:8080/v1/AUTH_8c7e182e9edd4a9496010d2b1c99e9ab/gnocchi.85911d85-6526-41fd-8941-23f9aa68f9fb/none_v3" "tx351d1308d7a3479297106-00697f0e1c" "proxy-server 20" 0.0190 "-" 24 0
Feb 1 08:26:04 np0005604211 object-server[121197]: 172.20.0.103 - - [01/Feb/2026:08:26:04 +0000] "PUT /d1/34/AUTH_8c7e182e9edd4a9496010d2b1c99e9ab/gnocchi.6a57f66c-c3a3-48cd-b4ae-ecd529243a03/1769040000.0_mean_300.0_v3" 201 - "PUT http://172.18.0.154:8080/v1/AUTH_8c7e182e9edd4a9496010d2b1c99e9ab/gnocchi.6a57f66c-c3a3-48cd-b4ae-ecd529243a03/1769040000.0_mean_300.0_v3" "tx23cbd4b69b29482c9ff1a-00697f0e1c" "proxy-server 20" 0.0183 "-" 25 0
Feb 1 08:26:04 np0005604211 object-server[121191]: 172.20.0.104 - - [01/Feb/2026:08:26:04 +0000] "PUT /d1/936/AUTH_8c7e182e9edd4a9496010d2b1c99e9ab/gnocchi.cdf71562-1977-41e8-9491-295b0516e7e2/1769040000.0_mean_300.0_v3" 201 - "PUT http://172.18.0.154:8080/v1/AUTH_8c7e182e9edd4a9496010d2b1c99e9ab/gnocchi.cdf71562-1977-41e8-9491-295b0516e7e2/1769040000.0_mean_300.0_v3" "tx4bd3fa1ea6184f62aad7c-00697f0e1c" "proxy-server 20" 0.0191 "-" 24 0
Feb 1 08:26:04 np0005604211 container-server[120757]: 172.20.0.104 - - [01/Feb/2026:08:26:04 +0000] "PUT /d1/130/AUTH_8c7e182e9edd4a9496010d2b1c99e9ab/gnocchi.85911d85-6526-41fd-8941-23f9aa68f9fb/none_v3" 201 - "PUT http://172.18.0.154:8080/d1/140/AUTH_8c7e182e9edd4a9496010d2b1c99e9ab/gnocchi.85911d85-6526-41fd-8941-23f9aa68f9fb/none_v3" "tx351d1308d7a3479297106-00697f0e1c" "object-server 25" 0.0022 "-" 22 0
Feb 1 08:26:04 np0005604211 proxy-server[122537]: 172.18.0.105 172.18.0.104 01/Feb/2026/08/26/04 PUT /v1/AUTH_8c7e182e9edd4a9496010d2b1c99e9ab/gnocchi.85911d85-6526-41fd-8941-23f9aa68f9fb/none_v3 HTTP/1.0 201 - python-swiftclient-3.11.1 gAAAAABpfw2NcD79... 22 - - tx351d1308d7a3479297106-00697f0e1c - 0.0322 - - 1769934364.625953436 1769934364.658157349 0
Feb 1 08:26:04 np0005604211 container-server[120747]: 172.20.0.105 - - [01/Feb/2026:08:26:04 +0000] "PUT /d1/257/AUTH_8c7e182e9edd4a9496010d2b1c99e9ab/gnocchi.6a57f66c-c3a3-48cd-b4ae-ecd529243a03/none_v3" 201 - "PUT http://172.18.0.154:8080/d1/710/AUTH_8c7e182e9edd4a9496010d2b1c99e9ab/gnocchi.6a57f66c-c3a3-48cd-b4ae-ecd529243a03/none_v3" "txedd5f0076a2943188a656-00697f0e1c" "object-server 23" 0.0005 "-" 20 0
Feb 1 08:26:04 np0005604211 object-server[121185]: 172.20.0.104 - - [01/Feb/2026:08:26:04 +0000] "PUT /d1/710/AUTH_8c7e182e9edd4a9496010d2b1c99e9ab/gnocchi.6a57f66c-c3a3-48cd-b4ae-ecd529243a03/none_v3" 201 - "PUT http://172.18.0.154:8080/v1/AUTH_8c7e182e9edd4a9496010d2b1c99e9ab/gnocchi.6a57f66c-c3a3-48cd-b4ae-ecd529243a03/none_v3" "txedd5f0076a2943188a656-00697f0e1c" "proxy-server 20" 0.0144 "-" 23 0
Feb 1 08:26:04 np0005604211 container-server[120757]: 172.20.0.103 - - [01/Feb/2026:08:26:04 +0000] "PUT /d1/0/AUTH_8c7e182e9edd4a9496010d2b1c99e9ab/gnocchi.cdf71562-1977-41e8-9491-295b0516e7e2/none_v3" 201 - "PUT http://172.18.0.154:8080/d1/588/AUTH_8c7e182e9edd4a9496010d2b1c99e9ab/gnocchi.cdf71562-1977-41e8-9491-295b0516e7e2/none_v3" "tx615b6d977ae342efa51e8-00697f0e1c" "object-server 23" 0.0009 "-" 22 0
Feb 1 08:26:04 np0005604211 object-server[121191]: 172.20.0.103 - - [01/Feb/2026:08:26:04 +0000] "PUT /d1/588/AUTH_8c7e182e9edd4a9496010d2b1c99e9ab/gnocchi.cdf71562-1977-41e8-9491-295b0516e7e2/none_v3" 201 - "PUT http://172.18.0.154:8080/v1/AUTH_8c7e182e9edd4a9496010d2b1c99e9ab/gnocchi.cdf71562-1977-41e8-9491-295b0516e7e2/none_v3" "tx615b6d977ae342efa51e8-00697f0e1c" "proxy-server 20" 0.0131 "-" 24 0
Feb 1 08:26:04 np0005604211 container-server[120758]: 172.20.0.105 - - [01/Feb/2026:08:26:04 +0000] "HEAD /d1/711/AUTH_8c7e182e9edd4a9496010d2b1c99e9ab/gnocchi.5e926b27-b804-484f-8826-0ddf30833b16" 404 - "HEAD http://172.18.0.154:8080/v1/AUTH_8c7e182e9edd4a9496010d2b1c99e9ab/gnocchi.5e926b27-b804-484f-8826-0ddf30833b16?format=json&states=listing" "txcf5f3415768c4c138b7bb-00697f0e1c" "proxy-server 20" 0.0007 "-" 23 0
Feb 1 08:26:04 np0005604211 object-server[121191]: 172.20.0.105 - - [01/Feb/2026:08:26:04 +0000] "GET /d1/307/AUTH_8c7e182e9edd4a9496010d2b1c99e9ab/gnocchi.5e926b27-b804-484f-8826-0ddf30833b16/none_v3" 404 70 "GET http://172.18.0.154:8080/v1/AUTH_8c7e182e9edd4a9496010d2b1c99e9ab/gnocchi.5e926b27-b804-484f-8826-0ddf30833b16/none_v3" "txcf5f3415768c4c138b7bb-00697f0e1c" "proxy-server 20" 0.0007 "-" 24 0
Feb 1 08:26:04 np0005604211 container-server[120750]: 172.20.0.104 - - [01/Feb/2026:08:26:04 +0000] "HEAD /d1/119/AUTH_8c7e182e9edd4a9496010d2b1c99e9ab/gnocchi.8bd2e458-2a3e-4ea1-98c6-ab0a7712045a" 404 - "HEAD http://172.18.0.154:8080/v1/AUTH_8c7e182e9edd4a9496010d2b1c99e9ab/gnocchi.8bd2e458-2a3e-4ea1-98c6-ab0a7712045a?format=json&states=listing" "tx612f13ce725249e8b4167-00697f0e1c" "proxy-server 20" 0.0010 "-" 21 0
Feb 1 08:26:04 np0005604211 proxy-server[122537]: 172.18.0.105 172.18.0.104 01/Feb/2026/08/26/04 GET /v1/AUTH_8c7e182e9edd4a9496010d2b1c99e9ab/gnocchi.5e926b27-b804-484f-8826-0ddf30833b16/none_v3 HTTP/1.0 404 - python-swiftclient-3.11.1 gAAAAABpfw2NcD79... - 70 - txcf5f3415768c4c138b7bb-00697f0e1c - 0.0311 - - 1769934364.675340891 1769934364.706439257 0
Feb 1 08:26:04 np0005604211 object-server[121191]: 172.20.0.104 - - [01/Feb/2026:08:26:04 +0000] "GET /d1/193/AUTH_8c7e182e9edd4a9496010d2b1c99e9ab/gnocchi.8bd2e458-2a3e-4ea1-98c6-ab0a7712045a/none_v3" 404 70 "GET http://172.18.0.154:8080/v1/AUTH_8c7e182e9edd4a9496010d2b1c99e9ab/gnocchi.8bd2e458-2a3e-4ea1-98c6-ab0a7712045a/none_v3" "tx612f13ce725249e8b4167-00697f0e1c" "proxy-server 20" 0.0005 "-" 24 0
Feb 1 08:26:04 np0005604211 container-server[120747]: 172.20.0.103 - - [01/Feb/2026:08:26:04 +0000] "HEAD /d1/371/AUTH_8c7e182e9edd4a9496010d2b1c99e9ab/gnocchi.a4c0435f-4438-45cc-9ebc-117944d4c3a0" 404 - "HEAD http://172.18.0.154:8080/v1/AUTH_8c7e182e9edd4a9496010d2b1c99e9ab/gnocchi.a4c0435f-4438-45cc-9ebc-117944d4c3a0?format=json&states=listing" "tx54ca09846fc2470aa0ac0-00697f0e1c" "proxy-server 20" 0.0006 "-" 20 0
Feb 1 08:26:04 np0005604211 object-server[121197]: 172.20.0.103 - - [01/Feb/2026:08:26:04 +0000] "GET /d1/116/AUTH_8c7e182e9edd4a9496010d2b1c99e9ab/gnocchi.a4c0435f-4438-45cc-9ebc-117944d4c3a0/none_v3" 404 70 "GET http://172.18.0.154:8080/v1/AUTH_8c7e182e9edd4a9496010d2b1c99e9ab/gnocchi.a4c0435f-4438-45cc-9ebc-117944d4c3a0/none_v3" "tx54ca09846fc2470aa0ac0-00697f0e1c" "proxy-server 20" 0.0006 "-" 25 0
Feb 1 08:26:04 np0005604211 account-server[120561]: 172.20.0.103 - - [01/Feb/2026:08:26:04 +0000] "PUT /d1/833/AUTH_8c7e182e9edd4a9496010d2b1c99e9ab/gnocchi.8bd2e458-2a3e-4ea1-98c6-ab0a7712045a" 201 - "PUT http://172.20.0.103:6001/d1/119/AUTH_8c7e182e9edd4a9496010d2b1c99e9ab/gnocchi.8bd2e458-2a3e-4ea1-98c6-ab0a7712045a" "txfd170d9ef2dd4f77abb4e-00697f0e1c" "container-server 19" 0.0055 "-" 22 0
Feb 1 08:26:04 np0005604211 container-server[120750]: 172.20.0.104 - - [01/Feb/2026:08:26:04 +0000] "PUT /d1/119/AUTH_8c7e182e9edd4a9496010d2b1c99e9ab/gnocchi.8bd2e458-2a3e-4ea1-98c6-ab0a7712045a" 201 - "PUT http://172.18.0.154:8080/v1/AUTH_8c7e182e9edd4a9496010d2b1c99e9ab/gnocchi.8bd2e458-2a3e-4ea1-98c6-ab0a7712045a" "txfd170d9ef2dd4f77abb4e-00697f0e1c" "proxy-server 20" 0.0216 "-" 21 0
Feb 1 08:26:04 np0005604211 account-server[120567]: 172.20.0.103 - - [01/Feb/2026:08:26:04 +0000] "PUT /d1/833/AUTH_8c7e182e9edd4a9496010d2b1c99e9ab/gnocchi.a4c0435f-4438-45cc-9ebc-117944d4c3a0" 201 - "PUT http://172.20.0.103:6001/d1/371/AUTH_8c7e182e9edd4a9496010d2b1c99e9ab/gnocchi.a4c0435f-4438-45cc-9ebc-117944d4c3a0" "txb0cfb42bbf2b42048445f-00697f0e1c" "container-server 20" 0.0044 "-" 23 0
Feb 1 08:26:04 np0005604211 container-server[120757]: 172.20.0.105 - - [01/Feb/2026:08:26:04 +0000] "PUT /d1/711/AUTH_8c7e182e9edd4a9496010d2b1c99e9ab/gnocchi.5e926b27-b804-484f-8826-0ddf30833b16" 201 - "PUT http://172.18.0.154:8080/v1/AUTH_8c7e182e9edd4a9496010d2b1c99e9ab/gnocchi.5e926b27-b804-484f-8826-0ddf30833b16" "tx0a01ff2415bc450a8e4a8-00697f0e1c" "proxy-server 20" 0.1090 "-" 22 0
Feb 1 08:26:04 np0005604211 container-server[120747]: 172.20.0.103 - - [01/Feb/2026:08:26:04 +0000] "PUT /d1/371/AUTH_8c7e182e9edd4a9496010d2b1c99e9ab/gnocchi.a4c0435f-4438-45cc-9ebc-117944d4c3a0" 201 - "PUT http://172.18.0.154:8080/v1/AUTH_8c7e182e9edd4a9496010d2b1c99e9ab/gnocchi.a4c0435f-4438-45cc-9ebc-117944d4c3a0" "txb0cfb42bbf2b42048445f-00697f0e1c" "proxy-server 20" 0.0776 "-" 20 0
Feb 1 08:26:04 np0005604211 account-server[120538]: 172.20.0.104 - - [01/Feb/2026:08:26:04 +0000] "PUT /d1/833/AUTH_8c7e182e9edd4a9496010d2b1c99e9ab/gnocchi.5e926b27-b804-484f-8826-0ddf30833b16" 201 - "PUT http://172.20.0.104:6001/d1/711/AUTH_8c7e182e9edd4a9496010d2b1c99e9ab/gnocchi.5e926b27-b804-484f-8826-0ddf30833b16" "tx0a01ff2415bc450a8e4a8-00697f0e1c" "container-server 23" 0.0057 "-" 21 0
Feb 1 08:26:04 np0005604211 proxy-server[122537]: 172.18.0.105 172.18.0.104 01/Feb/2026/08/26/04 PUT /v1/AUTH_8c7e182e9edd4a9496010d2b1c99e9ab/gnocchi.5e926b27-b804-484f-8826-0ddf30833b16 HTTP/1.0 201 - python-swiftclient-3.11.1 gAAAAABpfw2NcD79... - - - tx0a01ff2415bc450a8e4a8-00697f0e1c - 0.1282 - - 1769934364.710837841 1769934364.839051247 0
Feb 1 08:26:04 np0005604211 container-server[120747]: 172.20.0.103 - - [01/Feb/2026:08:26:04 +0000] "HEAD /d1/371/AUTH_8c7e182e9edd4a9496010d2b1c99e9ab/gnocchi.a4c0435f-4438-45cc-9ebc-117944d4c3a0" 204 - "HEAD http://172.18.0.154:8080/v1/AUTH_8c7e182e9edd4a9496010d2b1c99e9ab/gnocchi.a4c0435f-4438-45cc-9ebc-117944d4c3a0?format=json&states=listing" "tx25adf6a361dc45049ea3c-00697f0e1c" "proxy-server 20" 0.0053 "-" 20 0
Feb 1 08:26:04 np0005604211 proxy-server[122537]: - - 01/Feb/2026/08/26/04 HEAD /v1/AUTH_8c7e182e9edd4a9496010d2b1c99e9ab/gnocchi.5e926b27-b804-484f-8826-0ddf30833b16%3Fformat%3Djson%26states%3Dlisting HTTP/1.0 204 - Swift - - - - txc536abd416a74eada1646-00697f0e1c - 0.0069 RL - 1769934364.849130392 1769934364.856072903 0
Feb 1 08:26:04 np0005604211 container-server[120758]: 172.20.0.104 - - [01/Feb/2026:08:26:04 +0000] "HEAD /d1/119/AUTH_8c7e182e9edd4a9496010d2b1c99e9ab/gnocchi.8bd2e458-2a3e-4ea1-98c6-ab0a7712045a" 204 - "HEAD http://172.18.0.154:8080/v1/AUTH_8c7e182e9edd4a9496010d2b1c99e9ab/gnocchi.8bd2e458-2a3e-4ea1-98c6-ab0a7712045a?format=json&states=listing" "tx2c21e3444f6c46a3b53f0-00697f0e1c" "proxy-server 20" 0.0019 "-" 23 0
Feb 1 08:26:04 np0005604211 container-server[120757]: 172.20.0.103 - - [01/Feb/2026:08:26:04 +0000] "GET /d1/371/AUTH_8c7e182e9edd4a9496010d2b1c99e9ab/gnocchi.a4c0435f-4438-45cc-9ebc-117944d4c3a0" 200 2 "GET http://172.18.0.154:8080/v1/AUTH_8c7e182e9edd4a9496010d2b1c99e9ab/gnocchi.a4c0435f-4438-45cc-9ebc-117944d4c3a0?format=json&states=listing" "tx25adf6a361dc45049ea3c-00697f0e1c" "proxy-server 20" 0.0030 "-" 22 0
Feb 1 08:26:04 np0005604211 proxy-server[122537]: 172.18.0.105 172.18.0.104 01/Feb/2026/08/26/04 GET /v1/AUTH_8c7e182e9edd4a9496010d2b1c99e9ab/gnocchi.5e926b27-b804-484f-8826-0ddf30833b16%3Fformat%3Djson%26states%3Dlisting HTTP/1.0 200 - python-swiftclient-3.11.1 gAAAAABpfw2NcD79... - 2 - txc536abd416a74eada1646-00697f0e1c - 0.0214 - - 1769934364.847064972 1769934364.868500710 0
Feb 1 08:26:04 np0005604211 object-server[121164]: 172.20.0.104 - - [01/Feb/2026:08:26:04 +0000] "GET /d1/776/AUTH_8c7e182e9edd4a9496010d2b1c99e9ab/gnocchi.8bd2e458-2a3e-4ea1-98c6-ab0a7712045a/1769040000.0_mean_300.0_v3" 404 70 "GET http://172.18.0.154:8080/v1/AUTH_8c7e182e9edd4a9496010d2b1c99e9ab/gnocchi.8bd2e458-2a3e-4ea1-98c6-ab0a7712045a/1769040000.0_mean_300.0_v3" "tx097bafb73f7444038868c-00697f0e1c" "proxy-server 20" 0.0005 "-" 22 0
Feb 1 08:26:04 np0005604211 object-server[121197]: 172.20.0.105 - - [01/Feb/2026:08:26:04 +0000] "GET /d1/42/AUTH_8c7e182e9edd4a9496010d2b1c99e9ab/gnocchi.5e926b27-b804-484f-8826-0ddf30833b16/1769040000.0_mean_300.0_v3" 404 70 "GET http://172.18.0.154:8080/v1/AUTH_8c7e182e9edd4a9496010d2b1c99e9ab/gnocchi.5e926b27-b804-484f-8826-0ddf30833b16/1769040000.0_mean_300.0_v3" "tx915936b8f206424582a61-00697f0e1c" "proxy-server 20" 0.0006 "-" 25 0
Feb 1 08:26:04 np0005604211 object-server[121197]: 172.20.0.103 - - [01/Feb/2026:08:26:04 +0000] "GET /d1/276/AUTH_8c7e182e9edd4a9496010d2b1c99e9ab/gnocchi.a4c0435f-4438-45cc-9ebc-117944d4c3a0/1769040000.0_mean_300.0_v3" 404 70 "GET http://172.18.0.154:8080/v1/AUTH_8c7e182e9edd4a9496010d2b1c99e9ab/gnocchi.a4c0435f-4438-45cc-9ebc-117944d4c3a0/1769040000.0_mean_300.0_v3" "tx842a913e012f4f6a8de1d-00697f0e1c" "proxy-server 20" 0.0004 "-" 25 0
Feb 1 08:26:04 np0005604211 proxy-server[122537]: 172.18.0.105 172.18.0.104 01/Feb/2026/08/26/04 GET /v1/AUTH_8c7e182e9edd4a9496010d2b1c99e9ab/gnocchi.5e926b27-b804-484f-8826-0ddf30833b16/1769040000.0_mean_300.0_v3 HTTP/1.0 404 - python-swiftclient-3.11.1 gAAAAABpfw2NcD79... - 70 - tx915936b8f206424582a61-00697f0e1c - 0.0194 - - 1769934364.873855591 1769934364.893255234 0
Feb 1 08:26:04 np0005604211 container-server[120757]: 172.20.0.103 - - [01/Feb/2026:08:26:04 +0000] "PUT /d1/119/AUTH_8c7e182e9edd4a9496010d2b1c99e9ab/gnocchi.8bd2e458-2a3e-4ea1-98c6-ab0a7712045a/1769040000.0_mean_300.0_v3" 201 - "PUT http://172.18.0.154:8080/d1/776/AUTH_8c7e182e9edd4a9496010d2b1c99e9ab/gnocchi.8bd2e458-2a3e-4ea1-98c6-ab0a7712045a/1769040000.0_mean_300.0_v3" "txa14157aa3b4544e499c3e-00697f0e1c" "object-server 22" 0.0010 "-" 22 0
Feb 1 08:26:04 np0005604211 object-server[121191]: 172.20.0.104 - - [01/Feb/2026:08:26:04 +0000] "PUT /d1/776/AUTH_8c7e182e9edd4a9496010d2b1c99e9ab/gnocchi.8bd2e458-2a3e-4ea1-98c6-ab0a7712045a/1769040000.0_mean_300.0_v3" 201 - "PUT http://172.18.0.154:8080/v1/AUTH_8c7e182e9edd4a9496010d2b1c99e9ab/gnocchi.8bd2e458-2a3e-4ea1-98c6-ab0a7712045a/1769040000.0_mean_300.0_v3" "txa14157aa3b4544e499c3e-00697f0e1c" "proxy-server 20" 0.0147 "-" 24 0
Feb 1 08:26:04 np0005604211 container-server[120758]: 172.20.0.105 - - [01/Feb/2026:08:26:04 +0000] "PUT /d1/711/AUTH_8c7e182e9edd4a9496010d2b1c99e9ab/gnocchi.5e926b27-b804-484f-8826-0ddf30833b16/1769040000.0_mean_300.0_v3" 201 - "PUT http://172.18.0.154:8080/d1/42/AUTH_8c7e182e9edd4a9496010d2b1c99e9ab/gnocchi.5e926b27-b804-484f-8826-0ddf30833b16/1769040000.0_mean_300.0_v3" "txecc6bcf13646491da4fb4-00697f0e1c" "object-server 25" 0.0008 "-" 23 0
Feb 1 08:26:04 np0005604211 object-server[121197]: 172.20.0.103 - - [01/Feb/2026:08:26:04 +0000] "PUT /d1/42/AUTH_8c7e182e9edd4a9496010d2b1c99e9ab/gnocchi.5e926b27-b804-484f-8826-0ddf30833b16/1769040000.0_mean_300.0_v3" 201 - "PUT http://172.18.0.154:8080/v1/AUTH_8c7e182e9edd4a9496010d2b1c99e9ab/gnocchi.5e926b27-b804-484f-8826-0ddf30833b16/1769040000.0_mean_300.0_v3" "txecc6bcf13646491da4fb4-00697f0e1c" "proxy-server 20" 0.0121 "-" 25 0
Feb 1 08:26:04 np0005604211 object-server[121197]: 172.20.0.105 - - [01/Feb/2026:08:26:04 +0000] "PUT /d1/276/AUTH_8c7e182e9edd4a9496010d2b1c99e9ab/gnocchi.a4c0435f-4438-45cc-9ebc-117944d4c3a0/1769040000.0_mean_300.0_v3" 201 - "PUT http://172.18.0.154:8080/v1/AUTH_8c7e182e9edd4a9496010d2b1c99e9ab/gnocchi.a4c0435f-4438-45cc-9ebc-117944d4c3a0/1769040000.0_mean_300.0_v3" "tx8861ddc992db48ddad63e-00697f0e1c" "proxy-server 20" 0.0162 "-" 25 0
Feb 1 08:26:04 np0005604211 container-server[120757]: 172.20.0.103 - - [01/Feb/2026:08:26:04 +0000] "PUT /d1/371/AUTH_8c7e182e9edd4a9496010d2b1c99e9ab/gnocchi.a4c0435f-4438-45cc-9ebc-117944d4c3a0/1769040000.0_mean_300.0_v3" 201 - "PUT http://172.18.0.154:8080/d1/276/AUTH_8c7e182e9edd4a9496010d2b1c99e9ab/gnocchi.a4c0435f-4438-45cc-9ebc-117944d4c3a0/1769040000.0_mean_300.0_v3" "tx8861ddc992db48ddad63e-00697f0e1c" "object-server 25" 0.0011 "-" 22 0
Feb 1 08:26:04 np0005604211 proxy-server[122537]: 172.18.0.154 172.18.0.104 01/Feb/2026/08/26/04 PUT /v1/AUTH_8c7e182e9edd4a9496010d2b1c99e9ab/gnocchi.a4c0435f-4438-45cc-9ebc-117944d4c3a0/1769040000.0_mean_300.0_v3 HTTP/1.0 201 - python-swiftclient-3.11.1 gAAAAABpfw24v4L0... 16 - - tx8861ddc992db48ddad63e-00697f0e1c - 0.0373 - - 1769934364.897279739 1769934364.934566736 0
Feb 1 08:26:04 np0005604211 object-server[121191]: 172.20.0.104 - - [01/Feb/2026:08:26:04 +0000] "PUT /d1/193/AUTH_8c7e182e9edd4a9496010d2b1c99e9ab/gnocchi.8bd2e458-2a3e-4ea1-98c6-ab0a7712045a/none_v3" 201 - "PUT http://172.18.0.154:8080/v1/AUTH_8c7e182e9edd4a9496010d2b1c99e9ab/gnocchi.8bd2e458-2a3e-4ea1-98c6-ab0a7712045a/none_v3" "tx68375821b6b149b5b6b0d-00697f0e1c" "proxy-server 20" 0.0122 "-" 24 0
Feb 1 08:26:04 np0005604211 container-server[120747]: 172.20.0.104 - - [01/Feb/2026:08:26:04 +0000] "PUT /d1/119/AUTH_8c7e182e9edd4a9496010d2b1c99e9ab/gnocchi.8bd2e458-2a3e-4ea1-98c6-ab0a7712045a/none_v3" 201 - "PUT http://172.18.0.154:8080/d1/193/AUTH_8c7e182e9edd4a9496010d2b1c99e9ab/gnocchi.8bd2e458-2a3e-4ea1-98c6-ab0a7712045a/none_v3" "tx68375821b6b149b5b6b0d-00697f0e1c" "object-server 24" 0.0009 "-" 20 0
Feb 1 08:26:04 np0005604211 container-server[120757]: 172.20.0.105 - - [01/Feb/2026:08:26:04 +0000] "PUT /d1/371/AUTH_8c7e182e9edd4a9496010d2b1c99e9ab/gnocchi.a4c0435f-4438-45cc-9ebc-117944d4c3a0/none_v3" 201 - "PUT http://172.18.0.154:8080/d1/116/AUTH_8c7e182e9edd4a9496010d2b1c99e9ab/gnocchi.a4c0435f-4438-45cc-9ebc-117944d4c3a0/none_v3" "txff8ca48ebb9d45dd8f9da-00697f0e1c" "object-server 25" 0.0006 "-" 22 0
Feb 1 08:26:04 np0005604211 object-server[121197]: 172.20.0.105 - - [01/Feb/2026:08:26:04 +0000] "PUT /d1/116/AUTH_8c7e182e9edd4a9496010d2b1c99e9ab/gnocchi.a4c0435f-4438-45cc-9ebc-117944d4c3a0/none_v3" 201 - "PUT http://172.18.0.154:8080/v1/AUTH_8c7e182e9edd4a9496010d2b1c99e9ab/gnocchi.a4c0435f-4438-45cc-9ebc-117944d4c3a0/none_v3" "txff8ca48ebb9d45dd8f9da-00697f0e1c" "proxy-server 20" 0.0101 "-" 25 0
Feb 1 08:26:04 np0005604211 container-server[120747]: 172.20.0.104 - - [01/Feb/2026:08:26:04 +0000] "PUT /d1/711/AUTH_8c7e182e9edd4a9496010d2b1c99e9ab/gnocchi.5e926b27-b804-484f-8826-0ddf30833b16/none_v3" 201 - "PUT http://172.18.0.154:8080/d1/307/AUTH_8c7e182e9edd4a9496010d2b1c99e9ab/gnocchi.5e926b27-b804-484f-8826-0ddf30833b16/none_v3" "txc3889f7ac75849de8b6d0-00697f0e1c" "object-server 22" 0.0009 "-" 20 0
Feb 1 08:26:04 np0005604211 object-server[121164]: 172.20.0.103 - - [01/Feb/2026:08:26:04 +0000] "PUT /d1/307/AUTH_8c7e182e9edd4a9496010d2b1c99e9ab/gnocchi.5e926b27-b804-484f-8826-0ddf30833b16/none_v3" 201 - "PUT http://172.18.0.154:8080/v1/AUTH_8c7e182e9edd4a9496010d2b1c99e9ab/gnocchi.5e926b27-b804-484f-8826-0ddf30833b16/none_v3" "txc3889f7ac75849de8b6d0-00697f0e1c" "proxy-server 20" 0.0128 "-" 22 0
Feb 1 08:26:04 np0005604211 proxy-server[122537]: 172.18.0.154 172.18.0.104 01/Feb/2026/08/26/04 PUT /v1/AUTH_8c7e182e9edd4a9496010d2b1c99e9ab/gnocchi.a4c0435f-4438-45cc-9ebc-117944d4c3a0/none_v3 HTTP/1.0 201 - python-swiftclient-3.11.1 gAAAAABpfw24v4L0... 22 - - txff8ca48ebb9d45dd8f9da-00697f0e1c - 0.0246 - - 1769934364.945712328 1769934364.970336199 0
Feb 1 08:26:04 np0005604211 container-server[120757]: 172.20.0.104 - - [01/Feb/2026:08:26:04 +0000] "HEAD /d1/976/AUTH_8c7e182e9edd4a9496010d2b1c99e9ab/gnocchi.640f3fc7-d539-4e9b-b4bf-7024b427ba42" 404 - "HEAD http://172.18.0.154:8080/v1/AUTH_8c7e182e9edd4a9496010d2b1c99e9ab/gnocchi.640f3fc7-d539-4e9b-b4bf-7024b427ba42?format=json&states=listing" "txa4632bced39248cdb5778-00697f0e1c" "proxy-server 20" 0.0004 "-" 22 0
Feb 1 08:26:05 np0005604211 container-server[120747]: 172.20.0.103 - - [01/Feb/2026:08:26:05 +0000] "HEAD /d1/956/AUTH_8c7e182e9edd4a9496010d2b1c99e9ab/gnocchi.d1154704-3468-4db5-ad16-6a6ffb014753" 404 - "HEAD http://172.18.0.154:8080/v1/AUTH_8c7e182e9edd4a9496010d2b1c99e9ab/gnocchi.d1154704-3468-4db5-ad16-6a6ffb014753?format=json&states=listing" "tx1ae48f24798f41aa8ab2b-00697f0e1c" "proxy-server 20" 0.0007 "-" 20 0
Feb 1 08:26:05 np0005604211 object-server[121185]: 172.20.0.104 - - [01/Feb/2026:08:26:05 +0000] "GET /d1/682/AUTH_8c7e182e9edd4a9496010d2b1c99e9ab/gnocchi.640f3fc7-d539-4e9b-b4bf-7024b427ba42/none_v3" 404 70 "GET http://172.18.0.154:8080/v1/AUTH_8c7e182e9edd4a9496010d2b1c99e9ab/gnocchi.640f3fc7-d539-4e9b-b4bf-7024b427ba42/none_v3" "txa4632bced39248cdb5778-00697f0e1c" "proxy-server 20" 0.0004 "-" 23 0
Feb 1 08:26:05 np0005604211 object-server[121164]: 172.20.0.103 - - [01/Feb/2026:08:26:05 +0000] "GET /d1/319/AUTH_8c7e182e9edd4a9496010d2b1c99e9ab/gnocchi.d1154704-3468-4db5-ad16-6a6ffb014753/none_v3" 404 70 "GET http://172.18.0.154:8080/v1/AUTH_8c7e182e9edd4a9496010d2b1c99e9ab/gnocchi.d1154704-3468-4db5-ad16-6a6ffb014753/none_v3" "tx1ae48f24798f41aa8ab2b-00697f0e1c" "proxy-server 20" 0.0004 "-" 22 0
Feb 1 08:26:05 np0005604211 account-server[120538]: 172.20.0.105 - - [01/Feb/2026:08:26:05 +0000] "PUT /d1/833/AUTH_8c7e182e9edd4a9496010d2b1c99e9ab/gnocchi.640f3fc7-d539-4e9b-b4bf-7024b427ba42" 201 - "PUT http://172.20.0.105:6001/d1/976/AUTH_8c7e182e9edd4a9496010d2b1c99e9ab/gnocchi.640f3fc7-d539-4e9b-b4bf-7024b427ba42" "tx7c17e740eba74d288d632-00697f0e1d" "container-server 22" 0.0039 "-" 21 0
Feb 1 08:26:05 np0005604211 container-server[120757]: 172.20.0.105 - - [01/Feb/2026:08:26:05 +0000] "PUT /d1/976/AUTH_8c7e182e9edd4a9496010d2b1c99e9ab/gnocchi.640f3fc7-d539-4e9b-b4bf-7024b427ba42" 201 - "PUT http://172.18.0.154:8080/v1/AUTH_8c7e182e9edd4a9496010d2b1c99e9ab/gnocchi.640f3fc7-d539-4e9b-b4bf-7024b427ba42" "tx7c17e740eba74d288d632-00697f0e1d" "proxy-server 20" 0.0136 "-" 22 0
Feb 1 08:26:05 np0005604211 proxy-server[122537]: 172.18.0.103 172.18.0.104 01/Feb/2026/08/26/05 PUT /v1/AUTH_8c7e182e9edd4a9496010d2b1c99e9ab/gnocchi.640f3fc7-d539-4e9b-b4bf-7024b427ba42 HTTP/1.0 201 - python-swiftclient-3.11.1 gAAAAABpfw1vYyou... - - - tx7c17e740eba74d288d632-00697f0e1d - 0.0313 - - 1769934365.016235113 1769934365.047535181 0
Feb 1 08:26:05 np0005604211 account-server[120527]: 172.20.0.104 - - [01/Feb/2026:08:26:05 +0000] "PUT /d1/833/AUTH_8c7e182e9edd4a9496010d2b1c99e9ab/gnocchi.d1154704-3468-4db5-ad16-6a6ffb014753" 201 - "PUT http://172.20.0.104:6001/d1/956/AUTH_8c7e182e9edd4a9496010d2b1c99e9ab/gnocchi.d1154704-3468-4db5-ad16-6a6ffb014753" "tx477a174987df4a7daf3b3-00697f0e1d" "container-server 21" 0.0045 "-" 20 0
Feb 1 08:26:05 np0005604211 container-server[120747]: 172.20.0.104 - - [01/Feb/2026:08:26:05 +0000] "PUT /d1/956/AUTH_8c7e182e9edd4a9496010d2b1c99e9ab/gnocchi.d1154704-3468-4db5-ad16-6a6ffb014753" 201 - "PUT http://172.18.0.154:8080/v1/AUTH_8c7e182e9edd4a9496010d2b1c99e9ab/gnocchi.d1154704-3468-4db5-ad16-6a6ffb014753" "tx477a174987df4a7daf3b3-00697f0e1d" "proxy-server 20" 0.0158 "-" 20 0
Feb 1 08:26:05 np0005604211 proxy-server[122537]: - - 01/Feb/2026/08/26/05 HEAD /v1/AUTH_8c7e182e9edd4a9496010d2b1c99e9ab/gnocchi.d1154704-3468-4db5-ad16-6a6ffb014753%3Fformat%3Djson%26states%3Dlisting HTTP/1.0 204 - Swift - - - - tx186a0e051f67410cb073b-00697f0e1d - 0.0068 RL - 1769934365.063699245 1769934365.070544243 0
Feb 1 08:26:05 np0005604211 proxy-server[122537]: 172.18.0.154 172.18.0.104 01/Feb/2026/08/26/05 GET /v1/AUTH_8c7e182e9edd4a9496010d2b1c99e9ab/gnocchi.d1154704-3468-4db5-ad16-6a6ffb014753%3Fformat%3Djson%26states%3Dlisting HTTP/1.0 200 - python-swiftclient-3.11.1 gAAAAABpfw24v4L0... - 2 - tx186a0e051f67410cb073b-00697f0e1d - 0.0193 - - 1769934365.061585426 1769934365.080889225 0
Feb 1 08:26:05 np0005604211 object-server[121164]: 172.20.0.104 - - [01/Feb/2026:08:26:05 +0000] "GET /d1/233/AUTH_8c7e182e9edd4a9496010d2b1c99e9ab/gnocchi.640f3fc7-d539-4e9b-b4bf-7024b427ba42/1769040000.0_mean_300.0_v3" 404 70 "GET http://172.18.0.154:8080/v1/AUTH_8c7e182e9edd4a9496010d2b1c99e9ab/gnocchi.640f3fc7-d539-4e9b-b4bf-7024b427ba42/1769040000.0_mean_300.0_v3" "txbe3b0d593dbb40a888433-00697f0e1d" "proxy-server 20" 0.0005 "-" 22 0
Feb 1 08:26:05 np0005604211 object-server[121197]: 172.20.0.103 - - [01/Feb/2026:08:26:05 +0000] "GET /d1/167/AUTH_8c7e182e9edd4a9496010d2b1c99e9ab/gnocchi.d1154704-3468-4db5-ad16-6a6ffb014753/1769040000.0_mean_300.0_v3" 404 70 "GET http://172.18.0.154:8080/v1/AUTH_8c7e182e9edd4a9496010d2b1c99e9ab/gnocchi.d1154704-3468-4db5-ad16-6a6ffb014753/1769040000.0_mean_300.0_v3" "txad39b1c182b642ef914c8-00697f0e1d" "proxy-server 20" 0.0004 "-" 25 0
Feb 1 08:26:05 np0005604211 object-server[121185]: 172.20.0.105 - - [01/Feb/2026:08:26:05 +0000] "PUT /d1/233/AUTH_8c7e182e9edd4a9496010d2b1c99e9ab/gnocchi.640f3fc7-d539-4e9b-b4bf-7024b427ba42/1769040000.0_mean_300.0_v3" 201 - "PUT http://172.18.0.154:8080/v1/AUTH_8c7e182e9edd4a9496010d2b1c99e9ab/gnocchi.640f3fc7-d539-4e9b-b4bf-7024b427ba42/1769040000.0_mean_300.0_v3" "txad75b742b4f9429dbcc68-00697f0e1d" "proxy-server 20" 0.0103 "-" 23 0
Feb 1 08:26:05 np0005604211 container-server[120750]: 172.20.0.103 - - [01/Feb/2026:08:26:05 +0000] "PUT /d1/976/AUTH_8c7e182e9edd4a9496010d2b1c99e9ab/gnocchi.640f3fc7-d539-4e9b-b4bf-7024b427ba42/1769040000.0_mean_300.0_v3" 201 - "PUT http://172.18.0.154:8080/d1/233/AUTH_8c7e182e9edd4a9496010d2b1c99e9ab/gnocchi.640f3fc7-d539-4e9b-b4bf-7024b427ba42/1769040000.0_mean_300.0_v3" "txad75b742b4f9429dbcc68-00697f0e1d" "object-server 25" 0.0013 "-" 21 0
Feb 1 08:26:05 np0005604211 proxy-server[122537]: 172.18.0.103 172.18.0.104 01/Feb/2026/08/26/05 PUT /v1/AUTH_8c7e182e9edd4a9496010d2b1c99e9ab/gnocchi.640f3fc7-d539-4e9b-b4bf-7024b427ba42/1769040000.0_mean_300.0_v3 HTTP/1.0 201 - python-swiftclient-3.11.1 gAAAAABpfw1vYyou... 16 - - txad75b742b4f9429dbcc68-00697f0e1d - 0.0212 - - 1769934365.098953485 1769934365.120154858 0
Feb 1 08:26:05 np0005604211 container-server[120757]: 172.20.0.104 - - [01/Feb/2026:08:26:05 +0000] "PUT /d1/956/AUTH_8c7e182e9edd4a9496010d2b1c99e9ab/gnocchi.d1154704-3468-4db5-ad16-6a6ffb014753/1769040000.0_mean_300.0_v3" 201 - "PUT http://172.18.0.154:8080/d1/167/AUTH_8c7e182e9edd4a9496010d2b1c99e9ab/gnocchi.d1154704-3468-4db5-ad16-6a6ffb014753/1769040000.0_mean_300.0_v3" "tx8133e072470f4e16968af-00697f0e1d" "object-server 24" 0.0009 "-" 22 0
Feb 1 08:26:05 np0005604211 object-server[121191]: 172.20.0.104 - - [01/Feb/2026:08:26:05 +0000] "PUT /d1/167/AUTH_8c7e182e9edd4a9496010d2b1c99e9ab/gnocchi.d1154704-3468-4db5-ad16-6a6ffb014753/1769040000.0_mean_300.0_v3" 201 - "PUT http://172.18.0.154:8080/v1/AUTH_8c7e182e9edd4a9496010d2b1c99e9ab/gnocchi.d1154704-3468-4db5-ad16-6a6ffb014753/1769040000.0_mean_300.0_v3" "tx8133e072470f4e16968af-00697f0e1d" "proxy-server 20" 0.0124 "-" 24 0
Feb 1 08:26:05 np0005604211 container-server[120757]: 172.20.0.105 - - [01/Feb/2026:08:26:05 +0000] "PUT /d1/976/AUTH_8c7e182e9edd4a9496010d2b1c99e9ab/gnocchi.640f3fc7-d539-4e9b-b4bf-7024b427ba42/none_v3" 201 - "PUT http://172.18.0.154:8080/d1/682/AUTH_8c7e182e9edd4a9496010d2b1c99e9ab/gnocchi.640f3fc7-d539-4e9b-b4bf-7024b427ba42/none_v3" "tx718f78fe06d74cfb9b967-00697f0e1d" "object-server 25" 0.0006 "-" 22 0
Feb 1 08:26:05 np0005604211 object-server[121197]: 172.20.0.103 - - [01/Feb/2026:08:26:05 +0000] "PUT /d1/682/AUTH_8c7e182e9edd4a9496010d2b1c99e9ab/gnocchi.640f3fc7-d539-4e9b-b4bf-7024b427ba42/none_v3" 201 - "PUT http://172.18.0.154:8080/v1/AUTH_8c7e182e9edd4a9496010d2b1c99e9ab/gnocchi.640f3fc7-d539-4e9b-b4bf-7024b427ba42/none_v3" "tx718f78fe06d74cfb9b967-00697f0e1d" "proxy-server 20" 0.0103 "-" 25 0
Feb 1 08:26:05 np0005604211 container-server[120750]: 172.20.0.105 - - [01/Feb/2026:08:26:05 +0000] "PUT /d1/956/AUTH_8c7e182e9edd4a9496010d2b1c99e9ab/gnocchi.d1154704-3468-4db5-ad16-6a6ffb014753/none_v3" 201 - "PUT http://172.18.0.154:8080/d1/319/AUTH_8c7e182e9edd4a9496010d2b1c99e9ab/gnocchi.d1154704-3468-4db5-ad16-6a6ffb014753/none_v3" "txc39cb55fc8324c5d9047e-00697f0e1d" "object-server 24" 0.0008 "-" 21 0
Feb 1 08:26:05 np0005604211 object-server[121191]: 172.20.0.105 - - [01/Feb/2026:08:26:05 +0000] "PUT /d1/319/AUTH_8c7e182e9edd4a9496010d2b1c99e9ab/gnocchi.d1154704-3468-4db5-ad16-6a6ffb014753/none_v3" 201 - "PUT http://172.18.0.154:8080/v1/AUTH_8c7e182e9edd4a9496010d2b1c99e9ab/gnocchi.d1154704-3468-4db5-ad16-6a6ffb014753/none_v3" "txc39cb55fc8324c5d9047e-00697f0e1d" "proxy-server 20" 0.0114 "-" 24 0
Feb 1 08:26:05 np0005604211 proxy-server[122537]: 172.18.0.154 172.18.0.104 01/Feb/2026/08/26/05 PUT /v1/AUTH_8c7e182e9edd4a9496010d2b1c99e9ab/gnocchi.d1154704-3468-4db5-ad16-6a6ffb014753/none_v3 HTTP/1.0 201 - python-swiftclient-3.11.1 gAAAAABpfw24v4L0... 22 - - txc39cb55fc8324c5d9047e-00697f0e1d - 0.0219 - - 1769934365.130442381 1769934365.152328491 0
Feb 1 08:26:11 np0005604211 account-server[120561]: 172.20.0.103 - - [01/Feb/2026:08:26:11 +0000] "PUT /d1/833/AUTH_8c7e182e9edd4a9496010d2b1c99e9ab/gnocchi.335e3853-c550-4621-9480-712eb59d1cd0" 201 - "-" "-" "container-updater 2" 0.0006 "-" 22 0
Feb 1 08:26:11 np0005604211 account-server[120527]: 172.20.0.103 - - [01/Feb/2026:08:26:11 +0000] "PUT /d1/833/AUTH_8c7e182e9edd4a9496010d2b1c99e9ab/gnocchi.5e926b27-b804-484f-8826-0ddf30833b16" 201 - "-" "-" "container-updater 2" 0.0011 "-" 20 0
Feb 1 08:26:11 np0005604211 account-server[120561]: 172.20.0.103 - - [01/Feb/2026:08:26:11 +0000] "PUT /d1/833/AUTH_8c7e182e9edd4a9496010d2b1c99e9ab/gnocchi.8bd2e458-2a3e-4ea1-98c6-ab0a7712045a" 201 - "-" "-" "container-updater 2" 0.0007 "-" 22 0
Feb 1 08:26:11 np0005604211 account-server[120538]: 172.20.0.103 - - [01/Feb/2026:08:26:11 +0000] "PUT /d1/833/AUTH_8c7e182e9edd4a9496010d2b1c99e9ab/gnocchi.d1154704-3468-4db5-ad16-6a6ffb014753" 201 - "-" "-" "container-updater 2" 0.0008 "-" 21 0
Feb 1 08:26:11 np0005604211 account-server[120561]: 172.20.0.103 - - [01/Feb/2026:08:26:11 +0000] "PUT /d1/833/AUTH_8c7e182e9edd4a9496010d2b1c99e9ab/gnocchi.c3ef7314-5e39-4fcf-9959-654c2ca1597b" 201 - "-" "-" "container-updater 2" 0.0007 "-" 22 0
Feb 1 08:26:11 np0005604211 account-server[120538]: 172.20.0.103 - - [01/Feb/2026:08:26:11 +0000] "PUT /d1/833/AUTH_8c7e182e9edd4a9496010d2b1c99e9ab/gnocchi.40be35d3-d0e0-4254-9796-2232b90515a1" 201 - "-" "-" "container-updater 2" 0.0009 "-" 21 0
Feb 1 08:26:11 np0005604211 account-server[120567]: 172.20.0.103 - - [01/Feb/2026:08:26:11 +0000] "PUT /d1/833/AUTH_8c7e182e9edd4a9496010d2b1c99e9ab/gnocchi.6a57f66c-c3a3-48cd-b4ae-ecd529243a03" 201 - "-" "-" "container-updater 2" 0.0009 "-" 23 0
Feb 1 08:26:12 np0005604211 account-server[120561]: 172.20.0.103 - - [01/Feb/2026:08:26:12 +0000] "PUT /d1/833/AUTH_8c7e182e9edd4a9496010d2b1c99e9ab/gnocchi.a4c0435f-4438-45cc-9ebc-117944d4c3a0" 201 - "-" "-" "container-updater 2" 0.0007 "-" 22 0
Feb 1 08:26:12 np0005604211 account-server[120527]: 172.20.0.103 - - [01/Feb/2026:08:26:12 +0000] "PUT /d1/833/AUTH_8c7e182e9edd4a9496010d2b1c99e9ab/gnocchi.10743380-2f2c-439d-8a2e-3a7dfed95898" 201 - "-" "-" "container-updater 2" 0.0007 "-" 20 0
Feb 1 08:26:12 np0005604211 account-server[120567]: 172.20.0.103 - - [01/Feb/2026:08:26:12 +0000] "PUT /d1/833/AUTH_8c7e182e9edd4a9496010d2b1c99e9ab/gnocchi.eb7c1786-c772-4010-96f3-26505f103ddb" 201 - "-" "-" "container-updater 2" 0.0010 "-" 23 0
Feb 1 08:26:12 np0005604211 account-server[120527]: 172.20.0.103 - - [01/Feb/2026:08:26:12 +0000] "PUT /d1/833/AUTH_8c7e182e9edd4a9496010d2b1c99e9ab/gnocchi.cdf71562-1977-41e8-9491-295b0516e7e2" 201 - "-" "-" "container-updater 2" 0.0008 "-" 20 0
Feb 1 08:26:12 np0005604211 account-server[120527]: 172.20.0.103 - - [01/Feb/2026:08:26:12 +0000] "PUT /d1/833/AUTH_8c7e182e9edd4a9496010d2b1c99e9ab/gnocchi.65f9724a-9ac3-4860-b23b-2547251206f7" 201 - "-" "-" "container-updater 2" 0.0005 "-" 20 0
Feb 1 08:26:12 np0005604211 account-server[120561]: 172.20.0.103 - - [01/Feb/2026:08:26:12 +0000] "PUT /d1/833/AUTH_8c7e182e9edd4a9496010d2b1c99e9ab/gnocchi.de70cf34-3969-4c9a-b8b2-9a2bf83b68a9" 201 - "-" "-" "container-updater 2" 0.0007 "-" 22 0
Feb 1 08:26:12 np0005604211 account-server[120561]: 172.20.0.103 - - [01/Feb/2026:08:26:12 +0000] "PUT /d1/833/AUTH_8c7e182e9edd4a9496010d2b1c99e9ab/gnocchi.c0d034e1-81d5-4588-b05e-cf6b2bd2eda8" 201 - "-" "-" "container-updater 2" 0.0007 "-" 22 0
Feb 1 08:26:12 np0005604211 account-server[120538]: 172.20.0.103 - - [01/Feb/2026:08:26:12 +0000] "PUT /d1/833/AUTH_8c7e182e9edd4a9496010d2b1c99e9ab/gnocchi.9007f6b9-bf2d-45f7-b066-c8a7a50483a2" 201 - "-" "-" "container-updater 2" 0.0010 "-" 21 0
Feb 1 08:26:12 np0005604211 account-server[120567]: 172.20.0.103 - - [01/Feb/2026:08:26:12 +0000] "PUT /d1/833/AUTH_8c7e182e9edd4a9496010d2b1c99e9ab/gnocchi.640f3fc7-d539-4e9b-b4bf-7024b427ba42" 201 - "-" "-" "container-updater 2" 0.0009 "-" 23 0
Feb 1 08:26:12 np0005604211 account-server[120538]: 172.20.0.103 - - [01/Feb/2026:08:26:12 +0000] "PUT /d1/833/AUTH_8c7e182e9edd4a9496010d2b1c99e9ab/gnocchi.63794a9d-58f8-46e7-bc82-3ec75536e0f7" 201 - "-" "-" "container-updater 2" 0.0008 "-" 21 0
Feb 1 08:26:13 np0005604211 account-server[120561]: 172.20.0.103 - - [01/Feb/2026:08:26:13 +0000] "PUT /d1/833/AUTH_8c7e182e9edd4a9496010d2b1c99e9ab/gnocchi.f62f1f50-eded-47eb-b136-597f44654a37" 201 - "-" "-" "container-updater 2" 0.0007 "-" 22 0
Feb 1 08:26:13 np0005604211 account-server[120527]: 172.20.0.103 - - [01/Feb/2026:08:26:13 +0000] "PUT /d1/833/AUTH_8c7e182e9edd4a9496010d2b1c99e9ab/gnocchi.0d76bf91-550c-4c17-80e7-6db8ed6bfcc1" 201 - "-" "-" "container-updater 2" 0.0007 "-" 20 0
Feb 1 08:26:13 np0005604211 account-server[120538]: 172.20.0.103 - - [01/Feb/2026:08:26:13 +0000] "PUT /d1/833/AUTH_8c7e182e9edd4a9496010d2b1c99e9ab/gnocchi.113af031-e1e3-456b-a612-264f70c92980" 201 - "-" "-" "container-updater 2" 0.0008 "-" 21 0
Feb 1 08:26:13 np0005604211 account-server[120567]: 172.20.0.103 - - [01/Feb/2026:08:26:13 +0000] "PUT /d1/833/AUTH_8c7e182e9edd4a9496010d2b1c99e9ab/gnocchi.85911d85-6526-41fd-8941-23f9aa68f9fb" 201 - "-" "-" "container-updater 2" 0.0008 "-" 23 0
Feb 1 08:26:13 np0005604211 account-server[119839]: Beginning replication run
Feb 1 08:26:13 np0005604211 account-server[120567]: 172.20.0.103 - - [01/Feb/2026:08:26:13 +0000] "PUT /d1/833/AUTH_8c7e182e9edd4a9496010d2b1c99e9ab/gnocchi.00703353-969e-4b88-ba05-7c2007dbfdd4" 201 - "-" "-" "container-updater 2" 0.0008 "-" 23 0
Feb 1 08:26:13 np0005604211 account-server[119839]: Replication run OVER
Feb 1 08:26:13 np0005604211 account-server[119839]: Attempted to replicate 1 dbs in 0.04122 seconds (24.25737/s)
Feb 1 08:26:13 np0005604211 account-server[119839]: Removed 0 dbs
Feb 1 08:26:13 np0005604211 account-server[119839]: 2 successes, 0 failures
Feb 1 08:26:13 np0005604211 account-server[119839]: diff:0 diff_capped:0 empty:0 hashmatch:0 no_change:2 remote_merge:0 rsync:0 ts_repl:0
Feb 1 08:26:21 np0005604211 object-server[120855]: Starting object replication pass.
Feb 1 08:26:21 np0005604211 object-server[120855]: 43/43 (100.00%) partitions replicated in 0.39s (110.83/sec, 0s remaining)
Feb 1 08:26:21 np0005604211 object-server[120855]: 86 successes, 0 failures
Feb 1 08:26:21 np0005604211 object-server[120855]: 44 suffixes checked - 0.00% hashed, 0.00% synced
Feb 1 08:26:21 np0005604211 object-server[120855]: Partition times: max 0.0136s, min 0.0065s, med 0.0083s
Feb 1 08:26:21 np0005604211 object-server[120855]: Object replication complete. (0.01 minutes)
Feb 1 08:26:23 np0005604211 object-server[221390]: Begin object audit "forever" mode (ZBF)
Feb 1 08:26:23 np0005604211 object-server[221390]: Object audit (ZBF). Since Sun Feb 1 08:26:23 2026: Locally: 1 passed, 0 quarantined, 0 errors, files/sec: 474.20, bytes/sec: 0.00, Total time: 0.00, Auditing time: 0.00, Rate: 0.00
Feb 1 08:26:24 np0005604211 object-server[221390]: Object audit (ZBF) "forever" mode completed: 0.84s. Total quarantined: 0, Total errors: 0, Total files/sec: 52.17, Total bytes/sec: 0.00, Auditing time: 0.83, Rate: 0.98
Feb 1 08:26:25 np0005604211 account-server[120538]: 172.20.0.103 - - [01/Feb/2026:08:26:25 +0000] "HEAD /d1/581/.expiring_objects" 404 - "HEAD http://localhost/v1/.expiring_objects?format=json" "tx5507b71f2d7749b6a3e48-00697f0e31" "proxy-server 2" 0.0003 "-" 21 -
Feb 1 08:26:32 np0005604211 container-server[120333]: Beginning replication run
Feb 1 08:26:33 np0005604211 container-server[120333]: Replication run OVER
Feb 1 08:26:33 np0005604211 container-server[120333]: Attempted to replicate 22 dbs in 0.49599 seconds (44.35589/s)
Feb 1 08:26:33 np0005604211 container-server[120333]: Removed 0 dbs
Feb 1 08:26:33 np0005604211 container-server[120333]: 44 successes, 0 failures
Feb 1 08:26:33 np0005604211 container-server[120333]: diff:0 diff_capped:0 empty:0 hashmatch:0 no_change:44 remote_merge:0 rsync:0 ts_repl:0
Feb 1 08:26:43 np0005604211 account-server[119839]: Beginning replication run
Feb 1 08:26:43 np0005604211 account-server[119839]: Replication run OVER
Feb 1 08:26:43 np0005604211 account-server[119839]: Attempted to replicate 1 dbs in 0.02610 seconds (38.31170/s)
Feb 1 08:26:43 np0005604211 account-server[119839]: Removed 0 dbs
Feb 1 08:26:43 np0005604211 account-server[119839]: 2 successes, 0 failures
Feb 1 08:26:43 np0005604211 account-server[119839]: diff:0 diff_capped:0 empty:0 hashmatch:0 no_change:2 remote_merge:0 rsync:0 ts_repl:0
Feb 1 08:26:45 np0005604211 container-server[120408]: Begin container update sweep
Feb 1 08:26:45 np0005604211 account-server[120561]: 172.20.0.105 - - [01/Feb/2026:08:26:45 +0000] "PUT /d1/833/AUTH_8c7e182e9edd4a9496010d2b1c99e9ab/gnocchi.113af031-e1e3-456b-a612-264f70c92980" 201 - "-" "-" "container-updater 2" 0.0011 "-" 22 0
Feb 1 08:26:45 np0005604211 account-server[120538]: 172.20.0.105 - - [01/Feb/2026:08:26:45 +0000] "PUT /d1/833/AUTH_8c7e182e9edd4a9496010d2b1c99e9ab/gnocchi.10743380-2f2c-439d-8a2e-3a7dfed95898" 201 - "-" "-" "container-updater 2" 0.0007 "-" 21 0
Feb 1 08:26:45 np0005604211 account-server[120561]: 172.20.0.105 - - [01/Feb/2026:08:26:45 +0000] "PUT /d1/833/AUTH_8c7e182e9edd4a9496010d2b1c99e9ab/gnocchi.f62f1f50-eded-47eb-b136-597f44654a37" 201 - "-" "-" "container-updater 2" 0.0007 "-" 22 0
Feb 1 08:26:45 np0005604211 account-server[120527]: 172.20.0.105 - - [01/Feb/2026:08:26:45 +0000] "PUT /d1/833/AUTH_8c7e182e9edd4a9496010d2b1c99e9ab/gnocchi.85911d85-6526-41fd-8941-23f9aa68f9fb" 201 - "-" "-" "container-updater 2" 0.0009 "-" 20 0
Feb 1 08:26:46 np0005604211 account-server[120538]: 172.20.0.105 - - [01/Feb/2026:08:26:45 +0000] "PUT /d1/833/AUTH_8c7e182e9edd4a9496010d2b1c99e9ab/gnocchi.0d76bf91-550c-4c17-80e7-6db8ed6bfcc1" 201 - "-" "-" "container-updater 2" 0.0007 "-" 21 0
Feb 1 08:26:46 np0005604211 account-server[120538]: 172.20.0.105 - - [01/Feb/2026:08:26:46 +0000] "PUT /d1/833/AUTH_8c7e182e9edd4a9496010d2b1c99e9ab/gnocchi.d1154704-3468-4db5-ad16-6a6ffb014753" 201 - "-" "-" "container-updater 2" 0.0007 "-" 21 0
Feb 1 08:26:46 np0005604211 account-server[120538]: 172.20.0.105 - - [01/Feb/2026:08:26:46 +0000] "PUT /d1/833/AUTH_8c7e182e9edd4a9496010d2b1c99e9ab/gnocchi.c0d034e1-81d5-4588-b05e-cf6b2bd2eda8" 201 - "-" "-" "container-updater 2" 0.0005 "-" 21 0
Feb 1 08:26:46 np0005604211 account-server[120561]: 172.20.0.105 - - [01/Feb/2026:08:26:46 +0000] "PUT /d1/833/AUTH_8c7e182e9edd4a9496010d2b1c99e9ab/gnocchi.cdf71562-1977-41e8-9491-295b0516e7e2" 201 - "-" "-" "container-updater 2" 0.0005 "-" 22 0
Feb 1 08:26:46 np0005604211 account-server[120527]: 172.20.0.105 - - [01/Feb/2026:08:26:46 +0000] "PUT /d1/833/AUTH_8c7e182e9edd4a9496010d2b1c99e9ab/gnocchi.6a57f66c-c3a3-48cd-b4ae-ecd529243a03" 201 - "-" "-" "container-updater 2" 0.0004 "-" 20 0
