Feb 1 08:21:20 np0005604211 object-server[120855]: Object replication complete. (0.00 minutes)
Feb 1 08:21:21 np0005604211 object-server[191680]: Begin object audit "forever" mode (ZBF)
Feb 1 08:21:21 np0005604211 object-server[191680]: Object audit (ZBF) "forever" mode completed: 0.00s. Total quarantined: 0, Total errors: 0, Total files/sec: 0.00, Total bytes/sec: 0.00, Auditing time: 0.00, Rate: 0.00
Feb 1 08:21:26 np0005604211 account-server[120527]: 172.20.0.105 - - [01/Feb/2026:08:21:26 +0000] "HEAD /d1/581/.expiring_objects" 404 - "HEAD http://localhost/v1/.expiring_objects?format=json" "tx3e8804e500994b22b7ac4-00697f0d06" "proxy-server 2" 0.0008 "-" 20 -
Feb 1 08:21:26 np0005604211 object-expirer[120934]: Pass completed in 0s; 0 objects expired (txn: tx3e8804e500994b22b7ac4-00697f0d06)
Feb 1 08:21:32 np0005604211 container-server[120333]: Beginning replication run
Feb 1 08:21:32 np0005604211 container-server[120333]: Replication run OVER
Feb 1 08:21:32 np0005604211 container-server[120333]: Attempted to replicate 0 dbs in 0.00171 seconds (0.00000/s)
Feb 1 08:21:32 np0005604211 container-server[120333]: Removed 0 dbs
Feb 1 08:21:32 np0005604211 container-server[120333]: 0 successes, 0 failures
Feb 1 08:21:32 np0005604211 container-server[120333]: diff:0 diff_capped:0 empty:0 hashmatch:0 no_change:0 remote_merge:0 rsync:0 ts_repl:0
Feb 1 08:21:43 np0005604211 account-server[119839]: Beginning replication run
Feb 1 08:21:43 np0005604211 account-server[119839]: Replication run OVER
Feb 1 08:21:43 np0005604211 account-server[119839]: Attempted to replicate 0 dbs in 0.00182 seconds (0.00000/s)
Feb 1 08:21:43 np0005604211 account-server[119839]: Removed 0 dbs
Feb 1 08:21:43 np0005604211 account-server[119839]: 0 successes, 0 failures
Feb 1 08:21:43 np0005604211 account-server[119839]: diff:0 diff_capped:0 empty:0 hashmatch:0 no_change:0 remote_merge:0 rsync:0 ts_repl:0
Feb 1 08:21:45 np0005604211 container-server[120408]: Begin container update sweep
Feb 1 08:21:45 np0005604211 container-server[120408]: Container update sweep completed: 0.00s
Feb 1 08:21:50 np0005604211 object-server[120855]: Starting object replication pass.
Feb 1 08:21:50 np0005604211 object-server[120855]: Nothing replicated for 0.00391077995300293 seconds.
Feb 1 08:21:50 np0005604211 object-server[120855]: Object replication complete. (0.00 minutes)
Feb 1 08:21:51 np0005604211 object-server[197751]: Begin object audit "forever" mode (ZBF)
Feb 1 08:21:51 np0005604211 object-server[197752]: Begin object audit "forever" mode (ALL)
Feb 1 08:21:51 np0005604211 object-server[197751]: Object audit (ZBF) "forever" mode completed: 0.00s. Total quarantined: 0, Total errors: 0, Total files/sec: 0.00, Total bytes/sec: 0.00, Auditing time: 0.00, Rate: 0.00
Feb 1 08:21:51 np0005604211 object-server[197752]: Object audit (ALL) "forever" mode completed: 0.00s. Total quarantined: 0, Total errors: 0, Total files/sec: 0.00, Total bytes/sec: 0.00, Auditing time: 0.00, Rate: 0.00
Feb 1 08:21:57 np0005604211 account-server[120561]: 172.20.0.104 - - [01/Feb/2026:08:21:57 +0000] "HEAD /d1/581/.expiring_objects" 404 - "HEAD http://localhost/v1/.expiring_objects?format=json" "tx0c1c3c43d85d48e89e673-00697f0d25" "proxy-server 2" 0.0008 "-" 22 -
Feb 1 08:22:02 np0005604211 container-server[120333]: Beginning replication run
Feb 1 08:22:02 np0005604211 container-server[120333]: Replication run OVER
Feb 1 08:22:02 np0005604211 container-server[120333]: Attempted to replicate 0 dbs in 0.00140 seconds (0.00000/s)
Feb 1 08:22:02 np0005604211 container-server[120333]: Removed 0 dbs
Feb 1 08:22:02 np0005604211 container-server[120333]: 0 successes, 0 failures
Feb 1 08:22:02 np0005604211 container-server[120333]: diff:0 diff_capped:0 empty:0 hashmatch:0 no_change:0 remote_merge:0 rsync:0 ts_repl:0
Feb 1 08:22:02 np0005604211 account-server[120561]: 172.20.0.105 - - [01/Feb/2026:08:22:02 +0000] "HEAD /d1/581/.expiring_objects" 404 - "HEAD http://localhost/v1/.expiring_objects?format=json" "txc8b54da6ea5b4e6984298-00697f0d2a" "proxy-server 2" 0.0005 "-" 22 -
Feb 1 08:22:02 np0005604211 object-expirer[120934]: Pass completed in 0s; 0 objects expired (txn: txc8b54da6ea5b4e6984298-00697f0d2a)
Feb 1 08:22:13 np0005604211 account-server[119839]: Beginning replication run
Feb 1 08:22:13 np0005604211 account-server[119839]: Replication run OVER
Feb 1 08:22:13 np0005604211 account-server[119839]: Attempted to replicate 0 dbs in 0.00159 seconds (0.00000/s)
Feb 1 08:22:13 np0005604211 account-server[119839]: Removed 0 dbs
Feb 1 08:22:13 np0005604211 account-server[119839]: 0 successes, 0 failures
Feb 1 08:22:13 np0005604211 account-server[119839]: diff:0 diff_capped:0 empty:0 hashmatch:0 no_change:0 remote_merge:0 rsync:0 ts_repl:0
Feb 1 08:22:13 np0005604211 account-server[120527]: 172.20.0.104 - - [01/Feb/2026:08:22:13 +0000] "HEAD /d1/581/.expiring_objects" 404 - "HEAD http://localhost/v1/.expiring_objects?format=json" "tx5539a349a1914d2ab0a88-00697f0d35" "proxy-server 2" 0.0008 "-" 20 -
Feb 1 08:22:14 np0005604211 account-server[120527]: 172.20.0.105 - - [01/Feb/2026:08:22:14 +0000] "HEAD /d1/581/.expiring_objects" 404 - "HEAD http://localhost/v1/.expiring_objects?format=json" "tx8676ed67c1594246bc63b-00697f0d36" "proxy-server 2" 0.0005 "-" 20 -
Feb 1 08:22:14 np0005604211 object-expirer[120934]: Pass completed in 0s; 0 objects expired (txn: tx8676ed67c1594246bc63b-00697f0d36)
Feb 1 08:22:20 np0005604211 object-server[120855]: Starting object replication pass.
Feb 1 08:22:20 np0005604211 object-server[120855]: Nothing replicated for 0.0022516250610351562 seconds.
Feb 1 08:22:20 np0005604211 object-server[120855]: Object replication complete. (0.00 minutes)
Feb 1 08:22:21 np0005604211 object-server[197753]: Begin object audit "forever" mode (ZBF)
Feb 1 08:22:21 np0005604211 object-server[197753]: Object audit (ZBF) "forever" mode completed: 0.00s. Total quarantined: 0, Total errors: 0, Total files/sec: 0.00, Total bytes/sec: 0.00, Auditing time: 0.00, Rate: 0.00
Feb 1 08:22:32 np0005604211 container-server[120333]: Beginning replication run
Feb 1 08:22:32 np0005604211 container-server[120333]: Replication run OVER
Feb 1 08:22:32 np0005604211 container-server[120333]: Attempted to replicate 0 dbs in 0.00108 seconds (0.00000/s)
Feb 1 08:22:32 np0005604211 container-server[120333]: Removed 0 dbs
Feb 1 08:22:32 np0005604211 container-server[120333]: 0 successes, 0 failures
Feb 1 08:22:32 np0005604211 container-server[120333]: diff:0 diff_capped:0 empty:0 hashmatch:0 no_change:0 remote_merge:0 rsync:0 ts_repl:0
Feb 1 08:22:43 np0005604211 account-server[119839]: Beginning replication run
Feb 1 08:22:43 np0005604211 account-server[119839]: Replication run OVER
Feb 1 08:22:43 np0005604211 account-server[119839]: Attempted to replicate 0 dbs in 0.00180 seconds (0.00000/s)
Feb 1 08:22:43 np0005604211 account-server[119839]: Removed 0 dbs
Feb 1 08:22:43 np0005604211 account-server[119839]: 0 successes, 0 failures
Feb 1 08:22:43 np0005604211 account-server[119839]: diff:0 diff_capped:0 empty:0 hashmatch:0 no_change:0 remote_merge:0 rsync:0 ts_repl:0
Feb 1 08:22:50 np0005604211 object-server[120855]: Starting object replication pass.
Feb 1 08:22:50 np0005604211 object-server[120855]: Nothing replicated for 0.0036492347717285156 seconds.
Feb 1 08:22:50 np0005604211 object-server[120855]: Object replication complete. (0.00 minutes)
Feb 1 08:22:51 np0005604211 object-server[203560]: Begin object audit "forever" mode (ZBF)
Feb 1 08:22:51 np0005604211 object-server[203560]: Object audit (ZBF) "forever" mode completed: 0.00s. Total quarantined: 0, Total errors: 0, Total files/sec: 0.00, Total bytes/sec: 0.00, Auditing time: 0.00, Rate: 0.00
Feb 1 08:22:51 np0005604211 object-server[203561]: Begin object audit "forever" mode (ALL)
Feb 1 08:22:51 np0005604211 object-server[203561]: Object audit (ALL) "forever" mode completed: 0.00s. Total quarantined: 0, Total errors: 0, Total files/sec: 0.00, Total bytes/sec: 0.00, Auditing time: 0.00, Rate: 0.00
Feb 1 08:22:57 np0005604211 object-server[120901]: Begin object update sweep
Feb 1 08:22:57 np0005604211 object-server[204375]: Object update sweep starting on /srv/node/d1 (pid: 14)
Feb 1 08:22:57 np0005604211 object-server[204375]: Object update sweep completed on /srv/node/d1 in 0.00s seconds:, 0 successes, 0 failures, 0 quarantines, 0 unlinks, 0 errors, 0 redirects (pid: 14)
Feb 1 08:22:57 np0005604211 object-server[204375]: Object update sweep of d1 completed: 0.00s, 0 successes, 0 failures, 0 quarantines, 0 unlinks, 0 errors, 0 redirects
Feb 1 08:22:57 np0005604211 object-server[120901]: Object update sweep completed: 0.09s
Feb 1 08:23:02 np0005604211 container-server[120333]: Beginning replication run
Feb 1 08:23:02 np0005604211 container-server[120333]: Replication run OVER
Feb 1 08:23:02 np0005604211 container-server[120333]: Attempted to replicate 0 dbs in 0.00170 seconds (0.00000/s)
Feb 1 08:23:02 np0005604211 container-server[120333]: Removed 0 dbs
Feb 1 08:23:02 np0005604211 container-server[120333]: 0 successes, 0 failures
Feb 1 08:23:02 np0005604211 container-server[120333]: diff:0 diff_capped:0 empty:0 hashmatch:0 no_change:0 remote_merge:0 rsync:0 ts_repl:0
Feb 1 08:23:11 np0005604211 account-server[120567]: 172.20.0.103 - - [01/Feb/2026:08:23:11 +0000] "HEAD /d1/833/AUTH_8c7e182e9edd4a9496010d2b1c99e9ab" 404 - "HEAD http://172.18.0.154:8080/v1/AUTH_8c7e182e9edd4a9496010d2b1c99e9ab?format=json" "tx1fc7fccbda174a0ea9064-00697f0d6f" "proxy-server 20" 0.0009 "-" 23 -
Feb 1 08:23:11 np0005604211 object-server[121191]: 172.20.0.103 - - [01/Feb/2026:08:23:11 +0000] "GET /d1/455/AUTH_8c7e182e9edd4a9496010d2b1c99e9ab/gnocchi.c0d034e1-81d5-4588-b05e-cf6b2bd2eda8/none_v3" 404 70 "GET http://172.18.0.154:8080/v1/AUTH_8c7e182e9edd4a9496010d2b1c99e9ab/gnocchi.c0d034e1-81d5-4588-b05e-cf6b2bd2eda8/none_v3" "tx1fc7fccbda174a0ea9064-00697f0d6f" "proxy-server 20" 0.0017 "-" 24 0
Feb 1 08:23:12 np0005604211 account-server[120561]: 172.20.0.104 - - [01/Feb/2026:08:23:12 +0000] "PUT /d1/833/AUTH_8c7e182e9edd4a9496010d2b1c99e9ab" 201 - "-" "tx1ac8b43325de4bcebac4a-00697f0d70" "-" 0.0195 "-" 22 -
Feb 1 08:23:12 np0005604211 account-server[120527]: 172.20.0.104 - - [01/Feb/2026:08:23:12 +0000] "PUT /d1/833/AUTH_8c7e182e9edd4a9496010d2b1c99e9ab/gnocchi.c0d034e1-81d5-4588-b05e-cf6b2bd2eda8" 201 - "PUT http://172.20.0.104:6001/d1/760/AUTH_8c7e182e9edd4a9496010d2b1c99e9ab/gnocchi.c0d034e1-81d5-4588-b05e-cf6b2bd2eda8" "tx1ac8b43325de4bcebac4a-00697f0d70" "container-server 23" 0.0026 "-" 20 0
Feb 1 08:23:12 np0005604211 container-server[120758]: 172.20.0.104 - - [01/Feb/2026:08:23:12 +0000] "PUT /d1/760/AUTH_8c7e182e9edd4a9496010d2b1c99e9ab/gnocchi.c0d034e1-81d5-4588-b05e-cf6b2bd2eda8" 201 - "PUT http://172.18.0.154:8080/v1/AUTH_8c7e182e9edd4a9496010d2b1c99e9ab/gnocchi.c0d034e1-81d5-4588-b05e-cf6b2bd2eda8" "tx1ac8b43325de4bcebac4a-00697f0d70" "proxy-server 20" 0.0237 "-" 23 0
Feb 1 08:23:12 np0005604211 proxy-server[122537]: - - 01/Feb/2026/08/23/12 HEAD /v1/AUTH_8c7e182e9edd4a9496010d2b1c99e9ab/gnocchi.c0d034e1-81d5-4588-b05e-cf6b2bd2eda8%3Fformat%3Djson%26states%3Dlisting HTTP/1.0 204 - Swift - - - - tx5919b87e44214ed98acd6-00697f0d70 - 0.0084 RL - 1769934192.111053705 1769934192.119436741 0
Feb 1 08:23:12 np0005604211 proxy-server[122537]: 172.18.0.103 172.18.0.104 01/Feb/2026/08/23/12 GET /v1/AUTH_8c7e182e9edd4a9496010d2b1c99e9ab/gnocchi.c0d034e1-81d5-4588-b05e-cf6b2bd2eda8%3Fformat%3Djson%26states%3Dlisting HTTP/1.0 200 - python-swiftclient-3.11.1 gAAAAABpfw1vYyou... - 2 - tx5919b87e44214ed98acd6-00697f0d70 - 0.0328 - - 1769934192.103707790 1769934192.136463165 0
Feb 1 08:23:12 np0005604211 object-server[121185]: 172.20.0.103 - - [01/Feb/2026:08:23:12 +0000] "GET /d1/428/AUTH_8c7e182e9edd4a9496010d2b1c99e9ab/gnocchi.c0d034e1-81d5-4588-b05e-cf6b2bd2eda8/1769040000.0_mean_300.0_v3" 404 70 "GET http://172.18.0.154:8080/v1/AUTH_8c7e182e9edd4a9496010d2b1c99e9ab/gnocchi.c0d034e1-81d5-4588-b05e-cf6b2bd2eda8/1769040000.0_mean_300.0_v3" "tx69cb90833ee14b1f86023-00697f0d70" "proxy-server 20" 0.0013 "-" 23 0
Feb 1 08:23:12 np0005604211 container-server[120758]: 172.20.0.105 - - [01/Feb/2026:08:23:12 +0000] "PUT /d1/760/AUTH_8c7e182e9edd4a9496010d2b1c99e9ab/gnocchi.c0d034e1-81d5-4588-b05e-cf6b2bd2eda8/1769040000.0_mean_300.0_v3" 201 - "PUT http://172.18.0.154:8080/d1/428/AUTH_8c7e182e9edd4a9496010d2b1c99e9ab/gnocchi.c0d034e1-81d5-4588-b05e-cf6b2bd2eda8/1769040000.0_mean_300.0_v3" "tx056c5128e2fb4c928198e-00697f0d70" "object-server 24" 0.0013 "-" 23 0
Feb 1 08:23:12 np0005604211 object-server[121191]: 172.20.0.104 - - [01/Feb/2026:08:23:12 +0000] "PUT /d1/428/AUTH_8c7e182e9edd4a9496010d2b1c99e9ab/gnocchi.c0d034e1-81d5-4588-b05e-cf6b2bd2eda8/1769040000.0_mean_300.0_v3" 201 - "PUT http://172.18.0.154:8080/v1/AUTH_8c7e182e9edd4a9496010d2b1c99e9ab/gnocchi.c0d034e1-81d5-4588-b05e-cf6b2bd2eda8/1769040000.0_mean_300.0_v3" "tx056c5128e2fb4c928198e-00697f0d70" "proxy-server 20" 0.0370 "-" 24 0
Feb 1 08:23:12 np0005604211 object-server[121191]: 172.20.0.105 - - [01/Feb/2026:08:23:12 +0000] "PUT /d1/455/AUTH_8c7e182e9edd4a9496010d2b1c99e9ab/gnocchi.c0d034e1-81d5-4588-b05e-cf6b2bd2eda8/none_v3" 201 - "PUT http://172.18.0.154:8080/v1/AUTH_8c7e182e9edd4a9496010d2b1c99e9ab/gnocchi.c0d034e1-81d5-4588-b05e-cf6b2bd2eda8/none_v3" "tx0605671414d141e392305-00697f0d70" "proxy-server 20" 0.0222 "-" 24 0
Feb 1 08:23:12 np0005604211 container-server[120757]: 172.20.0.103 - - [01/Feb/2026:08:23:12 +0000] "PUT /d1/760/AUTH_8c7e182e9edd4a9496010d2b1c99e9ab/gnocchi.c0d034e1-81d5-4588-b05e-cf6b2bd2eda8/none_v3" 201 - "PUT http://172.18.0.154:8080/d1/455/AUTH_8c7e182e9edd4a9496010d2b1c99e9ab/gnocchi.c0d034e1-81d5-4588-b05e-cf6b2bd2eda8/none_v3" "tx0605671414d141e392305-00697f0d70" "object-server 24" 0.0016 "-" 22 0
Feb 1 08:23:12 np0005604211 proxy-server[122537]: 172.18.0.103 172.18.0.104 01/Feb/2026/08/23/12 PUT /v1/AUTH_8c7e182e9edd4a9496010d2b1c99e9ab/gnocchi.c0d034e1-81d5-4588-b05e-cf6b2bd2eda8/none_v3 HTTP/1.0 201 - python-swiftclient-3.11.1 gAAAAABpfw1vYyou... 22 - - tx0605671414d141e392305-00697f0d70 - 0.0511 - - 1769934192.226398706 1769934192.277460575 0
Feb 1 08:23:13 np0005604211 account-server[119839]: Beginning replication run
Feb 1 08:23:13 np0005604211 account-server[119839]: Replication run OVER
Feb 1 08:23:13 np0005604211 account-server[119839]: Attempted to replicate 1 dbs in 0.03776 seconds (26.48046/s)
Feb 1 08:23:13 np0005604211 account-server[119839]: Removed 0 dbs
Feb 1 08:23:13 np0005604211 account-server[119839]: 2 successes, 0 failures
Feb 1 08:23:13 np0005604211 account-server[119839]: diff:0 diff_capped:0 empty:0 hashmatch:0 no_change:2 remote_merge:0 rsync:0 ts_repl:0
Feb 1 08:23:20 np0005604211 object-server[120855]: Starting object replication pass.
Feb 1 08:23:20 np0005604211 object-server[120855]: 2/2 (100.00%) partitions replicated in 0.04s (45.29/sec, 0s remaining)
Feb 1 08:23:20 np0005604211 object-server[120855]: 4 successes, 0 failures
Feb 1 08:23:20 np0005604211 object-server[120855]: 2 suffixes checked - 0.00% hashed, 0.00% synced
Feb 1 08:23:20 np0005604211 object-server[120855]: Partition times: max 0.0244s, min 0.0154s, med 0.0244s
Feb 1 08:23:20 np0005604211 object-server[120855]: Object replication complete. (0.00 minutes)
Feb 1 08:23:21 np0005604211 object-server[203562]: Begin object audit "forever" mode (ZBF)
Feb 1 08:23:21 np0005604211 object-server[203562]: Object audit (ZBF). Since Sun Feb 1 08:23:21 2026: Locally: 1 passed, 0 quarantined, 0 errors, files/sec: 497.07, bytes/sec: 0.00, Total time: 0.00, Auditing time: 0.00, Rate: 0.00
Feb 1 08:23:21 np0005604211 object-server[203562]: Object audit (ZBF) "forever" mode completed: 0.00s. Total quarantined: 0, Total errors: 0, Total files/sec: 438.00, Total bytes/sec: 0.00, Auditing time: 0.00, Rate: 0.29
Feb 1 08:23:32 np0005604211 container-server[120333]: Beginning replication run
Feb 1 08:23:32 np0005604211 container-server[120333]: Replication run OVER
Feb 1 08:23:32 np0005604211 container-server[120333]: Attempted to replicate 1 dbs in 0.03712 seconds (26.93933/s)
Feb 1 08:23:32 np0005604211 container-server[120333]: Removed 0 dbs
Feb 1 08:23:32 np0005604211 container-server[120333]: 2 successes, 0 failures
Feb 1 08:23:32 np0005604211 container-server[120333]: diff:0 diff_capped:0 empty:0 hashmatch:0 no_change:2 remote_merge:0 rsync:0 ts_repl:0
Feb 1 08:23:41 np0005604211 container-server[120750]: 172.20.0.105 - - [01/Feb/2026:08:23:41 +0000] "GET /d1/760/AUTH_8c7e182e9edd4a9496010d2b1c99e9ab/gnocchi.c0d034e1-81d5-4588-b05e-cf6b2bd2eda8" 200 2 "GET http://172.18.0.154:8080/v1/AUTH_8c7e182e9edd4a9496010d2b1c99e9ab/gnocchi.c0d034e1-81d5-4588-b05e-cf6b2bd2eda8?format=json&marker=none_v3&states=listing" "tx44b7f6dd343341a9b8eca-00697f0d8d" "proxy-server 20" 0.0057 "-" 21 0
Feb 1 08:23:41 np0005604211 proxy-server[122537]: 172.18.0.105 172.18.0.104 01/Feb/2026/08/23/41 GET /v1/AUTH_8c7e182e9edd4a9496010d2b1c99e9ab/gnocchi.c0d034e1-81d5-4588-b05e-cf6b2bd2eda8%3Fformat%3Djson%26marker%3Dnone_v3%26states%3Dlisting HTTP/1.0 200 - python-swiftclient-3.11.1 gAAAAABpfw2NcD79... - 2 - tx44b7f6dd343341a9b8eca-00697f0d8d - 0.0181 - - 1769934221.593006134 1769934221.611142397 0
Feb 1 08:23:41 np0005604211 container-server[120758]: 172.20.0.104 - - [01/Feb/2026:08:23:41 +0000] "PUT /d1/760/AUTH_8c7e182e9edd4a9496010d2b1c99e9ab/gnocchi.c0d034e1-81d5-4588-b05e-cf6b2bd2eda8/1769040000.0_mean_300.0_v3" 201 - "PUT http://172.18.0.154:8080/d1/428/AUTH_8c7e182e9edd4a9496010d2b1c99e9ab/gnocchi.c0d034e1-81d5-4588-b05e-cf6b2bd2eda8/1769040000.0_mean_300.0_v3" "tx5d7764001bc74354bc085-00697f0d8d" "object-server 23" 0.0009 "-" 23 0
Feb 1 08:23:41 np0005604211 object-server[121164]: 172.20.0.104 - - [01/Feb/2026:08:23:41 +0000] "PUT /d1/428/AUTH_8c7e182e9edd4a9496010d2b1c99e9ab/gnocchi.c0d034e1-81d5-4588-b05e-cf6b2bd2eda8/1769040000.0_mean_300.0_v3" 201 - "PUT http://172.18.0.154:8080/v1/AUTH_8c7e182e9edd4a9496010d2b1c99e9ab/gnocchi.c0d034e1-81d5-4588-b05e-cf6b2bd2eda8/1769040000.0_mean_300.0_v3" "tx5d7764001bc74354bc085-00697f0d8d" "proxy-server 20" 0.0428 "-" 22 0
Feb 1 08:23:41 np0005604211 container-server[120750]: 172.20.0.105 - - [01/Feb/2026:08:23:41 +0000] "PUT /d1/760/AUTH_8c7e182e9edd4a9496010d2b1c99e9ab/gnocchi.c0d034e1-81d5-4588-b05e-cf6b2bd2eda8/none_v3" 201 - "PUT http://172.18.0.154:8080/d1/455/AUTH_8c7e182e9edd4a9496010d2b1c99e9ab/gnocchi.c0d034e1-81d5-4588-b05e-cf6b2bd2eda8/none_v3" "tx942b020d12e94153a11a0-00697f0d8d" "object-server 25" 0.0010 "-" 21 0
Feb 1 08:23:41 np0005604211 object-server[121197]: 172.20.0.105 - - [01/Feb/2026:08:23:41 +0000] "PUT /d1/455/AUTH_8c7e182e9edd4a9496010d2b1c99e9ab/gnocchi.c0d034e1-81d5-4588-b05e-cf6b2bd2eda8/none_v3" 201 - "PUT http://172.18.0.154:8080/v1/AUTH_8c7e182e9edd4a9496010d2b1c99e9ab/gnocchi.c0d034e1-81d5-4588-b05e-cf6b2bd2eda8/none_v3" "tx942b020d12e94153a11a0-00697f0d8d" "proxy-server 20" 0.0291 "-" 25 0
Feb 1 08:23:41 np0005604211 proxy-server[122537]: 172.18.0.105 172.18.0.104 01/Feb/2026/08/23/41 PUT /v1/AUTH_8c7e182e9edd4a9496010d2b1c99e9ab/gnocchi.c0d034e1-81d5-4588-b05e-cf6b2bd2eda8/none_v3 HTTP/1.0 201 - python-swiftclient-3.11.1 gAAAAABpfw2NcD79... 32 - - tx942b020d12e94153a11a0-00697f0d8d - 0.0415 - - 1769934221.693790197 1769934221.735266447 0
Feb 1 08:23:43 np0005604211 account-server[119839]: Beginning replication run
Feb 1 08:23:43 np0005604211 account-server[119839]: Replication run OVER
Feb 1 08:23:43 np0005604211 account-server[119839]: Attempted to replicate 1 dbs in 0.02024 seconds (49.41311/s)
Feb 1 08:23:43 np0005604211 account-server[119839]: Removed 0 dbs
Feb 1 08:23:43 np0005604211 account-server[119839]: 2 successes, 0 failures
Feb 1 08:23:43 np0005604211 account-server[119839]: diff:0 diff_capped:0 empty:0 hashmatch:0 no_change:2 remote_merge:0 rsync:0 ts_repl:0
Feb 1 08:23:50 np0005604211 object-server[120855]: Starting object replication pass.
Feb 1 08:23:50 np0005604211 object-server[120855]: 2/2 (100.00%) partitions replicated in 0.02s (82.92/sec, 0s remaining)
Feb 1 08:23:50 np0005604211 object-server[120855]: 4 successes, 0 failures
Feb 1 08:23:50 np0005604211 object-server[120855]: 2 suffixes checked - 0.00% hashed, 0.00% synced
Feb 1 08:23:50 np0005604211 object-server[120855]: Partition times: max 0.0112s, min 0.0086s, med 0.0112s
Feb 1 08:23:50 np0005604211 object-server[120855]: Object replication complete. (0.00 minutes)
Feb 1 08:23:51 np0005604211 object-server[209680]: Begin object audit "forever" mode (ZBF)
Feb 1 08:23:51 np0005604211 object-server[209681]: Begin object audit "forever" mode (ALL)
Feb 1 08:23:51 np0005604211 object-server[209680]: Object audit (ZBF). Since Sun Feb 1 08:23:51 2026: Locally: 1 passed, 0 quarantined, 0 errors, files/sec: 565.80, bytes/sec: 0.00, Total time: 0.00, Auditing time: 0.00, Rate: 0.00
Feb 1 08:23:51 np0005604211 object-server[209680]: Object audit (ZBF) "forever" mode completed: 0.00s. Total quarantined: 0, Total errors: 0, Total files/sec: 459.70, Total bytes/sec: 0.00, Auditing time: 0.00, Rate: 0.32
Feb 1 08:23:51 np0005604211 object-server[209681]: Object audit (ALL). Since Sun Feb 1 08:23:51 2026: Locally: 1 passed, 0 quarantined, 0 errors, files/sec: 126.72, bytes/sec: 2027.46, Total time: 0.01, Auditing time: 0.00, Rate: 0.00
Feb 1 08:23:51 np0005604211 object-server[209681]: Object audit (ALL) "forever" mode completed: 0.01s. Total quarantined: 0, Total errors: 0, Total files/sec: 172.50, Total bytes/sec: 4139.88, Auditing time: 0.01, Rate: 0.70
Feb 1 08:24:02 np0005604211 container-server[120333]: Beginning replication run
Feb 1 08:24:02 np0005604211 container-server[120333]: Replication run OVER
Feb 1 08:24:02 np0005604211 container-server[120333]: Attempted to replicate 1 dbs in 0.03388 seconds (29.51959/s)
Feb 1 08:24:02 np0005604211 container-server[120333]: Removed 0 dbs
Feb 1 08:24:02 np0005604211 container-server[120333]: 2 successes, 0 failures
Feb 1 08:24:02 np0005604211 container-server[120333]: diff:0 diff_capped:0 empty:0 hashmatch:0 no_change:2 remote_merge:0 rsync:0 ts_repl:0
Feb 1 08:24:13 np0005604211 account-server[119839]: Beginning replication run
Feb 1 08:24:13 np0005604211 account-server[119839]: Replication run OVER
Feb 1 08:24:13 np0005604211 account-server[119839]: Attempted to replicate 1 dbs in 0.02119 seconds (47.18086/s)
Feb 1 08:24:13 np0005604211 account-server[119839]: Removed 0 dbs
Feb 1 08:24:13 np0005604211 account-server[119839]: 2 successes, 0 failures
Feb 1 08:24:13 np0005604211 account-server[119839]: diff:0 diff_capped:0 empty:0 hashmatch:0 no_change:2 remote_merge:0 rsync:0 ts_repl:0
Feb 1 08:24:14 np0005604211 account-server[120567]: 172.20.0.103 - - [01/Feb/2026:08:24:14 +0000] "HEAD /d1/833/AUTH_8c7e182e9edd4a9496010d2b1c99e9ab" 204 - "HEAD http://172.18.0.154:8080/v1/AUTH_8c7e182e9edd4a9496010d2b1c99e9ab?format=json" "tx3b89c39335bf4f13a3e4e-00697f0dae" "proxy-server 20" 0.0032 "-" 23 -
Feb 1 08:24:14 np0005604211 container-server[120750]: 172.20.0.103 - - [01/Feb/2026:08:24:14 +0000] "HEAD /d1/869/AUTH_8c7e182e9edd4a9496010d2b1c99e9ab/gnocchi.335e3853-c550-4621-9480-712eb59d1cd0" 404 - "HEAD http://172.18.0.154:8080/v1/AUTH_8c7e182e9edd4a9496010d2b1c99e9ab/gnocchi.335e3853-c550-4621-9480-712eb59d1cd0?format=json&states=listing" "tx3b89c39335bf4f13a3e4e-00697f0dae" "proxy-server 20" 0.0008 "-" 21 0
Feb 1 08:24:14 np0005604211 container-server[120747]: 172.20.0.104 - - [01/Feb/2026:08:24:14 +0000] "HEAD /d1/719/AUTH_8c7e182e9edd4a9496010d2b1c99e9ab/gnocchi.c3ef7314-5e39-4fcf-9959-654c2ca1597b" 404 - "HEAD http://172.18.0.154:8080/v1/AUTH_8c7e182e9edd4a9496010d2b1c99e9ab/gnocchi.c3ef7314-5e39-4fcf-9959-654c2ca1597b?format=json&states=listing" "tx1c65374f57e44d7cbe221-00697f0dae" "proxy-server 20" 0.0015 "-" 20 0
Feb 1 08:24:14 np0005604211 object-server[121191]: 172.20.0.104 - - [01/Feb/2026:08:24:14 +0000] "GET /d1/659/AUTH_8c7e182e9edd4a9496010d2b1c99e9ab/gnocchi.c3ef7314-5e39-4fcf-9959-654c2ca1597b/none_v3" 404 70 "GET http://172.18.0.154:8080/v1/AUTH_8c7e182e9edd4a9496010d2b1c99e9ab/gnocchi.c3ef7314-5e39-4fcf-9959-654c2ca1597b/none_v3" "tx1c65374f57e44d7cbe221-00697f0dae" "proxy-server 20" 0.0009 "-" 24 0
Feb 1 08:24:14 np0005604211 object-server[121197]: 172.20.0.103 - - [01/Feb/2026:08:24:14 +0000] "GET /d1/438/AUTH_8c7e182e9edd4a9496010d2b1c99e9ab/gnocchi.335e3853-c550-4621-9480-712eb59d1cd0/none_v3" 404 70 "GET http://172.18.0.154:8080/v1/AUTH_8c7e182e9edd4a9496010d2b1c99e9ab/gnocchi.335e3853-c550-4621-9480-712eb59d1cd0/none_v3" "tx3b89c39335bf4f13a3e4e-00697f0dae" "proxy-server 20" 0.0010 "-" 25 0
Feb 1 08:24:14 np0005604211 account-server[120567]: 172.20.0.105 - - [01/Feb/2026:08:24:14 +0000] "PUT /d1/833/AUTH_8c7e182e9edd4a9496010d2b1c99e9ab/gnocchi.335e3853-c550-4621-9480-712eb59d1cd0" 201 - "PUT http://172.20.0.105:6001/d1/869/AUTH_8c7e182e9edd4a9496010d2b1c99e9ab/gnocchi.335e3853-c550-4621-9480-712eb59d1cd0" "tx3dde6b6c21f648c8b0413-00697f0dae" "container-server 23" 0.0023 "-" 23 0
Feb 1 08:24:14 np0005604211 container-server[120758]: 172.20.0.105 - - [01/Feb/2026:08:24:14 +0000] "PUT /d1/869/AUTH_8c7e182e9edd4a9496010d2b1c99e9ab/gnocchi.335e3853-c550-4621-9480-712eb59d1cd0" 201 - "PUT http://172.18.0.154:8080/v1/AUTH_8c7e182e9edd4a9496010d2b1c99e9ab/gnocchi.335e3853-c550-4621-9480-712eb59d1cd0" "tx3dde6b6c21f648c8b0413-00697f0dae" "proxy-server 20" 0.0180 "-" 23 0
Feb 1 08:24:14 np0005604211 proxy-server[122537]: 172.18.0.103 172.18.0.104 01/Feb/2026/08/24/14 PUT /v1/AUTH_8c7e182e9edd4a9496010d2b1c99e9ab/gnocchi.335e3853-c550-4621-9480-712eb59d1cd0 HTTP/1.0 201 - python-swiftclient-3.11.1 gAAAAABpfw1vYyou... - - - tx3dde6b6c21f648c8b0413-00697f0dae - 0.0270 - - 1769934254.552992582 1769934254.579995871 0
Feb 1 08:24:14 np0005604211 account-server[120561]: 172.20.0.103 - - [01/Feb/2026:08:24:14 +0000] "PUT /d1/833/AUTH_8c7e182e9edd4a9496010d2b1c99e9ab/gnocchi.c3ef7314-5e39-4fcf-9959-654c2ca1597b" 201 - "PUT http://172.20.0.103:6001/d1/719/AUTH_8c7e182e9edd4a9496010d2b1c99e9ab/gnocchi.c3ef7314-5e39-4fcf-9959-654c2ca1597b" "tx473e85d6e72a460aae84b-00697f0dae" "container-server 22" 0.0065 "-" 22 0
Feb 1 08:24:14 np0005604211 container-server[120750]: 172.20.0.103 - - [01/Feb/2026:08:24:14 +0000] "PUT /d1/719/AUTH_8c7e182e9edd4a9496010d2b1c99e9ab/gnocchi.c3ef7314-5e39-4fcf-9959-654c2ca1597b" 201 - "PUT http://172.18.0.154:8080/v1/AUTH_8c7e182e9edd4a9496010d2b1c99e9ab/gnocchi.c3ef7314-5e39-4fcf-9959-654c2ca1597b" "tx473e85d6e72a460aae84b-00697f0dae" "proxy-server 20" 0.0272 "-" 21 0
Feb 1 08:24:14 np0005604211 proxy-server[122537]: - - 01/Feb/2026/08/24/14 HEAD /v1/AUTH_8c7e182e9edd4a9496010d2b1c99e9ab/gnocchi.c3ef7314-5e39-4fcf-9959-654c2ca1597b%3Fformat%3Djson%26states%3Dlisting HTTP/1.0 204 - Swift - - - - tx25aeb17802f4485a96256-00697f0dae - 0.0084 RL - 1769934254.606266260 1769934254.614664078 0
Feb 1 08:24:14 np0005604211 proxy-server[122537]: 172.18.0.105 172.18.0.104 01/Feb/2026/08/24/14 GET /v1/AUTH_8c7e182e9edd4a9496010d2b1c99e9ab/gnocchi.c3ef7314-5e39-4fcf-9959-654c2ca1597b%3Fformat%3Djson%26states%3Dlisting HTTP/1.0 200 - python-swiftclient-3.11.1 gAAAAABpfw2NcD79... - 2 - tx25aeb17802f4485a96256-00697f0dae - 0.0255 - - 1769934254.604621887 1769934254.630082369 0
Feb 1 08:24:14 np0005604211 object-server[121197]: 172.20.0.103 - - [01/Feb/2026:08:24:14 +0000] "GET /d1/171/AUTH_8c7e182e9edd4a9496010d2b1c99e9ab/gnocchi.335e3853-c550-4621-9480-712eb59d1cd0/1769040000.0_mean_300.0_v3" 404 70 "GET http://172.18.0.154:8080/v1/AUTH_8c7e182e9edd4a9496010d2b1c99e9ab/gnocchi.335e3853-c550-4621-9480-712eb59d1cd0/1769040000.0_mean_300.0_v3" "txeafc08933b2f4a689f46a-00697f0dae" "proxy-server 20" 0.0005 "-" 25 0
Feb 1 08:24:14 np0005604211 object-server[121191]: 172.20.0.104 - - [01/Feb/2026:08:24:14 +0000] "GET /d1/452/AUTH_8c7e182e9edd4a9496010d2b1c99e9ab/gnocchi.c3ef7314-5e39-4fcf-9959-654c2ca1597b/1769040000.0_mean_300.0_v3" 404 70 "GET http://172.18.0.154:8080/v1/AUTH_8c7e182e9edd4a9496010d2b1c99e9ab/gnocchi.c3ef7314-5e39-4fcf-9959-654c2ca1597b/1769040000.0_mean_300.0_v3" "tx658022e410a8496699c47-00697f0dae" "proxy-server 20" 0.0005 "-" 24 0
Feb 1 08:24:14 np0005604211 container-server[120757]: 172.20.0.105 - - [01/Feb/2026:08:24:14 +0000] "PUT /d1/869/AUTH_8c7e182e9edd4a9496010d2b1c99e9ab/gnocchi.335e3853-c550-4621-9480-712eb59d1cd0/1769040000.0_mean_300.0_v3" 201 - "PUT http://172.18.0.154:8080/d1/171/AUTH_8c7e182e9edd4a9496010d2b1c99e9ab/gnocchi.335e3853-c550-4621-9480-712eb59d1cd0/1769040000.0_mean_300.0_v3" "tx9891651a339341f5902f6-00697f0dae" "object-server 25" 0.0009 "-" 22 0
Feb 1 08:24:14 np0005604211 object-server[121197]: 172.20.0.105 - - [01/Feb/2026:08:24:14 +0000] "PUT /d1/171/AUTH_8c7e182e9edd4a9496010d2b1c99e9ab/gnocchi.335e3853-c550-4621-9480-712eb59d1cd0/1769040000.0_mean_300.0_v3" 201 - "PUT http://172.18.0.154:8080/v1/AUTH_8c7e182e9edd4a9496010d2b1c99e9ab/gnocchi.335e3853-c550-4621-9480-712eb59d1cd0/1769040000.0_mean_300.0_v3" "tx9891651a339341f5902f6-00697f0dae" "proxy-server 20" 0.0229 "-" 25 0
Feb 1 08:24:14 np0005604211 proxy-server[122537]: 172.18.0.103 172.18.0.104 01/Feb/2026/08/24/14 PUT /v1/AUTH_8c7e182e9edd4a9496010d2b1c99e9ab/gnocchi.335e3853-c550-4621-9480-712eb59d1cd0/1769040000.0_mean_300.0_v3 HTTP/1.0 201 - python-swiftclient-3.11.1 gAAAAABpfw1vYyou... 16 - - tx9891651a339341f5902f6-00697f0dae - 0.0441 - - 1769934254.642088413 1769934254.686214447 0
Feb 1 08:24:14 np0005604211 container-server[120747]: 172.20.0.105 - - [01/Feb/2026:08:24:14 +0000] "PUT /d1/719/AUTH_8c7e182e9edd4a9496010d2b1c99e9ab/gnocchi.c3ef7314-5e39-4fcf-9959-654c2ca1597b/1769040000.0_mean_300.0_v3" 201 - "PUT http://172.18.0.154:8080/d1/452/AUTH_8c7e182e9edd4a9496010d2b1c99e9ab/gnocchi.c3ef7314-5e39-4fcf-9959-654c2ca1597b/1769040000.0_mean_300.0_v3" "txa631db29379f4a7fb4aac-00697f0dae" "object-server 23" 0.0011 "-" 20 0
Feb 1 08:24:14 np0005604211 object-server[121185]: 172.20.0.103 - - [01/Feb/2026:08:24:14 +0000] "PUT /d1/452/AUTH_8c7e182e9edd4a9496010d2b1c99e9ab/gnocchi.c3ef7314-5e39-4fcf-9959-654c2ca1597b/1769040000.0_mean_300.0_v3" 201 - "PUT http://172.18.0.154:8080/v1/AUTH_8c7e182e9edd4a9496010d2b1c99e9ab/gnocchi.c3ef7314-5e39-4fcf-9959-654c2ca1597b/1769040000.0_mean_300.0_v3" "txa631db29379f4a7fb4aac-00697f0dae" "proxy-server 20" 0.0319 "-" 23 0
Feb 1 08:24:14 np0005604211 container-server[120747]: 172.20.0.104 - - [01/Feb/2026:08:24:14 +0000] "PUT /d1/869/AUTH_8c7e182e9edd4a9496010d2b1c99e9ab/gnocchi.335e3853-c550-4621-9480-712eb59d1cd0/none_v3" 201 - "PUT http://172.18.0.154:8080/d1/438/AUTH_8c7e182e9edd4a9496010d2b1c99e9ab/gnocchi.335e3853-c550-4621-9480-712eb59d1cd0/none_v3" "txb2f7d1d5302a44debf02d-00697f0dae" "object-server 23" 0.0010 "-" 20 0
Feb 1 08:24:14 np0005604211 object-server[121164]: 172.20.0.104 - - [01/Feb/2026:08:24:14 +0000] "PUT /d1/438/AUTH_8c7e182e9edd4a9496010d2b1c99e9ab/gnocchi.335e3853-c550-4621-9480-712eb59d1cd0/none_v3" 201 - "PUT http://172.18.0.154:8080/v1/AUTH_8c7e182e9edd4a9496010d2b1c99e9ab/gnocchi.335e3853-c550-4621-9480-712eb59d1cd0/none_v3" "txb2f7d1d5302a44debf02d-00697f0dae" "proxy-server 20" 0.0147 "-" 22 0
Feb 1 08:24:14 np0005604211 container-server[120750]: 172.20.0.103 - - [01/Feb/2026:08:24:14 +0000] "PUT /d1/719/AUTH_8c7e182e9edd4a9496010d2b1c99e9ab/gnocchi.c3ef7314-5e39-4fcf-9959-654c2ca1597b/none_v3" 201 - "PUT http://172.18.0.154:8080/d1/659/AUTH_8c7e182e9edd4a9496010d2b1c99e9ab/gnocchi.c3ef7314-5e39-4fcf-9959-654c2ca1597b/none_v3" "txf18e7ec986e64a2fac5d5-00697f0dae" "object-server 22" 0.0010 "-" 21 0
Feb 1 08:24:14 np0005604211 object-server[121164]: 172.20.0.105 - - [01/Feb/2026:08:24:14 +0000] "PUT /d1/659/AUTH_8c7e182e9edd4a9496010d2b1c99e9ab/gnocchi.c3ef7314-5e39-4fcf-9959-654c2ca1597b/none_v3" 201 - "PUT http://172.18.0.154:8080/v1/AUTH_8c7e182e9edd4a9496010d2b1c99e9ab/gnocchi.c3ef7314-5e39-4fcf-9959-654c2ca1597b/none_v3" "txf18e7ec986e64a2fac5d5-00697f0dae" "proxy-server 20" 0.0211 "-" 22 0
Feb 1 08:24:14 np0005604211 proxy-server[122537]: 172.18.0.105 172.18.0.104 01/Feb/2026/08/24/14 PUT /v1/AUTH_8c7e182e9edd4a9496010d2b1c99e9ab/gnocchi.c3ef7314-5e39-4fcf-9959-654c2ca1597b/none_v3 HTTP/1.0 201 - python-swiftclient-3.11.1 gAAAAABpfw2NcD79... 22 - - txf18e7ec986e64a2fac5d5-00697f0dae - 0.0353 - - 1769934254.712069035 1769934254.747397661 0
Feb 1 08:24:20 np0005604211 object-server[120855]: Starting object replication pass.
Feb 1 08:24:20 np0005604211 object-server[120855]: 6/6 (100.00%) partitions replicated in 0.08s (78.78/sec, 0s remaining)
Feb 1 08:24:20 np0005604211 object-server[120855]: 12 successes, 0 failures
Feb 1 08:24:20 np0005604211 object-server[120855]: 6 suffixes checked - 0.00% hashed, 0.00% synced
Feb 1 08:24:20 np0005604211 object-server[120855]: Partition times: max 0.0145s, min 0.0091s, med 0.0120s
Feb 1 08:24:20 np0005604211 object-server[120855]: Object replication complete. (0.00 minutes)
Feb 1 08:24:21 np0005604211 object-server[209683]: Begin object audit "forever" mode (ZBF)
Feb 1 08:24:21 np0005604211 object-server[209683]: Object audit (ZBF). Since Sun Feb 1 08:24:21 2026: Locally: 1 passed, 0 quarantined, 0 errors, files/sec: 249.51, bytes/sec: 0.00, Total time: 0.00, Auditing time: 0.00, Rate: 0.00
Feb 1 08:24:22 np0005604211 object-server[209683]: Object audit (ZBF) "forever" mode completed: 0.09s. Total quarantined: 0, Total errors: 0, Total files/sec: 69.85, Total bytes/sec: 0.00, Auditing time: 0.08, Rate: 0.92
Feb 1 08:24:24 np0005604211 container-server[120750]: 172.20.0.104 - - [01/Feb/2026:08:24:24 +0000] "HEAD /d1/473/AUTH_8c7e182e9edd4a9496010d2b1c99e9ab/gnocchi.eb7c1786-c772-4010-96f3-26505f103ddb" 404 - "HEAD http://172.18.0.154:8080/v1/AUTH_8c7e182e9edd4a9496010d2b1c99e9ab/gnocchi.eb7c1786-c772-4010-96f3-26505f103ddb?format=json&states=listing" "txe1accea1dc8b4369bc925-00697f0db8" "proxy-server 20" 0.0009 "-" 21 0
Feb 1 08:24:24 np0005604211 container-server[120750]: 172.20.0.103 - - [01/Feb/2026:08:24:24 +0000] "HEAD /d1/768/AUTH_8c7e182e9edd4a9496010d2b1c99e9ab/gnocchi.65f9724a-9ac3-4860-b23b-2547251206f7" 404 - "HEAD http://172.18.0.154:8080/v1/AUTH_8c7e182e9edd4a9496010d2b1c99e9ab/gnocchi.65f9724a-9ac3-4860-b23b-2547251206f7?format=json&states=listing" "txff4d4d7e869c4761976f8-00697f0db8" "proxy-server 20" 0.0004 "-" 21 0
Feb 1 08:24:24 np0005604211 object-server[121185]: 172.20.0.103 - - [01/Feb/2026:08:24:24 +0000] "GET /d1/60/AUTH_8c7e182e9edd4a9496010d2b1c99e9ab/gnocchi.65f9724a-9ac3-4860-b23b-2547251206f7/none_v3" 404 70 "GET http://172.18.0.154:8080/v1/AUTH_8c7e182e9edd4a9496010d2b1c99e9ab/gnocchi.65f9724a-9ac3-4860-b23b-2547251206f7/none_v3" "txff4d4d7e869c4761976f8-00697f0db8" "proxy-server 20" 0.0007 "-" 23 0
Feb 1 08:24:24 np0005604211 object-server[121191]: 172.20.0.104 - - [01/Feb/2026:08:24:24 +0000] "GET /d1/722/AUTH_8c7e182e9edd4a9496010d2b1c99e9ab/gnocchi.eb7c1786-c772-4010-96f3-26505f103ddb/none_v3" 404 70 "GET http://172.18.0.154:8080/v1/AUTH_8c7e182e9edd4a9496010d2b1c99e9ab/gnocchi.eb7c1786-c772-4010-96f3-26505f103ddb/none_v3" "txe1accea1dc8b4369bc925-00697f0db8" "proxy-server 20" 0.0004 "-" 24 0
Feb 1 08:24:24 np0005604211 account-server[120561]: 172.20.0.104 - - [01/Feb/2026:08:24:24 +0000] "PUT /d1/833/AUTH_8c7e182e9edd4a9496010d2b1c99e9ab/gnocchi.65f9724a-9ac3-4860-b23b-2547251206f7" 201 - "PUT http://172.20.0.104:6001/d1/768/AUTH_8c7e182e9edd4a9496010d2b1c99e9ab/gnocchi.65f9724a-9ac3-4860-b23b-2547251206f7" "tx228ab6812e704014bd8c3-00697f0db8" "container-server 22" 0.0065 "-" 22 0
Feb 1 08:24:24 np0005604211 container-server[120750]: 172.20.0.105 - - [01/Feb/2026:08:24:24 +0000] "PUT /d1/768/AUTH_8c7e182e9edd4a9496010d2b1c99e9ab/gnocchi.65f9724a-9ac3-4860-b23b-2547251206f7" 201 - "PUT http://172.18.0.154:8080/v1/AUTH_8c7e182e9edd4a9496010d2b1c99e9ab/gnocchi.65f9724a-9ac3-4860-b23b-2547251206f7" "tx228ab6812e704014bd8c3-00697f0db8" "proxy-server 20" 0.0255 "-" 21 0
Feb 1 08:24:24 np0005604211 account-server[120567]: 172.20.0.103 - - [01/Feb/2026:08:24:24 +0000] "PUT /d1/833/AUTH_8c7e182e9edd4a9496010d2b1c99e9ab/gnocchi.eb7c1786-c772-4010-96f3-26505f103ddb" 201 - "PUT http://172.20.0.103:6001/d1/473/AUTH_8c7e182e9edd4a9496010d2b1c99e9ab/gnocchi.eb7c1786-c772-4010-96f3-26505f103ddb" "tx35ea99c2a6d3413f9faa9-00697f0db8" "container-server 22" 0.0057 "-" 23 0
Feb 1 08:24:24 np0005604211 proxy-server[122537]: 172.18.0.105 172.18.0.104 01/Feb/2026/08/24/24 PUT /v1/AUTH_8c7e182e9edd4a9496010d2b1c99e9ab/gnocchi.65f9724a-9ac3-4860-b23b-2547251206f7 HTTP/1.0 201 - python-swiftclient-3.11.1 gAAAAABpfw2NcD79... - - - tx228ab6812e704014bd8c3-00697f0db8 - 0.0438 - - 1769934264.067632675 1769934264.111479998 0
Feb 1 08:24:24 np0005604211 container-server[120758]: 172.20.0.103 - - [01/Feb/2026:08:24:24 +0000] "PUT /d1/473/AUTH_8c7e182e9edd4a9496010d2b1c99e9ab/gnocchi.eb7c1786-c772-4010-96f3-26505f103ddb" 201 - "PUT http://172.18.0.154:8080/v1/AUTH_8c7e182e9edd4a9496010d2b1c99e9ab/gnocchi.eb7c1786-c772-4010-96f3-26505f103ddb" "tx35ea99c2a6d3413f9faa9-00697f0db8" "proxy-server 20" 0.0358 "-" 23 0
Feb 1 08:24:24 np0005604211 proxy-server[122537]: - - 01/Feb/2026/08/24/24 HEAD /v1/AUTH_8c7e182e9edd4a9496010d2b1c99e9ab/gnocchi.eb7c1786-c772-4010-96f3-26505f103ddb%3Fformat%3Djson%26states%3Dlisting HTTP/1.0 204 - Swift - - - - tx139557bd574b43af93e0d-00697f0db8 - 0.0075 RL - 1769934264.128325701 1769934264.135812044 0
Feb 1 08:24:24 np0005604211 container-server[120757]: 172.20.0.104 - - [01/Feb/2026:08:24:24 +0000] "GET /d1/768/AUTH_8c7e182e9edd4a9496010d2b1c99e9ab/gnocchi.65f9724a-9ac3-4860-b23b-2547251206f7" 200 2 "GET http://172.18.0.154:8080/v1/AUTH_8c7e182e9edd4a9496010d2b1c99e9ab/gnocchi.65f9724a-9ac3-4860-b23b-2547251206f7?format=json&states=listing" "tx201796940836408db766c-00697f0db8" "proxy-server 20" 0.0042 "-" 22 0
Feb 1 08:24:24 np0005604211 container-server[120757]: 172.20.0.105 - - [01/Feb/2026:08:24:24 +0000] "GET /d1/473/AUTH_8c7e182e9edd4a9496010d2b1c99e9ab/gnocchi.eb7c1786-c772-4010-96f3-26505f103ddb" 200 2 "GET http://172.18.0.154:8080/v1/AUTH_8c7e182e9edd4a9496010d2b1c99e9ab/gnocchi.eb7c1786-c772-4010-96f3-26505f103ddb?format=json&states=listing" "tx139557bd574b43af93e0d-00697f0db8" "proxy-server 20" 0.0031 "-" 22 0
Feb 1 08:24:24 np0005604211 proxy-server[122537]: 172.18.0.103 172.18.0.104 01/Feb/2026/08/24/24 GET /v1/AUTH_8c7e182e9edd4a9496010d2b1c99e9ab/gnocchi.eb7c1786-c772-4010-96f3-26505f103ddb%3Fformat%3Djson%26states%3Dlisting HTTP/1.0 200 - python-swiftclient-3.11.1 gAAAAABpfw1vYyou... - 2 - tx139557bd574b43af93e0d-00697f0db8 - 0.0239 - - 1769934264.125861645 1769934264.149778128 0
Feb 1 08:24:24 np0005604211 object-server[121197]: 172.20.0.103 - - [01/Feb/2026:08:24:24 +0000] "GET /d1/442/AUTH_8c7e182e9edd4a9496010d2b1c99e9ab/gnocchi.65f9724a-9ac3-4860-b23b-2547251206f7/1769040000.0_mean_300.0_v3" 404 70 "GET http://172.18.0.154:8080/v1/AUTH_8c7e182e9edd4a9496010d2b1c99e9ab/gnocchi.65f9724a-9ac3-4860-b23b-2547251206f7/1769040000.0_mean_300.0_v3" "txb1ec38690777415d9929f-00697f0db8" "proxy-server 20" 0.0005 "-" 25 0
Feb 1 08:24:24 np0005604211 object-server[121197]: 172.20.0.104 - - [01/Feb/2026:08:24:24 +0000] "GET /d1/699/AUTH_8c7e182e9edd4a9496010d2b1c99e9ab/gnocchi.eb7c1786-c772-4010-96f3-26505f103ddb/1769040000.0_mean_300.0_v3" 404 70 "GET http://172.18.0.154:8080/v1/AUTH_8c7e182e9edd4a9496010d2b1c99e9ab/gnocchi.eb7c1786-c772-4010-96f3-26505f103ddb/1769040000.0_mean_300.0_v3" "txf868f5b7c51c4761bf2b4-00697f0db8" "proxy-server 20" 0.0005 "-" 25 0
Feb 1 08:24:24 np0005604211 object-server[121197]: 172.20.0.103 - - [01/Feb/2026:08:24:24 +0000] "PUT /d1/699/AUTH_8c7e182e9edd4a9496010d2b1c99e9ab/gnocchi.eb7c1786-c772-4010-96f3-26505f103ddb/1769040000.0_mean_300.0_v3" 201 - "PUT http://172.18.0.154:8080/v1/AUTH_8c7e182e9edd4a9496010d2b1c99e9ab/gnocchi.eb7c1786-c772-4010-96f3-26505f103ddb/1769040000.0_mean_300.0_v3" "txb71d08e9ee674dcaae705-00697f0db8" "proxy-server 20" 0.0105 "-" 25 0
Feb 1 08:24:24 np0005604211 object-server[121185]: 172.20.0.105 - - [01/Feb/2026:08:24:24 +0000] "PUT /d1/442/AUTH_8c7e182e9edd4a9496010d2b1c99e9ab/gnocchi.65f9724a-9ac3-4860-b23b-2547251206f7/1769040000.0_mean_300.0_v3" 201 - "PUT http://172.18.0.154:8080/v1/AUTH_8c7e182e9edd4a9496010d2b1c99e9ab/gnocchi.65f9724a-9ac3-4860-b23b-2547251206f7/1769040000.0_mean_300.0_v3" "txfd705d809fbe4a849a33e-00697f0db8" "proxy-server 20" 0.0158 "-" 23 0
Feb 1 08:24:24 np0005604211 container-server[120758]: 172.20.0.103 - - [01/Feb/2026:08:24:24 +0000] "PUT /d1/473/AUTH_8c7e182e9edd4a9496010d2b1c99e9ab/gnocchi.eb7c1786-c772-4010-96f3-26505f103ddb/1769040000.0_mean_300.0_v3" 201 - "PUT http://172.18.0.154:8080/d1/699/AUTH_8c7e182e9edd4a9496010d2b1c99e9ab/gnocchi.eb7c1786-c772-4010-96f3-26505f103ddb/1769040000.0_mean_300.0_v3" "txb71d08e9ee674dcaae705-00697f0db8" "object-server 24" 0.0011 "-" 23 0
Feb 1 08:24:24 np0005604211 container-server[120758]: 172.20.0.103 - - [01/Feb/2026:08:24:24 +0000] "PUT /d1/768/AUTH_8c7e182e9edd4a9496010d2b1c99e9ab/gnocchi.65f9724a-9ac3-4860-b23b-2547251206f7/1769040000.0_mean_300.0_v3" 201 - "PUT http://172.18.0.154:8080/d1/442/AUTH_8c7e182e9edd4a9496010d2b1c99e9ab/gnocchi.65f9724a-9ac3-4860-b23b-2547251206f7/1769040000.0_mean_300.0_v3" "txfd705d809fbe4a849a33e-00697f0db8" "object-server 24" 0.0008 "-" 23 0
Feb 1 08:24:24 np0005604211 proxy-server[122537]: 172.18.0.105 172.18.0.104 01/Feb/2026/08/24/24 PUT /v1/AUTH_8c7e182e9edd4a9496010d2b1c99e9ab/gnocchi.65f9724a-9ac3-4860-b23b-2547251206f7/1769040000.0_mean_300.0_v3 HTTP/1.0 201 - python-swiftclient-3.11.1 gAAAAABpfw2NcD79... 16 - - txfd705d809fbe4a849a33e-00697f0db8 - 0.0334 - - 1769934264.169528008 1769934264.202912569 0
Feb 1 08:24:24 np0005604211 object-server[121185]: 172.20.0.104 - - [01/Feb/2026:08:24:24 +0000] "PUT /d1/722/AUTH_8c7e182e9edd4a9496010d2b1c99e9ab/gnocchi.eb7c1786-c772-4010-96f3-26505f103ddb/none_v3" 201 - "PUT http://172.18.0.154:8080/v1/AUTH_8c7e182e9edd4a9496010d2b1c99e9ab/gnocchi.eb7c1786-c772-4010-96f3-26505f103ddb/none_v3" "tx97aa369c1cc5463d89d6b-00697f0db8" "proxy-server 20" 0.0134 "-" 23 0
Feb 1 08:24:24 np0005604211 container-server[120757]: 172.20.0.103 - - [01/Feb/2026:08:24:24 +0000] "PUT /d1/473/AUTH_8c7e182e9edd4a9496010d2b1c99e9ab/gnocchi.eb7c1786-c772-4010-96f3-26505f103ddb/none_v3" 201 - "PUT http://172.18.0.154:8080/d1/722/AUTH_8c7e182e9edd4a9496010d2b1c99e9ab/gnocchi.eb7c1786-c772-4010-96f3-26505f103ddb/none_v3" "tx97aa369c1cc5463d89d6b-00697f0db8" "object-server 25" 0.0005 "-" 22 0
Feb 1 08:24:24 np0005604211 object-server[121191]: 172.20.0.103 - - [01/Feb/2026:08:24:24 +0000] "PUT /d1/60/AUTH_8c7e182e9edd4a9496010d2b1c99e9ab/gnocchi.65f9724a-9ac3-4860-b23b-2547251206f7/none_v3" 201 - "PUT http://172.18.0.154:8080/v1/AUTH_8c7e182e9edd4a9496010d2b1c99e9ab/gnocchi.65f9724a-9ac3-4860-b23b-2547251206f7/none_v3" "txa8bfafa806414c17adac0-00697f0db8" "proxy-server 20" 0.0146 "-" 24 0
Feb 1 08:24:24 np0005604211 container-server[120747]: 172.20.0.103 - - [01/Feb/2026:08:24:24 +0000] "PUT /d1/768/AUTH_8c7e182e9edd4a9496010d2b1c99e9ab/gnocchi.65f9724a-9ac3-4860-b23b-2547251206f7/none_v3" 201 - "PUT http://172.18.0.154:8080/d1/60/AUTH_8c7e182e9edd4a9496010d2b1c99e9ab/gnocchi.65f9724a-9ac3-4860-b23b-2547251206f7/none_v3" "txa8bfafa806414c17adac0-00697f0db8" "object-server 22" 0.0006 "-" 20 0
Feb 1 08:24:24 np0005604211 container-server[120750]: 172.20.0.105 - - [01/Feb/2026:08:24:24 +0000] "HEAD /d1/369/AUTH_8c7e182e9edd4a9496010d2b1c99e9ab/gnocchi.f62f1f50-eded-47eb-b136-597f44654a37" 404 - "HEAD http://172.18.0.154:8080/v1/AUTH_8c7e182e9edd4a9496010d2b1c99e9ab/gnocchi.f62f1f50-eded-47eb-b136-597f44654a37?format=json&states=listing" "tx976452df40ec4c5fbbd72-00697f0db8" "proxy-server 20" 0.0006 "-" 21 0
Feb 1 08:24:24 np0005604211 container-server[120758]: 172.20.0.104 - - [01/Feb/2026:08:24:24 +0000] "HEAD /d1/128/AUTH_8c7e182e9edd4a9496010d2b1c99e9ab/gnocchi.00703353-969e-4b88-ba05-7c2007dbfdd4" 404 - "HEAD http://172.18.0.154:8080/v1/AUTH_8c7e182e9edd4a9496010d2b1c99e9ab/gnocchi.00703353-969e-4b88-ba05-7c2007dbfdd4?format=json&states=listing" "tx243f5650a6fd4befacb20-00697f0db8" "proxy-server 20" 0.0009 "-" 23 0
Feb 1 08:24:24 np0005604211 object-server[121164]: 172.20.0.104 - - [01/Feb/2026:08:24:24 +0000] "GET /d1/492/AUTH_8c7e182e9edd4a9496010d2b1c99e9ab/gnocchi.00703353-969e-4b88-ba05-7c2007dbfdd4/none_v3" 404 70 "GET http://172.18.0.154:8080/v1/AUTH_8c7e182e9edd4a9496010d2b1c99e9ab/gnocchi.00703353-969e-4b88-ba05-7c2007dbfdd4/none_v3" "tx243f5650a6fd4befacb20-00697f0db8" "proxy-server 20" 0.0003 "-" 22 0
Feb 1 08:24:24 np0005604211 object-server[121185]: 172.20.0.105 - - [01/Feb/2026:08:24:24 +0000] "GET /d1/402/AUTH_8c7e182e9edd4a9496010d2b1c99e9ab/gnocchi.f62f1f50-eded-47eb-b136-597f44654a37/none_v3" 404 70 "GET http://172.18.0.154:8080/v1/AUTH_8c7e182e9edd4a9496010d2b1c99e9ab/gnocchi.f62f1f50-eded-47eb-b136-597f44654a37/none_v3" "tx976452df40ec4c5fbbd72-00697f0db8" "proxy-server 20" 0.0005 "-" 23 0
Feb 1 08:24:24 np0005604211 proxy-server[122537]: 172.18.0.103 172.18.0.104 01/Feb/2026/08/24/24 GET /v1/AUTH_8c7e182e9edd4a9496010d2b1c99e9ab/gnocchi.f62f1f50-eded-47eb-b136-597f44654a37/none_v3 HTTP/1.0 404 - python-swiftclient-3.11.1 gAAAAABpfw1vYyou... - 70 - tx976452df40ec4c5fbbd72-00697f0db8 - 0.0318 - - 1769934264.250348568 1769934264.282133102 0
Feb 1 08:24:24 np0005604211 account-server[120538]: 172.20.0.103 - - [01/Feb/2026:08:24:24 +0000] "PUT /d1/833/AUTH_8c7e182e9edd4a9496010d2b1c99e9ab/gnocchi.00703353-969e-4b88-ba05-7c2007dbfdd4" 201 - "PUT http://172.20.0.103:6001/d1/128/AUTH_8c7e182e9edd4a9496010d2b1c99e9ab/gnocchi.00703353-969e-4b88-ba05-7c2007dbfdd4" "tx29fd96f338d64c82a6283-00697f0db8" "container-server 19" 0.0068 "-" 21 0
Feb 1 08:24:24 np0005604211 container-server[120747]: 172.20.0.103 - - [01/Feb/2026:08:24:24 +0000] "PUT /d1/128/AUTH_8c7e182e9edd4a9496010d2b1c99e9ab/gnocchi.00703353-969e-4b88-ba05-7c2007dbfdd4" 201 - "PUT http://172.18.0.154:8080/v1/AUTH_8c7e182e9edd4a9496010d2b1c99e9ab/gnocchi.00703353-969e-4b88-ba05-7c2007dbfdd4" "tx29fd96f338d64c82a6283-00697f0db8" "proxy-server 20" 0.0274 "-" 20 0
Feb 1 08:24:24 np0005604211 proxy-server[122537]: - - 01/Feb/2026/08/24/24 HEAD /v1/AUTH_8c7e182e9edd4a9496010d2b1c99e9ab/gnocchi.00703353-969e-4b88-ba05-7c2007dbfdd4%3Fformat%3Djson%26states%3Dlisting HTTP/1.0 204 - Swift - - - - txca0ec72f4ed34dd796f4a-00697f0db8 - 0.0057 RL - 1769934264.318854570 1769934264.324538946 0
Feb 1 08:24:24 np0005604211 container-server[120750]: 172.20.0.105 - - [01/Feb/2026:08:24:24 +0000] "GET /d1/128/AUTH_8c7e182e9edd4a9496010d2b1c99e9ab/gnocchi.00703353-969e-4b88-ba05-7c2007dbfdd4" 200 2 "GET http://172.18.0.154:8080/v1/AUTH_8c7e182e9edd4a9496010d2b1c99e9ab/gnocchi.00703353-969e-4b88-ba05-7c2007dbfdd4?format=json&states=listing" "txca0ec72f4ed34dd796f4a-00697f0db8" "proxy-server 20" 0.0038 "-" 21 0
Feb 1 08:24:24 np0005604211 proxy-server[122537]: 172.18.0.105 172.18.0.104 01/Feb/2026/08/24/24 GET /v1/AUTH_8c7e182e9edd4a9496010d2b1c99e9ab/gnocchi.00703353-969e-4b88-ba05-7c2007dbfdd4%3Fformat%3Djson%26states%3Dlisting HTTP/1.0 200 - python-swiftclient-3.11.1 gAAAAABpfw2NcD79... - 2 - txca0ec72f4ed34dd796f4a-00697f0db8 - 0.0215 - - 1769934264.317080975 1769934264.338630676 0
Feb 1 08:24:24 np0005604211 account-server[120561]: 172.20.0.105 - - [01/Feb/2026:08:24:24 +0000] "PUT /d1/833/AUTH_8c7e182e9edd4a9496010d2b1c99e9ab/gnocchi.f62f1f50-eded-47eb-b136-597f44654a37" 201 - "PUT http://172.20.0.105:6001/d1/369/AUTH_8c7e182e9edd4a9496010d2b1c99e9ab/gnocchi.f62f1f50-eded-47eb-b136-597f44654a37" "tx005a931e2faf4f30af542-00697f0db8" "container-server 22" 0.0054 "-" 22 0
Feb 1 08:24:24 np0005604211 container-server[120757]: 172.20.0.104 - - [01/Feb/2026:08:24:24 +0000] "PUT /d1/369/AUTH_8c7e182e9edd4a9496010d2b1c99e9ab/gnocchi.f62f1f50-eded-47eb-b136-597f44654a37" 201 - "PUT http://172.18.0.154:8080/v1/AUTH_8c7e182e9edd4a9496010d2b1c99e9ab/gnocchi.f62f1f50-eded-47eb-b136-597f44654a37" "tx005a931e2faf4f30af542-00697f0db8" "proxy-server 20" 0.0210 "-" 22 0
Feb 1 08:24:24 np0005604211 object-server[121197]: 172.20.0.103 - - [01/Feb/2026:08:24:24 +0000] "GET /d1/291/AUTH_8c7e182e9edd4a9496010d2b1c99e9ab/gnocchi.00703353-969e-4b88-ba05-7c2007dbfdd4/1769040000.0_mean_300.0_v3" 404 70 "GET http://172.18.0.154:8080/v1/AUTH_8c7e182e9edd4a9496010d2b1c99e9ab/gnocchi.00703353-969e-4b88-ba05-7c2007dbfdd4/1769040000.0_mean_300.0_v3" "txf05faf49796a418790126-00697f0db8" "proxy-server 20" 0.0005 "-" 25 0
Feb 1 08:24:24 np0005604211 proxy-server[122537]: - - 01/Feb/2026/08/24/24 HEAD /v1/AUTH_8c7e182e9edd4a9496010d2b1c99e9ab/gnocchi.f62f1f50-eded-47eb-b136-597f44654a37%3Fformat%3Djson%26states%3Dlisting HTTP/1.0 204 - Swift - - - - txe5530178345a4f0eaf521-00697f0db8 - 0.0075 RL - 1769934264.363073826 1769934264.370614529 0
Feb 1 08:24:24 np0005604211 proxy-server[122537]: 172.18.0.103 172.18.0.104 01/Feb/2026/08/24/24 GET /v1/AUTH_8c7e182e9edd4a9496010d2b1c99e9ab/gnocchi.f62f1f50-eded-47eb-b136-597f44654a37%3Fformat%3Djson%26states%3Dlisting HTTP/1.0 200 - python-swiftclient-3.11.1 gAAAAABpfw1vYyou... - 2 - txe5530178345a4f0eaf521-00697f0db8 - 0.0185 - - 1769934264.361427546 1769934264.379961014 0
Feb 1 08:24:24 np0005604211 container-server[120758]: 172.20.0.103 - - [01/Feb/2026:08:24:24 +0000] "PUT /d1/128/AUTH_8c7e182e9edd4a9496010d2b1c99e9ab/gnocchi.00703353-969e-4b88-ba05-7c2007dbfdd4/1769040000.0_mean_300.0_v3" 201 - "PUT http://172.18.0.154:8080/d1/291/AUTH_8c7e182e9edd4a9496010d2b1c99e9ab/gnocchi.00703353-969e-4b88-ba05-7c2007dbfdd4/1769040000.0_mean_300.0_v3" "txcfe2a62a73d4467898a6d-00697f0db8" "object-server 23" 0.0011 "-" 23 0
Feb 1 08:24:24 np0005604211 object-server[121191]: 172.20.0.104 - - [01/Feb/2026:08:24:24 +0000] "PUT /d1/291/AUTH_8c7e182e9edd4a9496010d2b1c99e9ab/gnocchi.00703353-969e-4b88-ba05-7c2007dbfdd4/1769040000.0_mean_300.0_v3" 201 - "PUT http://172.18.0.154:8080/v1/AUTH_8c7e182e9edd4a9496010d2b1c99e9ab/gnocchi.00703353-969e-4b88-ba05-7c2007dbfdd4/1769040000.0_mean_300.0_v3" "txcfe2a62a73d4467898a6d-00697f0db8" "proxy-server 20" 0.0150 "-" 24 0
