Feb 1 08:24:24 np0005604211 object-server[121191]: 172.20.0.103 - - [01/Feb/2026:08:24:24 +0000] "GET /d1/398/AUTH_8c7e182e9edd4a9496010d2b1c99e9ab/gnocchi.f62f1f50-eded-47eb-b136-597f44654a37/1769040000.0_mean_300.0_v3" 404 70 "GET http://172.18.0.154:8080/v1/AUTH_8c7e182e9edd4a9496010d2b1c99e9ab/gnocchi.f62f1f50-eded-47eb-b136-597f44654a37/1769040000.0_mean_300.0_v3" "tx52078d27c0b34f1b9f987-00697f0db8" "proxy-server 20" 0.0005 "-" 24 0
Feb 1 08:24:24 np0005604211 container-server[120757]: 172.20.0.105 - - [01/Feb/2026:08:24:24 +0000] "PUT /d1/369/AUTH_8c7e182e9edd4a9496010d2b1c99e9ab/gnocchi.f62f1f50-eded-47eb-b136-597f44654a37/1769040000.0_mean_300.0_v3" 201 - "PUT http://172.18.0.154:8080/d1/398/AUTH_8c7e182e9edd4a9496010d2b1c99e9ab/gnocchi.f62f1f50-eded-47eb-b136-597f44654a37/1769040000.0_mean_300.0_v3" "tx0c46326d96dc4f72aea70-00697f0db8" "object-server 25" 0.0005 "-" 22 0
Feb 1 08:24:24 np0005604211 object-server[121197]: 172.20.0.104 - - [01/Feb/2026:08:24:24 +0000] "PUT /d1/398/AUTH_8c7e182e9edd4a9496010d2b1c99e9ab/gnocchi.f62f1f50-eded-47eb-b136-597f44654a37/1769040000.0_mean_300.0_v3" 201 - "PUT http://172.18.0.154:8080/v1/AUTH_8c7e182e9edd4a9496010d2b1c99e9ab/gnocchi.f62f1f50-eded-47eb-b136-597f44654a37/1769040000.0_mean_300.0_v3" "tx0c46326d96dc4f72aea70-00697f0db8" "proxy-server 20" 0.0109 "-" 25 0
Feb 1 08:24:24 np0005604211 container-server[120747]: 172.20.0.105 - - [01/Feb/2026:08:24:24 +0000] "PUT /d1/369/AUTH_8c7e182e9edd4a9496010d2b1c99e9ab/gnocchi.f62f1f50-eded-47eb-b136-597f44654a37/none_v3" 201 - "PUT http://172.18.0.154:8080/d1/402/AUTH_8c7e182e9edd4a9496010d2b1c99e9ab/gnocchi.f62f1f50-eded-47eb-b136-597f44654a37/none_v3" "txdf5e8b16e1c044eca4b9d-00697f0db8" "object-server 23" 0.0006 "-" 20 0
Feb 1 08:24:24 np0005604211 object-server[121185]: 172.20.0.103 - - [01/Feb/2026:08:24:24 +0000] "PUT /d1/402/AUTH_8c7e182e9edd4a9496010d2b1c99e9ab/gnocchi.f62f1f50-eded-47eb-b136-597f44654a37/none_v3" 201 - "PUT http://172.18.0.154:8080/v1/AUTH_8c7e182e9edd4a9496010d2b1c99e9ab/gnocchi.f62f1f50-eded-47eb-b136-597f44654a37/none_v3" "txdf5e8b16e1c044eca4b9d-00697f0db8" "proxy-server 20" 0.0117 "-" 23 0
Feb 1 08:24:24 np0005604211 container-server[120757]: 172.20.0.105 - - [01/Feb/2026:08:24:24 +0000] "PUT /d1/128/AUTH_8c7e182e9edd4a9496010d2b1c99e9ab/gnocchi.00703353-969e-4b88-ba05-7c2007dbfdd4/none_v3" 201 - "PUT http://172.18.0.154:8080/d1/492/AUTH_8c7e182e9edd4a9496010d2b1c99e9ab/gnocchi.00703353-969e-4b88-ba05-7c2007dbfdd4/none_v3" "tx3aa1e383f51044a7a588b-00697f0db8" "object-server 22" 0.0008 "-" 22 0
Feb 1 08:24:24 np0005604211 object-server[121164]: 172.20.0.105 - - [01/Feb/2026:08:24:24 +0000] "PUT /d1/492/AUTH_8c7e182e9edd4a9496010d2b1c99e9ab/gnocchi.00703353-969e-4b88-ba05-7c2007dbfdd4/none_v3" 201 - "PUT http://172.18.0.154:8080/v1/AUTH_8c7e182e9edd4a9496010d2b1c99e9ab/gnocchi.00703353-969e-4b88-ba05-7c2007dbfdd4/none_v3" "tx3aa1e383f51044a7a588b-00697f0db8" "proxy-server 20" 0.0111 "-" 22 0
Feb 1 08:24:24 np0005604211 proxy-server[122537]: 172.18.0.105 172.18.0.104 01/Feb/2026/08/24/24 PUT /v1/AUTH_8c7e182e9edd4a9496010d2b1c99e9ab/gnocchi.00703353-969e-4b88-ba05-7c2007dbfdd4/none_v3 HTTP/1.0 201 - python-swiftclient-3.11.1 gAAAAABpfw2NcD79... 22 - - tx3aa1e383f51044a7a588b-00697f0db8 - 0.0654 - - 1769934264.405689240 1769934264.471079111 0
Feb 1 08:24:24 np0005604211 container-server[120750]: 172.20.0.104 - - [01/Feb/2026:08:24:24 +0000] "HEAD /d1/923/AUTH_8c7e182e9edd4a9496010d2b1c99e9ab/gnocchi.10743380-2f2c-439d-8a2e-3a7dfed95898" 404 - "HEAD http://172.18.0.154:8080/v1/AUTH_8c7e182e9edd4a9496010d2b1c99e9ab/gnocchi.10743380-2f2c-439d-8a2e-3a7dfed95898?format=json&states=listing" "tx1070832de8704ca0a33c4-00697f0db8" "proxy-server 20" 0.0008 "-" 21 0
Feb 1 08:24:24 np0005604211 object-server[121185]: 172.20.0.104 - - [01/Feb/2026:08:24:24 +0000] "GET /d1/861/AUTH_8c7e182e9edd4a9496010d2b1c99e9ab/gnocchi.10743380-2f2c-439d-8a2e-3a7dfed95898/none_v3" 404 70 "GET http://172.18.0.154:8080/v1/AUTH_8c7e182e9edd4a9496010d2b1c99e9ab/gnocchi.10743380-2f2c-439d-8a2e-3a7dfed95898/none_v3" "tx1070832de8704ca0a33c4-00697f0db8" "proxy-server 20" 0.0003 "-" 23 0
Feb 1 08:24:24 np0005604211 container-server[120757]: 172.20.0.103 - - [01/Feb/2026:08:24:24 +0000] "PUT /d1/923/AUTH_8c7e182e9edd4a9496010d2b1c99e9ab/gnocchi.10743380-2f2c-439d-8a2e-3a7dfed95898" 201 - "PUT http://172.18.0.154:8080/v1/AUTH_8c7e182e9edd4a9496010d2b1c99e9ab/gnocchi.10743380-2f2c-439d-8a2e-3a7dfed95898" "tx3c86ff43cfcf45d1913da-00697f0db8" "proxy-server 20" 0.0151 "-" 22 0
Feb 1 08:24:24 np0005604211 account-server[120527]: 172.20.0.104 - - [01/Feb/2026:08:24:24 +0000] "PUT /d1/833/AUTH_8c7e182e9edd4a9496010d2b1c99e9ab/gnocchi.10743380-2f2c-439d-8a2e-3a7dfed95898" 201 - "PUT http://172.20.0.104:6001/d1/923/AUTH_8c7e182e9edd4a9496010d2b1c99e9ab/gnocchi.10743380-2f2c-439d-8a2e-3a7dfed95898" "tx3c86ff43cfcf45d1913da-00697f0db8" "container-server 20" 0.0020 "-" 20 0
Feb 1 08:24:24 np0005604211 proxy-server[122537]: - - 01/Feb/2026/08/24/24 HEAD /v1/AUTH_8c7e182e9edd4a9496010d2b1c99e9ab/gnocchi.10743380-2f2c-439d-8a2e-3a7dfed95898%3Fformat%3Djson%26states%3Dlisting HTTP/1.0 204 - Swift - - - - txf1f323ae371c403380cfd-00697f0db8 - 0.0099 RL - 1769934264.905492067 1769934264.915375471 0
Feb 1 08:24:24 np0005604211 container-server[120758]: 172.20.0.105 - - [01/Feb/2026:08:24:24 +0000] "GET /d1/923/AUTH_8c7e182e9edd4a9496010d2b1c99e9ab/gnocchi.10743380-2f2c-439d-8a2e-3a7dfed95898" 200 2 "GET http://172.18.0.154:8080/v1/AUTH_8c7e182e9edd4a9496010d2b1c99e9ab/gnocchi.10743380-2f2c-439d-8a2e-3a7dfed95898?format=json&states=listing" "txf1f323ae371c403380cfd-00697f0db8" "proxy-server 20" 0.0047 "-" 23 0
Feb 1 08:24:24 np0005604211 proxy-server[122537]: 172.18.0.154 172.18.0.104 01/Feb/2026/08/24/24 GET /v1/AUTH_8c7e182e9edd4a9496010d2b1c99e9ab/gnocchi.10743380-2f2c-439d-8a2e-3a7dfed95898%3Fformat%3Djson%26states%3Dlisting HTTP/1.0 200 - python-swiftclient-3.11.1 gAAAAABpfw24v4L0... - 2 - txf1f323ae371c403380cfd-00697f0db8 - 0.0287 - - 1769934264.903030157 1769934264.931744337 0
Feb 1 08:24:24 np0005604211 object-server[121164]: 172.20.0.104 - - [01/Feb/2026:08:24:24 +0000] "GET /d1/464/AUTH_8c7e182e9edd4a9496010d2b1c99e9ab/gnocchi.10743380-2f2c-439d-8a2e-3a7dfed95898/1769040000.0_mean_300.0_v3" 404 70 "GET http://172.18.0.154:8080/v1/AUTH_8c7e182e9edd4a9496010d2b1c99e9ab/gnocchi.10743380-2f2c-439d-8a2e-3a7dfed95898/1769040000.0_mean_300.0_v3" "tx5fce2297d4b740b8b8330-00697f0db8" "proxy-server 20" 0.0006 "-" 22 0
Feb 1 08:24:24 np0005604211 container-server[120757]: 172.20.0.105 - - [01/Feb/2026:08:24:24 +0000] "PUT /d1/923/AUTH_8c7e182e9edd4a9496010d2b1c99e9ab/gnocchi.10743380-2f2c-439d-8a2e-3a7dfed95898/1769040000.0_mean_300.0_v3" 201 - "PUT http://172.18.0.154:8080/d1/464/AUTH_8c7e182e9edd4a9496010d2b1c99e9ab/gnocchi.10743380-2f2c-439d-8a2e-3a7dfed95898/1769040000.0_mean_300.0_v3" "txaff76ddeeb1b455480994-00697f0db8" "object-server 23" 0.0009 "-" 22 0
Feb 1 08:24:24 np0005604211 object-server[121185]: 172.20.0.103 - - [01/Feb/2026:08:24:24 +0000] "PUT /d1/464/AUTH_8c7e182e9edd4a9496010d2b1c99e9ab/gnocchi.10743380-2f2c-439d-8a2e-3a7dfed95898/1769040000.0_mean_300.0_v3" 201 - "PUT http://172.18.0.154:8080/v1/AUTH_8c7e182e9edd4a9496010d2b1c99e9ab/gnocchi.10743380-2f2c-439d-8a2e-3a7dfed95898/1769040000.0_mean_300.0_v3" "txaff76ddeeb1b455480994-00697f0db8" "proxy-server 20" 0.0121 "-" 23 0
Feb 1 08:24:25 np0005604211 object-server[121197]: 172.20.0.105 - - [01/Feb/2026:08:24:25 +0000] "PUT /d1/861/AUTH_8c7e182e9edd4a9496010d2b1c99e9ab/gnocchi.10743380-2f2c-439d-8a2e-3a7dfed95898/none_v3" 201 - "PUT http://172.18.0.154:8080/v1/AUTH_8c7e182e9edd4a9496010d2b1c99e9ab/gnocchi.10743380-2f2c-439d-8a2e-3a7dfed95898/none_v3" "tx2ea1ca91a5d1414ea7a99-00697f0db8" "proxy-server 20" 0.0162 "-" 25 0
Feb 1 08:24:25 np0005604211 container-server[120750]: 172.20.0.103 - - [01/Feb/2026:08:24:25 +0000] "PUT /d1/923/AUTH_8c7e182e9edd4a9496010d2b1c99e9ab/gnocchi.10743380-2f2c-439d-8a2e-3a7dfed95898/none_v3" 201 - "PUT http://172.18.0.154:8080/d1/861/AUTH_8c7e182e9edd4a9496010d2b1c99e9ab/gnocchi.10743380-2f2c-439d-8a2e-3a7dfed95898/none_v3" "tx2ea1ca91a5d1414ea7a99-00697f0db8" "object-server 24" 0.0008 "-" 21 0
Feb 1 08:24:25 np0005604211 proxy-server[122537]: 172.18.0.154 172.18.0.104 01/Feb/2026/08/24/25 PUT /v1/AUTH_8c7e182e9edd4a9496010d2b1c99e9ab/gnocchi.10743380-2f2c-439d-8a2e-3a7dfed95898/none_v3 HTTP/1.0 201 - python-swiftclient-3.11.1 gAAAAABpfw24v4L0... 22 - - tx2ea1ca91a5d1414ea7a99-00697f0db8 - 0.0653 - - 1769934264.996556520 1769934265.061834574 0
Feb 1 08:24:32 np0005604211 container-server[120333]: Beginning replication run
Feb 1 08:24:32 np0005604211 container-server[120333]: Replication run OVER
Feb 1 08:24:32 np0005604211 container-server[120333]: Attempted to replicate 8 dbs in 0.23252 seconds (34.40558/s)
Feb 1 08:24:32 np0005604211 container-server[120333]: Removed 0 dbs
Feb 1 08:24:32 np0005604211 container-server[120333]: 16 successes, 0 failures
Feb 1 08:24:32 np0005604211 container-server[120333]: diff:0 diff_capped:0 empty:0 hashmatch:0 no_change:16 remote_merge:0 rsync:0 ts_repl:0
Feb 1 08:24:35 np0005604211 account-server[120538]: 172.20.0.105 - - [01/Feb/2026:08:24:35 +0000] "HEAD /d1/581/.expiring_objects" 404 - "HEAD http://localhost/v1/.expiring_objects?format=json" "tx5fb66679b740477abb53b-00697f0dc3" "proxy-server 2" 0.0007 "-" 21 -
Feb 1 08:24:35 np0005604211 object-expirer[120934]: Pass completed in 0s; 0 objects expired (txn: tx5fb66679b740477abb53b-00697f0dc3)
Feb 1 08:24:43 np0005604211 account-server[119839]: Beginning replication run
Feb 1 08:24:43 np0005604211 account-server[119839]: Replication run OVER
Feb 1 08:24:43 np0005604211 account-server[119839]: Attempted to replicate 1 dbs in 0.02014 seconds (49.65059/s)
Feb 1 08:24:43 np0005604211 account-server[119839]: Removed 0 dbs
Feb 1 08:24:43 np0005604211 account-server[119839]: 2 successes, 0 failures
Feb 1 08:24:43 np0005604211 account-server[119839]: diff:0 diff_capped:0 empty:0 hashmatch:0 no_change:2 remote_merge:0 rsync:0 ts_repl:0
Feb 1 08:24:50 np0005604211 object-server[120855]: Starting object replication pass.
Feb 1 08:24:50 np0005604211 object-server[120855]: 16/16 (100.00%) partitions replicated in 0.27s (58.70/sec, 0s remaining)
Feb 1 08:24:50 np0005604211 object-server[120855]: 32 successes, 0 failures
Feb 1 08:24:50 np0005604211 object-server[120855]: 16 suffixes checked - 0.00% hashed, 0.00% synced
Feb 1 08:24:50 np0005604211 object-server[120855]: Partition times: max 0.1507s, min 0.0060s, med 0.0074s
Feb 1 08:24:50 np0005604211 object-server[120855]: Object replication complete. (0.00 minutes)
Feb 1 08:24:52 np0005604211 object-server[215651]: Begin object audit "forever" mode (ZBF)
Feb 1 08:24:52 np0005604211 object-server[215652]: Begin object audit "forever" mode (ALL)
Feb 1 08:24:52 np0005604211 object-server[215651]: Object audit (ZBF). Since Sun Feb 1 08:24:52 2026: Locally: 1 passed, 0 quarantined, 0 errors, files/sec: 538.15, bytes/sec: 0.00, Total time: 0.00, Auditing time: 0.00, Rate: 0.00
Feb 1 08:24:52 np0005604211 object-server[215652]: Object audit (ALL). Since Sun Feb 1 08:24:52 2026: Locally: 1 passed, 0 quarantined, 0 errors, files/sec: 104.70, bytes/sec: 1675.17, Total time: 0.01, Auditing time: 0.00, Rate: 0.00
Feb 1 08:24:52 np0005604211 object-server[215651]: Object audit (ZBF) "forever" mode completed: 0.28s. Total quarantined: 0, Total errors: 0, Total files/sec: 56.42, Total bytes/sec: 0.00, Auditing time: 0.28, Rate: 0.98
Feb 1 08:24:52 np0005604211 object-server[215652]: Object audit (ALL) "forever" mode completed: 0.71s. Total quarantined: 0, Total errors: 0, Total files/sec: 22.48, Total bytes/sec: 441.13, Auditing time: 0.71, Rate: 0.99
Feb 1 08:24:54 np0005604211 account-server[120538]: 172.20.0.103 - - [01/Feb/2026:08:24:54 +0000] "HEAD /d1/581/.expiring_objects" 404 - "HEAD http://localhost/v1/.expiring_objects?format=json" "tx8482cd403940497fa13ba-00697f0dd6" "proxy-server 2" 0.0013 "-" 21 -
Feb 1 08:25:02 np0005604211 container-server[120333]: Beginning replication run
Feb 1 08:25:02 np0005604211 container-server[120333]: Replication run OVER
Feb 1 08:25:02 np0005604211 container-server[120333]: Attempted to replicate 8 dbs in 0.15151 seconds (52.80317/s)
Feb 1 08:25:02 np0005604211 container-server[120333]: Removed 0 dbs
Feb 1 08:25:02 np0005604211 container-server[120333]: 16 successes, 0 failures
Feb 1 08:25:02 np0005604211 container-server[120333]: diff:0 diff_capped:0 empty:0 hashmatch:0 no_change:16 remote_merge:0 rsync:0 ts_repl:0
Feb 1 08:25:13 np0005604211 account-server[119839]: Beginning replication run
Feb 1 08:25:13 np0005604211 account-server[119839]: Replication run OVER
Feb 1 08:25:13 np0005604211 account-server[119839]: Attempted to replicate 1 dbs in 0.01464 seconds (68.28509/s)
Feb 1 08:25:13 np0005604211 account-server[119839]: Removed 0 dbs
Feb 1 08:25:13 np0005604211 account-server[119839]: 2 successes, 0 failures
Feb 1 08:25:13 np0005604211 account-server[119839]: diff:0 diff_capped:0 empty:0 hashmatch:0 no_change:2 remote_merge:0 rsync:0 ts_repl:0
Feb 1 08:25:20 np0005604211 object-server[120855]: Starting object replication pass.
Feb 1 08:25:21 np0005604211 object-server[120855]: 16/16 (100.00%) partitions replicated in 0.17s (93.79/sec, 0s remaining)
Feb 1 08:25:21 np0005604211 object-server[120855]: 32 successes, 0 failures
Feb 1 08:25:21 np0005604211 object-server[120855]: 16 suffixes checked - 0.00% hashed, 0.00% synced
Feb 1 08:25:21 np0005604211 object-server[120855]: Partition times: max 0.0166s, min 0.0074s, med 0.0097s
Feb 1 08:25:21 np0005604211 object-server[120855]: Object replication complete. (0.00 minutes)
Feb 1 08:25:22 np0005604211 object-server[215666]: Begin object audit "forever" mode (ZBF)
Feb 1 08:25:22 np0005604211 object-server[215666]: Object audit (ZBF). Since Sun Feb 1 08:25:22 2026: Locally: 1 passed, 0 quarantined, 0 errors, files/sec: 320.67, bytes/sec: 0.00, Total time: 0.00, Auditing time: 0.00, Rate: 0.00
Feb 1 08:25:22 np0005604211 object-server[215666]: Object audit (ZBF) "forever" mode completed: 0.28s. Total quarantined: 0, Total errors: 0, Total files/sec: 56.19, Total bytes/sec: 0.00, Auditing time: 0.28, Rate: 0.98
Feb 1 08:25:24 np0005604211 account-server[120527]: 172.20.0.104 - - [01/Feb/2026:08:25:24 +0000] "PUT /d1/833/AUTH_8c7e182e9edd4a9496010d2b1c99e9ab/gnocchi.c0d034e1-81d5-4588-b05e-cf6b2bd2eda8" 201 - "-" "-" "container-updater 2" 0.0010 "-" 20 0
Feb 1 08:25:24 np0005604211 account-server[120561]: 172.20.0.104 - - [01/Feb/2026:08:25:24 +0000] "PUT /d1/833/AUTH_8c7e182e9edd4a9496010d2b1c99e9ab/gnocchi.c3ef7314-5e39-4fcf-9959-654c2ca1597b" 201 - "-" "-" "container-updater 2" 0.0009 "-" 22 0
Feb 1 08:25:24 np0005604211 account-server[120527]: 172.20.0.104 - - [01/Feb/2026:08:25:24 +0000] "PUT /d1/833/AUTH_8c7e182e9edd4a9496010d2b1c99e9ab/gnocchi.65f9724a-9ac3-4860-b23b-2547251206f7" 201 - "-" "-" "container-updater 2" 0.0007 "-" 20 0
Feb 1 08:25:24 np0005604211 account-server[120527]: 172.20.0.104 - - [01/Feb/2026:08:25:24 +0000] "PUT /d1/833/AUTH_8c7e182e9edd4a9496010d2b1c99e9ab/gnocchi.f62f1f50-eded-47eb-b136-597f44654a37" 201 - "-" "-" "container-updater 2" 0.0007 "-" 20 0
Feb 1 08:25:24 np0005604211 account-server[120561]: 172.20.0.104 - - [01/Feb/2026:08:25:24 +0000] "PUT /d1/833/AUTH_8c7e182e9edd4a9496010d2b1c99e9ab/gnocchi.10743380-2f2c-439d-8a2e-3a7dfed95898" 201 - "-" "-" "container-updater 2" 0.0008 "-" 22 0
Feb 1 08:25:24 np0005604211 account-server[120561]: 172.20.0.104 - - [01/Feb/2026:08:25:24 +0000] "PUT /d1/833/AUTH_8c7e182e9edd4a9496010d2b1c99e9ab/gnocchi.00703353-969e-4b88-ba05-7c2007dbfdd4" 201 - "-" "-" "container-updater 2" 0.0009 "-" 22 0
Feb 1 08:25:24 np0005604211 account-server[120561]: 172.20.0.104 - - [01/Feb/2026:08:25:24 +0000] "PUT /d1/833/AUTH_8c7e182e9edd4a9496010d2b1c99e9ab/gnocchi.eb7c1786-c772-4010-96f3-26505f103ddb" 201 - "-" "-" "container-updater 2" 0.0010 "-" 22 0
Feb 1 08:25:24 np0005604211 account-server[120527]: 172.20.0.104 - - [01/Feb/2026:08:25:24 +0000] "PUT /d1/833/AUTH_8c7e182e9edd4a9496010d2b1c99e9ab/gnocchi.335e3853-c550-4621-9480-712eb59d1cd0" 201 - "-" "-" "container-updater 2" 0.0007 "-" 20 0
Feb 1 08:25:32 np0005604211 container-server[120333]: Beginning replication run
Feb 1 08:25:32 np0005604211 container-server[120333]: Replication run OVER
Feb 1 08:25:32 np0005604211 container-server[120333]: Attempted to replicate 8 dbs in 0.16146 seconds (49.54787/s)
Feb 1 08:25:32 np0005604211 container-server[120333]: Removed 0 dbs
Feb 1 08:25:32 np0005604211 container-server[120333]: 16 successes, 0 failures
Feb 1 08:25:32 np0005604211 container-server[120333]: diff:0 diff_capped:0 empty:0 hashmatch:0 no_change:16 remote_merge:0 rsync:0 ts_repl:0
Feb 1 08:25:43 np0005604211 account-server[119839]: Beginning replication run
Feb 1 08:25:43 np0005604211 account-server[119839]: Replication run OVER
Feb 1 08:25:43 np0005604211 account-server[119839]: Attempted to replicate 1 dbs in 0.02890 seconds (34.60464/s)
Feb 1 08:25:43 np0005604211 account-server[119839]: Removed 0 dbs
Feb 1 08:25:43 np0005604211 account-server[119839]: 2 successes, 0 failures
Feb 1 08:25:43 np0005604211 account-server[119839]: diff:0 diff_capped:0 empty:0 hashmatch:0 no_change:2 remote_merge:0 rsync:0 ts_repl:0
Feb 1 08:25:51 np0005604211 object-server[120855]: Starting object replication pass.
Feb 1 08:25:51 np0005604211 object-server[120855]: 16/16 (100.00%) partitions replicated in 0.15s (108.73/sec, 0s remaining)
Feb 1 08:25:51 np0005604211 object-server[120855]: 32 successes, 0 failures
Feb 1 08:25:51 np0005604211 object-server[120855]: 16 suffixes checked - 0.00% hashed, 0.00% synced
Feb 1 08:25:51 np0005604211 object-server[120855]: Partition times: max 0.0149s, min 0.0064s, med 0.0080s
Feb 1 08:25:51 np0005604211 object-server[120855]: Object replication complete. (0.00 minutes)
Feb 1 08:25:53 np0005604211 object-server[221371]: Begin object audit "forever" mode (ZBF)
Feb 1 08:25:53 np0005604211 object-server[221372]: Begin object audit "forever" mode (ALL)
Feb 1 08:25:53 np0005604211 object-server[221371]: Object audit (ZBF). Since Sun Feb 1 08:25:53 2026: Locally: 1 passed, 0 quarantined, 0 errors, files/sec: 587.19, bytes/sec: 0.00, Total time: 0.00, Auditing time: 0.00, Rate: 0.00
Feb 1 08:25:53 np0005604211 object-server[221372]: Object audit (ALL). Since Sun Feb 1 08:25:53 2026: Locally: 1 passed, 0 quarantined, 0 errors, files/sec: 126.51, bytes/sec: 2024.22, Total time: 0.01, Auditing time: 0.00, Rate: 0.00
Feb 1 08:25:53 np0005604211 object-server[221371]: Object audit (ZBF) "forever" mode completed: 0.28s. Total quarantined: 0, Total errors: 0, Total files/sec: 56.49, Total bytes/sec: 0.00, Auditing time: 0.28, Rate: 0.98
Feb 1 08:25:53 np0005604211 object-server[221372]: Object audit (ALL) "forever" mode completed: 0.71s. Total quarantined: 0, Total errors: 0, Total files/sec: 22.53, Total bytes/sec: 442.15, Auditing time: 0.70, Rate: 0.99
Feb 1 08:26:02 np0005604211 container-server[120333]: Beginning replication run
Feb 1 08:26:02 np0005604211 container-server[120333]: Replication run OVER
Feb 1 08:26:02 np0005604211 container-server[120333]: Attempted to replicate 8 dbs in 0.14700 seconds (54.42250/s)
Feb 1 08:26:02 np0005604211 container-server[120333]: Removed 0 dbs
Feb 1 08:26:02 np0005604211 container-server[120333]: 16 successes, 0 failures
Feb 1 08:26:02 np0005604211 container-server[120333]: diff:0 diff_capped:0 empty:0 hashmatch:0 no_change:16 remote_merge:0 rsync:0 ts_repl:0
Feb 1 08:26:04 np0005604211 container-server[120750]: 172.20.0.105 - - [01/Feb/2026:08:26:04 +0000] "HEAD /d1/835/AUTH_8c7e182e9edd4a9496010d2b1c99e9ab/gnocchi.0d76bf91-550c-4c17-80e7-6db8ed6bfcc1" 404 - "HEAD http://172.18.0.154:8080/v1/AUTH_8c7e182e9edd4a9496010d2b1c99e9ab/gnocchi.0d76bf91-550c-4c17-80e7-6db8ed6bfcc1?format=json&states=listing" "tx9d1eeb2ee4594862b77f8-00697f0e1c" "proxy-server 20" 0.0008 "-" 21 0
Feb 1 08:26:04 np0005604211 container-server[120750]: 172.20.0.104 - - [01/Feb/2026:08:26:04 +0000] "HEAD /d1/97/AUTH_8c7e182e9edd4a9496010d2b1c99e9ab/gnocchi.40be35d3-d0e0-4254-9796-2232b90515a1" 404 - "HEAD http://172.18.0.154:8080/v1/AUTH_8c7e182e9edd4a9496010d2b1c99e9ab/gnocchi.40be35d3-d0e0-4254-9796-2232b90515a1?format=json&states=listing" "tx337a45f09c9b4679a5dd4-00697f0e1c" "proxy-server 20" 0.0004 "-" 21 0
Feb 1 08:26:04 np0005604211 container-server[120747]: 172.20.0.103 - - [01/Feb/2026:08:26:04 +0000] "HEAD /d1/613/AUTH_8c7e182e9edd4a9496010d2b1c99e9ab/gnocchi.63794a9d-58f8-46e7-bc82-3ec75536e0f7" 404 - "HEAD http://172.18.0.154:8080/v1/AUTH_8c7e182e9edd4a9496010d2b1c99e9ab/gnocchi.63794a9d-58f8-46e7-bc82-3ec75536e0f7?format=json&states=listing" "tx5cf1de145f444713b28d6-00697f0e1c" "proxy-server 20" 0.0007 "-" 20 0
Feb 1 08:26:04 np0005604211 object-server[121191]: 172.20.0.105 - - [01/Feb/2026:08:26:04 +0000] "GET /d1/841/AUTH_8c7e182e9edd4a9496010d2b1c99e9ab/gnocchi.0d76bf91-550c-4c17-80e7-6db8ed6bfcc1/none_v3" 404 70 "GET http://172.18.0.154:8080/v1/AUTH_8c7e182e9edd4a9496010d2b1c99e9ab/gnocchi.0d76bf91-550c-4c17-80e7-6db8ed6bfcc1/none_v3" "tx9d1eeb2ee4594862b77f8-00697f0e1c" "proxy-server 20" 0.0008 "-" 24 0
Feb 1 08:26:04 np0005604211 object-server[121197]: 172.20.0.104 - - [01/Feb/2026:08:26:04 +0000] "GET /d1/553/AUTH_8c7e182e9edd4a9496010d2b1c99e9ab/gnocchi.40be35d3-d0e0-4254-9796-2232b90515a1/none_v3" 404 70 "GET http://172.18.0.154:8080/v1/AUTH_8c7e182e9edd4a9496010d2b1c99e9ab/gnocchi.40be35d3-d0e0-4254-9796-2232b90515a1/none_v3" "tx337a45f09c9b4679a5dd4-00697f0e1c" "proxy-server 20" 0.0005 "-" 25 0
Feb 1 08:26:04 np0005604211 proxy-server[122537]: 172.18.0.154 172.18.0.104 01/Feb/2026/08/26/04 GET /v1/AUTH_8c7e182e9edd4a9496010d2b1c99e9ab/gnocchi.0d76bf91-550c-4c17-80e7-6db8ed6bfcc1/none_v3 HTTP/1.0 404 - python-swiftclient-3.11.1 gAAAAABpfw24v4L0... - 70 - tx9d1eeb2ee4594862b77f8-00697f0e1c - 0.0317 - - 1769934364.138449192 1769934364.170166969 0
Feb 1 08:26:04 np0005604211 object-server[121185]: 172.20.0.103 - - [01/Feb/2026:08:26:04 +0000] "GET /d1/651/AUTH_8c7e182e9edd4a9496010d2b1c99e9ab/gnocchi.63794a9d-58f8-46e7-bc82-3ec75536e0f7/none_v3" 404 70 "GET http://172.18.0.154:8080/v1/AUTH_8c7e182e9edd4a9496010d2b1c99e9ab/gnocchi.63794a9d-58f8-46e7-bc82-3ec75536e0f7/none_v3" "tx5cf1de145f444713b28d6-00697f0e1c" "proxy-server 20" 0.0005 "-" 23 0
Feb 1 08:26:04 np0005604211 account-server[120527]: 172.20.0.103 - - [01/Feb/2026:08:26:04 +0000] "PUT /d1/833/AUTH_8c7e182e9edd4a9496010d2b1c99e9ab/gnocchi.40be35d3-d0e0-4254-9796-2232b90515a1" 201 - "PUT http://172.20.0.103:6001/d1/97/AUTH_8c7e182e9edd4a9496010d2b1c99e9ab/gnocchi.40be35d3-d0e0-4254-9796-2232b90515a1" "txd3cac4fdd1d34e2b9441d-00697f0e1c" "container-server 22" 0.0024 "-" 20 0
Feb 1 08:26:04 np0005604211 container-server[120750]: 172.20.0.104 - - [01/Feb/2026:08:26:04 +0000] "PUT /d1/97/AUTH_8c7e182e9edd4a9496010d2b1c99e9ab/gnocchi.40be35d3-d0e0-4254-9796-2232b90515a1" 201 - "PUT http://172.18.0.154:8080/v1/AUTH_8c7e182e9edd4a9496010d2b1c99e9ab/gnocchi.40be35d3-d0e0-4254-9796-2232b90515a1" "txd3cac4fdd1d34e2b9441d-00697f0e1c" "proxy-server 20" 0.0185 "-" 21 0
Feb 1 08:26:04 np0005604211 account-server[120567]: 172.20.0.103 - - [01/Feb/2026:08:26:04 +0000] "PUT /d1/833/AUTH_8c7e182e9edd4a9496010d2b1c99e9ab/gnocchi.0d76bf91-550c-4c17-80e7-6db8ed6bfcc1" 201 - "PUT http://172.20.0.103:6001/d1/835/AUTH_8c7e182e9edd4a9496010d2b1c99e9ab/gnocchi.0d76bf91-550c-4c17-80e7-6db8ed6bfcc1" "tx574532cfde1f4aecbdce6-00697f0e1c" "container-server 21" 0.0092 "-" 23 0
Feb 1 08:26:04 np0005604211 container-server[120747]: 172.20.0.105 - - [01/Feb/2026:08:26:04 +0000] "PUT /d1/835/AUTH_8c7e182e9edd4a9496010d2b1c99e9ab/gnocchi.0d76bf91-550c-4c17-80e7-6db8ed6bfcc1" 201 - "PUT http://172.18.0.154:8080/v1/AUTH_8c7e182e9edd4a9496010d2b1c99e9ab/gnocchi.0d76bf91-550c-4c17-80e7-6db8ed6bfcc1" "tx574532cfde1f4aecbdce6-00697f0e1c" "proxy-server 20" 0.0280 "-" 20 0
Feb 1 08:26:04 np0005604211 proxy-server[122537]: 172.18.0.154 172.18.0.104 01/Feb/2026/08/26/04 PUT /v1/AUTH_8c7e182e9edd4a9496010d2b1c99e9ab/gnocchi.0d76bf91-550c-4c17-80e7-6db8ed6bfcc1 HTTP/1.0 201 - python-swiftclient-3.11.1 gAAAAABpfw24v4L0... - - - tx574532cfde1f4aecbdce6-00697f0e1c - 0.0352 - - 1769934364.173370123 1769934364.208602190 0
Feb 1 08:26:04 np0005604211 account-server[120561]: 172.20.0.105 - - [01/Feb/2026:08:26:04 +0000] "PUT /d1/833/AUTH_8c7e182e9edd4a9496010d2b1c99e9ab/gnocchi.63794a9d-58f8-46e7-bc82-3ec75536e0f7" 201 - "PUT http://172.20.0.105:6001/d1/613/AUTH_8c7e182e9edd4a9496010d2b1c99e9ab/gnocchi.63794a9d-58f8-46e7-bc82-3ec75536e0f7" "tx7ddb08b3c7da494cb5cfc-00697f0e1c" "container-server 22" 0.0166 "-" 22 0
Feb 1 08:26:04 np0005604211 container-server[120757]: 172.20.0.103 - - [01/Feb/2026:08:26:04 +0000] "PUT /d1/613/AUTH_8c7e182e9edd4a9496010d2b1c99e9ab/gnocchi.63794a9d-58f8-46e7-bc82-3ec75536e0f7" 201 - "PUT http://172.18.0.154:8080/v1/AUTH_8c7e182e9edd4a9496010d2b1c99e9ab/gnocchi.63794a9d-58f8-46e7-bc82-3ec75536e0f7" "tx7ddb08b3c7da494cb5cfc-00697f0e1c" "proxy-server 20" 0.0299 "-" 22 0
Feb 1 08:26:04 np0005604211 proxy-server[122537]: - - 01/Feb/2026/08/26/04 HEAD /v1/AUTH_8c7e182e9edd4a9496010d2b1c99e9ab/gnocchi.0d76bf91-550c-4c17-80e7-6db8ed6bfcc1%3Fformat%3Djson%26states%3Dlisting HTTP/1.0 204 - Swift - - - - tx1d8b08dd2e004140a845f-00697f0e1c - 0.0072 RL - 1769934364.214452744 1769934364.221686363 0
Feb 1 08:26:04 np0005604211 container-server[120758]: 172.20.0.104 - - [01/Feb/2026:08:26:04 +0000] "GET /d1/97/AUTH_8c7e182e9edd4a9496010d2b1c99e9ab/gnocchi.40be35d3-d0e0-4254-9796-2232b90515a1" 200 2 "GET http://172.18.0.154:8080/v1/AUTH_8c7e182e9edd4a9496010d2b1c99e9ab/gnocchi.40be35d3-d0e0-4254-9796-2232b90515a1?format=json&states=listing" "tx16d4bd4e7d7d47c8a6e26-00697f0e1c" "proxy-server 20" 0.0018 "-" 23 0
Feb 1 08:26:04 np0005604211 container-server[120757]: 172.20.0.103 - - [01/Feb/2026:08:26:04 +0000] "HEAD /d1/613/AUTH_8c7e182e9edd4a9496010d2b1c99e9ab/gnocchi.63794a9d-58f8-46e7-bc82-3ec75536e0f7" 204 - "HEAD http://172.18.0.154:8080/v1/AUTH_8c7e182e9edd4a9496010d2b1c99e9ab/gnocchi.63794a9d-58f8-46e7-bc82-3ec75536e0f7?format=json&states=listing" "tx32e8fc12bb6b41de91455-00697f0e1c" "proxy-server 20" 0.0011 "-" 22 0
Feb 1 08:26:04 np0005604211 proxy-server[122537]: 172.18.0.154 172.18.0.104 01/Feb/2026/08/26/04 GET /v1/AUTH_8c7e182e9edd4a9496010d2b1c99e9ab/gnocchi.0d76bf91-550c-4c17-80e7-6db8ed6bfcc1%3Fformat%3Djson%26states%3Dlisting HTTP/1.0 200 - python-swiftclient-3.11.1 gAAAAABpfw24v4L0... - 2 - tx1d8b08dd2e004140a845f-00697f0e1c - 0.0209 - - 1769934364.212794781 1769934364.233686209 0
Feb 1 08:26:04 np0005604211 container-server[120757]: 172.20.0.103 - - [01/Feb/2026:08:26:04 +0000] "GET /d1/613/AUTH_8c7e182e9edd4a9496010d2b1c99e9ab/gnocchi.63794a9d-58f8-46e7-bc82-3ec75536e0f7" 200 2 "GET http://172.18.0.154:8080/v1/AUTH_8c7e182e9edd4a9496010d2b1c99e9ab/gnocchi.63794a9d-58f8-46e7-bc82-3ec75536e0f7?format=json&states=listing" "tx32e8fc12bb6b41de91455-00697f0e1c" "proxy-server 20" 0.0016 "-" 22 0
Feb 1 08:26:04 np0005604211 object-server[121164]: 172.20.0.104 - - [01/Feb/2026:08:26:04 +0000] "GET /d1/767/AUTH_8c7e182e9edd4a9496010d2b1c99e9ab/gnocchi.40be35d3-d0e0-4254-9796-2232b90515a1/1769040000.0_mean_300.0_v3" 404 70 "GET http://172.18.0.154:8080/v1/AUTH_8c7e182e9edd4a9496010d2b1c99e9ab/gnocchi.40be35d3-d0e0-4254-9796-2232b90515a1/1769040000.0_mean_300.0_v3" "tx87ad9a456e9f48f6b5333-00697f0e1c" "proxy-server 20" 0.0005 "-" 22 0
Feb 1 08:26:04 np0005604211 object-server[121185]: 172.20.0.105 - - [01/Feb/2026:08:26:04 +0000] "GET /d1/137/AUTH_8c7e182e9edd4a9496010d2b1c99e9ab/gnocchi.0d76bf91-550c-4c17-80e7-6db8ed6bfcc1/1769040000.0_mean_300.0_v3" 404 70 "GET http://172.18.0.154:8080/v1/AUTH_8c7e182e9edd4a9496010d2b1c99e9ab/gnocchi.0d76bf91-550c-4c17-80e7-6db8ed6bfcc1/1769040000.0_mean_300.0_v3" "tx4fddd98e8de94f6db3367-00697f0e1c" "proxy-server 20" 0.0005 "-" 23 0
Feb 1 08:26:04 np0005604211 object-server[121185]: 172.20.0.103 - - [01/Feb/2026:08:26:04 +0000] "GET /d1/129/AUTH_8c7e182e9edd4a9496010d2b1c99e9ab/gnocchi.63794a9d-58f8-46e7-bc82-3ec75536e0f7/1769040000.0_mean_300.0_v3" 404 70 "GET http://172.18.0.154:8080/v1/AUTH_8c7e182e9edd4a9496010d2b1c99e9ab/gnocchi.63794a9d-58f8-46e7-bc82-3ec75536e0f7/1769040000.0_mean_300.0_v3" "tx348f00d457de42ffa27bb-00697f0e1c" "proxy-server 20" 0.0003 "-" 23 0
Feb 1 08:26:04 np0005604211 proxy-server[122537]: 172.18.0.154 172.18.0.104 01/Feb/2026/08/26/04 GET /v1/AUTH_8c7e182e9edd4a9496010d2b1c99e9ab/gnocchi.0d76bf91-550c-4c17-80e7-6db8ed6bfcc1/1769040000.0_mean_300.0_v3 HTTP/1.0 404 - python-swiftclient-3.11.1 gAAAAABpfw24v4L0... - 70 - tx4fddd98e8de94f6db3367-00697f0e1c - 0.0214 - - 1769934364.237652779 1769934364.259058952 0
Feb 1 08:26:04 np0005604211 container-server[120747]: 172.20.0.104 - - [01/Feb/2026:08:26:04 +0000] "PUT /d1/97/AUTH_8c7e182e9edd4a9496010d2b1c99e9ab/gnocchi.40be35d3-d0e0-4254-9796-2232b90515a1/1769040000.0_mean_300.0_v3" 201 - "PUT http://172.18.0.154:8080/d1/767/AUTH_8c7e182e9edd4a9496010d2b1c99e9ab/gnocchi.40be35d3-d0e0-4254-9796-2232b90515a1/1769040000.0_mean_300.0_v3" "txbc13b5d2f7c3499ea6167-00697f0e1c" "object-server 22" 0.0005 "-" 20 0
Feb 1 08:26:04 np0005604211 object-server[121185]: 172.20.0.104 - - [01/Feb/2026:08:26:04 +0000] "PUT /d1/767/AUTH_8c7e182e9edd4a9496010d2b1c99e9ab/gnocchi.40be35d3-d0e0-4254-9796-2232b90515a1/1769040000.0_mean_300.0_v3" 201 - "PUT http://172.18.0.154:8080/v1/AUTH_8c7e182e9edd4a9496010d2b1c99e9ab/gnocchi.40be35d3-d0e0-4254-9796-2232b90515a1/1769040000.0_mean_300.0_v3" "txbc13b5d2f7c3499ea6167-00697f0e1c" "proxy-server 20" 0.0114 "-" 23 0
Feb 1 08:26:04 np0005604211 container-server[120747]: 172.20.0.105 - - [01/Feb/2026:08:26:04 +0000] "PUT /d1/613/AUTH_8c7e182e9edd4a9496010d2b1c99e9ab/gnocchi.63794a9d-58f8-46e7-bc82-3ec75536e0f7/1769040000.0_mean_300.0_v3" 201 - "PUT http://172.18.0.154:8080/d1/129/AUTH_8c7e182e9edd4a9496010d2b1c99e9ab/gnocchi.63794a9d-58f8-46e7-bc82-3ec75536e0f7/1769040000.0_mean_300.0_v3" "txee554237596f479b885c8-00697f0e1c" "object-server 22" 0.0004 "-" 20 0
Feb 1 08:26:04 np0005604211 container-server[120757]: 172.20.0.104 - - [01/Feb/2026:08:26:04 +0000] "PUT /d1/835/AUTH_8c7e182e9edd4a9496010d2b1c99e9ab/gnocchi.0d76bf91-550c-4c17-80e7-6db8ed6bfcc1/1769040000.0_mean_300.0_v3" 201 - "PUT http://172.18.0.154:8080/d1/137/AUTH_8c7e182e9edd4a9496010d2b1c99e9ab/gnocchi.0d76bf91-550c-4c17-80e7-6db8ed6bfcc1/1769040000.0_mean_300.0_v3" "tx275bd50bbda34b4b8dae6-00697f0e1c" "object-server 22" 0.0005 "-" 22 0
Feb 1 08:26:04 np0005604211 object-server[121164]: 172.20.0.103 - - [01/Feb/2026:08:26:04 +0000] "PUT /d1/129/AUTH_8c7e182e9edd4a9496010d2b1c99e9ab/gnocchi.63794a9d-58f8-46e7-bc82-3ec75536e0f7/1769040000.0_mean_300.0_v3" 201 - "PUT http://172.18.0.154:8080/v1/AUTH_8c7e182e9edd4a9496010d2b1c99e9ab/gnocchi.63794a9d-58f8-46e7-bc82-3ec75536e0f7/1769040000.0_mean_300.0_v3" "txee554237596f479b885c8-00697f0e1c" "proxy-server 20" 0.0134 "-" 22 0
Feb 1 08:26:04 np0005604211 object-server[121164]: 172.20.0.105 - - [01/Feb/2026:08:26:04 +0000] "PUT /d1/137/AUTH_8c7e182e9edd4a9496010d2b1c99e9ab/gnocchi.0d76bf91-550c-4c17-80e7-6db8ed6bfcc1/1769040000.0_mean_300.0_v3" 201 - "PUT http://172.18.0.154:8080/v1/AUTH_8c7e182e9edd4a9496010d2b1c99e9ab/gnocchi.0d76bf91-550c-4c17-80e7-6db8ed6bfcc1/1769040000.0_mean_300.0_v3" "tx275bd50bbda34b4b8dae6-00697f0e1c" "proxy-server 20" 0.0143 "-" 22 0
Feb 1 08:26:04 np0005604211 proxy-server[122537]: 172.18.0.154 172.18.0.104 01/Feb/2026/08/26/04 PUT /v1/AUTH_8c7e182e9edd4a9496010d2b1c99e9ab/gnocchi.0d76bf91-550c-4c17-80e7-6db8ed6bfcc1/1769040000.0_mean_300.0_v3 HTTP/1.0 201 - python-swiftclient-3.11.1 gAAAAABpfw24v4L0... 16 - - tx275bd50bbda34b4b8dae6-00697f0e1c - 0.0238 - - 1769934364.261885643 1769934364.285696507 0
Feb 1 08:26:04 np0005604211 container-server[120757]: 172.20.0.105 - - [01/Feb/2026:08:26:04 +0000] "PUT /d1/97/AUTH_8c7e182e9edd4a9496010d2b1c99e9ab/gnocchi.40be35d3-d0e0-4254-9796-2232b90515a1/none_v3" 201 - "PUT http://172.18.0.154:8080/d1/553/AUTH_8c7e182e9edd4a9496010d2b1c99e9ab/gnocchi.40be35d3-d0e0-4254-9796-2232b90515a1/none_v3" "tx925f027d4e984c4c9cb65-00697f0e1c" "object-server 24" 0.0004 "-" 22 0
Feb 1 08:26:04 np0005604211 object-server[121191]: 172.20.0.104 - - [01/Feb/2026:08:26:04 +0000] "PUT /d1/553/AUTH_8c7e182e9edd4a9496010d2b1c99e9ab/gnocchi.40be35d3-d0e0-4254-9796-2232b90515a1/none_v3" 201 - "PUT http://172.18.0.154:8080/v1/AUTH_8c7e182e9edd4a9496010d2b1c99e9ab/gnocchi.40be35d3-d0e0-4254-9796-2232b90515a1/none_v3" "tx925f027d4e984c4c9cb65-00697f0e1c" "proxy-server 20" 0.0096 "-" 24 0
Feb 1 08:26:04 np0005604211 container-server[120750]: 172.20.0.103 - - [01/Feb/2026:08:26:04 +0000] "PUT /d1/835/AUTH_8c7e182e9edd4a9496010d2b1c99e9ab/gnocchi.0d76bf91-550c-4c17-80e7-6db8ed6bfcc1/none_v3" 201 - "PUT http://172.18.0.154:8080/d1/841/AUTH_8c7e182e9edd4a9496010d2b1c99e9ab/gnocchi.0d76bf91-550c-4c17-80e7-6db8ed6bfcc1/none_v3" "txe8092a592d7c4e1c9c9e1-00697f0e1c" "object-server 24" 0.0004 "-" 21 0
Feb 1 08:26:04 np0005604211 container-server[120758]: 172.20.0.103 - - [01/Feb/2026:08:26:04 +0000] "PUT /d1/613/AUTH_8c7e182e9edd4a9496010d2b1c99e9ab/gnocchi.63794a9d-58f8-46e7-bc82-3ec75536e0f7/none_v3" 201 - "PUT http://172.18.0.154:8080/d1/651/AUTH_8c7e182e9edd4a9496010d2b1c99e9ab/gnocchi.63794a9d-58f8-46e7-bc82-3ec75536e0f7/none_v3" "txdb5b57c7398040deb889a-00697f0e1c" "object-server 22" 0.0005 "-" 23 0
Feb 1 08:26:04 np0005604211 object-server[121164]: 172.20.0.103 - - [01/Feb/2026:08:26:04 +0000] "PUT /d1/651/AUTH_8c7e182e9edd4a9496010d2b1c99e9ab/gnocchi.63794a9d-58f8-46e7-bc82-3ec75536e0f7/none_v3" 201 - "PUT http://172.18.0.154:8080/v1/AUTH_8c7e182e9edd4a9496010d2b1c99e9ab/gnocchi.63794a9d-58f8-46e7-bc82-3ec75536e0f7/none_v3" "txdb5b57c7398040deb889a-00697f0e1c" "proxy-server 20" 0.0137 "-" 22 0
Feb 1 08:26:04 np0005604211 object-server[121185]: 172.20.0.105 - - [01/Feb/2026:08:26:04 +0000] "PUT /d1/841/AUTH_8c7e182e9edd4a9496010d2b1c99e9ab/gnocchi.0d76bf91-550c-4c17-80e7-6db8ed6bfcc1/none_v3" 201 - "PUT http://172.18.0.154:8080/v1/AUTH_8c7e182e9edd4a9496010d2b1c99e9ab/gnocchi.0d76bf91-550c-4c17-80e7-6db8ed6bfcc1/none_v3" "txe8092a592d7c4e1c9c9e1-00697f0e1c" "proxy-server 20" 0.0134 "-" 23 0
Feb 1 08:26:04 np0005604211 proxy-server[122537]: 172.18.0.154 172.18.0.104 01/Feb/2026/08/26/04 PUT /v1/AUTH_8c7e182e9edd4a9496010d2b1c99e9ab/gnocchi.0d76bf91-550c-4c17-80e7-6db8ed6bfcc1/none_v3 HTTP/1.0 201 - python-swiftclient-3.11.1 gAAAAABpfw24v4L0... 22 - - txe8092a592d7c4e1c9c9e1-00697f0e1c - 0.0202 - - 1769934364.288002014 1769934364.308196545 0
Feb 1 08:26:04 np0005604211 container-server[120757]: 172.20.0.104 - - [01/Feb/2026:08:26:04 +0000] "HEAD /d1/532/AUTH_8c7e182e9edd4a9496010d2b1c99e9ab/gnocchi.113af031-e1e3-456b-a612-264f70c92980" 404 - "HEAD http://172.18.0.154:8080/v1/AUTH_8c7e182e9edd4a9496010d2b1c99e9ab/gnocchi.113af031-e1e3-456b-a612-264f70c92980?format=json&states=listing" "txefad4ab32299454989a55-00697f0e1c" "proxy-server 20" 0.0004 "-" 22 0
Feb 1 08:26:04 np0005604211 object-server[121197]: 172.20.0.104 - - [01/Feb/2026:08:26:04 +0000] "GET /d1/733/AUTH_8c7e182e9edd4a9496010d2b1c99e9ab/gnocchi.113af031-e1e3-456b-a612-264f70c92980/none_v3" 404 70 "GET http://172.18.0.154:8080/v1/AUTH_8c7e182e9edd4a9496010d2b1c99e9ab/gnocchi.113af031-e1e3-456b-a612-264f70c92980/none_v3" "txefad4ab32299454989a55-00697f0e1c" "proxy-server 20" 0.0005 "-" 25 0
Feb 1 08:26:04 np0005604211 container-server[120750]: 172.20.0.105 - - [01/Feb/2026:08:26:04 +0000] "HEAD /d1/1019/AUTH_8c7e182e9edd4a9496010d2b1c99e9ab/gnocchi.de70cf34-3969-4c9a-b8b2-9a2bf83b68a9" 404 - "HEAD http://172.18.0.154:8080/v1/AUTH_8c7e182e9edd4a9496010d2b1c99e9ab/gnocchi.de70cf34-3969-4c9a-b8b2-9a2bf83b68a9?format=json&states=listing" "tx3a7a906591a84d8fbccaf-00697f0e1c" "proxy-server 20" 0.0003 "-" 21 0
Feb 1 08:26:04 np0005604211 container-server[120758]: 172.20.0.103 - - [01/Feb/2026:08:26:04 +0000] "HEAD /d1/127/AUTH_8c7e182e9edd4a9496010d2b1c99e9ab/gnocchi.9007f6b9-bf2d-45f7-b066-c8a7a50483a2" 404 - "HEAD http://172.18.0.154:8080/v1/AUTH_8c7e182e9edd4a9496010d2b1c99e9ab/gnocchi.9007f6b9-bf2d-45f7-b066-c8a7a50483a2?format=json&states=listing" "txfdbbbdc6e4564a969a0f0-00697f0e1c" "proxy-server 20" 0.0003 "-" 23 0
Feb 1 08:26:04 np0005604211 object-server[121185]: 172.20.0.105 - - [01/Feb/2026:08:26:04 +0000] "GET /d1/427/AUTH_8c7e182e9edd4a9496010d2b1c99e9ab/gnocchi.de70cf34-3969-4c9a-b8b2-9a2bf83b68a9/none_v3" 404 70 "GET http://172.18.0.154:8080/v1/AUTH_8c7e182e9edd4a9496010d2b1c99e9ab/gnocchi.de70cf34-3969-4c9a-b8b2-9a2bf83b68a9/none_v3" "tx3a7a906591a84d8fbccaf-00697f0e1c" "proxy-server 20" 0.0004 "-" 23 0
Feb 1 08:26:04 np0005604211 proxy-server[122537]: 172.18.0.105 172.18.0.104 01/Feb/2026/08/26/04 GET /v1/AUTH_8c7e182e9edd4a9496010d2b1c99e9ab/gnocchi.de70cf34-3969-4c9a-b8b2-9a2bf83b68a9/none_v3 HTTP/1.0 404 - python-swiftclient-3.11.1 gAAAAABpfw2NcD79... - 70 - tx3a7a906591a84d8fbccaf-00697f0e1c - 0.0222 - - 1769934364.325779438 1769934364.347934008 0
Feb 1 08:26:04 np0005604211 object-server[121185]: 172.20.0.103 - - [01/Feb/2026:08:26:04 +0000] "GET /d1/23/AUTH_8c7e182e9edd4a9496010d2b1c99e9ab/gnocchi.9007f6b9-bf2d-45f7-b066-c8a7a50483a2/none_v3" 404 70 "GET http://172.18.0.154:8080/v1/AUTH_8c7e182e9edd4a9496010d2b1c99e9ab/gnocchi.9007f6b9-bf2d-45f7-b066-c8a7a50483a2/none_v3" "txfdbbbdc6e4564a969a0f0-00697f0e1c" "proxy-server 20" 0.0007 "-" 23 0
Feb 1 08:26:04 np0005604211 account-server[120538]: 172.20.0.103 - - [01/Feb/2026:08:26:04 +0000] "PUT /d1/833/AUTH_8c7e182e9edd4a9496010d2b1c99e9ab/gnocchi.113af031-e1e3-456b-a612-264f70c92980" 201 - "PUT http://172.20.0.103:6001/d1/532/AUTH_8c7e182e9edd4a9496010d2b1c99e9ab/gnocchi.113af031-e1e3-456b-a612-264f70c92980" "tx2d65611703bb417da7d06-00697f0e1c" "container-server 21" 0.0041 "-" 21 0
Feb 1 08:26:04 np0005604211 container-server[120757]: 172.20.0.104 - - [01/Feb/2026:08:26:04 +0000] "PUT /d1/532/AUTH_8c7e182e9edd4a9496010d2b1c99e9ab/gnocchi.113af031-e1e3-456b-a612-264f70c92980" 201 - "PUT http://172.18.0.154:8080/v1/AUTH_8c7e182e9edd4a9496010d2b1c99e9ab/gnocchi.113af031-e1e3-456b-a612-264f70c92980" "tx2d65611703bb417da7d06-00697f0e1c" "proxy-server 20" 0.0249 "-" 22 0
Feb 1 08:26:04 np0005604211 account-server[120567]: 172.20.0.105 - - [01/Feb/2026:08:26:04 +0000] "PUT /d1/833/AUTH_8c7e182e9edd4a9496010d2b1c99e9ab/gnocchi.9007f6b9-bf2d-45f7-b066-c8a7a50483a2" 201 - "PUT http://172.20.0.105:6001/d1/127/AUTH_8c7e182e9edd4a9496010d2b1c99e9ab/gnocchi.9007f6b9-bf2d-45f7-b066-c8a7a50483a2" "tx48ed934d0220498281ff2-00697f0e1c" "container-server 23" 0.0014 "-" 23 0
Feb 1 08:26:04 np0005604211 account-server[120561]: 172.20.0.104 - - [01/Feb/2026:08:26:04 +0000] "PUT /d1/833/AUTH_8c7e182e9edd4a9496010d2b1c99e9ab/gnocchi.de70cf34-3969-4c9a-b8b2-9a2bf83b68a9" 201 - "PUT http://172.20.0.104:6001/d1/1019/AUTH_8c7e182e9edd4a9496010d2b1c99e9ab/gnocchi.de70cf34-3969-4c9a-b8b2-9a2bf83b68a9" "txcf1b783ef7e54a7f8e16e-00697f0e1c" "container-server 23" 0.0069 "-" 22 0
Feb 1 08:26:04 np0005604211 container-server[120758]: 172.20.0.103 - - [01/Feb/2026:08:26:04 +0000] "PUT /d1/127/AUTH_8c7e182e9edd4a9496010d2b1c99e9ab/gnocchi.9007f6b9-bf2d-45f7-b066-c8a7a50483a2" 201 - "PUT http://172.18.0.154:8080/v1/AUTH_8c7e182e9edd4a9496010d2b1c99e9ab/gnocchi.9007f6b9-bf2d-45f7-b066-c8a7a50483a2" "tx48ed934d0220498281ff2-00697f0e1c" "proxy-server 20" 0.0097 "-" 23 0
Feb 1 08:26:04 np0005604211 container-server[120757]: 172.20.0.105 - - [01/Feb/2026:08:26:04 +0000] "PUT /d1/1019/AUTH_8c7e182e9edd4a9496010d2b1c99e9ab/gnocchi.de70cf34-3969-4c9a-b8b2-9a2bf83b68a9" 201 - "PUT http://172.18.0.154:8080/v1/AUTH_8c7e182e9edd4a9496010d2b1c99e9ab/gnocchi.de70cf34-3969-4c9a-b8b2-9a2bf83b68a9" "txcf1b783ef7e54a7f8e16e-00697f0e1c" "proxy-server 20" 0.0195 "-" 22 0
Feb 1 08:26:04 np0005604211 proxy-server[122537]: 172.18.0.105 172.18.0.104 01/Feb/2026/08/26/04 PUT /v1/AUTH_8c7e182e9edd4a9496010d2b1c99e9ab/gnocchi.de70cf34-3969-4c9a-b8b2-9a2bf83b68a9 HTTP/1.0 201 - python-swiftclient-3.11.1 gAAAAABpfw2NcD79... - - - txcf1b783ef7e54a7f8e16e-00697f0e1c - 0.0331 - - 1769934364.352218628 1769934364.385344744 0
Feb 1 08:26:04 np0005604211 container-server[120757]: 172.20.0.104 - - [01/Feb/2026:08:26:04 +0000] "GET /d1/532/AUTH_8c7e182e9edd4a9496010d2b1c99e9ab/gnocchi.113af031-e1e3-456b-a612-264f70c92980" 200 2 "GET http://172.18.0.154:8080/v1/AUTH_8c7e182e9edd4a9496010d2b1c99e9ab/gnocchi.113af031-e1e3-456b-a612-264f70c92980?format=json&states=listing" "tx029ee1b03ea34abaac733-00697f0e1c" "proxy-server 20" 0.0024 "-" 22 0
Feb 1 08:26:04 np0005604211 container-server[120750]: 172.20.0.105 - - [01/Feb/2026:08:26:04 +0000] "HEAD /d1/1019/AUTH_8c7e182e9edd4a9496010d2b1c99e9ab/gnocchi.de70cf34-3969-4c9a-b8b2-9a2bf83b68a9" 204 - "HEAD http://172.18.0.154:8080/v1/AUTH_8c7e182e9edd4a9496010d2b1c99e9ab/gnocchi.de70cf34-3969-4c9a-b8b2-9a2bf83b68a9?format=json&states=listing" "txacc47f110964499b881b4-00697f0e1c" "proxy-server 20" 0.0015 "-" 21 0
Feb 1 08:26:04 np0005604211 proxy-server[122537]: - - 01/Feb/2026/08/26/04 HEAD /v1/AUTH_8c7e182e9edd4a9496010d2b1c99e9ab/gnocchi.de70cf34-3969-4c9a-b8b2-9a2bf83b68a9%3Fformat%3Djson%26states%3Dlisting HTTP/1.0 204 - Swift - - - - txacc47f110964499b881b4-00697f0e1c - 0.0069 RL - 1769934364.391770601 1769934364.398646593 0
Feb 1 08:26:04 np0005604211 container-server[120747]: 172.20.0.103 - - [01/Feb/2026:08:26:04 +0000] "HEAD /d1/127/AUTH_8c7e182e9edd4a9496010d2b1c99e9ab/gnocchi.9007f6b9-bf2d-45f7-b066-c8a7a50483a2" 204 - "HEAD http://172.18.0.154:8080/v1/AUTH_8c7e182e9edd4a9496010d2b1c99e9ab/gnocchi.9007f6b9-bf2d-45f7-b066-c8a7a50483a2?format=json&states=listing" "txf47dcc8a77a0496aa8420-00697f0e1c" "proxy-server 20" 0.0016 "-" 20 0
Feb 1 08:26:04 np0005604211 proxy-server[122537]: 172.18.0.105 172.18.0.104 01/Feb/2026/08/26/04 GET /v1/AUTH_8c7e182e9edd4a9496010d2b1c99e9ab/gnocchi.de70cf34-3969-4c9a-b8b2-9a2bf83b68a9%3Fformat%3Djson%26states%3Dlisting HTTP/1.0 200 - python-swiftclient-3.11.1 gAAAAABpfw2NcD79... - 2 - txacc47f110964499b881b4-00697f0e1c - 0.0202 - - 1769934364.389790058 1769934364.410015821 0
Feb 1 08:26:04 np0005604211 object-server[121197]: 172.20.0.104 - - [01/Feb/2026:08:26:04 +0000] "GET /d1/727/AUTH_8c7e182e9edd4a9496010d2b1c99e9ab/gnocchi.113af031-e1e3-456b-a612-264f70c92980/1769040000.0_mean_300.0_v3" 404 70 "GET http://172.18.0.154:8080/v1/AUTH_8c7e182e9edd4a9496010d2b1c99e9ab/gnocchi.113af031-e1e3-456b-a612-264f70c92980/1769040000.0_mean_300.0_v3" "tx57da18800c664f19bdc16-00697f0e1c" "proxy-server 20" 0.0006 "-" 25 0
Feb 1 08:26:04 np0005604211 object-server[121164]: 172.20.0.105 - - [01/Feb/2026:08:26:04 +0000] "GET /d1/710/AUTH_8c7e182e9edd4a9496010d2b1c99e9ab/gnocchi.de70cf34-3969-4c9a-b8b2-9a2bf83b68a9/1769040000.0_mean_300.0_v3" 404 70 "GET http://172.18.0.154:8080/v1/AUTH_8c7e182e9edd4a9496010d2b1c99e9ab/gnocchi.de70cf34-3969-4c9a-b8b2-9a2bf83b68a9/1769040000.0_mean_300.0_v3" "txe1e3c48d69744a0fbeb9c-00697f0e1c" "proxy-server 20" 0.0007 "-" 22 0
Feb 1 08:26:04 np0005604211 proxy-server[122537]: 172.18.0.105 172.18.0.104 01/Feb/2026/08/26/04 GET /v1/AUTH_8c7e182e9edd4a9496010d2b1c99e9ab/gnocchi.de70cf34-3969-4c9a-b8b2-9a2bf83b68a9/1769040000.0_mean_300.0_v3 HTTP/1.0 404 - python-swiftclient-3.11.1 gAAAAABpfw2NcD79... - 70 - txe1e3c48d69744a0fbeb9c-00697f0e1c - 0.0155 - - 1769934364.414138317 1769934364.429589987 0
Feb 1 08:26:04 np0005604211 object-server[121191]: 172.20.0.103 - - [01/Feb/2026:08:26:04 +0000] "GET /d1/95/AUTH_8c7e182e9edd4a9496010d2b1c99e9ab/gnocchi.9007f6b9-bf2d-45f7-b066-c8a7a50483a2/1769040000.0_mean_300.0_v3" 404 70 "GET http://172.18.0.154:8080/v1/AUTH_8c7e182e9edd4a9496010d2b1c99e9ab/gnocchi.9007f6b9-bf2d-45f7-b066-c8a7a50483a2/1769040000.0_mean_300.0_v3" "tx6da1e7bdad3d4f6280551-00697f0e1c" "proxy-server 20" 0.0005 "-" 24 0
Feb 1 08:26:04 np0005604211 container-server[120757]: 172.20.0.105 - - [01/Feb/2026:08:26:04 +0000] "PUT /d1/532/AUTH_8c7e182e9edd4a9496010d2b1c99e9ab/gnocchi.113af031-e1e3-456b-a612-264f70c92980/1769040000.0_mean_300.0_v3" 201 - "PUT http://172.18.0.154:8080/d1/727/AUTH_8c7e182e9edd4a9496010d2b1c99e9ab/gnocchi.113af031-e1e3-456b-a612-264f70c92980/1769040000.0_mean_300.0_v3" "txf0067f219a754d35bb137-00697f0e1c" "object-server 24" 0.0006 "-" 22 0
Feb 1 08:26:04 np0005604211 object-server[121191]: 172.20.0.104 - - [01/Feb/2026:08:26:04 +0000] "PUT /d1/727/AUTH_8c7e182e9edd4a9496010d2b1c99e9ab/gnocchi.113af031-e1e3-456b-a612-264f70c92980/1769040000.0_mean_300.0_v3" 201 - "PUT http://172.18.0.154:8080/v1/AUTH_8c7e182e9edd4a9496010d2b1c99e9ab/gnocchi.113af031-e1e3-456b-a612-264f70c92980/1769040000.0_mean_300.0_v3" "txf0067f219a754d35bb137-00697f0e1c" "proxy-server 20" 0.0125 "-" 24 0
Feb 1 08:26:04 np0005604211 object-server[121191]: 172.20.0.105 - - [01/Feb/2026:08:26:04 +0000] "PUT /d1/710/AUTH_8c7e182e9edd4a9496010d2b1c99e9ab/gnocchi.de70cf34-3969-4c9a-b8b2-9a2bf83b68a9/1769040000.0_mean_300.0_v3" 201 - "PUT http://172.18.0.154:8080/v1/AUTH_8c7e182e9edd4a9496010d2b1c99e9ab/gnocchi.de70cf34-3969-4c9a-b8b2-9a2bf83b68a9/1769040000.0_mean_300.0_v3" "tx57b4b4b828d14bc6b46fb-00697f0e1c" "proxy-server 20" 0.0120 "-" 24 0
Feb 1 08:26:04 np0005604211 container-server[120757]: 172.20.0.103 - - [01/Feb/2026:08:26:04 +0000] "PUT /d1/1019/AUTH_8c7e182e9edd4a9496010d2b1c99e9ab/gnocchi.de70cf34-3969-4c9a-b8b2-9a2bf83b68a9/1769040000.0_mean_300.0_v3" 201 - "PUT http://172.18.0.154:8080/d1/710/AUTH_8c7e182e9edd4a9496010d2b1c99e9ab/gnocchi.de70cf34-3969-4c9a-b8b2-9a2bf83b68a9/1769040000.0_mean_300.0_v3" "tx57b4b4b828d14bc6b46fb-00697f0e1c" "object-server 22" 0.0004 "-" 22 0
Feb 1 08:26:04 np0005604211 proxy-server[122537]: 172.18.0.105 172.18.0.104 01/Feb/2026/08/26/04 PUT /v1/AUTH_8c7e182e9edd4a9496010d2b1c99e9ab/gnocchi.de70cf34-3969-4c9a-b8b2-9a2bf83b68a9/1769040000.0_mean_300.0_v3 HTTP/1.0 201 - python-swiftclient-3.11.1 gAAAAABpfw2NcD79... 16 - - tx57b4b4b828d14bc6b46fb-00697f0e1c - 0.0220 - - 1769934364.432718992 1769934364.454686880 0
Feb 1 08:26:04 np0005604211 container-server[120750]: 172.20.0.105 - - [01/Feb/2026:08:26:04 +0000] "PUT /d1/127/AUTH_8c7e182e9edd4a9496010d2b1c99e9ab/gnocchi.9007f6b9-bf2d-45f7-b066-c8a7a50483a2/1769040000.0_mean_300.0_v3" 201 - "PUT http://172.18.0.154:8080/d1/95/AUTH_8c7e182e9edd4a9496010d2b1c99e9ab/gnocchi.9007f6b9-bf2d-45f7-b066-c8a7a50483a2/1769040000.0_mean_300.0_v3" "txdc48a9f5168e4417bb0c1-00697f0e1c" "object-server 23" 0.0008 "-" 21 0
Feb 1 08:26:04 np0005604211 container-server[120758]: 172.20.0.103 - - [01/Feb/2026:08:26:04 +0000] "PUT /d1/532/AUTH_8c7e182e9edd4a9496010d2b1c99e9ab/gnocchi.113af031-e1e3-456b-a612-264f70c92980/none_v3" 201 - "PUT http://172.18.0.154:8080/d1/733/AUTH_8c7e182e9edd4a9496010d2b1c99e9ab/gnocchi.113af031-e1e3-456b-a612-264f70c92980/none_v3" "tx4fdaaf67f5114e57bd436-00697f0e1c" "object-server 24" 0.0007 "-" 23 0
Feb 1 08:26:04 np0005604211 object-server[121185]: 172.20.0.103 - - [01/Feb/2026:08:26:04 +0000] "PUT /d1/95/AUTH_8c7e182e9edd4a9496010d2b1c99e9ab/gnocchi.9007f6b9-bf2d-45f7-b066-c8a7a50483a2/1769040000.0_mean_300.0_v3" 201 - "PUT http://172.18.0.154:8080/v1/AUTH_8c7e182e9edd4a9496010d2b1c99e9ab/gnocchi.9007f6b9-bf2d-45f7-b066-c8a7a50483a2/1769040000.0_mean_300.0_v3" "txdc48a9f5168e4417bb0c1-00697f0e1c" "proxy-server 20" 0.0124 "-" 23 0
Feb 1 08:26:04 np0005604211 object-server[121197]: 172.20.0.104 - - [01/Feb/2026:08:26:04 +0000] "PUT /d1/733/AUTH_8c7e182e9edd4a9496010d2b1c99e9ab/gnocchi.113af031-e1e3-456b-a612-264f70c92980/none_v3" 201 - "PUT http://172.18.0.154:8080/v1/AUTH_8c7e182e9edd4a9496010d2b1c99e9ab/gnocchi.113af031-e1e3-456b-a612-264f70c92980/none_v3" "tx4fdaaf67f5114e57bd436-00697f0e1c" "proxy-server 20" 0.0114 "-" 25 0
Feb 1 08:26:04 np0005604211 container-server[120757]: 172.20.0.105 - - [01/Feb/2026:08:26:04 +0000] "PUT /d1/1019/AUTH_8c7e182e9edd4a9496010d2b1c99e9ab/gnocchi.de70cf34-3969-4c9a-b8b2-9a2bf83b68a9/none_v3" 201 - "PUT http://172.18.0.154:8080/d1/427/AUTH_8c7e182e9edd4a9496010d2b1c99e9ab/gnocchi.de70cf34-3969-4c9a-b8b2-9a2bf83b68a9/none_v3" "tx2c90abc2170b4be8b9a69-00697f0e1c" "object-server 22" 0.0005 "-" 22 0
Feb 1 08:26:04 np0005604211 object-server[121164]: 172.20.0.105 - - [01/Feb/2026:08:26:04 +0000] "PUT /d1/427/AUTH_8c7e182e9edd4a9496010d2b1c99e9ab/gnocchi.de70cf34-3969-4c9a-b8b2-9a2bf83b68a9/none_v3" 201 - "PUT http://172.18.0.154:8080/v1/AUTH_8c7e182e9edd4a9496010d2b1c99e9ab/gnocchi.de70cf34-3969-4c9a-b8b2-9a2bf83b68a9/none_v3" "tx2c90abc2170b4be8b9a69-00697f0e1c" "proxy-server 20" 0.0088 "-" 22 0
Feb 1 08:26:04 np0005604211 proxy-server[122537]: 172.18.0.105 172.18.0.104 01/Feb/2026/08/26/04 PUT /v1/AUTH_8c7e182e9edd4a9496010d2b1c99e9ab/gnocchi.de70cf34-3969-4c9a-b8b2-9a2bf83b68a9/none_v3 HTTP/1.0 201 - python-swiftclient-3.11.1 gAAAAABpfw2NcD79... 22 - - tx2c90abc2170b4be8b9a69-00697f0e1c - 0.0191 - - 1769934364.458069324 1769934364.477186918 0
Feb 1 08:26:04 np0005604211 object-server[121164]: 172.20.0.104 - - [01/Feb/2026:08:26:04 +0000] "PUT /d1/23/AUTH_8c7e182e9edd4a9496010d2b1c99e9ab/gnocchi.9007f6b9-bf2d-45f7-b066-c8a7a50483a2/none_v3" 201 - "PUT http://172.18.0.154:8080/v1/AUTH_8c7e182e9edd4a9496010d2b1c99e9ab/gnocchi.9007f6b9-bf2d-45f7-b066-c8a7a50483a2/none_v3" "tx1a33bf5b83604680995c9-00697f0e1c" "proxy-server 20" 0.0100 "-" 22 0
Feb 1 08:26:04 np0005604211 container-server[120750]: 172.20.0.103 - - [01/Feb/2026:08:26:04 +0000] "PUT /d1/127/AUTH_8c7e182e9edd4a9496010d2b1c99e9ab/gnocchi.9007f6b9-bf2d-45f7-b066-c8a7a50483a2/none_v3" 201 - "PUT http://172.18.0.154:8080/d1/23/AUTH_8c7e182e9edd4a9496010d2b1c99e9ab/gnocchi.9007f6b9-bf2d-45f7-b066-c8a7a50483a2/none_v3" "tx1a33bf5b83604680995c9-00697f0e1c" "object-server 23" 0.0008 "-" 21 0
