Feb 1 08:31:04 np0005604211 object-server[121197]: 172.20.0.104 - - [01/Feb/2026:08:31:04 +0000] "PUT /d1/600/AUTH_8c7e182e9edd4a9496010d2b1c99e9ab/gnocchi.85911d85-6526-41fd-8941-23f9aa68f9fb/1769040000.0_mean_300.0_v3" 201 - "PUT http://172.18.0.154:8080/v1/AUTH_8c7e182e9edd4a9496010d2b1c99e9ab/gnocchi.85911d85-6526-41fd-8941-23f9aa68f9fb/1769040000.0_mean_300.0_v3" "tx1ba5fca379fd4156a0fb9-00697f0f48" "proxy-server 20" 0.0133 "-" 25 0
Feb 1 08:31:04 np0005604211 container-server[120758]: 172.20.0.105 - - [01/Feb/2026:08:31:04 +0000] "PUT /d1/130/AUTH_8c7e182e9edd4a9496010d2b1c99e9ab/gnocchi.85911d85-6526-41fd-8941-23f9aa68f9fb/1769040000.0_rate%3Amean_300.0_v3" 201 - "PUT http://172.18.0.154:8080/d1/624/AUTH_8c7e182e9edd4a9496010d2b1c99e9ab/gnocchi.85911d85-6526-41fd-8941-23f9aa68f9fb/1769040000.0_rate%3Amean_300.0_v3" "tx0cba093dea054089bc059-00697f0f48" "object-server 23" 0.0008 "-" 23 0
Feb 1 08:31:04 np0005604211 container-server[120750]: 172.20.0.105 - - [01/Feb/2026:08:31:04 +0000] "PUT /d1/976/AUTH_8c7e182e9edd4a9496010d2b1c99e9ab/gnocchi.640f3fc7-d539-4e9b-b4bf-7024b427ba42/1769040000.0_mean_300.0_v3" 201 - "PUT http://172.18.0.154:8080/d1/233/AUTH_8c7e182e9edd4a9496010d2b1c99e9ab/gnocchi.640f3fc7-d539-4e9b-b4bf-7024b427ba42/1769040000.0_mean_300.0_v3" "tx20e5d3e165be4b5baacb9-00697f0f48" "object-server 22" 0.0010 "-" 21 0
Feb 1 08:31:04 np0005604211 object-server[121185]: 172.20.0.103 - - [01/Feb/2026:08:31:04 +0000] "PUT /d1/624/AUTH_8c7e182e9edd4a9496010d2b1c99e9ab/gnocchi.85911d85-6526-41fd-8941-23f9aa68f9fb/1769040000.0_rate%3Amean_300.0_v3" 201 - "PUT http://172.18.0.154:8080/v1/AUTH_8c7e182e9edd4a9496010d2b1c99e9ab/gnocchi.85911d85-6526-41fd-8941-23f9aa68f9fb/1769040000.0_rate%3Amean_300.0_v3" "tx0cba093dea054089bc059-00697f0f48" "proxy-server 20" 0.0228 "-" 23 0
Feb 1 08:31:04 np0005604211 object-server[121164]: 172.20.0.104 - - [01/Feb/2026:08:31:04 +0000] "PUT /d1/233/AUTH_8c7e182e9edd4a9496010d2b1c99e9ab/gnocchi.640f3fc7-d539-4e9b-b4bf-7024b427ba42/1769040000.0_mean_300.0_v3" 201 - "PUT http://172.18.0.154:8080/v1/AUTH_8c7e182e9edd4a9496010d2b1c99e9ab/gnocchi.640f3fc7-d539-4e9b-b4bf-7024b427ba42/1769040000.0_mean_300.0_v3" "tx20e5d3e165be4b5baacb9-00697f0f48" "proxy-server 20" 0.0214 "-" 22 0
Feb 1 08:31:04 np0005604211 object-server[121197]: 172.20.0.104 - - [01/Feb/2026:08:31:04 +0000] "PUT /d1/140/AUTH_8c7e182e9edd4a9496010d2b1c99e9ab/gnocchi.85911d85-6526-41fd-8941-23f9aa68f9fb/none_v3" 201 - "PUT http://172.18.0.154:8080/v1/AUTH_8c7e182e9edd4a9496010d2b1c99e9ab/gnocchi.85911d85-6526-41fd-8941-23f9aa68f9fb/none_v3" "txffad58c3423642e29bc65-00697f0f48" "proxy-server 20" 0.0123 "-" 25 0
Feb 1 08:31:04 np0005604211 container-server[120750]: 172.20.0.104 - - [01/Feb/2026:08:31:04 +0000] "PUT /d1/130/AUTH_8c7e182e9edd4a9496010d2b1c99e9ab/gnocchi.85911d85-6526-41fd-8941-23f9aa68f9fb/none_v3" 201 - "PUT http://172.18.0.154:8080/d1/140/AUTH_8c7e182e9edd4a9496010d2b1c99e9ab/gnocchi.85911d85-6526-41fd-8941-23f9aa68f9fb/none_v3" "txffad58c3423642e29bc65-00697f0f48" "object-server 25" 0.0007 "-" 21 0
Feb 1 08:31:04 np0005604211 container-server[120758]: 172.20.0.105 - - [01/Feb/2026:08:31:04 +0000] "PUT /d1/976/AUTH_8c7e182e9edd4a9496010d2b1c99e9ab/gnocchi.640f3fc7-d539-4e9b-b4bf-7024b427ba42/1769040000.0_rate%3Amean_300.0_v3" 201 - "PUT http://172.18.0.154:8080/d1/945/AUTH_8c7e182e9edd4a9496010d2b1c99e9ab/gnocchi.640f3fc7-d539-4e9b-b4bf-7024b427ba42/1769040000.0_rate%3Amean_300.0_v3" "txa39e8856ad4b42788276d-00697f0f48" "object-server 23" 0.0004 "-" 23 0
Feb 1 08:31:04 np0005604211 object-server[121185]: 172.20.0.103 - - [01/Feb/2026:08:31:04 +0000] "PUT /d1/945/AUTH_8c7e182e9edd4a9496010d2b1c99e9ab/gnocchi.640f3fc7-d539-4e9b-b4bf-7024b427ba42/1769040000.0_rate%3Amean_300.0_v3" 201 - "PUT http://172.18.0.154:8080/v1/AUTH_8c7e182e9edd4a9496010d2b1c99e9ab/gnocchi.640f3fc7-d539-4e9b-b4bf-7024b427ba42/1769040000.0_rate%3Amean_300.0_v3" "txa39e8856ad4b42788276d-00697f0f48" "proxy-server 20" 0.0100 "-" 23 0
Feb 1 08:31:04 np0005604211 container-server[120757]: 172.20.0.105 - - [01/Feb/2026:08:31:04 +0000] "PUT /d1/976/AUTH_8c7e182e9edd4a9496010d2b1c99e9ab/gnocchi.640f3fc7-d539-4e9b-b4bf-7024b427ba42/none_v3" 201 - "PUT http://172.18.0.154:8080/d1/682/AUTH_8c7e182e9edd4a9496010d2b1c99e9ab/gnocchi.640f3fc7-d539-4e9b-b4bf-7024b427ba42/none_v3" "txc3716bf01a6542eeb2fe2-00697f0f48" "object-server 25" 0.0008 "-" 22 0
Feb 1 08:31:04 np0005604211 object-server[121197]: 172.20.0.104 - - [01/Feb/2026:08:31:04 +0000] "PUT /d1/682/AUTH_8c7e182e9edd4a9496010d2b1c99e9ab/gnocchi.640f3fc7-d539-4e9b-b4bf-7024b427ba42/none_v3" 201 - "PUT http://172.18.0.154:8080/v1/AUTH_8c7e182e9edd4a9496010d2b1c99e9ab/gnocchi.640f3fc7-d539-4e9b-b4bf-7024b427ba42/none_v3" "txc3716bf01a6542eeb2fe2-00697f0f48" "proxy-server 20" 0.0105 "-" 25 0
Feb 1 08:31:04 np0005604211 container-server[120758]: 172.20.0.104 - - [01/Feb/2026:08:31:04 +0000] "GET /d1/119/AUTH_8c7e182e9edd4a9496010d2b1c99e9ab/gnocchi.8bd2e458-2a3e-4ea1-98c6-ab0a7712045a" 200 357 "GET http://172.18.0.154:8080/v1/AUTH_8c7e182e9edd4a9496010d2b1c99e9ab/gnocchi.8bd2e458-2a3e-4ea1-98c6-ab0a7712045a?format=json&states=listing" "tx76159353e4974887bef7b-00697f0f48" "proxy-server 20" 0.0019 "-" 23 0
Feb 1 08:31:04 np0005604211 object-server[121197]: 172.20.0.103 - - [01/Feb/2026:08:31:04 +0000] "GET /d1/776/AUTH_8c7e182e9edd4a9496010d2b1c99e9ab/gnocchi.8bd2e458-2a3e-4ea1-98c6-ab0a7712045a/1769040000.0_mean_300.0_v3" 200 16 "GET http://172.18.0.154:8080/v1/AUTH_8c7e182e9edd4a9496010d2b1c99e9ab/gnocchi.8bd2e458-2a3e-4ea1-98c6-ab0a7712045a/1769040000.0_mean_300.0_v3" "txc5473cd22d014233942bf-00697f0f48" "proxy-server 20" 0.0016 "-" 25 0
Feb 1 08:31:04 np0005604211 object-server[121191]: 172.20.0.103 - - [01/Feb/2026:08:31:04 +0000] "GET /d1/471/AUTH_8c7e182e9edd4a9496010d2b1c99e9ab/gnocchi.8bd2e458-2a3e-4ea1-98c6-ab0a7712045a/1769040000.0_rate%3Amean_300.0_v3" 404 70 "GET http://172.18.0.154:8080/v1/AUTH_8c7e182e9edd4a9496010d2b1c99e9ab/gnocchi.8bd2e458-2a3e-4ea1-98c6-ab0a7712045a/1769040000.0_rate%3Amean_300.0_v3" "tx779e434b73964abe82e85-00697f0f48" "proxy-server 20" 0.0006 "-" 24 0
Feb 1 08:31:04 np0005604211 container-server[120750]: 172.20.0.103 - - [01/Feb/2026:08:31:04 +0000] "PUT /d1/613/AUTH_8c7e182e9edd4a9496010d2b1c99e9ab/gnocchi.63794a9d-58f8-46e7-bc82-3ec75536e0f7/1769040000.0_mean_300.0_v3" 201 - "PUT http://172.18.0.154:8080/d1/129/AUTH_8c7e182e9edd4a9496010d2b1c99e9ab/gnocchi.63794a9d-58f8-46e7-bc82-3ec75536e0f7/1769040000.0_mean_300.0_v3" "tx5eee1eeacc5944ef8d648-00697f0f48" "object-server 24" 0.0008 "-" 21 0
Feb 1 08:31:04 np0005604211 object-server[121197]: 172.20.0.104 - - [01/Feb/2026:08:31:04 +0000] "PUT /d1/129/AUTH_8c7e182e9edd4a9496010d2b1c99e9ab/gnocchi.63794a9d-58f8-46e7-bc82-3ec75536e0f7/1769040000.0_mean_300.0_v3" 201 - "PUT http://172.18.0.154:8080/v1/AUTH_8c7e182e9edd4a9496010d2b1c99e9ab/gnocchi.63794a9d-58f8-46e7-bc82-3ec75536e0f7/1769040000.0_mean_300.0_v3" "tx5eee1eeacc5944ef8d648-00697f0f48" "proxy-server 20" 0.0140 "-" 25 0
Feb 1 08:31:04 np0005604211 container-server[120758]: 172.20.0.104 - - [01/Feb/2026:08:31:04 +0000] "PUT /d1/613/AUTH_8c7e182e9edd4a9496010d2b1c99e9ab/gnocchi.63794a9d-58f8-46e7-bc82-3ec75536e0f7/none_v3" 201 - "PUT http://172.18.0.154:8080/d1/651/AUTH_8c7e182e9edd4a9496010d2b1c99e9ab/gnocchi.63794a9d-58f8-46e7-bc82-3ec75536e0f7/none_v3" "txb7690bbd34134a9590b12-00697f0f48" "object-server 23" 0.0005 "-" 23 0
Feb 1 08:31:04 np0005604211 container-server[120747]: 172.20.0.104 - - [01/Feb/2026:08:31:04 +0000] "PUT /d1/119/AUTH_8c7e182e9edd4a9496010d2b1c99e9ab/gnocchi.8bd2e458-2a3e-4ea1-98c6-ab0a7712045a/1769040000.0_mean_300.0_v3" 201 - "PUT http://172.18.0.154:8080/d1/776/AUTH_8c7e182e9edd4a9496010d2b1c99e9ab/gnocchi.8bd2e458-2a3e-4ea1-98c6-ab0a7712045a/1769040000.0_mean_300.0_v3" "tx6047b815508f4241a9eca-00697f0f48" "object-server 25" 0.0008 "-" 20 0
Feb 1 08:31:04 np0005604211 object-server[121164]: 172.20.0.103 - - [01/Feb/2026:08:31:04 +0000] "PUT /d1/776/AUTH_8c7e182e9edd4a9496010d2b1c99e9ab/gnocchi.8bd2e458-2a3e-4ea1-98c6-ab0a7712045a/1769040000.0_mean_300.0_v3" 201 - "PUT http://172.18.0.154:8080/v1/AUTH_8c7e182e9edd4a9496010d2b1c99e9ab/gnocchi.8bd2e458-2a3e-4ea1-98c6-ab0a7712045a/1769040000.0_mean_300.0_v3" "tx6047b815508f4241a9eca-00697f0f48" "proxy-server 20" 0.0175 "-" 22 0
Feb 1 08:31:04 np0005604211 object-server[121185]: 172.20.0.104 - - [01/Feb/2026:08:31:04 +0000] "PUT /d1/651/AUTH_8c7e182e9edd4a9496010d2b1c99e9ab/gnocchi.63794a9d-58f8-46e7-bc82-3ec75536e0f7/none_v3" 201 - "PUT http://172.18.0.154:8080/v1/AUTH_8c7e182e9edd4a9496010d2b1c99e9ab/gnocchi.63794a9d-58f8-46e7-bc82-3ec75536e0f7/none_v3" "txb7690bbd34134a9590b12-00697f0f48" "proxy-server 20" 0.0180 "-" 23 0
Feb 1 08:31:04 np0005604211 container-server[120758]: 172.20.0.103 - - [01/Feb/2026:08:31:04 +0000] "PUT /d1/119/AUTH_8c7e182e9edd4a9496010d2b1c99e9ab/gnocchi.8bd2e458-2a3e-4ea1-98c6-ab0a7712045a/1769040000.0_rate%3Amean_300.0_v3" 201 - "PUT http://172.18.0.154:8080/d1/471/AUTH_8c7e182e9edd4a9496010d2b1c99e9ab/gnocchi.8bd2e458-2a3e-4ea1-98c6-ab0a7712045a/1769040000.0_rate%3Amean_300.0_v3" "txec842f6ae5b54a5787f54-00697f0f48" "object-server 22" 0.0006 "-" 23 0
Feb 1 08:31:04 np0005604211 object-server[121197]: 172.20.0.104 - - [01/Feb/2026:08:31:04 +0000] "PUT /d1/471/AUTH_8c7e182e9edd4a9496010d2b1c99e9ab/gnocchi.8bd2e458-2a3e-4ea1-98c6-ab0a7712045a/1769040000.0_rate%3Amean_300.0_v3" 201 - "PUT http://172.18.0.154:8080/v1/AUTH_8c7e182e9edd4a9496010d2b1c99e9ab/gnocchi.8bd2e458-2a3e-4ea1-98c6-ab0a7712045a/1769040000.0_rate%3Amean_300.0_v3" "txec842f6ae5b54a5787f54-00697f0f48" "proxy-server 20" 0.0125 "-" 25 0
Feb 1 08:31:04 np0005604211 container-server[120758]: 172.20.0.105 - - [01/Feb/2026:08:31:04 +0000] "PUT /d1/119/AUTH_8c7e182e9edd4a9496010d2b1c99e9ab/gnocchi.8bd2e458-2a3e-4ea1-98c6-ab0a7712045a/none_v3" 201 - "PUT http://172.18.0.154:8080/d1/193/AUTH_8c7e182e9edd4a9496010d2b1c99e9ab/gnocchi.8bd2e458-2a3e-4ea1-98c6-ab0a7712045a/none_v3" "tx52d179f0b2db472cad01c-00697f0f48" "object-server 23" 0.0009 "-" 23 0
Feb 1 08:31:04 np0005604211 object-server[121185]: 172.20.0.104 - - [01/Feb/2026:08:31:04 +0000] "PUT /d1/193/AUTH_8c7e182e9edd4a9496010d2b1c99e9ab/gnocchi.8bd2e458-2a3e-4ea1-98c6-ab0a7712045a/none_v3" 201 - "PUT http://172.18.0.154:8080/v1/AUTH_8c7e182e9edd4a9496010d2b1c99e9ab/gnocchi.8bd2e458-2a3e-4ea1-98c6-ab0a7712045a/none_v3" "tx52d179f0b2db472cad01c-00697f0f48" "proxy-server 20" 0.0109 "-" 23 0
Feb 1 08:31:04 np0005604211 container-server[120747]: 172.20.0.104 - - [01/Feb/2026:08:31:04 +0000] "GET /d1/257/AUTH_8c7e182e9edd4a9496010d2b1c99e9ab/gnocchi.6a57f66c-c3a3-48cd-b4ae-ecd529243a03" 200 2 "GET http://172.18.0.154:8080/v1/AUTH_8c7e182e9edd4a9496010d2b1c99e9ab/gnocchi.6a57f66c-c3a3-48cd-b4ae-ecd529243a03?format=json&marker=none_v3&states=listing" "txfad5c5b935d34fd8a4e81-00697f0f48" "proxy-server 20" 0.0037 "-" 20 0
Feb 1 08:31:04 np0005604211 object-server[121197]: 172.20.0.104 - - [01/Feb/2026:08:31:04 +0000] "GET /d1/34/AUTH_8c7e182e9edd4a9496010d2b1c99e9ab/gnocchi.6a57f66c-c3a3-48cd-b4ae-ecd529243a03/1769040000.0_mean_300.0_v3" 200 16 "GET http://172.18.0.154:8080/v1/AUTH_8c7e182e9edd4a9496010d2b1c99e9ab/gnocchi.6a57f66c-c3a3-48cd-b4ae-ecd529243a03/1769040000.0_mean_300.0_v3" "tx3da50ae0ff29456ab207f-00697f0f48" "proxy-server 20" 0.0013 "-" 25 0
Feb 1 08:31:04 np0005604211 object-server[121191]: 172.20.0.104 - - [01/Feb/2026:08:31:04 +0000] "GET /d1/880/AUTH_8c7e182e9edd4a9496010d2b1c99e9ab/gnocchi.6a57f66c-c3a3-48cd-b4ae-ecd529243a03/1769040000.0_rate%3Amean_300.0_v3" 404 70 "GET http://172.18.0.154:8080/v1/AUTH_8c7e182e9edd4a9496010d2b1c99e9ab/gnocchi.6a57f66c-c3a3-48cd-b4ae-ecd529243a03/1769040000.0_rate%3Amean_300.0_v3" "tx8463ff70e22849fe869f0-00697f0f48" "proxy-server 20" 0.0006 "-" 24 0
Feb 1 08:31:04 np0005604211 container-server[120750]: 172.20.0.103 - - [01/Feb/2026:08:31:04 +0000] "GET /d1/835/AUTH_8c7e182e9edd4a9496010d2b1c99e9ab/gnocchi.0d76bf91-550c-4c17-80e7-6db8ed6bfcc1" 200 357 "GET http://172.18.0.154:8080/v1/AUTH_8c7e182e9edd4a9496010d2b1c99e9ab/gnocchi.0d76bf91-550c-4c17-80e7-6db8ed6bfcc1?format=json&states=listing" "txe79da19fd4e04107a062d-00697f0f48" "proxy-server 20" 0.0037 "-" 21 0
Feb 1 08:31:04 np0005604211 container-server[120757]: 172.20.0.105 - - [01/Feb/2026:08:31:04 +0000] "PUT /d1/257/AUTH_8c7e182e9edd4a9496010d2b1c99e9ab/gnocchi.6a57f66c-c3a3-48cd-b4ae-ecd529243a03/1769040000.0_mean_300.0_v3" 201 - "PUT http://172.18.0.154:8080/d1/34/AUTH_8c7e182e9edd4a9496010d2b1c99e9ab/gnocchi.6a57f66c-c3a3-48cd-b4ae-ecd529243a03/1769040000.0_mean_300.0_v3" "tx01ef2c9a62c04a17b3503-00697f0f48" "object-server 22" 0.0006 "-" 22 0
Feb 1 08:31:04 np0005604211 object-server[121164]: 172.20.0.104 - - [01/Feb/2026:08:31:04 +0000] "PUT /d1/34/AUTH_8c7e182e9edd4a9496010d2b1c99e9ab/gnocchi.6a57f66c-c3a3-48cd-b4ae-ecd529243a03/1769040000.0_mean_300.0_v3" 201 - "PUT http://172.18.0.154:8080/v1/AUTH_8c7e182e9edd4a9496010d2b1c99e9ab/gnocchi.6a57f66c-c3a3-48cd-b4ae-ecd529243a03/1769040000.0_mean_300.0_v3" "tx01ef2c9a62c04a17b3503-00697f0f48" "proxy-server 20" 0.0127 "-" 22 0
Feb 1 08:31:04 np0005604211 proxy-server[122537]: 172.18.0.105 172.18.0.104 01/Feb/2026/08/31/04 GET /v1/AUTH_8c7e182e9edd4a9496010d2b1c99e9ab/gnocchi.5e926b27-b804-484f-8826-0ddf30833b16/none_v3 HTTP/1.0 200 - python-swiftclient-3.11.1 gAAAAABpfw2NcD79... - 22 - tx0fcd494164284b9fb4439-00697f0f47 - 1.0138 - - 1769934663.705205441 1769934664.718957901 0
Feb 1 08:31:04 np0005604211 proxy-server[122537]: 172.18.0.154 172.18.0.104 01/Feb/2026/08/31/04 GET /v1/AUTH_8c7e182e9edd4a9496010d2b1c99e9ab/gnocchi.0d76bf91-550c-4c17-80e7-6db8ed6bfcc1/1769040000.0_mean_300.0_v3 HTTP/1.0 200 - python-swiftclient-3.11.1 gAAAAABpfw24v4L0... - 16 - txfeb25b4e0254492482e06-00697f0f48 - 0.0109 - - 1769934664.725332737 1769934664.736260653 0
Feb 1 08:31:04 np0005604211 object-server[121197]: 172.20.0.104 - - [01/Feb/2026:08:31:04 +0000] "PUT /d1/880/AUTH_8c7e182e9edd4a9496010d2b1c99e9ab/gnocchi.6a57f66c-c3a3-48cd-b4ae-ecd529243a03/1769040000.0_rate%3Amean_300.0_v3" 201 - "PUT http://172.18.0.154:8080/v1/AUTH_8c7e182e9edd4a9496010d2b1c99e9ab/gnocchi.6a57f66c-c3a3-48cd-b4ae-ecd529243a03/1769040000.0_rate%3Amean_300.0_v3" "txfc01fc367e764a90b581c-00697f0f48" "proxy-server 20" 0.0090 "-" 25 0
Feb 1 08:31:04 np0005604211 container-server[120758]: 172.20.0.103 - - [01/Feb/2026:08:31:04 +0000] "PUT /d1/257/AUTH_8c7e182e9edd4a9496010d2b1c99e9ab/gnocchi.6a57f66c-c3a3-48cd-b4ae-ecd529243a03/1769040000.0_rate%3Amean_300.0_v3" 201 - "PUT http://172.18.0.154:8080/d1/880/AUTH_8c7e182e9edd4a9496010d2b1c99e9ab/gnocchi.6a57f66c-c3a3-48cd-b4ae-ecd529243a03/1769040000.0_rate%3Amean_300.0_v3" "txfc01fc367e764a90b581c-00697f0f48" "object-server 22" 0.0006 "-" 23 0
Feb 1 08:31:04 np0005604211 object-server[121164]: 172.20.0.105 - - [01/Feb/2026:08:31:04 +0000] "GET /d1/471/AUTH_8c7e182e9edd4a9496010d2b1c99e9ab/gnocchi.0d76bf91-550c-4c17-80e7-6db8ed6bfcc1/1769040000.0_rate%3Amean_300.0_v3" 404 70 "GET http://172.18.0.154:8080/v1/AUTH_8c7e182e9edd4a9496010d2b1c99e9ab/gnocchi.0d76bf91-550c-4c17-80e7-6db8ed6bfcc1/1769040000.0_rate%3Amean_300.0_v3" "tx3e9dc8729db2476c88af7-00697f0f48" "proxy-server 20" 0.0006 "-" 22 0
Feb 1 08:31:04 np0005604211 proxy-server[122537]: 172.18.0.154 172.18.0.104 01/Feb/2026/08/31/04 GET /v1/AUTH_8c7e182e9edd4a9496010d2b1c99e9ab/gnocchi.0d76bf91-550c-4c17-80e7-6db8ed6bfcc1/1769040000.0_rate%253Amean_300.0_v3 HTTP/1.0 404 - python-swiftclient-3.11.1 gAAAAABpfw24v4L0... - 70 - tx3e9dc8729db2476c88af7-00697f0f48 - 0.0122 - - 1769934664.739398956 1769934664.751598597 0
Feb 1 08:31:04 np0005604211 container-server[120750]: 172.20.0.104 - - [01/Feb/2026:08:31:04 +0000] "PUT /d1/257/AUTH_8c7e182e9edd4a9496010d2b1c99e9ab/gnocchi.6a57f66c-c3a3-48cd-b4ae-ecd529243a03/none_v3" 201 - "PUT http://172.18.0.154:8080/d1/710/AUTH_8c7e182e9edd4a9496010d2b1c99e9ab/gnocchi.6a57f66c-c3a3-48cd-b4ae-ecd529243a03/none_v3" "tx6bef759f7b104a7c9f50f-00697f0f48" "object-server 23" 0.0008 "-" 21 0
Feb 1 08:31:04 np0005604211 object-server[121185]: 172.20.0.104 - - [01/Feb/2026:08:31:04 +0000] "PUT /d1/710/AUTH_8c7e182e9edd4a9496010d2b1c99e9ab/gnocchi.6a57f66c-c3a3-48cd-b4ae-ecd529243a03/none_v3" 201 - "PUT http://172.18.0.154:8080/v1/AUTH_8c7e182e9edd4a9496010d2b1c99e9ab/gnocchi.6a57f66c-c3a3-48cd-b4ae-ecd529243a03/none_v3" "tx6bef759f7b104a7c9f50f-00697f0f48" "proxy-server 20" 0.0134 "-" 23 0
Feb 1 08:31:04 np0005604211 container-server[120758]: 172.20.0.105 - - [01/Feb/2026:08:31:04 +0000] "PUT /d1/835/AUTH_8c7e182e9edd4a9496010d2b1c99e9ab/gnocchi.0d76bf91-550c-4c17-80e7-6db8ed6bfcc1/1769040000.0_mean_300.0_v3" 201 - "PUT http://172.18.0.154:8080/d1/137/AUTH_8c7e182e9edd4a9496010d2b1c99e9ab/gnocchi.0d76bf91-550c-4c17-80e7-6db8ed6bfcc1/1769040000.0_mean_300.0_v3" "tx6d586c4cced84c9e8ce87-00697f0f48" "object-server 25" 0.0006 "-" 23 0
Feb 1 08:31:04 np0005604211 object-server[121197]: 172.20.0.105 - - [01/Feb/2026:08:31:04 +0000] "PUT /d1/137/AUTH_8c7e182e9edd4a9496010d2b1c99e9ab/gnocchi.0d76bf91-550c-4c17-80e7-6db8ed6bfcc1/1769040000.0_mean_300.0_v3" 201 - "PUT http://172.18.0.154:8080/v1/AUTH_8c7e182e9edd4a9496010d2b1c99e9ab/gnocchi.0d76bf91-550c-4c17-80e7-6db8ed6bfcc1/1769040000.0_mean_300.0_v3" "tx6d586c4cced84c9e8ce87-00697f0f48" "proxy-server 20" 0.0094 "-" 25 0
Feb 1 08:31:04 np0005604211 proxy-server[122537]: 172.18.0.154 172.18.0.104 01/Feb/2026/08/31/04 PUT /v1/AUTH_8c7e182e9edd4a9496010d2b1c99e9ab/gnocchi.0d76bf91-550c-4c17-80e7-6db8ed6bfcc1/1769040000.0_mean_300.0_v3 HTTP/1.0 201 - python-swiftclient-3.11.1 gAAAAABpfw24v4L0... 23 - - tx6d586c4cced84c9e8ce87-00697f0f48 - 0.0244 - - 1769934664.754611254 1769934664.779046774 0
Feb 1 08:31:04 np0005604211 object-server[121191]: 172.20.0.104 - - [01/Feb/2026:08:31:04 +0000] "GET /d1/851/AUTH_8c7e182e9edd4a9496010d2b1c99e9ab/gnocchi.5e926b27-b804-484f-8826-0ddf30833b16/1769040000.0_rate%3Amean_300.0_v3" 404 70 "GET http://172.18.0.154:8080/v1/AUTH_8c7e182e9edd4a9496010d2b1c99e9ab/gnocchi.5e926b27-b804-484f-8826-0ddf30833b16/1769040000.0_rate%3Amean_300.0_v3" "txd120431e9ac14ea4be170-00697f0f48" "proxy-server 20" 0.0007 "-" 24 0
Feb 1 08:31:04 np0005604211 container-server[120750]: 172.20.0.105 - - [01/Feb/2026:08:31:04 +0000] "HEAD /d1/371/AUTH_8c7e182e9edd4a9496010d2b1c99e9ab/gnocchi.a4c0435f-4438-45cc-9ebc-117944d4c3a0" 204 - "HEAD http://172.18.0.154:8080/v1/AUTH_8c7e182e9edd4a9496010d2b1c99e9ab/gnocchi.a4c0435f-4438-45cc-9ebc-117944d4c3a0?format=json&states=listing" "tx4980b05ae3a34f06804b7-00697f0f48" "proxy-server 20" 0.0023 "-" 21 0
Feb 1 08:31:04 np0005604211 container-server[120750]: 172.20.0.103 - - [01/Feb/2026:08:31:04 +0000] "PUT /d1/835/AUTH_8c7e182e9edd4a9496010d2b1c99e9ab/gnocchi.0d76bf91-550c-4c17-80e7-6db8ed6bfcc1/1769040000.0_rate%3Amean_300.0_v3" 201 - "PUT http://172.18.0.154:8080/d1/471/AUTH_8c7e182e9edd4a9496010d2b1c99e9ab/gnocchi.0d76bf91-550c-4c17-80e7-6db8ed6bfcc1/1769040000.0_rate%3Amean_300.0_v3" "txf740daaf739a4fa1b717f-00697f0f48" "object-server 22" 0.0006 "-" 21 0
Feb 1 08:31:04 np0005604211 object-server[121185]: 172.20.0.103 - - [01/Feb/2026:08:31:04 +0000] "PUT /d1/471/AUTH_8c7e182e9edd4a9496010d2b1c99e9ab/gnocchi.0d76bf91-550c-4c17-80e7-6db8ed6bfcc1/1769040000.0_rate%3Amean_300.0_v3" 201 - "PUT http://172.18.0.154:8080/v1/AUTH_8c7e182e9edd4a9496010d2b1c99e9ab/gnocchi.0d76bf91-550c-4c17-80e7-6db8ed6bfcc1/1769040000.0_rate%3Amean_300.0_v3" "txf740daaf739a4fa1b717f-00697f0f48" "proxy-server 20" 0.0108 "-" 23 0
Feb 1 08:31:04 np0005604211 proxy-server[122537]: 172.18.0.103 172.18.0.104 01/Feb/2026/08/31/04 GET /v1/AUTH_8c7e182e9edd4a9496010d2b1c99e9ab/gnocchi.a4c0435f-4438-45cc-9ebc-117944d4c3a0/none_v3 HTTP/1.0 200 - python-swiftclient-3.11.1 gAAAAABpfw1vYyou... - 22 - tx4980b05ae3a34f06804b7-00697f0f48 - 0.0157 - - 1769934664.788264990 1769934664.803944349 0
Feb 1 08:31:04 np0005604211 object-server[121197]: 172.20.0.104 - - [01/Feb/2026:08:31:04 +0000] "PUT /d1/42/AUTH_8c7e182e9edd4a9496010d2b1c99e9ab/gnocchi.5e926b27-b804-484f-8826-0ddf30833b16/1769040000.0_mean_300.0_v3" 201 - "PUT http://172.18.0.154:8080/v1/AUTH_8c7e182e9edd4a9496010d2b1c99e9ab/gnocchi.5e926b27-b804-484f-8826-0ddf30833b16/1769040000.0_mean_300.0_v3" "txbfdab55fba0b4f6f81e54-00697f0f48" "proxy-server 20" 0.0106 "-" 25 0
Feb 1 08:31:04 np0005604211 container-server[120747]: 172.20.0.104 - - [01/Feb/2026:08:31:04 +0000] "PUT /d1/711/AUTH_8c7e182e9edd4a9496010d2b1c99e9ab/gnocchi.5e926b27-b804-484f-8826-0ddf30833b16/1769040000.0_mean_300.0_v3" 201 - "PUT http://172.18.0.154:8080/d1/42/AUTH_8c7e182e9edd4a9496010d2b1c99e9ab/gnocchi.5e926b27-b804-484f-8826-0ddf30833b16/1769040000.0_mean_300.0_v3" "txbfdab55fba0b4f6f81e54-00697f0f48" "object-server 24" 0.0009 "-" 20 0
Feb 1 08:31:04 np0005604211 container-server[120750]: 172.20.0.105 - - [01/Feb/2026:08:31:04 +0000] "PUT /d1/835/AUTH_8c7e182e9edd4a9496010d2b1c99e9ab/gnocchi.0d76bf91-550c-4c17-80e7-6db8ed6bfcc1/none_v3" 201 - "PUT http://172.18.0.154:8080/d1/841/AUTH_8c7e182e9edd4a9496010d2b1c99e9ab/gnocchi.0d76bf91-550c-4c17-80e7-6db8ed6bfcc1/none_v3" "tx318a5a08685d421c9b463-00697f0f48" "object-server 23" 0.0008 "-" 21 0
Feb 1 08:31:04 np0005604211 object-server[121185]: 172.20.0.105 - - [01/Feb/2026:08:31:04 +0000] "PUT /d1/841/AUTH_8c7e182e9edd4a9496010d2b1c99e9ab/gnocchi.0d76bf91-550c-4c17-80e7-6db8ed6bfcc1/none_v3" 201 - "PUT http://172.18.0.154:8080/v1/AUTH_8c7e182e9edd4a9496010d2b1c99e9ab/gnocchi.0d76bf91-550c-4c17-80e7-6db8ed6bfcc1/none_v3" "tx318a5a08685d421c9b463-00697f0f48" "proxy-server 20" 0.0116 "-" 23 0
Feb 1 08:31:04 np0005604211 container-server[120757]: 172.20.0.105 - - [01/Feb/2026:08:31:04 +0000] "PUT /d1/711/AUTH_8c7e182e9edd4a9496010d2b1c99e9ab/gnocchi.5e926b27-b804-484f-8826-0ddf30833b16/1769040000.0_rate%3Amean_300.0_v3" 201 - "PUT http://172.18.0.154:8080/d1/851/AUTH_8c7e182e9edd4a9496010d2b1c99e9ab/gnocchi.5e926b27-b804-484f-8826-0ddf30833b16/1769040000.0_rate%3Amean_300.0_v3" "txae6e8d7ea8b240b0b46cb-00697f0f48" "object-server 24" 0.0004 "-" 22 0
Feb 1 08:31:04 np0005604211 proxy-server[122537]: 172.18.0.154 172.18.0.104 01/Feb/2026/08/31/04 PUT /v1/AUTH_8c7e182e9edd4a9496010d2b1c99e9ab/gnocchi.0d76bf91-550c-4c17-80e7-6db8ed6bfcc1/none_v3 HTTP/1.0 201 - python-swiftclient-3.11.1 gAAAAABpfw24v4L0... 32 - - tx318a5a08685d421c9b463-00697f0f48 - 0.0251 - - 1769934664.807842493 1769934664.832932949 0
Feb 1 08:31:04 np0005604211 container-server[120750]: 172.20.0.103 - - [01/Feb/2026:08:31:04 +0000] "GET /d1/371/AUTH_8c7e182e9edd4a9496010d2b1c99e9ab/gnocchi.a4c0435f-4438-45cc-9ebc-117944d4c3a0" 200 2 "GET http://172.18.0.154:8080/v1/AUTH_8c7e182e9edd4a9496010d2b1c99e9ab/gnocchi.a4c0435f-4438-45cc-9ebc-117944d4c3a0?format=json&marker=none_v3&states=listing" "txd32dfcb1d36d45d989462-00697f0f48" "proxy-server 20" 0.0033 "-" 21 0
Feb 1 08:31:04 np0005604211 object-server[121191]: 172.20.0.104 - - [01/Feb/2026:08:31:04 +0000] "PUT /d1/851/AUTH_8c7e182e9edd4a9496010d2b1c99e9ab/gnocchi.5e926b27-b804-484f-8826-0ddf30833b16/1769040000.0_rate%3Amean_300.0_v3" 201 - "PUT http://172.18.0.154:8080/v1/AUTH_8c7e182e9edd4a9496010d2b1c99e9ab/gnocchi.5e926b27-b804-484f-8826-0ddf30833b16/1769040000.0_rate%3Amean_300.0_v3" "txae6e8d7ea8b240b0b46cb-00697f0f48" "proxy-server 20" 0.0100 "-" 24 0
Feb 1 08:31:04 np0005604211 proxy-server[122537]: 172.18.0.103 172.18.0.104 01/Feb/2026/08/31/04 GET /v1/AUTH_8c7e182e9edd4a9496010d2b1c99e9ab/gnocchi.a4c0435f-4438-45cc-9ebc-117944d4c3a0/1769040000.0_mean_300.0_v3 HTTP/1.0 200 - python-swiftclient-3.11.1 gAAAAABpfw1vYyou... - 16 - txf0ccb9ceca5246ea926ca-00697f0f48 - 0.0101 - - 1769934664.841241121 1769934664.851383924 0
Feb 1 08:31:04 np0005604211 container-server[120757]: 172.20.0.104 - - [01/Feb/2026:08:31:04 +0000] "HEAD /d1/956/AUTH_8c7e182e9edd4a9496010d2b1c99e9ab/gnocchi.d1154704-3468-4db5-ad16-6a6ffb014753" 204 - "HEAD http://172.18.0.154:8080/v1/AUTH_8c7e182e9edd4a9496010d2b1c99e9ab/gnocchi.d1154704-3468-4db5-ad16-6a6ffb014753?format=json&states=listing" "tx0122d97a995844fe875bc-00697f0f48" "proxy-server 20" 0.0024 "-" 22 0
Feb 1 08:31:04 np0005604211 container-server[120757]: 172.20.0.104 - - [01/Feb/2026:08:31:04 +0000] "PUT /d1/711/AUTH_8c7e182e9edd4a9496010d2b1c99e9ab/gnocchi.5e926b27-b804-484f-8826-0ddf30833b16/none_v3" 201 - "PUT http://172.18.0.154:8080/d1/307/AUTH_8c7e182e9edd4a9496010d2b1c99e9ab/gnocchi.5e926b27-b804-484f-8826-0ddf30833b16/none_v3" "txa97148da1c7b4e478e301-00697f0f48" "object-server 25" 0.0008 "-" 22 0
Feb 1 08:31:04 np0005604211 object-server[121191]: 172.20.0.103 - - [01/Feb/2026:08:31:04 +0000] "PUT /d1/307/AUTH_8c7e182e9edd4a9496010d2b1c99e9ab/gnocchi.5e926b27-b804-484f-8826-0ddf30833b16/none_v3" 201 - "PUT http://172.18.0.154:8080/v1/AUTH_8c7e182e9edd4a9496010d2b1c99e9ab/gnocchi.5e926b27-b804-484f-8826-0ddf30833b16/none_v3" "txa97148da1c7b4e478e301-00697f0f48" "proxy-server 20" 0.0095 "-" 24 0
Feb 1 08:31:04 np0005604211 object-server[121191]: 172.20.0.105 - - [01/Feb/2026:08:31:04 +0000] "GET /d1/780/AUTH_8c7e182e9edd4a9496010d2b1c99e9ab/gnocchi.a4c0435f-4438-45cc-9ebc-117944d4c3a0/1769040000.0_rate%3Amean_300.0_v3" 404 70 "GET http://172.18.0.154:8080/v1/AUTH_8c7e182e9edd4a9496010d2b1c99e9ab/gnocchi.a4c0435f-4438-45cc-9ebc-117944d4c3a0/1769040000.0_rate%3Amean_300.0_v3" "tx33cc197551c34b7796821-00697f0f48" "proxy-server 20" 0.0003 "-" 24 0
Feb 1 08:31:04 np0005604211 container-server[120750]: 172.20.0.104 - - [01/Feb/2026:08:31:04 +0000] "GET /d1/956/AUTH_8c7e182e9edd4a9496010d2b1c99e9ab/gnocchi.d1154704-3468-4db5-ad16-6a6ffb014753" 200 357 "GET http://172.18.0.154:8080/v1/AUTH_8c7e182e9edd4a9496010d2b1c99e9ab/gnocchi.d1154704-3468-4db5-ad16-6a6ffb014753?format=json&states=listing" "tx050b18a338884c5d9b40c-00697f0f48" "proxy-server 20" 0.0029 "-" 21 0
Feb 1 08:31:04 np0005604211 proxy-server[122537]: 172.18.0.103 172.18.0.104 01/Feb/2026/08/31/04 GET /v1/AUTH_8c7e182e9edd4a9496010d2b1c99e9ab/gnocchi.a4c0435f-4438-45cc-9ebc-117944d4c3a0/1769040000.0_rate%253Amean_300.0_v3 HTTP/1.0 404 - python-swiftclient-3.11.1 gAAAAABpfw1vYyou... - 70 - tx33cc197551c34b7796821-00697f0f48 - 0.0198 - - 1769934664.861059904 1769934664.880861282 0
Feb 1 08:31:04 np0005604211 proxy-server[122537]: 172.18.0.154 172.18.0.104 01/Feb/2026/08/31/04 GET /v1/AUTH_8c7e182e9edd4a9496010d2b1c99e9ab/gnocchi.d1154704-3468-4db5-ad16-6a6ffb014753%3Fformat%3Djson%26marker%3Dnone_v3%26states%3Dlisting HTTP/1.0 200 - python-swiftclient-3.11.1 gAAAAABpfw24v4L0... - 2 - tx55e3becef56a443fa1039-00697f0f48 - 0.0155 - - 1769934664.887480974 1769934664.903023720 0
Feb 1 08:31:04 np0005604211 container-server[120747]: 172.20.0.105 - - [01/Feb/2026:08:31:04 +0000] "PUT /d1/371/AUTH_8c7e182e9edd4a9496010d2b1c99e9ab/gnocchi.a4c0435f-4438-45cc-9ebc-117944d4c3a0/1769040000.0_mean_300.0_v3" 201 - "PUT http://172.18.0.154:8080/d1/276/AUTH_8c7e182e9edd4a9496010d2b1c99e9ab/gnocchi.a4c0435f-4438-45cc-9ebc-117944d4c3a0/1769040000.0_mean_300.0_v3" "txca3d6ee2db1f4d7190423-00697f0f48" "object-server 24" 0.0008 "-" 20 0
Feb 1 08:31:04 np0005604211 object-server[121191]: 172.20.0.103 - - [01/Feb/2026:08:31:04 +0000] "PUT /d1/276/AUTH_8c7e182e9edd4a9496010d2b1c99e9ab/gnocchi.a4c0435f-4438-45cc-9ebc-117944d4c3a0/1769040000.0_mean_300.0_v3" 201 - "PUT http://172.18.0.154:8080/v1/AUTH_8c7e182e9edd4a9496010d2b1c99e9ab/gnocchi.a4c0435f-4438-45cc-9ebc-117944d4c3a0/1769040000.0_mean_300.0_v3" "txca3d6ee2db1f4d7190423-00697f0f48" "proxy-server 20" 0.0169 "-" 24 0
Feb 1 08:31:04 np0005604211 object-server[121191]: 172.20.0.104 - - [01/Feb/2026:08:31:04 +0000] "GET /d1/167/AUTH_8c7e182e9edd4a9496010d2b1c99e9ab/gnocchi.d1154704-3468-4db5-ad16-6a6ffb014753/1769040000.0_mean_300.0_v3" 200 16 "GET http://172.18.0.154:8080/v1/AUTH_8c7e182e9edd4a9496010d2b1c99e9ab/gnocchi.d1154704-3468-4db5-ad16-6a6ffb014753/1769040000.0_mean_300.0_v3" "tx1f3d8876422f4768bc99f-00697f0f48" "proxy-server 20" 0.0013 "-" 24 0
Feb 1 08:31:04 np0005604211 object-server[121164]: 172.20.0.103 - - [01/Feb/2026:08:31:04 +0000] "GET /d1/121/AUTH_8c7e182e9edd4a9496010d2b1c99e9ab/gnocchi.d1154704-3468-4db5-ad16-6a6ffb014753/1769040000.0_rate%3Amean_300.0_v3" 404 70 "GET http://172.18.0.154:8080/v1/AUTH_8c7e182e9edd4a9496010d2b1c99e9ab/gnocchi.d1154704-3468-4db5-ad16-6a6ffb014753/1769040000.0_rate%3Amean_300.0_v3" "txee45bee9b338455abe057-00697f0f48" "proxy-server 20" 0.0009 "-" 22 0
Feb 1 08:31:04 np0005604211 container-server[120758]: 172.20.0.104 - - [01/Feb/2026:08:31:04 +0000] "PUT /d1/371/AUTH_8c7e182e9edd4a9496010d2b1c99e9ab/gnocchi.a4c0435f-4438-45cc-9ebc-117944d4c3a0/1769040000.0_rate%3Amean_300.0_v3" 201 - "PUT http://172.18.0.154:8080/d1/780/AUTH_8c7e182e9edd4a9496010d2b1c99e9ab/gnocchi.a4c0435f-4438-45cc-9ebc-117944d4c3a0/1769040000.0_rate%3Amean_300.0_v3" "tx3b1c72d8effe47f8aa7cb-00697f0f48" "object-server 22" 0.0007 "-" 23 0
Feb 1 08:31:04 np0005604211 object-server[121191]: 172.20.0.105 - - [01/Feb/2026:08:31:04 +0000] "PUT /d1/780/AUTH_8c7e182e9edd4a9496010d2b1c99e9ab/gnocchi.a4c0435f-4438-45cc-9ebc-117944d4c3a0/1769040000.0_rate%3Amean_300.0_v3" 201 - "PUT http://172.18.0.154:8080/v1/AUTH_8c7e182e9edd4a9496010d2b1c99e9ab/gnocchi.a4c0435f-4438-45cc-9ebc-117944d4c3a0/1769040000.0_rate%3Amean_300.0_v3" "tx3b1c72d8effe47f8aa7cb-00697f0f48" "proxy-server 20" 0.0158 "-" 24 0
Feb 1 08:31:04 np0005604211 proxy-server[122537]: 172.18.0.103 172.18.0.104 01/Feb/2026/08/31/04 PUT /v1/AUTH_8c7e182e9edd4a9496010d2b1c99e9ab/gnocchi.a4c0435f-4438-45cc-9ebc-117944d4c3a0/1769040000.0_rate%253Amean_300.0_v3 HTTP/1.0 201 - python-swiftclient-3.11.1 gAAAAABpfw1vYyou... 16 - - tx3b1c72d8effe47f8aa7cb-00697f0f48 - 0.0288 - - 1769934664.915902615 1769934664.944745779 0
Feb 1 08:31:04 np0005604211 object-server[121191]: 172.20.0.104 - - [01/Feb/2026:08:31:04 +0000] "PUT /d1/167/AUTH_8c7e182e9edd4a9496010d2b1c99e9ab/gnocchi.d1154704-3468-4db5-ad16-6a6ffb014753/1769040000.0_mean_300.0_v3" 201 - "PUT http://172.18.0.154:8080/v1/AUTH_8c7e182e9edd4a9496010d2b1c99e9ab/gnocchi.d1154704-3468-4db5-ad16-6a6ffb014753/1769040000.0_mean_300.0_v3" "tx47a063b143174c699c826-00697f0f48" "proxy-server 20" 0.0120 "-" 24 0
Feb 1 08:31:04 np0005604211 container-server[120750]: 172.20.0.103 - - [01/Feb/2026:08:31:04 +0000] "PUT /d1/956/AUTH_8c7e182e9edd4a9496010d2b1c99e9ab/gnocchi.d1154704-3468-4db5-ad16-6a6ffb014753/1769040000.0_mean_300.0_v3" 201 - "PUT http://172.18.0.154:8080/d1/167/AUTH_8c7e182e9edd4a9496010d2b1c99e9ab/gnocchi.d1154704-3468-4db5-ad16-6a6ffb014753/1769040000.0_mean_300.0_v3" "tx47a063b143174c699c826-00697f0f48" "object-server 23" 0.0008 "-" 21 0
Feb 1 08:31:04 np0005604211 container-server[120750]: 172.20.0.105 - - [01/Feb/2026:08:31:04 +0000] "PUT /d1/371/AUTH_8c7e182e9edd4a9496010d2b1c99e9ab/gnocchi.a4c0435f-4438-45cc-9ebc-117944d4c3a0/none_v3" 201 - "PUT http://172.18.0.154:8080/d1/116/AUTH_8c7e182e9edd4a9496010d2b1c99e9ab/gnocchi.a4c0435f-4438-45cc-9ebc-117944d4c3a0/none_v3" "txdd821122a17543c096087-00697f0f48" "object-server 22" 0.0004 "-" 21 0
Feb 1 08:31:04 np0005604211 object-server[121164]: 172.20.0.103 - - [01/Feb/2026:08:31:04 +0000] "PUT /d1/116/AUTH_8c7e182e9edd4a9496010d2b1c99e9ab/gnocchi.a4c0435f-4438-45cc-9ebc-117944d4c3a0/none_v3" 201 - "PUT http://172.18.0.154:8080/v1/AUTH_8c7e182e9edd4a9496010d2b1c99e9ab/gnocchi.a4c0435f-4438-45cc-9ebc-117944d4c3a0/none_v3" "txdd821122a17543c096087-00697f0f48" "proxy-server 20" 0.0148 "-" 22 0
Feb 1 08:31:04 np0005604211 container-server[120750]: 172.20.0.104 - - [01/Feb/2026:08:31:04 +0000] "PUT /d1/956/AUTH_8c7e182e9edd4a9496010d2b1c99e9ab/gnocchi.d1154704-3468-4db5-ad16-6a6ffb014753/1769040000.0_rate%3Amean_300.0_v3" 201 - "PUT http://172.18.0.154:8080/d1/121/AUTH_8c7e182e9edd4a9496010d2b1c99e9ab/gnocchi.d1154704-3468-4db5-ad16-6a6ffb014753/1769040000.0_rate%3Amean_300.0_v3" "tx44f53b8065314424b6b46-00697f0f48" "object-server 22" 0.0008 "-" 21 0
Feb 1 08:31:04 np0005604211 object-server[121164]: 172.20.0.105 - - [01/Feb/2026:08:31:04 +0000] "PUT /d1/121/AUTH_8c7e182e9edd4a9496010d2b1c99e9ab/gnocchi.d1154704-3468-4db5-ad16-6a6ffb014753/1769040000.0_rate%3Amean_300.0_v3" 201 - "PUT http://172.18.0.154:8080/v1/AUTH_8c7e182e9edd4a9496010d2b1c99e9ab/gnocchi.d1154704-3468-4db5-ad16-6a6ffb014753/1769040000.0_rate%3Amean_300.0_v3" "tx44f53b8065314424b6b46-00697f0f48" "proxy-server 20" 0.0118 "-" 22 0
Feb 1 08:31:04 np0005604211 proxy-server[122537]: 172.18.0.154 172.18.0.104 01/Feb/2026/08/31/04 PUT /v1/AUTH_8c7e182e9edd4a9496010d2b1c99e9ab/gnocchi.d1154704-3468-4db5-ad16-6a6ffb014753/1769040000.0_rate%253Amean_300.0_v3 HTTP/1.0 201 - python-swiftclient-3.11.1 gAAAAABpfw24v4L0... 16 - - tx44f53b8065314424b6b46-00697f0f48 - 0.0208 - - 1769934664.969439030 1769934664.990266323 0
Feb 1 08:31:05 np0005604211 container-server[120757]: 172.20.0.103 - - [01/Feb/2026:08:31:05 +0000] "PUT /d1/956/AUTH_8c7e182e9edd4a9496010d2b1c99e9ab/gnocchi.d1154704-3468-4db5-ad16-6a6ffb014753/none_v3" 201 - "PUT http://172.18.0.154:8080/d1/319/AUTH_8c7e182e9edd4a9496010d2b1c99e9ab/gnocchi.d1154704-3468-4db5-ad16-6a6ffb014753/none_v3" "tx639c2fb703674b8b83e23-00697f0f48" "object-server 22" 0.0006 "-" 22 0
Feb 1 08:31:05 np0005604211 object-server[121191]: 172.20.0.104 - - [01/Feb/2026:08:31:05 +0000] "PUT /d1/319/AUTH_8c7e182e9edd4a9496010d2b1c99e9ab/gnocchi.d1154704-3468-4db5-ad16-6a6ffb014753/none_v3" 201 - "PUT http://172.18.0.154:8080/v1/AUTH_8c7e182e9edd4a9496010d2b1c99e9ab/gnocchi.d1154704-3468-4db5-ad16-6a6ffb014753/none_v3" "tx639c2fb703674b8b83e23-00697f0f48" "proxy-server 20" 0.0144 "-" 24 0
Feb 1 08:31:05 np0005604211 proxy-server[122537]: 172.18.0.105 172.18.0.104 01/Feb/2026/08/31/05 GET /v1/AUTH_8c7e182e9edd4a9496010d2b1c99e9ab/gnocchi.de70cf34-3969-4c9a-b8b2-9a2bf83b68a9%3Fformat%3Djson%26states%3Dlisting HTTP/1.0 200 - python-swiftclient-3.11.1 gAAAAABpfw2NcD79... - 357 - tx06805a156da747eb94794-00697f0f49 - 0.0101 - - 1769934665.024504423 1769934665.034577131 0
Feb 1 08:31:05 np0005604211 object-server[121164]: 172.20.0.105 - - [01/Feb/2026:08:31:05 +0000] "GET /d1/945/AUTH_8c7e182e9edd4a9496010d2b1c99e9ab/gnocchi.de70cf34-3969-4c9a-b8b2-9a2bf83b68a9/1769040000.0_rate%3Amean_300.0_v3" 404 70 "GET http://172.18.0.154:8080/v1/AUTH_8c7e182e9edd4a9496010d2b1c99e9ab/gnocchi.de70cf34-3969-4c9a-b8b2-9a2bf83b68a9/1769040000.0_rate%3Amean_300.0_v3" "tx4e7ef2da281f4c7695aea-00697f0f49" "proxy-server 20" 0.0008 "-" 22 0
Feb 1 08:31:05 np0005604211 proxy-server[122537]: 172.18.0.105 172.18.0.104 01/Feb/2026/08/31/05 GET /v1/AUTH_8c7e182e9edd4a9496010d2b1c99e9ab/gnocchi.de70cf34-3969-4c9a-b8b2-9a2bf83b68a9/1769040000.0_rate%253Amean_300.0_v3 HTTP/1.0 404 - python-swiftclient-3.11.1 gAAAAABpfw2NcD79... - 70 - tx4e7ef2da281f4c7695aea-00697f0f49 - 0.0179 - - 1769934665.066490412 1769934665.084350348 0
Feb 1 08:31:05 np0005604211 object-server[121164]: 172.20.0.104 - - [01/Feb/2026:08:31:05 +0000] "PUT /d1/710/AUTH_8c7e182e9edd4a9496010d2b1c99e9ab/gnocchi.de70cf34-3969-4c9a-b8b2-9a2bf83b68a9/1769040000.0_mean_300.0_v3" 201 - "PUT http://172.18.0.154:8080/v1/AUTH_8c7e182e9edd4a9496010d2b1c99e9ab/gnocchi.de70cf34-3969-4c9a-b8b2-9a2bf83b68a9/1769040000.0_mean_300.0_v3" "txb9d0d7f4648c411a9773b-00697f0f49" "proxy-server 20" 0.0148 "-" 22 0
Feb 1 08:31:05 np0005604211 container-server[120750]: 172.20.0.103 - - [01/Feb/2026:08:31:05 +0000] "PUT /d1/1019/AUTH_8c7e182e9edd4a9496010d2b1c99e9ab/gnocchi.de70cf34-3969-4c9a-b8b2-9a2bf83b68a9/1769040000.0_mean_300.0_v3" 201 - "PUT http://172.18.0.154:8080/d1/710/AUTH_8c7e182e9edd4a9496010d2b1c99e9ab/gnocchi.de70cf34-3969-4c9a-b8b2-9a2bf83b68a9/1769040000.0_mean_300.0_v3" "txb9d0d7f4648c411a9773b-00697f0f49" "object-server 23" 0.0009 "-" 21 0
Feb 1 08:31:05 np0005604211 container-server[120747]: 172.20.0.103 - - [01/Feb/2026:08:31:05 +0000] "PUT /d1/1019/AUTH_8c7e182e9edd4a9496010d2b1c99e9ab/gnocchi.de70cf34-3969-4c9a-b8b2-9a2bf83b68a9/1769040000.0_rate%3Amean_300.0_v3" 201 - "PUT http://172.18.0.154:8080/d1/945/AUTH_8c7e182e9edd4a9496010d2b1c99e9ab/gnocchi.de70cf34-3969-4c9a-b8b2-9a2bf83b68a9/1769040000.0_rate%3Amean_300.0_v3" "tx9d8c8114291e4eb1a1452-00697f0f49" "object-server 25" 0.0011 "-" 20 0
Feb 1 08:31:05 np0005604211 object-server[121191]: 172.20.0.103 - - [01/Feb/2026:08:31:05 +0000] "PUT /d1/945/AUTH_8c7e182e9edd4a9496010d2b1c99e9ab/gnocchi.de70cf34-3969-4c9a-b8b2-9a2bf83b68a9/1769040000.0_rate%3Amean_300.0_v3" 201 - "PUT http://172.18.0.154:8080/v1/AUTH_8c7e182e9edd4a9496010d2b1c99e9ab/gnocchi.de70cf34-3969-4c9a-b8b2-9a2bf83b68a9/1769040000.0_rate%3Amean_300.0_v3" "tx9d8c8114291e4eb1a1452-00697f0f49" "proxy-server 20" 0.0122 "-" 24 0
Feb 1 08:31:05 np0005604211 container-server[120750]: 172.20.0.103 - - [01/Feb/2026:08:31:05 +0000] "PUT /d1/1019/AUTH_8c7e182e9edd4a9496010d2b1c99e9ab/gnocchi.de70cf34-3969-4c9a-b8b2-9a2bf83b68a9/none_v3" 201 - "PUT http://172.18.0.154:8080/d1/427/AUTH_8c7e182e9edd4a9496010d2b1c99e9ab/gnocchi.de70cf34-3969-4c9a-b8b2-9a2bf83b68a9/none_v3" "tx28ffd8c02c3e40f2af5ff-00697f0f49" "object-server 22" 0.0008 "-" 21 0
Feb 1 08:31:05 np0005604211 object-server[121185]: 172.20.0.105 - - [01/Feb/2026:08:31:05 +0000] "PUT /d1/427/AUTH_8c7e182e9edd4a9496010d2b1c99e9ab/gnocchi.de70cf34-3969-4c9a-b8b2-9a2bf83b68a9/none_v3" 201 - "PUT http://172.18.0.154:8080/v1/AUTH_8c7e182e9edd4a9496010d2b1c99e9ab/gnocchi.de70cf34-3969-4c9a-b8b2-9a2bf83b68a9/none_v3" "tx28ffd8c02c3e40f2af5ff-00697f0f49" "proxy-server 20" 0.0124 "-" 23 0
Feb 1 08:31:05 np0005604211 proxy-server[122537]: 172.18.0.105 172.18.0.104 01/Feb/2026/08/31/05 PUT /v1/AUTH_8c7e182e9edd4a9496010d2b1c99e9ab/gnocchi.de70cf34-3969-4c9a-b8b2-9a2bf83b68a9/none_v3 HTTP/1.0 201 - python-swiftclient-3.11.1 gAAAAABpfw2NcD79... 33 - - tx28ffd8c02c3e40f2af5ff-00697f0f49 - 0.0263 - - 1769934665.460771322 1769934665.487028122 0
Feb 1 08:31:11 np0005604211 account-server[120527]: 172.20.0.103 - - [01/Feb/2026:08:31:11 +0000] "PUT /d1/833/AUTH_8c7e182e9edd4a9496010d2b1c99e9ab/gnocchi.63794a9d-58f8-46e7-bc82-3ec75536e0f7" 201 - "-" "-" "container-updater 2" 0.0010 "-" 20 0
Feb 1 08:31:11 np0005604211 account-server[120538]: 172.20.0.103 - - [01/Feb/2026:08:31:11 +0000] "PUT /d1/833/AUTH_8c7e182e9edd4a9496010d2b1c99e9ab/gnocchi.0d76bf91-550c-4c17-80e7-6db8ed6bfcc1" 201 - "-" "-" "container-updater 2" 0.0008 "-" 21 0
Feb 1 08:31:12 np0005604211 account-server[120567]: 172.20.0.103 - - [01/Feb/2026:08:31:12 +0000] "PUT /d1/833/AUTH_8c7e182e9edd4a9496010d2b1c99e9ab/gnocchi.640f3fc7-d539-4e9b-b4bf-7024b427ba42" 201 - "-" "-" "container-updater 2" 0.0007 "-" 23 0
Feb 1 08:31:12 np0005604211 account-server[120538]: 172.20.0.103 - - [01/Feb/2026:08:31:12 +0000] "PUT /d1/833/AUTH_8c7e182e9edd4a9496010d2b1c99e9ab/gnocchi.de70cf34-3969-4c9a-b8b2-9a2bf83b68a9" 201 - "-" "-" "container-updater 2" 0.0005 "-" 21 0
Feb 1 08:31:12 np0005604211 account-server[120561]: 172.20.0.103 - - [01/Feb/2026:08:31:12 +0000] "PUT /d1/833/AUTH_8c7e182e9edd4a9496010d2b1c99e9ab/gnocchi.6a57f66c-c3a3-48cd-b4ae-ecd529243a03" 201 - "-" "-" "container-updater 2" 0.0012 "-" 22 0
Feb 1 08:31:12 np0005604211 account-server[120561]: 172.20.0.103 - - [01/Feb/2026:08:31:12 +0000] "PUT /d1/833/AUTH_8c7e182e9edd4a9496010d2b1c99e9ab/gnocchi.cdf71562-1977-41e8-9491-295b0516e7e2" 201 - "-" "-" "container-updater 2" 0.0007 "-" 22 0
Feb 1 08:31:12 np0005604211 account-server[120561]: 172.20.0.103 - - [01/Feb/2026:08:31:12 +0000] "PUT /d1/833/AUTH_8c7e182e9edd4a9496010d2b1c99e9ab/gnocchi.d1154704-3468-4db5-ad16-6a6ffb014753" 201 - "-" "-" "container-updater 2" 0.0006 "-" 22 0
Feb 1 08:31:12 np0005604211 account-server[120561]: 172.20.0.103 - - [01/Feb/2026:08:31:12 +0000] "PUT /d1/833/AUTH_8c7e182e9edd4a9496010d2b1c99e9ab/gnocchi.a4c0435f-4438-45cc-9ebc-117944d4c3a0" 201 - "-" "-" "container-updater 2" 0.0008 "-" 22 0
Feb 1 08:31:13 np0005604211 account-server[120561]: 172.20.0.103 - - [01/Feb/2026:08:31:13 +0000] "PUT /d1/833/AUTH_8c7e182e9edd4a9496010d2b1c99e9ab/gnocchi.9007f6b9-bf2d-45f7-b066-c8a7a50483a2" 201 - "-" "-" "container-updater 2" 0.0013 "-" 22 0
Feb 1 08:31:13 np0005604211 account-server[120561]: 172.20.0.103 - - [01/Feb/2026:08:31:13 +0000] "PUT /d1/833/AUTH_8c7e182e9edd4a9496010d2b1c99e9ab/gnocchi.113af031-e1e3-456b-a612-264f70c92980" 201 - "-" "-" "container-updater 2" 0.0005 "-" 22 0
Feb 1 08:31:13 np0005604211 account-server[120567]: 172.20.0.103 - - [01/Feb/2026:08:31:13 +0000] "PUT /d1/833/AUTH_8c7e182e9edd4a9496010d2b1c99e9ab/gnocchi.85911d85-6526-41fd-8941-23f9aa68f9fb" 201 - "-" "-" "container-updater 2" 0.0007 "-" 23 0
Feb 1 08:31:13 np0005604211 account-server[120527]: 172.20.0.103 - - [01/Feb/2026:08:31:13 +0000] "PUT /d1/833/AUTH_8c7e182e9edd4a9496010d2b1c99e9ab/gnocchi.8bd2e458-2a3e-4ea1-98c6-ab0a7712045a" 201 - "-" "-" "container-updater 2" 0.0007 "-" 20 0
Feb 1 08:31:13 np0005604211 account-server[120567]: 172.20.0.103 - - [01/Feb/2026:08:31:13 +0000] "PUT /d1/833/AUTH_8c7e182e9edd4a9496010d2b1c99e9ab/gnocchi.40be35d3-d0e0-4254-9796-2232b90515a1" 201 - "-" "-" "container-updater 2" 0.0005 "-" 23 0
Feb 1 08:31:13 np0005604211 account-server[119839]: Beginning replication run
Feb 1 08:31:13 np0005604211 account-server[119839]: Replication run OVER
Feb 1 08:31:13 np0005604211 account-server[119839]: Attempted to replicate 1 dbs in 0.03363 seconds (29.73283/s)
Feb 1 08:31:13 np0005604211 account-server[119839]: Removed 0 dbs
Feb 1 08:31:13 np0005604211 account-server[119839]: 2 successes, 0 failures
Feb 1 08:31:13 np0005604211 account-server[119839]: diff:0 diff_capped:0 empty:0 hashmatch:0 no_change:2 remote_merge:0 rsync:0 ts_repl:0
Feb 1 08:31:13 np0005604211 account-server[120567]: 172.20.0.103 - - [01/Feb/2026:08:31:13 +0000] "PUT /d1/833/AUTH_8c7e182e9edd4a9496010d2b1c99e9ab/gnocchi.5e926b27-b804-484f-8826-0ddf30833b16" 201 - "-" "-" "container-updater 2" 0.0007 "-" 23 0
Feb 1 08:31:21 np0005604211 account-server[119883]: Devices pass completed: 0.00s
Feb 1 08:31:25 np0005604211 object-server[120855]: Starting object replication pass.
Feb 1 08:31:25 np0005604211 object-server[120855]: 54/54 (100.00%) partitions replicated in 0.50s (107.33/sec, 0s remaining)
Feb 1 08:31:25 np0005604211 object-server[120855]: 108 successes, 0 failures
Feb 1 08:31:25 np0005604211 object-server[120855]: 57 suffixes checked - 0.00% hashed, 0.00% synced
Feb 1 08:31:25 np0005604211 object-server[120855]: Partition times: max 0.0231s, min 0.0064s, med 0.0084s
Feb 1 08:31:25 np0005604211 object-server[120855]: Object replication complete. (0.01 minutes)
Feb 1 08:31:28 np0005604211 account-server[120527]: 172.20.0.104 - - [01/Feb/2026:08:31:28 +0000] "HEAD /d1/581/.expiring_objects" 404 - "HEAD http://localhost/v1/.expiring_objects?format=json" "tx7502581c5fa347b399fda-00697f0f60" "proxy-server 2" 0.0008 "-" 20 -
Feb 1 08:31:32 np0005604211 container-server[120333]: Beginning replication run
Feb 1 08:31:33 np0005604211 object-server[251393]: Begin object audit "forever" mode (ZBF)
Feb 1 08:31:33 np0005604211 object-server[251393]: Object audit (ZBF). Since Sun Feb 1 08:31:33 2026: Locally: 1 passed, 0 quarantined, 0 errors, files/sec: 627.23, bytes/sec: 0.00, Total time: 0.00, Auditing time: 0.00, Rate: 0.00
Feb 1 08:31:33 np0005604211 container-server[120333]: Replication run OVER
Feb 1 08:31:33 np0005604211 container-server[120333]: Attempted to replicate 22 dbs in 0.47279 seconds (46.53211/s)
Feb 1 08:31:33 np0005604211 container-server[120333]: Removed 0 dbs
Feb 1 08:31:33 np0005604211 container-server[120333]: 44 successes, 0 failures
Feb 1 08:31:33 np0005604211 container-server[120333]: diff:0 diff_capped:0 empty:0 hashmatch:0 no_change:44 remote_merge:0 rsync:0 ts_repl:0
Feb 1 08:31:34 np0005604211 object-server[251393]: Object audit (ZBF) "forever" mode completed: 1.12s. Total quarantined: 0, Total errors: 0, Total files/sec: 50.77, Total bytes/sec: 0.00, Auditing time: 1.11, Rate: 0.99
Feb 1 08:31:35 np0005604211 account-server[120567]: 172.20.0.104 - - [01/Feb/2026:08:31:35 +0000] "HEAD /d1/581/.expiring_objects" 404 - "HEAD http://localhost/v1/.expiring_objects?format=json" "tx75ff300af01049fc859bd-00697f0f67" "proxy-server 2" 0.0007 "-" 23 -
Feb 1 08:31:43 np0005604211 account-server[119839]: Beginning replication run
Feb 1 08:31:43 np0005604211 account-server[119839]: Replication run OVER
Feb 1 08:31:43 np0005604211 account-server[119839]: Attempted to replicate 1 dbs in 0.02153 seconds (46.45039/s)
Feb 1 08:31:43 np0005604211 account-server[119839]: Removed 0 dbs
Feb 1 08:31:43 np0005604211 account-server[119839]: 2 successes, 0 failures
Feb 1 08:31:43 np0005604211 account-server[119839]: diff:0 diff_capped:0 empty:0 hashmatch:0 no_change:2 remote_merge:0 rsync:0 ts_repl:0
Feb 1 08:31:45 np0005604211 container-server[120408]: Begin container update sweep
Feb 1 08:31:45 np0005604211 account-server[120561]: 172.20.0.105 - - [01/Feb/2026:08:31:45 +0000] "PUT /d1/833/AUTH_8c7e182e9edd4a9496010d2b1c99e9ab/gnocchi.9007f6b9-bf2d-45f7-b066-c8a7a50483a2" 201 - "-" "-" "container-updater 2" 0.0013 "-" 22 0
Feb 1 08:31:45 np0005604211 account-server[120538]: 172.20.0.105 - - [01/Feb/2026:08:31:45 +0000] "PUT /d1/833/AUTH_8c7e182e9edd4a9496010d2b1c99e9ab/gnocchi.a4c0435f-4438-45cc-9ebc-117944d4c3a0" 201 - "-" "-" "container-updater 2" 0.0004 "-" 21 0
Feb 1 08:31:46 np0005604211 account-server[120567]: 172.20.0.105 - - [01/Feb/2026:08:31:46 +0000] "PUT /d1/833/AUTH_8c7e182e9edd4a9496010d2b1c99e9ab/gnocchi.640f3fc7-d539-4e9b-b4bf-7024b427ba42" 201 - "-" "-" "container-updater 2" 0.0007 "-" 23 0
Feb 1 08:31:46 np0005604211 account-server[120567]: 172.20.0.105 - - [01/Feb/2026:08:31:46 +0000] "PUT /d1/833/AUTH_8c7e182e9edd4a9496010d2b1c99e9ab/gnocchi.de70cf34-3969-4c9a-b8b2-9a2bf83b68a9" 201 - "-" "-" "container-updater 2" 0.0007 "-" 23 0
Feb 1 08:31:46 np0005604211 account-server[120567]: 172.20.0.105 - - [01/Feb/2026:08:31:46 +0000] "PUT /d1/833/AUTH_8c7e182e9edd4a9496010d2b1c99e9ab/gnocchi.6a57f66c-c3a3-48cd-b4ae-ecd529243a03" 201 - "-" "-" "container-updater 2" 0.0010 "-" 23 0
Feb 1 08:31:46 np0005604211 account-server[120527]: 172.20.0.105 - - [01/Feb/2026:08:31:46 +0000] "PUT /d1/833/AUTH_8c7e182e9edd4a9496010d2b1c99e9ab/gnocchi.5e926b27-b804-484f-8826-0ddf30833b16" 201 - "-" "-" "container-updater 2" 0.0010 "-" 20 0
Feb 1 08:31:46 np0005604211 account-server[120538]: 172.20.0.105 - - [01/Feb/2026:08:31:46 +0000] "PUT /d1/833/AUTH_8c7e182e9edd4a9496010d2b1c99e9ab/gnocchi.0d76bf91-550c-4c17-80e7-6db8ed6bfcc1" 201 - "-" "-" "container-updater 2" 0.0008 "-" 21 0
Feb 1 08:31:46 np0005604211 account-server[120538]: 172.20.0.105 - - [01/Feb/2026:08:31:46 +0000] "PUT /d1/833/AUTH_8c7e182e9edd4a9496010d2b1c99e9ab/gnocchi.d1154704-3468-4db5-ad16-6a6ffb014753" 201 - "-" "-" "container-updater 2" 0.0009 "-" 21 0
Feb 1 08:31:46 np0005604211 account-server[120527]: 172.20.0.105 - - [01/Feb/2026:08:31:46 +0000] "PUT /d1/833/AUTH_8c7e182e9edd4a9496010d2b1c99e9ab/gnocchi.63794a9d-58f8-46e7-bc82-3ec75536e0f7" 201 - "-" "-" "container-updater 2" 0.0006 "-" 20 0
Feb 1 08:31:46 np0005604211 account-server[120538]: 172.20.0.105 - - [01/Feb/2026:08:31:46 +0000] "PUT /d1/833/AUTH_8c7e182e9edd4a9496010d2b1c99e9ab/gnocchi.8bd2e458-2a3e-4ea1-98c6-ab0a7712045a" 201 - "-" "-" "container-updater 2" 0.0008 "-" 21 0
Feb 1 08:31:46 np0005604211 account-server[120561]: 172.20.0.105 - - [01/Feb/2026:08:31:46 +0000] "PUT /d1/833/AUTH_8c7e182e9edd4a9496010d2b1c99e9ab/gnocchi.113af031-e1e3-456b-a612-264f70c92980" 201 - "-" "-" "container-updater 2" 0.0006 "-" 22 0
Feb 1 08:31:47 np0005604211 account-server[120538]: 172.20.0.105 - - [01/Feb/2026:08:31:47 +0000] "PUT /d1/833/AUTH_8c7e182e9edd4a9496010d2b1c99e9ab/gnocchi.85911d85-6526-41fd-8941-23f9aa68f9fb" 201 - "-" "-" "container-updater 2" 0.0010 "-" 21 0
Feb 1 08:31:47 np0005604211 account-server[120561]: 172.20.0.105 - - [01/Feb/2026:08:31:47 +0000] "PUT /d1/833/AUTH_8c7e182e9edd4a9496010d2b1c99e9ab/gnocchi.cdf71562-1977-41e8-9491-295b0516e7e2" 201 - "-" "-" "container-updater 2" 0.0007 "-" 22 0
Feb 1 08:31:47 np0005604211 account-server[120538]: 172.20.0.105 - - [01/Feb/2026:08:31:47 +0000] "PUT /d1/833/AUTH_8c7e182e9edd4a9496010d2b1c99e9ab/gnocchi.40be35d3-d0e0-4254-9796-2232b90515a1" 201 - "-" "-" "container-updater 2" 0.0008 "-" 21 0
Feb 1 08:31:47 np0005604211 container-server[120408]: Container update sweep completed: 2.02s
Feb 1 08:31:55 np0005604211 object-server[120855]: Starting object replication pass.
Feb 1 08:31:56 np0005604211 object-server[120855]: 54/54 (100.00%) partitions replicated in 0.48s (112.77/sec, 0s remaining)
Feb 1 08:31:56 np0005604211 object-server[120855]: 108 successes, 0 failures
Feb 1 08:31:56 np0005604211 object-server[120855]: 57 suffixes checked - 0.00% hashed, 0.00% synced
Feb 1 08:31:56 np0005604211 object-server[120855]: Partition times: max 0.0152s, min 0.0063s, med 0.0082s
Feb 1 08:31:56 np0005604211 object-server[120855]: Object replication complete. (0.01 minutes)
Feb 1 08:32:02 np0005604211 container-server[120333]: Beginning replication run
Feb 1 08:32:03 np0005604211 container-server[120333]: Replication run OVER
Feb 1 08:32:03 np0005604211 container-server[120333]: Attempted to replicate 22 dbs in 0.44254 seconds (49.71320/s)
Feb 1 08:32:03 np0005604211 container-server[120333]: Removed 0 dbs
Feb 1 08:32:03 np0005604211 container-server[120333]: 44 successes, 0 failures
Feb 1 08:32:03 np0005604211 container-server[120333]: diff:0 diff_capped:0 empty:0 hashmatch:0 no_change:44 remote_merge:0 rsync:0 ts_repl:0
Feb 1 08:32:04 np0005604211 object-server[257753]: Begin object audit "forever" mode (ZBF)
Feb 1 08:32:04 np0005604211 object-server[257754]: Begin object audit "forever" mode (ALL)
Feb 1 08:32:04 np0005604211 object-server[257753]: Object audit (ZBF). Since Sun Feb 1 08:32:04 2026: Locally: 1 passed, 0 quarantined, 0 errors, files/sec: 514.39, bytes/sec: 0.00, Total time: 0.00, Auditing time: 0.00, Rate: 0.00
Feb 1 08:32:04 np0005604211 object-server[257754]: Object audit (ALL). Since Sun Feb 1 08:32:04 2026: Locally: 1 passed, 0 quarantined, 0 errors, files/sec: 120.53, bytes/sec: 1928.42, Total time: 0.01, Auditing time: 0.00, Rate: 0.00
