Feb 1 08:24:24 np0005604210 object-server[122041]: 172.20.0.104 - - [01/Feb/2026:08:24:24 +0000] "PUT /d1/398/AUTH_8c7e182e9edd4a9496010d2b1c99e9ab/gnocchi.f62f1f50-eded-47eb-b136-597f44654a37/1769040000.0_mean_300.0_v3" 201 - "PUT http://172.18.0.154:8080/v1/AUTH_8c7e182e9edd4a9496010d2b1c99e9ab/gnocchi.f62f1f50-eded-47eb-b136-597f44654a37/1769040000.0_mean_300.0_v3" "tx0c46326d96dc4f72aea70-00697f0db8" "proxy-server 20" 0.0123 "-" 25 0
Feb 1 08:24:24 np0005604210 container-server[121614]: 172.20.0.103 - - [01/Feb/2026:08:24:24 +0000] "PUT /d1/369/AUTH_8c7e182e9edd4a9496010d2b1c99e9ab/gnocchi.f62f1f50-eded-47eb-b136-597f44654a37/1769040000.0_mean_300.0_v3" 201 - "PUT http://172.18.0.154:8080/d1/398/AUTH_8c7e182e9edd4a9496010d2b1c99e9ab/gnocchi.f62f1f50-eded-47eb-b136-597f44654a37/1769040000.0_mean_300.0_v3" "tx0c46326d96dc4f72aea70-00697f0db8" "object-server 23" 0.0006 "-" 22 0
Feb 1 08:24:24 np0005604210 proxy-server[123343]: 172.18.0.103 172.18.0.104 01/Feb/2026/08/24/24 PUT /v1/AUTH_8c7e182e9edd4a9496010d2b1c99e9ab/gnocchi.f62f1f50-eded-47eb-b136-597f44654a37/1769040000.0_mean_300.0_v3 HTTP/1.0 201 - python-swiftclient-3.11.1 gAAAAABpfw1vYyou... 16 - - tx0c46326d96dc4f72aea70-00697f0db8 - 0.0252 - - 1769934264.404570103 1769934264.429812193 0
Feb 1 08:24:24 np0005604210 container-server[121608]: 172.20.0.103 - - [01/Feb/2026:08:24:24 +0000] "PUT /d1/369/AUTH_8c7e182e9edd4a9496010d2b1c99e9ab/gnocchi.f62f1f50-eded-47eb-b136-597f44654a37/none_v3" 201 - "PUT http://172.18.0.154:8080/d1/402/AUTH_8c7e182e9edd4a9496010d2b1c99e9ab/gnocchi.f62f1f50-eded-47eb-b136-597f44654a37/none_v3" "txdf5e8b16e1c044eca4b9d-00697f0db8" "object-server 24" 0.0006 "-" 20 0
Feb 1 08:24:24 np0005604210 object-server[122022]: 172.20.0.103 - - [01/Feb/2026:08:24:24 +0000] "PUT /d1/402/AUTH_8c7e182e9edd4a9496010d2b1c99e9ab/gnocchi.f62f1f50-eded-47eb-b136-597f44654a37/none_v3" 201 - "PUT http://172.18.0.154:8080/v1/AUTH_8c7e182e9edd4a9496010d2b1c99e9ab/gnocchi.f62f1f50-eded-47eb-b136-597f44654a37/none_v3" "txdf5e8b16e1c044eca4b9d-00697f0db8" "proxy-server 20" 0.0138 "-" 23 0
Feb 1 08:24:24 np0005604210 container-server[121608]: 172.20.0.104 - - [01/Feb/2026:08:24:24 +0000] "PUT /d1/128/AUTH_8c7e182e9edd4a9496010d2b1c99e9ab/gnocchi.00703353-969e-4b88-ba05-7c2007dbfdd4/none_v3" 201 - "PUT http://172.18.0.154:8080/d1/492/AUTH_8c7e182e9edd4a9496010d2b1c99e9ab/gnocchi.00703353-969e-4b88-ba05-7c2007dbfdd4/none_v3" "tx3aa1e383f51044a7a588b-00697f0db8" "object-server 22" 0.0004 "-" 20 0
Feb 1 08:24:24 np0005604210 object-server[122008]: 172.20.0.105 - - [01/Feb/2026:08:24:24 +0000] "PUT /d1/492/AUTH_8c7e182e9edd4a9496010d2b1c99e9ab/gnocchi.00703353-969e-4b88-ba05-7c2007dbfdd4/none_v3" 201 - "PUT http://172.18.0.154:8080/v1/AUTH_8c7e182e9edd4a9496010d2b1c99e9ab/gnocchi.00703353-969e-4b88-ba05-7c2007dbfdd4/none_v3" "tx3aa1e383f51044a7a588b-00697f0db8" "proxy-server 20" 0.0104 "-" 22 0
Feb 1 08:24:24 np0005604210 account-server[120919]: Beginning replication run
Feb 1 08:24:24 np0005604210 account-server[120919]: Replication run OVER
Feb 1 08:24:24 np0005604210 account-server[120919]: Attempted to replicate 1 dbs in 0.03828 seconds (26.12388/s)
Feb 1 08:24:24 np0005604210 account-server[120919]: Removed 0 dbs
Feb 1 08:24:24 np0005604210 account-server[120919]: 2 successes, 0 failures
Feb 1 08:24:24 np0005604210 account-server[120919]: diff:0 diff_capped:0 empty:0 hashmatch:0 no_change:2 remote_merge:0 rsync:0 ts_repl:0
Feb 1 08:24:24 np0005604210 container-server[121624]: 172.20.0.104 - - [01/Feb/2026:08:24:24 +0000] "HEAD /d1/923/AUTH_8c7e182e9edd4a9496010d2b1c99e9ab/gnocchi.10743380-2f2c-439d-8a2e-3a7dfed95898" 404 - "HEAD http://172.18.0.154:8080/v1/AUTH_8c7e182e9edd4a9496010d2b1c99e9ab/gnocchi.10743380-2f2c-439d-8a2e-3a7dfed95898?format=json&states=listing" "tx1070832de8704ca0a33c4-00697f0db8" "proxy-server 20" 0.0006 "-" 23 0
Feb 1 08:24:24 np0005604210 object-server[122041]: 172.20.0.104 - - [01/Feb/2026:08:24:24 +0000] "GET /d1/861/AUTH_8c7e182e9edd4a9496010d2b1c99e9ab/gnocchi.10743380-2f2c-439d-8a2e-3a7dfed95898/none_v3" 404 70 "GET http://172.18.0.154:8080/v1/AUTH_8c7e182e9edd4a9496010d2b1c99e9ab/gnocchi.10743380-2f2c-439d-8a2e-3a7dfed95898/none_v3" "tx1070832de8704ca0a33c4-00697f0db8" "proxy-server 20" 0.0006 "-" 25 0
Feb 1 08:24:24 np0005604210 proxy-server[123343]: 172.18.0.154 172.18.0.104 01/Feb/2026/08/24/24 GET /v1/AUTH_8c7e182e9edd4a9496010d2b1c99e9ab/gnocchi.10743380-2f2c-439d-8a2e-3a7dfed95898/none_v3 HTTP/1.0 404 - python-swiftclient-3.11.1 gAAAAABpfw24v4L0... - 70 - tx1070832de8704ca0a33c4-00697f0db8 - 0.3928 - - 1769934264.468754768 1769934264.861563921 0
Feb 1 08:24:24 np0005604210 account-server[121485]: 172.20.0.105 - - [01/Feb/2026:08:24:24 +0000] "PUT /d1/833/AUTH_8c7e182e9edd4a9496010d2b1c99e9ab/gnocchi.10743380-2f2c-439d-8a2e-3a7dfed95898" 201 - "PUT http://172.20.0.105:6001/d1/923/AUTH_8c7e182e9edd4a9496010d2b1c99e9ab/gnocchi.10743380-2f2c-439d-8a2e-3a7dfed95898" "tx3c86ff43cfcf45d1913da-00697f0db8" "container-server 22" 0.0031 "-" 14 0
Feb 1 08:24:24 np0005604210 container-server[121608]: 172.20.0.103 - - [01/Feb/2026:08:24:24 +0000] "PUT /d1/923/AUTH_8c7e182e9edd4a9496010d2b1c99e9ab/gnocchi.10743380-2f2c-439d-8a2e-3a7dfed95898" 201 - "PUT http://172.18.0.154:8080/v1/AUTH_8c7e182e9edd4a9496010d2b1c99e9ab/gnocchi.10743380-2f2c-439d-8a2e-3a7dfed95898" "tx3c86ff43cfcf45d1913da-00697f0db8" "proxy-server 20" 0.0171 "-" 20 0
Feb 1 08:24:24 np0005604210 container-server[121609]: 172.20.0.105 - - [01/Feb/2026:08:24:24 +0000] "HEAD /d1/923/AUTH_8c7e182e9edd4a9496010d2b1c99e9ab/gnocchi.10743380-2f2c-439d-8a2e-3a7dfed95898" 204 - "HEAD http://172.18.0.154:8080/v1/AUTH_8c7e182e9edd4a9496010d2b1c99e9ab/gnocchi.10743380-2f2c-439d-8a2e-3a7dfed95898?format=json&states=listing" "txf1f323ae371c403380cfd-00697f0db8" "proxy-server 20" 0.0029 "-" 21 0
Feb 1 08:24:24 np0005604210 object-server[122008]: 172.20.0.104 - - [01/Feb/2026:08:24:24 +0000] "GET /d1/464/AUTH_8c7e182e9edd4a9496010d2b1c99e9ab/gnocchi.10743380-2f2c-439d-8a2e-3a7dfed95898/1769040000.0_mean_300.0_v3" 404 70 "GET http://172.18.0.154:8080/v1/AUTH_8c7e182e9edd4a9496010d2b1c99e9ab/gnocchi.10743380-2f2c-439d-8a2e-3a7dfed95898/1769040000.0_mean_300.0_v3" "tx5fce2297d4b740b8b8330-00697f0db8" "proxy-server 20" 0.0006 "-" 22 0
Feb 1 08:24:24 np0005604210 proxy-server[123343]: 172.18.0.154 172.18.0.104 01/Feb/2026/08/24/24 GET /v1/AUTH_8c7e182e9edd4a9496010d2b1c99e9ab/gnocchi.10743380-2f2c-439d-8a2e-3a7dfed95898/1769040000.0_mean_300.0_v3 HTTP/1.0 404 - python-swiftclient-3.11.1 gAAAAABpfw24v4L0... - 70 - tx5fce2297d4b740b8b8330-00697f0db8 - 0.0162 - - 1769934264.938891411 1769934264.955112457 0
Feb 1 08:24:24 np0005604210 container-server[121614]: 172.20.0.104 - - [01/Feb/2026:08:24:24 +0000] "PUT /d1/923/AUTH_8c7e182e9edd4a9496010d2b1c99e9ab/gnocchi.10743380-2f2c-439d-8a2e-3a7dfed95898/1769040000.0_mean_300.0_v3" 201 - "PUT http://172.18.0.154:8080/d1/464/AUTH_8c7e182e9edd4a9496010d2b1c99e9ab/gnocchi.10743380-2f2c-439d-8a2e-3a7dfed95898/1769040000.0_mean_300.0_v3" "txaff76ddeeb1b455480994-00697f0db8" "object-server 22" 0.0009 "-" 22 0
Feb 1 08:24:24 np0005604210 object-server[122008]: 172.20.0.103 - - [01/Feb/2026:08:24:24 +0000] "PUT /d1/464/AUTH_8c7e182e9edd4a9496010d2b1c99e9ab/gnocchi.10743380-2f2c-439d-8a2e-3a7dfed95898/1769040000.0_mean_300.0_v3" 201 - "PUT http://172.18.0.154:8080/v1/AUTH_8c7e182e9edd4a9496010d2b1c99e9ab/gnocchi.10743380-2f2c-439d-8a2e-3a7dfed95898/1769040000.0_mean_300.0_v3" "txaff76ddeeb1b455480994-00697f0db8" "proxy-server 20" 0.0131 "-" 22 0
Feb 1 08:24:25 np0005604210 container-server[121614]: 172.20.0.105 - - [01/Feb/2026:08:24:25 +0000] "PUT /d1/923/AUTH_8c7e182e9edd4a9496010d2b1c99e9ab/gnocchi.10743380-2f2c-439d-8a2e-3a7dfed95898/none_v3" 201 - "PUT http://172.18.0.154:8080/d1/861/AUTH_8c7e182e9edd4a9496010d2b1c99e9ab/gnocchi.10743380-2f2c-439d-8a2e-3a7dfed95898/none_v3" "tx2ea1ca91a5d1414ea7a99-00697f0db8" "object-server 25" 0.0007 "-" 22 0
Feb 1 08:24:25 np0005604210 object-server[122022]: 172.20.0.105 - - [01/Feb/2026:08:24:25 +0000] "PUT /d1/861/AUTH_8c7e182e9edd4a9496010d2b1c99e9ab/gnocchi.10743380-2f2c-439d-8a2e-3a7dfed95898/none_v3" 201 - "PUT http://172.18.0.154:8080/v1/AUTH_8c7e182e9edd4a9496010d2b1c99e9ab/gnocchi.10743380-2f2c-439d-8a2e-3a7dfed95898/none_v3" "tx2ea1ca91a5d1414ea7a99-00697f0db8" "proxy-server 20" 0.0180 "-" 23 0
Feb 1 08:24:30 np0005604210 container-server[121233]: Beginning replication run
Feb 1 08:24:30 np0005604210 container-server[121233]: Replication run OVER
Feb 1 08:24:30 np0005604210 container-server[121233]: Attempted to replicate 8 dbs in 0.37915 seconds (21.10000/s)
Feb 1 08:24:30 np0005604210 container-server[121233]: Removed 0 dbs
Feb 1 08:24:30 np0005604210 container-server[121233]: 16 successes, 0 failures
Feb 1 08:24:30 np0005604210 container-server[121233]: diff:0 diff_capped:0 empty:0 hashmatch:0 no_change:16 remote_merge:0 rsync:0 ts_repl:0
Feb 1 08:24:35 np0005604210 account-server[121520]: 172.20.0.105 - - [01/Feb/2026:08:24:35 +0000] "HEAD /d1/581/.expiring_objects" 404 - "HEAD http://localhost/v1/.expiring_objects?format=json" "tx5fb66679b740477abb53b-00697f0dc3" "proxy-server 2" 0.0008 "-" 17 -
Feb 1 08:24:48 np0005604210 object-server[121749]: Starting object replication pass.
Feb 1 08:24:48 np0005604210 object-server[121749]: 16/16 (100.00%) partitions replicated in 0.17s (92.17/sec, 0s remaining)
Feb 1 08:24:48 np0005604210 object-server[121749]: 32 successes, 0 failures
Feb 1 08:24:48 np0005604210 object-server[121749]: 16 suffixes checked - 0.00% hashed, 0.00% synced
Feb 1 08:24:48 np0005604210 object-server[121749]: Partition times: max 0.0148s, min 0.0078s, med 0.0092s
Feb 1 08:24:48 np0005604210 object-server[121749]: Object replication complete. (0.00 minutes)
Feb 1 08:24:49 np0005604210 object-server[214752]: Begin object audit "forever" mode (ZBF)
Feb 1 08:24:49 np0005604210 object-server[214753]: Begin object audit "forever" mode (ALL)
Feb 1 08:24:49 np0005604210 object-server[214752]: Object audit (ZBF). Since Sun Feb 1 08:24:49 2026: Locally: 1 passed, 0 quarantined, 0 errors, files/sec: 537.59, bytes/sec: 0.00, Total time: 0.00, Auditing time: 0.00, Rate: 0.00
Feb 1 08:24:49 np0005604210 object-server[214753]: Object audit (ALL). Since Sun Feb 1 08:24:49 2026: Locally: 1 passed, 0 quarantined, 0 errors, files/sec: 116.41, bytes/sec: 1862.53, Total time: 0.01, Auditing time: 0.00, Rate: 0.00
Feb 1 08:24:50 np0005604210 object-server[214752]: Object audit (ZBF) "forever" mode completed: 0.28s. Total quarantined: 0, Total errors: 0, Total files/sec: 56.53, Total bytes/sec: 0.00, Auditing time: 0.28, Rate: 0.98
Feb 1 08:24:50 np0005604210 object-server[214753]: Object audit (ALL) "forever" mode completed: 0.71s. Total quarantined: 0, Total errors: 0, Total files/sec: 22.52, Total bytes/sec: 442.01, Auditing time: 0.70, Rate: 0.99
Feb 1 08:24:54 np0005604210 account-server[121489]: 172.20.0.103 - - [01/Feb/2026:08:24:54 +0000] "HEAD /d1/581/.expiring_objects" 404 - "HEAD http://localhost/v1/.expiring_objects?format=json" "tx8482cd403940497fa13ba-00697f0dd6" "proxy-server 2" 0.0008 "-" 15 -
Feb 1 08:24:54 np0005604210 account-server[120919]: Beginning replication run
Feb 1 08:24:54 np0005604210 account-server[120919]: Replication run OVER
Feb 1 08:24:54 np0005604210 account-server[120919]: Attempted to replicate 1 dbs in 0.02152 seconds (46.46480/s)
Feb 1 08:24:54 np0005604210 account-server[120919]: Removed 0 dbs
Feb 1 08:24:54 np0005604210 account-server[120919]: 2 successes, 0 failures
Feb 1 08:24:54 np0005604210 account-server[120919]: diff:0 diff_capped:0 empty:0 hashmatch:0 no_change:2 remote_merge:0 rsync:0 ts_repl:0
Feb 1 08:25:00 np0005604210 container-server[121233]: Beginning replication run
Feb 1 08:25:00 np0005604210 container-server[121233]: Replication run OVER
Feb 1 08:25:00 np0005604210 container-server[121233]: Attempted to replicate 8 dbs in 0.16133 seconds (49.58660/s)
Feb 1 08:25:00 np0005604210 container-server[121233]: Removed 0 dbs
Feb 1 08:25:00 np0005604210 container-server[121233]: 16 successes, 0 failures
Feb 1 08:25:00 np0005604210 container-server[121233]: diff:0 diff_capped:0 empty:0 hashmatch:0 no_change:16 remote_merge:0 rsync:0 ts_repl:0
Feb 1 08:25:07 np0005604210 account-server[120857]: Devices pass completed: 0.00s
Feb 1 08:25:18 np0005604210 object-server[121749]: Starting object replication pass.
Feb 1 08:25:18 np0005604210 object-server[121749]: 16/16 (100.00%) partitions replicated in 0.16s (98.74/sec, 0s remaining)
Feb 1 08:25:18 np0005604210 object-server[121749]: 32 successes, 0 failures
Feb 1 08:25:18 np0005604210 object-server[121749]: 16 suffixes checked - 0.00% hashed, 0.00% synced
Feb 1 08:25:18 np0005604210 object-server[121749]: Partition times: max 0.0139s, min 0.0072s, med 0.0088s
Feb 1 08:25:18 np0005604210 object-server[121749]: Object replication complete. (0.00 minutes)
Feb 1 08:25:20 np0005604210 object-server[214845]: Begin object audit "forever" mode (ZBF)
Feb 1 08:25:20 np0005604210 object-server[214845]: Object audit (ZBF). Since Sun Feb 1 08:25:20 2026: Locally: 1 passed, 0 quarantined, 0 errors, files/sec: 466.40, bytes/sec: 0.00, Total time: 0.00, Auditing time: 0.00, Rate: 0.00
Feb 1 08:25:20 np0005604210 object-server[214845]: Object audit (ZBF) "forever" mode completed: 0.28s. Total quarantined: 0, Total errors: 0, Total files/sec: 56.37, Total bytes/sec: 0.00, Auditing time: 0.28, Rate: 0.98
Feb 1 08:25:24 np0005604210 container-server[121361]: Begin container update sweep
Feb 1 08:25:24 np0005604210 account-server[121485]: 172.20.0.104 - - [01/Feb/2026:08:25:24 +0000] "PUT /d1/833/AUTH_8c7e182e9edd4a9496010d2b1c99e9ab/gnocchi.c0d034e1-81d5-4588-b05e-cf6b2bd2eda8" 201 - "-" "-" "container-updater 2" 0.0011 "-" 14 0
Feb 1 08:25:24 np0005604210 account-server[121485]: 172.20.0.104 - - [01/Feb/2026:08:25:24 +0000] "PUT /d1/833/AUTH_8c7e182e9edd4a9496010d2b1c99e9ab/gnocchi.c3ef7314-5e39-4fcf-9959-654c2ca1597b" 201 - "-" "-" "container-updater 2" 0.0008 "-" 14 0
Feb 1 08:25:24 np0005604210 account-server[121508]: 172.20.0.104 - - [01/Feb/2026:08:25:24 +0000] "PUT /d1/833/AUTH_8c7e182e9edd4a9496010d2b1c99e9ab/gnocchi.65f9724a-9ac3-4860-b23b-2547251206f7" 201 - "-" "-" "container-updater 2" 0.0008 "-" 16 0
Feb 1 08:25:24 np0005604210 account-server[121520]: 172.20.0.104 - - [01/Feb/2026:08:25:24 +0000] "PUT /d1/833/AUTH_8c7e182e9edd4a9496010d2b1c99e9ab/gnocchi.f62f1f50-eded-47eb-b136-597f44654a37" 201 - "-" "-" "container-updater 2" 0.0007 "-" 17 0
Feb 1 08:25:24 np0005604210 account-server[120919]: Beginning replication run
Feb 1 08:25:24 np0005604210 account-server[121520]: 172.20.0.104 - - [01/Feb/2026:08:25:24 +0000] "PUT /d1/833/AUTH_8c7e182e9edd4a9496010d2b1c99e9ab/gnocchi.10743380-2f2c-439d-8a2e-3a7dfed95898" 201 - "-" "-" "container-updater 2" 0.0006 "-" 17 0
Feb 1 08:25:24 np0005604210 account-server[120919]: Replication run OVER
Feb 1 08:25:24 np0005604210 account-server[120919]: Attempted to replicate 1 dbs in 0.05892 seconds (16.97210/s)
Feb 1 08:25:24 np0005604210 account-server[120919]: Removed 0 dbs
Feb 1 08:25:24 np0005604210 account-server[120919]: 2 successes, 0 failures
Feb 1 08:25:24 np0005604210 account-server[120919]: diff:1 diff_capped:0 empty:0 hashmatch:0 no_change:1 remote_merge:0 rsync:0 ts_repl:0
Feb 1 08:25:24 np0005604210 account-server[121508]: 172.20.0.104 - - [01/Feb/2026:08:25:24 +0000] "PUT /d1/833/AUTH_8c7e182e9edd4a9496010d2b1c99e9ab/gnocchi.00703353-969e-4b88-ba05-7c2007dbfdd4" 201 - "-" "-" "container-updater 2" 0.0005 "-" 16 0
Feb 1 08:25:24 np0005604210 account-server[121489]: 172.20.0.104 - - [01/Feb/2026:08:25:24 +0000] "PUT /d1/833/AUTH_8c7e182e9edd4a9496010d2b1c99e9ab/gnocchi.eb7c1786-c772-4010-96f3-26505f103ddb" 201 - "-" "-" "container-updater 2" 0.0008 "-" 15 0
Feb 1 08:25:24 np0005604210 account-server[121489]: 172.20.0.104 - - [01/Feb/2026:08:25:24 +0000] "PUT /d1/833/AUTH_8c7e182e9edd4a9496010d2b1c99e9ab/gnocchi.335e3853-c550-4621-9480-712eb59d1cd0" 201 - "-" "-" "container-updater 2" 0.0004 "-" 15 0
Feb 1 08:25:24 np0005604210 container-server[121361]: Container update sweep completed: 0.70s
Feb 1 08:25:30 np0005604210 container-server[121233]: Beginning replication run
Feb 1 08:25:30 np0005604210 container-server[121233]: Replication run OVER
Feb 1 08:25:30 np0005604210 container-server[121233]: Attempted to replicate 8 dbs in 0.15564 seconds (51.40099/s)
Feb 1 08:25:30 np0005604210 container-server[121233]: Removed 0 dbs
Feb 1 08:25:30 np0005604210 container-server[121233]: 16 successes, 0 failures
Feb 1 08:25:30 np0005604210 container-server[121233]: diff:0 diff_capped:0 empty:0 hashmatch:0 no_change:16 remote_merge:0 rsync:0 ts_repl:0
Feb 1 08:25:48 np0005604210 object-server[121749]: Starting object replication pass.
Feb 1 08:25:48 np0005604210 object-server[121749]: 16/16 (100.00%) partitions replicated in 0.15s (109.85/sec, 0s remaining)
Feb 1 08:25:48 np0005604210 object-server[121749]: 32 successes, 0 failures
Feb 1 08:25:48 np0005604210 object-server[121749]: 16 suffixes checked - 0.00% hashed, 0.00% synced
Feb 1 08:25:48 np0005604210 object-server[121749]: Partition times: max 0.0124s, min 0.0066s, med 0.0083s
Feb 1 08:25:48 np0005604210 object-server[121749]: Object replication complete. (0.00 minutes)
Feb 1 08:25:50 np0005604210 object-server[220549]: Begin object audit "forever" mode (ALL)
Feb 1 08:25:50 np0005604210 object-server[220548]: Begin object audit "forever" mode (ZBF)
Feb 1 08:25:50 np0005604210 object-server[220548]: Object audit (ZBF). Since Sun Feb 1 08:25:50 2026: Locally: 1 passed, 0 quarantined, 0 errors, files/sec: 624.06, bytes/sec: 0.00, Total time: 0.00, Auditing time: 0.00, Rate: 0.00
Feb 1 08:25:50 np0005604210 object-server[220549]: Object audit (ALL). Since Sun Feb 1 08:25:50 2026: Locally: 1 passed, 0 quarantined, 0 errors, files/sec: 147.62, bytes/sec: 2361.91, Total time: 0.01, Auditing time: 0.00, Rate: 0.00
Feb 1 08:25:50 np0005604210 object-server[220548]: Object audit (ZBF) "forever" mode completed: 0.28s. Total quarantined: 0, Total errors: 0, Total files/sec: 56.37, Total bytes/sec: 0.00, Auditing time: 0.28, Rate: 0.98
Feb 1 08:25:51 np0005604210 object-server[220549]: Object audit (ALL) "forever" mode completed: 0.71s. Total quarantined: 0, Total errors: 0, Total files/sec: 22.57, Total bytes/sec: 442.89, Auditing time: 0.70, Rate: 0.99
Feb 1 08:25:54 np0005604210 account-server[120919]: Beginning replication run
Feb 1 08:25:54 np0005604210 account-server[120919]: Replication run OVER
Feb 1 08:25:54 np0005604210 account-server[120919]: Attempted to replicate 1 dbs in 0.02140 seconds (46.73245/s)
Feb 1 08:25:54 np0005604210 account-server[120919]: Removed 0 dbs
Feb 1 08:25:54 np0005604210 account-server[120919]: 2 successes, 0 failures
Feb 1 08:25:54 np0005604210 account-server[120919]: diff:0 diff_capped:0 empty:0 hashmatch:0 no_change:2 remote_merge:0 rsync:0 ts_repl:0
Feb 1 08:26:00 np0005604210 container-server[121233]: Beginning replication run
Feb 1 08:26:00 np0005604210 container-server[121233]: Replication run OVER
Feb 1 08:26:00 np0005604210 container-server[121233]: Attempted to replicate 8 dbs in 0.15506 seconds (51.59248/s)
Feb 1 08:26:00 np0005604210 container-server[121233]: Removed 0 dbs
Feb 1 08:26:00 np0005604210 container-server[121233]: 16 successes, 0 failures
Feb 1 08:26:00 np0005604210 container-server[121233]: diff:0 diff_capped:0 empty:0 hashmatch:0 no_change:16 remote_merge:0 rsync:0 ts_repl:0
Feb 1 08:26:04 np0005604210 account-server[121508]: 172.20.0.104 - - [01/Feb/2026:08:26:04 +0000] "HEAD /d1/833/AUTH_8c7e182e9edd4a9496010d2b1c99e9ab" 204 - "HEAD http://172.18.0.154:8080/v1/AUTH_8c7e182e9edd4a9496010d2b1c99e9ab?format=json" "tx337a45f09c9b4679a5dd4-00697f0e1c" "proxy-server 20" 0.0013 "-" 16 -
Feb 1 08:26:04 np0005604210 proxy-server[123343]: - - 01/Feb/2026/08/26/04 HEAD /v1/AUTH_8c7e182e9edd4a9496010d2b1c99e9ab%3Fformat%3Djson HTTP/1.0 204 - Swift - - - - tx337a45f09c9b4679a5dd4-00697f0e1c - 0.0050 RL - 1769934364.131309509 1769934364.136310816 -
Feb 1 08:26:04 np0005604210 container-server[121608]: 172.20.0.104 - - [01/Feb/2026:08:26:04 +0000] "HEAD /d1/97/AUTH_8c7e182e9edd4a9496010d2b1c99e9ab/gnocchi.40be35d3-d0e0-4254-9796-2232b90515a1" 404 - "HEAD http://172.18.0.154:8080/v1/AUTH_8c7e182e9edd4a9496010d2b1c99e9ab/gnocchi.40be35d3-d0e0-4254-9796-2232b90515a1?format=json&states=listing" "tx337a45f09c9b4679a5dd4-00697f0e1c" "proxy-server 20" 0.0005 "-" 20 0
Feb 1 08:26:04 np0005604210 container-server[121614]: 172.20.0.103 - - [01/Feb/2026:08:26:04 +0000] "HEAD /d1/613/AUTH_8c7e182e9edd4a9496010d2b1c99e9ab/gnocchi.63794a9d-58f8-46e7-bc82-3ec75536e0f7" 404 - "HEAD http://172.18.0.154:8080/v1/AUTH_8c7e182e9edd4a9496010d2b1c99e9ab/gnocchi.63794a9d-58f8-46e7-bc82-3ec75536e0f7?format=json&states=listing" "tx5cf1de145f444713b28d6-00697f0e1c" "proxy-server 20" 0.0003 "-" 22 0
Feb 1 08:26:04 np0005604210 container-server[121614]: 172.20.0.105 - - [01/Feb/2026:08:26:04 +0000] "HEAD /d1/835/AUTH_8c7e182e9edd4a9496010d2b1c99e9ab/gnocchi.0d76bf91-550c-4c17-80e7-6db8ed6bfcc1" 404 - "HEAD http://172.18.0.154:8080/v1/AUTH_8c7e182e9edd4a9496010d2b1c99e9ab/gnocchi.0d76bf91-550c-4c17-80e7-6db8ed6bfcc1?format=json&states=listing" "tx9d1eeb2ee4594862b77f8-00697f0e1c" "proxy-server 20" 0.0002 "-" 22 0
Feb 1 08:26:04 np0005604210 object-server[122008]: 172.20.0.105 - - [01/Feb/2026:08:26:04 +0000] "GET /d1/841/AUTH_8c7e182e9edd4a9496010d2b1c99e9ab/gnocchi.0d76bf91-550c-4c17-80e7-6db8ed6bfcc1/none_v3" 404 70 "GET http://172.18.0.154:8080/v1/AUTH_8c7e182e9edd4a9496010d2b1c99e9ab/gnocchi.0d76bf91-550c-4c17-80e7-6db8ed6bfcc1/none_v3" "tx9d1eeb2ee4594862b77f8-00697f0e1c" "proxy-server 20" 0.0006 "-" 22 0
Feb 1 08:26:04 np0005604210 object-server[122008]: 172.20.0.104 - - [01/Feb/2026:08:26:04 +0000] "GET /d1/553/AUTH_8c7e182e9edd4a9496010d2b1c99e9ab/gnocchi.40be35d3-d0e0-4254-9796-2232b90515a1/none_v3" 404 70 "GET http://172.18.0.154:8080/v1/AUTH_8c7e182e9edd4a9496010d2b1c99e9ab/gnocchi.40be35d3-d0e0-4254-9796-2232b90515a1/none_v3" "tx337a45f09c9b4679a5dd4-00697f0e1c" "proxy-server 20" 0.0002 "-" 22 0
Feb 1 08:26:04 np0005604210 object-server[122041]: 172.20.0.103 - - [01/Feb/2026:08:26:04 +0000] "GET /d1/651/AUTH_8c7e182e9edd4a9496010d2b1c99e9ab/gnocchi.63794a9d-58f8-46e7-bc82-3ec75536e0f7/none_v3" 404 70 "GET http://172.18.0.154:8080/v1/AUTH_8c7e182e9edd4a9496010d2b1c99e9ab/gnocchi.63794a9d-58f8-46e7-bc82-3ec75536e0f7/none_v3" "tx5cf1de145f444713b28d6-00697f0e1c" "proxy-server 20" 0.0003 "-" 25 0
Feb 1 08:26:04 np0005604210 proxy-server[123343]: 172.18.0.103 172.18.0.104 01/Feb/2026/08/26/04 GET /v1/AUTH_8c7e182e9edd4a9496010d2b1c99e9ab/gnocchi.40be35d3-d0e0-4254-9796-2232b90515a1/none_v3 HTTP/1.0 404 - python-swiftclient-3.11.1 gAAAAABpfw1vYyou... - 70 - tx337a45f09c9b4679a5dd4-00697f0e1c - 0.0395 - - 1769934364.130501032 1769934364.170007229 0
Feb 1 08:26:04 np0005604210 account-server[121520]: 172.20.0.104 - - [01/Feb/2026:08:26:04 +0000] "PUT /d1/833/AUTH_8c7e182e9edd4a9496010d2b1c99e9ab/gnocchi.0d76bf91-550c-4c17-80e7-6db8ed6bfcc1" 201 - "PUT http://172.20.0.104:6001/d1/835/AUTH_8c7e182e9edd4a9496010d2b1c99e9ab/gnocchi.0d76bf91-550c-4c17-80e7-6db8ed6bfcc1" "tx574532cfde1f4aecbdce6-00697f0e1c" "container-server 20" 0.0010 "-" 17 0
Feb 1 08:26:04 np0005604210 container-server[121624]: 172.20.0.104 - - [01/Feb/2026:08:26:04 +0000] "PUT /d1/97/AUTH_8c7e182e9edd4a9496010d2b1c99e9ab/gnocchi.40be35d3-d0e0-4254-9796-2232b90515a1" 201 - "PUT http://172.18.0.154:8080/v1/AUTH_8c7e182e9edd4a9496010d2b1c99e9ab/gnocchi.40be35d3-d0e0-4254-9796-2232b90515a1" "txd3cac4fdd1d34e2b9441d-00697f0e1c" "proxy-server 20" 0.0171 "-" 23 0
Feb 1 08:26:04 np0005604210 container-server[121608]: 172.20.0.105 - - [01/Feb/2026:08:26:04 +0000] "PUT /d1/835/AUTH_8c7e182e9edd4a9496010d2b1c99e9ab/gnocchi.0d76bf91-550c-4c17-80e7-6db8ed6bfcc1" 201 - "PUT http://172.18.0.154:8080/v1/AUTH_8c7e182e9edd4a9496010d2b1c99e9ab/gnocchi.0d76bf91-550c-4c17-80e7-6db8ed6bfcc1" "tx574532cfde1f4aecbdce6-00697f0e1c" "proxy-server 20" 0.0184 "-" 20 0
Feb 1 08:26:04 np0005604210 account-server[121520]: 172.20.0.105 - - [01/Feb/2026:08:26:04 +0000] "PUT /d1/833/AUTH_8c7e182e9edd4a9496010d2b1c99e9ab/gnocchi.40be35d3-d0e0-4254-9796-2232b90515a1" 201 - "PUT http://172.20.0.105:6001/d1/97/AUTH_8c7e182e9edd4a9496010d2b1c99e9ab/gnocchi.40be35d3-d0e0-4254-9796-2232b90515a1" "txd3cac4fdd1d34e2b9441d-00697f0e1c" "container-server 21" 0.0042 "-" 17 0
Feb 1 08:26:04 np0005604210 proxy-server[123343]: 172.18.0.103 172.18.0.104 01/Feb/2026/08/26/04 PUT /v1/AUTH_8c7e182e9edd4a9496010d2b1c99e9ab/gnocchi.40be35d3-d0e0-4254-9796-2232b90515a1 HTTP/1.0 201 - python-swiftclient-3.11.1 gAAAAABpfw1vYyou... - - - txd3cac4fdd1d34e2b9441d-00697f0e1c - 0.0273 - - 1769934364.173792362 1769934364.201103210 0
Feb 1 08:26:04 np0005604210 container-server[121608]: 172.20.0.103 - - [01/Feb/2026:08:26:04 +0000] "PUT /d1/613/AUTH_8c7e182e9edd4a9496010d2b1c99e9ab/gnocchi.63794a9d-58f8-46e7-bc82-3ec75536e0f7" 201 - "PUT http://172.18.0.154:8080/v1/AUTH_8c7e182e9edd4a9496010d2b1c99e9ab/gnocchi.63794a9d-58f8-46e7-bc82-3ec75536e0f7" "tx7ddb08b3c7da494cb5cfc-00697f0e1c" "proxy-server 20" 0.0161 "-" 20 0
Feb 1 08:26:04 np0005604210 account-server[121485]: 172.20.0.103 - - [01/Feb/2026:08:26:04 +0000] "PUT /d1/833/AUTH_8c7e182e9edd4a9496010d2b1c99e9ab/gnocchi.63794a9d-58f8-46e7-bc82-3ec75536e0f7" 201 - "PUT http://172.20.0.103:6001/d1/613/AUTH_8c7e182e9edd4a9496010d2b1c99e9ab/gnocchi.63794a9d-58f8-46e7-bc82-3ec75536e0f7" "tx7ddb08b3c7da494cb5cfc-00697f0e1c" "container-server 19" 0.0162 "-" 14 0
Feb 1 08:26:04 np0005604210 container-server[121608]: 172.20.0.105 - - [01/Feb/2026:08:26:04 +0000] "HEAD /d1/835/AUTH_8c7e182e9edd4a9496010d2b1c99e9ab/gnocchi.0d76bf91-550c-4c17-80e7-6db8ed6bfcc1" 204 - "HEAD http://172.18.0.154:8080/v1/AUTH_8c7e182e9edd4a9496010d2b1c99e9ab/gnocchi.0d76bf91-550c-4c17-80e7-6db8ed6bfcc1?format=json&states=listing" "tx1d8b08dd2e004140a845f-00697f0e1c" "proxy-server 20" 0.0014 "-" 20 0
Feb 1 08:26:04 np0005604210 proxy-server[123343]: - - 01/Feb/2026/08/26/04 HEAD /v1/AUTH_8c7e182e9edd4a9496010d2b1c99e9ab/gnocchi.40be35d3-d0e0-4254-9796-2232b90515a1%3Fformat%3Djson%26states%3Dlisting HTTP/1.0 204 - Swift - - - - tx16d4bd4e7d7d47c8a6e26-00697f0e1c - 0.0052 RL - 1769934364.209443808 1769934364.214635849 0
Feb 1 08:26:04 np0005604210 proxy-server[123343]: 172.18.0.103 172.18.0.104 01/Feb/2026/08/26/04 GET /v1/AUTH_8c7e182e9edd4a9496010d2b1c99e9ab/gnocchi.40be35d3-d0e0-4254-9796-2232b90515a1%3Fformat%3Djson%26states%3Dlisting HTTP/1.0 200 - python-swiftclient-3.11.1 gAAAAABpfw1vYyou... - 2 - tx16d4bd4e7d7d47c8a6e26-00697f0e1c - 0.0198 - - 1769934364.206091881 1769934364.225867510 0
Feb 1 08:26:04 np0005604210 container-server[121609]: 172.20.0.105 - - [01/Feb/2026:08:26:04 +0000] "GET /d1/835/AUTH_8c7e182e9edd4a9496010d2b1c99e9ab/gnocchi.0d76bf91-550c-4c17-80e7-6db8ed6bfcc1" 200 2 "GET http://172.18.0.154:8080/v1/AUTH_8c7e182e9edd4a9496010d2b1c99e9ab/gnocchi.0d76bf91-550c-4c17-80e7-6db8ed6bfcc1?format=json&states=listing" "tx1d8b08dd2e004140a845f-00697f0e1c" "proxy-server 20" 0.0018 "-" 21 0
Feb 1 08:26:04 np0005604210 object-server[122008]: 172.20.0.104 - - [01/Feb/2026:08:26:04 +0000] "GET /d1/767/AUTH_8c7e182e9edd4a9496010d2b1c99e9ab/gnocchi.40be35d3-d0e0-4254-9796-2232b90515a1/1769040000.0_mean_300.0_v3" 404 70 "GET http://172.18.0.154:8080/v1/AUTH_8c7e182e9edd4a9496010d2b1c99e9ab/gnocchi.40be35d3-d0e0-4254-9796-2232b90515a1/1769040000.0_mean_300.0_v3" "tx87ad9a456e9f48f6b5333-00697f0e1c" "proxy-server 20" 0.0004 "-" 22 0
Feb 1 08:26:04 np0005604210 proxy-server[123343]: 172.18.0.103 172.18.0.104 01/Feb/2026/08/26/04 GET /v1/AUTH_8c7e182e9edd4a9496010d2b1c99e9ab/gnocchi.40be35d3-d0e0-4254-9796-2232b90515a1/1769040000.0_mean_300.0_v3 HTTP/1.0 404 - python-swiftclient-3.11.1 gAAAAABpfw1vYyou... - 70 - tx87ad9a456e9f48f6b5333-00697f0e1c - 0.0137 - - 1769934364.230514526 1769934364.244215488 0
Feb 1 08:26:04 np0005604210 object-server[122022]: 172.20.0.103 - - [01/Feb/2026:08:26:04 +0000] "GET /d1/129/AUTH_8c7e182e9edd4a9496010d2b1c99e9ab/gnocchi.63794a9d-58f8-46e7-bc82-3ec75536e0f7/1769040000.0_mean_300.0_v3" 404 70 "GET http://172.18.0.154:8080/v1/AUTH_8c7e182e9edd4a9496010d2b1c99e9ab/gnocchi.63794a9d-58f8-46e7-bc82-3ec75536e0f7/1769040000.0_mean_300.0_v3" "tx348f00d457de42ffa27bb-00697f0e1c" "proxy-server 20" 0.0004 "-" 23 0
Feb 1 08:26:04 np0005604210 object-server[122034]: 172.20.0.105 - - [01/Feb/2026:08:26:04 +0000] "GET /d1/137/AUTH_8c7e182e9edd4a9496010d2b1c99e9ab/gnocchi.0d76bf91-550c-4c17-80e7-6db8ed6bfcc1/1769040000.0_mean_300.0_v3" 404 70 "GET http://172.18.0.154:8080/v1/AUTH_8c7e182e9edd4a9496010d2b1c99e9ab/gnocchi.0d76bf91-550c-4c17-80e7-6db8ed6bfcc1/1769040000.0_mean_300.0_v3" "tx4fddd98e8de94f6db3367-00697f0e1c" "proxy-server 20" 0.0004 "-" 24 0
Feb 1 08:26:04 np0005604210 object-server[122008]: 172.20.0.104 - - [01/Feb/2026:08:26:04 +0000] "PUT /d1/767/AUTH_8c7e182e9edd4a9496010d2b1c99e9ab/gnocchi.40be35d3-d0e0-4254-9796-2232b90515a1/1769040000.0_mean_300.0_v3" 201 - "PUT http://172.18.0.154:8080/v1/AUTH_8c7e182e9edd4a9496010d2b1c99e9ab/gnocchi.40be35d3-d0e0-4254-9796-2232b90515a1/1769040000.0_mean_300.0_v3" "txbc13b5d2f7c3499ea6167-00697f0e1c" "proxy-server 20" 0.0111 "-" 22 0
Feb 1 08:26:04 np0005604210 container-server[121614]: 172.20.0.105 - - [01/Feb/2026:08:26:04 +0000] "PUT /d1/97/AUTH_8c7e182e9edd4a9496010d2b1c99e9ab/gnocchi.40be35d3-d0e0-4254-9796-2232b90515a1/1769040000.0_mean_300.0_v3" 201 - "PUT http://172.18.0.154:8080/d1/767/AUTH_8c7e182e9edd4a9496010d2b1c99e9ab/gnocchi.40be35d3-d0e0-4254-9796-2232b90515a1/1769040000.0_mean_300.0_v3" "txbc13b5d2f7c3499ea6167-00697f0e1c" "object-server 23" 0.0005 "-" 22 0
Feb 1 08:26:04 np0005604210 proxy-server[123343]: 172.18.0.103 172.18.0.104 01/Feb/2026/08/26/04 PUT /v1/AUTH_8c7e182e9edd4a9496010d2b1c99e9ab/gnocchi.40be35d3-d0e0-4254-9796-2232b90515a1/1769040000.0_mean_300.0_v3 HTTP/1.0 201 - python-swiftclient-3.11.1 gAAAAABpfw1vYyou... 16 - - txbc13b5d2f7c3499ea6167-00697f0e1c - 0.0196 - - 1769934364.247942686 1769934364.267521143 0
Feb 1 08:26:04 np0005604210 object-server[122022]: 172.20.0.103 - - [01/Feb/2026:08:26:04 +0000] "PUT /d1/129/AUTH_8c7e182e9edd4a9496010d2b1c99e9ab/gnocchi.63794a9d-58f8-46e7-bc82-3ec75536e0f7/1769040000.0_mean_300.0_v3" 201 - "PUT http://172.18.0.154:8080/v1/AUTH_8c7e182e9edd4a9496010d2b1c99e9ab/gnocchi.63794a9d-58f8-46e7-bc82-3ec75536e0f7/1769040000.0_mean_300.0_v3" "txee554237596f479b885c8-00697f0e1c" "proxy-server 20" 0.0116 "-" 23 0
Feb 1 08:26:04 np0005604210 container-server[121614]: 172.20.0.103 - - [01/Feb/2026:08:26:04 +0000] "PUT /d1/613/AUTH_8c7e182e9edd4a9496010d2b1c99e9ab/gnocchi.63794a9d-58f8-46e7-bc82-3ec75536e0f7/1769040000.0_mean_300.0_v3" 201 - "PUT http://172.18.0.154:8080/d1/129/AUTH_8c7e182e9edd4a9496010d2b1c99e9ab/gnocchi.63794a9d-58f8-46e7-bc82-3ec75536e0f7/1769040000.0_mean_300.0_v3" "txee554237596f479b885c8-00697f0e1c" "object-server 22" 0.0005 "-" 22 0
Feb 1 08:26:04 np0005604210 object-server[122008]: 172.20.0.105 - - [01/Feb/2026:08:26:04 +0000] "PUT /d1/137/AUTH_8c7e182e9edd4a9496010d2b1c99e9ab/gnocchi.0d76bf91-550c-4c17-80e7-6db8ed6bfcc1/1769040000.0_mean_300.0_v3" 201 - "PUT http://172.18.0.154:8080/v1/AUTH_8c7e182e9edd4a9496010d2b1c99e9ab/gnocchi.0d76bf91-550c-4c17-80e7-6db8ed6bfcc1/1769040000.0_mean_300.0_v3" "tx275bd50bbda34b4b8dae6-00697f0e1c" "proxy-server 20" 0.0128 "-" 22 0
Feb 1 08:26:04 np0005604210 container-server[121608]: 172.20.0.105 - - [01/Feb/2026:08:26:04 +0000] "PUT /d1/835/AUTH_8c7e182e9edd4a9496010d2b1c99e9ab/gnocchi.0d76bf91-550c-4c17-80e7-6db8ed6bfcc1/1769040000.0_mean_300.0_v3" 201 - "PUT http://172.18.0.154:8080/d1/137/AUTH_8c7e182e9edd4a9496010d2b1c99e9ab/gnocchi.0d76bf91-550c-4c17-80e7-6db8ed6bfcc1/1769040000.0_mean_300.0_v3" "tx275bd50bbda34b4b8dae6-00697f0e1c" "object-server 22" 0.0008 "-" 20 0
Feb 1 08:26:04 np0005604210 container-server[121614]: 172.20.0.104 - - [01/Feb/2026:08:26:04 +0000] "PUT /d1/97/AUTH_8c7e182e9edd4a9496010d2b1c99e9ab/gnocchi.40be35d3-d0e0-4254-9796-2232b90515a1/none_v3" 201 - "PUT http://172.18.0.154:8080/d1/553/AUTH_8c7e182e9edd4a9496010d2b1c99e9ab/gnocchi.40be35d3-d0e0-4254-9796-2232b90515a1/none_v3" "tx925f027d4e984c4c9cb65-00697f0e1c" "object-server 22" 0.0005 "-" 22 0
Feb 1 08:26:04 np0005604210 object-server[122008]: 172.20.0.104 - - [01/Feb/2026:08:26:04 +0000] "PUT /d1/553/AUTH_8c7e182e9edd4a9496010d2b1c99e9ab/gnocchi.40be35d3-d0e0-4254-9796-2232b90515a1/none_v3" 201 - "PUT http://172.18.0.154:8080/v1/AUTH_8c7e182e9edd4a9496010d2b1c99e9ab/gnocchi.40be35d3-d0e0-4254-9796-2232b90515a1/none_v3" "tx925f027d4e984c4c9cb65-00697f0e1c" "proxy-server 20" 0.0096 "-" 22 0
Feb 1 08:26:04 np0005604210 proxy-server[123343]: 172.18.0.103 172.18.0.104 01/Feb/2026/08/26/04 PUT /v1/AUTH_8c7e182e9edd4a9496010d2b1c99e9ab/gnocchi.40be35d3-d0e0-4254-9796-2232b90515a1/none_v3 HTTP/1.0 201 - python-swiftclient-3.11.1 gAAAAABpfw1vYyou... 22 - - tx925f027d4e984c4c9cb65-00697f0e1c - 0.0167 - - 1769934364.271572590 1769934364.288296223 0
Feb 1 08:26:04 np0005604210 container-server[121614]: 172.20.0.104 - - [01/Feb/2026:08:26:04 +0000] "PUT /d1/835/AUTH_8c7e182e9edd4a9496010d2b1c99e9ab/gnocchi.0d76bf91-550c-4c17-80e7-6db8ed6bfcc1/none_v3" 201 - "PUT http://172.18.0.154:8080/d1/841/AUTH_8c7e182e9edd4a9496010d2b1c99e9ab/gnocchi.0d76bf91-550c-4c17-80e7-6db8ed6bfcc1/none_v3" "txe8092a592d7c4e1c9c9e1-00697f0e1c" "object-server 25" 0.0004 "-" 22 0
Feb 1 08:26:04 np0005604210 object-server[122041]: 172.20.0.105 - - [01/Feb/2026:08:26:04 +0000] "PUT /d1/841/AUTH_8c7e182e9edd4a9496010d2b1c99e9ab/gnocchi.0d76bf91-550c-4c17-80e7-6db8ed6bfcc1/none_v3" 201 - "PUT http://172.18.0.154:8080/v1/AUTH_8c7e182e9edd4a9496010d2b1c99e9ab/gnocchi.0d76bf91-550c-4c17-80e7-6db8ed6bfcc1/none_v3" "txe8092a592d7c4e1c9c9e1-00697f0e1c" "proxy-server 20" 0.0077 "-" 25 0
Feb 1 08:26:04 np0005604210 container-server[121609]: 172.20.0.104 - - [01/Feb/2026:08:26:04 +0000] "PUT /d1/613/AUTH_8c7e182e9edd4a9496010d2b1c99e9ab/gnocchi.63794a9d-58f8-46e7-bc82-3ec75536e0f7/none_v3" 201 - "PUT http://172.18.0.154:8080/d1/651/AUTH_8c7e182e9edd4a9496010d2b1c99e9ab/gnocchi.63794a9d-58f8-46e7-bc82-3ec75536e0f7/none_v3" "txdb5b57c7398040deb889a-00697f0e1c" "object-server 22" 0.0006 "-" 21 0
Feb 1 08:26:04 np0005604210 object-server[122008]: 172.20.0.103 - - [01/Feb/2026:08:26:04 +0000] "PUT /d1/651/AUTH_8c7e182e9edd4a9496010d2b1c99e9ab/gnocchi.63794a9d-58f8-46e7-bc82-3ec75536e0f7/none_v3" 201 - "PUT http://172.18.0.154:8080/v1/AUTH_8c7e182e9edd4a9496010d2b1c99e9ab/gnocchi.63794a9d-58f8-46e7-bc82-3ec75536e0f7/none_v3" "txdb5b57c7398040deb889a-00697f0e1c" "proxy-server 20" 0.0111 "-" 22 0
Feb 1 08:26:04 np0005604210 container-server[121624]: 172.20.0.104 - - [01/Feb/2026:08:26:04 +0000] "HEAD /d1/532/AUTH_8c7e182e9edd4a9496010d2b1c99e9ab/gnocchi.113af031-e1e3-456b-a612-264f70c92980" 404 - "HEAD http://172.18.0.154:8080/v1/AUTH_8c7e182e9edd4a9496010d2b1c99e9ab/gnocchi.113af031-e1e3-456b-a612-264f70c92980?format=json&states=listing" "txefad4ab32299454989a55-00697f0e1c" "proxy-server 20" 0.0005 "-" 23 0
Feb 1 08:26:04 np0005604210 object-server[122008]: 172.20.0.104 - - [01/Feb/2026:08:26:04 +0000] "GET /d1/733/AUTH_8c7e182e9edd4a9496010d2b1c99e9ab/gnocchi.113af031-e1e3-456b-a612-264f70c92980/none_v3" 404 70 "GET http://172.18.0.154:8080/v1/AUTH_8c7e182e9edd4a9496010d2b1c99e9ab/gnocchi.113af031-e1e3-456b-a612-264f70c92980/none_v3" "txefad4ab32299454989a55-00697f0e1c" "proxy-server 20" 0.0004 "-" 22 0
Feb 1 08:26:04 np0005604210 container-server[121608]: 172.20.0.105 - - [01/Feb/2026:08:26:04 +0000] "HEAD /d1/1019/AUTH_8c7e182e9edd4a9496010d2b1c99e9ab/gnocchi.de70cf34-3969-4c9a-b8b2-9a2bf83b68a9" 404 - "HEAD http://172.18.0.154:8080/v1/AUTH_8c7e182e9edd4a9496010d2b1c99e9ab/gnocchi.de70cf34-3969-4c9a-b8b2-9a2bf83b68a9?format=json&states=listing" "tx3a7a906591a84d8fbccaf-00697f0e1c" "proxy-server 20" 0.0004 "-" 20 0
Feb 1 08:26:04 np0005604210 proxy-server[123343]: 172.18.0.103 172.18.0.104 01/Feb/2026/08/26/04 GET /v1/AUTH_8c7e182e9edd4a9496010d2b1c99e9ab/gnocchi.113af031-e1e3-456b-a612-264f70c92980/none_v3 HTTP/1.0 404 - python-swiftclient-3.11.1 gAAAAABpfw1vYyou... - 70 - txefad4ab32299454989a55-00697f0e1c - 0.0246 - - 1769934364.309868336 1769934364.334480286 0
Feb 1 08:26:04 np0005604210 container-server[121624]: 172.20.0.103 - - [01/Feb/2026:08:26:04 +0000] "HEAD /d1/127/AUTH_8c7e182e9edd4a9496010d2b1c99e9ab/gnocchi.9007f6b9-bf2d-45f7-b066-c8a7a50483a2" 404 - "HEAD http://172.18.0.154:8080/v1/AUTH_8c7e182e9edd4a9496010d2b1c99e9ab/gnocchi.9007f6b9-bf2d-45f7-b066-c8a7a50483a2?format=json&states=listing" "txfdbbbdc6e4564a969a0f0-00697f0e1c" "proxy-server 20" 0.0004 "-" 23 0
Feb 1 08:26:04 np0005604210 object-server[122008]: 172.20.0.105 - - [01/Feb/2026:08:26:04 +0000] "GET /d1/427/AUTH_8c7e182e9edd4a9496010d2b1c99e9ab/gnocchi.de70cf34-3969-4c9a-b8b2-9a2bf83b68a9/none_v3" 404 70 "GET http://172.18.0.154:8080/v1/AUTH_8c7e182e9edd4a9496010d2b1c99e9ab/gnocchi.de70cf34-3969-4c9a-b8b2-9a2bf83b68a9/none_v3" "tx3a7a906591a84d8fbccaf-00697f0e1c" "proxy-server 20" 0.0002 "-" 22 0
Feb 1 08:26:04 np0005604210 object-server[122034]: 172.20.0.103 - - [01/Feb/2026:08:26:04 +0000] "GET /d1/23/AUTH_8c7e182e9edd4a9496010d2b1c99e9ab/gnocchi.9007f6b9-bf2d-45f7-b066-c8a7a50483a2/none_v3" 404 70 "GET http://172.18.0.154:8080/v1/AUTH_8c7e182e9edd4a9496010d2b1c99e9ab/gnocchi.9007f6b9-bf2d-45f7-b066-c8a7a50483a2/none_v3" "txfdbbbdc6e4564a969a0f0-00697f0e1c" "proxy-server 20" 0.0003 "-" 24 0
Feb 1 08:26:04 np0005604210 account-server[121489]: 172.20.0.105 - - [01/Feb/2026:08:26:04 +0000] "PUT /d1/833/AUTH_8c7e182e9edd4a9496010d2b1c99e9ab/gnocchi.113af031-e1e3-456b-a612-264f70c92980" 201 - "PUT http://172.20.0.105:6001/d1/532/AUTH_8c7e182e9edd4a9496010d2b1c99e9ab/gnocchi.113af031-e1e3-456b-a612-264f70c92980" "tx2d65611703bb417da7d06-00697f0e1c" "container-server 22" 0.0082 "-" 15 0
Feb 1 08:26:04 np0005604210 container-server[121608]: 172.20.0.104 - - [01/Feb/2026:08:26:04 +0000] "PUT /d1/532/AUTH_8c7e182e9edd4a9496010d2b1c99e9ab/gnocchi.113af031-e1e3-456b-a612-264f70c92980" 201 - "PUT http://172.18.0.154:8080/v1/AUTH_8c7e182e9edd4a9496010d2b1c99e9ab/gnocchi.113af031-e1e3-456b-a612-264f70c92980" "tx2d65611703bb417da7d06-00697f0e1c" "proxy-server 20" 0.0165 "-" 20 0
Feb 1 08:26:04 np0005604210 proxy-server[123343]: 172.18.0.103 172.18.0.104 01/Feb/2026/08/26/04 PUT /v1/AUTH_8c7e182e9edd4a9496010d2b1c99e9ab/gnocchi.113af031-e1e3-456b-a612-264f70c92980 HTTP/1.0 201 - python-swiftclient-3.11.1 gAAAAABpfw1vYyou... - - - tx2d65611703bb417da7d06-00697f0e1c - 0.0343 - - 1769934364.338044882 1769934364.372310877 0
Feb 1 08:26:04 np0005604210 account-server[121520]: 172.20.0.103 - - [01/Feb/2026:08:26:04 +0000] "PUT /d1/833/AUTH_8c7e182e9edd4a9496010d2b1c99e9ab/gnocchi.de70cf34-3969-4c9a-b8b2-9a2bf83b68a9" 201 - "PUT http://172.20.0.103:6001/d1/1019/AUTH_8c7e182e9edd4a9496010d2b1c99e9ab/gnocchi.de70cf34-3969-4c9a-b8b2-9a2bf83b68a9" "txcf1b783ef7e54a7f8e16e-00697f0e1c" "container-server 22" 0.0056 "-" 17 0
Feb 1 08:26:04 np0005604210 container-server[121624]: 172.20.0.105 - - [01/Feb/2026:08:26:04 +0000] "PUT /d1/1019/AUTH_8c7e182e9edd4a9496010d2b1c99e9ab/gnocchi.de70cf34-3969-4c9a-b8b2-9a2bf83b68a9" 201 - "PUT http://172.18.0.154:8080/v1/AUTH_8c7e182e9edd4a9496010d2b1c99e9ab/gnocchi.de70cf34-3969-4c9a-b8b2-9a2bf83b68a9" "txcf1b783ef7e54a7f8e16e-00697f0e1c" "proxy-server 20" 0.0184 "-" 23 0
Feb 1 08:26:04 np0005604210 proxy-server[123343]: - - 01/Feb/2026/08/26/04 HEAD /v1/AUTH_8c7e182e9edd4a9496010d2b1c99e9ab/gnocchi.113af031-e1e3-456b-a612-264f70c92980%3Fformat%3Djson%26states%3Dlisting HTTP/1.0 204 - Swift - - - - tx029ee1b03ea34abaac733-00697f0e1c - 0.0054 RL - 1769934364.378403187 1769934364.383767128 0
Feb 1 08:26:04 np0005604210 account-server[121508]: 172.20.0.103 - - [01/Feb/2026:08:26:04 +0000] "PUT /d1/833/AUTH_8c7e182e9edd4a9496010d2b1c99e9ab/gnocchi.9007f6b9-bf2d-45f7-b066-c8a7a50483a2" 201 - "PUT http://172.20.0.103:6001/d1/127/AUTH_8c7e182e9edd4a9496010d2b1c99e9ab/gnocchi.9007f6b9-bf2d-45f7-b066-c8a7a50483a2" "tx48ed934d0220498281ff2-00697f0e1c" "container-server 21" 0.0042 "-" 16 0
Feb 1 08:26:04 np0005604210 container-server[121608]: 172.20.0.103 - - [01/Feb/2026:08:26:04 +0000] "PUT /d1/127/AUTH_8c7e182e9edd4a9496010d2b1c99e9ab/gnocchi.9007f6b9-bf2d-45f7-b066-c8a7a50483a2" 201 - "PUT http://172.18.0.154:8080/v1/AUTH_8c7e182e9edd4a9496010d2b1c99e9ab/gnocchi.9007f6b9-bf2d-45f7-b066-c8a7a50483a2" "tx48ed934d0220498281ff2-00697f0e1c" "proxy-server 20" 0.0222 "-" 20 0
Feb 1 08:26:04 np0005604210 proxy-server[123343]: 172.18.0.103 172.18.0.104 01/Feb/2026/08/26/04 GET /v1/AUTH_8c7e182e9edd4a9496010d2b1c99e9ab/gnocchi.113af031-e1e3-456b-a612-264f70c92980%3Fformat%3Djson%26states%3Dlisting HTTP/1.0 200 - python-swiftclient-3.11.1 gAAAAABpfw1vYyou... - 2 - tx029ee1b03ea34abaac733-00697f0e1c - 0.0175 - - 1769934364.376585722 1769934364.394039392 0
Feb 1 08:26:04 np0005604210 object-server[122008]: 172.20.0.104 - - [01/Feb/2026:08:26:04 +0000] "GET /d1/727/AUTH_8c7e182e9edd4a9496010d2b1c99e9ab/gnocchi.113af031-e1e3-456b-a612-264f70c92980/1769040000.0_mean_300.0_v3" 404 70 "GET http://172.18.0.154:8080/v1/AUTH_8c7e182e9edd4a9496010d2b1c99e9ab/gnocchi.113af031-e1e3-456b-a612-264f70c92980/1769040000.0_mean_300.0_v3" "tx57da18800c664f19bdc16-00697f0e1c" "proxy-server 20" 0.0003 "-" 22 0
Feb 1 08:26:04 np0005604210 container-server[121614]: 172.20.0.105 - - [01/Feb/2026:08:26:04 +0000] "GET /d1/1019/AUTH_8c7e182e9edd4a9496010d2b1c99e9ab/gnocchi.de70cf34-3969-4c9a-b8b2-9a2bf83b68a9" 200 2 "GET http://172.18.0.154:8080/v1/AUTH_8c7e182e9edd4a9496010d2b1c99e9ab/gnocchi.de70cf34-3969-4c9a-b8b2-9a2bf83b68a9?format=json&states=listing" "txacc47f110964499b881b4-00697f0e1c" "proxy-server 20" 0.0033 "-" 22 0
Feb 1 08:26:04 np0005604210 object-server[122022]: 172.20.0.105 - - [01/Feb/2026:08:26:04 +0000] "GET /d1/710/AUTH_8c7e182e9edd4a9496010d2b1c99e9ab/gnocchi.de70cf34-3969-4c9a-b8b2-9a2bf83b68a9/1769040000.0_mean_300.0_v3" 404 70 "GET http://172.18.0.154:8080/v1/AUTH_8c7e182e9edd4a9496010d2b1c99e9ab/gnocchi.de70cf34-3969-4c9a-b8b2-9a2bf83b68a9/1769040000.0_mean_300.0_v3" "txe1e3c48d69744a0fbeb9c-00697f0e1c" "proxy-server 20" 0.0005 "-" 23 0
Feb 1 08:26:04 np0005604210 proxy-server[123343]: 172.18.0.103 172.18.0.104 01/Feb/2026/08/26/04 GET /v1/AUTH_8c7e182e9edd4a9496010d2b1c99e9ab/gnocchi.113af031-e1e3-456b-a612-264f70c92980/1769040000.0_mean_300.0_v3 HTTP/1.0 404 - python-swiftclient-3.11.1 gAAAAABpfw1vYyou... - 70 - tx57da18800c664f19bdc16-00697f0e1c - 0.0198 - - 1769934364.399788857 1769934364.419574499 0
Feb 1 08:26:04 np0005604210 object-server[122008]: 172.20.0.103 - - [01/Feb/2026:08:26:04 +0000] "GET /d1/95/AUTH_8c7e182e9edd4a9496010d2b1c99e9ab/gnocchi.9007f6b9-bf2d-45f7-b066-c8a7a50483a2/1769040000.0_mean_300.0_v3" 404 70 "GET http://172.18.0.154:8080/v1/AUTH_8c7e182e9edd4a9496010d2b1c99e9ab/gnocchi.9007f6b9-bf2d-45f7-b066-c8a7a50483a2/1769040000.0_mean_300.0_v3" "tx6da1e7bdad3d4f6280551-00697f0e1c" "proxy-server 20" 0.0004 "-" 22 0
Feb 1 08:26:04 np0005604210 container-server[121609]: 172.20.0.103 - - [01/Feb/2026:08:26:04 +0000] "PUT /d1/532/AUTH_8c7e182e9edd4a9496010d2b1c99e9ab/gnocchi.113af031-e1e3-456b-a612-264f70c92980/1769040000.0_mean_300.0_v3" 201 - "PUT http://172.18.0.154:8080/d1/727/AUTH_8c7e182e9edd4a9496010d2b1c99e9ab/gnocchi.113af031-e1e3-456b-a612-264f70c92980/1769040000.0_mean_300.0_v3" "txf0067f219a754d35bb137-00697f0e1c" "object-server 25" 0.0007 "-" 21 0
Feb 1 08:26:04 np0005604210 object-server[122022]: 172.20.0.104 - - [01/Feb/2026:08:26:04 +0000] "PUT /d1/727/AUTH_8c7e182e9edd4a9496010d2b1c99e9ab/gnocchi.113af031-e1e3-456b-a612-264f70c92980/1769040000.0_mean_300.0_v3" 201 - "PUT http://172.18.0.154:8080/v1/AUTH_8c7e182e9edd4a9496010d2b1c99e9ab/gnocchi.113af031-e1e3-456b-a612-264f70c92980/1769040000.0_mean_300.0_v3" "txf0067f219a754d35bb137-00697f0e1c" "proxy-server 20" 0.0168 "-" 23 0
Feb 1 08:26:04 np0005604210 proxy-server[123343]: 172.18.0.103 172.18.0.104 01/Feb/2026/08/26/04 PUT /v1/AUTH_8c7e182e9edd4a9496010d2b1c99e9ab/gnocchi.113af031-e1e3-456b-a612-264f70c92980/1769040000.0_mean_300.0_v3 HTTP/1.0 201 - python-swiftclient-3.11.1 gAAAAABpfw1vYyou... 16 - - txf0067f219a754d35bb137-00697f0e1c - 0.0239 - - 1769934364.423214912 1769934364.447090864 0
Feb 1 08:26:04 np0005604210 container-server[121608]: 172.20.0.105 - - [01/Feb/2026:08:26:04 +0000] "PUT /d1/1019/AUTH_8c7e182e9edd4a9496010d2b1c99e9ab/gnocchi.de70cf34-3969-4c9a-b8b2-9a2bf83b68a9/1769040000.0_mean_300.0_v3" 201 - "PUT http://172.18.0.154:8080/d1/710/AUTH_8c7e182e9edd4a9496010d2b1c99e9ab/gnocchi.de70cf34-3969-4c9a-b8b2-9a2bf83b68a9/1769040000.0_mean_300.0_v3" "tx57b4b4b828d14bc6b46fb-00697f0e1c" "object-server 24" 0.0006 "-" 20 0
Feb 1 08:26:04 np0005604210 object-server[122022]: 172.20.0.105 - - [01/Feb/2026:08:26:04 +0000] "PUT /d1/710/AUTH_8c7e182e9edd4a9496010d2b1c99e9ab/gnocchi.de70cf34-3969-4c9a-b8b2-9a2bf83b68a9/1769040000.0_mean_300.0_v3" 201 - "PUT http://172.18.0.154:8080/v1/AUTH_8c7e182e9edd4a9496010d2b1c99e9ab/gnocchi.de70cf34-3969-4c9a-b8b2-9a2bf83b68a9/1769040000.0_mean_300.0_v3" "tx57b4b4b828d14bc6b46fb-00697f0e1c" "proxy-server 20" 0.0124 "-" 23 0
Feb 1 08:26:04 np0005604210 container-server[121608]: 172.20.0.103 - - [01/Feb/2026:08:26:04 +0000] "PUT /d1/127/AUTH_8c7e182e9edd4a9496010d2b1c99e9ab/gnocchi.9007f6b9-bf2d-45f7-b066-c8a7a50483a2/1769040000.0_mean_300.0_v3" 201 - "PUT http://172.18.0.154:8080/d1/95/AUTH_8c7e182e9edd4a9496010d2b1c99e9ab/gnocchi.9007f6b9-bf2d-45f7-b066-c8a7a50483a2/1769040000.0_mean_300.0_v3" "txdc48a9f5168e4417bb0c1-00697f0e1c" "object-server 22" 0.0005 "-" 20 0
Feb 1 08:26:04 np0005604210 container-server[121608]: 172.20.0.105 - - [01/Feb/2026:08:26:04 +0000] "PUT /d1/532/AUTH_8c7e182e9edd4a9496010d2b1c99e9ab/gnocchi.113af031-e1e3-456b-a612-264f70c92980/none_v3" 201 - "PUT http://172.18.0.154:8080/d1/733/AUTH_8c7e182e9edd4a9496010d2b1c99e9ab/gnocchi.113af031-e1e3-456b-a612-264f70c92980/none_v3" "tx4fdaaf67f5114e57bd436-00697f0e1c" "object-server 25" 0.0003 "-" 20 0
Feb 1 08:26:04 np0005604210 object-server[122034]: 172.20.0.104 - - [01/Feb/2026:08:26:04 +0000] "PUT /d1/733/AUTH_8c7e182e9edd4a9496010d2b1c99e9ab/gnocchi.113af031-e1e3-456b-a612-264f70c92980/none_v3" 201 - "PUT http://172.18.0.154:8080/v1/AUTH_8c7e182e9edd4a9496010d2b1c99e9ab/gnocchi.113af031-e1e3-456b-a612-264f70c92980/none_v3" "tx4fdaaf67f5114e57bd436-00697f0e1c" "proxy-server 20" 0.0140 "-" 24 0
Feb 1 08:26:04 np0005604210 object-server[122041]: 172.20.0.103 - - [01/Feb/2026:08:26:04 +0000] "PUT /d1/95/AUTH_8c7e182e9edd4a9496010d2b1c99e9ab/gnocchi.9007f6b9-bf2d-45f7-b066-c8a7a50483a2/1769040000.0_mean_300.0_v3" 201 - "PUT http://172.18.0.154:8080/v1/AUTH_8c7e182e9edd4a9496010d2b1c99e9ab/gnocchi.9007f6b9-bf2d-45f7-b066-c8a7a50483a2/1769040000.0_mean_300.0_v3" "txdc48a9f5168e4417bb0c1-00697f0e1c" "proxy-server 20" 0.0158 "-" 25 0
Feb 1 08:26:04 np0005604210 proxy-server[123343]: 172.18.0.103 172.18.0.104 01/Feb/2026/08/26/04 PUT /v1/AUTH_8c7e182e9edd4a9496010d2b1c99e9ab/gnocchi.113af031-e1e3-456b-a612-264f70c92980/none_v3 HTTP/1.0 201 - python-swiftclient-3.11.1 gAAAAABpfw1vYyou... 22 - - tx4fdaaf67f5114e57bd436-00697f0e1c - 0.0205 - - 1769934364.451330900 1769934364.471825600 0
Feb 1 08:26:04 np0005604210 object-server[122041]: 172.20.0.105 - - [01/Feb/2026:08:26:04 +0000] "PUT /d1/427/AUTH_8c7e182e9edd4a9496010d2b1c99e9ab/gnocchi.de70cf34-3969-4c9a-b8b2-9a2bf83b68a9/none_v3" 201 - "PUT http://172.18.0.154:8080/v1/AUTH_8c7e182e9edd4a9496010d2b1c99e9ab/gnocchi.de70cf34-3969-4c9a-b8b2-9a2bf83b68a9/none_v3" "tx2c90abc2170b4be8b9a69-00697f0e1c" "proxy-server 20" 0.0088 "-" 25 0
Feb 1 08:26:04 np0005604210 container-server[121609]: 172.20.0.103 - - [01/Feb/2026:08:26:04 +0000] "PUT /d1/1019/AUTH_8c7e182e9edd4a9496010d2b1c99e9ab/gnocchi.de70cf34-3969-4c9a-b8b2-9a2bf83b68a9/none_v3" 201 - "PUT http://172.18.0.154:8080/d1/427/AUTH_8c7e182e9edd4a9496010d2b1c99e9ab/gnocchi.de70cf34-3969-4c9a-b8b2-9a2bf83b68a9/none_v3" "tx2c90abc2170b4be8b9a69-00697f0e1c" "object-server 25" 0.0005 "-" 21 0
Feb 1 08:26:04 np0005604210 container-server[121614]: 172.20.0.105 - - [01/Feb/2026:08:26:04 +0000] "PUT /d1/127/AUTH_8c7e182e9edd4a9496010d2b1c99e9ab/gnocchi.9007f6b9-bf2d-45f7-b066-c8a7a50483a2/none_v3" 201 - "PUT http://172.18.0.154:8080/d1/23/AUTH_8c7e182e9edd4a9496010d2b1c99e9ab/gnocchi.9007f6b9-bf2d-45f7-b066-c8a7a50483a2/none_v3" "tx1a33bf5b83604680995c9-00697f0e1c" "object-server 22" 0.0007 "-" 22 0
Feb 1 08:26:04 np0005604210 object-server[122022]: 172.20.0.104 - - [01/Feb/2026:08:26:04 +0000] "PUT /d1/23/AUTH_8c7e182e9edd4a9496010d2b1c99e9ab/gnocchi.9007f6b9-bf2d-45f7-b066-c8a7a50483a2/none_v3" 201 - "PUT http://172.18.0.154:8080/v1/AUTH_8c7e182e9edd4a9496010d2b1c99e9ab/gnocchi.9007f6b9-bf2d-45f7-b066-c8a7a50483a2/none_v3" "tx1a33bf5b83604680995c9-00697f0e1c" "proxy-server 20" 0.0101 "-" 23 0
Feb 1 08:26:04 np0005604210 proxy-server[123343]: 172.18.0.154 172.18.0.104 01/Feb/2026/08/26/04 PUT /v1/AUTH_8c7e182e9edd4a9496010d2b1c99e9ab/gnocchi.9007f6b9-bf2d-45f7-b066-c8a7a50483a2/none_v3 HTTP/1.0 201 - python-swiftclient-3.11.1 gAAAAABpfw24v4L0... 22 - - tx1a33bf5b83604680995c9-00697f0e1c - 0.0211 - - 1769934364.476411581 1769934364.497524738 0
Feb 1 08:26:04 np0005604210 container-server[121609]: 172.20.0.103 - - [01/Feb/2026:08:26:04 +0000] "HEAD /d1/257/AUTH_8c7e182e9edd4a9496010d2b1c99e9ab/gnocchi.6a57f66c-c3a3-48cd-b4ae-ecd529243a03" 404 - "HEAD http://172.18.0.154:8080/v1/AUTH_8c7e182e9edd4a9496010d2b1c99e9ab/gnocchi.6a57f66c-c3a3-48cd-b4ae-ecd529243a03?format=json&states=listing" "tx9b76ed0ea6e048cfbd0af-00697f0e1c" "proxy-server 20" 0.0004 "-" 21 0
