Feb 1 08:21:24 np0005604210 account-server[120919]: Beginning replication run
Feb 1 08:21:24 np0005604210 account-server[120919]: Replication run OVER
Feb 1 08:21:24 np0005604210 account-server[120919]: Attempted to replicate 0 dbs in 0.00193 seconds (0.00000/s)
Feb 1 08:21:24 np0005604210 account-server[120919]: Removed 0 dbs
Feb 1 08:21:24 np0005604210 account-server[120919]: 0 successes, 0 failures
Feb 1 08:21:24 np0005604210 account-server[120919]: diff:0 diff_capped:0 empty:0 hashmatch:0 no_change:0 remote_merge:0 rsync:0 ts_repl:0
Feb 1 08:21:26 np0005604210 account-server[121508]: 172.20.0.105 - - [01/Feb/2026:08:21:26 +0000] "HEAD /d1/581/.expiring_objects" 404 - "HEAD http://localhost/v1/.expiring_objects?format=json" "tx3e8804e500994b22b7ac4-00697f0d06" "proxy-server 2" 0.0007 "-" 16 -
Feb 1 08:21:29 np0005604210 container-server[121233]: Beginning replication run
Feb 1 08:21:29 np0005604210 container-server[121233]: Replication run OVER
Feb 1 08:21:29 np0005604210 container-server[121233]: Attempted to replicate 0 dbs in 0.00151 seconds (0.00000/s)
Feb 1 08:21:29 np0005604210 container-server[121233]: Removed 0 dbs
Feb 1 08:21:29 np0005604210 container-server[121233]: 0 successes, 0 failures
Feb 1 08:21:29 np0005604210 container-server[121233]: diff:0 diff_capped:0 empty:0 hashmatch:0 no_change:0 remote_merge:0 rsync:0 ts_repl:0
Feb 1 08:21:47 np0005604210 object-server[121749]: Starting object replication pass.
Feb 1 08:21:47 np0005604210 object-server[121749]: Nothing replicated for 0.0038902759552001953 seconds.
Feb 1 08:21:47 np0005604210 object-server[121749]: Object replication complete. (0.00 minutes)
Feb 1 08:21:49 np0005604210 object-server[197256]: Begin object audit "forever" mode (ZBF)
Feb 1 08:21:49 np0005604210 object-server[197256]: Object audit (ZBF) "forever" mode completed: 0.00s. Total quarantined: 0, Total errors: 0, Total files/sec: 0.00, Total bytes/sec: 0.00, Auditing time: 0.00, Rate: 0.00
Feb 1 08:21:49 np0005604210 object-server[197257]: Begin object audit "forever" mode (ALL)
Feb 1 08:21:49 np0005604210 object-server[197257]: Object audit (ALL) "forever" mode completed: 0.00s. Total quarantined: 0, Total errors: 0, Total files/sec: 0.00, Total bytes/sec: 0.00, Auditing time: 0.00, Rate: 0.00
Feb 1 08:21:54 np0005604210 account-server[120919]: Beginning replication run
Feb 1 08:21:54 np0005604210 account-server[120919]: Replication run OVER
Feb 1 08:21:54 np0005604210 account-server[120919]: Attempted to replicate 0 dbs in 0.00163 seconds (0.00000/s)
Feb 1 08:21:54 np0005604210 account-server[120919]: Removed 0 dbs
Feb 1 08:21:54 np0005604210 account-server[120919]: 0 successes, 0 failures
Feb 1 08:21:54 np0005604210 account-server[120919]: diff:0 diff_capped:0 empty:0 hashmatch:0 no_change:0 remote_merge:0 rsync:0 ts_repl:0
Feb 1 08:21:57 np0005604210 account-server[121508]: 172.20.0.104 - - [01/Feb/2026:08:21:57 +0000] "HEAD /d1/581/.expiring_objects" 404 - "HEAD http://localhost/v1/.expiring_objects?format=json" "tx0c1c3c43d85d48e89e673-00697f0d25" "proxy-server 2" 0.0006 "-" 16 -
Feb 1 08:21:57 np0005604210 object-expirer[121660]: Pass completed in 0s; 0 objects expired (txn: tx0c1c3c43d85d48e89e673-00697f0d25)
Feb 1 08:21:59 np0005604210 container-server[121233]: Beginning replication run
Feb 1 08:21:59 np0005604210 container-server[121233]: Replication run OVER
Feb 1 08:21:59 np0005604210 container-server[121233]: Attempted to replicate 0 dbs in 0.00128 seconds (0.00000/s)
Feb 1 08:21:59 np0005604210 container-server[121233]: Removed 0 dbs
Feb 1 08:21:59 np0005604210 container-server[121233]: 0 successes, 0 failures
Feb 1 08:21:59 np0005604210 container-server[121233]: diff:0 diff_capped:0 empty:0 hashmatch:0 no_change:0 remote_merge:0 rsync:0 ts_repl:0
Feb 1 08:22:02 np0005604210 account-server[121489]: 172.20.0.105 - - [01/Feb/2026:08:22:02 +0000] "HEAD /d1/581/.expiring_objects" 404 - "HEAD http://localhost/v1/.expiring_objects?format=json" "txc8b54da6ea5b4e6984298-00697f0d2a" "proxy-server 2" 0.0008 "-" 15 -
Feb 1 08:22:13 np0005604210 account-server[121485]: 172.20.0.104 - - [01/Feb/2026:08:22:13 +0000] "HEAD /d1/581/.expiring_objects" 404 - "HEAD http://localhost/v1/.expiring_objects?format=json" "tx5539a349a1914d2ab0a88-00697f0d35" "proxy-server 2" 0.0007 "-" 14 -
Feb 1 08:22:13 np0005604210 object-expirer[121660]: Pass completed in 0s; 0 objects expired (txn: tx5539a349a1914d2ab0a88-00697f0d35)
Feb 1 08:22:14 np0005604210 account-server[121508]: 172.20.0.105 - - [01/Feb/2026:08:22:14 +0000] "HEAD /d1/581/.expiring_objects" 404 - "HEAD http://localhost/v1/.expiring_objects?format=json" "tx8676ed67c1594246bc63b-00697f0d36" "proxy-server 2" 0.0005 "-" 16 -
Feb 1 08:22:17 np0005604210 object-server[121749]: Starting object replication pass.
Feb 1 08:22:17 np0005604210 object-server[121749]: Nothing replicated for 0.0039789676666259766 seconds.
Feb 1 08:22:17 np0005604210 object-server[121749]: Object replication complete. (0.00 minutes)
Feb 1 08:22:19 np0005604210 object-server[197259]: Begin object audit "forever" mode (ZBF)
Feb 1 08:22:19 np0005604210 object-server[197259]: Object audit (ZBF) "forever" mode completed: 0.00s. Total quarantined: 0, Total errors: 0, Total files/sec: 0.00, Total bytes/sec: 0.00, Auditing time: 0.00, Rate: 0.00
Feb 1 08:22:24 np0005604210 account-server[120919]: Beginning replication run
Feb 1 08:22:24 np0005604210 account-server[120919]: Replication run OVER
Feb 1 08:22:24 np0005604210 account-server[120919]: Attempted to replicate 0 dbs in 0.00171 seconds (0.00000/s)
Feb 1 08:22:24 np0005604210 account-server[120919]: Removed 0 dbs
Feb 1 08:22:24 np0005604210 account-server[120919]: 0 successes, 0 failures
Feb 1 08:22:24 np0005604210 account-server[120919]: diff:0 diff_capped:0 empty:0 hashmatch:0 no_change:0 remote_merge:0 rsync:0 ts_repl:0
Feb 1 08:22:26 np0005604210 account-server[120817]: Begin account audit pass.
Feb 1 08:22:29 np0005604210 container-server[121233]: Beginning replication run
Feb 1 08:22:29 np0005604210 container-server[121233]: Replication run OVER
Feb 1 08:22:29 np0005604210 container-server[121233]: Attempted to replicate 0 dbs in 0.00206 seconds (0.00000/s)
Feb 1 08:22:29 np0005604210 container-server[121233]: Removed 0 dbs
Feb 1 08:22:29 np0005604210 container-server[121233]: 0 successes, 0 failures
Feb 1 08:22:29 np0005604210 container-server[121233]: diff:0 diff_capped:0 empty:0 hashmatch:0 no_change:0 remote_merge:0 rsync:0 ts_repl:0
Feb 1 08:22:47 np0005604210 object-server[121749]: Starting object replication pass.
Feb 1 08:22:47 np0005604210 object-server[121749]: Nothing replicated for 0.002098560333251953 seconds.
Feb 1 08:22:47 np0005604210 object-server[121749]: Object replication complete. (0.00 minutes)
Feb 1 08:22:49 np0005604210 object-server[202912]: Begin object audit "forever" mode (ALL)
Feb 1 08:22:49 np0005604210 object-server[202911]: Begin object audit "forever" mode (ZBF)
Feb 1 08:22:49 np0005604210 object-server[202912]: Object audit (ALL) "forever" mode completed: 0.00s. Total quarantined: 0, Total errors: 0, Total files/sec: 0.00, Total bytes/sec: 0.00, Auditing time: 0.00, Rate: 0.00
Feb 1 08:22:49 np0005604210 object-server[202911]: Object audit (ZBF) "forever" mode completed: 0.00s. Total quarantined: 0, Total errors: 0, Total files/sec: 0.00, Total bytes/sec: 0.00, Auditing time: 0.00, Rate: 0.00
Feb 1 08:22:54 np0005604210 account-server[120919]: Beginning replication run
Feb 1 08:22:54 np0005604210 account-server[120919]: Replication run OVER
Feb 1 08:22:54 np0005604210 account-server[120919]: Attempted to replicate 0 dbs in 0.00135 seconds (0.00000/s)
Feb 1 08:22:54 np0005604210 account-server[120919]: Removed 0 dbs
Feb 1 08:22:54 np0005604210 account-server[120919]: 0 successes, 0 failures
Feb 1 08:22:54 np0005604210 account-server[120919]: diff:0 diff_capped:0 empty:0 hashmatch:0 no_change:0 remote_merge:0 rsync:0 ts_repl:0
Feb 1 08:22:59 np0005604210 container-server[121233]: Beginning replication run
Feb 1 08:22:59 np0005604210 container-server[121233]: Replication run OVER
Feb 1 08:22:59 np0005604210 container-server[121233]: Attempted to replicate 0 dbs in 0.00151 seconds (0.00000/s)
Feb 1 08:22:59 np0005604210 container-server[121233]: Removed 0 dbs
Feb 1 08:22:59 np0005604210 container-server[121233]: 0 successes, 0 failures
Feb 1 08:22:59 np0005604210 container-server[121233]: diff:0 diff_capped:0 empty:0 hashmatch:0 no_change:0 remote_merge:0 rsync:0 ts_repl:0
Feb 1 08:23:11 np0005604210 account-server[121489]: 172.20.0.103 - - [01/Feb/2026:08:23:11 +0000] "HEAD /d1/833/AUTH_8c7e182e9edd4a9496010d2b1c99e9ab" 404 - "HEAD http://172.18.0.154:8080/v1/AUTH_8c7e182e9edd4a9496010d2b1c99e9ab?format=json" "tx1fc7fccbda174a0ea9064-00697f0d6f" "proxy-server 20" 0.0012 "-" 15 -
Feb 1 08:23:11 np0005604210 object-server[122041]: 172.20.0.103 - - [01/Feb/2026:08:23:11 +0000] "GET /d1/455/AUTH_8c7e182e9edd4a9496010d2b1c99e9ab/gnocchi.c0d034e1-81d5-4588-b05e-cf6b2bd2eda8/none_v3" 404 70 "GET http://172.18.0.154:8080/v1/AUTH_8c7e182e9edd4a9496010d2b1c99e9ab/gnocchi.c0d034e1-81d5-4588-b05e-cf6b2bd2eda8/none_v3" "tx1fc7fccbda174a0ea9064-00697f0d6f" "proxy-server 20" 0.0014 "-" 25 0
Feb 1 08:23:12 np0005604210 account-server[121485]: 172.20.0.104 - - [01/Feb/2026:08:23:12 +0000] "PUT /d1/833/AUTH_8c7e182e9edd4a9496010d2b1c99e9ab" 201 - "-" "tx1ac8b43325de4bcebac4a-00697f0d70" "-" 0.0128 "-" 14 -
Feb 1 08:23:12 np0005604210 proxy-server[123343]: autocreate account '/AUTH_8c7e182e9edd4a9496010d2b1c99e9ab' (txn: tx1ac8b43325de4bcebac4a-00697f0d70)
Feb 1 08:23:12 np0005604210 account-server[121508]: 172.20.0.103 - - [01/Feb/2026:08:23:12 +0000] "PUT /d1/833/AUTH_8c7e182e9edd4a9496010d2b1c99e9ab/gnocchi.c0d034e1-81d5-4588-b05e-cf6b2bd2eda8" 201 - "PUT http://172.20.0.103:6001/d1/760/AUTH_8c7e182e9edd4a9496010d2b1c99e9ab/gnocchi.c0d034e1-81d5-4588-b05e-cf6b2bd2eda8" "tx1ac8b43325de4bcebac4a-00697f0d70" "container-server 20" 0.0016 "-" 16 0
Feb 1 08:23:12 np0005604210 container-server[121624]: 172.20.0.104 - - [01/Feb/2026:08:23:12 +0000] "PUT /d1/760/AUTH_8c7e182e9edd4a9496010d2b1c99e9ab/gnocchi.c0d034e1-81d5-4588-b05e-cf6b2bd2eda8" 201 - "PUT http://172.18.0.154:8080/v1/AUTH_8c7e182e9edd4a9496010d2b1c99e9ab/gnocchi.c0d034e1-81d5-4588-b05e-cf6b2bd2eda8" "tx1ac8b43325de4bcebac4a-00697f0d70" "proxy-server 20" 0.0228 "-" 23 0
Feb 1 08:23:12 np0005604210 proxy-server[123343]: 172.18.0.103 172.18.0.104 01/Feb/2026/08/23/12 PUT /v1/AUTH_8c7e182e9edd4a9496010d2b1c99e9ab/gnocchi.c0d034e1-81d5-4588-b05e-cf6b2bd2eda8 HTTP/1.0 201 - python-swiftclient-3.11.1 gAAAAABpfw1vYyou... - - - tx1ac8b43325de4bcebac4a-00697f0d70 - 0.0910 - - 1769934192.005370617 1769934192.096321583 0
Feb 1 08:23:12 np0005604210 container-server[121624]: 172.20.0.105 - - [01/Feb/2026:08:23:12 +0000] "HEAD /d1/760/AUTH_8c7e182e9edd4a9496010d2b1c99e9ab/gnocchi.c0d034e1-81d5-4588-b05e-cf6b2bd2eda8" 204 - "HEAD http://172.18.0.154:8080/v1/AUTH_8c7e182e9edd4a9496010d2b1c99e9ab/gnocchi.c0d034e1-81d5-4588-b05e-cf6b2bd2eda8?format=json&states=listing" "tx5919b87e44214ed98acd6-00697f0d70" "proxy-server 20" 0.0020 "-" 23 0
Feb 1 08:23:12 np0005604210 object-server[122008]: 172.20.0.103 - - [01/Feb/2026:08:23:12 +0000] "GET /d1/428/AUTH_8c7e182e9edd4a9496010d2b1c99e9ab/gnocchi.c0d034e1-81d5-4588-b05e-cf6b2bd2eda8/1769040000.0_mean_300.0_v3" 404 70 "GET http://172.18.0.154:8080/v1/AUTH_8c7e182e9edd4a9496010d2b1c99e9ab/gnocchi.c0d034e1-81d5-4588-b05e-cf6b2bd2eda8/1769040000.0_mean_300.0_v3" "tx69cb90833ee14b1f86023-00697f0d70" "proxy-server 20" 0.0009 "-" 22 0
Feb 1 08:23:12 np0005604210 container-server[121608]: 172.20.0.103 - - [01/Feb/2026:08:23:12 +0000] "PUT /d1/760/AUTH_8c7e182e9edd4a9496010d2b1c99e9ab/gnocchi.c0d034e1-81d5-4588-b05e-cf6b2bd2eda8/1769040000.0_mean_300.0_v3" 201 - "PUT http://172.18.0.154:8080/d1/428/AUTH_8c7e182e9edd4a9496010d2b1c99e9ab/gnocchi.c0d034e1-81d5-4588-b05e-cf6b2bd2eda8/1769040000.0_mean_300.0_v3" "tx056c5128e2fb4c928198e-00697f0d70" "object-server 22" 0.0023 "-" 20 0
Feb 1 08:23:12 np0005604210 object-server[122034]: 172.20.0.104 - - [01/Feb/2026:08:23:12 +0000] "PUT /d1/428/AUTH_8c7e182e9edd4a9496010d2b1c99e9ab/gnocchi.c0d034e1-81d5-4588-b05e-cf6b2bd2eda8/1769040000.0_mean_300.0_v3" 201 - "PUT http://172.18.0.154:8080/v1/AUTH_8c7e182e9edd4a9496010d2b1c99e9ab/gnocchi.c0d034e1-81d5-4588-b05e-cf6b2bd2eda8/1769040000.0_mean_300.0_v3" "tx056c5128e2fb4c928198e-00697f0d70" "proxy-server 20" 0.0355 "-" 24 0
Feb 1 08:23:12 np0005604210 proxy-server[123343]: 172.18.0.103 172.18.0.104 01/Feb/2026/08/23/12 PUT /v1/AUTH_8c7e182e9edd4a9496010d2b1c99e9ab/gnocchi.c0d034e1-81d5-4588-b05e-cf6b2bd2eda8/1769040000.0_mean_300.0_v3 HTTP/1.0 201 - python-swiftclient-3.11.1 gAAAAABpfw1vYyou... 16 - - tx056c5128e2fb4c928198e-00697f0d70 - 0.0522 - - 1769934192.168157339 1769934192.220389366 0
Feb 1 08:23:12 np0005604210 container-server[121614]: 172.20.0.104 - - [01/Feb/2026:08:23:12 +0000] "PUT /d1/760/AUTH_8c7e182e9edd4a9496010d2b1c99e9ab/gnocchi.c0d034e1-81d5-4588-b05e-cf6b2bd2eda8/none_v3" 201 - "PUT http://172.18.0.154:8080/d1/455/AUTH_8c7e182e9edd4a9496010d2b1c99e9ab/gnocchi.c0d034e1-81d5-4588-b05e-cf6b2bd2eda8/none_v3" "tx0605671414d141e392305-00697f0d70" "object-server 23" 0.0010 "-" 22 0
Feb 1 08:23:12 np0005604210 object-server[122022]: 172.20.0.105 - - [01/Feb/2026:08:23:12 +0000] "PUT /d1/455/AUTH_8c7e182e9edd4a9496010d2b1c99e9ab/gnocchi.c0d034e1-81d5-4588-b05e-cf6b2bd2eda8/none_v3" 201 - "PUT http://172.18.0.154:8080/v1/AUTH_8c7e182e9edd4a9496010d2b1c99e9ab/gnocchi.c0d034e1-81d5-4588-b05e-cf6b2bd2eda8/none_v3" "tx0605671414d141e392305-00697f0d70" "proxy-server 20" 0.0345 "-" 23 0
Feb 1 08:23:17 np0005604210 object-server[121749]: Starting object replication pass.
Feb 1 08:23:17 np0005604210 object-server[121749]: 2/2 (100.00%) partitions replicated in 0.11s (18.94/sec, 0s remaining)
Feb 1 08:23:17 np0005604210 object-server[121749]: 4 successes, 0 failures
Feb 1 08:23:17 np0005604210 object-server[121749]: 2 suffixes checked - 100.00% hashed, 0.00% synced
Feb 1 08:23:17 np0005604210 object-server[121749]: Partition times: max 0.0643s, min 0.0362s, med 0.0643s
Feb 1 08:23:17 np0005604210 object-server[121749]: Object replication complete. (0.00 minutes)
Feb 1 08:23:19 np0005604210 object-server[206117]: Begin object audit "forever" mode (ALL)
Feb 1 08:23:19 np0005604210 object-server[206117]: Object audit (ALL). Since Sun Feb 1 08:23:19 2026: Locally: 1 passed, 0 quarantined, 0 errors, files/sec: 163.32, bytes/sec: 2613.17, Total time: 0.01, Auditing time: 0.00, Rate: 0.00
Feb 1 08:23:19 np0005604210 object-server[206116]: Begin object audit "forever" mode (ZBF)
Feb 1 08:23:19 np0005604210 object-server[206117]: Object audit (ALL) "forever" mode completed: 0.01s. Total quarantined: 0, Total errors: 0, Total files/sec: 245.68, Total bytes/sec: 4667.84, Auditing time: 0.01, Rate: 0.78
Feb 1 08:23:19 np0005604210 object-server[206116]: Object audit (ZBF). Since Sun Feb 1 08:23:19 2026: Locally: 1 passed, 0 quarantined, 0 errors, files/sec: 542.74, bytes/sec: 0.00, Total time: 0.00, Auditing time: 0.00, Rate: 0.00
Feb 1 08:23:19 np0005604210 object-server[206116]: Object audit (ZBF) "forever" mode completed: 0.00s. Total quarantined: 0, Total errors: 0, Total files/sec: 443.00, Total bytes/sec: 0.00, Auditing time: 0.00, Rate: 0.31
Feb 1 08:23:24 np0005604210 account-server[120919]: Beginning replication run
Feb 1 08:23:24 np0005604210 account-server[120919]: Replication run OVER
Feb 1 08:23:24 np0005604210 account-server[120919]: Attempted to replicate 1 dbs in 0.03378 seconds (29.60293/s)
Feb 1 08:23:24 np0005604210 account-server[120919]: Removed 0 dbs
Feb 1 08:23:24 np0005604210 account-server[120919]: 2 successes, 0 failures
Feb 1 08:23:24 np0005604210 account-server[120919]: diff:0 diff_capped:0 empty:0 hashmatch:0 no_change:2 remote_merge:0 rsync:0 ts_repl:0
Feb 1 08:23:25 np0005604210 object-server[121939]: Begin object update sweep
Feb 1 08:23:25 np0005604210 object-server[206403]: Object update sweep starting on /srv/node/d1 (pid: 14)
Feb 1 08:23:25 np0005604210 object-server[206403]: Object update sweep completed on /srv/node/d1 in 0.00s seconds:, 0 successes, 0 failures, 0 quarantines, 0 unlinks, 0 errors, 0 redirects (pid: 14)
Feb 1 08:23:25 np0005604210 object-server[206403]: Object update sweep of d1 completed: 0.00s, 0 successes, 0 failures, 0 quarantines, 0 unlinks, 0 errors, 0 redirects
Feb 1 08:23:25 np0005604210 object-server[121939]: Object update sweep completed: 0.07s
Feb 1 08:23:29 np0005604210 container-server[121233]: Beginning replication run
Feb 1 08:23:30 np0005604210 container-server[121233]: Replication run OVER
Feb 1 08:23:30 np0005604210 container-server[121233]: Attempted to replicate 1 dbs in 0.03816 seconds (26.20794/s)
Feb 1 08:23:30 np0005604210 container-server[121233]: Removed 0 dbs
Feb 1 08:23:30 np0005604210 container-server[121233]: 2 successes, 0 failures
Feb 1 08:23:30 np0005604210 container-server[121233]: diff:0 diff_capped:0 empty:0 hashmatch:0 no_change:2 remote_merge:0 rsync:0 ts_repl:0
Feb 1 08:23:41 np0005604210 proxy-server[123343]: 172.18.0.105 172.18.0.104 01/Feb/2026/08/23/41 GET /v1/AUTH_8c7e182e9edd4a9496010d2b1c99e9ab/gnocchi.c0d034e1-81d5-4588-b05e-cf6b2bd2eda8%3Fformat%3Djson%26states%3Dlisting HTTP/1.0 200 - python-swiftclient-3.11.1 gAAAAABpfw2NcD79... - 357 - txfe0eff8f78d94fe79baad-00697f0d8d - 0.0226 - - 1769934221.563904047 1769934221.586502075 0
Feb 1 08:23:41 np0005604210 object-server[122022]: 172.20.0.104 - - [01/Feb/2026:08:23:41 +0000] "PUT /d1/428/AUTH_8c7e182e9edd4a9496010d2b1c99e9ab/gnocchi.c0d034e1-81d5-4588-b05e-cf6b2bd2eda8/1769040000.0_mean_300.0_v3" 201 - "PUT http://172.18.0.154:8080/v1/AUTH_8c7e182e9edd4a9496010d2b1c99e9ab/gnocchi.c0d034e1-81d5-4588-b05e-cf6b2bd2eda8/1769040000.0_mean_300.0_v3" "tx5d7764001bc74354bc085-00697f0d8d" "proxy-server 20" 0.0223 "-" 23 0
Feb 1 08:23:41 np0005604210 container-server[121624]: 172.20.0.105 - - [01/Feb/2026:08:23:41 +0000] "PUT /d1/760/AUTH_8c7e182e9edd4a9496010d2b1c99e9ab/gnocchi.c0d034e1-81d5-4588-b05e-cf6b2bd2eda8/1769040000.0_mean_300.0_v3" 201 - "PUT http://172.18.0.154:8080/d1/428/AUTH_8c7e182e9edd4a9496010d2b1c99e9ab/gnocchi.c0d034e1-81d5-4588-b05e-cf6b2bd2eda8/1769040000.0_mean_300.0_v3" "tx5d7764001bc74354bc085-00697f0d8d" "object-server 22" 0.0012 "-" 23 0
Feb 1 08:23:41 np0005604210 proxy-server[123343]: 172.18.0.105 172.18.0.104 01/Feb/2026/08/23/41 PUT /v1/AUTH_8c7e182e9edd4a9496010d2b1c99e9ab/gnocchi.c0d034e1-81d5-4588-b05e-cf6b2bd2eda8/1769040000.0_mean_300.0_v3 HTTP/1.0 201 - python-swiftclient-3.11.1 gAAAAABpfw2NcD79... 16 - - tx5d7764001bc74354bc085-00697f0d8d - 0.0562 - - 1769934221.632133722 1769934221.688354492 0
Feb 1 08:23:41 np0005604210 container-server[121614]: 172.20.0.103 - - [01/Feb/2026:08:23:41 +0000] "PUT /d1/760/AUTH_8c7e182e9edd4a9496010d2b1c99e9ab/gnocchi.c0d034e1-81d5-4588-b05e-cf6b2bd2eda8/none_v3" 201 - "PUT http://172.18.0.154:8080/d1/455/AUTH_8c7e182e9edd4a9496010d2b1c99e9ab/gnocchi.c0d034e1-81d5-4588-b05e-cf6b2bd2eda8/none_v3" "tx942b020d12e94153a11a0-00697f0d8d" "object-server 23" 0.0008 "-" 22 0
Feb 1 08:23:41 np0005604210 object-server[122034]: 172.20.0.105 - - [01/Feb/2026:08:23:41 +0000] "PUT /d1/455/AUTH_8c7e182e9edd4a9496010d2b1c99e9ab/gnocchi.c0d034e1-81d5-4588-b05e-cf6b2bd2eda8/none_v3" 201 - "PUT http://172.18.0.154:8080/v1/AUTH_8c7e182e9edd4a9496010d2b1c99e9ab/gnocchi.c0d034e1-81d5-4588-b05e-cf6b2bd2eda8/none_v3" "tx942b020d12e94153a11a0-00697f0d8d" "proxy-server 20" 0.0214 "-" 24 0
Feb 1 08:23:47 np0005604210 object-server[121749]: Starting object replication pass.
Feb 1 08:23:48 np0005604210 object-server[121749]: 2/2 (100.00%) partitions replicated in 0.07s (27.41/sec, 0s remaining)
Feb 1 08:23:48 np0005604210 object-server[121749]: 4 successes, 0 failures
Feb 1 08:23:48 np0005604210 object-server[121749]: 2 suffixes checked - 100.00% hashed, 0.00% synced
Feb 1 08:23:48 np0005604210 object-server[121749]: Partition times: max 0.0359s, min 0.0316s, med 0.0359s
Feb 1 08:23:48 np0005604210 object-server[121749]: Object replication complete. (0.00 minutes)
Feb 1 08:23:49 np0005604210 object-server[208945]: Begin object audit "forever" mode (ZBF)
Feb 1 08:23:49 np0005604210 object-server[208946]: Begin object audit "forever" mode (ALL)
Feb 1 08:23:49 np0005604210 object-server[208945]: Object audit (ZBF). Since Sun Feb 1 08:23:49 2026: Locally: 1 passed, 0 quarantined, 0 errors, files/sec: 575.35, bytes/sec: 0.00, Total time: 0.00, Auditing time: 0.00, Rate: 0.00
Feb 1 08:23:49 np0005604210 object-server[208945]: Object audit (ZBF) "forever" mode completed: 0.00s. Total quarantined: 0, Total errors: 0, Total files/sec: 461.60, Total bytes/sec: 0.00, Auditing time: 0.00, Rate: 0.31
Feb 1 08:23:49 np0005604210 object-server[208946]: Object audit (ALL). Since Sun Feb 1 08:23:49 2026: Locally: 1 passed, 0 quarantined, 0 errors, files/sec: 110.14, bytes/sec: 1762.17, Total time: 0.01, Auditing time: 0.00, Rate: 0.00
Feb 1 08:23:49 np0005604210 object-server[208946]: Object audit (ALL) "forever" mode completed: 0.01s. Total quarantined: 0, Total errors: 0, Total files/sec: 152.00, Total bytes/sec: 3647.95, Auditing time: 0.01, Rate: 0.71
Feb 1 08:23:54 np0005604210 account-server[120919]: Beginning replication run
Feb 1 08:23:54 np0005604210 account-server[120919]: Replication run OVER
Feb 1 08:23:54 np0005604210 account-server[120919]: Attempted to replicate 1 dbs in 0.01412 seconds (70.80258/s)
Feb 1 08:23:54 np0005604210 account-server[120919]: Removed 0 dbs
Feb 1 08:23:54 np0005604210 account-server[120919]: 2 successes, 0 failures
Feb 1 08:23:54 np0005604210 account-server[120919]: diff:0 diff_capped:0 empty:0 hashmatch:0 no_change:2 remote_merge:0 rsync:0 ts_repl:0
Feb 1 08:24:00 np0005604210 container-server[121233]: Beginning replication run
Feb 1 08:24:00 np0005604210 container-server[121233]: Replication run OVER
Feb 1 08:24:00 np0005604210 container-server[121233]: Attempted to replicate 1 dbs in 0.04681 seconds (21.36208/s)
Feb 1 08:24:00 np0005604210 container-server[121233]: Removed 0 dbs
Feb 1 08:24:00 np0005604210 container-server[121233]: 2 successes, 0 failures
Feb 1 08:24:00 np0005604210 container-server[121233]: diff:0 diff_capped:0 empty:0 hashmatch:0 no_change:2 remote_merge:0 rsync:0 ts_repl:0
Feb 1 08:24:14 np0005604210 account-server[121520]: 172.20.0.104 - - [01/Feb/2026:08:24:14 +0000] "HEAD /d1/833/AUTH_8c7e182e9edd4a9496010d2b1c99e9ab" 204 - "HEAD http://172.18.0.154:8080/v1/AUTH_8c7e182e9edd4a9496010d2b1c99e9ab?format=json" "tx1c65374f57e44d7cbe221-00697f0dae" "proxy-server 20" 0.0032 "-" 17 -
Feb 1 08:24:14 np0005604210 proxy-server[123343]: - - 01/Feb/2026/08/24/14 HEAD /v1/AUTH_8c7e182e9edd4a9496010d2b1c99e9ab%3Fformat%3Djson HTTP/1.0 204 - Swift - - - - tx1c65374f57e44d7cbe221-00697f0dae - 0.0131 RL - 1769934254.499543190 1769934254.512669325 -
Feb 1 08:24:14 np0005604210 container-server[121614]: 172.20.0.103 - - [01/Feb/2026:08:24:14 +0000] "HEAD /d1/869/AUTH_8c7e182e9edd4a9496010d2b1c99e9ab/gnocchi.335e3853-c550-4621-9480-712eb59d1cd0" 404 - "HEAD http://172.18.0.154:8080/v1/AUTH_8c7e182e9edd4a9496010d2b1c99e9ab/gnocchi.335e3853-c550-4621-9480-712eb59d1cd0?format=json&states=listing" "tx3b89c39335bf4f13a3e4e-00697f0dae" "proxy-server 20" 0.0015 "-" 22 0
Feb 1 08:24:14 np0005604210 container-server[121608]: 172.20.0.104 - - [01/Feb/2026:08:24:14 +0000] "HEAD /d1/719/AUTH_8c7e182e9edd4a9496010d2b1c99e9ab/gnocchi.c3ef7314-5e39-4fcf-9959-654c2ca1597b" 404 - "HEAD http://172.18.0.154:8080/v1/AUTH_8c7e182e9edd4a9496010d2b1c99e9ab/gnocchi.c3ef7314-5e39-4fcf-9959-654c2ca1597b?format=json&states=listing" "tx1c65374f57e44d7cbe221-00697f0dae" "proxy-server 20" 0.0017 "-" 20 0
Feb 1 08:24:14 np0005604210 object-server[122022]: 172.20.0.104 - - [01/Feb/2026:08:24:14 +0000] "GET /d1/659/AUTH_8c7e182e9edd4a9496010d2b1c99e9ab/gnocchi.c3ef7314-5e39-4fcf-9959-654c2ca1597b/none_v3" 404 70 "GET http://172.18.0.154:8080/v1/AUTH_8c7e182e9edd4a9496010d2b1c99e9ab/gnocchi.c3ef7314-5e39-4fcf-9959-654c2ca1597b/none_v3" "tx1c65374f57e44d7cbe221-00697f0dae" "proxy-server 20" 0.0011 "-" 23 0
Feb 1 08:24:14 np0005604210 object-server[122034]: 172.20.0.103 - - [01/Feb/2026:08:24:14 +0000] "GET /d1/438/AUTH_8c7e182e9edd4a9496010d2b1c99e9ab/gnocchi.335e3853-c550-4621-9480-712eb59d1cd0/none_v3" 404 70 "GET http://172.18.0.154:8080/v1/AUTH_8c7e182e9edd4a9496010d2b1c99e9ab/gnocchi.335e3853-c550-4621-9480-712eb59d1cd0/none_v3" "tx3b89c39335bf4f13a3e4e-00697f0dae" "proxy-server 20" 0.0008 "-" 24 0
Feb 1 08:24:14 np0005604210 proxy-server[123343]: 172.18.0.105 172.18.0.104 01/Feb/2026/08/24/14 GET /v1/AUTH_8c7e182e9edd4a9496010d2b1c99e9ab/gnocchi.c3ef7314-5e39-4fcf-9959-654c2ca1597b/none_v3 HTTP/1.0 404 - python-swiftclient-3.11.1 gAAAAABpfw2NcD79... - 70 - tx1c65374f57e44d7cbe221-00697f0dae - 0.0546 - - 1769934254.498120785 1769934254.552701950 0
Feb 1 08:24:14 np0005604210 account-server[121508]: 172.20.0.104 - - [01/Feb/2026:08:24:14 +0000] "PUT /d1/833/AUTH_8c7e182e9edd4a9496010d2b1c99e9ab/gnocchi.335e3853-c550-4621-9480-712eb59d1cd0" 201 - "PUT http://172.20.0.104:6001/d1/869/AUTH_8c7e182e9edd4a9496010d2b1c99e9ab/gnocchi.335e3853-c550-4621-9480-712eb59d1cd0" "tx3dde6b6c21f648c8b0413-00697f0dae" "container-server 22" 0.0022 "-" 16 0
Feb 1 08:24:14 np0005604210 container-server[121614]: 172.20.0.105 - - [01/Feb/2026:08:24:14 +0000] "PUT /d1/869/AUTH_8c7e182e9edd4a9496010d2b1c99e9ab/gnocchi.335e3853-c550-4621-9480-712eb59d1cd0" 201 - "PUT http://172.18.0.154:8080/v1/AUTH_8c7e182e9edd4a9496010d2b1c99e9ab/gnocchi.335e3853-c550-4621-9480-712eb59d1cd0" "tx3dde6b6c21f648c8b0413-00697f0dae" "proxy-server 20" 0.0193 "-" 22 0
Feb 1 08:24:14 np0005604210 account-server[121520]: 172.20.0.104 - - [01/Feb/2026:08:24:14 +0000] "PUT /d1/833/AUTH_8c7e182e9edd4a9496010d2b1c99e9ab/gnocchi.c3ef7314-5e39-4fcf-9959-654c2ca1597b" 201 - "PUT http://172.20.0.104:6001/d1/719/AUTH_8c7e182e9edd4a9496010d2b1c99e9ab/gnocchi.c3ef7314-5e39-4fcf-9959-654c2ca1597b" "tx473e85d6e72a460aae84b-00697f0dae" "container-server 21" 0.0067 "-" 17 0
Feb 1 08:24:14 np0005604210 container-server[121609]: 172.20.0.103 - - [01/Feb/2026:08:24:14 +0000] "PUT /d1/719/AUTH_8c7e182e9edd4a9496010d2b1c99e9ab/gnocchi.c3ef7314-5e39-4fcf-9959-654c2ca1597b" 201 - "PUT http://172.18.0.154:8080/v1/AUTH_8c7e182e9edd4a9496010d2b1c99e9ab/gnocchi.c3ef7314-5e39-4fcf-9959-654c2ca1597b" "tx473e85d6e72a460aae84b-00697f0dae" "proxy-server 20" 0.0216 "-" 21 0
Feb 1 08:24:14 np0005604210 container-server[121614]: 172.20.0.104 - - [01/Feb/2026:08:24:14 +0000] "HEAD /d1/869/AUTH_8c7e182e9edd4a9496010d2b1c99e9ab/gnocchi.335e3853-c550-4621-9480-712eb59d1cd0" 204 - "HEAD http://172.18.0.154:8080/v1/AUTH_8c7e182e9edd4a9496010d2b1c99e9ab/gnocchi.335e3853-c550-4621-9480-712eb59d1cd0?format=json&states=listing" "tx845ce76f86ba42fab78ef-00697f0dae" "proxy-server 20" 0.0020 "-" 22 0
Feb 1 08:24:14 np0005604210 proxy-server[123343]: - - 01/Feb/2026/08/24/14 HEAD /v1/AUTH_8c7e182e9edd4a9496010d2b1c99e9ab/gnocchi.335e3853-c550-4621-9480-712eb59d1cd0%3Fformat%3Djson%26states%3Dlisting HTTP/1.0 204 - Swift - - - - tx845ce76f86ba42fab78ef-00697f0dae - 0.0067 RL - 1769934254.589795828 1769934254.596507788 0
Feb 1 08:24:14 np0005604210 proxy-server[123343]: 172.18.0.103 172.18.0.104 01/Feb/2026/08/24/14 GET /v1/AUTH_8c7e182e9edd4a9496010d2b1c99e9ab/gnocchi.335e3853-c550-4621-9480-712eb59d1cd0%3Fformat%3Djson%26states%3Dlisting HTTP/1.0 200 - python-swiftclient-3.11.1 gAAAAABpfw1vYyou... - 2 - tx845ce76f86ba42fab78ef-00697f0dae - 0.0247 - - 1769934254.587761164 1769934254.612421036 0
Feb 1 08:24:14 np0005604210 object-server[122041]: 172.20.0.103 - - [01/Feb/2026:08:24:14 +0000] "GET /d1/171/AUTH_8c7e182e9edd4a9496010d2b1c99e9ab/gnocchi.335e3853-c550-4621-9480-712eb59d1cd0/1769040000.0_mean_300.0_v3" 404 70 "GET http://172.18.0.154:8080/v1/AUTH_8c7e182e9edd4a9496010d2b1c99e9ab/gnocchi.335e3853-c550-4621-9480-712eb59d1cd0/1769040000.0_mean_300.0_v3" "txeafc08933b2f4a689f46a-00697f0dae" "proxy-server 20" 0.0011 "-" 25 0
Feb 1 08:24:14 np0005604210 object-server[122008]: 172.20.0.104 - - [01/Feb/2026:08:24:14 +0000] "GET /d1/452/AUTH_8c7e182e9edd4a9496010d2b1c99e9ab/gnocchi.c3ef7314-5e39-4fcf-9959-654c2ca1597b/1769040000.0_mean_300.0_v3" 404 70 "GET http://172.18.0.154:8080/v1/AUTH_8c7e182e9edd4a9496010d2b1c99e9ab/gnocchi.c3ef7314-5e39-4fcf-9959-654c2ca1597b/1769040000.0_mean_300.0_v3" "tx658022e410a8496699c47-00697f0dae" "proxy-server 20" 0.0005 "-" 22 0
Feb 1 08:24:14 np0005604210 proxy-server[123343]: 172.18.0.105 172.18.0.104 01/Feb/2026/08/24/14 GET /v1/AUTH_8c7e182e9edd4a9496010d2b1c99e9ab/gnocchi.c3ef7314-5e39-4fcf-9959-654c2ca1597b/1769040000.0_mean_300.0_v3 HTTP/1.0 404 - python-swiftclient-3.11.1 gAAAAABpfw2NcD79... - 70 - tx658022e410a8496699c47-00697f0dae - 0.0173 - - 1769934254.635772467 1769934254.653071404 0
Feb 1 08:24:14 np0005604210 container-server[121614]: 172.20.0.104 - - [01/Feb/2026:08:24:14 +0000] "PUT /d1/869/AUTH_8c7e182e9edd4a9496010d2b1c99e9ab/gnocchi.335e3853-c550-4621-9480-712eb59d1cd0/1769040000.0_mean_300.0_v3" 201 - "PUT http://172.18.0.154:8080/d1/171/AUTH_8c7e182e9edd4a9496010d2b1c99e9ab/gnocchi.335e3853-c550-4621-9480-712eb59d1cd0/1769040000.0_mean_300.0_v3" "tx9891651a339341f5902f6-00697f0dae" "object-server 25" 0.0007 "-" 22 0
Feb 1 08:24:14 np0005604210 object-server[122041]: 172.20.0.105 - - [01/Feb/2026:08:24:14 +0000] "PUT /d1/171/AUTH_8c7e182e9edd4a9496010d2b1c99e9ab/gnocchi.335e3853-c550-4621-9480-712eb59d1cd0/1769040000.0_mean_300.0_v3" 201 - "PUT http://172.18.0.154:8080/v1/AUTH_8c7e182e9edd4a9496010d2b1c99e9ab/gnocchi.335e3853-c550-4621-9480-712eb59d1cd0/1769040000.0_mean_300.0_v3" "tx9891651a339341f5902f6-00697f0dae" "proxy-server 20" 0.0320 "-" 25 0
Feb 1 08:24:14 np0005604210 container-server[121624]: 172.20.0.103 - - [01/Feb/2026:08:24:14 +0000] "PUT /d1/719/AUTH_8c7e182e9edd4a9496010d2b1c99e9ab/gnocchi.c3ef7314-5e39-4fcf-9959-654c2ca1597b/1769040000.0_mean_300.0_v3" 201 - "PUT http://172.18.0.154:8080/d1/452/AUTH_8c7e182e9edd4a9496010d2b1c99e9ab/gnocchi.c3ef7314-5e39-4fcf-9959-654c2ca1597b/1769040000.0_mean_300.0_v3" "txa631db29379f4a7fb4aac-00697f0dae" "object-server 23" 0.0007 "-" 23 0
Feb 1 08:24:14 np0005604210 object-server[122008]: 172.20.0.103 - - [01/Feb/2026:08:24:14 +0000] "PUT /d1/452/AUTH_8c7e182e9edd4a9496010d2b1c99e9ab/gnocchi.c3ef7314-5e39-4fcf-9959-654c2ca1597b/1769040000.0_mean_300.0_v3" 201 - "PUT http://172.18.0.154:8080/v1/AUTH_8c7e182e9edd4a9496010d2b1c99e9ab/gnocchi.c3ef7314-5e39-4fcf-9959-654c2ca1597b/1769040000.0_mean_300.0_v3" "txa631db29379f4a7fb4aac-00697f0dae" "proxy-server 20" 0.0315 "-" 22 0
Feb 1 08:24:14 np0005604210 container-server[121609]: 172.20.0.105 - - [01/Feb/2026:08:24:14 +0000] "PUT /d1/869/AUTH_8c7e182e9edd4a9496010d2b1c99e9ab/gnocchi.335e3853-c550-4621-9480-712eb59d1cd0/none_v3" 201 - "PUT http://172.18.0.154:8080/d1/438/AUTH_8c7e182e9edd4a9496010d2b1c99e9ab/gnocchi.335e3853-c550-4621-9480-712eb59d1cd0/none_v3" "txb2f7d1d5302a44debf02d-00697f0dae" "object-server 22" 0.0010 "-" 21 0
Feb 1 08:24:14 np0005604210 object-server[122022]: 172.20.0.104 - - [01/Feb/2026:08:24:14 +0000] "PUT /d1/438/AUTH_8c7e182e9edd4a9496010d2b1c99e9ab/gnocchi.335e3853-c550-4621-9480-712eb59d1cd0/none_v3" 201 - "PUT http://172.18.0.154:8080/v1/AUTH_8c7e182e9edd4a9496010d2b1c99e9ab/gnocchi.335e3853-c550-4621-9480-712eb59d1cd0/none_v3" "txb2f7d1d5302a44debf02d-00697f0dae" "proxy-server 20" 0.0135 "-" 23 0
Feb 1 08:24:14 np0005604210 proxy-server[123343]: 172.18.0.103 172.18.0.104 01/Feb/2026/08/24/14 PUT /v1/AUTH_8c7e182e9edd4a9496010d2b1c99e9ab/gnocchi.335e3853-c550-4621-9480-712eb59d1cd0/none_v3 HTTP/1.0 201 - python-swiftclient-3.11.1 gAAAAABpfw1vYyou... 22 - - txb2f7d1d5302a44debf02d-00697f0dae - 0.0291 - - 1769934254.692547321 1769934254.721664667 0
Feb 1 08:24:14 np0005604210 container-server[121608]: 172.20.0.104 - - [01/Feb/2026:08:24:14 +0000] "PUT /d1/719/AUTH_8c7e182e9edd4a9496010d2b1c99e9ab/gnocchi.c3ef7314-5e39-4fcf-9959-654c2ca1597b/none_v3" 201 - "PUT http://172.18.0.154:8080/d1/659/AUTH_8c7e182e9edd4a9496010d2b1c99e9ab/gnocchi.c3ef7314-5e39-4fcf-9959-654c2ca1597b/none_v3" "txf18e7ec986e64a2fac5d5-00697f0dae" "object-server 24" 0.0011 "-" 20 0
Feb 1 08:24:14 np0005604210 object-server[122034]: 172.20.0.105 - - [01/Feb/2026:08:24:14 +0000] "PUT /d1/659/AUTH_8c7e182e9edd4a9496010d2b1c99e9ab/gnocchi.c3ef7314-5e39-4fcf-9959-654c2ca1597b/none_v3" 201 - "PUT http://172.18.0.154:8080/v1/AUTH_8c7e182e9edd4a9496010d2b1c99e9ab/gnocchi.c3ef7314-5e39-4fcf-9959-654c2ca1597b/none_v3" "txf18e7ec986e64a2fac5d5-00697f0dae" "proxy-server 20" 0.0204 "-" 24 0
Feb 1 08:24:18 np0005604210 object-server[121749]: Starting object replication pass.
Feb 1 08:24:18 np0005604210 object-server[121749]: 6/6 (100.00%) partitions replicated in 0.17s (34.62/sec, 0s remaining)
Feb 1 08:24:18 np0005604210 object-server[121749]: 12 successes, 0 failures
Feb 1 08:24:18 np0005604210 object-server[121749]: 6 suffixes checked - 66.67% hashed, 0.00% synced
Feb 1 08:24:18 np0005604210 object-server[121749]: Partition times: max 0.0480s, min 0.0095s, med 0.0336s
Feb 1 08:24:18 np0005604210 object-server[121749]: Object replication complete. (0.00 minutes)
Feb 1 08:24:19 np0005604210 object-server[208995]: Begin object audit "forever" mode (ZBF)
Feb 1 08:24:19 np0005604210 object-server[208995]: Object audit (ZBF). Since Sun Feb 1 08:24:19 2026: Locally: 1 passed, 0 quarantined, 0 errors, files/sec: 966.65, bytes/sec: 0.00, Total time: 0.00, Auditing time: 0.00, Rate: 0.00
Feb 1 08:24:19 np0005604210 object-server[208995]: Object audit (ZBF) "forever" mode completed: 0.08s. Total quarantined: 0, Total errors: 0, Total files/sec: 72.28, Total bytes/sec: 0.00, Auditing time: 0.08, Rate: 0.97
Feb 1 08:24:24 np0005604210 container-server[121614]: 172.20.0.103 - - [01/Feb/2026:08:24:24 +0000] "HEAD /d1/768/AUTH_8c7e182e9edd4a9496010d2b1c99e9ab/gnocchi.65f9724a-9ac3-4860-b23b-2547251206f7" 404 - "HEAD http://172.18.0.154:8080/v1/AUTH_8c7e182e9edd4a9496010d2b1c99e9ab/gnocchi.65f9724a-9ac3-4860-b23b-2547251206f7?format=json&states=listing" "txff4d4d7e869c4761976f8-00697f0db8" "proxy-server 20" 0.0010 "-" 22 0
Feb 1 08:24:24 np0005604210 container-server[121624]: 172.20.0.104 - - [01/Feb/2026:08:24:24 +0000] "HEAD /d1/473/AUTH_8c7e182e9edd4a9496010d2b1c99e9ab/gnocchi.eb7c1786-c772-4010-96f3-26505f103ddb" 404 - "HEAD http://172.18.0.154:8080/v1/AUTH_8c7e182e9edd4a9496010d2b1c99e9ab/gnocchi.eb7c1786-c772-4010-96f3-26505f103ddb?format=json&states=listing" "txe1accea1dc8b4369bc925-00697f0db8" "proxy-server 20" 0.0004 "-" 23 0
Feb 1 08:24:24 np0005604210 object-server[122022]: 172.20.0.104 - - [01/Feb/2026:08:24:24 +0000] "GET /d1/722/AUTH_8c7e182e9edd4a9496010d2b1c99e9ab/gnocchi.eb7c1786-c772-4010-96f3-26505f103ddb/none_v3" 404 70 "GET http://172.18.0.154:8080/v1/AUTH_8c7e182e9edd4a9496010d2b1c99e9ab/gnocchi.eb7c1786-c772-4010-96f3-26505f103ddb/none_v3" "txe1accea1dc8b4369bc925-00697f0db8" "proxy-server 20" 0.0009 "-" 23 0
Feb 1 08:24:24 np0005604210 object-server[122008]: 172.20.0.103 - - [01/Feb/2026:08:24:24 +0000] "GET /d1/60/AUTH_8c7e182e9edd4a9496010d2b1c99e9ab/gnocchi.65f9724a-9ac3-4860-b23b-2547251206f7/none_v3" 404 70 "GET http://172.18.0.154:8080/v1/AUTH_8c7e182e9edd4a9496010d2b1c99e9ab/gnocchi.65f9724a-9ac3-4860-b23b-2547251206f7/none_v3" "txff4d4d7e869c4761976f8-00697f0db8" "proxy-server 20" 0.0006 "-" 22 0
Feb 1 08:24:24 np0005604210 proxy-server[123343]: 172.18.0.103 172.18.0.104 01/Feb/2026/08/24/24 GET /v1/AUTH_8c7e182e9edd4a9496010d2b1c99e9ab/gnocchi.eb7c1786-c772-4010-96f3-26505f103ddb/none_v3 HTTP/1.0 404 - python-swiftclient-3.11.1 gAAAAABpfw1vYyou... - 70 - txe1accea1dc8b4369bc925-00697f0db8 - 0.0355 - - 1769934264.028886080 1769934264.064368486 0
Feb 1 08:24:24 np0005604210 container-server[121614]: 172.20.0.105 - - [01/Feb/2026:08:24:24 +0000] "PUT /d1/768/AUTH_8c7e182e9edd4a9496010d2b1c99e9ab/gnocchi.65f9724a-9ac3-4860-b23b-2547251206f7" 201 - "PUT http://172.18.0.154:8080/v1/AUTH_8c7e182e9edd4a9496010d2b1c99e9ab/gnocchi.65f9724a-9ac3-4860-b23b-2547251206f7" "tx228ab6812e704014bd8c3-00697f0db8" "proxy-server 20" 0.0201 "-" 22 0
Feb 1 08:24:24 np0005604210 account-server[121489]: 172.20.0.105 - - [01/Feb/2026:08:24:24 +0000] "PUT /d1/833/AUTH_8c7e182e9edd4a9496010d2b1c99e9ab/gnocchi.65f9724a-9ac3-4860-b23b-2547251206f7" 201 - "PUT http://172.20.0.105:6001/d1/768/AUTH_8c7e182e9edd4a9496010d2b1c99e9ab/gnocchi.65f9724a-9ac3-4860-b23b-2547251206f7" "tx228ab6812e704014bd8c3-00697f0db8" "container-server 21" 0.0084 "-" 15 0
Feb 1 08:24:24 np0005604210 account-server[121489]: 172.20.0.104 - - [01/Feb/2026:08:24:24 +0000] "PUT /d1/833/AUTH_8c7e182e9edd4a9496010d2b1c99e9ab/gnocchi.eb7c1786-c772-4010-96f3-26505f103ddb" 201 - "PUT http://172.20.0.104:6001/d1/473/AUTH_8c7e182e9edd4a9496010d2b1c99e9ab/gnocchi.eb7c1786-c772-4010-96f3-26505f103ddb" "tx35ea99c2a6d3413f9faa9-00697f0db8" "container-server 21" 0.0059 "-" 15 0
Feb 1 08:24:24 np0005604210 container-server[121609]: 172.20.0.103 - - [01/Feb/2026:08:24:24 +0000] "PUT /d1/473/AUTH_8c7e182e9edd4a9496010d2b1c99e9ab/gnocchi.eb7c1786-c772-4010-96f3-26505f103ddb" 201 - "PUT http://172.18.0.154:8080/v1/AUTH_8c7e182e9edd4a9496010d2b1c99e9ab/gnocchi.eb7c1786-c772-4010-96f3-26505f103ddb" "tx35ea99c2a6d3413f9faa9-00697f0db8" "proxy-server 20" 0.0297 "-" 21 0
Feb 1 08:24:24 np0005604210 proxy-server[123343]: - - 01/Feb/2026/08/24/24 HEAD /v1/AUTH_8c7e182e9edd4a9496010d2b1c99e9ab/gnocchi.65f9724a-9ac3-4860-b23b-2547251206f7%3Fformat%3Djson%26states%3Dlisting HTTP/1.0 204 - Swift - - - - tx201796940836408db766c-00697f0db8 - 0.0069 RL - 1769934264.120792150 1769934264.127713442 0
Feb 1 08:24:24 np0005604210 proxy-server[123343]: 172.18.0.105 172.18.0.104 01/Feb/2026/08/24/24 GET /v1/AUTH_8c7e182e9edd4a9496010d2b1c99e9ab/gnocchi.65f9724a-9ac3-4860-b23b-2547251206f7%3Fformat%3Djson%26states%3Dlisting HTTP/1.0 200 - python-swiftclient-3.11.1 gAAAAABpfw2NcD79... - 2 - tx201796940836408db766c-00697f0db8 - 0.0236 - - 1769934264.116752625 1769934264.140303135 0
Feb 1 08:24:24 np0005604210 object-server[122008]: 172.20.0.103 - - [01/Feb/2026:08:24:24 +0000] "GET /d1/442/AUTH_8c7e182e9edd4a9496010d2b1c99e9ab/gnocchi.65f9724a-9ac3-4860-b23b-2547251206f7/1769040000.0_mean_300.0_v3" 404 70 "GET http://172.18.0.154:8080/v1/AUTH_8c7e182e9edd4a9496010d2b1c99e9ab/gnocchi.65f9724a-9ac3-4860-b23b-2547251206f7/1769040000.0_mean_300.0_v3" "txb1ec38690777415d9929f-00697f0db8" "proxy-server 20" 0.0004 "-" 22 0
Feb 1 08:24:24 np0005604210 object-server[122034]: 172.20.0.104 - - [01/Feb/2026:08:24:24 +0000] "GET /d1/699/AUTH_8c7e182e9edd4a9496010d2b1c99e9ab/gnocchi.eb7c1786-c772-4010-96f3-26505f103ddb/1769040000.0_mean_300.0_v3" 404 70 "GET http://172.18.0.154:8080/v1/AUTH_8c7e182e9edd4a9496010d2b1c99e9ab/gnocchi.eb7c1786-c772-4010-96f3-26505f103ddb/1769040000.0_mean_300.0_v3" "txf868f5b7c51c4761bf2b4-00697f0db8" "proxy-server 20" 0.0004 "-" 24 0
Feb 1 08:24:24 np0005604210 proxy-server[123343]: 172.18.0.103 172.18.0.104 01/Feb/2026/08/24/24 GET /v1/AUTH_8c7e182e9edd4a9496010d2b1c99e9ab/gnocchi.eb7c1786-c772-4010-96f3-26505f103ddb/1769040000.0_mean_300.0_v3 HTTP/1.0 404 - python-swiftclient-3.11.1 gAAAAABpfw1vYyou... - 70 - txf868f5b7c51c4761bf2b4-00697f0db8 - 0.0115 - - 1769934264.158849239 1769934264.170325279 0
Feb 1 08:24:24 np0005604210 container-server[121624]: 172.20.0.104 - - [01/Feb/2026:08:24:24 +0000] "PUT /d1/768/AUTH_8c7e182e9edd4a9496010d2b1c99e9ab/gnocchi.65f9724a-9ac3-4860-b23b-2547251206f7/1769040000.0_mean_300.0_v3" 201 - "PUT http://172.18.0.154:8080/d1/442/AUTH_8c7e182e9edd4a9496010d2b1c99e9ab/gnocchi.65f9724a-9ac3-4860-b23b-2547251206f7/1769040000.0_mean_300.0_v3" "txfd705d809fbe4a849a33e-00697f0db8" "object-server 23" 0.0005 "-" 23 0
Feb 1 08:24:24 np0005604210 object-server[122022]: 172.20.0.105 - - [01/Feb/2026:08:24:24 +0000] "PUT /d1/442/AUTH_8c7e182e9edd4a9496010d2b1c99e9ab/gnocchi.65f9724a-9ac3-4860-b23b-2547251206f7/1769040000.0_mean_300.0_v3" 201 - "PUT http://172.18.0.154:8080/v1/AUTH_8c7e182e9edd4a9496010d2b1c99e9ab/gnocchi.65f9724a-9ac3-4860-b23b-2547251206f7/1769040000.0_mean_300.0_v3" "txfd705d809fbe4a849a33e-00697f0db8" "proxy-server 20" 0.0128 "-" 23 0
Feb 1 08:24:24 np0005604210 container-server[121624]: 172.20.0.105 - - [01/Feb/2026:08:24:24 +0000] "PUT /d1/473/AUTH_8c7e182e9edd4a9496010d2b1c99e9ab/gnocchi.eb7c1786-c772-4010-96f3-26505f103ddb/1769040000.0_mean_300.0_v3" 201 - "PUT http://172.18.0.154:8080/d1/699/AUTH_8c7e182e9edd4a9496010d2b1c99e9ab/gnocchi.eb7c1786-c772-4010-96f3-26505f103ddb/1769040000.0_mean_300.0_v3" "txb71d08e9ee674dcaae705-00697f0db8" "object-server 25" 0.0003 "-" 23 0
Feb 1 08:24:24 np0005604210 object-server[122022]: 172.20.0.103 - - [01/Feb/2026:08:24:24 +0000] "PUT /d1/699/AUTH_8c7e182e9edd4a9496010d2b1c99e9ab/gnocchi.eb7c1786-c772-4010-96f3-26505f103ddb/1769040000.0_mean_300.0_v3" 201 - "PUT http://172.18.0.154:8080/v1/AUTH_8c7e182e9edd4a9496010d2b1c99e9ab/gnocchi.eb7c1786-c772-4010-96f3-26505f103ddb/1769040000.0_mean_300.0_v3" "txb71d08e9ee674dcaae705-00697f0db8" "proxy-server 20" 0.0119 "-" 23 0
Feb 1 08:24:24 np0005604210 object-server[122022]: 172.20.0.104 - - [01/Feb/2026:08:24:24 +0000] "PUT /d1/722/AUTH_8c7e182e9edd4a9496010d2b1c99e9ab/gnocchi.eb7c1786-c772-4010-96f3-26505f103ddb/none_v3" 201 - "PUT http://172.18.0.154:8080/v1/AUTH_8c7e182e9edd4a9496010d2b1c99e9ab/gnocchi.eb7c1786-c772-4010-96f3-26505f103ddb/none_v3" "tx97aa369c1cc5463d89d6b-00697f0db8" "proxy-server 20" 0.0109 "-" 23 0
Feb 1 08:24:24 np0005604210 container-server[121609]: 172.20.0.105 - - [01/Feb/2026:08:24:24 +0000] "PUT /d1/473/AUTH_8c7e182e9edd4a9496010d2b1c99e9ab/gnocchi.eb7c1786-c772-4010-96f3-26505f103ddb/none_v3" 201 - "PUT http://172.18.0.154:8080/d1/722/AUTH_8c7e182e9edd4a9496010d2b1c99e9ab/gnocchi.eb7c1786-c772-4010-96f3-26505f103ddb/none_v3" "tx97aa369c1cc5463d89d6b-00697f0db8" "object-server 23" 0.0009 "-" 21 0
Feb 1 08:24:24 np0005604210 proxy-server[123343]: 172.18.0.103 172.18.0.104 01/Feb/2026/08/24/24 PUT /v1/AUTH_8c7e182e9edd4a9496010d2b1c99e9ab/gnocchi.eb7c1786-c772-4010-96f3-26505f103ddb/none_v3 HTTP/1.0 201 - python-swiftclient-3.11.1 gAAAAABpfw1vYyou... 22 - - tx97aa369c1cc5463d89d6b-00697f0db8 - 0.0227 - - 1769934264.204973459 1769934264.227623463 0
Feb 1 08:24:24 np0005604210 container-server[121608]: 172.20.0.105 - - [01/Feb/2026:08:24:24 +0000] "PUT /d1/768/AUTH_8c7e182e9edd4a9496010d2b1c99e9ab/gnocchi.65f9724a-9ac3-4860-b23b-2547251206f7/none_v3" 201 - "PUT http://172.18.0.154:8080/d1/60/AUTH_8c7e182e9edd4a9496010d2b1c99e9ab/gnocchi.65f9724a-9ac3-4860-b23b-2547251206f7/none_v3" "txa8bfafa806414c17adac0-00697f0db8" "object-server 24" 0.0011 "-" 20 0
Feb 1 08:24:24 np0005604210 object-server[122008]: 172.20.0.103 - - [01/Feb/2026:08:24:24 +0000] "PUT /d1/60/AUTH_8c7e182e9edd4a9496010d2b1c99e9ab/gnocchi.65f9724a-9ac3-4860-b23b-2547251206f7/none_v3" 201 - "PUT http://172.18.0.154:8080/v1/AUTH_8c7e182e9edd4a9496010d2b1c99e9ab/gnocchi.65f9724a-9ac3-4860-b23b-2547251206f7/none_v3" "txa8bfafa806414c17adac0-00697f0db8" "proxy-server 20" 0.0130 "-" 22 0
Feb 1 08:24:24 np0005604210 container-server[121609]: 172.20.0.105 - - [01/Feb/2026:08:24:24 +0000] "HEAD /d1/369/AUTH_8c7e182e9edd4a9496010d2b1c99e9ab/gnocchi.f62f1f50-eded-47eb-b136-597f44654a37" 404 - "HEAD http://172.18.0.154:8080/v1/AUTH_8c7e182e9edd4a9496010d2b1c99e9ab/gnocchi.f62f1f50-eded-47eb-b136-597f44654a37?format=json&states=listing" "tx976452df40ec4c5fbbd72-00697f0db8" "proxy-server 20" 0.0009 "-" 21 0
Feb 1 08:24:24 np0005604210 container-server[121608]: 172.20.0.104 - - [01/Feb/2026:08:24:24 +0000] "HEAD /d1/128/AUTH_8c7e182e9edd4a9496010d2b1c99e9ab/gnocchi.00703353-969e-4b88-ba05-7c2007dbfdd4" 404 - "HEAD http://172.18.0.154:8080/v1/AUTH_8c7e182e9edd4a9496010d2b1c99e9ab/gnocchi.00703353-969e-4b88-ba05-7c2007dbfdd4?format=json&states=listing" "tx243f5650a6fd4befacb20-00697f0db8" "proxy-server 20" 0.0007 "-" 20 0
Feb 1 08:24:24 np0005604210 object-server[122022]: 172.20.0.104 - - [01/Feb/2026:08:24:24 +0000] "GET /d1/492/AUTH_8c7e182e9edd4a9496010d2b1c99e9ab/gnocchi.00703353-969e-4b88-ba05-7c2007dbfdd4/none_v3" 404 70 "GET http://172.18.0.154:8080/v1/AUTH_8c7e182e9edd4a9496010d2b1c99e9ab/gnocchi.00703353-969e-4b88-ba05-7c2007dbfdd4/none_v3" "tx243f5650a6fd4befacb20-00697f0db8" "proxy-server 20" 0.0003 "-" 23 0
Feb 1 08:24:24 np0005604210 proxy-server[123343]: 172.18.0.105 172.18.0.104 01/Feb/2026/08/24/24 GET /v1/AUTH_8c7e182e9edd4a9496010d2b1c99e9ab/gnocchi.00703353-969e-4b88-ba05-7c2007dbfdd4/none_v3 HTTP/1.0 404 - python-swiftclient-3.11.1 gAAAAABpfw2NcD79... - 70 - tx243f5650a6fd4befacb20-00697f0db8 - 0.0216 - - 1769934264.250083685 1769934264.271694183 0
Feb 1 08:24:24 np0005604210 object-server[122008]: 172.20.0.105 - - [01/Feb/2026:08:24:24 +0000] "GET /d1/402/AUTH_8c7e182e9edd4a9496010d2b1c99e9ab/gnocchi.f62f1f50-eded-47eb-b136-597f44654a37/none_v3" 404 70 "GET http://172.18.0.154:8080/v1/AUTH_8c7e182e9edd4a9496010d2b1c99e9ab/gnocchi.f62f1f50-eded-47eb-b136-597f44654a37/none_v3" "tx976452df40ec4c5fbbd72-00697f0db8" "proxy-server 20" 0.0004 "-" 22 0
Feb 1 08:24:24 np0005604210 account-server[121485]: 172.20.0.104 - - [01/Feb/2026:08:24:24 +0000] "PUT /d1/833/AUTH_8c7e182e9edd4a9496010d2b1c99e9ab/gnocchi.00703353-969e-4b88-ba05-7c2007dbfdd4" 201 - "PUT http://172.20.0.104:6001/d1/128/AUTH_8c7e182e9edd4a9496010d2b1c99e9ab/gnocchi.00703353-969e-4b88-ba05-7c2007dbfdd4" "tx29fd96f338d64c82a6283-00697f0db8" "container-server 23" 0.0049 "-" 14 0
Feb 1 08:24:24 np0005604210 container-server[121624]: 172.20.0.103 - - [01/Feb/2026:08:24:24 +0000] "PUT /d1/128/AUTH_8c7e182e9edd4a9496010d2b1c99e9ab/gnocchi.00703353-969e-4b88-ba05-7c2007dbfdd4" 201 - "PUT http://172.18.0.154:8080/v1/AUTH_8c7e182e9edd4a9496010d2b1c99e9ab/gnocchi.00703353-969e-4b88-ba05-7c2007dbfdd4" "tx29fd96f338d64c82a6283-00697f0db8" "proxy-server 20" 0.0162 "-" 23 0
Feb 1 08:24:24 np0005604210 account-server[121520]: 172.20.0.103 - - [01/Feb/2026:08:24:24 +0000] "PUT /d1/833/AUTH_8c7e182e9edd4a9496010d2b1c99e9ab/gnocchi.f62f1f50-eded-47eb-b136-597f44654a37" 201 - "PUT http://172.20.0.103:6001/d1/369/AUTH_8c7e182e9edd4a9496010d2b1c99e9ab/gnocchi.f62f1f50-eded-47eb-b136-597f44654a37" "tx005a931e2faf4f30af542-00697f0db8" "container-server 19" 0.0050 "-" 17 0
Feb 1 08:24:24 np0005604210 container-server[121614]: 172.20.0.104 - - [01/Feb/2026:08:24:24 +0000] "PUT /d1/369/AUTH_8c7e182e9edd4a9496010d2b1c99e9ab/gnocchi.f62f1f50-eded-47eb-b136-597f44654a37" 201 - "PUT http://172.18.0.154:8080/v1/AUTH_8c7e182e9edd4a9496010d2b1c99e9ab/gnocchi.f62f1f50-eded-47eb-b136-597f44654a37" "tx005a931e2faf4f30af542-00697f0db8" "proxy-server 20" 0.0269 "-" 22 0
Feb 1 08:24:24 np0005604210 object-server[122034]: 172.20.0.103 - - [01/Feb/2026:08:24:24 +0000] "GET /d1/291/AUTH_8c7e182e9edd4a9496010d2b1c99e9ab/gnocchi.00703353-969e-4b88-ba05-7c2007dbfdd4/1769040000.0_mean_300.0_v3" 404 70 "GET http://172.18.0.154:8080/v1/AUTH_8c7e182e9edd4a9496010d2b1c99e9ab/gnocchi.00703353-969e-4b88-ba05-7c2007dbfdd4/1769040000.0_mean_300.0_v3" "txf05faf49796a418790126-00697f0db8" "proxy-server 20" 0.0008 "-" 24 0
Feb 1 08:24:24 np0005604210 proxy-server[123343]: 172.18.0.103 172.18.0.104 01/Feb/2026/08/24/24 PUT /v1/AUTH_8c7e182e9edd4a9496010d2b1c99e9ab/gnocchi.f62f1f50-eded-47eb-b136-597f44654a37 HTTP/1.0 201 - python-swiftclient-3.11.1 gAAAAABpfw1vYyou... - - - tx005a931e2faf4f30af542-00697f0db8 - 0.0702 - - 1769934264.285741568 1769934264.355958700 0
Feb 1 08:24:24 np0005604210 container-server[121608]: 172.20.0.105 - - [01/Feb/2026:08:24:24 +0000] "HEAD /d1/369/AUTH_8c7e182e9edd4a9496010d2b1c99e9ab/gnocchi.f62f1f50-eded-47eb-b136-597f44654a37" 204 - "HEAD http://172.18.0.154:8080/v1/AUTH_8c7e182e9edd4a9496010d2b1c99e9ab/gnocchi.f62f1f50-eded-47eb-b136-597f44654a37?format=json&states=listing" "txe5530178345a4f0eaf521-00697f0db8" "proxy-server 20" 0.0025 "-" 20 0
Feb 1 08:24:24 np0005604210 container-server[121609]: 172.20.0.104 - - [01/Feb/2026:08:24:24 +0000] "PUT /d1/128/AUTH_8c7e182e9edd4a9496010d2b1c99e9ab/gnocchi.00703353-969e-4b88-ba05-7c2007dbfdd4/1769040000.0_mean_300.0_v3" 201 - "PUT http://172.18.0.154:8080/d1/291/AUTH_8c7e182e9edd4a9496010d2b1c99e9ab/gnocchi.00703353-969e-4b88-ba05-7c2007dbfdd4/1769040000.0_mean_300.0_v3" "txcfe2a62a73d4467898a6d-00697f0db8" "object-server 23" 0.0013 "-" 21 0
Feb 1 08:24:24 np0005604210 object-server[122022]: 172.20.0.104 - - [01/Feb/2026:08:24:24 +0000] "PUT /d1/291/AUTH_8c7e182e9edd4a9496010d2b1c99e9ab/gnocchi.00703353-969e-4b88-ba05-7c2007dbfdd4/1769040000.0_mean_300.0_v3" 201 - "PUT http://172.18.0.154:8080/v1/AUTH_8c7e182e9edd4a9496010d2b1c99e9ab/gnocchi.00703353-969e-4b88-ba05-7c2007dbfdd4/1769040000.0_mean_300.0_v3" "txcfe2a62a73d4467898a6d-00697f0db8" "proxy-server 20" 0.0172 "-" 23 0
Feb 1 08:24:24 np0005604210 proxy-server[123343]: 172.18.0.105 172.18.0.104 01/Feb/2026/08/24/24 PUT /v1/AUTH_8c7e182e9edd4a9496010d2b1c99e9ab/gnocchi.00703353-969e-4b88-ba05-7c2007dbfdd4/1769040000.0_mean_300.0_v3 HTTP/1.0 201 - python-swiftclient-3.11.1 gAAAAABpfw2NcD79... 16 - - txcfe2a62a73d4467898a6d-00697f0db8 - 0.0256 - - 1769934264.367105484 1769934264.392663717 0
Feb 1 08:24:24 np0005604210 object-server[122008]: 172.20.0.103 - - [01/Feb/2026:08:24:24 +0000] "GET /d1/398/AUTH_8c7e182e9edd4a9496010d2b1c99e9ab/gnocchi.f62f1f50-eded-47eb-b136-597f44654a37/1769040000.0_mean_300.0_v3" 404 70 "GET http://172.18.0.154:8080/v1/AUTH_8c7e182e9edd4a9496010d2b1c99e9ab/gnocchi.f62f1f50-eded-47eb-b136-597f44654a37/1769040000.0_mean_300.0_v3" "tx52078d27c0b34f1b9f987-00697f0db8" "proxy-server 20" 0.0005 "-" 22 0
