Feb 1 08:26:46 np0005604210 account-server[121508]: 172.20.0.105 - - [01/Feb/2026:08:26:46 +0000] "PUT /d1/833/AUTH_8c7e182e9edd4a9496010d2b1c99e9ab/gnocchi.40be35d3-d0e0-4254-9796-2232b90515a1" 201 - "-" "-" "container-updater 2" 0.0005 "-" 16 0
Feb 1 08:26:46 np0005604210 account-server[121489]: 172.20.0.105 - - [01/Feb/2026:08:26:46 +0000] "PUT /d1/833/AUTH_8c7e182e9edd4a9496010d2b1c99e9ab/gnocchi.65f9724a-9ac3-4860-b23b-2547251206f7" 201 - "-" "-" "container-updater 2" 0.0006 "-" 15 0
Feb 1 08:26:46 np0005604210 account-server[121485]: 172.20.0.105 - - [01/Feb/2026:08:26:46 +0000] "PUT /d1/833/AUTH_8c7e182e9edd4a9496010d2b1c99e9ab/gnocchi.8bd2e458-2a3e-4ea1-98c6-ab0a7712045a" 201 - "-" "-" "container-updater 2" 0.0006 "-" 14 0
Feb 1 08:26:46 np0005604210 account-server[121508]: 172.20.0.104 - - [01/Feb/2026:08:26:46 +0000] "HEAD /d1/581/.expiring_objects" 404 - "HEAD http://localhost/v1/.expiring_objects?format=json" "tx03a401bd85a248ecbaf6e-00697f0e46" "proxy-server 2" 0.0004 "-" 16 -
Feb 1 08:26:46 np0005604210 object-expirer[121660]: Pass completed in 0s; 0 objects expired (txn: tx03a401bd85a248ecbaf6e-00697f0e46)
Feb 1 08:26:46 np0005604210 account-server[121489]: 172.20.0.105 - - [01/Feb/2026:08:26:46 +0000] "PUT /d1/833/AUTH_8c7e182e9edd4a9496010d2b1c99e9ab/gnocchi.de70cf34-3969-4c9a-b8b2-9a2bf83b68a9" 201 - "-" "-" "container-updater 2" 0.0005 "-" 15 0
Feb 1 08:26:47 np0005604210 account-server[121489]: 172.20.0.105 - - [01/Feb/2026:08:26:47 +0000] "PUT /d1/833/AUTH_8c7e182e9edd4a9496010d2b1c99e9ab/gnocchi.640f3fc7-d539-4e9b-b4bf-7024b427ba42" 201 - "-" "-" "container-updater 2" 0.0004 "-" 15 0
Feb 1 08:26:47 np0005604210 account-server[121508]: 172.20.0.105 - - [01/Feb/2026:08:26:47 +0000] "PUT /d1/833/AUTH_8c7e182e9edd4a9496010d2b1c99e9ab/gnocchi.a4c0435f-4438-45cc-9ebc-117944d4c3a0" 201 - "-" "-" "container-updater 2" 0.0007 "-" 16 0
Feb 1 08:26:47 np0005604210 account-server[121489]: 172.20.0.105 - - [01/Feb/2026:08:26:47 +0000] "PUT /d1/833/AUTH_8c7e182e9edd4a9496010d2b1c99e9ab/gnocchi.63794a9d-58f8-46e7-bc82-3ec75536e0f7" 201 - "-" "-" "container-updater 2" 0.0008 "-" 15 0
Feb 1 08:26:47 np0005604210 account-server[121489]: 172.20.0.105 - - [01/Feb/2026:08:26:47 +0000] "PUT /d1/833/AUTH_8c7e182e9edd4a9496010d2b1c99e9ab/gnocchi.335e3853-c550-4621-9480-712eb59d1cd0" 201 - "-" "-" "container-updater 2" 0.0006 "-" 15 0
Feb 1 08:26:47 np0005604210 account-server[121489]: 172.20.0.105 - - [01/Feb/2026:08:26:47 +0000] "PUT /d1/833/AUTH_8c7e182e9edd4a9496010d2b1c99e9ab/gnocchi.9007f6b9-bf2d-45f7-b066-c8a7a50483a2" 201 - "-" "-" "container-updater 2" 0.0008 "-" 15 0
Feb 1 08:26:47 np0005604210 account-server[121520]: 172.20.0.105 - - [01/Feb/2026:08:26:47 +0000] "PUT /d1/833/AUTH_8c7e182e9edd4a9496010d2b1c99e9ab/gnocchi.eb7c1786-c772-4010-96f3-26505f103ddb" 201 - "-" "-" "container-updater 2" 0.0007 "-" 17 0
Feb 1 08:26:49 np0005604210 object-server[121749]: Starting object replication pass.
Feb 1 08:26:49 np0005604210 object-server[121749]: 43/43 (100.00%) partitions replicated in 0.37s (115.21/sec, 0s remaining)
Feb 1 08:26:49 np0005604210 object-server[121749]: 86 successes, 0 failures
Feb 1 08:26:49 np0005604210 object-server[121749]: 44 suffixes checked - 0.00% hashed, 0.00% synced
Feb 1 08:26:49 np0005604210 object-server[121749]: Partition times: max 0.0125s, min 0.0054s, med 0.0082s
Feb 1 08:26:49 np0005604210 object-server[121749]: Object replication complete. (0.01 minutes)
Feb 1 08:26:51 np0005604210 object-server[226619]: Begin object audit "forever" mode (ALL)
Feb 1 08:26:51 np0005604210 object-server[226618]: Begin object audit "forever" mode (ZBF)
Feb 1 08:26:51 np0005604210 object-server[226618]: Object audit (ZBF). Since Sun Feb 1 08:26:51 2026: Locally: 1 passed, 0 quarantined, 0 errors, files/sec: 426.81, bytes/sec: 0.00, Total time: 0.00, Auditing time: 0.00, Rate: 0.00
Feb 1 08:26:51 np0005604210 object-server[226619]: Object audit (ALL). Since Sun Feb 1 08:26:51 2026: Locally: 1 passed, 0 quarantined, 0 errors, files/sec: 127.72, bytes/sec: 2043.57, Total time: 0.01, Auditing time: 0.00, Rate: 0.00
Feb 1 08:26:52 np0005604210 object-server[226618]: Object audit (ZBF) "forever" mode completed: 0.84s. Total quarantined: 0, Total errors: 0, Total files/sec: 52.16, Total bytes/sec: 0.00, Auditing time: 0.83, Rate: 0.99
Feb 1 08:26:54 np0005604210 object-server[226619]: Object audit (ALL) "forever" mode completed: 2.11s. Total quarantined: 0, Total errors: 0, Total files/sec: 20.85, Total bytes/sec: 400.90, Auditing time: 2.10, Rate: 0.99
Feb 1 08:26:54 np0005604210 account-server[120919]: Beginning replication run
Feb 1 08:26:54 np0005604210 account-server[120919]: Replication run OVER
Feb 1 08:26:54 np0005604210 account-server[120919]: Attempted to replicate 1 dbs in 0.05357 seconds (18.66612/s)
Feb 1 08:26:54 np0005604210 account-server[120919]: Removed 0 dbs
Feb 1 08:26:54 np0005604210 account-server[120919]: 2 successes, 0 failures
Feb 1 08:26:54 np0005604210 account-server[120919]: diff:0 diff_capped:0 empty:0 hashmatch:0 no_change:2 remote_merge:0 rsync:0 ts_repl:0
Feb 1 08:27:00 np0005604210 container-server[121233]: Beginning replication run
Feb 1 08:27:00 np0005604210 container-server[121233]: Replication run OVER
Feb 1 08:27:00 np0005604210 container-server[121233]: Attempted to replicate 22 dbs in 0.42912 seconds (51.26746/s)
Feb 1 08:27:00 np0005604210 container-server[121233]: Removed 0 dbs
Feb 1 08:27:00 np0005604210 container-server[121233]: 44 successes, 0 failures
Feb 1 08:27:00 np0005604210 container-server[121233]: diff:0 diff_capped:0 empty:0 hashmatch:0 no_change:44 remote_merge:0 rsync:0 ts_repl:0
Feb 1 08:27:19 np0005604210 object-server[121749]: Starting object replication pass.
Feb 1 08:27:19 np0005604210 object-server[121749]: 43/43 (100.00%) partitions replicated in 0.42s (101.31/sec, 0s remaining)
Feb 1 08:27:19 np0005604210 object-server[121749]: 86 successes, 0 failures
Feb 1 08:27:19 np0005604210 object-server[121749]: 44 suffixes checked - 0.00% hashed, 0.00% synced
Feb 1 08:27:19 np0005604210 object-server[121749]: Partition times: max 0.0141s, min 0.0064s, med 0.0089s
Feb 1 08:27:19 np0005604210 object-server[121749]: Object replication complete. (0.01 minutes)
Feb 1 08:27:22 np0005604210 object-server[226678]: Begin object audit "forever" mode (ZBF)
Feb 1 08:27:22 np0005604210 object-server[226678]: Object audit (ZBF). Since Sun Feb 1 08:27:22 2026: Locally: 1 passed, 0 quarantined, 0 errors, files/sec: 397.23, bytes/sec: 0.00, Total time: 0.00, Auditing time: 0.00, Rate: 0.00
Feb 1 08:27:23 np0005604210 object-server[226678]: Object audit (ZBF) "forever" mode completed: 0.84s. Total quarantined: 0, Total errors: 0, Total files/sec: 52.14, Total bytes/sec: 0.00, Auditing time: 0.83, Rate: 0.99
Feb 1 08:27:24 np0005604210 account-server[120919]: Beginning replication run
Feb 1 08:27:24 np0005604210 account-server[120919]: Replication run OVER
Feb 1 08:27:24 np0005604210 account-server[120919]: Attempted to replicate 1 dbs in 0.01617 seconds (61.85430/s)
Feb 1 08:27:24 np0005604210 account-server[120919]: Removed 0 dbs
Feb 1 08:27:24 np0005604210 account-server[120919]: 2 successes, 0 failures
Feb 1 08:27:24 np0005604210 account-server[120919]: diff:0 diff_capped:0 empty:0 hashmatch:0 no_change:2 remote_merge:0 rsync:0 ts_repl:0
Feb 1 08:27:30 np0005604210 container-server[121233]: Beginning replication run
Feb 1 08:27:30 np0005604210 container-server[121233]: Replication run OVER
Feb 1 08:27:30 np0005604210 container-server[121233]: Attempted to replicate 22 dbs in 0.43621 seconds (50.43497/s)
Feb 1 08:27:30 np0005604210 container-server[121233]: Removed 0 dbs
Feb 1 08:27:30 np0005604210 container-server[121233]: 44 successes, 0 failures
Feb 1 08:27:30 np0005604210 container-server[121233]: diff:0 diff_capped:0 empty:0 hashmatch:0 no_change:44 remote_merge:0 rsync:0 ts_repl:0
Feb 1 08:27:49 np0005604210 object-server[121749]: Starting object replication pass.
Feb 1 08:27:50 np0005604210 object-server[121749]: 43/43 (100.00%) partitions replicated in 0.49s (87.42/sec, 0s remaining)
Feb 1 08:27:50 np0005604210 object-server[121749]: 86 successes, 0 failures
Feb 1 08:27:50 np0005604210 object-server[121749]: 44 suffixes checked - 0.00% hashed, 0.00% synced
Feb 1 08:27:50 np0005604210 object-server[121749]: Partition times: max 0.0562s, min 0.0072s, med 0.0094s
Feb 1 08:27:50 np0005604210 object-server[121749]: Object replication complete. (0.01 minutes)
Feb 1 08:27:53 np0005604210 object-server[232564]: Begin object audit "forever" mode (ALL)
Feb 1 08:27:53 np0005604210 object-server[232563]: Begin object audit "forever" mode (ZBF)
Feb 1 08:27:53 np0005604210 object-server[232563]: Object audit (ZBF). Since Sun Feb 1 08:27:53 2026: Locally: 1 passed, 0 quarantined, 0 errors, files/sec: 518.01, bytes/sec: 0.00, Total time: 0.00, Auditing time: 0.00, Rate: 0.00
Feb 1 08:27:53 np0005604210 object-server[232564]: Object audit (ALL). Since Sun Feb 1 08:27:53 2026: Locally: 1 passed, 0 quarantined, 0 errors, files/sec: 115.04, bytes/sec: 1840.62, Total time: 0.01, Auditing time: 0.00, Rate: 0.00
Feb 1 08:27:54 np0005604210 account-server[120919]: Beginning replication run
Feb 1 08:27:54 np0005604210 object-server[232563]: Object audit (ZBF) "forever" mode completed: 0.84s. Total quarantined: 0, Total errors: 0, Total files/sec: 52.08, Total bytes/sec: 0.00, Auditing time: 0.83, Rate: 0.98
Feb 1 08:27:54 np0005604210 account-server[120919]: Replication run OVER
Feb 1 08:27:54 np0005604210 account-server[120919]: Attempted to replicate 1 dbs in 0.01673 seconds (59.75778/s)
Feb 1 08:27:54 np0005604210 account-server[120919]: Removed 0 dbs
Feb 1 08:27:54 np0005604210 account-server[120919]: 2 successes, 0 failures
Feb 1 08:27:54 np0005604210 account-server[120919]: diff:0 diff_capped:0 empty:0 hashmatch:0 no_change:2 remote_merge:0 rsync:0 ts_repl:0
Feb 1 08:27:55 np0005604210 object-server[232564]: Object audit (ALL) "forever" mode completed: 2.11s. Total quarantined: 0, Total errors: 0, Total files/sec: 20.84, Total bytes/sec: 400.64, Auditing time: 2.10, Rate: 0.99
Feb 1 08:28:00 np0005604210 container-server[121233]: Beginning replication run
Feb 1 08:28:00 np0005604210 container-server[121233]: Replication run OVER
Feb 1 08:28:00 np0005604210 container-server[121233]: Attempted to replicate 22 dbs in 0.43926 seconds (50.08433/s)
Feb 1 08:28:00 np0005604210 container-server[121233]: Removed 0 dbs
Feb 1 08:28:00 np0005604210 container-server[121233]: 44 successes, 0 failures
Feb 1 08:28:00 np0005604210 container-server[121233]: diff:0 diff_capped:0 empty:0 hashmatch:0 no_change:44 remote_merge:0 rsync:0 ts_repl:0
Feb 1 08:28:20 np0005604210 object-server[121749]: Starting object replication pass.
Feb 1 08:28:20 np0005604210 object-server[121749]: 43/43 (100.00%) partitions replicated in 0.39s (109.00/sec, 0s remaining)
Feb 1 08:28:20 np0005604210 object-server[121749]: 86 successes, 0 failures
Feb 1 08:28:20 np0005604210 object-server[121749]: 44 suffixes checked - 0.00% hashed, 0.00% synced
Feb 1 08:28:20 np0005604210 object-server[121749]: Partition times: max 0.0328s, min 0.0054s, med 0.0075s
Feb 1 08:28:20 np0005604210 object-server[121749]: Object replication complete. (0.01 minutes)
Feb 1 08:28:24 np0005604210 account-server[120919]: Beginning replication run
Feb 1 08:28:24 np0005604210 account-server[120919]: Replication run OVER
Feb 1 08:28:24 np0005604210 account-server[120919]: Attempted to replicate 1 dbs in 0.01880 seconds (53.18575/s)
Feb 1 08:28:24 np0005604210 account-server[120919]: Removed 0 dbs
Feb 1 08:28:24 np0005604210 account-server[120919]: 2 successes, 0 failures
Feb 1 08:28:24 np0005604210 account-server[120919]: diff:0 diff_capped:0 empty:0 hashmatch:0 no_change:2 remote_merge:0 rsync:0 ts_repl:0
Feb 1 08:28:24 np0005604210 object-server[232627]: Begin object audit "forever" mode (ZBF)
Feb 1 08:28:24 np0005604210 object-server[232627]: Object audit (ZBF). Since Sun Feb 1 08:28:24 2026: Locally: 1 passed, 0 quarantined, 0 errors, files/sec: 723.03, bytes/sec: 0.00, Total time: 0.00, Auditing time: 0.00, Rate: 0.00
Feb 1 08:28:25 np0005604210 object-server[121939]: Begin object update sweep
Feb 1 08:28:25 np0005604210 object-server[235809]: Object update sweep starting on /srv/node/d1 (pid: 15)
Feb 1 08:28:25 np0005604210 object-server[235809]: Object update sweep completed on /srv/node/d1 in 0.00s seconds:, 0 successes, 0 failures, 0 quarantines, 0 unlinks, 0 errors, 0 redirects (pid: 15)
Feb 1 08:28:25 np0005604210 object-server[235809]: Object update sweep of d1 completed: 0.00s, 0 successes, 0 failures, 0 quarantines, 0 unlinks, 0 errors, 0 redirects
Feb 1 08:28:25 np0005604210 object-server[121939]: Object update sweep completed: 0.09s
Feb 1 08:28:25 np0005604210 object-server[232627]: Object audit (ZBF) "forever" mode completed: 0.84s. Total quarantined: 0, Total errors: 0, Total files/sec: 52.17, Total bytes/sec: 0.00, Auditing time: 0.83, Rate: 0.99
Feb 1 08:28:30 np0005604210 container-server[121233]: Beginning replication run
Feb 1 08:28:30 np0005604210 container-server[121233]: Replication run OVER
Feb 1 08:28:30 np0005604210 container-server[121233]: Attempted to replicate 22 dbs in 0.43619 seconds (50.43712/s)
Feb 1 08:28:30 np0005604210 container-server[121233]: Removed 0 dbs
Feb 1 08:28:30 np0005604210 container-server[121233]: 44 successes, 0 failures
Feb 1 08:28:30 np0005604210 container-server[121233]: diff:0 diff_capped:0 empty:0 hashmatch:0 no_change:44 remote_merge:0 rsync:0 ts_repl:0
Feb 1 08:28:50 np0005604210 object-server[121749]: Starting object replication pass.
Feb 1 08:28:51 np0005604210 object-server[121749]: 43/43 (100.00%) partitions replicated in 0.44s (97.41/sec, 0s remaining)
Feb 1 08:28:51 np0005604210 object-server[121749]: 86 successes, 0 failures
Feb 1 08:28:51 np0005604210 object-server[121749]: 44 suffixes checked - 0.00% hashed, 0.00% synced
Feb 1 08:28:51 np0005604210 object-server[121749]: Partition times: max 0.0151s, min 0.0072s, med 0.0099s
Feb 1 08:28:51 np0005604210 object-server[121749]: Object replication complete. (0.01 minutes)
Feb 1 08:28:54 np0005604210 account-server[120919]: Beginning replication run
Feb 1 08:28:54 np0005604210 account-server[120919]: Replication run OVER
Feb 1 08:28:54 np0005604210 account-server[120919]: Attempted to replicate 1 dbs in 0.01452 seconds (68.85568/s)
Feb 1 08:28:54 np0005604210 account-server[120919]: Removed 0 dbs
Feb 1 08:28:54 np0005604210 account-server[120919]: 2 successes, 0 failures
Feb 1 08:28:54 np0005604210 account-server[120919]: diff:0 diff_capped:0 empty:0 hashmatch:0 no_change:2 remote_merge:0 rsync:0 ts_repl:0
Feb 1 08:28:55 np0005604210 object-server[238692]: Begin object audit "forever" mode (ZBF)
Feb 1 08:28:55 np0005604210 object-server[238692]: Object audit (ZBF). Since Sun Feb 1 08:28:55 2026: Locally: 1 passed, 0 quarantined, 0 errors, files/sec: 945.30, bytes/sec: 0.00, Total time: 0.00, Auditing time: 0.00, Rate: 0.00
Feb 1 08:28:55 np0005604210 object-server[238693]: Begin object audit "forever" mode (ALL)
Feb 1 08:28:55 np0005604210 object-server[238693]: Object audit (ALL). Since Sun Feb 1 08:28:55 2026: Locally: 1 passed, 0 quarantined, 0 errors, files/sec: 159.44, bytes/sec: 2550.99, Total time: 0.01, Auditing time: 0.00, Rate: 0.00
Feb 1 08:28:56 np0005604210 object-server[238692]: Object audit (ZBF) "forever" mode completed: 0.84s. Total quarantined: 0, Total errors: 0, Total files/sec: 52.25, Total bytes/sec: 0.00, Auditing time: 0.83, Rate: 0.99
Feb 1 08:28:57 np0005604210 object-server[238693]: Object audit (ALL) "forever" mode completed: 2.11s. Total quarantined: 0, Total errors: 0, Total files/sec: 20.87, Total bytes/sec: 401.25, Auditing time: 2.10, Rate: 0.99
Feb 1 08:29:00 np0005604210 container-server[121233]: Beginning replication run
Feb 1 08:29:00 np0005604210 container-server[121233]: Replication run OVER
Feb 1 08:29:00 np0005604210 container-server[121233]: Attempted to replicate 22 dbs in 0.43474 seconds (50.60497/s)
Feb 1 08:29:00 np0005604210 container-server[121233]: Removed 0 dbs
Feb 1 08:29:00 np0005604210 container-server[121233]: 44 successes, 0 failures
Feb 1 08:29:00 np0005604210 container-server[121233]: diff:0 diff_capped:0 empty:0 hashmatch:0 no_change:44 remote_merge:0 rsync:0 ts_repl:0
Feb 1 08:29:04 np0005604210 account-server[121485]: 172.20.0.105 - - [01/Feb/2026:08:29:04 +0000] "HEAD /d1/581/.expiring_objects" 404 - "HEAD http://localhost/v1/.expiring_objects?format=json" "tx323dd4dd43df4ddf93a16-00697f0ed0" "proxy-server 2" 0.0007 "-" 14 -
Feb 1 08:29:21 np0005604210 object-server[121749]: Starting object replication pass.
Feb 1 08:29:21 np0005604210 object-server[121749]: 43/43 (100.00%) partitions replicated in 0.41s (104.70/sec, 0s remaining)
Feb 1 08:29:21 np0005604210 object-server[121749]: 86 successes, 0 failures
Feb 1 08:29:21 np0005604210 object-server[121749]: 44 suffixes checked - 0.00% hashed, 0.00% synced
Feb 1 08:29:21 np0005604210 object-server[121749]: Partition times: max 0.0151s, min 0.0062s, med 0.0089s
Feb 1 08:29:21 np0005604210 object-server[121749]: Object replication complete. (0.01 minutes)
Feb 1 08:29:24 np0005604210 account-server[120919]: Beginning replication run
Feb 1 08:29:24 np0005604210 account-server[120919]: Replication run OVER
Feb 1 08:29:24 np0005604210 account-server[120919]: Attempted to replicate 1 dbs in 0.01807 seconds (55.35251/s)
Feb 1 08:29:24 np0005604210 account-server[120919]: Removed 0 dbs
Feb 1 08:29:24 np0005604210 account-server[120919]: 2 successes, 0 failures
Feb 1 08:29:24 np0005604210 account-server[120919]: diff:0 diff_capped:0 empty:0 hashmatch:0 no_change:2 remote_merge:0 rsync:0 ts_repl:0
Feb 1 08:29:26 np0005604210 object-server[238800]: Begin object audit "forever" mode (ZBF)
Feb 1 08:29:26 np0005604210 object-server[238800]: Object audit (ZBF). Since Sun Feb 1 08:29:26 2026: Locally: 1 passed, 0 quarantined, 0 errors, files/sec: 551.30, bytes/sec: 0.00, Total time: 0.00, Auditing time: 0.00, Rate: 0.00
Feb 1 08:29:27 np0005604210 object-server[238800]: Object audit (ZBF) "forever" mode completed: 0.84s. Total quarantined: 0, Total errors: 0, Total files/sec: 52.14, Total bytes/sec: 0.00, Auditing time: 0.83, Rate: 0.98
Feb 1 08:29:30 np0005604210 container-server[121233]: Beginning replication run
Feb 1 08:29:30 np0005604210 container-server[121233]: Replication run OVER
Feb 1 08:29:30 np0005604210 container-server[121233]: Attempted to replicate 22 dbs in 0.43289 seconds (50.82167/s)
Feb 1 08:29:30 np0005604210 container-server[121233]: Removed 0 dbs
Feb 1 08:29:30 np0005604210 container-server[121233]: 44 successes, 0 failures
Feb 1 08:29:30 np0005604210 container-server[121233]: diff:0 diff_capped:0 empty:0 hashmatch:0 no_change:44 remote_merge:0 rsync:0 ts_repl:0
Feb 1 08:29:51 np0005604210 object-server[121749]: Starting object replication pass.
Feb 1 08:29:52 np0005604210 object-server[121749]: 43/43 (100.00%) partitions replicated in 0.42s (103.38/sec, 0s remaining)
Feb 1 08:29:52 np0005604210 object-server[121749]: 86 successes, 0 failures
Feb 1 08:29:52 np0005604210 object-server[121749]: 44 suffixes checked - 0.00% hashed, 0.00% synced
Feb 1 08:29:52 np0005604210 object-server[121749]: Partition times: max 0.0164s, min 0.0060s, med 0.0083s
Feb 1 08:29:52 np0005604210 object-server[121749]: Object replication complete. (0.01 minutes)
Feb 1 08:29:54 np0005604210 account-server[120919]: Beginning replication run
Feb 1 08:29:54 np0005604210 account-server[120919]: Replication run OVER
Feb 1 08:29:54 np0005604210 account-server[120919]: Attempted to replicate 1 dbs in 0.01369 seconds (73.06078/s)
Feb 1 08:29:54 np0005604210 account-server[120919]: Removed 0 dbs
Feb 1 08:29:54 np0005604210 account-server[120919]: 2 successes, 0 failures
Feb 1 08:29:54 np0005604210 account-server[120919]: diff:0 diff_capped:0 empty:0 hashmatch:0 no_change:2 remote_merge:0 rsync:0 ts_repl:0
Feb 1 08:29:57 np0005604210 object-server[244506]: Begin object audit "forever" mode (ZBF)
Feb 1 08:29:57 np0005604210 object-server[244506]: Object audit (ZBF). Since Sun Feb 1 08:29:57 2026: Locally: 1 passed, 0 quarantined, 0 errors, files/sec: 869.83, bytes/sec: 0.00, Total time: 0.00, Auditing time: 0.00, Rate: 0.00
Feb 1 08:29:57 np0005604210 object-server[244507]: Begin object audit "forever" mode (ALL)
Feb 1 08:29:57 np0005604210 object-server[244507]: Object audit (ALL). Since Sun Feb 1 08:29:57 2026: Locally: 1 passed, 0 quarantined, 0 errors, files/sec: 126.80, bytes/sec: 2028.81, Total time: 0.01, Auditing time: 0.00, Rate: 0.00
Feb 1 08:29:58 np0005604210 object-server[244506]: Object audit (ZBF) "forever" mode completed: 0.84s. Total quarantined: 0, Total errors: 0, Total files/sec: 52.23, Total bytes/sec: 0.00, Auditing time: 0.83, Rate: 0.99
Feb 1 08:29:59 np0005604210 object-server[244507]: Object audit (ALL) "forever" mode completed: 2.11s. Total quarantined: 0, Total errors: 0, Total files/sec: 20.85, Total bytes/sec: 400.84, Auditing time: 2.10, Rate: 0.99
Feb 1 08:30:00 np0005604210 container-server[121233]: Beginning replication run
Feb 1 08:30:00 np0005604210 container-server[121233]: Replication run OVER
Feb 1 08:30:00 np0005604210 container-server[121233]: Attempted to replicate 22 dbs in 0.43889 seconds (50.12590/s)
Feb 1 08:30:00 np0005604210 container-server[121233]: Removed 0 dbs
Feb 1 08:30:00 np0005604210 container-server[121233]: 44 successes, 0 failures
Feb 1 08:30:00 np0005604210 container-server[121233]: diff:0 diff_capped:0 empty:0 hashmatch:0 no_change:44 remote_merge:0 rsync:0 ts_repl:0
Feb 1 08:30:21 np0005604210 account-server[121489]: 172.20.0.103 - - [01/Feb/2026:08:30:21 +0000] "HEAD /d1/581/.expiring_objects" 404 - "HEAD http://localhost/v1/.expiring_objects?format=json" "tx12c18b337a2d4368a68d5-00697f0f1d" "proxy-server 2" 0.0007 "-" 15 -
Feb 1 08:30:22 np0005604210 object-server[121749]: Starting object replication pass.
Feb 1 08:30:22 np0005604210 object-server[121749]: 43/43 (100.00%) partitions replicated in 0.42s (102.87/sec, 0s remaining)
Feb 1 08:30:22 np0005604210 object-server[121749]: 86 successes, 0 failures
Feb 1 08:30:22 np0005604210 object-server[121749]: 44 suffixes checked - 0.00% hashed, 0.00% synced
Feb 1 08:30:22 np0005604210 object-server[121749]: Partition times: max 0.0142s, min 0.0069s, med 0.0089s
Feb 1 08:30:22 np0005604210 object-server[121749]: Object replication complete. (0.01 minutes)
Feb 1 08:30:24 np0005604210 container-server[121361]: Begin container update sweep
Feb 1 08:30:24 np0005604210 account-server[121485]: 172.20.0.104 - - [01/Feb/2026:08:30:24 +0000] "PUT /d1/833/AUTH_8c7e182e9edd4a9496010d2b1c99e9ab/gnocchi.63794a9d-58f8-46e7-bc82-3ec75536e0f7" 201 - "-" "-" "container-updater 2" 0.0008 "-" 14 0
Feb 1 08:30:24 np0005604210 account-server[121485]: 172.20.0.104 - - [01/Feb/2026:08:30:24 +0000] "PUT /d1/833/AUTH_8c7e182e9edd4a9496010d2b1c99e9ab/gnocchi.5e926b27-b804-484f-8826-0ddf30833b16" 201 - "-" "-" "container-updater 2" 0.0008 "-" 14 0
Feb 1 08:30:24 np0005604210 account-server[121489]: 172.20.0.104 - - [01/Feb/2026:08:30:24 +0000] "PUT /d1/833/AUTH_8c7e182e9edd4a9496010d2b1c99e9ab/gnocchi.cdf71562-1977-41e8-9491-295b0516e7e2" 201 - "-" "-" "container-updater 2" 0.0005 "-" 15 0
Feb 1 08:30:24 np0005604210 account-server[120919]: Beginning replication run
Feb 1 08:30:24 np0005604210 account-server[121520]: 172.20.0.104 - - [01/Feb/2026:08:30:24 +0000] "PUT /d1/833/AUTH_8c7e182e9edd4a9496010d2b1c99e9ab/gnocchi.de70cf34-3969-4c9a-b8b2-9a2bf83b68a9" 201 - "-" "-" "container-updater 2" 0.0004 "-" 17 0
Feb 1 08:30:24 np0005604210 account-server[120919]: Replication run OVER
Feb 1 08:30:24 np0005604210 account-server[120919]: Attempted to replicate 1 dbs in 0.03901 seconds (25.63639/s)
Feb 1 08:30:24 np0005604210 account-server[120919]: Removed 0 dbs
Feb 1 08:30:24 np0005604210 account-server[120919]: 2 successes, 0 failures
Feb 1 08:30:24 np0005604210 account-server[120919]: diff:0 diff_capped:0 empty:0 hashmatch:0 no_change:2 remote_merge:0 rsync:0 ts_repl:0
Feb 1 08:30:24 np0005604210 account-server[121489]: 172.20.0.104 - - [01/Feb/2026:08:30:24 +0000] "PUT /d1/833/AUTH_8c7e182e9edd4a9496010d2b1c99e9ab/gnocchi.40be35d3-d0e0-4254-9796-2232b90515a1" 201 - "-" "-" "container-updater 2" 0.0008 "-" 15 0
Feb 1 08:30:24 np0005604210 account-server[121489]: 172.20.0.104 - - [01/Feb/2026:08:30:24 +0000] "PUT /d1/833/AUTH_8c7e182e9edd4a9496010d2b1c99e9ab/gnocchi.8bd2e458-2a3e-4ea1-98c6-ab0a7712045a" 201 - "-" "-" "container-updater 2" 0.0008 "-" 15 0
Feb 1 08:30:25 np0005604210 account-server[121508]: 172.20.0.104 - - [01/Feb/2026:08:30:25 +0000] "PUT /d1/833/AUTH_8c7e182e9edd4a9496010d2b1c99e9ab/gnocchi.85911d85-6526-41fd-8941-23f9aa68f9fb" 201 - "-" "-" "container-updater 2" 0.0005 "-" 16 0
Feb 1 08:30:25 np0005604210 account-server[121485]: 172.20.0.104 - - [01/Feb/2026:08:30:25 +0000] "PUT /d1/833/AUTH_8c7e182e9edd4a9496010d2b1c99e9ab/gnocchi.113af031-e1e3-456b-a612-264f70c92980" 201 - "-" "-" "container-updater 2" 0.0006 "-" 14 0
Feb 1 08:30:25 np0005604210 account-server[121508]: 172.20.0.104 - - [01/Feb/2026:08:30:25 +0000] "PUT /d1/833/AUTH_8c7e182e9edd4a9496010d2b1c99e9ab/gnocchi.0d76bf91-550c-4c17-80e7-6db8ed6bfcc1" 201 - "-" "-" "container-updater 2" 0.0006 "-" 16 0
Feb 1 08:30:25 np0005604210 account-server[121508]: 172.20.0.104 - - [01/Feb/2026:08:30:25 +0000] "PUT /d1/833/AUTH_8c7e182e9edd4a9496010d2b1c99e9ab/gnocchi.a4c0435f-4438-45cc-9ebc-117944d4c3a0" 201 - "-" "-" "container-updater 2" 0.0005 "-" 16 0
Feb 1 08:30:25 np0005604210 account-server[121485]: 172.20.0.104 - - [01/Feb/2026:08:30:25 +0000] "PUT /d1/833/AUTH_8c7e182e9edd4a9496010d2b1c99e9ab/gnocchi.9007f6b9-bf2d-45f7-b066-c8a7a50483a2" 201 - "-" "-" "container-updater 2" 0.0005 "-" 14 0
Feb 1 08:30:25 np0005604210 account-server[121520]: 172.20.0.104 - - [01/Feb/2026:08:30:25 +0000] "PUT /d1/833/AUTH_8c7e182e9edd4a9496010d2b1c99e9ab/gnocchi.640f3fc7-d539-4e9b-b4bf-7024b427ba42" 201 - "-" "-" "container-updater 2" 0.0006 "-" 17 0
Feb 1 08:30:25 np0005604210 account-server[121520]: 172.20.0.104 - - [01/Feb/2026:08:30:25 +0000] "PUT /d1/833/AUTH_8c7e182e9edd4a9496010d2b1c99e9ab/gnocchi.d1154704-3468-4db5-ad16-6a6ffb014753" 201 - "-" "-" "container-updater 2" 0.0006 "-" 17 0
Feb 1 08:30:26 np0005604210 account-server[121489]: 172.20.0.104 - - [01/Feb/2026:08:30:26 +0000] "PUT /d1/833/AUTH_8c7e182e9edd4a9496010d2b1c99e9ab/gnocchi.6a57f66c-c3a3-48cd-b4ae-ecd529243a03" 201 - "-" "-" "container-updater 2" 0.0005 "-" 15 0
Feb 1 08:30:26 np0005604210 container-server[121361]: Container update sweep completed: 1.77s
Feb 1 08:30:28 np0005604210 object-server[244533]: Begin object audit "forever" mode (ZBF)
Feb 1 08:30:28 np0005604210 object-server[244533]: Object audit (ZBF). Since Sun Feb 1 08:30:28 2026: Locally: 1 passed, 0 quarantined, 0 errors, files/sec: 1014.10, bytes/sec: 0.00, Total time: 0.00, Auditing time: 0.00, Rate: 0.00
Feb 1 08:30:29 np0005604210 object-server[244533]: Object audit (ZBF) "forever" mode completed: 0.84s. Total quarantined: 0, Total errors: 0, Total files/sec: 52.19, Total bytes/sec: 0.00, Auditing time: 0.83, Rate: 0.99
Feb 1 08:30:30 np0005604210 container-server[121233]: Beginning replication run
Feb 1 08:30:30 np0005604210 container-server[121233]: Replication run OVER
Feb 1 08:30:30 np0005604210 container-server[121233]: Attempted to replicate 22 dbs in 0.44102 seconds (49.88440/s)
Feb 1 08:30:30 np0005604210 container-server[121233]: Removed 0 dbs
Feb 1 08:30:30 np0005604210 container-server[121233]: 44 successes, 0 failures
Feb 1 08:30:30 np0005604210 container-server[121233]: diff:0 diff_capped:0 empty:0 hashmatch:0 no_change:44 remote_merge:0 rsync:0 ts_repl:0
Feb 1 08:30:52 np0005604210 object-server[121749]: Starting object replication pass.
Feb 1 08:30:52 np0005604210 object-server[121749]: 43/43 (100.00%) partitions replicated in 0.39s (109.90/sec, 0s remaining)
Feb 1 08:30:52 np0005604210 object-server[121749]: 86 successes, 0 failures
Feb 1 08:30:52 np0005604210 object-server[121749]: 44 suffixes checked - 0.00% hashed, 0.00% synced
Feb 1 08:30:52 np0005604210 object-server[121749]: Partition times: max 0.0141s, min 0.0061s, med 0.0085s
Feb 1 08:30:52 np0005604210 object-server[121749]: Object replication complete. (0.01 minutes)
Feb 1 08:30:54 np0005604210 account-server[120919]: Beginning replication run
Feb 1 08:30:54 np0005604210 account-server[120919]: Replication run OVER
Feb 1 08:30:54 np0005604210 account-server[120919]: Attempted to replicate 1 dbs in 0.02419 seconds (41.33809/s)
Feb 1 08:30:54 np0005604210 account-server[120919]: Removed 0 dbs
Feb 1 08:30:54 np0005604210 account-server[120919]: 2 successes, 0 failures
Feb 1 08:30:54 np0005604210 account-server[120919]: diff:0 diff_capped:0 empty:0 hashmatch:0 no_change:2 remote_merge:0 rsync:0 ts_repl:0
Feb 1 08:30:59 np0005604210 object-server[250563]: Begin object audit "forever" mode (ZBF)
Feb 1 08:30:59 np0005604210 object-server[250564]: Begin object audit "forever" mode (ALL)
Feb 1 08:30:59 np0005604210 object-server[250563]: Object audit (ZBF). Since Sun Feb 1 08:30:59 2026: Locally: 1 passed, 0 quarantined, 0 errors, files/sec: 711.38, bytes/sec: 0.00, Total time: 0.00, Auditing time: 0.00, Rate: 0.00
Feb 1 08:30:59 np0005604210 object-server[250564]: Object audit (ALL). Since Sun Feb 1 08:30:59 2026: Locally: 1 passed, 0 quarantined, 0 errors, files/sec: 128.36, bytes/sec: 2053.77, Total time: 0.01, Auditing time: 0.00, Rate: 0.00
Feb 1 08:31:00 np0005604210 container-server[121233]: Beginning replication run
Feb 1 08:31:00 np0005604210 object-server[250563]: Object audit (ZBF) "forever" mode completed: 0.84s. Total quarantined: 0, Total errors: 0, Total files/sec: 52.20, Total bytes/sec: 0.00, Auditing time: 0.83, Rate: 0.99
Feb 1 08:31:00 np0005604210 container-server[121233]: Replication run OVER
Feb 1 08:31:00 np0005604210 container-server[121233]: Attempted to replicate 22 dbs in 0.43918 seconds (50.09287/s)
Feb 1 08:31:00 np0005604210 container-server[121233]: Removed 0 dbs
Feb 1 08:31:00 np0005604210 container-server[121233]: 44 successes, 0 failures
Feb 1 08:31:00 np0005604210 container-server[121233]: diff:0 diff_capped:0 empty:0 hashmatch:0 no_change:44 remote_merge:0 rsync:0 ts_repl:0
Feb 1 08:31:01 np0005604210 account-server[121489]: 172.20.0.103 - - [01/Feb/2026:08:31:01 +0000] "HEAD /d1/581/.expiring_objects" 404 - "HEAD http://localhost/v1/.expiring_objects?format=json" "tx3e033473be2649f7b25e4-00697f0f45" "proxy-server 2" 0.0008 "-" 15 -
Feb 1 08:31:01 np0005604210 object-server[250564]: Object audit (ALL) "forever" mode completed: 2.11s. Total quarantined: 0, Total errors: 0, Total files/sec: 20.85, Total bytes/sec: 400.86, Auditing time: 2.10, Rate: 0.99
Feb 1 08:31:03 np0005604210 account-server[121485]: 172.20.0.104 - - [01/Feb/2026:08:31:03 +0000] "HEAD /d1/833/AUTH_8c7e182e9edd4a9496010d2b1c99e9ab" 204 - "HEAD http://172.18.0.154:8080/v1/AUTH_8c7e182e9edd4a9496010d2b1c99e9ab?format=json" "tx9fd19820f0894406a14b9-00697f0f47" "proxy-server 20" 0.0025 "-" 14 -
Feb 1 08:31:03 np0005604210 proxy-server[123343]: - - 01/Feb/2026/08/31/03 HEAD /v1/AUTH_8c7e182e9edd4a9496010d2b1c99e9ab%3Fformat%3Djson HTTP/1.0 204 - Swift - - - - tx9fd19820f0894406a14b9-00697f0f47 - 0.0062 RL - 1769934663.703517199 1769934663.709738255 -
Feb 1 08:31:03 np0005604210 object-server[122041]: 172.20.0.104 - - [01/Feb/2026:08:31:03 +0000] "GET /d1/23/AUTH_8c7e182e9edd4a9496010d2b1c99e9ab/gnocchi.9007f6b9-bf2d-45f7-b066-c8a7a50483a2/none_v3" 200 22 "GET http://172.18.0.154:8080/v1/AUTH_8c7e182e9edd4a9496010d2b1c99e9ab/gnocchi.9007f6b9-bf2d-45f7-b066-c8a7a50483a2/none_v3" "tx9fd19820f0894406a14b9-00697f0f47" "proxy-server 20" 0.0012 "-" 25 0
Feb 1 08:31:03 np0005604210 proxy-server[123343]: 172.18.0.154 172.18.0.104 01/Feb/2026/08/31/03 GET /v1/AUTH_8c7e182e9edd4a9496010d2b1c99e9ab/gnocchi.9007f6b9-bf2d-45f7-b066-c8a7a50483a2/none_v3 HTTP/1.0 200 - python-swiftclient-3.11.1 gAAAAABpfw24v4L0... - 22 - tx9fd19820f0894406a14b9-00697f0f47 - 0.0784 - - 1769934663.702667713 1769934663.781069756 0
Feb 1 08:31:03 np0005604210 proxy-server[123343]: 172.18.0.154 172.18.0.104 01/Feb/2026/08/31/03 GET /v1/AUTH_8c7e182e9edd4a9496010d2b1c99e9ab/gnocchi.9007f6b9-bf2d-45f7-b066-c8a7a50483a2%3Fformat%3Djson%26states%3Dlisting HTTP/1.0 200 - python-swiftclient-3.11.1 gAAAAABpfw24v4L0... - 357 - tx90177c922549407498901-00697f0f47 - 0.0086 - - 1769934663.786506176 1769934663.795059681 0
Feb 1 08:31:03 np0005604210 proxy-server[123343]: 172.18.0.103 172.18.0.104 01/Feb/2026/08/31/03 GET /v1/AUTH_8c7e182e9edd4a9496010d2b1c99e9ab/gnocchi.40be35d3-d0e0-4254-9796-2232b90515a1%3Fformat%3Djson%26marker%3Dnone_v3%26states%3Dlisting HTTP/1.0 200 - python-swiftclient-3.11.1 gAAAAABpfw1vYyou... - 2 - tx9a265e576be44b3cb7acc-00697f0f47 - 0.0130 - - 1769934663.800827503 1769934663.813832521 0
Feb 1 08:31:03 np0005604210 object-server[122008]: 172.20.0.103 - - [01/Feb/2026:08:31:03 +0000] "GET /d1/767/AUTH_8c7e182e9edd4a9496010d2b1c99e9ab/gnocchi.40be35d3-d0e0-4254-9796-2232b90515a1/1769040000.0_mean_300.0_v3" 200 16 "GET http://172.18.0.154:8080/v1/AUTH_8c7e182e9edd4a9496010d2b1c99e9ab/gnocchi.40be35d3-d0e0-4254-9796-2232b90515a1/1769040000.0_mean_300.0_v3" "txf174b90c577d4c38a1777-00697f0f47" "proxy-server 20" 0.0007 "-" 22 0
Feb 1 08:31:03 np0005604210 proxy-server[123343]: 172.18.0.154 172.18.0.104 01/Feb/2026/08/31/03 GET /v1/AUTH_8c7e182e9edd4a9496010d2b1c99e9ab/gnocchi.9007f6b9-bf2d-45f7-b066-c8a7a50483a2/1769040000.0_mean_300.0_v3 HTTP/1.0 200 - python-swiftclient-3.11.1 gAAAAABpfw24v4L0... - 16 - tx654cc86897e6438c9e402-00697f0f47 - 0.0092 - - 1769934663.818996668 1769934663.828159571 0
Feb 1 08:31:03 np0005604210 object-server[122041]: 172.20.0.104 - - [01/Feb/2026:08:31:03 +0000] "GET /d1/342/AUTH_8c7e182e9edd4a9496010d2b1c99e9ab/gnocchi.9007f6b9-bf2d-45f7-b066-c8a7a50483a2/1769040000.0_rate%3Amean_300.0_v3" 404 70 "GET http://172.18.0.154:8080/v1/AUTH_8c7e182e9edd4a9496010d2b1c99e9ab/gnocchi.9007f6b9-bf2d-45f7-b066-c8a7a50483a2/1769040000.0_rate%3Amean_300.0_v3" "tx553d98e87ff74d5db73c1-00697f0f47" "proxy-server 20" 0.0004 "-" 25 0
Feb 1 08:31:03 np0005604210 proxy-server[123343]: 172.18.0.154 172.18.0.104 01/Feb/2026/08/31/03 GET /v1/AUTH_8c7e182e9edd4a9496010d2b1c99e9ab/gnocchi.9007f6b9-bf2d-45f7-b066-c8a7a50483a2/1769040000.0_rate%253Amean_300.0_v3 HTTP/1.0 404 - python-swiftclient-3.11.1 gAAAAABpfw24v4L0... - 70 - tx553d98e87ff74d5db73c1-00697f0f47 - 0.0130 - - 1769934663.831716061 1769934663.844753742 0
Feb 1 08:31:03 np0005604210 object-server[122034]: 172.20.0.103 - - [01/Feb/2026:08:31:03 +0000] "GET /d1/579/AUTH_8c7e182e9edd4a9496010d2b1c99e9ab/gnocchi.40be35d3-d0e0-4254-9796-2232b90515a1/1769040000.0_rate%3Amean_300.0_v3" 404 70 "GET http://172.18.0.154:8080/v1/AUTH_8c7e182e9edd4a9496010d2b1c99e9ab/gnocchi.40be35d3-d0e0-4254-9796-2232b90515a1/1769040000.0_rate%3Amean_300.0_v3" "tx7c0e6f83a412436bb5d04-00697f0f47" "proxy-server 20" 0.0005 "-" 24 0
Feb 1 08:31:03 np0005604210 container-server[121608]: 172.20.0.104 - - [01/Feb/2026:08:31:03 +0000] "PUT /d1/127/AUTH_8c7e182e9edd4a9496010d2b1c99e9ab/gnocchi.9007f6b9-bf2d-45f7-b066-c8a7a50483a2/1769040000.0_mean_300.0_v3" 201 - "PUT http://172.18.0.154:8080/d1/95/AUTH_8c7e182e9edd4a9496010d2b1c99e9ab/gnocchi.9007f6b9-bf2d-45f7-b066-c8a7a50483a2/1769040000.0_mean_300.0_v3" "txc9bc59cd0f6645d19a811-00697f0f47" "object-server 25" 0.0005 "-" 20 0
Feb 1 08:31:03 np0005604210 object-server[122041]: 172.20.0.104 - - [01/Feb/2026:08:31:03 +0000] "PUT /d1/95/AUTH_8c7e182e9edd4a9496010d2b1c99e9ab/gnocchi.9007f6b9-bf2d-45f7-b066-c8a7a50483a2/1769040000.0_mean_300.0_v3" 201 - "PUT http://172.18.0.154:8080/v1/AUTH_8c7e182e9edd4a9496010d2b1c99e9ab/gnocchi.9007f6b9-bf2d-45f7-b066-c8a7a50483a2/1769040000.0_mean_300.0_v3" "txc9bc59cd0f6645d19a811-00697f0f47" "proxy-server 20" 0.0124 "-" 25 0
Feb 1 08:31:03 np0005604210 proxy-server[123343]: 172.18.0.154 172.18.0.104 01/Feb/2026/08/31/03 PUT /v1/AUTH_8c7e182e9edd4a9496010d2b1c99e9ab/gnocchi.9007f6b9-bf2d-45f7-b066-c8a7a50483a2/1769040000.0_mean_300.0_v3 HTTP/1.0 201 - python-swiftclient-3.11.1 gAAAAABpfw24v4L0... 24 - - txc9bc59cd0f6645d19a811-00697f0f47 - 0.0194 - - 1769934663.848406792 1769934663.867830992 0
Feb 1 08:31:03 np0005604210 container-server[121608]: 172.20.0.105 - - [01/Feb/2026:08:31:03 +0000] "PUT /d1/97/AUTH_8c7e182e9edd4a9496010d2b1c99e9ab/gnocchi.40be35d3-d0e0-4254-9796-2232b90515a1/1769040000.0_mean_300.0_v3" 201 - "PUT http://172.18.0.154:8080/d1/767/AUTH_8c7e182e9edd4a9496010d2b1c99e9ab/gnocchi.40be35d3-d0e0-4254-9796-2232b90515a1/1769040000.0_mean_300.0_v3" "txbfa81497c290413189a88-00697f0f47" "object-server 25" 0.0006 "-" 20 0
Feb 1 08:31:03 np0005604210 object-server[122034]: 172.20.0.103 - - [01/Feb/2026:08:31:03 +0000] "PUT /d1/767/AUTH_8c7e182e9edd4a9496010d2b1c99e9ab/gnocchi.40be35d3-d0e0-4254-9796-2232b90515a1/1769040000.0_mean_300.0_v3" 201 - "PUT http://172.18.0.154:8080/v1/AUTH_8c7e182e9edd4a9496010d2b1c99e9ab/gnocchi.40be35d3-d0e0-4254-9796-2232b90515a1/1769040000.0_mean_300.0_v3" "txbfa81497c290413189a88-00697f0f47" "proxy-server 20" 0.0109 "-" 24 0
Feb 1 08:31:03 np0005604210 container-server[121608]: 172.20.0.104 - - [01/Feb/2026:08:31:03 +0000] "PUT /d1/127/AUTH_8c7e182e9edd4a9496010d2b1c99e9ab/gnocchi.9007f6b9-bf2d-45f7-b066-c8a7a50483a2/1769040000.0_rate%3Amean_300.0_v3" 201 - "PUT http://172.18.0.154:8080/d1/342/AUTH_8c7e182e9edd4a9496010d2b1c99e9ab/gnocchi.9007f6b9-bf2d-45f7-b066-c8a7a50483a2/1769040000.0_rate%3Amean_300.0_v3" "tx9ccb33aef953491687021-00697f0f47" "object-server 22" 0.0006 "-" 20 0
Feb 1 08:31:03 np0005604210 object-server[122008]: 172.20.0.104 - - [01/Feb/2026:08:31:03 +0000] "PUT /d1/342/AUTH_8c7e182e9edd4a9496010d2b1c99e9ab/gnocchi.9007f6b9-bf2d-45f7-b066-c8a7a50483a2/1769040000.0_rate%3Amean_300.0_v3" 201 - "PUT http://172.18.0.154:8080/v1/AUTH_8c7e182e9edd4a9496010d2b1c99e9ab/gnocchi.9007f6b9-bf2d-45f7-b066-c8a7a50483a2/1769040000.0_rate%3Amean_300.0_v3" "tx9ccb33aef953491687021-00697f0f47" "proxy-server 20" 0.0113 "-" 22 0
Feb 1 08:31:03 np0005604210 proxy-server[123343]: 172.18.0.154 172.18.0.104 01/Feb/2026/08/31/03 PUT /v1/AUTH_8c7e182e9edd4a9496010d2b1c99e9ab/gnocchi.9007f6b9-bf2d-45f7-b066-c8a7a50483a2/1769040000.0_rate%253Amean_300.0_v3 HTTP/1.0 201 - python-swiftclient-3.11.1 gAAAAABpfw24v4L0... 16 - - tx9ccb33aef953491687021-00697f0f47 - 0.0259 - - 1769934663.872469425 1769934663.898394108 0
Feb 1 08:31:03 np0005604210 container-server[121609]: 172.20.0.103 - - [01/Feb/2026:08:31:03 +0000] "PUT /d1/97/AUTH_8c7e182e9edd4a9496010d2b1c99e9ab/gnocchi.40be35d3-d0e0-4254-9796-2232b90515a1/1769040000.0_rate%3Amean_300.0_v3" 201 - "PUT http://172.18.0.154:8080/d1/579/AUTH_8c7e182e9edd4a9496010d2b1c99e9ab/gnocchi.40be35d3-d0e0-4254-9796-2232b90515a1/1769040000.0_rate%3Amean_300.0_v3" "tx20d13be6e5be4c0a80fd0-00697f0f47" "object-server 24" 0.0010 "-" 21 0
Feb 1 08:31:03 np0005604210 object-server[122041]: 172.20.0.103 - - [01/Feb/2026:08:31:03 +0000] "PUT /d1/579/AUTH_8c7e182e9edd4a9496010d2b1c99e9ab/gnocchi.40be35d3-d0e0-4254-9796-2232b90515a1/1769040000.0_rate%3Amean_300.0_v3" 201 - "PUT http://172.18.0.154:8080/v1/AUTH_8c7e182e9edd4a9496010d2b1c99e9ab/gnocchi.40be35d3-d0e0-4254-9796-2232b90515a1/1769040000.0_rate%3Amean_300.0_v3" "tx20d13be6e5be4c0a80fd0-00697f0f47" "proxy-server 20" 0.0134 "-" 25 0
Feb 1 08:31:03 np0005604210 container-server[121614]: 172.20.0.103 - - [01/Feb/2026:08:31:03 +0000] "PUT /d1/127/AUTH_8c7e182e9edd4a9496010d2b1c99e9ab/gnocchi.9007f6b9-bf2d-45f7-b066-c8a7a50483a2/none_v3" 201 - "PUT http://172.18.0.154:8080/d1/23/AUTH_8c7e182e9edd4a9496010d2b1c99e9ab/gnocchi.9007f6b9-bf2d-45f7-b066-c8a7a50483a2/none_v3" "txd564be77afeb473987b77-00697f0f47" "object-server 25" 0.0005 "-" 22 0
Feb 1 08:31:03 np0005604210 object-server[122041]: 172.20.0.104 - - [01/Feb/2026:08:31:03 +0000] "PUT /d1/23/AUTH_8c7e182e9edd4a9496010d2b1c99e9ab/gnocchi.9007f6b9-bf2d-45f7-b066-c8a7a50483a2/none_v3" 201 - "PUT http://172.18.0.154:8080/v1/AUTH_8c7e182e9edd4a9496010d2b1c99e9ab/gnocchi.9007f6b9-bf2d-45f7-b066-c8a7a50483a2/none_v3" "txd564be77afeb473987b77-00697f0f47" "proxy-server 20" 0.0165 "-" 25 0
Feb 1 08:31:03 np0005604210 container-server[121609]: 172.20.0.104 - - [01/Feb/2026:08:31:03 +0000] "PUT /d1/97/AUTH_8c7e182e9edd4a9496010d2b1c99e9ab/gnocchi.40be35d3-d0e0-4254-9796-2232b90515a1/none_v3" 201 - "PUT http://172.18.0.154:8080/d1/553/AUTH_8c7e182e9edd4a9496010d2b1c99e9ab/gnocchi.40be35d3-d0e0-4254-9796-2232b90515a1/none_v3" "tx690548e3873a47f68d8be-00697f0f47" "object-server 22" 0.0009 "-" 21 0
Feb 1 08:31:03 np0005604210 object-server[122008]: 172.20.0.103 - - [01/Feb/2026:08:31:03 +0000] "PUT /d1/553/AUTH_8c7e182e9edd4a9496010d2b1c99e9ab/gnocchi.40be35d3-d0e0-4254-9796-2232b90515a1/none_v3" 201 - "PUT http://172.18.0.154:8080/v1/AUTH_8c7e182e9edd4a9496010d2b1c99e9ab/gnocchi.40be35d3-d0e0-4254-9796-2232b90515a1/none_v3" "tx690548e3873a47f68d8be-00697f0f47" "proxy-server 20" 0.0151 "-" 22 0
Feb 1 08:31:03 np0005604210 proxy-server[123343]: 172.18.0.154 172.18.0.104 01/Feb/2026/08/31/03 PUT /v1/AUTH_8c7e182e9edd4a9496010d2b1c99e9ab/gnocchi.9007f6b9-bf2d-45f7-b066-c8a7a50483a2/none_v3 HTTP/1.0 201 - python-swiftclient-3.11.1 gAAAAABpfw24v4L0... 33 - - txd564be77afeb473987b77-00697f0f47 - 0.0278 - - 1769934663.905458927 1769934663.933306217 0
Feb 1 08:31:03 np0005604210 proxy-server[123343]: 172.18.0.154 172.18.0.104 01/Feb/2026/08/31/03 GET /v1/AUTH_8c7e182e9edd4a9496010d2b1c99e9ab/gnocchi.113af031-e1e3-456b-a612-264f70c92980/none_v3 HTTP/1.0 200 - python-swiftclient-3.11.1 gAAAAABpfw24v4L0... - 22 - tx651c89ddbd604fd585c81-00697f0f47 - 0.0224 - - 1769934663.953110695 1769934663.975496292 0
Feb 1 08:31:03 np0005604210 container-server[121624]: 172.20.0.103 - - [01/Feb/2026:08:31:03 +0000] "GET /d1/532/AUTH_8c7e182e9edd4a9496010d2b1c99e9ab/gnocchi.113af031-e1e3-456b-a612-264f70c92980" 200 357 "GET http://172.18.0.154:8080/v1/AUTH_8c7e182e9edd4a9496010d2b1c99e9ab/gnocchi.113af031-e1e3-456b-a612-264f70c92980?format=json&states=listing" "tx1e08c244018d4b9282e37-00697f0f47" "proxy-server 20" 0.0023 "-" 23 0
Feb 1 08:31:04 np0005604210 container-server[121609]: 172.20.0.104 - - [01/Feb/2026:08:31:04 +0000] "GET /d1/532/AUTH_8c7e182e9edd4a9496010d2b1c99e9ab/gnocchi.113af031-e1e3-456b-a612-264f70c92980" 200 2 "GET http://172.18.0.154:8080/v1/AUTH_8c7e182e9edd4a9496010d2b1c99e9ab/gnocchi.113af031-e1e3-456b-a612-264f70c92980?format=json&marker=none_v3&states=listing" "txa32cee2c22d44fc1a7ca9-00697f0f47" "proxy-server 20" 0.0019 "-" 21 0
Feb 1 08:31:04 np0005604210 proxy-server[123343]: 172.18.0.154 172.18.0.104 01/Feb/2026/08/31/04 GET /v1/AUTH_8c7e182e9edd4a9496010d2b1c99e9ab/gnocchi.113af031-e1e3-456b-a612-264f70c92980%3Fformat%3Djson%26marker%3Dnone_v3%26states%3Dlisting HTTP/1.0 200 - python-swiftclient-3.11.1 gAAAAABpfw24v4L0... - 2 - txa32cee2c22d44fc1a7ca9-00697f0f47 - 0.0129 - - 1769934663.999468088 1769934664.012394905 0
Feb 1 08:31:04 np0005604210 object-server[122041]: 172.20.0.104 - - [01/Feb/2026:08:31:04 +0000] "GET /d1/491/AUTH_8c7e182e9edd4a9496010d2b1c99e9ab/gnocchi.113af031-e1e3-456b-a612-264f70c92980/1769040000.0_rate%3Amean_300.0_v3" 404 70 "GET http://172.18.0.154:8080/v1/AUTH_8c7e182e9edd4a9496010d2b1c99e9ab/gnocchi.113af031-e1e3-456b-a612-264f70c92980/1769040000.0_rate%3Amean_300.0_v3" "tx7d627b4e44d74d058a91a-00697f0f48" "proxy-server 20" 0.0005 "-" 25 0
Feb 1 08:31:04 np0005604210 proxy-server[123343]: 172.18.0.154 172.18.0.104 01/Feb/2026/08/31/04 GET /v1/AUTH_8c7e182e9edd4a9496010d2b1c99e9ab/gnocchi.113af031-e1e3-456b-a612-264f70c92980/1769040000.0_rate%253Amean_300.0_v3 HTTP/1.0 404 - python-swiftclient-3.11.1 gAAAAABpfw24v4L0... - 70 - tx7d627b4e44d74d058a91a-00697f0f48 - 0.0164 - - 1769934664.037579060 1769934664.053946972 0
Feb 1 08:31:04 np0005604210 container-server[121608]: 172.20.0.103 - - [01/Feb/2026:08:31:04 +0000] "GET /d1/0/AUTH_8c7e182e9edd4a9496010d2b1c99e9ab/gnocchi.cdf71562-1977-41e8-9491-295b0516e7e2" 200 357 "GET http://172.18.0.154:8080/v1/AUTH_8c7e182e9edd4a9496010d2b1c99e9ab/gnocchi.cdf71562-1977-41e8-9491-295b0516e7e2?format=json&states=listing" "txd13ead2a0f5e4113b2f03-00697f0f48" "proxy-server 20" 0.0039 "-" 20 0
Feb 1 08:31:04 np0005604210 container-server[121609]: 172.20.0.103 - - [01/Feb/2026:08:31:04 +0000] "GET /d1/0/AUTH_8c7e182e9edd4a9496010d2b1c99e9ab/gnocchi.cdf71562-1977-41e8-9491-295b0516e7e2" 200 2 "GET http://172.18.0.154:8080/v1/AUTH_8c7e182e9edd4a9496010d2b1c99e9ab/gnocchi.cdf71562-1977-41e8-9491-295b0516e7e2?format=json&marker=none_v3&states=listing" "txa2f32ae4c17c43bfb25c8-00697f0f48" "proxy-server 20" 0.0019 "-" 21 0
Feb 1 08:31:04 np0005604210 object-server[122008]: 172.20.0.104 - - [01/Feb/2026:08:31:04 +0000] "PUT /d1/727/AUTH_8c7e182e9edd4a9496010d2b1c99e9ab/gnocchi.113af031-e1e3-456b-a612-264f70c92980/1769040000.0_mean_300.0_v3" 201 - "PUT http://172.18.0.154:8080/v1/AUTH_8c7e182e9edd4a9496010d2b1c99e9ab/gnocchi.113af031-e1e3-456b-a612-264f70c92980/1769040000.0_mean_300.0_v3" "txe346f4ae1d1b4ae5b1cab-00697f0f48" "proxy-server 20" 0.0130 "-" 22 0
Feb 1 08:31:04 np0005604210 container-server[121608]: 172.20.0.103 - - [01/Feb/2026:08:31:04 +0000] "PUT /d1/532/AUTH_8c7e182e9edd4a9496010d2b1c99e9ab/gnocchi.113af031-e1e3-456b-a612-264f70c92980/1769040000.0_mean_300.0_v3" 201 - "PUT http://172.18.0.154:8080/d1/727/AUTH_8c7e182e9edd4a9496010d2b1c99e9ab/gnocchi.113af031-e1e3-456b-a612-264f70c92980/1769040000.0_mean_300.0_v3" "txe346f4ae1d1b4ae5b1cab-00697f0f48" "object-server 24" 0.0010 "-" 20 0
Feb 1 08:31:04 np0005604210 proxy-server[123343]: 172.18.0.154 172.18.0.104 01/Feb/2026/08/31/04 PUT /v1/AUTH_8c7e182e9edd4a9496010d2b1c99e9ab/gnocchi.113af031-e1e3-456b-a612-264f70c92980/1769040000.0_mean_300.0_v3 HTTP/1.0 201 - python-swiftclient-3.11.1 gAAAAABpfw24v4L0... 24 - - txe346f4ae1d1b4ae5b1cab-00697f0f48 - 0.0273 - - 1769934664.058618784 1769934664.085892439 0
Feb 1 08:31:04 np0005604210 object-server[122008]: 172.20.0.103 - - [01/Feb/2026:08:31:04 +0000] "GET /d1/936/AUTH_8c7e182e9edd4a9496010d2b1c99e9ab/gnocchi.cdf71562-1977-41e8-9491-295b0516e7e2/1769040000.0_mean_300.0_v3" 200 16 "GET http://172.18.0.154:8080/v1/AUTH_8c7e182e9edd4a9496010d2b1c99e9ab/gnocchi.cdf71562-1977-41e8-9491-295b0516e7e2/1769040000.0_mean_300.0_v3" "tx41cfbbd107694cdfa8d50-00697f0f48" "proxy-server 20" 0.0013 "-" 22 0
Feb 1 08:31:04 np0005604210 object-server[122034]: 172.20.0.103 - - [01/Feb/2026:08:31:04 +0000] "GET /d1/501/AUTH_8c7e182e9edd4a9496010d2b1c99e9ab/gnocchi.cdf71562-1977-41e8-9491-295b0516e7e2/1769040000.0_rate%3Amean_300.0_v3" 404 70 "GET http://172.18.0.154:8080/v1/AUTH_8c7e182e9edd4a9496010d2b1c99e9ab/gnocchi.cdf71562-1977-41e8-9491-295b0516e7e2/1769040000.0_rate%3Amean_300.0_v3" "tx99df39b3ef1344929720c-00697f0f48" "proxy-server 20" 0.0003 "-" 24 0
Feb 1 08:31:04 np0005604210 container-server[121609]: 172.20.0.105 - - [01/Feb/2026:08:31:04 +0000] "PUT /d1/532/AUTH_8c7e182e9edd4a9496010d2b1c99e9ab/gnocchi.113af031-e1e3-456b-a612-264f70c92980/1769040000.0_rate%3Amean_300.0_v3" 201 - "PUT http://172.18.0.154:8080/d1/491/AUTH_8c7e182e9edd4a9496010d2b1c99e9ab/gnocchi.113af031-e1e3-456b-a612-264f70c92980/1769040000.0_rate%3Amean_300.0_v3" "tx73dc4487438a48b3b7013-00697f0f48" "object-server 22" 0.0005 "-" 21 0
Feb 1 08:31:04 np0005604210 object-server[122008]: 172.20.0.104 - - [01/Feb/2026:08:31:04 +0000] "PUT /d1/491/AUTH_8c7e182e9edd4a9496010d2b1c99e9ab/gnocchi.113af031-e1e3-456b-a612-264f70c92980/1769040000.0_rate%3Amean_300.0_v3" 201 - "PUT http://172.18.0.154:8080/v1/AUTH_8c7e182e9edd4a9496010d2b1c99e9ab/gnocchi.113af031-e1e3-456b-a612-264f70c92980/1769040000.0_rate%3Amean_300.0_v3" "tx73dc4487438a48b3b7013-00697f0f48" "proxy-server 20" 0.0152 "-" 22 0
Feb 1 08:31:04 np0005604210 proxy-server[123343]: 172.18.0.154 172.18.0.104 01/Feb/2026/08/31/04 PUT /v1/AUTH_8c7e182e9edd4a9496010d2b1c99e9ab/gnocchi.113af031-e1e3-456b-a612-264f70c92980/1769040000.0_rate%253Amean_300.0_v3 HTTP/1.0 201 - python-swiftclient-3.11.1 gAAAAABpfw24v4L0... 16 - - tx73dc4487438a48b3b7013-00697f0f48 - 0.0276 - - 1769934664.089142084 1769934664.116693497 0
Feb 1 08:31:04 np0005604210 container-server[121614]: 172.20.0.103 - - [01/Feb/2026:08:31:04 +0000] "PUT /d1/532/AUTH_8c7e182e9edd4a9496010d2b1c99e9ab/gnocchi.113af031-e1e3-456b-a612-264f70c92980/none_v3" 201 - "PUT http://172.18.0.154:8080/d1/733/AUTH_8c7e182e9edd4a9496010d2b1c99e9ab/gnocchi.113af031-e1e3-456b-a612-264f70c92980/none_v3" "tx0161540876c644f188be6-00697f0f48" "object-server 24" 0.0013 "-" 22 0
Feb 1 08:31:04 np0005604210 container-server[121609]: 172.20.0.105 - - [01/Feb/2026:08:31:04 +0000] "PUT /d1/0/AUTH_8c7e182e9edd4a9496010d2b1c99e9ab/gnocchi.cdf71562-1977-41e8-9491-295b0516e7e2/1769040000.0_mean_300.0_v3" 201 - "PUT http://172.18.0.154:8080/d1/936/AUTH_8c7e182e9edd4a9496010d2b1c99e9ab/gnocchi.cdf71562-1977-41e8-9491-295b0516e7e2/1769040000.0_mean_300.0_v3" "txf28b91a6b1e548639d204-00697f0f48" "object-server 25" 0.0005 "-" 21 0
Feb 1 08:31:04 np0005604210 object-server[122041]: 172.20.0.104 - - [01/Feb/2026:08:31:04 +0000] "PUT /d1/936/AUTH_8c7e182e9edd4a9496010d2b1c99e9ab/gnocchi.cdf71562-1977-41e8-9491-295b0516e7e2/1769040000.0_mean_300.0_v3" 201 - "PUT http://172.18.0.154:8080/v1/AUTH_8c7e182e9edd4a9496010d2b1c99e9ab/gnocchi.cdf71562-1977-41e8-9491-295b0516e7e2/1769040000.0_mean_300.0_v3" "txf28b91a6b1e548639d204-00697f0f48" "proxy-server 20" 0.0177 "-" 25 0
Feb 1 08:31:04 np0005604210 object-server[122008]: 172.20.0.103 - - [01/Feb/2026:08:31:04 +0000] "PUT /d1/733/AUTH_8c7e182e9edd4a9496010d2b1c99e9ab/gnocchi.113af031-e1e3-456b-a612-264f70c92980/none_v3" 201 - "PUT http://172.18.0.154:8080/v1/AUTH_8c7e182e9edd4a9496010d2b1c99e9ab/gnocchi.113af031-e1e3-456b-a612-264f70c92980/none_v3" "tx0161540876c644f188be6-00697f0f48" "proxy-server 20" 0.0187 "-" 22 0
