Feb 1 08:24:24 np0005604209 account-server[123721]: 172.20.0.104 - - [01/Feb/2026:08:24:24 +0000] "PUT /d1/833/AUTH_8c7e182e9edd4a9496010d2b1c99e9ab/gnocchi.f62f1f50-eded-47eb-b136-597f44654a37" 201 - "PUT http://172.20.0.104:6001/d1/369/AUTH_8c7e182e9edd4a9496010d2b1c99e9ab/gnocchi.f62f1f50-eded-47eb-b136-597f44654a37" "tx005a931e2faf4f30af542-00697f0db8" "container-server 22" 0.0154 "-" 22 0
Feb 1 08:24:24 np0005604209 container-server[124169]: 172.20.0.105 - - [01/Feb/2026:08:24:24 +0000] "HEAD /d1/128/AUTH_8c7e182e9edd4a9496010d2b1c99e9ab/gnocchi.00703353-969e-4b88-ba05-7c2007dbfdd4" 204 - "HEAD http://172.18.0.154:8080/v1/AUTH_8c7e182e9edd4a9496010d2b1c99e9ab/gnocchi.00703353-969e-4b88-ba05-7c2007dbfdd4?format=json&states=listing" "txca0ec72f4ed34dd796f4a-00697f0db8" "proxy-server 20" 0.0013 "-" 19 0
Feb 1 08:24:24 np0005604209 object-server[124534]: 172.20.0.103 - - [01/Feb/2026:08:24:24 +0000] "GET /d1/291/AUTH_8c7e182e9edd4a9496010d2b1c99e9ab/gnocchi.00703353-969e-4b88-ba05-7c2007dbfdd4/1769040000.0_mean_300.0_v3" 404 70 "GET http://172.18.0.154:8080/v1/AUTH_8c7e182e9edd4a9496010d2b1c99e9ab/gnocchi.00703353-969e-4b88-ba05-7c2007dbfdd4/1769040000.0_mean_300.0_v3" "txf05faf49796a418790126-00697f0db8" "proxy-server 20" 0.0004 "-" 22 0
Feb 1 08:24:24 np0005604209 proxy-server[125760]: 172.18.0.105 172.18.0.104 01/Feb/2026/08/24/24 GET /v1/AUTH_8c7e182e9edd4a9496010d2b1c99e9ab/gnocchi.00703353-969e-4b88-ba05-7c2007dbfdd4/1769040000.0_mean_300.0_v3 HTTP/1.0 404 - python-swiftclient-3.11.1 gAAAAABpfw2NcD79... - 70 - txf05faf49796a418790126-00697f0db8 - 0.0186 - - 1769934264.341541290 1769934264.360095739 0
Feb 1 08:24:24 np0005604209 container-server[124169]: 172.20.0.105 - - [01/Feb/2026:08:24:24 +0000] "GET /d1/369/AUTH_8c7e182e9edd4a9496010d2b1c99e9ab/gnocchi.f62f1f50-eded-47eb-b136-597f44654a37" 200 2 "GET http://172.18.0.154:8080/v1/AUTH_8c7e182e9edd4a9496010d2b1c99e9ab/gnocchi.f62f1f50-eded-47eb-b136-597f44654a37?format=json&states=listing" "txe5530178345a4f0eaf521-00697f0db8" "proxy-server 20" 0.0019 "-" 19 0
Feb 1 08:24:24 np0005604209 container-server[124202]: 172.20.0.105 - - [01/Feb/2026:08:24:24 +0000] "PUT /d1/128/AUTH_8c7e182e9edd4a9496010d2b1c99e9ab/gnocchi.00703353-969e-4b88-ba05-7c2007dbfdd4/1769040000.0_mean_300.0_v3" 201 - "PUT http://172.18.0.154:8080/d1/291/AUTH_8c7e182e9edd4a9496010d2b1c99e9ab/gnocchi.00703353-969e-4b88-ba05-7c2007dbfdd4/1769040000.0_mean_300.0_v3" "txcfe2a62a73d4467898a6d-00697f0db8" "object-server 24" 0.0008 "-" 21 0
Feb 1 08:24:24 np0005604209 object-server[124541]: 172.20.0.104 - - [01/Feb/2026:08:24:24 +0000] "PUT /d1/291/AUTH_8c7e182e9edd4a9496010d2b1c99e9ab/gnocchi.00703353-969e-4b88-ba05-7c2007dbfdd4/1769040000.0_mean_300.0_v3" 201 - "PUT http://172.18.0.154:8080/v1/AUTH_8c7e182e9edd4a9496010d2b1c99e9ab/gnocchi.00703353-969e-4b88-ba05-7c2007dbfdd4/1769040000.0_mean_300.0_v3" "txcfe2a62a73d4467898a6d-00697f0db8" "proxy-server 20" 0.0118 "-" 23 0
Feb 1 08:24:24 np0005604209 object-server[124534]: 172.20.0.103 - - [01/Feb/2026:08:24:24 +0000] "GET /d1/398/AUTH_8c7e182e9edd4a9496010d2b1c99e9ab/gnocchi.f62f1f50-eded-47eb-b136-597f44654a37/1769040000.0_mean_300.0_v3" 404 70 "GET http://172.18.0.154:8080/v1/AUTH_8c7e182e9edd4a9496010d2b1c99e9ab/gnocchi.f62f1f50-eded-47eb-b136-597f44654a37/1769040000.0_mean_300.0_v3" "tx52078d27c0b34f1b9f987-00697f0db8" "proxy-server 20" 0.0004 "-" 22 0
Feb 1 08:24:24 np0005604209 proxy-server[125760]: 172.18.0.103 172.18.0.104 01/Feb/2026/08/24/24 GET /v1/AUTH_8c7e182e9edd4a9496010d2b1c99e9ab/gnocchi.f62f1f50-eded-47eb-b136-597f44654a37/1769040000.0_mean_300.0_v3 HTTP/1.0 404 - python-swiftclient-3.11.1 gAAAAABpfw1vYyou... - 70 - tx52078d27c0b34f1b9f987-00697f0db8 - 0.0146 - - 1769934264.382848978 1769934264.397463560 0
Feb 1 08:24:24 np0005604209 container-server[124211]: 172.20.0.104 - - [01/Feb/2026:08:24:24 +0000] "PUT /d1/369/AUTH_8c7e182e9edd4a9496010d2b1c99e9ab/gnocchi.f62f1f50-eded-47eb-b136-597f44654a37/1769040000.0_mean_300.0_v3" 201 - "PUT http://172.18.0.154:8080/d1/398/AUTH_8c7e182e9edd4a9496010d2b1c99e9ab/gnocchi.f62f1f50-eded-47eb-b136-597f44654a37/1769040000.0_mean_300.0_v3" "tx0c46326d96dc4f72aea70-00697f0db8" "object-server 25" 0.0006 "-" 22 0
Feb 1 08:24:24 np0005604209 object-server[124541]: 172.20.0.104 - - [01/Feb/2026:08:24:24 +0000] "PUT /d1/398/AUTH_8c7e182e9edd4a9496010d2b1c99e9ab/gnocchi.f62f1f50-eded-47eb-b136-597f44654a37/1769040000.0_mean_300.0_v3" 201 - "PUT http://172.18.0.154:8080/v1/AUTH_8c7e182e9edd4a9496010d2b1c99e9ab/gnocchi.f62f1f50-eded-47eb-b136-597f44654a37/1769040000.0_mean_300.0_v3" "tx0c46326d96dc4f72aea70-00697f0db8" "proxy-server 20" 0.0167 "-" 23 0
Feb 1 08:24:24 np0005604209 container-server[124169]: 172.20.0.104 - - [01/Feb/2026:08:24:24 +0000] "PUT /d1/369/AUTH_8c7e182e9edd4a9496010d2b1c99e9ab/gnocchi.f62f1f50-eded-47eb-b136-597f44654a37/none_v3" 201 - "PUT http://172.18.0.154:8080/d1/402/AUTH_8c7e182e9edd4a9496010d2b1c99e9ab/gnocchi.f62f1f50-eded-47eb-b136-597f44654a37/none_v3" "txdf5e8b16e1c044eca4b9d-00697f0db8" "object-server 23" 0.0007 "-" 19 0
Feb 1 08:24:24 np0005604209 object-server[124542]: 172.20.0.103 - - [01/Feb/2026:08:24:24 +0000] "PUT /d1/402/AUTH_8c7e182e9edd4a9496010d2b1c99e9ab/gnocchi.f62f1f50-eded-47eb-b136-597f44654a37/none_v3" 201 - "PUT http://172.18.0.154:8080/v1/AUTH_8c7e182e9edd4a9496010d2b1c99e9ab/gnocchi.f62f1f50-eded-47eb-b136-597f44654a37/none_v3" "txdf5e8b16e1c044eca4b9d-00697f0db8" "proxy-server 20" 0.0149 "-" 24 0
Feb 1 08:24:24 np0005604209 proxy-server[125760]: 172.18.0.103 172.18.0.104 01/Feb/2026/08/24/24 PUT /v1/AUTH_8c7e182e9edd4a9496010d2b1c99e9ab/gnocchi.f62f1f50-eded-47eb-b136-597f44654a37/none_v3 HTTP/1.0 201 - python-swiftclient-3.11.1 gAAAAABpfw1vYyou... 22 - - txdf5e8b16e1c044eca4b9d-00697f0db8 - 0.0212 - - 1769934264.430534124 1769934264.451768398 0
Feb 1 08:24:24 np0005604209 container-server[124169]: 172.20.0.103 - - [01/Feb/2026:08:24:24 +0000] "PUT /d1/128/AUTH_8c7e182e9edd4a9496010d2b1c99e9ab/gnocchi.00703353-969e-4b88-ba05-7c2007dbfdd4/none_v3" 201 - "PUT http://172.18.0.154:8080/d1/492/AUTH_8c7e182e9edd4a9496010d2b1c99e9ab/gnocchi.00703353-969e-4b88-ba05-7c2007dbfdd4/none_v3" "tx3aa1e383f51044a7a588b-00697f0db8" "object-server 23" 0.0005 "-" 19 0
Feb 1 08:24:24 np0005604209 object-server[124541]: 172.20.0.105 - - [01/Feb/2026:08:24:24 +0000] "PUT /d1/492/AUTH_8c7e182e9edd4a9496010d2b1c99e9ab/gnocchi.00703353-969e-4b88-ba05-7c2007dbfdd4/none_v3" 201 - "PUT http://172.18.0.154:8080/v1/AUTH_8c7e182e9edd4a9496010d2b1c99e9ab/gnocchi.00703353-969e-4b88-ba05-7c2007dbfdd4/none_v3" "tx3aa1e383f51044a7a588b-00697f0db8" "proxy-server 20" 0.0094 "-" 23 0
Feb 1 08:24:24 np0005604209 container-server[124211]: 172.20.0.104 - - [01/Feb/2026:08:24:24 +0000] "HEAD /d1/923/AUTH_8c7e182e9edd4a9496010d2b1c99e9ab/gnocchi.10743380-2f2c-439d-8a2e-3a7dfed95898" 404 - "HEAD http://172.18.0.154:8080/v1/AUTH_8c7e182e9edd4a9496010d2b1c99e9ab/gnocchi.10743380-2f2c-439d-8a2e-3a7dfed95898?format=json&states=listing" "tx1070832de8704ca0a33c4-00697f0db8" "proxy-server 20" 0.0010 "-" 22 0
Feb 1 08:24:24 np0005604209 object-server[124542]: 172.20.0.104 - - [01/Feb/2026:08:24:24 +0000] "GET /d1/861/AUTH_8c7e182e9edd4a9496010d2b1c99e9ab/gnocchi.10743380-2f2c-439d-8a2e-3a7dfed95898/none_v3" 404 70 "GET http://172.18.0.154:8080/v1/AUTH_8c7e182e9edd4a9496010d2b1c99e9ab/gnocchi.10743380-2f2c-439d-8a2e-3a7dfed95898/none_v3" "tx1070832de8704ca0a33c4-00697f0db8" "proxy-server 20" 0.0003 "-" 24 0
Feb 1 08:24:24 np0005604209 account-server[123718]: 172.20.0.103 - - [01/Feb/2026:08:24:24 +0000] "PUT /d1/833/AUTH_8c7e182e9edd4a9496010d2b1c99e9ab/gnocchi.10743380-2f2c-439d-8a2e-3a7dfed95898" 201 - "PUT http://172.20.0.103:6001/d1/923/AUTH_8c7e182e9edd4a9496010d2b1c99e9ab/gnocchi.10743380-2f2c-439d-8a2e-3a7dfed95898" "tx3c86ff43cfcf45d1913da-00697f0db8" "container-server 21" 0.0011 "-" 20 0
Feb 1 08:24:24 np0005604209 container-server[124202]: 172.20.0.103 - - [01/Feb/2026:08:24:24 +0000] "PUT /d1/923/AUTH_8c7e182e9edd4a9496010d2b1c99e9ab/gnocchi.10743380-2f2c-439d-8a2e-3a7dfed95898" 201 - "PUT http://172.18.0.154:8080/v1/AUTH_8c7e182e9edd4a9496010d2b1c99e9ab/gnocchi.10743380-2f2c-439d-8a2e-3a7dfed95898" "tx3c86ff43cfcf45d1913da-00697f0db8" "proxy-server 20" 0.0114 "-" 21 0
Feb 1 08:24:24 np0005604209 proxy-server[125760]: 172.18.0.154 172.18.0.104 01/Feb/2026/08/24/24 PUT /v1/AUTH_8c7e182e9edd4a9496010d2b1c99e9ab/gnocchi.10743380-2f2c-439d-8a2e-3a7dfed95898 HTTP/1.0 201 - python-swiftclient-3.11.1 gAAAAABpfw24v4L0... - - - tx3c86ff43cfcf45d1913da-00697f0db8 - 0.0280 - - 1769934264.864115238 1769934264.892085552 0
Feb 1 08:24:24 np0005604209 object-server[124541]: 172.20.0.104 - - [01/Feb/2026:08:24:24 +0000] "GET /d1/464/AUTH_8c7e182e9edd4a9496010d2b1c99e9ab/gnocchi.10743380-2f2c-439d-8a2e-3a7dfed95898/1769040000.0_mean_300.0_v3" 404 70 "GET http://172.18.0.154:8080/v1/AUTH_8c7e182e9edd4a9496010d2b1c99e9ab/gnocchi.10743380-2f2c-439d-8a2e-3a7dfed95898/1769040000.0_mean_300.0_v3" "tx5fce2297d4b740b8b8330-00697f0db8" "proxy-server 20" 0.0005 "-" 23 0
Feb 1 08:24:24 np0005604209 container-server[124211]: 172.20.0.103 - - [01/Feb/2026:08:24:24 +0000] "PUT /d1/923/AUTH_8c7e182e9edd4a9496010d2b1c99e9ab/gnocchi.10743380-2f2c-439d-8a2e-3a7dfed95898/1769040000.0_mean_300.0_v3" 201 - "PUT http://172.18.0.154:8080/d1/464/AUTH_8c7e182e9edd4a9496010d2b1c99e9ab/gnocchi.10743380-2f2c-439d-8a2e-3a7dfed95898/1769040000.0_mean_300.0_v3" "txaff76ddeeb1b455480994-00697f0db8" "object-server 24" 0.0009 "-" 22 0
Feb 1 08:24:24 np0005604209 object-server[124542]: 172.20.0.103 - - [01/Feb/2026:08:24:24 +0000] "PUT /d1/464/AUTH_8c7e182e9edd4a9496010d2b1c99e9ab/gnocchi.10743380-2f2c-439d-8a2e-3a7dfed95898/1769040000.0_mean_300.0_v3" 201 - "PUT http://172.18.0.154:8080/v1/AUTH_8c7e182e9edd4a9496010d2b1c99e9ab/gnocchi.10743380-2f2c-439d-8a2e-3a7dfed95898/1769040000.0_mean_300.0_v3" "txaff76ddeeb1b455480994-00697f0db8" "proxy-server 20" 0.0195 "-" 24 0
Feb 1 08:24:24 np0005604209 proxy-server[125760]: 172.18.0.154 172.18.0.104 01/Feb/2026/08/24/24 PUT /v1/AUTH_8c7e182e9edd4a9496010d2b1c99e9ab/gnocchi.10743380-2f2c-439d-8a2e-3a7dfed95898/1769040000.0_mean_300.0_v3 HTTP/1.0 201 - python-swiftclient-3.11.1 gAAAAABpfw24v4L0... 16 - - txaff76ddeeb1b455480994-00697f0db8 - 0.0302 - - 1769934264.957399607 1769934264.987636566 0
Feb 1 08:24:25 np0005604209 container-server[124179]: 172.20.0.104 - - [01/Feb/2026:08:24:25 +0000] "PUT /d1/923/AUTH_8c7e182e9edd4a9496010d2b1c99e9ab/gnocchi.10743380-2f2c-439d-8a2e-3a7dfed95898/none_v3" 201 - "PUT http://172.18.0.154:8080/d1/861/AUTH_8c7e182e9edd4a9496010d2b1c99e9ab/gnocchi.10743380-2f2c-439d-8a2e-3a7dfed95898/none_v3" "tx2ea1ca91a5d1414ea7a99-00697f0db8" "object-server 23" 0.0008 "-" 20 0
Feb 1 08:24:25 np0005604209 object-server[124542]: 172.20.0.105 - - [01/Feb/2026:08:24:25 +0000] "PUT /d1/861/AUTH_8c7e182e9edd4a9496010d2b1c99e9ab/gnocchi.10743380-2f2c-439d-8a2e-3a7dfed95898/none_v3" 201 - "PUT http://172.18.0.154:8080/v1/AUTH_8c7e182e9edd4a9496010d2b1c99e9ab/gnocchi.10743380-2f2c-439d-8a2e-3a7dfed95898/none_v3" "tx2ea1ca91a5d1414ea7a99-00697f0db8" "proxy-server 20" 0.0494 "-" 24 0
Feb 1 08:24:35 np0005604209 account-server[123718]: 172.20.0.105 - - [01/Feb/2026:08:24:35 +0000] "HEAD /d1/581/.expiring_objects" 404 - "HEAD http://localhost/v1/.expiring_objects?format=json" "tx5fb66679b740477abb53b-00697f0dc3" "proxy-server 2" 0.0009 "-" 20 -
Feb 1 08:24:35 np0005604209 object-server[124073]: Starting object replication pass.
Feb 1 08:24:35 np0005604209 object-server[124073]: 16/16 (100.00%) partitions replicated in 0.43s (37.32/sec, 0s remaining)
Feb 1 08:24:35 np0005604209 object-server[124073]: 32 successes, 0 failures
Feb 1 08:24:35 np0005604209 object-server[124073]: 16 suffixes checked - 62.50% hashed, 0.00% synced
Feb 1 08:24:35 np0005604209 object-server[124073]: Partition times: max 0.0455s, min 0.0088s, med 0.0322s
Feb 1 08:24:35 np0005604209 object-server[124073]: Object replication complete. (0.01 minutes)
Feb 1 08:24:37 np0005604209 object-server[214557]: Begin object audit "forever" mode (ZBF)
Feb 1 08:24:37 np0005604209 object-server[214557]: Object audit (ZBF). Since Sun Feb 1 08:24:37 2026: Locally: 1 passed, 0 quarantined, 0 errors, files/sec: 420.95, bytes/sec: 0.00, Total time: 0.00, Auditing time: 0.00, Rate: 0.00
Feb 1 08:24:38 np0005604209 object-server[214557]: Object audit (ZBF) "forever" mode completed: 0.28s. Total quarantined: 0, Total errors: 0, Total files/sec: 56.26, Total bytes/sec: 0.00, Auditing time: 0.28, Rate: 0.98
Feb 1 08:24:40 np0005604209 account-server[123403]: Beginning replication run
Feb 1 08:24:40 np0005604209 account-server[123403]: Replication run OVER
Feb 1 08:24:40 np0005604209 account-server[123403]: Attempted to replicate 1 dbs in 0.03733 seconds (26.79049/s)
Feb 1 08:24:40 np0005604209 account-server[123403]: Removed 0 dbs
Feb 1 08:24:40 np0005604209 account-server[123403]: 2 successes, 0 failures
Feb 1 08:24:40 np0005604209 account-server[123403]: diff:0 diff_capped:0 empty:0 hashmatch:0 no_change:2 remote_merge:0 rsync:0 ts_repl:0
Feb 1 08:24:45 np0005604209 container-server[123554]: Beginning replication run
Feb 1 08:24:45 np0005604209 container-server[123554]: Replication run OVER
Feb 1 08:24:45 np0005604209 container-server[123554]: Attempted to replicate 8 dbs in 0.16716 seconds (47.85885/s)
Feb 1 08:24:45 np0005604209 container-server[123554]: Removed 0 dbs
Feb 1 08:24:45 np0005604209 container-server[123554]: 16 successes, 0 failures
Feb 1 08:24:45 np0005604209 container-server[123554]: diff:0 diff_capped:0 empty:0 hashmatch:0 no_change:16 remote_merge:0 rsync:0 ts_repl:0
Feb 1 08:24:54 np0005604209 account-server[123718]: 172.20.0.103 - - [01/Feb/2026:08:24:54 +0000] "HEAD /d1/581/.expiring_objects" 404 - "HEAD http://localhost/v1/.expiring_objects?format=json" "tx8482cd403940497fa13ba-00697f0dd6" "proxy-server 2" 0.0006 "-" 20 -
Feb 1 08:24:54 np0005604209 object-expirer[123940]: Pass completed in 0s; 0 objects expired (txn: tx8482cd403940497fa13ba-00697f0dd6)
Feb 1 08:25:05 np0005604209 object-server[124073]: Starting object replication pass.
Feb 1 08:25:06 np0005604209 object-server[124073]: 16/16 (100.00%) partitions replicated in 0.16s (97.93/sec, 0s remaining)
Feb 1 08:25:06 np0005604209 object-server[124073]: 32 successes, 0 failures
Feb 1 08:25:06 np0005604209 object-server[124073]: 16 suffixes checked - 0.00% hashed, 0.00% synced
Feb 1 08:25:06 np0005604209 object-server[124073]: Partition times: max 0.0115s, min 0.0079s, med 0.0098s
Feb 1 08:25:06 np0005604209 object-server[124073]: Object replication complete. (0.00 minutes)
Feb 1 08:25:08 np0005604209 object-server[220396]: Begin object audit "forever" mode (ZBF)
Feb 1 08:25:08 np0005604209 object-server[220397]: Begin object audit "forever" mode (ALL)
Feb 1 08:25:08 np0005604209 object-server[220396]: Object audit (ZBF). Since Sun Feb 1 08:25:08 2026: Locally: 1 passed, 0 quarantined, 0 errors, files/sec: 577.81, bytes/sec: 0.00, Total time: 0.00, Auditing time: 0.00, Rate: 0.00
Feb 1 08:25:08 np0005604209 object-server[220397]: Object audit (ALL). Since Sun Feb 1 08:25:08 2026: Locally: 1 passed, 0 quarantined, 0 errors, files/sec: 108.25, bytes/sec: 1732.02, Total time: 0.01, Auditing time: 0.00, Rate: 0.00
Feb 1 08:25:08 np0005604209 object-server[220396]: Object audit (ZBF) "forever" mode completed: 0.28s. Total quarantined: 0, Total errors: 0, Total files/sec: 56.52, Total bytes/sec: 0.00, Auditing time: 0.28, Rate: 0.98
Feb 1 08:25:08 np0005604209 object-server[220397]: Object audit (ALL) "forever" mode completed: 0.71s. Total quarantined: 0, Total errors: 0, Total files/sec: 22.51, Total bytes/sec: 441.70, Auditing time: 0.70, Rate: 0.99
Feb 1 08:25:09 np0005604209 account-server[123135]: Devices pass completed: 0.00s
Feb 1 08:25:10 np0005604209 account-server[123403]: Beginning replication run
Feb 1 08:25:10 np0005604209 account-server[123403]: Replication run OVER
Feb 1 08:25:10 np0005604209 account-server[123403]: Attempted to replicate 1 dbs in 0.02475 seconds (40.40544/s)
Feb 1 08:25:10 np0005604209 account-server[123403]: Removed 0 dbs
Feb 1 08:25:10 np0005604209 account-server[123403]: 2 successes, 0 failures
Feb 1 08:25:10 np0005604209 account-server[123403]: diff:0 diff_capped:0 empty:0 hashmatch:0 no_change:2 remote_merge:0 rsync:0 ts_repl:0
Feb 1 08:25:15 np0005604209 container-server[123554]: Beginning replication run
Feb 1 08:25:15 np0005604209 container-server[123554]: Replication run OVER
Feb 1 08:25:15 np0005604209 container-server[123554]: Attempted to replicate 8 dbs in 0.15204 seconds (52.61671/s)
Feb 1 08:25:15 np0005604209 container-server[123554]: Removed 0 dbs
Feb 1 08:25:15 np0005604209 container-server[123554]: 16 successes, 0 failures
Feb 1 08:25:15 np0005604209 container-server[123554]: diff:0 diff_capped:0 empty:0 hashmatch:0 no_change:16 remote_merge:0 rsync:0 ts_repl:0
Feb 1 08:25:24 np0005604209 account-server[123721]: 172.20.0.104 - - [01/Feb/2026:08:25:24 +0000] "PUT /d1/833/AUTH_8c7e182e9edd4a9496010d2b1c99e9ab/gnocchi.c0d034e1-81d5-4588-b05e-cf6b2bd2eda8" 201 - "-" "-" "container-updater 2" 0.0023 "-" 22 0
Feb 1 08:25:24 np0005604209 account-server[123719]: 172.20.0.104 - - [01/Feb/2026:08:25:24 +0000] "PUT /d1/833/AUTH_8c7e182e9edd4a9496010d2b1c99e9ab/gnocchi.c3ef7314-5e39-4fcf-9959-654c2ca1597b" 201 - "-" "-" "container-updater 2" 0.0005 "-" 21 0
Feb 1 08:25:24 np0005604209 account-server[123721]: 172.20.0.104 - - [01/Feb/2026:08:25:24 +0000] "PUT /d1/833/AUTH_8c7e182e9edd4a9496010d2b1c99e9ab/gnocchi.65f9724a-9ac3-4860-b23b-2547251206f7" 201 - "-" "-" "container-updater 2" 0.0007 "-" 22 0
Feb 1 08:25:24 np0005604209 account-server[123719]: 172.20.0.104 - - [01/Feb/2026:08:25:24 +0000] "PUT /d1/833/AUTH_8c7e182e9edd4a9496010d2b1c99e9ab/gnocchi.f62f1f50-eded-47eb-b136-597f44654a37" 201 - "-" "-" "container-updater 2" 0.0008 "-" 21 0
Feb 1 08:25:24 np0005604209 account-server[123718]: 172.20.0.104 - - [01/Feb/2026:08:25:24 +0000] "PUT /d1/833/AUTH_8c7e182e9edd4a9496010d2b1c99e9ab/gnocchi.10743380-2f2c-439d-8a2e-3a7dfed95898" 201 - "-" "-" "container-updater 2" 0.0106 "-" 20 0
Feb 1 08:25:24 np0005604209 account-server[123734]: 172.20.0.104 - - [01/Feb/2026:08:25:24 +0000] "PUT /d1/833/AUTH_8c7e182e9edd4a9496010d2b1c99e9ab/gnocchi.00703353-969e-4b88-ba05-7c2007dbfdd4" 201 - "-" "-" "container-updater 2" 0.0010 "-" 23 0
Feb 1 08:25:24 np0005604209 account-server[123721]: 172.20.0.104 - - [01/Feb/2026:08:25:24 +0000] "PUT /d1/833/AUTH_8c7e182e9edd4a9496010d2b1c99e9ab/gnocchi.eb7c1786-c772-4010-96f3-26505f103ddb" 201 - "-" "-" "container-updater 2" 0.0009 "-" 22 0
Feb 1 08:25:24 np0005604209 account-server[123721]: 172.20.0.104 - - [01/Feb/2026:08:25:24 +0000] "PUT /d1/833/AUTH_8c7e182e9edd4a9496010d2b1c99e9ab/gnocchi.335e3853-c550-4621-9480-712eb59d1cd0" 201 - "-" "-" "container-updater 2" 0.0008 "-" 22 0
Feb 1 08:25:36 np0005604209 object-server[124073]: Starting object replication pass.
Feb 1 08:25:36 np0005604209 object-server[124073]: 16/16 (100.00%) partitions replicated in 0.17s (95.86/sec, 0s remaining)
Feb 1 08:25:36 np0005604209 object-server[124073]: 32 successes, 0 failures
Feb 1 08:25:36 np0005604209 object-server[124073]: 16 suffixes checked - 0.00% hashed, 0.00% synced
Feb 1 08:25:36 np0005604209 object-server[124073]: Partition times: max 0.0153s, min 0.0062s, med 0.0089s
Feb 1 08:25:36 np0005604209 object-server[124073]: Object replication complete. (0.00 minutes)
Feb 1 08:25:38 np0005604209 object-server[220422]: Begin object audit "forever" mode (ZBF)
Feb 1 08:25:38 np0005604209 object-server[220422]: Object audit (ZBF). Since Sun Feb 1 08:25:38 2026: Locally: 1 passed, 0 quarantined, 0 errors, files/sec: 490.28, bytes/sec: 0.00, Total time: 0.00, Auditing time: 0.00, Rate: 0.00
Feb 1 08:25:38 np0005604209 object-server[220422]: Object audit (ZBF) "forever" mode completed: 0.28s. Total quarantined: 0, Total errors: 0, Total files/sec: 56.36, Total bytes/sec: 0.00, Auditing time: 0.28, Rate: 0.98
Feb 1 08:25:40 np0005604209 account-server[123403]: Beginning replication run
Feb 1 08:25:40 np0005604209 account-server[123403]: Replication run OVER
Feb 1 08:25:40 np0005604209 account-server[123403]: Attempted to replicate 1 dbs in 0.03107 seconds (32.18134/s)
Feb 1 08:25:40 np0005604209 account-server[123403]: Removed 0 dbs
Feb 1 08:25:40 np0005604209 account-server[123403]: 2 successes, 0 failures
Feb 1 08:25:40 np0005604209 account-server[123403]: diff:0 diff_capped:0 empty:0 hashmatch:0 no_change:2 remote_merge:0 rsync:0 ts_repl:0
Feb 1 08:25:45 np0005604209 container-server[123554]: Beginning replication run
Feb 1 08:25:45 np0005604209 container-server[123554]: Replication run OVER
Feb 1 08:25:45 np0005604209 container-server[123554]: Attempted to replicate 8 dbs in 0.15101 seconds (52.97591/s)
Feb 1 08:25:45 np0005604209 container-server[123554]: Removed 0 dbs
Feb 1 08:25:45 np0005604209 container-server[123554]: 16 successes, 0 failures
Feb 1 08:25:45 np0005604209 container-server[123554]: diff:0 diff_capped:0 empty:0 hashmatch:0 no_change:16 remote_merge:0 rsync:0 ts_repl:0
Feb 1 08:26:04 np0005604209 container-server[124179]: 172.20.0.103 - - [01/Feb/2026:08:26:04 +0000] "HEAD /d1/613/AUTH_8c7e182e9edd4a9496010d2b1c99e9ab/gnocchi.63794a9d-58f8-46e7-bc82-3ec75536e0f7" 404 - "HEAD http://172.18.0.154:8080/v1/AUTH_8c7e182e9edd4a9496010d2b1c99e9ab/gnocchi.63794a9d-58f8-46e7-bc82-3ec75536e0f7?format=json&states=listing" "tx5cf1de145f444713b28d6-00697f0e1c" "proxy-server 20" 0.0010 "-" 20 0
Feb 1 08:26:04 np0005604209 container-server[124179]: 172.20.0.105 - - [01/Feb/2026:08:26:04 +0000] "HEAD /d1/835/AUTH_8c7e182e9edd4a9496010d2b1c99e9ab/gnocchi.0d76bf91-550c-4c17-80e7-6db8ed6bfcc1" 404 - "HEAD http://172.18.0.154:8080/v1/AUTH_8c7e182e9edd4a9496010d2b1c99e9ab/gnocchi.0d76bf91-550c-4c17-80e7-6db8ed6bfcc1?format=json&states=listing" "tx9d1eeb2ee4594862b77f8-00697f0e1c" "proxy-server 20" 0.0003 "-" 20 0
Feb 1 08:26:04 np0005604209 container-server[124179]: 172.20.0.104 - - [01/Feb/2026:08:26:04 +0000] "HEAD /d1/97/AUTH_8c7e182e9edd4a9496010d2b1c99e9ab/gnocchi.40be35d3-d0e0-4254-9796-2232b90515a1" 404 - "HEAD http://172.18.0.154:8080/v1/AUTH_8c7e182e9edd4a9496010d2b1c99e9ab/gnocchi.40be35d3-d0e0-4254-9796-2232b90515a1?format=json&states=listing" "tx337a45f09c9b4679a5dd4-00697f0e1c" "proxy-server 20" 0.0009 "-" 20 0
Feb 1 08:26:04 np0005604209 object-server[124534]: 172.20.0.105 - - [01/Feb/2026:08:26:04 +0000] "GET /d1/841/AUTH_8c7e182e9edd4a9496010d2b1c99e9ab/gnocchi.0d76bf91-550c-4c17-80e7-6db8ed6bfcc1/none_v3" 404 70 "GET http://172.18.0.154:8080/v1/AUTH_8c7e182e9edd4a9496010d2b1c99e9ab/gnocchi.0d76bf91-550c-4c17-80e7-6db8ed6bfcc1/none_v3" "tx9d1eeb2ee4594862b77f8-00697f0e1c" "proxy-server 20" 0.0007 "-" 22 0
Feb 1 08:26:04 np0005604209 object-server[124542]: 172.20.0.104 - - [01/Feb/2026:08:26:04 +0000] "GET /d1/553/AUTH_8c7e182e9edd4a9496010d2b1c99e9ab/gnocchi.40be35d3-d0e0-4254-9796-2232b90515a1/none_v3" 404 70 "GET http://172.18.0.154:8080/v1/AUTH_8c7e182e9edd4a9496010d2b1c99e9ab/gnocchi.40be35d3-d0e0-4254-9796-2232b90515a1/none_v3" "tx337a45f09c9b4679a5dd4-00697f0e1c" "proxy-server 20" 0.0007 "-" 24 0
Feb 1 08:26:04 np0005604209 object-server[124542]: 172.20.0.103 - - [01/Feb/2026:08:26:04 +0000] "GET /d1/651/AUTH_8c7e182e9edd4a9496010d2b1c99e9ab/gnocchi.63794a9d-58f8-46e7-bc82-3ec75536e0f7/none_v3" 404 70 "GET http://172.18.0.154:8080/v1/AUTH_8c7e182e9edd4a9496010d2b1c99e9ab/gnocchi.63794a9d-58f8-46e7-bc82-3ec75536e0f7/none_v3" "tx5cf1de145f444713b28d6-00697f0e1c" "proxy-server 20" 0.0003 "-" 24 0
Feb 1 08:26:04 np0005604209 proxy-server[125760]: 172.18.0.105 172.18.0.104 01/Feb/2026/08/26/04 GET /v1/AUTH_8c7e182e9edd4a9496010d2b1c99e9ab/gnocchi.63794a9d-58f8-46e7-bc82-3ec75536e0f7/none_v3 HTTP/1.0 404 - python-swiftclient-3.11.1 gAAAAABpfw2NcD79... - 70 - tx5cf1de145f444713b28d6-00697f0e1c - 0.0347 - - 1769934364.134853840 1769934364.169550180 0
Feb 1 08:26:04 np0005604209 account-server[123719]: 172.20.0.104 - - [01/Feb/2026:08:26:04 +0000] "PUT /d1/833/AUTH_8c7e182e9edd4a9496010d2b1c99e9ab/gnocchi.40be35d3-d0e0-4254-9796-2232b90515a1" 201 - "PUT http://172.20.0.104:6001/d1/97/AUTH_8c7e182e9edd4a9496010d2b1c99e9ab/gnocchi.40be35d3-d0e0-4254-9796-2232b90515a1" "txd3cac4fdd1d34e2b9441d-00697f0e1c" "container-server 23" 0.0017 "-" 21 0
Feb 1 08:26:04 np0005604209 container-server[124211]: 172.20.0.104 - - [01/Feb/2026:08:26:04 +0000] "PUT /d1/97/AUTH_8c7e182e9edd4a9496010d2b1c99e9ab/gnocchi.40be35d3-d0e0-4254-9796-2232b90515a1" 201 - "PUT http://172.18.0.154:8080/v1/AUTH_8c7e182e9edd4a9496010d2b1c99e9ab/gnocchi.40be35d3-d0e0-4254-9796-2232b90515a1" "txd3cac4fdd1d34e2b9441d-00697f0e1c" "proxy-server 20" 0.0178 "-" 22 0
Feb 1 08:26:04 np0005604209 account-server[123719]: 172.20.0.104 - - [01/Feb/2026:08:26:04 +0000] "PUT /d1/833/AUTH_8c7e182e9edd4a9496010d2b1c99e9ab/gnocchi.63794a9d-58f8-46e7-bc82-3ec75536e0f7" 201 - "PUT http://172.20.0.104:6001/d1/613/AUTH_8c7e182e9edd4a9496010d2b1c99e9ab/gnocchi.63794a9d-58f8-46e7-bc82-3ec75536e0f7" "tx7ddb08b3c7da494cb5cfc-00697f0e1c" "container-server 20" 0.0056 "-" 21 0
Feb 1 08:26:04 np0005604209 container-server[124202]: 172.20.0.105 - - [01/Feb/2026:08:26:04 +0000] "PUT /d1/835/AUTH_8c7e182e9edd4a9496010d2b1c99e9ab/gnocchi.0d76bf91-550c-4c17-80e7-6db8ed6bfcc1" 201 - "PUT http://172.18.0.154:8080/v1/AUTH_8c7e182e9edd4a9496010d2b1c99e9ab/gnocchi.0d76bf91-550c-4c17-80e7-6db8ed6bfcc1" "tx574532cfde1f4aecbdce6-00697f0e1c" "proxy-server 20" 0.0245 "-" 21 0
Feb 1 08:26:04 np0005604209 account-server[123734]: 172.20.0.105 - - [01/Feb/2026:08:26:04 +0000] "PUT /d1/833/AUTH_8c7e182e9edd4a9496010d2b1c99e9ab/gnocchi.0d76bf91-550c-4c17-80e7-6db8ed6bfcc1" 201 - "PUT http://172.20.0.105:6001/d1/835/AUTH_8c7e182e9edd4a9496010d2b1c99e9ab/gnocchi.0d76bf91-550c-4c17-80e7-6db8ed6bfcc1" "tx574532cfde1f4aecbdce6-00697f0e1c" "container-server 20" 0.0120 "-" 23 0
Feb 1 08:26:04 np0005604209 container-server[124179]: 172.20.0.104 - - [01/Feb/2026:08:26:04 +0000] "HEAD /d1/97/AUTH_8c7e182e9edd4a9496010d2b1c99e9ab/gnocchi.40be35d3-d0e0-4254-9796-2232b90515a1" 204 - "HEAD http://172.18.0.154:8080/v1/AUTH_8c7e182e9edd4a9496010d2b1c99e9ab/gnocchi.40be35d3-d0e0-4254-9796-2232b90515a1?format=json&states=listing" "tx16d4bd4e7d7d47c8a6e26-00697f0e1c" "proxy-server 20" 0.0013 "-" 20 0
Feb 1 08:26:04 np0005604209 container-server[124169]: 172.20.0.103 - - [01/Feb/2026:08:26:04 +0000] "PUT /d1/613/AUTH_8c7e182e9edd4a9496010d2b1c99e9ab/gnocchi.63794a9d-58f8-46e7-bc82-3ec75536e0f7" 201 - "PUT http://172.18.0.154:8080/v1/AUTH_8c7e182e9edd4a9496010d2b1c99e9ab/gnocchi.63794a9d-58f8-46e7-bc82-3ec75536e0f7" "tx7ddb08b3c7da494cb5cfc-00697f0e1c" "proxy-server 20" 0.0316 "-" 19 0
Feb 1 08:26:04 np0005604209 proxy-server[125760]: 172.18.0.105 172.18.0.104 01/Feb/2026/08/26/04 PUT /v1/AUTH_8c7e182e9edd4a9496010d2b1c99e9ab/gnocchi.63794a9d-58f8-46e7-bc82-3ec75536e0f7 HTTP/1.0 201 - python-swiftclient-3.11.1 gAAAAABpfw2NcD79... - - - tx7ddb08b3c7da494cb5cfc-00697f0e1c - 0.0407 - - 1769934364.173686504 1769934364.214422941 0
Feb 1 08:26:04 np0005604209 proxy-server[125760]: - - 01/Feb/2026/08/26/04 HEAD /v1/AUTH_8c7e182e9edd4a9496010d2b1c99e9ab/gnocchi.63794a9d-58f8-46e7-bc82-3ec75536e0f7%3Fformat%3Djson%26states%3Dlisting HTTP/1.0 204 - Swift - - - - tx32e8fc12bb6b41de91455-00697f0e1c - 0.0053 RL - 1769934364.220365524 1769934364.225670338 0
Feb 1 08:26:04 np0005604209 proxy-server[125760]: 172.18.0.105 172.18.0.104 01/Feb/2026/08/26/04 GET /v1/AUTH_8c7e182e9edd4a9496010d2b1c99e9ab/gnocchi.63794a9d-58f8-46e7-bc82-3ec75536e0f7%3Fformat%3Djson%26states%3Dlisting HTTP/1.0 200 - python-swiftclient-3.11.1 gAAAAABpfw2NcD79... - 2 - tx32e8fc12bb6b41de91455-00697f0e1c - 0.0148 - - 1769934364.218667269 1769934364.233512402 0
Feb 1 08:26:04 np0005604209 object-server[124552]: 172.20.0.104 - - [01/Feb/2026:08:26:04 +0000] "GET /d1/767/AUTH_8c7e182e9edd4a9496010d2b1c99e9ab/gnocchi.40be35d3-d0e0-4254-9796-2232b90515a1/1769040000.0_mean_300.0_v3" 404 70 "GET http://172.18.0.154:8080/v1/AUTH_8c7e182e9edd4a9496010d2b1c99e9ab/gnocchi.40be35d3-d0e0-4254-9796-2232b90515a1/1769040000.0_mean_300.0_v3" "tx87ad9a456e9f48f6b5333-00697f0e1c" "proxy-server 20" 0.0005 "-" 25 0
Feb 1 08:26:04 np0005604209 object-server[124542]: 172.20.0.103 - - [01/Feb/2026:08:26:04 +0000] "GET /d1/129/AUTH_8c7e182e9edd4a9496010d2b1c99e9ab/gnocchi.63794a9d-58f8-46e7-bc82-3ec75536e0f7/1769040000.0_mean_300.0_v3" 404 70 "GET http://172.18.0.154:8080/v1/AUTH_8c7e182e9edd4a9496010d2b1c99e9ab/gnocchi.63794a9d-58f8-46e7-bc82-3ec75536e0f7/1769040000.0_mean_300.0_v3" "tx348f00d457de42ffa27bb-00697f0e1c" "proxy-server 20" 0.0003 "-" 24 0
Feb 1 08:26:04 np0005604209 proxy-server[125760]: 172.18.0.105 172.18.0.104 01/Feb/2026/08/26/04 GET /v1/AUTH_8c7e182e9edd4a9496010d2b1c99e9ab/gnocchi.63794a9d-58f8-46e7-bc82-3ec75536e0f7/1769040000.0_mean_300.0_v3 HTTP/1.0 404 - python-swiftclient-3.11.1 gAAAAABpfw2NcD79... - 70 - tx348f00d457de42ffa27bb-00697f0e1c - 0.0139 - - 1769934364.237960815 1769934364.251835108 0
Feb 1 08:26:04 np0005604209 object-server[124552]: 172.20.0.105 - - [01/Feb/2026:08:26:04 +0000] "GET /d1/137/AUTH_8c7e182e9edd4a9496010d2b1c99e9ab/gnocchi.0d76bf91-550c-4c17-80e7-6db8ed6bfcc1/1769040000.0_mean_300.0_v3" 404 70 "GET http://172.18.0.154:8080/v1/AUTH_8c7e182e9edd4a9496010d2b1c99e9ab/gnocchi.0d76bf91-550c-4c17-80e7-6db8ed6bfcc1/1769040000.0_mean_300.0_v3" "tx4fddd98e8de94f6db3367-00697f0e1c" "proxy-server 20" 0.0004 "-" 25 0
Feb 1 08:26:04 np0005604209 container-server[124169]: 172.20.0.103 - - [01/Feb/2026:08:26:04 +0000] "PUT /d1/97/AUTH_8c7e182e9edd4a9496010d2b1c99e9ab/gnocchi.40be35d3-d0e0-4254-9796-2232b90515a1/1769040000.0_mean_300.0_v3" 201 - "PUT http://172.18.0.154:8080/d1/767/AUTH_8c7e182e9edd4a9496010d2b1c99e9ab/gnocchi.40be35d3-d0e0-4254-9796-2232b90515a1/1769040000.0_mean_300.0_v3" "txbc13b5d2f7c3499ea6167-00697f0e1c" "object-server 24" 0.0010 "-" 19 0
Feb 1 08:26:04 np0005604209 object-server[124542]: 172.20.0.104 - - [01/Feb/2026:08:26:04 +0000] "PUT /d1/767/AUTH_8c7e182e9edd4a9496010d2b1c99e9ab/gnocchi.40be35d3-d0e0-4254-9796-2232b90515a1/1769040000.0_mean_300.0_v3" 201 - "PUT http://172.18.0.154:8080/v1/AUTH_8c7e182e9edd4a9496010d2b1c99e9ab/gnocchi.40be35d3-d0e0-4254-9796-2232b90515a1/1769040000.0_mean_300.0_v3" "txbc13b5d2f7c3499ea6167-00697f0e1c" "proxy-server 20" 0.0123 "-" 24 0
Feb 1 08:26:04 np0005604209 container-server[124202]: 172.20.0.104 - - [01/Feb/2026:08:26:04 +0000] "PUT /d1/613/AUTH_8c7e182e9edd4a9496010d2b1c99e9ab/gnocchi.63794a9d-58f8-46e7-bc82-3ec75536e0f7/1769040000.0_mean_300.0_v3" 201 - "PUT http://172.18.0.154:8080/d1/129/AUTH_8c7e182e9edd4a9496010d2b1c99e9ab/gnocchi.63794a9d-58f8-46e7-bc82-3ec75536e0f7/1769040000.0_mean_300.0_v3" "txee554237596f479b885c8-00697f0e1c" "object-server 23" 0.0009 "-" 21 0
Feb 1 08:26:04 np0005604209 container-server[124169]: 172.20.0.103 - - [01/Feb/2026:08:26:04 +0000] "PUT /d1/835/AUTH_8c7e182e9edd4a9496010d2b1c99e9ab/gnocchi.0d76bf91-550c-4c17-80e7-6db8ed6bfcc1/1769040000.0_mean_300.0_v3" 201 - "PUT http://172.18.0.154:8080/d1/137/AUTH_8c7e182e9edd4a9496010d2b1c99e9ab/gnocchi.0d76bf91-550c-4c17-80e7-6db8ed6bfcc1/1769040000.0_mean_300.0_v3" "tx275bd50bbda34b4b8dae6-00697f0e1c" "object-server 23" 0.0012 "-" 19 0
Feb 1 08:26:04 np0005604209 object-server[124541]: 172.20.0.105 - - [01/Feb/2026:08:26:04 +0000] "PUT /d1/137/AUTH_8c7e182e9edd4a9496010d2b1c99e9ab/gnocchi.0d76bf91-550c-4c17-80e7-6db8ed6bfcc1/1769040000.0_mean_300.0_v3" 201 - "PUT http://172.18.0.154:8080/v1/AUTH_8c7e182e9edd4a9496010d2b1c99e9ab/gnocchi.0d76bf91-550c-4c17-80e7-6db8ed6bfcc1/1769040000.0_mean_300.0_v3" "tx275bd50bbda34b4b8dae6-00697f0e1c" "proxy-server 20" 0.0117 "-" 23 0
Feb 1 08:26:04 np0005604209 object-server[124534]: 172.20.0.103 - - [01/Feb/2026:08:26:04 +0000] "PUT /d1/129/AUTH_8c7e182e9edd4a9496010d2b1c99e9ab/gnocchi.63794a9d-58f8-46e7-bc82-3ec75536e0f7/1769040000.0_mean_300.0_v3" 201 - "PUT http://172.18.0.154:8080/v1/AUTH_8c7e182e9edd4a9496010d2b1c99e9ab/gnocchi.63794a9d-58f8-46e7-bc82-3ec75536e0f7/1769040000.0_mean_300.0_v3" "txee554237596f479b885c8-00697f0e1c" "proxy-server 20" 0.0141 "-" 22 0
Feb 1 08:26:04 np0005604209 proxy-server[125760]: 172.18.0.105 172.18.0.104 01/Feb/2026/08/26/04 PUT /v1/AUTH_8c7e182e9edd4a9496010d2b1c99e9ab/gnocchi.63794a9d-58f8-46e7-bc82-3ec75536e0f7/1769040000.0_mean_300.0_v3 HTTP/1.0 201 - python-swiftclient-3.11.1 gAAAAABpfw2NcD79... 16 - - txee554237596f479b885c8-00697f0e1c - 0.0233 - - 1769934364.255164623 1769934364.278429031 0
Feb 1 08:26:04 np0005604209 container-server[124169]: 172.20.0.103 - - [01/Feb/2026:08:26:04 +0000] "PUT /d1/97/AUTH_8c7e182e9edd4a9496010d2b1c99e9ab/gnocchi.40be35d3-d0e0-4254-9796-2232b90515a1/none_v3" 201 - "PUT http://172.18.0.154:8080/d1/553/AUTH_8c7e182e9edd4a9496010d2b1c99e9ab/gnocchi.40be35d3-d0e0-4254-9796-2232b90515a1/none_v3" "tx925f027d4e984c4c9cb65-00697f0e1c" "object-server 25" 0.0004 "-" 19 0
Feb 1 08:26:04 np0005604209 object-server[124552]: 172.20.0.104 - - [01/Feb/2026:08:26:04 +0000] "PUT /d1/553/AUTH_8c7e182e9edd4a9496010d2b1c99e9ab/gnocchi.40be35d3-d0e0-4254-9796-2232b90515a1/none_v3" 201 - "PUT http://172.18.0.154:8080/v1/AUTH_8c7e182e9edd4a9496010d2b1c99e9ab/gnocchi.40be35d3-d0e0-4254-9796-2232b90515a1/none_v3" "tx925f027d4e984c4c9cb65-00697f0e1c" "proxy-server 20" 0.0095 "-" 25 0
Feb 1 08:26:04 np0005604209 object-server[124542]: 172.20.0.105 - - [01/Feb/2026:08:26:04 +0000] "PUT /d1/841/AUTH_8c7e182e9edd4a9496010d2b1c99e9ab/gnocchi.0d76bf91-550c-4c17-80e7-6db8ed6bfcc1/none_v3" 201 - "PUT http://172.18.0.154:8080/v1/AUTH_8c7e182e9edd4a9496010d2b1c99e9ab/gnocchi.0d76bf91-550c-4c17-80e7-6db8ed6bfcc1/none_v3" "txe8092a592d7c4e1c9c9e1-00697f0e1c" "proxy-server 20" 0.0089 "-" 24 0
Feb 1 08:26:04 np0005604209 container-server[124202]: 172.20.0.105 - - [01/Feb/2026:08:26:04 +0000] "PUT /d1/613/AUTH_8c7e182e9edd4a9496010d2b1c99e9ab/gnocchi.63794a9d-58f8-46e7-bc82-3ec75536e0f7/none_v3" 201 - "PUT http://172.18.0.154:8080/d1/651/AUTH_8c7e182e9edd4a9496010d2b1c99e9ab/gnocchi.63794a9d-58f8-46e7-bc82-3ec75536e0f7/none_v3" "txdb5b57c7398040deb889a-00697f0e1c" "object-server 22" 0.0006 "-" 21 0
Feb 1 08:26:04 np0005604209 container-server[124211]: 172.20.0.105 - - [01/Feb/2026:08:26:04 +0000] "PUT /d1/835/AUTH_8c7e182e9edd4a9496010d2b1c99e9ab/gnocchi.0d76bf91-550c-4c17-80e7-6db8ed6bfcc1/none_v3" 201 - "PUT http://172.18.0.154:8080/d1/841/AUTH_8c7e182e9edd4a9496010d2b1c99e9ab/gnocchi.0d76bf91-550c-4c17-80e7-6db8ed6bfcc1/none_v3" "txe8092a592d7c4e1c9c9e1-00697f0e1c" "object-server 23" 0.0025 "-" 22 0
Feb 1 08:26:04 np0005604209 object-server[124534]: 172.20.0.103 - - [01/Feb/2026:08:26:04 +0000] "PUT /d1/651/AUTH_8c7e182e9edd4a9496010d2b1c99e9ab/gnocchi.63794a9d-58f8-46e7-bc82-3ec75536e0f7/none_v3" 201 - "PUT http://172.18.0.154:8080/v1/AUTH_8c7e182e9edd4a9496010d2b1c99e9ab/gnocchi.63794a9d-58f8-46e7-bc82-3ec75536e0f7/none_v3" "txdb5b57c7398040deb889a-00697f0e1c" "proxy-server 20" 0.0133 "-" 22 0
Feb 1 08:26:04 np0005604209 proxy-server[125760]: 172.18.0.105 172.18.0.104 01/Feb/2026/08/26/04 PUT /v1/AUTH_8c7e182e9edd4a9496010d2b1c99e9ab/gnocchi.63794a9d-58f8-46e7-bc82-3ec75536e0f7/none_v3 HTTP/1.0 201 - python-swiftclient-3.11.1 gAAAAABpfw2NcD79... 22 - - txdb5b57c7398040deb889a-00697f0e1c - 0.0226 - - 1769934364.281433582 1769934364.304046392 0
Feb 1 08:26:04 np0005604209 container-server[124211]: 172.20.0.104 - - [01/Feb/2026:08:26:04 +0000] "HEAD /d1/532/AUTH_8c7e182e9edd4a9496010d2b1c99e9ab/gnocchi.113af031-e1e3-456b-a612-264f70c92980" 404 - "HEAD http://172.18.0.154:8080/v1/AUTH_8c7e182e9edd4a9496010d2b1c99e9ab/gnocchi.113af031-e1e3-456b-a612-264f70c92980?format=json&states=listing" "txefad4ab32299454989a55-00697f0e1c" "proxy-server 20" 0.0005 "-" 22 0
Feb 1 08:26:04 np0005604209 object-server[124542]: 172.20.0.104 - - [01/Feb/2026:08:26:04 +0000] "GET /d1/733/AUTH_8c7e182e9edd4a9496010d2b1c99e9ab/gnocchi.113af031-e1e3-456b-a612-264f70c92980/none_v3" 404 70 "GET http://172.18.0.154:8080/v1/AUTH_8c7e182e9edd4a9496010d2b1c99e9ab/gnocchi.113af031-e1e3-456b-a612-264f70c92980/none_v3" "txefad4ab32299454989a55-00697f0e1c" "proxy-server 20" 0.0003 "-" 24 0
Feb 1 08:26:04 np0005604209 container-server[124169]: 172.20.0.105 - - [01/Feb/2026:08:26:04 +0000] "HEAD /d1/1019/AUTH_8c7e182e9edd4a9496010d2b1c99e9ab/gnocchi.de70cf34-3969-4c9a-b8b2-9a2bf83b68a9" 404 - "HEAD http://172.18.0.154:8080/v1/AUTH_8c7e182e9edd4a9496010d2b1c99e9ab/gnocchi.de70cf34-3969-4c9a-b8b2-9a2bf83b68a9?format=json&states=listing" "tx3a7a906591a84d8fbccaf-00697f0e1c" "proxy-server 20" 0.0003 "-" 19 0
Feb 1 08:26:04 np0005604209 object-server[124541]: 172.20.0.105 - - [01/Feb/2026:08:26:04 +0000] "GET /d1/427/AUTH_8c7e182e9edd4a9496010d2b1c99e9ab/gnocchi.de70cf34-3969-4c9a-b8b2-9a2bf83b68a9/none_v3" 404 70 "GET http://172.18.0.154:8080/v1/AUTH_8c7e182e9edd4a9496010d2b1c99e9ab/gnocchi.de70cf34-3969-4c9a-b8b2-9a2bf83b68a9/none_v3" "tx3a7a906591a84d8fbccaf-00697f0e1c" "proxy-server 20" 0.0005 "-" 23 0
Feb 1 08:26:04 np0005604209 container-server[124202]: 172.20.0.103 - - [01/Feb/2026:08:26:04 +0000] "HEAD /d1/127/AUTH_8c7e182e9edd4a9496010d2b1c99e9ab/gnocchi.9007f6b9-bf2d-45f7-b066-c8a7a50483a2" 404 - "HEAD http://172.18.0.154:8080/v1/AUTH_8c7e182e9edd4a9496010d2b1c99e9ab/gnocchi.9007f6b9-bf2d-45f7-b066-c8a7a50483a2?format=json&states=listing" "txfdbbbdc6e4564a969a0f0-00697f0e1c" "proxy-server 20" 0.0003 "-" 21 0
Feb 1 08:26:04 np0005604209 object-server[124542]: 172.20.0.103 - - [01/Feb/2026:08:26:04 +0000] "GET /d1/23/AUTH_8c7e182e9edd4a9496010d2b1c99e9ab/gnocchi.9007f6b9-bf2d-45f7-b066-c8a7a50483a2/none_v3" 404 70 "GET http://172.18.0.154:8080/v1/AUTH_8c7e182e9edd4a9496010d2b1c99e9ab/gnocchi.9007f6b9-bf2d-45f7-b066-c8a7a50483a2/none_v3" "txfdbbbdc6e4564a969a0f0-00697f0e1c" "proxy-server 20" 0.0002 "-" 24 0
Feb 1 08:26:04 np0005604209 proxy-server[125760]: 172.18.0.154 172.18.0.104 01/Feb/2026/08/26/04 GET /v1/AUTH_8c7e182e9edd4a9496010d2b1c99e9ab/gnocchi.9007f6b9-bf2d-45f7-b066-c8a7a50483a2/none_v3 HTTP/1.0 404 - python-swiftclient-3.11.1 gAAAAABpfw24v4L0... - 70 - txfdbbbdc6e4564a969a0f0-00697f0e1c - 0.0221 - - 1769934364.329109907 1769934364.351161242 0
Feb 1 08:26:04 np0005604209 container-server[124202]: 172.20.0.104 - - [01/Feb/2026:08:26:04 +0000] "PUT /d1/532/AUTH_8c7e182e9edd4a9496010d2b1c99e9ab/gnocchi.113af031-e1e3-456b-a612-264f70c92980" 201 - "PUT http://172.18.0.154:8080/v1/AUTH_8c7e182e9edd4a9496010d2b1c99e9ab/gnocchi.113af031-e1e3-456b-a612-264f70c92980" "tx2d65611703bb417da7d06-00697f0e1c" "proxy-server 20" 0.0126 "-" 21 0
Feb 1 08:26:04 np0005604209 account-server[123718]: 172.20.0.104 - - [01/Feb/2026:08:26:04 +0000] "PUT /d1/833/AUTH_8c7e182e9edd4a9496010d2b1c99e9ab/gnocchi.113af031-e1e3-456b-a612-264f70c92980" 201 - "PUT http://172.20.0.104:6001/d1/532/AUTH_8c7e182e9edd4a9496010d2b1c99e9ab/gnocchi.113af031-e1e3-456b-a612-264f70c92980" "tx2d65611703bb417da7d06-00697f0e1c" "container-server 20" 0.0056 "-" 20 0
Feb 1 08:26:04 np0005604209 account-server[123734]: 172.20.0.105 - - [01/Feb/2026:08:26:04 +0000] "PUT /d1/833/AUTH_8c7e182e9edd4a9496010d2b1c99e9ab/gnocchi.de70cf34-3969-4c9a-b8b2-9a2bf83b68a9" 201 - "PUT http://172.20.0.105:6001/d1/1019/AUTH_8c7e182e9edd4a9496010d2b1c99e9ab/gnocchi.de70cf34-3969-4c9a-b8b2-9a2bf83b68a9" "txcf1b783ef7e54a7f8e16e-00697f0e1c" "container-server 22" 0.0079 "-" 23 0
Feb 1 08:26:04 np0005604209 container-server[124211]: 172.20.0.105 - - [01/Feb/2026:08:26:04 +0000] "PUT /d1/1019/AUTH_8c7e182e9edd4a9496010d2b1c99e9ab/gnocchi.de70cf34-3969-4c9a-b8b2-9a2bf83b68a9" 201 - "PUT http://172.18.0.154:8080/v1/AUTH_8c7e182e9edd4a9496010d2b1c99e9ab/gnocchi.de70cf34-3969-4c9a-b8b2-9a2bf83b68a9" "txcf1b783ef7e54a7f8e16e-00697f0e1c" "proxy-server 20" 0.0204 "-" 22 0
Feb 1 08:26:04 np0005604209 container-server[124179]: 172.20.0.104 - - [01/Feb/2026:08:26:04 +0000] "HEAD /d1/532/AUTH_8c7e182e9edd4a9496010d2b1c99e9ab/gnocchi.113af031-e1e3-456b-a612-264f70c92980" 204 - "HEAD http://172.18.0.154:8080/v1/AUTH_8c7e182e9edd4a9496010d2b1c99e9ab/gnocchi.113af031-e1e3-456b-a612-264f70c92980?format=json&states=listing" "tx029ee1b03ea34abaac733-00697f0e1c" "proxy-server 20" 0.0010 "-" 20 0
Feb 1 08:26:04 np0005604209 container-server[124202]: 172.20.0.103 - - [01/Feb/2026:08:26:04 +0000] "PUT /d1/127/AUTH_8c7e182e9edd4a9496010d2b1c99e9ab/gnocchi.9007f6b9-bf2d-45f7-b066-c8a7a50483a2" 201 - "PUT http://172.18.0.154:8080/v1/AUTH_8c7e182e9edd4a9496010d2b1c99e9ab/gnocchi.9007f6b9-bf2d-45f7-b066-c8a7a50483a2" "tx48ed934d0220498281ff2-00697f0e1c" "proxy-server 20" 0.0197 "-" 21 0
Feb 1 08:26:04 np0005604209 account-server[123734]: 172.20.0.104 - - [01/Feb/2026:08:26:04 +0000] "PUT /d1/833/AUTH_8c7e182e9edd4a9496010d2b1c99e9ab/gnocchi.9007f6b9-bf2d-45f7-b066-c8a7a50483a2" 201 - "PUT http://172.20.0.104:6001/d1/127/AUTH_8c7e182e9edd4a9496010d2b1c99e9ab/gnocchi.9007f6b9-bf2d-45f7-b066-c8a7a50483a2" "tx48ed934d0220498281ff2-00697f0e1c" "container-server 20" 0.0063 "-" 23 0
Feb 1 08:26:04 np0005604209 proxy-server[125760]: 172.18.0.154 172.18.0.104 01/Feb/2026/08/26/04 PUT /v1/AUTH_8c7e182e9edd4a9496010d2b1c99e9ab/gnocchi.9007f6b9-bf2d-45f7-b066-c8a7a50483a2 HTTP/1.0 201 - python-swiftclient-3.11.1 gAAAAABpfw24v4L0... - - - tx48ed934d0220498281ff2-00697f0e1c - 0.0303 - - 1769934364.359831572 1769934364.390142679 0
Feb 1 08:26:04 np0005604209 object-server[124541]: 172.20.0.104 - - [01/Feb/2026:08:26:04 +0000] "GET /d1/727/AUTH_8c7e182e9edd4a9496010d2b1c99e9ab/gnocchi.113af031-e1e3-456b-a612-264f70c92980/1769040000.0_mean_300.0_v3" 404 70 "GET http://172.18.0.154:8080/v1/AUTH_8c7e182e9edd4a9496010d2b1c99e9ab/gnocchi.113af031-e1e3-456b-a612-264f70c92980/1769040000.0_mean_300.0_v3" "tx57da18800c664f19bdc16-00697f0e1c" "proxy-server 20" 0.0004 "-" 23 0
Feb 1 08:26:04 np0005604209 proxy-server[125760]: - - 01/Feb/2026/08/26/04 HEAD /v1/AUTH_8c7e182e9edd4a9496010d2b1c99e9ab/gnocchi.9007f6b9-bf2d-45f7-b066-c8a7a50483a2%3Fformat%3Djson%26states%3Dlisting HTTP/1.0 204 - Swift - - - - txf47dcc8a77a0496aa8420-00697f0e1c - 0.0064 RL - 1769934364.400559187 1769934364.406919956 0
Feb 1 08:26:04 np0005604209 container-server[124179]: 172.20.0.103 - - [01/Feb/2026:08:26:04 +0000] "GET /d1/127/AUTH_8c7e182e9edd4a9496010d2b1c99e9ab/gnocchi.9007f6b9-bf2d-45f7-b066-c8a7a50483a2" 200 2 "GET http://172.18.0.154:8080/v1/AUTH_8c7e182e9edd4a9496010d2b1c99e9ab/gnocchi.9007f6b9-bf2d-45f7-b066-c8a7a50483a2?format=json&states=listing" "txf47dcc8a77a0496aa8420-00697f0e1c" "proxy-server 20" 0.0017 "-" 20 0
Feb 1 08:26:04 np0005604209 proxy-server[125760]: 172.18.0.154 172.18.0.104 01/Feb/2026/08/26/04 GET /v1/AUTH_8c7e182e9edd4a9496010d2b1c99e9ab/gnocchi.9007f6b9-bf2d-45f7-b066-c8a7a50483a2%3Fformat%3Djson%26states%3Dlisting HTTP/1.0 200 - python-swiftclient-3.11.1 gAAAAABpfw24v4L0... - 2 - txf47dcc8a77a0496aa8420-00697f0e1c - 0.0173 - - 1769934364.398699760 1769934364.416014194 0
Feb 1 08:26:04 np0005604209 object-server[124534]: 172.20.0.105 - - [01/Feb/2026:08:26:04 +0000] "GET /d1/710/AUTH_8c7e182e9edd4a9496010d2b1c99e9ab/gnocchi.de70cf34-3969-4c9a-b8b2-9a2bf83b68a9/1769040000.0_mean_300.0_v3" 404 70 "GET http://172.18.0.154:8080/v1/AUTH_8c7e182e9edd4a9496010d2b1c99e9ab/gnocchi.de70cf34-3969-4c9a-b8b2-9a2bf83b68a9/1769040000.0_mean_300.0_v3" "txe1e3c48d69744a0fbeb9c-00697f0e1c" "proxy-server 20" 0.0006 "-" 22 0
Feb 1 08:26:04 np0005604209 object-server[124534]: 172.20.0.103 - - [01/Feb/2026:08:26:04 +0000] "GET /d1/95/AUTH_8c7e182e9edd4a9496010d2b1c99e9ab/gnocchi.9007f6b9-bf2d-45f7-b066-c8a7a50483a2/1769040000.0_mean_300.0_v3" 404 70 "GET http://172.18.0.154:8080/v1/AUTH_8c7e182e9edd4a9496010d2b1c99e9ab/gnocchi.9007f6b9-bf2d-45f7-b066-c8a7a50483a2/1769040000.0_mean_300.0_v3" "tx6da1e7bdad3d4f6280551-00697f0e1c" "proxy-server 20" 0.0004 "-" 22 0
Feb 1 08:26:04 np0005604209 proxy-server[125760]: 172.18.0.154 172.18.0.104 01/Feb/2026/08/26/04 GET /v1/AUTH_8c7e182e9edd4a9496010d2b1c99e9ab/gnocchi.9007f6b9-bf2d-45f7-b066-c8a7a50483a2/1769040000.0_mean_300.0_v3 HTTP/1.0 404 - python-swiftclient-3.11.1 gAAAAABpfw24v4L0... - 70 - tx6da1e7bdad3d4f6280551-00697f0e1c - 0.0175 - - 1769934364.420154333 1769934364.437639236 0
Feb 1 08:26:04 np0005604209 container-server[124202]: 172.20.0.104 - - [01/Feb/2026:08:26:04 +0000] "PUT /d1/532/AUTH_8c7e182e9edd4a9496010d2b1c99e9ab/gnocchi.113af031-e1e3-456b-a612-264f70c92980/1769040000.0_mean_300.0_v3" 201 - "PUT http://172.18.0.154:8080/d1/727/AUTH_8c7e182e9edd4a9496010d2b1c99e9ab/gnocchi.113af031-e1e3-456b-a612-264f70c92980/1769040000.0_mean_300.0_v3" "txf0067f219a754d35bb137-00697f0e1c" "object-server 23" 0.0009 "-" 21 0
Feb 1 08:26:04 np0005604209 object-server[124552]: 172.20.0.104 - - [01/Feb/2026:08:26:04 +0000] "PUT /d1/727/AUTH_8c7e182e9edd4a9496010d2b1c99e9ab/gnocchi.113af031-e1e3-456b-a612-264f70c92980/1769040000.0_mean_300.0_v3" 201 - "PUT http://172.18.0.154:8080/v1/AUTH_8c7e182e9edd4a9496010d2b1c99e9ab/gnocchi.113af031-e1e3-456b-a612-264f70c92980/1769040000.0_mean_300.0_v3" "txf0067f219a754d35bb137-00697f0e1c" "proxy-server 20" 0.0162 "-" 25 0
Feb 1 08:26:04 np0005604209 container-server[124179]: 172.20.0.104 - - [01/Feb/2026:08:26:04 +0000] "PUT /d1/1019/AUTH_8c7e182e9edd4a9496010d2b1c99e9ab/gnocchi.de70cf34-3969-4c9a-b8b2-9a2bf83b68a9/1769040000.0_mean_300.0_v3" 201 - "PUT http://172.18.0.154:8080/d1/710/AUTH_8c7e182e9edd4a9496010d2b1c99e9ab/gnocchi.de70cf34-3969-4c9a-b8b2-9a2bf83b68a9/1769040000.0_mean_300.0_v3" "tx57b4b4b828d14bc6b46fb-00697f0e1c" "object-server 23" 0.0004 "-" 20 0
Feb 1 08:26:04 np0005604209 object-server[124534]: 172.20.0.105 - - [01/Feb/2026:08:26:04 +0000] "PUT /d1/710/AUTH_8c7e182e9edd4a9496010d2b1c99e9ab/gnocchi.de70cf34-3969-4c9a-b8b2-9a2bf83b68a9/1769040000.0_mean_300.0_v3" 201 - "PUT http://172.18.0.154:8080/v1/AUTH_8c7e182e9edd4a9496010d2b1c99e9ab/gnocchi.de70cf34-3969-4c9a-b8b2-9a2bf83b68a9/1769040000.0_mean_300.0_v3" "tx57b4b4b828d14bc6b46fb-00697f0e1c" "proxy-server 20" 0.0117 "-" 22 0
Feb 1 08:26:04 np0005604209 object-server[124542]: 172.20.0.104 - - [01/Feb/2026:08:26:04 +0000] "PUT /d1/733/AUTH_8c7e182e9edd4a9496010d2b1c99e9ab/gnocchi.113af031-e1e3-456b-a612-264f70c92980/none_v3" 201 - "PUT http://172.18.0.154:8080/v1/AUTH_8c7e182e9edd4a9496010d2b1c99e9ab/gnocchi.113af031-e1e3-456b-a612-264f70c92980/none_v3" "tx4fdaaf67f5114e57bd436-00697f0e1c" "proxy-server 20" 0.0116 "-" 24 0
Feb 1 08:26:04 np0005604209 object-server[124534]: 172.20.0.103 - - [01/Feb/2026:08:26:04 +0000] "PUT /d1/95/AUTH_8c7e182e9edd4a9496010d2b1c99e9ab/gnocchi.9007f6b9-bf2d-45f7-b066-c8a7a50483a2/1769040000.0_mean_300.0_v3" 201 - "PUT http://172.18.0.154:8080/v1/AUTH_8c7e182e9edd4a9496010d2b1c99e9ab/gnocchi.9007f6b9-bf2d-45f7-b066-c8a7a50483a2/1769040000.0_mean_300.0_v3" "txdc48a9f5168e4417bb0c1-00697f0e1c" "proxy-server 20" 0.0131 "-" 22 0
Feb 1 08:26:04 np0005604209 container-server[124202]: 172.20.0.104 - - [01/Feb/2026:08:26:04 +0000] "PUT /d1/532/AUTH_8c7e182e9edd4a9496010d2b1c99e9ab/gnocchi.113af031-e1e3-456b-a612-264f70c92980/none_v3" 201 - "PUT http://172.18.0.154:8080/d1/733/AUTH_8c7e182e9edd4a9496010d2b1c99e9ab/gnocchi.113af031-e1e3-456b-a612-264f70c92980/none_v3" "tx4fdaaf67f5114e57bd436-00697f0e1c" "object-server 24" 0.0009 "-" 21 0
Feb 1 08:26:04 np0005604209 container-server[124179]: 172.20.0.104 - - [01/Feb/2026:08:26:04 +0000] "PUT /d1/127/AUTH_8c7e182e9edd4a9496010d2b1c99e9ab/gnocchi.9007f6b9-bf2d-45f7-b066-c8a7a50483a2/1769040000.0_mean_300.0_v3" 201 - "PUT http://172.18.0.154:8080/d1/95/AUTH_8c7e182e9edd4a9496010d2b1c99e9ab/gnocchi.9007f6b9-bf2d-45f7-b066-c8a7a50483a2/1769040000.0_mean_300.0_v3" "txdc48a9f5168e4417bb0c1-00697f0e1c" "object-server 25" 0.0004 "-" 20 0
Feb 1 08:26:04 np0005604209 container-server[124179]: 172.20.0.104 - - [01/Feb/2026:08:26:04 +0000] "PUT /d1/1019/AUTH_8c7e182e9edd4a9496010d2b1c99e9ab/gnocchi.de70cf34-3969-4c9a-b8b2-9a2bf83b68a9/none_v3" 201 - "PUT http://172.18.0.154:8080/d1/427/AUTH_8c7e182e9edd4a9496010d2b1c99e9ab/gnocchi.de70cf34-3969-4c9a-b8b2-9a2bf83b68a9/none_v3" "tx2c90abc2170b4be8b9a69-00697f0e1c" "object-server 25" 0.0002 "-" 20 0
Feb 1 08:26:04 np0005604209 proxy-server[125760]: 172.18.0.154 172.18.0.104 01/Feb/2026/08/26/04 PUT /v1/AUTH_8c7e182e9edd4a9496010d2b1c99e9ab/gnocchi.9007f6b9-bf2d-45f7-b066-c8a7a50483a2/1769040000.0_mean_300.0_v3 HTTP/1.0 201 - python-swiftclient-3.11.1 gAAAAABpfw24v4L0... 16 - - txdc48a9f5168e4417bb0c1-00697f0e1c - 0.0273 - - 1769934364.442596674 1769934364.469850779 0
Feb 1 08:26:04 np0005604209 object-server[124552]: 172.20.0.105 - - [01/Feb/2026:08:26:04 +0000] "PUT /d1/427/AUTH_8c7e182e9edd4a9496010d2b1c99e9ab/gnocchi.de70cf34-3969-4c9a-b8b2-9a2bf83b68a9/none_v3" 201 - "PUT http://172.18.0.154:8080/v1/AUTH_8c7e182e9edd4a9496010d2b1c99e9ab/gnocchi.de70cf34-3969-4c9a-b8b2-9a2bf83b68a9/none_v3" "tx2c90abc2170b4be8b9a69-00697f0e1c" "proxy-server 20" 0.0105 "-" 25 0
Feb 1 08:26:04 np0005604209 container-server[124211]: 172.20.0.104 - - [01/Feb/2026:08:26:04 +0000] "PUT /d1/127/AUTH_8c7e182e9edd4a9496010d2b1c99e9ab/gnocchi.9007f6b9-bf2d-45f7-b066-c8a7a50483a2/none_v3" 201 - "PUT http://172.18.0.154:8080/d1/23/AUTH_8c7e182e9edd4a9496010d2b1c99e9ab/gnocchi.9007f6b9-bf2d-45f7-b066-c8a7a50483a2/none_v3" "tx1a33bf5b83604680995c9-00697f0e1c" "object-server 23" 0.0008 "-" 22 0
Feb 1 08:26:04 np0005604209 object-server[124541]: 172.20.0.104 - - [01/Feb/2026:08:26:04 +0000] "PUT /d1/23/AUTH_8c7e182e9edd4a9496010d2b1c99e9ab/gnocchi.9007f6b9-bf2d-45f7-b066-c8a7a50483a2/none_v3" 201 - "PUT http://172.18.0.154:8080/v1/AUTH_8c7e182e9edd4a9496010d2b1c99e9ab/gnocchi.9007f6b9-bf2d-45f7-b066-c8a7a50483a2/none_v3" "tx1a33bf5b83604680995c9-00697f0e1c" "proxy-server 20" 0.0137 "-" 23 0
