Feb 1 08:31:04 np0005604209 container-server[124179]: 172.20.0.103 - - [01/Feb/2026:08:31:04 +0000] "HEAD /d1/130/AUTH_8c7e182e9edd4a9496010d2b1c99e9ab/gnocchi.85911d85-6526-41fd-8941-23f9aa68f9fb" 204 - "HEAD http://172.18.0.154:8080/v1/AUTH_8c7e182e9edd4a9496010d2b1c99e9ab/gnocchi.85911d85-6526-41fd-8941-23f9aa68f9fb?format=json&states=listing" "tx03c148b4b600405d8e08e-00697f0f48" "proxy-server 20" 0.0025 "-" 20 0
Feb 1 08:31:04 np0005604209 container-server[124211]: 172.20.0.104 - - [01/Feb/2026:08:31:04 +0000] "PUT /d1/0/AUTH_8c7e182e9edd4a9496010d2b1c99e9ab/gnocchi.cdf71562-1977-41e8-9491-295b0516e7e2/1769040000.0_rate%3Amean_300.0_v3" 201 - "PUT http://172.18.0.154:8080/d1/501/AUTH_8c7e182e9edd4a9496010d2b1c99e9ab/gnocchi.cdf71562-1977-41e8-9491-295b0516e7e2/1769040000.0_rate%3Amean_300.0_v3" "tx2a72147c53d44be8aa1b8-00697f0f48" "object-server 25" 0.0005 "-" 22 0
Feb 1 08:31:04 np0005604209 object-server[124541]: 172.20.0.104 - - [01/Feb/2026:08:31:04 +0000] "PUT /d1/501/AUTH_8c7e182e9edd4a9496010d2b1c99e9ab/gnocchi.cdf71562-1977-41e8-9491-295b0516e7e2/1769040000.0_rate%3Amean_300.0_v3" 201 - "PUT http://172.18.0.154:8080/v1/AUTH_8c7e182e9edd4a9496010d2b1c99e9ab/gnocchi.cdf71562-1977-41e8-9491-295b0516e7e2/1769040000.0_rate%3Amean_300.0_v3" "tx2a72147c53d44be8aa1b8-00697f0f48" "proxy-server 20" 0.0122 "-" 23 0
Feb 1 08:31:04 np0005604209 object-server[124534]: 172.20.0.103 - - [01/Feb/2026:08:31:04 +0000] "GET /d1/140/AUTH_8c7e182e9edd4a9496010d2b1c99e9ab/gnocchi.85911d85-6526-41fd-8941-23f9aa68f9fb/none_v3" 200 22 "GET http://172.18.0.154:8080/v1/AUTH_8c7e182e9edd4a9496010d2b1c99e9ab/gnocchi.85911d85-6526-41fd-8941-23f9aa68f9fb/none_v3" "tx03c148b4b600405d8e08e-00697f0f48" "proxy-server 20" 0.0013 "-" 22 0
Feb 1 08:31:04 np0005604209 proxy-server[125760]: 172.18.0.154 172.18.0.104 01/Feb/2026/08/31/04 GET /v1/AUTH_8c7e182e9edd4a9496010d2b1c99e9ab/gnocchi.85911d85-6526-41fd-8941-23f9aa68f9fb/none_v3 HTTP/1.0 200 - python-swiftclient-3.11.1 gAAAAABpfw24v4L0... - 22 - tx03c148b4b600405d8e08e-00697f0f48 - 0.0240 - - 1769934664.164498091 1769934664.188465118 0
Feb 1 08:31:04 np0005604209 object-server[124552]: 172.20.0.104 - - [01/Feb/2026:08:31:04 +0000] "PUT /d1/588/AUTH_8c7e182e9edd4a9496010d2b1c99e9ab/gnocchi.cdf71562-1977-41e8-9491-295b0516e7e2/none_v3" 201 - "PUT http://172.18.0.154:8080/v1/AUTH_8c7e182e9edd4a9496010d2b1c99e9ab/gnocchi.cdf71562-1977-41e8-9491-295b0516e7e2/none_v3" "tx9423d19c058b4e48a48cd-00697f0f48" "proxy-server 20" 0.0132 "-" 25 0
Feb 1 08:31:04 np0005604209 container-server[124169]: 172.20.0.104 - - [01/Feb/2026:08:31:04 +0000] "PUT /d1/0/AUTH_8c7e182e9edd4a9496010d2b1c99e9ab/gnocchi.cdf71562-1977-41e8-9491-295b0516e7e2/none_v3" 201 - "PUT http://172.18.0.154:8080/d1/588/AUTH_8c7e182e9edd4a9496010d2b1c99e9ab/gnocchi.cdf71562-1977-41e8-9491-295b0516e7e2/none_v3" "tx9423d19c058b4e48a48cd-00697f0f48" "object-server 25" 0.0008 "-" 19 0
Feb 1 08:31:04 np0005604209 proxy-server[125760]: 172.18.0.154 172.18.0.104 01/Feb/2026/08/31/04 GET /v1/AUTH_8c7e182e9edd4a9496010d2b1c99e9ab/gnocchi.85911d85-6526-41fd-8941-23f9aa68f9fb%3Fformat%3Djson%26states%3Dlisting HTTP/1.0 200 - python-swiftclient-3.11.1 gAAAAABpfw24v4L0... - 357 - tx1d5d696e3a034a029f8f9-00697f0f48 - 0.0165 - - 1769934664.194092751 1769934664.210565805 0
Feb 1 08:31:04 np0005604209 proxy-server[125760]: 172.18.0.154 172.18.0.104 01/Feb/2026/08/31/04 GET /v1/AUTH_8c7e182e9edd4a9496010d2b1c99e9ab/gnocchi.85911d85-6526-41fd-8941-23f9aa68f9fb%3Fformat%3Djson%26marker%3Dnone_v3%26states%3Dlisting HTTP/1.0 200 - python-swiftclient-3.11.1 gAAAAABpfw24v4L0... - 2 - txd36d89796a594ef7a5f6c-00697f0f48 - 0.0127 - - 1769934664.214222193 1769934664.226941586 0
Feb 1 08:31:04 np0005604209 proxy-server[125760]: 172.18.0.103 172.18.0.104 01/Feb/2026/08/31/04 GET /v1/AUTH_8c7e182e9edd4a9496010d2b1c99e9ab/gnocchi.640f3fc7-d539-4e9b-b4bf-7024b427ba42/none_v3 HTTP/1.0 200 - python-swiftclient-3.11.1 gAAAAABpfw1vYyou... - 22 - tx8d1e9e4b34a4405da04bb-00697f0f48 - 0.0172 - - 1769934664.231457710 1769934664.248674870 0
Feb 1 08:31:04 np0005604209 proxy-server[125760]: 172.18.0.103 172.18.0.104 01/Feb/2026/08/31/04 GET /v1/AUTH_8c7e182e9edd4a9496010d2b1c99e9ab/gnocchi.640f3fc7-d539-4e9b-b4bf-7024b427ba42%3Fformat%3Djson%26states%3Dlisting HTTP/1.0 200 - python-swiftclient-3.11.1 gAAAAABpfw1vYyou... - 357 - txce013bde43d843a19c228-00697f0f48 - 0.0289 - - 1769934664.254272699 1769934664.283131599 0
Feb 1 08:31:04 np0005604209 proxy-server[125760]: 172.18.0.103 172.18.0.104 01/Feb/2026/08/31/04 GET /v1/AUTH_8c7e182e9edd4a9496010d2b1c99e9ab/gnocchi.640f3fc7-d539-4e9b-b4bf-7024b427ba42%3Fformat%3Djson%26marker%3Dnone_v3%26states%3Dlisting HTTP/1.0 200 - python-swiftclient-3.11.1 gAAAAABpfw1vYyou... - 2 - tx59c32e9962a8414cb7f1f-00697f0f48 - 0.0182 - - 1769934664.288967848 1769934664.307145119 0
Feb 1 08:31:04 np0005604209 object-server[124552]: 172.20.0.104 - - [01/Feb/2026:08:31:04 +0000] "GET /d1/624/AUTH_8c7e182e9edd4a9496010d2b1c99e9ab/gnocchi.85911d85-6526-41fd-8941-23f9aa68f9fb/1769040000.0_rate%3Amean_300.0_v3" 404 70 "GET http://172.18.0.154:8080/v1/AUTH_8c7e182e9edd4a9496010d2b1c99e9ab/gnocchi.85911d85-6526-41fd-8941-23f9aa68f9fb/1769040000.0_rate%3Amean_300.0_v3" "tx8fdd67f228bb4e3a8a08a-00697f0f48" "proxy-server 20" 0.0006 "-" 25 0
Feb 1 08:31:04 np0005604209 proxy-server[125760]: 172.18.0.103 172.18.0.104 01/Feb/2026/08/31/04 GET /v1/AUTH_8c7e182e9edd4a9496010d2b1c99e9ab/gnocchi.640f3fc7-d539-4e9b-b4bf-7024b427ba42/1769040000.0_mean_300.0_v3 HTTP/1.0 200 - python-swiftclient-3.11.1 gAAAAABpfw1vYyou... - 16 - txfca58d037456450f934f4-00697f0f48 - 0.0114 - - 1769934664.314052343 1769934664.325481415 0
Feb 1 08:31:04 np0005604209 object-server[124541]: 172.20.0.103 - - [01/Feb/2026:08:31:04 +0000] "GET /d1/945/AUTH_8c7e182e9edd4a9496010d2b1c99e9ab/gnocchi.640f3fc7-d539-4e9b-b4bf-7024b427ba42/1769040000.0_rate%3Amean_300.0_v3" 404 70 "GET http://172.18.0.154:8080/v1/AUTH_8c7e182e9edd4a9496010d2b1c99e9ab/gnocchi.640f3fc7-d539-4e9b-b4bf-7024b427ba42/1769040000.0_rate%3Amean_300.0_v3" "tx5cc7fcee7caa484194cdb-00697f0f48" "proxy-server 20" 0.0005 "-" 23 0
Feb 1 08:31:04 np0005604209 container-server[124202]: 172.20.0.103 - - [01/Feb/2026:08:31:04 +0000] "PUT /d1/130/AUTH_8c7e182e9edd4a9496010d2b1c99e9ab/gnocchi.85911d85-6526-41fd-8941-23f9aa68f9fb/1769040000.0_mean_300.0_v3" 201 - "PUT http://172.18.0.154:8080/d1/600/AUTH_8c7e182e9edd4a9496010d2b1c99e9ab/gnocchi.85911d85-6526-41fd-8941-23f9aa68f9fb/1769040000.0_mean_300.0_v3" "tx1ba5fca379fd4156a0fb9-00697f0f48" "object-server 24" 0.0009 "-" 21 0
Feb 1 08:31:04 np0005604209 object-server[124542]: 172.20.0.104 - - [01/Feb/2026:08:31:04 +0000] "PUT /d1/600/AUTH_8c7e182e9edd4a9496010d2b1c99e9ab/gnocchi.85911d85-6526-41fd-8941-23f9aa68f9fb/1769040000.0_mean_300.0_v3" 201 - "PUT http://172.18.0.154:8080/v1/AUTH_8c7e182e9edd4a9496010d2b1c99e9ab/gnocchi.85911d85-6526-41fd-8941-23f9aa68f9fb/1769040000.0_mean_300.0_v3" "tx1ba5fca379fd4156a0fb9-00697f0f48" "proxy-server 20" 0.0126 "-" 24 0
Feb 1 08:31:04 np0005604209 proxy-server[125760]: 172.18.0.103 172.18.0.104 01/Feb/2026/08/31/04 GET /v1/AUTH_8c7e182e9edd4a9496010d2b1c99e9ab/gnocchi.640f3fc7-d539-4e9b-b4bf-7024b427ba42/1769040000.0_rate%253Amean_300.0_v3 HTTP/1.0 404 - python-swiftclient-3.11.1 gAAAAABpfw1vYyou... - 70 - tx5cc7fcee7caa484194cdb-00697f0f48 - 0.0210 - - 1769934664.331037521 1769934664.352066278 0
Feb 1 08:31:04 np0005604209 container-server[124211]: 172.20.0.103 - - [01/Feb/2026:08:31:04 +0000] "PUT /d1/130/AUTH_8c7e182e9edd4a9496010d2b1c99e9ab/gnocchi.85911d85-6526-41fd-8941-23f9aa68f9fb/1769040000.0_rate%3Amean_300.0_v3" 201 - "PUT http://172.18.0.154:8080/d1/624/AUTH_8c7e182e9edd4a9496010d2b1c99e9ab/gnocchi.85911d85-6526-41fd-8941-23f9aa68f9fb/1769040000.0_rate%3Amean_300.0_v3" "tx0cba093dea054089bc059-00697f0f48" "object-server 24" 0.0006 "-" 22 0
Feb 1 08:31:04 np0005604209 object-server[124542]: 172.20.0.103 - - [01/Feb/2026:08:31:04 +0000] "PUT /d1/624/AUTH_8c7e182e9edd4a9496010d2b1c99e9ab/gnocchi.85911d85-6526-41fd-8941-23f9aa68f9fb/1769040000.0_rate%3Amean_300.0_v3" 201 - "PUT http://172.18.0.154:8080/v1/AUTH_8c7e182e9edd4a9496010d2b1c99e9ab/gnocchi.85911d85-6526-41fd-8941-23f9aa68f9fb/1769040000.0_rate%3Amean_300.0_v3" "tx0cba093dea054089bc059-00697f0f48" "proxy-server 20" 0.0127 "-" 24 0
Feb 1 08:31:04 np0005604209 container-server[124179]: 172.20.0.103 - - [01/Feb/2026:08:31:04 +0000] "PUT /d1/976/AUTH_8c7e182e9edd4a9496010d2b1c99e9ab/gnocchi.640f3fc7-d539-4e9b-b4bf-7024b427ba42/1769040000.0_mean_300.0_v3" 201 - "PUT http://172.18.0.154:8080/d1/233/AUTH_8c7e182e9edd4a9496010d2b1c99e9ab/gnocchi.640f3fc7-d539-4e9b-b4bf-7024b427ba42/1769040000.0_mean_300.0_v3" "tx20e5d3e165be4b5baacb9-00697f0f48" "object-server 24" 0.0007 "-" 20 0
Feb 1 08:31:04 np0005604209 object-server[124542]: 172.20.0.104 - - [01/Feb/2026:08:31:04 +0000] "PUT /d1/233/AUTH_8c7e182e9edd4a9496010d2b1c99e9ab/gnocchi.640f3fc7-d539-4e9b-b4bf-7024b427ba42/1769040000.0_mean_300.0_v3" 201 - "PUT http://172.18.0.154:8080/v1/AUTH_8c7e182e9edd4a9496010d2b1c99e9ab/gnocchi.640f3fc7-d539-4e9b-b4bf-7024b427ba42/1769040000.0_mean_300.0_v3" "tx20e5d3e165be4b5baacb9-00697f0f48" "proxy-server 20" 0.0124 "-" 24 0
Feb 1 08:31:04 np0005604209 proxy-server[125760]: 172.18.0.154 172.18.0.104 01/Feb/2026/08/31/04 PUT /v1/AUTH_8c7e182e9edd4a9496010d2b1c99e9ab/gnocchi.85911d85-6526-41fd-8941-23f9aa68f9fb/1769040000.0_rate%253Amean_300.0_v3 HTTP/1.0 201 - python-swiftclient-3.11.1 gAAAAABpfw24v4L0... 16 - - tx0cba093dea054089bc059-00697f0f48 - 0.0355 - - 1769934664.358880281 1769934664.394393682 0
Feb 1 08:31:04 np0005604209 container-server[124202]: 172.20.0.103 - - [01/Feb/2026:08:31:04 +0000] "PUT /d1/130/AUTH_8c7e182e9edd4a9496010d2b1c99e9ab/gnocchi.85911d85-6526-41fd-8941-23f9aa68f9fb/none_v3" 201 - "PUT http://172.18.0.154:8080/d1/140/AUTH_8c7e182e9edd4a9496010d2b1c99e9ab/gnocchi.85911d85-6526-41fd-8941-23f9aa68f9fb/none_v3" "txffad58c3423642e29bc65-00697f0f48" "object-server 24" 0.0008 "-" 21 0
Feb 1 08:31:04 np0005604209 object-server[124542]: 172.20.0.104 - - [01/Feb/2026:08:31:04 +0000] "PUT /d1/140/AUTH_8c7e182e9edd4a9496010d2b1c99e9ab/gnocchi.85911d85-6526-41fd-8941-23f9aa68f9fb/none_v3" 201 - "PUT http://172.18.0.154:8080/v1/AUTH_8c7e182e9edd4a9496010d2b1c99e9ab/gnocchi.85911d85-6526-41fd-8941-23f9aa68f9fb/none_v3" "txffad58c3423642e29bc65-00697f0f48" "proxy-server 20" 0.0125 "-" 24 0
Feb 1 08:31:04 np0005604209 container-server[124211]: 172.20.0.103 - - [01/Feb/2026:08:31:04 +0000] "PUT /d1/976/AUTH_8c7e182e9edd4a9496010d2b1c99e9ab/gnocchi.640f3fc7-d539-4e9b-b4bf-7024b427ba42/1769040000.0_rate%3Amean_300.0_v3" 201 - "PUT http://172.18.0.154:8080/d1/945/AUTH_8c7e182e9edd4a9496010d2b1c99e9ab/gnocchi.640f3fc7-d539-4e9b-b4bf-7024b427ba42/1769040000.0_rate%3Amean_300.0_v3" "txa39e8856ad4b42788276d-00697f0f48" "object-server 23" 0.0004 "-" 22 0
Feb 1 08:31:04 np0005604209 object-server[124541]: 172.20.0.103 - - [01/Feb/2026:08:31:04 +0000] "PUT /d1/945/AUTH_8c7e182e9edd4a9496010d2b1c99e9ab/gnocchi.640f3fc7-d539-4e9b-b4bf-7024b427ba42/1769040000.0_rate%3Amean_300.0_v3" 201 - "PUT http://172.18.0.154:8080/v1/AUTH_8c7e182e9edd4a9496010d2b1c99e9ab/gnocchi.640f3fc7-d539-4e9b-b4bf-7024b427ba42/1769040000.0_rate%3Amean_300.0_v3" "txa39e8856ad4b42788276d-00697f0f48" "proxy-server 20" 0.0155 "-" 23 0
Feb 1 08:31:04 np0005604209 proxy-server[125760]: 172.18.0.103 172.18.0.104 01/Feb/2026/08/31/04 PUT /v1/AUTH_8c7e182e9edd4a9496010d2b1c99e9ab/gnocchi.640f3fc7-d539-4e9b-b4bf-7024b427ba42/1769040000.0_rate%253Amean_300.0_v3 HTTP/1.0 201 - python-swiftclient-3.11.1 gAAAAABpfw1vYyou... 16 - - txa39e8856ad4b42788276d-00697f0f48 - 0.0261 - - 1769934664.401825190 1769934664.427955627 0
Feb 1 08:31:04 np0005604209 container-server[124211]: 172.20.0.103 - - [01/Feb/2026:08:31:04 +0000] "HEAD /d1/119/AUTH_8c7e182e9edd4a9496010d2b1c99e9ab/gnocchi.8bd2e458-2a3e-4ea1-98c6-ab0a7712045a" 204 - "HEAD http://172.18.0.154:8080/v1/AUTH_8c7e182e9edd4a9496010d2b1c99e9ab/gnocchi.8bd2e458-2a3e-4ea1-98c6-ab0a7712045a?format=json&states=listing" "tx7396cc3285e34775bffc5-00697f0f48" "proxy-server 20" 0.0017 "-" 22 0
Feb 1 08:31:04 np0005604209 container-server[124169]: 172.20.0.103 - - [01/Feb/2026:08:31:04 +0000] "PUT /d1/976/AUTH_8c7e182e9edd4a9496010d2b1c99e9ab/gnocchi.640f3fc7-d539-4e9b-b4bf-7024b427ba42/none_v3" 201 - "PUT http://172.18.0.154:8080/d1/682/AUTH_8c7e182e9edd4a9496010d2b1c99e9ab/gnocchi.640f3fc7-d539-4e9b-b4bf-7024b427ba42/none_v3" "txc3716bf01a6542eeb2fe2-00697f0f48" "object-server 25" 0.0008 "-" 19 0
Feb 1 08:31:04 np0005604209 object-server[124552]: 172.20.0.104 - - [01/Feb/2026:08:31:04 +0000] "PUT /d1/682/AUTH_8c7e182e9edd4a9496010d2b1c99e9ab/gnocchi.640f3fc7-d539-4e9b-b4bf-7024b427ba42/none_v3" 201 - "PUT http://172.18.0.154:8080/v1/AUTH_8c7e182e9edd4a9496010d2b1c99e9ab/gnocchi.640f3fc7-d539-4e9b-b4bf-7024b427ba42/none_v3" "txc3716bf01a6542eeb2fe2-00697f0f48" "proxy-server 20" 0.0123 "-" 25 0
Feb 1 08:31:04 np0005604209 proxy-server[125760]: 172.18.0.154 172.18.0.104 01/Feb/2026/08/31/04 GET /v1/AUTH_8c7e182e9edd4a9496010d2b1c99e9ab/gnocchi.8bd2e458-2a3e-4ea1-98c6-ab0a7712045a/none_v3 HTTP/1.0 200 - python-swiftclient-3.11.1 gAAAAABpfw24v4L0... - 22 - tx7396cc3285e34775bffc5-00697f0f48 - 0.0163 - - 1769934664.439206839 1769934664.455512524 0
Feb 1 08:31:04 np0005604209 proxy-server[125760]: 172.18.0.154 172.18.0.104 01/Feb/2026/08/31/04 GET /v1/AUTH_8c7e182e9edd4a9496010d2b1c99e9ab/gnocchi.8bd2e458-2a3e-4ea1-98c6-ab0a7712045a%3Fformat%3Djson%26marker%3Dnone_v3%26states%3Dlisting HTTP/1.0 200 - python-swiftclient-3.11.1 gAAAAABpfw24v4L0... - 2 - tx25fa3a1c4ed74f0c8bd13-00697f0f48 - 0.0098 - - 1769934664.470468283 1769934664.480251789 0
Feb 1 08:31:04 np0005604209 proxy-server[125760]: 172.18.0.154 172.18.0.104 01/Feb/2026/08/31/04 GET /v1/AUTH_8c7e182e9edd4a9496010d2b1c99e9ab/gnocchi.8bd2e458-2a3e-4ea1-98c6-ab0a7712045a/1769040000.0_mean_300.0_v3 HTTP/1.0 200 - python-swiftclient-3.11.1 gAAAAABpfw24v4L0... - 16 - txc5473cd22d014233942bf-00697f0f48 - 0.0166 - - 1769934664.492498159 1769934664.509135962 0
Feb 1 08:31:04 np0005604209 container-server[124211]: 172.20.0.104 - - [01/Feb/2026:08:31:04 +0000] "GET /d1/613/AUTH_8c7e182e9edd4a9496010d2b1c99e9ab/gnocchi.63794a9d-58f8-46e7-bc82-3ec75536e0f7" 200 2 "GET http://172.18.0.154:8080/v1/AUTH_8c7e182e9edd4a9496010d2b1c99e9ab/gnocchi.63794a9d-58f8-46e7-bc82-3ec75536e0f7?format=json&marker=none_v3&states=listing" "tx103f6c2e5c194eb2bff38-00697f0f48" "proxy-server 20" 0.0033 "-" 22 0
Feb 1 08:31:04 np0005604209 object-server[124541]: 172.20.0.103 - - [01/Feb/2026:08:31:04 +0000] "GET /d1/471/AUTH_8c7e182e9edd4a9496010d2b1c99e9ab/gnocchi.8bd2e458-2a3e-4ea1-98c6-ab0a7712045a/1769040000.0_rate%3Amean_300.0_v3" 404 70 "GET http://172.18.0.154:8080/v1/AUTH_8c7e182e9edd4a9496010d2b1c99e9ab/gnocchi.8bd2e458-2a3e-4ea1-98c6-ab0a7712045a/1769040000.0_rate%3Amean_300.0_v3" "tx779e434b73964abe82e85-00697f0f48" "proxy-server 20" 0.0008 "-" 23 0
Feb 1 08:31:04 np0005604209 proxy-server[125760]: 172.18.0.154 172.18.0.104 01/Feb/2026/08/31/04 GET /v1/AUTH_8c7e182e9edd4a9496010d2b1c99e9ab/gnocchi.8bd2e458-2a3e-4ea1-98c6-ab0a7712045a/1769040000.0_rate%253Amean_300.0_v3 HTTP/1.0 404 - python-swiftclient-3.11.1 gAAAAABpfw24v4L0... - 70 - tx779e434b73964abe82e85-00697f0f48 - 0.0300 - - 1769934664.517919779 1769934664.547875881 0
Feb 1 08:31:04 np0005604209 container-server[124211]: 172.20.0.105 - - [01/Feb/2026:08:31:04 +0000] "PUT /d1/613/AUTH_8c7e182e9edd4a9496010d2b1c99e9ab/gnocchi.63794a9d-58f8-46e7-bc82-3ec75536e0f7/1769040000.0_mean_300.0_v3" 201 - "PUT http://172.18.0.154:8080/d1/129/AUTH_8c7e182e9edd4a9496010d2b1c99e9ab/gnocchi.63794a9d-58f8-46e7-bc82-3ec75536e0f7/1769040000.0_mean_300.0_v3" "tx5eee1eeacc5944ef8d648-00697f0f48" "object-server 25" 0.0005 "-" 22 0
Feb 1 08:31:04 np0005604209 object-server[124542]: 172.20.0.104 - - [01/Feb/2026:08:31:04 +0000] "PUT /d1/129/AUTH_8c7e182e9edd4a9496010d2b1c99e9ab/gnocchi.63794a9d-58f8-46e7-bc82-3ec75536e0f7/1769040000.0_mean_300.0_v3" 201 - "PUT http://172.18.0.154:8080/v1/AUTH_8c7e182e9edd4a9496010d2b1c99e9ab/gnocchi.63794a9d-58f8-46e7-bc82-3ec75536e0f7/1769040000.0_mean_300.0_v3" "tx5eee1eeacc5944ef8d648-00697f0f48" "proxy-server 20" 0.0131 "-" 24 0
Feb 1 08:31:04 np0005604209 object-server[124541]: 172.20.0.104 - - [01/Feb/2026:08:31:04 +0000] "PUT /d1/651/AUTH_8c7e182e9edd4a9496010d2b1c99e9ab/gnocchi.63794a9d-58f8-46e7-bc82-3ec75536e0f7/none_v3" 201 - "PUT http://172.18.0.154:8080/v1/AUTH_8c7e182e9edd4a9496010d2b1c99e9ab/gnocchi.63794a9d-58f8-46e7-bc82-3ec75536e0f7/none_v3" "txb7690bbd34134a9590b12-00697f0f48" "proxy-server 20" 0.0124 "-" 23 0
Feb 1 08:31:04 np0005604209 container-server[124169]: 172.20.0.103 - - [01/Feb/2026:08:31:04 +0000] "PUT /d1/119/AUTH_8c7e182e9edd4a9496010d2b1c99e9ab/gnocchi.8bd2e458-2a3e-4ea1-98c6-ab0a7712045a/1769040000.0_mean_300.0_v3" 201 - "PUT http://172.18.0.154:8080/d1/776/AUTH_8c7e182e9edd4a9496010d2b1c99e9ab/gnocchi.8bd2e458-2a3e-4ea1-98c6-ab0a7712045a/1769040000.0_mean_300.0_v3" "tx6047b815508f4241a9eca-00697f0f48" "object-server 25" 0.0009 "-" 19 0
Feb 1 08:31:04 np0005604209 container-server[124179]: 172.20.0.105 - - [01/Feb/2026:08:31:04 +0000] "PUT /d1/613/AUTH_8c7e182e9edd4a9496010d2b1c99e9ab/gnocchi.63794a9d-58f8-46e7-bc82-3ec75536e0f7/none_v3" 201 - "PUT http://172.18.0.154:8080/d1/651/AUTH_8c7e182e9edd4a9496010d2b1c99e9ab/gnocchi.63794a9d-58f8-46e7-bc82-3ec75536e0f7/none_v3" "txb7690bbd34134a9590b12-00697f0f48" "object-server 23" 0.0010 "-" 20 0
Feb 1 08:31:04 np0005604209 object-server[124552]: 172.20.0.103 - - [01/Feb/2026:08:31:04 +0000] "PUT /d1/776/AUTH_8c7e182e9edd4a9496010d2b1c99e9ab/gnocchi.8bd2e458-2a3e-4ea1-98c6-ab0a7712045a/1769040000.0_mean_300.0_v3" 201 - "PUT http://172.18.0.154:8080/v1/AUTH_8c7e182e9edd4a9496010d2b1c99e9ab/gnocchi.8bd2e458-2a3e-4ea1-98c6-ab0a7712045a/1769040000.0_mean_300.0_v3" "tx6047b815508f4241a9eca-00697f0f48" "proxy-server 20" 0.0199 "-" 25 0
Feb 1 08:31:04 np0005604209 proxy-server[125760]: 172.18.0.154 172.18.0.104 01/Feb/2026/08/31/04 PUT /v1/AUTH_8c7e182e9edd4a9496010d2b1c99e9ab/gnocchi.8bd2e458-2a3e-4ea1-98c6-ab0a7712045a/1769040000.0_mean_300.0_v3 HTTP/1.0 201 - python-swiftclient-3.11.1 gAAAAABpfw24v4L0... 24 - - tx6047b815508f4241a9eca-00697f0f48 - 0.0353 - - 1769934664.552093506 1769934664.587424517 0
Feb 1 08:31:04 np0005604209 container-server[124179]: 172.20.0.105 - - [01/Feb/2026:08:31:04 +0000] "PUT /d1/119/AUTH_8c7e182e9edd4a9496010d2b1c99e9ab/gnocchi.8bd2e458-2a3e-4ea1-98c6-ab0a7712045a/1769040000.0_rate%3Amean_300.0_v3" 201 - "PUT http://172.18.0.154:8080/d1/471/AUTH_8c7e182e9edd4a9496010d2b1c99e9ab/gnocchi.8bd2e458-2a3e-4ea1-98c6-ab0a7712045a/1769040000.0_rate%3Amean_300.0_v3" "txec842f6ae5b54a5787f54-00697f0f48" "object-server 25" 0.0007 "-" 20 0
Feb 1 08:31:04 np0005604209 object-server[124534]: 172.20.0.104 - - [01/Feb/2026:08:31:04 +0000] "PUT /d1/471/AUTH_8c7e182e9edd4a9496010d2b1c99e9ab/gnocchi.8bd2e458-2a3e-4ea1-98c6-ab0a7712045a/1769040000.0_rate%3Amean_300.0_v3" 201 - "PUT http://172.18.0.154:8080/v1/AUTH_8c7e182e9edd4a9496010d2b1c99e9ab/gnocchi.8bd2e458-2a3e-4ea1-98c6-ab0a7712045a/1769040000.0_rate%3Amean_300.0_v3" "txec842f6ae5b54a5787f54-00697f0f48" "proxy-server 20" 0.0118 "-" 22 0
Feb 1 08:31:04 np0005604209 proxy-server[125760]: 172.18.0.103 172.18.0.104 01/Feb/2026/08/31/04 GET /v1/AUTH_8c7e182e9edd4a9496010d2b1c99e9ab/gnocchi.6a57f66c-c3a3-48cd-b4ae-ecd529243a03/none_v3 HTTP/1.0 200 - python-swiftclient-3.11.1 gAAAAABpfw1vYyou... - 22 - txa776546d6ea34bd994b20-00697f0f48 - 0.0172 - - 1769934664.603393555 1769934664.620609999 0
Feb 1 08:31:04 np0005604209 container-server[124169]: 172.20.0.103 - - [01/Feb/2026:08:31:04 +0000] "PUT /d1/119/AUTH_8c7e182e9edd4a9496010d2b1c99e9ab/gnocchi.8bd2e458-2a3e-4ea1-98c6-ab0a7712045a/none_v3" 201 - "PUT http://172.18.0.154:8080/d1/193/AUTH_8c7e182e9edd4a9496010d2b1c99e9ab/gnocchi.8bd2e458-2a3e-4ea1-98c6-ab0a7712045a/none_v3" "tx52d179f0b2db472cad01c-00697f0f48" "object-server 25" 0.0008 "-" 19 0
Feb 1 08:31:04 np0005604209 object-server[124552]: 172.20.0.104 - - [01/Feb/2026:08:31:04 +0000] "PUT /d1/193/AUTH_8c7e182e9edd4a9496010d2b1c99e9ab/gnocchi.8bd2e458-2a3e-4ea1-98c6-ab0a7712045a/none_v3" 201 - "PUT http://172.18.0.154:8080/v1/AUTH_8c7e182e9edd4a9496010d2b1c99e9ab/gnocchi.8bd2e458-2a3e-4ea1-98c6-ab0a7712045a/none_v3" "tx52d179f0b2db472cad01c-00697f0f48" "proxy-server 20" 0.0136 "-" 25 0
Feb 1 08:31:04 np0005604209 proxy-server[125760]: 172.18.0.103 172.18.0.104 01/Feb/2026/08/31/04 GET /v1/AUTH_8c7e182e9edd4a9496010d2b1c99e9ab/gnocchi.6a57f66c-c3a3-48cd-b4ae-ecd529243a03%3Fformat%3Djson%26states%3Dlisting HTTP/1.0 200 - python-swiftclient-3.11.1 gAAAAABpfw1vYyou... - 357 - tx36a84e8c533643ed8ce3e-00697f0f48 - 0.0122 - - 1769934664.628104210 1769934664.640337467 0
Feb 1 08:31:04 np0005604209 proxy-server[125760]: 172.18.0.154 172.18.0.104 01/Feb/2026/08/31/04 GET /v1/AUTH_8c7e182e9edd4a9496010d2b1c99e9ab/gnocchi.0d76bf91-550c-4c17-80e7-6db8ed6bfcc1/none_v3 HTTP/1.0 200 - python-swiftclient-3.11.1 gAAAAABpfw24v4L0... - 22 - tx0870ec4f044c4d2ca61d5-00697f0f48 - 0.0193 - - 1769934664.657814741 1769934664.677081347 0
Feb 1 08:31:04 np0005604209 object-server[124542]: 172.20.0.104 - - [01/Feb/2026:08:31:04 +0000] "GET /d1/880/AUTH_8c7e182e9edd4a9496010d2b1c99e9ab/gnocchi.6a57f66c-c3a3-48cd-b4ae-ecd529243a03/1769040000.0_rate%3Amean_300.0_v3" 404 70 "GET http://172.18.0.154:8080/v1/AUTH_8c7e182e9edd4a9496010d2b1c99e9ab/gnocchi.6a57f66c-c3a3-48cd-b4ae-ecd529243a03/1769040000.0_rate%3Amean_300.0_v3" "tx8463ff70e22849fe869f0-00697f0f48" "proxy-server 20" 0.0005 "-" 24 0
Feb 1 08:31:04 np0005604209 proxy-server[125760]: 172.18.0.154 172.18.0.104 01/Feb/2026/08/31/04 GET /v1/AUTH_8c7e182e9edd4a9496010d2b1c99e9ab/gnocchi.0d76bf91-550c-4c17-80e7-6db8ed6bfcc1%3Fformat%3Djson%26states%3Dlisting HTTP/1.0 200 - python-swiftclient-3.11.1 gAAAAABpfw24v4L0... - 357 - txe79da19fd4e04107a062d-00697f0f48 - 0.0162 - - 1769934664.684159756 1769934664.700406790 0
Feb 1 08:31:04 np0005604209 container-server[124179]: 172.20.0.104 - - [01/Feb/2026:08:31:04 +0000] "PUT /d1/257/AUTH_8c7e182e9edd4a9496010d2b1c99e9ab/gnocchi.6a57f66c-c3a3-48cd-b4ae-ecd529243a03/1769040000.0_mean_300.0_v3" 201 - "PUT http://172.18.0.154:8080/d1/34/AUTH_8c7e182e9edd4a9496010d2b1c99e9ab/gnocchi.6a57f66c-c3a3-48cd-b4ae-ecd529243a03/1769040000.0_mean_300.0_v3" "tx01ef2c9a62c04a17b3503-00697f0f48" "object-server 25" 0.0009 "-" 20 0
Feb 1 08:31:04 np0005604209 object-server[124552]: 172.20.0.105 - - [01/Feb/2026:08:31:04 +0000] "GET /d1/307/AUTH_8c7e182e9edd4a9496010d2b1c99e9ab/gnocchi.5e926b27-b804-484f-8826-0ddf30833b16/none_v3" 200 22 "GET http://172.18.0.154:8080/v1/AUTH_8c7e182e9edd4a9496010d2b1c99e9ab/gnocchi.5e926b27-b804-484f-8826-0ddf30833b16/none_v3" "tx0fcd494164284b9fb4439-00697f0f47" "proxy-server 20" 0.0022 "-" 25 0
Feb 1 08:31:04 np0005604209 object-server[124541]: 172.20.0.104 - - [01/Feb/2026:08:31:04 +0000] "PUT /d1/34/AUTH_8c7e182e9edd4a9496010d2b1c99e9ab/gnocchi.6a57f66c-c3a3-48cd-b4ae-ecd529243a03/1769040000.0_mean_300.0_v3" 201 - "PUT http://172.18.0.154:8080/v1/AUTH_8c7e182e9edd4a9496010d2b1c99e9ab/gnocchi.6a57f66c-c3a3-48cd-b4ae-ecd529243a03/1769040000.0_mean_300.0_v3" "tx01ef2c9a62c04a17b3503-00697f0f48" "proxy-server 20" 0.0152 "-" 23 0
Feb 1 08:31:04 np0005604209 proxy-server[125760]: 172.18.0.154 172.18.0.104 01/Feb/2026/08/31/04 GET /v1/AUTH_8c7e182e9edd4a9496010d2b1c99e9ab/gnocchi.0d76bf91-550c-4c17-80e7-6db8ed6bfcc1%3Fformat%3Djson%26marker%3Dnone_v3%26states%3Dlisting HTTP/1.0 200 - python-swiftclient-3.11.1 gAAAAABpfw24v4L0... - 2 - txaba51c9f4b274d8d9e447-00697f0f48 - 0.0128 - - 1769934664.704705238 1769934664.717518806 0
Feb 1 08:31:04 np0005604209 object-server[124552]: 172.20.0.105 - - [01/Feb/2026:08:31:04 +0000] "GET /d1/137/AUTH_8c7e182e9edd4a9496010d2b1c99e9ab/gnocchi.0d76bf91-550c-4c17-80e7-6db8ed6bfcc1/1769040000.0_mean_300.0_v3" 200 16 "GET http://172.18.0.154:8080/v1/AUTH_8c7e182e9edd4a9496010d2b1c99e9ab/gnocchi.0d76bf91-550c-4c17-80e7-6db8ed6bfcc1/1769040000.0_mean_300.0_v3" "txfeb25b4e0254492482e06-00697f0f48" "proxy-server 20" 0.0014 "-" 25 0
Feb 1 08:31:04 np0005604209 container-server[124202]: 172.20.0.103 - - [01/Feb/2026:08:31:04 +0000] "GET /d1/711/AUTH_8c7e182e9edd4a9496010d2b1c99e9ab/gnocchi.5e926b27-b804-484f-8826-0ddf30833b16" 200 357 "GET http://172.18.0.154:8080/v1/AUTH_8c7e182e9edd4a9496010d2b1c99e9ab/gnocchi.5e926b27-b804-484f-8826-0ddf30833b16?format=json&states=listing" "txc9d1d61669ec44fc86575-00697f0f48" "proxy-server 20" 0.0047 "-" 21 0
Feb 1 08:31:04 np0005604209 object-server[124534]: 172.20.0.104 - - [01/Feb/2026:08:31:04 +0000] "PUT /d1/880/AUTH_8c7e182e9edd4a9496010d2b1c99e9ab/gnocchi.6a57f66c-c3a3-48cd-b4ae-ecd529243a03/1769040000.0_rate%3Amean_300.0_v3" 201 - "PUT http://172.18.0.154:8080/v1/AUTH_8c7e182e9edd4a9496010d2b1c99e9ab/gnocchi.6a57f66c-c3a3-48cd-b4ae-ecd529243a03/1769040000.0_rate%3Amean_300.0_v3" "txfc01fc367e764a90b581c-00697f0f48" "proxy-server 20" 0.0095 "-" 22 0
Feb 1 08:31:04 np0005604209 container-server[124169]: 172.20.0.104 - - [01/Feb/2026:08:31:04 +0000] "PUT /d1/257/AUTH_8c7e182e9edd4a9496010d2b1c99e9ab/gnocchi.6a57f66c-c3a3-48cd-b4ae-ecd529243a03/1769040000.0_rate%3Amean_300.0_v3" 201 - "PUT http://172.18.0.154:8080/d1/880/AUTH_8c7e182e9edd4a9496010d2b1c99e9ab/gnocchi.6a57f66c-c3a3-48cd-b4ae-ecd529243a03/1769040000.0_rate%3Amean_300.0_v3" "txfc01fc367e764a90b581c-00697f0f48" "object-server 25" 0.0009 "-" 19 0
Feb 1 08:31:04 np0005604209 proxy-server[125760]: 172.18.0.105 172.18.0.104 01/Feb/2026/08/31/04 GET /v1/AUTH_8c7e182e9edd4a9496010d2b1c99e9ab/gnocchi.5e926b27-b804-484f-8826-0ddf30833b16%3Fformat%3Djson%26states%3Dlisting HTTP/1.0 200 - python-swiftclient-3.11.1 gAAAAABpfw2NcD79... - 357 - txc9d1d61669ec44fc86575-00697f0f48 - 0.0145 - - 1769934664.721565247 1769934664.736037493 0
Feb 1 08:31:04 np0005604209 object-server[124534]: 172.20.0.105 - - [01/Feb/2026:08:31:04 +0000] "GET /d1/471/AUTH_8c7e182e9edd4a9496010d2b1c99e9ab/gnocchi.0d76bf91-550c-4c17-80e7-6db8ed6bfcc1/1769040000.0_rate%3Amean_300.0_v3" 404 70 "GET http://172.18.0.154:8080/v1/AUTH_8c7e182e9edd4a9496010d2b1c99e9ab/gnocchi.0d76bf91-550c-4c17-80e7-6db8ed6bfcc1/1769040000.0_rate%3Amean_300.0_v3" "tx3e9dc8729db2476c88af7-00697f0f48" "proxy-server 20" 0.0003 "-" 22 0
Feb 1 08:31:04 np0005604209 container-server[124179]: 172.20.0.103 - - [01/Feb/2026:08:31:04 +0000] "PUT /d1/257/AUTH_8c7e182e9edd4a9496010d2b1c99e9ab/gnocchi.6a57f66c-c3a3-48cd-b4ae-ecd529243a03/none_v3" 201 - "PUT http://172.18.0.154:8080/d1/710/AUTH_8c7e182e9edd4a9496010d2b1c99e9ab/gnocchi.6a57f66c-c3a3-48cd-b4ae-ecd529243a03/none_v3" "tx6bef759f7b104a7c9f50f-00697f0f48" "object-server 24" 0.0009 "-" 20 0
Feb 1 08:31:04 np0005604209 proxy-server[125760]: 172.18.0.105 172.18.0.104 01/Feb/2026/08/31/04 GET /v1/AUTH_8c7e182e9edd4a9496010d2b1c99e9ab/gnocchi.5e926b27-b804-484f-8826-0ddf30833b16%3Fformat%3Djson%26marker%3Dnone_v3%26states%3Dlisting HTTP/1.0 200 - python-swiftclient-3.11.1 gAAAAABpfw2NcD79... - 2 - tx8ece8e43997e4eb58a89d-00697f0f48 - 0.0154 - - 1769934664.739545107 1769934664.754952908 0
Feb 1 08:31:04 np0005604209 object-server[124542]: 172.20.0.104 - - [01/Feb/2026:08:31:04 +0000] "PUT /d1/710/AUTH_8c7e182e9edd4a9496010d2b1c99e9ab/gnocchi.6a57f66c-c3a3-48cd-b4ae-ecd529243a03/none_v3" 201 - "PUT http://172.18.0.154:8080/v1/AUTH_8c7e182e9edd4a9496010d2b1c99e9ab/gnocchi.6a57f66c-c3a3-48cd-b4ae-ecd529243a03/none_v3" "tx6bef759f7b104a7c9f50f-00697f0f48" "proxy-server 20" 0.0115 "-" 24 0
Feb 1 08:31:04 np0005604209 object-server[124534]: 172.20.0.103 - - [01/Feb/2026:08:31:04 +0000] "GET /d1/42/AUTH_8c7e182e9edd4a9496010d2b1c99e9ab/gnocchi.5e926b27-b804-484f-8826-0ddf30833b16/1769040000.0_mean_300.0_v3" 200 16 "GET http://172.18.0.154:8080/v1/AUTH_8c7e182e9edd4a9496010d2b1c99e9ab/gnocchi.5e926b27-b804-484f-8826-0ddf30833b16/1769040000.0_mean_300.0_v3" "txc4ffa134633f47e68c057-00697f0f48" "proxy-server 20" 0.0008 "-" 22 0
Feb 1 08:31:04 np0005604209 proxy-server[125760]: 172.18.0.105 172.18.0.104 01/Feb/2026/08/31/04 GET /v1/AUTH_8c7e182e9edd4a9496010d2b1c99e9ab/gnocchi.5e926b27-b804-484f-8826-0ddf30833b16/1769040000.0_mean_300.0_v3 HTTP/1.0 200 - python-swiftclient-3.11.1 gAAAAABpfw2NcD79... - 16 - txc4ffa134633f47e68c057-00697f0f48 - 0.0077 - - 1769934664.761422157 1769934664.769121647 0
Feb 1 08:31:04 np0005604209 container-server[124202]: 172.20.0.103 - - [01/Feb/2026:08:31:04 +0000] "PUT /d1/835/AUTH_8c7e182e9edd4a9496010d2b1c99e9ab/gnocchi.0d76bf91-550c-4c17-80e7-6db8ed6bfcc1/1769040000.0_mean_300.0_v3" 201 - "PUT http://172.18.0.154:8080/d1/137/AUTH_8c7e182e9edd4a9496010d2b1c99e9ab/gnocchi.0d76bf91-550c-4c17-80e7-6db8ed6bfcc1/1769040000.0_mean_300.0_v3" "tx6d586c4cced84c9e8ce87-00697f0f48" "object-server 22" 0.0013 "-" 21 0
Feb 1 08:31:04 np0005604209 object-server[124534]: 172.20.0.105 - - [01/Feb/2026:08:31:04 +0000] "PUT /d1/137/AUTH_8c7e182e9edd4a9496010d2b1c99e9ab/gnocchi.0d76bf91-550c-4c17-80e7-6db8ed6bfcc1/1769040000.0_mean_300.0_v3" 201 - "PUT http://172.18.0.154:8080/v1/AUTH_8c7e182e9edd4a9496010d2b1c99e9ab/gnocchi.0d76bf91-550c-4c17-80e7-6db8ed6bfcc1/1769040000.0_mean_300.0_v3" "tx6d586c4cced84c9e8ce87-00697f0f48" "proxy-server 20" 0.0156 "-" 22 0
Feb 1 08:31:04 np0005604209 object-server[124541]: 172.20.0.104 - - [01/Feb/2026:08:31:04 +0000] "GET /d1/851/AUTH_8c7e182e9edd4a9496010d2b1c99e9ab/gnocchi.5e926b27-b804-484f-8826-0ddf30833b16/1769040000.0_rate%3Amean_300.0_v3" 404 70 "GET http://172.18.0.154:8080/v1/AUTH_8c7e182e9edd4a9496010d2b1c99e9ab/gnocchi.5e926b27-b804-484f-8826-0ddf30833b16/1769040000.0_rate%3Amean_300.0_v3" "txd120431e9ac14ea4be170-00697f0f48" "proxy-server 20" 0.0007 "-" 23 0
Feb 1 08:31:04 np0005604209 object-server[124534]: 172.20.0.103 - - [01/Feb/2026:08:31:04 +0000] "PUT /d1/471/AUTH_8c7e182e9edd4a9496010d2b1c99e9ab/gnocchi.0d76bf91-550c-4c17-80e7-6db8ed6bfcc1/1769040000.0_rate%3Amean_300.0_v3" 201 - "PUT http://172.18.0.154:8080/v1/AUTH_8c7e182e9edd4a9496010d2b1c99e9ab/gnocchi.0d76bf91-550c-4c17-80e7-6db8ed6bfcc1/1769040000.0_rate%3Amean_300.0_v3" "txf740daaf739a4fa1b717f-00697f0f48" "proxy-server 20" 0.0115 "-" 22 0
Feb 1 08:31:04 np0005604209 container-server[124179]: 172.20.0.104 - - [01/Feb/2026:08:31:04 +0000] "PUT /d1/835/AUTH_8c7e182e9edd4a9496010d2b1c99e9ab/gnocchi.0d76bf91-550c-4c17-80e7-6db8ed6bfcc1/1769040000.0_rate%3Amean_300.0_v3" 201 - "PUT http://172.18.0.154:8080/d1/471/AUTH_8c7e182e9edd4a9496010d2b1c99e9ab/gnocchi.0d76bf91-550c-4c17-80e7-6db8ed6bfcc1/1769040000.0_rate%3Amean_300.0_v3" "txf740daaf739a4fa1b717f-00697f0f48" "object-server 22" 0.0008 "-" 20 0
Feb 1 08:31:04 np0005604209 proxy-server[125760]: 172.18.0.154 172.18.0.104 01/Feb/2026/08/31/04 PUT /v1/AUTH_8c7e182e9edd4a9496010d2b1c99e9ab/gnocchi.0d76bf91-550c-4c17-80e7-6db8ed6bfcc1/1769040000.0_rate%253Amean_300.0_v3 HTTP/1.0 201 - python-swiftclient-3.11.1 gAAAAABpfw24v4L0... 16 - - txf740daaf739a4fa1b717f-00697f0f48 - 0.0213 - - 1769934664.778835058 1769934664.800153017 0
Feb 1 08:31:04 np0005604209 container-server[124179]: 172.20.0.103 - - [01/Feb/2026:08:31:04 +0000] "PUT /d1/711/AUTH_8c7e182e9edd4a9496010d2b1c99e9ab/gnocchi.5e926b27-b804-484f-8826-0ddf30833b16/1769040000.0_mean_300.0_v3" 201 - "PUT http://172.18.0.154:8080/d1/42/AUTH_8c7e182e9edd4a9496010d2b1c99e9ab/gnocchi.5e926b27-b804-484f-8826-0ddf30833b16/1769040000.0_mean_300.0_v3" "txbfdab55fba0b4f6f81e54-00697f0f48" "object-server 22" 0.0007 "-" 20 0
Feb 1 08:31:04 np0005604209 object-server[124534]: 172.20.0.104 - - [01/Feb/2026:08:31:04 +0000] "PUT /d1/42/AUTH_8c7e182e9edd4a9496010d2b1c99e9ab/gnocchi.5e926b27-b804-484f-8826-0ddf30833b16/1769040000.0_mean_300.0_v3" 201 - "PUT http://172.18.0.154:8080/v1/AUTH_8c7e182e9edd4a9496010d2b1c99e9ab/gnocchi.5e926b27-b804-484f-8826-0ddf30833b16/1769040000.0_mean_300.0_v3" "txbfdab55fba0b4f6f81e54-00697f0f48" "proxy-server 20" 0.0098 "-" 22 0
Feb 1 08:31:04 np0005604209 container-server[124179]: 172.20.0.103 - - [01/Feb/2026:08:31:04 +0000] "GET /d1/371/AUTH_8c7e182e9edd4a9496010d2b1c99e9ab/gnocchi.a4c0435f-4438-45cc-9ebc-117944d4c3a0" 200 357 "GET http://172.18.0.154:8080/v1/AUTH_8c7e182e9edd4a9496010d2b1c99e9ab/gnocchi.a4c0435f-4438-45cc-9ebc-117944d4c3a0?format=json&states=listing" "tx300037baf2944504ad6f1-00697f0f48" "proxy-server 20" 0.0043 "-" 20 0
Feb 1 08:31:04 np0005604209 proxy-server[125760]: 172.18.0.103 172.18.0.104 01/Feb/2026/08/31/04 GET /v1/AUTH_8c7e182e9edd4a9496010d2b1c99e9ab/gnocchi.a4c0435f-4438-45cc-9ebc-117944d4c3a0%3Fformat%3Djson%26states%3Dlisting HTTP/1.0 200 - python-swiftclient-3.11.1 gAAAAABpfw1vYyou... - 357 - tx300037baf2944504ad6f1-00697f0f48 - 0.0111 - - 1769934664.805616617 1769934664.816748619 0
Feb 1 08:31:04 np0005604209 container-server[124179]: 172.20.0.103 - - [01/Feb/2026:08:31:04 +0000] "PUT /d1/835/AUTH_8c7e182e9edd4a9496010d2b1c99e9ab/gnocchi.0d76bf91-550c-4c17-80e7-6db8ed6bfcc1/none_v3" 201 - "PUT http://172.18.0.154:8080/d1/841/AUTH_8c7e182e9edd4a9496010d2b1c99e9ab/gnocchi.0d76bf91-550c-4c17-80e7-6db8ed6bfcc1/none_v3" "tx318a5a08685d421c9b463-00697f0f48" "object-server 24" 0.0012 "-" 20 0
Feb 1 08:31:04 np0005604209 object-server[124542]: 172.20.0.105 - - [01/Feb/2026:08:31:04 +0000] "PUT /d1/841/AUTH_8c7e182e9edd4a9496010d2b1c99e9ab/gnocchi.0d76bf91-550c-4c17-80e7-6db8ed6bfcc1/none_v3" 201 - "PUT http://172.18.0.154:8080/v1/AUTH_8c7e182e9edd4a9496010d2b1c99e9ab/gnocchi.0d76bf91-550c-4c17-80e7-6db8ed6bfcc1/none_v3" "tx318a5a08685d421c9b463-00697f0f48" "proxy-server 20" 0.0122 "-" 24 0
Feb 1 08:31:04 np0005604209 container-server[124169]: 172.20.0.104 - - [01/Feb/2026:08:31:04 +0000] "PUT /d1/711/AUTH_8c7e182e9edd4a9496010d2b1c99e9ab/gnocchi.5e926b27-b804-484f-8826-0ddf30833b16/1769040000.0_rate%3Amean_300.0_v3" 201 - "PUT http://172.18.0.154:8080/d1/851/AUTH_8c7e182e9edd4a9496010d2b1c99e9ab/gnocchi.5e926b27-b804-484f-8826-0ddf30833b16/1769040000.0_rate%3Amean_300.0_v3" "txae6e8d7ea8b240b0b46cb-00697f0f48" "object-server 22" 0.0007 "-" 19 0
Feb 1 08:31:04 np0005604209 proxy-server[125760]: 172.18.0.103 172.18.0.104 01/Feb/2026/08/31/04 GET /v1/AUTH_8c7e182e9edd4a9496010d2b1c99e9ab/gnocchi.a4c0435f-4438-45cc-9ebc-117944d4c3a0%3Fformat%3Djson%26marker%3Dnone_v3%26states%3Dlisting HTTP/1.0 200 - python-swiftclient-3.11.1 gAAAAABpfw1vYyou... - 2 - txd32dfcb1d36d45d989462-00697f0f48 - 0.0114 - - 1769934664.820710421 1769934664.832128525 0
Feb 1 08:31:04 np0005604209 object-server[124541]: 172.20.0.104 - - [01/Feb/2026:08:31:04 +0000] "PUT /d1/851/AUTH_8c7e182e9edd4a9496010d2b1c99e9ab/gnocchi.5e926b27-b804-484f-8826-0ddf30833b16/1769040000.0_rate%3Amean_300.0_v3" 201 - "PUT http://172.18.0.154:8080/v1/AUTH_8c7e182e9edd4a9496010d2b1c99e9ab/gnocchi.5e926b27-b804-484f-8826-0ddf30833b16/1769040000.0_rate%3Amean_300.0_v3" "txae6e8d7ea8b240b0b46cb-00697f0f48" "proxy-server 20" 0.0182 "-" 23 0
Feb 1 08:31:04 np0005604209 container-server[124211]: 172.20.0.105 - - [01/Feb/2026:08:31:04 +0000] "PUT /d1/711/AUTH_8c7e182e9edd4a9496010d2b1c99e9ab/gnocchi.5e926b27-b804-484f-8826-0ddf30833b16/none_v3" 201 - "PUT http://172.18.0.154:8080/d1/307/AUTH_8c7e182e9edd4a9496010d2b1c99e9ab/gnocchi.5e926b27-b804-484f-8826-0ddf30833b16/none_v3" "txa97148da1c7b4e478e301-00697f0f48" "object-server 24" 0.0005 "-" 22 0
Feb 1 08:31:04 np0005604209 object-server[124541]: 172.20.0.104 - - [01/Feb/2026:08:31:04 +0000] "GET /d1/319/AUTH_8c7e182e9edd4a9496010d2b1c99e9ab/gnocchi.d1154704-3468-4db5-ad16-6a6ffb014753/none_v3" 200 22 "GET http://172.18.0.154:8080/v1/AUTH_8c7e182e9edd4a9496010d2b1c99e9ab/gnocchi.d1154704-3468-4db5-ad16-6a6ffb014753/none_v3" "tx0122d97a995844fe875bc-00697f0f48" "proxy-server 20" 0.0013 "-" 23 0
Feb 1 08:31:04 np0005604209 object-server[124534]: 172.20.0.103 - - [01/Feb/2026:08:31:04 +0000] "PUT /d1/307/AUTH_8c7e182e9edd4a9496010d2b1c99e9ab/gnocchi.5e926b27-b804-484f-8826-0ddf30833b16/none_v3" 201 - "PUT http://172.18.0.154:8080/v1/AUTH_8c7e182e9edd4a9496010d2b1c99e9ab/gnocchi.5e926b27-b804-484f-8826-0ddf30833b16/none_v3" "txa97148da1c7b4e478e301-00697f0f48" "proxy-server 20" 0.0123 "-" 22 0
Feb 1 08:31:04 np0005604209 proxy-server[125760]: 172.18.0.105 172.18.0.104 01/Feb/2026/08/31/04 PUT /v1/AUTH_8c7e182e9edd4a9496010d2b1c99e9ab/gnocchi.5e926b27-b804-484f-8826-0ddf30833b16/none_v3 HTTP/1.0 201 - python-swiftclient-3.11.1 gAAAAABpfw2NcD79... 34 - - txa97148da1c7b4e478e301-00697f0f48 - 0.0207 - - 1769934664.843211174 1769934664.863875628 0
Feb 1 08:31:04 np0005604209 object-server[124534]: 172.20.0.105 - - [01/Feb/2026:08:31:04 +0000] "GET /d1/780/AUTH_8c7e182e9edd4a9496010d2b1c99e9ab/gnocchi.a4c0435f-4438-45cc-9ebc-117944d4c3a0/1769040000.0_rate%3Amean_300.0_v3" 404 70 "GET http://172.18.0.154:8080/v1/AUTH_8c7e182e9edd4a9496010d2b1c99e9ab/gnocchi.a4c0435f-4438-45cc-9ebc-117944d4c3a0/1769040000.0_rate%3Amean_300.0_v3" "tx33cc197551c34b7796821-00697f0f48" "proxy-server 20" 0.0005 "-" 22 0
Feb 1 08:31:04 np0005604209 container-server[124169]: 172.20.0.105 - - [01/Feb/2026:08:31:04 +0000] "GET /d1/956/AUTH_8c7e182e9edd4a9496010d2b1c99e9ab/gnocchi.d1154704-3468-4db5-ad16-6a6ffb014753" 200 2 "GET http://172.18.0.154:8080/v1/AUTH_8c7e182e9edd4a9496010d2b1c99e9ab/gnocchi.d1154704-3468-4db5-ad16-6a6ffb014753?format=json&marker=none_v3&states=listing" "tx55e3becef56a443fa1039-00697f0f48" "proxy-server 20" 0.0042 "-" 19 0
Feb 1 08:31:04 np0005604209 container-server[124211]: 172.20.0.104 - - [01/Feb/2026:08:31:04 +0000] "PUT /d1/371/AUTH_8c7e182e9edd4a9496010d2b1c99e9ab/gnocchi.a4c0435f-4438-45cc-9ebc-117944d4c3a0/1769040000.0_mean_300.0_v3" 201 - "PUT http://172.18.0.154:8080/d1/276/AUTH_8c7e182e9edd4a9496010d2b1c99e9ab/gnocchi.a4c0435f-4438-45cc-9ebc-117944d4c3a0/1769040000.0_mean_300.0_v3" "txca3d6ee2db1f4d7190423-00697f0f48" "object-server 23" 0.0006 "-" 22 0
Feb 1 08:31:04 np0005604209 object-server[124542]: 172.20.0.103 - - [01/Feb/2026:08:31:04 +0000] "PUT /d1/276/AUTH_8c7e182e9edd4a9496010d2b1c99e9ab/gnocchi.a4c0435f-4438-45cc-9ebc-117944d4c3a0/1769040000.0_mean_300.0_v3" 201 - "PUT http://172.18.0.154:8080/v1/AUTH_8c7e182e9edd4a9496010d2b1c99e9ab/gnocchi.a4c0435f-4438-45cc-9ebc-117944d4c3a0/1769040000.0_mean_300.0_v3" "txca3d6ee2db1f4d7190423-00697f0f48" "proxy-server 20" 0.0150 "-" 24 0
Feb 1 08:31:04 np0005604209 proxy-server[125760]: 172.18.0.103 172.18.0.104 01/Feb/2026/08/31/04 PUT /v1/AUTH_8c7e182e9edd4a9496010d2b1c99e9ab/gnocchi.a4c0435f-4438-45cc-9ebc-117944d4c3a0/1769040000.0_mean_300.0_v3 HTTP/1.0 201 - python-swiftclient-3.11.1 gAAAAABpfw1vYyou... 24 - - txca3d6ee2db1f4d7190423-00697f0f48 - 0.0268 - - 1769934664.881974697 1769934664.908778429 0
Feb 1 08:31:04 np0005604209 object-server[124542]: 172.20.0.103 - - [01/Feb/2026:08:31:04 +0000] "GET /d1/121/AUTH_8c7e182e9edd4a9496010d2b1c99e9ab/gnocchi.d1154704-3468-4db5-ad16-6a6ffb014753/1769040000.0_rate%3Amean_300.0_v3" 404 70 "GET http://172.18.0.154:8080/v1/AUTH_8c7e182e9edd4a9496010d2b1c99e9ab/gnocchi.d1154704-3468-4db5-ad16-6a6ffb014753/1769040000.0_rate%3Amean_300.0_v3" "txee45bee9b338455abe057-00697f0f48" "proxy-server 20" 0.0007 "-" 24 0
Feb 1 08:31:04 np0005604209 proxy-server[125760]: 172.18.0.154 172.18.0.104 01/Feb/2026/08/31/04 GET /v1/AUTH_8c7e182e9edd4a9496010d2b1c99e9ab/gnocchi.d1154704-3468-4db5-ad16-6a6ffb014753/1769040000.0_rate%253Amean_300.0_v3 HTTP/1.0 404 - python-swiftclient-3.11.1 gAAAAABpfw24v4L0... - 70 - txee45bee9b338455abe057-00697f0f48 - 0.0171 - - 1769934664.916257381 1769934664.933362246 0
Feb 1 08:31:04 np0005604209 container-server[124202]: 172.20.0.105 - - [01/Feb/2026:08:31:04 +0000] "PUT /d1/371/AUTH_8c7e182e9edd4a9496010d2b1c99e9ab/gnocchi.a4c0435f-4438-45cc-9ebc-117944d4c3a0/1769040000.0_rate%3Amean_300.0_v3" 201 - "PUT http://172.18.0.154:8080/d1/780/AUTH_8c7e182e9edd4a9496010d2b1c99e9ab/gnocchi.a4c0435f-4438-45cc-9ebc-117944d4c3a0/1769040000.0_rate%3Amean_300.0_v3" "tx3b1c72d8effe47f8aa7cb-00697f0f48" "object-server 24" 0.0013 "-" 21 0
Feb 1 08:31:04 np0005604209 object-server[124541]: 172.20.0.105 - - [01/Feb/2026:08:31:04 +0000] "PUT /d1/780/AUTH_8c7e182e9edd4a9496010d2b1c99e9ab/gnocchi.a4c0435f-4438-45cc-9ebc-117944d4c3a0/1769040000.0_rate%3Amean_300.0_v3" 201 - "PUT http://172.18.0.154:8080/v1/AUTH_8c7e182e9edd4a9496010d2b1c99e9ab/gnocchi.a4c0435f-4438-45cc-9ebc-117944d4c3a0/1769040000.0_rate%3Amean_300.0_v3" "tx3b1c72d8effe47f8aa7cb-00697f0f48" "proxy-server 20" 0.0178 "-" 23 0
Feb 1 08:31:04 np0005604209 container-server[124211]: 172.20.0.105 - - [01/Feb/2026:08:31:04 +0000] "PUT /d1/956/AUTH_8c7e182e9edd4a9496010d2b1c99e9ab/gnocchi.d1154704-3468-4db5-ad16-6a6ffb014753/1769040000.0_mean_300.0_v3" 201 - "PUT http://172.18.0.154:8080/d1/167/AUTH_8c7e182e9edd4a9496010d2b1c99e9ab/gnocchi.d1154704-3468-4db5-ad16-6a6ffb014753/1769040000.0_mean_300.0_v3" "tx47a063b143174c699c826-00697f0f48" "object-server 24" 0.0004 "-" 22 0
Feb 1 08:31:04 np0005604209 object-server[124541]: 172.20.0.104 - - [01/Feb/2026:08:31:04 +0000] "PUT /d1/167/AUTH_8c7e182e9edd4a9496010d2b1c99e9ab/gnocchi.d1154704-3468-4db5-ad16-6a6ffb014753/1769040000.0_mean_300.0_v3" 201 - "PUT http://172.18.0.154:8080/v1/AUTH_8c7e182e9edd4a9496010d2b1c99e9ab/gnocchi.d1154704-3468-4db5-ad16-6a6ffb014753/1769040000.0_mean_300.0_v3" "tx47a063b143174c699c826-00697f0f48" "proxy-server 20" 0.0161 "-" 23 0
Feb 1 08:31:04 np0005604209 container-server[124211]: 172.20.0.103 - - [01/Feb/2026:08:31:04 +0000] "PUT /d1/371/AUTH_8c7e182e9edd4a9496010d2b1c99e9ab/gnocchi.a4c0435f-4438-45cc-9ebc-117944d4c3a0/none_v3" 201 - "PUT http://172.18.0.154:8080/d1/116/AUTH_8c7e182e9edd4a9496010d2b1c99e9ab/gnocchi.a4c0435f-4438-45cc-9ebc-117944d4c3a0/none_v3" "txdd821122a17543c096087-00697f0f48" "object-server 24" 0.0005 "-" 22 0
Feb 1 08:31:04 np0005604209 object-server[124542]: 172.20.0.103 - - [01/Feb/2026:08:31:04 +0000] "PUT /d1/116/AUTH_8c7e182e9edd4a9496010d2b1c99e9ab/gnocchi.a4c0435f-4438-45cc-9ebc-117944d4c3a0/none_v3" 201 - "PUT http://172.18.0.154:8080/v1/AUTH_8c7e182e9edd4a9496010d2b1c99e9ab/gnocchi.a4c0435f-4438-45cc-9ebc-117944d4c3a0/none_v3" "txdd821122a17543c096087-00697f0f48" "proxy-server 20" 0.0150 "-" 24 0
Feb 1 08:31:04 np0005604209 proxy-server[125760]: 172.18.0.103 172.18.0.104 01/Feb/2026/08/31/04 PUT /v1/AUTH_8c7e182e9edd4a9496010d2b1c99e9ab/gnocchi.a4c0435f-4438-45cc-9ebc-117944d4c3a0/none_v3 HTTP/1.0 201 - python-swiftclient-3.11.1 gAAAAABpfw1vYyou... 33 - - txdd821122a17543c096087-00697f0f48 - 0.0236 - - 1769934664.944117308 1769934664.967714548 0
Feb 1 08:31:04 np0005604209 container-server[124179]: 172.20.0.105 - - [01/Feb/2026:08:31:04 +0000] "PUT /d1/956/AUTH_8c7e182e9edd4a9496010d2b1c99e9ab/gnocchi.d1154704-3468-4db5-ad16-6a6ffb014753/1769040000.0_rate%3Amean_300.0_v3" 201 - "PUT http://172.18.0.154:8080/d1/121/AUTH_8c7e182e9edd4a9496010d2b1c99e9ab/gnocchi.d1154704-3468-4db5-ad16-6a6ffb014753/1769040000.0_rate%3Amean_300.0_v3" "tx44f53b8065314424b6b46-00697f0f48" "object-server 22" 0.0008 "-" 20 0
Feb 1 08:31:04 np0005604209 object-server[124542]: 172.20.0.105 - - [01/Feb/2026:08:31:04 +0000] "PUT /d1/121/AUTH_8c7e182e9edd4a9496010d2b1c99e9ab/gnocchi.d1154704-3468-4db5-ad16-6a6ffb014753/1769040000.0_rate%3Amean_300.0_v3" 201 - "PUT http://172.18.0.154:8080/v1/AUTH_8c7e182e9edd4a9496010d2b1c99e9ab/gnocchi.d1154704-3468-4db5-ad16-6a6ffb014753/1769040000.0_rate%3Amean_300.0_v3" "tx44f53b8065314424b6b46-00697f0f48" "proxy-server 20" 0.0121 "-" 24 0
Feb 1 08:31:05 np0005604209 container-server[124169]: 172.20.0.103 - - [01/Feb/2026:08:31:05 +0000] "HEAD /d1/1019/AUTH_8c7e182e9edd4a9496010d2b1c99e9ab/gnocchi.de70cf34-3969-4c9a-b8b2-9a2bf83b68a9" 204 - "HEAD http://172.18.0.154:8080/v1/AUTH_8c7e182e9edd4a9496010d2b1c99e9ab/gnocchi.de70cf34-3969-4c9a-b8b2-9a2bf83b68a9?format=json&states=listing" "tx952758cbc4a240f6b0ec8-00697f0f48" "proxy-server 20" 0.0027 "-" 19 0
Feb 1 08:31:05 np0005604209 container-server[124169]: 172.20.0.105 - - [01/Feb/2026:08:31:05 +0000] "PUT /d1/956/AUTH_8c7e182e9edd4a9496010d2b1c99e9ab/gnocchi.d1154704-3468-4db5-ad16-6a6ffb014753/none_v3" 201 - "PUT http://172.18.0.154:8080/d1/319/AUTH_8c7e182e9edd4a9496010d2b1c99e9ab/gnocchi.d1154704-3468-4db5-ad16-6a6ffb014753/none_v3" "tx639c2fb703674b8b83e23-00697f0f48" "object-server 24" 0.0005 "-" 19 0
Feb 1 08:31:05 np0005604209 object-server[124534]: 172.20.0.104 - - [01/Feb/2026:08:31:05 +0000] "PUT /d1/319/AUTH_8c7e182e9edd4a9496010d2b1c99e9ab/gnocchi.d1154704-3468-4db5-ad16-6a6ffb014753/none_v3" 201 - "PUT http://172.18.0.154:8080/v1/AUTH_8c7e182e9edd4a9496010d2b1c99e9ab/gnocchi.d1154704-3468-4db5-ad16-6a6ffb014753/none_v3" "tx639c2fb703674b8b83e23-00697f0f48" "proxy-server 20" 0.0128 "-" 22 0
Feb 1 08:31:05 np0005604209 object-server[124552]: 172.20.0.103 - - [01/Feb/2026:08:31:05 +0000] "GET /d1/427/AUTH_8c7e182e9edd4a9496010d2b1c99e9ab/gnocchi.de70cf34-3969-4c9a-b8b2-9a2bf83b68a9/none_v3" 200 22 "GET http://172.18.0.154:8080/v1/AUTH_8c7e182e9edd4a9496010d2b1c99e9ab/gnocchi.de70cf34-3969-4c9a-b8b2-9a2bf83b68a9/none_v3" "tx952758cbc4a240f6b0ec8-00697f0f48" "proxy-server 20" 0.0008 "-" 25 0
Feb 1 08:31:05 np0005604209 proxy-server[125760]: 172.18.0.105 172.18.0.104 01/Feb/2026/08/31/05 GET /v1/AUTH_8c7e182e9edd4a9496010d2b1c99e9ab/gnocchi.de70cf34-3969-4c9a-b8b2-9a2bf83b68a9/none_v3 HTTP/1.0 200 - python-swiftclient-3.11.1 gAAAAABpfw2NcD79... - 22 - tx952758cbc4a240f6b0ec8-00697f0f48 - 0.0222 - - 1769934664.994161129 1769934665.016333580 0
Feb 1 08:31:05 np0005604209 container-server[124211]: 172.20.0.104 - - [01/Feb/2026:08:31:05 +0000] "GET /d1/1019/AUTH_8c7e182e9edd4a9496010d2b1c99e9ab/gnocchi.de70cf34-3969-4c9a-b8b2-9a2bf83b68a9" 200 2 "GET http://172.18.0.154:8080/v1/AUTH_8c7e182e9edd4a9496010d2b1c99e9ab/gnocchi.de70cf34-3969-4c9a-b8b2-9a2bf83b68a9?format=json&marker=none_v3&states=listing" "tx7fd2ccdf0f3343cc8c891-00697f0f49" "proxy-server 20" 0.0023 "-" 22 0
Feb 1 08:31:05 np0005604209 proxy-server[125760]: 172.18.0.105 172.18.0.104 01/Feb/2026/08/31/05 GET /v1/AUTH_8c7e182e9edd4a9496010d2b1c99e9ab/gnocchi.de70cf34-3969-4c9a-b8b2-9a2bf83b68a9/1769040000.0_mean_300.0_v3 HTTP/1.0 200 - python-swiftclient-3.11.1 gAAAAABpfw2NcD79... - 16 - tx838f89e58cfd49429cd18-00697f0f49 - 0.0111 - - 1769934665.046671629 1769934665.057732105 0
Feb 1 08:31:05 np0005604209 object-server[124534]: 172.20.0.105 - - [01/Feb/2026:08:31:05 +0000] "GET /d1/945/AUTH_8c7e182e9edd4a9496010d2b1c99e9ab/gnocchi.de70cf34-3969-4c9a-b8b2-9a2bf83b68a9/1769040000.0_rate%3Amean_300.0_v3" 404 70 "GET http://172.18.0.154:8080/v1/AUTH_8c7e182e9edd4a9496010d2b1c99e9ab/gnocchi.de70cf34-3969-4c9a-b8b2-9a2bf83b68a9/1769040000.0_rate%3Amean_300.0_v3" "tx4e7ef2da281f4c7695aea-00697f0f49" "proxy-server 20" 0.0005 "-" 22 0
Feb 1 08:31:05 np0005604209 container-server[124211]: 172.20.0.105 - - [01/Feb/2026:08:31:05 +0000] "PUT /d1/1019/AUTH_8c7e182e9edd4a9496010d2b1c99e9ab/gnocchi.de70cf34-3969-4c9a-b8b2-9a2bf83b68a9/1769040000.0_mean_300.0_v3" 201 - "PUT http://172.18.0.154:8080/d1/710/AUTH_8c7e182e9edd4a9496010d2b1c99e9ab/gnocchi.de70cf34-3969-4c9a-b8b2-9a2bf83b68a9/1769040000.0_mean_300.0_v3" "txb9d0d7f4648c411a9773b-00697f0f49" "object-server 22" 0.0010 "-" 22 0
Feb 1 08:31:05 np0005604209 object-server[124541]: 172.20.0.104 - - [01/Feb/2026:08:31:05 +0000] "PUT /d1/710/AUTH_8c7e182e9edd4a9496010d2b1c99e9ab/gnocchi.de70cf34-3969-4c9a-b8b2-9a2bf83b68a9/1769040000.0_mean_300.0_v3" 201 - "PUT http://172.18.0.154:8080/v1/AUTH_8c7e182e9edd4a9496010d2b1c99e9ab/gnocchi.de70cf34-3969-4c9a-b8b2-9a2bf83b68a9/1769040000.0_mean_300.0_v3" "txb9d0d7f4648c411a9773b-00697f0f49" "proxy-server 20" 0.0168 "-" 23 0
Feb 1 08:31:05 np0005604209 container-server[124169]: 172.20.0.105 - - [01/Feb/2026:08:31:05 +0000] "PUT /d1/1019/AUTH_8c7e182e9edd4a9496010d2b1c99e9ab/gnocchi.de70cf34-3969-4c9a-b8b2-9a2bf83b68a9/1769040000.0_rate%3Amean_300.0_v3" 201 - "PUT http://172.18.0.154:8080/d1/945/AUTH_8c7e182e9edd4a9496010d2b1c99e9ab/gnocchi.de70cf34-3969-4c9a-b8b2-9a2bf83b68a9/1769040000.0_rate%3Amean_300.0_v3" "tx9d8c8114291e4eb1a1452-00697f0f49" "object-server 24" 0.0008 "-" 19 0
Feb 1 08:31:05 np0005604209 object-server[124552]: 172.20.0.103 - - [01/Feb/2026:08:31:05 +0000] "PUT /d1/945/AUTH_8c7e182e9edd4a9496010d2b1c99e9ab/gnocchi.de70cf34-3969-4c9a-b8b2-9a2bf83b68a9/1769040000.0_rate%3Amean_300.0_v3" 201 - "PUT http://172.18.0.154:8080/v1/AUTH_8c7e182e9edd4a9496010d2b1c99e9ab/gnocchi.de70cf34-3969-4c9a-b8b2-9a2bf83b68a9/1769040000.0_rate%3Amean_300.0_v3" "tx9d8c8114291e4eb1a1452-00697f0f49" "proxy-server 20" 0.0139 "-" 25 0
Feb 1 08:31:05 np0005604209 proxy-server[125760]: 172.18.0.105 172.18.0.104 01/Feb/2026/08/31/05 PUT /v1/AUTH_8c7e182e9edd4a9496010d2b1c99e9ab/gnocchi.de70cf34-3969-4c9a-b8b2-9a2bf83b68a9/1769040000.0_rate%253Amean_300.0_v3 HTTP/1.0 201 - python-swiftclient-3.11.1 gAAAAABpfw2NcD79... 16 - - tx9d8c8114291e4eb1a1452-00697f0f49 - 0.0229 - - 1769934665.429618597 1769934665.452473164 0
Feb 1 08:31:05 np0005604209 container-server[124211]: 172.20.0.104 - - [01/Feb/2026:08:31:05 +0000] "PUT /d1/1019/AUTH_8c7e182e9edd4a9496010d2b1c99e9ab/gnocchi.de70cf34-3969-4c9a-b8b2-9a2bf83b68a9/none_v3" 201 - "PUT http://172.18.0.154:8080/d1/427/AUTH_8c7e182e9edd4a9496010d2b1c99e9ab/gnocchi.de70cf34-3969-4c9a-b8b2-9a2bf83b68a9/none_v3" "tx28ffd8c02c3e40f2af5ff-00697f0f49" "object-server 23" 0.0006 "-" 22 0
Feb 1 08:31:05 np0005604209 object-server[124534]: 172.20.0.105 - - [01/Feb/2026:08:31:05 +0000] "PUT /d1/427/AUTH_8c7e182e9edd4a9496010d2b1c99e9ab/gnocchi.de70cf34-3969-4c9a-b8b2-9a2bf83b68a9/none_v3" 201 - "PUT http://172.18.0.154:8080/v1/AUTH_8c7e182e9edd4a9496010d2b1c99e9ab/gnocchi.de70cf34-3969-4c9a-b8b2-9a2bf83b68a9/none_v3" "tx28ffd8c02c3e40f2af5ff-00697f0f49" "proxy-server 20" 0.0116 "-" 22 0
Feb 1 08:31:10 np0005604209 account-server[123403]: Beginning replication run
Feb 1 08:31:10 np0005604209 account-server[123403]: Replication run OVER
Feb 1 08:31:10 np0005604209 account-server[123403]: Attempted to replicate 1 dbs in 0.01903 seconds (52.53951/s)
Feb 1 08:31:10 np0005604209 account-server[123403]: Removed 0 dbs
