Feb 1 08:26:45 np0005604209 container-server[123554]: Attempted to replicate 22 dbs in 0.43942 seconds (50.06620/s)
Feb 1 08:26:45 np0005604209 container-server[123554]: Removed 0 dbs
Feb 1 08:26:45 np0005604209 container-server[123554]: 44 successes, 0 failures
Feb 1 08:26:45 np0005604209 container-server[123554]: diff:0 diff_capped:0 empty:0 hashmatch:0 no_change:44 remote_merge:0 rsync:0 ts_repl:0
Feb 1 08:26:45 np0005604209 account-server[123719]: 172.20.0.105 - - [01/Feb/2026:08:26:45 +0000] "PUT /d1/833/AUTH_8c7e182e9edd4a9496010d2b1c99e9ab/gnocchi.85911d85-6526-41fd-8941-23f9aa68f9fb" 201 - "-" "-" "container-updater 2" 0.0006 "-" 21 0
Feb 1 08:26:45 np0005604209 account-server[123719]: 172.20.0.105 - - [01/Feb/2026:08:26:45 +0000] "PUT /d1/833/AUTH_8c7e182e9edd4a9496010d2b1c99e9ab/gnocchi.0d76bf91-550c-4c17-80e7-6db8ed6bfcc1" 201 - "-" "-" "container-updater 2" 0.0006 "-" 21 0
Feb 1 08:26:46 np0005604209 account-server[123721]: 172.20.0.105 - - [01/Feb/2026:08:26:46 +0000] "PUT /d1/833/AUTH_8c7e182e9edd4a9496010d2b1c99e9ab/gnocchi.d1154704-3468-4db5-ad16-6a6ffb014753" 201 - "-" "-" "container-updater 2" 0.0007 "-" 22 0
Feb 1 08:26:46 np0005604209 account-server[123734]: 172.20.0.105 - - [01/Feb/2026:08:26:46 +0000] "PUT /d1/833/AUTH_8c7e182e9edd4a9496010d2b1c99e9ab/gnocchi.c0d034e1-81d5-4588-b05e-cf6b2bd2eda8" 201 - "-" "-" "container-updater 2" 0.0005 "-" 23 0
Feb 1 08:26:46 np0005604209 account-server[123734]: 172.20.0.105 - - [01/Feb/2026:08:26:46 +0000] "PUT /d1/833/AUTH_8c7e182e9edd4a9496010d2b1c99e9ab/gnocchi.cdf71562-1977-41e8-9491-295b0516e7e2" 201 - "-" "-" "container-updater 2" 0.0005 "-" 23 0
Feb 1 08:26:46 np0005604209 account-server[123719]: 172.20.0.105 - - [01/Feb/2026:08:26:46 +0000] "PUT /d1/833/AUTH_8c7e182e9edd4a9496010d2b1c99e9ab/gnocchi.6a57f66c-c3a3-48cd-b4ae-ecd529243a03" 201 - "-" "-" "container-updater 2" 0.0008 "-" 21 0
Feb 1 08:26:46 np0005604209 account-server[123718]: 172.20.0.105 - - [01/Feb/2026:08:26:46 +0000] "PUT /d1/833/AUTH_8c7e182e9edd4a9496010d2b1c99e9ab/gnocchi.5e926b27-b804-484f-8826-0ddf30833b16" 201 - "-" "-" "container-updater 2" 0.0007 "-" 20 0
Feb 1 08:26:46 np0005604209 account-server[123721]: 172.20.0.105 - - [01/Feb/2026:08:26:46 +0000] "PUT /d1/833/AUTH_8c7e182e9edd4a9496010d2b1c99e9ab/gnocchi.c3ef7314-5e39-4fcf-9959-654c2ca1597b" 201 - "-" "-" "container-updater 2" 0.0007 "-" 22 0
Feb 1 08:26:46 np0005604209 account-server[123719]: 172.20.0.105 - - [01/Feb/2026:08:26:46 +0000] "PUT /d1/833/AUTH_8c7e182e9edd4a9496010d2b1c99e9ab/gnocchi.00703353-969e-4b88-ba05-7c2007dbfdd4" 201 - "-" "-" "container-updater 2" 0.0007 "-" 21 0
Feb 1 08:26:46 np0005604209 account-server[123721]: 172.20.0.105 - - [01/Feb/2026:08:26:46 +0000] "PUT /d1/833/AUTH_8c7e182e9edd4a9496010d2b1c99e9ab/gnocchi.40be35d3-d0e0-4254-9796-2232b90515a1" 201 - "-" "-" "container-updater 2" 0.0005 "-" 22 0
Feb 1 08:26:46 np0005604209 account-server[123719]: 172.20.0.105 - - [01/Feb/2026:08:26:46 +0000] "PUT /d1/833/AUTH_8c7e182e9edd4a9496010d2b1c99e9ab/gnocchi.65f9724a-9ac3-4860-b23b-2547251206f7" 201 - "-" "-" "container-updater 2" 0.0015 "-" 21 0
Feb 1 08:26:46 np0005604209 account-server[123721]: 172.20.0.105 - - [01/Feb/2026:08:26:46 +0000] "PUT /d1/833/AUTH_8c7e182e9edd4a9496010d2b1c99e9ab/gnocchi.8bd2e458-2a3e-4ea1-98c6-ab0a7712045a" 201 - "-" "-" "container-updater 2" 0.0007 "-" 22 0
Feb 1 08:26:46 np0005604209 account-server[123734]: 172.20.0.104 - - [01/Feb/2026:08:26:46 +0000] "HEAD /d1/581/.expiring_objects" 404 - "HEAD http://localhost/v1/.expiring_objects?format=json" "tx03a401bd85a248ecbaf6e-00697f0e46" "proxy-server 2" 0.0005 "-" 23 -
Feb 1 08:26:46 np0005604209 account-server[123734]: 172.20.0.105 - - [01/Feb/2026:08:26:46 +0000] "PUT /d1/833/AUTH_8c7e182e9edd4a9496010d2b1c99e9ab/gnocchi.de70cf34-3969-4c9a-b8b2-9a2bf83b68a9" 201 - "-" "-" "container-updater 2" 0.0005 "-" 23 0
Feb 1 08:26:47 np0005604209 account-server[123719]: 172.20.0.105 - - [01/Feb/2026:08:26:47 +0000] "PUT /d1/833/AUTH_8c7e182e9edd4a9496010d2b1c99e9ab/gnocchi.640f3fc7-d539-4e9b-b4bf-7024b427ba42" 201 - "-" "-" "container-updater 2" 0.0007 "-" 21 0
Feb 1 08:26:47 np0005604209 account-server[123718]: 172.20.0.105 - - [01/Feb/2026:08:26:47 +0000] "PUT /d1/833/AUTH_8c7e182e9edd4a9496010d2b1c99e9ab/gnocchi.a4c0435f-4438-45cc-9ebc-117944d4c3a0" 201 - "-" "-" "container-updater 2" 0.0007 "-" 20 0
Feb 1 08:26:47 np0005604209 account-server[123718]: 172.20.0.105 - - [01/Feb/2026:08:26:47 +0000] "PUT /d1/833/AUTH_8c7e182e9edd4a9496010d2b1c99e9ab/gnocchi.63794a9d-58f8-46e7-bc82-3ec75536e0f7" 201 - "-" "-" "container-updater 2" 0.0007 "-" 20 0
Feb 1 08:26:47 np0005604209 account-server[123734]: 172.20.0.105 - - [01/Feb/2026:08:26:47 +0000] "PUT /d1/833/AUTH_8c7e182e9edd4a9496010d2b1c99e9ab/gnocchi.335e3853-c550-4621-9480-712eb59d1cd0" 201 - "-" "-" "container-updater 2" 0.0010 "-" 23 0
Feb 1 08:26:47 np0005604209 account-server[123734]: 172.20.0.105 - - [01/Feb/2026:08:26:47 +0000] "PUT /d1/833/AUTH_8c7e182e9edd4a9496010d2b1c99e9ab/gnocchi.9007f6b9-bf2d-45f7-b066-c8a7a50483a2" 201 - "-" "-" "container-updater 2" 0.0005 "-" 23 0
Feb 1 08:26:47 np0005604209 account-server[123721]: 172.20.0.105 - - [01/Feb/2026:08:26:47 +0000] "PUT /d1/833/AUTH_8c7e182e9edd4a9496010d2b1c99e9ab/gnocchi.eb7c1786-c772-4010-96f3-26505f103ddb" 201 - "-" "-" "container-updater 2" 0.0006 "-" 22 0
Feb 1 08:27:07 np0005604209 object-server[124073]: Starting object replication pass.
Feb 1 08:27:08 np0005604209 object-server[124073]: 43/43 (100.00%) partitions replicated in 0.41s (106.16/sec, 0s remaining)
Feb 1 08:27:08 np0005604209 object-server[124073]: 86 successes, 0 failures
Feb 1 08:27:08 np0005604209 object-server[124073]: 44 suffixes checked - 0.00% hashed, 0.00% synced
Feb 1 08:27:08 np0005604209 object-server[124073]: Partition times: max 0.0152s, min 0.0065s, med 0.0089s
Feb 1 08:27:08 np0005604209 object-server[124073]: Object replication complete. (0.01 minutes)
Feb 1 08:27:10 np0005604209 account-server[123403]: Beginning replication run
Feb 1 08:27:10 np0005604209 account-server[123403]: Replication run OVER
Feb 1 08:27:10 np0005604209 account-server[123403]: Attempted to replicate 1 dbs in 0.02945 seconds (33.95141/s)
Feb 1 08:27:10 np0005604209 account-server[123403]: Removed 0 dbs
Feb 1 08:27:10 np0005604209 account-server[123403]: 2 successes, 0 failures
Feb 1 08:27:10 np0005604209 account-server[123403]: diff:0 diff_capped:0 empty:0 hashmatch:0 no_change:2 remote_merge:0 rsync:0 ts_repl:0
Feb 1 08:27:10 np0005604209 object-server[232630]: Begin object audit "forever" mode (ZBF)
Feb 1 08:27:10 np0005604209 object-server[232631]: Begin object audit "forever" mode (ALL)
Feb 1 08:27:10 np0005604209 object-server[232630]: Object audit (ZBF). Since Sun Feb 1 08:27:10 2026: Locally: 1 passed, 0 quarantined, 0 errors, files/sec: 566.34, bytes/sec: 0.00, Total time: 0.00, Auditing time: 0.00, Rate: 0.00
Feb 1 08:27:10 np0005604209 object-server[232631]: Object audit (ALL). Since Sun Feb 1 08:27:10 2026: Locally: 1 passed, 0 quarantined, 0 errors, files/sec: 119.10, bytes/sec: 1905.58, Total time: 0.01, Auditing time: 0.00, Rate: 0.00
Feb 1 08:27:11 np0005604209 object-server[232630]: Object audit (ZBF) "forever" mode completed: 0.84s. Total quarantined: 0, Total errors: 0, Total files/sec: 52.18, Total bytes/sec: 0.00, Auditing time: 0.83, Rate: 0.99
Feb 1 08:27:13 np0005604209 object-server[232631]: Object audit (ALL) "forever" mode completed: 2.11s. Total quarantined: 0, Total errors: 0, Total files/sec: 20.84, Total bytes/sec: 400.78, Auditing time: 2.10, Rate: 0.99
Feb 1 08:27:15 np0005604209 container-server[123554]: Beginning replication run
Feb 1 08:27:15 np0005604209 container-server[123554]: Replication run OVER
Feb 1 08:27:15 np0005604209 container-server[123554]: Attempted to replicate 22 dbs in 0.42804 seconds (51.39754/s)
Feb 1 08:27:15 np0005604209 container-server[123554]: Removed 0 dbs
Feb 1 08:27:15 np0005604209 container-server[123554]: 44 successes, 0 failures
Feb 1 08:27:15 np0005604209 container-server[123554]: diff:0 diff_capped:0 empty:0 hashmatch:0 no_change:44 remote_merge:0 rsync:0 ts_repl:0
Feb 1 08:27:38 np0005604209 object-server[124073]: Starting object replication pass.
Feb 1 08:27:38 np0005604209 object-server[124073]: 43/43 (100.00%) partitions replicated in 0.40s (108.12/sec, 0s remaining)
Feb 1 08:27:38 np0005604209 object-server[124073]: 86 successes, 0 failures
Feb 1 08:27:38 np0005604209 object-server[124073]: 44 suffixes checked - 0.00% hashed, 0.00% synced
Feb 1 08:27:38 np0005604209 object-server[124073]: Partition times: max 0.0132s, min 0.0064s, med 0.0086s
Feb 1 08:27:38 np0005604209 object-server[124073]: Object replication complete. (0.01 minutes)
Feb 1 08:27:40 np0005604209 account-server[123403]: Beginning replication run
Feb 1 08:27:40 np0005604209 account-server[123403]: Replication run OVER
Feb 1 08:27:40 np0005604209 account-server[123403]: Attempted to replicate 1 dbs in 0.01724 seconds (57.99051/s)
Feb 1 08:27:40 np0005604209 account-server[123403]: Removed 0 dbs
Feb 1 08:27:40 np0005604209 account-server[123403]: 2 successes, 0 failures
Feb 1 08:27:40 np0005604209 account-server[123403]: diff:0 diff_capped:0 empty:0 hashmatch:0 no_change:2 remote_merge:0 rsync:0 ts_repl:0
Feb 1 08:27:41 np0005604209 object-server[232678]: Begin object audit "forever" mode (ZBF)
Feb 1 08:27:41 np0005604209 object-server[232678]: Object audit (ZBF). Since Sun Feb 1 08:27:41 2026: Locally: 1 passed, 0 quarantined, 0 errors, files/sec: 811.28, bytes/sec: 0.00, Total time: 0.00, Auditing time: 0.00, Rate: 0.00
Feb 1 08:27:42 np0005604209 object-server[232678]: Object audit (ZBF) "forever" mode completed: 0.84s. Total quarantined: 0, Total errors: 0, Total files/sec: 52.19, Total bytes/sec: 0.00, Auditing time: 0.83, Rate: 0.99
Feb 1 08:27:45 np0005604209 container-server[123554]: Beginning replication run
Feb 1 08:27:45 np0005604209 container-server[123554]: Replication run OVER
Feb 1 08:27:45 np0005604209 container-server[123554]: Attempted to replicate 22 dbs in 0.43806 seconds (50.22122/s)
Feb 1 08:27:45 np0005604209 container-server[123554]: Removed 0 dbs
Feb 1 08:27:45 np0005604209 container-server[123554]: 44 successes, 0 failures
Feb 1 08:27:45 np0005604209 container-server[123554]: diff:0 diff_capped:0 empty:0 hashmatch:0 no_change:44 remote_merge:0 rsync:0 ts_repl:0
Feb 1 08:27:58 np0005604209 object-server[124294]: Begin object update sweep
Feb 1 08:27:58 np0005604209 object-server[237446]: Object update sweep starting on /srv/node/d1 (pid: 15)
Feb 1 08:27:58 np0005604209 object-server[237446]: Object update sweep completed on /srv/node/d1 in 0.00s seconds:, 0 successes, 0 failures, 0 quarantines, 0 unlinks, 0 errors, 0 redirects (pid: 15)
Feb 1 08:27:58 np0005604209 object-server[237446]: Object update sweep of d1 completed: 0.00s, 0 successes, 0 failures, 0 quarantines, 0 unlinks, 0 errors, 0 redirects
Feb 1 08:27:58 np0005604209 object-server[124294]: Object update sweep completed: 0.08s
Feb 1 08:28:08 np0005604209 object-server[124073]: Starting object replication pass.
Feb 1 08:28:09 np0005604209 object-server[124073]: 43/43 (100.00%) partitions replicated in 0.44s (98.78/sec, 0s remaining)
Feb 1 08:28:09 np0005604209 object-server[124073]: 86 successes, 0 failures
Feb 1 08:28:09 np0005604209 object-server[124073]: 44 suffixes checked - 0.00% hashed, 0.00% synced
Feb 1 08:28:09 np0005604209 object-server[124073]: Partition times: max 0.0148s, min 0.0070s, med 0.0095s
Feb 1 08:28:09 np0005604209 object-server[124073]: Object replication complete. (0.01 minutes)
Feb 1 08:28:10 np0005604209 account-server[123403]: Beginning replication run
Feb 1 08:28:10 np0005604209 account-server[123403]: Replication run OVER
Feb 1 08:28:10 np0005604209 account-server[123403]: Attempted to replicate 1 dbs in 0.01237 seconds (80.85963/s)
Feb 1 08:28:10 np0005604209 account-server[123403]: Removed 0 dbs
Feb 1 08:28:10 np0005604209 account-server[123403]: 2 successes, 0 failures
Feb 1 08:28:10 np0005604209 account-server[123403]: diff:0 diff_capped:0 empty:0 hashmatch:0 no_change:2 remote_merge:0 rsync:0 ts_repl:0
Feb 1 08:28:12 np0005604209 object-server[239017]: Begin object audit "forever" mode (ALL)
Feb 1 08:28:12 np0005604209 object-server[239016]: Begin object audit "forever" mode (ZBF)
Feb 1 08:28:12 np0005604209 object-server[239017]: Object audit (ALL). Since Sun Feb 1 08:28:12 2026: Locally: 1 passed, 0 quarantined, 0 errors, files/sec: 157.82, bytes/sec: 2525.17, Total time: 0.01, Auditing time: 0.00, Rate: 0.00
Feb 1 08:28:12 np0005604209 object-server[239016]: Object audit (ZBF). Since Sun Feb 1 08:28:12 2026: Locally: 1 passed, 0 quarantined, 0 errors, files/sec: 598.67, bytes/sec: 0.00, Total time: 0.00, Auditing time: 0.00, Rate: 0.00
Feb 1 08:28:13 np0005604209 object-server[239016]: Object audit (ZBF) "forever" mode completed: 0.84s. Total quarantined: 0, Total errors: 0, Total files/sec: 52.18, Total bytes/sec: 0.00, Auditing time: 0.82, Rate: 0.97
Feb 1 08:28:14 np0005604209 object-server[239017]: Object audit (ALL) "forever" mode completed: 2.11s. Total quarantined: 0, Total errors: 0, Total files/sec: 20.87, Total bytes/sec: 401.27, Auditing time: 2.10, Rate: 1.00
Feb 1 08:28:15 np0005604209 container-server[123554]: Beginning replication run
Feb 1 08:28:15 np0005604209 container-server[123554]: Replication run OVER
Feb 1 08:28:15 np0005604209 container-server[123554]: Attempted to replicate 22 dbs in 0.44389 seconds (49.56231/s)
Feb 1 08:28:15 np0005604209 container-server[123554]: Removed 0 dbs
Feb 1 08:28:15 np0005604209 container-server[123554]: 44 successes, 0 failures
Feb 1 08:28:15 np0005604209 container-server[123554]: diff:0 diff_capped:0 empty:0 hashmatch:0 no_change:44 remote_merge:0 rsync:0 ts_repl:0
Feb 1 08:28:39 np0005604209 object-server[124073]: Starting object replication pass.
Feb 1 08:28:39 np0005604209 object-server[124073]: 43/43 (100.00%) partitions replicated in 0.42s (101.84/sec, 0s remaining)
Feb 1 08:28:39 np0005604209 object-server[124073]: 86 successes, 0 failures
Feb 1 08:28:39 np0005604209 object-server[124073]: 44 suffixes checked - 0.00% hashed, 0.00% synced
Feb 1 08:28:39 np0005604209 object-server[124073]: Partition times: max 0.0151s, min 0.0069s, med 0.0090s
Feb 1 08:28:39 np0005604209 object-server[124073]: Object replication complete. (0.01 minutes)
Feb 1 08:28:40 np0005604209 account-server[123403]: Beginning replication run
Feb 1 08:28:40 np0005604209 account-server[123403]: Replication run OVER
Feb 1 08:28:40 np0005604209 account-server[123403]: Attempted to replicate 1 dbs in 0.01455 seconds (68.72706/s)
Feb 1 08:28:40 np0005604209 account-server[123403]: Removed 0 dbs
Feb 1 08:28:40 np0005604209 account-server[123403]: 2 successes, 0 failures
Feb 1 08:28:40 np0005604209 account-server[123403]: diff:0 diff_capped:0 empty:0 hashmatch:0 no_change:2 remote_merge:0 rsync:0 ts_repl:0
Feb 1 08:28:43 np0005604209 object-server[239252]: Begin object audit "forever" mode (ZBF)
Feb 1 08:28:43 np0005604209 object-server[239252]: Object audit (ZBF). Since Sun Feb 1 08:28:43 2026: Locally: 1 passed, 0 quarantined, 0 errors, files/sec: 512.13, bytes/sec: 0.00, Total time: 0.00, Auditing time: 0.00, Rate: 0.00
Feb 1 08:28:44 np0005604209 object-server[239252]: Object audit (ZBF) "forever" mode completed: 0.84s. Total quarantined: 0, Total errors: 0, Total files/sec: 52.17, Total bytes/sec: 0.00, Auditing time: 0.83, Rate: 0.99
Feb 1 08:28:45 np0005604209 container-server[123554]: Beginning replication run
Feb 1 08:28:45 np0005604209 container-server[123554]: Replication run OVER
Feb 1 08:28:45 np0005604209 container-server[123554]: Attempted to replicate 22 dbs in 0.42963 seconds (51.20655/s)
Feb 1 08:28:45 np0005604209 container-server[123554]: Removed 0 dbs
Feb 1 08:28:45 np0005604209 container-server[123554]: 44 successes, 0 failures
Feb 1 08:28:45 np0005604209 container-server[123554]: diff:0 diff_capped:0 empty:0 hashmatch:0 no_change:44 remote_merge:0 rsync:0 ts_repl:0
Feb 1 08:29:04 np0005604209 account-server[123718]: 172.20.0.105 - - [01/Feb/2026:08:29:04 +0000] "HEAD /d1/581/.expiring_objects" 404 - "HEAD http://localhost/v1/.expiring_objects?format=json" "tx323dd4dd43df4ddf93a16-00697f0ed0" "proxy-server 2" 0.0008 "-" 20 -
Feb 1 08:29:09 np0005604209 object-server[124073]: Starting object replication pass.
Feb 1 08:29:09 np0005604209 object-server[124073]: 43/43 (100.00%) partitions replicated in 0.44s (97.13/sec, 0s remaining)
Feb 1 08:29:09 np0005604209 object-server[124073]: 86 successes, 0 failures
Feb 1 08:29:09 np0005604209 object-server[124073]: 44 suffixes checked - 0.00% hashed, 0.00% synced
Feb 1 08:29:09 np0005604209 object-server[124073]: Partition times: max 0.0174s, min 0.0066s, med 0.0095s
Feb 1 08:29:09 np0005604209 object-server[124073]: Object replication complete. (0.01 minutes)
Feb 1 08:29:10 np0005604209 account-server[123403]: Beginning replication run
Feb 1 08:29:10 np0005604209 account-server[123403]: Replication run OVER
Feb 1 08:29:10 np0005604209 account-server[123403]: Attempted to replicate 1 dbs in 0.01673 seconds (59.78844/s)
Feb 1 08:29:10 np0005604209 account-server[123403]: Removed 0 dbs
Feb 1 08:29:10 np0005604209 account-server[123403]: 2 successes, 0 failures
Feb 1 08:29:10 np0005604209 account-server[123403]: diff:0 diff_capped:0 empty:0 hashmatch:0 no_change:2 remote_merge:0 rsync:0 ts_repl:0
Feb 1 08:29:14 np0005604209 object-server[245146]: Begin object audit "forever" mode (ALL)
Feb 1 08:29:14 np0005604209 object-server[245145]: Begin object audit "forever" mode (ZBF)
Feb 1 08:29:14 np0005604209 object-server[245145]: Object audit (ZBF). Since Sun Feb 1 08:29:14 2026: Locally: 1 passed, 0 quarantined, 0 errors, files/sec: 520.39, bytes/sec: 0.00, Total time: 0.00, Auditing time: 0.00, Rate: 0.00
Feb 1 08:29:14 np0005604209 object-server[245146]: Object audit (ALL). Since Sun Feb 1 08:29:14 2026: Locally: 1 passed, 0 quarantined, 0 errors, files/sec: 114.92, bytes/sec: 1838.70, Total time: 0.01, Auditing time: 0.00, Rate: 0.00
Feb 1 08:29:15 np0005604209 container-server[123554]: Beginning replication run
Feb 1 08:29:15 np0005604209 object-server[245145]: Object audit (ZBF) "forever" mode completed: 0.84s. Total quarantined: 0, Total errors: 0, Total files/sec: 52.16, Total bytes/sec: 0.00, Auditing time: 0.83, Rate: 0.99
Feb 1 08:29:15 np0005604209 container-server[123554]: Replication run OVER
Feb 1 08:29:15 np0005604209 container-server[123554]: Attempted to replicate 22 dbs in 0.43942 seconds (50.06563/s)
Feb 1 08:29:15 np0005604209 container-server[123554]: Removed 0 dbs
Feb 1 08:29:15 np0005604209 container-server[123554]: 44 successes, 0 failures
Feb 1 08:29:15 np0005604209 container-server[123554]: diff:0 diff_capped:0 empty:0 hashmatch:0 no_change:44 remote_merge:0 rsync:0 ts_repl:0
Feb 1 08:29:16 np0005604209 object-server[245146]: Object audit (ALL) "forever" mode completed: 2.11s. Total quarantined: 0, Total errors: 0, Total files/sec: 20.84, Total bytes/sec: 400.74, Auditing time: 2.10, Rate: 0.99
Feb 1 08:29:39 np0005604209 object-server[124073]: Starting object replication pass.
Feb 1 08:29:40 np0005604209 object-server[124073]: 43/43 (100.00%) partitions replicated in 0.40s (107.49/sec, 0s remaining)
Feb 1 08:29:40 np0005604209 object-server[124073]: 86 successes, 0 failures
Feb 1 08:29:40 np0005604209 object-server[124073]: 44 suffixes checked - 0.00% hashed, 0.00% synced
Feb 1 08:29:40 np0005604209 object-server[124073]: Partition times: max 0.0144s, min 0.0069s, med 0.0087s
Feb 1 08:29:40 np0005604209 object-server[124073]: Object replication complete. (0.01 minutes)
Feb 1 08:29:40 np0005604209 account-server[123403]: Beginning replication run
Feb 1 08:29:40 np0005604209 account-server[123403]: Replication run OVER
Feb 1 08:29:40 np0005604209 account-server[123403]: Attempted to replicate 1 dbs in 0.01690 seconds (59.17019/s)
Feb 1 08:29:40 np0005604209 account-server[123403]: Removed 0 dbs
Feb 1 08:29:40 np0005604209 account-server[123403]: 2 successes, 0 failures
Feb 1 08:29:40 np0005604209 account-server[123403]: diff:0 diff_capped:0 empty:0 hashmatch:0 no_change:2 remote_merge:0 rsync:0 ts_repl:0
Feb 1 08:29:45 np0005604209 container-server[123554]: Beginning replication run
Feb 1 08:29:45 np0005604209 object-server[245270]: Begin object audit "forever" mode (ZBF)
Feb 1 08:29:45 np0005604209 object-server[245270]: Object audit (ZBF). Since Sun Feb 1 08:29:45 2026: Locally: 1 passed, 0 quarantined, 0 errors, files/sec: 284.38, bytes/sec: 0.00, Total time: 0.00, Auditing time: 0.00, Rate: 0.00
Feb 1 08:29:45 np0005604209 container-server[123554]: Replication run OVER
Feb 1 08:29:45 np0005604209 container-server[123554]: Attempted to replicate 22 dbs in 0.43681 seconds (50.36511/s)
Feb 1 08:29:45 np0005604209 container-server[123554]: Removed 0 dbs
Feb 1 08:29:45 np0005604209 container-server[123554]: 44 successes, 0 failures
Feb 1 08:29:45 np0005604209 container-server[123554]: diff:0 diff_capped:0 empty:0 hashmatch:0 no_change:44 remote_merge:0 rsync:0 ts_repl:0
Feb 1 08:29:46 np0005604209 object-server[245270]: Object audit (ZBF) "forever" mode completed: 0.86s. Total quarantined: 0, Total errors: 0, Total files/sec: 51.04, Total bytes/sec: 0.00, Auditing time: 0.83, Rate: 0.96
Feb 1 08:30:10 np0005604209 object-server[124073]: Starting object replication pass.
Feb 1 08:30:10 np0005604209 account-server[123403]: Beginning replication run
Feb 1 08:30:10 np0005604209 account-server[123403]: Replication run OVER
Feb 1 08:30:10 np0005604209 account-server[123403]: Attempted to replicate 1 dbs in 0.01674 seconds (59.74756/s)
Feb 1 08:30:10 np0005604209 account-server[123403]: Removed 0 dbs
Feb 1 08:30:10 np0005604209 account-server[123403]: 2 successes, 0 failures
Feb 1 08:30:10 np0005604209 account-server[123403]: diff:0 diff_capped:0 empty:0 hashmatch:0 no_change:2 remote_merge:0 rsync:0 ts_repl:0
Feb 1 08:30:10 np0005604209 object-server[124073]: 43/43 (100.00%) partitions replicated in 0.44s (98.84/sec, 0s remaining)
Feb 1 08:30:10 np0005604209 object-server[124073]: 86 successes, 0 failures
Feb 1 08:30:10 np0005604209 object-server[124073]: 44 suffixes checked - 0.00% hashed, 0.00% synced
Feb 1 08:30:10 np0005604209 object-server[124073]: Partition times: max 0.0223s, min 0.0068s, med 0.0092s
Feb 1 08:30:10 np0005604209 object-server[124073]: Object replication complete. (0.01 minutes)
Feb 1 08:30:15 np0005604209 container-server[123554]: Beginning replication run
Feb 1 08:30:15 np0005604209 container-server[123554]: Replication run OVER
Feb 1 08:30:15 np0005604209 container-server[123554]: Attempted to replicate 22 dbs in 0.43262 seconds (50.85332/s)
Feb 1 08:30:15 np0005604209 container-server[123554]: Removed 0 dbs
Feb 1 08:30:15 np0005604209 container-server[123554]: 44 successes, 0 failures
Feb 1 08:30:15 np0005604209 container-server[123554]: diff:0 diff_capped:0 empty:0 hashmatch:0 no_change:44 remote_merge:0 rsync:0 ts_repl:0
Feb 1 08:30:16 np0005604209 object-server[251238]: Begin object audit "forever" mode (ZBF)
Feb 1 08:30:16 np0005604209 object-server[251238]: Object audit (ZBF). Since Sun Feb 1 08:30:16 2026: Locally: 1 passed, 0 quarantined, 0 errors, files/sec: 918.80, bytes/sec: 0.00, Total time: 0.00, Auditing time: 0.00, Rate: 0.00
Feb 1 08:30:16 np0005604209 object-server[251239]: Begin object audit "forever" mode (ALL)
Feb 1 08:30:16 np0005604209 object-server[251239]: Object audit (ALL). Since Sun Feb 1 08:30:16 2026: Locally: 1 passed, 0 quarantined, 0 errors, files/sec: 106.43, bytes/sec: 1702.84, Total time: 0.01, Auditing time: 0.00, Rate: 0.00
Feb 1 08:30:17 np0005604209 object-server[251238]: Object audit (ZBF) "forever" mode completed: 0.84s. Total quarantined: 0, Total errors: 0, Total files/sec: 52.22, Total bytes/sec: 0.00, Auditing time: 0.83, Rate: 0.99
Feb 1 08:30:18 np0005604209 object-server[251239]: Object audit (ALL) "forever" mode completed: 2.11s. Total quarantined: 0, Total errors: 0, Total files/sec: 20.83, Total bytes/sec: 400.53, Auditing time: 2.10, Rate: 0.99
Feb 1 08:30:21 np0005604209 account-server[123719]: 172.20.0.103 - - [01/Feb/2026:08:30:21 +0000] "HEAD /d1/581/.expiring_objects" 404 - "HEAD http://localhost/v1/.expiring_objects?format=json" "tx12c18b337a2d4368a68d5-00697f0f1d" "proxy-server 2" 0.0011 "-" 21 -
Feb 1 08:30:21 np0005604209 object-expirer[123940]: Pass completed in 0s; 0 objects expired (txn: tx12c18b337a2d4368a68d5-00697f0f1d)
Feb 1 08:30:24 np0005604209 account-server[123719]: 172.20.0.104 - - [01/Feb/2026:08:30:24 +0000] "PUT /d1/833/AUTH_8c7e182e9edd4a9496010d2b1c99e9ab/gnocchi.63794a9d-58f8-46e7-bc82-3ec75536e0f7" 201 - "-" "-" "container-updater 2" 0.0006 "-" 21 0
Feb 1 08:30:24 np0005604209 account-server[123719]: 172.20.0.104 - - [01/Feb/2026:08:30:24 +0000] "PUT /d1/833/AUTH_8c7e182e9edd4a9496010d2b1c99e9ab/gnocchi.5e926b27-b804-484f-8826-0ddf30833b16" 201 - "-" "-" "container-updater 2" 0.0005 "-" 21 0
Feb 1 08:30:24 np0005604209 account-server[123718]: 172.20.0.104 - - [01/Feb/2026:08:30:24 +0000] "PUT /d1/833/AUTH_8c7e182e9edd4a9496010d2b1c99e9ab/gnocchi.cdf71562-1977-41e8-9491-295b0516e7e2" 201 - "-" "-" "container-updater 2" 0.0006 "-" 20 0
Feb 1 08:30:24 np0005604209 account-server[123718]: 172.20.0.104 - - [01/Feb/2026:08:30:24 +0000] "PUT /d1/833/AUTH_8c7e182e9edd4a9496010d2b1c99e9ab/gnocchi.de70cf34-3969-4c9a-b8b2-9a2bf83b68a9" 201 - "-" "-" "container-updater 2" 0.0005 "-" 20 0
Feb 1 08:30:24 np0005604209 account-server[123719]: 172.20.0.104 - - [01/Feb/2026:08:30:24 +0000] "PUT /d1/833/AUTH_8c7e182e9edd4a9496010d2b1c99e9ab/gnocchi.40be35d3-d0e0-4254-9796-2232b90515a1" 201 - "-" "-" "container-updater 2" 0.0008 "-" 21 0
Feb 1 08:30:24 np0005604209 account-server[123718]: 172.20.0.104 - - [01/Feb/2026:08:30:24 +0000] "PUT /d1/833/AUTH_8c7e182e9edd4a9496010d2b1c99e9ab/gnocchi.8bd2e458-2a3e-4ea1-98c6-ab0a7712045a" 201 - "-" "-" "container-updater 2" 0.0010 "-" 20 0
Feb 1 08:30:25 np0005604209 account-server[123718]: 172.20.0.104 - - [01/Feb/2026:08:30:25 +0000] "PUT /d1/833/AUTH_8c7e182e9edd4a9496010d2b1c99e9ab/gnocchi.85911d85-6526-41fd-8941-23f9aa68f9fb" 201 - "-" "-" "container-updater 2" 0.0005 "-" 20 0
Feb 1 08:30:25 np0005604209 account-server[123718]: 172.20.0.104 - - [01/Feb/2026:08:30:25 +0000] "PUT /d1/833/AUTH_8c7e182e9edd4a9496010d2b1c99e9ab/gnocchi.113af031-e1e3-456b-a612-264f70c92980" 201 - "-" "-" "container-updater 2" 0.0007 "-" 20 0
Feb 1 08:30:25 np0005604209 account-server[123719]: 172.20.0.104 - - [01/Feb/2026:08:30:25 +0000] "PUT /d1/833/AUTH_8c7e182e9edd4a9496010d2b1c99e9ab/gnocchi.0d76bf91-550c-4c17-80e7-6db8ed6bfcc1" 201 - "-" "-" "container-updater 2" 0.0008 "-" 21 0
Feb 1 08:30:25 np0005604209 account-server[123718]: 172.20.0.104 - - [01/Feb/2026:08:30:25 +0000] "PUT /d1/833/AUTH_8c7e182e9edd4a9496010d2b1c99e9ab/gnocchi.a4c0435f-4438-45cc-9ebc-117944d4c3a0" 201 - "-" "-" "container-updater 2" 0.0007 "-" 20 0
Feb 1 08:30:25 np0005604209 account-server[123721]: 172.20.0.104 - - [01/Feb/2026:08:30:25 +0000] "PUT /d1/833/AUTH_8c7e182e9edd4a9496010d2b1c99e9ab/gnocchi.9007f6b9-bf2d-45f7-b066-c8a7a50483a2" 201 - "-" "-" "container-updater 2" 0.0007 "-" 22 0
Feb 1 08:30:25 np0005604209 account-server[123734]: 172.20.0.104 - - [01/Feb/2026:08:30:25 +0000] "PUT /d1/833/AUTH_8c7e182e9edd4a9496010d2b1c99e9ab/gnocchi.640f3fc7-d539-4e9b-b4bf-7024b427ba42" 201 - "-" "-" "container-updater 2" 0.0005 "-" 23 0
Feb 1 08:30:25 np0005604209 account-server[123721]: 172.20.0.104 - - [01/Feb/2026:08:30:25 +0000] "PUT /d1/833/AUTH_8c7e182e9edd4a9496010d2b1c99e9ab/gnocchi.d1154704-3468-4db5-ad16-6a6ffb014753" 201 - "-" "-" "container-updater 2" 0.0007 "-" 22 0
Feb 1 08:30:26 np0005604209 account-server[123734]: 172.20.0.104 - - [01/Feb/2026:08:30:26 +0000] "PUT /d1/833/AUTH_8c7e182e9edd4a9496010d2b1c99e9ab/gnocchi.6a57f66c-c3a3-48cd-b4ae-ecd529243a03" 201 - "-" "-" "container-updater 2" 0.0007 "-" 23 0
Feb 1 08:30:40 np0005604209 account-server[123403]: Beginning replication run
Feb 1 08:30:40 np0005604209 account-server[123403]: Replication run OVER
Feb 1 08:30:40 np0005604209 account-server[123403]: Attempted to replicate 1 dbs in 0.04447 seconds (22.48554/s)
Feb 1 08:30:40 np0005604209 account-server[123403]: Removed 0 dbs
Feb 1 08:30:40 np0005604209 account-server[123403]: 2 successes, 0 failures
Feb 1 08:30:40 np0005604209 account-server[123403]: diff:0 diff_capped:0 empty:0 hashmatch:0 no_change:2 remote_merge:0 rsync:0 ts_repl:0
Feb 1 08:30:40 np0005604209 object-server[124073]: Starting object replication pass.
Feb 1 08:30:41 np0005604209 object-server[124073]: 43/43 (100.00%) partitions replicated in 0.42s (101.48/sec, 0s remaining)
Feb 1 08:30:41 np0005604209 object-server[124073]: 86 successes, 0 failures
Feb 1 08:30:41 np0005604209 object-server[124073]: 44 suffixes checked - 0.00% hashed, 0.00% synced
Feb 1 08:30:41 np0005604209 object-server[124073]: Partition times: max 0.0167s, min 0.0071s, med 0.0090s
Feb 1 08:30:41 np0005604209 object-server[124073]: Object replication complete. (0.01 minutes)
Feb 1 08:30:45 np0005604209 container-server[123554]: Beginning replication run
Feb 1 08:30:45 np0005604209 container-server[123554]: Replication run OVER
Feb 1 08:30:45 np0005604209 container-server[123554]: Attempted to replicate 22 dbs in 0.45825 seconds (48.00829/s)
Feb 1 08:30:45 np0005604209 container-server[123554]: Removed 0 dbs
Feb 1 08:30:45 np0005604209 container-server[123554]: 44 successes, 0 failures
Feb 1 08:30:45 np0005604209 container-server[123554]: diff:0 diff_capped:0 empty:0 hashmatch:0 no_change:44 remote_merge:0 rsync:0 ts_repl:0
Feb 1 08:30:47 np0005604209 object-server[251327]: Begin object audit "forever" mode (ZBF)
Feb 1 08:30:47 np0005604209 object-server[251327]: Object audit (ZBF). Since Sun Feb 1 08:30:47 2026: Locally: 1 passed, 0 quarantined, 0 errors, files/sec: 563.15, bytes/sec: 0.00, Total time: 0.00, Auditing time: 0.00, Rate: 0.00
Feb 1 08:30:48 np0005604209 object-server[251327]: Object audit (ZBF) "forever" mode completed: 0.84s. Total quarantined: 0, Total errors: 0, Total files/sec: 52.16, Total bytes/sec: 0.00, Auditing time: 0.83, Rate: 0.99
Feb 1 08:31:01 np0005604209 account-server[123718]: 172.20.0.103 - - [01/Feb/2026:08:31:01 +0000] "HEAD /d1/581/.expiring_objects" 404 - "HEAD http://localhost/v1/.expiring_objects?format=json" "tx3e033473be2649f7b25e4-00697f0f45" "proxy-server 2" 0.0007 "-" 20 -
Feb 1 08:31:01 np0005604209 object-expirer[123940]: Pass completed in 0s; 0 objects expired (txn: tx3e033473be2649f7b25e4-00697f0f45)
Feb 1 08:31:03 np0005604209 container-server[124179]: 172.20.0.104 - - [01/Feb/2026:08:31:03 +0000] "HEAD /d1/127/AUTH_8c7e182e9edd4a9496010d2b1c99e9ab/gnocchi.9007f6b9-bf2d-45f7-b066-c8a7a50483a2" 204 - "HEAD http://172.18.0.154:8080/v1/AUTH_8c7e182e9edd4a9496010d2b1c99e9ab/gnocchi.9007f6b9-bf2d-45f7-b066-c8a7a50483a2?format=json&states=listing" "tx9fd19820f0894406a14b9-00697f0f47" "proxy-server 20" 0.0022 "-" 20 0
Feb 1 08:31:03 np0005604209 object-server[124552]: 172.20.0.103 - - [01/Feb/2026:08:31:03 +0000] "GET /d1/553/AUTH_8c7e182e9edd4a9496010d2b1c99e9ab/gnocchi.40be35d3-d0e0-4254-9796-2232b90515a1/none_v3" 200 22 "GET http://172.18.0.154:8080/v1/AUTH_8c7e182e9edd4a9496010d2b1c99e9ab/gnocchi.40be35d3-d0e0-4254-9796-2232b90515a1/none_v3" "txc8826a3be7844ef086072-00697f0f47" "proxy-server 20" 0.0015 "-" 25 0
Feb 1 08:31:03 np0005604209 proxy-server[125760]: 172.18.0.103 172.18.0.104 01/Feb/2026/08/31/03 GET /v1/AUTH_8c7e182e9edd4a9496010d2b1c99e9ab/gnocchi.40be35d3-d0e0-4254-9796-2232b90515a1/none_v3 HTTP/1.0 200 - python-swiftclient-3.11.1 gAAAAABpfw1vYyou... - 22 - txc8826a3be7844ef086072-00697f0f47 - 0.0705 - - 1769934663.707191706 1769934663.777687073 0
Feb 1 08:31:03 np0005604209 container-server[124169]: 172.20.0.103 - - [01/Feb/2026:08:31:03 +0000] "GET /d1/97/AUTH_8c7e182e9edd4a9496010d2b1c99e9ab/gnocchi.40be35d3-d0e0-4254-9796-2232b90515a1" 200 357 "GET http://172.18.0.154:8080/v1/AUTH_8c7e182e9edd4a9496010d2b1c99e9ab/gnocchi.40be35d3-d0e0-4254-9796-2232b90515a1?format=json&states=listing" "txab586d64736a4fcf9f3e4-00697f0f47" "proxy-server 20" 0.0037 "-" 19 0
Feb 1 08:31:03 np0005604209 proxy-server[125760]: 172.18.0.103 172.18.0.104 01/Feb/2026/08/31/03 GET /v1/AUTH_8c7e182e9edd4a9496010d2b1c99e9ab/gnocchi.40be35d3-d0e0-4254-9796-2232b90515a1%3Fformat%3Djson%26states%3Dlisting HTTP/1.0 200 - python-swiftclient-3.11.1 gAAAAABpfw1vYyou... - 357 - txab586d64736a4fcf9f3e4-00697f0f47 - 0.0098 - - 1769934663.783740520 1769934663.793534994 0
Feb 1 08:31:03 np0005604209 container-server[124202]: 172.20.0.103 - - [01/Feb/2026:08:31:03 +0000] "GET /d1/127/AUTH_8c7e182e9edd4a9496010d2b1c99e9ab/gnocchi.9007f6b9-bf2d-45f7-b066-c8a7a50483a2" 200 2 "GET http://172.18.0.154:8080/v1/AUTH_8c7e182e9edd4a9496010d2b1c99e9ab/gnocchi.9007f6b9-bf2d-45f7-b066-c8a7a50483a2?format=json&marker=none_v3&states=listing" "txac96507c9c1f4f2ebc71e-00697f0f47" "proxy-server 20" 0.0040 "-" 21 0
Feb 1 08:31:03 np0005604209 proxy-server[125760]: 172.18.0.154 172.18.0.104 01/Feb/2026/08/31/03 GET /v1/AUTH_8c7e182e9edd4a9496010d2b1c99e9ab/gnocchi.9007f6b9-bf2d-45f7-b066-c8a7a50483a2%3Fformat%3Djson%26marker%3Dnone_v3%26states%3Dlisting HTTP/1.0 200 - python-swiftclient-3.11.1 gAAAAABpfw24v4L0... - 2 - txac96507c9c1f4f2ebc71e-00697f0f47 - 0.0101 - - 1769934663.798328876 1769934663.808431387 0
Feb 1 08:31:03 np0005604209 proxy-server[125760]: 172.18.0.103 172.18.0.104 01/Feb/2026/08/31/03 GET /v1/AUTH_8c7e182e9edd4a9496010d2b1c99e9ab/gnocchi.40be35d3-d0e0-4254-9796-2232b90515a1/1769040000.0_mean_300.0_v3 HTTP/1.0 200 - python-swiftclient-3.11.1 gAAAAABpfw1vYyou... - 16 - txf174b90c577d4c38a1777-00697f0f47 - 0.0065 - - 1769934663.814847708 1769934663.821317911 0
Feb 1 08:31:03 np0005604209 object-server[124552]: 172.20.0.104 - - [01/Feb/2026:08:31:03 +0000] "GET /d1/342/AUTH_8c7e182e9edd4a9496010d2b1c99e9ab/gnocchi.9007f6b9-bf2d-45f7-b066-c8a7a50483a2/1769040000.0_rate%3Amean_300.0_v3" 404 70 "GET http://172.18.0.154:8080/v1/AUTH_8c7e182e9edd4a9496010d2b1c99e9ab/gnocchi.9007f6b9-bf2d-45f7-b066-c8a7a50483a2/1769040000.0_rate%3Amean_300.0_v3" "tx553d98e87ff74d5db73c1-00697f0f47" "proxy-server 20" 0.0005 "-" 25 0
Feb 1 08:31:03 np0005604209 object-server[124541]: 172.20.0.103 - - [01/Feb/2026:08:31:03 +0000] "GET /d1/579/AUTH_8c7e182e9edd4a9496010d2b1c99e9ab/gnocchi.40be35d3-d0e0-4254-9796-2232b90515a1/1769040000.0_rate%3Amean_300.0_v3" 404 70 "GET http://172.18.0.154:8080/v1/AUTH_8c7e182e9edd4a9496010d2b1c99e9ab/gnocchi.40be35d3-d0e0-4254-9796-2232b90515a1/1769040000.0_rate%3Amean_300.0_v3" "tx7c0e6f83a412436bb5d04-00697f0f47" "proxy-server 20" 0.0004 "-" 23 0
Feb 1 08:31:03 np0005604209 proxy-server[125760]: 172.18.0.103 172.18.0.104 01/Feb/2026/08/31/03 GET /v1/AUTH_8c7e182e9edd4a9496010d2b1c99e9ab/gnocchi.40be35d3-d0e0-4254-9796-2232b90515a1/1769040000.0_rate%253Amean_300.0_v3 HTTP/1.0 404 - python-swiftclient-3.11.1 gAAAAABpfw1vYyou... - 70 - tx7c0e6f83a412436bb5d04-00697f0f47 - 0.0172 - - 1769934663.839050293 1769934663.856286526 0
Feb 1 08:31:03 np0005604209 container-server[124211]: 172.20.0.103 - - [01/Feb/2026:08:31:03 +0000] "PUT /d1/127/AUTH_8c7e182e9edd4a9496010d2b1c99e9ab/gnocchi.9007f6b9-bf2d-45f7-b066-c8a7a50483a2/1769040000.0_mean_300.0_v3" 201 - "PUT http://172.18.0.154:8080/d1/95/AUTH_8c7e182e9edd4a9496010d2b1c99e9ab/gnocchi.9007f6b9-bf2d-45f7-b066-c8a7a50483a2/1769040000.0_mean_300.0_v3" "txc9bc59cd0f6645d19a811-00697f0f47" "object-server 24" 0.0007 "-" 22 0
Feb 1 08:31:03 np0005604209 object-server[124542]: 172.20.0.104 - - [01/Feb/2026:08:31:03 +0000] "PUT /d1/95/AUTH_8c7e182e9edd4a9496010d2b1c99e9ab/gnocchi.9007f6b9-bf2d-45f7-b066-c8a7a50483a2/1769040000.0_mean_300.0_v3" 201 - "PUT http://172.18.0.154:8080/v1/AUTH_8c7e182e9edd4a9496010d2b1c99e9ab/gnocchi.9007f6b9-bf2d-45f7-b066-c8a7a50483a2/1769040000.0_mean_300.0_v3" "txc9bc59cd0f6645d19a811-00697f0f47" "proxy-server 20" 0.0106 "-" 24 0
Feb 1 08:31:03 np0005604209 container-server[124211]: 172.20.0.104 - - [01/Feb/2026:08:31:03 +0000] "PUT /d1/97/AUTH_8c7e182e9edd4a9496010d2b1c99e9ab/gnocchi.40be35d3-d0e0-4254-9796-2232b90515a1/1769040000.0_mean_300.0_v3" 201 - "PUT http://172.18.0.154:8080/d1/767/AUTH_8c7e182e9edd4a9496010d2b1c99e9ab/gnocchi.40be35d3-d0e0-4254-9796-2232b90515a1/1769040000.0_mean_300.0_v3" "txbfa81497c290413189a88-00697f0f47" "object-server 24" 0.0004 "-" 22 0
Feb 1 08:31:03 np0005604209 object-server[124552]: 172.20.0.103 - - [01/Feb/2026:08:31:03 +0000] "PUT /d1/767/AUTH_8c7e182e9edd4a9496010d2b1c99e9ab/gnocchi.40be35d3-d0e0-4254-9796-2232b90515a1/1769040000.0_mean_300.0_v3" 201 - "PUT http://172.18.0.154:8080/v1/AUTH_8c7e182e9edd4a9496010d2b1c99e9ab/gnocchi.40be35d3-d0e0-4254-9796-2232b90515a1/1769040000.0_mean_300.0_v3" "txbfa81497c290413189a88-00697f0f47" "proxy-server 20" 0.0106 "-" 25 0
Feb 1 08:31:03 np0005604209 proxy-server[125760]: 172.18.0.103 172.18.0.104 01/Feb/2026/08/31/03 PUT /v1/AUTH_8c7e182e9edd4a9496010d2b1c99e9ab/gnocchi.40be35d3-d0e0-4254-9796-2232b90515a1/1769040000.0_mean_300.0_v3 HTTP/1.0 201 - python-swiftclient-3.11.1 gAAAAABpfw1vYyou... 27 - - txbfa81497c290413189a88-00697f0f47 - 0.0185 - - 1769934663.860248804 1769934663.878733397 0
Feb 1 08:31:03 np0005604209 container-server[124179]: 172.20.0.103 - - [01/Feb/2026:08:31:03 +0000] "PUT /d1/127/AUTH_8c7e182e9edd4a9496010d2b1c99e9ab/gnocchi.9007f6b9-bf2d-45f7-b066-c8a7a50483a2/1769040000.0_rate%3Amean_300.0_v3" 201 - "PUT http://172.18.0.154:8080/d1/342/AUTH_8c7e182e9edd4a9496010d2b1c99e9ab/gnocchi.9007f6b9-bf2d-45f7-b066-c8a7a50483a2/1769040000.0_rate%3Amean_300.0_v3" "tx9ccb33aef953491687021-00697f0f47" "object-server 25" 0.0008 "-" 20 0
Feb 1 08:31:03 np0005604209 object-server[124552]: 172.20.0.104 - - [01/Feb/2026:08:31:03 +0000] "PUT /d1/342/AUTH_8c7e182e9edd4a9496010d2b1c99e9ab/gnocchi.9007f6b9-bf2d-45f7-b066-c8a7a50483a2/1769040000.0_rate%3Amean_300.0_v3" 201 - "PUT http://172.18.0.154:8080/v1/AUTH_8c7e182e9edd4a9496010d2b1c99e9ab/gnocchi.9007f6b9-bf2d-45f7-b066-c8a7a50483a2/1769040000.0_rate%3Amean_300.0_v3" "tx9ccb33aef953491687021-00697f0f47" "proxy-server 20" 0.0134 "-" 25 0
Feb 1 08:31:03 np0005604209 container-server[124211]: 172.20.0.104 - - [01/Feb/2026:08:31:03 +0000] "PUT /d1/97/AUTH_8c7e182e9edd4a9496010d2b1c99e9ab/gnocchi.40be35d3-d0e0-4254-9796-2232b90515a1/1769040000.0_rate%3Amean_300.0_v3" 201 - "PUT http://172.18.0.154:8080/d1/579/AUTH_8c7e182e9edd4a9496010d2b1c99e9ab/gnocchi.40be35d3-d0e0-4254-9796-2232b90515a1/1769040000.0_rate%3Amean_300.0_v3" "tx20d13be6e5be4c0a80fd0-00697f0f47" "object-server 25" 0.0004 "-" 22 0
Feb 1 08:31:03 np0005604209 object-server[124542]: 172.20.0.103 - - [01/Feb/2026:08:31:03 +0000] "PUT /d1/579/AUTH_8c7e182e9edd4a9496010d2b1c99e9ab/gnocchi.40be35d3-d0e0-4254-9796-2232b90515a1/1769040000.0_rate%3Amean_300.0_v3" 201 - "PUT http://172.18.0.154:8080/v1/AUTH_8c7e182e9edd4a9496010d2b1c99e9ab/gnocchi.40be35d3-d0e0-4254-9796-2232b90515a1/1769040000.0_rate%3Amean_300.0_v3" "tx20d13be6e5be4c0a80fd0-00697f0f47" "proxy-server 20" 0.0139 "-" 24 0
Feb 1 08:31:03 np0005604209 proxy-server[125760]: 172.18.0.103 172.18.0.104 01/Feb/2026/08/31/03 PUT /v1/AUTH_8c7e182e9edd4a9496010d2b1c99e9ab/gnocchi.40be35d3-d0e0-4254-9796-2232b90515a1/1769040000.0_rate%253Amean_300.0_v3 HTTP/1.0 201 - python-swiftclient-3.11.1 gAAAAABpfw1vYyou... 16 - - tx20d13be6e5be4c0a80fd0-00697f0f47 - 0.0244 - - 1769934663.881904840 1769934663.906336546 0
Feb 1 08:31:03 np0005604209 container-server[124169]: 172.20.0.105 - - [01/Feb/2026:08:31:03 +0000] "PUT /d1/127/AUTH_8c7e182e9edd4a9496010d2b1c99e9ab/gnocchi.9007f6b9-bf2d-45f7-b066-c8a7a50483a2/none_v3" 201 - "PUT http://172.18.0.154:8080/d1/23/AUTH_8c7e182e9edd4a9496010d2b1c99e9ab/gnocchi.9007f6b9-bf2d-45f7-b066-c8a7a50483a2/none_v3" "txd564be77afeb473987b77-00697f0f47" "object-server 25" 0.0007 "-" 19 0
Feb 1 08:31:03 np0005604209 object-server[124552]: 172.20.0.104 - - [01/Feb/2026:08:31:03 +0000] "PUT /d1/23/AUTH_8c7e182e9edd4a9496010d2b1c99e9ab/gnocchi.9007f6b9-bf2d-45f7-b066-c8a7a50483a2/none_v3" 201 - "PUT http://172.18.0.154:8080/v1/AUTH_8c7e182e9edd4a9496010d2b1c99e9ab/gnocchi.9007f6b9-bf2d-45f7-b066-c8a7a50483a2/none_v3" "txd564be77afeb473987b77-00697f0f47" "proxy-server 20" 0.0148 "-" 25 0
Feb 1 08:31:03 np0005604209 container-server[124202]: 172.20.0.103 - - [01/Feb/2026:08:31:03 +0000] "PUT /d1/97/AUTH_8c7e182e9edd4a9496010d2b1c99e9ab/gnocchi.40be35d3-d0e0-4254-9796-2232b90515a1/none_v3" 201 - "PUT http://172.18.0.154:8080/d1/553/AUTH_8c7e182e9edd4a9496010d2b1c99e9ab/gnocchi.40be35d3-d0e0-4254-9796-2232b90515a1/none_v3" "tx690548e3873a47f68d8be-00697f0f47" "object-server 25" 0.0009 "-" 21 0
Feb 1 08:31:03 np0005604209 object-server[124552]: 172.20.0.103 - - [01/Feb/2026:08:31:03 +0000] "PUT /d1/553/AUTH_8c7e182e9edd4a9496010d2b1c99e9ab/gnocchi.40be35d3-d0e0-4254-9796-2232b90515a1/none_v3" 201 - "PUT http://172.18.0.154:8080/v1/AUTH_8c7e182e9edd4a9496010d2b1c99e9ab/gnocchi.40be35d3-d0e0-4254-9796-2232b90515a1/none_v3" "tx690548e3873a47f68d8be-00697f0f47" "proxy-server 20" 0.0161 "-" 25 0
Feb 1 08:31:03 np0005604209 proxy-server[125760]: 172.18.0.103 172.18.0.104 01/Feb/2026/08/31/03 PUT /v1/AUTH_8c7e182e9edd4a9496010d2b1c99e9ab/gnocchi.40be35d3-d0e0-4254-9796-2232b90515a1/none_v3 HTTP/1.0 201 - python-swiftclient-3.11.1 gAAAAABpfw1vYyou... 35 - - tx690548e3873a47f68d8be-00697f0f47 - 0.0233 - - 1769934663.909543276 1769934663.932803154 0
Feb 1 08:31:03 np0005604209 proxy-server[125760]: 172.18.0.154 172.18.0.104 01/Feb/2026/08/31/03 GET /v1/AUTH_8c7e182e9edd4a9496010d2b1c99e9ab/gnocchi.113af031-e1e3-456b-a612-264f70c92980%3Fformat%3Djson%26states%3Dlisting HTTP/1.0 200 - python-swiftclient-3.11.1 gAAAAABpfw24v4L0... - 357 - tx1e08c244018d4b9282e37-00697f0f47 - 0.0121 - - 1769934663.979604483 1769934663.991684914 0
Feb 1 08:31:04 np0005604209 object-server[124552]: 172.20.0.103 - - [01/Feb/2026:08:31:04 +0000] "GET /d1/727/AUTH_8c7e182e9edd4a9496010d2b1c99e9ab/gnocchi.113af031-e1e3-456b-a612-264f70c92980/1769040000.0_mean_300.0_v3" 200 16 "GET http://172.18.0.154:8080/v1/AUTH_8c7e182e9edd4a9496010d2b1c99e9ab/gnocchi.113af031-e1e3-456b-a612-264f70c92980/1769040000.0_mean_300.0_v3" "tx51bd38feeb7e40499eeec-00697f0f48" "proxy-server 20" 0.0010 "-" 25 0
Feb 1 08:31:04 np0005604209 proxy-server[125760]: 172.18.0.154 172.18.0.104 01/Feb/2026/08/31/04 GET /v1/AUTH_8c7e182e9edd4a9496010d2b1c99e9ab/gnocchi.113af031-e1e3-456b-a612-264f70c92980/1769040000.0_mean_300.0_v3 HTTP/1.0 200 - python-swiftclient-3.11.1 gAAAAABpfw24v4L0... - 16 - tx51bd38feeb7e40499eeec-00697f0f48 - 0.0101 - - 1769934664.020939112 1769934664.030996084 0
Feb 1 08:31:04 np0005604209 container-server[124179]: 172.20.0.103 - - [01/Feb/2026:08:31:04 +0000] "HEAD /d1/0/AUTH_8c7e182e9edd4a9496010d2b1c99e9ab/gnocchi.cdf71562-1977-41e8-9491-295b0516e7e2" 204 - "HEAD http://172.18.0.154:8080/v1/AUTH_8c7e182e9edd4a9496010d2b1c99e9ab/gnocchi.cdf71562-1977-41e8-9491-295b0516e7e2?format=json&states=listing" "txddab4c4a365040a6bf243-00697f0f48" "proxy-server 20" 0.0014 "-" 20 0
Feb 1 08:31:04 np0005604209 object-server[124541]: 172.20.0.104 - - [01/Feb/2026:08:31:04 +0000] "GET /d1/491/AUTH_8c7e182e9edd4a9496010d2b1c99e9ab/gnocchi.113af031-e1e3-456b-a612-264f70c92980/1769040000.0_rate%3Amean_300.0_v3" 404 70 "GET http://172.18.0.154:8080/v1/AUTH_8c7e182e9edd4a9496010d2b1c99e9ab/gnocchi.113af031-e1e3-456b-a612-264f70c92980/1769040000.0_rate%3Amean_300.0_v3" "tx7d627b4e44d74d058a91a-00697f0f48" "proxy-server 20" 0.0003 "-" 23 0
Feb 1 08:31:04 np0005604209 proxy-server[125760]: 172.18.0.103 172.18.0.104 01/Feb/2026/08/31/04 GET /v1/AUTH_8c7e182e9edd4a9496010d2b1c99e9ab/gnocchi.cdf71562-1977-41e8-9491-295b0516e7e2/none_v3 HTTP/1.0 200 - python-swiftclient-3.11.1 gAAAAABpfw1vYyou... - 22 - txddab4c4a365040a6bf243-00697f0f48 - 0.0119 - - 1769934664.035809040 1769934664.047723055 0
Feb 1 08:31:04 np0005604209 proxy-server[125760]: 172.18.0.103 172.18.0.104 01/Feb/2026/08/31/04 GET /v1/AUTH_8c7e182e9edd4a9496010d2b1c99e9ab/gnocchi.cdf71562-1977-41e8-9491-295b0516e7e2%3Fformat%3Djson%26states%3Dlisting HTTP/1.0 200 - python-swiftclient-3.11.1 gAAAAABpfw1vYyou... - 357 - txd13ead2a0f5e4113b2f03-00697f0f48 - 0.0103 - - 1769934664.051480770 1769934664.061793327 0
Feb 1 08:31:04 np0005604209 container-server[124169]: 172.20.0.105 - - [01/Feb/2026:08:31:04 +0000] "PUT /d1/532/AUTH_8c7e182e9edd4a9496010d2b1c99e9ab/gnocchi.113af031-e1e3-456b-a612-264f70c92980/1769040000.0_mean_300.0_v3" 201 - "PUT http://172.18.0.154:8080/d1/727/AUTH_8c7e182e9edd4a9496010d2b1c99e9ab/gnocchi.113af031-e1e3-456b-a612-264f70c92980/1769040000.0_mean_300.0_v3" "txe346f4ae1d1b4ae5b1cab-00697f0f48" "object-server 23" 0.0005 "-" 19 0
Feb 1 08:31:04 np0005604209 proxy-server[125760]: 172.18.0.103 172.18.0.104 01/Feb/2026/08/31/04 GET /v1/AUTH_8c7e182e9edd4a9496010d2b1c99e9ab/gnocchi.cdf71562-1977-41e8-9491-295b0516e7e2%3Fformat%3Djson%26marker%3Dnone_v3%26states%3Dlisting HTTP/1.0 200 - python-swiftclient-3.11.1 gAAAAABpfw1vYyou... - 2 - txa2f32ae4c17c43bfb25c8-00697f0f48 - 0.0076 - - 1769934664.068009615 1769934664.075583220 0
Feb 1 08:31:04 np0005604209 object-server[124542]: 172.20.0.104 - - [01/Feb/2026:08:31:04 +0000] "PUT /d1/727/AUTH_8c7e182e9edd4a9496010d2b1c99e9ab/gnocchi.113af031-e1e3-456b-a612-264f70c92980/1769040000.0_mean_300.0_v3" 201 - "PUT http://172.18.0.154:8080/v1/AUTH_8c7e182e9edd4a9496010d2b1c99e9ab/gnocchi.113af031-e1e3-456b-a612-264f70c92980/1769040000.0_mean_300.0_v3" "txe346f4ae1d1b4ae5b1cab-00697f0f48" "proxy-server 20" 0.0193 "-" 24 0
Feb 1 08:31:04 np0005604209 proxy-server[125760]: 172.18.0.103 172.18.0.104 01/Feb/2026/08/31/04 GET /v1/AUTH_8c7e182e9edd4a9496010d2b1c99e9ab/gnocchi.cdf71562-1977-41e8-9491-295b0516e7e2/1769040000.0_mean_300.0_v3 HTTP/1.0 200 - python-swiftclient-3.11.1 gAAAAABpfw1vYyou... - 16 - tx41cfbbd107694cdfa8d50-00697f0f48 - 0.0072 - - 1769934664.079668760 1769934664.086895704 0
Feb 1 08:31:04 np0005604209 object-server[124534]: 172.20.0.103 - - [01/Feb/2026:08:31:04 +0000] "GET /d1/501/AUTH_8c7e182e9edd4a9496010d2b1c99e9ab/gnocchi.cdf71562-1977-41e8-9491-295b0516e7e2/1769040000.0_rate%3Amean_300.0_v3" 404 70 "GET http://172.18.0.154:8080/v1/AUTH_8c7e182e9edd4a9496010d2b1c99e9ab/gnocchi.cdf71562-1977-41e8-9491-295b0516e7e2/1769040000.0_rate%3Amean_300.0_v3" "tx99df39b3ef1344929720c-00697f0f48" "proxy-server 20" 0.0006 "-" 22 0
Feb 1 08:31:04 np0005604209 container-server[124179]: 172.20.0.104 - - [01/Feb/2026:08:31:04 +0000] "PUT /d1/532/AUTH_8c7e182e9edd4a9496010d2b1c99e9ab/gnocchi.113af031-e1e3-456b-a612-264f70c92980/1769040000.0_rate%3Amean_300.0_v3" 201 - "PUT http://172.18.0.154:8080/d1/491/AUTH_8c7e182e9edd4a9496010d2b1c99e9ab/gnocchi.113af031-e1e3-456b-a612-264f70c92980/1769040000.0_rate%3Amean_300.0_v3" "tx73dc4487438a48b3b7013-00697f0f48" "object-server 22" 0.0005 "-" 20 0
Feb 1 08:31:04 np0005604209 object-server[124542]: 172.20.0.104 - - [01/Feb/2026:08:31:04 +0000] "PUT /d1/491/AUTH_8c7e182e9edd4a9496010d2b1c99e9ab/gnocchi.113af031-e1e3-456b-a612-264f70c92980/1769040000.0_rate%3Amean_300.0_v3" 201 - "PUT http://172.18.0.154:8080/v1/AUTH_8c7e182e9edd4a9496010d2b1c99e9ab/gnocchi.113af031-e1e3-456b-a612-264f70c92980/1769040000.0_rate%3Amean_300.0_v3" "tx73dc4487438a48b3b7013-00697f0f48" "proxy-server 20" 0.0136 "-" 24 0
Feb 1 08:31:04 np0005604209 proxy-server[125760]: 172.18.0.103 172.18.0.104 01/Feb/2026/08/31/04 GET /v1/AUTH_8c7e182e9edd4a9496010d2b1c99e9ab/gnocchi.cdf71562-1977-41e8-9491-295b0516e7e2/1769040000.0_rate%253Amean_300.0_v3 HTTP/1.0 404 - python-swiftclient-3.11.1 gAAAAABpfw1vYyou... - 70 - tx99df39b3ef1344929720c-00697f0f48 - 0.0205 - - 1769934664.091602087 1769934664.112146854 0
Feb 1 08:31:04 np0005604209 object-server[124552]: 172.20.0.104 - - [01/Feb/2026:08:31:04 +0000] "PUT /d1/936/AUTH_8c7e182e9edd4a9496010d2b1c99e9ab/gnocchi.cdf71562-1977-41e8-9491-295b0516e7e2/1769040000.0_mean_300.0_v3" 201 - "PUT http://172.18.0.154:8080/v1/AUTH_8c7e182e9edd4a9496010d2b1c99e9ab/gnocchi.cdf71562-1977-41e8-9491-295b0516e7e2/1769040000.0_mean_300.0_v3" "txf28b91a6b1e548639d204-00697f0f48" "proxy-server 20" 0.0132 "-" 25 0
Feb 1 08:31:04 np0005604209 object-server[124542]: 172.20.0.103 - - [01/Feb/2026:08:31:04 +0000] "PUT /d1/733/AUTH_8c7e182e9edd4a9496010d2b1c99e9ab/gnocchi.113af031-e1e3-456b-a612-264f70c92980/none_v3" 201 - "PUT http://172.18.0.154:8080/v1/AUTH_8c7e182e9edd4a9496010d2b1c99e9ab/gnocchi.113af031-e1e3-456b-a612-264f70c92980/none_v3" "tx0161540876c644f188be6-00697f0f48" "proxy-server 20" 0.0146 "-" 24 0
Feb 1 08:31:04 np0005604209 container-server[124202]: 172.20.0.104 - - [01/Feb/2026:08:31:04 +0000] "PUT /d1/0/AUTH_8c7e182e9edd4a9496010d2b1c99e9ab/gnocchi.cdf71562-1977-41e8-9491-295b0516e7e2/1769040000.0_mean_300.0_v3" 201 - "PUT http://172.18.0.154:8080/d1/936/AUTH_8c7e182e9edd4a9496010d2b1c99e9ab/gnocchi.cdf71562-1977-41e8-9491-295b0516e7e2/1769040000.0_mean_300.0_v3" "txf28b91a6b1e548639d204-00697f0f48" "object-server 25" 0.0008 "-" 21 0
Feb 1 08:31:04 np0005604209 container-server[124202]: 172.20.0.104 - - [01/Feb/2026:08:31:04 +0000] "PUT /d1/532/AUTH_8c7e182e9edd4a9496010d2b1c99e9ab/gnocchi.113af031-e1e3-456b-a612-264f70c92980/none_v3" 201 - "PUT http://172.18.0.154:8080/d1/733/AUTH_8c7e182e9edd4a9496010d2b1c99e9ab/gnocchi.113af031-e1e3-456b-a612-264f70c92980/none_v3" "tx0161540876c644f188be6-00697f0f48" "object-server 22" 0.0004 "-" 21 0
Feb 1 08:31:04 np0005604209 proxy-server[125760]: 172.18.0.154 172.18.0.104 01/Feb/2026/08/31/04 PUT /v1/AUTH_8c7e182e9edd4a9496010d2b1c99e9ab/gnocchi.113af031-e1e3-456b-a612-264f70c92980/none_v3 HTTP/1.0 201 - python-swiftclient-3.11.1 gAAAAABpfw24v4L0... 33 - - tx0161540876c644f188be6-00697f0f48 - 0.0276 - - 1769934664.116926432 1769934664.144501448 0
