Feb 1 08:21:07 np0005604209 object-server[196509]: Object audit (ZBF) "forever" mode completed: 0.00s. Total quarantined: 0, Total errors: 0, Total files/sec: 0.00, Total bytes/sec: 0.00, Auditing time: 0.00, Rate: 0.00
Feb 1 08:21:07 np0005604209 object-server[196510]: Begin object audit "forever" mode (ALL)
Feb 1 08:21:07 np0005604209 object-server[196510]: Object audit (ALL) "forever" mode completed: 0.00s. Total quarantined: 0, Total errors: 0, Total files/sec: 0.00, Total bytes/sec: 0.00, Auditing time: 0.00, Rate: 0.00
Feb 1 08:21:10 np0005604209 account-server[123403]: Beginning replication run
Feb 1 08:21:10 np0005604209 account-server[123403]: Replication run OVER
Feb 1 08:21:10 np0005604209 account-server[123403]: Attempted to replicate 0 dbs in 0.00240 seconds (0.00000/s)
Feb 1 08:21:10 np0005604209 account-server[123403]: Removed 0 dbs
Feb 1 08:21:10 np0005604209 account-server[123403]: 0 successes, 0 failures
Feb 1 08:21:10 np0005604209 account-server[123403]: diff:0 diff_capped:0 empty:0 hashmatch:0 no_change:0 remote_merge:0 rsync:0 ts_repl:0
Feb 1 08:21:11 np0005604209 container-server[123980]: Begin container update sweep
Feb 1 08:21:11 np0005604209 container-server[123980]: Container update sweep completed: 0.00s
Feb 1 08:21:14 np0005604209 account-server[123734]: 172.20.0.105 - - [01/Feb/2026:08:21:14 +0000] "HEAD /d1/581/.expiring_objects" 404 - "HEAD http://localhost/v1/.expiring_objects?format=json" "txca75a064ad704ec5b34d2-00697f0cfa" "proxy-server 2" 0.0006 "-" 23 -
Feb 1 08:21:15 np0005604209 container-server[123554]: Beginning replication run
Feb 1 08:21:15 np0005604209 container-server[123554]: Replication run OVER
Feb 1 08:21:15 np0005604209 container-server[123554]: Attempted to replicate 0 dbs in 0.00262 seconds (0.00000/s)
Feb 1 08:21:15 np0005604209 container-server[123554]: Removed 0 dbs
Feb 1 08:21:15 np0005604209 container-server[123554]: 0 successes, 0 failures
Feb 1 08:21:15 np0005604209 container-server[123554]: diff:0 diff_capped:0 empty:0 hashmatch:0 no_change:0 remote_merge:0 rsync:0 ts_repl:0
Feb 1 08:21:26 np0005604209 account-server[123718]: 172.20.0.105 - - [01/Feb/2026:08:21:26 +0000] "HEAD /d1/581/.expiring_objects" 404 - "HEAD http://localhost/v1/.expiring_objects?format=json" "tx3e8804e500994b22b7ac4-00697f0d06" "proxy-server 2" 0.0008 "-" 20 -
Feb 1 08:21:35 np0005604209 object-server[124073]: Starting object replication pass.
Feb 1 08:21:35 np0005604209 object-server[124073]: Nothing replicated for 0.00557708740234375 seconds.
Feb 1 08:21:35 np0005604209 object-server[124073]: Object replication complete. (0.00 minutes)
Feb 1 08:21:37 np0005604209 object-server[196511]: Begin object audit "forever" mode (ZBF)
Feb 1 08:21:37 np0005604209 object-server[196511]: Object audit (ZBF) "forever" mode completed: 0.00s. Total quarantined: 0, Total errors: 0, Total files/sec: 0.00, Total bytes/sec: 0.00, Auditing time: 0.00, Rate: 0.00
Feb 1 08:21:39 np0005604209 container-server[123477]: Begin container audit pass.
Feb 1 08:21:40 np0005604209 account-server[123403]: Beginning replication run
Feb 1 08:21:40 np0005604209 account-server[123403]: Replication run OVER
Feb 1 08:21:40 np0005604209 account-server[123403]: Attempted to replicate 0 dbs in 0.00100 seconds (0.00000/s)
Feb 1 08:21:40 np0005604209 account-server[123403]: Removed 0 dbs
Feb 1 08:21:40 np0005604209 account-server[123403]: 0 successes, 0 failures
Feb 1 08:21:40 np0005604209 account-server[123403]: diff:0 diff_capped:0 empty:0 hashmatch:0 no_change:0 remote_merge:0 rsync:0 ts_repl:0
Feb 1 08:21:45 np0005604209 container-server[123554]: Beginning replication run
Feb 1 08:21:45 np0005604209 container-server[123554]: Replication run OVER
Feb 1 08:21:45 np0005604209 container-server[123554]: Attempted to replicate 0 dbs in 0.00177 seconds (0.00000/s)
Feb 1 08:21:45 np0005604209 container-server[123554]: Removed 0 dbs
Feb 1 08:21:45 np0005604209 container-server[123554]: 0 successes, 0 failures
Feb 1 08:21:45 np0005604209 container-server[123554]: diff:0 diff_capped:0 empty:0 hashmatch:0 no_change:0 remote_merge:0 rsync:0 ts_repl:0
Feb 1 08:21:57 np0005604209 account-server[123721]: 172.20.0.104 - - [01/Feb/2026:08:21:57 +0000] "HEAD /d1/581/.expiring_objects" 404 - "HEAD http://localhost/v1/.expiring_objects?format=json" "tx0c1c3c43d85d48e89e673-00697f0d25" "proxy-server 2" 0.0009 "-" 22 -
Feb 1 08:22:02 np0005604209 account-server[123719]: 172.20.0.105 - - [01/Feb/2026:08:22:02 +0000] "HEAD /d1/581/.expiring_objects" 404 - "HEAD http://localhost/v1/.expiring_objects?format=json" "txc8b54da6ea5b4e6984298-00697f0d2a" "proxy-server 2" 0.0009 "-" 21 -
Feb 1 08:22:05 np0005604209 object-server[124073]: Starting object replication pass.
Feb 1 08:22:05 np0005604209 object-server[124073]: Nothing replicated for 0.0037817955017089844 seconds.
Feb 1 08:22:05 np0005604209 object-server[124073]: Object replication complete. (0.00 minutes)
Feb 1 08:22:07 np0005604209 object-server[202601]: Begin object audit "forever" mode (ALL)
Feb 1 08:22:07 np0005604209 object-server[202601]: Object audit (ALL) "forever" mode completed: 0.00s. Total quarantined: 0, Total errors: 0, Total files/sec: 0.00, Total bytes/sec: 0.00, Auditing time: 0.00, Rate: 0.00
Feb 1 08:22:07 np0005604209 object-server[202600]: Begin object audit "forever" mode (ZBF)
Feb 1 08:22:07 np0005604209 object-server[202600]: Object audit (ZBF) "forever" mode completed: 0.00s. Total quarantined: 0, Total errors: 0, Total files/sec: 0.00, Total bytes/sec: 0.00, Auditing time: 0.00, Rate: 0.00
Feb 1 08:22:10 np0005604209 account-server[123403]: Beginning replication run
Feb 1 08:22:10 np0005604209 account-server[123403]: Replication run OVER
Feb 1 08:22:10 np0005604209 account-server[123403]: Attempted to replicate 0 dbs in 0.00165 seconds (0.00000/s)
Feb 1 08:22:10 np0005604209 account-server[123403]: Removed 0 dbs
Feb 1 08:22:10 np0005604209 account-server[123403]: 0 successes, 0 failures
Feb 1 08:22:10 np0005604209 account-server[123403]: diff:0 diff_capped:0 empty:0 hashmatch:0 no_change:0 remote_merge:0 rsync:0 ts_repl:0
Feb 1 08:22:13 np0005604209 account-server[123719]: 172.20.0.104 - - [01/Feb/2026:08:22:13 +0000] "HEAD /d1/581/.expiring_objects" 404 - "HEAD http://localhost/v1/.expiring_objects?format=json" "tx5539a349a1914d2ab0a88-00697f0d35" "proxy-server 2" 0.0011 "-" 21 -
Feb 1 08:22:14 np0005604209 account-server[123719]: 172.20.0.105 - - [01/Feb/2026:08:22:14 +0000] "HEAD /d1/581/.expiring_objects" 404 - "HEAD http://localhost/v1/.expiring_objects?format=json" "tx8676ed67c1594246bc63b-00697f0d36" "proxy-server 2" 0.0005 "-" 21 -
Feb 1 08:22:15 np0005604209 container-server[123554]: Beginning replication run
Feb 1 08:22:15 np0005604209 container-server[123554]: Replication run OVER
Feb 1 08:22:15 np0005604209 container-server[123554]: Attempted to replicate 0 dbs in 0.00222 seconds (0.00000/s)
Feb 1 08:22:15 np0005604209 container-server[123554]: Removed 0 dbs
Feb 1 08:22:15 np0005604209 container-server[123554]: 0 successes, 0 failures
Feb 1 08:22:15 np0005604209 container-server[123554]: diff:0 diff_capped:0 empty:0 hashmatch:0 no_change:0 remote_merge:0 rsync:0 ts_repl:0
Feb 1 08:22:35 np0005604209 object-server[124073]: Starting object replication pass.
Feb 1 08:22:35 np0005604209 object-server[124073]: Nothing replicated for 0.0020558834075927734 seconds.
Feb 1 08:22:35 np0005604209 object-server[124073]: Object replication complete. (0.00 minutes)
Feb 1 08:22:37 np0005604209 object-server[205524]: Begin object audit "forever" mode (ZBF)
Feb 1 08:22:37 np0005604209 object-server[205525]: Begin object audit "forever" mode (ALL)
Feb 1 08:22:37 np0005604209 object-server[205524]: Object audit (ZBF) "forever" mode completed: 0.00s. Total quarantined: 0, Total errors: 0, Total files/sec: 0.00, Total bytes/sec: 0.00, Auditing time: 0.00, Rate: 0.00
Feb 1 08:22:37 np0005604209 object-server[205525]: Object audit (ALL) "forever" mode completed: 0.00s. Total quarantined: 0, Total errors: 0, Total files/sec: 0.00, Total bytes/sec: 0.00, Auditing time: 0.00, Rate: 0.00
Feb 1 08:22:40 np0005604209 account-server[123403]: Beginning replication run
Feb 1 08:22:40 np0005604209 account-server[123403]: Replication run OVER
Feb 1 08:22:40 np0005604209 account-server[123403]: Attempted to replicate 0 dbs in 0.00155 seconds (0.00000/s)
Feb 1 08:22:40 np0005604209 account-server[123403]: Removed 0 dbs
Feb 1 08:22:40 np0005604209 account-server[123403]: 0 successes, 0 failures
Feb 1 08:22:40 np0005604209 account-server[123403]: diff:0 diff_capped:0 empty:0 hashmatch:0 no_change:0 remote_merge:0 rsync:0 ts_repl:0
Feb 1 08:22:45 np0005604209 container-server[123554]: Beginning replication run
Feb 1 08:22:45 np0005604209 container-server[123554]: Replication run OVER
Feb 1 08:22:45 np0005604209 container-server[123554]: Attempted to replicate 0 dbs in 0.00193 seconds (0.00000/s)
Feb 1 08:22:45 np0005604209 container-server[123554]: Removed 0 dbs
Feb 1 08:22:45 np0005604209 container-server[123554]: 0 successes, 0 failures
Feb 1 08:22:45 np0005604209 container-server[123554]: diff:0 diff_capped:0 empty:0 hashmatch:0 no_change:0 remote_merge:0 rsync:0 ts_repl:0
Feb 1 08:22:58 np0005604209 object-server[124294]: Begin object update sweep
Feb 1 08:22:58 np0005604209 object-server[207741]: Object update sweep starting on /srv/node/d1 (pid: 14)
Feb 1 08:22:58 np0005604209 object-server[207741]: Object update sweep completed on /srv/node/d1 in 0.00s seconds:, 0 successes, 0 failures, 0 quarantines, 0 unlinks, 0 errors, 0 redirects (pid: 14)
Feb 1 08:22:58 np0005604209 object-server[207741]: Object update sweep of d1 completed: 0.00s, 0 successes, 0 failures, 0 quarantines, 0 unlinks, 0 errors, 0 redirects
Feb 1 08:22:58 np0005604209 object-server[124294]: Object update sweep completed: 0.09s
Feb 1 08:23:05 np0005604209 object-server[124073]: Starting object replication pass.
Feb 1 08:23:05 np0005604209 object-server[124073]: Nothing replicated for 0.003532886505126953 seconds.
Feb 1 08:23:05 np0005604209 object-server[124073]: Object replication complete. (0.00 minutes)
Feb 1 08:23:07 np0005604209 object-server[208431]: Begin object audit "forever" mode (ZBF)
Feb 1 08:23:07 np0005604209 object-server[208431]: Object audit (ZBF) "forever" mode completed: 0.00s. Total quarantined: 0, Total errors: 0, Total files/sec: 0.00, Total bytes/sec: 0.00, Auditing time: 0.00, Rate: 0.00
Feb 1 08:23:07 np0005604209 object-server[208432]: Begin object audit "forever" mode (ALL)
Feb 1 08:23:07 np0005604209 object-server[208432]: Object audit (ALL) "forever" mode completed: 0.00s. Total quarantined: 0, Total errors: 0, Total files/sec: 0.00, Total bytes/sec: 0.00, Auditing time: 0.00, Rate: 0.00
Feb 1 08:23:10 np0005604209 account-server[123403]: Beginning replication run
Feb 1 08:23:10 np0005604209 account-server[123403]: Replication run OVER
Feb 1 08:23:10 np0005604209 account-server[123403]: Attempted to replicate 0 dbs in 0.00320 seconds (0.00000/s)
Feb 1 08:23:10 np0005604209 account-server[123403]: Removed 0 dbs
Feb 1 08:23:10 np0005604209 account-server[123403]: 0 successes, 0 failures
Feb 1 08:23:10 np0005604209 account-server[123403]: diff:0 diff_capped:0 empty:0 hashmatch:0 no_change:0 remote_merge:0 rsync:0 ts_repl:0
Feb 1 08:23:11 np0005604209 account-server[123718]: 172.20.0.103 - - [01/Feb/2026:08:23:11 +0000] "HEAD /d1/833/AUTH_8c7e182e9edd4a9496010d2b1c99e9ab" 404 - "HEAD http://172.18.0.154:8080/v1/AUTH_8c7e182e9edd4a9496010d2b1c99e9ab?format=json" "tx1fc7fccbda174a0ea9064-00697f0d6f" "proxy-server 20" 0.0009 "-" 20 -
Feb 1 08:23:11 np0005604209 proxy-server[125760]: - - 01/Feb/2026/08/23/11 HEAD /v1/AUTH_8c7e182e9edd4a9496010d2b1c99e9ab%3Fformat%3Djson HTTP/1.0 200 - Swift - - - - tx1fc7fccbda174a0ea9064-00697f0d6f - 0.0286 RL - 1769934191.370471478 1769934191.399108648 -
Feb 1 08:23:11 np0005604209 object-server[124552]: 172.20.0.103 - - [01/Feb/2026:08:23:11 +0000] "GET /d1/455/AUTH_8c7e182e9edd4a9496010d2b1c99e9ab/gnocchi.c0d034e1-81d5-4588-b05e-cf6b2bd2eda8/none_v3" 404 70 "GET http://172.18.0.154:8080/v1/AUTH_8c7e182e9edd4a9496010d2b1c99e9ab/gnocchi.c0d034e1-81d5-4588-b05e-cf6b2bd2eda8/none_v3" "tx1fc7fccbda174a0ea9064-00697f0d6f" "proxy-server 20" 0.0015 "-" 25 0
Feb 1 08:23:11 np0005604209 proxy-server[125760]: 172.18.0.103 172.18.0.104 01/Feb/2026/08/23/11 GET /v1/AUTH_8c7e182e9edd4a9496010d2b1c99e9ab/gnocchi.c0d034e1-81d5-4588-b05e-cf6b2bd2eda8/none_v3 HTTP/1.0 404 - python-swiftclient-3.11.1 gAAAAABpfw1vYyou... - 70 - tx1fc7fccbda174a0ea9064-00697f0d6f - 0.6332 - - 1769934191.363458872 1769934191.996681690 0
Feb 1 08:23:12 np0005604209 account-server[123718]: 172.20.0.104 - - [01/Feb/2026:08:23:12 +0000] "PUT /d1/833/AUTH_8c7e182e9edd4a9496010d2b1c99e9ab" 201 - "-" "tx1ac8b43325de4bcebac4a-00697f0d70" "-" 0.0148 "-" 20 -
Feb 1 08:23:12 np0005604209 account-server[123734]: 172.20.0.104 - - [01/Feb/2026:08:23:12 +0000] "HEAD /d1/833/AUTH_8c7e182e9edd4a9496010d2b1c99e9ab" 204 - "HEAD http://172.18.0.154:8080/v1/AUTH_8c7e182e9edd4a9496010d2b1c99e9ab?format=json" "tx1ac8b43325de4bcebac4a-00697f0d70" "proxy-server 20" 0.0053 "-" 23 -
Feb 1 08:23:12 np0005604209 container-server[124179]: 172.20.0.104 - - [01/Feb/2026:08:23:12 +0000] "PUT /d1/760/AUTH_8c7e182e9edd4a9496010d2b1c99e9ab/gnocchi.c0d034e1-81d5-4588-b05e-cf6b2bd2eda8" 201 - "PUT http://172.18.0.154:8080/v1/AUTH_8c7e182e9edd4a9496010d2b1c99e9ab/gnocchi.c0d034e1-81d5-4588-b05e-cf6b2bd2eda8" "tx1ac8b43325de4bcebac4a-00697f0d70" "proxy-server 20" 0.0112 "-" 20 0
Feb 1 08:23:12 np0005604209 account-server[123719]: 172.20.0.105 - - [01/Feb/2026:08:23:12 +0000] "PUT /d1/833/AUTH_8c7e182e9edd4a9496010d2b1c99e9ab/gnocchi.c0d034e1-81d5-4588-b05e-cf6b2bd2eda8" 201 - "PUT http://172.20.0.105:6001/d1/760/AUTH_8c7e182e9edd4a9496010d2b1c99e9ab/gnocchi.c0d034e1-81d5-4588-b05e-cf6b2bd2eda8" "tx1ac8b43325de4bcebac4a-00697f0d70" "container-server 23" 0.0027 "-" 21 0
Feb 1 08:23:12 np0005604209 container-server[124202]: 172.20.0.105 - - [01/Feb/2026:08:23:12 +0000] "GET /d1/760/AUTH_8c7e182e9edd4a9496010d2b1c99e9ab/gnocchi.c0d034e1-81d5-4588-b05e-cf6b2bd2eda8" 200 2 "GET http://172.18.0.154:8080/v1/AUTH_8c7e182e9edd4a9496010d2b1c99e9ab/gnocchi.c0d034e1-81d5-4588-b05e-cf6b2bd2eda8?format=json&states=listing" "tx5919b87e44214ed98acd6-00697f0d70" "proxy-server 20" 0.0055 "-" 21 0
Feb 1 08:23:12 np0005604209 object-server[124542]: 172.20.0.103 - - [01/Feb/2026:08:23:12 +0000] "GET /d1/428/AUTH_8c7e182e9edd4a9496010d2b1c99e9ab/gnocchi.c0d034e1-81d5-4588-b05e-cf6b2bd2eda8/1769040000.0_mean_300.0_v3" 404 70 "GET http://172.18.0.154:8080/v1/AUTH_8c7e182e9edd4a9496010d2b1c99e9ab/gnocchi.c0d034e1-81d5-4588-b05e-cf6b2bd2eda8/1769040000.0_mean_300.0_v3" "tx69cb90833ee14b1f86023-00697f0d70" "proxy-server 20" 0.0012 "-" 24 0
Feb 1 08:23:12 np0005604209 proxy-server[125760]: 172.18.0.103 172.18.0.104 01/Feb/2026/08/23/12 GET /v1/AUTH_8c7e182e9edd4a9496010d2b1c99e9ab/gnocchi.c0d034e1-81d5-4588-b05e-cf6b2bd2eda8/1769040000.0_mean_300.0_v3 HTTP/1.0 404 - python-swiftclient-3.11.1 gAAAAABpfw1vYyou... - 70 - tx69cb90833ee14b1f86023-00697f0d70 - 0.0197 - - 1769934192.139414549 1769934192.159161806 0
Feb 1 08:23:12 np0005604209 container-server[124179]: 172.20.0.104 - - [01/Feb/2026:08:23:12 +0000] "PUT /d1/760/AUTH_8c7e182e9edd4a9496010d2b1c99e9ab/gnocchi.c0d034e1-81d5-4588-b05e-cf6b2bd2eda8/1769040000.0_mean_300.0_v3" 201 - "PUT http://172.18.0.154:8080/d1/428/AUTH_8c7e182e9edd4a9496010d2b1c99e9ab/gnocchi.c0d034e1-81d5-4588-b05e-cf6b2bd2eda8/1769040000.0_mean_300.0_v3" "tx056c5128e2fb4c928198e-00697f0d70" "object-server 24" 0.0007 "-" 20 0
Feb 1 08:23:12 np0005604209 object-server[124534]: 172.20.0.104 - - [01/Feb/2026:08:23:12 +0000] "PUT /d1/428/AUTH_8c7e182e9edd4a9496010d2b1c99e9ab/gnocchi.c0d034e1-81d5-4588-b05e-cf6b2bd2eda8/1769040000.0_mean_300.0_v3" 201 - "PUT http://172.18.0.154:8080/v1/AUTH_8c7e182e9edd4a9496010d2b1c99e9ab/gnocchi.c0d034e1-81d5-4588-b05e-cf6b2bd2eda8/1769040000.0_mean_300.0_v3" "tx056c5128e2fb4c928198e-00697f0d70" "proxy-server 20" 0.0368 "-" 22 0
Feb 1 08:23:12 np0005604209 container-server[124211]: 172.20.0.105 - - [01/Feb/2026:08:23:12 +0000] "PUT /d1/760/AUTH_8c7e182e9edd4a9496010d2b1c99e9ab/gnocchi.c0d034e1-81d5-4588-b05e-cf6b2bd2eda8/none_v3" 201 - "PUT http://172.18.0.154:8080/d1/455/AUTH_8c7e182e9edd4a9496010d2b1c99e9ab/gnocchi.c0d034e1-81d5-4588-b05e-cf6b2bd2eda8/none_v3" "tx0605671414d141e392305-00697f0d70" "object-server 24" 0.0015 "-" 22 0
Feb 1 08:23:12 np0005604209 object-server[124542]: 172.20.0.105 - - [01/Feb/2026:08:23:12 +0000] "PUT /d1/455/AUTH_8c7e182e9edd4a9496010d2b1c99e9ab/gnocchi.c0d034e1-81d5-4588-b05e-cf6b2bd2eda8/none_v3" 201 - "PUT http://172.18.0.154:8080/v1/AUTH_8c7e182e9edd4a9496010d2b1c99e9ab/gnocchi.c0d034e1-81d5-4588-b05e-cf6b2bd2eda8/none_v3" "tx0605671414d141e392305-00697f0d70" "proxy-server 20" 0.0375 "-" 24 0
Feb 1 08:23:15 np0005604209 container-server[123554]: Beginning replication run
Feb 1 08:23:15 np0005604209 container-server[123554]: Replication run OVER
Feb 1 08:23:15 np0005604209 container-server[123554]: Attempted to replicate 1 dbs in 0.10120 seconds (9.88098/s)
Feb 1 08:23:15 np0005604209 container-server[123554]: Removed 0 dbs
Feb 1 08:23:15 np0005604209 container-server[123554]: 2 successes, 0 failures
Feb 1 08:23:15 np0005604209 container-server[123554]: diff:0 diff_capped:0 empty:0 hashmatch:0 no_change:2 remote_merge:0 rsync:0 ts_repl:0
Feb 1 08:23:35 np0005604209 object-server[124073]: Starting object replication pass.
Feb 1 08:23:35 np0005604209 object-server[124073]: 2/2 (100.00%) partitions replicated in 0.04s (45.67/sec, 0s remaining)
Feb 1 08:23:35 np0005604209 object-server[124073]: 4 successes, 0 failures
Feb 1 08:23:35 np0005604209 object-server[124073]: 2 suffixes checked - 0.00% hashed, 0.00% synced
Feb 1 08:23:35 np0005604209 object-server[124073]: Partition times: max 0.0299s, min 0.0098s, med 0.0299s
Feb 1 08:23:35 np0005604209 object-server[124073]: Object replication complete. (0.00 minutes)
Feb 1 08:23:37 np0005604209 object-server[208441]: Begin object audit "forever" mode (ZBF)
Feb 1 08:23:37 np0005604209 object-server[208441]: Object audit (ZBF). Since Sun Feb 1 08:23:37 2026: Locally: 1 passed, 0 quarantined, 0 errors, files/sec: 599.36, bytes/sec: 0.00, Total time: 0.00, Auditing time: 0.00, Rate: 0.00
Feb 1 08:23:37 np0005604209 object-server[208441]: Object audit (ZBF) "forever" mode completed: 0.00s. Total quarantined: 0, Total errors: 0, Total files/sec: 479.32, Total bytes/sec: 0.00, Auditing time: 0.00, Rate: 0.30
Feb 1 08:23:40 np0005604209 account-server[123403]: Beginning replication run
Feb 1 08:23:40 np0005604209 account-server[123403]: Replication run OVER
Feb 1 08:23:40 np0005604209 account-server[123403]: Attempted to replicate 1 dbs in 0.02872 seconds (34.82299/s)
Feb 1 08:23:40 np0005604209 account-server[123403]: Removed 0 dbs
Feb 1 08:23:40 np0005604209 account-server[123403]: 2 successes, 0 failures
Feb 1 08:23:40 np0005604209 account-server[123403]: diff:0 diff_capped:0 empty:0 hashmatch:0 no_change:2 remote_merge:0 rsync:0 ts_repl:0
Feb 1 08:23:41 np0005604209 object-server[124541]: 172.20.0.103 - - [01/Feb/2026:08:23:41 +0000] "GET /d1/455/AUTH_8c7e182e9edd4a9496010d2b1c99e9ab/gnocchi.c0d034e1-81d5-4588-b05e-cf6b2bd2eda8/none_v3" 200 22 "GET http://172.18.0.154:8080/v1/AUTH_8c7e182e9edd4a9496010d2b1c99e9ab/gnocchi.c0d034e1-81d5-4588-b05e-cf6b2bd2eda8/none_v3" "txdd4146fa337944c0a385b-00697f0d8d" "proxy-server 20" 0.0024 "-" 23 0
Feb 1 08:23:41 np0005604209 proxy-server[125760]: 172.18.0.105 172.18.0.104 01/Feb/2026/08/23/41 GET /v1/AUTH_8c7e182e9edd4a9496010d2b1c99e9ab/gnocchi.c0d034e1-81d5-4588-b05e-cf6b2bd2eda8/none_v3 HTTP/1.0 200 - python-swiftclient-3.11.1 gAAAAABpfw2NcD79... - 22 - txdd4146fa337944c0a385b-00697f0d8d - 0.1281 - - 1769934221.425646067 1769934221.553786993 0
Feb 1 08:23:41 np0005604209 container-server[124169]: 172.20.0.104 - - [01/Feb/2026:08:23:41 +0000] "GET /d1/760/AUTH_8c7e182e9edd4a9496010d2b1c99e9ab/gnocchi.c0d034e1-81d5-4588-b05e-cf6b2bd2eda8" 200 357 "GET http://172.18.0.154:8080/v1/AUTH_8c7e182e9edd4a9496010d2b1c99e9ab/gnocchi.c0d034e1-81d5-4588-b05e-cf6b2bd2eda8?format=json&states=listing" "txfe0eff8f78d94fe79baad-00697f0d8d" "proxy-server 20" 0.0090 "-" 19 0
Feb 1 08:23:41 np0005604209 object-server[124542]: 172.20.0.103 - - [01/Feb/2026:08:23:41 +0000] "GET /d1/428/AUTH_8c7e182e9edd4a9496010d2b1c99e9ab/gnocchi.c0d034e1-81d5-4588-b05e-cf6b2bd2eda8/1769040000.0_mean_300.0_v3" 200 16 "GET http://172.18.0.154:8080/v1/AUTH_8c7e182e9edd4a9496010d2b1c99e9ab/gnocchi.c0d034e1-81d5-4588-b05e-cf6b2bd2eda8/1769040000.0_mean_300.0_v3" "tx2492ddc10fd849a984e29-00697f0d8d" "proxy-server 20" 0.0013 "-" 24 0
Feb 1 08:23:41 np0005604209 proxy-server[125760]: 172.18.0.105 172.18.0.104 01/Feb/2026/08/23/41 GET /v1/AUTH_8c7e182e9edd4a9496010d2b1c99e9ab/gnocchi.c0d034e1-81d5-4588-b05e-cf6b2bd2eda8/1769040000.0_mean_300.0_v3 HTTP/1.0 200 - python-swiftclient-3.11.1 gAAAAABpfw2NcD79... - 16 - tx2492ddc10fd849a984e29-00697f0d8d - 0.0101 - - 1769934221.613740444 1769934221.623879910 0
Feb 1 08:23:41 np0005604209 container-server[124202]: 172.20.0.103 - - [01/Feb/2026:08:23:41 +0000] "PUT /d1/760/AUTH_8c7e182e9edd4a9496010d2b1c99e9ab/gnocchi.c0d034e1-81d5-4588-b05e-cf6b2bd2eda8/1769040000.0_mean_300.0_v3" 201 - "PUT http://172.18.0.154:8080/d1/428/AUTH_8c7e182e9edd4a9496010d2b1c99e9ab/gnocchi.c0d034e1-81d5-4588-b05e-cf6b2bd2eda8/1769040000.0_mean_300.0_v3" "tx5d7764001bc74354bc085-00697f0d8d" "object-server 25" 0.0008 "-" 21 0
Feb 1 08:23:41 np0005604209 object-server[124552]: 172.20.0.104 - - [01/Feb/2026:08:23:41 +0000] "PUT /d1/428/AUTH_8c7e182e9edd4a9496010d2b1c99e9ab/gnocchi.c0d034e1-81d5-4588-b05e-cf6b2bd2eda8/1769040000.0_mean_300.0_v3" 201 - "PUT http://172.18.0.154:8080/v1/AUTH_8c7e182e9edd4a9496010d2b1c99e9ab/gnocchi.c0d034e1-81d5-4588-b05e-cf6b2bd2eda8/1769040000.0_mean_300.0_v3" "tx5d7764001bc74354bc085-00697f0d8d" "proxy-server 20" 0.0286 "-" 25 0
Feb 1 08:23:41 np0005604209 container-server[124202]: 172.20.0.104 - - [01/Feb/2026:08:23:41 +0000] "PUT /d1/760/AUTH_8c7e182e9edd4a9496010d2b1c99e9ab/gnocchi.c0d034e1-81d5-4588-b05e-cf6b2bd2eda8/none_v3" 201 - "PUT http://172.18.0.154:8080/d1/455/AUTH_8c7e182e9edd4a9496010d2b1c99e9ab/gnocchi.c0d034e1-81d5-4588-b05e-cf6b2bd2eda8/none_v3" "tx942b020d12e94153a11a0-00697f0d8d" "object-server 24" 0.0007 "-" 21 0
Feb 1 08:23:41 np0005604209 object-server[124541]: 172.20.0.105 - - [01/Feb/2026:08:23:41 +0000] "PUT /d1/455/AUTH_8c7e182e9edd4a9496010d2b1c99e9ab/gnocchi.c0d034e1-81d5-4588-b05e-cf6b2bd2eda8/none_v3" 201 - "PUT http://172.18.0.154:8080/v1/AUTH_8c7e182e9edd4a9496010d2b1c99e9ab/gnocchi.c0d034e1-81d5-4588-b05e-cf6b2bd2eda8/none_v3" "tx942b020d12e94153a11a0-00697f0d8d" "proxy-server 20" 0.0213 "-" 23 0
Feb 1 08:23:45 np0005604209 container-server[123554]: Beginning replication run
Feb 1 08:23:45 np0005604209 container-server[123554]: Replication run OVER
Feb 1 08:23:45 np0005604209 container-server[123554]: Attempted to replicate 1 dbs in 0.07409 seconds (13.49760/s)
Feb 1 08:23:45 np0005604209 container-server[123554]: Removed 0 dbs
Feb 1 08:23:45 np0005604209 container-server[123554]: 2 successes, 0 failures
Feb 1 08:23:45 np0005604209 container-server[123554]: diff:0 diff_capped:0 empty:0 hashmatch:0 no_change:2 remote_merge:0 rsync:0 ts_repl:0
Feb 1 08:24:05 np0005604209 object-server[124073]: Starting object replication pass.
Feb 1 08:24:05 np0005604209 object-server[124073]: 2/2 (100.00%) partitions replicated in 0.03s (58.14/sec, 0s remaining)
Feb 1 08:24:05 np0005604209 object-server[124073]: 4 successes, 0 failures
Feb 1 08:24:05 np0005604209 object-server[124073]: 2 suffixes checked - 0.00% hashed, 0.00% synced
Feb 1 08:24:05 np0005604209 object-server[124073]: Partition times: max 0.0166s, min 0.0148s, med 0.0166s
Feb 1 08:24:05 np0005604209 object-server[124073]: Object replication complete. (0.00 minutes)
Feb 1 08:24:07 np0005604209 object-server[214554]: Begin object audit "forever" mode (ZBF)
Feb 1 08:24:07 np0005604209 object-server[214555]: Begin object audit "forever" mode (ALL)
Feb 1 08:24:07 np0005604209 object-server[214554]: Object audit (ZBF). Since Sun Feb 1 08:24:07 2026: Locally: 1 passed, 0 quarantined, 0 errors, files/sec: 648.37, bytes/sec: 0.00, Total time: 0.00, Auditing time: 0.00, Rate: 0.00
Feb 1 08:24:07 np0005604209 object-server[214554]: Object audit (ZBF) "forever" mode completed: 0.00s. Total quarantined: 0, Total errors: 0, Total files/sec: 541.31, Total bytes/sec: 0.00, Auditing time: 0.00, Rate: 0.32
Feb 1 08:24:07 np0005604209 object-server[214555]: Object audit (ALL). Since Sun Feb 1 08:24:07 2026: Locally: 1 passed, 0 quarantined, 0 errors, files/sec: 114.82, bytes/sec: 1837.19, Total time: 0.01, Auditing time: 0.00, Rate: 0.00
Feb 1 08:24:07 np0005604209 object-server[214555]: Object audit (ALL) "forever" mode completed: 0.01s. Total quarantined: 0, Total errors: 0, Total files/sec: 162.23, Total bytes/sec: 3893.45, Auditing time: 0.01, Rate: 0.73
Feb 1 08:24:10 np0005604209 account-server[123403]: Beginning replication run
Feb 1 08:24:10 np0005604209 account-server[123403]: Replication run OVER
Feb 1 08:24:10 np0005604209 account-server[123403]: Attempted to replicate 1 dbs in 0.02109 seconds (47.41983/s)
Feb 1 08:24:10 np0005604209 account-server[123403]: Removed 0 dbs
Feb 1 08:24:10 np0005604209 account-server[123403]: 2 successes, 0 failures
Feb 1 08:24:10 np0005604209 account-server[123403]: diff:0 diff_capped:0 empty:0 hashmatch:0 no_change:2 remote_merge:0 rsync:0 ts_repl:0
Feb 1 08:24:14 np0005604209 proxy-server[125760]: - - 01/Feb/2026/08/24/14 HEAD /v1/AUTH_8c7e182e9edd4a9496010d2b1c99e9ab%3Fformat%3Djson HTTP/1.0 204 - Swift - - - - tx3b89c39335bf4f13a3e4e-00697f0dae - 0.0114 RL - 1769934254.495695829 1769934254.507123232 -
Feb 1 08:24:14 np0005604209 container-server[124169]: 172.20.0.103 - - [01/Feb/2026:08:24:14 +0000] "HEAD /d1/869/AUTH_8c7e182e9edd4a9496010d2b1c99e9ab/gnocchi.335e3853-c550-4621-9480-712eb59d1cd0" 404 - "HEAD http://172.18.0.154:8080/v1/AUTH_8c7e182e9edd4a9496010d2b1c99e9ab/gnocchi.335e3853-c550-4621-9480-712eb59d1cd0?format=json&states=listing" "tx3b89c39335bf4f13a3e4e-00697f0dae" "proxy-server 20" 0.0006 "-" 19 0
Feb 1 08:24:14 np0005604209 container-server[124202]: 172.20.0.104 - - [01/Feb/2026:08:24:14 +0000] "HEAD /d1/719/AUTH_8c7e182e9edd4a9496010d2b1c99e9ab/gnocchi.c3ef7314-5e39-4fcf-9959-654c2ca1597b" 404 - "HEAD http://172.18.0.154:8080/v1/AUTH_8c7e182e9edd4a9496010d2b1c99e9ab/gnocchi.c3ef7314-5e39-4fcf-9959-654c2ca1597b?format=json&states=listing" "tx1c65374f57e44d7cbe221-00697f0dae" "proxy-server 20" 0.0006 "-" 21 0
Feb 1 08:24:14 np0005604209 object-server[124552]: 172.20.0.103 - - [01/Feb/2026:08:24:14 +0000] "GET /d1/438/AUTH_8c7e182e9edd4a9496010d2b1c99e9ab/gnocchi.335e3853-c550-4621-9480-712eb59d1cd0/none_v3" 404 70 "GET http://172.18.0.154:8080/v1/AUTH_8c7e182e9edd4a9496010d2b1c99e9ab/gnocchi.335e3853-c550-4621-9480-712eb59d1cd0/none_v3" "tx3b89c39335bf4f13a3e4e-00697f0dae" "proxy-server 20" 0.0008 "-" 25 0
Feb 1 08:24:14 np0005604209 proxy-server[125760]: 172.18.0.103 172.18.0.104 01/Feb/2026/08/24/14 GET /v1/AUTH_8c7e182e9edd4a9496010d2b1c99e9ab/gnocchi.335e3853-c550-4621-9480-712eb59d1cd0/none_v3 HTTP/1.0 404 - python-swiftclient-3.11.1 gAAAAABpfw1vYyou... - 70 - tx3b89c39335bf4f13a3e4e-00697f0dae - 0.0514 - - 1769934254.494055510 1769934254.545415163 0
Feb 1 08:24:14 np0005604209 object-server[124552]: 172.20.0.104 - - [01/Feb/2026:08:24:14 +0000] "GET /d1/659/AUTH_8c7e182e9edd4a9496010d2b1c99e9ab/gnocchi.c3ef7314-5e39-4fcf-9959-654c2ca1597b/none_v3" 404 70 "GET http://172.18.0.154:8080/v1/AUTH_8c7e182e9edd4a9496010d2b1c99e9ab/gnocchi.c3ef7314-5e39-4fcf-9959-654c2ca1597b/none_v3" "tx1c65374f57e44d7cbe221-00697f0dae" "proxy-server 20" 0.0004 "-" 25 0
Feb 1 08:24:14 np0005604209 account-server[123721]: 172.20.0.103 - - [01/Feb/2026:08:24:14 +0000] "PUT /d1/833/AUTH_8c7e182e9edd4a9496010d2b1c99e9ab/gnocchi.335e3853-c550-4621-9480-712eb59d1cd0" 201 - "PUT http://172.20.0.103:6001/d1/869/AUTH_8c7e182e9edd4a9496010d2b1c99e9ab/gnocchi.335e3853-c550-4621-9480-712eb59d1cd0" "tx3dde6b6c21f648c8b0413-00697f0dae" "container-server 21" 0.0025 "-" 22 0
Feb 1 08:24:14 np0005604209 container-server[124202]: 172.20.0.105 - - [01/Feb/2026:08:24:14 +0000] "PUT /d1/869/AUTH_8c7e182e9edd4a9496010d2b1c99e9ab/gnocchi.335e3853-c550-4621-9480-712eb59d1cd0" 201 - "PUT http://172.18.0.154:8080/v1/AUTH_8c7e182e9edd4a9496010d2b1c99e9ab/gnocchi.335e3853-c550-4621-9480-712eb59d1cd0" "tx3dde6b6c21f648c8b0413-00697f0dae" "proxy-server 20" 0.0166 "-" 21 0
Feb 1 08:24:14 np0005604209 container-server[124211]: 172.20.0.103 - - [01/Feb/2026:08:24:14 +0000] "PUT /d1/719/AUTH_8c7e182e9edd4a9496010d2b1c99e9ab/gnocchi.c3ef7314-5e39-4fcf-9959-654c2ca1597b" 201 - "PUT http://172.18.0.154:8080/v1/AUTH_8c7e182e9edd4a9496010d2b1c99e9ab/gnocchi.c3ef7314-5e39-4fcf-9959-654c2ca1597b" "tx473e85d6e72a460aae84b-00697f0dae" "proxy-server 20" 0.0209 "-" 22 0
Feb 1 08:24:14 np0005604209 account-server[123734]: 172.20.0.105 - - [01/Feb/2026:08:24:14 +0000] "PUT /d1/833/AUTH_8c7e182e9edd4a9496010d2b1c99e9ab/gnocchi.c3ef7314-5e39-4fcf-9959-654c2ca1597b" 201 - "PUT http://172.20.0.105:6001/d1/719/AUTH_8c7e182e9edd4a9496010d2b1c99e9ab/gnocchi.c3ef7314-5e39-4fcf-9959-654c2ca1597b" "tx473e85d6e72a460aae84b-00697f0dae" "container-server 21" 0.0123 "-" 23 0
Feb 1 08:24:14 np0005604209 proxy-server[125760]: 172.18.0.105 172.18.0.104 01/Feb/2026/08/24/14 PUT /v1/AUTH_8c7e182e9edd4a9496010d2b1c99e9ab/gnocchi.c3ef7314-5e39-4fcf-9959-654c2ca1597b HTTP/1.0 201 - python-swiftclient-3.11.1 gAAAAABpfw2NcD79... - - - tx473e85d6e72a460aae84b-00697f0dae - 0.0407 - - 1769934254.554580688 1769934254.595303774 0
Feb 1 08:24:14 np0005604209 container-server[124179]: 172.20.0.104 - - [01/Feb/2026:08:24:14 +0000] "GET /d1/869/AUTH_8c7e182e9edd4a9496010d2b1c99e9ab/gnocchi.335e3853-c550-4621-9480-712eb59d1cd0" 200 2 "GET http://172.18.0.154:8080/v1/AUTH_8c7e182e9edd4a9496010d2b1c99e9ab/gnocchi.335e3853-c550-4621-9480-712eb59d1cd0?format=json&states=listing" "tx845ce76f86ba42fab78ef-00697f0dae" "proxy-server 20" 0.0044 "-" 20 0
Feb 1 08:24:14 np0005604209 container-server[124202]: 172.20.0.105 - - [01/Feb/2026:08:24:14 +0000] "HEAD /d1/719/AUTH_8c7e182e9edd4a9496010d2b1c99e9ab/gnocchi.c3ef7314-5e39-4fcf-9959-654c2ca1597b" 204 - "HEAD http://172.18.0.154:8080/v1/AUTH_8c7e182e9edd4a9496010d2b1c99e9ab/gnocchi.c3ef7314-5e39-4fcf-9959-654c2ca1597b?format=json&states=listing" "tx25aeb17802f4485a96256-00697f0dae" "proxy-server 20" 0.0026 "-" 21 0
Feb 1 08:24:14 np0005604209 container-server[124179]: 172.20.0.105 - - [01/Feb/2026:08:24:14 +0000] "GET /d1/719/AUTH_8c7e182e9edd4a9496010d2b1c99e9ab/gnocchi.c3ef7314-5e39-4fcf-9959-654c2ca1597b" 200 2 "GET http://172.18.0.154:8080/v1/AUTH_8c7e182e9edd4a9496010d2b1c99e9ab/gnocchi.c3ef7314-5e39-4fcf-9959-654c2ca1597b?format=json&states=listing" "tx25aeb17802f4485a96256-00697f0dae" "proxy-server 20" 0.0035 "-" 20 0
Feb 1 08:24:14 np0005604209 object-server[124534]: 172.20.0.103 - - [01/Feb/2026:08:24:14 +0000] "GET /d1/171/AUTH_8c7e182e9edd4a9496010d2b1c99e9ab/gnocchi.335e3853-c550-4621-9480-712eb59d1cd0/1769040000.0_mean_300.0_v3" 404 70 "GET http://172.18.0.154:8080/v1/AUTH_8c7e182e9edd4a9496010d2b1c99e9ab/gnocchi.335e3853-c550-4621-9480-712eb59d1cd0/1769040000.0_mean_300.0_v3" "txeafc08933b2f4a689f46a-00697f0dae" "proxy-server 20" 0.0006 "-" 22 0
Feb 1 08:24:14 np0005604209 proxy-server[125760]: 172.18.0.103 172.18.0.104 01/Feb/2026/08/24/14 GET /v1/AUTH_8c7e182e9edd4a9496010d2b1c99e9ab/gnocchi.335e3853-c550-4621-9480-712eb59d1cd0/1769040000.0_mean_300.0_v3 HTTP/1.0 404 - python-swiftclient-3.11.1 gAAAAABpfw1vYyou... - 70 - txeafc08933b2f4a689f46a-00697f0dae - 0.0168 - - 1769934254.616007566 1769934254.632761240 0
Feb 1 08:24:14 np0005604209 object-server[124542]: 172.20.0.104 - - [01/Feb/2026:08:24:14 +0000] "GET /d1/452/AUTH_8c7e182e9edd4a9496010d2b1c99e9ab/gnocchi.c3ef7314-5e39-4fcf-9959-654c2ca1597b/1769040000.0_mean_300.0_v3" 404 70 "GET http://172.18.0.154:8080/v1/AUTH_8c7e182e9edd4a9496010d2b1c99e9ab/gnocchi.c3ef7314-5e39-4fcf-9959-654c2ca1597b/1769040000.0_mean_300.0_v3" "tx658022e410a8496699c47-00697f0dae" "proxy-server 20" 0.0005 "-" 24 0
Feb 1 08:24:14 np0005604209 container-server[124202]: 172.20.0.103 - - [01/Feb/2026:08:24:14 +0000] "PUT /d1/869/AUTH_8c7e182e9edd4a9496010d2b1c99e9ab/gnocchi.335e3853-c550-4621-9480-712eb59d1cd0/1769040000.0_mean_300.0_v3" 201 - "PUT http://172.18.0.154:8080/d1/171/AUTH_8c7e182e9edd4a9496010d2b1c99e9ab/gnocchi.335e3853-c550-4621-9480-712eb59d1cd0/1769040000.0_mean_300.0_v3" "tx9891651a339341f5902f6-00697f0dae" "object-server 24" 0.0013 "-" 21 0
Feb 1 08:24:14 np0005604209 object-server[124542]: 172.20.0.105 - - [01/Feb/2026:08:24:14 +0000] "PUT /d1/171/AUTH_8c7e182e9edd4a9496010d2b1c99e9ab/gnocchi.335e3853-c550-4621-9480-712eb59d1cd0/1769040000.0_mean_300.0_v3" 201 - "PUT http://172.18.0.154:8080/v1/AUTH_8c7e182e9edd4a9496010d2b1c99e9ab/gnocchi.335e3853-c550-4621-9480-712eb59d1cd0/1769040000.0_mean_300.0_v3" "tx9891651a339341f5902f6-00697f0dae" "proxy-server 20" 0.0233 "-" 24 0
Feb 1 08:24:14 np0005604209 object-server[124541]: 172.20.0.103 - - [01/Feb/2026:08:24:14 +0000] "PUT /d1/452/AUTH_8c7e182e9edd4a9496010d2b1c99e9ab/gnocchi.c3ef7314-5e39-4fcf-9959-654c2ca1597b/1769040000.0_mean_300.0_v3" 201 - "PUT http://172.18.0.154:8080/v1/AUTH_8c7e182e9edd4a9496010d2b1c99e9ab/gnocchi.c3ef7314-5e39-4fcf-9959-654c2ca1597b/1769040000.0_mean_300.0_v3" "txa631db29379f4a7fb4aac-00697f0dae" "proxy-server 20" 0.0227 "-" 23 0
Feb 1 08:24:14 np0005604209 container-server[124211]: 172.20.0.104 - - [01/Feb/2026:08:24:14 +0000] "PUT /d1/719/AUTH_8c7e182e9edd4a9496010d2b1c99e9ab/gnocchi.c3ef7314-5e39-4fcf-9959-654c2ca1597b/1769040000.0_mean_300.0_v3" 201 - "PUT http://172.18.0.154:8080/d1/452/AUTH_8c7e182e9edd4a9496010d2b1c99e9ab/gnocchi.c3ef7314-5e39-4fcf-9959-654c2ca1597b/1769040000.0_mean_300.0_v3" "txa631db29379f4a7fb4aac-00697f0dae" "object-server 22" 0.0008 "-" 22 0
Feb 1 08:24:14 np0005604209 proxy-server[125760]: 172.18.0.105 172.18.0.104 01/Feb/2026/08/24/14 PUT /v1/AUTH_8c7e182e9edd4a9496010d2b1c99e9ab/gnocchi.c3ef7314-5e39-4fcf-9959-654c2ca1597b/1769040000.0_mean_300.0_v3 HTTP/1.0 201 - python-swiftclient-3.11.1 gAAAAABpfw2NcD79... 16 - - txa631db29379f4a7fb4aac-00697f0dae - 0.0450 - - 1769934254.657083273 1769934254.702034235 0
Feb 1 08:24:14 np0005604209 container-server[124169]: 172.20.0.103 - - [01/Feb/2026:08:24:14 +0000] "PUT /d1/869/AUTH_8c7e182e9edd4a9496010d2b1c99e9ab/gnocchi.335e3853-c550-4621-9480-712eb59d1cd0/none_v3" 201 - "PUT http://172.18.0.154:8080/d1/438/AUTH_8c7e182e9edd4a9496010d2b1c99e9ab/gnocchi.335e3853-c550-4621-9480-712eb59d1cd0/none_v3" "txb2f7d1d5302a44debf02d-00697f0dae" "object-server 25" 0.0009 "-" 19 0
Feb 1 08:24:14 np0005604209 object-server[124552]: 172.20.0.104 - - [01/Feb/2026:08:24:14 +0000] "PUT /d1/438/AUTH_8c7e182e9edd4a9496010d2b1c99e9ab/gnocchi.335e3853-c550-4621-9480-712eb59d1cd0/none_v3" 201 - "PUT http://172.18.0.154:8080/v1/AUTH_8c7e182e9edd4a9496010d2b1c99e9ab/gnocchi.335e3853-c550-4621-9480-712eb59d1cd0/none_v3" "txb2f7d1d5302a44debf02d-00697f0dae" "proxy-server 20" 0.0146 "-" 25 0
Feb 1 08:24:14 np0005604209 object-server[124534]: 172.20.0.105 - - [01/Feb/2026:08:24:14 +0000] "PUT /d1/659/AUTH_8c7e182e9edd4a9496010d2b1c99e9ab/gnocchi.c3ef7314-5e39-4fcf-9959-654c2ca1597b/none_v3" 201 - "PUT http://172.18.0.154:8080/v1/AUTH_8c7e182e9edd4a9496010d2b1c99e9ab/gnocchi.c3ef7314-5e39-4fcf-9959-654c2ca1597b/none_v3" "txf18e7ec986e64a2fac5d5-00697f0dae" "proxy-server 20" 0.0134 "-" 22 0
Feb 1 08:24:14 np0005604209 container-server[124211]: 172.20.0.105 - - [01/Feb/2026:08:24:14 +0000] "PUT /d1/719/AUTH_8c7e182e9edd4a9496010d2b1c99e9ab/gnocchi.c3ef7314-5e39-4fcf-9959-654c2ca1597b/none_v3" 201 - "PUT http://172.18.0.154:8080/d1/659/AUTH_8c7e182e9edd4a9496010d2b1c99e9ab/gnocchi.c3ef7314-5e39-4fcf-9959-654c2ca1597b/none_v3" "txf18e7ec986e64a2fac5d5-00697f0dae" "object-server 22" 0.0007 "-" 22 0
Feb 1 08:24:15 np0005604209 container-server[123554]: Beginning replication run
Feb 1 08:24:15 np0005604209 container-server[123554]: Replication run OVER
Feb 1 08:24:15 np0005604209 container-server[123554]: Attempted to replicate 3 dbs in 0.14959 seconds (20.05435/s)
Feb 1 08:24:15 np0005604209 container-server[123554]: Removed 0 dbs
Feb 1 08:24:15 np0005604209 container-server[123554]: 6 successes, 0 failures
Feb 1 08:24:15 np0005604209 container-server[123554]: diff:0 diff_capped:0 empty:0 hashmatch:0 no_change:6 remote_merge:0 rsync:0 ts_repl:0
Feb 1 08:24:24 np0005604209 container-server[124169]: 172.20.0.103 - - [01/Feb/2026:08:24:24 +0000] "HEAD /d1/768/AUTH_8c7e182e9edd4a9496010d2b1c99e9ab/gnocchi.65f9724a-9ac3-4860-b23b-2547251206f7" 404 - "HEAD http://172.18.0.154:8080/v1/AUTH_8c7e182e9edd4a9496010d2b1c99e9ab/gnocchi.65f9724a-9ac3-4860-b23b-2547251206f7?format=json&states=listing" "txff4d4d7e869c4761976f8-00697f0db8" "proxy-server 20" 0.0003 "-" 19 0
Feb 1 08:24:24 np0005604209 container-server[124179]: 172.20.0.104 - - [01/Feb/2026:08:24:24 +0000] "HEAD /d1/473/AUTH_8c7e182e9edd4a9496010d2b1c99e9ab/gnocchi.eb7c1786-c772-4010-96f3-26505f103ddb" 404 - "HEAD http://172.18.0.154:8080/v1/AUTH_8c7e182e9edd4a9496010d2b1c99e9ab/gnocchi.eb7c1786-c772-4010-96f3-26505f103ddb?format=json&states=listing" "txe1accea1dc8b4369bc925-00697f0db8" "proxy-server 20" 0.0003 "-" 20 0
Feb 1 08:24:24 np0005604209 object-server[124542]: 172.20.0.103 - - [01/Feb/2026:08:24:24 +0000] "GET /d1/60/AUTH_8c7e182e9edd4a9496010d2b1c99e9ab/gnocchi.65f9724a-9ac3-4860-b23b-2547251206f7/none_v3" 404 70 "GET http://172.18.0.154:8080/v1/AUTH_8c7e182e9edd4a9496010d2b1c99e9ab/gnocchi.65f9724a-9ac3-4860-b23b-2547251206f7/none_v3" "txff4d4d7e869c4761976f8-00697f0db8" "proxy-server 20" 0.0007 "-" 24 0
Feb 1 08:24:24 np0005604209 proxy-server[125760]: 172.18.0.105 172.18.0.104 01/Feb/2026/08/24/24 GET /v1/AUTH_8c7e182e9edd4a9496010d2b1c99e9ab/gnocchi.65f9724a-9ac3-4860-b23b-2547251206f7/none_v3 HTTP/1.0 404 - python-swiftclient-3.11.1 gAAAAABpfw2NcD79... - 70 - txff4d4d7e869c4761976f8-00697f0db8 - 0.0330 - - 1769934264.025171041 1769934264.058177948 0
Feb 1 08:24:24 np0005604209 object-server[124541]: 172.20.0.104 - - [01/Feb/2026:08:24:24 +0000] "GET /d1/722/AUTH_8c7e182e9edd4a9496010d2b1c99e9ab/gnocchi.eb7c1786-c772-4010-96f3-26505f103ddb/none_v3" 404 70 "GET http://172.18.0.154:8080/v1/AUTH_8c7e182e9edd4a9496010d2b1c99e9ab/gnocchi.eb7c1786-c772-4010-96f3-26505f103ddb/none_v3" "txe1accea1dc8b4369bc925-00697f0db8" "proxy-server 20" 0.0003 "-" 23 0
Feb 1 08:24:24 np0005604209 account-server[123718]: 172.20.0.103 - - [01/Feb/2026:08:24:24 +0000] "PUT /d1/833/AUTH_8c7e182e9edd4a9496010d2b1c99e9ab/gnocchi.65f9724a-9ac3-4860-b23b-2547251206f7" 201 - "PUT http://172.20.0.103:6001/d1/768/AUTH_8c7e182e9edd4a9496010d2b1c99e9ab/gnocchi.65f9724a-9ac3-4860-b23b-2547251206f7" "tx228ab6812e704014bd8c3-00697f0db8" "container-server 20" 0.0097 "-" 20 0
Feb 1 08:24:24 np0005604209 container-server[124179]: 172.20.0.105 - - [01/Feb/2026:08:24:24 +0000] "PUT /d1/768/AUTH_8c7e182e9edd4a9496010d2b1c99e9ab/gnocchi.65f9724a-9ac3-4860-b23b-2547251206f7" 201 - "PUT http://172.18.0.154:8080/v1/AUTH_8c7e182e9edd4a9496010d2b1c99e9ab/gnocchi.65f9724a-9ac3-4860-b23b-2547251206f7" "tx228ab6812e704014bd8c3-00697f0db8" "proxy-server 20" 0.0288 "-" 20 0
Feb 1 08:24:24 np0005604209 container-server[124211]: 172.20.0.103 - - [01/Feb/2026:08:24:24 +0000] "PUT /d1/473/AUTH_8c7e182e9edd4a9496010d2b1c99e9ab/gnocchi.eb7c1786-c772-4010-96f3-26505f103ddb" 201 - "PUT http://172.18.0.154:8080/v1/AUTH_8c7e182e9edd4a9496010d2b1c99e9ab/gnocchi.eb7c1786-c772-4010-96f3-26505f103ddb" "tx35ea99c2a6d3413f9faa9-00697f0db8" "proxy-server 20" 0.0244 "-" 22 0
Feb 1 08:24:24 np0005604209 account-server[123734]: 172.20.0.105 - - [01/Feb/2026:08:24:24 +0000] "PUT /d1/833/AUTH_8c7e182e9edd4a9496010d2b1c99e9ab/gnocchi.eb7c1786-c772-4010-96f3-26505f103ddb" 201 - "PUT http://172.20.0.105:6001/d1/473/AUTH_8c7e182e9edd4a9496010d2b1c99e9ab/gnocchi.eb7c1786-c772-4010-96f3-26505f103ddb" "tx35ea99c2a6d3413f9faa9-00697f0db8" "container-server 23" 0.0151 "-" 23 0
Feb 1 08:24:24 np0005604209 proxy-server[125760]: 172.18.0.103 172.18.0.104 01/Feb/2026/08/24/24 PUT /v1/AUTH_8c7e182e9edd4a9496010d2b1c99e9ab/gnocchi.eb7c1786-c772-4010-96f3-26505f103ddb HTTP/1.0 201 - python-swiftclient-3.11.1 gAAAAABpfw1vYyou... - - - tx35ea99c2a6d3413f9faa9-00697f0db8 - 0.0497 - - 1769934264.066883564 1769934264.116569519 0
Feb 1 08:24:24 np0005604209 container-server[124179]: 172.20.0.104 - - [01/Feb/2026:08:24:24 +0000] "HEAD /d1/768/AUTH_8c7e182e9edd4a9496010d2b1c99e9ab/gnocchi.65f9724a-9ac3-4860-b23b-2547251206f7" 204 - "HEAD http://172.18.0.154:8080/v1/AUTH_8c7e182e9edd4a9496010d2b1c99e9ab/gnocchi.65f9724a-9ac3-4860-b23b-2547251206f7?format=json&states=listing" "tx201796940836408db766c-00697f0db8" "proxy-server 20" 0.0016 "-" 20 0
Feb 1 08:24:24 np0005604209 container-server[124202]: 172.20.0.105 - - [01/Feb/2026:08:24:24 +0000] "HEAD /d1/473/AUTH_8c7e182e9edd4a9496010d2b1c99e9ab/gnocchi.eb7c1786-c772-4010-96f3-26505f103ddb" 204 - "HEAD http://172.18.0.154:8080/v1/AUTH_8c7e182e9edd4a9496010d2b1c99e9ab/gnocchi.eb7c1786-c772-4010-96f3-26505f103ddb?format=json&states=listing" "tx139557bd574b43af93e0d-00697f0db8" "proxy-server 20" 0.0012 "-" 21 0
Feb 1 08:24:24 np0005604209 object-server[124541]: 172.20.0.103 - - [01/Feb/2026:08:24:24 +0000] "GET /d1/442/AUTH_8c7e182e9edd4a9496010d2b1c99e9ab/gnocchi.65f9724a-9ac3-4860-b23b-2547251206f7/1769040000.0_mean_300.0_v3" 404 70 "GET http://172.18.0.154:8080/v1/AUTH_8c7e182e9edd4a9496010d2b1c99e9ab/gnocchi.65f9724a-9ac3-4860-b23b-2547251206f7/1769040000.0_mean_300.0_v3" "txb1ec38690777415d9929f-00697f0db8" "proxy-server 20" 0.0005 "-" 23 0
Feb 1 08:24:24 np0005604209 proxy-server[125760]: 172.18.0.105 172.18.0.104 01/Feb/2026/08/24/24 GET /v1/AUTH_8c7e182e9edd4a9496010d2b1c99e9ab/gnocchi.65f9724a-9ac3-4860-b23b-2547251206f7/1769040000.0_mean_300.0_v3 HTTP/1.0 404 - python-swiftclient-3.11.1 gAAAAABpfw2NcD79... - 70 - txb1ec38690777415d9929f-00697f0db8 - 0.0168 - - 1769934264.143146515 1769934264.159902811 0
Feb 1 08:24:24 np0005604209 object-server[124541]: 172.20.0.104 - - [01/Feb/2026:08:24:24 +0000] "GET /d1/699/AUTH_8c7e182e9edd4a9496010d2b1c99e9ab/gnocchi.eb7c1786-c772-4010-96f3-26505f103ddb/1769040000.0_mean_300.0_v3" 404 70 "GET http://172.18.0.154:8080/v1/AUTH_8c7e182e9edd4a9496010d2b1c99e9ab/gnocchi.eb7c1786-c772-4010-96f3-26505f103ddb/1769040000.0_mean_300.0_v3" "txf868f5b7c51c4761bf2b4-00697f0db8" "proxy-server 20" 0.0002 "-" 23 0
Feb 1 08:24:24 np0005604209 container-server[124202]: 172.20.0.104 - - [01/Feb/2026:08:24:24 +0000] "PUT /d1/473/AUTH_8c7e182e9edd4a9496010d2b1c99e9ab/gnocchi.eb7c1786-c772-4010-96f3-26505f103ddb/1769040000.0_mean_300.0_v3" 201 - "PUT http://172.18.0.154:8080/d1/699/AUTH_8c7e182e9edd4a9496010d2b1c99e9ab/gnocchi.eb7c1786-c772-4010-96f3-26505f103ddb/1769040000.0_mean_300.0_v3" "txb71d08e9ee674dcaae705-00697f0db8" "object-server 23" 0.0008 "-" 21 0
Feb 1 08:24:24 np0005604209 container-server[124211]: 172.20.0.105 - - [01/Feb/2026:08:24:24 +0000] "PUT /d1/768/AUTH_8c7e182e9edd4a9496010d2b1c99e9ab/gnocchi.65f9724a-9ac3-4860-b23b-2547251206f7/1769040000.0_mean_300.0_v3" 201 - "PUT http://172.18.0.154:8080/d1/442/AUTH_8c7e182e9edd4a9496010d2b1c99e9ab/gnocchi.65f9724a-9ac3-4860-b23b-2547251206f7/1769040000.0_mean_300.0_v3" "txfd705d809fbe4a849a33e-00697f0db8" "object-server 23" 0.0006 "-" 22 0
Feb 1 08:24:24 np0005604209 object-server[124542]: 172.20.0.103 - - [01/Feb/2026:08:24:24 +0000] "PUT /d1/699/AUTH_8c7e182e9edd4a9496010d2b1c99e9ab/gnocchi.eb7c1786-c772-4010-96f3-26505f103ddb/1769040000.0_mean_300.0_v3" 201 - "PUT http://172.18.0.154:8080/v1/AUTH_8c7e182e9edd4a9496010d2b1c99e9ab/gnocchi.eb7c1786-c772-4010-96f3-26505f103ddb/1769040000.0_mean_300.0_v3" "txb71d08e9ee674dcaae705-00697f0db8" "proxy-server 20" 0.0174 "-" 24 0
Feb 1 08:24:24 np0005604209 object-server[124542]: 172.20.0.105 - - [01/Feb/2026:08:24:24 +0000] "PUT /d1/442/AUTH_8c7e182e9edd4a9496010d2b1c99e9ab/gnocchi.65f9724a-9ac3-4860-b23b-2547251206f7/1769040000.0_mean_300.0_v3" 201 - "PUT http://172.18.0.154:8080/v1/AUTH_8c7e182e9edd4a9496010d2b1c99e9ab/gnocchi.65f9724a-9ac3-4860-b23b-2547251206f7/1769040000.0_mean_300.0_v3" "txfd705d809fbe4a849a33e-00697f0db8" "proxy-server 20" 0.0207 "-" 24 0
Feb 1 08:24:24 np0005604209 proxy-server[125760]: 172.18.0.103 172.18.0.104 01/Feb/2026/08/24/24 PUT /v1/AUTH_8c7e182e9edd4a9496010d2b1c99e9ab/gnocchi.eb7c1786-c772-4010-96f3-26505f103ddb/1769040000.0_mean_300.0_v3 HTTP/1.0 201 - python-swiftclient-3.11.1 gAAAAABpfw1vYyou... 16 - - txb71d08e9ee674dcaae705-00697f0db8 - 0.0260 - - 1769934264.171674967 1769934264.197659254 0
Feb 1 08:24:24 np0005604209 container-server[124179]: 172.20.0.104 - - [01/Feb/2026:08:24:24 +0000] "PUT /d1/473/AUTH_8c7e182e9edd4a9496010d2b1c99e9ab/gnocchi.eb7c1786-c772-4010-96f3-26505f103ddb/none_v3" 201 - "PUT http://172.18.0.154:8080/d1/722/AUTH_8c7e182e9edd4a9496010d2b1c99e9ab/gnocchi.eb7c1786-c772-4010-96f3-26505f103ddb/none_v3" "tx97aa369c1cc5463d89d6b-00697f0db8" "object-server 23" 0.0005 "-" 20 0
Feb 1 08:24:24 np0005604209 object-server[124552]: 172.20.0.104 - - [01/Feb/2026:08:24:24 +0000] "PUT /d1/722/AUTH_8c7e182e9edd4a9496010d2b1c99e9ab/gnocchi.eb7c1786-c772-4010-96f3-26505f103ddb/none_v3" 201 - "PUT http://172.18.0.154:8080/v1/AUTH_8c7e182e9edd4a9496010d2b1c99e9ab/gnocchi.eb7c1786-c772-4010-96f3-26505f103ddb/none_v3" "tx97aa369c1cc5463d89d6b-00697f0db8" "proxy-server 20" 0.0161 "-" 25 0
Feb 1 08:24:24 np0005604209 container-server[124202]: 172.20.0.104 - - [01/Feb/2026:08:24:24 +0000] "PUT /d1/768/AUTH_8c7e182e9edd4a9496010d2b1c99e9ab/gnocchi.65f9724a-9ac3-4860-b23b-2547251206f7/none_v3" 201 - "PUT http://172.18.0.154:8080/d1/60/AUTH_8c7e182e9edd4a9496010d2b1c99e9ab/gnocchi.65f9724a-9ac3-4860-b23b-2547251206f7/none_v3" "txa8bfafa806414c17adac0-00697f0db8" "object-server 22" 0.0014 "-" 21 0
Feb 1 08:24:24 np0005604209 object-server[124534]: 172.20.0.103 - - [01/Feb/2026:08:24:24 +0000] "PUT /d1/60/AUTH_8c7e182e9edd4a9496010d2b1c99e9ab/gnocchi.65f9724a-9ac3-4860-b23b-2547251206f7/none_v3" 201 - "PUT http://172.18.0.154:8080/v1/AUTH_8c7e182e9edd4a9496010d2b1c99e9ab/gnocchi.65f9724a-9ac3-4860-b23b-2547251206f7/none_v3" "txa8bfafa806414c17adac0-00697f0db8" "proxy-server 20" 0.0185 "-" 22 0
Feb 1 08:24:24 np0005604209 proxy-server[125760]: 172.18.0.105 172.18.0.104 01/Feb/2026/08/24/24 PUT /v1/AUTH_8c7e182e9edd4a9496010d2b1c99e9ab/gnocchi.65f9724a-9ac3-4860-b23b-2547251206f7/none_v3 HTTP/1.0 201 - python-swiftclient-3.11.1 gAAAAABpfw2NcD79... 22 - - txa8bfafa806414c17adac0-00697f0db8 - 0.0273 - - 1769934264.204125166 1769934264.231470823 0
Feb 1 08:24:24 np0005604209 container-server[124202]: 172.20.0.104 - - [01/Feb/2026:08:24:24 +0000] "HEAD /d1/128/AUTH_8c7e182e9edd4a9496010d2b1c99e9ab/gnocchi.00703353-969e-4b88-ba05-7c2007dbfdd4" 404 - "HEAD http://172.18.0.154:8080/v1/AUTH_8c7e182e9edd4a9496010d2b1c99e9ab/gnocchi.00703353-969e-4b88-ba05-7c2007dbfdd4?format=json&states=listing" "tx243f5650a6fd4befacb20-00697f0db8" "proxy-server 20" 0.0003 "-" 21 0
Feb 1 08:24:24 np0005604209 container-server[124179]: 172.20.0.105 - - [01/Feb/2026:08:24:24 +0000] "HEAD /d1/369/AUTH_8c7e182e9edd4a9496010d2b1c99e9ab/gnocchi.f62f1f50-eded-47eb-b136-597f44654a37" 404 - "HEAD http://172.18.0.154:8080/v1/AUTH_8c7e182e9edd4a9496010d2b1c99e9ab/gnocchi.f62f1f50-eded-47eb-b136-597f44654a37?format=json&states=listing" "tx976452df40ec4c5fbbd72-00697f0db8" "proxy-server 20" 0.0004 "-" 20 0
Feb 1 08:24:24 np0005604209 object-server[124542]: 172.20.0.104 - - [01/Feb/2026:08:24:24 +0000] "GET /d1/492/AUTH_8c7e182e9edd4a9496010d2b1c99e9ab/gnocchi.00703353-969e-4b88-ba05-7c2007dbfdd4/none_v3" 404 70 "GET http://172.18.0.154:8080/v1/AUTH_8c7e182e9edd4a9496010d2b1c99e9ab/gnocchi.00703353-969e-4b88-ba05-7c2007dbfdd4/none_v3" "tx243f5650a6fd4befacb20-00697f0db8" "proxy-server 20" 0.0004 "-" 24 0
Feb 1 08:24:24 np0005604209 object-server[124534]: 172.20.0.105 - - [01/Feb/2026:08:24:24 +0000] "GET /d1/402/AUTH_8c7e182e9edd4a9496010d2b1c99e9ab/gnocchi.f62f1f50-eded-47eb-b136-597f44654a37/none_v3" 404 70 "GET http://172.18.0.154:8080/v1/AUTH_8c7e182e9edd4a9496010d2b1c99e9ab/gnocchi.f62f1f50-eded-47eb-b136-597f44654a37/none_v3" "tx976452df40ec4c5fbbd72-00697f0db8" "proxy-server 20" 0.0004 "-" 22 0
Feb 1 08:24:24 np0005604209 container-server[124169]: 172.20.0.103 - - [01/Feb/2026:08:24:24 +0000] "PUT /d1/128/AUTH_8c7e182e9edd4a9496010d2b1c99e9ab/gnocchi.00703353-969e-4b88-ba05-7c2007dbfdd4" 201 - "PUT http://172.18.0.154:8080/v1/AUTH_8c7e182e9edd4a9496010d2b1c99e9ab/gnocchi.00703353-969e-4b88-ba05-7c2007dbfdd4" "tx29fd96f338d64c82a6283-00697f0db8" "proxy-server 20" 0.0253 "-" 19 0
Feb 1 08:24:24 np0005604209 account-server[123719]: 172.20.0.105 - - [01/Feb/2026:08:24:24 +0000] "PUT /d1/833/AUTH_8c7e182e9edd4a9496010d2b1c99e9ab/gnocchi.00703353-969e-4b88-ba05-7c2007dbfdd4" 201 - "PUT http://172.20.0.105:6001/d1/128/AUTH_8c7e182e9edd4a9496010d2b1c99e9ab/gnocchi.00703353-969e-4b88-ba05-7c2007dbfdd4" "tx29fd96f338d64c82a6283-00697f0db8" "container-server 20" 0.0098 "-" 21 0
Feb 1 08:24:24 np0005604209 proxy-server[125760]: 172.18.0.105 172.18.0.104 01/Feb/2026/08/24/24 PUT /v1/AUTH_8c7e182e9edd4a9496010d2b1c99e9ab/gnocchi.00703353-969e-4b88-ba05-7c2007dbfdd4 HTTP/1.0 201 - python-swiftclient-3.11.1 gAAAAABpfw2NcD79... - - - tx29fd96f338d64c82a6283-00697f0db8 - 0.0349 - - 1769934264.273688316 1769934264.308588743 0
Feb 1 08:24:24 np0005604209 container-server[124169]: 172.20.0.104 - - [01/Feb/2026:08:24:24 +0000] "PUT /d1/369/AUTH_8c7e182e9edd4a9496010d2b1c99e9ab/gnocchi.f62f1f50-eded-47eb-b136-597f44654a37" 201 - "PUT http://172.18.0.154:8080/v1/AUTH_8c7e182e9edd4a9496010d2b1c99e9ab/gnocchi.f62f1f50-eded-47eb-b136-597f44654a37" "tx005a931e2faf4f30af542-00697f0db8" "proxy-server 20" 0.0208 "-" 19 0
