2025-12-02 07:42:15.583 16 DEBUG neutron.pecan_wsgi.hooks.policy_enforcement [req-b5c27d3c-31b3-423d-8218-3ba59efe0780 daa06a3b2fb1450ab77708e537342488 effdbbe6fa434a438b35cf5ed9a94e5e - default default] Attributes excluded by policy engine: ['standard_attr_id'] _exclude_attributes_by_policy /usr/lib/python3.9/site-packages/neutron/pecan_wsgi/hooks/policy_enforcement.py:259
2025-12-02 07:42:15.583 16 DEBUG neutron.pecan_wsgi.hooks.policy_enforcement [req-b5c27d3c-31b3-423d-8218-3ba59efe0780 daa06a3b2fb1450ab77708e537342488 effdbbe6fa434a438b35cf5ed9a94e5e - default default] Attributes excluded by policy engine: ['standard_attr_id'] _exclude_attributes_by_policy /usr/lib/python3.9/site-packages/neutron/pecan_wsgi/hooks/policy_enforcement.py:259
2025-12-02 07:42:15.584 16 INFO neutron.wsgi [req-b5c27d3c-31b3-423d-8218-3ba59efe0780 daa06a3b2fb1450ab77708e537342488 effdbbe6fa434a438b35cf5ed9a94e5e - default default] 192.168.122.100 "GET /v2.0/ports?tags=tripleo_stack_name%3Dovercloud HTTP/1.1" status: 200 len: 5344 time: 0.0433030
2025-12-02 07:42:15.809 19 DEBUG neutron.db.provisioning_blocks [req-7be8e2e0-78db-4e69-8d24-d95f64941e86 - - - - -] Provisioning for port 06f7a0bd-eb20-49f2-bc5a-613e305b3a34 completed by entity DHCP. provisioning_complete /usr/lib/python3.9/site-packages/neutron/db/provisioning_blocks.py:134
2025-12-02 07:42:15.812 19 DEBUG neutron.db.provisioning_blocks [req-7be8e2e0-78db-4e69-8d24-d95f64941e86 - - - - -] Provisioning complete for port 06f7a0bd-eb20-49f2-bc5a-613e305b3a34 triggered by entity DHCP. provisioning_complete /usr/lib/python3.9/site-packages/neutron/db/provisioning_blocks.py:140
2025-12-02 07:42:15.812 19 DEBUG neutron_lib.callbacks.manager [req-7be8e2e0-78db-4e69-8d24-d95f64941e86 - - - - -] Notify callbacks ['neutron.plugins.ml2.plugin.Ml2Plugin._port_provisioned-929879'] for port, provisioning_complete _notify_loop /usr/lib/python3.9/site-packages/neutron_lib/callbacks/manager.py:200
2025-12-02 07:42:15.812 19 INFO neutron.plugins.ml2.plugin [req-7be8e2e0-78db-4e69-8d24-d95f64941e86 - - - - -] Attempt 1 to provision port 06f7a0bd-eb20-49f2-bc5a-613e305b3a34
2025-12-02 07:42:15.838 19 DEBUG neutron.plugins.ml2.plugin [req-7be8e2e0-78db-4e69-8d24-d95f64941e86 - - - - -] Port 06f7a0bd-eb20-49f2-bc5a-613e305b3a34 cannot update to ACTIVE because it is not bound. _port_provisioned /usr/lib/python3.9/site-packages/neutron/plugins/ml2/plugin.py:353
2025-12-02 07:42:16.972 15 DEBUG neutron.wsgi [-] (15) accepted ('192.168.122.100', 45434) server /usr/lib/python3.9/site-packages/eventlet/wsgi.py:992
2025-12-02 07:42:17.105 15 DEBUG neutron.pecan_wsgi.hooks.policy_enforcement [req-2f361069-2fff-42ec-bfd3-360be742ace1 daa06a3b2fb1450ab77708e537342488 effdbbe6fa434a438b35cf5ed9a94e5e - default default] Attributes excluded by policy engine: ['standard_attr_id', 'vlan_transparent'] _exclude_attributes_by_policy /usr/lib/python3.9/site-packages/neutron/pecan_wsgi/hooks/policy_enforcement.py:259
2025-12-02 07:42:17.106 15 DEBUG neutron.pecan_wsgi.hooks.policy_enforcement [req-2f361069-2fff-42ec-bfd3-360be742ace1 daa06a3b2fb1450ab77708e537342488 effdbbe6fa434a438b35cf5ed9a94e5e - default default] Attributes excluded by policy engine: ['standard_attr_id', 'vlan_transparent'] _exclude_attributes_by_policy /usr/lib/python3.9/site-packages/neutron/pecan_wsgi/hooks/policy_enforcement.py:259
2025-12-02 07:42:17.106 15 DEBUG neutron.pecan_wsgi.hooks.policy_enforcement [req-2f361069-2fff-42ec-bfd3-360be742ace1 daa06a3b2fb1450ab77708e537342488 effdbbe6fa434a438b35cf5ed9a94e5e - default default] Attributes excluded by policy engine: ['standard_attr_id', 'vlan_transparent'] _exclude_attributes_by_policy /usr/lib/python3.9/site-packages/neutron/pecan_wsgi/hooks/policy_enforcement.py:259
2025-12-02 07:42:17.106 15 DEBUG neutron.pecan_wsgi.hooks.policy_enforcement [req-2f361069-2fff-42ec-bfd3-360be742ace1 daa06a3b2fb1450ab77708e537342488 effdbbe6fa434a438b35cf5ed9a94e5e - default default] Attributes excluded by policy engine: ['standard_attr_id', 'vlan_transparent'] _exclude_attributes_by_policy /usr/lib/python3.9/site-packages/neutron/pecan_wsgi/hooks/policy_enforcement.py:259
2025-12-02 07:42:17.106 15 DEBUG neutron.pecan_wsgi.hooks.policy_enforcement [req-2f361069-2fff-42ec-bfd3-360be742ace1 daa06a3b2fb1450ab77708e537342488 effdbbe6fa434a438b35cf5ed9a94e5e - default default] Attributes excluded by policy engine: ['standard_attr_id', 'vlan_transparent'] _exclude_attributes_by_policy /usr/lib/python3.9/site-packages/neutron/pecan_wsgi/hooks/policy_enforcement.py:259
2025-12-02 07:42:17.107 15 DEBUG neutron.pecan_wsgi.hooks.policy_enforcement [req-2f361069-2fff-42ec-bfd3-360be742ace1 daa06a3b2fb1450ab77708e537342488 effdbbe6fa434a438b35cf5ed9a94e5e - default default] Attributes excluded by policy engine: ['standard_attr_id', 'vlan_transparent'] _exclude_attributes_by_policy /usr/lib/python3.9/site-packages/neutron/pecan_wsgi/hooks/policy_enforcement.py:259
2025-12-02 07:42:17.109 15 INFO neutron.wsgi [req-2f361069-2fff-42ec-bfd3-360be742ace1 daa06a3b2fb1450ab77708e537342488 effdbbe6fa434a438b35cf5ed9a94e5e - default default] 192.168.122.100 "GET /v2.0/networks HTTP/1.1" status: 200 len: 5173 time: 0.1357803
2025-12-02 07:42:17.163 15 DEBUG neutron.pecan_wsgi.hooks.policy_enforcement [req-88c3258c-8ad0-49f1-a335-946b156c4d80 daa06a3b2fb1450ab77708e537342488 effdbbe6fa434a438b35cf5ed9a94e5e - default default] Attributes excluded by policy engine: ['standard_attr_id', 'shared'] _exclude_attributes_by_policy /usr/lib/python3.9/site-packages/neutron/pecan_wsgi/hooks/policy_enforcement.py:259
2025-12-02 07:42:17.164 15 INFO neutron.wsgi [req-88c3258c-8ad0-49f1-a335-946b156c4d80 daa06a3b2fb1450ab77708e537342488 effdbbe6fa434a438b35cf5ed9a94e5e - default default] 192.168.122.100 "GET /v2.0/subnets?network_id=0d2f9fba-9a78-4b03-9149-67a74de1b2db HTTP/1.1" status: 200 len: 891 time: 0.0517895
2025-12-02 07:42:17.203 15 DEBUG neutron.pecan_wsgi.hooks.policy_enforcement [req-14ea2098-a64b-45ee-9242-0958a89f43a0 daa06a3b2fb1450ab77708e537342488 effdbbe6fa434a438b35cf5ed9a94e5e - default default] Attributes excluded by policy engine: ['standard_attr_id', 'shared'] _exclude_attributes_by_policy /usr/lib/python3.9/site-packages/neutron/pecan_wsgi/hooks/policy_enforcement.py:259
2025-12-02 07:42:17.204 15 INFO neutron.wsgi [req-14ea2098-a64b-45ee-9242-0958a89f43a0 daa06a3b2fb1450ab77708e537342488 effdbbe6fa434a438b35cf5ed9a94e5e - default default] 192.168.122.100 "GET /v2.0/subnets?network_id=1583210c-dc54-407e-96b9-15729c0c228f HTTP/1.1" status: 200 len: 891 time: 0.0355039
2025-12-02 07:42:17.242 15 DEBUG neutron.pecan_wsgi.hooks.policy_enforcement [req-514c0e33-2c00-49a7-a301-b01e4f0e8604 daa06a3b2fb1450ab77708e537342488 effdbbe6fa434a438b35cf5ed9a94e5e - default default] Attributes excluded by policy engine: ['standard_attr_id', 'shared'] _exclude_attributes_by_policy /usr/lib/python3.9/site-packages/neutron/pecan_wsgi/hooks/policy_enforcement.py:259
2025-12-02 07:42:17.243 15 INFO neutron.wsgi [req-514c0e33-2c00-49a7-a301-b01e4f0e8604 daa06a3b2fb1450ab77708e537342488 effdbbe6fa434a438b35cf5ed9a94e5e - default default] 192.168.122.100 "GET /v2.0/subnets?network_id=6d54b9aa-909f-4d67-b779-fedcd909a470 HTTP/1.1" status: 200 len: 869 time: 0.0340703
2025-12-02 07:42:17.282 15 DEBUG neutron.pecan_wsgi.hooks.policy_enforcement [req-e5c29bcd-d0bb-4e1a-9a42-e3905344c518 daa06a3b2fb1450ab77708e537342488 effdbbe6fa434a438b35cf5ed9a94e5e - default default] Attributes excluded by policy engine: ['standard_attr_id', 'shared'] _exclude_attributes_by_policy /usr/lib/python3.9/site-packages/neutron/pecan_wsgi/hooks/policy_enforcement.py:259
2025-12-02 07:42:17.283 15 INFO neutron.wsgi [req-e5c29bcd-d0bb-4e1a-9a42-e3905344c518 daa06a3b2fb1450ab77708e537342488 effdbbe6fa434a438b35cf5ed9a94e5e - default default] 192.168.122.100 "GET /v2.0/subnets?network_id=9f6d1753-c0df-49bc-88cb-2233c4cfcee1 HTTP/1.1" status: 200 len: 885 time: 0.0346277
2025-12-02 07:42:17.316 15 DEBUG neutron.pecan_wsgi.hooks.policy_enforcement [req-e196bcf0-8b09-4a73-b757-917a288f08fd daa06a3b2fb1450ab77708e537342488 effdbbe6fa434a438b35cf5ed9a94e5e - default default] Attributes excluded by policy engine: ['standard_attr_id', 'shared'] _exclude_attributes_by_policy /usr/lib/python3.9/site-packages/neutron/pecan_wsgi/hooks/policy_enforcement.py:259
2025-12-02 07:42:17.317 15 INFO neutron.wsgi [req-e196bcf0-8b09-4a73-b757-917a288f08fd daa06a3b2fb1450ab77708e537342488 effdbbe6fa434a438b35cf5ed9a94e5e - default default] 192.168.122.100 "GET /v2.0/subnets?network_id=c4ac5eb9-2bb7-45fb-b787-2ecbbff75521 HTTP/1.1" status: 200 len: 886 time: 0.0294120
2025-12-02 07:42:17.346 15 DEBUG neutron.pecan_wsgi.hooks.policy_enforcement [req-447a1a77-5cd2-4191-85cd-a382bbeb92bb daa06a3b2fb1450ab77708e537342488 effdbbe6fa434a438b35cf5ed9a94e5e - default default] Attributes excluded by policy engine: ['standard_attr_id', 'shared'] _exclude_attributes_by_policy /usr/lib/python3.9/site-packages/neutron/pecan_wsgi/hooks/policy_enforcement.py:259
2025-12-02 07:42:17.346 15 INFO neutron.wsgi [req-447a1a77-5cd2-4191-85cd-a382bbeb92bb daa06a3b2fb1450ab77708e537342488 effdbbe6fa434a438b35cf5ed9a94e5e - default default] 192.168.122.100 "GET /v2.0/subnets?network_id=f34b1213-2674-437d-a651-e50690025ddf HTTP/1.1" status: 200 len: 887 time: 0.0254714
2025-12-02 07:42:17.406 15 DEBUG neutron.pecan_wsgi.hooks.policy_enforcement [req-f6bfcfd2-effd-434f-bab7-9384257f33c9 daa06a3b2fb1450ab77708e537342488 effdbbe6fa434a438b35cf5ed9a94e5e - default default] Attributes excluded by policy engine: ['standard_attr_id', 'vlan_transparent'] _exclude_attributes_by_policy /usr/lib/python3.9/site-packages/neutron/pecan_wsgi/hooks/policy_enforcement.py:259
2025-12-02 07:42:17.406 15 DEBUG neutron.pecan_wsgi.hooks.policy_enforcement [req-f6bfcfd2-effd-434f-bab7-9384257f33c9 daa06a3b2fb1450ab77708e537342488 effdbbe6fa434a438b35cf5ed9a94e5e - default default] Attributes excluded by policy engine: ['standard_attr_id', 'vlan_transparent'] _exclude_attributes_by_policy /usr/lib/python3.9/site-packages/neutron/pecan_wsgi/hooks/policy_enforcement.py:259
2025-12-02 07:42:17.407 15 DEBUG neutron.pecan_wsgi.hooks.policy_enforcement [req-f6bfcfd2-effd-434f-bab7-9384257f33c9 daa06a3b2fb1450ab77708e537342488 effdbbe6fa434a438b35cf5ed9a94e5e - default default] Attributes excluded by policy engine: ['standard_attr_id', 'vlan_transparent'] _exclude_attributes_by_policy /usr/lib/python3.9/site-packages/neutron/pecan_wsgi/hooks/policy_enforcement.py:259
2025-12-02 07:42:17.407 15 DEBUG neutron.pecan_wsgi.hooks.policy_enforcement [req-f6bfcfd2-effd-434f-bab7-9384257f33c9 daa06a3b2fb1450ab77708e537342488 effdbbe6fa434a438b35cf5ed9a94e5e - default default] Attributes excluded by policy engine: ['standard_attr_id', 'vlan_transparent'] _exclude_attributes_by_policy /usr/lib/python3.9/site-packages/neutron/pecan_wsgi/hooks/policy_enforcement.py:259
2025-12-02 07:42:17.407 15 DEBUG neutron.pecan_wsgi.hooks.policy_enforcement [req-f6bfcfd2-effd-434f-bab7-9384257f33c9 daa06a3b2fb1450ab77708e537342488 effdbbe6fa434a438b35cf5ed9a94e5e - default default] Attributes excluded by policy engine: ['standard_attr_id', 'vlan_transparent'] _exclude_attributes_by_policy /usr/lib/python3.9/site-packages/neutron/pecan_wsgi/hooks/policy_enforcement.py:259
2025-12-02 07:42:17.407 15 DEBUG neutron.pecan_wsgi.hooks.policy_enforcement [req-f6bfcfd2-effd-434f-bab7-9384257f33c9 daa06a3b2fb1450ab77708e537342488 effdbbe6fa434a438b35cf5ed9a94e5e - default default] Attributes excluded by policy engine: ['standard_attr_id', 'vlan_transparent'] _exclude_attributes_by_policy /usr/lib/python3.9/site-packages/neutron/pecan_wsgi/hooks/policy_enforcement.py:259
2025-12-02 07:42:17.408 15 INFO neutron.wsgi [req-f6bfcfd2-effd-434f-bab7-9384257f33c9 daa06a3b2fb1450ab77708e537342488 effdbbe6fa434a438b35cf5ed9a94e5e - default default] 192.168.122.100 "GET /v2.0/networks HTTP/1.1" status: 200 len: 5173 time: 0.0581262
2025-12-02 07:42:17.474 15 DEBUG neutron.pecan_wsgi.hooks.policy_enforcement [req-ace9a757-c682-4b27-bf86-8d37f4b6e127 daa06a3b2fb1450ab77708e537342488 effdbbe6fa434a438b35cf5ed9a94e5e - default default] Attributes excluded by policy engine: ['standard_attr_id'] _exclude_attributes_by_policy /usr/lib/python3.9/site-packages/neutron/pecan_wsgi/hooks/policy_enforcement.py:259
2025-12-02 07:42:17.475 15 INFO neutron.wsgi [req-ace9a757-c682-4b27-bf86-8d37f4b6e127 daa06a3b2fb1450ab77708e537342488 effdbbe6fa434a438b35cf5ed9a94e5e - default default] 192.168.122.100 "GET /v2.0/ports?network_id=0d2f9fba-9a78-4b03-9149-67a74de1b2db&tags=tripleo_stack_name%3Dovercloud&tags=tripleo_vip_net%3Dinternal_api HTTP/1.1" status: 200 len: 1242 time: 0.0614076
2025-12-02 07:42:17.506 15 DEBUG neutron.pecan_wsgi.hooks.policy_enforcement [req-5622dbc1-8f33-4bbd-b01b-91f63dea67fc daa06a3b2fb1450ab77708e537342488 effdbbe6fa434a438b35cf5ed9a94e5e - default default] Attributes excluded by policy engine: ['standard_attr_id', 'shared'] _exclude_attributes_by_policy /usr/lib/python3.9/site-packages/neutron/pecan_wsgi/hooks/policy_enforcement.py:259
2025-12-02 07:42:17.507 15 INFO neutron.wsgi [req-5622dbc1-8f33-4bbd-b01b-91f63dea67fc daa06a3b2fb1450ab77708e537342488 effdbbe6fa434a438b35cf5ed9a94e5e - default default] 192.168.122.100 "GET /v2.0/subnets/83cb537a-ea67-480d-a1e9-9e16f917b7c3 HTTP/1.1" status: 200 len: 888 time: 0.0283873
2025-12-02 07:42:17.550 15 DEBUG neutron.pecan_wsgi.hooks.policy_enforcement [req-05543d57-fc86-4701-b89b-0a083ae72568 daa06a3b2fb1450ab77708e537342488 effdbbe6fa434a438b35cf5ed9a94e5e - default default] Attributes excluded by policy engine: ['standard_attr_id'] _exclude_attributes_by_policy /usr/lib/python3.9/site-packages/neutron/pecan_wsgi/hooks/policy_enforcement.py:259
2025-12-02 07:42:17.551 15 INFO neutron.wsgi [req-05543d57-fc86-4701-b89b-0a083ae72568 daa06a3b2fb1450ab77708e537342488 effdbbe6fa434a438b35cf5ed9a94e5e - default default] 192.168.122.100 "GET /v2.0/ports?network_id=c4ac5eb9-2bb7-45fb-b787-2ecbbff75521&tags=tripleo_stack_name%3Dovercloud&tags=tripleo_vip_net%3Dstorage HTTP/1.1" status: 200 len: 1232 time: 0.0413637
2025-12-02 07:42:17.582 15 DEBUG neutron.pecan_wsgi.hooks.policy_enforcement [req-13ede684-615b-4c44-859e-ecdd880ca2dc daa06a3b2fb1450ab77708e537342488 effdbbe6fa434a438b35cf5ed9a94e5e - default default] Attributes excluded by policy engine: ['standard_attr_id', 'shared'] _exclude_attributes_by_policy /usr/lib/python3.9/site-packages/neutron/pecan_wsgi/hooks/policy_enforcement.py:259
2025-12-02 07:42:17.583 15 INFO neutron.wsgi [req-13ede684-615b-4c44-859e-ecdd880ca2dc daa06a3b2fb1450ab77708e537342488 effdbbe6fa434a438b35cf5ed9a94e5e - default default] 192.168.122.100 "GET /v2.0/subnets/da8f1d19-d3b4-46e3-a3c6-6eb6385286ea HTTP/1.1" status: 200 len: 883 time: 0.0284221
2025-12-02 07:42:17.648 15 DEBUG neutron.pecan_wsgi.hooks.policy_enforcement [req-4bd5f46c-24ba-4641-8b37-2a94b957fce1 daa06a3b2fb1450ab77708e537342488 effdbbe6fa434a438b35cf5ed9a94e5e - default default] Attributes excluded by policy engine: ['standard_attr_id'] _exclude_attributes_by_policy /usr/lib/python3.9/site-packages/neutron/pecan_wsgi/hooks/policy_enforcement.py:259
2025-12-02 07:42:17.650 15 INFO neutron.wsgi [req-4bd5f46c-24ba-4641-8b37-2a94b957fce1 daa06a3b2fb1450ab77708e537342488 effdbbe6fa434a438b35cf5ed9a94e5e - default default] 192.168.122.100 "GET /v2.0/ports?network_id=1583210c-dc54-407e-96b9-15729c0c228f&tags=tripleo_stack_name%3Dovercloud&tags=tripleo_vip_net%3Dstorage_mgmt HTTP/1.1" status: 200 len: 1242 time: 0.0640306
2025-12-02 07:42:17.695 15 DEBUG neutron.pecan_wsgi.hooks.policy_enforcement [req-a8d4b853-f70c-44a8-ad3f-6d25b7c277da daa06a3b2fb1450ab77708e537342488 effdbbe6fa434a438b35cf5ed9a94e5e - default default] Attributes excluded by policy engine: ['standard_attr_id', 'shared'] _exclude_attributes_by_policy /usr/lib/python3.9/site-packages/neutron/pecan_wsgi/hooks/policy_enforcement.py:259
2025-12-02 07:42:17.696 15 INFO neutron.wsgi [req-a8d4b853-f70c-44a8-ad3f-6d25b7c277da daa06a3b2fb1450ab77708e537342488 effdbbe6fa434a438b35cf5ed9a94e5e - default default] 192.168.122.100 "GET /v2.0/subnets/09356eeb-ae68-4420-9f62-20813cdf6cba HTTP/1.1" status: 200 len: 888 time: 0.0412860
2025-12-02 07:42:17.750 15 DEBUG neutron.pecan_wsgi.hooks.policy_enforcement [req-181c8fef-9146-41f2-9cf3-bd69c5b65410 daa06a3b2fb1450ab77708e537342488 effdbbe6fa434a438b35cf5ed9a94e5e - default default] Attributes excluded by policy engine: ['standard_attr_id'] _exclude_attributes_by_policy /usr/lib/python3.9/site-packages/neutron/pecan_wsgi/hooks/policy_enforcement.py:259
2025-12-02 07:42:17.751 15 INFO neutron.wsgi [req-181c8fef-9146-41f2-9cf3-bd69c5b65410 daa06a3b2fb1450ab77708e537342488 effdbbe6fa434a438b35cf5ed9a94e5e - default default] 192.168.122.100 "GET /v2.0/ports?network_id=f34b1213-2674-437d-a651-e50690025ddf&tags=tripleo_stack_name%3Dovercloud&tags=tripleo_vip_net%3Dexternal HTTP/1.1" status: 200 len: 1234 time: 0.0499046
2025-12-02 07:42:17.787 15 DEBUG neutron.pecan_wsgi.hooks.policy_enforcement [req-1442df44-9c1f-49d5-8a88-1267bb9ca158 daa06a3b2fb1450ab77708e537342488 effdbbe6fa434a438b35cf5ed9a94e5e - default default] Attributes excluded by policy engine: ['standard_attr_id', 'shared'] _exclude_attributes_by_policy /usr/lib/python3.9/site-packages/neutron/pecan_wsgi/hooks/policy_enforcement.py:259
2025-12-02 07:42:17.788 15 INFO neutron.wsgi [req-1442df44-9c1f-49d5-8a88-1267bb9ca158 daa06a3b2fb1450ab77708e537342488 effdbbe6fa434a438b35cf5ed9a94e5e - default default] 192.168.122.100 "GET /v2.0/subnets/980400dd-8454-4d12-8ef0-4832cb65c14a HTTP/1.1" status: 200 len: 884 time: 0.0310047
2025-12-02 07:42:17.830 15 DEBUG neutron.pecan_wsgi.hooks.policy_enforcement [req-53575be8-fb10-4281-ae32-e39a54d9b6f3 daa06a3b2fb1450ab77708e537342488 effdbbe6fa434a438b35cf5ed9a94e5e - default default] Attributes excluded by policy engine: ['standard_attr_id'] _exclude_attributes_by_policy /usr/lib/python3.9/site-packages/neutron/pecan_wsgi/hooks/policy_enforcement.py:259
2025-12-02 07:42:17.831 15 INFO neutron.wsgi [req-53575be8-fb10-4281-ae32-e39a54d9b6f3 daa06a3b2fb1450ab77708e537342488 effdbbe6fa434a438b35cf5ed9a94e5e - default default] 192.168.122.100 "GET /v2.0/ports?network_id=6d54b9aa-909f-4d67-b779-fedcd909a470&tags=tripleo_stack_name%3Dovercloud&tags=tripleo_vip_net%3Dctlplane HTTP/1.1" status: 200 len: 1238 time: 0.0376968
2025-12-02 07:42:17.888 15 DEBUG neutron.pecan_wsgi.hooks.policy_enforcement [req-a46f24f9-fe77-4d02-a485-9af13941cf00 daa06a3b2fb1450ab77708e537342488 effdbbe6fa434a438b35cf5ed9a94e5e - default default] Attributes excluded by policy engine: ['standard_attr_id', 'vlan_transparent'] _exclude_attributes_by_policy /usr/lib/python3.9/site-packages/neutron/pecan_wsgi/hooks/policy_enforcement.py:259
2025-12-02 07:42:17.889 15 INFO neutron.wsgi [req-a46f24f9-fe77-4d02-a485-9af13941cf00 daa06a3b2fb1450ab77708e537342488 effdbbe6fa434a438b35cf5ed9a94e5e - default default] 192.168.122.100 "GET /v2.0/networks/6d54b9aa-909f-4d67-b779-fedcd909a470 HTTP/1.1" status: 200 len: 946 time: 0.0517373
2025-12-02 07:42:17.926 15 DEBUG neutron.pecan_wsgi.hooks.policy_enforcement [req-5b574340-d446-478b-a56e-3d30f4c94c35 daa06a3b2fb1450ab77708e537342488 effdbbe6fa434a438b35cf5ed9a94e5e - default default] Attributes excluded by policy engine: ['standard_attr_id', 'shared'] _exclude_attributes_by_policy /usr/lib/python3.9/site-packages/neutron/pecan_wsgi/hooks/policy_enforcement.py:259
2025-12-02 07:42:17.927 15 INFO neutron.wsgi [req-5b574340-d446-478b-a56e-3d30f4c94c35 daa06a3b2fb1450ab77708e537342488 effdbbe6fa434a438b35cf5ed9a94e5e - default default] 192.168.122.100 "GET /v2.0/subnets/d2a9c1ce-0e59-4602-8ad7-7a547d9aec2b HTTP/1.1" status: 200 len: 866 time: 0.0311074
2025-12-02 07:42:44.332 16 DEBUG neutron.wsgi [-] (16) accepted ('192.168.122.100', 56566) server /usr/lib/python3.9/site-packages/eventlet/wsgi.py:992
2025-12-02 07:42:44.335 16 INFO neutron.wsgi [-] 192.168.122.100 "GET / HTTP/1.1" status: 200 len: 233 time: 0.0014584
2025-12-02 07:42:53.839 16 DEBUG neutron.wsgi [-] (16) accepted ('192.168.122.100', 60084) server /usr/lib/python3.9/site-packages/eventlet/wsgi.py:992
2025-12-02 07:42:54.247 16 INFO neutron.pecan_wsgi.hooks.translation [req-667dc136-4477-4d4c-8172-d90d15847f37 daa06a3b2fb1450ab77708e537342488 effdbbe6fa434a438b35cf5ed9a94e5e - default default] GET failed (client error): The resource could not be found.
2025-12-02 07:42:54.249 16 INFO neutron.wsgi [req-667dc136-4477-4d4c-8172-d90d15847f37 daa06a3b2fb1450ab77708e537342488 effdbbe6fa434a438b35cf5ed9a94e5e - default default] 192.168.122.100 "GET /v2.0/networks/ctlplane HTTP/1.1" status: 404 len: 316 time: 0.4082079
2025-12-02 07:42:54.344 16 DEBUG neutron.pecan_wsgi.hooks.policy_enforcement [req-3665bb28-80fb-4fe6-950c-a8a94e2ed0a5 daa06a3b2fb1450ab77708e537342488 effdbbe6fa434a438b35cf5ed9a94e5e - default default] Attributes excluded by policy engine: ['standard_attr_id', 'vlan_transparent'] _exclude_attributes_by_policy /usr/lib/python3.9/site-packages/neutron/pecan_wsgi/hooks/policy_enforcement.py:259
2025-12-02 07:42:54.345 16 INFO neutron.wsgi [req-3665bb28-80fb-4fe6-950c-a8a94e2ed0a5 daa06a3b2fb1450ab77708e537342488 effdbbe6fa434a438b35cf5ed9a94e5e - default default] 192.168.122.100 "GET /v2.0/networks?name=ctlplane HTTP/1.1" status: 200 len: 949 time: 0.0910676
2025-12-02 07:42:54.392 16 DEBUG neutron.pecan_wsgi.hooks.policy_enforcement [req-e19f075c-9a43-4829-aff8-942ea6cf3289 daa06a3b2fb1450ab77708e537342488 effdbbe6fa434a438b35cf5ed9a94e5e - default default] Attributes excluded by policy engine: ['standard_attr_id', 'shared'] _exclude_attributes_by_policy /usr/lib/python3.9/site-packages/neutron/pecan_wsgi/hooks/policy_enforcement.py:259
2025-12-02 07:42:54.393 16 INFO neutron.wsgi [req-e19f075c-9a43-4829-aff8-942ea6cf3289 daa06a3b2fb1450ab77708e537342488 effdbbe6fa434a438b35cf5ed9a94e5e - default default] 192.168.122.100 "GET /v2.0/subnets/d2a9c1ce-0e59-4602-8ad7-7a547d9aec2b HTTP/1.1" status: 200 len: 866 time: 0.0408959
2025-12-02 07:43:15.212 15 DEBUG neutron.wsgi [-] (15) accepted ('192.168.122.100', 50960) server /usr/lib/python3.9/site-packages/eventlet/wsgi.py:992
2025-12-02 07:43:15.214 15 INFO neutron.wsgi [-] 192.168.122.100 "GET / HTTP/1.1" status: 200 len: 233 time: 0.0013962
2025-12-02 07:43:46.175 15 DEBUG neutron.wsgi [-] (15) accepted ('192.168.122.100', 58054) server /usr/lib/python3.9/site-packages/eventlet/wsgi.py:992
2025-12-02 07:43:46.177 15 INFO neutron.wsgi [-] 192.168.122.100 "GET / HTTP/1.1" status: 200 len: 233 time: 0.0011735
2025-12-02 07:44:17.183 18 DEBUG neutron.wsgi [-] (18) accepted ('192.168.122.100', 56732) server /usr/lib/python3.9/site-packages/eventlet/wsgi.py:992
2025-12-02 07:44:17.186 18 INFO neutron.wsgi [-] 192.168.122.100 "GET / HTTP/1.1" status: 200 len: 233 time: 0.0017130
2025-12-02 07:44:48.410 15 DEBUG neutron.wsgi [-] (15) accepted ('192.168.122.100', 49836) server /usr/lib/python3.9/site-packages/eventlet/wsgi.py:992
2025-12-02 07:44:48.413 15 INFO neutron.wsgi [-] 192.168.122.100 "GET / HTTP/1.1" status: 200 len: 233 time: 0.0021203
2025-12-02 07:45:12.804 19 DEBUG neutron_lib.callbacks.manager [req-9befad83-6af5-4213-8a3d-092709cdf446 - - - - -] Notify callbacks ['neutron.services.segments.db._update_segment_host_mapping_for_agent-8736548904430', 'neutron.plugins.ml2.plugin.Ml2Plugin._retry_binding_revived_agents-930805'] for agent, after_update _notify_loop /usr/lib/python3.9/site-packages/neutron_lib/callbacks/manager.py:200
2025-12-02 07:45:12.819 20 DEBUG neutron_lib.callbacks.manager [req-08e50674-c6b6-4fb0-a3cb-afec25aa57b8 - - - - -] Notify callbacks ['neutron.services.segments.db._update_segment_host_mapping_for_agent-8736548904430', 'neutron.plugins.ml2.plugin.Ml2Plugin._retry_binding_revived_agents-930805'] for agent, after_update _notify_loop /usr/lib/python3.9/site-packages/neutron_lib/callbacks/manager.py:200
2025-12-02 07:45:18.709 22 DEBUG neutron_lib.callbacks.manager [req-99a0b0d4-6730-433d-bf54-badb559a3175 - - - - -] Notify callbacks ['neutron.services.segments.db._update_segment_host_mapping_for_agent-8736548904430', 'neutron.plugins.ml2.plugin.Ml2Plugin._retry_binding_revived_agents-930805'] for agent, after_update _notify_loop /usr/lib/python3.9/site-packages/neutron_lib/callbacks/manager.py:200
2025-12-02 07:45:19.301 15 DEBUG neutron.wsgi [-] (15) accepted ('192.168.122.100', 50228) server /usr/lib/python3.9/site-packages/eventlet/wsgi.py:992
2025-12-02 07:45:19.303 15 INFO neutron.wsgi [-] 192.168.122.100 "GET / HTTP/1.1" status: 200 len: 233 time: 0.0015943
2025-12-02 07:45:41.374 24 DEBUG neutron.db.agents_db [req-54be886c-fe68-4721-ab2f-7949577e15a6 - - - - -] Agent healthcheck: found 3 active agents agent_health_check /usr/lib/python3.9/site-packages/neutron/db/agents_db.py:328
2025-12-02 07:45:50.212 17 DEBUG neutron.wsgi [-] (17) accepted ('192.168.122.100', 50910) server /usr/lib/python3.9/site-packages/eventlet/wsgi.py:992
2025-12-02 07:45:50.215 17 INFO neutron.wsgi [-] 192.168.122.100 "GET / HTTP/1.1" status: 200 len: 233 time: 0.0012167
2025-12-02 07:46:20.897 15 DEBUG neutron.wsgi [-] (15) accepted ('192.168.122.100', 39394) server /usr/lib/python3.9/site-packages/eventlet/wsgi.py:992
2025-12-02 07:46:20.899 15 INFO neutron.wsgi [-] 192.168.122.100 "GET / HTTP/1.1" status: 200 len: 233 time: 0.0014565
2025-12-02 07:46:51.447 15 DEBUG neutron.wsgi [-] (15) accepted ('192.168.122.100', 34302) server /usr/lib/python3.9/site-packages/eventlet/wsgi.py:992
2025-12-02 07:46:51.449 15 INFO neutron.wsgi [-] 192.168.122.100 "GET / HTTP/1.1" status: 200 len: 233 time: 0.0015266
2025-12-02 07:47:22.312 15 DEBUG neutron.wsgi [-] (15) accepted ('192.168.122.100', 40192) server /usr/lib/python3.9/site-packages/eventlet/wsgi.py:992
2025-12-02 07:47:22.316 15 INFO neutron.wsgi [-] 192.168.122.100 "GET / HTTP/1.1" status: 200 len: 233 time: 0.0023284
2025-12-02 07:47:53.511 16 DEBUG neutron.wsgi [-] (16) accepted ('192.168.122.100', 46456) server /usr/lib/python3.9/site-packages/eventlet/wsgi.py:992
2025-12-02 07:47:53.513 16 INFO neutron.wsgi [-] 192.168.122.100 "GET / HTTP/1.1" status: 200 len: 233 time: 0.0011020
2025-12-02 07:47:57.758 15 DEBUG neutron.wsgi [-] (15) accepted ('192.168.122.100', 54272) server /usr/lib/python3.9/site-packages/eventlet/wsgi.py:992
2025-12-02 07:47:57.867 15 INFO neutron.pecan_wsgi.hooks.translation [req-44a39929-879f-48fb-96ac-3fa2585be578 daa06a3b2fb1450ab77708e537342488 effdbbe6fa434a438b35cf5ed9a94e5e - default default] GET failed (client error): The resource could not be found.
2025-12-02 07:47:57.868 15 INFO neutron.wsgi [req-44a39929-879f-48fb-96ac-3fa2585be578 daa06a3b2fb1450ab77708e537342488 effdbbe6fa434a438b35cf5ed9a94e5e - default default] 192.168.122.100 "GET /v2.0/networks/ctlplane HTTP/1.1" status: 404 len: 316 time: 0.1093075
2025-12-02 07:47:57.958 15 DEBUG neutron.pecan_wsgi.hooks.policy_enforcement [req-d8bcc521-13b4-4201-872e-60a0d2c8e1a6 daa06a3b2fb1450ab77708e537342488 effdbbe6fa434a438b35cf5ed9a94e5e - default default] Attributes excluded by policy engine: ['standard_attr_id', 'vlan_transparent'] _exclude_attributes_by_policy /usr/lib/python3.9/site-packages/neutron/pecan_wsgi/hooks/policy_enforcement.py:259
2025-12-02 07:47:57.959 15 INFO neutron.wsgi [req-d8bcc521-13b4-4201-872e-60a0d2c8e1a6 daa06a3b2fb1450ab77708e537342488 effdbbe6fa434a438b35cf5ed9a94e5e - default default] 192.168.122.100 "GET /v2.0/networks?name=ctlplane HTTP/1.1" status: 200 len: 949 time: 0.0874982
2025-12-02 07:47:58.003 15 DEBUG neutron.pecan_wsgi.hooks.policy_enforcement [req-f956fb1b-4ab1-48ac-83c7-3c52a6f2c04c daa06a3b2fb1450ab77708e537342488 effdbbe6fa434a438b35cf5ed9a94e5e - default default] Attributes excluded by policy engine: ['standard_attr_id', 'shared'] _exclude_attributes_by_policy /usr/lib/python3.9/site-packages/neutron/pecan_wsgi/hooks/policy_enforcement.py:259
2025-12-02 07:47:58.004 15 INFO neutron.wsgi [req-f956fb1b-4ab1-48ac-83c7-3c52a6f2c04c daa06a3b2fb1450ab77708e537342488 effdbbe6fa434a438b35cf5ed9a94e5e - default default] 192.168.122.100 "GET /v2.0/subnets/d2a9c1ce-0e59-4602-8ad7-7a547d9aec2b HTTP/1.1" status: 200 len: 866 time: 0.0391352
2025-12-02 07:48:24.430 18 DEBUG neutron.wsgi [-] (18) accepted ('192.168.122.100', 60030) server /usr/lib/python3.9/site-packages/eventlet/wsgi.py:992
2025-12-02 07:48:24.436 18 INFO neutron.wsgi [-] 192.168.122.100 "GET / HTTP/1.1" status: 200 len: 233 time: 0.0043933
2025-12-02 07:48:55.381 15 DEBUG neutron.wsgi [-] (15) accepted ('192.168.122.100', 49416) server /usr/lib/python3.9/site-packages/eventlet/wsgi.py:992
2025-12-02 07:48:55.383 15 INFO neutron.wsgi [-] 192.168.122.100 "GET / HTTP/1.1" status: 200 len: 233 time: 0.0011714
2025-12-02 07:49:26.316 15 DEBUG neutron.wsgi [-] (15) accepted ('192.168.122.100', 55770) server /usr/lib/python3.9/site-packages/eventlet/wsgi.py:992
2025-12-02 07:49:26.318 15 INFO neutron.wsgi [-] 192.168.122.100 "GET / HTTP/1.1" status: 200 len: 233 time: 0.0012190
2025-12-02 07:49:57.413 15 DEBUG neutron.wsgi [-] (15) accepted ('192.168.122.100', 54134) server /usr/lib/python3.9/site-packages/eventlet/wsgi.py:992
2025-12-02 07:49:57.421 15 INFO neutron.wsgi [-] 192.168.122.100 "GET / HTTP/1.1" status: 200 len: 233 time: 0.0066028
2025-12-02 07:50:12.773 21 DEBUG neutron_lib.callbacks.manager [req-5bfd200c-e652-4791-a507-3184b2e1f2d3 - - - - -] Notify callbacks ['neutron.services.segments.db._update_segment_host_mapping_for_agent-8736548904430', 'neutron.plugins.ml2.plugin.Ml2Plugin._retry_binding_revived_agents-930805'] for agent, after_update _notify_loop /usr/lib/python3.9/site-packages/neutron_lib/callbacks/manager.py:200
2025-12-02 07:50:12.794 23 DEBUG neutron_lib.callbacks.manager [req-31954b78-348f-44c8-b8d4-22960ac5bbf7 - - - - -] Notify callbacks ['neutron.services.segments.db._update_segment_host_mapping_for_agent-8736548904430', 'neutron.plugins.ml2.plugin.Ml2Plugin._retry_binding_revived_agents-930805'] for agent, after_update _notify_loop /usr/lib/python3.9/site-packages/neutron_lib/callbacks/manager.py:200
2025-12-02 07:50:18.717 19 DEBUG neutron_lib.callbacks.manager [req-99a0b0d4-6730-433d-bf54-badb559a3175 - - - - -] Notify callbacks ['neutron.services.segments.db._update_segment_host_mapping_for_agent-8736548904430', 'neutron.plugins.ml2.plugin.Ml2Plugin._retry_binding_revived_agents-930805'] for agent, after_update _notify_loop /usr/lib/python3.9/site-packages/neutron_lib/callbacks/manager.py:200
2025-12-02 07:50:28.441 15 DEBUG neutron.wsgi [-] (15) accepted ('192.168.122.100', 47928) server /usr/lib/python3.9/site-packages/eventlet/wsgi.py:992
2025-12-02 07:50:28.442 15 INFO neutron.wsgi [-] 192.168.122.100 "GET / HTTP/1.1" status: 200 len: 233 time: 0.0011134
2025-12-02 07:50:41.384 24 DEBUG neutron.db.agents_db [req-54be886c-fe68-4721-ab2f-7949577e15a6 - - - - -] Agent healthcheck: found 3 active agents agent_health_check /usr/lib/python3.9/site-packages/neutron/db/agents_db.py:328
2025-12-02 07:50:59.435 15 DEBUG neutron.wsgi [-] (15) accepted ('192.168.122.100', 53996) server /usr/lib/python3.9/site-packages/eventlet/wsgi.py:992
2025-12-02 07:50:59.438 15 INFO neutron.wsgi [-] 192.168.122.100 "GET / HTTP/1.1" status: 200 len: 233 time: 0.0018191
2025-12-02 07:51:30.236 18 DEBUG neutron.wsgi [-] (18) accepted ('192.168.122.100', 38004) server /usr/lib/python3.9/site-packages/eventlet/wsgi.py:992
2025-12-02 07:51:30.239 18 INFO neutron.wsgi [-] 192.168.122.100 "GET / HTTP/1.1" status: 200 len: 233 time: 0.0011179
2025-12-02 07:51:48.234 17 DEBUG neutron.wsgi [-] (17) accepted ('192.168.122.100', 42536) server /usr/lib/python3.9/site-packages/eventlet/wsgi.py:992
2025-12-02 07:51:48.451 17 DEBUG neutron.pecan_wsgi.hooks.policy_enforcement [req-d61c80d7-8449-4993-8b62-ecfcb0f588a0 daa06a3b2fb1450ab77708e537342488 effdbbe6fa434a438b35cf5ed9a94e5e - default default] Attributes excluded by policy engine: ['standard_attr_id'] _exclude_attributes_by_policy /usr/lib/python3.9/site-packages/neutron/pecan_wsgi/hooks/policy_enforcement.py:259
2025-12-02 07:51:48.451 17 DEBUG neutron.pecan_wsgi.hooks.policy_enforcement [req-d61c80d7-8449-4993-8b62-ecfcb0f588a0 daa06a3b2fb1450ab77708e537342488 effdbbe6fa434a438b35cf5ed9a94e5e - default default] Attributes excluded by policy engine: ['standard_attr_id'] _exclude_attributes_by_policy /usr/lib/python3.9/site-packages/neutron/pecan_wsgi/hooks/policy_enforcement.py:259
2025-12-02 07:51:48.452 17 DEBUG neutron.pecan_wsgi.hooks.policy_enforcement [req-d61c80d7-8449-4993-8b62-ecfcb0f588a0 daa06a3b2fb1450ab77708e537342488 effdbbe6fa434a438b35cf5ed9a94e5e - default default] Attributes excluded by policy engine: ['standard_attr_id'] _exclude_attributes_by_policy /usr/lib/python3.9/site-packages/neutron/pecan_wsgi/hooks/policy_enforcement.py:259
2025-12-02 07:51:48.452 17 DEBUG neutron.pecan_wsgi.hooks.policy_enforcement [req-d61c80d7-8449-4993-8b62-ecfcb0f588a0 daa06a3b2fb1450ab77708e537342488 effdbbe6fa434a438b35cf5ed9a94e5e - default default] Attributes excluded by policy engine: ['standard_attr_id'] _exclude_attributes_by_policy /usr/lib/python3.9/site-packages/neutron/pecan_wsgi/hooks/policy_enforcement.py:259
2025-12-02 07:51:48.452 17 DEBUG neutron.pecan_wsgi.hooks.policy_enforcement [req-d61c80d7-8449-4993-8b62-ecfcb0f588a0 daa06a3b2fb1450ab77708e537342488 effdbbe6fa434a438b35cf5ed9a94e5e - default default] Attributes excluded by policy engine: ['standard_attr_id'] _exclude_attributes_by_policy /usr/lib/python3.9/site-packages/neutron/pecan_wsgi/hooks/policy_enforcement.py:259
2025-12-02 07:51:48.455 17 INFO neutron.wsgi [req-d61c80d7-8449-4993-8b62-ecfcb0f588a0 daa06a3b2fb1450ab77708e537342488 effdbbe6fa434a438b35cf5ed9a94e5e - default default] 192.168.122.100 "GET /v2.0/ports?tags=tripleo_stack_name%3Dovercloud HTTP/1.1" status: 200 len: 5344 time: 0.2188001
2025-12-02 07:51:48.486 17 INFO neutron.pecan_wsgi.hooks.translation [req-f0e9f56a-f00d-4fb3-ac6c-c879c1caa23d daa06a3b2fb1450ab77708e537342488 effdbbe6fa434a438b35cf5ed9a94e5e - default default] GET failed (client error): The resource could not be found.
2025-12-02 07:51:48.487 17 INFO neutron.wsgi [req-f0e9f56a-f00d-4fb3-ac6c-c879c1caa23d daa06a3b2fb1450ab77708e537342488 effdbbe6fa434a438b35cf5ed9a94e5e - default default] 192.168.122.100 "GET /v2.0/networks/ctlplane HTTP/1.1" status: 404 len: 316 time: 0.0244555
2025-12-02 07:51:48.572 17 DEBUG neutron.pecan_wsgi.hooks.policy_enforcement [req-dd63dacb-dbac-45b9-85d6-974bd6996c87 daa06a3b2fb1450ab77708e537342488 effdbbe6fa434a438b35cf5ed9a94e5e - default default] Attributes excluded by policy engine: ['standard_attr_id', 'vlan_transparent'] _exclude_attributes_by_policy /usr/lib/python3.9/site-packages/neutron/pecan_wsgi/hooks/policy_enforcement.py:259
2025-12-02 07:51:48.574 17 INFO neutron.wsgi [req-dd63dacb-dbac-45b9-85d6-974bd6996c87 daa06a3b2fb1450ab77708e537342488 effdbbe6fa434a438b35cf5ed9a94e5e - default default] 192.168.122.100 "GET /v2.0/networks?name=ctlplane HTTP/1.1" status: 200 len: 949 time: 0.0841854
2025-12-02 07:52:01.164 16 DEBUG neutron.wsgi [-] (16) accepted ('192.168.122.100', 34692) server /usr/lib/python3.9/site-packages/eventlet/wsgi.py:992
2025-12-02 07:52:01.167 16 INFO neutron.wsgi [-] 192.168.122.100 "GET / HTTP/1.1" status: 200 len: 233 time: 0.0014153
2025-12-02 07:52:16.841 16 DEBUG neutron.wsgi [-] (16) accepted ('192.168.122.100', 36510) server /usr/lib/python3.9/site-packages/eventlet/wsgi.py:992
2025-12-02 07:52:16.914 16 INFO neutron.pecan_wsgi.hooks.translation [req-d39a1385-d83c-467a-aeed-7e328e95d2cc daa06a3b2fb1450ab77708e537342488 effdbbe6fa434a438b35cf5ed9a94e5e - default default] GET failed (client error): The resource could not be found.
2025-12-02 07:52:16.915 16 INFO neutron.wsgi [req-d39a1385-d83c-467a-aeed-7e328e95d2cc daa06a3b2fb1450ab77708e537342488 effdbbe6fa434a438b35cf5ed9a94e5e - default default] 192.168.122.100 "GET /v2.0/networks/ovn_mac_addr_net HTTP/1.1" status: 404 len: 324 time: 0.0727654
2025-12-02 07:52:16.944 16 INFO neutron.wsgi [req-25fa9daf-a3bb-497c-9053-4bd2bd31d3a8 daa06a3b2fb1450ab77708e537342488 effdbbe6fa434a438b35cf5ed9a94e5e - default default] 192.168.122.100 "GET /v2.0/networks?name=ovn_mac_addr_net HTTP/1.1" status: 200 len: 213 time: 0.0244803
2025-12-02 07:52:16.952 16 DEBUG neutron.api.v2.base [req-64cc56aa-3612-4c9c-bdc9-d6fc0891bfa2 daa06a3b2fb1450ab77708e537342488 effdbbe6fa434a438b35cf5ed9a94e5e - default default] Request body: {'network': {'description': 'Network used to allocate MAC addresses for OVN chassis.', 'name': 'ovn_mac_addr_net'}} prepare_request_body /usr/lib/python3.9/site-packages/neutron/api/v2/base.py:729
2025-12-02 07:52:16.973 16 DEBUG neutron.pecan_wsgi.hooks.quota_enforcement [req-64cc56aa-3612-4c9c-bdc9-d6fc0891bfa2 daa06a3b2fb1450ab77708e537342488 effdbbe6fa434a438b35cf5ed9a94e5e - default default] Made reservation on behalf of effdbbe6fa434a438b35cf5ed9a94e5e for: {'network': 1} before /usr/lib/python3.9/site-packages/neutron/pecan_wsgi/hooks/quota_enforcement.py:53
2025-12-02 07:52:16.975 16 DEBUG neutron_lib.callbacks.manager [req-64cc56aa-3612-4c9c-bdc9-d6fc0891bfa2 daa06a3b2fb1450ab77708e537342488 effdbbe6fa434a438b35cf5ed9a94e5e - default default] Notify callbacks ['neutron.plugins.ml2.plugin.SecurityGroupDbMixin._ensure_default_security_group_handler-557436'] for network, before_create _notify_loop /usr/lib/python3.9/site-packages/neutron_lib/callbacks/manager.py:200
2025-12-02 07:52:17.006 16 DEBUG neutron_lib.callbacks.manager [req-64cc56aa-3612-4c9c-bdc9-d6fc0891bfa2 daa06a3b2fb1450ab77708e537342488 effdbbe6fa434a438b35cf5ed9a94e5e - default default] Notify callbacks ['neutron.services.segments.db._add_segment_host_mapping_for_segment-8736548904439', 'neutron.plugins.ml2.plugin.Ml2Plugin._handle_segment_change-922797'] for segment, precommit_create _notify_loop /usr/lib/python3.9/site-packages/neutron_lib/callbacks/manager.py:200
2025-12-02 07:52:17.007 16 INFO neutron.db.segments_db [req-64cc56aa-3612-4c9c-bdc9-d6fc0891bfa2 daa06a3b2fb1450ab77708e537342488 effdbbe6fa434a438b35cf5ed9a94e5e - default default] Added segment 731016a5-7701-477f-9011-1191088d06a4 of type local for network 40511c4e-a80e-4a04-ba97-b86ba6db06b2
2025-12-02 07:52:17.048 16 DEBUG neutron_lib.callbacks.manager [req-64cc56aa-3612-4c9c-bdc9-d6fc0891bfa2 daa06a3b2fb1450ab77708e537342488 effdbbe6fa434a438b35cf5ed9a94e5e - default default] Notify callbacks ['neutron.services.auto_allocate.db._ensure_external_network_default_value_callback-8736548259238'] for network, precommit_create _notify_loop /usr/lib/python3.9/site-packages/neutron_lib/callbacks/manager.py:200
2025-12-02 07:52:17.065 16 DEBUG neutron_lib.callbacks.manager [req-64cc56aa-3612-4c9c-bdc9-d6fc0891bfa2 daa06a3b2fb1450ab77708e537342488 effdbbe6fa434a438b35cf5ed9a94e5e - default default] Notify callbacks ['neutron.plugins.ml2.ovo_rpc._ObjectChangeHandler.handle_event-3746566', 'neutron.api.rpc.agentnotifiers.dhcp_rpc_agent_api.DhcpAgentNotifyAPI._native_event_send_dhcp_notification-4062192'] for network, after_create _notify_loop /usr/lib/python3.9/site-packages/neutron_lib/callbacks/manager.py:200
2025-12-02 07:52:17.066 16 DEBUG neutron.pecan_wsgi.hooks.policy_enforcement [req-64cc56aa-3612-4c9c-bdc9-d6fc0891bfa2 daa06a3b2fb1450ab77708e537342488 effdbbe6fa434a438b35cf5ed9a94e5e - default default] Attributes excluded by policy engine: ['standard_attr_id', 'vlan_transparent'] _exclude_attributes_by_policy /usr/lib/python3.9/site-packages/neutron/pecan_wsgi/hooks/policy_enforcement.py:259
2025-12-02 07:52:17.066 16 DEBUG neutron_lib.callbacks.manager [req-64cc56aa-3612-4c9c-bdc9-d6fc0891bfa2 daa06a3b2fb1450ab77708e537342488 effdbbe6fa434a438b35cf5ed9a94e5e - default default] Notify callbacks ['neutron.api.rpc.agentnotifiers.dhcp_rpc_agent_api.DhcpAgentNotifyAPI._send_dhcp_notification-4062082'] for network, before_response _notify_loop /usr/lib/python3.9/site-packages/neutron_lib/callbacks/manager.py:200
2025-12-02 07:52:17.126 16 INFO neutron.wsgi [req-64cc56aa-3612-4c9c-bdc9-d6fc0891bfa2 daa06a3b2fb1450ab77708e537342488 effdbbe6fa434a438b35cf5ed9a94e5e - default default] 192.168.122.100 "POST /v2.0/networks HTTP/1.1" status: 201 len: 942 time: 0.1779492
2025-12-02 07:52:17.130 16 DEBUG neutron.api.rpc.handlers.resources_rpc [req-64cc56aa-3612-4c9c-bdc9-d6fc0891bfa2 daa06a3b2fb1450ab77708e537342488 effdbbe6fa434a438b35cf5ed9a94e5e - - -] Pushing event updated for resources: {'Network': ['ID=40511c4e-a80e-4a04-ba97-b86ba6db06b2,revision_number=1']} push /usr/lib/python3.9/site-packages/neutron/api/rpc/handlers/resources_rpc.py:237
2025-12-02 07:52:17.134 16 DEBUG neutron.api.rpc.callbacks.version_manager [req-64cc56aa-3612-4c9c-bdc9-d6fc0891bfa2 daa06a3b2fb1450ab77708e537342488 effdbbe6fa434a438b35cf5ed9a94e5e - - -] Version for resource type AddressGroup changed None to 1.2 on consumer Open vSwitch agent@undercloud.localdomain _set_version /usr/lib/python3.9/site-packages/neutron/api/rpc/callbacks/version_manager.py:113
2025-12-02 07:52:17.134 16 DEBUG neutron.api.rpc.callbacks.version_manager [req-64cc56aa-3612-4c9c-bdc9-d6fc0891bfa2 daa06a3b2fb1450ab77708e537342488 effdbbe6fa434a438b35cf5ed9a94e5e - - -] Version for resource type ConntrackHelper changed None to 1.0 on consumer Open vSwitch agent@undercloud.localdomain _set_version /usr/lib/python3.9/site-packages/neutron/api/rpc/callbacks/version_manager.py:113
2025-12-02 07:52:17.134 16 DEBUG neutron.api.rpc.callbacks.version_manager [req-64cc56aa-3612-4c9c-bdc9-d6fc0891bfa2 daa06a3b2fb1450ab77708e537342488 effdbbe6fa434a438b35cf5ed9a94e5e - - -] Version for resource type Log changed None to 1.0 on consumer Open vSwitch agent@undercloud.localdomain _set_version /usr/lib/python3.9/site-packages/neutron/api/rpc/callbacks/version_manager.py:113
2025-12-02 07:52:17.135 16 DEBUG neutron.api.rpc.callbacks.version_manager [req-64cc56aa-3612-4c9c-bdc9-d6fc0891bfa2 daa06a3b2fb1450ab77708e537342488 effdbbe6fa434a438b35cf5ed9a94e5e - - -] Version for resource type Network changed None to 1.1 on consumer Open vSwitch agent@undercloud.localdomain _set_version /usr/lib/python3.9/site-packages/neutron/api/rpc/callbacks/version_manager.py:113
2025-12-02 07:52:17.135 16 DEBUG neutron.api.rpc.callbacks.version_manager [req-64cc56aa-3612-4c9c-bdc9-d6fc0891bfa2 daa06a3b2fb1450ab77708e537342488 effdbbe6fa434a438b35cf5ed9a94e5e - - -] Version for resource type Port changed None to 1.7 on consumer Open vSwitch agent@undercloud.localdomain _set_version /usr/lib/python3.9/site-packages/neutron/api/rpc/callbacks/version_manager.py:113
2025-12-02 07:52:17.135 16 DEBUG neutron.api.rpc.callbacks.version_manager [req-64cc56aa-3612-4c9c-bdc9-d6fc0891bfa2 daa06a3b2fb1450ab77708e537342488 effdbbe6fa434a438b35cf5ed9a94e5e - - -] Version for resource type PortForwarding changed None to 1.2 on consumer Open vSwitch agent@undercloud.localdomain _set_version /usr/lib/python3.9/site-packages/neutron/api/rpc/callbacks/version_manager.py:113
2025-12-02 07:52:17.135 16 DEBUG neutron.api.rpc.callbacks.version_manager [req-64cc56aa-3612-4c9c-bdc9-d6fc0891bfa2 daa06a3b2fb1450ab77708e537342488 effdbbe6fa434a438b35cf5ed9a94e5e - - -] Version for resource type QosPolicy changed None to 1.8 on consumer Open vSwitch agent@undercloud.localdomain _set_version /usr/lib/python3.9/site-packages/neutron/api/rpc/callbacks/version_manager.py:113
2025-12-02 07:52:17.135 16 DEBUG neutron.api.rpc.callbacks.version_manager [req-64cc56aa-3612-4c9c-bdc9-d6fc0891bfa2 daa06a3b2fb1450ab77708e537342488 effdbbe6fa434a438b35cf5ed9a94e5e - - -] Version for resource type SecurityGroup changed None to 1.5 on consumer Open vSwitch agent@undercloud.localdomain _set_version /usr/lib/python3.9/site-packages/neutron/api/rpc/callbacks/version_manager.py:113
2025-12-02 07:52:17.135 16 DEBUG neutron.api.rpc.callbacks.version_manager [req-64cc56aa-3612-4c9c-bdc9-d6fc0891bfa2 daa06a3b2fb1450ab77708e537342488 effdbbe6fa434a438b35cf5ed9a94e5e - - -] Version for resource type SecurityGroupRule changed None to 1.2 on consumer Open vSwitch agent@undercloud.localdomain _set_version /usr/lib/python3.9/site-packages/neutron/api/rpc/callbacks/version_manager.py:113
2025-12-02 07:52:17.135 16 DEBUG neutron.api.rpc.callbacks.version_manager [req-64cc56aa-3612-4c9c-bdc9-d6fc0891bfa2 daa06a3b2fb1450ab77708e537342488 effdbbe6fa434a438b35cf5ed9a94e5e - - -] Version for resource type SubPort changed None to 1.0 on consumer Open vSwitch agent@undercloud.localdomain _set_version /usr/lib/python3.9/site-packages/neutron/api/rpc/callbacks/version_manager.py:113
2025-12-02 07:52:17.136 16 DEBUG neutron.api.rpc.callbacks.version_manager [req-64cc56aa-3612-4c9c-bdc9-d6fc0891bfa2 daa06a3b2fb1450ab77708e537342488 effdbbe6fa434a438b35cf5ed9a94e5e - - -] Version for resource type Subnet changed None to 1.1 on consumer Open vSwitch agent@undercloud.localdomain _set_version /usr/lib/python3.9/site-packages/neutron/api/rpc/callbacks/version_manager.py:113
2025-12-02 07:52:17.136 16 DEBUG neutron.api.rpc.callbacks.version_manager [req-64cc56aa-3612-4c9c-bdc9-d6fc0891bfa2 daa06a3b2fb1450ab77708e537342488 effdbbe6fa434a438b35cf5ed9a94e5e - - -] Version for resource type Trunk changed None to 1.1 on consumer Open vSwitch agent@undercloud.localdomain _set_version /usr/lib/python3.9/site-packages/neutron/api/rpc/callbacks/version_manager.py:113
2025-12-02 07:52:17.137 17 DEBUG neutron.wsgi [-] (17) accepted ('192.168.122.100', 36516) server /usr/lib/python3.9/site-packages/eventlet/wsgi.py:992
2025-12-02 07:52:17.141 15 DEBUG neutron.wsgi [-] (15) accepted ('192.168.122.100', 36528) server /usr/lib/python3.9/site-packages/eventlet/wsgi.py:992
2025-12-02 07:52:17.168 16 INFO neutron.wsgi [req-ed34dda0-10d8-40b8-b927-17ebfdca7690 daa06a3b2fb1450ab77708e537342488 effdbbe6fa434a438b35cf5ed9a94e5e - default default] 192.168.122.100 "GET /v2.0/ports?name=np0005541909_ovn_physnet_datacentre&network_id=40511c4e-a80e-4a04-ba97-b86ba6db06b2&tags=tripleo_stack_name%3Dovercloud HTTP/1.1" status: 200 len: 210 time: 0.0350115
2025-12-02 07:52:17.176 22 DEBUG neutron.plugins.ml2.rpc [req-99a0b0d4-6730-433d-bf54-badb559a3175 - - - - -] Network 40511c4e-a80e-4a04-ba97-b86ba6db06b2 details requested by agent ovs-agent-undercloud.localdomain with host undercloud.localdomain get_network_details /usr/lib/python3.9/site-packages/neutron/plugins/ml2/rpc.py:232
2025-12-02 07:52:17.177 16 DEBUG neutron.api.v2.base [req-40ce9eb2-2b7d-49ff-bd72-296a81160a49 daa06a3b2fb1450ab77708e537342488 effdbbe6fa434a438b35cf5ed9a94e5e - default default] Request body: {'port': {'dns_name': 'np0005541909', 'name': 'np0005541909_ovn_physnet_datacentre', 'network_id': '40511c4e-a80e-4a04-ba97-b86ba6db06b2'}} prepare_request_body /usr/lib/python3.9/site-packages/neutron/api/v2/base.py:729
2025-12-02 07:52:17.186 17 INFO neutron.wsgi [req-22cb239e-bd56-44aa-acb0-f96376615d40 daa06a3b2fb1450ab77708e537342488 effdbbe6fa434a438b35cf5ed9a94e5e - default default] 192.168.122.100 "GET /v2.0/ports?name=np0005541910_ovn_physnet_datacentre&network_id=40511c4e-a80e-4a04-ba97-b86ba6db06b2&tags=tripleo_stack_name%3Dovercloud HTTP/1.1" status: 200 len: 210 time: 0.0448911
2025-12-02 07:52:17.188 16 DEBUG neutron.pecan_wsgi.hooks.quota_enforcement [req-40ce9eb2-2b7d-49ff-bd72-296a81160a49 daa06a3b2fb1450ab77708e537342488 effdbbe6fa434a438b35cf5ed9a94e5e - default default] Made reservation on behalf of effdbbe6fa434a438b35cf5ed9a94e5e for: {'port': 1} before /usr/lib/python3.9/site-packages/neutron/pecan_wsgi/hooks/quota_enforcement.py:53
2025-12-02 07:52:17.189 16 DEBUG neutron_lib.callbacks.manager [req-40ce9eb2-2b7d-49ff-bd72-296a81160a49 daa06a3b2fb1450ab77708e537342488 effdbbe6fa434a438b35cf5ed9a94e5e - default default] Notify callbacks ['neutron.plugins.ml2.plugin.SecurityGroupDbMixin._ensure_default_security_group_handler-557436'] for port, before_create _notify_loop /usr/lib/python3.9/site-packages/neutron_lib/callbacks/manager.py:200
2025-12-02 07:52:17.193 15 INFO neutron.wsgi [req-c48d22b1-5c61-4969-a8ca-67006ca389b6 daa06a3b2fb1450ab77708e537342488 effdbbe6fa434a438b35cf5ed9a94e5e - default default] 192.168.122.100 "GET /v2.0/ports?name=np0005541911_ovn_physnet_datacentre&network_id=40511c4e-a80e-4a04-ba97-b86ba6db06b2&tags=tripleo_stack_name%3Dovercloud HTTP/1.1" status: 200 len: 210 time: 0.0506248
2025-12-02 07:52:17.198 17 DEBUG neutron.api.v2.base [req-0baf1d59-be8a-43a7-9bd9-7969a6d176fe daa06a3b2fb1450ab77708e537342488 effdbbe6fa434a438b35cf5ed9a94e5e - default default] Request body: {'port': {'dns_name': 'np0005541910', 'name': 'np0005541910_ovn_physnet_datacentre', 'network_id': '40511c4e-a80e-4a04-ba97-b86ba6db06b2'}} prepare_request_body /usr/lib/python3.9/site-packages/neutron/api/v2/base.py:729
2025-12-02 07:52:17.201 16 DEBUG neutron.notifiers.nova [req-40ce9eb2-2b7d-49ff-bd72-296a81160a49 daa06a3b2fb1450ab77708e537342488 effdbbe6fa434a438b35cf5ed9a94e5e - default default] device_id is not set on port f1c68849-0020-4f40-8494-da729952be12 yet. _can_notify /usr/lib/python3.9/site-packages/neutron/notifiers/nova.py:201
2025-12-02 07:52:17.203 15 DEBUG neutron.api.v2.base [req-859653f7-04f8-48cf-8513-b47c45579ed3 daa06a3b2fb1450ab77708e537342488 effdbbe6fa434a438b35cf5ed9a94e5e - default default] Request body: {'port': {'dns_name': 'np0005541911', 'name': 'np0005541911_ovn_physnet_datacentre', 'network_id': '40511c4e-a80e-4a04-ba97-b86ba6db06b2'}} prepare_request_body /usr/lib/python3.9/site-packages/neutron/api/v2/base.py:729
2025-12-02 07:52:17.209 17 DEBUG neutron.pecan_wsgi.hooks.quota_enforcement [req-0baf1d59-be8a-43a7-9bd9-7969a6d176fe daa06a3b2fb1450ab77708e537342488 effdbbe6fa434a438b35cf5ed9a94e5e - default default] Made reservation on behalf of effdbbe6fa434a438b35cf5ed9a94e5e for: {'port': 1} before /usr/lib/python3.9/site-packages/neutron/pecan_wsgi/hooks/quota_enforcement.py:53
