2025-12-02 07:52:20.303 15 INFO neutron.wsgi [req-4d718387-2830-4068-8d7c-c58b01d195fe daa06a3b2fb1450ab77708e537342488 effdbbe6fa434a438b35cf5ed9a94e5e - default default] 192.168.122.100 "POST /v2.0/ports HTTP/1.1" status: 201 len: 1040 time: 0.2370644
2025-12-02 07:52:20.308 18 DEBUG neutron.services.tag.tag_plugin [req-1d82eec1-7e1e-4a35-b9f4-2ae2f0f42b92 daa06a3b2fb1450ab77708e537342488 effdbbe6fa434a438b35cf5ed9a94e5e - default default] neutron.services.tag.tag_plugin.TagPlugin method update_tags called with arguments (, 'ports', '97df0038-6240-4e9a-a749-60ea4e595deb', {'tags': ['tripleo_stack_name=overcloud', 'tripleo_ovn_physnet=datacentre']}) {} wrapper /usr/lib/python3.9/site-packages/oslo_log/helpers.py:65
2025-12-02 07:52:20.312 15 DEBUG neutron.services.tag.tag_plugin [req-6f29b674-dc4f-4f0e-a3c6-d67d971ef3f3 daa06a3b2fb1450ab77708e537342488 effdbbe6fa434a438b35cf5ed9a94e5e - default default] neutron.services.tag.tag_plugin.TagPlugin method update_tags called with arguments (, 'ports', '822c685d-b04c-4ddb-912c-2dcd550edef7', {'tags': ['tripleo_stack_name=overcloud', 'tripleo_ovn_physnet=datacentre']}) {} wrapper /usr/lib/python3.9/site-packages/oslo_log/helpers.py:65
2025-12-02 07:52:20.339 18 INFO neutron.wsgi [req-1d82eec1-7e1e-4a35-b9f4-2ae2f0f42b92 daa06a3b2fb1450ab77708e537342488 effdbbe6fa434a438b35cf5ed9a94e5e - default default] 192.168.122.100 "PUT /v2.0/ports/97df0038-6240-4e9a-a749-60ea4e595deb/tags HTTP/1.1" status: 200 len: 274 time: 0.0334702
2025-12-02 07:52:20.342 17 DEBUG neutron_lib.callbacks.manager [req-83b6e3aa-7d69-43ed-a49f-d1704c314aa6 daa06a3b2fb1450ab77708e537342488 effdbbe6fa434a438b35cf5ed9a94e5e - default default] Notify callbacks [] for allowed_address_pair, before_create _notify_loop /usr/lib/python3.9/site-packages/neutron_lib/callbacks/manager.py:200
2025-12-02 07:52:20.342 15 INFO neutron.wsgi [req-6f29b674-dc4f-4f0e-a3c6-d67d971ef3f3 daa06a3b2fb1450ab77708e537342488 effdbbe6fa434a438b35cf5ed9a94e5e - default default] 192.168.122.100 "PUT /v2.0/ports/822c685d-b04c-4ddb-912c-2dcd550edef7/tags HTTP/1.1" status: 200 len: 274 time: 0.0320172
2025-12-02 07:52:20.343 17 DEBUG neutron_lib.callbacks.manager [req-83b6e3aa-7d69-43ed-a49f-d1704c314aa6 daa06a3b2fb1450ab77708e537342488 effdbbe6fa434a438b35cf5ed9a94e5e - default default] Notify callbacks [] for port, precommit_create _notify_loop /usr/lib/python3.9/site-packages/neutron_lib/callbacks/manager.py:200
2025-12-02 07:52:20.355 17 DEBUG neutron_lib.callbacks.manager [req-83b6e3aa-7d69-43ed-a49f-d1704c314aa6 daa06a3b2fb1450ab77708e537342488 effdbbe6fa434a438b35cf5ed9a94e5e - default default] Notify callbacks ['neutron.plugins.ml2.plugin.SecurityGroupServerNotifierRpcMixin.notify_sg_on_port_change-528520', 'neutron.plugins.ml2.extensions.dns_integration._create_port_in_external_dns_service-8736548789836', 'neutron.plugins.ml2.ovo_rpc._ObjectChangeHandler.handle_event-318557', 'neutron.api.rpc.agentnotifiers.dhcp_rpc_agent_api.DhcpAgentNotifyAPI._native_event_send_dhcp_notification-4062192', 'neutron.services.segments.plugin.NovaSegmentNotifier._notify_port_created_or_deleted-4156389'] for port, after_create _notify_loop /usr/lib/python3.9/site-packages/neutron_lib/callbacks/manager.py:200
2025-12-02 07:52:20.405 17 DEBUG neutron.scheduler.dhcp_agent_scheduler [req-83b6e3aa-7d69-43ed-a49f-d1704c314aa6 daa06a3b2fb1450ab77708e537342488 effdbbe6fa434a438b35cf5ed9a94e5e - default default] Network 40511c4e-a80e-4a04-ba97-b86ba6db06b2 is already hosted by enough agents. _get_dhcp_agents_hosting_network /usr/lib/python3.9/site-packages/neutron/scheduler/dhcp_agent_scheduler.py:275
2025-12-02 07:52:20.408 17 DEBUG neutron.scheduler.base_scheduler [req-83b6e3aa-7d69-43ed-a49f-d1704c314aa6 daa06a3b2fb1450ab77708e537342488 effdbbe6fa434a438b35cf5ed9a94e5e - default default] Resources bound (agent type, host, resource id): schedule /usr/lib/python3.9/site-packages/neutron/scheduler/base_scheduler.py:57
2025-12-02 07:52:20.411 17 DEBUG neutron.pecan_wsgi.hooks.policy_enforcement [req-83b6e3aa-7d69-43ed-a49f-d1704c314aa6 daa06a3b2fb1450ab77708e537342488 effdbbe6fa434a438b35cf5ed9a94e5e - default default] Attributes excluded by policy engine: ['standard_attr_id', 'network'] _exclude_attributes_by_policy /usr/lib/python3.9/site-packages/neutron/pecan_wsgi/hooks/policy_enforcement.py:259
2025-12-02 07:52:20.411 17 DEBUG neutron_lib.callbacks.manager [req-83b6e3aa-7d69-43ed-a49f-d1704c314aa6 daa06a3b2fb1450ab77708e537342488 effdbbe6fa434a438b35cf5ed9a94e5e - default default] Notify callbacks ['neutron.notifiers.nova.Notifier._send_nova_notification-162626', 'neutron.api.rpc.agentnotifiers.dhcp_rpc_agent_api.DhcpAgentNotifyAPI._send_dhcp_notification-4062082'] for port, before_response _notify_loop /usr/lib/python3.9/site-packages/neutron_lib/callbacks/manager.py:200
2025-12-02 07:52:20.414 17 DEBUG neutron.api.rpc.handlers.resources_rpc [req-83b6e3aa-7d69-43ed-a49f-d1704c314aa6 daa06a3b2fb1450ab77708e537342488 effdbbe6fa434a438b35cf5ed9a94e5e - - -] Pushing event updated for resources: {'Port': ['ID=5952f8e7-a919-4a5f-9e2d-616bd2a3ad6c,revision_number=1']} push /usr/lib/python3.9/site-packages/neutron/api/rpc/handlers/resources_rpc.py:237
2025-12-02 07:52:20.421 17 INFO neutron.wsgi [req-83b6e3aa-7d69-43ed-a49f-d1704c314aa6 daa06a3b2fb1450ab77708e537342488 effdbbe6fa434a438b35cf5ed9a94e5e - default default] 192.168.122.100 "POST /v2.0/ports HTTP/1.1" status: 201 len: 1040 time: 0.3631949
2025-12-02 07:52:20.427 17 DEBUG neutron.services.tag.tag_plugin [req-772077c7-1a47-4423-8c29-a0e3fa536349 daa06a3b2fb1450ab77708e537342488 effdbbe6fa434a438b35cf5ed9a94e5e - default default] neutron.services.tag.tag_plugin.TagPlugin method update_tags called with arguments (, 'ports', '5952f8e7-a919-4a5f-9e2d-616bd2a3ad6c', {'tags': ['tripleo_stack_name=overcloud', 'tripleo_ovn_physnet=datacentre']}) {} wrapper /usr/lib/python3.9/site-packages/oslo_log/helpers.py:65
2025-12-02 07:52:20.453 17 INFO neutron.wsgi [req-772077c7-1a47-4423-8c29-a0e3fa536349 daa06a3b2fb1450ab77708e537342488 effdbbe6fa434a438b35cf5ed9a94e5e - default default] 192.168.122.100 "PUT /v2.0/ports/5952f8e7-a919-4a5f-9e2d-616bd2a3ad6c/tags HTTP/1.1" status: 200 len: 274 time: 0.0287733
2025-12-02 07:52:20.493 17 DEBUG neutron.pecan_wsgi.hooks.policy_enforcement [req-340604a4-9f8a-4a40-b2e9-08e4459cbdcb daa06a3b2fb1450ab77708e537342488 effdbbe6fa434a438b35cf5ed9a94e5e - default default] Attributes excluded by policy engine: ['standard_attr_id'] _exclude_attributes_by_policy /usr/lib/python3.9/site-packages/neutron/pecan_wsgi/hooks/policy_enforcement.py:259
2025-12-02 07:52:20.494 17 DEBUG neutron.pecan_wsgi.hooks.policy_enforcement [req-340604a4-9f8a-4a40-b2e9-08e4459cbdcb daa06a3b2fb1450ab77708e537342488 effdbbe6fa434a438b35cf5ed9a94e5e - default default] Attributes excluded by policy engine: ['standard_attr_id'] _exclude_attributes_by_policy /usr/lib/python3.9/site-packages/neutron/pecan_wsgi/hooks/policy_enforcement.py:259
2025-12-02 07:52:20.494 17 DEBUG neutron.pecan_wsgi.hooks.policy_enforcement [req-340604a4-9f8a-4a40-b2e9-08e4459cbdcb daa06a3b2fb1450ab77708e537342488 effdbbe6fa434a438b35cf5ed9a94e5e - default default] Attributes excluded by policy engine: ['standard_attr_id'] _exclude_attributes_by_policy /usr/lib/python3.9/site-packages/neutron/pecan_wsgi/hooks/policy_enforcement.py:259
2025-12-02 07:52:20.494 17 DEBUG neutron.pecan_wsgi.hooks.policy_enforcement [req-340604a4-9f8a-4a40-b2e9-08e4459cbdcb daa06a3b2fb1450ab77708e537342488 effdbbe6fa434a438b35cf5ed9a94e5e - default default] Attributes excluded by policy engine: ['standard_attr_id'] _exclude_attributes_by_policy /usr/lib/python3.9/site-packages/neutron/pecan_wsgi/hooks/policy_enforcement.py:259
2025-12-02 07:52:20.494 17 DEBUG neutron.pecan_wsgi.hooks.policy_enforcement [req-340604a4-9f8a-4a40-b2e9-08e4459cbdcb daa06a3b2fb1450ab77708e537342488 effdbbe6fa434a438b35cf5ed9a94e5e - default default] Attributes excluded by policy engine: ['standard_attr_id'] _exclude_attributes_by_policy /usr/lib/python3.9/site-packages/neutron/pecan_wsgi/hooks/policy_enforcement.py:259
2025-12-02 07:52:20.494 17 DEBUG neutron.pecan_wsgi.hooks.policy_enforcement [req-340604a4-9f8a-4a40-b2e9-08e4459cbdcb daa06a3b2fb1450ab77708e537342488 effdbbe6fa434a438b35cf5ed9a94e5e - default default] Attributes excluded by policy engine: ['standard_attr_id'] _exclude_attributes_by_policy /usr/lib/python3.9/site-packages/neutron/pecan_wsgi/hooks/policy_enforcement.py:259
2025-12-02 07:52:20.495 17 INFO neutron.wsgi [req-340604a4-9f8a-4a40-b2e9-08e4459cbdcb daa06a3b2fb1450ab77708e537342488 effdbbe6fa434a438b35cf5ed9a94e5e - default default] 192.168.122.100 "GET /v2.0/ports?network_id=40511c4e-a80e-4a04-ba97-b86ba6db06b2&tags=tripleo_stack_name%3Dovercloud HTTP/1.1" status: 200 len: 5557 time: 0.0376151
2025-12-02 07:52:20.526 17 DEBUG neutron.plugins.ml2.plugin [req-ca53650e-1c3a-483c-86d5-396c9ccebb07 daa06a3b2fb1450ab77708e537342488 effdbbe6fa434a438b35cf5ed9a94e5e - default default] Deleting port 30b33b46-4319-4dd6-8a7e-97a269498e46 _pre_delete_port /usr/lib/python3.9/site-packages/neutron/plugins/ml2/plugin.py:2025
2025-12-02 07:52:20.526 17 DEBUG neutron_lib.callbacks.manager [req-ca53650e-1c3a-483c-86d5-396c9ccebb07 daa06a3b2fb1450ab77708e537342488 effdbbe6fa434a438b35cf5ed9a94e5e - default default] Notify callbacks ['neutron.plugins.ml2.extensions.dns_integration._delete_port_in_external_dns_service-8736548789872', 'neutron.db.l3_db.L3_NAT_dbonly_mixin._prevent_l3_port_delete_callback-8736548854303'] for port, before_delete _notify_loop /usr/lib/python3.9/site-packages/neutron_lib/callbacks/manager.py:200
2025-12-02 07:52:20.608 17 DEBUG neutron_lib.callbacks.manager [req-ca53650e-1c3a-483c-86d5-396c9ccebb07 daa06a3b2fb1450ab77708e537342488 effdbbe6fa434a438b35cf5ed9a94e5e - default default] Notify callbacks ['neutron.services.l3_router.l3_router_plugin.L3_NAT_dbonly_mixin._precommit_delete_port_callback-4192958'] for port, precommit_delete _notify_loop /usr/lib/python3.9/site-packages/neutron_lib/callbacks/manager.py:200
2025-12-02 07:52:20.618 17 DEBUG neutron.plugins.ml2.plugin [req-ca53650e-1c3a-483c-86d5-396c9ccebb07 daa06a3b2fb1450ab77708e537342488 effdbbe6fa434a438b35cf5ed9a94e5e - default default] Calling delete_port for 30b33b46-4319-4dd6-8a7e-97a269498e46 owned by delete_port /usr/lib/python3.9/site-packages/neutron/plugins/ml2/plugin.py:2097
2025-12-02 07:52:20.693 17 DEBUG neutron_lib.callbacks.manager [req-ca53650e-1c3a-483c-86d5-396c9ccebb07 daa06a3b2fb1450ab77708e537342488 effdbbe6fa434a438b35cf5ed9a94e5e - default default] Notify callbacks ['neutron.plugins.ml2.plugin.SecurityGroupServerNotifierRpcMixin.notify_sg_on_port_change-528520', 'neutron.plugins.ml2.ovo_rpc._ObjectChangeHandler.handle_event-318557', 'neutron.api.rpc.agentnotifiers.dhcp_rpc_agent_api.DhcpAgentNotifyAPI._native_event_send_dhcp_notification-4062192', 'neutron.db.l3_db.L3RpcNotifierMixin._notify_routers_callback-8736548860555', 'neutron.services.segments.plugin.NovaSegmentNotifier._notify_port_created_or_deleted-4156389'] for port, after_delete _notify_loop /usr/lib/python3.9/site-packages/neutron_lib/callbacks/manager.py:200
2025-12-02 07:52:20.714 17 DEBUG neutron.api.rpc.handlers.resources_rpc [req-ca53650e-1c3a-483c-86d5-396c9ccebb07 daa06a3b2fb1450ab77708e537342488 effdbbe6fa434a438b35cf5ed9a94e5e - - -] Pushing event deleted for resources: {'Port': ['ID=30b33b46-4319-4dd6-8a7e-97a269498e46,revision_number=None']} push /usr/lib/python3.9/site-packages/neutron/api/rpc/handlers/resources_rpc.py:237
2025-12-02 07:52:20.721 17 DEBUG neutron_lib.callbacks.manager [req-ca53650e-1c3a-483c-86d5-396c9ccebb07 daa06a3b2fb1450ab77708e537342488 effdbbe6fa434a438b35cf5ed9a94e5e - default default] Notify callbacks ['neutron.notifiers.nova.Notifier._send_nova_notification-162626', 'neutron.api.rpc.agentnotifiers.dhcp_rpc_agent_api.DhcpAgentNotifyAPI._send_dhcp_notification-4062082'] for port, before_response _notify_loop /usr/lib/python3.9/site-packages/neutron_lib/callbacks/manager.py:200
2025-12-02 07:52:20.723 17 INFO neutron.wsgi [req-ca53650e-1c3a-483c-86d5-396c9ccebb07 daa06a3b2fb1450ab77708e537342488 effdbbe6fa434a438b35cf5ed9a94e5e - default default] 192.168.122.100 "DELETE /v2.0/ports/30b33b46-4319-4dd6-8a7e-97a269498e46 HTTP/1.1" status: 204 len: 173 time: 0.2208049
2025-12-02 07:52:20.757 17 DEBUG neutron.plugins.ml2.plugin [req-ae8eab71-9f29-4202-8d81-e5c12412a34b daa06a3b2fb1450ab77708e537342488 effdbbe6fa434a438b35cf5ed9a94e5e - default default] Deleting port 3279ffdd-e8fa-4b33-948e-a6f8ebb15639 _pre_delete_port /usr/lib/python3.9/site-packages/neutron/plugins/ml2/plugin.py:2025
2025-12-02 07:52:20.758 17 DEBUG neutron_lib.callbacks.manager [req-ae8eab71-9f29-4202-8d81-e5c12412a34b daa06a3b2fb1450ab77708e537342488 effdbbe6fa434a438b35cf5ed9a94e5e - default default] Notify callbacks ['neutron.plugins.ml2.extensions.dns_integration._delete_port_in_external_dns_service-8736548789872', 'neutron.db.l3_db.L3_NAT_dbonly_mixin._prevent_l3_port_delete_callback-8736548854303'] for port, before_delete _notify_loop /usr/lib/python3.9/site-packages/neutron_lib/callbacks/manager.py:200
2025-12-02 07:52:20.841 17 DEBUG neutron_lib.callbacks.manager [req-ae8eab71-9f29-4202-8d81-e5c12412a34b daa06a3b2fb1450ab77708e537342488 effdbbe6fa434a438b35cf5ed9a94e5e - default default] Notify callbacks ['neutron.services.l3_router.l3_router_plugin.L3_NAT_dbonly_mixin._precommit_delete_port_callback-4192958'] for port, precommit_delete _notify_loop /usr/lib/python3.9/site-packages/neutron_lib/callbacks/manager.py:200
2025-12-02 07:52:20.849 17 DEBUG neutron.plugins.ml2.plugin [req-ae8eab71-9f29-4202-8d81-e5c12412a34b daa06a3b2fb1450ab77708e537342488 effdbbe6fa434a438b35cf5ed9a94e5e - default default] Calling delete_port for 3279ffdd-e8fa-4b33-948e-a6f8ebb15639 owned by delete_port /usr/lib/python3.9/site-packages/neutron/plugins/ml2/plugin.py:2097
2025-12-02 07:52:20.884 17 DEBUG neutron_lib.callbacks.manager [req-ae8eab71-9f29-4202-8d81-e5c12412a34b daa06a3b2fb1450ab77708e537342488 effdbbe6fa434a438b35cf5ed9a94e5e - default default] Notify callbacks ['neutron.plugins.ml2.plugin.SecurityGroupServerNotifierRpcMixin.notify_sg_on_port_change-528520', 'neutron.plugins.ml2.ovo_rpc._ObjectChangeHandler.handle_event-318557', 'neutron.api.rpc.agentnotifiers.dhcp_rpc_agent_api.DhcpAgentNotifyAPI._native_event_send_dhcp_notification-4062192', 'neutron.db.l3_db.L3RpcNotifierMixin._notify_routers_callback-8736548860555', 'neutron.services.segments.plugin.NovaSegmentNotifier._notify_port_created_or_deleted-4156389'] for port, after_delete _notify_loop /usr/lib/python3.9/site-packages/neutron_lib/callbacks/manager.py:200
2025-12-02 07:52:20.905 17 DEBUG neutron.api.rpc.handlers.resources_rpc [req-ae8eab71-9f29-4202-8d81-e5c12412a34b daa06a3b2fb1450ab77708e537342488 effdbbe6fa434a438b35cf5ed9a94e5e - - -] Pushing event deleted for resources: {'Port': ['ID=3279ffdd-e8fa-4b33-948e-a6f8ebb15639,revision_number=None']} push /usr/lib/python3.9/site-packages/neutron/api/rpc/handlers/resources_rpc.py:237
2025-12-02 07:52:20.912 17 DEBUG neutron_lib.callbacks.manager [req-ae8eab71-9f29-4202-8d81-e5c12412a34b daa06a3b2fb1450ab77708e537342488 effdbbe6fa434a438b35cf5ed9a94e5e - default default] Notify callbacks ['neutron.notifiers.nova.Notifier._send_nova_notification-162626', 'neutron.api.rpc.agentnotifiers.dhcp_rpc_agent_api.DhcpAgentNotifyAPI._send_dhcp_notification-4062082'] for port, before_response _notify_loop /usr/lib/python3.9/site-packages/neutron_lib/callbacks/manager.py:200
2025-12-02 07:52:20.914 17 INFO neutron.wsgi [req-ae8eab71-9f29-4202-8d81-e5c12412a34b daa06a3b2fb1450ab77708e537342488 effdbbe6fa434a438b35cf5ed9a94e5e - default default] 192.168.122.100 "DELETE /v2.0/ports/3279ffdd-e8fa-4b33-948e-a6f8ebb15639 HTTP/1.1" status: 204 len: 173 time: 0.1844196
2025-12-02 07:52:20.952 17 DEBUG neutron.plugins.ml2.plugin [req-b72d2e91-459e-483b-b05c-c42c26c94a1d daa06a3b2fb1450ab77708e537342488 effdbbe6fa434a438b35cf5ed9a94e5e - default default] Deleting port f1c68849-0020-4f40-8494-da729952be12 _pre_delete_port /usr/lib/python3.9/site-packages/neutron/plugins/ml2/plugin.py:2025
2025-12-02 07:52:20.952 17 DEBUG neutron_lib.callbacks.manager [req-b72d2e91-459e-483b-b05c-c42c26c94a1d daa06a3b2fb1450ab77708e537342488 effdbbe6fa434a438b35cf5ed9a94e5e - default default] Notify callbacks ['neutron.plugins.ml2.extensions.dns_integration._delete_port_in_external_dns_service-8736548789872', 'neutron.db.l3_db.L3_NAT_dbonly_mixin._prevent_l3_port_delete_callback-8736548854303'] for port, before_delete _notify_loop /usr/lib/python3.9/site-packages/neutron_lib/callbacks/manager.py:200
2025-12-02 07:52:21.037 17 DEBUG neutron_lib.callbacks.manager [req-b72d2e91-459e-483b-b05c-c42c26c94a1d daa06a3b2fb1450ab77708e537342488 effdbbe6fa434a438b35cf5ed9a94e5e - default default] Notify callbacks ['neutron.services.l3_router.l3_router_plugin.L3_NAT_dbonly_mixin._precommit_delete_port_callback-4192958'] for port, precommit_delete _notify_loop /usr/lib/python3.9/site-packages/neutron_lib/callbacks/manager.py:200
2025-12-02 07:52:21.045 17 DEBUG neutron.plugins.ml2.plugin [req-b72d2e91-459e-483b-b05c-c42c26c94a1d daa06a3b2fb1450ab77708e537342488 effdbbe6fa434a438b35cf5ed9a94e5e - default default] Calling delete_port for f1c68849-0020-4f40-8494-da729952be12 owned by delete_port /usr/lib/python3.9/site-packages/neutron/plugins/ml2/plugin.py:2097
2025-12-02 07:52:21.080 17 DEBUG neutron_lib.callbacks.manager [req-b72d2e91-459e-483b-b05c-c42c26c94a1d daa06a3b2fb1450ab77708e537342488 effdbbe6fa434a438b35cf5ed9a94e5e - default default] Notify callbacks ['neutron.plugins.ml2.plugin.SecurityGroupServerNotifierRpcMixin.notify_sg_on_port_change-528520', 'neutron.plugins.ml2.ovo_rpc._ObjectChangeHandler.handle_event-318557', 'neutron.api.rpc.agentnotifiers.dhcp_rpc_agent_api.DhcpAgentNotifyAPI._native_event_send_dhcp_notification-4062192', 'neutron.db.l3_db.L3RpcNotifierMixin._notify_routers_callback-8736548860555', 'neutron.services.segments.plugin.NovaSegmentNotifier._notify_port_created_or_deleted-4156389'] for port, after_delete _notify_loop /usr/lib/python3.9/site-packages/neutron_lib/callbacks/manager.py:200
2025-12-02 07:52:21.122 17 DEBUG neutron.api.rpc.handlers.resources_rpc [req-b72d2e91-459e-483b-b05c-c42c26c94a1d daa06a3b2fb1450ab77708e537342488 effdbbe6fa434a438b35cf5ed9a94e5e - - -] Pushing event deleted for resources: {'Port': ['ID=f1c68849-0020-4f40-8494-da729952be12,revision_number=None']} push /usr/lib/python3.9/site-packages/neutron/api/rpc/handlers/resources_rpc.py:237
2025-12-02 07:52:21.126 17 DEBUG neutron_lib.callbacks.manager [req-b72d2e91-459e-483b-b05c-c42c26c94a1d daa06a3b2fb1450ab77708e537342488 effdbbe6fa434a438b35cf5ed9a94e5e - default default] Notify callbacks ['neutron.notifiers.nova.Notifier._send_nova_notification-162626', 'neutron.api.rpc.agentnotifiers.dhcp_rpc_agent_api.DhcpAgentNotifyAPI._send_dhcp_notification-4062082'] for port, before_response _notify_loop /usr/lib/python3.9/site-packages/neutron_lib/callbacks/manager.py:200
2025-12-02 07:52:21.127 17 INFO neutron.wsgi [req-b72d2e91-459e-483b-b05c-c42c26c94a1d daa06a3b2fb1450ab77708e537342488 effdbbe6fa434a438b35cf5ed9a94e5e - default default] 192.168.122.100 "DELETE /v2.0/ports/f1c68849-0020-4f40-8494-da729952be12 HTTP/1.1" status: 204 len: 173 time: 0.2023532
2025-12-02 07:52:21.173 17 DEBUG neutron.pecan_wsgi.hooks.policy_enforcement [req-c136cdba-92d4-4431-8817-b3413cae16c4 daa06a3b2fb1450ab77708e537342488 effdbbe6fa434a438b35cf5ed9a94e5e - default default] Attributes excluded by policy engine: ['standard_attr_id'] _exclude_attributes_by_policy /usr/lib/python3.9/site-packages/neutron/pecan_wsgi/hooks/policy_enforcement.py:259
2025-12-02 07:52:21.174 17 DEBUG neutron.pecan_wsgi.hooks.policy_enforcement [req-c136cdba-92d4-4431-8817-b3413cae16c4 daa06a3b2fb1450ab77708e537342488 effdbbe6fa434a438b35cf5ed9a94e5e - default default] Attributes excluded by policy engine: ['standard_attr_id'] _exclude_attributes_by_policy /usr/lib/python3.9/site-packages/neutron/pecan_wsgi/hooks/policy_enforcement.py:259
2025-12-02 07:52:21.174 17 DEBUG neutron.pecan_wsgi.hooks.policy_enforcement [req-c136cdba-92d4-4431-8817-b3413cae16c4 daa06a3b2fb1450ab77708e537342488 effdbbe6fa434a438b35cf5ed9a94e5e - default default] Attributes excluded by policy engine: ['standard_attr_id'] _exclude_attributes_by_policy /usr/lib/python3.9/site-packages/neutron/pecan_wsgi/hooks/policy_enforcement.py:259
2025-12-02 07:52:21.175 17 INFO neutron.wsgi [req-c136cdba-92d4-4431-8817-b3413cae16c4 daa06a3b2fb1450ab77708e537342488 effdbbe6fa434a438b35cf5ed9a94e5e - default default] 192.168.122.100 "GET /v2.0/ports?network_id=40511c4e-a80e-4a04-ba97-b86ba6db06b2&tags=tripleo_stack_name%3Dovercloud HTTP/1.1" status: 200 len: 2884 time: 0.0386958
2025-12-02 07:52:31.553 16 DEBUG neutron.wsgi [-] (16) accepted ('192.168.122.100', 49162) server /usr/lib/python3.9/site-packages/eventlet/wsgi.py:992
2025-12-02 07:52:31.555 16 INFO neutron.wsgi [-] 192.168.122.100 "GET / HTTP/1.1" status: 200 len: 233 time: 0.0012591
2025-12-02 07:53:02.470 17 DEBUG neutron.wsgi [-] (17) accepted ('192.168.122.100', 58222) server /usr/lib/python3.9/site-packages/eventlet/wsgi.py:992
2025-12-02 07:53:02.474 17 INFO neutron.wsgi [-] 192.168.122.100 "GET / HTTP/1.1" status: 200 len: 233 time: 0.0024655
2025-12-02 07:53:33.304 16 DEBUG neutron.wsgi [-] (16) accepted ('192.168.122.100', 53590) server /usr/lib/python3.9/site-packages/eventlet/wsgi.py:992
2025-12-02 07:53:33.308 16 INFO neutron.wsgi [-] 192.168.122.100 "GET / HTTP/1.1" status: 200 len: 233 time: 0.0029030
2025-12-02 07:54:04.582 17 DEBUG neutron.wsgi [-] (17) accepted ('192.168.122.100', 38552) server /usr/lib/python3.9/site-packages/eventlet/wsgi.py:992
2025-12-02 07:54:04.585 17 INFO neutron.wsgi [-] 192.168.122.100 "GET / HTTP/1.1" status: 200 len: 233 time: 0.0015051
2025-12-02 07:54:35.220 18 DEBUG neutron.wsgi [-] (18) accepted ('192.168.122.100', 50936) server /usr/lib/python3.9/site-packages/eventlet/wsgi.py:992
2025-12-02 07:54:35.222 18 INFO neutron.wsgi [-] 192.168.122.100 "GET / HTTP/1.1" status: 200 len: 233 time: 0.0011647
2025-12-02 07:55:06.175 17 DEBUG neutron.wsgi [-] (17) accepted ('192.168.122.100', 41548) server /usr/lib/python3.9/site-packages/eventlet/wsgi.py:992
2025-12-02 07:55:06.177 17 INFO neutron.wsgi [-] 192.168.122.100 "GET / HTTP/1.1" status: 200 len: 233 time: 0.0011380
2025-12-02 07:55:12.776 20 DEBUG neutron_lib.callbacks.manager [req-e0a19a1d-fd09-41a0-8494-12ba7c6efab3 - - - - -] Notify callbacks ['neutron.services.segments.db._update_segment_host_mapping_for_agent-8736548904430', 'neutron.plugins.ml2.plugin.Ml2Plugin._retry_binding_revived_agents-930805'] for agent, after_update _notify_loop /usr/lib/python3.9/site-packages/neutron_lib/callbacks/manager.py:200
2025-12-02 07:55:12.787 22 DEBUG neutron_lib.callbacks.manager [req-4ba5e80f-8e46-4b2c-a479-f6412dfea057 - - - - -] Notify callbacks ['neutron.services.segments.db._update_segment_host_mapping_for_agent-8736548904430', 'neutron.plugins.ml2.plugin.Ml2Plugin._retry_binding_revived_agents-930805'] for agent, after_update _notify_loop /usr/lib/python3.9/site-packages/neutron_lib/callbacks/manager.py:200
2025-12-02 07:55:18.703 23 DEBUG neutron_lib.callbacks.manager [req-99a0b0d4-6730-433d-bf54-badb559a3175 - - - - -] Notify callbacks ['neutron.services.segments.db._update_segment_host_mapping_for_agent-8736548904430', 'neutron.plugins.ml2.plugin.Ml2Plugin._retry_binding_revived_agents-930805'] for agent, after_update _notify_loop /usr/lib/python3.9/site-packages/neutron_lib/callbacks/manager.py:200
2025-12-02 07:55:37.234 16 DEBUG neutron.wsgi [-] (16) accepted ('192.168.122.100', 54602) server /usr/lib/python3.9/site-packages/eventlet/wsgi.py:992
2025-12-02 07:55:37.237 16 INFO neutron.wsgi [-] 192.168.122.100 "GET / HTTP/1.1" status: 200 len: 233 time: 0.0019186
2025-12-02 07:55:41.391 24 DEBUG neutron.db.agents_db [req-54be886c-fe68-4721-ab2f-7949577e15a6 - - - - -] Agent healthcheck: found 3 active agents agent_health_check /usr/lib/python3.9/site-packages/neutron/db/agents_db.py:328
2025-12-02 07:56:08.462 17 DEBUG neutron.wsgi [-] (17) accepted ('192.168.122.100', 50010) server /usr/lib/python3.9/site-packages/eventlet/wsgi.py:992
2025-12-02 07:56:08.465 17 INFO neutron.wsgi [-] 192.168.122.100 "GET / HTTP/1.1" status: 200 len: 233 time: 0.0021093
2025-12-02 07:56:39.702 15 DEBUG neutron.wsgi [-] (15) accepted ('192.168.122.100', 45134) server /usr/lib/python3.9/site-packages/eventlet/wsgi.py:992
2025-12-02 07:56:39.706 15 INFO neutron.wsgi [-] 192.168.122.100 "GET / HTTP/1.1" status: 200 len: 233 time: 0.0024271
2025-12-02 07:57:10.745 18 DEBUG neutron.wsgi [-] (18) accepted ('192.168.122.100', 42360) server /usr/lib/python3.9/site-packages/eventlet/wsgi.py:992
2025-12-02 07:57:10.748 18 INFO neutron.wsgi [-] 192.168.122.100 "GET / HTTP/1.1" status: 200 len: 233 time: 0.0010858
2025-12-02 07:57:41.324 18 DEBUG neutron.wsgi [-] (18) accepted ('192.168.122.100', 42764) server /usr/lib/python3.9/site-packages/eventlet/wsgi.py:992
2025-12-02 07:57:41.328 18 INFO neutron.wsgi [-] 192.168.122.100 "GET / HTTP/1.1" status: 200 len: 233 time: 0.0026131
2025-12-02 07:58:11.718 18 DEBUG neutron.wsgi [-] (18) accepted ('192.168.122.100', 51716) server /usr/lib/python3.9/site-packages/eventlet/wsgi.py:992
2025-12-02 07:58:11.720 18 INFO neutron.wsgi [-] 192.168.122.100 "GET / HTTP/1.1" status: 200 len: 233 time: 0.0011570
2025-12-02 07:58:42.626 17 DEBUG neutron.wsgi [-] (17) accepted ('192.168.122.100', 40142) server /usr/lib/python3.9/site-packages/eventlet/wsgi.py:992
2025-12-02 07:58:42.629 17 INFO neutron.wsgi [-] 192.168.122.100 "GET / HTTP/1.1" status: 200 len: 233 time: 0.0016105
2025-12-02 07:59:13.313 18 DEBUG neutron.wsgi [-] (18) accepted ('192.168.122.100', 46214) server /usr/lib/python3.9/site-packages/eventlet/wsgi.py:992
2025-12-02 07:59:13.315 18 INFO neutron.wsgi [-] 192.168.122.100 "GET / HTTP/1.1" status: 200 len: 233 time: 0.0014448
2025-12-02 07:59:44.377 15 DEBUG neutron.wsgi [-] (15) accepted ('192.168.122.100', 42940) server /usr/lib/python3.9/site-packages/eventlet/wsgi.py:992
2025-12-02 07:59:44.379 15 INFO neutron.wsgi [-] 192.168.122.100 "GET / HTTP/1.1" status: 200 len: 233 time: 0.0012074
2025-12-02 08:00:12.785 21 DEBUG neutron_lib.callbacks.manager [req-2ffec94a-6fc2-4ed6-96ec-0ec88f3c9543 - - - - -] Notify callbacks ['neutron.services.segments.db._update_segment_host_mapping_for_agent-8736548904430', 'neutron.plugins.ml2.plugin.Ml2Plugin._retry_binding_revived_agents-930805'] for agent, after_update _notify_loop /usr/lib/python3.9/site-packages/neutron_lib/callbacks/manager.py:200
2025-12-02 08:00:12.789 19 DEBUG neutron_lib.callbacks.manager [req-fbea68dc-1328-4099-820a-65096870523b - - - - -] Notify callbacks ['neutron.services.segments.db._update_segment_host_mapping_for_agent-8736548904430', 'neutron.plugins.ml2.plugin.Ml2Plugin._retry_binding_revived_agents-930805'] for agent, after_update _notify_loop /usr/lib/python3.9/site-packages/neutron_lib/callbacks/manager.py:200
2025-12-02 08:00:15.197 18 DEBUG neutron.wsgi [-] (18) accepted ('192.168.122.100', 48082) server /usr/lib/python3.9/site-packages/eventlet/wsgi.py:992
2025-12-02 08:00:15.199 18 INFO neutron.wsgi [-] 192.168.122.100 "GET / HTTP/1.1" status: 200 len: 233 time: 0.0011725
2025-12-02 08:00:18.715 20 DEBUG neutron_lib.callbacks.manager [req-99a0b0d4-6730-433d-bf54-badb559a3175 - - - - -] Notify callbacks ['neutron.services.segments.db._update_segment_host_mapping_for_agent-8736548904430', 'neutron.plugins.ml2.plugin.Ml2Plugin._retry_binding_revived_agents-930805'] for agent, after_update _notify_loop /usr/lib/python3.9/site-packages/neutron_lib/callbacks/manager.py:200
2025-12-02 08:00:41.403 24 DEBUG neutron.db.agents_db [req-54be886c-fe68-4721-ab2f-7949577e15a6 - - - - -] Agent healthcheck: found 3 active agents agent_health_check /usr/lib/python3.9/site-packages/neutron/db/agents_db.py:328
2025-12-02 08:00:46.336 16 DEBUG neutron.wsgi [-] (16) accepted ('192.168.122.100', 43276) server /usr/lib/python3.9/site-packages/eventlet/wsgi.py:992
2025-12-02 08:00:46.338 16 INFO neutron.wsgi [-] 192.168.122.100 "GET / HTTP/1.1" status: 200 len: 233 time: 0.0014114
2025-12-02 08:01:17.234 15 DEBUG neutron.wsgi [-] (15) accepted ('192.168.122.100', 32986) server /usr/lib/python3.9/site-packages/eventlet/wsgi.py:992
2025-12-02 08:01:17.236 15 INFO neutron.wsgi [-] 192.168.122.100 "GET / HTTP/1.1" status: 200 len: 233 time: 0.0015402
2025-12-02 08:01:48.236 18 DEBUG neutron.wsgi [-] (18) accepted ('192.168.122.100', 59600) server /usr/lib/python3.9/site-packages/eventlet/wsgi.py:992
2025-12-02 08:01:48.238 18 INFO neutron.wsgi [-] 192.168.122.100 "GET / HTTP/1.1" status: 200 len: 233 time: 0.0014405
2025-12-02 08:02:19.369 15 DEBUG neutron.wsgi [-] (15) accepted ('192.168.122.100', 58918) server /usr/lib/python3.9/site-packages/eventlet/wsgi.py:992
2025-12-02 08:02:19.372 15 INFO neutron.wsgi [-] 192.168.122.100 "GET / HTTP/1.1" status: 200 len: 233 time: 0.0020719
2025-12-02 08:02:50.308 18 DEBUG neutron.wsgi [-] (18) accepted ('192.168.122.100', 42200) server /usr/lib/python3.9/site-packages/eventlet/wsgi.py:992
2025-12-02 08:02:50.310 18 INFO neutron.wsgi [-] 192.168.122.100 "GET / HTTP/1.1" status: 200 len: 233 time: 0.0012643
2025-12-02 08:03:21.547 16 DEBUG neutron.wsgi [-] (16) accepted ('192.168.122.100', 58532) server /usr/lib/python3.9/site-packages/eventlet/wsgi.py:992
2025-12-02 08:03:21.549 16 INFO neutron.wsgi [-] 192.168.122.100 "GET / HTTP/1.1" status: 200 len: 233 time: 0.0011921
2025-12-02 08:03:51.951 15 DEBUG neutron.wsgi [-] (15) accepted ('192.168.122.100', 39584) server /usr/lib/python3.9/site-packages/eventlet/wsgi.py:992
2025-12-02 08:03:51.954 15 INFO neutron.wsgi [-] 192.168.122.100 "GET / HTTP/1.1" status: 200 len: 233 time: 0.0015602
2025-12-02 08:04:22.410 18 DEBUG neutron.wsgi [-] (18) accepted ('192.168.122.100', 33336) server /usr/lib/python3.9/site-packages/eventlet/wsgi.py:992
2025-12-02 08:04:22.413 18 INFO neutron.wsgi [-] 192.168.122.100 "GET / HTTP/1.1" status: 200 len: 233 time: 0.0011461
2025-12-02 08:04:53.392 18 DEBUG neutron.wsgi [-] (18) accepted ('192.168.122.100', 49658) server /usr/lib/python3.9/site-packages/eventlet/wsgi.py:992
2025-12-02 08:04:53.396 18 INFO neutron.wsgi [-] 192.168.122.100 "GET / HTTP/1.1" status: 200 len: 233 time: 0.0012586
2025-12-02 08:05:12.784 22 DEBUG neutron_lib.callbacks.manager [req-957aa363-8a46-40cc-a5a0-54eec5c6f642 - - - - -] Notify callbacks ['neutron.services.segments.db._update_segment_host_mapping_for_agent-8736548904430', 'neutron.plugins.ml2.plugin.Ml2Plugin._retry_binding_revived_agents-930805'] for agent, after_update _notify_loop /usr/lib/python3.9/site-packages/neutron_lib/callbacks/manager.py:200
2025-12-02 08:05:12.853 23 DEBUG neutron_lib.callbacks.manager [req-50af97de-ea94-4a2f-b9dc-afefcd03d25a - - - - -] Notify callbacks ['neutron.services.segments.db._update_segment_host_mapping_for_agent-8736548904430', 'neutron.plugins.ml2.plugin.Ml2Plugin._retry_binding_revived_agents-930805'] for agent, after_update _notify_loop /usr/lib/python3.9/site-packages/neutron_lib/callbacks/manager.py:200
2025-12-02 08:05:18.712 21 DEBUG neutron_lib.callbacks.manager [req-99a0b0d4-6730-433d-bf54-badb559a3175 - - - - -] Notify callbacks ['neutron.services.segments.db._update_segment_host_mapping_for_agent-8736548904430', 'neutron.plugins.ml2.plugin.Ml2Plugin._retry_binding_revived_agents-930805'] for agent, after_update _notify_loop /usr/lib/python3.9/site-packages/neutron_lib/callbacks/manager.py:200
2025-12-02 08:05:24.311 18 DEBUG neutron.wsgi [-] (18) accepted ('192.168.122.100', 33056) server /usr/lib/python3.9/site-packages/eventlet/wsgi.py:992
2025-12-02 08:05:24.313 18 INFO neutron.wsgi [-] 192.168.122.100 "GET / HTTP/1.1" status: 200 len: 233 time: 0.0011311
2025-12-02 08:05:41.413 24 DEBUG neutron.db.agents_db [req-54be886c-fe68-4721-ab2f-7949577e15a6 - - - - -] Agent healthcheck: found 3 active agents agent_health_check /usr/lib/python3.9/site-packages/neutron/db/agents_db.py:328
2025-12-02 08:05:55.328 16 DEBUG neutron.wsgi [-] (16) accepted ('192.168.122.100', 45246) server /usr/lib/python3.9/site-packages/eventlet/wsgi.py:992
2025-12-02 08:05:55.330 16 INFO neutron.wsgi [-] 192.168.122.100 "GET / HTTP/1.1" status: 200 len: 233 time: 0.0011976
2025-12-02 08:06:25.778 18 DEBUG neutron.wsgi [-] (18) accepted ('192.168.122.100', 59512) server /usr/lib/python3.9/site-packages/eventlet/wsgi.py:992
2025-12-02 08:06:25.780 18 INFO neutron.wsgi [-] 192.168.122.100 "GET / HTTP/1.1" status: 200 len: 233 time: 0.0011635
2025-12-02 08:06:56.425 15 DEBUG neutron.wsgi [-] (15) accepted ('192.168.122.100', 42386) server /usr/lib/python3.9/site-packages/eventlet/wsgi.py:992
2025-12-02 08:06:56.426 15 INFO neutron.wsgi [-] 192.168.122.100 "GET / HTTP/1.1" status: 200 len: 233 time: 0.0011463
2025-12-02 08:07:27.437 15 DEBUG neutron.wsgi [-] (15) accepted ('192.168.122.100', 42172) server /usr/lib/python3.9/site-packages/eventlet/wsgi.py:992
2025-12-02 08:07:27.439 15 INFO neutron.wsgi [-] 192.168.122.100 "GET / HTTP/1.1" status: 200 len: 233 time: 0.0014842
2025-12-02 08:07:58.252 16 DEBUG neutron.wsgi [-] (16) accepted ('192.168.122.100', 37608) server /usr/lib/python3.9/site-packages/eventlet/wsgi.py:992
2025-12-02 08:07:58.254 16 INFO neutron.wsgi [-] 192.168.122.100 "GET / HTTP/1.1" status: 200 len: 233 time: 0.0012860
2025-12-02 08:08:29.197 15 DEBUG neutron.wsgi [-] (15) accepted ('192.168.122.100', 41268) server /usr/lib/python3.9/site-packages/eventlet/wsgi.py:992
2025-12-02 08:08:29.199 15 INFO neutron.wsgi [-] 192.168.122.100 "GET / HTTP/1.1" status: 200 len: 233 time: 0.0012655
2025-12-02 08:09:00.152 15 DEBUG neutron.wsgi [-] (15) accepted ('192.168.122.100', 42586) server /usr/lib/python3.9/site-packages/eventlet/wsgi.py:992
2025-12-02 08:09:00.154 15 INFO neutron.wsgi [-] 192.168.122.100 "GET / HTTP/1.1" status: 200 len: 233 time: 0.0011475
2025-12-02 08:09:31.331 17 DEBUG neutron.wsgi [-] (17) accepted ('192.168.122.100', 35764) server /usr/lib/python3.9/site-packages/eventlet/wsgi.py:992
2025-12-02 08:09:31.335 17 INFO neutron.wsgi [-] 192.168.122.100 "GET / HTTP/1.1" status: 200 len: 233 time: 0.0022879
2025-12-02 08:10:02.443 17 DEBUG neutron.wsgi [-] (17) accepted ('192.168.122.100', 35940) server /usr/lib/python3.9/site-packages/eventlet/wsgi.py:992
2025-12-02 08:10:02.446 17 INFO neutron.wsgi [-] 192.168.122.100 "GET / HTTP/1.1" status: 200 len: 233 time: 0.0015931
2025-12-02 08:10:12.777 19 DEBUG neutron_lib.callbacks.manager [req-f431957c-cb49-4d60-97e1-75c7397e91fe - - - - -] Notify callbacks ['neutron.services.segments.db._update_segment_host_mapping_for_agent-8736548904430', 'neutron.plugins.ml2.plugin.Ml2Plugin._retry_binding_revived_agents-930805'] for agent, after_update _notify_loop /usr/lib/python3.9/site-packages/neutron_lib/callbacks/manager.py:200
2025-12-02 08:10:12.796 20 DEBUG neutron_lib.callbacks.manager [req-c01d06ff-ca90-4a50-9bf8-ccc9bd3ad83d - - - - -] Notify callbacks ['neutron.services.segments.db._update_segment_host_mapping_for_agent-8736548904430', 'neutron.plugins.ml2.plugin.Ml2Plugin._retry_binding_revived_agents-930805'] for agent, after_update _notify_loop /usr/lib/python3.9/site-packages/neutron_lib/callbacks/manager.py:200
2025-12-02 08:10:18.714 22 DEBUG neutron_lib.callbacks.manager [req-99a0b0d4-6730-433d-bf54-badb559a3175 - - - - -] Notify callbacks ['neutron.services.segments.db._update_segment_host_mapping_for_agent-8736548904430', 'neutron.plugins.ml2.plugin.Ml2Plugin._retry_binding_revived_agents-930805'] for agent, after_update _notify_loop /usr/lib/python3.9/site-packages/neutron_lib/callbacks/manager.py:200
2025-12-02 08:10:32.862 18 DEBUG neutron.wsgi [-] (18) accepted ('192.168.122.100', 34084) server /usr/lib/python3.9/site-packages/eventlet/wsgi.py:992
2025-12-02 08:10:32.863 18 INFO neutron.wsgi [-] 192.168.122.100 "GET / HTTP/1.1" status: 200 len: 233 time: 0.0011868
2025-12-02 08:10:41.427 24 DEBUG neutron.db.agents_db [req-54be886c-fe68-4721-ab2f-7949577e15a6 - - - - -] Agent healthcheck: found 3 active agents agent_health_check /usr/lib/python3.9/site-packages/neutron/db/agents_db.py:328
2025-12-02 08:11:03.569 18 DEBUG neutron.wsgi [-] (18) accepted ('192.168.122.100', 32962) server /usr/lib/python3.9/site-packages/eventlet/wsgi.py:992
2025-12-02 08:11:03.571 18 INFO neutron.wsgi [-] 192.168.122.100 "GET / HTTP/1.1" status: 200 len: 233 time: 0.0015271
2025-12-02 08:11:34.565 17 DEBUG neutron.wsgi [-] (17) accepted ('192.168.122.100', 49582) server /usr/lib/python3.9/site-packages/eventlet/wsgi.py:992
2025-12-02 08:11:34.569 17 INFO neutron.wsgi [-] 192.168.122.100 "GET / HTTP/1.1" status: 200 len: 233 time: 0.0022509
2025-12-02 08:12:05.353 15 DEBUG neutron.wsgi [-] (15) accepted ('192.168.122.100', 39806) server /usr/lib/python3.9/site-packages/eventlet/wsgi.py:992
2025-12-02 08:12:05.355 15 INFO neutron.wsgi [-] 192.168.122.100 "GET / HTTP/1.1" status: 200 len: 233 time: 0.0012066
2025-12-02 08:12:36.421 15 DEBUG neutron.wsgi [-] (15) accepted ('192.168.122.100', 43090) server /usr/lib/python3.9/site-packages/eventlet/wsgi.py:992
2025-12-02 08:12:36.425 15 INFO neutron.wsgi [-] 192.168.122.100 "GET / HTTP/1.1" status: 200 len: 233 time: 0.0022316
2025-12-02 08:13:07.532 15 DEBUG neutron.wsgi [-] (15) accepted ('192.168.122.100', 53260) server /usr/lib/python3.9/site-packages/eventlet/wsgi.py:992
2025-12-02 08:13:07.535 15 INFO neutron.wsgi [-] 192.168.122.100 "GET / HTTP/1.1" status: 200 len: 233 time: 0.0012386
2025-12-02 08:13:38.314 15 DEBUG neutron.wsgi [-] (15) accepted ('192.168.122.100', 57498) server /usr/lib/python3.9/site-packages/eventlet/wsgi.py:992
2025-12-02 08:13:38.317 15 INFO neutron.wsgi [-] 192.168.122.100 "GET / HTTP/1.1" status: 200 len: 233 time: 0.0020797
2025-12-02 08:14:09.259 17 DEBUG neutron.wsgi [-] (17) accepted ('192.168.122.100', 54906) server /usr/lib/python3.9/site-packages/eventlet/wsgi.py:992
2025-12-02 08:14:09.261 17 INFO neutron.wsgi [-] 192.168.122.100 "GET / HTTP/1.1" status: 200 len: 233 time: 0.0014830
2025-12-02 08:14:39.714 15 DEBUG neutron.wsgi [-] (15) accepted ('192.168.122.100', 60340) server /usr/lib/python3.9/site-packages/eventlet/wsgi.py:992
2025-12-02 08:14:39.717 15 INFO neutron.wsgi [-] 192.168.122.100 "GET / HTTP/1.1" status: 200 len: 233 time: 0.0012395
2025-12-02 08:15:10.038 17 DEBUG neutron.wsgi [-] (17) accepted ('192.168.122.100', 44798) server /usr/lib/python3.9/site-packages/eventlet/wsgi.py:992
2025-12-02 08:15:10.040 17 INFO neutron.wsgi [-] 192.168.122.100 "GET / HTTP/1.1" status: 200 len: 233 time: 0.0015347
2025-12-02 08:15:12.788 23 DEBUG neutron_lib.callbacks.manager [req-541430fd-7a19-4e24-942e-b5688175b01f - - - - -] Notify callbacks ['neutron.services.segments.db._update_segment_host_mapping_for_agent-8736548904430', 'neutron.plugins.ml2.plugin.Ml2Plugin._retry_binding_revived_agents-930805'] for agent, after_update _notify_loop /usr/lib/python3.9/site-packages/neutron_lib/callbacks/manager.py:200
2025-12-02 08:15:12.793 21 DEBUG neutron_lib.callbacks.manager [req-4567cde7-aa25-4e52-b73d-708bb1c9d950 - - - - -] Notify callbacks ['neutron.services.segments.db._update_segment_host_mapping_for_agent-8736548904430', 'neutron.plugins.ml2.plugin.Ml2Plugin._retry_binding_revived_agents-930805'] for agent, after_update _notify_loop /usr/lib/python3.9/site-packages/neutron_lib/callbacks/manager.py:200
2025-12-02 08:15:18.716 19 DEBUG neutron_lib.callbacks.manager [req-99a0b0d4-6730-433d-bf54-badb559a3175 - - - - -] Notify callbacks ['neutron.services.segments.db._update_segment_host_mapping_for_agent-8736548904430', 'neutron.plugins.ml2.plugin.Ml2Plugin._retry_binding_revived_agents-930805'] for agent, after_update _notify_loop /usr/lib/python3.9/site-packages/neutron_lib/callbacks/manager.py:200
2025-12-02 08:15:40.463 17 DEBUG neutron.wsgi [-] (17) accepted ('192.168.122.100', 51424) server /usr/lib/python3.9/site-packages/eventlet/wsgi.py:992
2025-12-02 08:15:40.468 17 INFO neutron.wsgi [-] 192.168.122.100 "GET / HTTP/1.1" status: 200 len: 233 time: 0.0026791
2025-12-02 08:15:41.436 24 DEBUG neutron.db.agents_db [req-54be886c-fe68-4721-ab2f-7949577e15a6 - - - - -] Agent healthcheck: found 3 active agents agent_health_check /usr/lib/python3.9/site-packages/neutron/db/agents_db.py:328
2025-12-02 08:16:11.364 15 DEBUG neutron.wsgi [-] (15) accepted ('192.168.122.100', 59144) server /usr/lib/python3.9/site-packages/eventlet/wsgi.py:992
2025-12-02 08:16:11.366 15 INFO neutron.wsgi [-] 192.168.122.100 "GET / HTTP/1.1" status: 200 len: 233 time: 0.0014560
2025-12-02 08:16:41.760 15 DEBUG neutron.wsgi [-] (15) accepted ('192.168.122.100', 48674) server /usr/lib/python3.9/site-packages/eventlet/wsgi.py:992
2025-12-02 08:16:41.764 15 INFO neutron.wsgi [-] 192.168.122.100 "GET / HTTP/1.1" status: 200 len: 233 time: 0.0021000
2025-12-02 08:17:12.332 17 DEBUG neutron.wsgi [-] (17) accepted ('192.168.122.100', 60308) server /usr/lib/python3.9/site-packages/eventlet/wsgi.py:992
2025-12-02 08:17:12.339 17 INFO neutron.wsgi [-] 192.168.122.100 "GET / HTTP/1.1" status: 200 len: 233 time: 0.0040386
2025-12-02 08:17:43.412 16 DEBUG neutron.wsgi [-] (16) accepted ('192.168.122.100', 57486) server /usr/lib/python3.9/site-packages/eventlet/wsgi.py:992
2025-12-02 08:17:43.415 16 INFO neutron.wsgi [-] 192.168.122.100 "GET / HTTP/1.1" status: 200 len: 233 time: 0.0017788
2025-12-02 08:18:14.358 18 DEBUG neutron.wsgi [-] (18) accepted ('192.168.122.100', 58320) server /usr/lib/python3.9/site-packages/eventlet/wsgi.py:992
2025-12-02 08:18:14.360 18 INFO neutron.wsgi [-] 192.168.122.100 "GET / HTTP/1.1" status: 200 len: 233 time: 0.0010984
2025-12-02 08:18:45.252 16 DEBUG neutron.wsgi [-] (16) accepted ('192.168.122.100', 43962) server /usr/lib/python3.9/site-packages/eventlet/wsgi.py:992
2025-12-02 08:18:45.256 16 INFO neutron.wsgi [-] 192.168.122.100 "GET / HTTP/1.1" status: 200 len: 233 time: 0.0025318
2025-12-02 08:19:16.369 18 DEBUG neutron.wsgi [-] (18) accepted ('192.168.122.100', 59562) server /usr/lib/python3.9/site-packages/eventlet/wsgi.py:992
2025-12-02 08:19:16.371 18 INFO neutron.wsgi [-] 192.168.122.100 "GET / HTTP/1.1" status: 200 len: 233 time: 0.0013025
2025-12-02 08:19:47.453 16 DEBUG neutron.wsgi [-] (16) accepted ('192.168.122.100', 40076) server /usr/lib/python3.9/site-packages/eventlet/wsgi.py:992
2025-12-02 08:19:47.457 16 INFO neutron.wsgi [-] 192.168.122.100 "GET / HTTP/1.1" status: 200 len: 233 time: 0.0021894
2025-12-02 08:20:12.783 20 DEBUG neutron_lib.callbacks.manager [req-896adc9a-3c82-4dee-b3f7-f53d2a812d43 - - - - -] Notify callbacks ['neutron.services.segments.db._update_segment_host_mapping_for_agent-8736548904430', 'neutron.plugins.ml2.plugin.Ml2Plugin._retry_binding_revived_agents-930805'] for agent, after_update _notify_loop /usr/lib/python3.9/site-packages/neutron_lib/callbacks/manager.py:200
2025-12-02 08:20:12.790 22 DEBUG neutron_lib.callbacks.manager [req-3f2d9060-7a4a-4b5f-81c7-b7033e24c724 - - - - -] Notify callbacks ['neutron.services.segments.db._update_segment_host_mapping_for_agent-8736548904430', 'neutron.plugins.ml2.plugin.Ml2Plugin._retry_binding_revived_agents-930805'] for agent, after_update _notify_loop /usr/lib/python3.9/site-packages/neutron_lib/callbacks/manager.py:200
2025-12-02 08:20:18.216 15 DEBUG neutron.wsgi [-] (15) accepted ('192.168.122.100', 34212) server /usr/lib/python3.9/site-packages/eventlet/wsgi.py:992
2025-12-02 08:20:18.220 15 INFO neutron.wsgi [-] 192.168.122.100 "GET / HTTP/1.1" status: 200 len: 233 time: 0.0027244
2025-12-02 08:20:18.721 23 DEBUG neutron_lib.callbacks.manager [req-99a0b0d4-6730-433d-bf54-badb559a3175 - - - - -] Notify callbacks ['neutron.services.segments.db._update_segment_host_mapping_for_agent-8736548904430', 'neutron.plugins.ml2.plugin.Ml2Plugin._retry_binding_revived_agents-930805'] for agent, after_update _notify_loop /usr/lib/python3.9/site-packages/neutron_lib/callbacks/manager.py:200
2025-12-02 08:20:41.447 24 DEBUG neutron.db.agents_db [req-54be886c-fe68-4721-ab2f-7949577e15a6 - - - - -] Agent healthcheck: found 3 active agents agent_health_check /usr/lib/python3.9/site-packages/neutron/db/agents_db.py:328
2025-12-02 08:20:49.156 16 DEBUG neutron.wsgi [-] (16) accepted ('192.168.122.100', 56628) server /usr/lib/python3.9/site-packages/eventlet/wsgi.py:992
2025-12-02 08:20:49.158 16 INFO neutron.wsgi [-] 192.168.122.100 "GET / HTTP/1.1" status: 200 len: 233 time: 0.0012159
2025-12-02 08:21:20.306 18 DEBUG neutron.wsgi [-] (18) accepted ('192.168.122.100', 60540) server /usr/lib/python3.9/site-packages/eventlet/wsgi.py:992
2025-12-02 08:21:20.310 18 INFO neutron.wsgi [-] 192.168.122.100 "GET / HTTP/1.1" status: 200 len: 233 time: 0.0022960
2025-12-02 08:21:51.258 17 DEBUG neutron.wsgi [-] (17) accepted ('192.168.122.100', 54122) server /usr/lib/python3.9/site-packages/eventlet/wsgi.py:992
2025-12-02 08:21:51.261 17 INFO neutron.wsgi [-] 192.168.122.100 "GET / HTTP/1.1" status: 200 len: 233 time: 0.0024235
2025-12-02 08:22:22.157 16 DEBUG neutron.wsgi [-] (16) accepted ('192.168.122.100', 58650) server /usr/lib/python3.9/site-packages/eventlet/wsgi.py:992
2025-12-02 08:22:22.159 16 INFO neutron.wsgi [-] 192.168.122.100 "GET / HTTP/1.1" status: 200 len: 233 time: 0.0012593
2025-12-02 08:22:53.257 15 DEBUG neutron.wsgi [-] (15) accepted ('192.168.122.100', 40958) server /usr/lib/python3.9/site-packages/eventlet/wsgi.py:992
2025-12-02 08:22:53.259 15 INFO neutron.wsgi [-] 192.168.122.100 "GET / HTTP/1.1" status: 200 len: 233 time: 0.0012796
2025-12-02 08:23:23.641 17 DEBUG neutron.wsgi [-] (17) accepted ('192.168.122.100', 34926) server /usr/lib/python3.9/site-packages/eventlet/wsgi.py:992
2025-12-02 08:23:23.643 17 INFO neutron.wsgi [-] 192.168.122.100 "GET / HTTP/1.1" status: 200 len: 233 time: 0.0016682
2025-12-02 08:23:53.978 15 DEBUG neutron.wsgi [-] (15) accepted ('192.168.122.100', 60652) server /usr/lib/python3.9/site-packages/eventlet/wsgi.py:992
2025-12-02 08:23:53.981 15 INFO neutron.wsgi [-] 192.168.122.100 "GET / HTTP/1.1" status: 200 len: 233 time: 0.0015292
2025-12-02 08:24:24.394 18 DEBUG neutron.wsgi [-] (18) accepted ('192.168.122.100', 38654) server /usr/lib/python3.9/site-packages/eventlet/wsgi.py:992
2025-12-02 08:24:24.397 18 INFO neutron.wsgi [-] 192.168.122.100 "GET / HTTP/1.1" status: 200 len: 233 time: 0.0017862
2025-12-02 08:24:55.191 18 DEBUG neutron.wsgi [-] (18) accepted ('192.168.122.100', 44360) server /usr/lib/python3.9/site-packages/eventlet/wsgi.py:992
2025-12-02 08:24:55.193 18 INFO neutron.wsgi [-] 192.168.122.100 "GET / HTTP/1.1" status: 200 len: 233 time: 0.0011365
2025-12-02 08:25:12.785 19 DEBUG neutron_lib.callbacks.manager [req-3fc4b9f6-6dd8-4d83-ad58-ac239b0842b3 - - - - -] Notify callbacks ['neutron.services.segments.db._update_segment_host_mapping_for_agent-8736548904430', 'neutron.plugins.ml2.plugin.Ml2Plugin._retry_binding_revived_agents-930805'] for agent, after_update _notify_loop /usr/lib/python3.9/site-packages/neutron_lib/callbacks/manager.py:200
2025-12-02 08:25:12.784 21 DEBUG neutron_lib.callbacks.manager [req-8a56f709-f51f-4c7f-8037-d228b858ef2f - - - - -] Notify callbacks ['neutron.services.segments.db._update_segment_host_mapping_for_agent-8736548904430', 'neutron.plugins.ml2.plugin.Ml2Plugin._retry_binding_revived_agents-930805'] for agent, after_update _notify_loop /usr/lib/python3.9/site-packages/neutron_lib/callbacks/manager.py:200
2025-12-02 08:25:18.726 20 DEBUG neutron_lib.callbacks.manager [req-99a0b0d4-6730-433d-bf54-badb559a3175 - - - - -] Notify callbacks ['neutron.services.segments.db._update_segment_host_mapping_for_agent-8736548904430', 'neutron.plugins.ml2.plugin.Ml2Plugin._retry_binding_revived_agents-930805'] for agent, after_update _notify_loop /usr/lib/python3.9/site-packages/neutron_lib/callbacks/manager.py:200
2025-12-02 08:25:26.243 15 DEBUG neutron.wsgi [-] (15) accepted ('192.168.122.100', 40808) server /usr/lib/python3.9/site-packages/eventlet/wsgi.py:992
2025-12-02 08:25:26.245 15 INFO neutron.wsgi [-] 192.168.122.100 "GET / HTTP/1.1" status: 200 len: 233 time: 0.0011070
2025-12-02 08:25:41.460 24 DEBUG neutron.db.agents_db [req-54be886c-fe68-4721-ab2f-7949577e15a6 - - - - -] Agent healthcheck: found 3 active agents agent_health_check /usr/lib/python3.9/site-packages/neutron/db/agents_db.py:328
2025-12-02 08:25:57.479 15 DEBUG neutron.wsgi [-] (15) accepted ('192.168.122.100', 54422) server /usr/lib/python3.9/site-packages/eventlet/wsgi.py:992
2025-12-02 08:25:57.481 15 INFO neutron.wsgi [-] 192.168.122.100 "GET / HTTP/1.1" status: 200 len: 233 time: 0.0011556
2025-12-02 08:26:28.247 17 DEBUG neutron.wsgi [-] (17) accepted ('192.168.122.100', 50448) server /usr/lib/python3.9/site-packages/eventlet/wsgi.py:992
2025-12-02 08:26:28.249 17 INFO neutron.wsgi [-] 192.168.122.100 "GET / HTTP/1.1" status: 200 len: 233 time: 0.0011387
2025-12-02 08:26:59.196 15 DEBUG neutron.wsgi [-] (15) accepted ('192.168.122.100', 45140) server /usr/lib/python3.9/site-packages/eventlet/wsgi.py:992
2025-12-02 08:26:59.199 15 INFO neutron.wsgi [-] 192.168.122.100 "GET / HTTP/1.1" status: 200 len: 233 time: 0.0023108
2025-12-02 08:27:30.383 15 DEBUG neutron.wsgi [-] (15) accepted ('192.168.122.100', 36392) server /usr/lib/python3.9/site-packages/eventlet/wsgi.py:992
2025-12-02 08:27:30.385 15 INFO neutron.wsgi [-] 192.168.122.100 "GET / HTTP/1.1" status: 200 len: 233 time: 0.0011764
2025-12-02 08:28:01.312 18 DEBUG neutron.wsgi [-] (18) accepted ('192.168.122.100', 49820) server /usr/lib/python3.9/site-packages/eventlet/wsgi.py:992
2025-12-02 08:28:01.315 18 INFO neutron.wsgi [-] 192.168.122.100 "GET / HTTP/1.1" status: 200 len: 233 time: 0.0015364
