Dec 2 08:33:09 np0005541911 account-server[121671]: 172.20.0.105 - - [02/Dec/2025:08:33:09 +0000] "PUT /d1/626/AUTH_497073c2347a4b2dbbf501873318fbd3/gnocchi.4f411340-6467-4bae-9d7e-9d5b273b0d2b" 201 - "PUT http://172.20.0.105:6001/d1/902/AUTH_497073c2347a4b2dbbf501873318fbd3/gnocchi.4f411340-6467-4bae-9d7e-9d5b273b0d2b" "tx456eb1b13c134123b59dd-00692ea445" "container-server 19" 0.0062 "-" 20 0
Dec 2 08:33:09 np0005541911 container-server[121789]: 172.20.0.104 - - [02/Dec/2025:08:33:09 +0000] "PUT /d1/902/AUTH_497073c2347a4b2dbbf501873318fbd3/gnocchi.4f411340-6467-4bae-9d7e-9d5b273b0d2b" 201 - "PUT http://172.18.0.121:8080/v1/AUTH_497073c2347a4b2dbbf501873318fbd3/gnocchi.4f411340-6467-4bae-9d7e-9d5b273b0d2b" "tx456eb1b13c134123b59dd-00692ea445" "proxy-server 20" 0.0259 "-" 19 0
Dec 2 08:33:09 np0005541911 proxy-server[123814]: 172.18.0.103 172.18.0.104 02/Dec/2025/08/33/09 GET /v1/AUTH_497073c2347a4b2dbbf501873318fbd3/gnocchi.1cbcdd7a-19b9-436b-b6cc-d4b320de27a8%3Fformat%3Djson%26states%3Dlisting HTTP/1.0 200 - python-swiftclient-3.11.1 gAAAAABpLqP19t9Q... - 2 - tx4c2d61cebe894b16bbed9-00692ea445 - 0.0195 - - 1764664389.431373119 1764664389.450919867 0
Dec 2 08:33:09 np0005541911 container-server[121794]: 172.20.0.103 - - [02/Dec/2025:08:33:09 +0000] "PUT /d1/637/AUTH_497073c2347a4b2dbbf501873318fbd3/gnocchi.ea620841-f6f6-4ea7-84eb-b83ad5c40434" 201 - "PUT http://172.18.0.121:8080/v1/AUTH_497073c2347a4b2dbbf501873318fbd3/gnocchi.ea620841-f6f6-4ea7-84eb-b83ad5c40434" "txd1ef31dac9b449bfacb25-00692ea445" "proxy-server 20" 0.0311 "-" 20 0
Dec 2 08:33:09 np0005541911 object-server[122302]: 172.20.0.105 - - [02/Dec/2025:08:33:09 +0000] "GET /d1/571/AUTH_497073c2347a4b2dbbf501873318fbd3/gnocchi.1cbcdd7a-19b9-436b-b6cc-d4b320de27a8/1763640000.0_mean_300.0_v3" 404 70 "GET http://172.18.0.121:8080/v1/AUTH_497073c2347a4b2dbbf501873318fbd3/gnocchi.1cbcdd7a-19b9-436b-b6cc-d4b320de27a8/1763640000.0_mean_300.0_v3" "tx149ca5a60a3842fab8971-00692ea445" "proxy-server 20" 0.0006 "-" 22 0
Dec 2 08:33:09 np0005541911 proxy-server[123814]: 172.18.0.103 172.18.0.104 02/Dec/2025/08/33/09 GET /v1/AUTH_497073c2347a4b2dbbf501873318fbd3/gnocchi.1cbcdd7a-19b9-436b-b6cc-d4b320de27a8/1763640000.0_mean_300.0_v3 HTTP/1.0 404 - python-swiftclient-3.11.1 gAAAAABpLqP19t9Q... - 70 - tx149ca5a60a3842fab8971-00692ea445 - 0.0241 - - 1764664389.457181215 1764664389.481239080 0
Dec 2 08:33:09 np0005541911 container-server[121818]: 172.20.0.103 - - [02/Dec/2025:08:33:09 +0000] "GET /d1/637/AUTH_497073c2347a4b2dbbf501873318fbd3/gnocchi.ea620841-f6f6-4ea7-84eb-b83ad5c40434" 200 2 "GET http://172.18.0.121:8080/v1/AUTH_497073c2347a4b2dbbf501873318fbd3/gnocchi.ea620841-f6f6-4ea7-84eb-b83ad5c40434?format=json&states=listing" "tx35797a3177154a28827a1-00692ea445" "proxy-server 20" 0.0032 "-" 22 0
Dec 2 08:33:09 np0005541911 object-server[122305]: 172.20.0.104 - - [02/Dec/2025:08:33:09 +0000] "GET /d1/1022/AUTH_497073c2347a4b2dbbf501873318fbd3/gnocchi.4f411340-6467-4bae-9d7e-9d5b273b0d2b/1763640000.0_mean_300.0_v3" 404 70 "GET http://172.18.0.121:8080/v1/AUTH_497073c2347a4b2dbbf501873318fbd3/gnocchi.4f411340-6467-4bae-9d7e-9d5b273b0d2b/1763640000.0_mean_300.0_v3" "txbefc0eabc4894740bb9d9-00692ea445" "proxy-server 20" 0.0005 "-" 24 0
Dec 2 08:33:09 np0005541911 object-server[122306]: 172.20.0.103 - - [02/Dec/2025:08:33:09 +0000] "GET /d1/290/AUTH_497073c2347a4b2dbbf501873318fbd3/gnocchi.ea620841-f6f6-4ea7-84eb-b83ad5c40434/1763640000.0_mean_300.0_v3" 404 70 "GET http://172.18.0.121:8080/v1/AUTH_497073c2347a4b2dbbf501873318fbd3/gnocchi.ea620841-f6f6-4ea7-84eb-b83ad5c40434/1763640000.0_mean_300.0_v3" "tx8867ded2d1ea4bbbae618-00692ea445" "proxy-server 20" 0.0004 "-" 25 0
Dec 2 08:33:09 np0005541911 container-server[121794]: 172.20.0.103 - - [02/Dec/2025:08:33:09 +0000] "PUT /d1/500/AUTH_497073c2347a4b2dbbf501873318fbd3/gnocchi.1cbcdd7a-19b9-436b-b6cc-d4b320de27a8/1763640000.0_mean_300.0_v3" 201 - "PUT http://172.18.0.121:8080/d1/571/AUTH_497073c2347a4b2dbbf501873318fbd3/gnocchi.1cbcdd7a-19b9-436b-b6cc-d4b320de27a8/1763640000.0_mean_300.0_v3" "tx00a64bebfa044b9a80a53-00692ea445" "object-server 22" 0.0010 "-" 20 0
Dec 2 08:33:09 np0005541911 object-server[122306]: 172.20.0.105 - - [02/Dec/2025:08:33:09 +0000] "PUT /d1/571/AUTH_497073c2347a4b2dbbf501873318fbd3/gnocchi.1cbcdd7a-19b9-436b-b6cc-d4b320de27a8/1763640000.0_mean_300.0_v3" 201 - "PUT http://172.18.0.121:8080/v1/AUTH_497073c2347a4b2dbbf501873318fbd3/gnocchi.1cbcdd7a-19b9-436b-b6cc-d4b320de27a8/1763640000.0_mean_300.0_v3" "tx00a64bebfa044b9a80a53-00692ea445" "proxy-server 20" 0.0162 "-" 25 0
Dec 2 08:33:09 np0005541911 proxy-server[123814]: 172.18.0.103 172.18.0.104 02/Dec/2025/08/33/09 PUT /v1/AUTH_497073c2347a4b2dbbf501873318fbd3/gnocchi.1cbcdd7a-19b9-436b-b6cc-d4b320de27a8/1763640000.0_mean_300.0_v3 HTTP/1.0 201 - python-swiftclient-3.11.1 gAAAAABpLqP19t9Q... 16 - - tx00a64bebfa044b9a80a53-00692ea445 - 0.0291 - - 1764664389.486261129 1764664389.515357494 0
Dec 2 08:33:09 np0005541911 container-server[121818]: 172.20.0.104 - - [02/Dec/2025:08:33:09 +0000] "PUT /d1/902/AUTH_497073c2347a4b2dbbf501873318fbd3/gnocchi.4f411340-6467-4bae-9d7e-9d5b273b0d2b/1763640000.0_mean_300.0_v3" 201 - "PUT http://172.18.0.121:8080/d1/1022/AUTH_497073c2347a4b2dbbf501873318fbd3/gnocchi.4f411340-6467-4bae-9d7e-9d5b273b0d2b/1763640000.0_mean_300.0_v3" "tx5d97e682261f443b8625e-00692ea445" "object-server 22" 0.0007 "-" 22 0
Dec 2 08:33:09 np0005541911 object-server[122306]: 172.20.0.104 - - [02/Dec/2025:08:33:09 +0000] "PUT /d1/1022/AUTH_497073c2347a4b2dbbf501873318fbd3/gnocchi.4f411340-6467-4bae-9d7e-9d5b273b0d2b/1763640000.0_mean_300.0_v3" 201 - "PUT http://172.18.0.121:8080/v1/AUTH_497073c2347a4b2dbbf501873318fbd3/gnocchi.4f411340-6467-4bae-9d7e-9d5b273b0d2b/1763640000.0_mean_300.0_v3" "tx5d97e682261f443b8625e-00692ea445" "proxy-server 20" 0.0126 "-" 25 0
Dec 2 08:33:09 np0005541911 container-server[121789]: 172.20.0.105 - - [02/Dec/2025:08:33:09 +0000] "PUT /d1/637/AUTH_497073c2347a4b2dbbf501873318fbd3/gnocchi.ea620841-f6f6-4ea7-84eb-b83ad5c40434/1763640000.0_mean_300.0_v3" 201 - "PUT http://172.18.0.121:8080/d1/290/AUTH_497073c2347a4b2dbbf501873318fbd3/gnocchi.ea620841-f6f6-4ea7-84eb-b83ad5c40434/1763640000.0_mean_300.0_v3" "tx48ac388aea4b49f5b0d56-00692ea445" "object-server 24" 0.0009 "-" 19 0
Dec 2 08:33:09 np0005541911 object-server[122305]: 172.20.0.103 - - [02/Dec/2025:08:33:09 +0000] "PUT /d1/290/AUTH_497073c2347a4b2dbbf501873318fbd3/gnocchi.ea620841-f6f6-4ea7-84eb-b83ad5c40434/1763640000.0_mean_300.0_v3" 201 - "PUT http://172.18.0.121:8080/v1/AUTH_497073c2347a4b2dbbf501873318fbd3/gnocchi.ea620841-f6f6-4ea7-84eb-b83ad5c40434/1763640000.0_mean_300.0_v3" "tx48ac388aea4b49f5b0d56-00692ea445" "proxy-server 20" 0.0132 "-" 24 0
Dec 2 08:33:09 np0005541911 container-server[121818]: 172.20.0.105 - - [02/Dec/2025:08:33:09 +0000] "PUT /d1/902/AUTH_497073c2347a4b2dbbf501873318fbd3/gnocchi.4f411340-6467-4bae-9d7e-9d5b273b0d2b/none_v3" 201 - "PUT http://172.18.0.121:8080/d1/919/AUTH_497073c2347a4b2dbbf501873318fbd3/gnocchi.4f411340-6467-4bae-9d7e-9d5b273b0d2b/none_v3" "tx34405f7890ba43ba9bb11-00692ea445" "object-server 25" 0.0009 "-" 22 0
Dec 2 08:33:09 np0005541911 container-server[121789]: 172.20.0.105 - - [02/Dec/2025:08:33:09 +0000] "PUT /d1/500/AUTH_497073c2347a4b2dbbf501873318fbd3/gnocchi.1cbcdd7a-19b9-436b-b6cc-d4b320de27a8/none_v3" 201 - "PUT http://172.18.0.121:8080/d1/407/AUTH_497073c2347a4b2dbbf501873318fbd3/gnocchi.1cbcdd7a-19b9-436b-b6cc-d4b320de27a8/none_v3" "txf5330b36c7dd44b8b9343-00692ea445" "object-server 24" 0.0006 "-" 19 0
Dec 2 08:33:09 np0005541911 object-server[122306]: 172.20.0.104 - - [02/Dec/2025:08:33:09 +0000] "PUT /d1/919/AUTH_497073c2347a4b2dbbf501873318fbd3/gnocchi.4f411340-6467-4bae-9d7e-9d5b273b0d2b/none_v3" 201 - "PUT http://172.18.0.121:8080/v1/AUTH_497073c2347a4b2dbbf501873318fbd3/gnocchi.4f411340-6467-4bae-9d7e-9d5b273b0d2b/none_v3" "tx34405f7890ba43ba9bb11-00692ea445" "proxy-server 20" 0.0137 "-" 25 0
Dec 2 08:33:09 np0005541911 object-server[122305]: 172.20.0.105 - - [02/Dec/2025:08:33:09 +0000] "PUT /d1/407/AUTH_497073c2347a4b2dbbf501873318fbd3/gnocchi.1cbcdd7a-19b9-436b-b6cc-d4b320de27a8/none_v3" 201 - "PUT http://172.18.0.121:8080/v1/AUTH_497073c2347a4b2dbbf501873318fbd3/gnocchi.1cbcdd7a-19b9-436b-b6cc-d4b320de27a8/none_v3" "txf5330b36c7dd44b8b9343-00692ea445" "proxy-server 20" 0.0148 "-" 24 0
Dec 2 08:33:09 np0005541911 proxy-server[123814]: 172.18.0.103 172.18.0.104 02/Dec/2025/08/33/09 PUT /v1/AUTH_497073c2347a4b2dbbf501873318fbd3/gnocchi.1cbcdd7a-19b9-436b-b6cc-d4b320de27a8/none_v3 HTTP/1.0 201 - python-swiftclient-3.11.1 gAAAAABpLqP19t9Q... 22 - - txf5330b36c7dd44b8b9343-00692ea445 - 0.0289 - - 1764664389.521496773 1764664389.550428152 0
Dec 2 08:33:09 np0005541911 object-server[122305]: 172.20.0.103 - - [02/Dec/2025:08:33:09 +0000] "PUT /d1/51/AUTH_497073c2347a4b2dbbf501873318fbd3/gnocchi.ea620841-f6f6-4ea7-84eb-b83ad5c40434/none_v3" 201 - "PUT http://172.18.0.121:8080/v1/AUTH_497073c2347a4b2dbbf501873318fbd3/gnocchi.ea620841-f6f6-4ea7-84eb-b83ad5c40434/none_v3" "txd64f7198a6454a409cd9d-00692ea445" "proxy-server 20" 0.0113 "-" 24 0
Dec 2 08:33:09 np0005541911 container-server[121818]: 172.20.0.104 - - [02/Dec/2025:08:33:09 +0000] "PUT /d1/637/AUTH_497073c2347a4b2dbbf501873318fbd3/gnocchi.ea620841-f6f6-4ea7-84eb-b83ad5c40434/none_v3" 201 - "PUT http://172.18.0.121:8080/d1/51/AUTH_497073c2347a4b2dbbf501873318fbd3/gnocchi.ea620841-f6f6-4ea7-84eb-b83ad5c40434/none_v3" "txd64f7198a6454a409cd9d-00692ea445" "object-server 23" 0.0009 "-" 22 0
Dec 2 08:33:09 np0005541911 container-server[121794]: 172.20.0.104 - - [02/Dec/2025:08:33:09 +0000] "HEAD /d1/531/AUTH_497073c2347a4b2dbbf501873318fbd3/gnocchi.aa733041-fa18-4a3c-8227-f772e4afde17" 404 - "HEAD http://172.18.0.121:8080/v1/AUTH_497073c2347a4b2dbbf501873318fbd3/gnocchi.aa733041-fa18-4a3c-8227-f772e4afde17?format=json&states=listing" "txc9f70c3f30414fd9b5bcd-00692ea445" "proxy-server 20" 0.0007 "-" 20 0
Dec 2 08:33:09 np0005541911 container-server[121803]: 172.20.0.105 - - [02/Dec/2025:08:33:09 +0000] "HEAD /d1/745/AUTH_497073c2347a4b2dbbf501873318fbd3/gnocchi.39960805-d346-4a13-9372-f097bcb99bc9" 404 - "HEAD http://172.18.0.121:8080/v1/AUTH_497073c2347a4b2dbbf501873318fbd3/gnocchi.39960805-d346-4a13-9372-f097bcb99bc9?format=json&states=listing" "txb54cd69160c64b80ad8ce-00692ea445" "proxy-server 20" 0.0005 "-" 21 0
Dec 2 08:33:09 np0005541911 object-server[122302]: 172.20.0.104 - - [02/Dec/2025:08:33:09 +0000] "GET /d1/120/AUTH_497073c2347a4b2dbbf501873318fbd3/gnocchi.aa733041-fa18-4a3c-8227-f772e4afde17/none_v3" 404 70 "GET http://172.18.0.121:8080/v1/AUTH_497073c2347a4b2dbbf501873318fbd3/gnocchi.aa733041-fa18-4a3c-8227-f772e4afde17/none_v3" "txc9f70c3f30414fd9b5bcd-00692ea445" "proxy-server 20" 0.0005 "-" 22 0
Dec 2 08:33:09 np0005541911 object-server[122302]: 172.20.0.105 - - [02/Dec/2025:08:33:09 +0000] "GET /d1/458/AUTH_497073c2347a4b2dbbf501873318fbd3/gnocchi.39960805-d346-4a13-9372-f097bcb99bc9/none_v3" 404 70 "GET http://172.18.0.121:8080/v1/AUTH_497073c2347a4b2dbbf501873318fbd3/gnocchi.39960805-d346-4a13-9372-f097bcb99bc9/none_v3" "txb54cd69160c64b80ad8ce-00692ea445" "proxy-server 20" 0.0003 "-" 22 0
Dec 2 08:33:09 np0005541911 container-server[121794]: 172.20.0.104 - - [02/Dec/2025:08:33:09 +0000] "HEAD /d1/532/AUTH_497073c2347a4b2dbbf501873318fbd3/gnocchi.8f240f26-142d-4151-bd38-13f126e4df57" 404 - "HEAD http://172.18.0.121:8080/v1/AUTH_497073c2347a4b2dbbf501873318fbd3/gnocchi.8f240f26-142d-4151-bd38-13f126e4df57?format=json&states=listing" "txbc04b0d020344ce49c380-00692ea445" "proxy-server 20" 0.0004 "-" 20 0
Dec 2 08:33:09 np0005541911 proxy-server[123814]: 172.18.0.103 172.18.0.104 02/Dec/2025/08/33/09 GET /v1/AUTH_497073c2347a4b2dbbf501873318fbd3/gnocchi.39960805-d346-4a13-9372-f097bcb99bc9/none_v3 HTTP/1.0 404 - python-swiftclient-3.11.1 gAAAAABpLqP19t9Q... - 70 - txb54cd69160c64b80ad8ce-00692ea445 - 0.0321 - - 1764664389.574442148 1764664389.606511116 0
Dec 2 08:33:09 np0005541911 object-server[122302]: 172.20.0.104 - - [02/Dec/2025:08:33:09 +0000] "GET /d1/175/AUTH_497073c2347a4b2dbbf501873318fbd3/gnocchi.8f240f26-142d-4151-bd38-13f126e4df57/none_v3" 404 70 "GET http://172.18.0.121:8080/v1/AUTH_497073c2347a4b2dbbf501873318fbd3/gnocchi.8f240f26-142d-4151-bd38-13f126e4df57/none_v3" "txbc04b0d020344ce49c380-00692ea445" "proxy-server 20" 0.0003 "-" 22 0
Dec 2 08:33:09 np0005541911 account-server[121671]: 172.20.0.105 - - [02/Dec/2025:08:33:09 +0000] "PUT /d1/626/AUTH_497073c2347a4b2dbbf501873318fbd3/gnocchi.aa733041-fa18-4a3c-8227-f772e4afde17" 201 - "PUT http://172.20.0.105:6001/d1/531/AUTH_497073c2347a4b2dbbf501873318fbd3/gnocchi.aa733041-fa18-4a3c-8227-f772e4afde17" "txfd693575dabd45e7bf236-00692ea445" "container-server 22" 0.0068 "-" 20 0
Dec 2 08:33:09 np0005541911 container-server[121818]: 172.20.0.103 - - [02/Dec/2025:08:33:09 +0000] "PUT /d1/531/AUTH_497073c2347a4b2dbbf501873318fbd3/gnocchi.aa733041-fa18-4a3c-8227-f772e4afde17" 201 - "PUT http://172.18.0.121:8080/v1/AUTH_497073c2347a4b2dbbf501873318fbd3/gnocchi.aa733041-fa18-4a3c-8227-f772e4afde17" "txfd693575dabd45e7bf236-00692ea445" "proxy-server 20" 0.0232 "-" 22 0
Dec 2 08:33:09 np0005541911 account-server[121671]: 172.20.0.103 - - [02/Dec/2025:08:33:09 +0000] "PUT /d1/626/AUTH_497073c2347a4b2dbbf501873318fbd3/gnocchi.39960805-d346-4a13-9372-f097bcb99bc9" 201 - "PUT http://172.20.0.103:6001/d1/745/AUTH_497073c2347a4b2dbbf501873318fbd3/gnocchi.39960805-d346-4a13-9372-f097bcb99bc9" "txb23ca4ad73c44a7790f96-00692ea445" "container-server 22" 0.0055 "-" 20 0
Dec 2 08:33:09 np0005541911 object-server[218253]: Object audit (ZBF) "forever" mode completed: 0.40s. Total quarantined: 0, Total errors: 0, Total files/sec: 54.61, Total bytes/sec: 0.00, Auditing time: 0.40, Rate: 0.98
Dec 2 08:33:09 np0005541911 container-server[121794]: 172.20.0.105 - - [02/Dec/2025:08:33:09 +0000] "PUT /d1/745/AUTH_497073c2347a4b2dbbf501873318fbd3/gnocchi.39960805-d346-4a13-9372-f097bcb99bc9" 201 - "PUT http://172.18.0.121:8080/v1/AUTH_497073c2347a4b2dbbf501873318fbd3/gnocchi.39960805-d346-4a13-9372-f097bcb99bc9" "txb23ca4ad73c44a7790f96-00692ea445" "proxy-server 20" 0.0220 "-" 20 0
Dec 2 08:33:09 np0005541911 proxy-server[123814]: 172.18.0.103 172.18.0.104 02/Dec/2025/08/33/09 PUT /v1/AUTH_497073c2347a4b2dbbf501873318fbd3/gnocchi.39960805-d346-4a13-9372-f097bcb99bc9 HTTP/1.0 201 - python-swiftclient-3.11.1 gAAAAABpLqP19t9Q... - - - txb23ca4ad73c44a7790f96-00692ea445 - 0.0303 - - 1764664389.611033916 1764664389.641344786 0
Dec 2 08:33:09 np0005541911 account-server[121686]: 172.20.0.104 - - [02/Dec/2025:08:33:09 +0000] "PUT /d1/626/AUTH_497073c2347a4b2dbbf501873318fbd3/gnocchi.8f240f26-142d-4151-bd38-13f126e4df57" 201 - "PUT http://172.20.0.104:6001/d1/532/AUTH_497073c2347a4b2dbbf501873318fbd3/gnocchi.8f240f26-142d-4151-bd38-13f126e4df57" "txac6aeaf6f302447490dba-00692ea445" "container-server 21" 0.0064 "-" 22 0
Dec 2 08:33:09 np0005541911 container-server[121789]: 172.20.0.105 - - [02/Dec/2025:08:33:09 +0000] "HEAD /d1/745/AUTH_497073c2347a4b2dbbf501873318fbd3/gnocchi.39960805-d346-4a13-9372-f097bcb99bc9" 204 - "HEAD http://172.18.0.121:8080/v1/AUTH_497073c2347a4b2dbbf501873318fbd3/gnocchi.39960805-d346-4a13-9372-f097bcb99bc9?format=json&states=listing" "tx0255a54ef3b848048639f-00692ea445" "proxy-server 20" 0.0023 "-" 19 0
Dec 2 08:33:09 np0005541911 container-server[121818]: 172.20.0.104 - - [02/Dec/2025:08:33:09 +0000] "PUT /d1/532/AUTH_497073c2347a4b2dbbf501873318fbd3/gnocchi.8f240f26-142d-4151-bd38-13f126e4df57" 201 - "PUT http://172.18.0.121:8080/v1/AUTH_497073c2347a4b2dbbf501873318fbd3/gnocchi.8f240f26-142d-4151-bd38-13f126e4df57" "txac6aeaf6f302447490dba-00692ea445" "proxy-server 20" 0.0210 "-" 22 0
Dec 2 08:33:09 np0005541911 proxy-server[123814]: - - 02/Dec/2025/08/33/09 HEAD /v1/AUTH_497073c2347a4b2dbbf501873318fbd3/gnocchi.39960805-d346-4a13-9372-f097bcb99bc9%3Fformat%3Djson%26states%3Dlisting HTTP/1.0 204 - Swift - - - - tx0255a54ef3b848048639f-00692ea445 - 0.0074 RL - 1764664389.649769306 1764664389.657122850 0
Dec 2 08:33:09 np0005541911 proxy-server[123814]: 172.18.0.103 172.18.0.104 02/Dec/2025/08/33/09 GET /v1/AUTH_497073c2347a4b2dbbf501873318fbd3/gnocchi.39960805-d346-4a13-9372-f097bcb99bc9%3Fformat%3Djson%26states%3Dlisting HTTP/1.0 200 - python-swiftclient-3.11.1 gAAAAABpLqP19t9Q... - 2 - tx0255a54ef3b848048639f-00692ea445 - 0.0194 - - 1764664389.647448540 1764664389.666840553 0
Dec 2 08:33:09 np0005541911 container-server[121818]: 172.20.0.104 - - [02/Dec/2025:08:33:09 +0000] "HEAD /d1/532/AUTH_497073c2347a4b2dbbf501873318fbd3/gnocchi.8f240f26-142d-4151-bd38-13f126e4df57" 204 - "HEAD http://172.18.0.121:8080/v1/AUTH_497073c2347a4b2dbbf501873318fbd3/gnocchi.8f240f26-142d-4151-bd38-13f126e4df57?format=json&states=listing" "tx09bea14832b04268bc5e9-00692ea445" "proxy-server 20" 0.0026 "-" 22 0
Dec 2 08:33:09 np0005541911 object-server[122305]: 172.20.0.103 - - [02/Dec/2025:08:33:09 +0000] "GET /d1/701/AUTH_497073c2347a4b2dbbf501873318fbd3/gnocchi.aa733041-fa18-4a3c-8227-f772e4afde17/1763640000.0_mean_300.0_v3" 404 70 "GET http://172.18.0.121:8080/v1/AUTH_497073c2347a4b2dbbf501873318fbd3/gnocchi.aa733041-fa18-4a3c-8227-f772e4afde17/1763640000.0_mean_300.0_v3" "txbb48c0272549438199236-00692ea445" "proxy-server 20" 0.0007 "-" 24 0
Dec 2 08:33:09 np0005541911 object-server[122306]: 172.20.0.105 - - [02/Dec/2025:08:33:09 +0000] "GET /d1/971/AUTH_497073c2347a4b2dbbf501873318fbd3/gnocchi.39960805-d346-4a13-9372-f097bcb99bc9/1763640000.0_mean_300.0_v3" 404 70 "GET http://172.18.0.121:8080/v1/AUTH_497073c2347a4b2dbbf501873318fbd3/gnocchi.39960805-d346-4a13-9372-f097bcb99bc9/1763640000.0_mean_300.0_v3" "tx2a678def5e6640b5b8e7f-00692ea445" "proxy-server 20" 0.0003 "-" 25 0
Dec 2 08:33:09 np0005541911 proxy-server[123814]: 172.18.0.103 172.18.0.104 02/Dec/2025/08/33/09 GET /v1/AUTH_497073c2347a4b2dbbf501873318fbd3/gnocchi.39960805-d346-4a13-9372-f097bcb99bc9/1763640000.0_mean_300.0_v3 HTTP/1.0 404 - python-swiftclient-3.11.1 gAAAAABpLqP19t9Q... - 70 - tx2a678def5e6640b5b8e7f-00692ea445 - 0.0124 - - 1764664389.670930862 1764664389.683357239 0
Dec 2 08:33:09 np0005541911 container-server[121794]: 172.20.0.105 - - [02/Dec/2025:08:33:09 +0000] "PUT /d1/531/AUTH_497073c2347a4b2dbbf501873318fbd3/gnocchi.aa733041-fa18-4a3c-8227-f772e4afde17/1763640000.0_mean_300.0_v3" 201 - "PUT http://172.18.0.121:8080/d1/701/AUTH_497073c2347a4b2dbbf501873318fbd3/gnocchi.aa733041-fa18-4a3c-8227-f772e4afde17/1763640000.0_mean_300.0_v3" "tx0f484f1335a24f0f94346-00692ea445" "object-server 24" 0.0010 "-" 20 0
Dec 2 08:33:09 np0005541911 object-server[122302]: 172.20.0.104 - - [02/Dec/2025:08:33:09 +0000] "GET /d1/1022/AUTH_497073c2347a4b2dbbf501873318fbd3/gnocchi.8f240f26-142d-4151-bd38-13f126e4df57/1763640000.0_mean_300.0_v3" 404 70 "GET http://172.18.0.121:8080/v1/AUTH_497073c2347a4b2dbbf501873318fbd3/gnocchi.8f240f26-142d-4151-bd38-13f126e4df57/1763640000.0_mean_300.0_v3" "txd2ecc8e0fa0841278d4ca-00692ea445" "proxy-server 20" 0.0003 "-" 22 0
Dec 2 08:33:09 np0005541911 object-server[122305]: 172.20.0.103 - - [02/Dec/2025:08:33:09 +0000] "PUT /d1/701/AUTH_497073c2347a4b2dbbf501873318fbd3/gnocchi.aa733041-fa18-4a3c-8227-f772e4afde17/1763640000.0_mean_300.0_v3" 201 - "PUT http://172.18.0.121:8080/v1/AUTH_497073c2347a4b2dbbf501873318fbd3/gnocchi.aa733041-fa18-4a3c-8227-f772e4afde17/1763640000.0_mean_300.0_v3" "tx0f484f1335a24f0f94346-00692ea445" "proxy-server 20" 0.0136 "-" 24 0
Dec 2 08:33:09 np0005541911 container-server[121794]: 172.20.0.103 - - [02/Dec/2025:08:33:09 +0000] "PUT /d1/745/AUTH_497073c2347a4b2dbbf501873318fbd3/gnocchi.39960805-d346-4a13-9372-f097bcb99bc9/1763640000.0_mean_300.0_v3" 201 - "PUT http://172.18.0.121:8080/d1/971/AUTH_497073c2347a4b2dbbf501873318fbd3/gnocchi.39960805-d346-4a13-9372-f097bcb99bc9/1763640000.0_mean_300.0_v3" "txcc1843e25e074535a28f7-00692ea445" "object-server 24" 0.0008 "-" 20 0
Dec 2 08:33:09 np0005541911 object-server[122302]: 172.20.0.105 - - [02/Dec/2025:08:33:09 +0000] "PUT /d1/971/AUTH_497073c2347a4b2dbbf501873318fbd3/gnocchi.39960805-d346-4a13-9372-f097bcb99bc9/1763640000.0_mean_300.0_v3" 201 - "PUT http://172.18.0.121:8080/v1/AUTH_497073c2347a4b2dbbf501873318fbd3/gnocchi.39960805-d346-4a13-9372-f097bcb99bc9/1763640000.0_mean_300.0_v3" "txcc1843e25e074535a28f7-00692ea445" "proxy-server 20" 0.0211 "-" 22 0
Dec 2 08:33:09 np0005541911 proxy-server[123814]: 172.18.0.103 172.18.0.104 02/Dec/2025/08/33/09 PUT /v1/AUTH_497073c2347a4b2dbbf501873318fbd3/gnocchi.39960805-d346-4a13-9372-f097bcb99bc9/1763640000.0_mean_300.0_v3 HTTP/1.0 201 - python-swiftclient-3.11.1 gAAAAABpLqP19t9Q... 16 - - txcc1843e25e074535a28f7-00692ea445 - 0.0271 - - 1764664389.686660528 1764664389.713803530 0
Dec 2 08:33:09 np0005541911 container-server[121803]: 172.20.0.105 - - [02/Dec/2025:08:33:09 +0000] "PUT /d1/531/AUTH_497073c2347a4b2dbbf501873318fbd3/gnocchi.aa733041-fa18-4a3c-8227-f772e4afde17/none_v3" 201 - "PUT http://172.18.0.121:8080/d1/120/AUTH_497073c2347a4b2dbbf501873318fbd3/gnocchi.aa733041-fa18-4a3c-8227-f772e4afde17/none_v3" "txd9a2d32a2a65490aa96cc-00692ea445" "object-server 24" 0.0006 "-" 21 0
Dec 2 08:33:09 np0005541911 object-server[122305]: 172.20.0.103 - - [02/Dec/2025:08:33:09 +0000] "PUT /d1/120/AUTH_497073c2347a4b2dbbf501873318fbd3/gnocchi.aa733041-fa18-4a3c-8227-f772e4afde17/none_v3" 201 - "PUT http://172.18.0.121:8080/v1/AUTH_497073c2347a4b2dbbf501873318fbd3/gnocchi.aa733041-fa18-4a3c-8227-f772e4afde17/none_v3" "txd9a2d32a2a65490aa96cc-00692ea445" "proxy-server 20" 0.0126 "-" 24 0
Dec 2 08:33:09 np0005541911 object-server[122304]: 172.20.0.105 - - [02/Dec/2025:08:33:09 +0000] "PUT /d1/458/AUTH_497073c2347a4b2dbbf501873318fbd3/gnocchi.39960805-d346-4a13-9372-f097bcb99bc9/none_v3" 201 - "PUT http://172.18.0.121:8080/v1/AUTH_497073c2347a4b2dbbf501873318fbd3/gnocchi.39960805-d346-4a13-9372-f097bcb99bc9/none_v3" "tx790987c737da4ea2ad1d1-00692ea445" "proxy-server 20" 0.0143 "-" 23 0
Dec 2 08:33:09 np0005541911 container-server[121818]: 172.20.0.104 - - [02/Dec/2025:08:33:09 +0000] "PUT /d1/745/AUTH_497073c2347a4b2dbbf501873318fbd3/gnocchi.39960805-d346-4a13-9372-f097bcb99bc9/none_v3" 201 - "PUT http://172.18.0.121:8080/d1/458/AUTH_497073c2347a4b2dbbf501873318fbd3/gnocchi.39960805-d346-4a13-9372-f097bcb99bc9/none_v3" "tx790987c737da4ea2ad1d1-00692ea445" "object-server 23" 0.0007 "-" 22 0
Dec 2 08:33:09 np0005541911 object-server[122305]: 172.20.0.104 - - [02/Dec/2025:08:33:09 +0000] "PUT /d1/1022/AUTH_497073c2347a4b2dbbf501873318fbd3/gnocchi.8f240f26-142d-4151-bd38-13f126e4df57/1763640000.0_mean_300.0_v3" 201 - "PUT http://172.18.0.121:8080/v1/AUTH_497073c2347a4b2dbbf501873318fbd3/gnocchi.8f240f26-142d-4151-bd38-13f126e4df57/1763640000.0_mean_300.0_v3" "txb350545e719d47c892d8e-00692ea445" "proxy-server 20" 0.0155 "-" 24 0
Dec 2 08:33:09 np0005541911 container-server[121789]: 172.20.0.104 - - [02/Dec/2025:08:33:09 +0000] "PUT /d1/532/AUTH_497073c2347a4b2dbbf501873318fbd3/gnocchi.8f240f26-142d-4151-bd38-13f126e4df57/1763640000.0_mean_300.0_v3" 201 - "PUT http://172.18.0.121:8080/d1/1022/AUTH_497073c2347a4b2dbbf501873318fbd3/gnocchi.8f240f26-142d-4151-bd38-13f126e4df57/1763640000.0_mean_300.0_v3" "txb350545e719d47c892d8e-00692ea445" "object-server 23" 0.0008 "-" 19 0
Dec 2 08:33:09 np0005541911 proxy-server[123814]: 172.18.0.103 172.18.0.104 02/Dec/2025/08/33/09 PUT /v1/AUTH_497073c2347a4b2dbbf501873318fbd3/gnocchi.39960805-d346-4a13-9372-f097bcb99bc9/none_v3 HTTP/1.0 201 - python-swiftclient-3.11.1 gAAAAABpLqP19t9Q... 22 - - tx790987c737da4ea2ad1d1-00692ea445 - 0.0264 - - 1764664389.718435287 1764664389.744792461 0
Dec 2 08:33:09 np0005541911 container-server[121794]: 172.20.0.103 - - [02/Dec/2025:08:33:09 +0000] "PUT /d1/532/AUTH_497073c2347a4b2dbbf501873318fbd3/gnocchi.8f240f26-142d-4151-bd38-13f126e4df57/none_v3" 201 - "PUT http://172.18.0.121:8080/d1/175/AUTH_497073c2347a4b2dbbf501873318fbd3/gnocchi.8f240f26-142d-4151-bd38-13f126e4df57/none_v3" "txfd530d59af8f415ab31c9-00692ea445" "object-server 25" 0.0007 "-" 20 0
Dec 2 08:33:09 np0005541911 object-server[122302]: 172.20.0.103 - - [02/Dec/2025:08:33:09 +0000] "PUT /d1/175/AUTH_497073c2347a4b2dbbf501873318fbd3/gnocchi.8f240f26-142d-4151-bd38-13f126e4df57/none_v3" 201 - "PUT http://172.18.0.121:8080/v1/AUTH_497073c2347a4b2dbbf501873318fbd3/gnocchi.8f240f26-142d-4151-bd38-13f126e4df57/none_v3" "txfd530d59af8f415ab31c9-00692ea445" "proxy-server 20" 0.0161 "-" 22 0
Dec 2 08:33:09 np0005541911 container-server[121803]: 172.20.0.105 - - [02/Dec/2025:08:33:09 +0000] "HEAD /d1/1017/AUTH_497073c2347a4b2dbbf501873318fbd3/gnocchi.df7e0595-991d-46c5-ab58-680948adb2b6" 404 - "HEAD http://172.18.0.121:8080/v1/AUTH_497073c2347a4b2dbbf501873318fbd3/gnocchi.df7e0595-991d-46c5-ab58-680948adb2b6?format=json&states=listing" "txd2e14af44dae4e0387669-00692ea445" "proxy-server 20" 0.0003 "-" 21 0
Dec 2 08:33:09 np0005541911 container-server[121789]: 172.20.0.104 - - [02/Dec/2025:08:33:09 +0000] "HEAD /d1/807/AUTH_497073c2347a4b2dbbf501873318fbd3/gnocchi.8066c377-242c-49cc-b607-5f97997acc4c" 404 - "HEAD http://172.18.0.121:8080/v1/AUTH_497073c2347a4b2dbbf501873318fbd3/gnocchi.8066c377-242c-49cc-b607-5f97997acc4c?format=json&states=listing" "tx8011e67e0f144b03b2344-00692ea445" "proxy-server 20" 0.0004 "-" 19 0
Dec 2 08:33:09 np0005541911 object-server[122306]: 172.20.0.105 - - [02/Dec/2025:08:33:09 +0000] "GET /d1/542/AUTH_497073c2347a4b2dbbf501873318fbd3/gnocchi.df7e0595-991d-46c5-ab58-680948adb2b6/none_v3" 404 70 "GET http://172.18.0.121:8080/v1/AUTH_497073c2347a4b2dbbf501873318fbd3/gnocchi.df7e0595-991d-46c5-ab58-680948adb2b6/none_v3" "txd2e14af44dae4e0387669-00692ea445" "proxy-server 20" 0.0008 "-" 25 0
Dec 2 08:33:09 np0005541911 object-server[122302]: 172.20.0.104 - - [02/Dec/2025:08:33:09 +0000] "GET /d1/686/AUTH_497073c2347a4b2dbbf501873318fbd3/gnocchi.8066c377-242c-49cc-b607-5f97997acc4c/none_v3" 404 70 "GET http://172.18.0.121:8080/v1/AUTH_497073c2347a4b2dbbf501873318fbd3/gnocchi.8066c377-242c-49cc-b607-5f97997acc4c/none_v3" "tx8011e67e0f144b03b2344-00692ea445" "proxy-server 20" 0.0006 "-" 22 0
Dec 2 08:33:09 np0005541911 proxy-server[123814]: 172.18.0.121 172.18.0.104 02/Dec/2025/08/33/09 GET /v1/AUTH_497073c2347a4b2dbbf501873318fbd3/gnocchi.df7e0595-991d-46c5-ab58-680948adb2b6/none_v3 HTTP/1.0 404 - python-swiftclient-3.11.1 gAAAAABpLqP99yKL... - 70 - txd2e14af44dae4e0387669-00692ea445 - 0.0391 - - 1764664389.766883135 1764664389.805938244 0
Dec 2 08:33:09 np0005541911 account-server[121678]: 172.20.0.103 - - [02/Dec/2025:08:33:09 +0000] "PUT /d1/626/AUTH_497073c2347a4b2dbbf501873318fbd3/gnocchi.8066c377-242c-49cc-b607-5f97997acc4c" 201 - "PUT http://172.20.0.103:6001/d1/807/AUTH_497073c2347a4b2dbbf501873318fbd3/gnocchi.8066c377-242c-49cc-b607-5f97997acc4c" "tx26d1e3a374654d75800d9-00692ea445" "container-server 22" 0.0065 "-" 21 0
Dec 2 08:33:09 np0005541911 container-server[121818]: 172.20.0.105 - - [02/Dec/2025:08:33:09 +0000] "PUT /d1/807/AUTH_497073c2347a4b2dbbf501873318fbd3/gnocchi.8066c377-242c-49cc-b607-5f97997acc4c" 201 - "PUT http://172.18.0.121:8080/v1/AUTH_497073c2347a4b2dbbf501873318fbd3/gnocchi.8066c377-242c-49cc-b607-5f97997acc4c" "tx26d1e3a374654d75800d9-00692ea445" "proxy-server 20" 0.0190 "-" 22 0
Dec 2 08:33:09 np0005541911 proxy-server[123814]: 172.18.0.103 172.18.0.104 02/Dec/2025/08/33/09 PUT /v1/AUTH_497073c2347a4b2dbbf501873318fbd3/gnocchi.8066c377-242c-49cc-b607-5f97997acc4c HTTP/1.0 201 - python-swiftclient-3.11.1 gAAAAABpLqP19t9Q... - - - tx26d1e3a374654d75800d9-00692ea445 - 0.0402 - - 1764664389.812616110 1764664389.852849245 0
Dec 2 08:33:09 np0005541911 account-server[121714]: 172.20.0.105 - - [02/Dec/2025:08:33:09 +0000] "PUT /d1/626/AUTH_497073c2347a4b2dbbf501873318fbd3/gnocchi.df7e0595-991d-46c5-ab58-680948adb2b6" 201 - "PUT http://172.20.0.105:6001/d1/1017/AUTH_497073c2347a4b2dbbf501873318fbd3/gnocchi.df7e0595-991d-46c5-ab58-680948adb2b6" "tx05714994a3a74c6cbe9e4-00692ea445" "container-server 22" 0.0156 "-" 23 0
Dec 2 08:33:09 np0005541911 container-server[121818]: 172.20.0.103 - - [02/Dec/2025:08:33:09 +0000] "PUT /d1/1017/AUTH_497073c2347a4b2dbbf501873318fbd3/gnocchi.df7e0595-991d-46c5-ab58-680948adb2b6" 201 - "PUT http://172.18.0.121:8080/v1/AUTH_497073c2347a4b2dbbf501873318fbd3/gnocchi.df7e0595-991d-46c5-ab58-680948adb2b6" "tx05714994a3a74c6cbe9e4-00692ea445" "proxy-server 20" 0.0393 "-" 22 0
Dec 2 08:33:09 np0005541911 container-server[121794]: 172.20.0.104 - - [02/Dec/2025:08:33:09 +0000] "GET /d1/807/AUTH_497073c2347a4b2dbbf501873318fbd3/gnocchi.8066c377-242c-49cc-b607-5f97997acc4c" 200 2 "GET http://172.18.0.121:8080/v1/AUTH_497073c2347a4b2dbbf501873318fbd3/gnocchi.8066c377-242c-49cc-b607-5f97997acc4c?format=json&states=listing" "txc93e2e2b64d54eb492e03-00692ea445" "proxy-server 20" 0.0026 "-" 20 0
Dec 2 08:33:09 np0005541911 proxy-server[123814]: - - 02/Dec/2025/08/33/09 HEAD /v1/AUTH_497073c2347a4b2dbbf501873318fbd3/gnocchi.df7e0595-991d-46c5-ab58-680948adb2b6%3Fformat%3Djson%26states%3Dlisting HTTP/1.0 204 - Swift - - - - tx3fc3a7cc5e5e4c348c6af-00692ea445 - 0.0081 RL - 1764664389.870302916 1764664389.878368855 0
Dec 2 08:33:09 np0005541911 proxy-server[123814]: 172.18.0.121 172.18.0.104 02/Dec/2025/08/33/09 GET /v1/AUTH_497073c2347a4b2dbbf501873318fbd3/gnocchi.df7e0595-991d-46c5-ab58-680948adb2b6%3Fformat%3Djson%26states%3Dlisting HTTP/1.0 200 - python-swiftclient-3.11.1 gAAAAABpLqP99yKL... - 2 - tx3fc3a7cc5e5e4c348c6af-00692ea445 - 0.0263 - - 1764664389.867620468 1764664389.893953323 0
Dec 2 08:33:09 np0005541911 object-server[122302]: 172.20.0.103 - - [02/Dec/2025:08:33:09 +0000] "GET /d1/23/AUTH_497073c2347a4b2dbbf501873318fbd3/gnocchi.8066c377-242c-49cc-b607-5f97997acc4c/1763640000.0_mean_300.0_v3" 404 70 "GET http://172.18.0.121:8080/v1/AUTH_497073c2347a4b2dbbf501873318fbd3/gnocchi.8066c377-242c-49cc-b607-5f97997acc4c/1763640000.0_mean_300.0_v3" "tx685d4ffe4d7040dfa7afa-00692ea445" "proxy-server 20" 0.0005 "-" 22 0
Dec 2 08:33:09 np0005541911 object-server[122304]: 172.20.0.104 - - [02/Dec/2025:08:33:09 +0000] "GET /d1/966/AUTH_497073c2347a4b2dbbf501873318fbd3/gnocchi.df7e0595-991d-46c5-ab58-680948adb2b6/1763640000.0_mean_300.0_v3" 404 70 "GET http://172.18.0.121:8080/v1/AUTH_497073c2347a4b2dbbf501873318fbd3/gnocchi.df7e0595-991d-46c5-ab58-680948adb2b6/1763640000.0_mean_300.0_v3" "txb17fcf9c67c94d41bb6b9-00692ea445" "proxy-server 20" 0.0004 "-" 23 0
Dec 2 08:33:09 np0005541911 container-server[121789]: 172.20.0.104 - - [02/Dec/2025:08:33:09 +0000] "PUT /d1/807/AUTH_497073c2347a4b2dbbf501873318fbd3/gnocchi.8066c377-242c-49cc-b607-5f97997acc4c/1763640000.0_mean_300.0_v3" 201 - "PUT http://172.18.0.121:8080/d1/23/AUTH_497073c2347a4b2dbbf501873318fbd3/gnocchi.8066c377-242c-49cc-b607-5f97997acc4c/1763640000.0_mean_300.0_v3" "tx3d2296c8dbec41a592924-00692ea445" "object-server 22" 0.0006 "-" 19 0
Dec 2 08:33:09 np0005541911 object-server[122304]: 172.20.0.105 - - [02/Dec/2025:08:33:09 +0000] "PUT /d1/23/AUTH_497073c2347a4b2dbbf501873318fbd3/gnocchi.8066c377-242c-49cc-b607-5f97997acc4c/1763640000.0_mean_300.0_v3" 201 - "PUT http://172.18.0.121:8080/v1/AUTH_497073c2347a4b2dbbf501873318fbd3/gnocchi.8066c377-242c-49cc-b607-5f97997acc4c/1763640000.0_mean_300.0_v3" "tx3d2296c8dbec41a592924-00692ea445" "proxy-server 20" 0.0150 "-" 23 0
Dec 2 08:33:09 np0005541911 proxy-server[123814]: 172.18.0.103 172.18.0.104 02/Dec/2025/08/33/09 PUT /v1/AUTH_497073c2347a4b2dbbf501873318fbd3/gnocchi.8066c377-242c-49cc-b607-5f97997acc4c/1763640000.0_mean_300.0_v3 HTTP/1.0 201 - python-swiftclient-3.11.1 gAAAAABpLqP19t9Q... 16 - - tx3d2296c8dbec41a592924-00692ea445 - 0.0275 - - 1764664389.905865431 1764664389.933324337 0
Dec 2 08:33:09 np0005541911 container-server[121803]: 172.20.0.103 - - [02/Dec/2025:08:33:09 +0000] "PUT /d1/1017/AUTH_497073c2347a4b2dbbf501873318fbd3/gnocchi.df7e0595-991d-46c5-ab58-680948adb2b6/1763640000.0_mean_300.0_v3" 201 - "PUT http://172.18.0.121:8080/d1/966/AUTH_497073c2347a4b2dbbf501873318fbd3/gnocchi.df7e0595-991d-46c5-ab58-680948adb2b6/1763640000.0_mean_300.0_v3" "tx889f1424f49f41c5832ca-00692ea445" "object-server 24" 0.0009 "-" 21 0
Dec 2 08:33:09 np0005541911 container-server[121818]: 172.20.0.105 - - [02/Dec/2025:08:33:09 +0000] "PUT /d1/807/AUTH_497073c2347a4b2dbbf501873318fbd3/gnocchi.8066c377-242c-49cc-b607-5f97997acc4c/none_v3" 201 - "PUT http://172.18.0.121:8080/d1/686/AUTH_497073c2347a4b2dbbf501873318fbd3/gnocchi.8066c377-242c-49cc-b607-5f97997acc4c/none_v3" "tx4d4818b555204536a9bfe-00692ea445" "object-server 22" 0.0008 "-" 22 0
Dec 2 08:33:09 np0005541911 object-server[122304]: 172.20.0.103 - - [02/Dec/2025:08:33:09 +0000] "PUT /d1/966/AUTH_497073c2347a4b2dbbf501873318fbd3/gnocchi.df7e0595-991d-46c5-ab58-680948adb2b6/1763640000.0_mean_300.0_v3" 201 - "PUT http://172.18.0.121:8080/v1/AUTH_497073c2347a4b2dbbf501873318fbd3/gnocchi.df7e0595-991d-46c5-ab58-680948adb2b6/1763640000.0_mean_300.0_v3" "tx889f1424f49f41c5832ca-00692ea445" "proxy-server 20" 0.0134 "-" 23 0
Dec 2 08:33:09 np0005541911 object-server[122302]: 172.20.0.104 - - [02/Dec/2025:08:33:09 +0000] "PUT /d1/686/AUTH_497073c2347a4b2dbbf501873318fbd3/gnocchi.8066c377-242c-49cc-b607-5f97997acc4c/none_v3" 201 - "PUT http://172.18.0.121:8080/v1/AUTH_497073c2347a4b2dbbf501873318fbd3/gnocchi.8066c377-242c-49cc-b607-5f97997acc4c/none_v3" "tx4d4818b555204536a9bfe-00692ea445" "proxy-server 20" 0.0110 "-" 22 0
Dec 2 08:33:09 np0005541911 object-server[122305]: 172.20.0.105 - - [02/Dec/2025:08:33:09 +0000] "PUT /d1/542/AUTH_497073c2347a4b2dbbf501873318fbd3/gnocchi.df7e0595-991d-46c5-ab58-680948adb2b6/none_v3" 201 - "PUT http://172.18.0.121:8080/v1/AUTH_497073c2347a4b2dbbf501873318fbd3/gnocchi.df7e0595-991d-46c5-ab58-680948adb2b6/none_v3" "tx217973d226bc40b8925bc-00692ea445" "proxy-server 20" 0.0127 "-" 24 0
Dec 2 08:33:10 np0005541911 container-server[121789]: 172.20.0.103 - - [02/Dec/2025:08:33:10 +0000] "PUT /d1/1017/AUTH_497073c2347a4b2dbbf501873318fbd3/gnocchi.df7e0595-991d-46c5-ab58-680948adb2b6/none_v3" 201 - "PUT http://172.18.0.121:8080/d1/542/AUTH_497073c2347a4b2dbbf501873318fbd3/gnocchi.df7e0595-991d-46c5-ab58-680948adb2b6/none_v3" "tx217973d226bc40b8925bc-00692ea445" "object-server 22" 0.0007 "-" 19 0
Dec 2 08:33:10 np0005541911 proxy-server[123814]: 172.18.0.121 172.18.0.104 02/Dec/2025/08/33/10 PUT /v1/AUTH_497073c2347a4b2dbbf501873318fbd3/gnocchi.df7e0595-991d-46c5-ab58-680948adb2b6/none_v3 HTTP/1.0 201 - python-swiftclient-3.11.1 gAAAAABpLqP99yKL... 22 - - tx217973d226bc40b8925bc-00692ea445 - 0.0353 - - 1764664389.968937635 1764664390.004285097 0
Dec 2 08:33:13 np0005541911 container-server[121494]: Beginning replication run
Dec 2 08:33:14 np0005541911 container-server[121494]: Replication run OVER
Dec 2 08:33:14 np0005541911 container-server[121494]: Attempted to replicate 22 dbs in 0.97343 seconds (22.60056/s)
Dec 2 08:33:14 np0005541911 container-server[121494]: Removed 0 dbs
Dec 2 08:33:14 np0005541911 container-server[121494]: 44 successes, 0 failures
Dec 2 08:33:14 np0005541911 container-server[121494]: diff:0 diff_capped:0 empty:0 hashmatch:0 no_change:44 remote_merge:0 rsync:0 ts_repl:0
Dec 2 08:33:19 np0005541911 account-server[121714]: 172.20.0.103 - - [02/Dec/2025:08:33:19 +0000] "PUT /d1/626/AUTH_497073c2347a4b2dbbf501873318fbd3/gnocchi.aa733041-fa18-4a3c-8227-f772e4afde17" 201 - "-" "-" "container-updater 2" 0.0012 "-" 23 0
Dec 2 08:33:19 np0005541911 account-server[121678]: 172.20.0.103 - - [02/Dec/2025:08:33:19 +0000] "PUT /d1/626/AUTH_497073c2347a4b2dbbf501873318fbd3/gnocchi.4f411340-6467-4bae-9d7e-9d5b273b0d2b" 201 - "-" "-" "container-updater 2" 0.0007 "-" 21 0
Dec 2 08:33:20 np0005541911 account-server[121714]: 172.20.0.103 - - [02/Dec/2025:08:33:20 +0000] "PUT /d1/626/AUTH_497073c2347a4b2dbbf501873318fbd3/gnocchi.1cbcdd7a-19b9-436b-b6cc-d4b320de27a8" 201 - "-" "-" "container-updater 2" 0.0007 "-" 23 0
Dec 2 08:33:20 np0005541911 account-server[121678]: 172.20.0.103 - - [02/Dec/2025:08:33:20 +0000] "PUT /d1/626/AUTH_497073c2347a4b2dbbf501873318fbd3/gnocchi.58b99940-1fe3-45c1-9db3-3dfd3571631f" 201 - "-" "-" "container-updater 2" 0.0007 "-" 21 0
Dec 2 08:33:20 np0005541911 account-server[121686]: 172.20.0.103 - - [02/Dec/2025:08:33:20 +0000] "PUT /d1/626/AUTH_497073c2347a4b2dbbf501873318fbd3/gnocchi.63897728-c6fe-45f1-9592-f9328b3109ed" 201 - "-" "-" "container-updater 2" 0.0007 "-" 22 0
Dec 2 08:33:20 np0005541911 account-server[121714]: 172.20.0.103 - - [02/Dec/2025:08:33:20 +0000] "PUT /d1/626/AUTH_497073c2347a4b2dbbf501873318fbd3/gnocchi.a84f9e15-acf9-46c7-9262-c209fcc4bcba" 201 - "-" "-" "container-updater 2" 0.0008 "-" 23 0
Dec 2 08:33:20 np0005541911 account-server[121714]: 172.20.0.103 - - [02/Dec/2025:08:33:20 +0000] "PUT /d1/626/AUTH_497073c2347a4b2dbbf501873318fbd3/gnocchi.9f146626-dc56-416e-ab40-62adce36f3ed" 201 - "-" "-" "container-updater 2" 0.0008 "-" 23 0
Dec 2 08:33:20 np0005541911 account-server[121678]: 172.20.0.103 - - [02/Dec/2025:08:33:20 +0000] "PUT /d1/626/AUTH_497073c2347a4b2dbbf501873318fbd3/gnocchi.8066c377-242c-49cc-b607-5f97997acc4c" 201 - "-" "-" "container-updater 2" 0.0011 "-" 21 0
Dec 2 08:33:20 np0005541911 account-server[121678]: 172.20.0.103 - - [02/Dec/2025:08:33:20 +0000] "PUT /d1/626/AUTH_497073c2347a4b2dbbf501873318fbd3/gnocchi.ddf19f68-2eb0-4238-8b7a-ba139ac243ca" 201 - "-" "-" "container-updater 2" 0.0008 "-" 21 0
Dec 2 08:33:20 np0005541911 account-server[121678]: 172.20.0.103 - - [02/Dec/2025:08:33:20 +0000] "PUT /d1/626/AUTH_497073c2347a4b2dbbf501873318fbd3/gnocchi.d9e1d6ea-e08c-41de-bcd0-88efa188da3a" 201 - "-" "-" "container-updater 2" 0.0008 "-" 21 0
Dec 2 08:33:20 np0005541911 account-server[121678]: 172.20.0.103 - - [02/Dec/2025:08:33:20 +0000] "PUT /d1/626/AUTH_497073c2347a4b2dbbf501873318fbd3/gnocchi.39960805-d346-4a13-9372-f097bcb99bc9" 201 - "-" "-" "container-updater 2" 0.0007 "-" 21 0
Dec 2 08:33:20 np0005541911 account-server[121671]: 172.20.0.103 - - [02/Dec/2025:08:33:20 +0000] "PUT /d1/626/AUTH_497073c2347a4b2dbbf501873318fbd3/gnocchi.aa341c8a-34ae-41de-9bc1-528198dca50e" 201 - "-" "-" "container-updater 2" 0.0007 "-" 20 0
Dec 2 08:33:20 np0005541911 account-server[121671]: 172.20.0.103 - - [02/Dec/2025:08:33:20 +0000] "PUT /d1/626/AUTH_497073c2347a4b2dbbf501873318fbd3/gnocchi.ea620841-f6f6-4ea7-84eb-b83ad5c40434" 201 - "-" "-" "container-updater 2" 0.0006 "-" 20 0
Dec 2 08:33:20 np0005541911 account-server[121678]: 172.20.0.103 - - [02/Dec/2025:08:33:20 +0000] "PUT /d1/626/AUTH_497073c2347a4b2dbbf501873318fbd3/gnocchi.8b68dd01-139f-4dc8-bcb3-91db0d82d14d" 201 - "-" "-" "container-updater 2" 0.0007 "-" 21 0
Dec 2 08:33:20 np0005541911 account-server[121686]: 172.20.0.103 - - [02/Dec/2025:08:33:20 +0000] "PUT /d1/626/AUTH_497073c2347a4b2dbbf501873318fbd3/gnocchi.8fe2af1f-43cd-423a-83cb-b7c8ed26b471" 201 - "-" "-" "container-updater 2" 0.0007 "-" 22 0
Dec 2 08:33:21 np0005541911 account-server[121678]: 172.20.0.103 - - [02/Dec/2025:08:33:21 +0000] "PUT /d1/626/AUTH_497073c2347a4b2dbbf501873318fbd3/gnocchi.df7e0595-991d-46c5-ab58-680948adb2b6" 201 - "-" "-" "container-updater 2" 0.0007 "-" 21 0
Dec 2 08:33:21 np0005541911 account-server[121686]: 172.20.0.103 - - [02/Dec/2025:08:33:21 +0000] "PUT /d1/626/AUTH_497073c2347a4b2dbbf501873318fbd3/gnocchi.42f52e77-9dfe-4e03-b5be-5c08383de9cd" 201 - "-" "-" "container-updater 2" 0.0007 "-" 22 0
Dec 2 08:33:21 np0005541911 account-server[121714]: 172.20.0.103 - - [02/Dec/2025:08:33:21 +0000] "PUT /d1/626/AUTH_497073c2347a4b2dbbf501873318fbd3/gnocchi.0b097e72-82e1-4a82-981d-0ba9200393f7" 201 - "-" "-" "container-updater 2" 0.0007 "-" 23 0
Dec 2 08:33:21 np0005541911 account-server[121714]: 172.20.0.103 - - [02/Dec/2025:08:33:21 +0000] "PUT /d1/626/AUTH_497073c2347a4b2dbbf501873318fbd3/gnocchi.3dc0d1a9-e1cc-494d-8b4a-cd1ce36d370f" 201 - "-" "-" "container-updater 2" 0.0007 "-" 23 0
Dec 2 08:33:21 np0005541911 account-server[121671]: 172.20.0.103 - - [02/Dec/2025:08:33:21 +0000] "PUT /d1/626/AUTH_497073c2347a4b2dbbf501873318fbd3/gnocchi.8f240f26-142d-4151-bd38-13f126e4df57" 201 - "-" "-" "container-updater 2" 0.0007 "-" 20 0
Dec 2 08:33:21 np0005541911 account-server[121714]: 172.20.0.103 - - [02/Dec/2025:08:33:21 +0000] "PUT /d1/626/AUTH_497073c2347a4b2dbbf501873318fbd3/gnocchi.5084c030-e9b1-4bf2-995b-3ad7a43e1f6c" 201 - "-" "-" "container-updater 2" 0.0007 "-" 23 0
Dec 2 08:33:21 np0005541911 account-server[121714]: 172.20.0.103 - - [02/Dec/2025:08:33:21 +0000] "PUT /d1/626/AUTH_497073c2347a4b2dbbf501873318fbd3/gnocchi.5eae7247-51a1-48a1-bc57-74888088b621" 201 - "-" "-" "container-updater 2" 0.0006 "-" 23 0
Dec 2 08:33:28 np0005541911 account-server[121403]: Beginning replication run
Dec 2 08:33:28 np0005541911 account-server[121403]: Replication run OVER
Dec 2 08:33:28 np0005541911 account-server[121403]: Attempted to replicate 1 dbs in 0.03527 seconds (28.34958/s)
Dec 2 08:33:28 np0005541911 account-server[121403]: Removed 0 dbs
Dec 2 08:33:28 np0005541911 account-server[121403]: 2 successes, 0 failures
Dec 2 08:33:28 np0005541911 account-server[121403]: diff:0 diff_capped:0 empty:0 hashmatch:0 no_change:2 remote_merge:0 rsync:0 ts_repl:0
Dec 2 08:33:37 np0005541911 object-server[122060]: Starting object replication pass.
Dec 2 08:33:37 np0005541911 object-server[122060]: 43/43 (100.00%) partitions replicated in 0.41s (104.36/sec, 0s remaining)
Dec 2 08:33:37 np0005541911 object-server[122060]: 86 successes, 0 failures
Dec 2 08:33:37 np0005541911 object-server[122060]: 44 suffixes checked - 0.00% hashed, 0.00% synced
Dec 2 08:33:37 np0005541911 object-server[122060]: Partition times: max 0.0247s, min 0.0056s, med 0.0082s
Dec 2 08:33:37 np0005541911 object-server[122060]: Object replication complete. (0.01 minutes)
Dec 2 08:33:39 np0005541911 object-server[224149]: Begin object audit "forever" mode (ZBF)
Dec 2 08:33:39 np0005541911 object-server[224150]: Begin object audit "forever" mode (ALL)
Dec 2 08:33:39 np0005541911 object-server[224149]: Object audit (ZBF). Since Tue Dec 2 08:33:39 2025: Locally: 1 passed, 0 quarantined, 0 errors, files/sec: 524.75, bytes/sec: 0.00, Total time: 0.00, Auditing time: 0.00, Rate: 0.00
Dec 2 08:33:39 np0005541911 object-server[224150]: Object audit (ALL). Since Tue Dec 2 08:33:39 2025: Locally: 1 passed, 0 quarantined, 0 errors, files/sec: 119.36, bytes/sec: 1909.70, Total time: 0.01, Auditing time: 0.00, Rate: 0.00
Dec 2 08:33:40 np0005541911 object-server[224149]: Object audit (ZBF) "forever" mode completed: 0.84s. Total quarantined: 0, Total errors: 0, Total files/sec: 52.18, Total bytes/sec: 0.00, Auditing time: 0.83, Rate: 0.99
Dec 2 08:33:41 np0005541911 object-server[224150]: Object audit (ALL) "forever" mode completed: 2.11s. Total quarantined: 0, Total errors: 0, Total files/sec: 20.85, Total bytes/sec: 400.86, Auditing time: 2.10, Rate: 0.99
Dec 2 08:33:43 np0005541911 container-server[121494]: Beginning replication run
Dec 2 08:33:43 np0005541911 container-server[121494]: Replication run OVER
Dec 2 08:33:43 np0005541911 container-server[121494]: Attempted to replicate 22 dbs in 0.43986 seconds (50.01616/s)
Dec 2 08:33:43 np0005541911 container-server[121494]: Removed 0 dbs
Dec 2 08:33:43 np0005541911 container-server[121494]: 44 successes, 0 failures
Dec 2 08:33:43 np0005541911 container-server[121494]: diff:0 diff_capped:0 empty:0 hashmatch:0 no_change:44 remote_merge:0 rsync:0 ts_repl:0
Dec 2 08:33:52 np0005541911 account-server[121671]: 172.20.0.104 - - [02/Dec/2025:08:33:52 +0000] "PUT /d1/626/AUTH_497073c2347a4b2dbbf501873318fbd3/gnocchi.5eae7247-51a1-48a1-bc57-74888088b621" 201 - "-" "-" "container-updater 2" 0.0011 "-" 20 0
Dec 2 08:33:52 np0005541911 account-server[121678]: 172.20.0.104 - - [02/Dec/2025:08:33:52 +0000] "PUT /d1/626/AUTH_497073c2347a4b2dbbf501873318fbd3/gnocchi.39960805-d346-4a13-9372-f097bcb99bc9" 201 - "-" "-" "container-updater 2" 0.0007 "-" 21 0
Dec 2 08:33:52 np0005541911 account-server[121678]: 172.20.0.104 - - [02/Dec/2025:08:33:52 +0000] "PUT /d1/626/AUTH_497073c2347a4b2dbbf501873318fbd3/gnocchi.d9e1d6ea-e08c-41de-bcd0-88efa188da3a" 201 - "-" "-" "container-updater 2" 0.0007 "-" 21 0
Dec 2 08:33:53 np0005541911 account-server[121671]: 172.20.0.104 - - [02/Dec/2025:08:33:53 +0000] "PUT /d1/626/AUTH_497073c2347a4b2dbbf501873318fbd3/gnocchi.aa733041-fa18-4a3c-8227-f772e4afde17" 201 - "-" "-" "container-updater 2" 0.0007 "-" 20 0
Dec 2 08:33:53 np0005541911 account-server[121678]: 172.20.0.104 - - [02/Dec/2025:08:33:53 +0000] "PUT /d1/626/AUTH_497073c2347a4b2dbbf501873318fbd3/gnocchi.0b097e72-82e1-4a82-981d-0ba9200393f7" 201 - "-" "-" "container-updater 2" 0.0007 "-" 21 0
Dec 2 08:33:53 np0005541911 account-server[121671]: 172.20.0.104 - - [02/Dec/2025:08:33:53 +0000] "PUT /d1/626/AUTH_497073c2347a4b2dbbf501873318fbd3/gnocchi.42f52e77-9dfe-4e03-b5be-5c08383de9cd" 201 - "-" "-" "container-updater 2" 0.0008 "-" 20 0
Dec 2 08:33:53 np0005541911 account-server[121671]: 172.20.0.104 - - [02/Dec/2025:08:33:53 +0000] "PUT /d1/626/AUTH_497073c2347a4b2dbbf501873318fbd3/gnocchi.8b68dd01-139f-4dc8-bcb3-91db0d82d14d" 201 - "-" "-" "container-updater 2" 0.0008 "-" 20 0
Dec 2 08:33:53 np0005541911 account-server[121678]: 172.20.0.104 - - [02/Dec/2025:08:33:53 +0000] "PUT /d1/626/AUTH_497073c2347a4b2dbbf501873318fbd3/gnocchi.a84f9e15-acf9-46c7-9262-c209fcc4bcba" 201 - "-" "-" "container-updater 2" 0.0007 "-" 21 0
Dec 2 08:33:53 np0005541911 account-server[121678]: 172.20.0.104 - - [02/Dec/2025:08:33:53 +0000] "PUT /d1/626/AUTH_497073c2347a4b2dbbf501873318fbd3/gnocchi.ddf19f68-2eb0-4238-8b7a-ba139ac243ca" 201 - "-" "-" "container-updater 2" 0.0008 "-" 21 0
Dec 2 08:33:53 np0005541911 account-server[121686]: 172.20.0.104 - - [02/Dec/2025:08:33:53 +0000] "PUT /d1/626/AUTH_497073c2347a4b2dbbf501873318fbd3/gnocchi.aa341c8a-34ae-41de-9bc1-528198dca50e" 201 - "-" "-" "container-updater 2" 0.0007 "-" 22 0
Dec 2 08:33:53 np0005541911 account-server[121671]: 172.20.0.104 - - [02/Dec/2025:08:33:53 +0000] "PUT /d1/626/AUTH_497073c2347a4b2dbbf501873318fbd3/gnocchi.5084c030-e9b1-4bf2-995b-3ad7a43e1f6c" 201 - "-" "-" "container-updater 2" 0.0007 "-" 20 0
Dec 2 08:33:53 np0005541911 account-server[121686]: 172.20.0.104 - - [02/Dec/2025:08:33:53 +0000] "PUT /d1/626/AUTH_497073c2347a4b2dbbf501873318fbd3/gnocchi.df7e0595-991d-46c5-ab58-680948adb2b6" 201 - "-" "-" "container-updater 2" 0.0006 "-" 22 0
Dec 2 08:33:53 np0005541911 account-server[121671]: 172.20.0.104 - - [02/Dec/2025:08:33:53 +0000] "PUT /d1/626/AUTH_497073c2347a4b2dbbf501873318fbd3/gnocchi.58b99940-1fe3-45c1-9db3-3dfd3571631f" 201 - "-" "-" "container-updater 2" 0.0005 "-" 20 0
Dec 2 08:33:54 np0005541911 account-server[121686]: 172.20.0.104 - - [02/Dec/2025:08:33:54 +0000] "PUT /d1/626/AUTH_497073c2347a4b2dbbf501873318fbd3/gnocchi.8066c377-242c-49cc-b607-5f97997acc4c" 201 - "-" "-" "container-updater 2" 0.0006 "-" 22 0
Dec 2 08:33:54 np0005541911 account-server[121678]: 172.20.0.104 - - [02/Dec/2025:08:33:54 +0000] "PUT /d1/626/AUTH_497073c2347a4b2dbbf501873318fbd3/gnocchi.3dc0d1a9-e1cc-494d-8b4a-cd1ce36d370f" 201 - "-" "-" "container-updater 2" 0.0006 "-" 21 0
Dec 2 08:33:54 np0005541911 account-server[121686]: 172.20.0.104 - - [02/Dec/2025:08:33:54 +0000] "PUT /d1/626/AUTH_497073c2347a4b2dbbf501873318fbd3/gnocchi.63897728-c6fe-45f1-9592-f9328b3109ed" 201 - "-" "-" "container-updater 2" 0.0009 "-" 22 0
Dec 2 08:33:54 np0005541911 account-server[121678]: 172.20.0.104 - - [02/Dec/2025:08:33:54 +0000] "PUT /d1/626/AUTH_497073c2347a4b2dbbf501873318fbd3/gnocchi.ea620841-f6f6-4ea7-84eb-b83ad5c40434" 201 - "-" "-" "container-updater 2" 0.0008 "-" 21 0
Dec 2 08:33:54 np0005541911 account-server[121714]: 172.20.0.104 - - [02/Dec/2025:08:33:54 +0000] "PUT /d1/626/AUTH_497073c2347a4b2dbbf501873318fbd3/gnocchi.9f146626-dc56-416e-ab40-62adce36f3ed" 201 - "-" "-" "container-updater 2" 0.0008 "-" 23 0
Dec 2 08:33:54 np0005541911 account-server[121686]: 172.20.0.104 - - [02/Dec/2025:08:33:54 +0000] "PUT /d1/626/AUTH_497073c2347a4b2dbbf501873318fbd3/gnocchi.4f411340-6467-4bae-9d7e-9d5b273b0d2b" 201 - "-" "-" "container-updater 2" 0.0008 "-" 22 0
Dec 2 08:33:54 np0005541911 account-server[121714]: 172.20.0.104 - - [02/Dec/2025:08:33:54 +0000] "PUT /d1/626/AUTH_497073c2347a4b2dbbf501873318fbd3/gnocchi.8f240f26-142d-4151-bd38-13f126e4df57" 201 - "-" "-" "container-updater 2" 0.0006 "-" 23 0
Dec 2 08:33:54 np0005541911 account-server[121671]: 172.20.0.104 - - [02/Dec/2025:08:33:54 +0000] "PUT /d1/626/AUTH_497073c2347a4b2dbbf501873318fbd3/gnocchi.8fe2af1f-43cd-423a-83cb-b7c8ed26b471" 201 - "-" "-" "container-updater 2" 0.0004 "-" 20 0
Dec 2 08:33:54 np0005541911 account-server[121714]: 172.20.0.104 - - [02/Dec/2025:08:33:54 +0000] "PUT /d1/626/AUTH_497073c2347a4b2dbbf501873318fbd3/gnocchi.1cbcdd7a-19b9-436b-b6cc-d4b320de27a8" 201 - "-" "-" "container-updater 2" 0.0005 "-" 23 0
Dec 2 08:33:58 np0005541911 account-server[121403]: Beginning replication run
Dec 2 08:33:58 np0005541911 account-server[121403]: Replication run OVER
Dec 2 08:33:58 np0005541911 account-server[121403]: Attempted to replicate 1 dbs in 0.02456 seconds (40.71412/s)
Dec 2 08:33:58 np0005541911 account-server[121403]: Removed 0 dbs
Dec 2 08:33:58 np0005541911 account-server[121403]: 2 successes, 0 failures
Dec 2 08:33:58 np0005541911 account-server[121403]: diff:0 diff_capped:0 empty:0 hashmatch:0 no_change:2 remote_merge:0 rsync:0 ts_repl:0
Dec 2 08:33:58 np0005541911 container-server[122017]: Begin container update sweep
Dec 2 08:33:58 np0005541911 account-server[121671]: 172.20.0.105 - - [02/Dec/2025:08:33:58 +0000] "PUT /d1/626/AUTH_497073c2347a4b2dbbf501873318fbd3/gnocchi.8fe2af1f-43cd-423a-83cb-b7c8ed26b471" 201 - "-" "-" "container-updater 2" 0.0006 "-" 20 0
Dec 2 08:33:59 np0005541911 account-server[121686]: 172.20.0.105 - - [02/Dec/2025:08:33:59 +0000] "PUT /d1/626/AUTH_497073c2347a4b2dbbf501873318fbd3/gnocchi.8f240f26-142d-4151-bd38-13f126e4df57" 201 - "-" "-" "container-updater 2" 0.0009 "-" 22 0
