Dec 2 08:28:28 np0005541911 account-server[121403]: diff:0 diff_capped:0 empty:0 hashmatch:0 no_change:0 remote_merge:0 rsync:0 ts_repl:0
Dec 2 08:28:36 np0005541911 object-server[122060]: Starting object replication pass.
Dec 2 08:28:36 np0005541911 object-server[122060]: Nothing replicated for 0.0026466846466064453 seconds.
Dec 2 08:28:36 np0005541911 object-server[122060]: Object replication complete. (0.00 minutes)
Dec 2 08:28:37 np0005541911 object-server[194761]: Begin object audit "forever" mode (ZBF)
Dec 2 08:28:37 np0005541911 object-server[194761]: Object audit (ZBF) "forever" mode completed: 0.00s. Total quarantined: 0, Total errors: 0, Total files/sec: 0.00, Total bytes/sec: 0.00, Auditing time: 0.00, Rate: 0.00
Dec 2 08:28:37 np0005541911 object-server[194762]: Begin object audit "forever" mode (ALL)
Dec 2 08:28:37 np0005541911 object-server[194762]: Object audit (ALL) "forever" mode completed: 0.00s. Total quarantined: 0, Total errors: 0, Total files/sec: 0.00, Total bytes/sec: 0.00, Auditing time: 0.00, Rate: 0.00
Dec 2 08:28:43 np0005541911 container-server[121494]: Beginning replication run
Dec 2 08:28:43 np0005541911 container-server[121494]: Replication run OVER
Dec 2 08:28:43 np0005541911 container-server[121494]: Attempted to replicate 0 dbs in 0.00176 seconds (0.00000/s)
Dec 2 08:28:43 np0005541911 container-server[121494]: Removed 0 dbs
Dec 2 08:28:43 np0005541911 container-server[121494]: 0 successes, 0 failures
Dec 2 08:28:43 np0005541911 container-server[121494]: diff:0 diff_capped:0 empty:0 hashmatch:0 no_change:0 remote_merge:0 rsync:0 ts_repl:0
Dec 2 08:28:58 np0005541911 account-server[121686]: 172.20.0.105 - - [02/Dec/2025:08:28:58 +0000] "HEAD /d1/813/.expiring_objects" 404 - "HEAD http://localhost/v1/.expiring_objects?format=json" "txc37de35bbec34308b30d3-00692ea34a" "proxy-server 2" 0.0009 "-" 22 -
Dec 2 08:28:58 np0005541911 object-expirer[121913]: Pass completed in 0s; 0 objects expired (txn: txc37de35bbec34308b30d3-00692ea34a)
Dec 2 08:28:58 np0005541911 account-server[121403]: Beginning replication run
Dec 2 08:28:58 np0005541911 account-server[121403]: Replication run OVER
Dec 2 08:28:58 np0005541911 account-server[121403]: Attempted to replicate 0 dbs in 0.00238 seconds (0.00000/s)
Dec 2 08:28:58 np0005541911 account-server[121403]: Removed 0 dbs
Dec 2 08:28:58 np0005541911 account-server[121403]: 0 successes, 0 failures
Dec 2 08:28:58 np0005541911 account-server[121403]: diff:0 diff_capped:0 empty:0 hashmatch:0 no_change:0 remote_merge:0 rsync:0 ts_repl:0
Dec 2 08:28:58 np0005541911 container-server[122017]: Begin container update sweep
Dec 2 08:28:58 np0005541911 container-server[122017]: Container update sweep completed: 0.00s
Dec 2 08:29:06 np0005541911 object-server[122060]: Starting object replication pass.
Dec 2 08:29:06 np0005541911 object-server[122060]: Nothing replicated for 0.004102230072021484 seconds.
Dec 2 08:29:06 np0005541911 object-server[122060]: Object replication complete. (0.00 minutes)
Dec 2 08:29:07 np0005541911 object-server[194771]: Begin object audit "forever" mode (ZBF)
Dec 2 08:29:07 np0005541911 object-server[194771]: Object audit (ZBF) "forever" mode completed: 0.00s. Total quarantined: 0, Total errors: 0, Total files/sec: 0.00, Total bytes/sec: 0.00, Auditing time: 0.00, Rate: 0.00
Dec 2 08:29:13 np0005541911 container-server[121494]: Beginning replication run
Dec 2 08:29:13 np0005541911 container-server[121494]: Replication run OVER
Dec 2 08:29:13 np0005541911 container-server[121494]: Attempted to replicate 0 dbs in 0.00178 seconds (0.00000/s)
Dec 2 08:29:13 np0005541911 container-server[121494]: Removed 0 dbs
Dec 2 08:29:13 np0005541911 container-server[121494]: 0 successes, 0 failures
Dec 2 08:29:13 np0005541911 container-server[121494]: diff:0 diff_capped:0 empty:0 hashmatch:0 no_change:0 remote_merge:0 rsync:0 ts_repl:0
Dec 2 08:29:28 np0005541911 account-server[121403]: Beginning replication run
Dec 2 08:29:28 np0005541911 account-server[121403]: Replication run OVER
Dec 2 08:29:28 np0005541911 account-server[121403]: Attempted to replicate 0 dbs in 0.00220 seconds (0.00000/s)
Dec 2 08:29:28 np0005541911 account-server[121403]: Removed 0 dbs
Dec 2 08:29:28 np0005541911 account-server[121403]: 0 successes, 0 failures
Dec 2 08:29:28 np0005541911 account-server[121403]: diff:0 diff_capped:0 empty:0 hashmatch:0 no_change:0 remote_merge:0 rsync:0 ts_repl:0
Dec 2 08:29:36 np0005541911 object-server[122060]: Starting object replication pass.
Dec 2 08:29:36 np0005541911 object-server[122060]: Nothing replicated for 0.003978729248046875 seconds.
Dec 2 08:29:36 np0005541911 object-server[122060]: Object replication complete. (0.00 minutes)
Dec 2 08:29:37 np0005541911 object-server[200717]: Begin object audit "forever" mode (ZBF)
Dec 2 08:29:37 np0005541911 object-server[200717]: Object audit (ZBF) "forever" mode completed: 0.00s. Total quarantined: 0, Total errors: 0, Total files/sec: 0.00, Total bytes/sec: 0.00, Auditing time: 0.00, Rate: 0.00
Dec 2 08:29:37 np0005541911 object-server[200718]: Begin object audit "forever" mode (ALL)
Dec 2 08:29:37 np0005541911 object-server[200718]: Object audit (ALL) "forever" mode completed: 0.00s. Total quarantined: 0, Total errors: 0, Total files/sec: 0.00, Total bytes/sec: 0.00, Auditing time: 0.00, Rate: 0.00
Dec 2 08:29:43 np0005541911 container-server[121494]: Beginning replication run
Dec 2 08:29:43 np0005541911 container-server[121494]: Replication run OVER
Dec 2 08:29:43 np0005541911 container-server[121494]: Attempted to replicate 0 dbs in 0.00288 seconds (0.00000/s)
Dec 2 08:29:43 np0005541911 container-server[121494]: Removed 0 dbs
Dec 2 08:29:43 np0005541911 container-server[121494]: 0 successes, 0 failures
Dec 2 08:29:43 np0005541911 container-server[121494]: diff:0 diff_capped:0 empty:0 hashmatch:0 no_change:0 remote_merge:0 rsync:0 ts_repl:0
Dec 2 08:29:44 np0005541911 account-server[121671]: 172.20.0.105 - - [02/Dec/2025:08:29:44 +0000] "HEAD /d1/813/.expiring_objects" 404 - "HEAD http://localhost/v1/.expiring_objects?format=json" "txa709359a0e9f476a99813-00692ea378" "proxy-server 2" 0.0008 "-" 20 -
Dec 2 08:29:44 np0005541911 object-expirer[121913]: Pass completed in 0s; 0 objects expired (txn: txa709359a0e9f476a99813-00692ea378)
Dec 2 08:29:56 np0005541911 account-server[121714]: 172.20.0.104 - - [02/Dec/2025:08:29:56 +0000] "HEAD /d1/813/.expiring_objects" 404 - "HEAD http://localhost/v1/.expiring_objects?format=json" "txd540ae72eaaa4c0390848-00692ea384" "proxy-server 2" 0.0010 "-" 23 -
Dec 2 08:29:58 np0005541911 account-server[121403]: Beginning replication run
Dec 2 08:29:58 np0005541911 account-server[121403]: Replication run OVER
Dec 2 08:29:58 np0005541911 account-server[121403]: Attempted to replicate 0 dbs in 0.00166 seconds (0.00000/s)
Dec 2 08:29:58 np0005541911 account-server[121403]: Removed 0 dbs
Dec 2 08:29:58 np0005541911 account-server[121403]: 0 successes, 0 failures
Dec 2 08:29:58 np0005541911 account-server[121403]: diff:0 diff_capped:0 empty:0 hashmatch:0 no_change:0 remote_merge:0 rsync:0 ts_repl:0
Dec 2 08:30:06 np0005541911 object-server[122060]: Starting object replication pass.
Dec 2 08:30:06 np0005541911 object-server[122060]: Nothing replicated for 0.0027799606323242188 seconds.
Dec 2 08:30:06 np0005541911 object-server[122060]: Object replication complete. (0.00 minutes)
Dec 2 08:30:07 np0005541911 object-server[200719]: Begin object audit "forever" mode (ZBF)
Dec 2 08:30:07 np0005541911 object-server[200719]: Object audit (ZBF) "forever" mode completed: 0.00s. Total quarantined: 0, Total errors: 0, Total files/sec: 0.00, Total bytes/sec: 0.00, Auditing time: 0.00, Rate: 0.00
Dec 2 08:30:13 np0005541911 container-server[121494]: Beginning replication run
Dec 2 08:30:13 np0005541911 container-server[121494]: Replication run OVER
Dec 2 08:30:13 np0005541911 container-server[121494]: Attempted to replicate 0 dbs in 0.00148 seconds (0.00000/s)
Dec 2 08:30:13 np0005541911 container-server[121494]: Removed 0 dbs
Dec 2 08:30:13 np0005541911 container-server[121494]: 0 successes, 0 failures
Dec 2 08:30:13 np0005541911 container-server[121494]: diff:0 diff_capped:0 empty:0 hashmatch:0 no_change:0 remote_merge:0 rsync:0 ts_repl:0
Dec 2 08:30:28 np0005541911 account-server[121403]: Beginning replication run
Dec 2 08:30:28 np0005541911 account-server[121403]: Replication run OVER
Dec 2 08:30:28 np0005541911 account-server[121403]: Attempted to replicate 0 dbs in 0.00140 seconds (0.00000/s)
Dec 2 08:30:28 np0005541911 account-server[121403]: Removed 0 dbs
Dec 2 08:30:28 np0005541911 account-server[121403]: 0 successes, 0 failures
Dec 2 08:30:28 np0005541911 account-server[121403]: diff:0 diff_capped:0 empty:0 hashmatch:0 no_change:0 remote_merge:0 rsync:0 ts_repl:0
Dec 2 08:30:36 np0005541911 object-server[122060]: Starting object replication pass.
Dec 2 08:30:36 np0005541911 object-server[122060]: Nothing replicated for 0.002475261688232422 seconds.
Dec 2 08:30:36 np0005541911 object-server[122060]: Object replication complete. (0.00 minutes)
Dec 2 08:30:38 np0005541911 object-server[206580]: Begin object audit "forever" mode (ZBF)
Dec 2 08:30:38 np0005541911 object-server[206581]: Begin object audit "forever" mode (ALL)
Dec 2 08:30:38 np0005541911 object-server[206580]: Object audit (ZBF) "forever" mode completed: 0.00s. Total quarantined: 0, Total errors: 0, Total files/sec: 0.00, Total bytes/sec: 0.00, Auditing time: 0.00, Rate: 0.00
Dec 2 08:30:38 np0005541911 object-server[206581]: Object audit (ALL) "forever" mode completed: 0.00s. Total quarantined: 0, Total errors: 0, Total files/sec: 0.00, Total bytes/sec: 0.00, Auditing time: 0.00, Rate: 0.00
Dec 2 08:30:43 np0005541911 container-server[121494]: Beginning replication run
Dec 2 08:30:43 np0005541911 container-server[121494]: Replication run OVER
Dec 2 08:30:43 np0005541911 container-server[121494]: Attempted to replicate 0 dbs in 0.00320 seconds (0.00000/s)
Dec 2 08:30:43 np0005541911 container-server[121494]: Removed 0 dbs
Dec 2 08:30:43 np0005541911 container-server[121494]: 0 successes, 0 failures
Dec 2 08:30:43 np0005541911 container-server[121494]: diff:0 diff_capped:0 empty:0 hashmatch:0 no_change:0 remote_merge:0 rsync:0 ts_repl:0
Dec 2 08:30:44 np0005541911 account-server[121686]: 172.20.0.103 - - [02/Dec/2025:08:30:44 +0000] "HEAD /d1/626/AUTH_497073c2347a4b2dbbf501873318fbd3" 404 - "HEAD http://172.18.0.121:8080/v1/AUTH_497073c2347a4b2dbbf501873318fbd3?format=json" "tx235824a5f7604fb9aee03-00692ea3b4" "proxy-server 20" 0.0007 "-" 22 -
Dec 2 08:30:45 np0005541911 object-server[122306]: 172.20.0.103 - - [02/Dec/2025:08:30:45 +0000] "GET /d1/113/AUTH_497073c2347a4b2dbbf501873318fbd3/gnocchi.3dc0d1a9-e1cc-494d-8b4a-cd1ce36d370f/none_v3" 404 70 "GET http://172.18.0.121:8080/v1/AUTH_497073c2347a4b2dbbf501873318fbd3/gnocchi.3dc0d1a9-e1cc-494d-8b4a-cd1ce36d370f/none_v3" "tx235824a5f7604fb9aee03-00692ea3b4" "proxy-server 20" 0.0015 "-" 25 0
Dec 2 08:30:45 np0005541911 account-server[121671]: 172.20.0.104 - - [02/Dec/2025:08:30:45 +0000] "PUT /d1/626/AUTH_497073c2347a4b2dbbf501873318fbd3" 201 - "-" "txb95e4b3568fb4f779673e-00692ea3b5" "-" 0.0148 "-" 20 -
Dec 2 08:30:45 np0005541911 account-server[121686]: 172.20.0.103 - - [02/Dec/2025:08:30:45 +0000] "HEAD /d1/813/.expiring_objects" 404 - "HEAD http://localhost/v1/.expiring_objects?format=json" "tx90c0b46767cb4a70bac29-00692ea3b5" "proxy-server 2" 0.0004 "-" 22 -
Dec 2 08:30:45 np0005541911 container-server[121818]: 172.20.0.104 - - [02/Dec/2025:08:30:45 +0000] "PUT /d1/23/AUTH_497073c2347a4b2dbbf501873318fbd3/gnocchi.3dc0d1a9-e1cc-494d-8b4a-cd1ce36d370f" 201 - "PUT http://172.18.0.121:8080/v1/AUTH_497073c2347a4b2dbbf501873318fbd3/gnocchi.3dc0d1a9-e1cc-494d-8b4a-cd1ce36d370f" "txb95e4b3568fb4f779673e-00692ea3b5" "proxy-server 20" 0.0189 "-" 22 0
Dec 2 08:30:45 np0005541911 account-server[121671]: 172.20.0.103 - - [02/Dec/2025:08:30:45 +0000] "PUT /d1/626/AUTH_497073c2347a4b2dbbf501873318fbd3/gnocchi.3dc0d1a9-e1cc-494d-8b4a-cd1ce36d370f" 201 - "PUT http://172.20.0.103:6001/d1/23/AUTH_497073c2347a4b2dbbf501873318fbd3/gnocchi.3dc0d1a9-e1cc-494d-8b4a-cd1ce36d370f" "txb95e4b3568fb4f779673e-00692ea3b5" "container-server 21" 0.0021 "-" 20 0
Dec 2 08:30:45 np0005541911 proxy-server[123814]: - - 02/Dec/2025/08/30/45 HEAD /v1/AUTH_497073c2347a4b2dbbf501873318fbd3/gnocchi.3dc0d1a9-e1cc-494d-8b4a-cd1ce36d370f%3Fformat%3Djson%26states%3Dlisting HTTP/1.0 204 - Swift - - - - txeda1e2a227004d6c92bdc-00692ea3b5 - 0.0105 RL - 1764664245.506926298 1764664245.517410278 0
Dec 2 08:30:45 np0005541911 proxy-server[123814]: 172.18.0.105 172.18.0.104 02/Dec/2025/08/30/45 GET /v1/AUTH_497073c2347a4b2dbbf501873318fbd3/gnocchi.3dc0d1a9-e1cc-494d-8b4a-cd1ce36d370f%3Fformat%3Djson%26states%3Dlisting HTTP/1.0 200 - python-swiftclient-3.11.1 gAAAAABpLqO0YxeR... - 2 - txeda1e2a227004d6c92bdc-00692ea3b5 - 0.0321 - - 1764664245.499228716 1764664245.531365633 0
Dec 2 08:30:45 np0005541911 object-server[122305]: 172.20.0.103 - - [02/Dec/2025:08:30:45 +0000] "GET /d1/318/AUTH_497073c2347a4b2dbbf501873318fbd3/gnocchi.3dc0d1a9-e1cc-494d-8b4a-cd1ce36d370f/1763640000.0_mean_300.0_v3" 404 70 "GET http://172.18.0.121:8080/v1/AUTH_497073c2347a4b2dbbf501873318fbd3/gnocchi.3dc0d1a9-e1cc-494d-8b4a-cd1ce36d370f/1763640000.0_mean_300.0_v3" "tx64c078f561e1406ca3bf4-00692ea3b5" "proxy-server 20" 0.0013 "-" 24 0
Dec 2 08:30:45 np0005541911 container-server[121794]: 172.20.0.103 - - [02/Dec/2025:08:30:45 +0000] "PUT /d1/23/AUTH_497073c2347a4b2dbbf501873318fbd3/gnocchi.3dc0d1a9-e1cc-494d-8b4a-cd1ce36d370f/1763640000.0_mean_300.0_v3" 201 - "PUT http://172.18.0.121:8080/d1/318/AUTH_497073c2347a4b2dbbf501873318fbd3/gnocchi.3dc0d1a9-e1cc-494d-8b4a-cd1ce36d370f/1763640000.0_mean_300.0_v3" "tx27dd4bad642d41bba46f1-00692ea3b5" "object-server 22" 0.0023 "-" 20 0
Dec 2 08:30:45 np0005541911 object-server[122302]: 172.20.0.104 - - [02/Dec/2025:08:30:45 +0000] "PUT /d1/318/AUTH_497073c2347a4b2dbbf501873318fbd3/gnocchi.3dc0d1a9-e1cc-494d-8b4a-cd1ce36d370f/1763640000.0_mean_300.0_v3" 201 - "PUT http://172.18.0.121:8080/v1/AUTH_497073c2347a4b2dbbf501873318fbd3/gnocchi.3dc0d1a9-e1cc-494d-8b4a-cd1ce36d370f/1763640000.0_mean_300.0_v3" "tx27dd4bad642d41bba46f1-00692ea3b5" "proxy-server 20" 0.0438 "-" 22 0
Dec 2 08:30:45 np0005541911 object-server[122302]: 172.20.0.105 - - [02/Dec/2025:08:30:45 +0000] "PUT /d1/113/AUTH_497073c2347a4b2dbbf501873318fbd3/gnocchi.3dc0d1a9-e1cc-494d-8b4a-cd1ce36d370f/none_v3" 201 - "PUT http://172.18.0.121:8080/v1/AUTH_497073c2347a4b2dbbf501873318fbd3/gnocchi.3dc0d1a9-e1cc-494d-8b4a-cd1ce36d370f/none_v3" "tx7262f70061c947a0a7e0a-00692ea3b5" "proxy-server 20" 0.0199 "-" 22 0
Dec 2 08:30:45 np0005541911 container-server[121789]: 172.20.0.104 - - [02/Dec/2025:08:30:45 +0000] "PUT /d1/23/AUTH_497073c2347a4b2dbbf501873318fbd3/gnocchi.3dc0d1a9-e1cc-494d-8b4a-cd1ce36d370f/none_v3" 201 - "PUT http://172.18.0.121:8080/d1/113/AUTH_497073c2347a4b2dbbf501873318fbd3/gnocchi.3dc0d1a9-e1cc-494d-8b4a-cd1ce36d370f/none_v3" "tx7262f70061c947a0a7e0a-00692ea3b5" "object-server 21" 0.0017 "-" 19 0
Dec 2 08:30:45 np0005541911 proxy-server[123814]: 172.18.0.105 172.18.0.104 02/Dec/2025/08/30/45 PUT /v1/AUTH_497073c2347a4b2dbbf501873318fbd3/gnocchi.3dc0d1a9-e1cc-494d-8b4a-cd1ce36d370f/none_v3 HTTP/1.0 201 - python-swiftclient-3.11.1 gAAAAABpLqO0YxeR... 22 - - tx7262f70061c947a0a7e0a-00692ea3b5 - 0.0470 - - 1764664245.624559164 1764664245.671608210 0
Dec 2 08:30:58 np0005541911 account-server[121403]: Beginning replication run
Dec 2 08:30:58 np0005541911 account-server[121403]: Replication run OVER
Dec 2 08:30:58 np0005541911 account-server[121403]: Attempted to replicate 1 dbs in 0.03225 seconds (31.00497/s)
Dec 2 08:30:58 np0005541911 account-server[121403]: Removed 0 dbs
Dec 2 08:30:58 np0005541911 account-server[121403]: 2 successes, 0 failures
Dec 2 08:30:58 np0005541911 account-server[121403]: diff:0 diff_capped:0 empty:0 hashmatch:0 no_change:2 remote_merge:0 rsync:0 ts_repl:0
Dec 2 08:31:06 np0005541911 object-server[122060]: Starting object replication pass.
Dec 2 08:31:06 np0005541911 object-server[122060]: 2/2 (100.00%) partitions replicated in 0.04s (48.75/sec, 0s remaining)
Dec 2 08:31:06 np0005541911 object-server[122060]: 4 successes, 0 failures
Dec 2 08:31:06 np0005541911 object-server[122060]: 2 suffixes checked - 0.00% hashed, 0.00% synced
Dec 2 08:31:06 np0005541911 object-server[122060]: Partition times: max 0.0284s, min 0.0081s, med 0.0284s
Dec 2 08:31:06 np0005541911 object-server[122060]: Object replication complete. (0.00 minutes)
Dec 2 08:31:08 np0005541911 object-server[206587]: Begin object audit "forever" mode (ZBF)
Dec 2 08:31:08 np0005541911 object-server[206587]: Object audit (ZBF). Since Tue Dec 2 08:31:08 2025: Locally: 1 passed, 0 quarantined, 0 errors, files/sec: 545.99, bytes/sec: 0.00, Total time: 0.00, Auditing time: 0.00, Rate: 0.00
Dec 2 08:31:08 np0005541911 object-server[206587]: Object audit (ZBF) "forever" mode completed: 0.00s. Total quarantined: 0, Total errors: 0, Total files/sec: 450.11, Total bytes/sec: 0.00, Auditing time: 0.00, Rate: 0.30
Dec 2 08:31:13 np0005541911 container-server[121494]: Beginning replication run
Dec 2 08:31:13 np0005541911 container-server[121494]: Replication run OVER
Dec 2 08:31:13 np0005541911 container-server[121494]: Attempted to replicate 1 dbs in 0.04030 seconds (24.81331/s)
Dec 2 08:31:13 np0005541911 container-server[121494]: Removed 0 dbs
Dec 2 08:31:13 np0005541911 container-server[121494]: 2 successes, 0 failures
Dec 2 08:31:13 np0005541911 container-server[121494]: diff:0 diff_capped:0 empty:0 hashmatch:0 no_change:2 remote_merge:0 rsync:0 ts_repl:0
Dec 2 08:31:14 np0005541911 object-server[122305]: 172.20.0.103 - - [02/Dec/2025:08:31:14 +0000] "GET /d1/113/AUTH_497073c2347a4b2dbbf501873318fbd3/gnocchi.3dc0d1a9-e1cc-494d-8b4a-cd1ce36d370f/none_v3" 200 22 "GET http://172.18.0.121:8080/v1/AUTH_497073c2347a4b2dbbf501873318fbd3/gnocchi.3dc0d1a9-e1cc-494d-8b4a-cd1ce36d370f/none_v3" "tx148cc855bf984043aa9d3-00692ea3d2" "proxy-server 20" 0.0019 "-" 24 0
Dec 2 08:31:14 np0005541911 proxy-server[123814]: 172.18.0.105 172.18.0.104 02/Dec/2025/08/31/14 GET /v1/AUTH_497073c2347a4b2dbbf501873318fbd3/gnocchi.3dc0d1a9-e1cc-494d-8b4a-cd1ce36d370f%3Fformat%3Djson%26marker%3Dnone_v3%26states%3Dlisting HTTP/1.0 200 - python-swiftclient-3.11.1 gAAAAABpLqO0YxeR... - 2 - txbd5b180e7a04462db2097-00692ea3d2 - 0.0182 - - 1764664274.515738726 1764664274.533892155 0
Dec 2 08:31:14 np0005541911 object-server[122302]: 172.20.0.104 - - [02/Dec/2025:08:31:14 +0000] "PUT /d1/318/AUTH_497073c2347a4b2dbbf501873318fbd3/gnocchi.3dc0d1a9-e1cc-494d-8b4a-cd1ce36d370f/1763640000.0_mean_300.0_v3" 201 - "PUT http://172.18.0.121:8080/v1/AUTH_497073c2347a4b2dbbf501873318fbd3/gnocchi.3dc0d1a9-e1cc-494d-8b4a-cd1ce36d370f/1763640000.0_mean_300.0_v3" "tx252177d2c5a744c3b5e6d-00692ea3d2" "proxy-server 20" 0.0229 "-" 22 0
Dec 2 08:31:14 np0005541911 container-server[121818]: 172.20.0.104 - - [02/Dec/2025:08:31:14 +0000] "PUT /d1/23/AUTH_497073c2347a4b2dbbf501873318fbd3/gnocchi.3dc0d1a9-e1cc-494d-8b4a-cd1ce36d370f/1763640000.0_mean_300.0_v3" 201 - "PUT http://172.18.0.121:8080/d1/318/AUTH_497073c2347a4b2dbbf501873318fbd3/gnocchi.3dc0d1a9-e1cc-494d-8b4a-cd1ce36d370f/1763640000.0_mean_300.0_v3" "tx252177d2c5a744c3b5e6d-00692ea3d2" "object-server 24" 0.0010 "-" 22 0
Dec 2 08:31:14 np0005541911 container-server[121803]: 172.20.0.104 - - [02/Dec/2025:08:31:14 +0000] "PUT /d1/23/AUTH_497073c2347a4b2dbbf501873318fbd3/gnocchi.3dc0d1a9-e1cc-494d-8b4a-cd1ce36d370f/none_v3" 201 - "PUT http://172.18.0.121:8080/d1/113/AUTH_497073c2347a4b2dbbf501873318fbd3/gnocchi.3dc0d1a9-e1cc-494d-8b4a-cd1ce36d370f/none_v3" "tx13711c919c96480f8f395-00692ea3d2" "object-server 21" 0.0011 "-" 21 0
Dec 2 08:31:14 np0005541911 object-server[122304]: 172.20.0.105 - - [02/Dec/2025:08:31:14 +0000] "PUT /d1/113/AUTH_497073c2347a4b2dbbf501873318fbd3/gnocchi.3dc0d1a9-e1cc-494d-8b4a-cd1ce36d370f/none_v3" 201 - "PUT http://172.18.0.121:8080/v1/AUTH_497073c2347a4b2dbbf501873318fbd3/gnocchi.3dc0d1a9-e1cc-494d-8b4a-cd1ce36d370f/none_v3" "tx13711c919c96480f8f395-00692ea3d2" "proxy-server 20" 0.0389 "-" 23 0
Dec 2 08:31:14 np0005541911 proxy-server[123814]: 172.18.0.105 172.18.0.104 02/Dec/2025/08/31/14 PUT /v1/AUTH_497073c2347a4b2dbbf501873318fbd3/gnocchi.3dc0d1a9-e1cc-494d-8b4a-cd1ce36d370f/none_v3 HTTP/1.0 201 - python-swiftclient-3.11.1 gAAAAABpLqO0YxeR... 32 - - tx13711c919c96480f8f395-00692ea3d2 - 0.0519 - - 1764664274.607882738 1764664274.659810781 0
Dec 2 08:31:28 np0005541911 account-server[121403]: Beginning replication run
Dec 2 08:31:28 np0005541911 account-server[121403]: Replication run OVER
Dec 2 08:31:28 np0005541911 account-server[121403]: Attempted to replicate 1 dbs in 0.01902 seconds (52.58958/s)
Dec 2 08:31:28 np0005541911 account-server[121403]: Removed 0 dbs
Dec 2 08:31:28 np0005541911 account-server[121403]: 2 successes, 0 failures
Dec 2 08:31:28 np0005541911 account-server[121403]: diff:0 diff_capped:0 empty:0 hashmatch:0 no_change:2 remote_merge:0 rsync:0 ts_repl:0
Dec 2 08:31:30 np0005541911 account-server[121686]: 172.20.0.105 - - [02/Dec/2025:08:31:30 +0000] "HEAD /d1/813/.expiring_objects" 404 - "HEAD http://localhost/v1/.expiring_objects?format=json" "tx7dc119a82e184ae5a3cea-00692ea3e2" "proxy-server 2" 0.0006 "-" 22 -
Dec 2 08:31:30 np0005541911 object-expirer[121913]: Pass completed in 0s; 0 objects expired (txn: tx7dc119a82e184ae5a3cea-00692ea3e2)
Dec 2 08:31:34 np0005541911 object-server[122299]: Begin object update sweep
Dec 2 08:31:35 np0005541911 object-server[212165]: Object update sweep starting on /srv/node/d1 (pid: 14)
Dec 2 08:31:35 np0005541911 object-server[212165]: Object update sweep completed on /srv/node/d1 in 0.00s seconds:, 0 successes, 0 failures, 0 quarantines, 0 unlinks, 0 errors, 0 redirects (pid: 14)
Dec 2 08:31:35 np0005541911 object-server[212165]: Object update sweep of d1 completed: 0.00s, 0 successes, 0 failures, 0 quarantines, 0 unlinks, 0 errors, 0 redirects
Dec 2 08:31:35 np0005541911 object-server[122299]: Object update sweep completed: 0.09s
Dec 2 08:31:36 np0005541911 object-server[122060]: Starting object replication pass.
Dec 2 08:31:36 np0005541911 object-server[122060]: 2/2 (100.00%) partitions replicated in 0.02s (94.84/sec, 0s remaining)
Dec 2 08:31:36 np0005541911 object-server[122060]: 4 successes, 0 failures
Dec 2 08:31:36 np0005541911 object-server[122060]: 2 suffixes checked - 0.00% hashed, 0.00% synced
Dec 2 08:31:36 np0005541911 object-server[122060]: Partition times: max 0.0094s, min 0.0075s, med 0.0094s
Dec 2 08:31:36 np0005541911 object-server[122060]: Object replication complete. (0.00 minutes)
Dec 2 08:31:38 np0005541911 object-server[212351]: Begin object audit "forever" mode (ZBF)
Dec 2 08:31:38 np0005541911 object-server[212352]: Begin object audit "forever" mode (ALL)
Dec 2 08:31:38 np0005541911 object-server[212351]: Object audit (ZBF). Since Tue Dec 2 08:31:38 2025: Locally: 1 passed, 0 quarantined, 0 errors, files/sec: 909.43, bytes/sec: 0.00, Total time: 0.00, Auditing time: 0.00, Rate: 0.00
Dec 2 08:31:38 np0005541911 object-server[212351]: Object audit (ZBF) "forever" mode completed: 0.00s. Total quarantined: 0, Total errors: 0, Total files/sec: 771.58, Total bytes/sec: 0.00, Auditing time: 0.00, Rate: 0.31
Dec 2 08:31:38 np0005541911 object-server[212352]: Object audit (ALL). Since Tue Dec 2 08:31:38 2025: Locally: 1 passed, 0 quarantined, 0 errors, files/sec: 169.95, bytes/sec: 2719.27, Total time: 0.01, Auditing time: 0.00, Rate: 0.00
Dec 2 08:31:38 np0005541911 object-server[212352]: Object audit (ALL) "forever" mode completed: 0.01s. Total quarantined: 0, Total errors: 0, Total files/sec: 235.91, Total bytes/sec: 5661.92, Auditing time: 0.01, Rate: 0.74
Dec 2 08:31:43 np0005541911 container-server[121494]: Beginning replication run
Dec 2 08:31:43 np0005541911 container-server[121494]: Replication run OVER
Dec 2 08:31:43 np0005541911 container-server[121494]: Attempted to replicate 1 dbs in 0.04635 seconds (21.57493/s)
Dec 2 08:31:43 np0005541911 container-server[121494]: Removed 0 dbs
Dec 2 08:31:43 np0005541911 container-server[121494]: 2 successes, 0 failures
Dec 2 08:31:43 np0005541911 container-server[121494]: diff:0 diff_capped:0 empty:0 hashmatch:0 no_change:2 remote_merge:0 rsync:0 ts_repl:0
Dec 2 08:31:48 np0005541911 container-server[121803]: 172.20.0.103 - - [02/Dec/2025:08:31:48 +0000] "HEAD /d1/50/AUTH_497073c2347a4b2dbbf501873318fbd3/gnocchi.63897728-c6fe-45f1-9592-f9328b3109ed" 404 - "HEAD http://172.18.0.121:8080/v1/AUTH_497073c2347a4b2dbbf501873318fbd3/gnocchi.63897728-c6fe-45f1-9592-f9328b3109ed?format=json&states=listing" "txa90dc5896801474ba4266-00692ea3f4" "proxy-server 20" 0.0014 "-" 21 0
Dec 2 08:31:49 np0005541911 object-server[122302]: 172.20.0.103 - - [02/Dec/2025:08:31:49 +0000] "GET /d1/519/AUTH_497073c2347a4b2dbbf501873318fbd3/gnocchi.63897728-c6fe-45f1-9592-f9328b3109ed/none_v3" 404 70 "GET http://172.18.0.121:8080/v1/AUTH_497073c2347a4b2dbbf501873318fbd3/gnocchi.63897728-c6fe-45f1-9592-f9328b3109ed/none_v3" "txa90dc5896801474ba4266-00692ea3f4" "proxy-server 20" 0.0006 "-" 22 0
Dec 2 08:31:49 np0005541911 container-server[121803]: 172.20.0.104 - - [02/Dec/2025:08:31:49 +0000] "PUT /d1/50/AUTH_497073c2347a4b2dbbf501873318fbd3/gnocchi.63897728-c6fe-45f1-9592-f9328b3109ed" 201 - "PUT http://172.18.0.121:8080/v1/AUTH_497073c2347a4b2dbbf501873318fbd3/gnocchi.63897728-c6fe-45f1-9592-f9328b3109ed" "tx9cc7832298f0457e90ab1-00692ea3f5" "proxy-server 20" 0.0158 "-" 21 0
Dec 2 08:31:49 np0005541911 account-server[121714]: 172.20.0.104 - - [02/Dec/2025:08:31:49 +0000] "PUT /d1/626/AUTH_497073c2347a4b2dbbf501873318fbd3/gnocchi.63897728-c6fe-45f1-9592-f9328b3109ed" 201 - "PUT http://172.20.0.104:6001/d1/50/AUTH_497073c2347a4b2dbbf501873318fbd3/gnocchi.63897728-c6fe-45f1-9592-f9328b3109ed" "tx9cc7832298f0457e90ab1-00692ea3f5" "container-server 21" 0.0025 "-" 23 0
Dec 2 08:31:49 np0005541911 proxy-server[123814]: - - 02/Dec/2025/08/31/49 HEAD /v1/AUTH_497073c2347a4b2dbbf501873318fbd3/gnocchi.63897728-c6fe-45f1-9592-f9328b3109ed%3Fformat%3Djson%26states%3Dlisting HTTP/1.0 204 - Swift - - - - txcf7811545bcc439a91f81-00692ea3f5 - 0.0119 RL - 1764664309.059746504 1764664309.071694374 0
Dec 2 08:31:49 np0005541911 proxy-server[123814]: 172.18.0.105 172.18.0.104 02/Dec/2025/08/31/49 GET /v1/AUTH_497073c2347a4b2dbbf501873318fbd3/gnocchi.63897728-c6fe-45f1-9592-f9328b3109ed%3Fformat%3Djson%26states%3Dlisting HTTP/1.0 200 - python-swiftclient-3.11.1 gAAAAABpLqO0YxeR... - 2 - txcf7811545bcc439a91f81-00692ea3f5 - 0.0315 - - 1764664309.055709124 1764664309.087180376 0
Dec 2 08:31:49 np0005541911 object-server[122304]: 172.20.0.103 - - [02/Dec/2025:08:31:49 +0000] "GET /d1/491/AUTH_497073c2347a4b2dbbf501873318fbd3/gnocchi.63897728-c6fe-45f1-9592-f9328b3109ed/1763640000.0_mean_300.0_v3" 404 70 "GET http://172.18.0.121:8080/v1/AUTH_497073c2347a4b2dbbf501873318fbd3/gnocchi.63897728-c6fe-45f1-9592-f9328b3109ed/1763640000.0_mean_300.0_v3" "txcad0679ed2dc49da9063f-00692ea3f5" "proxy-server 20" 0.0006 "-" 23 0
Dec 2 08:31:49 np0005541911 object-server[122302]: 172.20.0.104 - - [02/Dec/2025:08:31:49 +0000] "PUT /d1/491/AUTH_497073c2347a4b2dbbf501873318fbd3/gnocchi.63897728-c6fe-45f1-9592-f9328b3109ed/1763640000.0_mean_300.0_v3" 201 - "PUT http://172.18.0.121:8080/v1/AUTH_497073c2347a4b2dbbf501873318fbd3/gnocchi.63897728-c6fe-45f1-9592-f9328b3109ed/1763640000.0_mean_300.0_v3" "txd3b3785cbe92472c8ac85-00692ea3f5" "proxy-server 20" 0.0146 "-" 22 0
Dec 2 08:31:49 np0005541911 container-server[121794]: 172.20.0.104 - - [02/Dec/2025:08:31:49 +0000] "PUT /d1/50/AUTH_497073c2347a4b2dbbf501873318fbd3/gnocchi.63897728-c6fe-45f1-9592-f9328b3109ed/1763640000.0_mean_300.0_v3" 201 - "PUT http://172.18.0.121:8080/d1/491/AUTH_497073c2347a4b2dbbf501873318fbd3/gnocchi.63897728-c6fe-45f1-9592-f9328b3109ed/1763640000.0_mean_300.0_v3" "txd3b3785cbe92472c8ac85-00692ea3f5" "object-server 24" 0.0019 "-" 20 0
Dec 2 08:31:49 np0005541911 container-server[121794]: 172.20.0.103 - - [02/Dec/2025:08:31:49 +0000] "PUT /d1/50/AUTH_497073c2347a4b2dbbf501873318fbd3/gnocchi.63897728-c6fe-45f1-9592-f9328b3109ed/none_v3" 201 - "PUT http://172.18.0.121:8080/d1/519/AUTH_497073c2347a4b2dbbf501873318fbd3/gnocchi.63897728-c6fe-45f1-9592-f9328b3109ed/none_v3" "tx553338461601418fad9e3-00692ea3f5" "object-server 24" 0.0009 "-" 20 0
Dec 2 08:31:49 np0005541911 object-server[122305]: 172.20.0.105 - - [02/Dec/2025:08:31:49 +0000] "PUT /d1/519/AUTH_497073c2347a4b2dbbf501873318fbd3/gnocchi.63897728-c6fe-45f1-9592-f9328b3109ed/none_v3" 201 - "PUT http://172.18.0.121:8080/v1/AUTH_497073c2347a4b2dbbf501873318fbd3/gnocchi.63897728-c6fe-45f1-9592-f9328b3109ed/none_v3" "tx553338461601418fad9e3-00692ea3f5" "proxy-server 20" 0.0269 "-" 24 0
Dec 2 08:31:49 np0005541911 proxy-server[123814]: 172.18.0.105 172.18.0.104 02/Dec/2025/08/31/49 PUT /v1/AUTH_497073c2347a4b2dbbf501873318fbd3/gnocchi.63897728-c6fe-45f1-9592-f9328b3109ed/none_v3 HTTP/1.0 201 - python-swiftclient-3.11.1 gAAAAABpLqO0YxeR... 22 - - tx553338461601418fad9e3-00692ea3f5 - 0.0483 - - 1764664309.153831005 1764664309.202124357 0
Dec 2 08:31:49 np0005541911 container-server[121794]: 172.20.0.103 - - [02/Dec/2025:08:31:49 +0000] "HEAD /d1/82/AUTH_497073c2347a4b2dbbf501873318fbd3/gnocchi.42f52e77-9dfe-4e03-b5be-5c08383de9cd" 404 - "HEAD http://172.18.0.121:8080/v1/AUTH_497073c2347a4b2dbbf501873318fbd3/gnocchi.42f52e77-9dfe-4e03-b5be-5c08383de9cd?format=json&states=listing" "txbb505554f84f400195f6d-00692ea3f5" "proxy-server 20" 0.0010 "-" 20 0
Dec 2 08:31:49 np0005541911 object-server[122304]: 172.20.0.103 - - [02/Dec/2025:08:31:49 +0000] "GET /d1/485/AUTH_497073c2347a4b2dbbf501873318fbd3/gnocchi.42f52e77-9dfe-4e03-b5be-5c08383de9cd/none_v3" 404 70 "GET http://172.18.0.121:8080/v1/AUTH_497073c2347a4b2dbbf501873318fbd3/gnocchi.42f52e77-9dfe-4e03-b5be-5c08383de9cd/none_v3" "txbb505554f84f400195f6d-00692ea3f5" "proxy-server 20" 0.0006 "-" 23 0
Dec 2 08:31:49 np0005541911 account-server[121671]: 172.20.0.105 - - [02/Dec/2025:08:31:49 +0000] "PUT /d1/626/AUTH_497073c2347a4b2dbbf501873318fbd3/gnocchi.42f52e77-9dfe-4e03-b5be-5c08383de9cd" 201 - "PUT http://172.20.0.105:6001/d1/82/AUTH_497073c2347a4b2dbbf501873318fbd3/gnocchi.42f52e77-9dfe-4e03-b5be-5c08383de9cd" "txf5031779470a4a7ea8c7a-00692ea3f5" "container-server 22" 0.0073 "-" 20 0
Dec 2 08:31:49 np0005541911 container-server[121818]: 172.20.0.104 - - [02/Dec/2025:08:31:49 +0000] "PUT /d1/82/AUTH_497073c2347a4b2dbbf501873318fbd3/gnocchi.42f52e77-9dfe-4e03-b5be-5c08383de9cd" 201 - "PUT http://172.18.0.121:8080/v1/AUTH_497073c2347a4b2dbbf501873318fbd3/gnocchi.42f52e77-9dfe-4e03-b5be-5c08383de9cd" "txf5031779470a4a7ea8c7a-00692ea3f5" "proxy-server 20" 0.0217 "-" 22 0
Dec 2 08:31:49 np0005541911 proxy-server[123814]: - - 02/Dec/2025/08/31/49 HEAD /v1/AUTH_497073c2347a4b2dbbf501873318fbd3/gnocchi.42f52e77-9dfe-4e03-b5be-5c08383de9cd%3Fformat%3Djson%26states%3Dlisting HTTP/1.0 204 - Swift - - - - txeb37fe07b1fc4b29bfed0-00692ea3f5 - 0.0077 RL - 1764664309.720606804 1764664309.728260279 0
Dec 2 08:31:49 np0005541911 container-server[121794]: 172.20.0.105 - - [02/Dec/2025:08:31:49 +0000] "GET /d1/82/AUTH_497073c2347a4b2dbbf501873318fbd3/gnocchi.42f52e77-9dfe-4e03-b5be-5c08383de9cd" 200 2 "GET http://172.18.0.121:8080/v1/AUTH_497073c2347a4b2dbbf501873318fbd3/gnocchi.42f52e77-9dfe-4e03-b5be-5c08383de9cd?format=json&states=listing" "txeb37fe07b1fc4b29bfed0-00692ea3f5" "proxy-server 20" 0.0041 "-" 20 0
Dec 2 08:31:49 np0005541911 proxy-server[123814]: 172.18.0.103 172.18.0.104 02/Dec/2025/08/31/49 GET /v1/AUTH_497073c2347a4b2dbbf501873318fbd3/gnocchi.42f52e77-9dfe-4e03-b5be-5c08383de9cd%3Fformat%3Djson%26states%3Dlisting HTTP/1.0 200 - python-swiftclient-3.11.1 gAAAAABpLqP19t9Q... - 2 - txeb37fe07b1fc4b29bfed0-00692ea3f5 - 0.0263 - - 1764664309.715969563 1764664309.742237806 0
Dec 2 08:31:49 np0005541911 object-server[122304]: 172.20.0.103 - - [02/Dec/2025:08:31:49 +0000] "GET /d1/947/AUTH_497073c2347a4b2dbbf501873318fbd3/gnocchi.42f52e77-9dfe-4e03-b5be-5c08383de9cd/1763640000.0_mean_300.0_v3" 404 70 "GET http://172.18.0.121:8080/v1/AUTH_497073c2347a4b2dbbf501873318fbd3/gnocchi.42f52e77-9dfe-4e03-b5be-5c08383de9cd/1763640000.0_mean_300.0_v3" "txd0047d997ddb47ceabd54-00692ea3f5" "proxy-server 20" 0.0005 "-" 23 0
Dec 2 08:31:49 np0005541911 container-server[121794]: 172.20.0.105 - - [02/Dec/2025:08:31:49 +0000] "PUT /d1/82/AUTH_497073c2347a4b2dbbf501873318fbd3/gnocchi.42f52e77-9dfe-4e03-b5be-5c08383de9cd/1763640000.0_mean_300.0_v3" 201 - "PUT http://172.18.0.121:8080/d1/947/AUTH_497073c2347a4b2dbbf501873318fbd3/gnocchi.42f52e77-9dfe-4e03-b5be-5c08383de9cd/1763640000.0_mean_300.0_v3" "txa25dc48908ca4c36a805b-00692ea3f5" "object-server 23" 0.0011 "-" 20 0
Dec 2 08:31:49 np0005541911 object-server[122304]: 172.20.0.104 - - [02/Dec/2025:08:31:49 +0000] "PUT /d1/947/AUTH_497073c2347a4b2dbbf501873318fbd3/gnocchi.42f52e77-9dfe-4e03-b5be-5c08383de9cd/1763640000.0_mean_300.0_v3" 201 - "PUT http://172.18.0.121:8080/v1/AUTH_497073c2347a4b2dbbf501873318fbd3/gnocchi.42f52e77-9dfe-4e03-b5be-5c08383de9cd/1763640000.0_mean_300.0_v3" "txa25dc48908ca4c36a805b-00692ea3f5" "proxy-server 20" 0.0154 "-" 23 0
Dec 2 08:31:49 np0005541911 container-server[121794]: 172.20.0.103 - - [02/Dec/2025:08:31:49 +0000] "PUT /d1/82/AUTH_497073c2347a4b2dbbf501873318fbd3/gnocchi.42f52e77-9dfe-4e03-b5be-5c08383de9cd/none_v3" 201 - "PUT http://172.18.0.121:8080/d1/485/AUTH_497073c2347a4b2dbbf501873318fbd3/gnocchi.42f52e77-9dfe-4e03-b5be-5c08383de9cd/none_v3" "txecfe786c8bdb45fbbd358-00692ea3f5" "object-server 23" 0.0006 "-" 20 0
Dec 2 08:31:49 np0005541911 object-server[122302]: 172.20.0.105 - - [02/Dec/2025:08:31:49 +0000] "PUT /d1/485/AUTH_497073c2347a4b2dbbf501873318fbd3/gnocchi.42f52e77-9dfe-4e03-b5be-5c08383de9cd/none_v3" 201 - "PUT http://172.18.0.121:8080/v1/AUTH_497073c2347a4b2dbbf501873318fbd3/gnocchi.42f52e77-9dfe-4e03-b5be-5c08383de9cd/none_v3" "txecfe786c8bdb45fbbd358-00692ea3f5" "proxy-server 20" 0.0181 "-" 22 0
Dec 2 08:31:49 np0005541911 proxy-server[123814]: 172.18.0.103 172.18.0.104 02/Dec/2025/08/31/49 PUT /v1/AUTH_497073c2347a4b2dbbf501873318fbd3/gnocchi.42f52e77-9dfe-4e03-b5be-5c08383de9cd/none_v3 HTTP/1.0 201 - python-swiftclient-3.11.1 gAAAAABpLqP19t9Q... 22 - - txecfe786c8bdb45fbbd358-00692ea3f5 - 0.0348 - - 1764664309.799144268 1764664309.833933353 0
Dec 2 08:31:56 np0005541911 container-server[121818]: 172.20.0.103 - - [02/Dec/2025:08:31:56 +0000] "HEAD /d1/379/AUTH_497073c2347a4b2dbbf501873318fbd3/gnocchi.aa341c8a-34ae-41de-9bc1-528198dca50e" 404 - "HEAD http://172.18.0.121:8080/v1/AUTH_497073c2347a4b2dbbf501873318fbd3/gnocchi.aa341c8a-34ae-41de-9bc1-528198dca50e?format=json&states=listing" "tx59d35a3f35074aefadbe6-00692ea3fc" "proxy-server 20" 0.0017 "-" 22 0
Dec 2 08:31:56 np0005541911 container-server[121803]: 172.20.0.104 - - [02/Dec/2025:08:31:56 +0000] "HEAD /d1/34/AUTH_497073c2347a4b2dbbf501873318fbd3/gnocchi.ddf19f68-2eb0-4238-8b7a-ba139ac243ca" 404 - "HEAD http://172.18.0.121:8080/v1/AUTH_497073c2347a4b2dbbf501873318fbd3/gnocchi.ddf19f68-2eb0-4238-8b7a-ba139ac243ca?format=json&states=listing" "txf04b085127964961935ae-00692ea3fc" "proxy-server 20" 0.0008 "-" 21 0
Dec 2 08:31:56 np0005541911 object-server[122302]: 172.20.0.104 - - [02/Dec/2025:08:31:56 +0000] "GET /d1/144/AUTH_497073c2347a4b2dbbf501873318fbd3/gnocchi.ddf19f68-2eb0-4238-8b7a-ba139ac243ca/none_v3" 404 70 "GET http://172.18.0.121:8080/v1/AUTH_497073c2347a4b2dbbf501873318fbd3/gnocchi.ddf19f68-2eb0-4238-8b7a-ba139ac243ca/none_v3" "txf04b085127964961935ae-00692ea3fc" "proxy-server 20" 0.0009 "-" 22 0
Dec 2 08:31:56 np0005541911 object-server[122304]: 172.20.0.103 - - [02/Dec/2025:08:31:56 +0000] "GET /d1/889/AUTH_497073c2347a4b2dbbf501873318fbd3/gnocchi.aa341c8a-34ae-41de-9bc1-528198dca50e/none_v3" 404 70 "GET http://172.18.0.121:8080/v1/AUTH_497073c2347a4b2dbbf501873318fbd3/gnocchi.aa341c8a-34ae-41de-9bc1-528198dca50e/none_v3" "tx59d35a3f35074aefadbe6-00692ea3fc" "proxy-server 20" 0.0004 "-" 23 0
Dec 2 08:31:56 np0005541911 account-server[121714]: 172.20.0.103 - - [02/Dec/2025:08:31:56 +0000] "PUT /d1/626/AUTH_497073c2347a4b2dbbf501873318fbd3/gnocchi.ddf19f68-2eb0-4238-8b7a-ba139ac243ca" 201 - "PUT http://172.20.0.103:6001/d1/34/AUTH_497073c2347a4b2dbbf501873318fbd3/gnocchi.ddf19f68-2eb0-4238-8b7a-ba139ac243ca" "tx0f8c405563a94323ad2cb-00692ea3fc" "container-server 23" 0.0035 "-" 23 0
Dec 2 08:31:56 np0005541911 account-server[121671]: 172.20.0.104 - - [02/Dec/2025:08:31:56 +0000] "PUT /d1/626/AUTH_497073c2347a4b2dbbf501873318fbd3/gnocchi.aa341c8a-34ae-41de-9bc1-528198dca50e" 201 - "PUT http://172.20.0.104:6001/d1/379/AUTH_497073c2347a4b2dbbf501873318fbd3/gnocchi.aa341c8a-34ae-41de-9bc1-528198dca50e" "tx3d8e23528dc74e23bd7fa-00692ea3fc" "container-server 22" 0.0081 "-" 20 0
Dec 2 08:31:57 np0005541911 container-server[121789]: 172.20.0.103 - - [02/Dec/2025:08:31:57 +0000] "PUT /d1/34/AUTH_497073c2347a4b2dbbf501873318fbd3/gnocchi.ddf19f68-2eb0-4238-8b7a-ba139ac243ca" 201 - "PUT http://172.18.0.121:8080/v1/AUTH_497073c2347a4b2dbbf501873318fbd3/gnocchi.ddf19f68-2eb0-4238-8b7a-ba139ac243ca" "tx0f8c405563a94323ad2cb-00692ea3fc" "proxy-server 20" 0.0314 "-" 19 0
Dec 2 08:31:57 np0005541911 container-server[121803]: 172.20.0.105 - - [02/Dec/2025:08:31:57 +0000] "PUT /d1/379/AUTH_497073c2347a4b2dbbf501873318fbd3/gnocchi.aa341c8a-34ae-41de-9bc1-528198dca50e" 201 - "PUT http://172.18.0.121:8080/v1/AUTH_497073c2347a4b2dbbf501873318fbd3/gnocchi.aa341c8a-34ae-41de-9bc1-528198dca50e" "tx3d8e23528dc74e23bd7fa-00692ea3fc" "proxy-server 20" 0.0473 "-" 21 0
Dec 2 08:31:57 np0005541911 container-server[121803]: 172.20.0.104 - - [02/Dec/2025:08:31:57 +0000] "HEAD /d1/34/AUTH_497073c2347a4b2dbbf501873318fbd3/gnocchi.ddf19f68-2eb0-4238-8b7a-ba139ac243ca" 204 - "HEAD http://172.18.0.121:8080/v1/AUTH_497073c2347a4b2dbbf501873318fbd3/gnocchi.ddf19f68-2eb0-4238-8b7a-ba139ac243ca?format=json&states=listing" "txeda683a3d6cd4546a3cd4-00692ea3fd" "proxy-server 20" 0.0016 "-" 21 0
Dec 2 08:31:57 np0005541911 proxy-server[123814]: 172.18.0.103 172.18.0.104 02/Dec/2025/08/31/57 PUT /v1/AUTH_497073c2347a4b2dbbf501873318fbd3/gnocchi.aa341c8a-34ae-41de-9bc1-528198dca50e HTTP/1.0 201 - python-swiftclient-3.11.1 gAAAAABpLqP19t9Q... - - - tx3d8e23528dc74e23bd7fa-00692ea3fc - 0.0593 - - 1764664316.958091259 1764664317.017408848 0
Dec 2 08:31:57 np0005541911 object-server[122305]: 172.20.0.105 - - [02/Dec/2025:08:31:57 +0000] "GET /d1/808/AUTH_497073c2347a4b2dbbf501873318fbd3/gnocchi.ddf19f68-2eb0-4238-8b7a-ba139ac243ca/1763640000.0_mean_300.0_v3" 404 70 "GET http://172.18.0.121:8080/v1/AUTH_497073c2347a4b2dbbf501873318fbd3/gnocchi.ddf19f68-2eb0-4238-8b7a-ba139ac243ca/1763640000.0_mean_300.0_v3" "txcc25dc2677764e20838c8-00692ea3fd" "proxy-server 20" 0.0006 "-" 24 0
Dec 2 08:31:57 np0005541911 proxy-server[123814]: 172.18.0.105 172.18.0.104 02/Dec/2025/08/31/57 GET /v1/AUTH_497073c2347a4b2dbbf501873318fbd3/gnocchi.ddf19f68-2eb0-4238-8b7a-ba139ac243ca/1763640000.0_mean_300.0_v3 HTTP/1.0 404 - python-swiftclient-3.11.1 gAAAAABpLqO0YxeR... - 70 - txcc25dc2677764e20838c8-00692ea3fd - 0.0212 - - 1764664317.043540001 1764664317.064721823 0
Dec 2 08:31:57 np0005541911 container-server[121789]: 172.20.0.105 - - [02/Dec/2025:08:31:57 +0000] "PUT /d1/34/AUTH_497073c2347a4b2dbbf501873318fbd3/gnocchi.ddf19f68-2eb0-4238-8b7a-ba139ac243ca/1763640000.0_mean_300.0_v3" 201 - "PUT http://172.18.0.121:8080/d1/808/AUTH_497073c2347a4b2dbbf501873318fbd3/gnocchi.ddf19f68-2eb0-4238-8b7a-ba139ac243ca/1763640000.0_mean_300.0_v3" "txccd6741ec02648c6bc4d1-00692ea3fd" "object-server 24" 0.0008 "-" 19 0
Dec 2 08:31:57 np0005541911 object-server[122305]: 172.20.0.103 - - [02/Dec/2025:08:31:57 +0000] "PUT /d1/808/AUTH_497073c2347a4b2dbbf501873318fbd3/gnocchi.ddf19f68-2eb0-4238-8b7a-ba139ac243ca/1763640000.0_mean_300.0_v3" 201 - "PUT http://172.18.0.121:8080/v1/AUTH_497073c2347a4b2dbbf501873318fbd3/gnocchi.ddf19f68-2eb0-4238-8b7a-ba139ac243ca/1763640000.0_mean_300.0_v3" "txccd6741ec02648c6bc4d1-00692ea3fd" "proxy-server 20" 0.0137 "-" 24 0
Dec 2 08:31:57 np0005541911 object-server[122302]: 172.20.0.104 - - [02/Dec/2025:08:31:57 +0000] "GET /d1/19/AUTH_497073c2347a4b2dbbf501873318fbd3/gnocchi.aa341c8a-34ae-41de-9bc1-528198dca50e/1763640000.0_mean_300.0_v3" 404 70 "GET http://172.18.0.121:8080/v1/AUTH_497073c2347a4b2dbbf501873318fbd3/gnocchi.aa341c8a-34ae-41de-9bc1-528198dca50e/1763640000.0_mean_300.0_v3" "tx5941e22bea4549c6af7d7-00692ea3fd" "proxy-server 20" 0.0005 "-" 22 0
Dec 2 08:31:57 np0005541911 container-server[121803]: 172.20.0.105 - - [02/Dec/2025:08:31:57 +0000] "PUT /d1/379/AUTH_497073c2347a4b2dbbf501873318fbd3/gnocchi.aa341c8a-34ae-41de-9bc1-528198dca50e/1763640000.0_mean_300.0_v3" 201 - "PUT http://172.18.0.121:8080/d1/19/AUTH_497073c2347a4b2dbbf501873318fbd3/gnocchi.aa341c8a-34ae-41de-9bc1-528198dca50e/1763640000.0_mean_300.0_v3" "tx4c97d928f9964b2683a0e-00692ea3fd" "object-server 23" 0.0007 "-" 21 0
Dec 2 08:31:57 np0005541911 object-server[122304]: 172.20.0.105 - - [02/Dec/2025:08:31:57 +0000] "PUT /d1/19/AUTH_497073c2347a4b2dbbf501873318fbd3/gnocchi.aa341c8a-34ae-41de-9bc1-528198dca50e/1763640000.0_mean_300.0_v3" 201 - "PUT http://172.18.0.121:8080/v1/AUTH_497073c2347a4b2dbbf501873318fbd3/gnocchi.aa341c8a-34ae-41de-9bc1-528198dca50e/1763640000.0_mean_300.0_v3" "tx4c97d928f9964b2683a0e-00692ea3fd" "proxy-server 20" 0.0234 "-" 23 0
Dec 2 08:31:57 np0005541911 container-server[121818]: 172.20.0.104 - - [02/Dec/2025:08:31:57 +0000] "PUT /d1/34/AUTH_497073c2347a4b2dbbf501873318fbd3/gnocchi.ddf19f68-2eb0-4238-8b7a-ba139ac243ca/none_v3" 201 - "PUT http://172.18.0.121:8080/d1/144/AUTH_497073c2347a4b2dbbf501873318fbd3/gnocchi.ddf19f68-2eb0-4238-8b7a-ba139ac243ca/none_v3" "tx7c6d97e8027b4196a4bb7-00692ea3fd" "object-server 21" 0.0010 "-" 22 0
Dec 2 08:31:57 np0005541911 object-server[122305]: 172.20.0.104 - - [02/Dec/2025:08:31:57 +0000] "PUT /d1/144/AUTH_497073c2347a4b2dbbf501873318fbd3/gnocchi.ddf19f68-2eb0-4238-8b7a-ba139ac243ca/none_v3" 201 - "PUT http://172.18.0.121:8080/v1/AUTH_497073c2347a4b2dbbf501873318fbd3/gnocchi.ddf19f68-2eb0-4238-8b7a-ba139ac243ca/none_v3" "tx7c6d97e8027b4196a4bb7-00692ea3fd" "proxy-server 20" 0.0207 "-" 24 0
Dec 2 08:31:57 np0005541911 proxy-server[123814]: 172.18.0.103 172.18.0.104 02/Dec/2025/08/31/57 PUT /v1/AUTH_497073c2347a4b2dbbf501873318fbd3/gnocchi.aa341c8a-34ae-41de-9bc1-528198dca50e/1763640000.0_mean_300.0_v3 HTTP/1.0 201 - python-swiftclient-3.11.1 gAAAAABpLqP19t9Q... 16 - - tx4c97d928f9964b2683a0e-00692ea3fd - 0.0364 - - 1764664317.112424374 1764664317.148798943 0
Dec 2 08:31:57 np0005541911 container-server[121794]: 172.20.0.105 - - [02/Dec/2025:08:31:57 +0000] "PUT /d1/379/AUTH_497073c2347a4b2dbbf501873318fbd3/gnocchi.aa341c8a-34ae-41de-9bc1-528198dca50e/none_v3" 201 - "PUT http://172.18.0.121:8080/d1/889/AUTH_497073c2347a4b2dbbf501873318fbd3/gnocchi.aa341c8a-34ae-41de-9bc1-528198dca50e/none_v3" "tx96b01b343fdc46f993c24-00692ea3fd" "object-server 24" 0.0010 "-" 20 0
Dec 2 08:31:57 np0005541911 container-server[121818]: 172.20.0.105 - - [02/Dec/2025:08:31:57 +0000] "HEAD /d1/557/AUTH_497073c2347a4b2dbbf501873318fbd3/gnocchi.8b68dd01-139f-4dc8-bcb3-91db0d82d14d" 404 - "HEAD http://172.18.0.121:8080/v1/AUTH_497073c2347a4b2dbbf501873318fbd3/gnocchi.8b68dd01-139f-4dc8-bcb3-91db0d82d14d?format=json&states=listing" "txfd4b6aae0768404b9046e-00692ea3fd" "proxy-server 20" 0.0006 "-" 22 0
Dec 2 08:31:57 np0005541911 object-server[122305]: 172.20.0.103 - - [02/Dec/2025:08:31:57 +0000] "PUT /d1/889/AUTH_497073c2347a4b2dbbf501873318fbd3/gnocchi.aa341c8a-34ae-41de-9bc1-528198dca50e/none_v3" 201 - "PUT http://172.18.0.121:8080/v1/AUTH_497073c2347a4b2dbbf501873318fbd3/gnocchi.aa341c8a-34ae-41de-9bc1-528198dca50e/none_v3" "tx96b01b343fdc46f993c24-00692ea3fd" "proxy-server 20" 0.0164 "-" 24 0
Dec 2 08:31:57 np0005541911 object-server[122306]: 172.20.0.105 - - [02/Dec/2025:08:31:57 +0000] "GET /d1/174/AUTH_497073c2347a4b2dbbf501873318fbd3/gnocchi.8b68dd01-139f-4dc8-bcb3-91db0d82d14d/none_v3" 404 70 "GET http://172.18.0.121:8080/v1/AUTH_497073c2347a4b2dbbf501873318fbd3/gnocchi.8b68dd01-139f-4dc8-bcb3-91db0d82d14d/none_v3" "txfd4b6aae0768404b9046e-00692ea3fd" "proxy-server 20" 0.0005 "-" 25 0
Dec 2 08:31:57 np0005541911 proxy-server[123814]: 172.18.0.105 172.18.0.104 02/Dec/2025/08/31/57 GET /v1/AUTH_497073c2347a4b2dbbf501873318fbd3/gnocchi.8b68dd01-139f-4dc8-bcb3-91db0d82d14d/none_v3 HTTP/1.0 404 - python-swiftclient-3.11.1 gAAAAABpLqO0YxeR... - 70 - txfd4b6aae0768404b9046e-00692ea3fd - 0.0337 - - 1764664317.164549589 1764664317.198249817 0
Dec 2 08:31:57 np0005541911 container-server[121789]: 172.20.0.104 - - [02/Dec/2025:08:31:57 +0000] "HEAD /d1/499/AUTH_497073c2347a4b2dbbf501873318fbd3/gnocchi.58b99940-1fe3-45c1-9db3-3dfd3571631f" 404 - "HEAD http://172.18.0.121:8080/v1/AUTH_497073c2347a4b2dbbf501873318fbd3/gnocchi.58b99940-1fe3-45c1-9db3-3dfd3571631f?format=json&states=listing" "tx73c243cb97474d9ab9ffe-00692ea3fd" "proxy-server 20" 0.0008 "-" 19 0
Dec 2 08:31:57 np0005541911 object-server[122305]: 172.20.0.104 - - [02/Dec/2025:08:31:57 +0000] "GET /d1/522/AUTH_497073c2347a4b2dbbf501873318fbd3/gnocchi.58b99940-1fe3-45c1-9db3-3dfd3571631f/none_v3" 404 70 "GET http://172.18.0.121:8080/v1/AUTH_497073c2347a4b2dbbf501873318fbd3/gnocchi.58b99940-1fe3-45c1-9db3-3dfd3571631f/none_v3" "tx73c243cb97474d9ab9ffe-00692ea3fd" "proxy-server 20" 0.0006 "-" 24 0
Dec 2 08:31:57 np0005541911 container-server[121789]: 172.20.0.103 - - [02/Dec/2025:08:31:57 +0000] "PUT /d1/557/AUTH_497073c2347a4b2dbbf501873318fbd3/gnocchi.8b68dd01-139f-4dc8-bcb3-91db0d82d14d" 201 - "PUT http://172.18.0.121:8080/v1/AUTH_497073c2347a4b2dbbf501873318fbd3/gnocchi.8b68dd01-139f-4dc8-bcb3-91db0d82d14d" "tx44cdc3fafbea45619e19d-00692ea3fd" "proxy-server 20" 0.0161 "-" 19 0
Dec 2 08:31:57 np0005541911 account-server[121671]: 172.20.0.104 - - [02/Dec/2025:08:31:57 +0000] "PUT /d1/626/AUTH_497073c2347a4b2dbbf501873318fbd3/gnocchi.8b68dd01-139f-4dc8-bcb3-91db0d82d14d" 201 - "PUT http://172.20.0.104:6001/d1/557/AUTH_497073c2347a4b2dbbf501873318fbd3/gnocchi.8b68dd01-139f-4dc8-bcb3-91db0d82d14d" "tx44cdc3fafbea45619e19d-00692ea3fd" "container-server 22" 0.0062 "-" 20 0
Dec 2 08:31:57 np0005541911 account-server[121671]: 172.20.0.103 - - [02/Dec/2025:08:31:57 +0000] "PUT /d1/626/AUTH_497073c2347a4b2dbbf501873318fbd3/gnocchi.58b99940-1fe3-45c1-9db3-3dfd3571631f" 201 - "PUT http://172.20.0.103:6001/d1/499/AUTH_497073c2347a4b2dbbf501873318fbd3/gnocchi.58b99940-1fe3-45c1-9db3-3dfd3571631f" "tx639aff5c9fbd44869d706-00692ea3fd" "container-server 21" 0.0049 "-" 20 0
Dec 2 08:31:57 np0005541911 container-server[121818]: 172.20.0.105 - - [02/Dec/2025:08:31:57 +0000] "PUT /d1/499/AUTH_497073c2347a4b2dbbf501873318fbd3/gnocchi.58b99940-1fe3-45c1-9db3-3dfd3571631f" 201 - "PUT http://172.18.0.121:8080/v1/AUTH_497073c2347a4b2dbbf501873318fbd3/gnocchi.58b99940-1fe3-45c1-9db3-3dfd3571631f" "tx639aff5c9fbd44869d706-00692ea3fd" "proxy-server 20" 0.0209 "-" 22 0
Dec 2 08:31:57 np0005541911 proxy-server[123814]: 172.18.0.103 172.18.0.104 02/Dec/2025/08/31/57 PUT /v1/AUTH_497073c2347a4b2dbbf501873318fbd3/gnocchi.58b99940-1fe3-45c1-9db3-3dfd3571631f HTTP/1.0 201 - python-swiftclient-3.11.1 gAAAAABpLqP19t9Q... - - - tx639aff5c9fbd44869d706-00692ea3fd - 0.0731 - - 1764664317.233655214 1764664317.306722164 0
Dec 2 08:31:57 np0005541911 object-server[122305]: 172.20.0.103 - - [02/Dec/2025:08:31:57 +0000] "GET /d1/110/AUTH_497073c2347a4b2dbbf501873318fbd3/gnocchi.8b68dd01-139f-4dc8-bcb3-91db0d82d14d/1763640000.0_mean_300.0_v3" 404 70 "GET http://172.18.0.121:8080/v1/AUTH_497073c2347a4b2dbbf501873318fbd3/gnocchi.8b68dd01-139f-4dc8-bcb3-91db0d82d14d/1763640000.0_mean_300.0_v3" "tx9b56a239a0514a60a494e-00692ea3fd" "proxy-server 20" 0.0004 "-" 24 0
Dec 2 08:31:57 np0005541911 container-server[121789]: 172.20.0.104 - - [02/Dec/2025:08:31:57 +0000] "GET /d1/499/AUTH_497073c2347a4b2dbbf501873318fbd3/gnocchi.58b99940-1fe3-45c1-9db3-3dfd3571631f" 200 2 "GET http://172.18.0.121:8080/v1/AUTH_497073c2347a4b2dbbf501873318fbd3/gnocchi.58b99940-1fe3-45c1-9db3-3dfd3571631f?format=json&states=listing" "txd292d4c8643944e288557-00692ea3fd" "proxy-server 20" 0.0023 "-" 19 0
Dec 2 08:31:57 np0005541911 container-server[121789]: 172.20.0.103 - - [02/Dec/2025:08:31:57 +0000] "PUT /d1/557/AUTH_497073c2347a4b2dbbf501873318fbd3/gnocchi.8b68dd01-139f-4dc8-bcb3-91db0d82d14d/1763640000.0_mean_300.0_v3" 201 - "PUT http://172.18.0.121:8080/d1/110/AUTH_497073c2347a4b2dbbf501873318fbd3/gnocchi.8b68dd01-139f-4dc8-bcb3-91db0d82d14d/1763640000.0_mean_300.0_v3" "txe1b546a077eb4f84a87c1-00692ea3fd" "object-server 23" 0.0006 "-" 19 0
Dec 2 08:31:57 np0005541911 object-server[122302]: 172.20.0.105 - - [02/Dec/2025:08:31:57 +0000] "PUT /d1/110/AUTH_497073c2347a4b2dbbf501873318fbd3/gnocchi.8b68dd01-139f-4dc8-bcb3-91db0d82d14d/1763640000.0_mean_300.0_v3" 201 - "PUT http://172.18.0.121:8080/v1/AUTH_497073c2347a4b2dbbf501873318fbd3/gnocchi.8b68dd01-139f-4dc8-bcb3-91db0d82d14d/1763640000.0_mean_300.0_v3" "txe1b546a077eb4f84a87c1-00692ea3fd" "proxy-server 20" 0.0142 "-" 22 0
Dec 2 08:31:57 np0005541911 proxy-server[123814]: 172.18.0.105 172.18.0.104 02/Dec/2025/08/31/57 PUT /v1/AUTH_497073c2347a4b2dbbf501873318fbd3/gnocchi.8b68dd01-139f-4dc8-bcb3-91db0d82d14d/1763640000.0_mean_300.0_v3 HTTP/1.0 201 - python-swiftclient-3.11.1 gAAAAABpLqO0YxeR... 16 - - txe1b546a077eb4f84a87c1-00692ea3fd - 0.0219 - - 1764664317.312644005 1764664317.334530830 0
Dec 2 08:31:57 np0005541911 object-server[122306]: 172.20.0.103 - - [02/Dec/2025:08:31:57 +0000] "GET /d1/147/AUTH_497073c2347a4b2dbbf501873318fbd3/gnocchi.58b99940-1fe3-45c1-9db3-3dfd3571631f/1763640000.0_mean_300.0_v3" 404 70 "GET http://172.18.0.121:8080/v1/AUTH_497073c2347a4b2dbbf501873318fbd3/gnocchi.58b99940-1fe3-45c1-9db3-3dfd3571631f/1763640000.0_mean_300.0_v3" "tx6e44b4f5a7ec41f0aebb8-00692ea3fd" "proxy-server 20" 0.0004 "-" 25 0
