Dec 2 08:38:09 np0005541911 container-server[121818]: 172.20.0.104 - - [02/Dec/2025:08:38:09 +0000] "PUT /d1/807/AUTH_497073c2347a4b2dbbf501873318fbd3/gnocchi.8066c377-242c-49cc-b607-5f97997acc4c/1763640000.0_mean_300.0_v3" 201 - "PUT http://172.18.0.121:8080/d1/23/AUTH_497073c2347a4b2dbbf501873318fbd3/gnocchi.8066c377-242c-49cc-b607-5f97997acc4c/1763640000.0_mean_300.0_v3" "tx8e77af8a0c0f42b3bca17-00692ea571" "object-server 21" 0.0009 "-" 22 0
Dec 2 08:38:09 np0005541911 container-server[121803]: 172.20.0.105 - - [02/Dec/2025:08:38:09 +0000] "PUT /d1/531/AUTH_497073c2347a4b2dbbf501873318fbd3/gnocchi.aa733041-fa18-4a3c-8227-f772e4afde17/1763640000.0_mean_300.0_v3" 201 - "PUT http://172.18.0.121:8080/d1/701/AUTH_497073c2347a4b2dbbf501873318fbd3/gnocchi.aa733041-fa18-4a3c-8227-f772e4afde17/1763640000.0_mean_300.0_v3" "tx38427025b69a425fbed16-00692ea571" "object-server 22" 0.0005 "-" 21 0
Dec 2 08:38:09 np0005541911 object-server[122302]: 172.20.0.104 - - [02/Dec/2025:08:38:09 +0000] "PUT /d1/701/AUTH_497073c2347a4b2dbbf501873318fbd3/gnocchi.aa733041-fa18-4a3c-8227-f772e4afde17/1763640000.0_mean_300.0_v3" 201 - "PUT http://172.18.0.121:8080/v1/AUTH_497073c2347a4b2dbbf501873318fbd3/gnocchi.aa733041-fa18-4a3c-8227-f772e4afde17/1763640000.0_mean_300.0_v3" "tx38427025b69a425fbed16-00692ea571" "proxy-server 20" 0.0123 "-" 22 0
Dec 2 08:38:09 np0005541911 container-server[121818]: 172.20.0.103 - - [02/Dec/2025:08:38:09 +0000] "PUT /d1/807/AUTH_497073c2347a4b2dbbf501873318fbd3/gnocchi.8066c377-242c-49cc-b607-5f97997acc4c/1763640000.0_rate%3Amean_300.0_v3" 201 - "PUT http://172.18.0.121:8080/d1/387/AUTH_497073c2347a4b2dbbf501873318fbd3/gnocchi.8066c377-242c-49cc-b607-5f97997acc4c/1763640000.0_rate%3Amean_300.0_v3" "tx9835bc83347647a884fe3-00692ea571" "object-server 25" 0.0008 "-" 22 0
Dec 2 08:38:09 np0005541911 container-server[121789]: 172.20.0.104 - - [02/Dec/2025:08:38:09 +0000] "PUT /d1/531/AUTH_497073c2347a4b2dbbf501873318fbd3/gnocchi.aa733041-fa18-4a3c-8227-f772e4afde17/1763640000.0_rate%3Amean_300.0_v3" 201 - "PUT http://172.18.0.121:8080/d1/677/AUTH_497073c2347a4b2dbbf501873318fbd3/gnocchi.aa733041-fa18-4a3c-8227-f772e4afde17/1763640000.0_rate%3Amean_300.0_v3" "txc8c569521b634adeb62c0-00692ea571" "object-server 24" 0.0005 "-" 19 0
Dec 2 08:38:09 np0005541911 object-server[122305]: 172.20.0.103 - - [02/Dec/2025:08:38:09 +0000] "PUT /d1/387/AUTH_497073c2347a4b2dbbf501873318fbd3/gnocchi.8066c377-242c-49cc-b607-5f97997acc4c/1763640000.0_rate%3Amean_300.0_v3" 201 - "PUT http://172.18.0.121:8080/v1/AUTH_497073c2347a4b2dbbf501873318fbd3/gnocchi.8066c377-242c-49cc-b607-5f97997acc4c/1763640000.0_rate%3Amean_300.0_v3" "tx9835bc83347647a884fe3-00692ea571" "proxy-server 20" 0.0188 "-" 24 0
Dec 2 08:38:09 np0005541911 object-server[122305]: 172.20.0.104 - - [02/Dec/2025:08:38:09 +0000] "PUT /d1/677/AUTH_497073c2347a4b2dbbf501873318fbd3/gnocchi.aa733041-fa18-4a3c-8227-f772e4afde17/1763640000.0_rate%3Amean_300.0_v3" 201 - "PUT http://172.18.0.121:8080/v1/AUTH_497073c2347a4b2dbbf501873318fbd3/gnocchi.aa733041-fa18-4a3c-8227-f772e4afde17/1763640000.0_rate%3Amean_300.0_v3" "txc8c569521b634adeb62c0-00692ea571" "proxy-server 20" 0.0160 "-" 24 0
Dec 2 08:38:09 np0005541911 container-server[121818]: 172.20.0.105 - - [02/Dec/2025:08:38:09 +0000] "PUT /d1/807/AUTH_497073c2347a4b2dbbf501873318fbd3/gnocchi.8066c377-242c-49cc-b607-5f97997acc4c/none_v3" 201 - "PUT http://172.18.0.121:8080/d1/686/AUTH_497073c2347a4b2dbbf501873318fbd3/gnocchi.8066c377-242c-49cc-b607-5f97997acc4c/none_v3" "tx4b30029eef32470fb4ecd-00692ea571" "object-server 25" 0.0009 "-" 22 0
Dec 2 08:38:09 np0005541911 object-server[122306]: 172.20.0.103 - - [02/Dec/2025:08:38:09 +0000] "PUT /d1/686/AUTH_497073c2347a4b2dbbf501873318fbd3/gnocchi.8066c377-242c-49cc-b607-5f97997acc4c/none_v3" 201 - "PUT http://172.18.0.121:8080/v1/AUTH_497073c2347a4b2dbbf501873318fbd3/gnocchi.8066c377-242c-49cc-b607-5f97997acc4c/none_v3" "tx4b30029eef32470fb4ecd-00692ea571" "proxy-server 20" 0.0140 "-" 25 0
Dec 2 08:38:09 np0005541911 container-server[121803]: 172.20.0.103 - - [02/Dec/2025:08:38:09 +0000] "PUT /d1/531/AUTH_497073c2347a4b2dbbf501873318fbd3/gnocchi.aa733041-fa18-4a3c-8227-f772e4afde17/none_v3" 201 - "PUT http://172.18.0.121:8080/d1/120/AUTH_497073c2347a4b2dbbf501873318fbd3/gnocchi.aa733041-fa18-4a3c-8227-f772e4afde17/none_v3" "tx540743603d304e00a4279-00692ea571" "object-server 22" 0.0005 "-" 21 0
Dec 2 08:38:09 np0005541911 object-server[122304]: 172.20.0.104 - - [02/Dec/2025:08:38:09 +0000] "PUT /d1/120/AUTH_497073c2347a4b2dbbf501873318fbd3/gnocchi.aa733041-fa18-4a3c-8227-f772e4afde17/none_v3" 201 - "PUT http://172.18.0.121:8080/v1/AUTH_497073c2347a4b2dbbf501873318fbd3/gnocchi.aa733041-fa18-4a3c-8227-f772e4afde17/none_v3" "tx540743603d304e00a4279-00692ea571" "proxy-server 20" 0.0128 "-" 23 0
Dec 2 08:38:09 np0005541911 container-server[121794]: 172.20.0.103 - - [02/Dec/2025:08:38:09 +0000] "HEAD /d1/368/AUTH_497073c2347a4b2dbbf501873318fbd3/gnocchi.5eae7247-51a1-48a1-bc57-74888088b621" 204 - "HEAD http://172.18.0.121:8080/v1/AUTH_497073c2347a4b2dbbf501873318fbd3/gnocchi.5eae7247-51a1-48a1-bc57-74888088b621?format=json&states=listing" "tx16767ab7f6664187b8101-00692ea571" "proxy-server 20" 0.0021 "-" 20 0
Dec 2 08:38:09 np0005541911 container-server[121803]: 172.20.0.104 - - [02/Dec/2025:08:38:09 +0000] "GET /d1/1017/AUTH_497073c2347a4b2dbbf501873318fbd3/gnocchi.df7e0595-991d-46c5-ab58-680948adb2b6" 200 357 "GET http://172.18.0.121:8080/v1/AUTH_497073c2347a4b2dbbf501873318fbd3/gnocchi.df7e0595-991d-46c5-ab58-680948adb2b6?format=json&states=listing" "txda7f0a037f3848778aaf3-00692ea571" "proxy-server 20" 0.0019 "-" 21 0
Dec 2 08:38:09 np0005541911 object-server[122305]: 172.20.0.104 - - [02/Dec/2025:08:38:09 +0000] "GET /d1/990/AUTH_497073c2347a4b2dbbf501873318fbd3/gnocchi.5eae7247-51a1-48a1-bc57-74888088b621/1763640000.0_mean_300.0_v3" 200 16 "GET http://172.18.0.121:8080/v1/AUTH_497073c2347a4b2dbbf501873318fbd3/gnocchi.5eae7247-51a1-48a1-bc57-74888088b621/1763640000.0_mean_300.0_v3" "tx253619336d1a48c2a5af3-00692ea571" "proxy-server 20" 0.0012 "-" 24 0
Dec 2 08:38:09 np0005541911 object-server[122306]: 172.20.0.104 - - [02/Dec/2025:08:38:09 +0000] "GET /d1/113/AUTH_497073c2347a4b2dbbf501873318fbd3/gnocchi.5eae7247-51a1-48a1-bc57-74888088b621/1763640000.0_rate%3Amean_300.0_v3" 404 70 "GET http://172.18.0.121:8080/v1/AUTH_497073c2347a4b2dbbf501873318fbd3/gnocchi.5eae7247-51a1-48a1-bc57-74888088b621/1763640000.0_rate%3Amean_300.0_v3" "tx1a2667e3660545acba781-00692ea571" "proxy-server 20" 0.0005 "-" 25 0
Dec 2 08:38:09 np0005541911 object-server[122302]: 172.20.0.103 - - [02/Dec/2025:08:38:09 +0000] "GET /d1/758/AUTH_497073c2347a4b2dbbf501873318fbd3/gnocchi.df7e0595-991d-46c5-ab58-680948adb2b6/1763640000.0_rate%3Amean_300.0_v3" 404 70 "GET http://172.18.0.121:8080/v1/AUTH_497073c2347a4b2dbbf501873318fbd3/gnocchi.df7e0595-991d-46c5-ab58-680948adb2b6/1763640000.0_rate%3Amean_300.0_v3" "tx66576f9accf2441b8d546-00692ea571" "proxy-server 20" 0.0005 "-" 22 0
Dec 2 08:38:09 np0005541911 container-server[121818]: 172.20.0.105 - - [02/Dec/2025:08:38:09 +0000] "PUT /d1/368/AUTH_497073c2347a4b2dbbf501873318fbd3/gnocchi.5eae7247-51a1-48a1-bc57-74888088b621/1763640000.0_mean_300.0_v3" 201 - "PUT http://172.18.0.121:8080/d1/990/AUTH_497073c2347a4b2dbbf501873318fbd3/gnocchi.5eae7247-51a1-48a1-bc57-74888088b621/1763640000.0_mean_300.0_v3" "tx11c67a07a9e740aca4672-00692ea571" "object-server 23" 0.0006 "-" 22 0
Dec 2 08:38:09 np0005541911 object-server[122304]: 172.20.0.104 - - [02/Dec/2025:08:38:09 +0000] "PUT /d1/990/AUTH_497073c2347a4b2dbbf501873318fbd3/gnocchi.5eae7247-51a1-48a1-bc57-74888088b621/1763640000.0_mean_300.0_v3" 201 - "PUT http://172.18.0.121:8080/v1/AUTH_497073c2347a4b2dbbf501873318fbd3/gnocchi.5eae7247-51a1-48a1-bc57-74888088b621/1763640000.0_mean_300.0_v3" "tx11c67a07a9e740aca4672-00692ea571" "proxy-server 20" 0.0116 "-" 23 0
Dec 2 08:38:09 np0005541911 container-server[121789]: 172.20.0.105 - - [02/Dec/2025:08:38:09 +0000] "PUT /d1/1017/AUTH_497073c2347a4b2dbbf501873318fbd3/gnocchi.df7e0595-991d-46c5-ab58-680948adb2b6/1763640000.0_mean_300.0_v3" 201 - "PUT http://172.18.0.121:8080/d1/966/AUTH_497073c2347a4b2dbbf501873318fbd3/gnocchi.df7e0595-991d-46c5-ab58-680948adb2b6/1763640000.0_mean_300.0_v3" "tx9c3d5815ed9f46bd8726d-00692ea571" "object-server 23" 0.0006 "-" 19 0
Dec 2 08:38:09 np0005541911 object-server[122304]: 172.20.0.103 - - [02/Dec/2025:08:38:09 +0000] "PUT /d1/966/AUTH_497073c2347a4b2dbbf501873318fbd3/gnocchi.df7e0595-991d-46c5-ab58-680948adb2b6/1763640000.0_mean_300.0_v3" 201 - "PUT http://172.18.0.121:8080/v1/AUTH_497073c2347a4b2dbbf501873318fbd3/gnocchi.df7e0595-991d-46c5-ab58-680948adb2b6/1763640000.0_mean_300.0_v3" "tx9c3d5815ed9f46bd8726d-00692ea571" "proxy-server 20" 0.0111 "-" 23 0
Dec 2 08:38:09 np0005541911 container-server[121794]: 172.20.0.104 - - [02/Dec/2025:08:38:09 +0000] "PUT /d1/368/AUTH_497073c2347a4b2dbbf501873318fbd3/gnocchi.5eae7247-51a1-48a1-bc57-74888088b621/1763640000.0_rate%3Amean_300.0_v3" 201 - "PUT http://172.18.0.121:8080/d1/113/AUTH_497073c2347a4b2dbbf501873318fbd3/gnocchi.5eae7247-51a1-48a1-bc57-74888088b621/1763640000.0_rate%3Amean_300.0_v3" "txa89ae71073de4c10a3fec-00692ea571" "object-server 22" 0.0008 "-" 20 0
Dec 2 08:38:09 np0005541911 object-server[122305]: 172.20.0.104 - - [02/Dec/2025:08:38:09 +0000] "PUT /d1/113/AUTH_497073c2347a4b2dbbf501873318fbd3/gnocchi.5eae7247-51a1-48a1-bc57-74888088b621/1763640000.0_rate%3Amean_300.0_v3" 201 - "PUT http://172.18.0.121:8080/v1/AUTH_497073c2347a4b2dbbf501873318fbd3/gnocchi.5eae7247-51a1-48a1-bc57-74888088b621/1763640000.0_rate%3Amean_300.0_v3" "txa89ae71073de4c10a3fec-00692ea571" "proxy-server 20" 0.0150 "-" 24 0
Dec 2 08:38:09 np0005541911 proxy-server[123814]: 172.18.0.121 172.18.0.104 02/Dec/2025/08/38/09 GET /v1/AUTH_497073c2347a4b2dbbf501873318fbd3/gnocchi.a84f9e15-acf9-46c7-9262-c209fcc4bcba/none_v3 HTTP/1.0 200 - python-swiftclient-3.11.1 gAAAAABpLqP99yKL... - 22 - tx7277f357e7d64bd4894d7-00692ea570 - 0.9274 - - 1764664688.593974829 1764664689.521359205 0
Dec 2 08:38:09 np0005541911 proxy-server[123814]: 172.18.0.121 172.18.0.104 02/Dec/2025/08/38/09 GET /v1/AUTH_497073c2347a4b2dbbf501873318fbd3/gnocchi.a84f9e15-acf9-46c7-9262-c209fcc4bcba%3Fformat%3Djson%26states%3Dlisting HTTP/1.0 200 - python-swiftclient-3.11.1 gAAAAABpLqP99yKL... - 357 - tx0a58bcbbe10b48c1a6df9-00692ea571 - 0.0088 - - 1764664689.525848866 1764664689.534677267 0
Dec 2 08:38:09 np0005541911 container-server[121794]: 172.20.0.103 - - [02/Dec/2025:08:38:09 +0000] "PUT /d1/1017/AUTH_497073c2347a4b2dbbf501873318fbd3/gnocchi.df7e0595-991d-46c5-ab58-680948adb2b6/1763640000.0_rate%3Amean_300.0_v3" 201 - "PUT http://172.18.0.121:8080/d1/758/AUTH_497073c2347a4b2dbbf501873318fbd3/gnocchi.df7e0595-991d-46c5-ab58-680948adb2b6/1763640000.0_rate%3Amean_300.0_v3" "tx1a370ca74aab4293a069a-00692ea571" "object-server 25" 0.0007 "-" 20 0
Dec 2 08:38:09 np0005541911 object-server[122305]: 172.20.0.103 - - [02/Dec/2025:08:38:09 +0000] "PUT /d1/758/AUTH_497073c2347a4b2dbbf501873318fbd3/gnocchi.df7e0595-991d-46c5-ab58-680948adb2b6/1763640000.0_rate%3Amean_300.0_v3" 201 - "PUT http://172.18.0.121:8080/v1/AUTH_497073c2347a4b2dbbf501873318fbd3/gnocchi.df7e0595-991d-46c5-ab58-680948adb2b6/1763640000.0_rate%3Amean_300.0_v3" "tx1a370ca74aab4293a069a-00692ea571" "proxy-server 20" 0.0110 "-" 24 0
Dec 2 08:38:09 np0005541911 container-server[121818]: 172.20.0.105 - - [02/Dec/2025:08:38:09 +0000] "PUT /d1/368/AUTH_497073c2347a4b2dbbf501873318fbd3/gnocchi.5eae7247-51a1-48a1-bc57-74888088b621/none_v3" 201 - "PUT http://172.18.0.121:8080/d1/786/AUTH_497073c2347a4b2dbbf501873318fbd3/gnocchi.5eae7247-51a1-48a1-bc57-74888088b621/none_v3" "tx13b48a852edc46b590481-00692ea571" "object-server 25" 0.0007 "-" 22 0
Dec 2 08:38:09 np0005541911 object-server[122306]: 172.20.0.105 - - [02/Dec/2025:08:38:09 +0000] "PUT /d1/786/AUTH_497073c2347a4b2dbbf501873318fbd3/gnocchi.5eae7247-51a1-48a1-bc57-74888088b621/none_v3" 201 - "PUT http://172.18.0.121:8080/v1/AUTH_497073c2347a4b2dbbf501873318fbd3/gnocchi.5eae7247-51a1-48a1-bc57-74888088b621/none_v3" "tx13b48a852edc46b590481-00692ea571" "proxy-server 20" 0.0129 "-" 25 0
Dec 2 08:38:09 np0005541911 proxy-server[123814]: 172.18.0.105 172.18.0.104 02/Dec/2025/08/38/09 PUT /v1/AUTH_497073c2347a4b2dbbf501873318fbd3/gnocchi.5eae7247-51a1-48a1-bc57-74888088b621/none_v3 HTTP/1.0 201 - python-swiftclient-3.11.1 gAAAAABpLqO0YxeR... 33 - - tx13b48a852edc46b590481-00692ea571 - 0.0217 - - 1764664689.539783955 1764664689.561507702 0
Dec 2 08:38:09 np0005541911 object-server[122302]: 172.20.0.103 - - [02/Dec/2025:08:38:09 +0000] "PUT /d1/542/AUTH_497073c2347a4b2dbbf501873318fbd3/gnocchi.df7e0595-991d-46c5-ab58-680948adb2b6/none_v3" 201 - "PUT http://172.18.0.121:8080/v1/AUTH_497073c2347a4b2dbbf501873318fbd3/gnocchi.df7e0595-991d-46c5-ab58-680948adb2b6/none_v3" "tx4d817a658f4d49f8a6993-00692ea571" "proxy-server 20" 0.0102 "-" 22 0
Dec 2 08:38:09 np0005541911 container-server[121789]: 172.20.0.103 - - [02/Dec/2025:08:38:09 +0000] "PUT /d1/1017/AUTH_497073c2347a4b2dbbf501873318fbd3/gnocchi.df7e0595-991d-46c5-ab58-680948adb2b6/none_v3" 201 - "PUT http://172.18.0.121:8080/d1/542/AUTH_497073c2347a4b2dbbf501873318fbd3/gnocchi.df7e0595-991d-46c5-ab58-680948adb2b6/none_v3" "tx4d817a658f4d49f8a6993-00692ea571" "object-server 23" 0.0005 "-" 19 0
Dec 2 08:38:09 np0005541911 object-server[122305]: 172.20.0.104 - - [02/Dec/2025:08:38:09 +0000] "GET /d1/263/AUTH_497073c2347a4b2dbbf501873318fbd3/gnocchi.a84f9e15-acf9-46c7-9262-c209fcc4bcba/1763640000.0_mean_300.0_v3" 200 16 "GET http://172.18.0.121:8080/v1/AUTH_497073c2347a4b2dbbf501873318fbd3/gnocchi.a84f9e15-acf9-46c7-9262-c209fcc4bcba/1763640000.0_mean_300.0_v3" "txe7120fd7b9f7493e80370-00692ea571" "proxy-server 20" 0.0088 "-" 24 0
Dec 2 08:38:09 np0005541911 container-server[121818]: 172.20.0.105 - - [02/Dec/2025:08:38:09 +0000] "HEAD /d1/902/AUTH_497073c2347a4b2dbbf501873318fbd3/gnocchi.4f411340-6467-4bae-9d7e-9d5b273b0d2b" 204 - "HEAD http://172.18.0.121:8080/v1/AUTH_497073c2347a4b2dbbf501873318fbd3/gnocchi.4f411340-6467-4bae-9d7e-9d5b273b0d2b?format=json&states=listing" "tx00a196579d9c44768cf08-00692ea571" "proxy-server 20" 0.0020 "-" 22 0
Dec 2 08:38:09 np0005541911 proxy-server[123814]: 172.18.0.105 172.18.0.104 02/Dec/2025/08/38/09 GET /v1/AUTH_497073c2347a4b2dbbf501873318fbd3/gnocchi.4f411340-6467-4bae-9d7e-9d5b273b0d2b/none_v3 HTTP/1.0 200 - python-swiftclient-3.11.1 gAAAAABpLqO0YxeR... - 22 - tx00a196579d9c44768cf08-00692ea571 - 0.0153 - - 1764664689.577076435 1764664689.592405081 0
Dec 2 08:38:09 np0005541911 object-server[122306]: 172.20.0.103 - - [02/Dec/2025:08:38:09 +0000] "GET /d1/454/AUTH_497073c2347a4b2dbbf501873318fbd3/gnocchi.a84f9e15-acf9-46c7-9262-c209fcc4bcba/1763640000.0_rate%3Amean_300.0_v3" 404 70 "GET http://172.18.0.121:8080/v1/AUTH_497073c2347a4b2dbbf501873318fbd3/gnocchi.a84f9e15-acf9-46c7-9262-c209fcc4bcba/1763640000.0_rate%3Amean_300.0_v3" "tx556941504f634012aa6ef-00692ea571" "proxy-server 20" 0.0007 "-" 25 0
Dec 2 08:38:09 np0005541911 container-server[121789]: 172.20.0.105 - - [02/Dec/2025:08:38:09 +0000] "PUT /d1/565/AUTH_497073c2347a4b2dbbf501873318fbd3/gnocchi.a84f9e15-acf9-46c7-9262-c209fcc4bcba/1763640000.0_mean_300.0_v3" 201 - "PUT http://172.18.0.121:8080/d1/263/AUTH_497073c2347a4b2dbbf501873318fbd3/gnocchi.a84f9e15-acf9-46c7-9262-c209fcc4bcba/1763640000.0_mean_300.0_v3" "tx66d49ed06eae44b1ba18d-00692ea571" "object-server 24" 0.0007 "-" 19 0
Dec 2 08:38:09 np0005541911 object-server[122305]: 172.20.0.105 - - [02/Dec/2025:08:38:09 +0000] "PUT /d1/263/AUTH_497073c2347a4b2dbbf501873318fbd3/gnocchi.a84f9e15-acf9-46c7-9262-c209fcc4bcba/1763640000.0_mean_300.0_v3" 201 - "PUT http://172.18.0.121:8080/v1/AUTH_497073c2347a4b2dbbf501873318fbd3/gnocchi.a84f9e15-acf9-46c7-9262-c209fcc4bcba/1763640000.0_mean_300.0_v3" "tx66d49ed06eae44b1ba18d-00692ea571" "proxy-server 20" 0.0117 "-" 24 0
Dec 2 08:38:09 np0005541911 proxy-server[123814]: 172.18.0.121 172.18.0.104 02/Dec/2025/08/38/09 PUT /v1/AUTH_497073c2347a4b2dbbf501873318fbd3/gnocchi.a84f9e15-acf9-46c7-9262-c209fcc4bcba/1763640000.0_mean_300.0_v3 HTTP/1.0 201 - python-swiftclient-3.11.1 gAAAAABpLqP99yKL... 27 - - tx66d49ed06eae44b1ba18d-00692ea571 - 0.0221 - - 1764664689.601870060 1764664689.623949766 0
Dec 2 08:38:09 np0005541911 object-server[122304]: 172.20.0.104 - - [02/Dec/2025:08:38:09 +0000] "GET /d1/149/AUTH_497073c2347a4b2dbbf501873318fbd3/gnocchi.0b097e72-82e1-4a82-981d-0ba9200393f7/none_v3" 200 22 "GET http://172.18.0.121:8080/v1/AUTH_497073c2347a4b2dbbf501873318fbd3/gnocchi.0b097e72-82e1-4a82-981d-0ba9200393f7/none_v3" "txf8e23a734deb409999902-00692ea571" "proxy-server 20" 0.0036 "-" 23 0
Dec 2 08:38:09 np0005541911 container-server[121794]: 172.20.0.103 - - [02/Dec/2025:08:38:09 +0000] "PUT /d1/565/AUTH_497073c2347a4b2dbbf501873318fbd3/gnocchi.a84f9e15-acf9-46c7-9262-c209fcc4bcba/1763640000.0_rate%3Amean_300.0_v3" 201 - "PUT http://172.18.0.121:8080/d1/454/AUTH_497073c2347a4b2dbbf501873318fbd3/gnocchi.a84f9e15-acf9-46c7-9262-c209fcc4bcba/1763640000.0_rate%3Amean_300.0_v3" "txc3afff62f3684b5491d76-00692ea571" "object-server 23" 0.0008 "-" 20 0
Dec 2 08:38:09 np0005541911 object-server[122306]: 172.20.0.105 - - [02/Dec/2025:08:38:09 +0000] "PUT /d1/454/AUTH_497073c2347a4b2dbbf501873318fbd3/gnocchi.a84f9e15-acf9-46c7-9262-c209fcc4bcba/1763640000.0_rate%3Amean_300.0_v3" 201 - "PUT http://172.18.0.121:8080/v1/AUTH_497073c2347a4b2dbbf501873318fbd3/gnocchi.a84f9e15-acf9-46c7-9262-c209fcc4bcba/1763640000.0_rate%3Amean_300.0_v3" "txc3afff62f3684b5491d76-00692ea571" "proxy-server 20" 0.0159 "-" 25 0
Dec 2 08:38:09 np0005541911 proxy-server[123814]: 172.18.0.121 172.18.0.104 02/Dec/2025/08/38/09 PUT /v1/AUTH_497073c2347a4b2dbbf501873318fbd3/gnocchi.a84f9e15-acf9-46c7-9262-c209fcc4bcba/1763640000.0_rate%253Amean_300.0_v3 HTTP/1.0 201 - python-swiftclient-3.11.1 gAAAAABpLqP99yKL... 16 - - txc3afff62f3684b5491d76-00692ea571 - 0.0252 - - 1764664689.627395153 1764664689.652609348 0
Dec 2 08:38:09 np0005541911 object-server[122305]: 172.20.0.103 - - [02/Dec/2025:08:38:09 +0000] "GET /d1/896/AUTH_497073c2347a4b2dbbf501873318fbd3/gnocchi.4f411340-6467-4bae-9d7e-9d5b273b0d2b/1763640000.0_rate%3Amean_300.0_v3" 404 70 "GET http://172.18.0.121:8080/v1/AUTH_497073c2347a4b2dbbf501873318fbd3/gnocchi.4f411340-6467-4bae-9d7e-9d5b273b0d2b/1763640000.0_rate%3Amean_300.0_v3" "txaab08d6a500a4b8f90cde-00692ea571" "proxy-server 20" 0.0005 "-" 24 0
Dec 2 08:38:09 np0005541911 container-server[121789]: 172.20.0.104 - - [02/Dec/2025:08:38:09 +0000] "GET /d1/284/AUTH_497073c2347a4b2dbbf501873318fbd3/gnocchi.0b097e72-82e1-4a82-981d-0ba9200393f7" 200 2 "GET http://172.18.0.121:8080/v1/AUTH_497073c2347a4b2dbbf501873318fbd3/gnocchi.0b097e72-82e1-4a82-981d-0ba9200393f7?format=json&marker=none_v3&states=listing" "txe65e1a3fb4fb44c493cbf-00692ea571" "proxy-server 20" 0.0033 "-" 19 0
Dec 2 08:38:09 np0005541911 container-server[121789]: 172.20.0.105 - - [02/Dec/2025:08:38:09 +0000] "PUT /d1/565/AUTH_497073c2347a4b2dbbf501873318fbd3/gnocchi.a84f9e15-acf9-46c7-9262-c209fcc4bcba/none_v3" 201 - "PUT http://172.18.0.121:8080/d1/914/AUTH_497073c2347a4b2dbbf501873318fbd3/gnocchi.a84f9e15-acf9-46c7-9262-c209fcc4bcba/none_v3" "txa0c657d3b329479681618-00692ea571" "object-server 24" 0.0007 "-" 19 0
Dec 2 08:38:09 np0005541911 object-server[122305]: 172.20.0.105 - - [02/Dec/2025:08:38:09 +0000] "PUT /d1/914/AUTH_497073c2347a4b2dbbf501873318fbd3/gnocchi.a84f9e15-acf9-46c7-9262-c209fcc4bcba/none_v3" 201 - "PUT http://172.18.0.121:8080/v1/AUTH_497073c2347a4b2dbbf501873318fbd3/gnocchi.a84f9e15-acf9-46c7-9262-c209fcc4bcba/none_v3" "txa0c657d3b329479681618-00692ea571" "proxy-server 20" 0.0123 "-" 24 0
Dec 2 08:38:09 np0005541911 proxy-server[123814]: 172.18.0.121 172.18.0.104 02/Dec/2025/08/38/09 PUT /v1/AUTH_497073c2347a4b2dbbf501873318fbd3/gnocchi.a84f9e15-acf9-46c7-9262-c209fcc4bcba/none_v3 HTTP/1.0 201 - python-swiftclient-3.11.1 gAAAAABpLqP99yKL... 34 - - txa0c657d3b329479681618-00692ea571 - 0.0219 - - 1764664689.655551195 1764664689.677448034 0
Dec 2 08:38:09 np0005541911 object-server[122304]: 172.20.0.103 - - [02/Dec/2025:08:38:09 +0000] "PUT /d1/1022/AUTH_497073c2347a4b2dbbf501873318fbd3/gnocchi.4f411340-6467-4bae-9d7e-9d5b273b0d2b/1763640000.0_mean_300.0_v3" 201 - "PUT http://172.18.0.121:8080/v1/AUTH_497073c2347a4b2dbbf501873318fbd3/gnocchi.4f411340-6467-4bae-9d7e-9d5b273b0d2b/1763640000.0_mean_300.0_v3" "tx90f88b2225bd4b598dca1-00692ea571" "proxy-server 20" 0.0111 "-" 23 0
Dec 2 08:38:09 np0005541911 container-server[121794]: 172.20.0.103 - - [02/Dec/2025:08:38:09 +0000] "PUT /d1/902/AUTH_497073c2347a4b2dbbf501873318fbd3/gnocchi.4f411340-6467-4bae-9d7e-9d5b273b0d2b/1763640000.0_mean_300.0_v3" 201 - "PUT http://172.18.0.121:8080/d1/1022/AUTH_497073c2347a4b2dbbf501873318fbd3/gnocchi.4f411340-6467-4bae-9d7e-9d5b273b0d2b/1763640000.0_mean_300.0_v3" "tx90f88b2225bd4b598dca1-00692ea571" "object-server 25" 0.0008 "-" 20 0
Dec 2 08:38:09 np0005541911 object-server[122306]: 172.20.0.104 - - [02/Dec/2025:08:38:09 +0000] "GET /d1/629/AUTH_497073c2347a4b2dbbf501873318fbd3/gnocchi.0b097e72-82e1-4a82-981d-0ba9200393f7/1763640000.0_mean_300.0_v3" 200 16 "GET http://172.18.0.121:8080/v1/AUTH_497073c2347a4b2dbbf501873318fbd3/gnocchi.0b097e72-82e1-4a82-981d-0ba9200393f7/1763640000.0_mean_300.0_v3" "tx9033d96e40844e708cb5f-00692ea571" "proxy-server 20" 0.0010 "-" 25 0
Dec 2 08:38:09 np0005541911 object-server[122304]: 172.20.0.103 - - [02/Dec/2025:08:38:09 +0000] "GET /d1/586/AUTH_497073c2347a4b2dbbf501873318fbd3/gnocchi.0b097e72-82e1-4a82-981d-0ba9200393f7/1763640000.0_rate%3Amean_300.0_v3" 404 70 "GET http://172.18.0.121:8080/v1/AUTH_497073c2347a4b2dbbf501873318fbd3/gnocchi.0b097e72-82e1-4a82-981d-0ba9200393f7/1763640000.0_rate%3Amean_300.0_v3" "tx72974d4742954a038bbb8-00692ea571" "proxy-server 20" 0.0005 "-" 23 0
Dec 2 08:38:09 np0005541911 container-server[121803]: 172.20.0.104 - - [02/Dec/2025:08:38:09 +0000] "PUT /d1/902/AUTH_497073c2347a4b2dbbf501873318fbd3/gnocchi.4f411340-6467-4bae-9d7e-9d5b273b0d2b/1763640000.0_rate%3Amean_300.0_v3" 201 - "PUT http://172.18.0.121:8080/d1/896/AUTH_497073c2347a4b2dbbf501873318fbd3/gnocchi.4f411340-6467-4bae-9d7e-9d5b273b0d2b/1763640000.0_rate%3Amean_300.0_v3" "tx31324834bedc42a48baad-00692ea571" "object-server 23" 0.0007 "-" 21 0
Dec 2 08:38:09 np0005541911 object-server[122305]: 172.20.0.105 - - [02/Dec/2025:08:38:09 +0000] "PUT /d1/896/AUTH_497073c2347a4b2dbbf501873318fbd3/gnocchi.4f411340-6467-4bae-9d7e-9d5b273b0d2b/1763640000.0_rate%3Amean_300.0_v3" 201 - "PUT http://172.18.0.121:8080/v1/AUTH_497073c2347a4b2dbbf501873318fbd3/gnocchi.4f411340-6467-4bae-9d7e-9d5b273b0d2b/1763640000.0_rate%3Amean_300.0_v3" "tx31324834bedc42a48baad-00692ea571" "proxy-server 20" 0.0178 "-" 24 0
Dec 2 08:38:09 np0005541911 proxy-server[123814]: 172.18.0.105 172.18.0.104 02/Dec/2025/08/38/09 PUT /v1/AUTH_497073c2347a4b2dbbf501873318fbd3/gnocchi.4f411340-6467-4bae-9d7e-9d5b273b0d2b/1763640000.0_rate%253Amean_300.0_v3 HTTP/1.0 201 - python-swiftclient-3.11.1 gAAAAABpLqO0YxeR... 16 - - tx31324834bedc42a48baad-00692ea571 - 0.0272 - - 1764664689.685151815 1764664689.712376595 0
Dec 2 08:38:09 np0005541911 object-server[122302]: 172.20.0.103 - - [02/Dec/2025:08:38:09 +0000] "GET /d1/458/AUTH_497073c2347a4b2dbbf501873318fbd3/gnocchi.39960805-d346-4a13-9372-f097bcb99bc9/none_v3" 200 22 "GET http://172.18.0.121:8080/v1/AUTH_497073c2347a4b2dbbf501873318fbd3/gnocchi.39960805-d346-4a13-9372-f097bcb99bc9/none_v3" "tx4e1dd4c08a444b148b87a-00692ea571" "proxy-server 20" 0.0012 "-" 22 0
Dec 2 08:38:09 np0005541911 container-server[121818]: 172.20.0.104 - - [02/Dec/2025:08:38:09 +0000] "PUT /d1/284/AUTH_497073c2347a4b2dbbf501873318fbd3/gnocchi.0b097e72-82e1-4a82-981d-0ba9200393f7/1763640000.0_mean_300.0_v3" 201 - "PUT http://172.18.0.121:8080/d1/629/AUTH_497073c2347a4b2dbbf501873318fbd3/gnocchi.0b097e72-82e1-4a82-981d-0ba9200393f7/1763640000.0_mean_300.0_v3" "tx85df339b2916435698a72-00692ea571" "object-server 22" 0.0005 "-" 22 0
Dec 2 08:38:09 np0005541911 object-server[122306]: 172.20.0.104 - - [02/Dec/2025:08:38:09 +0000] "PUT /d1/629/AUTH_497073c2347a4b2dbbf501873318fbd3/gnocchi.0b097e72-82e1-4a82-981d-0ba9200393f7/1763640000.0_mean_300.0_v3" 201 - "PUT http://172.18.0.121:8080/v1/AUTH_497073c2347a4b2dbbf501873318fbd3/gnocchi.0b097e72-82e1-4a82-981d-0ba9200393f7/1763640000.0_mean_300.0_v3" "tx85df339b2916435698a72-00692ea571" "proxy-server 20" 0.0115 "-" 25 0
Dec 2 08:38:09 np0005541911 container-server[121803]: 172.20.0.105 - - [02/Dec/2025:08:38:09 +0000] "PUT /d1/902/AUTH_497073c2347a4b2dbbf501873318fbd3/gnocchi.4f411340-6467-4bae-9d7e-9d5b273b0d2b/none_v3" 201 - "PUT http://172.18.0.121:8080/d1/919/AUTH_497073c2347a4b2dbbf501873318fbd3/gnocchi.4f411340-6467-4bae-9d7e-9d5b273b0d2b/none_v3" "tx00178d5139914241afaca-00692ea571" "object-server 24" 0.0005 "-" 21 0
Dec 2 08:38:09 np0005541911 object-server[122305]: 172.20.0.105 - - [02/Dec/2025:08:38:09 +0000] "PUT /d1/919/AUTH_497073c2347a4b2dbbf501873318fbd3/gnocchi.4f411340-6467-4bae-9d7e-9d5b273b0d2b/none_v3" 201 - "PUT http://172.18.0.121:8080/v1/AUTH_497073c2347a4b2dbbf501873318fbd3/gnocchi.4f411340-6467-4bae-9d7e-9d5b273b0d2b/none_v3" "tx00178d5139914241afaca-00692ea571" "proxy-server 20" 0.0107 "-" 24 0
Dec 2 08:38:09 np0005541911 proxy-server[123814]: 172.18.0.105 172.18.0.104 02/Dec/2025/08/38/09 PUT /v1/AUTH_497073c2347a4b2dbbf501873318fbd3/gnocchi.4f411340-6467-4bae-9d7e-9d5b273b0d2b/none_v3 HTTP/1.0 201 - python-swiftclient-3.11.1 gAAAAABpLqO0YxeR... 33 - - tx00178d5139914241afaca-00692ea571 - 0.0210 - - 1764664689.716939449 1764664689.737954378 0
Dec 2 08:38:09 np0005541911 container-server[121789]: 172.20.0.104 - - [02/Dec/2025:08:38:09 +0000] "PUT /d1/284/AUTH_497073c2347a4b2dbbf501873318fbd3/gnocchi.0b097e72-82e1-4a82-981d-0ba9200393f7/1763640000.0_rate%3Amean_300.0_v3" 201 - "PUT http://172.18.0.121:8080/d1/586/AUTH_497073c2347a4b2dbbf501873318fbd3/gnocchi.0b097e72-82e1-4a82-981d-0ba9200393f7/1763640000.0_rate%3Amean_300.0_v3" "tx28b28b43cd6f4757b0cab-00692ea571" "object-server 23" 0.0009 "-" 19 0
Dec 2 08:38:09 np0005541911 object-server[122304]: 172.20.0.104 - - [02/Dec/2025:08:38:09 +0000] "PUT /d1/586/AUTH_497073c2347a4b2dbbf501873318fbd3/gnocchi.0b097e72-82e1-4a82-981d-0ba9200393f7/1763640000.0_rate%3Amean_300.0_v3" 201 - "PUT http://172.18.0.121:8080/v1/AUTH_497073c2347a4b2dbbf501873318fbd3/gnocchi.0b097e72-82e1-4a82-981d-0ba9200393f7/1763640000.0_rate%3Amean_300.0_v3" "tx28b28b43cd6f4757b0cab-00692ea571" "proxy-server 20" 0.0126 "-" 23 0
Dec 2 08:38:09 np0005541911 container-server[121803]: 172.20.0.105 - - [02/Dec/2025:08:38:09 +0000] "GET /d1/745/AUTH_497073c2347a4b2dbbf501873318fbd3/gnocchi.39960805-d346-4a13-9372-f097bcb99bc9" 200 2 "GET http://172.18.0.121:8080/v1/AUTH_497073c2347a4b2dbbf501873318fbd3/gnocchi.39960805-d346-4a13-9372-f097bcb99bc9?format=json&marker=none_v3&states=listing" "tx26b8176acbac4c4eaa4b3-00692ea571" "proxy-server 20" 0.0047 "-" 21 0
Dec 2 08:38:09 np0005541911 proxy-server[123814]: 172.18.0.121 172.18.0.104 02/Dec/2025/08/38/09 GET /v1/AUTH_497073c2347a4b2dbbf501873318fbd3/gnocchi.39960805-d346-4a13-9372-f097bcb99bc9%3Fformat%3Djson%26marker%3Dnone_v3%26states%3Dlisting HTTP/1.0 200 - python-swiftclient-3.11.1 gAAAAABpLqP99yKL... - 2 - tx26b8176acbac4c4eaa4b3-00692ea571 - 0.0114 - - 1764664689.749002457 1764664689.760416746 0
Dec 2 08:38:09 np0005541911 object-server[122306]: 172.20.0.103 - - [02/Dec/2025:08:38:09 +0000] "GET /d1/971/AUTH_497073c2347a4b2dbbf501873318fbd3/gnocchi.39960805-d346-4a13-9372-f097bcb99bc9/1763640000.0_mean_300.0_v3" 200 16 "GET http://172.18.0.121:8080/v1/AUTH_497073c2347a4b2dbbf501873318fbd3/gnocchi.39960805-d346-4a13-9372-f097bcb99bc9/1763640000.0_mean_300.0_v3" "tx76dee341db8449908b2f9-00692ea571" "proxy-server 20" 0.0008 "-" 25 0
Dec 2 08:38:09 np0005541911 object-server[122305]: 172.20.0.104 - - [02/Dec/2025:08:38:09 +0000] "PUT /d1/149/AUTH_497073c2347a4b2dbbf501873318fbd3/gnocchi.0b097e72-82e1-4a82-981d-0ba9200393f7/none_v3" 201 - "PUT http://172.18.0.121:8080/v1/AUTH_497073c2347a4b2dbbf501873318fbd3/gnocchi.0b097e72-82e1-4a82-981d-0ba9200393f7/none_v3" "txab3640a32f0a4ebd81222-00692ea571" "proxy-server 20" 0.0098 "-" 24 0
Dec 2 08:38:09 np0005541911 container-server[121789]: 172.20.0.104 - - [02/Dec/2025:08:38:09 +0000] "PUT /d1/284/AUTH_497073c2347a4b2dbbf501873318fbd3/gnocchi.0b097e72-82e1-4a82-981d-0ba9200393f7/none_v3" 201 - "PUT http://172.18.0.121:8080/d1/149/AUTH_497073c2347a4b2dbbf501873318fbd3/gnocchi.0b097e72-82e1-4a82-981d-0ba9200393f7/none_v3" "txab3640a32f0a4ebd81222-00692ea571" "object-server 23" 0.0008 "-" 19 0
Dec 2 08:38:09 np0005541911 object-server[122306]: 172.20.0.105 - - [02/Dec/2025:08:38:09 +0000] "GET /d1/321/AUTH_497073c2347a4b2dbbf501873318fbd3/gnocchi.39960805-d346-4a13-9372-f097bcb99bc9/1763640000.0_rate%3Amean_300.0_v3" 404 70 "GET http://172.18.0.121:8080/v1/AUTH_497073c2347a4b2dbbf501873318fbd3/gnocchi.39960805-d346-4a13-9372-f097bcb99bc9/1763640000.0_rate%3Amean_300.0_v3" "tx399417fd79674d329a345-00692ea571" "proxy-server 20" 0.0004 "-" 25 0
Dec 2 08:38:09 np0005541911 proxy-server[123814]: 172.18.0.121 172.18.0.104 02/Dec/2025/08/38/09 GET /v1/AUTH_497073c2347a4b2dbbf501873318fbd3/gnocchi.39960805-d346-4a13-9372-f097bcb99bc9/1763640000.0_rate%253Amean_300.0_v3 HTTP/1.0 404 - python-swiftclient-3.11.1 gAAAAABpLqP99yKL... - 70 - tx399417fd79674d329a345-00692ea571 - 0.0150 - - 1764664689.778886795 1764664689.793894053 0
Dec 2 08:38:09 np0005541911 container-server[121818]: 172.20.0.105 - - [02/Dec/2025:08:38:09 +0000] "PUT /d1/745/AUTH_497073c2347a4b2dbbf501873318fbd3/gnocchi.39960805-d346-4a13-9372-f097bcb99bc9/1763640000.0_mean_300.0_v3" 201 - "PUT http://172.18.0.121:8080/d1/971/AUTH_497073c2347a4b2dbbf501873318fbd3/gnocchi.39960805-d346-4a13-9372-f097bcb99bc9/1763640000.0_mean_300.0_v3" "tx05006e1158434d0d88062-00692ea571" "object-server 24" 0.0009 "-" 22 0
Dec 2 08:38:09 np0005541911 object-server[122305]: 172.20.0.104 - - [02/Dec/2025:08:38:09 +0000] "PUT /d1/971/AUTH_497073c2347a4b2dbbf501873318fbd3/gnocchi.39960805-d346-4a13-9372-f097bcb99bc9/1763640000.0_mean_300.0_v3" 201 - "PUT http://172.18.0.121:8080/v1/AUTH_497073c2347a4b2dbbf501873318fbd3/gnocchi.39960805-d346-4a13-9372-f097bcb99bc9/1763640000.0_mean_300.0_v3" "tx05006e1158434d0d88062-00692ea571" "proxy-server 20" 0.0142 "-" 24 0
Dec 2 08:38:09 np0005541911 proxy-server[123814]: 172.18.0.103 172.18.0.104 02/Dec/2025/08/38/09 GET /v1/AUTH_497073c2347a4b2dbbf501873318fbd3/gnocchi.1cbcdd7a-19b9-436b-b6cc-d4b320de27a8%3Fformat%3Djson%26states%3Dlisting HTTP/1.0 200 - python-swiftclient-3.11.1 gAAAAABpLqP19t9Q... - 357 - tx9668815df24949bd9b237-00692ea571 - 0.0135 - - 1764664689.822218180 1764664689.835715055 0
Dec 2 08:38:09 np0005541911 container-server[121794]: 172.20.0.104 - - [02/Dec/2025:08:38:09 +0000] "GET /d1/500/AUTH_497073c2347a4b2dbbf501873318fbd3/gnocchi.1cbcdd7a-19b9-436b-b6cc-d4b320de27a8" 200 2 "GET http://172.18.0.121:8080/v1/AUTH_497073c2347a4b2dbbf501873318fbd3/gnocchi.1cbcdd7a-19b9-436b-b6cc-d4b320de27a8?format=json&marker=none_v3&states=listing" "txe324458cc1664084805fb-00692ea571" "proxy-server 20" 0.0035 "-" 20 0
Dec 2 08:38:09 np0005541911 object-server[122306]: 172.20.0.103 - - [02/Dec/2025:08:38:09 +0000] "PUT /d1/321/AUTH_497073c2347a4b2dbbf501873318fbd3/gnocchi.39960805-d346-4a13-9372-f097bcb99bc9/1763640000.0_rate%3Amean_300.0_v3" 201 - "PUT http://172.18.0.121:8080/v1/AUTH_497073c2347a4b2dbbf501873318fbd3/gnocchi.39960805-d346-4a13-9372-f097bcb99bc9/1763640000.0_rate%3Amean_300.0_v3" "tx0a12153322024b52859be-00692ea571" "proxy-server 20" 0.0141 "-" 25 0
Dec 2 08:38:09 np0005541911 container-server[121818]: 172.20.0.103 - - [02/Dec/2025:08:38:09 +0000] "PUT /d1/745/AUTH_497073c2347a4b2dbbf501873318fbd3/gnocchi.39960805-d346-4a13-9372-f097bcb99bc9/1763640000.0_rate%3Amean_300.0_v3" 201 - "PUT http://172.18.0.121:8080/d1/321/AUTH_497073c2347a4b2dbbf501873318fbd3/gnocchi.39960805-d346-4a13-9372-f097bcb99bc9/1763640000.0_rate%3Amean_300.0_v3" "tx0a12153322024b52859be-00692ea571" "object-server 25" 0.0007 "-" 22 0
Dec 2 08:38:09 np0005541911 proxy-server[123814]: 172.18.0.103 172.18.0.104 02/Dec/2025/08/38/09 GET /v1/AUTH_497073c2347a4b2dbbf501873318fbd3/gnocchi.1cbcdd7a-19b9-436b-b6cc-d4b320de27a8/1763640000.0_mean_300.0_v3 HTTP/1.0 200 - python-swiftclient-3.11.1 gAAAAABpLqP19t9Q... - 16 - txa823cf2a9ae44d9daf47d-00692ea571 - 0.0139 - - 1764664689.858842373 1764664689.872717142 0
Dec 2 08:38:09 np0005541911 object-server[122302]: 172.20.0.103 - - [02/Dec/2025:08:38:09 +0000] "GET /d1/690/AUTH_497073c2347a4b2dbbf501873318fbd3/gnocchi.1cbcdd7a-19b9-436b-b6cc-d4b320de27a8/1763640000.0_rate%3Amean_300.0_v3" 404 70 "GET http://172.18.0.121:8080/v1/AUTH_497073c2347a4b2dbbf501873318fbd3/gnocchi.1cbcdd7a-19b9-436b-b6cc-d4b320de27a8/1763640000.0_rate%3Amean_300.0_v3" "tx48dca925a6714205bebe2-00692ea571" "proxy-server 20" 0.0007 "-" 22 0
Dec 2 08:38:09 np0005541911 container-server[121803]: 172.20.0.105 - - [02/Dec/2025:08:38:09 +0000] "PUT /d1/745/AUTH_497073c2347a4b2dbbf501873318fbd3/gnocchi.39960805-d346-4a13-9372-f097bcb99bc9/none_v3" 201 - "PUT http://172.18.0.121:8080/d1/458/AUTH_497073c2347a4b2dbbf501873318fbd3/gnocchi.39960805-d346-4a13-9372-f097bcb99bc9/none_v3" "txa7efe6166a774359be15c-00692ea571" "object-server 22" 0.0010 "-" 21 0
Dec 2 08:38:09 np0005541911 object-server[122302]: 172.20.0.104 - - [02/Dec/2025:08:38:09 +0000] "PUT /d1/458/AUTH_497073c2347a4b2dbbf501873318fbd3/gnocchi.39960805-d346-4a13-9372-f097bcb99bc9/none_v3" 201 - "PUT http://172.18.0.121:8080/v1/AUTH_497073c2347a4b2dbbf501873318fbd3/gnocchi.39960805-d346-4a13-9372-f097bcb99bc9/none_v3" "txa7efe6166a774359be15c-00692ea571" "proxy-server 20" 0.0147 "-" 22 0
Dec 2 08:38:09 np0005541911 object-server[122305]: 172.20.0.105 - - [02/Dec/2025:08:38:09 +0000] "PUT /d1/571/AUTH_497073c2347a4b2dbbf501873318fbd3/gnocchi.1cbcdd7a-19b9-436b-b6cc-d4b320de27a8/1763640000.0_mean_300.0_v3" 201 - "PUT http://172.18.0.121:8080/v1/AUTH_497073c2347a4b2dbbf501873318fbd3/gnocchi.1cbcdd7a-19b9-436b-b6cc-d4b320de27a8/1763640000.0_mean_300.0_v3" "txec393e9c19f0495fbb6e4-00692ea571" "proxy-server 20" 0.0163 "-" 24 0
Dec 2 08:38:09 np0005541911 container-server[121794]: 172.20.0.104 - - [02/Dec/2025:08:38:09 +0000] "PUT /d1/500/AUTH_497073c2347a4b2dbbf501873318fbd3/gnocchi.1cbcdd7a-19b9-436b-b6cc-d4b320de27a8/1763640000.0_mean_300.0_v3" 201 - "PUT http://172.18.0.121:8080/d1/571/AUTH_497073c2347a4b2dbbf501873318fbd3/gnocchi.1cbcdd7a-19b9-436b-b6cc-d4b320de27a8/1763640000.0_mean_300.0_v3" "txec393e9c19f0495fbb6e4-00692ea571" "object-server 24" 0.0014 "-" 20 0
Dec 2 08:38:09 np0005541911 proxy-server[123814]: 172.18.0.103 172.18.0.104 02/Dec/2025/08/38/09 PUT /v1/AUTH_497073c2347a4b2dbbf501873318fbd3/gnocchi.1cbcdd7a-19b9-436b-b6cc-d4b320de27a8/1763640000.0_mean_300.0_v3 HTTP/1.0 201 - python-swiftclient-3.11.1 gAAAAABpLqP19t9Q... 23 - - txec393e9c19f0495fbb6e4-00692ea571 - 0.0289 - - 1764664689.900091410 1764664689.928977013 0
Dec 2 08:38:09 np0005541911 object-server[122302]: 172.20.0.104 - - [02/Dec/2025:08:38:09 +0000] "PUT /d1/690/AUTH_497073c2347a4b2dbbf501873318fbd3/gnocchi.1cbcdd7a-19b9-436b-b6cc-d4b320de27a8/1763640000.0_rate%3Amean_300.0_v3" 201 - "PUT http://172.18.0.121:8080/v1/AUTH_497073c2347a4b2dbbf501873318fbd3/gnocchi.1cbcdd7a-19b9-436b-b6cc-d4b320de27a8/1763640000.0_rate%3Amean_300.0_v3" "tx9337c10042974eb484450-00692ea571" "proxy-server 20" 0.0128 "-" 22 0
Dec 2 08:38:09 np0005541911 container-server[121818]: 172.20.0.103 - - [02/Dec/2025:08:38:09 +0000] "PUT /d1/500/AUTH_497073c2347a4b2dbbf501873318fbd3/gnocchi.1cbcdd7a-19b9-436b-b6cc-d4b320de27a8/1763640000.0_rate%3Amean_300.0_v3" 201 - "PUT http://172.18.0.121:8080/d1/690/AUTH_497073c2347a4b2dbbf501873318fbd3/gnocchi.1cbcdd7a-19b9-436b-b6cc-d4b320de27a8/1763640000.0_rate%3Amean_300.0_v3" "tx9337c10042974eb484450-00692ea571" "object-server 25" 0.0014 "-" 22 0
Dec 2 08:38:09 np0005541911 container-server[121818]: 172.20.0.105 - - [02/Dec/2025:08:38:09 +0000] "PUT /d1/500/AUTH_497073c2347a4b2dbbf501873318fbd3/gnocchi.1cbcdd7a-19b9-436b-b6cc-d4b320de27a8/none_v3" 201 - "PUT http://172.18.0.121:8080/d1/407/AUTH_497073c2347a4b2dbbf501873318fbd3/gnocchi.1cbcdd7a-19b9-436b-b6cc-d4b320de27a8/none_v3" "txada7fed70fde457f9f4ba-00692ea571" "object-server 23" 0.0009 "-" 22 0
Dec 2 08:38:09 np0005541911 object-server[122304]: 172.20.0.103 - - [02/Dec/2025:08:38:09 +0000] "PUT /d1/407/AUTH_497073c2347a4b2dbbf501873318fbd3/gnocchi.1cbcdd7a-19b9-436b-b6cc-d4b320de27a8/none_v3" 201 - "PUT http://172.18.0.121:8080/v1/AUTH_497073c2347a4b2dbbf501873318fbd3/gnocchi.1cbcdd7a-19b9-436b-b6cc-d4b320de27a8/none_v3" "txada7fed70fde457f9f4ba-00692ea571" "proxy-server 20" 0.0148 "-" 23 0
Dec 2 08:38:10 np0005541911 object-server[122060]: Starting object replication pass.
Dec 2 08:38:11 np0005541911 object-server[122060]: 55/55 (100.00%) partitions replicated in 0.79s (69.61/sec, 0s remaining)
Dec 2 08:38:11 np0005541911 object-server[122060]: 110 successes, 0 failures
Dec 2 08:38:11 np0005541911 object-server[122060]: 57 suffixes checked - 14.04% hashed, 0.00% synced
Dec 2 08:38:11 np0005541911 object-server[122060]: Partition times: max 0.0474s, min 0.0077s, med 0.0098s
Dec 2 08:38:11 np0005541911 object-server[122060]: Object replication complete. (0.01 minutes)
Dec 2 08:38:13 np0005541911 container-server[121494]: Beginning replication run
Dec 2 08:38:14 np0005541911 container-server[121494]: Replication run OVER
Dec 2 08:38:14 np0005541911 container-server[121494]: Attempted to replicate 22 dbs in 0.80608 seconds (27.29263/s)
Dec 2 08:38:14 np0005541911 container-server[121494]: Removed 0 dbs
Dec 2 08:38:14 np0005541911 container-server[121494]: 44 successes, 0 failures
Dec 2 08:38:14 np0005541911 container-server[121494]: diff:0 diff_capped:0 empty:0 hashmatch:0 no_change:44 remote_merge:0 rsync:0 ts_repl:0
Dec 2 08:38:18 np0005541911 object-server[248283]: Begin object audit "forever" mode (ZBF)
Dec 2 08:38:18 np0005541911 object-server[248283]: Object audit (ZBF). Since Tue Dec 2 08:38:18 2025: Locally: 1 passed, 0 quarantined, 0 errors, files/sec: 432.31, bytes/sec: 0.00, Total time: 0.00, Auditing time: 0.00, Rate: 0.00
Dec 2 08:38:19 np0005541911 object-server[248283]: Object audit (ZBF) "forever" mode completed: 1.12s. Total quarantined: 0, Total errors: 0, Total files/sec: 50.74, Total bytes/sec: 0.00, Auditing time: 1.11, Rate: 0.99
Dec 2 08:38:19 np0005541911 account-server[121678]: 172.20.0.103 - - [02/Dec/2025:08:38:19 +0000] "PUT /d1/626/AUTH_497073c2347a4b2dbbf501873318fbd3/gnocchi.df7e0595-991d-46c5-ab58-680948adb2b6" 201 - "-" "-" "container-updater 2" 0.0011 "-" 21 0
Dec 2 08:38:20 np0005541911 account-server[121686]: 172.20.0.103 - - [02/Dec/2025:08:38:20 +0000] "PUT /d1/626/AUTH_497073c2347a4b2dbbf501873318fbd3/gnocchi.4f411340-6467-4bae-9d7e-9d5b273b0d2b" 201 - "-" "-" "container-updater 2" 0.0007 "-" 22 0
Dec 2 08:38:20 np0005541911 account-server[121678]: 172.20.0.103 - - [02/Dec/2025:08:38:20 +0000] "PUT /d1/626/AUTH_497073c2347a4b2dbbf501873318fbd3/gnocchi.8f240f26-142d-4151-bd38-13f126e4df57" 201 - "-" "-" "container-updater 2" 0.0007 "-" 21 0
Dec 2 08:38:20 np0005541911 account-server[121714]: 172.20.0.103 - - [02/Dec/2025:08:38:20 +0000] "PUT /d1/626/AUTH_497073c2347a4b2dbbf501873318fbd3/gnocchi.9f146626-dc56-416e-ab40-62adce36f3ed" 201 - "-" "-" "container-updater 2" 0.0008 "-" 23 0
Dec 2 08:38:20 np0005541911 account-server[121714]: 172.20.0.103 - - [02/Dec/2025:08:38:20 +0000] "PUT /d1/626/AUTH_497073c2347a4b2dbbf501873318fbd3/gnocchi.aa733041-fa18-4a3c-8227-f772e4afde17" 201 - "-" "-" "container-updater 2" 0.0007 "-" 23 0
Dec 2 08:38:20 np0005541911 account-server[121678]: 172.20.0.103 - - [02/Dec/2025:08:38:20 +0000] "PUT /d1/626/AUTH_497073c2347a4b2dbbf501873318fbd3/gnocchi.0b097e72-82e1-4a82-981d-0ba9200393f7" 201 - "-" "-" "container-updater 2" 0.0008 "-" 21 0
Dec 2 08:38:20 np0005541911 account-server[121678]: 172.20.0.103 - - [02/Dec/2025:08:38:20 +0000] "PUT /d1/626/AUTH_497073c2347a4b2dbbf501873318fbd3/gnocchi.5084c030-e9b1-4bf2-995b-3ad7a43e1f6c" 201 - "-" "-" "container-updater 2" 0.0007 "-" 21 0
Dec 2 08:38:21 np0005541911 account-server[121714]: 172.20.0.103 - - [02/Dec/2025:08:38:21 +0000] "PUT /d1/626/AUTH_497073c2347a4b2dbbf501873318fbd3/gnocchi.39960805-d346-4a13-9372-f097bcb99bc9" 201 - "-" "-" "container-updater 2" 0.0007 "-" 23 0
Dec 2 08:38:21 np0005541911 account-server[121671]: 172.20.0.103 - - [02/Dec/2025:08:38:21 +0000] "PUT /d1/626/AUTH_497073c2347a4b2dbbf501873318fbd3/gnocchi.8fe2af1f-43cd-423a-83cb-b7c8ed26b471" 201 - "-" "-" "container-updater 2" 0.0007 "-" 20 0
Dec 2 08:38:21 np0005541911 account-server[121686]: 172.20.0.103 - - [02/Dec/2025:08:38:21 +0000] "PUT /d1/626/AUTH_497073c2347a4b2dbbf501873318fbd3/gnocchi.1cbcdd7a-19b9-436b-b6cc-d4b320de27a8" 201 - "-" "-" "container-updater 2" 0.0006 "-" 22 0
Dec 2 08:38:21 np0005541911 account-server[121714]: 172.20.0.103 - - [02/Dec/2025:08:38:21 +0000] "PUT /d1/626/AUTH_497073c2347a4b2dbbf501873318fbd3/gnocchi.8066c377-242c-49cc-b607-5f97997acc4c" 201 - "-" "-" "container-updater 2" 0.0008 "-" 23 0
Dec 2 08:38:21 np0005541911 account-server[121686]: 172.20.0.103 - - [02/Dec/2025:08:38:21 +0000] "PUT /d1/626/AUTH_497073c2347a4b2dbbf501873318fbd3/gnocchi.ea620841-f6f6-4ea7-84eb-b83ad5c40434" 201 - "-" "-" "container-updater 2" 0.0010 "-" 22 0
Dec 2 08:38:21 np0005541911 account-server[121714]: 172.20.0.103 - - [02/Dec/2025:08:38:21 +0000] "PUT /d1/626/AUTH_497073c2347a4b2dbbf501873318fbd3/gnocchi.5eae7247-51a1-48a1-bc57-74888088b621" 201 - "-" "-" "container-updater 2" 0.0007 "-" 23 0
Dec 2 08:38:21 np0005541911 account-server[121678]: 172.20.0.103 - - [02/Dec/2025:08:38:21 +0000] "PUT /d1/626/AUTH_497073c2347a4b2dbbf501873318fbd3/gnocchi.a84f9e15-acf9-46c7-9262-c209fcc4bcba" 201 - "-" "-" "container-updater 2" 0.0007 "-" 21 0
Dec 2 08:38:28 np0005541911 account-server[121403]: Beginning replication run
Dec 2 08:38:28 np0005541911 account-server[121403]: Replication run OVER
Dec 2 08:38:28 np0005541911 account-server[121403]: Attempted to replicate 1 dbs in 0.02499 seconds (40.01037/s)
Dec 2 08:38:28 np0005541911 account-server[121403]: Removed 0 dbs
Dec 2 08:38:28 np0005541911 account-server[121403]: 2 successes, 0 failures
Dec 2 08:38:28 np0005541911 account-server[121403]: diff:0 diff_capped:0 empty:0 hashmatch:0 no_change:2 remote_merge:0 rsync:0 ts_repl:0
Dec 2 08:38:28 np0005541911 account-server[121714]: 172.20.0.105 - - [02/Dec/2025:08:38:28 +0000] "HEAD /d1/813/.expiring_objects" 404 - "HEAD http://localhost/v1/.expiring_objects?format=json" "tx6cadb8aae8294f53bfb05-00692ea584" "proxy-server 2" 0.0011 "-" 23 -
Dec 2 08:38:28 np0005541911 object-expirer[121913]: Pass completed in 0s; 0 objects expired (txn: tx6cadb8aae8294f53bfb05-00692ea584)
Dec 2 08:38:41 np0005541911 object-server[122060]: Starting object replication pass.
Dec 2 08:38:42 np0005541911 object-server[122060]: 55/55 (100.00%) partitions replicated in 0.54s (101.57/sec, 0s remaining)
Dec 2 08:38:42 np0005541911 object-server[122060]: 110 successes, 0 failures
Dec 2 08:38:42 np0005541911 object-server[122060]: 57 suffixes checked - 0.00% hashed, 0.00% synced
Dec 2 08:38:42 np0005541911 object-server[122060]: Partition times: max 0.0428s, min 0.0064s, med 0.0084s
Dec 2 08:38:42 np0005541911 object-server[122060]: Object replication complete. (0.01 minutes)
Dec 2 08:38:43 np0005541911 container-server[121494]: Beginning replication run
Dec 2 08:38:44 np0005541911 container-server[121494]: Replication run OVER
Dec 2 08:38:44 np0005541911 container-server[121494]: Attempted to replicate 22 dbs in 0.43425 seconds (50.66206/s)
Dec 2 08:38:44 np0005541911 container-server[121494]: Removed 0 dbs
Dec 2 08:38:44 np0005541911 container-server[121494]: 44 successes, 0 failures
Dec 2 08:38:44 np0005541911 container-server[121494]: diff:0 diff_capped:0 empty:0 hashmatch:0 no_change:44 remote_merge:0 rsync:0 ts_repl:0
Dec 2 08:38:49 np0005541911 object-server[254253]: Begin object audit "forever" mode (ZBF)
Dec 2 08:38:49 np0005541911 object-server[254254]: Begin object audit "forever" mode (ALL)
Dec 2 08:38:49 np0005541911 object-server[254253]: Object audit (ZBF). Since Tue Dec 2 08:38:49 2025: Locally: 1 passed, 0 quarantined, 0 errors, files/sec: 905.51, bytes/sec: 0.00, Total time: 0.00, Auditing time: 0.00, Rate: 0.00
Dec 2 08:38:49 np0005541911 object-server[254254]: Object audit (ALL). Since Tue Dec 2 08:38:49 2025: Locally: 1 passed, 0 quarantined, 0 errors, files/sec: 162.65, bytes/sec: 2602.33, Total time: 0.01, Auditing time: 0.00, Rate: 0.00
Dec 2 08:38:50 np0005541911 object-server[254253]: Object audit (ZBF) "forever" mode completed: 1.12s. Total quarantined: 0, Total errors: 0, Total files/sec: 50.80, Total bytes/sec: 0.00, Auditing time: 1.11, Rate: 0.99
Dec 2 08:38:52 np0005541911 object-server[254254]: Object audit (ALL) "forever" mode completed: 2.81s. Total quarantined: 0, Total errors: 0, Total files/sec: 20.30, Total bytes/sec: 470.46, Auditing time: 2.79, Rate: 0.99
Dec 2 08:38:52 np0005541911 account-server[121714]: 172.20.0.104 - - [02/Dec/2025:08:38:52 +0000] "PUT /d1/626/AUTH_497073c2347a4b2dbbf501873318fbd3/gnocchi.8f240f26-142d-4151-bd38-13f126e4df57" 201 - "-" "-" "container-updater 2" 0.0011 "-" 23 0
Dec 2 08:38:53 np0005541911 account-server[121686]: 172.20.0.104 - - [02/Dec/2025:08:38:53 +0000] "PUT /d1/626/AUTH_497073c2347a4b2dbbf501873318fbd3/gnocchi.a84f9e15-acf9-46c7-9262-c209fcc4bcba" 201 - "-" "-" "container-updater 2" 0.0007 "-" 22 0
Dec 2 08:38:53 np0005541911 account-server[121686]: 172.20.0.104 - - [02/Dec/2025:08:38:53 +0000] "PUT /d1/626/AUTH_497073c2347a4b2dbbf501873318fbd3/gnocchi.1cbcdd7a-19b9-436b-b6cc-d4b320de27a8" 201 - "-" "-" "container-updater 2" 0.0007 "-" 22 0
Dec 2 08:38:53 np0005541911 account-server[121714]: 172.20.0.104 - - [02/Dec/2025:08:38:53 +0000] "PUT /d1/626/AUTH_497073c2347a4b2dbbf501873318fbd3/gnocchi.ea620841-f6f6-4ea7-84eb-b83ad5c40434" 201 - "-" "-" "container-updater 2" 0.0008 "-" 23 0
Dec 2 08:38:53 np0005541911 account-server[121686]: 172.20.0.104 - - [02/Dec/2025:08:38:53 +0000] "PUT /d1/626/AUTH_497073c2347a4b2dbbf501873318fbd3/gnocchi.5eae7247-51a1-48a1-bc57-74888088b621" 201 - "-" "-" "container-updater 2" 0.0007 "-" 22 0
Dec 2 08:38:53 np0005541911 account-server[121714]: 172.20.0.104 - - [02/Dec/2025:08:38:53 +0000] "PUT /d1/626/AUTH_497073c2347a4b2dbbf501873318fbd3/gnocchi.39960805-d346-4a13-9372-f097bcb99bc9" 201 - "-" "-" "container-updater 2" 0.0008 "-" 23 0
Dec 2 08:38:53 np0005541911 account-server[121686]: 172.20.0.104 - - [02/Dec/2025:08:38:53 +0000] "PUT /d1/626/AUTH_497073c2347a4b2dbbf501873318fbd3/gnocchi.4f411340-6467-4bae-9d7e-9d5b273b0d2b" 201 - "-" "-" "container-updater 2" 0.0008 "-" 22 0
Dec 2 08:38:53 np0005541911 account-server[121671]: 172.20.0.104 - - [02/Dec/2025:08:38:53 +0000] "PUT /d1/626/AUTH_497073c2347a4b2dbbf501873318fbd3/gnocchi.aa733041-fa18-4a3c-8227-f772e4afde17" 201 - "-" "-" "container-updater 2" 0.0007 "-" 20 0
Dec 2 08:38:54 np0005541911 account-server[121678]: 172.20.0.104 - - [02/Dec/2025:08:38:54 +0000] "PUT /d1/626/AUTH_497073c2347a4b2dbbf501873318fbd3/gnocchi.0b097e72-82e1-4a82-981d-0ba9200393f7" 201 - "-" "-" "container-updater 2" 0.0007 "-" 21 0
Dec 2 08:38:54 np0005541911 account-server[121671]: 172.20.0.104 - - [02/Dec/2025:08:38:54 +0000] "PUT /d1/626/AUTH_497073c2347a4b2dbbf501873318fbd3/gnocchi.8066c377-242c-49cc-b607-5f97997acc4c" 201 - "-" "-" "container-updater 2" 0.0007 "-" 20 0
Dec 2 08:38:54 np0005541911 account-server[121671]: 172.20.0.104 - - [02/Dec/2025:08:38:54 +0000] "PUT /d1/626/AUTH_497073c2347a4b2dbbf501873318fbd3/gnocchi.df7e0595-991d-46c5-ab58-680948adb2b6" 201 - "-" "-" "container-updater 2" 0.0007 "-" 20 0
Dec 2 08:38:54 np0005541911 account-server[121671]: 172.20.0.104 - - [02/Dec/2025:08:38:54 +0000] "PUT /d1/626/AUTH_497073c2347a4b2dbbf501873318fbd3/gnocchi.5084c030-e9b1-4bf2-995b-3ad7a43e1f6c" 201 - "-" "-" "container-updater 2" 0.0006 "-" 20 0
Dec 2 08:38:54 np0005541911 account-server[121671]: 172.20.0.104 - - [02/Dec/2025:08:38:54 +0000] "PUT /d1/626/AUTH_497073c2347a4b2dbbf501873318fbd3/gnocchi.8fe2af1f-43cd-423a-83cb-b7c8ed26b471" 201 - "-" "-" "container-updater 2" 0.0008 "-" 20 0
Dec 2 08:38:54 np0005541911 account-server[121671]: 172.20.0.104 - - [02/Dec/2025:08:38:54 +0000] "PUT /d1/626/AUTH_497073c2347a4b2dbbf501873318fbd3/gnocchi.9f146626-dc56-416e-ab40-62adce36f3ed" 201 - "-" "-" "container-updater 2" 0.0007 "-" 20 0
Dec 2 08:38:56 np0005541911 account-server[121714]: 172.20.0.104 - - [02/Dec/2025:08:38:56 +0000] "HEAD /d1/813/.expiring_objects" 404 - "HEAD http://localhost/v1/.expiring_objects?format=json" "txb8a678ffa1b14ff28e62d-00692ea5a0" "proxy-server 2" 0.0006 "-" 23 -
Dec 2 08:38:58 np0005541911 account-server[121403]: Beginning replication run
Dec 2 08:38:58 np0005541911 container-server[122017]: Begin container update sweep
Dec 2 08:38:59 np0005541911 account-server[121714]: 172.20.0.105 - - [02/Dec/2025:08:38:59 +0000] "PUT /d1/626/AUTH_497073c2347a4b2dbbf501873318fbd3/gnocchi.8f240f26-142d-4151-bd38-13f126e4df57" 201 - "-" "-" "container-updater 2" 0.0009 "-" 23 0
Dec 2 08:38:59 np0005541911 account-server[121403]: Replication run OVER
Dec 2 08:38:59 np0005541911 account-server[121403]: Attempted to replicate 1 dbs in 0.34653 seconds (2.88574/s)
Dec 2 08:38:59 np0005541911 account-server[121403]: Removed 0 dbs
Dec 2 08:38:59 np0005541911 account-server[121403]: 2 successes, 0 failures
Dec 2 08:38:59 np0005541911 account-server[121403]: diff:0 diff_capped:0 empty:0 hashmatch:0 no_change:2 remote_merge:0 rsync:0 ts_repl:0
Dec 2 08:38:59 np0005541911 account-server[121714]: 172.20.0.105 - - [02/Dec/2025:08:38:59 +0000] "PUT /d1/626/AUTH_497073c2347a4b2dbbf501873318fbd3/gnocchi.1cbcdd7a-19b9-436b-b6cc-d4b320de27a8" 201 - "-" "-" "container-updater 2" 0.0006 "-" 23 0
