Dec 2 08:31:57 np0005541911 container-server[121818]: 172.20.0.104 - - [02/Dec/2025:08:31:57 +0000] "PUT /d1/557/AUTH_497073c2347a4b2dbbf501873318fbd3/gnocchi.8b68dd01-139f-4dc8-bcb3-91db0d82d14d/none_v3" 201 - "PUT http://172.18.0.121:8080/d1/174/AUTH_497073c2347a4b2dbbf501873318fbd3/gnocchi.8b68dd01-139f-4dc8-bcb3-91db0d82d14d/none_v3" "txde39043f514646d19a3c6-00692ea3fd" "object-server 21" 0.0007 "-" 22 0
Dec 2 08:31:57 np0005541911 object-server[122305]: 172.20.0.105 - - [02/Dec/2025:08:31:57 +0000] "PUT /d1/174/AUTH_497073c2347a4b2dbbf501873318fbd3/gnocchi.8b68dd01-139f-4dc8-bcb3-91db0d82d14d/none_v3" 201 - "PUT http://172.18.0.121:8080/v1/AUTH_497073c2347a4b2dbbf501873318fbd3/gnocchi.8b68dd01-139f-4dc8-bcb3-91db0d82d14d/none_v3" "txde39043f514646d19a3c6-00692ea3fd" "proxy-server 20" 0.0113 "-" 24 0
Dec 2 08:31:57 np0005541911 proxy-server[123814]: 172.18.0.105 172.18.0.104 02/Dec/2025/08/31/57 PUT /v1/AUTH_497073c2347a4b2dbbf501873318fbd3/gnocchi.8b68dd01-139f-4dc8-bcb3-91db0d82d14d/none_v3 HTTP/1.0 201 - python-swiftclient-3.11.1 gAAAAABpLqO0YxeR... 22 - - txde39043f514646d19a3c6-00692ea3fd - 0.0243 - - 1764664317.338429689 1764664317.362761974 0
Dec 2 08:31:57 np0005541911 container-server[121818]: 172.20.0.104 - - [02/Dec/2025:08:31:57 +0000] "PUT /d1/499/AUTH_497073c2347a4b2dbbf501873318fbd3/gnocchi.58b99940-1fe3-45c1-9db3-3dfd3571631f/1763640000.0_mean_300.0_v3" 201 - "PUT http://172.18.0.121:8080/d1/147/AUTH_497073c2347a4b2dbbf501873318fbd3/gnocchi.58b99940-1fe3-45c1-9db3-3dfd3571631f/1763640000.0_mean_300.0_v3" "tx39accc5d2c5c48028ba16-00692ea3fd" "object-server 21" 0.0007 "-" 22 0
Dec 2 08:31:57 np0005541911 object-server[122306]: 172.20.0.103 - - [02/Dec/2025:08:31:57 +0000] "PUT /d1/147/AUTH_497073c2347a4b2dbbf501873318fbd3/gnocchi.58b99940-1fe3-45c1-9db3-3dfd3571631f/1763640000.0_mean_300.0_v3" 201 - "PUT http://172.18.0.121:8080/v1/AUTH_497073c2347a4b2dbbf501873318fbd3/gnocchi.58b99940-1fe3-45c1-9db3-3dfd3571631f/1763640000.0_mean_300.0_v3" "tx39accc5d2c5c48028ba16-00692ea3fd" "proxy-server 20" 0.0286 "-" 25 0
Dec 2 08:31:57 np0005541911 container-server[121803]: 172.20.0.105 - - [02/Dec/2025:08:31:57 +0000] "PUT /d1/499/AUTH_497073c2347a4b2dbbf501873318fbd3/gnocchi.58b99940-1fe3-45c1-9db3-3dfd3571631f/none_v3" 201 - "PUT http://172.18.0.121:8080/d1/522/AUTH_497073c2347a4b2dbbf501873318fbd3/gnocchi.58b99940-1fe3-45c1-9db3-3dfd3571631f/none_v3" "tx04ef77b6a78649e783bcb-00692ea3fd" "object-server 24" 0.0007 "-" 21 0
Dec 2 08:31:57 np0005541911 object-server[122305]: 172.20.0.105 - - [02/Dec/2025:08:31:57 +0000] "PUT /d1/522/AUTH_497073c2347a4b2dbbf501873318fbd3/gnocchi.58b99940-1fe3-45c1-9db3-3dfd3571631f/none_v3" 201 - "PUT http://172.18.0.121:8080/v1/AUTH_497073c2347a4b2dbbf501873318fbd3/gnocchi.58b99940-1fe3-45c1-9db3-3dfd3571631f/none_v3" "tx04ef77b6a78649e783bcb-00692ea3fd" "proxy-server 20" 0.0117 "-" 24 0
Dec 2 08:31:57 np0005541911 proxy-server[123814]: 172.18.0.103 172.18.0.104 02/Dec/2025/08/31/57 PUT /v1/AUTH_497073c2347a4b2dbbf501873318fbd3/gnocchi.58b99940-1fe3-45c1-9db3-3dfd3571631f/none_v3 HTTP/1.0 201 - python-swiftclient-3.11.1 gAAAAABpLqP19t9Q... 22 - - tx04ef77b6a78649e783bcb-00692ea3fd - 0.0217 - - 1764664317.404833794 1764664317.426552057 0
Dec 2 08:31:57 np0005541911 container-server[121818]: 172.20.0.104 - - [02/Dec/2025:08:31:57 +0000] "HEAD /d1/35/AUTH_497073c2347a4b2dbbf501873318fbd3/gnocchi.d9e1d6ea-e08c-41de-bcd0-88efa188da3a" 404 - "HEAD http://172.18.0.121:8080/v1/AUTH_497073c2347a4b2dbbf501873318fbd3/gnocchi.d9e1d6ea-e08c-41de-bcd0-88efa188da3a?format=json&states=listing" "tx1c74fb29d70e4c70a71e9-00692ea3fd" "proxy-server 20" 0.0007 "-" 22 0
Dec 2 08:31:57 np0005541911 object-server[122304]: 172.20.0.104 - - [02/Dec/2025:08:31:57 +0000] "GET /d1/128/AUTH_497073c2347a4b2dbbf501873318fbd3/gnocchi.d9e1d6ea-e08c-41de-bcd0-88efa188da3a/none_v3" 404 70 "GET http://172.18.0.121:8080/v1/AUTH_497073c2347a4b2dbbf501873318fbd3/gnocchi.d9e1d6ea-e08c-41de-bcd0-88efa188da3a/none_v3" "tx1c74fb29d70e4c70a71e9-00692ea3fd" "proxy-server 20" 0.0006 "-" 23 0
Dec 2 08:31:57 np0005541911 account-server[121714]: 172.20.0.103 - - [02/Dec/2025:08:31:57 +0000] "PUT /d1/626/AUTH_497073c2347a4b2dbbf501873318fbd3/gnocchi.d9e1d6ea-e08c-41de-bcd0-88efa188da3a" 201 - "PUT http://172.20.0.103:6001/d1/35/AUTH_497073c2347a4b2dbbf501873318fbd3/gnocchi.d9e1d6ea-e08c-41de-bcd0-88efa188da3a" "txaa97090d8c984e4eb363d-00692ea3fd" "container-server 23" 0.0068 "-" 23 0
Dec 2 08:31:57 np0005541911 container-server[121803]: 172.20.0.103 - - [02/Dec/2025:08:31:57 +0000] "PUT /d1/35/AUTH_497073c2347a4b2dbbf501873318fbd3/gnocchi.d9e1d6ea-e08c-41de-bcd0-88efa188da3a" 201 - "PUT http://172.18.0.121:8080/v1/AUTH_497073c2347a4b2dbbf501873318fbd3/gnocchi.d9e1d6ea-e08c-41de-bcd0-88efa188da3a" "txaa97090d8c984e4eb363d-00692ea3fd" "proxy-server 20" 0.0244 "-" 21 0
Dec 2 08:31:57 np0005541911 proxy-server[123814]: - - 02/Dec/2025/08/31/57 HEAD /v1/AUTH_497073c2347a4b2dbbf501873318fbd3/gnocchi.d9e1d6ea-e08c-41de-bcd0-88efa188da3a%3Fformat%3Djson%26states%3Dlisting HTTP/1.0 204 - Swift - - - - tx5fde155510bb4a16b665f-00692ea3fd - 0.0065 RL - 1764664317.809604406 1764664317.816091061 0
Dec 2 08:31:57 np0005541911 container-server[121818]: 172.20.0.105 - - [02/Dec/2025:08:31:57 +0000] "GET /d1/35/AUTH_497073c2347a4b2dbbf501873318fbd3/gnocchi.d9e1d6ea-e08c-41de-bcd0-88efa188da3a" 200 2 "GET http://172.18.0.121:8080/v1/AUTH_497073c2347a4b2dbbf501873318fbd3/gnocchi.d9e1d6ea-e08c-41de-bcd0-88efa188da3a?format=json&states=listing" "tx5fde155510bb4a16b665f-00692ea3fd" "proxy-server 20" 0.0037 "-" 22 0
Dec 2 08:31:57 np0005541911 proxy-server[123814]: 172.18.0.121 172.18.0.104 02/Dec/2025/08/31/57 GET /v1/AUTH_497073c2347a4b2dbbf501873318fbd3/gnocchi.d9e1d6ea-e08c-41de-bcd0-88efa188da3a%3Fformat%3Djson%26states%3Dlisting HTTP/1.0 200 - python-swiftclient-3.11.1 gAAAAABpLqP99yKL... - 2 - tx5fde155510bb4a16b665f-00692ea3fd - 0.0189 - - 1764664317.807346344 1764664317.826212883 0
Dec 2 08:31:57 np0005541911 object-server[122306]: 172.20.0.104 - - [02/Dec/2025:08:31:57 +0000] "GET /d1/900/AUTH_497073c2347a4b2dbbf501873318fbd3/gnocchi.d9e1d6ea-e08c-41de-bcd0-88efa188da3a/1763640000.0_mean_300.0_v3" 404 70 "GET http://172.18.0.121:8080/v1/AUTH_497073c2347a4b2dbbf501873318fbd3/gnocchi.d9e1d6ea-e08c-41de-bcd0-88efa188da3a/1763640000.0_mean_300.0_v3" "tx41f4db1c3a30477da5ec2-00692ea3fd" "proxy-server 20" 0.0005 "-" 25 0
Dec 2 08:31:57 np0005541911 container-server[121789]: 172.20.0.105 - - [02/Dec/2025:08:31:57 +0000] "PUT /d1/35/AUTH_497073c2347a4b2dbbf501873318fbd3/gnocchi.d9e1d6ea-e08c-41de-bcd0-88efa188da3a/1763640000.0_mean_300.0_v3" 201 - "PUT http://172.18.0.121:8080/d1/900/AUTH_497073c2347a4b2dbbf501873318fbd3/gnocchi.d9e1d6ea-e08c-41de-bcd0-88efa188da3a/1763640000.0_mean_300.0_v3" "txfa2f336a90ef43ba964a5-00692ea3fd" "object-server 22" 0.0009 "-" 19 0
Dec 2 08:31:57 np0005541911 object-server[122302]: 172.20.0.103 - - [02/Dec/2025:08:31:57 +0000] "PUT /d1/900/AUTH_497073c2347a4b2dbbf501873318fbd3/gnocchi.d9e1d6ea-e08c-41de-bcd0-88efa188da3a/1763640000.0_mean_300.0_v3" 201 - "PUT http://172.18.0.121:8080/v1/AUTH_497073c2347a4b2dbbf501873318fbd3/gnocchi.d9e1d6ea-e08c-41de-bcd0-88efa188da3a/1763640000.0_mean_300.0_v3" "txfa2f336a90ef43ba964a5-00692ea3fd" "proxy-server 20" 0.0108 "-" 22 0
Dec 2 08:31:57 np0005541911 container-server[121803]: 172.20.0.103 - - [02/Dec/2025:08:31:57 +0000] "PUT /d1/35/AUTH_497073c2347a4b2dbbf501873318fbd3/gnocchi.d9e1d6ea-e08c-41de-bcd0-88efa188da3a/none_v3" 201 - "PUT http://172.18.0.121:8080/d1/128/AUTH_497073c2347a4b2dbbf501873318fbd3/gnocchi.d9e1d6ea-e08c-41de-bcd0-88efa188da3a/none_v3" "tx8445d450659c4b6b8a9a7-00692ea3fd" "object-server 24" 0.0008 "-" 21 0
Dec 2 08:31:57 np0005541911 object-server[122304]: 172.20.0.105 - - [02/Dec/2025:08:31:57 +0000] "PUT /d1/128/AUTH_497073c2347a4b2dbbf501873318fbd3/gnocchi.d9e1d6ea-e08c-41de-bcd0-88efa188da3a/none_v3" 201 - "PUT http://172.18.0.121:8080/v1/AUTH_497073c2347a4b2dbbf501873318fbd3/gnocchi.d9e1d6ea-e08c-41de-bcd0-88efa188da3a/none_v3" "tx8445d450659c4b6b8a9a7-00692ea3fd" "proxy-server 20" 0.0123 "-" 23 0
Dec 2 08:31:57 np0005541911 proxy-server[123814]: 172.18.0.121 172.18.0.104 02/Dec/2025/08/31/57 PUT /v1/AUTH_497073c2347a4b2dbbf501873318fbd3/gnocchi.d9e1d6ea-e08c-41de-bcd0-88efa188da3a/none_v3 HTTP/1.0 201 - python-swiftclient-3.11.1 gAAAAABpLqP99yKL... 22 - - tx8445d450659c4b6b8a9a7-00692ea3fd - 0.0200 - - 1764664317.882002831 1764664317.902005911 0
Dec 2 08:31:58 np0005541911 account-server[121403]: Beginning replication run
Dec 2 08:31:58 np0005541911 account-server[121403]: Replication run OVER
Dec 2 08:31:58 np0005541911 account-server[121403]: Attempted to replicate 1 dbs in 0.04209 seconds (23.76021/s)
Dec 2 08:31:58 np0005541911 account-server[121403]: Removed 0 dbs
Dec 2 08:31:58 np0005541911 account-server[121403]: 2 successes, 0 failures
Dec 2 08:31:58 np0005541911 account-server[121403]: diff:0 diff_capped:0 empty:0 hashmatch:0 no_change:2 remote_merge:0 rsync:0 ts_repl:0
Dec 2 08:32:06 np0005541911 object-server[122060]: Starting object replication pass.
Dec 2 08:32:06 np0005541911 object-server[122060]: 16/16 (100.00%) partitions replicated in 0.16s (101.28/sec, 0s remaining)
Dec 2 08:32:06 np0005541911 object-server[122060]: 32 successes, 0 failures
Dec 2 08:32:06 np0005541911 object-server[122060]: 16 suffixes checked - 0.00% hashed, 0.00% synced
Dec 2 08:32:06 np0005541911 object-server[122060]: Partition times: max 0.0136s, min 0.0072s, med 0.0089s
Dec 2 08:32:06 np0005541911 object-server[122060]: Object replication complete. (0.00 minutes)
Dec 2 08:32:08 np0005541911 object-server[212372]: Begin object audit "forever" mode (ZBF)
Dec 2 08:32:08 np0005541911 object-server[212372]: Object audit (ZBF). Since Tue Dec 2 08:32:08 2025: Locally: 1 passed, 0 quarantined, 0 errors, files/sec: 584.90, bytes/sec: 0.00, Total time: 0.00, Auditing time: 0.00, Rate: 0.00
Dec 2 08:32:08 np0005541911 object-server[212372]: Object audit (ZBF) "forever" mode completed: 0.28s. Total quarantined: 0, Total errors: 0, Total files/sec: 56.51, Total bytes/sec: 0.00, Auditing time: 0.28, Rate: 0.98
Dec 2 08:32:13 np0005541911 container-server[121494]: Beginning replication run
Dec 2 08:32:13 np0005541911 container-server[121494]: Replication run OVER
Dec 2 08:32:13 np0005541911 container-server[121494]: Attempted to replicate 8 dbs in 0.24225 seconds (33.02412/s)
Dec 2 08:32:13 np0005541911 container-server[121494]: Removed 0 dbs
Dec 2 08:32:13 np0005541911 container-server[121494]: 16 successes, 0 failures
Dec 2 08:32:13 np0005541911 container-server[121494]: diff:0 diff_capped:0 empty:0 hashmatch:0 no_change:16 remote_merge:0 rsync:0 ts_repl:0
Dec 2 08:32:28 np0005541911 account-server[121403]: Beginning replication run
Dec 2 08:32:28 np0005541911 account-server[121403]: Replication run OVER
Dec 2 08:32:28 np0005541911 account-server[121403]: Attempted to replicate 1 dbs in 0.01327 seconds (75.37148/s)
Dec 2 08:32:28 np0005541911 account-server[121403]: Removed 0 dbs
Dec 2 08:32:28 np0005541911 account-server[121403]: 2 successes, 0 failures
Dec 2 08:32:28 np0005541911 account-server[121403]: diff:0 diff_capped:0 empty:0 hashmatch:0 no_change:2 remote_merge:0 rsync:0 ts_repl:0
Dec 2 08:32:36 np0005541911 object-server[122060]: Starting object replication pass.
Dec 2 08:32:36 np0005541911 object-server[122060]: 16/16 (100.00%) partitions replicated in 0.17s (94.51/sec, 0s remaining)
Dec 2 08:32:36 np0005541911 object-server[122060]: 32 successes, 0 failures
Dec 2 08:32:36 np0005541911 object-server[122060]: 16 suffixes checked - 0.00% hashed, 0.00% synced
Dec 2 08:32:36 np0005541911 object-server[122060]: Partition times: max 0.0212s, min 0.0076s, med 0.0085s
Dec 2 08:32:36 np0005541911 object-server[122060]: Object replication complete. (0.00 minutes)
Dec 2 08:32:38 np0005541911 object-server[218238]: Begin object audit "forever" mode (ZBF)
Dec 2 08:32:38 np0005541911 object-server[218238]: Object audit (ZBF). Since Tue Dec 2 08:32:38 2025: Locally: 1 passed, 0 quarantined, 0 errors, files/sec: 557.98, bytes/sec: 0.00, Total time: 0.00, Auditing time: 0.00, Rate: 0.00
Dec 2 08:32:38 np0005541911 object-server[218239]: Begin object audit "forever" mode (ALL)
Dec 2 08:32:38 np0005541911 object-server[218239]: Object audit (ALL). Since Tue Dec 2 08:32:38 2025: Locally: 1 passed, 0 quarantined, 0 errors, files/sec: 102.52, bytes/sec: 1640.32, Total time: 0.01, Auditing time: 0.00, Rate: 0.00
Dec 2 08:32:39 np0005541911 object-server[218238]: Object audit (ZBF) "forever" mode completed: 0.28s. Total quarantined: 0, Total errors: 0, Total files/sec: 56.53, Total bytes/sec: 0.00, Auditing time: 0.28, Rate: 0.98
Dec 2 08:32:39 np0005541911 object-server[218239]: Object audit (ALL) "forever" mode completed: 0.71s. Total quarantined: 0, Total errors: 0, Total files/sec: 22.49, Total bytes/sec: 441.31, Auditing time: 0.70, Rate: 0.99
Dec 2 08:32:43 np0005541911 container-server[121494]: Beginning replication run
Dec 2 08:32:43 np0005541911 container-server[121494]: Replication run OVER
Dec 2 08:32:43 np0005541911 container-server[121494]: Attempted to replicate 8 dbs in 0.15507 seconds (51.59010/s)
Dec 2 08:32:43 np0005541911 container-server[121494]: Removed 0 dbs
Dec 2 08:32:43 np0005541911 container-server[121494]: 16 successes, 0 failures
Dec 2 08:32:43 np0005541911 container-server[121494]: diff:0 diff_capped:0 empty:0 hashmatch:0 no_change:16 remote_merge:0 rsync:0 ts_repl:0
Dec 2 08:32:58 np0005541911 account-server[121403]: Beginning replication run
Dec 2 08:32:58 np0005541911 account-server[121403]: Replication run OVER
Dec 2 08:32:58 np0005541911 account-server[121403]: Attempted to replicate 1 dbs in 0.02030 seconds (49.25180/s)
Dec 2 08:32:58 np0005541911 account-server[121403]: Removed 0 dbs
Dec 2 08:32:58 np0005541911 account-server[121403]: 2 successes, 0 failures
Dec 2 08:32:58 np0005541911 account-server[121403]: diff:0 diff_capped:0 empty:0 hashmatch:0 no_change:2 remote_merge:0 rsync:0 ts_repl:0
Dec 2 08:33:06 np0005541911 object-server[122060]: Starting object replication pass.
Dec 2 08:33:07 np0005541911 object-server[122060]: 16/16 (100.00%) partitions replicated in 0.15s (107.14/sec, 0s remaining)
Dec 2 08:33:07 np0005541911 object-server[122060]: 32 successes, 0 failures
Dec 2 08:33:07 np0005541911 object-server[122060]: 16 suffixes checked - 0.00% hashed, 0.00% synced
Dec 2 08:33:07 np0005541911 object-server[122060]: Partition times: max 0.0142s, min 0.0068s, med 0.0084s
Dec 2 08:33:07 np0005541911 object-server[122060]: Object replication complete. (0.00 minutes)
Dec 2 08:33:08 np0005541911 account-server[121678]: 172.20.0.104 - - [02/Dec/2025:08:33:08 +0000] "HEAD /d1/626/AUTH_497073c2347a4b2dbbf501873318fbd3" 204 - "HEAD http://172.18.0.121:8080/v1/AUTH_497073c2347a4b2dbbf501873318fbd3?format=json" "txf403fbff2e5f4fc2902bd-00692ea444" "proxy-server 20" 0.0019 "-" 21 -
Dec 2 08:33:08 np0005541911 account-server[121678]: 172.20.0.103 - - [02/Dec/2025:08:33:08 +0000] "HEAD /d1/626/AUTH_497073c2347a4b2dbbf501873318fbd3" 204 - "HEAD http://172.18.0.121:8080/v1/AUTH_497073c2347a4b2dbbf501873318fbd3?format=json" "tx9420777b80bb423cbf62b-00692ea444" "proxy-server 20" 0.0017 "-" 21 -
Dec 2 08:33:08 np0005541911 container-server[121794]: 172.20.0.103 - - [02/Dec/2025:08:33:08 +0000] "HEAD /d1/682/AUTH_497073c2347a4b2dbbf501873318fbd3/gnocchi.8fe2af1f-43cd-423a-83cb-b7c8ed26b471" 404 - "HEAD http://172.18.0.121:8080/v1/AUTH_497073c2347a4b2dbbf501873318fbd3/gnocchi.8fe2af1f-43cd-423a-83cb-b7c8ed26b471?format=json&states=listing" "tx9420777b80bb423cbf62b-00692ea444" "proxy-server 20" 0.0010 "-" 20 0
Dec 2 08:33:08 np0005541911 container-server[121789]: 172.20.0.104 - - [02/Dec/2025:08:33:08 +0000] "HEAD /d1/1012/AUTH_497073c2347a4b2dbbf501873318fbd3/gnocchi.5084c030-e9b1-4bf2-995b-3ad7a43e1f6c" 404 - "HEAD http://172.18.0.121:8080/v1/AUTH_497073c2347a4b2dbbf501873318fbd3/gnocchi.5084c030-e9b1-4bf2-995b-3ad7a43e1f6c?format=json&states=listing" "txf403fbff2e5f4fc2902bd-00692ea444" "proxy-server 20" 0.0004 "-" 19 0
Dec 2 08:33:08 np0005541911 object-server[122304]: 172.20.0.103 - - [02/Dec/2025:08:33:08 +0000] "GET /d1/8/AUTH_497073c2347a4b2dbbf501873318fbd3/gnocchi.8fe2af1f-43cd-423a-83cb-b7c8ed26b471/none_v3" 404 70 "GET http://172.18.0.121:8080/v1/AUTH_497073c2347a4b2dbbf501873318fbd3/gnocchi.8fe2af1f-43cd-423a-83cb-b7c8ed26b471/none_v3" "tx9420777b80bb423cbf62b-00692ea444" "proxy-server 20" 0.0006 "-" 23 0
Dec 2 08:33:08 np0005541911 object-server[122306]: 172.20.0.104 - - [02/Dec/2025:08:33:08 +0000] "GET /d1/34/AUTH_497073c2347a4b2dbbf501873318fbd3/gnocchi.5084c030-e9b1-4bf2-995b-3ad7a43e1f6c/none_v3" 404 70 "GET http://172.18.0.121:8080/v1/AUTH_497073c2347a4b2dbbf501873318fbd3/gnocchi.5084c030-e9b1-4bf2-995b-3ad7a43e1f6c/none_v3" "txf403fbff2e5f4fc2902bd-00692ea444" "proxy-server 20" 0.0007 "-" 25 0
Dec 2 08:33:09 np0005541911 container-server[121789]: 172.20.0.105 - - [02/Dec/2025:08:33:09 +0000] "HEAD /d1/284/AUTH_497073c2347a4b2dbbf501873318fbd3/gnocchi.0b097e72-82e1-4a82-981d-0ba9200393f7" 404 - "HEAD http://172.18.0.121:8080/v1/AUTH_497073c2347a4b2dbbf501873318fbd3/gnocchi.0b097e72-82e1-4a82-981d-0ba9200393f7?format=json&states=listing" "tx6c3ba8cfc3cb4ede858ab-00692ea444" "proxy-server 20" 0.0004 "-" 19 0
Dec 2 08:33:09 np0005541911 object-server[122302]: 172.20.0.105 - - [02/Dec/2025:08:33:09 +0000] "GET /d1/149/AUTH_497073c2347a4b2dbbf501873318fbd3/gnocchi.0b097e72-82e1-4a82-981d-0ba9200393f7/none_v3" 404 70 "GET http://172.18.0.121:8080/v1/AUTH_497073c2347a4b2dbbf501873318fbd3/gnocchi.0b097e72-82e1-4a82-981d-0ba9200393f7/none_v3" "tx6c3ba8cfc3cb4ede858ab-00692ea444" "proxy-server 20" 0.0005 "-" 22 0
Dec 2 08:33:09 np0005541911 proxy-server[123814]: 172.18.0.105 172.18.0.104 02/Dec/2025/08/33/09 GET /v1/AUTH_497073c2347a4b2dbbf501873318fbd3/gnocchi.0b097e72-82e1-4a82-981d-0ba9200393f7/none_v3 HTTP/1.0 404 - python-swiftclient-3.11.1 gAAAAABpLqO0YxeR... - 70 - tx6c3ba8cfc3cb4ede858ab-00692ea444 - 0.0271 - - 1764664388.997455359 1764664389.024561882 0
Dec 2 08:33:09 np0005541911 account-server[121714]: 172.20.0.103 - - [02/Dec/2025:08:33:09 +0000] "PUT /d1/626/AUTH_497073c2347a4b2dbbf501873318fbd3/gnocchi.8fe2af1f-43cd-423a-83cb-b7c8ed26b471" 201 - "PUT http://172.20.0.103:6001/d1/682/AUTH_497073c2347a4b2dbbf501873318fbd3/gnocchi.8fe2af1f-43cd-423a-83cb-b7c8ed26b471" "tx192773d890f34c709f7ec-00692ea445" "container-server 23" 0.0022 "-" 23 0
Dec 2 08:33:09 np0005541911 account-server[121671]: 172.20.0.104 - - [02/Dec/2025:08:33:09 +0000] "PUT /d1/626/AUTH_497073c2347a4b2dbbf501873318fbd3/gnocchi.5084c030-e9b1-4bf2-995b-3ad7a43e1f6c" 201 - "PUT http://172.20.0.104:6001/d1/1012/AUTH_497073c2347a4b2dbbf501873318fbd3/gnocchi.5084c030-e9b1-4bf2-995b-3ad7a43e1f6c" "tx8997af069f614d6aa99b4-00692ea445" "container-server 23" 0.0048 "-" 20 0
Dec 2 08:33:09 np0005541911 container-server[121794]: 172.20.0.104 - - [02/Dec/2025:08:33:09 +0000] "PUT /d1/1012/AUTH_497073c2347a4b2dbbf501873318fbd3/gnocchi.5084c030-e9b1-4bf2-995b-3ad7a43e1f6c" 201 - "PUT http://172.18.0.121:8080/v1/AUTH_497073c2347a4b2dbbf501873318fbd3/gnocchi.5084c030-e9b1-4bf2-995b-3ad7a43e1f6c" "tx8997af069f614d6aa99b4-00692ea445" "proxy-server 20" 0.0280 "-" 20 0
Dec 2 08:33:09 np0005541911 container-server[121794]: 172.20.0.103 - - [02/Dec/2025:08:33:09 +0000] "PUT /d1/682/AUTH_497073c2347a4b2dbbf501873318fbd3/gnocchi.8fe2af1f-43cd-423a-83cb-b7c8ed26b471" 201 - "PUT http://172.18.0.121:8080/v1/AUTH_497073c2347a4b2dbbf501873318fbd3/gnocchi.8fe2af1f-43cd-423a-83cb-b7c8ed26b471" "tx192773d890f34c709f7ec-00692ea445" "proxy-server 20" 0.0182 "-" 20 0
Dec 2 08:33:09 np0005541911 account-server[121686]: 172.20.0.104 - - [02/Dec/2025:08:33:09 +0000] "PUT /d1/626/AUTH_497073c2347a4b2dbbf501873318fbd3/gnocchi.0b097e72-82e1-4a82-981d-0ba9200393f7" 201 - "PUT http://172.20.0.104:6001/d1/284/AUTH_497073c2347a4b2dbbf501873318fbd3/gnocchi.0b097e72-82e1-4a82-981d-0ba9200393f7" "tx9773054b41ae4b23bda78-00692ea445" "container-server 22" 0.0044 "-" 22 0
Dec 2 08:33:09 np0005541911 container-server[121803]: 172.20.0.105 - - [02/Dec/2025:08:33:09 +0000] "PUT /d1/284/AUTH_497073c2347a4b2dbbf501873318fbd3/gnocchi.0b097e72-82e1-4a82-981d-0ba9200393f7" 201 - "PUT http://172.18.0.121:8080/v1/AUTH_497073c2347a4b2dbbf501873318fbd3/gnocchi.0b097e72-82e1-4a82-981d-0ba9200393f7" "tx9773054b41ae4b23bda78-00692ea445" "proxy-server 20" 0.0184 "-" 21 0
Dec 2 08:33:09 np0005541911 container-server[121789]: 172.20.0.103 - - [02/Dec/2025:08:33:09 +0000] "HEAD /d1/682/AUTH_497073c2347a4b2dbbf501873318fbd3/gnocchi.8fe2af1f-43cd-423a-83cb-b7c8ed26b471" 204 - "HEAD http://172.18.0.121:8080/v1/AUTH_497073c2347a4b2dbbf501873318fbd3/gnocchi.8fe2af1f-43cd-423a-83cb-b7c8ed26b471?format=json&states=listing" "txc13c030bdcdb467598a39-00692ea445" "proxy-server 20" 0.0021 "-" 19 0
Dec 2 08:33:09 np0005541911 proxy-server[123814]: 172.18.0.105 172.18.0.104 02/Dec/2025/08/33/09 PUT /v1/AUTH_497073c2347a4b2dbbf501873318fbd3/gnocchi.0b097e72-82e1-4a82-981d-0ba9200393f7 HTTP/1.0 201 - python-swiftclient-3.11.1 gAAAAABpLqO0YxeR... - - - tx9773054b41ae4b23bda78-00692ea445 - 0.0301 - - 1764664389.029144049 1764664389.059278488 0
Dec 2 08:33:09 np0005541911 container-server[121803]: 172.20.0.104 - - [02/Dec/2025:08:33:09 +0000] "GET /d1/1012/AUTH_497073c2347a4b2dbbf501873318fbd3/gnocchi.5084c030-e9b1-4bf2-995b-3ad7a43e1f6c" 200 2 "GET http://172.18.0.121:8080/v1/AUTH_497073c2347a4b2dbbf501873318fbd3/gnocchi.5084c030-e9b1-4bf2-995b-3ad7a43e1f6c?format=json&states=listing" "tx05d8fbb793a348d3b1c60-00692ea445" "proxy-server 20" 0.0034 "-" 21 0
Dec 2 08:33:09 np0005541911 container-server[121818]: 172.20.0.103 - - [02/Dec/2025:08:33:09 +0000] "GET /d1/682/AUTH_497073c2347a4b2dbbf501873318fbd3/gnocchi.8fe2af1f-43cd-423a-83cb-b7c8ed26b471" 200 2 "GET http://172.18.0.121:8080/v1/AUTH_497073c2347a4b2dbbf501873318fbd3/gnocchi.8fe2af1f-43cd-423a-83cb-b7c8ed26b471?format=json&states=listing" "txc13c030bdcdb467598a39-00692ea445" "proxy-server 20" 0.0027 "-" 22 0
Dec 2 08:33:09 np0005541911 proxy-server[123814]: - - 02/Dec/2025/08/33/09 HEAD /v1/AUTH_497073c2347a4b2dbbf501873318fbd3/gnocchi.0b097e72-82e1-4a82-981d-0ba9200393f7%3Fformat%3Djson%26states%3Dlisting HTTP/1.0 204 - Swift - - - - tx4d85d5ad3b3043b084bbe-00692ea445 - 0.0071 RL - 1764664389.066778898 1764664389.073854446 0
Dec 2 08:33:09 np0005541911 object-server[122305]: 172.20.0.104 - - [02/Dec/2025:08:33:09 +0000] "GET /d1/759/AUTH_497073c2347a4b2dbbf501873318fbd3/gnocchi.5084c030-e9b1-4bf2-995b-3ad7a43e1f6c/1763640000.0_mean_300.0_v3" 404 70 "GET http://172.18.0.121:8080/v1/AUTH_497073c2347a4b2dbbf501873318fbd3/gnocchi.5084c030-e9b1-4bf2-995b-3ad7a43e1f6c/1763640000.0_mean_300.0_v3" "txd0aaf85120264bea9a966-00692ea445" "proxy-server 20" 0.0005 "-" 24 0
Dec 2 08:33:09 np0005541911 object-server[122302]: 172.20.0.103 - - [02/Dec/2025:08:33:09 +0000] "GET /d1/513/AUTH_497073c2347a4b2dbbf501873318fbd3/gnocchi.8fe2af1f-43cd-423a-83cb-b7c8ed26b471/1763640000.0_mean_300.0_v3" 404 70 "GET http://172.18.0.121:8080/v1/AUTH_497073c2347a4b2dbbf501873318fbd3/gnocchi.8fe2af1f-43cd-423a-83cb-b7c8ed26b471/1763640000.0_mean_300.0_v3" "tx11778f24f6c34fe6be44f-00692ea445" "proxy-server 20" 0.0003 "-" 22 0
Dec 2 08:33:09 np0005541911 proxy-server[123814]: 172.18.0.105 172.18.0.104 02/Dec/2025/08/33/09 GET /v1/AUTH_497073c2347a4b2dbbf501873318fbd3/gnocchi.0b097e72-82e1-4a82-981d-0ba9200393f7%3Fformat%3Djson%26states%3Dlisting HTTP/1.0 200 - python-swiftclient-3.11.1 gAAAAABpLqO0YxeR... - 2 - tx4d85d5ad3b3043b084bbe-00692ea445 - 0.0218 - - 1764664389.064617157 1764664389.086415291 0
Dec 2 08:33:09 np0005541911 object-server[122305]: 172.20.0.105 - - [02/Dec/2025:08:33:09 +0000] "GET /d1/629/AUTH_497073c2347a4b2dbbf501873318fbd3/gnocchi.0b097e72-82e1-4a82-981d-0ba9200393f7/1763640000.0_mean_300.0_v3" 404 70 "GET http://172.18.0.121:8080/v1/AUTH_497073c2347a4b2dbbf501873318fbd3/gnocchi.0b097e72-82e1-4a82-981d-0ba9200393f7/1763640000.0_mean_300.0_v3" "tx2e85d36584484838a6fcc-00692ea445" "proxy-server 20" 0.0003 "-" 24 0
Dec 2 08:33:09 np0005541911 proxy-server[123814]: 172.18.0.105 172.18.0.104 02/Dec/2025/08/33/09 GET /v1/AUTH_497073c2347a4b2dbbf501873318fbd3/gnocchi.0b097e72-82e1-4a82-981d-0ba9200393f7/1763640000.0_mean_300.0_v3 HTTP/1.0 404 - python-swiftclient-3.11.1 gAAAAABpLqO0YxeR... - 70 - tx2e85d36584484838a6fcc-00692ea445 - 0.0172 - - 1764664389.091163397 1764664389.108407259 0
Dec 2 08:33:09 np0005541911 container-server[121789]: 172.20.0.105 - - [02/Dec/2025:08:33:09 +0000] "PUT /d1/1012/AUTH_497073c2347a4b2dbbf501873318fbd3/gnocchi.5084c030-e9b1-4bf2-995b-3ad7a43e1f6c/1763640000.0_mean_300.0_v3" 201 - "PUT http://172.18.0.121:8080/d1/759/AUTH_497073c2347a4b2dbbf501873318fbd3/gnocchi.5084c030-e9b1-4bf2-995b-3ad7a43e1f6c/1763640000.0_mean_300.0_v3" "tx2d1c295bfa98415282100-00692ea445" "object-server 22" 0.0007 "-" 19 0
Dec 2 08:33:09 np0005541911 object-server[122302]: 172.20.0.104 - - [02/Dec/2025:08:33:09 +0000] "PUT /d1/759/AUTH_497073c2347a4b2dbbf501873318fbd3/gnocchi.5084c030-e9b1-4bf2-995b-3ad7a43e1f6c/1763640000.0_mean_300.0_v3" 201 - "PUT http://172.18.0.121:8080/v1/AUTH_497073c2347a4b2dbbf501873318fbd3/gnocchi.5084c030-e9b1-4bf2-995b-3ad7a43e1f6c/1763640000.0_mean_300.0_v3" "tx2d1c295bfa98415282100-00692ea445" "proxy-server 20" 0.0123 "-" 22 0
Dec 2 08:33:09 np0005541911 container-server[121794]: 172.20.0.105 - - [02/Dec/2025:08:33:09 +0000] "PUT /d1/682/AUTH_497073c2347a4b2dbbf501873318fbd3/gnocchi.8fe2af1f-43cd-423a-83cb-b7c8ed26b471/1763640000.0_mean_300.0_v3" 201 - "PUT http://172.18.0.121:8080/d1/513/AUTH_497073c2347a4b2dbbf501873318fbd3/gnocchi.8fe2af1f-43cd-423a-83cb-b7c8ed26b471/1763640000.0_mean_300.0_v3" "txee7fe5831587430ca4ed8-00692ea445" "object-server 23" 0.0010 "-" 20 0
Dec 2 08:33:09 np0005541911 object-server[122304]: 172.20.0.103 - - [02/Dec/2025:08:33:09 +0000] "PUT /d1/513/AUTH_497073c2347a4b2dbbf501873318fbd3/gnocchi.8fe2af1f-43cd-423a-83cb-b7c8ed26b471/1763640000.0_mean_300.0_v3" 201 - "PUT http://172.18.0.121:8080/v1/AUTH_497073c2347a4b2dbbf501873318fbd3/gnocchi.8fe2af1f-43cd-423a-83cb-b7c8ed26b471/1763640000.0_mean_300.0_v3" "txee7fe5831587430ca4ed8-00692ea445" "proxy-server 20" 0.0142 "-" 23 0
Dec 2 08:33:09 np0005541911 object-server[122302]: 172.20.0.105 - - [02/Dec/2025:08:33:09 +0000] "PUT /d1/629/AUTH_497073c2347a4b2dbbf501873318fbd3/gnocchi.0b097e72-82e1-4a82-981d-0ba9200393f7/1763640000.0_mean_300.0_v3" 201 - "PUT http://172.18.0.121:8080/v1/AUTH_497073c2347a4b2dbbf501873318fbd3/gnocchi.0b097e72-82e1-4a82-981d-0ba9200393f7/1763640000.0_mean_300.0_v3" "tx65a5a64be9c24451aff14-00692ea445" "proxy-server 20" 0.0117 "-" 22 0
Dec 2 08:33:09 np0005541911 container-server[121818]: 172.20.0.104 - - [02/Dec/2025:08:33:09 +0000] "PUT /d1/284/AUTH_497073c2347a4b2dbbf501873318fbd3/gnocchi.0b097e72-82e1-4a82-981d-0ba9200393f7/1763640000.0_mean_300.0_v3" 201 - "PUT http://172.18.0.121:8080/d1/629/AUTH_497073c2347a4b2dbbf501873318fbd3/gnocchi.0b097e72-82e1-4a82-981d-0ba9200393f7/1763640000.0_mean_300.0_v3" "tx65a5a64be9c24451aff14-00692ea445" "object-server 24" 0.0006 "-" 22 0
Dec 2 08:33:09 np0005541911 proxy-server[123814]: 172.18.0.105 172.18.0.104 02/Dec/2025/08/33/09 PUT /v1/AUTH_497073c2347a4b2dbbf501873318fbd3/gnocchi.0b097e72-82e1-4a82-981d-0ba9200393f7/1763640000.0_mean_300.0_v3 HTTP/1.0 201 - python-swiftclient-3.11.1 gAAAAABpLqO0YxeR... 16 - - tx65a5a64be9c24451aff14-00692ea445 - 0.0263 - - 1764664389.113167763 1764664389.139475107 0
Dec 2 08:33:09 np0005541911 container-server[121794]: 172.20.0.104 - - [02/Dec/2025:08:33:09 +0000] "PUT /d1/1012/AUTH_497073c2347a4b2dbbf501873318fbd3/gnocchi.5084c030-e9b1-4bf2-995b-3ad7a43e1f6c/none_v3" 201 - "PUT http://172.18.0.121:8080/d1/34/AUTH_497073c2347a4b2dbbf501873318fbd3/gnocchi.5084c030-e9b1-4bf2-995b-3ad7a43e1f6c/none_v3" "tx4d944d2fe3044c0693745-00692ea445" "object-server 22" 0.0005 "-" 20 0
Dec 2 08:33:09 np0005541911 object-server[122305]: 172.20.0.104 - - [02/Dec/2025:08:33:09 +0000] "PUT /d1/34/AUTH_497073c2347a4b2dbbf501873318fbd3/gnocchi.5084c030-e9b1-4bf2-995b-3ad7a43e1f6c/none_v3" 201 - "PUT http://172.18.0.121:8080/v1/AUTH_497073c2347a4b2dbbf501873318fbd3/gnocchi.5084c030-e9b1-4bf2-995b-3ad7a43e1f6c/none_v3" "tx4d944d2fe3044c0693745-00692ea445" "proxy-server 20" 0.0110 "-" 24 0
Dec 2 08:33:09 np0005541911 object-server[122306]: 172.20.0.103 - - [02/Dec/2025:08:33:09 +0000] "PUT /d1/8/AUTH_497073c2347a4b2dbbf501873318fbd3/gnocchi.8fe2af1f-43cd-423a-83cb-b7c8ed26b471/none_v3" 201 - "PUT http://172.18.0.121:8080/v1/AUTH_497073c2347a4b2dbbf501873318fbd3/gnocchi.8fe2af1f-43cd-423a-83cb-b7c8ed26b471/none_v3" "tx2ed7c9715b8949f4abf2f-00692ea445" "proxy-server 20" 0.0131 "-" 25 0
Dec 2 08:33:09 np0005541911 container-server[121789]: 172.20.0.104 - - [02/Dec/2025:08:33:09 +0000] "PUT /d1/682/AUTH_497073c2347a4b2dbbf501873318fbd3/gnocchi.8fe2af1f-43cd-423a-83cb-b7c8ed26b471/none_v3" 201 - "PUT http://172.18.0.121:8080/d1/8/AUTH_497073c2347a4b2dbbf501873318fbd3/gnocchi.8fe2af1f-43cd-423a-83cb-b7c8ed26b471/none_v3" "tx2ed7c9715b8949f4abf2f-00692ea445" "object-server 23" 0.0005 "-" 19 0
Dec 2 08:33:09 np0005541911 object-server[122305]: 172.20.0.105 - - [02/Dec/2025:08:33:09 +0000] "PUT /d1/149/AUTH_497073c2347a4b2dbbf501873318fbd3/gnocchi.0b097e72-82e1-4a82-981d-0ba9200393f7/none_v3" 201 - "PUT http://172.18.0.121:8080/v1/AUTH_497073c2347a4b2dbbf501873318fbd3/gnocchi.0b097e72-82e1-4a82-981d-0ba9200393f7/none_v3" "tx6ca212d247744039b020c-00692ea445" "proxy-server 20" 0.0107 "-" 24 0
Dec 2 08:33:09 np0005541911 container-server[121794]: 172.20.0.103 - - [02/Dec/2025:08:33:09 +0000] "PUT /d1/284/AUTH_497073c2347a4b2dbbf501873318fbd3/gnocchi.0b097e72-82e1-4a82-981d-0ba9200393f7/none_v3" 201 - "PUT http://172.18.0.121:8080/d1/149/AUTH_497073c2347a4b2dbbf501873318fbd3/gnocchi.0b097e72-82e1-4a82-981d-0ba9200393f7/none_v3" "tx6ca212d247744039b020c-00692ea445" "object-server 22" 0.0004 "-" 20 0
Dec 2 08:33:09 np0005541911 proxy-server[123814]: 172.18.0.105 172.18.0.104 02/Dec/2025/08/33/09 PUT /v1/AUTH_497073c2347a4b2dbbf501873318fbd3/gnocchi.0b097e72-82e1-4a82-981d-0ba9200393f7/none_v3 HTTP/1.0 201 - python-swiftclient-3.11.1 gAAAAABpLqO0YxeR... 22 - - tx6ca212d247744039b020c-00692ea445 - 0.0198 - - 1764664389.143476725 1764664389.163271189 0
Dec 2 08:33:09 np0005541911 container-server[121789]: 172.20.0.104 - - [02/Dec/2025:08:33:09 +0000] "HEAD /d1/368/AUTH_497073c2347a4b2dbbf501873318fbd3/gnocchi.5eae7247-51a1-48a1-bc57-74888088b621" 404 - "HEAD http://172.18.0.121:8080/v1/AUTH_497073c2347a4b2dbbf501873318fbd3/gnocchi.5eae7247-51a1-48a1-bc57-74888088b621?format=json&states=listing" "tx21c5d7c5b73348f09d640-00692ea445" "proxy-server 20" 0.0004 "-" 19 0
Dec 2 08:33:09 np0005541911 container-server[121789]: 172.20.0.103 - - [02/Dec/2025:08:33:09 +0000] "HEAD /d1/542/AUTH_497073c2347a4b2dbbf501873318fbd3/gnocchi.9f146626-dc56-416e-ab40-62adce36f3ed" 404 - "HEAD http://172.18.0.121:8080/v1/AUTH_497073c2347a4b2dbbf501873318fbd3/gnocchi.9f146626-dc56-416e-ab40-62adce36f3ed?format=json&states=listing" "tx6b3a76ed0441440891e52-00692ea445" "proxy-server 20" 0.0005 "-" 19 0
Dec 2 08:33:09 np0005541911 object-server[122302]: 172.20.0.104 - - [02/Dec/2025:08:33:09 +0000] "GET /d1/786/AUTH_497073c2347a4b2dbbf501873318fbd3/gnocchi.5eae7247-51a1-48a1-bc57-74888088b621/none_v3" 404 70 "GET http://172.18.0.121:8080/v1/AUTH_497073c2347a4b2dbbf501873318fbd3/gnocchi.5eae7247-51a1-48a1-bc57-74888088b621/none_v3" "tx21c5d7c5b73348f09d640-00692ea445" "proxy-server 20" 0.0004 "-" 22 0
Dec 2 08:33:09 np0005541911 container-server[121794]: 172.20.0.105 - - [02/Dec/2025:08:33:09 +0000] "HEAD /d1/565/AUTH_497073c2347a4b2dbbf501873318fbd3/gnocchi.a84f9e15-acf9-46c7-9262-c209fcc4bcba" 404 - "HEAD http://172.18.0.121:8080/v1/AUTH_497073c2347a4b2dbbf501873318fbd3/gnocchi.a84f9e15-acf9-46c7-9262-c209fcc4bcba?format=json&states=listing" "txafee5008e3954b38bab37-00692ea445" "proxy-server 20" 0.0004 "-" 20 0
Dec 2 08:33:09 np0005541911 object-server[122306]: 172.20.0.103 - - [02/Dec/2025:08:33:09 +0000] "GET /d1/370/AUTH_497073c2347a4b2dbbf501873318fbd3/gnocchi.9f146626-dc56-416e-ab40-62adce36f3ed/none_v3" 404 70 "GET http://172.18.0.121:8080/v1/AUTH_497073c2347a4b2dbbf501873318fbd3/gnocchi.9f146626-dc56-416e-ab40-62adce36f3ed/none_v3" "tx6b3a76ed0441440891e52-00692ea445" "proxy-server 20" 0.0005 "-" 25 0
Dec 2 08:33:09 np0005541911 object-server[122302]: 172.20.0.105 - - [02/Dec/2025:08:33:09 +0000] "GET /d1/914/AUTH_497073c2347a4b2dbbf501873318fbd3/gnocchi.a84f9e15-acf9-46c7-9262-c209fcc4bcba/none_v3" 404 70 "GET http://172.18.0.121:8080/v1/AUTH_497073c2347a4b2dbbf501873318fbd3/gnocchi.a84f9e15-acf9-46c7-9262-c209fcc4bcba/none_v3" "txafee5008e3954b38bab37-00692ea445" "proxy-server 20" 0.0002 "-" 22 0
Dec 2 08:33:09 np0005541911 proxy-server[123814]: 172.18.0.121 172.18.0.104 02/Dec/2025/08/33/09 GET /v1/AUTH_497073c2347a4b2dbbf501873318fbd3/gnocchi.a84f9e15-acf9-46c7-9262-c209fcc4bcba/none_v3 HTTP/1.0 404 - python-swiftclient-3.11.1 gAAAAABpLqP99yKL... - 70 - txafee5008e3954b38bab37-00692ea445 - 0.0245 - - 1764664389.177957773 1764664389.202485085 0
Dec 2 08:33:09 np0005541911 account-server[121714]: 172.20.0.105 - - [02/Dec/2025:08:33:09 +0000] "PUT /d1/626/AUTH_497073c2347a4b2dbbf501873318fbd3/gnocchi.5eae7247-51a1-48a1-bc57-74888088b621" 201 - "PUT http://172.20.0.105:6001/d1/368/AUTH_497073c2347a4b2dbbf501873318fbd3/gnocchi.5eae7247-51a1-48a1-bc57-74888088b621" "txa46fa7a9695e4a35be734-00692ea445" "container-server 19" 0.0059 "-" 23 0
Dec 2 08:33:09 np0005541911 container-server[121789]: 172.20.0.104 - - [02/Dec/2025:08:33:09 +0000] "PUT /d1/368/AUTH_497073c2347a4b2dbbf501873318fbd3/gnocchi.5eae7247-51a1-48a1-bc57-74888088b621" 201 - "PUT http://172.18.0.121:8080/v1/AUTH_497073c2347a4b2dbbf501873318fbd3/gnocchi.5eae7247-51a1-48a1-bc57-74888088b621" "txa46fa7a9695e4a35be734-00692ea445" "proxy-server 20" 0.0218 "-" 19 0
Dec 2 08:33:09 np0005541911 account-server[121714]: 172.20.0.105 - - [02/Dec/2025:08:33:09 +0000] "PUT /d1/626/AUTH_497073c2347a4b2dbbf501873318fbd3/gnocchi.a84f9e15-acf9-46c7-9262-c209fcc4bcba" 201 - "PUT http://172.20.0.105:6001/d1/565/AUTH_497073c2347a4b2dbbf501873318fbd3/gnocchi.a84f9e15-acf9-46c7-9262-c209fcc4bcba" "txe180db33754244b5a431a-00692ea445" "container-server 22" 0.0059 "-" 23 0
Dec 2 08:33:09 np0005541911 container-server[121818]: 172.20.0.105 - - [02/Dec/2025:08:33:09 +0000] "PUT /d1/565/AUTH_497073c2347a4b2dbbf501873318fbd3/gnocchi.a84f9e15-acf9-46c7-9262-c209fcc4bcba" 201 - "PUT http://172.18.0.121:8080/v1/AUTH_497073c2347a4b2dbbf501873318fbd3/gnocchi.a84f9e15-acf9-46c7-9262-c209fcc4bcba" "txe180db33754244b5a431a-00692ea445" "proxy-server 20" 0.0168 "-" 22 0
Dec 2 08:33:09 np0005541911 object-server[218253]: Begin object audit "forever" mode (ZBF)
Dec 2 08:33:09 np0005541911 object-server[218253]: Object audit (ZBF). Since Tue Dec 2 08:33:09 2025: Locally: 1 passed, 0 quarantined, 0 errors, files/sec: 607.17, bytes/sec: 0.00, Total time: 0.00, Auditing time: 0.00, Rate: 0.00
Dec 2 08:33:09 np0005541911 account-server[121671]: 172.20.0.105 - - [02/Dec/2025:08:33:09 +0000] "PUT /d1/626/AUTH_497073c2347a4b2dbbf501873318fbd3/gnocchi.9f146626-dc56-416e-ab40-62adce36f3ed" 201 - "PUT http://172.20.0.105:6001/d1/542/AUTH_497073c2347a4b2dbbf501873318fbd3/gnocchi.9f146626-dc56-416e-ab40-62adce36f3ed" "txc1d2c75286d64b49b994b-00692ea445" "container-server 19" 0.0141 "-" 20 0
Dec 2 08:33:09 np0005541911 container-server[121789]: 172.20.0.103 - - [02/Dec/2025:08:33:09 +0000] "PUT /d1/542/AUTH_497073c2347a4b2dbbf501873318fbd3/gnocchi.9f146626-dc56-416e-ab40-62adce36f3ed" 201 - "PUT http://172.18.0.121:8080/v1/AUTH_497073c2347a4b2dbbf501873318fbd3/gnocchi.9f146626-dc56-416e-ab40-62adce36f3ed" "txc1d2c75286d64b49b994b-00692ea445" "proxy-server 20" 0.0261 "-" 19 0
Dec 2 08:33:09 np0005541911 proxy-server[123814]: 172.18.0.121 172.18.0.104 02/Dec/2025/08/33/09 PUT /v1/AUTH_497073c2347a4b2dbbf501873318fbd3/gnocchi.a84f9e15-acf9-46c7-9262-c209fcc4bcba HTTP/1.0 201 - python-swiftclient-3.11.1 gAAAAABpLqP99yKL... - - - txe180db33754244b5a431a-00692ea445 - 0.0472 - - 1764664389.207713842 1764664389.254871130 0
Dec 2 08:33:09 np0005541911 container-server[121818]: 172.20.0.105 - - [02/Dec/2025:08:33:09 +0000] "HEAD /d1/565/AUTH_497073c2347a4b2dbbf501873318fbd3/gnocchi.a84f9e15-acf9-46c7-9262-c209fcc4bcba" 204 - "HEAD http://172.18.0.121:8080/v1/AUTH_497073c2347a4b2dbbf501873318fbd3/gnocchi.a84f9e15-acf9-46c7-9262-c209fcc4bcba?format=json&states=listing" "tx2b1631a84a684e8c8af5b-00692ea445" "proxy-server 20" 0.0016 "-" 22 0
Dec 2 08:33:09 np0005541911 proxy-server[123814]: - - 02/Dec/2025/08/33/09 HEAD /v1/AUTH_497073c2347a4b2dbbf501873318fbd3/gnocchi.a84f9e15-acf9-46c7-9262-c209fcc4bcba%3Fformat%3Djson%26states%3Dlisting HTTP/1.0 204 - Swift - - - - tx2b1631a84a684e8c8af5b-00692ea445 - 0.0056 RL - 1764664389.261295795 1764664389.266849756 0
Dec 2 08:33:09 np0005541911 object-server[122305]: 172.20.0.104 - - [02/Dec/2025:08:33:09 +0000] "GET /d1/990/AUTH_497073c2347a4b2dbbf501873318fbd3/gnocchi.5eae7247-51a1-48a1-bc57-74888088b621/1763640000.0_mean_300.0_v3" 404 70 "GET http://172.18.0.121:8080/v1/AUTH_497073c2347a4b2dbbf501873318fbd3/gnocchi.5eae7247-51a1-48a1-bc57-74888088b621/1763640000.0_mean_300.0_v3" "tx8cd28be4361349918fd52-00692ea445" "proxy-server 20" 0.0005 "-" 24 0
Dec 2 08:33:09 np0005541911 proxy-server[123814]: 172.18.0.121 172.18.0.104 02/Dec/2025/08/33/09 GET /v1/AUTH_497073c2347a4b2dbbf501873318fbd3/gnocchi.a84f9e15-acf9-46c7-9262-c209fcc4bcba%3Fformat%3Djson%26states%3Dlisting HTTP/1.0 200 - python-swiftclient-3.11.1 gAAAAABpLqP99yKL... - 2 - tx2b1631a84a684e8c8af5b-00692ea445 - 0.0192 - - 1764664389.259470940 1764664389.278691769 0
Dec 2 08:33:09 np0005541911 object-server[122304]: 172.20.0.105 - - [02/Dec/2025:08:33:09 +0000] "GET /d1/263/AUTH_497073c2347a4b2dbbf501873318fbd3/gnocchi.a84f9e15-acf9-46c7-9262-c209fcc4bcba/1763640000.0_mean_300.0_v3" 404 70 "GET http://172.18.0.121:8080/v1/AUTH_497073c2347a4b2dbbf501873318fbd3/gnocchi.a84f9e15-acf9-46c7-9262-c209fcc4bcba/1763640000.0_mean_300.0_v3" "tx11da16c79b9446a79e4e2-00692ea445" "proxy-server 20" 0.0003 "-" 23 0
Dec 2 08:33:09 np0005541911 object-server[122306]: 172.20.0.103 - - [02/Dec/2025:08:33:09 +0000] "GET /d1/372/AUTH_497073c2347a4b2dbbf501873318fbd3/gnocchi.9f146626-dc56-416e-ab40-62adce36f3ed/1763640000.0_mean_300.0_v3" 404 70 "GET http://172.18.0.121:8080/v1/AUTH_497073c2347a4b2dbbf501873318fbd3/gnocchi.9f146626-dc56-416e-ab40-62adce36f3ed/1763640000.0_mean_300.0_v3" "txf6275c6aa5e749b39a31b-00692ea445" "proxy-server 20" 0.0007 "-" 25 0
Dec 2 08:33:09 np0005541911 object-server[122304]: 172.20.0.104 - - [02/Dec/2025:08:33:09 +0000] "PUT /d1/990/AUTH_497073c2347a4b2dbbf501873318fbd3/gnocchi.5eae7247-51a1-48a1-bc57-74888088b621/1763640000.0_mean_300.0_v3" 201 - "PUT http://172.18.0.121:8080/v1/AUTH_497073c2347a4b2dbbf501873318fbd3/gnocchi.5eae7247-51a1-48a1-bc57-74888088b621/1763640000.0_mean_300.0_v3" "tx767d850aaeef43438ef39-00692ea445" "proxy-server 20" 0.0109 "-" 23 0
Dec 2 08:33:09 np0005541911 container-server[121794]: 172.20.0.103 - - [02/Dec/2025:08:33:09 +0000] "PUT /d1/368/AUTH_497073c2347a4b2dbbf501873318fbd3/gnocchi.5eae7247-51a1-48a1-bc57-74888088b621/1763640000.0_mean_300.0_v3" 201 - "PUT http://172.18.0.121:8080/d1/990/AUTH_497073c2347a4b2dbbf501873318fbd3/gnocchi.5eae7247-51a1-48a1-bc57-74888088b621/1763640000.0_mean_300.0_v3" "tx767d850aaeef43438ef39-00692ea445" "object-server 22" 0.0008 "-" 20 0
Dec 2 08:33:09 np0005541911 proxy-server[123814]: 172.18.0.121 172.18.0.104 02/Dec/2025/08/33/09 GET /v1/AUTH_497073c2347a4b2dbbf501873318fbd3/gnocchi.a84f9e15-acf9-46c7-9262-c209fcc4bcba/1763640000.0_mean_300.0_v3 HTTP/1.0 404 - python-swiftclient-3.11.1 gAAAAABpLqP99yKL... - 70 - tx11da16c79b9446a79e4e2-00692ea445 - 0.0172 - - 1764664389.283675432 1764664389.300917149 0
Dec 2 08:33:09 np0005541911 container-server[121794]: 172.20.0.105 - - [02/Dec/2025:08:33:09 +0000] "PUT /d1/542/AUTH_497073c2347a4b2dbbf501873318fbd3/gnocchi.9f146626-dc56-416e-ab40-62adce36f3ed/1763640000.0_mean_300.0_v3" 201 - "PUT http://172.18.0.121:8080/d1/372/AUTH_497073c2347a4b2dbbf501873318fbd3/gnocchi.9f146626-dc56-416e-ab40-62adce36f3ed/1763640000.0_mean_300.0_v3" "tx28d77af3865243be8ab65-00692ea445" "object-server 25" 0.0008 "-" 20 0
Dec 2 08:33:09 np0005541911 object-server[122306]: 172.20.0.103 - - [02/Dec/2025:08:33:09 +0000] "PUT /d1/372/AUTH_497073c2347a4b2dbbf501873318fbd3/gnocchi.9f146626-dc56-416e-ab40-62adce36f3ed/1763640000.0_mean_300.0_v3" 201 - "PUT http://172.18.0.121:8080/v1/AUTH_497073c2347a4b2dbbf501873318fbd3/gnocchi.9f146626-dc56-416e-ab40-62adce36f3ed/1763640000.0_mean_300.0_v3" "tx28d77af3865243be8ab65-00692ea445" "proxy-server 20" 0.0129 "-" 25 0
Dec 2 08:33:09 np0005541911 object-server[122304]: 172.20.0.105 - - [02/Dec/2025:08:33:09 +0000] "PUT /d1/263/AUTH_497073c2347a4b2dbbf501873318fbd3/gnocchi.a84f9e15-acf9-46c7-9262-c209fcc4bcba/1763640000.0_mean_300.0_v3" 201 - "PUT http://172.18.0.121:8080/v1/AUTH_497073c2347a4b2dbbf501873318fbd3/gnocchi.a84f9e15-acf9-46c7-9262-c209fcc4bcba/1763640000.0_mean_300.0_v3" "txd0fa59db3649430285ad3-00692ea445" "proxy-server 20" 0.0132 "-" 23 0
Dec 2 08:33:09 np0005541911 container-server[121789]: 172.20.0.105 - - [02/Dec/2025:08:33:09 +0000] "PUT /d1/368/AUTH_497073c2347a4b2dbbf501873318fbd3/gnocchi.5eae7247-51a1-48a1-bc57-74888088b621/none_v3" 201 - "PUT http://172.18.0.121:8080/d1/786/AUTH_497073c2347a4b2dbbf501873318fbd3/gnocchi.5eae7247-51a1-48a1-bc57-74888088b621/none_v3" "tx4460d035c02e45db99597-00692ea445" "object-server 22" 0.0007 "-" 19 0
Dec 2 08:33:09 np0005541911 container-server[121818]: 172.20.0.103 - - [02/Dec/2025:08:33:09 +0000] "PUT /d1/565/AUTH_497073c2347a4b2dbbf501873318fbd3/gnocchi.a84f9e15-acf9-46c7-9262-c209fcc4bcba/1763640000.0_mean_300.0_v3" 201 - "PUT http://172.18.0.121:8080/d1/263/AUTH_497073c2347a4b2dbbf501873318fbd3/gnocchi.a84f9e15-acf9-46c7-9262-c209fcc4bcba/1763640000.0_mean_300.0_v3" "txd0fa59db3649430285ad3-00692ea445" "object-server 22" 0.0014 "-" 22 0
Dec 2 08:33:09 np0005541911 object-server[122302]: 172.20.0.104 - - [02/Dec/2025:08:33:09 +0000] "PUT /d1/786/AUTH_497073c2347a4b2dbbf501873318fbd3/gnocchi.5eae7247-51a1-48a1-bc57-74888088b621/none_v3" 201 - "PUT http://172.18.0.121:8080/v1/AUTH_497073c2347a4b2dbbf501873318fbd3/gnocchi.5eae7247-51a1-48a1-bc57-74888088b621/none_v3" "tx4460d035c02e45db99597-00692ea445" "proxy-server 20" 0.0132 "-" 22 0
Dec 2 08:33:09 np0005541911 proxy-server[123814]: 172.18.0.121 172.18.0.104 02/Dec/2025/08/33/09 PUT /v1/AUTH_497073c2347a4b2dbbf501873318fbd3/gnocchi.a84f9e15-acf9-46c7-9262-c209fcc4bcba/1763640000.0_mean_300.0_v3 HTTP/1.0 201 - python-swiftclient-3.11.1 gAAAAABpLqP99yKL... 16 - - txd0fa59db3649430285ad3-00692ea445 - 0.0294 - - 1764664389.304890156 1764664389.334315062 0
Dec 2 08:33:09 np0005541911 container-server[121818]: 172.20.0.104 - - [02/Dec/2025:08:33:09 +0000] "PUT /d1/542/AUTH_497073c2347a4b2dbbf501873318fbd3/gnocchi.9f146626-dc56-416e-ab40-62adce36f3ed/none_v3" 201 - "PUT http://172.18.0.121:8080/d1/370/AUTH_497073c2347a4b2dbbf501873318fbd3/gnocchi.9f146626-dc56-416e-ab40-62adce36f3ed/none_v3" "txdbeb7426eec54d1897b14-00692ea445" "object-server 23" 0.0013 "-" 22 0
Dec 2 08:33:09 np0005541911 object-server[122302]: 172.20.0.103 - - [02/Dec/2025:08:33:09 +0000] "PUT /d1/370/AUTH_497073c2347a4b2dbbf501873318fbd3/gnocchi.9f146626-dc56-416e-ab40-62adce36f3ed/none_v3" 201 - "PUT http://172.18.0.121:8080/v1/AUTH_497073c2347a4b2dbbf501873318fbd3/gnocchi.9f146626-dc56-416e-ab40-62adce36f3ed/none_v3" "txdbeb7426eec54d1897b14-00692ea445" "proxy-server 20" 0.0136 "-" 22 0
Dec 2 08:33:09 np0005541911 object-server[122304]: 172.20.0.104 - - [02/Dec/2025:08:33:09 +0000] "PUT /d1/914/AUTH_497073c2347a4b2dbbf501873318fbd3/gnocchi.a84f9e15-acf9-46c7-9262-c209fcc4bcba/none_v3" 201 - "PUT http://172.18.0.121:8080/v1/AUTH_497073c2347a4b2dbbf501873318fbd3/gnocchi.a84f9e15-acf9-46c7-9262-c209fcc4bcba/none_v3" "tx3c09c52c414f417ab6bbc-00692ea445" "proxy-server 20" 0.0104 "-" 23 0
Dec 2 08:33:09 np0005541911 container-server[121789]: 172.20.0.104 - - [02/Dec/2025:08:33:09 +0000] "PUT /d1/565/AUTH_497073c2347a4b2dbbf501873318fbd3/gnocchi.a84f9e15-acf9-46c7-9262-c209fcc4bcba/none_v3" 201 - "PUT http://172.18.0.121:8080/d1/914/AUTH_497073c2347a4b2dbbf501873318fbd3/gnocchi.a84f9e15-acf9-46c7-9262-c209fcc4bcba/none_v3" "tx3c09c52c414f417ab6bbc-00692ea445" "object-server 21" 0.0009 "-" 19 0
Dec 2 08:33:09 np0005541911 container-server[121794]: 172.20.0.105 - - [02/Dec/2025:08:33:09 +0000] "HEAD /d1/500/AUTH_497073c2347a4b2dbbf501873318fbd3/gnocchi.1cbcdd7a-19b9-436b-b6cc-d4b320de27a8" 404 - "HEAD http://172.18.0.121:8080/v1/AUTH_497073c2347a4b2dbbf501873318fbd3/gnocchi.1cbcdd7a-19b9-436b-b6cc-d4b320de27a8?format=json&states=listing" "txa62bf7b2b03a480a8dff2-00692ea445" "proxy-server 20" 0.0005 "-" 20 0
Dec 2 08:33:09 np0005541911 object-server[122306]: 172.20.0.105 - - [02/Dec/2025:08:33:09 +0000] "GET /d1/407/AUTH_497073c2347a4b2dbbf501873318fbd3/gnocchi.1cbcdd7a-19b9-436b-b6cc-d4b320de27a8/none_v3" 404 70 "GET http://172.18.0.121:8080/v1/AUTH_497073c2347a4b2dbbf501873318fbd3/gnocchi.1cbcdd7a-19b9-436b-b6cc-d4b320de27a8/none_v3" "txa62bf7b2b03a480a8dff2-00692ea445" "proxy-server 20" 0.0006 "-" 25 0
Dec 2 08:33:09 np0005541911 container-server[121794]: 172.20.0.104 - - [02/Dec/2025:08:33:09 +0000] "HEAD /d1/902/AUTH_497073c2347a4b2dbbf501873318fbd3/gnocchi.4f411340-6467-4bae-9d7e-9d5b273b0d2b" 404 - "HEAD http://172.18.0.121:8080/v1/AUTH_497073c2347a4b2dbbf501873318fbd3/gnocchi.4f411340-6467-4bae-9d7e-9d5b273b0d2b?format=json&states=listing" "tx8cd29d8addd34bcdb169d-00692ea445" "proxy-server 20" 0.0004 "-" 20 0
Dec 2 08:33:09 np0005541911 container-server[121803]: 172.20.0.103 - - [02/Dec/2025:08:33:09 +0000] "HEAD /d1/637/AUTH_497073c2347a4b2dbbf501873318fbd3/gnocchi.ea620841-f6f6-4ea7-84eb-b83ad5c40434" 404 - "HEAD http://172.18.0.121:8080/v1/AUTH_497073c2347a4b2dbbf501873318fbd3/gnocchi.ea620841-f6f6-4ea7-84eb-b83ad5c40434?format=json&states=listing" "tx1fb4686836ea4fa989024-00692ea445" "proxy-server 20" 0.0004 "-" 21 0
Dec 2 08:33:09 np0005541911 proxy-server[123814]: 172.18.0.103 172.18.0.104 02/Dec/2025/08/33/09 GET /v1/AUTH_497073c2347a4b2dbbf501873318fbd3/gnocchi.1cbcdd7a-19b9-436b-b6cc-d4b320de27a8/none_v3 HTTP/1.0 404 - python-swiftclient-3.11.1 gAAAAABpLqP19t9Q... - 70 - txa62bf7b2b03a480a8dff2-00692ea445 - 0.0349 - - 1764664389.349439144 1764664389.384323120 0
Dec 2 08:33:09 np0005541911 object-server[122305]: 172.20.0.103 - - [02/Dec/2025:08:33:09 +0000] "GET /d1/51/AUTH_497073c2347a4b2dbbf501873318fbd3/gnocchi.ea620841-f6f6-4ea7-84eb-b83ad5c40434/none_v3" 404 70 "GET http://172.18.0.121:8080/v1/AUTH_497073c2347a4b2dbbf501873318fbd3/gnocchi.ea620841-f6f6-4ea7-84eb-b83ad5c40434/none_v3" "tx1fb4686836ea4fa989024-00692ea445" "proxy-server 20" 0.0003 "-" 24 0
Dec 2 08:33:09 np0005541911 object-server[122304]: 172.20.0.104 - - [02/Dec/2025:08:33:09 +0000] "GET /d1/919/AUTH_497073c2347a4b2dbbf501873318fbd3/gnocchi.4f411340-6467-4bae-9d7e-9d5b273b0d2b/none_v3" 404 70 "GET http://172.18.0.121:8080/v1/AUTH_497073c2347a4b2dbbf501873318fbd3/gnocchi.4f411340-6467-4bae-9d7e-9d5b273b0d2b/none_v3" "tx8cd29d8addd34bcdb169d-00692ea445" "proxy-server 20" 0.0003 "-" 23 0
Dec 2 08:33:09 np0005541911 account-server[121686]: 172.20.0.105 - - [02/Dec/2025:08:33:09 +0000] "PUT /d1/626/AUTH_497073c2347a4b2dbbf501873318fbd3/gnocchi.1cbcdd7a-19b9-436b-b6cc-d4b320de27a8" 201 - "PUT http://172.20.0.105:6001/d1/500/AUTH_497073c2347a4b2dbbf501873318fbd3/gnocchi.1cbcdd7a-19b9-436b-b6cc-d4b320de27a8" "tx5c8e88c85fc844afa7d90-00692ea445" "container-server 21" 0.0049 "-" 22 0
Dec 2 08:33:09 np0005541911 container-server[121803]: 172.20.0.105 - - [02/Dec/2025:08:33:09 +0000] "PUT /d1/500/AUTH_497073c2347a4b2dbbf501873318fbd3/gnocchi.1cbcdd7a-19b9-436b-b6cc-d4b320de27a8" 201 - "PUT http://172.18.0.121:8080/v1/AUTH_497073c2347a4b2dbbf501873318fbd3/gnocchi.1cbcdd7a-19b9-436b-b6cc-d4b320de27a8" "tx5c8e88c85fc844afa7d90-00692ea445" "proxy-server 20" 0.0149 "-" 21 0
Dec 2 08:33:09 np0005541911 proxy-server[123814]: 172.18.0.103 172.18.0.104 02/Dec/2025/08/33/09 PUT /v1/AUTH_497073c2347a4b2dbbf501873318fbd3/gnocchi.1cbcdd7a-19b9-436b-b6cc-d4b320de27a8 HTTP/1.0 201 - python-swiftclient-3.11.1 gAAAAABpLqP19t9Q... - - - tx5c8e88c85fc844afa7d90-00692ea445 - 0.0365 - - 1764664389.388552189 1764664389.425047159 0
Dec 2 08:33:09 np0005541911 container-server[121794]: 172.20.0.105 - - [02/Dec/2025:08:33:09 +0000] "HEAD /d1/500/AUTH_497073c2347a4b2dbbf501873318fbd3/gnocchi.1cbcdd7a-19b9-436b-b6cc-d4b320de27a8" 204 - "HEAD http://172.18.0.121:8080/v1/AUTH_497073c2347a4b2dbbf501873318fbd3/gnocchi.1cbcdd7a-19b9-436b-b6cc-d4b320de27a8?format=json&states=listing" "tx4c2d61cebe894b16bbed9-00692ea445" "proxy-server 20" 0.0009 "-" 20 0
Dec 2 08:33:09 np0005541911 proxy-server[123814]: - - 02/Dec/2025/08/33/09 HEAD /v1/AUTH_497073c2347a4b2dbbf501873318fbd3/gnocchi.1cbcdd7a-19b9-436b-b6cc-d4b320de27a8%3Fformat%3Djson%26states%3Dlisting HTTP/1.0 204 - Swift - - - - tx4c2d61cebe894b16bbed9-00692ea445 - 0.0048 RL - 1764664389.433518648 1764664389.438351870 0
Dec 2 08:33:09 np0005541911 account-server[121714]: 172.20.0.104 - - [02/Dec/2025:08:33:09 +0000] "PUT /d1/626/AUTH_497073c2347a4b2dbbf501873318fbd3/gnocchi.ea620841-f6f6-4ea7-84eb-b83ad5c40434" 201 - "PUT http://172.20.0.104:6001/d1/637/AUTH_497073c2347a4b2dbbf501873318fbd3/gnocchi.ea620841-f6f6-4ea7-84eb-b83ad5c40434" "txd1ef31dac9b449bfacb25-00692ea445" "container-server 22" 0.0051 "-" 23 0
