Dec 2 08:38:09 np0005541910 container-server[121026]: 172.20.0.103 - - [02/Dec/2025:08:38:09 +0000] "PUT /d1/1012/AUTH_497073c2347a4b2dbbf501873318fbd3/gnocchi.5084c030-e9b1-4bf2-995b-3ad7a43e1f6c/none_v3" 201 - "PUT http://172.18.0.121:8080/d1/34/AUTH_497073c2347a4b2dbbf501873318fbd3/gnocchi.5084c030-e9b1-4bf2-995b-3ad7a43e1f6c/none_v3" "tx873087bf70064e0b94641-00692ea571" "object-server 24" 0.0009 "-" 23 0
Dec 2 08:38:09 np0005541910 object-server[121456]: 172.20.0.104 - - [02/Dec/2025:08:38:09 +0000] "PUT /d1/34/AUTH_497073c2347a4b2dbbf501873318fbd3/gnocchi.5084c030-e9b1-4bf2-995b-3ad7a43e1f6c/none_v3" 201 - "PUT http://172.18.0.121:8080/v1/AUTH_497073c2347a4b2dbbf501873318fbd3/gnocchi.5084c030-e9b1-4bf2-995b-3ad7a43e1f6c/none_v3" "tx873087bf70064e0b94641-00692ea571" "proxy-server 20" 0.0115 "-" 23 0
Dec 2 08:38:09 np0005541910 proxy-server[122903]: 172.18.0.103 172.18.0.104 02/Dec/2025/08/38/09 PUT /v1/AUTH_497073c2347a4b2dbbf501873318fbd3/gnocchi.5084c030-e9b1-4bf2-995b-3ad7a43e1f6c/none_v3 HTTP/1.0 201 - python-swiftclient-3.11.1 gAAAAABpLqP19t9Q... 22 - - tx873087bf70064e0b94641-00692ea571 - 0.0200 - - 1764664689.156419992 1764664689.176418066 0
Dec 2 08:38:09 np0005541910 container-server[121013]: 172.20.0.104 - - [02/Dec/2025:08:38:09 +0000] "GET /d1/807/AUTH_497073c2347a4b2dbbf501873318fbd3/gnocchi.8066c377-242c-49cc-b607-5f97997acc4c" 200 2 "GET http://172.18.0.121:8080/v1/AUTH_497073c2347a4b2dbbf501873318fbd3/gnocchi.8066c377-242c-49cc-b607-5f97997acc4c?format=json&marker=none_v3&states=listing" "tx9d352e0c4f9e45a7bc9bf-00692ea571" "proxy-server 20" 0.0039 "-" 21 0
Dec 2 08:38:09 np0005541910 proxy-server[122903]: 172.18.0.105 172.18.0.104 02/Dec/2025/08/38/09 GET /v1/AUTH_497073c2347a4b2dbbf501873318fbd3/gnocchi.8066c377-242c-49cc-b607-5f97997acc4c%3Fformat%3Djson%26marker%3Dnone_v3%26states%3Dlisting HTTP/1.0 200 - python-swiftclient-3.11.1 gAAAAABpLqO0YxeR... - 2 - tx9d352e0c4f9e45a7bc9bf-00692ea571 - 0.0109 - - 1764664689.186473846 1764664689.197407961 0
Dec 2 08:38:09 np0005541910 proxy-server[122903]: 172.18.0.103 172.18.0.104 02/Dec/2025/08/38/09 GET /v1/AUTH_497073c2347a4b2dbbf501873318fbd3/gnocchi.aa733041-fa18-4a3c-8227-f772e4afde17/none_v3 HTTP/1.0 200 - python-swiftclient-3.11.1 gAAAAABpLqP19t9Q... - 22 - tx8cc6717fa55b4753a6bea-00692ea571 - 0.0145 - - 1764664689.201445818 1764664689.215908051 0
Dec 2 08:38:09 np0005541910 container-server[121026]: 172.20.0.104 - - [02/Dec/2025:08:38:09 +0000] "GET /d1/531/AUTH_497073c2347a4b2dbbf501873318fbd3/gnocchi.aa733041-fa18-4a3c-8227-f772e4afde17" 200 357 "GET http://172.18.0.121:8080/v1/AUTH_497073c2347a4b2dbbf501873318fbd3/gnocchi.aa733041-fa18-4a3c-8227-f772e4afde17?format=json&states=listing" "tx4d3626d859a9495492d15-00692ea571" "proxy-server 20" 0.0033 "-" 23 0
Dec 2 08:38:09 np0005541910 proxy-server[122903]: 172.18.0.103 172.18.0.104 02/Dec/2025/08/38/09 GET /v1/AUTH_497073c2347a4b2dbbf501873318fbd3/gnocchi.aa733041-fa18-4a3c-8227-f772e4afde17%3Fformat%3Djson%26states%3Dlisting HTTP/1.0 200 - python-swiftclient-3.11.1 gAAAAABpLqP19t9Q... - 357 - tx4d3626d859a9495492d15-00692ea571 - 0.0106 - - 1764664689.219792366 1764664689.230351925 0
Dec 2 08:38:09 np0005541910 object-server[121456]: 172.20.0.103 - - [02/Dec/2025:08:38:09 +0000] "GET /d1/387/AUTH_497073c2347a4b2dbbf501873318fbd3/gnocchi.8066c377-242c-49cc-b607-5f97997acc4c/1763640000.0_rate%3Amean_300.0_v3" 404 70 "GET http://172.18.0.121:8080/v1/AUTH_497073c2347a4b2dbbf501873318fbd3/gnocchi.8066c377-242c-49cc-b607-5f97997acc4c/1763640000.0_rate%3Amean_300.0_v3" "txdb50545b485141428f5f5-00692ea571" "proxy-server 20" 0.0004 "-" 23 0
Dec 2 08:38:09 np0005541910 proxy-server[122903]: 172.18.0.103 172.18.0.104 02/Dec/2025/08/38/09 GET /v1/AUTH_497073c2347a4b2dbbf501873318fbd3/gnocchi.aa733041-fa18-4a3c-8227-f772e4afde17%3Fformat%3Djson%26marker%3Dnone_v3%26states%3Dlisting HTTP/1.0 200 - python-swiftclient-3.11.1 gAAAAABpLqP19t9Q... - 2 - tx5a06de476ed24bb98d00a-00692ea571 - 0.0089 - - 1764664689.233223200 1764664689.242154837 0
Dec 2 08:38:09 np0005541910 proxy-server[122903]: 172.18.0.103 172.18.0.104 02/Dec/2025/08/38/09 GET /v1/AUTH_497073c2347a4b2dbbf501873318fbd3/gnocchi.aa733041-fa18-4a3c-8227-f772e4afde17/1763640000.0_mean_300.0_v3 HTTP/1.0 200 - python-swiftclient-3.11.1 gAAAAABpLqP19t9Q... - 16 - txdb6eb49c3d0e46b3b54ce-00692ea571 - 0.0085 - - 1764664689.245699167 1764664689.254184961 0
Dec 2 08:38:09 np0005541910 container-server[121013]: 172.20.0.103 - - [02/Dec/2025:08:38:09 +0000] "PUT /d1/807/AUTH_497073c2347a4b2dbbf501873318fbd3/gnocchi.8066c377-242c-49cc-b607-5f97997acc4c/1763640000.0_mean_300.0_v3" 201 - "PUT http://172.18.0.121:8080/d1/23/AUTH_497073c2347a4b2dbbf501873318fbd3/gnocchi.8066c377-242c-49cc-b607-5f97997acc4c/1763640000.0_mean_300.0_v3" "tx8e77af8a0c0f42b3bca17-00692ea571" "object-server 24" 0.0009 "-" 21 0
Dec 2 08:38:09 np0005541910 object-server[121456]: 172.20.0.104 - - [02/Dec/2025:08:38:09 +0000] "GET /d1/677/AUTH_497073c2347a4b2dbbf501873318fbd3/gnocchi.aa733041-fa18-4a3c-8227-f772e4afde17/1763640000.0_rate%3Amean_300.0_v3" 404 70 "GET http://172.18.0.121:8080/v1/AUTH_497073c2347a4b2dbbf501873318fbd3/gnocchi.aa733041-fa18-4a3c-8227-f772e4afde17/1763640000.0_rate%3Amean_300.0_v3" "txa04d4790297b46668bc0b-00692ea571" "proxy-server 20" 0.0006 "-" 23 0
Dec 2 08:38:09 np0005541910 proxy-server[122903]: 172.18.0.103 172.18.0.104 02/Dec/2025/08/38/09 GET /v1/AUTH_497073c2347a4b2dbbf501873318fbd3/gnocchi.aa733041-fa18-4a3c-8227-f772e4afde17/1763640000.0_rate%253Amean_300.0_v3 HTTP/1.0 404 - python-swiftclient-3.11.1 gAAAAABpLqP19t9Q... - 70 - txa04d4790297b46668bc0b-00692ea571 - 0.0149 - - 1764664689.257016897 1764664689.271947622 0
Dec 2 08:38:09 np0005541910 object-server[121448]: 172.20.0.103 - - [02/Dec/2025:08:38:09 +0000] "PUT /d1/23/AUTH_497073c2347a4b2dbbf501873318fbd3/gnocchi.8066c377-242c-49cc-b607-5f97997acc4c/1763640000.0_mean_300.0_v3" 201 - "PUT http://172.18.0.121:8080/v1/AUTH_497073c2347a4b2dbbf501873318fbd3/gnocchi.8066c377-242c-49cc-b607-5f97997acc4c/1763640000.0_mean_300.0_v3" "tx8e77af8a0c0f42b3bca17-00692ea571" "proxy-server 20" 0.0379 "-" 21 0
Dec 2 08:38:09 np0005541910 container-server[121007]: 172.20.0.104 - - [02/Dec/2025:08:38:09 +0000] "PUT /d1/531/AUTH_497073c2347a4b2dbbf501873318fbd3/gnocchi.aa733041-fa18-4a3c-8227-f772e4afde17/1763640000.0_mean_300.0_v3" 201 - "PUT http://172.18.0.121:8080/d1/701/AUTH_497073c2347a4b2dbbf501873318fbd3/gnocchi.aa733041-fa18-4a3c-8227-f772e4afde17/1763640000.0_mean_300.0_v3" "tx38427025b69a425fbed16-00692ea571" "object-server 23" 0.0008 "-" 20 0
Dec 2 08:38:09 np0005541910 object-server[121456]: 172.20.0.104 - - [02/Dec/2025:08:38:09 +0000] "PUT /d1/701/AUTH_497073c2347a4b2dbbf501873318fbd3/gnocchi.aa733041-fa18-4a3c-8227-f772e4afde17/1763640000.0_mean_300.0_v3" 201 - "PUT http://172.18.0.121:8080/v1/AUTH_497073c2347a4b2dbbf501873318fbd3/gnocchi.aa733041-fa18-4a3c-8227-f772e4afde17/1763640000.0_mean_300.0_v3" "tx38427025b69a425fbed16-00692ea571" "proxy-server 20" 0.0126 "-" 23 0
Dec 2 08:38:09 np0005541910 proxy-server[122903]: 172.18.0.103 172.18.0.104 02/Dec/2025/08/38/09 PUT /v1/AUTH_497073c2347a4b2dbbf501873318fbd3/gnocchi.aa733041-fa18-4a3c-8227-f772e4afde17/1763640000.0_mean_300.0_v3 HTTP/1.0 201 - python-swiftclient-3.11.1 gAAAAABpLqP19t9Q... 24 - - tx38427025b69a425fbed16-00692ea571 - 0.0225 - - 1764664689.277768373 1764664689.300234556 0
Dec 2 08:38:09 np0005541910 container-server[121026]: 172.20.0.105 - - [02/Dec/2025:08:38:09 +0000] "PUT /d1/807/AUTH_497073c2347a4b2dbbf501873318fbd3/gnocchi.8066c377-242c-49cc-b607-5f97997acc4c/1763640000.0_rate%3Amean_300.0_v3" 201 - "PUT http://172.18.0.121:8080/d1/387/AUTH_497073c2347a4b2dbbf501873318fbd3/gnocchi.8066c377-242c-49cc-b607-5f97997acc4c/1763640000.0_rate%3Amean_300.0_v3" "tx9835bc83347647a884fe3-00692ea571" "object-server 24" 0.0010 "-" 23 0
Dec 2 08:38:09 np0005541910 container-server[121007]: 172.20.0.103 - - [02/Dec/2025:08:38:09 +0000] "PUT /d1/531/AUTH_497073c2347a4b2dbbf501873318fbd3/gnocchi.aa733041-fa18-4a3c-8227-f772e4afde17/1763640000.0_rate%3Amean_300.0_v3" 201 - "PUT http://172.18.0.121:8080/d1/677/AUTH_497073c2347a4b2dbbf501873318fbd3/gnocchi.aa733041-fa18-4a3c-8227-f772e4afde17/1763640000.0_rate%3Amean_300.0_v3" "txc8c569521b634adeb62c0-00692ea571" "object-server 22" 0.0007 "-" 20 0
Dec 2 08:38:09 np0005541910 object-server[121463]: 172.20.0.104 - - [02/Dec/2025:08:38:09 +0000] "PUT /d1/677/AUTH_497073c2347a4b2dbbf501873318fbd3/gnocchi.aa733041-fa18-4a3c-8227-f772e4afde17/1763640000.0_rate%3Amean_300.0_v3" 201 - "PUT http://172.18.0.121:8080/v1/AUTH_497073c2347a4b2dbbf501873318fbd3/gnocchi.aa733041-fa18-4a3c-8227-f772e4afde17/1763640000.0_rate%3Amean_300.0_v3" "txc8c569521b634adeb62c0-00692ea571" "proxy-server 20" 0.0130 "-" 24 0
Dec 2 08:38:09 np0005541910 object-server[121463]: 172.20.0.103 - - [02/Dec/2025:08:38:09 +0000] "PUT /d1/387/AUTH_497073c2347a4b2dbbf501873318fbd3/gnocchi.8066c377-242c-49cc-b607-5f97997acc4c/1763640000.0_rate%3Amean_300.0_v3" 201 - "PUT http://172.18.0.121:8080/v1/AUTH_497073c2347a4b2dbbf501873318fbd3/gnocchi.8066c377-242c-49cc-b607-5f97997acc4c/1763640000.0_rate%3Amean_300.0_v3" "tx9835bc83347647a884fe3-00692ea571" "proxy-server 20" 0.0191 "-" 24 0
Dec 2 08:38:09 np0005541910 proxy-server[122903]: 172.18.0.103 172.18.0.104 02/Dec/2025/08/38/09 PUT /v1/AUTH_497073c2347a4b2dbbf501873318fbd3/gnocchi.aa733041-fa18-4a3c-8227-f772e4afde17/1763640000.0_rate%253Amean_300.0_v3 HTTP/1.0 201 - python-swiftclient-3.11.1 gAAAAABpLqP19t9Q... 16 - - txc8c569521b634adeb62c0-00692ea571 - 0.0255 - - 1764664689.304016590 1764664689.329523563 0
Dec 2 08:38:09 np0005541910 container-server[121013]: 172.20.0.105 - - [02/Dec/2025:08:38:09 +0000] "PUT /d1/531/AUTH_497073c2347a4b2dbbf501873318fbd3/gnocchi.aa733041-fa18-4a3c-8227-f772e4afde17/none_v3" 201 - "PUT http://172.18.0.121:8080/d1/120/AUTH_497073c2347a4b2dbbf501873318fbd3/gnocchi.aa733041-fa18-4a3c-8227-f772e4afde17/none_v3" "tx540743603d304e00a4279-00692ea571" "object-server 23" 0.0008 "-" 21 0
Dec 2 08:38:09 np0005541910 container-server[121026]: 172.20.0.103 - - [02/Dec/2025:08:38:09 +0000] "PUT /d1/807/AUTH_497073c2347a4b2dbbf501873318fbd3/gnocchi.8066c377-242c-49cc-b607-5f97997acc4c/none_v3" 201 - "PUT http://172.18.0.121:8080/d1/686/AUTH_497073c2347a4b2dbbf501873318fbd3/gnocchi.8066c377-242c-49cc-b607-5f97997acc4c/none_v3" "tx4b30029eef32470fb4ecd-00692ea571" "object-server 24" 0.0009 "-" 23 0
Dec 2 08:38:09 np0005541910 object-server[121463]: 172.20.0.104 - - [02/Dec/2025:08:38:09 +0000] "PUT /d1/120/AUTH_497073c2347a4b2dbbf501873318fbd3/gnocchi.aa733041-fa18-4a3c-8227-f772e4afde17/none_v3" 201 - "PUT http://172.18.0.121:8080/v1/AUTH_497073c2347a4b2dbbf501873318fbd3/gnocchi.aa733041-fa18-4a3c-8227-f772e4afde17/none_v3" "tx540743603d304e00a4279-00692ea571" "proxy-server 20" 0.0139 "-" 24 0
Dec 2 08:38:09 np0005541910 proxy-server[122903]: 172.18.0.103 172.18.0.104 02/Dec/2025/08/38/09 PUT /v1/AUTH_497073c2347a4b2dbbf501873318fbd3/gnocchi.aa733041-fa18-4a3c-8227-f772e4afde17/none_v3 HTTP/1.0 201 - python-swiftclient-3.11.1 gAAAAABpLqP19t9Q... 33 - - tx540743603d304e00a4279-00692ea571 - 0.0258 - - 1764664689.334205389 1764664689.359993696 0
Dec 2 08:38:09 np0005541910 object-server[121463]: 172.20.0.103 - - [02/Dec/2025:08:38:09 +0000] "PUT /d1/686/AUTH_497073c2347a4b2dbbf501873318fbd3/gnocchi.8066c377-242c-49cc-b607-5f97997acc4c/none_v3" 201 - "PUT http://172.18.0.121:8080/v1/AUTH_497073c2347a4b2dbbf501873318fbd3/gnocchi.8066c377-242c-49cc-b607-5f97997acc4c/none_v3" "tx4b30029eef32470fb4ecd-00692ea571" "proxy-server 20" 0.0193 "-" 24 0
Dec 2 08:38:09 np0005541910 proxy-server[122903]: 172.18.0.103 172.18.0.104 02/Dec/2025/08/38/09 GET /v1/AUTH_497073c2347a4b2dbbf501873318fbd3/gnocchi.df7e0595-991d-46c5-ab58-680948adb2b6/none_v3 HTTP/1.0 200 - python-swiftclient-3.11.1 gAAAAABpLqP19t9Q... - 22 - txba6e56ac4d434563aea86-00692ea571 - 0.0159 - - 1764664689.381520748 1764664689.397394896 0
Dec 2 08:38:09 np0005541910 proxy-server[122903]: 172.18.0.103 172.18.0.104 02/Dec/2025/08/38/09 GET /v1/AUTH_497073c2347a4b2dbbf501873318fbd3/gnocchi.df7e0595-991d-46c5-ab58-680948adb2b6%3Fformat%3Djson%26states%3Dlisting HTTP/1.0 200 - python-swiftclient-3.11.1 gAAAAABpLqP19t9Q... - 357 - txda7f0a037f3848778aaf3-00692ea571 - 0.0109 - - 1764664689.403200150 1764664689.414057493 0
Dec 2 08:38:09 np0005541910 container-server[121026]: 172.20.0.104 - - [02/Dec/2025:08:38:09 +0000] "GET /d1/1017/AUTH_497073c2347a4b2dbbf501873318fbd3/gnocchi.df7e0595-991d-46c5-ab58-680948adb2b6" 200 2 "GET http://172.18.0.121:8080/v1/AUTH_497073c2347a4b2dbbf501873318fbd3/gnocchi.df7e0595-991d-46c5-ab58-680948adb2b6?format=json&marker=none_v3&states=listing" "txe422a441bbeb400d8cca8-00692ea571" "proxy-server 20" 0.0032 "-" 23 0
Dec 2 08:38:09 np0005541910 proxy-server[122903]: 172.18.0.103 172.18.0.104 02/Dec/2025/08/38/09 GET /v1/AUTH_497073c2347a4b2dbbf501873318fbd3/gnocchi.df7e0595-991d-46c5-ab58-680948adb2b6%3Fformat%3Djson%26marker%3Dnone_v3%26states%3Dlisting HTTP/1.0 200 - python-swiftclient-3.11.1 gAAAAABpLqP19t9Q... - 2 - txe422a441bbeb400d8cca8-00692ea571 - 0.0111 - - 1764664689.421299219 1764664689.432436943 0
Dec 2 08:38:09 np0005541910 proxy-server[122903]: 172.18.0.105 172.18.0.104 02/Dec/2025/08/38/09 GET /v1/AUTH_497073c2347a4b2dbbf501873318fbd3/gnocchi.5eae7247-51a1-48a1-bc57-74888088b621/1763640000.0_mean_300.0_v3 HTTP/1.0 200 - python-swiftclient-3.11.1 gAAAAABpLqO0YxeR... - 16 - tx253619336d1a48c2a5af3-00692ea571 - 0.0095 - - 1764664689.438355684 1764664689.447890282 0
Dec 2 08:38:09 np0005541910 object-server[121463]: 172.20.0.103 - - [02/Dec/2025:08:38:09 +0000] "GET /d1/966/AUTH_497073c2347a4b2dbbf501873318fbd3/gnocchi.df7e0595-991d-46c5-ab58-680948adb2b6/1763640000.0_mean_300.0_v3" 200 16 "GET http://172.18.0.121:8080/v1/AUTH_497073c2347a4b2dbbf501873318fbd3/gnocchi.df7e0595-991d-46c5-ab58-680948adb2b6/1763640000.0_mean_300.0_v3" "tx51004ff4fae240b19dad5-00692ea571" "proxy-server 20" 0.0016 "-" 24 0
Dec 2 08:38:09 np0005541910 object-server[121456]: 172.20.0.104 - - [02/Dec/2025:08:38:09 +0000] "GET /d1/113/AUTH_497073c2347a4b2dbbf501873318fbd3/gnocchi.5eae7247-51a1-48a1-bc57-74888088b621/1763640000.0_rate%3Amean_300.0_v3" 404 70 "GET http://172.18.0.121:8080/v1/AUTH_497073c2347a4b2dbbf501873318fbd3/gnocchi.5eae7247-51a1-48a1-bc57-74888088b621/1763640000.0_rate%3Amean_300.0_v3" "tx1a2667e3660545acba781-00692ea571" "proxy-server 20" 0.0004 "-" 23 0
Dec 2 08:38:09 np0005541910 object-server[121463]: 172.20.0.103 - - [02/Dec/2025:08:38:09 +0000] "GET /d1/758/AUTH_497073c2347a4b2dbbf501873318fbd3/gnocchi.df7e0595-991d-46c5-ab58-680948adb2b6/1763640000.0_rate%3Amean_300.0_v3" 404 70 "GET http://172.18.0.121:8080/v1/AUTH_497073c2347a4b2dbbf501873318fbd3/gnocchi.df7e0595-991d-46c5-ab58-680948adb2b6/1763640000.0_rate%3Amean_300.0_v3" "tx66576f9accf2441b8d546-00692ea571" "proxy-server 20" 0.0003 "-" 24 0
Dec 2 08:38:09 np0005541910 proxy-server[122903]: 172.18.0.105 172.18.0.104 02/Dec/2025/08/38/09 GET /v1/AUTH_497073c2347a4b2dbbf501873318fbd3/gnocchi.5eae7247-51a1-48a1-bc57-74888088b621/1763640000.0_rate%253Amean_300.0_v3 HTTP/1.0 404 - python-swiftclient-3.11.1 gAAAAABpLqO0YxeR... - 70 - tx1a2667e3660545acba781-00692ea571 - 0.0147 - - 1764664689.451483727 1764664689.466217041 0
Dec 2 08:38:09 np0005541910 container-server[121007]: 172.20.0.104 - - [02/Dec/2025:08:38:09 +0000] "PUT /d1/368/AUTH_497073c2347a4b2dbbf501873318fbd3/gnocchi.5eae7247-51a1-48a1-bc57-74888088b621/1763640000.0_mean_300.0_v3" 201 - "PUT http://172.18.0.121:8080/d1/990/AUTH_497073c2347a4b2dbbf501873318fbd3/gnocchi.5eae7247-51a1-48a1-bc57-74888088b621/1763640000.0_mean_300.0_v3" "tx11c67a07a9e740aca4672-00692ea571" "object-server 23" 0.0008 "-" 20 0
Dec 2 08:38:09 np0005541910 object-server[121456]: 172.20.0.104 - - [02/Dec/2025:08:38:09 +0000] "PUT /d1/990/AUTH_497073c2347a4b2dbbf501873318fbd3/gnocchi.5eae7247-51a1-48a1-bc57-74888088b621/1763640000.0_mean_300.0_v3" 201 - "PUT http://172.18.0.121:8080/v1/AUTH_497073c2347a4b2dbbf501873318fbd3/gnocchi.5eae7247-51a1-48a1-bc57-74888088b621/1763640000.0_mean_300.0_v3" "tx11c67a07a9e740aca4672-00692ea571" "proxy-server 20" 0.0169 "-" 23 0
Dec 2 08:38:09 np0005541910 proxy-server[122903]: 172.18.0.105 172.18.0.104 02/Dec/2025/08/38/09 PUT /v1/AUTH_497073c2347a4b2dbbf501873318fbd3/gnocchi.5eae7247-51a1-48a1-bc57-74888088b621/1763640000.0_mean_300.0_v3 HTTP/1.0 201 - python-swiftclient-3.11.1 gAAAAABpLqO0YxeR... 24 - - tx11c67a07a9e740aca4672-00692ea571 - 0.0233 - - 1764664689.469619751 1764664689.492894888 0
Dec 2 08:38:09 np0005541910 container-server[121026]: 172.20.0.103 - - [02/Dec/2025:08:38:09 +0000] "PUT /d1/1017/AUTH_497073c2347a4b2dbbf501873318fbd3/gnocchi.df7e0595-991d-46c5-ab58-680948adb2b6/1763640000.0_mean_300.0_v3" 201 - "PUT http://172.18.0.121:8080/d1/966/AUTH_497073c2347a4b2dbbf501873318fbd3/gnocchi.df7e0595-991d-46c5-ab58-680948adb2b6/1763640000.0_mean_300.0_v3" "tx9c3d5815ed9f46bd8726d-00692ea571" "object-server 25" 0.0009 "-" 23 0
Dec 2 08:38:09 np0005541910 object-server[121451]: 172.20.0.103 - - [02/Dec/2025:08:38:09 +0000] "PUT /d1/966/AUTH_497073c2347a4b2dbbf501873318fbd3/gnocchi.df7e0595-991d-46c5-ab58-680948adb2b6/1763640000.0_mean_300.0_v3" 201 - "PUT http://172.18.0.121:8080/v1/AUTH_497073c2347a4b2dbbf501873318fbd3/gnocchi.df7e0595-991d-46c5-ab58-680948adb2b6/1763640000.0_mean_300.0_v3" "tx9c3d5815ed9f46bd8726d-00692ea571" "proxy-server 20" 0.0157 "-" 22 0
Dec 2 08:38:09 np0005541910 container-server[121026]: 172.20.0.103 - - [02/Dec/2025:08:38:09 +0000] "PUT /d1/368/AUTH_497073c2347a4b2dbbf501873318fbd3/gnocchi.5eae7247-51a1-48a1-bc57-74888088b621/1763640000.0_rate%3Amean_300.0_v3" 201 - "PUT http://172.18.0.121:8080/d1/113/AUTH_497073c2347a4b2dbbf501873318fbd3/gnocchi.5eae7247-51a1-48a1-bc57-74888088b621/1763640000.0_rate%3Amean_300.0_v3" "txa89ae71073de4c10a3fec-00692ea571" "object-server 25" 0.0005 "-" 23 0
Dec 2 08:38:09 np0005541910 object-server[121451]: 172.20.0.104 - - [02/Dec/2025:08:38:09 +0000] "PUT /d1/113/AUTH_497073c2347a4b2dbbf501873318fbd3/gnocchi.5eae7247-51a1-48a1-bc57-74888088b621/1763640000.0_rate%3Amean_300.0_v3" 201 - "PUT http://172.18.0.121:8080/v1/AUTH_497073c2347a4b2dbbf501873318fbd3/gnocchi.5eae7247-51a1-48a1-bc57-74888088b621/1763640000.0_rate%3Amean_300.0_v3" "txa89ae71073de4c10a3fec-00692ea571" "proxy-server 20" 0.0147 "-" 22 0
Dec 2 08:38:09 np0005541910 proxy-server[122903]: 172.18.0.105 172.18.0.104 02/Dec/2025/08/38/09 PUT /v1/AUTH_497073c2347a4b2dbbf501873318fbd3/gnocchi.5eae7247-51a1-48a1-bc57-74888088b621/1763640000.0_rate%253Amean_300.0_v3 HTTP/1.0 201 - python-swiftclient-3.11.1 gAAAAABpLqO0YxeR... 16 - - txa89ae71073de4c10a3fec-00692ea571 - 0.0245 - - 1764664689.495924234 1764664689.520413637 0
Dec 2 08:38:09 np0005541910 object-server[121456]: 172.20.0.105 - - [02/Dec/2025:08:38:09 +0000] "GET /d1/914/AUTH_497073c2347a4b2dbbf501873318fbd3/gnocchi.a84f9e15-acf9-46c7-9262-c209fcc4bcba/none_v3" 200 22 "GET http://172.18.0.121:8080/v1/AUTH_497073c2347a4b2dbbf501873318fbd3/gnocchi.a84f9e15-acf9-46c7-9262-c209fcc4bcba/none_v3" "tx7277f357e7d64bd4894d7-00692ea570" "proxy-server 20" 0.0009 "-" 23 0
Dec 2 08:38:09 np0005541910 container-server[121013]: 172.20.0.104 - - [02/Dec/2025:08:38:09 +0000] "PUT /d1/1017/AUTH_497073c2347a4b2dbbf501873318fbd3/gnocchi.df7e0595-991d-46c5-ab58-680948adb2b6/1763640000.0_rate%3Amean_300.0_v3" 201 - "PUT http://172.18.0.121:8080/d1/758/AUTH_497073c2347a4b2dbbf501873318fbd3/gnocchi.df7e0595-991d-46c5-ab58-680948adb2b6/1763640000.0_rate%3Amean_300.0_v3" "tx1a370ca74aab4293a069a-00692ea571" "object-server 24" 0.0009 "-" 21 0
Dec 2 08:38:09 np0005541910 object-server[121463]: 172.20.0.103 - - [02/Dec/2025:08:38:09 +0000] "PUT /d1/758/AUTH_497073c2347a4b2dbbf501873318fbd3/gnocchi.df7e0595-991d-46c5-ab58-680948adb2b6/1763640000.0_rate%3Amean_300.0_v3" 201 - "PUT http://172.18.0.121:8080/v1/AUTH_497073c2347a4b2dbbf501873318fbd3/gnocchi.df7e0595-991d-46c5-ab58-680948adb2b6/1763640000.0_rate%3Amean_300.0_v3" "tx1a370ca74aab4293a069a-00692ea571" "proxy-server 20" 0.0152 "-" 24 0
Dec 2 08:38:09 np0005541910 proxy-server[122903]: 172.18.0.121 172.18.0.104 02/Dec/2025/08/38/09 GET /v1/AUTH_497073c2347a4b2dbbf501873318fbd3/gnocchi.a84f9e15-acf9-46c7-9262-c209fcc4bcba%3Fformat%3Djson%26marker%3Dnone_v3%26states%3Dlisting HTTP/1.0 200 - python-swiftclient-3.11.1 gAAAAABpLqP99yKL... - 2 - tx87bb6bede60d4e738f53a-00692ea571 - 0.0165 - - 1764664689.542037010 1764664689.558582306 0
Dec 2 08:38:09 np0005541910 container-server[121007]: 172.20.0.104 - - [02/Dec/2025:08:38:09 +0000] "PUT /d1/368/AUTH_497073c2347a4b2dbbf501873318fbd3/gnocchi.5eae7247-51a1-48a1-bc57-74888088b621/none_v3" 201 - "PUT http://172.18.0.121:8080/d1/786/AUTH_497073c2347a4b2dbbf501873318fbd3/gnocchi.5eae7247-51a1-48a1-bc57-74888088b621/none_v3" "tx13b48a852edc46b590481-00692ea571" "object-server 21" 0.0007 "-" 20 0
Dec 2 08:38:09 np0005541910 object-server[121448]: 172.20.0.105 - - [02/Dec/2025:08:38:09 +0000] "PUT /d1/786/AUTH_497073c2347a4b2dbbf501873318fbd3/gnocchi.5eae7247-51a1-48a1-bc57-74888088b621/none_v3" 201 - "PUT http://172.18.0.121:8080/v1/AUTH_497073c2347a4b2dbbf501873318fbd3/gnocchi.5eae7247-51a1-48a1-bc57-74888088b621/none_v3" "tx13b48a852edc46b590481-00692ea571" "proxy-server 20" 0.0145 "-" 21 0
Dec 2 08:38:09 np0005541910 container-server[121007]: 172.20.0.104 - - [02/Dec/2025:08:38:09 +0000] "PUT /d1/1017/AUTH_497073c2347a4b2dbbf501873318fbd3/gnocchi.df7e0595-991d-46c5-ab58-680948adb2b6/none_v3" 201 - "PUT http://172.18.0.121:8080/d1/542/AUTH_497073c2347a4b2dbbf501873318fbd3/gnocchi.df7e0595-991d-46c5-ab58-680948adb2b6/none_v3" "tx4d817a658f4d49f8a6993-00692ea571" "object-server 21" 0.0003 "-" 20 0
Dec 2 08:38:09 np0005541910 object-server[121448]: 172.20.0.103 - - [02/Dec/2025:08:38:09 +0000] "PUT /d1/542/AUTH_497073c2347a4b2dbbf501873318fbd3/gnocchi.df7e0595-991d-46c5-ab58-680948adb2b6/none_v3" 201 - "PUT http://172.18.0.121:8080/v1/AUTH_497073c2347a4b2dbbf501873318fbd3/gnocchi.df7e0595-991d-46c5-ab58-680948adb2b6/none_v3" "tx4d817a658f4d49f8a6993-00692ea571" "proxy-server 20" 0.0147 "-" 21 0
Dec 2 08:38:09 np0005541910 proxy-server[122903]: 172.18.0.121 172.18.0.104 02/Dec/2025/08/38/09 GET /v1/AUTH_497073c2347a4b2dbbf501873318fbd3/gnocchi.a84f9e15-acf9-46c7-9262-c209fcc4bcba/1763640000.0_mean_300.0_v3 HTTP/1.0 200 - python-swiftclient-3.11.1 gAAAAABpLqP99yKL... - 16 - txe7120fd7b9f7493e80370-00692ea571 - 0.0191 - - 1764664689.564841032 1764664689.583970785 0
Dec 2 08:38:09 np0005541910 object-server[121456]: 172.20.0.103 - - [02/Dec/2025:08:38:09 +0000] "GET /d1/454/AUTH_497073c2347a4b2dbbf501873318fbd3/gnocchi.a84f9e15-acf9-46c7-9262-c209fcc4bcba/1763640000.0_rate%3Amean_300.0_v3" 404 70 "GET http://172.18.0.121:8080/v1/AUTH_497073c2347a4b2dbbf501873318fbd3/gnocchi.a84f9e15-acf9-46c7-9262-c209fcc4bcba/1763640000.0_rate%3Amean_300.0_v3" "tx556941504f634012aa6ef-00692ea571" "proxy-server 20" 0.0003 "-" 23 0
Dec 2 08:38:09 np0005541910 proxy-server[122903]: 172.18.0.105 172.18.0.104 02/Dec/2025/08/38/09 GET /v1/AUTH_497073c2347a4b2dbbf501873318fbd3/gnocchi.4f411340-6467-4bae-9d7e-9d5b273b0d2b%3Fformat%3Djson%26states%3Dlisting HTTP/1.0 200 - python-swiftclient-3.11.1 gAAAAABpLqO0YxeR... - 357 - tx3a3101281962438f846c4-00692ea571 - 0.0137 - - 1764664689.598164082 1764664689.611819983 0
Dec 2 08:38:09 np0005541910 container-server[121013]: 172.20.0.103 - - [02/Dec/2025:08:38:09 +0000] "PUT /d1/565/AUTH_497073c2347a4b2dbbf501873318fbd3/gnocchi.a84f9e15-acf9-46c7-9262-c209fcc4bcba/1763640000.0_mean_300.0_v3" 201 - "PUT http://172.18.0.121:8080/d1/263/AUTH_497073c2347a4b2dbbf501873318fbd3/gnocchi.a84f9e15-acf9-46c7-9262-c209fcc4bcba/1763640000.0_mean_300.0_v3" "tx66d49ed06eae44b1ba18d-00692ea571" "object-server 23" 0.0010 "-" 21 0
Dec 2 08:38:09 np0005541910 object-server[121451]: 172.20.0.105 - - [02/Dec/2025:08:38:09 +0000] "PUT /d1/263/AUTH_497073c2347a4b2dbbf501873318fbd3/gnocchi.a84f9e15-acf9-46c7-9262-c209fcc4bcba/1763640000.0_mean_300.0_v3" 201 - "PUT http://172.18.0.121:8080/v1/AUTH_497073c2347a4b2dbbf501873318fbd3/gnocchi.a84f9e15-acf9-46c7-9262-c209fcc4bcba/1763640000.0_mean_300.0_v3" "tx66d49ed06eae44b1ba18d-00692ea571" "proxy-server 20" 0.0134 "-" 22 0
Dec 2 08:38:09 np0005541910 object-server[121463]: 172.20.0.103 - - [02/Dec/2025:08:38:09 +0000] "GET /d1/1022/AUTH_497073c2347a4b2dbbf501873318fbd3/gnocchi.4f411340-6467-4bae-9d7e-9d5b273b0d2b/1763640000.0_mean_300.0_v3" 200 16 "GET http://172.18.0.121:8080/v1/AUTH_497073c2347a4b2dbbf501873318fbd3/gnocchi.4f411340-6467-4bae-9d7e-9d5b273b0d2b/1763640000.0_mean_300.0_v3" "txe7ca0083ac914e88ab48d-00692ea571" "proxy-server 20" 0.0009 "-" 24 0
Dec 2 08:38:09 np0005541910 proxy-server[122903]: 172.18.0.103 172.18.0.104 02/Dec/2025/08/38/09 GET /v1/AUTH_497073c2347a4b2dbbf501873318fbd3/gnocchi.0b097e72-82e1-4a82-981d-0ba9200393f7/none_v3 HTTP/1.0 200 - python-swiftclient-3.11.1 gAAAAABpLqP19t9Q... - 22 - txf8e23a734deb409999902-00692ea571 - 0.0226 - - 1764664689.618717909 1764664689.641299486 0
Dec 2 08:38:09 np0005541910 object-server[121451]: 172.20.0.105 - - [02/Dec/2025:08:38:09 +0000] "PUT /d1/454/AUTH_497073c2347a4b2dbbf501873318fbd3/gnocchi.a84f9e15-acf9-46c7-9262-c209fcc4bcba/1763640000.0_rate%3Amean_300.0_v3" 201 - "PUT http://172.18.0.121:8080/v1/AUTH_497073c2347a4b2dbbf501873318fbd3/gnocchi.a84f9e15-acf9-46c7-9262-c209fcc4bcba/1763640000.0_rate%3Amean_300.0_v3" "txc3afff62f3684b5491d76-00692ea571" "proxy-server 20" 0.0109 "-" 22 0
Dec 2 08:38:09 np0005541910 container-server[121007]: 172.20.0.105 - - [02/Dec/2025:08:38:09 +0000] "PUT /d1/565/AUTH_497073c2347a4b2dbbf501873318fbd3/gnocchi.a84f9e15-acf9-46c7-9262-c209fcc4bcba/1763640000.0_rate%3Amean_300.0_v3" 201 - "PUT http://172.18.0.121:8080/d1/454/AUTH_497073c2347a4b2dbbf501873318fbd3/gnocchi.a84f9e15-acf9-46c7-9262-c209fcc4bcba/1763640000.0_rate%3Amean_300.0_v3" "txc3afff62f3684b5491d76-00692ea571" "object-server 25" 0.0005 "-" 20 0
Dec 2 08:38:09 np0005541910 object-server[121463]: 172.20.0.103 - - [02/Dec/2025:08:38:09 +0000] "GET /d1/896/AUTH_497073c2347a4b2dbbf501873318fbd3/gnocchi.4f411340-6467-4bae-9d7e-9d5b273b0d2b/1763640000.0_rate%3Amean_300.0_v3" 404 70 "GET http://172.18.0.121:8080/v1/AUTH_497073c2347a4b2dbbf501873318fbd3/gnocchi.4f411340-6467-4bae-9d7e-9d5b273b0d2b/1763640000.0_rate%3Amean_300.0_v3" "txaab08d6a500a4b8f90cde-00692ea571" "proxy-server 20" 0.0002 "-" 24 0
Dec 2 08:38:09 np0005541910 proxy-server[122903]: 172.18.0.103 172.18.0.104 02/Dec/2025/08/38/09 GET /v1/AUTH_497073c2347a4b2dbbf501873318fbd3/gnocchi.0b097e72-82e1-4a82-981d-0ba9200393f7%3Fformat%3Djson%26states%3Dlisting HTTP/1.0 200 - python-swiftclient-3.11.1 gAAAAABpLqP19t9Q... - 357 - txee3109b4fe86443c8352b-00692ea571 - 0.0106 - - 1764664689.647046089 1764664689.657694578 0
Dec 2 08:38:09 np0005541910 proxy-server[122903]: 172.18.0.103 172.18.0.104 02/Dec/2025/08/38/09 GET /v1/AUTH_497073c2347a4b2dbbf501873318fbd3/gnocchi.0b097e72-82e1-4a82-981d-0ba9200393f7%3Fformat%3Djson%26marker%3Dnone_v3%26states%3Dlisting HTTP/1.0 200 - python-swiftclient-3.11.1 gAAAAABpLqP19t9Q... - 2 - txe65e1a3fb4fb44c493cbf-00692ea571 - 0.0118 - - 1764664689.661702394 1764664689.673496008 0
Dec 2 08:38:09 np0005541910 container-server[121007]: 172.20.0.103 - - [02/Dec/2025:08:38:09 +0000] "PUT /d1/565/AUTH_497073c2347a4b2dbbf501873318fbd3/gnocchi.a84f9e15-acf9-46c7-9262-c209fcc4bcba/none_v3" 201 - "PUT http://172.18.0.121:8080/d1/914/AUTH_497073c2347a4b2dbbf501873318fbd3/gnocchi.a84f9e15-acf9-46c7-9262-c209fcc4bcba/none_v3" "txa0c657d3b329479681618-00692ea571" "object-server 25" 0.0005 "-" 20 0
Dec 2 08:38:09 np0005541910 container-server[121025]: 172.20.0.104 - - [02/Dec/2025:08:38:09 +0000] "PUT /d1/902/AUTH_497073c2347a4b2dbbf501873318fbd3/gnocchi.4f411340-6467-4bae-9d7e-9d5b273b0d2b/1763640000.0_mean_300.0_v3" 201 - "PUT http://172.18.0.121:8080/d1/1022/AUTH_497073c2347a4b2dbbf501873318fbd3/gnocchi.4f411340-6467-4bae-9d7e-9d5b273b0d2b/1763640000.0_mean_300.0_v3" "tx90f88b2225bd4b598dca1-00692ea571" "object-server 23" 0.0004 "-" 22 0
Dec 2 08:38:09 np0005541910 object-server[121456]: 172.20.0.103 - - [02/Dec/2025:08:38:09 +0000] "PUT /d1/1022/AUTH_497073c2347a4b2dbbf501873318fbd3/gnocchi.4f411340-6467-4bae-9d7e-9d5b273b0d2b/1763640000.0_mean_300.0_v3" 201 - "PUT http://172.18.0.121:8080/v1/AUTH_497073c2347a4b2dbbf501873318fbd3/gnocchi.4f411340-6467-4bae-9d7e-9d5b273b0d2b/1763640000.0_mean_300.0_v3" "tx90f88b2225bd4b598dca1-00692ea571" "proxy-server 20" 0.0094 "-" 23 0
Dec 2 08:38:09 np0005541910 object-server[121463]: 172.20.0.105 - - [02/Dec/2025:08:38:09 +0000] "PUT /d1/914/AUTH_497073c2347a4b2dbbf501873318fbd3/gnocchi.a84f9e15-acf9-46c7-9262-c209fcc4bcba/none_v3" 201 - "PUT http://172.18.0.121:8080/v1/AUTH_497073c2347a4b2dbbf501873318fbd3/gnocchi.a84f9e15-acf9-46c7-9262-c209fcc4bcba/none_v3" "txa0c657d3b329479681618-00692ea571" "proxy-server 20" 0.0141 "-" 24 0
Dec 2 08:38:09 np0005541910 proxy-server[122903]: 172.18.0.103 172.18.0.104 02/Dec/2025/08/38/09 GET /v1/AUTH_497073c2347a4b2dbbf501873318fbd3/gnocchi.0b097e72-82e1-4a82-981d-0ba9200393f7/1763640000.0_mean_300.0_v3 HTTP/1.0 200 - python-swiftclient-3.11.1 gAAAAABpLqP19t9Q... - 16 - tx9033d96e40844e708cb5f-00692ea571 - 0.0081 - - 1764664689.678784370 1764664689.686843872 0
Dec 2 08:38:09 np0005541910 object-server[121451]: 172.20.0.103 - - [02/Dec/2025:08:38:09 +0000] "GET /d1/586/AUTH_497073c2347a4b2dbbf501873318fbd3/gnocchi.0b097e72-82e1-4a82-981d-0ba9200393f7/1763640000.0_rate%3Amean_300.0_v3" 404 70 "GET http://172.18.0.121:8080/v1/AUTH_497073c2347a4b2dbbf501873318fbd3/gnocchi.0b097e72-82e1-4a82-981d-0ba9200393f7/1763640000.0_rate%3Amean_300.0_v3" "tx72974d4742954a038bbb8-00692ea571" "proxy-server 20" 0.0004 "-" 22 0
Dec 2 08:38:09 np0005541910 object-server[121456]: 172.20.0.105 - - [02/Dec/2025:08:38:09 +0000] "PUT /d1/896/AUTH_497073c2347a4b2dbbf501873318fbd3/gnocchi.4f411340-6467-4bae-9d7e-9d5b273b0d2b/1763640000.0_rate%3Amean_300.0_v3" 201 - "PUT http://172.18.0.121:8080/v1/AUTH_497073c2347a4b2dbbf501873318fbd3/gnocchi.4f411340-6467-4bae-9d7e-9d5b273b0d2b/1763640000.0_rate%3Amean_300.0_v3" "tx31324834bedc42a48baad-00692ea571" "proxy-server 20" 0.0126 "-" 23 0
Dec 2 08:38:09 np0005541910 container-server[121026]: 172.20.0.105 - - [02/Dec/2025:08:38:09 +0000] "PUT /d1/902/AUTH_497073c2347a4b2dbbf501873318fbd3/gnocchi.4f411340-6467-4bae-9d7e-9d5b273b0d2b/1763640000.0_rate%3Amean_300.0_v3" 201 - "PUT http://172.18.0.121:8080/d1/896/AUTH_497073c2347a4b2dbbf501873318fbd3/gnocchi.4f411340-6467-4bae-9d7e-9d5b273b0d2b/1763640000.0_rate%3Amean_300.0_v3" "tx31324834bedc42a48baad-00692ea571" "object-server 24" 0.0014 "-" 23 0
Dec 2 08:38:09 np0005541910 container-server[121007]: 172.20.0.103 - - [02/Dec/2025:08:38:09 +0000] "HEAD /d1/745/AUTH_497073c2347a4b2dbbf501873318fbd3/gnocchi.39960805-d346-4a13-9372-f097bcb99bc9" 204 - "HEAD http://172.18.0.121:8080/v1/AUTH_497073c2347a4b2dbbf501873318fbd3/gnocchi.39960805-d346-4a13-9372-f097bcb99bc9?format=json&states=listing" "tx4e1dd4c08a444b148b87a-00692ea571" "proxy-server 20" 0.0014 "-" 20 0
Dec 2 08:38:09 np0005541910 container-server[121007]: 172.20.0.103 - - [02/Dec/2025:08:38:09 +0000] "PUT /d1/284/AUTH_497073c2347a4b2dbbf501873318fbd3/gnocchi.0b097e72-82e1-4a82-981d-0ba9200393f7/1763640000.0_mean_300.0_v3" 201 - "PUT http://172.18.0.121:8080/d1/629/AUTH_497073c2347a4b2dbbf501873318fbd3/gnocchi.0b097e72-82e1-4a82-981d-0ba9200393f7/1763640000.0_mean_300.0_v3" "tx85df339b2916435698a72-00692ea571" "object-server 24" 0.0009 "-" 20 0
Dec 2 08:38:09 np0005541910 object-server[121451]: 172.20.0.104 - - [02/Dec/2025:08:38:09 +0000] "PUT /d1/629/AUTH_497073c2347a4b2dbbf501873318fbd3/gnocchi.0b097e72-82e1-4a82-981d-0ba9200393f7/1763640000.0_mean_300.0_v3" 201 - "PUT http://172.18.0.121:8080/v1/AUTH_497073c2347a4b2dbbf501873318fbd3/gnocchi.0b097e72-82e1-4a82-981d-0ba9200393f7/1763640000.0_mean_300.0_v3" "tx85df339b2916435698a72-00692ea571" "proxy-server 20" 0.0109 "-" 22 0
Dec 2 08:38:09 np0005541910 proxy-server[122903]: 172.18.0.103 172.18.0.104 02/Dec/2025/08/38/09 PUT /v1/AUTH_497073c2347a4b2dbbf501873318fbd3/gnocchi.0b097e72-82e1-4a82-981d-0ba9200393f7/1763640000.0_mean_300.0_v3 HTTP/1.0 201 - python-swiftclient-3.11.1 gAAAAABpLqP19t9Q... 24 - - tx85df339b2916435698a72-00692ea571 - 0.0200 - - 1764664689.714119673 1764664689.734131098 0
Dec 2 08:38:09 np0005541910 container-server[121026]: 172.20.0.104 - - [02/Dec/2025:08:38:09 +0000] "PUT /d1/902/AUTH_497073c2347a4b2dbbf501873318fbd3/gnocchi.4f411340-6467-4bae-9d7e-9d5b273b0d2b/none_v3" 201 - "PUT http://172.18.0.121:8080/d1/919/AUTH_497073c2347a4b2dbbf501873318fbd3/gnocchi.4f411340-6467-4bae-9d7e-9d5b273b0d2b/none_v3" "tx00178d5139914241afaca-00692ea571" "object-server 21" 0.0013 "-" 23 0
Dec 2 08:38:09 np0005541910 object-server[121448]: 172.20.0.105 - - [02/Dec/2025:08:38:09 +0000] "PUT /d1/919/AUTH_497073c2347a4b2dbbf501873318fbd3/gnocchi.4f411340-6467-4bae-9d7e-9d5b273b0d2b/none_v3" 201 - "PUT http://172.18.0.121:8080/v1/AUTH_497073c2347a4b2dbbf501873318fbd3/gnocchi.4f411340-6467-4bae-9d7e-9d5b273b0d2b/none_v3" "tx00178d5139914241afaca-00692ea571" "proxy-server 20" 0.0135 "-" 21 0
Dec 2 08:38:09 np0005541910 container-server[121025]: 172.20.0.103 - - [02/Dec/2025:08:38:09 +0000] "GET /d1/745/AUTH_497073c2347a4b2dbbf501873318fbd3/gnocchi.39960805-d346-4a13-9372-f097bcb99bc9" 200 357 "GET http://172.18.0.121:8080/v1/AUTH_497073c2347a4b2dbbf501873318fbd3/gnocchi.39960805-d346-4a13-9372-f097bcb99bc9?format=json&states=listing" "tx91ca674207c2417da5657-00692ea571" "proxy-server 20" 0.0031 "-" 22 0
Dec 2 08:38:09 np0005541910 container-server[121026]: 172.20.0.105 - - [02/Dec/2025:08:38:09 +0000] "PUT /d1/284/AUTH_497073c2347a4b2dbbf501873318fbd3/gnocchi.0b097e72-82e1-4a82-981d-0ba9200393f7/1763640000.0_rate%3Amean_300.0_v3" 201 - "PUT http://172.18.0.121:8080/d1/586/AUTH_497073c2347a4b2dbbf501873318fbd3/gnocchi.0b097e72-82e1-4a82-981d-0ba9200393f7/1763640000.0_rate%3Amean_300.0_v3" "tx28b28b43cd6f4757b0cab-00692ea571" "object-server 23" 0.0010 "-" 23 0
Dec 2 08:38:09 np0005541910 object-server[121456]: 172.20.0.104 - - [02/Dec/2025:08:38:09 +0000] "PUT /d1/586/AUTH_497073c2347a4b2dbbf501873318fbd3/gnocchi.0b097e72-82e1-4a82-981d-0ba9200393f7/1763640000.0_rate%3Amean_300.0_v3" 201 - "PUT http://172.18.0.121:8080/v1/AUTH_497073c2347a4b2dbbf501873318fbd3/gnocchi.0b097e72-82e1-4a82-981d-0ba9200393f7/1763640000.0_rate%3Amean_300.0_v3" "tx28b28b43cd6f4757b0cab-00692ea571" "proxy-server 20" 0.0140 "-" 23 0
Dec 2 08:38:09 np0005541910 proxy-server[122903]: 172.18.0.103 172.18.0.104 02/Dec/2025/08/38/09 PUT /v1/AUTH_497073c2347a4b2dbbf501873318fbd3/gnocchi.0b097e72-82e1-4a82-981d-0ba9200393f7/1763640000.0_rate%253Amean_300.0_v3 HTTP/1.0 201 - python-swiftclient-3.11.1 gAAAAABpLqP19t9Q... 16 - - tx28b28b43cd6f4757b0cab-00692ea571 - 0.0229 - - 1764664689.739914894 1764664689.762802601 0
Dec 2 08:38:09 np0005541910 container-server[121026]: 172.20.0.103 - - [02/Dec/2025:08:38:09 +0000] "PUT /d1/284/AUTH_497073c2347a4b2dbbf501873318fbd3/gnocchi.0b097e72-82e1-4a82-981d-0ba9200393f7/none_v3" 201 - "PUT http://172.18.0.121:8080/d1/149/AUTH_497073c2347a4b2dbbf501873318fbd3/gnocchi.0b097e72-82e1-4a82-981d-0ba9200393f7/none_v3" "txab3640a32f0a4ebd81222-00692ea571" "object-server 24" 0.0005 "-" 23 0
Dec 2 08:38:09 np0005541910 object-server[121456]: 172.20.0.104 - - [02/Dec/2025:08:38:09 +0000] "PUT /d1/149/AUTH_497073c2347a4b2dbbf501873318fbd3/gnocchi.0b097e72-82e1-4a82-981d-0ba9200393f7/none_v3" 201 - "PUT http://172.18.0.121:8080/v1/AUTH_497073c2347a4b2dbbf501873318fbd3/gnocchi.0b097e72-82e1-4a82-981d-0ba9200393f7/none_v3" "txab3640a32f0a4ebd81222-00692ea571" "proxy-server 20" 0.0117 "-" 23 0
Dec 2 08:38:09 np0005541910 object-server[121164]: Starting object replication pass.
Dec 2 08:38:09 np0005541910 proxy-server[122903]: 172.18.0.103 172.18.0.104 02/Dec/2025/08/38/09 PUT /v1/AUTH_497073c2347a4b2dbbf501873318fbd3/gnocchi.0b097e72-82e1-4a82-981d-0ba9200393f7/none_v3 HTTP/1.0 201 - python-swiftclient-3.11.1 gAAAAABpLqP19t9Q... 33 - - txab3640a32f0a4ebd81222-00692ea571 - 0.0221 - - 1764664689.767064810 1764664689.789156675 0
Dec 2 08:38:09 np0005541910 object-server[121456]: 172.20.0.105 - - [02/Dec/2025:08:38:09 +0000] "GET /d1/321/AUTH_497073c2347a4b2dbbf501873318fbd3/gnocchi.39960805-d346-4a13-9372-f097bcb99bc9/1763640000.0_rate%3Amean_300.0_v3" 404 70 "GET http://172.18.0.121:8080/v1/AUTH_497073c2347a4b2dbbf501873318fbd3/gnocchi.39960805-d346-4a13-9372-f097bcb99bc9/1763640000.0_rate%3Amean_300.0_v3" "tx399417fd79674d329a345-00692ea571" "proxy-server 20" 0.0004 "-" 23 0
Dec 2 08:38:09 np0005541910 container-server[121013]: 172.20.0.103 - - [02/Dec/2025:08:38:09 +0000] "HEAD /d1/500/AUTH_497073c2347a4b2dbbf501873318fbd3/gnocchi.1cbcdd7a-19b9-436b-b6cc-d4b320de27a8" 204 - "HEAD http://172.18.0.121:8080/v1/AUTH_497073c2347a4b2dbbf501873318fbd3/gnocchi.1cbcdd7a-19b9-436b-b6cc-d4b320de27a8?format=json&states=listing" "tx6dd90a3993814ae39b513-00692ea571" "proxy-server 20" 0.0014 "-" 21 0
Dec 2 08:38:09 np0005541910 object-server[121448]: 172.20.0.103 - - [02/Dec/2025:08:38:09 +0000] "GET /d1/407/AUTH_497073c2347a4b2dbbf501873318fbd3/gnocchi.1cbcdd7a-19b9-436b-b6cc-d4b320de27a8/none_v3" 200 22 "GET http://172.18.0.121:8080/v1/AUTH_497073c2347a4b2dbbf501873318fbd3/gnocchi.1cbcdd7a-19b9-436b-b6cc-d4b320de27a8/none_v3" "tx6dd90a3993814ae39b513-00692ea571" "proxy-server 20" 0.0012 "-" 21 0
Dec 2 08:38:09 np0005541910 container-server[121013]: 172.20.0.104 - - [02/Dec/2025:08:38:09 +0000] "PUT /d1/745/AUTH_497073c2347a4b2dbbf501873318fbd3/gnocchi.39960805-d346-4a13-9372-f097bcb99bc9/1763640000.0_mean_300.0_v3" 201 - "PUT http://172.18.0.121:8080/d1/971/AUTH_497073c2347a4b2dbbf501873318fbd3/gnocchi.39960805-d346-4a13-9372-f097bcb99bc9/1763640000.0_mean_300.0_v3" "tx05006e1158434d0d88062-00692ea571" "object-server 23" 0.0003 "-" 21 0
Dec 2 08:38:09 np0005541910 object-server[121456]: 172.20.0.104 - - [02/Dec/2025:08:38:09 +0000] "PUT /d1/971/AUTH_497073c2347a4b2dbbf501873318fbd3/gnocchi.39960805-d346-4a13-9372-f097bcb99bc9/1763640000.0_mean_300.0_v3" 201 - "PUT http://172.18.0.121:8080/v1/AUTH_497073c2347a4b2dbbf501873318fbd3/gnocchi.39960805-d346-4a13-9372-f097bcb99bc9/1763640000.0_mean_300.0_v3" "tx05006e1158434d0d88062-00692ea571" "proxy-server 20" 0.0120 "-" 23 0
Dec 2 08:38:09 np0005541910 proxy-server[122903]: 172.18.0.121 172.18.0.104 02/Dec/2025/08/38/09 PUT /v1/AUTH_497073c2347a4b2dbbf501873318fbd3/gnocchi.39960805-d346-4a13-9372-f097bcb99bc9/1763640000.0_mean_300.0_v3 HTTP/1.0 201 - python-swiftclient-3.11.1 gAAAAABpLqP99yKL... 27 - - tx05006e1158434d0d88062-00692ea571 - 0.0222 - - 1764664689.802353621 1764664689.824535131 0
Dec 2 08:38:09 np0005541910 container-server[121025]: 172.20.0.104 - - [02/Dec/2025:08:38:09 +0000] "PUT /d1/745/AUTH_497073c2347a4b2dbbf501873318fbd3/gnocchi.39960805-d346-4a13-9372-f097bcb99bc9/1763640000.0_rate%3Amean_300.0_v3" 201 - "PUT http://172.18.0.121:8080/d1/321/AUTH_497073c2347a4b2dbbf501873318fbd3/gnocchi.39960805-d346-4a13-9372-f097bcb99bc9/1763640000.0_rate%3Amean_300.0_v3" "tx0a12153322024b52859be-00692ea571" "object-server 22" 0.0009 "-" 22 0
Dec 2 08:38:09 np0005541910 object-server[121451]: 172.20.0.103 - - [02/Dec/2025:08:38:09 +0000] "PUT /d1/321/AUTH_497073c2347a4b2dbbf501873318fbd3/gnocchi.39960805-d346-4a13-9372-f097bcb99bc9/1763640000.0_rate%3Amean_300.0_v3" 201 - "PUT http://172.18.0.121:8080/v1/AUTH_497073c2347a4b2dbbf501873318fbd3/gnocchi.39960805-d346-4a13-9372-f097bcb99bc9/1763640000.0_rate%3Amean_300.0_v3" "tx0a12153322024b52859be-00692ea571" "proxy-server 20" 0.0108 "-" 22 0
Dec 2 08:38:09 np0005541910 proxy-server[122903]: 172.18.0.103 172.18.0.104 02/Dec/2025/08/38/09 GET /v1/AUTH_497073c2347a4b2dbbf501873318fbd3/gnocchi.1cbcdd7a-19b9-436b-b6cc-d4b320de27a8%3Fformat%3Djson%26marker%3Dnone_v3%26states%3Dlisting HTTP/1.0 200 - python-swiftclient-3.11.1 gAAAAABpLqP19t9Q... - 2 - txe324458cc1664084805fb-00692ea571 - 0.0133 - - 1764664689.842846394 1764664689.856099129 0
Dec 2 08:38:09 np0005541910 object-server[121451]: 172.20.0.104 - - [02/Dec/2025:08:38:09 +0000] "PUT /d1/458/AUTH_497073c2347a4b2dbbf501873318fbd3/gnocchi.39960805-d346-4a13-9372-f097bcb99bc9/none_v3" 201 - "PUT http://172.18.0.121:8080/v1/AUTH_497073c2347a4b2dbbf501873318fbd3/gnocchi.39960805-d346-4a13-9372-f097bcb99bc9/none_v3" "txa7efe6166a774359be15c-00692ea571" "proxy-server 20" 0.0119 "-" 22 0
Dec 2 08:38:09 np0005541910 container-server[121026]: 172.20.0.103 - - [02/Dec/2025:08:38:09 +0000] "PUT /d1/745/AUTH_497073c2347a4b2dbbf501873318fbd3/gnocchi.39960805-d346-4a13-9372-f097bcb99bc9/none_v3" 201 - "PUT http://172.18.0.121:8080/d1/458/AUTH_497073c2347a4b2dbbf501873318fbd3/gnocchi.39960805-d346-4a13-9372-f097bcb99bc9/none_v3" "txa7efe6166a774359be15c-00692ea571" "object-server 22" 0.0013 "-" 23 0
Dec 2 08:38:09 np0005541910 object-server[121456]: 172.20.0.103 - - [02/Dec/2025:08:38:09 +0000] "GET /d1/690/AUTH_497073c2347a4b2dbbf501873318fbd3/gnocchi.1cbcdd7a-19b9-436b-b6cc-d4b320de27a8/1763640000.0_rate%3Amean_300.0_v3" 404 70 "GET http://172.18.0.121:8080/v1/AUTH_497073c2347a4b2dbbf501873318fbd3/gnocchi.1cbcdd7a-19b9-436b-b6cc-d4b320de27a8/1763640000.0_rate%3Amean_300.0_v3" "tx48dca925a6714205bebe2-00692ea571" "proxy-server 20" 0.0004 "-" 23 0
Dec 2 08:38:09 np0005541910 proxy-server[122903]: 172.18.0.121 172.18.0.104 02/Dec/2025/08/38/09 PUT /v1/AUTH_497073c2347a4b2dbbf501873318fbd3/gnocchi.39960805-d346-4a13-9372-f097bcb99bc9/none_v3 HTTP/1.0 201 - python-swiftclient-3.11.1 gAAAAABpLqP99yKL... 34 - - txa7efe6166a774359be15c-00692ea571 - 0.0296 - - 1764664689.864099026 1764664689.893714190 0
Dec 2 08:38:09 np0005541910 container-server[121026]: 172.20.0.105 - - [02/Dec/2025:08:38:09 +0000] "PUT /d1/500/AUTH_497073c2347a4b2dbbf501873318fbd3/gnocchi.1cbcdd7a-19b9-436b-b6cc-d4b320de27a8/1763640000.0_mean_300.0_v3" 201 - "PUT http://172.18.0.121:8080/d1/571/AUTH_497073c2347a4b2dbbf501873318fbd3/gnocchi.1cbcdd7a-19b9-436b-b6cc-d4b320de27a8/1763640000.0_mean_300.0_v3" "txec393e9c19f0495fbb6e4-00692ea571" "object-server 24" 0.0007 "-" 23 0
Dec 2 08:38:09 np0005541910 object-server[121463]: 172.20.0.105 - - [02/Dec/2025:08:38:09 +0000] "PUT /d1/571/AUTH_497073c2347a4b2dbbf501873318fbd3/gnocchi.1cbcdd7a-19b9-436b-b6cc-d4b320de27a8/1763640000.0_mean_300.0_v3" 201 - "PUT http://172.18.0.121:8080/v1/AUTH_497073c2347a4b2dbbf501873318fbd3/gnocchi.1cbcdd7a-19b9-436b-b6cc-d4b320de27a8/1763640000.0_mean_300.0_v3" "txec393e9c19f0495fbb6e4-00692ea571" "proxy-server 20" 0.0157 "-" 24 0
Dec 2 08:38:09 np0005541910 container-server[121025]: 172.20.0.105 - - [02/Dec/2025:08:38:09 +0000] "PUT /d1/500/AUTH_497073c2347a4b2dbbf501873318fbd3/gnocchi.1cbcdd7a-19b9-436b-b6cc-d4b320de27a8/1763640000.0_rate%3Amean_300.0_v3" 201 - "PUT http://172.18.0.121:8080/d1/690/AUTH_497073c2347a4b2dbbf501873318fbd3/gnocchi.1cbcdd7a-19b9-436b-b6cc-d4b320de27a8/1763640000.0_rate%3Amean_300.0_v3" "tx9337c10042974eb484450-00692ea571" "object-server 22" 0.0010 "-" 22 0
Dec 2 08:38:09 np0005541910 object-server[121448]: 172.20.0.104 - - [02/Dec/2025:08:38:09 +0000] "PUT /d1/690/AUTH_497073c2347a4b2dbbf501873318fbd3/gnocchi.1cbcdd7a-19b9-436b-b6cc-d4b320de27a8/1763640000.0_rate%3Amean_300.0_v3" 201 - "PUT http://172.18.0.121:8080/v1/AUTH_497073c2347a4b2dbbf501873318fbd3/gnocchi.1cbcdd7a-19b9-436b-b6cc-d4b320de27a8/1763640000.0_rate%3Amean_300.0_v3" "tx9337c10042974eb484450-00692ea571" "proxy-server 20" 0.0131 "-" 21 0
Dec 2 08:38:09 np0005541910 proxy-server[122903]: 172.18.0.103 172.18.0.104 02/Dec/2025/08/38/09 PUT /v1/AUTH_497073c2347a4b2dbbf501873318fbd3/gnocchi.1cbcdd7a-19b9-436b-b6cc-d4b320de27a8/1763640000.0_rate%253Amean_300.0_v3 HTTP/1.0 201 - python-swiftclient-3.11.1 gAAAAABpLqP19t9Q... 16 - - tx9337c10042974eb484450-00692ea571 - 0.0255 - - 1764664689.936327934 1764664689.961834669 0
Dec 2 08:38:09 np0005541910 container-server[121025]: 172.20.0.103 - - [02/Dec/2025:08:38:09 +0000] "PUT /d1/500/AUTH_497073c2347a4b2dbbf501873318fbd3/gnocchi.1cbcdd7a-19b9-436b-b6cc-d4b320de27a8/none_v3" 201 - "PUT http://172.18.0.121:8080/d1/407/AUTH_497073c2347a4b2dbbf501873318fbd3/gnocchi.1cbcdd7a-19b9-436b-b6cc-d4b320de27a8/none_v3" "txada7fed70fde457f9f4ba-00692ea571" "object-server 22" 0.0008 "-" 22 0
Dec 2 08:38:09 np0005541910 object-server[121463]: 172.20.0.103 - - [02/Dec/2025:08:38:09 +0000] "PUT /d1/407/AUTH_497073c2347a4b2dbbf501873318fbd3/gnocchi.1cbcdd7a-19b9-436b-b6cc-d4b320de27a8/none_v3" 201 - "PUT http://172.18.0.121:8080/v1/AUTH_497073c2347a4b2dbbf501873318fbd3/gnocchi.1cbcdd7a-19b9-436b-b6cc-d4b320de27a8/none_v3" "txada7fed70fde457f9f4ba-00692ea571" "proxy-server 20" 0.0136 "-" 24 0
Dec 2 08:38:11 np0005541910 object-server[121164]: 53/53 (100.00%) partitions replicated in 1.40s (37.93/sec, 0s remaining)
Dec 2 08:38:11 np0005541910 object-server[121164]: 106 successes, 0 failures
Dec 2 08:38:11 np0005541910 object-server[121164]: 55 suffixes checked - 61.82% hashed, 0.00% synced
Dec 2 08:38:11 np0005541910 object-server[121164]: Partition times: max 0.0454s, min 0.0053s, med 0.0336s
Dec 2 08:38:11 np0005541910 object-server[121164]: Object replication complete. (0.02 minutes)
Dec 2 08:38:11 np0005541910 account-server[120610]: Beginning replication run
Dec 2 08:38:11 np0005541910 account-server[120610]: Replication run OVER
Dec 2 08:38:11 np0005541910 account-server[120610]: Attempted to replicate 1 dbs in 0.01719 seconds (58.17874/s)
Dec 2 08:38:11 np0005541910 account-server[120610]: Removed 0 dbs
Dec 2 08:38:11 np0005541910 account-server[120610]: 2 successes, 0 failures
Dec 2 08:38:11 np0005541910 account-server[120610]: diff:0 diff_capped:0 empty:0 hashmatch:0 no_change:2 remote_merge:0 rsync:0 ts_repl:0
Dec 2 08:38:16 np0005541910 object-server[250601]: Begin object audit "forever" mode (ZBF)
Dec 2 08:38:16 np0005541910 object-server[250602]: Begin object audit "forever" mode (ALL)
Dec 2 08:38:16 np0005541910 object-server[250601]: Object audit (ZBF). Since Tue Dec 2 08:38:16 2025: Locally: 1 passed, 0 quarantined, 0 errors, files/sec: 661.35, bytes/sec: 0.00, Total time: 0.00, Auditing time: 0.00, Rate: 0.00
Dec 2 08:38:16 np0005541910 object-server[250602]: Object audit (ALL). Since Tue Dec 2 08:38:16 2025: Locally: 1 passed, 0 quarantined, 0 errors, files/sec: 137.62, bytes/sec: 2201.95, Total time: 0.01, Auditing time: 0.00, Rate: 0.00
Dec 2 08:38:17 np0005541910 object-server[250601]: Object audit (ZBF) "forever" mode completed: 1.12s. Total quarantined: 0, Total errors: 0, Total files/sec: 50.80, Total bytes/sec: 0.00, Auditing time: 1.11, Rate: 0.99
Dec 2 08:38:19 np0005541910 object-server[250602]: Object audit (ALL) "forever" mode completed: 2.81s. Total quarantined: 0, Total errors: 0, Total files/sec: 20.30, Total bytes/sec: 470.44, Auditing time: 2.79, Rate: 0.99
Dec 2 08:38:19 np0005541910 account-server[120964]: 172.20.0.103 - - [02/Dec/2025:08:38:19 +0000] "PUT /d1/626/AUTH_497073c2347a4b2dbbf501873318fbd3/gnocchi.df7e0595-991d-46c5-ab58-680948adb2b6" 201 - "-" "-" "container-updater 2" 0.0011 "-" 21 0
Dec 2 08:38:20 np0005541910 account-server[120981]: 172.20.0.103 - - [02/Dec/2025:08:38:20 +0000] "PUT /d1/626/AUTH_497073c2347a4b2dbbf501873318fbd3/gnocchi.4f411340-6467-4bae-9d7e-9d5b273b0d2b" 201 - "-" "-" "container-updater 2" 0.0007 "-" 22 0
Dec 2 08:38:20 np0005541910 account-server[120981]: 172.20.0.103 - - [02/Dec/2025:08:38:20 +0000] "PUT /d1/626/AUTH_497073c2347a4b2dbbf501873318fbd3/gnocchi.8f240f26-142d-4151-bd38-13f126e4df57" 201 - "-" "-" "container-updater 2" 0.0006 "-" 22 0
Dec 2 08:38:20 np0005541910 account-server[120981]: 172.20.0.103 - - [02/Dec/2025:08:38:20 +0000] "PUT /d1/626/AUTH_497073c2347a4b2dbbf501873318fbd3/gnocchi.9f146626-dc56-416e-ab40-62adce36f3ed" 201 - "-" "-" "container-updater 2" 0.0006 "-" 22 0
Dec 2 08:38:20 np0005541910 account-server[120940]: 172.20.0.103 - - [02/Dec/2025:08:38:20 +0000] "PUT /d1/626/AUTH_497073c2347a4b2dbbf501873318fbd3/gnocchi.aa733041-fa18-4a3c-8227-f772e4afde17" 201 - "-" "-" "container-updater 2" 0.0012 "-" 20 0
Dec 2 08:38:20 np0005541910 account-server[120987]: 172.20.0.103 - - [02/Dec/2025:08:38:20 +0000] "PUT /d1/626/AUTH_497073c2347a4b2dbbf501873318fbd3/gnocchi.0b097e72-82e1-4a82-981d-0ba9200393f7" 201 - "-" "-" "container-updater 2" 0.0007 "-" 23 0
Dec 2 08:38:20 np0005541910 account-server[120964]: 172.20.0.103 - - [02/Dec/2025:08:38:20 +0000] "PUT /d1/626/AUTH_497073c2347a4b2dbbf501873318fbd3/gnocchi.5084c030-e9b1-4bf2-995b-3ad7a43e1f6c" 201 - "-" "-" "container-updater 2" 0.0008 "-" 21 0
Dec 2 08:38:21 np0005541910 account-server[120940]: 172.20.0.103 - - [02/Dec/2025:08:38:21 +0000] "PUT /d1/626/AUTH_497073c2347a4b2dbbf501873318fbd3/gnocchi.39960805-d346-4a13-9372-f097bcb99bc9" 201 - "-" "-" "container-updater 2" 0.0007 "-" 20 0
Dec 2 08:38:21 np0005541910 account-server[120940]: 172.20.0.103 - - [02/Dec/2025:08:38:21 +0000] "PUT /d1/626/AUTH_497073c2347a4b2dbbf501873318fbd3/gnocchi.8fe2af1f-43cd-423a-83cb-b7c8ed26b471" 201 - "-" "-" "container-updater 2" 0.0007 "-" 20 0
Dec 2 08:38:21 np0005541910 account-server[120964]: 172.20.0.103 - - [02/Dec/2025:08:38:21 +0000] "PUT /d1/626/AUTH_497073c2347a4b2dbbf501873318fbd3/gnocchi.1cbcdd7a-19b9-436b-b6cc-d4b320de27a8" 201 - "-" "-" "container-updater 2" 0.0007 "-" 21 0
Dec 2 08:38:21 np0005541910 container-server[120780]: Beginning replication run
Dec 2 08:38:21 np0005541910 account-server[120964]: 172.20.0.103 - - [02/Dec/2025:08:38:21 +0000] "PUT /d1/626/AUTH_497073c2347a4b2dbbf501873318fbd3/gnocchi.8066c377-242c-49cc-b607-5f97997acc4c" 201 - "-" "-" "container-updater 2" 0.0007 "-" 21 0
Dec 2 08:38:21 np0005541910 account-server[120987]: 172.20.0.103 - - [02/Dec/2025:08:38:21 +0000] "PUT /d1/626/AUTH_497073c2347a4b2dbbf501873318fbd3/gnocchi.ea620841-f6f6-4ea7-84eb-b83ad5c40434" 201 - "-" "-" "container-updater 2" 0.0008 "-" 23 0
