Dec 2 08:33:54 np0005541910 account-server[120940]: 172.20.0.104 - - [02/Dec/2025:08:33:54 +0000] "PUT /d1/626/AUTH_497073c2347a4b2dbbf501873318fbd3/gnocchi.1cbcdd7a-19b9-436b-b6cc-d4b320de27a8" 201 - "-" "-" "container-updater 2" 0.0009 "-" 20 0
Dec 2 08:33:54 np0005541910 container-server[121088]: Container update sweep completed: 2.11s
Dec 2 08:33:58 np0005541910 account-server[120987]: 172.20.0.105 - - [02/Dec/2025:08:33:58 +0000] "PUT /d1/626/AUTH_497073c2347a4b2dbbf501873318fbd3/gnocchi.8fe2af1f-43cd-423a-83cb-b7c8ed26b471" 201 - "-" "-" "container-updater 2" 0.0010 "-" 23 0
Dec 2 08:33:59 np0005541910 account-server[120940]: 172.20.0.105 - - [02/Dec/2025:08:33:59 +0000] "PUT /d1/626/AUTH_497073c2347a4b2dbbf501873318fbd3/gnocchi.8f240f26-142d-4151-bd38-13f126e4df57" 201 - "-" "-" "container-updater 2" 0.0011 "-" 20 0
Dec 2 08:33:59 np0005541910 account-server[120987]: 172.20.0.105 - - [02/Dec/2025:08:33:59 +0000] "PUT /d1/626/AUTH_497073c2347a4b2dbbf501873318fbd3/gnocchi.39960805-d346-4a13-9372-f097bcb99bc9" 201 - "-" "-" "container-updater 2" 0.0008 "-" 23 0
Dec 2 08:33:59 np0005541910 account-server[120987]: 172.20.0.105 - - [02/Dec/2025:08:33:59 +0000] "PUT /d1/626/AUTH_497073c2347a4b2dbbf501873318fbd3/gnocchi.9f146626-dc56-416e-ab40-62adce36f3ed" 201 - "-" "-" "container-updater 2" 0.0008 "-" 23 0
Dec 2 08:33:59 np0005541910 account-server[120964]: 172.20.0.105 - - [02/Dec/2025:08:33:59 +0000] "PUT /d1/626/AUTH_497073c2347a4b2dbbf501873318fbd3/gnocchi.4f411340-6467-4bae-9d7e-9d5b273b0d2b" 201 - "-" "-" "container-updater 2" 0.0008 "-" 21 0
Dec 2 08:33:59 np0005541910 account-server[120940]: 172.20.0.105 - - [02/Dec/2025:08:33:59 +0000] "PUT /d1/626/AUTH_497073c2347a4b2dbbf501873318fbd3/gnocchi.5eae7247-51a1-48a1-bc57-74888088b621" 201 - "-" "-" "container-updater 2" 0.0008 "-" 20 0
Dec 2 08:33:59 np0005541910 account-server[120964]: 172.20.0.105 - - [02/Dec/2025:08:33:59 +0000] "PUT /d1/626/AUTH_497073c2347a4b2dbbf501873318fbd3/gnocchi.8066c377-242c-49cc-b607-5f97997acc4c" 201 - "-" "-" "container-updater 2" 0.0007 "-" 21 0
Dec 2 08:33:59 np0005541910 account-server[120940]: 172.20.0.105 - - [02/Dec/2025:08:33:59 +0000] "PUT /d1/626/AUTH_497073c2347a4b2dbbf501873318fbd3/gnocchi.1cbcdd7a-19b9-436b-b6cc-d4b320de27a8" 201 - "-" "-" "container-updater 2" 0.0009 "-" 20 0
Dec 2 08:33:59 np0005541910 account-server[120940]: 172.20.0.105 - - [02/Dec/2025:08:33:59 +0000] "PUT /d1/626/AUTH_497073c2347a4b2dbbf501873318fbd3/gnocchi.aa341c8a-34ae-41de-9bc1-528198dca50e" 201 - "-" "-" "container-updater 2" 0.0007 "-" 20 0
Dec 2 08:33:59 np0005541910 account-server[120940]: 172.20.0.105 - - [02/Dec/2025:08:33:59 +0000] "PUT /d1/626/AUTH_497073c2347a4b2dbbf501873318fbd3/gnocchi.d9e1d6ea-e08c-41de-bcd0-88efa188da3a" 201 - "-" "-" "container-updater 2" 0.0011 "-" 20 0
Dec 2 08:33:59 np0005541910 account-server[120987]: 172.20.0.105 - - [02/Dec/2025:08:33:59 +0000] "PUT /d1/626/AUTH_497073c2347a4b2dbbf501873318fbd3/gnocchi.ddf19f68-2eb0-4238-8b7a-ba139ac243ca" 201 - "-" "-" "container-updater 2" 0.0010 "-" 23 0
Dec 2 08:33:59 np0005541910 account-server[120987]: 172.20.0.105 - - [02/Dec/2025:08:33:59 +0000] "PUT /d1/626/AUTH_497073c2347a4b2dbbf501873318fbd3/gnocchi.ea620841-f6f6-4ea7-84eb-b83ad5c40434" 201 - "-" "-" "container-updater 2" 0.0009 "-" 23 0
Dec 2 08:33:59 np0005541910 account-server[120940]: 172.20.0.105 - - [02/Dec/2025:08:33:59 +0000] "PUT /d1/626/AUTH_497073c2347a4b2dbbf501873318fbd3/gnocchi.df7e0595-991d-46c5-ab58-680948adb2b6" 201 - "-" "-" "container-updater 2" 0.0009 "-" 20 0
Dec 2 08:33:59 np0005541910 account-server[120964]: 172.20.0.105 - - [02/Dec/2025:08:33:59 +0000] "PUT /d1/626/AUTH_497073c2347a4b2dbbf501873318fbd3/gnocchi.5084c030-e9b1-4bf2-995b-3ad7a43e1f6c" 201 - "-" "-" "container-updater 2" 0.0011 "-" 21 0
Dec 2 08:34:00 np0005541910 account-server[120940]: 172.20.0.105 - - [02/Dec/2025:08:34:00 +0000] "PUT /d1/626/AUTH_497073c2347a4b2dbbf501873318fbd3/gnocchi.a84f9e15-acf9-46c7-9262-c209fcc4bcba" 201 - "-" "-" "container-updater 2" 0.0009 "-" 20 0
Dec 2 08:34:00 np0005541910 account-server[120981]: 172.20.0.105 - - [02/Dec/2025:08:34:00 +0000] "PUT /d1/626/AUTH_497073c2347a4b2dbbf501873318fbd3/gnocchi.58b99940-1fe3-45c1-9db3-3dfd3571631f" 201 - "-" "-" "container-updater 2" 0.0013 "-" 22 0
Dec 2 08:34:00 np0005541910 account-server[120940]: 172.20.0.105 - - [02/Dec/2025:08:34:00 +0000] "PUT /d1/626/AUTH_497073c2347a4b2dbbf501873318fbd3/gnocchi.8b68dd01-139f-4dc8-bcb3-91db0d82d14d" 201 - "-" "-" "container-updater 2" 0.0014 "-" 20 0
Dec 2 08:34:00 np0005541910 account-server[120940]: 172.20.0.105 - - [02/Dec/2025:08:34:00 +0000] "PUT /d1/626/AUTH_497073c2347a4b2dbbf501873318fbd3/gnocchi.3dc0d1a9-e1cc-494d-8b4a-cd1ce36d370f" 201 - "-" "-" "container-updater 2" 0.0042 "-" 20 0
Dec 2 08:34:00 np0005541910 account-server[120940]: 172.20.0.105 - - [02/Dec/2025:08:34:00 +0000] "PUT /d1/626/AUTH_497073c2347a4b2dbbf501873318fbd3/gnocchi.0b097e72-82e1-4a82-981d-0ba9200393f7" 201 - "-" "-" "container-updater 2" 0.0007 "-" 20 0
Dec 2 08:34:00 np0005541910 account-server[120987]: 172.20.0.105 - - [02/Dec/2025:08:34:00 +0000] "PUT /d1/626/AUTH_497073c2347a4b2dbbf501873318fbd3/gnocchi.63897728-c6fe-45f1-9592-f9328b3109ed" 201 - "-" "-" "container-updater 2" 0.0006 "-" 23 0
Dec 2 08:34:00 np0005541910 account-server[120964]: 172.20.0.105 - - [02/Dec/2025:08:34:00 +0000] "PUT /d1/626/AUTH_497073c2347a4b2dbbf501873318fbd3/gnocchi.aa733041-fa18-4a3c-8227-f772e4afde17" 201 - "-" "-" "container-updater 2" 0.0007 "-" 21 0
Dec 2 08:34:00 np0005541910 account-server[120964]: 172.20.0.105 - - [02/Dec/2025:08:34:00 +0000] "PUT /d1/626/AUTH_497073c2347a4b2dbbf501873318fbd3/gnocchi.42f52e77-9dfe-4e03-b5be-5c08383de9cd" 201 - "-" "-" "container-updater 2" 0.0011 "-" 21 0
Dec 2 08:34:01 np0005541910 account-server[120940]: 172.20.0.105 - - [02/Dec/2025:08:34:01 +0000] "HEAD /d1/813/.expiring_objects" 404 - "HEAD http://localhost/v1/.expiring_objects?format=json" "txe88f7e40484f4546a55c4-00692ea479" "proxy-server 2" 0.0016 "-" 20 -
Dec 2 08:34:06 np0005541910 object-server[121164]: Starting object replication pass.
Dec 2 08:34:06 np0005541910 object-server[121164]: 43/43 (100.00%) partitions replicated in 0.42s (101.71/sec, 0s remaining)
Dec 2 08:34:06 np0005541910 object-server[121164]: 86 successes, 0 failures
Dec 2 08:34:06 np0005541910 object-server[121164]: 44 suffixes checked - 0.00% hashed, 0.00% synced
Dec 2 08:34:06 np0005541910 object-server[121164]: Partition times: max 0.0146s, min 0.0068s, med 0.0086s
Dec 2 08:34:06 np0005541910 object-server[121164]: Object replication complete. (0.01 minutes)
Dec 2 08:34:08 np0005541910 object-server[226564]: Begin object audit "forever" mode (ALL)
Dec 2 08:34:08 np0005541910 object-server[226563]: Begin object audit "forever" mode (ZBF)
Dec 2 08:34:08 np0005541910 object-server[226563]: Object audit (ZBF). Since Tue Dec 2 08:34:08 2025: Locally: 1 passed, 0 quarantined, 0 errors, files/sec: 472.60, bytes/sec: 0.00, Total time: 0.00, Auditing time: 0.00, Rate: 0.00
Dec 2 08:34:08 np0005541910 object-server[226564]: Object audit (ALL). Since Tue Dec 2 08:34:08 2025: Locally: 1 passed, 0 quarantined, 0 errors, files/sec: 80.86, bytes/sec: 1293.76, Total time: 0.01, Auditing time: 0.00, Rate: 0.00
Dec 2 08:34:09 np0005541910 object-server[226563]: Object audit (ZBF) "forever" mode completed: 0.84s. Total quarantined: 0, Total errors: 0, Total files/sec: 52.11, Total bytes/sec: 0.00, Auditing time: 0.83, Rate: 0.98
Dec 2 08:34:10 np0005541910 object-server[226564]: Object audit (ALL) "forever" mode completed: 2.11s. Total quarantined: 0, Total errors: 0, Total files/sec: 20.81, Total bytes/sec: 400.12, Auditing time: 2.10, Rate: 0.99
Dec 2 08:34:11 np0005541910 account-server[120610]: Beginning replication run
Dec 2 08:34:11 np0005541910 account-server[120610]: Replication run OVER
Dec 2 08:34:11 np0005541910 account-server[120610]: Attempted to replicate 1 dbs in 0.05648 seconds (17.70530/s)
Dec 2 08:34:11 np0005541910 account-server[120610]: Removed 0 dbs
Dec 2 08:34:11 np0005541910 account-server[120610]: 2 successes, 0 failures
Dec 2 08:34:11 np0005541910 account-server[120610]: diff:0 diff_capped:0 empty:0 hashmatch:0 no_change:2 remote_merge:0 rsync:0 ts_repl:0
Dec 2 08:34:21 np0005541910 container-server[120780]: Beginning replication run
Dec 2 08:34:21 np0005541910 container-server[120780]: Replication run OVER
Dec 2 08:34:21 np0005541910 container-server[120780]: Attempted to replicate 22 dbs in 0.43933 seconds (50.07628/s)
Dec 2 08:34:21 np0005541910 container-server[120780]: Removed 0 dbs
Dec 2 08:34:21 np0005541910 container-server[120780]: 44 successes, 0 failures
Dec 2 08:34:21 np0005541910 container-server[120780]: diff:0 diff_capped:0 empty:0 hashmatch:0 no_change:44 remote_merge:0 rsync:0 ts_repl:0
Dec 2 08:34:31 np0005541910 account-server[120981]: 172.20.0.104 - - [02/Dec/2025:08:34:31 +0000] "HEAD /d1/813/.expiring_objects" 404 - "HEAD http://localhost/v1/.expiring_objects?format=json" "tx04307a3aab9a4f1ba1b57-00692ea496" "proxy-server 2" 0.0006 "-" 22 -
Dec 2 08:34:31 np0005541910 object-expirer[121109]: Pass completed in 0s; 0 objects expired (txn: tx04307a3aab9a4f1ba1b57-00692ea496)
Dec 2 08:34:36 np0005541910 object-server[121164]: Starting object replication pass.
Dec 2 08:34:37 np0005541910 object-server[121164]: 43/43 (100.00%) partitions replicated in 0.44s (98.16/sec, 0s remaining)
Dec 2 08:34:37 np0005541910 object-server[121164]: 86 successes, 0 failures
Dec 2 08:34:37 np0005541910 object-server[121164]: 44 suffixes checked - 0.00% hashed, 0.00% synced
Dec 2 08:34:37 np0005541910 object-server[121164]: Partition times: max 0.0219s, min 0.0063s, med 0.0094s
Dec 2 08:34:37 np0005541910 object-server[121164]: Object replication complete. (0.01 minutes)
Dec 2 08:34:39 np0005541910 object-server[226641]: Begin object audit "forever" mode (ZBF)
Dec 2 08:34:39 np0005541910 object-server[226641]: Object audit (ZBF). Since Tue Dec 2 08:34:39 2025: Locally: 1 passed, 0 quarantined, 0 errors, files/sec: 549.35, bytes/sec: 0.00, Total time: 0.00, Auditing time: 0.00, Rate: 0.00
Dec 2 08:34:40 np0005541910 object-server[226641]: Object audit (ZBF) "forever" mode completed: 0.84s. Total quarantined: 0, Total errors: 0, Total files/sec: 52.18, Total bytes/sec: 0.00, Auditing time: 0.83, Rate: 0.99
Dec 2 08:34:41 np0005541910 account-server[120610]: Beginning replication run
Dec 2 08:34:41 np0005541910 account-server[120610]: Replication run OVER
Dec 2 08:34:41 np0005541910 account-server[120610]: Attempted to replicate 1 dbs in 0.02483 seconds (40.27431/s)
Dec 2 08:34:41 np0005541910 account-server[120610]: Removed 0 dbs
Dec 2 08:34:41 np0005541910 account-server[120610]: 2 successes, 0 failures
Dec 2 08:34:41 np0005541910 account-server[120610]: diff:0 diff_capped:0 empty:0 hashmatch:0 no_change:2 remote_merge:0 rsync:0 ts_repl:0
Dec 2 08:34:51 np0005541910 container-server[120780]: Beginning replication run
Dec 2 08:34:51 np0005541910 container-server[120780]: Replication run OVER
Dec 2 08:34:51 np0005541910 container-server[120780]: Attempted to replicate 22 dbs in 0.43826 seconds (50.19814/s)
Dec 2 08:34:51 np0005541910 container-server[120780]: Removed 0 dbs
Dec 2 08:34:51 np0005541910 container-server[120780]: 44 successes, 0 failures
Dec 2 08:34:51 np0005541910 container-server[120780]: diff:0 diff_capped:0 empty:0 hashmatch:0 no_change:44 remote_merge:0 rsync:0 ts_repl:0
Dec 2 08:35:07 np0005541910 object-server[121164]: Starting object replication pass.
Dec 2 08:35:07 np0005541910 object-server[121164]: 43/43 (100.00%) partitions replicated in 0.65s (66.24/sec, 0s remaining)
Dec 2 08:35:07 np0005541910 object-server[121164]: 86 successes, 0 failures
Dec 2 08:35:07 np0005541910 object-server[121164]: 44 suffixes checked - 0.00% hashed, 0.00% synced
Dec 2 08:35:07 np0005541910 object-server[121164]: Partition times: max 0.2743s, min 0.0064s, med 0.0084s
Dec 2 08:35:07 np0005541910 object-server[121164]: Object replication complete. (0.01 minutes)
Dec 2 08:35:10 np0005541910 object-server[232525]: Begin object audit "forever" mode (ZBF)
Dec 2 08:35:10 np0005541910 object-server[232526]: Begin object audit "forever" mode (ALL)
Dec 2 08:35:10 np0005541910 object-server[232525]: Object audit (ZBF). Since Tue Dec 2 08:35:10 2025: Locally: 1 passed, 0 quarantined, 0 errors, files/sec: 389.05, bytes/sec: 0.00, Total time: 0.00, Auditing time: 0.00, Rate: 0.00
Dec 2 08:35:10 np0005541910 object-server[232526]: Object audit (ALL). Since Tue Dec 2 08:35:10 2025: Locally: 1 passed, 0 quarantined, 0 errors, files/sec: 101.74, bytes/sec: 1627.91, Total time: 0.01, Auditing time: 0.00, Rate: 0.00
Dec 2 08:35:11 np0005541910 account-server[120610]: Beginning replication run
Dec 2 08:35:11 np0005541910 account-server[120610]: Replication run OVER
Dec 2 08:35:11 np0005541910 account-server[120610]: Attempted to replicate 1 dbs in 0.01715 seconds (58.30814/s)
Dec 2 08:35:11 np0005541910 account-server[120610]: Removed 0 dbs
Dec 2 08:35:11 np0005541910 account-server[120610]: 2 successes, 0 failures
Dec 2 08:35:11 np0005541910 account-server[120610]: diff:0 diff_capped:0 empty:0 hashmatch:0 no_change:2 remote_merge:0 rsync:0 ts_repl:0
Dec 2 08:35:11 np0005541910 object-server[232525]: Object audit (ZBF) "forever" mode completed: 0.84s. Total quarantined: 0, Total errors: 0, Total files/sec: 52.14, Total bytes/sec: 0.00, Auditing time: 0.83, Rate: 0.99
Dec 2 08:35:12 np0005541910 object-server[232526]: Object audit (ALL) "forever" mode completed: 2.11s. Total quarantined: 0, Total errors: 0, Total files/sec: 20.83, Total bytes/sec: 400.48, Auditing time: 2.10, Rate: 0.99
Dec 2 08:35:17 np0005541910 account-server[120987]: 172.20.0.105 - - [02/Dec/2025:08:35:17 +0000] "HEAD /d1/813/.expiring_objects" 404 - "HEAD http://localhost/v1/.expiring_objects?format=json" "tx9c4b9c6c088b44158b5e1-00692ea4c5" "proxy-server 2" 0.0009 "-" 23 -
Dec 2 08:35:21 np0005541910 container-server[120780]: Beginning replication run
Dec 2 08:35:21 np0005541910 container-server[120780]: Replication run OVER
Dec 2 08:35:21 np0005541910 container-server[120780]: Attempted to replicate 22 dbs in 0.43775 seconds (50.25656/s)
Dec 2 08:35:21 np0005541910 container-server[120780]: Removed 0 dbs
Dec 2 08:35:21 np0005541910 container-server[120780]: 44 successes, 0 failures
Dec 2 08:35:21 np0005541910 container-server[120780]: diff:0 diff_capped:0 empty:0 hashmatch:0 no_change:44 remote_merge:0 rsync:0 ts_repl:0
Dec 2 08:35:25 np0005541910 account-server[120987]: 172.20.0.103 - - [02/Dec/2025:08:35:25 +0000] "HEAD /d1/813/.expiring_objects" 404 - "HEAD http://localhost/v1/.expiring_objects?format=json" "txa7d1d1b1d7b14d2886857-00692ea4cd" "proxy-server 2" 0.0012 "-" 23 -
Dec 2 08:35:37 np0005541910 object-server[121164]: Starting object replication pass.
Dec 2 08:35:38 np0005541910 object-server[121164]: 43/43 (100.00%) partitions replicated in 0.43s (100.86/sec, 0s remaining)
Dec 2 08:35:38 np0005541910 object-server[121164]: 86 successes, 0 failures
Dec 2 08:35:38 np0005541910 object-server[121164]: 44 suffixes checked - 0.00% hashed, 0.00% synced
Dec 2 08:35:38 np0005541910 object-server[121164]: Partition times: max 0.0165s, min 0.0071s, med 0.0089s
Dec 2 08:35:38 np0005541910 object-server[121164]: Object replication complete. (0.01 minutes)
Dec 2 08:35:41 np0005541910 account-server[120610]: Beginning replication run
Dec 2 08:35:41 np0005541910 account-server[120610]: Replication run OVER
Dec 2 08:35:41 np0005541910 account-server[120610]: Attempted to replicate 1 dbs in 0.01667 seconds (59.98768/s)
Dec 2 08:35:41 np0005541910 account-server[120610]: Removed 0 dbs
Dec 2 08:35:41 np0005541910 account-server[120610]: 2 successes, 0 failures
Dec 2 08:35:41 np0005541910 account-server[120610]: diff:0 diff_capped:0 empty:0 hashmatch:0 no_change:2 remote_merge:0 rsync:0 ts_repl:0
Dec 2 08:35:41 np0005541910 object-server[232552]: Begin object audit "forever" mode (ZBF)
Dec 2 08:35:41 np0005541910 object-server[232552]: Object audit (ZBF). Since Tue Dec 2 08:35:41 2025: Locally: 1 passed, 0 quarantined, 0 errors, files/sec: 455.75, bytes/sec: 0.00, Total time: 0.00, Auditing time: 0.00, Rate: 0.00
Dec 2 08:35:42 np0005541910 object-server[232552]: Object audit (ZBF) "forever" mode completed: 0.84s. Total quarantined: 0, Total errors: 0, Total files/sec: 52.15, Total bytes/sec: 0.00, Auditing time: 0.83, Rate: 0.99
Dec 2 08:35:51 np0005541910 container-server[120780]: Beginning replication run
Dec 2 08:35:51 np0005541910 container-server[120780]: Replication run OVER
Dec 2 08:35:51 np0005541910 container-server[120780]: Attempted to replicate 22 dbs in 0.43702 seconds (50.34093/s)
Dec 2 08:35:51 np0005541910 container-server[120780]: Removed 0 dbs
Dec 2 08:35:51 np0005541910 container-server[120780]: 44 successes, 0 failures
Dec 2 08:35:51 np0005541910 container-server[120780]: diff:0 diff_capped:0 empty:0 hashmatch:0 no_change:44 remote_merge:0 rsync:0 ts_repl:0
Dec 2 08:36:08 np0005541910 object-server[121164]: Starting object replication pass.
Dec 2 08:36:08 np0005541910 object-server[121164]: 43/43 (100.00%) partitions replicated in 0.40s (107.05/sec, 0s remaining)
Dec 2 08:36:08 np0005541910 object-server[121164]: 86 successes, 0 failures
Dec 2 08:36:08 np0005541910 object-server[121164]: 44 suffixes checked - 0.00% hashed, 0.00% synced
Dec 2 08:36:08 np0005541910 object-server[121164]: Partition times: max 0.0136s, min 0.0065s, med 0.0087s
Dec 2 08:36:08 np0005541910 object-server[121164]: Object replication complete. (0.01 minutes)
Dec 2 08:36:09 np0005541910 account-server[120987]: 172.20.0.103 - - [02/Dec/2025:08:36:09 +0000] "HEAD /d1/813/.expiring_objects" 404 - "HEAD http://localhost/v1/.expiring_objects?format=json" "txa4207811a9ff4c00bd0df-00692ea4f9" "proxy-server 2" 0.0008 "-" 23 -
Dec 2 08:36:11 np0005541910 account-server[120610]: Beginning replication run
Dec 2 08:36:11 np0005541910 account-server[120610]: Replication run OVER
Dec 2 08:36:11 np0005541910 account-server[120610]: Attempted to replicate 1 dbs in 0.01703 seconds (58.73518/s)
Dec 2 08:36:11 np0005541910 account-server[120610]: Removed 0 dbs
Dec 2 08:36:11 np0005541910 account-server[120610]: 2 successes, 0 failures
Dec 2 08:36:11 np0005541910 account-server[120610]: diff:0 diff_capped:0 empty:0 hashmatch:0 no_change:2 remote_merge:0 rsync:0 ts_repl:0
Dec 2 08:36:12 np0005541910 object-server[238730]: Begin object audit "forever" mode (ALL)
Dec 2 08:36:12 np0005541910 object-server[238729]: Begin object audit "forever" mode (ZBF)
Dec 2 08:36:12 np0005541910 object-server[238729]: Object audit (ZBF). Since Tue Dec 2 08:36:12 2025: Locally: 1 passed, 0 quarantined, 0 errors, files/sec: 597.82, bytes/sec: 0.00, Total time: 0.00, Auditing time: 0.00, Rate: 0.00
Dec 2 08:36:12 np0005541910 object-server[238730]: Object audit (ALL). Since Tue Dec 2 08:36:12 2025: Locally: 1 passed, 0 quarantined, 0 errors, files/sec: 140.56, bytes/sec: 2248.88, Total time: 0.01, Auditing time: 0.00, Rate: 0.00
Dec 2 08:36:13 np0005541910 object-server[238729]: Object audit (ZBF) "forever" mode completed: 0.84s. Total quarantined: 0, Total errors: 0, Total files/sec: 52.18, Total bytes/sec: 0.00, Auditing time: 0.83, Rate: 0.99
Dec 2 08:36:14 np0005541910 object-server[238730]: Object audit (ALL) "forever" mode completed: 2.11s. Total quarantined: 0, Total errors: 0, Total files/sec: 20.86, Total bytes/sec: 401.10, Auditing time: 2.10, Rate: 0.99
Dec 2 08:36:20 np0005541910 object-server[121403]: Begin object update sweep
Dec 2 08:36:20 np0005541910 object-server[239153]: Object update sweep starting on /srv/node/d1 (pid: 15)
Dec 2 08:36:20 np0005541910 object-server[239153]: Object update sweep completed on /srv/node/d1 in 0.00s seconds:, 0 successes, 0 failures, 0 quarantines, 0 unlinks, 0 errors, 0 redirects (pid: 15)
Dec 2 08:36:20 np0005541910 object-server[239153]: Object update sweep of d1 completed: 0.00s, 0 successes, 0 failures, 0 quarantines, 0 unlinks, 0 errors, 0 redirects
Dec 2 08:36:20 np0005541910 object-server[121403]: Object update sweep completed: 0.09s
Dec 2 08:36:21 np0005541910 container-server[120780]: Beginning replication run
Dec 2 08:36:21 np0005541910 container-server[120780]: Replication run OVER
Dec 2 08:36:21 np0005541910 container-server[120780]: Attempted to replicate 22 dbs in 0.43931 seconds (50.07884/s)
Dec 2 08:36:21 np0005541910 container-server[120780]: Removed 0 dbs
Dec 2 08:36:21 np0005541910 container-server[120780]: 44 successes, 0 failures
Dec 2 08:36:21 np0005541910 container-server[120780]: diff:0 diff_capped:0 empty:0 hashmatch:0 no_change:44 remote_merge:0 rsync:0 ts_repl:0
Dec 2 08:36:38 np0005541910 object-server[121164]: Starting object replication pass.
Dec 2 08:36:38 np0005541910 object-server[121164]: 43/43 (100.00%) partitions replicated in 0.43s (99.77/sec, 0s remaining)
Dec 2 08:36:38 np0005541910 object-server[121164]: 86 successes, 0 failures
Dec 2 08:36:38 np0005541910 object-server[121164]: 44 suffixes checked - 0.00% hashed, 0.00% synced
Dec 2 08:36:38 np0005541910 object-server[121164]: Partition times: max 0.0391s, min 0.0062s, med 0.0086s
Dec 2 08:36:38 np0005541910 object-server[121164]: Object replication complete. (0.01 minutes)
Dec 2 08:36:41 np0005541910 account-server[120610]: Beginning replication run
Dec 2 08:36:41 np0005541910 account-server[120610]: Replication run OVER
Dec 2 08:36:41 np0005541910 account-server[120610]: Attempted to replicate 1 dbs in 0.01830 seconds (54.64221/s)
Dec 2 08:36:41 np0005541910 account-server[120610]: Removed 0 dbs
Dec 2 08:36:41 np0005541910 account-server[120610]: 2 successes, 0 failures
Dec 2 08:36:41 np0005541910 account-server[120610]: diff:0 diff_capped:0 empty:0 hashmatch:0 no_change:2 remote_merge:0 rsync:0 ts_repl:0
Dec 2 08:36:43 np0005541910 object-server[238756]: Begin object audit "forever" mode (ZBF)
Dec 2 08:36:43 np0005541910 object-server[238756]: Object audit (ZBF). Since Tue Dec 2 08:36:43 2025: Locally: 1 passed, 0 quarantined, 0 errors, files/sec: 573.46, bytes/sec: 0.00, Total time: 0.00, Auditing time: 0.00, Rate: 0.00
Dec 2 08:36:44 np0005541910 object-server[238756]: Object audit (ZBF) "forever" mode completed: 0.84s. Total quarantined: 0, Total errors: 0, Total files/sec: 52.17, Total bytes/sec: 0.00, Auditing time: 0.83, Rate: 0.99
Dec 2 08:36:51 np0005541910 container-server[120780]: Beginning replication run
Dec 2 08:36:51 np0005541910 container-server[120780]: Replication run OVER
Dec 2 08:36:51 np0005541910 container-server[120780]: Attempted to replicate 22 dbs in 0.42709 seconds (51.51093/s)
Dec 2 08:36:51 np0005541910 container-server[120780]: Removed 0 dbs
Dec 2 08:36:51 np0005541910 container-server[120780]: 44 successes, 0 failures
Dec 2 08:36:51 np0005541910 container-server[120780]: diff:0 diff_capped:0 empty:0 hashmatch:0 no_change:44 remote_merge:0 rsync:0 ts_repl:0
Dec 2 08:37:08 np0005541910 object-server[121164]: Starting object replication pass.
Dec 2 08:37:09 np0005541910 object-server[121164]: 43/43 (100.00%) partitions replicated in 0.41s (105.76/sec, 0s remaining)
Dec 2 08:37:09 np0005541910 object-server[121164]: 86 successes, 0 failures
Dec 2 08:37:09 np0005541910 object-server[121164]: 44 suffixes checked - 0.00% hashed, 0.00% synced
Dec 2 08:37:09 np0005541910 object-server[121164]: Partition times: max 0.0137s, min 0.0062s, med 0.0085s
Dec 2 08:37:09 np0005541910 object-server[121164]: Object replication complete. (0.01 minutes)
Dec 2 08:37:11 np0005541910 account-server[120610]: Beginning replication run
Dec 2 08:37:11 np0005541910 account-server[120610]: Replication run OVER
Dec 2 08:37:11 np0005541910 account-server[120610]: Attempted to replicate 1 dbs in 0.01763 seconds (56.71702/s)
Dec 2 08:37:11 np0005541910 account-server[120610]: Removed 0 dbs
Dec 2 08:37:11 np0005541910 account-server[120610]: 2 successes, 0 failures
Dec 2 08:37:11 np0005541910 account-server[120610]: diff:0 diff_capped:0 empty:0 hashmatch:0 no_change:2 remote_merge:0 rsync:0 ts_repl:0
Dec 2 08:37:14 np0005541910 object-server[244702]: Begin object audit "forever" mode (ALL)
Dec 2 08:37:14 np0005541910 object-server[244701]: Begin object audit "forever" mode (ZBF)
Dec 2 08:37:14 np0005541910 object-server[244701]: Object audit (ZBF). Since Tue Dec 2 08:37:14 2025: Locally: 1 passed, 0 quarantined, 0 errors, files/sec: 595.11, bytes/sec: 0.00, Total time: 0.00, Auditing time: 0.00, Rate: 0.00
Dec 2 08:37:14 np0005541910 object-server[244702]: Object audit (ALL). Since Tue Dec 2 08:37:14 2025: Locally: 1 passed, 0 quarantined, 0 errors, files/sec: 105.82, bytes/sec: 1693.09, Total time: 0.01, Auditing time: 0.00, Rate: 0.00
Dec 2 08:37:15 np0005541910 object-server[244701]: Object audit (ZBF) "forever" mode completed: 0.84s. Total quarantined: 0, Total errors: 0, Total files/sec: 52.17, Total bytes/sec: 0.00, Auditing time: 0.83, Rate: 0.99
Dec 2 08:37:16 np0005541910 object-server[244702]: Object audit (ALL) "forever" mode completed: 2.11s. Total quarantined: 0, Total errors: 0, Total files/sec: 20.84, Total bytes/sec: 400.77, Auditing time: 2.10, Rate: 0.99
Dec 2 08:37:21 np0005541910 container-server[120780]: Beginning replication run
Dec 2 08:37:21 np0005541910 container-server[120780]: Replication run OVER
Dec 2 08:37:21 np0005541910 container-server[120780]: Attempted to replicate 22 dbs in 0.43977 seconds (50.02568/s)
Dec 2 08:37:21 np0005541910 container-server[120780]: Removed 0 dbs
Dec 2 08:37:21 np0005541910 container-server[120780]: 44 successes, 0 failures
Dec 2 08:37:21 np0005541910 container-server[120780]: diff:0 diff_capped:0 empty:0 hashmatch:0 no_change:44 remote_merge:0 rsync:0 ts_repl:0
Dec 2 08:37:39 np0005541910 object-server[121164]: Starting object replication pass.
Dec 2 08:37:39 np0005541910 object-server[121164]: 43/43 (100.00%) partitions replicated in 0.42s (101.40/sec, 0s remaining)
Dec 2 08:37:39 np0005541910 object-server[121164]: 86 successes, 0 failures
Dec 2 08:37:39 np0005541910 object-server[121164]: 44 suffixes checked - 0.00% hashed, 0.00% synced
Dec 2 08:37:39 np0005541910 object-server[121164]: Partition times: max 0.0155s, min 0.0074s, med 0.0090s
Dec 2 08:37:39 np0005541910 object-server[121164]: Object replication complete. (0.01 minutes)
Dec 2 08:37:41 np0005541910 account-server[120610]: Beginning replication run
Dec 2 08:37:41 np0005541910 account-server[120610]: Replication run OVER
Dec 2 08:37:41 np0005541910 account-server[120610]: Attempted to replicate 1 dbs in 0.01672 seconds (59.79953/s)
Dec 2 08:37:41 np0005541910 account-server[120610]: Removed 0 dbs
Dec 2 08:37:41 np0005541910 account-server[120610]: 2 successes, 0 failures
Dec 2 08:37:41 np0005541910 account-server[120610]: diff:0 diff_capped:0 empty:0 hashmatch:0 no_change:2 remote_merge:0 rsync:0 ts_repl:0
Dec 2 08:37:45 np0005541910 object-server[244853]: Begin object audit "forever" mode (ZBF)
Dec 2 08:37:45 np0005541910 object-server[244853]: Object audit (ZBF). Since Tue Dec 2 08:37:45 2025: Locally: 1 passed, 0 quarantined, 0 errors, files/sec: 509.88, bytes/sec: 0.00, Total time: 0.00, Auditing time: 0.00, Rate: 0.00
Dec 2 08:37:46 np0005541910 object-server[244853]: Object audit (ZBF) "forever" mode completed: 0.84s. Total quarantined: 0, Total errors: 0, Total files/sec: 52.16, Total bytes/sec: 0.00, Auditing time: 0.83, Rate: 0.99
Dec 2 08:37:51 np0005541910 container-server[120780]: Beginning replication run
Dec 2 08:37:51 np0005541910 container-server[120780]: Replication run OVER
Dec 2 08:37:51 np0005541910 container-server[120780]: Attempted to replicate 22 dbs in 0.43251 seconds (50.86532/s)
Dec 2 08:37:51 np0005541910 container-server[120780]: Removed 0 dbs
Dec 2 08:37:51 np0005541910 container-server[120780]: 44 successes, 0 failures
Dec 2 08:37:51 np0005541910 container-server[120780]: diff:0 diff_capped:0 empty:0 hashmatch:0 no_change:44 remote_merge:0 rsync:0 ts_repl:0
Dec 2 08:38:08 np0005541910 account-server[120981]: 172.20.0.104 - - [02/Dec/2025:08:38:08 +0000] "HEAD /d1/626/AUTH_497073c2347a4b2dbbf501873318fbd3" 204 - "HEAD http://172.18.0.121:8080/v1/AUTH_497073c2347a4b2dbbf501873318fbd3?format=json" "tx8a5a6521cb584fe9b5eee-00692ea570" "proxy-server 20" 0.0029 "-" 22 -
Dec 2 08:38:08 np0005541910 proxy-server[122903]: - - 02/Dec/2025/08/38/08 HEAD /v1/AUTH_497073c2347a4b2dbbf501873318fbd3%3Fformat%3Djson HTTP/1.0 204 - Swift - - - - tx8a5a6521cb584fe9b5eee-00692ea570 - 0.0102 RL - 1764664688.550863981 1764664688.561096907 -
Dec 2 08:38:08 np0005541910 object-server[121456]: 172.20.0.103 - - [02/Dec/2025:08:38:08 +0000] "GET /d1/266/AUTH_497073c2347a4b2dbbf501873318fbd3/gnocchi.8f240f26-142d-4151-bd38-13f126e4df57/1763640000.0_rate%3Amean_300.0_v3" 404 70 "GET http://172.18.0.121:8080/v1/AUTH_497073c2347a4b2dbbf501873318fbd3/gnocchi.8f240f26-142d-4151-bd38-13f126e4df57/1763640000.0_rate%3Amean_300.0_v3" "tx4cf98a52f1914ea387817-00692ea570" "proxy-server 20" 0.0006 "-" 23 0
Dec 2 08:38:08 np0005541910 object-server[121451]: 172.20.0.103 - - [02/Dec/2025:08:38:08 +0000] "PUT /d1/1022/AUTH_497073c2347a4b2dbbf501873318fbd3/gnocchi.8f240f26-142d-4151-bd38-13f126e4df57/1763640000.0_mean_300.0_v3" 201 - "PUT http://172.18.0.121:8080/v1/AUTH_497073c2347a4b2dbbf501873318fbd3/gnocchi.8f240f26-142d-4151-bd38-13f126e4df57/1763640000.0_mean_300.0_v3" "tx3b92b9aa744046108f81b-00692ea570" "proxy-server 20" 0.0125 "-" 22 0
Dec 2 08:38:08 np0005541910 container-server[121007]: 172.20.0.103 - - [02/Dec/2025:08:38:08 +0000] "PUT /d1/532/AUTH_497073c2347a4b2dbbf501873318fbd3/gnocchi.8f240f26-142d-4151-bd38-13f126e4df57/1763640000.0_mean_300.0_v3" 201 - "PUT http://172.18.0.121:8080/d1/1022/AUTH_497073c2347a4b2dbbf501873318fbd3/gnocchi.8f240f26-142d-4151-bd38-13f126e4df57/1763640000.0_mean_300.0_v3" "tx3b92b9aa744046108f81b-00692ea570" "object-server 24" 0.0015 "-" 20 0
Dec 2 08:38:08 np0005541910 container-server[121025]: 172.20.0.103 - - [02/Dec/2025:08:38:08 +0000] "PUT /d1/532/AUTH_497073c2347a4b2dbbf501873318fbd3/gnocchi.8f240f26-142d-4151-bd38-13f126e4df57/1763640000.0_rate%3Amean_300.0_v3" 201 - "PUT http://172.18.0.121:8080/d1/266/AUTH_497073c2347a4b2dbbf501873318fbd3/gnocchi.8f240f26-142d-4151-bd38-13f126e4df57/1763640000.0_rate%3Amean_300.0_v3" "tx86bdf47a14f943a89d650-00692ea570" "object-server 23" 0.0008 "-" 22 0
Dec 2 08:38:08 np0005541910 object-server[121456]: 172.20.0.103 - - [02/Dec/2025:08:38:08 +0000] "PUT /d1/266/AUTH_497073c2347a4b2dbbf501873318fbd3/gnocchi.8f240f26-142d-4151-bd38-13f126e4df57/1763640000.0_rate%3Amean_300.0_v3" 201 - "PUT http://172.18.0.121:8080/v1/AUTH_497073c2347a4b2dbbf501873318fbd3/gnocchi.8f240f26-142d-4151-bd38-13f126e4df57/1763640000.0_rate%3Amean_300.0_v3" "tx86bdf47a14f943a89d650-00692ea570" "proxy-server 20" 0.0119 "-" 23 0
Dec 2 08:38:08 np0005541910 proxy-server[122903]: 172.18.0.105 172.18.0.104 02/Dec/2025/08/38/08 GET /v1/AUTH_497073c2347a4b2dbbf501873318fbd3/gnocchi.9f146626-dc56-416e-ab40-62adce36f3ed/none_v3 HTTP/1.0 200 - python-swiftclient-3.11.1 gAAAAABpLqO0YxeR... - 22 - tx8a5a6521cb584fe9b5eee-00692ea570 - 0.2550 - - 1764664688.549331188 1764664688.804317713 0
Dec 2 08:38:08 np0005541910 proxy-server[122903]: 172.18.0.105 172.18.0.104 02/Dec/2025/08/38/08 GET /v1/AUTH_497073c2347a4b2dbbf501873318fbd3/gnocchi.9f146626-dc56-416e-ab40-62adce36f3ed%3Fformat%3Djson%26states%3Dlisting HTTP/1.0 200 - python-swiftclient-3.11.1 gAAAAABpLqO0YxeR... - 357 - tx6e6009ef6d2545dca1f1f-00692ea570 - 0.0085 - - 1764664688.810053587 1764664688.818603039 0
Dec 2 08:38:08 np0005541910 container-server[121026]: 172.20.0.104 - - [02/Dec/2025:08:38:08 +0000] "PUT /d1/532/AUTH_497073c2347a4b2dbbf501873318fbd3/gnocchi.8f240f26-142d-4151-bd38-13f126e4df57/none_v3" 201 - "PUT http://172.18.0.121:8080/d1/175/AUTH_497073c2347a4b2dbbf501873318fbd3/gnocchi.8f240f26-142d-4151-bd38-13f126e4df57/none_v3" "tx5a4b18ff021145d6ae6bb-00692ea570" "object-server 23" 0.0011 "-" 23 0
Dec 2 08:38:08 np0005541910 object-server[121456]: 172.20.0.103 - - [02/Dec/2025:08:38:08 +0000] "PUT /d1/175/AUTH_497073c2347a4b2dbbf501873318fbd3/gnocchi.8f240f26-142d-4151-bd38-13f126e4df57/none_v3" 201 - "PUT http://172.18.0.121:8080/v1/AUTH_497073c2347a4b2dbbf501873318fbd3/gnocchi.8f240f26-142d-4151-bd38-13f126e4df57/none_v3" "tx5a4b18ff021145d6ae6bb-00692ea570" "proxy-server 20" 0.0132 "-" 23 0
Dec 2 08:38:08 np0005541910 proxy-server[122903]: 172.18.0.105 172.18.0.104 02/Dec/2025/08/38/08 GET /v1/AUTH_497073c2347a4b2dbbf501873318fbd3/gnocchi.9f146626-dc56-416e-ab40-62adce36f3ed%3Fformat%3Djson%26marker%3Dnone_v3%26states%3Dlisting HTTP/1.0 200 - python-swiftclient-3.11.1 gAAAAABpLqO0YxeR... - 2 - tx8096cc67805541eaa8e83-00692ea570 - 0.0087 - - 1764664688.822182655 1764664688.830864906 0
Dec 2 08:38:08 np0005541910 container-server[121013]: 172.20.0.104 - - [02/Dec/2025:08:38:08 +0000] "HEAD /d1/682/AUTH_497073c2347a4b2dbbf501873318fbd3/gnocchi.8fe2af1f-43cd-423a-83cb-b7c8ed26b471" 204 - "HEAD http://172.18.0.121:8080/v1/AUTH_497073c2347a4b2dbbf501873318fbd3/gnocchi.8fe2af1f-43cd-423a-83cb-b7c8ed26b471?format=json&states=listing" "txc3db25251cc7494da1ac7-00692ea570" "proxy-server 20" 0.0023 "-" 21 0
Dec 2 08:38:08 np0005541910 object-server[121456]: 172.20.0.103 - - [02/Dec/2025:08:38:08 +0000] "GET /d1/293/AUTH_497073c2347a4b2dbbf501873318fbd3/gnocchi.9f146626-dc56-416e-ab40-62adce36f3ed/1763640000.0_rate%3Amean_300.0_v3" 404 70 "GET http://172.18.0.121:8080/v1/AUTH_497073c2347a4b2dbbf501873318fbd3/gnocchi.9f146626-dc56-416e-ab40-62adce36f3ed/1763640000.0_rate%3Amean_300.0_v3" "tx0124b50ba26148a883b44-00692ea570" "proxy-server 20" 0.0005 "-" 23 0
Dec 2 08:38:08 np0005541910 proxy-server[122903]: 172.18.0.103 172.18.0.104 02/Dec/2025/08/38/08 GET /v1/AUTH_497073c2347a4b2dbbf501873318fbd3/gnocchi.8fe2af1f-43cd-423a-83cb-b7c8ed26b471/none_v3 HTTP/1.0 200 - python-swiftclient-3.11.1 gAAAAABpLqP19t9Q... - 22 - txc3db25251cc7494da1ac7-00692ea570 - 0.0182 - - 1764664688.842902422 1764664688.861119986 0
Dec 2 08:38:08 np0005541910 container-server[121013]: 172.20.0.105 - - [02/Dec/2025:08:38:08 +0000] "PUT /d1/542/AUTH_497073c2347a4b2dbbf501873318fbd3/gnocchi.9f146626-dc56-416e-ab40-62adce36f3ed/1763640000.0_mean_300.0_v3" 201 - "PUT http://172.18.0.121:8080/d1/372/AUTH_497073c2347a4b2dbbf501873318fbd3/gnocchi.9f146626-dc56-416e-ab40-62adce36f3ed/1763640000.0_mean_300.0_v3" "tx541914ddb6cd407ab46bc-00692ea570" "object-server 23" 0.0008 "-" 21 0
Dec 2 08:38:08 np0005541910 proxy-server[122903]: 172.18.0.103 172.18.0.104 02/Dec/2025/08/38/08 GET /v1/AUTH_497073c2347a4b2dbbf501873318fbd3/gnocchi.8fe2af1f-43cd-423a-83cb-b7c8ed26b471%3Fformat%3Djson%26states%3Dlisting HTTP/1.0 200 - python-swiftclient-3.11.1 gAAAAABpLqP19t9Q... - 357 - tx28c79ebbf7bd43e08260f-00692ea570 - 0.0127 - - 1764664688.866468191 1764664688.879194736 0
Dec 2 08:38:08 np0005541910 object-server[121463]: 172.20.0.103 - - [02/Dec/2025:08:38:08 +0000] "PUT /d1/372/AUTH_497073c2347a4b2dbbf501873318fbd3/gnocchi.9f146626-dc56-416e-ab40-62adce36f3ed/1763640000.0_mean_300.0_v3" 201 - "PUT http://172.18.0.121:8080/v1/AUTH_497073c2347a4b2dbbf501873318fbd3/gnocchi.9f146626-dc56-416e-ab40-62adce36f3ed/1763640000.0_mean_300.0_v3" "tx541914ddb6cd407ab46bc-00692ea570" "proxy-server 20" 0.0135 "-" 24 0
Dec 2 08:38:08 np0005541910 container-server[121013]: 172.20.0.104 - - [02/Dec/2025:08:38:08 +0000] "GET /d1/682/AUTH_497073c2347a4b2dbbf501873318fbd3/gnocchi.8fe2af1f-43cd-423a-83cb-b7c8ed26b471" 200 2 "GET http://172.18.0.121:8080/v1/AUTH_497073c2347a4b2dbbf501873318fbd3/gnocchi.8fe2af1f-43cd-423a-83cb-b7c8ed26b471?format=json&marker=none_v3&states=listing" "tx683496b0dc1b479e824ab-00692ea570" "proxy-server 20" 0.0035 "-" 21 0
Dec 2 08:38:08 np0005541910 proxy-server[122903]: 172.18.0.103 172.18.0.104 02/Dec/2025/08/38/08 GET /v1/AUTH_497073c2347a4b2dbbf501873318fbd3/gnocchi.8fe2af1f-43cd-423a-83cb-b7c8ed26b471%3Fformat%3Djson%26marker%3Dnone_v3%26states%3Dlisting HTTP/1.0 200 - python-swiftclient-3.11.1 gAAAAABpLqP19t9Q... - 2 - tx683496b0dc1b479e824ab-00692ea570 - 0.0107 - - 1764664688.882588387 1764664688.893270731 0
Dec 2 08:38:08 np0005541910 container-server[121013]: 172.20.0.104 - - [02/Dec/2025:08:38:08 +0000] "PUT /d1/542/AUTH_497073c2347a4b2dbbf501873318fbd3/gnocchi.9f146626-dc56-416e-ab40-62adce36f3ed/1763640000.0_rate%3Amean_300.0_v3" 201 - "PUT http://172.18.0.121:8080/d1/293/AUTH_497073c2347a4b2dbbf501873318fbd3/gnocchi.9f146626-dc56-416e-ab40-62adce36f3ed/1763640000.0_rate%3Amean_300.0_v3" "tx953f629e86f94bf48d795-00692ea570" "object-server 21" 0.0006 "-" 21 0
Dec 2 08:38:08 np0005541910 object-server[121448]: 172.20.0.103 - - [02/Dec/2025:08:38:08 +0000] "PUT /d1/293/AUTH_497073c2347a4b2dbbf501873318fbd3/gnocchi.9f146626-dc56-416e-ab40-62adce36f3ed/1763640000.0_rate%3Amean_300.0_v3" 201 - "PUT http://172.18.0.121:8080/v1/AUTH_497073c2347a4b2dbbf501873318fbd3/gnocchi.9f146626-dc56-416e-ab40-62adce36f3ed/1763640000.0_rate%3Amean_300.0_v3" "tx953f629e86f94bf48d795-00692ea570" "proxy-server 20" 0.0110 "-" 21 0
Dec 2 08:38:08 np0005541910 proxy-server[122903]: 172.18.0.103 172.18.0.104 02/Dec/2025/08/38/08 GET /v1/AUTH_497073c2347a4b2dbbf501873318fbd3/gnocchi.8fe2af1f-43cd-423a-83cb-b7c8ed26b471/1763640000.0_mean_300.0_v3 HTTP/1.0 200 - python-swiftclient-3.11.1 gAAAAABpLqP19t9Q... - 16 - tx4433eae496a7499497d0e-00692ea570 - 0.0113 - - 1764664688.896535873 1764664688.907817125 0
Dec 2 08:38:08 np0005541910 object-server[121456]: 172.20.0.104 - - [02/Dec/2025:08:38:08 +0000] "GET /d1/850/AUTH_497073c2347a4b2dbbf501873318fbd3/gnocchi.8fe2af1f-43cd-423a-83cb-b7c8ed26b471/1763640000.0_rate%3Amean_300.0_v3" 404 70 "GET http://172.18.0.121:8080/v1/AUTH_497073c2347a4b2dbbf501873318fbd3/gnocchi.8fe2af1f-43cd-423a-83cb-b7c8ed26b471/1763640000.0_rate%3Amean_300.0_v3" "tx01b615a72c094ee8b34af-00692ea570" "proxy-server 20" 0.0002 "-" 23 0
Dec 2 08:38:08 np0005541910 proxy-server[122903]: 172.18.0.103 172.18.0.104 02/Dec/2025/08/38/08 GET /v1/AUTH_497073c2347a4b2dbbf501873318fbd3/gnocchi.8fe2af1f-43cd-423a-83cb-b7c8ed26b471/1763640000.0_rate%253Amean_300.0_v3 HTTP/1.0 404 - python-swiftclient-3.11.1 gAAAAABpLqP19t9Q... - 70 - tx01b615a72c094ee8b34af-00692ea570 - 0.0135 - - 1764664688.912397146 1764664688.925884724 0
Dec 2 08:38:08 np0005541910 container-server[121025]: 172.20.0.103 - - [02/Dec/2025:08:38:08 +0000] "PUT /d1/542/AUTH_497073c2347a4b2dbbf501873318fbd3/gnocchi.9f146626-dc56-416e-ab40-62adce36f3ed/none_v3" 201 - "PUT http://172.18.0.121:8080/d1/370/AUTH_497073c2347a4b2dbbf501873318fbd3/gnocchi.9f146626-dc56-416e-ab40-62adce36f3ed/none_v3" "tx409a994a78a04c3895fb0-00692ea570" "object-server 22" 0.0008 "-" 22 0
Dec 2 08:38:08 np0005541910 object-server[121451]: 172.20.0.103 - - [02/Dec/2025:08:38:08 +0000] "PUT /d1/370/AUTH_497073c2347a4b2dbbf501873318fbd3/gnocchi.9f146626-dc56-416e-ab40-62adce36f3ed/none_v3" 201 - "PUT http://172.18.0.121:8080/v1/AUTH_497073c2347a4b2dbbf501873318fbd3/gnocchi.9f146626-dc56-416e-ab40-62adce36f3ed/none_v3" "tx409a994a78a04c3895fb0-00692ea570" "proxy-server 20" 0.0162 "-" 22 0
Dec 2 08:38:08 np0005541910 container-server[121013]: 172.20.0.105 - - [02/Dec/2025:08:38:08 +0000] "PUT /d1/682/AUTH_497073c2347a4b2dbbf501873318fbd3/gnocchi.8fe2af1f-43cd-423a-83cb-b7c8ed26b471/1763640000.0_mean_300.0_v3" 201 - "PUT http://172.18.0.121:8080/d1/513/AUTH_497073c2347a4b2dbbf501873318fbd3/gnocchi.8fe2af1f-43cd-423a-83cb-b7c8ed26b471/1763640000.0_mean_300.0_v3" "tx96aa36bd35384914ad730-00692ea570" "object-server 25" 0.0008 "-" 21 0
Dec 2 08:38:08 np0005541910 object-server[121463]: 172.20.0.104 - - [02/Dec/2025:08:38:08 +0000] "PUT /d1/513/AUTH_497073c2347a4b2dbbf501873318fbd3/gnocchi.8fe2af1f-43cd-423a-83cb-b7c8ed26b471/1763640000.0_mean_300.0_v3" 201 - "PUT http://172.18.0.121:8080/v1/AUTH_497073c2347a4b2dbbf501873318fbd3/gnocchi.8fe2af1f-43cd-423a-83cb-b7c8ed26b471/1763640000.0_mean_300.0_v3" "tx96aa36bd35384914ad730-00692ea570" "proxy-server 20" 0.0159 "-" 24 0
Dec 2 08:38:08 np0005541910 proxy-server[122903]: 172.18.0.103 172.18.0.104 02/Dec/2025/08/38/08 PUT /v1/AUTH_497073c2347a4b2dbbf501873318fbd3/gnocchi.8fe2af1f-43cd-423a-83cb-b7c8ed26b471/1763640000.0_mean_300.0_v3 HTTP/1.0 201 - python-swiftclient-3.11.1 gAAAAABpLqP19t9Q... 27 - - tx96aa36bd35384914ad730-00692ea570 - 0.0289 - - 1764664688.929292917 1764664688.958197355 0
Dec 2 08:38:08 np0005541910 container-server[121013]: 172.20.0.104 - - [02/Dec/2025:08:38:08 +0000] "PUT /d1/682/AUTH_497073c2347a4b2dbbf501873318fbd3/gnocchi.8fe2af1f-43cd-423a-83cb-b7c8ed26b471/1763640000.0_rate%3Amean_300.0_v3" 201 - "PUT http://172.18.0.121:8080/d1/850/AUTH_497073c2347a4b2dbbf501873318fbd3/gnocchi.8fe2af1f-43cd-423a-83cb-b7c8ed26b471/1763640000.0_rate%3Amean_300.0_v3" "tx6c51706a5ae84a959b845-00692ea570" "object-server 21" 0.0009 "-" 21 0
Dec 2 08:38:08 np0005541910 object-server[121448]: 172.20.0.104 - - [02/Dec/2025:08:38:08 +0000] "PUT /d1/850/AUTH_497073c2347a4b2dbbf501873318fbd3/gnocchi.8fe2af1f-43cd-423a-83cb-b7c8ed26b471/1763640000.0_rate%3Amean_300.0_v3" 201 - "PUT http://172.18.0.121:8080/v1/AUTH_497073c2347a4b2dbbf501873318fbd3/gnocchi.8fe2af1f-43cd-423a-83cb-b7c8ed26b471/1763640000.0_rate%3Amean_300.0_v3" "tx6c51706a5ae84a959b845-00692ea570" "proxy-server 20" 0.0150 "-" 21 0
Dec 2 08:38:08 np0005541910 proxy-server[122903]: 172.18.0.103 172.18.0.104 02/Dec/2025/08/38/08 PUT /v1/AUTH_497073c2347a4b2dbbf501873318fbd3/gnocchi.8fe2af1f-43cd-423a-83cb-b7c8ed26b471/1763640000.0_rate%253Amean_300.0_v3 HTTP/1.0 201 - python-swiftclient-3.11.1 gAAAAABpLqP19t9Q... 16 - - tx6c51706a5ae84a959b845-00692ea570 - 0.0288 - - 1764664688.963069201 1764664688.991836786 0
Dec 2 08:38:08 np0005541910 container-server[121013]: 172.20.0.103 - - [02/Dec/2025:08:38:08 +0000] "GET /d1/637/AUTH_497073c2347a4b2dbbf501873318fbd3/gnocchi.ea620841-f6f6-4ea7-84eb-b83ad5c40434" 200 2 "GET http://172.18.0.121:8080/v1/AUTH_497073c2347a4b2dbbf501873318fbd3/gnocchi.ea620841-f6f6-4ea7-84eb-b83ad5c40434?format=json&marker=none_v3&states=listing" "tx772c1e061ef34e328f785-00692ea570" "proxy-server 20" 0.0048 "-" 21 0
Dec 2 08:38:09 np0005541910 object-server[121448]: 172.20.0.104 - - [02/Dec/2025:08:38:09 +0000] "PUT /d1/8/AUTH_497073c2347a4b2dbbf501873318fbd3/gnocchi.8fe2af1f-43cd-423a-83cb-b7c8ed26b471/none_v3" 201 - "PUT http://172.18.0.121:8080/v1/AUTH_497073c2347a4b2dbbf501873318fbd3/gnocchi.8fe2af1f-43cd-423a-83cb-b7c8ed26b471/none_v3" "txf9ef140fbbff4dc08d8e6-00692ea570" "proxy-server 20" 0.0117 "-" 21 0
Dec 2 08:38:09 np0005541910 container-server[121026]: 172.20.0.103 - - [02/Dec/2025:08:38:09 +0000] "PUT /d1/682/AUTH_497073c2347a4b2dbbf501873318fbd3/gnocchi.8fe2af1f-43cd-423a-83cb-b7c8ed26b471/none_v3" 201 - "PUT http://172.18.0.121:8080/d1/8/AUTH_497073c2347a4b2dbbf501873318fbd3/gnocchi.8fe2af1f-43cd-423a-83cb-b7c8ed26b471/none_v3" "txf9ef140fbbff4dc08d8e6-00692ea570" "object-server 22" 0.0010 "-" 23 0
Dec 2 08:38:09 np0005541910 object-server[121448]: 172.20.0.103 - - [02/Dec/2025:08:38:09 +0000] "GET /d1/20/AUTH_497073c2347a4b2dbbf501873318fbd3/gnocchi.ea620841-f6f6-4ea7-84eb-b83ad5c40434/1763640000.0_rate%3Amean_300.0_v3" 404 70 "GET http://172.18.0.121:8080/v1/AUTH_497073c2347a4b2dbbf501873318fbd3/gnocchi.ea620841-f6f6-4ea7-84eb-b83ad5c40434/1763640000.0_rate%3Amean_300.0_v3" "tx8d44120d9deb4c75b8d51-00692ea571" "proxy-server 20" 0.0004 "-" 21 0
Dec 2 08:38:09 np0005541910 proxy-server[122903]: 172.18.0.103 172.18.0.104 02/Dec/2025/08/38/09 PUT /v1/AUTH_497073c2347a4b2dbbf501873318fbd3/gnocchi.8fe2af1f-43cd-423a-83cb-b7c8ed26b471/none_v3 HTTP/1.0 201 - python-swiftclient-3.11.1 gAAAAABpLqP19t9Q... 35 - - txf9ef140fbbff4dc08d8e6-00692ea570 - 0.0257 - - 1764664688.996273518 1764664689.021981239 0
Dec 2 08:38:09 np0005541910 container-server[121026]: 172.20.0.103 - - [02/Dec/2025:08:38:09 +0000] "PUT /d1/637/AUTH_497073c2347a4b2dbbf501873318fbd3/gnocchi.ea620841-f6f6-4ea7-84eb-b83ad5c40434/1763640000.0_mean_300.0_v3" 201 - "PUT http://172.18.0.121:8080/d1/290/AUTH_497073c2347a4b2dbbf501873318fbd3/gnocchi.ea620841-f6f6-4ea7-84eb-b83ad5c40434/1763640000.0_mean_300.0_v3" "txc3a20dddf30649279f146-00692ea571" "object-server 22" 0.0008 "-" 23 0
Dec 2 08:38:09 np0005541910 object-server[121463]: 172.20.0.104 - - [02/Dec/2025:08:38:09 +0000] "PUT /d1/290/AUTH_497073c2347a4b2dbbf501873318fbd3/gnocchi.ea620841-f6f6-4ea7-84eb-b83ad5c40434/1763640000.0_mean_300.0_v3" 201 - "PUT http://172.18.0.121:8080/v1/AUTH_497073c2347a4b2dbbf501873318fbd3/gnocchi.ea620841-f6f6-4ea7-84eb-b83ad5c40434/1763640000.0_mean_300.0_v3" "txc3a20dddf30649279f146-00692ea571" "proxy-server 20" 0.0160 "-" 24 0
Dec 2 08:38:09 np0005541910 container-server[121007]: 172.20.0.103 - - [02/Dec/2025:08:38:09 +0000] "HEAD /d1/1012/AUTH_497073c2347a4b2dbbf501873318fbd3/gnocchi.5084c030-e9b1-4bf2-995b-3ad7a43e1f6c" 204 - "HEAD http://172.18.0.121:8080/v1/AUTH_497073c2347a4b2dbbf501873318fbd3/gnocchi.5084c030-e9b1-4bf2-995b-3ad7a43e1f6c?format=json&states=listing" "tx6fc79e0687de4822b8301-00692ea571" "proxy-server 20" 0.0017 "-" 20 0
Dec 2 08:38:09 np0005541910 proxy-server[122903]: 172.18.0.105 172.18.0.104 02/Dec/2025/08/38/09 PUT /v1/AUTH_497073c2347a4b2dbbf501873318fbd3/gnocchi.ea620841-f6f6-4ea7-84eb-b83ad5c40434/1763640000.0_mean_300.0_v3 HTTP/1.0 201 - python-swiftclient-3.11.1 gAAAAABpLqO0YxeR... 23 - - txc3a20dddf30649279f146-00692ea571 - 0.0246 - - 1764664689.032284498 1764664689.056849241 0
Dec 2 08:38:09 np0005541910 container-server[121007]: 172.20.0.103 - - [02/Dec/2025:08:38:09 +0000] "GET /d1/1012/AUTH_497073c2347a4b2dbbf501873318fbd3/gnocchi.5084c030-e9b1-4bf2-995b-3ad7a43e1f6c" 200 357 "GET http://172.18.0.121:8080/v1/AUTH_497073c2347a4b2dbbf501873318fbd3/gnocchi.5084c030-e9b1-4bf2-995b-3ad7a43e1f6c?format=json&states=listing" "txc6e8fd7ffddf4116b964d-00692ea571" "proxy-server 20" 0.0021 "-" 20 0
Dec 2 08:38:09 np0005541910 object-server[121463]: 172.20.0.104 - - [02/Dec/2025:08:38:09 +0000] "PUT /d1/20/AUTH_497073c2347a4b2dbbf501873318fbd3/gnocchi.ea620841-f6f6-4ea7-84eb-b83ad5c40434/1763640000.0_rate%3Amean_300.0_v3" 201 - "PUT http://172.18.0.121:8080/v1/AUTH_497073c2347a4b2dbbf501873318fbd3/gnocchi.ea620841-f6f6-4ea7-84eb-b83ad5c40434/1763640000.0_rate%3Amean_300.0_v3" "tx3a4b6db1bdd24a69aa309-00692ea571" "proxy-server 20" 0.0121 "-" 24 0
Dec 2 08:38:09 np0005541910 container-server[121025]: 172.20.0.103 - - [02/Dec/2025:08:38:09 +0000] "PUT /d1/637/AUTH_497073c2347a4b2dbbf501873318fbd3/gnocchi.ea620841-f6f6-4ea7-84eb-b83ad5c40434/1763640000.0_rate%3Amean_300.0_v3" 201 - "PUT http://172.18.0.121:8080/d1/20/AUTH_497073c2347a4b2dbbf501873318fbd3/gnocchi.ea620841-f6f6-4ea7-84eb-b83ad5c40434/1763640000.0_rate%3Amean_300.0_v3" "tx3a4b6db1bdd24a69aa309-00692ea571" "object-server 22" 0.0009 "-" 22 0
Dec 2 08:38:09 np0005541910 proxy-server[122903]: 172.18.0.105 172.18.0.104 02/Dec/2025/08/38/09 PUT /v1/AUTH_497073c2347a4b2dbbf501873318fbd3/gnocchi.ea620841-f6f6-4ea7-84eb-b83ad5c40434/1763640000.0_rate%253Amean_300.0_v3 HTTP/1.0 201 - python-swiftclient-3.11.1 gAAAAABpLqO0YxeR... 16 - - tx3a4b6db1bdd24a69aa309-00692ea571 - 0.0232 - - 1764664689.060698509 1764664689.083906889 0
Dec 2 08:38:09 np0005541910 container-server[121007]: 172.20.0.103 - - [02/Dec/2025:08:38:09 +0000] "GET /d1/1012/AUTH_497073c2347a4b2dbbf501873318fbd3/gnocchi.5084c030-e9b1-4bf2-995b-3ad7a43e1f6c" 200 2 "GET http://172.18.0.121:8080/v1/AUTH_497073c2347a4b2dbbf501873318fbd3/gnocchi.5084c030-e9b1-4bf2-995b-3ad7a43e1f6c?format=json&marker=none_v3&states=listing" "txbbca052c6e6043dba4bf6-00692ea571" "proxy-server 20" 0.0016 "-" 20 0
Dec 2 08:38:09 np0005541910 object-server[121463]: 172.20.0.104 - - [02/Dec/2025:08:38:09 +0000] "PUT /d1/51/AUTH_497073c2347a4b2dbbf501873318fbd3/gnocchi.ea620841-f6f6-4ea7-84eb-b83ad5c40434/none_v3" 201 - "PUT http://172.18.0.121:8080/v1/AUTH_497073c2347a4b2dbbf501873318fbd3/gnocchi.ea620841-f6f6-4ea7-84eb-b83ad5c40434/none_v3" "tx0f24d5ad55604b4f88bd6-00692ea571" "proxy-server 20" 0.0110 "-" 24 0
Dec 2 08:38:09 np0005541910 container-server[121025]: 172.20.0.105 - - [02/Dec/2025:08:38:09 +0000] "PUT /d1/637/AUTH_497073c2347a4b2dbbf501873318fbd3/gnocchi.ea620841-f6f6-4ea7-84eb-b83ad5c40434/none_v3" 201 - "PUT http://172.18.0.121:8080/d1/51/AUTH_497073c2347a4b2dbbf501873318fbd3/gnocchi.ea620841-f6f6-4ea7-84eb-b83ad5c40434/none_v3" "tx0f24d5ad55604b4f88bd6-00692ea571" "object-server 23" 0.0010 "-" 22 0
Dec 2 08:38:09 np0005541910 proxy-server[122903]: 172.18.0.105 172.18.0.104 02/Dec/2025/08/38/09 PUT /v1/AUTH_497073c2347a4b2dbbf501873318fbd3/gnocchi.ea620841-f6f6-4ea7-84eb-b83ad5c40434/none_v3 HTTP/1.0 201 - python-swiftclient-3.11.1 gAAAAABpLqO0YxeR... 32 - - tx0f24d5ad55604b4f88bd6-00692ea571 - 0.0243 - - 1764664689.087540388 1764664689.111825943 0
Dec 2 08:38:09 np0005541910 container-server[121007]: 172.20.0.104 - - [02/Dec/2025:08:38:09 +0000] "PUT /d1/1012/AUTH_497073c2347a4b2dbbf501873318fbd3/gnocchi.5084c030-e9b1-4bf2-995b-3ad7a43e1f6c/1763640000.0_mean_300.0_v3" 201 - "PUT http://172.18.0.121:8080/d1/759/AUTH_497073c2347a4b2dbbf501873318fbd3/gnocchi.5084c030-e9b1-4bf2-995b-3ad7a43e1f6c/1763640000.0_mean_300.0_v3" "tx1958b5c8ceab40bdb67c2-00692ea571" "object-server 21" 0.0009 "-" 20 0
Dec 2 08:38:09 np0005541910 object-server[121448]: 172.20.0.104 - - [02/Dec/2025:08:38:09 +0000] "PUT /d1/759/AUTH_497073c2347a4b2dbbf501873318fbd3/gnocchi.5084c030-e9b1-4bf2-995b-3ad7a43e1f6c/1763640000.0_mean_300.0_v3" 201 - "PUT http://172.18.0.121:8080/v1/AUTH_497073c2347a4b2dbbf501873318fbd3/gnocchi.5084c030-e9b1-4bf2-995b-3ad7a43e1f6c/1763640000.0_mean_300.0_v3" "tx1958b5c8ceab40bdb67c2-00692ea571" "proxy-server 20" 0.0148 "-" 21 0
Dec 2 08:38:09 np0005541910 proxy-server[122903]: 172.18.0.103 172.18.0.104 02/Dec/2025/08/38/09 PUT /v1/AUTH_497073c2347a4b2dbbf501873318fbd3/gnocchi.5084c030-e9b1-4bf2-995b-3ad7a43e1f6c/1763640000.0_mean_300.0_v3 HTTP/1.0 201 - python-swiftclient-3.11.1 gAAAAABpLqP19t9Q... 27 - - tx1958b5c8ceab40bdb67c2-00692ea571 - 0.0357 - - 1764664689.117279768 1764664689.152959585 0
