Dec 2 08:33:09 np0005541910 container-server[121007]: 172.20.0.105 - - [02/Dec/2025:08:33:09 +0000] "PUT /d1/500/AUTH_497073c2347a4b2dbbf501873318fbd3/gnocchi.1cbcdd7a-19b9-436b-b6cc-d4b320de27a8" 201 - "PUT http://172.18.0.121:8080/v1/AUTH_497073c2347a4b2dbbf501873318fbd3/gnocchi.1cbcdd7a-19b9-436b-b6cc-d4b320de27a8" "tx5c8e88c85fc844afa7d90-00692ea445" "proxy-server 20" 0.0184 "-" 20 0
Dec 2 08:33:09 np0005541910 account-server[120987]: 172.20.0.104 - - [02/Dec/2025:08:33:09 +0000] "PUT /d1/626/AUTH_497073c2347a4b2dbbf501873318fbd3/gnocchi.4f411340-6467-4bae-9d7e-9d5b273b0d2b" 201 - "PUT http://172.20.0.104:6001/d1/902/AUTH_497073c2347a4b2dbbf501873318fbd3/gnocchi.4f411340-6467-4bae-9d7e-9d5b273b0d2b" "tx456eb1b13c134123b59dd-00692ea445" "container-server 20" 0.0055 "-" 23 0
Dec 2 08:33:09 np0005541910 container-server[121025]: 172.20.0.103 - - [02/Dec/2025:08:33:09 +0000] "PUT /d1/637/AUTH_497073c2347a4b2dbbf501873318fbd3/gnocchi.ea620841-f6f6-4ea7-84eb-b83ad5c40434" 201 - "PUT http://172.18.0.121:8080/v1/AUTH_497073c2347a4b2dbbf501873318fbd3/gnocchi.ea620841-f6f6-4ea7-84eb-b83ad5c40434" "txd1ef31dac9b449bfacb25-00692ea445" "proxy-server 20" 0.0151 "-" 22 0
Dec 2 08:33:09 np0005541910 container-server[121007]: 172.20.0.104 - - [02/Dec/2025:08:33:09 +0000] "PUT /d1/902/AUTH_497073c2347a4b2dbbf501873318fbd3/gnocchi.4f411340-6467-4bae-9d7e-9d5b273b0d2b" 201 - "PUT http://172.18.0.121:8080/v1/AUTH_497073c2347a4b2dbbf501873318fbd3/gnocchi.4f411340-6467-4bae-9d7e-9d5b273b0d2b" "tx456eb1b13c134123b59dd-00692ea445" "proxy-server 20" 0.0196 "-" 20 0
Dec 2 08:33:09 np0005541910 proxy-server[122903]: 172.18.0.121 172.18.0.104 02/Dec/2025/08/33/09 PUT /v1/AUTH_497073c2347a4b2dbbf501873318fbd3/gnocchi.4f411340-6467-4bae-9d7e-9d5b273b0d2b HTTP/1.0 201 - python-swiftclient-3.11.1 gAAAAABpLqP99yKL... - - - tx456eb1b13c134123b59dd-00692ea445 - 0.0387 - - 1764664389.414605379 1764664389.453288555 0
Dec 2 08:33:09 np0005541910 account-server[120981]: 172.20.0.105 - - [02/Dec/2025:08:33:09 +0000] "PUT /d1/626/AUTH_497073c2347a4b2dbbf501873318fbd3/gnocchi.ea620841-f6f6-4ea7-84eb-b83ad5c40434" 201 - "PUT http://172.20.0.105:6001/d1/637/AUTH_497073c2347a4b2dbbf501873318fbd3/gnocchi.ea620841-f6f6-4ea7-84eb-b83ad5c40434" "txd1ef31dac9b449bfacb25-00692ea445" "container-server 20" 0.0166 "-" 22 0
Dec 2 08:33:09 np0005541910 proxy-server[122903]: - - 02/Dec/2025/08/33/09 HEAD /v1/AUTH_497073c2347a4b2dbbf501873318fbd3/gnocchi.4f411340-6467-4bae-9d7e-9d5b273b0d2b%3Fformat%3Djson%26states%3Dlisting HTTP/1.0 204 - Swift - - - - tx71c212dbc6b84ff2a4112-00692ea445 - 0.0082 RL - 1764664389.461042643 1764664389.469270945 0
Dec 2 08:33:09 np0005541910 container-server[121013]: 172.20.0.103 - - [02/Dec/2025:08:33:09 +0000] "HEAD /d1/637/AUTH_497073c2347a4b2dbbf501873318fbd3/gnocchi.ea620841-f6f6-4ea7-84eb-b83ad5c40434" 204 - "HEAD http://172.18.0.121:8080/v1/AUTH_497073c2347a4b2dbbf501873318fbd3/gnocchi.ea620841-f6f6-4ea7-84eb-b83ad5c40434?format=json&states=listing" "tx35797a3177154a28827a1-00692ea445" "proxy-server 20" 0.0023 "-" 21 0
Dec 2 08:33:09 np0005541910 object-server[121448]: 172.20.0.105 - - [02/Dec/2025:08:33:09 +0000] "GET /d1/571/AUTH_497073c2347a4b2dbbf501873318fbd3/gnocchi.1cbcdd7a-19b9-436b-b6cc-d4b320de27a8/1763640000.0_mean_300.0_v3" 404 70 "GET http://172.18.0.121:8080/v1/AUTH_497073c2347a4b2dbbf501873318fbd3/gnocchi.1cbcdd7a-19b9-436b-b6cc-d4b320de27a8/1763640000.0_mean_300.0_v3" "tx149ca5a60a3842fab8971-00692ea445" "proxy-server 20" 0.0005 "-" 21 0
Dec 2 08:33:09 np0005541910 proxy-server[122903]: 172.18.0.121 172.18.0.104 02/Dec/2025/08/33/09 GET /v1/AUTH_497073c2347a4b2dbbf501873318fbd3/gnocchi.4f411340-6467-4bae-9d7e-9d5b273b0d2b%3Fformat%3Djson%26states%3Dlisting HTTP/1.0 200 - python-swiftclient-3.11.1 gAAAAABpLqP99yKL... - 2 - tx71c212dbc6b84ff2a4112-00692ea445 - 0.0239 - - 1764664389.459047794 1764664389.482920647 0
Dec 2 08:33:09 np0005541910 object-server[121448]: 172.20.0.104 - - [02/Dec/2025:08:33:09 +0000] "GET /d1/1022/AUTH_497073c2347a4b2dbbf501873318fbd3/gnocchi.4f411340-6467-4bae-9d7e-9d5b273b0d2b/1763640000.0_mean_300.0_v3" 404 70 "GET http://172.18.0.121:8080/v1/AUTH_497073c2347a4b2dbbf501873318fbd3/gnocchi.4f411340-6467-4bae-9d7e-9d5b273b0d2b/1763640000.0_mean_300.0_v3" "txbefc0eabc4894740bb9d9-00692ea445" "proxy-server 20" 0.0005 "-" 21 0
Dec 2 08:33:09 np0005541910 proxy-server[122903]: 172.18.0.121 172.18.0.104 02/Dec/2025/08/33/09 GET /v1/AUTH_497073c2347a4b2dbbf501873318fbd3/gnocchi.4f411340-6467-4bae-9d7e-9d5b273b0d2b/1763640000.0_mean_300.0_v3 HTTP/1.0 404 - python-swiftclient-3.11.1 gAAAAABpLqP99yKL... - 70 - txbefc0eabc4894740bb9d9-00692ea445 - 0.0140 - - 1764664389.487387657 1764664389.501411438 0
Dec 2 08:33:09 np0005541910 object-server[121448]: 172.20.0.103 - - [02/Dec/2025:08:33:09 +0000] "GET /d1/290/AUTH_497073c2347a4b2dbbf501873318fbd3/gnocchi.ea620841-f6f6-4ea7-84eb-b83ad5c40434/1763640000.0_mean_300.0_v3" 404 70 "GET http://172.18.0.121:8080/v1/AUTH_497073c2347a4b2dbbf501873318fbd3/gnocchi.ea620841-f6f6-4ea7-84eb-b83ad5c40434/1763640000.0_mean_300.0_v3" "tx8867ded2d1ea4bbbae618-00692ea445" "proxy-server 20" 0.0005 "-" 21 0
Dec 2 08:33:09 np0005541910 object-server[121456]: 172.20.0.105 - - [02/Dec/2025:08:33:09 +0000] "PUT /d1/571/AUTH_497073c2347a4b2dbbf501873318fbd3/gnocchi.1cbcdd7a-19b9-436b-b6cc-d4b320de27a8/1763640000.0_mean_300.0_v3" 201 - "PUT http://172.18.0.121:8080/v1/AUTH_497073c2347a4b2dbbf501873318fbd3/gnocchi.1cbcdd7a-19b9-436b-b6cc-d4b320de27a8/1763640000.0_mean_300.0_v3" "tx00a64bebfa044b9a80a53-00692ea445" "proxy-server 20" 0.0124 "-" 23 0
Dec 2 08:33:09 np0005541910 container-server[121026]: 172.20.0.105 - - [02/Dec/2025:08:33:09 +0000] "PUT /d1/500/AUTH_497073c2347a4b2dbbf501873318fbd3/gnocchi.1cbcdd7a-19b9-436b-b6cc-d4b320de27a8/1763640000.0_mean_300.0_v3" 201 - "PUT http://172.18.0.121:8080/d1/571/AUTH_497073c2347a4b2dbbf501873318fbd3/gnocchi.1cbcdd7a-19b9-436b-b6cc-d4b320de27a8/1763640000.0_mean_300.0_v3" "tx00a64bebfa044b9a80a53-00692ea445" "object-server 25" 0.0009 "-" 23 0
Dec 2 08:33:09 np0005541910 container-server[121007]: 172.20.0.103 - - [02/Dec/2025:08:33:09 +0000] "PUT /d1/902/AUTH_497073c2347a4b2dbbf501873318fbd3/gnocchi.4f411340-6467-4bae-9d7e-9d5b273b0d2b/1763640000.0_mean_300.0_v3" 201 - "PUT http://172.18.0.121:8080/d1/1022/AUTH_497073c2347a4b2dbbf501873318fbd3/gnocchi.4f411340-6467-4bae-9d7e-9d5b273b0d2b/1763640000.0_mean_300.0_v3" "tx5d97e682261f443b8625e-00692ea445" "object-server 25" 0.0009 "-" 20 0
Dec 2 08:33:09 np0005541910 object-server[121451]: 172.20.0.104 - - [02/Dec/2025:08:33:09 +0000] "PUT /d1/1022/AUTH_497073c2347a4b2dbbf501873318fbd3/gnocchi.4f411340-6467-4bae-9d7e-9d5b273b0d2b/1763640000.0_mean_300.0_v3" 201 - "PUT http://172.18.0.121:8080/v1/AUTH_497073c2347a4b2dbbf501873318fbd3/gnocchi.4f411340-6467-4bae-9d7e-9d5b273b0d2b/1763640000.0_mean_300.0_v3" "tx5d97e682261f443b8625e-00692ea445" "proxy-server 20" 0.0145 "-" 22 0
Dec 2 08:33:09 np0005541910 proxy-server[122903]: 172.18.0.121 172.18.0.104 02/Dec/2025/08/33/09 PUT /v1/AUTH_497073c2347a4b2dbbf501873318fbd3/gnocchi.4f411340-6467-4bae-9d7e-9d5b273b0d2b/1763640000.0_mean_300.0_v3 HTTP/1.0 201 - python-swiftclient-3.11.1 gAAAAABpLqP99yKL... 16 - - tx5d97e682261f443b8625e-00692ea445 - 0.0215 - - 1764664389.505140543 1764664389.526674747 0
Dec 2 08:33:09 np0005541910 container-server[121026]: 172.20.0.104 - - [02/Dec/2025:08:33:09 +0000] "PUT /d1/637/AUTH_497073c2347a4b2dbbf501873318fbd3/gnocchi.ea620841-f6f6-4ea7-84eb-b83ad5c40434/1763640000.0_mean_300.0_v3" 201 - "PUT http://172.18.0.121:8080/d1/290/AUTH_497073c2347a4b2dbbf501873318fbd3/gnocchi.ea620841-f6f6-4ea7-84eb-b83ad5c40434/1763640000.0_mean_300.0_v3" "tx48ac388aea4b49f5b0d56-00692ea445" "object-server 24" 0.0007 "-" 23 0
Dec 2 08:33:09 np0005541910 object-server[121463]: 172.20.0.103 - - [02/Dec/2025:08:33:09 +0000] "PUT /d1/290/AUTH_497073c2347a4b2dbbf501873318fbd3/gnocchi.ea620841-f6f6-4ea7-84eb-b83ad5c40434/1763640000.0_mean_300.0_v3" 201 - "PUT http://172.18.0.121:8080/v1/AUTH_497073c2347a4b2dbbf501873318fbd3/gnocchi.ea620841-f6f6-4ea7-84eb-b83ad5c40434/1763640000.0_mean_300.0_v3" "tx48ac388aea4b49f5b0d56-00692ea445" "proxy-server 20" 0.0119 "-" 24 0
Dec 2 08:33:09 np0005541910 container-server[121007]: 172.20.0.104 - - [02/Dec/2025:08:33:09 +0000] "PUT /d1/500/AUTH_497073c2347a4b2dbbf501873318fbd3/gnocchi.1cbcdd7a-19b9-436b-b6cc-d4b320de27a8/none_v3" 201 - "PUT http://172.18.0.121:8080/d1/407/AUTH_497073c2347a4b2dbbf501873318fbd3/gnocchi.1cbcdd7a-19b9-436b-b6cc-d4b320de27a8/none_v3" "txf5330b36c7dd44b8b9343-00692ea445" "object-server 24" 0.0007 "-" 20 0
Dec 2 08:33:09 np0005541910 container-server[121025]: 172.20.0.104 - - [02/Dec/2025:08:33:09 +0000] "PUT /d1/902/AUTH_497073c2347a4b2dbbf501873318fbd3/gnocchi.4f411340-6467-4bae-9d7e-9d5b273b0d2b/none_v3" 201 - "PUT http://172.18.0.121:8080/d1/919/AUTH_497073c2347a4b2dbbf501873318fbd3/gnocchi.4f411340-6467-4bae-9d7e-9d5b273b0d2b/none_v3" "tx34405f7890ba43ba9bb11-00692ea445" "object-server 23" 0.0005 "-" 22 0
Dec 2 08:33:09 np0005541910 object-server[121463]: 172.20.0.105 - - [02/Dec/2025:08:33:09 +0000] "PUT /d1/407/AUTH_497073c2347a4b2dbbf501873318fbd3/gnocchi.1cbcdd7a-19b9-436b-b6cc-d4b320de27a8/none_v3" 201 - "PUT http://172.18.0.121:8080/v1/AUTH_497073c2347a4b2dbbf501873318fbd3/gnocchi.1cbcdd7a-19b9-436b-b6cc-d4b320de27a8/none_v3" "txf5330b36c7dd44b8b9343-00692ea445" "proxy-server 20" 0.0113 "-" 24 0
Dec 2 08:33:09 np0005541910 object-server[121456]: 172.20.0.104 - - [02/Dec/2025:08:33:09 +0000] "PUT /d1/919/AUTH_497073c2347a4b2dbbf501873318fbd3/gnocchi.4f411340-6467-4bae-9d7e-9d5b273b0d2b/none_v3" 201 - "PUT http://172.18.0.121:8080/v1/AUTH_497073c2347a4b2dbbf501873318fbd3/gnocchi.4f411340-6467-4bae-9d7e-9d5b273b0d2b/none_v3" "tx34405f7890ba43ba9bb11-00692ea445" "proxy-server 20" 0.0122 "-" 23 0
Dec 2 08:33:09 np0005541910 proxy-server[122903]: 172.18.0.121 172.18.0.104 02/Dec/2025/08/33/09 PUT /v1/AUTH_497073c2347a4b2dbbf501873318fbd3/gnocchi.4f411340-6467-4bae-9d7e-9d5b273b0d2b/none_v3 HTTP/1.0 201 - python-swiftclient-3.11.1 gAAAAABpLqP99yKL... 22 - - tx34405f7890ba43ba9bb11-00692ea445 - 0.0212 - - 1764664389.529757261 1764664389.551007032 0
Dec 2 08:33:09 np0005541910 container-server[121025]: 172.20.0.105 - - [02/Dec/2025:08:33:09 +0000] "PUT /d1/637/AUTH_497073c2347a4b2dbbf501873318fbd3/gnocchi.ea620841-f6f6-4ea7-84eb-b83ad5c40434/none_v3" 201 - "PUT http://172.18.0.121:8080/d1/51/AUTH_497073c2347a4b2dbbf501873318fbd3/gnocchi.ea620841-f6f6-4ea7-84eb-b83ad5c40434/none_v3" "txd64f7198a6454a409cd9d-00692ea445" "object-server 24" 0.0004 "-" 22 0
Dec 2 08:33:09 np0005541910 object-server[121456]: 172.20.0.103 - - [02/Dec/2025:08:33:09 +0000] "PUT /d1/51/AUTH_497073c2347a4b2dbbf501873318fbd3/gnocchi.ea620841-f6f6-4ea7-84eb-b83ad5c40434/none_v3" 201 - "PUT http://172.18.0.121:8080/v1/AUTH_497073c2347a4b2dbbf501873318fbd3/gnocchi.ea620841-f6f6-4ea7-84eb-b83ad5c40434/none_v3" "txd64f7198a6454a409cd9d-00692ea445" "proxy-server 20" 0.0129 "-" 23 0
Dec 2 08:33:09 np0005541910 container-server[121025]: 172.20.0.105 - - [02/Dec/2025:08:33:09 +0000] "HEAD /d1/745/AUTH_497073c2347a4b2dbbf501873318fbd3/gnocchi.39960805-d346-4a13-9372-f097bcb99bc9" 404 - "HEAD http://172.18.0.121:8080/v1/AUTH_497073c2347a4b2dbbf501873318fbd3/gnocchi.39960805-d346-4a13-9372-f097bcb99bc9?format=json&states=listing" "txb54cd69160c64b80ad8ce-00692ea445" "proxy-server 20" 0.0003 "-" 22 0
Dec 2 08:33:09 np0005541910 container-server[121013]: 172.20.0.104 - - [02/Dec/2025:08:33:09 +0000] "HEAD /d1/531/AUTH_497073c2347a4b2dbbf501873318fbd3/gnocchi.aa733041-fa18-4a3c-8227-f772e4afde17" 404 - "HEAD http://172.18.0.121:8080/v1/AUTH_497073c2347a4b2dbbf501873318fbd3/gnocchi.aa733041-fa18-4a3c-8227-f772e4afde17?format=json&states=listing" "txc9f70c3f30414fd9b5bcd-00692ea445" "proxy-server 20" 0.0007 "-" 21 0
Dec 2 08:33:09 np0005541910 object-server[121456]: 172.20.0.104 - - [02/Dec/2025:08:33:09 +0000] "GET /d1/120/AUTH_497073c2347a4b2dbbf501873318fbd3/gnocchi.aa733041-fa18-4a3c-8227-f772e4afde17/none_v3" 404 70 "GET http://172.18.0.121:8080/v1/AUTH_497073c2347a4b2dbbf501873318fbd3/gnocchi.aa733041-fa18-4a3c-8227-f772e4afde17/none_v3" "txc9f70c3f30414fd9b5bcd-00692ea445" "proxy-server 20" 0.0005 "-" 23 0
Dec 2 08:33:09 np0005541910 proxy-server[122903]: 172.18.0.121 172.18.0.104 02/Dec/2025/08/33/09 GET /v1/AUTH_497073c2347a4b2dbbf501873318fbd3/gnocchi.aa733041-fa18-4a3c-8227-f772e4afde17/none_v3 HTTP/1.0 404 - python-swiftclient-3.11.1 gAAAAABpLqP99yKL... - 70 - txc9f70c3f30414fd9b5bcd-00692ea445 - 0.0238 - - 1764664389.572179317 1764664389.596027136 0
Dec 2 08:33:09 np0005541910 object-server[121451]: 172.20.0.105 - - [02/Dec/2025:08:33:09 +0000] "GET /d1/458/AUTH_497073c2347a4b2dbbf501873318fbd3/gnocchi.39960805-d346-4a13-9372-f097bcb99bc9/none_v3" 404 70 "GET http://172.18.0.121:8080/v1/AUTH_497073c2347a4b2dbbf501873318fbd3/gnocchi.39960805-d346-4a13-9372-f097bcb99bc9/none_v3" "txb54cd69160c64b80ad8ce-00692ea445" "proxy-server 20" 0.0006 "-" 22 0
Dec 2 08:33:09 np0005541910 container-server[121026]: 172.20.0.104 - - [02/Dec/2025:08:33:09 +0000] "HEAD /d1/532/AUTH_497073c2347a4b2dbbf501873318fbd3/gnocchi.8f240f26-142d-4151-bd38-13f126e4df57" 404 - "HEAD http://172.18.0.121:8080/v1/AUTH_497073c2347a4b2dbbf501873318fbd3/gnocchi.8f240f26-142d-4151-bd38-13f126e4df57?format=json&states=listing" "txbc04b0d020344ce49c380-00692ea445" "proxy-server 20" 0.0008 "-" 23 0
Dec 2 08:33:09 np0005541910 object-server[121451]: 172.20.0.104 - - [02/Dec/2025:08:33:09 +0000] "GET /d1/175/AUTH_497073c2347a4b2dbbf501873318fbd3/gnocchi.8f240f26-142d-4151-bd38-13f126e4df57/none_v3" 404 70 "GET http://172.18.0.121:8080/v1/AUTH_497073c2347a4b2dbbf501873318fbd3/gnocchi.8f240f26-142d-4151-bd38-13f126e4df57/none_v3" "txbc04b0d020344ce49c380-00692ea445" "proxy-server 20" 0.0004 "-" 22 0
Dec 2 08:33:09 np0005541910 proxy-server[122903]: 172.18.0.105 172.18.0.104 02/Dec/2025/08/33/09 GET /v1/AUTH_497073c2347a4b2dbbf501873318fbd3/gnocchi.8f240f26-142d-4151-bd38-13f126e4df57/none_v3 HTTP/1.0 404 - python-swiftclient-3.11.1 gAAAAABpLqO0YxeR... - 70 - txbc04b0d020344ce49c380-00692ea445 - 0.0222 - - 1764664389.599086761 1764664389.621266603 0
Dec 2 08:33:09 np0005541910 account-server[120940]: 172.20.0.104 - - [02/Dec/2025:08:33:09 +0000] "PUT /d1/626/AUTH_497073c2347a4b2dbbf501873318fbd3/gnocchi.aa733041-fa18-4a3c-8227-f772e4afde17" 201 - "PUT http://172.20.0.104:6001/d1/531/AUTH_497073c2347a4b2dbbf501873318fbd3/gnocchi.aa733041-fa18-4a3c-8227-f772e4afde17" "txfd693575dabd45e7bf236-00692ea445" "container-server 20" 0.0085 "-" 20 0
Dec 2 08:33:09 np0005541910 container-server[121007]: 172.20.0.103 - - [02/Dec/2025:08:33:09 +0000] "PUT /d1/531/AUTH_497073c2347a4b2dbbf501873318fbd3/gnocchi.aa733041-fa18-4a3c-8227-f772e4afde17" 201 - "PUT http://172.18.0.121:8080/v1/AUTH_497073c2347a4b2dbbf501873318fbd3/gnocchi.aa733041-fa18-4a3c-8227-f772e4afde17" "txfd693575dabd45e7bf236-00692ea445" "proxy-server 20" 0.0239 "-" 20 0
Dec 2 08:33:09 np0005541910 container-server[121007]: 172.20.0.105 - - [02/Dec/2025:08:33:09 +0000] "PUT /d1/745/AUTH_497073c2347a4b2dbbf501873318fbd3/gnocchi.39960805-d346-4a13-9372-f097bcb99bc9" 201 - "PUT http://172.18.0.121:8080/v1/AUTH_497073c2347a4b2dbbf501873318fbd3/gnocchi.39960805-d346-4a13-9372-f097bcb99bc9" "txb23ca4ad73c44a7790f96-00692ea445" "proxy-server 20" 0.0199 "-" 20 0
Dec 2 08:33:09 np0005541910 account-server[120964]: 172.20.0.105 - - [02/Dec/2025:08:33:09 +0000] "PUT /d1/626/AUTH_497073c2347a4b2dbbf501873318fbd3/gnocchi.39960805-d346-4a13-9372-f097bcb99bc9" 201 - "PUT http://172.20.0.105:6001/d1/745/AUTH_497073c2347a4b2dbbf501873318fbd3/gnocchi.39960805-d346-4a13-9372-f097bcb99bc9" "txb23ca4ad73c44a7790f96-00692ea445" "container-server 20" 0.0062 "-" 21 0
Dec 2 08:33:09 np0005541910 account-server[120940]: 172.20.0.105 - - [02/Dec/2025:08:33:09 +0000] "PUT /d1/626/AUTH_497073c2347a4b2dbbf501873318fbd3/gnocchi.8f240f26-142d-4151-bd38-13f126e4df57" 201 - "PUT http://172.20.0.105:6001/d1/532/AUTH_497073c2347a4b2dbbf501873318fbd3/gnocchi.8f240f26-142d-4151-bd38-13f126e4df57" "txac6aeaf6f302447490dba-00692ea445" "container-server 22" 0.0059 "-" 20 0
Dec 2 08:33:09 np0005541910 container-server[121013]: 172.20.0.104 - - [02/Dec/2025:08:33:09 +0000] "PUT /d1/532/AUTH_497073c2347a4b2dbbf501873318fbd3/gnocchi.8f240f26-142d-4151-bd38-13f126e4df57" 201 - "PUT http://172.18.0.121:8080/v1/AUTH_497073c2347a4b2dbbf501873318fbd3/gnocchi.8f240f26-142d-4151-bd38-13f126e4df57" "txac6aeaf6f302447490dba-00692ea445" "proxy-server 20" 0.0207 "-" 21 0
Dec 2 08:33:09 np0005541910 proxy-server[122903]: 172.18.0.105 172.18.0.104 02/Dec/2025/08/33/09 PUT /v1/AUTH_497073c2347a4b2dbbf501873318fbd3/gnocchi.8f240f26-142d-4151-bd38-13f126e4df57 HTTP/1.0 201 - python-swiftclient-3.11.1 gAAAAABpLqO0YxeR... - - - txac6aeaf6f302447490dba-00692ea445 - 0.0352 - - 1764664389.626201153 1764664389.661388397 0
Dec 2 08:33:09 np0005541910 container-server[121013]: 172.20.0.105 - - [02/Dec/2025:08:33:09 +0000] "GET /d1/745/AUTH_497073c2347a4b2dbbf501873318fbd3/gnocchi.39960805-d346-4a13-9372-f097bcb99bc9" 200 2 "GET http://172.18.0.121:8080/v1/AUTH_497073c2347a4b2dbbf501873318fbd3/gnocchi.39960805-d346-4a13-9372-f097bcb99bc9?format=json&states=listing" "tx0255a54ef3b848048639f-00692ea445" "proxy-server 20" 0.0033 "-" 21 0
Dec 2 08:33:09 np0005541910 object-server[121451]: 172.20.0.103 - - [02/Dec/2025:08:33:09 +0000] "GET /d1/701/AUTH_497073c2347a4b2dbbf501873318fbd3/gnocchi.aa733041-fa18-4a3c-8227-f772e4afde17/1763640000.0_mean_300.0_v3" 404 70 "GET http://172.18.0.121:8080/v1/AUTH_497073c2347a4b2dbbf501873318fbd3/gnocchi.aa733041-fa18-4a3c-8227-f772e4afde17/1763640000.0_mean_300.0_v3" "txbb48c0272549438199236-00692ea445" "proxy-server 20" 0.0005 "-" 22 0
Dec 2 08:33:09 np0005541910 proxy-server[122903]: - - 02/Dec/2025/08/33/09 HEAD /v1/AUTH_497073c2347a4b2dbbf501873318fbd3/gnocchi.8f240f26-142d-4151-bd38-13f126e4df57%3Fformat%3Djson%26states%3Dlisting HTTP/1.0 204 - Swift - - - - tx09bea14832b04268bc5e9-00692ea445 - 0.0088 RL - 1764664389.669875383 1764664389.678702116 0
Dec 2 08:33:09 np0005541910 object-server[121463]: 172.20.0.105 - - [02/Dec/2025:08:33:09 +0000] "GET /d1/971/AUTH_497073c2347a4b2dbbf501873318fbd3/gnocchi.39960805-d346-4a13-9372-f097bcb99bc9/1763640000.0_mean_300.0_v3" 404 70 "GET http://172.18.0.121:8080/v1/AUTH_497073c2347a4b2dbbf501873318fbd3/gnocchi.39960805-d346-4a13-9372-f097bcb99bc9/1763640000.0_mean_300.0_v3" "tx2a678def5e6640b5b8e7f-00692ea445" "proxy-server 20" 0.0005 "-" 24 0
Dec 2 08:33:09 np0005541910 proxy-server[122903]: 172.18.0.105 172.18.0.104 02/Dec/2025/08/33/09 GET /v1/AUTH_497073c2347a4b2dbbf501873318fbd3/gnocchi.8f240f26-142d-4151-bd38-13f126e4df57%3Fformat%3Djson%26states%3Dlisting HTTP/1.0 200 - python-swiftclient-3.11.1 gAAAAABpLqO0YxeR... - 2 - tx09bea14832b04268bc5e9-00692ea445 - 0.0211 - - 1764664389.667515755 1764664389.688624382 0
Dec 2 08:33:09 np0005541910 container-server[121026]: 172.20.0.104 - - [02/Dec/2025:08:33:09 +0000] "PUT /d1/531/AUTH_497073c2347a4b2dbbf501873318fbd3/gnocchi.aa733041-fa18-4a3c-8227-f772e4afde17/1763640000.0_mean_300.0_v3" 201 - "PUT http://172.18.0.121:8080/d1/701/AUTH_497073c2347a4b2dbbf501873318fbd3/gnocchi.aa733041-fa18-4a3c-8227-f772e4afde17/1763640000.0_mean_300.0_v3" "tx0f484f1335a24f0f94346-00692ea445" "object-server 23" 0.0010 "-" 23 0
Dec 2 08:33:09 np0005541910 object-server[121456]: 172.20.0.103 - - [02/Dec/2025:08:33:09 +0000] "PUT /d1/701/AUTH_497073c2347a4b2dbbf501873318fbd3/gnocchi.aa733041-fa18-4a3c-8227-f772e4afde17/1763640000.0_mean_300.0_v3" 201 - "PUT http://172.18.0.121:8080/v1/AUTH_497073c2347a4b2dbbf501873318fbd3/gnocchi.aa733041-fa18-4a3c-8227-f772e4afde17/1763640000.0_mean_300.0_v3" "tx0f484f1335a24f0f94346-00692ea445" "proxy-server 20" 0.0139 "-" 23 0
Dec 2 08:33:09 np0005541910 object-server[121456]: 172.20.0.105 - - [02/Dec/2025:08:33:09 +0000] "PUT /d1/971/AUTH_497073c2347a4b2dbbf501873318fbd3/gnocchi.39960805-d346-4a13-9372-f097bcb99bc9/1763640000.0_mean_300.0_v3" 201 - "PUT http://172.18.0.121:8080/v1/AUTH_497073c2347a4b2dbbf501873318fbd3/gnocchi.39960805-d346-4a13-9372-f097bcb99bc9/1763640000.0_mean_300.0_v3" "txcc1843e25e074535a28f7-00692ea445" "proxy-server 20" 0.0132 "-" 23 0
Dec 2 08:33:09 np0005541910 container-server[121025]: 172.20.0.105 - - [02/Dec/2025:08:33:09 +0000] "PUT /d1/745/AUTH_497073c2347a4b2dbbf501873318fbd3/gnocchi.39960805-d346-4a13-9372-f097bcb99bc9/1763640000.0_mean_300.0_v3" 201 - "PUT http://172.18.0.121:8080/d1/971/AUTH_497073c2347a4b2dbbf501873318fbd3/gnocchi.39960805-d346-4a13-9372-f097bcb99bc9/1763640000.0_mean_300.0_v3" "txcc1843e25e074535a28f7-00692ea445" "object-server 22" 0.0011 "-" 22 0
Dec 2 08:33:09 np0005541910 object-server[121448]: 172.20.0.104 - - [02/Dec/2025:08:33:09 +0000] "GET /d1/1022/AUTH_497073c2347a4b2dbbf501873318fbd3/gnocchi.8f240f26-142d-4151-bd38-13f126e4df57/1763640000.0_mean_300.0_v3" 404 70 "GET http://172.18.0.121:8080/v1/AUTH_497073c2347a4b2dbbf501873318fbd3/gnocchi.8f240f26-142d-4151-bd38-13f126e4df57/1763640000.0_mean_300.0_v3" "txd2ecc8e0fa0841278d4ca-00692ea445" "proxy-server 20" 0.0003 "-" 21 0
Dec 2 08:33:09 np0005541910 proxy-server[122903]: 172.18.0.105 172.18.0.104 02/Dec/2025/08/33/09 GET /v1/AUTH_497073c2347a4b2dbbf501873318fbd3/gnocchi.8f240f26-142d-4151-bd38-13f126e4df57/1763640000.0_mean_300.0_v3 HTTP/1.0 404 - python-swiftclient-3.11.1 gAAAAABpLqO0YxeR... - 70 - txd2ecc8e0fa0841278d4ca-00692ea445 - 0.0224 - - 1764664389.694772482 1764664389.717147350 0
Dec 2 08:33:09 np0005541910 container-server[121025]: 172.20.0.103 - - [02/Dec/2025:08:33:09 +0000] "PUT /d1/531/AUTH_497073c2347a4b2dbbf501873318fbd3/gnocchi.aa733041-fa18-4a3c-8227-f772e4afde17/none_v3" 201 - "PUT http://172.18.0.121:8080/d1/120/AUTH_497073c2347a4b2dbbf501873318fbd3/gnocchi.aa733041-fa18-4a3c-8227-f772e4afde17/none_v3" "txd9a2d32a2a65490aa96cc-00692ea445" "object-server 22" 0.0008 "-" 22 0
Dec 2 08:33:09 np0005541910 container-server[121007]: 172.20.0.105 - - [02/Dec/2025:08:33:09 +0000] "PUT /d1/745/AUTH_497073c2347a4b2dbbf501873318fbd3/gnocchi.39960805-d346-4a13-9372-f097bcb99bc9/none_v3" 201 - "PUT http://172.18.0.121:8080/d1/458/AUTH_497073c2347a4b2dbbf501873318fbd3/gnocchi.39960805-d346-4a13-9372-f097bcb99bc9/none_v3" "tx790987c737da4ea2ad1d1-00692ea445" "object-server 23" 0.0008 "-" 20 0
Dec 2 08:33:09 np0005541910 object-server[121456]: 172.20.0.103 - - [02/Dec/2025:08:33:09 +0000] "PUT /d1/120/AUTH_497073c2347a4b2dbbf501873318fbd3/gnocchi.aa733041-fa18-4a3c-8227-f772e4afde17/none_v3" 201 - "PUT http://172.18.0.121:8080/v1/AUTH_497073c2347a4b2dbbf501873318fbd3/gnocchi.aa733041-fa18-4a3c-8227-f772e4afde17/none_v3" "txd9a2d32a2a65490aa96cc-00692ea445" "proxy-server 20" 0.0221 "-" 23 0
Dec 2 08:33:09 np0005541910 container-server[121007]: 172.20.0.103 - - [02/Dec/2025:08:33:09 +0000] "PUT /d1/532/AUTH_497073c2347a4b2dbbf501873318fbd3/gnocchi.8f240f26-142d-4151-bd38-13f126e4df57/1763640000.0_mean_300.0_v3" 201 - "PUT http://172.18.0.121:8080/d1/1022/AUTH_497073c2347a4b2dbbf501873318fbd3/gnocchi.8f240f26-142d-4151-bd38-13f126e4df57/1763640000.0_mean_300.0_v3" "txb350545e719d47c892d8e-00692ea445" "object-server 24" 0.0007 "-" 20 0
Dec 2 08:33:09 np0005541910 object-server[121456]: 172.20.0.105 - - [02/Dec/2025:08:33:09 +0000] "PUT /d1/458/AUTH_497073c2347a4b2dbbf501873318fbd3/gnocchi.39960805-d346-4a13-9372-f097bcb99bc9/none_v3" 201 - "PUT http://172.18.0.121:8080/v1/AUTH_497073c2347a4b2dbbf501873318fbd3/gnocchi.39960805-d346-4a13-9372-f097bcb99bc9/none_v3" "tx790987c737da4ea2ad1d1-00692ea445" "proxy-server 20" 0.0170 "-" 23 0
Dec 2 08:33:09 np0005541910 object-server[121456]: 172.20.0.104 - - [02/Dec/2025:08:33:09 +0000] "PUT /d1/1022/AUTH_497073c2347a4b2dbbf501873318fbd3/gnocchi.8f240f26-142d-4151-bd38-13f126e4df57/1763640000.0_mean_300.0_v3" 201 - "PUT http://172.18.0.121:8080/v1/AUTH_497073c2347a4b2dbbf501873318fbd3/gnocchi.8f240f26-142d-4151-bd38-13f126e4df57/1763640000.0_mean_300.0_v3" "txb350545e719d47c892d8e-00692ea445" "proxy-server 20" 0.0168 "-" 23 0
Dec 2 08:33:09 np0005541910 proxy-server[122903]: 172.18.0.105 172.18.0.104 02/Dec/2025/08/33/09 PUT /v1/AUTH_497073c2347a4b2dbbf501873318fbd3/gnocchi.8f240f26-142d-4151-bd38-13f126e4df57/1763640000.0_mean_300.0_v3 HTTP/1.0 201 - python-swiftclient-3.11.1 gAAAAABpLqO0YxeR... 16 - - txb350545e719d47c892d8e-00692ea445 - 0.0266 - - 1764664389.722770214 1764664389.749387264 0
Dec 2 08:33:09 np0005541910 container-server[121026]: 172.20.0.105 - - [02/Dec/2025:08:33:09 +0000] "PUT /d1/532/AUTH_497073c2347a4b2dbbf501873318fbd3/gnocchi.8f240f26-142d-4151-bd38-13f126e4df57/none_v3" 201 - "PUT http://172.18.0.121:8080/d1/175/AUTH_497073c2347a4b2dbbf501873318fbd3/gnocchi.8f240f26-142d-4151-bd38-13f126e4df57/none_v3" "txfd530d59af8f415ab31c9-00692ea445" "object-server 22" 0.0008 "-" 23 0
Dec 2 08:33:09 np0005541910 object-server[121456]: 172.20.0.103 - - [02/Dec/2025:08:33:09 +0000] "PUT /d1/175/AUTH_497073c2347a4b2dbbf501873318fbd3/gnocchi.8f240f26-142d-4151-bd38-13f126e4df57/none_v3" 201 - "PUT http://172.18.0.121:8080/v1/AUTH_497073c2347a4b2dbbf501873318fbd3/gnocchi.8f240f26-142d-4151-bd38-13f126e4df57/none_v3" "txfd530d59af8f415ab31c9-00692ea445" "proxy-server 20" 0.0161 "-" 23 0
Dec 2 08:33:09 np0005541910 container-server[121026]: 172.20.0.104 - - [02/Dec/2025:08:33:09 +0000] "HEAD /d1/807/AUTH_497073c2347a4b2dbbf501873318fbd3/gnocchi.8066c377-242c-49cc-b607-5f97997acc4c" 404 - "HEAD http://172.18.0.121:8080/v1/AUTH_497073c2347a4b2dbbf501873318fbd3/gnocchi.8066c377-242c-49cc-b607-5f97997acc4c?format=json&states=listing" "tx8011e67e0f144b03b2344-00692ea445" "proxy-server 20" 0.0005 "-" 23 0
Dec 2 08:33:09 np0005541910 container-server[121013]: 172.20.0.105 - - [02/Dec/2025:08:33:09 +0000] "HEAD /d1/1017/AUTH_497073c2347a4b2dbbf501873318fbd3/gnocchi.df7e0595-991d-46c5-ab58-680948adb2b6" 404 - "HEAD http://172.18.0.121:8080/v1/AUTH_497073c2347a4b2dbbf501873318fbd3/gnocchi.df7e0595-991d-46c5-ab58-680948adb2b6?format=json&states=listing" "txd2e14af44dae4e0387669-00692ea445" "proxy-server 20" 0.0005 "-" 21 0
Dec 2 08:33:09 np0005541910 object-server[121456]: 172.20.0.104 - - [02/Dec/2025:08:33:09 +0000] "GET /d1/686/AUTH_497073c2347a4b2dbbf501873318fbd3/gnocchi.8066c377-242c-49cc-b607-5f97997acc4c/none_v3" 404 70 "GET http://172.18.0.121:8080/v1/AUTH_497073c2347a4b2dbbf501873318fbd3/gnocchi.8066c377-242c-49cc-b607-5f97997acc4c/none_v3" "tx8011e67e0f144b03b2344-00692ea445" "proxy-server 20" 0.0005 "-" 23 0
Dec 2 08:33:09 np0005541910 object-server[121456]: 172.20.0.105 - - [02/Dec/2025:08:33:09 +0000] "GET /d1/542/AUTH_497073c2347a4b2dbbf501873318fbd3/gnocchi.df7e0595-991d-46c5-ab58-680948adb2b6/none_v3" 404 70 "GET http://172.18.0.121:8080/v1/AUTH_497073c2347a4b2dbbf501873318fbd3/gnocchi.df7e0595-991d-46c5-ab58-680948adb2b6/none_v3" "txd2e14af44dae4e0387669-00692ea445" "proxy-server 20" 0.0002 "-" 23 0
Dec 2 08:33:09 np0005541910 proxy-server[122903]: 172.18.0.103 172.18.0.104 02/Dec/2025/08/33/09 GET /v1/AUTH_497073c2347a4b2dbbf501873318fbd3/gnocchi.8066c377-242c-49cc-b607-5f97997acc4c/none_v3 HTTP/1.0 404 - python-swiftclient-3.11.1 gAAAAABpLqP19t9Q... - 70 - tx8011e67e0f144b03b2344-00692ea445 - 0.0381 - - 1764664389.772643089 1764664389.810700893 0
Dec 2 08:33:09 np0005541910 container-server[121013]: 172.20.0.103 - - [02/Dec/2025:08:33:09 +0000] "PUT /d1/1017/AUTH_497073c2347a4b2dbbf501873318fbd3/gnocchi.df7e0595-991d-46c5-ab58-680948adb2b6" 201 - "PUT http://172.18.0.121:8080/v1/AUTH_497073c2347a4b2dbbf501873318fbd3/gnocchi.df7e0595-991d-46c5-ab58-680948adb2b6" "tx05714994a3a74c6cbe9e4-00692ea445" "proxy-server 20" 0.0197 "-" 21 0
Dec 2 08:33:09 np0005541910 account-server[120940]: 172.20.0.104 - - [02/Dec/2025:08:33:09 +0000] "PUT /d1/626/AUTH_497073c2347a4b2dbbf501873318fbd3/gnocchi.8066c377-242c-49cc-b607-5f97997acc4c" 201 - "PUT http://172.20.0.104:6001/d1/807/AUTH_497073c2347a4b2dbbf501873318fbd3/gnocchi.8066c377-242c-49cc-b607-5f97997acc4c" "tx26d1e3a374654d75800d9-00692ea445" "container-server 23" 0.0058 "-" 20 0
Dec 2 08:33:09 np0005541910 container-server[121026]: 172.20.0.105 - - [02/Dec/2025:08:33:09 +0000] "PUT /d1/807/AUTH_497073c2347a4b2dbbf501873318fbd3/gnocchi.8066c377-242c-49cc-b607-5f97997acc4c" 201 - "PUT http://172.18.0.121:8080/v1/AUTH_497073c2347a4b2dbbf501873318fbd3/gnocchi.8066c377-242c-49cc-b607-5f97997acc4c" "tx26d1e3a374654d75800d9-00692ea445" "proxy-server 20" 0.0187 "-" 23 0
Dec 2 08:33:09 np0005541910 account-server[120940]: 172.20.0.103 - - [02/Dec/2025:08:33:09 +0000] "PUT /d1/626/AUTH_497073c2347a4b2dbbf501873318fbd3/gnocchi.df7e0595-991d-46c5-ab58-680948adb2b6" 201 - "PUT http://172.20.0.103:6001/d1/1017/AUTH_497073c2347a4b2dbbf501873318fbd3/gnocchi.df7e0595-991d-46c5-ab58-680948adb2b6" "tx05714994a3a74c6cbe9e4-00692ea445" "container-server 20" 0.0057 "-" 20 0
Dec 2 08:33:09 np0005541910 container-server[121025]: 172.20.0.104 - - [02/Dec/2025:08:33:09 +0000] "HEAD /d1/807/AUTH_497073c2347a4b2dbbf501873318fbd3/gnocchi.8066c377-242c-49cc-b607-5f97997acc4c" 204 - "HEAD http://172.18.0.121:8080/v1/AUTH_497073c2347a4b2dbbf501873318fbd3/gnocchi.8066c377-242c-49cc-b607-5f97997acc4c?format=json&states=listing" "txc93e2e2b64d54eb492e03-00692ea445" "proxy-server 20" 0.0027 "-" 22 0
Dec 2 08:33:09 np0005541910 proxy-server[122903]: - - 02/Dec/2025/08/33/09 HEAD /v1/AUTH_497073c2347a4b2dbbf501873318fbd3/gnocchi.8066c377-242c-49cc-b607-5f97997acc4c%3Fformat%3Djson%26states%3Dlisting HTTP/1.0 204 - Swift - - - - txc93e2e2b64d54eb492e03-00692ea445 - 0.0081 RL - 1764664389.861709833 1764664389.869830370 0
Dec 2 08:33:09 np0005541910 container-server[121007]: 172.20.0.105 - - [02/Dec/2025:08:33:09 +0000] "HEAD /d1/1017/AUTH_497073c2347a4b2dbbf501873318fbd3/gnocchi.df7e0595-991d-46c5-ab58-680948adb2b6" 204 - "HEAD http://172.18.0.121:8080/v1/AUTH_497073c2347a4b2dbbf501873318fbd3/gnocchi.df7e0595-991d-46c5-ab58-680948adb2b6?format=json&states=listing" "tx3fc3a7cc5e5e4c348c6af-00692ea445" "proxy-server 20" 0.0023 "-" 20 0
Dec 2 08:33:09 np0005541910 proxy-server[122903]: 172.18.0.103 172.18.0.104 02/Dec/2025/08/33/09 GET /v1/AUTH_497073c2347a4b2dbbf501873318fbd3/gnocchi.8066c377-242c-49cc-b607-5f97997acc4c%3Fformat%3Djson%26states%3Dlisting HTTP/1.0 200 - python-swiftclient-3.11.1 gAAAAABpLqP19t9Q... - 2 - txc93e2e2b64d54eb492e03-00692ea445 - 0.0202 - - 1764664389.860031128 1764664389.880243778 0
Dec 2 08:33:09 np0005541910 container-server[121013]: 172.20.0.105 - - [02/Dec/2025:08:33:09 +0000] "GET /d1/1017/AUTH_497073c2347a4b2dbbf501873318fbd3/gnocchi.df7e0595-991d-46c5-ab58-680948adb2b6" 200 2 "GET http://172.18.0.121:8080/v1/AUTH_497073c2347a4b2dbbf501873318fbd3/gnocchi.df7e0595-991d-46c5-ab58-680948adb2b6?format=json&states=listing" "tx3fc3a7cc5e5e4c348c6af-00692ea445" "proxy-server 20" 0.0057 "-" 21 0
Dec 2 08:33:09 np0005541910 object-server[121448]: 172.20.0.103 - - [02/Dec/2025:08:33:09 +0000] "GET /d1/23/AUTH_497073c2347a4b2dbbf501873318fbd3/gnocchi.8066c377-242c-49cc-b607-5f97997acc4c/1763640000.0_mean_300.0_v3" 404 70 "GET http://172.18.0.121:8080/v1/AUTH_497073c2347a4b2dbbf501873318fbd3/gnocchi.8066c377-242c-49cc-b607-5f97997acc4c/1763640000.0_mean_300.0_v3" "tx685d4ffe4d7040dfa7afa-00692ea445" "proxy-server 20" 0.0007 "-" 21 0
Dec 2 08:33:09 np0005541910 object-server[121448]: 172.20.0.104 - - [02/Dec/2025:08:33:09 +0000] "GET /d1/966/AUTH_497073c2347a4b2dbbf501873318fbd3/gnocchi.df7e0595-991d-46c5-ab58-680948adb2b6/1763640000.0_mean_300.0_v3" 404 70 "GET http://172.18.0.121:8080/v1/AUTH_497073c2347a4b2dbbf501873318fbd3/gnocchi.df7e0595-991d-46c5-ab58-680948adb2b6/1763640000.0_mean_300.0_v3" "txb17fcf9c67c94d41bb6b9-00692ea445" "proxy-server 20" 0.0006 "-" 21 0
Dec 2 08:33:09 np0005541910 proxy-server[122903]: 172.18.0.121 172.18.0.104 02/Dec/2025/08/33/09 GET /v1/AUTH_497073c2347a4b2dbbf501873318fbd3/gnocchi.df7e0595-991d-46c5-ab58-680948adb2b6/1763640000.0_mean_300.0_v3 HTTP/1.0 404 - python-swiftclient-3.11.1 gAAAAABpLqP99yKL... - 70 - txb17fcf9c67c94d41bb6b9-00692ea445 - 0.0224 - - 1764664389.902518988 1764664389.924932718 0
Dec 2 08:33:09 np0005541910 container-server[121013]: 172.20.0.105 - - [02/Dec/2025:08:33:09 +0000] "PUT /d1/807/AUTH_497073c2347a4b2dbbf501873318fbd3/gnocchi.8066c377-242c-49cc-b607-5f97997acc4c/1763640000.0_mean_300.0_v3" 201 - "PUT http://172.18.0.121:8080/d1/23/AUTH_497073c2347a4b2dbbf501873318fbd3/gnocchi.8066c377-242c-49cc-b607-5f97997acc4c/1763640000.0_mean_300.0_v3" "tx3d2296c8dbec41a592924-00692ea445" "object-server 23" 0.0008 "-" 21 0
Dec 2 08:33:09 np0005541910 object-server[121451]: 172.20.0.105 - - [02/Dec/2025:08:33:09 +0000] "PUT /d1/23/AUTH_497073c2347a4b2dbbf501873318fbd3/gnocchi.8066c377-242c-49cc-b607-5f97997acc4c/1763640000.0_mean_300.0_v3" 201 - "PUT http://172.18.0.121:8080/v1/AUTH_497073c2347a4b2dbbf501873318fbd3/gnocchi.8066c377-242c-49cc-b607-5f97997acc4c/1763640000.0_mean_300.0_v3" "tx3d2296c8dbec41a592924-00692ea445" "proxy-server 20" 0.0130 "-" 22 0
Dec 2 08:33:09 np0005541910 container-server[121013]: 172.20.0.105 - - [02/Dec/2025:08:33:09 +0000] "PUT /d1/1017/AUTH_497073c2347a4b2dbbf501873318fbd3/gnocchi.df7e0595-991d-46c5-ab58-680948adb2b6/1763640000.0_mean_300.0_v3" 201 - "PUT http://172.18.0.121:8080/d1/966/AUTH_497073c2347a4b2dbbf501873318fbd3/gnocchi.df7e0595-991d-46c5-ab58-680948adb2b6/1763640000.0_mean_300.0_v3" "tx889f1424f49f41c5832ca-00692ea445" "object-server 23" 0.0019 "-" 21 0
Dec 2 08:33:09 np0005541910 container-server[121013]: 172.20.0.104 - - [02/Dec/2025:08:33:09 +0000] "PUT /d1/807/AUTH_497073c2347a4b2dbbf501873318fbd3/gnocchi.8066c377-242c-49cc-b607-5f97997acc4c/none_v3" 201 - "PUT http://172.18.0.121:8080/d1/686/AUTH_497073c2347a4b2dbbf501873318fbd3/gnocchi.8066c377-242c-49cc-b607-5f97997acc4c/none_v3" "tx4d4818b555204536a9bfe-00692ea445" "object-server 21" 0.0006 "-" 21 0
Dec 2 08:33:09 np0005541910 object-server[121448]: 172.20.0.103 - - [02/Dec/2025:08:33:09 +0000] "PUT /d1/966/AUTH_497073c2347a4b2dbbf501873318fbd3/gnocchi.df7e0595-991d-46c5-ab58-680948adb2b6/1763640000.0_mean_300.0_v3" 201 - "PUT http://172.18.0.121:8080/v1/AUTH_497073c2347a4b2dbbf501873318fbd3/gnocchi.df7e0595-991d-46c5-ab58-680948adb2b6/1763640000.0_mean_300.0_v3" "tx889f1424f49f41c5832ca-00692ea445" "proxy-server 20" 0.0213 "-" 21 0
Dec 2 08:33:09 np0005541910 object-server[121448]: 172.20.0.104 - - [02/Dec/2025:08:33:09 +0000] "PUT /d1/686/AUTH_497073c2347a4b2dbbf501873318fbd3/gnocchi.8066c377-242c-49cc-b607-5f97997acc4c/none_v3" 201 - "PUT http://172.18.0.121:8080/v1/AUTH_497073c2347a4b2dbbf501873318fbd3/gnocchi.8066c377-242c-49cc-b607-5f97997acc4c/none_v3" "tx4d4818b555204536a9bfe-00692ea445" "proxy-server 20" 0.0193 "-" 21 0
Dec 2 08:33:09 np0005541910 proxy-server[122903]: 172.18.0.103 172.18.0.104 02/Dec/2025/08/33/09 PUT /v1/AUTH_497073c2347a4b2dbbf501873318fbd3/gnocchi.8066c377-242c-49cc-b607-5f97997acc4c/none_v3 HTTP/1.0 201 - python-swiftclient-3.11.1 gAAAAABpLqP19t9Q... 22 - - tx4d4818b555204536a9bfe-00692ea445 - 0.0266 - - 1764664389.939305782 1764664389.965942621 0
Dec 2 08:33:09 np0005541910 object-server[121451]: 172.20.0.105 - - [02/Dec/2025:08:33:09 +0000] "PUT /d1/542/AUTH_497073c2347a4b2dbbf501873318fbd3/gnocchi.df7e0595-991d-46c5-ab58-680948adb2b6/none_v3" 201 - "PUT http://172.18.0.121:8080/v1/AUTH_497073c2347a4b2dbbf501873318fbd3/gnocchi.df7e0595-991d-46c5-ab58-680948adb2b6/none_v3" "tx217973d226bc40b8925bc-00692ea445" "proxy-server 20" 0.0116 "-" 22 0
Dec 2 08:33:09 np0005541910 container-server[121026]: 172.20.0.105 - - [02/Dec/2025:08:33:09 +0000] "PUT /d1/1017/AUTH_497073c2347a4b2dbbf501873318fbd3/gnocchi.df7e0595-991d-46c5-ab58-680948adb2b6/none_v3" 201 - "PUT http://172.18.0.121:8080/d1/542/AUTH_497073c2347a4b2dbbf501873318fbd3/gnocchi.df7e0595-991d-46c5-ab58-680948adb2b6/none_v3" "tx217973d226bc40b8925bc-00692ea445" "object-server 24" 0.0006 "-" 23 0
Dec 2 08:33:11 np0005541910 account-server[120610]: Beginning replication run
Dec 2 08:33:11 np0005541910 account-server[120610]: Replication run OVER
Dec 2 08:33:11 np0005541910 account-server[120610]: Attempted to replicate 1 dbs in 0.03344 seconds (29.90518/s)
Dec 2 08:33:11 np0005541910 account-server[120610]: Removed 0 dbs
Dec 2 08:33:11 np0005541910 account-server[120610]: 2 successes, 0 failures
Dec 2 08:33:11 np0005541910 account-server[120610]: diff:0 diff_capped:0 empty:0 hashmatch:0 no_change:2 remote_merge:0 rsync:0 ts_repl:0
Dec 2 08:33:19 np0005541910 account-server[120964]: 172.20.0.103 - - [02/Dec/2025:08:33:19 +0000] "PUT /d1/626/AUTH_497073c2347a4b2dbbf501873318fbd3/gnocchi.aa733041-fa18-4a3c-8227-f772e4afde17" 201 - "-" "-" "container-updater 2" 0.0011 "-" 21 0
Dec 2 08:33:19 np0005541910 account-server[120964]: 172.20.0.103 - - [02/Dec/2025:08:33:19 +0000] "PUT /d1/626/AUTH_497073c2347a4b2dbbf501873318fbd3/gnocchi.4f411340-6467-4bae-9d7e-9d5b273b0d2b" 201 - "-" "-" "container-updater 2" 0.0007 "-" 21 0
Dec 2 08:33:20 np0005541910 account-server[120981]: 172.20.0.103 - - [02/Dec/2025:08:33:20 +0000] "PUT /d1/626/AUTH_497073c2347a4b2dbbf501873318fbd3/gnocchi.1cbcdd7a-19b9-436b-b6cc-d4b320de27a8" 201 - "-" "-" "container-updater 2" 0.0008 "-" 22 0
Dec 2 08:33:20 np0005541910 account-server[120981]: 172.20.0.103 - - [02/Dec/2025:08:33:20 +0000] "PUT /d1/626/AUTH_497073c2347a4b2dbbf501873318fbd3/gnocchi.58b99940-1fe3-45c1-9db3-3dfd3571631f" 201 - "-" "-" "container-updater 2" 0.0006 "-" 22 0
Dec 2 08:33:20 np0005541910 account-server[120964]: 172.20.0.103 - - [02/Dec/2025:08:33:20 +0000] "PUT /d1/626/AUTH_497073c2347a4b2dbbf501873318fbd3/gnocchi.63897728-c6fe-45f1-9592-f9328b3109ed" 201 - "-" "-" "container-updater 2" 0.0008 "-" 21 0
Dec 2 08:33:20 np0005541910 account-server[120981]: 172.20.0.103 - - [02/Dec/2025:08:33:20 +0000] "PUT /d1/626/AUTH_497073c2347a4b2dbbf501873318fbd3/gnocchi.a84f9e15-acf9-46c7-9262-c209fcc4bcba" 201 - "-" "-" "container-updater 2" 0.0008 "-" 22 0
Dec 2 08:33:20 np0005541910 account-server[120981]: 172.20.0.103 - - [02/Dec/2025:08:33:20 +0000] "PUT /d1/626/AUTH_497073c2347a4b2dbbf501873318fbd3/gnocchi.9f146626-dc56-416e-ab40-62adce36f3ed" 201 - "-" "-" "container-updater 2" 0.0004 "-" 22 0
Dec 2 08:33:20 np0005541910 account-server[120940]: 172.20.0.103 - - [02/Dec/2025:08:33:20 +0000] "PUT /d1/626/AUTH_497073c2347a4b2dbbf501873318fbd3/gnocchi.8066c377-242c-49cc-b607-5f97997acc4c" 201 - "-" "-" "container-updater 2" 0.0004 "-" 20 0
Dec 2 08:33:20 np0005541910 account-server[120964]: 172.20.0.103 - - [02/Dec/2025:08:33:20 +0000] "PUT /d1/626/AUTH_497073c2347a4b2dbbf501873318fbd3/gnocchi.ddf19f68-2eb0-4238-8b7a-ba139ac243ca" 201 - "-" "-" "container-updater 2" 0.0005 "-" 21 0
Dec 2 08:33:20 np0005541910 account-server[120964]: 172.20.0.103 - - [02/Dec/2025:08:33:20 +0000] "PUT /d1/626/AUTH_497073c2347a4b2dbbf501873318fbd3/gnocchi.d9e1d6ea-e08c-41de-bcd0-88efa188da3a" 201 - "-" "-" "container-updater 2" 0.0005 "-" 21 0
Dec 2 08:33:20 np0005541910 account-server[120987]: 172.20.0.103 - - [02/Dec/2025:08:33:20 +0000] "PUT /d1/626/AUTH_497073c2347a4b2dbbf501873318fbd3/gnocchi.39960805-d346-4a13-9372-f097bcb99bc9" 201 - "-" "-" "container-updater 2" 0.0008 "-" 23 0
Dec 2 08:33:20 np0005541910 account-server[120981]: 172.20.0.103 - - [02/Dec/2025:08:33:20 +0000] "PUT /d1/626/AUTH_497073c2347a4b2dbbf501873318fbd3/gnocchi.aa341c8a-34ae-41de-9bc1-528198dca50e" 201 - "-" "-" "container-updater 2" 0.0007 "-" 22 0
Dec 2 08:33:20 np0005541910 account-server[120940]: 172.20.0.103 - - [02/Dec/2025:08:33:20 +0000] "PUT /d1/626/AUTH_497073c2347a4b2dbbf501873318fbd3/gnocchi.ea620841-f6f6-4ea7-84eb-b83ad5c40434" 201 - "-" "-" "container-updater 2" 0.0005 "-" 20 0
Dec 2 08:33:20 np0005541910 account-server[120987]: 172.20.0.103 - - [02/Dec/2025:08:33:20 +0000] "PUT /d1/626/AUTH_497073c2347a4b2dbbf501873318fbd3/gnocchi.8b68dd01-139f-4dc8-bcb3-91db0d82d14d" 201 - "-" "-" "container-updater 2" 0.0008 "-" 23 0
Dec 2 08:33:20 np0005541910 account-server[120940]: 172.20.0.103 - - [02/Dec/2025:08:33:20 +0000] "PUT /d1/626/AUTH_497073c2347a4b2dbbf501873318fbd3/gnocchi.8fe2af1f-43cd-423a-83cb-b7c8ed26b471" 201 - "-" "-" "container-updater 2" 0.0006 "-" 20 0
Dec 2 08:33:21 np0005541910 account-server[120981]: 172.20.0.103 - - [02/Dec/2025:08:33:21 +0000] "PUT /d1/626/AUTH_497073c2347a4b2dbbf501873318fbd3/gnocchi.df7e0595-991d-46c5-ab58-680948adb2b6" 201 - "-" "-" "container-updater 2" 0.0006 "-" 22 0
Dec 2 08:33:21 np0005541910 container-server[120780]: Beginning replication run
Dec 2 08:33:21 np0005541910 account-server[120987]: 172.20.0.103 - - [02/Dec/2025:08:33:21 +0000] "PUT /d1/626/AUTH_497073c2347a4b2dbbf501873318fbd3/gnocchi.42f52e77-9dfe-4e03-b5be-5c08383de9cd" 201 - "-" "-" "container-updater 2" 0.0009 "-" 23 0
Dec 2 08:33:21 np0005541910 account-server[120987]: 172.20.0.103 - - [02/Dec/2025:08:33:21 +0000] "PUT /d1/626/AUTH_497073c2347a4b2dbbf501873318fbd3/gnocchi.0b097e72-82e1-4a82-981d-0ba9200393f7" 201 - "-" "-" "container-updater 2" 0.0012 "-" 23 0
Dec 2 08:33:21 np0005541910 account-server[120964]: 172.20.0.103 - - [02/Dec/2025:08:33:21 +0000] "PUT /d1/626/AUTH_497073c2347a4b2dbbf501873318fbd3/gnocchi.3dc0d1a9-e1cc-494d-8b4a-cd1ce36d370f" 201 - "-" "-" "container-updater 2" 0.0009 "-" 21 0
Dec 2 08:33:21 np0005541910 account-server[120940]: 172.20.0.103 - - [02/Dec/2025:08:33:21 +0000] "PUT /d1/626/AUTH_497073c2347a4b2dbbf501873318fbd3/gnocchi.8f240f26-142d-4151-bd38-13f126e4df57" 201 - "-" "-" "container-updater 2" 0.0007 "-" 20 0
Dec 2 08:33:21 np0005541910 account-server[120987]: 172.20.0.103 - - [02/Dec/2025:08:33:21 +0000] "PUT /d1/626/AUTH_497073c2347a4b2dbbf501873318fbd3/gnocchi.5084c030-e9b1-4bf2-995b-3ad7a43e1f6c" 201 - "-" "-" "container-updater 2" 0.0009 "-" 23 0
Dec 2 08:33:21 np0005541910 account-server[120964]: 172.20.0.103 - - [02/Dec/2025:08:33:21 +0000] "PUT /d1/626/AUTH_497073c2347a4b2dbbf501873318fbd3/gnocchi.5eae7247-51a1-48a1-bc57-74888088b621" 201 - "-" "-" "container-updater 2" 0.0011 "-" 21 0
Dec 2 08:33:21 np0005541910 container-server[120780]: Replication run OVER
Dec 2 08:33:21 np0005541910 container-server[120780]: Attempted to replicate 22 dbs in 0.53498 seconds (41.12333/s)
Dec 2 08:33:21 np0005541910 container-server[120780]: Removed 0 dbs
Dec 2 08:33:21 np0005541910 container-server[120780]: 44 successes, 0 failures
Dec 2 08:33:21 np0005541910 container-server[120780]: diff:0 diff_capped:0 empty:0 hashmatch:0 no_change:44 remote_merge:0 rsync:0 ts_repl:0
Dec 2 08:33:35 np0005541910 object-server[121164]: Starting object replication pass.
Dec 2 08:33:36 np0005541910 object-server[121164]: 43/43 (100.00%) partitions replicated in 0.44s (96.93/sec, 0s remaining)
Dec 2 08:33:36 np0005541910 object-server[121164]: 86 successes, 0 failures
Dec 2 08:33:36 np0005541910 object-server[121164]: 44 suffixes checked - 0.00% hashed, 0.00% synced
Dec 2 08:33:36 np0005541910 object-server[121164]: Partition times: max 0.0394s, min 0.0060s, med 0.0087s
Dec 2 08:33:36 np0005541910 object-server[121164]: Object replication complete. (0.01 minutes)
Dec 2 08:33:37 np0005541910 object-server[220807]: Begin object audit "forever" mode (ZBF)
Dec 2 08:33:37 np0005541910 object-server[220807]: Object audit (ZBF). Since Tue Dec 2 08:33:37 2025: Locally: 1 passed, 0 quarantined, 0 errors, files/sec: 458.19, bytes/sec: 0.00, Total time: 0.00, Auditing time: 0.00, Rate: 0.00
Dec 2 08:33:38 np0005541910 object-server[220807]: Object audit (ZBF) "forever" mode completed: 0.84s. Total quarantined: 0, Total errors: 0, Total files/sec: 52.16, Total bytes/sec: 0.00, Auditing time: 0.83, Rate: 0.99
Dec 2 08:33:41 np0005541910 account-server[120610]: Beginning replication run
Dec 2 08:33:41 np0005541910 account-server[120610]: Replication run OVER
Dec 2 08:33:41 np0005541910 account-server[120610]: Attempted to replicate 1 dbs in 0.02546 seconds (39.27861/s)
Dec 2 08:33:41 np0005541910 account-server[120610]: Removed 0 dbs
Dec 2 08:33:41 np0005541910 account-server[120610]: 2 successes, 0 failures
Dec 2 08:33:41 np0005541910 account-server[120610]: diff:0 diff_capped:0 empty:0 hashmatch:0 no_change:2 remote_merge:0 rsync:0 ts_repl:0
Dec 2 08:33:51 np0005541910 container-server[120780]: Beginning replication run
Dec 2 08:33:51 np0005541910 container-server[120780]: Replication run OVER
Dec 2 08:33:51 np0005541910 container-server[120780]: Attempted to replicate 22 dbs in 0.43302 seconds (50.80538/s)
Dec 2 08:33:51 np0005541910 container-server[120780]: Removed 0 dbs
Dec 2 08:33:51 np0005541910 container-server[120780]: 44 successes, 0 failures
Dec 2 08:33:51 np0005541910 container-server[120780]: diff:0 diff_capped:0 empty:0 hashmatch:0 no_change:44 remote_merge:0 rsync:0 ts_repl:0
Dec 2 08:33:52 np0005541910 container-server[121088]: Begin container update sweep
Dec 2 08:33:52 np0005541910 account-server[120940]: 172.20.0.104 - - [02/Dec/2025:08:33:52 +0000] "PUT /d1/626/AUTH_497073c2347a4b2dbbf501873318fbd3/gnocchi.5eae7247-51a1-48a1-bc57-74888088b621" 201 - "-" "-" "container-updater 2" 0.0014 "-" 20 0
Dec 2 08:33:52 np0005541910 account-server[120987]: 172.20.0.104 - - [02/Dec/2025:08:33:52 +0000] "PUT /d1/626/AUTH_497073c2347a4b2dbbf501873318fbd3/gnocchi.39960805-d346-4a13-9372-f097bcb99bc9" 201 - "-" "-" "container-updater 2" 0.0009 "-" 23 0
Dec 2 08:33:53 np0005541910 account-server[120987]: 172.20.0.104 - - [02/Dec/2025:08:33:52 +0000] "PUT /d1/626/AUTH_497073c2347a4b2dbbf501873318fbd3/gnocchi.d9e1d6ea-e08c-41de-bcd0-88efa188da3a" 201 - "-" "-" "container-updater 2" 0.0007 "-" 23 0
Dec 2 08:33:53 np0005541910 account-server[120987]: 172.20.0.104 - - [02/Dec/2025:08:33:53 +0000] "PUT /d1/626/AUTH_497073c2347a4b2dbbf501873318fbd3/gnocchi.aa733041-fa18-4a3c-8227-f772e4afde17" 201 - "-" "-" "container-updater 2" 0.0008 "-" 23 0
Dec 2 08:33:53 np0005541910 account-server[120987]: 172.20.0.104 - - [02/Dec/2025:08:33:53 +0000] "PUT /d1/626/AUTH_497073c2347a4b2dbbf501873318fbd3/gnocchi.0b097e72-82e1-4a82-981d-0ba9200393f7" 201 - "-" "-" "container-updater 2" 0.0007 "-" 23 0
Dec 2 08:33:53 np0005541910 account-server[120981]: 172.20.0.104 - - [02/Dec/2025:08:33:53 +0000] "PUT /d1/626/AUTH_497073c2347a4b2dbbf501873318fbd3/gnocchi.42f52e77-9dfe-4e03-b5be-5c08383de9cd" 201 - "-" "-" "container-updater 2" 0.0007 "-" 22 0
Dec 2 08:33:53 np0005541910 account-server[120964]: 172.20.0.104 - - [02/Dec/2025:08:33:53 +0000] "PUT /d1/626/AUTH_497073c2347a4b2dbbf501873318fbd3/gnocchi.8b68dd01-139f-4dc8-bcb3-91db0d82d14d" 201 - "-" "-" "container-updater 2" 0.0010 "-" 21 0
Dec 2 08:33:53 np0005541910 account-server[120964]: 172.20.0.104 - - [02/Dec/2025:08:33:53 +0000] "PUT /d1/626/AUTH_497073c2347a4b2dbbf501873318fbd3/gnocchi.a84f9e15-acf9-46c7-9262-c209fcc4bcba" 201 - "-" "-" "container-updater 2" 0.0010 "-" 21 0
Dec 2 08:33:53 np0005541910 account-server[120964]: 172.20.0.104 - - [02/Dec/2025:08:33:53 +0000] "PUT /d1/626/AUTH_497073c2347a4b2dbbf501873318fbd3/gnocchi.ddf19f68-2eb0-4238-8b7a-ba139ac243ca" 201 - "-" "-" "container-updater 2" 0.0009 "-" 21 0
Dec 2 08:33:53 np0005541910 account-server[120981]: 172.20.0.104 - - [02/Dec/2025:08:33:53 +0000] "PUT /d1/626/AUTH_497073c2347a4b2dbbf501873318fbd3/gnocchi.aa341c8a-34ae-41de-9bc1-528198dca50e" 201 - "-" "-" "container-updater 2" 0.0007 "-" 22 0
Dec 2 08:33:53 np0005541910 account-server[120964]: 172.20.0.104 - - [02/Dec/2025:08:33:53 +0000] "PUT /d1/626/AUTH_497073c2347a4b2dbbf501873318fbd3/gnocchi.5084c030-e9b1-4bf2-995b-3ad7a43e1f6c" 201 - "-" "-" "container-updater 2" 0.0009 "-" 21 0
Dec 2 08:33:53 np0005541910 account-server[120981]: 172.20.0.104 - - [02/Dec/2025:08:33:53 +0000] "PUT /d1/626/AUTH_497073c2347a4b2dbbf501873318fbd3/gnocchi.df7e0595-991d-46c5-ab58-680948adb2b6" 201 - "-" "-" "container-updater 2" 0.0008 "-" 22 0
Dec 2 08:33:53 np0005541910 account-server[120940]: 172.20.0.104 - - [02/Dec/2025:08:33:53 +0000] "PUT /d1/626/AUTH_497073c2347a4b2dbbf501873318fbd3/gnocchi.58b99940-1fe3-45c1-9db3-3dfd3571631f" 201 - "-" "-" "container-updater 2" 0.0009 "-" 20 0
Dec 2 08:33:54 np0005541910 account-server[120940]: 172.20.0.104 - - [02/Dec/2025:08:33:54 +0000] "PUT /d1/626/AUTH_497073c2347a4b2dbbf501873318fbd3/gnocchi.8066c377-242c-49cc-b607-5f97997acc4c" 201 - "-" "-" "container-updater 2" 0.0008 "-" 20 0
Dec 2 08:33:54 np0005541910 account-server[120964]: 172.20.0.104 - - [02/Dec/2025:08:33:54 +0000] "PUT /d1/626/AUTH_497073c2347a4b2dbbf501873318fbd3/gnocchi.3dc0d1a9-e1cc-494d-8b4a-cd1ce36d370f" 201 - "-" "-" "container-updater 2" 0.0009 "-" 21 0
Dec 2 08:33:54 np0005541910 account-server[120940]: 172.20.0.104 - - [02/Dec/2025:08:33:54 +0000] "PUT /d1/626/AUTH_497073c2347a4b2dbbf501873318fbd3/gnocchi.63897728-c6fe-45f1-9592-f9328b3109ed" 201 - "-" "-" "container-updater 2" 0.0008 "-" 20 0
Dec 2 08:33:54 np0005541910 account-server[120940]: 172.20.0.104 - - [02/Dec/2025:08:33:54 +0000] "PUT /d1/626/AUTH_497073c2347a4b2dbbf501873318fbd3/gnocchi.ea620841-f6f6-4ea7-84eb-b83ad5c40434" 201 - "-" "-" "container-updater 2" 0.0009 "-" 20 0
Dec 2 08:33:54 np0005541910 account-server[120987]: 172.20.0.104 - - [02/Dec/2025:08:33:54 +0000] "PUT /d1/626/AUTH_497073c2347a4b2dbbf501873318fbd3/gnocchi.9f146626-dc56-416e-ab40-62adce36f3ed" 201 - "-" "-" "container-updater 2" 0.0008 "-" 23 0
Dec 2 08:33:54 np0005541910 account-server[120987]: 172.20.0.104 - - [02/Dec/2025:08:33:54 +0000] "PUT /d1/626/AUTH_497073c2347a4b2dbbf501873318fbd3/gnocchi.4f411340-6467-4bae-9d7e-9d5b273b0d2b" 201 - "-" "-" "container-updater 2" 0.0007 "-" 23 0
Dec 2 08:33:54 np0005541910 account-server[120987]: 172.20.0.104 - - [02/Dec/2025:08:33:54 +0000] "PUT /d1/626/AUTH_497073c2347a4b2dbbf501873318fbd3/gnocchi.8f240f26-142d-4151-bd38-13f126e4df57" 201 - "-" "-" "container-updater 2" 0.0008 "-" 23 0
Dec 2 08:33:54 np0005541910 account-server[120981]: 172.20.0.104 - - [02/Dec/2025:08:33:54 +0000] "PUT /d1/626/AUTH_497073c2347a4b2dbbf501873318fbd3/gnocchi.8fe2af1f-43cd-423a-83cb-b7c8ed26b471" 201 - "-" "-" "container-updater 2" 0.0005 "-" 22 0
