Dec 2 08:31:57 np0005541910 object-server[121448]: 172.20.0.103 - - [02/Dec/2025:08:31:57 +0000] "GET /d1/110/AUTH_497073c2347a4b2dbbf501873318fbd3/gnocchi.8b68dd01-139f-4dc8-bcb3-91db0d82d14d/1763640000.0_mean_300.0_v3" 404 70 "GET http://172.18.0.121:8080/v1/AUTH_497073c2347a4b2dbbf501873318fbd3/gnocchi.8b68dd01-139f-4dc8-bcb3-91db0d82d14d/1763640000.0_mean_300.0_v3" "tx9b56a239a0514a60a494e-00692ea3fd" "proxy-server 20" 0.0003 "-" 21 0
Dec 2 08:31:57 np0005541910 container-server[121025]: 172.20.0.104 - - [02/Dec/2025:08:31:57 +0000] "HEAD /d1/499/AUTH_497073c2347a4b2dbbf501873318fbd3/gnocchi.58b99940-1fe3-45c1-9db3-3dfd3571631f" 204 - "HEAD http://172.18.0.121:8080/v1/AUTH_497073c2347a4b2dbbf501873318fbd3/gnocchi.58b99940-1fe3-45c1-9db3-3dfd3571631f?format=json&states=listing" "txd292d4c8643944e288557-00692ea3fd" "proxy-server 20" 0.0012 "-" 22 0
Dec 2 08:31:57 np0005541910 proxy-server[122903]: - - 02/Dec/2025/08/31/57 HEAD /v1/AUTH_497073c2347a4b2dbbf501873318fbd3/gnocchi.58b99940-1fe3-45c1-9db3-3dfd3571631f%3Fformat%3Djson%26states%3Dlisting HTTP/1.0 204 - Swift - - - - txd292d4c8643944e288557-00692ea3fd - 0.0050 RL - 1764664317.314626455 1764664317.319671392 0
Dec 2 08:31:57 np0005541910 proxy-server[122903]: 172.18.0.103 172.18.0.104 02/Dec/2025/08/31/57 GET /v1/AUTH_497073c2347a4b2dbbf501873318fbd3/gnocchi.58b99940-1fe3-45c1-9db3-3dfd3571631f%3Fformat%3Djson%26states%3Dlisting HTTP/1.0 200 - python-swiftclient-3.11.1 gAAAAABpLqP19t9Q... - 2 - txd292d4c8643944e288557-00692ea3fd - 0.0180 - - 1764664317.313239813 1764664317.331221342 0
Dec 2 08:31:57 np0005541910 container-server[121007]: 172.20.0.104 - - [02/Dec/2025:08:31:57 +0000] "PUT /d1/557/AUTH_497073c2347a4b2dbbf501873318fbd3/gnocchi.8b68dd01-139f-4dc8-bcb3-91db0d82d14d/1763640000.0_mean_300.0_v3" 201 - "PUT http://172.18.0.121:8080/d1/110/AUTH_497073c2347a4b2dbbf501873318fbd3/gnocchi.8b68dd01-139f-4dc8-bcb3-91db0d82d14d/1763640000.0_mean_300.0_v3" "txe1b546a077eb4f84a87c1-00692ea3fd" "object-server 23" 0.0006 "-" 20 0
Dec 2 08:31:57 np0005541910 object-server[121456]: 172.20.0.105 - - [02/Dec/2025:08:31:57 +0000] "PUT /d1/110/AUTH_497073c2347a4b2dbbf501873318fbd3/gnocchi.8b68dd01-139f-4dc8-bcb3-91db0d82d14d/1763640000.0_mean_300.0_v3" 201 - "PUT http://172.18.0.121:8080/v1/AUTH_497073c2347a4b2dbbf501873318fbd3/gnocchi.8b68dd01-139f-4dc8-bcb3-91db0d82d14d/1763640000.0_mean_300.0_v3" "txe1b546a077eb4f84a87c1-00692ea3fd" "proxy-server 20" 0.0123 "-" 23 0
Dec 2 08:31:57 np0005541910 object-server[121448]: 172.20.0.103 - - [02/Dec/2025:08:31:57 +0000] "GET /d1/147/AUTH_497073c2347a4b2dbbf501873318fbd3/gnocchi.58b99940-1fe3-45c1-9db3-3dfd3571631f/1763640000.0_mean_300.0_v3" 404 70 "GET http://172.18.0.121:8080/v1/AUTH_497073c2347a4b2dbbf501873318fbd3/gnocchi.58b99940-1fe3-45c1-9db3-3dfd3571631f/1763640000.0_mean_300.0_v3" "tx6e44b4f5a7ec41f0aebb8-00692ea3fd" "proxy-server 20" 0.0003 "-" 21 0
Dec 2 08:31:57 np0005541910 object-server[121448]: 172.20.0.105 - - [02/Dec/2025:08:31:57 +0000] "PUT /d1/174/AUTH_497073c2347a4b2dbbf501873318fbd3/gnocchi.8b68dd01-139f-4dc8-bcb3-91db0d82d14d/none_v3" 201 - "PUT http://172.18.0.121:8080/v1/AUTH_497073c2347a4b2dbbf501873318fbd3/gnocchi.8b68dd01-139f-4dc8-bcb3-91db0d82d14d/none_v3" "txde39043f514646d19a3c6-00692ea3fd" "proxy-server 20" 0.0103 "-" 21 0
Dec 2 08:31:57 np0005541910 container-server[121007]: 172.20.0.103 - - [02/Dec/2025:08:31:57 +0000] "PUT /d1/557/AUTH_497073c2347a4b2dbbf501873318fbd3/gnocchi.8b68dd01-139f-4dc8-bcb3-91db0d82d14d/none_v3" 201 - "PUT http://172.18.0.121:8080/d1/174/AUTH_497073c2347a4b2dbbf501873318fbd3/gnocchi.8b68dd01-139f-4dc8-bcb3-91db0d82d14d/none_v3" "txde39043f514646d19a3c6-00692ea3fd" "object-server 23" 0.0006 "-" 20 0
Dec 2 08:31:57 np0005541910 object-server[121448]: 172.20.0.103 - - [02/Dec/2025:08:31:57 +0000] "PUT /d1/147/AUTH_497073c2347a4b2dbbf501873318fbd3/gnocchi.58b99940-1fe3-45c1-9db3-3dfd3571631f/1763640000.0_mean_300.0_v3" 201 - "PUT http://172.18.0.121:8080/v1/AUTH_497073c2347a4b2dbbf501873318fbd3/gnocchi.58b99940-1fe3-45c1-9db3-3dfd3571631f/1763640000.0_mean_300.0_v3" "tx39accc5d2c5c48028ba16-00692ea3fd" "proxy-server 20" 0.0203 "-" 21 0
Dec 2 08:31:57 np0005541910 container-server[121013]: 172.20.0.105 - - [02/Dec/2025:08:31:57 +0000] "PUT /d1/499/AUTH_497073c2347a4b2dbbf501873318fbd3/gnocchi.58b99940-1fe3-45c1-9db3-3dfd3571631f/1763640000.0_mean_300.0_v3" 201 - "PUT http://172.18.0.121:8080/d1/147/AUTH_497073c2347a4b2dbbf501873318fbd3/gnocchi.58b99940-1fe3-45c1-9db3-3dfd3571631f/1763640000.0_mean_300.0_v3" "tx39accc5d2c5c48028ba16-00692ea3fd" "object-server 25" 0.0009 "-" 21 0
Dec 2 08:31:57 np0005541910 container-server[121007]: 172.20.0.104 - - [02/Dec/2025:08:31:57 +0000] "PUT /d1/499/AUTH_497073c2347a4b2dbbf501873318fbd3/gnocchi.58b99940-1fe3-45c1-9db3-3dfd3571631f/none_v3" 201 - "PUT http://172.18.0.121:8080/d1/522/AUTH_497073c2347a4b2dbbf501873318fbd3/gnocchi.58b99940-1fe3-45c1-9db3-3dfd3571631f/none_v3" "tx04ef77b6a78649e783bcb-00692ea3fd" "object-server 23" 0.0012 "-" 20 0
Dec 2 08:31:57 np0005541910 object-server[121456]: 172.20.0.105 - - [02/Dec/2025:08:31:57 +0000] "PUT /d1/522/AUTH_497073c2347a4b2dbbf501873318fbd3/gnocchi.58b99940-1fe3-45c1-9db3-3dfd3571631f/none_v3" 201 - "PUT http://172.18.0.121:8080/v1/AUTH_497073c2347a4b2dbbf501873318fbd3/gnocchi.58b99940-1fe3-45c1-9db3-3dfd3571631f/none_v3" "tx04ef77b6a78649e783bcb-00692ea3fd" "proxy-server 20" 0.0124 "-" 23 0
Dec 2 08:31:57 np0005541910 container-server[121007]: 172.20.0.104 - - [02/Dec/2025:08:31:57 +0000] "HEAD /d1/35/AUTH_497073c2347a4b2dbbf501873318fbd3/gnocchi.d9e1d6ea-e08c-41de-bcd0-88efa188da3a" 404 - "HEAD http://172.18.0.121:8080/v1/AUTH_497073c2347a4b2dbbf501873318fbd3/gnocchi.d9e1d6ea-e08c-41de-bcd0-88efa188da3a?format=json&states=listing" "tx1c74fb29d70e4c70a71e9-00692ea3fd" "proxy-server 20" 0.0005 "-" 20 0
Dec 2 08:31:57 np0005541910 object-server[121448]: 172.20.0.104 - - [02/Dec/2025:08:31:57 +0000] "GET /d1/128/AUTH_497073c2347a4b2dbbf501873318fbd3/gnocchi.d9e1d6ea-e08c-41de-bcd0-88efa188da3a/none_v3" 404 70 "GET http://172.18.0.121:8080/v1/AUTH_497073c2347a4b2dbbf501873318fbd3/gnocchi.d9e1d6ea-e08c-41de-bcd0-88efa188da3a/none_v3" "tx1c74fb29d70e4c70a71e9-00692ea3fd" "proxy-server 20" 0.0005 "-" 21 0
Dec 2 08:31:57 np0005541910 proxy-server[122903]: 172.18.0.121 172.18.0.104 02/Dec/2025/08/31/57 GET /v1/AUTH_497073c2347a4b2dbbf501873318fbd3/gnocchi.d9e1d6ea-e08c-41de-bcd0-88efa188da3a/none_v3 HTTP/1.0 404 - python-swiftclient-3.11.1 gAAAAABpLqP99yKL... - 70 - tx1c74fb29d70e4c70a71e9-00692ea3fd - 0.4314 - - 1764664317.336947441 1764664317.768358231 0
Dec 2 08:31:57 np0005541910 container-server[121026]: 172.20.0.103 - - [02/Dec/2025:08:31:57 +0000] "PUT /d1/35/AUTH_497073c2347a4b2dbbf501873318fbd3/gnocchi.d9e1d6ea-e08c-41de-bcd0-88efa188da3a" 201 - "PUT http://172.18.0.121:8080/v1/AUTH_497073c2347a4b2dbbf501873318fbd3/gnocchi.d9e1d6ea-e08c-41de-bcd0-88efa188da3a" "txaa97090d8c984e4eb363d-00692ea3fd" "proxy-server 20" 0.0176 "-" 23 0
Dec 2 08:31:57 np0005541910 account-server[120987]: 172.20.0.105 - - [02/Dec/2025:08:31:57 +0000] "PUT /d1/626/AUTH_497073c2347a4b2dbbf501873318fbd3/gnocchi.d9e1d6ea-e08c-41de-bcd0-88efa188da3a" 201 - "PUT http://172.20.0.105:6001/d1/35/AUTH_497073c2347a4b2dbbf501873318fbd3/gnocchi.d9e1d6ea-e08c-41de-bcd0-88efa188da3a" "txaa97090d8c984e4eb363d-00692ea3fd" "container-server 21" 0.0068 "-" 23 0
Dec 2 08:31:57 np0005541910 object-server[121448]: 172.20.0.104 - - [02/Dec/2025:08:31:57 +0000] "GET /d1/900/AUTH_497073c2347a4b2dbbf501873318fbd3/gnocchi.d9e1d6ea-e08c-41de-bcd0-88efa188da3a/1763640000.0_mean_300.0_v3" 404 70 "GET http://172.18.0.121:8080/v1/AUTH_497073c2347a4b2dbbf501873318fbd3/gnocchi.d9e1d6ea-e08c-41de-bcd0-88efa188da3a/1763640000.0_mean_300.0_v3" "tx41f4db1c3a30477da5ec2-00692ea3fd" "proxy-server 20" 0.0003 "-" 21 0
Dec 2 08:31:57 np0005541910 proxy-server[122903]: 172.18.0.121 172.18.0.104 02/Dec/2025/08/31/57 GET /v1/AUTH_497073c2347a4b2dbbf501873318fbd3/gnocchi.d9e1d6ea-e08c-41de-bcd0-88efa188da3a/1763640000.0_mean_300.0_v3 HTTP/1.0 404 - python-swiftclient-3.11.1 gAAAAABpLqP99yKL... - 70 - tx41f4db1c3a30477da5ec2-00692ea3fd - 0.0172 - - 1764664317.835211277 1764664317.852411509 0
Dec 2 08:31:57 np0005541910 container-server[121013]: 172.20.0.103 - - [02/Dec/2025:08:31:57 +0000] "PUT /d1/35/AUTH_497073c2347a4b2dbbf501873318fbd3/gnocchi.d9e1d6ea-e08c-41de-bcd0-88efa188da3a/1763640000.0_mean_300.0_v3" 201 - "PUT http://172.18.0.121:8080/d1/900/AUTH_497073c2347a4b2dbbf501873318fbd3/gnocchi.d9e1d6ea-e08c-41de-bcd0-88efa188da3a/1763640000.0_mean_300.0_v3" "txfa2f336a90ef43ba964a5-00692ea3fd" "object-server 24" 0.0007 "-" 21 0
Dec 2 08:31:57 np0005541910 object-server[121456]: 172.20.0.103 - - [02/Dec/2025:08:31:57 +0000] "PUT /d1/900/AUTH_497073c2347a4b2dbbf501873318fbd3/gnocchi.d9e1d6ea-e08c-41de-bcd0-88efa188da3a/1763640000.0_mean_300.0_v3" 201 - "PUT http://172.18.0.121:8080/v1/AUTH_497073c2347a4b2dbbf501873318fbd3/gnocchi.d9e1d6ea-e08c-41de-bcd0-88efa188da3a/1763640000.0_mean_300.0_v3" "txfa2f336a90ef43ba964a5-00692ea3fd" "proxy-server 20" 0.0127 "-" 23 0
Dec 2 08:31:57 np0005541910 object-server[121456]: 172.20.0.105 - - [02/Dec/2025:08:31:57 +0000] "PUT /d1/128/AUTH_497073c2347a4b2dbbf501873318fbd3/gnocchi.d9e1d6ea-e08c-41de-bcd0-88efa188da3a/none_v3" 201 - "PUT http://172.18.0.121:8080/v1/AUTH_497073c2347a4b2dbbf501873318fbd3/gnocchi.d9e1d6ea-e08c-41de-bcd0-88efa188da3a/none_v3" "tx8445d450659c4b6b8a9a7-00692ea3fd" "proxy-server 20" 0.0095 "-" 23 0
Dec 2 08:31:57 np0005541910 container-server[121007]: 172.20.0.105 - - [02/Dec/2025:08:31:57 +0000] "PUT /d1/35/AUTH_497073c2347a4b2dbbf501873318fbd3/gnocchi.d9e1d6ea-e08c-41de-bcd0-88efa188da3a/none_v3" 201 - "PUT http://172.18.0.121:8080/d1/128/AUTH_497073c2347a4b2dbbf501873318fbd3/gnocchi.d9e1d6ea-e08c-41de-bcd0-88efa188da3a/none_v3" "tx8445d450659c4b6b8a9a7-00692ea3fd" "object-server 23" 0.0009 "-" 20 0
Dec 2 08:32:04 np0005541910 object-server[121164]: Starting object replication pass.
Dec 2 08:32:05 np0005541910 object-server[121164]: 16/16 (100.00%) partitions replicated in 0.52s (31.02/sec, 0s remaining)
Dec 2 08:32:05 np0005541910 object-server[121164]: 32 successes, 0 failures
Dec 2 08:32:05 np0005541910 object-server[121164]: 16 suffixes checked - 75.00% hashed, 0.00% synced
Dec 2 08:32:05 np0005541910 object-server[121164]: Partition times: max 0.0725s, min 0.0078s, med 0.0329s
Dec 2 08:32:05 np0005541910 object-server[121164]: Object replication complete. (0.01 minutes)
Dec 2 08:32:06 np0005541910 object-server[214835]: Begin object audit "forever" mode (ZBF)
Dec 2 08:32:06 np0005541910 object-server[214835]: Object audit (ZBF). Since Tue Dec 2 08:32:06 2025: Locally: 1 passed, 0 quarantined, 0 errors, files/sec: 824.68, bytes/sec: 0.00, Total time: 0.00, Auditing time: 0.00, Rate: 0.00
Dec 2 08:32:06 np0005541910 object-server[214836]: Begin object audit "forever" mode (ALL)
Dec 2 08:32:06 np0005541910 object-server[214836]: Object audit (ALL). Since Tue Dec 2 08:32:06 2025: Locally: 1 passed, 0 quarantined, 0 errors, files/sec: 93.45, bytes/sec: 1495.26, Total time: 0.01, Auditing time: 0.00, Rate: 0.00
Dec 2 08:32:07 np0005541910 object-server[214835]: Object audit (ZBF) "forever" mode completed: 0.28s. Total quarantined: 0, Total errors: 0, Total files/sec: 56.65, Total bytes/sec: 0.00, Auditing time: 0.28, Rate: 0.98
Dec 2 08:32:07 np0005541910 object-server[214836]: Object audit (ALL) "forever" mode completed: 0.71s. Total quarantined: 0, Total errors: 0, Total files/sec: 22.45, Total bytes/sec: 440.55, Auditing time: 0.70, Rate: 0.99
Dec 2 08:32:11 np0005541910 account-server[120610]: Beginning replication run
Dec 2 08:32:11 np0005541910 account-server[120610]: Replication run OVER
Dec 2 08:32:11 np0005541910 account-server[120610]: Attempted to replicate 1 dbs in 0.02740 seconds (36.49302/s)
Dec 2 08:32:11 np0005541910 account-server[120610]: Removed 0 dbs
Dec 2 08:32:11 np0005541910 account-server[120610]: 2 successes, 0 failures
Dec 2 08:32:11 np0005541910 account-server[120610]: diff:0 diff_capped:0 empty:0 hashmatch:0 no_change:2 remote_merge:0 rsync:0 ts_repl:0
Dec 2 08:32:21 np0005541910 container-server[120780]: Beginning replication run
Dec 2 08:32:21 np0005541910 container-server[120780]: Replication run OVER
Dec 2 08:32:21 np0005541910 container-server[120780]: Attempted to replicate 8 dbs in 0.21257 seconds (37.63550/s)
Dec 2 08:32:21 np0005541910 container-server[120780]: Removed 0 dbs
Dec 2 08:32:21 np0005541910 container-server[120780]: 16 successes, 0 failures
Dec 2 08:32:21 np0005541910 container-server[120780]: diff:0 diff_capped:0 empty:0 hashmatch:0 no_change:16 remote_merge:0 rsync:0 ts_repl:0
Dec 2 08:32:35 np0005541910 object-server[121164]: Starting object replication pass.
Dec 2 08:32:35 np0005541910 object-server[121164]: 16/16 (100.00%) partitions replicated in 0.15s (104.78/sec, 0s remaining)
Dec 2 08:32:35 np0005541910 object-server[121164]: 32 successes, 0 failures
Dec 2 08:32:35 np0005541910 object-server[121164]: 16 suffixes checked - 0.00% hashed, 0.00% synced
Dec 2 08:32:35 np0005541910 object-server[121164]: Partition times: max 0.0129s, min 0.0065s, med 0.0087s
Dec 2 08:32:35 np0005541910 object-server[121164]: Object replication complete. (0.00 minutes)
Dec 2 08:32:37 np0005541910 object-server[214847]: Begin object audit "forever" mode (ZBF)
Dec 2 08:32:37 np0005541910 object-server[214847]: Object audit (ZBF). Since Tue Dec 2 08:32:37 2025: Locally: 1 passed, 0 quarantined, 0 errors, files/sec: 742.62, bytes/sec: 0.00, Total time: 0.00, Auditing time: 0.00, Rate: 0.00
Dec 2 08:32:37 np0005541910 object-server[214847]: Object audit (ZBF) "forever" mode completed: 0.28s. Total quarantined: 0, Total errors: 0, Total files/sec: 56.61, Total bytes/sec: 0.00, Auditing time: 0.28, Rate: 0.98
Dec 2 08:32:41 np0005541910 account-server[120610]: Beginning replication run
Dec 2 08:32:41 np0005541910 account-server[120610]: Replication run OVER
Dec 2 08:32:41 np0005541910 account-server[120610]: Attempted to replicate 1 dbs in 0.01449 seconds (69.01884/s)
Dec 2 08:32:41 np0005541910 account-server[120610]: Removed 0 dbs
Dec 2 08:32:41 np0005541910 account-server[120610]: 2 successes, 0 failures
Dec 2 08:32:41 np0005541910 account-server[120610]: diff:0 diff_capped:0 empty:0 hashmatch:0 no_change:2 remote_merge:0 rsync:0 ts_repl:0
Dec 2 08:32:51 np0005541910 container-server[120780]: Beginning replication run
Dec 2 08:32:51 np0005541910 container-server[120780]: Replication run OVER
Dec 2 08:32:51 np0005541910 container-server[120780]: Attempted to replicate 8 dbs in 0.15987 seconds (50.04058/s)
Dec 2 08:32:51 np0005541910 container-server[120780]: Removed 0 dbs
Dec 2 08:32:51 np0005541910 container-server[120780]: 16 successes, 0 failures
Dec 2 08:32:51 np0005541910 container-server[120780]: diff:0 diff_capped:0 empty:0 hashmatch:0 no_change:16 remote_merge:0 rsync:0 ts_repl:0
Dec 2 08:33:05 np0005541910 object-server[121164]: Starting object replication pass.
Dec 2 08:33:05 np0005541910 object-server[121164]: 16/16 (100.00%) partitions replicated in 0.13s (120.37/sec, 0s remaining)
Dec 2 08:33:05 np0005541910 object-server[121164]: 32 successes, 0 failures
Dec 2 08:33:05 np0005541910 object-server[121164]: 16 suffixes checked - 0.00% hashed, 0.00% synced
Dec 2 08:33:05 np0005541910 object-server[121164]: Partition times: max 0.0116s, min 0.0057s, med 0.0075s
Dec 2 08:33:05 np0005541910 object-server[121164]: Object replication complete. (0.00 minutes)
Dec 2 08:33:07 np0005541910 object-server[220804]: Begin object audit "forever" mode (ZBF)
Dec 2 08:33:07 np0005541910 object-server[220805]: Begin object audit "forever" mode (ALL)
Dec 2 08:33:07 np0005541910 object-server[220804]: Object audit (ZBF). Since Tue Dec 2 08:33:07 2025: Locally: 1 passed, 0 quarantined, 0 errors, files/sec: 607.25, bytes/sec: 0.00, Total time: 0.00, Auditing time: 0.00, Rate: 0.00
Dec 2 08:33:07 np0005541910 object-server[220805]: Object audit (ALL). Since Tue Dec 2 08:33:07 2025: Locally: 1 passed, 0 quarantined, 0 errors, files/sec: 115.89, bytes/sec: 1854.19, Total time: 0.01, Auditing time: 0.00, Rate: 0.00
Dec 2 08:33:07 np0005541910 object-server[220804]: Object audit (ZBF) "forever" mode completed: 0.28s. Total quarantined: 0, Total errors: 0, Total files/sec: 56.51, Total bytes/sec: 0.00, Auditing time: 0.28, Rate: 0.98
Dec 2 08:33:08 np0005541910 object-server[220805]: Object audit (ALL) "forever" mode completed: 0.71s. Total quarantined: 0, Total errors: 0, Total files/sec: 22.54, Total bytes/sec: 442.32, Auditing time: 0.70, Rate: 0.99
Dec 2 08:33:08 np0005541910 proxy-server[122903]: - - 02/Dec/2025/08/33/08 HEAD /v1/AUTH_497073c2347a4b2dbbf501873318fbd3%3Fformat%3Djson HTTP/1.0 204 - Swift - - - - txf403fbff2e5f4fc2902bd-00692ea444 - 0.0101 RL - 1764664388.948993683 1764664388.959101677 -
Dec 2 08:33:08 np0005541910 container-server[121013]: 172.20.0.104 - - [02/Dec/2025:08:33:08 +0000] "HEAD /d1/1012/AUTH_497073c2347a4b2dbbf501873318fbd3/gnocchi.5084c030-e9b1-4bf2-995b-3ad7a43e1f6c" 404 - "HEAD http://172.18.0.121:8080/v1/AUTH_497073c2347a4b2dbbf501873318fbd3/gnocchi.5084c030-e9b1-4bf2-995b-3ad7a43e1f6c?format=json&states=listing" "txf403fbff2e5f4fc2902bd-00692ea444" "proxy-server 20" 0.0010 "-" 21 0
Dec 2 08:33:08 np0005541910 container-server[121025]: 172.20.0.103 - - [02/Dec/2025:08:33:08 +0000] "HEAD /d1/682/AUTH_497073c2347a4b2dbbf501873318fbd3/gnocchi.8fe2af1f-43cd-423a-83cb-b7c8ed26b471" 404 - "HEAD http://172.18.0.121:8080/v1/AUTH_497073c2347a4b2dbbf501873318fbd3/gnocchi.8fe2af1f-43cd-423a-83cb-b7c8ed26b471?format=json&states=listing" "tx9420777b80bb423cbf62b-00692ea444" "proxy-server 20" 0.0008 "-" 22 0
Dec 2 08:33:08 np0005541910 object-server[121463]: 172.20.0.104 - - [02/Dec/2025:08:33:08 +0000] "GET /d1/34/AUTH_497073c2347a4b2dbbf501873318fbd3/gnocchi.5084c030-e9b1-4bf2-995b-3ad7a43e1f6c/none_v3" 404 70 "GET http://172.18.0.121:8080/v1/AUTH_497073c2347a4b2dbbf501873318fbd3/gnocchi.5084c030-e9b1-4bf2-995b-3ad7a43e1f6c/none_v3" "txf403fbff2e5f4fc2902bd-00692ea444" "proxy-server 20" 0.0007 "-" 24 0
Dec 2 08:33:08 np0005541910 proxy-server[122903]: 172.18.0.103 172.18.0.104 02/Dec/2025/08/33/08 GET /v1/AUTH_497073c2347a4b2dbbf501873318fbd3/gnocchi.5084c030-e9b1-4bf2-995b-3ad7a43e1f6c/none_v3 HTTP/1.0 404 - python-swiftclient-3.11.1 gAAAAABpLqP19t9Q... - 70 - txf403fbff2e5f4fc2902bd-00692ea444 - 0.0504 - - 1764664388.947772980 1764664388.998155355 0
Dec 2 08:33:08 np0005541910 object-server[121463]: 172.20.0.103 - - [02/Dec/2025:08:33:08 +0000] "GET /d1/8/AUTH_497073c2347a4b2dbbf501873318fbd3/gnocchi.8fe2af1f-43cd-423a-83cb-b7c8ed26b471/none_v3" 404 70 "GET http://172.18.0.121:8080/v1/AUTH_497073c2347a4b2dbbf501873318fbd3/gnocchi.8fe2af1f-43cd-423a-83cb-b7c8ed26b471/none_v3" "tx9420777b80bb423cbf62b-00692ea444" "proxy-server 20" 0.0005 "-" 24 0
Dec 2 08:33:09 np0005541910 container-server[121025]: 172.20.0.105 - - [02/Dec/2025:08:33:09 +0000] "HEAD /d1/284/AUTH_497073c2347a4b2dbbf501873318fbd3/gnocchi.0b097e72-82e1-4a82-981d-0ba9200393f7" 404 - "HEAD http://172.18.0.121:8080/v1/AUTH_497073c2347a4b2dbbf501873318fbd3/gnocchi.0b097e72-82e1-4a82-981d-0ba9200393f7?format=json&states=listing" "tx6c3ba8cfc3cb4ede858ab-00692ea444" "proxy-server 20" 0.0005 "-" 22 0
Dec 2 08:33:09 np0005541910 object-server[121451]: 172.20.0.105 - - [02/Dec/2025:08:33:09 +0000] "GET /d1/149/AUTH_497073c2347a4b2dbbf501873318fbd3/gnocchi.0b097e72-82e1-4a82-981d-0ba9200393f7/none_v3" 404 70 "GET http://172.18.0.121:8080/v1/AUTH_497073c2347a4b2dbbf501873318fbd3/gnocchi.0b097e72-82e1-4a82-981d-0ba9200393f7/none_v3" "tx6c3ba8cfc3cb4ede858ab-00692ea444" "proxy-server 20" 0.0005 "-" 22 0
Dec 2 08:33:09 np0005541910 account-server[120964]: 172.20.0.103 - - [02/Dec/2025:08:33:09 +0000] "PUT /d1/626/AUTH_497073c2347a4b2dbbf501873318fbd3/gnocchi.5084c030-e9b1-4bf2-995b-3ad7a43e1f6c" 201 - "PUT http://172.20.0.103:6001/d1/1012/AUTH_497073c2347a4b2dbbf501873318fbd3/gnocchi.5084c030-e9b1-4bf2-995b-3ad7a43e1f6c" "tx8997af069f614d6aa99b4-00692ea445" "container-server 22" 0.0025 "-" 21 0
Dec 2 08:33:09 np0005541910 account-server[120964]: 172.20.0.104 - - [02/Dec/2025:08:33:09 +0000] "PUT /d1/626/AUTH_497073c2347a4b2dbbf501873318fbd3/gnocchi.8fe2af1f-43cd-423a-83cb-b7c8ed26b471" 201 - "PUT http://172.20.0.104:6001/d1/682/AUTH_497073c2347a4b2dbbf501873318fbd3/gnocchi.8fe2af1f-43cd-423a-83cb-b7c8ed26b471" "tx192773d890f34c709f7ec-00692ea445" "container-server 20" 0.0060 "-" 21 0
Dec 2 08:33:09 np0005541910 container-server[121007]: 172.20.0.103 - - [02/Dec/2025:08:33:09 +0000] "PUT /d1/682/AUTH_497073c2347a4b2dbbf501873318fbd3/gnocchi.8fe2af1f-43cd-423a-83cb-b7c8ed26b471" 201 - "PUT http://172.18.0.121:8080/v1/AUTH_497073c2347a4b2dbbf501873318fbd3/gnocchi.8fe2af1f-43cd-423a-83cb-b7c8ed26b471" "tx192773d890f34c709f7ec-00692ea445" "proxy-server 20" 0.0273 "-" 20 0
Dec 2 08:33:09 np0005541910 container-server[121026]: 172.20.0.104 - - [02/Dec/2025:08:33:09 +0000] "PUT /d1/1012/AUTH_497073c2347a4b2dbbf501873318fbd3/gnocchi.5084c030-e9b1-4bf2-995b-3ad7a43e1f6c" 201 - "PUT http://172.18.0.121:8080/v1/AUTH_497073c2347a4b2dbbf501873318fbd3/gnocchi.5084c030-e9b1-4bf2-995b-3ad7a43e1f6c" "tx8997af069f614d6aa99b4-00692ea445" "proxy-server 20" 0.0280 "-" 23 0
Dec 2 08:33:09 np0005541910 proxy-server[122903]: 172.18.0.103 172.18.0.104 02/Dec/2025/08/33/09 PUT /v1/AUTH_497073c2347a4b2dbbf501873318fbd3/gnocchi.5084c030-e9b1-4bf2-995b-3ad7a43e1f6c HTTP/1.0 201 - python-swiftclient-3.11.1 gAAAAABpLqP19t9Q... - - - tx8997af069f614d6aa99b4-00692ea445 - 0.0376 - - 1764664389.004832745 1764664389.042451382 0
Dec 2 08:33:09 np0005541910 container-server[121007]: 172.20.0.104 - - [02/Dec/2025:08:33:09 +0000] "HEAD /d1/1012/AUTH_497073c2347a4b2dbbf501873318fbd3/gnocchi.5084c030-e9b1-4bf2-995b-3ad7a43e1f6c" 204 - "HEAD http://172.18.0.121:8080/v1/AUTH_497073c2347a4b2dbbf501873318fbd3/gnocchi.5084c030-e9b1-4bf2-995b-3ad7a43e1f6c?format=json&states=listing" "tx05d8fbb793a348d3b1c60-00692ea445" "proxy-server 20" 0.0025 "-" 20 0
Dec 2 08:33:09 np0005541910 proxy-server[122903]: - - 02/Dec/2025/08/33/09 HEAD /v1/AUTH_497073c2347a4b2dbbf501873318fbd3/gnocchi.5084c030-e9b1-4bf2-995b-3ad7a43e1f6c%3Fformat%3Djson%26states%3Dlisting HTTP/1.0 204 - Swift - - - - tx05d8fbb793a348d3b1c60-00692ea445 - 0.0070 RL - 1764664389.048237324 1764664389.055268288 0
Dec 2 08:33:09 np0005541910 account-server[120940]: 172.20.0.105 - - [02/Dec/2025:08:33:09 +0000] "PUT /d1/626/AUTH_497073c2347a4b2dbbf501873318fbd3/gnocchi.0b097e72-82e1-4a82-981d-0ba9200393f7" 201 - "PUT http://172.20.0.105:6001/d1/284/AUTH_497073c2347a4b2dbbf501873318fbd3/gnocchi.0b097e72-82e1-4a82-981d-0ba9200393f7" "tx9773054b41ae4b23bda78-00692ea445" "container-server 21" 0.0053 "-" 20 0
Dec 2 08:33:09 np0005541910 container-server[121025]: 172.20.0.105 - - [02/Dec/2025:08:33:09 +0000] "PUT /d1/284/AUTH_497073c2347a4b2dbbf501873318fbd3/gnocchi.0b097e72-82e1-4a82-981d-0ba9200393f7" 201 - "PUT http://172.18.0.121:8080/v1/AUTH_497073c2347a4b2dbbf501873318fbd3/gnocchi.0b097e72-82e1-4a82-981d-0ba9200393f7" "tx9773054b41ae4b23bda78-00692ea445" "proxy-server 20" 0.0199 "-" 22 0
Dec 2 08:33:09 np0005541910 proxy-server[122903]: 172.18.0.103 172.18.0.104 02/Dec/2025/08/33/09 GET /v1/AUTH_497073c2347a4b2dbbf501873318fbd3/gnocchi.5084c030-e9b1-4bf2-995b-3ad7a43e1f6c%3Fformat%3Djson%26states%3Dlisting HTTP/1.0 200 - python-swiftclient-3.11.1 gAAAAABpLqP19t9Q... - 2 - tx05d8fbb793a348d3b1c60-00692ea445 - 0.0202 - - 1764664389.046673059 1764664389.066893816 0
Dec 2 08:33:09 np0005541910 container-server[121007]: 172.20.0.105 - - [02/Dec/2025:08:33:09 +0000] "HEAD /d1/284/AUTH_497073c2347a4b2dbbf501873318fbd3/gnocchi.0b097e72-82e1-4a82-981d-0ba9200393f7" 204 - "HEAD http://172.18.0.121:8080/v1/AUTH_497073c2347a4b2dbbf501873318fbd3/gnocchi.0b097e72-82e1-4a82-981d-0ba9200393f7?format=json&states=listing" "tx4d85d5ad3b3043b084bbe-00692ea445" "proxy-server 20" 0.0017 "-" 20 0
Dec 2 08:33:09 np0005541910 object-server[121448]: 172.20.0.104 - - [02/Dec/2025:08:33:09 +0000] "GET /d1/759/AUTH_497073c2347a4b2dbbf501873318fbd3/gnocchi.5084c030-e9b1-4bf2-995b-3ad7a43e1f6c/1763640000.0_mean_300.0_v3" 404 70 "GET http://172.18.0.121:8080/v1/AUTH_497073c2347a4b2dbbf501873318fbd3/gnocchi.5084c030-e9b1-4bf2-995b-3ad7a43e1f6c/1763640000.0_mean_300.0_v3" "txd0aaf85120264bea9a966-00692ea445" "proxy-server 20" 0.0006 "-" 21 0
Dec 2 08:33:09 np0005541910 container-server[121007]: 172.20.0.105 - - [02/Dec/2025:08:33:09 +0000] "GET /d1/284/AUTH_497073c2347a4b2dbbf501873318fbd3/gnocchi.0b097e72-82e1-4a82-981d-0ba9200393f7" 200 2 "GET http://172.18.0.121:8080/v1/AUTH_497073c2347a4b2dbbf501873318fbd3/gnocchi.0b097e72-82e1-4a82-981d-0ba9200393f7?format=json&states=listing" "tx4d85d5ad3b3043b084bbe-00692ea445" "proxy-server 20" 0.0023 "-" 20 0
Dec 2 08:33:09 np0005541910 object-server[121463]: 172.20.0.103 - - [02/Dec/2025:08:33:09 +0000] "GET /d1/513/AUTH_497073c2347a4b2dbbf501873318fbd3/gnocchi.8fe2af1f-43cd-423a-83cb-b7c8ed26b471/1763640000.0_mean_300.0_v3" 404 70 "GET http://172.18.0.121:8080/v1/AUTH_497073c2347a4b2dbbf501873318fbd3/gnocchi.8fe2af1f-43cd-423a-83cb-b7c8ed26b471/1763640000.0_mean_300.0_v3" "tx11778f24f6c34fe6be44f-00692ea445" "proxy-server 20" 0.0005 "-" 24 0
Dec 2 08:33:09 np0005541910 proxy-server[122903]: 172.18.0.103 172.18.0.104 02/Dec/2025/08/33/09 GET /v1/AUTH_497073c2347a4b2dbbf501873318fbd3/gnocchi.5084c030-e9b1-4bf2-995b-3ad7a43e1f6c/1763640000.0_mean_300.0_v3 HTTP/1.0 404 - python-swiftclient-3.11.1 gAAAAABpLqP19t9Q... - 70 - txd0aaf85120264bea9a966-00692ea445 - 0.0151 - - 1764664389.070799589 1764664389.085914373 0
Dec 2 08:33:09 np0005541910 object-server[121463]: 172.20.0.105 - - [02/Dec/2025:08:33:09 +0000] "GET /d1/629/AUTH_497073c2347a4b2dbbf501873318fbd3/gnocchi.0b097e72-82e1-4a82-981d-0ba9200393f7/1763640000.0_mean_300.0_v3" 404 70 "GET http://172.18.0.121:8080/v1/AUTH_497073c2347a4b2dbbf501873318fbd3/gnocchi.0b097e72-82e1-4a82-981d-0ba9200393f7/1763640000.0_mean_300.0_v3" "tx2e85d36584484838a6fcc-00692ea445" "proxy-server 20" 0.0004 "-" 24 0
Dec 2 08:33:09 np0005541910 container-server[121026]: 172.20.0.104 - - [02/Dec/2025:08:33:09 +0000] "PUT /d1/1012/AUTH_497073c2347a4b2dbbf501873318fbd3/gnocchi.5084c030-e9b1-4bf2-995b-3ad7a43e1f6c/1763640000.0_mean_300.0_v3" 201 - "PUT http://172.18.0.121:8080/d1/759/AUTH_497073c2347a4b2dbbf501873318fbd3/gnocchi.5084c030-e9b1-4bf2-995b-3ad7a43e1f6c/1763640000.0_mean_300.0_v3" "tx2d1c295bfa98415282100-00692ea445" "object-server 24" 0.0011 "-" 23 0
Dec 2 08:33:09 np0005541910 object-server[121456]: 172.20.0.103 - - [02/Dec/2025:08:33:09 +0000] "PUT /d1/513/AUTH_497073c2347a4b2dbbf501873318fbd3/gnocchi.8fe2af1f-43cd-423a-83cb-b7c8ed26b471/1763640000.0_mean_300.0_v3" 201 - "PUT http://172.18.0.121:8080/v1/AUTH_497073c2347a4b2dbbf501873318fbd3/gnocchi.8fe2af1f-43cd-423a-83cb-b7c8ed26b471/1763640000.0_mean_300.0_v3" "txee7fe5831587430ca4ed8-00692ea445" "proxy-server 20" 0.0157 "-" 23 0
Dec 2 08:33:09 np0005541910 object-server[121463]: 172.20.0.104 - - [02/Dec/2025:08:33:09 +0000] "PUT /d1/759/AUTH_497073c2347a4b2dbbf501873318fbd3/gnocchi.5084c030-e9b1-4bf2-995b-3ad7a43e1f6c/1763640000.0_mean_300.0_v3" 201 - "PUT http://172.18.0.121:8080/v1/AUTH_497073c2347a4b2dbbf501873318fbd3/gnocchi.5084c030-e9b1-4bf2-995b-3ad7a43e1f6c/1763640000.0_mean_300.0_v3" "tx2d1c295bfa98415282100-00692ea445" "proxy-server 20" 0.0172 "-" 24 0
Dec 2 08:33:09 np0005541910 container-server[121025]: 172.20.0.103 - - [02/Dec/2025:08:33:09 +0000] "PUT /d1/682/AUTH_497073c2347a4b2dbbf501873318fbd3/gnocchi.8fe2af1f-43cd-423a-83cb-b7c8ed26b471/1763640000.0_mean_300.0_v3" 201 - "PUT http://172.18.0.121:8080/d1/513/AUTH_497073c2347a4b2dbbf501873318fbd3/gnocchi.8fe2af1f-43cd-423a-83cb-b7c8ed26b471/1763640000.0_mean_300.0_v3" "txee7fe5831587430ca4ed8-00692ea445" "object-server 23" 0.0008 "-" 22 0
Dec 2 08:33:09 np0005541910 proxy-server[122903]: 172.18.0.103 172.18.0.104 02/Dec/2025/08/33/09 PUT /v1/AUTH_497073c2347a4b2dbbf501873318fbd3/gnocchi.5084c030-e9b1-4bf2-995b-3ad7a43e1f6c/1763640000.0_mean_300.0_v3 HTTP/1.0 201 - python-swiftclient-3.11.1 gAAAAABpLqP19t9Q... 16 - - tx2d1c295bfa98415282100-00692ea445 - 0.0357 - - 1764664389.089104652 1764664389.124850988 0
Dec 2 08:33:09 np0005541910 container-server[121026]: 172.20.0.105 - - [02/Dec/2025:08:33:09 +0000] "PUT /d1/284/AUTH_497073c2347a4b2dbbf501873318fbd3/gnocchi.0b097e72-82e1-4a82-981d-0ba9200393f7/1763640000.0_mean_300.0_v3" 201 - "PUT http://172.18.0.121:8080/d1/629/AUTH_497073c2347a4b2dbbf501873318fbd3/gnocchi.0b097e72-82e1-4a82-981d-0ba9200393f7/1763640000.0_mean_300.0_v3" "tx65a5a64be9c24451aff14-00692ea445" "object-server 22" 0.0012 "-" 23 0
Dec 2 08:33:09 np0005541910 object-server[121463]: 172.20.0.105 - - [02/Dec/2025:08:33:09 +0000] "PUT /d1/629/AUTH_497073c2347a4b2dbbf501873318fbd3/gnocchi.0b097e72-82e1-4a82-981d-0ba9200393f7/1763640000.0_mean_300.0_v3" 201 - "PUT http://172.18.0.121:8080/v1/AUTH_497073c2347a4b2dbbf501873318fbd3/gnocchi.0b097e72-82e1-4a82-981d-0ba9200393f7/1763640000.0_mean_300.0_v3" "tx65a5a64be9c24451aff14-00692ea445" "proxy-server 20" 0.0128 "-" 24 0
Dec 2 08:33:09 np0005541910 object-server[121451]: 172.20.0.104 - - [02/Dec/2025:08:33:09 +0000] "PUT /d1/34/AUTH_497073c2347a4b2dbbf501873318fbd3/gnocchi.5084c030-e9b1-4bf2-995b-3ad7a43e1f6c/none_v3" 201 - "PUT http://172.18.0.121:8080/v1/AUTH_497073c2347a4b2dbbf501873318fbd3/gnocchi.5084c030-e9b1-4bf2-995b-3ad7a43e1f6c/none_v3" "tx4d944d2fe3044c0693745-00692ea445" "proxy-server 20" 0.0100 "-" 22 0
Dec 2 08:33:09 np0005541910 container-server[121026]: 172.20.0.103 - - [02/Dec/2025:08:33:09 +0000] "PUT /d1/1012/AUTH_497073c2347a4b2dbbf501873318fbd3/gnocchi.5084c030-e9b1-4bf2-995b-3ad7a43e1f6c/none_v3" 201 - "PUT http://172.18.0.121:8080/d1/34/AUTH_497073c2347a4b2dbbf501873318fbd3/gnocchi.5084c030-e9b1-4bf2-995b-3ad7a43e1f6c/none_v3" "tx4d944d2fe3044c0693745-00692ea445" "object-server 23" 0.0026 "-" 23 0
Dec 2 08:33:09 np0005541910 container-server[121013]: 172.20.0.105 - - [02/Dec/2025:08:33:09 +0000] "PUT /d1/682/AUTH_497073c2347a4b2dbbf501873318fbd3/gnocchi.8fe2af1f-43cd-423a-83cb-b7c8ed26b471/none_v3" 201 - "PUT http://172.18.0.121:8080/d1/8/AUTH_497073c2347a4b2dbbf501873318fbd3/gnocchi.8fe2af1f-43cd-423a-83cb-b7c8ed26b471/none_v3" "tx2ed7c9715b8949f4abf2f-00692ea445" "object-server 25" 0.0006 "-" 21 0
Dec 2 08:33:09 np0005541910 proxy-server[122903]: 172.18.0.103 172.18.0.104 02/Dec/2025/08/33/09 PUT /v1/AUTH_497073c2347a4b2dbbf501873318fbd3/gnocchi.5084c030-e9b1-4bf2-995b-3ad7a43e1f6c/none_v3 HTTP/1.0 201 - python-swiftclient-3.11.1 gAAAAABpLqP19t9Q... 22 - - tx4d944d2fe3044c0693745-00692ea445 - 0.0250 - - 1764664389.128536224 1764664389.153508186 0
Dec 2 08:33:09 np0005541910 object-server[121456]: 172.20.0.103 - - [02/Dec/2025:08:33:09 +0000] "PUT /d1/8/AUTH_497073c2347a4b2dbbf501873318fbd3/gnocchi.8fe2af1f-43cd-423a-83cb-b7c8ed26b471/none_v3" 201 - "PUT http://172.18.0.121:8080/v1/AUTH_497073c2347a4b2dbbf501873318fbd3/gnocchi.8fe2af1f-43cd-423a-83cb-b7c8ed26b471/none_v3" "tx2ed7c9715b8949f4abf2f-00692ea445" "proxy-server 20" 0.0160 "-" 23 0
Dec 2 08:33:09 np0005541910 container-server[121013]: 172.20.0.104 - - [02/Dec/2025:08:33:09 +0000] "PUT /d1/284/AUTH_497073c2347a4b2dbbf501873318fbd3/gnocchi.0b097e72-82e1-4a82-981d-0ba9200393f7/none_v3" 201 - "PUT http://172.18.0.121:8080/d1/149/AUTH_497073c2347a4b2dbbf501873318fbd3/gnocchi.0b097e72-82e1-4a82-981d-0ba9200393f7/none_v3" "tx6ca212d247744039b020c-00692ea445" "object-server 21" 0.0005 "-" 21 0
Dec 2 08:33:09 np0005541910 object-server[121448]: 172.20.0.105 - - [02/Dec/2025:08:33:09 +0000] "PUT /d1/149/AUTH_497073c2347a4b2dbbf501873318fbd3/gnocchi.0b097e72-82e1-4a82-981d-0ba9200393f7/none_v3" 201 - "PUT http://172.18.0.121:8080/v1/AUTH_497073c2347a4b2dbbf501873318fbd3/gnocchi.0b097e72-82e1-4a82-981d-0ba9200393f7/none_v3" "tx6ca212d247744039b020c-00692ea445" "proxy-server 20" 0.0095 "-" 21 0
Dec 2 08:33:09 np0005541910 container-server[121026]: 172.20.0.104 - - [02/Dec/2025:08:33:09 +0000] "HEAD /d1/368/AUTH_497073c2347a4b2dbbf501873318fbd3/gnocchi.5eae7247-51a1-48a1-bc57-74888088b621" 404 - "HEAD http://172.18.0.121:8080/v1/AUTH_497073c2347a4b2dbbf501873318fbd3/gnocchi.5eae7247-51a1-48a1-bc57-74888088b621?format=json&states=listing" "tx21c5d7c5b73348f09d640-00692ea445" "proxy-server 20" 0.0008 "-" 23 0
Dec 2 08:33:09 np0005541910 container-server[121025]: 172.20.0.105 - - [02/Dec/2025:08:33:09 +0000] "HEAD /d1/565/AUTH_497073c2347a4b2dbbf501873318fbd3/gnocchi.a84f9e15-acf9-46c7-9262-c209fcc4bcba" 404 - "HEAD http://172.18.0.121:8080/v1/AUTH_497073c2347a4b2dbbf501873318fbd3/gnocchi.a84f9e15-acf9-46c7-9262-c209fcc4bcba?format=json&states=listing" "txafee5008e3954b38bab37-00692ea445" "proxy-server 20" 0.0006 "-" 22 0
Dec 2 08:33:09 np0005541910 object-server[121451]: 172.20.0.104 - - [02/Dec/2025:08:33:09 +0000] "GET /d1/786/AUTH_497073c2347a4b2dbbf501873318fbd3/gnocchi.5eae7247-51a1-48a1-bc57-74888088b621/none_v3" 404 70 "GET http://172.18.0.121:8080/v1/AUTH_497073c2347a4b2dbbf501873318fbd3/gnocchi.5eae7247-51a1-48a1-bc57-74888088b621/none_v3" "tx21c5d7c5b73348f09d640-00692ea445" "proxy-server 20" 0.0007 "-" 22 0
Dec 2 08:33:09 np0005541910 container-server[121026]: 172.20.0.103 - - [02/Dec/2025:08:33:09 +0000] "HEAD /d1/542/AUTH_497073c2347a4b2dbbf501873318fbd3/gnocchi.9f146626-dc56-416e-ab40-62adce36f3ed" 404 - "HEAD http://172.18.0.121:8080/v1/AUTH_497073c2347a4b2dbbf501873318fbd3/gnocchi.9f146626-dc56-416e-ab40-62adce36f3ed?format=json&states=listing" "tx6b3a76ed0441440891e52-00692ea445" "proxy-server 20" 0.0007 "-" 23 0
Dec 2 08:33:09 np0005541910 proxy-server[122903]: 172.18.0.103 172.18.0.104 02/Dec/2025/08/33/09 GET /v1/AUTH_497073c2347a4b2dbbf501873318fbd3/gnocchi.5eae7247-51a1-48a1-bc57-74888088b621/none_v3 HTTP/1.0 404 - python-swiftclient-3.11.1 gAAAAABpLqP19t9Q... - 70 - tx21c5d7c5b73348f09d640-00692ea445 - 0.0252 - - 1764664389.168486357 1764664389.193679571 0
Dec 2 08:33:09 np0005541910 object-server[121448]: 172.20.0.103 - - [02/Dec/2025:08:33:09 +0000] "GET /d1/370/AUTH_497073c2347a4b2dbbf501873318fbd3/gnocchi.9f146626-dc56-416e-ab40-62adce36f3ed/none_v3" 404 70 "GET http://172.18.0.121:8080/v1/AUTH_497073c2347a4b2dbbf501873318fbd3/gnocchi.9f146626-dc56-416e-ab40-62adce36f3ed/none_v3" "tx6b3a76ed0441440891e52-00692ea445" "proxy-server 20" 0.0004 "-" 21 0
Dec 2 08:33:09 np0005541910 object-server[121451]: 172.20.0.105 - - [02/Dec/2025:08:33:09 +0000] "GET /d1/914/AUTH_497073c2347a4b2dbbf501873318fbd3/gnocchi.a84f9e15-acf9-46c7-9262-c209fcc4bcba/none_v3" 404 70 "GET http://172.18.0.121:8080/v1/AUTH_497073c2347a4b2dbbf501873318fbd3/gnocchi.a84f9e15-acf9-46c7-9262-c209fcc4bcba/none_v3" "txafee5008e3954b38bab37-00692ea445" "proxy-server 20" 0.0005 "-" 22 0
Dec 2 08:33:09 np0005541910 container-server[121013]: 172.20.0.104 - - [02/Dec/2025:08:33:09 +0000] "PUT /d1/368/AUTH_497073c2347a4b2dbbf501873318fbd3/gnocchi.5eae7247-51a1-48a1-bc57-74888088b621" 201 - "PUT http://172.18.0.121:8080/v1/AUTH_497073c2347a4b2dbbf501873318fbd3/gnocchi.5eae7247-51a1-48a1-bc57-74888088b621" "txa46fa7a9695e4a35be734-00692ea445" "proxy-server 20" 0.0186 "-" 21 0
Dec 2 08:33:09 np0005541910 account-server[120940]: 172.20.0.103 - - [02/Dec/2025:08:33:09 +0000] "PUT /d1/626/AUTH_497073c2347a4b2dbbf501873318fbd3/gnocchi.5eae7247-51a1-48a1-bc57-74888088b621" 201 - "PUT http://172.20.0.103:6001/d1/368/AUTH_497073c2347a4b2dbbf501873318fbd3/gnocchi.5eae7247-51a1-48a1-bc57-74888088b621" "txa46fa7a9695e4a35be734-00692ea445" "container-server 21" 0.0066 "-" 20 0
Dec 2 08:33:09 np0005541910 account-server[120940]: 172.20.0.103 - - [02/Dec/2025:08:33:09 +0000] "PUT /d1/626/AUTH_497073c2347a4b2dbbf501873318fbd3/gnocchi.9f146626-dc56-416e-ab40-62adce36f3ed" 201 - "PUT http://172.20.0.103:6001/d1/542/AUTH_497073c2347a4b2dbbf501873318fbd3/gnocchi.9f146626-dc56-416e-ab40-62adce36f3ed" "txc1d2c75286d64b49b994b-00692ea445" "container-server 20" 0.0046 "-" 20 0
Dec 2 08:33:09 np0005541910 proxy-server[122903]: 172.18.0.103 172.18.0.104 02/Dec/2025/08/33/09 PUT /v1/AUTH_497073c2347a4b2dbbf501873318fbd3/gnocchi.5eae7247-51a1-48a1-bc57-74888088b621 HTTP/1.0 201 - python-swiftclient-3.11.1 gAAAAABpLqP19t9Q... - - - txa46fa7a9695e4a35be734-00692ea445 - 0.0348 - - 1764664389.196889639 1764664389.231726646 0
Dec 2 08:33:09 np0005541910 account-server[120964]: 172.20.0.103 - - [02/Dec/2025:08:33:09 +0000] "PUT /d1/626/AUTH_497073c2347a4b2dbbf501873318fbd3/gnocchi.a84f9e15-acf9-46c7-9262-c209fcc4bcba" 201 - "PUT http://172.20.0.103:6001/d1/565/AUTH_497073c2347a4b2dbbf501873318fbd3/gnocchi.a84f9e15-acf9-46c7-9262-c209fcc4bcba" "txe180db33754244b5a431a-00692ea445" "container-server 21" 0.0159 "-" 21 0
Dec 2 08:33:09 np0005541910 proxy-server[122903]: - - 02/Dec/2025/08/33/09 HEAD /v1/AUTH_497073c2347a4b2dbbf501873318fbd3/gnocchi.5eae7247-51a1-48a1-bc57-74888088b621%3Fformat%3Djson%26states%3Dlisting HTTP/1.0 204 - Swift - - - - tx857282729fcd4182b0f55-00692ea445 - 0.0069 RL - 1764664389.237666130 1764664389.244565487 0
Dec 2 08:33:09 np0005541910 container-server[121026]: 172.20.0.103 - - [02/Dec/2025:08:33:09 +0000] "PUT /d1/542/AUTH_497073c2347a4b2dbbf501873318fbd3/gnocchi.9f146626-dc56-416e-ab40-62adce36f3ed" 201 - "PUT http://172.18.0.121:8080/v1/AUTH_497073c2347a4b2dbbf501873318fbd3/gnocchi.9f146626-dc56-416e-ab40-62adce36f3ed" "txc1d2c75286d64b49b994b-00692ea445" "proxy-server 20" 0.0347 "-" 23 0
Dec 2 08:33:09 np0005541910 container-server[121026]: 172.20.0.105 - - [02/Dec/2025:08:33:09 +0000] "PUT /d1/565/AUTH_497073c2347a4b2dbbf501873318fbd3/gnocchi.a84f9e15-acf9-46c7-9262-c209fcc4bcba" 201 - "PUT http://172.18.0.121:8080/v1/AUTH_497073c2347a4b2dbbf501873318fbd3/gnocchi.a84f9e15-acf9-46c7-9262-c209fcc4bcba" "txe180db33754244b5a431a-00692ea445" "proxy-server 20" 0.0269 "-" 23 0
Dec 2 08:33:09 np0005541910 proxy-server[122903]: 172.18.0.103 172.18.0.104 02/Dec/2025/08/33/09 GET /v1/AUTH_497073c2347a4b2dbbf501873318fbd3/gnocchi.5eae7247-51a1-48a1-bc57-74888088b621%3Fformat%3Djson%26states%3Dlisting HTTP/1.0 200 - python-swiftclient-3.11.1 gAAAAABpLqP19t9Q... - 2 - tx857282729fcd4182b0f55-00692ea445 - 0.0197 - - 1764664389.235863447 1764664389.255611897 0
Dec 2 08:33:09 np0005541910 container-server[121007]: 172.20.0.103 - - [02/Dec/2025:08:33:09 +0000] "HEAD /d1/542/AUTH_497073c2347a4b2dbbf501873318fbd3/gnocchi.9f146626-dc56-416e-ab40-62adce36f3ed" 204 - "HEAD http://172.18.0.121:8080/v1/AUTH_497073c2347a4b2dbbf501873318fbd3/gnocchi.9f146626-dc56-416e-ab40-62adce36f3ed?format=json&states=listing" "tx6badf784195142e18ea91-00692ea445" "proxy-server 20" 0.0023 "-" 20 0
Dec 2 08:33:09 np0005541910 object-server[121448]: 172.20.0.104 - - [02/Dec/2025:08:33:09 +0000] "GET /d1/990/AUTH_497073c2347a4b2dbbf501873318fbd3/gnocchi.5eae7247-51a1-48a1-bc57-74888088b621/1763640000.0_mean_300.0_v3" 404 70 "GET http://172.18.0.121:8080/v1/AUTH_497073c2347a4b2dbbf501873318fbd3/gnocchi.5eae7247-51a1-48a1-bc57-74888088b621/1763640000.0_mean_300.0_v3" "tx8cd28be4361349918fd52-00692ea445" "proxy-server 20" 0.0005 "-" 21 0
Dec 2 08:33:09 np0005541910 proxy-server[122903]: 172.18.0.103 172.18.0.104 02/Dec/2025/08/33/09 GET /v1/AUTH_497073c2347a4b2dbbf501873318fbd3/gnocchi.5eae7247-51a1-48a1-bc57-74888088b621/1763640000.0_mean_300.0_v3 HTTP/1.0 404 - python-swiftclient-3.11.1 gAAAAABpLqP19t9Q... - 70 - tx8cd28be4361349918fd52-00692ea445 - 0.0169 - - 1764664389.259656906 1764664389.276528120 0
Dec 2 08:33:09 np0005541910 object-server[121456]: 172.20.0.103 - - [02/Dec/2025:08:33:09 +0000] "GET /d1/372/AUTH_497073c2347a4b2dbbf501873318fbd3/gnocchi.9f146626-dc56-416e-ab40-62adce36f3ed/1763640000.0_mean_300.0_v3" 404 70 "GET http://172.18.0.121:8080/v1/AUTH_497073c2347a4b2dbbf501873318fbd3/gnocchi.9f146626-dc56-416e-ab40-62adce36f3ed/1763640000.0_mean_300.0_v3" "txf6275c6aa5e749b39a31b-00692ea445" "proxy-server 20" 0.0004 "-" 23 0
Dec 2 08:33:09 np0005541910 object-server[121463]: 172.20.0.105 - - [02/Dec/2025:08:33:09 +0000] "GET /d1/263/AUTH_497073c2347a4b2dbbf501873318fbd3/gnocchi.a84f9e15-acf9-46c7-9262-c209fcc4bcba/1763640000.0_mean_300.0_v3" 404 70 "GET http://172.18.0.121:8080/v1/AUTH_497073c2347a4b2dbbf501873318fbd3/gnocchi.a84f9e15-acf9-46c7-9262-c209fcc4bcba/1763640000.0_mean_300.0_v3" "tx11da16c79b9446a79e4e2-00692ea445" "proxy-server 20" 0.0006 "-" 24 0
Dec 2 08:33:09 np0005541910 container-server[121026]: 172.20.0.104 - - [02/Dec/2025:08:33:09 +0000] "PUT /d1/368/AUTH_497073c2347a4b2dbbf501873318fbd3/gnocchi.5eae7247-51a1-48a1-bc57-74888088b621/1763640000.0_mean_300.0_v3" 201 - "PUT http://172.18.0.121:8080/d1/990/AUTH_497073c2347a4b2dbbf501873318fbd3/gnocchi.5eae7247-51a1-48a1-bc57-74888088b621/1763640000.0_mean_300.0_v3" "tx767d850aaeef43438ef39-00692ea445" "object-server 23" 0.0010 "-" 23 0
Dec 2 08:33:09 np0005541910 object-server[121456]: 172.20.0.104 - - [02/Dec/2025:08:33:09 +0000] "PUT /d1/990/AUTH_497073c2347a4b2dbbf501873318fbd3/gnocchi.5eae7247-51a1-48a1-bc57-74888088b621/1763640000.0_mean_300.0_v3" 201 - "PUT http://172.18.0.121:8080/v1/AUTH_497073c2347a4b2dbbf501873318fbd3/gnocchi.5eae7247-51a1-48a1-bc57-74888088b621/1763640000.0_mean_300.0_v3" "tx767d850aaeef43438ef39-00692ea445" "proxy-server 20" 0.0151 "-" 23 0
Dec 2 08:33:09 np0005541910 proxy-server[122903]: 172.18.0.103 172.18.0.104 02/Dec/2025/08/33/09 PUT /v1/AUTH_497073c2347a4b2dbbf501873318fbd3/gnocchi.5eae7247-51a1-48a1-bc57-74888088b621/1763640000.0_mean_300.0_v3 HTTP/1.0 201 - python-swiftclient-3.11.1 gAAAAABpLqP19t9Q... 16 - - tx767d850aaeef43438ef39-00692ea445 - 0.0258 - - 1764664389.280392170 1764664389.306219578 0
Dec 2 08:33:09 np0005541910 container-server[121007]: 172.20.0.104 - - [02/Dec/2025:08:33:09 +0000] "PUT /d1/542/AUTH_497073c2347a4b2dbbf501873318fbd3/gnocchi.9f146626-dc56-416e-ab40-62adce36f3ed/1763640000.0_mean_300.0_v3" 201 - "PUT http://172.18.0.121:8080/d1/372/AUTH_497073c2347a4b2dbbf501873318fbd3/gnocchi.9f146626-dc56-416e-ab40-62adce36f3ed/1763640000.0_mean_300.0_v3" "tx28d77af3865243be8ab65-00692ea445" "object-server 23" 0.0008 "-" 20 0
Dec 2 08:33:09 np0005541910 object-server[121456]: 172.20.0.103 - - [02/Dec/2025:08:33:09 +0000] "PUT /d1/372/AUTH_497073c2347a4b2dbbf501873318fbd3/gnocchi.9f146626-dc56-416e-ab40-62adce36f3ed/1763640000.0_mean_300.0_v3" 201 - "PUT http://172.18.0.121:8080/v1/AUTH_497073c2347a4b2dbbf501873318fbd3/gnocchi.9f146626-dc56-416e-ab40-62adce36f3ed/1763640000.0_mean_300.0_v3" "tx28d77af3865243be8ab65-00692ea445" "proxy-server 20" 0.0133 "-" 23 0
Dec 2 08:33:09 np0005541910 container-server[121026]: 172.20.0.105 - - [02/Dec/2025:08:33:09 +0000] "PUT /d1/565/AUTH_497073c2347a4b2dbbf501873318fbd3/gnocchi.a84f9e15-acf9-46c7-9262-c209fcc4bcba/1763640000.0_mean_300.0_v3" 201 - "PUT http://172.18.0.121:8080/d1/263/AUTH_497073c2347a4b2dbbf501873318fbd3/gnocchi.a84f9e15-acf9-46c7-9262-c209fcc4bcba/1763640000.0_mean_300.0_v3" "txd0fa59db3649430285ad3-00692ea445" "object-server 23" 0.0009 "-" 23 0
Dec 2 08:33:09 np0005541910 container-server[121025]: 172.20.0.104 - - [02/Dec/2025:08:33:09 +0000] "PUT /d1/368/AUTH_497073c2347a4b2dbbf501873318fbd3/gnocchi.5eae7247-51a1-48a1-bc57-74888088b621/none_v3" 201 - "PUT http://172.18.0.121:8080/d1/786/AUTH_497073c2347a4b2dbbf501873318fbd3/gnocchi.5eae7247-51a1-48a1-bc57-74888088b621/none_v3" "tx4460d035c02e45db99597-00692ea445" "object-server 24" 0.0004 "-" 22 0
Dec 2 08:33:09 np0005541910 object-server[121463]: 172.20.0.104 - - [02/Dec/2025:08:33:09 +0000] "PUT /d1/786/AUTH_497073c2347a4b2dbbf501873318fbd3/gnocchi.5eae7247-51a1-48a1-bc57-74888088b621/none_v3" 201 - "PUT http://172.18.0.121:8080/v1/AUTH_497073c2347a4b2dbbf501873318fbd3/gnocchi.5eae7247-51a1-48a1-bc57-74888088b621/none_v3" "tx4460d035c02e45db99597-00692ea445" "proxy-server 20" 0.0138 "-" 24 0
Dec 2 08:33:09 np0005541910 object-server[121463]: 172.20.0.105 - - [02/Dec/2025:08:33:09 +0000] "PUT /d1/263/AUTH_497073c2347a4b2dbbf501873318fbd3/gnocchi.a84f9e15-acf9-46c7-9262-c209fcc4bcba/1763640000.0_mean_300.0_v3" 201 - "PUT http://172.18.0.121:8080/v1/AUTH_497073c2347a4b2dbbf501873318fbd3/gnocchi.a84f9e15-acf9-46c7-9262-c209fcc4bcba/1763640000.0_mean_300.0_v3" "txd0fa59db3649430285ad3-00692ea445" "proxy-server 20" 0.0177 "-" 24 0
Dec 2 08:33:09 np0005541910 proxy-server[122903]: 172.18.0.103 172.18.0.104 02/Dec/2025/08/33/09 PUT /v1/AUTH_497073c2347a4b2dbbf501873318fbd3/gnocchi.5eae7247-51a1-48a1-bc57-74888088b621/none_v3 HTTP/1.0 201 - python-swiftclient-3.11.1 gAAAAABpLqP19t9Q... 22 - - tx4460d035c02e45db99597-00692ea445 - 0.0253 - - 1764664389.309433460 1764664389.334765911 0
Dec 2 08:33:09 np0005541910 container-server[121007]: 172.20.0.105 - - [02/Dec/2025:08:33:09 +0000] "PUT /d1/542/AUTH_497073c2347a4b2dbbf501873318fbd3/gnocchi.9f146626-dc56-416e-ab40-62adce36f3ed/none_v3" 201 - "PUT http://172.18.0.121:8080/d1/370/AUTH_497073c2347a4b2dbbf501873318fbd3/gnocchi.9f146626-dc56-416e-ab40-62adce36f3ed/none_v3" "txdbeb7426eec54d1897b14-00692ea445" "object-server 22" 0.0007 "-" 20 0
Dec 2 08:33:09 np0005541910 object-server[121456]: 172.20.0.103 - - [02/Dec/2025:08:33:09 +0000] "PUT /d1/370/AUTH_497073c2347a4b2dbbf501873318fbd3/gnocchi.9f146626-dc56-416e-ab40-62adce36f3ed/none_v3" 201 - "PUT http://172.18.0.121:8080/v1/AUTH_497073c2347a4b2dbbf501873318fbd3/gnocchi.9f146626-dc56-416e-ab40-62adce36f3ed/none_v3" "txdbeb7426eec54d1897b14-00692ea445" "proxy-server 20" 0.0146 "-" 23 0
Dec 2 08:33:09 np0005541910 container-server[121013]: 172.20.0.105 - - [02/Dec/2025:08:33:09 +0000] "HEAD /d1/500/AUTH_497073c2347a4b2dbbf501873318fbd3/gnocchi.1cbcdd7a-19b9-436b-b6cc-d4b320de27a8" 404 - "HEAD http://172.18.0.121:8080/v1/AUTH_497073c2347a4b2dbbf501873318fbd3/gnocchi.1cbcdd7a-19b9-436b-b6cc-d4b320de27a8?format=json&states=listing" "txa62bf7b2b03a480a8dff2-00692ea445" "proxy-server 20" 0.0007 "-" 21 0
Dec 2 08:33:09 np0005541910 container-server[121026]: 172.20.0.103 - - [02/Dec/2025:08:33:09 +0000] "PUT /d1/565/AUTH_497073c2347a4b2dbbf501873318fbd3/gnocchi.a84f9e15-acf9-46c7-9262-c209fcc4bcba/none_v3" 201 - "PUT http://172.18.0.121:8080/d1/914/AUTH_497073c2347a4b2dbbf501873318fbd3/gnocchi.a84f9e15-acf9-46c7-9262-c209fcc4bcba/none_v3" "tx3c09c52c414f417ab6bbc-00692ea445" "object-server 24" 0.0009 "-" 23 0
Dec 2 08:33:09 np0005541910 object-server[121448]: 172.20.0.104 - - [02/Dec/2025:08:33:09 +0000] "PUT /d1/914/AUTH_497073c2347a4b2dbbf501873318fbd3/gnocchi.a84f9e15-acf9-46c7-9262-c209fcc4bcba/none_v3" 201 - "PUT http://172.18.0.121:8080/v1/AUTH_497073c2347a4b2dbbf501873318fbd3/gnocchi.a84f9e15-acf9-46c7-9262-c209fcc4bcba/none_v3" "tx3c09c52c414f417ab6bbc-00692ea445" "proxy-server 20" 0.0168 "-" 21 0
Dec 2 08:33:09 np0005541910 proxy-server[122903]: 172.18.0.121 172.18.0.104 02/Dec/2025/08/33/09 PUT /v1/AUTH_497073c2347a4b2dbbf501873318fbd3/gnocchi.a84f9e15-acf9-46c7-9262-c209fcc4bcba/none_v3 HTTP/1.0 201 - python-swiftclient-3.11.1 gAAAAABpLqP99yKL... 22 - - tx3c09c52c414f417ab6bbc-00692ea445 - 0.0272 - - 1764664389.340305805 1764664389.367494106 0
Dec 2 08:33:09 np0005541910 object-server[121448]: 172.20.0.105 - - [02/Dec/2025:08:33:09 +0000] "GET /d1/407/AUTH_497073c2347a4b2dbbf501873318fbd3/gnocchi.1cbcdd7a-19b9-436b-b6cc-d4b320de27a8/none_v3" 404 70 "GET http://172.18.0.121:8080/v1/AUTH_497073c2347a4b2dbbf501873318fbd3/gnocchi.1cbcdd7a-19b9-436b-b6cc-d4b320de27a8/none_v3" "txa62bf7b2b03a480a8dff2-00692ea445" "proxy-server 20" 0.0004 "-" 21 0
Dec 2 08:33:09 np0005541910 container-server[121007]: 172.20.0.103 - - [02/Dec/2025:08:33:09 +0000] "HEAD /d1/637/AUTH_497073c2347a4b2dbbf501873318fbd3/gnocchi.ea620841-f6f6-4ea7-84eb-b83ad5c40434" 404 - "HEAD http://172.18.0.121:8080/v1/AUTH_497073c2347a4b2dbbf501873318fbd3/gnocchi.ea620841-f6f6-4ea7-84eb-b83ad5c40434?format=json&states=listing" "tx1fb4686836ea4fa989024-00692ea445" "proxy-server 20" 0.0005 "-" 20 0
Dec 2 08:33:09 np0005541910 container-server[121007]: 172.20.0.104 - - [02/Dec/2025:08:33:09 +0000] "HEAD /d1/902/AUTH_497073c2347a4b2dbbf501873318fbd3/gnocchi.4f411340-6467-4bae-9d7e-9d5b273b0d2b" 404 - "HEAD http://172.18.0.121:8080/v1/AUTH_497073c2347a4b2dbbf501873318fbd3/gnocchi.4f411340-6467-4bae-9d7e-9d5b273b0d2b?format=json&states=listing" "tx8cd29d8addd34bcdb169d-00692ea445" "proxy-server 20" 0.0004 "-" 20 0
Dec 2 08:33:09 np0005541910 object-server[121463]: 172.20.0.103 - - [02/Dec/2025:08:33:09 +0000] "GET /d1/51/AUTH_497073c2347a4b2dbbf501873318fbd3/gnocchi.ea620841-f6f6-4ea7-84eb-b83ad5c40434/none_v3" 404 70 "GET http://172.18.0.121:8080/v1/AUTH_497073c2347a4b2dbbf501873318fbd3/gnocchi.ea620841-f6f6-4ea7-84eb-b83ad5c40434/none_v3" "tx1fb4686836ea4fa989024-00692ea445" "proxy-server 20" 0.0007 "-" 24 0
Dec 2 08:33:09 np0005541910 object-server[121456]: 172.20.0.104 - - [02/Dec/2025:08:33:09 +0000] "GET /d1/919/AUTH_497073c2347a4b2dbbf501873318fbd3/gnocchi.4f411340-6467-4bae-9d7e-9d5b273b0d2b/none_v3" 404 70 "GET http://172.18.0.121:8080/v1/AUTH_497073c2347a4b2dbbf501873318fbd3/gnocchi.4f411340-6467-4bae-9d7e-9d5b273b0d2b/none_v3" "tx8cd29d8addd34bcdb169d-00692ea445" "proxy-server 20" 0.0005 "-" 23 0
Dec 2 08:33:09 np0005541910 proxy-server[122903]: 172.18.0.121 172.18.0.104 02/Dec/2025/08/33/09 GET /v1/AUTH_497073c2347a4b2dbbf501873318fbd3/gnocchi.4f411340-6467-4bae-9d7e-9d5b273b0d2b/none_v3 HTTP/1.0 404 - python-swiftclient-3.11.1 gAAAAABpLqP99yKL... - 70 - tx8cd29d8addd34bcdb169d-00692ea445 - 0.0311 - - 1764664389.380254745 1764664389.411381721 0
Dec 2 08:33:09 np0005541910 account-server[120981]: 172.20.0.104 - - [02/Dec/2025:08:33:09 +0000] "PUT /d1/626/AUTH_497073c2347a4b2dbbf501873318fbd3/gnocchi.1cbcdd7a-19b9-436b-b6cc-d4b320de27a8" 201 - "PUT http://172.20.0.104:6001/d1/500/AUTH_497073c2347a4b2dbbf501873318fbd3/gnocchi.1cbcdd7a-19b9-436b-b6cc-d4b320de27a8" "tx5c8e88c85fc844afa7d90-00692ea445" "container-server 20" 0.0062 "-" 22 0
