Dec 2 08:28:35 np0005541910 object-server[191166]: Begin object audit "forever" mode (ZBF)
Dec 2 08:28:35 np0005541910 object-server[191166]: Object audit (ZBF) "forever" mode completed: 0.00s. Total quarantined: 0, Total errors: 0, Total files/sec: 0.00, Total bytes/sec: 0.00, Auditing time: 0.00, Rate: 0.00
Dec 2 08:28:41 np0005541910 account-server[120610]: Beginning replication run
Dec 2 08:28:41 np0005541910 account-server[120610]: Replication run OVER
Dec 2 08:28:41 np0005541910 account-server[120610]: Attempted to replicate 0 dbs in 0.00153 seconds (0.00000/s)
Dec 2 08:28:41 np0005541910 account-server[120610]: Removed 0 dbs
Dec 2 08:28:41 np0005541910 account-server[120610]: 0 successes, 0 failures
Dec 2 08:28:41 np0005541910 account-server[120610]: diff:0 diff_capped:0 empty:0 hashmatch:0 no_change:0 remote_merge:0 rsync:0 ts_repl:0
Dec 2 08:28:50 np0005541910 container-server[120780]: Beginning replication run
Dec 2 08:28:50 np0005541910 container-server[120780]: Replication run OVER
Dec 2 08:28:50 np0005541910 container-server[120780]: Attempted to replicate 0 dbs in 0.00257 seconds (0.00000/s)
Dec 2 08:28:50 np0005541910 container-server[120780]: Removed 0 dbs
Dec 2 08:28:50 np0005541910 container-server[120780]: 0 successes, 0 failures
Dec 2 08:28:50 np0005541910 container-server[120780]: diff:0 diff_capped:0 empty:0 hashmatch:0 no_change:0 remote_merge:0 rsync:0 ts_repl:0
Dec 2 08:28:52 np0005541910 container-server[121088]: Begin container update sweep
Dec 2 08:28:52 np0005541910 container-server[121088]: Container update sweep completed: 0.00s
Dec 2 08:28:58 np0005541910 account-server[120987]: 172.20.0.105 - - [02/Dec/2025:08:28:58 +0000] "HEAD /d1/813/.expiring_objects" 404 - "HEAD http://localhost/v1/.expiring_objects?format=json" "txc37de35bbec34308b30d3-00692ea34a" "proxy-server 2" 0.0008 "-" 23 -
Dec 2 08:29:04 np0005541910 object-server[121164]: Starting object replication pass.
Dec 2 08:29:04 np0005541910 object-server[121164]: Nothing replicated for 0.0040357112884521484 seconds.
Dec 2 08:29:04 np0005541910 object-server[121164]: Object replication complete. (0.00 minutes)
Dec 2 08:29:06 np0005541910 object-server[197234]: Begin object audit "forever" mode (ALL)
Dec 2 08:29:06 np0005541910 object-server[197234]: Object audit (ALL) "forever" mode completed: 0.00s. Total quarantined: 0, Total errors: 0, Total files/sec: 0.00, Total bytes/sec: 0.00, Auditing time: 0.00, Rate: 0.00
Dec 2 08:29:06 np0005541910 object-server[197233]: Begin object audit "forever" mode (ZBF)
Dec 2 08:29:06 np0005541910 object-server[197233]: Object audit (ZBF) "forever" mode completed: 0.00s. Total quarantined: 0, Total errors: 0, Total files/sec: 0.00, Total bytes/sec: 0.00, Auditing time: 0.00, Rate: 0.00
Dec 2 08:29:11 np0005541910 account-server[120610]: Beginning replication run
Dec 2 08:29:11 np0005541910 account-server[120610]: Replication run OVER
Dec 2 08:29:11 np0005541910 account-server[120610]: Attempted to replicate 0 dbs in 0.00232 seconds (0.00000/s)
Dec 2 08:29:11 np0005541910 account-server[120610]: Removed 0 dbs
Dec 2 08:29:11 np0005541910 account-server[120610]: 0 successes, 0 failures
Dec 2 08:29:11 np0005541910 account-server[120610]: diff:0 diff_capped:0 empty:0 hashmatch:0 no_change:0 remote_merge:0 rsync:0 ts_repl:0
Dec 2 08:29:20 np0005541910 container-server[120780]: Beginning replication run
Dec 2 08:29:20 np0005541910 container-server[120780]: Replication run OVER
Dec 2 08:29:20 np0005541910 container-server[120780]: Attempted to replicate 0 dbs in 0.00203 seconds (0.00000/s)
Dec 2 08:29:20 np0005541910 container-server[120780]: Removed 0 dbs
Dec 2 08:29:20 np0005541910 container-server[120780]: 0 successes, 0 failures
Dec 2 08:29:20 np0005541910 container-server[120780]: diff:0 diff_capped:0 empty:0 hashmatch:0 no_change:0 remote_merge:0 rsync:0 ts_repl:0
Dec 2 08:29:34 np0005541910 object-server[121164]: Starting object replication pass.
Dec 2 08:29:34 np0005541910 object-server[121164]: Nothing replicated for 0.00495600700378418 seconds.
Dec 2 08:29:34 np0005541910 object-server[121164]: Object replication complete. (0.00 minutes)
Dec 2 08:29:36 np0005541910 object-server[197243]: Begin object audit "forever" mode (ZBF)
Dec 2 08:29:36 np0005541910 object-server[197243]: Object audit (ZBF) "forever" mode completed: 0.00s. Total quarantined: 0, Total errors: 0, Total files/sec: 0.00, Total bytes/sec: 0.00, Auditing time: 0.00, Rate: 0.00
Dec 2 08:29:41 np0005541910 account-server[120610]: Beginning replication run
Dec 2 08:29:41 np0005541910 account-server[120610]: Replication run OVER
Dec 2 08:29:41 np0005541910 account-server[120610]: Attempted to replicate 0 dbs in 0.00147 seconds (0.00000/s)
Dec 2 08:29:41 np0005541910 account-server[120610]: Removed 0 dbs
Dec 2 08:29:41 np0005541910 account-server[120610]: 0 successes, 0 failures
Dec 2 08:29:41 np0005541910 account-server[120610]: diff:0 diff_capped:0 empty:0 hashmatch:0 no_change:0 remote_merge:0 rsync:0 ts_repl:0
Dec 2 08:29:44 np0005541910 account-server[120981]: 172.20.0.105 - - [02/Dec/2025:08:29:44 +0000] "HEAD /d1/813/.expiring_objects" 404 - "HEAD http://localhost/v1/.expiring_objects?format=json" "txa709359a0e9f476a99813-00692ea378" "proxy-server 2" 0.0004 "-" 22 -
Dec 2 08:29:51 np0005541910 container-server[120780]: Beginning replication run
Dec 2 08:29:51 np0005541910 container-server[120780]: Replication run OVER
Dec 2 08:29:51 np0005541910 container-server[120780]: Attempted to replicate 0 dbs in 0.00144 seconds (0.00000/s)
Dec 2 08:29:51 np0005541910 container-server[120780]: Removed 0 dbs
Dec 2 08:29:51 np0005541910 container-server[120780]: 0 successes, 0 failures
Dec 2 08:29:51 np0005541910 container-server[120780]: diff:0 diff_capped:0 empty:0 hashmatch:0 no_change:0 remote_merge:0 rsync:0 ts_repl:0
Dec 2 08:29:56 np0005541910 account-server[120964]: 172.20.0.104 - - [02/Dec/2025:08:29:56 +0000] "HEAD /d1/813/.expiring_objects" 404 - "HEAD http://localhost/v1/.expiring_objects?format=json" "txd540ae72eaaa4c0390848-00692ea384" "proxy-server 2" 0.0007 "-" 21 -
Dec 2 08:29:56 np0005541910 object-expirer[121109]: Pass completed in 0s; 0 objects expired (txn: txd540ae72eaaa4c0390848-00692ea384)
Dec 2 08:30:04 np0005541910 object-server[121164]: Starting object replication pass.
Dec 2 08:30:04 np0005541910 object-server[121164]: Nothing replicated for 0.0026006698608398438 seconds.
Dec 2 08:30:04 np0005541910 object-server[121164]: Object replication complete. (0.00 minutes)
Dec 2 08:30:06 np0005541910 object-server[203166]: Begin object audit "forever" mode (ALL)
Dec 2 08:30:06 np0005541910 object-server[203165]: Begin object audit "forever" mode (ZBF)
Dec 2 08:30:06 np0005541910 object-server[203166]: Object audit (ALL) "forever" mode completed: 0.00s. Total quarantined: 0, Total errors: 0, Total files/sec: 0.00, Total bytes/sec: 0.00, Auditing time: 0.00, Rate: 0.00
Dec 2 08:30:06 np0005541910 object-server[203165]: Object audit (ZBF) "forever" mode completed: 0.00s. Total quarantined: 0, Total errors: 0, Total files/sec: 0.00, Total bytes/sec: 0.00, Auditing time: 0.00, Rate: 0.00
Dec 2 08:30:11 np0005541910 account-server[120610]: Beginning replication run
Dec 2 08:30:11 np0005541910 account-server[120610]: Replication run OVER
Dec 2 08:30:11 np0005541910 account-server[120610]: Attempted to replicate 0 dbs in 0.00159 seconds (0.00000/s)
Dec 2 08:30:11 np0005541910 account-server[120610]: Removed 0 dbs
Dec 2 08:30:11 np0005541910 account-server[120610]: 0 successes, 0 failures
Dec 2 08:30:11 np0005541910 account-server[120610]: diff:0 diff_capped:0 empty:0 hashmatch:0 no_change:0 remote_merge:0 rsync:0 ts_repl:0
Dec 2 08:30:15 np0005541910 account-server[120243]: Begin account audit pass.
Dec 2 08:30:21 np0005541910 container-server[120780]: Beginning replication run
Dec 2 08:30:21 np0005541910 container-server[120780]: Replication run OVER
Dec 2 08:30:21 np0005541910 container-server[120780]: Attempted to replicate 0 dbs in 0.00169 seconds (0.00000/s)
Dec 2 08:30:21 np0005541910 container-server[120780]: Removed 0 dbs
Dec 2 08:30:21 np0005541910 container-server[120780]: 0 successes, 0 failures
Dec 2 08:30:21 np0005541910 container-server[120780]: diff:0 diff_capped:0 empty:0 hashmatch:0 no_change:0 remote_merge:0 rsync:0 ts_repl:0
Dec 2 08:30:34 np0005541910 object-server[121164]: Starting object replication pass.
Dec 2 08:30:34 np0005541910 object-server[121164]: Nothing replicated for 0.004414081573486328 seconds.
Dec 2 08:30:34 np0005541910 object-server[121164]: Object replication complete. (0.00 minutes)
Dec 2 08:30:36 np0005541910 object-server[203182]: Begin object audit "forever" mode (ZBF)
Dec 2 08:30:36 np0005541910 object-server[203182]: Object audit (ZBF) "forever" mode completed: 0.00s. Total quarantined: 0, Total errors: 0, Total files/sec: 0.00, Total bytes/sec: 0.00, Auditing time: 0.00, Rate: 0.00
Dec 2 08:30:41 np0005541910 account-server[120610]: Beginning replication run
Dec 2 08:30:41 np0005541910 account-server[120610]: Replication run OVER
Dec 2 08:30:41 np0005541910 account-server[120610]: Attempted to replicate 0 dbs in 0.00159 seconds (0.00000/s)
Dec 2 08:30:41 np0005541910 account-server[120610]: Removed 0 dbs
Dec 2 08:30:41 np0005541910 account-server[120610]: 0 successes, 0 failures
Dec 2 08:30:41 np0005541910 account-server[120610]: diff:0 diff_capped:0 empty:0 hashmatch:0 no_change:0 remote_merge:0 rsync:0 ts_repl:0
Dec 2 08:30:44 np0005541910 account-server[120964]: 172.20.0.103 - - [02/Dec/2025:08:30:44 +0000] "HEAD /d1/626/AUTH_497073c2347a4b2dbbf501873318fbd3" 404 - "HEAD http://172.18.0.121:8080/v1/AUTH_497073c2347a4b2dbbf501873318fbd3?format=json" "tx235824a5f7604fb9aee03-00692ea3b4" "proxy-server 20" 0.0008 "-" 21 -
Dec 2 08:30:45 np0005541910 object-server[121448]: 172.20.0.103 - - [02/Dec/2025:08:30:45 +0000] "GET /d1/113/AUTH_497073c2347a4b2dbbf501873318fbd3/gnocchi.3dc0d1a9-e1cc-494d-8b4a-cd1ce36d370f/none_v3" 404 70 "GET http://172.18.0.121:8080/v1/AUTH_497073c2347a4b2dbbf501873318fbd3/gnocchi.3dc0d1a9-e1cc-494d-8b4a-cd1ce36d370f/none_v3" "tx235824a5f7604fb9aee03-00692ea3b4" "proxy-server 20" 0.0010 "-" 21 0
Dec 2 08:30:45 np0005541910 account-server[120981]: 172.20.0.104 - - [02/Dec/2025:08:30:45 +0000] "PUT /d1/626/AUTH_497073c2347a4b2dbbf501873318fbd3" 201 - "-" "txb95e4b3568fb4f779673e-00692ea3b5" "-" 0.0163 "-" 22 -
Dec 2 08:30:45 np0005541910 proxy-server[122903]: autocreate account '/AUTH_497073c2347a4b2dbbf501873318fbd3' (txn: txb95e4b3568fb4f779673e-00692ea3b5)
Dec 2 08:30:45 np0005541910 account-server[120964]: 172.20.0.103 - - [02/Dec/2025:08:30:45 +0000] "HEAD /d1/813/.expiring_objects" 404 - "HEAD http://localhost/v1/.expiring_objects?format=json" "tx90c0b46767cb4a70bac29-00692ea3b5" "proxy-server 2" 0.0007 "-" 21 -
Dec 2 08:30:45 np0005541910 account-server[120987]: 172.20.0.105 - - [02/Dec/2025:08:30:45 +0000] "PUT /d1/626/AUTH_497073c2347a4b2dbbf501873318fbd3/gnocchi.3dc0d1a9-e1cc-494d-8b4a-cd1ce36d370f" 201 - "PUT http://172.20.0.105:6001/d1/23/AUTH_497073c2347a4b2dbbf501873318fbd3/gnocchi.3dc0d1a9-e1cc-494d-8b4a-cd1ce36d370f" "txb95e4b3568fb4f779673e-00692ea3b5" "container-server 22" 0.0028 "-" 23 0
Dec 2 08:30:45 np0005541910 container-server[121013]: 172.20.0.104 - - [02/Dec/2025:08:30:45 +0000] "PUT /d1/23/AUTH_497073c2347a4b2dbbf501873318fbd3/gnocchi.3dc0d1a9-e1cc-494d-8b4a-cd1ce36d370f" 201 - "PUT http://172.18.0.121:8080/v1/AUTH_497073c2347a4b2dbbf501873318fbd3/gnocchi.3dc0d1a9-e1cc-494d-8b4a-cd1ce36d370f" "txb95e4b3568fb4f779673e-00692ea3b5" "proxy-server 20" 0.0182 "-" 21 0
Dec 2 08:30:45 np0005541910 proxy-server[122903]: 172.18.0.105 172.18.0.104 02/Dec/2025/08/30/45 PUT /v1/AUTH_497073c2347a4b2dbbf501873318fbd3/gnocchi.3dc0d1a9-e1cc-494d-8b4a-cd1ce36d370f HTTP/1.0 201 - python-swiftclient-3.11.1 gAAAAABpLqO0YxeR... - - - txb95e4b3568fb4f779673e-00692ea3b5 - 0.0728 - - 1764664245.421981812 1764664245.494802237 0
Dec 2 08:30:45 np0005541910 container-server[121026]: 172.20.0.105 - - [02/Dec/2025:08:30:45 +0000] "HEAD /d1/23/AUTH_497073c2347a4b2dbbf501873318fbd3/gnocchi.3dc0d1a9-e1cc-494d-8b4a-cd1ce36d370f" 204 - "HEAD http://172.18.0.121:8080/v1/AUTH_497073c2347a4b2dbbf501873318fbd3/gnocchi.3dc0d1a9-e1cc-494d-8b4a-cd1ce36d370f?format=json&states=listing" "txeda1e2a227004d6c92bdc-00692ea3b5" "proxy-server 20" 0.0031 "-" 23 0
Dec 2 08:30:45 np0005541910 container-server[121013]: 172.20.0.105 - - [02/Dec/2025:08:30:45 +0000] "GET /d1/23/AUTH_497073c2347a4b2dbbf501873318fbd3/gnocchi.3dc0d1a9-e1cc-494d-8b4a-cd1ce36d370f" 200 2 "GET http://172.18.0.121:8080/v1/AUTH_497073c2347a4b2dbbf501873318fbd3/gnocchi.3dc0d1a9-e1cc-494d-8b4a-cd1ce36d370f?format=json&states=listing" "txeda1e2a227004d6c92bdc-00692ea3b5" "proxy-server 20" 0.0031 "-" 21 0
Dec 2 08:30:45 np0005541910 object-server[121463]: 172.20.0.103 - - [02/Dec/2025:08:30:45 +0000] "GET /d1/318/AUTH_497073c2347a4b2dbbf501873318fbd3/gnocchi.3dc0d1a9-e1cc-494d-8b4a-cd1ce36d370f/1763640000.0_mean_300.0_v3" 404 70 "GET http://172.18.0.121:8080/v1/AUTH_497073c2347a4b2dbbf501873318fbd3/gnocchi.3dc0d1a9-e1cc-494d-8b4a-cd1ce36d370f/1763640000.0_mean_300.0_v3" "tx64c078f561e1406ca3bf4-00692ea3b5" "proxy-server 20" 0.0011 "-" 24 0
Dec 2 08:30:45 np0005541910 container-server[121007]: 172.20.0.104 - - [02/Dec/2025:08:30:45 +0000] "PUT /d1/23/AUTH_497073c2347a4b2dbbf501873318fbd3/gnocchi.3dc0d1a9-e1cc-494d-8b4a-cd1ce36d370f/1763640000.0_mean_300.0_v3" 201 - "PUT http://172.18.0.121:8080/d1/318/AUTH_497073c2347a4b2dbbf501873318fbd3/gnocchi.3dc0d1a9-e1cc-494d-8b4a-cd1ce36d370f/1763640000.0_mean_300.0_v3" "tx27dd4bad642d41bba46f1-00692ea3b5" "object-server 21" 0.0010 "-" 20 0
Dec 2 08:30:45 np0005541910 object-server[121448]: 172.20.0.104 - - [02/Dec/2025:08:30:45 +0000] "PUT /d1/318/AUTH_497073c2347a4b2dbbf501873318fbd3/gnocchi.3dc0d1a9-e1cc-494d-8b4a-cd1ce36d370f/1763640000.0_mean_300.0_v3" 201 - "PUT http://172.18.0.121:8080/v1/AUTH_497073c2347a4b2dbbf501873318fbd3/gnocchi.3dc0d1a9-e1cc-494d-8b4a-cd1ce36d370f/1763640000.0_mean_300.0_v3" "tx27dd4bad642d41bba46f1-00692ea3b5" "proxy-server 20" 0.0337 "-" 21 0
Dec 2 08:30:45 np0005541910 proxy-server[122903]: 172.18.0.105 172.18.0.104 02/Dec/2025/08/30/45 PUT /v1/AUTH_497073c2347a4b2dbbf501873318fbd3/gnocchi.3dc0d1a9-e1cc-494d-8b4a-cd1ce36d370f/1763640000.0_mean_300.0_v3 HTTP/1.0 201 - python-swiftclient-3.11.1 gAAAAABpLqO0YxeR... 16 - - tx27dd4bad642d41bba46f1-00692ea3b5 - 0.0551 - - 1764664245.565268040 1764664245.620386362 0
Dec 2 08:30:45 np0005541910 object-server[121448]: 172.20.0.105 - - [02/Dec/2025:08:30:45 +0000] "PUT /d1/113/AUTH_497073c2347a4b2dbbf501873318fbd3/gnocchi.3dc0d1a9-e1cc-494d-8b4a-cd1ce36d370f/none_v3" 201 - "PUT http://172.18.0.121:8080/v1/AUTH_497073c2347a4b2dbbf501873318fbd3/gnocchi.3dc0d1a9-e1cc-494d-8b4a-cd1ce36d370f/none_v3" "tx7262f70061c947a0a7e0a-00692ea3b5" "proxy-server 20" 0.0286 "-" 21 0
Dec 2 08:30:45 np0005541910 container-server[121013]: 172.20.0.103 - - [02/Dec/2025:08:30:45 +0000] "PUT /d1/23/AUTH_497073c2347a4b2dbbf501873318fbd3/gnocchi.3dc0d1a9-e1cc-494d-8b4a-cd1ce36d370f/none_v3" 201 - "PUT http://172.18.0.121:8080/d1/113/AUTH_497073c2347a4b2dbbf501873318fbd3/gnocchi.3dc0d1a9-e1cc-494d-8b4a-cd1ce36d370f/none_v3" "tx7262f70061c947a0a7e0a-00692ea3b5" "object-server 24" 0.0007 "-" 21 0
Dec 2 08:30:51 np0005541910 container-server[120780]: Beginning replication run
Dec 2 08:30:51 np0005541910 container-server[120780]: Replication run OVER
Dec 2 08:30:51 np0005541910 container-server[120780]: Attempted to replicate 1 dbs in 0.09450 seconds (10.58173/s)
Dec 2 08:30:51 np0005541910 container-server[120780]: Removed 0 dbs
Dec 2 08:30:51 np0005541910 container-server[120780]: 2 successes, 0 failures
Dec 2 08:30:51 np0005541910 container-server[120780]: diff:0 diff_capped:0 empty:0 hashmatch:0 no_change:2 remote_merge:0 rsync:0 ts_repl:0
Dec 2 08:31:04 np0005541910 object-server[121164]: Starting object replication pass.
Dec 2 08:31:04 np0005541910 object-server[121164]: 2/2 (100.00%) partitions replicated in 0.06s (33.67/sec, 0s remaining)
Dec 2 08:31:04 np0005541910 object-server[121164]: 4 successes, 0 failures
Dec 2 08:31:04 np0005541910 object-server[121164]: 2 suffixes checked - 0.00% hashed, 0.00% synced
Dec 2 08:31:04 np0005541910 object-server[121164]: Partition times: max 0.0433s, min 0.0101s, med 0.0433s
Dec 2 08:31:04 np0005541910 object-server[121164]: Object replication complete. (0.00 minutes)
Dec 2 08:31:06 np0005541910 object-server[208903]: Begin object audit "forever" mode (ALL)
Dec 2 08:31:06 np0005541910 object-server[208900]: Begin object audit "forever" mode (ZBF)
Dec 2 08:31:06 np0005541910 object-server[208900]: Object audit (ZBF). Since Tue Dec 2 08:31:06 2025: Locally: 1 passed, 0 quarantined, 0 errors, files/sec: 240.04, bytes/sec: 0.00, Total time: 0.00, Auditing time: 0.00, Rate: 0.00
Dec 2 08:31:06 np0005541910 object-server[208903]: Object audit (ALL). Since Tue Dec 2 08:31:06 2025: Locally: 1 passed, 0 quarantined, 0 errors, files/sec: 94.16, bytes/sec: 1506.54, Total time: 0.01, Auditing time: 0.00, Rate: 0.00
Dec 2 08:31:06 np0005541910 object-server[208900]: Object audit (ZBF) "forever" mode completed: 0.01s. Total quarantined: 0, Total errors: 0, Total files/sec: 210.90, Total bytes/sec: 0.00, Auditing time: 0.00, Rate: 0.40
Dec 2 08:31:06 np0005541910 object-server[208903]: Object audit (ALL) "forever" mode completed: 0.01s. Total quarantined: 0, Total errors: 0, Total files/sec: 147.01, Total bytes/sec: 2793.21, Auditing time: 0.01, Rate: 0.77
Dec 2 08:31:11 np0005541910 account-server[120610]: Beginning replication run
Dec 2 08:31:11 np0005541910 account-server[120610]: Replication run OVER
Dec 2 08:31:11 np0005541910 account-server[120610]: Attempted to replicate 1 dbs in 0.03441 seconds (29.05741/s)
Dec 2 08:31:11 np0005541910 account-server[120610]: Removed 0 dbs
Dec 2 08:31:11 np0005541910 account-server[120610]: 2 successes, 0 failures
Dec 2 08:31:11 np0005541910 account-server[120610]: diff:0 diff_capped:0 empty:0 hashmatch:0 no_change:2 remote_merge:0 rsync:0 ts_repl:0
Dec 2 08:31:14 np0005541910 proxy-server[122903]: 172.18.0.105 172.18.0.104 02/Dec/2025/08/31/14 GET /v1/AUTH_497073c2347a4b2dbbf501873318fbd3/gnocchi.3dc0d1a9-e1cc-494d-8b4a-cd1ce36d370f%3Fformat%3Djson%26states%3Dlisting HTTP/1.0 200 - python-swiftclient-3.11.1 gAAAAABpLqO0YxeR... - 357 - tx8dde92c2dc344fdcb76f7-00692ea3d2 - 0.0205 - - 1764664274.492362738 1764664274.512831211 0
Dec 2 08:31:14 np0005541910 object-server[121463]: 172.20.0.104 - - [02/Dec/2025:08:31:14 +0000] "PUT /d1/318/AUTH_497073c2347a4b2dbbf501873318fbd3/gnocchi.3dc0d1a9-e1cc-494d-8b4a-cd1ce36d370f/1763640000.0_mean_300.0_v3" 201 - "PUT http://172.18.0.121:8080/v1/AUTH_497073c2347a4b2dbbf501873318fbd3/gnocchi.3dc0d1a9-e1cc-494d-8b4a-cd1ce36d370f/1763640000.0_mean_300.0_v3" "tx252177d2c5a744c3b5e6d-00692ea3d2" "proxy-server 20" 0.0287 "-" 24 0
Dec 2 08:31:14 np0005541910 container-server[121025]: 172.20.0.103 - - [02/Dec/2025:08:31:14 +0000] "PUT /d1/23/AUTH_497073c2347a4b2dbbf501873318fbd3/gnocchi.3dc0d1a9-e1cc-494d-8b4a-cd1ce36d370f/1763640000.0_mean_300.0_v3" 201 - "PUT http://172.18.0.121:8080/d1/318/AUTH_497073c2347a4b2dbbf501873318fbd3/gnocchi.3dc0d1a9-e1cc-494d-8b4a-cd1ce36d370f/1763640000.0_mean_300.0_v3" "tx252177d2c5a744c3b5e6d-00692ea3d2" "object-server 23" 0.0019 "-" 22 0
Dec 2 08:31:14 np0005541910 proxy-server[122903]: 172.18.0.105 172.18.0.104 02/Dec/2025/08/31/14 PUT /v1/AUTH_497073c2347a4b2dbbf501873318fbd3/gnocchi.3dc0d1a9-e1cc-494d-8b4a-cd1ce36d370f/1763640000.0_mean_300.0_v3 HTTP/1.0 201 - python-swiftclient-3.11.1 gAAAAABpLqO0YxeR... 16 - - tx252177d2c5a744c3b5e6d-00692ea3d2 - 0.0480 - - 1764664274.557578564 1764664274.605558634 0
Dec 2 08:31:14 np0005541910 object-server[121448]: 172.20.0.105 - - [02/Dec/2025:08:31:14 +0000] "PUT /d1/113/AUTH_497073c2347a4b2dbbf501873318fbd3/gnocchi.3dc0d1a9-e1cc-494d-8b4a-cd1ce36d370f/none_v3" 201 - "PUT http://172.18.0.121:8080/v1/AUTH_497073c2347a4b2dbbf501873318fbd3/gnocchi.3dc0d1a9-e1cc-494d-8b4a-cd1ce36d370f/none_v3" "tx13711c919c96480f8f395-00692ea3d2" "proxy-server 20" 0.0233 "-" 21 0
Dec 2 08:31:14 np0005541910 container-server[121013]: 172.20.0.105 - - [02/Dec/2025:08:31:14 +0000] "PUT /d1/23/AUTH_497073c2347a4b2dbbf501873318fbd3/gnocchi.3dc0d1a9-e1cc-494d-8b4a-cd1ce36d370f/none_v3" 201 - "PUT http://172.18.0.121:8080/d1/113/AUTH_497073c2347a4b2dbbf501873318fbd3/gnocchi.3dc0d1a9-e1cc-494d-8b4a-cd1ce36d370f/none_v3" "tx13711c919c96480f8f395-00692ea3d2" "object-server 23" 0.0011 "-" 21 0
Dec 2 08:31:20 np0005541910 object-server[121403]: Begin object update sweep
Dec 2 08:31:20 np0005541910 object-server[210453]: Object update sweep starting on /srv/node/d1 (pid: 14)
Dec 2 08:31:20 np0005541910 object-server[210453]: Object update sweep completed on /srv/node/d1 in 0.00s seconds:, 0 successes, 0 failures, 0 quarantines, 0 unlinks, 0 errors, 0 redirects (pid: 14)
Dec 2 08:31:20 np0005541910 object-server[210453]: Object update sweep of d1 completed: 0.00s, 0 successes, 0 failures, 0 quarantines, 0 unlinks, 0 errors, 0 redirects
Dec 2 08:31:20 np0005541910 object-server[121403]: Object update sweep completed: 0.08s
Dec 2 08:31:21 np0005541910 container-server[120780]: Beginning replication run
Dec 2 08:31:21 np0005541910 container-server[120780]: Replication run OVER
Dec 2 08:31:21 np0005541910 container-server[120780]: Attempted to replicate 1 dbs in 0.06163 seconds (16.22514/s)
Dec 2 08:31:21 np0005541910 container-server[120780]: Removed 0 dbs
Dec 2 08:31:21 np0005541910 container-server[120780]: 2 successes, 0 failures
Dec 2 08:31:21 np0005541910 container-server[120780]: diff:0 diff_capped:0 empty:0 hashmatch:0 no_change:2 remote_merge:0 rsync:0 ts_repl:0
Dec 2 08:31:30 np0005541910 account-server[120987]: 172.20.0.105 - - [02/Dec/2025:08:31:30 +0000] "HEAD /d1/813/.expiring_objects" 404 - "HEAD http://localhost/v1/.expiring_objects?format=json" "tx7dc119a82e184ae5a3cea-00692ea3e2" "proxy-server 2" 0.0004 "-" 23 -
Dec 2 08:31:34 np0005541910 object-server[121164]: Starting object replication pass.
Dec 2 08:31:34 np0005541910 object-server[121164]: 2/2 (100.00%) partitions replicated in 0.03s (77.84/sec, 0s remaining)
Dec 2 08:31:34 np0005541910 object-server[121164]: 4 successes, 0 failures
Dec 2 08:31:34 np0005541910 object-server[121164]: 2 suffixes checked - 0.00% hashed, 0.00% synced
Dec 2 08:31:34 np0005541910 object-server[121164]: Partition times: max 0.0116s, min 0.0100s, med 0.0116s
Dec 2 08:31:34 np0005541910 object-server[121164]: Object replication complete. (0.00 minutes)
Dec 2 08:31:36 np0005541910 object-server[211962]: Begin object audit "forever" mode (ALL)
Dec 2 08:31:36 np0005541910 object-server[211961]: Begin object audit "forever" mode (ZBF)
Dec 2 08:31:36 np0005541910 object-server[211962]: Object audit (ALL). Since Tue Dec 2 08:31:36 2025: Locally: 1 passed, 0 quarantined, 0 errors, files/sec: 191.91, bytes/sec: 3070.50, Total time: 0.01, Auditing time: 0.00, Rate: 0.00
Dec 2 08:31:36 np0005541910 object-server[211961]: Object audit (ZBF). Since Tue Dec 2 08:31:36 2025: Locally: 1 passed, 0 quarantined, 0 errors, files/sec: 628.83, bytes/sec: 0.00, Total time: 0.00, Auditing time: 0.00, Rate: 0.00
Dec 2 08:31:36 np0005541910 object-server[211962]: Object audit (ALL) "forever" mode completed: 0.01s. Total quarantined: 0, Total errors: 0, Total files/sec: 283.70, Total bytes/sec: 6808.70, Auditing time: 0.01, Rate: 0.74
Dec 2 08:31:36 np0005541910 object-server[211961]: Object audit (ZBF) "forever" mode completed: 0.00s. Total quarantined: 0, Total errors: 0, Total files/sec: 513.03, Total bytes/sec: 0.00, Auditing time: 0.00, Rate: 0.31
Dec 2 08:31:41 np0005541910 account-server[120610]: Beginning replication run
Dec 2 08:31:41 np0005541910 account-server[120610]: Replication run OVER
Dec 2 08:31:41 np0005541910 account-server[120610]: Attempted to replicate 1 dbs in 0.01792 seconds (55.81435/s)
Dec 2 08:31:41 np0005541910 account-server[120610]: Removed 0 dbs
Dec 2 08:31:41 np0005541910 account-server[120610]: 2 successes, 0 failures
Dec 2 08:31:41 np0005541910 account-server[120610]: diff:0 diff_capped:0 empty:0 hashmatch:0 no_change:2 remote_merge:0 rsync:0 ts_repl:0
Dec 2 08:31:48 np0005541910 container-server[121026]: 172.20.0.103 - - [02/Dec/2025:08:31:48 +0000] "HEAD /d1/50/AUTH_497073c2347a4b2dbbf501873318fbd3/gnocchi.63897728-c6fe-45f1-9592-f9328b3109ed" 404 - "HEAD http://172.18.0.121:8080/v1/AUTH_497073c2347a4b2dbbf501873318fbd3/gnocchi.63897728-c6fe-45f1-9592-f9328b3109ed?format=json&states=listing" "txa90dc5896801474ba4266-00692ea3f4" "proxy-server 20" 0.0009 "-" 23 0
Dec 2 08:31:49 np0005541910 object-server[121463]: 172.20.0.103 - - [02/Dec/2025:08:31:49 +0000] "GET /d1/519/AUTH_497073c2347a4b2dbbf501873318fbd3/gnocchi.63897728-c6fe-45f1-9592-f9328b3109ed/none_v3" 404 70 "GET http://172.18.0.121:8080/v1/AUTH_497073c2347a4b2dbbf501873318fbd3/gnocchi.63897728-c6fe-45f1-9592-f9328b3109ed/none_v3" "txa90dc5896801474ba4266-00692ea3f4" "proxy-server 20" 0.0011 "-" 24 0
Dec 2 08:31:49 np0005541910 account-server[120981]: 172.20.0.103 - - [02/Dec/2025:08:31:49 +0000] "PUT /d1/626/AUTH_497073c2347a4b2dbbf501873318fbd3/gnocchi.63897728-c6fe-45f1-9592-f9328b3109ed" 201 - "PUT http://172.20.0.103:6001/d1/50/AUTH_497073c2347a4b2dbbf501873318fbd3/gnocchi.63897728-c6fe-45f1-9592-f9328b3109ed" "tx9cc7832298f0457e90ab1-00692ea3f5" "container-server 23" 0.0014 "-" 22 0
Dec 2 08:31:49 np0005541910 container-server[121013]: 172.20.0.104 - - [02/Dec/2025:08:31:49 +0000] "PUT /d1/50/AUTH_497073c2347a4b2dbbf501873318fbd3/gnocchi.63897728-c6fe-45f1-9592-f9328b3109ed" 201 - "PUT http://172.18.0.121:8080/v1/AUTH_497073c2347a4b2dbbf501873318fbd3/gnocchi.63897728-c6fe-45f1-9592-f9328b3109ed" "tx9cc7832298f0457e90ab1-00692ea3f5" "proxy-server 20" 0.0218 "-" 21 0
Dec 2 08:31:49 np0005541910 proxy-server[122903]: 172.18.0.105 172.18.0.104 02/Dec/2025/08/31/49 PUT /v1/AUTH_497073c2347a4b2dbbf501873318fbd3/gnocchi.63897728-c6fe-45f1-9592-f9328b3109ed HTTP/1.0 201 - python-swiftclient-3.11.1 gAAAAABpLqO0YxeR... - - - tx9cc7832298f0457e90ab1-00692ea3f5 - 0.0326 - - 1764664309.019090891 1764664309.051676750 0
Dec 2 08:31:49 np0005541910 container-server[121025]: 172.20.0.105 - - [02/Dec/2025:08:31:49 +0000] "HEAD /d1/50/AUTH_497073c2347a4b2dbbf501873318fbd3/gnocchi.63897728-c6fe-45f1-9592-f9328b3109ed" 204 - "HEAD http://172.18.0.121:8080/v1/AUTH_497073c2347a4b2dbbf501873318fbd3/gnocchi.63897728-c6fe-45f1-9592-f9328b3109ed?format=json&states=listing" "txcf7811545bcc439a91f81-00692ea3f5" "proxy-server 20" 0.0037 "-" 22 0
Dec 2 08:31:49 np0005541910 container-server[121025]: 172.20.0.105 - - [02/Dec/2025:08:31:49 +0000] "GET /d1/50/AUTH_497073c2347a4b2dbbf501873318fbd3/gnocchi.63897728-c6fe-45f1-9592-f9328b3109ed" 200 2 "GET http://172.18.0.121:8080/v1/AUTH_497073c2347a4b2dbbf501873318fbd3/gnocchi.63897728-c6fe-45f1-9592-f9328b3109ed?format=json&states=listing" "txcf7811545bcc439a91f81-00692ea3f5" "proxy-server 20" 0.0038 "-" 22 0
Dec 2 08:31:49 np0005541910 object-server[121456]: 172.20.0.103 - - [02/Dec/2025:08:31:49 +0000] "GET /d1/491/AUTH_497073c2347a4b2dbbf501873318fbd3/gnocchi.63897728-c6fe-45f1-9592-f9328b3109ed/1763640000.0_mean_300.0_v3" 404 70 "GET http://172.18.0.121:8080/v1/AUTH_497073c2347a4b2dbbf501873318fbd3/gnocchi.63897728-c6fe-45f1-9592-f9328b3109ed/1763640000.0_mean_300.0_v3" "txcad0679ed2dc49da9063f-00692ea3f5" "proxy-server 20" 0.0007 "-" 23 0
Dec 2 08:31:49 np0005541910 container-server[121026]: 172.20.0.105 - - [02/Dec/2025:08:31:49 +0000] "PUT /d1/50/AUTH_497073c2347a4b2dbbf501873318fbd3/gnocchi.63897728-c6fe-45f1-9592-f9328b3109ed/1763640000.0_mean_300.0_v3" 201 - "PUT http://172.18.0.121:8080/d1/491/AUTH_497073c2347a4b2dbbf501873318fbd3/gnocchi.63897728-c6fe-45f1-9592-f9328b3109ed/1763640000.0_mean_300.0_v3" "txd3b3785cbe92472c8ac85-00692ea3f5" "object-server 22" 0.0009 "-" 23 0
Dec 2 08:31:49 np0005541910 object-server[121463]: 172.20.0.104 - - [02/Dec/2025:08:31:49 +0000] "PUT /d1/491/AUTH_497073c2347a4b2dbbf501873318fbd3/gnocchi.63897728-c6fe-45f1-9592-f9328b3109ed/1763640000.0_mean_300.0_v3" 201 - "PUT http://172.18.0.121:8080/v1/AUTH_497073c2347a4b2dbbf501873318fbd3/gnocchi.63897728-c6fe-45f1-9592-f9328b3109ed/1763640000.0_mean_300.0_v3" "txd3b3785cbe92472c8ac85-00692ea3f5" "proxy-server 20" 0.0178 "-" 24 0
Dec 2 08:31:49 np0005541910 proxy-server[122903]: 172.18.0.105 172.18.0.104 02/Dec/2025/08/31/49 PUT /v1/AUTH_497073c2347a4b2dbbf501873318fbd3/gnocchi.63897728-c6fe-45f1-9592-f9328b3109ed/1763640000.0_mean_300.0_v3 HTTP/1.0 201 - python-swiftclient-3.11.1 gAAAAABpLqO0YxeR... 16 - - txd3b3785cbe92472c8ac85-00692ea3f5 - 0.0302 - - 1764664309.119481802 1764664309.149702072 0
Dec 2 08:31:49 np0005541910 container-server[121007]: 172.20.0.105 - - [02/Dec/2025:08:31:49 +0000] "PUT /d1/50/AUTH_497073c2347a4b2dbbf501873318fbd3/gnocchi.63897728-c6fe-45f1-9592-f9328b3109ed/none_v3" 201 - "PUT http://172.18.0.121:8080/d1/519/AUTH_497073c2347a4b2dbbf501873318fbd3/gnocchi.63897728-c6fe-45f1-9592-f9328b3109ed/none_v3" "tx553338461601418fad9e3-00692ea3f5" "object-server 24" 0.0010 "-" 20 0
Dec 2 08:31:49 np0005541910 object-server[121456]: 172.20.0.105 - - [02/Dec/2025:08:31:49 +0000] "PUT /d1/519/AUTH_497073c2347a4b2dbbf501873318fbd3/gnocchi.63897728-c6fe-45f1-9592-f9328b3109ed/none_v3" 201 - "PUT http://172.18.0.121:8080/v1/AUTH_497073c2347a4b2dbbf501873318fbd3/gnocchi.63897728-c6fe-45f1-9592-f9328b3109ed/none_v3" "tx553338461601418fad9e3-00692ea3f5" "proxy-server 20" 0.0333 "-" 23 0
Dec 2 08:31:49 np0005541910 container-server[121026]: 172.20.0.103 - - [02/Dec/2025:08:31:49 +0000] "HEAD /d1/82/AUTH_497073c2347a4b2dbbf501873318fbd3/gnocchi.42f52e77-9dfe-4e03-b5be-5c08383de9cd" 404 - "HEAD http://172.18.0.121:8080/v1/AUTH_497073c2347a4b2dbbf501873318fbd3/gnocchi.42f52e77-9dfe-4e03-b5be-5c08383de9cd?format=json&states=listing" "txbb505554f84f400195f6d-00692ea3f5" "proxy-server 20" 0.0004 "-" 23 0
Dec 2 08:31:49 np0005541910 object-server[121463]: 172.20.0.103 - - [02/Dec/2025:08:31:49 +0000] "GET /d1/485/AUTH_497073c2347a4b2dbbf501873318fbd3/gnocchi.42f52e77-9dfe-4e03-b5be-5c08383de9cd/none_v3" 404 70 "GET http://172.18.0.121:8080/v1/AUTH_497073c2347a4b2dbbf501873318fbd3/gnocchi.42f52e77-9dfe-4e03-b5be-5c08383de9cd/none_v3" "txbb505554f84f400195f6d-00692ea3f5" "proxy-server 20" 0.0005 "-" 24 0
Dec 2 08:31:49 np0005541910 container-server[121007]: 172.20.0.104 - - [02/Dec/2025:08:31:49 +0000] "PUT /d1/82/AUTH_497073c2347a4b2dbbf501873318fbd3/gnocchi.42f52e77-9dfe-4e03-b5be-5c08383de9cd" 201 - "PUT http://172.18.0.121:8080/v1/AUTH_497073c2347a4b2dbbf501873318fbd3/gnocchi.42f52e77-9dfe-4e03-b5be-5c08383de9cd" "txf5031779470a4a7ea8c7a-00692ea3f5" "proxy-server 20" 0.0185 "-" 20 0
Dec 2 08:31:49 np0005541910 account-server[120987]: 172.20.0.103 - - [02/Dec/2025:08:31:49 +0000] "PUT /d1/626/AUTH_497073c2347a4b2dbbf501873318fbd3/gnocchi.42f52e77-9dfe-4e03-b5be-5c08383de9cd" 201 - "PUT http://172.20.0.103:6001/d1/82/AUTH_497073c2347a4b2dbbf501873318fbd3/gnocchi.42f52e77-9dfe-4e03-b5be-5c08383de9cd" "txf5031779470a4a7ea8c7a-00692ea3f5" "container-server 20" 0.0063 "-" 23 0
Dec 2 08:31:49 np0005541910 proxy-server[122903]: 172.18.0.103 172.18.0.104 02/Dec/2025/08/31/49 PUT /v1/AUTH_497073c2347a4b2dbbf501873318fbd3/gnocchi.42f52e77-9dfe-4e03-b5be-5c08383de9cd HTTP/1.0 201 - python-swiftclient-3.11.1 gAAAAABpLqP19t9Q... - - - txf5031779470a4a7ea8c7a-00692ea3f5 - 0.0309 - - 1764664309.681398630 1764664309.712284088 0
Dec 2 08:31:49 np0005541910 container-server[121026]: 172.20.0.105 - - [02/Dec/2025:08:31:49 +0000] "HEAD /d1/82/AUTH_497073c2347a4b2dbbf501873318fbd3/gnocchi.42f52e77-9dfe-4e03-b5be-5c08383de9cd" 204 - "HEAD http://172.18.0.121:8080/v1/AUTH_497073c2347a4b2dbbf501873318fbd3/gnocchi.42f52e77-9dfe-4e03-b5be-5c08383de9cd?format=json&states=listing" "txeb37fe07b1fc4b29bfed0-00692ea3f5" "proxy-server 20" 0.0015 "-" 23 0
Dec 2 08:31:49 np0005541910 object-server[121451]: 172.20.0.103 - - [02/Dec/2025:08:31:49 +0000] "GET /d1/947/AUTH_497073c2347a4b2dbbf501873318fbd3/gnocchi.42f52e77-9dfe-4e03-b5be-5c08383de9cd/1763640000.0_mean_300.0_v3" 404 70 "GET http://172.18.0.121:8080/v1/AUTH_497073c2347a4b2dbbf501873318fbd3/gnocchi.42f52e77-9dfe-4e03-b5be-5c08383de9cd/1763640000.0_mean_300.0_v3" "txd0047d997ddb47ceabd54-00692ea3f5" "proxy-server 20" 0.0004 "-" 22 0
Dec 2 08:31:49 np0005541910 container-server[121007]: 172.20.0.104 - - [02/Dec/2025:08:31:49 +0000] "PUT /d1/82/AUTH_497073c2347a4b2dbbf501873318fbd3/gnocchi.42f52e77-9dfe-4e03-b5be-5c08383de9cd/1763640000.0_mean_300.0_v3" 201 - "PUT http://172.18.0.121:8080/d1/947/AUTH_497073c2347a4b2dbbf501873318fbd3/gnocchi.42f52e77-9dfe-4e03-b5be-5c08383de9cd/1763640000.0_mean_300.0_v3" "txa25dc48908ca4c36a805b-00692ea3f5" "object-server 24" 0.0009 "-" 20 0
Dec 2 08:31:49 np0005541910 object-server[121463]: 172.20.0.104 - - [02/Dec/2025:08:31:49 +0000] "PUT /d1/947/AUTH_497073c2347a4b2dbbf501873318fbd3/gnocchi.42f52e77-9dfe-4e03-b5be-5c08383de9cd/1763640000.0_mean_300.0_v3" 201 - "PUT http://172.18.0.121:8080/v1/AUTH_497073c2347a4b2dbbf501873318fbd3/gnocchi.42f52e77-9dfe-4e03-b5be-5c08383de9cd/1763640000.0_mean_300.0_v3" "txa25dc48908ca4c36a805b-00692ea3f5" "proxy-server 20" 0.0117 "-" 24 0
Dec 2 08:31:49 np0005541910 proxy-server[122903]: 172.18.0.103 172.18.0.104 02/Dec/2025/08/31/49 PUT /v1/AUTH_497073c2347a4b2dbbf501873318fbd3/gnocchi.42f52e77-9dfe-4e03-b5be-5c08383de9cd/1763640000.0_mean_300.0_v3 HTTP/1.0 201 - python-swiftclient-3.11.1 gAAAAABpLqP19t9Q... 16 - - txa25dc48908ca4c36a805b-00692ea3f5 - 0.0239 - - 1764664309.773509026 1764664309.797375441 0
Dec 2 08:31:49 np0005541910 container-server[121013]: 172.20.0.105 - - [02/Dec/2025:08:31:49 +0000] "PUT /d1/82/AUTH_497073c2347a4b2dbbf501873318fbd3/gnocchi.42f52e77-9dfe-4e03-b5be-5c08383de9cd/none_v3" 201 - "PUT http://172.18.0.121:8080/d1/485/AUTH_497073c2347a4b2dbbf501873318fbd3/gnocchi.42f52e77-9dfe-4e03-b5be-5c08383de9cd/none_v3" "txecfe786c8bdb45fbbd358-00692ea3f5" "object-server 22" 0.0007 "-" 21 0
Dec 2 08:31:49 np0005541910 object-server[121451]: 172.20.0.105 - - [02/Dec/2025:08:31:49 +0000] "PUT /d1/485/AUTH_497073c2347a4b2dbbf501873318fbd3/gnocchi.42f52e77-9dfe-4e03-b5be-5c08383de9cd/none_v3" 201 - "PUT http://172.18.0.121:8080/v1/AUTH_497073c2347a4b2dbbf501873318fbd3/gnocchi.42f52e77-9dfe-4e03-b5be-5c08383de9cd/none_v3" "txecfe786c8bdb45fbbd358-00692ea3f5" "proxy-server 20" 0.0262 "-" 22 0
Dec 2 08:31:51 np0005541910 container-server[120780]: Beginning replication run
Dec 2 08:31:51 np0005541910 container-server[120780]: Replication run OVER
Dec 2 08:31:51 np0005541910 container-server[120780]: Attempted to replicate 3 dbs in 0.16954 seconds (17.69523/s)
Dec 2 08:31:51 np0005541910 container-server[120780]: Removed 0 dbs
Dec 2 08:31:51 np0005541910 container-server[120780]: 6 successes, 0 failures
Dec 2 08:31:51 np0005541910 container-server[120780]: diff:0 diff_capped:0 empty:0 hashmatch:0 no_change:6 remote_merge:0 rsync:0 ts_repl:0
Dec 2 08:31:56 np0005541910 container-server[121007]: 172.20.0.103 - - [02/Dec/2025:08:31:56 +0000] "HEAD /d1/379/AUTH_497073c2347a4b2dbbf501873318fbd3/gnocchi.aa341c8a-34ae-41de-9bc1-528198dca50e" 404 - "HEAD http://172.18.0.121:8080/v1/AUTH_497073c2347a4b2dbbf501873318fbd3/gnocchi.aa341c8a-34ae-41de-9bc1-528198dca50e?format=json&states=listing" "tx59d35a3f35074aefadbe6-00692ea3fc" "proxy-server 20" 0.0012 "-" 20 0
Dec 2 08:31:56 np0005541910 container-server[121007]: 172.20.0.104 - - [02/Dec/2025:08:31:56 +0000] "HEAD /d1/34/AUTH_497073c2347a4b2dbbf501873318fbd3/gnocchi.ddf19f68-2eb0-4238-8b7a-ba139ac243ca" 404 - "HEAD http://172.18.0.121:8080/v1/AUTH_497073c2347a4b2dbbf501873318fbd3/gnocchi.ddf19f68-2eb0-4238-8b7a-ba139ac243ca?format=json&states=listing" "txf04b085127964961935ae-00692ea3fc" "proxy-server 20" 0.0006 "-" 20 0
Dec 2 08:31:56 np0005541910 object-server[121456]: 172.20.0.103 - - [02/Dec/2025:08:31:56 +0000] "GET /d1/889/AUTH_497073c2347a4b2dbbf501873318fbd3/gnocchi.aa341c8a-34ae-41de-9bc1-528198dca50e/none_v3" 404 70 "GET http://172.18.0.121:8080/v1/AUTH_497073c2347a4b2dbbf501873318fbd3/gnocchi.aa341c8a-34ae-41de-9bc1-528198dca50e/none_v3" "tx59d35a3f35074aefadbe6-00692ea3fc" "proxy-server 20" 0.0008 "-" 23 0
Dec 2 08:31:56 np0005541910 object-server[121448]: 172.20.0.104 - - [02/Dec/2025:08:31:56 +0000] "GET /d1/144/AUTH_497073c2347a4b2dbbf501873318fbd3/gnocchi.ddf19f68-2eb0-4238-8b7a-ba139ac243ca/none_v3" 404 70 "GET http://172.18.0.121:8080/v1/AUTH_497073c2347a4b2dbbf501873318fbd3/gnocchi.ddf19f68-2eb0-4238-8b7a-ba139ac243ca/none_v3" "txf04b085127964961935ae-00692ea3fc" "proxy-server 20" 0.0006 "-" 21 0
Dec 2 08:31:56 np0005541910 proxy-server[122903]: 172.18.0.105 172.18.0.104 02/Dec/2025/08/31/56 GET /v1/AUTH_497073c2347a4b2dbbf501873318fbd3/gnocchi.ddf19f68-2eb0-4238-8b7a-ba139ac243ca/none_v3 HTTP/1.0 404 - python-swiftclient-3.11.1 gAAAAABpLqO0YxeR... - 70 - txf04b085127964961935ae-00692ea3fc - 0.0373 - - 1764664316.918353081 1764664316.955687284 0
Dec 2 08:31:56 np0005541910 account-server[120940]: 172.20.0.103 - - [02/Dec/2025:08:31:56 +0000] "PUT /d1/626/AUTH_497073c2347a4b2dbbf501873318fbd3/gnocchi.aa341c8a-34ae-41de-9bc1-528198dca50e" 201 - "PUT http://172.20.0.103:6001/d1/379/AUTH_497073c2347a4b2dbbf501873318fbd3/gnocchi.aa341c8a-34ae-41de-9bc1-528198dca50e" "tx3d8e23528dc74e23bd7fa-00692ea3fc" "container-server 22" 0.0028 "-" 20 0
Dec 2 08:31:57 np0005541910 container-server[121025]: 172.20.0.105 - - [02/Dec/2025:08:31:56 +0000] "PUT /d1/379/AUTH_497073c2347a4b2dbbf501873318fbd3/gnocchi.aa341c8a-34ae-41de-9bc1-528198dca50e" 201 - "PUT http://172.18.0.121:8080/v1/AUTH_497073c2347a4b2dbbf501873318fbd3/gnocchi.aa341c8a-34ae-41de-9bc1-528198dca50e" "tx3d8e23528dc74e23bd7fa-00692ea3fc" "proxy-server 20" 0.0308 "-" 22 0
Dec 2 08:31:57 np0005541910 account-server[120940]: 172.20.0.104 - - [02/Dec/2025:08:31:57 +0000] "PUT /d1/626/AUTH_497073c2347a4b2dbbf501873318fbd3/gnocchi.ddf19f68-2eb0-4238-8b7a-ba139ac243ca" 201 - "PUT http://172.20.0.104:6001/d1/34/AUTH_497073c2347a4b2dbbf501873318fbd3/gnocchi.ddf19f68-2eb0-4238-8b7a-ba139ac243ca" "tx0f8c405563a94323ad2cb-00692ea3fc" "container-server 21" 0.0090 "-" 20 0
Dec 2 08:31:57 np0005541910 container-server[121013]: 172.20.0.103 - - [02/Dec/2025:08:31:57 +0000] "PUT /d1/34/AUTH_497073c2347a4b2dbbf501873318fbd3/gnocchi.ddf19f68-2eb0-4238-8b7a-ba139ac243ca" 201 - "PUT http://172.18.0.121:8080/v1/AUTH_497073c2347a4b2dbbf501873318fbd3/gnocchi.ddf19f68-2eb0-4238-8b7a-ba139ac243ca" "tx0f8c405563a94323ad2cb-00692ea3fc" "proxy-server 20" 0.0326 "-" 21 0
Dec 2 08:31:57 np0005541910 proxy-server[122903]: - - 02/Dec/2025/08/31/57 HEAD /v1/AUTH_497073c2347a4b2dbbf501873318fbd3/gnocchi.ddf19f68-2eb0-4238-8b7a-ba139ac243ca%3Fformat%3Djson%26states%3Dlisting HTTP/1.0 204 - Swift - - - - txeda683a3d6cd4546a3cd4-00692ea3fd - 0.0095 RL - 1764664317.015004873 1764664317.024483442 0
Dec 2 08:31:57 np0005541910 proxy-server[122903]: 172.18.0.105 172.18.0.104 02/Dec/2025/08/31/57 GET /v1/AUTH_497073c2347a4b2dbbf501873318fbd3/gnocchi.ddf19f68-2eb0-4238-8b7a-ba139ac243ca%3Fformat%3Djson%26states%3Dlisting HTTP/1.0 200 - python-swiftclient-3.11.1 gAAAAABpLqO0YxeR... - 2 - txeda683a3d6cd4546a3cd4-00692ea3fd - 0.0263 - - 1764664317.012592554 1764664317.038925409 0
Dec 2 08:31:57 np0005541910 container-server[121007]: 172.20.0.103 - - [02/Dec/2025:08:31:57 +0000] "GET /d1/379/AUTH_497073c2347a4b2dbbf501873318fbd3/gnocchi.aa341c8a-34ae-41de-9bc1-528198dca50e" 200 2 "GET http://172.18.0.121:8080/v1/AUTH_497073c2347a4b2dbbf501873318fbd3/gnocchi.aa341c8a-34ae-41de-9bc1-528198dca50e?format=json&states=listing" "txf0f5d03e0a00455789790-00692ea3fd" "proxy-server 20" 0.0044 "-" 20 0
Dec 2 08:31:57 np0005541910 object-server[121463]: 172.20.0.105 - - [02/Dec/2025:08:31:57 +0000] "GET /d1/808/AUTH_497073c2347a4b2dbbf501873318fbd3/gnocchi.ddf19f68-2eb0-4238-8b7a-ba139ac243ca/1763640000.0_mean_300.0_v3" 404 70 "GET http://172.18.0.121:8080/v1/AUTH_497073c2347a4b2dbbf501873318fbd3/gnocchi.ddf19f68-2eb0-4238-8b7a-ba139ac243ca/1763640000.0_mean_300.0_v3" "txcc25dc2677764e20838c8-00692ea3fd" "proxy-server 20" 0.0013 "-" 24 0
Dec 2 08:31:57 np0005541910 object-server[121456]: 172.20.0.104 - - [02/Dec/2025:08:31:57 +0000] "GET /d1/19/AUTH_497073c2347a4b2dbbf501873318fbd3/gnocchi.aa341c8a-34ae-41de-9bc1-528198dca50e/1763640000.0_mean_300.0_v3" 404 70 "GET http://172.18.0.121:8080/v1/AUTH_497073c2347a4b2dbbf501873318fbd3/gnocchi.aa341c8a-34ae-41de-9bc1-528198dca50e/1763640000.0_mean_300.0_v3" "tx5941e22bea4549c6af7d7-00692ea3fd" "proxy-server 20" 0.0008 "-" 23 0
Dec 2 08:31:57 np0005541910 proxy-server[122903]: 172.18.0.103 172.18.0.104 02/Dec/2025/08/31/57 GET /v1/AUTH_497073c2347a4b2dbbf501873318fbd3/gnocchi.aa341c8a-34ae-41de-9bc1-528198dca50e/1763640000.0_mean_300.0_v3 HTTP/1.0 404 - python-swiftclient-3.11.1 gAAAAABpLqP19t9Q... - 70 - tx5941e22bea4549c6af7d7-00692ea3fd - 0.0346 - - 1764664317.070042133 1764664317.104615211 0
Dec 2 08:31:57 np0005541910 container-server[121026]: 172.20.0.104 - - [02/Dec/2025:08:31:57 +0000] "PUT /d1/34/AUTH_497073c2347a4b2dbbf501873318fbd3/gnocchi.ddf19f68-2eb0-4238-8b7a-ba139ac243ca/1763640000.0_mean_300.0_v3" 201 - "PUT http://172.18.0.121:8080/d1/808/AUTH_497073c2347a4b2dbbf501873318fbd3/gnocchi.ddf19f68-2eb0-4238-8b7a-ba139ac243ca/1763640000.0_mean_300.0_v3" "txccd6741ec02648c6bc4d1-00692ea3fd" "object-server 23" 0.0011 "-" 23 0
Dec 2 08:31:57 np0005541910 object-server[121456]: 172.20.0.103 - - [02/Dec/2025:08:31:57 +0000] "PUT /d1/808/AUTH_497073c2347a4b2dbbf501873318fbd3/gnocchi.ddf19f68-2eb0-4238-8b7a-ba139ac243ca/1763640000.0_mean_300.0_v3" 201 - "PUT http://172.18.0.121:8080/v1/AUTH_497073c2347a4b2dbbf501873318fbd3/gnocchi.ddf19f68-2eb0-4238-8b7a-ba139ac243ca/1763640000.0_mean_300.0_v3" "txccd6741ec02648c6bc4d1-00692ea3fd" "proxy-server 20" 0.0309 "-" 23 0
Dec 2 08:31:57 np0005541910 container-server[121007]: 172.20.0.103 - - [02/Dec/2025:08:31:57 +0000] "PUT /d1/379/AUTH_497073c2347a4b2dbbf501873318fbd3/gnocchi.aa341c8a-34ae-41de-9bc1-528198dca50e/1763640000.0_mean_300.0_v3" 201 - "PUT http://172.18.0.121:8080/d1/19/AUTH_497073c2347a4b2dbbf501873318fbd3/gnocchi.aa341c8a-34ae-41de-9bc1-528198dca50e/1763640000.0_mean_300.0_v3" "tx4c97d928f9964b2683a0e-00692ea3fd" "object-server 23" 0.0006 "-" 20 0
Dec 2 08:31:57 np0005541910 object-server[121456]: 172.20.0.105 - - [02/Dec/2025:08:31:57 +0000] "PUT /d1/19/AUTH_497073c2347a4b2dbbf501873318fbd3/gnocchi.aa341c8a-34ae-41de-9bc1-528198dca50e/1763640000.0_mean_300.0_v3" 201 - "PUT http://172.18.0.121:8080/v1/AUTH_497073c2347a4b2dbbf501873318fbd3/gnocchi.aa341c8a-34ae-41de-9bc1-528198dca50e/1763640000.0_mean_300.0_v3" "tx4c97d928f9964b2683a0e-00692ea3fd" "proxy-server 20" 0.0149 "-" 23 0
Dec 2 08:31:57 np0005541910 container-server[121025]: 172.20.0.105 - - [02/Dec/2025:08:31:57 +0000] "PUT /d1/34/AUTH_497073c2347a4b2dbbf501873318fbd3/gnocchi.ddf19f68-2eb0-4238-8b7a-ba139ac243ca/none_v3" 201 - "PUT http://172.18.0.121:8080/d1/144/AUTH_497073c2347a4b2dbbf501873318fbd3/gnocchi.ddf19f68-2eb0-4238-8b7a-ba139ac243ca/none_v3" "tx7c6d97e8027b4196a4bb7-00692ea3fd" "object-server 24" 0.0008 "-" 22 0
Dec 2 08:31:57 np0005541910 object-server[121448]: 172.20.0.104 - - [02/Dec/2025:08:31:57 +0000] "PUT /d1/144/AUTH_497073c2347a4b2dbbf501873318fbd3/gnocchi.ddf19f68-2eb0-4238-8b7a-ba139ac243ca/none_v3" 201 - "PUT http://172.18.0.121:8080/v1/AUTH_497073c2347a4b2dbbf501873318fbd3/gnocchi.ddf19f68-2eb0-4238-8b7a-ba139ac243ca/none_v3" "tx7c6d97e8027b4196a4bb7-00692ea3fd" "proxy-server 20" 0.0217 "-" 21 0
Dec 2 08:31:57 np0005541910 proxy-server[122903]: 172.18.0.105 172.18.0.104 02/Dec/2025/08/31/57 PUT /v1/AUTH_497073c2347a4b2dbbf501873318fbd3/gnocchi.ddf19f68-2eb0-4238-8b7a-ba139ac243ca/none_v3 HTTP/1.0 201 - python-swiftclient-3.11.1 gAAAAABpLqO0YxeR... 22 - - tx7c6d97e8027b4196a4bb7-00692ea3fd - 0.0340 - - 1764664317.117846251 1764664317.151860714 0
Dec 2 08:31:57 np0005541910 container-server[121025]: 172.20.0.103 - - [02/Dec/2025:08:31:57 +0000] "PUT /d1/379/AUTH_497073c2347a4b2dbbf501873318fbd3/gnocchi.aa341c8a-34ae-41de-9bc1-528198dca50e/none_v3" 201 - "PUT http://172.18.0.121:8080/d1/889/AUTH_497073c2347a4b2dbbf501873318fbd3/gnocchi.aa341c8a-34ae-41de-9bc1-528198dca50e/none_v3" "tx96b01b343fdc46f993c24-00692ea3fd" "object-server 24" 0.0005 "-" 22 0
Dec 2 08:31:57 np0005541910 object-server[121451]: 172.20.0.103 - - [02/Dec/2025:08:31:57 +0000] "PUT /d1/889/AUTH_497073c2347a4b2dbbf501873318fbd3/gnocchi.aa341c8a-34ae-41de-9bc1-528198dca50e/none_v3" 201 - "PUT http://172.18.0.121:8080/v1/AUTH_497073c2347a4b2dbbf501873318fbd3/gnocchi.aa341c8a-34ae-41de-9bc1-528198dca50e/none_v3" "tx96b01b343fdc46f993c24-00692ea3fd" "proxy-server 20" 0.0147 "-" 22 0
Dec 2 08:31:57 np0005541910 container-server[121026]: 172.20.0.105 - - [02/Dec/2025:08:31:57 +0000] "HEAD /d1/557/AUTH_497073c2347a4b2dbbf501873318fbd3/gnocchi.8b68dd01-139f-4dc8-bcb3-91db0d82d14d" 404 - "HEAD http://172.18.0.121:8080/v1/AUTH_497073c2347a4b2dbbf501873318fbd3/gnocchi.8b68dd01-139f-4dc8-bcb3-91db0d82d14d?format=json&states=listing" "txfd4b6aae0768404b9046e-00692ea3fd" "proxy-server 20" 0.0003 "-" 23 0
Dec 2 08:31:57 np0005541910 object-server[121463]: 172.20.0.105 - - [02/Dec/2025:08:31:57 +0000] "GET /d1/174/AUTH_497073c2347a4b2dbbf501873318fbd3/gnocchi.8b68dd01-139f-4dc8-bcb3-91db0d82d14d/none_v3" 404 70 "GET http://172.18.0.121:8080/v1/AUTH_497073c2347a4b2dbbf501873318fbd3/gnocchi.8b68dd01-139f-4dc8-bcb3-91db0d82d14d/none_v3" "txfd4b6aae0768404b9046e-00692ea3fd" "proxy-server 20" 0.0004 "-" 24 0
Dec 2 08:31:57 np0005541910 container-server[121013]: 172.20.0.104 - - [02/Dec/2025:08:31:57 +0000] "HEAD /d1/499/AUTH_497073c2347a4b2dbbf501873318fbd3/gnocchi.58b99940-1fe3-45c1-9db3-3dfd3571631f" 404 - "HEAD http://172.18.0.121:8080/v1/AUTH_497073c2347a4b2dbbf501873318fbd3/gnocchi.58b99940-1fe3-45c1-9db3-3dfd3571631f?format=json&states=listing" "tx73c243cb97474d9ab9ffe-00692ea3fd" "proxy-server 20" 0.0003 "-" 21 0
Dec 2 08:31:57 np0005541910 object-server[121456]: 172.20.0.104 - - [02/Dec/2025:08:31:57 +0000] "GET /d1/522/AUTH_497073c2347a4b2dbbf501873318fbd3/gnocchi.58b99940-1fe3-45c1-9db3-3dfd3571631f/none_v3" 404 70 "GET http://172.18.0.121:8080/v1/AUTH_497073c2347a4b2dbbf501873318fbd3/gnocchi.58b99940-1fe3-45c1-9db3-3dfd3571631f/none_v3" "tx73c243cb97474d9ab9ffe-00692ea3fd" "proxy-server 20" 0.0005 "-" 23 0
Dec 2 08:31:57 np0005541910 proxy-server[122903]: 172.18.0.103 172.18.0.104 02/Dec/2025/08/31/57 GET /v1/AUTH_497073c2347a4b2dbbf501873318fbd3/gnocchi.58b99940-1fe3-45c1-9db3-3dfd3571631f/none_v3 HTTP/1.0 404 - python-swiftclient-3.11.1 gAAAAABpLqP19t9Q... - 70 - tx73c243cb97474d9ab9ffe-00692ea3fd - 0.0296 - - 1764664317.202497005 1764664317.232061625 0
Dec 2 08:31:57 np0005541910 container-server[121025]: 172.20.0.103 - - [02/Dec/2025:08:31:57 +0000] "PUT /d1/557/AUTH_497073c2347a4b2dbbf501873318fbd3/gnocchi.8b68dd01-139f-4dc8-bcb3-91db0d82d14d" 201 - "PUT http://172.18.0.121:8080/v1/AUTH_497073c2347a4b2dbbf501873318fbd3/gnocchi.8b68dd01-139f-4dc8-bcb3-91db0d82d14d" "tx44cdc3fafbea45619e19d-00692ea3fd" "proxy-server 20" 0.0188 "-" 22 0
Dec 2 08:31:57 np0005541910 account-server[120981]: 172.20.0.103 - - [02/Dec/2025:08:31:57 +0000] "PUT /d1/626/AUTH_497073c2347a4b2dbbf501873318fbd3/gnocchi.8b68dd01-139f-4dc8-bcb3-91db0d82d14d" 201 - "PUT http://172.20.0.103:6001/d1/557/AUTH_497073c2347a4b2dbbf501873318fbd3/gnocchi.8b68dd01-139f-4dc8-bcb3-91db0d82d14d" "tx44cdc3fafbea45619e19d-00692ea3fd" "container-server 21" 0.0077 "-" 22 0
Dec 2 08:31:57 np0005541910 account-server[120964]: 172.20.0.105 - - [02/Dec/2025:08:31:57 +0000] "PUT /d1/626/AUTH_497073c2347a4b2dbbf501873318fbd3/gnocchi.58b99940-1fe3-45c1-9db3-3dfd3571631f" 201 - "PUT http://172.20.0.105:6001/d1/499/AUTH_497073c2347a4b2dbbf501873318fbd3/gnocchi.58b99940-1fe3-45c1-9db3-3dfd3571631f" "tx639aff5c9fbd44869d706-00692ea3fd" "container-server 22" 0.0071 "-" 21 0
Dec 2 08:31:57 np0005541910 container-server[121026]: 172.20.0.105 - - [02/Dec/2025:08:31:57 +0000] "PUT /d1/499/AUTH_497073c2347a4b2dbbf501873318fbd3/gnocchi.58b99940-1fe3-45c1-9db3-3dfd3571631f" 201 - "PUT http://172.18.0.121:8080/v1/AUTH_497073c2347a4b2dbbf501873318fbd3/gnocchi.58b99940-1fe3-45c1-9db3-3dfd3571631f" "tx639aff5c9fbd44869d706-00692ea3fd" "proxy-server 20" 0.0212 "-" 23 0
Dec 2 08:31:57 np0005541910 container-server[121013]: 172.20.0.104 - - [02/Dec/2025:08:31:57 +0000] "HEAD /d1/557/AUTH_497073c2347a4b2dbbf501873318fbd3/gnocchi.8b68dd01-139f-4dc8-bcb3-91db0d82d14d" 204 - "HEAD http://172.18.0.121:8080/v1/AUTH_497073c2347a4b2dbbf501873318fbd3/gnocchi.8b68dd01-139f-4dc8-bcb3-91db0d82d14d?format=json&states=listing" "tx2575a535d9564f358c73e-00692ea3fd" "proxy-server 20" 0.0012 "-" 21 0
Dec 2 08:31:57 np0005541910 proxy-server[122903]: - - 02/Dec/2025/08/31/57 HEAD /v1/AUTH_497073c2347a4b2dbbf501873318fbd3/gnocchi.8b68dd01-139f-4dc8-bcb3-91db0d82d14d%3Fformat%3Djson%26states%3Dlisting HTTP/1.0 204 - Swift - - - - tx2575a535d9564f358c73e-00692ea3fd - 0.0113 RL - 1764664317.265092611 1764664317.276369333 0
Dec 2 08:31:57 np0005541910 container-server[121025]: 172.20.0.104 - - [02/Dec/2025:08:31:57 +0000] "GET /d1/557/AUTH_497073c2347a4b2dbbf501873318fbd3/gnocchi.8b68dd01-139f-4dc8-bcb3-91db0d82d14d" 200 2 "GET http://172.18.0.121:8080/v1/AUTH_497073c2347a4b2dbbf501873318fbd3/gnocchi.8b68dd01-139f-4dc8-bcb3-91db0d82d14d?format=json&states=listing" "tx2575a535d9564f358c73e-00692ea3fd" "proxy-server 20" 0.0019 "-" 22 0
Dec 2 08:31:57 np0005541910 proxy-server[122903]: 172.18.0.105 172.18.0.104 02/Dec/2025/08/31/57 GET /v1/AUTH_497073c2347a4b2dbbf501873318fbd3/gnocchi.8b68dd01-139f-4dc8-bcb3-91db0d82d14d%3Fformat%3Djson%26states%3Dlisting HTTP/1.0 200 - python-swiftclient-3.11.1 gAAAAABpLqO0YxeR... - 2 - tx2575a535d9564f358c73e-00692ea3fd - 0.0286 - - 1764664317.262139082 1764664317.290722609 0
