Dec 2 08:28:25 np0005541909 account-server[123686]: Attempted to replicate 0 dbs in 0.00163 seconds (0.00000/s)
Dec 2 08:28:25 np0005541909 account-server[123686]: Removed 0 dbs
Dec 2 08:28:25 np0005541909 account-server[123686]: 0 successes, 0 failures
Dec 2 08:28:25 np0005541909 account-server[123686]: diff:0 diff_capped:0 empty:0 hashmatch:0 no_change:0 remote_merge:0 rsync:0 ts_repl:0
Dec 2 08:28:29 np0005541909 container-server[123759]: Beginning replication run
Dec 2 08:28:29 np0005541909 container-server[123759]: Replication run OVER
Dec 2 08:28:29 np0005541909 container-server[123759]: Attempted to replicate 0 dbs in 0.00265 seconds (0.00000/s)
Dec 2 08:28:29 np0005541909 container-server[123759]: Removed 0 dbs
Dec 2 08:28:29 np0005541909 container-server[123759]: 0 successes, 0 failures
Dec 2 08:28:29 np0005541909 container-server[123759]: diff:0 diff_capped:0 empty:0 hashmatch:0 no_change:0 remote_merge:0 rsync:0 ts_repl:0
Dec 2 08:28:49 np0005541909 object-server[124297]: Starting object replication pass.
Dec 2 08:28:49 np0005541909 object-server[124297]: Nothing replicated for 0.00445866584777832 seconds.
Dec 2 08:28:49 np0005541909 object-server[124297]: Object replication complete. (0.00 minutes)
Dec 2 08:28:51 np0005541909 object-server[196504]: Begin object audit "forever" mode (ZBF)
Dec 2 08:28:51 np0005541909 object-server[196504]: Object audit (ZBF) "forever" mode completed: 0.00s. Total quarantined: 0, Total errors: 0, Total files/sec: 0.00, Total bytes/sec: 0.00, Auditing time: 0.00, Rate: 0.00
Dec 2 08:28:55 np0005541909 account-server[123686]: Beginning replication run
Dec 2 08:28:55 np0005541909 account-server[123686]: Replication run OVER
Dec 2 08:28:55 np0005541909 account-server[123686]: Attempted to replicate 0 dbs in 0.00179 seconds (0.00000/s)
Dec 2 08:28:55 np0005541909 account-server[123686]: Removed 0 dbs
Dec 2 08:28:55 np0005541909 account-server[123686]: 0 successes, 0 failures
Dec 2 08:28:55 np0005541909 account-server[123686]: diff:0 diff_capped:0 empty:0 hashmatch:0 no_change:0 remote_merge:0 rsync:0 ts_repl:0
Dec 2 08:28:58 np0005541909 account-server[124108]: 172.20.0.105 - - [02/Dec/2025:08:28:58 +0000] "HEAD /d1/813/.expiring_objects" 404 - "HEAD http://localhost/v1/.expiring_objects?format=json" "txc37de35bbec34308b30d3-00692ea34a" "proxy-server 2" 0.0010 "-" 21 -
Dec 2 08:28:59 np0005541909 container-server[123759]: Beginning replication run
Dec 2 08:28:59 np0005541909 container-server[123759]: Replication run OVER
Dec 2 08:28:59 np0005541909 container-server[123759]: Attempted to replicate 0 dbs in 0.00137 seconds (0.00000/s)
Dec 2 08:28:59 np0005541909 container-server[123759]: Removed 0 dbs
Dec 2 08:28:59 np0005541909 container-server[123759]: 0 successes, 0 failures
Dec 2 08:28:59 np0005541909 container-server[123759]: diff:0 diff_capped:0 empty:0 hashmatch:0 no_change:0 remote_merge:0 rsync:0 ts_repl:0
Dec 2 08:29:19 np0005541909 object-server[124297]: Starting object replication pass.
Dec 2 08:29:19 np0005541909 object-server[124297]: Nothing replicated for 0.002168893814086914 seconds.
Dec 2 08:29:19 np0005541909 object-server[124297]: Object replication complete. (0.00 minutes)
Dec 2 08:29:21 np0005541909 object-server[202618]: Begin object audit "forever" mode (ZBF)
Dec 2 08:29:21 np0005541909 object-server[202618]: Object audit (ZBF) "forever" mode completed: 0.00s. Total quarantined: 0, Total errors: 0, Total files/sec: 0.00, Total bytes/sec: 0.00, Auditing time: 0.00, Rate: 0.00
Dec 2 08:29:21 np0005541909 object-server[202619]: Begin object audit "forever" mode (ALL)
Dec 2 08:29:21 np0005541909 object-server[202619]: Object audit (ALL) "forever" mode completed: 0.00s. Total quarantined: 0, Total errors: 0, Total files/sec: 0.00, Total bytes/sec: 0.00, Auditing time: 0.00, Rate: 0.00
Dec 2 08:29:25 np0005541909 account-server[123686]: Beginning replication run
Dec 2 08:29:25 np0005541909 account-server[123686]: Replication run OVER
Dec 2 08:29:25 np0005541909 account-server[123686]: Attempted to replicate 0 dbs in 0.00289 seconds (0.00000/s)
Dec 2 08:29:25 np0005541909 account-server[123686]: Removed 0 dbs
Dec 2 08:29:25 np0005541909 account-server[123686]: 0 successes, 0 failures
Dec 2 08:29:25 np0005541909 account-server[123686]: diff:0 diff_capped:0 empty:0 hashmatch:0 no_change:0 remote_merge:0 rsync:0 ts_repl:0
Dec 2 08:29:25 np0005541909 account-server[123243]: Begin account audit pass.
Dec 2 08:29:29 np0005541909 container-server[123759]: Beginning replication run
Dec 2 08:29:29 np0005541909 container-server[123759]: Replication run OVER
Dec 2 08:29:29 np0005541909 container-server[123759]: Attempted to replicate 0 dbs in 0.00152 seconds (0.00000/s)
Dec 2 08:29:29 np0005541909 container-server[123759]: Removed 0 dbs
Dec 2 08:29:29 np0005541909 container-server[123759]: 0 successes, 0 failures
Dec 2 08:29:29 np0005541909 container-server[123759]: diff:0 diff_capped:0 empty:0 hashmatch:0 no_change:0 remote_merge:0 rsync:0 ts_repl:0
Dec 2 08:29:44 np0005541909 account-server[124108]: 172.20.0.105 - - [02/Dec/2025:08:29:44 +0000] "HEAD /d1/813/.expiring_objects" 404 - "HEAD http://localhost/v1/.expiring_objects?format=json" "txa709359a0e9f476a99813-00692ea378" "proxy-server 2" 0.0006 "-" 21 -
Dec 2 08:29:49 np0005541909 object-server[124297]: Starting object replication pass.
Dec 2 08:29:49 np0005541909 object-server[124297]: Nothing replicated for 0.004233360290527344 seconds.
Dec 2 08:29:49 np0005541909 object-server[124297]: Object replication complete. (0.00 minutes)
Dec 2 08:29:51 np0005541909 object-server[202620]: Begin object audit "forever" mode (ZBF)
Dec 2 08:29:51 np0005541909 object-server[202620]: Object audit (ZBF) "forever" mode completed: 0.00s. Total quarantined: 0, Total errors: 0, Total files/sec: 0.00, Total bytes/sec: 0.00, Auditing time: 0.00, Rate: 0.00
Dec 2 08:29:55 np0005541909 account-server[123686]: Beginning replication run
Dec 2 08:29:55 np0005541909 account-server[123686]: Replication run OVER
Dec 2 08:29:55 np0005541909 account-server[123686]: Attempted to replicate 0 dbs in 0.00107 seconds (0.00000/s)
Dec 2 08:29:55 np0005541909 account-server[123686]: Removed 0 dbs
Dec 2 08:29:55 np0005541909 account-server[123686]: 0 successes, 0 failures
Dec 2 08:29:55 np0005541909 account-server[123686]: diff:0 diff_capped:0 empty:0 hashmatch:0 no_change:0 remote_merge:0 rsync:0 ts_repl:0
Dec 2 08:29:56 np0005541909 account-server[124133]: 172.20.0.104 - - [02/Dec/2025:08:29:56 +0000] "HEAD /d1/813/.expiring_objects" 404 - "HEAD http://localhost/v1/.expiring_objects?format=json" "txd540ae72eaaa4c0390848-00692ea384" "proxy-server 2" 0.0007 "-" 23 -
Dec 2 08:29:59 np0005541909 container-server[123759]: Beginning replication run
Dec 2 08:29:59 np0005541909 container-server[123759]: Replication run OVER
Dec 2 08:29:59 np0005541909 container-server[123759]: Attempted to replicate 0 dbs in 0.00136 seconds (0.00000/s)
Dec 2 08:29:59 np0005541909 container-server[123759]: Removed 0 dbs
Dec 2 08:29:59 np0005541909 container-server[123759]: 0 successes, 0 failures
Dec 2 08:29:59 np0005541909 container-server[123759]: diff:0 diff_capped:0 empty:0 hashmatch:0 no_change:0 remote_merge:0 rsync:0 ts_repl:0
Dec 2 08:30:19 np0005541909 object-server[124297]: Starting object replication pass.
Dec 2 08:30:19 np0005541909 object-server[124297]: Nothing replicated for 0.002914905548095703 seconds.
Dec 2 08:30:19 np0005541909 object-server[124297]: Object replication complete. (0.00 minutes)
Dec 2 08:30:21 np0005541909 object-server[208401]: Begin object audit "forever" mode (ZBF)
Dec 2 08:30:21 np0005541909 object-server[208401]: Object audit (ZBF) "forever" mode completed: 0.00s. Total quarantined: 0, Total errors: 0, Total files/sec: 0.00, Total bytes/sec: 0.00, Auditing time: 0.00, Rate: 0.00
Dec 2 08:30:21 np0005541909 object-server[208402]: Begin object audit "forever" mode (ALL)
Dec 2 08:30:21 np0005541909 object-server[208402]: Object audit (ALL) "forever" mode completed: 0.00s. Total quarantined: 0, Total errors: 0, Total files/sec: 0.00, Total bytes/sec: 0.00, Auditing time: 0.00, Rate: 0.00
Dec 2 08:30:25 np0005541909 account-server[123686]: Beginning replication run
Dec 2 08:30:25 np0005541909 account-server[123686]: Replication run OVER
Dec 2 08:30:25 np0005541909 account-server[123686]: Attempted to replicate 0 dbs in 0.00189 seconds (0.00000/s)
Dec 2 08:30:25 np0005541909 account-server[123686]: Removed 0 dbs
Dec 2 08:30:25 np0005541909 account-server[123686]: 0 successes, 0 failures
Dec 2 08:30:25 np0005541909 account-server[123686]: diff:0 diff_capped:0 empty:0 hashmatch:0 no_change:0 remote_merge:0 rsync:0 ts_repl:0
Dec 2 08:30:29 np0005541909 container-server[123759]: Beginning replication run
Dec 2 08:30:29 np0005541909 container-server[123759]: Replication run OVER
Dec 2 08:30:29 np0005541909 container-server[123759]: Attempted to replicate 0 dbs in 0.00162 seconds (0.00000/s)
Dec 2 08:30:29 np0005541909 container-server[123759]: Removed 0 dbs
Dec 2 08:30:29 np0005541909 container-server[123759]: 0 successes, 0 failures
Dec 2 08:30:29 np0005541909 container-server[123759]: diff:0 diff_capped:0 empty:0 hashmatch:0 no_change:0 remote_merge:0 rsync:0 ts_repl:0
Dec 2 08:30:44 np0005541909 account-server[124093]: 172.20.0.103 - - [02/Dec/2025:08:30:44 +0000] "HEAD /d1/626/AUTH_497073c2347a4b2dbbf501873318fbd3" 404 - "HEAD http://172.18.0.121:8080/v1/AUTH_497073c2347a4b2dbbf501873318fbd3?format=json" "tx235824a5f7604fb9aee03-00692ea3b4" "proxy-server 20" 0.0006 "-" 20 -
Dec 2 08:30:44 np0005541909 proxy-server[125882]: - - 02/Dec/2025/08/30/44 HEAD /v1/AUTH_497073c2347a4b2dbbf501873318fbd3%3Fformat%3Djson HTTP/1.0 200 - Swift - - - - tx235824a5f7604fb9aee03-00692ea3b4 - 0.0248 RL - 1764664244.804853201 1764664244.829687834 -
Dec 2 08:30:45 np0005541909 object-server[124630]: 172.20.0.103 - - [02/Dec/2025:08:30:45 +0000] "GET /d1/113/AUTH_497073c2347a4b2dbbf501873318fbd3/gnocchi.3dc0d1a9-e1cc-494d-8b4a-cd1ce36d370f/none_v3" 404 70 "GET http://172.18.0.121:8080/v1/AUTH_497073c2347a4b2dbbf501873318fbd3/gnocchi.3dc0d1a9-e1cc-494d-8b4a-cd1ce36d370f/none_v3" "tx235824a5f7604fb9aee03-00692ea3b4" "proxy-server 20" 0.0014 "-" 23 0
Dec 2 08:30:45 np0005541909 proxy-server[125882]: 172.18.0.105 172.18.0.104 02/Dec/2025/08/30/45 GET /v1/AUTH_497073c2347a4b2dbbf501873318fbd3/gnocchi.3dc0d1a9-e1cc-494d-8b4a-cd1ce36d370f/none_v3 HTTP/1.0 404 - python-swiftclient-3.11.1 gAAAAABpLqO0YxeR... - 70 - tx235824a5f7604fb9aee03-00692ea3b4 - 0.6177 - - 1764664244.799190760 1764664245.416867256 0
Dec 2 08:30:45 np0005541909 account-server[124112]: 172.20.0.104 - - [02/Dec/2025:08:30:45 +0000] "PUT /d1/626/AUTH_497073c2347a4b2dbbf501873318fbd3" 201 - "-" "txb95e4b3568fb4f779673e-00692ea3b5" "-" 0.0148 "-" 22 -
Dec 2 08:30:45 np0005541909 account-server[124112]: 172.20.0.104 - - [02/Dec/2025:08:30:45 +0000] "HEAD /d1/626/AUTH_497073c2347a4b2dbbf501873318fbd3" 204 - "HEAD http://172.18.0.121:8080/v1/AUTH_497073c2347a4b2dbbf501873318fbd3?format=json" "txb95e4b3568fb4f779673e-00692ea3b5" "proxy-server 20" 0.0018 "-" 22 -
Dec 2 08:30:45 np0005541909 account-server[124112]: 172.20.0.103 - - [02/Dec/2025:08:30:45 +0000] "HEAD /d1/813/.expiring_objects" 404 - "HEAD http://localhost/v1/.expiring_objects?format=json" "tx90c0b46767cb4a70bac29-00692ea3b5" "proxy-server 2" 0.0003 "-" 22 -
Dec 2 08:30:45 np0005541909 object-expirer[124420]: Pass completed in 0s; 0 objects expired (txn: tx90c0b46767cb4a70bac29-00692ea3b5)
Dec 2 08:30:45 np0005541909 account-server[124093]: 172.20.0.104 - - [02/Dec/2025:08:30:45 +0000] "PUT /d1/626/AUTH_497073c2347a4b2dbbf501873318fbd3/gnocchi.3dc0d1a9-e1cc-494d-8b4a-cd1ce36d370f" 201 - "PUT http://172.20.0.104:6001/d1/23/AUTH_497073c2347a4b2dbbf501873318fbd3/gnocchi.3dc0d1a9-e1cc-494d-8b4a-cd1ce36d370f" "txb95e4b3568fb4f779673e-00692ea3b5" "container-server 21" 0.0026 "-" 20 0
Dec 2 08:30:45 np0005541909 container-server[124293]: 172.20.0.104 - - [02/Dec/2025:08:30:45 +0000] "PUT /d1/23/AUTH_497073c2347a4b2dbbf501873318fbd3/gnocchi.3dc0d1a9-e1cc-494d-8b4a-cd1ce36d370f" 201 - "PUT http://172.18.0.121:8080/v1/AUTH_497073c2347a4b2dbbf501873318fbd3/gnocchi.3dc0d1a9-e1cc-494d-8b4a-cd1ce36d370f" "txb95e4b3568fb4f779673e-00692ea3b5" "proxy-server 20" 0.0217 "-" 21 0
Dec 2 08:30:45 np0005541909 object-server[124630]: 172.20.0.103 - - [02/Dec/2025:08:30:45 +0000] "GET /d1/318/AUTH_497073c2347a4b2dbbf501873318fbd3/gnocchi.3dc0d1a9-e1cc-494d-8b4a-cd1ce36d370f/1763640000.0_mean_300.0_v3" 404 70 "GET http://172.18.0.121:8080/v1/AUTH_497073c2347a4b2dbbf501873318fbd3/gnocchi.3dc0d1a9-e1cc-494d-8b4a-cd1ce36d370f/1763640000.0_mean_300.0_v3" "tx64c078f561e1406ca3bf4-00692ea3b5" "proxy-server 20" 0.0005 "-" 23 0
Dec 2 08:30:45 np0005541909 proxy-server[125882]: 172.18.0.105 172.18.0.104 02/Dec/2025/08/30/45 GET /v1/AUTH_497073c2347a4b2dbbf501873318fbd3/gnocchi.3dc0d1a9-e1cc-494d-8b4a-cd1ce36d370f/1763640000.0_mean_300.0_v3 HTTP/1.0 404 - python-swiftclient-3.11.1 gAAAAABpLqO0YxeR... - 70 - tx64c078f561e1406ca3bf4-00692ea3b5 - 0.0198 - - 1764664245.540846825 1764664245.560694695 0
Dec 2 08:30:45 np0005541909 object-server[124628]: 172.20.0.104 - - [02/Dec/2025:08:30:45 +0000] "PUT /d1/318/AUTH_497073c2347a4b2dbbf501873318fbd3/gnocchi.3dc0d1a9-e1cc-494d-8b4a-cd1ce36d370f/1763640000.0_mean_300.0_v3" 201 - "PUT http://172.18.0.121:8080/v1/AUTH_497073c2347a4b2dbbf501873318fbd3/gnocchi.3dc0d1a9-e1cc-494d-8b4a-cd1ce36d370f/1763640000.0_mean_300.0_v3" "tx27dd4bad642d41bba46f1-00692ea3b5" "proxy-server 20" 0.0336 "-" 22 0
Dec 2 08:30:45 np0005541909 container-server[124282]: 172.20.0.105 - - [02/Dec/2025:08:30:45 +0000] "PUT /d1/23/AUTH_497073c2347a4b2dbbf501873318fbd3/gnocchi.3dc0d1a9-e1cc-494d-8b4a-cd1ce36d370f/1763640000.0_mean_300.0_v3" 201 - "PUT http://172.18.0.121:8080/d1/318/AUTH_497073c2347a4b2dbbf501873318fbd3/gnocchi.3dc0d1a9-e1cc-494d-8b4a-cd1ce36d370f/1763640000.0_mean_300.0_v3" "tx27dd4bad642d41bba46f1-00692ea3b5" "object-server 22" 0.0018 "-" 20 0
Dec 2 08:30:45 np0005541909 container-server[124293]: 172.20.0.105 - - [02/Dec/2025:08:30:45 +0000] "PUT /d1/23/AUTH_497073c2347a4b2dbbf501873318fbd3/gnocchi.3dc0d1a9-e1cc-494d-8b4a-cd1ce36d370f/none_v3" 201 - "PUT http://172.18.0.121:8080/d1/113/AUTH_497073c2347a4b2dbbf501873318fbd3/gnocchi.3dc0d1a9-e1cc-494d-8b4a-cd1ce36d370f/none_v3" "tx7262f70061c947a0a7e0a-00692ea3b5" "object-server 22" 0.0010 "-" 21 0
Dec 2 08:30:45 np0005541909 object-server[124633]: 172.20.0.105 - - [02/Dec/2025:08:30:45 +0000] "PUT /d1/113/AUTH_497073c2347a4b2dbbf501873318fbd3/gnocchi.3dc0d1a9-e1cc-494d-8b4a-cd1ce36d370f/none_v3" 201 - "PUT http://172.18.0.121:8080/v1/AUTH_497073c2347a4b2dbbf501873318fbd3/gnocchi.3dc0d1a9-e1cc-494d-8b4a-cd1ce36d370f/none_v3" "tx7262f70061c947a0a7e0a-00692ea3b5" "proxy-server 20" 0.0340 "-" 24 0
Dec 2 08:30:49 np0005541909 object-server[124297]: Starting object replication pass.
Dec 2 08:30:49 np0005541909 object-server[124297]: 2/2 (100.00%) partitions replicated in 0.10s (20.24/sec, 0s remaining)
Dec 2 08:30:49 np0005541909 object-server[124297]: 4 successes, 0 failures
Dec 2 08:30:49 np0005541909 object-server[124297]: 2 suffixes checked - 100.00% hashed, 0.00% synced
Dec 2 08:30:49 np0005541909 object-server[124297]: Partition times: max 0.0533s, min 0.0409s, med 0.0533s
Dec 2 08:30:49 np0005541909 object-server[124297]: Object replication complete. (0.00 minutes)
Dec 2 08:30:51 np0005541909 object-server[211651]: Begin object audit "forever" mode (ALL)
Dec 2 08:30:51 np0005541909 object-server[211651]: Object audit (ALL). Since Tue Dec 2 08:30:51 2025: Locally: 1 passed, 0 quarantined, 0 errors, files/sec: 152.15, bytes/sec: 2434.39, Total time: 0.01, Auditing time: 0.00, Rate: 0.00
Dec 2 08:30:51 np0005541909 object-server[211650]: Begin object audit "forever" mode (ZBF)
Dec 2 08:30:51 np0005541909 object-server[211650]: Object audit (ZBF). Since Tue Dec 2 08:30:51 2025: Locally: 1 passed, 0 quarantined, 0 errors, files/sec: 648.07, bytes/sec: 0.00, Total time: 0.00, Auditing time: 0.00, Rate: 0.00
Dec 2 08:30:51 np0005541909 object-server[211651]: Object audit (ALL) "forever" mode completed: 0.01s. Total quarantined: 0, Total errors: 0, Total files/sec: 175.47, Total bytes/sec: 3333.90, Auditing time: 0.01, Rate: 0.76
Dec 2 08:30:51 np0005541909 object-server[211650]: Object audit (ZBF) "forever" mode completed: 0.00s. Total quarantined: 0, Total errors: 0, Total files/sec: 619.77, Total bytes/sec: 0.00, Auditing time: 0.00, Rate: 0.29
Dec 2 08:30:55 np0005541909 account-server[123686]: Beginning replication run
Dec 2 08:30:55 np0005541909 account-server[123686]: Replication run OVER
Dec 2 08:30:55 np0005541909 account-server[123686]: Attempted to replicate 1 dbs in 0.03655 seconds (27.35628/s)
Dec 2 08:30:55 np0005541909 account-server[123686]: Removed 0 dbs
Dec 2 08:30:55 np0005541909 account-server[123686]: 2 successes, 0 failures
Dec 2 08:30:55 np0005541909 account-server[123686]: diff:0 diff_capped:0 empty:0 hashmatch:0 no_change:2 remote_merge:0 rsync:0 ts_repl:0
Dec 2 08:30:59 np0005541909 container-server[123759]: Beginning replication run
Dec 2 08:30:59 np0005541909 container-server[123759]: Replication run OVER
Dec 2 08:30:59 np0005541909 container-server[123759]: Attempted to replicate 1 dbs in 0.02947 seconds (33.93109/s)
Dec 2 08:30:59 np0005541909 container-server[123759]: Removed 0 dbs
Dec 2 08:30:59 np0005541909 container-server[123759]: 2 successes, 0 failures
Dec 2 08:30:59 np0005541909 container-server[123759]: diff:0 diff_capped:0 empty:0 hashmatch:0 no_change:2 remote_merge:0 rsync:0 ts_repl:0
Dec 2 08:31:14 np0005541909 proxy-server[125882]: 172.18.0.105 172.18.0.104 02/Dec/2025/08/31/14 GET /v1/AUTH_497073c2347a4b2dbbf501873318fbd3/gnocchi.3dc0d1a9-e1cc-494d-8b4a-cd1ce36d370f/none_v3 HTTP/1.0 200 - python-swiftclient-3.11.1 gAAAAABpLqO0YxeR... - 22 - tx148cc855bf984043aa9d3-00692ea3d2 - 0.0225 - - 1764664274.463572502 1764664274.486025572 0
Dec 2 08:31:14 np0005541909 container-server[124303]: 172.20.0.104 - - [02/Dec/2025:08:31:14 +0000] "GET /d1/23/AUTH_497073c2347a4b2dbbf501873318fbd3/gnocchi.3dc0d1a9-e1cc-494d-8b4a-cd1ce36d370f" 200 357 "GET http://172.18.0.121:8080/v1/AUTH_497073c2347a4b2dbbf501873318fbd3/gnocchi.3dc0d1a9-e1cc-494d-8b4a-cd1ce36d370f?format=json&states=listing" "tx8dde92c2dc344fdcb76f7-00692ea3d2" "proxy-server 20" 0.0078 "-" 23 0
Dec 2 08:31:14 np0005541909 container-server[124303]: 172.20.0.105 - - [02/Dec/2025:08:31:14 +0000] "GET /d1/23/AUTH_497073c2347a4b2dbbf501873318fbd3/gnocchi.3dc0d1a9-e1cc-494d-8b4a-cd1ce36d370f" 200 2 "GET http://172.18.0.121:8080/v1/AUTH_497073c2347a4b2dbbf501873318fbd3/gnocchi.3dc0d1a9-e1cc-494d-8b4a-cd1ce36d370f?format=json&marker=none_v3&states=listing" "txbd5b180e7a04462db2097-00692ea3d2" "proxy-server 20" 0.0043 "-" 23 0
Dec 2 08:31:14 np0005541909 object-server[124628]: 172.20.0.103 - - [02/Dec/2025:08:31:14 +0000] "GET /d1/318/AUTH_497073c2347a4b2dbbf501873318fbd3/gnocchi.3dc0d1a9-e1cc-494d-8b4a-cd1ce36d370f/1763640000.0_mean_300.0_v3" 200 16 "GET http://172.18.0.121:8080/v1/AUTH_497073c2347a4b2dbbf501873318fbd3/gnocchi.3dc0d1a9-e1cc-494d-8b4a-cd1ce36d370f/1763640000.0_mean_300.0_v3" "tx7bc39ef597a64b3082718-00692ea3d2" "proxy-server 20" 0.0017 "-" 22 0
Dec 2 08:31:14 np0005541909 proxy-server[125882]: 172.18.0.105 172.18.0.104 02/Dec/2025/08/31/14 GET /v1/AUTH_497073c2347a4b2dbbf501873318fbd3/gnocchi.3dc0d1a9-e1cc-494d-8b4a-cd1ce36d370f/1763640000.0_mean_300.0_v3 HTTP/1.0 200 - python-swiftclient-3.11.1 gAAAAABpLqO0YxeR... - 16 - tx7bc39ef597a64b3082718-00692ea3d2 - 0.0121 - - 1764664274.541836739 1764664274.553923845 0
Dec 2 08:31:14 np0005541909 container-server[124300]: 172.20.0.105 - - [02/Dec/2025:08:31:14 +0000] "PUT /d1/23/AUTH_497073c2347a4b2dbbf501873318fbd3/gnocchi.3dc0d1a9-e1cc-494d-8b4a-cd1ce36d370f/1763640000.0_mean_300.0_v3" 201 - "PUT http://172.18.0.121:8080/d1/318/AUTH_497073c2347a4b2dbbf501873318fbd3/gnocchi.3dc0d1a9-e1cc-494d-8b4a-cd1ce36d370f/1763640000.0_mean_300.0_v3" "tx252177d2c5a744c3b5e6d-00692ea3d2" "object-server 22" 0.0011 "-" 22 0
Dec 2 08:31:14 np0005541909 object-server[124630]: 172.20.0.104 - - [02/Dec/2025:08:31:14 +0000] "PUT /d1/318/AUTH_497073c2347a4b2dbbf501873318fbd3/gnocchi.3dc0d1a9-e1cc-494d-8b4a-cd1ce36d370f/1763640000.0_mean_300.0_v3" 201 - "PUT http://172.18.0.121:8080/v1/AUTH_497073c2347a4b2dbbf501873318fbd3/gnocchi.3dc0d1a9-e1cc-494d-8b4a-cd1ce36d370f/1763640000.0_mean_300.0_v3" "tx252177d2c5a744c3b5e6d-00692ea3d2" "proxy-server 20" 0.0366 "-" 23 0
Dec 2 08:31:14 np0005541909 container-server[124282]: 172.20.0.103 - - [02/Dec/2025:08:31:14 +0000] "PUT /d1/23/AUTH_497073c2347a4b2dbbf501873318fbd3/gnocchi.3dc0d1a9-e1cc-494d-8b4a-cd1ce36d370f/none_v3" 201 - "PUT http://172.18.0.121:8080/d1/113/AUTH_497073c2347a4b2dbbf501873318fbd3/gnocchi.3dc0d1a9-e1cc-494d-8b4a-cd1ce36d370f/none_v3" "tx13711c919c96480f8f395-00692ea3d2" "object-server 25" 0.0006 "-" 20 0
Dec 2 08:31:14 np0005541909 object-server[124636]: 172.20.0.105 - - [02/Dec/2025:08:31:14 +0000] "PUT /d1/113/AUTH_497073c2347a4b2dbbf501873318fbd3/gnocchi.3dc0d1a9-e1cc-494d-8b4a-cd1ce36d370f/none_v3" 201 - "PUT http://172.18.0.121:8080/v1/AUTH_497073c2347a4b2dbbf501873318fbd3/gnocchi.3dc0d1a9-e1cc-494d-8b4a-cd1ce36d370f/none_v3" "tx13711c919c96480f8f395-00692ea3d2" "proxy-server 20" 0.0274 "-" 25 0
Dec 2 08:31:19 np0005541909 object-server[124297]: Starting object replication pass.
Dec 2 08:31:19 np0005541909 object-server[124297]: 2/2 (100.00%) partitions replicated in 0.07s (27.02/sec, 0s remaining)
Dec 2 08:31:19 np0005541909 object-server[124297]: 4 successes, 0 failures
Dec 2 08:31:19 np0005541909 object-server[124297]: 2 suffixes checked - 100.00% hashed, 0.00% synced
Dec 2 08:31:19 np0005541909 object-server[124297]: Partition times: max 0.0391s, min 0.0306s, med 0.0391s
Dec 2 08:31:19 np0005541909 object-server[124297]: Object replication complete. (0.00 minutes)
Dec 2 08:31:21 np0005541909 object-server[211653]: Begin object audit "forever" mode (ZBF)
Dec 2 08:31:21 np0005541909 object-server[211653]: Object audit (ZBF). Since Tue Dec 2 08:31:21 2025: Locally: 1 passed, 0 quarantined, 0 errors, files/sec: 432.49, bytes/sec: 0.00, Total time: 0.00, Auditing time: 0.00, Rate: 0.00
Dec 2 08:31:21 np0005541909 object-server[211653]: Object audit (ZBF) "forever" mode completed: 0.01s. Total quarantined: 0, Total errors: 0, Total files/sec: 373.36, Total bytes/sec: 0.00, Auditing time: 0.00, Rate: 0.32
Dec 2 08:31:25 np0005541909 account-server[123686]: Beginning replication run
Dec 2 08:31:25 np0005541909 account-server[123686]: Replication run OVER
Dec 2 08:31:25 np0005541909 account-server[123686]: Attempted to replicate 1 dbs in 0.02067 seconds (48.38758/s)
Dec 2 08:31:25 np0005541909 account-server[123686]: Removed 0 dbs
Dec 2 08:31:25 np0005541909 account-server[123686]: 2 successes, 0 failures
Dec 2 08:31:25 np0005541909 account-server[123686]: diff:0 diff_capped:0 empty:0 hashmatch:0 no_change:2 remote_merge:0 rsync:0 ts_repl:0
Dec 2 08:31:29 np0005541909 container-server[123759]: Beginning replication run
Dec 2 08:31:29 np0005541909 container-server[123759]: Replication run OVER
Dec 2 08:31:29 np0005541909 container-server[123759]: Attempted to replicate 1 dbs in 0.03318 seconds (30.13660/s)
Dec 2 08:31:29 np0005541909 container-server[123759]: Removed 0 dbs
Dec 2 08:31:29 np0005541909 container-server[123759]: 2 successes, 0 failures
Dec 2 08:31:29 np0005541909 container-server[123759]: diff:0 diff_capped:0 empty:0 hashmatch:0 no_change:2 remote_merge:0 rsync:0 ts_repl:0
Dec 2 08:31:30 np0005541909 account-server[124112]: 172.20.0.105 - - [02/Dec/2025:08:31:30 +0000] "HEAD /d1/813/.expiring_objects" 404 - "HEAD http://localhost/v1/.expiring_objects?format=json" "tx7dc119a82e184ae5a3cea-00692ea3e2" "proxy-server 2" 0.0006 "-" 22 -
Dec 2 08:31:48 np0005541909 account-server[124093]: 172.20.0.103 - - [02/Dec/2025:08:31:48 +0000] "HEAD /d1/626/AUTH_497073c2347a4b2dbbf501873318fbd3" 204 - "HEAD http://172.18.0.121:8080/v1/AUTH_497073c2347a4b2dbbf501873318fbd3?format=json" "txa90dc5896801474ba4266-00692ea3f4" "proxy-server 20" 0.0032 "-" 20 -
Dec 2 08:31:48 np0005541909 proxy-server[125882]: - - 02/Dec/2025/08/31/48 HEAD /v1/AUTH_497073c2347a4b2dbbf501873318fbd3%3Fformat%3Djson HTTP/1.0 204 - Swift - - - - txa90dc5896801474ba4266-00692ea3f4 - 0.0122 RL - 1764664308.923532009 1764664308.935753584 -
Dec 2 08:31:48 np0005541909 container-server[124282]: 172.20.0.103 - - [02/Dec/2025:08:31:48 +0000] "HEAD /d1/50/AUTH_497073c2347a4b2dbbf501873318fbd3/gnocchi.63897728-c6fe-45f1-9592-f9328b3109ed" 404 - "HEAD http://172.18.0.121:8080/v1/AUTH_497073c2347a4b2dbbf501873318fbd3/gnocchi.63897728-c6fe-45f1-9592-f9328b3109ed?format=json&states=listing" "txa90dc5896801474ba4266-00692ea3f4" "proxy-server 20" 0.0012 "-" 20 0
Dec 2 08:31:49 np0005541909 object-server[124630]: 172.20.0.103 - - [02/Dec/2025:08:31:49 +0000] "GET /d1/519/AUTH_497073c2347a4b2dbbf501873318fbd3/gnocchi.63897728-c6fe-45f1-9592-f9328b3109ed/none_v3" 404 70 "GET http://172.18.0.121:8080/v1/AUTH_497073c2347a4b2dbbf501873318fbd3/gnocchi.63897728-c6fe-45f1-9592-f9328b3109ed/none_v3" "txa90dc5896801474ba4266-00692ea3f4" "proxy-server 20" 0.0006 "-" 23 0
Dec 2 08:31:49 np0005541909 proxy-server[125882]: 172.18.0.105 172.18.0.104 02/Dec/2025/08/31/49 GET /v1/AUTH_497073c2347a4b2dbbf501873318fbd3/gnocchi.63897728-c6fe-45f1-9592-f9328b3109ed/none_v3 HTTP/1.0 404 - python-swiftclient-3.11.1 gAAAAABpLqO0YxeR... - 70 - txa90dc5896801474ba4266-00692ea3f4 - 0.0929 - - 1764664308.921313763 1764664309.014206648 0
Dec 2 08:31:49 np0005541909 account-server[124108]: 172.20.0.105 - - [02/Dec/2025:08:31:49 +0000] "PUT /d1/626/AUTH_497073c2347a4b2dbbf501873318fbd3/gnocchi.63897728-c6fe-45f1-9592-f9328b3109ed" 201 - "PUT http://172.20.0.105:6001/d1/50/AUTH_497073c2347a4b2dbbf501873318fbd3/gnocchi.63897728-c6fe-45f1-9592-f9328b3109ed" "tx9cc7832298f0457e90ab1-00692ea3f5" "container-server 21" 0.0026 "-" 21 0
Dec 2 08:31:49 np0005541909 container-server[124303]: 172.20.0.104 - - [02/Dec/2025:08:31:49 +0000] "PUT /d1/50/AUTH_497073c2347a4b2dbbf501873318fbd3/gnocchi.63897728-c6fe-45f1-9592-f9328b3109ed" 201 - "PUT http://172.18.0.121:8080/v1/AUTH_497073c2347a4b2dbbf501873318fbd3/gnocchi.63897728-c6fe-45f1-9592-f9328b3109ed" "tx9cc7832298f0457e90ab1-00692ea3f5" "proxy-server 20" 0.0229 "-" 23 0
Dec 2 08:31:49 np0005541909 object-server[124633]: 172.20.0.103 - - [02/Dec/2025:08:31:49 +0000] "GET /d1/491/AUTH_497073c2347a4b2dbbf501873318fbd3/gnocchi.63897728-c6fe-45f1-9592-f9328b3109ed/1763640000.0_mean_300.0_v3" 404 70 "GET http://172.18.0.121:8080/v1/AUTH_497073c2347a4b2dbbf501873318fbd3/gnocchi.63897728-c6fe-45f1-9592-f9328b3109ed/1763640000.0_mean_300.0_v3" "txcad0679ed2dc49da9063f-00692ea3f5" "proxy-server 20" 0.0004 "-" 24 0
Dec 2 08:31:49 np0005541909 proxy-server[125882]: 172.18.0.105 172.18.0.104 02/Dec/2025/08/31/49 GET /v1/AUTH_497073c2347a4b2dbbf501873318fbd3/gnocchi.63897728-c6fe-45f1-9592-f9328b3109ed/1763640000.0_mean_300.0_v3 HTTP/1.0 404 - python-swiftclient-3.11.1 gAAAAABpLqO0YxeR... - 70 - txcad0679ed2dc49da9063f-00692ea3f5 - 0.0167 - - 1764664309.097864151 1764664309.114544868 0
Dec 2 08:31:49 np0005541909 container-server[124303]: 172.20.0.103 - - [02/Dec/2025:08:31:49 +0000] "PUT /d1/50/AUTH_497073c2347a4b2dbbf501873318fbd3/gnocchi.63897728-c6fe-45f1-9592-f9328b3109ed/1763640000.0_mean_300.0_v3" 201 - "PUT http://172.18.0.121:8080/d1/491/AUTH_497073c2347a4b2dbbf501873318fbd3/gnocchi.63897728-c6fe-45f1-9592-f9328b3109ed/1763640000.0_mean_300.0_v3" "txd3b3785cbe92472c8ac85-00692ea3f5" "object-server 22" 0.0010 "-" 23 0
Dec 2 08:31:49 np0005541909 object-server[124628]: 172.20.0.104 - - [02/Dec/2025:08:31:49 +0000] "PUT /d1/491/AUTH_497073c2347a4b2dbbf501873318fbd3/gnocchi.63897728-c6fe-45f1-9592-f9328b3109ed/1763640000.0_mean_300.0_v3" 201 - "PUT http://172.18.0.121:8080/v1/AUTH_497073c2347a4b2dbbf501873318fbd3/gnocchi.63897728-c6fe-45f1-9592-f9328b3109ed/1763640000.0_mean_300.0_v3" "txd3b3785cbe92472c8ac85-00692ea3f5" "proxy-server 20" 0.0120 "-" 22 0
Dec 2 08:31:49 np0005541909 object-server[124633]: 172.20.0.105 - - [02/Dec/2025:08:31:49 +0000] "PUT /d1/519/AUTH_497073c2347a4b2dbbf501873318fbd3/gnocchi.63897728-c6fe-45f1-9592-f9328b3109ed/none_v3" 201 - "PUT http://172.18.0.121:8080/v1/AUTH_497073c2347a4b2dbbf501873318fbd3/gnocchi.63897728-c6fe-45f1-9592-f9328b3109ed/none_v3" "tx553338461601418fad9e3-00692ea3f5" "proxy-server 20" 0.0193 "-" 24 0
Dec 2 08:31:49 np0005541909 container-server[124293]: 172.20.0.104 - - [02/Dec/2025:08:31:49 +0000] "PUT /d1/50/AUTH_497073c2347a4b2dbbf501873318fbd3/gnocchi.63897728-c6fe-45f1-9592-f9328b3109ed/none_v3" 201 - "PUT http://172.18.0.121:8080/d1/519/AUTH_497073c2347a4b2dbbf501873318fbd3/gnocchi.63897728-c6fe-45f1-9592-f9328b3109ed/none_v3" "tx553338461601418fad9e3-00692ea3f5" "object-server 23" 0.0008 "-" 21 0
Dec 2 08:31:49 np0005541909 container-server[124300]: 172.20.0.103 - - [02/Dec/2025:08:31:49 +0000] "HEAD /d1/82/AUTH_497073c2347a4b2dbbf501873318fbd3/gnocchi.42f52e77-9dfe-4e03-b5be-5c08383de9cd" 404 - "HEAD http://172.18.0.121:8080/v1/AUTH_497073c2347a4b2dbbf501873318fbd3/gnocchi.42f52e77-9dfe-4e03-b5be-5c08383de9cd?format=json&states=listing" "txbb505554f84f400195f6d-00692ea3f5" "proxy-server 20" 0.0006 "-" 22 0
Dec 2 08:31:49 np0005541909 object-server[124636]: 172.20.0.103 - - [02/Dec/2025:08:31:49 +0000] "GET /d1/485/AUTH_497073c2347a4b2dbbf501873318fbd3/gnocchi.42f52e77-9dfe-4e03-b5be-5c08383de9cd/none_v3" 404 70 "GET http://172.18.0.121:8080/v1/AUTH_497073c2347a4b2dbbf501873318fbd3/gnocchi.42f52e77-9dfe-4e03-b5be-5c08383de9cd/none_v3" "txbb505554f84f400195f6d-00692ea3f5" "proxy-server 20" 0.0008 "-" 25 0
Dec 2 08:31:49 np0005541909 proxy-server[125882]: 172.18.0.103 172.18.0.104 02/Dec/2025/08/31/49 GET /v1/AUTH_497073c2347a4b2dbbf501873318fbd3/gnocchi.42f52e77-9dfe-4e03-b5be-5c08383de9cd/none_v3 HTTP/1.0 404 - python-swiftclient-3.11.1 gAAAAABpLqP19t9Q... - 70 - txbb505554f84f400195f6d-00692ea3f5 - 0.0907 - - 1764664309.585841179 1764664309.676495790 0
Dec 2 08:31:49 np0005541909 object-server[124297]: Starting object replication pass.
Dec 2 08:31:49 np0005541909 account-server[124112]: 172.20.0.104 - - [02/Dec/2025:08:31:49 +0000] "PUT /d1/626/AUTH_497073c2347a4b2dbbf501873318fbd3/gnocchi.42f52e77-9dfe-4e03-b5be-5c08383de9cd" 201 - "PUT http://172.20.0.104:6001/d1/82/AUTH_497073c2347a4b2dbbf501873318fbd3/gnocchi.42f52e77-9dfe-4e03-b5be-5c08383de9cd" "txf5031779470a4a7ea8c7a-00692ea3f5" "container-server 20" 0.0065 "-" 22 0
Dec 2 08:31:49 np0005541909 container-server[124282]: 172.20.0.104 - - [02/Dec/2025:08:31:49 +0000] "PUT /d1/82/AUTH_497073c2347a4b2dbbf501873318fbd3/gnocchi.42f52e77-9dfe-4e03-b5be-5c08383de9cd" 201 - "PUT http://172.18.0.121:8080/v1/AUTH_497073c2347a4b2dbbf501873318fbd3/gnocchi.42f52e77-9dfe-4e03-b5be-5c08383de9cd" "txf5031779470a4a7ea8c7a-00692ea3f5" "proxy-server 20" 0.0218 "-" 20 0
Dec 2 08:31:49 np0005541909 object-server[124633]: 172.20.0.103 - - [02/Dec/2025:08:31:49 +0000] "GET /d1/947/AUTH_497073c2347a4b2dbbf501873318fbd3/gnocchi.42f52e77-9dfe-4e03-b5be-5c08383de9cd/1763640000.0_mean_300.0_v3" 404 70 "GET http://172.18.0.121:8080/v1/AUTH_497073c2347a4b2dbbf501873318fbd3/gnocchi.42f52e77-9dfe-4e03-b5be-5c08383de9cd/1763640000.0_mean_300.0_v3" "txd0047d997ddb47ceabd54-00692ea3f5" "proxy-server 20" 0.0004 "-" 24 0
Dec 2 08:31:49 np0005541909 proxy-server[125882]: 172.18.0.103 172.18.0.104 02/Dec/2025/08/31/49 GET /v1/AUTH_497073c2347a4b2dbbf501873318fbd3/gnocchi.42f52e77-9dfe-4e03-b5be-5c08383de9cd/1763640000.0_mean_300.0_v3 HTTP/1.0 404 - python-swiftclient-3.11.1 gAAAAABpLqP19t9Q... - 70 - txd0047d997ddb47ceabd54-00692ea3f5 - 0.0140 - - 1764664309.754622221 1764664309.768656492 0
Dec 2 08:31:49 np0005541909 container-server[124303]: 172.20.0.103 - - [02/Dec/2025:08:31:49 +0000] "PUT /d1/82/AUTH_497073c2347a4b2dbbf501873318fbd3/gnocchi.42f52e77-9dfe-4e03-b5be-5c08383de9cd/1763640000.0_mean_300.0_v3" 201 - "PUT http://172.18.0.121:8080/d1/947/AUTH_497073c2347a4b2dbbf501873318fbd3/gnocchi.42f52e77-9dfe-4e03-b5be-5c08383de9cd/1763640000.0_mean_300.0_v3" "txa25dc48908ca4c36a805b-00692ea3f5" "object-server 24" 0.0006 "-" 23 0
Dec 2 08:31:49 np0005541909 object-server[124633]: 172.20.0.104 - - [02/Dec/2025:08:31:49 +0000] "PUT /d1/947/AUTH_497073c2347a4b2dbbf501873318fbd3/gnocchi.42f52e77-9dfe-4e03-b5be-5c08383de9cd/1763640000.0_mean_300.0_v3" 201 - "PUT http://172.18.0.121:8080/v1/AUTH_497073c2347a4b2dbbf501873318fbd3/gnocchi.42f52e77-9dfe-4e03-b5be-5c08383de9cd/1763640000.0_mean_300.0_v3" "txa25dc48908ca4c36a805b-00692ea3f5" "proxy-server 20" 0.0112 "-" 24 0
Dec 2 08:31:49 np0005541909 object-server[124297]: 4/4 (100.00%) partitions replicated in 0.12s (33.18/sec, 0s remaining)
Dec 2 08:31:49 np0005541909 object-server[124297]: 8 successes, 0 failures
Dec 2 08:31:49 np0005541909 object-server[124297]: 4 suffixes checked - 50.00% hashed, 0.00% synced
Dec 2 08:31:49 np0005541909 object-server[124297]: Partition times: max 0.0437s, min 0.0091s, med 0.0375s
Dec 2 08:31:49 np0005541909 object-server[124297]: Object replication complete. (0.00 minutes)
Dec 2 08:31:49 np0005541909 object-server[124630]: 172.20.0.105 - - [02/Dec/2025:08:31:49 +0000] "PUT /d1/485/AUTH_497073c2347a4b2dbbf501873318fbd3/gnocchi.42f52e77-9dfe-4e03-b5be-5c08383de9cd/none_v3" 201 - "PUT http://172.18.0.121:8080/v1/AUTH_497073c2347a4b2dbbf501873318fbd3/gnocchi.42f52e77-9dfe-4e03-b5be-5c08383de9cd/none_v3" "txecfe786c8bdb45fbbd358-00692ea3f5" "proxy-server 20" 0.0183 "-" 23 0
Dec 2 08:31:49 np0005541909 container-server[124282]: 172.20.0.104 - - [02/Dec/2025:08:31:49 +0000] "PUT /d1/82/AUTH_497073c2347a4b2dbbf501873318fbd3/gnocchi.42f52e77-9dfe-4e03-b5be-5c08383de9cd/none_v3" 201 - "PUT http://172.18.0.121:8080/d1/485/AUTH_497073c2347a4b2dbbf501873318fbd3/gnocchi.42f52e77-9dfe-4e03-b5be-5c08383de9cd/none_v3" "txecfe786c8bdb45fbbd358-00692ea3f5" "object-server 22" 0.0009 "-" 20 0
Dec 2 08:31:51 np0005541909 object-server[217514]: Begin object audit "forever" mode (ZBF)
Dec 2 08:31:51 np0005541909 object-server[217515]: Begin object audit "forever" mode (ALL)
Dec 2 08:31:51 np0005541909 object-server[217514]: Object audit (ZBF). Since Tue Dec 2 08:31:51 2025: Locally: 1 passed, 0 quarantined, 0 errors, files/sec: 616.90, bytes/sec: 0.00, Total time: 0.00, Auditing time: 0.00, Rate: 0.00
Dec 2 08:31:51 np0005541909 object-server[217515]: Object audit (ALL). Since Tue Dec 2 08:31:51 2025: Locally: 1 passed, 0 quarantined, 0 errors, files/sec: 136.56, bytes/sec: 2184.96, Total time: 0.01, Auditing time: 0.00, Rate: 0.00
Dec 2 08:31:51 np0005541909 object-server[217514]: Object audit (ZBF) "forever" mode completed: 0.08s. Total quarantined: 0, Total errors: 0, Total files/sec: 72.26, Total bytes/sec: 0.00, Auditing time: 0.08, Rate: 0.95
Dec 2 08:31:51 np0005541909 object-server[217515]: Object audit (ALL) "forever" mode completed: 0.21s. Total quarantined: 0, Total errors: 0, Total files/sec: 28.66, Total bytes/sec: 592.21, Auditing time: 0.21, Rate: 0.98
Dec 2 08:31:55 np0005541909 account-server[123686]: Beginning replication run
Dec 2 08:31:55 np0005541909 account-server[123686]: Replication run OVER
Dec 2 08:31:55 np0005541909 account-server[123686]: Attempted to replicate 1 dbs in 0.03999 seconds (25.00533/s)
Dec 2 08:31:55 np0005541909 account-server[123686]: Removed 0 dbs
Dec 2 08:31:55 np0005541909 account-server[123686]: 2 successes, 0 failures
Dec 2 08:31:55 np0005541909 account-server[123686]: diff:0 diff_capped:0 empty:0 hashmatch:0 no_change:2 remote_merge:0 rsync:0 ts_repl:0
Dec 2 08:31:56 np0005541909 container-server[124303]: 172.20.0.103 - - [02/Dec/2025:08:31:56 +0000] "HEAD /d1/379/AUTH_497073c2347a4b2dbbf501873318fbd3/gnocchi.aa341c8a-34ae-41de-9bc1-528198dca50e" 404 - "HEAD http://172.18.0.121:8080/v1/AUTH_497073c2347a4b2dbbf501873318fbd3/gnocchi.aa341c8a-34ae-41de-9bc1-528198dca50e?format=json&states=listing" "tx59d35a3f35074aefadbe6-00692ea3fc" "proxy-server 20" 0.0006 "-" 23 0
Dec 2 08:31:56 np0005541909 container-server[124300]: 172.20.0.104 - - [02/Dec/2025:08:31:56 +0000] "HEAD /d1/34/AUTH_497073c2347a4b2dbbf501873318fbd3/gnocchi.ddf19f68-2eb0-4238-8b7a-ba139ac243ca" 404 - "HEAD http://172.18.0.121:8080/v1/AUTH_497073c2347a4b2dbbf501873318fbd3/gnocchi.ddf19f68-2eb0-4238-8b7a-ba139ac243ca?format=json&states=listing" "txf04b085127964961935ae-00692ea3fc" "proxy-server 20" 0.0006 "-" 22 0
Dec 2 08:31:56 np0005541909 object-server[124630]: 172.20.0.103 - - [02/Dec/2025:08:31:56 +0000] "GET /d1/889/AUTH_497073c2347a4b2dbbf501873318fbd3/gnocchi.aa341c8a-34ae-41de-9bc1-528198dca50e/none_v3" 404 70 "GET http://172.18.0.121:8080/v1/AUTH_497073c2347a4b2dbbf501873318fbd3/gnocchi.aa341c8a-34ae-41de-9bc1-528198dca50e/none_v3" "tx59d35a3f35074aefadbe6-00692ea3fc" "proxy-server 20" 0.0006 "-" 23 0
Dec 2 08:31:56 np0005541909 proxy-server[125882]: 172.18.0.103 172.18.0.104 02/Dec/2025/08/31/56 GET /v1/AUTH_497073c2347a4b2dbbf501873318fbd3/gnocchi.aa341c8a-34ae-41de-9bc1-528198dca50e/none_v3 HTTP/1.0 404 - python-swiftclient-3.11.1 gAAAAABpLqP19t9Q... - 70 - tx59d35a3f35074aefadbe6-00692ea3fc - 0.0367 - - 1764664316.914441109 1764664316.951126814 0
Dec 2 08:31:56 np0005541909 object-server[124628]: 172.20.0.104 - - [02/Dec/2025:08:31:56 +0000] "GET /d1/144/AUTH_497073c2347a4b2dbbf501873318fbd3/gnocchi.ddf19f68-2eb0-4238-8b7a-ba139ac243ca/none_v3" 404 70 "GET http://172.18.0.121:8080/v1/AUTH_497073c2347a4b2dbbf501873318fbd3/gnocchi.ddf19f68-2eb0-4238-8b7a-ba139ac243ca/none_v3" "txf04b085127964961935ae-00692ea3fc" "proxy-server 20" 0.0004 "-" 22 0
Dec 2 08:31:56 np0005541909 container-server[124303]: 172.20.0.103 - - [02/Dec/2025:08:31:56 +0000] "PUT /d1/34/AUTH_497073c2347a4b2dbbf501873318fbd3/gnocchi.ddf19f68-2eb0-4238-8b7a-ba139ac243ca" 201 - "PUT http://172.18.0.121:8080/v1/AUTH_497073c2347a4b2dbbf501873318fbd3/gnocchi.ddf19f68-2eb0-4238-8b7a-ba139ac243ca" "tx0f8c405563a94323ad2cb-00692ea3fc" "proxy-server 20" 0.0176 "-" 23 0
Dec 2 08:31:56 np0005541909 container-server[124300]: 172.20.0.105 - - [02/Dec/2025:08:31:56 +0000] "PUT /d1/379/AUTH_497073c2347a4b2dbbf501873318fbd3/gnocchi.aa341c8a-34ae-41de-9bc1-528198dca50e" 201 - "PUT http://172.18.0.121:8080/v1/AUTH_497073c2347a4b2dbbf501873318fbd3/gnocchi.aa341c8a-34ae-41de-9bc1-528198dca50e" "tx3d8e23528dc74e23bd7fa-00692ea3fc" "proxy-server 20" 0.0239 "-" 22 0
Dec 2 08:31:57 np0005541909 account-server[124112]: 172.20.0.105 - - [02/Dec/2025:08:31:57 +0000] "PUT /d1/626/AUTH_497073c2347a4b2dbbf501873318fbd3/gnocchi.ddf19f68-2eb0-4238-8b7a-ba139ac243ca" 201 - "PUT http://172.20.0.105:6001/d1/34/AUTH_497073c2347a4b2dbbf501873318fbd3/gnocchi.ddf19f68-2eb0-4238-8b7a-ba139ac243ca" "tx0f8c405563a94323ad2cb-00692ea3fc" "container-server 19" 0.0025 "-" 22 0
Dec 2 08:31:57 np0005541909 proxy-server[125882]: 172.18.0.105 172.18.0.104 02/Dec/2025/08/31/57 PUT /v1/AUTH_497073c2347a4b2dbbf501873318fbd3/gnocchi.ddf19f68-2eb0-4238-8b7a-ba139ac243ca HTTP/1.0 201 - python-swiftclient-3.11.1 gAAAAABpLqO0YxeR... - - - tx0f8c405563a94323ad2cb-00692ea3fc - 0.0432 - - 1764664316.962971687 1764664317.006144285 0
Dec 2 08:31:57 np0005541909 account-server[124112]: 172.20.0.105 - - [02/Dec/2025:08:31:57 +0000] "PUT /d1/626/AUTH_497073c2347a4b2dbbf501873318fbd3/gnocchi.aa341c8a-34ae-41de-9bc1-528198dca50e" 201 - "PUT http://172.20.0.105:6001/d1/379/AUTH_497073c2347a4b2dbbf501873318fbd3/gnocchi.aa341c8a-34ae-41de-9bc1-528198dca50e" "tx3d8e23528dc74e23bd7fa-00692ea3fc" "container-server 21" 0.0111 "-" 22 0
Dec 2 08:31:57 np0005541909 container-server[124300]: 172.20.0.104 - - [02/Dec/2025:08:31:57 +0000] "GET /d1/34/AUTH_497073c2347a4b2dbbf501873318fbd3/gnocchi.ddf19f68-2eb0-4238-8b7a-ba139ac243ca" 200 2 "GET http://172.18.0.121:8080/v1/AUTH_497073c2347a4b2dbbf501873318fbd3/gnocchi.ddf19f68-2eb0-4238-8b7a-ba139ac243ca?format=json&states=listing" "txeda683a3d6cd4546a3cd4-00692ea3fd" "proxy-server 20" 0.0020 "-" 22 0
Dec 2 08:31:57 np0005541909 container-server[124303]: 172.20.0.103 - - [02/Dec/2025:08:31:57 +0000] "HEAD /d1/379/AUTH_497073c2347a4b2dbbf501873318fbd3/gnocchi.aa341c8a-34ae-41de-9bc1-528198dca50e" 204 - "HEAD http://172.18.0.121:8080/v1/AUTH_497073c2347a4b2dbbf501873318fbd3/gnocchi.aa341c8a-34ae-41de-9bc1-528198dca50e?format=json&states=listing" "txf0f5d03e0a00455789790-00692ea3fd" "proxy-server 20" 0.0026 "-" 23 0
Dec 2 08:31:57 np0005541909 proxy-server[125882]: - - 02/Dec/2025/08/31/57 HEAD /v1/AUTH_497073c2347a4b2dbbf501873318fbd3/gnocchi.aa341c8a-34ae-41de-9bc1-528198dca50e%3Fformat%3Djson%26states%3Dlisting HTTP/1.0 204 - Swift - - - - txf0f5d03e0a00455789790-00692ea3fd - 0.0087 RL - 1764664317.031240225 1764664317.039960623 0
Dec 2 08:31:57 np0005541909 proxy-server[125882]: 172.18.0.103 172.18.0.104 02/Dec/2025/08/31/57 GET /v1/AUTH_497073c2347a4b2dbbf501873318fbd3/gnocchi.aa341c8a-34ae-41de-9bc1-528198dca50e%3Fformat%3Djson%26states%3Dlisting HTTP/1.0 200 - python-swiftclient-3.11.1 gAAAAABpLqP19t9Q... - 2 - txf0f5d03e0a00455789790-00692ea3fd - 0.0300 - - 1764664317.027538538 1764664317.057496786 0
Dec 2 08:31:57 np0005541909 object-server[124633]: 172.20.0.105 - - [02/Dec/2025:08:31:57 +0000] "GET /d1/808/AUTH_497073c2347a4b2dbbf501873318fbd3/gnocchi.ddf19f68-2eb0-4238-8b7a-ba139ac243ca/1763640000.0_mean_300.0_v3" 404 70 "GET http://172.18.0.121:8080/v1/AUTH_497073c2347a4b2dbbf501873318fbd3/gnocchi.ddf19f68-2eb0-4238-8b7a-ba139ac243ca/1763640000.0_mean_300.0_v3" "txcc25dc2677764e20838c8-00692ea3fd" "proxy-server 20" 0.0009 "-" 24 0
Dec 2 08:31:57 np0005541909 container-server[124303]: 172.20.0.103 - - [02/Dec/2025:08:31:57 +0000] "PUT /d1/34/AUTH_497073c2347a4b2dbbf501873318fbd3/gnocchi.ddf19f68-2eb0-4238-8b7a-ba139ac243ca/1763640000.0_mean_300.0_v3" 201 - "PUT http://172.18.0.121:8080/d1/808/AUTH_497073c2347a4b2dbbf501873318fbd3/gnocchi.ddf19f68-2eb0-4238-8b7a-ba139ac243ca/1763640000.0_mean_300.0_v3" "txccd6741ec02648c6bc4d1-00692ea3fd" "object-server 24" 0.0009 "-" 23 0
Dec 2 08:31:57 np0005541909 object-server[124633]: 172.20.0.103 - - [02/Dec/2025:08:31:57 +0000] "PUT /d1/808/AUTH_497073c2347a4b2dbbf501873318fbd3/gnocchi.ddf19f68-2eb0-4238-8b7a-ba139ac243ca/1763640000.0_mean_300.0_v3" 201 - "PUT http://172.18.0.121:8080/v1/AUTH_497073c2347a4b2dbbf501873318fbd3/gnocchi.ddf19f68-2eb0-4238-8b7a-ba139ac243ca/1763640000.0_mean_300.0_v3" "txccd6741ec02648c6bc4d1-00692ea3fd" "proxy-server 20" 0.0165 "-" 24 0
Dec 2 08:31:57 np0005541909 object-server[124636]: 172.20.0.104 - - [02/Dec/2025:08:31:57 +0000] "GET /d1/19/AUTH_497073c2347a4b2dbbf501873318fbd3/gnocchi.aa341c8a-34ae-41de-9bc1-528198dca50e/1763640000.0_mean_300.0_v3" 404 70 "GET http://172.18.0.121:8080/v1/AUTH_497073c2347a4b2dbbf501873318fbd3/gnocchi.aa341c8a-34ae-41de-9bc1-528198dca50e/1763640000.0_mean_300.0_v3" "tx5941e22bea4549c6af7d7-00692ea3fd" "proxy-server 20" 0.0009 "-" 25 0
Dec 2 08:31:57 np0005541909 proxy-server[125882]: 172.18.0.105 172.18.0.104 02/Dec/2025/08/31/57 PUT /v1/AUTH_497073c2347a4b2dbbf501873318fbd3/gnocchi.ddf19f68-2eb0-4238-8b7a-ba139ac243ca/1763640000.0_mean_300.0_v3 HTTP/1.0 201 - python-swiftclient-3.11.1 gAAAAABpLqO0YxeR... 16 - - txccd6741ec02648c6bc4d1-00692ea3fd - 0.0422 - - 1764664317.071654081 1764664317.113829136 0
Dec 2 08:31:57 np0005541909 object-server[124630]: 172.20.0.105 - - [02/Dec/2025:08:31:57 +0000] "PUT /d1/19/AUTH_497073c2347a4b2dbbf501873318fbd3/gnocchi.aa341c8a-34ae-41de-9bc1-528198dca50e/1763640000.0_mean_300.0_v3" 201 - "PUT http://172.18.0.121:8080/v1/AUTH_497073c2347a4b2dbbf501873318fbd3/gnocchi.aa341c8a-34ae-41de-9bc1-528198dca50e/1763640000.0_mean_300.0_v3" "tx4c97d928f9964b2683a0e-00692ea3fd" "proxy-server 20" 0.0123 "-" 23 0
Dec 2 08:31:57 np0005541909 container-server[124282]: 172.20.0.104 - - [02/Dec/2025:08:31:57 +0000] "PUT /d1/379/AUTH_497073c2347a4b2dbbf501873318fbd3/gnocchi.aa341c8a-34ae-41de-9bc1-528198dca50e/1763640000.0_mean_300.0_v3" 201 - "PUT http://172.18.0.121:8080/d1/19/AUTH_497073c2347a4b2dbbf501873318fbd3/gnocchi.aa341c8a-34ae-41de-9bc1-528198dca50e/1763640000.0_mean_300.0_v3" "tx4c97d928f9964b2683a0e-00692ea3fd" "object-server 23" 0.0011 "-" 20 0
Dec 2 08:31:57 np0005541909 container-server[124303]: 172.20.0.103 - - [02/Dec/2025:08:31:57 +0000] "PUT /d1/34/AUTH_497073c2347a4b2dbbf501873318fbd3/gnocchi.ddf19f68-2eb0-4238-8b7a-ba139ac243ca/none_v3" 201 - "PUT http://172.18.0.121:8080/d1/144/AUTH_497073c2347a4b2dbbf501873318fbd3/gnocchi.ddf19f68-2eb0-4238-8b7a-ba139ac243ca/none_v3" "tx7c6d97e8027b4196a4bb7-00692ea3fd" "object-server 23" 0.0005 "-" 23 0
Dec 2 08:31:57 np0005541909 object-server[124630]: 172.20.0.104 - - [02/Dec/2025:08:31:57 +0000] "PUT /d1/144/AUTH_497073c2347a4b2dbbf501873318fbd3/gnocchi.ddf19f68-2eb0-4238-8b7a-ba139ac243ca/none_v3" 201 - "PUT http://172.18.0.121:8080/v1/AUTH_497073c2347a4b2dbbf501873318fbd3/gnocchi.ddf19f68-2eb0-4238-8b7a-ba139ac243ca/none_v3" "tx7c6d97e8027b4196a4bb7-00692ea3fd" "proxy-server 20" 0.0132 "-" 23 0
Dec 2 08:31:57 np0005541909 container-server[124300]: 172.20.0.105 - - [02/Dec/2025:08:31:57 +0000] "HEAD /d1/557/AUTH_497073c2347a4b2dbbf501873318fbd3/gnocchi.8b68dd01-139f-4dc8-bcb3-91db0d82d14d" 404 - "HEAD http://172.18.0.121:8080/v1/AUTH_497073c2347a4b2dbbf501873318fbd3/gnocchi.8b68dd01-139f-4dc8-bcb3-91db0d82d14d?format=json&states=listing" "txfd4b6aae0768404b9046e-00692ea3fd" "proxy-server 20" 0.0004 "-" 22 0
Dec 2 08:31:57 np0005541909 container-server[124303]: 172.20.0.104 - - [02/Dec/2025:08:31:57 +0000] "PUT /d1/379/AUTH_497073c2347a4b2dbbf501873318fbd3/gnocchi.aa341c8a-34ae-41de-9bc1-528198dca50e/none_v3" 201 - "PUT http://172.18.0.121:8080/d1/889/AUTH_497073c2347a4b2dbbf501873318fbd3/gnocchi.aa341c8a-34ae-41de-9bc1-528198dca50e/none_v3" "tx96b01b343fdc46f993c24-00692ea3fd" "object-server 22" 0.0012 "-" 23 0
Dec 2 08:31:57 np0005541909 object-server[124633]: 172.20.0.103 - - [02/Dec/2025:08:31:57 +0000] "PUT /d1/889/AUTH_497073c2347a4b2dbbf501873318fbd3/gnocchi.aa341c8a-34ae-41de-9bc1-528198dca50e/none_v3" 201 - "PUT http://172.18.0.121:8080/v1/AUTH_497073c2347a4b2dbbf501873318fbd3/gnocchi.aa341c8a-34ae-41de-9bc1-528198dca50e/none_v3" "tx96b01b343fdc46f993c24-00692ea3fd" "proxy-server 20" 0.0141 "-" 24 0
Dec 2 08:31:57 np0005541909 proxy-server[125882]: 172.18.0.103 172.18.0.104 02/Dec/2025/08/31/57 PUT /v1/AUTH_497073c2347a4b2dbbf501873318fbd3/gnocchi.aa341c8a-34ae-41de-9bc1-528198dca50e/none_v3 HTTP/1.0 201 - python-swiftclient-3.11.1 gAAAAABpLqP19t9Q... 22 - - tx96b01b343fdc46f993c24-00692ea3fd - 0.0291 - - 1764664317.156132460 1764664317.185275078 0
Dec 2 08:31:57 np0005541909 object-server[124633]: 172.20.0.105 - - [02/Dec/2025:08:31:57 +0000] "GET /d1/174/AUTH_497073c2347a4b2dbbf501873318fbd3/gnocchi.8b68dd01-139f-4dc8-bcb3-91db0d82d14d/none_v3" 404 70 "GET http://172.18.0.121:8080/v1/AUTH_497073c2347a4b2dbbf501873318fbd3/gnocchi.8b68dd01-139f-4dc8-bcb3-91db0d82d14d/none_v3" "txfd4b6aae0768404b9046e-00692ea3fd" "proxy-server 20" 0.0006 "-" 24 0
Dec 2 08:31:57 np0005541909 container-server[124282]: 172.20.0.104 - - [02/Dec/2025:08:31:57 +0000] "HEAD /d1/499/AUTH_497073c2347a4b2dbbf501873318fbd3/gnocchi.58b99940-1fe3-45c1-9db3-3dfd3571631f" 404 - "HEAD http://172.18.0.121:8080/v1/AUTH_497073c2347a4b2dbbf501873318fbd3/gnocchi.58b99940-1fe3-45c1-9db3-3dfd3571631f?format=json&states=listing" "tx73c243cb97474d9ab9ffe-00692ea3fd" "proxy-server 20" 0.0006 "-" 20 0
Dec 2 08:31:57 np0005541909 object-server[124628]: 172.20.0.104 - - [02/Dec/2025:08:31:57 +0000] "GET /d1/522/AUTH_497073c2347a4b2dbbf501873318fbd3/gnocchi.58b99940-1fe3-45c1-9db3-3dfd3571631f/none_v3" 404 70 "GET http://172.18.0.121:8080/v1/AUTH_497073c2347a4b2dbbf501873318fbd3/gnocchi.58b99940-1fe3-45c1-9db3-3dfd3571631f/none_v3" "tx73c243cb97474d9ab9ffe-00692ea3fd" "proxy-server 20" 0.0004 "-" 22 0
Dec 2 08:31:57 np0005541909 account-server[124112]: 172.20.0.105 - - [02/Dec/2025:08:31:57 +0000] "PUT /d1/626/AUTH_497073c2347a4b2dbbf501873318fbd3/gnocchi.8b68dd01-139f-4dc8-bcb3-91db0d82d14d" 201 - "PUT http://172.20.0.105:6001/d1/557/AUTH_497073c2347a4b2dbbf501873318fbd3/gnocchi.8b68dd01-139f-4dc8-bcb3-91db0d82d14d" "tx44cdc3fafbea45619e19d-00692ea3fd" "container-server 19" 0.0062 "-" 22 0
Dec 2 08:31:57 np0005541909 container-server[124293]: 172.20.0.103 - - [02/Dec/2025:08:31:57 +0000] "PUT /d1/557/AUTH_497073c2347a4b2dbbf501873318fbd3/gnocchi.8b68dd01-139f-4dc8-bcb3-91db0d82d14d" 201 - "PUT http://172.18.0.121:8080/v1/AUTH_497073c2347a4b2dbbf501873318fbd3/gnocchi.8b68dd01-139f-4dc8-bcb3-91db0d82d14d" "tx44cdc3fafbea45619e19d-00692ea3fd" "proxy-server 20" 0.0346 "-" 21 0
Dec 2 08:31:57 np0005541909 proxy-server[125882]: 172.18.0.105 172.18.0.104 02/Dec/2025/08/31/57 PUT /v1/AUTH_497073c2347a4b2dbbf501873318fbd3/gnocchi.8b68dd01-139f-4dc8-bcb3-91db0d82d14d HTTP/1.0 201 - python-swiftclient-3.11.1 gAAAAABpLqO0YxeR... - - - tx44cdc3fafbea45619e19d-00692ea3fd - 0.0519 - - 1764664317.204558611 1764664317.256505251 0
Dec 2 08:31:57 np0005541909 container-server[124293]: 172.20.0.105 - - [02/Dec/2025:08:31:57 +0000] "PUT /d1/499/AUTH_497073c2347a4b2dbbf501873318fbd3/gnocchi.58b99940-1fe3-45c1-9db3-3dfd3571631f" 201 - "PUT http://172.18.0.121:8080/v1/AUTH_497073c2347a4b2dbbf501873318fbd3/gnocchi.58b99940-1fe3-45c1-9db3-3dfd3571631f" "tx639aff5c9fbd44869d706-00692ea3fd" "proxy-server 20" 0.0164 "-" 21 0
Dec 2 08:31:57 np0005541909 account-server[124112]: 172.20.0.104 - - [02/Dec/2025:08:31:57 +0000] "PUT /d1/626/AUTH_497073c2347a4b2dbbf501873318fbd3/gnocchi.58b99940-1fe3-45c1-9db3-3dfd3571631f" 201 - "PUT http://172.20.0.104:6001/d1/499/AUTH_497073c2347a4b2dbbf501873318fbd3/gnocchi.58b99940-1fe3-45c1-9db3-3dfd3571631f" "tx639aff5c9fbd44869d706-00692ea3fd" "container-server 23" 0.0052 "-" 22 0
