Dec 2 08:31:57 np0005541909 object-server[124633]: 172.20.0.103 - - [02/Dec/2025:08:31:57 +0000] "GET /d1/110/AUTH_497073c2347a4b2dbbf501873318fbd3/gnocchi.8b68dd01-139f-4dc8-bcb3-91db0d82d14d/1763640000.0_mean_300.0_v3" 404 70 "GET http://172.18.0.121:8080/v1/AUTH_497073c2347a4b2dbbf501873318fbd3/gnocchi.8b68dd01-139f-4dc8-bcb3-91db0d82d14d/1763640000.0_mean_300.0_v3" "tx9b56a239a0514a60a494e-00692ea3fd" "proxy-server 20" 0.0004 "-" 24 0
Dec 2 08:31:57 np0005541909 proxy-server[125882]: 172.18.0.105 172.18.0.104 02/Dec/2025/08/31/57 GET /v1/AUTH_497073c2347a4b2dbbf501873318fbd3/gnocchi.8b68dd01-139f-4dc8-bcb3-91db0d82d14d/1763640000.0_mean_300.0_v3 HTTP/1.0 404 - python-swiftclient-3.11.1 gAAAAABpLqO0YxeR... - 70 - tx9b56a239a0514a60a494e-00692ea3fd - 0.0158 - - 1764664317.295314550 1764664317.311146736 0
Dec 2 08:31:57 np0005541909 object-server[124630]: 172.20.0.105 - - [02/Dec/2025:08:31:57 +0000] "PUT /d1/110/AUTH_497073c2347a4b2dbbf501873318fbd3/gnocchi.8b68dd01-139f-4dc8-bcb3-91db0d82d14d/1763640000.0_mean_300.0_v3" 201 - "PUT http://172.18.0.121:8080/v1/AUTH_497073c2347a4b2dbbf501873318fbd3/gnocchi.8b68dd01-139f-4dc8-bcb3-91db0d82d14d/1763640000.0_mean_300.0_v3" "txe1b546a077eb4f84a87c1-00692ea3fd" "proxy-server 20" 0.0102 "-" 23 0
Dec 2 08:31:57 np0005541909 container-server[124300]: 172.20.0.105 - - [02/Dec/2025:08:31:57 +0000] "PUT /d1/557/AUTH_497073c2347a4b2dbbf501873318fbd3/gnocchi.8b68dd01-139f-4dc8-bcb3-91db0d82d14d/1763640000.0_mean_300.0_v3" 201 - "PUT http://172.18.0.121:8080/d1/110/AUTH_497073c2347a4b2dbbf501873318fbd3/gnocchi.8b68dd01-139f-4dc8-bcb3-91db0d82d14d/1763640000.0_mean_300.0_v3" "txe1b546a077eb4f84a87c1-00692ea3fd" "object-server 22" 0.0007 "-" 22 0
Dec 2 08:31:57 np0005541909 object-server[124628]: 172.20.0.103 - - [02/Dec/2025:08:31:57 +0000] "GET /d1/147/AUTH_497073c2347a4b2dbbf501873318fbd3/gnocchi.58b99940-1fe3-45c1-9db3-3dfd3571631f/1763640000.0_mean_300.0_v3" 404 70 "GET http://172.18.0.121:8080/v1/AUTH_497073c2347a4b2dbbf501873318fbd3/gnocchi.58b99940-1fe3-45c1-9db3-3dfd3571631f/1763640000.0_mean_300.0_v3" "tx6e44b4f5a7ec41f0aebb8-00692ea3fd" "proxy-server 20" 0.0003 "-" 22 0
Dec 2 08:31:57 np0005541909 proxy-server[125882]: 172.18.0.103 172.18.0.104 02/Dec/2025/08/31/57 GET /v1/AUTH_497073c2347a4b2dbbf501873318fbd3/gnocchi.58b99940-1fe3-45c1-9db3-3dfd3571631f/1763640000.0_mean_300.0_v3 HTTP/1.0 404 - python-swiftclient-3.11.1 gAAAAABpLqP19t9Q... - 70 - tx6e44b4f5a7ec41f0aebb8-00692ea3fd - 0.0190 - - 1764664317.336179495 1764664317.355154276 0
Dec 2 08:31:57 np0005541909 container-server[124300]: 172.20.0.105 - - [02/Dec/2025:08:31:57 +0000] "PUT /d1/557/AUTH_497073c2347a4b2dbbf501873318fbd3/gnocchi.8b68dd01-139f-4dc8-bcb3-91db0d82d14d/none_v3" 201 - "PUT http://172.18.0.121:8080/d1/174/AUTH_497073c2347a4b2dbbf501873318fbd3/gnocchi.8b68dd01-139f-4dc8-bcb3-91db0d82d14d/none_v3" "txde39043f514646d19a3c6-00692ea3fd" "object-server 24" 0.0004 "-" 22 0
Dec 2 08:31:57 np0005541909 object-server[124630]: 172.20.0.105 - - [02/Dec/2025:08:31:57 +0000] "PUT /d1/174/AUTH_497073c2347a4b2dbbf501873318fbd3/gnocchi.8b68dd01-139f-4dc8-bcb3-91db0d82d14d/none_v3" 201 - "PUT http://172.18.0.121:8080/v1/AUTH_497073c2347a4b2dbbf501873318fbd3/gnocchi.8b68dd01-139f-4dc8-bcb3-91db0d82d14d/none_v3" "txde39043f514646d19a3c6-00692ea3fd" "proxy-server 20" 0.0144 "-" 23 0
Dec 2 08:31:57 np0005541909 container-server[124300]: 172.20.0.103 - - [02/Dec/2025:08:31:57 +0000] "PUT /d1/499/AUTH_497073c2347a4b2dbbf501873318fbd3/gnocchi.58b99940-1fe3-45c1-9db3-3dfd3571631f/1763640000.0_mean_300.0_v3" 201 - "PUT http://172.18.0.121:8080/d1/147/AUTH_497073c2347a4b2dbbf501873318fbd3/gnocchi.58b99940-1fe3-45c1-9db3-3dfd3571631f/1763640000.0_mean_300.0_v3" "tx39accc5d2c5c48028ba16-00692ea3fd" "object-server 25" 0.0006 "-" 22 0
Dec 2 08:31:57 np0005541909 object-server[124636]: 172.20.0.103 - - [02/Dec/2025:08:31:57 +0000] "PUT /d1/147/AUTH_497073c2347a4b2dbbf501873318fbd3/gnocchi.58b99940-1fe3-45c1-9db3-3dfd3571631f/1763640000.0_mean_300.0_v3" 201 - "PUT http://172.18.0.121:8080/v1/AUTH_497073c2347a4b2dbbf501873318fbd3/gnocchi.58b99940-1fe3-45c1-9db3-3dfd3571631f/1763640000.0_mean_300.0_v3" "tx39accc5d2c5c48028ba16-00692ea3fd" "proxy-server 20" 0.0184 "-" 25 0
Dec 2 08:31:57 np0005541909 proxy-server[125882]: 172.18.0.103 172.18.0.104 02/Dec/2025/08/31/57 PUT /v1/AUTH_497073c2347a4b2dbbf501873318fbd3/gnocchi.58b99940-1fe3-45c1-9db3-3dfd3571631f/1763640000.0_mean_300.0_v3 HTTP/1.0 201 - python-swiftclient-3.11.1 gAAAAABpLqP19t9Q... 16 - - tx39accc5d2c5c48028ba16-00692ea3fd - 0.0392 - - 1764664317.363621712 1764664317.402839661 0
Dec 2 08:31:57 np0005541909 container-server[124282]: 172.20.0.103 - - [02/Dec/2025:08:31:57 +0000] "PUT /d1/499/AUTH_497073c2347a4b2dbbf501873318fbd3/gnocchi.58b99940-1fe3-45c1-9db3-3dfd3571631f/none_v3" 201 - "PUT http://172.18.0.121:8080/d1/522/AUTH_497073c2347a4b2dbbf501873318fbd3/gnocchi.58b99940-1fe3-45c1-9db3-3dfd3571631f/none_v3" "tx04ef77b6a78649e783bcb-00692ea3fd" "object-server 23" 0.0007 "-" 20 0
Dec 2 08:31:57 np0005541909 object-server[124630]: 172.20.0.105 - - [02/Dec/2025:08:31:57 +0000] "PUT /d1/522/AUTH_497073c2347a4b2dbbf501873318fbd3/gnocchi.58b99940-1fe3-45c1-9db3-3dfd3571631f/none_v3" 201 - "PUT http://172.18.0.121:8080/v1/AUTH_497073c2347a4b2dbbf501873318fbd3/gnocchi.58b99940-1fe3-45c1-9db3-3dfd3571631f/none_v3" "tx04ef77b6a78649e783bcb-00692ea3fd" "proxy-server 20" 0.0096 "-" 23 0
Dec 2 08:31:57 np0005541909 container-server[124303]: 172.20.0.104 - - [02/Dec/2025:08:31:57 +0000] "HEAD /d1/35/AUTH_497073c2347a4b2dbbf501873318fbd3/gnocchi.d9e1d6ea-e08c-41de-bcd0-88efa188da3a" 404 - "HEAD http://172.18.0.121:8080/v1/AUTH_497073c2347a4b2dbbf501873318fbd3/gnocchi.d9e1d6ea-e08c-41de-bcd0-88efa188da3a?format=json&states=listing" "tx1c74fb29d70e4c70a71e9-00692ea3fd" "proxy-server 20" 0.0005 "-" 23 0
Dec 2 08:31:57 np0005541909 object-server[124633]: 172.20.0.104 - - [02/Dec/2025:08:31:57 +0000] "GET /d1/128/AUTH_497073c2347a4b2dbbf501873318fbd3/gnocchi.d9e1d6ea-e08c-41de-bcd0-88efa188da3a/none_v3" 404 70 "GET http://172.18.0.121:8080/v1/AUTH_497073c2347a4b2dbbf501873318fbd3/gnocchi.d9e1d6ea-e08c-41de-bcd0-88efa188da3a/none_v3" "tx1c74fb29d70e4c70a71e9-00692ea3fd" "proxy-server 20" 0.0003 "-" 24 0
Dec 2 08:31:57 np0005541909 account-server[124093]: 172.20.0.104 - - [02/Dec/2025:08:31:57 +0000] "PUT /d1/626/AUTH_497073c2347a4b2dbbf501873318fbd3/gnocchi.d9e1d6ea-e08c-41de-bcd0-88efa188da3a" 201 - "PUT http://172.20.0.104:6001/d1/35/AUTH_497073c2347a4b2dbbf501873318fbd3/gnocchi.d9e1d6ea-e08c-41de-bcd0-88efa188da3a" "txaa97090d8c984e4eb363d-00692ea3fd" "container-server 23" 0.0073 "-" 20 0
Dec 2 08:31:57 np0005541909 container-server[124303]: 172.20.0.103 - - [02/Dec/2025:08:31:57 +0000] "PUT /d1/35/AUTH_497073c2347a4b2dbbf501873318fbd3/gnocchi.d9e1d6ea-e08c-41de-bcd0-88efa188da3a" 201 - "PUT http://172.18.0.121:8080/v1/AUTH_497073c2347a4b2dbbf501873318fbd3/gnocchi.d9e1d6ea-e08c-41de-bcd0-88efa188da3a" "txaa97090d8c984e4eb363d-00692ea3fd" "proxy-server 20" 0.0220 "-" 23 0
Dec 2 08:31:57 np0005541909 proxy-server[125882]: 172.18.0.121 172.18.0.104 02/Dec/2025/08/31/57 PUT /v1/AUTH_497073c2347a4b2dbbf501873318fbd3/gnocchi.d9e1d6ea-e08c-41de-bcd0-88efa188da3a HTTP/1.0 201 - python-swiftclient-3.11.1 gAAAAABpLqP99yKL... - - - txaa97090d8c984e4eb363d-00692ea3fd - 0.0314 - - 1764664317.772166729 1764664317.803596735 0
Dec 2 08:31:57 np0005541909 container-server[124293]: 172.20.0.105 - - [02/Dec/2025:08:31:57 +0000] "HEAD /d1/35/AUTH_497073c2347a4b2dbbf501873318fbd3/gnocchi.d9e1d6ea-e08c-41de-bcd0-88efa188da3a" 204 - "HEAD http://172.18.0.121:8080/v1/AUTH_497073c2347a4b2dbbf501873318fbd3/gnocchi.d9e1d6ea-e08c-41de-bcd0-88efa188da3a?format=json&states=listing" "tx5fde155510bb4a16b665f-00692ea3fd" "proxy-server 20" 0.0018 "-" 21 0
Dec 2 08:31:57 np0005541909 object-server[124628]: 172.20.0.104 - - [02/Dec/2025:08:31:57 +0000] "GET /d1/900/AUTH_497073c2347a4b2dbbf501873318fbd3/gnocchi.d9e1d6ea-e08c-41de-bcd0-88efa188da3a/1763640000.0_mean_300.0_v3" 404 70 "GET http://172.18.0.121:8080/v1/AUTH_497073c2347a4b2dbbf501873318fbd3/gnocchi.d9e1d6ea-e08c-41de-bcd0-88efa188da3a/1763640000.0_mean_300.0_v3" "tx41f4db1c3a30477da5ec2-00692ea3fd" "proxy-server 20" 0.0004 "-" 22 0
Dec 2 08:31:57 np0005541909 container-server[124282]: 172.20.0.104 - - [02/Dec/2025:08:31:57 +0000] "PUT /d1/35/AUTH_497073c2347a4b2dbbf501873318fbd3/gnocchi.d9e1d6ea-e08c-41de-bcd0-88efa188da3a/1763640000.0_mean_300.0_v3" 201 - "PUT http://172.18.0.121:8080/d1/900/AUTH_497073c2347a4b2dbbf501873318fbd3/gnocchi.d9e1d6ea-e08c-41de-bcd0-88efa188da3a/1763640000.0_mean_300.0_v3" "txfa2f336a90ef43ba964a5-00692ea3fd" "object-server 23" 0.0009 "-" 20 0
Dec 2 08:31:57 np0005541909 object-server[124633]: 172.20.0.103 - - [02/Dec/2025:08:31:57 +0000] "PUT /d1/900/AUTH_497073c2347a4b2dbbf501873318fbd3/gnocchi.d9e1d6ea-e08c-41de-bcd0-88efa188da3a/1763640000.0_mean_300.0_v3" 201 - "PUT http://172.18.0.121:8080/v1/AUTH_497073c2347a4b2dbbf501873318fbd3/gnocchi.d9e1d6ea-e08c-41de-bcd0-88efa188da3a/1763640000.0_mean_300.0_v3" "txfa2f336a90ef43ba964a5-00692ea3fd" "proxy-server 20" 0.0123 "-" 24 0
Dec 2 08:31:57 np0005541909 proxy-server[125882]: 172.18.0.121 172.18.0.104 02/Dec/2025/08/31/57 PUT /v1/AUTH_497073c2347a4b2dbbf501873318fbd3/gnocchi.d9e1d6ea-e08c-41de-bcd0-88efa188da3a/1763640000.0_mean_300.0_v3 HTTP/1.0 201 - python-swiftclient-3.11.1 gAAAAABpLqP99yKL... 16 - - txfa2f336a90ef43ba964a5-00692ea3fd - 0.0202 - - 1764664317.859384060 1764664317.879598379 0
Dec 2 08:31:57 np0005541909 container-server[124293]: 172.20.0.104 - - [02/Dec/2025:08:31:57 +0000] "PUT /d1/35/AUTH_497073c2347a4b2dbbf501873318fbd3/gnocchi.d9e1d6ea-e08c-41de-bcd0-88efa188da3a/none_v3" 201 - "PUT http://172.18.0.121:8080/d1/128/AUTH_497073c2347a4b2dbbf501873318fbd3/gnocchi.d9e1d6ea-e08c-41de-bcd0-88efa188da3a/none_v3" "tx8445d450659c4b6b8a9a7-00692ea3fd" "object-server 23" 0.0006 "-" 21 0
Dec 2 08:31:57 np0005541909 object-server[124633]: 172.20.0.105 - - [02/Dec/2025:08:31:57 +0000] "PUT /d1/128/AUTH_497073c2347a4b2dbbf501873318fbd3/gnocchi.d9e1d6ea-e08c-41de-bcd0-88efa188da3a/none_v3" 201 - "PUT http://172.18.0.121:8080/v1/AUTH_497073c2347a4b2dbbf501873318fbd3/gnocchi.d9e1d6ea-e08c-41de-bcd0-88efa188da3a/none_v3" "tx8445d450659c4b6b8a9a7-00692ea3fd" "proxy-server 20" 0.0120 "-" 24 0
Dec 2 08:31:59 np0005541909 container-server[123759]: Beginning replication run
Dec 2 08:32:00 np0005541909 container-server[123759]: Replication run OVER
Dec 2 08:32:00 np0005541909 container-server[123759]: Attempted to replicate 8 dbs in 0.42852 seconds (18.66886/s)
Dec 2 08:32:00 np0005541909 container-server[123759]: Removed 0 dbs
Dec 2 08:32:00 np0005541909 container-server[123759]: 16 successes, 0 failures
Dec 2 08:32:00 np0005541909 container-server[123759]: diff:0 diff_capped:0 empty:0 hashmatch:0 no_change:16 remote_merge:0 rsync:0 ts_repl:0
Dec 2 08:32:00 np0005541909 object-server[124646]: Begin object update sweep
Dec 2 08:32:00 np0005541909 object-server[218318]: Object update sweep starting on /srv/node/d1 (pid: 14)
Dec 2 08:32:00 np0005541909 object-server[218318]: Object update sweep completed on /srv/node/d1 in 0.00s seconds:, 0 successes, 0 failures, 0 quarantines, 0 unlinks, 0 errors, 0 redirects (pid: 14)
Dec 2 08:32:00 np0005541909 object-server[218318]: Object update sweep of d1 completed: 0.00s, 0 successes, 0 failures, 0 quarantines, 0 unlinks, 0 errors, 0 redirects
Dec 2 08:32:00 np0005541909 object-server[124646]: Object update sweep completed: 0.13s
Dec 2 08:32:19 np0005541909 object-server[124297]: Starting object replication pass.
Dec 2 08:32:19 np0005541909 object-server[124297]: 16/16 (100.00%) partitions replicated in 0.16s (102.65/sec, 0s remaining)
Dec 2 08:32:19 np0005541909 object-server[124297]: 32 successes, 0 failures
Dec 2 08:32:19 np0005541909 object-server[124297]: 16 suffixes checked - 0.00% hashed, 0.00% synced
Dec 2 08:32:19 np0005541909 object-server[124297]: Partition times: max 0.0131s, min 0.0063s, med 0.0088s
Dec 2 08:32:19 np0005541909 object-server[124297]: Object replication complete. (0.00 minutes)
Dec 2 08:32:21 np0005541909 object-server[217517]: Begin object audit "forever" mode (ZBF)
Dec 2 08:32:21 np0005541909 object-server[217517]: Object audit (ZBF). Since Tue Dec 2 08:32:21 2025: Locally: 1 passed, 0 quarantined, 0 errors, files/sec: 829.41, bytes/sec: 0.00, Total time: 0.00, Auditing time: 0.00, Rate: 0.00
Dec 2 08:32:22 np0005541909 object-server[217517]: Object audit (ZBF) "forever" mode completed: 0.28s. Total quarantined: 0, Total errors: 0, Total files/sec: 56.68, Total bytes/sec: 0.00, Auditing time: 0.28, Rate: 0.98
Dec 2 08:32:25 np0005541909 account-server[123686]: Beginning replication run
Dec 2 08:32:25 np0005541909 account-server[123686]: Replication run OVER
Dec 2 08:32:25 np0005541909 account-server[123686]: Attempted to replicate 1 dbs in 0.02394 seconds (41.76661/s)
Dec 2 08:32:25 np0005541909 account-server[123686]: Removed 0 dbs
Dec 2 08:32:25 np0005541909 account-server[123686]: 2 successes, 0 failures
Dec 2 08:32:25 np0005541909 account-server[123686]: diff:0 diff_capped:0 empty:0 hashmatch:0 no_change:2 remote_merge:0 rsync:0 ts_repl:0
Dec 2 08:32:29 np0005541909 container-server[123759]: Beginning replication run
Dec 2 08:32:29 np0005541909 container-server[123759]: Replication run OVER
Dec 2 08:32:29 np0005541909 container-server[123759]: Attempted to replicate 8 dbs in 0.15519 seconds (51.54889/s)
Dec 2 08:32:29 np0005541909 container-server[123759]: Removed 0 dbs
Dec 2 08:32:29 np0005541909 container-server[123759]: 16 successes, 0 failures
Dec 2 08:32:29 np0005541909 container-server[123759]: diff:0 diff_capped:0 empty:0 hashmatch:0 no_change:16 remote_merge:0 rsync:0 ts_repl:0
Dec 2 08:32:49 np0005541909 object-server[124297]: Starting object replication pass.
Dec 2 08:32:50 np0005541909 object-server[124297]: 16/16 (100.00%) partitions replicated in 0.17s (91.91/sec, 0s remaining)
Dec 2 08:32:50 np0005541909 object-server[124297]: 32 successes, 0 failures
Dec 2 08:32:50 np0005541909 object-server[124297]: 16 suffixes checked - 0.00% hashed, 0.00% synced
Dec 2 08:32:50 np0005541909 object-server[124297]: Partition times: max 0.0163s, min 0.0071s, med 0.0098s
Dec 2 08:32:50 np0005541909 object-server[124297]: Object replication complete. (0.00 minutes)
Dec 2 08:32:52 np0005541909 object-server[223504]: Begin object audit "forever" mode (ZBF)
Dec 2 08:32:52 np0005541909 object-server[223505]: Begin object audit "forever" mode (ALL)
Dec 2 08:32:52 np0005541909 object-server[223504]: Object audit (ZBF). Since Tue Dec 2 08:32:52 2025: Locally: 1 passed, 0 quarantined, 0 errors, files/sec: 503.10, bytes/sec: 0.00, Total time: 0.00, Auditing time: 0.00, Rate: 0.00
Dec 2 08:32:52 np0005541909 object-server[223505]: Object audit (ALL). Since Tue Dec 2 08:32:52 2025: Locally: 1 passed, 0 quarantined, 0 errors, files/sec: 103.59, bytes/sec: 1657.46, Total time: 0.01, Auditing time: 0.00, Rate: 0.00
Dec 2 08:32:52 np0005541909 object-server[223504]: Object audit (ZBF) "forever" mode completed: 0.28s. Total quarantined: 0, Total errors: 0, Total files/sec: 56.24, Total bytes/sec: 0.00, Auditing time: 0.28, Rate: 0.97
Dec 2 08:32:52 np0005541909 object-server[223505]: Object audit (ALL) "forever" mode completed: 0.71s. Total quarantined: 0, Total errors: 0, Total files/sec: 22.48, Total bytes/sec: 441.18, Auditing time: 0.70, Rate: 0.99
Dec 2 08:32:55 np0005541909 account-server[123686]: Beginning replication run
Dec 2 08:32:55 np0005541909 account-server[123686]: Replication run OVER
Dec 2 08:32:55 np0005541909 account-server[123686]: Attempted to replicate 1 dbs in 0.01557 seconds (64.24171/s)
Dec 2 08:32:55 np0005541909 account-server[123686]: Removed 0 dbs
Dec 2 08:32:55 np0005541909 account-server[123686]: 2 successes, 0 failures
Dec 2 08:32:55 np0005541909 account-server[123686]: diff:0 diff_capped:0 empty:0 hashmatch:0 no_change:2 remote_merge:0 rsync:0 ts_repl:0
Dec 2 08:32:59 np0005541909 container-server[123759]: Beginning replication run
Dec 2 08:32:59 np0005541909 container-server[123759]: Replication run OVER
Dec 2 08:32:59 np0005541909 container-server[123759]: Attempted to replicate 8 dbs in 0.16417 seconds (48.73050/s)
Dec 2 08:32:59 np0005541909 container-server[123759]: Removed 0 dbs
Dec 2 08:32:59 np0005541909 container-server[123759]: 16 successes, 0 failures
Dec 2 08:32:59 np0005541909 container-server[123759]: diff:0 diff_capped:0 empty:0 hashmatch:0 no_change:16 remote_merge:0 rsync:0 ts_repl:0
Dec 2 08:33:08 np0005541909 proxy-server[125882]: - - 02/Dec/2025/08/33/08 HEAD /v1/AUTH_497073c2347a4b2dbbf501873318fbd3%3Fformat%3Djson HTTP/1.0 204 - Swift - - - - tx9420777b80bb423cbf62b-00692ea444 - 0.0081 RL - 1764664388.958114147 1764664388.966239691 -
Dec 2 08:33:08 np0005541909 container-server[124303]: 172.20.0.104 - - [02/Dec/2025:08:33:08 +0000] "HEAD /d1/1012/AUTH_497073c2347a4b2dbbf501873318fbd3/gnocchi.5084c030-e9b1-4bf2-995b-3ad7a43e1f6c" 404 - "HEAD http://172.18.0.121:8080/v1/AUTH_497073c2347a4b2dbbf501873318fbd3/gnocchi.5084c030-e9b1-4bf2-995b-3ad7a43e1f6c?format=json&states=listing" "txf403fbff2e5f4fc2902bd-00692ea444" "proxy-server 20" 0.0009 "-" 23 0
Dec 2 08:33:08 np0005541909 container-server[124300]: 172.20.0.103 - - [02/Dec/2025:08:33:08 +0000] "HEAD /d1/682/AUTH_497073c2347a4b2dbbf501873318fbd3/gnocchi.8fe2af1f-43cd-423a-83cb-b7c8ed26b471" 404 - "HEAD http://172.18.0.121:8080/v1/AUTH_497073c2347a4b2dbbf501873318fbd3/gnocchi.8fe2af1f-43cd-423a-83cb-b7c8ed26b471?format=json&states=listing" "tx9420777b80bb423cbf62b-00692ea444" "proxy-server 20" 0.0006 "-" 22 0
Dec 2 08:33:08 np0005541909 object-server[124636]: 172.20.0.104 - - [02/Dec/2025:08:33:08 +0000] "GET /d1/34/AUTH_497073c2347a4b2dbbf501873318fbd3/gnocchi.5084c030-e9b1-4bf2-995b-3ad7a43e1f6c/none_v3" 404 70 "GET http://172.18.0.121:8080/v1/AUTH_497073c2347a4b2dbbf501873318fbd3/gnocchi.5084c030-e9b1-4bf2-995b-3ad7a43e1f6c/none_v3" "txf403fbff2e5f4fc2902bd-00692ea444" "proxy-server 20" 0.0005 "-" 25 0
Dec 2 08:33:08 np0005541909 object-server[124636]: 172.20.0.103 - - [02/Dec/2025:08:33:08 +0000] "GET /d1/8/AUTH_497073c2347a4b2dbbf501873318fbd3/gnocchi.8fe2af1f-43cd-423a-83cb-b7c8ed26b471/none_v3" 404 70 "GET http://172.18.0.121:8080/v1/AUTH_497073c2347a4b2dbbf501873318fbd3/gnocchi.8fe2af1f-43cd-423a-83cb-b7c8ed26b471/none_v3" "tx9420777b80bb423cbf62b-00692ea444" "proxy-server 20" 0.0004 "-" 25 0
Dec 2 08:33:09 np0005541909 proxy-server[125882]: 172.18.0.121 172.18.0.104 02/Dec/2025/08/33/09 GET /v1/AUTH_497073c2347a4b2dbbf501873318fbd3/gnocchi.8fe2af1f-43cd-423a-83cb-b7c8ed26b471/none_v3 HTTP/1.0 404 - python-swiftclient-3.11.1 gAAAAABpLqP99yKL... - 70 - tx9420777b80bb423cbf62b-00692ea444 - 0.0442 - - 1764664388.956451178 1764664389.000638723 0
Dec 2 08:33:09 np0005541909 container-server[124300]: 172.20.0.105 - - [02/Dec/2025:08:33:09 +0000] "HEAD /d1/284/AUTH_497073c2347a4b2dbbf501873318fbd3/gnocchi.0b097e72-82e1-4a82-981d-0ba9200393f7" 404 - "HEAD http://172.18.0.121:8080/v1/AUTH_497073c2347a4b2dbbf501873318fbd3/gnocchi.0b097e72-82e1-4a82-981d-0ba9200393f7?format=json&states=listing" "tx6c3ba8cfc3cb4ede858ab-00692ea444" "proxy-server 20" 0.0005 "-" 22 0
Dec 2 08:33:09 np0005541909 object-server[124636]: 172.20.0.105 - - [02/Dec/2025:08:33:09 +0000] "GET /d1/149/AUTH_497073c2347a4b2dbbf501873318fbd3/gnocchi.0b097e72-82e1-4a82-981d-0ba9200393f7/none_v3" 404 70 "GET http://172.18.0.121:8080/v1/AUTH_497073c2347a4b2dbbf501873318fbd3/gnocchi.0b097e72-82e1-4a82-981d-0ba9200393f7/none_v3" "tx6c3ba8cfc3cb4ede858ab-00692ea444" "proxy-server 20" 0.0005 "-" 25 0
Dec 2 08:33:09 np0005541909 container-server[124300]: 172.20.0.104 - - [02/Dec/2025:08:33:09 +0000] "PUT /d1/1012/AUTH_497073c2347a4b2dbbf501873318fbd3/gnocchi.5084c030-e9b1-4bf2-995b-3ad7a43e1f6c" 201 - "PUT http://172.18.0.121:8080/v1/AUTH_497073c2347a4b2dbbf501873318fbd3/gnocchi.5084c030-e9b1-4bf2-995b-3ad7a43e1f6c" "tx8997af069f614d6aa99b4-00692ea445" "proxy-server 20" 0.0194 "-" 22 0
Dec 2 08:33:09 np0005541909 container-server[124303]: 172.20.0.103 - - [02/Dec/2025:08:33:09 +0000] "PUT /d1/682/AUTH_497073c2347a4b2dbbf501873318fbd3/gnocchi.8fe2af1f-43cd-423a-83cb-b7c8ed26b471" 201 - "PUT http://172.18.0.121:8080/v1/AUTH_497073c2347a4b2dbbf501873318fbd3/gnocchi.8fe2af1f-43cd-423a-83cb-b7c8ed26b471" "tx192773d890f34c709f7ec-00692ea445" "proxy-server 20" 0.0179 "-" 23 0
Dec 2 08:33:09 np0005541909 account-server[124133]: 172.20.0.105 - - [02/Dec/2025:08:33:09 +0000] "PUT /d1/626/AUTH_497073c2347a4b2dbbf501873318fbd3/gnocchi.5084c030-e9b1-4bf2-995b-3ad7a43e1f6c" 201 - "PUT http://172.20.0.105:6001/d1/1012/AUTH_497073c2347a4b2dbbf501873318fbd3/gnocchi.5084c030-e9b1-4bf2-995b-3ad7a43e1f6c" "tx8997af069f614d6aa99b4-00692ea445" "container-server 20" 0.0015 "-" 23 0
Dec 2 08:33:09 np0005541909 account-server[124112]: 172.20.0.105 - - [02/Dec/2025:08:33:09 +0000] "PUT /d1/626/AUTH_497073c2347a4b2dbbf501873318fbd3/gnocchi.8fe2af1f-43cd-423a-83cb-b7c8ed26b471" 201 - "PUT http://172.20.0.105:6001/d1/682/AUTH_497073c2347a4b2dbbf501873318fbd3/gnocchi.8fe2af1f-43cd-423a-83cb-b7c8ed26b471" "tx192773d890f34c709f7ec-00692ea445" "container-server 20" 0.0013 "-" 22 0
Dec 2 08:33:09 np0005541909 proxy-server[125882]: 172.18.0.121 172.18.0.104 02/Dec/2025/08/33/09 PUT /v1/AUTH_497073c2347a4b2dbbf501873318fbd3/gnocchi.8fe2af1f-43cd-423a-83cb-b7c8ed26b471 HTTP/1.0 201 - python-swiftclient-3.11.1 gAAAAABpLqP99yKL... - - - tx192773d890f34c709f7ec-00692ea445 - 0.0382 - - 1764664389.005822659 1764664389.044036150 0
Dec 2 08:33:09 np0005541909 account-server[124112]: 172.20.0.103 - - [02/Dec/2025:08:33:09 +0000] "PUT /d1/626/AUTH_497073c2347a4b2dbbf501873318fbd3/gnocchi.0b097e72-82e1-4a82-981d-0ba9200393f7" 201 - "PUT http://172.20.0.103:6001/d1/284/AUTH_497073c2347a4b2dbbf501873318fbd3/gnocchi.0b097e72-82e1-4a82-981d-0ba9200393f7" "tx9773054b41ae4b23bda78-00692ea445" "container-server 22" 0.0052 "-" 22 0
Dec 2 08:33:09 np0005541909 container-server[124300]: 172.20.0.105 - - [02/Dec/2025:08:33:09 +0000] "PUT /d1/284/AUTH_497073c2347a4b2dbbf501873318fbd3/gnocchi.0b097e72-82e1-4a82-981d-0ba9200393f7" 201 - "PUT http://172.18.0.121:8080/v1/AUTH_497073c2347a4b2dbbf501873318fbd3/gnocchi.0b097e72-82e1-4a82-981d-0ba9200393f7" "tx9773054b41ae4b23bda78-00692ea445" "proxy-server 20" 0.0167 "-" 22 0
Dec 2 08:33:09 np0005541909 proxy-server[125882]: - - 02/Dec/2025/08/33/09 HEAD /v1/AUTH_497073c2347a4b2dbbf501873318fbd3/gnocchi.8fe2af1f-43cd-423a-83cb-b7c8ed26b471%3Fformat%3Djson%26states%3Dlisting HTTP/1.0 204 - Swift - - - - txc13c030bdcdb467598a39-00692ea445 - 0.0069 RL - 1764664389.053169727 1764664389.060057402 0
Dec 2 08:33:09 np0005541909 proxy-server[125882]: 172.18.0.121 172.18.0.104 02/Dec/2025/08/33/09 GET /v1/AUTH_497073c2347a4b2dbbf501873318fbd3/gnocchi.8fe2af1f-43cd-423a-83cb-b7c8ed26b471%3Fformat%3Djson%26states%3Dlisting HTTP/1.0 200 - python-swiftclient-3.11.1 gAAAAABpLqP99yKL... - 2 - txc13c030bdcdb467598a39-00692ea445 - 0.0197 - - 1764664389.051322222 1764664389.071020603 0
Dec 2 08:33:09 np0005541909 object-server[124633]: 172.20.0.104 - - [02/Dec/2025:08:33:09 +0000] "GET /d1/759/AUTH_497073c2347a4b2dbbf501873318fbd3/gnocchi.5084c030-e9b1-4bf2-995b-3ad7a43e1f6c/1763640000.0_mean_300.0_v3" 404 70 "GET http://172.18.0.121:8080/v1/AUTH_497073c2347a4b2dbbf501873318fbd3/gnocchi.5084c030-e9b1-4bf2-995b-3ad7a43e1f6c/1763640000.0_mean_300.0_v3" "txd0aaf85120264bea9a966-00692ea445" "proxy-server 20" 0.0003 "-" 24 0
Dec 2 08:33:09 np0005541909 object-server[124636]: 172.20.0.103 - - [02/Dec/2025:08:33:09 +0000] "GET /d1/513/AUTH_497073c2347a4b2dbbf501873318fbd3/gnocchi.8fe2af1f-43cd-423a-83cb-b7c8ed26b471/1763640000.0_mean_300.0_v3" 404 70 "GET http://172.18.0.121:8080/v1/AUTH_497073c2347a4b2dbbf501873318fbd3/gnocchi.8fe2af1f-43cd-423a-83cb-b7c8ed26b471/1763640000.0_mean_300.0_v3" "tx11778f24f6c34fe6be44f-00692ea445" "proxy-server 20" 0.0003 "-" 25 0
Dec 2 08:33:09 np0005541909 proxy-server[125882]: 172.18.0.121 172.18.0.104 02/Dec/2025/08/33/09 GET /v1/AUTH_497073c2347a4b2dbbf501873318fbd3/gnocchi.8fe2af1f-43cd-423a-83cb-b7c8ed26b471/1763640000.0_mean_300.0_v3 HTTP/1.0 404 - python-swiftclient-3.11.1 gAAAAABpLqP99yKL... - 70 - tx11778f24f6c34fe6be44f-00692ea445 - 0.0149 - - 1764664389.076787949 1764664389.091680050 0
Dec 2 08:33:09 np0005541909 object-server[124630]: 172.20.0.105 - - [02/Dec/2025:08:33:09 +0000] "GET /d1/629/AUTH_497073c2347a4b2dbbf501873318fbd3/gnocchi.0b097e72-82e1-4a82-981d-0ba9200393f7/1763640000.0_mean_300.0_v3" 404 70 "GET http://172.18.0.121:8080/v1/AUTH_497073c2347a4b2dbbf501873318fbd3/gnocchi.0b097e72-82e1-4a82-981d-0ba9200393f7/1763640000.0_mean_300.0_v3" "tx2e85d36584484838a6fcc-00692ea445" "proxy-server 20" 0.0003 "-" 23 0
Dec 2 08:33:09 np0005541909 container-server[124293]: 172.20.0.103 - - [02/Dec/2025:08:33:09 +0000] "PUT /d1/1012/AUTH_497073c2347a4b2dbbf501873318fbd3/gnocchi.5084c030-e9b1-4bf2-995b-3ad7a43e1f6c/1763640000.0_mean_300.0_v3" 201 - "PUT http://172.18.0.121:8080/d1/759/AUTH_497073c2347a4b2dbbf501873318fbd3/gnocchi.5084c030-e9b1-4bf2-995b-3ad7a43e1f6c/1763640000.0_mean_300.0_v3" "tx2d1c295bfa98415282100-00692ea445" "object-server 24" 0.0009 "-" 21 0
Dec 2 08:33:09 np0005541909 container-server[124282]: 172.20.0.104 - - [02/Dec/2025:08:33:09 +0000] "PUT /d1/682/AUTH_497073c2347a4b2dbbf501873318fbd3/gnocchi.8fe2af1f-43cd-423a-83cb-b7c8ed26b471/1763640000.0_mean_300.0_v3" 201 - "PUT http://172.18.0.121:8080/d1/513/AUTH_497073c2347a4b2dbbf501873318fbd3/gnocchi.8fe2af1f-43cd-423a-83cb-b7c8ed26b471/1763640000.0_mean_300.0_v3" "txee7fe5831587430ca4ed8-00692ea445" "object-server 23" 0.0007 "-" 20 0
Dec 2 08:33:09 np0005541909 object-server[124633]: 172.20.0.104 - - [02/Dec/2025:08:33:09 +0000] "PUT /d1/759/AUTH_497073c2347a4b2dbbf501873318fbd3/gnocchi.5084c030-e9b1-4bf2-995b-3ad7a43e1f6c/1763640000.0_mean_300.0_v3" 201 - "PUT http://172.18.0.121:8080/v1/AUTH_497073c2347a4b2dbbf501873318fbd3/gnocchi.5084c030-e9b1-4bf2-995b-3ad7a43e1f6c/1763640000.0_mean_300.0_v3" "tx2d1c295bfa98415282100-00692ea445" "proxy-server 20" 0.0155 "-" 24 0
Dec 2 08:33:09 np0005541909 object-server[124630]: 172.20.0.103 - - [02/Dec/2025:08:33:09 +0000] "PUT /d1/513/AUTH_497073c2347a4b2dbbf501873318fbd3/gnocchi.8fe2af1f-43cd-423a-83cb-b7c8ed26b471/1763640000.0_mean_300.0_v3" 201 - "PUT http://172.18.0.121:8080/v1/AUTH_497073c2347a4b2dbbf501873318fbd3/gnocchi.8fe2af1f-43cd-423a-83cb-b7c8ed26b471/1763640000.0_mean_300.0_v3" "txee7fe5831587430ca4ed8-00692ea445" "proxy-server 20" 0.0184 "-" 23 0
Dec 2 08:33:09 np0005541909 proxy-server[125882]: 172.18.0.121 172.18.0.104 02/Dec/2025/08/33/09 PUT /v1/AUTH_497073c2347a4b2dbbf501873318fbd3/gnocchi.8fe2af1f-43cd-423a-83cb-b7c8ed26b471/1763640000.0_mean_300.0_v3 HTTP/1.0 201 - python-swiftclient-3.11.1 gAAAAABpLqP99yKL... 16 - - txee7fe5831587430ca4ed8-00692ea445 - 0.0310 - - 1764664389.096634388 1764664389.127634764 0
Dec 2 08:33:09 np0005541909 container-server[124300]: 172.20.0.103 - - [02/Dec/2025:08:33:09 +0000] "PUT /d1/284/AUTH_497073c2347a4b2dbbf501873318fbd3/gnocchi.0b097e72-82e1-4a82-981d-0ba9200393f7/1763640000.0_mean_300.0_v3" 201 - "PUT http://172.18.0.121:8080/d1/629/AUTH_497073c2347a4b2dbbf501873318fbd3/gnocchi.0b097e72-82e1-4a82-981d-0ba9200393f7/1763640000.0_mean_300.0_v3" "tx65a5a64be9c24451aff14-00692ea445" "object-server 24" 0.0007 "-" 22 0
Dec 2 08:33:09 np0005541909 object-server[124633]: 172.20.0.105 - - [02/Dec/2025:08:33:09 +0000] "PUT /d1/629/AUTH_497073c2347a4b2dbbf501873318fbd3/gnocchi.0b097e72-82e1-4a82-981d-0ba9200393f7/1763640000.0_mean_300.0_v3" 201 - "PUT http://172.18.0.121:8080/v1/AUTH_497073c2347a4b2dbbf501873318fbd3/gnocchi.0b097e72-82e1-4a82-981d-0ba9200393f7/1763640000.0_mean_300.0_v3" "tx65a5a64be9c24451aff14-00692ea445" "proxy-server 20" 0.0145 "-" 24 0
Dec 2 08:33:09 np0005541909 container-server[124303]: 172.20.0.105 - - [02/Dec/2025:08:33:09 +0000] "PUT /d1/1012/AUTH_497073c2347a4b2dbbf501873318fbd3/gnocchi.5084c030-e9b1-4bf2-995b-3ad7a43e1f6c/none_v3" 201 - "PUT http://172.18.0.121:8080/d1/34/AUTH_497073c2347a4b2dbbf501873318fbd3/gnocchi.5084c030-e9b1-4bf2-995b-3ad7a43e1f6c/none_v3" "tx4d944d2fe3044c0693745-00692ea445" "object-server 24" 0.0005 "-" 23 0
Dec 2 08:33:09 np0005541909 container-server[124293]: 172.20.0.103 - - [02/Dec/2025:08:33:09 +0000] "PUT /d1/682/AUTH_497073c2347a4b2dbbf501873318fbd3/gnocchi.8fe2af1f-43cd-423a-83cb-b7c8ed26b471/none_v3" 201 - "PUT http://172.18.0.121:8080/d1/8/AUTH_497073c2347a4b2dbbf501873318fbd3/gnocchi.8fe2af1f-43cd-423a-83cb-b7c8ed26b471/none_v3" "tx2ed7c9715b8949f4abf2f-00692ea445" "object-server 22" 0.0006 "-" 21 0
Dec 2 08:33:09 np0005541909 object-server[124628]: 172.20.0.103 - - [02/Dec/2025:08:33:09 +0000] "PUT /d1/8/AUTH_497073c2347a4b2dbbf501873318fbd3/gnocchi.8fe2af1f-43cd-423a-83cb-b7c8ed26b471/none_v3" 201 - "PUT http://172.18.0.121:8080/v1/AUTH_497073c2347a4b2dbbf501873318fbd3/gnocchi.8fe2af1f-43cd-423a-83cb-b7c8ed26b471/none_v3" "tx2ed7c9715b8949f4abf2f-00692ea445" "proxy-server 20" 0.0114 "-" 22 0
Dec 2 08:33:09 np0005541909 object-server[124630]: 172.20.0.104 - - [02/Dec/2025:08:33:09 +0000] "PUT /d1/34/AUTH_497073c2347a4b2dbbf501873318fbd3/gnocchi.5084c030-e9b1-4bf2-995b-3ad7a43e1f6c/none_v3" 201 - "PUT http://172.18.0.121:8080/v1/AUTH_497073c2347a4b2dbbf501873318fbd3/gnocchi.5084c030-e9b1-4bf2-995b-3ad7a43e1f6c/none_v3" "tx4d944d2fe3044c0693745-00692ea445" "proxy-server 20" 0.0160 "-" 23 0
Dec 2 08:33:09 np0005541909 proxy-server[125882]: 172.18.0.121 172.18.0.104 02/Dec/2025/08/33/09 PUT /v1/AUTH_497073c2347a4b2dbbf501873318fbd3/gnocchi.8fe2af1f-43cd-423a-83cb-b7c8ed26b471/none_v3 HTTP/1.0 201 - python-swiftclient-3.11.1 gAAAAABpLqP99yKL... 22 - - tx2ed7c9715b8949f4abf2f-00692ea445 - 0.0269 - - 1764664389.131929398 1764664389.158784151 0
Dec 2 08:33:09 np0005541909 container-server[124293]: 172.20.0.105 - - [02/Dec/2025:08:33:09 +0000] "PUT /d1/284/AUTH_497073c2347a4b2dbbf501873318fbd3/gnocchi.0b097e72-82e1-4a82-981d-0ba9200393f7/none_v3" 201 - "PUT http://172.18.0.121:8080/d1/149/AUTH_497073c2347a4b2dbbf501873318fbd3/gnocchi.0b097e72-82e1-4a82-981d-0ba9200393f7/none_v3" "tx6ca212d247744039b020c-00692ea445" "object-server 24" 0.0007 "-" 21 0
Dec 2 08:33:09 np0005541909 object-server[124628]: 172.20.0.105 - - [02/Dec/2025:08:33:09 +0000] "PUT /d1/149/AUTH_497073c2347a4b2dbbf501873318fbd3/gnocchi.0b097e72-82e1-4a82-981d-0ba9200393f7/none_v3" 201 - "PUT http://172.18.0.121:8080/v1/AUTH_497073c2347a4b2dbbf501873318fbd3/gnocchi.0b097e72-82e1-4a82-981d-0ba9200393f7/none_v3" "tx6ca212d247744039b020c-00692ea445" "proxy-server 20" 0.0118 "-" 22 0
Dec 2 08:33:09 np0005541909 container-server[124282]: 172.20.0.104 - - [02/Dec/2025:08:33:09 +0000] "HEAD /d1/368/AUTH_497073c2347a4b2dbbf501873318fbd3/gnocchi.5eae7247-51a1-48a1-bc57-74888088b621" 404 - "HEAD http://172.18.0.121:8080/v1/AUTH_497073c2347a4b2dbbf501873318fbd3/gnocchi.5eae7247-51a1-48a1-bc57-74888088b621?format=json&states=listing" "tx21c5d7c5b73348f09d640-00692ea445" "proxy-server 20" 0.0004 "-" 20 0
Dec 2 08:33:09 np0005541909 object-server[124636]: 172.20.0.104 - - [02/Dec/2025:08:33:09 +0000] "GET /d1/786/AUTH_497073c2347a4b2dbbf501873318fbd3/gnocchi.5eae7247-51a1-48a1-bc57-74888088b621/none_v3" 404 70 "GET http://172.18.0.121:8080/v1/AUTH_497073c2347a4b2dbbf501873318fbd3/gnocchi.5eae7247-51a1-48a1-bc57-74888088b621/none_v3" "tx21c5d7c5b73348f09d640-00692ea445" "proxy-server 20" 0.0003 "-" 25 0
Dec 2 08:33:09 np0005541909 container-server[124282]: 172.20.0.103 - - [02/Dec/2025:08:33:09 +0000] "HEAD /d1/542/AUTH_497073c2347a4b2dbbf501873318fbd3/gnocchi.9f146626-dc56-416e-ab40-62adce36f3ed" 404 - "HEAD http://172.18.0.121:8080/v1/AUTH_497073c2347a4b2dbbf501873318fbd3/gnocchi.9f146626-dc56-416e-ab40-62adce36f3ed?format=json&states=listing" "tx6b3a76ed0441440891e52-00692ea445" "proxy-server 20" 0.0003 "-" 20 0
Dec 2 08:33:09 np0005541909 container-server[124303]: 172.20.0.105 - - [02/Dec/2025:08:33:09 +0000] "HEAD /d1/565/AUTH_497073c2347a4b2dbbf501873318fbd3/gnocchi.a84f9e15-acf9-46c7-9262-c209fcc4bcba" 404 - "HEAD http://172.18.0.121:8080/v1/AUTH_497073c2347a4b2dbbf501873318fbd3/gnocchi.a84f9e15-acf9-46c7-9262-c209fcc4bcba?format=json&states=listing" "txafee5008e3954b38bab37-00692ea445" "proxy-server 20" 0.0006 "-" 23 0
Dec 2 08:33:09 np0005541909 object-server[124636]: 172.20.0.105 - - [02/Dec/2025:08:33:09 +0000] "GET /d1/914/AUTH_497073c2347a4b2dbbf501873318fbd3/gnocchi.a84f9e15-acf9-46c7-9262-c209fcc4bcba/none_v3" 404 70 "GET http://172.18.0.121:8080/v1/AUTH_497073c2347a4b2dbbf501873318fbd3/gnocchi.a84f9e15-acf9-46c7-9262-c209fcc4bcba/none_v3" "txafee5008e3954b38bab37-00692ea445" "proxy-server 20" 0.0003 "-" 25 0
Dec 2 08:33:09 np0005541909 object-server[124633]: 172.20.0.103 - - [02/Dec/2025:08:33:09 +0000] "GET /d1/370/AUTH_497073c2347a4b2dbbf501873318fbd3/gnocchi.9f146626-dc56-416e-ab40-62adce36f3ed/none_v3" 404 70 "GET http://172.18.0.121:8080/v1/AUTH_497073c2347a4b2dbbf501873318fbd3/gnocchi.9f146626-dc56-416e-ab40-62adce36f3ed/none_v3" "tx6b3a76ed0441440891e52-00692ea445" "proxy-server 20" 0.0003 "-" 24 0
Dec 2 08:33:09 np0005541909 proxy-server[125882]: 172.18.0.105 172.18.0.104 02/Dec/2025/08/33/09 GET /v1/AUTH_497073c2347a4b2dbbf501873318fbd3/gnocchi.9f146626-dc56-416e-ab40-62adce36f3ed/none_v3 HTTP/1.0 404 - python-swiftclient-3.11.1 gAAAAABpLqO0YxeR... - 70 - tx6b3a76ed0441440891e52-00692ea445 - 0.0234 - - 1764664389.179905891 1764664389.203328609 0
Dec 2 08:33:09 np0005541909 account-server[124108]: 172.20.0.104 - - [02/Dec/2025:08:33:09 +0000] "PUT /d1/626/AUTH_497073c2347a4b2dbbf501873318fbd3/gnocchi.5eae7247-51a1-48a1-bc57-74888088b621" 201 - "PUT http://172.20.0.104:6001/d1/368/AUTH_497073c2347a4b2dbbf501873318fbd3/gnocchi.5eae7247-51a1-48a1-bc57-74888088b621" "txa46fa7a9695e4a35be734-00692ea445" "container-server 21" 0.0062 "-" 21 0
Dec 2 08:33:09 np0005541909 container-server[124293]: 172.20.0.104 - - [02/Dec/2025:08:33:09 +0000] "PUT /d1/368/AUTH_497073c2347a4b2dbbf501873318fbd3/gnocchi.5eae7247-51a1-48a1-bc57-74888088b621" 201 - "PUT http://172.18.0.121:8080/v1/AUTH_497073c2347a4b2dbbf501873318fbd3/gnocchi.5eae7247-51a1-48a1-bc57-74888088b621" "txa46fa7a9695e4a35be734-00692ea445" "proxy-server 20" 0.0187 "-" 21 0
Dec 2 08:33:09 np0005541909 container-server[124282]: 172.20.0.103 - - [02/Dec/2025:08:33:09 +0000] "PUT /d1/542/AUTH_497073c2347a4b2dbbf501873318fbd3/gnocchi.9f146626-dc56-416e-ab40-62adce36f3ed" 201 - "PUT http://172.18.0.121:8080/v1/AUTH_497073c2347a4b2dbbf501873318fbd3/gnocchi.9f146626-dc56-416e-ab40-62adce36f3ed" "txc1d2c75286d64b49b994b-00692ea445" "proxy-server 20" 0.0180 "-" 20 0
Dec 2 08:33:09 np0005541909 container-server[124303]: 172.20.0.104 - - [02/Dec/2025:08:33:09 +0000] "HEAD /d1/368/AUTH_497073c2347a4b2dbbf501873318fbd3/gnocchi.5eae7247-51a1-48a1-bc57-74888088b621" 204 - "HEAD http://172.18.0.121:8080/v1/AUTH_497073c2347a4b2dbbf501873318fbd3/gnocchi.5eae7247-51a1-48a1-bc57-74888088b621?format=json&states=listing" "tx857282729fcd4182b0f55-00692ea445" "proxy-server 20" 0.0016 "-" 23 0
Dec 2 08:33:09 np0005541909 container-server[124293]: 172.20.0.105 - - [02/Dec/2025:08:33:09 +0000] "PUT /d1/565/AUTH_497073c2347a4b2dbbf501873318fbd3/gnocchi.a84f9e15-acf9-46c7-9262-c209fcc4bcba" 201 - "PUT http://172.18.0.121:8080/v1/AUTH_497073c2347a4b2dbbf501873318fbd3/gnocchi.a84f9e15-acf9-46c7-9262-c209fcc4bcba" "txe180db33754244b5a431a-00692ea445" "proxy-server 20" 0.0295 "-" 21 0
Dec 2 08:33:09 np0005541909 account-server[124133]: 172.20.0.104 - - [02/Dec/2025:08:33:09 +0000] "PUT /d1/626/AUTH_497073c2347a4b2dbbf501873318fbd3/gnocchi.9f146626-dc56-416e-ab40-62adce36f3ed" 201 - "PUT http://172.20.0.104:6001/d1/542/AUTH_497073c2347a4b2dbbf501873318fbd3/gnocchi.9f146626-dc56-416e-ab40-62adce36f3ed" "txc1d2c75286d64b49b994b-00692ea445" "container-server 23" 0.0060 "-" 23 0
Dec 2 08:33:09 np0005541909 proxy-server[125882]: 172.18.0.105 172.18.0.104 02/Dec/2025/08/33/09 PUT /v1/AUTH_497073c2347a4b2dbbf501873318fbd3/gnocchi.9f146626-dc56-416e-ab40-62adce36f3ed HTTP/1.0 201 - python-swiftclient-3.11.1 gAAAAABpLqO0YxeR... - - - txc1d2c75286d64b49b994b-00692ea445 - 0.0432 - - 1764664389.207113981 1764664389.250355721 0
Dec 2 08:33:09 np0005541909 container-server[124300]: 172.20.0.104 - - [02/Dec/2025:08:33:09 +0000] "GET /d1/368/AUTH_497073c2347a4b2dbbf501873318fbd3/gnocchi.5eae7247-51a1-48a1-bc57-74888088b621" 200 2 "GET http://172.18.0.121:8080/v1/AUTH_497073c2347a4b2dbbf501873318fbd3/gnocchi.5eae7247-51a1-48a1-bc57-74888088b621?format=json&states=listing" "tx857282729fcd4182b0f55-00692ea445" "proxy-server 20" 0.0018 "-" 22 0
Dec 2 08:33:09 np0005541909 account-server[124133]: 172.20.0.104 - - [02/Dec/2025:08:33:09 +0000] "PUT /d1/626/AUTH_497073c2347a4b2dbbf501873318fbd3/gnocchi.a84f9e15-acf9-46c7-9262-c209fcc4bcba" 201 - "PUT http://172.20.0.104:6001/d1/565/AUTH_497073c2347a4b2dbbf501873318fbd3/gnocchi.a84f9e15-acf9-46c7-9262-c209fcc4bcba" "txe180db33754244b5a431a-00692ea445" "container-server 23" 0.0053 "-" 23 0
Dec 2 08:33:09 np0005541909 proxy-server[125882]: - - 02/Dec/2025/08/33/09 HEAD /v1/AUTH_497073c2347a4b2dbbf501873318fbd3/gnocchi.9f146626-dc56-416e-ab40-62adce36f3ed%3Fformat%3Djson%26states%3Dlisting HTTP/1.0 204 - Swift - - - - tx6badf784195142e18ea91-00692ea445 - 0.0076 RL - 1764664389.255595922 1764664389.263146400 0
Dec 2 08:33:09 np0005541909 container-server[124282]: 172.20.0.103 - - [02/Dec/2025:08:33:09 +0000] "GET /d1/542/AUTH_497073c2347a4b2dbbf501873318fbd3/gnocchi.9f146626-dc56-416e-ab40-62adce36f3ed" 200 2 "GET http://172.18.0.121:8080/v1/AUTH_497073c2347a4b2dbbf501873318fbd3/gnocchi.9f146626-dc56-416e-ab40-62adce36f3ed?format=json&states=listing" "tx6badf784195142e18ea91-00692ea445" "proxy-server 20" 0.0029 "-" 20 0
Dec 2 08:33:09 np0005541909 object-server[124630]: 172.20.0.104 - - [02/Dec/2025:08:33:09 +0000] "GET /d1/990/AUTH_497073c2347a4b2dbbf501873318fbd3/gnocchi.5eae7247-51a1-48a1-bc57-74888088b621/1763640000.0_mean_300.0_v3" 404 70 "GET http://172.18.0.121:8080/v1/AUTH_497073c2347a4b2dbbf501873318fbd3/gnocchi.5eae7247-51a1-48a1-bc57-74888088b621/1763640000.0_mean_300.0_v3" "tx8cd28be4361349918fd52-00692ea445" "proxy-server 20" 0.0005 "-" 23 0
Dec 2 08:33:09 np0005541909 container-server[124293]: 172.20.0.105 - - [02/Dec/2025:08:33:09 +0000] "GET /d1/565/AUTH_497073c2347a4b2dbbf501873318fbd3/gnocchi.a84f9e15-acf9-46c7-9262-c209fcc4bcba" 200 2 "GET http://172.18.0.121:8080/v1/AUTH_497073c2347a4b2dbbf501873318fbd3/gnocchi.a84f9e15-acf9-46c7-9262-c209fcc4bcba?format=json&states=listing" "tx2b1631a84a684e8c8af5b-00692ea445" "proxy-server 20" 0.0024 "-" 21 0
Dec 2 08:33:09 np0005541909 proxy-server[125882]: 172.18.0.105 172.18.0.104 02/Dec/2025/08/33/09 GET /v1/AUTH_497073c2347a4b2dbbf501873318fbd3/gnocchi.9f146626-dc56-416e-ab40-62adce36f3ed%3Fformat%3Djson%26states%3Dlisting HTTP/1.0 200 - python-swiftclient-3.11.1 gAAAAABpLqO0YxeR... - 2 - tx6badf784195142e18ea91-00692ea445 - 0.0200 - - 1764664389.253873825 1764664389.273889065 0
Dec 2 08:33:09 np0005541909 object-server[124628]: 172.20.0.103 - - [02/Dec/2025:08:33:09 +0000] "GET /d1/372/AUTH_497073c2347a4b2dbbf501873318fbd3/gnocchi.9f146626-dc56-416e-ab40-62adce36f3ed/1763640000.0_mean_300.0_v3" 404 70 "GET http://172.18.0.121:8080/v1/AUTH_497073c2347a4b2dbbf501873318fbd3/gnocchi.9f146626-dc56-416e-ab40-62adce36f3ed/1763640000.0_mean_300.0_v3" "txf6275c6aa5e749b39a31b-00692ea445" "proxy-server 20" 0.0004 "-" 22 0
Dec 2 08:33:09 np0005541909 proxy-server[125882]: 172.18.0.105 172.18.0.104 02/Dec/2025/08/33/09 GET /v1/AUTH_497073c2347a4b2dbbf501873318fbd3/gnocchi.9f146626-dc56-416e-ab40-62adce36f3ed/1763640000.0_mean_300.0_v3 HTTP/1.0 404 - python-swiftclient-3.11.1 gAAAAABpLqO0YxeR... - 70 - txf6275c6aa5e749b39a31b-00692ea445 - 0.0173 - - 1764664389.281502247 1764664389.298774242 0
Dec 2 08:33:09 np0005541909 container-server[124303]: 172.20.0.105 - - [02/Dec/2025:08:33:09 +0000] "PUT /d1/368/AUTH_497073c2347a4b2dbbf501873318fbd3/gnocchi.5eae7247-51a1-48a1-bc57-74888088b621/1763640000.0_mean_300.0_v3" 201 - "PUT http://172.18.0.121:8080/d1/990/AUTH_497073c2347a4b2dbbf501873318fbd3/gnocchi.5eae7247-51a1-48a1-bc57-74888088b621/1763640000.0_mean_300.0_v3" "tx767d850aaeef43438ef39-00692ea445" "object-server 23" 0.0007 "-" 23 0
Dec 2 08:33:09 np0005541909 object-server[124633]: 172.20.0.105 - - [02/Dec/2025:08:33:09 +0000] "GET /d1/263/AUTH_497073c2347a4b2dbbf501873318fbd3/gnocchi.a84f9e15-acf9-46c7-9262-c209fcc4bcba/1763640000.0_mean_300.0_v3" 404 70 "GET http://172.18.0.121:8080/v1/AUTH_497073c2347a4b2dbbf501873318fbd3/gnocchi.a84f9e15-acf9-46c7-9262-c209fcc4bcba/1763640000.0_mean_300.0_v3" "tx11da16c79b9446a79e4e2-00692ea445" "proxy-server 20" 0.0003 "-" 24 0
Dec 2 08:33:09 np0005541909 object-server[124628]: 172.20.0.104 - - [02/Dec/2025:08:33:09 +0000] "PUT /d1/990/AUTH_497073c2347a4b2dbbf501873318fbd3/gnocchi.5eae7247-51a1-48a1-bc57-74888088b621/1763640000.0_mean_300.0_v3" 201 - "PUT http://172.18.0.121:8080/v1/AUTH_497073c2347a4b2dbbf501873318fbd3/gnocchi.5eae7247-51a1-48a1-bc57-74888088b621/1763640000.0_mean_300.0_v3" "tx767d850aaeef43438ef39-00692ea445" "proxy-server 20" 0.0135 "-" 22 0
Dec 2 08:33:09 np0005541909 container-server[124300]: 172.20.0.103 - - [02/Dec/2025:08:33:09 +0000] "PUT /d1/542/AUTH_497073c2347a4b2dbbf501873318fbd3/gnocchi.9f146626-dc56-416e-ab40-62adce36f3ed/1763640000.0_mean_300.0_v3" 201 - "PUT http://172.18.0.121:8080/d1/372/AUTH_497073c2347a4b2dbbf501873318fbd3/gnocchi.9f146626-dc56-416e-ab40-62adce36f3ed/1763640000.0_mean_300.0_v3" "tx28d77af3865243be8ab65-00692ea445" "object-server 24" 0.0008 "-" 22 0
Dec 2 08:33:09 np0005541909 object-server[124633]: 172.20.0.103 - - [02/Dec/2025:08:33:09 +0000] "PUT /d1/372/AUTH_497073c2347a4b2dbbf501873318fbd3/gnocchi.9f146626-dc56-416e-ab40-62adce36f3ed/1763640000.0_mean_300.0_v3" 201 - "PUT http://172.18.0.121:8080/v1/AUTH_497073c2347a4b2dbbf501873318fbd3/gnocchi.9f146626-dc56-416e-ab40-62adce36f3ed/1763640000.0_mean_300.0_v3" "tx28d77af3865243be8ab65-00692ea445" "proxy-server 20" 0.0132 "-" 24 0
Dec 2 08:33:09 np0005541909 proxy-server[125882]: 172.18.0.105 172.18.0.104 02/Dec/2025/08/33/09 PUT /v1/AUTH_497073c2347a4b2dbbf501873318fbd3/gnocchi.9f146626-dc56-416e-ab40-62adce36f3ed/1763640000.0_mean_300.0_v3 HTTP/1.0 201 - python-swiftclient-3.11.1 gAAAAABpLqO0YxeR... 16 - - tx28d77af3865243be8ab65-00692ea445 - 0.0238 - - 1764664389.303648710 1764664389.327491999 0
Dec 2 08:33:09 np0005541909 container-server[124282]: 172.20.0.103 - - [02/Dec/2025:08:33:09 +0000] "PUT /d1/368/AUTH_497073c2347a4b2dbbf501873318fbd3/gnocchi.5eae7247-51a1-48a1-bc57-74888088b621/none_v3" 201 - "PUT http://172.18.0.121:8080/d1/786/AUTH_497073c2347a4b2dbbf501873318fbd3/gnocchi.5eae7247-51a1-48a1-bc57-74888088b621/none_v3" "tx4460d035c02e45db99597-00692ea445" "object-server 22" 0.0009 "-" 20 0
Dec 2 08:33:09 np0005541909 object-server[124628]: 172.20.0.104 - - [02/Dec/2025:08:33:09 +0000] "PUT /d1/786/AUTH_497073c2347a4b2dbbf501873318fbd3/gnocchi.5eae7247-51a1-48a1-bc57-74888088b621/none_v3" 201 - "PUT http://172.18.0.121:8080/v1/AUTH_497073c2347a4b2dbbf501873318fbd3/gnocchi.5eae7247-51a1-48a1-bc57-74888088b621/none_v3" "tx4460d035c02e45db99597-00692ea445" "proxy-server 20" 0.0111 "-" 22 0
Dec 2 08:33:09 np0005541909 object-server[124628]: 172.20.0.105 - - [02/Dec/2025:08:33:09 +0000] "PUT /d1/263/AUTH_497073c2347a4b2dbbf501873318fbd3/gnocchi.a84f9e15-acf9-46c7-9262-c209fcc4bcba/1763640000.0_mean_300.0_v3" 201 - "PUT http://172.18.0.121:8080/v1/AUTH_497073c2347a4b2dbbf501873318fbd3/gnocchi.a84f9e15-acf9-46c7-9262-c209fcc4bcba/1763640000.0_mean_300.0_v3" "txd0fa59db3649430285ad3-00692ea445" "proxy-server 20" 0.0143 "-" 22 0
Dec 2 08:33:09 np0005541909 container-server[124303]: 172.20.0.104 - - [02/Dec/2025:08:33:09 +0000] "PUT /d1/565/AUTH_497073c2347a4b2dbbf501873318fbd3/gnocchi.a84f9e15-acf9-46c7-9262-c209fcc4bcba/1763640000.0_mean_300.0_v3" 201 - "PUT http://172.18.0.121:8080/d1/263/AUTH_497073c2347a4b2dbbf501873318fbd3/gnocchi.a84f9e15-acf9-46c7-9262-c209fcc4bcba/1763640000.0_mean_300.0_v3" "txd0fa59db3649430285ad3-00692ea445" "object-server 24" 0.0008 "-" 23 0
Dec 2 08:33:09 np0005541909 container-server[124303]: 172.20.0.103 - - [02/Dec/2025:08:33:09 +0000] "PUT /d1/542/AUTH_497073c2347a4b2dbbf501873318fbd3/gnocchi.9f146626-dc56-416e-ab40-62adce36f3ed/none_v3" 201 - "PUT http://172.18.0.121:8080/d1/370/AUTH_497073c2347a4b2dbbf501873318fbd3/gnocchi.9f146626-dc56-416e-ab40-62adce36f3ed/none_v3" "txdbeb7426eec54d1897b14-00692ea445" "object-server 24" 0.0014 "-" 23 0
Dec 2 08:33:09 np0005541909 object-server[124633]: 172.20.0.103 - - [02/Dec/2025:08:33:09 +0000] "PUT /d1/370/AUTH_497073c2347a4b2dbbf501873318fbd3/gnocchi.9f146626-dc56-416e-ab40-62adce36f3ed/none_v3" 201 - "PUT http://172.18.0.121:8080/v1/AUTH_497073c2347a4b2dbbf501873318fbd3/gnocchi.9f146626-dc56-416e-ab40-62adce36f3ed/none_v3" "txdbeb7426eec54d1897b14-00692ea445" "proxy-server 20" 0.0131 "-" 24 0
Dec 2 08:33:09 np0005541909 container-server[124293]: 172.20.0.105 - - [02/Dec/2025:08:33:09 +0000] "PUT /d1/565/AUTH_497073c2347a4b2dbbf501873318fbd3/gnocchi.a84f9e15-acf9-46c7-9262-c209fcc4bcba/none_v3" 201 - "PUT http://172.18.0.121:8080/d1/914/AUTH_497073c2347a4b2dbbf501873318fbd3/gnocchi.a84f9e15-acf9-46c7-9262-c209fcc4bcba/none_v3" "tx3c09c52c414f417ab6bbc-00692ea445" "object-server 23" 0.0006 "-" 21 0
Dec 2 08:33:09 np0005541909 proxy-server[125882]: 172.18.0.105 172.18.0.104 02/Dec/2025/08/33/09 PUT /v1/AUTH_497073c2347a4b2dbbf501873318fbd3/gnocchi.9f146626-dc56-416e-ab40-62adce36f3ed/none_v3 HTTP/1.0 201 - python-swiftclient-3.11.1 gAAAAABpLqO0YxeR... 22 - - txdbeb7426eec54d1897b14-00692ea445 - 0.0262 - - 1764664389.332752228 1764664389.358987808 0
Dec 2 08:33:09 np0005541909 object-server[124633]: 172.20.0.104 - - [02/Dec/2025:08:33:09 +0000] "PUT /d1/914/AUTH_497073c2347a4b2dbbf501873318fbd3/gnocchi.a84f9e15-acf9-46c7-9262-c209fcc4bcba/none_v3" 201 - "PUT http://172.18.0.121:8080/v1/AUTH_497073c2347a4b2dbbf501873318fbd3/gnocchi.a84f9e15-acf9-46c7-9262-c209fcc4bcba/none_v3" "tx3c09c52c414f417ab6bbc-00692ea445" "proxy-server 20" 0.0148 "-" 24 0
Dec 2 08:33:09 np0005541909 container-server[124293]: 172.20.0.105 - - [02/Dec/2025:08:33:09 +0000] "HEAD /d1/500/AUTH_497073c2347a4b2dbbf501873318fbd3/gnocchi.1cbcdd7a-19b9-436b-b6cc-d4b320de27a8" 404 - "HEAD http://172.18.0.121:8080/v1/AUTH_497073c2347a4b2dbbf501873318fbd3/gnocchi.1cbcdd7a-19b9-436b-b6cc-d4b320de27a8?format=json&states=listing" "txa62bf7b2b03a480a8dff2-00692ea445" "proxy-server 20" 0.0003 "-" 21 0
Dec 2 08:33:09 np0005541909 object-server[124628]: 172.20.0.105 - - [02/Dec/2025:08:33:09 +0000] "GET /d1/407/AUTH_497073c2347a4b2dbbf501873318fbd3/gnocchi.1cbcdd7a-19b9-436b-b6cc-d4b320de27a8/none_v3" 404 70 "GET http://172.18.0.121:8080/v1/AUTH_497073c2347a4b2dbbf501873318fbd3/gnocchi.1cbcdd7a-19b9-436b-b6cc-d4b320de27a8/none_v3" "txa62bf7b2b03a480a8dff2-00692ea445" "proxy-server 20" 0.0003 "-" 22 0
Dec 2 08:33:09 np0005541909 container-server[124293]: 172.20.0.103 - - [02/Dec/2025:08:33:09 +0000] "HEAD /d1/637/AUTH_497073c2347a4b2dbbf501873318fbd3/gnocchi.ea620841-f6f6-4ea7-84eb-b83ad5c40434" 404 - "HEAD http://172.18.0.121:8080/v1/AUTH_497073c2347a4b2dbbf501873318fbd3/gnocchi.ea620841-f6f6-4ea7-84eb-b83ad5c40434?format=json&states=listing" "tx1fb4686836ea4fa989024-00692ea445" "proxy-server 20" 0.0003 "-" 21 0
Dec 2 08:33:09 np0005541909 container-server[124293]: 172.20.0.104 - - [02/Dec/2025:08:33:09 +0000] "HEAD /d1/902/AUTH_497073c2347a4b2dbbf501873318fbd3/gnocchi.4f411340-6467-4bae-9d7e-9d5b273b0d2b" 404 - "HEAD http://172.18.0.121:8080/v1/AUTH_497073c2347a4b2dbbf501873318fbd3/gnocchi.4f411340-6467-4bae-9d7e-9d5b273b0d2b?format=json&states=listing" "tx8cd29d8addd34bcdb169d-00692ea445" "proxy-server 20" 0.0003 "-" 21 0
Dec 2 08:33:09 np0005541909 object-server[124636]: 172.20.0.103 - - [02/Dec/2025:08:33:09 +0000] "GET /d1/51/AUTH_497073c2347a4b2dbbf501873318fbd3/gnocchi.ea620841-f6f6-4ea7-84eb-b83ad5c40434/none_v3" 404 70 "GET http://172.18.0.121:8080/v1/AUTH_497073c2347a4b2dbbf501873318fbd3/gnocchi.ea620841-f6f6-4ea7-84eb-b83ad5c40434/none_v3" "tx1fb4686836ea4fa989024-00692ea445" "proxy-server 20" 0.0004 "-" 25 0
Dec 2 08:33:09 np0005541909 object-server[124633]: 172.20.0.104 - - [02/Dec/2025:08:33:09 +0000] "GET /d1/919/AUTH_497073c2347a4b2dbbf501873318fbd3/gnocchi.4f411340-6467-4bae-9d7e-9d5b273b0d2b/none_v3" 404 70 "GET http://172.18.0.121:8080/v1/AUTH_497073c2347a4b2dbbf501873318fbd3/gnocchi.4f411340-6467-4bae-9d7e-9d5b273b0d2b/none_v3" "tx8cd29d8addd34bcdb169d-00692ea445" "proxy-server 20" 0.0003 "-" 24 0
Dec 2 08:33:09 np0005541909 proxy-server[125882]: 172.18.0.105 172.18.0.104 02/Dec/2025/08/33/09 GET /v1/AUTH_497073c2347a4b2dbbf501873318fbd3/gnocchi.ea620841-f6f6-4ea7-84eb-b83ad5c40434/none_v3 HTTP/1.0 404 - python-swiftclient-3.11.1 gAAAAABpLqO0YxeR... - 70 - tx1fb4686836ea4fa989024-00692ea445 - 0.0327 - - 1764664389.376113653 1764664389.408783674 0
Dec 2 08:33:09 np0005541909 account-server[124108]: 172.20.0.103 - - [02/Dec/2025:08:33:09 +0000] "PUT /d1/626/AUTH_497073c2347a4b2dbbf501873318fbd3/gnocchi.1cbcdd7a-19b9-436b-b6cc-d4b320de27a8" 201 - "PUT http://172.20.0.103:6001/d1/500/AUTH_497073c2347a4b2dbbf501873318fbd3/gnocchi.1cbcdd7a-19b9-436b-b6cc-d4b320de27a8" "tx5c8e88c85fc844afa7d90-00692ea445" "container-server 23" 0.0086 "-" 21 0
Dec 2 08:33:09 np0005541909 container-server[124303]: 172.20.0.105 - - [02/Dec/2025:08:33:09 +0000] "PUT /d1/500/AUTH_497073c2347a4b2dbbf501873318fbd3/gnocchi.1cbcdd7a-19b9-436b-b6cc-d4b320de27a8" 201 - "PUT http://172.18.0.121:8080/v1/AUTH_497073c2347a4b2dbbf501873318fbd3/gnocchi.1cbcdd7a-19b9-436b-b6cc-d4b320de27a8" "tx5c8e88c85fc844afa7d90-00692ea445" "proxy-server 20" 0.0256 "-" 23 0
