Dec 2 08:33:55 np0005541909 object-server[229464]: Object audit (ALL) "forever" mode completed: 2.11s. Total quarantined: 0, Total errors: 0, Total files/sec: 20.85, Total bytes/sec: 400.82, Auditing time: 2.10, Rate: 0.99
Dec 2 08:33:55 np0005541909 account-server[123686]: Beginning replication run
Dec 2 08:33:55 np0005541909 account-server[123686]: Replication run OVER
Dec 2 08:33:55 np0005541909 account-server[123686]: Attempted to replicate 1 dbs in 0.05191 seconds (19.26472/s)
Dec 2 08:33:55 np0005541909 account-server[123686]: Removed 0 dbs
Dec 2 08:33:55 np0005541909 account-server[123686]: 2 successes, 0 failures
Dec 2 08:33:55 np0005541909 account-server[123686]: diff:0 diff_capped:0 empty:0 hashmatch:0 no_change:2 remote_merge:0 rsync:0 ts_repl:0
Dec 2 08:33:58 np0005541909 account-server[124133]: 172.20.0.105 - - [02/Dec/2025:08:33:58 +0000] "PUT /d1/626/AUTH_497073c2347a4b2dbbf501873318fbd3/gnocchi.8fe2af1f-43cd-423a-83cb-b7c8ed26b471" 201 - "-" "-" "container-updater 2" 0.0018 "-" 23 0
Dec 2 08:33:59 np0005541909 account-server[124133]: 172.20.0.105 - - [02/Dec/2025:08:33:59 +0000] "PUT /d1/626/AUTH_497073c2347a4b2dbbf501873318fbd3/gnocchi.8f240f26-142d-4151-bd38-13f126e4df57" 201 - "-" "-" "container-updater 2" 0.0005 "-" 23 0
Dec 2 08:33:59 np0005541909 account-server[124133]: 172.20.0.105 - - [02/Dec/2025:08:33:59 +0000] "PUT /d1/626/AUTH_497073c2347a4b2dbbf501873318fbd3/gnocchi.39960805-d346-4a13-9372-f097bcb99bc9" 201 - "-" "-" "container-updater 2" 0.0005 "-" 23 0
Dec 2 08:33:59 np0005541909 account-server[124108]: 172.20.0.105 - - [02/Dec/2025:08:33:59 +0000] "PUT /d1/626/AUTH_497073c2347a4b2dbbf501873318fbd3/gnocchi.9f146626-dc56-416e-ab40-62adce36f3ed" 201 - "-" "-" "container-updater 2" 0.0008 "-" 21 0
Dec 2 08:33:59 np0005541909 account-server[124093]: 172.20.0.105 - - [02/Dec/2025:08:33:59 +0000] "PUT /d1/626/AUTH_497073c2347a4b2dbbf501873318fbd3/gnocchi.4f411340-6467-4bae-9d7e-9d5b273b0d2b" 201 - "-" "-" "container-updater 2" 0.0007 "-" 20 0
Dec 2 08:33:59 np0005541909 account-server[124133]: 172.20.0.105 - - [02/Dec/2025:08:33:59 +0000] "PUT /d1/626/AUTH_497073c2347a4b2dbbf501873318fbd3/gnocchi.5eae7247-51a1-48a1-bc57-74888088b621" 201 - "-" "-" "container-updater 2" 0.0007 "-" 23 0
Dec 2 08:33:59 np0005541909 account-server[124133]: 172.20.0.105 - - [02/Dec/2025:08:33:59 +0000] "PUT /d1/626/AUTH_497073c2347a4b2dbbf501873318fbd3/gnocchi.8066c377-242c-49cc-b607-5f97997acc4c" 201 - "-" "-" "container-updater 2" 0.0008 "-" 23 0
Dec 2 08:33:59 np0005541909 account-server[124133]: 172.20.0.105 - - [02/Dec/2025:08:33:59 +0000] "PUT /d1/626/AUTH_497073c2347a4b2dbbf501873318fbd3/gnocchi.1cbcdd7a-19b9-436b-b6cc-d4b320de27a8" 201 - "-" "-" "container-updater 2" 0.0008 "-" 23 0
Dec 2 08:33:59 np0005541909 account-server[124112]: 172.20.0.105 - - [02/Dec/2025:08:33:59 +0000] "PUT /d1/626/AUTH_497073c2347a4b2dbbf501873318fbd3/gnocchi.aa341c8a-34ae-41de-9bc1-528198dca50e" 201 - "-" "-" "container-updater 2" 0.0007 "-" 22 0
Dec 2 08:33:59 np0005541909 account-server[124112]: 172.20.0.105 - - [02/Dec/2025:08:33:59 +0000] "PUT /d1/626/AUTH_497073c2347a4b2dbbf501873318fbd3/gnocchi.d9e1d6ea-e08c-41de-bcd0-88efa188da3a" 201 - "-" "-" "container-updater 2" 0.0008 "-" 22 0
Dec 2 08:33:59 np0005541909 account-server[124093]: 172.20.0.105 - - [02/Dec/2025:08:33:59 +0000] "PUT /d1/626/AUTH_497073c2347a4b2dbbf501873318fbd3/gnocchi.ddf19f68-2eb0-4238-8b7a-ba139ac243ca" 201 - "-" "-" "container-updater 2" 0.0007 "-" 20 0
Dec 2 08:33:59 np0005541909 container-server[123759]: Beginning replication run
Dec 2 08:33:59 np0005541909 account-server[124093]: 172.20.0.105 - - [02/Dec/2025:08:33:59 +0000] "PUT /d1/626/AUTH_497073c2347a4b2dbbf501873318fbd3/gnocchi.ea620841-f6f6-4ea7-84eb-b83ad5c40434" 201 - "-" "-" "container-updater 2" 0.0007 "-" 20 0
Dec 2 08:33:59 np0005541909 account-server[124133]: 172.20.0.105 - - [02/Dec/2025:08:33:59 +0000] "PUT /d1/626/AUTH_497073c2347a4b2dbbf501873318fbd3/gnocchi.df7e0595-991d-46c5-ab58-680948adb2b6" 201 - "-" "-" "container-updater 2" 0.0005 "-" 23 0
Dec 2 08:33:59 np0005541909 account-server[124093]: 172.20.0.105 - - [02/Dec/2025:08:33:59 +0000] "PUT /d1/626/AUTH_497073c2347a4b2dbbf501873318fbd3/gnocchi.5084c030-e9b1-4bf2-995b-3ad7a43e1f6c" 201 - "-" "-" "container-updater 2" 0.0005 "-" 20 0
Dec 2 08:34:00 np0005541909 account-server[124108]: 172.20.0.105 - - [02/Dec/2025:08:34:00 +0000] "PUT /d1/626/AUTH_497073c2347a4b2dbbf501873318fbd3/gnocchi.a84f9e15-acf9-46c7-9262-c209fcc4bcba" 201 - "-" "-" "container-updater 2" 0.0007 "-" 21 0
Dec 2 08:34:00 np0005541909 container-server[123759]: Replication run OVER
Dec 2 08:34:00 np0005541909 container-server[123759]: Attempted to replicate 22 dbs in 0.44129 seconds (49.85411/s)
Dec 2 08:34:00 np0005541909 container-server[123759]: Removed 0 dbs
Dec 2 08:34:00 np0005541909 container-server[123759]: 44 successes, 0 failures
Dec 2 08:34:00 np0005541909 container-server[123759]: diff:0 diff_capped:0 empty:0 hashmatch:0 no_change:44 remote_merge:0 rsync:0 ts_repl:0
Dec 2 08:34:00 np0005541909 account-server[124112]: 172.20.0.105 - - [02/Dec/2025:08:34:00 +0000] "PUT /d1/626/AUTH_497073c2347a4b2dbbf501873318fbd3/gnocchi.58b99940-1fe3-45c1-9db3-3dfd3571631f" 201 - "-" "-" "container-updater 2" 0.0007 "-" 22 0
Dec 2 08:34:00 np0005541909 account-server[124093]: 172.20.0.105 - - [02/Dec/2025:08:34:00 +0000] "PUT /d1/626/AUTH_497073c2347a4b2dbbf501873318fbd3/gnocchi.8b68dd01-139f-4dc8-bcb3-91db0d82d14d" 201 - "-" "-" "container-updater 2" 0.0009 "-" 20 0
Dec 2 08:34:00 np0005541909 account-server[124093]: 172.20.0.105 - - [02/Dec/2025:08:34:00 +0000] "PUT /d1/626/AUTH_497073c2347a4b2dbbf501873318fbd3/gnocchi.3dc0d1a9-e1cc-494d-8b4a-cd1ce36d370f" 201 - "-" "-" "container-updater 2" 0.0007 "-" 20 0
Dec 2 08:34:00 np0005541909 account-server[124112]: 172.20.0.105 - - [02/Dec/2025:08:34:00 +0000] "PUT /d1/626/AUTH_497073c2347a4b2dbbf501873318fbd3/gnocchi.0b097e72-82e1-4a82-981d-0ba9200393f7" 201 - "-" "-" "container-updater 2" 0.0007 "-" 22 0
Dec 2 08:34:00 np0005541909 account-server[124093]: 172.20.0.105 - - [02/Dec/2025:08:34:00 +0000] "PUT /d1/626/AUTH_497073c2347a4b2dbbf501873318fbd3/gnocchi.63897728-c6fe-45f1-9592-f9328b3109ed" 201 - "-" "-" "container-updater 2" 0.0011 "-" 20 0
Dec 2 08:34:00 np0005541909 account-server[124108]: 172.20.0.105 - - [02/Dec/2025:08:34:00 +0000] "PUT /d1/626/AUTH_497073c2347a4b2dbbf501873318fbd3/gnocchi.aa733041-fa18-4a3c-8227-f772e4afde17" 201 - "-" "-" "container-updater 2" 0.0007 "-" 21 0
Dec 2 08:34:00 np0005541909 account-server[124108]: 172.20.0.105 - - [02/Dec/2025:08:34:00 +0000] "PUT /d1/626/AUTH_497073c2347a4b2dbbf501873318fbd3/gnocchi.42f52e77-9dfe-4e03-b5be-5c08383de9cd" 201 - "-" "-" "container-updater 2" 0.0007 "-" 21 0
Dec 2 08:34:01 np0005541909 account-server[124108]: 172.20.0.105 - - [02/Dec/2025:08:34:01 +0000] "HEAD /d1/813/.expiring_objects" 404 - "HEAD http://localhost/v1/.expiring_objects?format=json" "txe88f7e40484f4546a55c4-00692ea479" "proxy-server 2" 0.0006 "-" 21 -
Dec 2 08:34:21 np0005541909 object-server[124297]: Starting object replication pass.
Dec 2 08:34:22 np0005541909 object-server[124297]: 43/43 (100.00%) partitions replicated in 0.41s (104.84/sec, 0s remaining)
Dec 2 08:34:22 np0005541909 object-server[124297]: 86 successes, 0 failures
Dec 2 08:34:22 np0005541909 object-server[124297]: 44 suffixes checked - 0.00% hashed, 0.00% synced
Dec 2 08:34:22 np0005541909 object-server[124297]: Partition times: max 0.0150s, min 0.0064s, med 0.0087s
Dec 2 08:34:22 np0005541909 object-server[124297]: Object replication complete. (0.01 minutes)
Dec 2 08:34:24 np0005541909 object-server[229579]: Begin object audit "forever" mode (ZBF)
Dec 2 08:34:24 np0005541909 object-server[229579]: Object audit (ZBF). Since Tue Dec 2 08:34:24 2025: Locally: 1 passed, 0 quarantined, 0 errors, files/sec: 458.54, bytes/sec: 0.00, Total time: 0.00, Auditing time: 0.00, Rate: 0.00
Dec 2 08:34:25 np0005541909 object-server[229579]: Object audit (ZBF) "forever" mode completed: 0.84s. Total quarantined: 0, Total errors: 0, Total files/sec: 52.12, Total bytes/sec: 0.00, Auditing time: 0.83, Rate: 0.98
Dec 2 08:34:25 np0005541909 account-server[123686]: Beginning replication run
Dec 2 08:34:25 np0005541909 account-server[123686]: Replication run OVER
Dec 2 08:34:25 np0005541909 account-server[123686]: Attempted to replicate 1 dbs in 0.02391 seconds (41.82992/s)
Dec 2 08:34:25 np0005541909 account-server[123686]: Removed 0 dbs
Dec 2 08:34:25 np0005541909 account-server[123686]: 2 successes, 0 failures
Dec 2 08:34:25 np0005541909 account-server[123686]: diff:0 diff_capped:0 empty:0 hashmatch:0 no_change:2 remote_merge:0 rsync:0 ts_repl:0
Dec 2 08:34:29 np0005541909 container-server[123759]: Beginning replication run
Dec 2 08:34:30 np0005541909 container-server[123759]: Replication run OVER
Dec 2 08:34:30 np0005541909 container-server[123759]: Attempted to replicate 22 dbs in 0.42841 seconds (51.35294/s)
Dec 2 08:34:30 np0005541909 container-server[123759]: Removed 0 dbs
Dec 2 08:34:30 np0005541909 container-server[123759]: 44 successes, 0 failures
Dec 2 08:34:30 np0005541909 container-server[123759]: diff:0 diff_capped:0 empty:0 hashmatch:0 no_change:44 remote_merge:0 rsync:0 ts_repl:0
Dec 2 08:34:30 np0005541909 account-server[124133]: 172.20.0.104 - - [02/Dec/2025:08:34:30 +0000] "HEAD /d1/813/.expiring_objects" 404 - "HEAD http://localhost/v1/.expiring_objects?format=json" "tx04307a3aab9a4f1ba1b57-00692ea496" "proxy-server 2" 0.0007 "-" 23 -
Dec 2 08:34:52 np0005541909 object-server[124297]: Starting object replication pass.
Dec 2 08:34:52 np0005541909 object-server[124297]: 43/43 (100.00%) partitions replicated in 0.42s (103.37/sec, 0s remaining)
Dec 2 08:34:52 np0005541909 object-server[124297]: 86 successes, 0 failures
Dec 2 08:34:52 np0005541909 object-server[124297]: 44 suffixes checked - 0.00% hashed, 0.00% synced
Dec 2 08:34:52 np0005541909 object-server[124297]: Partition times: max 0.0161s, min 0.0068s, med 0.0091s
Dec 2 08:34:52 np0005541909 object-server[124297]: Object replication complete. (0.01 minutes)
Dec 2 08:34:55 np0005541909 object-server[235575]: Begin object audit "forever" mode (ALL)
Dec 2 08:34:55 np0005541909 object-server[235575]: Object audit (ALL). Since Tue Dec 2 08:34:55 2025: Locally: 1 passed, 0 quarantined, 0 errors, files/sec: 88.92, bytes/sec: 1422.64, Total time: 0.01, Auditing time: 0.00, Rate: 0.00
Dec 2 08:34:55 np0005541909 object-server[235573]: Begin object audit "forever" mode (ZBF)
Dec 2 08:34:55 np0005541909 object-server[235573]: Object audit (ZBF). Since Tue Dec 2 08:34:55 2025: Locally: 1 passed, 0 quarantined, 0 errors, files/sec: 445.02, bytes/sec: 0.00, Total time: 0.00, Auditing time: 0.00, Rate: 0.00
Dec 2 08:34:55 np0005541909 account-server[123686]: Beginning replication run
Dec 2 08:34:55 np0005541909 account-server[123686]: Replication run OVER
Dec 2 08:34:55 np0005541909 account-server[123686]: Attempted to replicate 1 dbs in 0.02118 seconds (47.21007/s)
Dec 2 08:34:55 np0005541909 account-server[123686]: Removed 0 dbs
Dec 2 08:34:55 np0005541909 account-server[123686]: 2 successes, 0 failures
Dec 2 08:34:55 np0005541909 account-server[123686]: diff:0 diff_capped:0 empty:0 hashmatch:0 no_change:2 remote_merge:0 rsync:0 ts_repl:0
Dec 2 08:34:56 np0005541909 object-server[235573]: Object audit (ZBF) "forever" mode completed: 0.84s. Total quarantined: 0, Total errors: 0, Total files/sec: 52.14, Total bytes/sec: 0.00, Auditing time: 0.83, Rate: 0.98
Dec 2 08:34:57 np0005541909 object-server[235575]: Object audit (ALL) "forever" mode completed: 2.11s. Total quarantined: 0, Total errors: 0, Total files/sec: 20.83, Total bytes/sec: 400.42, Auditing time: 2.10, Rate: 0.99
Dec 2 08:34:59 np0005541909 container-server[123759]: Beginning replication run
Dec 2 08:35:00 np0005541909 container-server[123759]: Replication run OVER
Dec 2 08:35:00 np0005541909 container-server[123759]: Attempted to replicate 22 dbs in 0.43060 seconds (51.09175/s)
Dec 2 08:35:00 np0005541909 container-server[123759]: Removed 0 dbs
Dec 2 08:35:00 np0005541909 container-server[123759]: 44 successes, 0 failures
Dec 2 08:35:00 np0005541909 container-server[123759]: diff:0 diff_capped:0 empty:0 hashmatch:0 no_change:44 remote_merge:0 rsync:0 ts_repl:0
Dec 2 08:35:17 np0005541909 account-server[124093]: 172.20.0.105 - - [02/Dec/2025:08:35:17 +0000] "HEAD /d1/813/.expiring_objects" 404 - "HEAD http://localhost/v1/.expiring_objects?format=json" "tx9c4b9c6c088b44158b5e1-00692ea4c5" "proxy-server 2" 0.0007 "-" 20 -
Dec 2 08:35:22 np0005541909 object-server[124297]: Starting object replication pass.
Dec 2 08:35:22 np0005541909 object-server[124297]: 43/43 (100.00%) partitions replicated in 0.42s (103.52/sec, 0s remaining)
Dec 2 08:35:22 np0005541909 object-server[124297]: 86 successes, 0 failures
Dec 2 08:35:22 np0005541909 object-server[124297]: 44 suffixes checked - 0.00% hashed, 0.00% synced
Dec 2 08:35:22 np0005541909 object-server[124297]: Partition times: max 0.0146s, min 0.0063s, med 0.0089s
Dec 2 08:35:22 np0005541909 object-server[124297]: Object replication complete. (0.01 minutes)
Dec 2 08:35:25 np0005541909 account-server[124112]: 172.20.0.103 - - [02/Dec/2025:08:35:25 +0000] "HEAD /d1/813/.expiring_objects" 404 - "HEAD http://localhost/v1/.expiring_objects?format=json" "txa7d1d1b1d7b14d2886857-00692ea4cd" "proxy-server 2" 0.0009 "-" 22 -
Dec 2 08:35:25 np0005541909 object-expirer[124420]: Pass completed in 0s; 0 objects expired (txn: txa7d1d1b1d7b14d2886857-00692ea4cd)
Dec 2 08:35:25 np0005541909 account-server[123686]: Beginning replication run
Dec 2 08:35:25 np0005541909 account-server[123686]: Replication run OVER
Dec 2 08:35:25 np0005541909 account-server[123686]: Attempted to replicate 1 dbs in 0.01629 seconds (61.37369/s)
Dec 2 08:35:25 np0005541909 account-server[123686]: Removed 0 dbs
Dec 2 08:35:25 np0005541909 account-server[123686]: 2 successes, 0 failures
Dec 2 08:35:25 np0005541909 account-server[123686]: diff:0 diff_capped:0 empty:0 hashmatch:0 no_change:2 remote_merge:0 rsync:0 ts_repl:0
Dec 2 08:35:26 np0005541909 object-server[235689]: Begin object audit "forever" mode (ZBF)
Dec 2 08:35:26 np0005541909 object-server[235689]: Object audit (ZBF). Since Tue Dec 2 08:35:26 2025: Locally: 1 passed, 0 quarantined, 0 errors, files/sec: 542.60, bytes/sec: 0.00, Total time: 0.00, Auditing time: 0.00, Rate: 0.00
Dec 2 08:35:27 np0005541909 object-server[235689]: Object audit (ZBF) "forever" mode completed: 0.84s. Total quarantined: 0, Total errors: 0, Total files/sec: 52.17, Total bytes/sec: 0.00, Auditing time: 0.83, Rate: 0.99
Dec 2 08:35:29 np0005541909 container-server[123759]: Beginning replication run
Dec 2 08:35:30 np0005541909 container-server[123759]: Replication run OVER
Dec 2 08:35:30 np0005541909 container-server[123759]: Attempted to replicate 22 dbs in 0.42926 seconds (51.25118/s)
Dec 2 08:35:30 np0005541909 container-server[123759]: Removed 0 dbs
Dec 2 08:35:30 np0005541909 container-server[123759]: 44 successes, 0 failures
Dec 2 08:35:30 np0005541909 container-server[123759]: diff:0 diff_capped:0 empty:0 hashmatch:0 no_change:44 remote_merge:0 rsync:0 ts_repl:0
Dec 2 08:35:52 np0005541909 object-server[124297]: Starting object replication pass.
Dec 2 08:35:53 np0005541909 object-server[124297]: 43/43 (100.00%) partitions replicated in 0.43s (99.21/sec, 0s remaining)
Dec 2 08:35:53 np0005541909 object-server[124297]: 86 successes, 0 failures
Dec 2 08:35:53 np0005541909 object-server[124297]: 44 suffixes checked - 0.00% hashed, 0.00% synced
Dec 2 08:35:53 np0005541909 object-server[124297]: Partition times: max 0.0156s, min 0.0078s, med 0.0094s
Dec 2 08:35:53 np0005541909 object-server[124297]: Object replication complete. (0.01 minutes)
Dec 2 08:35:55 np0005541909 account-server[123686]: Beginning replication run
Dec 2 08:35:55 np0005541909 account-server[123686]: Replication run OVER
Dec 2 08:35:55 np0005541909 account-server[123686]: Attempted to replicate 1 dbs in 0.01509 seconds (66.26238/s)
Dec 2 08:35:55 np0005541909 account-server[123686]: Removed 0 dbs
Dec 2 08:35:55 np0005541909 account-server[123686]: 2 successes, 0 failures
Dec 2 08:35:55 np0005541909 account-server[123686]: diff:0 diff_capped:0 empty:0 hashmatch:0 no_change:2 remote_merge:0 rsync:0 ts_repl:0
Dec 2 08:35:57 np0005541909 object-server[241947]: Begin object audit "forever" mode (ZBF)
Dec 2 08:35:57 np0005541909 object-server[241948]: Begin object audit "forever" mode (ALL)
Dec 2 08:35:57 np0005541909 object-server[241947]: Object audit (ZBF). Since Tue Dec 2 08:35:57 2025: Locally: 1 passed, 0 quarantined, 0 errors, files/sec: 563.98, bytes/sec: 0.00, Total time: 0.00, Auditing time: 0.00, Rate: 0.00
Dec 2 08:35:57 np0005541909 object-server[241948]: Object audit (ALL). Since Tue Dec 2 08:35:57 2025: Locally: 1 passed, 0 quarantined, 0 errors, files/sec: 114.11, bytes/sec: 1825.74, Total time: 0.01, Auditing time: 0.00, Rate: 0.00
Dec 2 08:35:58 np0005541909 object-server[241947]: Object audit (ZBF) "forever" mode completed: 0.84s. Total quarantined: 0, Total errors: 0, Total files/sec: 52.14, Total bytes/sec: 0.00, Auditing time: 0.83, Rate: 0.98
Dec 2 08:35:59 np0005541909 object-server[241948]: Object audit (ALL) "forever" mode completed: 2.11s. Total quarantined: 0, Total errors: 0, Total files/sec: 20.84, Total bytes/sec: 400.76, Auditing time: 2.10, Rate: 0.99
Dec 2 08:35:59 np0005541909 container-server[123759]: Beginning replication run
Dec 2 08:36:00 np0005541909 container-server[123759]: Replication run OVER
Dec 2 08:36:00 np0005541909 container-server[123759]: Attempted to replicate 22 dbs in 0.43618 seconds (50.43748/s)
Dec 2 08:36:00 np0005541909 container-server[123759]: Removed 0 dbs
Dec 2 08:36:00 np0005541909 container-server[123759]: 44 successes, 0 failures
Dec 2 08:36:00 np0005541909 container-server[123759]: diff:0 diff_capped:0 empty:0 hashmatch:0 no_change:44 remote_merge:0 rsync:0 ts_repl:0
Dec 2 08:36:09 np0005541909 account-server[124093]: 172.20.0.103 - - [02/Dec/2025:08:36:09 +0000] "HEAD /d1/813/.expiring_objects" 404 - "HEAD http://localhost/v1/.expiring_objects?format=json" "txa4207811a9ff4c00bd0df-00692ea4f9" "proxy-server 2" 0.0010 "-" 20 -
Dec 2 08:36:09 np0005541909 object-expirer[124420]: Pass completed in 0s; 0 objects expired (txn: txa4207811a9ff4c00bd0df-00692ea4f9)
Dec 2 08:36:23 np0005541909 object-server[124297]: Starting object replication pass.
Dec 2 08:36:23 np0005541909 object-server[124297]: 43/43 (100.00%) partitions replicated in 0.44s (96.68/sec, 0s remaining)
Dec 2 08:36:23 np0005541909 object-server[124297]: 86 successes, 0 failures
Dec 2 08:36:23 np0005541909 object-server[124297]: 44 suffixes checked - 0.00% hashed, 0.00% synced
Dec 2 08:36:23 np0005541909 object-server[124297]: Partition times: max 0.0164s, min 0.0065s, med 0.0096s
Dec 2 08:36:23 np0005541909 object-server[124297]: Object replication complete. (0.01 minutes)
Dec 2 08:36:25 np0005541909 account-server[123686]: Beginning replication run
Dec 2 08:36:25 np0005541909 account-server[123686]: Replication run OVER
Dec 2 08:36:25 np0005541909 account-server[123686]: Attempted to replicate 1 dbs in 0.01436 seconds (69.61452/s)
Dec 2 08:36:25 np0005541909 account-server[123686]: Removed 0 dbs
Dec 2 08:36:25 np0005541909 account-server[123686]: 2 successes, 0 failures
Dec 2 08:36:25 np0005541909 account-server[123686]: diff:0 diff_capped:0 empty:0 hashmatch:0 no_change:2 remote_merge:0 rsync:0 ts_repl:0
Dec 2 08:36:28 np0005541909 object-server[241974]: Begin object audit "forever" mode (ZBF)
Dec 2 08:36:28 np0005541909 object-server[241974]: Object audit (ZBF). Since Tue Dec 2 08:36:28 2025: Locally: 1 passed, 0 quarantined, 0 errors, files/sec: 496.54, bytes/sec: 0.00, Total time: 0.00, Auditing time: 0.00, Rate: 0.00
Dec 2 08:36:29 np0005541909 object-server[241974]: Object audit (ZBF) "forever" mode completed: 0.84s. Total quarantined: 0, Total errors: 0, Total files/sec: 52.12, Total bytes/sec: 0.00, Auditing time: 0.83, Rate: 0.98
Dec 2 08:36:29 np0005541909 container-server[123759]: Beginning replication run
Dec 2 08:36:30 np0005541909 container-server[123759]: Replication run OVER
Dec 2 08:36:30 np0005541909 container-server[123759]: Attempted to replicate 22 dbs in 0.43170 seconds (50.96164/s)
Dec 2 08:36:30 np0005541909 container-server[123759]: Removed 0 dbs
Dec 2 08:36:30 np0005541909 container-server[123759]: 44 successes, 0 failures
Dec 2 08:36:30 np0005541909 container-server[123759]: diff:0 diff_capped:0 empty:0 hashmatch:0 no_change:44 remote_merge:0 rsync:0 ts_repl:0
Dec 2 08:36:53 np0005541909 object-server[124297]: Starting object replication pass.
Dec 2 08:36:54 np0005541909 object-server[124297]: 43/43 (100.00%) partitions replicated in 0.44s (97.81/sec, 0s remaining)
Dec 2 08:36:54 np0005541909 object-server[124297]: 86 successes, 0 failures
Dec 2 08:36:54 np0005541909 object-server[124297]: 44 suffixes checked - 0.00% hashed, 0.00% synced
Dec 2 08:36:54 np0005541909 object-server[124297]: Partition times: max 0.0140s, min 0.0073s, med 0.0094s
Dec 2 08:36:54 np0005541909 object-server[124297]: Object replication complete. (0.01 minutes)
Dec 2 08:36:55 np0005541909 account-server[123686]: Beginning replication run
Dec 2 08:36:55 np0005541909 account-server[123686]: Replication run OVER
Dec 2 08:36:55 np0005541909 account-server[123686]: Attempted to replicate 1 dbs in 0.01770 seconds (56.50080/s)
Dec 2 08:36:55 np0005541909 account-server[123686]: Removed 0 dbs
Dec 2 08:36:55 np0005541909 account-server[123686]: 2 successes, 0 failures
Dec 2 08:36:55 np0005541909 account-server[123686]: diff:0 diff_capped:0 empty:0 hashmatch:0 no_change:2 remote_merge:0 rsync:0 ts_repl:0
Dec 2 08:36:59 np0005541909 object-server[248062]: Begin object audit "forever" mode (ZBF)
Dec 2 08:36:59 np0005541909 object-server[248063]: Begin object audit "forever" mode (ALL)
Dec 2 08:36:59 np0005541909 object-server[248062]: Object audit (ZBF). Since Tue Dec 2 08:36:59 2025: Locally: 1 passed, 0 quarantined, 0 errors, files/sec: 361.11, bytes/sec: 0.00, Total time: 0.00, Auditing time: 0.00, Rate: 0.00
Dec 2 08:36:59 np0005541909 object-server[248063]: Object audit (ALL). Since Tue Dec 2 08:36:59 2025: Locally: 1 passed, 0 quarantined, 0 errors, files/sec: 93.68, bytes/sec: 1498.94, Total time: 0.01, Auditing time: 0.00, Rate: 0.00
Dec 2 08:36:59 np0005541909 container-server[123759]: Beginning replication run
Dec 2 08:37:00 np0005541909 container-server[123759]: Replication run OVER
Dec 2 08:37:00 np0005541909 container-server[123759]: Attempted to replicate 22 dbs in 0.43160 seconds (50.97285/s)
Dec 2 08:37:00 np0005541909 container-server[123759]: Removed 0 dbs
Dec 2 08:37:00 np0005541909 container-server[123759]: 44 successes, 0 failures
Dec 2 08:37:00 np0005541909 container-server[123759]: diff:0 diff_capped:0 empty:0 hashmatch:0 no_change:44 remote_merge:0 rsync:0 ts_repl:0
Dec 2 08:37:00 np0005541909 object-server[248062]: Object audit (ZBF) "forever" mode completed: 0.84s. Total quarantined: 0, Total errors: 0, Total files/sec: 52.10, Total bytes/sec: 0.00, Auditing time: 0.83, Rate: 0.98
Dec 2 08:37:00 np0005541909 object-server[124646]: Begin object update sweep
Dec 2 08:37:00 np0005541909 object-server[248178]: Object update sweep starting on /srv/node/d1 (pid: 15)
Dec 2 08:37:00 np0005541909 object-server[248178]: Object update sweep completed on /srv/node/d1 in 0.00s seconds:, 0 successes, 0 failures, 0 quarantines, 0 unlinks, 0 errors, 0 redirects (pid: 15)
Dec 2 08:37:00 np0005541909 object-server[248178]: Object update sweep of d1 completed: 0.00s, 0 successes, 0 failures, 0 quarantines, 0 unlinks, 0 errors, 0 redirects
Dec 2 08:37:00 np0005541909 object-server[124646]: Object update sweep completed: 0.09s
Dec 2 08:37:01 np0005541909 object-server[248063]: Object audit (ALL) "forever" mode completed: 2.11s. Total quarantined: 0, Total errors: 0, Total files/sec: 20.83, Total bytes/sec: 400.52, Auditing time: 2.10, Rate: 0.99
Dec 2 08:37:24 np0005541909 object-server[124297]: Starting object replication pass.
Dec 2 08:37:24 np0005541909 object-server[124297]: 43/43 (100.00%) partitions replicated in 0.49s (87.40/sec, 0s remaining)
Dec 2 08:37:24 np0005541909 object-server[124297]: 86 successes, 0 failures
Dec 2 08:37:24 np0005541909 object-server[124297]: 44 suffixes checked - 0.00% hashed, 0.00% synced
Dec 2 08:37:24 np0005541909 object-server[124297]: Partition times: max 0.0404s, min 0.0075s, med 0.0097s
Dec 2 08:37:24 np0005541909 object-server[124297]: Object replication complete. (0.01 minutes)
Dec 2 08:37:25 np0005541909 account-server[123686]: Beginning replication run
Dec 2 08:37:25 np0005541909 account-server[123686]: Replication run OVER
Dec 2 08:37:25 np0005541909 account-server[123686]: Attempted to replicate 1 dbs in 0.01938 seconds (51.59717/s)
Dec 2 08:37:25 np0005541909 account-server[123686]: Removed 0 dbs
Dec 2 08:37:25 np0005541909 account-server[123686]: 2 successes, 0 failures
Dec 2 08:37:25 np0005541909 account-server[123686]: diff:0 diff_capped:0 empty:0 hashmatch:0 no_change:2 remote_merge:0 rsync:0 ts_repl:0
Dec 2 08:37:29 np0005541909 container-server[123759]: Beginning replication run
Dec 2 08:37:30 np0005541909 container-server[123759]: Replication run OVER
Dec 2 08:37:30 np0005541909 container-server[123759]: Attempted to replicate 22 dbs in 0.43398 seconds (50.69321/s)
Dec 2 08:37:30 np0005541909 container-server[123759]: Removed 0 dbs
Dec 2 08:37:30 np0005541909 container-server[123759]: 44 successes, 0 failures
Dec 2 08:37:30 np0005541909 container-server[123759]: diff:0 diff_capped:0 empty:0 hashmatch:0 no_change:44 remote_merge:0 rsync:0 ts_repl:0
Dec 2 08:37:30 np0005541909 object-server[248177]: Begin object audit "forever" mode (ZBF)
Dec 2 08:37:30 np0005541909 object-server[248177]: Object audit (ZBF). Since Tue Dec 2 08:37:30 2025: Locally: 1 passed, 0 quarantined, 0 errors, files/sec: 537.66, bytes/sec: 0.00, Total time: 0.00, Auditing time: 0.00, Rate: 0.00
Dec 2 08:37:31 np0005541909 object-server[248177]: Object audit (ZBF) "forever" mode completed: 0.84s. Total quarantined: 0, Total errors: 0, Total files/sec: 52.18, Total bytes/sec: 0.00, Auditing time: 0.83, Rate: 0.99
Dec 2 08:37:54 np0005541909 object-server[124297]: Starting object replication pass.
Dec 2 08:37:55 np0005541909 object-server[124297]: 43/43 (100.00%) partitions replicated in 0.41s (103.83/sec, 0s remaining)
Dec 2 08:37:55 np0005541909 object-server[124297]: 86 successes, 0 failures
Dec 2 08:37:55 np0005541909 object-server[124297]: 44 suffixes checked - 0.00% hashed, 0.00% synced
Dec 2 08:37:55 np0005541909 object-server[124297]: Partition times: max 0.0190s, min 0.0063s, med 0.0087s
Dec 2 08:37:55 np0005541909 object-server[124297]: Object replication complete. (0.01 minutes)
Dec 2 08:37:55 np0005541909 account-server[123686]: Beginning replication run
Dec 2 08:37:55 np0005541909 account-server[123686]: Replication run OVER
Dec 2 08:37:55 np0005541909 account-server[123686]: Attempted to replicate 1 dbs in 0.01322 seconds (75.64607/s)
Dec 2 08:37:55 np0005541909 account-server[123686]: Removed 0 dbs
Dec 2 08:37:55 np0005541909 account-server[123686]: 2 successes, 0 failures
Dec 2 08:37:55 np0005541909 account-server[123686]: diff:0 diff_capped:0 empty:0 hashmatch:0 no_change:2 remote_merge:0 rsync:0 ts_repl:0
Dec 2 08:37:59 np0005541909 container-server[123759]: Beginning replication run
Dec 2 08:38:00 np0005541909 container-server[123759]: Replication run OVER
Dec 2 08:38:00 np0005541909 container-server[123759]: Attempted to replicate 22 dbs in 0.44168 seconds (49.81003/s)
Dec 2 08:38:00 np0005541909 container-server[123759]: Removed 0 dbs
Dec 2 08:38:00 np0005541909 container-server[123759]: 44 successes, 0 failures
Dec 2 08:38:00 np0005541909 container-server[123759]: diff:0 diff_capped:0 empty:0 hashmatch:0 no_change:44 remote_merge:0 rsync:0 ts_repl:0
Dec 2 08:38:01 np0005541909 object-server[254152]: Begin object audit "forever" mode (ALL)
Dec 2 08:38:01 np0005541909 object-server[254151]: Begin object audit "forever" mode (ZBF)
Dec 2 08:38:01 np0005541909 object-server[254151]: Object audit (ZBF). Since Tue Dec 2 08:38:01 2025: Locally: 1 passed, 0 quarantined, 0 errors, files/sec: 419.68, bytes/sec: 0.00, Total time: 0.00, Auditing time: 0.00, Rate: 0.00
Dec 2 08:38:01 np0005541909 object-server[254152]: Object audit (ALL). Since Tue Dec 2 08:38:01 2025: Locally: 1 passed, 0 quarantined, 0 errors, files/sec: 102.73, bytes/sec: 1643.70, Total time: 0.01, Auditing time: 0.00, Rate: 0.00
Dec 2 08:38:02 np0005541909 object-server[254151]: Object audit (ZBF) "forever" mode completed: 0.86s. Total quarantined: 0, Total errors: 0, Total files/sec: 50.98, Total bytes/sec: 0.00, Auditing time: 0.85, Rate: 0.99
Dec 2 08:38:03 np0005541909 object-server[254152]: Object audit (ALL) "forever" mode completed: 2.11s. Total quarantined: 0, Total errors: 0, Total files/sec: 20.84, Total bytes/sec: 400.63, Auditing time: 2.10, Rate: 0.99
Dec 2 08:38:08 np0005541909 proxy-server[125882]: 172.18.0.103 172.18.0.104 02/Dec/2025/08/38/08 GET /v1/AUTH_497073c2347a4b2dbbf501873318fbd3/gnocchi.8f240f26-142d-4151-bd38-13f126e4df57/none_v3 HTTP/1.0 200 - python-swiftclient-3.11.1 gAAAAABpLqP19t9Q... - 22 - tx9480157422ac4357a7977-00692ea570 - 0.0594 - - 1764664688.593728781 1764664688.653177023 0
Dec 2 08:38:08 np0005541909 proxy-server[125882]: 172.18.0.103 172.18.0.104 02/Dec/2025/08/38/08 GET /v1/AUTH_497073c2347a4b2dbbf501873318fbd3/gnocchi.8f240f26-142d-4151-bd38-13f126e4df57%3Fformat%3Djson%26states%3Dlisting HTTP/1.0 200 - python-swiftclient-3.11.1 gAAAAABpLqP19t9Q... - 357 - tx131e0ee2ff434b9aa27cf-00692ea570 - 0.0145 - - 1764664688.660249710 1764664688.674761295 0
Dec 2 08:38:08 np0005541909 container-server[124300]: 172.20.0.103 - - [02/Dec/2025:08:38:08 +0000] "GET /d1/532/AUTH_497073c2347a4b2dbbf501873318fbd3/gnocchi.8f240f26-142d-4151-bd38-13f126e4df57" 200 2 "GET http://172.18.0.121:8080/v1/AUTH_497073c2347a4b2dbbf501873318fbd3/gnocchi.8f240f26-142d-4151-bd38-13f126e4df57?format=json&marker=none_v3&states=listing" "tx3d378f94cb084b68bc795-00692ea570" "proxy-server 20" 0.0030 "-" 22 0
Dec 2 08:38:08 np0005541909 proxy-server[125882]: 172.18.0.103 172.18.0.104 02/Dec/2025/08/38/08 GET /v1/AUTH_497073c2347a4b2dbbf501873318fbd3/gnocchi.8f240f26-142d-4151-bd38-13f126e4df57%3Fformat%3Djson%26marker%3Dnone_v3%26states%3Dlisting HTTP/1.0 200 - python-swiftclient-3.11.1 gAAAAABpLqP19t9Q... - 2 - tx3d378f94cb084b68bc795-00692ea570 - 0.0138 - - 1764664688.680041790 1764664688.693807125 0
Dec 2 08:38:08 np0005541909 proxy-server[125882]: 172.18.0.103 172.18.0.104 02/Dec/2025/08/38/08 GET /v1/AUTH_497073c2347a4b2dbbf501873318fbd3/gnocchi.8f240f26-142d-4151-bd38-13f126e4df57/1763640000.0_mean_300.0_v3 HTTP/1.0 200 - python-swiftclient-3.11.1 gAAAAABpLqP19t9Q... - 16 - txa2105829d0f649f993f71-00692ea570 - 0.0147 - - 1764664688.699580908 1764664688.714292288 0
Dec 2 08:38:08 np0005541909 object-server[124633]: 172.20.0.103 - - [02/Dec/2025:08:38:08 +0000] "GET /d1/266/AUTH_497073c2347a4b2dbbf501873318fbd3/gnocchi.8f240f26-142d-4151-bd38-13f126e4df57/1763640000.0_rate%3Amean_300.0_v3" 404 70 "GET http://172.18.0.121:8080/v1/AUTH_497073c2347a4b2dbbf501873318fbd3/gnocchi.8f240f26-142d-4151-bd38-13f126e4df57/1763640000.0_rate%3Amean_300.0_v3" "tx4cf98a52f1914ea387817-00692ea570" "proxy-server 20" 0.0010 "-" 24 0
Dec 2 08:38:08 np0005541909 proxy-server[125882]: 172.18.0.103 172.18.0.104 02/Dec/2025/08/38/08 GET /v1/AUTH_497073c2347a4b2dbbf501873318fbd3/gnocchi.8f240f26-142d-4151-bd38-13f126e4df57/1763640000.0_rate%253Amean_300.0_v3 HTTP/1.0 404 - python-swiftclient-3.11.1 gAAAAABpLqP19t9Q... - 70 - tx4cf98a52f1914ea387817-00692ea570 - 0.0192 - - 1764664688.718698502 1764664688.737875462 0
Dec 2 08:38:08 np0005541909 container-server[124300]: 172.20.0.105 - - [02/Dec/2025:08:38:08 +0000] "PUT /d1/532/AUTH_497073c2347a4b2dbbf501873318fbd3/gnocchi.8f240f26-142d-4151-bd38-13f126e4df57/1763640000.0_mean_300.0_v3" 201 - "PUT http://172.18.0.121:8080/d1/1022/AUTH_497073c2347a4b2dbbf501873318fbd3/gnocchi.8f240f26-142d-4151-bd38-13f126e4df57/1763640000.0_mean_300.0_v3" "tx3b92b9aa744046108f81b-00692ea570" "object-server 24" 0.0007 "-" 22 0
Dec 2 08:38:08 np0005541909 object-server[124633]: 172.20.0.103 - - [02/Dec/2025:08:38:08 +0000] "PUT /d1/1022/AUTH_497073c2347a4b2dbbf501873318fbd3/gnocchi.8f240f26-142d-4151-bd38-13f126e4df57/1763640000.0_mean_300.0_v3" 201 - "PUT http://172.18.0.121:8080/v1/AUTH_497073c2347a4b2dbbf501873318fbd3/gnocchi.8f240f26-142d-4151-bd38-13f126e4df57/1763640000.0_mean_300.0_v3" "tx3b92b9aa744046108f81b-00692ea570" "proxy-server 20" 0.0160 "-" 24 0
Dec 2 08:38:08 np0005541909 proxy-server[125882]: 172.18.0.103 172.18.0.104 02/Dec/2025/08/38/08 PUT /v1/AUTH_497073c2347a4b2dbbf501873318fbd3/gnocchi.8f240f26-142d-4151-bd38-13f126e4df57/1763640000.0_mean_300.0_v3 HTTP/1.0 201 - python-swiftclient-3.11.1 gAAAAABpLqP19t9Q... 24 - - tx3b92b9aa744046108f81b-00692ea570 - 0.0240 - - 1764664688.742551327 1764664688.766535759 0
Dec 2 08:38:08 np0005541909 container-server[124300]: 172.20.0.105 - - [02/Dec/2025:08:38:08 +0000] "PUT /d1/532/AUTH_497073c2347a4b2dbbf501873318fbd3/gnocchi.8f240f26-142d-4151-bd38-13f126e4df57/1763640000.0_rate%3Amean_300.0_v3" 201 - "PUT http://172.18.0.121:8080/d1/266/AUTH_497073c2347a4b2dbbf501873318fbd3/gnocchi.8f240f26-142d-4151-bd38-13f126e4df57/1763640000.0_rate%3Amean_300.0_v3" "tx86bdf47a14f943a89d650-00692ea570" "object-server 23" 0.0005 "-" 22 0
Dec 2 08:38:08 np0005541909 object-server[124630]: 172.20.0.103 - - [02/Dec/2025:08:38:08 +0000] "PUT /d1/266/AUTH_497073c2347a4b2dbbf501873318fbd3/gnocchi.8f240f26-142d-4151-bd38-13f126e4df57/1763640000.0_rate%3Amean_300.0_v3" 201 - "PUT http://172.18.0.121:8080/v1/AUTH_497073c2347a4b2dbbf501873318fbd3/gnocchi.8f240f26-142d-4151-bd38-13f126e4df57/1763640000.0_rate%3Amean_300.0_v3" "tx86bdf47a14f943a89d650-00692ea570" "proxy-server 20" 0.0147 "-" 23 0
Dec 2 08:38:08 np0005541909 proxy-server[125882]: 172.18.0.103 172.18.0.104 02/Dec/2025/08/38/08 PUT /v1/AUTH_497073c2347a4b2dbbf501873318fbd3/gnocchi.8f240f26-142d-4151-bd38-13f126e4df57/1763640000.0_rate%253Amean_300.0_v3 HTTP/1.0 201 - python-swiftclient-3.11.1 gAAAAABpLqP19t9Q... 16 - - tx86bdf47a14f943a89d650-00692ea570 - 0.0262 - - 1764664688.772335052 1764664688.798561335 0
Dec 2 08:38:08 np0005541909 object-server[124628]: 172.20.0.104 - - [02/Dec/2025:08:38:08 +0000] "GET /d1/370/AUTH_497073c2347a4b2dbbf501873318fbd3/gnocchi.9f146626-dc56-416e-ab40-62adce36f3ed/none_v3" 200 22 "GET http://172.18.0.121:8080/v1/AUTH_497073c2347a4b2dbbf501873318fbd3/gnocchi.9f146626-dc56-416e-ab40-62adce36f3ed/none_v3" "tx8a5a6521cb584fe9b5eee-00692ea570" "proxy-server 20" 0.0006 "-" 22 0
Dec 2 08:38:08 np0005541909 container-server[124282]: 172.20.0.104 - - [02/Dec/2025:08:38:08 +0000] "GET /d1/542/AUTH_497073c2347a4b2dbbf501873318fbd3/gnocchi.9f146626-dc56-416e-ab40-62adce36f3ed" 200 357 "GET http://172.18.0.121:8080/v1/AUTH_497073c2347a4b2dbbf501873318fbd3/gnocchi.9f146626-dc56-416e-ab40-62adce36f3ed?format=json&states=listing" "tx6e6009ef6d2545dca1f1f-00692ea570" "proxy-server 20" 0.0021 "-" 20 0
Dec 2 08:38:08 np0005541909 container-server[124282]: 172.20.0.103 - - [02/Dec/2025:08:38:08 +0000] "PUT /d1/532/AUTH_497073c2347a4b2dbbf501873318fbd3/gnocchi.8f240f26-142d-4151-bd38-13f126e4df57/none_v3" 201 - "PUT http://172.18.0.121:8080/d1/175/AUTH_497073c2347a4b2dbbf501873318fbd3/gnocchi.8f240f26-142d-4151-bd38-13f126e4df57/none_v3" "tx5a4b18ff021145d6ae6bb-00692ea570" "object-server 24" 0.0004 "-" 20 0
Dec 2 08:38:08 np0005541909 object-server[124633]: 172.20.0.103 - - [02/Dec/2025:08:38:08 +0000] "PUT /d1/175/AUTH_497073c2347a4b2dbbf501873318fbd3/gnocchi.8f240f26-142d-4151-bd38-13f126e4df57/none_v3" 201 - "PUT http://172.18.0.121:8080/v1/AUTH_497073c2347a4b2dbbf501873318fbd3/gnocchi.8f240f26-142d-4151-bd38-13f126e4df57/none_v3" "tx5a4b18ff021145d6ae6bb-00692ea570" "proxy-server 20" 0.0125 "-" 24 0
Dec 2 08:38:08 np0005541909 proxy-server[125882]: 172.18.0.103 172.18.0.104 02/Dec/2025/08/38/08 PUT /v1/AUTH_497073c2347a4b2dbbf501873318fbd3/gnocchi.8f240f26-142d-4151-bd38-13f126e4df57/none_v3 HTTP/1.0 201 - python-swiftclient-3.11.1 gAAAAABpLqP19t9Q... 33 - - tx5a4b18ff021145d6ae6bb-00692ea570 - 0.0227 - - 1764664688.802623272 1764664688.825345516 0
Dec 2 08:38:08 np0005541909 container-server[124293]: 172.20.0.104 - - [02/Dec/2025:08:38:08 +0000] "GET /d1/542/AUTH_497073c2347a4b2dbbf501873318fbd3/gnocchi.9f146626-dc56-416e-ab40-62adce36f3ed" 200 2 "GET http://172.18.0.121:8080/v1/AUTH_497073c2347a4b2dbbf501873318fbd3/gnocchi.9f146626-dc56-416e-ab40-62adce36f3ed?format=json&marker=none_v3&states=listing" "tx8096cc67805541eaa8e83-00692ea570" "proxy-server 20" 0.0026 "-" 21 0
Dec 2 08:38:08 np0005541909 proxy-server[125882]: 172.18.0.105 172.18.0.104 02/Dec/2025/08/38/08 GET /v1/AUTH_497073c2347a4b2dbbf501873318fbd3/gnocchi.9f146626-dc56-416e-ab40-62adce36f3ed/1763640000.0_mean_300.0_v3 HTTP/1.0 200 - python-swiftclient-3.11.1 gAAAAABpLqO0YxeR... - 16 - tx2804d8b7b7e14064b3901-00692ea570 - 0.0075 - - 1764664688.837468624 1764664688.844976664 0
Dec 2 08:38:08 np0005541909 object-server[124633]: 172.20.0.103 - - [02/Dec/2025:08:38:08 +0000] "GET /d1/293/AUTH_497073c2347a4b2dbbf501873318fbd3/gnocchi.9f146626-dc56-416e-ab40-62adce36f3ed/1763640000.0_rate%3Amean_300.0_v3" 404 70 "GET http://172.18.0.121:8080/v1/AUTH_497073c2347a4b2dbbf501873318fbd3/gnocchi.9f146626-dc56-416e-ab40-62adce36f3ed/1763640000.0_rate%3Amean_300.0_v3" "tx0124b50ba26148a883b44-00692ea570" "proxy-server 20" 0.0006 "-" 24 0
Dec 2 08:38:08 np0005541909 proxy-server[125882]: 172.18.0.105 172.18.0.104 02/Dec/2025/08/38/08 GET /v1/AUTH_497073c2347a4b2dbbf501873318fbd3/gnocchi.9f146626-dc56-416e-ab40-62adce36f3ed/1763640000.0_rate%253Amean_300.0_v3 HTTP/1.0 404 - python-swiftclient-3.11.1 gAAAAABpLqO0YxeR... - 70 - tx0124b50ba26148a883b44-00692ea570 - 0.0121 - - 1764664688.849003077 1764664688.861079693 0
Dec 2 08:38:08 np0005541909 container-server[124303]: 172.20.0.104 - - [02/Dec/2025:08:38:08 +0000] "GET /d1/682/AUTH_497073c2347a4b2dbbf501873318fbd3/gnocchi.8fe2af1f-43cd-423a-83cb-b7c8ed26b471" 200 357 "GET http://172.18.0.121:8080/v1/AUTH_497073c2347a4b2dbbf501873318fbd3/gnocchi.8fe2af1f-43cd-423a-83cb-b7c8ed26b471?format=json&states=listing" "tx28c79ebbf7bd43e08260f-00692ea570" "proxy-server 20" 0.0020 "-" 23 0
Dec 2 08:38:08 np0005541909 container-server[124300]: 172.20.0.103 - - [02/Dec/2025:08:38:08 +0000] "PUT /d1/542/AUTH_497073c2347a4b2dbbf501873318fbd3/gnocchi.9f146626-dc56-416e-ab40-62adce36f3ed/1763640000.0_mean_300.0_v3" 201 - "PUT http://172.18.0.121:8080/d1/372/AUTH_497073c2347a4b2dbbf501873318fbd3/gnocchi.9f146626-dc56-416e-ab40-62adce36f3ed/1763640000.0_mean_300.0_v3" "tx541914ddb6cd407ab46bc-00692ea570" "object-server 22" 0.0005 "-" 22 0
Dec 2 08:38:08 np0005541909 object-server[124628]: 172.20.0.103 - - [02/Dec/2025:08:38:08 +0000] "PUT /d1/372/AUTH_497073c2347a4b2dbbf501873318fbd3/gnocchi.9f146626-dc56-416e-ab40-62adce36f3ed/1763640000.0_mean_300.0_v3" 201 - "PUT http://172.18.0.121:8080/v1/AUTH_497073c2347a4b2dbbf501873318fbd3/gnocchi.9f146626-dc56-416e-ab40-62adce36f3ed/1763640000.0_mean_300.0_v3" "tx541914ddb6cd407ab46bc-00692ea570" "proxy-server 20" 0.0146 "-" 22 0
Dec 2 08:38:08 np0005541909 proxy-server[125882]: 172.18.0.105 172.18.0.104 02/Dec/2025/08/38/08 PUT /v1/AUTH_497073c2347a4b2dbbf501873318fbd3/gnocchi.9f146626-dc56-416e-ab40-62adce36f3ed/1763640000.0_mean_300.0_v3 HTTP/1.0 201 - python-swiftclient-3.11.1 gAAAAABpLqO0YxeR... 23 - - tx541914ddb6cd407ab46bc-00692ea570 - 0.0212 - - 1764664688.863960981 1764664688.885185003 0
Dec 2 08:38:08 np0005541909 container-server[124293]: 172.20.0.103 - - [02/Dec/2025:08:38:08 +0000] "PUT /d1/542/AUTH_497073c2347a4b2dbbf501873318fbd3/gnocchi.9f146626-dc56-416e-ab40-62adce36f3ed/1763640000.0_rate%3Amean_300.0_v3" 201 - "PUT http://172.18.0.121:8080/d1/293/AUTH_497073c2347a4b2dbbf501873318fbd3/gnocchi.9f146626-dc56-416e-ab40-62adce36f3ed/1763640000.0_rate%3Amean_300.0_v3" "tx953f629e86f94bf48d795-00692ea570" "object-server 22" 0.0008 "-" 21 0
Dec 2 08:38:08 np0005541909 object-server[124628]: 172.20.0.103 - - [02/Dec/2025:08:38:08 +0000] "PUT /d1/293/AUTH_497073c2347a4b2dbbf501873318fbd3/gnocchi.9f146626-dc56-416e-ab40-62adce36f3ed/1763640000.0_rate%3Amean_300.0_v3" 201 - "PUT http://172.18.0.121:8080/v1/AUTH_497073c2347a4b2dbbf501873318fbd3/gnocchi.9f146626-dc56-416e-ab40-62adce36f3ed/1763640000.0_rate%3Amean_300.0_v3" "tx953f629e86f94bf48d795-00692ea570" "proxy-server 20" 0.0192 "-" 22 0
Dec 2 08:38:08 np0005541909 proxy-server[125882]: 172.18.0.105 172.18.0.104 02/Dec/2025/08/38/08 PUT /v1/AUTH_497073c2347a4b2dbbf501873318fbd3/gnocchi.9f146626-dc56-416e-ab40-62adce36f3ed/1763640000.0_rate%253Amean_300.0_v3 HTTP/1.0 201 - python-swiftclient-3.11.1 gAAAAABpLqO0YxeR... 16 - - tx953f629e86f94bf48d795-00692ea570 - 0.0266 - - 1764664688.888338327 1764664688.914966583 0
Dec 2 08:38:08 np0005541909 object-server[124636]: 172.20.0.104 - - [02/Dec/2025:08:38:08 +0000] "GET /d1/850/AUTH_497073c2347a4b2dbbf501873318fbd3/gnocchi.8fe2af1f-43cd-423a-83cb-b7c8ed26b471/1763640000.0_rate%3Amean_300.0_v3" 404 70 "GET http://172.18.0.121:8080/v1/AUTH_497073c2347a4b2dbbf501873318fbd3/gnocchi.8fe2af1f-43cd-423a-83cb-b7c8ed26b471/1763640000.0_rate%3Amean_300.0_v3" "tx01b615a72c094ee8b34af-00692ea570" "proxy-server 20" 0.0004 "-" 25 0
Dec 2 08:38:08 np0005541909 object-server[124628]: 172.20.0.103 - - [02/Dec/2025:08:38:08 +0000] "PUT /d1/370/AUTH_497073c2347a4b2dbbf501873318fbd3/gnocchi.9f146626-dc56-416e-ab40-62adce36f3ed/none_v3" 201 - "PUT http://172.18.0.121:8080/v1/AUTH_497073c2347a4b2dbbf501873318fbd3/gnocchi.9f146626-dc56-416e-ab40-62adce36f3ed/none_v3" "tx409a994a78a04c3895fb0-00692ea570" "proxy-server 20" 0.0131 "-" 22 0
Dec 2 08:38:08 np0005541909 container-server[124300]: 172.20.0.104 - - [02/Dec/2025:08:38:08 +0000] "PUT /d1/542/AUTH_497073c2347a4b2dbbf501873318fbd3/gnocchi.9f146626-dc56-416e-ab40-62adce36f3ed/none_v3" 201 - "PUT http://172.18.0.121:8080/d1/370/AUTH_497073c2347a4b2dbbf501873318fbd3/gnocchi.9f146626-dc56-416e-ab40-62adce36f3ed/none_v3" "tx409a994a78a04c3895fb0-00692ea570" "object-server 22" 0.0004 "-" 22 0
Dec 2 08:38:08 np0005541909 proxy-server[125882]: 172.18.0.105 172.18.0.104 02/Dec/2025/08/38/08 PUT /v1/AUTH_497073c2347a4b2dbbf501873318fbd3/gnocchi.9f146626-dc56-416e-ab40-62adce36f3ed/none_v3 HTTP/1.0 201 - python-swiftclient-3.11.1 gAAAAABpLqO0YxeR... 32 - - tx409a994a78a04c3895fb0-00692ea570 - 0.0236 - - 1764664688.918218851 1764664688.941772461 0
Dec 2 08:38:08 np0005541909 container-server[124303]: 172.20.0.104 - - [02/Dec/2025:08:38:08 +0000] "PUT /d1/682/AUTH_497073c2347a4b2dbbf501873318fbd3/gnocchi.8fe2af1f-43cd-423a-83cb-b7c8ed26b471/1763640000.0_mean_300.0_v3" 201 - "PUT http://172.18.0.121:8080/d1/513/AUTH_497073c2347a4b2dbbf501873318fbd3/gnocchi.8fe2af1f-43cd-423a-83cb-b7c8ed26b471/1763640000.0_mean_300.0_v3" "tx96aa36bd35384914ad730-00692ea570" "object-server 24" 0.0004 "-" 23 0
Dec 2 08:38:08 np0005541909 object-server[124636]: 172.20.0.104 - - [02/Dec/2025:08:38:08 +0000] "PUT /d1/513/AUTH_497073c2347a4b2dbbf501873318fbd3/gnocchi.8fe2af1f-43cd-423a-83cb-b7c8ed26b471/1763640000.0_mean_300.0_v3" 201 - "PUT http://172.18.0.121:8080/v1/AUTH_497073c2347a4b2dbbf501873318fbd3/gnocchi.8fe2af1f-43cd-423a-83cb-b7c8ed26b471/1763640000.0_mean_300.0_v3" "tx96aa36bd35384914ad730-00692ea570" "proxy-server 20" 0.0116 "-" 25 0
Dec 2 08:38:08 np0005541909 object-server[124630]: 172.20.0.103 - - [02/Dec/2025:08:38:08 +0000] "GET /d1/51/AUTH_497073c2347a4b2dbbf501873318fbd3/gnocchi.ea620841-f6f6-4ea7-84eb-b83ad5c40434/none_v3" 200 22 "GET http://172.18.0.121:8080/v1/AUTH_497073c2347a4b2dbbf501873318fbd3/gnocchi.ea620841-f6f6-4ea7-84eb-b83ad5c40434/none_v3" "txf2be0b0b37c64ce49a188-00692ea570" "proxy-server 20" 0.0007 "-" 23 0
Dec 2 08:38:08 np0005541909 proxy-server[125882]: 172.18.0.105 172.18.0.104 02/Dec/2025/08/38/08 GET /v1/AUTH_497073c2347a4b2dbbf501873318fbd3/gnocchi.ea620841-f6f6-4ea7-84eb-b83ad5c40434/none_v3 HTTP/1.0 200 - python-swiftclient-3.11.1 gAAAAABpLqO0YxeR... - 22 - txf2be0b0b37c64ce49a188-00692ea570 - 0.0113 - - 1764664688.954970837 1764664688.966279745 0
Dec 2 08:38:08 np0005541909 proxy-server[125882]: 172.18.0.105 172.18.0.104 02/Dec/2025/08/38/08 GET /v1/AUTH_497073c2347a4b2dbbf501873318fbd3/gnocchi.ea620841-f6f6-4ea7-84eb-b83ad5c40434%3Fformat%3Djson%26states%3Dlisting HTTP/1.0 200 - python-swiftclient-3.11.1 gAAAAABpLqO0YxeR... - 357 - tx2d26a5993d754cc68e04c-00692ea570 - 0.0108 - - 1764664688.969554424 1764664688.980306387 0
Dec 2 08:38:08 np0005541909 container-server[124303]: 172.20.0.103 - - [02/Dec/2025:08:38:08 +0000] "PUT /d1/682/AUTH_497073c2347a4b2dbbf501873318fbd3/gnocchi.8fe2af1f-43cd-423a-83cb-b7c8ed26b471/1763640000.0_rate%3Amean_300.0_v3" 201 - "PUT http://172.18.0.121:8080/d1/850/AUTH_497073c2347a4b2dbbf501873318fbd3/gnocchi.8fe2af1f-43cd-423a-83cb-b7c8ed26b471/1763640000.0_rate%3Amean_300.0_v3" "tx6c51706a5ae84a959b845-00692ea570" "object-server 23" 0.0005 "-" 23 0
Dec 2 08:38:08 np0005541909 object-server[124630]: 172.20.0.104 - - [02/Dec/2025:08:38:08 +0000] "PUT /d1/850/AUTH_497073c2347a4b2dbbf501873318fbd3/gnocchi.8fe2af1f-43cd-423a-83cb-b7c8ed26b471/1763640000.0_rate%3Amean_300.0_v3" 201 - "PUT http://172.18.0.121:8080/v1/AUTH_497073c2347a4b2dbbf501873318fbd3/gnocchi.8fe2af1f-43cd-423a-83cb-b7c8ed26b471/1763640000.0_rate%3Amean_300.0_v3" "tx6c51706a5ae84a959b845-00692ea570" "proxy-server 20" 0.0122 "-" 23 0
Dec 2 08:38:09 np0005541909 proxy-server[125882]: 172.18.0.105 172.18.0.104 02/Dec/2025/08/38/08 GET /v1/AUTH_497073c2347a4b2dbbf501873318fbd3/gnocchi.ea620841-f6f6-4ea7-84eb-b83ad5c40434%3Fformat%3Djson%26marker%3Dnone_v3%26states%3Dlisting HTTP/1.0 200 - python-swiftclient-3.11.1 gAAAAABpLqO0YxeR... - 2 - tx772c1e061ef34e328f785-00692ea570 - 0.0160 - - 1764664688.983756542 1764664688.999732733 0
Dec 2 08:38:09 np0005541909 object-server[124630]: 172.20.0.103 - - [02/Dec/2025:08:38:09 +0000] "GET /d1/290/AUTH_497073c2347a4b2dbbf501873318fbd3/gnocchi.ea620841-f6f6-4ea7-84eb-b83ad5c40434/1763640000.0_mean_300.0_v3" 200 16 "GET http://172.18.0.121:8080/v1/AUTH_497073c2347a4b2dbbf501873318fbd3/gnocchi.ea620841-f6f6-4ea7-84eb-b83ad5c40434/1763640000.0_mean_300.0_v3" "tx393669f96cfb4d4f8a624-00692ea571" "proxy-server 20" 0.0007 "-" 23 0
Dec 2 08:38:09 np0005541909 proxy-server[125882]: 172.18.0.105 172.18.0.104 02/Dec/2025/08/38/09 GET /v1/AUTH_497073c2347a4b2dbbf501873318fbd3/gnocchi.ea620841-f6f6-4ea7-84eb-b83ad5c40434/1763640000.0_mean_300.0_v3 HTTP/1.0 200 - python-swiftclient-3.11.1 gAAAAABpLqO0YxeR... - 16 - tx393669f96cfb4d4f8a624-00692ea571 - 0.0077 - - 1764664689.003813982 1764664689.011503220 0
Dec 2 08:38:09 np0005541909 container-server[124282]: 172.20.0.104 - - [02/Dec/2025:08:38:09 +0000] "PUT /d1/682/AUTH_497073c2347a4b2dbbf501873318fbd3/gnocchi.8fe2af1f-43cd-423a-83cb-b7c8ed26b471/none_v3" 201 - "PUT http://172.18.0.121:8080/d1/8/AUTH_497073c2347a4b2dbbf501873318fbd3/gnocchi.8fe2af1f-43cd-423a-83cb-b7c8ed26b471/none_v3" "txf9ef140fbbff4dc08d8e6-00692ea570" "object-server 21" 0.0005 "-" 20 0
Dec 2 08:38:09 np0005541909 object-server[124628]: 172.20.0.104 - - [02/Dec/2025:08:38:09 +0000] "PUT /d1/8/AUTH_497073c2347a4b2dbbf501873318fbd3/gnocchi.8fe2af1f-43cd-423a-83cb-b7c8ed26b471/none_v3" 201 - "PUT http://172.18.0.121:8080/v1/AUTH_497073c2347a4b2dbbf501873318fbd3/gnocchi.8fe2af1f-43cd-423a-83cb-b7c8ed26b471/none_v3" "txf9ef140fbbff4dc08d8e6-00692ea570" "proxy-server 20" 0.0158 "-" 22 0
Dec 2 08:38:09 np0005541909 object-server[124636]: 172.20.0.103 - - [02/Dec/2025:08:38:09 +0000] "GET /d1/20/AUTH_497073c2347a4b2dbbf501873318fbd3/gnocchi.ea620841-f6f6-4ea7-84eb-b83ad5c40434/1763640000.0_rate%3Amean_300.0_v3" 404 70 "GET http://172.18.0.121:8080/v1/AUTH_497073c2347a4b2dbbf501873318fbd3/gnocchi.ea620841-f6f6-4ea7-84eb-b83ad5c40434/1763640000.0_rate%3Amean_300.0_v3" "tx8d44120d9deb4c75b8d51-00692ea571" "proxy-server 20" 0.0003 "-" 25 0
Dec 2 08:38:09 np0005541909 proxy-server[125882]: 172.18.0.105 172.18.0.104 02/Dec/2025/08/38/09 GET /v1/AUTH_497073c2347a4b2dbbf501873318fbd3/gnocchi.ea620841-f6f6-4ea7-84eb-b83ad5c40434/1763640000.0_rate%253Amean_300.0_v3 HTTP/1.0 404 - python-swiftclient-3.11.1 gAAAAABpLqO0YxeR... - 70 - tx8d44120d9deb4c75b8d51-00692ea571 - 0.0145 - - 1764664689.014238834 1764664689.028734922 0
Dec 2 08:38:09 np0005541909 container-server[124282]: 172.20.0.105 - - [02/Dec/2025:08:38:09 +0000] "PUT /d1/637/AUTH_497073c2347a4b2dbbf501873318fbd3/gnocchi.ea620841-f6f6-4ea7-84eb-b83ad5c40434/1763640000.0_mean_300.0_v3" 201 - "PUT http://172.18.0.121:8080/d1/290/AUTH_497073c2347a4b2dbbf501873318fbd3/gnocchi.ea620841-f6f6-4ea7-84eb-b83ad5c40434/1763640000.0_mean_300.0_v3" "txc3a20dddf30649279f146-00692ea571" "object-server 25" 0.0005 "-" 20 0
Dec 2 08:38:09 np0005541909 object-server[124628]: 172.20.0.104 - - [02/Dec/2025:08:38:09 +0000] "PUT /d1/290/AUTH_497073c2347a4b2dbbf501873318fbd3/gnocchi.ea620841-f6f6-4ea7-84eb-b83ad5c40434/1763640000.0_mean_300.0_v3" 201 - "PUT http://172.18.0.121:8080/v1/AUTH_497073c2347a4b2dbbf501873318fbd3/gnocchi.ea620841-f6f6-4ea7-84eb-b83ad5c40434/1763640000.0_mean_300.0_v3" "txc3a20dddf30649279f146-00692ea571" "proxy-server 20" 0.0114 "-" 22 0
Dec 2 08:38:09 np0005541909 object-server[124636]: 172.20.0.103 - - [02/Dec/2025:08:38:09 +0000] "GET /d1/34/AUTH_497073c2347a4b2dbbf501873318fbd3/gnocchi.5084c030-e9b1-4bf2-995b-3ad7a43e1f6c/none_v3" 200 22 "GET http://172.18.0.121:8080/v1/AUTH_497073c2347a4b2dbbf501873318fbd3/gnocchi.5084c030-e9b1-4bf2-995b-3ad7a43e1f6c/none_v3" "tx6fc79e0687de4822b8301-00692ea571" "proxy-server 20" 0.0012 "-" 25 0
