Dec 2 08:33:09 np0005541909 account-server[124133]: 172.20.0.103 - - [02/Dec/2025:08:33:09 +0000] "PUT /d1/626/AUTH_497073c2347a4b2dbbf501873318fbd3/gnocchi.4f411340-6467-4bae-9d7e-9d5b273b0d2b" 201 - "PUT http://172.20.0.103:6001/d1/902/AUTH_497073c2347a4b2dbbf501873318fbd3/gnocchi.4f411340-6467-4bae-9d7e-9d5b273b0d2b" "tx456eb1b13c134123b59dd-00692ea445" "container-server 20" 0.0058 "-" 23 0
Dec 2 08:33:09 np0005541909 container-server[124282]: 172.20.0.104 - - [02/Dec/2025:08:33:09 +0000] "PUT /d1/902/AUTH_497073c2347a4b2dbbf501873318fbd3/gnocchi.4f411340-6467-4bae-9d7e-9d5b273b0d2b" 201 - "PUT http://172.18.0.121:8080/v1/AUTH_497073c2347a4b2dbbf501873318fbd3/gnocchi.4f411340-6467-4bae-9d7e-9d5b273b0d2b" "tx456eb1b13c134123b59dd-00692ea445" "proxy-server 20" 0.0167 "-" 20 0
Dec 2 08:33:09 np0005541909 container-server[124282]: 172.20.0.105 - - [02/Dec/2025:08:33:09 +0000] "GET /d1/500/AUTH_497073c2347a4b2dbbf501873318fbd3/gnocchi.1cbcdd7a-19b9-436b-b6cc-d4b320de27a8" 200 2 "GET http://172.18.0.121:8080/v1/AUTH_497073c2347a4b2dbbf501873318fbd3/gnocchi.1cbcdd7a-19b9-436b-b6cc-d4b320de27a8?format=json&states=listing" "tx4c2d61cebe894b16bbed9-00692ea445" "proxy-server 20" 0.0035 "-" 20 0
Dec 2 08:33:09 np0005541909 account-server[124093]: 172.20.0.103 - - [02/Dec/2025:08:33:09 +0000] "PUT /d1/626/AUTH_497073c2347a4b2dbbf501873318fbd3/gnocchi.ea620841-f6f6-4ea7-84eb-b83ad5c40434" 201 - "PUT http://172.20.0.103:6001/d1/637/AUTH_497073c2347a4b2dbbf501873318fbd3/gnocchi.ea620841-f6f6-4ea7-84eb-b83ad5c40434" "txd1ef31dac9b449bfacb25-00692ea445" "container-server 23" 0.0167 "-" 20 0
Dec 2 08:33:09 np0005541909 container-server[124303]: 172.20.0.103 - - [02/Dec/2025:08:33:09 +0000] "PUT /d1/637/AUTH_497073c2347a4b2dbbf501873318fbd3/gnocchi.ea620841-f6f6-4ea7-84eb-b83ad5c40434" 201 - "PUT http://172.18.0.121:8080/v1/AUTH_497073c2347a4b2dbbf501873318fbd3/gnocchi.ea620841-f6f6-4ea7-84eb-b83ad5c40434" "txd1ef31dac9b449bfacb25-00692ea445" "proxy-server 20" 0.0266 "-" 23 0
Dec 2 08:33:09 np0005541909 proxy-server[125882]: 172.18.0.105 172.18.0.104 02/Dec/2025/08/33/09 PUT /v1/AUTH_497073c2347a4b2dbbf501873318fbd3/gnocchi.ea620841-f6f6-4ea7-84eb-b83ad5c40434 HTTP/1.0 201 - python-swiftclient-3.11.1 gAAAAABpLqO0YxeR... - - - txd1ef31dac9b449bfacb25-00692ea445 - 0.0481 - - 1764664389.413834095 1764664389.461884975 0
Dec 2 08:33:09 np0005541909 container-server[124300]: 172.20.0.104 - - [02/Dec/2025:08:33:09 +0000] "HEAD /d1/902/AUTH_497073c2347a4b2dbbf501873318fbd3/gnocchi.4f411340-6467-4bae-9d7e-9d5b273b0d2b" 204 - "HEAD http://172.18.0.121:8080/v1/AUTH_497073c2347a4b2dbbf501873318fbd3/gnocchi.4f411340-6467-4bae-9d7e-9d5b273b0d2b?format=json&states=listing" "tx71c212dbc6b84ff2a4112-00692ea445" "proxy-server 20" 0.0019 "-" 22 0
Dec 2 08:33:09 np0005541909 object-server[124630]: 172.20.0.105 - - [02/Dec/2025:08:33:09 +0000] "GET /d1/571/AUTH_497073c2347a4b2dbbf501873318fbd3/gnocchi.1cbcdd7a-19b9-436b-b6cc-d4b320de27a8/1763640000.0_mean_300.0_v3" 404 70 "GET http://172.18.0.121:8080/v1/AUTH_497073c2347a4b2dbbf501873318fbd3/gnocchi.1cbcdd7a-19b9-436b-b6cc-d4b320de27a8/1763640000.0_mean_300.0_v3" "tx149ca5a60a3842fab8971-00692ea445" "proxy-server 20" 0.0006 "-" 23 0
Dec 2 08:33:09 np0005541909 proxy-server[125882]: - - 02/Dec/2025/08/33/09 HEAD /v1/AUTH_497073c2347a4b2dbbf501873318fbd3/gnocchi.ea620841-f6f6-4ea7-84eb-b83ad5c40434%3Fformat%3Djson%26states%3Dlisting HTTP/1.0 204 - Swift - - - - tx35797a3177154a28827a1-00692ea445 - 0.0078 RL - 1764664389.471007586 1764664389.478773355 0
Dec 2 08:33:09 np0005541909 container-server[124293]: 172.20.0.104 - - [02/Dec/2025:08:33:09 +0000] "GET /d1/902/AUTH_497073c2347a4b2dbbf501873318fbd3/gnocchi.4f411340-6467-4bae-9d7e-9d5b273b0d2b" 200 2 "GET http://172.18.0.121:8080/v1/AUTH_497073c2347a4b2dbbf501873318fbd3/gnocchi.4f411340-6467-4bae-9d7e-9d5b273b0d2b?format=json&states=listing" "tx71c212dbc6b84ff2a4112-00692ea445" "proxy-server 20" 0.0042 "-" 21 0
Dec 2 08:33:09 np0005541909 proxy-server[125882]: 172.18.0.105 172.18.0.104 02/Dec/2025/08/33/09 GET /v1/AUTH_497073c2347a4b2dbbf501873318fbd3/gnocchi.ea620841-f6f6-4ea7-84eb-b83ad5c40434%3Fformat%3Djson%26states%3Dlisting HTTP/1.0 200 - python-swiftclient-3.11.1 gAAAAABpLqO0YxeR... - 2 - tx35797a3177154a28827a1-00692ea445 - 0.0210 - - 1764664389.467941284 1764664389.488962889 0
Dec 2 08:33:09 np0005541909 object-server[124630]: 172.20.0.104 - - [02/Dec/2025:08:33:09 +0000] "GET /d1/1022/AUTH_497073c2347a4b2dbbf501873318fbd3/gnocchi.4f411340-6467-4bae-9d7e-9d5b273b0d2b/1763640000.0_mean_300.0_v3" 404 70 "GET http://172.18.0.121:8080/v1/AUTH_497073c2347a4b2dbbf501873318fbd3/gnocchi.4f411340-6467-4bae-9d7e-9d5b273b0d2b/1763640000.0_mean_300.0_v3" "txbefc0eabc4894740bb9d9-00692ea445" "proxy-server 20" 0.0005 "-" 23 0
Dec 2 08:33:09 np0005541909 object-server[124633]: 172.20.0.103 - - [02/Dec/2025:08:33:09 +0000] "GET /d1/290/AUTH_497073c2347a4b2dbbf501873318fbd3/gnocchi.ea620841-f6f6-4ea7-84eb-b83ad5c40434/1763640000.0_mean_300.0_v3" 404 70 "GET http://172.18.0.121:8080/v1/AUTH_497073c2347a4b2dbbf501873318fbd3/gnocchi.ea620841-f6f6-4ea7-84eb-b83ad5c40434/1763640000.0_mean_300.0_v3" "tx8867ded2d1ea4bbbae618-00692ea445" "proxy-server 20" 0.0017 "-" 24 0
Dec 2 08:33:09 np0005541909 container-server[124282]: 172.20.0.104 - - [02/Dec/2025:08:33:09 +0000] "PUT /d1/500/AUTH_497073c2347a4b2dbbf501873318fbd3/gnocchi.1cbcdd7a-19b9-436b-b6cc-d4b320de27a8/1763640000.0_mean_300.0_v3" 201 - "PUT http://172.18.0.121:8080/d1/571/AUTH_497073c2347a4b2dbbf501873318fbd3/gnocchi.1cbcdd7a-19b9-436b-b6cc-d4b320de27a8/1763640000.0_mean_300.0_v3" "tx00a64bebfa044b9a80a53-00692ea445" "object-server 23" 0.0006 "-" 20 0
Dec 2 08:33:09 np0005541909 object-server[124628]: 172.20.0.105 - - [02/Dec/2025:08:33:09 +0000] "PUT /d1/571/AUTH_497073c2347a4b2dbbf501873318fbd3/gnocchi.1cbcdd7a-19b9-436b-b6cc-d4b320de27a8/1763640000.0_mean_300.0_v3" 201 - "PUT http://172.18.0.121:8080/v1/AUTH_497073c2347a4b2dbbf501873318fbd3/gnocchi.1cbcdd7a-19b9-436b-b6cc-d4b320de27a8/1763640000.0_mean_300.0_v3" "tx00a64bebfa044b9a80a53-00692ea445" "proxy-server 20" 0.0119 "-" 22 0
Dec 2 08:33:09 np0005541909 proxy-server[125882]: 172.18.0.105 172.18.0.104 02/Dec/2025/08/33/09 GET /v1/AUTH_497073c2347a4b2dbbf501873318fbd3/gnocchi.ea620841-f6f6-4ea7-84eb-b83ad5c40434/1763640000.0_mean_300.0_v3 HTTP/1.0 404 - python-swiftclient-3.11.1 gAAAAABpLqO0YxeR... - 70 - tx8867ded2d1ea4bbbae618-00692ea445 - 0.0179 - - 1764664389.494779348 1764664389.512651920 0
Dec 2 08:33:09 np0005541909 container-server[124293]: 172.20.0.105 - - [02/Dec/2025:08:33:09 +0000] "PUT /d1/902/AUTH_497073c2347a4b2dbbf501873318fbd3/gnocchi.4f411340-6467-4bae-9d7e-9d5b273b0d2b/1763640000.0_mean_300.0_v3" 201 - "PUT http://172.18.0.121:8080/d1/1022/AUTH_497073c2347a4b2dbbf501873318fbd3/gnocchi.4f411340-6467-4bae-9d7e-9d5b273b0d2b/1763640000.0_mean_300.0_v3" "tx5d97e682261f443b8625e-00692ea445" "object-server 25" 0.0006 "-" 21 0
Dec 2 08:33:09 np0005541909 object-server[124636]: 172.20.0.104 - - [02/Dec/2025:08:33:09 +0000] "PUT /d1/1022/AUTH_497073c2347a4b2dbbf501873318fbd3/gnocchi.4f411340-6467-4bae-9d7e-9d5b273b0d2b/1763640000.0_mean_300.0_v3" 201 - "PUT http://172.18.0.121:8080/v1/AUTH_497073c2347a4b2dbbf501873318fbd3/gnocchi.4f411340-6467-4bae-9d7e-9d5b273b0d2b/1763640000.0_mean_300.0_v3" "tx5d97e682261f443b8625e-00692ea445" "proxy-server 20" 0.0145 "-" 25 0
Dec 2 08:33:09 np0005541909 container-server[124300]: 172.20.0.103 - - [02/Dec/2025:08:33:09 +0000] "PUT /d1/637/AUTH_497073c2347a4b2dbbf501873318fbd3/gnocchi.ea620841-f6f6-4ea7-84eb-b83ad5c40434/1763640000.0_mean_300.0_v3" 201 - "PUT http://172.18.0.121:8080/d1/290/AUTH_497073c2347a4b2dbbf501873318fbd3/gnocchi.ea620841-f6f6-4ea7-84eb-b83ad5c40434/1763640000.0_mean_300.0_v3" "tx48ac388aea4b49f5b0d56-00692ea445" "object-server 23" 0.0011 "-" 22 0
Dec 2 08:33:09 np0005541909 object-server[124630]: 172.20.0.103 - - [02/Dec/2025:08:33:09 +0000] "PUT /d1/290/AUTH_497073c2347a4b2dbbf501873318fbd3/gnocchi.ea620841-f6f6-4ea7-84eb-b83ad5c40434/1763640000.0_mean_300.0_v3" 201 - "PUT http://172.18.0.121:8080/v1/AUTH_497073c2347a4b2dbbf501873318fbd3/gnocchi.ea620841-f6f6-4ea7-84eb-b83ad5c40434/1763640000.0_mean_300.0_v3" "tx48ac388aea4b49f5b0d56-00692ea445" "proxy-server 20" 0.0155 "-" 23 0
Dec 2 08:33:09 np0005541909 proxy-server[125882]: 172.18.0.105 172.18.0.104 02/Dec/2025/08/33/09 PUT /v1/AUTH_497073c2347a4b2dbbf501873318fbd3/gnocchi.ea620841-f6f6-4ea7-84eb-b83ad5c40434/1763640000.0_mean_300.0_v3 HTTP/1.0 201 - python-swiftclient-3.11.1 gAAAAABpLqO0YxeR... 16 - - tx48ac388aea4b49f5b0d56-00692ea445 - 0.0271 - - 1764664389.517808199 1764664389.544948816 0
Dec 2 08:33:09 np0005541909 container-server[124303]: 172.20.0.103 - - [02/Dec/2025:08:33:09 +0000] "PUT /d1/902/AUTH_497073c2347a4b2dbbf501873318fbd3/gnocchi.4f411340-6467-4bae-9d7e-9d5b273b0d2b/none_v3" 201 - "PUT http://172.18.0.121:8080/d1/919/AUTH_497073c2347a4b2dbbf501873318fbd3/gnocchi.4f411340-6467-4bae-9d7e-9d5b273b0d2b/none_v3" "tx34405f7890ba43ba9bb11-00692ea445" "object-server 24" 0.0009 "-" 23 0
Dec 2 08:33:09 np0005541909 object-server[124633]: 172.20.0.104 - - [02/Dec/2025:08:33:09 +0000] "PUT /d1/919/AUTH_497073c2347a4b2dbbf501873318fbd3/gnocchi.4f411340-6467-4bae-9d7e-9d5b273b0d2b/none_v3" 201 - "PUT http://172.18.0.121:8080/v1/AUTH_497073c2347a4b2dbbf501873318fbd3/gnocchi.4f411340-6467-4bae-9d7e-9d5b273b0d2b/none_v3" "tx34405f7890ba43ba9bb11-00692ea445" "proxy-server 20" 0.0120 "-" 24 0
Dec 2 08:33:09 np0005541909 container-server[124300]: 172.20.0.103 - - [02/Dec/2025:08:33:09 +0000] "PUT /d1/500/AUTH_497073c2347a4b2dbbf501873318fbd3/gnocchi.1cbcdd7a-19b9-436b-b6cc-d4b320de27a8/none_v3" 201 - "PUT http://172.18.0.121:8080/d1/407/AUTH_497073c2347a4b2dbbf501873318fbd3/gnocchi.1cbcdd7a-19b9-436b-b6cc-d4b320de27a8/none_v3" "txf5330b36c7dd44b8b9343-00692ea445" "object-server 24" 0.0010 "-" 22 0
Dec 2 08:33:09 np0005541909 object-server[124633]: 172.20.0.105 - - [02/Dec/2025:08:33:09 +0000] "PUT /d1/407/AUTH_497073c2347a4b2dbbf501873318fbd3/gnocchi.1cbcdd7a-19b9-436b-b6cc-d4b320de27a8/none_v3" 201 - "PUT http://172.18.0.121:8080/v1/AUTH_497073c2347a4b2dbbf501873318fbd3/gnocchi.1cbcdd7a-19b9-436b-b6cc-d4b320de27a8/none_v3" "txf5330b36c7dd44b8b9343-00692ea445" "proxy-server 20" 0.0162 "-" 24 0
Dec 2 08:33:09 np0005541909 container-server[124282]: 172.20.0.103 - - [02/Dec/2025:08:33:09 +0000] "PUT /d1/637/AUTH_497073c2347a4b2dbbf501873318fbd3/gnocchi.ea620841-f6f6-4ea7-84eb-b83ad5c40434/none_v3" 201 - "PUT http://172.18.0.121:8080/d1/51/AUTH_497073c2347a4b2dbbf501873318fbd3/gnocchi.ea620841-f6f6-4ea7-84eb-b83ad5c40434/none_v3" "txd64f7198a6454a409cd9d-00692ea445" "object-server 22" 0.0006 "-" 20 0
Dec 2 08:33:09 np0005541909 object-server[124628]: 172.20.0.103 - - [02/Dec/2025:08:33:09 +0000] "PUT /d1/51/AUTH_497073c2347a4b2dbbf501873318fbd3/gnocchi.ea620841-f6f6-4ea7-84eb-b83ad5c40434/none_v3" 201 - "PUT http://172.18.0.121:8080/v1/AUTH_497073c2347a4b2dbbf501873318fbd3/gnocchi.ea620841-f6f6-4ea7-84eb-b83ad5c40434/none_v3" "txd64f7198a6454a409cd9d-00692ea445" "proxy-server 20" 0.0119 "-" 22 0
Dec 2 08:33:09 np0005541909 proxy-server[125882]: 172.18.0.105 172.18.0.104 02/Dec/2025/08/33/09 PUT /v1/AUTH_497073c2347a4b2dbbf501873318fbd3/gnocchi.ea620841-f6f6-4ea7-84eb-b83ad5c40434/none_v3 HTTP/1.0 201 - python-swiftclient-3.11.1 gAAAAABpLqO0YxeR... 22 - - txd64f7198a6454a409cd9d-00692ea445 - 0.0242 - - 1764664389.550351381 1764664389.574570417 0
Dec 2 08:33:09 np0005541909 container-server[124293]: 172.20.0.104 - - [02/Dec/2025:08:33:09 +0000] "HEAD /d1/531/AUTH_497073c2347a4b2dbbf501873318fbd3/gnocchi.aa733041-fa18-4a3c-8227-f772e4afde17" 404 - "HEAD http://172.18.0.121:8080/v1/AUTH_497073c2347a4b2dbbf501873318fbd3/gnocchi.aa733041-fa18-4a3c-8227-f772e4afde17?format=json&states=listing" "txc9f70c3f30414fd9b5bcd-00692ea445" "proxy-server 20" 0.0004 "-" 21 0
Dec 2 08:33:09 np0005541909 object-server[124636]: 172.20.0.104 - - [02/Dec/2025:08:33:09 +0000] "GET /d1/120/AUTH_497073c2347a4b2dbbf501873318fbd3/gnocchi.aa733041-fa18-4a3c-8227-f772e4afde17/none_v3" 404 70 "GET http://172.18.0.121:8080/v1/AUTH_497073c2347a4b2dbbf501873318fbd3/gnocchi.aa733041-fa18-4a3c-8227-f772e4afde17/none_v3" "txc9f70c3f30414fd9b5bcd-00692ea445" "proxy-server 20" 0.0004 "-" 25 0
Dec 2 08:33:09 np0005541909 container-server[124303]: 172.20.0.105 - - [02/Dec/2025:08:33:09 +0000] "HEAD /d1/745/AUTH_497073c2347a4b2dbbf501873318fbd3/gnocchi.39960805-d346-4a13-9372-f097bcb99bc9" 404 - "HEAD http://172.18.0.121:8080/v1/AUTH_497073c2347a4b2dbbf501873318fbd3/gnocchi.39960805-d346-4a13-9372-f097bcb99bc9?format=json&states=listing" "txb54cd69160c64b80ad8ce-00692ea445" "proxy-server 20" 0.0004 "-" 23 0
Dec 2 08:33:09 np0005541909 object-server[124628]: 172.20.0.105 - - [02/Dec/2025:08:33:09 +0000] "GET /d1/458/AUTH_497073c2347a4b2dbbf501873318fbd3/gnocchi.39960805-d346-4a13-9372-f097bcb99bc9/none_v3" 404 70 "GET http://172.18.0.121:8080/v1/AUTH_497073c2347a4b2dbbf501873318fbd3/gnocchi.39960805-d346-4a13-9372-f097bcb99bc9/none_v3" "txb54cd69160c64b80ad8ce-00692ea445" "proxy-server 20" 0.0006 "-" 22 0
Dec 2 08:33:09 np0005541909 container-server[124303]: 172.20.0.104 - - [02/Dec/2025:08:33:09 +0000] "HEAD /d1/532/AUTH_497073c2347a4b2dbbf501873318fbd3/gnocchi.8f240f26-142d-4151-bd38-13f126e4df57" 404 - "HEAD http://172.18.0.121:8080/v1/AUTH_497073c2347a4b2dbbf501873318fbd3/gnocchi.8f240f26-142d-4151-bd38-13f126e4df57?format=json&states=listing" "txbc04b0d020344ce49c380-00692ea445" "proxy-server 20" 0.0004 "-" 23 0
Dec 2 08:33:09 np0005541909 object-server[124636]: 172.20.0.104 - - [02/Dec/2025:08:33:09 +0000] "GET /d1/175/AUTH_497073c2347a4b2dbbf501873318fbd3/gnocchi.8f240f26-142d-4151-bd38-13f126e4df57/none_v3" 404 70 "GET http://172.18.0.121:8080/v1/AUTH_497073c2347a4b2dbbf501873318fbd3/gnocchi.8f240f26-142d-4151-bd38-13f126e4df57/none_v3" "txbc04b0d020344ce49c380-00692ea445" "proxy-server 20" 0.0003 "-" 25 0
Dec 2 08:33:09 np0005541909 account-server[124133]: 172.20.0.103 - - [02/Dec/2025:08:33:09 +0000] "PUT /d1/626/AUTH_497073c2347a4b2dbbf501873318fbd3/gnocchi.aa733041-fa18-4a3c-8227-f772e4afde17" 201 - "PUT http://172.20.0.103:6001/d1/531/AUTH_497073c2347a4b2dbbf501873318fbd3/gnocchi.aa733041-fa18-4a3c-8227-f772e4afde17" "txfd693575dabd45e7bf236-00692ea445" "container-server 23" 0.0047 "-" 23 0
Dec 2 08:33:09 np0005541909 container-server[124303]: 172.20.0.103 - - [02/Dec/2025:08:33:09 +0000] "PUT /d1/531/AUTH_497073c2347a4b2dbbf501873318fbd3/gnocchi.aa733041-fa18-4a3c-8227-f772e4afde17" 201 - "PUT http://172.18.0.121:8080/v1/AUTH_497073c2347a4b2dbbf501873318fbd3/gnocchi.aa733041-fa18-4a3c-8227-f772e4afde17" "txfd693575dabd45e7bf236-00692ea445" "proxy-server 20" 0.0184 "-" 23 0
Dec 2 08:33:09 np0005541909 proxy-server[125882]: 172.18.0.121 172.18.0.104 02/Dec/2025/08/33/09 PUT /v1/AUTH_497073c2347a4b2dbbf501873318fbd3/gnocchi.aa733041-fa18-4a3c-8227-f772e4afde17 HTTP/1.0 201 - python-swiftclient-3.11.1 gAAAAABpLqP99yKL... - - - txfd693575dabd45e7bf236-00692ea445 - 0.0358 - - 1764664389.599519730 1764664389.635292768 0
Dec 2 08:33:09 np0005541909 container-server[124300]: 172.20.0.105 - - [02/Dec/2025:08:33:09 +0000] "PUT /d1/745/AUTH_497073c2347a4b2dbbf501873318fbd3/gnocchi.39960805-d346-4a13-9372-f097bcb99bc9" 201 - "PUT http://172.18.0.121:8080/v1/AUTH_497073c2347a4b2dbbf501873318fbd3/gnocchi.39960805-d346-4a13-9372-f097bcb99bc9" "txb23ca4ad73c44a7790f96-00692ea445" "proxy-server 20" 0.0171 "-" 22 0
Dec 2 08:33:09 np0005541909 account-server[124133]: 172.20.0.104 - - [02/Dec/2025:08:33:09 +0000] "PUT /d1/626/AUTH_497073c2347a4b2dbbf501873318fbd3/gnocchi.39960805-d346-4a13-9372-f097bcb99bc9" 201 - "PUT http://172.20.0.104:6001/d1/745/AUTH_497073c2347a4b2dbbf501873318fbd3/gnocchi.39960805-d346-4a13-9372-f097bcb99bc9" "txb23ca4ad73c44a7790f96-00692ea445" "container-server 20" 0.0045 "-" 23 0
Dec 2 08:33:09 np0005541909 container-server[124293]: 172.20.0.103 - - [02/Dec/2025:08:33:09 +0000] "HEAD /d1/531/AUTH_497073c2347a4b2dbbf501873318fbd3/gnocchi.aa733041-fa18-4a3c-8227-f772e4afde17" 204 - "HEAD http://172.18.0.121:8080/v1/AUTH_497073c2347a4b2dbbf501873318fbd3/gnocchi.aa733041-fa18-4a3c-8227-f772e4afde17?format=json&states=listing" "tx92c4ae042e27452a96aa4-00692ea445" "proxy-server 20" 0.0025 "-" 21 0
Dec 2 08:33:09 np0005541909 proxy-server[125882]: - - 02/Dec/2025/08/33/09 HEAD /v1/AUTH_497073c2347a4b2dbbf501873318fbd3/gnocchi.aa733041-fa18-4a3c-8227-f772e4afde17%3Fformat%3Djson%26states%3Dlisting HTTP/1.0 204 - Swift - - - - tx92c4ae042e27452a96aa4-00692ea445 - 0.0075 RL - 1764664389.642162800 1764664389.649648905 0
Dec 2 08:33:09 np0005541909 account-server[124093]: 172.20.0.103 - - [02/Dec/2025:08:33:09 +0000] "PUT /d1/626/AUTH_497073c2347a4b2dbbf501873318fbd3/gnocchi.8f240f26-142d-4151-bd38-13f126e4df57" 201 - "PUT http://172.20.0.103:6001/d1/532/AUTH_497073c2347a4b2dbbf501873318fbd3/gnocchi.8f240f26-142d-4151-bd38-13f126e4df57" "txac6aeaf6f302447490dba-00692ea445" "container-server 23" 0.0050 "-" 20 0
Dec 2 08:33:09 np0005541909 container-server[124303]: 172.20.0.104 - - [02/Dec/2025:08:33:09 +0000] "PUT /d1/532/AUTH_497073c2347a4b2dbbf501873318fbd3/gnocchi.8f240f26-142d-4151-bd38-13f126e4df57" 201 - "PUT http://172.18.0.121:8080/v1/AUTH_497073c2347a4b2dbbf501873318fbd3/gnocchi.8f240f26-142d-4151-bd38-13f126e4df57" "txac6aeaf6f302447490dba-00692ea445" "proxy-server 20" 0.0168 "-" 23 0
Dec 2 08:33:09 np0005541909 container-server[124300]: 172.20.0.103 - - [02/Dec/2025:08:33:09 +0000] "GET /d1/531/AUTH_497073c2347a4b2dbbf501873318fbd3/gnocchi.aa733041-fa18-4a3c-8227-f772e4afde17" 200 2 "GET http://172.18.0.121:8080/v1/AUTH_497073c2347a4b2dbbf501873318fbd3/gnocchi.aa733041-fa18-4a3c-8227-f772e4afde17?format=json&states=listing" "tx92c4ae042e27452a96aa4-00692ea445" "proxy-server 20" 0.0024 "-" 22 0
Dec 2 08:33:09 np0005541909 proxy-server[125882]: 172.18.0.121 172.18.0.104 02/Dec/2025/08/33/09 GET /v1/AUTH_497073c2347a4b2dbbf501873318fbd3/gnocchi.aa733041-fa18-4a3c-8227-f772e4afde17%3Fformat%3Djson%26states%3Dlisting HTTP/1.0 200 - python-swiftclient-3.11.1 gAAAAABpLqP99yKL... - 2 - tx92c4ae042e27452a96aa4-00692ea445 - 0.0196 - - 1764664389.639976263 1764664389.659553051 0
Dec 2 08:33:09 np0005541909 object-server[124636]: 172.20.0.103 - - [02/Dec/2025:08:33:09 +0000] "GET /d1/701/AUTH_497073c2347a4b2dbbf501873318fbd3/gnocchi.aa733041-fa18-4a3c-8227-f772e4afde17/1763640000.0_mean_300.0_v3" 404 70 "GET http://172.18.0.121:8080/v1/AUTH_497073c2347a4b2dbbf501873318fbd3/gnocchi.aa733041-fa18-4a3c-8227-f772e4afde17/1763640000.0_mean_300.0_v3" "txbb48c0272549438199236-00692ea445" "proxy-server 20" 0.0003 "-" 25 0
Dec 2 08:33:09 np0005541909 proxy-server[125882]: 172.18.0.121 172.18.0.104 02/Dec/2025/08/33/09 GET /v1/AUTH_497073c2347a4b2dbbf501873318fbd3/gnocchi.aa733041-fa18-4a3c-8227-f772e4afde17/1763640000.0_mean_300.0_v3 HTTP/1.0 404 - python-swiftclient-3.11.1 gAAAAABpLqP99yKL... - 70 - txbb48c0272549438199236-00692ea445 - 0.0154 - - 1764664389.664952755 1764664389.680320024 0
Dec 2 08:33:09 np0005541909 object-server[124628]: 172.20.0.105 - - [02/Dec/2025:08:33:09 +0000] "GET /d1/971/AUTH_497073c2347a4b2dbbf501873318fbd3/gnocchi.39960805-d346-4a13-9372-f097bcb99bc9/1763640000.0_mean_300.0_v3" 404 70 "GET http://172.18.0.121:8080/v1/AUTH_497073c2347a4b2dbbf501873318fbd3/gnocchi.39960805-d346-4a13-9372-f097bcb99bc9/1763640000.0_mean_300.0_v3" "tx2a678def5e6640b5b8e7f-00692ea445" "proxy-server 20" 0.0004 "-" 22 0
Dec 2 08:33:09 np0005541909 container-server[124303]: 172.20.0.104 - - [02/Dec/2025:08:33:09 +0000] "GET /d1/532/AUTH_497073c2347a4b2dbbf501873318fbd3/gnocchi.8f240f26-142d-4151-bd38-13f126e4df57" 200 2 "GET http://172.18.0.121:8080/v1/AUTH_497073c2347a4b2dbbf501873318fbd3/gnocchi.8f240f26-142d-4151-bd38-13f126e4df57?format=json&states=listing" "tx09bea14832b04268bc5e9-00692ea445" "proxy-server 20" 0.0029 "-" 23 0
Dec 2 08:33:09 np0005541909 container-server[124293]: 172.20.0.103 - - [02/Dec/2025:08:33:09 +0000] "PUT /d1/531/AUTH_497073c2347a4b2dbbf501873318fbd3/gnocchi.aa733041-fa18-4a3c-8227-f772e4afde17/1763640000.0_mean_300.0_v3" 201 - "PUT http://172.18.0.121:8080/d1/701/AUTH_497073c2347a4b2dbbf501873318fbd3/gnocchi.aa733041-fa18-4a3c-8227-f772e4afde17/1763640000.0_mean_300.0_v3" "tx0f484f1335a24f0f94346-00692ea445" "object-server 25" 0.0009 "-" 21 0
Dec 2 08:33:09 np0005541909 object-server[124636]: 172.20.0.103 - - [02/Dec/2025:08:33:09 +0000] "PUT /d1/701/AUTH_497073c2347a4b2dbbf501873318fbd3/gnocchi.aa733041-fa18-4a3c-8227-f772e4afde17/1763640000.0_mean_300.0_v3" 201 - "PUT http://172.18.0.121:8080/v1/AUTH_497073c2347a4b2dbbf501873318fbd3/gnocchi.aa733041-fa18-4a3c-8227-f772e4afde17/1763640000.0_mean_300.0_v3" "tx0f484f1335a24f0f94346-00692ea445" "proxy-server 20" 0.0117 "-" 25 0
Dec 2 08:33:09 np0005541909 object-server[124630]: 172.20.0.104 - - [02/Dec/2025:08:33:09 +0000] "GET /d1/1022/AUTH_497073c2347a4b2dbbf501873318fbd3/gnocchi.8f240f26-142d-4151-bd38-13f126e4df57/1763640000.0_mean_300.0_v3" 404 70 "GET http://172.18.0.121:8080/v1/AUTH_497073c2347a4b2dbbf501873318fbd3/gnocchi.8f240f26-142d-4151-bd38-13f126e4df57/1763640000.0_mean_300.0_v3" "txd2ecc8e0fa0841278d4ca-00692ea445" "proxy-server 20" 0.0006 "-" 23 0
Dec 2 08:33:09 np0005541909 container-server[124300]: 172.20.0.104 - - [02/Dec/2025:08:33:09 +0000] "PUT /d1/745/AUTH_497073c2347a4b2dbbf501873318fbd3/gnocchi.39960805-d346-4a13-9372-f097bcb99bc9/1763640000.0_mean_300.0_v3" 201 - "PUT http://172.18.0.121:8080/d1/971/AUTH_497073c2347a4b2dbbf501873318fbd3/gnocchi.39960805-d346-4a13-9372-f097bcb99bc9/1763640000.0_mean_300.0_v3" "txcc1843e25e074535a28f7-00692ea445" "object-server 23" 0.0008 "-" 22 0
Dec 2 08:33:09 np0005541909 proxy-server[125882]: 172.18.0.121 172.18.0.104 02/Dec/2025/08/33/09 PUT /v1/AUTH_497073c2347a4b2dbbf501873318fbd3/gnocchi.aa733041-fa18-4a3c-8227-f772e4afde17/1763640000.0_mean_300.0_v3 HTTP/1.0 201 - python-swiftclient-3.11.1 gAAAAABpLqP99yKL... 16 - - tx0f484f1335a24f0f94346-00692ea445 - 0.0247 - - 1764664389.684011459 1764664389.708692551 0
Dec 2 08:33:09 np0005541909 object-server[124633]: 172.20.0.105 - - [02/Dec/2025:08:33:09 +0000] "PUT /d1/971/AUTH_497073c2347a4b2dbbf501873318fbd3/gnocchi.39960805-d346-4a13-9372-f097bcb99bc9/1763640000.0_mean_300.0_v3" 201 - "PUT http://172.18.0.121:8080/v1/AUTH_497073c2347a4b2dbbf501873318fbd3/gnocchi.39960805-d346-4a13-9372-f097bcb99bc9/1763640000.0_mean_300.0_v3" "txcc1843e25e074535a28f7-00692ea445" "proxy-server 20" 0.0174 "-" 24 0
Dec 2 08:33:09 np0005541909 object-server[124628]: 172.20.0.103 - - [02/Dec/2025:08:33:09 +0000] "PUT /d1/120/AUTH_497073c2347a4b2dbbf501873318fbd3/gnocchi.aa733041-fa18-4a3c-8227-f772e4afde17/none_v3" 201 - "PUT http://172.18.0.121:8080/v1/AUTH_497073c2347a4b2dbbf501873318fbd3/gnocchi.aa733041-fa18-4a3c-8227-f772e4afde17/none_v3" "txd9a2d32a2a65490aa96cc-00692ea445" "proxy-server 20" 0.0146 "-" 22 0
Dec 2 08:33:09 np0005541909 container-server[124300]: 172.20.0.104 - - [02/Dec/2025:08:33:09 +0000] "PUT /d1/531/AUTH_497073c2347a4b2dbbf501873318fbd3/gnocchi.aa733041-fa18-4a3c-8227-f772e4afde17/none_v3" 201 - "PUT http://172.18.0.121:8080/d1/120/AUTH_497073c2347a4b2dbbf501873318fbd3/gnocchi.aa733041-fa18-4a3c-8227-f772e4afde17/none_v3" "txd9a2d32a2a65490aa96cc-00692ea445" "object-server 23" 0.0011 "-" 22 0
Dec 2 08:33:09 np0005541909 container-server[124303]: 172.20.0.103 - - [02/Dec/2025:08:33:09 +0000] "PUT /d1/745/AUTH_497073c2347a4b2dbbf501873318fbd3/gnocchi.39960805-d346-4a13-9372-f097bcb99bc9/none_v3" 201 - "PUT http://172.18.0.121:8080/d1/458/AUTH_497073c2347a4b2dbbf501873318fbd3/gnocchi.39960805-d346-4a13-9372-f097bcb99bc9/none_v3" "tx790987c737da4ea2ad1d1-00692ea445" "object-server 23" 0.0007 "-" 23 0
Dec 2 08:33:09 np0005541909 object-server[124630]: 172.20.0.105 - - [02/Dec/2025:08:33:09 +0000] "PUT /d1/458/AUTH_497073c2347a4b2dbbf501873318fbd3/gnocchi.39960805-d346-4a13-9372-f097bcb99bc9/none_v3" 201 - "PUT http://172.18.0.121:8080/v1/AUTH_497073c2347a4b2dbbf501873318fbd3/gnocchi.39960805-d346-4a13-9372-f097bcb99bc9/none_v3" "tx790987c737da4ea2ad1d1-00692ea445" "proxy-server 20" 0.0127 "-" 23 0
Dec 2 08:33:09 np0005541909 proxy-server[125882]: 172.18.0.121 172.18.0.104 02/Dec/2025/08/33/09 PUT /v1/AUTH_497073c2347a4b2dbbf501873318fbd3/gnocchi.aa733041-fa18-4a3c-8227-f772e4afde17/none_v3 HTTP/1.0 201 - python-swiftclient-3.11.1 gAAAAABpLqP99yKL... 22 - - txd9a2d32a2a65490aa96cc-00692ea445 - 0.0308 - - 1764664389.712850571 1764664389.743627071 0
Dec 2 08:33:09 np0005541909 container-server[124303]: 172.20.0.105 - - [02/Dec/2025:08:33:09 +0000] "PUT /d1/532/AUTH_497073c2347a4b2dbbf501873318fbd3/gnocchi.8f240f26-142d-4151-bd38-13f126e4df57/1763640000.0_mean_300.0_v3" 201 - "PUT http://172.18.0.121:8080/d1/1022/AUTH_497073c2347a4b2dbbf501873318fbd3/gnocchi.8f240f26-142d-4151-bd38-13f126e4df57/1763640000.0_mean_300.0_v3" "txb350545e719d47c892d8e-00692ea445" "object-server 24" 0.0007 "-" 23 0
Dec 2 08:33:09 np0005541909 object-server[124633]: 172.20.0.104 - - [02/Dec/2025:08:33:09 +0000] "PUT /d1/1022/AUTH_497073c2347a4b2dbbf501873318fbd3/gnocchi.8f240f26-142d-4151-bd38-13f126e4df57/1763640000.0_mean_300.0_v3" 201 - "PUT http://172.18.0.121:8080/v1/AUTH_497073c2347a4b2dbbf501873318fbd3/gnocchi.8f240f26-142d-4151-bd38-13f126e4df57/1763640000.0_mean_300.0_v3" "txb350545e719d47c892d8e-00692ea445" "proxy-server 20" 0.0159 "-" 24 0
Dec 2 08:33:09 np0005541909 container-server[124303]: 172.20.0.105 - - [02/Dec/2025:08:33:09 +0000] "HEAD /d1/1017/AUTH_497073c2347a4b2dbbf501873318fbd3/gnocchi.df7e0595-991d-46c5-ab58-680948adb2b6" 404 - "HEAD http://172.18.0.121:8080/v1/AUTH_497073c2347a4b2dbbf501873318fbd3/gnocchi.df7e0595-991d-46c5-ab58-680948adb2b6?format=json&states=listing" "txd2e14af44dae4e0387669-00692ea445" "proxy-server 20" 0.0007 "-" 23 0
Dec 2 08:33:09 np0005541909 object-server[124636]: 172.20.0.103 - - [02/Dec/2025:08:33:09 +0000] "PUT /d1/175/AUTH_497073c2347a4b2dbbf501873318fbd3/gnocchi.8f240f26-142d-4151-bd38-13f126e4df57/none_v3" 201 - "PUT http://172.18.0.121:8080/v1/AUTH_497073c2347a4b2dbbf501873318fbd3/gnocchi.8f240f26-142d-4151-bd38-13f126e4df57/none_v3" "txfd530d59af8f415ab31c9-00692ea445" "proxy-server 20" 0.0136 "-" 25 0
Dec 2 08:33:09 np0005541909 container-server[124303]: 172.20.0.104 - - [02/Dec/2025:08:33:09 +0000] "PUT /d1/532/AUTH_497073c2347a4b2dbbf501873318fbd3/gnocchi.8f240f26-142d-4151-bd38-13f126e4df57/none_v3" 201 - "PUT http://172.18.0.121:8080/d1/175/AUTH_497073c2347a4b2dbbf501873318fbd3/gnocchi.8f240f26-142d-4151-bd38-13f126e4df57/none_v3" "txfd530d59af8f415ab31c9-00692ea445" "object-server 23" 0.0009 "-" 23 0
Dec 2 08:33:09 np0005541909 proxy-server[125882]: 172.18.0.105 172.18.0.104 02/Dec/2025/08/33/09 PUT /v1/AUTH_497073c2347a4b2dbbf501873318fbd3/gnocchi.8f240f26-142d-4151-bd38-13f126e4df57/none_v3 HTTP/1.0 201 - python-swiftclient-3.11.1 gAAAAABpLqO0YxeR... 22 - - txfd530d59af8f415ab31c9-00692ea445 - 0.0307 - - 1764664389.753591061 1764664389.784280300 0
Dec 2 08:33:09 np0005541909 container-server[124282]: 172.20.0.104 - - [02/Dec/2025:08:33:09 +0000] "HEAD /d1/807/AUTH_497073c2347a4b2dbbf501873318fbd3/gnocchi.8066c377-242c-49cc-b607-5f97997acc4c" 404 - "HEAD http://172.18.0.121:8080/v1/AUTH_497073c2347a4b2dbbf501873318fbd3/gnocchi.8066c377-242c-49cc-b607-5f97997acc4c?format=json&states=listing" "tx8011e67e0f144b03b2344-00692ea445" "proxy-server 20" 0.0008 "-" 20 0
Dec 2 08:33:09 np0005541909 object-server[124636]: 172.20.0.105 - - [02/Dec/2025:08:33:09 +0000] "GET /d1/542/AUTH_497073c2347a4b2dbbf501873318fbd3/gnocchi.df7e0595-991d-46c5-ab58-680948adb2b6/none_v3" 404 70 "GET http://172.18.0.121:8080/v1/AUTH_497073c2347a4b2dbbf501873318fbd3/gnocchi.df7e0595-991d-46c5-ab58-680948adb2b6/none_v3" "txd2e14af44dae4e0387669-00692ea445" "proxy-server 20" 0.0004 "-" 25 0
Dec 2 08:33:09 np0005541909 object-server[124633]: 172.20.0.104 - - [02/Dec/2025:08:33:09 +0000] "GET /d1/686/AUTH_497073c2347a4b2dbbf501873318fbd3/gnocchi.8066c377-242c-49cc-b607-5f97997acc4c/none_v3" 404 70 "GET http://172.18.0.121:8080/v1/AUTH_497073c2347a4b2dbbf501873318fbd3/gnocchi.8066c377-242c-49cc-b607-5f97997acc4c/none_v3" "tx8011e67e0f144b03b2344-00692ea445" "proxy-server 20" 0.0004 "-" 24 0
Dec 2 08:33:09 np0005541909 account-server[124108]: 172.20.0.104 - - [02/Dec/2025:08:33:09 +0000] "PUT /d1/626/AUTH_497073c2347a4b2dbbf501873318fbd3/gnocchi.df7e0595-991d-46c5-ab58-680948adb2b6" 201 - "PUT http://172.20.0.104:6001/d1/1017/AUTH_497073c2347a4b2dbbf501873318fbd3/gnocchi.df7e0595-991d-46c5-ab58-680948adb2b6" "tx05714994a3a74c6cbe9e4-00692ea445" "container-server 21" 0.0059 "-" 21 0
Dec 2 08:33:09 np0005541909 container-server[124300]: 172.20.0.105 - - [02/Dec/2025:08:33:09 +0000] "PUT /d1/807/AUTH_497073c2347a4b2dbbf501873318fbd3/gnocchi.8066c377-242c-49cc-b607-5f97997acc4c" 201 - "PUT http://172.18.0.121:8080/v1/AUTH_497073c2347a4b2dbbf501873318fbd3/gnocchi.8066c377-242c-49cc-b607-5f97997acc4c" "tx26d1e3a374654d75800d9-00692ea445" "proxy-server 20" 0.0210 "-" 22 0
Dec 2 08:33:09 np0005541909 account-server[124093]: 172.20.0.105 - - [02/Dec/2025:08:33:09 +0000] "PUT /d1/626/AUTH_497073c2347a4b2dbbf501873318fbd3/gnocchi.8066c377-242c-49cc-b607-5f97997acc4c" 201 - "PUT http://172.20.0.105:6001/d1/807/AUTH_497073c2347a4b2dbbf501873318fbd3/gnocchi.8066c377-242c-49cc-b607-5f97997acc4c" "tx26d1e3a374654d75800d9-00692ea445" "container-server 22" 0.0064 "-" 20 0
Dec 2 08:33:09 np0005541909 container-server[124282]: 172.20.0.103 - - [02/Dec/2025:08:33:09 +0000] "PUT /d1/1017/AUTH_497073c2347a4b2dbbf501873318fbd3/gnocchi.df7e0595-991d-46c5-ab58-680948adb2b6" 201 - "PUT http://172.18.0.121:8080/v1/AUTH_497073c2347a4b2dbbf501873318fbd3/gnocchi.df7e0595-991d-46c5-ab58-680948adb2b6" "tx05714994a3a74c6cbe9e4-00692ea445" "proxy-server 20" 0.0313 "-" 20 0
Dec 2 08:33:09 np0005541909 proxy-server[125882]: 172.18.0.121 172.18.0.104 02/Dec/2025/08/33/09 PUT /v1/AUTH_497073c2347a4b2dbbf501873318fbd3/gnocchi.df7e0595-991d-46c5-ab58-680948adb2b6 HTTP/1.0 201 - python-swiftclient-3.11.1 gAAAAABpLqP99yKL... - - - tx05714994a3a74c6cbe9e4-00692ea445 - 0.0505 - - 1764664389.813218832 1764664389.863703966 0
Dec 2 08:33:09 np0005541909 object-server[124633]: 172.20.0.103 - - [02/Dec/2025:08:33:09 +0000] "GET /d1/23/AUTH_497073c2347a4b2dbbf501873318fbd3/gnocchi.8066c377-242c-49cc-b607-5f97997acc4c/1763640000.0_mean_300.0_v3" 404 70 "GET http://172.18.0.121:8080/v1/AUTH_497073c2347a4b2dbbf501873318fbd3/gnocchi.8066c377-242c-49cc-b607-5f97997acc4c/1763640000.0_mean_300.0_v3" "tx685d4ffe4d7040dfa7afa-00692ea445" "proxy-server 20" 0.0005 "-" 24 0
Dec 2 08:33:09 np0005541909 proxy-server[125882]: 172.18.0.103 172.18.0.104 02/Dec/2025/08/33/09 GET /v1/AUTH_497073c2347a4b2dbbf501873318fbd3/gnocchi.8066c377-242c-49cc-b607-5f97997acc4c/1763640000.0_mean_300.0_v3 HTTP/1.0 404 - python-swiftclient-3.11.1 gAAAAABpLqP19t9Q... - 70 - tx685d4ffe4d7040dfa7afa-00692ea445 - 0.0176 - - 1764664389.884893179 1764664389.902524710 0
Dec 2 08:33:09 np0005541909 object-server[124630]: 172.20.0.104 - - [02/Dec/2025:08:33:09 +0000] "GET /d1/966/AUTH_497073c2347a4b2dbbf501873318fbd3/gnocchi.df7e0595-991d-46c5-ab58-680948adb2b6/1763640000.0_mean_300.0_v3" 404 70 "GET http://172.18.0.121:8080/v1/AUTH_497073c2347a4b2dbbf501873318fbd3/gnocchi.df7e0595-991d-46c5-ab58-680948adb2b6/1763640000.0_mean_300.0_v3" "txb17fcf9c67c94d41bb6b9-00692ea445" "proxy-server 20" 0.0003 "-" 23 0
Dec 2 08:33:09 np0005541909 container-server[124303]: 172.20.0.103 - - [02/Dec/2025:08:33:09 +0000] "PUT /d1/807/AUTH_497073c2347a4b2dbbf501873318fbd3/gnocchi.8066c377-242c-49cc-b607-5f97997acc4c/1763640000.0_mean_300.0_v3" 201 - "PUT http://172.18.0.121:8080/d1/23/AUTH_497073c2347a4b2dbbf501873318fbd3/gnocchi.8066c377-242c-49cc-b607-5f97997acc4c/1763640000.0_mean_300.0_v3" "tx3d2296c8dbec41a592924-00692ea445" "object-server 22" 0.0006 "-" 23 0
Dec 2 08:33:09 np0005541909 object-server[124628]: 172.20.0.105 - - [02/Dec/2025:08:33:09 +0000] "PUT /d1/23/AUTH_497073c2347a4b2dbbf501873318fbd3/gnocchi.8066c377-242c-49cc-b607-5f97997acc4c/1763640000.0_mean_300.0_v3" 201 - "PUT http://172.18.0.121:8080/v1/AUTH_497073c2347a4b2dbbf501873318fbd3/gnocchi.8066c377-242c-49cc-b607-5f97997acc4c/1763640000.0_mean_300.0_v3" "tx3d2296c8dbec41a592924-00692ea445" "proxy-server 20" 0.0141 "-" 22 0
Dec 2 08:33:09 np0005541909 object-server[124633]: 172.20.0.103 - - [02/Dec/2025:08:33:09 +0000] "PUT /d1/966/AUTH_497073c2347a4b2dbbf501873318fbd3/gnocchi.df7e0595-991d-46c5-ab58-680948adb2b6/1763640000.0_mean_300.0_v3" 201 - "PUT http://172.18.0.121:8080/v1/AUTH_497073c2347a4b2dbbf501873318fbd3/gnocchi.df7e0595-991d-46c5-ab58-680948adb2b6/1763640000.0_mean_300.0_v3" "tx889f1424f49f41c5832ca-00692ea445" "proxy-server 20" 0.0112 "-" 24 0
Dec 2 08:33:09 np0005541909 container-server[124293]: 172.20.0.103 - - [02/Dec/2025:08:33:09 +0000] "PUT /d1/807/AUTH_497073c2347a4b2dbbf501873318fbd3/gnocchi.8066c377-242c-49cc-b607-5f97997acc4c/none_v3" 201 - "PUT http://172.18.0.121:8080/d1/686/AUTH_497073c2347a4b2dbbf501873318fbd3/gnocchi.8066c377-242c-49cc-b607-5f97997acc4c/none_v3" "tx4d4818b555204536a9bfe-00692ea445" "object-server 23" 0.0005 "-" 21 0
Dec 2 08:33:09 np0005541909 object-server[124630]: 172.20.0.104 - - [02/Dec/2025:08:33:09 +0000] "PUT /d1/686/AUTH_497073c2347a4b2dbbf501873318fbd3/gnocchi.8066c377-242c-49cc-b607-5f97997acc4c/none_v3" 201 - "PUT http://172.18.0.121:8080/v1/AUTH_497073c2347a4b2dbbf501873318fbd3/gnocchi.8066c377-242c-49cc-b607-5f97997acc4c/none_v3" "tx4d4818b555204536a9bfe-00692ea445" "proxy-server 20" 0.0107 "-" 23 0
Dec 2 08:33:09 np0005541909 container-server[124282]: 172.20.0.104 - - [02/Dec/2025:08:33:09 +0000] "PUT /d1/1017/AUTH_497073c2347a4b2dbbf501873318fbd3/gnocchi.df7e0595-991d-46c5-ab58-680948adb2b6/1763640000.0_mean_300.0_v3" 201 - "PUT http://172.18.0.121:8080/d1/966/AUTH_497073c2347a4b2dbbf501873318fbd3/gnocchi.df7e0595-991d-46c5-ab58-680948adb2b6/1763640000.0_mean_300.0_v3" "tx889f1424f49f41c5832ca-00692ea445" "object-server 21" 0.0007 "-" 20 0
Dec 2 08:33:09 np0005541909 proxy-server[125882]: 172.18.0.121 172.18.0.104 02/Dec/2025/08/33/09 PUT /v1/AUTH_497073c2347a4b2dbbf501873318fbd3/gnocchi.df7e0595-991d-46c5-ab58-680948adb2b6/1763640000.0_mean_300.0_v3 HTTP/1.0 201 - python-swiftclient-3.11.1 gAAAAABpLqP99yKL... 16 - - tx889f1424f49f41c5832ca-00692ea445 - 0.0329 - - 1764664389.934032202 1764664389.966977596 0
Dec 2 08:33:09 np0005541909 container-server[124293]: 172.20.0.104 - - [02/Dec/2025:08:33:09 +0000] "PUT /d1/1017/AUTH_497073c2347a4b2dbbf501873318fbd3/gnocchi.df7e0595-991d-46c5-ab58-680948adb2b6/none_v3" 201 - "PUT http://172.18.0.121:8080/d1/542/AUTH_497073c2347a4b2dbbf501873318fbd3/gnocchi.df7e0595-991d-46c5-ab58-680948adb2b6/none_v3" "tx217973d226bc40b8925bc-00692ea445" "object-server 22" 0.0007 "-" 21 0
Dec 2 08:33:10 np0005541909 object-server[124628]: 172.20.0.105 - - [02/Dec/2025:08:33:10 +0000] "PUT /d1/542/AUTH_497073c2347a4b2dbbf501873318fbd3/gnocchi.df7e0595-991d-46c5-ab58-680948adb2b6/none_v3" 201 - "PUT http://172.18.0.121:8080/v1/AUTH_497073c2347a4b2dbbf501873318fbd3/gnocchi.df7e0595-991d-46c5-ab58-680948adb2b6/none_v3" "tx217973d226bc40b8925bc-00692ea445" "proxy-server 20" 0.0233 "-" 22 0
Dec 2 08:33:19 np0005541909 container-server[124280]: Begin container update sweep
Dec 2 08:33:19 np0005541909 account-server[124108]: 172.20.0.103 - - [02/Dec/2025:08:33:19 +0000] "PUT /d1/626/AUTH_497073c2347a4b2dbbf501873318fbd3/gnocchi.aa733041-fa18-4a3c-8227-f772e4afde17" 201 - "-" "-" "container-updater 2" 0.0012 "-" 21 0
Dec 2 08:33:19 np0005541909 account-server[124093]: 172.20.0.103 - - [02/Dec/2025:08:33:19 +0000] "PUT /d1/626/AUTH_497073c2347a4b2dbbf501873318fbd3/gnocchi.4f411340-6467-4bae-9d7e-9d5b273b0d2b" 201 - "-" "-" "container-updater 2" 0.0004 "-" 20 0
Dec 2 08:33:20 np0005541909 account-server[124108]: 172.20.0.103 - - [02/Dec/2025:08:33:20 +0000] "PUT /d1/626/AUTH_497073c2347a4b2dbbf501873318fbd3/gnocchi.1cbcdd7a-19b9-436b-b6cc-d4b320de27a8" 201 - "-" "-" "container-updater 2" 0.0004 "-" 21 0
Dec 2 08:33:20 np0005541909 account-server[124093]: 172.20.0.103 - - [02/Dec/2025:08:33:20 +0000] "PUT /d1/626/AUTH_497073c2347a4b2dbbf501873318fbd3/gnocchi.58b99940-1fe3-45c1-9db3-3dfd3571631f" 201 - "-" "-" "container-updater 2" 0.0007 "-" 20 0
Dec 2 08:33:20 np0005541909 object-server[124297]: Starting object replication pass.
Dec 2 08:33:20 np0005541909 account-server[124093]: 172.20.0.103 - - [02/Dec/2025:08:33:20 +0000] "PUT /d1/626/AUTH_497073c2347a4b2dbbf501873318fbd3/gnocchi.63897728-c6fe-45f1-9592-f9328b3109ed" 201 - "-" "-" "container-updater 2" 0.0006 "-" 20 0
Dec 2 08:33:20 np0005541909 account-server[124108]: 172.20.0.103 - - [02/Dec/2025:08:33:20 +0000] "PUT /d1/626/AUTH_497073c2347a4b2dbbf501873318fbd3/gnocchi.a84f9e15-acf9-46c7-9262-c209fcc4bcba" 201 - "-" "-" "container-updater 2" 0.0004 "-" 21 0
Dec 2 08:33:20 np0005541909 account-server[124133]: 172.20.0.103 - - [02/Dec/2025:08:33:20 +0000] "PUT /d1/626/AUTH_497073c2347a4b2dbbf501873318fbd3/gnocchi.9f146626-dc56-416e-ab40-62adce36f3ed" 201 - "-" "-" "container-updater 2" 0.0008 "-" 23 0
Dec 2 08:33:20 np0005541909 account-server[124133]: 172.20.0.103 - - [02/Dec/2025:08:33:20 +0000] "PUT /d1/626/AUTH_497073c2347a4b2dbbf501873318fbd3/gnocchi.8066c377-242c-49cc-b607-5f97997acc4c" 201 - "-" "-" "container-updater 2" 0.0006 "-" 23 0
Dec 2 08:33:20 np0005541909 account-server[124093]: 172.20.0.103 - - [02/Dec/2025:08:33:20 +0000] "PUT /d1/626/AUTH_497073c2347a4b2dbbf501873318fbd3/gnocchi.ddf19f68-2eb0-4238-8b7a-ba139ac243ca" 201 - "-" "-" "container-updater 2" 0.0005 "-" 20 0
Dec 2 08:33:20 np0005541909 account-server[124112]: 172.20.0.103 - - [02/Dec/2025:08:33:20 +0000] "PUT /d1/626/AUTH_497073c2347a4b2dbbf501873318fbd3/gnocchi.d9e1d6ea-e08c-41de-bcd0-88efa188da3a" 201 - "-" "-" "container-updater 2" 0.0010 "-" 22 0
Dec 2 08:33:20 np0005541909 account-server[124112]: 172.20.0.103 - - [02/Dec/2025:08:33:20 +0000] "PUT /d1/626/AUTH_497073c2347a4b2dbbf501873318fbd3/gnocchi.39960805-d346-4a13-9372-f097bcb99bc9" 201 - "-" "-" "container-updater 2" 0.0007 "-" 22 0
Dec 2 08:33:20 np0005541909 account-server[124093]: 172.20.0.103 - - [02/Dec/2025:08:33:20 +0000] "PUT /d1/626/AUTH_497073c2347a4b2dbbf501873318fbd3/gnocchi.aa341c8a-34ae-41de-9bc1-528198dca50e" 201 - "-" "-" "container-updater 2" 0.0007 "-" 20 0
Dec 2 08:33:20 np0005541909 account-server[124108]: 172.20.0.103 - - [02/Dec/2025:08:33:20 +0000] "PUT /d1/626/AUTH_497073c2347a4b2dbbf501873318fbd3/gnocchi.ea620841-f6f6-4ea7-84eb-b83ad5c40434" 201 - "-" "-" "container-updater 2" 0.0009 "-" 21 0
Dec 2 08:33:20 np0005541909 account-server[124133]: 172.20.0.103 - - [02/Dec/2025:08:33:20 +0000] "PUT /d1/626/AUTH_497073c2347a4b2dbbf501873318fbd3/gnocchi.8b68dd01-139f-4dc8-bcb3-91db0d82d14d" 201 - "-" "-" "container-updater 2" 0.0007 "-" 23 0
Dec 2 08:33:20 np0005541909 account-server[124108]: 172.20.0.103 - - [02/Dec/2025:08:33:20 +0000] "PUT /d1/626/AUTH_497073c2347a4b2dbbf501873318fbd3/gnocchi.8fe2af1f-43cd-423a-83cb-b7c8ed26b471" 201 - "-" "-" "container-updater 2" 0.0005 "-" 21 0
Dec 2 08:33:21 np0005541909 account-server[124112]: 172.20.0.103 - - [02/Dec/2025:08:33:21 +0000] "PUT /d1/626/AUTH_497073c2347a4b2dbbf501873318fbd3/gnocchi.df7e0595-991d-46c5-ab58-680948adb2b6" 201 - "-" "-" "container-updater 2" 0.0006 "-" 22 0
Dec 2 08:33:21 np0005541909 account-server[124112]: 172.20.0.103 - - [02/Dec/2025:08:33:21 +0000] "PUT /d1/626/AUTH_497073c2347a4b2dbbf501873318fbd3/gnocchi.42f52e77-9dfe-4e03-b5be-5c08383de9cd" 201 - "-" "-" "container-updater 2" 0.0006 "-" 22 0
Dec 2 08:33:21 np0005541909 object-server[124297]: 43/43 (100.00%) partitions replicated in 1.09s (39.29/sec, 0s remaining)
Dec 2 08:33:21 np0005541909 object-server[124297]: 86 successes, 0 failures
Dec 2 08:33:21 np0005541909 object-server[124297]: 44 suffixes checked - 63.64% hashed, 0.00% synced
Dec 2 08:33:21 np0005541909 object-server[124297]: Partition times: max 0.0521s, min 0.0077s, med 0.0306s
Dec 2 08:33:21 np0005541909 object-server[124297]: Object replication complete. (0.02 minutes)
Dec 2 08:33:21 np0005541909 account-server[124112]: 172.20.0.103 - - [02/Dec/2025:08:33:21 +0000] "PUT /d1/626/AUTH_497073c2347a4b2dbbf501873318fbd3/gnocchi.0b097e72-82e1-4a82-981d-0ba9200393f7" 201 - "-" "-" "container-updater 2" 0.0007 "-" 22 0
Dec 2 08:33:21 np0005541909 account-server[124093]: 172.20.0.103 - - [02/Dec/2025:08:33:21 +0000] "PUT /d1/626/AUTH_497073c2347a4b2dbbf501873318fbd3/gnocchi.3dc0d1a9-e1cc-494d-8b4a-cd1ce36d370f" 201 - "-" "-" "container-updater 2" 0.0007 "-" 20 0
Dec 2 08:33:21 np0005541909 account-server[124133]: 172.20.0.103 - - [02/Dec/2025:08:33:21 +0000] "PUT /d1/626/AUTH_497073c2347a4b2dbbf501873318fbd3/gnocchi.8f240f26-142d-4151-bd38-13f126e4df57" 201 - "-" "-" "container-updater 2" 0.0005 "-" 23 0
Dec 2 08:33:21 np0005541909 account-server[124112]: 172.20.0.103 - - [02/Dec/2025:08:33:21 +0000] "PUT /d1/626/AUTH_497073c2347a4b2dbbf501873318fbd3/gnocchi.5084c030-e9b1-4bf2-995b-3ad7a43e1f6c" 201 - "-" "-" "container-updater 2" 0.0004 "-" 22 0
Dec 2 08:33:21 np0005541909 account-server[124108]: 172.20.0.103 - - [02/Dec/2025:08:33:21 +0000] "PUT /d1/626/AUTH_497073c2347a4b2dbbf501873318fbd3/gnocchi.5eae7247-51a1-48a1-bc57-74888088b621" 201 - "-" "-" "container-updater 2" 0.0004 "-" 21 0
Dec 2 08:33:21 np0005541909 container-server[124280]: Container update sweep completed: 1.80s
Dec 2 08:33:22 np0005541909 object-server[223515]: Begin object audit "forever" mode (ZBF)
Dec 2 08:33:22 np0005541909 object-server[223515]: Object audit (ZBF). Since Tue Dec 2 08:33:22 2025: Locally: 1 passed, 0 quarantined, 0 errors, files/sec: 464.64, bytes/sec: 0.00, Total time: 0.00, Auditing time: 0.00, Rate: 0.00
Dec 2 08:33:23 np0005541909 object-server[223515]: Object audit (ZBF) "forever" mode completed: 0.84s. Total quarantined: 0, Total errors: 0, Total files/sec: 52.19, Total bytes/sec: 0.00, Auditing time: 0.83, Rate: 0.99
Dec 2 08:33:25 np0005541909 account-server[123686]: Beginning replication run
Dec 2 08:33:25 np0005541909 account-server[123686]: Replication run OVER
Dec 2 08:33:25 np0005541909 account-server[123686]: Attempted to replicate 1 dbs in 0.06082 seconds (16.44133/s)
Dec 2 08:33:25 np0005541909 account-server[123686]: Removed 0 dbs
Dec 2 08:33:25 np0005541909 account-server[123686]: 2 successes, 0 failures
Dec 2 08:33:25 np0005541909 account-server[123686]: diff:0 diff_capped:0 empty:0 hashmatch:0 no_change:2 remote_merge:0 rsync:0 ts_repl:0
Dec 2 08:33:29 np0005541909 container-server[123759]: Beginning replication run
Dec 2 08:33:30 np0005541909 container-server[123759]: Replication run OVER
Dec 2 08:33:30 np0005541909 container-server[123759]: Attempted to replicate 22 dbs in 0.70995 seconds (30.98800/s)
Dec 2 08:33:30 np0005541909 container-server[123759]: Removed 0 dbs
Dec 2 08:33:30 np0005541909 container-server[123759]: 44 successes, 0 failures
Dec 2 08:33:30 np0005541909 container-server[123759]: diff:0 diff_capped:0 empty:0 hashmatch:0 no_change:44 remote_merge:0 rsync:0 ts_repl:0
Dec 2 08:33:51 np0005541909 object-server[124297]: Starting object replication pass.
Dec 2 08:33:51 np0005541909 object-server[124297]: 43/43 (100.00%) partitions replicated in 0.47s (90.54/sec, 0s remaining)
Dec 2 08:33:51 np0005541909 object-server[124297]: 86 successes, 0 failures
Dec 2 08:33:51 np0005541909 object-server[124297]: 44 suffixes checked - 0.00% hashed, 0.00% synced
Dec 2 08:33:51 np0005541909 object-server[124297]: Partition times: max 0.0476s, min 0.0065s, med 0.0090s
Dec 2 08:33:51 np0005541909 object-server[124297]: Object replication complete. (0.01 minutes)
Dec 2 08:33:52 np0005541909 account-server[124108]: 172.20.0.104 - - [02/Dec/2025:08:33:52 +0000] "PUT /d1/626/AUTH_497073c2347a4b2dbbf501873318fbd3/gnocchi.5eae7247-51a1-48a1-bc57-74888088b621" 201 - "-" "-" "container-updater 2" 0.0009 "-" 21 0
Dec 2 08:33:52 np0005541909 account-server[124112]: 172.20.0.104 - - [02/Dec/2025:08:33:52 +0000] "PUT /d1/626/AUTH_497073c2347a4b2dbbf501873318fbd3/gnocchi.39960805-d346-4a13-9372-f097bcb99bc9" 201 - "-" "-" "container-updater 2" 0.0007 "-" 22 0
Dec 2 08:33:53 np0005541909 account-server[124133]: 172.20.0.104 - - [02/Dec/2025:08:33:53 +0000] "PUT /d1/626/AUTH_497073c2347a4b2dbbf501873318fbd3/gnocchi.d9e1d6ea-e08c-41de-bcd0-88efa188da3a" 201 - "-" "-" "container-updater 2" 0.0005 "-" 23 0
Dec 2 08:33:53 np0005541909 account-server[124108]: 172.20.0.104 - - [02/Dec/2025:08:33:53 +0000] "PUT /d1/626/AUTH_497073c2347a4b2dbbf501873318fbd3/gnocchi.aa733041-fa18-4a3c-8227-f772e4afde17" 201 - "-" "-" "container-updater 2" 0.0007 "-" 21 0
Dec 2 08:33:53 np0005541909 account-server[124133]: 172.20.0.104 - - [02/Dec/2025:08:33:53 +0000] "PUT /d1/626/AUTH_497073c2347a4b2dbbf501873318fbd3/gnocchi.0b097e72-82e1-4a82-981d-0ba9200393f7" 201 - "-" "-" "container-updater 2" 0.0008 "-" 23 0
Dec 2 08:33:53 np0005541909 account-server[124093]: 172.20.0.104 - - [02/Dec/2025:08:33:53 +0000] "PUT /d1/626/AUTH_497073c2347a4b2dbbf501873318fbd3/gnocchi.42f52e77-9dfe-4e03-b5be-5c08383de9cd" 201 - "-" "-" "container-updater 2" 0.0009 "-" 20 0
Dec 2 08:33:53 np0005541909 account-server[124108]: 172.20.0.104 - - [02/Dec/2025:08:33:53 +0000] "PUT /d1/626/AUTH_497073c2347a4b2dbbf501873318fbd3/gnocchi.8b68dd01-139f-4dc8-bcb3-91db0d82d14d" 201 - "-" "-" "container-updater 2" 0.0006 "-" 21 0
Dec 2 08:33:53 np0005541909 account-server[124108]: 172.20.0.104 - - [02/Dec/2025:08:33:53 +0000] "PUT /d1/626/AUTH_497073c2347a4b2dbbf501873318fbd3/gnocchi.a84f9e15-acf9-46c7-9262-c209fcc4bcba" 201 - "-" "-" "container-updater 2" 0.0007 "-" 21 0
Dec 2 08:33:53 np0005541909 account-server[124133]: 172.20.0.104 - - [02/Dec/2025:08:33:53 +0000] "PUT /d1/626/AUTH_497073c2347a4b2dbbf501873318fbd3/gnocchi.ddf19f68-2eb0-4238-8b7a-ba139ac243ca" 201 - "-" "-" "container-updater 2" 0.0010 "-" 23 0
Dec 2 08:33:53 np0005541909 account-server[124093]: 172.20.0.104 - - [02/Dec/2025:08:33:53 +0000] "PUT /d1/626/AUTH_497073c2347a4b2dbbf501873318fbd3/gnocchi.aa341c8a-34ae-41de-9bc1-528198dca50e" 201 - "-" "-" "container-updater 2" 0.0008 "-" 20 0
Dec 2 08:33:53 np0005541909 object-server[229464]: Begin object audit "forever" mode (ALL)
Dec 2 08:33:53 np0005541909 object-server[229463]: Begin object audit "forever" mode (ZBF)
Dec 2 08:33:53 np0005541909 object-server[229463]: Object audit (ZBF). Since Tue Dec 2 08:33:53 2025: Locally: 1 passed, 0 quarantined, 0 errors, files/sec: 484.33, bytes/sec: 0.00, Total time: 0.00, Auditing time: 0.00, Rate: 0.00
Dec 2 08:33:53 np0005541909 object-server[229464]: Object audit (ALL). Since Tue Dec 2 08:33:53 2025: Locally: 1 passed, 0 quarantined, 0 errors, files/sec: 115.29, bytes/sec: 1844.61, Total time: 0.01, Auditing time: 0.00, Rate: 0.00
Dec 2 08:33:53 np0005541909 account-server[124112]: 172.20.0.104 - - [02/Dec/2025:08:33:53 +0000] "PUT /d1/626/AUTH_497073c2347a4b2dbbf501873318fbd3/gnocchi.5084c030-e9b1-4bf2-995b-3ad7a43e1f6c" 201 - "-" "-" "container-updater 2" 0.0008 "-" 22 0
Dec 2 08:33:53 np0005541909 account-server[124133]: 172.20.0.104 - - [02/Dec/2025:08:33:53 +0000] "PUT /d1/626/AUTH_497073c2347a4b2dbbf501873318fbd3/gnocchi.df7e0595-991d-46c5-ab58-680948adb2b6" 201 - "-" "-" "container-updater 2" 0.0008 "-" 23 0
Dec 2 08:33:53 np0005541909 account-server[124093]: 172.20.0.104 - - [02/Dec/2025:08:33:53 +0000] "PUT /d1/626/AUTH_497073c2347a4b2dbbf501873318fbd3/gnocchi.58b99940-1fe3-45c1-9db3-3dfd3571631f" 201 - "-" "-" "container-updater 2" 0.0008 "-" 20 0
Dec 2 08:33:54 np0005541909 account-server[124093]: 172.20.0.104 - - [02/Dec/2025:08:33:54 +0000] "PUT /d1/626/AUTH_497073c2347a4b2dbbf501873318fbd3/gnocchi.8066c377-242c-49cc-b607-5f97997acc4c" 201 - "-" "-" "container-updater 2" 0.0010 "-" 20 0
Dec 2 08:33:54 np0005541909 account-server[124093]: 172.20.0.104 - - [02/Dec/2025:08:33:54 +0000] "PUT /d1/626/AUTH_497073c2347a4b2dbbf501873318fbd3/gnocchi.3dc0d1a9-e1cc-494d-8b4a-cd1ce36d370f" 201 - "-" "-" "container-updater 2" 0.0008 "-" 20 0
Dec 2 08:33:54 np0005541909 account-server[124093]: 172.20.0.104 - - [02/Dec/2025:08:33:54 +0000] "PUT /d1/626/AUTH_497073c2347a4b2dbbf501873318fbd3/gnocchi.63897728-c6fe-45f1-9592-f9328b3109ed" 201 - "-" "-" "container-updater 2" 0.0006 "-" 20 0
Dec 2 08:33:54 np0005541909 account-server[124112]: 172.20.0.104 - - [02/Dec/2025:08:33:54 +0000] "PUT /d1/626/AUTH_497073c2347a4b2dbbf501873318fbd3/gnocchi.ea620841-f6f6-4ea7-84eb-b83ad5c40434" 201 - "-" "-" "container-updater 2" 0.0004 "-" 22 0
Dec 2 08:33:54 np0005541909 account-server[124133]: 172.20.0.104 - - [02/Dec/2025:08:33:54 +0000] "PUT /d1/626/AUTH_497073c2347a4b2dbbf501873318fbd3/gnocchi.9f146626-dc56-416e-ab40-62adce36f3ed" 201 - "-" "-" "container-updater 2" 0.0006 "-" 23 0
Dec 2 08:33:54 np0005541909 account-server[124108]: 172.20.0.104 - - [02/Dec/2025:08:33:54 +0000] "PUT /d1/626/AUTH_497073c2347a4b2dbbf501873318fbd3/gnocchi.4f411340-6467-4bae-9d7e-9d5b273b0d2b" 201 - "-" "-" "container-updater 2" 0.0004 "-" 21 0
Dec 2 08:33:54 np0005541909 object-server[229463]: Object audit (ZBF) "forever" mode completed: 0.84s. Total quarantined: 0, Total errors: 0, Total files/sec: 52.18, Total bytes/sec: 0.00, Auditing time: 0.83, Rate: 0.99
Dec 2 08:33:54 np0005541909 account-server[124108]: 172.20.0.104 - - [02/Dec/2025:08:33:54 +0000] "PUT /d1/626/AUTH_497073c2347a4b2dbbf501873318fbd3/gnocchi.8f240f26-142d-4151-bd38-13f126e4df57" 201 - "-" "-" "container-updater 2" 0.0004 "-" 21 0
Dec 2 08:33:54 np0005541909 account-server[124108]: 172.20.0.104 - - [02/Dec/2025:08:33:54 +0000] "PUT /d1/626/AUTH_497073c2347a4b2dbbf501873318fbd3/gnocchi.8fe2af1f-43cd-423a-83cb-b7c8ed26b471" 201 - "-" "-" "container-updater 2" 0.0007 "-" 21 0
Dec 2 08:33:54 np0005541909 account-server[124112]: 172.20.0.104 - - [02/Dec/2025:08:33:54 +0000] "PUT /d1/626/AUTH_497073c2347a4b2dbbf501873318fbd3/gnocchi.1cbcdd7a-19b9-436b-b6cc-d4b320de27a8" 201 - "-" "-" "container-updater 2" 0.0007 "-" 22 0
