Jan 5 23:13:07 standalone proxy-server[123647]: 172.18.0.2 ::1 05/Jan/2026/23/13/07 PUT /v1/AUTH_f49b1c397d4e44a6bc11d01090b61664/gnocchi.e6c8ad2a-9552-4d27-b62a-d78081b822e3 HTTP/1.0 201 - python-swiftclient-3.11.1 gAAAAABpXEVBgbS0... - - - tx8453cec7452e49f8ba17a-00695c4583 - 0.0222 - - 1767654787.178100586 1767654787.200259447 0
Jan 5 23:13:07 standalone container-server[121719]: 172.20.0.100 - - [05/Jan/2026:23:13:07 +0000] "HEAD /d1/532/AUTH_f49b1c397d4e44a6bc11d01090b61664/gnocchi.e6c8ad2a-9552-4d27-b62a-d78081b822e3" 204 - "HEAD http://localhost:8080/v1/AUTH_f49b1c397d4e44a6bc11d01090b61664/gnocchi.e6c8ad2a-9552-4d27-b62a-d78081b822e3?format=json&states=listing" "txe3dbf9e770014c6787570-00695c4583" "proxy-server 12" 0.0014 "-" 17 0
Jan 5 23:13:07 standalone proxy-server[123647]: - - 05/Jan/2026/23/13/07 HEAD /v1/AUTH_f49b1c397d4e44a6bc11d01090b61664/gnocchi.e6c8ad2a-9552-4d27-b62a-d78081b822e3%3Fformat%3Djson%26states%3Dlisting HTTP/1.0 204 - Swift - - - - txe3dbf9e770014c6787570-00695c4583 - 0.0051 RL - 1767654787.205204964 1767654787.210275412 0
Jan 5 23:13:07 standalone container-server[121690]: 172.20.0.100 - - [05/Jan/2026:23:13:07 +0000] "GET /d1/532/AUTH_f49b1c397d4e44a6bc11d01090b61664/gnocchi.e6c8ad2a-9552-4d27-b62a-d78081b822e3" 200 2 "GET http://localhost:8080/v1/AUTH_f49b1c397d4e44a6bc11d01090b61664/gnocchi.e6c8ad2a-9552-4d27-b62a-d78081b822e3?format=json&states=listing" "txe3dbf9e770014c6787570-00695c4583" "proxy-server 12" 0.0023 "-" 14 0
Jan 5 23:13:07 standalone proxy-server[123647]: 172.18.0.2 ::1 05/Jan/2026/23/13/07 GET /v1/AUTH_f49b1c397d4e44a6bc11d01090b61664/gnocchi.e6c8ad2a-9552-4d27-b62a-d78081b822e3%3Fformat%3Djson%26states%3Dlisting HTTP/1.0 200 - python-swiftclient-3.11.1 gAAAAABpXEVBgbS0... - 2 - txe3dbf9e770014c6787570-00695c4583 - 0.0182 - - 1767654787.203723669 1767654787.221889973 0
Jan 5 23:13:07 standalone object-server[121784]: 172.20.0.100 - - [05/Jan/2026:23:13:07 +0000] "GET /d1/822/AUTH_f49b1c397d4e44a6bc11d01090b61664/gnocchi.e6c8ad2a-9552-4d27-b62a-d78081b822e3/1766880000.0_mean_300.0_v3" 404 70 "GET http://localhost:8080/v1/AUTH_f49b1c397d4e44a6bc11d01090b61664/gnocchi.e6c8ad2a-9552-4d27-b62a-d78081b822e3/1766880000.0_mean_300.0_v3" "tx190c1d67eb144558b40f5-00695c4583" "proxy-server 12" 0.0003 "-" 22 0
Jan 5 23:13:07 standalone proxy-server[123647]: 172.18.0.2 ::1 05/Jan/2026/23/13/07 GET /v1/AUTH_f49b1c397d4e44a6bc11d01090b61664/gnocchi.e6c8ad2a-9552-4d27-b62a-d78081b822e3/1766880000.0_mean_300.0_v3 HTTP/1.0 404 - python-swiftclient-3.11.1 gAAAAABpXEVBgbS0... - 70 - tx190c1d67eb144558b40f5-00695c4583 - 0.0063 - - 1767654787.225626469 1767654787.231896639 0
Jan 5 23:13:07 standalone container-server[121690]: 172.20.0.100 - - [05/Jan/2026:23:13:07 +0000] "PUT /d1/532/AUTH_f49b1c397d4e44a6bc11d01090b61664/gnocchi.e6c8ad2a-9552-4d27-b62a-d78081b822e3/1766880000.0_mean_300.0_v3" 201 - "PUT http://localhost:8080/d1/822/AUTH_f49b1c397d4e44a6bc11d01090b61664/gnocchi.e6c8ad2a-9552-4d27-b62a-d78081b822e3/1766880000.0_mean_300.0_v3" "tx7cf6f641217949a095179-00695c4583" "object-server 22" 0.0006 "-" 14 0
Jan 5 23:13:07 standalone object-server[121784]: 172.20.0.100 - - [05/Jan/2026:23:13:07 +0000] "PUT /d1/822/AUTH_f49b1c397d4e44a6bc11d01090b61664/gnocchi.e6c8ad2a-9552-4d27-b62a-d78081b822e3/1766880000.0_mean_300.0_v3" 201 - "PUT http://localhost:8080/v1/AUTH_f49b1c397d4e44a6bc11d01090b61664/gnocchi.e6c8ad2a-9552-4d27-b62a-d78081b822e3/1766880000.0_mean_300.0_v3" "tx7cf6f641217949a095179-00695c4583" "proxy-server 12" 0.0127 "-" 22 0
Jan 5 23:13:07 standalone proxy-server[123647]: 172.18.0.2 ::1 05/Jan/2026/23/13/07 PUT /v1/AUTH_f49b1c397d4e44a6bc11d01090b61664/gnocchi.e6c8ad2a-9552-4d27-b62a-d78081b822e3/1766880000.0_mean_300.0_v3 HTTP/1.0 201 - python-swiftclient-3.11.1 gAAAAABpXEVBgbS0... 16 - - tx7cf6f641217949a095179-00695c4583 - 0.0194 - - 1767654787.234827280 1767654787.254269123 0
Jan 5 23:13:07 standalone container-server[121690]: 172.20.0.100 - - [05/Jan/2026:23:13:07 +0000] "PUT /d1/532/AUTH_f49b1c397d4e44a6bc11d01090b61664/gnocchi.e6c8ad2a-9552-4d27-b62a-d78081b822e3/none_v3" 201 - "PUT http://localhost:8080/d1/838/AUTH_f49b1c397d4e44a6bc11d01090b61664/gnocchi.e6c8ad2a-9552-4d27-b62a-d78081b822e3/none_v3" "tx0d4329b7fe384d528d5d7-00695c4583" "object-server 24" 0.0005 "-" 14 0
Jan 5 23:13:07 standalone object-server[121786]: 172.20.0.100 - - [05/Jan/2026:23:13:07 +0000] "PUT /d1/838/AUTH_f49b1c397d4e44a6bc11d01090b61664/gnocchi.e6c8ad2a-9552-4d27-b62a-d78081b822e3/none_v3" 201 - "PUT http://localhost:8080/v1/AUTH_f49b1c397d4e44a6bc11d01090b61664/gnocchi.e6c8ad2a-9552-4d27-b62a-d78081b822e3/none_v3" "tx0d4329b7fe384d528d5d7-00695c4583" "proxy-server 12" 0.0120 "-" 24 0
Jan 5 23:13:07 standalone proxy-server[123647]: 172.18.0.2 ::1 05/Jan/2026/23/13/07 PUT /v1/AUTH_f49b1c397d4e44a6bc11d01090b61664/gnocchi.e6c8ad2a-9552-4d27-b62a-d78081b822e3/none_v3 HTTP/1.0 201 - python-swiftclient-3.11.1 gAAAAABpXEVBgbS0... 22 - - tx0d4329b7fe384d528d5d7-00695c4583 - 0.0215 - - 1767654787.259130001 1767654787.280608416 0
Jan 5 23:13:07 standalone container-server[121711]: 172.20.0.100 - - [05/Jan/2026:23:13:07 +0000] "HEAD /d1/425/AUTH_f49b1c397d4e44a6bc11d01090b61664/gnocchi.7f11afa5-f6ee-4cbb-81a0-ef0cfc63493d" 404 - "HEAD http://localhost:8080/v1/AUTH_f49b1c397d4e44a6bc11d01090b61664/gnocchi.7f11afa5-f6ee-4cbb-81a0-ef0cfc63493d?format=json&states=listing" "tx8471a3fbbb8e46c089a14-00695c4583" "proxy-server 12" 0.0010 "-" 16 0
Jan 5 23:13:07 standalone object-server[121788]: 172.20.0.100 - - [05/Jan/2026:23:13:07 +0000] "GET /d1/739/AUTH_f49b1c397d4e44a6bc11d01090b61664/gnocchi.7f11afa5-f6ee-4cbb-81a0-ef0cfc63493d/none_v3" 404 70 "GET http://localhost:8080/v1/AUTH_f49b1c397d4e44a6bc11d01090b61664/gnocchi.7f11afa5-f6ee-4cbb-81a0-ef0cfc63493d/none_v3" "tx8471a3fbbb8e46c089a14-00695c4583" "proxy-server 12" 0.0003 "-" 25 0
Jan 5 23:13:07 standalone proxy-server[123647]: 172.18.0.2 ::1 05/Jan/2026/23/13/07 GET /v1/AUTH_f49b1c397d4e44a6bc11d01090b61664/gnocchi.7f11afa5-f6ee-4cbb-81a0-ef0cfc63493d/none_v3 HTTP/1.0 404 - python-swiftclient-3.11.1 gAAAAABpXEVBgbS0... - 70 - tx8471a3fbbb8e46c089a14-00695c4583 - 0.0136 - - 1767654787.297685623 1767654787.311334133 0
Jan 5 23:13:07 standalone account-server[121595]: 172.20.0.100 - - [05/Jan/2026:23:13:07 +0000] "PUT /d1/19/AUTH_f49b1c397d4e44a6bc11d01090b61664/gnocchi.7f11afa5-f6ee-4cbb-81a0-ef0cfc63493d" 201 - "PUT http://172.20.0.100:6001/d1/425/AUTH_f49b1c397d4e44a6bc11d01090b61664/gnocchi.7f11afa5-f6ee-4cbb-81a0-ef0cfc63493d" "tx1f0a657538544b968a4e6-00695c4583" "container-server 16" 0.0084 "-" 16 0
Jan 5 23:13:07 standalone container-server[121711]: 172.20.0.100 - - [05/Jan/2026:23:13:07 +0000] "PUT /d1/425/AUTH_f49b1c397d4e44a6bc11d01090b61664/gnocchi.7f11afa5-f6ee-4cbb-81a0-ef0cfc63493d" 201 - "PUT http://localhost:8080/v1/AUTH_f49b1c397d4e44a6bc11d01090b61664/gnocchi.7f11afa5-f6ee-4cbb-81a0-ef0cfc63493d" "tx1f0a657538544b968a4e6-00695c4583" "proxy-server 12" 0.0315 "-" 16 0
Jan 5 23:13:07 standalone proxy-server[123647]: 172.18.0.2 ::1 05/Jan/2026/23/13/07 PUT /v1/AUTH_f49b1c397d4e44a6bc11d01090b61664/gnocchi.7f11afa5-f6ee-4cbb-81a0-ef0cfc63493d HTTP/1.0 201 - python-swiftclient-3.11.1 gAAAAABpXEVBgbS0... - - - tx1f0a657538544b968a4e6-00695c4583 - 0.0381 - - 1767654787.314435482 1767654787.352539062 0
Jan 5 23:13:07 standalone container-server[121711]: 172.20.0.100 - - [05/Jan/2026:23:13:07 +0000] "HEAD /d1/425/AUTH_f49b1c397d4e44a6bc11d01090b61664/gnocchi.7f11afa5-f6ee-4cbb-81a0-ef0cfc63493d" 204 - "HEAD http://localhost:8080/v1/AUTH_f49b1c397d4e44a6bc11d01090b61664/gnocchi.7f11afa5-f6ee-4cbb-81a0-ef0cfc63493d?format=json&states=listing" "txefde48ab459445c1a87f0-00695c4583" "proxy-server 12" 0.0019 "-" 16 0
Jan 5 23:13:07 standalone proxy-server[123647]: - - 05/Jan/2026/23/13/07 HEAD /v1/AUTH_f49b1c397d4e44a6bc11d01090b61664/gnocchi.7f11afa5-f6ee-4cbb-81a0-ef0cfc63493d%3Fformat%3Djson%26states%3Dlisting HTTP/1.0 204 - Swift - - - - txefde48ab459445c1a87f0-00695c4583 - 0.0062 RL - 1767654787.359990835 1767654787.366202593 0
Jan 5 23:13:07 standalone container-server[121690]: 172.20.0.100 - - [05/Jan/2026:23:13:07 +0000] "GET /d1/425/AUTH_f49b1c397d4e44a6bc11d01090b61664/gnocchi.7f11afa5-f6ee-4cbb-81a0-ef0cfc63493d" 200 2 "GET http://localhost:8080/v1/AUTH_f49b1c397d4e44a6bc11d01090b61664/gnocchi.7f11afa5-f6ee-4cbb-81a0-ef0cfc63493d?format=json&states=listing" "txefde48ab459445c1a87f0-00695c4583" "proxy-server 12" 0.0056 "-" 14 0
Jan 5 23:13:07 standalone proxy-server[123647]: 172.18.0.2 ::1 05/Jan/2026/23/13/07 GET /v1/AUTH_f49b1c397d4e44a6bc11d01090b61664/gnocchi.7f11afa5-f6ee-4cbb-81a0-ef0cfc63493d%3Fformat%3Djson%26states%3Dlisting HTTP/1.0 200 - python-swiftclient-3.11.1 gAAAAABpXEVBgbS0... - 2 - txefde48ab459445c1a87f0-00695c4583 - 0.0253 - - 1767654787.358168364 1767654787.383477211 0
Jan 5 23:13:07 standalone object-server[121784]: 172.20.0.100 - - [05/Jan/2026:23:13:07 +0000] "GET /d1/554/AUTH_f49b1c397d4e44a6bc11d01090b61664/gnocchi.7f11afa5-f6ee-4cbb-81a0-ef0cfc63493d/1766880000.0_mean_300.0_v3" 404 70 "GET http://localhost:8080/v1/AUTH_f49b1c397d4e44a6bc11d01090b61664/gnocchi.7f11afa5-f6ee-4cbb-81a0-ef0cfc63493d/1766880000.0_mean_300.0_v3" "txa2955f53e858457d88fed-00695c4583" "proxy-server 12" 0.0005 "-" 22 0
Jan 5 23:13:07 standalone proxy-server[123647]: 172.18.0.2 ::1 05/Jan/2026/23/13/07 GET /v1/AUTH_f49b1c397d4e44a6bc11d01090b61664/gnocchi.7f11afa5-f6ee-4cbb-81a0-ef0cfc63493d/1766880000.0_mean_300.0_v3 HTTP/1.0 404 - python-swiftclient-3.11.1 gAAAAABpXEVBgbS0... - 70 - txa2955f53e858457d88fed-00695c4583 - 0.0097 - - 1767654787.391512156 1767654787.401257753 0
Jan 5 23:13:07 standalone container-server[121704]: 172.20.0.100 - - [05/Jan/2026:23:13:07 +0000] "PUT /d1/425/AUTH_f49b1c397d4e44a6bc11d01090b61664/gnocchi.7f11afa5-f6ee-4cbb-81a0-ef0cfc63493d/1766880000.0_mean_300.0_v3" 201 - "PUT http://localhost:8080/d1/554/AUTH_f49b1c397d4e44a6bc11d01090b61664/gnocchi.7f11afa5-f6ee-4cbb-81a0-ef0cfc63493d/1766880000.0_mean_300.0_v3" "txd2379b774d4b455f8706d-00695c4583" "object-server 24" 0.0006 "-" 15 0
Jan 5 23:13:07 standalone object-server[121786]: 172.20.0.100 - - [05/Jan/2026:23:13:07 +0000] "PUT /d1/554/AUTH_f49b1c397d4e44a6bc11d01090b61664/gnocchi.7f11afa5-f6ee-4cbb-81a0-ef0cfc63493d/1766880000.0_mean_300.0_v3" 201 - "PUT http://localhost:8080/v1/AUTH_f49b1c397d4e44a6bc11d01090b61664/gnocchi.7f11afa5-f6ee-4cbb-81a0-ef0cfc63493d/1766880000.0_mean_300.0_v3" "txd2379b774d4b455f8706d-00695c4583" "proxy-server 12" 0.0129 "-" 24 0
Jan 5 23:13:07 standalone proxy-server[123647]: 172.18.0.2 ::1 05/Jan/2026/23/13/07 PUT /v1/AUTH_f49b1c397d4e44a6bc11d01090b61664/gnocchi.7f11afa5-f6ee-4cbb-81a0-ef0cfc63493d/1766880000.0_mean_300.0_v3 HTTP/1.0 201 - python-swiftclient-3.11.1 gAAAAABpXEVBgbS0... 16 - - txd2379b774d4b455f8706d-00695c4583 - 0.0247 - - 1767654787.407776117 1767654787.432431221 0
Jan 5 23:13:07 standalone container-server[121711]: 172.20.0.100 - - [05/Jan/2026:23:13:07 +0000] "PUT /d1/425/AUTH_f49b1c397d4e44a6bc11d01090b61664/gnocchi.7f11afa5-f6ee-4cbb-81a0-ef0cfc63493d/none_v3" 201 - "PUT http://localhost:8080/d1/739/AUTH_f49b1c397d4e44a6bc11d01090b61664/gnocchi.7f11afa5-f6ee-4cbb-81a0-ef0cfc63493d/none_v3" "txb40c6a37a6e14ce3a0e96-00695c4583" "object-server 24" 0.0011 "-" 16 0
Jan 5 23:13:07 standalone object-server[121786]: 172.20.0.100 - - [05/Jan/2026:23:13:07 +0000] "PUT /d1/739/AUTH_f49b1c397d4e44a6bc11d01090b61664/gnocchi.7f11afa5-f6ee-4cbb-81a0-ef0cfc63493d/none_v3" 201 - "PUT http://localhost:8080/v1/AUTH_f49b1c397d4e44a6bc11d01090b61664/gnocchi.7f11afa5-f6ee-4cbb-81a0-ef0cfc63493d/none_v3" "txb40c6a37a6e14ce3a0e96-00695c4583" "proxy-server 12" 0.0156 "-" 24 0
Jan 5 23:13:07 standalone proxy-server[123647]: 172.18.0.2 ::1 05/Jan/2026/23/13/07 PUT /v1/AUTH_f49b1c397d4e44a6bc11d01090b61664/gnocchi.7f11afa5-f6ee-4cbb-81a0-ef0cfc63493d/none_v3 HTTP/1.0 201 - python-swiftclient-3.11.1 gAAAAABpXEVBgbS0... 22 - - txb40c6a37a6e14ce3a0e96-00695c4583 - 0.0264 - - 1767654787.443923712 1767654787.470323086 0
Jan 5 23:13:07 standalone container-server[121704]: 172.20.0.100 - - [05/Jan/2026:23:13:07 +0000] "HEAD /d1/561/AUTH_f49b1c397d4e44a6bc11d01090b61664/gnocchi.d7c09e3f-fb71-4bdb-aa11-793185aadae7" 404 - "HEAD http://localhost:8080/v1/AUTH_f49b1c397d4e44a6bc11d01090b61664/gnocchi.d7c09e3f-fb71-4bdb-aa11-793185aadae7?format=json&states=listing" "txcae890181ad849f783cea-00695c4583" "proxy-server 12" 0.0006 "-" 15 0
Jan 5 23:13:07 standalone object-server[121786]: 172.20.0.100 - - [05/Jan/2026:23:13:07 +0000] "GET /d1/149/AUTH_f49b1c397d4e44a6bc11d01090b61664/gnocchi.d7c09e3f-fb71-4bdb-aa11-793185aadae7/none_v3" 404 70 "GET http://localhost:8080/v1/AUTH_f49b1c397d4e44a6bc11d01090b61664/gnocchi.d7c09e3f-fb71-4bdb-aa11-793185aadae7/none_v3" "txcae890181ad849f783cea-00695c4583" "proxy-server 12" 0.0003 "-" 24 0
Jan 5 23:13:07 standalone proxy-server[123647]: 172.18.0.2 ::1 05/Jan/2026/23/13/07 GET /v1/AUTH_f49b1c397d4e44a6bc11d01090b61664/gnocchi.d7c09e3f-fb71-4bdb-aa11-793185aadae7/none_v3 HTTP/1.0 404 - python-swiftclient-3.11.1 gAAAAABpXEVBgbS0... - 70 - txcae890181ad849f783cea-00695c4583 - 0.0160 - - 1767654787.504505634 1767654787.520528316 0
Jan 5 23:13:07 standalone account-server[121597]: 172.20.0.100 - - [05/Jan/2026:23:13:07 +0000] "PUT /d1/19/AUTH_f49b1c397d4e44a6bc11d01090b61664/gnocchi.d7c09e3f-fb71-4bdb-aa11-793185aadae7" 201 - "PUT http://172.20.0.100:6001/d1/561/AUTH_f49b1c397d4e44a6bc11d01090b61664/gnocchi.d7c09e3f-fb71-4bdb-aa11-793185aadae7" "txeaee0a05c80c47ecaf03f-00695c4583" "container-server 17" 0.0079 "-" 17 0
Jan 5 23:13:07 standalone container-server[121719]: 172.20.0.100 - - [05/Jan/2026:23:13:07 +0000] "PUT /d1/561/AUTH_f49b1c397d4e44a6bc11d01090b61664/gnocchi.d7c09e3f-fb71-4bdb-aa11-793185aadae7" 201 - "PUT http://localhost:8080/v1/AUTH_f49b1c397d4e44a6bc11d01090b61664/gnocchi.d7c09e3f-fb71-4bdb-aa11-793185aadae7" "txeaee0a05c80c47ecaf03f-00695c4583" "proxy-server 12" 0.2431 "-" 17 0
Jan 5 23:13:07 standalone proxy-server[123647]: 172.18.0.2 ::1 05/Jan/2026/23/13/07 PUT /v1/AUTH_f49b1c397d4e44a6bc11d01090b61664/gnocchi.d7c09e3f-fb71-4bdb-aa11-793185aadae7 HTTP/1.0 201 - python-swiftclient-3.11.1 gAAAAABpXEVBgbS0... - - - txeaee0a05c80c47ecaf03f-00695c4583 - 0.2536 - - 1767654787.526729584 1767654787.780342340 0
Jan 5 23:13:07 standalone container-server[121719]: 172.20.0.100 - - [05/Jan/2026:23:13:07 +0000] "HEAD /d1/561/AUTH_f49b1c397d4e44a6bc11d01090b61664/gnocchi.d7c09e3f-fb71-4bdb-aa11-793185aadae7" 204 - "HEAD http://localhost:8080/v1/AUTH_f49b1c397d4e44a6bc11d01090b61664/gnocchi.d7c09e3f-fb71-4bdb-aa11-793185aadae7?format=json&states=listing" "tx90c133c3ba2d43dabbe29-00695c4583" "proxy-server 12" 0.0031 "-" 17 0
Jan 5 23:13:07 standalone proxy-server[123647]: - - 05/Jan/2026/23/13/07 HEAD /v1/AUTH_f49b1c397d4e44a6bc11d01090b61664/gnocchi.d7c09e3f-fb71-4bdb-aa11-793185aadae7%3Fformat%3Djson%26states%3Dlisting HTTP/1.0 204 - Swift - - - - tx90c133c3ba2d43dabbe29-00695c4583 - 0.0109 RL - 1767654787.799543142 1767654787.810448170 0
Jan 5 23:13:07 standalone container-server[121719]: 172.20.0.100 - - [05/Jan/2026:23:13:07 +0000] "GET /d1/561/AUTH_f49b1c397d4e44a6bc11d01090b61664/gnocchi.d7c09e3f-fb71-4bdb-aa11-793185aadae7" 200 2 "GET http://localhost:8080/v1/AUTH_f49b1c397d4e44a6bc11d01090b61664/gnocchi.d7c09e3f-fb71-4bdb-aa11-793185aadae7?format=json&states=listing" "tx90c133c3ba2d43dabbe29-00695c4583" "proxy-server 12" 0.0047 "-" 17 0
Jan 5 23:13:07 standalone proxy-server[123647]: 172.18.0.2 ::1 05/Jan/2026/23/13/07 GET /v1/AUTH_f49b1c397d4e44a6bc11d01090b61664/gnocchi.d7c09e3f-fb71-4bdb-aa11-793185aadae7%3Fformat%3Djson%26states%3Dlisting HTTP/1.0 200 - python-swiftclient-3.11.1 gAAAAABpXEVBgbS0... - 2 - tx90c133c3ba2d43dabbe29-00695c4583 - 0.0308 - - 1767654787.797107935 1767654787.827948809 0
Jan 5 23:13:07 standalone object-server[121786]: 172.20.0.100 - - [05/Jan/2026:23:13:07 +0000] "GET /d1/902/AUTH_f49b1c397d4e44a6bc11d01090b61664/gnocchi.d7c09e3f-fb71-4bdb-aa11-793185aadae7/1766880000.0_mean_300.0_v3" 404 70 "GET http://localhost:8080/v1/AUTH_f49b1c397d4e44a6bc11d01090b61664/gnocchi.d7c09e3f-fb71-4bdb-aa11-793185aadae7/1766880000.0_mean_300.0_v3" "tx3a8b446bda5743aab5200-00695c4583" "proxy-server 12" 0.0003 "-" 24 0
Jan 5 23:13:07 standalone proxy-server[123647]: 172.18.0.2 ::1 05/Jan/2026/23/13/07 GET /v1/AUTH_f49b1c397d4e44a6bc11d01090b61664/gnocchi.d7c09e3f-fb71-4bdb-aa11-793185aadae7/1766880000.0_mean_300.0_v3 HTTP/1.0 404 - python-swiftclient-3.11.1 gAAAAABpXEVBgbS0... - 70 - tx3a8b446bda5743aab5200-00695c4583 - 0.0088 - - 1767654787.840604067 1767654787.849413395 0
Jan 5 23:13:07 standalone container-server[121719]: 172.20.0.100 - - [05/Jan/2026:23:13:07 +0000] "PUT /d1/561/AUTH_f49b1c397d4e44a6bc11d01090b61664/gnocchi.d7c09e3f-fb71-4bdb-aa11-793185aadae7/1766880000.0_mean_300.0_v3" 201 - "PUT http://localhost:8080/d1/902/AUTH_f49b1c397d4e44a6bc11d01090b61664/gnocchi.d7c09e3f-fb71-4bdb-aa11-793185aadae7/1766880000.0_mean_300.0_v3" "txf6e76f4171154d429665f-00695c4583" "object-server 24" 0.0011 "-" 17 0
Jan 5 23:13:07 standalone object-server[121786]: 172.20.0.100 - - [05/Jan/2026:23:13:07 +0000] "PUT /d1/902/AUTH_f49b1c397d4e44a6bc11d01090b61664/gnocchi.d7c09e3f-fb71-4bdb-aa11-793185aadae7/1766880000.0_mean_300.0_v3" 201 - "PUT http://localhost:8080/v1/AUTH_f49b1c397d4e44a6bc11d01090b61664/gnocchi.d7c09e3f-fb71-4bdb-aa11-793185aadae7/1766880000.0_mean_300.0_v3" "txf6e76f4171154d429665f-00695c4583" "proxy-server 12" 0.0156 "-" 24 0
Jan 5 23:13:07 standalone proxy-server[123647]: 172.18.0.2 ::1 05/Jan/2026/23/13/07 PUT /v1/AUTH_f49b1c397d4e44a6bc11d01090b61664/gnocchi.d7c09e3f-fb71-4bdb-aa11-793185aadae7/1766880000.0_mean_300.0_v3 HTTP/1.0 201 - python-swiftclient-3.11.1 gAAAAABpXEVBgbS0... 16 - - txf6e76f4171154d429665f-00695c4583 - 0.0245 - - 1767654787.858475208 1767654787.882950068 0
Jan 5 23:13:07 standalone container-server[121704]: 172.20.0.100 - - [05/Jan/2026:23:13:07 +0000] "PUT /d1/561/AUTH_f49b1c397d4e44a6bc11d01090b61664/gnocchi.d7c09e3f-fb71-4bdb-aa11-793185aadae7/none_v3" 201 - "PUT http://localhost:8080/d1/149/AUTH_f49b1c397d4e44a6bc11d01090b61664/gnocchi.d7c09e3f-fb71-4bdb-aa11-793185aadae7/none_v3" "tx3984999232df425b9d91c-00695c4583" "object-server 24" 0.0009 "-" 15 0
Jan 5 23:13:07 standalone object-server[121786]: 172.20.0.100 - - [05/Jan/2026:23:13:07 +0000] "PUT /d1/149/AUTH_f49b1c397d4e44a6bc11d01090b61664/gnocchi.d7c09e3f-fb71-4bdb-aa11-793185aadae7/none_v3" 201 - "PUT http://localhost:8080/v1/AUTH_f49b1c397d4e44a6bc11d01090b61664/gnocchi.d7c09e3f-fb71-4bdb-aa11-793185aadae7/none_v3" "tx3984999232df425b9d91c-00695c4583" "proxy-server 12" 0.0106 "-" 24 0
Jan 5 23:13:07 standalone proxy-server[123647]: 172.18.0.2 ::1 05/Jan/2026/23/13/07 PUT /v1/AUTH_f49b1c397d4e44a6bc11d01090b61664/gnocchi.d7c09e3f-fb71-4bdb-aa11-793185aadae7/none_v3 HTTP/1.0 201 - python-swiftclient-3.11.1 gAAAAABpXEVBgbS0... 22 - - tx3984999232df425b9d91c-00695c4583 - 0.0197 - - 1767654787.889772177 1767654787.909489632 0
Jan 5 23:13:07 standalone container-server[121719]: 172.20.0.100 - - [05/Jan/2026:23:13:07 +0000] "HEAD /d1/789/AUTH_f49b1c397d4e44a6bc11d01090b61664/gnocchi.ce0e4a88-669a-4efa-a7f4-56aeed599b88" 404 - "HEAD http://localhost:8080/v1/AUTH_f49b1c397d4e44a6bc11d01090b61664/gnocchi.ce0e4a88-669a-4efa-a7f4-56aeed599b88?format=json&states=listing" "tx2d2c4b2d8a8b4fe98ca56-00695c4583" "proxy-server 12" 0.0007 "-" 17 0
Jan 5 23:13:07 standalone object-server[121784]: 172.20.0.100 - - [05/Jan/2026:23:13:07 +0000] "GET /d1/648/AUTH_f49b1c397d4e44a6bc11d01090b61664/gnocchi.ce0e4a88-669a-4efa-a7f4-56aeed599b88/none_v3" 404 70 "GET http://localhost:8080/v1/AUTH_f49b1c397d4e44a6bc11d01090b61664/gnocchi.ce0e4a88-669a-4efa-a7f4-56aeed599b88/none_v3" "tx2d2c4b2d8a8b4fe98ca56-00695c4583" "proxy-server 12" 0.0004 "-" 22 0
Jan 5 23:13:07 standalone proxy-server[123647]: 172.18.0.2 ::1 05/Jan/2026/23/13/07 GET /v1/AUTH_f49b1c397d4e44a6bc11d01090b61664/gnocchi.ce0e4a88-669a-4efa-a7f4-56aeed599b88/none_v3 HTTP/1.0 404 - python-swiftclient-3.11.1 gAAAAABpXEVBgbS0... - 70 - tx2d2c4b2d8a8b4fe98ca56-00695c4583 - 0.0229 - - 1767654787.932133198 1767654787.955059052 0
Jan 5 23:13:07 standalone account-server[121597]: 172.20.0.100 - - [05/Jan/2026:23:13:07 +0000] "PUT /d1/19/AUTH_f49b1c397d4e44a6bc11d01090b61664/gnocchi.ce0e4a88-669a-4efa-a7f4-56aeed599b88" 201 - "PUT http://172.20.0.100:6001/d1/789/AUTH_f49b1c397d4e44a6bc11d01090b61664/gnocchi.ce0e4a88-669a-4efa-a7f4-56aeed599b88" "tx9cfe4823a4584964a620e-00695c4583" "container-server 16" 0.0097 "-" 17 0
Jan 5 23:13:07 standalone container-server[121711]: 172.20.0.100 - - [05/Jan/2026:23:13:07 +0000] "PUT /d1/789/AUTH_f49b1c397d4e44a6bc11d01090b61664/gnocchi.ce0e4a88-669a-4efa-a7f4-56aeed599b88" 201 - "PUT http://localhost:8080/v1/AUTH_f49b1c397d4e44a6bc11d01090b61664/gnocchi.ce0e4a88-669a-4efa-a7f4-56aeed599b88" "tx9cfe4823a4584964a620e-00695c4583" "proxy-server 12" 0.0294 "-" 16 0
Jan 5 23:13:08 standalone proxy-server[123647]: 172.18.0.2 ::1 05/Jan/2026/23/13/08 PUT /v1/AUTH_f49b1c397d4e44a6bc11d01090b61664/gnocchi.ce0e4a88-669a-4efa-a7f4-56aeed599b88 HTTP/1.0 201 - python-swiftclient-3.11.1 gAAAAABpXEVBgbS0... - - - tx9cfe4823a4584964a620e-00695c4583 - 0.0403 - - 1767654787.962728500 1767654788.002981186 0
Jan 5 23:13:08 standalone container-server[121690]: 172.20.0.100 - - [05/Jan/2026:23:13:08 +0000] "HEAD /d1/789/AUTH_f49b1c397d4e44a6bc11d01090b61664/gnocchi.ce0e4a88-669a-4efa-a7f4-56aeed599b88" 204 - "HEAD http://localhost:8080/v1/AUTH_f49b1c397d4e44a6bc11d01090b61664/gnocchi.ce0e4a88-669a-4efa-a7f4-56aeed599b88?format=json&states=listing" "txfd515bf256214a2698a8d-00695c4584" "proxy-server 12" 0.0037 "-" 14 0
Jan 5 23:13:08 standalone proxy-server[123647]: - - 05/Jan/2026/23/13/08 HEAD /v1/AUTH_f49b1c397d4e44a6bc11d01090b61664/gnocchi.ce0e4a88-669a-4efa-a7f4-56aeed599b88%3Fformat%3Djson%26states%3Dlisting HTTP/1.0 204 - Swift - - - - txfd515bf256214a2698a8d-00695c4584 - 0.0111 RL - 1767654788.013289452 1767654788.024416447 0
Jan 5 23:13:08 standalone container-server[121711]: 172.20.0.100 - - [05/Jan/2026:23:13:08 +0000] "GET /d1/789/AUTH_f49b1c397d4e44a6bc11d01090b61664/gnocchi.ce0e4a88-669a-4efa-a7f4-56aeed599b88" 200 2 "GET http://localhost:8080/v1/AUTH_f49b1c397d4e44a6bc11d01090b61664/gnocchi.ce0e4a88-669a-4efa-a7f4-56aeed599b88?format=json&states=listing" "txfd515bf256214a2698a8d-00695c4584" "proxy-server 12" 0.0050 "-" 16 0
Jan 5 23:13:08 standalone proxy-server[123647]: 172.18.0.2 ::1 05/Jan/2026/23/13/08 GET /v1/AUTH_f49b1c397d4e44a6bc11d01090b61664/gnocchi.ce0e4a88-669a-4efa-a7f4-56aeed599b88%3Fformat%3Djson%26states%3Dlisting HTTP/1.0 200 - python-swiftclient-3.11.1 gAAAAABpXEVBgbS0... - 2 - txfd515bf256214a2698a8d-00695c4584 - 0.0315 - - 1767654788.011026621 1767654788.042569160 0
Jan 5 23:13:08 standalone object-server[121784]: 172.20.0.100 - - [05/Jan/2026:23:13:08 +0000] "GET /d1/506/AUTH_f49b1c397d4e44a6bc11d01090b61664/gnocchi.ce0e4a88-669a-4efa-a7f4-56aeed599b88/1766880000.0_mean_300.0_v3" 404 70 "GET http://localhost:8080/v1/AUTH_f49b1c397d4e44a6bc11d01090b61664/gnocchi.ce0e4a88-669a-4efa-a7f4-56aeed599b88/1766880000.0_mean_300.0_v3" "tx48b4380ddef24deb94c2b-00695c4584" "proxy-server 12" 0.0006 "-" 22 0
Jan 5 23:13:08 standalone proxy-server[123647]: 172.18.0.2 ::1 05/Jan/2026/23/13/08 GET /v1/AUTH_f49b1c397d4e44a6bc11d01090b61664/gnocchi.ce0e4a88-669a-4efa-a7f4-56aeed599b88/1766880000.0_mean_300.0_v3 HTTP/1.0 404 - python-swiftclient-3.11.1 gAAAAABpXEVBgbS0... - 70 - tx48b4380ddef24deb94c2b-00695c4584 - 0.0098 - - 1767654788.052662373 1767654788.062502146 0
Jan 5 23:13:08 standalone container-server[121690]: 172.20.0.100 - - [05/Jan/2026:23:13:08 +0000] "PUT /d1/789/AUTH_f49b1c397d4e44a6bc11d01090b61664/gnocchi.ce0e4a88-669a-4efa-a7f4-56aeed599b88/1766880000.0_mean_300.0_v3" 201 - "PUT http://localhost:8080/d1/506/AUTH_f49b1c397d4e44a6bc11d01090b61664/gnocchi.ce0e4a88-669a-4efa-a7f4-56aeed599b88/1766880000.0_mean_300.0_v3" "tx16abc4264cfb4894bca72-00695c4584" "object-server 24" 0.0016 "-" 14 0
Jan 5 23:13:08 standalone object-server[121786]: 172.20.0.100 - - [05/Jan/2026:23:13:08 +0000] "PUT /d1/506/AUTH_f49b1c397d4e44a6bc11d01090b61664/gnocchi.ce0e4a88-669a-4efa-a7f4-56aeed599b88/1766880000.0_mean_300.0_v3" 201 - "PUT http://localhost:8080/v1/AUTH_f49b1c397d4e44a6bc11d01090b61664/gnocchi.ce0e4a88-669a-4efa-a7f4-56aeed599b88/1766880000.0_mean_300.0_v3" "tx16abc4264cfb4894bca72-00695c4584" "proxy-server 12" 0.0173 "-" 24 0
Jan 5 23:13:08 standalone proxy-server[123647]: 172.18.0.2 ::1 05/Jan/2026/23/13/08 PUT /v1/AUTH_f49b1c397d4e44a6bc11d01090b61664/gnocchi.ce0e4a88-669a-4efa-a7f4-56aeed599b88/1766880000.0_mean_300.0_v3 HTTP/1.0 201 - python-swiftclient-3.11.1 gAAAAABpXEVBgbS0... 16 - - tx16abc4264cfb4894bca72-00695c4584 - 0.0266 - - 1767654788.073670387 1767654788.100233316 0
Jan 5 23:13:08 standalone container-server[121711]: 172.20.0.100 - - [05/Jan/2026:23:13:08 +0000] "PUT /d1/789/AUTH_f49b1c397d4e44a6bc11d01090b61664/gnocchi.ce0e4a88-669a-4efa-a7f4-56aeed599b88/none_v3" 201 - "PUT http://localhost:8080/d1/648/AUTH_f49b1c397d4e44a6bc11d01090b61664/gnocchi.ce0e4a88-669a-4efa-a7f4-56aeed599b88/none_v3" "tx3330d36f29c0451abd85a-00695c4584" "object-server 25" 0.0011 "-" 16 0
Jan 5 23:13:08 standalone object-server[121788]: 172.20.0.100 - - [05/Jan/2026:23:13:08 +0000] "PUT /d1/648/AUTH_f49b1c397d4e44a6bc11d01090b61664/gnocchi.ce0e4a88-669a-4efa-a7f4-56aeed599b88/none_v3" 201 - "PUT http://localhost:8080/v1/AUTH_f49b1c397d4e44a6bc11d01090b61664/gnocchi.ce0e4a88-669a-4efa-a7f4-56aeed599b88/none_v3" "tx3330d36f29c0451abd85a-00695c4584" "proxy-server 12" 0.0129 "-" 25 0
Jan 5 23:13:08 standalone proxy-server[123647]: 172.18.0.2 ::1 05/Jan/2026/23/13/08 PUT /v1/AUTH_f49b1c397d4e44a6bc11d01090b61664/gnocchi.ce0e4a88-669a-4efa-a7f4-56aeed599b88/none_v3 HTTP/1.0 201 - python-swiftclient-3.11.1 gAAAAABpXEVBgbS0... 22 - - tx3330d36f29c0451abd85a-00695c4584 - 0.0232 - - 1767654788.105327129 1767654788.128485918 0
Jan 5 23:13:08 standalone container-server[121690]: 172.20.0.100 - - [05/Jan/2026:23:13:08 +0000] "HEAD /d1/876/AUTH_f49b1c397d4e44a6bc11d01090b61664/gnocchi.1b8a837c-4aeb-4dec-bb58-fa8830550319" 404 - "HEAD http://localhost:8080/v1/AUTH_f49b1c397d4e44a6bc11d01090b61664/gnocchi.1b8a837c-4aeb-4dec-bb58-fa8830550319?format=json&states=listing" "tx60bf7ec7975849a5b385a-00695c4584" "proxy-server 12" 0.0024 "-" 14 0
Jan 5 23:13:08 standalone object-server[121788]: 172.20.0.100 - - [05/Jan/2026:23:13:08 +0000] "GET /d1/847/AUTH_f49b1c397d4e44a6bc11d01090b61664/gnocchi.1b8a837c-4aeb-4dec-bb58-fa8830550319/none_v3" 404 70 "GET http://localhost:8080/v1/AUTH_f49b1c397d4e44a6bc11d01090b61664/gnocchi.1b8a837c-4aeb-4dec-bb58-fa8830550319/none_v3" "tx60bf7ec7975849a5b385a-00695c4584" "proxy-server 12" 0.0004 "-" 25 0
Jan 5 23:13:08 standalone proxy-server[123647]: 172.18.0.2 ::1 05/Jan/2026/23/13/08 GET /v1/AUTH_f49b1c397d4e44a6bc11d01090b61664/gnocchi.1b8a837c-4aeb-4dec-bb58-fa8830550319/none_v3 HTTP/1.0 404 - python-swiftclient-3.11.1 gAAAAABpXEVBgbS0... - 70 - tx60bf7ec7975849a5b385a-00695c4584 - 0.0219 - - 1767654788.155497789 1767654788.177420616 0
Jan 5 23:13:08 standalone account-server[121569]: 172.20.0.100 - - [05/Jan/2026:23:13:08 +0000] "PUT /d1/19/AUTH_f49b1c397d4e44a6bc11d01090b61664/gnocchi.1b8a837c-4aeb-4dec-bb58-fa8830550319" 201 - "PUT http://172.20.0.100:6001/d1/876/AUTH_f49b1c397d4e44a6bc11d01090b61664/gnocchi.1b8a837c-4aeb-4dec-bb58-fa8830550319" "txb16a7a48b46e4034a7418-00695c4584" "container-server 17" 0.0058 "-" 14 0
Jan 5 23:13:08 standalone container-server[121719]: 172.20.0.100 - - [05/Jan/2026:23:13:08 +0000] "PUT /d1/876/AUTH_f49b1c397d4e44a6bc11d01090b61664/gnocchi.1b8a837c-4aeb-4dec-bb58-fa8830550319" 201 - "PUT http://localhost:8080/v1/AUTH_f49b1c397d4e44a6bc11d01090b61664/gnocchi.1b8a837c-4aeb-4dec-bb58-fa8830550319" "txb16a7a48b46e4034a7418-00695c4584" "proxy-server 12" 0.0247 "-" 17 0
Jan 5 23:13:08 standalone proxy-server[123647]: 172.18.0.2 ::1 05/Jan/2026/23/13/08 PUT /v1/AUTH_f49b1c397d4e44a6bc11d01090b61664/gnocchi.1b8a837c-4aeb-4dec-bb58-fa8830550319 HTTP/1.0 201 - python-swiftclient-3.11.1 gAAAAABpXEVBgbS0... - - - txb16a7a48b46e4034a7418-00695c4584 - 0.0350 - - 1767654788.189424992 1767654788.224462509 0
Jan 5 23:13:08 standalone container-server[121719]: 172.20.0.100 - - [05/Jan/2026:23:13:08 +0000] "HEAD /d1/876/AUTH_f49b1c397d4e44a6bc11d01090b61664/gnocchi.1b8a837c-4aeb-4dec-bb58-fa8830550319" 204 - "HEAD http://localhost:8080/v1/AUTH_f49b1c397d4e44a6bc11d01090b61664/gnocchi.1b8a837c-4aeb-4dec-bb58-fa8830550319?format=json&states=listing" "tx4d766d1fde394b0182683-00695c4584" "proxy-server 12" 0.0028 "-" 17 0
Jan 5 23:13:08 standalone proxy-server[123647]: - - 05/Jan/2026/23/13/08 HEAD /v1/AUTH_f49b1c397d4e44a6bc11d01090b61664/gnocchi.1b8a837c-4aeb-4dec-bb58-fa8830550319%3Fformat%3Djson%26states%3Dlisting HTTP/1.0 204 - Swift - - - - tx4d766d1fde394b0182683-00695c4584 - 0.0094 RL - 1767654788.239317179 1767654788.248726368 0
Jan 5 23:13:08 standalone container-server[121711]: 172.20.0.100 - - [05/Jan/2026:23:13:08 +0000] "GET /d1/876/AUTH_f49b1c397d4e44a6bc11d01090b61664/gnocchi.1b8a837c-4aeb-4dec-bb58-fa8830550319" 200 2 "GET http://localhost:8080/v1/AUTH_f49b1c397d4e44a6bc11d01090b61664/gnocchi.1b8a837c-4aeb-4dec-bb58-fa8830550319?format=json&states=listing" "tx4d766d1fde394b0182683-00695c4584" "proxy-server 12" 0.0046 "-" 16 0
Jan 5 23:13:08 standalone proxy-server[123647]: 172.18.0.2 ::1 05/Jan/2026/23/13/08 GET /v1/AUTH_f49b1c397d4e44a6bc11d01090b61664/gnocchi.1b8a837c-4aeb-4dec-bb58-fa8830550319%3Fformat%3Djson%26states%3Dlisting HTTP/1.0 200 - python-swiftclient-3.11.1 gAAAAABpXEVBgbS0... - 2 - tx4d766d1fde394b0182683-00695c4584 - 0.0286 - - 1767654788.236874342 1767654788.265435219 0
Jan 5 23:13:08 standalone object-server[121786]: 172.20.0.100 - - [05/Jan/2026:23:13:08 +0000] "GET /d1/285/AUTH_f49b1c397d4e44a6bc11d01090b61664/gnocchi.1b8a837c-4aeb-4dec-bb58-fa8830550319/1766880000.0_mean_300.0_v3" 404 70 "GET http://localhost:8080/v1/AUTH_f49b1c397d4e44a6bc11d01090b61664/gnocchi.1b8a837c-4aeb-4dec-bb58-fa8830550319/1766880000.0_mean_300.0_v3" "tx736d5ff56c5044fda5af0-00695c4584" "proxy-server 12" 0.0007 "-" 24 0
Jan 5 23:13:08 standalone proxy-server[123647]: 172.18.0.2 ::1 05/Jan/2026/23/13/08 GET /v1/AUTH_f49b1c397d4e44a6bc11d01090b61664/gnocchi.1b8a837c-4aeb-4dec-bb58-fa8830550319/1766880000.0_mean_300.0_v3 HTTP/1.0 404 - python-swiftclient-3.11.1 gAAAAABpXEVBgbS0... - 70 - tx736d5ff56c5044fda5af0-00695c4584 - 0.0108 - - 1767654788.275208473 1767654788.285983562 0
Jan 5 23:13:08 standalone container-server[121719]: 172.20.0.100 - - [05/Jan/2026:23:13:08 +0000] "PUT /d1/876/AUTH_f49b1c397d4e44a6bc11d01090b61664/gnocchi.1b8a837c-4aeb-4dec-bb58-fa8830550319/1766880000.0_mean_300.0_v3" 201 - "PUT http://localhost:8080/d1/285/AUTH_f49b1c397d4e44a6bc11d01090b61664/gnocchi.1b8a837c-4aeb-4dec-bb58-fa8830550319/1766880000.0_mean_300.0_v3" "tx8a1758c64d244416b430c-00695c4584" "object-server 23" 0.0012 "-" 17 0
Jan 5 23:13:08 standalone object-server[121785]: 172.20.0.100 - - [05/Jan/2026:23:13:08 +0000] "PUT /d1/285/AUTH_f49b1c397d4e44a6bc11d01090b61664/gnocchi.1b8a837c-4aeb-4dec-bb58-fa8830550319/1766880000.0_mean_300.0_v3" 201 - "PUT http://localhost:8080/v1/AUTH_f49b1c397d4e44a6bc11d01090b61664/gnocchi.1b8a837c-4aeb-4dec-bb58-fa8830550319/1766880000.0_mean_300.0_v3" "tx8a1758c64d244416b430c-00695c4584" "proxy-server 12" 0.0118 "-" 23 0
Jan 5 23:13:08 standalone proxy-server[123647]: 172.18.0.2 ::1 05/Jan/2026/23/13/08 PUT /v1/AUTH_f49b1c397d4e44a6bc11d01090b61664/gnocchi.1b8a837c-4aeb-4dec-bb58-fa8830550319/1766880000.0_mean_300.0_v3 HTTP/1.0 201 - python-swiftclient-3.11.1 gAAAAABpXEVBgbS0... 16 - - tx8a1758c64d244416b430c-00695c4584 - 0.0212 - - 1767654788.293248415 1767654788.314414740 0
Jan 5 23:13:08 standalone container-server[121704]: 172.20.0.100 - - [05/Jan/2026:23:13:08 +0000] "PUT /d1/876/AUTH_f49b1c397d4e44a6bc11d01090b61664/gnocchi.1b8a837c-4aeb-4dec-bb58-fa8830550319/none_v3" 201 - "PUT http://localhost:8080/d1/847/AUTH_f49b1c397d4e44a6bc11d01090b61664/gnocchi.1b8a837c-4aeb-4dec-bb58-fa8830550319/none_v3" "tx495fd7b51b3645fd827be-00695c4584" "object-server 22" 0.0008 "-" 15 0
Jan 5 23:13:08 standalone object-server[121784]: 172.20.0.100 - - [05/Jan/2026:23:13:08 +0000] "PUT /d1/847/AUTH_f49b1c397d4e44a6bc11d01090b61664/gnocchi.1b8a837c-4aeb-4dec-bb58-fa8830550319/none_v3" 201 - "PUT http://localhost:8080/v1/AUTH_f49b1c397d4e44a6bc11d01090b61664/gnocchi.1b8a837c-4aeb-4dec-bb58-fa8830550319/none_v3" "tx495fd7b51b3645fd827be-00695c4584" "proxy-server 12" 0.0133 "-" 22 0
Jan 5 23:13:08 standalone proxy-server[123647]: 172.18.0.2 ::1 05/Jan/2026/23/13/08 PUT /v1/AUTH_f49b1c397d4e44a6bc11d01090b61664/gnocchi.1b8a837c-4aeb-4dec-bb58-fa8830550319/none_v3 HTTP/1.0 201 - python-swiftclient-3.11.1 gAAAAABpXEVBgbS0... 22 - - tx495fd7b51b3645fd827be-00695c4584 - 0.0236 - - 1767654788.321248531 1767654788.344804049 0
Jan 5 23:13:22 standalone account-server[121595]: 172.20.0.100 - - [05/Jan/2026:23:13:22 +0000] "HEAD /d1/512/.expiring_objects" 404 - "HEAD http://localhost/v1/.expiring_objects?format=json" "tx0bcff6f6358b4c6f94702-00695c4592" "proxy-server 2" 0.0004 "-" 16 -
Jan 5 23:13:22 standalone object-expirer[121638]: Pass completed in 0s; 0 objects expired (txn: tx0bcff6f6358b4c6f94702-00695c4592)
Jan 5 23:15:23 standalone account-server[121595]: 172.20.0.100 - - [05/Jan/2026:23:15:23 +0000] "HEAD /d1/19/AUTH_f49b1c397d4e44a6bc11d01090b61664" 204 - "HEAD http://localhost:8080/v1/AUTH_f49b1c397d4e44a6bc11d01090b61664?format=json" "tx5b759a78a1c44f96907c2-00695c460b" "proxy-server 12" 0.0053 "-" 16 -
Jan 5 23:15:23 standalone proxy-server[123647]: - - 05/Jan/2026/23/15/23 HEAD /v1/AUTH_f49b1c397d4e44a6bc11d01090b61664%3Fformat%3Djson HTTP/1.0 204 - Swift - - - - tx5b759a78a1c44f96907c2-00695c460b - 0.0088 RL - 1767654923.485097647 1767654923.493940592 -
Jan 5 23:15:23 standalone container-server[121711]: 172.20.0.100 - - [05/Jan/2026:23:15:23 +0000] "HEAD /d1/775/AUTH_f49b1c397d4e44a6bc11d01090b61664/gnocchi.130f0b67-5731-48b7-9a11-67b0cc5e1c9e" 404 - "HEAD http://localhost:8080/v1/AUTH_f49b1c397d4e44a6bc11d01090b61664/gnocchi.130f0b67-5731-48b7-9a11-67b0cc5e1c9e?format=json&states=listing" "tx5b759a78a1c44f96907c2-00695c460b" "proxy-server 12" 0.0005 "-" 16 0
Jan 5 23:15:23 standalone object-server[121786]: 172.20.0.100 - - [05/Jan/2026:23:15:23 +0000] "GET /d1/1011/AUTH_f49b1c397d4e44a6bc11d01090b61664/gnocchi.130f0b67-5731-48b7-9a11-67b0cc5e1c9e/none_v3" 404 70 "GET http://localhost:8080/v1/AUTH_f49b1c397d4e44a6bc11d01090b61664/gnocchi.130f0b67-5731-48b7-9a11-67b0cc5e1c9e/none_v3" "tx5b759a78a1c44f96907c2-00695c460b" "proxy-server 12" 0.0005 "-" 24 0
Jan 5 23:15:23 standalone proxy-server[123647]: 172.18.0.2 ::1 05/Jan/2026/23/15/23 GET /v1/AUTH_f49b1c397d4e44a6bc11d01090b61664/gnocchi.130f0b67-5731-48b7-9a11-67b0cc5e1c9e/none_v3 HTTP/1.0 404 - python-swiftclient-3.11.1 gAAAAABpXEVBgbS0... - 70 - tx5b759a78a1c44f96907c2-00695c460b - 0.0182 - - 1767654923.484412670 1767654923.502573967 0
Jan 5 23:15:23 standalone account-server[121569]: 172.20.0.100 - - [05/Jan/2026:23:15:23 +0000] "PUT /d1/19/AUTH_f49b1c397d4e44a6bc11d01090b61664/gnocchi.130f0b67-5731-48b7-9a11-67b0cc5e1c9e" 201 - "PUT http://172.20.0.100:6001/d1/775/AUTH_f49b1c397d4e44a6bc11d01090b61664/gnocchi.130f0b67-5731-48b7-9a11-67b0cc5e1c9e" "tx65e3ae8feed94ecdb84d3-00695c460b" "container-server 17" 0.0010 "-" 14 0
Jan 5 23:15:23 standalone container-server[121719]: 172.20.0.100 - - [05/Jan/2026:23:15:23 +0000] "PUT /d1/775/AUTH_f49b1c397d4e44a6bc11d01090b61664/gnocchi.130f0b67-5731-48b7-9a11-67b0cc5e1c9e" 201 - "PUT http://localhost:8080/v1/AUTH_f49b1c397d4e44a6bc11d01090b61664/gnocchi.130f0b67-5731-48b7-9a11-67b0cc5e1c9e" "tx65e3ae8feed94ecdb84d3-00695c460b" "proxy-server 12" 0.0085 "-" 17 0
Jan 5 23:15:23 standalone proxy-server[123647]: 172.18.0.2 ::1 05/Jan/2026/23/15/23 PUT /v1/AUTH_f49b1c397d4e44a6bc11d01090b61664/gnocchi.130f0b67-5731-48b7-9a11-67b0cc5e1c9e HTTP/1.0 201 - python-swiftclient-3.11.1 gAAAAABpXEVBgbS0... - - - tx65e3ae8feed94ecdb84d3-00695c460b - 0.0141 - - 1767654923.505237579 1767654923.519349337 0
Jan 5 23:15:23 standalone container-server[121711]: 172.20.0.100 - - [05/Jan/2026:23:15:23 +0000] "HEAD /d1/775/AUTH_f49b1c397d4e44a6bc11d01090b61664/gnocchi.130f0b67-5731-48b7-9a11-67b0cc5e1c9e" 204 - "HEAD http://localhost:8080/v1/AUTH_f49b1c397d4e44a6bc11d01090b61664/gnocchi.130f0b67-5731-48b7-9a11-67b0cc5e1c9e?format=json&states=listing" "tx18ff3b87661b4f2aa11bf-00695c460b" "proxy-server 12" 0.0010 "-" 16 0
Jan 5 23:15:23 standalone proxy-server[123647]: - - 05/Jan/2026/23/15/23 HEAD /v1/AUTH_f49b1c397d4e44a6bc11d01090b61664/gnocchi.130f0b67-5731-48b7-9a11-67b0cc5e1c9e%3Fformat%3Djson%26states%3Dlisting HTTP/1.0 204 - Swift - - - - tx18ff3b87661b4f2aa11bf-00695c460b - 0.0030 RL - 1767654923.522474527 1767654923.525480032 0
Jan 5 23:15:23 standalone container-server[121690]: 172.20.0.100 - - [05/Jan/2026:23:15:23 +0000] "GET /d1/775/AUTH_f49b1c397d4e44a6bc11d01090b61664/gnocchi.130f0b67-5731-48b7-9a11-67b0cc5e1c9e" 200 2 "GET http://localhost:8080/v1/AUTH_f49b1c397d4e44a6bc11d01090b61664/gnocchi.130f0b67-5731-48b7-9a11-67b0cc5e1c9e?format=json&states=listing" "tx18ff3b87661b4f2aa11bf-00695c460b" "proxy-server 12" 0.0018 "-" 14 0
Jan 5 23:15:23 standalone proxy-server[123647]: 172.18.0.2 ::1 05/Jan/2026/23/15/23 GET /v1/AUTH_f49b1c397d4e44a6bc11d01090b61664/gnocchi.130f0b67-5731-48b7-9a11-67b0cc5e1c9e%3Fformat%3Djson%26states%3Dlisting HTTP/1.0 200 - python-swiftclient-3.11.1 gAAAAABpXEVBgbS0... - 2 - tx18ff3b87661b4f2aa11bf-00695c460b - 0.0098 - - 1767654923.521714687 1767654923.531547546 0
Jan 5 23:15:23 standalone object-server[121786]: 172.20.0.100 - - [05/Jan/2026:23:15:23 +0000] "GET /d1/358/AUTH_f49b1c397d4e44a6bc11d01090b61664/gnocchi.130f0b67-5731-48b7-9a11-67b0cc5e1c9e/1766880000.0_mean_300.0_v3" 404 70 "GET http://localhost:8080/v1/AUTH_f49b1c397d4e44a6bc11d01090b61664/gnocchi.130f0b67-5731-48b7-9a11-67b0cc5e1c9e/1766880000.0_mean_300.0_v3" "tx664d5298c468478189af1-00695c460b" "proxy-server 12" 0.0003 "-" 24 0
Jan 5 23:15:23 standalone proxy-server[123647]: 172.18.0.2 ::1 05/Jan/2026/23/15/23 GET /v1/AUTH_f49b1c397d4e44a6bc11d01090b61664/gnocchi.130f0b67-5731-48b7-9a11-67b0cc5e1c9e/1766880000.0_mean_300.0_v3 HTTP/1.0 404 - python-swiftclient-3.11.1 gAAAAABpXEVBgbS0... - 70 - tx664d5298c468478189af1-00695c460b - 0.0039 - - 1767654923.533982277 1767654923.537862301 0
Jan 5 23:15:23 standalone container-server[121704]: 172.20.0.100 - - [05/Jan/2026:23:15:23 +0000] "PUT /d1/775/AUTH_f49b1c397d4e44a6bc11d01090b61664/gnocchi.130f0b67-5731-48b7-9a11-67b0cc5e1c9e/1766880000.0_mean_300.0_v3" 201 - "PUT http://localhost:8080/d1/358/AUTH_f49b1c397d4e44a6bc11d01090b61664/gnocchi.130f0b67-5731-48b7-9a11-67b0cc5e1c9e/1766880000.0_mean_300.0_v3" "txb9e4c2220f484f5693b3d-00695c460b" "object-server 23" 0.0005 "-" 15 0
Jan 5 23:15:23 standalone object-server[121785]: 172.20.0.100 - - [05/Jan/2026:23:15:23 +0000] "PUT /d1/358/AUTH_f49b1c397d4e44a6bc11d01090b61664/gnocchi.130f0b67-5731-48b7-9a11-67b0cc5e1c9e/1766880000.0_mean_300.0_v3" 201 - "PUT http://localhost:8080/v1/AUTH_f49b1c397d4e44a6bc11d01090b61664/gnocchi.130f0b67-5731-48b7-9a11-67b0cc5e1c9e/1766880000.0_mean_300.0_v3" "txb9e4c2220f484f5693b3d-00695c460b" "proxy-server 12" 0.0072 "-" 23 0
Jan 5 23:15:23 standalone proxy-server[123647]: 172.18.0.2 ::1 05/Jan/2026/23/15/23 PUT /v1/AUTH_f49b1c397d4e44a6bc11d01090b61664/gnocchi.130f0b67-5731-48b7-9a11-67b0cc5e1c9e/1766880000.0_mean_300.0_v3 HTTP/1.0 201 - python-swiftclient-3.11.1 gAAAAABpXEVBgbS0... 16 - - txb9e4c2220f484f5693b3d-00695c460b - 0.0110 - - 1767654923.540467739 1767654923.551474094 0
Jan 5 23:15:23 standalone container-server[121704]: 172.20.0.100 - - [05/Jan/2026:23:15:23 +0000] "PUT /d1/775/AUTH_f49b1c397d4e44a6bc11d01090b61664/gnocchi.130f0b67-5731-48b7-9a11-67b0cc5e1c9e/none_v3" 201 - "PUT http://localhost:8080/d1/1011/AUTH_f49b1c397d4e44a6bc11d01090b61664/gnocchi.130f0b67-5731-48b7-9a11-67b0cc5e1c9e/none_v3" "tx54002d6cad6f4a6694ed4-00695c460b" "object-server 22" 0.0004 "-" 15 0
Jan 5 23:15:23 standalone object-server[121784]: 172.20.0.100 - - [05/Jan/2026:23:15:23 +0000] "PUT /d1/1011/AUTH_f49b1c397d4e44a6bc11d01090b61664/gnocchi.130f0b67-5731-48b7-9a11-67b0cc5e1c9e/none_v3" 201 - "PUT http://localhost:8080/v1/AUTH_f49b1c397d4e44a6bc11d01090b61664/gnocchi.130f0b67-5731-48b7-9a11-67b0cc5e1c9e/none_v3" "tx54002d6cad6f4a6694ed4-00695c460b" "proxy-server 12" 0.0113 "-" 22 0
Jan 5 23:15:23 standalone proxy-server[123647]: 172.18.0.2 ::1 05/Jan/2026/23/15/23 PUT /v1/AUTH_f49b1c397d4e44a6bc11d01090b61664/gnocchi.130f0b67-5731-48b7-9a11-67b0cc5e1c9e/none_v3 HTTP/1.0 201 - python-swiftclient-3.11.1 gAAAAABpXEVBgbS0... 22 - - tx54002d6cad6f4a6694ed4-00695c460b - 0.0161 - - 1767654923.554749250 1767654923.570871830 0
Jan 5 23:15:23 standalone container-server[121719]: 172.20.0.100 - - [05/Jan/2026:23:15:23 +0000] "HEAD /d1/273/AUTH_f49b1c397d4e44a6bc11d01090b61664/gnocchi.a43bc43b-06c7-464c-88c8-30a7588b9816" 404 - "HEAD http://localhost:8080/v1/AUTH_f49b1c397d4e44a6bc11d01090b61664/gnocchi.a43bc43b-06c7-464c-88c8-30a7588b9816?format=json&states=listing" "txc847be9040004197ba459-00695c460b" "proxy-server 12" 0.0003 "-" 17 0
Jan 5 23:15:23 standalone object-server[121785]: 172.20.0.100 - - [05/Jan/2026:23:15:23 +0000] "GET /d1/467/AUTH_f49b1c397d4e44a6bc11d01090b61664/gnocchi.a43bc43b-06c7-464c-88c8-30a7588b9816/none_v3" 404 70 "GET http://localhost:8080/v1/AUTH_f49b1c397d4e44a6bc11d01090b61664/gnocchi.a43bc43b-06c7-464c-88c8-30a7588b9816/none_v3" "txc847be9040004197ba459-00695c460b" "proxy-server 12" 0.0003 "-" 23 0
Jan 5 23:15:23 standalone proxy-server[123647]: 172.18.0.2 ::1 05/Jan/2026/23/15/23 GET /v1/AUTH_f49b1c397d4e44a6bc11d01090b61664/gnocchi.a43bc43b-06c7-464c-88c8-30a7588b9816/none_v3 HTTP/1.0 404 - python-swiftclient-3.11.1 gAAAAABpXEVBgbS0... - 70 - txc847be9040004197ba459-00695c460b - 0.0071 - - 1767654923.582197905 1767654923.589325905 0
Jan 5 23:15:23 standalone account-server[121595]: 172.20.0.100 - - [05/Jan/2026:23:15:23 +0000] "PUT /d1/19/AUTH_f49b1c397d4e44a6bc11d01090b61664/gnocchi.a43bc43b-06c7-464c-88c8-30a7588b9816" 201 - "PUT http://172.20.0.100:6001/d1/273/AUTH_f49b1c397d4e44a6bc11d01090b61664/gnocchi.a43bc43b-06c7-464c-88c8-30a7588b9816" "txb38a18e0fe7242b8933ae-00695c460b" "container-server 17" 0.0034 "-" 16 0
Jan 5 23:15:23 standalone container-server[121719]: 172.20.0.100 - - [05/Jan/2026:23:15:23 +0000] "PUT /d1/273/AUTH_f49b1c397d4e44a6bc11d01090b61664/gnocchi.a43bc43b-06c7-464c-88c8-30a7588b9816" 201 - "PUT http://localhost:8080/v1/AUTH_f49b1c397d4e44a6bc11d01090b61664/gnocchi.a43bc43b-06c7-464c-88c8-30a7588b9816" "txb38a18e0fe7242b8933ae-00695c460b" "proxy-server 12" 0.0120 "-" 17 0
Jan 5 23:15:23 standalone proxy-server[123647]: 172.18.0.2 ::1 05/Jan/2026/23/15/23 PUT /v1/AUTH_f49b1c397d4e44a6bc11d01090b61664/gnocchi.a43bc43b-06c7-464c-88c8-30a7588b9816 HTTP/1.0 201 - python-swiftclient-3.11.1 gAAAAABpXEVBgbS0... - - - txb38a18e0fe7242b8933ae-00695c460b - 0.0161 - - 1767654923.591687441 1767654923.607836485 0
Jan 5 23:15:23 standalone container-server[121719]: 172.20.0.100 - - [05/Jan/2026:23:15:23 +0000] "HEAD /d1/273/AUTH_f49b1c397d4e44a6bc11d01090b61664/gnocchi.a43bc43b-06c7-464c-88c8-30a7588b9816" 204 - "HEAD http://localhost:8080/v1/AUTH_f49b1c397d4e44a6bc11d01090b61664/gnocchi.a43bc43b-06c7-464c-88c8-30a7588b9816?format=json&states=listing" "tx4d9b4030fd454c168903a-00695c460b" "proxy-server 12" 0.0010 "-" 17 0
Jan 5 23:15:23 standalone proxy-server[123647]: - - 05/Jan/2026/23/15/23 HEAD /v1/AUTH_f49b1c397d4e44a6bc11d01090b61664/gnocchi.a43bc43b-06c7-464c-88c8-30a7588b9816%3Fformat%3Djson%26states%3Dlisting HTTP/1.0 204 - Swift - - - - tx4d9b4030fd454c168903a-00695c460b - 0.0034 RL - 1767654923.612040758 1767654923.615472078 0
Jan 5 23:15:23 standalone container-server[121711]: 172.20.0.100 - - [05/Jan/2026:23:15:23 +0000] "GET /d1/273/AUTH_f49b1c397d4e44a6bc11d01090b61664/gnocchi.a43bc43b-06c7-464c-88c8-30a7588b9816" 200 2 "GET http://localhost:8080/v1/AUTH_f49b1c397d4e44a6bc11d01090b61664/gnocchi.a43bc43b-06c7-464c-88c8-30a7588b9816?format=json&states=listing" "tx4d9b4030fd454c168903a-00695c460b" "proxy-server 12" 0.0015 "-" 16 0
Jan 5 23:15:23 standalone proxy-server[123647]: 172.18.0.2 ::1 05/Jan/2026/23/15/23 GET /v1/AUTH_f49b1c397d4e44a6bc11d01090b61664/gnocchi.a43bc43b-06c7-464c-88c8-30a7588b9816%3Fformat%3Djson%26states%3Dlisting HTTP/1.0 200 - python-swiftclient-3.11.1 gAAAAABpXEVBgbS0... - 2 - tx4d9b4030fd454c168903a-00695c460b - 0.0104 - - 1767654923.611186266 1767654923.621624231 0
Jan 5 23:15:23 standalone object-server[121785]: 172.20.0.100 - - [05/Jan/2026:23:15:23 +0000] "GET /d1/704/AUTH_f49b1c397d4e44a6bc11d01090b61664/gnocchi.a43bc43b-06c7-464c-88c8-30a7588b9816/1766880000.0_mean_300.0_v3" 404 70 "GET http://localhost:8080/v1/AUTH_f49b1c397d4e44a6bc11d01090b61664/gnocchi.a43bc43b-06c7-464c-88c8-30a7588b9816/1766880000.0_mean_300.0_v3" "txf0d8a2fe71b14c37b5a40-00695c460b" "proxy-server 12" 0.0003 "-" 23 0
Jan 5 23:15:23 standalone proxy-server[123647]: 172.18.0.2 ::1 05/Jan/2026/23/15/23 GET /v1/AUTH_f49b1c397d4e44a6bc11d01090b61664/gnocchi.a43bc43b-06c7-464c-88c8-30a7588b9816/1766880000.0_mean_300.0_v3 HTTP/1.0 404 - python-swiftclient-3.11.1 gAAAAABpXEVBgbS0... - 70 - txf0d8a2fe71b14c37b5a40-00695c460b - 0.0038 - - 1767654923.624360085 1767654923.628180504 0
Jan 5 23:15:23 standalone container-server[121704]: 172.20.0.100 - - [05/Jan/2026:23:15:23 +0000] "PUT /d1/273/AUTH_f49b1c397d4e44a6bc11d01090b61664/gnocchi.a43bc43b-06c7-464c-88c8-30a7588b9816/1766880000.0_mean_300.0_v3" 201 - "PUT http://localhost:8080/d1/704/AUTH_f49b1c397d4e44a6bc11d01090b61664/gnocchi.a43bc43b-06c7-464c-88c8-30a7588b9816/1766880000.0_mean_300.0_v3" "txe8628660f8d6403e900d5-00695c460b" "object-server 23" 0.0004 "-" 15 0
Jan 5 23:15:23 standalone object-server[121785]: 172.20.0.100 - - [05/Jan/2026:23:15:23 +0000] "PUT /d1/704/AUTH_f49b1c397d4e44a6bc11d01090b61664/gnocchi.a43bc43b-06c7-464c-88c8-30a7588b9816/1766880000.0_mean_300.0_v3" 201 - "PUT http://localhost:8080/v1/AUTH_f49b1c397d4e44a6bc11d01090b61664/gnocchi.a43bc43b-06c7-464c-88c8-30a7588b9816/1766880000.0_mean_300.0_v3" "txe8628660f8d6403e900d5-00695c460b" "proxy-server 12" 0.0070 "-" 23 0
Jan 5 23:15:23 standalone proxy-server[123647]: 172.18.0.2 ::1 05/Jan/2026/23/15/23 PUT /v1/AUTH_f49b1c397d4e44a6bc11d01090b61664/gnocchi.a43bc43b-06c7-464c-88c8-30a7588b9816/1766880000.0_mean_300.0_v3 HTTP/1.0 201 - python-swiftclient-3.11.1 gAAAAABpXEVBgbS0... 16 - - txe8628660f8d6403e900d5-00695c460b - 0.0103 - - 1767654923.630200863 1767654923.640505314 0
Jan 5 23:15:23 standalone container-server[121711]: 172.20.0.100 - - [05/Jan/2026:23:15:23 +0000] "PUT /d1/273/AUTH_f49b1c397d4e44a6bc11d01090b61664/gnocchi.a43bc43b-06c7-464c-88c8-30a7588b9816/none_v3" 201 - "PUT http://localhost:8080/d1/467/AUTH_f49b1c397d4e44a6bc11d01090b61664/gnocchi.a43bc43b-06c7-464c-88c8-30a7588b9816/none_v3" "tx7673e22f937e4910b06bf-00695c460b" "object-server 23" 0.0003 "-" 16 0
Jan 5 23:15:23 standalone object-server[121785]: 172.20.0.100 - - [05/Jan/2026:23:15:23 +0000] "PUT /d1/467/AUTH_f49b1c397d4e44a6bc11d01090b61664/gnocchi.a43bc43b-06c7-464c-88c8-30a7588b9816/none_v3" 201 - "PUT http://localhost:8080/v1/AUTH_f49b1c397d4e44a6bc11d01090b61664/gnocchi.a43bc43b-06c7-464c-88c8-30a7588b9816/none_v3" "tx7673e22f937e4910b06bf-00695c460b" "proxy-server 12" 0.0076 "-" 23 0
Jan 5 23:15:23 standalone proxy-server[123647]: 172.18.0.2 ::1 05/Jan/2026/23/15/23 PUT /v1/AUTH_f49b1c397d4e44a6bc11d01090b61664/gnocchi.a43bc43b-06c7-464c-88c8-30a7588b9816/none_v3 HTTP/1.0 201 - python-swiftclient-3.11.1 gAAAAABpXEVBgbS0... 22 - - tx7673e22f937e4910b06bf-00695c460b - 0.0109 - - 1767654923.642361403 1767654923.653220415 0
Jan 5 23:15:23 standalone container-server[121719]: 172.20.0.100 - - [05/Jan/2026:23:15:23 +0000] "HEAD /d1/774/AUTH_f49b1c397d4e44a6bc11d01090b61664/gnocchi.794cfaa5-5223-46da-875a-1c98bfb5253f" 404 - "HEAD http://localhost:8080/v1/AUTH_f49b1c397d4e44a6bc11d01090b61664/gnocchi.794cfaa5-5223-46da-875a-1c98bfb5253f?format=json&states=listing" "txc5ec199425f9419295871-00695c460b" "proxy-server 12" 0.0007 "-" 17 0
Jan 5 23:15:23 standalone object-server[121788]: 172.20.0.100 - - [05/Jan/2026:23:15:23 +0000] "GET /d1/995/AUTH_f49b1c397d4e44a6bc11d01090b61664/gnocchi.794cfaa5-5223-46da-875a-1c98bfb5253f/none_v3" 404 70 "GET http://localhost:8080/v1/AUTH_f49b1c397d4e44a6bc11d01090b61664/gnocchi.794cfaa5-5223-46da-875a-1c98bfb5253f/none_v3" "txc5ec199425f9419295871-00695c460b" "proxy-server 12" 0.0004 "-" 25 0
Jan 5 23:15:23 standalone proxy-server[123647]: 172.18.0.2 ::1 05/Jan/2026/23/15/23 GET /v1/AUTH_f49b1c397d4e44a6bc11d01090b61664/gnocchi.794cfaa5-5223-46da-875a-1c98bfb5253f/none_v3 HTTP/1.0 404 - python-swiftclient-3.11.1 gAAAAABpXEVBgbS0... - 70 - txc5ec199425f9419295871-00695c460b - 0.0089 - - 1767654923.687823057 1767654923.696701527 0
Jan 5 23:15:23 standalone account-server[121593]: 172.20.0.100 - - [05/Jan/2026:23:15:23 +0000] "PUT /d1/19/AUTH_f49b1c397d4e44a6bc11d01090b61664/gnocchi.794cfaa5-5223-46da-875a-1c98bfb5253f" 201 - "PUT http://172.20.0.100:6001/d1/774/AUTH_f49b1c397d4e44a6bc11d01090b61664/gnocchi.794cfaa5-5223-46da-875a-1c98bfb5253f" "txa2c4427745904c9aa78ee-00695c460b" "container-server 17" 0.0092 "-" 15 0
Jan 5 23:15:23 standalone container-server[121719]: 172.20.0.100 - - [05/Jan/2026:23:15:23 +0000] "PUT /d1/774/AUTH_f49b1c397d4e44a6bc11d01090b61664/gnocchi.794cfaa5-5223-46da-875a-1c98bfb5253f" 201 - "PUT http://localhost:8080/v1/AUTH_f49b1c397d4e44a6bc11d01090b61664/gnocchi.794cfaa5-5223-46da-875a-1c98bfb5253f" "txa2c4427745904c9aa78ee-00695c460b" "proxy-server 12" 0.0220 "-" 17 0
