Jan 5 23:00:25 standalone account-server[121289]: Starting 2
Jan 5 23:00:25 standalone account-server[121331]: Started child 14 from parent 2
Jan 5 23:00:25 standalone account-server[121331]: Started child 15 from parent 2
Jan 5 23:00:25 standalone account-server[121331]: Started child 16 from parent 2
Jan 5 23:00:25 standalone account-server[121331]: Started child 17 from parent 2
Jan 5 23:00:26 standalone container-server[121460]: Starting 2
Jan 5 23:00:26 standalone container-server[121462]: Option allow_versions is deprecated. Configure the versioned_writes middleware in the proxy-server instead. This option will be ignored in a future release.
Jan 5 23:00:26 standalone container-server[121690]: Option allow_versions is deprecated. Configure the versioned_writes middleware in the proxy-server instead. This option will be ignored in a future release.
Jan 5 23:00:26 standalone container-server[121462]: Started child 14 from parent 2
Jan 5 23:00:26 standalone container-server[121704]: Option allow_versions is deprecated. Configure the versioned_writes middleware in the proxy-server instead. This option will be ignored in a future release.
Jan 5 23:00:26 standalone container-server[121462]: Started child 15 from parent 2
Jan 5 23:00:26 standalone container-server[121711]: Option allow_versions is deprecated. Configure the versioned_writes middleware in the proxy-server instead. This option will be ignored in a future release.
Jan 5 23:00:26 standalone container-server[121462]: Started child 16 from parent 2
Jan 5 23:00:26 standalone container-server[121719]: Option allow_versions is deprecated. Configure the versioned_writes middleware in the proxy-server instead. This option will be ignored in a future release.
Jan 5 23:00:26 standalone container-server[121462]: Started child 17 from parent 2
Jan 5 23:00:26 standalone object-expirer[121638]: Starting 2
Jan 5 23:00:26 standalone object-expirer[121638]: Option auto_create_account_prefix is deprecated. Configure auto_create_account_prefix under the swift-constraints section of swift.conf. This option will be ignored in a future release.
Jan 5 23:00:26 standalone object-server[121663]: Started child 22 from parent 2
Jan 5 23:00:26 standalone object-server[121663]: Started child 23 from parent 2
Jan 5 23:00:26 standalone object-server[121663]: Started child 24 from parent 2
Jan 5 23:00:26 standalone object-server[121663]: Started child 25 from parent 2
Jan 5 23:00:26 standalone object-server[121764]: Starting 2
Jan 5 23:00:33 standalone proxy-server[123460]: Starting Keystone auth_token middleware
Jan 5 23:00:33 standalone proxy-server[123460]: AuthToken middleware is set with keystone_authtoken.service_token_roles_required set to False. This is backwards compatible but deprecated behaviour. Please set this to True.
Jan 5 23:00:33 standalone proxy-server[123647]: Starting Keystone auth_token middleware
Jan 5 23:00:33 standalone proxy-server[123647]: STDERR: The option "bind_port" is not known to keystonemiddleware
Jan 5 23:00:33 standalone proxy-server[123647]: STDERR: The option "workers" is not known to keystonemiddleware
Jan 5 23:00:33 standalone proxy-server[123647]: STDERR: The option "user" is not known to keystonemiddleware
Jan 5 23:00:33 standalone proxy-server[123647]: STDERR: The option "bind_ip" is not known to keystonemiddleware
Jan 5 23:00:33 standalone proxy-server[123647]: STDERR: The option "log_name" is not known to keystonemiddleware
Jan 5 23:00:33 standalone proxy-server[123647]: STDERR: The option "log_facility" is not known to keystonemiddleware
Jan 5 23:00:33 standalone proxy-server[123647]: STDERR: The option "log_level" is not known to keystonemiddleware
Jan 5 23:00:33 standalone proxy-server[123647]: STDERR: The option "log_headers" is not known to keystonemiddleware
Jan 5 23:00:33 standalone proxy-server[123647]: STDERR: The option "log_address" is not known to keystonemiddleware
Jan 5 23:00:33 standalone proxy-server[123647]: STDERR: The option "project_name" is not known to keystonemiddleware
Jan 5 23:00:33 standalone proxy-server[123647]: STDERR: The option "username" is not known to keystonemiddleware
Jan 5 23:00:33 standalone proxy-server[123647]: STDERR: The option "password" is not known to keystonemiddleware
Jan 5 23:00:33 standalone proxy-server[123647]: STDERR: The option "auth_url" is not known to keystonemiddleware
Jan 5 23:00:33 standalone proxy-server[123647]: STDERR: The option "signing_dir" is not known to keystonemiddleware
Jan 5 23:00:33 standalone proxy-server[123647]: STDERR: The option "project_domain_id" is not known to keystonemiddleware
Jan 5 23:00:33 standalone proxy-server[123647]: STDERR: The option "user_domain_id" is not known to keystonemiddleware
Jan 5 23:00:33 standalone proxy-server[123647]: STDERR: The option "__name__" is not known to keystonemiddleware
Jan 5 23:00:33 standalone proxy-server[123647]: AuthToken middleware is set with keystone_authtoken.service_token_roles_required set to False. This is backwards compatible but deprecated behaviour. Please set this to True.
Jan 5 23:00:33 standalone proxy-server[123460]: Started child 12 from parent 2
Jan 5 23:00:45 standalone account-server[121595]: 172.20.0.100 - - [05/Jan/2026:23:00:45 +0000] "HEAD /d1/512/.expiring_objects" 404 - "HEAD http://localhost/v1/.expiring_objects?format=json" "tx38e071b42152469399d94-00695c429d" "proxy-server 2" 0.0027 "-" 16 -
Jan 5 23:00:45 standalone object-expirer[121638]: Pass completed in 0s; 0 objects expired (txn: tx38e071b42152469399d94-00695c429d)
Jan 5 23:01:06 standalone account-server[121569]: 172.20.0.100 - - [05/Jan/2026:23:01:06 +0000] "HEAD /d1/512/.expiring_objects" 404 - "HEAD http://localhost/v1/.expiring_objects?format=json" "txa1abdbb1ad874175ab2c8-00695c42b2" "proxy-server 2" 0.0018 "-" 14 -
Jan 5 23:01:06 standalone object-expirer[121638]: Pass completed in 0s; 0 objects expired (txn: txa1abdbb1ad874175ab2c8-00695c42b2)
Jan 5 23:01:42 standalone container-server[121460]: Begin container update sweep
Jan 5 23:01:42 standalone container-server[121460]: Container update sweep completed: 0.00s
Jan 5 23:01:59 standalone account-server[121569]: 172.20.0.100 - - [05/Jan/2026:23:01:59 +0000] "HEAD /d1/512/.expiring_objects" 404 - "HEAD http://localhost/v1/.expiring_objects?format=json" "txc663a6c503b84f15b9de4-00695c42e7" "proxy-server 2" 0.0006 "-" 14 -
Jan 5 23:01:59 standalone object-expirer[121638]: Pass completed in 0s; 0 objects expired (txn: txc663a6c503b84f15b9de4-00695c42e7)
Jan 5 23:03:03 standalone object-server[121764]: Begin object update sweep
Jan 5 23:03:03 standalone object-server[141078]: Object update sweep starting on /srv/node/d1 (pid: 11)
Jan 5 23:03:03 standalone object-server[141078]: Object update sweep completed on /srv/node/d1 in 0.00s seconds:, 0 successes, 0 failures, 0 quarantines, 0 unlinks, 0 errors, 0 redirects (pid: 11)
Jan 5 23:03:03 standalone object-server[141078]: Object update sweep of d1 completed: 0.00s, 0 successes, 0 failures, 0 quarantines, 0 unlinks, 0 errors, 0 redirects
Jan 5 23:03:03 standalone object-server[121764]: Object update sweep completed: 0.08s
Jan 5 23:03:23 standalone account-server[121593]: 172.20.0.100 - - [05/Jan/2026:23:03:23 +0000] "HEAD /d1/512/.expiring_objects" 404 - "HEAD http://localhost/v1/.expiring_objects?format=json" "txe3e1dcb07cdb4cec9c0c3-00695c433b" "proxy-server 2" 0.0013 "-" 15 -
Jan 5 23:03:23 standalone object-expirer[121638]: Pass completed in 0s; 0 objects expired (txn: txe3e1dcb07cdb4cec9c0c3-00695c433b)
Jan 5 23:04:06 standalone account-server[121595]: 172.20.0.100 - - [05/Jan/2026:23:04:06 +0000] "HEAD /d1/512/.expiring_objects" 404 - "HEAD http://localhost/v1/.expiring_objects?format=json" "txab0ea400f4be48e895bdc-00695c4365" "proxy-server 2" 0.0014 "-" 16 -
Jan 5 23:04:06 standalone object-expirer[121638]: Pass completed in 0s; 0 objects expired (txn: txab0ea400f4be48e895bdc-00695c4365)
Jan 5 23:06:42 standalone container-server[121460]: Begin container update sweep
Jan 5 23:06:42 standalone container-server[121460]: Container update sweep completed: 0.00s
Jan 5 23:06:54 standalone account-server[121593]: 172.20.0.100 - - [05/Jan/2026:23:06:54 +0000] "HEAD /d1/19/AUTH_f49b1c397d4e44a6bc11d01090b61664" 404 - "HEAD http://localhost:8080/v1/AUTH_f49b1c397d4e44a6bc11d01090b61664?format=json" "tx1aa297c0d404442ea2541-00695c440e" "proxy-server 12" 0.0006 "-" 15 -
Jan 5 23:06:54 standalone proxy-server[123647]: - - 05/Jan/2026/23/06/54 HEAD /v1/AUTH_f49b1c397d4e44a6bc11d01090b61664%3Fformat%3Djson HTTP/1.0 200 - Swift - - - - tx1aa297c0d404442ea2541-00695c440e - 0.0076 RL - 1767654414.406733990 1767654414.414288282 -
Jan 5 23:06:54 standalone proxy-server[123647]: 172.18.0.2 ::1 05/Jan/2026/23/06/54 HEAD /v1/AUTH_f49b1c397d4e44a6bc11d01090b61664/glance%3Fformat%3Djson HTTP/1.0 404 - python-swiftclient-3.11.1 gAAAAABpXEQOow54... - - - tx1aa297c0d404442ea2541-00695c440e - 0.5066 - - 1767654414.399231672 1767654414.905876637 -
Jan 5 23:06:54 standalone account-server[121595]: 172.20.0.100 - - [05/Jan/2026:23:06:54 +0000] "PUT /d1/19/AUTH_f49b1c397d4e44a6bc11d01090b61664" 201 - "-" "txf6c41fbd72214a37be9e5-00695c440e" "-" 0.0131 "-" 16 -
Jan 5 23:06:54 standalone proxy-server[123647]: autocreate account '/AUTH_f49b1c397d4e44a6bc11d01090b61664' (txn: txf6c41fbd72214a37be9e5-00695c440e)
Jan 5 23:06:54 standalone account-server[121569]: 172.20.0.100 - - [05/Jan/2026:23:06:54 +0000] "HEAD /d1/19/AUTH_f49b1c397d4e44a6bc11d01090b61664" 204 - "HEAD http://localhost:8080/v1/AUTH_f49b1c397d4e44a6bc11d01090b61664?format=json" "txf6c41fbd72214a37be9e5-00695c440e" "proxy-server 12" 0.0032 "-" 14 -
Jan 5 23:06:54 standalone account-server[121569]: 172.20.0.100 - - [05/Jan/2026:23:06:54 +0000] "PUT /d1/19/AUTH_f49b1c397d4e44a6bc11d01090b61664/glance" 201 - "PUT http://172.20.0.100:6001/d1/625/AUTH_f49b1c397d4e44a6bc11d01090b61664/glance" "txf6c41fbd72214a37be9e5-00695c440e" "container-server 14" 0.0017 "-" 14 0
Jan 5 23:06:54 standalone container-server[121690]: 172.20.0.100 - - [05/Jan/2026:23:06:54 +0000] "PUT /d1/625/AUTH_f49b1c397d4e44a6bc11d01090b61664/glance" 201 - "PUT http://localhost:8080/v1/AUTH_f49b1c397d4e44a6bc11d01090b61664/glance" "txf6c41fbd72214a37be9e5-00695c440e" "proxy-server 12" 0.0202 "-" 14 0
Jan 5 23:06:54 standalone proxy-server[123647]: 172.18.0.2 ::1 05/Jan/2026/23/06/54 PUT /v1/AUTH_f49b1c397d4e44a6bc11d01090b61664/glance HTTP/1.0 201 - python-swiftclient-3.11.1 gAAAAABpXEQOow54... - - - txf6c41fbd72214a37be9e5-00695c440e - 0.0548 - - 1767654414.911643028 1767654414.966424465 0
Jan 5 23:06:54 standalone container-server[121704]: 172.20.0.100 - - [05/Jan/2026:23:06:54 +0000] "HEAD /d1/625/AUTH_f49b1c397d4e44a6bc11d01090b61664/glance" 204 - "HEAD http://localhost:8080/v1/AUTH_f49b1c397d4e44a6bc11d01090b61664/glance?format=json&states=listing" "tx1276fbd029f840bc960b7-00695c440e" "proxy-server 12" 0.0041 "-" 15 0
Jan 5 23:06:54 standalone proxy-server[123647]: - - 05/Jan/2026/23/06/54 HEAD /v1/AUTH_f49b1c397d4e44a6bc11d01090b61664/glance%3Fformat%3Djson%26states%3Dlisting HTTP/1.0 204 - Swift - - - - tx1276fbd029f840bc960b7-00695c440e - 0.0107 RL - 1767654414.973397017 1767654414.984073162 0
Jan 5 23:07:15 standalone container-server[121719]: 172.20.0.100 - - [05/Jan/2026:23:07:15 +0000] "PUT /d1/625/AUTH_f49b1c397d4e44a6bc11d01090b61664/glance/ccaab7d2-0795-4567-b93c-a05bb5437968" 201 - "PUT http://localhost:8080/d1/119/AUTH_f49b1c397d4e44a6bc11d01090b61664/glance/ccaab7d2-0795-4567-b93c-a05bb5437968" "tx1276fbd029f840bc960b7-00695c440e" "object-server 25" 0.0020 "-" 17 0
Jan 5 23:07:15 standalone object-server[121788]: 172.20.0.100 - - [05/Jan/2026:23:07:15 +0000] "PUT /d1/119/AUTH_f49b1c397d4e44a6bc11d01090b61664/glance/ccaab7d2-0795-4567-b93c-a05bb5437968" 201 - "PUT http://localhost:8080/v1/AUTH_f49b1c397d4e44a6bc11d01090b61664/glance/ccaab7d2-0795-4567-b93c-a05bb5437968" "tx1276fbd029f840bc960b7-00695c440e" "proxy-server 12" 20.2035 "-" 25 0
Jan 5 23:07:15 standalone proxy-server[123647]: 172.18.0.2 ::1 05/Jan/2026/23/07/15 PUT /v1/AUTH_f49b1c397d4e44a6bc11d01090b61664/glance/ccaab7d2-0795-4567-b93c-a05bb5437968 HTTP/1.0 201 - python-swiftclient-3.11.1 gAAAAABpXEQOow54... 1472724992 - - tx1276fbd029f840bc960b7-00695c440e - 20.2306 - - 1767654414.972523451 1767654435.203140974 0
Jan 5 23:08:03 standalone object-server[121764]: Begin object update sweep
Jan 5 23:08:03 standalone object-server[178296]: Object update sweep starting on /srv/node/d1 (pid: 13)
Jan 5 23:08:03 standalone object-server[178296]: Object update sweep completed on /srv/node/d1 in 0.00s seconds:, 0 successes, 0 failures, 0 quarantines, 0 unlinks, 0 errors, 0 redirects (pid: 13)
Jan 5 23:08:03 standalone object-server[178296]: Object update sweep of d1 completed: 0.00s, 0 successes, 0 failures, 0 quarantines, 0 unlinks, 0 errors, 0 redirects
Jan 5 23:08:03 standalone object-server[121764]: Object update sweep completed: 0.05s
Jan 5 23:08:39 standalone account-server[121597]: 172.20.0.100 - - [05/Jan/2026:23:08:39 +0000] "HEAD /d1/512/.expiring_objects" 404 - "HEAD http://localhost/v1/.expiring_objects?format=json" "tx8d4f68130fd444dab16f7-00695c4477" "proxy-server 2" 0.0009 "-" 17 -
Jan 5 23:08:39 standalone object-expirer[121638]: Pass completed in 0s; 0 objects expired (txn: tx8d4f68130fd444dab16f7-00695c4477)
Jan 5 23:09:26 standalone account-server[121593]: 172.20.0.100 - - [05/Jan/2026:23:09:26 +0000] "HEAD /d1/512/.expiring_objects" 404 - "HEAD http://localhost/v1/.expiring_objects?format=json" "tx49e11165b0744339b2d0d-00695c44a6" "proxy-server 2" 0.0007 "-" 15 -
Jan 5 23:09:26 standalone object-expirer[121638]: Pass completed in 0s; 0 objects expired (txn: tx49e11165b0744339b2d0d-00695c44a6)
Jan 5 23:11:42 standalone container-server[121460]: Begin container update sweep
Jan 5 23:11:42 standalone account-server[121593]: 172.20.0.100 - - [05/Jan/2026:23:11:42 +0000] "PUT /d1/19/AUTH_f49b1c397d4e44a6bc11d01090b61664/glance" 201 - "-" "-" "container-updater 2" 0.0013 "-" 15 0
Jan 5 23:11:42 standalone container-server[121460]: Container update sweep completed: 0.11s
Jan 5 23:11:58 standalone account-server[121569]: 172.20.0.100 - - [05/Jan/2026:23:11:58 +0000] "HEAD /d1/19/AUTH_f49b1c397d4e44a6bc11d01090b61664" 204 - "HEAD http://localhost:8080/v1/AUTH_f49b1c397d4e44a6bc11d01090b61664?format=json" "tx933f3c106b2441acbf477-00695c453e" "proxy-server 12" 0.0055 "-" 14 -
Jan 5 23:11:58 standalone proxy-server[123647]: - - 05/Jan/2026/23/11/58 HEAD /v1/AUTH_f49b1c397d4e44a6bc11d01090b61664%3Fformat%3Djson HTTP/1.0 204 - Swift - - - - tx933f3c106b2441acbf477-00695c453e - 0.0088 RL - 1767654718.138668060 1767654718.147485018 -
Jan 5 23:11:58 standalone container-server[121711]: 172.20.0.100 - - [05/Jan/2026:23:11:58 +0000] "HEAD /d1/625/AUTH_f49b1c397d4e44a6bc11d01090b61664/glance" 204 - "HEAD http://localhost:8080/v1/AUTH_f49b1c397d4e44a6bc11d01090b61664/glance?format=json&states=listing" "tx933f3c106b2441acbf477-00695c453e" "proxy-server 12" 0.0049 "-" 16 0
Jan 5 23:11:58 standalone proxy-server[123647]: 172.18.0.2 ::1 05/Jan/2026/23/11/58 HEAD /v1/AUTH_f49b1c397d4e44a6bc11d01090b61664/glance%3Fformat%3Djson%26states%3Dlisting HTTP/1.0 204 - python-swiftclient-3.11.1 gAAAAABpXEU-zUew... - - - tx933f3c106b2441acbf477-00695c453e - 0.0963 - - 1767654718.137883902 1767654718.234208822 0
Jan 5 23:12:00 standalone container-server[121719]: 172.20.0.100 - - [05/Jan/2026:23:12:00 +0000] "PUT /d1/625/AUTH_f49b1c397d4e44a6bc11d01090b61664/glance/ed3a9198-c0e9-4b3e-9a7d-2442673f7734-00001" 201 - "PUT http://localhost:8080/d1/462/AUTH_f49b1c397d4e44a6bc11d01090b61664/glance/ed3a9198-c0e9-4b3e-9a7d-2442673f7734-00001" "tx974c46ee924d466db68be-00695c453e" "object-server 22" 0.0008 "-" 17 0
Jan 5 23:12:00 standalone object-server[121784]: 172.20.0.100 - - [05/Jan/2026:23:12:00 +0000] "PUT /d1/462/AUTH_f49b1c397d4e44a6bc11d01090b61664/glance/ed3a9198-c0e9-4b3e-9a7d-2442673f7734-00001" 201 - "PUT http://localhost:8080/v1/AUTH_f49b1c397d4e44a6bc11d01090b61664/glance/ed3a9198-c0e9-4b3e-9a7d-2442673f7734-00001" "tx974c46ee924d466db68be-00695c453e" "proxy-server 12" 2.7208 "-" 22 0
Jan 5 23:12:00 standalone proxy-server[123647]: 172.18.0.2 ::1 05/Jan/2026/23/12/00 PUT /v1/AUTH_f49b1c397d4e44a6bc11d01090b61664/glance/ed3a9198-c0e9-4b3e-9a7d-2442673f7734-00001 HTTP/1.0 201 - python-swiftclient-3.11.1 gAAAAABpXEU-zUew... 21692416 - - tx974c46ee924d466db68be-00695c453e - 2.7275 - - 1767654718.241679192 1767654720.969168663 0
Jan 5 23:12:00 standalone container-server[121704]: 172.20.0.100 - - [05/Jan/2026:23:12:00 +0000] "PUT /d1/625/AUTH_f49b1c397d4e44a6bc11d01090b61664/glance/ed3a9198-c0e9-4b3e-9a7d-2442673f7734" 201 - "PUT http://localhost:8080/d1/506/AUTH_f49b1c397d4e44a6bc11d01090b61664/glance/ed3a9198-c0e9-4b3e-9a7d-2442673f7734" "txcc5d6602d4c446029d3ad-00695c4540" "object-server 22" 0.0009 "-" 15 0
Jan 5 23:12:00 standalone object-server[121784]: 172.20.0.100 - - [05/Jan/2026:23:12:00 +0000] "PUT /d1/506/AUTH_f49b1c397d4e44a6bc11d01090b61664/glance/ed3a9198-c0e9-4b3e-9a7d-2442673f7734" 201 - "PUT http://localhost:8080/v1/AUTH_f49b1c397d4e44a6bc11d01090b61664/glance/ed3a9198-c0e9-4b3e-9a7d-2442673f7734" "txcc5d6602d4c446029d3ad-00695c4540" "proxy-server 12" 0.0111 "-" 22 0
Jan 5 23:12:01 standalone proxy-server[123647]: 172.18.0.2 ::1 05/Jan/2026/23/12/00 PUT /v1/AUTH_f49b1c397d4e44a6bc11d01090b61664/glance/ed3a9198-c0e9-4b3e-9a7d-2442673f7734 HTTP/1.0 201 - python-swiftclient-3.11.1 gAAAAABpXEU-zUew... - - - txcc5d6602d4c446029d3ad-00695c4540 - 0.0213 - - 1767654720.977856398 1767654720.999143600 0
Jan 5 23:12:01 standalone container-server[121690]: 172.20.0.100 - - [05/Jan/2026:23:12:01 +0000] "HEAD /d1/477/AUTH_f49b1c397d4e44a6bc11d01090b61664/gnocchi.7905609d-2a13-4a16-a277-0d891997e5fa" 404 - "HEAD http://localhost:8080/v1/AUTH_f49b1c397d4e44a6bc11d01090b61664/gnocchi.7905609d-2a13-4a16-a277-0d891997e5fa?format=json&states=listing" "txa84f97d4e0094843b2b78-00695c4541" "proxy-server 12" 0.0009 "-" 14 0
Jan 5 23:12:01 standalone object-server[121788]: 172.20.0.100 - - [05/Jan/2026:23:12:01 +0000] "GET /d1/713/AUTH_f49b1c397d4e44a6bc11d01090b61664/gnocchi.7905609d-2a13-4a16-a277-0d891997e5fa/none_v3" 404 70 "GET http://localhost:8080/v1/AUTH_f49b1c397d4e44a6bc11d01090b61664/gnocchi.7905609d-2a13-4a16-a277-0d891997e5fa/none_v3" "txa84f97d4e0094843b2b78-00695c4541" "proxy-server 12" 0.0005 "-" 25 0
Jan 5 23:12:01 standalone proxy-server[123647]: 172.18.0.2 ::1 05/Jan/2026/23/12/01 GET /v1/AUTH_f49b1c397d4e44a6bc11d01090b61664/gnocchi.7905609d-2a13-4a16-a277-0d891997e5fa/none_v3 HTTP/1.0 404 - python-swiftclient-3.11.1 gAAAAABpXEVBgbS0... - 70 - txa84f97d4e0094843b2b78-00695c4541 - 0.0584 - - 1767654721.687198877 1767654721.745593548 0
Jan 5 23:12:01 standalone account-server[121569]: 172.20.0.100 - - [05/Jan/2026:23:12:01 +0000] "PUT /d1/19/AUTH_f49b1c397d4e44a6bc11d01090b61664/gnocchi.7905609d-2a13-4a16-a277-0d891997e5fa" 201 - "PUT http://172.20.0.100:6001/d1/477/AUTH_f49b1c397d4e44a6bc11d01090b61664/gnocchi.7905609d-2a13-4a16-a277-0d891997e5fa" "tx201dc7521e6145989e4cd-00695c4541" "container-server 14" 0.0012 "-" 14 0
Jan 5 23:12:01 standalone container-server[121690]: 172.20.0.100 - - [05/Jan/2026:23:12:01 +0000] "PUT /d1/477/AUTH_f49b1c397d4e44a6bc11d01090b61664/gnocchi.7905609d-2a13-4a16-a277-0d891997e5fa" 201 - "PUT http://localhost:8080/v1/AUTH_f49b1c397d4e44a6bc11d01090b61664/gnocchi.7905609d-2a13-4a16-a277-0d891997e5fa" "tx201dc7521e6145989e4cd-00695c4541" "proxy-server 12" 0.0130 "-" 14 0
Jan 5 23:12:01 standalone proxy-server[123647]: 172.18.0.2 ::1 05/Jan/2026/23/12/01 PUT /v1/AUTH_f49b1c397d4e44a6bc11d01090b61664/gnocchi.7905609d-2a13-4a16-a277-0d891997e5fa HTTP/1.0 201 - python-swiftclient-3.11.1 gAAAAABpXEVBgbS0... - - - tx201dc7521e6145989e4cd-00695c4541 - 0.0173 - - 1767654721.749254942 1767654721.766601324 0
Jan 5 23:12:01 standalone container-server[121711]: 172.20.0.100 - - [05/Jan/2026:23:12:01 +0000] "HEAD /d1/477/AUTH_f49b1c397d4e44a6bc11d01090b61664/gnocchi.7905609d-2a13-4a16-a277-0d891997e5fa" 204 - "HEAD http://localhost:8080/v1/AUTH_f49b1c397d4e44a6bc11d01090b61664/gnocchi.7905609d-2a13-4a16-a277-0d891997e5fa?format=json&states=listing" "tx6f0c9ae63abc4629b1dd9-00695c4541" "proxy-server 12" 0.0023 "-" 16 0
Jan 5 23:12:01 standalone proxy-server[123647]: - - 05/Jan/2026/23/12/01 HEAD /v1/AUTH_f49b1c397d4e44a6bc11d01090b61664/gnocchi.7905609d-2a13-4a16-a277-0d891997e5fa%3Fformat%3Djson%26states%3Dlisting HTTP/1.0 204 - Swift - - - - tx6f0c9ae63abc4629b1dd9-00695c4541 - 0.0056 RL - 1767654721.773482561 1767654721.779097795 0
Jan 5 23:12:01 standalone container-server[121719]: 172.20.0.100 - - [05/Jan/2026:23:12:01 +0000] "GET /d1/477/AUTH_f49b1c397d4e44a6bc11d01090b61664/gnocchi.7905609d-2a13-4a16-a277-0d891997e5fa" 200 2 "GET http://localhost:8080/v1/AUTH_f49b1c397d4e44a6bc11d01090b61664/gnocchi.7905609d-2a13-4a16-a277-0d891997e5fa?format=json&states=listing" "tx6f0c9ae63abc4629b1dd9-00695c4541" "proxy-server 12" 0.0024 "-" 17 0
Jan 5 23:12:01 standalone proxy-server[123647]: 172.18.0.2 ::1 05/Jan/2026/23/12/01 GET /v1/AUTH_f49b1c397d4e44a6bc11d01090b61664/gnocchi.7905609d-2a13-4a16-a277-0d891997e5fa%3Fformat%3Djson%26states%3Dlisting HTTP/1.0 200 - python-swiftclient-3.11.1 gAAAAABpXEVBgbS0... - 2 - tx6f0c9ae63abc4629b1dd9-00695c4541 - 0.0140 - - 1767654721.772547483 1767654721.786575079 0
Jan 5 23:12:01 standalone object-server[121786]: 172.20.0.100 - - [05/Jan/2026:23:12:01 +0000] "GET /d1/649/AUTH_f49b1c397d4e44a6bc11d01090b61664/gnocchi.7905609d-2a13-4a16-a277-0d891997e5fa/1766880000.0_mean_300.0_v3" 404 70 "GET http://localhost:8080/v1/AUTH_f49b1c397d4e44a6bc11d01090b61664/gnocchi.7905609d-2a13-4a16-a277-0d891997e5fa/1766880000.0_mean_300.0_v3" "tx3705f76bf1a64cdc96f72-00695c4541" "proxy-server 12" 0.0008 "-" 24 0
Jan 5 23:12:01 standalone proxy-server[123647]: 172.18.0.2 ::1 05/Jan/2026/23/12/01 GET /v1/AUTH_f49b1c397d4e44a6bc11d01090b61664/gnocchi.7905609d-2a13-4a16-a277-0d891997e5fa/1766880000.0_mean_300.0_v3 HTTP/1.0 404 - python-swiftclient-3.11.1 gAAAAABpXEVBgbS0... - 70 - tx3705f76bf1a64cdc96f72-00695c4541 - 0.0061 - - 1767654721.791594744 1767654721.797726154 0
Jan 5 23:12:01 standalone container-server[121690]: 172.20.0.100 - - [05/Jan/2026:23:12:01 +0000] "PUT /d1/477/AUTH_f49b1c397d4e44a6bc11d01090b61664/gnocchi.7905609d-2a13-4a16-a277-0d891997e5fa/1766880000.0_mean_300.0_v3" 201 - "PUT http://localhost:8080/d1/649/AUTH_f49b1c397d4e44a6bc11d01090b61664/gnocchi.7905609d-2a13-4a16-a277-0d891997e5fa/1766880000.0_mean_300.0_v3" "tx75098ce26bf3487fb521a-00695c4541" "object-server 24" 0.0013 "-" 14 0
Jan 5 23:12:01 standalone object-server[121786]: 172.20.0.100 - - [05/Jan/2026:23:12:01 +0000] "PUT /d1/649/AUTH_f49b1c397d4e44a6bc11d01090b61664/gnocchi.7905609d-2a13-4a16-a277-0d891997e5fa/1766880000.0_mean_300.0_v3" 201 - "PUT http://localhost:8080/v1/AUTH_f49b1c397d4e44a6bc11d01090b61664/gnocchi.7905609d-2a13-4a16-a277-0d891997e5fa/1766880000.0_mean_300.0_v3" "tx75098ce26bf3487fb521a-00695c4541" "proxy-server 12" 0.0274 "-" 24 0
Jan 5 23:12:01 standalone proxy-server[123647]: 172.18.0.2 ::1 05/Jan/2026/23/12/01 PUT /v1/AUTH_f49b1c397d4e44a6bc11d01090b61664/gnocchi.7905609d-2a13-4a16-a277-0d891997e5fa/1766880000.0_mean_300.0_v3 HTTP/1.0 201 - python-swiftclient-3.11.1 gAAAAABpXEVBgbS0... 16 - - tx75098ce26bf3487fb521a-00695c4541 - 0.0322 - - 1767654721.802321196 1767654721.834507227 0
Jan 5 23:12:01 standalone container-server[121711]: 172.20.0.100 - - [05/Jan/2026:23:12:01 +0000] "PUT /d1/477/AUTH_f49b1c397d4e44a6bc11d01090b61664/gnocchi.7905609d-2a13-4a16-a277-0d891997e5fa/none_v3" 201 - "PUT http://localhost:8080/d1/713/AUTH_f49b1c397d4e44a6bc11d01090b61664/gnocchi.7905609d-2a13-4a16-a277-0d891997e5fa/none_v3" "tx73b07fdcb0094097b9345-00695c4541" "object-server 23" 0.0006 "-" 16 0
Jan 5 23:12:01 standalone object-server[121785]: 172.20.0.100 - - [05/Jan/2026:23:12:01 +0000] "PUT /d1/713/AUTH_f49b1c397d4e44a6bc11d01090b61664/gnocchi.7905609d-2a13-4a16-a277-0d891997e5fa/none_v3" 201 - "PUT http://localhost:8080/v1/AUTH_f49b1c397d4e44a6bc11d01090b61664/gnocchi.7905609d-2a13-4a16-a277-0d891997e5fa/none_v3" "tx73b07fdcb0094097b9345-00695c4541" "proxy-server 12" 0.0319 "-" 23 0
Jan 5 23:12:01 standalone proxy-server[123647]: 172.18.0.2 ::1 05/Jan/2026/23/12/01 PUT /v1/AUTH_f49b1c397d4e44a6bc11d01090b61664/gnocchi.7905609d-2a13-4a16-a277-0d891997e5fa/none_v3 HTTP/1.0 201 - python-swiftclient-3.11.1 gAAAAABpXEVBgbS0... 22 - - tx73b07fdcb0094097b9345-00695c4541 - 0.0379 - - 1767654721.838560581 1767654721.876439333 0
Jan 5 23:12:31 standalone object-server[121786]: 172.20.0.100 - - [05/Jan/2026:23:12:31 +0000] "GET /d1/713/AUTH_f49b1c397d4e44a6bc11d01090b61664/gnocchi.7905609d-2a13-4a16-a277-0d891997e5fa/none_v3" 200 22 "GET http://localhost:8080/v1/AUTH_f49b1c397d4e44a6bc11d01090b61664/gnocchi.7905609d-2a13-4a16-a277-0d891997e5fa/none_v3" "txfdea817f37434289bafc0-00695c455f" "proxy-server 12" 0.0009 "-" 24 0
Jan 5 23:12:31 standalone proxy-server[123647]: 172.18.0.2 ::1 05/Jan/2026/23/12/31 GET /v1/AUTH_f49b1c397d4e44a6bc11d01090b61664/gnocchi.7905609d-2a13-4a16-a277-0d891997e5fa/none_v3 HTTP/1.0 200 - python-swiftclient-3.11.1 gAAAAABpXEVBgbS0... - 22 - txfdea817f37434289bafc0-00695c455f - 0.0070 - - 1767654751.538618565 1767654751.545602798 0
Jan 5 23:12:31 standalone container-server[121711]: 172.20.0.100 - - [05/Jan/2026:23:12:31 +0000] "GET /d1/477/AUTH_f49b1c397d4e44a6bc11d01090b61664/gnocchi.7905609d-2a13-4a16-a277-0d891997e5fa" 200 357 "GET http://localhost:8080/v1/AUTH_f49b1c397d4e44a6bc11d01090b61664/gnocchi.7905609d-2a13-4a16-a277-0d891997e5fa?format=json&states=listing" "tx79ea2ede575840a9a01f5-00695c455f" "proxy-server 12" 0.0140 "-" 16 0
Jan 5 23:12:31 standalone proxy-server[123647]: 172.18.0.2 ::1 05/Jan/2026/23/12/31 GET /v1/AUTH_f49b1c397d4e44a6bc11d01090b61664/gnocchi.7905609d-2a13-4a16-a277-0d891997e5fa%3Fformat%3Djson%26states%3Dlisting HTTP/1.0 200 - python-swiftclient-3.11.1 gAAAAABpXEVBgbS0... - 357 - tx79ea2ede575840a9a01f5-00695c455f - 0.0217 - - 1767654751.549218655 1767654751.570903540 0
Jan 5 23:12:31 standalone container-server[121711]: 172.20.0.100 - - [05/Jan/2026:23:12:31 +0000] "GET /d1/477/AUTH_f49b1c397d4e44a6bc11d01090b61664/gnocchi.7905609d-2a13-4a16-a277-0d891997e5fa" 200 2 "GET http://localhost:8080/v1/AUTH_f49b1c397d4e44a6bc11d01090b61664/gnocchi.7905609d-2a13-4a16-a277-0d891997e5fa?format=json&marker=none_v3&states=listing" "tx9e7184d42ee541abb60c8-00695c455f" "proxy-server 12" 0.0022 "-" 16 0
Jan 5 23:12:31 standalone proxy-server[123647]: 172.18.0.2 ::1 05/Jan/2026/23/12/31 GET /v1/AUTH_f49b1c397d4e44a6bc11d01090b61664/gnocchi.7905609d-2a13-4a16-a277-0d891997e5fa%3Fformat%3Djson%26marker%3Dnone_v3%26states%3Dlisting HTTP/1.0 200 - python-swiftclient-3.11.1 gAAAAABpXEVBgbS0... - 2 - tx9e7184d42ee541abb60c8-00695c455f - 0.0075 - - 1767654751.574634314 1767654751.582133055 0
Jan 5 23:12:31 standalone object-server[121786]: 172.20.0.100 - - [05/Jan/2026:23:12:31 +0000] "GET /d1/649/AUTH_f49b1c397d4e44a6bc11d01090b61664/gnocchi.7905609d-2a13-4a16-a277-0d891997e5fa/1766880000.0_mean_300.0_v3" 200 16 "GET http://localhost:8080/v1/AUTH_f49b1c397d4e44a6bc11d01090b61664/gnocchi.7905609d-2a13-4a16-a277-0d891997e5fa/1766880000.0_mean_300.0_v3" "tx934a86ff273845f295196-00695c455f" "proxy-server 12" 0.0009 "-" 24 0
Jan 5 23:12:31 standalone proxy-server[123647]: 172.18.0.2 ::1 05/Jan/2026/23/12/31 GET /v1/AUTH_f49b1c397d4e44a6bc11d01090b61664/gnocchi.7905609d-2a13-4a16-a277-0d891997e5fa/1766880000.0_mean_300.0_v3 HTTP/1.0 200 - python-swiftclient-3.11.1 gAAAAABpXEVBgbS0... - 16 - tx934a86ff273845f295196-00695c455f - 0.0080 - - 1767654751.587795734 1767654751.595793247 0
Jan 5 23:12:31 standalone container-server[121711]: 172.20.0.100 - - [05/Jan/2026:23:12:31 +0000] "PUT /d1/477/AUTH_f49b1c397d4e44a6bc11d01090b61664/gnocchi.7905609d-2a13-4a16-a277-0d891997e5fa/1766880000.0_mean_300.0_v3" 201 - "PUT http://localhost:8080/d1/649/AUTH_f49b1c397d4e44a6bc11d01090b61664/gnocchi.7905609d-2a13-4a16-a277-0d891997e5fa/1766880000.0_mean_300.0_v3" "tx6f8a92c3e9a14e0596f07-00695c455f" "object-server 23" 0.0005 "-" 16 0
Jan 5 23:12:31 standalone object-server[121785]: 172.20.0.100 - - [05/Jan/2026:23:12:31 +0000] "PUT /d1/649/AUTH_f49b1c397d4e44a6bc11d01090b61664/gnocchi.7905609d-2a13-4a16-a277-0d891997e5fa/1766880000.0_mean_300.0_v3" 201 - "PUT http://localhost:8080/v1/AUTH_f49b1c397d4e44a6bc11d01090b61664/gnocchi.7905609d-2a13-4a16-a277-0d891997e5fa/1766880000.0_mean_300.0_v3" "tx6f8a92c3e9a14e0596f07-00695c455f" "proxy-server 12" 0.0091 "-" 23 0
Jan 5 23:12:31 standalone proxy-server[123647]: 172.18.0.2 ::1 05/Jan/2026/23/12/31 PUT /v1/AUTH_f49b1c397d4e44a6bc11d01090b61664/gnocchi.7905609d-2a13-4a16-a277-0d891997e5fa/1766880000.0_mean_300.0_v3 HTTP/1.0 201 - python-swiftclient-3.11.1 gAAAAABpXEVBgbS0... 16 - - tx6f8a92c3e9a14e0596f07-00695c455f - 0.0138 - - 1767654751.599314928 1767654751.613075733 0
Jan 5 23:12:31 standalone container-server[121690]: 172.20.0.100 - - [05/Jan/2026:23:12:31 +0000] "PUT /d1/477/AUTH_f49b1c397d4e44a6bc11d01090b61664/gnocchi.7905609d-2a13-4a16-a277-0d891997e5fa/none_v3" 201 - "PUT http://localhost:8080/d1/713/AUTH_f49b1c397d4e44a6bc11d01090b61664/gnocchi.7905609d-2a13-4a16-a277-0d891997e5fa/none_v3" "txd12904d3aacd4744a6c15-00695c455f" "object-server 23" 0.0004 "-" 14 0
Jan 5 23:12:31 standalone object-server[121785]: 172.20.0.100 - - [05/Jan/2026:23:12:31 +0000] "PUT /d1/713/AUTH_f49b1c397d4e44a6bc11d01090b61664/gnocchi.7905609d-2a13-4a16-a277-0d891997e5fa/none_v3" 201 - "PUT http://localhost:8080/v1/AUTH_f49b1c397d4e44a6bc11d01090b61664/gnocchi.7905609d-2a13-4a16-a277-0d891997e5fa/none_v3" "txd12904d3aacd4744a6c15-00695c455f" "proxy-server 12" 0.0124 "-" 23 0
Jan 5 23:12:31 standalone proxy-server[123647]: 172.18.0.2 ::1 05/Jan/2026/23/12/31 PUT /v1/AUTH_f49b1c397d4e44a6bc11d01090b61664/gnocchi.7905609d-2a13-4a16-a277-0d891997e5fa/none_v3 HTTP/1.0 201 - python-swiftclient-3.11.1 gAAAAABpXEVBgbS0... 32 - - txd12904d3aacd4744a6c15-00695c455f - 0.0168 - - 1767654751.627237320 1767654751.644014597 0
Jan 5 23:13:02 standalone account-server[121593]: 172.20.0.100 - - [05/Jan/2026:23:13:02 +0000] "HEAD /d1/19/AUTH_f49b1c397d4e44a6bc11d01090b61664" 204 - "HEAD http://localhost:8080/v1/AUTH_f49b1c397d4e44a6bc11d01090b61664?format=json" "txdbba5c4d2e9749de9ecd6-00695c457e" "proxy-server 12" 0.0064 "-" 15 -
Jan 5 23:13:02 standalone proxy-server[123647]: - - 05/Jan/2026/23/13/02 HEAD /v1/AUTH_f49b1c397d4e44a6bc11d01090b61664%3Fformat%3Djson HTTP/1.0 204 - Swift - - - - txdbba5c4d2e9749de9ecd6-00695c457e - 0.0100 RL - 1767654782.166825533 1767654782.176816463 -
Jan 5 23:13:02 standalone container-server[121704]: 172.20.0.100 - - [05/Jan/2026:23:13:02 +0000] "HEAD /d1/625/AUTH_f49b1c397d4e44a6bc11d01090b61664/glance" 204 - "HEAD http://localhost:8080/v1/AUTH_f49b1c397d4e44a6bc11d01090b61664/glance?format=json&states=listing" "txdbba5c4d2e9749de9ecd6-00695c457e" "proxy-server 12" 0.0166 "-" 15 0
Jan 5 23:13:02 standalone object-server[121785]: 172.20.0.100 - - [05/Jan/2026:23:13:02 +0000] "GET /d1/506/AUTH_f49b1c397d4e44a6bc11d01090b61664/glance/ed3a9198-c0e9-4b3e-9a7d-2442673f7734" 200 - "GET http://localhost:8080/v1/AUTH_f49b1c397d4e44a6bc11d01090b61664/glance/ed3a9198-c0e9-4b3e-9a7d-2442673f7734" "txdbba5c4d2e9749de9ecd6-00695c457e" "proxy-server 12" 0.0013 "-" 23 0
Jan 5 23:13:02 standalone container-server[121711]: 172.20.0.100 - - [05/Jan/2026:23:13:02 +0000] "GET /d1/625/AUTH_f49b1c397d4e44a6bc11d01090b61664/glance" 200 210 "GET http://localhost:8080/v1/AUTH_f49b1c397d4e44a6bc11d01090b61664/glance?prefix=ed3a9198-c0e9-4b3e-9a7d-2442673f7734-&format=json&states=listing" "txdbba5c4d2e9749de9ecd6-00695c457e" "proxy-server 12" 0.0051 "-" 16 0
Jan 5 23:13:02 standalone proxy-server[123647]: - - 05/Jan/2026/23/13/02 GET /v1/AUTH_f49b1c397d4e44a6bc11d01090b61664/glance%3Fprefix%3Ded3a9198-c0e9-4b3e-9a7d-2442673f7734-%26format%3Djson%26states%3Dlisting HTTP/1.0 200 - python-swiftclient-3.11.1%20DLO%20MultipartGET gAAAAABpXEV-dzQA... - 210 - txdbba5c4d2e9749de9ecd6-00695c457e - 0.0091 DLO - 1767654782.275167942 1767654782.284265757 0
Jan 5 23:13:02 standalone object-server[121786]: 172.20.0.100 - - [05/Jan/2026:23:13:02 +0000] "GET /d1/462/AUTH_f49b1c397d4e44a6bc11d01090b61664/glance/ed3a9198-c0e9-4b3e-9a7d-2442673f7734-00001" 200 21692416 "GET http://localhost:8080/v1/AUTH_f49b1c397d4e44a6bc11d01090b61664/glance/ed3a9198-c0e9-4b3e-9a7d-2442673f7734-00001?multipart-manifest=get" "txdbba5c4d2e9749de9ecd6-00695c457e" "proxy-server 12" 0.0006 "-" 24 0
Jan 5 23:13:02 standalone proxy-server[123647]: - - 05/Jan/2026/23/13/02 GET /v1/AUTH_f49b1c397d4e44a6bc11d01090b61664/glance/ed3a9198-c0e9-4b3e-9a7d-2442673f7734-00001%3Fmultipart-manifest%3Dget HTTP/1.0 200 - python-swiftclient-3.11.1%20%20DLO%20MultipartGET gAAAAABpXEV-dzQA... - 21692416 - txdbba5c4d2e9749de9ecd6-00695c457e - 0.0879 DLO - 1767654782.284818888 1767654782.372712135 0
Jan 5 23:13:02 standalone proxy-server[123647]: 172.18.0.2 ::1 05/Jan/2026/23/13/02 GET /v1/AUTH_f49b1c397d4e44a6bc11d01090b61664/glance/ed3a9198-c0e9-4b3e-9a7d-2442673f7734 HTTP/1.0 200 - python-swiftclient-3.11.1 gAAAAABpXEV-dzQA... - 21692416 - txdbba5c4d2e9749de9ecd6-00695c457e - 0.2074 - - 1767654782.166139126 1767654782.373555899 0
Jan 5 23:13:03 standalone container-server[121719]: 172.20.0.100 - - [05/Jan/2026:23:13:03 +0000] "HEAD /d1/925/AUTH_f49b1c397d4e44a6bc11d01090b61664/gnocchi.3e27fc82-76c6-4ca6-8a00-5b744aeba8dc" 404 - "HEAD http://localhost:8080/v1/AUTH_f49b1c397d4e44a6bc11d01090b61664/gnocchi.3e27fc82-76c6-4ca6-8a00-5b744aeba8dc?format=json&states=listing" "tx6c4607aef50d40bc8dd14-00695c457f" "proxy-server 12" 0.0008 "-" 17 0
Jan 5 23:13:03 standalone object-server[121784]: 172.20.0.100 - - [05/Jan/2026:23:13:03 +0000] "GET /d1/749/AUTH_f49b1c397d4e44a6bc11d01090b61664/gnocchi.3e27fc82-76c6-4ca6-8a00-5b744aeba8dc/none_v3" 404 70 "GET http://localhost:8080/v1/AUTH_f49b1c397d4e44a6bc11d01090b61664/gnocchi.3e27fc82-76c6-4ca6-8a00-5b744aeba8dc/none_v3" "tx6c4607aef50d40bc8dd14-00695c457f" "proxy-server 12" 0.0003 "-" 22 0
Jan 5 23:13:03 standalone proxy-server[123647]: 172.18.0.2 ::1 05/Jan/2026/23/13/03 GET /v1/AUTH_f49b1c397d4e44a6bc11d01090b61664/gnocchi.3e27fc82-76c6-4ca6-8a00-5b744aeba8dc/none_v3 HTTP/1.0 404 - python-swiftclient-3.11.1 gAAAAABpXEVBgbS0... - 70 - tx6c4607aef50d40bc8dd14-00695c457f - 0.0145 - - 1767654783.194837570 1767654783.209371090 0
Jan 5 23:13:03 standalone account-server[121593]: 172.20.0.100 - - [05/Jan/2026:23:13:03 +0000] "PUT /d1/19/AUTH_f49b1c397d4e44a6bc11d01090b61664/gnocchi.3e27fc82-76c6-4ca6-8a00-5b744aeba8dc" 201 - "PUT http://172.20.0.100:6001/d1/925/AUTH_f49b1c397d4e44a6bc11d01090b61664/gnocchi.3e27fc82-76c6-4ca6-8a00-5b744aeba8dc" "tx80e4973fe17e4a3a9b222-00695c457f" "container-server 14" 0.0013 "-" 15 0
Jan 5 23:13:03 standalone container-server[121690]: 172.20.0.100 - - [05/Jan/2026:23:13:03 +0000] "PUT /d1/925/AUTH_f49b1c397d4e44a6bc11d01090b61664/gnocchi.3e27fc82-76c6-4ca6-8a00-5b744aeba8dc" 201 - "PUT http://localhost:8080/v1/AUTH_f49b1c397d4e44a6bc11d01090b61664/gnocchi.3e27fc82-76c6-4ca6-8a00-5b744aeba8dc" "tx80e4973fe17e4a3a9b222-00695c457f" "proxy-server 12" 0.0117 "-" 14 0
Jan 5 23:13:03 standalone proxy-server[123647]: 172.18.0.2 ::1 05/Jan/2026/23/13/03 PUT /v1/AUTH_f49b1c397d4e44a6bc11d01090b61664/gnocchi.3e27fc82-76c6-4ca6-8a00-5b744aeba8dc HTTP/1.0 201 - python-swiftclient-3.11.1 gAAAAABpXEVBgbS0... - - - tx80e4973fe17e4a3a9b222-00695c457f - 0.0180 - - 1767654783.212720156 1767654783.230736017 0
Jan 5 23:13:03 standalone container-server[121711]: 172.20.0.100 - - [05/Jan/2026:23:13:03 +0000] "HEAD /d1/925/AUTH_f49b1c397d4e44a6bc11d01090b61664/gnocchi.3e27fc82-76c6-4ca6-8a00-5b744aeba8dc" 204 - "HEAD http://localhost:8080/v1/AUTH_f49b1c397d4e44a6bc11d01090b61664/gnocchi.3e27fc82-76c6-4ca6-8a00-5b744aeba8dc?format=json&states=listing" "txd729dfb4020c4c43924db-00695c457f" "proxy-server 12" 0.0016 "-" 16 0
Jan 5 23:13:03 standalone proxy-server[123647]: - - 05/Jan/2026/23/13/03 HEAD /v1/AUTH_f49b1c397d4e44a6bc11d01090b61664/gnocchi.3e27fc82-76c6-4ca6-8a00-5b744aeba8dc%3Fformat%3Djson%26states%3Dlisting HTTP/1.0 204 - Swift - - - - txd729dfb4020c4c43924db-00695c457f - 0.0059 RL - 1767654783.236456394 1767654783.242331743 0
Jan 5 23:13:03 standalone container-server[121711]: 172.20.0.100 - - [05/Jan/2026:23:13:03 +0000] "GET /d1/925/AUTH_f49b1c397d4e44a6bc11d01090b61664/gnocchi.3e27fc82-76c6-4ca6-8a00-5b744aeba8dc" 200 2 "GET http://localhost:8080/v1/AUTH_f49b1c397d4e44a6bc11d01090b61664/gnocchi.3e27fc82-76c6-4ca6-8a00-5b744aeba8dc?format=json&states=listing" "txd729dfb4020c4c43924db-00695c457f" "proxy-server 12" 0.0022 "-" 16 0
Jan 5 23:13:03 standalone proxy-server[123647]: 172.18.0.2 ::1 05/Jan/2026/23/13/03 GET /v1/AUTH_f49b1c397d4e44a6bc11d01090b61664/gnocchi.3e27fc82-76c6-4ca6-8a00-5b744aeba8dc%3Fformat%3Djson%26states%3Dlisting HTTP/1.0 200 - python-swiftclient-3.11.1 gAAAAABpXEVBgbS0... - 2 - txd729dfb4020c4c43924db-00695c457f - 0.0171 - - 1767654783.234970570 1767654783.252114773 0
Jan 5 23:13:03 standalone object-server[121786]: 172.20.0.100 - - [05/Jan/2026:23:13:03 +0000] "GET /d1/953/AUTH_f49b1c397d4e44a6bc11d01090b61664/gnocchi.3e27fc82-76c6-4ca6-8a00-5b744aeba8dc/1766880000.0_mean_300.0_v3" 404 70 "GET http://localhost:8080/v1/AUTH_f49b1c397d4e44a6bc11d01090b61664/gnocchi.3e27fc82-76c6-4ca6-8a00-5b744aeba8dc/1766880000.0_mean_300.0_v3" "tx8408782843ac4dbb97717-00695c457f" "proxy-server 12" 0.0005 "-" 24 0
Jan 5 23:13:03 standalone proxy-server[123647]: 172.18.0.2 ::1 05/Jan/2026/23/13/03 GET /v1/AUTH_f49b1c397d4e44a6bc11d01090b61664/gnocchi.3e27fc82-76c6-4ca6-8a00-5b744aeba8dc/1766880000.0_mean_300.0_v3 HTTP/1.0 404 - python-swiftclient-3.11.1 gAAAAABpXEVBgbS0... - 70 - tx8408782843ac4dbb97717-00695c457f - 0.0073 - - 1767654783.255301952 1767654783.262552261 0
Jan 5 23:13:03 standalone object-server[121764]: Begin object update sweep
Jan 5 23:13:03 standalone container-server[121690]: 172.20.0.100 - - [05/Jan/2026:23:13:03 +0000] "PUT /d1/925/AUTH_f49b1c397d4e44a6bc11d01090b61664/gnocchi.3e27fc82-76c6-4ca6-8a00-5b744aeba8dc/1766880000.0_mean_300.0_v3" 201 - "PUT http://localhost:8080/d1/953/AUTH_f49b1c397d4e44a6bc11d01090b61664/gnocchi.3e27fc82-76c6-4ca6-8a00-5b744aeba8dc/1766880000.0_mean_300.0_v3" "tx6b3618367fcd481d974b7-00695c457f" "object-server 22" 0.0005 "-" 14 0
Jan 5 23:13:03 standalone object-server[121784]: 172.20.0.100 - - [05/Jan/2026:23:13:03 +0000] "PUT /d1/953/AUTH_f49b1c397d4e44a6bc11d01090b61664/gnocchi.3e27fc82-76c6-4ca6-8a00-5b744aeba8dc/1766880000.0_mean_300.0_v3" 201 - "PUT http://localhost:8080/v1/AUTH_f49b1c397d4e44a6bc11d01090b61664/gnocchi.3e27fc82-76c6-4ca6-8a00-5b744aeba8dc/1766880000.0_mean_300.0_v3" "tx6b3618367fcd481d974b7-00695c457f" "proxy-server 12" 0.0181 "-" 22 0
Jan 5 23:13:03 standalone proxy-server[123647]: 172.18.0.2 ::1 05/Jan/2026/23/13/03 PUT /v1/AUTH_f49b1c397d4e44a6bc11d01090b61664/gnocchi.3e27fc82-76c6-4ca6-8a00-5b744aeba8dc/1766880000.0_mean_300.0_v3 HTTP/1.0 201 - python-swiftclient-3.11.1 gAAAAABpXEVBgbS0... 16 - - tx6b3618367fcd481d974b7-00695c457f - 0.0243 - - 1767654783.265348196 1767654783.289639950 0
Jan 5 23:13:03 standalone object-server[212630]: Object update sweep starting on /srv/node/d1 (pid: 14)
Jan 5 23:13:03 standalone object-server[212630]: Object update sweep completed on /srv/node/d1 in 0.00s seconds:, 0 successes, 0 failures, 0 quarantines, 0 unlinks, 0 errors, 0 redirects (pid: 14)
Jan 5 23:13:03 standalone object-server[212630]: Object update sweep of d1 completed: 0.00s, 0 successes, 0 failures, 0 quarantines, 0 unlinks, 0 errors, 0 redirects
Jan 5 23:13:03 standalone container-server[121711]: 172.20.0.100 - - [05/Jan/2026:23:13:03 +0000] "PUT /d1/925/AUTH_f49b1c397d4e44a6bc11d01090b61664/gnocchi.3e27fc82-76c6-4ca6-8a00-5b744aeba8dc/none_v3" 201 - "PUT http://localhost:8080/d1/749/AUTH_f49b1c397d4e44a6bc11d01090b61664/gnocchi.3e27fc82-76c6-4ca6-8a00-5b744aeba8dc/none_v3" "tx679f333a02f64ea997697-00695c457f" "object-server 25" 0.0005 "-" 16 0
Jan 5 23:13:03 standalone object-server[121788]: 172.20.0.100 - - [05/Jan/2026:23:13:03 +0000] "PUT /d1/749/AUTH_f49b1c397d4e44a6bc11d01090b61664/gnocchi.3e27fc82-76c6-4ca6-8a00-5b744aeba8dc/none_v3" 201 - "PUT http://localhost:8080/v1/AUTH_f49b1c397d4e44a6bc11d01090b61664/gnocchi.3e27fc82-76c6-4ca6-8a00-5b744aeba8dc/none_v3" "tx679f333a02f64ea997697-00695c457f" "proxy-server 12" 0.0081 "-" 25 0
Jan 5 23:13:03 standalone proxy-server[123647]: 172.18.0.2 ::1 05/Jan/2026/23/13/03 PUT /v1/AUTH_f49b1c397d4e44a6bc11d01090b61664/gnocchi.3e27fc82-76c6-4ca6-8a00-5b744aeba8dc/none_v3 HTTP/1.0 201 - python-swiftclient-3.11.1 gAAAAABpXEVBgbS0... 22 - - tx679f333a02f64ea997697-00695c457f - 0.0148 - - 1767654783.292717218 1767654783.307546616 0
Jan 5 23:13:03 standalone container-server[121711]: 172.20.0.100 - - [05/Jan/2026:23:13:03 +0000] "HEAD /d1/651/AUTH_f49b1c397d4e44a6bc11d01090b61664/gnocchi.b7818b42-717f-478a-92b3-a41770e28ded" 404 - "HEAD http://localhost:8080/v1/AUTH_f49b1c397d4e44a6bc11d01090b61664/gnocchi.b7818b42-717f-478a-92b3-a41770e28ded?format=json&states=listing" "tx965c41ca55ee4759b359c-00695c457f" "proxy-server 12" 0.0003 "-" 16 0
Jan 5 23:13:03 standalone object-server[121785]: 172.20.0.100 - - [05/Jan/2026:23:13:03 +0000] "GET /d1/429/AUTH_f49b1c397d4e44a6bc11d01090b61664/gnocchi.b7818b42-717f-478a-92b3-a41770e28ded/none_v3" 404 70 "GET http://localhost:8080/v1/AUTH_f49b1c397d4e44a6bc11d01090b61664/gnocchi.b7818b42-717f-478a-92b3-a41770e28ded/none_v3" "tx965c41ca55ee4759b359c-00695c457f" "proxy-server 12" 0.0004 "-" 23 0
Jan 5 23:13:03 standalone proxy-server[123647]: 172.18.0.2 ::1 05/Jan/2026/23/13/03 GET /v1/AUTH_f49b1c397d4e44a6bc11d01090b61664/gnocchi.b7818b42-717f-478a-92b3-a41770e28ded/none_v3 HTTP/1.0 404 - python-swiftclient-3.11.1 gAAAAABpXEVBgbS0... - 70 - tx965c41ca55ee4759b359c-00695c457f - 0.0116 - - 1767654783.315597773 1767654783.327190876 0
Jan 5 23:13:03 standalone account-server[121597]: 172.20.0.100 - - [05/Jan/2026:23:13:03 +0000] "PUT /d1/19/AUTH_f49b1c397d4e44a6bc11d01090b61664/gnocchi.b7818b42-717f-478a-92b3-a41770e28ded" 201 - "PUT http://172.20.0.100:6001/d1/651/AUTH_f49b1c397d4e44a6bc11d01090b61664/gnocchi.b7818b42-717f-478a-92b3-a41770e28ded" "txbb1a8de6b97e4c338e183-00695c457f" "container-server 15" 0.0048 "-" 17 0
Jan 5 23:13:03 standalone container-server[121704]: 172.20.0.100 - - [05/Jan/2026:23:13:03 +0000] "PUT /d1/651/AUTH_f49b1c397d4e44a6bc11d01090b61664/gnocchi.b7818b42-717f-478a-92b3-a41770e28ded" 201 - "PUT http://localhost:8080/v1/AUTH_f49b1c397d4e44a6bc11d01090b61664/gnocchi.b7818b42-717f-478a-92b3-a41770e28ded" "txbb1a8de6b97e4c338e183-00695c457f" "proxy-server 12" 0.0127 "-" 15 0
Jan 5 23:13:03 standalone proxy-server[123647]: 172.18.0.2 ::1 05/Jan/2026/23/13/03 PUT /v1/AUTH_f49b1c397d4e44a6bc11d01090b61664/gnocchi.b7818b42-717f-478a-92b3-a41770e28ded HTTP/1.0 201 - python-swiftclient-3.11.1 gAAAAABpXEVBgbS0... - - - txbb1a8de6b97e4c338e183-00695c457f - 0.0192 - - 1767654783.329806805 1767654783.349013805 0
Jan 5 23:13:03 standalone object-server[121764]: Object update sweep completed: 0.07s
Jan 5 23:13:03 standalone container-server[121690]: 172.20.0.100 - - [05/Jan/2026:23:13:03 +0000] "HEAD /d1/651/AUTH_f49b1c397d4e44a6bc11d01090b61664/gnocchi.b7818b42-717f-478a-92b3-a41770e28ded" 204 - "HEAD http://localhost:8080/v1/AUTH_f49b1c397d4e44a6bc11d01090b61664/gnocchi.b7818b42-717f-478a-92b3-a41770e28ded?format=json&states=listing" "txc409330a2947453ea05a6-00695c457f" "proxy-server 12" 0.0024 "-" 14 0
Jan 5 23:13:03 standalone proxy-server[123647]: - - 05/Jan/2026/23/13/03 HEAD /v1/AUTH_f49b1c397d4e44a6bc11d01090b61664/gnocchi.b7818b42-717f-478a-92b3-a41770e28ded%3Fformat%3Djson%26states%3Dlisting HTTP/1.0 204 - Swift - - - - txc409330a2947453ea05a6-00695c457f - 0.0070 RL - 1767654783.355483532 1767654783.362473726 0
Jan 5 23:13:03 standalone container-server[121719]: 172.20.0.100 - - [05/Jan/2026:23:13:03 +0000] "GET /d1/651/AUTH_f49b1c397d4e44a6bc11d01090b61664/gnocchi.b7818b42-717f-478a-92b3-a41770e28ded" 200 2 "GET http://localhost:8080/v1/AUTH_f49b1c397d4e44a6bc11d01090b61664/gnocchi.b7818b42-717f-478a-92b3-a41770e28ded?format=json&states=listing" "txc409330a2947453ea05a6-00695c457f" "proxy-server 12" 0.0034 "-" 17 0
Jan 5 23:13:03 standalone proxy-server[123647]: 172.18.0.2 ::1 05/Jan/2026/23/13/03 GET /v1/AUTH_f49b1c397d4e44a6bc11d01090b61664/gnocchi.b7818b42-717f-478a-92b3-a41770e28ded%3Fformat%3Djson%26states%3Dlisting HTTP/1.0 200 - python-swiftclient-3.11.1 gAAAAABpXEVBgbS0... - 2 - txc409330a2947453ea05a6-00695c457f - 0.0199 - - 1767654783.354040384 1767654783.373942852 0
Jan 5 23:13:03 standalone object-server[121784]: 172.20.0.100 - - [05/Jan/2026:23:13:03 +0000] "GET /d1/857/AUTH_f49b1c397d4e44a6bc11d01090b61664/gnocchi.b7818b42-717f-478a-92b3-a41770e28ded/1766880000.0_mean_300.0_v3" 404 70 "GET http://localhost:8080/v1/AUTH_f49b1c397d4e44a6bc11d01090b61664/gnocchi.b7818b42-717f-478a-92b3-a41770e28ded/1766880000.0_mean_300.0_v3" "tx396303a68564470e8baf4-00695c457f" "proxy-server 12" 0.0004 "-" 22 0
Jan 5 23:13:03 standalone proxy-server[123647]: 172.18.0.2 ::1 05/Jan/2026/23/13/03 GET /v1/AUTH_f49b1c397d4e44a6bc11d01090b61664/gnocchi.b7818b42-717f-478a-92b3-a41770e28ded/1766880000.0_mean_300.0_v3 HTTP/1.0 404 - python-swiftclient-3.11.1 gAAAAABpXEVBgbS0... - 70 - tx396303a68564470e8baf4-00695c457f - 0.0064 - - 1767654783.379443407 1767654783.385842800 0
Jan 5 23:13:03 standalone container-server[121711]: 172.20.0.100 - - [05/Jan/2026:23:13:03 +0000] "PUT /d1/651/AUTH_f49b1c397d4e44a6bc11d01090b61664/gnocchi.b7818b42-717f-478a-92b3-a41770e28ded/1766880000.0_mean_300.0_v3" 201 - "PUT http://localhost:8080/d1/857/AUTH_f49b1c397d4e44a6bc11d01090b61664/gnocchi.b7818b42-717f-478a-92b3-a41770e28ded/1766880000.0_mean_300.0_v3" "tx6fd84612b33341aeadb70-00695c457f" "object-server 24" 0.0005 "-" 16 0
Jan 5 23:13:03 standalone object-server[121786]: 172.20.0.100 - - [05/Jan/2026:23:13:03 +0000] "PUT /d1/857/AUTH_f49b1c397d4e44a6bc11d01090b61664/gnocchi.b7818b42-717f-478a-92b3-a41770e28ded/1766880000.0_mean_300.0_v3" 201 - "PUT http://localhost:8080/v1/AUTH_f49b1c397d4e44a6bc11d01090b61664/gnocchi.b7818b42-717f-478a-92b3-a41770e28ded/1766880000.0_mean_300.0_v3" "tx6fd84612b33341aeadb70-00695c457f" "proxy-server 12" 0.0105 "-" 24 0
Jan 5 23:13:03 standalone proxy-server[123647]: 172.18.0.2 ::1 05/Jan/2026/23/13/03 PUT /v1/AUTH_f49b1c397d4e44a6bc11d01090b61664/gnocchi.b7818b42-717f-478a-92b3-a41770e28ded/1766880000.0_mean_300.0_v3 HTTP/1.0 201 - python-swiftclient-3.11.1 gAAAAABpXEVBgbS0... 16 - - tx6fd84612b33341aeadb70-00695c457f - 0.0179 - - 1767654783.390660048 1767654783.408568859 0
Jan 5 23:13:03 standalone container-server[121711]: 172.20.0.100 - - [05/Jan/2026:23:13:03 +0000] "PUT /d1/651/AUTH_f49b1c397d4e44a6bc11d01090b61664/gnocchi.b7818b42-717f-478a-92b3-a41770e28ded/none_v3" 201 - "PUT http://localhost:8080/d1/429/AUTH_f49b1c397d4e44a6bc11d01090b61664/gnocchi.b7818b42-717f-478a-92b3-a41770e28ded/none_v3" "txbb48e90721654339afa65-00695c457f" "object-server 23" 0.0003 "-" 16 0
Jan 5 23:13:03 standalone object-server[121785]: 172.20.0.100 - - [05/Jan/2026:23:13:03 +0000] "PUT /d1/429/AUTH_f49b1c397d4e44a6bc11d01090b61664/gnocchi.b7818b42-717f-478a-92b3-a41770e28ded/none_v3" 201 - "PUT http://localhost:8080/v1/AUTH_f49b1c397d4e44a6bc11d01090b61664/gnocchi.b7818b42-717f-478a-92b3-a41770e28ded/none_v3" "txbb48e90721654339afa65-00695c457f" "proxy-server 12" 0.0089 "-" 23 0
Jan 5 23:13:03 standalone proxy-server[123647]: 172.18.0.2 ::1 05/Jan/2026/23/13/03 PUT /v1/AUTH_f49b1c397d4e44a6bc11d01090b61664/gnocchi.b7818b42-717f-478a-92b3-a41770e28ded/none_v3 HTTP/1.0 201 - python-swiftclient-3.11.1 gAAAAABpXEVBgbS0... 22 - - txbb48e90721654339afa65-00695c457f - 0.0169 - - 1767654783.412586212 1767654783.429497957 0
Jan 5 23:13:07 standalone container-server[121719]: 172.20.0.100 - - [05/Jan/2026:23:13:07 +0000] "HEAD /d1/532/AUTH_f49b1c397d4e44a6bc11d01090b61664/gnocchi.e6c8ad2a-9552-4d27-b62a-d78081b822e3" 404 - "HEAD http://localhost:8080/v1/AUTH_f49b1c397d4e44a6bc11d01090b61664/gnocchi.e6c8ad2a-9552-4d27-b62a-d78081b822e3?format=json&states=listing" "tx629164ce7e114ebe85f9e-00695c4583" "proxy-server 12" 0.0007 "-" 17 0
Jan 5 23:13:07 standalone object-server[121784]: 172.20.0.100 - - [05/Jan/2026:23:13:07 +0000] "GET /d1/838/AUTH_f49b1c397d4e44a6bc11d01090b61664/gnocchi.e6c8ad2a-9552-4d27-b62a-d78081b822e3/none_v3" 404 70 "GET http://localhost:8080/v1/AUTH_f49b1c397d4e44a6bc11d01090b61664/gnocchi.e6c8ad2a-9552-4d27-b62a-d78081b822e3/none_v3" "tx629164ce7e114ebe85f9e-00695c4583" "proxy-server 12" 0.0004 "-" 22 0
Jan 5 23:13:07 standalone proxy-server[123647]: 172.18.0.2 ::1 05/Jan/2026/23/13/07 GET /v1/AUTH_f49b1c397d4e44a6bc11d01090b61664/gnocchi.e6c8ad2a-9552-4d27-b62a-d78081b822e3/none_v3 HTTP/1.0 404 - python-swiftclient-3.11.1 gAAAAABpXEVBgbS0... - 70 - tx629164ce7e114ebe85f9e-00695c4583 - 0.0168 - - 1767654787.156514883 1767654787.173364162 0
Jan 5 23:13:07 standalone account-server[121569]: 172.20.0.100 - - [05/Jan/2026:23:13:07 +0000] "PUT /d1/19/AUTH_f49b1c397d4e44a6bc11d01090b61664/gnocchi.e6c8ad2a-9552-4d27-b62a-d78081b822e3" 201 - "PUT http://172.20.0.100:6001/d1/532/AUTH_f49b1c397d4e44a6bc11d01090b61664/gnocchi.e6c8ad2a-9552-4d27-b62a-d78081b822e3" "tx8453cec7452e49f8ba17a-00695c4583" "container-server 17" 0.0050 "-" 14 0
Jan 5 23:13:07 standalone container-server[121719]: 172.20.0.100 - - [05/Jan/2026:23:13:07 +0000] "PUT /d1/532/AUTH_f49b1c397d4e44a6bc11d01090b61664/gnocchi.e6c8ad2a-9552-4d27-b62a-d78081b822e3" 201 - "PUT http://localhost:8080/v1/AUTH_f49b1c397d4e44a6bc11d01090b61664/gnocchi.e6c8ad2a-9552-4d27-b62a-d78081b822e3" "tx8453cec7452e49f8ba17a-00695c4583" "proxy-server 12" 0.0163 "-" 17 0
