Jan 5 23:15:24 standalone container-server[121719]: 172.20.0.100 - - [05/Jan/2026:23:15:24 +0000] "GET /d1/114/AUTH_f49b1c397d4e44a6bc11d01090b61664/gnocchi.00e45f9a-5542-4bda-8620-fcb096dd8565" 200 2 "GET http://localhost:8080/v1/AUTH_f49b1c397d4e44a6bc11d01090b61664/gnocchi.00e45f9a-5542-4bda-8620-fcb096dd8565?format=json&states=listing" "tx91b2822c61514d0192bc6-00695c460c" "proxy-server 12" 0.0035 "-" 17 0
Jan 5 23:15:24 standalone proxy-server[123647]: 172.18.0.2 ::1 05/Jan/2026/23/15/24 GET /v1/AUTH_f49b1c397d4e44a6bc11d01090b61664/gnocchi.00e45f9a-5542-4bda-8620-fcb096dd8565%3Fformat%3Djson%26states%3Dlisting HTTP/1.0 200 - python-swiftclient-3.11.1 gAAAAABpXEVBgbS0... - 2 - tx91b2822c61514d0192bc6-00695c460c - 0.0200 - - 1767654924.522351503 1767654924.542345762 0
Jan 5 23:15:24 standalone object-server[121784]: 172.20.0.100 - - [05/Jan/2026:23:15:24 +0000] "GET /d1/339/AUTH_f49b1c397d4e44a6bc11d01090b61664/gnocchi.00e45f9a-5542-4bda-8620-fcb096dd8565/1766880000.0_mean_300.0_v3" 404 70 "GET http://localhost:8080/v1/AUTH_f49b1c397d4e44a6bc11d01090b61664/gnocchi.00e45f9a-5542-4bda-8620-fcb096dd8565/1766880000.0_mean_300.0_v3" "tx8926704024ed4e3292dbc-00695c460c" "proxy-server 12" 0.0003 "-" 22 0
Jan 5 23:15:24 standalone proxy-server[123647]: 172.18.0.2 ::1 05/Jan/2026/23/15/24 GET /v1/AUTH_f49b1c397d4e44a6bc11d01090b61664/gnocchi.00e45f9a-5542-4bda-8620-fcb096dd8565/1766880000.0_mean_300.0_v3 HTTP/1.0 404 - python-swiftclient-3.11.1 gAAAAABpXEVBgbS0... - 70 - tx8926704024ed4e3292dbc-00695c460c - 0.0065 - - 1767654924.545893192 1767654924.552414656 0
Jan 5 23:15:24 standalone container-server[121711]: 172.20.0.100 - - [05/Jan/2026:23:15:24 +0000] "PUT /d1/114/AUTH_f49b1c397d4e44a6bc11d01090b61664/gnocchi.00e45f9a-5542-4bda-8620-fcb096dd8565/1766880000.0_mean_300.0_v3" 201 - "PUT http://localhost:8080/d1/339/AUTH_f49b1c397d4e44a6bc11d01090b61664/gnocchi.00e45f9a-5542-4bda-8620-fcb096dd8565/1766880000.0_mean_300.0_v3" "tx49554401f92e4d3face7b-00695c460c" "object-server 22" 0.0009 "-" 16 0
Jan 5 23:15:24 standalone object-server[121784]: 172.20.0.100 - - [05/Jan/2026:23:15:24 +0000] "PUT /d1/339/AUTH_f49b1c397d4e44a6bc11d01090b61664/gnocchi.00e45f9a-5542-4bda-8620-fcb096dd8565/1766880000.0_mean_300.0_v3" 201 - "PUT http://localhost:8080/v1/AUTH_f49b1c397d4e44a6bc11d01090b61664/gnocchi.00e45f9a-5542-4bda-8620-fcb096dd8565/1766880000.0_mean_300.0_v3" "tx49554401f92e4d3face7b-00695c460c" "proxy-server 12" 0.0101 "-" 22 0
Jan 5 23:15:24 standalone proxy-server[123647]: 172.18.0.2 ::1 05/Jan/2026/23/15/24 PUT /v1/AUTH_f49b1c397d4e44a6bc11d01090b61664/gnocchi.00e45f9a-5542-4bda-8620-fcb096dd8565/1766880000.0_mean_300.0_v3 HTTP/1.0 201 - python-swiftclient-3.11.1 gAAAAABpXEVBgbS0... 16 - - tx49554401f92e4d3face7b-00695c460c - 0.0162 - - 1767654924.556023121 1767654924.572188377 0
Jan 5 23:15:24 standalone container-server[121711]: 172.20.0.100 - - [05/Jan/2026:23:15:24 +0000] "PUT /d1/114/AUTH_f49b1c397d4e44a6bc11d01090b61664/gnocchi.00e45f9a-5542-4bda-8620-fcb096dd8565/none_v3" 201 - "PUT http://localhost:8080/d1/833/AUTH_f49b1c397d4e44a6bc11d01090b61664/gnocchi.00e45f9a-5542-4bda-8620-fcb096dd8565/none_v3" "txc0f193a16681422885259-00695c460c" "object-server 23" 0.0006 "-" 16 0
Jan 5 23:15:24 standalone object-server[121785]: 172.20.0.100 - - [05/Jan/2026:23:15:24 +0000] "PUT /d1/833/AUTH_f49b1c397d4e44a6bc11d01090b61664/gnocchi.00e45f9a-5542-4bda-8620-fcb096dd8565/none_v3" 201 - "PUT http://localhost:8080/v1/AUTH_f49b1c397d4e44a6bc11d01090b61664/gnocchi.00e45f9a-5542-4bda-8620-fcb096dd8565/none_v3" "txc0f193a16681422885259-00695c460c" "proxy-server 12" 0.0085 "-" 23 0
Jan 5 23:15:24 standalone proxy-server[123647]: 172.18.0.2 ::1 05/Jan/2026/23/15/24 PUT /v1/AUTH_f49b1c397d4e44a6bc11d01090b61664/gnocchi.00e45f9a-5542-4bda-8620-fcb096dd8565/none_v3 HTTP/1.0 201 - python-swiftclient-3.11.1 gAAAAABpXEVBgbS0... 22 - - txc0f193a16681422885259-00695c460c - 0.0151 - - 1767654924.575198889 1767654924.590292215 0
Jan 5 23:15:24 standalone container-server[121711]: 172.20.0.100 - - [05/Jan/2026:23:15:24 +0000] "HEAD /d1/756/AUTH_f49b1c397d4e44a6bc11d01090b61664/gnocchi.406a5fe2-c6b1-4a9f-aef3-39999c5d112f" 404 - "HEAD http://localhost:8080/v1/AUTH_f49b1c397d4e44a6bc11d01090b61664/gnocchi.406a5fe2-c6b1-4a9f-aef3-39999c5d112f?format=json&states=listing" "tx4d261ebee528498c930b9-00695c460c" "proxy-server 12" 0.0004 "-" 16 0
Jan 5 23:15:24 standalone object-server[121788]: 172.20.0.100 - - [05/Jan/2026:23:15:24 +0000] "GET /d1/530/AUTH_f49b1c397d4e44a6bc11d01090b61664/gnocchi.406a5fe2-c6b1-4a9f-aef3-39999c5d112f/none_v3" 404 70 "GET http://localhost:8080/v1/AUTH_f49b1c397d4e44a6bc11d01090b61664/gnocchi.406a5fe2-c6b1-4a9f-aef3-39999c5d112f/none_v3" "tx4d261ebee528498c930b9-00695c460c" "proxy-server 12" 0.0006 "-" 25 0
Jan 5 23:15:24 standalone proxy-server[123647]: 172.18.0.2 ::1 05/Jan/2026/23/15/24 GET /v1/AUTH_f49b1c397d4e44a6bc11d01090b61664/gnocchi.406a5fe2-c6b1-4a9f-aef3-39999c5d112f/none_v3 HTTP/1.0 404 - python-swiftclient-3.11.1 gAAAAABpXEVBgbS0... - 70 - tx4d261ebee528498c930b9-00695c460c - 0.0143 - - 1767654924.600056410 1767654924.614332199 0
Jan 5 23:15:24 standalone account-server[121569]: 172.20.0.100 - - [05/Jan/2026:23:15:24 +0000] "PUT /d1/19/AUTH_f49b1c397d4e44a6bc11d01090b61664/gnocchi.406a5fe2-c6b1-4a9f-aef3-39999c5d112f" 201 - "PUT http://172.20.0.100:6001/d1/756/AUTH_f49b1c397d4e44a6bc11d01090b61664/gnocchi.406a5fe2-c6b1-4a9f-aef3-39999c5d112f" "txcc780a9191dc42e886d25-00695c460c" "container-server 17" 0.0060 "-" 14 0
Jan 5 23:15:24 standalone container-server[121719]: 172.20.0.100 - - [05/Jan/2026:23:15:24 +0000] "PUT /d1/756/AUTH_f49b1c397d4e44a6bc11d01090b61664/gnocchi.406a5fe2-c6b1-4a9f-aef3-39999c5d112f" 201 - "PUT http://localhost:8080/v1/AUTH_f49b1c397d4e44a6bc11d01090b61664/gnocchi.406a5fe2-c6b1-4a9f-aef3-39999c5d112f" "txcc780a9191dc42e886d25-00695c460c" "proxy-server 12" 0.0208 "-" 17 0
Jan 5 23:15:24 standalone proxy-server[123647]: 172.18.0.2 ::1 05/Jan/2026/23/15/24 PUT /v1/AUTH_f49b1c397d4e44a6bc11d01090b61664/gnocchi.406a5fe2-c6b1-4a9f-aef3-39999c5d112f HTTP/1.0 201 - python-swiftclient-3.11.1 gAAAAABpXEVBgbS0... - - - txcc780a9191dc42e886d25-00695c460c - 0.0294 - - 1767654924.617489100 1767654924.646869898 0
Jan 5 23:15:24 standalone container-server[121704]: 172.20.0.100 - - [05/Jan/2026:23:15:24 +0000] "HEAD /d1/756/AUTH_f49b1c397d4e44a6bc11d01090b61664/gnocchi.406a5fe2-c6b1-4a9f-aef3-39999c5d112f" 204 - "HEAD http://localhost:8080/v1/AUTH_f49b1c397d4e44a6bc11d01090b61664/gnocchi.406a5fe2-c6b1-4a9f-aef3-39999c5d112f?format=json&states=listing" "tx6db73c0022364b5894726-00695c460c" "proxy-server 12" 0.0016 "-" 15 0
Jan 5 23:15:24 standalone proxy-server[123647]: - - 05/Jan/2026/23/15/24 HEAD /v1/AUTH_f49b1c397d4e44a6bc11d01090b61664/gnocchi.406a5fe2-c6b1-4a9f-aef3-39999c5d112f%3Fformat%3Djson%26states%3Dlisting HTTP/1.0 204 - Swift - - - - tx6db73c0022364b5894726-00695c460c - 0.0066 RL - 1767654924.652238369 1767654924.658888102 0
Jan 5 23:15:24 standalone container-server[121711]: 172.20.0.100 - - [05/Jan/2026:23:15:24 +0000] "GET /d1/756/AUTH_f49b1c397d4e44a6bc11d01090b61664/gnocchi.406a5fe2-c6b1-4a9f-aef3-39999c5d112f" 200 2 "GET http://localhost:8080/v1/AUTH_f49b1c397d4e44a6bc11d01090b61664/gnocchi.406a5fe2-c6b1-4a9f-aef3-39999c5d112f?format=json&states=listing" "tx6db73c0022364b5894726-00695c460c" "proxy-server 12" 0.0023 "-" 16 0
Jan 5 23:15:24 standalone proxy-server[123647]: 172.18.0.2 ::1 05/Jan/2026/23/15/24 GET /v1/AUTH_f49b1c397d4e44a6bc11d01090b61664/gnocchi.406a5fe2-c6b1-4a9f-aef3-39999c5d112f%3Fformat%3Djson%26states%3Dlisting HTTP/1.0 200 - python-swiftclient-3.11.1 gAAAAABpXEVBgbS0... - 2 - tx6db73c0022364b5894726-00695c460c - 0.0203 - - 1767654924.650542498 1767654924.670810938 0
Jan 5 23:15:24 standalone object-server[121786]: 172.20.0.100 - - [05/Jan/2026:23:15:24 +0000] "GET /d1/255/AUTH_f49b1c397d4e44a6bc11d01090b61664/gnocchi.406a5fe2-c6b1-4a9f-aef3-39999c5d112f/1766880000.0_mean_300.0_v3" 404 70 "GET http://localhost:8080/v1/AUTH_f49b1c397d4e44a6bc11d01090b61664/gnocchi.406a5fe2-c6b1-4a9f-aef3-39999c5d112f/1766880000.0_mean_300.0_v3" "txcf141a392d2745c580e4a-00695c460c" "proxy-server 12" 0.0004 "-" 24 0
Jan 5 23:15:24 standalone proxy-server[123647]: 172.18.0.2 ::1 05/Jan/2026/23/15/24 GET /v1/AUTH_f49b1c397d4e44a6bc11d01090b61664/gnocchi.406a5fe2-c6b1-4a9f-aef3-39999c5d112f/1766880000.0_mean_300.0_v3 HTTP/1.0 404 - python-swiftclient-3.11.1 gAAAAABpXEVBgbS0... - 70 - txcf141a392d2745c580e4a-00695c460c - 0.0089 - - 1767654924.675025225 1767654924.683969736 0
Jan 5 23:15:24 standalone container-server[121690]: 172.20.0.100 - - [05/Jan/2026:23:15:24 +0000] "PUT /d1/756/AUTH_f49b1c397d4e44a6bc11d01090b61664/gnocchi.406a5fe2-c6b1-4a9f-aef3-39999c5d112f/1766880000.0_mean_300.0_v3" 201 - "PUT http://localhost:8080/d1/255/AUTH_f49b1c397d4e44a6bc11d01090b61664/gnocchi.406a5fe2-c6b1-4a9f-aef3-39999c5d112f/1766880000.0_mean_300.0_v3" "tx53d7d71a23aa4873b3823-00695c460c" "object-server 24" 0.0006 "-" 14 0
Jan 5 23:15:24 standalone object-server[121786]: 172.20.0.100 - - [05/Jan/2026:23:15:24 +0000] "PUT /d1/255/AUTH_f49b1c397d4e44a6bc11d01090b61664/gnocchi.406a5fe2-c6b1-4a9f-aef3-39999c5d112f/1766880000.0_mean_300.0_v3" 201 - "PUT http://localhost:8080/v1/AUTH_f49b1c397d4e44a6bc11d01090b61664/gnocchi.406a5fe2-c6b1-4a9f-aef3-39999c5d112f/1766880000.0_mean_300.0_v3" "tx53d7d71a23aa4873b3823-00695c460c" "proxy-server 12" 0.0139 "-" 24 0
Jan 5 23:15:24 standalone proxy-server[123647]: 172.18.0.2 ::1 05/Jan/2026/23/15/24 PUT /v1/AUTH_f49b1c397d4e44a6bc11d01090b61664/gnocchi.406a5fe2-c6b1-4a9f-aef3-39999c5d112f/1766880000.0_mean_300.0_v3 HTTP/1.0 201 - python-swiftclient-3.11.1 gAAAAABpXEVBgbS0... 16 - - tx53d7d71a23aa4873b3823-00695c460c - 0.0230 - - 1767654924.687181473 1767654924.710131645 0
Jan 5 23:15:24 standalone container-server[121711]: 172.20.0.100 - - [05/Jan/2026:23:15:24 +0000] "PUT /d1/756/AUTH_f49b1c397d4e44a6bc11d01090b61664/gnocchi.406a5fe2-c6b1-4a9f-aef3-39999c5d112f/none_v3" 201 - "PUT http://localhost:8080/d1/530/AUTH_f49b1c397d4e44a6bc11d01090b61664/gnocchi.406a5fe2-c6b1-4a9f-aef3-39999c5d112f/none_v3" "tx9acbddfb633a4488938bd-00695c460c" "object-server 25" 0.0009 "-" 16 0
Jan 5 23:15:24 standalone object-server[121788]: 172.20.0.100 - - [05/Jan/2026:23:15:24 +0000] "PUT /d1/530/AUTH_f49b1c397d4e44a6bc11d01090b61664/gnocchi.406a5fe2-c6b1-4a9f-aef3-39999c5d112f/none_v3" 201 - "PUT http://localhost:8080/v1/AUTH_f49b1c397d4e44a6bc11d01090b61664/gnocchi.406a5fe2-c6b1-4a9f-aef3-39999c5d112f/none_v3" "tx9acbddfb633a4488938bd-00695c460c" "proxy-server 12" 0.0127 "-" 25 0
Jan 5 23:15:24 standalone proxy-server[123647]: 172.18.0.2 ::1 05/Jan/2026/23/15/24 PUT /v1/AUTH_f49b1c397d4e44a6bc11d01090b61664/gnocchi.406a5fe2-c6b1-4a9f-aef3-39999c5d112f/none_v3 HTTP/1.0 201 - python-swiftclient-3.11.1 gAAAAABpXEVBgbS0... 22 - - tx9acbddfb633a4488938bd-00695c460c - 0.0213 - - 1767654924.713734865 1767654924.735037088 0
Jan 5 23:15:24 standalone container-server[121711]: 172.20.0.100 - - [05/Jan/2026:23:15:24 +0000] "HEAD /d1/361/AUTH_f49b1c397d4e44a6bc11d01090b61664/gnocchi.39a555cc-2777-4f97-9ff0-cfad16149d86" 404 - "HEAD http://localhost:8080/v1/AUTH_f49b1c397d4e44a6bc11d01090b61664/gnocchi.39a555cc-2777-4f97-9ff0-cfad16149d86?format=json&states=listing" "txfdf34427a8b04fd0907a7-00695c460c" "proxy-server 12" 0.0007 "-" 16 0
Jan 5 23:15:24 standalone object-server[121786]: 172.20.0.100 - - [05/Jan/2026:23:15:24 +0000] "GET /d1/972/AUTH_f49b1c397d4e44a6bc11d01090b61664/gnocchi.39a555cc-2777-4f97-9ff0-cfad16149d86/none_v3" 404 70 "GET http://localhost:8080/v1/AUTH_f49b1c397d4e44a6bc11d01090b61664/gnocchi.39a555cc-2777-4f97-9ff0-cfad16149d86/none_v3" "txfdf34427a8b04fd0907a7-00695c460c" "proxy-server 12" 0.0004 "-" 24 0
Jan 5 23:15:24 standalone proxy-server[123647]: 172.18.0.2 ::1 05/Jan/2026/23/15/24 GET /v1/AUTH_f49b1c397d4e44a6bc11d01090b61664/gnocchi.39a555cc-2777-4f97-9ff0-cfad16149d86/none_v3 HTTP/1.0 404 - python-swiftclient-3.11.1 gAAAAABpXEVBgbS0... - 70 - txfdf34427a8b04fd0907a7-00695c460c - 0.0133 - - 1767654924.745178461 1767654924.758524895 0
Jan 5 23:15:24 standalone account-server[121593]: 172.20.0.100 - - [05/Jan/2026:23:15:24 +0000] "PUT /d1/19/AUTH_f49b1c397d4e44a6bc11d01090b61664/gnocchi.39a555cc-2777-4f97-9ff0-cfad16149d86" 201 - "PUT http://172.20.0.100:6001/d1/361/AUTH_f49b1c397d4e44a6bc11d01090b61664/gnocchi.39a555cc-2777-4f97-9ff0-cfad16149d86" "tx0763d025fd9f4397a1963-00695c460c" "container-server 17" 0.0046 "-" 15 0
Jan 5 23:15:24 standalone container-server[121719]: 172.20.0.100 - - [05/Jan/2026:23:15:24 +0000] "PUT /d1/361/AUTH_f49b1c397d4e44a6bc11d01090b61664/gnocchi.39a555cc-2777-4f97-9ff0-cfad16149d86" 201 - "PUT http://localhost:8080/v1/AUTH_f49b1c397d4e44a6bc11d01090b61664/gnocchi.39a555cc-2777-4f97-9ff0-cfad16149d86" "tx0763d025fd9f4397a1963-00695c460c" "proxy-server 12" 0.0179 "-" 17 0
Jan 5 23:15:24 standalone proxy-server[123647]: 172.18.0.2 ::1 05/Jan/2026/23/15/24 PUT /v1/AUTH_f49b1c397d4e44a6bc11d01090b61664/gnocchi.39a555cc-2777-4f97-9ff0-cfad16149d86 HTTP/1.0 201 - python-swiftclient-3.11.1 gAAAAABpXEVBgbS0... - - - tx0763d025fd9f4397a1963-00695c460c - 0.0273 - - 1767654924.762309551 1767654924.789648533 0
Jan 5 23:15:24 standalone container-server[121719]: 172.20.0.100 - - [05/Jan/2026:23:15:24 +0000] "HEAD /d1/361/AUTH_f49b1c397d4e44a6bc11d01090b61664/gnocchi.39a555cc-2777-4f97-9ff0-cfad16149d86" 204 - "HEAD http://localhost:8080/v1/AUTH_f49b1c397d4e44a6bc11d01090b61664/gnocchi.39a555cc-2777-4f97-9ff0-cfad16149d86?format=json&states=listing" "tx8be3d913f0314f2fbb2af-00695c460c" "proxy-server 12" 0.0021 "-" 17 0
Jan 5 23:15:24 standalone proxy-server[123647]: - - 05/Jan/2026/23/15/24 HEAD /v1/AUTH_f49b1c397d4e44a6bc11d01090b61664/gnocchi.39a555cc-2777-4f97-9ff0-cfad16149d86%3Fformat%3Djson%26states%3Dlisting HTTP/1.0 204 - Swift - - - - tx8be3d913f0314f2fbb2af-00695c460c - 0.0072 RL - 1767654924.795348406 1767654924.802522182 0
Jan 5 23:15:24 standalone container-server[121711]: 172.20.0.100 - - [05/Jan/2026:23:15:24 +0000] "GET /d1/361/AUTH_f49b1c397d4e44a6bc11d01090b61664/gnocchi.39a555cc-2777-4f97-9ff0-cfad16149d86" 200 2 "GET http://localhost:8080/v1/AUTH_f49b1c397d4e44a6bc11d01090b61664/gnocchi.39a555cc-2777-4f97-9ff0-cfad16149d86?format=json&states=listing" "tx8be3d913f0314f2fbb2af-00695c460c" "proxy-server 12" 0.0019 "-" 16 0
Jan 5 23:15:24 standalone proxy-server[123647]: 172.18.0.2 ::1 05/Jan/2026/23/15/24 GET /v1/AUTH_f49b1c397d4e44a6bc11d01090b61664/gnocchi.39a555cc-2777-4f97-9ff0-cfad16149d86%3Fformat%3Djson%26states%3Dlisting HTTP/1.0 200 - python-swiftclient-3.11.1 gAAAAABpXEVBgbS0... - 2 - tx8be3d913f0314f2fbb2af-00695c460c - 0.0205 - - 1767654924.793608665 1767654924.814087152 0
Jan 5 23:15:24 standalone object-server[121788]: 172.20.0.100 - - [05/Jan/2026:23:15:24 +0000] "GET /d1/36/AUTH_f49b1c397d4e44a6bc11d01090b61664/gnocchi.39a555cc-2777-4f97-9ff0-cfad16149d86/1766880000.0_mean_300.0_v3" 404 70 "GET http://localhost:8080/v1/AUTH_f49b1c397d4e44a6bc11d01090b61664/gnocchi.39a555cc-2777-4f97-9ff0-cfad16149d86/1766880000.0_mean_300.0_v3" "txc5ef62d0c2d947d58c9cb-00695c460c" "proxy-server 12" 0.0003 "-" 25 0
Jan 5 23:15:24 standalone proxy-server[123647]: 172.18.0.2 ::1 05/Jan/2026/23/15/24 GET /v1/AUTH_f49b1c397d4e44a6bc11d01090b61664/gnocchi.39a555cc-2777-4f97-9ff0-cfad16149d86/1766880000.0_mean_300.0_v3 HTTP/1.0 404 - python-swiftclient-3.11.1 gAAAAABpXEVBgbS0... - 70 - txc5ef62d0c2d947d58c9cb-00695c460c - 0.0203 - - 1767654924.820114374 1767654924.840412617 0
Jan 5 23:15:24 standalone container-server[121704]: 172.20.0.100 - - [05/Jan/2026:23:15:24 +0000] "PUT /d1/361/AUTH_f49b1c397d4e44a6bc11d01090b61664/gnocchi.39a555cc-2777-4f97-9ff0-cfad16149d86/1766880000.0_mean_300.0_v3" 201 - "PUT http://localhost:8080/d1/36/AUTH_f49b1c397d4e44a6bc11d01090b61664/gnocchi.39a555cc-2777-4f97-9ff0-cfad16149d86/1766880000.0_mean_300.0_v3" "tx4ce4607a076148c4865d8-00695c460c" "object-server 25" 0.0009 "-" 15 0
Jan 5 23:15:24 standalone object-server[121788]: 172.20.0.100 - - [05/Jan/2026:23:15:24 +0000] "PUT /d1/36/AUTH_f49b1c397d4e44a6bc11d01090b61664/gnocchi.39a555cc-2777-4f97-9ff0-cfad16149d86/1766880000.0_mean_300.0_v3" 201 - "PUT http://localhost:8080/v1/AUTH_f49b1c397d4e44a6bc11d01090b61664/gnocchi.39a555cc-2777-4f97-9ff0-cfad16149d86/1766880000.0_mean_300.0_v3" "tx4ce4607a076148c4865d8-00695c460c" "proxy-server 12" 0.0091 "-" 25 0
Jan 5 23:15:24 standalone proxy-server[123647]: 172.18.0.2 ::1 05/Jan/2026/23/15/24 PUT /v1/AUTH_f49b1c397d4e44a6bc11d01090b61664/gnocchi.39a555cc-2777-4f97-9ff0-cfad16149d86/1766880000.0_mean_300.0_v3 HTTP/1.0 201 - python-swiftclient-3.11.1 gAAAAABpXEVBgbS0... 16 - - tx4ce4607a076148c4865d8-00695c460c - 0.0165 - - 1767654924.845647573 1767654924.862156391 0
Jan 5 23:15:24 standalone container-server[121711]: 172.20.0.100 - - [05/Jan/2026:23:15:24 +0000] "PUT /d1/361/AUTH_f49b1c397d4e44a6bc11d01090b61664/gnocchi.39a555cc-2777-4f97-9ff0-cfad16149d86/none_v3" 201 - "PUT http://localhost:8080/d1/972/AUTH_f49b1c397d4e44a6bc11d01090b61664/gnocchi.39a555cc-2777-4f97-9ff0-cfad16149d86/none_v3" "tx891b9c7a6a7c425faa8fb-00695c460c" "object-server 22" 0.0005 "-" 16 0
Jan 5 23:15:24 standalone object-server[121784]: 172.20.0.100 - - [05/Jan/2026:23:15:24 +0000] "PUT /d1/972/AUTH_f49b1c397d4e44a6bc11d01090b61664/gnocchi.39a555cc-2777-4f97-9ff0-cfad16149d86/none_v3" 201 - "PUT http://localhost:8080/v1/AUTH_f49b1c397d4e44a6bc11d01090b61664/gnocchi.39a555cc-2777-4f97-9ff0-cfad16149d86/none_v3" "tx891b9c7a6a7c425faa8fb-00695c460c" "proxy-server 12" 0.0127 "-" 22 0
Jan 5 23:15:24 standalone proxy-server[123647]: 172.18.0.2 ::1 05/Jan/2026/23/15/24 PUT /v1/AUTH_f49b1c397d4e44a6bc11d01090b61664/gnocchi.39a555cc-2777-4f97-9ff0-cfad16149d86/none_v3 HTTP/1.0 201 - python-swiftclient-3.11.1 gAAAAABpXEVBgbS0... 22 - - tx891b9c7a6a7c425faa8fb-00695c460c - 0.0234 - - 1767654924.866931915 1767654924.890328407 0
Jan 5 23:15:24 standalone container-server[121719]: 172.20.0.100 - - [05/Jan/2026:23:15:24 +0000] "HEAD /d1/421/AUTH_f49b1c397d4e44a6bc11d01090b61664/gnocchi.6f13f933-fddf-4928-af6e-4fc2d1fa66a1" 404 - "HEAD http://localhost:8080/v1/AUTH_f49b1c397d4e44a6bc11d01090b61664/gnocchi.6f13f933-fddf-4928-af6e-4fc2d1fa66a1?format=json&states=listing" "txe5bf16c14d96437f8ae1e-00695c460c" "proxy-server 12" 0.0006 "-" 17 0
Jan 5 23:15:24 standalone object-server[121784]: 172.20.0.100 - - [05/Jan/2026:23:15:24 +0000] "GET /d1/368/AUTH_f49b1c397d4e44a6bc11d01090b61664/gnocchi.6f13f933-fddf-4928-af6e-4fc2d1fa66a1/none_v3" 404 70 "GET http://localhost:8080/v1/AUTH_f49b1c397d4e44a6bc11d01090b61664/gnocchi.6f13f933-fddf-4928-af6e-4fc2d1fa66a1/none_v3" "txe5bf16c14d96437f8ae1e-00695c460c" "proxy-server 12" 0.0004 "-" 22 0
Jan 5 23:15:24 standalone proxy-server[123647]: 172.18.0.2 ::1 05/Jan/2026/23/15/24 GET /v1/AUTH_f49b1c397d4e44a6bc11d01090b61664/gnocchi.6f13f933-fddf-4928-af6e-4fc2d1fa66a1/none_v3 HTTP/1.0 404 - python-swiftclient-3.11.1 gAAAAABpXEVBgbS0... - 70 - txe5bf16c14d96437f8ae1e-00695c460c - 0.0132 - - 1767654924.905487299 1767654924.918723106 0
Jan 5 23:15:24 standalone account-server[121593]: 172.20.0.100 - - [05/Jan/2026:23:15:24 +0000] "PUT /d1/19/AUTH_f49b1c397d4e44a6bc11d01090b61664/gnocchi.6f13f933-fddf-4928-af6e-4fc2d1fa66a1" 201 - "PUT http://172.20.0.100:6001/d1/421/AUTH_f49b1c397d4e44a6bc11d01090b61664/gnocchi.6f13f933-fddf-4928-af6e-4fc2d1fa66a1" "txff26cdc276c24aaaa5f51-00695c460c" "container-server 17" 0.0050 "-" 15 0
Jan 5 23:15:24 standalone container-server[121719]: 172.20.0.100 - - [05/Jan/2026:23:15:24 +0000] "PUT /d1/421/AUTH_f49b1c397d4e44a6bc11d01090b61664/gnocchi.6f13f933-fddf-4928-af6e-4fc2d1fa66a1" 201 - "PUT http://localhost:8080/v1/AUTH_f49b1c397d4e44a6bc11d01090b61664/gnocchi.6f13f933-fddf-4928-af6e-4fc2d1fa66a1" "txff26cdc276c24aaaa5f51-00695c460c" "proxy-server 12" 0.0176 "-" 17 0
Jan 5 23:15:24 standalone proxy-server[123647]: 172.18.0.2 ::1 05/Jan/2026/23/15/24 PUT /v1/AUTH_f49b1c397d4e44a6bc11d01090b61664/gnocchi.6f13f933-fddf-4928-af6e-4fc2d1fa66a1 HTTP/1.0 201 - python-swiftclient-3.11.1 gAAAAABpXEVBgbS0... - - - txff26cdc276c24aaaa5f51-00695c460c - 0.0240 - - 1767654924.923118591 1767654924.947120667 0
Jan 5 23:15:24 standalone container-server[121690]: 172.20.0.100 - - [05/Jan/2026:23:15:24 +0000] "HEAD /d1/421/AUTH_f49b1c397d4e44a6bc11d01090b61664/gnocchi.6f13f933-fddf-4928-af6e-4fc2d1fa66a1" 204 - "HEAD http://localhost:8080/v1/AUTH_f49b1c397d4e44a6bc11d01090b61664/gnocchi.6f13f933-fddf-4928-af6e-4fc2d1fa66a1?format=json&states=listing" "tx2b26fc4f74e74bcf806ea-00695c460c" "proxy-server 12" 0.0014 "-" 14 0
Jan 5 23:15:24 standalone proxy-server[123647]: - - 05/Jan/2026/23/15/24 HEAD /v1/AUTH_f49b1c397d4e44a6bc11d01090b61664/gnocchi.6f13f933-fddf-4928-af6e-4fc2d1fa66a1%3Fformat%3Djson%26states%3Dlisting HTTP/1.0 204 - Swift - - - - tx2b26fc4f74e74bcf806ea-00695c460c - 0.0061 RL - 1767654924.954459429 1767654924.960520506 0
Jan 5 23:15:24 standalone container-server[121711]: 172.20.0.100 - - [05/Jan/2026:23:15:24 +0000] "GET /d1/421/AUTH_f49b1c397d4e44a6bc11d01090b61664/gnocchi.6f13f933-fddf-4928-af6e-4fc2d1fa66a1" 200 2 "GET http://localhost:8080/v1/AUTH_f49b1c397d4e44a6bc11d01090b61664/gnocchi.6f13f933-fddf-4928-af6e-4fc2d1fa66a1?format=json&states=listing" "tx2b26fc4f74e74bcf806ea-00695c460c" "proxy-server 12" 0.0024 "-" 16 0
Jan 5 23:15:24 standalone proxy-server[123647]: 172.18.0.2 ::1 05/Jan/2026/23/15/24 GET /v1/AUTH_f49b1c397d4e44a6bc11d01090b61664/gnocchi.6f13f933-fddf-4928-af6e-4fc2d1fa66a1%3Fformat%3Djson%26states%3Dlisting HTTP/1.0 200 - python-swiftclient-3.11.1 gAAAAABpXEVBgbS0... - 2 - tx2b26fc4f74e74bcf806ea-00695c460c - 0.0196 - - 1767654924.952581882 1767654924.972161055 0
Jan 5 23:15:24 standalone object-server[121784]: 172.20.0.100 - - [05/Jan/2026:23:15:24 +0000] "GET /d1/289/AUTH_f49b1c397d4e44a6bc11d01090b61664/gnocchi.6f13f933-fddf-4928-af6e-4fc2d1fa66a1/1766880000.0_mean_300.0_v3" 404 70 "GET http://localhost:8080/v1/AUTH_f49b1c397d4e44a6bc11d01090b61664/gnocchi.6f13f933-fddf-4928-af6e-4fc2d1fa66a1/1766880000.0_mean_300.0_v3" "tx143c8ab66c4240d4b059a-00695c460c" "proxy-server 12" 0.0004 "-" 22 0
Jan 5 23:15:24 standalone proxy-server[123647]: 172.18.0.2 ::1 05/Jan/2026/23/15/24 GET /v1/AUTH_f49b1c397d4e44a6bc11d01090b61664/gnocchi.6f13f933-fddf-4928-af6e-4fc2d1fa66a1/1766880000.0_mean_300.0_v3 HTTP/1.0 404 - python-swiftclient-3.11.1 gAAAAABpXEVBgbS0... - 70 - tx143c8ab66c4240d4b059a-00695c460c - 0.0086 - - 1767654924.978292704 1767654924.986876488 0
Jan 5 23:15:25 standalone container-server[121719]: 172.20.0.100 - - [05/Jan/2026:23:15:25 +0000] "PUT /d1/421/AUTH_f49b1c397d4e44a6bc11d01090b61664/gnocchi.6f13f933-fddf-4928-af6e-4fc2d1fa66a1/1766880000.0_mean_300.0_v3" 201 - "PUT http://localhost:8080/d1/289/AUTH_f49b1c397d4e44a6bc11d01090b61664/gnocchi.6f13f933-fddf-4928-af6e-4fc2d1fa66a1/1766880000.0_mean_300.0_v3" "tx745b45065ab74da5b2771-00695c460c" "object-server 22" 0.0006 "-" 17 0
Jan 5 23:15:25 standalone object-server[121784]: 172.20.0.100 - - [05/Jan/2026:23:15:25 +0000] "PUT /d1/289/AUTH_f49b1c397d4e44a6bc11d01090b61664/gnocchi.6f13f933-fddf-4928-af6e-4fc2d1fa66a1/1766880000.0_mean_300.0_v3" 201 - "PUT http://localhost:8080/v1/AUTH_f49b1c397d4e44a6bc11d01090b61664/gnocchi.6f13f933-fddf-4928-af6e-4fc2d1fa66a1/1766880000.0_mean_300.0_v3" "tx745b45065ab74da5b2771-00695c460c" "proxy-server 12" 0.0097 "-" 22 0
Jan 5 23:15:25 standalone proxy-server[123647]: 172.18.0.2 ::1 05/Jan/2026/23/15/25 PUT /v1/AUTH_f49b1c397d4e44a6bc11d01090b61664/gnocchi.6f13f933-fddf-4928-af6e-4fc2d1fa66a1/1766880000.0_mean_300.0_v3 HTTP/1.0 201 - python-swiftclient-3.11.1 gAAAAABpXEVBgbS0... 16 - - tx745b45065ab74da5b2771-00695c460c - 0.0173 - - 1767654924.991945744 1767654925.009291887 0
Jan 5 23:15:25 standalone container-server[121711]: 172.20.0.100 - - [05/Jan/2026:23:15:25 +0000] "PUT /d1/421/AUTH_f49b1c397d4e44a6bc11d01090b61664/gnocchi.6f13f933-fddf-4928-af6e-4fc2d1fa66a1/none_v3" 201 - "PUT http://localhost:8080/d1/368/AUTH_f49b1c397d4e44a6bc11d01090b61664/gnocchi.6f13f933-fddf-4928-af6e-4fc2d1fa66a1/none_v3" "tx71c3773bc35b488b90989-00695c460d" "object-server 23" 0.0007 "-" 16 0
Jan 5 23:15:25 standalone object-server[121785]: 172.20.0.100 - - [05/Jan/2026:23:15:25 +0000] "PUT /d1/368/AUTH_f49b1c397d4e44a6bc11d01090b61664/gnocchi.6f13f933-fddf-4928-af6e-4fc2d1fa66a1/none_v3" 201 - "PUT http://localhost:8080/v1/AUTH_f49b1c397d4e44a6bc11d01090b61664/gnocchi.6f13f933-fddf-4928-af6e-4fc2d1fa66a1/none_v3" "tx71c3773bc35b488b90989-00695c460d" "proxy-server 12" 0.0138 "-" 23 0
Jan 5 23:15:25 standalone proxy-server[123647]: 172.18.0.2 ::1 05/Jan/2026/23/15/25 PUT /v1/AUTH_f49b1c397d4e44a6bc11d01090b61664/gnocchi.6f13f933-fddf-4928-af6e-4fc2d1fa66a1/none_v3 HTTP/1.0 201 - python-swiftclient-3.11.1 gAAAAABpXEVBgbS0... 22 - - tx71c3773bc35b488b90989-00695c460d - 0.0228 - - 1767654925.014942408 1767654925.037772179 0
Jan 5 23:15:25 standalone container-server[121690]: 172.20.0.100 - - [05/Jan/2026:23:15:25 +0000] "HEAD /d1/946/AUTH_f49b1c397d4e44a6bc11d01090b61664/gnocchi.b4ed107d-4351-413d-9489-72db00b35ff1" 404 - "HEAD http://localhost:8080/v1/AUTH_f49b1c397d4e44a6bc11d01090b61664/gnocchi.b4ed107d-4351-413d-9489-72db00b35ff1?format=json&states=listing" "tx36d200686ff94157a9037-00695c460d" "proxy-server 12" 0.0005 "-" 14 0
Jan 5 23:15:25 standalone object-server[121784]: 172.20.0.100 - - [05/Jan/2026:23:15:25 +0000] "GET /d1/920/AUTH_f49b1c397d4e44a6bc11d01090b61664/gnocchi.b4ed107d-4351-413d-9489-72db00b35ff1/none_v3" 404 70 "GET http://localhost:8080/v1/AUTH_f49b1c397d4e44a6bc11d01090b61664/gnocchi.b4ed107d-4351-413d-9489-72db00b35ff1/none_v3" "tx36d200686ff94157a9037-00695c460d" "proxy-server 12" 0.0003 "-" 22 0
Jan 5 23:15:25 standalone proxy-server[123647]: 172.18.0.2 ::1 05/Jan/2026/23/15/25 GET /v1/AUTH_f49b1c397d4e44a6bc11d01090b61664/gnocchi.b4ed107d-4351-413d-9489-72db00b35ff1/none_v3 HTTP/1.0 404 - python-swiftclient-3.11.1 gAAAAABpXEVBgbS0... - 70 - tx36d200686ff94157a9037-00695c460d - 0.0134 - - 1767654925.052648306 1767654925.066021681 0
Jan 5 23:15:25 standalone account-server[121593]: 172.20.0.100 - - [05/Jan/2026:23:15:25 +0000] "PUT /d1/19/AUTH_f49b1c397d4e44a6bc11d01090b61664/gnocchi.b4ed107d-4351-413d-9489-72db00b35ff1" 201 - "PUT http://172.20.0.100:6001/d1/946/AUTH_f49b1c397d4e44a6bc11d01090b61664/gnocchi.b4ed107d-4351-413d-9489-72db00b35ff1" "tx49445ac0c9d94102bf551-00695c460d" "container-server 15" 0.0057 "-" 15 0
Jan 5 23:15:25 standalone container-server[121704]: 172.20.0.100 - - [05/Jan/2026:23:15:25 +0000] "PUT /d1/946/AUTH_f49b1c397d4e44a6bc11d01090b61664/gnocchi.b4ed107d-4351-413d-9489-72db00b35ff1" 201 - "PUT http://localhost:8080/v1/AUTH_f49b1c397d4e44a6bc11d01090b61664/gnocchi.b4ed107d-4351-413d-9489-72db00b35ff1" "tx49445ac0c9d94102bf551-00695c460d" "proxy-server 12" 0.0167 "-" 15 0
Jan 5 23:15:25 standalone proxy-server[123647]: 172.18.0.2 ::1 05/Jan/2026/23/15/25 PUT /v1/AUTH_f49b1c397d4e44a6bc11d01090b61664/gnocchi.b4ed107d-4351-413d-9489-72db00b35ff1 HTTP/1.0 201 - python-swiftclient-3.11.1 gAAAAABpXEVBgbS0... - - - tx49445ac0c9d94102bf551-00695c460d - 0.0239 - - 1767654925.070512056 1767654925.094437599 0
Jan 5 23:15:25 standalone container-server[121719]: 172.20.0.100 - - [05/Jan/2026:23:15:25 +0000] "HEAD /d1/946/AUTH_f49b1c397d4e44a6bc11d01090b61664/gnocchi.b4ed107d-4351-413d-9489-72db00b35ff1" 204 - "HEAD http://localhost:8080/v1/AUTH_f49b1c397d4e44a6bc11d01090b61664/gnocchi.b4ed107d-4351-413d-9489-72db00b35ff1?format=json&states=listing" "tx944ea4335fdd40e697bcc-00695c460d" "proxy-server 12" 0.0050 "-" 17 0
Jan 5 23:15:25 standalone proxy-server[123647]: - - 05/Jan/2026/23/15/25 HEAD /v1/AUTH_f49b1c397d4e44a6bc11d01090b61664/gnocchi.b4ed107d-4351-413d-9489-72db00b35ff1%3Fformat%3Djson%26states%3Dlisting HTTP/1.0 204 - Swift - - - - tx944ea4335fdd40e697bcc-00695c460d - 0.0099 RL - 1767654925.103771687 1767654925.113672733 0
Jan 5 23:15:25 standalone container-server[121711]: 172.20.0.100 - - [05/Jan/2026:23:15:25 +0000] "GET /d1/946/AUTH_f49b1c397d4e44a6bc11d01090b61664/gnocchi.b4ed107d-4351-413d-9489-72db00b35ff1" 200 2 "GET http://localhost:8080/v1/AUTH_f49b1c397d4e44a6bc11d01090b61664/gnocchi.b4ed107d-4351-413d-9489-72db00b35ff1?format=json&states=listing" "tx944ea4335fdd40e697bcc-00695c460d" "proxy-server 12" 0.0036 "-" 16 0
Jan 5 23:15:25 standalone proxy-server[123647]: 172.18.0.2 ::1 05/Jan/2026/23/15/25 GET /v1/AUTH_f49b1c397d4e44a6bc11d01090b61664/gnocchi.b4ed107d-4351-413d-9489-72db00b35ff1%3Fformat%3Djson%26states%3Dlisting HTTP/1.0 200 - python-swiftclient-3.11.1 gAAAAABpXEVBgbS0... - 2 - tx944ea4335fdd40e697bcc-00695c460d - 0.0247 - - 1767654925.102044582 1767654925.126762152 0
Jan 5 23:15:25 standalone object-server[121786]: 172.20.0.100 - - [05/Jan/2026:23:15:25 +0000] "GET /d1/143/AUTH_f49b1c397d4e44a6bc11d01090b61664/gnocchi.b4ed107d-4351-413d-9489-72db00b35ff1/1766880000.0_mean_300.0_v3" 404 70 "GET http://localhost:8080/v1/AUTH_f49b1c397d4e44a6bc11d01090b61664/gnocchi.b4ed107d-4351-413d-9489-72db00b35ff1/1766880000.0_mean_300.0_v3" "txac991ba541fc426c9f1e0-00695c460d" "proxy-server 12" 0.0006 "-" 24 0
Jan 5 23:15:25 standalone proxy-server[123647]: 172.18.0.2 ::1 05/Jan/2026/23/15/25 GET /v1/AUTH_f49b1c397d4e44a6bc11d01090b61664/gnocchi.b4ed107d-4351-413d-9489-72db00b35ff1/1766880000.0_mean_300.0_v3 HTTP/1.0 404 - python-swiftclient-3.11.1 gAAAAABpXEVBgbS0... - 70 - txac991ba541fc426c9f1e0-00695c460d - 0.0082 - - 1767654925.132879019 1767654925.141091824 0
Jan 5 23:15:25 standalone container-server[121690]: 172.20.0.100 - - [05/Jan/2026:23:15:25 +0000] "PUT /d1/946/AUTH_f49b1c397d4e44a6bc11d01090b61664/gnocchi.b4ed107d-4351-413d-9489-72db00b35ff1/1766880000.0_mean_300.0_v3" 201 - "PUT http://localhost:8080/d1/143/AUTH_f49b1c397d4e44a6bc11d01090b61664/gnocchi.b4ed107d-4351-413d-9489-72db00b35ff1/1766880000.0_mean_300.0_v3" "tx0cf71c68c5fd418ba6fc6-00695c460d" "object-server 25" 0.0008 "-" 14 0
Jan 5 23:15:25 standalone object-server[121788]: 172.20.0.100 - - [05/Jan/2026:23:15:25 +0000] "PUT /d1/143/AUTH_f49b1c397d4e44a6bc11d01090b61664/gnocchi.b4ed107d-4351-413d-9489-72db00b35ff1/1766880000.0_mean_300.0_v3" 201 - "PUT http://localhost:8080/v1/AUTH_f49b1c397d4e44a6bc11d01090b61664/gnocchi.b4ed107d-4351-413d-9489-72db00b35ff1/1766880000.0_mean_300.0_v3" "tx0cf71c68c5fd418ba6fc6-00695c460d" "proxy-server 12" 0.0095 "-" 25 0
Jan 5 23:15:25 standalone proxy-server[123647]: 172.18.0.2 ::1 05/Jan/2026/23/15/25 PUT /v1/AUTH_f49b1c397d4e44a6bc11d01090b61664/gnocchi.b4ed107d-4351-413d-9489-72db00b35ff1/1766880000.0_mean_300.0_v3 HTTP/1.0 201 - python-swiftclient-3.11.1 gAAAAABpXEVBgbS0... 16 - - tx0cf71c68c5fd418ba6fc6-00695c460d - 0.0162 - - 1767654925.145906925 1767654925.162128925 0
Jan 5 23:15:25 standalone container-server[121704]: 172.20.0.100 - - [05/Jan/2026:23:15:25 +0000] "PUT /d1/946/AUTH_f49b1c397d4e44a6bc11d01090b61664/gnocchi.b4ed107d-4351-413d-9489-72db00b35ff1/none_v3" 201 - "PUT http://localhost:8080/d1/920/AUTH_f49b1c397d4e44a6bc11d01090b61664/gnocchi.b4ed107d-4351-413d-9489-72db00b35ff1/none_v3" "txf46860c280bb4e53a1609-00695c460d" "object-server 25" 0.0006 "-" 15 0
Jan 5 23:15:25 standalone object-server[121788]: 172.20.0.100 - - [05/Jan/2026:23:15:25 +0000] "PUT /d1/920/AUTH_f49b1c397d4e44a6bc11d01090b61664/gnocchi.b4ed107d-4351-413d-9489-72db00b35ff1/none_v3" 201 - "PUT http://localhost:8080/v1/AUTH_f49b1c397d4e44a6bc11d01090b61664/gnocchi.b4ed107d-4351-413d-9489-72db00b35ff1/none_v3" "txf46860c280bb4e53a1609-00695c460d" "proxy-server 12" 0.0098 "-" 25 0
Jan 5 23:15:25 standalone proxy-server[123647]: 172.18.0.2 ::1 05/Jan/2026/23/15/25 PUT /v1/AUTH_f49b1c397d4e44a6bc11d01090b61664/gnocchi.b4ed107d-4351-413d-9489-72db00b35ff1/none_v3 HTTP/1.0 201 - python-swiftclient-3.11.1 gAAAAABpXEVBgbS0... 22 - - txf46860c280bb4e53a1609-00695c460d - 0.0222 - - 1767654925.166424274 1767654925.188599586 0
Jan 5 23:16:42 standalone container-server[121460]: Begin container update sweep
Jan 5 23:16:42 standalone account-server[121593]: 172.20.0.100 - - [05/Jan/2026:23:16:42 +0000] "PUT /d1/19/AUTH_f49b1c397d4e44a6bc11d01090b61664/gnocchi.b7818b42-717f-478a-92b3-a41770e28ded" 201 - "-" "-" "container-updater 2" 0.0012 "-" 15 0
Jan 5 23:16:42 standalone account-server[121569]: 172.20.0.100 - - [05/Jan/2026:23:16:42 +0000] "PUT /d1/19/AUTH_f49b1c397d4e44a6bc11d01090b61664/gnocchi.406a5fe2-c6b1-4a9f-aef3-39999c5d112f" 201 - "-" "-" "container-updater 2" 0.0007 "-" 14 0
Jan 5 23:16:42 standalone account-server[121569]: 172.20.0.100 - - [05/Jan/2026:23:16:42 +0000] "PUT /d1/19/AUTH_f49b1c397d4e44a6bc11d01090b61664/glance" 201 - "-" "-" "container-updater 2" 0.0006 "-" 14 0
Jan 5 23:16:42 standalone account-server[121569]: 172.20.0.100 - - [05/Jan/2026:23:16:42 +0000] "PUT /d1/19/AUTH_f49b1c397d4e44a6bc11d01090b61664/gnocchi.130f0b67-5731-48b7-9a11-67b0cc5e1c9e" 201 - "-" "-" "container-updater 2" 0.0006 "-" 14 0
Jan 5 23:16:42 standalone account-server[121595]: 172.20.0.100 - - [05/Jan/2026:23:16:42 +0000] "PUT /d1/19/AUTH_f49b1c397d4e44a6bc11d01090b61664/gnocchi.e6c8ad2a-9552-4d27-b62a-d78081b822e3" 201 - "-" "-" "container-updater 2" 0.0004 "-" 16 0
Jan 5 23:16:43 standalone account-server[121597]: 172.20.0.100 - - [05/Jan/2026:23:16:43 +0000] "PUT /d1/19/AUTH_f49b1c397d4e44a6bc11d01090b61664/gnocchi.3e27fc82-76c6-4ca6-8a00-5b744aeba8dc" 201 - "-" "-" "container-updater 2" 0.0007 "-" 17 0
Jan 5 23:16:43 standalone account-server[121593]: 172.20.0.100 - - [05/Jan/2026:23:16:43 +0000] "PUT /d1/19/AUTH_f49b1c397d4e44a6bc11d01090b61664/gnocchi.6f13f933-fddf-4928-af6e-4fc2d1fa66a1" 201 - "-" "-" "container-updater 2" 0.0007 "-" 15 0
Jan 5 23:16:43 standalone account-server[121593]: 172.20.0.100 - - [05/Jan/2026:23:16:43 +0000] "PUT /d1/19/AUTH_f49b1c397d4e44a6bc11d01090b61664/gnocchi.b4ed107d-4351-413d-9489-72db00b35ff1" 201 - "-" "-" "container-updater 2" 0.0005 "-" 15 0
Jan 5 23:16:43 standalone account-server[121569]: 172.20.0.100 - - [05/Jan/2026:23:16:43 +0000] "PUT /d1/19/AUTH_f49b1c397d4e44a6bc11d01090b61664/gnocchi.00e45f9a-5542-4bda-8620-fcb096dd8565" 201 - "-" "-" "container-updater 2" 0.0005 "-" 14 0
Jan 5 23:16:43 standalone account-server[121569]: 172.20.0.100 - - [05/Jan/2026:23:16:43 +0000] "PUT /d1/19/AUTH_f49b1c397d4e44a6bc11d01090b61664/gnocchi.0ffaca23-925e-4af2-931f-4c858c5a7dff" 201 - "-" "-" "container-updater 2" 0.0007 "-" 14 0
Jan 5 23:16:43 standalone account-server[121597]: 172.20.0.100 - - [05/Jan/2026:23:16:43 +0000] "PUT /d1/19/AUTH_f49b1c397d4e44a6bc11d01090b61664/gnocchi.bd4a757a-60e1-4215-9c5d-0112847e66b7" 201 - "-" "-" "container-updater 2" 0.0007 "-" 17 0
Jan 5 23:16:43 standalone account-server[121595]: 172.20.0.100 - - [05/Jan/2026:23:16:43 +0000] "PUT /d1/19/AUTH_f49b1c397d4e44a6bc11d01090b61664/gnocchi.5a1fd614-2195-4dca-8a87-69aee4660285" 201 - "-" "-" "container-updater 2" 0.0005 "-" 16 0
Jan 5 23:16:43 standalone account-server[121569]: 172.20.0.100 - - [05/Jan/2026:23:16:43 +0000] "PUT /d1/19/AUTH_f49b1c397d4e44a6bc11d01090b61664/gnocchi.39a555cc-2777-4f97-9ff0-cfad16149d86" 201 - "-" "-" "container-updater 2" 0.0007 "-" 14 0
Jan 5 23:16:43 standalone account-server[121593]: 172.20.0.100 - - [05/Jan/2026:23:16:43 +0000] "PUT /d1/19/AUTH_f49b1c397d4e44a6bc11d01090b61664/gnocchi.ce0e4a88-669a-4efa-a7f4-56aeed599b88" 201 - "-" "-" "container-updater 2" 0.0006 "-" 15 0
Jan 5 23:16:43 standalone account-server[121593]: 172.20.0.100 - - [05/Jan/2026:23:16:43 +0000] "PUT /d1/19/AUTH_f49b1c397d4e44a6bc11d01090b61664/gnocchi.d7c09e3f-fb71-4bdb-aa11-793185aadae7" 201 - "-" "-" "container-updater 2" 0.0005 "-" 15 0
Jan 5 23:16:44 standalone account-server[121595]: 172.20.0.100 - - [05/Jan/2026:23:16:44 +0000] "PUT /d1/19/AUTH_f49b1c397d4e44a6bc11d01090b61664/gnocchi.2b73310d-a43b-4862-80f1-706ad35a91ab" 201 - "-" "-" "container-updater 2" 0.0007 "-" 16 0
Jan 5 23:16:44 standalone account-server[121595]: 172.20.0.100 - - [05/Jan/2026:23:16:44 +0000] "PUT /d1/19/AUTH_f49b1c397d4e44a6bc11d01090b61664/gnocchi.7f11afa5-f6ee-4cbb-81a0-ef0cfc63493d" 201 - "-" "-" "container-updater 2" 0.0006 "-" 16 0
Jan 5 23:16:44 standalone account-server[121595]: 172.20.0.100 - - [05/Jan/2026:23:16:44 +0000] "PUT /d1/19/AUTH_f49b1c397d4e44a6bc11d01090b61664/gnocchi.933659d7-637c-4309-aa93-39082dc45033" 201 - "-" "-" "container-updater 2" 0.0007 "-" 16 0
Jan 5 23:16:44 standalone account-server[121597]: 172.20.0.100 - - [05/Jan/2026:23:16:44 +0000] "PUT /d1/19/AUTH_f49b1c397d4e44a6bc11d01090b61664/gnocchi.1b8a837c-4aeb-4dec-bb58-fa8830550319" 201 - "-" "-" "container-updater 2" 0.0008 "-" 17 0
Jan 5 23:16:44 standalone account-server[121597]: 172.20.0.100 - - [05/Jan/2026:23:16:44 +0000] "PUT /d1/19/AUTH_f49b1c397d4e44a6bc11d01090b61664/gnocchi.d499df38-dc11-4fcf-b943-156eff3246a6" 201 - "-" "-" "container-updater 2" 0.0008 "-" 17 0
Jan 5 23:16:44 standalone account-server[121569]: 172.20.0.100 - - [05/Jan/2026:23:16:44 +0000] "PUT /d1/19/AUTH_f49b1c397d4e44a6bc11d01090b61664/gnocchi.794cfaa5-5223-46da-875a-1c98bfb5253f" 201 - "-" "-" "container-updater 2" 0.0008 "-" 14 0
Jan 5 23:16:44 standalone account-server[121569]: 172.20.0.100 - - [05/Jan/2026:23:16:44 +0000] "PUT /d1/19/AUTH_f49b1c397d4e44a6bc11d01090b61664/gnocchi.7905609d-2a13-4a16-a277-0d891997e5fa" 201 - "-" "-" "container-updater 2" 0.0010 "-" 14 0
Jan 5 23:16:44 standalone account-server[121597]: 172.20.0.100 - - [05/Jan/2026:23:16:44 +0000] "PUT /d1/19/AUTH_f49b1c397d4e44a6bc11d01090b61664/gnocchi.a43bc43b-06c7-464c-88c8-30a7588b9816" 201 - "-" "-" "container-updater 2" 0.0006 "-" 17 0
Jan 5 23:16:45 standalone container-server[121460]: Container update sweep completed: 2.47s
Jan 5 23:17:12 standalone account-server[121593]: 172.20.0.100 - - [05/Jan/2026:23:17:12 +0000] "HEAD /d1/512/.expiring_objects" 404 - "HEAD http://localhost/v1/.expiring_objects?format=json" "tx878baf1c2766472091e2c-00695c4678" "proxy-server 2" 0.0006 "-" 15 -
Jan 5 23:17:12 standalone object-expirer[121638]: Pass completed in 0s; 0 objects expired (txn: tx878baf1c2766472091e2c-00695c4678)
Jan 5 23:17:48 standalone account-server[121597]: 172.20.0.100 - - [05/Jan/2026:23:17:48 +0000] "HEAD /d1/512/.expiring_objects" 404 - "HEAD http://localhost/v1/.expiring_objects?format=json" "tx602aa5fa6401457086b0e-00695c469c" "proxy-server 2" 0.0010 "-" 17 -
Jan 5 23:17:48 standalone object-expirer[121638]: Pass completed in 0s; 0 objects expired (txn: tx602aa5fa6401457086b0e-00695c469c)
Jan 5 23:18:03 standalone object-server[121764]: Begin object update sweep
Jan 5 23:18:03 standalone object-server[243828]: Object update sweep starting on /srv/node/d1 (pid: 15)
Jan 5 23:18:03 standalone object-server[243828]: Object update sweep completed on /srv/node/d1 in 0.00s seconds:, 0 successes, 0 failures, 0 quarantines, 0 unlinks, 0 errors, 0 redirects (pid: 15)
Jan 5 23:18:03 standalone object-server[243828]: Object update sweep of d1 completed: 0.00s, 0 successes, 0 failures, 0 quarantines, 0 unlinks, 0 errors, 0 redirects
Jan 5 23:18:03 standalone object-server[121764]: Object update sweep completed: 0.07s
Jan 5 23:19:02 standalone account-server[121569]: 172.20.0.100 - - [05/Jan/2026:23:19:02 +0000] "HEAD /d1/512/.expiring_objects" 404 - "HEAD http://localhost/v1/.expiring_objects?format=json" "tx72ea312037ee4a21846f8-00695c46e6" "proxy-server 2" 0.0008 "-" 14 -
Jan 5 23:19:02 standalone object-expirer[121638]: Pass completed in 0s; 0 objects expired (txn: tx72ea312037ee4a21846f8-00695c46e6)
Jan 5 23:19:21 standalone account-server[121593]: 172.20.0.100 - - [05/Jan/2026:23:19:21 +0000] "HEAD /d1/512/.expiring_objects" 404 - "HEAD http://localhost/v1/.expiring_objects?format=json" "tx6f13b777230244a2abbf1-00695c46f9" "proxy-server 2" 0.0010 "-" 15 -
Jan 5 23:19:21 standalone object-expirer[121638]: Pass completed in 0s; 0 objects expired (txn: tx6f13b777230244a2abbf1-00695c46f9)
Jan 5 23:21:42 standalone container-server[121460]: Begin container update sweep
Jan 5 23:21:43 standalone container-server[121460]: Container update sweep completed: 1.20s
Jan 5 23:23:03 standalone object-server[121764]: Begin object update sweep
Jan 5 23:23:03 standalone object-server[267600]: Object update sweep starting on /srv/node/d1 (pid: 16)
Jan 5 23:23:03 standalone object-server[267600]: Object update sweep completed on /srv/node/d1 in 0.00s seconds:, 0 successes, 0 failures, 0 quarantines, 0 unlinks, 0 errors, 0 redirects (pid: 16)
Jan 5 23:23:03 standalone object-server[267600]: Object update sweep of d1 completed: 0.00s, 0 successes, 0 failures, 0 quarantines, 0 unlinks, 0 errors, 0 redirects
Jan 5 23:23:03 standalone object-server[121764]: Object update sweep completed: 0.08s
Jan 5 23:23:09 standalone account-server[121593]: 172.20.0.100 - - [05/Jan/2026:23:23:09 +0000] "HEAD /d1/512/.expiring_objects" 404 - "HEAD http://localhost/v1/.expiring_objects?format=json" "tx671b2fb1687e415a8b40c-00695c47dd" "proxy-server 2" 0.0004 "-" 15 -
Jan 5 23:23:09 standalone object-expirer[121638]: Pass completed in 0s; 0 objects expired (txn: tx671b2fb1687e415a8b40c-00695c47dd)
Jan 5 23:25:07 standalone account-server[121597]: 172.20.0.30 - - [05/Jan/2026:23:25:07 +0000] "HEAD /d1/602/AUTH_994a349f4c0743fdb68faeba44f5f56b" 404 - "HEAD http://swift-public-openstack.apps-crc.testing/v1/AUTH_994a349f4c0743fdb68faeba44f5f56b?format=json" "tx184d0ba4442a4faf877a3-00695c4853" "proxy-server 9" 0.0008 "-" 17 -
Jan 5 23:25:07 standalone account-server[121569]: 172.20.0.30 - - [05/Jan/2026:23:25:07 +0000] "GET /d1/602/AUTH_994a349f4c0743fdb68faeba44f5f56b" 404 - "GET http://swift-public-openstack.apps-crc.testing/v1/AUTH_994a349f4c0743fdb68faeba44f5f56b?format=json" "tx184d0ba4442a4faf877a3-00695c4853" "proxy-server 9" 0.0017 "-" 14 -
Jan 5 23:25:24 standalone account-server[121595]: 172.20.0.100 - - [05/Jan/2026:23:25:24 +0000] "HEAD /d1/512/.expiring_objects" 404 - "HEAD http://localhost/v1/.expiring_objects?format=json" "txf4244bd90b9941b385fd0-00695c4864" "proxy-server 2" 0.0008 "-" 16 -
Jan 5 23:25:24 standalone object-expirer[121638]: Pass completed in 0s; 0 objects expired (txn: txf4244bd90b9941b385fd0-00695c4864)
Jan 5 23:26:13 standalone account-server[121595]: 172.20.0.100 - - [05/Jan/2026:23:26:13 +0000] "HEAD /d1/512/.expiring_objects" 404 - "HEAD http://localhost/v1/.expiring_objects?format=json" "tx9c7a010aa0094cc9a50b6-00695c4895" "proxy-server 2" 0.0006 "-" 16 -
Jan 5 23:26:13 standalone object-expirer[121638]: Pass completed in 0s; 0 objects expired (txn: tx9c7a010aa0094cc9a50b6-00695c4895)
Jan 5 23:26:36 standalone account-server[121595]: 172.20.0.100 - - [05/Jan/2026:23:26:36 +0000] "HEAD /d1/512/.expiring_objects" 404 - "HEAD http://localhost/v1/.expiring_objects?format=json" "txd377ff13af83425895bff-00695c48ac" "proxy-server 2" 0.0010 "-" 16 -
Jan 5 23:26:36 standalone object-expirer[121638]: Pass completed in 0s; 0 objects expired (txn: txd377ff13af83425895bff-00695c48ac)
Jan 5 23:26:42 standalone container-server[121460]: Begin container update sweep
Jan 5 23:26:44 standalone container-server[121460]: Container update sweep completed: 1.38s
Jan 5 23:27:53 standalone account-server[121595]: 172.20.0.100 - - [05/Jan/2026:23:27:53 +0000] "HEAD /d1/512/.expiring_objects" 404 - "HEAD http://localhost/v1/.expiring_objects?format=json" "tx1ab4ffae43924d2186f37-00695c48f9" "proxy-server 2" 0.0008 "-" 16 -
Jan 5 23:27:53 standalone object-expirer[121638]: Pass completed in 0s; 0 objects expired (txn: tx1ab4ffae43924d2186f37-00695c48f9)
Jan 5 23:28:03 standalone object-server[121764]: Begin object update sweep
Jan 5 23:28:03 standalone object-server[288279]: Object update sweep starting on /srv/node/d1 (pid: 17)
Jan 5 23:28:03 standalone object-server[288279]: Object update sweep completed on /srv/node/d1 in 0.00s seconds:, 0 successes, 0 failures, 0 quarantines, 0 unlinks, 0 errors, 0 redirects (pid: 17)
Jan 5 23:28:03 standalone object-server[288279]: Object update sweep of d1 completed: 0.00s, 0 successes, 0 failures, 0 quarantines, 0 unlinks, 0 errors, 0 redirects
Jan 5 23:28:03 standalone object-server[121764]: Object update sweep completed: 0.09s
Jan 5 23:30:41 standalone account-server[121597]: 172.20.0.100 - - [05/Jan/2026:23:30:41 +0000] "HEAD /d1/512/.expiring_objects" 404 - "HEAD http://localhost/v1/.expiring_objects?format=json" "txe7ab1bd2ddff42d3ad754-00695c49a1" "proxy-server 2" 0.0008 "-" 17 -
Jan 5 23:30:41 standalone object-expirer[121638]: Pass completed in 0s; 0 objects expired (txn: txe7ab1bd2ddff42d3ad754-00695c49a1)
Jan 5 23:31:42 standalone container-server[121460]: Begin container update sweep
Jan 5 23:31:44 standalone container-server[121460]: Container update sweep completed: 1.38s
Jan 5 23:32:04 standalone account-server[121595]: 172.20.0.30 - - [05/Jan/2026:23:32:04 +0000] "HEAD /d1/19/AUTH_f49b1c397d4e44a6bc11d01090b61664" 204 - "HEAD http://swift-internal.openstack.svc:8080/v1/AUTH_f49b1c397d4e44a6bc11d01090b61664?format=json" "tx51154b14e6a84d76ac55b-00695c49f4" "proxy-server 9" 0.0127 "-" 16 -
Jan 5 23:32:04 standalone container-server[121711]: 172.20.0.30 - - [05/Jan/2026:23:32:04 +0000] "HEAD /d1/625/AUTH_f49b1c397d4e44a6bc11d01090b61664/glance" 204 - "HEAD http://swift-internal.openstack.svc:8080/v1/AUTH_f49b1c397d4e44a6bc11d01090b61664/glance?format=json&states=listing" "tx51154b14e6a84d76ac55b-00695c49f4" "proxy-server 9" 0.0034 "-" 16 0
Jan 5 23:32:07 standalone container-server[121690]: 172.20.0.100 - - [05/Jan/2026:23:32:07 +0000] "PUT /d1/625/AUTH_f49b1c397d4e44a6bc11d01090b61664/glance/cac2f130-fe32-4a44-877c-fa8cd177d972-00001" 201 - "PUT http://swift-internal.openstack.svc:8080/d1/601/AUTH_f49b1c397d4e44a6bc11d01090b61664/glance/cac2f130-fe32-4a44-877c-fa8cd177d972-00001" "txcb2f66a605264f52a0d69-00695c49f4" "object-server 22" 0.0007 "-" 14 0
Jan 5 23:32:07 standalone object-server[121784]: 172.20.0.30 - - [05/Jan/2026:23:32:07 +0000] "PUT /d1/601/AUTH_f49b1c397d4e44a6bc11d01090b61664/glance/cac2f130-fe32-4a44-877c-fa8cd177d972-00001" 201 - "PUT http://swift-internal.openstack.svc:8080/v1/AUTH_f49b1c397d4e44a6bc11d01090b61664/glance/cac2f130-fe32-4a44-877c-fa8cd177d972-00001" "txcb2f66a605264f52a0d69-00695c49f4" "proxy-server 9" 2.5626 "-" 22 0
Jan 5 23:32:10 standalone container-server[121711]: 172.20.0.100 - - [05/Jan/2026:23:32:10 +0000] "PUT /d1/625/AUTH_f49b1c397d4e44a6bc11d01090b61664/glance/cac2f130-fe32-4a44-877c-fa8cd177d972-00002" 201 - "PUT http://swift-internal.openstack.svc:8080/d1/644/AUTH_f49b1c397d4e44a6bc11d01090b61664/glance/cac2f130-fe32-4a44-877c-fa8cd177d972-00002" "tx5352e7c9260640a3924e2-00695c49f7" "object-server 23" 0.0011 "-" 16 0
Jan 5 23:32:10 standalone object-server[121785]: 172.20.0.30 - - [05/Jan/2026:23:32:10 +0000] "PUT /d1/644/AUTH_f49b1c397d4e44a6bc11d01090b61664/glance/cac2f130-fe32-4a44-877c-fa8cd177d972-00002" 201 - "PUT http://swift-internal.openstack.svc:8080/v1/AUTH_f49b1c397d4e44a6bc11d01090b61664/glance/cac2f130-fe32-4a44-877c-fa8cd177d972-00002" "tx5352e7c9260640a3924e2-00695c49f7" "proxy-server 9" 2.9372 "-" 23 0
Jan 5 23:32:11 standalone container-server[121704]: 172.20.0.100 - - [05/Jan/2026:23:32:11 +0000] "PUT /d1/625/AUTH_f49b1c397d4e44a6bc11d01090b61664/glance/cac2f130-fe32-4a44-877c-fa8cd177d972-00003" 201 - "PUT http://swift-internal.openstack.svc:8080/d1/444/AUTH_f49b1c397d4e44a6bc11d01090b61664/glance/cac2f130-fe32-4a44-877c-fa8cd177d972-00003" "txbb24f49a420444f599fb7-00695c49fa" "object-server 25" 0.0012 "-" 15 0
Jan 5 23:32:11 standalone object-server[121788]: 172.20.0.30 - - [05/Jan/2026:23:32:11 +0000] "PUT /d1/444/AUTH_f49b1c397d4e44a6bc11d01090b61664/glance/cac2f130-fe32-4a44-877c-fa8cd177d972-00003" 201 - "PUT http://swift-internal.openstack.svc:8080/v1/AUTH_f49b1c397d4e44a6bc11d01090b61664/glance/cac2f130-fe32-4a44-877c-fa8cd177d972-00003" "txbb24f49a420444f599fb7-00695c49fa" "proxy-server 9" 1.4964 "-" 25 0
Jan 5 23:32:11 standalone container-server[121711]: 172.20.0.100 - - [05/Jan/2026:23:32:11 +0000] "PUT /d1/625/AUTH_f49b1c397d4e44a6bc11d01090b61664/glance/cac2f130-fe32-4a44-877c-fa8cd177d972" 201 - "PUT http://swift-internal.openstack.svc:8080/d1/341/AUTH_f49b1c397d4e44a6bc11d01090b61664/glance/cac2f130-fe32-4a44-877c-fa8cd177d972" "txa604ee5388d744f8a9a96-00695c49fb" "object-server 25" 0.0009 "-" 16 0
Jan 5 23:32:11 standalone object-server[121788]: 172.20.0.30 - - [05/Jan/2026:23:32:11 +0000] "PUT /d1/341/AUTH_f49b1c397d4e44a6bc11d01090b61664/glance/cac2f130-fe32-4a44-877c-fa8cd177d972" 201 - "PUT http://swift-internal.openstack.svc:8080/v1/AUTH_f49b1c397d4e44a6bc11d01090b61664/glance/cac2f130-fe32-4a44-877c-fa8cd177d972" "txa604ee5388d744f8a9a96-00695c49fb" "proxy-server 9" 0.0106 "-" 25 0
Jan 5 23:33:03 standalone object-server[121764]: Begin object update sweep
Jan 5 23:33:03 standalone object-server[309050]: Object update sweep starting on /srv/node/d1 (pid: 18)
Jan 5 23:33:03 standalone object-server[309050]: Object update sweep completed on /srv/node/d1 in 0.00s seconds:, 0 successes, 0 failures, 0 quarantines, 0 unlinks, 0 errors, 0 redirects (pid: 18)
Jan 5 23:33:03 standalone object-server[309050]: Object update sweep of d1 completed: 0.00s, 0 successes, 0 failures, 0 quarantines, 0 unlinks, 0 errors, 0 redirects
Jan 5 23:33:03 standalone object-server[121764]: Object update sweep completed: 0.09s
Jan 5 23:34:21 standalone account-server[121597]: 172.20.0.100 - - [05/Jan/2026:23:34:21 +0000] "HEAD /d1/512/.expiring_objects" 404 - "HEAD http://localhost/v1/.expiring_objects?format=json" "txb95a53c61d4e45ab933f3-00695c4a7d" "proxy-server 2" 0.0007 "-" 17 -
Jan 5 23:34:21 standalone object-expirer[121638]: Pass completed in 0s; 0 objects expired (txn: txb95a53c61d4e45ab933f3-00695c4a7d)
Jan 5 23:36:42 standalone container-server[121460]: Begin container update sweep
Jan 5 23:36:44 standalone account-server[121569]: 172.20.0.100 - - [05/Jan/2026:23:36:44 +0000] "PUT /d1/19/AUTH_f49b1c397d4e44a6bc11d01090b61664/glance" 201 - "-" "-" "container-updater 2" 0.0011 "-" 14 0
