Jan 5 23:15:23 standalone proxy-server[123647]: 172.18.0.2 ::1 05/Jan/2026/23/15/23 PUT /v1/AUTH_f49b1c397d4e44a6bc11d01090b61664/gnocchi.794cfaa5-5223-46da-875a-1c98bfb5253f HTTP/1.0 201 - python-swiftclient-3.11.1 gAAAAABpXEVBgbS0... - - - txa2c4427745904c9aa78ee-00695c460b - 0.0265 - - 1767654923.700041056 1767654923.726505518 0
Jan 5 23:15:23 standalone container-server[121719]: 172.20.0.100 - - [05/Jan/2026:23:15:23 +0000] "HEAD /d1/774/AUTH_f49b1c397d4e44a6bc11d01090b61664/gnocchi.794cfaa5-5223-46da-875a-1c98bfb5253f" 204 - "HEAD http://localhost:8080/v1/AUTH_f49b1c397d4e44a6bc11d01090b61664/gnocchi.794cfaa5-5223-46da-875a-1c98bfb5253f?format=json&states=listing" "txca665746853043c4bf4d2-00695c460b" "proxy-server 12" 0.0020 "-" 17 0
Jan 5 23:15:23 standalone proxy-server[123647]: - - 05/Jan/2026/23/15/23 HEAD /v1/AUTH_f49b1c397d4e44a6bc11d01090b61664/gnocchi.794cfaa5-5223-46da-875a-1c98bfb5253f%3Fformat%3Djson%26states%3Dlisting HTTP/1.0 204 - Swift - - - - txca665746853043c4bf4d2-00695c460b - 0.0046 RL - 1767654923.731443882 1767654923.736082077 0
Jan 5 23:15:23 standalone container-server[121719]: 172.20.0.100 - - [05/Jan/2026:23:15:23 +0000] "GET /d1/774/AUTH_f49b1c397d4e44a6bc11d01090b61664/gnocchi.794cfaa5-5223-46da-875a-1c98bfb5253f" 200 2 "GET http://localhost:8080/v1/AUTH_f49b1c397d4e44a6bc11d01090b61664/gnocchi.794cfaa5-5223-46da-875a-1c98bfb5253f?format=json&states=listing" "txca665746853043c4bf4d2-00695c460b" "proxy-server 12" 0.0029 "-" 17 0
Jan 5 23:15:23 standalone proxy-server[123647]: 172.18.0.2 ::1 05/Jan/2026/23/15/23 GET /v1/AUTH_f49b1c397d4e44a6bc11d01090b61664/gnocchi.794cfaa5-5223-46da-875a-1c98bfb5253f%3Fformat%3Djson%26states%3Dlisting HTTP/1.0 200 - python-swiftclient-3.11.1 gAAAAABpXEVBgbS0... - 2 - txca665746853043c4bf4d2-00695c460b - 0.0129 - - 1767654923.730655909 1767654923.743566036 0
Jan 5 23:15:23 standalone object-server[121785]: 172.20.0.100 - - [05/Jan/2026:23:15:23 +0000] "GET /d1/584/AUTH_f49b1c397d4e44a6bc11d01090b61664/gnocchi.794cfaa5-5223-46da-875a-1c98bfb5253f/1766880000.0_mean_300.0_v3" 404 70 "GET http://localhost:8080/v1/AUTH_f49b1c397d4e44a6bc11d01090b61664/gnocchi.794cfaa5-5223-46da-875a-1c98bfb5253f/1766880000.0_mean_300.0_v3" "tx1bd93e640c0540ce85289-00695c460b" "proxy-server 12" 0.0005 "-" 23 0
Jan 5 23:15:23 standalone proxy-server[123647]: 172.18.0.2 ::1 05/Jan/2026/23/15/23 GET /v1/AUTH_f49b1c397d4e44a6bc11d01090b61664/gnocchi.794cfaa5-5223-46da-875a-1c98bfb5253f/1766880000.0_mean_300.0_v3 HTTP/1.0 404 - python-swiftclient-3.11.1 gAAAAABpXEVBgbS0... - 70 - tx1bd93e640c0540ce85289-00695c460b - 0.0049 - - 1767654923.747807980 1767654923.752678156 0
Jan 5 23:15:23 standalone container-server[121719]: 172.20.0.100 - - [05/Jan/2026:23:15:23 +0000] "PUT /d1/774/AUTH_f49b1c397d4e44a6bc11d01090b61664/gnocchi.794cfaa5-5223-46da-875a-1c98bfb5253f/1766880000.0_mean_300.0_v3" 201 - "PUT http://localhost:8080/d1/584/AUTH_f49b1c397d4e44a6bc11d01090b61664/gnocchi.794cfaa5-5223-46da-875a-1c98bfb5253f/1766880000.0_mean_300.0_v3" "tx2c6043f1bacb4a23b1d85-00695c460b" "object-server 25" 0.0007 "-" 17 0
Jan 5 23:15:23 standalone object-server[121788]: 172.20.0.100 - - [05/Jan/2026:23:15:23 +0000] "PUT /d1/584/AUTH_f49b1c397d4e44a6bc11d01090b61664/gnocchi.794cfaa5-5223-46da-875a-1c98bfb5253f/1766880000.0_mean_300.0_v3" 201 - "PUT http://localhost:8080/v1/AUTH_f49b1c397d4e44a6bc11d01090b61664/gnocchi.794cfaa5-5223-46da-875a-1c98bfb5253f/1766880000.0_mean_300.0_v3" "tx2c6043f1bacb4a23b1d85-00695c460b" "proxy-server 12" 0.0092 "-" 25 0
Jan 5 23:15:23 standalone proxy-server[123647]: 172.18.0.2 ::1 05/Jan/2026/23/15/23 PUT /v1/AUTH_f49b1c397d4e44a6bc11d01090b61664/gnocchi.794cfaa5-5223-46da-875a-1c98bfb5253f/1766880000.0_mean_300.0_v3 HTTP/1.0 201 - python-swiftclient-3.11.1 gAAAAABpXEVBgbS0... 16 - - tx2c6043f1bacb4a23b1d85-00695c460b - 0.0131 - - 1767654923.756030560 1767654923.769166946 0
Jan 5 23:15:23 standalone container-server[121690]: 172.20.0.100 - - [05/Jan/2026:23:15:23 +0000] "PUT /d1/774/AUTH_f49b1c397d4e44a6bc11d01090b61664/gnocchi.794cfaa5-5223-46da-875a-1c98bfb5253f/none_v3" 201 - "PUT http://localhost:8080/d1/995/AUTH_f49b1c397d4e44a6bc11d01090b61664/gnocchi.794cfaa5-5223-46da-875a-1c98bfb5253f/none_v3" "tx488c3571fea947e288572-00695c460b" "object-server 25" 0.0006 "-" 14 0
Jan 5 23:15:23 standalone object-server[121788]: 172.20.0.100 - - [05/Jan/2026:23:15:23 +0000] "PUT /d1/995/AUTH_f49b1c397d4e44a6bc11d01090b61664/gnocchi.794cfaa5-5223-46da-875a-1c98bfb5253f/none_v3" 201 - "PUT http://localhost:8080/v1/AUTH_f49b1c397d4e44a6bc11d01090b61664/gnocchi.794cfaa5-5223-46da-875a-1c98bfb5253f/none_v3" "tx488c3571fea947e288572-00695c460b" "proxy-server 12" 0.0087 "-" 25 0
Jan 5 23:15:23 standalone proxy-server[123647]: 172.18.0.2 ::1 05/Jan/2026/23/15/23 PUT /v1/AUTH_f49b1c397d4e44a6bc11d01090b61664/gnocchi.794cfaa5-5223-46da-875a-1c98bfb5253f/none_v3 HTTP/1.0 201 - python-swiftclient-3.11.1 gAAAAABpXEVBgbS0... 22 - - tx488c3571fea947e288572-00695c460b - 0.0125 - - 1767654923.772216558 1767654923.784756660 0
Jan 5 23:15:23 standalone container-server[121690]: 172.20.0.100 - - [05/Jan/2026:23:15:23 +0000] "HEAD /d1/496/AUTH_f49b1c397d4e44a6bc11d01090b61664/gnocchi.0ffaca23-925e-4af2-931f-4c858c5a7dff" 404 - "HEAD http://localhost:8080/v1/AUTH_f49b1c397d4e44a6bc11d01090b61664/gnocchi.0ffaca23-925e-4af2-931f-4c858c5a7dff?format=json&states=listing" "txe5b6572c501047ef85bcd-00695c460b" "proxy-server 12" 0.0006 "-" 14 0
Jan 5 23:15:23 standalone object-server[121788]: 172.20.0.100 - - [05/Jan/2026:23:15:23 +0000] "GET /d1/577/AUTH_f49b1c397d4e44a6bc11d01090b61664/gnocchi.0ffaca23-925e-4af2-931f-4c858c5a7dff/none_v3" 404 70 "GET http://localhost:8080/v1/AUTH_f49b1c397d4e44a6bc11d01090b61664/gnocchi.0ffaca23-925e-4af2-931f-4c858c5a7dff/none_v3" "txe5b6572c501047ef85bcd-00695c460b" "proxy-server 12" 0.0002 "-" 25 0
Jan 5 23:15:23 standalone proxy-server[123647]: 172.18.0.2 ::1 05/Jan/2026/23/15/23 GET /v1/AUTH_f49b1c397d4e44a6bc11d01090b61664/gnocchi.0ffaca23-925e-4af2-931f-4c858c5a7dff/none_v3 HTTP/1.0 404 - python-swiftclient-3.11.1 gAAAAABpXEVBgbS0... - 70 - txe5b6572c501047ef85bcd-00695c460b - 0.0078 - - 1767654923.796744347 1767654923.804502726 0
Jan 5 23:15:23 standalone account-server[121595]: 172.20.0.100 - - [05/Jan/2026:23:15:23 +0000] "PUT /d1/19/AUTH_f49b1c397d4e44a6bc11d01090b61664/gnocchi.0ffaca23-925e-4af2-931f-4c858c5a7dff" 201 - "PUT http://172.20.0.100:6001/d1/496/AUTH_f49b1c397d4e44a6bc11d01090b61664/gnocchi.0ffaca23-925e-4af2-931f-4c858c5a7dff" "tx5ed9c9965541452dabb6c-00695c460b" "container-server 15" 0.0054 "-" 16 0
Jan 5 23:15:23 standalone container-server[121704]: 172.20.0.100 - - [05/Jan/2026:23:15:23 +0000] "PUT /d1/496/AUTH_f49b1c397d4e44a6bc11d01090b61664/gnocchi.0ffaca23-925e-4af2-931f-4c858c5a7dff" 201 - "PUT http://localhost:8080/v1/AUTH_f49b1c397d4e44a6bc11d01090b61664/gnocchi.0ffaca23-925e-4af2-931f-4c858c5a7dff" "tx5ed9c9965541452dabb6c-00695c460b" "proxy-server 12" 0.0197 "-" 15 0
Jan 5 23:15:23 standalone proxy-server[123647]: 172.18.0.2 ::1 05/Jan/2026/23/15/23 PUT /v1/AUTH_f49b1c397d4e44a6bc11d01090b61664/gnocchi.0ffaca23-925e-4af2-931f-4c858c5a7dff HTTP/1.0 201 - python-swiftclient-3.11.1 gAAAAABpXEVBgbS0... - - - tx5ed9c9965541452dabb6c-00695c460b - 0.0238 - - 1767654923.808706522 1767654923.832475185 0
Jan 5 23:15:23 standalone container-server[121711]: 172.20.0.100 - - [05/Jan/2026:23:15:23 +0000] "HEAD /d1/496/AUTH_f49b1c397d4e44a6bc11d01090b61664/gnocchi.0ffaca23-925e-4af2-931f-4c858c5a7dff" 204 - "HEAD http://localhost:8080/v1/AUTH_f49b1c397d4e44a6bc11d01090b61664/gnocchi.0ffaca23-925e-4af2-931f-4c858c5a7dff?format=json&states=listing" "tx3603ff93806b4d2ab9fb2-00695c460b" "proxy-server 12" 0.0020 "-" 16 0
Jan 5 23:15:23 standalone proxy-server[123647]: - - 05/Jan/2026/23/15/23 HEAD /v1/AUTH_f49b1c397d4e44a6bc11d01090b61664/gnocchi.0ffaca23-925e-4af2-931f-4c858c5a7dff%3Fformat%3Djson%26states%3Dlisting HTTP/1.0 204 - Swift - - - - tx3603ff93806b4d2ab9fb2-00695c460b - 0.0049 RL - 1767654923.837084532 1767654923.841968536 0
Jan 5 23:15:23 standalone container-server[121704]: 172.20.0.100 - - [05/Jan/2026:23:15:23 +0000] "GET /d1/496/AUTH_f49b1c397d4e44a6bc11d01090b61664/gnocchi.0ffaca23-925e-4af2-931f-4c858c5a7dff" 200 2 "GET http://localhost:8080/v1/AUTH_f49b1c397d4e44a6bc11d01090b61664/gnocchi.0ffaca23-925e-4af2-931f-4c858c5a7dff?format=json&states=listing" "tx3603ff93806b4d2ab9fb2-00695c460b" "proxy-server 12" 0.0035 "-" 15 0
Jan 5 23:15:23 standalone proxy-server[123647]: 172.18.0.2 ::1 05/Jan/2026/23/15/23 GET /v1/AUTH_f49b1c397d4e44a6bc11d01090b61664/gnocchi.0ffaca23-925e-4af2-931f-4c858c5a7dff%3Fformat%3Djson%26states%3Dlisting HTTP/1.0 200 - python-swiftclient-3.11.1 gAAAAABpXEVBgbS0... - 2 - tx3603ff93806b4d2ab9fb2-00695c460b - 0.0136 - - 1767654923.836421728 1767654923.850018263 0
Jan 5 23:15:23 standalone object-server[121785]: 172.20.0.100 - - [05/Jan/2026:23:15:23 +0000] "GET /d1/655/AUTH_f49b1c397d4e44a6bc11d01090b61664/gnocchi.0ffaca23-925e-4af2-931f-4c858c5a7dff/1766880000.0_mean_300.0_v3" 404 70 "GET http://localhost:8080/v1/AUTH_f49b1c397d4e44a6bc11d01090b61664/gnocchi.0ffaca23-925e-4af2-931f-4c858c5a7dff/1766880000.0_mean_300.0_v3" "tx8536222aa7dd4b788cc86-00695c460b" "proxy-server 12" 0.0005 "-" 23 0
Jan 5 23:15:23 standalone proxy-server[123647]: 172.18.0.2 ::1 05/Jan/2026/23/15/23 GET /v1/AUTH_f49b1c397d4e44a6bc11d01090b61664/gnocchi.0ffaca23-925e-4af2-931f-4c858c5a7dff/1766880000.0_mean_300.0_v3 HTTP/1.0 404 - python-swiftclient-3.11.1 gAAAAABpXEVBgbS0... - 70 - tx8536222aa7dd4b788cc86-00695c460b - 0.0047 - - 1767654923.854186535 1767654923.858877182 0
Jan 5 23:15:23 standalone container-server[121719]: 172.20.0.100 - - [05/Jan/2026:23:15:23 +0000] "PUT /d1/496/AUTH_f49b1c397d4e44a6bc11d01090b61664/gnocchi.0ffaca23-925e-4af2-931f-4c858c5a7dff/1766880000.0_mean_300.0_v3" 201 - "PUT http://localhost:8080/d1/655/AUTH_f49b1c397d4e44a6bc11d01090b61664/gnocchi.0ffaca23-925e-4af2-931f-4c858c5a7dff/1766880000.0_mean_300.0_v3" "tx8802b23e3cdf48dda3926-00695c460b" "object-server 25" 0.0007 "-" 17 0
Jan 5 23:15:23 standalone object-server[121788]: 172.20.0.100 - - [05/Jan/2026:23:15:23 +0000] "PUT /d1/655/AUTH_f49b1c397d4e44a6bc11d01090b61664/gnocchi.0ffaca23-925e-4af2-931f-4c858c5a7dff/1766880000.0_mean_300.0_v3" 201 - "PUT http://localhost:8080/v1/AUTH_f49b1c397d4e44a6bc11d01090b61664/gnocchi.0ffaca23-925e-4af2-931f-4c858c5a7dff/1766880000.0_mean_300.0_v3" "tx8802b23e3cdf48dda3926-00695c460b" "proxy-server 12" 0.0086 "-" 25 0
Jan 5 23:15:23 standalone proxy-server[123647]: 172.18.0.2 ::1 05/Jan/2026/23/15/23 PUT /v1/AUTH_f49b1c397d4e44a6bc11d01090b61664/gnocchi.0ffaca23-925e-4af2-931f-4c858c5a7dff/1766880000.0_mean_300.0_v3 HTTP/1.0 201 - python-swiftclient-3.11.1 gAAAAABpXEVBgbS0... 16 - - tx8802b23e3cdf48dda3926-00695c460b - 0.0119 - - 1767654923.862487555 1767654923.874406338 0
Jan 5 23:15:23 standalone container-server[121711]: 172.20.0.100 - - [05/Jan/2026:23:15:23 +0000] "PUT /d1/496/AUTH_f49b1c397d4e44a6bc11d01090b61664/gnocchi.0ffaca23-925e-4af2-931f-4c858c5a7dff/none_v3" 201 - "PUT http://localhost:8080/d1/577/AUTH_f49b1c397d4e44a6bc11d01090b61664/gnocchi.0ffaca23-925e-4af2-931f-4c858c5a7dff/none_v3" "txe2ff8d80201d45d281ed7-00695c460b" "object-server 22" 0.0007 "-" 16 0
Jan 5 23:15:23 standalone object-server[121784]: 172.20.0.100 - - [05/Jan/2026:23:15:23 +0000] "PUT /d1/577/AUTH_f49b1c397d4e44a6bc11d01090b61664/gnocchi.0ffaca23-925e-4af2-931f-4c858c5a7dff/none_v3" 201 - "PUT http://localhost:8080/v1/AUTH_f49b1c397d4e44a6bc11d01090b61664/gnocchi.0ffaca23-925e-4af2-931f-4c858c5a7dff/none_v3" "txe2ff8d80201d45d281ed7-00695c460b" "proxy-server 12" 0.0083 "-" 22 0
Jan 5 23:15:23 standalone proxy-server[123647]: 172.18.0.2 ::1 05/Jan/2026/23/15/23 PUT /v1/AUTH_f49b1c397d4e44a6bc11d01090b61664/gnocchi.0ffaca23-925e-4af2-931f-4c858c5a7dff/none_v3 HTTP/1.0 201 - python-swiftclient-3.11.1 gAAAAABpXEVBgbS0... 22 - - txe2ff8d80201d45d281ed7-00695c460b - 0.0117 - - 1767654923.877526999 1767654923.889254570 0
Jan 5 23:15:23 standalone container-server[121690]: 172.20.0.100 - - [05/Jan/2026:23:15:23 +0000] "HEAD /d1/880/AUTH_f49b1c397d4e44a6bc11d01090b61664/gnocchi.bd4a757a-60e1-4215-9c5d-0112847e66b7" 404 - "HEAD http://localhost:8080/v1/AUTH_f49b1c397d4e44a6bc11d01090b61664/gnocchi.bd4a757a-60e1-4215-9c5d-0112847e66b7?format=json&states=listing" "tx33dd2d3f8e164057a27ae-00695c460b" "proxy-server 12" 0.0006 "-" 14 0
Jan 5 23:15:23 standalone object-server[121788]: 172.20.0.100 - - [05/Jan/2026:23:15:23 +0000] "GET /d1/835/AUTH_f49b1c397d4e44a6bc11d01090b61664/gnocchi.bd4a757a-60e1-4215-9c5d-0112847e66b7/none_v3" 404 70 "GET http://localhost:8080/v1/AUTH_f49b1c397d4e44a6bc11d01090b61664/gnocchi.bd4a757a-60e1-4215-9c5d-0112847e66b7/none_v3" "tx33dd2d3f8e164057a27ae-00695c460b" "proxy-server 12" 0.0003 "-" 25 0
Jan 5 23:15:23 standalone proxy-server[123647]: 172.18.0.2 ::1 05/Jan/2026/23/15/23 GET /v1/AUTH_f49b1c397d4e44a6bc11d01090b61664/gnocchi.bd4a757a-60e1-4215-9c5d-0112847e66b7/none_v3 HTTP/1.0 404 - python-swiftclient-3.11.1 gAAAAABpXEVBgbS0... - 70 - tx33dd2d3f8e164057a27ae-00695c460b - 0.0074 - - 1767654923.901196241 1767654923.908568144 0
Jan 5 23:15:23 standalone account-server[121569]: 172.20.0.100 - - [05/Jan/2026:23:15:23 +0000] "PUT /d1/19/AUTH_f49b1c397d4e44a6bc11d01090b61664/gnocchi.bd4a757a-60e1-4215-9c5d-0112847e66b7" 201 - "PUT http://172.20.0.100:6001/d1/880/AUTH_f49b1c397d4e44a6bc11d01090b61664/gnocchi.bd4a757a-60e1-4215-9c5d-0112847e66b7" "tx26c956ad3656487abd810-00695c460b" "container-server 15" 0.0058 "-" 14 0
Jan 5 23:15:23 standalone container-server[121704]: 172.20.0.100 - - [05/Jan/2026:23:15:23 +0000] "PUT /d1/880/AUTH_f49b1c397d4e44a6bc11d01090b61664/gnocchi.bd4a757a-60e1-4215-9c5d-0112847e66b7" 201 - "PUT http://localhost:8080/v1/AUTH_f49b1c397d4e44a6bc11d01090b61664/gnocchi.bd4a757a-60e1-4215-9c5d-0112847e66b7" "tx26c956ad3656487abd810-00695c460b" "proxy-server 12" 0.0216 "-" 15 0
Jan 5 23:15:23 standalone proxy-server[123647]: 172.18.0.2 ::1 05/Jan/2026/23/15/23 PUT /v1/AUTH_f49b1c397d4e44a6bc11d01090b61664/gnocchi.bd4a757a-60e1-4215-9c5d-0112847e66b7 HTTP/1.0 201 - python-swiftclient-3.11.1 gAAAAABpXEVBgbS0... - - - tx26c956ad3656487abd810-00695c460b - 0.0265 - - 1767654923.911875486 1767654923.938344002 0
Jan 5 23:15:23 standalone container-server[121719]: 172.20.0.100 - - [05/Jan/2026:23:15:23 +0000] "HEAD /d1/880/AUTH_f49b1c397d4e44a6bc11d01090b61664/gnocchi.bd4a757a-60e1-4215-9c5d-0112847e66b7" 204 - "HEAD http://localhost:8080/v1/AUTH_f49b1c397d4e44a6bc11d01090b61664/gnocchi.bd4a757a-60e1-4215-9c5d-0112847e66b7?format=json&states=listing" "tx568f3944bb7149898aa75-00695c460b" "proxy-server 12" 0.0020 "-" 17 0
Jan 5 23:15:23 standalone proxy-server[123647]: - - 05/Jan/2026/23/15/23 HEAD /v1/AUTH_f49b1c397d4e44a6bc11d01090b61664/gnocchi.bd4a757a-60e1-4215-9c5d-0112847e66b7%3Fformat%3Djson%26states%3Dlisting HTTP/1.0 204 - Swift - - - - tx568f3944bb7149898aa75-00695c460b - 0.0046 RL - 1767654923.943753242 1767654923.948319674 0
Jan 5 23:15:23 standalone container-server[121704]: 172.20.0.100 - - [05/Jan/2026:23:15:23 +0000] "GET /d1/880/AUTH_f49b1c397d4e44a6bc11d01090b61664/gnocchi.bd4a757a-60e1-4215-9c5d-0112847e66b7" 200 2 "GET http://localhost:8080/v1/AUTH_f49b1c397d4e44a6bc11d01090b61664/gnocchi.bd4a757a-60e1-4215-9c5d-0112847e66b7?format=json&states=listing" "tx568f3944bb7149898aa75-00695c460b" "proxy-server 12" 0.0020 "-" 15 0
Jan 5 23:15:23 standalone proxy-server[123647]: 172.18.0.2 ::1 05/Jan/2026/23/15/23 GET /v1/AUTH_f49b1c397d4e44a6bc11d01090b61664/gnocchi.bd4a757a-60e1-4215-9c5d-0112847e66b7%3Fformat%3Djson%26states%3Dlisting HTTP/1.0 200 - python-swiftclient-3.11.1 gAAAAABpXEVBgbS0... - 2 - tx568f3944bb7149898aa75-00695c460b - 0.0117 - - 1767654923.943076372 1767654923.954771996 0
Jan 5 23:15:23 standalone object-server[121788]: 172.20.0.100 - - [05/Jan/2026:23:15:23 +0000] "GET /d1/560/AUTH_f49b1c397d4e44a6bc11d01090b61664/gnocchi.bd4a757a-60e1-4215-9c5d-0112847e66b7/1766880000.0_mean_300.0_v3" 404 70 "GET http://localhost:8080/v1/AUTH_f49b1c397d4e44a6bc11d01090b61664/gnocchi.bd4a757a-60e1-4215-9c5d-0112847e66b7/1766880000.0_mean_300.0_v3" "tx588d4d6826c545a282693-00695c460b" "proxy-server 12" 0.0004 "-" 25 0
Jan 5 23:15:23 standalone proxy-server[123647]: 172.18.0.2 ::1 05/Jan/2026/23/15/23 GET /v1/AUTH_f49b1c397d4e44a6bc11d01090b61664/gnocchi.bd4a757a-60e1-4215-9c5d-0112847e66b7/1766880000.0_mean_300.0_v3 HTTP/1.0 404 - python-swiftclient-3.11.1 gAAAAABpXEVBgbS0... - 70 - tx588d4d6826c545a282693-00695c460b - 0.0046 - - 1767654923.959206104 1767654923.963784218 0
Jan 5 23:15:23 standalone container-server[121690]: 172.20.0.100 - - [05/Jan/2026:23:15:23 +0000] "PUT /d1/880/AUTH_f49b1c397d4e44a6bc11d01090b61664/gnocchi.bd4a757a-60e1-4215-9c5d-0112847e66b7/1766880000.0_mean_300.0_v3" 201 - "PUT http://localhost:8080/d1/560/AUTH_f49b1c397d4e44a6bc11d01090b61664/gnocchi.bd4a757a-60e1-4215-9c5d-0112847e66b7/1766880000.0_mean_300.0_v3" "txc91945019a074981ba1df-00695c460b" "object-server 23" 0.0009 "-" 14 0
Jan 5 23:15:23 standalone object-server[121785]: 172.20.0.100 - - [05/Jan/2026:23:15:23 +0000] "PUT /d1/560/AUTH_f49b1c397d4e44a6bc11d01090b61664/gnocchi.bd4a757a-60e1-4215-9c5d-0112847e66b7/1766880000.0_mean_300.0_v3" 201 - "PUT http://localhost:8080/v1/AUTH_f49b1c397d4e44a6bc11d01090b61664/gnocchi.bd4a757a-60e1-4215-9c5d-0112847e66b7/1766880000.0_mean_300.0_v3" "txc91945019a074981ba1df-00695c460b" "proxy-server 12" 0.0112 "-" 23 0
Jan 5 23:15:23 standalone proxy-server[123647]: 172.18.0.2 ::1 05/Jan/2026/23/15/23 PUT /v1/AUTH_f49b1c397d4e44a6bc11d01090b61664/gnocchi.bd4a757a-60e1-4215-9c5d-0112847e66b7/1766880000.0_mean_300.0_v3 HTTP/1.0 201 - python-swiftclient-3.11.1 gAAAAABpXEVBgbS0... 16 - - txc91945019a074981ba1df-00695c460b - 0.0158 - - 1767654923.967335939 1767654923.983115196 0
Jan 5 23:15:23 standalone container-server[121690]: 172.20.0.100 - - [05/Jan/2026:23:15:23 +0000] "PUT /d1/880/AUTH_f49b1c397d4e44a6bc11d01090b61664/gnocchi.bd4a757a-60e1-4215-9c5d-0112847e66b7/none_v3" 201 - "PUT http://localhost:8080/d1/835/AUTH_f49b1c397d4e44a6bc11d01090b61664/gnocchi.bd4a757a-60e1-4215-9c5d-0112847e66b7/none_v3" "tx47d3cf992fe040cea3331-00695c460b" "object-server 25" 0.0005 "-" 14 0
Jan 5 23:15:24 standalone object-server[121788]: 172.20.0.100 - - [05/Jan/2026:23:15:24 +0000] "PUT /d1/835/AUTH_f49b1c397d4e44a6bc11d01090b61664/gnocchi.bd4a757a-60e1-4215-9c5d-0112847e66b7/none_v3" 201 - "PUT http://localhost:8080/v1/AUTH_f49b1c397d4e44a6bc11d01090b61664/gnocchi.bd4a757a-60e1-4215-9c5d-0112847e66b7/none_v3" "tx47d3cf992fe040cea3331-00695c460b" "proxy-server 12" 0.0105 "-" 25 0
Jan 5 23:15:24 standalone proxy-server[123647]: 172.18.0.2 ::1 05/Jan/2026/23/15/24 PUT /v1/AUTH_f49b1c397d4e44a6bc11d01090b61664/gnocchi.bd4a757a-60e1-4215-9c5d-0112847e66b7/none_v3 HTTP/1.0 201 - python-swiftclient-3.11.1 gAAAAABpXEVBgbS0... 22 - - tx47d3cf992fe040cea3331-00695c460b - 0.0147 - - 1767654923.986505270 1767654924.001165390 0
Jan 5 23:15:24 standalone container-server[121719]: 172.20.0.100 - - [05/Jan/2026:23:15:24 +0000] "HEAD /d1/858/AUTH_f49b1c397d4e44a6bc11d01090b61664/gnocchi.d499df38-dc11-4fcf-b943-156eff3246a6" 404 - "HEAD http://localhost:8080/v1/AUTH_f49b1c397d4e44a6bc11d01090b61664/gnocchi.d499df38-dc11-4fcf-b943-156eff3246a6?format=json&states=listing" "tx35a325dfaaa240a2ba717-00695c460c" "proxy-server 12" 0.0005 "-" 17 0
Jan 5 23:15:24 standalone object-server[121785]: 172.20.0.100 - - [05/Jan/2026:23:15:24 +0000] "GET /d1/115/AUTH_f49b1c397d4e44a6bc11d01090b61664/gnocchi.d499df38-dc11-4fcf-b943-156eff3246a6/none_v3" 404 70 "GET http://localhost:8080/v1/AUTH_f49b1c397d4e44a6bc11d01090b61664/gnocchi.d499df38-dc11-4fcf-b943-156eff3246a6/none_v3" "tx35a325dfaaa240a2ba717-00695c460c" "proxy-server 12" 0.0004 "-" 23 0
Jan 5 23:15:24 standalone proxy-server[123647]: 172.18.0.2 ::1 05/Jan/2026/23/15/24 GET /v1/AUTH_f49b1c397d4e44a6bc11d01090b61664/gnocchi.d499df38-dc11-4fcf-b943-156eff3246a6/none_v3 HTTP/1.0 404 - python-swiftclient-3.11.1 gAAAAABpXEVBgbS0... - 70 - tx35a325dfaaa240a2ba717-00695c460c - 0.0081 - - 1767654924.013969660 1767654924.022069216 0
Jan 5 23:15:24 standalone account-server[121595]: 172.20.0.100 - - [05/Jan/2026:23:15:24 +0000] "PUT /d1/19/AUTH_f49b1c397d4e44a6bc11d01090b61664/gnocchi.d499df38-dc11-4fcf-b943-156eff3246a6" 201 - "PUT http://172.20.0.100:6001/d1/858/AUTH_f49b1c397d4e44a6bc11d01090b61664/gnocchi.d499df38-dc11-4fcf-b943-156eff3246a6" "tx3779b9482a9b414299cbb-00695c460c" "container-server 14" 0.0058 "-" 16 0
Jan 5 23:15:24 standalone container-server[121690]: 172.20.0.100 - - [05/Jan/2026:23:15:24 +0000] "PUT /d1/858/AUTH_f49b1c397d4e44a6bc11d01090b61664/gnocchi.d499df38-dc11-4fcf-b943-156eff3246a6" 201 - "PUT http://localhost:8080/v1/AUTH_f49b1c397d4e44a6bc11d01090b61664/gnocchi.d499df38-dc11-4fcf-b943-156eff3246a6" "tx3779b9482a9b414299cbb-00695c460c" "proxy-server 12" 0.0188 "-" 14 0
Jan 5 23:15:24 standalone proxy-server[123647]: 172.18.0.2 ::1 05/Jan/2026/23/15/24 PUT /v1/AUTH_f49b1c397d4e44a6bc11d01090b61664/gnocchi.d499df38-dc11-4fcf-b943-156eff3246a6 HTTP/1.0 201 - python-swiftclient-3.11.1 gAAAAABpXEVBgbS0... - - - tx3779b9482a9b414299cbb-00695c460c - 0.0225 - - 1767654924.025408983 1767654924.047935009 0
Jan 5 23:15:24 standalone container-server[121711]: 172.20.0.100 - - [05/Jan/2026:23:15:24 +0000] "HEAD /d1/858/AUTH_f49b1c397d4e44a6bc11d01090b61664/gnocchi.d499df38-dc11-4fcf-b943-156eff3246a6" 204 - "HEAD http://localhost:8080/v1/AUTH_f49b1c397d4e44a6bc11d01090b61664/gnocchi.d499df38-dc11-4fcf-b943-156eff3246a6?format=json&states=listing" "tx4b7331f08cfc4a148ca78-00695c460c" "proxy-server 12" 0.0020 "-" 16 0
Jan 5 23:15:24 standalone proxy-server[123647]: - - 05/Jan/2026/23/15/24 HEAD /v1/AUTH_f49b1c397d4e44a6bc11d01090b61664/gnocchi.d499df38-dc11-4fcf-b943-156eff3246a6%3Fformat%3Djson%26states%3Dlisting HTTP/1.0 204 - Swift - - - - tx4b7331f08cfc4a148ca78-00695c460c - 0.0049 RL - 1767654924.052732706 1767654924.057621002 0
Jan 5 23:15:24 standalone container-server[121719]: 172.20.0.100 - - [05/Jan/2026:23:15:24 +0000] "GET /d1/858/AUTH_f49b1c397d4e44a6bc11d01090b61664/gnocchi.d499df38-dc11-4fcf-b943-156eff3246a6" 200 2 "GET http://localhost:8080/v1/AUTH_f49b1c397d4e44a6bc11d01090b61664/gnocchi.d499df38-dc11-4fcf-b943-156eff3246a6?format=json&states=listing" "tx4b7331f08cfc4a148ca78-00695c460c" "proxy-server 12" 0.0032 "-" 17 0
Jan 5 23:15:24 standalone proxy-server[123647]: 172.18.0.2 ::1 05/Jan/2026/23/15/24 GET /v1/AUTH_f49b1c397d4e44a6bc11d01090b61664/gnocchi.d499df38-dc11-4fcf-b943-156eff3246a6%3Fformat%3Djson%26states%3Dlisting HTTP/1.0 200 - python-swiftclient-3.11.1 gAAAAABpXEVBgbS0... - 2 - tx4b7331f08cfc4a148ca78-00695c460c - 0.0132 - - 1767654924.052064180 1767654924.065311909 0
Jan 5 23:15:24 standalone object-server[121785]: 172.20.0.100 - - [05/Jan/2026:23:15:24 +0000] "GET /d1/254/AUTH_f49b1c397d4e44a6bc11d01090b61664/gnocchi.d499df38-dc11-4fcf-b943-156eff3246a6/1766880000.0_mean_300.0_v3" 404 70 "GET http://localhost:8080/v1/AUTH_f49b1c397d4e44a6bc11d01090b61664/gnocchi.d499df38-dc11-4fcf-b943-156eff3246a6/1766880000.0_mean_300.0_v3" "tx69a3254eeda04af5b6916-00695c460c" "proxy-server 12" 0.0004 "-" 23 0
Jan 5 23:15:24 standalone proxy-server[123647]: 172.18.0.2 ::1 05/Jan/2026/23/15/24 GET /v1/AUTH_f49b1c397d4e44a6bc11d01090b61664/gnocchi.d499df38-dc11-4fcf-b943-156eff3246a6/1766880000.0_mean_300.0_v3 HTTP/1.0 404 - python-swiftclient-3.11.1 gAAAAABpXEVBgbS0... - 70 - tx69a3254eeda04af5b6916-00695c460c - 0.0044 - - 1767654924.069461823 1767654924.073853254 0
Jan 5 23:15:24 standalone container-server[121711]: 172.20.0.100 - - [05/Jan/2026:23:15:24 +0000] "PUT /d1/858/AUTH_f49b1c397d4e44a6bc11d01090b61664/gnocchi.d499df38-dc11-4fcf-b943-156eff3246a6/1766880000.0_mean_300.0_v3" 201 - "PUT http://localhost:8080/d1/254/AUTH_f49b1c397d4e44a6bc11d01090b61664/gnocchi.d499df38-dc11-4fcf-b943-156eff3246a6/1766880000.0_mean_300.0_v3" "tx9f63dfdd3eab4113a8831-00695c460c" "object-server 23" 0.0007 "-" 16 0
Jan 5 23:15:24 standalone object-server[121785]: 172.20.0.100 - - [05/Jan/2026:23:15:24 +0000] "PUT /d1/254/AUTH_f49b1c397d4e44a6bc11d01090b61664/gnocchi.d499df38-dc11-4fcf-b943-156eff3246a6/1766880000.0_mean_300.0_v3" 201 - "PUT http://localhost:8080/v1/AUTH_f49b1c397d4e44a6bc11d01090b61664/gnocchi.d499df38-dc11-4fcf-b943-156eff3246a6/1766880000.0_mean_300.0_v3" "tx9f63dfdd3eab4113a8831-00695c460c" "proxy-server 12" 0.0095 "-" 23 0
Jan 5 23:15:24 standalone proxy-server[123647]: 172.18.0.2 ::1 05/Jan/2026/23/15/24 PUT /v1/AUTH_f49b1c397d4e44a6bc11d01090b61664/gnocchi.d499df38-dc11-4fcf-b943-156eff3246a6/1766880000.0_mean_300.0_v3 HTTP/1.0 201 - python-swiftclient-3.11.1 gAAAAABpXEVBgbS0... 16 - - tx9f63dfdd3eab4113a8831-00695c460c - 0.0137 - - 1767654924.077503920 1767654924.091224670 0
Jan 5 23:15:24 standalone container-server[121719]: 172.20.0.100 - - [05/Jan/2026:23:15:24 +0000] "PUT /d1/858/AUTH_f49b1c397d4e44a6bc11d01090b61664/gnocchi.d499df38-dc11-4fcf-b943-156eff3246a6/none_v3" 201 - "PUT http://localhost:8080/d1/115/AUTH_f49b1c397d4e44a6bc11d01090b61664/gnocchi.d499df38-dc11-4fcf-b943-156eff3246a6/none_v3" "tx8c7da6e1a0b54d3ea0552-00695c460c" "object-server 23" 0.0006 "-" 17 0
Jan 5 23:15:24 standalone object-server[121785]: 172.20.0.100 - - [05/Jan/2026:23:15:24 +0000] "PUT /d1/115/AUTH_f49b1c397d4e44a6bc11d01090b61664/gnocchi.d499df38-dc11-4fcf-b943-156eff3246a6/none_v3" 201 - "PUT http://localhost:8080/v1/AUTH_f49b1c397d4e44a6bc11d01090b61664/gnocchi.d499df38-dc11-4fcf-b943-156eff3246a6/none_v3" "tx8c7da6e1a0b54d3ea0552-00695c460c" "proxy-server 12" 0.0098 "-" 23 0
Jan 5 23:15:24 standalone proxy-server[123647]: 172.18.0.2 ::1 05/Jan/2026/23/15/24 PUT /v1/AUTH_f49b1c397d4e44a6bc11d01090b61664/gnocchi.d499df38-dc11-4fcf-b943-156eff3246a6/none_v3 HTTP/1.0 201 - python-swiftclient-3.11.1 gAAAAABpXEVBgbS0... 22 - - tx8c7da6e1a0b54d3ea0552-00695c460c - 0.0139 - - 1767654924.094697714 1767654924.108584642 0
Jan 5 23:15:24 standalone container-server[121711]: 172.20.0.100 - - [05/Jan/2026:23:15:24 +0000] "HEAD /d1/816/AUTH_f49b1c397d4e44a6bc11d01090b61664/gnocchi.2b73310d-a43b-4862-80f1-706ad35a91ab" 404 - "HEAD http://localhost:8080/v1/AUTH_f49b1c397d4e44a6bc11d01090b61664/gnocchi.2b73310d-a43b-4862-80f1-706ad35a91ab?format=json&states=listing" "txd260c374d255476fbb1e0-00695c460c" "proxy-server 12" 0.0004 "-" 16 0
Jan 5 23:15:24 standalone object-server[121786]: 172.20.0.100 - - [05/Jan/2026:23:15:24 +0000] "GET /d1/147/AUTH_f49b1c397d4e44a6bc11d01090b61664/gnocchi.2b73310d-a43b-4862-80f1-706ad35a91ab/none_v3" 404 70 "GET http://localhost:8080/v1/AUTH_f49b1c397d4e44a6bc11d01090b61664/gnocchi.2b73310d-a43b-4862-80f1-706ad35a91ab/none_v3" "txd260c374d255476fbb1e0-00695c460c" "proxy-server 12" 0.0004 "-" 24 0
Jan 5 23:15:24 standalone proxy-server[123647]: 172.18.0.2 ::1 05/Jan/2026/23/15/24 GET /v1/AUTH_f49b1c397d4e44a6bc11d01090b61664/gnocchi.2b73310d-a43b-4862-80f1-706ad35a91ab/none_v3 HTTP/1.0 404 - python-swiftclient-3.11.1 gAAAAABpXEVBgbS0... - 70 - txd260c374d255476fbb1e0-00695c460c - 0.0087 - - 1767654924.120847940 1767654924.129573107 0
Jan 5 23:15:24 standalone account-server[121595]: 172.20.0.100 - - [05/Jan/2026:23:15:24 +0000] "PUT /d1/19/AUTH_f49b1c397d4e44a6bc11d01090b61664/gnocchi.2b73310d-a43b-4862-80f1-706ad35a91ab" 201 - "PUT http://172.20.0.100:6001/d1/816/AUTH_f49b1c397d4e44a6bc11d01090b61664/gnocchi.2b73310d-a43b-4862-80f1-706ad35a91ab" "tx33aed6f18c984d0f8768b-00695c460c" "container-server 14" 0.0057 "-" 16 0
Jan 5 23:15:24 standalone container-server[121690]: 172.20.0.100 - - [05/Jan/2026:23:15:24 +0000] "PUT /d1/816/AUTH_f49b1c397d4e44a6bc11d01090b61664/gnocchi.2b73310d-a43b-4862-80f1-706ad35a91ab" 201 - "PUT http://localhost:8080/v1/AUTH_f49b1c397d4e44a6bc11d01090b61664/gnocchi.2b73310d-a43b-4862-80f1-706ad35a91ab" "tx33aed6f18c984d0f8768b-00695c460c" "proxy-server 12" 0.0190 "-" 14 0
Jan 5 23:15:24 standalone proxy-server[123647]: 172.18.0.2 ::1 05/Jan/2026/23/15/24 PUT /v1/AUTH_f49b1c397d4e44a6bc11d01090b61664/gnocchi.2b73310d-a43b-4862-80f1-706ad35a91ab HTTP/1.0 201 - python-swiftclient-3.11.1 gAAAAABpXEVBgbS0... - - - tx33aed6f18c984d0f8768b-00695c460c - 0.0231 - - 1767654924.133211374 1767654924.156358719 0
Jan 5 23:15:24 standalone container-server[121704]: 172.20.0.100 - - [05/Jan/2026:23:15:24 +0000] "HEAD /d1/816/AUTH_f49b1c397d4e44a6bc11d01090b61664/gnocchi.2b73310d-a43b-4862-80f1-706ad35a91ab" 204 - "HEAD http://localhost:8080/v1/AUTH_f49b1c397d4e44a6bc11d01090b61664/gnocchi.2b73310d-a43b-4862-80f1-706ad35a91ab?format=json&states=listing" "txf7c1e1b8707b43a883ee3-00695c460c" "proxy-server 12" 0.0012 "-" 15 0
Jan 5 23:15:24 standalone proxy-server[123647]: - - 05/Jan/2026/23/15/24 HEAD /v1/AUTH_f49b1c397d4e44a6bc11d01090b61664/gnocchi.2b73310d-a43b-4862-80f1-706ad35a91ab%3Fformat%3Djson%26states%3Dlisting HTTP/1.0 204 - Swift - - - - txf7c1e1b8707b43a883ee3-00695c460c - 0.0038 RL - 1767654924.162239790 1767654924.166082621 0
Jan 5 23:15:24 standalone container-server[121690]: 172.20.0.100 - - [05/Jan/2026:23:15:24 +0000] "GET /d1/816/AUTH_f49b1c397d4e44a6bc11d01090b61664/gnocchi.2b73310d-a43b-4862-80f1-706ad35a91ab" 200 2 "GET http://localhost:8080/v1/AUTH_f49b1c397d4e44a6bc11d01090b61664/gnocchi.2b73310d-a43b-4862-80f1-706ad35a91ab?format=json&states=listing" "txf7c1e1b8707b43a883ee3-00695c460c" "proxy-server 12" 0.0034 "-" 14 0
Jan 5 23:15:24 standalone proxy-server[123647]: 172.18.0.2 ::1 05/Jan/2026/23/15/24 GET /v1/AUTH_f49b1c397d4e44a6bc11d01090b61664/gnocchi.2b73310d-a43b-4862-80f1-706ad35a91ab%3Fformat%3Djson%26states%3Dlisting HTTP/1.0 200 - python-swiftclient-3.11.1 gAAAAABpXEVBgbS0... - 2 - txf7c1e1b8707b43a883ee3-00695c460c - 0.0129 - - 1767654924.161529779 1767654924.174406290 0
Jan 5 23:15:24 standalone object-server[121784]: 172.20.0.100 - - [05/Jan/2026:23:15:24 +0000] "GET /d1/883/AUTH_f49b1c397d4e44a6bc11d01090b61664/gnocchi.2b73310d-a43b-4862-80f1-706ad35a91ab/1766880000.0_mean_300.0_v3" 404 70 "GET http://localhost:8080/v1/AUTH_f49b1c397d4e44a6bc11d01090b61664/gnocchi.2b73310d-a43b-4862-80f1-706ad35a91ab/1766880000.0_mean_300.0_v3" "txbff7d459dcc142f3bd04f-00695c460c" "proxy-server 12" 0.0005 "-" 22 0
Jan 5 23:15:24 standalone proxy-server[123647]: 172.18.0.2 ::1 05/Jan/2026/23/15/24 GET /v1/AUTH_f49b1c397d4e44a6bc11d01090b61664/gnocchi.2b73310d-a43b-4862-80f1-706ad35a91ab/1766880000.0_mean_300.0_v3 HTTP/1.0 404 - python-swiftclient-3.11.1 gAAAAABpXEVBgbS0... - 70 - txbff7d459dcc142f3bd04f-00695c460c - 0.0053 - - 1767654924.178946495 1767654924.184226036 0
Jan 5 23:15:24 standalone container-server[121690]: 172.20.0.100 - - [05/Jan/2026:23:15:24 +0000] "PUT /d1/816/AUTH_f49b1c397d4e44a6bc11d01090b61664/gnocchi.2b73310d-a43b-4862-80f1-706ad35a91ab/1766880000.0_mean_300.0_v3" 201 - "PUT http://localhost:8080/d1/883/AUTH_f49b1c397d4e44a6bc11d01090b61664/gnocchi.2b73310d-a43b-4862-80f1-706ad35a91ab/1766880000.0_mean_300.0_v3" "tx80c2ead1decc4ec6bce17-00695c460c" "object-server 23" 0.0010 "-" 14 0
Jan 5 23:15:24 standalone object-server[121785]: 172.20.0.100 - - [05/Jan/2026:23:15:24 +0000] "PUT /d1/883/AUTH_f49b1c397d4e44a6bc11d01090b61664/gnocchi.2b73310d-a43b-4862-80f1-706ad35a91ab/1766880000.0_mean_300.0_v3" 201 - "PUT http://localhost:8080/v1/AUTH_f49b1c397d4e44a6bc11d01090b61664/gnocchi.2b73310d-a43b-4862-80f1-706ad35a91ab/1766880000.0_mean_300.0_v3" "tx80c2ead1decc4ec6bce17-00695c460c" "proxy-server 12" 0.0100 "-" 23 0
Jan 5 23:15:24 standalone proxy-server[123647]: 172.18.0.2 ::1 05/Jan/2026/23/15/24 PUT /v1/AUTH_f49b1c397d4e44a6bc11d01090b61664/gnocchi.2b73310d-a43b-4862-80f1-706ad35a91ab/1766880000.0_mean_300.0_v3 HTTP/1.0 201 - python-swiftclient-3.11.1 gAAAAABpXEVBgbS0... 16 - - tx80c2ead1decc4ec6bce17-00695c460c - 0.0146 - - 1767654924.187996864 1767654924.202592373 0
Jan 5 23:15:24 standalone container-server[121711]: 172.20.0.100 - - [05/Jan/2026:23:15:24 +0000] "PUT /d1/816/AUTH_f49b1c397d4e44a6bc11d01090b61664/gnocchi.2b73310d-a43b-4862-80f1-706ad35a91ab/none_v3" 201 - "PUT http://localhost:8080/d1/147/AUTH_f49b1c397d4e44a6bc11d01090b61664/gnocchi.2b73310d-a43b-4862-80f1-706ad35a91ab/none_v3" "txe82780b05b8940e38bc02-00695c460c" "object-server 25" 0.0007 "-" 16 0
Jan 5 23:15:24 standalone object-server[121788]: 172.20.0.100 - - [05/Jan/2026:23:15:24 +0000] "PUT /d1/147/AUTH_f49b1c397d4e44a6bc11d01090b61664/gnocchi.2b73310d-a43b-4862-80f1-706ad35a91ab/none_v3" 201 - "PUT http://localhost:8080/v1/AUTH_f49b1c397d4e44a6bc11d01090b61664/gnocchi.2b73310d-a43b-4862-80f1-706ad35a91ab/none_v3" "txe82780b05b8940e38bc02-00695c460c" "proxy-server 12" 0.0113 "-" 25 0
Jan 5 23:15:24 standalone proxy-server[123647]: 172.18.0.2 ::1 05/Jan/2026/23/15/24 PUT /v1/AUTH_f49b1c397d4e44a6bc11d01090b61664/gnocchi.2b73310d-a43b-4862-80f1-706ad35a91ab/none_v3 HTTP/1.0 201 - python-swiftclient-3.11.1 gAAAAABpXEVBgbS0... 22 - - txe82780b05b8940e38bc02-00695c460c - 0.0166 - - 1767654924.205911398 1767654924.222536087 0
Jan 5 23:15:24 standalone container-server[121711]: 172.20.0.100 - - [05/Jan/2026:23:15:24 +0000] "HEAD /d1/915/AUTH_f49b1c397d4e44a6bc11d01090b61664/gnocchi.5a1fd614-2195-4dca-8a87-69aee4660285" 404 - "HEAD http://localhost:8080/v1/AUTH_f49b1c397d4e44a6bc11d01090b61664/gnocchi.5a1fd614-2195-4dca-8a87-69aee4660285?format=json&states=listing" "txce030d0aa33744f58d380-00695c460c" "proxy-server 12" 0.0005 "-" 16 0
Jan 5 23:15:24 standalone object-server[121788]: 172.20.0.100 - - [05/Jan/2026:23:15:24 +0000] "GET /d1/496/AUTH_f49b1c397d4e44a6bc11d01090b61664/gnocchi.5a1fd614-2195-4dca-8a87-69aee4660285/none_v3" 404 70 "GET http://localhost:8080/v1/AUTH_f49b1c397d4e44a6bc11d01090b61664/gnocchi.5a1fd614-2195-4dca-8a87-69aee4660285/none_v3" "txce030d0aa33744f58d380-00695c460c" "proxy-server 12" 0.0004 "-" 25 0
Jan 5 23:15:24 standalone proxy-server[123647]: 172.18.0.2 ::1 05/Jan/2026/23/15/24 GET /v1/AUTH_f49b1c397d4e44a6bc11d01090b61664/gnocchi.5a1fd614-2195-4dca-8a87-69aee4660285/none_v3 HTTP/1.0 404 - python-swiftclient-3.11.1 gAAAAABpXEVBgbS0... - 70 - txce030d0aa33744f58d380-00695c460c - 0.0080 - - 1767654924.236557007 1767654924.244537115 0
Jan 5 23:15:24 standalone account-server[121595]: 172.20.0.100 - - [05/Jan/2026:23:15:24 +0000] "PUT /d1/19/AUTH_f49b1c397d4e44a6bc11d01090b61664/gnocchi.5a1fd614-2195-4dca-8a87-69aee4660285" 201 - "PUT http://172.20.0.100:6001/d1/915/AUTH_f49b1c397d4e44a6bc11d01090b61664/gnocchi.5a1fd614-2195-4dca-8a87-69aee4660285" "tx3aaaafdb0fc2418fb3286-00695c460c" "container-server 16" 0.0058 "-" 16 0
Jan 5 23:15:24 standalone container-server[121711]: 172.20.0.100 - - [05/Jan/2026:23:15:24 +0000] "PUT /d1/915/AUTH_f49b1c397d4e44a6bc11d01090b61664/gnocchi.5a1fd614-2195-4dca-8a87-69aee4660285" 201 - "PUT http://localhost:8080/v1/AUTH_f49b1c397d4e44a6bc11d01090b61664/gnocchi.5a1fd614-2195-4dca-8a87-69aee4660285" "tx3aaaafdb0fc2418fb3286-00695c460c" "proxy-server 12" 0.0194 "-" 16 0
Jan 5 23:15:24 standalone proxy-server[123647]: 172.18.0.2 ::1 05/Jan/2026/23/15/24 PUT /v1/AUTH_f49b1c397d4e44a6bc11d01090b61664/gnocchi.5a1fd614-2195-4dca-8a87-69aee4660285 HTTP/1.0 201 - python-swiftclient-3.11.1 gAAAAABpXEVBgbS0... - - - tx3aaaafdb0fc2418fb3286-00695c460c - 0.0231 - - 1767654924.247745275 1767654924.270845652 0
Jan 5 23:15:24 standalone container-server[121711]: 172.20.0.100 - - [05/Jan/2026:23:15:24 +0000] "HEAD /d1/915/AUTH_f49b1c397d4e44a6bc11d01090b61664/gnocchi.5a1fd614-2195-4dca-8a87-69aee4660285" 204 - "HEAD http://localhost:8080/v1/AUTH_f49b1c397d4e44a6bc11d01090b61664/gnocchi.5a1fd614-2195-4dca-8a87-69aee4660285?format=json&states=listing" "tx0f8bf6f0d4ea47f9b34a1-00695c460c" "proxy-server 12" 0.0019 "-" 16 0
Jan 5 23:15:24 standalone proxy-server[123647]: - - 05/Jan/2026/23/15/24 HEAD /v1/AUTH_f49b1c397d4e44a6bc11d01090b61664/gnocchi.5a1fd614-2195-4dca-8a87-69aee4660285%3Fformat%3Djson%26states%3Dlisting HTTP/1.0 204 - Swift - - - - tx0f8bf6f0d4ea47f9b34a1-00695c460c - 0.0047 RL - 1767654924.277123928 1767654924.281863213 0
Jan 5 23:15:24 standalone container-server[121711]: 172.20.0.100 - - [05/Jan/2026:23:15:24 +0000] "GET /d1/915/AUTH_f49b1c397d4e44a6bc11d01090b61664/gnocchi.5a1fd614-2195-4dca-8a87-69aee4660285" 200 2 "GET http://localhost:8080/v1/AUTH_f49b1c397d4e44a6bc11d01090b61664/gnocchi.5a1fd614-2195-4dca-8a87-69aee4660285?format=json&states=listing" "tx0f8bf6f0d4ea47f9b34a1-00695c460c" "proxy-server 12" 0.0029 "-" 16 0
Jan 5 23:15:24 standalone proxy-server[123647]: 172.18.0.2 ::1 05/Jan/2026/23/15/24 GET /v1/AUTH_f49b1c397d4e44a6bc11d01090b61664/gnocchi.5a1fd614-2195-4dca-8a87-69aee4660285%3Fformat%3Djson%26states%3Dlisting HTTP/1.0 200 - python-swiftclient-3.11.1 gAAAAABpXEVBgbS0... - 2 - tx0f8bf6f0d4ea47f9b34a1-00695c460c - 0.0153 - - 1767654924.274884462 1767654924.290217876 0
Jan 5 23:15:24 standalone object-server[121784]: 172.20.0.100 - - [05/Jan/2026:23:15:24 +0000] "GET /d1/306/AUTH_f49b1c397d4e44a6bc11d01090b61664/gnocchi.5a1fd614-2195-4dca-8a87-69aee4660285/1766880000.0_mean_300.0_v3" 404 70 "GET http://localhost:8080/v1/AUTH_f49b1c397d4e44a6bc11d01090b61664/gnocchi.5a1fd614-2195-4dca-8a87-69aee4660285/1766880000.0_mean_300.0_v3" "txe9b0ed2de560444a89006-00695c460c" "proxy-server 12" 0.0005 "-" 22 0
Jan 5 23:15:24 standalone proxy-server[123647]: 172.18.0.2 ::1 05/Jan/2026/23/15/24 GET /v1/AUTH_f49b1c397d4e44a6bc11d01090b61664/gnocchi.5a1fd614-2195-4dca-8a87-69aee4660285/1766880000.0_mean_300.0_v3 HTTP/1.0 404 - python-swiftclient-3.11.1 gAAAAABpXEVBgbS0... - 70 - txe9b0ed2de560444a89006-00695c460c - 0.0052 - - 1767654924.294827223 1767654924.300041199 0
Jan 5 23:15:24 standalone container-server[121690]: 172.20.0.100 - - [05/Jan/2026:23:15:24 +0000] "PUT /d1/915/AUTH_f49b1c397d4e44a6bc11d01090b61664/gnocchi.5a1fd614-2195-4dca-8a87-69aee4660285/1766880000.0_mean_300.0_v3" 201 - "PUT http://localhost:8080/d1/306/AUTH_f49b1c397d4e44a6bc11d01090b61664/gnocchi.5a1fd614-2195-4dca-8a87-69aee4660285/1766880000.0_mean_300.0_v3" "tx4c8d4ae19eea4470a0e23-00695c460c" "object-server 23" 0.0011 "-" 14 0
Jan 5 23:15:24 standalone object-server[121785]: 172.20.0.100 - - [05/Jan/2026:23:15:24 +0000] "PUT /d1/306/AUTH_f49b1c397d4e44a6bc11d01090b61664/gnocchi.5a1fd614-2195-4dca-8a87-69aee4660285/1766880000.0_mean_300.0_v3" 201 - "PUT http://localhost:8080/v1/AUTH_f49b1c397d4e44a6bc11d01090b61664/gnocchi.5a1fd614-2195-4dca-8a87-69aee4660285/1766880000.0_mean_300.0_v3" "tx4c8d4ae19eea4470a0e23-00695c460c" "proxy-server 12" 0.0118 "-" 23 0
Jan 5 23:15:24 standalone proxy-server[123647]: 172.18.0.2 ::1 05/Jan/2026/23/15/24 PUT /v1/AUTH_f49b1c397d4e44a6bc11d01090b61664/gnocchi.5a1fd614-2195-4dca-8a87-69aee4660285/1766880000.0_mean_300.0_v3 HTTP/1.0 201 - python-swiftclient-3.11.1 gAAAAABpXEVBgbS0... 16 - - tx4c8d4ae19eea4470a0e23-00695c460c - 0.0170 - - 1767654924.306738853 1767654924.323788404 0
Jan 5 23:15:24 standalone container-server[121711]: 172.20.0.100 - - [05/Jan/2026:23:15:24 +0000] "PUT /d1/915/AUTH_f49b1c397d4e44a6bc11d01090b61664/gnocchi.5a1fd614-2195-4dca-8a87-69aee4660285/none_v3" 201 - "PUT http://localhost:8080/d1/496/AUTH_f49b1c397d4e44a6bc11d01090b61664/gnocchi.5a1fd614-2195-4dca-8a87-69aee4660285/none_v3" "tx76cab4a8dacf49f09f2b2-00695c460c" "object-server 24" 0.0007 "-" 16 0
Jan 5 23:15:24 standalone object-server[121786]: 172.20.0.100 - - [05/Jan/2026:23:15:24 +0000] "PUT /d1/496/AUTH_f49b1c397d4e44a6bc11d01090b61664/gnocchi.5a1fd614-2195-4dca-8a87-69aee4660285/none_v3" 201 - "PUT http://localhost:8080/v1/AUTH_f49b1c397d4e44a6bc11d01090b61664/gnocchi.5a1fd614-2195-4dca-8a87-69aee4660285/none_v3" "tx76cab4a8dacf49f09f2b2-00695c460c" "proxy-server 12" 0.0109 "-" 24 0
Jan 5 23:15:24 standalone proxy-server[123647]: 172.18.0.2 ::1 05/Jan/2026/23/15/24 PUT /v1/AUTH_f49b1c397d4e44a6bc11d01090b61664/gnocchi.5a1fd614-2195-4dca-8a87-69aee4660285/none_v3 HTTP/1.0 201 - python-swiftclient-3.11.1 gAAAAABpXEVBgbS0... 22 - - tx76cab4a8dacf49f09f2b2-00695c460c - 0.0161 - - 1767654924.328623056 1767654924.344742298 0
Jan 5 23:15:24 standalone container-server[121719]: 172.20.0.100 - - [05/Jan/2026:23:15:24 +0000] "HEAD /d1/126/AUTH_f49b1c397d4e44a6bc11d01090b61664/gnocchi.933659d7-637c-4309-aa93-39082dc45033" 404 - "HEAD http://localhost:8080/v1/AUTH_f49b1c397d4e44a6bc11d01090b61664/gnocchi.933659d7-637c-4309-aa93-39082dc45033?format=json&states=listing" "txeffea6fe7aff443083aca-00695c460c" "proxy-server 12" 0.0005 "-" 17 0
Jan 5 23:15:24 standalone object-server[121785]: 172.20.0.100 - - [05/Jan/2026:23:15:24 +0000] "GET /d1/424/AUTH_f49b1c397d4e44a6bc11d01090b61664/gnocchi.933659d7-637c-4309-aa93-39082dc45033/none_v3" 404 70 "GET http://localhost:8080/v1/AUTH_f49b1c397d4e44a6bc11d01090b61664/gnocchi.933659d7-637c-4309-aa93-39082dc45033/none_v3" "txeffea6fe7aff443083aca-00695c460c" "proxy-server 12" 0.0005 "-" 23 0
Jan 5 23:15:24 standalone proxy-server[123647]: 172.18.0.2 ::1 05/Jan/2026/23/15/24 GET /v1/AUTH_f49b1c397d4e44a6bc11d01090b61664/gnocchi.933659d7-637c-4309-aa93-39082dc45033/none_v3 HTTP/1.0 404 - python-swiftclient-3.11.1 gAAAAABpXEVBgbS0... - 70 - txeffea6fe7aff443083aca-00695c460c - 0.0091 - - 1767654924.357932091 1767654924.367016792 0
Jan 5 23:15:24 standalone account-server[121593]: 172.20.0.100 - - [05/Jan/2026:23:15:24 +0000] "PUT /d1/19/AUTH_f49b1c397d4e44a6bc11d01090b61664/gnocchi.933659d7-637c-4309-aa93-39082dc45033" 201 - "PUT http://172.20.0.100:6001/d1/126/AUTH_f49b1c397d4e44a6bc11d01090b61664/gnocchi.933659d7-637c-4309-aa93-39082dc45033" "txec7ee87ec95b41979b798-00695c460c" "container-server 14" 0.0071 "-" 15 0
Jan 5 23:15:24 standalone container-server[121690]: 172.20.0.100 - - [05/Jan/2026:23:15:24 +0000] "PUT /d1/126/AUTH_f49b1c397d4e44a6bc11d01090b61664/gnocchi.933659d7-637c-4309-aa93-39082dc45033" 201 - "PUT http://localhost:8080/v1/AUTH_f49b1c397d4e44a6bc11d01090b61664/gnocchi.933659d7-637c-4309-aa93-39082dc45033" "txec7ee87ec95b41979b798-00695c460c" "proxy-server 12" 0.0216 "-" 14 0
Jan 5 23:15:24 standalone proxy-server[123647]: 172.18.0.2 ::1 05/Jan/2026/23/15/24 PUT /v1/AUTH_f49b1c397d4e44a6bc11d01090b61664/gnocchi.933659d7-637c-4309-aa93-39082dc45033 HTTP/1.0 201 - python-swiftclient-3.11.1 gAAAAABpXEVBgbS0... - - - txec7ee87ec95b41979b798-00695c460c - 0.0265 - - 1767654924.370760202 1767654924.397250652 0
Jan 5 23:15:24 standalone container-server[121719]: 172.20.0.100 - - [05/Jan/2026:23:15:24 +0000] "HEAD /d1/126/AUTH_f49b1c397d4e44a6bc11d01090b61664/gnocchi.933659d7-637c-4309-aa93-39082dc45033" 204 - "HEAD http://localhost:8080/v1/AUTH_f49b1c397d4e44a6bc11d01090b61664/gnocchi.933659d7-637c-4309-aa93-39082dc45033?format=json&states=listing" "tx4ea1fe2a497c4a93ad391-00695c460c" "proxy-server 12" 0.0022 "-" 17 0
Jan 5 23:15:24 standalone proxy-server[123647]: - - 05/Jan/2026/23/15/24 HEAD /v1/AUTH_f49b1c397d4e44a6bc11d01090b61664/gnocchi.933659d7-637c-4309-aa93-39082dc45033%3Fformat%3Djson%26states%3Dlisting HTTP/1.0 204 - Swift - - - - tx4ea1fe2a497c4a93ad391-00695c460c - 0.0066 RL - 1767654924.402026892 1767654924.408672333 0
Jan 5 23:15:24 standalone container-server[121711]: 172.20.0.100 - - [05/Jan/2026:23:15:24 +0000] "GET /d1/126/AUTH_f49b1c397d4e44a6bc11d01090b61664/gnocchi.933659d7-637c-4309-aa93-39082dc45033" 200 2 "GET http://localhost:8080/v1/AUTH_f49b1c397d4e44a6bc11d01090b61664/gnocchi.933659d7-637c-4309-aa93-39082dc45033?format=json&states=listing" "tx4ea1fe2a497c4a93ad391-00695c460c" "proxy-server 12" 0.0033 "-" 16 0
Jan 5 23:15:24 standalone proxy-server[123647]: 172.18.0.2 ::1 05/Jan/2026/23/15/24 GET /v1/AUTH_f49b1c397d4e44a6bc11d01090b61664/gnocchi.933659d7-637c-4309-aa93-39082dc45033%3Fformat%3Djson%26states%3Dlisting HTTP/1.0 200 - python-swiftclient-3.11.1 gAAAAABpXEVBgbS0... - 2 - tx4ea1fe2a497c4a93ad391-00695c460c - 0.0182 - - 1767654924.400868654 1767654924.419080257 0
Jan 5 23:15:24 standalone object-server[121786]: 172.20.0.100 - - [05/Jan/2026:23:15:24 +0000] "GET /d1/98/AUTH_f49b1c397d4e44a6bc11d01090b61664/gnocchi.933659d7-637c-4309-aa93-39082dc45033/1766880000.0_mean_300.0_v3" 404 70 "GET http://localhost:8080/v1/AUTH_f49b1c397d4e44a6bc11d01090b61664/gnocchi.933659d7-637c-4309-aa93-39082dc45033/1766880000.0_mean_300.0_v3" "txfaaf25a0d5044f0e81cd3-00695c460c" "proxy-server 12" 0.0005 "-" 24 0
Jan 5 23:15:24 standalone proxy-server[123647]: 172.18.0.2 ::1 05/Jan/2026/23/15/24 GET /v1/AUTH_f49b1c397d4e44a6bc11d01090b61664/gnocchi.933659d7-637c-4309-aa93-39082dc45033/1766880000.0_mean_300.0_v3 HTTP/1.0 404 - python-swiftclient-3.11.1 gAAAAABpXEVBgbS0... - 70 - txfaaf25a0d5044f0e81cd3-00695c460c - 0.0063 - - 1767654924.422164202 1767654924.428444624 0
Jan 5 23:15:24 standalone container-server[121704]: 172.20.0.100 - - [05/Jan/2026:23:15:24 +0000] "PUT /d1/126/AUTH_f49b1c397d4e44a6bc11d01090b61664/gnocchi.933659d7-637c-4309-aa93-39082dc45033/1766880000.0_mean_300.0_v3" 201 - "PUT http://localhost:8080/d1/98/AUTH_f49b1c397d4e44a6bc11d01090b61664/gnocchi.933659d7-637c-4309-aa93-39082dc45033/1766880000.0_mean_300.0_v3" "tx4b8f664f7ecb4e40a0941-00695c460c" "object-server 25" 0.0007 "-" 15 0
Jan 5 23:15:24 standalone object-server[121788]: 172.20.0.100 - - [05/Jan/2026:23:15:24 +0000] "PUT /d1/98/AUTH_f49b1c397d4e44a6bc11d01090b61664/gnocchi.933659d7-637c-4309-aa93-39082dc45033/1766880000.0_mean_300.0_v3" 201 - "PUT http://localhost:8080/v1/AUTH_f49b1c397d4e44a6bc11d01090b61664/gnocchi.933659d7-637c-4309-aa93-39082dc45033/1766880000.0_mean_300.0_v3" "tx4b8f664f7ecb4e40a0941-00695c460c" "proxy-server 12" 0.0102 "-" 25 0
Jan 5 23:15:24 standalone proxy-server[123647]: 172.18.0.2 ::1 05/Jan/2026/23/15/24 PUT /v1/AUTH_f49b1c397d4e44a6bc11d01090b61664/gnocchi.933659d7-637c-4309-aa93-39082dc45033/1766880000.0_mean_300.0_v3 HTTP/1.0 201 - python-swiftclient-3.11.1 gAAAAABpXEVBgbS0... 16 - - tx4b8f664f7ecb4e40a0941-00695c460c - 0.0158 - - 1767654924.430796862 1767654924.446581602 0
Jan 5 23:15:24 standalone container-server[121719]: 172.20.0.100 - - [05/Jan/2026:23:15:24 +0000] "PUT /d1/126/AUTH_f49b1c397d4e44a6bc11d01090b61664/gnocchi.933659d7-637c-4309-aa93-39082dc45033/none_v3" 201 - "PUT http://localhost:8080/d1/424/AUTH_f49b1c397d4e44a6bc11d01090b61664/gnocchi.933659d7-637c-4309-aa93-39082dc45033/none_v3" "txd6da8797c9064b918eebb-00695c460c" "object-server 24" 0.0006 "-" 17 0
Jan 5 23:15:24 standalone object-server[121786]: 172.20.0.100 - - [05/Jan/2026:23:15:24 +0000] "PUT /d1/424/AUTH_f49b1c397d4e44a6bc11d01090b61664/gnocchi.933659d7-637c-4309-aa93-39082dc45033/none_v3" 201 - "PUT http://localhost:8080/v1/AUTH_f49b1c397d4e44a6bc11d01090b61664/gnocchi.933659d7-637c-4309-aa93-39082dc45033/none_v3" "txd6da8797c9064b918eebb-00695c460c" "proxy-server 12" 0.0099 "-" 24 0
Jan 5 23:15:24 standalone proxy-server[123647]: 172.18.0.2 ::1 05/Jan/2026/23/15/24 PUT /v1/AUTH_f49b1c397d4e44a6bc11d01090b61664/gnocchi.933659d7-637c-4309-aa93-39082dc45033/none_v3 HTTP/1.0 201 - python-swiftclient-3.11.1 gAAAAABpXEVBgbS0... 22 - - txd6da8797c9064b918eebb-00695c460c - 0.0162 - - 1767654924.449071169 1767654924.465295792 0
Jan 5 23:15:24 standalone container-server[121704]: 172.20.0.100 - - [05/Jan/2026:23:15:24 +0000] "HEAD /d1/114/AUTH_f49b1c397d4e44a6bc11d01090b61664/gnocchi.00e45f9a-5542-4bda-8620-fcb096dd8565" 404 - "HEAD http://localhost:8080/v1/AUTH_f49b1c397d4e44a6bc11d01090b61664/gnocchi.00e45f9a-5542-4bda-8620-fcb096dd8565?format=json&states=listing" "tx0201f4e6cada435989cec-00695c460c" "proxy-server 12" 0.0004 "-" 15 0
Jan 5 23:15:24 standalone object-server[121788]: 172.20.0.100 - - [05/Jan/2026:23:15:24 +0000] "GET /d1/833/AUTH_f49b1c397d4e44a6bc11d01090b61664/gnocchi.00e45f9a-5542-4bda-8620-fcb096dd8565/none_v3" 404 70 "GET http://localhost:8080/v1/AUTH_f49b1c397d4e44a6bc11d01090b61664/gnocchi.00e45f9a-5542-4bda-8620-fcb096dd8565/none_v3" "tx0201f4e6cada435989cec-00695c460c" "proxy-server 12" 0.0006 "-" 25 0
Jan 5 23:15:24 standalone proxy-server[123647]: 172.18.0.2 ::1 05/Jan/2026/23/15/24 GET /v1/AUTH_f49b1c397d4e44a6bc11d01090b61664/gnocchi.00e45f9a-5542-4bda-8620-fcb096dd8565/none_v3 HTTP/1.0 404 - python-swiftclient-3.11.1 gAAAAABpXEVBgbS0... - 70 - tx0201f4e6cada435989cec-00695c460c - 0.0140 - - 1767654924.474450111 1767654924.488445282 0
Jan 5 23:15:24 standalone account-server[121569]: 172.20.0.100 - - [05/Jan/2026:23:15:24 +0000] "PUT /d1/19/AUTH_f49b1c397d4e44a6bc11d01090b61664/gnocchi.00e45f9a-5542-4bda-8620-fcb096dd8565" 201 - "PUT http://172.20.0.100:6001/d1/114/AUTH_f49b1c397d4e44a6bc11d01090b61664/gnocchi.00e45f9a-5542-4bda-8620-fcb096dd8565" "tx6ecc93981e8b41a397f6a-00695c460c" "container-server 16" 0.0053 "-" 14 0
Jan 5 23:15:24 standalone container-server[121711]: 172.20.0.100 - - [05/Jan/2026:23:15:24 +0000] "PUT /d1/114/AUTH_f49b1c397d4e44a6bc11d01090b61664/gnocchi.00e45f9a-5542-4bda-8620-fcb096dd8565" 201 - "PUT http://localhost:8080/v1/AUTH_f49b1c397d4e44a6bc11d01090b61664/gnocchi.00e45f9a-5542-4bda-8620-fcb096dd8565" "tx6ecc93981e8b41a397f6a-00695c460c" "proxy-server 12" 0.0192 "-" 16 0
Jan 5 23:15:24 standalone proxy-server[123647]: 172.18.0.2 ::1 05/Jan/2026/23/15/24 PUT /v1/AUTH_f49b1c397d4e44a6bc11d01090b61664/gnocchi.00e45f9a-5542-4bda-8620-fcb096dd8565 HTTP/1.0 201 - python-swiftclient-3.11.1 gAAAAABpXEVBgbS0... - - - tx6ecc93981e8b41a397f6a-00695c460c - 0.0271 - - 1767654924.491627932 1767654924.518743753 0
Jan 5 23:15:24 standalone container-server[121704]: 172.20.0.100 - - [05/Jan/2026:23:15:24 +0000] "HEAD /d1/114/AUTH_f49b1c397d4e44a6bc11d01090b61664/gnocchi.00e45f9a-5542-4bda-8620-fcb096dd8565" 204 - "HEAD http://localhost:8080/v1/AUTH_f49b1c397d4e44a6bc11d01090b61664/gnocchi.00e45f9a-5542-4bda-8620-fcb096dd8565?format=json&states=listing" "tx91b2822c61514d0192bc6-00695c460c" "proxy-server 12" 0.0015 "-" 15 0
Jan 5 23:15:24 standalone proxy-server[123647]: - - 05/Jan/2026/23/15/24 HEAD /v1/AUTH_f49b1c397d4e44a6bc11d01090b61664/gnocchi.00e45f9a-5542-4bda-8620-fcb096dd8565%3Fformat%3Djson%26states%3Dlisting HTTP/1.0 204 - Swift - - - - tx91b2822c61514d0192bc6-00695c460c - 0.0056 RL - 1767654924.523899794 1767654924.529518843 0
