10.128.0.179 - - [04/Dec/2025:12:22:54 +0000] "GET / HTTP/1.1" 300 287 "-" "gophercloud/v2.8.0" [Thu Dec 04 12:22:54.501693 2025] [wsgi:error] [pid 17:tid 50] [remote 10.128.0.179:60774] 2025-12-04 12:22:54.501 17 WARNING keystone.common.password_hashing [None req-85d970b1-87d2-4b28-88be-17ec56c76beb - - - - - -] Truncating password to algorithm specific maximum length 72 characters.\x1b[00m
10.128.0.179 - - [04/Dec/2025:12:22:54 +0000] "POST /v3/auth/tokens HTTP/1.1" 201 3670 "-" "gophercloud/v2.8.0"
10.128.0.179 - - [04/Dec/2025:12:22:54 +0000] "GET / HTTP/1.1" 300 287 "-" "gophercloud/v2.8.0" [Thu Dec 04 12:22:54.527191 2025] [wsgi:error] [pid 19:tid 56] [remote 10.128.0.188:52994] 2025-12-04 12:22:54.526 19 WARNING keystone.common.fernet_utils [None req-e7560326-698a-4d15-8b4b-96e9a75c4550 - - - - - -] key_repository is world readable: /etc/keystone/fernet-keys\x1b[00m [Thu Dec 04 12:22:54.546966 2025] [wsgi:error] [pid 18:tid 53] [remote 10.128.0.179:60780] 2025-12-04 12:22:54.546 18 WARNING keystone.common.password_hashing [None req-530fd555-fa20-428f-8a7b-fe8c7642c0b5 - - - - - -] Truncating password to algorithm specific maximum length 72 characters.\x1b[00m
10.128.0.188 - - [04/Dec/2025:12:22:54 +0000] "POST /v3/auth/tokens HTTP/1.1" 201 3670 "-" "gophercloud/v2.8.0"
10.128.0.188 - - [04/Dec/2025:12:22:54 +0000] "GET /v3/roles?name=swiftoperator HTTP/1.1" 200 372 "-" "gophercloud/v2.8.0"
10.128.0.188 - - [04/Dec/2025:12:22:54 +0000] "GET /v3/roles?name=SwiftProjectReader HTTP/1.1" 200 382 "-" "gophercloud/v2.8.0" [Thu Dec 04 12:22:54.825838 2025] [wsgi:error] [pid 17:tid 50] [remote 10.128.0.179:60774] 2025-12-04 12:22:54.825 17 WARNING keystone.common.fernet_utils [None req-85d970b1-87d2-4b28-88be-17ec56c76beb - - - - - -] key_repository is world readable: /etc/keystone/fernet-keys\x1b[00m [Thu Dec 04 12:22:54.843607 2025] [wsgi:error] [pid 18:tid 53] [remote 10.128.0.179:60780] 2025-12-04 12:22:54.843 18 WARNING keystone.common.fernet_utils [None req-530fd555-fa20-428f-8a7b-fe8c7642c0b5 - - - - - -] key_repository is world readable: /etc/keystone/fernet-keys\x1b[00m
10.128.0.188 - - [04/Dec/2025:12:22:54 +0000] "GET /v3/roles?name=SwiftSystemReader HTTP/1.1" 200 380 "-" "gophercloud/v2.8.0"
10.128.0.179 - - [04/Dec/2025:12:22:54 +0000] "POST /v3/auth/tokens HTTP/1.1" 201 3670 "-" "gophercloud/v2.8.0"
10.128.0.179 - - [04/Dec/2025:12:22:54 +0000] "POST /v3/auth/tokens HTTP/1.1" 201 3670 "-" "gophercloud/v2.8.0"
10.128.0.179 - - [04/Dec/2025:12:22:54 +0000] "GET /v3/endpoints?interface=internal®ion_id=regionOne&service_id=234444c2003a4a9491ad6c5b0d2a19e6 HTTP/1.1" 200 586 "-" "gophercloud/v2.8.0"
10.128.0.179 - - [04/Dec/2025:12:22:54 +0000] "GET /v3/services?name=swift&type=object-store HTTP/1.1" 200 408 "-" "gophercloud/v2.8.0"
10.128.0.188 - - [04/Dec/2025:12:22:55 +0000] "GET / HTTP/1.1" 300 287 "-" "gophercloud/v2.8.0" [Thu Dec 04 12:22:55.223395 2025] [wsgi:error] [pid 19:tid 56] [remote 10.128.0.188:53004] 2025-12-04 12:22:55.223 19 WARNING keystone.common.password_hashing [None req-8dac3c21-0b0e-4716-9387-fddb702a1895 - - - - - -] Truncating password to algorithm specific maximum length 72 characters.\x1b[00m
10.128.0.179 - - [04/Dec/2025:12:22:54 +0000] "GET /v3/endpoints?interface=public®ion_id=regionOne&service_id=234444c2003a4a9491ad6c5b0d2a19e6 HTTP/1.1" 200 594 "-" "gophercloud/v2.8.0"
10.128.0.179 - - [04/Dec/2025:12:22:55 +0000] "GET / HTTP/1.1" 300 287 "-" "gophercloud/v2.8.0" [Thu Dec 04 12:22:55.360039 2025] [wsgi:error] [pid 18:tid 53] [remote 10.128.0.179:60794] 2025-12-04 12:22:55.359 18 WARNING keystone.common.password_hashing [None req-187142c8-89e5-439b-943c-c9b6f85b0e6f - - - - - -] Truncating password to algorithm specific maximum length 72 characters.\x1b[00m
10.128.0.179 - - [04/Dec/2025:12:22:54 +0000] "GET /v3/projects?domain_id=default&name=service HTTP/1.1" 200 470 "-" "gophercloud/v2.8.0" [Thu Dec 04 12:22:55.570740 2025] [wsgi:error] [pid 19:tid 56] [remote 10.128.0.188:53004] 2025-12-04 12:22:55.570 19 WARNING keystone.common.fernet_utils [None req-8dac3c21-0b0e-4716-9387-fddb702a1895 - - - - - -] key_repository is world readable: /etc/keystone/fernet-keys\x1b[00m
10.128.0.188 - - [04/Dec/2025:12:22:55 +0000] "POST /v3/auth/tokens HTTP/1.1" 201 3670 "-" "gophercloud/v2.8.0" [Thu Dec 04 12:22:55.712750 2025] [wsgi:error] [pid 18:tid 53] [remote 10.128.0.179:60794] 2025-12-04 12:22:55.712 18 WARNING keystone.common.fernet_utils [None req-187142c8-89e5-439b-943c-c9b6f85b0e6f - - - - - -] key_repository is world readable: /etc/keystone/fernet-keys\x1b[00m
10.128.0.179 - - [04/Dec/2025:12:22:55 +0000] "GET /v3/users?domain_id=default&name=swift HTTP/1.1" 200 462 "-" "gophercloud/v2.8.0"
10.128.0.188 - - [04/Dec/2025:12:22:55 +0000] "GET /v3/roles?name=swiftoperator HTTP/1.1" 200 372 "-" "gophercloud/v2.8.0"
10.128.0.179 - - [04/Dec/2025:12:22:55 +0000] "POST /v3/auth/tokens HTTP/1.1" 201 3670 "-" "gophercloud/v2.8.0"
10.128.0.179 - - [04/Dec/2025:12:22:55 +0000] "GET /v3/roles?name=admin HTTP/1.1" 200 373 "-" "gophercloud/v2.8.0"
10.128.0.188 - - [04/Dec/2025:12:22:55 +0000] "GET /v3/roles?name=SwiftProjectReader HTTP/1.1" 200 382 "-" "gophercloud/v2.8.0"
10.128.0.179 - - [04/Dec/2025:12:22:55 +0000] "GET /v3/endpoints?interface=internal®ion_id=regionOne&service_id=91330d56e39c474a8856e5d275562970 HTTP/1.1" 200 600 "-" "gophercloud/v2.8.0"
10.128.0.179 - - [04/Dec/2025:12:22:55 +0000] "GET /v3/roles?name=admin HTTP/1.1" 200 373 "-" "gophercloud/v2.8.0"
10.128.0.188 - - [04/Dec/2025:12:22:55 +0000] "GET /v3/roles?name=SwiftSystemReader HTTP/1.1" 200 380 "-" "gophercloud/v2.8.0"
10.128.0.179 - - [04/Dec/2025:12:22:56 +0000] "GET /v3/endpoints?interface=public®ion_id=regionOne&service_id=91330d56e39c474a8856e5d275562970 HTTP/1.1" 200 608 "-" "gophercloud/v2.8.0"
10.128.0.179 - - [04/Dec/2025:12:22:56 +0000] "GET / HTTP/1.1" 300 287 "-" "gophercloud/v2.8.0" [Thu Dec 04 12:22:56.162917 2025] [wsgi:error] [pid 18:tid 53] [remote 10.128.0.179:60806] 2025-12-04 12:22:56.162 18 WARNING keystone.common.password_hashing [None req-043d0789-19a7-4d3d-8645-1d99ee9c0cc3 - - - - - -] Truncating password to algorithm specific maximum length 72 characters.\x1b[00m
10.128.0.179 - - [04/Dec/2025:12:22:56 +0000] "GET /v3/role_assignments?role.id=369364c1ae9343469970fa5b0429372d&scope.project.id=27274796818249e89e64e4dc6d38200b&user.id=99c537f28dce4eda936cc6e99933738d HTTP/1.1" 200 642 "-" "gophercloud/v2.8.0"
10.128.0.179 - - [04/Dec/2025:12:22:56 +0000] "GET /v3/roles?name=service HTTP/1.1" 200 360 "-" "gophercloud/v2.8.0"
10.128.0.179 - - [04/Dec/2025:12:22:56 +0000] "GET /v3/roles?name=service HTTP/1.1" 200 360 "-" "gophercloud/v2.8.0" [Thu Dec 04 12:22:56.449291 2025] [wsgi:error] [pid 18:tid 53] [remote 10.128.0.179:60806] 2025-12-04 12:22:56.449 18 WARNING keystone.common.fernet_utils [None req-043d0789-19a7-4d3d-8645-1d99ee9c0cc3 - - - - - -] key_repository is world readable: /etc/keystone/fernet-keys\x1b[00m
10.128.0.179 - - [04/Dec/2025:12:22:56 +0000] "POST /v3/auth/tokens HTTP/1.1" 201 3670 "-" "gophercloud/v2.8.0"
10.128.0.179 - - [04/Dec/2025:12:22:56 +0000] "GET / HTTP/1.1" 300 287 "-" "gophercloud/v2.8.0"
10.128.0.179 - - [04/Dec/2025:12:22:56 +0000] "GET /v3/role_assignments?role.id=d2288c285b0b4088b1d1c0aa6c3d08ef&scope.project.id=27274796818249e89e64e4dc6d38200b&user.id=99c537f28dce4eda936cc6e99933738d HTTP/1.1" 200 642 "-" "gophercloud/v2.8.0" [Thu Dec 04 12:22:56.592417 2025] [wsgi:error] [pid 18:tid 53] [remote 10.128.0.179:60814] 2025-12-04 12:22:56.592 18 WARNING keystone.common.password_hashing [None req-f17b1f57-4c43-4fe4-98d3-de3a770794ce - - - - - -] Truncating password to algorithm specific maximum length 72 characters.\x1b[00m
10.128.0.179 - - [04/Dec/2025:12:22:56 +0000] "GET / HTTP/1.1" 300 287 "-" "gophercloud/v2.8.0" [Thu Dec 04 12:22:56.622688 2025] [wsgi:error] [pid 19:tid 56] [remote 10.128.0.179:60828] 2025-12-04 12:22:56.622 19 WARNING keystone.common.password_hashing [None req-a393151b-3cf7-49ae-9f87-cd53cd6e9cff - - - - - -] Truncating password to algorithm specific maximum length 72 characters.\x1b[00m [Thu Dec 04 12:22:56.874733 2025] [wsgi:error] [pid 18:tid 53] [remote 10.128.0.179:60814] 2025-12-04 12:22:56.874 18 WARNING keystone.common.fernet_utils [None req-f17b1f57-4c43-4fe4-98d3-de3a770794ce - - - - - -] key_repository is world readable: /etc/keystone/fernet-keys\x1b[00m [Thu Dec 04 12:22:56.941297 2025] [wsgi:error] [pid 19:tid 56] [remote 10.128.0.179:60828] 2025-12-04 12:22:56.941 19 WARNING keystone.common.fernet_utils [None req-a393151b-3cf7-49ae-9f87-cd53cd6e9cff - - - - - -] key_repository is world readable: /etc/keystone/fernet-keys\x1b[00m
10.128.0.179 - - [04/Dec/2025:12:22:56 +0000] "POST /v3/auth/tokens HTTP/1.1" 201 3670 "-" "gophercloud/v2.8.0"
10.128.0.179 - - [04/Dec/2025:12:22:56 +0000] "POST /v3/auth/tokens HTTP/1.1" 201 3670 "-" "gophercloud/v2.8.0"
10.128.0.179 - - [04/Dec/2025:12:22:57 +0000] "GET /v3/services?name=ironic-inspector&type=baremetal-introspection HTTP/1.1" 200 179 "-" "gophercloud/v2.8.0"
10.128.0.179 - - [04/Dec/2025:12:22:57 +0000] "GET /v3/services?name=ironic-inspector&type=baremetal-introspection HTTP/1.1" 200 179 "-" "gophercloud/v2.8.0"
10.128.0.179 - - [04/Dec/2025:12:22:57 +0000] "POST /v3/services HTTP/1.1" 201 308 "-" "gophercloud/v2.8.0"
10.128.0.179 - - [04/Dec/2025:12:22:57 +0000] "GET /v3/projects?domain_id=default&name=service HTTP/1.1" 200 470 "-" "gophercloud/v2.8.0"
10.128.0.179 - - [04/Dec/2025:12:22:57 +0000] "GET /v3/users?domain_id=default&name=ironic-inspector HTTP/1.1" 200 162 "-" "gophercloud/v2.8.0" [Thu Dec 04 12:22:58.050586 2025] [wsgi:error] [pid 19:tid 56] [remote 10.128.0.179:60828] 2025-12-04 12:22:58.050 19 WARNING keystone.common.password_hashing [None req-dc9748d7-85de-490b-ba11-6f5cb0cde192 9f6eac50276a43e2aa8fba42a5ef4521 - - all default -] Truncating password to algorithm specific maximum length 72 characters.\x1b[00m
10.128.0.188 - - [04/Dec/2025:12:22:58 +0000] "GET / HTTP/1.1" 300 287 "-" "gophercloud/v2.8.0" [Thu Dec 04 12:22:58.340482 2025] [wsgi:error] [pid 18:tid 53] [remote 10.128.0.188:53014] 2025-12-04 12:22:58.340 18 WARNING keystone.common.password_hashing [None req-f0a3fe33-0545-40fa-b23d-ab866d7dca22 - - - - - -] Truncating password to algorithm specific maximum length 72 characters.\x1b[00m
10.128.0.179 - - [04/Dec/2025:12:22:57 +0000] "POST /v3/users HTTP/1.1" 201 333 "-" "gophercloud/v2.8.0"
10.128.0.179 - - [04/Dec/2025:12:22:58 +0000] "GET /v3/roles?name=admin HTTP/1.1" 200 373 "-" "gophercloud/v2.8.0"
10.128.0.179 - - [04/Dec/2025:12:22:58 +0000] "GET /v3/roles?name=admin HTTP/1.1" 200 373 "-" "gophercloud/v2.8.0" [Thu Dec 04 12:22:58.614664 2025] [wsgi:error] [pid 18:tid 53] [remote 10.128.0.188:53014] 2025-12-04 12:22:58.614 18 WARNING keystone.common.fernet_utils [None req-f0a3fe33-0545-40fa-b23d-ab866d7dca22 - - - - - -] key_repository is world readable: /etc/keystone/fernet-keys\x1b[00m
10.128.0.188 - - [04/Dec/2025:12:22:58 +0000] "POST /v3/auth/tokens HTTP/1.1" 201 3794 "-" "gophercloud/v2.8.0"
10.128.0.179 - - [04/Dec/2025:12:22:58 +0000] "GET /v3/role_assignments?role.id=369364c1ae9343469970fa5b0429372d&scope.project.id=27274796818249e89e64e4dc6d38200b&user.id=f466776d700e4e428ab33d493ff77c91 HTTP/1.1" 200 276 "-" "gophercloud/v2.8.0"
10.128.0.188 - - [04/Dec/2025:12:22:58 +0000] "GET /v3/roles?name=swiftoperator HTTP/1.1" 200 372 "-" "gophercloud/v2.8.0"
10.128.0.179 - - [04/Dec/2025:12:22:58 +0000] "PUT /v3/projects/27274796818249e89e64e4dc6d38200b/users/f466776d700e4e428ab33d493ff77c91/roles/369364c1ae9343469970fa5b0429372d HTTP/1.1" 204 - "-" "gophercloud/v2.8.0"
10.128.0.188 - - [04/Dec/2025:12:22:58 +0000] "GET /v3/roles?name=SwiftProjectReader HTTP/1.1" 200 382 "-" "gophercloud/v2.8.0"
10.128.0.179 - - [04/Dec/2025:12:22:58 +0000] "GET /v3/roles?name=service HTTP/1.1" 200 360 "-" "gophercloud/v2.8.0"
10.128.0.188 - - [04/Dec/2025:12:22:58 +0000] "GET /v3/roles?name=SwiftSystemReader HTTP/1.1" 200 380 "-" "gophercloud/v2.8.0"
10.128.0.179 - - [04/Dec/2025:12:22:58 +0000] "GET /v3/roles?name=service HTTP/1.1" 200 360 "-" "gophercloud/v2.8.0"
10.128.0.179 - - [04/Dec/2025:12:22:59 +0000] "GET /v3/role_assignments?role.id=d2288c285b0b4088b1d1c0aa6c3d08ef&scope.project.id=27274796818249e89e64e4dc6d38200b&user.id=f466776d700e4e428ab33d493ff77c91 HTTP/1.1" 200 276 "-" "gophercloud/v2.8.0"
10.128.0.179 - - [04/Dec/2025:12:22:59 +0000] "PUT /v3/projects/27274796818249e89e64e4dc6d38200b/users/f466776d700e4e428ab33d493ff77c91/roles/d2288c285b0b4088b1d1c0aa6c3d08ef HTTP/1.1" 204 - "-" "gophercloud/v2.8.0"
10.128.0.179 - - [04/Dec/2025:12:22:59 +0000] "GET / HTTP/1.1" 300 287 "-" "gophercloud/v2.8.0" [Thu Dec 04 12:22:59.381676 2025] [wsgi:error] [pid 17:tid 50] [remote 10.128.0.179:44982] 2025-12-04 12:22:59.381 17 WARNING keystone.common.password_hashing [None req-3279f0b4-8197-4040-8bae-973b0b290cff - - - - - -] Truncating password to algorithm specific maximum length 72 characters.\x1b[00m [Thu Dec 04 12:22:59.682647 2025] [wsgi:error] [pid 17:tid 50] [remote 10.128.0.179:44982] 2025-12-04 12:22:59.682 17 WARNING keystone.common.fernet_utils [None req-3279f0b4-8197-4040-8bae-973b0b290cff - - - - - -] key_repository is world readable: /etc/keystone/fernet-keys\x1b[00m
10.128.0.179 - - [04/Dec/2025:12:22:59 +0000] "POST /v3/auth/tokens HTTP/1.1" 201 3794 "-" "gophercloud/v2.8.0"
10.128.0.179 - - [04/Dec/2025:12:22:59 +0000] "GET /v3/services?name=ironic-inspector&type=baremetal-introspection HTTP/1.1" 200 473 "-" "gophercloud/v2.8.0"
10.128.0.179 - - [04/Dec/2025:12:22:59 +0000] "GET /v3/projects?domain_id=default&name=service HTTP/1.1" 200 470 "-" "gophercloud/v2.8.0"
10.128.0.179 - - [04/Dec/2025:12:23:00 +0000] "GET /v3/users?domain_id=default&name=ironic-inspector HTTP/1.1" 200 484 "-" "gophercloud/v2.8.0"
10.128.0.179 - - [04/Dec/2025:12:23:00 +0000] "GET /v3/roles?name=admin HTTP/1.1" 200 373 "-" "gophercloud/v2.8.0"
10.128.0.179 - - [04/Dec/2025:12:23:00 +0000] "GET /v3/roles?name=admin HTTP/1.1" 200 373 "-" "gophercloud/v2.8.0"
10.128.0.179 - - [04/Dec/2025:12:23:00 +0000] "GET /v3/role_assignments?role.id=369364c1ae9343469970fa5b0429372d&scope.project.id=27274796818249e89e64e4dc6d38200b&user.id=f466776d700e4e428ab33d493ff77c91 HTTP/1.1" 200 642 "-" "gophercloud/v2.8.0"
10.128.0.179 - - [04/Dec/2025:12:23:00 +0000] "GET /v3/roles?name=service HTTP/1.1" 200 360 "-" "gophercloud/v2.8.0"
10.128.0.179 - - [04/Dec/2025:12:23:00 +0000] "GET /v3/roles?name=service HTTP/1.1" 200 360 "-" "gophercloud/v2.8.0"
10.128.0.179 - - [04/Dec/2025:12:23:00 +0000] "GET /v3/role_assignments?role.id=d2288c285b0b4088b1d1c0aa6c3d08ef&scope.project.id=27274796818249e89e64e4dc6d38200b&user.id=f466776d700e4e428ab33d493ff77c91 HTTP/1.1" 200 642 "-" "gophercloud/v2.8.0"
10.128.0.179 - - [04/Dec/2025:12:23:04 +0000] "GET / HTTP/1.1" 300 287 "-" "gophercloud/v2.8.0" [Thu Dec 04 12:23:04.545716 2025] [wsgi:error] [pid 18:tid 53] [remote 10.128.0.179:44984] 2025-12-04 12:23:04.545 18 WARNING keystone.common.password_hashing [None req-eacc01b5-d4a7-4275-bfa0-d14def21e8d9 - - - - - -] Truncating password to algorithm specific maximum length 72 characters.\x1b[00m [Thu Dec 04 12:23:04.831236 2025] [wsgi:error] [pid 18:tid 53] [remote 10.128.0.179:44984] 2025-12-04 12:23:04.830 18 WARNING keystone.common.fernet_utils [None req-eacc01b5-d4a7-4275-bfa0-d14def21e8d9 - - - - - -] key_repository is world readable: /etc/keystone/fernet-keys\x1b[00m
10.128.0.179 - - [04/Dec/2025:12:23:04 +0000] "POST /v3/auth/tokens HTTP/1.1" 201 3794 "-" "gophercloud/v2.8.0"
10.128.0.179 - - [04/Dec/2025:12:23:04 +0000] "GET / HTTP/1.1" 300 287 "-" "gophercloud/v2.8.0" [Thu Dec 04 12:23:04.953639 2025] [wsgi:error] [pid 18:tid 53] [remote 10.128.0.179:45000] 2025-12-04 12:23:04.953 18 WARNING keystone.common.password_hashing [None req-974944fd-537b-4a24-8837-6ae05c5cdbca - - - - - -] Truncating password to algorithm specific maximum length 72 characters.\x1b[00m
10.128.0.179 - - [04/Dec/2025:12:23:04 +0000] "GET /v3/endpoints?interface=public®ion_id=regionOne&service_id=b4bfc5fd269e4350bf318ff77ea20eb1 HTTP/1.1" 200 211 "-" "gophercloud/v2.8.0"
10.128.1.26 - - [04/Dec/2025:12:23:05 +0000] "GET / HTTP/1.1" 300 287 "-" "ironic-inspector keystoneauth1/5.1.3 python-requests/2.25.1 CPython/3.9.23" [Thu Dec 04 12:23:05.155402 2025] [wsgi:error] [pid 17:tid 50] [remote 10.128.1.26:37172] 2025-12-04 12:23:05.155 17 WARNING keystone.common.password_hashing [None req-97e9eb34-7323-43d6-b756-ad744efe2449 - - - - - -] Truncating password to algorithm specific maximum length 72 characters.\x1b[00m [Thu Dec 04 12:23:05.257455 2025] [wsgi:error] [pid 18:tid 53] [remote 10.128.0.179:45000] 2025-12-04 12:23:05.257 18 WARNING keystone.common.fernet_utils [None req-974944fd-537b-4a24-8837-6ae05c5cdbca - - - - - -] key_repository is world readable: /etc/keystone/fernet-keys\x1b[00m
10.128.0.179 - - [04/Dec/2025:12:23:05 +0000] "GET /v3/endpoints?interface=public®ion_id=regionOne&service_id=b4bfc5fd269e4350bf318ff77ea20eb1 HTTP/1.1" 200 211 "-" "gophercloud/v2.8.0"
10.128.0.179 - - [04/Dec/2025:12:23:04 +0000] "POST /v3/auth/tokens HTTP/1.1" 201 3794 "-" "gophercloud/v2.8.0"
10.128.0.179 - - [04/Dec/2025:12:23:05 +0000] "GET /v3/services?name=ironic-inspector&type=baremetal-introspection HTTP/1.1" 200 473 "-" "gophercloud/v2.8.0" [Thu Dec 04 12:23:05.437061 2025] [wsgi:error] [pid 17:tid 50] [remote 10.128.1.26:37172] 2025-12-04 12:23:05.436 17 WARNING keystone.common.fernet_utils [None req-97e9eb34-7323-43d6-b756-ad744efe2449 - - - - - -] key_repository is world readable: /etc/keystone/fernet-keys\x1b[00m
10.128.0.179 - - [04/Dec/2025:12:23:05 +0000] "POST /v3/endpoints HTTP/1.1" 201 412 "-" "gophercloud/v2.8.0"
10.128.1.26 - - [04/Dec/2025:12:23:05 +0000] "POST /v3/auth/tokens HTTP/1.1" 201 4666 "-" "ironic-inspector keystoneauth1/5.1.3 python-requests/2.25.1 CPython/3.9.23"
10.128.0.179 - - [04/Dec/2025:12:23:05 +0000] "GET /v3/projects?domain_id=default&name=service HTTP/1.1" 200 470 "-" "gophercloud/v2.8.0"
10.128.0.179 - - [04/Dec/2025:12:23:05 +0000] "GET /v3/endpoints?interface=internal®ion_id=regionOne&service_id=b4bfc5fd269e4350bf318ff77ea20eb1 HTTP/1.1" 200 213 "-" "gophercloud/v2.8.0"
10.128.1.13 - - [04/Dec/2025:12:23:05 +0000] "GET / HTTP/1.1" 300 287 "-" "ironic/21.4.5.dev7 keystonemiddleware.auth_token/10.2.0 keystoneauth1/5.1.3 python-requests/2.25.1 CPython/3.9.23" [Thu Dec 04 12:23:05.593297 2025] [wsgi:error] [pid 18:tid 53] [remote 10.128.1.13:60714] 2025-12-04 12:23:05.593 18 WARNING keystone.common.password_hashing [None req-9759fe5c-2c9a-44e1-a8c2-09f82829fb0f - - - - - -] Truncating password to algorithm specific maximum length 72 characters.\x1b[00m
10.128.0.179 - - [04/Dec/2025:12:23:05 +0000] "GET /v3/users?domain_id=default&name=ironic-inspector HTTP/1.1" 200 484 "-" "gophercloud/v2.8.0"
10.128.0.179 - - [04/Dec/2025:12:23:05 +0000] "GET /v3/endpoints?interface=internal®ion_id=regionOne&service_id=b4bfc5fd269e4350bf318ff77ea20eb1 HTTP/1.1" 200 213 "-" "gophercloud/v2.8.0"
10.128.0.179 - - [04/Dec/2025:12:23:05 +0000] "GET /v3/roles?name=admin HTTP/1.1" 200 373 "-" "gophercloud/v2.8.0"
10.128.0.179 - - [04/Dec/2025:12:23:05 +0000] "POST /v3/endpoints HTTP/1.1" 201 402 "-" "gophercloud/v2.8.0"
10.128.0.179 - - [04/Dec/2025:12:23:05 +0000] "GET / HTTP/1.1" 300 287 "-" "gophercloud/v2.8.0" [Thu Dec 04 12:23:05.839292 2025] [wsgi:error] [pid 19:tid 56] [remote 10.128.0.179:45008] 2025-12-04 12:23:05.838 19 WARNING keystone.common.password_hashing [None req-c2f310bb-5f6b-4dfa-a5c1-b229d3bebf75 - - - - - -] Truncating password to algorithm specific maximum length 72 characters.\x1b[00m [Thu Dec 04 12:23:05.860643 2025] [wsgi:error] [pid 18:tid 53] [remote 10.128.1.13:60714] 2025-12-04 12:23:05.860 18 WARNING keystone.common.fernet_utils [None req-9759fe5c-2c9a-44e1-a8c2-09f82829fb0f - - - - - -] key_repository is world readable: /etc/keystone/fernet-keys\x1b[00m
10.128.0.179 - - [04/Dec/2025:12:23:05 +0000] "GET /v3/roles?name=admin HTTP/1.1" 200 373 "-" "gophercloud/v2.8.0"
10.128.1.13 - - [04/Dec/2025:12:23:05 +0000] "POST /v3/auth/tokens HTTP/1.1" 201 4865 "-" "ironic/21.4.5.dev7 keystonemiddleware.auth_token/10.2.0 keystoneauth1/5.1.3 python-requests/2.25.1 CPython/3.9.23"
10.128.0.179 - - [04/Dec/2025:12:23:05 +0000] "GET /v3/role_assignments?role.id=369364c1ae9343469970fa5b0429372d&scope.project.id=27274796818249e89e64e4dc6d38200b&user.id=f466776d700e4e428ab33d493ff77c91 HTTP/1.1" 200 642 "-" "gophercloud/v2.8.0"
10.128.1.13 - - [04/Dec/2025:12:23:05 +0000] "GET /v3/auth/tokens HTTP/1.1" 200 4875 "-" "python-keystoneclient" [Thu Dec 04 12:23:06.122512 2025] [wsgi:error] [pid 19:tid 56] [remote 10.128.0.179:45008] 2025-12-04 12:23:06.122 19 WARNING keystone.common.fernet_utils [None req-c2f310bb-5f6b-4dfa-a5c1-b229d3bebf75 - - - - - -] key_repository is world readable: /etc/keystone/fernet-keys\x1b[00m
10.128.0.179 - - [04/Dec/2025:12:23:06 +0000] "GET /v3/roles?name=service HTTP/1.1" 200 360 "-" "gophercloud/v2.8.0"
10.128.0.179 - - [04/Dec/2025:12:23:05 +0000] "POST /v3/auth/tokens HTTP/1.1" 201 4220 "-" "gophercloud/v2.8.0"
10.128.0.179 - - [04/Dec/2025:12:23:06 +0000] "GET /v3/roles?name=service HTTP/1.1" 200 360 "-" "gophercloud/v2.8.0"
10.128.0.179 - - [04/Dec/2025:12:23:06 +0000] "GET /v3/role_assignments?role.id=d2288c285b0b4088b1d1c0aa6c3d08ef&scope.project.id=27274796818249e89e64e4dc6d38200b&user.id=f466776d700e4e428ab33d493ff77c91 HTTP/1.1" 200 642 "-" "gophercloud/v2.8.0"
10.128.0.179 - - [04/Dec/2025:12:23:06 +0000] "GET /v3/endpoints?interface=internal®ion_id=regionOne&service_id=b4bfc5fd269e4350bf318ff77ea20eb1 HTTP/1.1" 200 600 "-" "gophercloud/v2.8.0"
10.128.0.179 - - [04/Dec/2025:12:23:06 +0000] "GET /v3/endpoints?interface=public®ion_id=regionOne&service_id=b4bfc5fd269e4350bf318ff77ea20eb1 HTTP/1.1" 200 608 "-" "gophercloud/v2.8.0"
10.128.0.2 - - [04/Dec/2025:12:23:10 +0000] "GET /v3 HTTP/1.1" 200 253 "-" "kube-probe/1.31"
10.128.0.2 - - [04/Dec/2025:12:23:10 +0000] "GET /v3 HTTP/1.1" 200 253 "-" "kube-probe/1.31"
10.128.1.13 - - [04/Dec/2025:12:23:22 +0000] "GET /v3/auth/tokens HTTP/1.1" 200 4865 "-" "python-keystoneclient"
10.128.1.28 - - [04/Dec/2025:12:23:31 +0000] "GET / HTTP/1.1" 300 287 "-" "nova-conductor keystoneauth1/5.1.3 python-requests/2.25.1 CPython/3.9.23" [Thu Dec 04 12:23:31.125347 2025] [wsgi:error] [pid 17:tid 50] [remote 10.128.1.28:34668] 2025-12-04 12:23:31.125 17 WARNING keystone.common.password_hashing [None req-460f874f-77e8-4eff-927e-62024be72b82 - - - - - -] Truncating password to algorithm specific maximum length 72 characters.\x1b[00m [Thu Dec 04 12:23:31.420762 2025] [wsgi:error] [pid 17:tid 50] [remote 10.128.1.28:34668] 2025-12-04 12:23:31.420 17 WARNING keystone.common.fernet_utils [None req-460f874f-77e8-4eff-927e-62024be72b82 - - - - - -] key_repository is world readable: /etc/keystone/fernet-keys\x1b[00m
10.128.1.28 - - [04/Dec/2025:12:23:31 +0000] "POST /v3/auth/tokens HTTP/1.1" 201 4863 "-" "nova-conductor keystoneauth1/5.1.3 python-requests/2.25.1 CPython/3.9.23"
10.128.0.183 - - [04/Dec/2025:12:23:38 +0000] "GET / HTTP/1.1" 300 287 "-" "gophercloud/v2.8.0" [Thu Dec 04 12:23:38.060463 2025] [wsgi:error] [pid 19:tid 56] [remote 10.128.0.183:54398] 2025-12-04 12:23:38.060 19 WARNING keystone.common.password_hashing [None req-718e8ebb-459f-43cb-a440-7210d5f9bf65 - - - - - -] Truncating password to algorithm specific maximum length 72 characters.\x1b[00m [Thu Dec 04 12:23:38.337020 2025] [wsgi:error] [pid 19:tid 56] [remote 10.128.0.183:54398] 2025-12-04 12:23:38.336 19 WARNING keystone.common.fernet_utils [None req-718e8ebb-459f-43cb-a440-7210d5f9bf65 - - - - - -] key_repository is world readable: /etc/keystone/fernet-keys\x1b[00m
10.128.0.183 - - [04/Dec/2025:12:23:38 +0000] "POST /v3/auth/tokens HTTP/1.1" 201 4863 "-" "gophercloud/v2.8.0"
10.128.0.183 - - [04/Dec/2025:12:23:38 +0000] "GET / HTTP/1.1" 300 287 "-" "gophercloud/v2.8.0" [Thu Dec 04 12:23:38.441100 2025] [wsgi:error] [pid 18:tid 53] [remote 10.128.0.183:54404] 2025-12-04 12:23:38.440 18 WARNING keystone.common.password_hashing [None req-9f1f01d6-aecb-442f-831d-a1f7b95a4c5c - - - - - -] Truncating password to algorithm specific maximum length 72 characters.\x1b[00m [Thu Dec 04 12:23:38.758573 2025] [wsgi:error] [pid 18:tid 53] [remote 10.128.0.183:54404] 2025-12-04 12:23:38.758 18 WARNING keystone.common.fernet_utils [None req-9f1f01d6-aecb-442f-831d-a1f7b95a4c5c - - - - - -] key_repository is world readable: /etc/keystone/fernet-keys\x1b[00m
10.128.0.188 - - [04/Dec/2025:12:23:38 +0000] "GET / HTTP/1.1" 300 287 "-" "gophercloud/v2.8.0"
10.128.0.183 - - [04/Dec/2025:12:23:38 +0000] "POST /v3/auth/tokens HTTP/1.1" 201 4863 "-" "gophercloud/v2.8.0" [Thu Dec 04 12:23:39.228528 2025] [wsgi:error] [pid 17:tid 50] [remote 10.128.0.188:54966] 2025-12-04 12:23:39.228 17 WARNING keystone.common.password_hashing [None req-768b18d5-8b66-4a79-8b54-8b6875a6c31b - - - - - -] Truncating password to algorithm specific maximum length 72 characters.\x1b[00m
10.128.0.183 - - [04/Dec/2025:12:23:39 +0000] "GET / HTTP/1.1" 300 287 "-" "gophercloud/v2.8.0" [Thu Dec 04 12:23:39.572134 2025] [wsgi:error] [pid 19:tid 56] [remote 10.128.0.183:54414] 2025-12-04 12:23:39.571 19 WARNING keystone.common.password_hashing [None req-52149d4e-386a-48a6-8aa1-a4dc2d11595f - - - - - -] Truncating password to algorithm specific maximum length 72 characters.\x1b[00m [Thu Dec 04 12:23:39.954041 2025] [wsgi:error] [pid 17:tid 50] [remote 10.128.0.188:54966] 2025-12-04 12:23:39.953 17 WARNING keystone.common.fernet_utils [None req-768b18d5-8b66-4a79-8b54-8b6875a6c31b - - - - - -] key_repository is world readable: /etc/keystone/fernet-keys\x1b[00m [Thu Dec 04 12:23:39.984079 2025] [wsgi:error] [pid 19:tid 56] [remote 10.128.0.183:54414] 2025-12-04 12:23:39.983 19 WARNING keystone.common.fernet_utils [None req-52149d4e-386a-48a6-8aa1-a4dc2d11595f - - - - - -] key_repository is world readable: /etc/keystone/fernet-keys\x1b[00m
10.128.0.183 - - [04/Dec/2025:12:23:39 +0000] "POST /v3/auth/tokens HTTP/1.1" 201 4863 "-" "gophercloud/v2.8.0"
10.128.0.188 - - [04/Dec/2025:12:23:38 +0000] "POST /v3/auth/tokens HTTP/1.1" 201 4220 "-" "gophercloud/v2.8.0"
10.128.0.2 - - [04/Dec/2025:12:23:40 +0000] "GET /v3 HTTP/1.1" 200 253 "-" "kube-probe/1.31"
10.128.0.2 - - [04/Dec/2025:12:23:40 +0000] "GET /v3 HTTP/1.1" 200 253 "-" "kube-probe/1.31"
10.128.0.188 - - [04/Dec/2025:12:23:40 +0000] "GET /v3/roles?name=swiftoperator HTTP/1.1" 200 372 "-" "gophercloud/v2.8.0"
10.128.0.188 - - [04/Dec/2025:12:23:40 +0000] "GET /v3/roles?name=SwiftProjectReader HTTP/1.1" 200 382 "-" "gophercloud/v2.8.0"
10.128.0.188 - - [04/Dec/2025:12:23:40 +0000] "GET /v3/roles?name=SwiftSystemReader HTTP/1.1" 200 380 "-" "gophercloud/v2.8.0"
10.128.0.188 - - [04/Dec/2025:12:23:41 +0000] "GET / HTTP/1.1" 300 287 "-" "gophercloud/v2.8.0" [Thu Dec 04 12:23:41.155262 2025] [wsgi:error] [pid 18:tid 53] [remote 10.128.0.188:47568] 2025-12-04 12:23:41.154 18 WARNING keystone.common.password_hashing [None req-2ea83c53-a580-402c-a2a7-d35d5ba6d61d - - - - - -] Truncating password to algorithm specific maximum length 72 characters.\x1b[00m [Thu Dec 04 12:23:41.597186 2025] [wsgi:error] [pid 18:tid 53] [remote 10.128.0.188:47568] 2025-12-04 12:23:41.596 18 WARNING keystone.common.fernet_utils [None req-2ea83c53-a580-402c-a2a7-d35d5ba6d61d - - - - - -] key_repository is world readable: /etc/keystone/fernet-keys\x1b[00m
10.128.0.188 - - [04/Dec/2025:12:23:41 +0000] "POST /v3/auth/tokens HTTP/1.1" 201 4220 "-" "gophercloud/v2.8.0"
10.128.0.188 - - [04/Dec/2025:12:23:41 +0000] "GET /v3/roles?name=swiftoperator HTTP/1.1" 200 372 "-" "gophercloud/v2.8.0"
10.128.0.188 - - [04/Dec/2025:12:23:41 +0000] "GET /v3/roles?name=SwiftProjectReader HTTP/1.1" 200 382 "-" "gophercloud/v2.8.0"
10.128.0.188 - - [04/Dec/2025:12:23:41 +0000] "GET /v3/roles?name=SwiftSystemReader HTTP/1.1" 200 380 "-" "gophercloud/v2.8.0"
10.128.1.35 - - [04/Dec/2025:12:23:48 +0000] "GET / HTTP/1.1" 300 287 "-" "nova-scheduler keystoneauth1/5.1.3 python-requests/2.25.1 CPython/3.9.23" [Thu Dec 04 12:23:48.185319 2025] [wsgi:error] [pid 17:tid 50] [remote 10.128.1.35:43722] 2025-12-04 12:23:48.184 17 WARNING keystone.common.password_hashing [None req-7f79dc67-7db6-4a45-95ef-b1dc54789706 - - - - - -] Truncating password to algorithm specific maximum length 72 characters.\x1b[00m [Thu Dec 04 12:23:48.475535 2025] [wsgi:error] [pid 17:tid 50] [remote 10.128.1.35:43722] 2025-12-04 12:23:48.475 17 WARNING keystone.common.fernet_utils [None req-7f79dc67-7db6-4a45-95ef-b1dc54789706 - - - - - -] key_repository is world readable: /etc/keystone/fernet-keys\x1b[00m
10.128.1.35 - - [04/Dec/2025:12:23:48 +0000] "POST /v3/auth/tokens HTTP/1.1" 201 4863 "-" "nova-scheduler keystoneauth1/5.1.3 python-requests/2.25.1 CPython/3.9.23"
10.128.0.183 - - [04/Dec/2025:12:23:50 +0000] "GET / HTTP/1.1" 300 287 "-" "gophercloud/v2.8.0" [Thu Dec 04 12:23:50.238625 2025] [wsgi:error] [pid 19:tid 56] [remote 10.128.0.183:47558] 2025-12-04 12:23:50.238 19 WARNING keystone.common.password_hashing [None req-b9293578-e5d0-40f4-a051-cdb86732d35b - - - - - -] Truncating password to algorithm specific maximum length 72 characters.\x1b[00m [Thu Dec 04 12:23:50.508002 2025] [wsgi:error] [pid 19:tid 56] [remote 10.128.0.183:47558] 2025-12-04 12:23:50.507 19 WARNING keystone.common.fernet_utils [None req-b9293578-e5d0-40f4-a051-cdb86732d35b - - - - - -] key_repository is world readable: /etc/keystone/fernet-keys\x1b[00m
10.128.0.183 - - [04/Dec/2025:12:23:50 +0000] "POST /v3/auth/tokens HTTP/1.1" 201 4863 "-" "gophercloud/v2.8.0"
10.128.0.183 - - [04/Dec/2025:12:23:50 +0000] "GET / HTTP/1.1" 300 287 "-" "gophercloud/v2.8.0" [Thu Dec 04 12:23:50.604472 2025] [wsgi:error] [pid 18:tid 53] [remote 10.128.0.183:47566] 2025-12-04 12:23:50.604 18 WARNING keystone.common.password_hashing [None req-d7ee6e75-998f-4b43-9838-c5f5f007e58b - - - - - -] Truncating password to algorithm specific maximum length 72 characters.\x1b[00m [Thu Dec 04 12:23:50.874747 2025] [wsgi:error] [pid 18:tid 53] [remote 10.128.0.183:47566] 2025-12-04 12:23:50.874 18 WARNING keystone.common.fernet_utils [None req-d7ee6e75-998f-4b43-9838-c5f5f007e58b - - - - - -] key_repository is world readable: /etc/keystone/fernet-keys\x1b[00m
10.128.0.183 - - [04/Dec/2025:12:23:50 +0000] "POST /v3/auth/tokens HTTP/1.1" 201 4863 "-" "gophercloud/v2.8.0"
10.128.0.183 - - [04/Dec/2025:12:23:55 +0000] "GET / HTTP/1.1" 300 287 "-" "gophercloud/v2.8.0" [Thu Dec 04 12:23:56.013391 2025] [wsgi:error] [pid 17:tid 50] [remote 10.128.0.183:47582] 2025-12-04 12:23:56.013 17 WARNING keystone.common.password_hashing [None req-9de1bbc4-06fd-4168-b4ac-a2f712ff797f - - - - - -] Truncating password to algorithm specific maximum length 72 characters.\x1b[00m [Thu Dec 04 12:23:56.283767 2025] [wsgi:error] [pid 17:tid 50] [remote 10.128.0.183:47582] 2025-12-04 12:23:56.283 17 WARNING keystone.common.fernet_utils [None req-9de1bbc4-06fd-4168-b4ac-a2f712ff797f - - - - - -] key_repository is world readable: /etc/keystone/fernet-keys\x1b[00m
10.128.0.183 - - [04/Dec/2025:12:23:55 +0000] "POST /v3/auth/tokens HTTP/1.1" 201 4863 "-" "gophercloud/v2.8.0"
10.128.0.183 - - [04/Dec/2025:12:23:56 +0000] "GET / HTTP/1.1" 300 287 "-" "gophercloud/v2.8.0" [Thu Dec 04 12:23:56.366690 2025] [wsgi:error] [pid 19:tid 56] [remote 10.128.0.183:47594] 2025-12-04 12:23:56.366 19 WARNING keystone.common.password_hashing [None req-880994cf-df31-4b21-95d0-ed58f7e07469 - - - - - -] Truncating password to algorithm specific maximum length 72 characters.\x1b[00m [Thu Dec 04 12:23:56.659051 2025] [wsgi:error] [pid 19:tid 56] [remote 10.128.0.183:47594] 2025-12-04 12:23:56.658 19 WARNING keystone.common.fernet_utils [None req-880994cf-df31-4b21-95d0-ed58f7e07469 - - - - - -] key_repository is world readable: /etc/keystone/fernet-keys\x1b[00m
10.128.0.183 - - [04/Dec/2025:12:23:56 +0000] "POST /v3/auth/tokens HTTP/1.1" 201 4863 "-" "gophercloud/v2.8.0"
10.128.0.183 - - [04/Dec/2025:12:23:56 +0000] "GET / HTTP/1.1" 300 287 "-" "gophercloud/v2.8.0" [Thu Dec 04 12:23:56.728058 2025] [wsgi:error] [pid 18:tid 53] [remote 10.128.0.183:47602] 2025-12-04 12:23:56.727 18 WARNING keystone.common.password_hashing [None req-7d62c59b-bd7d-413e-b7ba-0b56c0779f84 - - - - - -] Truncating password to algorithm specific maximum length 72 characters.\x1b[00m [Thu Dec 04 12:23:56.998275 2025] [wsgi:error] [pid 18:tid 53] [remote 10.128.0.183:47602] 2025-12-04 12:23:56.998 18 WARNING keystone.common.fernet_utils [None req-7d62c59b-bd7d-413e-b7ba-0b56c0779f84 - - - - - -] key_repository is world readable: /etc/keystone/fernet-keys\x1b[00m
10.128.0.183 - - [04/Dec/2025:12:23:56 +0000] "POST /v3/auth/tokens HTTP/1.1" 201 4863 "-" "gophercloud/v2.8.0"
10.128.0.183 - - [04/Dec/2025:12:23:57 +0000] "GET / HTTP/1.1" 300 287 "-" "gophercloud/v2.8.0" [Thu Dec 04 12:23:57.071227 2025] [wsgi:error] [pid 17:tid 50] [remote 10.128.0.183:47608] 2025-12-04 12:23:57.070 17 WARNING keystone.common.password_hashing [None req-f3121f4e-caeb-44de-ac2e-fc031772e4e4 - - - - - -] Truncating password to algorithm specific maximum length 72 characters.\x1b[00m [Thu Dec 04 12:23:57.336076 2025] [wsgi:error] [pid 17:tid 50] [remote 10.128.0.183:47608] 2025-12-04 12:23:57.335 17 WARNING keystone.common.fernet_utils [None req-f3121f4e-caeb-44de-ac2e-fc031772e4e4 - - - - - -] key_repository is world readable: /etc/keystone/fernet-keys\x1b[00m
10.128.0.183 - - [04/Dec/2025:12:23:57 +0000] "POST /v3/auth/tokens HTTP/1.1" 201 4863 "-" "gophercloud/v2.8.0"
10.128.1.38 - - [04/Dec/2025:12:24:04 +0000] "GET / HTTP/1.1" 300 287 "-" "nova-conductor keystoneauth1/5.1.3 python-requests/2.25.1 CPython/3.9.23" [Thu Dec 04 12:24:04.390668 2025] [wsgi:error] [pid 19:tid 56] [remote 10.128.1.38:54626] 2025-12-04 12:24:04.390 19 WARNING keystone.common.password_hashing [None req-d96ce6a2-caf9-439d-9fb0-53aab9e72939 - - - - - -] Truncating password to algorithm specific maximum length 72 characters.\x1b[00m
10.128.1.40 - - [04/Dec/2025:12:24:04 +0000] "GET / HTTP/1.1" 300 287 "-" "nova-scheduler keystoneauth1/5.1.3 python-requests/2.25.1 CPython/3.9.23" [Thu Dec 04 12:24:04.516155 2025] [wsgi:error] [pid 18:tid 53] [remote 10.128.1.40:58524] 2025-12-04 12:24:04.515 18 WARNING keystone.common.password_hashing [None req-8592c3cc-6932-43f8-ad62-66077a6a8342 - - - - - -] Truncating password to algorithm specific maximum length 72 characters.\x1b[00m [Thu Dec 04 12:24:04.662243 2025] [wsgi:error] [pid 19:tid 56] [remote 10.128.1.38:54626] 2025-12-04 12:24:04.662 19 WARNING keystone.common.fernet_utils [None req-d96ce6a2-caf9-439d-9fb0-53aab9e72939 - - - - - -] key_repository is world readable: /etc/keystone/fernet-keys\x1b[00m
10.128.1.38 - - [04/Dec/2025:12:24:04 +0000] "POST /v3/auth/tokens HTTP/1.1" 201 4863 "-" "nova-conductor keystoneauth1/5.1.3 python-requests/2.25.1 CPython/3.9.23" [Thu Dec 04 12:24:04.790361 2025] [wsgi:error] [pid 18:tid 53] [remote 10.128.1.40:58524] 2025-12-04 12:24:04.790 18 WARNING keystone.common.fernet_utils [None req-8592c3cc-6932-43f8-ad62-66077a6a8342 - - - - - -] key_repository is world readable: /etc/keystone/fernet-keys\x1b[00m
10.128.1.40 - - [04/Dec/2025:12:24:04 +0000] "POST /v3/auth/tokens HTTP/1.1" 201 4863 "-" "nova-scheduler keystoneauth1/5.1.3 python-requests/2.25.1 CPython/3.9.23"
10.128.1.30 - - [04/Dec/2025:12:24:07 +0000] "GET / HTTP/1.1" 300 287 "-" "nova-compute keystoneauth1/5.1.3 python-requests/2.25.1 CPython/3.9.23" [Thu Dec 04 12:24:07.640285 2025] [wsgi:error] [pid 19:tid 56] [remote 10.128.1.30:60232] 2025-12-04 12:24:07.639 19 WARNING keystone.common.password_hashing [None req-41bafc14-57da-448c-83d0-727d173648aa - - - - - -] Truncating password to algorithm specific maximum length 72 characters.\x1b[00m [Thu Dec 04 12:24:07.903720 2025] [wsgi:error] [pid 19:tid 56] [remote 10.128.1.30:60232] 2025-12-04 12:24:07.903 19 WARNING keystone.common.fernet_utils [None req-41bafc14-57da-448c-83d0-727d173648aa - - - - - -] key_repository is world readable: /etc/keystone/fernet-keys\x1b[00m
10.128.1.30 - - [04/Dec/2025:12:24:07 +0000] "POST /v3/auth/tokens HTTP/1.1" 201 4863 "-" "nova-compute keystoneauth1/5.1.3 python-requests/2.25.1 CPython/3.9.23"
10.128.1.30 - - [04/Dec/2025:12:24:08 +0000] "GET / HTTP/1.1" 300 287 "-" "nova-compute keystoneauth1/5.1.3 python-requests/2.25.1 CPython/3.9.23" [Thu Dec 04 12:24:08.247705 2025] [wsgi:error] [pid 17:tid 50] [remote 10.128.1.30:60234] 2025-12-04 12:24:08.247 17 WARNING keystone.common.password_hashing [None req-88619c91-cc62-4237-9ffc-6e99273afba7 - - - - - -] Truncating password to algorithm specific maximum length 72 characters.\x1b[00m [Thu Dec 04 12:24:08.510459 2025] [wsgi:error] [pid 17:tid 50] [remote 10.128.1.30:60234] 2025-12-04 12:24:08.510 17 WARNING keystone.common.fernet_utils [None req-88619c91-cc62-4237-9ffc-6e99273afba7 - - - - - -] key_repository is world readable: /etc/keystone/fernet-keys\x1b[00m
10.128.1.30 - - [04/Dec/2025:12:24:08 +0000] "POST /v3/auth/tokens HTTP/1.1" 201 4863 "-" "nova-compute keystoneauth1/5.1.3 python-requests/2.25.1 CPython/3.9.23"
10.128.1.13 - - [04/Dec/2025:12:24:08 +0000] "GET /v3/auth/tokens HTTP/1.1" 200 4863 "-" "python-keystoneclient"
10.128.0.2 - - [04/Dec/2025:12:24:10 +0000] "GET /v3 HTTP/1.1" 200 253 "-" "kube-probe/1.31"
10.128.0.2 - - [04/Dec/2025:12:24:10 +0000] "GET /v3 HTTP/1.1" 200 253 "-" "kube-probe/1.31"
10.128.0.183 - - [04/Dec/2025:12:24:11 +0000] "GET / HTTP/1.1" 300 287 "-" "gophercloud/v2.8.0" [Thu Dec 04 12:24:11.184263 2025] [wsgi:error] [pid 18:tid 53] [remote 10.128.0.183:50044] 2025-12-04 12:24:11.184 18 WARNING keystone.common.password_hashing [None req-4de1e8a8-a68d-46a3-ab13-3aeb20a18e21 - - - - - -] Truncating password to algorithm specific maximum length 72 characters.\x1b[00m [Thu Dec 04 12:24:11.450265 2025] [wsgi:error] [pid 18:tid 53] [remote 10.128.0.183:50044] 2025-12-04 12:24:11.450 18 WARNING keystone.common.fernet_utils [None req-4de1e8a8-a68d-46a3-ab13-3aeb20a18e21 - - - - - -] key_repository is world readable: /etc/keystone/fernet-keys\x1b[00m
10.128.0.183 - - [04/Dec/2025:12:24:11 +0000] "POST /v3/auth/tokens HTTP/1.1" 201 4863 "-" "gophercloud/v2.8.0"
10.128.0.183 - - [04/Dec/2025:12:24:11 +0000] "GET / HTTP/1.1" 300 287 "-" "gophercloud/v2.8.0" [Thu Dec 04 12:24:11.534301 2025] [wsgi:error] [pid 19:tid 56] [remote 10.128.0.183:50050] 2025-12-04 12:24:11.533 19 WARNING keystone.common.password_hashing [None req-73de9c69-2efe-4670-8b2d-c905d00e694a - - - - - -] Truncating password to algorithm specific maximum length 72 characters.\x1b[00m
10.128.0.183 - - [04/Dec/2025:12:24:11 +0000] "GET / HTTP/1.1" 300 287 "-" "gophercloud/v2.8.0" [Thu Dec 04 12:24:11.811661 2025] [wsgi:error] [pid 19:tid 56] [remote 10.128.0.183:50050] 2025-12-04 12:24:11.811 19 WARNING keystone.common.fernet_utils [None req-73de9c69-2efe-4670-8b2d-c905d00e694a - - - - - -] key_repository is world readable: /etc/keystone/fernet-keys\x1b[00m [Thu Dec 04 12:24:11.821043 2025] [wsgi:error] [pid 17:tid 50] [remote 10.128.0.183:50058] 2025-12-04 12:24:11.820 17 WARNING keystone.common.password_hashing [None req-a1d1ea9f-2ef8-4a7a-9126-fa7e4f9164b0 - - - - - -] Truncating password to algorithm specific maximum length 72 characters.\x1b[00m
10.128.0.183 - - [04/Dec/2025:12:24:11 +0000] "POST /v3/auth/tokens HTTP/1.1" 201 4863 "-" "gophercloud/v2.8.0" [Thu Dec 04 12:24:12.084644 2025] [wsgi:error] [pid 17:tid 50] [remote 10.128.0.183:50058] 2025-12-04 12:24:12.084 17 WARNING keystone.common.fernet_utils [None req-a1d1ea9f-2ef8-4a7a-9126-fa7e4f9164b0 - - - - - -] key_repository is world readable: /etc/keystone/fernet-keys\x1b[00m
10.128.0.183 - - [04/Dec/2025:12:24:11 +0000] "POST /v3/auth/tokens HTTP/1.1" 201 4863 "-" "gophercloud/v2.8.0"
10.128.0.183 - - [04/Dec/2025:12:24:12 +0000] "GET / HTTP/1.1" 300 287 "-" "gophercloud/v2.8.0" [Thu Dec 04 12:24:12.290177 2025] [wsgi:error] [pid 19:tid 56] [remote 10.128.0.183:50060] 2025-12-04 12:24:12.289 19 WARNING keystone.common.password_hashing [None req-f546fdd8-5c23-4f49-b9de-4fa09b27593d - - - - - -] Truncating password to algorithm specific maximum length 72 characters.\x1b[00m [Thu Dec 04 12:24:12.561941 2025] [wsgi:error] [pid 19:tid 56] [remote 10.128.0.183:50060] 2025-12-04 12:24:12.561 19 WARNING keystone.common.fernet_utils [None req-f546fdd8-5c23-4f49-b9de-4fa09b27593d - - - - - -] key_repository is world readable: /etc/keystone/fernet-keys\x1b[00m
10.128.0.183 - - [04/Dec/2025:12:24:12 +0000] "POST /v3/auth/tokens HTTP/1.1" 201 4863 "-" "gophercloud/v2.8.0"
10.128.0.179 - - [04/Dec/2025:12:24:22 +0000] "GET / HTTP/1.1" 300 287 "-" "gophercloud/v2.8.0" [Thu Dec 04 12:24:22.585470 2025] [wsgi:error] [pid 18:tid 53] [remote 10.128.0.179:33410] 2025-12-04 12:24:22.585 18 WARNING keystone.common.password_hashing [None req-df622825-946c-496f-902a-b80f2b14ad29 - - - - - -] Truncating password to algorithm specific maximum length 72 characters.\x1b[00m [Thu Dec 04 12:24:22.867568 2025] [wsgi:error] [pid 18:tid 53] [remote 10.128.0.179:33410] 2025-12-04 12:24:22.867 18 WARNING keystone.common.fernet_utils [None req-df622825-946c-496f-902a-b80f2b14ad29 - - - - - -] key_repository is world readable: /etc/keystone/fernet-keys\x1b[00m
10.128.0.179 - - [04/Dec/2025:12:24:22 +0000] "POST /v3/auth/tokens HTTP/1.1" 201 4220 "-" "gophercloud/v2.8.0"
10.128.0.179 - - [04/Dec/2025:12:24:22 +0000] "GET / HTTP/1.1" 300 287 "-" "gophercloud/v2.8.0" [Thu Dec 04 12:24:22.997625 2025] [wsgi:error] [pid 18:tid 53] [remote 10.128.0.179:33420] 2025-12-04 12:24:22.997 18 WARNING keystone.common.password_hashing [None req-55a1a1d4-db4a-4976-95e4-7680669f3943 - - - - - -] Truncating password to algorithm specific maximum length 72 characters.\x1b[00m
10.128.0.179 - - [04/Dec/2025:12:24:22 +0000] "GET /v3/endpoints?interface=internal®ion_id=regionOne&service_id=af07f69a7364473a9deba069178ca1ca HTTP/1.1" 200 213 "-" "gophercloud/v2.8.0"
10.128.0.179 - - [04/Dec/2025:12:24:23 +0000] "GET /v3/endpoints?interface=internal®ion_id=regionOne&service_id=af07f69a7364473a9deba069178ca1ca HTTP/1.1" 200 213 "-" "gophercloud/v2.8.0" [Thu Dec 04 12:24:23.291022 2025] [wsgi:error] [pid 18:tid 53] [remote 10.128.0.179:33420] 2025-12-04 12:24:23.289 18 WARNING keystone.common.fernet_utils [None req-55a1a1d4-db4a-4976-95e4-7680669f3943 - - - - - -] key_repository is world readable: /etc/keystone/fernet-keys\x1b[00m
10.128.0.179 - - [04/Dec/2025:12:24:22 +0000] "POST /v3/auth/tokens HTTP/1.1" 201 4220 "-" "gophercloud/v2.8.0"
10.128.0.179 - - [04/Dec/2025:12:24:23 +0000] "POST /v3/endpoints HTTP/1.1" 201 382 "-" "gophercloud/v2.8.0"
10.128.0.179 - - [04/Dec/2025:12:24:23 +0000] "GET /v3/services?name=nova&type=compute HTTP/1.1" 200 396 "-" "gophercloud/v2.8.0"
10.128.0.179 - - [04/Dec/2025:12:24:23 +0000] "GET /v3/endpoints?interface=public®ion_id=regionOne&service_id=af07f69a7364473a9deba069178ca1ca HTTP/1.1" 200 211 "-" "gophercloud/v2.8.0"
10.128.0.179 - - [04/Dec/2025:12:24:23 +0000] "GET /v3/endpoints?interface=public®ion_id=regionOne&service_id=af07f69a7364473a9deba069178ca1ca HTTP/1.1" 200 211 "-" "gophercloud/v2.8.0"
10.128.0.179 - - [04/Dec/2025:12:24:23 +0000] "GET /v3/projects?domain_id=default&name=service HTTP/1.1" 200 470 "-" "gophercloud/v2.8.0"
10.128.0.179 - - [04/Dec/2025:12:24:23 +0000] "POST /v3/endpoints HTTP/1.1" 201 378 "-" "gophercloud/v2.8.0"
10.128.0.179 - - [04/Dec/2025:12:24:23 +0000] "GET /v3/users?domain_id=default&name=nova HTTP/1.1" 200 460 "-" "gophercloud/v2.8.0"
10.128.0.179 - - [04/Dec/2025:12:24:23 +0000] "GET / HTTP/1.1" 300 287 "-" "gophercloud/v2.8.0" [Thu Dec 04 12:24:23.741361 2025] [wsgi:error] [pid 17:tid 50] [remote 10.128.0.179:33428] 2025-12-04 12:24:23.741 17 WARNING keystone.common.password_hashing [None req-57f5f10b-580e-423e-82c7-d8ad06dc00de - - - - - -] Truncating password to algorithm specific maximum length 72 characters.\x1b[00m
10.128.0.179 - - [04/Dec/2025:12:24:23 +0000] "GET /v3/roles?name=admin HTTP/1.1" 200 373 "-" "gophercloud/v2.8.0"
10.128.0.179 - - [04/Dec/2025:12:24:23 +0000] "GET /v3/roles?name=admin HTTP/1.1" 200 373 "-" "gophercloud/v2.8.0" [Thu Dec 04 12:24:24.092952 2025] [wsgi:error] [pid 17:tid 50] [remote 10.128.0.179:33428] 2025-12-04 12:24:24.092 17 WARNING keystone.common.fernet_utils [None req-57f5f10b-580e-423e-82c7-d8ad06dc00de - - - - - -] key_repository is world readable: /etc/keystone/fernet-keys\x1b[00m
10.128.0.179 - - [04/Dec/2025:12:24:23 +0000] "POST /v3/auth/tokens HTTP/1.1" 201 4592 "-" "gophercloud/v2.8.0"
10.128.0.179 - - [04/Dec/2025:12:24:24 +0000] "GET /v3/role_assignments?role.id=369364c1ae9343469970fa5b0429372d&scope.project.id=27274796818249e89e64e4dc6d38200b&user.id=b0ac108138e74614abe273e62f35f24b HTTP/1.1" 200 642 "-" "gophercloud/v2.8.0"
10.128.0.179 - - [04/Dec/2025:12:24:24 +0000] "GET /v3/endpoints?interface=internal®ion_id=regionOne&service_id=af07f69a7364473a9deba069178ca1ca HTTP/1.1" 200 580 "-" "gophercloud/v2.8.0"
10.128.0.179 - - [04/Dec/2025:12:24:24 +0000] "GET /v3/roles?name=service HTTP/1.1" 200 360 "-" "gophercloud/v2.8.0"
10.128.0.179 - - [04/Dec/2025:12:24:24 +0000] "GET /v3/roles?name=service HTTP/1.1" 200 360 "-" "gophercloud/v2.8.0"
10.128.0.179 - - [04/Dec/2025:12:24:24 +0000] "GET /v3/endpoints?interface=public®ion_id=regionOne&service_id=af07f69a7364473a9deba069178ca1ca HTTP/1.1" 200 574 "-" "gophercloud/v2.8.0"
10.128.0.179 - - [04/Dec/2025:12:24:24 +0000] "GET /v3/role_assignments?role.id=d2288c285b0b4088b1d1c0aa6c3d08ef&scope.project.id=27274796818249e89e64e4dc6d38200b&user.id=b0ac108138e74614abe273e62f35f24b HTTP/1.1" 200 642 "-" "gophercloud/v2.8.0"
10.128.0.179 - - [04/Dec/2025:12:24:26 +0000] "GET / HTTP/1.1" 300 287 "-" "gophercloud/v2.8.0" [Thu Dec 04 12:24:26.568893 2025] [wsgi:error] [pid 19:tid 56] [remote 10.128.0.179:33430] 2025-12-04 12:24:26.568 19 WARNING keystone.common.password_hashing [None req-a0698fb7-3eb9-4e5f-8ebe-94985aa360b5 - - - - - -] Truncating password to algorithm specific maximum length 72 characters.\x1b[00m [Thu Dec 04 12:24:26.839620 2025] [wsgi:error] [pid 19:tid 56] [remote 10.128.0.179:33430] 2025-12-04 12:24:26.839 19 WARNING keystone.common.fernet_utils [None req-a0698fb7-3eb9-4e5f-8ebe-94985aa360b5 - - - - - -] key_repository is world readable: /etc/keystone/fernet-keys\x1b[00m
10.128.0.179 - - [04/Dec/2025:12:24:26 +0000] "POST /v3/auth/tokens HTTP/1.1" 201 4592 "-" "gophercloud/v2.8.0"
10.128.0.179 - - [04/Dec/2025:12:24:26 +0000] "GET /v3/endpoints?interface=internal®ion_id=regionOne&service_id=af07f69a7364473a9deba069178ca1ca HTTP/1.1" 200 580 "-" "gophercloud/v2.8.0"
10.128.0.179 - - [04/Dec/2025:12:24:26 +0000] "PATCH /v3/endpoints/ccbc506ee2604dddaa472860b424a053 HTTP/1.1" 200 383 "-" "gophercloud/v2.8.0"
10.128.0.179 - - [04/Dec/2025:12:24:27 +0000] "GET /v3/endpoints?interface=public®ion_id=regionOne&service_id=af07f69a7364473a9deba069178ca1ca HTTP/1.1" 200 574 "-" "gophercloud/v2.8.0"
10.128.0.179 - - [04/Dec/2025:12:24:27 +0000] "PATCH /v3/endpoints/21e58ca548454f4f8e2f3ea8ac9cb843 HTTP/1.1" 200 393 "-" "gophercloud/v2.8.0"
10.128.0.179 - - [04/Dec/2025:12:24:27 +0000] "GET / HTTP/1.1" 300 287 "-" "gophercloud/v2.8.0" [Thu Dec 04 12:24:27.335264 2025] [wsgi:error] [pid 19:tid 56] [remote 10.128.0.179:33442] 2025-12-04 12:24:27.334 19 WARNING keystone.common.password_hashing [None req-86aab625-5cb2-4e80-b258-5cb48779918e - - - - - -] Truncating password to algorithm specific maximum length 72 characters.\x1b[00m [Thu Dec 04 12:24:27.602277 2025] [wsgi:error] [pid 19:tid 56] [remote 10.128.0.179:33442] 2025-12-04 12:24:27.602 19 WARNING keystone.common.fernet_utils [None req-86aab625-5cb2-4e80-b258-5cb48779918e - - - - - -] key_repository is world readable: /etc/keystone/fernet-keys\x1b[00m
10.128.0.179 - - [04/Dec/2025:12:24:27 +0000] "POST /v3/auth/tokens HTTP/1.1" 201 4608 "-" "gophercloud/v2.8.0"
10.128.0.179 - - [04/Dec/2025:12:24:27 +0000] "GET /v3/endpoints?interface=internal®ion_id=regionOne&service_id=af07f69a7364473a9deba069178ca1ca HTTP/1.1" 200 581 "-" "gophercloud/v2.8.0"
10.128.0.179 - - [04/Dec/2025:12:24:27 +0000] "GET /v3/endpoints?interface=public®ion_id=regionOne&service_id=af07f69a7364473a9deba069178ca1ca HTTP/1.1" 200 589 "-" "gophercloud/v2.8.0"
10.128.0.183 - - [04/Dec/2025:12:24:37 +0000] "GET / HTTP/1.1" 300 287 "-" "gophercloud/v2.8.0" [Thu Dec 04 12:24:37.531780 2025] [wsgi:error] [pid 17:tid 50] [remote 10.128.0.183:35164] 2025-12-04 12:24:37.531 17 WARNING keystone.common.password_hashing [None req-ab61673a-7e67-47e2-bf73-fb17d91d3b80 - - - - - -] Truncating password to algorithm specific maximum length 72 characters.\x1b[00m [Thu Dec 04 12:24:37.829667 2025] [wsgi:error] [pid 17:tid 50] [remote 10.128.0.183:35164] 2025-12-04 12:24:37.829 17 WARNING keystone.common.fernet_utils [None req-ab61673a-7e67-47e2-bf73-fb17d91d3b80 - - - - - -] key_repository is world readable: /etc/keystone/fernet-keys\x1b[00m
10.128.0.183 - - [04/Dec/2025:12:24:37 +0000] "POST /v3/auth/tokens HTTP/1.1" 201 5251 "-" "gophercloud/v2.8.0"
10.128.0.183 - - [04/Dec/2025:12:24:37 +0000] "GET / HTTP/1.1" 300 287 "-" "gophercloud/v2.8.0" [Thu Dec 04 12:24:37.958663 2025] [wsgi:error] [pid 19:tid 56] [remote 10.128.0.183:35166] 2025-12-04 12:24:37.958 19 WARNING keystone.common.password_hashing [None req-2d6f4384-4b22-48f9-8c61-dd4c25a6baad - - - - - -] Truncating password to algorithm specific maximum length 72 characters.\x1b[00m [Thu Dec 04 12:24:38.231229 2025] [wsgi:error] [pid 19:tid 56] [remote 10.128.0.183:35166] 2025-12-04 12:24:38.231 19 WARNING keystone.common.fernet_utils [None req-2d6f4384-4b22-48f9-8c61-dd4c25a6baad - - - - - -] key_repository is world readable: /etc/keystone/fernet-keys\x1b[00m
10.128.0.183 - - [04/Dec/2025:12:24:37 +0000] "POST /v3/auth/tokens HTTP/1.1" 201 5251 "-" "gophercloud/v2.8.0"
10.128.0.2 - - [04/Dec/2025:12:24:40 +0000] "GET /v3 HTTP/1.1" 200 253 "-" "kube-probe/1.31"
