10.128.0.2 - - [04/Dec/2025:12:24:40 +0000] "GET /v3 HTTP/1.1" 200 253 "-" "kube-probe/1.31"
10.128.1.49 - - [04/Dec/2025:12:24:45 +0000] "GET / HTTP/1.1" 300 287 "-" "nova-scheduler keystoneauth1/5.1.3 python-requests/2.25.1 CPython/3.9.23" [Thu Dec 04 12:24:45.876247 2025] [wsgi:error] [pid 17:tid 50] [remote 10.128.1.49:55658] 2025-12-04 12:24:45.876 17 WARNING keystone.common.password_hashing [None req-d0a8238e-7f91-4c2a-aedd-452c50e1d9f2 - - - - - -] Truncating password to algorithm specific maximum length 72 characters.\x1b[00m [Thu Dec 04 12:24:46.137005 2025] [wsgi:error] [pid 17:tid 50] [remote 10.128.1.49:55658] 2025-12-04 12:24:46.136 17 WARNING keystone.common.fernet_utils [None req-d0a8238e-7f91-4c2a-aedd-452c50e1d9f2 - - - - - -] key_repository is world readable: /etc/keystone/fernet-keys\x1b[00m
10.128.1.49 - - [04/Dec/2025:12:24:45 +0000] "POST /v3/auth/tokens HTTP/1.1" 201 5251 "-" "nova-scheduler keystoneauth1/5.1.3 python-requests/2.25.1 CPython/3.9.23"
10.128.0.183 - - [04/Dec/2025:12:24:53 +0000] "GET / HTTP/1.1" 300 287 "-" "gophercloud/v2.8.0" [Thu Dec 04 12:24:53.606100 2025] [wsgi:error] [pid 19:tid 56] [remote 10.128.0.183:38942] 2025-12-04 12:24:53.605 19 WARNING keystone.common.password_hashing [None req-feccba55-eaff-49ea-b83f-a81796b433fb - - - - - -] Truncating password to algorithm specific maximum length 72 characters.\x1b[00m [Thu Dec 04 12:24:53.872935 2025] [wsgi:error] [pid 19:tid 56] [remote 10.128.0.183:38942] 2025-12-04 12:24:53.872 19 WARNING keystone.common.fernet_utils [None req-feccba55-eaff-49ea-b83f-a81796b433fb - - - - - -] key_repository is world readable: /etc/keystone/fernet-keys\x1b[00m
10.128.0.183 - - [04/Dec/2025:12:24:53 +0000] "POST /v3/auth/tokens HTTP/1.1" 201 5251 "-" "gophercloud/v2.8.0"
10.128.0.183 - - [04/Dec/2025:12:24:53 +0000] "GET / HTTP/1.1" 300 287 "-" "gophercloud/v2.8.0" [Thu Dec 04 12:24:53.951653 2025] [wsgi:error] [pid 18:tid 53] [remote 10.128.0.183:38944] 2025-12-04 12:24:53.951 18 WARNING keystone.common.password_hashing [None req-323e5563-4262-4270-bd27-bc1e35f924b7 - - - - - -] Truncating password to algorithm specific maximum length 72 characters.\x1b[00m [Thu Dec 04 12:24:54.229767 2025] [wsgi:error] [pid 18:tid 53] [remote 10.128.0.183:38944] 2025-12-04 12:24:54.229 18 WARNING keystone.common.fernet_utils [None req-323e5563-4262-4270-bd27-bc1e35f924b7 - - - - - -] key_repository is world readable: /etc/keystone/fernet-keys\x1b[00m
10.128.0.183 - - [04/Dec/2025:12:24:53 +0000] "POST /v3/auth/tokens HTTP/1.1" 201 5251 "-" "gophercloud/v2.8.0"
10.128.0.2 - - [04/Dec/2025:12:25:10 +0000] "GET /v3 HTTP/1.1" 200 253 "-" "kube-probe/1.31"
10.128.0.2 - - [04/Dec/2025:12:25:10 +0000] "GET /v3 HTTP/1.1" 200 253 "-" "kube-probe/1.31"
10.128.0.2 - - [04/Dec/2025:12:25:40 +0000] "GET /v3 HTTP/1.1" 200 253 "-" "kube-probe/1.31"
10.128.0.2 - - [04/Dec/2025:12:25:40 +0000] "GET /v3 HTTP/1.1" 200 253 "-" "kube-probe/1.31"
10.128.0.2 - - [04/Dec/2025:12:25:45 +0000] "GET / HTTP/1.1" 300 299 "-" "openstacksdk/1.0.2 keystoneauth1/5.1.3 python-requests/2.25.1 CPython/3.9.23" [Thu Dec 04 12:25:45.394932 2025] [wsgi:error] [pid 18:tid 53] [remote 10.128.0.2:55724] 2025-12-04 12:25:45.394 18 WARNING keystone.common.password_hashing [None req-1e884d3a-2721-4535-84aa-d4f1d4f26e90 - - - - - -] Truncating password to algorithm specific maximum length 72 characters.\x1b[00m [Thu Dec 04 12:25:45.655966 2025] [wsgi:error] [pid 18:tid 53] [remote 10.128.0.2:55724] 2025-12-04 12:25:45.655 18 WARNING keystone.common.fernet_utils [None req-1e884d3a-2721-4535-84aa-d4f1d4f26e90 - - - - - -] key_repository is world readable: /etc/keystone/fernet-keys\x1b[00m
10.128.0.2 - - [04/Dec/2025:12:25:45 +0000] "POST /v3/auth/tokens HTTP/1.1" 201 5187 "-" "openstacksdk/1.0.2 keystoneauth1/5.1.3 python-requests/2.25.1 CPython/3.9.23"
10.128.1.2 - - [04/Dec/2025:12:25:46 +0000] "GET / HTTP/1.1" 300 287 "-" "cinder/22.3.1.dev6 keystonemiddleware.auth_token/10.2.0 keystoneauth1/5.1.3 python-requests/2.25.1 CPython/3.9.23" [Thu Dec 04 12:25:46.064345 2025] [wsgi:error] [pid 17:tid 50] [remote 10.128.1.2:46960] 2025-12-04 12:25:46.064 17 WARNING keystone.common.password_hashing [None req-8b8416ba-e084-4197-bd95-208ac034da89 - - - - - -] Truncating password to algorithm specific maximum length 72 characters.\x1b[00m [Thu Dec 04 12:25:46.338201 2025] [wsgi:error] [pid 17:tid 50] [remote 10.128.1.2:46960] 2025-12-04 12:25:46.337 17 WARNING keystone.common.fernet_utils [None req-8b8416ba-e084-4197-bd95-208ac034da89 - - - - - -] key_repository is world readable: /etc/keystone/fernet-keys\x1b[00m
10.128.1.2 - - [04/Dec/2025:12:25:46 +0000] "POST /v3/auth/tokens HTTP/1.1" 201 5253 "-" "cinder/22.3.1.dev6 keystonemiddleware.auth_token/10.2.0 keystoneauth1/5.1.3 python-requests/2.25.1 CPython/3.9.23"
10.128.1.2 - - [04/Dec/2025:12:25:46 +0000] "GET /v3/auth/tokens HTTP/1.1" 200 5187 "-" "python-keystoneclient"
10.128.1.2 - - [04/Dec/2025:12:25:46 +0000] "GET / HTTP/1.1" 300 287 "-" "cinder/22.3.1.dev6 keystonemiddleware.auth_token/10.2.0 keystoneauth1/5.1.3 python-requests/2.25.1 CPython/3.9.23" [Thu Dec 04 12:25:46.937734 2025] [wsgi:error] [pid 17:tid 50] [remote 10.128.1.2:46970] 2025-12-04 12:25:46.937 17 WARNING keystone.common.password_hashing [None req-03545ff6-32a8-40b4-bf07-801a62c98406 - - - - - -] Truncating password to algorithm specific maximum length 72 characters.\x1b[00m [Thu Dec 04 12:25:47.197287 2025] [wsgi:error] [pid 17:tid 50] [remote 10.128.1.2:46970] 2025-12-04 12:25:47.197 17 WARNING keystone.common.fernet_utils [None req-03545ff6-32a8-40b4-bf07-801a62c98406 - - - - - -] key_repository is world readable: /etc/keystone/fernet-keys\x1b[00m
10.128.1.2 - - [04/Dec/2025:12:25:46 +0000] "POST /v3/auth/tokens HTTP/1.1" 201 5253 "-" "cinder/22.3.1.dev6 keystonemiddleware.auth_token/10.2.0 keystoneauth1/5.1.3 python-requests/2.25.1 CPython/3.9.23"
10.128.1.2 - - [04/Dec/2025:12:25:47 +0000] "GET /v3/auth/tokens HTTP/1.1" 200 5187 "-" "python-keystoneclient"
10.128.0.2 - - [04/Dec/2025:12:25:49 +0000] "GET / HTTP/1.1" 300 299 "-" "openstacksdk/1.0.2 keystoneauth1/5.1.3 python-requests/2.25.1 CPython/3.9.23" [Thu Dec 04 12:25:49.406446 2025] [wsgi:error] [pid 17:tid 50] [remote 10.128.0.2:42076] 2025-12-04 12:25:49.406 17 WARNING keystone.common.password_hashing [None req-c4aea4c2-d05d-4910-99bf-3e8e4f9777a6 - - - - - -] Truncating password to algorithm specific maximum length 72 characters.\x1b[00m [Thu Dec 04 12:25:49.660520 2025] [wsgi:error] [pid 17:tid 50] [remote 10.128.0.2:42076] 2025-12-04 12:25:49.660 17 WARNING keystone.common.fernet_utils [None req-c4aea4c2-d05d-4910-99bf-3e8e4f9777a6 - - - - - -] key_repository is world readable: /etc/keystone/fernet-keys\x1b[00m
10.128.0.2 - - [04/Dec/2025:12:25:49 +0000] "POST /v3/auth/tokens HTTP/1.1" 201 5187 "-" "openstacksdk/1.0.2 keystoneauth1/5.1.3 python-requests/2.25.1 CPython/3.9.23"
10.128.1.2 - - [04/Dec/2025:12:25:49 +0000] "GET / HTTP/1.1" 300 287 "-" "cinder/22.3.1.dev6 keystonemiddleware.auth_token/10.2.0 keystoneauth1/5.1.3 python-requests/2.25.1 CPython/3.9.23" [Thu Dec 04 12:25:49.825994 2025] [wsgi:error] [pid 19:tid 56] [remote 10.128.1.2:42656] 2025-12-04 12:25:49.825 19 WARNING keystone.common.password_hashing [None req-8d001278-ac03-421a-b336-5cac4c19e8cd - - - - - -] Truncating password to algorithm specific maximum length 72 characters.\x1b[00m [Thu Dec 04 12:25:50.082252 2025] [wsgi:error] [pid 19:tid 56] [remote 10.128.1.2:42656] 2025-12-04 12:25:50.082 19 WARNING keystone.common.fernet_utils [None req-8d001278-ac03-421a-b336-5cac4c19e8cd - - - - - -] key_repository is world readable: /etc/keystone/fernet-keys\x1b[00m
10.128.1.2 - - [04/Dec/2025:12:25:49 +0000] "POST /v3/auth/tokens HTTP/1.1" 201 5253 "-" "cinder/22.3.1.dev6 keystonemiddleware.auth_token/10.2.0 keystoneauth1/5.1.3 python-requests/2.25.1 CPython/3.9.23"
10.128.1.2 - - [04/Dec/2025:12:25:50 +0000] "GET /v3/auth/tokens HTTP/1.1" 200 5187 "-" "python-keystoneclient"
10.128.0.2 - - [04/Dec/2025:12:25:52 +0000] "GET / HTTP/1.1" 300 299 "-" "openstacksdk/1.0.2 keystoneauth1/5.1.3 python-requests/2.25.1 CPython/3.9.23" [Thu Dec 04 12:25:52.344261 2025] [wsgi:error] [pid 19:tid 56] [remote 10.128.0.2:42080] 2025-12-04 12:25:52.343 19 WARNING keystone.common.password_hashing [None req-b785aeca-ee17-43b1-bc3d-1df07234988f - - - - - -] Truncating password to algorithm specific maximum length 72 characters.\x1b[00m [Thu Dec 04 12:25:52.608293 2025] [wsgi:error] [pid 19:tid 56] [remote 10.128.0.2:42080] 2025-12-04 12:25:52.608 19 WARNING keystone.common.fernet_utils [None req-b785aeca-ee17-43b1-bc3d-1df07234988f - - - - - -] key_repository is world readable: /etc/keystone/fernet-keys\x1b[00m
10.128.0.2 - - [04/Dec/2025:12:25:52 +0000] "POST /v3/auth/tokens HTTP/1.1" 201 5187 "-" "openstacksdk/1.0.2 keystoneauth1/5.1.3 python-requests/2.25.1 CPython/3.9.23"
10.128.1.2 - - [04/Dec/2025:12:25:52 +0000] "GET /v3/auth/tokens HTTP/1.1" 200 5187 "-" "python-keystoneclient"
10.128.1.2 - - [04/Dec/2025:12:25:52 +0000] "GET /v3/auth/tokens HTTP/1.1" 200 5187 "-" "python-keystoneclient"
10.128.1.2 - - [04/Dec/2025:12:25:52 +0000] "GET /v3/auth/tokens HTTP/1.1" 200 5187 "-" "python-keystoneclient"
10.128.0.2 - - [04/Dec/2025:12:25:55 +0000] "GET / HTTP/1.1" 300 299 "-" "openstacksdk/1.0.2 keystoneauth1/5.1.3 python-requests/2.25.1 CPython/3.9.23" [Thu Dec 04 12:25:55.877078 2025] [wsgi:error] [pid 18:tid 53] [remote 10.128.0.2:42088] 2025-12-04 12:25:55.876 18 WARNING keystone.common.password_hashing [None req-b10913fc-573d-4343-988b-8be4640ce7db - - - - - -] Truncating password to algorithm specific maximum length 72 characters.\x1b[00m [Thu Dec 04 12:25:56.151926 2025] [wsgi:error] [pid 18:tid 53] [remote 10.128.0.2:42088] 2025-12-04 12:25:56.151 18 WARNING keystone.common.fernet_utils [None req-b10913fc-573d-4343-988b-8be4640ce7db - - - - - -] key_repository is world readable: /etc/keystone/fernet-keys\x1b[00m
10.128.0.2 - - [04/Dec/2025:12:25:55 +0000] "POST /v3/auth/tokens HTTP/1.1" 201 5187 "-" "openstacksdk/1.0.2 keystoneauth1/5.1.3 python-requests/2.25.1 CPython/3.9.23"
10.128.1.1 - - [04/Dec/2025:12:25:56 +0000] "GET / HTTP/1.1" 300 287 "-" "neutron/22.2.2.dev43 keystonemiddleware.auth_token/10.2.0 keystoneauth1/5.1.3 python-requests/2.25.1 CPython/3.9.23" [Thu Dec 04 12:25:56.334944 2025] [wsgi:error] [pid 17:tid 50] [remote 10.128.1.1:46018] 2025-12-04 12:25:56.334 17 WARNING keystone.common.password_hashing [None req-761ea0db-da0c-4668-9367-c0d2039f3487 - - - - - -] Truncating password to algorithm specific maximum length 72 characters.\x1b[00m [Thu Dec 04 12:25:56.619554 2025] [wsgi:error] [pid 17:tid 50] [remote 10.128.1.1:46018] 2025-12-04 12:25:56.619 17 WARNING keystone.common.fernet_utils [None req-761ea0db-da0c-4668-9367-c0d2039f3487 - - - - - -] key_repository is world readable: /etc/keystone/fernet-keys\x1b[00m
10.128.1.1 - - [04/Dec/2025:12:25:56 +0000] "POST /v3/auth/tokens HTTP/1.1" 201 5254 "-" "neutron/22.2.2.dev43 keystonemiddleware.auth_token/10.2.0 keystoneauth1/5.1.3 python-requests/2.25.1 CPython/3.9.23"
10.128.1.1 - - [04/Dec/2025:12:25:56 +0000] "GET /v3/auth/tokens HTTP/1.1" 200 5187 "-" "python-keystoneclient"
10.128.1.1 - - [04/Dec/2025:12:25:57 +0000] "GET /v3/auth/tokens HTTP/1.1" 200 5187 "-" "python-keystoneclient"
10.128.0.2 - - [04/Dec/2025:12:25:59 +0000] "GET / HTTP/1.1" 300 299 "-" "openstacksdk/1.0.2 keystoneauth1/5.1.3 python-requests/2.25.1 CPython/3.9.23" [Thu Dec 04 12:25:59.259607 2025] [wsgi:error] [pid 18:tid 53] [remote 10.128.0.2:42092] 2025-12-04 12:25:59.259 18 WARNING keystone.common.password_hashing [None req-91897f99-14b2-4907-b115-daa1a2f24cab - - - - - -] Truncating password to algorithm specific maximum length 72 characters.\x1b[00m [Thu Dec 04 12:25:59.525245 2025] [wsgi:error] [pid 18:tid 53] [remote 10.128.0.2:42092] 2025-12-04 12:25:59.525 18 WARNING keystone.common.fernet_utils [None req-91897f99-14b2-4907-b115-daa1a2f24cab - - - - - -] key_repository is world readable: /etc/keystone/fernet-keys\x1b[00m
10.128.0.2 - - [04/Dec/2025:12:25:59 +0000] "POST /v3/auth/tokens HTTP/1.1" 201 5187 "-" "openstacksdk/1.0.2 keystoneauth1/5.1.3 python-requests/2.25.1 CPython/3.9.23"
10.128.1.1 - - [04/Dec/2025:12:25:59 +0000] "GET / HTTP/1.1" 300 287 "-" "neutron/22.2.2.dev43 keystonemiddleware.auth_token/10.2.0 keystoneauth1/5.1.3 python-requests/2.25.1 CPython/3.9.23" [Thu Dec 04 12:25:59.679556 2025] [wsgi:error] [pid 17:tid 50] [remote 10.128.1.1:32836] 2025-12-04 12:25:59.679 17 WARNING keystone.common.password_hashing [None req-69c150e0-f1e9-4fe4-b417-270403b933f8 - - - - - -] Truncating password to algorithm specific maximum length 72 characters.\x1b[00m [Thu Dec 04 12:25:59.946969 2025] [wsgi:error] [pid 17:tid 50] [remote 10.128.1.1:32836] 2025-12-04 12:25:59.946 17 WARNING keystone.common.fernet_utils [None req-69c150e0-f1e9-4fe4-b417-270403b933f8 - - - - - -] key_repository is world readable: /etc/keystone/fernet-keys\x1b[00m
10.128.1.1 - - [04/Dec/2025:12:25:59 +0000] "POST /v3/auth/tokens HTTP/1.1" 201 5254 "-" "neutron/22.2.2.dev43 keystonemiddleware.auth_token/10.2.0 keystoneauth1/5.1.3 python-requests/2.25.1 CPython/3.9.23"
10.128.1.1 - - [04/Dec/2025:12:25:59 +0000] "GET /v3/auth/tokens HTTP/1.1" 200 5187 "-" "python-keystoneclient"
10.128.0.2 - - [04/Dec/2025:12:26:05 +0000] "GET / HTTP/1.1" 300 299 "-" "openstacksdk/1.0.2 keystoneauth1/5.1.3 python-requests/2.25.1 CPython/3.9.23" [Thu Dec 04 12:26:05.119485 2025] [wsgi:error] [pid 17:tid 50] [remote 10.128.0.2:43296] 2025-12-04 12:26:05.119 17 WARNING keystone.common.password_hashing [None req-f202c8b6-fc08-4f54-a455-7c7b6435e56f - - - - - -] Truncating password to algorithm specific maximum length 72 characters.\x1b[00m [Thu Dec 04 12:26:05.389931 2025] [wsgi:error] [pid 17:tid 50] [remote 10.128.0.2:43296] 2025-12-04 12:26:05.389 17 WARNING keystone.common.fernet_utils [None req-f202c8b6-fc08-4f54-a455-7c7b6435e56f - - - - - -] key_repository is world readable: /etc/keystone/fernet-keys\x1b[00m
10.128.0.2 - - [04/Dec/2025:12:26:05 +0000] "POST /v3/auth/tokens HTTP/1.1" 201 5187 "-" "openstacksdk/1.0.2 keystoneauth1/5.1.3 python-requests/2.25.1 CPython/3.9.23"
10.128.1.1 - - [04/Dec/2025:12:26:05 +0000] "GET /v3/auth/tokens HTTP/1.1" 200 5187 "-" "python-keystoneclient"
10.128.1.1 - - [04/Dec/2025:12:26:05 +0000] "GET /v3/auth/tokens HTTP/1.1" 200 5187 "-" "python-keystoneclient"
10.128.0.2 - - [04/Dec/2025:12:26:07 +0000] "GET / HTTP/1.1" 300 299 "-" "openstacksdk/1.0.2 keystoneauth1/5.1.3 python-requests/2.25.1 CPython/3.9.23" [Thu Dec 04 12:26:07.641620 2025] [wsgi:error] [pid 18:tid 53] [remote 10.128.0.2:43300] 2025-12-04 12:26:07.641 18 WARNING keystone.common.password_hashing [None req-3ff3a01c-9e1f-43c8-afbf-3e176ee4a974 - - - - - -] Truncating password to algorithm specific maximum length 72 characters.\x1b[00m [Thu Dec 04 12:26:07.910849 2025] [wsgi:error] [pid 18:tid 53] [remote 10.128.0.2:43300] 2025-12-04 12:26:07.910 18 WARNING keystone.common.fernet_utils [None req-3ff3a01c-9e1f-43c8-afbf-3e176ee4a974 - - - - - -] key_repository is world readable: /etc/keystone/fernet-keys\x1b[00m
10.128.0.2 - - [04/Dec/2025:12:26:07 +0000] "POST /v3/auth/tokens HTTP/1.1" 201 5187 "-" "openstacksdk/1.0.2 keystoneauth1/5.1.3 python-requests/2.25.1 CPython/3.9.23"
10.128.1.1 - - [04/Dec/2025:12:26:08 +0000] "GET /v3/auth/tokens HTTP/1.1" 200 5187 "-" "python-keystoneclient"
10.128.1.1 - - [04/Dec/2025:12:26:08 +0000] "GET /v3/auth/tokens HTTP/1.1" 200 5187 "-" "python-keystoneclient"
10.128.1.1 - - [04/Dec/2025:12:26:08 +0000] "GET /v3/auth/tokens HTTP/1.1" 200 5187 "-" "python-keystoneclient"
10.128.0.2 - - [04/Dec/2025:12:26:10 +0000] "GET /v3 HTTP/1.1" 200 253 "-" "kube-probe/1.31"
10.128.0.2 - - [04/Dec/2025:12:26:10 +0000] "GET /v3 HTTP/1.1" 200 253 "-" "kube-probe/1.31"
10.128.0.2 - - [04/Dec/2025:12:26:13 +0000] "GET / HTTP/1.1" 300 299 "-" "openstacksdk/1.0.2 keystoneauth1/5.1.3 python-requests/2.25.1 CPython/3.9.23" [Thu Dec 04 12:26:13.940035 2025] [wsgi:error] [pid 19:tid 56] [remote 10.128.0.2:47382] 2025-12-04 12:26:13.939 19 WARNING keystone.common.password_hashing [None req-a6ce2090-dde1-4ec6-8dc9-fe3ca2658952 - - - - - -] Truncating password to algorithm specific maximum length 72 characters.\x1b[00m [Thu Dec 04 12:26:14.202836 2025] [wsgi:error] [pid 19:tid 56] [remote 10.128.0.2:47382] 2025-12-04 12:26:14.202 19 WARNING keystone.common.fernet_utils [None req-a6ce2090-dde1-4ec6-8dc9-fe3ca2658952 - - - - - -] key_repository is world readable: /etc/keystone/fernet-keys\x1b[00m
10.128.0.2 - - [04/Dec/2025:12:26:13 +0000] "POST /v3/auth/tokens HTTP/1.1" 201 5187 "-" "openstacksdk/1.0.2 keystoneauth1/5.1.3 python-requests/2.25.1 CPython/3.9.23"
10.128.1.1 - - [04/Dec/2025:12:26:14 +0000] "GET /v3/auth/tokens HTTP/1.1" 200 5187 "-" "python-keystoneclient"
10.128.1.1 - - [04/Dec/2025:12:26:14 +0000] "GET /v3/auth/tokens HTTP/1.1" 200 5187 "-" "python-keystoneclient"
10.128.0.2 - - [04/Dec/2025:12:26:16 +0000] "GET / HTTP/1.1" 300 299 "-" "openstacksdk/1.0.2 keystoneauth1/5.1.3 python-requests/2.25.1 CPython/3.9.23" [Thu Dec 04 12:26:16.437933 2025] [wsgi:error] [pid 17:tid 50] [remote 10.128.0.2:47396] 2025-12-04 12:26:16.437 17 WARNING keystone.common.password_hashing [None req-e2f2c217-8bb2-40cb-8119-653c1e8cd368 - - - - - -] Truncating password to algorithm specific maximum length 72 characters.\x1b[00m [Thu Dec 04 12:26:16.707689 2025] [wsgi:error] [pid 17:tid 50] [remote 10.128.0.2:47396] 2025-12-04 12:26:16.707 17 WARNING keystone.common.fernet_utils [None req-e2f2c217-8bb2-40cb-8119-653c1e8cd368 - - - - - -] key_repository is world readable: /etc/keystone/fernet-keys\x1b[00m
10.128.0.2 - - [04/Dec/2025:12:26:16 +0000] "POST /v3/auth/tokens HTTP/1.1" 201 5187 "-" "openstacksdk/1.0.2 keystoneauth1/5.1.3 python-requests/2.25.1 CPython/3.9.23"
10.128.1.1 - - [04/Dec/2025:12:26:16 +0000] "GET /v3/auth/tokens HTTP/1.1" 200 5187 "-" "python-keystoneclient"
10.128.0.2 - - [04/Dec/2025:12:26:20 +0000] "GET / HTTP/1.1" 300 299 "-" "openstacksdk/1.0.2 keystoneauth1/5.1.3 python-requests/2.25.1 CPython/3.9.23" [Thu Dec 04 12:26:21.006998 2025] [wsgi:error] [pid 17:tid 50] [remote 10.128.0.2:59616] 2025-12-04 12:26:21.006 17 WARNING keystone.common.password_hashing [None req-9aa9f67b-4e31-4b77-8a8b-1e0d88ea3cfd - - - - - -] Truncating password to algorithm specific maximum length 72 characters.\x1b[00m [Thu Dec 04 12:26:21.267729 2025] [wsgi:error] [pid 17:tid 50] [remote 10.128.0.2:59616] 2025-12-04 12:26:21.267 17 WARNING keystone.common.fernet_utils [None req-9aa9f67b-4e31-4b77-8a8b-1e0d88ea3cfd - - - - - -] key_repository is world readable: /etc/keystone/fernet-keys\x1b[00m
10.128.0.2 - - [04/Dec/2025:12:26:20 +0000] "POST /v3/auth/tokens HTTP/1.1" 201 5187 "-" "openstacksdk/1.0.2 keystoneauth1/5.1.3 python-requests/2.25.1 CPython/3.9.23"
10.128.1.1 - - [04/Dec/2025:12:26:21 +0000] "GET /v3/auth/tokens HTTP/1.1" 200 5187 "-" "python-keystoneclient"
10.128.1.1 - - [04/Dec/2025:12:26:21 +0000] "GET /v3/auth/tokens HTTP/1.1" 200 5187 "-" "python-keystoneclient"
10.128.0.2 - - [04/Dec/2025:12:26:23 +0000] "GET / HTTP/1.1" 300 299 "-" "openstacksdk/1.0.2 keystoneauth1/5.1.3 python-requests/2.25.1 CPython/3.9.23" [Thu Dec 04 12:26:23.562671 2025] [wsgi:error] [pid 18:tid 53] [remote 10.128.0.2:59628] 2025-12-04 12:26:23.562 18 WARNING keystone.common.password_hashing [None req-20c78086-f03b-46e9-9d96-6a7aaf972cca - - - - - -] Truncating password to algorithm specific maximum length 72 characters.\x1b[00m [Thu Dec 04 12:26:23.825502 2025] [wsgi:error] [pid 18:tid 53] [remote 10.128.0.2:59628] 2025-12-04 12:26:23.825 18 WARNING keystone.common.fernet_utils [None req-20c78086-f03b-46e9-9d96-6a7aaf972cca - - - - - -] key_repository is world readable: /etc/keystone/fernet-keys\x1b[00m
10.128.0.2 - - [04/Dec/2025:12:26:23 +0000] "POST /v3/auth/tokens HTTP/1.1" 201 5187 "-" "openstacksdk/1.0.2 keystoneauth1/5.1.3 python-requests/2.25.1 CPython/3.9.23"
10.128.1.1 - - [04/Dec/2025:12:26:23 +0000] "GET /v3/auth/tokens HTTP/1.1" 200 5187 "-" "python-keystoneclient"
10.128.1.1 - - [04/Dec/2025:12:26:24 +0000] "GET /v3/auth/tokens HTTP/1.1" 200 5187 "-" "python-keystoneclient"
10.128.1.1 - - [04/Dec/2025:12:26:24 +0000] "GET /v3/auth/tokens HTTP/1.1" 200 5187 "-" "python-keystoneclient"
10.128.0.2 - - [04/Dec/2025:12:26:29 +0000] "GET / HTTP/1.1" 300 299 "-" "openstacksdk/1.0.2 keystoneauth1/5.1.3 python-requests/2.25.1 CPython/3.9.23" [Thu Dec 04 12:26:29.063213 2025] [wsgi:error] [pid 17:tid 50] [remote 10.128.0.2:59630] 2025-12-04 12:26:29.062 17 WARNING keystone.common.password_hashing [None req-578e8a67-b291-4eee-8ac8-5b926ff0ad59 - - - - - -] Truncating password to algorithm specific maximum length 72 characters.\x1b[00m [Thu Dec 04 12:26:29.327897 2025] [wsgi:error] [pid 17:tid 50] [remote 10.128.0.2:59630] 2025-12-04 12:26:29.327 17 WARNING keystone.common.fernet_utils [None req-578e8a67-b291-4eee-8ac8-5b926ff0ad59 - - - - - -] key_repository is world readable: /etc/keystone/fernet-keys\x1b[00m
10.128.0.2 - - [04/Dec/2025:12:26:29 +0000] "POST /v3/auth/tokens HTTP/1.1" 201 5187 "-" "openstacksdk/1.0.2 keystoneauth1/5.1.3 python-requests/2.25.1 CPython/3.9.23"
10.128.1.1 - - [04/Dec/2025:12:26:29 +0000] "GET /v3/auth/tokens HTTP/1.1" 200 5187 "-" "python-keystoneclient"
10.128.1.1 - - [04/Dec/2025:12:26:29 +0000] "GET /v3/auth/tokens HTTP/1.1" 200 5187 "-" "python-keystoneclient"
10.128.0.2 - - [04/Dec/2025:12:26:31 +0000] "GET / HTTP/1.1" 300 299 "-" "openstacksdk/1.0.2 keystoneauth1/5.1.3 python-requests/2.25.1 CPython/3.9.23" [Thu Dec 04 12:26:31.735512 2025] [wsgi:error] [pid 18:tid 53] [remote 10.128.0.2:41546] 2025-12-04 12:26:31.735 18 WARNING keystone.common.password_hashing [None req-8d53b501-bc7d-4d80-b0fc-9f760f7ce945 - - - - - -] Truncating password to algorithm specific maximum length 72 characters.\x1b[00m [Thu Dec 04 12:26:32.010315 2025] [wsgi:error] [pid 18:tid 53] [remote 10.128.0.2:41546] 2025-12-04 12:26:32.010 18 WARNING keystone.common.fernet_utils [None req-8d53b501-bc7d-4d80-b0fc-9f760f7ce945 - - - - - -] key_repository is world readable: /etc/keystone/fernet-keys\x1b[00m
10.128.0.2 - - [04/Dec/2025:12:26:31 +0000] "POST /v3/auth/tokens HTTP/1.1" 201 5187 "-" "openstacksdk/1.0.2 keystoneauth1/5.1.3 python-requests/2.25.1 CPython/3.9.23"
10.128.1.1 - - [04/Dec/2025:12:26:32 +0000] "GET /v3/auth/tokens HTTP/1.1" 200 5187 "-" "python-keystoneclient"
10.128.0.2 - - [04/Dec/2025:12:26:36 +0000] "GET / HTTP/1.1" 300 299 "-" "openstacksdk/1.0.2 keystoneauth1/5.1.3 python-requests/2.25.1 CPython/3.9.23" [Thu Dec 04 12:26:36.161932 2025] [wsgi:error] [pid 18:tid 53] [remote 10.128.0.2:41552] 2025-12-04 12:26:36.161 18 WARNING keystone.common.password_hashing [None req-dda50987-1322-483d-91d7-e5c26d87de52 - - - - - -] Truncating password to algorithm specific maximum length 72 characters.\x1b[00m [Thu Dec 04 12:26:36.438954 2025] [wsgi:error] [pid 18:tid 53] [remote 10.128.0.2:41552] 2025-12-04 12:26:36.438 18 WARNING keystone.common.fernet_utils [None req-dda50987-1322-483d-91d7-e5c26d87de52 - - - - - -] key_repository is world readable: /etc/keystone/fernet-keys\x1b[00m
10.128.0.2 - - [04/Dec/2025:12:26:36 +0000] "POST /v3/auth/tokens HTTP/1.1" 201 5187 "-" "openstacksdk/1.0.2 keystoneauth1/5.1.3 python-requests/2.25.1 CPython/3.9.23"
10.128.1.1 - - [04/Dec/2025:12:26:36 +0000] "GET /v3/auth/tokens HTTP/1.1" 200 5187 "-" "python-keystoneclient"
10.128.1.1 - - [04/Dec/2025:12:26:37 +0000] "GET /v3/auth/tokens HTTP/1.1" 200 5187 "-" "python-keystoneclient"
10.128.0.2 - - [04/Dec/2025:12:26:39 +0000] "GET / HTTP/1.1" 300 299 "-" "openstacksdk/1.0.2 keystoneauth1/5.1.3 python-requests/2.25.1 CPython/3.9.23" [Thu Dec 04 12:26:39.254475 2025] [wsgi:error] [pid 19:tid 56] [remote 10.128.0.2:41564] 2025-12-04 12:26:39.254 19 WARNING keystone.common.password_hashing [None req-54e93e3e-64e0-470a-b9e1-fc5f03767cf0 - - - - - -] Truncating password to algorithm specific maximum length 72 characters.\x1b[00m [Thu Dec 04 12:26:39.526754 2025] [wsgi:error] [pid 19:tid 56] [remote 10.128.0.2:41564] 2025-12-04 12:26:39.526 19 WARNING keystone.common.fernet_utils [None req-54e93e3e-64e0-470a-b9e1-fc5f03767cf0 - - - - - -] key_repository is world readable: /etc/keystone/fernet-keys\x1b[00m
10.128.0.2 - - [04/Dec/2025:12:26:39 +0000] "POST /v3/auth/tokens HTTP/1.1" 201 5187 "-" "openstacksdk/1.0.2 keystoneauth1/5.1.3 python-requests/2.25.1 CPython/3.9.23"
10.128.1.1 - - [04/Dec/2025:12:26:39 +0000] "GET /v3/auth/tokens HTTP/1.1" 200 5187 "-" "python-keystoneclient"
10.128.0.2 - - [04/Dec/2025:12:26:40 +0000] "GET /v3 HTTP/1.1" 200 253 "-" "kube-probe/1.31"
10.128.0.2 - - [04/Dec/2025:12:26:40 +0000] "GET /v3 HTTP/1.1" 200 253 "-" "kube-probe/1.31"
10.128.1.1 - - [04/Dec/2025:12:26:40 +0000] "GET /v3/auth/tokens HTTP/1.1" 200 5187 "-" "python-keystoneclient"
10.128.1.1 - - [04/Dec/2025:12:26:40 +0000] "GET /v3/auth/tokens HTTP/1.1" 200 5187 "-" "python-keystoneclient"
10.128.0.2 - - [04/Dec/2025:12:26:48 +0000] "GET / HTTP/1.1" 300 299 "-" "openstacksdk/1.0.2 keystoneauth1/5.1.3 python-requests/2.25.1 CPython/3.9.23" [Thu Dec 04 12:26:48.967368 2025] [wsgi:error] [pid 17:tid 50] [remote 10.128.0.2:57188] 2025-12-04 12:26:48.966 17 WARNING keystone.common.password_hashing [None req-c23d0426-b901-4b4d-955d-9727274717dd - - - - - -] Truncating password to algorithm specific maximum length 72 characters.\x1b[00m [Thu Dec 04 12:26:49.234049 2025] [wsgi:error] [pid 17:tid 50] [remote 10.128.0.2:57188] 2025-12-04 12:26:49.233 17 WARNING keystone.common.fernet_utils [None req-c23d0426-b901-4b4d-955d-9727274717dd - - - - - -] key_repository is world readable: /etc/keystone/fernet-keys\x1b[00m
10.128.0.2 - - [04/Dec/2025:12:26:48 +0000] "POST /v3/auth/tokens HTTP/1.1" 201 5187 "-" "openstacksdk/1.0.2 keystoneauth1/5.1.3 python-requests/2.25.1 CPython/3.9.23"
10.128.1.47 - - [04/Dec/2025:12:26:49 +0000] "GET / HTTP/1.1" 300 287 "-" "nova/27.5.2.dev26 keystonemiddleware.auth_token/10.2.0 keystoneauth1/5.1.3 python-requests/2.25.1 CPython/3.9.23" [Thu Dec 04 12:26:49.399190 2025] [wsgi:error] [pid 19:tid 56] [remote 10.128.1.47:33202] 2025-12-04 12:26:49.398 19 WARNING keystone.common.password_hashing [None req-cc077bc6-0ec9-4cfb-a433-c4bcc7b36eaf - - - - - -] Truncating password to algorithm specific maximum length 72 characters.\x1b[00m [Thu Dec 04 12:26:49.664117 2025] [wsgi:error] [pid 19:tid 56] [remote 10.128.1.47:33202] 2025-12-04 12:26:49.663 19 WARNING keystone.common.fernet_utils [None req-cc077bc6-0ec9-4cfb-a433-c4bcc7b36eaf - - - - - -] key_repository is world readable: /etc/keystone/fernet-keys\x1b[00m
10.128.1.47 - - [04/Dec/2025:12:26:49 +0000] "POST /v3/auth/tokens HTTP/1.1" 201 5251 "-" "nova/27.5.2.dev26 keystonemiddleware.auth_token/10.2.0 keystoneauth1/5.1.3 python-requests/2.25.1 CPython/3.9.23"
10.128.1.47 - - [04/Dec/2025:12:26:49 +0000] "GET /v3/auth/tokens HTTP/1.1" 200 5187 "-" "python-keystoneclient"
10.128.1.47 - - [04/Dec/2025:12:26:50 +0000] "GET / HTTP/1.1" 300 287 "-" "nova/27.5.2.dev26 keystonemiddleware.auth_token/10.2.0 keystoneauth1/5.1.3 python-requests/2.25.1 CPython/3.9.23" [Thu Dec 04 12:26:50.077092 2025] [wsgi:error] [pid 19:tid 56] [remote 10.128.1.47:33218] 2025-12-04 12:26:50.076 19 WARNING keystone.common.password_hashing [None req-819102a5-2b6f-4643-844a-308b1e25574d - - - - - -] Truncating password to algorithm specific maximum length 72 characters.\x1b[00m [Thu Dec 04 12:26:50.341281 2025] [wsgi:error] [pid 19:tid 56] [remote 10.128.1.47:33218] 2025-12-04 12:26:50.341 19 WARNING keystone.common.fernet_utils [None req-819102a5-2b6f-4643-844a-308b1e25574d - - - - - -] key_repository is world readable: /etc/keystone/fernet-keys\x1b[00m
10.128.1.47 - - [04/Dec/2025:12:26:50 +0000] "POST /v3/auth/tokens HTTP/1.1" 201 5251 "-" "nova/27.5.2.dev26 keystonemiddleware.auth_token/10.2.0 keystoneauth1/5.1.3 python-requests/2.25.1 CPython/3.9.23"
10.128.1.47 - - [04/Dec/2025:12:26:50 +0000] "GET /v3/auth/tokens HTTP/1.1" 200 5187 "-" "python-keystoneclient"
10.128.0.2 - - [04/Dec/2025:12:26:52 +0000] "GET / HTTP/1.1" 300 299 "-" "openstacksdk/1.0.2 keystoneauth1/5.1.3 python-requests/2.25.1 CPython/3.9.23" [Thu Dec 04 12:26:52.571504 2025] [wsgi:error] [pid 19:tid 56] [remote 10.128.0.2:48616] 2025-12-04 12:26:52.571 19 WARNING keystone.common.password_hashing [None req-8a24681b-4f37-4ca7-9650-7a86e016e342 - - - - - -] Truncating password to algorithm specific maximum length 72 characters.\x1b[00m [Thu Dec 04 12:26:52.841193 2025] [wsgi:error] [pid 19:tid 56] [remote 10.128.0.2:48616] 2025-12-04 12:26:52.840 19 WARNING keystone.common.fernet_utils [None req-8a24681b-4f37-4ca7-9650-7a86e016e342 - - - - - -] key_repository is world readable: /etc/keystone/fernet-keys\x1b[00m
10.128.0.2 - - [04/Dec/2025:12:26:52 +0000] "POST /v3/auth/tokens HTTP/1.1" 201 5187 "-" "openstacksdk/1.0.2 keystoneauth1/5.1.3 python-requests/2.25.1 CPython/3.9.23"
10.128.1.47 - - [04/Dec/2025:12:26:52 +0000] "GET /v3/auth/tokens HTTP/1.1" 200 5187 "-" "python-keystoneclient"
10.128.1.47 - - [04/Dec/2025:12:26:53 +0000] "GET /v3/auth/tokens HTTP/1.1" 200 5187 "-" "python-keystoneclient"
10.128.0.2 - - [04/Dec/2025:12:26:57 +0000] "GET / HTTP/1.1" 300 299 "-" "openstacksdk/1.0.2 keystoneauth1/5.1.3 python-requests/2.25.1 CPython/3.9.23" [Thu Dec 04 12:26:57.682635 2025] [wsgi:error] [pid 17:tid 50] [remote 10.128.0.2:48628] 2025-12-04 12:26:57.682 17 WARNING keystone.common.password_hashing [None req-27220eca-0b57-49c9-a74b-12004b9f53f3 - - - - - -] Truncating password to algorithm specific maximum length 72 characters.\x1b[00m [Thu Dec 04 12:26:57.957456 2025] [wsgi:error] [pid 17:tid 50] [remote 10.128.0.2:48628] 2025-12-04 12:26:57.957 17 WARNING keystone.common.fernet_utils [None req-27220eca-0b57-49c9-a74b-12004b9f53f3 - - - - - -] key_repository is world readable: /etc/keystone/fernet-keys\x1b[00m
10.128.0.2 - - [04/Dec/2025:12:26:57 +0000] "POST /v3/auth/tokens HTTP/1.1" 201 5187 "-" "openstacksdk/1.0.2 keystoneauth1/5.1.3 python-requests/2.25.1 CPython/3.9.23"
10.128.1.13 - - [04/Dec/2025:12:26:58 +0000] "GET /v3/auth/tokens HTTP/1.1" 200 5187 "-" "python-keystoneclient"
10.128.0.248 - - [04/Dec/2025:12:26:59 +0000] "GET / HTTP/1.1" 300 287 "-" "placement/unknown keystonemiddleware.auth_token/10.2.0 keystoneauth1/5.1.3 python-requests/2.25.1 CPython/3.9.23" [Thu Dec 04 12:26:59.839372 2025] [wsgi:error] [pid 17:tid 50] [remote 10.128.0.248:60036] 2025-12-04 12:26:59.839 17 WARNING keystone.common.password_hashing [None req-e1fc51c8-4771-4e5d-9737-f463ca67acfa - - - - - -] Truncating password to algorithm specific maximum length 72 characters.\x1b[00m [Thu Dec 04 12:27:00.119853 2025] [wsgi:error] [pid 17:tid 50] [remote 10.128.0.248:60036] 2025-12-04 12:27:00.119 17 WARNING keystone.common.fernet_utils [None req-e1fc51c8-4771-4e5d-9737-f463ca67acfa - - - - - -] key_repository is world readable: /etc/keystone/fernet-keys\x1b[00m
10.128.0.248 - - [04/Dec/2025:12:26:59 +0000] "POST /v3/auth/tokens HTTP/1.1" 201 5256 "-" "placement/unknown keystonemiddleware.auth_token/10.2.0 keystoneauth1/5.1.3 python-requests/2.25.1 CPython/3.9.23"
10.128.0.248 - - [04/Dec/2025:12:27:00 +0000] "GET /v3/auth/tokens HTTP/1.1" 200 5251 "-" "python-keystoneclient"
10.128.0.248 - - [04/Dec/2025:12:27:00 +0000] "GET / HTTP/1.1" 300 287 "-" "placement/unknown keystonemiddleware.auth_token/10.2.0 keystoneauth1/5.1.3 python-requests/2.25.1 CPython/3.9.23" [Thu Dec 04 12:27:00.339377 2025] [wsgi:error] [pid 17:tid 50] [remote 10.128.0.248:60042] 2025-12-04 12:27:00.339 17 WARNING keystone.common.password_hashing [None req-dec84061-9675-4444-ae91-858421e97019 - - - - - -] Truncating password to algorithm specific maximum length 72 characters.\x1b[00m [Thu Dec 04 12:27:00.605072 2025] [wsgi:error] [pid 17:tid 50] [remote 10.128.0.248:60042] 2025-12-04 12:27:00.604 17 WARNING keystone.common.fernet_utils [None req-dec84061-9675-4444-ae91-858421e97019 - - - - - -] key_repository is world readable: /etc/keystone/fernet-keys\x1b[00m
10.128.0.248 - - [04/Dec/2025:12:27:00 +0000] "POST /v3/auth/tokens HTTP/1.1" 201 5256 "-" "placement/unknown keystonemiddleware.auth_token/10.2.0 keystoneauth1/5.1.3 python-requests/2.25.1 CPython/3.9.23"
10.128.0.248 - - [04/Dec/2025:12:27:00 +0000] "GET /v3/auth/tokens HTTP/1.1" 200 5251 "-" "python-keystoneclient"
10.128.0.248 - - [04/Dec/2025:12:27:00 +0000] "GET / HTTP/1.1" 300 287 "-" "placement/unknown keystonemiddleware.auth_token/10.2.0 keystoneauth1/5.1.3 python-requests/2.25.1 CPython/3.9.23" [Thu Dec 04 12:27:00.710032 2025] [wsgi:error] [pid 17:tid 50] [remote 10.128.0.248:60046] 2025-12-04 12:27:00.709 17 WARNING keystone.common.password_hashing [None req-cfb437f8-ce80-4e3e-8d9c-50a7d5fdd087 - - - - - -] Truncating password to algorithm specific maximum length 72 characters.\x1b[00m [Thu Dec 04 12:27:00.973877 2025] [wsgi:error] [pid 17:tid 50] [remote 10.128.0.248:60046] 2025-12-04 12:27:00.972 17 WARNING keystone.common.fernet_utils [None req-cfb437f8-ce80-4e3e-8d9c-50a7d5fdd087 - - - - - -] key_repository is world readable: /etc/keystone/fernet-keys\x1b[00m
10.128.0.248 - - [04/Dec/2025:12:27:00 +0000] "POST /v3/auth/tokens HTTP/1.1" 201 5256 "-" "placement/unknown keystonemiddleware.auth_token/10.2.0 keystoneauth1/5.1.3 python-requests/2.25.1 CPython/3.9.23"
10.128.0.248 - - [04/Dec/2025:12:27:00 +0000] "GET /v3/auth/tokens HTTP/1.1" 200 5251 "-" "python-keystoneclient"
10.128.0.2 - - [04/Dec/2025:12:27:01 +0000] "GET / HTTP/1.1" 300 299 "-" "openstacksdk/1.0.2 keystoneauth1/5.1.3 python-requests/2.25.1 CPython/3.9.23" [Thu Dec 04 12:27:01.885846 2025] [wsgi:error] [pid 17:tid 50] [remote 10.128.0.2:48628] 2025-12-04 12:27:01.885 17 WARNING keystone.common.password_hashing [None req-9bbcf7f2-1be1-4b18-b4ba-53f0fab21026 - - - - - -] Truncating password to algorithm specific maximum length 72 characters.\x1b[00m [Thu Dec 04 12:27:02.166360 2025] [wsgi:error] [pid 17:tid 50] [remote 10.128.0.2:48628] 2025-12-04 12:27:02.166 17 WARNING keystone.common.fernet_utils [None req-9bbcf7f2-1be1-4b18-b4ba-53f0fab21026 - - - - - -] key_repository is world readable: /etc/keystone/fernet-keys\x1b[00m
10.128.0.2 - - [04/Dec/2025:12:27:01 +0000] "POST /v3/auth/tokens HTTP/1.1" 201 5187 "-" "openstacksdk/1.0.2 keystoneauth1/5.1.3 python-requests/2.25.1 CPython/3.9.23"
10.128.1.13 - - [04/Dec/2025:12:27:02 +0000] "GET /v3/auth/tokens HTTP/1.1" 200 5187 "-" "python-keystoneclient"
10.128.0.2 - - [04/Dec/2025:12:27:05 +0000] "GET / HTTP/1.1" 300 299 "-" "openstacksdk/1.0.2 keystoneauth1/5.1.3 python-requests/2.25.1 CPython/3.9.23" [Thu Dec 04 12:27:05.419021 2025] [wsgi:error] [pid 17:tid 50] [remote 10.128.0.2:54466] 2025-12-04 12:27:05.418 17 WARNING keystone.common.password_hashing [None req-c90d9741-8160-47eb-92bd-acbf403c0308 - - - - - -] Truncating password to algorithm specific maximum length 72 characters.\x1b[00m [Thu Dec 04 12:27:05.694992 2025] [wsgi:error] [pid 17:tid 50] [remote 10.128.0.2:54466] 2025-12-04 12:27:05.694 17 WARNING keystone.common.fernet_utils [None req-c90d9741-8160-47eb-92bd-acbf403c0308 - - - - - -] key_repository is world readable: /etc/keystone/fernet-keys\x1b[00m
10.128.0.2 - - [04/Dec/2025:12:27:05 +0000] "POST /v3/auth/tokens HTTP/1.1" 201 5187 "-" "openstacksdk/1.0.2 keystoneauth1/5.1.3 python-requests/2.25.1 CPython/3.9.23"
10.128.1.13 - - [04/Dec/2025:12:27:05 +0000] "GET /v3/auth/tokens HTTP/1.1" 200 5187 "-" "python-keystoneclient"
10.128.0.2 - - [04/Dec/2025:12:27:07 +0000] "GET / HTTP/1.1" 300 299 "-" "openstacksdk/1.0.2 keystoneauth1/5.1.3 python-requests/2.25.1 CPython/3.9.23" [Thu Dec 04 12:27:07.908074 2025] [wsgi:error] [pid 17:tid 50] [remote 10.128.0.2:54476] 2025-12-04 12:27:07.907 17 WARNING keystone.common.password_hashing [None req-60686524-4fe8-442c-8fc5-0c02501d2de5 - - - - - -] Truncating password to algorithm specific maximum length 72 characters.\x1b[00m [Thu Dec 04 12:27:08.163216 2025] [wsgi:error] [pid 17:tid 50] [remote 10.128.0.2:54476] 2025-12-04 12:27:08.162 17 WARNING keystone.common.fernet_utils [None req-60686524-4fe8-442c-8fc5-0c02501d2de5 - - - - - -] key_repository is world readable: /etc/keystone/fernet-keys\x1b[00m
10.128.0.2 - - [04/Dec/2025:12:27:07 +0000] "POST /v3/auth/tokens HTTP/1.1" 201 5187 "-" "openstacksdk/1.0.2 keystoneauth1/5.1.3 python-requests/2.25.1 CPython/3.9.23"
10.128.1.13 - - [04/Dec/2025:12:27:08 +0000] "GET /v3/auth/tokens HTTP/1.1" 200 5187 "-" "python-keystoneclient"
10.128.0.2 - - [04/Dec/2025:12:27:10 +0000] "GET /v3 HTTP/1.1" 200 253 "-" "kube-probe/1.31"
10.128.0.2 - - [04/Dec/2025:12:27:10 +0000] "GET /v3 HTTP/1.1" 200 253 "-" "kube-probe/1.31"
10.128.0.2 - - [04/Dec/2025:12:27:11 +0000] "GET / HTTP/1.1" 300 299 "-" "openstacksdk/1.0.2 keystoneauth1/5.1.3 python-requests/2.25.1 CPython/3.9.23" [Thu Dec 04 12:27:11.317782 2025] [wsgi:error] [pid 19:tid 56] [remote 10.128.0.2:56294] 2025-12-04 12:27:11.317 19 WARNING keystone.common.password_hashing [None req-ddfd6ea1-d3d3-4b02-b38c-2329b7425a76 - - - - - -] Truncating password to algorithm specific maximum length 72 characters.\x1b[00m [Thu Dec 04 12:27:11.593700 2025] [wsgi:error] [pid 19:tid 56] [remote 10.128.0.2:56294] 2025-12-04 12:27:11.593 19 WARNING keystone.common.fernet_utils [None req-ddfd6ea1-d3d3-4b02-b38c-2329b7425a76 - - - - - -] key_repository is world readable: /etc/keystone/fernet-keys\x1b[00m
10.128.0.2 - - [04/Dec/2025:12:27:11 +0000] "POST /v3/auth/tokens HTTP/1.1" 201 5187 "-" "openstacksdk/1.0.2 keystoneauth1/5.1.3 python-requests/2.25.1 CPython/3.9.23"
10.128.1.13 - - [04/Dec/2025:12:27:11 +0000] "GET /v3/auth/tokens HTTP/1.1" 200 5187 "-" "python-keystoneclient"
10.128.0.2 - - [04/Dec/2025:12:27:14 +0000] "GET / HTTP/1.1" 300 299 "-" "openstacksdk/1.0.2 keystoneauth1/5.1.3 python-requests/2.25.1 CPython/3.9.23" [Thu Dec 04 12:27:14.989386 2025] [wsgi:error] [pid 19:tid 56] [remote 10.128.0.2:56298] 2025-12-04 12:27:14.989 19 WARNING keystone.common.password_hashing [None req-39132966-a4e2-4f41-b81c-561cff6da178 - - - - - -] Truncating password to algorithm specific maximum length 72 characters.\x1b[00m [Thu Dec 04 12:27:15.251581 2025] [wsgi:error] [pid 19:tid 56] [remote 10.128.0.2:56298] 2025-12-04 12:27:15.251 19 WARNING keystone.common.fernet_utils [None req-39132966-a4e2-4f41-b81c-561cff6da178 - - - - - -] key_repository is world readable: /etc/keystone/fernet-keys\x1b[00m
10.128.0.2 - - [04/Dec/2025:12:27:14 +0000] "POST /v3/auth/tokens HTTP/1.1" 201 5187 "-" "openstacksdk/1.0.2 keystoneauth1/5.1.3 python-requests/2.25.1 CPython/3.9.23"
10.128.1.13 - - [04/Dec/2025:12:27:15 +0000] "GET /v3/auth/tokens HTTP/1.1" 200 5187 "-" "python-keystoneclient"
10.128.0.2 - - [04/Dec/2025:12:27:17 +0000] "GET / HTTP/1.1" 300 299 "-" "openstacksdk/1.0.2 keystoneauth1/5.1.3 python-requests/2.25.1 CPython/3.9.23" [Thu Dec 04 12:27:17.450872 2025] [wsgi:error] [pid 19:tid 56] [remote 10.128.0.2:56306] 2025-12-04 12:27:17.450 19 WARNING keystone.common.password_hashing [None req-ee8a0bd4-4807-465a-99cd-55e4fb619596 - - - - - -] Truncating password to algorithm specific maximum length 72 characters.\x1b[00m [Thu Dec 04 12:27:17.724105 2025] [wsgi:error] [pid 19:tid 56] [remote 10.128.0.2:56306] 2025-12-04 12:27:17.723 19 WARNING keystone.common.fernet_utils [None req-ee8a0bd4-4807-465a-99cd-55e4fb619596 - - - - - -] key_repository is world readable: /etc/keystone/fernet-keys\x1b[00m
10.128.0.2 - - [04/Dec/2025:12:27:17 +0000] "POST /v3/auth/tokens HTTP/1.1" 201 5187 "-" "openstacksdk/1.0.2 keystoneauth1/5.1.3 python-requests/2.25.1 CPython/3.9.23"
10.128.1.13 - - [04/Dec/2025:12:27:17 +0000] "GET /v3/auth/tokens HTTP/1.1" 200 5187 "-" "python-keystoneclient"
10.128.0.2 - - [04/Dec/2025:12:27:20 +0000] "GET / HTTP/1.1" 300 299 "-" "openstacksdk/1.0.2 keystoneauth1/5.1.3 python-requests/2.25.1 CPython/3.9.23" [Thu Dec 04 12:27:20.962875 2025] [wsgi:error] [pid 19:tid 56] [remote 10.128.0.2:59372] 2025-12-04 12:27:20.962 19 WARNING keystone.common.password_hashing [None req-d16f50d6-36c4-4d60-b009-8e09c5a54123 - - - - - -] Truncating password to algorithm specific maximum length 72 characters.\x1b[00m [Thu Dec 04 12:27:21.225390 2025] [wsgi:error] [pid 19:tid 56] [remote 10.128.0.2:59372] 2025-12-04 12:27:21.225 19 WARNING keystone.common.fernet_utils [None req-d16f50d6-36c4-4d60-b009-8e09c5a54123 - - - - - -] key_repository is world readable: /etc/keystone/fernet-keys\x1b[00m
10.128.0.2 - - [04/Dec/2025:12:27:20 +0000] "POST /v3/auth/tokens HTTP/1.1" 201 5187 "-" "openstacksdk/1.0.2 keystoneauth1/5.1.3 python-requests/2.25.1 CPython/3.9.23"
10.128.1.13 - - [04/Dec/2025:12:27:21 +0000] "GET /v3/auth/tokens HTTP/1.1" 200 5187 "-" "python-keystoneclient"
10.128.0.2 - - [04/Dec/2025:12:27:33 +0000] "GET / HTTP/1.1" 300 299 "-" "openstacksdk/1.0.2 keystoneauth1/5.1.3 python-requests/2.25.1 CPython/3.9.23" [Thu Dec 04 12:27:33.302478 2025] [wsgi:error] [pid 19:tid 56] [remote 10.128.0.2:39846] 2025-12-04 12:27:33.302 19 WARNING keystone.common.password_hashing [None req-a1f10113-dc7b-4cfd-a041-6682a04f4c07 - - - - - -] Truncating password to algorithm specific maximum length 72 characters.\x1b[00m [Thu Dec 04 12:27:33.569091 2025] [wsgi:error] [pid 19:tid 56] [remote 10.128.0.2:39846] 2025-12-04 12:27:33.568 19 WARNING keystone.common.fernet_utils [None req-a1f10113-dc7b-4cfd-a041-6682a04f4c07 - - - - - -] key_repository is world readable: /etc/keystone/fernet-keys\x1b[00m
10.128.0.2 - - [04/Dec/2025:12:27:33 +0000] "POST /v3/auth/tokens HTTP/1.1" 201 5187 "-" "openstacksdk/1.0.2 keystoneauth1/5.1.3 python-requests/2.25.1 CPython/3.9.23"
10.128.1.13 - - [04/Dec/2025:12:27:33 +0000] "GET /v3/auth/tokens HTTP/1.1" 200 5187 "-" "python-keystoneclient"
10.128.0.2 - - [04/Dec/2025:12:27:37 +0000] "GET / HTTP/1.1" 300 299 "-" "openstacksdk/1.0.2 keystoneauth1/5.1.3 python-requests/2.25.1 CPython/3.9.23" [Thu Dec 04 12:27:37.167194 2025] [wsgi:error] [pid 19:tid 56] [remote 10.128.0.2:39848] 2025-12-04 12:27:37.166 19 WARNING keystone.common.password_hashing [None req-277cb82f-1ad6-43c7-8a51-12ff3e0f3406 - - - - - -] Truncating password to algorithm specific maximum length 72 characters.\x1b[00m [Thu Dec 04 12:27:37.432266 2025] [wsgi:error] [pid 19:tid 56] [remote 10.128.0.2:39848] 2025-12-04 12:27:37.431 19 WARNING keystone.common.fernet_utils [None req-277cb82f-1ad6-43c7-8a51-12ff3e0f3406 - - - - - -] key_repository is world readable: /etc/keystone/fernet-keys\x1b[00m
10.128.0.2 - - [04/Dec/2025:12:27:37 +0000] "POST /v3/auth/tokens HTTP/1.1" 201 5187 "-" "openstacksdk/1.0.2 keystoneauth1/5.1.3 python-requests/2.25.1 CPython/3.9.23"
10.128.1.13 - - [04/Dec/2025:12:27:37 +0000] "GET /v3/auth/tokens HTTP/1.1" 200 5187 "-" "python-keystoneclient"
10.128.0.2 - - [04/Dec/2025:12:27:39 +0000] "GET / HTTP/1.1" 300 299 "-" "openstacksdk/1.0.2 keystoneauth1/5.1.3 python-requests/2.25.1 CPython/3.9.23" [Thu Dec 04 12:27:39.672463 2025] [wsgi:error] [pid 19:tid 56] [remote 10.128.0.2:48146] 2025-12-04 12:27:39.672 19 WARNING keystone.common.password_hashing [None req-667cb8e0-bb08-41a2-8eed-898ab7bf9d1b - - - - - -] Truncating password to algorithm specific maximum length 72 characters.\x1b[00m [Thu Dec 04 12:27:39.936930 2025] [wsgi:error] [pid 19:tid 56] [remote 10.128.0.2:48146] 2025-12-04 12:27:39.936 19 WARNING keystone.common.fernet_utils [None req-667cb8e0-bb08-41a2-8eed-898ab7bf9d1b - - - - - -] key_repository is world readable: /etc/keystone/fernet-keys\x1b[00m
10.128.0.2 - - [04/Dec/2025:12:27:39 +0000] "POST /v3/auth/tokens HTTP/1.1" 201 5187 "-" "openstacksdk/1.0.2 keystoneauth1/5.1.3 python-requests/2.25.1 CPython/3.9.23"
10.128.1.13 - - [04/Dec/2025:12:27:40 +0000] "GET /v3/auth/tokens HTTP/1.1" 200 5187 "-" "python-keystoneclient"
10.128.0.2 - - [04/Dec/2025:12:27:40 +0000] "GET /v3 HTTP/1.1" 200 253 "-" "kube-probe/1.31"
10.128.0.2 - - [04/Dec/2025:12:27:40 +0000] "GET /v3 HTTP/1.1" 200 253 "-" "kube-probe/1.31"
10.128.0.2 - - [04/Dec/2025:12:27:43 +0000] "GET / HTTP/1.1" 300 299 "-" "openstacksdk/1.0.2 keystoneauth1/5.1.3 python-requests/2.25.1 CPython/3.9.23" [Thu Dec 04 12:27:43.729953 2025] [wsgi:error] [pid 18:tid 53] [remote 10.128.0.2:48174] 2025-12-04 12:27:43.729 18 WARNING keystone.common.password_hashing [None req-3e0396f1-dfef-4b5c-a5e7-d4b2e52ee366 - - - - - -] Truncating password to algorithm specific maximum length 72 characters.\x1b[00m [Thu Dec 04 12:27:43.994017 2025] [wsgi:error] [pid 18:tid 53] [remote 10.128.0.2:48174] 2025-12-04 12:27:43.993 18 WARNING keystone.common.fernet_utils [None req-3e0396f1-dfef-4b5c-a5e7-d4b2e52ee366 - - - - - -] key_repository is world readable: /etc/keystone/fernet-keys\x1b[00m
10.128.0.2 - - [04/Dec/2025:12:27:43 +0000] "POST /v3/auth/tokens HTTP/1.1" 201 5187 "-" "openstacksdk/1.0.2 keystoneauth1/5.1.3 python-requests/2.25.1 CPython/3.9.23"
10.128.1.13 - - [04/Dec/2025:12:27:44 +0000] "GET /v3/auth/tokens HTTP/1.1" 200 5187 "-" "python-keystoneclient"
10.128.1.11 - - [04/Dec/2025:12:27:44 +0000] "GET / HTTP/1.1" 300 287 "-" "ironic-conductor keystoneauth1/5.1.3 python-requests/2.25.1 CPython/3.9.23" [Thu Dec 04 12:27:44.312288 2025] [wsgi:error] [pid 18:tid 53] [remote 10.128.1.11:39274] 2025-12-04 12:27:44.312 18 WARNING keystone.common.password_hashing [None req-c117cf2e-4225-4abb-953e-f23b5162385e - - - - - -] Truncating password to algorithm specific maximum length 72 characters.\x1b[00m [Thu Dec 04 12:27:44.587593 2025] [wsgi:error] [pid 18:tid 53] [remote 10.128.1.11:39274] 2025-12-04 12:27:44.587 18 WARNING keystone.common.fernet_utils [None req-c117cf2e-4225-4abb-953e-f23b5162385e - - - - - -] key_repository is world readable: /etc/keystone/fernet-keys\x1b[00m
10.128.1.11 - - [04/Dec/2025:12:27:44 +0000] "POST /v3/auth/tokens HTTP/1.1" 201 5253 "-" "ironic-conductor keystoneauth1/5.1.3 python-requests/2.25.1 CPython/3.9.23"
10.128.1.1 - - [04/Dec/2025:12:27:44 +0000] "GET /v3/auth/tokens HTTP/1.1" 200 5253 "-" "python-keystoneclient"
10.128.1.1 - - [04/Dec/2025:12:27:44 +0000] "GET /v3/auth/tokens?allow_expired=1 HTTP/1.1" 200 5187 "-" "python-keystoneclient"
10.128.1.1 - - [04/Dec/2025:12:27:45 +0000] "GET /v3/auth/tokens HTTP/1.1" 200 5253 "-" "python-keystoneclient"
10.128.1.1 - - [04/Dec/2025:12:27:45 +0000] "GET /v3/auth/tokens?allow_expired=1 HTTP/1.1" 200 5187 "-" "python-keystoneclient" [Thu Dec 04 12:27:45.861825 2025] [wsgi:error] [pid 19:tid 56] [remote 10.128.1.11:39274] 2025-12-04 12:27:45.861 19 WARNING keystone.common.password_hashing [None req-fa8b5e4f-2bbb-4ff6-b321-58e74534a5ea - - - - - -] Truncating password to algorithm specific maximum length 72 characters.\x1b[00m [Thu Dec 04 12:27:46.138475 2025] [wsgi:error] [pid 19:tid 56] [remote 10.128.1.11:39274] 2025-12-04 12:27:46.138 19 WARNING keystone.common.fernet_utils [None req-fa8b5e4f-2bbb-4ff6-b321-58e74534a5ea - - - - - -] key_repository is world readable: /etc/keystone/fernet-keys\x1b[00m
10.128.1.11 - - [04/Dec/2025:12:27:45 +0000] "POST /v3/auth/tokens HTTP/1.1" 201 5253 "-" "ironic-conductor keystoneauth1/5.1.3 python-requests/2.25.1 CPython/3.9.23"
10.128.1.1 - - [04/Dec/2025:12:27:46 +0000] "GET /v3/auth/tokens HTTP/1.1" 200 5253 "-" "python-keystoneclient"
10.128.0.2 - - [04/Dec/2025:12:27:46 +0000] "GET / HTTP/1.1" 300 299 "-" "openstacksdk/1.0.2 keystoneauth1/5.1.3 python-requests/2.25.1 CPython/3.9.23" [Thu Dec 04 12:27:46.308186 2025] [wsgi:error] [pid 18:tid 53] [remote 10.128.0.2:48180] 2025-12-04 12:27:46.307 18 WARNING keystone.common.password_hashing [None req-56e2f40e-0730-469c-9eee-5a9f851138e0 - - - - - -] Truncating password to algorithm specific maximum length 72 characters.\x1b[00m
10.128.1.1 - - [04/Dec/2025:12:27:46 +0000] "GET /v3/auth/tokens?allow_expired=1 HTTP/1.1" 200 5187 "-" "python-keystoneclient" [Thu Dec 04 12:27:46.579855 2025] [wsgi:error] [pid 18:tid 53] [remote 10.128.0.2:48180] 2025-12-04 12:27:46.579 18 WARNING keystone.common.fernet_utils [None req-56e2f40e-0730-469c-9eee-5a9f851138e0 - - - - - -] key_repository is world readable: /etc/keystone/fernet-keys\x1b[00m
10.128.0.2 - - [04/Dec/2025:12:27:46 +0000] "POST /v3/auth/tokens HTTP/1.1" 201 5187 "-" "openstacksdk/1.0.2 keystoneauth1/5.1.3 python-requests/2.25.1 CPython/3.9.23"
10.128.1.1 - - [04/Dec/2025:12:27:46 +0000] "GET /v3/auth/tokens HTTP/1.1" 200 5253 "-" "python-keystoneclient"
10.128.1.1 - - [04/Dec/2025:12:27:46 +0000] "GET /v3/auth/tokens?allow_expired=1 HTTP/1.1" 200 5187 "-" "python-keystoneclient"
10.128.1.13 - - [04/Dec/2025:12:27:46 +0000] "GET /v3/auth/tokens HTTP/1.1" 200 5187 "-" "python-keystoneclient" [Thu Dec 04 12:27:46.875512 2025] [wsgi:error] [pid 17:tid 50] [remote 10.128.1.11:39274] 2025-12-04 12:27:46.875 17 WARNING keystone.common.password_hashing [None req-44838c7c-123a-45ab-9c67-6ccc19451c25 - - - - - -] Truncating password to algorithm specific maximum length 72 characters.\x1b[00m [Thu Dec 04 12:27:46.884890 2025] [wsgi:error] [pid 19:tid 56] [remote 10.128.1.11:39278] 2025-12-04 12:27:46.884 19 WARNING keystone.common.password_hashing [None req-20f3abbd-fdbe-4f02-a8e0-eb436ac46da6 - - - - - -] Truncating password to algorithm specific maximum length 72 characters.\x1b[00m [Thu Dec 04 12:27:47.150379 2025] [wsgi:error] [pid 17:tid 50] [remote 10.128.1.11:39274] 2025-12-04 12:27:47.150 17 WARNING keystone.common.fernet_utils [None req-44838c7c-123a-45ab-9c67-6ccc19451c25 - - - - - -] key_repository is world readable: /etc/keystone/fernet-keys\x1b[00m [Thu Dec 04 12:27:47.157061 2025] [wsgi:error] [pid 19:tid 56] [remote 10.128.1.11:39278] 2025-12-04 12:27:47.156 19 WARNING keystone.common.fernet_utils [None req-20f3abbd-fdbe-4f02-a8e0-eb436ac46da6 - - - - - -] key_repository is world readable: /etc/keystone/fernet-keys\x1b[00m
10.128.1.11 - - [04/Dec/2025:12:27:46 +0000] "POST /v3/auth/tokens HTTP/1.1" 201 5253 "-" "ironic-conductor keystoneauth1/5.1.3 python-requests/2.25.1 CPython/3.9.23"
