2026-01-23 07:56:11.159 16 DEBUG neutron_lib.callbacks.manager [req-a2f8f551-9daf-43c1-924f-f6ec7a11ced7 140f06b65a3a4ec1a3e0e7368d247baa 13cdca1e19554adeb71fb3645995b351 - default default] Notify callbacks ['neutron.plugins.ml2.plugin.SecurityGroupServerNotifierRpcMixin.notify_sg_on_port_change-528513', 'neutron.plugins.ml2.extensions.dns_integration._create_port_in_external_dns_service-8734062508364', 'neutron.plugins.ml2.ovo_rpc._ObjectChangeHandler.handle_event-1922238', 'neutron.api.rpc.agentnotifiers.dhcp_rpc_agent_api.DhcpAgentNotifyAPI._native_event_send_dhcp_notification-2011388', 'neutron.services.segments.plugin.NovaSegmentNotifier._notify_port_created_or_deleted-1780200'] for port, after_create _notify_loop /usr/lib/python3.9/site-packages/neutron_lib/callbacks/manager.py:200
2026-01-23 07:56:11.162 17 DEBUG neutron_lib.callbacks.manager [req-5e732a32-a98a-4e57-a4a1-a0d69c8ae622 140f06b65a3a4ec1a3e0e7368d247baa 13cdca1e19554adeb71fb3645995b351 - default default] Notify callbacks [] for allowed_address_pair, before_create _notify_loop /usr/lib/python3.9/site-packages/neutron_lib/callbacks/manager.py:200
2026-01-23 07:56:11.162 17 DEBUG neutron_lib.callbacks.manager [req-5e732a32-a98a-4e57-a4a1-a0d69c8ae622 140f06b65a3a4ec1a3e0e7368d247baa 13cdca1e19554adeb71fb3645995b351 - default default] Notify callbacks [] for port, precommit_create _notify_loop /usr/lib/python3.9/site-packages/neutron_lib/callbacks/manager.py:200
2026-01-23 07:56:11.162 15 DEBUG neutron_lib.callbacks.manager [req-e88ff4f8-9413-4ce2-89b8-0183833bf640 140f06b65a3a4ec1a3e0e7368d247baa 13cdca1e19554adeb71fb3645995b351 - default default] Notify callbacks [] for allowed_address_pair, before_create _notify_loop /usr/lib/python3.9/site-packages/neutron_lib/callbacks/manager.py:200
2026-01-23 07:56:11.163 15 DEBUG neutron_lib.callbacks.manager [req-e88ff4f8-9413-4ce2-89b8-0183833bf640 140f06b65a3a4ec1a3e0e7368d247baa 13cdca1e19554adeb71fb3645995b351 - default default] Notify callbacks [] for port, precommit_create _notify_loop /usr/lib/python3.9/site-packages/neutron_lib/callbacks/manager.py:200
2026-01-23 07:56:11.174 15 DEBUG neutron_lib.callbacks.manager [req-e88ff4f8-9413-4ce2-89b8-0183833bf640 140f06b65a3a4ec1a3e0e7368d247baa 13cdca1e19554adeb71fb3645995b351 - default default] Notify callbacks ['neutron.plugins.ml2.plugin.SecurityGroupServerNotifierRpcMixin.notify_sg_on_port_change-528513', 'neutron.plugins.ml2.extensions.dns_integration._create_port_in_external_dns_service-8734062508364', 'neutron.plugins.ml2.ovo_rpc._ObjectChangeHandler.handle_event-1922238', 'neutron.api.rpc.agentnotifiers.dhcp_rpc_agent_api.DhcpAgentNotifyAPI._native_event_send_dhcp_notification-2011388', 'neutron.services.segments.plugin.NovaSegmentNotifier._notify_port_created_or_deleted-1780200'] for port, after_create _notify_loop /usr/lib/python3.9/site-packages/neutron_lib/callbacks/manager.py:200
2026-01-23 07:56:11.176 17 DEBUG neutron_lib.callbacks.manager [req-5e732a32-a98a-4e57-a4a1-a0d69c8ae622 140f06b65a3a4ec1a3e0e7368d247baa 13cdca1e19554adeb71fb3645995b351 - default default] Notify callbacks ['neutron.plugins.ml2.plugin.SecurityGroupServerNotifierRpcMixin.notify_sg_on_port_change-528513', 'neutron.plugins.ml2.extensions.dns_integration._create_port_in_external_dns_service-8734062508364', 'neutron.plugins.ml2.ovo_rpc._ObjectChangeHandler.handle_event-1922238', 'neutron.api.rpc.agentnotifiers.dhcp_rpc_agent_api.DhcpAgentNotifyAPI._native_event_send_dhcp_notification-2011388', 'neutron.services.segments.plugin.NovaSegmentNotifier._notify_port_created_or_deleted-1780200'] for port, after_create _notify_loop /usr/lib/python3.9/site-packages/neutron_lib/callbacks/manager.py:200
2026-01-23 07:56:11.194 16 DEBUG neutron.scheduler.dhcp_agent_scheduler [req-a2f8f551-9daf-43c1-924f-f6ec7a11ced7 140f06b65a3a4ec1a3e0e7368d247baa 13cdca1e19554adeb71fb3645995b351 - default default] Network c3ac4a40-1b63-4c7c-9685-c7fd2d3223f2 is already hosted by enough agents. _get_dhcp_agents_hosting_network /usr/lib/python3.9/site-packages/neutron/scheduler/dhcp_agent_scheduler.py:275
2026-01-23 07:56:11.195 16 DEBUG neutron.api.rpc.handlers.resources_rpc [req-a2f8f551-9daf-43c1-924f-f6ec7a11ced7 140f06b65a3a4ec1a3e0e7368d247baa 13cdca1e19554adeb71fb3645995b351 - - -] Pushing event updated for resources: {'Port': ['ID=b48bbae1-3242-41a3-bf04-3066e5df8345,revision_number=1']} push /usr/lib/python3.9/site-packages/neutron/api/rpc/handlers/resources_rpc.py:237
2026-01-23 07:56:11.196 16 DEBUG neutron.scheduler.base_scheduler [req-a2f8f551-9daf-43c1-924f-f6ec7a11ced7 140f06b65a3a4ec1a3e0e7368d247baa 13cdca1e19554adeb71fb3645995b351 - default default] Resources bound (agent type, host, resource id): schedule /usr/lib/python3.9/site-packages/neutron/scheduler/base_scheduler.py:57
2026-01-23 07:56:11.199 16 DEBUG neutron.api.rpc.callbacks.version_manager [req-a2f8f551-9daf-43c1-924f-f6ec7a11ced7 140f06b65a3a4ec1a3e0e7368d247baa 13cdca1e19554adeb71fb3645995b351 - - -] Version for resource type AddressGroup changed None to 1.2 on consumer Open vSwitch agent@undercloud.ooo.test _set_version /usr/lib/python3.9/site-packages/neutron/api/rpc/callbacks/version_manager.py:113
2026-01-23 07:56:11.200 16 DEBUG neutron.api.rpc.callbacks.version_manager [req-a2f8f551-9daf-43c1-924f-f6ec7a11ced7 140f06b65a3a4ec1a3e0e7368d247baa 13cdca1e19554adeb71fb3645995b351 - - -] Version for resource type ConntrackHelper changed None to 1.0 on consumer Open vSwitch agent@undercloud.ooo.test _set_version /usr/lib/python3.9/site-packages/neutron/api/rpc/callbacks/version_manager.py:113
2026-01-23 07:56:11.201 15 DEBUG neutron.scheduler.dhcp_agent_scheduler [req-e88ff4f8-9413-4ce2-89b8-0183833bf640 140f06b65a3a4ec1a3e0e7368d247baa 13cdca1e19554adeb71fb3645995b351 - default default] Network c3ac4a40-1b63-4c7c-9685-c7fd2d3223f2 is already hosted by enough agents. _get_dhcp_agents_hosting_network /usr/lib/python3.9/site-packages/neutron/scheduler/dhcp_agent_scheduler.py:275
2026-01-23 07:56:11.201 16 DEBUG neutron.api.rpc.callbacks.version_manager [req-a2f8f551-9daf-43c1-924f-f6ec7a11ced7 140f06b65a3a4ec1a3e0e7368d247baa 13cdca1e19554adeb71fb3645995b351 - - -] Version for resource type Log changed None to 1.0 on consumer Open vSwitch agent@undercloud.ooo.test _set_version /usr/lib/python3.9/site-packages/neutron/api/rpc/callbacks/version_manager.py:113
2026-01-23 07:56:11.201 16 DEBUG neutron.api.rpc.callbacks.version_manager [req-a2f8f551-9daf-43c1-924f-f6ec7a11ced7 140f06b65a3a4ec1a3e0e7368d247baa 13cdca1e19554adeb71fb3645995b351 - - -] Version for resource type Network changed None to 1.1 on consumer Open vSwitch agent@undercloud.ooo.test _set_version /usr/lib/python3.9/site-packages/neutron/api/rpc/callbacks/version_manager.py:113
2026-01-23 07:56:11.202 16 DEBUG neutron.api.rpc.callbacks.version_manager [req-a2f8f551-9daf-43c1-924f-f6ec7a11ced7 140f06b65a3a4ec1a3e0e7368d247baa 13cdca1e19554adeb71fb3645995b351 - - -] Version for resource type Port changed None to 1.7 on consumer Open vSwitch agent@undercloud.ooo.test _set_version /usr/lib/python3.9/site-packages/neutron/api/rpc/callbacks/version_manager.py:113
2026-01-23 07:56:11.202 16 DEBUG neutron.api.rpc.callbacks.version_manager [req-a2f8f551-9daf-43c1-924f-f6ec7a11ced7 140f06b65a3a4ec1a3e0e7368d247baa 13cdca1e19554adeb71fb3645995b351 - - -] Version for resource type PortForwarding changed None to 1.2 on consumer Open vSwitch agent@undercloud.ooo.test _set_version /usr/lib/python3.9/site-packages/neutron/api/rpc/callbacks/version_manager.py:113
2026-01-23 07:56:11.202 16 DEBUG neutron.api.rpc.callbacks.version_manager [req-a2f8f551-9daf-43c1-924f-f6ec7a11ced7 140f06b65a3a4ec1a3e0e7368d247baa 13cdca1e19554adeb71fb3645995b351 - - -] Version for resource type QosPolicy changed None to 1.8 on consumer Open vSwitch agent@undercloud.ooo.test _set_version /usr/lib/python3.9/site-packages/neutron/api/rpc/callbacks/version_manager.py:113
2026-01-23 07:56:11.202 16 DEBUG neutron.api.rpc.callbacks.version_manager [req-a2f8f551-9daf-43c1-924f-f6ec7a11ced7 140f06b65a3a4ec1a3e0e7368d247baa 13cdca1e19554adeb71fb3645995b351 - - -] Version for resource type SecurityGroup changed None to 1.5 on consumer Open vSwitch agent@undercloud.ooo.test _set_version /usr/lib/python3.9/site-packages/neutron/api/rpc/callbacks/version_manager.py:113
2026-01-23 07:56:11.202 16 DEBUG neutron.api.rpc.callbacks.version_manager [req-a2f8f551-9daf-43c1-924f-f6ec7a11ced7 140f06b65a3a4ec1a3e0e7368d247baa 13cdca1e19554adeb71fb3645995b351 - - -] Version for resource type SecurityGroupRule changed None to 1.2 on consumer Open vSwitch agent@undercloud.ooo.test _set_version /usr/lib/python3.9/site-packages/neutron/api/rpc/callbacks/version_manager.py:113
2026-01-23 07:56:11.202 15 DEBUG neutron.scheduler.base_scheduler [req-e88ff4f8-9413-4ce2-89b8-0183833bf640 140f06b65a3a4ec1a3e0e7368d247baa 13cdca1e19554adeb71fb3645995b351 - default default] Resources bound (agent type, host, resource id): schedule /usr/lib/python3.9/site-packages/neutron/scheduler/base_scheduler.py:57
2026-01-23 07:56:11.202 16 DEBUG neutron.api.rpc.callbacks.version_manager [req-a2f8f551-9daf-43c1-924f-f6ec7a11ced7 140f06b65a3a4ec1a3e0e7368d247baa 13cdca1e19554adeb71fb3645995b351 - - -] Version for resource type SubPort changed None to 1.0 on consumer Open vSwitch agent@undercloud.ooo.test _set_version /usr/lib/python3.9/site-packages/neutron/api/rpc/callbacks/version_manager.py:113
2026-01-23 07:56:11.203 16 DEBUG neutron.api.rpc.callbacks.version_manager [req-a2f8f551-9daf-43c1-924f-f6ec7a11ced7 140f06b65a3a4ec1a3e0e7368d247baa 13cdca1e19554adeb71fb3645995b351 - - -] Version for resource type Subnet changed None to 1.1 on consumer Open vSwitch agent@undercloud.ooo.test _set_version /usr/lib/python3.9/site-packages/neutron/api/rpc/callbacks/version_manager.py:113
2026-01-23 07:56:11.203 16 DEBUG neutron.api.rpc.callbacks.version_manager [req-a2f8f551-9daf-43c1-924f-f6ec7a11ced7 140f06b65a3a4ec1a3e0e7368d247baa 13cdca1e19554adeb71fb3645995b351 - - -] Version for resource type Trunk changed None to 1.1 on consumer Open vSwitch agent@undercloud.ooo.test _set_version /usr/lib/python3.9/site-packages/neutron/api/rpc/callbacks/version_manager.py:113
2026-01-23 07:56:11.204 15 DEBUG neutron.pecan_wsgi.hooks.policy_enforcement [req-e88ff4f8-9413-4ce2-89b8-0183833bf640 140f06b65a3a4ec1a3e0e7368d247baa 13cdca1e19554adeb71fb3645995b351 - default default] Attributes excluded by policy engine: ['standard_attr_id', 'network'] _exclude_attributes_by_policy /usr/lib/python3.9/site-packages/neutron/pecan_wsgi/hooks/policy_enforcement.py:259
2026-01-23 07:56:11.205 15 DEBUG neutron_lib.callbacks.manager [req-e88ff4f8-9413-4ce2-89b8-0183833bf640 140f06b65a3a4ec1a3e0e7368d247baa 13cdca1e19554adeb71fb3645995b351 - default default] Notify callbacks ['neutron.notifiers.nova.Notifier._send_nova_notification-2013558', 'neutron.api.rpc.agentnotifiers.dhcp_rpc_agent_api.DhcpAgentNotifyAPI._send_dhcp_notification-2011278'] for port, before_response _notify_loop /usr/lib/python3.9/site-packages/neutron_lib/callbacks/manager.py:200
2026-01-23 07:56:11.210 17 DEBUG neutron.scheduler.dhcp_agent_scheduler [req-5e732a32-a98a-4e57-a4a1-a0d69c8ae622 140f06b65a3a4ec1a3e0e7368d247baa 13cdca1e19554adeb71fb3645995b351 - default default] Network c3ac4a40-1b63-4c7c-9685-c7fd2d3223f2 is already hosted by enough agents. _get_dhcp_agents_hosting_network /usr/lib/python3.9/site-packages/neutron/scheduler/dhcp_agent_scheduler.py:275
2026-01-23 07:56:11.212 16 DEBUG neutron.pecan_wsgi.hooks.policy_enforcement [req-a2f8f551-9daf-43c1-924f-f6ec7a11ced7 140f06b65a3a4ec1a3e0e7368d247baa 13cdca1e19554adeb71fb3645995b351 - default default] Attributes excluded by policy engine: ['standard_attr_id', 'network'] _exclude_attributes_by_policy /usr/lib/python3.9/site-packages/neutron/pecan_wsgi/hooks/policy_enforcement.py:259
2026-01-23 07:56:11.213 16 DEBUG neutron_lib.callbacks.manager [req-a2f8f551-9daf-43c1-924f-f6ec7a11ced7 140f06b65a3a4ec1a3e0e7368d247baa 13cdca1e19554adeb71fb3645995b351 - default default] Notify callbacks ['neutron.notifiers.nova.Notifier._send_nova_notification-2013558', 'neutron.api.rpc.agentnotifiers.dhcp_rpc_agent_api.DhcpAgentNotifyAPI._send_dhcp_notification-2011278'] for port, before_response _notify_loop /usr/lib/python3.9/site-packages/neutron_lib/callbacks/manager.py:200
2026-01-23 07:56:11.214 17 DEBUG neutron.scheduler.base_scheduler [req-5e732a32-a98a-4e57-a4a1-a0d69c8ae622 140f06b65a3a4ec1a3e0e7368d247baa 13cdca1e19554adeb71fb3645995b351 - default default] Resources bound (agent type, host, resource id): schedule /usr/lib/python3.9/site-packages/neutron/scheduler/base_scheduler.py:57
2026-01-23 07:56:11.216 17 DEBUG neutron.pecan_wsgi.hooks.policy_enforcement [req-5e732a32-a98a-4e57-a4a1-a0d69c8ae622 140f06b65a3a4ec1a3e0e7368d247baa 13cdca1e19554adeb71fb3645995b351 - default default] Attributes excluded by policy engine: ['standard_attr_id', 'network'] _exclude_attributes_by_policy /usr/lib/python3.9/site-packages/neutron/pecan_wsgi/hooks/policy_enforcement.py:259
2026-01-23 07:56:11.217 17 DEBUG neutron_lib.callbacks.manager [req-5e732a32-a98a-4e57-a4a1-a0d69c8ae622 140f06b65a3a4ec1a3e0e7368d247baa 13cdca1e19554adeb71fb3645995b351 - default default] Notify callbacks ['neutron.notifiers.nova.Notifier._send_nova_notification-2013558', 'neutron.api.rpc.agentnotifiers.dhcp_rpc_agent_api.DhcpAgentNotifyAPI._send_dhcp_notification-2011278'] for port, before_response _notify_loop /usr/lib/python3.9/site-packages/neutron_lib/callbacks/manager.py:200
2026-01-23 07:56:11.220 15 INFO neutron.wsgi [req-e88ff4f8-9413-4ce2-89b8-0183833bf640 140f06b65a3a4ec1a3e0e7368d247baa 13cdca1e19554adeb71fb3645995b351 - default default] 192.168.122.99,192.168.122.100 "POST /v2.0/ports HTTP/1.1" status: 201 len: 1016 time: 0.2790771
2026-01-23 07:56:11.221 15 DEBUG neutron.api.rpc.handlers.resources_rpc [req-e88ff4f8-9413-4ce2-89b8-0183833bf640 140f06b65a3a4ec1a3e0e7368d247baa 13cdca1e19554adeb71fb3645995b351 - - -] Pushing event updated for resources: {'Port': ['ID=e3a14ca6-5d9f-4de1-9a9c-2b945bc9e3e9,revision_number=1']} push /usr/lib/python3.9/site-packages/neutron/api/rpc/handlers/resources_rpc.py:237
2026-01-23 07:56:11.224 15 DEBUG neutron.services.tag.tag_plugin [req-10f482cf-9ddc-4563-be51-6d36cf67f893 140f06b65a3a4ec1a3e0e7368d247baa 13cdca1e19554adeb71fb3645995b351 - default default] neutron.services.tag.tag_plugin.TagPlugin method update_tags called with arguments (, 'ports', 'e3a14ca6-5d9f-4de1-9a9c-2b945bc9e3e9', {'tags': ['tripleo_stack_name=overcloud', 'tripleo_ovn_physnet=datacentre']}) {} wrapper /usr/lib/python3.9/site-packages/oslo_log/helpers.py:65
2026-01-23 07:56:11.226 16 INFO neutron.wsgi [req-a2f8f551-9daf-43c1-924f-f6ec7a11ced7 140f06b65a3a4ec1a3e0e7368d247baa 13cdca1e19554adeb71fb3645995b351 - default default] 192.168.122.99,192.168.122.100 "POST /v2.0/ports HTTP/1.1" status: 201 len: 1016 time: 0.2801666
2026-01-23 07:56:11.231 17 DEBUG neutron.api.rpc.handlers.resources_rpc [req-5e732a32-a98a-4e57-a4a1-a0d69c8ae622 140f06b65a3a4ec1a3e0e7368d247baa 13cdca1e19554adeb71fb3645995b351 - - -] Pushing event updated for resources: {'Port': ['ID=af0a79ba-90fb-48c4-9c62-bf9bfd5ef5e2,revision_number=1']} push /usr/lib/python3.9/site-packages/neutron/api/rpc/handlers/resources_rpc.py:237
2026-01-23 07:56:11.234 16 DEBUG neutron.services.tag.tag_plugin [req-da576481-de6d-40d0-a46f-f913345fe43d 140f06b65a3a4ec1a3e0e7368d247baa 13cdca1e19554adeb71fb3645995b351 - default default] neutron.services.tag.tag_plugin.TagPlugin method update_tags called with arguments (, 'ports', 'b48bbae1-3242-41a3-bf04-3066e5df8345', {'tags': ['tripleo_stack_name=overcloud', 'tripleo_ovn_physnet=datacentre']}) {} wrapper /usr/lib/python3.9/site-packages/oslo_log/helpers.py:65
2026-01-23 07:56:11.240 17 INFO neutron.wsgi [req-5e732a32-a98a-4e57-a4a1-a0d69c8ae622 140f06b65a3a4ec1a3e0e7368d247baa 13cdca1e19554adeb71fb3645995b351 - default default] 192.168.122.99,192.168.122.100 "POST /v2.0/ports HTTP/1.1" status: 201 len: 1016 time: 0.2728815
2026-01-23 07:56:11.247 17 DEBUG neutron.services.tag.tag_plugin [req-89c51ed4-4a8a-4c73-884d-97a676651647 140f06b65a3a4ec1a3e0e7368d247baa 13cdca1e19554adeb71fb3645995b351 - default default] neutron.services.tag.tag_plugin.TagPlugin method update_tags called with arguments (, 'ports', 'af0a79ba-90fb-48c4-9c62-bf9bfd5ef5e2', {'tags': ['tripleo_stack_name=overcloud', 'tripleo_ovn_physnet=datacentre']}) {} wrapper /usr/lib/python3.9/site-packages/oslo_log/helpers.py:65
2026-01-23 07:56:11.252 15 INFO neutron.wsgi [req-10f482cf-9ddc-4563-be51-6d36cf67f893 140f06b65a3a4ec1a3e0e7368d247baa 13cdca1e19554adeb71fb3645995b351 - default default] 192.168.122.99,192.168.122.100 "PUT /v2.0/ports/e3a14ca6-5d9f-4de1-9a9c-2b945bc9e3e9/tags HTTP/1.1" status: 200 len: 250 time: 0.0315330
2026-01-23 07:56:11.264 16 INFO neutron.wsgi [req-da576481-de6d-40d0-a46f-f913345fe43d 140f06b65a3a4ec1a3e0e7368d247baa 13cdca1e19554adeb71fb3645995b351 - default default] 192.168.122.99,192.168.122.100 "PUT /v2.0/ports/b48bbae1-3242-41a3-bf04-3066e5df8345/tags HTTP/1.1" status: 200 len: 250 time: 0.0324028
2026-01-23 07:56:11.280 17 INFO neutron.wsgi [req-89c51ed4-4a8a-4c73-884d-97a676651647 140f06b65a3a4ec1a3e0e7368d247baa 13cdca1e19554adeb71fb3645995b351 - default default] 192.168.122.99,192.168.122.100 "PUT /v2.0/ports/af0a79ba-90fb-48c4-9c62-bf9bfd5ef5e2/tags HTTP/1.1" status: 200 len: 250 time: 0.0350354
2026-01-23 07:56:11.360 17 DEBUG neutron.pecan_wsgi.hooks.policy_enforcement [req-e86b2c3d-f20b-455e-b5f4-4cde3624ff7c 140f06b65a3a4ec1a3e0e7368d247baa 13cdca1e19554adeb71fb3645995b351 - default default] Attributes excluded by policy engine: ['standard_attr_id'] _exclude_attributes_by_policy /usr/lib/python3.9/site-packages/neutron/pecan_wsgi/hooks/policy_enforcement.py:259
2026-01-23 07:56:11.361 17 DEBUG neutron.pecan_wsgi.hooks.policy_enforcement [req-e86b2c3d-f20b-455e-b5f4-4cde3624ff7c 140f06b65a3a4ec1a3e0e7368d247baa 13cdca1e19554adeb71fb3645995b351 - default default] Attributes excluded by policy engine: ['standard_attr_id'] _exclude_attributes_by_policy /usr/lib/python3.9/site-packages/neutron/pecan_wsgi/hooks/policy_enforcement.py:259
2026-01-23 07:56:11.361 17 DEBUG neutron.pecan_wsgi.hooks.policy_enforcement [req-e86b2c3d-f20b-455e-b5f4-4cde3624ff7c 140f06b65a3a4ec1a3e0e7368d247baa 13cdca1e19554adeb71fb3645995b351 - default default] Attributes excluded by policy engine: ['standard_attr_id'] _exclude_attributes_by_policy /usr/lib/python3.9/site-packages/neutron/pecan_wsgi/hooks/policy_enforcement.py:259
2026-01-23 07:56:11.361 17 DEBUG neutron.pecan_wsgi.hooks.policy_enforcement [req-e86b2c3d-f20b-455e-b5f4-4cde3624ff7c 140f06b65a3a4ec1a3e0e7368d247baa 13cdca1e19554adeb71fb3645995b351 - default default] Attributes excluded by policy engine: ['standard_attr_id'] _exclude_attributes_by_policy /usr/lib/python3.9/site-packages/neutron/pecan_wsgi/hooks/policy_enforcement.py:259
2026-01-23 07:56:11.362 17 DEBUG neutron.pecan_wsgi.hooks.policy_enforcement [req-e86b2c3d-f20b-455e-b5f4-4cde3624ff7c 140f06b65a3a4ec1a3e0e7368d247baa 13cdca1e19554adeb71fb3645995b351 - default default] Attributes excluded by policy engine: ['standard_attr_id'] _exclude_attributes_by_policy /usr/lib/python3.9/site-packages/neutron/pecan_wsgi/hooks/policy_enforcement.py:259
2026-01-23 07:56:11.362 17 DEBUG neutron.pecan_wsgi.hooks.policy_enforcement [req-e86b2c3d-f20b-455e-b5f4-4cde3624ff7c 140f06b65a3a4ec1a3e0e7368d247baa 13cdca1e19554adeb71fb3645995b351 - default default] Attributes excluded by policy engine: ['standard_attr_id'] _exclude_attributes_by_policy /usr/lib/python3.9/site-packages/neutron/pecan_wsgi/hooks/policy_enforcement.py:259
2026-01-23 07:56:11.363 17 INFO neutron.wsgi [req-e86b2c3d-f20b-455e-b5f4-4cde3624ff7c 140f06b65a3a4ec1a3e0e7368d247baa 13cdca1e19554adeb71fb3645995b351 - default default] 192.168.122.99,192.168.122.100 "GET /v2.0/ports?network_id=c3ac4a40-1b63-4c7c-9685-c7fd2d3223f2&tags=tripleo_stack_name%3Dovercloud HTTP/1.1" status: 200 len: 5533 time: 0.0795903
2026-01-23 07:56:11.425 17 DEBUG neutron.plugins.ml2.plugin [req-eea61b08-0885-4cf4-a7c2-7619897d285a 140f06b65a3a4ec1a3e0e7368d247baa 13cdca1e19554adeb71fb3645995b351 - default default] Deleting port 4ac88d3e-096f-45d0-b8ef-d5470cdf3f2c _pre_delete_port /usr/lib/python3.9/site-packages/neutron/plugins/ml2/plugin.py:2025
2026-01-23 07:56:11.425 17 DEBUG neutron_lib.callbacks.manager [req-eea61b08-0885-4cf4-a7c2-7619897d285a 140f06b65a3a4ec1a3e0e7368d247baa 13cdca1e19554adeb71fb3645995b351 - default default] Notify callbacks ['neutron.plugins.ml2.extensions.dns_integration._delete_port_in_external_dns_service-8734062508400', 'neutron.db.l3_db.L3_NAT_dbonly_mixin._prevent_l3_port_delete_callback-8734062572831'] for port, before_delete _notify_loop /usr/lib/python3.9/site-packages/neutron_lib/callbacks/manager.py:200
2026-01-23 07:56:11.578 17 DEBUG neutron_lib.callbacks.manager [req-eea61b08-0885-4cf4-a7c2-7619897d285a 140f06b65a3a4ec1a3e0e7368d247baa 13cdca1e19554adeb71fb3645995b351 - default default] Notify callbacks ['neutron.services.l3_router.l3_router_plugin.L3_NAT_dbonly_mixin._precommit_delete_port_callback-1619602'] for port, precommit_delete _notify_loop /usr/lib/python3.9/site-packages/neutron_lib/callbacks/manager.py:200
2026-01-23 07:56:11.589 17 DEBUG neutron.plugins.ml2.plugin [req-eea61b08-0885-4cf4-a7c2-7619897d285a 140f06b65a3a4ec1a3e0e7368d247baa 13cdca1e19554adeb71fb3645995b351 - default default] Calling delete_port for 4ac88d3e-096f-45d0-b8ef-d5470cdf3f2c owned by delete_port /usr/lib/python3.9/site-packages/neutron/plugins/ml2/plugin.py:2097
2026-01-23 07:56:11.673 17 DEBUG neutron_lib.callbacks.manager [req-eea61b08-0885-4cf4-a7c2-7619897d285a 140f06b65a3a4ec1a3e0e7368d247baa 13cdca1e19554adeb71fb3645995b351 - default default] Notify callbacks ['neutron.plugins.ml2.plugin.SecurityGroupServerNotifierRpcMixin.notify_sg_on_port_change-528513', 'neutron.plugins.ml2.ovo_rpc._ObjectChangeHandler.handle_event-1922238', 'neutron.api.rpc.agentnotifiers.dhcp_rpc_agent_api.DhcpAgentNotifyAPI._native_event_send_dhcp_notification-2011388', 'neutron.db.l3_db.L3RpcNotifierMixin._notify_routers_callback-8734062578827', 'neutron.services.segments.plugin.NovaSegmentNotifier._notify_port_created_or_deleted-1780200'] for port, after_delete _notify_loop /usr/lib/python3.9/site-packages/neutron_lib/callbacks/manager.py:200
2026-01-23 07:56:11.694 17 DEBUG neutron.api.rpc.handlers.resources_rpc [req-eea61b08-0885-4cf4-a7c2-7619897d285a 140f06b65a3a4ec1a3e0e7368d247baa 13cdca1e19554adeb71fb3645995b351 - - -] Pushing event deleted for resources: {'Port': ['ID=4ac88d3e-096f-45d0-b8ef-d5470cdf3f2c,revision_number=None']} push /usr/lib/python3.9/site-packages/neutron/api/rpc/handlers/resources_rpc.py:237
2026-01-23 07:56:11.709 17 DEBUG neutron_lib.callbacks.manager [req-eea61b08-0885-4cf4-a7c2-7619897d285a 140f06b65a3a4ec1a3e0e7368d247baa 13cdca1e19554adeb71fb3645995b351 - default default] Notify callbacks ['neutron.notifiers.nova.Notifier._send_nova_notification-2013558', 'neutron.api.rpc.agentnotifiers.dhcp_rpc_agent_api.DhcpAgentNotifyAPI._send_dhcp_notification-2011278'] for port, before_response _notify_loop /usr/lib/python3.9/site-packages/neutron_lib/callbacks/manager.py:200
2026-01-23 07:56:11.711 17 INFO neutron.wsgi [req-eea61b08-0885-4cf4-a7c2-7619897d285a 140f06b65a3a4ec1a3e0e7368d247baa 13cdca1e19554adeb71fb3645995b351 - default default] 192.168.122.99,192.168.122.100 "DELETE /v2.0/ports/4ac88d3e-096f-45d0-b8ef-d5470cdf3f2c HTTP/1.1" status: 204 len: 149 time: 0.3406510
2026-01-23 07:56:11.750 17 DEBUG neutron.plugins.ml2.plugin [req-269a8a4f-a906-4cd6-ae35-f9c7a527132e 140f06b65a3a4ec1a3e0e7368d247baa 13cdca1e19554adeb71fb3645995b351 - default default] Deleting port b68920a2-462a-4677-b9aa-9fe8774138dc _pre_delete_port /usr/lib/python3.9/site-packages/neutron/plugins/ml2/plugin.py:2025
2026-01-23 07:56:11.750 17 DEBUG neutron_lib.callbacks.manager [req-269a8a4f-a906-4cd6-ae35-f9c7a527132e 140f06b65a3a4ec1a3e0e7368d247baa 13cdca1e19554adeb71fb3645995b351 - default default] Notify callbacks ['neutron.plugins.ml2.extensions.dns_integration._delete_port_in_external_dns_service-8734062508400', 'neutron.db.l3_db.L3_NAT_dbonly_mixin._prevent_l3_port_delete_callback-8734062572831'] for port, before_delete _notify_loop /usr/lib/python3.9/site-packages/neutron_lib/callbacks/manager.py:200
2026-01-23 07:56:11.837 17 DEBUG neutron_lib.callbacks.manager [req-269a8a4f-a906-4cd6-ae35-f9c7a527132e 140f06b65a3a4ec1a3e0e7368d247baa 13cdca1e19554adeb71fb3645995b351 - default default] Notify callbacks ['neutron.services.l3_router.l3_router_plugin.L3_NAT_dbonly_mixin._precommit_delete_port_callback-1619602'] for port, precommit_delete _notify_loop /usr/lib/python3.9/site-packages/neutron_lib/callbacks/manager.py:200
2026-01-23 07:56:11.846 17 DEBUG neutron.plugins.ml2.plugin [req-269a8a4f-a906-4cd6-ae35-f9c7a527132e 140f06b65a3a4ec1a3e0e7368d247baa 13cdca1e19554adeb71fb3645995b351 - default default] Calling delete_port for b68920a2-462a-4677-b9aa-9fe8774138dc owned by delete_port /usr/lib/python3.9/site-packages/neutron/plugins/ml2/plugin.py:2097
2026-01-23 07:56:11.884 17 DEBUG neutron_lib.callbacks.manager [req-269a8a4f-a906-4cd6-ae35-f9c7a527132e 140f06b65a3a4ec1a3e0e7368d247baa 13cdca1e19554adeb71fb3645995b351 - default default] Notify callbacks ['neutron.plugins.ml2.plugin.SecurityGroupServerNotifierRpcMixin.notify_sg_on_port_change-528513', 'neutron.plugins.ml2.ovo_rpc._ObjectChangeHandler.handle_event-1922238', 'neutron.api.rpc.agentnotifiers.dhcp_rpc_agent_api.DhcpAgentNotifyAPI._native_event_send_dhcp_notification-2011388', 'neutron.db.l3_db.L3RpcNotifierMixin._notify_routers_callback-8734062578827', 'neutron.services.segments.plugin.NovaSegmentNotifier._notify_port_created_or_deleted-1780200'] for port, after_delete _notify_loop /usr/lib/python3.9/site-packages/neutron_lib/callbacks/manager.py:200
2026-01-23 07:56:11.904 17 DEBUG neutron.api.rpc.handlers.resources_rpc [req-269a8a4f-a906-4cd6-ae35-f9c7a527132e 140f06b65a3a4ec1a3e0e7368d247baa 13cdca1e19554adeb71fb3645995b351 - - -] Pushing event deleted for resources: {'Port': ['ID=b68920a2-462a-4677-b9aa-9fe8774138dc,revision_number=None']} push /usr/lib/python3.9/site-packages/neutron/api/rpc/handlers/resources_rpc.py:237
2026-01-23 07:56:11.907 17 DEBUG neutron_lib.callbacks.manager [req-269a8a4f-a906-4cd6-ae35-f9c7a527132e 140f06b65a3a4ec1a3e0e7368d247baa 13cdca1e19554adeb71fb3645995b351 - default default] Notify callbacks ['neutron.notifiers.nova.Notifier._send_nova_notification-2013558', 'neutron.api.rpc.agentnotifiers.dhcp_rpc_agent_api.DhcpAgentNotifyAPI._send_dhcp_notification-2011278'] for port, before_response _notify_loop /usr/lib/python3.9/site-packages/neutron_lib/callbacks/manager.py:200
2026-01-23 07:56:11.908 17 INFO neutron.wsgi [req-269a8a4f-a906-4cd6-ae35-f9c7a527132e 140f06b65a3a4ec1a3e0e7368d247baa 13cdca1e19554adeb71fb3645995b351 - default default] 192.168.122.99,192.168.122.100 "DELETE /v2.0/ports/b68920a2-462a-4677-b9aa-9fe8774138dc HTTP/1.1" status: 204 len: 149 time: 0.1871848
2026-01-23 07:56:11.947 17 DEBUG neutron.plugins.ml2.plugin [req-1da67029-d0d6-44a3-930c-e3ee6f002f2f 140f06b65a3a4ec1a3e0e7368d247baa 13cdca1e19554adeb71fb3645995b351 - default default] Deleting port fac986e8-6ef2-4696-af2e-b6488a720ee6 _pre_delete_port /usr/lib/python3.9/site-packages/neutron/plugins/ml2/plugin.py:2025
2026-01-23 07:56:11.948 17 DEBUG neutron_lib.callbacks.manager [req-1da67029-d0d6-44a3-930c-e3ee6f002f2f 140f06b65a3a4ec1a3e0e7368d247baa 13cdca1e19554adeb71fb3645995b351 - default default] Notify callbacks ['neutron.plugins.ml2.extensions.dns_integration._delete_port_in_external_dns_service-8734062508400', 'neutron.db.l3_db.L3_NAT_dbonly_mixin._prevent_l3_port_delete_callback-8734062572831'] for port, before_delete _notify_loop /usr/lib/python3.9/site-packages/neutron_lib/callbacks/manager.py:200
2026-01-23 07:56:12.034 17 DEBUG neutron_lib.callbacks.manager [req-1da67029-d0d6-44a3-930c-e3ee6f002f2f 140f06b65a3a4ec1a3e0e7368d247baa 13cdca1e19554adeb71fb3645995b351 - default default] Notify callbacks ['neutron.services.l3_router.l3_router_plugin.L3_NAT_dbonly_mixin._precommit_delete_port_callback-1619602'] for port, precommit_delete _notify_loop /usr/lib/python3.9/site-packages/neutron_lib/callbacks/manager.py:200
2026-01-23 07:56:12.042 17 DEBUG neutron.plugins.ml2.plugin [req-1da67029-d0d6-44a3-930c-e3ee6f002f2f 140f06b65a3a4ec1a3e0e7368d247baa 13cdca1e19554adeb71fb3645995b351 - default default] Calling delete_port for fac986e8-6ef2-4696-af2e-b6488a720ee6 owned by delete_port /usr/lib/python3.9/site-packages/neutron/plugins/ml2/plugin.py:2097
2026-01-23 07:56:12.080 17 DEBUG neutron_lib.callbacks.manager [req-1da67029-d0d6-44a3-930c-e3ee6f002f2f 140f06b65a3a4ec1a3e0e7368d247baa 13cdca1e19554adeb71fb3645995b351 - default default] Notify callbacks ['neutron.plugins.ml2.plugin.SecurityGroupServerNotifierRpcMixin.notify_sg_on_port_change-528513', 'neutron.plugins.ml2.ovo_rpc._ObjectChangeHandler.handle_event-1922238', 'neutron.api.rpc.agentnotifiers.dhcp_rpc_agent_api.DhcpAgentNotifyAPI._native_event_send_dhcp_notification-2011388', 'neutron.db.l3_db.L3RpcNotifierMixin._notify_routers_callback-8734062578827', 'neutron.services.segments.plugin.NovaSegmentNotifier._notify_port_created_or_deleted-1780200'] for port, after_delete _notify_loop /usr/lib/python3.9/site-packages/neutron_lib/callbacks/manager.py:200
2026-01-23 07:56:12.101 17 DEBUG neutron.api.rpc.handlers.resources_rpc [req-1da67029-d0d6-44a3-930c-e3ee6f002f2f 140f06b65a3a4ec1a3e0e7368d247baa 13cdca1e19554adeb71fb3645995b351 - - -] Pushing event deleted for resources: {'Port': ['ID=fac986e8-6ef2-4696-af2e-b6488a720ee6,revision_number=None']} push /usr/lib/python3.9/site-packages/neutron/api/rpc/handlers/resources_rpc.py:237
2026-01-23 07:56:12.106 17 DEBUG neutron_lib.callbacks.manager [req-1da67029-d0d6-44a3-930c-e3ee6f002f2f 140f06b65a3a4ec1a3e0e7368d247baa 13cdca1e19554adeb71fb3645995b351 - default default] Notify callbacks ['neutron.notifiers.nova.Notifier._send_nova_notification-2013558', 'neutron.api.rpc.agentnotifiers.dhcp_rpc_agent_api.DhcpAgentNotifyAPI._send_dhcp_notification-2011278'] for port, before_response _notify_loop /usr/lib/python3.9/site-packages/neutron_lib/callbacks/manager.py:200
2026-01-23 07:56:12.107 17 INFO neutron.wsgi [req-1da67029-d0d6-44a3-930c-e3ee6f002f2f 140f06b65a3a4ec1a3e0e7368d247baa 13cdca1e19554adeb71fb3645995b351 - default default] 192.168.122.99,192.168.122.100 "DELETE /v2.0/ports/fac986e8-6ef2-4696-af2e-b6488a720ee6 HTTP/1.1" status: 204 len: 149 time: 0.1898115
2026-01-23 07:56:12.156 17 DEBUG neutron.pecan_wsgi.hooks.policy_enforcement [req-d53cca03-0950-434e-8c70-81ac81be3d90 140f06b65a3a4ec1a3e0e7368d247baa 13cdca1e19554adeb71fb3645995b351 - default default] Attributes excluded by policy engine: ['standard_attr_id'] _exclude_attributes_by_policy /usr/lib/python3.9/site-packages/neutron/pecan_wsgi/hooks/policy_enforcement.py:259
2026-01-23 07:56:12.156 17 DEBUG neutron.pecan_wsgi.hooks.policy_enforcement [req-d53cca03-0950-434e-8c70-81ac81be3d90 140f06b65a3a4ec1a3e0e7368d247baa 13cdca1e19554adeb71fb3645995b351 - default default] Attributes excluded by policy engine: ['standard_attr_id'] _exclude_attributes_by_policy /usr/lib/python3.9/site-packages/neutron/pecan_wsgi/hooks/policy_enforcement.py:259
2026-01-23 07:56:12.157 17 DEBUG neutron.pecan_wsgi.hooks.policy_enforcement [req-d53cca03-0950-434e-8c70-81ac81be3d90 140f06b65a3a4ec1a3e0e7368d247baa 13cdca1e19554adeb71fb3645995b351 - default default] Attributes excluded by policy engine: ['standard_attr_id'] _exclude_attributes_by_policy /usr/lib/python3.9/site-packages/neutron/pecan_wsgi/hooks/policy_enforcement.py:259
2026-01-23 07:56:12.157 17 INFO neutron.wsgi [req-d53cca03-0950-434e-8c70-81ac81be3d90 140f06b65a3a4ec1a3e0e7368d247baa 13cdca1e19554adeb71fb3645995b351 - default default] 192.168.122.99,192.168.122.100 "GET /v2.0/ports?network_id=c3ac4a40-1b63-4c7c-9685-c7fd2d3223f2&tags=tripleo_stack_name%3Dovercloud HTTP/1.1" status: 200 len: 2860 time: 0.0427666
2026-01-23 07:56:12.343 17 DEBUG neutron.wsgi [-] (17) accepted ('192.168.122.100', 38492) server /usr/lib/python3.9/site-packages/eventlet/wsgi.py:992
2026-01-23 07:56:12.347 17 INFO neutron.wsgi [-] 192.168.122.100 "GET /healthcheck HTTP/1.0" status: 200 len: 137 time: 0.0026858
2026-01-23 07:56:14.349 18 DEBUG neutron.wsgi [-] (18) accepted ('192.168.122.100', 38500) server /usr/lib/python3.9/site-packages/eventlet/wsgi.py:992
2026-01-23 07:56:14.352 18 INFO neutron.wsgi [-] 192.168.122.100 "GET /healthcheck HTTP/1.0" status: 200 len: 137 time: 0.0026965
2026-01-23 07:56:16.354 16 DEBUG neutron.wsgi [-] (16) accepted ('192.168.122.100', 38514) server /usr/lib/python3.9/site-packages/eventlet/wsgi.py:992
2026-01-23 07:56:16.356 16 INFO neutron.wsgi [-] 192.168.122.100 "GET /healthcheck HTTP/1.0" status: 200 len: 137 time: 0.0014162
2026-01-23 07:56:18.358 17 DEBUG neutron.wsgi [-] (17) accepted ('192.168.122.100', 38518) server /usr/lib/python3.9/site-packages/eventlet/wsgi.py:992
2026-01-23 07:56:18.360 17 INFO neutron.wsgi [-] 192.168.122.100 "GET /healthcheck HTTP/1.0" status: 200 len: 137 time: 0.0013180
2026-01-23 07:56:20.363 16 DEBUG neutron.wsgi [-] (16) accepted ('192.168.122.100', 42524) server /usr/lib/python3.9/site-packages/eventlet/wsgi.py:992
2026-01-23 07:56:20.365 16 INFO neutron.wsgi [-] 192.168.122.100 "GET /healthcheck HTTP/1.0" status: 200 len: 137 time: 0.0014973
2026-01-23 07:56:22.367 16 DEBUG neutron.wsgi [-] (16) accepted ('192.168.122.100', 42526) server /usr/lib/python3.9/site-packages/eventlet/wsgi.py:992
2026-01-23 07:56:22.371 16 INFO neutron.wsgi [-] 192.168.122.100 "GET /healthcheck HTTP/1.0" status: 200 len: 137 time: 0.0024807
2026-01-23 07:56:24.373 15 DEBUG neutron.wsgi [-] (15) accepted ('192.168.122.100', 42532) server /usr/lib/python3.9/site-packages/eventlet/wsgi.py:992
2026-01-23 07:56:24.376 15 INFO neutron.wsgi [-] 192.168.122.100 "GET /healthcheck HTTP/1.0" status: 200 len: 137 time: 0.0026069
2026-01-23 07:56:26.379 17 DEBUG neutron.wsgi [-] (17) accepted ('192.168.122.100', 42542) server /usr/lib/python3.9/site-packages/eventlet/wsgi.py:992
2026-01-23 07:56:26.383 17 INFO neutron.wsgi [-] 192.168.122.100 "GET /healthcheck HTTP/1.0" status: 200 len: 137 time: 0.0027182
2026-01-23 07:56:28.384 17 DEBUG neutron.wsgi [-] (17) accepted ('192.168.122.100', 42550) server /usr/lib/python3.9/site-packages/eventlet/wsgi.py:992
2026-01-23 07:56:28.386 17 INFO neutron.wsgi [-] 192.168.122.100 "GET /healthcheck HTTP/1.0" status: 200 len: 137 time: 0.0014329
2026-01-23 07:56:30.389 17 DEBUG neutron.wsgi [-] (17) accepted ('192.168.122.100', 51656) server /usr/lib/python3.9/site-packages/eventlet/wsgi.py:992
2026-01-23 07:56:30.392 17 INFO neutron.wsgi [-] 192.168.122.100 "GET /healthcheck HTTP/1.0" status: 200 len: 137 time: 0.0025208
2026-01-23 07:56:32.394 17 DEBUG neutron.wsgi [-] (17) accepted ('192.168.122.100', 51668) server /usr/lib/python3.9/site-packages/eventlet/wsgi.py:992
2026-01-23 07:56:32.396 17 INFO neutron.wsgi [-] 192.168.122.100 "GET /healthcheck HTTP/1.0" status: 200 len: 137 time: 0.0013533
2026-01-23 07:56:34.398 18 DEBUG neutron.wsgi [-] (18) accepted ('192.168.122.100', 51672) server /usr/lib/python3.9/site-packages/eventlet/wsgi.py:992
2026-01-23 07:56:34.401 18 INFO neutron.wsgi [-] 192.168.122.100 "GET /healthcheck HTTP/1.0" status: 200 len: 137 time: 0.0024338
2026-01-23 07:56:36.403 17 DEBUG neutron.wsgi [-] (17) accepted ('192.168.122.100', 51676) server /usr/lib/python3.9/site-packages/eventlet/wsgi.py:992
2026-01-23 07:56:36.406 17 INFO neutron.wsgi [-] 192.168.122.100 "GET /healthcheck HTTP/1.0" status: 200 len: 137 time: 0.0026348
2026-01-23 07:56:38.409 18 DEBUG neutron.wsgi [-] (18) accepted ('192.168.122.100', 51690) server /usr/lib/python3.9/site-packages/eventlet/wsgi.py:992
2026-01-23 07:56:38.411 18 INFO neutron.wsgi [-] 192.168.122.100 "GET /healthcheck HTTP/1.0" status: 200 len: 137 time: 0.0012574
2026-01-23 07:56:40.413 17 DEBUG neutron.wsgi [-] (17) accepted ('192.168.122.100', 54814) server /usr/lib/python3.9/site-packages/eventlet/wsgi.py:992
2026-01-23 07:56:40.416 17 INFO neutron.wsgi [-] 192.168.122.100 "GET /healthcheck HTTP/1.0" status: 200 len: 137 time: 0.0025022
2026-01-23 07:56:42.008 17 DEBUG neutron.wsgi [-] (17) accepted ('192.168.122.100', 54828) server /usr/lib/python3.9/site-packages/eventlet/wsgi.py:992
2026-01-23 07:56:42.010 17 INFO neutron.wsgi [-] 192.168.122.100 "GET / HTTP/1.1" status: 200 len: 233 time: 0.0012696
2026-01-23 07:56:42.419 17 DEBUG neutron.wsgi [-] (17) accepted ('192.168.122.100', 54838) server /usr/lib/python3.9/site-packages/eventlet/wsgi.py:992
2026-01-23 07:56:42.423 17 INFO neutron.wsgi [-] 192.168.122.100 "GET /healthcheck HTTP/1.0" status: 200 len: 137 time: 0.0026054
2026-01-23 07:56:44.425 15 DEBUG neutron.wsgi [-] (15) accepted ('192.168.122.100', 54852) server /usr/lib/python3.9/site-packages/eventlet/wsgi.py:992
2026-01-23 07:56:44.428 15 INFO neutron.wsgi [-] 192.168.122.100 "GET /healthcheck HTTP/1.0" status: 200 len: 137 time: 0.0024838
2026-01-23 07:56:46.430 18 DEBUG neutron.wsgi [-] (18) accepted ('192.168.122.100', 54856) server /usr/lib/python3.9/site-packages/eventlet/wsgi.py:992
2026-01-23 07:56:46.432 18 INFO neutron.wsgi [-] 192.168.122.100 "GET /healthcheck HTTP/1.0" status: 200 len: 137 time: 0.0014915
2026-01-23 07:56:48.434 17 DEBUG neutron.wsgi [-] (17) accepted ('192.168.122.100', 54868) server /usr/lib/python3.9/site-packages/eventlet/wsgi.py:992
2026-01-23 07:56:48.436 17 INFO neutron.wsgi [-] 192.168.122.100 "GET /healthcheck HTTP/1.0" status: 200 len: 137 time: 0.0017595
2026-01-23 07:56:50.438 18 DEBUG neutron.wsgi [-] (18) accepted ('192.168.122.100', 52988) server /usr/lib/python3.9/site-packages/eventlet/wsgi.py:992
2026-01-23 07:56:50.443 18 INFO neutron.wsgi [-] 192.168.122.100 "GET /healthcheck HTTP/1.0" status: 200 len: 137 time: 0.0035994
2026-01-23 07:56:52.446 18 DEBUG neutron.wsgi [-] (18) accepted ('192.168.122.100', 52996) server /usr/lib/python3.9/site-packages/eventlet/wsgi.py:992
2026-01-23 07:56:52.449 18 INFO neutron.wsgi [-] 192.168.122.100 "GET /healthcheck HTTP/1.0" status: 200 len: 137 time: 0.0024555
2026-01-23 07:56:54.451 15 DEBUG neutron.wsgi [-] (15) accepted ('192.168.122.100', 53010) server /usr/lib/python3.9/site-packages/eventlet/wsgi.py:992
2026-01-23 07:56:54.454 15 INFO neutron.wsgi [-] 192.168.122.100 "GET /healthcheck HTTP/1.0" status: 200 len: 137 time: 0.0018215
2026-01-23 07:56:56.456 15 DEBUG neutron.wsgi [-] (15) accepted ('192.168.122.100', 53014) server /usr/lib/python3.9/site-packages/eventlet/wsgi.py:992
2026-01-23 07:56:56.459 15 INFO neutron.wsgi [-] 192.168.122.100 "GET /healthcheck HTTP/1.0" status: 200 len: 137 time: 0.0018582
2026-01-23 07:56:58.460 16 DEBUG neutron.wsgi [-] (16) accepted ('192.168.122.100', 53030) server /usr/lib/python3.9/site-packages/eventlet/wsgi.py:992
2026-01-23 07:56:58.464 16 INFO neutron.wsgi [-] 192.168.122.100 "GET /healthcheck HTTP/1.0" status: 200 len: 137 time: 0.0025470
2026-01-23 07:57:00.465 16 DEBUG neutron.wsgi [-] (16) accepted ('192.168.122.100', 50976) server /usr/lib/python3.9/site-packages/eventlet/wsgi.py:992
2026-01-23 07:57:00.468 16 INFO neutron.wsgi [-] 192.168.122.100 "GET /healthcheck HTTP/1.0" status: 200 len: 137 time: 0.0019364
2026-01-23 07:57:02.469 18 DEBUG neutron.wsgi [-] (18) accepted ('192.168.122.100', 50990) server /usr/lib/python3.9/site-packages/eventlet/wsgi.py:992
2026-01-23 07:57:02.473 18 INFO neutron.wsgi [-] 192.168.122.100 "GET /healthcheck HTTP/1.0" status: 200 len: 137 time: 0.0026581
2026-01-23 07:57:04.103 24 DEBUG neutron.db.agents_db [req-308f7a52-9aaa-4053-abab-8c3c23d2e409 - - - - -] Agent healthcheck: found 3 active agents agent_health_check /usr/lib/python3.9/site-packages/neutron/db/agents_db.py:328
2026-01-23 07:57:04.575 18 DEBUG neutron.wsgi [-] (18) accepted ('192.168.122.100', 51000) server /usr/lib/python3.9/site-packages/eventlet/wsgi.py:992
2026-01-23 07:57:04.579 18 INFO neutron.wsgi [-] 192.168.122.100 "GET /healthcheck HTTP/1.0" status: 200 len: 137 time: 0.0030100
2026-01-23 07:57:06.581 18 DEBUG neutron.wsgi [-] (18) accepted ('192.168.122.100', 51012) server /usr/lib/python3.9/site-packages/eventlet/wsgi.py:992
2026-01-23 07:57:06.585 18 INFO neutron.wsgi [-] 192.168.122.100 "GET /healthcheck HTTP/1.0" status: 200 len: 137 time: 0.0025852
2026-01-23 07:57:08.586 15 DEBUG neutron.wsgi [-] (15) accepted ('192.168.122.100', 51068) server /usr/lib/python3.9/site-packages/eventlet/wsgi.py:992
2026-01-23 07:57:08.590 15 INFO neutron.wsgi [-] 192.168.122.100 "GET /healthcheck HTTP/1.0" status: 200 len: 137 time: 0.0026424
2026-01-23 07:57:10.591 17 DEBUG neutron.wsgi [-] (17) accepted ('192.168.122.100', 51070) server /usr/lib/python3.9/site-packages/eventlet/wsgi.py:992
2026-01-23 07:57:10.596 17 INFO neutron.wsgi [-] 192.168.122.100 "GET /healthcheck HTTP/1.0" status: 200 len: 137 time: 0.0030794
2026-01-23 07:57:12.597 18 DEBUG neutron.wsgi [-] (18) accepted ('192.168.122.100', 51074) server /usr/lib/python3.9/site-packages/eventlet/wsgi.py:992
2026-01-23 07:57:12.600 18 INFO neutron.wsgi [-] 192.168.122.100 "GET /healthcheck HTTP/1.0" status: 200 len: 137 time: 0.0017073
2026-01-23 07:57:13.151 15 DEBUG neutron.wsgi [-] (15) accepted ('192.168.122.100', 51084) server /usr/lib/python3.9/site-packages/eventlet/wsgi.py:992
2026-01-23 07:57:13.155 15 INFO neutron.wsgi [-] 192.168.122.100 "GET / HTTP/1.1" status: 200 len: 233 time: 0.0025506
2026-01-23 07:57:14.601 15 DEBUG neutron.wsgi [-] (15) accepted ('192.168.122.100', 51092) server /usr/lib/python3.9/site-packages/eventlet/wsgi.py:992
2026-01-23 07:57:14.605 15 INFO neutron.wsgi [-] 192.168.122.100 "GET /healthcheck HTTP/1.0" status: 200 len: 137 time: 0.0027013
2026-01-23 07:57:16.606 16 DEBUG neutron.wsgi [-] (16) accepted ('192.168.122.100', 51098) server /usr/lib/python3.9/site-packages/eventlet/wsgi.py:992
2026-01-23 07:57:16.609 16 INFO neutron.wsgi [-] 192.168.122.100 "GET /healthcheck HTTP/1.0" status: 200 len: 137 time: 0.0024652
2026-01-23 07:57:18.611 16 DEBUG neutron.wsgi [-] (16) accepted ('192.168.122.100', 33692) server /usr/lib/python3.9/site-packages/eventlet/wsgi.py:992
2026-01-23 07:57:18.614 16 INFO neutron.wsgi [-] 192.168.122.100 "GET /healthcheck HTTP/1.0" status: 200 len: 137 time: 0.0018575
2026-01-23 07:57:20.616 18 DEBUG neutron.wsgi [-] (18) accepted ('192.168.122.100', 33700) server /usr/lib/python3.9/site-packages/eventlet/wsgi.py:992
2026-01-23 07:57:20.620 18 INFO neutron.wsgi [-] 192.168.122.100 "GET /healthcheck HTTP/1.0" status: 200 len: 137 time: 0.0031419
2026-01-23 07:57:22.622 17 DEBUG neutron.wsgi [-] (17) accepted ('192.168.122.100', 33710) server /usr/lib/python3.9/site-packages/eventlet/wsgi.py:992
2026-01-23 07:57:22.625 17 INFO neutron.wsgi [-] 192.168.122.100 "GET /healthcheck HTTP/1.0" status: 200 len: 137 time: 0.0025239
2026-01-23 07:57:24.627 17 DEBUG neutron.wsgi [-] (17) accepted ('192.168.122.100', 33722) server /usr/lib/python3.9/site-packages/eventlet/wsgi.py:992
2026-01-23 07:57:24.630 17 INFO neutron.wsgi [-] 192.168.122.100 "GET /healthcheck HTTP/1.0" status: 200 len: 137 time: 0.0024629
2026-01-23 07:57:26.632 16 DEBUG neutron.wsgi [-] (16) accepted ('192.168.122.100', 33738) server /usr/lib/python3.9/site-packages/eventlet/wsgi.py:992
2026-01-23 07:57:26.636 16 INFO neutron.wsgi [-] 192.168.122.100 "GET /healthcheck HTTP/1.0" status: 200 len: 137 time: 0.0025644
2026-01-23 07:57:28.637 16 DEBUG neutron.wsgi [-] (16) accepted ('192.168.122.100', 36478) server /usr/lib/python3.9/site-packages/eventlet/wsgi.py:992
2026-01-23 07:57:28.640 16 INFO neutron.wsgi [-] 192.168.122.100 "GET /healthcheck HTTP/1.0" status: 200 len: 137 time: 0.0024793
2026-01-23 07:57:30.642 16 DEBUG neutron.wsgi [-] (16) accepted ('192.168.122.100', 36480) server /usr/lib/python3.9/site-packages/eventlet/wsgi.py:992
2026-01-23 07:57:30.644 16 INFO neutron.wsgi [-] 192.168.122.100 "GET /healthcheck HTTP/1.0" status: 200 len: 137 time: 0.0012839
2026-01-23 07:57:32.646 16 DEBUG neutron.wsgi [-] (16) accepted ('192.168.122.100', 36490) server /usr/lib/python3.9/site-packages/eventlet/wsgi.py:992
2026-01-23 07:57:32.650 16 INFO neutron.wsgi [-] 192.168.122.100 "GET /healthcheck HTTP/1.0" status: 200 len: 137 time: 0.0025940
2026-01-23 07:57:34.651 16 DEBUG neutron.wsgi [-] (16) accepted ('192.168.122.100', 36496) server /usr/lib/python3.9/site-packages/eventlet/wsgi.py:992
2026-01-23 07:57:34.655 16 INFO neutron.wsgi [-] 192.168.122.100 "GET /healthcheck HTTP/1.0" status: 200 len: 137 time: 0.0027831
2026-01-23 07:57:36.657 15 DEBUG neutron.wsgi [-] (15) accepted ('192.168.122.100', 36510) server /usr/lib/python3.9/site-packages/eventlet/wsgi.py:992
2026-01-23 07:57:36.661 15 INFO neutron.wsgi [-] 192.168.122.100 "GET /healthcheck HTTP/1.0" status: 200 len: 137 time: 0.0025363
2026-01-23 07:57:38.662 15 DEBUG neutron.wsgi [-] (15) accepted ('192.168.122.100', 45254) server /usr/lib/python3.9/site-packages/eventlet/wsgi.py:992
2026-01-23 07:57:38.666 15 INFO neutron.wsgi [-] 192.168.122.100 "GET /healthcheck HTTP/1.0" status: 200 len: 137 time: 0.0025387
2026-01-23 07:57:40.667 18 DEBUG neutron.wsgi [-] (18) accepted ('192.168.122.100', 45256) server /usr/lib/python3.9/site-packages/eventlet/wsgi.py:992
2026-01-23 07:57:40.671 18 INFO neutron.wsgi [-] 192.168.122.100 "GET /healthcheck HTTP/1.0" status: 200 len: 137 time: 0.0026093
2026-01-23 07:57:42.672 17 DEBUG neutron.wsgi [-] (17) accepted ('192.168.122.100', 45272) server /usr/lib/python3.9/site-packages/eventlet/wsgi.py:992
2026-01-23 07:57:42.676 17 INFO neutron.wsgi [-] 192.168.122.100 "GET /healthcheck HTTP/1.0" status: 200 len: 137 time: 0.0026484
2026-01-23 07:57:43.502 15 DEBUG neutron.wsgi [-] (15) accepted ('192.168.122.100', 45280) server /usr/lib/python3.9/site-packages/eventlet/wsgi.py:992
2026-01-23 07:57:43.504 15 INFO neutron.wsgi [-] 192.168.122.100 "GET / HTTP/1.1" status: 200 len: 233 time: 0.0012298
2026-01-23 07:57:44.677 15 DEBUG neutron.wsgi [-] (15) accepted ('192.168.122.100', 45296) server /usr/lib/python3.9/site-packages/eventlet/wsgi.py:992
2026-01-23 07:57:44.680 15 INFO neutron.wsgi [-] 192.168.122.100 "GET /healthcheck HTTP/1.0" status: 200 len: 137 time: 0.0025001
2026-01-23 07:57:46.682 15 DEBUG neutron.wsgi [-] (15) accepted ('192.168.122.100', 45312) server /usr/lib/python3.9/site-packages/eventlet/wsgi.py:992
2026-01-23 07:57:46.685 15 INFO neutron.wsgi [-] 192.168.122.100 "GET /healthcheck HTTP/1.0" status: 200 len: 137 time: 0.0017524
2026-01-23 07:57:48.686 17 DEBUG neutron.wsgi [-] (17) accepted ('192.168.122.100', 57410) server /usr/lib/python3.9/site-packages/eventlet/wsgi.py:992
2026-01-23 07:57:48.690 17 INFO neutron.wsgi [-] 192.168.122.100 "GET /healthcheck HTTP/1.0" status: 200 len: 137 time: 0.0028019
2026-01-23 07:57:50.691 17 DEBUG neutron.wsgi [-] (17) accepted ('192.168.122.100', 57426) server /usr/lib/python3.9/site-packages/eventlet/wsgi.py:992
2026-01-23 07:57:50.694 17 INFO neutron.wsgi [-] 192.168.122.100 "GET /healthcheck HTTP/1.0" status: 200 len: 137 time: 0.0022469
2026-01-23 07:57:52.695 17 DEBUG neutron.wsgi [-] (17) accepted ('192.168.122.100', 57432) server /usr/lib/python3.9/site-packages/eventlet/wsgi.py:992
2026-01-23 07:57:52.698 17 INFO neutron.wsgi [-] 192.168.122.100 "GET /healthcheck HTTP/1.0" status: 200 len: 137 time: 0.0025434
2026-01-23 07:57:53.317 21 DEBUG neutron_lib.callbacks.manager [req-f0c45d9d-eaa4-45b7-8225-2723e0c7ef4c - - - - -] Notify callbacks ['neutron.services.segments.db._update_segment_host_mapping_for_agent-8734062622958', 'neutron.plugins.ml2.plugin.Ml2Plugin._retry_binding_revived_agents-684540'] for agent, after_update _notify_loop /usr/lib/python3.9/site-packages/neutron_lib/callbacks/manager.py:200
2026-01-23 07:57:53.605 22 DEBUG neutron_lib.callbacks.manager [req-5948d73b-e4f4-4100-8406-663c8abe11b3 - - - - -] Notify callbacks ['neutron.services.segments.db._update_segment_host_mapping_for_agent-8734062622958', 'neutron.plugins.ml2.plugin.Ml2Plugin._retry_binding_revived_agents-684540'] for agent, after_update _notify_loop /usr/lib/python3.9/site-packages/neutron_lib/callbacks/manager.py:200
2026-01-23 07:57:54.700 17 DEBUG neutron.wsgi [-] (17) accepted ('192.168.122.100', 57446) server /usr/lib/python3.9/site-packages/eventlet/wsgi.py:992
2026-01-23 07:57:54.702 17 INFO neutron.wsgi [-] 192.168.122.100 "GET /healthcheck HTTP/1.0" status: 200 len: 137 time: 0.0013084
2026-01-23 07:57:56.703 16 DEBUG neutron.wsgi [-] (16) accepted ('192.168.122.100', 57458) server /usr/lib/python3.9/site-packages/eventlet/wsgi.py:992
2026-01-23 07:57:56.706 16 INFO neutron.wsgi [-] 192.168.122.100 "GET /healthcheck HTTP/1.0" status: 200 len: 137 time: 0.0024085
2026-01-23 07:57:58.708 18 DEBUG neutron.wsgi [-] (18) accepted ('192.168.122.100', 57998) server /usr/lib/python3.9/site-packages/eventlet/wsgi.py:992
2026-01-23 07:57:58.711 18 INFO neutron.wsgi [-] 192.168.122.100 "GET /healthcheck HTTP/1.0" status: 200 len: 137 time: 0.0023451
2026-01-23 07:57:59.628 20 DEBUG neutron_lib.callbacks.manager [req-e5b20ac7-b74c-43ce-88e7-8cb166e63b0e - - - - -] Notify callbacks ['neutron.services.segments.db._update_segment_host_mapping_for_agent-8734062622958', 'neutron.plugins.ml2.plugin.Ml2Plugin._retry_binding_revived_agents-684540'] for agent, after_update _notify_loop /usr/lib/python3.9/site-packages/neutron_lib/callbacks/manager.py:200
2026-01-23 07:58:00.713 15 DEBUG neutron.wsgi [-] (15) accepted ('192.168.122.100', 58000) server /usr/lib/python3.9/site-packages/eventlet/wsgi.py:992
2026-01-23 07:58:00.716 15 INFO neutron.wsgi [-] 192.168.122.100 "GET /healthcheck HTTP/1.0" status: 200 len: 137 time: 0.0023632
