2026-01-23 07:44:56.728 16 DEBUG neutron.api.rpc.callbacks.version_manager [req-64f1c7a1-6251-4293-993c-86e8ef83cc5d 140f06b65a3a4ec1a3e0e7368d247baa 13cdca1e19554adeb71fb3645995b351 - - -] Version for resource type SecurityGroup changed None to 1.5 on consumer Open vSwitch agent@undercloud.ooo.test _set_version /usr/lib/python3.9/site-packages/neutron/api/rpc/callbacks/version_manager.py:113
2026-01-23 07:44:56.728 16 DEBUG neutron.api.rpc.callbacks.version_manager [req-64f1c7a1-6251-4293-993c-86e8ef83cc5d 140f06b65a3a4ec1a3e0e7368d247baa 13cdca1e19554adeb71fb3645995b351 - - -] Version for resource type SecurityGroupRule changed None to 1.2 on consumer Open vSwitch agent@undercloud.ooo.test _set_version /usr/lib/python3.9/site-packages/neutron/api/rpc/callbacks/version_manager.py:113
2026-01-23 07:44:56.728 16 DEBUG neutron.api.rpc.callbacks.version_manager [req-64f1c7a1-6251-4293-993c-86e8ef83cc5d 140f06b65a3a4ec1a3e0e7368d247baa 13cdca1e19554adeb71fb3645995b351 - - -] Version for resource type SubPort changed None to 1.0 on consumer Open vSwitch agent@undercloud.ooo.test _set_version /usr/lib/python3.9/site-packages/neutron/api/rpc/callbacks/version_manager.py:113
2026-01-23 07:44:56.728 16 DEBUG neutron.api.rpc.callbacks.version_manager [req-64f1c7a1-6251-4293-993c-86e8ef83cc5d 140f06b65a3a4ec1a3e0e7368d247baa 13cdca1e19554adeb71fb3645995b351 - - -] Version for resource type Subnet changed None to 1.1 on consumer Open vSwitch agent@undercloud.ooo.test _set_version /usr/lib/python3.9/site-packages/neutron/api/rpc/callbacks/version_manager.py:113
2026-01-23 07:44:56.728 16 DEBUG neutron.api.rpc.callbacks.version_manager [req-64f1c7a1-6251-4293-993c-86e8ef83cc5d 140f06b65a3a4ec1a3e0e7368d247baa 13cdca1e19554adeb71fb3645995b351 - - -] Version for resource type Trunk changed None to 1.1 on consumer Open vSwitch agent@undercloud.ooo.test _set_version /usr/lib/python3.9/site-packages/neutron/api/rpc/callbacks/version_manager.py:113
2026-01-23 07:44:56.732 16 DEBUG neutron.api.rpc.callbacks.version_manager [req-64f1c7a1-6251-4293-993c-86e8ef83cc5d 140f06b65a3a4ec1a3e0e7368d247baa 13cdca1e19554adeb71fb3645995b351 - - -] Tracked resource versions report: pushed versions: { 'AddressGroup': {'1.2'}, 'ConntrackHelper': {'1.0'}, 'Log': {'1.0'}, 'Network': {'1.1'}, 'Port': {'1.7'}, 'PortForwarding': {'1.2'}, 'QosPolicy': {'1.8'}, 'SecurityGroup': {'1.5'}, 'SecurityGroupRule': {'1.2'}, 'SubPort': {'1.0'}, 'Subnet': {'1.1'}, 'Trunk': {'1.1'}} consumer versions: { DHCP agent@undercloud.ooo.test: {}, L3 agent@undercloud.ooo.test: {}, Open vSwitch agent@undercloud.ooo.test: { 'AddressGroup': '1.2', 'ConntrackHelper': '1.0', 'Log': '1.0', 'Network': '1.1', 'Port': '1.7', 'PortForwarding': '1.2', 'QosPolicy': '1.8', 'SecurityGroup': '1.5', 'SecurityGroupRule': '1.2', 'SubPort': '1.0', 'Subnet': '1.1', 'Trunk': '1.1'}} report /usr/lib/python3.9/site-packages/neutron/api/rpc/callbacks/version_manager.py:175
2026-01-23 07:44:56.734 16 DEBUG neutron.plugins.ml2.drivers.mech_agent [req-64f1c7a1-6251-4293-993c-86e8ef83cc5d 140f06b65a3a4ec1a3e0e7368d247baa 13cdca1e19554adeb71fb3645995b351 - default default] Checking segment: {'id': '47660fe6-8176-4382-9bb4-005c3e2e9daf', 'network_type': 'flat', 'physical_network': 'storage_storage_subnet', 'segmentation_id': None, 'network_id': 'da1a3d4f-ab39-41df-919c-9e0aaf6edef6'} for mappings: {'ctlplane': 'br-ctlplane'} with network types: ['local', 'flat', 'vlan'] check_segment_for_agent /usr/lib/python3.9/site-packages/neutron/plugins/ml2/drivers/mech_agent.py:343
2026-01-23 07:44:56.735 16 DEBUG neutron.plugins.ml2.drivers.mech_agent [req-64f1c7a1-6251-4293-993c-86e8ef83cc5d 140f06b65a3a4ec1a3e0e7368d247baa 13cdca1e19554adeb71fb3645995b351 - default default] Network da1a3d4f-ab39-41df-919c-9e0aaf6edef6 with segment 47660fe6-8176-4382-9bb4-005c3e2e9daf is connected to physical network storage_storage_subnet, but agent undercloud.ooo.test reported physical networks {'ctlplane': 'br-ctlplane'}. The physical network must be configured on the agent if binding is to succeed. check_segment_for_agent /usr/lib/python3.9/site-packages/neutron/plugins/ml2/drivers/mech_agent.py:365
2026-01-23 07:44:56.734 15 DEBUG neutron.plugins.ml2.drivers.mech_agent [req-41e6b6ea-11e4-48b7-8ad4-54e4892dfefd 140f06b65a3a4ec1a3e0e7368d247baa 13cdca1e19554adeb71fb3645995b351 - default default] Checking segment: {'id': '63810f17-9929-4814-a24e-5f86917e2d09', 'network_type': 'flat', 'physical_network': 'internal_api_internal_api_subnet', 'segmentation_id': None, 'network_id': '63439a83-bfe4-4798-8437-695247f9759b'} for mappings: {'ctlplane': 'br-ctlplane'} with network types: ['local', 'flat', 'vlan'] check_segment_for_agent /usr/lib/python3.9/site-packages/neutron/plugins/ml2/drivers/mech_agent.py:343
2026-01-23 07:44:56.736 15 DEBUG neutron.plugins.ml2.drivers.mech_agent [req-41e6b6ea-11e4-48b7-8ad4-54e4892dfefd 140f06b65a3a4ec1a3e0e7368d247baa 13cdca1e19554adeb71fb3645995b351 - default default] Network 63439a83-bfe4-4798-8437-695247f9759b with segment 63810f17-9929-4814-a24e-5f86917e2d09 is connected to physical network internal_api_internal_api_subnet, but agent undercloud.ooo.test reported physical networks {'ctlplane': 'br-ctlplane'}. The physical network must be configured on the agent if binding is to succeed. check_segment_for_agent /usr/lib/python3.9/site-packages/neutron/plugins/ml2/drivers/mech_agent.py:365
2026-01-23 07:44:56.738 16 DEBUG neutron.scheduler.dhcp_agent_scheduler [req-64f1c7a1-6251-4293-993c-86e8ef83cc5d 140f06b65a3a4ec1a3e0e7368d247baa 13cdca1e19554adeb71fb3645995b351 - default default] Network hostable DHCP agents. Network: da1a3d4f-ab39-41df-919c-9e0aaf6edef6, hostable agents: [], hosted agents: [] _get_network_hostable_dhcp_agents /usr/lib/python3.9/site-packages/neutron/scheduler/dhcp_agent_scheduler.py:329
2026-01-23 07:44:56.738 16 DEBUG neutron.scheduler.base_scheduler [req-64f1c7a1-6251-4293-993c-86e8ef83cc5d 140f06b65a3a4ec1a3e0e7368d247baa 13cdca1e19554adeb71fb3645995b351 - default default] Resources bound (agent type, host, resource id): schedule /usr/lib/python3.9/site-packages/neutron/scheduler/base_scheduler.py:57
2026-01-23 07:44:56.738 16 WARNING neutron.api.rpc.agentnotifiers.dhcp_rpc_agent_api [req-64f1c7a1-6251-4293-993c-86e8ef83cc5d 140f06b65a3a4ec1a3e0e7368d247baa 13cdca1e19554adeb71fb3645995b351 - default default] Unable to schedule network da1a3d4f-ab39-41df-919c-9e0aaf6edef6: no agents available; will retry on subsequent port and subnet creation events.
2026-01-23 07:44:56.738 16 DEBUG neutron.api.rpc.agentnotifiers.dhcp_rpc_agent_api [req-64f1c7a1-6251-4293-993c-86e8ef83cc5d 140f06b65a3a4ec1a3e0e7368d247baa 13cdca1e19554adeb71fb3645995b351 - default default] Network da1a3d4f-ab39-41df-919c-9e0aaf6edef6 is not hosted by any dhcp agent _notify_agents /usr/lib/python3.9/site-packages/neutron/api/rpc/agentnotifiers/dhcp_rpc_agent_api.py:228
2026-01-23 07:44:56.759 15 DEBUG neutron.scheduler.dhcp_agent_scheduler [req-41e6b6ea-11e4-48b7-8ad4-54e4892dfefd 140f06b65a3a4ec1a3e0e7368d247baa 13cdca1e19554adeb71fb3645995b351 - default default] Network hostable DHCP agents. Network: 63439a83-bfe4-4798-8437-695247f9759b, hostable agents: [], hosted agents: [] _get_network_hostable_dhcp_agents /usr/lib/python3.9/site-packages/neutron/scheduler/dhcp_agent_scheduler.py:329
2026-01-23 07:44:56.760 15 DEBUG neutron.scheduler.base_scheduler [req-41e6b6ea-11e4-48b7-8ad4-54e4892dfefd 140f06b65a3a4ec1a3e0e7368d247baa 13cdca1e19554adeb71fb3645995b351 - default default] Resources bound (agent type, host, resource id): schedule /usr/lib/python3.9/site-packages/neutron/scheduler/base_scheduler.py:57
2026-01-23 07:44:56.760 15 WARNING neutron.api.rpc.agentnotifiers.dhcp_rpc_agent_api [req-41e6b6ea-11e4-48b7-8ad4-54e4892dfefd 140f06b65a3a4ec1a3e0e7368d247baa 13cdca1e19554adeb71fb3645995b351 - default default] Unable to schedule network 63439a83-bfe4-4798-8437-695247f9759b: no agents available; will retry on subsequent port and subnet creation events.
2026-01-23 07:44:56.760 15 DEBUG neutron.api.rpc.agentnotifiers.dhcp_rpc_agent_api [req-41e6b6ea-11e4-48b7-8ad4-54e4892dfefd 140f06b65a3a4ec1a3e0e7368d247baa 13cdca1e19554adeb71fb3645995b351 - default default] Network 63439a83-bfe4-4798-8437-695247f9759b is not hosted by any dhcp agent _notify_agents /usr/lib/python3.9/site-packages/neutron/api/rpc/agentnotifiers/dhcp_rpc_agent_api.py:228
2026-01-23 07:44:56.780 15 DEBUG neutron.plugins.ml2.drivers.mech_agent [req-abefc787-dd08-4f38-a851-dd5b49b71516 140f06b65a3a4ec1a3e0e7368d247baa 13cdca1e19554adeb71fb3645995b351 - default default] Checking segment: {'id': '73d56390-a67a-418e-b9d7-7c8f0ed19458', 'network_type': 'flat', 'physical_network': 'external_external_subnet', 'segmentation_id': None, 'network_id': 'e8af9ea4-d929-4011-91d6-4a276583dec5'} for mappings: {'ctlplane': 'br-ctlplane'} with network types: ['local', 'flat', 'vlan'] check_segment_for_agent /usr/lib/python3.9/site-packages/neutron/plugins/ml2/drivers/mech_agent.py:343
2026-01-23 07:44:56.781 15 DEBUG neutron.plugins.ml2.drivers.mech_agent [req-abefc787-dd08-4f38-a851-dd5b49b71516 140f06b65a3a4ec1a3e0e7368d247baa 13cdca1e19554adeb71fb3645995b351 - default default] Network e8af9ea4-d929-4011-91d6-4a276583dec5 with segment 73d56390-a67a-418e-b9d7-7c8f0ed19458 is connected to physical network external_external_subnet, but agent undercloud.ooo.test reported physical networks {'ctlplane': 'br-ctlplane'}. The physical network must be configured on the agent if binding is to succeed. check_segment_for_agent /usr/lib/python3.9/site-packages/neutron/plugins/ml2/drivers/mech_agent.py:365
2026-01-23 07:44:56.792 15 DEBUG neutron.scheduler.dhcp_agent_scheduler [req-abefc787-dd08-4f38-a851-dd5b49b71516 140f06b65a3a4ec1a3e0e7368d247baa 13cdca1e19554adeb71fb3645995b351 - default default] Network hostable DHCP agents. Network: e8af9ea4-d929-4011-91d6-4a276583dec5, hostable agents: [], hosted agents: [] _get_network_hostable_dhcp_agents /usr/lib/python3.9/site-packages/neutron/scheduler/dhcp_agent_scheduler.py:329
2026-01-23 07:44:56.792 15 DEBUG neutron.scheduler.base_scheduler [req-abefc787-dd08-4f38-a851-dd5b49b71516 140f06b65a3a4ec1a3e0e7368d247baa 13cdca1e19554adeb71fb3645995b351 - default default] Resources bound (agent type, host, resource id): schedule /usr/lib/python3.9/site-packages/neutron/scheduler/base_scheduler.py:57
2026-01-23 07:44:56.792 15 WARNING neutron.api.rpc.agentnotifiers.dhcp_rpc_agent_api [req-abefc787-dd08-4f38-a851-dd5b49b71516 140f06b65a3a4ec1a3e0e7368d247baa 13cdca1e19554adeb71fb3645995b351 - default default] Unable to schedule network e8af9ea4-d929-4011-91d6-4a276583dec5: no agents available; will retry on subsequent port and subnet creation events.
2026-01-23 07:44:56.792 16 DEBUG neutron.pecan_wsgi.hooks.policy_enforcement [req-64f1c7a1-6251-4293-993c-86e8ef83cc5d 140f06b65a3a4ec1a3e0e7368d247baa 13cdca1e19554adeb71fb3645995b351 - default default] Attributes excluded by policy engine: ['standard_attr_id', 'network'] _exclude_attributes_by_policy /usr/lib/python3.9/site-packages/neutron/pecan_wsgi/hooks/policy_enforcement.py:259
2026-01-23 07:44:56.792 15 DEBUG neutron.api.rpc.agentnotifiers.dhcp_rpc_agent_api [req-abefc787-dd08-4f38-a851-dd5b49b71516 140f06b65a3a4ec1a3e0e7368d247baa 13cdca1e19554adeb71fb3645995b351 - default default] Network e8af9ea4-d929-4011-91d6-4a276583dec5 is not hosted by any dhcp agent _notify_agents /usr/lib/python3.9/site-packages/neutron/api/rpc/agentnotifiers/dhcp_rpc_agent_api.py:228
2026-01-23 07:44:56.793 16 DEBUG neutron_lib.callbacks.manager [req-64f1c7a1-6251-4293-993c-86e8ef83cc5d 140f06b65a3a4ec1a3e0e7368d247baa 13cdca1e19554adeb71fb3645995b351 - default default] Notify callbacks ['neutron.notifiers.nova.Notifier._send_nova_notification-2013558', 'neutron.api.rpc.agentnotifiers.dhcp_rpc_agent_api.DhcpAgentNotifyAPI._send_dhcp_notification-2011278'] for port, before_response _notify_loop /usr/lib/python3.9/site-packages/neutron_lib/callbacks/manager.py:200
2026-01-23 07:44:56.806 15 DEBUG neutron.api.rpc.handlers.resources_rpc [req-abefc787-dd08-4f38-a851-dd5b49b71516 140f06b65a3a4ec1a3e0e7368d247baa 13cdca1e19554adeb71fb3645995b351 - - -] Pushing event updated for resources: {'Port': ['ID=b2beb43f-9968-48ff-a3ba-54ce410852fc,revision_number=1']} push /usr/lib/python3.9/site-packages/neutron/api/rpc/handlers/resources_rpc.py:237
2026-01-23 07:44:56.818 16 INFO neutron.wsgi [req-64f1c7a1-6251-4293-993c-86e8ef83cc5d 140f06b65a3a4ec1a3e0e7368d247baa 13cdca1e19554adeb71fb3645995b351 - default default] 192.168.122.99,192.168.122.100 "POST /v2.0/ports HTTP/1.1" status: 201 len: 1150 time: 0.4921393
2026-01-23 07:44:56.823 16 DEBUG neutron.services.tag.tag_plugin [req-57857bb8-192f-4001-b203-4296c5925e68 140f06b65a3a4ec1a3e0e7368d247baa 13cdca1e19554adeb71fb3645995b351 - default default] neutron.services.tag.tag_plugin.TagPlugin method update_tags called with arguments (, 'ports', 'f77294ba-688a-4de3-86b5-199c9681ae20', {'tags': ['tripleo_stack_name=overcloud', 'tripleo_vip_net=storage']}) {} wrapper /usr/lib/python3.9/site-packages/oslo_log/helpers.py:65
2026-01-23 07:44:56.831 15 DEBUG neutron.pecan_wsgi.hooks.policy_enforcement [req-41e6b6ea-11e4-48b7-8ad4-54e4892dfefd 140f06b65a3a4ec1a3e0e7368d247baa 13cdca1e19554adeb71fb3645995b351 - default default] Attributes excluded by policy engine: ['standard_attr_id', 'network'] _exclude_attributes_by_policy /usr/lib/python3.9/site-packages/neutron/pecan_wsgi/hooks/policy_enforcement.py:259
2026-01-23 07:44:56.832 15 DEBUG neutron_lib.callbacks.manager [req-41e6b6ea-11e4-48b7-8ad4-54e4892dfefd 140f06b65a3a4ec1a3e0e7368d247baa 13cdca1e19554adeb71fb3645995b351 - default default] Notify callbacks ['neutron.notifiers.nova.Notifier._send_nova_notification-2013558', 'neutron.api.rpc.agentnotifiers.dhcp_rpc_agent_api.DhcpAgentNotifyAPI._send_dhcp_notification-2011278'] for port, before_response _notify_loop /usr/lib/python3.9/site-packages/neutron_lib/callbacks/manager.py:200
2026-01-23 07:44:56.851 15 INFO neutron.wsgi [req-41e6b6ea-11e4-48b7-8ad4-54e4892dfefd 140f06b65a3a4ec1a3e0e7368d247baa 13cdca1e19554adeb71fb3645995b351 - default default] 192.168.122.99,192.168.122.100 "POST /v2.0/ports HTTP/1.1" status: 201 len: 1155 time: 0.7351074
2026-01-23 07:44:56.852 15 DEBUG neutron.pecan_wsgi.hooks.policy_enforcement [req-abefc787-dd08-4f38-a851-dd5b49b71516 140f06b65a3a4ec1a3e0e7368d247baa 13cdca1e19554adeb71fb3645995b351 - default default] Attributes excluded by policy engine: ['standard_attr_id', 'network'] _exclude_attributes_by_policy /usr/lib/python3.9/site-packages/neutron/pecan_wsgi/hooks/policy_enforcement.py:259
2026-01-23 07:44:56.853 15 DEBUG neutron_lib.callbacks.manager [req-abefc787-dd08-4f38-a851-dd5b49b71516 140f06b65a3a4ec1a3e0e7368d247baa 13cdca1e19554adeb71fb3645995b351 - default default] Notify callbacks ['neutron.notifiers.nova.Notifier._send_nova_notification-2013558', 'neutron.api.rpc.agentnotifiers.dhcp_rpc_agent_api.DhcpAgentNotifyAPI._send_dhcp_notification-2011278'] for port, before_response _notify_loop /usr/lib/python3.9/site-packages/neutron_lib/callbacks/manager.py:200
2026-01-23 07:44:56.863 15 DEBUG neutron.services.tag.tag_plugin [req-1b82005f-8286-48d4-a9dd-aeba7b06a70b 140f06b65a3a4ec1a3e0e7368d247baa 13cdca1e19554adeb71fb3645995b351 - default default] neutron.services.tag.tag_plugin.TagPlugin method update_tags called with arguments (, 'ports', 'b8a643b6-b00c-4683-9c41-1f3c5c34aaf1', {'tags': ['tripleo_stack_name=overcloud', 'tripleo_vip_net=internal_api']}) {} wrapper /usr/lib/python3.9/site-packages/oslo_log/helpers.py:65
2026-01-23 07:44:56.874 16 INFO neutron.wsgi [req-57857bb8-192f-4001-b203-4296c5925e68 140f06b65a3a4ec1a3e0e7368d247baa 13cdca1e19554adeb71fb3645995b351 - default default] 192.168.122.99,192.168.122.100 "PUT /v2.0/ports/f77294ba-688a-4de3-86b5-199c9681ae20/tags HTTP/1.1" status: 200 len: 243 time: 0.0552475
2026-01-23 07:44:56.883 15 INFO neutron.wsgi [req-abefc787-dd08-4f38-a851-dd5b49b71516 140f06b65a3a4ec1a3e0e7368d247baa 13cdca1e19554adeb71fb3645995b351 - default default] 192.168.122.99,192.168.122.100 "POST /v2.0/ports HTTP/1.1" status: 201 len: 1151 time: 0.7620702
2026-01-23 07:44:56.893 15 DEBUG neutron.services.tag.tag_plugin [req-f217170a-a10d-437f-8107-418dd3e583c6 140f06b65a3a4ec1a3e0e7368d247baa 13cdca1e19554adeb71fb3645995b351 - default default] neutron.services.tag.tag_plugin.TagPlugin method update_tags called with arguments (, 'ports', 'b2beb43f-9968-48ff-a3ba-54ce410852fc', {'tags': ['tripleo_stack_name=overcloud', 'tripleo_vip_net=external']}) {} wrapper /usr/lib/python3.9/site-packages/oslo_log/helpers.py:65
2026-01-23 07:44:56.920 15 INFO neutron.wsgi [req-1b82005f-8286-48d4-a9dd-aeba7b06a70b 140f06b65a3a4ec1a3e0e7368d247baa 13cdca1e19554adeb71fb3645995b351 - default default] 192.168.122.99,192.168.122.100 "PUT /v2.0/ports/b8a643b6-b00c-4683-9c41-1f3c5c34aaf1/tags HTTP/1.1" status: 200 len: 248 time: 0.0631485
2026-01-23 07:44:56.926 15 INFO neutron.wsgi [req-f217170a-a10d-437f-8107-418dd3e583c6 140f06b65a3a4ec1a3e0e7368d247baa 13cdca1e19554adeb71fb3645995b351 - default default] 192.168.122.99,192.168.122.100 "PUT /v2.0/ports/b2beb43f-9968-48ff-a3ba-54ce410852fc/tags HTTP/1.1" status: 200 len: 244 time: 0.0385215
2026-01-23 07:44:56.965 20 DEBUG neutron.db.provisioning_blocks [req-47db323f-67c6-47a2-bfcc-00748134d9b0 - - - - -] Provisioning for port 2d0dd6bc-baf3-4963-84f1-79b09bb108e4 completed by entity DHCP. provisioning_complete /usr/lib/python3.9/site-packages/neutron/db/provisioning_blocks.py:134
2026-01-23 07:44:56.971 15 DEBUG neutron.pecan_wsgi.hooks.policy_enforcement [req-9dcbfa8e-7335-4777-9dd6-e53f072bd046 140f06b65a3a4ec1a3e0e7368d247baa 13cdca1e19554adeb71fb3645995b351 - default default] Attributes excluded by policy engine: ['standard_attr_id'] _exclude_attributes_by_policy /usr/lib/python3.9/site-packages/neutron/pecan_wsgi/hooks/policy_enforcement.py:259
2026-01-23 07:44:56.971 15 DEBUG neutron.pecan_wsgi.hooks.policy_enforcement [req-9dcbfa8e-7335-4777-9dd6-e53f072bd046 140f06b65a3a4ec1a3e0e7368d247baa 13cdca1e19554adeb71fb3645995b351 - default default] Attributes excluded by policy engine: ['standard_attr_id'] _exclude_attributes_by_policy /usr/lib/python3.9/site-packages/neutron/pecan_wsgi/hooks/policy_enforcement.py:259
2026-01-23 07:44:56.971 15 DEBUG neutron.pecan_wsgi.hooks.policy_enforcement [req-9dcbfa8e-7335-4777-9dd6-e53f072bd046 140f06b65a3a4ec1a3e0e7368d247baa 13cdca1e19554adeb71fb3645995b351 - default default] Attributes excluded by policy engine: ['standard_attr_id'] _exclude_attributes_by_policy /usr/lib/python3.9/site-packages/neutron/pecan_wsgi/hooks/policy_enforcement.py:259
2026-01-23 07:44:56.971 15 DEBUG neutron.pecan_wsgi.hooks.policy_enforcement [req-9dcbfa8e-7335-4777-9dd6-e53f072bd046 140f06b65a3a4ec1a3e0e7368d247baa 13cdca1e19554adeb71fb3645995b351 - default default] Attributes excluded by policy engine: ['standard_attr_id'] _exclude_attributes_by_policy /usr/lib/python3.9/site-packages/neutron/pecan_wsgi/hooks/policy_enforcement.py:259
2026-01-23 07:44:56.972 15 DEBUG neutron.pecan_wsgi.hooks.policy_enforcement [req-9dcbfa8e-7335-4777-9dd6-e53f072bd046 140f06b65a3a4ec1a3e0e7368d247baa 13cdca1e19554adeb71fb3645995b351 - default default] Attributes excluded by policy engine: ['standard_attr_id'] _exclude_attributes_by_policy /usr/lib/python3.9/site-packages/neutron/pecan_wsgi/hooks/policy_enforcement.py:259
2026-01-23 07:44:56.977 15 INFO neutron.wsgi [req-9dcbfa8e-7335-4777-9dd6-e53f072bd046 140f06b65a3a4ec1a3e0e7368d247baa 13cdca1e19554adeb71fb3645995b351 - default default] 192.168.122.99,192.168.122.100 "GET /v2.0/ports?tags=tripleo_stack_name%3Dovercloud HTTP/1.1" status: 200 len: 5305 time: 0.0477374
2026-01-23 07:44:57.010 20 DEBUG neutron.db.provisioning_blocks [req-47db323f-67c6-47a2-bfcc-00748134d9b0 - - - - -] Provisioning complete for port 2d0dd6bc-baf3-4963-84f1-79b09bb108e4 triggered by entity DHCP. provisioning_complete /usr/lib/python3.9/site-packages/neutron/db/provisioning_blocks.py:140
2026-01-23 07:44:57.011 20 DEBUG neutron_lib.callbacks.manager [req-47db323f-67c6-47a2-bfcc-00748134d9b0 - - - - -] Notify callbacks ['neutron.plugins.ml2.plugin.Ml2Plugin._port_provisioned-684126'] for port, provisioning_complete _notify_loop /usr/lib/python3.9/site-packages/neutron_lib/callbacks/manager.py:200
2026-01-23 07:44:57.011 20 INFO neutron.plugins.ml2.plugin [req-47db323f-67c6-47a2-bfcc-00748134d9b0 - - - - -] Attempt 1 to provision port 2d0dd6bc-baf3-4963-84f1-79b09bb108e4
2026-01-23 07:44:57.046 20 DEBUG neutron.plugins.ml2.plugin [req-47db323f-67c6-47a2-bfcc-00748134d9b0 - - - - -] Port 2d0dd6bc-baf3-4963-84f1-79b09bb108e4 cannot update to ACTIVE because it is not bound. _port_provisioned /usr/lib/python3.9/site-packages/neutron/plugins/ml2/plugin.py:353
2026-01-23 07:44:58.248 18 DEBUG neutron.wsgi [-] (18) accepted ('192.168.122.100', 52378) server /usr/lib/python3.9/site-packages/eventlet/wsgi.py:992
2026-01-23 07:44:58.250 18 INFO neutron.wsgi [-] 192.168.122.100 "GET /healthcheck HTTP/1.0" status: 200 len: 137 time: 0.0014288
2026-01-23 07:44:58.381 17 DEBUG neutron.wsgi [-] (17) accepted ('192.168.122.100', 52390) server /usr/lib/python3.9/site-packages/eventlet/wsgi.py:992
2026-01-23 07:44:58.528 17 DEBUG neutron.pecan_wsgi.hooks.policy_enforcement [req-1500c79b-adba-4fd2-b9fc-22d94cc6e9b5 140f06b65a3a4ec1a3e0e7368d247baa 13cdca1e19554adeb71fb3645995b351 - default default] Attributes excluded by policy engine: ['standard_attr_id', 'vlan_transparent'] _exclude_attributes_by_policy /usr/lib/python3.9/site-packages/neutron/pecan_wsgi/hooks/policy_enforcement.py:259
2026-01-23 07:44:58.529 17 DEBUG neutron.pecan_wsgi.hooks.policy_enforcement [req-1500c79b-adba-4fd2-b9fc-22d94cc6e9b5 140f06b65a3a4ec1a3e0e7368d247baa 13cdca1e19554adeb71fb3645995b351 - default default] Attributes excluded by policy engine: ['standard_attr_id', 'vlan_transparent'] _exclude_attributes_by_policy /usr/lib/python3.9/site-packages/neutron/pecan_wsgi/hooks/policy_enforcement.py:259
2026-01-23 07:44:58.529 17 DEBUG neutron.pecan_wsgi.hooks.policy_enforcement [req-1500c79b-adba-4fd2-b9fc-22d94cc6e9b5 140f06b65a3a4ec1a3e0e7368d247baa 13cdca1e19554adeb71fb3645995b351 - default default] Attributes excluded by policy engine: ['standard_attr_id', 'vlan_transparent'] _exclude_attributes_by_policy /usr/lib/python3.9/site-packages/neutron/pecan_wsgi/hooks/policy_enforcement.py:259
2026-01-23 07:44:58.530 17 DEBUG neutron.pecan_wsgi.hooks.policy_enforcement [req-1500c79b-adba-4fd2-b9fc-22d94cc6e9b5 140f06b65a3a4ec1a3e0e7368d247baa 13cdca1e19554adeb71fb3645995b351 - default default] Attributes excluded by policy engine: ['standard_attr_id', 'vlan_transparent'] _exclude_attributes_by_policy /usr/lib/python3.9/site-packages/neutron/pecan_wsgi/hooks/policy_enforcement.py:259
2026-01-23 07:44:58.530 17 DEBUG neutron.pecan_wsgi.hooks.policy_enforcement [req-1500c79b-adba-4fd2-b9fc-22d94cc6e9b5 140f06b65a3a4ec1a3e0e7368d247baa 13cdca1e19554adeb71fb3645995b351 - default default] Attributes excluded by policy engine: ['standard_attr_id', 'vlan_transparent'] _exclude_attributes_by_policy /usr/lib/python3.9/site-packages/neutron/pecan_wsgi/hooks/policy_enforcement.py:259
2026-01-23 07:44:58.531 17 DEBUG neutron.pecan_wsgi.hooks.policy_enforcement [req-1500c79b-adba-4fd2-b9fc-22d94cc6e9b5 140f06b65a3a4ec1a3e0e7368d247baa 13cdca1e19554adeb71fb3645995b351 - default default] Attributes excluded by policy engine: ['standard_attr_id', 'vlan_transparent'] _exclude_attributes_by_policy /usr/lib/python3.9/site-packages/neutron/pecan_wsgi/hooks/policy_enforcement.py:259
2026-01-23 07:44:58.532 17 INFO neutron.wsgi [req-1500c79b-adba-4fd2-b9fc-22d94cc6e9b5 140f06b65a3a4ec1a3e0e7368d247baa 13cdca1e19554adeb71fb3645995b351 - default default] 192.168.122.99,192.168.122.100 "GET /v2.0/networks HTTP/1.1" status: 200 len: 5131 time: 0.1500459
2026-01-23 07:44:58.581 17 DEBUG neutron.pecan_wsgi.hooks.policy_enforcement [req-ad24aad0-3edf-473e-9772-332d879d2b24 140f06b65a3a4ec1a3e0e7368d247baa 13cdca1e19554adeb71fb3645995b351 - default default] Attributes excluded by policy engine: ['standard_attr_id', 'shared'] _exclude_attributes_by_policy /usr/lib/python3.9/site-packages/neutron/pecan_wsgi/hooks/policy_enforcement.py:259
2026-01-23 07:44:58.582 17 INFO neutron.wsgi [req-ad24aad0-3edf-473e-9772-332d879d2b24 140f06b65a3a4ec1a3e0e7368d247baa 13cdca1e19554adeb71fb3645995b351 - default default] 192.168.122.99,192.168.122.100 "GET /v2.0/subnets?network_id=36224fa8-c794-4526-a4d4-a16ee7e3b46d HTTP/1.1" status: 200 len: 867 time: 0.0428290
2026-01-23 07:44:58.652 17 DEBUG neutron.pecan_wsgi.hooks.policy_enforcement [req-a09e87c4-8d90-4329-b829-4b50031dab65 140f06b65a3a4ec1a3e0e7368d247baa 13cdca1e19554adeb71fb3645995b351 - default default] Attributes excluded by policy engine: ['standard_attr_id', 'shared'] _exclude_attributes_by_policy /usr/lib/python3.9/site-packages/neutron/pecan_wsgi/hooks/policy_enforcement.py:259
2026-01-23 07:44:58.653 17 INFO neutron.wsgi [req-a09e87c4-8d90-4329-b829-4b50031dab65 140f06b65a3a4ec1a3e0e7368d247baa 13cdca1e19554adeb71fb3645995b351 - default default] 192.168.122.99,192.168.122.100 "GET /v2.0/subnets?network_id=63439a83-bfe4-4798-8437-695247f9759b HTTP/1.1" status: 200 len: 867 time: 0.0642686
2026-01-23 07:44:58.687 17 DEBUG neutron.pecan_wsgi.hooks.policy_enforcement [req-14757128-ddd8-4592-b283-54c2fbebed16 140f06b65a3a4ec1a3e0e7368d247baa 13cdca1e19554adeb71fb3645995b351 - default default] Attributes excluded by policy engine: ['standard_attr_id', 'shared'] _exclude_attributes_by_policy /usr/lib/python3.9/site-packages/neutron/pecan_wsgi/hooks/policy_enforcement.py:259
2026-01-23 07:44:58.688 17 INFO neutron.wsgi [req-14757128-ddd8-4592-b283-54c2fbebed16 140f06b65a3a4ec1a3e0e7368d247baa 13cdca1e19554adeb71fb3645995b351 - default default] 192.168.122.99,192.168.122.100 "GET /v2.0/subnets?network_id=66694362-aa79-4852-b833-19c748460cef HTTP/1.1" status: 200 len: 845 time: 0.0280411
2026-01-23 07:44:58.720 17 DEBUG neutron.pecan_wsgi.hooks.policy_enforcement [req-3a5cb323-8986-4b6c-84c3-dcb35d090c4e 140f06b65a3a4ec1a3e0e7368d247baa 13cdca1e19554adeb71fb3645995b351 - default default] Attributes excluded by policy engine: ['standard_attr_id', 'shared'] _exclude_attributes_by_policy /usr/lib/python3.9/site-packages/neutron/pecan_wsgi/hooks/policy_enforcement.py:259
2026-01-23 07:44:58.720 17 INFO neutron.wsgi [req-3a5cb323-8986-4b6c-84c3-dcb35d090c4e 140f06b65a3a4ec1a3e0e7368d247baa 13cdca1e19554adeb71fb3645995b351 - default default] 192.168.122.99,192.168.122.100 "GET /v2.0/subnets?network_id=77af4062-1a74-461e-92de-bd4fb039909c HTTP/1.1" status: 200 len: 861 time: 0.0264280
2026-01-23 07:44:58.757 17 DEBUG neutron.pecan_wsgi.hooks.policy_enforcement [req-e7ffb56e-bca4-43a9-a9a6-400da5445421 140f06b65a3a4ec1a3e0e7368d247baa 13cdca1e19554adeb71fb3645995b351 - default default] Attributes excluded by policy engine: ['standard_attr_id', 'shared'] _exclude_attributes_by_policy /usr/lib/python3.9/site-packages/neutron/pecan_wsgi/hooks/policy_enforcement.py:259
2026-01-23 07:44:58.757 17 INFO neutron.wsgi [req-e7ffb56e-bca4-43a9-a9a6-400da5445421 140f06b65a3a4ec1a3e0e7368d247baa 13cdca1e19554adeb71fb3645995b351 - default default] 192.168.122.99,192.168.122.100 "GET /v2.0/subnets?network_id=da1a3d4f-ab39-41df-919c-9e0aaf6edef6 HTTP/1.1" status: 200 len: 862 time: 0.0304508
2026-01-23 07:44:58.792 17 DEBUG neutron.pecan_wsgi.hooks.policy_enforcement [req-49bc5119-100a-4267-9eca-e84221e4f6f5 140f06b65a3a4ec1a3e0e7368d247baa 13cdca1e19554adeb71fb3645995b351 - default default] Attributes excluded by policy engine: ['standard_attr_id', 'shared'] _exclude_attributes_by_policy /usr/lib/python3.9/site-packages/neutron/pecan_wsgi/hooks/policy_enforcement.py:259
2026-01-23 07:44:58.793 17 INFO neutron.wsgi [req-49bc5119-100a-4267-9eca-e84221e4f6f5 140f06b65a3a4ec1a3e0e7368d247baa 13cdca1e19554adeb71fb3645995b351 - default default] 192.168.122.99,192.168.122.100 "GET /v2.0/subnets?network_id=e8af9ea4-d929-4011-91d6-4a276583dec5 HTTP/1.1" status: 200 len: 863 time: 0.0282421
2026-01-23 07:44:58.852 17 DEBUG neutron.pecan_wsgi.hooks.policy_enforcement [req-05a9ab3c-ab35-4e2d-88e3-534afb42acab 140f06b65a3a4ec1a3e0e7368d247baa 13cdca1e19554adeb71fb3645995b351 - default default] Attributes excluded by policy engine: ['standard_attr_id', 'vlan_transparent'] _exclude_attributes_by_policy /usr/lib/python3.9/site-packages/neutron/pecan_wsgi/hooks/policy_enforcement.py:259
2026-01-23 07:44:58.852 17 DEBUG neutron.pecan_wsgi.hooks.policy_enforcement [req-05a9ab3c-ab35-4e2d-88e3-534afb42acab 140f06b65a3a4ec1a3e0e7368d247baa 13cdca1e19554adeb71fb3645995b351 - default default] Attributes excluded by policy engine: ['standard_attr_id', 'vlan_transparent'] _exclude_attributes_by_policy /usr/lib/python3.9/site-packages/neutron/pecan_wsgi/hooks/policy_enforcement.py:259
2026-01-23 07:44:58.852 17 DEBUG neutron.pecan_wsgi.hooks.policy_enforcement [req-05a9ab3c-ab35-4e2d-88e3-534afb42acab 140f06b65a3a4ec1a3e0e7368d247baa 13cdca1e19554adeb71fb3645995b351 - default default] Attributes excluded by policy engine: ['standard_attr_id', 'vlan_transparent'] _exclude_attributes_by_policy /usr/lib/python3.9/site-packages/neutron/pecan_wsgi/hooks/policy_enforcement.py:259
2026-01-23 07:44:58.852 17 DEBUG neutron.pecan_wsgi.hooks.policy_enforcement [req-05a9ab3c-ab35-4e2d-88e3-534afb42acab 140f06b65a3a4ec1a3e0e7368d247baa 13cdca1e19554adeb71fb3645995b351 - default default] Attributes excluded by policy engine: ['standard_attr_id', 'vlan_transparent'] _exclude_attributes_by_policy /usr/lib/python3.9/site-packages/neutron/pecan_wsgi/hooks/policy_enforcement.py:259
2026-01-23 07:44:58.853 17 DEBUG neutron.pecan_wsgi.hooks.policy_enforcement [req-05a9ab3c-ab35-4e2d-88e3-534afb42acab 140f06b65a3a4ec1a3e0e7368d247baa 13cdca1e19554adeb71fb3645995b351 - default default] Attributes excluded by policy engine: ['standard_attr_id', 'vlan_transparent'] _exclude_attributes_by_policy /usr/lib/python3.9/site-packages/neutron/pecan_wsgi/hooks/policy_enforcement.py:259
2026-01-23 07:44:58.853 17 DEBUG neutron.pecan_wsgi.hooks.policy_enforcement [req-05a9ab3c-ab35-4e2d-88e3-534afb42acab 140f06b65a3a4ec1a3e0e7368d247baa 13cdca1e19554adeb71fb3645995b351 - default default] Attributes excluded by policy engine: ['standard_attr_id', 'vlan_transparent'] _exclude_attributes_by_policy /usr/lib/python3.9/site-packages/neutron/pecan_wsgi/hooks/policy_enforcement.py:259
2026-01-23 07:44:58.853 17 INFO neutron.wsgi [req-05a9ab3c-ab35-4e2d-88e3-534afb42acab 140f06b65a3a4ec1a3e0e7368d247baa 13cdca1e19554adeb71fb3645995b351 - default default] 192.168.122.99,192.168.122.100 "GET /v2.0/networks HTTP/1.1" status: 200 len: 5131 time: 0.0558720
2026-01-23 07:44:58.908 17 DEBUG neutron.pecan_wsgi.hooks.policy_enforcement [req-1033e71b-c16d-4d47-b330-cd60454a885a 140f06b65a3a4ec1a3e0e7368d247baa 13cdca1e19554adeb71fb3645995b351 - default default] Attributes excluded by policy engine: ['standard_attr_id'] _exclude_attributes_by_policy /usr/lib/python3.9/site-packages/neutron/pecan_wsgi/hooks/policy_enforcement.py:259
2026-01-23 07:44:58.909 17 INFO neutron.wsgi [req-1033e71b-c16d-4d47-b330-cd60454a885a 140f06b65a3a4ec1a3e0e7368d247baa 13cdca1e19554adeb71fb3645995b351 - default default] 192.168.122.99,192.168.122.100 "GET /v2.0/ports?network_id=63439a83-bfe4-4798-8437-695247f9759b&tags=tripleo_stack_name%3Dovercloud&tags=tripleo_vip_net%3Dinternal_api HTTP/1.1" status: 200 len: 1215 time: 0.0435600
2026-01-23 07:44:58.943 17 DEBUG neutron.pecan_wsgi.hooks.policy_enforcement [req-e660f9c1-267f-42bb-8cb2-be508be474bd 140f06b65a3a4ec1a3e0e7368d247baa 13cdca1e19554adeb71fb3645995b351 - default default] Attributes excluded by policy engine: ['standard_attr_id', 'shared'] _exclude_attributes_by_policy /usr/lib/python3.9/site-packages/neutron/pecan_wsgi/hooks/policy_enforcement.py:259
2026-01-23 07:44:58.944 17 INFO neutron.wsgi [req-e660f9c1-267f-42bb-8cb2-be508be474bd 140f06b65a3a4ec1a3e0e7368d247baa 13cdca1e19554adeb71fb3645995b351 - default default] 192.168.122.99,192.168.122.100 "GET /v2.0/subnets/188fb03d-2ce9-40fa-8ed0-818c12ce075c HTTP/1.1" status: 200 len: 864 time: 0.0293221
2026-01-23 07:44:58.990 17 DEBUG neutron.pecan_wsgi.hooks.policy_enforcement [req-90abebf9-7b2a-471a-b772-4d2c4f9f1ab6 140f06b65a3a4ec1a3e0e7368d247baa 13cdca1e19554adeb71fb3645995b351 - default default] Attributes excluded by policy engine: ['standard_attr_id'] _exclude_attributes_by_policy /usr/lib/python3.9/site-packages/neutron/pecan_wsgi/hooks/policy_enforcement.py:259
2026-01-23 07:44:58.991 17 INFO neutron.wsgi [req-90abebf9-7b2a-471a-b772-4d2c4f9f1ab6 140f06b65a3a4ec1a3e0e7368d247baa 13cdca1e19554adeb71fb3645995b351 - default default] 192.168.122.99,192.168.122.100 "GET /v2.0/ports?network_id=da1a3d4f-ab39-41df-919c-9e0aaf6edef6&tags=tripleo_stack_name%3Dovercloud&tags=tripleo_vip_net%3Dstorage HTTP/1.1" status: 200 len: 1205 time: 0.0422857
2026-01-23 07:44:59.029 17 DEBUG neutron.pecan_wsgi.hooks.policy_enforcement [req-32c039ac-aeb5-482a-9273-21901db30efd 140f06b65a3a4ec1a3e0e7368d247baa 13cdca1e19554adeb71fb3645995b351 - default default] Attributes excluded by policy engine: ['standard_attr_id', 'shared'] _exclude_attributes_by_policy /usr/lib/python3.9/site-packages/neutron/pecan_wsgi/hooks/policy_enforcement.py:259
2026-01-23 07:44:59.030 17 INFO neutron.wsgi [req-32c039ac-aeb5-482a-9273-21901db30efd 140f06b65a3a4ec1a3e0e7368d247baa 13cdca1e19554adeb71fb3645995b351 - default default] 192.168.122.99,192.168.122.100 "GET /v2.0/subnets/c3de8f45-3535-4f66-a046-dbc245f490f9 HTTP/1.1" status: 200 len: 859 time: 0.0320323
2026-01-23 07:44:59.081 17 DEBUG neutron.pecan_wsgi.hooks.policy_enforcement [req-8be97b44-f14f-49ca-aead-f2e6010ce0cd 140f06b65a3a4ec1a3e0e7368d247baa 13cdca1e19554adeb71fb3645995b351 - default default] Attributes excluded by policy engine: ['standard_attr_id'] _exclude_attributes_by_policy /usr/lib/python3.9/site-packages/neutron/pecan_wsgi/hooks/policy_enforcement.py:259
2026-01-23 07:44:59.082 17 INFO neutron.wsgi [req-8be97b44-f14f-49ca-aead-f2e6010ce0cd 140f06b65a3a4ec1a3e0e7368d247baa 13cdca1e19554adeb71fb3645995b351 - default default] 192.168.122.99,192.168.122.100 "GET /v2.0/ports?network_id=36224fa8-c794-4526-a4d4-a16ee7e3b46d&tags=tripleo_stack_name%3Dovercloud&tags=tripleo_vip_net%3Dstorage_mgmt HTTP/1.1" status: 200 len: 1215 time: 0.0455413
2026-01-23 07:44:59.118 17 DEBUG neutron.pecan_wsgi.hooks.policy_enforcement [req-c0f091d8-f3d9-49ce-93ff-9e115cd9e19e 140f06b65a3a4ec1a3e0e7368d247baa 13cdca1e19554adeb71fb3645995b351 - default default] Attributes excluded by policy engine: ['standard_attr_id', 'shared'] _exclude_attributes_by_policy /usr/lib/python3.9/site-packages/neutron/pecan_wsgi/hooks/policy_enforcement.py:259
2026-01-23 07:44:59.119 17 INFO neutron.wsgi [req-c0f091d8-f3d9-49ce-93ff-9e115cd9e19e 140f06b65a3a4ec1a3e0e7368d247baa 13cdca1e19554adeb71fb3645995b351 - default default] 192.168.122.99,192.168.122.100 "GET /v2.0/subnets/c67ce1e2-b919-4adf-b168-d96fd52aab59 HTTP/1.1" status: 200 len: 864 time: 0.0306425
2026-01-23 07:44:59.163 17 DEBUG neutron.pecan_wsgi.hooks.policy_enforcement [req-79d89775-6e57-496f-9cb5-3068d48f6827 140f06b65a3a4ec1a3e0e7368d247baa 13cdca1e19554adeb71fb3645995b351 - default default] Attributes excluded by policy engine: ['standard_attr_id'] _exclude_attributes_by_policy /usr/lib/python3.9/site-packages/neutron/pecan_wsgi/hooks/policy_enforcement.py:259
2026-01-23 07:44:59.164 17 INFO neutron.wsgi [req-79d89775-6e57-496f-9cb5-3068d48f6827 140f06b65a3a4ec1a3e0e7368d247baa 13cdca1e19554adeb71fb3645995b351 - default default] 192.168.122.99,192.168.122.100 "GET /v2.0/ports?network_id=e8af9ea4-d929-4011-91d6-4a276583dec5&tags=tripleo_stack_name%3Dovercloud&tags=tripleo_vip_net%3Dexternal HTTP/1.1" status: 200 len: 1207 time: 0.0411065
2026-01-23 07:44:59.204 17 DEBUG neutron.pecan_wsgi.hooks.policy_enforcement [req-8ef0a85b-0547-437b-8ce5-5c5a464834dc 140f06b65a3a4ec1a3e0e7368d247baa 13cdca1e19554adeb71fb3645995b351 - default default] Attributes excluded by policy engine: ['standard_attr_id', 'shared'] _exclude_attributes_by_policy /usr/lib/python3.9/site-packages/neutron/pecan_wsgi/hooks/policy_enforcement.py:259
2026-01-23 07:44:59.205 17 INFO neutron.wsgi [req-8ef0a85b-0547-437b-8ce5-5c5a464834dc 140f06b65a3a4ec1a3e0e7368d247baa 13cdca1e19554adeb71fb3645995b351 - default default] 192.168.122.99,192.168.122.100 "GET /v2.0/subnets/73acb0c9-f73e-4614-8bac-5244b358546e HTTP/1.1" status: 200 len: 860 time: 0.0352068
2026-01-23 07:44:59.252 17 DEBUG neutron.pecan_wsgi.hooks.policy_enforcement [req-86e3947b-7423-48e7-9c93-86701ba71fa8 140f06b65a3a4ec1a3e0e7368d247baa 13cdca1e19554adeb71fb3645995b351 - default default] Attributes excluded by policy engine: ['standard_attr_id'] _exclude_attributes_by_policy /usr/lib/python3.9/site-packages/neutron/pecan_wsgi/hooks/policy_enforcement.py:259
2026-01-23 07:44:59.253 17 INFO neutron.wsgi [req-86e3947b-7423-48e7-9c93-86701ba71fa8 140f06b65a3a4ec1a3e0e7368d247baa 13cdca1e19554adeb71fb3645995b351 - default default] 192.168.122.99,192.168.122.100 "GET /v2.0/ports?network_id=66694362-aa79-4852-b833-19c748460cef&tags=tripleo_stack_name%3Dovercloud&tags=tripleo_vip_net%3Dctlplane HTTP/1.1" status: 200 len: 1211 time: 0.0431840
2026-01-23 07:44:59.321 17 DEBUG neutron.pecan_wsgi.hooks.policy_enforcement [req-d65585f5-579d-4b5c-b31a-1e18757c23ea 140f06b65a3a4ec1a3e0e7368d247baa 13cdca1e19554adeb71fb3645995b351 - default default] Attributes excluded by policy engine: ['standard_attr_id', 'vlan_transparent'] _exclude_attributes_by_policy /usr/lib/python3.9/site-packages/neutron/pecan_wsgi/hooks/policy_enforcement.py:259
2026-01-23 07:44:59.322 17 INFO neutron.wsgi [req-d65585f5-579d-4b5c-b31a-1e18757c23ea 140f06b65a3a4ec1a3e0e7368d247baa 13cdca1e19554adeb71fb3645995b351 - default default] 192.168.122.99,192.168.122.100 "GET /v2.0/networks/66694362-aa79-4852-b833-19c748460cef HTTP/1.1" status: 200 len: 919 time: 0.0613861
2026-01-23 07:44:59.357 17 DEBUG neutron.pecan_wsgi.hooks.policy_enforcement [req-7e1492cb-0857-496d-8b47-ac7d30dcb51e 140f06b65a3a4ec1a3e0e7368d247baa 13cdca1e19554adeb71fb3645995b351 - default default] Attributes excluded by policy engine: ['standard_attr_id', 'shared'] _exclude_attributes_by_policy /usr/lib/python3.9/site-packages/neutron/pecan_wsgi/hooks/policy_enforcement.py:259
2026-01-23 07:44:59.358 17 INFO neutron.wsgi [req-7e1492cb-0857-496d-8b47-ac7d30dcb51e 140f06b65a3a4ec1a3e0e7368d247baa 13cdca1e19554adeb71fb3645995b351 - default default] 192.168.122.99,192.168.122.100 "GET /v2.0/subnets/2f45a89e-74b3-4b9c-a036-b1c3f651bee6 HTTP/1.1" status: 200 len: 842 time: 0.0289779
2026-01-23 07:45:00.252 18 DEBUG neutron.wsgi [-] (18) accepted ('192.168.122.100', 57296) server /usr/lib/python3.9/site-packages/eventlet/wsgi.py:992
2026-01-23 07:45:00.256 18 INFO neutron.wsgi [-] 192.168.122.100 "GET /healthcheck HTTP/1.0" status: 200 len: 137 time: 0.0025845
2026-01-23 07:45:02.258 18 DEBUG neutron.wsgi [-] (18) accepted ('192.168.122.100', 57312) server /usr/lib/python3.9/site-packages/eventlet/wsgi.py:992
2026-01-23 07:45:02.262 18 INFO neutron.wsgi [-] 192.168.122.100 "GET /healthcheck HTTP/1.0" status: 200 len: 137 time: 0.0030766
2026-01-23 07:45:04.481 16 DEBUG neutron.wsgi [-] (16) accepted ('192.168.122.100', 57320) server /usr/lib/python3.9/site-packages/eventlet/wsgi.py:992
2026-01-23 07:45:04.485 16 INFO neutron.wsgi [-] 192.168.122.100 "GET /healthcheck HTTP/1.0" status: 200 len: 137 time: 0.0026770
2026-01-23 07:45:06.486 16 DEBUG neutron.wsgi [-] (16) accepted ('192.168.122.100', 57324) server /usr/lib/python3.9/site-packages/eventlet/wsgi.py:992
2026-01-23 07:45:06.489 16 INFO neutron.wsgi [-] 192.168.122.100 "GET /healthcheck HTTP/1.0" status: 200 len: 137 time: 0.0017245
2026-01-23 07:45:08.491 17 DEBUG neutron.wsgi [-] (17) accepted ('192.168.122.100', 57334) server /usr/lib/python3.9/site-packages/eventlet/wsgi.py:992
2026-01-23 07:45:08.494 17 INFO neutron.wsgi [-] 192.168.122.100 "GET /healthcheck HTTP/1.0" status: 200 len: 137 time: 0.0026610
2026-01-23 07:45:10.496 18 DEBUG neutron.wsgi [-] (18) accepted ('192.168.122.100', 35052) server /usr/lib/python3.9/site-packages/eventlet/wsgi.py:992
2026-01-23 07:45:10.499 18 INFO neutron.wsgi [-] 192.168.122.100 "GET /healthcheck HTTP/1.0" status: 200 len: 137 time: 0.0022597
2026-01-23 07:45:12.501 18 DEBUG neutron.wsgi [-] (18) accepted ('192.168.122.100', 35058) server /usr/lib/python3.9/site-packages/eventlet/wsgi.py:992
2026-01-23 07:45:12.505 18 INFO neutron.wsgi [-] 192.168.122.100 "GET /healthcheck HTTP/1.0" status: 200 len: 137 time: 0.0026298
2026-01-23 07:45:14.506 17 DEBUG neutron.wsgi [-] (17) accepted ('192.168.122.100', 35072) server /usr/lib/python3.9/site-packages/eventlet/wsgi.py:992
2026-01-23 07:45:14.509 17 INFO neutron.wsgi [-] 192.168.122.100 "GET /healthcheck HTTP/1.0" status: 200 len: 137 time: 0.0019877
2026-01-23 07:45:16.511 15 DEBUG neutron.wsgi [-] (15) accepted ('192.168.122.100', 35078) server /usr/lib/python3.9/site-packages/eventlet/wsgi.py:992
2026-01-23 07:45:16.513 15 INFO neutron.wsgi [-] 192.168.122.100 "GET /healthcheck HTTP/1.0" status: 200 len: 137 time: 0.0016954
2026-01-23 07:45:18.515 17 DEBUG neutron.wsgi [-] (17) accepted ('192.168.122.100', 35080) server /usr/lib/python3.9/site-packages/eventlet/wsgi.py:992
2026-01-23 07:45:18.517 17 INFO neutron.wsgi [-] 192.168.122.100 "GET /healthcheck HTTP/1.0" status: 200 len: 137 time: 0.0018220
2026-01-23 07:45:20.519 15 DEBUG neutron.wsgi [-] (15) accepted ('192.168.122.100', 53942) server /usr/lib/python3.9/site-packages/eventlet/wsgi.py:992
2026-01-23 07:45:20.523 15 INFO neutron.wsgi [-] 192.168.122.100 "GET /healthcheck HTTP/1.0" status: 200 len: 137 time: 0.0025764
2026-01-23 07:45:22.525 16 DEBUG neutron.wsgi [-] (16) accepted ('192.168.122.100', 53952) server /usr/lib/python3.9/site-packages/eventlet/wsgi.py:992
2026-01-23 07:45:22.528 16 INFO neutron.wsgi [-] 192.168.122.100 "GET /healthcheck HTTP/1.0" status: 200 len: 137 time: 0.0025513
2026-01-23 07:45:23.681 17 DEBUG neutron.wsgi [-] (17) accepted ('192.168.122.100', 53962) server /usr/lib/python3.9/site-packages/eventlet/wsgi.py:992
2026-01-23 07:45:23.683 17 INFO neutron.wsgi [-] 192.168.122.100 "GET / HTTP/1.1" status: 200 len: 233 time: 0.0013003
2026-01-23 07:45:24.530 17 DEBUG neutron.wsgi [-] (17) accepted ('192.168.122.100', 53966) server /usr/lib/python3.9/site-packages/eventlet/wsgi.py:992
2026-01-23 07:45:24.534 17 INFO neutron.wsgi [-] 192.168.122.100 "GET /healthcheck HTTP/1.0" status: 200 len: 137 time: 0.0027993
2026-01-23 07:45:26.535 18 DEBUG neutron.wsgi [-] (18) accepted ('192.168.122.100', 53970) server /usr/lib/python3.9/site-packages/eventlet/wsgi.py:992
2026-01-23 07:45:26.539 18 INFO neutron.wsgi [-] 192.168.122.100 "GET /healthcheck HTTP/1.0" status: 200 len: 137 time: 0.0026722
2026-01-23 07:45:28.541 18 DEBUG neutron.wsgi [-] (18) accepted ('192.168.122.100', 53984) server /usr/lib/python3.9/site-packages/eventlet/wsgi.py:992
2026-01-23 07:45:28.545 18 INFO neutron.wsgi [-] 192.168.122.100 "GET /healthcheck HTTP/1.0" status: 200 len: 137 time: 0.0025477
2026-01-23 07:45:30.547 16 DEBUG neutron.wsgi [-] (16) accepted ('192.168.122.100', 36730) server /usr/lib/python3.9/site-packages/eventlet/wsgi.py:992
2026-01-23 07:45:30.551 16 INFO neutron.wsgi [-] 192.168.122.100 "GET /healthcheck HTTP/1.0" status: 200 len: 137 time: 0.0025001
2026-01-23 07:45:32.553 17 DEBUG neutron.wsgi [-] (17) accepted ('192.168.122.100', 36746) server /usr/lib/python3.9/site-packages/eventlet/wsgi.py:992
2026-01-23 07:45:32.555 17 INFO neutron.wsgi [-] 192.168.122.100 "GET /healthcheck HTTP/1.0" status: 200 len: 137 time: 0.0013139
2026-01-23 07:45:34.557 17 DEBUG neutron.wsgi [-] (17) accepted ('192.168.122.100', 36750) server /usr/lib/python3.9/site-packages/eventlet/wsgi.py:992
2026-01-23 07:45:34.561 17 INFO neutron.wsgi [-] 192.168.122.100 "GET /healthcheck HTTP/1.0" status: 200 len: 137 time: 0.0027375
2026-01-23 07:45:36.563 17 DEBUG neutron.wsgi [-] (17) accepted ('192.168.122.100', 36762) server /usr/lib/python3.9/site-packages/eventlet/wsgi.py:992
2026-01-23 07:45:36.569 17 INFO neutron.wsgi [-] 192.168.122.100 "GET /healthcheck HTTP/1.0" status: 200 len: 137 time: 0.0040648
2026-01-23 07:45:38.571 17 DEBUG neutron.wsgi [-] (17) accepted ('192.168.122.100', 41634) server /usr/lib/python3.9/site-packages/eventlet/wsgi.py:992
2026-01-23 07:45:38.575 17 INFO neutron.wsgi [-] 192.168.122.100 "GET /healthcheck HTTP/1.0" status: 200 len: 137 time: 0.0025735
2026-01-23 07:45:40.577 18 DEBUG neutron.wsgi [-] (18) accepted ('192.168.122.100', 41646) server /usr/lib/python3.9/site-packages/eventlet/wsgi.py:992
2026-01-23 07:45:40.581 18 INFO neutron.wsgi [-] 192.168.122.100 "GET /healthcheck HTTP/1.0" status: 200 len: 137 time: 0.0024805
2026-01-23 07:45:42.583 15 DEBUG neutron.wsgi [-] (15) accepted ('192.168.122.100', 41662) server /usr/lib/python3.9/site-packages/eventlet/wsgi.py:992
2026-01-23 07:45:42.587 15 INFO neutron.wsgi [-] 192.168.122.100 "GET /healthcheck HTTP/1.0" status: 200 len: 137 time: 0.0029185
2026-01-23 07:45:44.589 17 DEBUG neutron.wsgi [-] (17) accepted ('192.168.122.100', 41664) server /usr/lib/python3.9/site-packages/eventlet/wsgi.py:992
2026-01-23 07:45:44.592 17 INFO neutron.wsgi [-] 192.168.122.100 "GET /healthcheck HTTP/1.0" status: 200 len: 137 time: 0.0025582
2026-01-23 07:45:46.594 16 DEBUG neutron.wsgi [-] (16) accepted ('192.168.122.100', 41668) server /usr/lib/python3.9/site-packages/eventlet/wsgi.py:992
2026-01-23 07:45:46.597 16 INFO neutron.wsgi [-] 192.168.122.100 "GET /healthcheck HTTP/1.0" status: 200 len: 137 time: 0.0024831
2026-01-23 07:45:48.599 17 DEBUG neutron.wsgi [-] (17) accepted ('192.168.122.100', 53692) server /usr/lib/python3.9/site-packages/eventlet/wsgi.py:992
2026-01-23 07:45:48.603 17 INFO neutron.wsgi [-] 192.168.122.100 "GET /healthcheck HTTP/1.0" status: 200 len: 137 time: 0.0025580
2026-01-23 07:45:50.605 17 DEBUG neutron.wsgi [-] (17) accepted ('192.168.122.100', 53704) server /usr/lib/python3.9/site-packages/eventlet/wsgi.py:992
2026-01-23 07:45:50.608 17 INFO neutron.wsgi [-] 192.168.122.100 "GET /healthcheck HTTP/1.0" status: 200 len: 137 time: 0.0021472
2026-01-23 07:45:52.610 17 DEBUG neutron.wsgi [-] (17) accepted ('192.168.122.100', 53714) server /usr/lib/python3.9/site-packages/eventlet/wsgi.py:992
2026-01-23 07:45:52.614 17 INFO neutron.wsgi [-] 192.168.122.100 "GET /healthcheck HTTP/1.0" status: 200 len: 137 time: 0.0030811
2026-01-23 07:45:54.252 18 DEBUG neutron.wsgi [-] (18) accepted ('192.168.122.100', 53718) server /usr/lib/python3.9/site-packages/eventlet/wsgi.py:992
2026-01-23 07:45:54.254 18 INFO neutron.wsgi [-] 192.168.122.100 "GET / HTTP/1.1" status: 200 len: 233 time: 0.0012431
2026-01-23 07:45:54.614 17 DEBUG neutron.wsgi [-] (17) accepted ('192.168.122.100', 53726) server /usr/lib/python3.9/site-packages/eventlet/wsgi.py:992
2026-01-23 07:45:54.618 17 INFO neutron.wsgi [-] 192.168.122.100 "GET /healthcheck HTTP/1.0" status: 200 len: 137 time: 0.0026705
2026-01-23 07:45:56.620 18 DEBUG neutron.wsgi [-] (18) accepted ('192.168.122.100', 53736) server /usr/lib/python3.9/site-packages/eventlet/wsgi.py:992
2026-01-23 07:45:56.622 18 INFO neutron.wsgi [-] 192.168.122.100 "GET /healthcheck HTTP/1.0" status: 200 len: 137 time: 0.0013709
2026-01-23 07:45:58.624 17 DEBUG neutron.wsgi [-] (17) accepted ('192.168.122.100', 33966) server /usr/lib/python3.9/site-packages/eventlet/wsgi.py:992
2026-01-23 07:45:58.628 17 INFO neutron.wsgi [-] 192.168.122.100 "GET /healthcheck HTTP/1.0" status: 200 len: 137 time: 0.0025525
2026-01-23 07:46:00.630 18 DEBUG neutron.wsgi [-] (18) accepted ('192.168.122.100', 33982) server /usr/lib/python3.9/site-packages/eventlet/wsgi.py:992
2026-01-23 07:46:00.632 18 INFO neutron.wsgi [-] 192.168.122.100 "GET /healthcheck HTTP/1.0" status: 200 len: 137 time: 0.0012336
2026-01-23 07:46:02.634 17 DEBUG neutron.wsgi [-] (17) accepted ('192.168.122.100', 33996) server /usr/lib/python3.9/site-packages/eventlet/wsgi.py:992
2026-01-23 07:46:02.636 17 INFO neutron.wsgi [-] 192.168.122.100 "GET /healthcheck HTTP/1.0" status: 200 len: 137 time: 0.0013361
2026-01-23 07:46:04.638 17 DEBUG neutron.wsgi [-] (17) accepted ('192.168.122.100', 34006) server /usr/lib/python3.9/site-packages/eventlet/wsgi.py:992
2026-01-23 07:46:04.642 17 INFO neutron.wsgi [-] 192.168.122.100 "GET /healthcheck HTTP/1.0" status: 200 len: 137 time: 0.0027835
2026-01-23 07:46:06.644 17 DEBUG neutron.wsgi [-] (17) accepted ('192.168.122.100', 34018) server /usr/lib/python3.9/site-packages/eventlet/wsgi.py:992
2026-01-23 07:46:06.648 17 INFO neutron.wsgi [-] 192.168.122.100 "GET /healthcheck HTTP/1.0" status: 200 len: 137 time: 0.0025036
2026-01-23 07:46:08.650 17 DEBUG neutron.wsgi [-] (17) accepted ('192.168.122.100', 35668) server /usr/lib/python3.9/site-packages/eventlet/wsgi.py:992
2026-01-23 07:46:08.653 17 INFO neutron.wsgi [-] 192.168.122.100 "GET /healthcheck HTTP/1.0" status: 200 len: 137 time: 0.0025806
2026-01-23 07:46:10.655 18 DEBUG neutron.wsgi [-] (18) accepted ('192.168.122.100', 35676) server /usr/lib/python3.9/site-packages/eventlet/wsgi.py:992
2026-01-23 07:46:10.659 18 INFO neutron.wsgi [-] 192.168.122.100 "GET /healthcheck HTTP/1.0" status: 200 len: 137 time: 0.0026841
2026-01-23 07:46:12.661 18 DEBUG neutron.wsgi [-] (18) accepted ('192.168.122.100', 35678) server /usr/lib/python3.9/site-packages/eventlet/wsgi.py:992
2026-01-23 07:46:12.663 18 INFO neutron.wsgi [-] 192.168.122.100 "GET /healthcheck HTTP/1.0" status: 200 len: 137 time: 0.0017862
2026-01-23 07:46:14.665 16 DEBUG neutron.wsgi [-] (16) accepted ('192.168.122.100', 35688) server /usr/lib/python3.9/site-packages/eventlet/wsgi.py:992
