2026-01-23 07:44:49.447 17 INFO neutron.wsgi [req-4fc5b5ee-4042-4beb-a2d7-65bde6bd25d9 140f06b65a3a4ec1a3e0e7368d247baa 13cdca1e19554adeb71fb3645995b351 - default default] 192.168.122.99,192.168.122.100 "GET /v2.0/networks/storage HTTP/1.1" status: 404 len: 291 time: 0.0677414
2026-01-23 07:44:49.522 17 DEBUG neutron.pecan_wsgi.hooks.policy_enforcement [req-8707f578-af29-4ce7-8abb-a0f4bc4b1aab 140f06b65a3a4ec1a3e0e7368d247baa 13cdca1e19554adeb71fb3645995b351 - default default] Attributes excluded by policy engine: ['standard_attr_id', 'vlan_transparent'] _exclude_attributes_by_policy /usr/lib/python3.9/site-packages/neutron/pecan_wsgi/hooks/policy_enforcement.py:259
2026-01-23 07:44:49.523 17 INFO neutron.wsgi [req-8707f578-af29-4ce7-8abb-a0f4bc4b1aab 140f06b65a3a4ec1a3e0e7368d247baa 13cdca1e19554adeb71fb3645995b351 - default default] 192.168.122.99,192.168.122.100 "GET /v2.0/networks?name=storage HTTP/1.1" status: 200 len: 1023 time: 0.0710642
2026-01-23 07:44:49.555 17 DEBUG neutron.pecan_wsgi.hooks.policy_enforcement [req-f52f8add-65ec-4a9d-89b0-e700e29eb47a 140f06b65a3a4ec1a3e0e7368d247baa 13cdca1e19554adeb71fb3645995b351 - default default] Attributes excluded by policy engine: ['standard_attr_id', 'shared'] _exclude_attributes_by_policy /usr/lib/python3.9/site-packages/neutron/pecan_wsgi/hooks/policy_enforcement.py:259
2026-01-23 07:44:49.556 17 INFO neutron.wsgi [req-f52f8add-65ec-4a9d-89b0-e700e29eb47a 140f06b65a3a4ec1a3e0e7368d247baa 13cdca1e19554adeb71fb3645995b351 - default default] 192.168.122.99,192.168.122.100 "GET /v2.0/subnets/c3de8f45-3535-4f66-a046-dbc245f490f9 HTTP/1.1" status: 200 len: 859 time: 0.0267425
2026-01-23 07:44:49.572 17 INFO neutron.pecan_wsgi.hooks.translation [req-6266d1ef-4ec4-4e0c-ad4b-18e4a677d086 140f06b65a3a4ec1a3e0e7368d247baa 13cdca1e19554adeb71fb3645995b351 - default default] GET failed (client error): The resource could not be found.
2026-01-23 07:44:49.573 17 INFO neutron.wsgi [req-6266d1ef-4ec4-4e0c-ad4b-18e4a677d086 140f06b65a3a4ec1a3e0e7368d247baa 13cdca1e19554adeb71fb3645995b351 - default default] 192.168.122.99,192.168.122.100 "GET /v2.0/networks/storage_mgmt HTTP/1.1" status: 404 len: 296 time: 0.0116959
2026-01-23 07:44:49.635 17 DEBUG neutron.pecan_wsgi.hooks.policy_enforcement [req-6a5d054c-3922-4222-9327-acec28aa89c3 140f06b65a3a4ec1a3e0e7368d247baa 13cdca1e19554adeb71fb3645995b351 - default default] Attributes excluded by policy engine: ['standard_attr_id', 'vlan_transparent'] _exclude_attributes_by_policy /usr/lib/python3.9/site-packages/neutron/pecan_wsgi/hooks/policy_enforcement.py:259
2026-01-23 07:44:49.636 17 INFO neutron.wsgi [req-6a5d054c-3922-4222-9327-acec28aa89c3 140f06b65a3a4ec1a3e0e7368d247baa 13cdca1e19554adeb71fb3645995b351 - default default] 192.168.122.99,192.168.122.100 "GET /v2.0/networks?name=storage_mgmt HTTP/1.1" status: 200 len: 1051 time: 0.0594001
2026-01-23 07:44:49.672 17 DEBUG neutron.pecan_wsgi.hooks.policy_enforcement [req-c1919826-493c-45ce-a66d-88805bd59fff 140f06b65a3a4ec1a3e0e7368d247baa 13cdca1e19554adeb71fb3645995b351 - default default] Attributes excluded by policy engine: ['standard_attr_id', 'shared'] _exclude_attributes_by_policy /usr/lib/python3.9/site-packages/neutron/pecan_wsgi/hooks/policy_enforcement.py:259
2026-01-23 07:44:49.673 17 INFO neutron.wsgi [req-c1919826-493c-45ce-a66d-88805bd59fff 140f06b65a3a4ec1a3e0e7368d247baa 13cdca1e19554adeb71fb3645995b351 - default default] 192.168.122.99,192.168.122.100 "GET /v2.0/subnets/c67ce1e2-b919-4adf-b168-d96fd52aab59 HTTP/1.1" status: 200 len: 864 time: 0.0289984
2026-01-23 07:44:49.694 17 INFO neutron.pecan_wsgi.hooks.translation [req-85e8484c-e67e-4841-98e6-0ed2359a8e5f 140f06b65a3a4ec1a3e0e7368d247baa 13cdca1e19554adeb71fb3645995b351 - default default] GET failed (client error): The resource could not be found.
2026-01-23 07:44:49.695 17 INFO neutron.wsgi [req-85e8484c-e67e-4841-98e6-0ed2359a8e5f 140f06b65a3a4ec1a3e0e7368d247baa 13cdca1e19554adeb71fb3645995b351 - default default] 192.168.122.99,192.168.122.100 "GET /v2.0/networks/internal_api HTTP/1.1" status: 404 len: 296 time: 0.0131388
2026-01-23 07:44:49.752 17 DEBUG neutron.pecan_wsgi.hooks.policy_enforcement [req-837263bb-d9c9-4b35-bc95-86f0c4549173 140f06b65a3a4ec1a3e0e7368d247baa 13cdca1e19554adeb71fb3645995b351 - default default] Attributes excluded by policy engine: ['standard_attr_id', 'vlan_transparent'] _exclude_attributes_by_policy /usr/lib/python3.9/site-packages/neutron/pecan_wsgi/hooks/policy_enforcement.py:259
2026-01-23 07:44:49.753 17 INFO neutron.wsgi [req-837263bb-d9c9-4b35-bc95-86f0c4549173 140f06b65a3a4ec1a3e0e7368d247baa 13cdca1e19554adeb71fb3645995b351 - default default] 192.168.122.99,192.168.122.100 "GET /v2.0/networks?name=internal_api HTTP/1.1" status: 200 len: 1052 time: 0.0532258
2026-01-23 07:44:49.793 17 DEBUG neutron.pecan_wsgi.hooks.policy_enforcement [req-b3f17a75-8ab5-4138-b16a-71f65a1062b5 140f06b65a3a4ec1a3e0e7368d247baa 13cdca1e19554adeb71fb3645995b351 - default default] Attributes excluded by policy engine: ['standard_attr_id', 'shared'] _exclude_attributes_by_policy /usr/lib/python3.9/site-packages/neutron/pecan_wsgi/hooks/policy_enforcement.py:259
2026-01-23 07:44:49.793 17 INFO neutron.wsgi [req-b3f17a75-8ab5-4138-b16a-71f65a1062b5 140f06b65a3a4ec1a3e0e7368d247baa 13cdca1e19554adeb71fb3645995b351 - default default] 192.168.122.99,192.168.122.100 "GET /v2.0/subnets/188fb03d-2ce9-40fa-8ed0-818c12ce075c HTTP/1.1" status: 200 len: 864 time: 0.0305459
2026-01-23 07:44:49.810 17 INFO neutron.pecan_wsgi.hooks.translation [req-5aeabf2e-7a86-4707-821d-9815f851a583 140f06b65a3a4ec1a3e0e7368d247baa 13cdca1e19554adeb71fb3645995b351 - default default] GET failed (client error): The resource could not be found.
2026-01-23 07:44:49.811 17 INFO neutron.wsgi [req-5aeabf2e-7a86-4707-821d-9815f851a583 140f06b65a3a4ec1a3e0e7368d247baa 13cdca1e19554adeb71fb3645995b351 - default default] 192.168.122.99,192.168.122.100 "GET /v2.0/networks/tenant HTTP/1.1" status: 404 len: 290 time: 0.0107186
2026-01-23 07:44:49.878 17 DEBUG neutron.pecan_wsgi.hooks.policy_enforcement [req-09576c19-b45a-4c1b-ac1f-c28d2168d48f 140f06b65a3a4ec1a3e0e7368d247baa 13cdca1e19554adeb71fb3645995b351 - default default] Attributes excluded by policy engine: ['standard_attr_id', 'vlan_transparent'] _exclude_attributes_by_policy /usr/lib/python3.9/site-packages/neutron/pecan_wsgi/hooks/policy_enforcement.py:259
2026-01-23 07:44:49.878 17 INFO neutron.wsgi [req-09576c19-b45a-4c1b-ac1f-c28d2168d48f 140f06b65a3a4ec1a3e0e7368d247baa 13cdca1e19554adeb71fb3645995b351 - default default] 192.168.122.99,192.168.122.100 "GET /v2.0/networks?name=tenant HTTP/1.1" status: 200 len: 998 time: 0.0650609
2026-01-23 07:44:49.912 17 DEBUG neutron.pecan_wsgi.hooks.policy_enforcement [req-54320420-46ed-4da1-afc9-e7cc518684ec 140f06b65a3a4ec1a3e0e7368d247baa 13cdca1e19554adeb71fb3645995b351 - default default] Attributes excluded by policy engine: ['standard_attr_id', 'shared'] _exclude_attributes_by_policy /usr/lib/python3.9/site-packages/neutron/pecan_wsgi/hooks/policy_enforcement.py:259
2026-01-23 07:44:49.912 17 INFO neutron.wsgi [req-54320420-46ed-4da1-afc9-e7cc518684ec 140f06b65a3a4ec1a3e0e7368d247baa 13cdca1e19554adeb71fb3645995b351 - default default] 192.168.122.99,192.168.122.100 "GET /v2.0/subnets/06a68f2b-cb51-4b26-a9cb-f5139e8c7d6d HTTP/1.1" status: 200 len: 858 time: 0.0278304
2026-01-23 07:44:49.928 17 INFO neutron.pecan_wsgi.hooks.translation [req-0226704e-a5c0-4606-b535-a14a078f6302 140f06b65a3a4ec1a3e0e7368d247baa 13cdca1e19554adeb71fb3645995b351 - default default] GET failed (client error): The resource could not be found.
2026-01-23 07:44:49.928 17 INFO neutron.wsgi [req-0226704e-a5c0-4606-b535-a14a078f6302 140f06b65a3a4ec1a3e0e7368d247baa 13cdca1e19554adeb71fb3645995b351 - default default] 192.168.122.99,192.168.122.100 "GET /v2.0/networks/external HTTP/1.1" status: 404 len: 292 time: 0.0104797
2026-01-23 07:44:49.978 17 DEBUG neutron.pecan_wsgi.hooks.policy_enforcement [req-1612b3b7-511f-41f7-8937-5f2930cf9e6c 140f06b65a3a4ec1a3e0e7368d247baa 13cdca1e19554adeb71fb3645995b351 - default default] Attributes excluded by policy engine: ['standard_attr_id', 'vlan_transparent'] _exclude_attributes_by_policy /usr/lib/python3.9/site-packages/neutron/pecan_wsgi/hooks/policy_enforcement.py:259
2026-01-23 07:44:49.979 17 INFO neutron.wsgi [req-1612b3b7-511f-41f7-8937-5f2930cf9e6c 140f06b65a3a4ec1a3e0e7368d247baa 13cdca1e19554adeb71fb3645995b351 - default default] 192.168.122.99,192.168.122.100 "GET /v2.0/networks?name=external HTTP/1.1" status: 200 len: 1029 time: 0.0474794
2026-01-23 07:44:50.019 17 DEBUG neutron.pecan_wsgi.hooks.policy_enforcement [req-cc9c0132-d8b2-405d-b00f-fc4185346fb5 140f06b65a3a4ec1a3e0e7368d247baa 13cdca1e19554adeb71fb3645995b351 - default default] Attributes excluded by policy engine: ['standard_attr_id', 'shared'] _exclude_attributes_by_policy /usr/lib/python3.9/site-packages/neutron/pecan_wsgi/hooks/policy_enforcement.py:259
2026-01-23 07:44:50.020 17 INFO neutron.wsgi [req-cc9c0132-d8b2-405d-b00f-fc4185346fb5 140f06b65a3a4ec1a3e0e7368d247baa 13cdca1e19554adeb71fb3645995b351 - default default] 192.168.122.99,192.168.122.100 "GET /v2.0/subnets/73acb0c9-f73e-4614-8bac-5244b358546e HTTP/1.1" status: 200 len: 860 time: 0.0321033
2026-01-23 07:44:50.232 18 DEBUG neutron.wsgi [-] (18) accepted ('192.168.122.100', 52300) server /usr/lib/python3.9/site-packages/eventlet/wsgi.py:992
2026-01-23 07:44:50.234 18 INFO neutron.wsgi [-] 192.168.122.100 "GET /healthcheck HTTP/1.0" status: 200 len: 137 time: 0.0016873
2026-01-23 07:44:52.236 16 DEBUG neutron.wsgi [-] (16) accepted ('192.168.122.100', 52312) server /usr/lib/python3.9/site-packages/eventlet/wsgi.py:992
2026-01-23 07:44:52.238 16 INFO neutron.wsgi [-] 192.168.122.100 "GET /healthcheck HTTP/1.0" status: 200 len: 137 time: 0.0012429
2026-01-23 07:44:53.282 18 DEBUG neutron.wsgi [-] (18) accepted ('192.168.122.100', 52316) server /usr/lib/python3.9/site-packages/eventlet/wsgi.py:992
2026-01-23 07:44:53.287 18 INFO neutron.wsgi [-] 192.168.122.100 "GET / HTTP/1.1" status: 200 len: 233 time: 0.0031781
2026-01-23 07:44:54.239 17 DEBUG neutron.wsgi [-] (17) accepted ('192.168.122.100', 52318) server /usr/lib/python3.9/site-packages/eventlet/wsgi.py:992
2026-01-23 07:44:54.241 17 INFO neutron.wsgi [-] 192.168.122.100 "GET /healthcheck HTTP/1.0" status: 200 len: 137 time: 0.0018907
2026-01-23 07:44:55.591 15 DEBUG neutron.wsgi [-] (15) accepted ('192.168.122.100', 52328) server /usr/lib/python3.9/site-packages/eventlet/wsgi.py:992
2026-01-23 07:44:55.777 15 DEBUG neutron.pecan_wsgi.hooks.policy_enforcement [req-965eaccd-2444-40b4-918e-6d6549ee67fb 140f06b65a3a4ec1a3e0e7368d247baa 13cdca1e19554adeb71fb3645995b351 - default default] Attributes excluded by policy engine: ['standard_attr_id', 'vlan_transparent'] _exclude_attributes_by_policy /usr/lib/python3.9/site-packages/neutron/pecan_wsgi/hooks/policy_enforcement.py:259
2026-01-23 07:44:55.777 15 DEBUG neutron.pecan_wsgi.hooks.policy_enforcement [req-965eaccd-2444-40b4-918e-6d6549ee67fb 140f06b65a3a4ec1a3e0e7368d247baa 13cdca1e19554adeb71fb3645995b351 - default default] Attributes excluded by policy engine: ['standard_attr_id', 'vlan_transparent'] _exclude_attributes_by_policy /usr/lib/python3.9/site-packages/neutron/pecan_wsgi/hooks/policy_enforcement.py:259
2026-01-23 07:44:55.777 15 DEBUG neutron.pecan_wsgi.hooks.policy_enforcement [req-965eaccd-2444-40b4-918e-6d6549ee67fb 140f06b65a3a4ec1a3e0e7368d247baa 13cdca1e19554adeb71fb3645995b351 - default default] Attributes excluded by policy engine: ['standard_attr_id', 'vlan_transparent'] _exclude_attributes_by_policy /usr/lib/python3.9/site-packages/neutron/pecan_wsgi/hooks/policy_enforcement.py:259
2026-01-23 07:44:55.778 15 DEBUG neutron.pecan_wsgi.hooks.policy_enforcement [req-965eaccd-2444-40b4-918e-6d6549ee67fb 140f06b65a3a4ec1a3e0e7368d247baa 13cdca1e19554adeb71fb3645995b351 - default default] Attributes excluded by policy engine: ['standard_attr_id', 'vlan_transparent'] _exclude_attributes_by_policy /usr/lib/python3.9/site-packages/neutron/pecan_wsgi/hooks/policy_enforcement.py:259
2026-01-23 07:44:55.778 15 DEBUG neutron.pecan_wsgi.hooks.policy_enforcement [req-965eaccd-2444-40b4-918e-6d6549ee67fb 140f06b65a3a4ec1a3e0e7368d247baa 13cdca1e19554adeb71fb3645995b351 - default default] Attributes excluded by policy engine: ['standard_attr_id', 'vlan_transparent'] _exclude_attributes_by_policy /usr/lib/python3.9/site-packages/neutron/pecan_wsgi/hooks/policy_enforcement.py:259
2026-01-23 07:44:55.778 15 DEBUG neutron.pecan_wsgi.hooks.policy_enforcement [req-965eaccd-2444-40b4-918e-6d6549ee67fb 140f06b65a3a4ec1a3e0e7368d247baa 13cdca1e19554adeb71fb3645995b351 - default default] Attributes excluded by policy engine: ['standard_attr_id', 'vlan_transparent'] _exclude_attributes_by_policy /usr/lib/python3.9/site-packages/neutron/pecan_wsgi/hooks/policy_enforcement.py:259
2026-01-23 07:44:55.779 15 INFO neutron.wsgi [req-965eaccd-2444-40b4-918e-6d6549ee67fb 140f06b65a3a4ec1a3e0e7368d247baa 13cdca1e19554adeb71fb3645995b351 - default default] 192.168.122.99,192.168.122.100 "GET /v2.0/networks HTTP/1.1" status: 200 len: 5131 time: 0.1879013
2026-01-23 07:44:55.824 15 DEBUG neutron.pecan_wsgi.hooks.policy_enforcement [req-e087dd29-5152-42c0-9cd2-29fe3b3d12e9 140f06b65a3a4ec1a3e0e7368d247baa 13cdca1e19554adeb71fb3645995b351 - default default] Attributes excluded by policy engine: ['standard_attr_id', 'shared'] _exclude_attributes_by_policy /usr/lib/python3.9/site-packages/neutron/pecan_wsgi/hooks/policy_enforcement.py:259
2026-01-23 07:44:55.825 15 INFO neutron.wsgi [req-e087dd29-5152-42c0-9cd2-29fe3b3d12e9 140f06b65a3a4ec1a3e0e7368d247baa 13cdca1e19554adeb71fb3645995b351 - default default] 192.168.122.99,192.168.122.100 "GET /v2.0/subnets?network_id=36224fa8-c794-4526-a4d4-a16ee7e3b46d HTTP/1.1" status: 200 len: 867 time: 0.0393414
2026-01-23 07:44:55.867 15 DEBUG neutron.pecan_wsgi.hooks.policy_enforcement [req-69ba954a-8d9d-40aa-8a45-f422b4bb9ad1 140f06b65a3a4ec1a3e0e7368d247baa 13cdca1e19554adeb71fb3645995b351 - default default] Attributes excluded by policy engine: ['standard_attr_id', 'shared'] _exclude_attributes_by_policy /usr/lib/python3.9/site-packages/neutron/pecan_wsgi/hooks/policy_enforcement.py:259
2026-01-23 07:44:55.868 15 INFO neutron.wsgi [req-69ba954a-8d9d-40aa-8a45-f422b4bb9ad1 140f06b65a3a4ec1a3e0e7368d247baa 13cdca1e19554adeb71fb3645995b351 - default default] 192.168.122.99,192.168.122.100 "GET /v2.0/subnets?network_id=63439a83-bfe4-4798-8437-695247f9759b HTTP/1.1" status: 200 len: 867 time: 0.0351224
2026-01-23 07:44:55.911 15 DEBUG neutron.pecan_wsgi.hooks.policy_enforcement [req-cb61def5-1924-4f2b-b82e-dba72a734002 140f06b65a3a4ec1a3e0e7368d247baa 13cdca1e19554adeb71fb3645995b351 - default default] Attributes excluded by policy engine: ['standard_attr_id', 'shared'] _exclude_attributes_by_policy /usr/lib/python3.9/site-packages/neutron/pecan_wsgi/hooks/policy_enforcement.py:259
2026-01-23 07:44:55.912 15 INFO neutron.wsgi [req-cb61def5-1924-4f2b-b82e-dba72a734002 140f06b65a3a4ec1a3e0e7368d247baa 13cdca1e19554adeb71fb3645995b351 - default default] 192.168.122.99,192.168.122.100 "GET /v2.0/subnets?network_id=66694362-aa79-4852-b833-19c748460cef HTTP/1.1" status: 200 len: 845 time: 0.0349376
2026-01-23 07:44:55.953 15 DEBUG neutron.pecan_wsgi.hooks.policy_enforcement [req-75893c6d-8c0e-4cb8-b6be-2facbf37fe18 140f06b65a3a4ec1a3e0e7368d247baa 13cdca1e19554adeb71fb3645995b351 - default default] Attributes excluded by policy engine: ['standard_attr_id', 'shared'] _exclude_attributes_by_policy /usr/lib/python3.9/site-packages/neutron/pecan_wsgi/hooks/policy_enforcement.py:259
2026-01-23 07:44:55.954 15 INFO neutron.wsgi [req-75893c6d-8c0e-4cb8-b6be-2facbf37fe18 140f06b65a3a4ec1a3e0e7368d247baa 13cdca1e19554adeb71fb3645995b351 - default default] 192.168.122.99,192.168.122.100 "GET /v2.0/subnets?network_id=77af4062-1a74-461e-92de-bd4fb039909c HTTP/1.1" status: 200 len: 861 time: 0.0354936
2026-01-23 07:44:55.996 15 DEBUG neutron.pecan_wsgi.hooks.policy_enforcement [req-90fb69e6-e98b-45be-bd3d-25f5f7612d31 140f06b65a3a4ec1a3e0e7368d247baa 13cdca1e19554adeb71fb3645995b351 - default default] Attributes excluded by policy engine: ['standard_attr_id', 'shared'] _exclude_attributes_by_policy /usr/lib/python3.9/site-packages/neutron/pecan_wsgi/hooks/policy_enforcement.py:259
2026-01-23 07:44:55.997 15 INFO neutron.wsgi [req-90fb69e6-e98b-45be-bd3d-25f5f7612d31 140f06b65a3a4ec1a3e0e7368d247baa 13cdca1e19554adeb71fb3645995b351 - default default] 192.168.122.99,192.168.122.100 "GET /v2.0/subnets?network_id=da1a3d4f-ab39-41df-919c-9e0aaf6edef6 HTTP/1.1" status: 200 len: 862 time: 0.0351596
2026-01-23 07:44:56.040 15 DEBUG neutron.pecan_wsgi.hooks.policy_enforcement [req-0173b565-55d8-446b-b183-f14441868399 140f06b65a3a4ec1a3e0e7368d247baa 13cdca1e19554adeb71fb3645995b351 - default default] Attributes excluded by policy engine: ['standard_attr_id', 'shared'] _exclude_attributes_by_policy /usr/lib/python3.9/site-packages/neutron/pecan_wsgi/hooks/policy_enforcement.py:259
2026-01-23 07:44:56.041 15 INFO neutron.wsgi [req-0173b565-55d8-446b-b183-f14441868399 140f06b65a3a4ec1a3e0e7368d247baa 13cdca1e19554adeb71fb3645995b351 - default default] 192.168.122.99,192.168.122.100 "GET /v2.0/subnets?network_id=e8af9ea4-d929-4011-91d6-4a276583dec5 HTTP/1.1" status: 200 len: 863 time: 0.0367391
2026-01-23 07:44:56.071 17 DEBUG neutron.wsgi [-] (17) accepted ('192.168.122.100', 52344) server /usr/lib/python3.9/site-packages/eventlet/wsgi.py:992
2026-01-23 07:44:56.073 18 DEBUG neutron.wsgi [-] (18) accepted ('192.168.122.100', 52350) server /usr/lib/python3.9/site-packages/eventlet/wsgi.py:992
2026-01-23 07:44:56.075 16 DEBUG neutron.wsgi [-] (16) accepted ('192.168.122.100', 52364) server /usr/lib/python3.9/site-packages/eventlet/wsgi.py:992
2026-01-23 07:44:56.080 15 DEBUG neutron.wsgi [-] (15) accepted ('192.168.122.100', 52366) server /usr/lib/python3.9/site-packages/eventlet/wsgi.py:992
2026-01-23 07:44:56.108 15 INFO neutron.wsgi [req-79744a94-0464-4062-945d-5e0750dead02 140f06b65a3a4ec1a3e0e7368d247baa 13cdca1e19554adeb71fb3645995b351 - default default] 192.168.122.99,192.168.122.100 "GET /v2.0/ports?network_id=63439a83-bfe4-4798-8437-695247f9759b&tags=tripleo_stack_name%3Dovercloud&tags=tripleo_vip_net%3Dinternal_api HTTP/1.1" status: 200 len: 186 time: 0.0587866
2026-01-23 07:44:56.112 15 INFO neutron.wsgi [req-6f5791af-7c80-44e5-b9ef-04a2fbcc31ac 140f06b65a3a4ec1a3e0e7368d247baa 13cdca1e19554adeb71fb3645995b351 - default default] 192.168.122.99,192.168.122.100 "GET /v2.0/ports?network_id=e8af9ea4-d929-4011-91d6-4a276583dec5&tags=tripleo_stack_name%3Dovercloud&tags=tripleo_vip_net%3Dexternal HTTP/1.1" status: 200 len: 186 time: 0.0310159
2026-01-23 07:44:56.122 15 DEBUG neutron.api.v2.base [req-41e6b6ea-11e4-48b7-8ad4-54e4892dfefd 140f06b65a3a4ec1a3e0e7368d247baa 13cdca1e19554adeb71fb3645995b351 - default default] Request body: {'port': {'dns_name': 'overcloud', 'name': 'internal_api_vip', 'fixed_ips': [{'subnet_id': '188fb03d-2ce9-40fa-8ed0-818c12ce075c'}], 'network_id': '63439a83-bfe4-4798-8437-695247f9759b'}} prepare_request_body /usr/lib/python3.9/site-packages/neutron/api/v2/base.py:729
2026-01-23 07:44:56.125 15 DEBUG neutron.api.v2.base [req-abefc787-dd08-4f38-a851-dd5b49b71516 140f06b65a3a4ec1a3e0e7368d247baa 13cdca1e19554adeb71fb3645995b351 - default default] Request body: {'port': {'dns_name': 'overcloud', 'name': 'external_vip', 'fixed_ips': [{'subnet_id': '73acb0c9-f73e-4614-8bac-5244b358546e'}], 'network_id': 'e8af9ea4-d929-4011-91d6-4a276583dec5'}} prepare_request_body /usr/lib/python3.9/site-packages/neutron/api/v2/base.py:729
2026-01-23 07:44:56.134 15 DEBUG neutron.pecan_wsgi.hooks.quota_enforcement [req-41e6b6ea-11e4-48b7-8ad4-54e4892dfefd 140f06b65a3a4ec1a3e0e7368d247baa 13cdca1e19554adeb71fb3645995b351 - default default] Made reservation on behalf of 13cdca1e19554adeb71fb3645995b351 for: {'port': 1} before /usr/lib/python3.9/site-packages/neutron/pecan_wsgi/hooks/quota_enforcement.py:53
2026-01-23 07:44:56.136 15 DEBUG neutron_lib.callbacks.manager [req-41e6b6ea-11e4-48b7-8ad4-54e4892dfefd 140f06b65a3a4ec1a3e0e7368d247baa 13cdca1e19554adeb71fb3645995b351 - default default] Notify callbacks ['neutron.plugins.ml2.plugin.SecurityGroupDbMixin._ensure_default_security_group_handler-1048437'] for port, before_create _notify_loop /usr/lib/python3.9/site-packages/neutron_lib/callbacks/manager.py:200
2026-01-23 07:44:56.136 17 INFO neutron.wsgi [req-9ae8c5e1-9d02-42ad-b36d-c1a6dc8182d5 140f06b65a3a4ec1a3e0e7368d247baa 13cdca1e19554adeb71fb3645995b351 - default default] 192.168.122.99,192.168.122.100 "GET /v2.0/ports?network_id=36224fa8-c794-4526-a4d4-a16ee7e3b46d&tags=tripleo_stack_name%3Dovercloud&tags=tripleo_vip_net%3Dstorage_mgmt HTTP/1.1" status: 200 len: 186 time: 0.0630300
2026-01-23 07:44:56.140 18 INFO neutron.wsgi [req-eb2f0dff-ace4-443e-a9e3-6578bb5daa76 140f06b65a3a4ec1a3e0e7368d247baa 13cdca1e19554adeb71fb3645995b351 - default default] 192.168.122.99,192.168.122.100 "GET /v2.0/ports?network_id=66694362-aa79-4852-b833-19c748460cef&tags=tripleo_stack_name%3Dovercloud&tags=tripleo_vip_net%3Dctlplane HTTP/1.1" status: 200 len: 186 time: 0.0662224
2026-01-23 07:44:56.143 17 DEBUG neutron.api.v2.base [req-374ec19c-d075-410c-bca0-763af94f0fa7 140f06b65a3a4ec1a3e0e7368d247baa 13cdca1e19554adeb71fb3645995b351 - default default] Request body: {'port': {'dns_name': 'overcloud', 'name': 'storage_mgmt_vip', 'fixed_ips': [{'subnet_id': 'c67ce1e2-b919-4adf-b168-d96fd52aab59'}], 'network_id': '36224fa8-c794-4526-a4d4-a16ee7e3b46d'}} prepare_request_body /usr/lib/python3.9/site-packages/neutron/api/v2/base.py:729
2026-01-23 07:44:56.145 15 DEBUG neutron.pecan_wsgi.hooks.quota_enforcement [req-abefc787-dd08-4f38-a851-dd5b49b71516 140f06b65a3a4ec1a3e0e7368d247baa 13cdca1e19554adeb71fb3645995b351 - default default] Made reservation on behalf of 13cdca1e19554adeb71fb3645995b351 for: {'port': 1} before /usr/lib/python3.9/site-packages/neutron/pecan_wsgi/hooks/quota_enforcement.py:53
2026-01-23 07:44:56.146 15 DEBUG neutron_lib.callbacks.manager [req-abefc787-dd08-4f38-a851-dd5b49b71516 140f06b65a3a4ec1a3e0e7368d247baa 13cdca1e19554adeb71fb3645995b351 - default default] Notify callbacks ['neutron.plugins.ml2.plugin.SecurityGroupDbMixin._ensure_default_security_group_handler-1048437'] for port, before_create _notify_loop /usr/lib/python3.9/site-packages/neutron_lib/callbacks/manager.py:200
2026-01-23 07:44:56.148 18 DEBUG neutron.api.v2.base [req-231f2dde-c343-439f-b477-0bcdb39c8ed5 140f06b65a3a4ec1a3e0e7368d247baa 13cdca1e19554adeb71fb3645995b351 - default default] Request body: {'port': {'dns_name': 'overcloud', 'name': 'ctlplane_vip', 'fixed_ips': [{'ip_address': '192.168.122.99'}], 'network_id': '66694362-aa79-4852-b833-19c748460cef'}} prepare_request_body /usr/lib/python3.9/site-packages/neutron/api/v2/base.py:729
2026-01-23 07:44:56.154 17 DEBUG neutron.pecan_wsgi.hooks.quota_enforcement [req-374ec19c-d075-410c-bca0-763af94f0fa7 140f06b65a3a4ec1a3e0e7368d247baa 13cdca1e19554adeb71fb3645995b351 - default default] Made reservation on behalf of 13cdca1e19554adeb71fb3645995b351 for: {'port': 1} before /usr/lib/python3.9/site-packages/neutron/pecan_wsgi/hooks/quota_enforcement.py:53
2026-01-23 07:44:56.156 17 DEBUG neutron_lib.callbacks.manager [req-374ec19c-d075-410c-bca0-763af94f0fa7 140f06b65a3a4ec1a3e0e7368d247baa 13cdca1e19554adeb71fb3645995b351 - default default] Notify callbacks ['neutron.plugins.ml2.plugin.SecurityGroupDbMixin._ensure_default_security_group_handler-1048437'] for port, before_create _notify_loop /usr/lib/python3.9/site-packages/neutron_lib/callbacks/manager.py:200
2026-01-23 07:44:56.158 18 DEBUG neutron.pecan_wsgi.hooks.quota_enforcement [req-231f2dde-c343-439f-b477-0bcdb39c8ed5 140f06b65a3a4ec1a3e0e7368d247baa 13cdca1e19554adeb71fb3645995b351 - default default] Made reservation on behalf of 13cdca1e19554adeb71fb3645995b351 for: {'port': 1} before /usr/lib/python3.9/site-packages/neutron/pecan_wsgi/hooks/quota_enforcement.py:53
2026-01-23 07:44:56.160 18 DEBUG neutron_lib.callbacks.manager [req-231f2dde-c343-439f-b477-0bcdb39c8ed5 140f06b65a3a4ec1a3e0e7368d247baa 13cdca1e19554adeb71fb3645995b351 - default default] Notify callbacks ['neutron.plugins.ml2.plugin.SecurityGroupDbMixin._ensure_default_security_group_handler-1048437'] for port, before_create _notify_loop /usr/lib/python3.9/site-packages/neutron_lib/callbacks/manager.py:200
2026-01-23 07:44:56.164 15 DEBUG neutron.notifiers.nova [req-41e6b6ea-11e4-48b7-8ad4-54e4892dfefd 140f06b65a3a4ec1a3e0e7368d247baa 13cdca1e19554adeb71fb3645995b351 - default default] device_id is not set on port b8a643b6-b00c-4683-9c41-1f3c5c34aaf1 yet. _can_notify /usr/lib/python3.9/site-packages/neutron/notifiers/nova.py:201
2026-01-23 07:44:56.178 17 DEBUG neutron.notifiers.nova [req-374ec19c-d075-410c-bca0-763af94f0fa7 140f06b65a3a4ec1a3e0e7368d247baa 13cdca1e19554adeb71fb3645995b351 - default default] device_id is not set on port 1f10c70e-8cc4-41aa-a7ea-ca9ce5c891b6 yet. _can_notify /usr/lib/python3.9/site-packages/neutron/notifiers/nova.py:201
2026-01-23 07:44:56.179 15 DEBUG neutron.notifiers.nova [req-abefc787-dd08-4f38-a851-dd5b49b71516 140f06b65a3a4ec1a3e0e7368d247baa 13cdca1e19554adeb71fb3645995b351 - default default] device_id is not set on port b2beb43f-9968-48ff-a3ba-54ce410852fc yet. _can_notify /usr/lib/python3.9/site-packages/neutron/notifiers/nova.py:201
2026-01-23 07:44:56.201 18 DEBUG neutron.notifiers.nova [req-231f2dde-c343-439f-b477-0bcdb39c8ed5 140f06b65a3a4ec1a3e0e7368d247baa 13cdca1e19554adeb71fb3645995b351 - default default] device_id is not set on port 2d0dd6bc-baf3-4963-84f1-79b09bb108e4 yet. _can_notify /usr/lib/python3.9/site-packages/neutron/notifiers/nova.py:201
2026-01-23 07:44:56.242 18 DEBUG neutron.wsgi [-] (18) accepted ('192.168.122.100', 52374) server /usr/lib/python3.9/site-packages/eventlet/wsgi.py:992
2026-01-23 07:44:56.246 18 INFO neutron.wsgi [-] 192.168.122.100 "GET /healthcheck HTTP/1.0" status: 200 len: 137 time: 0.0033240
2026-01-23 07:44:56.292 17 DEBUG neutron.db.db_base_plugin_common [req-374ec19c-d075-410c-bca0-763af94f0fa7 140f06b65a3a4ec1a3e0e7368d247baa 13cdca1e19554adeb71fb3645995b351 - default default] Allocated IP 172.20.0.139 (36224fa8-c794-4526-a4d4-a16ee7e3b46d/c67ce1e2-b919-4adf-b168-d96fd52aab59/1f10c70e-8cc4-41aa-a7ea-ca9ce5c891b6) _store_ip_allocation /usr/lib/python3.9/site-packages/neutron/db/db_base_plugin_common.py:131
2026-01-23 07:44:56.293 18 DEBUG neutron.db.db_base_plugin_common [req-231f2dde-c343-439f-b477-0bcdb39c8ed5 140f06b65a3a4ec1a3e0e7368d247baa 13cdca1e19554adeb71fb3645995b351 - default default] Allocated IP 192.168.122.99 (66694362-aa79-4852-b833-19c748460cef/2f45a89e-74b3-4b9c-a036-b1c3f651bee6/2d0dd6bc-baf3-4963-84f1-79b09bb108e4) _store_ip_allocation /usr/lib/python3.9/site-packages/neutron/db/db_base_plugin_common.py:131
2026-01-23 07:44:56.295 16 DEBUG neutron.policy [req-8608199a-02b7-4c8d-920a-45ba365968fd 140f06b65a3a4ec1a3e0e7368d247baa 13cdca1e19554adeb71fb3645995b351 - default default] Loaded default policies from ['networking-bgpvpn', 'neutron'] under neutron.policies entry points register_rules /usr/lib/python3.9/site-packages/neutron/policy.py:73
2026-01-23 07:44:56.320 16 INFO neutron.wsgi [req-8608199a-02b7-4c8d-920a-45ba365968fd 140f06b65a3a4ec1a3e0e7368d247baa 13cdca1e19554adeb71fb3645995b351 - default default] 192.168.122.99,192.168.122.100 "GET /v2.0/ports?network_id=da1a3d4f-ab39-41df-919c-9e0aaf6edef6&tags=tripleo_stack_name%3Dovercloud&tags=tripleo_vip_net%3Dstorage HTTP/1.1" status: 200 len: 186 time: 0.2432704
2026-01-23 07:44:56.327 16 DEBUG neutron.api.v2.base [req-64f1c7a1-6251-4293-993c-86e8ef83cc5d 140f06b65a3a4ec1a3e0e7368d247baa 13cdca1e19554adeb71fb3645995b351 - default default] Request body: {'port': {'dns_name': 'overcloud', 'name': 'storage_vip', 'fixed_ips': [{'subnet_id': 'c3de8f45-3535-4f66-a046-dbc245f490f9'}], 'network_id': 'da1a3d4f-ab39-41df-919c-9e0aaf6edef6'}} prepare_request_body /usr/lib/python3.9/site-packages/neutron/api/v2/base.py:729
2026-01-23 07:44:56.340 16 DEBUG neutron.pecan_wsgi.hooks.quota_enforcement [req-64f1c7a1-6251-4293-993c-86e8ef83cc5d 140f06b65a3a4ec1a3e0e7368d247baa 13cdca1e19554adeb71fb3645995b351 - default default] Made reservation on behalf of 13cdca1e19554adeb71fb3645995b351 for: {'port': 1} before /usr/lib/python3.9/site-packages/neutron/pecan_wsgi/hooks/quota_enforcement.py:53
2026-01-23 07:44:56.341 16 DEBUG neutron_lib.callbacks.manager [req-64f1c7a1-6251-4293-993c-86e8ef83cc5d 140f06b65a3a4ec1a3e0e7368d247baa 13cdca1e19554adeb71fb3645995b351 - default default] Notify callbacks ['neutron.plugins.ml2.plugin.SecurityGroupDbMixin._ensure_default_security_group_handler-1048437'] for port, before_create _notify_loop /usr/lib/python3.9/site-packages/neutron_lib/callbacks/manager.py:200
2026-01-23 07:44:56.354 15 DEBUG neutron.db.db_base_plugin_common [req-41e6b6ea-11e4-48b7-8ad4-54e4892dfefd 140f06b65a3a4ec1a3e0e7368d247baa 13cdca1e19554adeb71fb3645995b351 - default default] Allocated IP 172.17.0.233 (63439a83-bfe4-4798-8437-695247f9759b/188fb03d-2ce9-40fa-8ed0-818c12ce075c/b8a643b6-b00c-4683-9c41-1f3c5c34aaf1) _store_ip_allocation /usr/lib/python3.9/site-packages/neutron/db/db_base_plugin_common.py:131
2026-01-23 07:44:56.358 15 DEBUG neutron.db.db_base_plugin_common [req-abefc787-dd08-4f38-a851-dd5b49b71516 140f06b65a3a4ec1a3e0e7368d247baa 13cdca1e19554adeb71fb3645995b351 - default default] Allocated IP 172.21.0.174 (e8af9ea4-d929-4011-91d6-4a276583dec5/73acb0c9-f73e-4614-8bac-5244b358546e/b2beb43f-9968-48ff-a3ba-54ce410852fc) _store_ip_allocation /usr/lib/python3.9/site-packages/neutron/db/db_base_plugin_common.py:131
2026-01-23 07:44:56.359 16 DEBUG neutron.notifiers.nova [req-64f1c7a1-6251-4293-993c-86e8ef83cc5d 140f06b65a3a4ec1a3e0e7368d247baa 13cdca1e19554adeb71fb3645995b351 - default default] device_id is not set on port f77294ba-688a-4de3-86b5-199c9681ae20 yet. _can_notify /usr/lib/python3.9/site-packages/neutron/notifiers/nova.py:201
2026-01-23 07:44:56.445 16 DEBUG neutron.db.db_base_plugin_common [req-64f1c7a1-6251-4293-993c-86e8ef83cc5d 140f06b65a3a4ec1a3e0e7368d247baa 13cdca1e19554adeb71fb3645995b351 - default default] Allocated IP 172.18.0.238 (da1a3d4f-ab39-41df-919c-9e0aaf6edef6/c3de8f45-3535-4f66-a046-dbc245f490f9/f77294ba-688a-4de3-86b5-199c9681ae20) _store_ip_allocation /usr/lib/python3.9/site-packages/neutron/db/db_base_plugin_common.py:131
2026-01-23 07:44:56.458 18 DEBUG neutron_lib.callbacks.manager [req-231f2dde-c343-439f-b477-0bcdb39c8ed5 140f06b65a3a4ec1a3e0e7368d247baa 13cdca1e19554adeb71fb3645995b351 - default default] Notify callbacks [] for allowed_address_pair, before_create _notify_loop /usr/lib/python3.9/site-packages/neutron_lib/callbacks/manager.py:200
2026-01-23 07:44:56.459 18 DEBUG neutron_lib.callbacks.manager [req-231f2dde-c343-439f-b477-0bcdb39c8ed5 140f06b65a3a4ec1a3e0e7368d247baa 13cdca1e19554adeb71fb3645995b351 - default default] Notify callbacks [] for port, precommit_create _notify_loop /usr/lib/python3.9/site-packages/neutron_lib/callbacks/manager.py:200
2026-01-23 07:44:56.466 17 DEBUG neutron_lib.callbacks.manager [req-374ec19c-d075-410c-bca0-763af94f0fa7 140f06b65a3a4ec1a3e0e7368d247baa 13cdca1e19554adeb71fb3645995b351 - default default] Notify callbacks [] for allowed_address_pair, before_create _notify_loop /usr/lib/python3.9/site-packages/neutron_lib/callbacks/manager.py:200
2026-01-23 07:44:56.467 17 DEBUG neutron_lib.callbacks.manager [req-374ec19c-d075-410c-bca0-763af94f0fa7 140f06b65a3a4ec1a3e0e7368d247baa 13cdca1e19554adeb71fb3645995b351 - default default] Notify callbacks [] for port, precommit_create _notify_loop /usr/lib/python3.9/site-packages/neutron_lib/callbacks/manager.py:200
2026-01-23 07:44:56.467 18 DEBUG neutron.db.provisioning_blocks [req-231f2dde-c343-439f-b477-0bcdb39c8ed5 140f06b65a3a4ec1a3e0e7368d247baa 13cdca1e19554adeb71fb3645995b351 - default default] Transition to ACTIVE for port object 2d0dd6bc-baf3-4963-84f1-79b09bb108e4 will not be triggered until provisioned by entity DHCP. add_provisioning_component /usr/lib/python3.9/site-packages/neutron/db/provisioning_blocks.py:74
2026-01-23 07:44:56.493 18 DEBUG neutron_lib.callbacks.manager [req-231f2dde-c343-439f-b477-0bcdb39c8ed5 140f06b65a3a4ec1a3e0e7368d247baa 13cdca1e19554adeb71fb3645995b351 - default default] Notify callbacks ['neutron.plugins.ml2.plugin.SecurityGroupServerNotifierRpcMixin.notify_sg_on_port_change-528513', 'neutron.plugins.ml2.extensions.dns_integration._create_port_in_external_dns_service-8734062508364', 'neutron.plugins.ml2.ovo_rpc._ObjectChangeHandler.handle_event-1922238', 'neutron.api.rpc.agentnotifiers.dhcp_rpc_agent_api.DhcpAgentNotifyAPI._native_event_send_dhcp_notification-2011388', 'neutron.services.segments.plugin.NovaSegmentNotifier._notify_port_created_or_deleted-1780200'] for port, after_create _notify_loop /usr/lib/python3.9/site-packages/neutron_lib/callbacks/manager.py:200
2026-01-23 07:44:56.496 17 DEBUG neutron_lib.callbacks.manager [req-374ec19c-d075-410c-bca0-763af94f0fa7 140f06b65a3a4ec1a3e0e7368d247baa 13cdca1e19554adeb71fb3645995b351 - default default] Notify callbacks ['neutron.plugins.ml2.plugin.SecurityGroupServerNotifierRpcMixin.notify_sg_on_port_change-528513', 'neutron.plugins.ml2.extensions.dns_integration._create_port_in_external_dns_service-8734062508364', 'neutron.plugins.ml2.ovo_rpc._ObjectChangeHandler.handle_event-1922238', 'neutron.api.rpc.agentnotifiers.dhcp_rpc_agent_api.DhcpAgentNotifyAPI._native_event_send_dhcp_notification-2011388', 'neutron.services.segments.plugin.NovaSegmentNotifier._notify_port_created_or_deleted-1780200'] for port, after_create _notify_loop /usr/lib/python3.9/site-packages/neutron_lib/callbacks/manager.py:200
2026-01-23 07:44:56.523 18 DEBUG neutron.scheduler.dhcp_agent_scheduler [req-231f2dde-c343-439f-b477-0bcdb39c8ed5 140f06b65a3a4ec1a3e0e7368d247baa 13cdca1e19554adeb71fb3645995b351 - default default] Network 66694362-aa79-4852-b833-19c748460cef is already hosted by enough agents. _get_dhcp_agents_hosting_network /usr/lib/python3.9/site-packages/neutron/scheduler/dhcp_agent_scheduler.py:275
2026-01-23 07:44:56.526 18 DEBUG neutron.scheduler.base_scheduler [req-231f2dde-c343-439f-b477-0bcdb39c8ed5 140f06b65a3a4ec1a3e0e7368d247baa 13cdca1e19554adeb71fb3645995b351 - default default] Resources bound (agent type, host, resource id): schedule /usr/lib/python3.9/site-packages/neutron/scheduler/base_scheduler.py:57
2026-01-23 07:44:56.537 17 DEBUG neutron.api.rpc.handlers.resources_rpc [req-374ec19c-d075-410c-bca0-763af94f0fa7 140f06b65a3a4ec1a3e0e7368d247baa 13cdca1e19554adeb71fb3645995b351 - - -] Pushing event updated for resources: {'Port': ['ID=1f10c70e-8cc4-41aa-a7ea-ca9ce5c891b6,revision_number=1']} push /usr/lib/python3.9/site-packages/neutron/api/rpc/handlers/resources_rpc.py:237
2026-01-23 07:44:56.540 18 DEBUG neutron.api.rpc.handlers.resources_rpc [req-231f2dde-c343-439f-b477-0bcdb39c8ed5 140f06b65a3a4ec1a3e0e7368d247baa 13cdca1e19554adeb71fb3645995b351 - - -] Pushing event updated for resources: {'Port': ['ID=2d0dd6bc-baf3-4963-84f1-79b09bb108e4,revision_number=1']} push /usr/lib/python3.9/site-packages/neutron/api/rpc/handlers/resources_rpc.py:237
2026-01-23 07:44:56.544 17 DEBUG neutron.plugins.ml2.drivers.mech_agent [req-374ec19c-d075-410c-bca0-763af94f0fa7 140f06b65a3a4ec1a3e0e7368d247baa 13cdca1e19554adeb71fb3645995b351 - default default] Checking segment: {'id': '2674c422-f8b3-4b0e-88fb-57a77ecd7e8d', 'network_type': 'flat', 'physical_network': 'storage_mgmt_storage_mgmt_subnet', 'segmentation_id': None, 'network_id': '36224fa8-c794-4526-a4d4-a16ee7e3b46d'} for mappings: {'ctlplane': 'br-ctlplane'} with network types: ['local', 'flat', 'vlan'] check_segment_for_agent /usr/lib/python3.9/site-packages/neutron/plugins/ml2/drivers/mech_agent.py:343
2026-01-23 07:44:56.544 17 DEBUG neutron.plugins.ml2.drivers.mech_agent [req-374ec19c-d075-410c-bca0-763af94f0fa7 140f06b65a3a4ec1a3e0e7368d247baa 13cdca1e19554adeb71fb3645995b351 - default default] Network 36224fa8-c794-4526-a4d4-a16ee7e3b46d with segment 2674c422-f8b3-4b0e-88fb-57a77ecd7e8d is connected to physical network storage_mgmt_storage_mgmt_subnet, but agent undercloud.ooo.test reported physical networks {'ctlplane': 'br-ctlplane'}. The physical network must be configured on the agent if binding is to succeed. check_segment_for_agent /usr/lib/python3.9/site-packages/neutron/plugins/ml2/drivers/mech_agent.py:365
2026-01-23 07:44:56.548 17 DEBUG neutron.scheduler.dhcp_agent_scheduler [req-374ec19c-d075-410c-bca0-763af94f0fa7 140f06b65a3a4ec1a3e0e7368d247baa 13cdca1e19554adeb71fb3645995b351 - default default] Network hostable DHCP agents. Network: 36224fa8-c794-4526-a4d4-a16ee7e3b46d, hostable agents: [], hosted agents: [] _get_network_hostable_dhcp_agents /usr/lib/python3.9/site-packages/neutron/scheduler/dhcp_agent_scheduler.py:329
2026-01-23 07:44:56.549 17 DEBUG neutron.scheduler.base_scheduler [req-374ec19c-d075-410c-bca0-763af94f0fa7 140f06b65a3a4ec1a3e0e7368d247baa 13cdca1e19554adeb71fb3645995b351 - default default] Resources bound (agent type, host, resource id): schedule /usr/lib/python3.9/site-packages/neutron/scheduler/base_scheduler.py:57
2026-01-23 07:44:56.549 17 WARNING neutron.api.rpc.agentnotifiers.dhcp_rpc_agent_api [req-374ec19c-d075-410c-bca0-763af94f0fa7 140f06b65a3a4ec1a3e0e7368d247baa 13cdca1e19554adeb71fb3645995b351 - default default] Unable to schedule network 36224fa8-c794-4526-a4d4-a16ee7e3b46d: no agents available; will retry on subsequent port and subnet creation events.
2026-01-23 07:44:56.549 17 DEBUG neutron.api.rpc.agentnotifiers.dhcp_rpc_agent_api [req-374ec19c-d075-410c-bca0-763af94f0fa7 140f06b65a3a4ec1a3e0e7368d247baa 13cdca1e19554adeb71fb3645995b351 - default default] Network 36224fa8-c794-4526-a4d4-a16ee7e3b46d is not hosted by any dhcp agent _notify_agents /usr/lib/python3.9/site-packages/neutron/api/rpc/agentnotifiers/dhcp_rpc_agent_api.py:228
2026-01-23 07:44:56.558 18 DEBUG neutron.pecan_wsgi.hooks.policy_enforcement [req-231f2dde-c343-439f-b477-0bcdb39c8ed5 140f06b65a3a4ec1a3e0e7368d247baa 13cdca1e19554adeb71fb3645995b351 - default default] Attributes excluded by policy engine: ['standard_attr_id', 'network'] _exclude_attributes_by_policy /usr/lib/python3.9/site-packages/neutron/pecan_wsgi/hooks/policy_enforcement.py:259
2026-01-23 07:44:56.558 18 DEBUG neutron_lib.callbacks.manager [req-231f2dde-c343-439f-b477-0bcdb39c8ed5 140f06b65a3a4ec1a3e0e7368d247baa 13cdca1e19554adeb71fb3645995b351 - default default] Notify callbacks ['neutron.notifiers.nova.Notifier._send_nova_notification-2013558', 'neutron.api.rpc.agentnotifiers.dhcp_rpc_agent_api.DhcpAgentNotifyAPI._send_dhcp_notification-2011278'] for port, before_response _notify_loop /usr/lib/python3.9/site-packages/neutron_lib/callbacks/manager.py:200
2026-01-23 07:44:56.566 18 INFO neutron.wsgi [req-231f2dde-c343-439f-b477-0bcdb39c8ed5 140f06b65a3a4ec1a3e0e7368d247baa 13cdca1e19554adeb71fb3645995b351 - default default] 192.168.122.99,192.168.122.100 "POST /v2.0/ports HTTP/1.1" status: 201 len: 1155 time: 0.4227712
2026-01-23 07:44:56.575 18 DEBUG neutron.services.tag.tag_plugin [req-dabe12a9-19f5-4d55-8d75-11455addaab4 140f06b65a3a4ec1a3e0e7368d247baa 13cdca1e19554adeb71fb3645995b351 - default default] neutron.services.tag.tag_plugin.TagPlugin method update_tags called with arguments (, 'ports', '2d0dd6bc-baf3-4963-84f1-79b09bb108e4', {'tags': ['tripleo_stack_name=overcloud', 'tripleo_vip_net=ctlplane']}) {} wrapper /usr/lib/python3.9/site-packages/oslo_log/helpers.py:65
2026-01-23 07:44:56.577 17 DEBUG neutron.pecan_wsgi.hooks.policy_enforcement [req-374ec19c-d075-410c-bca0-763af94f0fa7 140f06b65a3a4ec1a3e0e7368d247baa 13cdca1e19554adeb71fb3645995b351 - default default] Attributes excluded by policy engine: ['standard_attr_id', 'network'] _exclude_attributes_by_policy /usr/lib/python3.9/site-packages/neutron/pecan_wsgi/hooks/policy_enforcement.py:259
2026-01-23 07:44:56.577 17 DEBUG neutron_lib.callbacks.manager [req-374ec19c-d075-410c-bca0-763af94f0fa7 140f06b65a3a4ec1a3e0e7368d247baa 13cdca1e19554adeb71fb3645995b351 - default default] Notify callbacks ['neutron.notifiers.nova.Notifier._send_nova_notification-2013558', 'neutron.api.rpc.agentnotifiers.dhcp_rpc_agent_api.DhcpAgentNotifyAPI._send_dhcp_notification-2011278'] for port, before_response _notify_loop /usr/lib/python3.9/site-packages/neutron_lib/callbacks/manager.py:200
2026-01-23 07:44:56.590 17 INFO neutron.wsgi [req-374ec19c-d075-410c-bca0-763af94f0fa7 140f06b65a3a4ec1a3e0e7368d247baa 13cdca1e19554adeb71fb3645995b351 - default default] 192.168.122.99,192.168.122.100 "POST /v2.0/ports HTTP/1.1" status: 201 len: 1155 time: 0.4496503
2026-01-23 07:44:56.596 17 DEBUG neutron.services.tag.tag_plugin [req-db3b3cef-1cba-4eb9-a06b-4ec78a83ea53 140f06b65a3a4ec1a3e0e7368d247baa 13cdca1e19554adeb71fb3645995b351 - default default] neutron.services.tag.tag_plugin.TagPlugin method update_tags called with arguments (, 'ports', '1f10c70e-8cc4-41aa-a7ea-ca9ce5c891b6', {'tags': ['tripleo_stack_name=overcloud', 'tripleo_vip_net=storage_mgmt']}) {} wrapper /usr/lib/python3.9/site-packages/oslo_log/helpers.py:65
2026-01-23 07:44:56.615 18 INFO neutron.wsgi [req-dabe12a9-19f5-4d55-8d75-11455addaab4 140f06b65a3a4ec1a3e0e7368d247baa 13cdca1e19554adeb71fb3645995b351 - default default] 192.168.122.99,192.168.122.100 "PUT /v2.0/ports/2d0dd6bc-baf3-4963-84f1-79b09bb108e4/tags HTTP/1.1" status: 200 len: 244 time: 0.0426283
2026-01-23 07:44:56.636 16 DEBUG neutron_lib.callbacks.manager [req-64f1c7a1-6251-4293-993c-86e8ef83cc5d 140f06b65a3a4ec1a3e0e7368d247baa 13cdca1e19554adeb71fb3645995b351 - default default] Notify callbacks [] for allowed_address_pair, before_create _notify_loop /usr/lib/python3.9/site-packages/neutron_lib/callbacks/manager.py:200
2026-01-23 07:44:56.636 16 DEBUG neutron_lib.callbacks.manager [req-64f1c7a1-6251-4293-993c-86e8ef83cc5d 140f06b65a3a4ec1a3e0e7368d247baa 13cdca1e19554adeb71fb3645995b351 - default default] Notify callbacks [] for port, precommit_create _notify_loop /usr/lib/python3.9/site-packages/neutron_lib/callbacks/manager.py:200
2026-01-23 07:44:56.637 17 INFO neutron.wsgi [req-db3b3cef-1cba-4eb9-a06b-4ec78a83ea53 140f06b65a3a4ec1a3e0e7368d247baa 13cdca1e19554adeb71fb3645995b351 - default default] 192.168.122.99,192.168.122.100 "PUT /v2.0/ports/1f10c70e-8cc4-41aa-a7ea-ca9ce5c891b6/tags HTTP/1.1" status: 200 len: 248 time: 0.0430660
2026-01-23 07:44:56.642 15 DEBUG neutron_lib.callbacks.manager [req-41e6b6ea-11e4-48b7-8ad4-54e4892dfefd 140f06b65a3a4ec1a3e0e7368d247baa 13cdca1e19554adeb71fb3645995b351 - default default] Notify callbacks [] for allowed_address_pair, before_create _notify_loop /usr/lib/python3.9/site-packages/neutron_lib/callbacks/manager.py:200
2026-01-23 07:44:56.642 15 DEBUG neutron_lib.callbacks.manager [req-41e6b6ea-11e4-48b7-8ad4-54e4892dfefd 140f06b65a3a4ec1a3e0e7368d247baa 13cdca1e19554adeb71fb3645995b351 - default default] Notify callbacks [] for port, precommit_create _notify_loop /usr/lib/python3.9/site-packages/neutron_lib/callbacks/manager.py:200
2026-01-23 07:44:56.645 15 DEBUG neutron_lib.callbacks.manager [req-abefc787-dd08-4f38-a851-dd5b49b71516 140f06b65a3a4ec1a3e0e7368d247baa 13cdca1e19554adeb71fb3645995b351 - default default] Notify callbacks [] for allowed_address_pair, before_create _notify_loop /usr/lib/python3.9/site-packages/neutron_lib/callbacks/manager.py:200
2026-01-23 07:44:56.645 15 DEBUG neutron_lib.callbacks.manager [req-abefc787-dd08-4f38-a851-dd5b49b71516 140f06b65a3a4ec1a3e0e7368d247baa 13cdca1e19554adeb71fb3645995b351 - default default] Notify callbacks [] for port, precommit_create _notify_loop /usr/lib/python3.9/site-packages/neutron_lib/callbacks/manager.py:200
2026-01-23 07:44:56.667 16 DEBUG neutron_lib.callbacks.manager [req-64f1c7a1-6251-4293-993c-86e8ef83cc5d 140f06b65a3a4ec1a3e0e7368d247baa 13cdca1e19554adeb71fb3645995b351 - default default] Notify callbacks ['neutron.plugins.ml2.plugin.SecurityGroupServerNotifierRpcMixin.notify_sg_on_port_change-528513', 'neutron.plugins.ml2.extensions.dns_integration._create_port_in_external_dns_service-8734062508364', 'neutron.plugins.ml2.ovo_rpc._ObjectChangeHandler.handle_event-1922238', 'neutron.api.rpc.agentnotifiers.dhcp_rpc_agent_api.DhcpAgentNotifyAPI._native_event_send_dhcp_notification-2011388', 'neutron.services.segments.plugin.NovaSegmentNotifier._notify_port_created_or_deleted-1780200'] for port, after_create _notify_loop /usr/lib/python3.9/site-packages/neutron_lib/callbacks/manager.py:200
2026-01-23 07:44:56.675 15 DEBUG neutron_lib.callbacks.manager [req-41e6b6ea-11e4-48b7-8ad4-54e4892dfefd 140f06b65a3a4ec1a3e0e7368d247baa 13cdca1e19554adeb71fb3645995b351 - default default] Notify callbacks ['neutron.plugins.ml2.plugin.SecurityGroupServerNotifierRpcMixin.notify_sg_on_port_change-528513', 'neutron.plugins.ml2.extensions.dns_integration._create_port_in_external_dns_service-8734062508364', 'neutron.plugins.ml2.ovo_rpc._ObjectChangeHandler.handle_event-1922238', 'neutron.api.rpc.agentnotifiers.dhcp_rpc_agent_api.DhcpAgentNotifyAPI._native_event_send_dhcp_notification-2011388', 'neutron.services.segments.plugin.NovaSegmentNotifier._notify_port_created_or_deleted-1780200'] for port, after_create _notify_loop /usr/lib/python3.9/site-packages/neutron_lib/callbacks/manager.py:200
2026-01-23 07:44:56.695 15 DEBUG neutron_lib.callbacks.manager [req-abefc787-dd08-4f38-a851-dd5b49b71516 140f06b65a3a4ec1a3e0e7368d247baa 13cdca1e19554adeb71fb3645995b351 - default default] Notify callbacks ['neutron.plugins.ml2.plugin.SecurityGroupServerNotifierRpcMixin.notify_sg_on_port_change-528513', 'neutron.plugins.ml2.extensions.dns_integration._create_port_in_external_dns_service-8734062508364', 'neutron.plugins.ml2.ovo_rpc._ObjectChangeHandler.handle_event-1922238', 'neutron.api.rpc.agentnotifiers.dhcp_rpc_agent_api.DhcpAgentNotifyAPI._native_event_send_dhcp_notification-2011388', 'neutron.services.segments.plugin.NovaSegmentNotifier._notify_port_created_or_deleted-1780200'] for port, after_create _notify_loop /usr/lib/python3.9/site-packages/neutron_lib/callbacks/manager.py:200
2026-01-23 07:44:56.719 16 DEBUG neutron.api.rpc.handlers.resources_rpc [req-64f1c7a1-6251-4293-993c-86e8ef83cc5d 140f06b65a3a4ec1a3e0e7368d247baa 13cdca1e19554adeb71fb3645995b351 - - -] Pushing event updated for resources: {'Port': ['ID=f77294ba-688a-4de3-86b5-199c9681ae20,revision_number=1']} push /usr/lib/python3.9/site-packages/neutron/api/rpc/handlers/resources_rpc.py:237
2026-01-23 07:44:56.727 16 DEBUG neutron.api.rpc.callbacks.version_manager [req-64f1c7a1-6251-4293-993c-86e8ef83cc5d 140f06b65a3a4ec1a3e0e7368d247baa 13cdca1e19554adeb71fb3645995b351 - - -] Version for resource type AddressGroup changed None to 1.2 on consumer Open vSwitch agent@undercloud.ooo.test _set_version /usr/lib/python3.9/site-packages/neutron/api/rpc/callbacks/version_manager.py:113
2026-01-23 07:44:56.727 16 DEBUG neutron.api.rpc.callbacks.version_manager [req-64f1c7a1-6251-4293-993c-86e8ef83cc5d 140f06b65a3a4ec1a3e0e7368d247baa 13cdca1e19554adeb71fb3645995b351 - - -] Version for resource type ConntrackHelper changed None to 1.0 on consumer Open vSwitch agent@undercloud.ooo.test _set_version /usr/lib/python3.9/site-packages/neutron/api/rpc/callbacks/version_manager.py:113
2026-01-23 07:44:56.727 16 DEBUG neutron.api.rpc.callbacks.version_manager [req-64f1c7a1-6251-4293-993c-86e8ef83cc5d 140f06b65a3a4ec1a3e0e7368d247baa 13cdca1e19554adeb71fb3645995b351 - - -] Version for resource type Log changed None to 1.0 on consumer Open vSwitch agent@undercloud.ooo.test _set_version /usr/lib/python3.9/site-packages/neutron/api/rpc/callbacks/version_manager.py:113
2026-01-23 07:44:56.727 16 DEBUG neutron.api.rpc.callbacks.version_manager [req-64f1c7a1-6251-4293-993c-86e8ef83cc5d 140f06b65a3a4ec1a3e0e7368d247baa 13cdca1e19554adeb71fb3645995b351 - - -] Version for resource type Network changed None to 1.1 on consumer Open vSwitch agent@undercloud.ooo.test _set_version /usr/lib/python3.9/site-packages/neutron/api/rpc/callbacks/version_manager.py:113
2026-01-23 07:44:56.727 15 DEBUG neutron.api.rpc.handlers.resources_rpc [req-41e6b6ea-11e4-48b7-8ad4-54e4892dfefd 140f06b65a3a4ec1a3e0e7368d247baa 13cdca1e19554adeb71fb3645995b351 - - -] Pushing event updated for resources: {'Port': ['ID=b8a643b6-b00c-4683-9c41-1f3c5c34aaf1,revision_number=1']} push /usr/lib/python3.9/site-packages/neutron/api/rpc/handlers/resources_rpc.py:237
2026-01-23 07:44:56.728 16 DEBUG neutron.api.rpc.callbacks.version_manager [req-64f1c7a1-6251-4293-993c-86e8ef83cc5d 140f06b65a3a4ec1a3e0e7368d247baa 13cdca1e19554adeb71fb3645995b351 - - -] Version for resource type Port changed None to 1.7 on consumer Open vSwitch agent@undercloud.ooo.test _set_version /usr/lib/python3.9/site-packages/neutron/api/rpc/callbacks/version_manager.py:113
2026-01-23 07:44:56.728 16 DEBUG neutron.api.rpc.callbacks.version_manager [req-64f1c7a1-6251-4293-993c-86e8ef83cc5d 140f06b65a3a4ec1a3e0e7368d247baa 13cdca1e19554adeb71fb3645995b351 - - -] Version for resource type PortForwarding changed None to 1.2 on consumer Open vSwitch agent@undercloud.ooo.test _set_version /usr/lib/python3.9/site-packages/neutron/api/rpc/callbacks/version_manager.py:113
2026-01-23 07:44:56.728 16 DEBUG neutron.api.rpc.callbacks.version_manager [req-64f1c7a1-6251-4293-993c-86e8ef83cc5d 140f06b65a3a4ec1a3e0e7368d247baa 13cdca1e19554adeb71fb3645995b351 - - -] Version for resource type QosPolicy changed None to 1.8 on consumer Open vSwitch agent@undercloud.ooo.test _set_version /usr/lib/python3.9/site-packages/neutron/api/rpc/callbacks/version_manager.py:113
