Mar 10 23:15:48 standalone proxy-server[124536]: 172.18.0.2 ::1 10/Mar/2026/23/15/48 GET /v1/AUTH_a58440e7bedc4755b0a01169452bed14/gnocchi.e83ea0b0-2f8d-4852-b7af-e6ccebfc863e%3Fformat%3Djson%26states%3Dlisting HTTP/1.0 200 - python-swiftclient-3.11.1 gAAAAABpsKVm7GMK... - 2 - txd6f53453ed064febb5443-0069b0a624 - 0.0127 - - 1773184548.124023199 1773184548.136734247 0
Mar 10 23:15:48 standalone object-server[122645]: 172.20.0.100 - - [10/Mar/2026:23:15:48 +0000] "GET /d1/398/AUTH_a58440e7bedc4755b0a01169452bed14/gnocchi.e83ea0b0-2f8d-4852-b7af-e6ccebfc863e/1772280000.0_mean_300.0_v3" 404 70 "GET http://localhost:8080/v1/AUTH_a58440e7bedc4755b0a01169452bed14/gnocchi.e83ea0b0-2f8d-4852-b7af-e6ccebfc863e/1772280000.0_mean_300.0_v3" "tx33b3b620db0f44f7b3ffa-0069b0a624" "proxy-server 21" 0.0004 "-" 20 0
Mar 10 23:15:48 standalone proxy-server[124536]: 172.18.0.2 ::1 10/Mar/2026/23/15/48 GET /v1/AUTH_a58440e7bedc4755b0a01169452bed14/gnocchi.e83ea0b0-2f8d-4852-b7af-e6ccebfc863e/1772280000.0_mean_300.0_v3 HTTP/1.0 404 - python-swiftclient-3.11.1 gAAAAABpsKVm7GMK... - 70 - tx33b3b620db0f44f7b3ffa-0069b0a624 - 0.0042 - - 1773184548.139174938 1773184548.143398762 0
Mar 10 23:15:48 standalone container-server[122358]: 172.20.0.100 - - [10/Mar/2026:23:15:48 +0000] "PUT /d1/596/AUTH_a58440e7bedc4755b0a01169452bed14/gnocchi.e83ea0b0-2f8d-4852-b7af-e6ccebfc863e/1772280000.0_mean_300.0_v3" 201 - "PUT http://localhost:8080/d1/398/AUTH_a58440e7bedc4755b0a01169452bed14/gnocchi.e83ea0b0-2f8d-4852-b7af-e6ccebfc863e/1772280000.0_mean_300.0_v3" "txe3ce6debf6ed4d4f9fc5a-0069b0a624" "object-server 23" 0.0006 "-" 22 0
Mar 10 23:15:48 standalone object-server[122656]: 172.20.0.100 - - [10/Mar/2026:23:15:48 +0000] "PUT /d1/398/AUTH_a58440e7bedc4755b0a01169452bed14/gnocchi.e83ea0b0-2f8d-4852-b7af-e6ccebfc863e/1772280000.0_mean_300.0_v3" 201 - "PUT http://localhost:8080/v1/AUTH_a58440e7bedc4755b0a01169452bed14/gnocchi.e83ea0b0-2f8d-4852-b7af-e6ccebfc863e/1772280000.0_mean_300.0_v3" "txe3ce6debf6ed4d4f9fc5a-0069b0a624" "proxy-server 21" 0.0104 "-" 23 0
Mar 10 23:15:48 standalone proxy-server[124536]: 172.18.0.2 ::1 10/Mar/2026/23/15/48 PUT /v1/AUTH_a58440e7bedc4755b0a01169452bed14/gnocchi.e83ea0b0-2f8d-4852-b7af-e6ccebfc863e/1772280000.0_mean_300.0_v3 HTTP/1.0 201 - python-swiftclient-3.11.1 gAAAAABpsKVm7GMK... 16 - - txe3ce6debf6ed4d4f9fc5a-0069b0a624 - 0.0141 - - 1773184548.145485163 1773184548.159612417 0
Mar 10 23:15:48 standalone container-server[122349]: 172.20.0.100 - - [10/Mar/2026:23:15:48 +0000] "PUT /d1/596/AUTH_a58440e7bedc4755b0a01169452bed14/gnocchi.e83ea0b0-2f8d-4852-b7af-e6ccebfc863e/none_v3" 201 - "PUT http://localhost:8080/d1/941/AUTH_a58440e7bedc4755b0a01169452bed14/gnocchi.e83ea0b0-2f8d-4852-b7af-e6ccebfc863e/none_v3" "txefe144af8f7840e7ab033-0069b0a624" "object-server 23" 0.0008 "-" 21 0
Mar 10 23:15:48 standalone object-server[122656]: 172.20.0.100 - - [10/Mar/2026:23:15:48 +0000] "PUT /d1/941/AUTH_a58440e7bedc4755b0a01169452bed14/gnocchi.e83ea0b0-2f8d-4852-b7af-e6ccebfc863e/none_v3" 201 - "PUT http://localhost:8080/v1/AUTH_a58440e7bedc4755b0a01169452bed14/gnocchi.e83ea0b0-2f8d-4852-b7af-e6ccebfc863e/none_v3" "txefe144af8f7840e7ab033-0069b0a624" "proxy-server 21" 0.0093 "-" 23 0
Mar 10 23:15:48 standalone proxy-server[124536]: 172.18.0.2 ::1 10/Mar/2026/23/15/48 PUT /v1/AUTH_a58440e7bedc4755b0a01169452bed14/gnocchi.e83ea0b0-2f8d-4852-b7af-e6ccebfc863e/none_v3 HTTP/1.0 201 - python-swiftclient-3.11.1 gAAAAABpsKVm7GMK... 22 - - txefe144af8f7840e7ab033-0069b0a624 - 0.0131 - - 1773184548.161618471 1773184548.174706697 0
Mar 10 23:15:48 standalone container-server[122335]: 172.20.0.100 - - [10/Mar/2026:23:15:48 +0000] "HEAD /d1/304/AUTH_a58440e7bedc4755b0a01169452bed14/gnocchi.04b2e0a4-6439-416a-9b88-de59a7ca48b4" 404 - "HEAD http://localhost:8080/v1/AUTH_a58440e7bedc4755b0a01169452bed14/gnocchi.04b2e0a4-6439-416a-9b88-de59a7ca48b4?format=json&states=listing" "txc870ca8e8e69404a8678e-0069b0a624" "proxy-server 21" 0.0005 "-" 20 0
Mar 10 23:15:48 standalone object-server[122645]: 172.20.0.100 - - [10/Mar/2026:23:15:48 +0000] "GET /d1/29/AUTH_a58440e7bedc4755b0a01169452bed14/gnocchi.04b2e0a4-6439-416a-9b88-de59a7ca48b4/none_v3" 404 70 "GET http://localhost:8080/v1/AUTH_a58440e7bedc4755b0a01169452bed14/gnocchi.04b2e0a4-6439-416a-9b88-de59a7ca48b4/none_v3" "txc870ca8e8e69404a8678e-0069b0a624" "proxy-server 21" 0.0003 "-" 20 0
Mar 10 23:15:48 standalone proxy-server[124536]: 172.18.0.2 ::1 10/Mar/2026/23/15/48 GET /v1/AUTH_a58440e7bedc4755b0a01169452bed14/gnocchi.04b2e0a4-6439-416a-9b88-de59a7ca48b4/none_v3 HTTP/1.0 404 - python-swiftclient-3.11.1 gAAAAABpsKVm7GMK... - 70 - txc870ca8e8e69404a8678e-0069b0a624 - 0.0264 - - 1773184548.182884455 1773184548.209290743 0
Mar 10 23:15:48 standalone account-server[122302]: 172.20.0.100 - - [10/Mar/2026:23:15:48 +0000] "PUT /d1/609/AUTH_a58440e7bedc4755b0a01169452bed14/gnocchi.04b2e0a4-6439-416a-9b88-de59a7ca48b4" 201 - "PUT http://172.20.0.100:6001/d1/304/AUTH_a58440e7bedc4755b0a01169452bed14/gnocchi.04b2e0a4-6439-416a-9b88-de59a7ca48b4" "txa823707b0aff4e869c3e2-0069b0a624" "container-server 23" 0.0052 "-" 20 0
Mar 10 23:15:48 standalone container-server[122360]: 172.20.0.100 - - [10/Mar/2026:23:15:48 +0000] "PUT /d1/304/AUTH_a58440e7bedc4755b0a01169452bed14/gnocchi.04b2e0a4-6439-416a-9b88-de59a7ca48b4" 201 - "PUT http://localhost:8080/v1/AUTH_a58440e7bedc4755b0a01169452bed14/gnocchi.04b2e0a4-6439-416a-9b88-de59a7ca48b4" "txa823707b0aff4e869c3e2-0069b0a624" "proxy-server 21" 0.0169 "-" 23 0
Mar 10 23:15:48 standalone proxy-server[124536]: 172.18.0.2 ::1 10/Mar/2026/23/15/48 PUT /v1/AUTH_a58440e7bedc4755b0a01169452bed14/gnocchi.04b2e0a4-6439-416a-9b88-de59a7ca48b4 HTTP/1.0 201 - python-swiftclient-3.11.1 gAAAAABpsKVm7GMK... - - - txa823707b0aff4e869c3e2-0069b0a624 - 0.0217 - - 1773184548.212687016 1773184548.234436750 0
Mar 10 23:15:48 standalone container-server[122335]: 172.20.0.100 - - [10/Mar/2026:23:15:48 +0000] "HEAD /d1/304/AUTH_a58440e7bedc4755b0a01169452bed14/gnocchi.04b2e0a4-6439-416a-9b88-de59a7ca48b4" 204 - "HEAD http://localhost:8080/v1/AUTH_a58440e7bedc4755b0a01169452bed14/gnocchi.04b2e0a4-6439-416a-9b88-de59a7ca48b4?format=json&states=listing" "tx5977549163824c54b0263-0069b0a624" "proxy-server 21" 0.0023 "-" 20 0
Mar 10 23:15:48 standalone proxy-server[124536]: - - 10/Mar/2026/23/15/48 HEAD /v1/AUTH_a58440e7bedc4755b0a01169452bed14/gnocchi.04b2e0a4-6439-416a-9b88-de59a7ca48b4%3Fformat%3Djson%26states%3Dlisting HTTP/1.0 204 - Swift - - - - tx5977549163824c54b0263-0069b0a624 - 0.0062 RL - 1773184548.244152308 1773184548.250317335 0
Mar 10 23:15:48 standalone container-server[122349]: 172.20.0.100 - - [10/Mar/2026:23:15:48 +0000] "GET /d1/304/AUTH_a58440e7bedc4755b0a01169452bed14/gnocchi.04b2e0a4-6439-416a-9b88-de59a7ca48b4" 200 2 "GET http://localhost:8080/v1/AUTH_a58440e7bedc4755b0a01169452bed14/gnocchi.04b2e0a4-6439-416a-9b88-de59a7ca48b4?format=json&states=listing" "tx5977549163824c54b0263-0069b0a624" "proxy-server 21" 0.0033 "-" 21 0
Mar 10 23:15:48 standalone proxy-server[124536]: 172.18.0.2 ::1 10/Mar/2026/23/15/48 GET /v1/AUTH_a58440e7bedc4755b0a01169452bed14/gnocchi.04b2e0a4-6439-416a-9b88-de59a7ca48b4%3Fformat%3Djson%26states%3Dlisting HTTP/1.0 200 - python-swiftclient-3.11.1 gAAAAABpsKVm7GMK... - 2 - tx5977549163824c54b0263-0069b0a624 - 0.0167 - - 1773184548.243110657 1773184548.259850979 0
Mar 10 23:15:48 standalone object-server[122656]: 172.20.0.100 - - [10/Mar/2026:23:15:48 +0000] "GET /d1/827/AUTH_a58440e7bedc4755b0a01169452bed14/gnocchi.04b2e0a4-6439-416a-9b88-de59a7ca48b4/1772280000.0_mean_300.0_v3" 404 70 "GET http://localhost:8080/v1/AUTH_a58440e7bedc4755b0a01169452bed14/gnocchi.04b2e0a4-6439-416a-9b88-de59a7ca48b4/1772280000.0_mean_300.0_v3" "tx2d977cd35fbd4e209e1a0-0069b0a624" "proxy-server 21" 0.0004 "-" 23 0
Mar 10 23:15:48 standalone proxy-server[124536]: 172.18.0.2 ::1 10/Mar/2026/23/15/48 GET /v1/AUTH_a58440e7bedc4755b0a01169452bed14/gnocchi.04b2e0a4-6439-416a-9b88-de59a7ca48b4/1772280000.0_mean_300.0_v3 HTTP/1.0 404 - python-swiftclient-3.11.1 gAAAAABpsKVm7GMK... - 70 - tx2d977cd35fbd4e209e1a0-0069b0a624 - 0.0056 - - 1773184548.264684439 1773184548.270312309 0
Mar 10 23:15:48 standalone container-server[122360]: 172.20.0.100 - - [10/Mar/2026:23:15:48 +0000] "PUT /d1/304/AUTH_a58440e7bedc4755b0a01169452bed14/gnocchi.04b2e0a4-6439-416a-9b88-de59a7ca48b4/1772280000.0_mean_300.0_v3" 201 - "PUT http://localhost:8080/d1/827/AUTH_a58440e7bedc4755b0a01169452bed14/gnocchi.04b2e0a4-6439-416a-9b88-de59a7ca48b4/1772280000.0_mean_300.0_v3" "tx70f101f24b0a4818ace4d-0069b0a624" "object-server 21" 0.0009 "-" 23 0
Mar 10 23:15:48 standalone object-server[122647]: 172.20.0.100 - - [10/Mar/2026:23:15:48 +0000] "PUT /d1/827/AUTH_a58440e7bedc4755b0a01169452bed14/gnocchi.04b2e0a4-6439-416a-9b88-de59a7ca48b4/1772280000.0_mean_300.0_v3" 201 - "PUT http://localhost:8080/v1/AUTH_a58440e7bedc4755b0a01169452bed14/gnocchi.04b2e0a4-6439-416a-9b88-de59a7ca48b4/1772280000.0_mean_300.0_v3" "tx70f101f24b0a4818ace4d-0069b0a624" "proxy-server 21" 0.0116 "-" 21 0
Mar 10 23:15:48 standalone proxy-server[124536]: 172.18.0.2 ::1 10/Mar/2026/23/15/48 PUT /v1/AUTH_a58440e7bedc4755b0a01169452bed14/gnocchi.04b2e0a4-6439-416a-9b88-de59a7ca48b4/1772280000.0_mean_300.0_v3 HTTP/1.0 201 - python-swiftclient-3.11.1 gAAAAABpsKVm7GMK... 16 - - tx70f101f24b0a4818ace4d-0069b0a624 - 0.0179 - - 1773184548.274718523 1773184548.292605877 0
Mar 10 23:15:48 standalone container-server[122358]: 172.20.0.100 - - [10/Mar/2026:23:15:48 +0000] "PUT /d1/304/AUTH_a58440e7bedc4755b0a01169452bed14/gnocchi.04b2e0a4-6439-416a-9b88-de59a7ca48b4/none_v3" 201 - "PUT http://localhost:8080/d1/29/AUTH_a58440e7bedc4755b0a01169452bed14/gnocchi.04b2e0a4-6439-416a-9b88-de59a7ca48b4/none_v3" "tx05ace7018b7a4ffea1476-0069b0a624" "object-server 20" 0.0007 "-" 22 0
Mar 10 23:15:48 standalone object-server[122645]: 172.20.0.100 - - [10/Mar/2026:23:15:48 +0000] "PUT /d1/29/AUTH_a58440e7bedc4755b0a01169452bed14/gnocchi.04b2e0a4-6439-416a-9b88-de59a7ca48b4/none_v3" 201 - "PUT http://localhost:8080/v1/AUTH_a58440e7bedc4755b0a01169452bed14/gnocchi.04b2e0a4-6439-416a-9b88-de59a7ca48b4/none_v3" "tx05ace7018b7a4ffea1476-0069b0a624" "proxy-server 21" 0.0093 "-" 20 0
Mar 10 23:15:48 standalone proxy-server[124536]: 172.18.0.2 ::1 10/Mar/2026/23/15/48 PUT /v1/AUTH_a58440e7bedc4755b0a01169452bed14/gnocchi.04b2e0a4-6439-416a-9b88-de59a7ca48b4/none_v3 HTTP/1.0 201 - python-swiftclient-3.11.1 gAAAAABpsKVm7GMK... 22 - - tx05ace7018b7a4ffea1476-0069b0a624 - 0.0144 - - 1773184548.296174765 1773184548.310581207 0
Mar 10 23:15:48 standalone container-server[122349]: 172.20.0.100 - - [10/Mar/2026:23:15:48 +0000] "HEAD /d1/890/AUTH_a58440e7bedc4755b0a01169452bed14/gnocchi.47c4feb7-b83d-4ee5-b338-493d1e857e20" 404 - "HEAD http://localhost:8080/v1/AUTH_a58440e7bedc4755b0a01169452bed14/gnocchi.47c4feb7-b83d-4ee5-b338-493d1e857e20?format=json&states=listing" "txc960746663b948028fdb4-0069b0a624" "proxy-server 21" 0.0005 "-" 21 0
Mar 10 23:15:48 standalone object-server[122647]: 172.20.0.100 - - [10/Mar/2026:23:15:48 +0000] "GET /d1/122/AUTH_a58440e7bedc4755b0a01169452bed14/gnocchi.47c4feb7-b83d-4ee5-b338-493d1e857e20/none_v3" 404 70 "GET http://localhost:8080/v1/AUTH_a58440e7bedc4755b0a01169452bed14/gnocchi.47c4feb7-b83d-4ee5-b338-493d1e857e20/none_v3" "txc960746663b948028fdb4-0069b0a624" "proxy-server 21" 0.0004 "-" 21 0
Mar 10 23:15:48 standalone proxy-server[124536]: 172.18.0.2 ::1 10/Mar/2026/23/15/48 GET /v1/AUTH_a58440e7bedc4755b0a01169452bed14/gnocchi.47c4feb7-b83d-4ee5-b338-493d1e857e20/none_v3 HTTP/1.0 404 - python-swiftclient-3.11.1 gAAAAABpsKVm7GMK... - 70 - txc960746663b948028fdb4-0069b0a624 - 0.0123 - - 1773184548.326063156 1773184548.338316917 0
Mar 10 23:15:48 standalone account-server[122302]: 172.20.0.100 - - [10/Mar/2026:23:15:48 +0000] "PUT /d1/609/AUTH_a58440e7bedc4755b0a01169452bed14/gnocchi.47c4feb7-b83d-4ee5-b338-493d1e857e20" 201 - "PUT http://172.20.0.100:6001/d1/890/AUTH_a58440e7bedc4755b0a01169452bed14/gnocchi.47c4feb7-b83d-4ee5-b338-493d1e857e20" "tx0c6f29c9cb3649a488f64-0069b0a624" "container-server 20" 0.0054 "-" 20 0
Mar 10 23:15:48 standalone container-server[122335]: 172.20.0.100 - - [10/Mar/2026:23:15:48 +0000] "PUT /d1/890/AUTH_a58440e7bedc4755b0a01169452bed14/gnocchi.47c4feb7-b83d-4ee5-b338-493d1e857e20" 201 - "PUT http://localhost:8080/v1/AUTH_a58440e7bedc4755b0a01169452bed14/gnocchi.47c4feb7-b83d-4ee5-b338-493d1e857e20" "tx0c6f29c9cb3649a488f64-0069b0a624" "proxy-server 21" 0.0173 "-" 20 0
Mar 10 23:15:48 standalone proxy-server[124536]: 172.18.0.2 ::1 10/Mar/2026/23/15/48 PUT /v1/AUTH_a58440e7bedc4755b0a01169452bed14/gnocchi.47c4feb7-b83d-4ee5-b338-493d1e857e20 HTTP/1.0 201 - python-swiftclient-3.11.1 gAAAAABpsKVm7GMK... - - - tx0c6f29c9cb3649a488f64-0069b0a624 - 0.0241 - - 1773184548.342580795 1773184548.366671801 0
Mar 10 23:15:48 standalone container-server[122360]: 172.20.0.100 - - [10/Mar/2026:23:15:48 +0000] "HEAD /d1/890/AUTH_a58440e7bedc4755b0a01169452bed14/gnocchi.47c4feb7-b83d-4ee5-b338-493d1e857e20" 204 - "HEAD http://localhost:8080/v1/AUTH_a58440e7bedc4755b0a01169452bed14/gnocchi.47c4feb7-b83d-4ee5-b338-493d1e857e20?format=json&states=listing" "tx17ce679991fa4cff9b442-0069b0a624" "proxy-server 21" 0.0021 "-" 23 0
Mar 10 23:15:48 standalone proxy-server[124536]: - - 10/Mar/2026/23/15/48 HEAD /v1/AUTH_a58440e7bedc4755b0a01169452bed14/gnocchi.47c4feb7-b83d-4ee5-b338-493d1e857e20%3Fformat%3Djson%26states%3Dlisting HTTP/1.0 204 - Swift - - - - tx17ce679991fa4cff9b442-0069b0a624 - 0.0064 RL - 1773184548.373008728 1773184548.379451752 0
Mar 10 23:15:48 standalone container-server[122358]: 172.20.0.100 - - [10/Mar/2026:23:15:48 +0000] "GET /d1/890/AUTH_a58440e7bedc4755b0a01169452bed14/gnocchi.47c4feb7-b83d-4ee5-b338-493d1e857e20" 200 2 "GET http://localhost:8080/v1/AUTH_a58440e7bedc4755b0a01169452bed14/gnocchi.47c4feb7-b83d-4ee5-b338-493d1e857e20?format=json&states=listing" "tx17ce679991fa4cff9b442-0069b0a624" "proxy-server 21" 0.0033 "-" 22 0
Mar 10 23:15:48 standalone proxy-server[124536]: 172.18.0.2 ::1 10/Mar/2026/23/15/48 GET /v1/AUTH_a58440e7bedc4755b0a01169452bed14/gnocchi.47c4feb7-b83d-4ee5-b338-493d1e857e20%3Fformat%3Djson%26states%3Dlisting HTTP/1.0 200 - python-swiftclient-3.11.1 gAAAAABpsKVm7GMK... - 2 - tx17ce679991fa4cff9b442-0069b0a624 - 0.0193 - - 1773184548.371599436 1773184548.390941858 0
Mar 10 23:15:48 standalone object-server[122649]: 172.20.0.100 - - [10/Mar/2026:23:15:48 +0000] "GET /d1/964/AUTH_a58440e7bedc4755b0a01169452bed14/gnocchi.47c4feb7-b83d-4ee5-b338-493d1e857e20/1772280000.0_mean_300.0_v3" 404 70 "GET http://localhost:8080/v1/AUTH_a58440e7bedc4755b0a01169452bed14/gnocchi.47c4feb7-b83d-4ee5-b338-493d1e857e20/1772280000.0_mean_300.0_v3" "txf1ab2ebe55be481aa2a5c-0069b0a624" "proxy-server 21" 0.0006 "-" 22 0
Mar 10 23:15:48 standalone proxy-server[124536]: 172.18.0.2 ::1 10/Mar/2026/23/15/48 GET /v1/AUTH_a58440e7bedc4755b0a01169452bed14/gnocchi.47c4feb7-b83d-4ee5-b338-493d1e857e20/1772280000.0_mean_300.0_v3 HTTP/1.0 404 - python-swiftclient-3.11.1 gAAAAABpsKVm7GMK... - 70 - txf1ab2ebe55be481aa2a5c-0069b0a624 - 0.0077 - - 1773184548.396162271 1773184548.403822422 0
Mar 10 23:15:48 standalone container-server[122358]: 172.20.0.100 - - [10/Mar/2026:23:15:48 +0000] "PUT /d1/890/AUTH_a58440e7bedc4755b0a01169452bed14/gnocchi.47c4feb7-b83d-4ee5-b338-493d1e857e20/1772280000.0_mean_300.0_v3" 201 - "PUT http://localhost:8080/d1/964/AUTH_a58440e7bedc4755b0a01169452bed14/gnocchi.47c4feb7-b83d-4ee5-b338-493d1e857e20/1772280000.0_mean_300.0_v3" "tx5106422e592f46b4b15e4-0069b0a624" "object-server 20" 0.0007 "-" 22 0
Mar 10 23:15:48 standalone object-server[122645]: 172.20.0.100 - - [10/Mar/2026:23:15:48 +0000] "PUT /d1/964/AUTH_a58440e7bedc4755b0a01169452bed14/gnocchi.47c4feb7-b83d-4ee5-b338-493d1e857e20/1772280000.0_mean_300.0_v3" 201 - "PUT http://localhost:8080/v1/AUTH_a58440e7bedc4755b0a01169452bed14/gnocchi.47c4feb7-b83d-4ee5-b338-493d1e857e20/1772280000.0_mean_300.0_v3" "tx5106422e592f46b4b15e4-0069b0a624" "proxy-server 21" 0.0115 "-" 20 0
Mar 10 23:15:48 standalone proxy-server[124536]: 172.18.0.2 ::1 10/Mar/2026/23/15/48 PUT /v1/AUTH_a58440e7bedc4755b0a01169452bed14/gnocchi.47c4feb7-b83d-4ee5-b338-493d1e857e20/1772280000.0_mean_300.0_v3 HTTP/1.0 201 - python-swiftclient-3.11.1 gAAAAABpsKVm7GMK... 16 - - tx5106422e592f46b4b15e4-0069b0a624 - 0.0216 - - 1773184548.408370495 1773184548.429929972 0
Mar 10 23:15:48 standalone container-server[122335]: 172.20.0.100 - - [10/Mar/2026:23:15:48 +0000] "PUT /d1/890/AUTH_a58440e7bedc4755b0a01169452bed14/gnocchi.47c4feb7-b83d-4ee5-b338-493d1e857e20/none_v3" 201 - "PUT http://localhost:8080/d1/122/AUTH_a58440e7bedc4755b0a01169452bed14/gnocchi.47c4feb7-b83d-4ee5-b338-493d1e857e20/none_v3" "tx0546ad7cbb1c4781a64f7-0069b0a624" "object-server 21" 0.0008 "-" 20 0
Mar 10 23:15:48 standalone object-server[122647]: 172.20.0.100 - - [10/Mar/2026:23:15:48 +0000] "PUT /d1/122/AUTH_a58440e7bedc4755b0a01169452bed14/gnocchi.47c4feb7-b83d-4ee5-b338-493d1e857e20/none_v3" 201 - "PUT http://localhost:8080/v1/AUTH_a58440e7bedc4755b0a01169452bed14/gnocchi.47c4feb7-b83d-4ee5-b338-493d1e857e20/none_v3" "tx0546ad7cbb1c4781a64f7-0069b0a624" "proxy-server 21" 0.0122 "-" 21 0
Mar 10 23:15:48 standalone proxy-server[124536]: 172.18.0.2 ::1 10/Mar/2026/23/15/48 PUT /v1/AUTH_a58440e7bedc4755b0a01169452bed14/gnocchi.47c4feb7-b83d-4ee5-b338-493d1e857e20/none_v3 HTTP/1.0 201 - python-swiftclient-3.11.1 gAAAAABpsKVm7GMK... 22 - - tx0546ad7cbb1c4781a64f7-0069b0a624 - 0.0204 - - 1773184548.436548710 1773184548.456949472 0
Mar 10 23:15:48 standalone container-server[122358]: 172.20.0.100 - - [10/Mar/2026:23:15:48 +0000] "HEAD /d1/229/AUTH_a58440e7bedc4755b0a01169452bed14/gnocchi.86f54d94-8a21-466d-8669-379d19b14758" 404 - "HEAD http://localhost:8080/v1/AUTH_a58440e7bedc4755b0a01169452bed14/gnocchi.86f54d94-8a21-466d-8669-379d19b14758?format=json&states=listing" "tx947bb44585a04bd2bb359-0069b0a624" "proxy-server 21" 0.0004 "-" 22 0
Mar 10 23:15:48 standalone object-server[122649]: 172.20.0.100 - - [10/Mar/2026:23:15:48 +0000] "GET /d1/801/AUTH_a58440e7bedc4755b0a01169452bed14/gnocchi.86f54d94-8a21-466d-8669-379d19b14758/none_v3" 404 70 "GET http://localhost:8080/v1/AUTH_a58440e7bedc4755b0a01169452bed14/gnocchi.86f54d94-8a21-466d-8669-379d19b14758/none_v3" "tx947bb44585a04bd2bb359-0069b0a624" "proxy-server 21" 0.0004 "-" 22 0
Mar 10 23:15:48 standalone proxy-server[124536]: 172.18.0.2 ::1 10/Mar/2026/23/15/48 GET /v1/AUTH_a58440e7bedc4755b0a01169452bed14/gnocchi.86f54d94-8a21-466d-8669-379d19b14758/none_v3 HTTP/1.0 404 - python-swiftclient-3.11.1 gAAAAABpsKVm7GMK... - 70 - tx947bb44585a04bd2bb359-0069b0a624 - 0.0156 - - 1773184548.474903584 1773184548.490467310 0
Mar 10 23:15:48 standalone account-server[122298]: 172.20.0.100 - - [10/Mar/2026:23:15:48 +0000] "PUT /d1/609/AUTH_a58440e7bedc4755b0a01169452bed14/gnocchi.86f54d94-8a21-466d-8669-379d19b14758" 201 - "PUT http://172.20.0.100:6001/d1/229/AUTH_a58440e7bedc4755b0a01169452bed14/gnocchi.86f54d94-8a21-466d-8669-379d19b14758" "tx066dd5798fad46ee8247b-0069b0a624" "container-server 23" 0.0053 "-" 19 0
Mar 10 23:15:48 standalone container-server[122360]: 172.20.0.100 - - [10/Mar/2026:23:15:48 +0000] "PUT /d1/229/AUTH_a58440e7bedc4755b0a01169452bed14/gnocchi.86f54d94-8a21-466d-8669-379d19b14758" 201 - "PUT http://localhost:8080/v1/AUTH_a58440e7bedc4755b0a01169452bed14/gnocchi.86f54d94-8a21-466d-8669-379d19b14758" "tx066dd5798fad46ee8247b-0069b0a624" "proxy-server 21" 0.0185 "-" 23 0
Mar 10 23:15:48 standalone proxy-server[124536]: 172.18.0.2 ::1 10/Mar/2026/23/15/48 PUT /v1/AUTH_a58440e7bedc4755b0a01169452bed14/gnocchi.86f54d94-8a21-466d-8669-379d19b14758 HTTP/1.0 201 - python-swiftclient-3.11.1 gAAAAABpsKVm7GMK... - - - tx066dd5798fad46ee8247b-0069b0a624 - 0.0274 - - 1773184548.496568918 1773184548.524015665 0
Mar 10 23:15:48 standalone container-server[122335]: 172.20.0.100 - - [10/Mar/2026:23:15:48 +0000] "HEAD /d1/229/AUTH_a58440e7bedc4755b0a01169452bed14/gnocchi.86f54d94-8a21-466d-8669-379d19b14758" 204 - "HEAD http://localhost:8080/v1/AUTH_a58440e7bedc4755b0a01169452bed14/gnocchi.86f54d94-8a21-466d-8669-379d19b14758?format=json&states=listing" "txddeeab5de8da40eca578c-0069b0a624" "proxy-server 21" 0.0020 "-" 20 0
Mar 10 23:15:48 standalone proxy-server[124536]: - - 10/Mar/2026/23/15/48 HEAD /v1/AUTH_a58440e7bedc4755b0a01169452bed14/gnocchi.86f54d94-8a21-466d-8669-379d19b14758%3Fformat%3Djson%26states%3Dlisting HTTP/1.0 204 - Swift - - - - txddeeab5de8da40eca578c-0069b0a624 - 0.0072 RL - 1773184548.532021046 1773184548.539182186 0
Mar 10 23:15:48 standalone container-server[122360]: 172.20.0.100 - - [10/Mar/2026:23:15:48 +0000] "GET /d1/229/AUTH_a58440e7bedc4755b0a01169452bed14/gnocchi.86f54d94-8a21-466d-8669-379d19b14758" 200 2 "GET http://localhost:8080/v1/AUTH_a58440e7bedc4755b0a01169452bed14/gnocchi.86f54d94-8a21-466d-8669-379d19b14758?format=json&states=listing" "txddeeab5de8da40eca578c-0069b0a624" "proxy-server 21" 0.0030 "-" 23 0
Mar 10 23:15:48 standalone proxy-server[124536]: 172.18.0.2 ::1 10/Mar/2026/23/15/48 GET /v1/AUTH_a58440e7bedc4755b0a01169452bed14/gnocchi.86f54d94-8a21-466d-8669-379d19b14758%3Fformat%3Djson%26states%3Dlisting HTTP/1.0 200 - python-swiftclient-3.11.1 gAAAAABpsKVm7GMK... - 2 - txddeeab5de8da40eca578c-0069b0a624 - 0.0210 - - 1773184548.530262470 1773184548.551308393 0
Mar 10 23:15:48 standalone object-server[122649]: 172.20.0.100 - - [10/Mar/2026:23:15:48 +0000] "GET /d1/67/AUTH_a58440e7bedc4755b0a01169452bed14/gnocchi.86f54d94-8a21-466d-8669-379d19b14758/1772280000.0_mean_300.0_v3" 404 70 "GET http://localhost:8080/v1/AUTH_a58440e7bedc4755b0a01169452bed14/gnocchi.86f54d94-8a21-466d-8669-379d19b14758/1772280000.0_mean_300.0_v3" "tx50ac916e97db4c2ebd6ca-0069b0a624" "proxy-server 21" 0.0005 "-" 22 0
Mar 10 23:15:48 standalone proxy-server[124536]: 172.18.0.2 ::1 10/Mar/2026/23/15/48 GET /v1/AUTH_a58440e7bedc4755b0a01169452bed14/gnocchi.86f54d94-8a21-466d-8669-379d19b14758/1772280000.0_mean_300.0_v3 HTTP/1.0 404 - python-swiftclient-3.11.1 gAAAAABpsKVm7GMK... - 70 - tx50ac916e97db4c2ebd6ca-0069b0a624 - 0.0090 - - 1773184548.557360172 1773184548.566323042 0
Mar 10 23:15:48 standalone container-server[122360]: 172.20.0.100 - - [10/Mar/2026:23:15:48 +0000] "PUT /d1/229/AUTH_a58440e7bedc4755b0a01169452bed14/gnocchi.86f54d94-8a21-466d-8669-379d19b14758/1772280000.0_mean_300.0_v3" 201 - "PUT http://localhost:8080/d1/67/AUTH_a58440e7bedc4755b0a01169452bed14/gnocchi.86f54d94-8a21-466d-8669-379d19b14758/1772280000.0_mean_300.0_v3" "tx99b1a0fdf8734cb1a2550-0069b0a624" "object-server 23" 0.0008 "-" 23 0
Mar 10 23:15:48 standalone object-server[122656]: 172.20.0.100 - - [10/Mar/2026:23:15:48 +0000] "PUT /d1/67/AUTH_a58440e7bedc4755b0a01169452bed14/gnocchi.86f54d94-8a21-466d-8669-379d19b14758/1772280000.0_mean_300.0_v3" 201 - "PUT http://localhost:8080/v1/AUTH_a58440e7bedc4755b0a01169452bed14/gnocchi.86f54d94-8a21-466d-8669-379d19b14758/1772280000.0_mean_300.0_v3" "tx99b1a0fdf8734cb1a2550-0069b0a624" "proxy-server 21" 0.0119 "-" 23 0
Mar 10 23:15:48 standalone proxy-server[124536]: 172.18.0.2 ::1 10/Mar/2026/23/15/48 PUT /v1/AUTH_a58440e7bedc4755b0a01169452bed14/gnocchi.86f54d94-8a21-466d-8669-379d19b14758/1772280000.0_mean_300.0_v3 HTTP/1.0 201 - python-swiftclient-3.11.1 gAAAAABpsKVm7GMK... 16 - - tx99b1a0fdf8734cb1a2550-0069b0a624 - 0.0206 - - 1773184548.571127653 1773184548.591707230 0
Mar 10 23:15:48 standalone container-server[122349]: 172.20.0.100 - - [10/Mar/2026:23:15:48 +0000] "PUT /d1/229/AUTH_a58440e7bedc4755b0a01169452bed14/gnocchi.86f54d94-8a21-466d-8669-379d19b14758/none_v3" 201 - "PUT http://localhost:8080/d1/801/AUTH_a58440e7bedc4755b0a01169452bed14/gnocchi.86f54d94-8a21-466d-8669-379d19b14758/none_v3" "txdc4051aa519b426eb3470-0069b0a624" "object-server 22" 0.0008 "-" 21 0
Mar 10 23:15:48 standalone object-server[122649]: 172.20.0.100 - - [10/Mar/2026:23:15:48 +0000] "PUT /d1/801/AUTH_a58440e7bedc4755b0a01169452bed14/gnocchi.86f54d94-8a21-466d-8669-379d19b14758/none_v3" 201 - "PUT http://localhost:8080/v1/AUTH_a58440e7bedc4755b0a01169452bed14/gnocchi.86f54d94-8a21-466d-8669-379d19b14758/none_v3" "txdc4051aa519b426eb3470-0069b0a624" "proxy-server 21" 0.0125 "-" 22 0
Mar 10 23:15:48 standalone proxy-server[124536]: 172.18.0.2 ::1 10/Mar/2026/23/15/48 PUT /v1/AUTH_a58440e7bedc4755b0a01169452bed14/gnocchi.86f54d94-8a21-466d-8669-379d19b14758/none_v3 HTTP/1.0 201 - python-swiftclient-3.11.1 gAAAAABpsKVm7GMK... 22 - - txdc4051aa519b426eb3470-0069b0a624 - 0.0237 - - 1773184548.596781492 1773184548.620492697 0
Mar 10 23:15:48 standalone container-server[122335]: 172.20.0.100 - - [10/Mar/2026:23:15:48 +0000] "HEAD /d1/243/AUTH_a58440e7bedc4755b0a01169452bed14/gnocchi.5bd90376-a957-48b8-9bca-5082142e411a" 404 - "HEAD http://localhost:8080/v1/AUTH_a58440e7bedc4755b0a01169452bed14/gnocchi.5bd90376-a957-48b8-9bca-5082142e411a?format=json&states=listing" "tx10048d8bed6342b488d2b-0069b0a624" "proxy-server 21" 0.0006 "-" 20 0
Mar 10 23:15:48 standalone object-server[122649]: 172.20.0.100 - - [10/Mar/2026:23:15:48 +0000] "GET /d1/11/AUTH_a58440e7bedc4755b0a01169452bed14/gnocchi.5bd90376-a957-48b8-9bca-5082142e411a/none_v3" 404 70 "GET http://localhost:8080/v1/AUTH_a58440e7bedc4755b0a01169452bed14/gnocchi.5bd90376-a957-48b8-9bca-5082142e411a/none_v3" "tx10048d8bed6342b488d2b-0069b0a624" "proxy-server 21" 0.0007 "-" 22 0
Mar 10 23:15:48 standalone proxy-server[124536]: 172.18.0.2 ::1 10/Mar/2026/23/15/48 GET /v1/AUTH_a58440e7bedc4755b0a01169452bed14/gnocchi.5bd90376-a957-48b8-9bca-5082142e411a/none_v3 HTTP/1.0 404 - python-swiftclient-3.11.1 gAAAAABpsKVm7GMK... - 70 - tx10048d8bed6342b488d2b-0069b0a624 - 0.0137 - - 1773184548.640651703 1773184548.654312372 0
Mar 10 23:15:48 standalone account-server[122298]: 172.20.0.100 - - [10/Mar/2026:23:15:48 +0000] "PUT /d1/609/AUTH_a58440e7bedc4755b0a01169452bed14/gnocchi.5bd90376-a957-48b8-9bca-5082142e411a" 201 - "PUT http://172.20.0.100:6001/d1/243/AUTH_a58440e7bedc4755b0a01169452bed14/gnocchi.5bd90376-a957-48b8-9bca-5082142e411a" "txb8db5bad1769416cabba8-0069b0a624" "container-server 20" 0.0053 "-" 19 0
Mar 10 23:15:48 standalone container-server[122335]: 172.20.0.100 - - [10/Mar/2026:23:15:48 +0000] "PUT /d1/243/AUTH_a58440e7bedc4755b0a01169452bed14/gnocchi.5bd90376-a957-48b8-9bca-5082142e411a" 201 - "PUT http://localhost:8080/v1/AUTH_a58440e7bedc4755b0a01169452bed14/gnocchi.5bd90376-a957-48b8-9bca-5082142e411a" "txb8db5bad1769416cabba8-0069b0a624" "proxy-server 21" 0.0206 "-" 20 0
Mar 10 23:15:48 standalone proxy-server[124536]: 172.18.0.2 ::1 10/Mar/2026/23/15/48 PUT /v1/AUTH_a58440e7bedc4755b0a01169452bed14/gnocchi.5bd90376-a957-48b8-9bca-5082142e411a HTTP/1.0 201 - python-swiftclient-3.11.1 gAAAAABpsKVm7GMK... - - - txb8db5bad1769416cabba8-0069b0a624 - 0.0268 - - 1773184548.659821510 1773184548.686670542 0
Mar 10 23:15:48 standalone container-server[122335]: 172.20.0.100 - - [10/Mar/2026:23:15:48 +0000] "HEAD /d1/243/AUTH_a58440e7bedc4755b0a01169452bed14/gnocchi.5bd90376-a957-48b8-9bca-5082142e411a" 204 - "HEAD http://localhost:8080/v1/AUTH_a58440e7bedc4755b0a01169452bed14/gnocchi.5bd90376-a957-48b8-9bca-5082142e411a?format=json&states=listing" "txac4e8424a46c4a1c9cedc-0069b0a624" "proxy-server 21" 0.0018 "-" 20 0
Mar 10 23:15:48 standalone proxy-server[124536]: - - 10/Mar/2026/23/15/48 HEAD /v1/AUTH_a58440e7bedc4755b0a01169452bed14/gnocchi.5bd90376-a957-48b8-9bca-5082142e411a%3Fformat%3Djson%26states%3Dlisting HTTP/1.0 204 - Swift - - - - txac4e8424a46c4a1c9cedc-0069b0a624 - 0.0058 RL - 1773184548.694108486 1773184548.699904919 0
Mar 10 23:15:48 standalone container-server[122335]: 172.20.0.100 - - [10/Mar/2026:23:15:48 +0000] "GET /d1/243/AUTH_a58440e7bedc4755b0a01169452bed14/gnocchi.5bd90376-a957-48b8-9bca-5082142e411a" 200 2 "GET http://localhost:8080/v1/AUTH_a58440e7bedc4755b0a01169452bed14/gnocchi.5bd90376-a957-48b8-9bca-5082142e411a?format=json&states=listing" "txac4e8424a46c4a1c9cedc-0069b0a624" "proxy-server 21" 0.0030 "-" 20 0
Mar 10 23:15:48 standalone proxy-server[124536]: 172.18.0.2 ::1 10/Mar/2026/23/15/48 GET /v1/AUTH_a58440e7bedc4755b0a01169452bed14/gnocchi.5bd90376-a957-48b8-9bca-5082142e411a%3Fformat%3Djson%26states%3Dlisting HTTP/1.0 200 - python-swiftclient-3.11.1 gAAAAABpsKVm7GMK... - 2 - txac4e8424a46c4a1c9cedc-0069b0a624 - 0.0180 - - 1773184548.692658663 1773184548.710648060 0
Mar 10 23:15:48 standalone object-server[122649]: 172.20.0.100 - - [10/Mar/2026:23:15:48 +0000] "GET /d1/536/AUTH_a58440e7bedc4755b0a01169452bed14/gnocchi.5bd90376-a957-48b8-9bca-5082142e411a/1772280000.0_mean_300.0_v3" 404 70 "GET http://localhost:8080/v1/AUTH_a58440e7bedc4755b0a01169452bed14/gnocchi.5bd90376-a957-48b8-9bca-5082142e411a/1772280000.0_mean_300.0_v3" "txf44b82d2ea2c4b3fa8606-0069b0a624" "proxy-server 21" 0.0005 "-" 22 0
Mar 10 23:15:48 standalone proxy-server[124536]: 172.18.0.2 ::1 10/Mar/2026/23/15/48 GET /v1/AUTH_a58440e7bedc4755b0a01169452bed14/gnocchi.5bd90376-a957-48b8-9bca-5082142e411a/1772280000.0_mean_300.0_v3 HTTP/1.0 404 - python-swiftclient-3.11.1 gAAAAABpsKVm7GMK... - 70 - txf44b82d2ea2c4b3fa8606-0069b0a624 - 0.0078 - - 1773184548.716075659 1773184548.723863602 0
Mar 10 23:15:48 standalone container-server[122360]: 172.20.0.100 - - [10/Mar/2026:23:15:48 +0000] "PUT /d1/243/AUTH_a58440e7bedc4755b0a01169452bed14/gnocchi.5bd90376-a957-48b8-9bca-5082142e411a/1772280000.0_mean_300.0_v3" 201 - "PUT http://localhost:8080/d1/536/AUTH_a58440e7bedc4755b0a01169452bed14/gnocchi.5bd90376-a957-48b8-9bca-5082142e411a/1772280000.0_mean_300.0_v3" "txe6e45b271ecc4eeb8e445-0069b0a624" "object-server 22" 0.0009 "-" 23 0
Mar 10 23:15:48 standalone object-server[122649]: 172.20.0.100 - - [10/Mar/2026:23:15:48 +0000] "PUT /d1/536/AUTH_a58440e7bedc4755b0a01169452bed14/gnocchi.5bd90376-a957-48b8-9bca-5082142e411a/1772280000.0_mean_300.0_v3" 201 - "PUT http://localhost:8080/v1/AUTH_a58440e7bedc4755b0a01169452bed14/gnocchi.5bd90376-a957-48b8-9bca-5082142e411a/1772280000.0_mean_300.0_v3" "txe6e45b271ecc4eeb8e445-0069b0a624" "proxy-server 21" 0.0186 "-" 22 0
Mar 10 23:15:48 standalone proxy-server[124536]: 172.18.0.2 ::1 10/Mar/2026/23/15/48 PUT /v1/AUTH_a58440e7bedc4755b0a01169452bed14/gnocchi.5bd90376-a957-48b8-9bca-5082142e411a/1772280000.0_mean_300.0_v3 HTTP/1.0 201 - python-swiftclient-3.11.1 gAAAAABpsKVm7GMK... 16 - - txe6e45b271ecc4eeb8e445-0069b0a624 - 0.0266 - - 1773184548.728659153 1773184548.755293608 0
Mar 10 23:15:48 standalone container-server[122349]: 172.20.0.100 - - [10/Mar/2026:23:15:48 +0000] "PUT /d1/243/AUTH_a58440e7bedc4755b0a01169452bed14/gnocchi.5bd90376-a957-48b8-9bca-5082142e411a/none_v3" 201 - "PUT http://localhost:8080/d1/11/AUTH_a58440e7bedc4755b0a01169452bed14/gnocchi.5bd90376-a957-48b8-9bca-5082142e411a/none_v3" "tx53c977a448ee4bd0b0e7e-0069b0a624" "object-server 20" 0.0009 "-" 21 0
Mar 10 23:15:48 standalone object-server[122645]: 172.20.0.100 - - [10/Mar/2026:23:15:48 +0000] "PUT /d1/11/AUTH_a58440e7bedc4755b0a01169452bed14/gnocchi.5bd90376-a957-48b8-9bca-5082142e411a/none_v3" 201 - "PUT http://localhost:8080/v1/AUTH_a58440e7bedc4755b0a01169452bed14/gnocchi.5bd90376-a957-48b8-9bca-5082142e411a/none_v3" "tx53c977a448ee4bd0b0e7e-0069b0a624" "proxy-server 21" 0.0118 "-" 20 0
Mar 10 23:15:48 standalone proxy-server[124536]: 172.18.0.2 ::1 10/Mar/2026/23/15/48 PUT /v1/AUTH_a58440e7bedc4755b0a01169452bed14/gnocchi.5bd90376-a957-48b8-9bca-5082142e411a/none_v3 HTTP/1.0 201 - python-swiftclient-3.11.1 gAAAAABpsKVm7GMK... 22 - - tx53c977a448ee4bd0b0e7e-0069b0a624 - 0.0195 - - 1773184548.761844158 1773184548.781364679 0
Mar 10 23:15:48 standalone container-server[122349]: 172.20.0.100 - - [10/Mar/2026:23:15:48 +0000] "HEAD /d1/497/AUTH_a58440e7bedc4755b0a01169452bed14/gnocchi.11efdadd-435c-4be1-b122-dee8ad0c8441" 404 - "HEAD http://localhost:8080/v1/AUTH_a58440e7bedc4755b0a01169452bed14/gnocchi.11efdadd-435c-4be1-b122-dee8ad0c8441?format=json&states=listing" "tx6d5dd9d995184a42aa0c7-0069b0a624" "proxy-server 21" 0.0003 "-" 21 0
Mar 10 23:15:48 standalone object-server[122649]: 172.20.0.100 - - [10/Mar/2026:23:15:48 +0000] "GET /d1/469/AUTH_a58440e7bedc4755b0a01169452bed14/gnocchi.11efdadd-435c-4be1-b122-dee8ad0c8441/none_v3" 404 70 "GET http://localhost:8080/v1/AUTH_a58440e7bedc4755b0a01169452bed14/gnocchi.11efdadd-435c-4be1-b122-dee8ad0c8441/none_v3" "tx6d5dd9d995184a42aa0c7-0069b0a624" "proxy-server 21" 0.0004 "-" 22 0
Mar 10 23:15:48 standalone proxy-server[124536]: 172.18.0.2 ::1 10/Mar/2026/23/15/48 GET /v1/AUTH_a58440e7bedc4755b0a01169452bed14/gnocchi.11efdadd-435c-4be1-b122-dee8ad0c8441/none_v3 HTTP/1.0 404 - python-swiftclient-3.11.1 gAAAAABpsKVm7GMK... - 70 - tx6d5dd9d995184a42aa0c7-0069b0a624 - 0.0128 - - 1773184548.797793865 1773184548.810593128 0
Mar 10 23:15:48 standalone account-server[122298]: 172.20.0.100 - - [10/Mar/2026:23:15:48 +0000] "PUT /d1/609/AUTH_a58440e7bedc4755b0a01169452bed14/gnocchi.11efdadd-435c-4be1-b122-dee8ad0c8441" 201 - "PUT http://172.20.0.100:6001/d1/497/AUTH_a58440e7bedc4755b0a01169452bed14/gnocchi.11efdadd-435c-4be1-b122-dee8ad0c8441" "tx47fe5f35cffe4bec94e7d-0069b0a624" "container-server 23" 0.0048 "-" 19 0
Mar 10 23:15:48 standalone container-server[122360]: 172.20.0.100 - - [10/Mar/2026:23:15:48 +0000] "PUT /d1/497/AUTH_a58440e7bedc4755b0a01169452bed14/gnocchi.11efdadd-435c-4be1-b122-dee8ad0c8441" 201 - "PUT http://localhost:8080/v1/AUTH_a58440e7bedc4755b0a01169452bed14/gnocchi.11efdadd-435c-4be1-b122-dee8ad0c8441" "tx47fe5f35cffe4bec94e7d-0069b0a624" "proxy-server 21" 0.0177 "-" 23 0
Mar 10 23:15:48 standalone proxy-server[124536]: 172.18.0.2 ::1 10/Mar/2026/23/15/48 PUT /v1/AUTH_a58440e7bedc4755b0a01169452bed14/gnocchi.11efdadd-435c-4be1-b122-dee8ad0c8441 HTTP/1.0 201 - python-swiftclient-3.11.1 gAAAAABpsKVm7GMK... - - - tx47fe5f35cffe4bec94e7d-0069b0a624 - 0.0254 - - 1773184548.813701868 1773184548.839063644 0
Mar 10 23:15:48 standalone container-server[122349]: 172.20.0.100 - - [10/Mar/2026:23:15:48 +0000] "HEAD /d1/497/AUTH_a58440e7bedc4755b0a01169452bed14/gnocchi.11efdadd-435c-4be1-b122-dee8ad0c8441" 204 - "HEAD http://localhost:8080/v1/AUTH_a58440e7bedc4755b0a01169452bed14/gnocchi.11efdadd-435c-4be1-b122-dee8ad0c8441?format=json&states=listing" "txb7204e79f4de4f20a2d1e-0069b0a624" "proxy-server 21" 0.0012 "-" 21 0
Mar 10 23:15:48 standalone proxy-server[124536]: - - 10/Mar/2026/23/15/48 HEAD /v1/AUTH_a58440e7bedc4755b0a01169452bed14/gnocchi.11efdadd-435c-4be1-b122-dee8ad0c8441%3Fformat%3Djson%26states%3Dlisting HTTP/1.0 204 - Swift - - - - txb7204e79f4de4f20a2d1e-0069b0a624 - 0.0056 RL - 1773184548.853462458 1773184548.859025002 0
Mar 10 23:15:48 standalone container-server[122358]: 172.20.0.100 - - [10/Mar/2026:23:15:48 +0000] "GET /d1/497/AUTH_a58440e7bedc4755b0a01169452bed14/gnocchi.11efdadd-435c-4be1-b122-dee8ad0c8441" 200 2 "GET http://localhost:8080/v1/AUTH_a58440e7bedc4755b0a01169452bed14/gnocchi.11efdadd-435c-4be1-b122-dee8ad0c8441?format=json&states=listing" "txb7204e79f4de4f20a2d1e-0069b0a624" "proxy-server 21" 0.0033 "-" 22 0
Mar 10 23:15:48 standalone proxy-server[124536]: 172.18.0.2 ::1 10/Mar/2026/23/15/48 GET /v1/AUTH_a58440e7bedc4755b0a01169452bed14/gnocchi.11efdadd-435c-4be1-b122-dee8ad0c8441%3Fformat%3Djson%26states%3Dlisting HTTP/1.0 200 - python-swiftclient-3.11.1 gAAAAABpsKVm7GMK... - 2 - txb7204e79f4de4f20a2d1e-0069b0a624 - 0.0282 - - 1773184548.847155094 1773184548.875394344 0
Mar 10 23:15:48 standalone object-server[122647]: 172.20.0.100 - - [10/Mar/2026:23:15:48 +0000] "GET /d1/319/AUTH_a58440e7bedc4755b0a01169452bed14/gnocchi.11efdadd-435c-4be1-b122-dee8ad0c8441/1772280000.0_mean_300.0_v3" 404 70 "GET http://localhost:8080/v1/AUTH_a58440e7bedc4755b0a01169452bed14/gnocchi.11efdadd-435c-4be1-b122-dee8ad0c8441/1772280000.0_mean_300.0_v3" "tx69651012bbeb4219afad5-0069b0a624" "proxy-server 21" 0.0010 "-" 21 0
Mar 10 23:15:48 standalone proxy-server[124536]: 172.18.0.2 ::1 10/Mar/2026/23/15/48 GET /v1/AUTH_a58440e7bedc4755b0a01169452bed14/gnocchi.11efdadd-435c-4be1-b122-dee8ad0c8441/1772280000.0_mean_300.0_v3 HTTP/1.0 404 - python-swiftclient-3.11.1 gAAAAABpsKVm7GMK... - 70 - tx69651012bbeb4219afad5-0069b0a624 - 0.0129 - - 1773184548.881169319 1773184548.894046068 0
Mar 10 23:15:48 standalone container-server[122349]: 172.20.0.100 - - [10/Mar/2026:23:15:48 +0000] "PUT /d1/497/AUTH_a58440e7bedc4755b0a01169452bed14/gnocchi.11efdadd-435c-4be1-b122-dee8ad0c8441/1772280000.0_mean_300.0_v3" 201 - "PUT http://localhost:8080/d1/319/AUTH_a58440e7bedc4755b0a01169452bed14/gnocchi.11efdadd-435c-4be1-b122-dee8ad0c8441/1772280000.0_mean_300.0_v3" "tx8019cfb60e8240a5bf0f6-0069b0a624" "object-server 21" 0.0007 "-" 21 0
Mar 10 23:15:48 standalone object-server[122647]: 172.20.0.100 - - [10/Mar/2026:23:15:48 +0000] "PUT /d1/319/AUTH_a58440e7bedc4755b0a01169452bed14/gnocchi.11efdadd-435c-4be1-b122-dee8ad0c8441/1772280000.0_mean_300.0_v3" 201 - "PUT http://localhost:8080/v1/AUTH_a58440e7bedc4755b0a01169452bed14/gnocchi.11efdadd-435c-4be1-b122-dee8ad0c8441/1772280000.0_mean_300.0_v3" "tx8019cfb60e8240a5bf0f6-0069b0a624" "proxy-server 21" 0.0124 "-" 21 0
Mar 10 23:15:48 standalone proxy-server[124536]: 172.18.0.2 ::1 10/Mar/2026/23/15/48 PUT /v1/AUTH_a58440e7bedc4755b0a01169452bed14/gnocchi.11efdadd-435c-4be1-b122-dee8ad0c8441/1772280000.0_mean_300.0_v3 HTTP/1.0 201 - python-swiftclient-3.11.1 gAAAAABpsKVm7GMK... 16 - - tx8019cfb60e8240a5bf0f6-0069b0a624 - 0.0241 - - 1773184548.899370193 1773184548.923457861 0
Mar 10 23:15:48 standalone container-server[122335]: 172.20.0.100 - - [10/Mar/2026:23:15:48 +0000] "PUT /d1/497/AUTH_a58440e7bedc4755b0a01169452bed14/gnocchi.11efdadd-435c-4be1-b122-dee8ad0c8441/none_v3" 201 - "PUT http://localhost:8080/d1/469/AUTH_a58440e7bedc4755b0a01169452bed14/gnocchi.11efdadd-435c-4be1-b122-dee8ad0c8441/none_v3" "txfe76a13813714a508164e-0069b0a624" "object-server 20" 0.0006 "-" 20 0
Mar 10 23:15:48 standalone object-server[122645]: 172.20.0.100 - - [10/Mar/2026:23:15:48 +0000] "PUT /d1/469/AUTH_a58440e7bedc4755b0a01169452bed14/gnocchi.11efdadd-435c-4be1-b122-dee8ad0c8441/none_v3" 201 - "PUT http://localhost:8080/v1/AUTH_a58440e7bedc4755b0a01169452bed14/gnocchi.11efdadd-435c-4be1-b122-dee8ad0c8441/none_v3" "txfe76a13813714a508164e-0069b0a624" "proxy-server 21" 0.0124 "-" 20 0
Mar 10 23:15:48 standalone proxy-server[124536]: 172.18.0.2 ::1 10/Mar/2026/23/15/48 PUT /v1/AUTH_a58440e7bedc4755b0a01169452bed14/gnocchi.11efdadd-435c-4be1-b122-dee8ad0c8441/none_v3 HTTP/1.0 201 - python-swiftclient-3.11.1 gAAAAABpsKVm7GMK... 22 - - txfe76a13813714a508164e-0069b0a624 - 0.0202 - - 1773184548.927546263 1773184548.947755098 0
Mar 10 23:15:48 standalone container-server[122335]: 172.20.0.100 - - [10/Mar/2026:23:15:48 +0000] "HEAD /d1/264/AUTH_a58440e7bedc4755b0a01169452bed14/gnocchi.ff820af6-14b5-4842-b306-95b1e6eb990a" 404 - "HEAD http://localhost:8080/v1/AUTH_a58440e7bedc4755b0a01169452bed14/gnocchi.ff820af6-14b5-4842-b306-95b1e6eb990a?format=json&states=listing" "tx760ea7cd1e344470b65e9-0069b0a624" "proxy-server 21" 0.0005 "-" 20 0
Mar 10 23:15:48 standalone object-server[122647]: 172.20.0.100 - - [10/Mar/2026:23:15:48 +0000] "GET /d1/274/AUTH_a58440e7bedc4755b0a01169452bed14/gnocchi.ff820af6-14b5-4842-b306-95b1e6eb990a/none_v3" 404 70 "GET http://localhost:8080/v1/AUTH_a58440e7bedc4755b0a01169452bed14/gnocchi.ff820af6-14b5-4842-b306-95b1e6eb990a/none_v3" "tx760ea7cd1e344470b65e9-0069b0a624" "proxy-server 21" 0.0008 "-" 21 0
Mar 10 23:15:48 standalone proxy-server[124536]: 172.18.0.2 ::1 10/Mar/2026/23/15/48 GET /v1/AUTH_a58440e7bedc4755b0a01169452bed14/gnocchi.ff820af6-14b5-4842-b306-95b1e6eb990a/none_v3 HTTP/1.0 404 - python-swiftclient-3.11.1 gAAAAABpsKVm7GMK... - 70 - tx760ea7cd1e344470b65e9-0069b0a624 - 0.0119 - - 1773184548.959088087 1773184548.970947266 0
Mar 10 23:15:48 standalone account-server[122298]: 172.20.0.100 - - [10/Mar/2026:23:15:48 +0000] "PUT /d1/609/AUTH_a58440e7bedc4755b0a01169452bed14/gnocchi.ff820af6-14b5-4842-b306-95b1e6eb990a" 201 - "PUT http://172.20.0.100:6001/d1/264/AUTH_a58440e7bedc4755b0a01169452bed14/gnocchi.ff820af6-14b5-4842-b306-95b1e6eb990a" "txf6a3518adce742c7bba4d-0069b0a624" "container-server 23" 0.0053 "-" 19 0
Mar 10 23:15:48 standalone container-server[122360]: 172.20.0.100 - - [10/Mar/2026:23:15:48 +0000] "PUT /d1/264/AUTH_a58440e7bedc4755b0a01169452bed14/gnocchi.ff820af6-14b5-4842-b306-95b1e6eb990a" 201 - "PUT http://localhost:8080/v1/AUTH_a58440e7bedc4755b0a01169452bed14/gnocchi.ff820af6-14b5-4842-b306-95b1e6eb990a" "txf6a3518adce742c7bba4d-0069b0a624" "proxy-server 21" 0.0165 "-" 23 0
Mar 10 23:15:49 standalone proxy-server[124536]: 172.18.0.2 ::1 10/Mar/2026/23/15/49 PUT /v1/AUTH_a58440e7bedc4755b0a01169452bed14/gnocchi.ff820af6-14b5-4842-b306-95b1e6eb990a HTTP/1.0 201 - python-swiftclient-3.11.1 gAAAAABpsKVm7GMK... - - - txf6a3518adce742c7bba4d-0069b0a624 - 0.0315 - - 1773184548.976035595 1773184549.007533312 0
Mar 10 23:15:49 standalone container-server[122349]: 172.20.0.100 - - [10/Mar/2026:23:15:49 +0000] "HEAD /d1/264/AUTH_a58440e7bedc4755b0a01169452bed14/gnocchi.ff820af6-14b5-4842-b306-95b1e6eb990a" 204 - "HEAD http://localhost:8080/v1/AUTH_a58440e7bedc4755b0a01169452bed14/gnocchi.ff820af6-14b5-4842-b306-95b1e6eb990a?format=json&states=listing" "tx08efd372c988465d9b75c-0069b0a625" "proxy-server 21" 0.0012 "-" 21 0
Mar 10 23:15:49 standalone proxy-server[124536]: - - 10/Mar/2026/23/15/49 HEAD /v1/AUTH_a58440e7bedc4755b0a01169452bed14/gnocchi.ff820af6-14b5-4842-b306-95b1e6eb990a%3Fformat%3Djson%26states%3Dlisting HTTP/1.0 204 - Swift - - - - tx08efd372c988465d9b75c-0069b0a625 - 0.0058 RL - 1773184549.015351534 1773184549.021157026 0
Mar 10 23:15:49 standalone container-server[122349]: 172.20.0.100 - - [10/Mar/2026:23:15:49 +0000] "GET /d1/264/AUTH_a58440e7bedc4755b0a01169452bed14/gnocchi.ff820af6-14b5-4842-b306-95b1e6eb990a" 200 2 "GET http://localhost:8080/v1/AUTH_a58440e7bedc4755b0a01169452bed14/gnocchi.ff820af6-14b5-4842-b306-95b1e6eb990a?format=json&states=listing" "tx08efd372c988465d9b75c-0069b0a625" "proxy-server 21" 0.0014 "-" 21 0
Mar 10 23:15:49 standalone proxy-server[124536]: 172.18.0.2 ::1 10/Mar/2026/23/15/49 GET /v1/AUTH_a58440e7bedc4755b0a01169452bed14/gnocchi.ff820af6-14b5-4842-b306-95b1e6eb990a%3Fformat%3Djson%26states%3Dlisting HTTP/1.0 200 - python-swiftclient-3.11.1 gAAAAABpsKVm7GMK... - 2 - tx08efd372c988465d9b75c-0069b0a625 - 0.0174 - - 1773184549.013144493 1773184549.030541897 0
Mar 10 23:15:49 standalone object-server[122649]: 172.20.0.100 - - [10/Mar/2026:23:15:49 +0000] "GET /d1/279/AUTH_a58440e7bedc4755b0a01169452bed14/gnocchi.ff820af6-14b5-4842-b306-95b1e6eb990a/1772280000.0_mean_300.0_v3" 404 70 "GET http://localhost:8080/v1/AUTH_a58440e7bedc4755b0a01169452bed14/gnocchi.ff820af6-14b5-4842-b306-95b1e6eb990a/1772280000.0_mean_300.0_v3" "txfcfa59a307c548c59f13a-0069b0a625" "proxy-server 21" 0.0004 "-" 22 0
Mar 10 23:15:49 standalone proxy-server[124536]: 172.18.0.2 ::1 10/Mar/2026/23/15/49 GET /v1/AUTH_a58440e7bedc4755b0a01169452bed14/gnocchi.ff820af6-14b5-4842-b306-95b1e6eb990a/1772280000.0_mean_300.0_v3 HTTP/1.0 404 - python-swiftclient-3.11.1 gAAAAABpsKVm7GMK... - 70 - txfcfa59a307c548c59f13a-0069b0a625 - 0.0084 - - 1773184549.035040140 1773184549.043447733 0
Mar 10 23:15:49 standalone container-server[122349]: 172.20.0.100 - - [10/Mar/2026:23:15:49 +0000] "PUT /d1/264/AUTH_a58440e7bedc4755b0a01169452bed14/gnocchi.ff820af6-14b5-4842-b306-95b1e6eb990a/1772280000.0_mean_300.0_v3" 201 - "PUT http://localhost:8080/d1/279/AUTH_a58440e7bedc4755b0a01169452bed14/gnocchi.ff820af6-14b5-4842-b306-95b1e6eb990a/1772280000.0_mean_300.0_v3" "txbe621715eb044a028745c-0069b0a625" "object-server 23" 0.0007 "-" 21 0
Mar 10 23:15:49 standalone object-server[122656]: 172.20.0.100 - - [10/Mar/2026:23:15:49 +0000] "PUT /d1/279/AUTH_a58440e7bedc4755b0a01169452bed14/gnocchi.ff820af6-14b5-4842-b306-95b1e6eb990a/1772280000.0_mean_300.0_v3" 201 - "PUT http://localhost:8080/v1/AUTH_a58440e7bedc4755b0a01169452bed14/gnocchi.ff820af6-14b5-4842-b306-95b1e6eb990a/1772280000.0_mean_300.0_v3" "txbe621715eb044a028745c-0069b0a625" "proxy-server 21" 0.0102 "-" 23 0
Mar 10 23:15:49 standalone proxy-server[124536]: 172.18.0.2 ::1 10/Mar/2026/23/15/49 PUT /v1/AUTH_a58440e7bedc4755b0a01169452bed14/gnocchi.ff820af6-14b5-4842-b306-95b1e6eb990a/1772280000.0_mean_300.0_v3 HTTP/1.0 201 - python-swiftclient-3.11.1 gAAAAABpsKVm7GMK... 16 - - txbe621715eb044a028745c-0069b0a625 - 0.0172 - - 1773184549.047542572 1773184549.064772606 0
Mar 10 23:15:49 standalone container-server[122335]: 172.20.0.100 - - [10/Mar/2026:23:15:49 +0000] "PUT /d1/264/AUTH_a58440e7bedc4755b0a01169452bed14/gnocchi.ff820af6-14b5-4842-b306-95b1e6eb990a/none_v3" 201 - "PUT http://localhost:8080/d1/274/AUTH_a58440e7bedc4755b0a01169452bed14/gnocchi.ff820af6-14b5-4842-b306-95b1e6eb990a/none_v3" "tx0f319dcf5fc4419ba1f7c-0069b0a625" "object-server 21" 0.0059 "-" 20 0
Mar 10 23:15:49 standalone object-server[122647]: 172.20.0.100 - - [10/Mar/2026:23:15:49 +0000] "PUT /d1/274/AUTH_a58440e7bedc4755b0a01169452bed14/gnocchi.ff820af6-14b5-4842-b306-95b1e6eb990a/none_v3" 201 - "PUT http://localhost:8080/v1/AUTH_a58440e7bedc4755b0a01169452bed14/gnocchi.ff820af6-14b5-4842-b306-95b1e6eb990a/none_v3" "tx0f319dcf5fc4419ba1f7c-0069b0a625" "proxy-server 21" 0.0173 "-" 21 0
Mar 10 23:15:49 standalone proxy-server[124536]: 172.18.0.2 ::1 10/Mar/2026/23/15/49 PUT /v1/AUTH_a58440e7bedc4755b0a01169452bed14/gnocchi.ff820af6-14b5-4842-b306-95b1e6eb990a/none_v3 HTTP/1.0 201 - python-swiftclient-3.11.1 gAAAAABpsKVm7GMK... 22 - - tx0f319dcf5fc4419ba1f7c-0069b0a625 - 0.0268 - - 1773184549.069150209 1773184549.095999956 0
Mar 10 23:15:49 standalone container-server[122335]: 172.20.0.100 - - [10/Mar/2026:23:15:49 +0000] "HEAD /d1/282/AUTH_a58440e7bedc4755b0a01169452bed14/gnocchi.3e2be33e-abea-48c5-95e5-d68dcc56a81d" 404 - "HEAD http://localhost:8080/v1/AUTH_a58440e7bedc4755b0a01169452bed14/gnocchi.3e2be33e-abea-48c5-95e5-d68dcc56a81d?format=json&states=listing" "txff9ac197636c4447ac177-0069b0a625" "proxy-server 21" 0.0004 "-" 20 0
Mar 10 23:15:49 standalone object-server[122647]: 172.20.0.100 - - [10/Mar/2026:23:15:49 +0000] "GET /d1/967/AUTH_a58440e7bedc4755b0a01169452bed14/gnocchi.3e2be33e-abea-48c5-95e5-d68dcc56a81d/none_v3" 404 70 "GET http://localhost:8080/v1/AUTH_a58440e7bedc4755b0a01169452bed14/gnocchi.3e2be33e-abea-48c5-95e5-d68dcc56a81d/none_v3" "txff9ac197636c4447ac177-0069b0a625" "proxy-server 21" 0.0006 "-" 21 0
Mar 10 23:15:49 standalone proxy-server[124536]: 172.18.0.2 ::1 10/Mar/2026/23/15/49 GET /v1/AUTH_a58440e7bedc4755b0a01169452bed14/gnocchi.3e2be33e-abea-48c5-95e5-d68dcc56a81d/none_v3 HTTP/1.0 404 - python-swiftclient-3.11.1 gAAAAABpsKVm7GMK... - 70 - txff9ac197636c4447ac177-0069b0a625 - 0.0162 - - 1773184549.113189936 1773184549.129377365 0
Mar 10 23:15:49 standalone account-server[122277]: 172.20.0.100 - - [10/Mar/2026:23:15:49 +0000] "PUT /d1/609/AUTH_a58440e7bedc4755b0a01169452bed14/gnocchi.3e2be33e-abea-48c5-95e5-d68dcc56a81d" 201 - "PUT http://172.20.0.100:6001/d1/282/AUTH_a58440e7bedc4755b0a01169452bed14/gnocchi.3e2be33e-abea-48c5-95e5-d68dcc56a81d" "tx0122ba599dac46599669a-0069b0a625" "container-server 20" 0.0071 "-" 18 0
Mar 10 23:15:49 standalone container-server[122335]: 172.20.0.100 - - [10/Mar/2026:23:15:49 +0000] "PUT /d1/282/AUTH_a58440e7bedc4755b0a01169452bed14/gnocchi.3e2be33e-abea-48c5-95e5-d68dcc56a81d" 201 - "PUT http://localhost:8080/v1/AUTH_a58440e7bedc4755b0a01169452bed14/gnocchi.3e2be33e-abea-48c5-95e5-d68dcc56a81d" "tx0122ba599dac46599669a-0069b0a625" "proxy-server 21" 0.0168 "-" 20 0
Mar 10 23:15:49 standalone proxy-server[124536]: 172.18.0.2 ::1 10/Mar/2026/23/15/49 PUT /v1/AUTH_a58440e7bedc4755b0a01169452bed14/gnocchi.3e2be33e-abea-48c5-95e5-d68dcc56a81d HTTP/1.0 201 - python-swiftclient-3.11.1 gAAAAABpsKVm7GMK... - - - tx0122ba599dac46599669a-0069b0a625 - 0.0226 - - 1773184549.133397579 1773184549.155964136 0
Mar 10 23:15:49 standalone container-server[122358]: 172.20.0.100 - - [10/Mar/2026:23:15:49 +0000] "HEAD /d1/282/AUTH_a58440e7bedc4755b0a01169452bed14/gnocchi.3e2be33e-abea-48c5-95e5-d68dcc56a81d" 204 - "HEAD http://localhost:8080/v1/AUTH_a58440e7bedc4755b0a01169452bed14/gnocchi.3e2be33e-abea-48c5-95e5-d68dcc56a81d?format=json&states=listing" "tx07f109958f1a4ab69d2d2-0069b0a625" "proxy-server 21" 0.0013 "-" 22 0
Mar 10 23:15:49 standalone proxy-server[124536]: - - 10/Mar/2026/23/15/49 HEAD /v1/AUTH_a58440e7bedc4755b0a01169452bed14/gnocchi.3e2be33e-abea-48c5-95e5-d68dcc56a81d%3Fformat%3Djson%26states%3Dlisting HTTP/1.0 204 - Swift - - - - tx07f109958f1a4ab69d2d2-0069b0a625 - 0.0047 RL - 1773184549.164703846 1773184549.169398069 0
Mar 10 23:15:49 standalone container-server[122360]: 172.20.0.100 - - [10/Mar/2026:23:15:49 +0000] "GET /d1/282/AUTH_a58440e7bedc4755b0a01169452bed14/gnocchi.3e2be33e-abea-48c5-95e5-d68dcc56a81d" 200 2 "GET http://localhost:8080/v1/AUTH_a58440e7bedc4755b0a01169452bed14/gnocchi.3e2be33e-abea-48c5-95e5-d68dcc56a81d?format=json&states=listing" "tx07f109958f1a4ab69d2d2-0069b0a625" "proxy-server 21" 0.0020 "-" 23 0
Mar 10 23:15:49 standalone proxy-server[124536]: 172.18.0.2 ::1 10/Mar/2026/23/15/49 GET /v1/AUTH_a58440e7bedc4755b0a01169452bed14/gnocchi.3e2be33e-abea-48c5-95e5-d68dcc56a81d%3Fformat%3Djson%26states%3Dlisting HTTP/1.0 200 - python-swiftclient-3.11.1 gAAAAABpsKVm7GMK... - 2 - tx07f109958f1a4ab69d2d2-0069b0a625 - 0.0148 - - 1773184549.161664724 1773184549.176422834 0
Mar 10 23:15:49 standalone object-server[122647]: 172.20.0.100 - - [10/Mar/2026:23:15:49 +0000] "GET /d1/193/AUTH_a58440e7bedc4755b0a01169452bed14/gnocchi.3e2be33e-abea-48c5-95e5-d68dcc56a81d/1772280000.0_mean_300.0_v3" 404 70 "GET http://localhost:8080/v1/AUTH_a58440e7bedc4755b0a01169452bed14/gnocchi.3e2be33e-abea-48c5-95e5-d68dcc56a81d/1772280000.0_mean_300.0_v3" "txf909085d1e684c499a2b8-0069b0a625" "proxy-server 21" 0.0006 "-" 21 0
