Mar 10 23:15:49 standalone proxy-server[124536]: 172.18.0.2 ::1 10/Mar/2026/23/15/49 GET /v1/AUTH_a58440e7bedc4755b0a01169452bed14/gnocchi.3e2be33e-abea-48c5-95e5-d68dcc56a81d/1772280000.0_mean_300.0_v3 HTTP/1.0 404 - python-swiftclient-3.11.1 gAAAAABpsKVm7GMK... - 70 - txf909085d1e684c499a2b8-0069b0a625 - 0.0066 - - 1773184549.180507660 1773184549.187146187 0
Mar 10 23:15:49 standalone container-server[122335]: 172.20.0.100 - - [10/Mar/2026:23:15:49 +0000] "PUT /d1/282/AUTH_a58440e7bedc4755b0a01169452bed14/gnocchi.3e2be33e-abea-48c5-95e5-d68dcc56a81d/1772280000.0_mean_300.0_v3" 201 - "PUT http://localhost:8080/d1/193/AUTH_a58440e7bedc4755b0a01169452bed14/gnocchi.3e2be33e-abea-48c5-95e5-d68dcc56a81d/1772280000.0_mean_300.0_v3" "tx74535ad265a04b3dbb3be-0069b0a625" "object-server 20" 0.0008 "-" 20 0
Mar 10 23:15:49 standalone object-server[122645]: 172.20.0.100 - - [10/Mar/2026:23:15:49 +0000] "PUT /d1/193/AUTH_a58440e7bedc4755b0a01169452bed14/gnocchi.3e2be33e-abea-48c5-95e5-d68dcc56a81d/1772280000.0_mean_300.0_v3" 201 - "PUT http://localhost:8080/v1/AUTH_a58440e7bedc4755b0a01169452bed14/gnocchi.3e2be33e-abea-48c5-95e5-d68dcc56a81d/1772280000.0_mean_300.0_v3" "tx74535ad265a04b3dbb3be-0069b0a625" "proxy-server 21" 0.0104 "-" 20 0
Mar 10 23:15:49 standalone proxy-server[124536]: 172.18.0.2 ::1 10/Mar/2026/23/15/49 PUT /v1/AUTH_a58440e7bedc4755b0a01169452bed14/gnocchi.3e2be33e-abea-48c5-95e5-d68dcc56a81d/1772280000.0_mean_300.0_v3 HTTP/1.0 201 - python-swiftclient-3.11.1 gAAAAABpsKVm7GMK... 16 - - tx74535ad265a04b3dbb3be-0069b0a625 - 0.0188 - - 1773184549.190740824 1773184549.209587097 0
Mar 10 23:15:49 standalone container-server[122360]: 172.20.0.100 - - [10/Mar/2026:23:15:49 +0000] "PUT /d1/282/AUTH_a58440e7bedc4755b0a01169452bed14/gnocchi.3e2be33e-abea-48c5-95e5-d68dcc56a81d/none_v3" 201 - "PUT http://localhost:8080/d1/967/AUTH_a58440e7bedc4755b0a01169452bed14/gnocchi.3e2be33e-abea-48c5-95e5-d68dcc56a81d/none_v3" "tx10cb50c89c594c99bbcea-0069b0a625" "object-server 22" 0.0007 "-" 23 0
Mar 10 23:15:49 standalone object-server[122649]: 172.20.0.100 - - [10/Mar/2026:23:15:49 +0000] "PUT /d1/967/AUTH_a58440e7bedc4755b0a01169452bed14/gnocchi.3e2be33e-abea-48c5-95e5-d68dcc56a81d/none_v3" 201 - "PUT http://localhost:8080/v1/AUTH_a58440e7bedc4755b0a01169452bed14/gnocchi.3e2be33e-abea-48c5-95e5-d68dcc56a81d/none_v3" "tx10cb50c89c594c99bbcea-0069b0a625" "proxy-server 21" 0.0093 "-" 22 0
Mar 10 23:15:49 standalone proxy-server[124536]: 172.18.0.2 ::1 10/Mar/2026/23/15/49 PUT /v1/AUTH_a58440e7bedc4755b0a01169452bed14/gnocchi.3e2be33e-abea-48c5-95e5-d68dcc56a81d/none_v3 HTTP/1.0 201 - python-swiftclient-3.11.1 gAAAAABpsKVm7GMK... 22 - - tx10cb50c89c594c99bbcea-0069b0a625 - 0.0156 - - 1773184549.212674856 1773184549.228239298 0
Mar 10 23:15:49 standalone container-server[122335]: 172.20.0.100 - - [10/Mar/2026:23:15:49 +0000] "HEAD /d1/125/AUTH_a58440e7bedc4755b0a01169452bed14/gnocchi.bf61f5fd-f2a2-4aef-bc0b-6089bdec372e" 404 - "HEAD http://localhost:8080/v1/AUTH_a58440e7bedc4755b0a01169452bed14/gnocchi.bf61f5fd-f2a2-4aef-bc0b-6089bdec372e?format=json&states=listing" "tx1c69e851350047cca55dd-0069b0a625" "proxy-server 21" 0.0007 "-" 20 0
Mar 10 23:15:49 standalone object-server[122647]: 172.20.0.100 - - [10/Mar/2026:23:15:49 +0000] "GET /d1/893/AUTH_a58440e7bedc4755b0a01169452bed14/gnocchi.bf61f5fd-f2a2-4aef-bc0b-6089bdec372e/none_v3" 404 70 "GET http://localhost:8080/v1/AUTH_a58440e7bedc4755b0a01169452bed14/gnocchi.bf61f5fd-f2a2-4aef-bc0b-6089bdec372e/none_v3" "tx1c69e851350047cca55dd-0069b0a625" "proxy-server 21" 0.0004 "-" 21 0
Mar 10 23:15:49 standalone proxy-server[124536]: 172.18.0.2 ::1 10/Mar/2026/23/15/49 GET /v1/AUTH_a58440e7bedc4755b0a01169452bed14/gnocchi.bf61f5fd-f2a2-4aef-bc0b-6089bdec372e/none_v3 HTTP/1.0 404 - python-swiftclient-3.11.1 gAAAAABpsKVm7GMK... - 70 - tx1c69e851350047cca55dd-0069b0a625 - 0.0119 - - 1773184549.237746954 1773184549.249648571 0
Mar 10 23:15:49 standalone account-server[122239]: 172.20.0.100 - - [10/Mar/2026:23:15:49 +0000] "PUT /d1/609/AUTH_a58440e7bedc4755b0a01169452bed14/gnocchi.bf61f5fd-f2a2-4aef-bc0b-6089bdec372e" 201 - "PUT http://172.20.0.100:6001/d1/125/AUTH_a58440e7bedc4755b0a01169452bed14/gnocchi.bf61f5fd-f2a2-4aef-bc0b-6089bdec372e" "tx2524927f4c504812a2055-0069b0a625" "container-server 21" 0.0060 "-" 17 0
Mar 10 23:15:49 standalone container-server[122349]: 172.20.0.100 - - [10/Mar/2026:23:15:49 +0000] "PUT /d1/125/AUTH_a58440e7bedc4755b0a01169452bed14/gnocchi.bf61f5fd-f2a2-4aef-bc0b-6089bdec372e" 201 - "PUT http://localhost:8080/v1/AUTH_a58440e7bedc4755b0a01169452bed14/gnocchi.bf61f5fd-f2a2-4aef-bc0b-6089bdec372e" "tx2524927f4c504812a2055-0069b0a625" "proxy-server 21" 0.0153 "-" 21 0
Mar 10 23:15:49 standalone proxy-server[124536]: 172.18.0.2 ::1 10/Mar/2026/23/15/49 PUT /v1/AUTH_a58440e7bedc4755b0a01169452bed14/gnocchi.bf61f5fd-f2a2-4aef-bc0b-6089bdec372e HTTP/1.0 201 - python-swiftclient-3.11.1 gAAAAABpsKVm7GMK... - - - tx2524927f4c504812a2055-0069b0a625 - 0.0204 - - 1773184549.252893209 1773184549.273279905 0
Mar 10 23:15:49 standalone container-server[122360]: 172.20.0.100 - - [10/Mar/2026:23:15:49 +0000] "HEAD /d1/125/AUTH_a58440e7bedc4755b0a01169452bed14/gnocchi.bf61f5fd-f2a2-4aef-bc0b-6089bdec372e" 204 - "HEAD http://localhost:8080/v1/AUTH_a58440e7bedc4755b0a01169452bed14/gnocchi.bf61f5fd-f2a2-4aef-bc0b-6089bdec372e?format=json&states=listing" "txb98bd4b18f3744b5bb896-0069b0a625" "proxy-server 21" 0.0023 "-" 23 0
Mar 10 23:15:49 standalone proxy-server[124536]: - - 10/Mar/2026/23/15/49 HEAD /v1/AUTH_a58440e7bedc4755b0a01169452bed14/gnocchi.bf61f5fd-f2a2-4aef-bc0b-6089bdec372e%3Fformat%3Djson%26states%3Dlisting HTTP/1.0 204 - Swift - - - - txb98bd4b18f3744b5bb896-0069b0a625 - 0.0066 RL - 1773184549.280123472 1773184549.286745787 0
Mar 10 23:15:49 standalone container-server[122360]: 172.20.0.100 - - [10/Mar/2026:23:15:49 +0000] "GET /d1/125/AUTH_a58440e7bedc4755b0a01169452bed14/gnocchi.bf61f5fd-f2a2-4aef-bc0b-6089bdec372e" 200 2 "GET http://localhost:8080/v1/AUTH_a58440e7bedc4755b0a01169452bed14/gnocchi.bf61f5fd-f2a2-4aef-bc0b-6089bdec372e?format=json&states=listing" "txb98bd4b18f3744b5bb896-0069b0a625" "proxy-server 21" 0.0035 "-" 23 0
Mar 10 23:15:49 standalone proxy-server[124536]: 172.18.0.2 ::1 10/Mar/2026/23/15/49 GET /v1/AUTH_a58440e7bedc4755b0a01169452bed14/gnocchi.bf61f5fd-f2a2-4aef-bc0b-6089bdec372e%3Fformat%3Djson%26states%3Dlisting HTTP/1.0 200 - python-swiftclient-3.11.1 gAAAAABpsKVm7GMK... - 2 - txb98bd4b18f3744b5bb896-0069b0a625 - 0.0189 - - 1773184549.278659105 1773184549.297552347 0
Mar 10 23:15:49 standalone object-server[122645]: 172.20.0.100 - - [10/Mar/2026:23:15:49 +0000] "GET /d1/191/AUTH_a58440e7bedc4755b0a01169452bed14/gnocchi.bf61f5fd-f2a2-4aef-bc0b-6089bdec372e/1772280000.0_mean_300.0_v3" 404 70 "GET http://localhost:8080/v1/AUTH_a58440e7bedc4755b0a01169452bed14/gnocchi.bf61f5fd-f2a2-4aef-bc0b-6089bdec372e/1772280000.0_mean_300.0_v3" "tx635b29d0f73647a2a6a50-0069b0a625" "proxy-server 21" 0.0004 "-" 20 0
Mar 10 23:15:49 standalone proxy-server[124536]: 172.18.0.2 ::1 10/Mar/2026/23/15/49 GET /v1/AUTH_a58440e7bedc4755b0a01169452bed14/gnocchi.bf61f5fd-f2a2-4aef-bc0b-6089bdec372e/1772280000.0_mean_300.0_v3 HTTP/1.0 404 - python-swiftclient-3.11.1 gAAAAABpsKVm7GMK... - 70 - tx635b29d0f73647a2a6a50-0069b0a625 - 0.0058 - - 1773184549.302814245 1773184549.308595657 0
Mar 10 23:15:49 standalone container-server[122349]: 172.20.0.100 - - [10/Mar/2026:23:15:49 +0000] "PUT /d1/125/AUTH_a58440e7bedc4755b0a01169452bed14/gnocchi.bf61f5fd-f2a2-4aef-bc0b-6089bdec372e/1772280000.0_mean_300.0_v3" 201 - "PUT http://localhost:8080/d1/191/AUTH_a58440e7bedc4755b0a01169452bed14/gnocchi.bf61f5fd-f2a2-4aef-bc0b-6089bdec372e/1772280000.0_mean_300.0_v3" "txe3b6f0da45774a0788a2f-0069b0a625" "object-server 20" 0.0006 "-" 21 0
Mar 10 23:15:49 standalone object-server[122645]: 172.20.0.100 - - [10/Mar/2026:23:15:49 +0000] "PUT /d1/191/AUTH_a58440e7bedc4755b0a01169452bed14/gnocchi.bf61f5fd-f2a2-4aef-bc0b-6089bdec372e/1772280000.0_mean_300.0_v3" 201 - "PUT http://localhost:8080/v1/AUTH_a58440e7bedc4755b0a01169452bed14/gnocchi.bf61f5fd-f2a2-4aef-bc0b-6089bdec372e/1772280000.0_mean_300.0_v3" "txe3b6f0da45774a0788a2f-0069b0a625" "proxy-server 21" 0.0089 "-" 20 0
Mar 10 23:15:49 standalone proxy-server[124536]: 172.18.0.2 ::1 10/Mar/2026/23/15/49 PUT /v1/AUTH_a58440e7bedc4755b0a01169452bed14/gnocchi.bf61f5fd-f2a2-4aef-bc0b-6089bdec372e/1772280000.0_mean_300.0_v3 HTTP/1.0 201 - python-swiftclient-3.11.1 gAAAAABpsKVm7GMK... 16 - - txe3b6f0da45774a0788a2f-0069b0a625 - 0.0144 - - 1773184549.312712669 1773184549.327090025 0
Mar 10 23:15:49 standalone container-server[122335]: 172.20.0.100 - - [10/Mar/2026:23:15:49 +0000] "PUT /d1/125/AUTH_a58440e7bedc4755b0a01169452bed14/gnocchi.bf61f5fd-f2a2-4aef-bc0b-6089bdec372e/none_v3" 201 - "PUT http://localhost:8080/d1/893/AUTH_a58440e7bedc4755b0a01169452bed14/gnocchi.bf61f5fd-f2a2-4aef-bc0b-6089bdec372e/none_v3" "tx421e5f98f78041a3bf7b7-0069b0a625" "object-server 20" 0.0009 "-" 20 0
Mar 10 23:15:49 standalone object-server[122645]: 172.20.0.100 - - [10/Mar/2026:23:15:49 +0000] "PUT /d1/893/AUTH_a58440e7bedc4755b0a01169452bed14/gnocchi.bf61f5fd-f2a2-4aef-bc0b-6089bdec372e/none_v3" 201 - "PUT http://localhost:8080/v1/AUTH_a58440e7bedc4755b0a01169452bed14/gnocchi.bf61f5fd-f2a2-4aef-bc0b-6089bdec372e/none_v3" "tx421e5f98f78041a3bf7b7-0069b0a625" "proxy-server 21" 0.0093 "-" 20 0
Mar 10 23:15:49 standalone proxy-server[124536]: 172.18.0.2 ::1 10/Mar/2026/23/15/49 PUT /v1/AUTH_a58440e7bedc4755b0a01169452bed14/gnocchi.bf61f5fd-f2a2-4aef-bc0b-6089bdec372e/none_v3 HTTP/1.0 201 - python-swiftclient-3.11.1 gAAAAABpsKVm7GMK... 22 - - tx421e5f98f78041a3bf7b7-0069b0a625 - 0.0141 - - 1773184549.331198692 1773184549.345265150 0
Mar 10 23:15:49 standalone container-server[122335]: 172.20.0.100 - - [10/Mar/2026:23:15:49 +0000] "HEAD /d1/800/AUTH_a58440e7bedc4755b0a01169452bed14/gnocchi.14fe42da-413d-4c99-982f-736bb2a79963" 404 - "HEAD http://localhost:8080/v1/AUTH_a58440e7bedc4755b0a01169452bed14/gnocchi.14fe42da-413d-4c99-982f-736bb2a79963?format=json&states=listing" "txd9950f4213cc4b3a82f98-0069b0a625" "proxy-server 21" 0.0005 "-" 20 0
Mar 10 23:15:49 standalone object-server[122649]: 172.20.0.100 - - [10/Mar/2026:23:15:49 +0000] "GET /d1/404/AUTH_a58440e7bedc4755b0a01169452bed14/gnocchi.14fe42da-413d-4c99-982f-736bb2a79963/none_v3" 404 70 "GET http://localhost:8080/v1/AUTH_a58440e7bedc4755b0a01169452bed14/gnocchi.14fe42da-413d-4c99-982f-736bb2a79963/none_v3" "txd9950f4213cc4b3a82f98-0069b0a625" "proxy-server 21" 0.0003 "-" 22 0
Mar 10 23:15:49 standalone proxy-server[124536]: 172.18.0.2 ::1 10/Mar/2026/23/15/49 GET /v1/AUTH_a58440e7bedc4755b0a01169452bed14/gnocchi.14fe42da-413d-4c99-982f-736bb2a79963/none_v3 HTTP/1.0 404 - python-swiftclient-3.11.1 gAAAAABpsKVm7GMK... - 70 - txd9950f4213cc4b3a82f98-0069b0a625 - 0.0098 - - 1773184549.358125687 1773184549.367905140 0
Mar 10 23:15:49 standalone account-server[122298]: 172.20.0.100 - - [10/Mar/2026:23:15:49 +0000] "PUT /d1/609/AUTH_a58440e7bedc4755b0a01169452bed14/gnocchi.14fe42da-413d-4c99-982f-736bb2a79963" 201 - "PUT http://172.20.0.100:6001/d1/800/AUTH_a58440e7bedc4755b0a01169452bed14/gnocchi.14fe42da-413d-4c99-982f-736bb2a79963" "tx9bf5a547b89049aa9f072-0069b0a625" "container-server 20" 0.0048 "-" 19 0
Mar 10 23:15:49 standalone container-server[122335]: 172.20.0.100 - - [10/Mar/2026:23:15:49 +0000] "PUT /d1/800/AUTH_a58440e7bedc4755b0a01169452bed14/gnocchi.14fe42da-413d-4c99-982f-736bb2a79963" 201 - "PUT http://localhost:8080/v1/AUTH_a58440e7bedc4755b0a01169452bed14/gnocchi.14fe42da-413d-4c99-982f-736bb2a79963" "tx9bf5a547b89049aa9f072-0069b0a625" "proxy-server 21" 0.0190 "-" 20 0
Mar 10 23:15:49 standalone proxy-server[124536]: 172.18.0.2 ::1 10/Mar/2026/23/15/49 PUT /v1/AUTH_a58440e7bedc4755b0a01169452bed14/gnocchi.14fe42da-413d-4c99-982f-736bb2a79963 HTTP/1.0 201 - python-swiftclient-3.11.1 gAAAAABpsKVm7GMK... - - - tx9bf5a547b89049aa9f072-0069b0a625 - 0.0234 - - 1773184549.371536970 1773184549.394928694 0
Mar 10 23:15:49 standalone container-server[122360]: 172.20.0.100 - - [10/Mar/2026:23:15:49 +0000] "HEAD /d1/800/AUTH_a58440e7bedc4755b0a01169452bed14/gnocchi.14fe42da-413d-4c99-982f-736bb2a79963" 204 - "HEAD http://localhost:8080/v1/AUTH_a58440e7bedc4755b0a01169452bed14/gnocchi.14fe42da-413d-4c99-982f-736bb2a79963?format=json&states=listing" "tx36d7df842fed4da1b0a89-0069b0a625" "proxy-server 21" 0.0021 "-" 23 0
Mar 10 23:15:49 standalone proxy-server[124536]: - - 10/Mar/2026/23/15/49 HEAD /v1/AUTH_a58440e7bedc4755b0a01169452bed14/gnocchi.14fe42da-413d-4c99-982f-736bb2a79963%3Fformat%3Djson%26states%3Dlisting HTTP/1.0 204 - Swift - - - - tx36d7df842fed4da1b0a89-0069b0a625 - 0.0054 RL - 1773184549.399903774 1773184549.405292034 0
Mar 10 23:15:49 standalone container-server[122349]: 172.20.0.100 - - [10/Mar/2026:23:15:49 +0000] "GET /d1/800/AUTH_a58440e7bedc4755b0a01169452bed14/gnocchi.14fe42da-413d-4c99-982f-736bb2a79963" 200 2 "GET http://localhost:8080/v1/AUTH_a58440e7bedc4755b0a01169452bed14/gnocchi.14fe42da-413d-4c99-982f-736bb2a79963?format=json&states=listing" "tx36d7df842fed4da1b0a89-0069b0a625" "proxy-server 21" 0.0017 "-" 21 0
Mar 10 23:15:49 standalone proxy-server[124536]: 172.18.0.2 ::1 10/Mar/2026/23/15/49 GET /v1/AUTH_a58440e7bedc4755b0a01169452bed14/gnocchi.14fe42da-413d-4c99-982f-736bb2a79963%3Fformat%3Djson%26states%3Dlisting HTTP/1.0 200 - python-swiftclient-3.11.1 gAAAAABpsKVm7GMK... - 2 - tx36d7df842fed4da1b0a89-0069b0a625 - 0.0126 - - 1773184549.399052382 1773184549.411672354 0
Mar 10 23:15:49 standalone object-server[122645]: 172.20.0.100 - - [10/Mar/2026:23:15:49 +0000] "GET /d1/811/AUTH_a58440e7bedc4755b0a01169452bed14/gnocchi.14fe42da-413d-4c99-982f-736bb2a79963/1772280000.0_mean_300.0_v3" 404 70 "GET http://localhost:8080/v1/AUTH_a58440e7bedc4755b0a01169452bed14/gnocchi.14fe42da-413d-4c99-982f-736bb2a79963/1772280000.0_mean_300.0_v3" "txc76091ec3c3247a6817c6-0069b0a625" "proxy-server 21" 0.0003 "-" 20 0
Mar 10 23:15:49 standalone proxy-server[124536]: 172.18.0.2 ::1 10/Mar/2026/23/15/49 GET /v1/AUTH_a58440e7bedc4755b0a01169452bed14/gnocchi.14fe42da-413d-4c99-982f-736bb2a79963/1772280000.0_mean_300.0_v3 HTTP/1.0 404 - python-swiftclient-3.11.1 gAAAAABpsKVm7GMK... - 70 - txc76091ec3c3247a6817c6-0069b0a625 - 0.0039 - - 1773184549.416471004 1773184549.420355320 0
Mar 10 23:15:49 standalone container-server[122358]: 172.20.0.100 - - [10/Mar/2026:23:15:49 +0000] "PUT /d1/800/AUTH_a58440e7bedc4755b0a01169452bed14/gnocchi.14fe42da-413d-4c99-982f-736bb2a79963/1772280000.0_mean_300.0_v3" 201 - "PUT http://localhost:8080/d1/811/AUTH_a58440e7bedc4755b0a01169452bed14/gnocchi.14fe42da-413d-4c99-982f-736bb2a79963/1772280000.0_mean_300.0_v3" "txf371f4be9c6a40e598c68-0069b0a625" "object-server 21" 0.0008 "-" 22 0
Mar 10 23:15:49 standalone object-server[122647]: 172.20.0.100 - - [10/Mar/2026:23:15:49 +0000] "PUT /d1/811/AUTH_a58440e7bedc4755b0a01169452bed14/gnocchi.14fe42da-413d-4c99-982f-736bb2a79963/1772280000.0_mean_300.0_v3" 201 - "PUT http://localhost:8080/v1/AUTH_a58440e7bedc4755b0a01169452bed14/gnocchi.14fe42da-413d-4c99-982f-736bb2a79963/1772280000.0_mean_300.0_v3" "txf371f4be9c6a40e598c68-0069b0a625" "proxy-server 21" 0.0116 "-" 21 0
Mar 10 23:15:49 standalone proxy-server[124536]: 172.18.0.2 ::1 10/Mar/2026/23/15/49 PUT /v1/AUTH_a58440e7bedc4755b0a01169452bed14/gnocchi.14fe42da-413d-4c99-982f-736bb2a79963/1772280000.0_mean_300.0_v3 HTTP/1.0 201 - python-swiftclient-3.11.1 gAAAAABpsKVm7GMK... 16 - - txf371f4be9c6a40e598c68-0069b0a625 - 0.0170 - - 1773184549.424129725 1773184549.441118002 0
Mar 10 23:15:49 standalone container-server[122358]: 172.20.0.100 - - [10/Mar/2026:23:15:49 +0000] "PUT /d1/800/AUTH_a58440e7bedc4755b0a01169452bed14/gnocchi.14fe42da-413d-4c99-982f-736bb2a79963/none_v3" 201 - "PUT http://localhost:8080/d1/404/AUTH_a58440e7bedc4755b0a01169452bed14/gnocchi.14fe42da-413d-4c99-982f-736bb2a79963/none_v3" "tx4a9fc08c35324e76893e8-0069b0a625" "object-server 22" 0.0006 "-" 22 0
Mar 10 23:15:49 standalone object-server[122649]: 172.20.0.100 - - [10/Mar/2026:23:15:49 +0000] "PUT /d1/404/AUTH_a58440e7bedc4755b0a01169452bed14/gnocchi.14fe42da-413d-4c99-982f-736bb2a79963/none_v3" 201 - "PUT http://localhost:8080/v1/AUTH_a58440e7bedc4755b0a01169452bed14/gnocchi.14fe42da-413d-4c99-982f-736bb2a79963/none_v3" "tx4a9fc08c35324e76893e8-0069b0a625" "proxy-server 21" 0.0084 "-" 22 0
Mar 10 23:15:49 standalone proxy-server[124536]: 172.18.0.2 ::1 10/Mar/2026/23/15/49 PUT /v1/AUTH_a58440e7bedc4755b0a01169452bed14/gnocchi.14fe42da-413d-4c99-982f-736bb2a79963/none_v3 HTTP/1.0 201 - python-swiftclient-3.11.1 gAAAAABpsKVm7GMK... 22 - - tx4a9fc08c35324e76893e8-0069b0a625 - 0.0121 - - 1773184549.444586754 1773184549.456733227 0
Mar 10 23:15:49 standalone container-server[122349]: 172.20.0.100 - - [10/Mar/2026:23:15:49 +0000] "HEAD /d1/422/AUTH_a58440e7bedc4755b0a01169452bed14/gnocchi.90d1af40-bea7-412e-ae65-38dd972caa43" 404 - "HEAD http://localhost:8080/v1/AUTH_a58440e7bedc4755b0a01169452bed14/gnocchi.90d1af40-bea7-412e-ae65-38dd972caa43?format=json&states=listing" "tx85d18cce83d14d638b4a5-0069b0a625" "proxy-server 21" 0.0004 "-" 21 0
Mar 10 23:15:49 standalone object-server[122647]: 172.20.0.100 - - [10/Mar/2026:23:15:49 +0000] "GET /d1/749/AUTH_a58440e7bedc4755b0a01169452bed14/gnocchi.90d1af40-bea7-412e-ae65-38dd972caa43/none_v3" 404 70 "GET http://localhost:8080/v1/AUTH_a58440e7bedc4755b0a01169452bed14/gnocchi.90d1af40-bea7-412e-ae65-38dd972caa43/none_v3" "tx85d18cce83d14d638b4a5-0069b0a625" "proxy-server 21" 0.0008 "-" 21 0
Mar 10 23:15:49 standalone proxy-server[124536]: 172.18.0.2 ::1 10/Mar/2026/23/15/49 GET /v1/AUTH_a58440e7bedc4755b0a01169452bed14/gnocchi.90d1af40-bea7-412e-ae65-38dd972caa43/none_v3 HTTP/1.0 404 - python-swiftclient-3.11.1 gAAAAABpsKVm7GMK... - 70 - tx85d18cce83d14d638b4a5-0069b0a625 - 0.0109 - - 1773184549.475132227 1773184549.486074448 0
Mar 10 23:15:49 standalone account-server[122277]: 172.20.0.100 - - [10/Mar/2026:23:15:49 +0000] "PUT /d1/609/AUTH_a58440e7bedc4755b0a01169452bed14/gnocchi.90d1af40-bea7-412e-ae65-38dd972caa43" 201 - "PUT http://172.20.0.100:6001/d1/422/AUTH_a58440e7bedc4755b0a01169452bed14/gnocchi.90d1af40-bea7-412e-ae65-38dd972caa43" "tx77f8d15acff5424b977f8-0069b0a625" "container-server 22" 0.0044 "-" 18 0
Mar 10 23:15:49 standalone container-server[122358]: 172.20.0.100 - - [10/Mar/2026:23:15:49 +0000] "PUT /d1/422/AUTH_a58440e7bedc4755b0a01169452bed14/gnocchi.90d1af40-bea7-412e-ae65-38dd972caa43" 201 - "PUT http://localhost:8080/v1/AUTH_a58440e7bedc4755b0a01169452bed14/gnocchi.90d1af40-bea7-412e-ae65-38dd972caa43" "tx77f8d15acff5424b977f8-0069b0a625" "proxy-server 21" 0.0182 "-" 22 0
Mar 10 23:15:49 standalone proxy-server[124536]: 172.18.0.2 ::1 10/Mar/2026/23/15/49 PUT /v1/AUTH_a58440e7bedc4755b0a01169452bed14/gnocchi.90d1af40-bea7-412e-ae65-38dd972caa43 HTTP/1.0 201 - python-swiftclient-3.11.1 gAAAAABpsKVm7GMK... - - - tx77f8d15acff5424b977f8-0069b0a625 - 0.0228 - - 1773184549.489960909 1773184549.512730837 0
Mar 10 23:15:49 standalone container-server[122335]: 172.20.0.100 - - [10/Mar/2026:23:15:49 +0000] "HEAD /d1/422/AUTH_a58440e7bedc4755b0a01169452bed14/gnocchi.90d1af40-bea7-412e-ae65-38dd972caa43" 204 - "HEAD http://localhost:8080/v1/AUTH_a58440e7bedc4755b0a01169452bed14/gnocchi.90d1af40-bea7-412e-ae65-38dd972caa43?format=json&states=listing" "tx66edac5262cd48a987e3a-0069b0a625" "proxy-server 21" 0.0026 "-" 20 0
Mar 10 23:15:49 standalone proxy-server[124536]: - - 10/Mar/2026/23/15/49 HEAD /v1/AUTH_a58440e7bedc4755b0a01169452bed14/gnocchi.90d1af40-bea7-412e-ae65-38dd972caa43%3Fformat%3Djson%26states%3Dlisting HTTP/1.0 204 - Swift - - - - tx66edac5262cd48a987e3a-0069b0a625 - 0.0093 RL - 1773184549.518535376 1773184549.527877331 0
Mar 10 23:15:49 standalone container-server[122360]: 172.20.0.100 - - [10/Mar/2026:23:15:49 +0000] "GET /d1/422/AUTH_a58440e7bedc4755b0a01169452bed14/gnocchi.90d1af40-bea7-412e-ae65-38dd972caa43" 200 2 "GET http://localhost:8080/v1/AUTH_a58440e7bedc4755b0a01169452bed14/gnocchi.90d1af40-bea7-412e-ae65-38dd972caa43?format=json&states=listing" "tx66edac5262cd48a987e3a-0069b0a625" "proxy-server 21" 0.0032 "-" 23 0
Mar 10 23:15:49 standalone proxy-server[124536]: 172.18.0.2 ::1 10/Mar/2026/23/15/49 GET /v1/AUTH_a58440e7bedc4755b0a01169452bed14/gnocchi.90d1af40-bea7-412e-ae65-38dd972caa43%3Fformat%3Djson%26states%3Dlisting HTTP/1.0 200 - python-swiftclient-3.11.1 gAAAAABpsKVm7GMK... - 2 - tx66edac5262cd48a987e3a-0069b0a625 - 0.0191 - - 1773184549.517486572 1773184549.536605120 0
Mar 10 23:15:49 standalone object-server[122645]: 172.20.0.100 - - [10/Mar/2026:23:15:49 +0000] "GET /d1/891/AUTH_a58440e7bedc4755b0a01169452bed14/gnocchi.90d1af40-bea7-412e-ae65-38dd972caa43/1772280000.0_mean_300.0_v3" 404 70 "GET http://localhost:8080/v1/AUTH_a58440e7bedc4755b0a01169452bed14/gnocchi.90d1af40-bea7-412e-ae65-38dd972caa43/1772280000.0_mean_300.0_v3" "tx99ccdd34967a4a47bf5f1-0069b0a625" "proxy-server 21" 0.0005 "-" 20 0
Mar 10 23:15:49 standalone proxy-server[124536]: 172.18.0.2 ::1 10/Mar/2026/23/15/49 GET /v1/AUTH_a58440e7bedc4755b0a01169452bed14/gnocchi.90d1af40-bea7-412e-ae65-38dd972caa43/1772280000.0_mean_300.0_v3 HTTP/1.0 404 - python-swiftclient-3.11.1 gAAAAABpsKVm7GMK... - 70 - tx99ccdd34967a4a47bf5f1-0069b0a625 - 0.0057 - - 1773184549.541517496 1773184549.547179222 0
Mar 10 23:15:49 standalone container-server[122360]: 172.20.0.100 - - [10/Mar/2026:23:15:49 +0000] "PUT /d1/422/AUTH_a58440e7bedc4755b0a01169452bed14/gnocchi.90d1af40-bea7-412e-ae65-38dd972caa43/1772280000.0_mean_300.0_v3" 201 - "PUT http://localhost:8080/d1/891/AUTH_a58440e7bedc4755b0a01169452bed14/gnocchi.90d1af40-bea7-412e-ae65-38dd972caa43/1772280000.0_mean_300.0_v3" "tx35fc00a8c0fb4e219f14a-0069b0a625" "object-server 21" 0.0007 "-" 23 0
Mar 10 23:15:49 standalone object-server[122647]: 172.20.0.100 - - [10/Mar/2026:23:15:49 +0000] "PUT /d1/891/AUTH_a58440e7bedc4755b0a01169452bed14/gnocchi.90d1af40-bea7-412e-ae65-38dd972caa43/1772280000.0_mean_300.0_v3" 201 - "PUT http://localhost:8080/v1/AUTH_a58440e7bedc4755b0a01169452bed14/gnocchi.90d1af40-bea7-412e-ae65-38dd972caa43/1772280000.0_mean_300.0_v3" "tx35fc00a8c0fb4e219f14a-0069b0a625" "proxy-server 21" 0.0118 "-" 21 0
Mar 10 23:15:49 standalone proxy-server[124536]: 172.18.0.2 ::1 10/Mar/2026/23/15/49 PUT /v1/AUTH_a58440e7bedc4755b0a01169452bed14/gnocchi.90d1af40-bea7-412e-ae65-38dd972caa43/1772280000.0_mean_300.0_v3 HTTP/1.0 201 - python-swiftclient-3.11.1 gAAAAABpsKVm7GMK... 16 - - tx35fc00a8c0fb4e219f14a-0069b0a625 - 0.0179 - - 1773184549.551008701 1773184549.568889856 0
Mar 10 23:15:49 standalone container-server[122360]: 172.20.0.100 - - [10/Mar/2026:23:15:49 +0000] "PUT /d1/422/AUTH_a58440e7bedc4755b0a01169452bed14/gnocchi.90d1af40-bea7-412e-ae65-38dd972caa43/none_v3" 201 - "PUT http://localhost:8080/d1/749/AUTH_a58440e7bedc4755b0a01169452bed14/gnocchi.90d1af40-bea7-412e-ae65-38dd972caa43/none_v3" "tx75f3a5c229924289a4837-0069b0a625" "object-server 22" 0.0007 "-" 23 0
Mar 10 23:15:49 standalone object-server[122649]: 172.20.0.100 - - [10/Mar/2026:23:15:49 +0000] "PUT /d1/749/AUTH_a58440e7bedc4755b0a01169452bed14/gnocchi.90d1af40-bea7-412e-ae65-38dd972caa43/none_v3" 201 - "PUT http://localhost:8080/v1/AUTH_a58440e7bedc4755b0a01169452bed14/gnocchi.90d1af40-bea7-412e-ae65-38dd972caa43/none_v3" "tx75f3a5c229924289a4837-0069b0a625" "proxy-server 21" 0.0105 "-" 22 0
Mar 10 23:15:49 standalone proxy-server[124536]: 172.18.0.2 ::1 10/Mar/2026/23/15/49 PUT /v1/AUTH_a58440e7bedc4755b0a01169452bed14/gnocchi.90d1af40-bea7-412e-ae65-38dd972caa43/none_v3 HTTP/1.0 201 - python-swiftclient-3.11.1 gAAAAABpsKVm7GMK... 22 - - tx75f3a5c229924289a4837-0069b0a625 - 0.0186 - - 1773184549.573427439 1773184549.591990709 0
Mar 10 23:15:49 standalone container-server[122335]: 172.20.0.100 - - [10/Mar/2026:23:15:49 +0000] "HEAD /d1/590/AUTH_a58440e7bedc4755b0a01169452bed14/gnocchi.fbc93c77-9707-4b08-8bdb-13617961def1" 404 - "HEAD http://localhost:8080/v1/AUTH_a58440e7bedc4755b0a01169452bed14/gnocchi.fbc93c77-9707-4b08-8bdb-13617961def1?format=json&states=listing" "tx6c4bcfed418d4b49b35d7-0069b0a625" "proxy-server 21" 0.0006 "-" 20 0
Mar 10 23:15:49 standalone object-server[122645]: 172.20.0.100 - - [10/Mar/2026:23:15:49 +0000] "GET /d1/823/AUTH_a58440e7bedc4755b0a01169452bed14/gnocchi.fbc93c77-9707-4b08-8bdb-13617961def1/none_v3" 404 70 "GET http://localhost:8080/v1/AUTH_a58440e7bedc4755b0a01169452bed14/gnocchi.fbc93c77-9707-4b08-8bdb-13617961def1/none_v3" "tx6c4bcfed418d4b49b35d7-0069b0a625" "proxy-server 21" 0.0005 "-" 20 0
Mar 10 23:15:49 standalone proxy-server[124536]: 172.18.0.2 ::1 10/Mar/2026/23/15/49 GET /v1/AUTH_a58440e7bedc4755b0a01169452bed14/gnocchi.fbc93c77-9707-4b08-8bdb-13617961def1/none_v3 HTTP/1.0 404 - python-swiftclient-3.11.1 gAAAAABpsKVm7GMK... - 70 - tx6c4bcfed418d4b49b35d7-0069b0a625 - 0.0141 - - 1773184549.614156485 1773184549.628209352 0
Mar 10 23:15:49 standalone account-server[122239]: 172.20.0.100 - - [10/Mar/2026:23:15:49 +0000] "PUT /d1/609/AUTH_a58440e7bedc4755b0a01169452bed14/gnocchi.fbc93c77-9707-4b08-8bdb-13617961def1" 201 - "PUT http://172.20.0.100:6001/d1/590/AUTH_a58440e7bedc4755b0a01169452bed14/gnocchi.fbc93c77-9707-4b08-8bdb-13617961def1" "tx3badb8b11e1e47ccbdf68-0069b0a625" "container-server 20" 0.0052 "-" 17 0
Mar 10 23:15:49 standalone container-server[122335]: 172.20.0.100 - - [10/Mar/2026:23:15:49 +0000] "PUT /d1/590/AUTH_a58440e7bedc4755b0a01169452bed14/gnocchi.fbc93c77-9707-4b08-8bdb-13617961def1" 201 - "PUT http://localhost:8080/v1/AUTH_a58440e7bedc4755b0a01169452bed14/gnocchi.fbc93c77-9707-4b08-8bdb-13617961def1" "tx3badb8b11e1e47ccbdf68-0069b0a625" "proxy-server 21" 0.0196 "-" 20 0
Mar 10 23:15:49 standalone proxy-server[124536]: 172.18.0.2 ::1 10/Mar/2026/23/15/49 PUT /v1/AUTH_a58440e7bedc4755b0a01169452bed14/gnocchi.fbc93c77-9707-4b08-8bdb-13617961def1 HTTP/1.0 201 - python-swiftclient-3.11.1 gAAAAABpsKVm7GMK... - - - tx3badb8b11e1e47ccbdf68-0069b0a625 - 0.0262 - - 1773184549.633673429 1773184549.659866571 0
Mar 10 23:15:49 standalone container-server[122349]: 172.20.0.100 - - [10/Mar/2026:23:15:49 +0000] "HEAD /d1/590/AUTH_a58440e7bedc4755b0a01169452bed14/gnocchi.fbc93c77-9707-4b08-8bdb-13617961def1" 204 - "HEAD http://localhost:8080/v1/AUTH_a58440e7bedc4755b0a01169452bed14/gnocchi.fbc93c77-9707-4b08-8bdb-13617961def1?format=json&states=listing" "tx2b0cae9ccd604b76ba28c-0069b0a625" "proxy-server 21" 0.0011 "-" 21 0
Mar 10 23:15:49 standalone proxy-server[124536]: - - 10/Mar/2026/23/15/49 HEAD /v1/AUTH_a58440e7bedc4755b0a01169452bed14/gnocchi.fbc93c77-9707-4b08-8bdb-13617961def1%3Fformat%3Djson%26states%3Dlisting HTTP/1.0 204 - Swift - - - - tx2b0cae9ccd604b76ba28c-0069b0a625 - 0.0051 RL - 1773184549.666748047 1773184549.671876907 0
Mar 10 23:15:49 standalone container-server[122360]: 172.20.0.100 - - [10/Mar/2026:23:15:49 +0000] "GET /d1/590/AUTH_a58440e7bedc4755b0a01169452bed14/gnocchi.fbc93c77-9707-4b08-8bdb-13617961def1" 200 2 "GET http://localhost:8080/v1/AUTH_a58440e7bedc4755b0a01169452bed14/gnocchi.fbc93c77-9707-4b08-8bdb-13617961def1?format=json&states=listing" "tx2b0cae9ccd604b76ba28c-0069b0a625" "proxy-server 21" 0.0034 "-" 23 0
Mar 10 23:15:49 standalone proxy-server[124536]: 172.18.0.2 ::1 10/Mar/2026/23/15/49 GET /v1/AUTH_a58440e7bedc4755b0a01169452bed14/gnocchi.fbc93c77-9707-4b08-8bdb-13617961def1%3Fformat%3Djson%26states%3Dlisting HTTP/1.0 200 - python-swiftclient-3.11.1 gAAAAABpsKVm7GMK... - 2 - tx2b0cae9ccd604b76ba28c-0069b0a625 - 0.0193 - - 1773184549.665112495 1773184549.684442282 0
Mar 10 23:15:49 standalone object-server[122649]: 172.20.0.100 - - [10/Mar/2026:23:15:49 +0000] "GET /d1/225/AUTH_a58440e7bedc4755b0a01169452bed14/gnocchi.fbc93c77-9707-4b08-8bdb-13617961def1/1772280000.0_mean_300.0_v3" 404 70 "GET http://localhost:8080/v1/AUTH_a58440e7bedc4755b0a01169452bed14/gnocchi.fbc93c77-9707-4b08-8bdb-13617961def1/1772280000.0_mean_300.0_v3" "txab9a4fb701a34863afe20-0069b0a625" "proxy-server 21" 0.0006 "-" 22 0
Mar 10 23:15:49 standalone proxy-server[124536]: 172.18.0.2 ::1 10/Mar/2026/23/15/49 GET /v1/AUTH_a58440e7bedc4755b0a01169452bed14/gnocchi.fbc93c77-9707-4b08-8bdb-13617961def1/1772280000.0_mean_300.0_v3 HTTP/1.0 404 - python-swiftclient-3.11.1 gAAAAABpsKVm7GMK... - 70 - txab9a4fb701a34863afe20-0069b0a625 - 0.0087 - - 1773184549.689967632 1773184549.698703289 0
Mar 10 23:15:49 standalone container-server[122349]: 172.20.0.100 - - [10/Mar/2026:23:15:49 +0000] "PUT /d1/590/AUTH_a58440e7bedc4755b0a01169452bed14/gnocchi.fbc93c77-9707-4b08-8bdb-13617961def1/1772280000.0_mean_300.0_v3" 201 - "PUT http://localhost:8080/d1/225/AUTH_a58440e7bedc4755b0a01169452bed14/gnocchi.fbc93c77-9707-4b08-8bdb-13617961def1/1772280000.0_mean_300.0_v3" "txc1edb476e81847018454a-0069b0a625" "object-server 21" 0.0005 "-" 21 0
Mar 10 23:15:49 standalone object-server[122647]: 172.20.0.100 - - [10/Mar/2026:23:15:49 +0000] "PUT /d1/225/AUTH_a58440e7bedc4755b0a01169452bed14/gnocchi.fbc93c77-9707-4b08-8bdb-13617961def1/1772280000.0_mean_300.0_v3" 201 - "PUT http://localhost:8080/v1/AUTH_a58440e7bedc4755b0a01169452bed14/gnocchi.fbc93c77-9707-4b08-8bdb-13617961def1/1772280000.0_mean_300.0_v3" "txc1edb476e81847018454a-0069b0a625" "proxy-server 21" 0.0094 "-" 21 0
Mar 10 23:15:49 standalone proxy-server[124536]: 172.18.0.2 ::1 10/Mar/2026/23/15/49 PUT /v1/AUTH_a58440e7bedc4755b0a01169452bed14/gnocchi.fbc93c77-9707-4b08-8bdb-13617961def1/1772280000.0_mean_300.0_v3 HTTP/1.0 201 - python-swiftclient-3.11.1 gAAAAABpsKVm7GMK... 16 - - txc1edb476e81847018454a-0069b0a625 - 0.0173 - - 1773184549.703292370 1773184549.720566511 0
Mar 10 23:15:49 standalone container-server[122349]: 172.20.0.100 - - [10/Mar/2026:23:15:49 +0000] "PUT /d1/590/AUTH_a58440e7bedc4755b0a01169452bed14/gnocchi.fbc93c77-9707-4b08-8bdb-13617961def1/none_v3" 201 - "PUT http://localhost:8080/d1/823/AUTH_a58440e7bedc4755b0a01169452bed14/gnocchi.fbc93c77-9707-4b08-8bdb-13617961def1/none_v3" "txfc9d7bb472234dccb1b23-0069b0a625" "object-server 22" 0.0005 "-" 21 0
Mar 10 23:15:49 standalone object-server[122649]: 172.20.0.100 - - [10/Mar/2026:23:15:49 +0000] "PUT /d1/823/AUTH_a58440e7bedc4755b0a01169452bed14/gnocchi.fbc93c77-9707-4b08-8bdb-13617961def1/none_v3" 201 - "PUT http://localhost:8080/v1/AUTH_a58440e7bedc4755b0a01169452bed14/gnocchi.fbc93c77-9707-4b08-8bdb-13617961def1/none_v3" "txfc9d7bb472234dccb1b23-0069b0a625" "proxy-server 21" 0.0084 "-" 22 0
Mar 10 23:15:49 standalone proxy-server[124536]: 172.18.0.2 ::1 10/Mar/2026/23/15/49 PUT /v1/AUTH_a58440e7bedc4755b0a01169452bed14/gnocchi.fbc93c77-9707-4b08-8bdb-13617961def1/none_v3 HTTP/1.0 201 - python-swiftclient-3.11.1 gAAAAABpsKVm7GMK... 22 - - txfc9d7bb472234dccb1b23-0069b0a625 - 0.0183 - - 1773184549.723961115 1773184549.742283821 0
Mar 10 23:15:54 standalone account-server[122302]: 172.20.0.100 - - [10/Mar/2026:23:15:54 +0000] "HEAD /d1/417/.expiring_objects" 404 - "HEAD http://localhost/v1/.expiring_objects?format=json" "tx9245c495813d44ea91c59-0069b0a62a" "proxy-server 2" 0.0004 "-" 20 -
Mar 10 23:15:54 standalone object-expirer[122314]: Pass completed in 0s; 0 objects expired (txn: tx9245c495813d44ea91c59-0069b0a62a)
Mar 10 23:16:52 standalone object-server[122511]: Begin object update sweep
Mar 10 23:16:52 standalone object-server[234099]: Object update sweep starting on /srv/node/d1 (pid: 15)
Mar 10 23:16:52 standalone object-server[234099]: Object update sweep completed on /srv/node/d1 in 0.00s seconds:, 0 successes, 0 failures, 0 quarantines, 0 unlinks, 0 errors, 0 redirects (pid: 15)
Mar 10 23:16:52 standalone object-server[234099]: Object update sweep of d1 completed: 0.00s, 0 successes, 0 failures, 0 quarantines, 0 unlinks, 0 errors, 0 redirects
Mar 10 23:16:53 standalone object-server[122511]: Object update sweep completed: 0.08s
Mar 10 23:17:18 standalone container-server[122210]: Begin container update sweep
Mar 10 23:17:18 standalone account-server[122298]: 172.20.0.100 - - [10/Mar/2026:23:17:18 +0000] "PUT /d1/609/AUTH_a58440e7bedc4755b0a01169452bed14/gnocchi.47c4feb7-b83d-4ee5-b338-493d1e857e20" 201 - "-" "-" "container-updater 2" 0.0011 "-" 19 0
Mar 10 23:17:18 standalone account-server[122302]: 172.20.0.100 - - [10/Mar/2026:23:17:18 +0000] "PUT /d1/609/AUTH_a58440e7bedc4755b0a01169452bed14/gnocchi.14fe42da-413d-4c99-982f-736bb2a79963" 201 - "-" "-" "container-updater 2" 0.0015 "-" 20 0
Mar 10 23:17:18 standalone account-server[122277]: 172.20.0.100 - - [10/Mar/2026:23:17:18 +0000] "PUT /d1/609/AUTH_a58440e7bedc4755b0a01169452bed14/gnocchi.9c819da8-1c0a-4fb8-9517-e2dfae99c812" 201 - "-" "-" "container-updater 2" 0.0007 "-" 18 0
Mar 10 23:17:19 standalone account-server[122277]: 172.20.0.100 - - [10/Mar/2026:23:17:19 +0000] "PUT /d1/609/AUTH_a58440e7bedc4755b0a01169452bed14/gnocchi.de979778-56b5-4f31-a444-e1e73ac8925b" 201 - "-" "-" "container-updater 2" 0.0006 "-" 18 0
Mar 10 23:17:19 standalone account-server[122277]: 172.20.0.100 - - [10/Mar/2026:23:17:19 +0000] "PUT /d1/609/AUTH_a58440e7bedc4755b0a01169452bed14/gnocchi.bb02cdab-11b6-4506-8f19-57687f9b5cd4" 201 - "-" "-" "container-updater 2" 0.0010 "-" 18 0
Mar 10 23:17:19 standalone account-server[122298]: 172.20.0.100 - - [10/Mar/2026:23:17:19 +0000] "PUT /d1/609/AUTH_a58440e7bedc4755b0a01169452bed14/gnocchi.b155ba72-eb0b-4a54-8d86-58c19db8e64a" 201 - "-" "-" "container-updater 2" 0.0006 "-" 19 0
Mar 10 23:17:19 standalone account-server[122277]: 172.20.0.100 - - [10/Mar/2026:23:17:19 +0000] "PUT /d1/609/AUTH_a58440e7bedc4755b0a01169452bed14/gnocchi.0c4dcb94-85a9-41a3-885c-db186c1da00d" 201 - "-" "-" "container-updater 2" 0.0004 "-" 18 0
Mar 10 23:17:19 standalone account-server[122302]: 172.20.0.100 - - [10/Mar/2026:23:17:19 +0000] "PUT /d1/609/AUTH_a58440e7bedc4755b0a01169452bed14/gnocchi.80ece42d-53e0-4b8b-936e-b632b81e9ef7" 201 - "-" "-" "container-updater 2" 0.0007 "-" 20 0
Mar 10 23:17:19 standalone account-server[122302]: 172.20.0.100 - - [10/Mar/2026:23:17:19 +0000] "PUT /d1/609/AUTH_a58440e7bedc4755b0a01169452bed14/gnocchi.88039ecf-c537-4c28-8423-6b42553768a6" 201 - "-" "-" "container-updater 2" 0.0007 "-" 20 0
Mar 10 23:17:19 standalone account-server[122277]: 172.20.0.100 - - [10/Mar/2026:23:17:19 +0000] "PUT /d1/609/AUTH_a58440e7bedc4755b0a01169452bed14/gnocchi.5bd90376-a957-48b8-9bca-5082142e411a" 201 - "-" "-" "container-updater 2" 0.0004 "-" 18 0
Mar 10 23:17:19 standalone account-server[122239]: 172.20.0.100 - - [10/Mar/2026:23:17:19 +0000] "PUT /d1/609/AUTH_a58440e7bedc4755b0a01169452bed14/gnocchi.11efdadd-435c-4be1-b122-dee8ad0c8441" 201 - "-" "-" "container-updater 2" 0.0006 "-" 17 0
Mar 10 23:17:19 standalone account-server[122239]: 172.20.0.100 - - [10/Mar/2026:23:17:19 +0000] "PUT /d1/609/AUTH_a58440e7bedc4755b0a01169452bed14/gnocchi.90d1af40-bea7-412e-ae65-38dd972caa43" 201 - "-" "-" "container-updater 2" 0.0007 "-" 17 0
Mar 10 23:17:19 standalone account-server[122277]: 172.20.0.100 - - [10/Mar/2026:23:17:19 +0000] "PUT /d1/609/AUTH_a58440e7bedc4755b0a01169452bed14/gnocchi.a9d10322-1508-4f9c-a47e-b344a3ad9076" 201 - "-" "-" "container-updater 2" 0.0004 "-" 18 0
Mar 10 23:17:20 standalone account-server[122298]: 172.20.0.100 - - [10/Mar/2026:23:17:20 +0000] "PUT /d1/609/AUTH_a58440e7bedc4755b0a01169452bed14/gnocchi.04b2e0a4-6439-416a-9b88-de59a7ca48b4" 201 - "-" "-" "container-updater 2" 0.0007 "-" 19 0
Mar 10 23:17:20 standalone account-server[122302]: 172.20.0.100 - - [10/Mar/2026:23:17:20 +0000] "PUT /d1/609/AUTH_a58440e7bedc4755b0a01169452bed14/gnocchi.bf61f5fd-f2a2-4aef-bc0b-6089bdec372e" 201 - "-" "-" "container-updater 2" 0.0007 "-" 20 0
Mar 10 23:17:20 standalone account-server[122302]: 172.20.0.100 - - [10/Mar/2026:23:17:20 +0000] "PUT /d1/609/AUTH_a58440e7bedc4755b0a01169452bed14/gnocchi.94c476e0-162a-4678-a639-62350d0e08a8" 201 - "-" "-" "container-updater 2" 0.0007 "-" 20 0
Mar 10 23:17:20 standalone account-server[122302]: 172.20.0.100 - - [10/Mar/2026:23:17:20 +0000] "PUT /d1/609/AUTH_a58440e7bedc4755b0a01169452bed14/gnocchi.3e2be33e-abea-48c5-95e5-d68dcc56a81d" 201 - "-" "-" "container-updater 2" 0.0007 "-" 20 0
Mar 10 23:17:20 standalone account-server[122302]: 172.20.0.100 - - [10/Mar/2026:23:17:20 +0000] "PUT /d1/609/AUTH_a58440e7bedc4755b0a01169452bed14/gnocchi.86f54d94-8a21-466d-8669-379d19b14758" 201 - "-" "-" "container-updater 2" 0.0009 "-" 20 0
Mar 10 23:17:20 standalone account-server[122302]: 172.20.0.100 - - [10/Mar/2026:23:17:20 +0000] "PUT /d1/609/AUTH_a58440e7bedc4755b0a01169452bed14/gnocchi.ff820af6-14b5-4842-b306-95b1e6eb990a" 201 - "-" "-" "container-updater 2" 0.0006 "-" 20 0
Mar 10 23:17:20 standalone account-server[122239]: 172.20.0.100 - - [10/Mar/2026:23:17:20 +0000] "PUT /d1/609/AUTH_a58440e7bedc4755b0a01169452bed14/gnocchi.fbc93c77-9707-4b08-8bdb-13617961def1" 201 - "-" "-" "container-updater 2" 0.0006 "-" 17 0
Mar 10 23:17:20 standalone account-server[122239]: 172.20.0.100 - - [10/Mar/2026:23:17:20 +0000] "PUT /d1/609/AUTH_a58440e7bedc4755b0a01169452bed14/gnocchi.ed9589a5-9c9e-45f1-af56-b2c87a7c10b3" 201 - "-" "-" "container-updater 2" 0.0007 "-" 17 0
Mar 10 23:17:20 standalone account-server[122239]: 172.20.0.100 - - [10/Mar/2026:23:17:20 +0000] "PUT /d1/609/AUTH_a58440e7bedc4755b0a01169452bed14/gnocchi.e83ea0b0-2f8d-4852-b7af-e6ccebfc863e" 201 - "-" "-" "container-updater 2" 0.0005 "-" 17 0
Mar 10 23:17:20 standalone account-server[122298]: 172.20.0.100 - - [10/Mar/2026:23:17:20 +0000] "PUT /d1/609/AUTH_a58440e7bedc4755b0a01169452bed14/glance" 201 - "-" "-" "container-updater 2" 0.0006 "-" 19 0
Mar 10 23:17:20 standalone container-server[122210]: Container update sweep completed: 2.26s
Mar 10 23:19:10 standalone account-server[122298]: 172.20.0.100 - - [10/Mar/2026:23:19:10 +0000] "HEAD /d1/417/.expiring_objects" 404 - "HEAD http://localhost/v1/.expiring_objects?format=json" "tx3545497ab56f461ea47e9-0069b0a6ee" "proxy-server 2" 0.0017 "-" 19 -
Mar 10 23:19:10 standalone object-expirer[122314]: Pass completed in 0s; 0 objects expired (txn: tx3545497ab56f461ea47e9-0069b0a6ee)
Mar 10 23:21:53 standalone object-server[122511]: Begin object update sweep
Mar 10 23:21:53 standalone object-server[263172]: Object update sweep starting on /srv/node/d1 (pid: 16)
Mar 10 23:21:53 standalone object-server[263172]: Object update sweep completed on /srv/node/d1 in 0.00s seconds:, 0 successes, 0 failures, 0 quarantines, 0 unlinks, 0 errors, 0 redirects (pid: 16)
Mar 10 23:21:53 standalone object-server[263172]: Object update sweep of d1 completed: 0.00s, 0 successes, 0 failures, 0 quarantines, 0 unlinks, 0 errors, 0 redirects
Mar 10 23:21:53 standalone object-server[122511]: Object update sweep completed: 0.08s
Mar 10 23:22:18 standalone container-server[122210]: Begin container update sweep
Mar 10 23:22:20 standalone container-server[122210]: Container update sweep completed: 1.27s
Mar 10 23:22:29 standalone account-server[122277]: 172.20.0.100 - - [10/Mar/2026:23:22:29 +0000] "HEAD /d1/417/.expiring_objects" 404 - "HEAD http://localhost/v1/.expiring_objects?format=json" "txd562dffcacb9429c838f5-0069b0a7b5" "proxy-server 2" 0.0007 "-" 18 -
Mar 10 23:22:29 standalone object-expirer[122314]: Pass completed in 0s; 0 objects expired (txn: txd562dffcacb9429c838f5-0069b0a7b5)
Mar 10 23:26:35 standalone account-server[122239]: 172.20.0.100 - - [10/Mar/2026:23:26:35 +0000] "HEAD /d1/417/.expiring_objects" 404 - "HEAD http://localhost/v1/.expiring_objects?format=json" "tx3b0883b9744542efb4a86-0069b0a8ab" "proxy-server 2" 0.0007 "-" 17 -
Mar 10 23:26:35 standalone object-expirer[122314]: Pass completed in 0s; 0 objects expired (txn: tx3b0883b9744542efb4a86-0069b0a8ab)
Mar 10 23:26:43 standalone account-server[122298]: 172.20.0.100 - - [10/Mar/2026:23:26:43 +0000] "HEAD /d1/417/.expiring_objects" 404 - "HEAD http://localhost/v1/.expiring_objects?format=json" "tx6d7c2cc32efb496b9ce8d-0069b0a8b3" "proxy-server 2" 0.0009 "-" 19 -
Mar 10 23:26:43 standalone object-expirer[122314]: Pass completed in 0s; 0 objects expired (txn: tx6d7c2cc32efb496b9ce8d-0069b0a8b3)
Mar 10 23:26:53 standalone object-server[122511]: Begin object update sweep
Mar 10 23:26:53 standalone object-server[283513]: Object update sweep starting on /srv/node/d1 (pid: 17)
Mar 10 23:26:53 standalone object-server[283513]: Object update sweep completed on /srv/node/d1 in 0.00s seconds:, 0 successes, 0 failures, 0 quarantines, 0 unlinks, 0 errors, 0 redirects (pid: 17)
Mar 10 23:26:53 standalone object-server[283513]: Object update sweep of d1 completed: 0.00s, 0 successes, 0 failures, 0 quarantines, 0 unlinks, 0 errors, 0 redirects
Mar 10 23:26:53 standalone object-server[122511]: Object update sweep completed: 0.06s
Mar 10 23:27:18 standalone container-server[122210]: Begin container update sweep
Mar 10 23:27:20 standalone container-server[122210]: Container update sweep completed: 1.40s
Mar 10 23:28:20 standalone account-server[122277]: 172.20.0.100 - - [10/Mar/2026:23:28:20 +0000] "HEAD /d1/417/.expiring_objects" 404 - "HEAD http://localhost/v1/.expiring_objects?format=json" "tx8c3c45d91d084921bfbb3-0069b0a914" "proxy-server 2" 0.0008 "-" 18 -
Mar 10 23:28:20 standalone object-expirer[122314]: Pass completed in 0s; 0 objects expired (txn: tx8c3c45d91d084921bfbb3-0069b0a914)
Mar 10 23:31:15 standalone account-server[122277]: 172.20.0.100 - - [10/Mar/2026:23:31:15 +0000] "HEAD /d1/417/.expiring_objects" 404 - "HEAD http://localhost/v1/.expiring_objects?format=json" "txc1dfeb20c1e341d2b7ea6-0069b0a9c3" "proxy-server 2" 0.0007 "-" 18 -
Mar 10 23:31:15 standalone object-expirer[122314]: Pass completed in 0s; 0 objects expired (txn: txc1dfeb20c1e341d2b7ea6-0069b0a9c3)
Mar 10 23:31:53 standalone object-server[122511]: Begin object update sweep
Mar 10 23:31:53 standalone object-server[303913]: Object update sweep starting on /srv/node/d1 (pid: 18)
Mar 10 23:31:53 standalone object-server[303913]: Object update sweep completed on /srv/node/d1 in 0.00s seconds:, 0 successes, 0 failures, 0 quarantines, 0 unlinks, 0 errors, 0 redirects (pid: 18)
Mar 10 23:31:53 standalone object-server[303913]: Object update sweep of d1 completed: 0.00s, 0 successes, 0 failures, 0 quarantines, 0 unlinks, 0 errors, 0 redirects
Mar 10 23:31:53 standalone object-server[122511]: Object update sweep completed: 0.09s
Mar 10 23:32:19 standalone container-server[122210]: Begin container update sweep
Mar 10 23:32:20 standalone container-server[122210]: Container update sweep completed: 1.65s
Mar 10 23:33:55 standalone account-server[122239]: 172.20.0.100 - - [10/Mar/2026:23:33:55 +0000] "HEAD /d1/417/.expiring_objects" 404 - "HEAD http://localhost/v1/.expiring_objects?format=json" "txa8d9eb855878436d93766-0069b0aa63" "proxy-server 2" 0.0009 "-" 17 -
Mar 10 23:33:55 standalone object-expirer[122314]: Pass completed in 0s; 0 objects expired (txn: txa8d9eb855878436d93766-0069b0aa63)
Mar 10 23:34:06 standalone account-server[122302]: 172.20.0.100 - - [10/Mar/2026:23:34:06 +0000] "HEAD /d1/417/.expiring_objects" 404 - "HEAD http://localhost/v1/.expiring_objects?format=json" "tx5ab9c62c86054920a86fb-0069b0aa6e" "proxy-server 2" 0.0008 "-" 20 -
Mar 10 23:34:06 standalone object-expirer[122314]: Pass completed in 0s; 0 objects expired (txn: tx5ab9c62c86054920a86fb-0069b0aa6e)
Mar 10 23:36:44 standalone account-server[122277]: 172.20.0.100 - - [10/Mar/2026:23:36:44 +0000] "HEAD /d1/417/.expiring_objects" 404 - "HEAD http://localhost/v1/.expiring_objects?format=json" "txc3b75a8ea41c479db47d0-0069b0ab0c" "proxy-server 2" 0.0008 "-" 18 -
Mar 10 23:36:44 standalone object-expirer[122314]: Pass completed in 0s; 0 objects expired (txn: txc3b75a8ea41c479db47d0-0069b0ab0c)
Mar 10 23:36:53 standalone object-server[122511]: Begin object update sweep
Mar 10 23:36:53 standalone object-server[324396]: Object update sweep starting on /srv/node/d1 (pid: 19)
Mar 10 23:36:53 standalone object-server[324396]: Object update sweep completed on /srv/node/d1 in 0.00s seconds:, 0 successes, 0 failures, 0 quarantines, 0 unlinks, 0 errors, 0 redirects (pid: 19)
Mar 10 23:36:53 standalone object-server[324396]: Object update sweep of d1 completed: 0.00s, 0 successes, 0 failures, 0 quarantines, 0 unlinks, 0 errors, 0 redirects
Mar 10 23:36:53 standalone object-server[122511]: Object update sweep completed: 0.09s
Mar 10 23:37:19 standalone container-server[122210]: Begin container update sweep
Mar 10 23:37:20 standalone container-server[122210]: Container update sweep completed: 1.44s
Mar 10 23:40:01 standalone account-server[122302]: 172.20.0.100 - - [10/Mar/2026:23:40:01 +0000] "HEAD /d1/417/.expiring_objects" 404 - "HEAD http://localhost/v1/.expiring_objects?format=json" "tx76316dec5a724b69b4d7b-0069b0abd1" "proxy-server 2" 0.0006 "-" 20 -
Mar 10 23:40:01 standalone object-expirer[122314]: Pass completed in 0s; 0 objects expired (txn: tx76316dec5a724b69b4d7b-0069b0abd1)