Mar 10 23:13:46 standalone container-server[122360]: 172.20.0.100 - - [10/Mar/2026:23:13:46 +0000] "GET /d1/114/AUTH_a58440e7bedc4755b0a01169452bed14/gnocchi.9c819da8-1c0a-4fb8-9517-e2dfae99c812" 200 2 "GET http://localhost:8080/v1/AUTH_a58440e7bedc4755b0a01169452bed14/gnocchi.9c819da8-1c0a-4fb8-9517-e2dfae99c812?format=json&states=listing" "tx44beabf3154e43d9aa762-0069b0a5aa" "proxy-server 21" 0.0022 "-" 23 0
Mar 10 23:13:46 standalone proxy-server[124536]: 172.18.0.2 ::1 10/Mar/2026/23/13/46 GET /v1/AUTH_a58440e7bedc4755b0a01169452bed14/gnocchi.9c819da8-1c0a-4fb8-9517-e2dfae99c812%3Fformat%3Djson%26states%3Dlisting HTTP/1.0 200 - python-swiftclient-3.11.1 gAAAAABpsKVm7GMK... - 2 - tx44beabf3154e43d9aa762-0069b0a5aa - 0.0173 - - 1773184426.021400928 1773184426.038684607 0
Mar 10 23:13:46 standalone object-server[122647]: 172.20.0.100 - - [10/Mar/2026:23:13:46 +0000] "GET /d1/580/AUTH_a58440e7bedc4755b0a01169452bed14/gnocchi.9c819da8-1c0a-4fb8-9517-e2dfae99c812/1772280000.0_mean_300.0_v3" 404 70 "GET http://localhost:8080/v1/AUTH_a58440e7bedc4755b0a01169452bed14/gnocchi.9c819da8-1c0a-4fb8-9517-e2dfae99c812/1772280000.0_mean_300.0_v3" "tx95ac4660da0540d5bd4d7-0069b0a5aa" "proxy-server 21" 0.0005 "-" 21 0
Mar 10 23:13:46 standalone proxy-server[124536]: 172.18.0.2 ::1 10/Mar/2026/23/13/46 GET /v1/AUTH_a58440e7bedc4755b0a01169452bed14/gnocchi.9c819da8-1c0a-4fb8-9517-e2dfae99c812/1772280000.0_mean_300.0_v3 HTTP/1.0 404 - python-swiftclient-3.11.1 gAAAAABpsKVm7GMK... - 70 - tx95ac4660da0540d5bd4d7-0069b0a5aa - 0.0075 - - 1773184426.042838812 1773184426.050382614 0
Mar 10 23:13:46 standalone container-server[122349]: 172.20.0.100 - - [10/Mar/2026:23:13:46 +0000] "PUT /d1/114/AUTH_a58440e7bedc4755b0a01169452bed14/gnocchi.9c819da8-1c0a-4fb8-9517-e2dfae99c812/1772280000.0_mean_300.0_v3" 201 - "PUT http://localhost:8080/d1/580/AUTH_a58440e7bedc4755b0a01169452bed14/gnocchi.9c819da8-1c0a-4fb8-9517-e2dfae99c812/1772280000.0_mean_300.0_v3" "txd459f4852f764e1092ace-0069b0a5aa" "object-server 23" 0.0007 "-" 21 0
Mar 10 23:13:46 standalone object-server[122656]: 172.20.0.100 - - [10/Mar/2026:23:13:46 +0000] "PUT /d1/580/AUTH_a58440e7bedc4755b0a01169452bed14/gnocchi.9c819da8-1c0a-4fb8-9517-e2dfae99c812/1772280000.0_mean_300.0_v3" 201 - "PUT http://localhost:8080/v1/AUTH_a58440e7bedc4755b0a01169452bed14/gnocchi.9c819da8-1c0a-4fb8-9517-e2dfae99c812/1772280000.0_mean_300.0_v3" "txd459f4852f764e1092ace-0069b0a5aa" "proxy-server 21" 0.0124 "-" 23 0
Mar 10 23:13:46 standalone proxy-server[124536]: 172.18.0.2 ::1 10/Mar/2026/23/13/46 PUT /v1/AUTH_a58440e7bedc4755b0a01169452bed14/gnocchi.9c819da8-1c0a-4fb8-9517-e2dfae99c812/1772280000.0_mean_300.0_v3 HTTP/1.0 201 - python-swiftclient-3.11.1 gAAAAABpsKVm7GMK... 16 - - txd459f4852f764e1092ace-0069b0a5aa - 0.0222 - - 1773184426.054501295 1773184426.076700449 0
Mar 10 23:13:46 standalone container-server[122360]: 172.20.0.100 - - [10/Mar/2026:23:13:46 +0000] "PUT /d1/114/AUTH_a58440e7bedc4755b0a01169452bed14/gnocchi.9c819da8-1c0a-4fb8-9517-e2dfae99c812/none_v3" 201 - "PUT http://localhost:8080/d1/490/AUTH_a58440e7bedc4755b0a01169452bed14/gnocchi.9c819da8-1c0a-4fb8-9517-e2dfae99c812/none_v3" "txd685b4be908445faa0996-0069b0a5aa" "object-server 22" 0.0005 "-" 23 0
Mar 10 23:13:46 standalone object-server[122649]: 172.20.0.100 - - [10/Mar/2026:23:13:46 +0000] "PUT /d1/490/AUTH_a58440e7bedc4755b0a01169452bed14/gnocchi.9c819da8-1c0a-4fb8-9517-e2dfae99c812/none_v3" 201 - "PUT http://localhost:8080/v1/AUTH_a58440e7bedc4755b0a01169452bed14/gnocchi.9c819da8-1c0a-4fb8-9517-e2dfae99c812/none_v3" "txd685b4be908445faa0996-0069b0a5aa" "proxy-server 21" 0.0191 "-" 22 0
Mar 10 23:13:46 standalone proxy-server[124536]: 172.18.0.2 ::1 10/Mar/2026/23/13/46 PUT /v1/AUTH_a58440e7bedc4755b0a01169452bed14/gnocchi.9c819da8-1c0a-4fb8-9517-e2dfae99c812/none_v3 HTTP/1.0 201 - python-swiftclient-3.11.1 gAAAAABpsKVm7GMK... 22 - - txd685b4be908445faa0996-0069b0a5aa - 0.0284 - - 1773184426.080922842 1773184426.109320879 0
Mar 10 23:13:46 standalone container-server[122360]: 172.20.0.100 - - [10/Mar/2026:23:13:46 +0000] "HEAD /d1/603/AUTH_a58440e7bedc4755b0a01169452bed14/gnocchi.80ece42d-53e0-4b8b-936e-b632b81e9ef7" 404 - "HEAD http://localhost:8080/v1/AUTH_a58440e7bedc4755b0a01169452bed14/gnocchi.80ece42d-53e0-4b8b-936e-b632b81e9ef7?format=json&states=listing" "tx742b569968c04d149585f-0069b0a5aa" "proxy-server 21" 0.0003 "-" 23 0
Mar 10 23:13:46 standalone object-server[122647]: 172.20.0.100 - - [10/Mar/2026:23:13:46 +0000] "GET /d1/301/AUTH_a58440e7bedc4755b0a01169452bed14/gnocchi.80ece42d-53e0-4b8b-936e-b632b81e9ef7/none_v3" 404 70 "GET http://localhost:8080/v1/AUTH_a58440e7bedc4755b0a01169452bed14/gnocchi.80ece42d-53e0-4b8b-936e-b632b81e9ef7/none_v3" "tx742b569968c04d149585f-0069b0a5aa" "proxy-server 21" 0.0004 "-" 21 0
Mar 10 23:13:46 standalone proxy-server[124536]: 172.18.0.2 ::1 10/Mar/2026/23/13/46 GET /v1/AUTH_a58440e7bedc4755b0a01169452bed14/gnocchi.80ece42d-53e0-4b8b-936e-b632b81e9ef7/none_v3 HTTP/1.0 404 - python-swiftclient-3.11.1 gAAAAABpsKVm7GMK... - 70 - tx742b569968c04d149585f-0069b0a5aa - 0.0131 - - 1773184426.135193348 1773184426.148273945 0
Mar 10 23:13:46 standalone account-server[122239]: 172.20.0.100 - - [10/Mar/2026:23:13:46 +0000] "PUT /d1/609/AUTH_a58440e7bedc4755b0a01169452bed14/gnocchi.80ece42d-53e0-4b8b-936e-b632b81e9ef7" 201 - "PUT http://172.20.0.100:6001/d1/603/AUTH_a58440e7bedc4755b0a01169452bed14/gnocchi.80ece42d-53e0-4b8b-936e-b632b81e9ef7" "tx14295e55a0994d179cfda-0069b0a5aa" "container-server 21" 0.0063 "-" 17 0
Mar 10 23:13:46 standalone container-server[122349]: 172.20.0.100 - - [10/Mar/2026:23:13:46 +0000] "PUT /d1/603/AUTH_a58440e7bedc4755b0a01169452bed14/gnocchi.80ece42d-53e0-4b8b-936e-b632b81e9ef7" 201 - "PUT http://localhost:8080/v1/AUTH_a58440e7bedc4755b0a01169452bed14/gnocchi.80ece42d-53e0-4b8b-936e-b632b81e9ef7" "tx14295e55a0994d179cfda-0069b0a5aa" "proxy-server 21" 0.0160 "-" 21 0
Mar 10 23:13:46 standalone proxy-server[124536]: 172.18.0.2 ::1 10/Mar/2026/23/13/46 PUT /v1/AUTH_a58440e7bedc4755b0a01169452bed14/gnocchi.80ece42d-53e0-4b8b-936e-b632b81e9ef7 HTTP/1.0 201 - python-swiftclient-3.11.1 gAAAAABpsKVm7GMK... - - - tx14295e55a0994d179cfda-0069b0a5aa - 0.0300 - - 1773184426.152948141 1773184426.182912350 0
Mar 10 23:13:46 standalone container-server[122360]: 172.20.0.100 - - [10/Mar/2026:23:13:46 +0000] "HEAD /d1/603/AUTH_a58440e7bedc4755b0a01169452bed14/gnocchi.80ece42d-53e0-4b8b-936e-b632b81e9ef7" 204 - "HEAD http://localhost:8080/v1/AUTH_a58440e7bedc4755b0a01169452bed14/gnocchi.80ece42d-53e0-4b8b-936e-b632b81e9ef7?format=json&states=listing" "txfbab43204b084c9eb187d-0069b0a5aa" "proxy-server 21" 0.0011 "-" 23 0
Mar 10 23:13:46 standalone proxy-server[124536]: - - 10/Mar/2026/23/13/46 HEAD /v1/AUTH_a58440e7bedc4755b0a01169452bed14/gnocchi.80ece42d-53e0-4b8b-936e-b632b81e9ef7%3Fformat%3Djson%26states%3Dlisting HTTP/1.0 204 - Swift - - - - txfbab43204b084c9eb187d-0069b0a5aa - 0.0060 RL - 1773184426.196737051 1773184426.202703953 0
Mar 10 23:13:46 standalone container-server[122358]: 172.20.0.100 - - [10/Mar/2026:23:13:46 +0000] "GET /d1/603/AUTH_a58440e7bedc4755b0a01169452bed14/gnocchi.80ece42d-53e0-4b8b-936e-b632b81e9ef7" 200 2 "GET http://localhost:8080/v1/AUTH_a58440e7bedc4755b0a01169452bed14/gnocchi.80ece42d-53e0-4b8b-936e-b632b81e9ef7?format=json&states=listing" "txfbab43204b084c9eb187d-0069b0a5aa" "proxy-server 21" 0.0029 "-" 22 0
Mar 10 23:13:46 standalone proxy-server[124536]: 172.18.0.2 ::1 10/Mar/2026/23/13/46 GET /v1/AUTH_a58440e7bedc4755b0a01169452bed14/gnocchi.80ece42d-53e0-4b8b-936e-b632b81e9ef7%3Fformat%3Djson%26states%3Dlisting HTTP/1.0 200 - python-swiftclient-3.11.1 gAAAAABpsKVm7GMK... - 2 - txfbab43204b084c9eb187d-0069b0a5aa - 0.0210 - - 1773184426.193411350 1773184426.214405298 0
Mar 10 23:13:46 standalone object-server[122649]: 172.20.0.100 - - [10/Mar/2026:23:13:46 +0000] "GET /d1/913/AUTH_a58440e7bedc4755b0a01169452bed14/gnocchi.80ece42d-53e0-4b8b-936e-b632b81e9ef7/1772280000.0_mean_300.0_v3" 404 70 "GET http://localhost:8080/v1/AUTH_a58440e7bedc4755b0a01169452bed14/gnocchi.80ece42d-53e0-4b8b-936e-b632b81e9ef7/1772280000.0_mean_300.0_v3" "tx526b4d6fb0ab4ba2a54c4-0069b0a5aa" "proxy-server 21" 0.0005 "-" 22 0
Mar 10 23:13:46 standalone proxy-server[124536]: 172.18.0.2 ::1 10/Mar/2026/23/13/46 GET /v1/AUTH_a58440e7bedc4755b0a01169452bed14/gnocchi.80ece42d-53e0-4b8b-936e-b632b81e9ef7/1772280000.0_mean_300.0_v3 HTTP/1.0 404 - python-swiftclient-3.11.1 gAAAAABpsKVm7GMK... - 70 - tx526b4d6fb0ab4ba2a54c4-0069b0a5aa - 0.0083 - - 1773184426.222096205 1773184426.230380774 0
Mar 10 23:13:46 standalone container-server[122358]: 172.20.0.100 - - [10/Mar/2026:23:13:46 +0000] "PUT /d1/603/AUTH_a58440e7bedc4755b0a01169452bed14/gnocchi.80ece42d-53e0-4b8b-936e-b632b81e9ef7/1772280000.0_mean_300.0_v3" 201 - "PUT http://localhost:8080/d1/913/AUTH_a58440e7bedc4755b0a01169452bed14/gnocchi.80ece42d-53e0-4b8b-936e-b632b81e9ef7/1772280000.0_mean_300.0_v3" "txb216ce4730ce425283971-0069b0a5aa" "object-server 22" 0.0014 "-" 22 0
Mar 10 23:13:46 standalone object-server[122649]: 172.20.0.100 - - [10/Mar/2026:23:13:46 +0000] "PUT /d1/913/AUTH_a58440e7bedc4755b0a01169452bed14/gnocchi.80ece42d-53e0-4b8b-936e-b632b81e9ef7/1772280000.0_mean_300.0_v3" 201 - "PUT http://localhost:8080/v1/AUTH_a58440e7bedc4755b0a01169452bed14/gnocchi.80ece42d-53e0-4b8b-936e-b632b81e9ef7/1772280000.0_mean_300.0_v3" "txb216ce4730ce425283971-0069b0a5aa" "proxy-server 21" 0.0124 "-" 22 0
Mar 10 23:13:46 standalone proxy-server[124536]: 172.18.0.2 ::1 10/Mar/2026/23/13/46 PUT /v1/AUTH_a58440e7bedc4755b0a01169452bed14/gnocchi.80ece42d-53e0-4b8b-936e-b632b81e9ef7/1772280000.0_mean_300.0_v3 HTTP/1.0 201 - python-swiftclient-3.11.1 gAAAAABpsKVm7GMK... 16 - - txb216ce4730ce425283971-0069b0a5aa - 0.0196 - - 1773184426.236781597 1773184426.256406546 0
Mar 10 23:13:46 standalone container-server[122349]: 172.20.0.100 - - [10/Mar/2026:23:13:46 +0000] "PUT /d1/603/AUTH_a58440e7bedc4755b0a01169452bed14/gnocchi.80ece42d-53e0-4b8b-936e-b632b81e9ef7/none_v3" 201 - "PUT http://localhost:8080/d1/301/AUTH_a58440e7bedc4755b0a01169452bed14/gnocchi.80ece42d-53e0-4b8b-936e-b632b81e9ef7/none_v3" "tx1e3e71f22beb45cb8086e-0069b0a5aa" "object-server 20" 0.0006 "-" 21 0
Mar 10 23:13:46 standalone object-server[122645]: 172.20.0.100 - - [10/Mar/2026:23:13:46 +0000] "PUT /d1/301/AUTH_a58440e7bedc4755b0a01169452bed14/gnocchi.80ece42d-53e0-4b8b-936e-b632b81e9ef7/none_v3" 201 - "PUT http://localhost:8080/v1/AUTH_a58440e7bedc4755b0a01169452bed14/gnocchi.80ece42d-53e0-4b8b-936e-b632b81e9ef7/none_v3" "tx1e3e71f22beb45cb8086e-0069b0a5aa" "proxy-server 21" 0.0157 "-" 20 0
Mar 10 23:13:46 standalone proxy-server[124536]: 172.18.0.2 ::1 10/Mar/2026/23/13/46 PUT /v1/AUTH_a58440e7bedc4755b0a01169452bed14/gnocchi.80ece42d-53e0-4b8b-936e-b632b81e9ef7/none_v3 HTTP/1.0 201 - python-swiftclient-3.11.1 gAAAAABpsKVm7GMK... 22 - - tx1e3e71f22beb45cb8086e-0069b0a5aa - 0.0229 - - 1773184426.261589050 1773184426.284490824 0
Mar 10 23:13:46 standalone container-server[122335]: 172.20.0.100 - - [10/Mar/2026:23:13:46 +0000] "HEAD /d1/657/AUTH_a58440e7bedc4755b0a01169452bed14/gnocchi.b155ba72-eb0b-4a54-8d86-58c19db8e64a" 404 - "HEAD http://localhost:8080/v1/AUTH_a58440e7bedc4755b0a01169452bed14/gnocchi.b155ba72-eb0b-4a54-8d86-58c19db8e64a?format=json&states=listing" "txbde4e76587c04de08f871-0069b0a5aa" "proxy-server 21" 0.0004 "-" 20 0
Mar 10 23:13:46 standalone object-server[122645]: 172.20.0.100 - - [10/Mar/2026:23:13:46 +0000] "GET /d1/516/AUTH_a58440e7bedc4755b0a01169452bed14/gnocchi.b155ba72-eb0b-4a54-8d86-58c19db8e64a/none_v3" 404 70 "GET http://localhost:8080/v1/AUTH_a58440e7bedc4755b0a01169452bed14/gnocchi.b155ba72-eb0b-4a54-8d86-58c19db8e64a/none_v3" "txbde4e76587c04de08f871-0069b0a5aa" "proxy-server 21" 0.0003 "-" 20 0
Mar 10 23:13:46 standalone proxy-server[124536]: 172.18.0.2 ::1 10/Mar/2026/23/13/46 GET /v1/AUTH_a58440e7bedc4755b0a01169452bed14/gnocchi.b155ba72-eb0b-4a54-8d86-58c19db8e64a/none_v3 HTTP/1.0 404 - python-swiftclient-3.11.1 gAAAAABpsKVm7GMK... - 70 - txbde4e76587c04de08f871-0069b0a5aa - 0.0121 - - 1773184426.303872585 1773184426.315927505 0
Mar 10 23:13:46 standalone account-server[122277]: 172.20.0.100 - - [10/Mar/2026:23:13:46 +0000] "PUT /d1/609/AUTH_a58440e7bedc4755b0a01169452bed14/gnocchi.b155ba72-eb0b-4a54-8d86-58c19db8e64a" 201 - "PUT http://172.20.0.100:6001/d1/657/AUTH_a58440e7bedc4755b0a01169452bed14/gnocchi.b155ba72-eb0b-4a54-8d86-58c19db8e64a" "txbc58dcbd12a64a2e98dcf-0069b0a5aa" "container-server 22" 0.0046 "-" 18 0
Mar 10 23:13:46 standalone container-server[122358]: 172.20.0.100 - - [10/Mar/2026:23:13:46 +0000] "PUT /d1/657/AUTH_a58440e7bedc4755b0a01169452bed14/gnocchi.b155ba72-eb0b-4a54-8d86-58c19db8e64a" 201 - "PUT http://localhost:8080/v1/AUTH_a58440e7bedc4755b0a01169452bed14/gnocchi.b155ba72-eb0b-4a54-8d86-58c19db8e64a" "txbc58dcbd12a64a2e98dcf-0069b0a5aa" "proxy-server 21" 0.0168 "-" 22 0
Mar 10 23:13:46 standalone proxy-server[124536]: 172.18.0.2 ::1 10/Mar/2026/23/13/46 PUT /v1/AUTH_a58440e7bedc4755b0a01169452bed14/gnocchi.b155ba72-eb0b-4a54-8d86-58c19db8e64a HTTP/1.0 201 - python-swiftclient-3.11.1 gAAAAABpsKVm7GMK... - - - txbc58dcbd12a64a2e98dcf-0069b0a5aa - 0.0245 - - 1773184426.320742369 1773184426.345236063 0
Mar 10 23:13:46 standalone container-server[122358]: 172.20.0.100 - - [10/Mar/2026:23:13:46 +0000] "HEAD /d1/657/AUTH_a58440e7bedc4755b0a01169452bed14/gnocchi.b155ba72-eb0b-4a54-8d86-58c19db8e64a" 204 - "HEAD http://localhost:8080/v1/AUTH_a58440e7bedc4755b0a01169452bed14/gnocchi.b155ba72-eb0b-4a54-8d86-58c19db8e64a?format=json&states=listing" "tx20d8fb2c1b8547979d629-0069b0a5aa" "proxy-server 21" 0.0018 "-" 22 0
Mar 10 23:13:46 standalone proxy-server[124536]: - - 10/Mar/2026/23/13/46 HEAD /v1/AUTH_a58440e7bedc4755b0a01169452bed14/gnocchi.b155ba72-eb0b-4a54-8d86-58c19db8e64a%3Fformat%3Djson%26states%3Dlisting HTTP/1.0 204 - Swift - - - - tx20d8fb2c1b8547979d629-0069b0a5aa - 0.0083 RL - 1773184426.353560686 1773184426.361855268 0
Mar 10 23:13:46 standalone container-server[122358]: 172.20.0.100 - - [10/Mar/2026:23:13:46 +0000] "GET /d1/657/AUTH_a58440e7bedc4755b0a01169452bed14/gnocchi.b155ba72-eb0b-4a54-8d86-58c19db8e64a" 200 2 "GET http://localhost:8080/v1/AUTH_a58440e7bedc4755b0a01169452bed14/gnocchi.b155ba72-eb0b-4a54-8d86-58c19db8e64a?format=json&states=listing" "tx20d8fb2c1b8547979d629-0069b0a5aa" "proxy-server 21" 0.0025 "-" 22 0
Mar 10 23:13:46 standalone proxy-server[124536]: 172.18.0.2 ::1 10/Mar/2026/23/13/46 GET /v1/AUTH_a58440e7bedc4755b0a01169452bed14/gnocchi.b155ba72-eb0b-4a54-8d86-58c19db8e64a%3Fformat%3Djson%26states%3Dlisting HTTP/1.0 200 - python-swiftclient-3.11.1 gAAAAABpsKVm7GMK... - 2 - tx20d8fb2c1b8547979d629-0069b0a5aa - 0.0240 - - 1773184426.351305962 1773184426.375330210 0
Mar 10 23:13:46 standalone object-server[122647]: 172.20.0.100 - - [10/Mar/2026:23:13:46 +0000] "GET /d1/802/AUTH_a58440e7bedc4755b0a01169452bed14/gnocchi.b155ba72-eb0b-4a54-8d86-58c19db8e64a/1772280000.0_mean_300.0_v3" 404 70 "GET http://localhost:8080/v1/AUTH_a58440e7bedc4755b0a01169452bed14/gnocchi.b155ba72-eb0b-4a54-8d86-58c19db8e64a/1772280000.0_mean_300.0_v3" "txf9daf779212d43a4b7e5d-0069b0a5aa" "proxy-server 21" 0.0003 "-" 21 0
Mar 10 23:13:46 standalone proxy-server[124536]: 172.18.0.2 ::1 10/Mar/2026/23/13/46 GET /v1/AUTH_a58440e7bedc4755b0a01169452bed14/gnocchi.b155ba72-eb0b-4a54-8d86-58c19db8e64a/1772280000.0_mean_300.0_v3 HTTP/1.0 404 - python-swiftclient-3.11.1 gAAAAABpsKVm7GMK... - 70 - txf9daf779212d43a4b7e5d-0069b0a5aa - 0.0092 - - 1773184426.380098581 1773184426.389267206 0
Mar 10 23:13:46 standalone container-server[122335]: 172.20.0.100 - - [10/Mar/2026:23:13:46 +0000] "PUT /d1/657/AUTH_a58440e7bedc4755b0a01169452bed14/gnocchi.b155ba72-eb0b-4a54-8d86-58c19db8e64a/1772280000.0_mean_300.0_v3" 201 - "PUT http://localhost:8080/d1/802/AUTH_a58440e7bedc4755b0a01169452bed14/gnocchi.b155ba72-eb0b-4a54-8d86-58c19db8e64a/1772280000.0_mean_300.0_v3" "tx02124533863f419fa0cb2-0069b0a5aa" "object-server 21" 0.0007 "-" 20 0
Mar 10 23:13:46 standalone object-server[122647]: 172.20.0.100 - - [10/Mar/2026:23:13:46 +0000] "PUT /d1/802/AUTH_a58440e7bedc4755b0a01169452bed14/gnocchi.b155ba72-eb0b-4a54-8d86-58c19db8e64a/1772280000.0_mean_300.0_v3" 201 - "PUT http://localhost:8080/v1/AUTH_a58440e7bedc4755b0a01169452bed14/gnocchi.b155ba72-eb0b-4a54-8d86-58c19db8e64a/1772280000.0_mean_300.0_v3" "tx02124533863f419fa0cb2-0069b0a5aa" "proxy-server 21" 0.0098 "-" 21 0
Mar 10 23:13:46 standalone proxy-server[124536]: 172.18.0.2 ::1 10/Mar/2026/23/13/46 PUT /v1/AUTH_a58440e7bedc4755b0a01169452bed14/gnocchi.b155ba72-eb0b-4a54-8d86-58c19db8e64a/1772280000.0_mean_300.0_v3 HTTP/1.0 201 - python-swiftclient-3.11.1 gAAAAABpsKVm7GMK... 16 - - tx02124533863f419fa0cb2-0069b0a5aa - 0.0196 - - 1773184426.396308899 1773184426.415901661 0
Mar 10 23:13:46 standalone container-server[122349]: 172.20.0.100 - - [10/Mar/2026:23:13:46 +0000] "PUT /d1/657/AUTH_a58440e7bedc4755b0a01169452bed14/gnocchi.b155ba72-eb0b-4a54-8d86-58c19db8e64a/none_v3" 201 - "PUT http://localhost:8080/d1/516/AUTH_a58440e7bedc4755b0a01169452bed14/gnocchi.b155ba72-eb0b-4a54-8d86-58c19db8e64a/none_v3" "tx84f393913aad435283148-0069b0a5aa" "object-server 20" 0.0009 "-" 21 0
Mar 10 23:13:46 standalone object-server[122645]: 172.20.0.100 - - [10/Mar/2026:23:13:46 +0000] "PUT /d1/516/AUTH_a58440e7bedc4755b0a01169452bed14/gnocchi.b155ba72-eb0b-4a54-8d86-58c19db8e64a/none_v3" 201 - "PUT http://localhost:8080/v1/AUTH_a58440e7bedc4755b0a01169452bed14/gnocchi.b155ba72-eb0b-4a54-8d86-58c19db8e64a/none_v3" "tx84f393913aad435283148-0069b0a5aa" "proxy-server 21" 0.0104 "-" 20 0
Mar 10 23:13:46 standalone proxy-server[124536]: 172.18.0.2 ::1 10/Mar/2026/23/13/46 PUT /v1/AUTH_a58440e7bedc4755b0a01169452bed14/gnocchi.b155ba72-eb0b-4a54-8d86-58c19db8e64a/none_v3 HTTP/1.0 201 - python-swiftclient-3.11.1 gAAAAABpsKVm7GMK... 22 - - tx84f393913aad435283148-0069b0a5aa - 0.0207 - - 1773184426.420205593 1773184426.440924883 0
Mar 10 23:13:46 standalone container-server[122335]: 172.20.0.100 - - [10/Mar/2026:23:13:46 +0000] "HEAD /d1/475/AUTH_a58440e7bedc4755b0a01169452bed14/gnocchi.0c4dcb94-85a9-41a3-885c-db186c1da00d" 404 - "HEAD http://localhost:8080/v1/AUTH_a58440e7bedc4755b0a01169452bed14/gnocchi.0c4dcb94-85a9-41a3-885c-db186c1da00d?format=json&states=listing" "tx704635a32fce48aa8f0eb-0069b0a5aa" "proxy-server 21" 0.0004 "-" 20 0
Mar 10 23:13:46 standalone object-server[122647]: 172.20.0.100 - - [10/Mar/2026:23:13:46 +0000] "GET /d1/726/AUTH_a58440e7bedc4755b0a01169452bed14/gnocchi.0c4dcb94-85a9-41a3-885c-db186c1da00d/none_v3" 404 70 "GET http://localhost:8080/v1/AUTH_a58440e7bedc4755b0a01169452bed14/gnocchi.0c4dcb94-85a9-41a3-885c-db186c1da00d/none_v3" "tx704635a32fce48aa8f0eb-0069b0a5aa" "proxy-server 21" 0.0003 "-" 21 0
Mar 10 23:13:46 standalone proxy-server[124536]: 172.18.0.2 ::1 10/Mar/2026/23/13/46 GET /v1/AUTH_a58440e7bedc4755b0a01169452bed14/gnocchi.0c4dcb94-85a9-41a3-885c-db186c1da00d/none_v3 HTTP/1.0 404 - python-swiftclient-3.11.1 gAAAAABpsKVm7GMK... - 70 - tx704635a32fce48aa8f0eb-0069b0a5aa - 0.0144 - - 1773184426.458894253 1773184426.473271847 0
Mar 10 23:13:46 standalone account-server[122239]: 172.20.0.100 - - [10/Mar/2026:23:13:46 +0000] "PUT /d1/609/AUTH_a58440e7bedc4755b0a01169452bed14/gnocchi.0c4dcb94-85a9-41a3-885c-db186c1da00d" 201 - "PUT http://172.20.0.100:6001/d1/475/AUTH_a58440e7bedc4755b0a01169452bed14/gnocchi.0c4dcb94-85a9-41a3-885c-db186c1da00d" "tx2f346bcb0ff3430d8aab2-0069b0a5aa" "container-server 23" 0.0045 "-" 17 0
Mar 10 23:13:46 standalone container-server[122360]: 172.20.0.100 - - [10/Mar/2026:23:13:46 +0000] "PUT /d1/475/AUTH_a58440e7bedc4755b0a01169452bed14/gnocchi.0c4dcb94-85a9-41a3-885c-db186c1da00d" 201 - "PUT http://localhost:8080/v1/AUTH_a58440e7bedc4755b0a01169452bed14/gnocchi.0c4dcb94-85a9-41a3-885c-db186c1da00d" "tx2f346bcb0ff3430d8aab2-0069b0a5aa" "proxy-server 21" 0.0141 "-" 23 0
Mar 10 23:13:46 standalone proxy-server[124536]: 172.18.0.2 ::1 10/Mar/2026/23/13/46 PUT /v1/AUTH_a58440e7bedc4755b0a01169452bed14/gnocchi.0c4dcb94-85a9-41a3-885c-db186c1da00d HTTP/1.0 201 - python-swiftclient-3.11.1 gAAAAABpsKVm7GMK... - - - tx2f346bcb0ff3430d8aab2-0069b0a5aa - 0.0211 - - 1773184426.480063438 1773184426.501204967 0
Mar 10 23:13:46 standalone container-server[122360]: 172.20.0.100 - - [10/Mar/2026:23:13:46 +0000] "HEAD /d1/475/AUTH_a58440e7bedc4755b0a01169452bed14/gnocchi.0c4dcb94-85a9-41a3-885c-db186c1da00d" 204 - "HEAD http://localhost:8080/v1/AUTH_a58440e7bedc4755b0a01169452bed14/gnocchi.0c4dcb94-85a9-41a3-885c-db186c1da00d?format=json&states=listing" "tx935bd740996e4f84abdb2-0069b0a5aa" "proxy-server 21" 0.0013 "-" 23 0
Mar 10 23:13:46 standalone proxy-server[124536]: - - 10/Mar/2026/23/13/46 HEAD /v1/AUTH_a58440e7bedc4755b0a01169452bed14/gnocchi.0c4dcb94-85a9-41a3-885c-db186c1da00d%3Fformat%3Djson%26states%3Dlisting HTTP/1.0 204 - Swift - - - - tx935bd740996e4f84abdb2-0069b0a5aa - 0.0049 RL - 1773184426.508168221 1773184426.513091326 0
Mar 10 23:13:46 standalone container-server[122360]: 172.20.0.100 - - [10/Mar/2026:23:13:46 +0000] "GET /d1/475/AUTH_a58440e7bedc4755b0a01169452bed14/gnocchi.0c4dcb94-85a9-41a3-885c-db186c1da00d" 200 2 "GET http://localhost:8080/v1/AUTH_a58440e7bedc4755b0a01169452bed14/gnocchi.0c4dcb94-85a9-41a3-885c-db186c1da00d?format=json&states=listing" "tx935bd740996e4f84abdb2-0069b0a5aa" "proxy-server 21" 0.0025 "-" 23 0
Mar 10 23:13:46 standalone proxy-server[124536]: 172.18.0.2 ::1 10/Mar/2026/23/13/46 GET /v1/AUTH_a58440e7bedc4755b0a01169452bed14/gnocchi.0c4dcb94-85a9-41a3-885c-db186c1da00d%3Fformat%3Djson%26states%3Dlisting HTTP/1.0 200 - python-swiftclient-3.11.1 gAAAAABpsKVm7GMK... - 2 - tx935bd740996e4f84abdb2-0069b0a5aa - 0.0180 - - 1773184426.506552935 1773184426.524565458 0
Mar 10 23:13:46 standalone object-server[122645]: 172.20.0.100 - - [10/Mar/2026:23:13:46 +0000] "GET /d1/286/AUTH_a58440e7bedc4755b0a01169452bed14/gnocchi.0c4dcb94-85a9-41a3-885c-db186c1da00d/1772280000.0_mean_300.0_v3" 404 70 "GET http://localhost:8080/v1/AUTH_a58440e7bedc4755b0a01169452bed14/gnocchi.0c4dcb94-85a9-41a3-885c-db186c1da00d/1772280000.0_mean_300.0_v3" "tx2187afec73ac44c793f48-0069b0a5aa" "proxy-server 21" 0.0003 "-" 20 0
Mar 10 23:13:46 standalone proxy-server[124536]: 172.18.0.2 ::1 10/Mar/2026/23/13/46 GET /v1/AUTH_a58440e7bedc4755b0a01169452bed14/gnocchi.0c4dcb94-85a9-41a3-885c-db186c1da00d/1772280000.0_mean_300.0_v3 HTTP/1.0 404 - python-swiftclient-3.11.1 gAAAAABpsKVm7GMK... - 70 - tx2187afec73ac44c793f48-0069b0a5aa - 0.0083 - - 1773184426.530272007 1773184426.538620949 0
Mar 10 23:13:46 standalone container-server[122349]: 172.20.0.100 - - [10/Mar/2026:23:13:46 +0000] "PUT /d1/475/AUTH_a58440e7bedc4755b0a01169452bed14/gnocchi.0c4dcb94-85a9-41a3-885c-db186c1da00d/1772280000.0_mean_300.0_v3" 201 - "PUT http://localhost:8080/d1/286/AUTH_a58440e7bedc4755b0a01169452bed14/gnocchi.0c4dcb94-85a9-41a3-885c-db186c1da00d/1772280000.0_mean_300.0_v3" "tx3db9aadf96fb484e8bee8-0069b0a5aa" "object-server 20" 0.0006 "-" 21 0
Mar 10 23:13:46 standalone object-server[122645]: 172.20.0.100 - - [10/Mar/2026:23:13:46 +0000] "PUT /d1/286/AUTH_a58440e7bedc4755b0a01169452bed14/gnocchi.0c4dcb94-85a9-41a3-885c-db186c1da00d/1772280000.0_mean_300.0_v3" 201 - "PUT http://localhost:8080/v1/AUTH_a58440e7bedc4755b0a01169452bed14/gnocchi.0c4dcb94-85a9-41a3-885c-db186c1da00d/1772280000.0_mean_300.0_v3" "tx3db9aadf96fb484e8bee8-0069b0a5aa" "proxy-server 21" 0.0093 "-" 20 0
Mar 10 23:13:46 standalone proxy-server[124536]: 172.18.0.2 ::1 10/Mar/2026/23/13/46 PUT /v1/AUTH_a58440e7bedc4755b0a01169452bed14/gnocchi.0c4dcb94-85a9-41a3-885c-db186c1da00d/1772280000.0_mean_300.0_v3 HTTP/1.0 201 - python-swiftclient-3.11.1 gAAAAABpsKVm7GMK... 16 - - tx3db9aadf96fb484e8bee8-0069b0a5aa - 0.0247 - - 1773184426.544301748 1773184426.568979025 0
Mar 10 23:13:46 standalone container-server[122360]: 172.20.0.100 - - [10/Mar/2026:23:13:46 +0000] "PUT /d1/475/AUTH_a58440e7bedc4755b0a01169452bed14/gnocchi.0c4dcb94-85a9-41a3-885c-db186c1da00d/none_v3" 201 - "PUT http://localhost:8080/d1/726/AUTH_a58440e7bedc4755b0a01169452bed14/gnocchi.0c4dcb94-85a9-41a3-885c-db186c1da00d/none_v3" "txf99e262c51aa489589dc2-0069b0a5aa" "object-server 21" 0.0011 "-" 23 0
Mar 10 23:13:46 standalone object-server[122647]: 172.20.0.100 - - [10/Mar/2026:23:13:46 +0000] "PUT /d1/726/AUTH_a58440e7bedc4755b0a01169452bed14/gnocchi.0c4dcb94-85a9-41a3-885c-db186c1da00d/none_v3" 201 - "PUT http://localhost:8080/v1/AUTH_a58440e7bedc4755b0a01169452bed14/gnocchi.0c4dcb94-85a9-41a3-885c-db186c1da00d/none_v3" "txf99e262c51aa489589dc2-0069b0a5aa" "proxy-server 21" 0.0100 "-" 21 0
Mar 10 23:13:46 standalone proxy-server[124536]: 172.18.0.2 ::1 10/Mar/2026/23/13/46 PUT /v1/AUTH_a58440e7bedc4755b0a01169452bed14/gnocchi.0c4dcb94-85a9-41a3-885c-db186c1da00d/none_v3 HTTP/1.0 201 - python-swiftclient-3.11.1 gAAAAABpsKVm7GMK... 22 - - txf99e262c51aa489589dc2-0069b0a5aa - 0.0238 - - 1773184426.576697826 1773184426.600463152 0
Mar 10 23:13:46 standalone container-server[122358]: 172.20.0.100 - - [10/Mar/2026:23:13:46 +0000] "HEAD /d1/548/AUTH_a58440e7bedc4755b0a01169452bed14/gnocchi.94c476e0-162a-4678-a639-62350d0e08a8" 404 - "HEAD http://localhost:8080/v1/AUTH_a58440e7bedc4755b0a01169452bed14/gnocchi.94c476e0-162a-4678-a639-62350d0e08a8?format=json&states=listing" "tx673f7e711c20420fbfdf6-0069b0a5aa" "proxy-server 21" 0.0009 "-" 22 0
Mar 10 23:13:46 standalone object-server[122645]: 172.20.0.100 - - [10/Mar/2026:23:13:46 +0000] "GET /d1/1019/AUTH_a58440e7bedc4755b0a01169452bed14/gnocchi.94c476e0-162a-4678-a639-62350d0e08a8/none_v3" 404 70 "GET http://localhost:8080/v1/AUTH_a58440e7bedc4755b0a01169452bed14/gnocchi.94c476e0-162a-4678-a639-62350d0e08a8/none_v3" "tx673f7e711c20420fbfdf6-0069b0a5aa" "proxy-server 21" 0.0003 "-" 20 0
Mar 10 23:13:46 standalone proxy-server[124536]: 172.18.0.2 ::1 10/Mar/2026/23/13/46 GET /v1/AUTH_a58440e7bedc4755b0a01169452bed14/gnocchi.94c476e0-162a-4678-a639-62350d0e08a8/none_v3 HTTP/1.0 404 - python-swiftclient-3.11.1 gAAAAABpsKVm7GMK... - 70 - tx673f7e711c20420fbfdf6-0069b0a5aa - 0.0140 - - 1773184426.635565281 1773184426.649571657 0
Mar 10 23:13:46 standalone account-server[122302]: 172.20.0.100 - - [10/Mar/2026:23:13:46 +0000] "PUT /d1/609/AUTH_a58440e7bedc4755b0a01169452bed14/gnocchi.94c476e0-162a-4678-a639-62350d0e08a8" 201 - "PUT http://172.20.0.100:6001/d1/548/AUTH_a58440e7bedc4755b0a01169452bed14/gnocchi.94c476e0-162a-4678-a639-62350d0e08a8" "tx8d4e9813998a4d3e8ee16-0069b0a5aa" "container-server 23" 0.0067 "-" 20 0
Mar 10 23:13:46 standalone container-server[122360]: 172.20.0.100 - - [10/Mar/2026:23:13:46 +0000] "PUT /d1/548/AUTH_a58440e7bedc4755b0a01169452bed14/gnocchi.94c476e0-162a-4678-a639-62350d0e08a8" 201 - "PUT http://localhost:8080/v1/AUTH_a58440e7bedc4755b0a01169452bed14/gnocchi.94c476e0-162a-4678-a639-62350d0e08a8" "tx8d4e9813998a4d3e8ee16-0069b0a5aa" "proxy-server 21" 0.0230 "-" 23 0
Mar 10 23:13:46 standalone proxy-server[124536]: 172.18.0.2 ::1 10/Mar/2026/23/13/46 PUT /v1/AUTH_a58440e7bedc4755b0a01169452bed14/gnocchi.94c476e0-162a-4678-a639-62350d0e08a8 HTTP/1.0 201 - python-swiftclient-3.11.1 gAAAAABpsKVm7GMK... - - - tx8d4e9813998a4d3e8ee16-0069b0a5aa - 0.0297 - - 1773184426.655370474 1773184426.685082197 0
Mar 10 23:13:46 standalone container-server[122335]: 172.20.0.100 - - [10/Mar/2026:23:13:46 +0000] "HEAD /d1/548/AUTH_a58440e7bedc4755b0a01169452bed14/gnocchi.94c476e0-162a-4678-a639-62350d0e08a8" 204 - "HEAD http://localhost:8080/v1/AUTH_a58440e7bedc4755b0a01169452bed14/gnocchi.94c476e0-162a-4678-a639-62350d0e08a8?format=json&states=listing" "tx894a5a35f92a4879be0a9-0069b0a5aa" "proxy-server 21" 0.0012 "-" 20 0
Mar 10 23:13:46 standalone proxy-server[124536]: - - 10/Mar/2026/23/13/46 HEAD /v1/AUTH_a58440e7bedc4755b0a01169452bed14/gnocchi.94c476e0-162a-4678-a639-62350d0e08a8%3Fformat%3Djson%26states%3Dlisting HTTP/1.0 204 - Swift - - - - tx894a5a35f92a4879be0a9-0069b0a5aa - 0.0046 RL - 1773184426.693052530 1773184426.697634220 0
Mar 10 23:13:46 standalone container-server[122335]: 172.20.0.100 - - [10/Mar/2026:23:13:46 +0000] "GET /d1/548/AUTH_a58440e7bedc4755b0a01169452bed14/gnocchi.94c476e0-162a-4678-a639-62350d0e08a8" 200 2 "GET http://localhost:8080/v1/AUTH_a58440e7bedc4755b0a01169452bed14/gnocchi.94c476e0-162a-4678-a639-62350d0e08a8?format=json&states=listing" "tx894a5a35f92a4879be0a9-0069b0a5aa" "proxy-server 21" 0.0014 "-" 20 0
Mar 10 23:13:46 standalone proxy-server[124536]: 172.18.0.2 ::1 10/Mar/2026/23/13/46 GET /v1/AUTH_a58440e7bedc4755b0a01169452bed14/gnocchi.94c476e0-162a-4678-a639-62350d0e08a8%3Fformat%3Djson%26states%3Dlisting HTTP/1.0 200 - python-swiftclient-3.11.1 gAAAAABpsKVm7GMK... - 2 - tx894a5a35f92a4879be0a9-0069b0a5aa - 0.0168 - - 1773184426.691866159 1773184426.708703518 0
Mar 10 23:13:46 standalone object-server[122656]: 172.20.0.100 - - [10/Mar/2026:23:13:46 +0000] "GET /d1/349/AUTH_a58440e7bedc4755b0a01169452bed14/gnocchi.94c476e0-162a-4678-a639-62350d0e08a8/1772280000.0_mean_300.0_v3" 404 70 "GET http://localhost:8080/v1/AUTH_a58440e7bedc4755b0a01169452bed14/gnocchi.94c476e0-162a-4678-a639-62350d0e08a8/1772280000.0_mean_300.0_v3" "txee9679d350474136aa7cd-0069b0a5aa" "proxy-server 21" 0.0004 "-" 23 0
Mar 10 23:13:46 standalone proxy-server[124536]: 172.18.0.2 ::1 10/Mar/2026/23/13/46 GET /v1/AUTH_a58440e7bedc4755b0a01169452bed14/gnocchi.94c476e0-162a-4678-a639-62350d0e08a8/1772280000.0_mean_300.0_v3 HTTP/1.0 404 - python-swiftclient-3.11.1 gAAAAABpsKVm7GMK... - 70 - txee9679d350474136aa7cd-0069b0a5aa - 0.0104 - - 1773184426.717281103 1773184426.727688074 0
Mar 10 23:13:46 standalone container-server[122360]: 172.20.0.100 - - [10/Mar/2026:23:13:46 +0000] "PUT /d1/548/AUTH_a58440e7bedc4755b0a01169452bed14/gnocchi.94c476e0-162a-4678-a639-62350d0e08a8/1772280000.0_mean_300.0_v3" 201 - "PUT http://localhost:8080/d1/349/AUTH_a58440e7bedc4755b0a01169452bed14/gnocchi.94c476e0-162a-4678-a639-62350d0e08a8/1772280000.0_mean_300.0_v3" "tx6ea4dda4e20b4a21a39b7-0069b0a5aa" "object-server 21" 0.0010 "-" 23 0
Mar 10 23:13:46 standalone object-server[122647]: 172.20.0.100 - - [10/Mar/2026:23:13:46 +0000] "PUT /d1/349/AUTH_a58440e7bedc4755b0a01169452bed14/gnocchi.94c476e0-162a-4678-a639-62350d0e08a8/1772280000.0_mean_300.0_v3" 201 - "PUT http://localhost:8080/v1/AUTH_a58440e7bedc4755b0a01169452bed14/gnocchi.94c476e0-162a-4678-a639-62350d0e08a8/1772280000.0_mean_300.0_v3" "tx6ea4dda4e20b4a21a39b7-0069b0a5aa" "proxy-server 21" 0.0223 "-" 21 0
Mar 10 23:13:46 standalone proxy-server[124536]: 172.18.0.2 ::1 10/Mar/2026/23/13/46 PUT /v1/AUTH_a58440e7bedc4755b0a01169452bed14/gnocchi.94c476e0-162a-4678-a639-62350d0e08a8/1772280000.0_mean_300.0_v3 HTTP/1.0 201 - python-swiftclient-3.11.1 gAAAAABpsKVm7GMK... 16 - - tx6ea4dda4e20b4a21a39b7-0069b0a5aa - 0.0311 - - 1773184426.733327627 1773184426.764444113 0
Mar 10 23:13:46 standalone container-server[122349]: 172.20.0.100 - - [10/Mar/2026:23:13:46 +0000] "PUT /d1/548/AUTH_a58440e7bedc4755b0a01169452bed14/gnocchi.94c476e0-162a-4678-a639-62350d0e08a8/none_v3" 201 - "PUT http://localhost:8080/d1/1019/AUTH_a58440e7bedc4755b0a01169452bed14/gnocchi.94c476e0-162a-4678-a639-62350d0e08a8/none_v3" "txb9858ee0f6f74022a4f79-0069b0a5aa" "object-server 20" 0.0009 "-" 21 0
Mar 10 23:13:46 standalone object-server[122645]: 172.20.0.100 - - [10/Mar/2026:23:13:46 +0000] "PUT /d1/1019/AUTH_a58440e7bedc4755b0a01169452bed14/gnocchi.94c476e0-162a-4678-a639-62350d0e08a8/none_v3" 201 - "PUT http://localhost:8080/v1/AUTH_a58440e7bedc4755b0a01169452bed14/gnocchi.94c476e0-162a-4678-a639-62350d0e08a8/none_v3" "txb9858ee0f6f74022a4f79-0069b0a5aa" "proxy-server 21" 0.0151 "-" 20 0
Mar 10 23:13:46 standalone proxy-server[124536]: 172.18.0.2 ::1 10/Mar/2026/23/13/46 PUT /v1/AUTH_a58440e7bedc4755b0a01169452bed14/gnocchi.94c476e0-162a-4678-a639-62350d0e08a8/none_v3 HTTP/1.0 201 - python-swiftclient-3.11.1 gAAAAABpsKVm7GMK... 22 - - txb9858ee0f6f74022a4f79-0069b0a5aa - 0.0244 - - 1773184426.771728039 1773184426.796161175 0
Mar 10 23:15:47 standalone account-server[122277]: 172.20.0.100 - - [10/Mar/2026:23:15:47 +0000] "HEAD /d1/609/AUTH_a58440e7bedc4755b0a01169452bed14" 204 - "HEAD http://localhost:8080/v1/AUTH_a58440e7bedc4755b0a01169452bed14?format=json" "txd791f0e2299b44ee9adf8-0069b0a623" "proxy-server 21" 0.0055 "-" 18 -
Mar 10 23:15:47 standalone proxy-server[124536]: - - 10/Mar/2026/23/15/47 HEAD /v1/AUTH_a58440e7bedc4755b0a01169452bed14%3Fformat%3Djson HTTP/1.0 204 - Swift - - - - txd791f0e2299b44ee9adf8-0069b0a623 - 0.0096 RL - 1773184547.861001730 1773184547.870620966 -
Mar 10 23:15:47 standalone container-server[122335]: 172.20.0.100 - - [10/Mar/2026:23:15:47 +0000] "HEAD /d1/28/AUTH_a58440e7bedc4755b0a01169452bed14/gnocchi.88039ecf-c537-4c28-8423-6b42553768a6" 404 - "HEAD http://localhost:8080/v1/AUTH_a58440e7bedc4755b0a01169452bed14/gnocchi.88039ecf-c537-4c28-8423-6b42553768a6?format=json&states=listing" "txd791f0e2299b44ee9adf8-0069b0a623" "proxy-server 21" 0.0004 "-" 20 0
Mar 10 23:15:47 standalone object-server[122645]: 172.20.0.100 - - [10/Mar/2026:23:15:47 +0000] "GET /d1/879/AUTH_a58440e7bedc4755b0a01169452bed14/gnocchi.88039ecf-c537-4c28-8423-6b42553768a6/none_v3" 404 70 "GET http://localhost:8080/v1/AUTH_a58440e7bedc4755b0a01169452bed14/gnocchi.88039ecf-c537-4c28-8423-6b42553768a6/none_v3" "txd791f0e2299b44ee9adf8-0069b0a623" "proxy-server 21" 0.0006 "-" 20 0
Mar 10 23:15:47 standalone proxy-server[124536]: 172.18.0.2 ::1 10/Mar/2026/23/15/47 GET /v1/AUTH_a58440e7bedc4755b0a01169452bed14/gnocchi.88039ecf-c537-4c28-8423-6b42553768a6/none_v3 HTTP/1.0 404 - python-swiftclient-3.11.1 gAAAAABpsKVm7GMK... - 70 - txd791f0e2299b44ee9adf8-0069b0a623 - 0.0188 - - 1773184547.860321522 1773184547.879105568 0
Mar 10 23:15:47 standalone account-server[122298]: 172.20.0.100 - - [10/Mar/2026:23:15:47 +0000] "PUT /d1/609/AUTH_a58440e7bedc4755b0a01169452bed14/gnocchi.88039ecf-c537-4c28-8423-6b42553768a6" 201 - "PUT http://172.20.0.100:6001/d1/28/AUTH_a58440e7bedc4755b0a01169452bed14/gnocchi.88039ecf-c537-4c28-8423-6b42553768a6" "txb1d5dded7ae04df98a6f9-0069b0a623" "container-server 23" 0.0012 "-" 19 0
Mar 10 23:15:47 standalone container-server[122360]: 172.20.0.100 - - [10/Mar/2026:23:15:47 +0000] "PUT /d1/28/AUTH_a58440e7bedc4755b0a01169452bed14/gnocchi.88039ecf-c537-4c28-8423-6b42553768a6" 201 - "PUT http://localhost:8080/v1/AUTH_a58440e7bedc4755b0a01169452bed14/gnocchi.88039ecf-c537-4c28-8423-6b42553768a6" "txb1d5dded7ae04df98a6f9-0069b0a623" "proxy-server 21" 0.0109 "-" 23 0
Mar 10 23:15:47 standalone proxy-server[124536]: 172.18.0.2 ::1 10/Mar/2026/23/15/47 PUT /v1/AUTH_a58440e7bedc4755b0a01169452bed14/gnocchi.88039ecf-c537-4c28-8423-6b42553768a6 HTTP/1.0 201 - python-swiftclient-3.11.1 gAAAAABpsKVm7GMK... - - - txb1d5dded7ae04df98a6f9-0069b0a623 - 0.0143 - - 1773184547.881754637 1773184547.896041155 0
Mar 10 23:15:47 standalone container-server[122360]: 172.20.0.100 - - [10/Mar/2026:23:15:47 +0000] "HEAD /d1/28/AUTH_a58440e7bedc4755b0a01169452bed14/gnocchi.88039ecf-c537-4c28-8423-6b42553768a6" 204 - "HEAD http://localhost:8080/v1/AUTH_a58440e7bedc4755b0a01169452bed14/gnocchi.88039ecf-c537-4c28-8423-6b42553768a6?format=json&states=listing" "tx8d0d4c7c0e254d8984f51-0069b0a623" "proxy-server 21" 0.0008 "-" 23 0
Mar 10 23:15:47 standalone proxy-server[124536]: - - 10/Mar/2026/23/15/47 HEAD /v1/AUTH_a58440e7bedc4755b0a01169452bed14/gnocchi.88039ecf-c537-4c28-8423-6b42553768a6%3Fformat%3Djson%26states%3Dlisting HTTP/1.0 204 - Swift - - - - tx8d0d4c7c0e254d8984f51-0069b0a623 - 0.0027 RL - 1773184547.899373055 1773184547.902083158 0
Mar 10 23:15:47 standalone container-server[122335]: 172.20.0.100 - - [10/Mar/2026:23:15:47 +0000] "GET /d1/28/AUTH_a58440e7bedc4755b0a01169452bed14/gnocchi.88039ecf-c537-4c28-8423-6b42553768a6" 200 2 "GET http://localhost:8080/v1/AUTH_a58440e7bedc4755b0a01169452bed14/gnocchi.88039ecf-c537-4c28-8423-6b42553768a6?format=json&states=listing" "tx8d0d4c7c0e254d8984f51-0069b0a623" "proxy-server 21" 0.0016 "-" 20 0
Mar 10 23:15:47 standalone proxy-server[124536]: 172.18.0.2 ::1 10/Mar/2026/23/15/47 GET /v1/AUTH_a58440e7bedc4755b0a01169452bed14/gnocchi.88039ecf-c537-4c28-8423-6b42553768a6%3Fformat%3Djson%26states%3Dlisting HTTP/1.0 200 - python-swiftclient-3.11.1 gAAAAABpsKVm7GMK... - 2 - tx8d0d4c7c0e254d8984f51-0069b0a623 - 0.0088 - - 1773184547.898635149 1773184547.907478571 0
Mar 10 23:15:47 standalone object-server[122647]: 172.20.0.100 - - [10/Mar/2026:23:15:47 +0000] "GET /d1/887/AUTH_a58440e7bedc4755b0a01169452bed14/gnocchi.88039ecf-c537-4c28-8423-6b42553768a6/1772280000.0_mean_300.0_v3" 404 70 "GET http://localhost:8080/v1/AUTH_a58440e7bedc4755b0a01169452bed14/gnocchi.88039ecf-c537-4c28-8423-6b42553768a6/1772280000.0_mean_300.0_v3" "txc9ec130c5ee74193adeba-0069b0a623" "proxy-server 21" 0.0005 "-" 21 0
Mar 10 23:15:47 standalone proxy-server[124536]: 172.18.0.2 ::1 10/Mar/2026/23/15/47 GET /v1/AUTH_a58440e7bedc4755b0a01169452bed14/gnocchi.88039ecf-c537-4c28-8423-6b42553768a6/1772280000.0_mean_300.0_v3 HTTP/1.0 404 - python-swiftclient-3.11.1 gAAAAABpsKVm7GMK... - 70 - txc9ec130c5ee74193adeba-0069b0a623 - 0.0051 - - 1773184547.911284685 1773184547.916370392 0
Mar 10 23:15:47 standalone container-server[122335]: 172.20.0.100 - - [10/Mar/2026:23:15:47 +0000] "PUT /d1/28/AUTH_a58440e7bedc4755b0a01169452bed14/gnocchi.88039ecf-c537-4c28-8423-6b42553768a6/1772280000.0_mean_300.0_v3" 201 - "PUT http://localhost:8080/d1/887/AUTH_a58440e7bedc4755b0a01169452bed14/gnocchi.88039ecf-c537-4c28-8423-6b42553768a6/1772280000.0_mean_300.0_v3" "txd73d16f2fd0b482380a9e-0069b0a623" "object-server 20" 0.0004 "-" 20 0
Mar 10 23:15:47 standalone object-server[122645]: 172.20.0.100 - - [10/Mar/2026:23:15:47 +0000] "PUT /d1/887/AUTH_a58440e7bedc4755b0a01169452bed14/gnocchi.88039ecf-c537-4c28-8423-6b42553768a6/1772280000.0_mean_300.0_v3" 201 - "PUT http://localhost:8080/v1/AUTH_a58440e7bedc4755b0a01169452bed14/gnocchi.88039ecf-c537-4c28-8423-6b42553768a6/1772280000.0_mean_300.0_v3" "txd73d16f2fd0b482380a9e-0069b0a623" "proxy-server 21" 0.0078 "-" 20 0
Mar 10 23:15:47 standalone proxy-server[124536]: 172.18.0.2 ::1 10/Mar/2026/23/15/47 PUT /v1/AUTH_a58440e7bedc4755b0a01169452bed14/gnocchi.88039ecf-c537-4c28-8423-6b42553768a6/1772280000.0_mean_300.0_v3 HTTP/1.0 201 - python-swiftclient-3.11.1 gAAAAABpsKVm7GMK... 16 - - txd73d16f2fd0b482380a9e-0069b0a623 - 0.0143 - - 1773184547.920494795 1773184547.934809685 0
Mar 10 23:15:47 standalone container-server[122358]: 172.20.0.100 - - [10/Mar/2026:23:15:47 +0000] "PUT /d1/28/AUTH_a58440e7bedc4755b0a01169452bed14/gnocchi.88039ecf-c537-4c28-8423-6b42553768a6/none_v3" 201 - "PUT http://localhost:8080/d1/879/AUTH_a58440e7bedc4755b0a01169452bed14/gnocchi.88039ecf-c537-4c28-8423-6b42553768a6/none_v3" "txab42e4ded1554bdb81401-0069b0a623" "object-server 23" 0.0007 "-" 22 0
Mar 10 23:15:47 standalone object-server[122656]: 172.20.0.100 - - [10/Mar/2026:23:15:47 +0000] "PUT /d1/879/AUTH_a58440e7bedc4755b0a01169452bed14/gnocchi.88039ecf-c537-4c28-8423-6b42553768a6/none_v3" 201 - "PUT http://localhost:8080/v1/AUTH_a58440e7bedc4755b0a01169452bed14/gnocchi.88039ecf-c537-4c28-8423-6b42553768a6/none_v3" "txab42e4ded1554bdb81401-0069b0a623" "proxy-server 21" 0.0094 "-" 23 0
Mar 10 23:15:47 standalone proxy-server[124536]: 172.18.0.2 ::1 10/Mar/2026/23/15/47 PUT /v1/AUTH_a58440e7bedc4755b0a01169452bed14/gnocchi.88039ecf-c537-4c28-8423-6b42553768a6/none_v3 HTTP/1.0 201 - python-swiftclient-3.11.1 gAAAAABpsKVm7GMK... 22 - - txab42e4ded1554bdb81401-0069b0a623 - 0.0132 - - 1773184547.937584877 1773184547.950778008 0
Mar 10 23:15:47 standalone container-server[122358]: 172.20.0.100 - - [10/Mar/2026:23:15:47 +0000] "HEAD /d1/53/AUTH_a58440e7bedc4755b0a01169452bed14/gnocchi.a9d10322-1508-4f9c-a47e-b344a3ad9076" 404 - "HEAD http://localhost:8080/v1/AUTH_a58440e7bedc4755b0a01169452bed14/gnocchi.a9d10322-1508-4f9c-a47e-b344a3ad9076?format=json&states=listing" "tx907d5da1d1b34ea3bcea7-0069b0a623" "proxy-server 21" 0.0003 "-" 22 0
Mar 10 23:15:48 standalone object-server[122656]: 172.20.0.100 - - [10/Mar/2026:23:15:48 +0000] "GET /d1/547/AUTH_a58440e7bedc4755b0a01169452bed14/gnocchi.a9d10322-1508-4f9c-a47e-b344a3ad9076/none_v3" 404 70 "GET http://localhost:8080/v1/AUTH_a58440e7bedc4755b0a01169452bed14/gnocchi.a9d10322-1508-4f9c-a47e-b344a3ad9076/none_v3" "tx907d5da1d1b34ea3bcea7-0069b0a623" "proxy-server 21" 0.0003 "-" 23 0
Mar 10 23:15:48 standalone proxy-server[124536]: 172.18.0.2 ::1 10/Mar/2026/23/15/48 GET /v1/AUTH_a58440e7bedc4755b0a01169452bed14/gnocchi.a9d10322-1508-4f9c-a47e-b344a3ad9076/none_v3 HTTP/1.0 404 - python-swiftclient-3.11.1 gAAAAABpsKVm7GMK... - 70 - tx907d5da1d1b34ea3bcea7-0069b0a623 - 0.0099 - - 1773184547.992901802 1773184548.002797127 0
Mar 10 23:15:48 standalone account-server[122239]: 172.20.0.100 - - [10/Mar/2026:23:15:48 +0000] "PUT /d1/609/AUTH_a58440e7bedc4755b0a01169452bed14/gnocchi.a9d10322-1508-4f9c-a47e-b344a3ad9076" 201 - "PUT http://172.20.0.100:6001/d1/53/AUTH_a58440e7bedc4755b0a01169452bed14/gnocchi.a9d10322-1508-4f9c-a47e-b344a3ad9076" "txae62753a3143430d97313-0069b0a624" "container-server 22" 0.0040 "-" 17 0
Mar 10 23:15:48 standalone container-server[122358]: 172.20.0.100 - - [10/Mar/2026:23:15:48 +0000] "PUT /d1/53/AUTH_a58440e7bedc4755b0a01169452bed14/gnocchi.a9d10322-1508-4f9c-a47e-b344a3ad9076" 201 - "PUT http://localhost:8080/v1/AUTH_a58440e7bedc4755b0a01169452bed14/gnocchi.a9d10322-1508-4f9c-a47e-b344a3ad9076" "txae62753a3143430d97313-0069b0a624" "proxy-server 21" 0.0122 "-" 22 0
Mar 10 23:15:48 standalone proxy-server[124536]: 172.18.0.2 ::1 10/Mar/2026/23/15/48 PUT /v1/AUTH_a58440e7bedc4755b0a01169452bed14/gnocchi.a9d10322-1508-4f9c-a47e-b344a3ad9076 HTTP/1.0 201 - python-swiftclient-3.11.1 gAAAAABpsKVm7GMK... - - - txae62753a3143430d97313-0069b0a624 - 0.0157 - - 1773184548.005536556 1773184548.021212816 0
Mar 10 23:15:48 standalone container-server[122335]: 172.20.0.100 - - [10/Mar/2026:23:15:48 +0000] "HEAD /d1/53/AUTH_a58440e7bedc4755b0a01169452bed14/gnocchi.a9d10322-1508-4f9c-a47e-b344a3ad9076" 204 - "HEAD http://localhost:8080/v1/AUTH_a58440e7bedc4755b0a01169452bed14/gnocchi.a9d10322-1508-4f9c-a47e-b344a3ad9076?format=json&states=listing" "tx82749b6d25be4a85a5a4f-0069b0a624" "proxy-server 21" 0.0011 "-" 20 0
Mar 10 23:15:48 standalone proxy-server[124536]: - - 10/Mar/2026/23/15/48 HEAD /v1/AUTH_a58440e7bedc4755b0a01169452bed14/gnocchi.a9d10322-1508-4f9c-a47e-b344a3ad9076%3Fformat%3Djson%26states%3Dlisting HTTP/1.0 204 - Swift - - - - tx82749b6d25be4a85a5a4f-0069b0a624 - 0.0036 RL - 1773184548.024722099 1773184548.028300524 0
Mar 10 23:15:48 standalone container-server[122349]: 172.20.0.100 - - [10/Mar/2026:23:15:48 +0000] "GET /d1/53/AUTH_a58440e7bedc4755b0a01169452bed14/gnocchi.a9d10322-1508-4f9c-a47e-b344a3ad9076" 200 2 "GET http://localhost:8080/v1/AUTH_a58440e7bedc4755b0a01169452bed14/gnocchi.a9d10322-1508-4f9c-a47e-b344a3ad9076?format=json&states=listing" "tx82749b6d25be4a85a5a4f-0069b0a624" "proxy-server 21" 0.0023 "-" 21 0
Mar 10 23:15:48 standalone proxy-server[124536]: 172.18.0.2 ::1 10/Mar/2026/23/15/48 GET /v1/AUTH_a58440e7bedc4755b0a01169452bed14/gnocchi.a9d10322-1508-4f9c-a47e-b344a3ad9076%3Fformat%3Djson%26states%3Dlisting HTTP/1.0 200 - python-swiftclient-3.11.1 gAAAAABpsKVm7GMK... - 2 - tx82749b6d25be4a85a5a4f-0069b0a624 - 0.0110 - - 1773184548.023998260 1773184548.034958601 0
Mar 10 23:15:48 standalone object-server[122656]: 172.20.0.100 - - [10/Mar/2026:23:15:48 +0000] "GET /d1/827/AUTH_a58440e7bedc4755b0a01169452bed14/gnocchi.a9d10322-1508-4f9c-a47e-b344a3ad9076/1772280000.0_mean_300.0_v3" 404 70 "GET http://localhost:8080/v1/AUTH_a58440e7bedc4755b0a01169452bed14/gnocchi.a9d10322-1508-4f9c-a47e-b344a3ad9076/1772280000.0_mean_300.0_v3" "txee8d540ebd8a49158afa3-0069b0a624" "proxy-server 21" 0.0003 "-" 23 0
Mar 10 23:15:48 standalone proxy-server[124536]: 172.18.0.2 ::1 10/Mar/2026/23/15/48 GET /v1/AUTH_a58440e7bedc4755b0a01169452bed14/gnocchi.a9d10322-1508-4f9c-a47e-b344a3ad9076/1772280000.0_mean_300.0_v3 HTTP/1.0 404 - python-swiftclient-3.11.1 gAAAAABpsKVm7GMK... - 70 - txee8d540ebd8a49158afa3-0069b0a624 - 0.0051 - - 1773184548.037629128 1773184548.042773485 0
Mar 10 23:15:48 standalone container-server[122360]: 172.20.0.100 - - [10/Mar/2026:23:15:48 +0000] "PUT /d1/53/AUTH_a58440e7bedc4755b0a01169452bed14/gnocchi.a9d10322-1508-4f9c-a47e-b344a3ad9076/1772280000.0_mean_300.0_v3" 201 - "PUT http://localhost:8080/d1/827/AUTH_a58440e7bedc4755b0a01169452bed14/gnocchi.a9d10322-1508-4f9c-a47e-b344a3ad9076/1772280000.0_mean_300.0_v3" "tx73f12589fca1433181bf7-0069b0a624" "object-server 22" 0.0006 "-" 23 0
Mar 10 23:15:48 standalone object-server[122649]: 172.20.0.100 - - [10/Mar/2026:23:15:48 +0000] "PUT /d1/827/AUTH_a58440e7bedc4755b0a01169452bed14/gnocchi.a9d10322-1508-4f9c-a47e-b344a3ad9076/1772280000.0_mean_300.0_v3" 201 - "PUT http://localhost:8080/v1/AUTH_a58440e7bedc4755b0a01169452bed14/gnocchi.a9d10322-1508-4f9c-a47e-b344a3ad9076/1772280000.0_mean_300.0_v3" "tx73f12589fca1433181bf7-0069b0a624" "proxy-server 21" 0.0186 "-" 22 0
Mar 10 23:15:48 standalone proxy-server[124536]: 172.18.0.2 ::1 10/Mar/2026/23/15/48 PUT /v1/AUTH_a58440e7bedc4755b0a01169452bed14/gnocchi.a9d10322-1508-4f9c-a47e-b344a3ad9076/1772280000.0_mean_300.0_v3 HTTP/1.0 201 - python-swiftclient-3.11.1 gAAAAABpsKVm7GMK... 16 - - tx73f12589fca1433181bf7-0069b0a624 - 0.0236 - - 1773184548.045846701 1773184548.069424152 0
Mar 10 23:15:48 standalone container-server[122360]: 172.20.0.100 - - [10/Mar/2026:23:15:48 +0000] "PUT /d1/53/AUTH_a58440e7bedc4755b0a01169452bed14/gnocchi.a9d10322-1508-4f9c-a47e-b344a3ad9076/none_v3" 201 - "PUT http://localhost:8080/d1/547/AUTH_a58440e7bedc4755b0a01169452bed14/gnocchi.a9d10322-1508-4f9c-a47e-b344a3ad9076/none_v3" "tx1113e9b792c54b6b8df4d-0069b0a624" "object-server 22" 0.0005 "-" 23 0
Mar 10 23:15:48 standalone object-server[122649]: 172.20.0.100 - - [10/Mar/2026:23:15:48 +0000] "PUT /d1/547/AUTH_a58440e7bedc4755b0a01169452bed14/gnocchi.a9d10322-1508-4f9c-a47e-b344a3ad9076/none_v3" 201 - "PUT http://localhost:8080/v1/AUTH_a58440e7bedc4755b0a01169452bed14/gnocchi.a9d10322-1508-4f9c-a47e-b344a3ad9076/none_v3" "tx1113e9b792c54b6b8df4d-0069b0a624" "proxy-server 21" 0.0084 "-" 22 0
Mar 10 23:15:48 standalone proxy-server[124536]: 172.18.0.2 ::1 10/Mar/2026/23/15/48 PUT /v1/AUTH_a58440e7bedc4755b0a01169452bed14/gnocchi.a9d10322-1508-4f9c-a47e-b344a3ad9076/none_v3 HTTP/1.0 201 - python-swiftclient-3.11.1 gAAAAABpsKVm7GMK... 22 - - tx1113e9b792c54b6b8df4d-0069b0a624 - 0.0126 - - 1773184548.071564436 1773184548.084208965 0
Mar 10 23:15:48 standalone container-server[122360]: 172.20.0.100 - - [10/Mar/2026:23:15:48 +0000] "HEAD /d1/596/AUTH_a58440e7bedc4755b0a01169452bed14/gnocchi.e83ea0b0-2f8d-4852-b7af-e6ccebfc863e" 404 - "HEAD http://localhost:8080/v1/AUTH_a58440e7bedc4755b0a01169452bed14/gnocchi.e83ea0b0-2f8d-4852-b7af-e6ccebfc863e?format=json&states=listing" "txad3fefb91e06409485a52-0069b0a624" "proxy-server 21" 0.0002 "-" 23 0
Mar 10 23:15:48 standalone object-server[122656]: 172.20.0.100 - - [10/Mar/2026:23:15:48 +0000] "GET /d1/941/AUTH_a58440e7bedc4755b0a01169452bed14/gnocchi.e83ea0b0-2f8d-4852-b7af-e6ccebfc863e/none_v3" 404 70 "GET http://localhost:8080/v1/AUTH_a58440e7bedc4755b0a01169452bed14/gnocchi.e83ea0b0-2f8d-4852-b7af-e6ccebfc863e/none_v3" "txad3fefb91e06409485a52-0069b0a624" "proxy-server 21" 0.0003 "-" 23 0
Mar 10 23:15:48 standalone proxy-server[124536]: 172.18.0.2 ::1 10/Mar/2026/23/15/48 GET /v1/AUTH_a58440e7bedc4755b0a01169452bed14/gnocchi.e83ea0b0-2f8d-4852-b7af-e6ccebfc863e/none_v3 HTTP/1.0 404 - python-swiftclient-3.11.1 gAAAAABpsKVm7GMK... - 70 - txad3fefb91e06409485a52-0069b0a624 - 0.0064 - - 1773184548.092825890 1773184548.099201202 0
Mar 10 23:15:48 standalone account-server[122239]: 172.20.0.100 - - [10/Mar/2026:23:15:48 +0000] "PUT /d1/609/AUTH_a58440e7bedc4755b0a01169452bed14/gnocchi.e83ea0b0-2f8d-4852-b7af-e6ccebfc863e" 201 - "PUT http://172.20.0.100:6001/d1/596/AUTH_a58440e7bedc4755b0a01169452bed14/gnocchi.e83ea0b0-2f8d-4852-b7af-e6ccebfc863e" "tx86ebeb372f874210b79d8-0069b0a624" "container-server 20" 0.0042 "-" 17 0
Mar 10 23:15:48 standalone container-server[122335]: 172.20.0.100 - - [10/Mar/2026:23:15:48 +0000] "PUT /d1/596/AUTH_a58440e7bedc4755b0a01169452bed14/gnocchi.e83ea0b0-2f8d-4852-b7af-e6ccebfc863e" 201 - "PUT http://localhost:8080/v1/AUTH_a58440e7bedc4755b0a01169452bed14/gnocchi.e83ea0b0-2f8d-4852-b7af-e6ccebfc863e" "tx86ebeb372f874210b79d8-0069b0a624" "proxy-server 21" 0.0164 "-" 20 0
Mar 10 23:15:48 standalone proxy-server[124536]: 172.18.0.2 ::1 10/Mar/2026/23/15/48 PUT /v1/AUTH_a58440e7bedc4755b0a01169452bed14/gnocchi.e83ea0b0-2f8d-4852-b7af-e6ccebfc863e HTTP/1.0 201 - python-swiftclient-3.11.1 gAAAAABpsKVm7GMK... - - - tx86ebeb372f874210b79d8-0069b0a624 - 0.0201 - - 1773184548.101421118 1773184548.121535540 0
Mar 10 23:15:48 standalone container-server[122360]: 172.20.0.100 - - [10/Mar/2026:23:15:48 +0000] "HEAD /d1/596/AUTH_a58440e7bedc4755b0a01169452bed14/gnocchi.e83ea0b0-2f8d-4852-b7af-e6ccebfc863e" 204 - "HEAD http://localhost:8080/v1/AUTH_a58440e7bedc4755b0a01169452bed14/gnocchi.e83ea0b0-2f8d-4852-b7af-e6ccebfc863e?format=json&states=listing" "txd6f53453ed064febb5443-0069b0a624" "proxy-server 21" 0.0020 "-" 23 0
Mar 10 23:15:48 standalone proxy-server[124536]: - - 10/Mar/2026/23/15/48 HEAD /v1/AUTH_a58440e7bedc4755b0a01169452bed14/gnocchi.e83ea0b0-2f8d-4852-b7af-e6ccebfc863e%3Fformat%3Djson%26states%3Dlisting HTTP/1.0 204 - Swift - - - - txd6f53453ed064febb5443-0069b0a624 - 0.0046 RL - 1773184548.124736309 1773184548.129343033 0
Mar 10 23:15:48 standalone container-server[122335]: 172.20.0.100 - - [10/Mar/2026:23:15:48 +0000] "GET /d1/596/AUTH_a58440e7bedc4755b0a01169452bed14/gnocchi.e83ea0b0-2f8d-4852-b7af-e6ccebfc863e" 200 2 "GET http://localhost:8080/v1/AUTH_a58440e7bedc4755b0a01169452bed14/gnocchi.e83ea0b0-2f8d-4852-b7af-e6ccebfc863e?format=json&states=listing" "txd6f53453ed064febb5443-0069b0a624" "proxy-server 21" 0.0030 "-" 20 0
