Mar 10 23:00:50 standalone account-server[121938]: Starting 2
Mar 10 23:00:50 standalone account-server[122048]: Started child 17 from parent 2
Mar 10 23:00:50 standalone account-server[122048]: Started child 18 from parent 2
Mar 10 23:00:50 standalone account-server[122048]: Started child 19 from parent 2
Mar 10 23:00:50 standalone account-server[122048]: Started child 20 from parent 2
Mar 10 23:00:50 standalone container-server[122016]: Option allow_versions is deprecated. Configure the versioned_writes middleware in the proxy-server instead. This option will be ignored in a future release.
Mar 10 23:00:50 standalone container-server[122335]: Option allow_versions is deprecated. Configure the versioned_writes middleware in the proxy-server instead. This option will be ignored in a future release.
Mar 10 23:00:50 standalone container-server[122016]: Started child 20 from parent 2
Mar 10 23:00:50 standalone container-server[122349]: Option allow_versions is deprecated. Configure the versioned_writes middleware in the proxy-server instead. This option will be ignored in a future release.
Mar 10 23:00:50 standalone container-server[122016]: Started child 21 from parent 2
Mar 10 23:00:50 standalone container-server[122358]: Option allow_versions is deprecated. Configure the versioned_writes middleware in the proxy-server instead. This option will be ignored in a future release.
Mar 10 23:00:50 standalone container-server[122016]: Started child 22 from parent 2
Mar 10 23:00:50 standalone container-server[122360]: Option allow_versions is deprecated. Configure the versioned_writes middleware in the proxy-server instead. This option will be ignored in a future release.
Mar 10 23:00:50 standalone container-server[122016]: Started child 23 from parent 2
Mar 10 23:00:50 standalone container-server[122210]: Starting 2
Mar 10 23:00:50 standalone object-expirer[122314]: Starting 2
Mar 10 23:00:50 standalone object-expirer[122314]: Option auto_create_account_prefix is deprecated. Configure auto_create_account_prefix under the swift-constraints section of swift.conf. This option will be ignored in a future release.
Mar 10 23:00:51 standalone object-server[122501]: Started child 20 from parent 2
Mar 10 23:00:51 standalone object-server[122501]: Started child 21 from parent 2
Mar 10 23:00:51 standalone object-server[122511]: Starting 2
Mar 10 23:00:51 standalone object-server[122501]: Started child 22 from parent 2
Mar 10 23:00:51 standalone object-server[122501]: Started child 23 from parent 2
Mar 10 23:00:57 standalone proxy-server[124330]: Starting Keystone auth_token middleware
Mar 10 23:00:57 standalone proxy-server[124330]: AuthToken middleware is set with keystone_authtoken.service_token_roles_required set to False. This is backwards compatible but deprecated behaviour. Please set this to True.
Mar 10 23:00:57 standalone proxy-server[124536]: Starting Keystone auth_token middleware
Mar 10 23:00:57 standalone proxy-server[124536]: STDERR: The option "bind_port" is not known to keystonemiddleware
Mar 10 23:00:57 standalone proxy-server[124536]: STDERR: The option "workers" is not known to keystonemiddleware
Mar 10 23:00:57 standalone proxy-server[124536]: STDERR: The option "user" is not known to keystonemiddleware
Mar 10 23:00:57 standalone proxy-server[124536]: STDERR: The option "bind_ip" is not known to keystonemiddleware
Mar 10 23:00:57 standalone proxy-server[124536]: STDERR: The option "log_name" is not known to keystonemiddleware
Mar 10 23:00:57 standalone proxy-server[124536]: STDERR: The option "log_facility" is not known to keystonemiddleware
Mar 10 23:00:57 standalone proxy-server[124536]: STDERR: The option "log_level" is not known to keystonemiddleware
Mar 10 23:00:57 standalone proxy-server[124536]: STDERR: The option "log_headers" is not known to keystonemiddleware
Mar 10 23:00:57 standalone proxy-server[124536]: STDERR: The option "log_address" is not known to keystonemiddleware
Mar 10 23:00:57 standalone proxy-server[124536]: STDERR: The option "project_name" is not known to keystonemiddleware
Mar 10 23:00:57 standalone proxy-server[124536]: STDERR: The option "username" is not known to keystonemiddleware
Mar 10 23:00:57 standalone proxy-server[124536]: STDERR: The option "password" is not known to keystonemiddleware
Mar 10 23:00:57 standalone proxy-server[124536]: STDERR: The option "auth_url" is not known to keystonemiddleware
Mar 10 23:00:57 standalone proxy-server[124536]: STDERR: The option "signing_dir" is not known to keystonemiddleware
Mar 10 23:00:57 standalone proxy-server[124536]: STDERR: The option "project_domain_id" is not known to keystonemiddleware
Mar 10 23:00:57 standalone proxy-server[124536]: STDERR: The option "user_domain_id" is not known to keystonemiddleware
Mar 10 23:00:57 standalone proxy-server[124536]: STDERR: The option "__name__" is not known to keystonemiddleware
Mar 10 23:00:57 standalone proxy-server[124536]: AuthToken middleware is set with keystone_authtoken.service_token_roles_required set to False. This is backwards compatible but deprecated behaviour. Please set this to True.
Mar 10 23:00:57 standalone proxy-server[124330]: Started child 21 from parent 2
Mar 10 23:01:52 standalone object-server[122511]: Begin object update sweep
Mar 10 23:01:52 standalone object-server[130890]: Object update sweep starting on /srv/node/d1 (pid: 11)
Mar 10 23:01:52 standalone object-server[130890]: Object update sweep completed on /srv/node/d1 in 0.00s seconds:, 0 successes, 0 failures, 0 quarantines, 0 unlinks, 0 errors, 0 redirects (pid: 11)
Mar 10 23:01:52 standalone object-server[130890]: Object update sweep of d1 completed: 0.00s, 0 successes, 0 failures, 0 quarantines, 0 unlinks, 0 errors, 0 redirects
Mar 10 23:01:52 standalone object-server[122511]: Object update sweep completed: 0.08s
Mar 10 23:02:18 standalone container-server[122210]: Begin container update sweep
Mar 10 23:02:18 standalone container-server[122210]: Container update sweep completed: 0.00s
Mar 10 23:04:21 standalone account-server[122239]: 172.20.0.100 - - [10/Mar/2026:23:04:21 +0000] "HEAD /d1/417/.expiring_objects" 404 - "HEAD http://localhost/v1/.expiring_objects?format=json" "txa299c23e26ec4f6ca296b-0069b0a375" "proxy-server 2" 0.0013 "-" 17 -
Mar 10 23:04:21 standalone object-expirer[122314]: Pass completed in 0s; 0 objects expired (txn: txa299c23e26ec4f6ca296b-0069b0a375)
Mar 10 23:06:52 standalone object-server[122511]: Begin object update sweep
Mar 10 23:06:52 standalone object-server[166074]: Object update sweep starting on /srv/node/d1 (pid: 13)
Mar 10 23:06:52 standalone object-server[166074]: Object update sweep completed on /srv/node/d1 in 0.00s seconds:, 0 successes, 0 failures, 0 quarantines, 0 unlinks, 0 errors, 0 redirects (pid: 13)
Mar 10 23:06:52 standalone object-server[166074]: Object update sweep of d1 completed: 0.00s, 0 successes, 0 failures, 0 quarantines, 0 unlinks, 0 errors, 0 redirects
Mar 10 23:06:52 standalone object-server[122511]: Object update sweep completed: 0.09s
Mar 10 23:06:53 standalone account-server[122239]: 172.20.0.100 - - [10/Mar/2026:23:06:53 +0000] "HEAD /d1/417/.expiring_objects" 404 - "HEAD http://localhost/v1/.expiring_objects?format=json" "txa87da32f136446ae9940b-0069b0a40d" "proxy-server 2" 0.0006 "-" 17 -
Mar 10 23:06:53 standalone object-expirer[122314]: Pass completed in 0s; 0 objects expired (txn: txa87da32f136446ae9940b-0069b0a40d)
Mar 10 23:07:12 standalone account-server[122302]: 172.20.0.100 - - [10/Mar/2026:23:07:12 +0000] "HEAD /d1/609/AUTH_a58440e7bedc4755b0a01169452bed14" 404 - "HEAD http://localhost:8080/v1/AUTH_a58440e7bedc4755b0a01169452bed14?format=json" "tx14de8cd9b20d41208c36e-0069b0a420" "proxy-server 21" 0.0016 "-" 20 -
Mar 10 23:07:12 standalone proxy-server[124536]: - - 10/Mar/2026/23/07/12 HEAD /v1/AUTH_a58440e7bedc4755b0a01169452bed14%3Fformat%3Djson HTTP/1.0 200 - Swift - - - - tx14de8cd9b20d41208c36e-0069b0a420 - 0.0087 RL - 1773184032.761780024 1773184032.770528793 -
Mar 10 23:07:13 standalone proxy-server[124536]: 172.18.0.2 ::1 10/Mar/2026/23/07/13 HEAD /v1/AUTH_a58440e7bedc4755b0a01169452bed14/glance%3Fformat%3Djson HTTP/1.0 404 - python-swiftclient-3.11.1 gAAAAABpsKQgnwFe... - - - tx14de8cd9b20d41208c36e-0069b0a420 - 0.4688 - - 1773184032.754328728 1773184033.223168612 -
Mar 10 23:07:13 standalone account-server[122298]: 172.20.0.100 - - [10/Mar/2026:23:07:13 +0000] "PUT /d1/609/AUTH_a58440e7bedc4755b0a01169452bed14" 201 - "-" "tx65fc5fbc3e7d43a99bf81-0069b0a421" "-" 0.0196 "-" 19 -
Mar 10 23:07:13 standalone proxy-server[124536]: autocreate account '/AUTH_a58440e7bedc4755b0a01169452bed14' (txn: tx65fc5fbc3e7d43a99bf81-0069b0a421)
Mar 10 23:07:13 standalone account-server[122239]: 172.20.0.100 - - [10/Mar/2026:23:07:13 +0000] "HEAD /d1/609/AUTH_a58440e7bedc4755b0a01169452bed14" 204 - "HEAD http://localhost:8080/v1/AUTH_a58440e7bedc4755b0a01169452bed14?format=json" "tx65fc5fbc3e7d43a99bf81-0069b0a421" "proxy-server 21" 0.0018 "-" 17 -
Mar 10 23:07:13 standalone account-server[122298]: 172.20.0.100 - - [10/Mar/2026:23:07:13 +0000] "PUT /d1/609/AUTH_a58440e7bedc4755b0a01169452bed14/glance" 201 - "PUT http://172.20.0.100:6001/d1/939/AUTH_a58440e7bedc4755b0a01169452bed14/glance" "tx65fc5fbc3e7d43a99bf81-0069b0a421" "container-server 21" 0.0021 "-" 19 0
Mar 10 23:07:13 standalone container-server[122349]: 172.20.0.100 - - [10/Mar/2026:23:07:13 +0000] "PUT /d1/939/AUTH_a58440e7bedc4755b0a01169452bed14/glance" 201 - "PUT http://localhost:8080/v1/AUTH_a58440e7bedc4755b0a01169452bed14/glance" "tx65fc5fbc3e7d43a99bf81-0069b0a421" "proxy-server 21" 0.0221 "-" 21 0
Mar 10 23:07:13 standalone proxy-server[124536]: 172.18.0.2 ::1 10/Mar/2026/23/07/13 PUT /v1/AUTH_a58440e7bedc4755b0a01169452bed14/glance HTTP/1.0 201 - python-swiftclient-3.11.1 gAAAAABpsKQgnwFe... - - - tx65fc5fbc3e7d43a99bf81-0069b0a421 - 0.0610 - - 1773184033.230255842 1773184033.291213274 0
Mar 10 23:07:13 standalone container-server[122360]: 172.20.0.100 - - [10/Mar/2026:23:07:13 +0000] "HEAD /d1/939/AUTH_a58440e7bedc4755b0a01169452bed14/glance" 204 - "HEAD http://localhost:8080/v1/AUTH_a58440e7bedc4755b0a01169452bed14/glance?format=json&states=listing" "txdc60993e53c444e288dfd-0069b0a421" "proxy-server 21" 0.0023 "-" 23 0
Mar 10 23:07:13 standalone proxy-server[124536]: - - 10/Mar/2026/23/07/13 HEAD /v1/AUTH_a58440e7bedc4755b0a01169452bed14/glance%3Fformat%3Djson%26states%3Dlisting HTTP/1.0 204 - Swift - - - - txdc60993e53c444e288dfd-0069b0a421 - 0.0068 RL - 1773184033.300256968 1773184033.307094812 0
Mar 10 23:07:18 standalone container-server[122210]: Begin container update sweep
Mar 10 23:07:18 standalone account-server[122298]: 172.20.0.100 - - [10/Mar/2026:23:07:18 +0000] "PUT /d1/609/AUTH_a58440e7bedc4755b0a01169452bed14/glance" 201 - "-" "-" "container-updater 2" 0.0011 "-" 19 0
Mar 10 23:07:18 standalone container-server[122210]: Container update sweep completed: 0.26s
Mar 10 23:07:31 standalone container-server[122349]: 172.20.0.100 - - [10/Mar/2026:23:07:31 +0000] "PUT /d1/939/AUTH_a58440e7bedc4755b0a01169452bed14/glance/c9f22ddc-3d1c-42be-b992-63d270e8f347" 201 - "PUT http://localhost:8080/d1/168/AUTH_a58440e7bedc4755b0a01169452bed14/glance/c9f22ddc-3d1c-42be-b992-63d270e8f347" "txdc60993e53c444e288dfd-0069b0a421" "object-server 23" 0.0009 "-" 21 0
Mar 10 23:07:31 standalone object-server[122656]: 172.20.0.100 - - [10/Mar/2026:23:07:31 +0000] "PUT /d1/168/AUTH_a58440e7bedc4755b0a01169452bed14/glance/c9f22ddc-3d1c-42be-b992-63d270e8f347" 201 - "PUT http://localhost:8080/v1/AUTH_a58440e7bedc4755b0a01169452bed14/glance/c9f22ddc-3d1c-42be-b992-63d270e8f347" "txdc60993e53c444e288dfd-0069b0a421" "proxy-server 21" 18.3886 "-" 23 0
Mar 10 23:07:31 standalone proxy-server[124536]: 172.18.0.2 ::1 10/Mar/2026/23/07/31 PUT /v1/AUTH_a58440e7bedc4755b0a01169452bed14/glance/c9f22ddc-3d1c-42be-b992-63d270e8f347 HTTP/1.0 201 - python-swiftclient-3.11.1 gAAAAABpsKQgnwFe... 1481900032 - - txdc60993e53c444e288dfd-0069b0a421 - 18.4161 - - 1773184033.297883511 1773184051.713966131 0
Mar 10 23:11:12 standalone account-server[122239]: 172.20.0.100 - - [10/Mar/2026:23:11:12 +0000] "HEAD /d1/417/.expiring_objects" 404 - "HEAD http://localhost/v1/.expiring_objects?format=json" "tx77302289d31c4ca9b7b4c-0069b0a510" "proxy-server 2" 0.0010 "-" 17 -
Mar 10 23:11:12 standalone object-expirer[122314]: Pass completed in 0s; 0 objects expired (txn: tx77302289d31c4ca9b7b4c-0069b0a510)
Mar 10 23:11:52 standalone object-server[122511]: Begin object update sweep
Mar 10 23:11:52 standalone object-server[203486]: Object update sweep starting on /srv/node/d1 (pid: 14)
Mar 10 23:11:52 standalone object-server[203486]: Object update sweep completed on /srv/node/d1 in 0.00s seconds:, 0 successes, 0 failures, 0 quarantines, 0 unlinks, 0 errors, 0 redirects (pid: 14)
Mar 10 23:11:52 standalone object-server[203486]: Object update sweep of d1 completed: 0.00s, 0 successes, 0 failures, 0 quarantines, 0 unlinks, 0 errors, 0 redirects
Mar 10 23:11:52 standalone object-server[122511]: Object update sweep completed: 0.08s
Mar 10 23:12:18 standalone container-server[122210]: Begin container update sweep
Mar 10 23:12:18 standalone account-server[122298]: 172.20.0.100 - - [10/Mar/2026:23:12:18 +0000] "PUT /d1/609/AUTH_a58440e7bedc4755b0a01169452bed14/glance" 201 - "-" "-" "container-updater 2" 0.0010 "-" 19 0
Mar 10 23:12:18 standalone container-server[122210]: Container update sweep completed: 0.10s
Mar 10 23:12:33 standalone account-server[122298]: 172.20.0.100 - - [10/Mar/2026:23:12:33 +0000] "HEAD /d1/609/AUTH_a58440e7bedc4755b0a01169452bed14" 204 - "HEAD http://localhost:8080/v1/AUTH_a58440e7bedc4755b0a01169452bed14?format=json" "tx80c3a098d7b3409583104-0069b0a561" "proxy-server 21" 0.0089 "-" 19 -
Mar 10 23:12:33 standalone proxy-server[124536]: - - 10/Mar/2026/23/12/33 HEAD /v1/AUTH_a58440e7bedc4755b0a01169452bed14%3Fformat%3Djson HTTP/1.0 204 - Swift - - - - tx80c3a098d7b3409583104-0069b0a561 - 0.0137 RL - 1773184353.698476553 1773184353.712157488 -
Mar 10 23:12:33 standalone container-server[122360]: 172.20.0.100 - - [10/Mar/2026:23:12:33 +0000] "HEAD /d1/939/AUTH_a58440e7bedc4755b0a01169452bed14/glance" 204 - "HEAD http://localhost:8080/v1/AUTH_a58440e7bedc4755b0a01169452bed14/glance?format=json&states=listing" "tx80c3a098d7b3409583104-0069b0a561" "proxy-server 21" 0.0026 "-" 23 0
Mar 10 23:12:33 standalone proxy-server[124536]: 172.18.0.2 ::1 10/Mar/2026/23/12/33 HEAD /v1/AUTH_a58440e7bedc4755b0a01169452bed14/glance%3Fformat%3Djson%26states%3Dlisting HTTP/1.0 204 - python-swiftclient-3.11.1 gAAAAABpsKVhD-bE... - - - tx80c3a098d7b3409583104-0069b0a561 - 0.0962 - - 1773184353.697737932 1773184353.793951035 0
Mar 10 23:12:37 standalone container-server[122349]: 172.20.0.100 - - [10/Mar/2026:23:12:37 +0000] "PUT /d1/939/AUTH_a58440e7bedc4755b0a01169452bed14/glance/1ec0fa59-5091-465b-b320-35cf6f5caf26-00001" 201 - "PUT http://localhost:8080/d1/503/AUTH_a58440e7bedc4755b0a01169452bed14/glance/1ec0fa59-5091-465b-b320-35cf6f5caf26-00001" "txb0f763032bae48a5aa187-0069b0a561" "object-server 21" 0.0011 "-" 21 0
Mar 10 23:12:37 standalone object-server[122647]: 172.20.0.100 - - [10/Mar/2026:23:12:37 +0000] "PUT /d1/503/AUTH_a58440e7bedc4755b0a01169452bed14/glance/1ec0fa59-5091-465b-b320-35cf6f5caf26-00001" 201 - "PUT http://localhost:8080/v1/AUTH_a58440e7bedc4755b0a01169452bed14/glance/1ec0fa59-5091-465b-b320-35cf6f5caf26-00001" "txb0f763032bae48a5aa187-0069b0a561" "proxy-server 21" 3.7632 "-" 21 0
Mar 10 23:12:37 standalone proxy-server[124536]: 172.18.0.2 ::1 10/Mar/2026/23/12/37 PUT /v1/AUTH_a58440e7bedc4755b0a01169452bed14/glance/1ec0fa59-5091-465b-b320-35cf6f5caf26-00001 HTTP/1.0 201 - python-swiftclient-3.11.1 gAAAAABpsKVhD-bE... 21692416 - - txb0f763032bae48a5aa187-0069b0a561 - 3.7706 - - 1773184353.799696684 1773184357.570311069 0
Mar 10 23:12:37 standalone container-server[122358]: 172.20.0.100 - - [10/Mar/2026:23:12:37 +0000] "PUT /d1/939/AUTH_a58440e7bedc4755b0a01169452bed14/glance/1ec0fa59-5091-465b-b320-35cf6f5caf26" 201 - "PUT http://localhost:8080/d1/187/AUTH_a58440e7bedc4755b0a01169452bed14/glance/1ec0fa59-5091-465b-b320-35cf6f5caf26" "tx42aedb00a36246ab9d340-0069b0a565" "object-server 23" 0.0016 "-" 22 0
Mar 10 23:12:37 standalone object-server[122656]: 172.20.0.100 - - [10/Mar/2026:23:12:37 +0000] "PUT /d1/187/AUTH_a58440e7bedc4755b0a01169452bed14/glance/1ec0fa59-5091-465b-b320-35cf6f5caf26" 201 - "PUT http://localhost:8080/v1/AUTH_a58440e7bedc4755b0a01169452bed14/glance/1ec0fa59-5091-465b-b320-35cf6f5caf26" "tx42aedb00a36246ab9d340-0069b0a565" "proxy-server 21" 0.0118 "-" 23 0
Mar 10 23:12:37 standalone proxy-server[124536]: 172.18.0.2 ::1 10/Mar/2026/23/12/37 PUT /v1/AUTH_a58440e7bedc4755b0a01169452bed14/glance/1ec0fa59-5091-465b-b320-35cf6f5caf26 HTTP/1.0 201 - python-swiftclient-3.11.1 gAAAAABpsKVhD-bE... - - - tx42aedb00a36246ab9d340-0069b0a565 - 0.0206 - - 1773184357.578707457 1773184357.599265099 0
Mar 10 23:12:38 standalone container-server[122358]: 172.20.0.100 - - [10/Mar/2026:23:12:38 +0000] "HEAD /d1/484/AUTH_a58440e7bedc4755b0a01169452bed14/gnocchi.ed9589a5-9c9e-45f1-af56-b2c87a7c10b3" 404 - "HEAD http://localhost:8080/v1/AUTH_a58440e7bedc4755b0a01169452bed14/gnocchi.ed9589a5-9c9e-45f1-af56-b2c87a7c10b3?format=json&states=listing" "tx31897679a6994860a2e1b-0069b0a566" "proxy-server 21" 0.0012 "-" 22 0
Mar 10 23:12:38 standalone object-server[122645]: 172.20.0.100 - - [10/Mar/2026:23:12:38 +0000] "GET /d1/600/AUTH_a58440e7bedc4755b0a01169452bed14/gnocchi.ed9589a5-9c9e-45f1-af56-b2c87a7c10b3/none_v3" 404 70 "GET http://localhost:8080/v1/AUTH_a58440e7bedc4755b0a01169452bed14/gnocchi.ed9589a5-9c9e-45f1-af56-b2c87a7c10b3/none_v3" "tx31897679a6994860a2e1b-0069b0a566" "proxy-server 21" 0.0015 "-" 20 0
Mar 10 23:12:38 standalone proxy-server[124536]: 172.18.0.2 ::1 10/Mar/2026/23/12/38 GET /v1/AUTH_a58440e7bedc4755b0a01169452bed14/gnocchi.ed9589a5-9c9e-45f1-af56-b2c87a7c10b3/none_v3 HTTP/1.0 404 - python-swiftclient-3.11.1 gAAAAABpsKVm7GMK... - 70 - tx31897679a6994860a2e1b-0069b0a566 - 0.0638 - - 1773184358.926854134 1773184358.990646124 0
Mar 10 23:12:39 standalone account-server[122239]: 172.20.0.100 - - [10/Mar/2026:23:12:39 +0000] "PUT /d1/609/AUTH_a58440e7bedc4755b0a01169452bed14/gnocchi.ed9589a5-9c9e-45f1-af56-b2c87a7c10b3" 201 - "PUT http://172.20.0.100:6001/d1/484/AUTH_a58440e7bedc4755b0a01169452bed14/gnocchi.ed9589a5-9c9e-45f1-af56-b2c87a7c10b3" "tx4ba753ba058f426ea1a40-0069b0a566" "container-server 23" 0.0015 "-" 17 0
Mar 10 23:12:39 standalone container-server[122360]: 172.20.0.100 - - [10/Mar/2026:23:12:39 +0000] "PUT /d1/484/AUTH_a58440e7bedc4755b0a01169452bed14/gnocchi.ed9589a5-9c9e-45f1-af56-b2c87a7c10b3" 201 - "PUT http://localhost:8080/v1/AUTH_a58440e7bedc4755b0a01169452bed14/gnocchi.ed9589a5-9c9e-45f1-af56-b2c87a7c10b3" "tx4ba753ba058f426ea1a40-0069b0a566" "proxy-server 21" 0.0146 "-" 23 0
Mar 10 23:12:39 standalone proxy-server[124536]: 172.18.0.2 ::1 10/Mar/2026/23/12/39 PUT /v1/AUTH_a58440e7bedc4755b0a01169452bed14/gnocchi.ed9589a5-9c9e-45f1-af56-b2c87a7c10b3 HTTP/1.0 201 - python-swiftclient-3.11.1 gAAAAABpsKVm7GMK... - - - tx4ba753ba058f426ea1a40-0069b0a566 - 0.0254 - - 1773184358.995074034 1773184359.020445585 0
Mar 10 23:12:39 standalone container-server[122349]: 172.20.0.100 - - [10/Mar/2026:23:12:39 +0000] "HEAD /d1/484/AUTH_a58440e7bedc4755b0a01169452bed14/gnocchi.ed9589a5-9c9e-45f1-af56-b2c87a7c10b3" 204 - "HEAD http://localhost:8080/v1/AUTH_a58440e7bedc4755b0a01169452bed14/gnocchi.ed9589a5-9c9e-45f1-af56-b2c87a7c10b3?format=json&states=listing" "tx7d066b71e9b74a63a565b-0069b0a567" "proxy-server 21" 0.0017 "-" 21 0
Mar 10 23:12:39 standalone proxy-server[124536]: - - 10/Mar/2026/23/12/39 HEAD /v1/AUTH_a58440e7bedc4755b0a01169452bed14/gnocchi.ed9589a5-9c9e-45f1-af56-b2c87a7c10b3%3Fformat%3Djson%26states%3Dlisting HTTP/1.0 204 - Swift - - - - tx7d066b71e9b74a63a565b-0069b0a567 - 0.0056 RL - 1773184359.025876045 1773184359.031476259 0
Mar 10 23:12:39 standalone container-server[122360]: 172.20.0.100 - - [10/Mar/2026:23:12:39 +0000] "GET /d1/484/AUTH_a58440e7bedc4755b0a01169452bed14/gnocchi.ed9589a5-9c9e-45f1-af56-b2c87a7c10b3" 200 2 "GET http://localhost:8080/v1/AUTH_a58440e7bedc4755b0a01169452bed14/gnocchi.ed9589a5-9c9e-45f1-af56-b2c87a7c10b3?format=json&states=listing" "tx7d066b71e9b74a63a565b-0069b0a567" "proxy-server 21" 0.0052 "-" 23 0
Mar 10 23:12:39 standalone proxy-server[124536]: 172.18.0.2 ::1 10/Mar/2026/23/12/39 GET /v1/AUTH_a58440e7bedc4755b0a01169452bed14/gnocchi.ed9589a5-9c9e-45f1-af56-b2c87a7c10b3%3Fformat%3Djson%26states%3Dlisting HTTP/1.0 200 - python-swiftclient-3.11.1 gAAAAABpsKVm7GMK... - 2 - tx7d066b71e9b74a63a565b-0069b0a567 - 0.0233 - - 1773184359.024696350 1773184359.047980070 0
Mar 10 23:12:39 standalone object-server[122645]: 172.20.0.100 - - [10/Mar/2026:23:12:39 +0000] "GET /d1/847/AUTH_a58440e7bedc4755b0a01169452bed14/gnocchi.ed9589a5-9c9e-45f1-af56-b2c87a7c10b3/1772280000.0_mean_300.0_v3" 404 70 "GET http://localhost:8080/v1/AUTH_a58440e7bedc4755b0a01169452bed14/gnocchi.ed9589a5-9c9e-45f1-af56-b2c87a7c10b3/1772280000.0_mean_300.0_v3" "tx86ed05719184455a8f4ac-0069b0a567" "proxy-server 21" 0.0004 "-" 20 0
Mar 10 23:12:39 standalone proxy-server[124536]: 172.18.0.2 ::1 10/Mar/2026/23/12/39 GET /v1/AUTH_a58440e7bedc4755b0a01169452bed14/gnocchi.ed9589a5-9c9e-45f1-af56-b2c87a7c10b3/1772280000.0_mean_300.0_v3 HTTP/1.0 404 - python-swiftclient-3.11.1 gAAAAABpsKVm7GMK... - 70 - tx86ed05719184455a8f4ac-0069b0a567 - 0.0078 - - 1773184359.056123495 1773184359.063883781 0
Mar 10 23:12:39 standalone container-server[122335]: 172.20.0.100 - - [10/Mar/2026:23:12:39 +0000] "PUT /d1/484/AUTH_a58440e7bedc4755b0a01169452bed14/gnocchi.ed9589a5-9c9e-45f1-af56-b2c87a7c10b3/1772280000.0_mean_300.0_v3" 201 - "PUT http://localhost:8080/d1/847/AUTH_a58440e7bedc4755b0a01169452bed14/gnocchi.ed9589a5-9c9e-45f1-af56-b2c87a7c10b3/1772280000.0_mean_300.0_v3" "txc832d2edf1c3442fb5929-0069b0a567" "object-server 23" 0.0016 "-" 20 0
Mar 10 23:12:39 standalone object-server[122656]: 172.20.0.100 - - [10/Mar/2026:23:12:39 +0000] "PUT /d1/847/AUTH_a58440e7bedc4755b0a01169452bed14/gnocchi.ed9589a5-9c9e-45f1-af56-b2c87a7c10b3/1772280000.0_mean_300.0_v3" 201 - "PUT http://localhost:8080/v1/AUTH_a58440e7bedc4755b0a01169452bed14/gnocchi.ed9589a5-9c9e-45f1-af56-b2c87a7c10b3/1772280000.0_mean_300.0_v3" "txc832d2edf1c3442fb5929-0069b0a567" "proxy-server 21" 0.0102 "-" 23 0
Mar 10 23:12:39 standalone proxy-server[124536]: 172.18.0.2 ::1 10/Mar/2026/23/12/39 PUT /v1/AUTH_a58440e7bedc4755b0a01169452bed14/gnocchi.ed9589a5-9c9e-45f1-af56-b2c87a7c10b3/1772280000.0_mean_300.0_v3 HTTP/1.0 201 - python-swiftclient-3.11.1 gAAAAABpsKVm7GMK... 16 - - txc832d2edf1c3442fb5929-0069b0a567 - 0.0171 - - 1773184359.068968296 1773184359.086098433 0
Mar 10 23:12:39 standalone container-server[122358]: 172.20.0.100 - - [10/Mar/2026:23:12:39 +0000] "PUT /d1/484/AUTH_a58440e7bedc4755b0a01169452bed14/gnocchi.ed9589a5-9c9e-45f1-af56-b2c87a7c10b3/none_v3" 201 - "PUT http://localhost:8080/d1/600/AUTH_a58440e7bedc4755b0a01169452bed14/gnocchi.ed9589a5-9c9e-45f1-af56-b2c87a7c10b3/none_v3" "txf20b6d421ba74b64a0f63-0069b0a567" "object-server 20" 0.0004 "-" 22 0
Mar 10 23:12:39 standalone object-server[122645]: 172.20.0.100 - - [10/Mar/2026:23:12:39 +0000] "PUT /d1/600/AUTH_a58440e7bedc4755b0a01169452bed14/gnocchi.ed9589a5-9c9e-45f1-af56-b2c87a7c10b3/none_v3" 201 - "PUT http://localhost:8080/v1/AUTH_a58440e7bedc4755b0a01169452bed14/gnocchi.ed9589a5-9c9e-45f1-af56-b2c87a7c10b3/none_v3" "txf20b6d421ba74b64a0f63-0069b0a567" "proxy-server 21" 0.0312 "-" 20 0
Mar 10 23:12:39 standalone proxy-server[124536]: 172.18.0.2 ::1 10/Mar/2026/23/12/39 PUT /v1/AUTH_a58440e7bedc4755b0a01169452bed14/gnocchi.ed9589a5-9c9e-45f1-af56-b2c87a7c10b3/none_v3 HTTP/1.0 201 - python-swiftclient-3.11.1 gAAAAABpsKVm7GMK... 22 - - txf20b6d421ba74b64a0f63-0069b0a567 - 0.0381 - - 1773184359.090058327 1773184359.128184557 0
Mar 10 23:13:08 standalone object-server[122647]: 172.20.0.100 - - [10/Mar/2026:23:13:08 +0000] "GET /d1/600/AUTH_a58440e7bedc4755b0a01169452bed14/gnocchi.ed9589a5-9c9e-45f1-af56-b2c87a7c10b3/none_v3" 200 22 "GET http://localhost:8080/v1/AUTH_a58440e7bedc4755b0a01169452bed14/gnocchi.ed9589a5-9c9e-45f1-af56-b2c87a7c10b3/none_v3" "txa67f06429df148a1b52c4-0069b0a584" "proxy-server 21" 0.0024 "-" 21 0
Mar 10 23:13:08 standalone proxy-server[124536]: 172.18.0.2 ::1 10/Mar/2026/23/13/08 GET /v1/AUTH_a58440e7bedc4755b0a01169452bed14/gnocchi.ed9589a5-9c9e-45f1-af56-b2c87a7c10b3/none_v3 HTTP/1.0 200 - python-swiftclient-3.11.1 gAAAAABpsKVm7GMK... - 22 - txa67f06429df148a1b52c4-0069b0a584 - 0.0149 - - 1773184388.551829338 1773184388.566739559 0
Mar 10 23:13:08 standalone container-server[122349]: 172.20.0.100 - - [10/Mar/2026:23:13:08 +0000] "GET /d1/484/AUTH_a58440e7bedc4755b0a01169452bed14/gnocchi.ed9589a5-9c9e-45f1-af56-b2c87a7c10b3" 200 357 "GET http://localhost:8080/v1/AUTH_a58440e7bedc4755b0a01169452bed14/gnocchi.ed9589a5-9c9e-45f1-af56-b2c87a7c10b3?format=json&states=listing" "tx82bdbcca1fc04396aad68-0069b0a584" "proxy-server 21" 0.0163 "-" 21 0
Mar 10 23:13:08 standalone proxy-server[124536]: 172.18.0.2 ::1 10/Mar/2026/23/13/08 GET /v1/AUTH_a58440e7bedc4755b0a01169452bed14/gnocchi.ed9589a5-9c9e-45f1-af56-b2c87a7c10b3%3Fformat%3Djson%26states%3Dlisting HTTP/1.0 200 - python-swiftclient-3.11.1 gAAAAABpsKVm7GMK... - 357 - tx82bdbcca1fc04396aad68-0069b0a584 - 0.0257 - - 1773184388.572416544 1773184388.598119974 0
Mar 10 23:13:08 standalone container-server[122349]: 172.20.0.100 - - [10/Mar/2026:23:13:08 +0000] "GET /d1/484/AUTH_a58440e7bedc4755b0a01169452bed14/gnocchi.ed9589a5-9c9e-45f1-af56-b2c87a7c10b3" 200 2 "GET http://localhost:8080/v1/AUTH_a58440e7bedc4755b0a01169452bed14/gnocchi.ed9589a5-9c9e-45f1-af56-b2c87a7c10b3?format=json&marker=none_v3&states=listing" "tx588ed9f5c3964749847ba-0069b0a584" "proxy-server 21" 0.0020 "-" 21 0
Mar 10 23:13:08 standalone proxy-server[124536]: 172.18.0.2 ::1 10/Mar/2026/23/13/08 GET /v1/AUTH_a58440e7bedc4755b0a01169452bed14/gnocchi.ed9589a5-9c9e-45f1-af56-b2c87a7c10b3%3Fformat%3Djson%26marker%3Dnone_v3%26states%3Dlisting HTTP/1.0 200 - python-swiftclient-3.11.1 gAAAAABpsKVm7GMK... - 2 - tx588ed9f5c3964749847ba-0069b0a584 - 0.0097 - - 1773184388.602059364 1773184388.611788511 0
Mar 10 23:13:08 standalone object-server[122656]: 172.20.0.100 - - [10/Mar/2026:23:13:08 +0000] "GET /d1/847/AUTH_a58440e7bedc4755b0a01169452bed14/gnocchi.ed9589a5-9c9e-45f1-af56-b2c87a7c10b3/1772280000.0_mean_300.0_v3" 200 16 "GET http://localhost:8080/v1/AUTH_a58440e7bedc4755b0a01169452bed14/gnocchi.ed9589a5-9c9e-45f1-af56-b2c87a7c10b3/1772280000.0_mean_300.0_v3" "tx76eb0fc97e7048d183b9b-0069b0a584" "proxy-server 21" 0.0012 "-" 23 0
Mar 10 23:13:08 standalone proxy-server[124536]: 172.18.0.2 ::1 10/Mar/2026/23/13/08 GET /v1/AUTH_a58440e7bedc4755b0a01169452bed14/gnocchi.ed9589a5-9c9e-45f1-af56-b2c87a7c10b3/1772280000.0_mean_300.0_v3 HTTP/1.0 200 - python-swiftclient-3.11.1 gAAAAABpsKVm7GMK... - 16 - tx76eb0fc97e7048d183b9b-0069b0a584 - 0.0091 - - 1773184388.615847826 1773184388.624907255 0
Mar 10 23:13:08 standalone container-server[122349]: 172.20.0.100 - - [10/Mar/2026:23:13:08 +0000] "PUT /d1/484/AUTH_a58440e7bedc4755b0a01169452bed14/gnocchi.ed9589a5-9c9e-45f1-af56-b2c87a7c10b3/1772280000.0_mean_300.0_v3" 201 - "PUT http://localhost:8080/d1/847/AUTH_a58440e7bedc4755b0a01169452bed14/gnocchi.ed9589a5-9c9e-45f1-af56-b2c87a7c10b3/1772280000.0_mean_300.0_v3" "txc652c0f91a5b4888bd9c5-0069b0a584" "object-server 22" 0.0008 "-" 21 0
Mar 10 23:13:08 standalone object-server[122649]: 172.20.0.100 - - [10/Mar/2026:23:13:08 +0000] "PUT /d1/847/AUTH_a58440e7bedc4755b0a01169452bed14/gnocchi.ed9589a5-9c9e-45f1-af56-b2c87a7c10b3/1772280000.0_mean_300.0_v3" 201 - "PUT http://localhost:8080/v1/AUTH_a58440e7bedc4755b0a01169452bed14/gnocchi.ed9589a5-9c9e-45f1-af56-b2c87a7c10b3/1772280000.0_mean_300.0_v3" "txc652c0f91a5b4888bd9c5-0069b0a584" "proxy-server 21" 0.0341 "-" 22 0
Mar 10 23:13:08 standalone proxy-server[124536]: 172.18.0.2 ::1 10/Mar/2026/23/13/08 PUT /v1/AUTH_a58440e7bedc4755b0a01169452bed14/gnocchi.ed9589a5-9c9e-45f1-af56-b2c87a7c10b3/1772280000.0_mean_300.0_v3 HTTP/1.0 201 - python-swiftclient-3.11.1 gAAAAABpsKVm7GMK... 16 - - txc652c0f91a5b4888bd9c5-0069b0a584 - 0.0430 - - 1773184388.629538298 1773184388.672529936 0
Mar 10 23:13:08 standalone container-server[122335]: 172.20.0.100 - - [10/Mar/2026:23:13:08 +0000] "PUT /d1/484/AUTH_a58440e7bedc4755b0a01169452bed14/gnocchi.ed9589a5-9c9e-45f1-af56-b2c87a7c10b3/none_v3" 201 - "PUT http://localhost:8080/d1/600/AUTH_a58440e7bedc4755b0a01169452bed14/gnocchi.ed9589a5-9c9e-45f1-af56-b2c87a7c10b3/none_v3" "tx49b8fe759f7e4cfeb0cee-0069b0a584" "object-server 23" 0.0008 "-" 20 0
Mar 10 23:13:08 standalone object-server[122656]: 172.20.0.100 - - [10/Mar/2026:23:13:08 +0000] "PUT /d1/600/AUTH_a58440e7bedc4755b0a01169452bed14/gnocchi.ed9589a5-9c9e-45f1-af56-b2c87a7c10b3/none_v3" 201 - "PUT http://localhost:8080/v1/AUTH_a58440e7bedc4755b0a01169452bed14/gnocchi.ed9589a5-9c9e-45f1-af56-b2c87a7c10b3/none_v3" "tx49b8fe759f7e4cfeb0cee-0069b0a584" "proxy-server 21" 0.0128 "-" 23 0
Mar 10 23:13:08 standalone proxy-server[124536]: 172.18.0.2 ::1 10/Mar/2026/23/13/08 PUT /v1/AUTH_a58440e7bedc4755b0a01169452bed14/gnocchi.ed9589a5-9c9e-45f1-af56-b2c87a7c10b3/none_v3 HTTP/1.0 201 - python-swiftclient-3.11.1 gAAAAABpsKVm7GMK... 32 - - tx49b8fe759f7e4cfeb0cee-0069b0a584 - 0.0205 - - 1773184388.678970814 1773184388.699518204 0
Mar 10 23:13:40 standalone account-server[122277]: 172.20.0.100 - - [10/Mar/2026:23:13:40 +0000] "HEAD /d1/609/AUTH_a58440e7bedc4755b0a01169452bed14" 204 - "HEAD http://localhost:8080/v1/AUTH_a58440e7bedc4755b0a01169452bed14?format=json" "txb69c64a04c5c4b75a2b78-0069b0a5a4" "proxy-server 21" 0.0079 "-" 18 -
Mar 10 23:13:40 standalone proxy-server[124536]: - - 10/Mar/2026/23/13/40 HEAD /v1/AUTH_a58440e7bedc4755b0a01169452bed14%3Fformat%3Djson HTTP/1.0 204 - Swift - - - - txb69c64a04c5c4b75a2b78-0069b0a5a4 - 0.0149 RL - 1773184420.697178841 1773184420.712116718 -
Mar 10 23:13:40 standalone container-server[122335]: 172.20.0.100 - - [10/Mar/2026:23:13:40 +0000] "HEAD /d1/939/AUTH_a58440e7bedc4755b0a01169452bed14/glance" 204 - "HEAD http://localhost:8080/v1/AUTH_a58440e7bedc4755b0a01169452bed14/glance?format=json&states=listing" "txb69c64a04c5c4b75a2b78-0069b0a5a4" "proxy-server 21" 0.0129 "-" 20 0
Mar 10 23:13:40 standalone object-server[122656]: 172.20.0.100 - - [10/Mar/2026:23:13:40 +0000] "GET /d1/187/AUTH_a58440e7bedc4755b0a01169452bed14/glance/1ec0fa59-5091-465b-b320-35cf6f5caf26" 200 - "GET http://localhost:8080/v1/AUTH_a58440e7bedc4755b0a01169452bed14/glance/1ec0fa59-5091-465b-b320-35cf6f5caf26" "txb69c64a04c5c4b75a2b78-0069b0a5a4" "proxy-server 21" 0.0009 "-" 23 0
Mar 10 23:13:40 standalone container-server[122360]: 172.20.0.100 - - [10/Mar/2026:23:13:40 +0000] "GET /d1/939/AUTH_a58440e7bedc4755b0a01169452bed14/glance" 200 210 "GET http://localhost:8080/v1/AUTH_a58440e7bedc4755b0a01169452bed14/glance?prefix=1ec0fa59-5091-465b-b320-35cf6f5caf26-&format=json&states=listing" "txb69c64a04c5c4b75a2b78-0069b0a5a4" "proxy-server 21" 0.0038 "-" 23 0
Mar 10 23:13:40 standalone proxy-server[124536]: - - 10/Mar/2026/23/13/40 GET /v1/AUTH_a58440e7bedc4755b0a01169452bed14/glance%3Fprefix%3D1ec0fa59-5091-465b-b320-35cf6f5caf26-%26format%3Djson%26states%3Dlisting HTTP/1.0 200 - python-swiftclient-3.11.1%20DLO%20MultipartGET gAAAAABpsKWkwwri... - 210 - txb69c64a04c5c4b75a2b78-0069b0a5a4 - 0.0081 DLO - 1773184420.828989029 1773184420.837044239 0
Mar 10 23:13:40 standalone object-server[122649]: 172.20.0.100 - - [10/Mar/2026:23:13:40 +0000] "GET /d1/503/AUTH_a58440e7bedc4755b0a01169452bed14/glance/1ec0fa59-5091-465b-b320-35cf6f5caf26-00001" 200 21692416 "GET http://localhost:8080/v1/AUTH_a58440e7bedc4755b0a01169452bed14/glance/1ec0fa59-5091-465b-b320-35cf6f5caf26-00001?multipart-manifest=get" "txb69c64a04c5c4b75a2b78-0069b0a5a4" "proxy-server 21" 0.0008 "-" 22 0
Mar 10 23:13:40 standalone proxy-server[124536]: - - 10/Mar/2026/23/13/40 GET /v1/AUTH_a58440e7bedc4755b0a01169452bed14/glance/1ec0fa59-5091-465b-b320-35cf6f5caf26-00001%3Fmultipart-manifest%3Dget HTTP/1.0 200 - python-swiftclient-3.11.1%20%20DLO%20MultipartGET gAAAAABpsKWkwwri... - 21692416 - txb69c64a04c5c4b75a2b78-0069b0a5a4 - 0.1394 DLO - 1773184420.837780237 1773184420.977132797 0
Mar 10 23:13:40 standalone proxy-server[124536]: 172.18.0.2 ::1 10/Mar/2026/23/13/40 GET /v1/AUTH_a58440e7bedc4755b0a01169452bed14/glance/1ec0fa59-5091-465b-b320-35cf6f5caf26 HTTP/1.0 200 - python-swiftclient-3.11.1 gAAAAABpsKWkwwri... - 21692416 - txb69c64a04c5c4b75a2b78-0069b0a5a4 - 0.2817 - - 1773184420.695879936 1773184420.977616787 0
Mar 10 23:13:41 standalone container-server[122335]: 172.20.0.100 - - [10/Mar/2026:23:13:41 +0000] "HEAD /d1/438/AUTH_a58440e7bedc4755b0a01169452bed14/gnocchi.bb02cdab-11b6-4506-8f19-57687f9b5cd4" 404 - "HEAD http://localhost:8080/v1/AUTH_a58440e7bedc4755b0a01169452bed14/gnocchi.bb02cdab-11b6-4506-8f19-57687f9b5cd4?format=json&states=listing" "tx8948fee493c748778be94-0069b0a5a5" "proxy-server 21" 0.0005 "-" 20 0
Mar 10 23:13:41 standalone object-server[122645]: 172.20.0.100 - - [10/Mar/2026:23:13:41 +0000] "GET /d1/1014/AUTH_a58440e7bedc4755b0a01169452bed14/gnocchi.bb02cdab-11b6-4506-8f19-57687f9b5cd4/none_v3" 404 70 "GET http://localhost:8080/v1/AUTH_a58440e7bedc4755b0a01169452bed14/gnocchi.bb02cdab-11b6-4506-8f19-57687f9b5cd4/none_v3" "tx8948fee493c748778be94-0069b0a5a5" "proxy-server 21" 0.0005 "-" 20 0
Mar 10 23:13:41 standalone proxy-server[124536]: 172.18.0.2 ::1 10/Mar/2026/23/13/41 GET /v1/AUTH_a58440e7bedc4755b0a01169452bed14/gnocchi.bb02cdab-11b6-4506-8f19-57687f9b5cd4/none_v3 HTTP/1.0 404 - python-swiftclient-3.11.1 gAAAAABpsKVm7GMK... - 70 - tx8948fee493c748778be94-0069b0a5a5 - 0.0113 - - 1773184421.167662859 1773184421.179007053 0
Mar 10 23:13:41 standalone account-server[122302]: 172.20.0.100 - - [10/Mar/2026:23:13:41 +0000] "PUT /d1/609/AUTH_a58440e7bedc4755b0a01169452bed14/gnocchi.bb02cdab-11b6-4506-8f19-57687f9b5cd4" 201 - "PUT http://172.20.0.100:6001/d1/438/AUTH_a58440e7bedc4755b0a01169452bed14/gnocchi.bb02cdab-11b6-4506-8f19-57687f9b5cd4" "tx65473df3bd6942fcb2660-0069b0a5a5" "container-server 23" 0.0017 "-" 20 0
Mar 10 23:13:41 standalone container-server[122360]: 172.20.0.100 - - [10/Mar/2026:23:13:41 +0000] "PUT /d1/438/AUTH_a58440e7bedc4755b0a01169452bed14/gnocchi.bb02cdab-11b6-4506-8f19-57687f9b5cd4" 201 - "PUT http://localhost:8080/v1/AUTH_a58440e7bedc4755b0a01169452bed14/gnocchi.bb02cdab-11b6-4506-8f19-57687f9b5cd4" "tx65473df3bd6942fcb2660-0069b0a5a5" "proxy-server 21" 0.0117 "-" 23 0
Mar 10 23:13:41 standalone proxy-server[124536]: 172.18.0.2 ::1 10/Mar/2026/23/13/41 PUT /v1/AUTH_a58440e7bedc4755b0a01169452bed14/gnocchi.bb02cdab-11b6-4506-8f19-57687f9b5cd4 HTTP/1.0 201 - python-swiftclient-3.11.1 gAAAAABpsKVm7GMK... - - - tx65473df3bd6942fcb2660-0069b0a5a5 - 0.0186 - - 1773184421.182270765 1773184421.200904369 0
Mar 10 23:13:41 standalone container-server[122360]: 172.20.0.100 - - [10/Mar/2026:23:13:41 +0000] "HEAD /d1/438/AUTH_a58440e7bedc4755b0a01169452bed14/gnocchi.bb02cdab-11b6-4506-8f19-57687f9b5cd4" 204 - "HEAD http://localhost:8080/v1/AUTH_a58440e7bedc4755b0a01169452bed14/gnocchi.bb02cdab-11b6-4506-8f19-57687f9b5cd4?format=json&states=listing" "tx54c7293648ce4187bec64-0069b0a5a5" "proxy-server 21" 0.0011 "-" 23 0
Mar 10 23:13:41 standalone proxy-server[124536]: - - 10/Mar/2026/23/13/41 HEAD /v1/AUTH_a58440e7bedc4755b0a01169452bed14/gnocchi.bb02cdab-11b6-4506-8f19-57687f9b5cd4%3Fformat%3Djson%26states%3Dlisting HTTP/1.0 204 - Swift - - - - tx54c7293648ce4187bec64-0069b0a5a5 - 0.0037 RL - 1773184421.210903406 1773184421.214590788 0
Mar 10 23:13:41 standalone container-server[122335]: 172.20.0.100 - - [10/Mar/2026:23:13:41 +0000] "GET /d1/438/AUTH_a58440e7bedc4755b0a01169452bed14/gnocchi.bb02cdab-11b6-4506-8f19-57687f9b5cd4" 200 2 "GET http://localhost:8080/v1/AUTH_a58440e7bedc4755b0a01169452bed14/gnocchi.bb02cdab-11b6-4506-8f19-57687f9b5cd4?format=json&states=listing" "tx54c7293648ce4187bec64-0069b0a5a5" "proxy-server 21" 0.0020 "-" 20 0
Mar 10 23:13:41 standalone proxy-server[124536]: 172.18.0.2 ::1 10/Mar/2026/23/13/41 GET /v1/AUTH_a58440e7bedc4755b0a01169452bed14/gnocchi.bb02cdab-11b6-4506-8f19-57687f9b5cd4%3Fformat%3Djson%26states%3Dlisting HTTP/1.0 200 - python-swiftclient-3.11.1 gAAAAABpsKVm7GMK... - 2 - tx54c7293648ce4187bec64-0069b0a5a5 - 0.0166 - - 1773184421.208666801 1773184421.225236177 0
Mar 10 23:13:41 standalone object-server[122649]: 172.20.0.100 - - [10/Mar/2026:23:13:41 +0000] "GET /d1/95/AUTH_a58440e7bedc4755b0a01169452bed14/gnocchi.bb02cdab-11b6-4506-8f19-57687f9b5cd4/1772280000.0_mean_300.0_v3" 404 70 "GET http://localhost:8080/v1/AUTH_a58440e7bedc4755b0a01169452bed14/gnocchi.bb02cdab-11b6-4506-8f19-57687f9b5cd4/1772280000.0_mean_300.0_v3" "tx6a8b467694364862a0627-0069b0a5a5" "proxy-server 21" 0.0005 "-" 22 0
Mar 10 23:13:41 standalone proxy-server[124536]: 172.18.0.2 ::1 10/Mar/2026/23/13/41 GET /v1/AUTH_a58440e7bedc4755b0a01169452bed14/gnocchi.bb02cdab-11b6-4506-8f19-57687f9b5cd4/1772280000.0_mean_300.0_v3 HTTP/1.0 404 - python-swiftclient-3.11.1 gAAAAABpsKVm7GMK... - 70 - tx6a8b467694364862a0627-0069b0a5a5 - 0.0050 - - 1773184421.229907751 1773184421.234860659 0
Mar 10 23:13:41 standalone container-server[122335]: 172.20.0.100 - - [10/Mar/2026:23:13:41 +0000] "PUT /d1/438/AUTH_a58440e7bedc4755b0a01169452bed14/gnocchi.bb02cdab-11b6-4506-8f19-57687f9b5cd4/1772280000.0_mean_300.0_v3" 201 - "PUT http://localhost:8080/d1/95/AUTH_a58440e7bedc4755b0a01169452bed14/gnocchi.bb02cdab-11b6-4506-8f19-57687f9b5cd4/1772280000.0_mean_300.0_v3" "txb916ec8a4b374f42979c9-0069b0a5a5" "object-server 23" 0.0007 "-" 20 0
Mar 10 23:13:41 standalone object-server[122656]: 172.20.0.100 - - [10/Mar/2026:23:13:41 +0000] "PUT /d1/95/AUTH_a58440e7bedc4755b0a01169452bed14/gnocchi.bb02cdab-11b6-4506-8f19-57687f9b5cd4/1772280000.0_mean_300.0_v3" 201 - "PUT http://localhost:8080/v1/AUTH_a58440e7bedc4755b0a01169452bed14/gnocchi.bb02cdab-11b6-4506-8f19-57687f9b5cd4/1772280000.0_mean_300.0_v3" "txb916ec8a4b374f42979c9-0069b0a5a5" "proxy-server 21" 0.0258 "-" 23 0
Mar 10 23:13:41 standalone proxy-server[124536]: 172.18.0.2 ::1 10/Mar/2026/23/13/41 PUT /v1/AUTH_a58440e7bedc4755b0a01169452bed14/gnocchi.bb02cdab-11b6-4506-8f19-57687f9b5cd4/1772280000.0_mean_300.0_v3 HTTP/1.0 201 - python-swiftclient-3.11.1 gAAAAABpsKVm7GMK... 16 - - txb916ec8a4b374f42979c9-0069b0a5a5 - 0.0334 - - 1773184421.239666462 1773184421.273097277 0
Mar 10 23:13:41 standalone container-server[122358]: 172.20.0.100 - - [10/Mar/2026:23:13:41 +0000] "PUT /d1/438/AUTH_a58440e7bedc4755b0a01169452bed14/gnocchi.bb02cdab-11b6-4506-8f19-57687f9b5cd4/none_v3" 201 - "PUT http://localhost:8080/d1/1014/AUTH_a58440e7bedc4755b0a01169452bed14/gnocchi.bb02cdab-11b6-4506-8f19-57687f9b5cd4/none_v3" "tx4b4d56292ee34dc8b70ca-0069b0a5a5" "object-server 21" 0.0005 "-" 22 0
Mar 10 23:13:41 standalone object-server[122647]: 172.20.0.100 - - [10/Mar/2026:23:13:41 +0000] "PUT /d1/1014/AUTH_a58440e7bedc4755b0a01169452bed14/gnocchi.bb02cdab-11b6-4506-8f19-57687f9b5cd4/none_v3" 201 - "PUT http://localhost:8080/v1/AUTH_a58440e7bedc4755b0a01169452bed14/gnocchi.bb02cdab-11b6-4506-8f19-57687f9b5cd4/none_v3" "tx4b4d56292ee34dc8b70ca-0069b0a5a5" "proxy-server 21" 0.0301 "-" 21 0
Mar 10 23:13:41 standalone proxy-server[124536]: 172.18.0.2 ::1 10/Mar/2026/23/13/41 PUT /v1/AUTH_a58440e7bedc4755b0a01169452bed14/gnocchi.bb02cdab-11b6-4506-8f19-57687f9b5cd4/none_v3 HTTP/1.0 201 - python-swiftclient-3.11.1 gAAAAABpsKVm7GMK... 22 - - tx4b4d56292ee34dc8b70ca-0069b0a5a5 - 0.0373 - - 1773184421.276472807 1773184421.313818455 0
Mar 10 23:13:41 standalone container-server[122358]: 172.20.0.100 - - [10/Mar/2026:23:13:41 +0000] "HEAD /d1/1007/AUTH_a58440e7bedc4755b0a01169452bed14/gnocchi.de979778-56b5-4f31-a444-e1e73ac8925b" 404 - "HEAD http://localhost:8080/v1/AUTH_a58440e7bedc4755b0a01169452bed14/gnocchi.de979778-56b5-4f31-a444-e1e73ac8925b?format=json&states=listing" "tx75df88a209a7462fa77c4-0069b0a5a5" "proxy-server 21" 0.0005 "-" 22 0
Mar 10 23:13:41 standalone object-server[122649]: 172.20.0.100 - - [10/Mar/2026:23:13:41 +0000] "GET /d1/860/AUTH_a58440e7bedc4755b0a01169452bed14/gnocchi.de979778-56b5-4f31-a444-e1e73ac8925b/none_v3" 404 70 "GET http://localhost:8080/v1/AUTH_a58440e7bedc4755b0a01169452bed14/gnocchi.de979778-56b5-4f31-a444-e1e73ac8925b/none_v3" "tx75df88a209a7462fa77c4-0069b0a5a5" "proxy-server 21" 0.0003 "-" 22 0
Mar 10 23:13:41 standalone proxy-server[124536]: 172.18.0.2 ::1 10/Mar/2026/23/13/41 GET /v1/AUTH_a58440e7bedc4755b0a01169452bed14/gnocchi.de979778-56b5-4f31-a444-e1e73ac8925b/none_v3 HTTP/1.0 404 - python-swiftclient-3.11.1 gAAAAABpsKVm7GMK... - 70 - tx75df88a209a7462fa77c4-0069b0a5a5 - 0.0103 - - 1773184421.337017536 1773184421.347333431 0
Mar 10 23:13:41 standalone account-server[122239]: 172.20.0.100 - - [10/Mar/2026:23:13:41 +0000] "PUT /d1/609/AUTH_a58440e7bedc4755b0a01169452bed14/gnocchi.de979778-56b5-4f31-a444-e1e73ac8925b" 201 - "PUT http://172.20.0.100:6001/d1/1007/AUTH_a58440e7bedc4755b0a01169452bed14/gnocchi.de979778-56b5-4f31-a444-e1e73ac8925b" "txec31abca94d045608b7ad-0069b0a5a5" "container-server 23" 0.0116 "-" 17 0
Mar 10 23:13:41 standalone container-server[122360]: 172.20.0.100 - - [10/Mar/2026:23:13:41 +0000] "PUT /d1/1007/AUTH_a58440e7bedc4755b0a01169452bed14/gnocchi.de979778-56b5-4f31-a444-e1e73ac8925b" 201 - "PUT http://localhost:8080/v1/AUTH_a58440e7bedc4755b0a01169452bed14/gnocchi.de979778-56b5-4f31-a444-e1e73ac8925b" "txec31abca94d045608b7ad-0069b0a5a5" "proxy-server 21" 0.0332 "-" 23 0
Mar 10 23:13:41 standalone proxy-server[124536]: 172.18.0.2 ::1 10/Mar/2026/23/13/41 PUT /v1/AUTH_a58440e7bedc4755b0a01169452bed14/gnocchi.de979778-56b5-4f31-a444-e1e73ac8925b HTTP/1.0 201 - python-swiftclient-3.11.1 gAAAAABpsKVm7GMK... - - - txec31abca94d045608b7ad-0069b0a5a5 - 0.0383 - - 1773184421.353190660 1773184421.391470432 0
Mar 10 23:13:41 standalone container-server[122358]: 172.20.0.100 - - [10/Mar/2026:23:13:41 +0000] "HEAD /d1/1007/AUTH_a58440e7bedc4755b0a01169452bed14/gnocchi.de979778-56b5-4f31-a444-e1e73ac8925b" 204 - "HEAD http://localhost:8080/v1/AUTH_a58440e7bedc4755b0a01169452bed14/gnocchi.de979778-56b5-4f31-a444-e1e73ac8925b?format=json&states=listing" "tx448823a4bac34b5f8ff1c-0069b0a5a5" "proxy-server 21" 0.0022 "-" 22 0
Mar 10 23:13:41 standalone proxy-server[124536]: - - 10/Mar/2026/23/13/41 HEAD /v1/AUTH_a58440e7bedc4755b0a01169452bed14/gnocchi.de979778-56b5-4f31-a444-e1e73ac8925b%3Fformat%3Djson%26states%3Dlisting HTTP/1.0 204 - Swift - - - - tx448823a4bac34b5f8ff1c-0069b0a5a5 - 0.0052 RL - 1773184421.398974419 1773184421.404201746 0
Mar 10 23:13:41 standalone container-server[122360]: 172.20.0.100 - - [10/Mar/2026:23:13:41 +0000] "GET /d1/1007/AUTH_a58440e7bedc4755b0a01169452bed14/gnocchi.de979778-56b5-4f31-a444-e1e73ac8925b" 200 2 "GET http://localhost:8080/v1/AUTH_a58440e7bedc4755b0a01169452bed14/gnocchi.de979778-56b5-4f31-a444-e1e73ac8925b?format=json&states=listing" "tx448823a4bac34b5f8ff1c-0069b0a5a5" "proxy-server 21" 0.0020 "-" 23 0
Mar 10 23:13:41 standalone proxy-server[124536]: 172.18.0.2 ::1 10/Mar/2026/23/13/41 GET /v1/AUTH_a58440e7bedc4755b0a01169452bed14/gnocchi.de979778-56b5-4f31-a444-e1e73ac8925b%3Fformat%3Djson%26states%3Dlisting HTTP/1.0 200 - python-swiftclient-3.11.1 gAAAAABpsKVm7GMK... - 2 - tx448823a4bac34b5f8ff1c-0069b0a5a5 - 0.0133 - - 1773184421.398018599 1773184421.411280870 0
Mar 10 23:13:41 standalone object-server[122649]: 172.20.0.100 - - [10/Mar/2026:23:13:41 +0000] "GET /d1/905/AUTH_a58440e7bedc4755b0a01169452bed14/gnocchi.de979778-56b5-4f31-a444-e1e73ac8925b/1772280000.0_mean_300.0_v3" 404 70 "GET http://localhost:8080/v1/AUTH_a58440e7bedc4755b0a01169452bed14/gnocchi.de979778-56b5-4f31-a444-e1e73ac8925b/1772280000.0_mean_300.0_v3" "txd17350f08f2145a1bd29e-0069b0a5a5" "proxy-server 21" 0.0003 "-" 22 0
Mar 10 23:13:41 standalone proxy-server[124536]: 172.18.0.2 ::1 10/Mar/2026/23/13/41 GET /v1/AUTH_a58440e7bedc4755b0a01169452bed14/gnocchi.de979778-56b5-4f31-a444-e1e73ac8925b/1772280000.0_mean_300.0_v3 HTTP/1.0 404 - python-swiftclient-3.11.1 gAAAAABpsKVm7GMK... - 70 - txd17350f08f2145a1bd29e-0069b0a5a5 - 0.0049 - - 1773184421.415831327 1773184421.420776367 0
Mar 10 23:13:41 standalone container-server[122335]: 172.20.0.100 - - [10/Mar/2026:23:13:41 +0000] "PUT /d1/1007/AUTH_a58440e7bedc4755b0a01169452bed14/gnocchi.de979778-56b5-4f31-a444-e1e73ac8925b/1772280000.0_mean_300.0_v3" 201 - "PUT http://localhost:8080/d1/905/AUTH_a58440e7bedc4755b0a01169452bed14/gnocchi.de979778-56b5-4f31-a444-e1e73ac8925b/1772280000.0_mean_300.0_v3" "tx8989012a0b834b47966fa-0069b0a5a5" "object-server 22" 0.0005 "-" 20 0
Mar 10 23:13:41 standalone object-server[122649]: 172.20.0.100 - - [10/Mar/2026:23:13:41 +0000] "PUT /d1/905/AUTH_a58440e7bedc4755b0a01169452bed14/gnocchi.de979778-56b5-4f31-a444-e1e73ac8925b/1772280000.0_mean_300.0_v3" 201 - "PUT http://localhost:8080/v1/AUTH_a58440e7bedc4755b0a01169452bed14/gnocchi.de979778-56b5-4f31-a444-e1e73ac8925b/1772280000.0_mean_300.0_v3" "tx8989012a0b834b47966fa-0069b0a5a5" "proxy-server 21" 0.0173 "-" 22 0
Mar 10 23:13:41 standalone proxy-server[124536]: 172.18.0.2 ::1 10/Mar/2026/23/13/41 PUT /v1/AUTH_a58440e7bedc4755b0a01169452bed14/gnocchi.de979778-56b5-4f31-a444-e1e73ac8925b/1772280000.0_mean_300.0_v3 HTTP/1.0 201 - python-swiftclient-3.11.1 gAAAAABpsKVm7GMK... 16 - - tx8989012a0b834b47966fa-0069b0a5a5 - 0.0241 - - 1773184421.424009800 1773184421.448067188 0
Mar 10 23:13:41 standalone container-server[122335]: 172.20.0.100 - - [10/Mar/2026:23:13:41 +0000] "PUT /d1/1007/AUTH_a58440e7bedc4755b0a01169452bed14/gnocchi.de979778-56b5-4f31-a444-e1e73ac8925b/none_v3" 201 - "PUT http://localhost:8080/d1/860/AUTH_a58440e7bedc4755b0a01169452bed14/gnocchi.de979778-56b5-4f31-a444-e1e73ac8925b/none_v3" "tx3d0b31362d404b6bbdeee-0069b0a5a5" "object-server 22" 0.0005 "-" 20 0
Mar 10 23:13:41 standalone object-server[122649]: 172.20.0.100 - - [10/Mar/2026:23:13:41 +0000] "PUT /d1/860/AUTH_a58440e7bedc4755b0a01169452bed14/gnocchi.de979778-56b5-4f31-a444-e1e73ac8925b/none_v3" 201 - "PUT http://localhost:8080/v1/AUTH_a58440e7bedc4755b0a01169452bed14/gnocchi.de979778-56b5-4f31-a444-e1e73ac8925b/none_v3" "tx3d0b31362d404b6bbdeee-0069b0a5a5" "proxy-server 21" 0.0222 "-" 22 0
Mar 10 23:13:41 standalone proxy-server[124536]: 172.18.0.2 ::1 10/Mar/2026/23/13/41 PUT /v1/AUTH_a58440e7bedc4755b0a01169452bed14/gnocchi.de979778-56b5-4f31-a444-e1e73ac8925b/none_v3 HTTP/1.0 201 - python-swiftclient-3.11.1 gAAAAABpsKVm7GMK... 22 - - tx3d0b31362d404b6bbdeee-0069b0a5a5 - 0.0278 - - 1773184421.454130888 1773184421.481906176 0
Mar 10 23:13:45 standalone container-server[122349]: 172.20.0.100 - - [10/Mar/2026:23:13:45 +0000] "HEAD /d1/114/AUTH_a58440e7bedc4755b0a01169452bed14/gnocchi.9c819da8-1c0a-4fb8-9517-e2dfae99c812" 404 - "HEAD http://localhost:8080/v1/AUTH_a58440e7bedc4755b0a01169452bed14/gnocchi.9c819da8-1c0a-4fb8-9517-e2dfae99c812?format=json&states=listing" "tx0988566f93f54287af621-0069b0a5a9" "proxy-server 21" 0.0006 "-" 21 0
Mar 10 23:13:45 standalone object-server[122645]: 172.20.0.100 - - [10/Mar/2026:23:13:45 +0000] "GET /d1/490/AUTH_a58440e7bedc4755b0a01169452bed14/gnocchi.9c819da8-1c0a-4fb8-9517-e2dfae99c812/none_v3" 404 70 "GET http://localhost:8080/v1/AUTH_a58440e7bedc4755b0a01169452bed14/gnocchi.9c819da8-1c0a-4fb8-9517-e2dfae99c812/none_v3" "tx0988566f93f54287af621-0069b0a5a9" "proxy-server 21" 0.0012 "-" 20 0
Mar 10 23:13:45 standalone proxy-server[124536]: 172.18.0.2 ::1 10/Mar/2026/23/13/45 GET /v1/AUTH_a58440e7bedc4755b0a01169452bed14/gnocchi.9c819da8-1c0a-4fb8-9517-e2dfae99c812/none_v3 HTTP/1.0 404 - python-swiftclient-3.11.1 gAAAAABpsKVm7GMK... - 70 - tx0988566f93f54287af621-0069b0a5a9 - 0.0200 - - 1773184425.960583210 1773184425.980606318 0
Mar 10 23:13:46 standalone account-server[122302]: 172.20.0.100 - - [10/Mar/2026:23:13:46 +0000] "PUT /d1/609/AUTH_a58440e7bedc4755b0a01169452bed14/gnocchi.9c819da8-1c0a-4fb8-9517-e2dfae99c812" 201 - "PUT http://172.20.0.100:6001/d1/114/AUTH_a58440e7bedc4755b0a01169452bed14/gnocchi.9c819da8-1c0a-4fb8-9517-e2dfae99c812" "txbc1e165fed57496fab90b-0069b0a5a9" "container-server 20" 0.0059 "-" 20 0
Mar 10 23:13:46 standalone container-server[122335]: 172.20.0.100 - - [10/Mar/2026:23:13:46 +0000] "PUT /d1/114/AUTH_a58440e7bedc4755b0a01169452bed14/gnocchi.9c819da8-1c0a-4fb8-9517-e2dfae99c812" 201 - "PUT http://localhost:8080/v1/AUTH_a58440e7bedc4755b0a01169452bed14/gnocchi.9c819da8-1c0a-4fb8-9517-e2dfae99c812" "txbc1e165fed57496fab90b-0069b0a5a9" "proxy-server 21" 0.0234 "-" 20 0
Mar 10 23:13:46 standalone proxy-server[124536]: 172.18.0.2 ::1 10/Mar/2026/23/13/46 PUT /v1/AUTH_a58440e7bedc4755b0a01169452bed14/gnocchi.9c819da8-1c0a-4fb8-9517-e2dfae99c812 HTTP/1.0 201 - python-swiftclient-3.11.1 gAAAAABpsKVm7GMK... - - - txbc1e165fed57496fab90b-0069b0a5a9 - 0.0322 - - 1773184425.985663652 1773184426.017860889 0
Mar 10 23:13:46 standalone container-server[122349]: 172.20.0.100 - - [10/Mar/2026:23:13:46 +0000] "HEAD /d1/114/AUTH_a58440e7bedc4755b0a01169452bed14/gnocchi.9c819da8-1c0a-4fb8-9517-e2dfae99c812" 204 - "HEAD http://localhost:8080/v1/AUTH_a58440e7bedc4755b0a01169452bed14/gnocchi.9c819da8-1c0a-4fb8-9517-e2dfae99c812?format=json&states=listing" "tx44beabf3154e43d9aa762-0069b0a5aa" "proxy-server 21" 0.0011 "-" 21 0
Mar 10 23:13:46 standalone proxy-server[124536]: - - 10/Mar/2026/23/13/46 HEAD /v1/AUTH_a58440e7bedc4755b0a01169452bed14/gnocchi.9c819da8-1c0a-4fb8-9517-e2dfae99c812%3Fformat%3Djson%26states%3Dlisting HTTP/1.0 204 - Swift - - - - tx44beabf3154e43d9aa762-0069b0a5aa - 0.0052 RL - 1773184426.022552252 1773184426.027732372 0
