Nov 24 20:40:33 standalone proxy-server[124105]: 172.18.0.2 ::1 24/Nov/2025/20/40/33 GET /v1/AUTH_72bf37b676bd4e52b77caf5e47156c79/gnocchi.6dc119f9-a202-4001-930a-54638ef142fb/none_v3 HTTP/1.0 404 - python-swiftclient-3.11.1 gAAAAABpJMH6xQnf... - 70 - tx4c8139a1a7f74aa09694a-006924c2c1 - 0.0132 - - 1764016833.582995176 1764016833.596211672 0
Nov 24 20:40:33 standalone account-server[121967]: 172.20.0.100 - - [24/Nov/2025:20:40:33 +0000] "PUT /d1/421/AUTH_72bf37b676bd4e52b77caf5e47156c79/gnocchi.6dc119f9-a202-4001-930a-54638ef142fb" 201 - "PUT http://172.20.0.100:6001/d1/947/AUTH_72bf37b676bd4e52b77caf5e47156c79/gnocchi.6dc119f9-a202-4001-930a-54638ef142fb" "tx16f47483dbe348fea8f67-006924c2c1" "container-server 22" 0.0057 "-" 23 0
Nov 24 20:40:33 standalone container-server[122046]: 172.20.0.100 - - [24/Nov/2025:20:40:33 +0000] "PUT /d1/947/AUTH_72bf37b676bd4e52b77caf5e47156c79/gnocchi.6dc119f9-a202-4001-930a-54638ef142fb" 201 - "PUT http://localhost:8080/v1/AUTH_72bf37b676bd4e52b77caf5e47156c79/gnocchi.6dc119f9-a202-4001-930a-54638ef142fb" "tx16f47483dbe348fea8f67-006924c2c1" "proxy-server 21" 0.0213 "-" 22 0
Nov 24 20:40:33 standalone proxy-server[124105]: 172.18.0.2 ::1 24/Nov/2025/20/40/33 PUT /v1/AUTH_72bf37b676bd4e52b77caf5e47156c79/gnocchi.6dc119f9-a202-4001-930a-54638ef142fb HTTP/1.0 201 - python-swiftclient-3.11.1 gAAAAABpJMH6xQnf... - - - tx16f47483dbe348fea8f67-006924c2c1 - 0.0279 - - 1764016833.599654436 1764016833.627519846 0
Nov 24 20:40:33 standalone container-server[122043]: 172.20.0.100 - - [24/Nov/2025:20:40:33 +0000] "HEAD /d1/947/AUTH_72bf37b676bd4e52b77caf5e47156c79/gnocchi.6dc119f9-a202-4001-930a-54638ef142fb" 204 - "HEAD http://localhost:8080/v1/AUTH_72bf37b676bd4e52b77caf5e47156c79/gnocchi.6dc119f9-a202-4001-930a-54638ef142fb?format=json&states=listing" "tx5003330448b14860b9336-006924c2c1" "proxy-server 21" 0.0015 "-" 21 0
Nov 24 20:40:33 standalone proxy-server[124105]: - - 24/Nov/2025/20/40/33 HEAD /v1/AUTH_72bf37b676bd4e52b77caf5e47156c79/gnocchi.6dc119f9-a202-4001-930a-54638ef142fb%3Fformat%3Djson%26states%3Dlisting HTTP/1.0 204 - Swift - - - - tx5003330448b14860b9336-006924c2c1 - 0.0058 RL - 1764016833.632590055 1764016833.638408422 0
Nov 24 20:40:33 standalone container-server[122043]: 172.20.0.100 - - [24/Nov/2025:20:40:33 +0000] "GET /d1/947/AUTH_72bf37b676bd4e52b77caf5e47156c79/gnocchi.6dc119f9-a202-4001-930a-54638ef142fb" 200 2 "GET http://localhost:8080/v1/AUTH_72bf37b676bd4e52b77caf5e47156c79/gnocchi.6dc119f9-a202-4001-930a-54638ef142fb?format=json&states=listing" "tx5003330448b14860b9336-006924c2c1" "proxy-server 21" 0.0019 "-" 21 0
Nov 24 20:40:33 standalone proxy-server[124105]: 172.18.0.2 ::1 24/Nov/2025/20/40/33 GET /v1/AUTH_72bf37b676bd4e52b77caf5e47156c79/gnocchi.6dc119f9-a202-4001-930a-54638ef142fb%3Fformat%3Djson%26states%3Dlisting HTTP/1.0 200 - python-swiftclient-3.11.1 gAAAAABpJMH6xQnf... - 2 - tx5003330448b14860b9336-006924c2c1 - 0.0163 - - 1764016833.631199598 1764016833.647502899 0
Nov 24 20:40:33 standalone object-server[122224]: 172.20.0.100 - - [24/Nov/2025:20:40:33 +0000] "GET /d1/577/AUTH_72bf37b676bd4e52b77caf5e47156c79/gnocchi.6dc119f9-a202-4001-930a-54638ef142fb/1763640000.0_mean_300.0_v3" 404 70 "GET http://localhost:8080/v1/AUTH_72bf37b676bd4e52b77caf5e47156c79/gnocchi.6dc119f9-a202-4001-930a-54638ef142fb/1763640000.0_mean_300.0_v3" "txba4c2d4122524aaa86b67-006924c2c1" "proxy-server 21" 0.0005 "-" 19 0
Nov 24 20:40:33 standalone proxy-server[124105]: 172.18.0.2 ::1 24/Nov/2025/20/40/33 GET /v1/AUTH_72bf37b676bd4e52b77caf5e47156c79/gnocchi.6dc119f9-a202-4001-930a-54638ef142fb/1763640000.0_mean_300.0_v3 HTTP/1.0 404 - python-swiftclient-3.11.1 gAAAAABpJMH6xQnf... - 70 - txba4c2d4122524aaa86b67-006924c2c1 - 0.0073 - - 1764016833.650849104 1764016833.658170938 0
Nov 24 20:40:33 standalone container-server[122028]: 172.20.0.100 - - [24/Nov/2025:20:40:33 +0000] "PUT /d1/947/AUTH_72bf37b676bd4e52b77caf5e47156c79/gnocchi.6dc119f9-a202-4001-930a-54638ef142fb/1763640000.0_mean_300.0_v3" 201 - "PUT http://localhost:8080/d1/577/AUTH_72bf37b676bd4e52b77caf5e47156c79/gnocchi.6dc119f9-a202-4001-930a-54638ef142fb/1763640000.0_mean_300.0_v3" "txb15637a7d53040a6b369e-006924c2c1" "object-server 20" 0.0008 "-" 20 0
Nov 24 20:40:33 standalone object-server[122232]: 172.20.0.100 - - [24/Nov/2025:20:40:33 +0000] "PUT /d1/577/AUTH_72bf37b676bd4e52b77caf5e47156c79/gnocchi.6dc119f9-a202-4001-930a-54638ef142fb/1763640000.0_mean_300.0_v3" 201 - "PUT http://localhost:8080/v1/AUTH_72bf37b676bd4e52b77caf5e47156c79/gnocchi.6dc119f9-a202-4001-930a-54638ef142fb/1763640000.0_mean_300.0_v3" "txb15637a7d53040a6b369e-006924c2c1" "proxy-server 21" 0.0107 "-" 20 0
Nov 24 20:40:33 standalone proxy-server[124105]: 172.18.0.2 ::1 24/Nov/2025/20/40/33 PUT /v1/AUTH_72bf37b676bd4e52b77caf5e47156c79/gnocchi.6dc119f9-a202-4001-930a-54638ef142fb/1763640000.0_mean_300.0_v3 HTTP/1.0 201 - python-swiftclient-3.11.1 gAAAAABpJMH6xQnf... 16 - - txb15637a7d53040a6b369e-006924c2c1 - 0.0198 - - 1764016833.665338993 1764016833.685166836 0
Nov 24 20:40:33 standalone container-server[122049]: 172.20.0.100 - - [24/Nov/2025:20:40:33 +0000] "PUT /d1/947/AUTH_72bf37b676bd4e52b77caf5e47156c79/gnocchi.6dc119f9-a202-4001-930a-54638ef142fb/none_v3" 201 - "PUT http://localhost:8080/d1/522/AUTH_72bf37b676bd4e52b77caf5e47156c79/gnocchi.6dc119f9-a202-4001-930a-54638ef142fb/none_v3" "tx36d19b7f69c7441ca6a03-006924c2c1" "object-server 19" 0.0008 "-" 23 0
Nov 24 20:40:33 standalone object-server[122224]: 172.20.0.100 - - [24/Nov/2025:20:40:33 +0000] "PUT /d1/522/AUTH_72bf37b676bd4e52b77caf5e47156c79/gnocchi.6dc119f9-a202-4001-930a-54638ef142fb/none_v3" 201 - "PUT http://localhost:8080/v1/AUTH_72bf37b676bd4e52b77caf5e47156c79/gnocchi.6dc119f9-a202-4001-930a-54638ef142fb/none_v3" "tx36d19b7f69c7441ca6a03-006924c2c1" "proxy-server 21" 0.0123 "-" 19 0
Nov 24 20:40:33 standalone proxy-server[124105]: 172.18.0.2 ::1 24/Nov/2025/20/40/33 PUT /v1/AUTH_72bf37b676bd4e52b77caf5e47156c79/gnocchi.6dc119f9-a202-4001-930a-54638ef142fb/none_v3 HTTP/1.0 201 - python-swiftclient-3.11.1 gAAAAABpJMH6xQnf... 22 - - tx36d19b7f69c7441ca6a03-006924c2c1 - 0.0184 - - 1764016833.689100027 1764016833.707511902 0
Nov 24 20:40:33 standalone container-server[122028]: 172.20.0.100 - - [24/Nov/2025:20:40:33 +0000] "HEAD /d1/499/AUTH_72bf37b676bd4e52b77caf5e47156c79/gnocchi.cb1d1fd0-a42b-450c-b77f-f144846f6c90" 404 - "HEAD http://localhost:8080/v1/AUTH_72bf37b676bd4e52b77caf5e47156c79/gnocchi.cb1d1fd0-a42b-450c-b77f-f144846f6c90?format=json&states=listing" "txe147de506f7c47b8ab7f3-006924c2c1" "proxy-server 21" 0.0005 "-" 20 0
Nov 24 20:40:33 standalone object-server[122224]: 172.20.0.100 - - [24/Nov/2025:20:40:33 +0000] "GET /d1/828/AUTH_72bf37b676bd4e52b77caf5e47156c79/gnocchi.cb1d1fd0-a42b-450c-b77f-f144846f6c90/none_v3" 404 70 "GET http://localhost:8080/v1/AUTH_72bf37b676bd4e52b77caf5e47156c79/gnocchi.cb1d1fd0-a42b-450c-b77f-f144846f6c90/none_v3" "txe147de506f7c47b8ab7f3-006924c2c1" "proxy-server 21" 0.0005 "-" 19 0
Nov 24 20:40:33 standalone proxy-server[124105]: 172.18.0.2 ::1 24/Nov/2025/20/40/33 GET /v1/AUTH_72bf37b676bd4e52b77caf5e47156c79/gnocchi.cb1d1fd0-a42b-450c-b77f-f144846f6c90/none_v3 HTTP/1.0 404 - python-swiftclient-3.11.1 gAAAAABpJMH6xQnf... - 70 - txe147de506f7c47b8ab7f3-006924c2c1 - 0.0089 - - 1764016833.722660065 1764016833.731517076 0
Nov 24 20:40:33 standalone account-server[121917]: 172.20.0.100 - - [24/Nov/2025:20:40:33 +0000] "PUT /d1/421/AUTH_72bf37b676bd4e52b77caf5e47156c79/gnocchi.cb1d1fd0-a42b-450c-b77f-f144846f6c90" 201 - "PUT http://172.20.0.100:6001/d1/499/AUTH_72bf37b676bd4e52b77caf5e47156c79/gnocchi.cb1d1fd0-a42b-450c-b77f-f144846f6c90" "txaf45cab70d2c4110bbe19-006924c2c1" "container-server 23" 0.0059 "-" 20 0
Nov 24 20:40:33 standalone container-server[122049]: 172.20.0.100 - - [24/Nov/2025:20:40:33 +0000] "PUT /d1/499/AUTH_72bf37b676bd4e52b77caf5e47156c79/gnocchi.cb1d1fd0-a42b-450c-b77f-f144846f6c90" 201 - "PUT http://localhost:8080/v1/AUTH_72bf37b676bd4e52b77caf5e47156c79/gnocchi.cb1d1fd0-a42b-450c-b77f-f144846f6c90" "txaf45cab70d2c4110bbe19-006924c2c1" "proxy-server 21" 0.0192 "-" 23 0
Nov 24 20:40:33 standalone proxy-server[124105]: 172.18.0.2 ::1 24/Nov/2025/20/40/33 PUT /v1/AUTH_72bf37b676bd4e52b77caf5e47156c79/gnocchi.cb1d1fd0-a42b-450c-b77f-f144846f6c90 HTTP/1.0 201 - python-swiftclient-3.11.1 gAAAAABpJMH6xQnf... - - - txaf45cab70d2c4110bbe19-006924c2c1 - 0.0242 - - 1764016833.735220909 1764016833.759421349 0
Nov 24 20:40:33 standalone container-server[122028]: 172.20.0.100 - - [24/Nov/2025:20:40:33 +0000] "HEAD /d1/499/AUTH_72bf37b676bd4e52b77caf5e47156c79/gnocchi.cb1d1fd0-a42b-450c-b77f-f144846f6c90" 204 - "HEAD http://localhost:8080/v1/AUTH_72bf37b676bd4e52b77caf5e47156c79/gnocchi.cb1d1fd0-a42b-450c-b77f-f144846f6c90?format=json&states=listing" "txcf8f25f0b8244e9c9c8a0-006924c2c1" "proxy-server 21" 0.0021 "-" 20 0
Nov 24 20:40:33 standalone proxy-server[124105]: - - 24/Nov/2025/20/40/33 HEAD /v1/AUTH_72bf37b676bd4e52b77caf5e47156c79/gnocchi.cb1d1fd0-a42b-450c-b77f-f144846f6c90%3Fformat%3Djson%26states%3Dlisting HTTP/1.0 204 - Swift - - - - txcf8f25f0b8244e9c9c8a0-006924c2c1 - 0.0052 RL - 1764016833.765618324 1764016833.770785332 0
Nov 24 20:40:33 standalone container-server[122043]: 172.20.0.100 - - [24/Nov/2025:20:40:33 +0000] "GET /d1/499/AUTH_72bf37b676bd4e52b77caf5e47156c79/gnocchi.cb1d1fd0-a42b-450c-b77f-f144846f6c90" 200 2 "GET http://localhost:8080/v1/AUTH_72bf37b676bd4e52b77caf5e47156c79/gnocchi.cb1d1fd0-a42b-450c-b77f-f144846f6c90?format=json&states=listing" "txcf8f25f0b8244e9c9c8a0-006924c2c1" "proxy-server 21" 0.0024 "-" 21 0
Nov 24 20:40:33 standalone proxy-server[124105]: 172.18.0.2 ::1 24/Nov/2025/20/40/33 GET /v1/AUTH_72bf37b676bd4e52b77caf5e47156c79/gnocchi.cb1d1fd0-a42b-450c-b77f-f144846f6c90%3Fformat%3Djson%26states%3Dlisting HTTP/1.0 200 - python-swiftclient-3.11.1 gAAAAABpJMH6xQnf... - 2 - txcf8f25f0b8244e9c9c8a0-006924c2c1 - 0.0136 - - 1764016833.764636755 1764016833.778234005 0
Nov 24 20:40:33 standalone object-server[122261]: 172.20.0.100 - - [24/Nov/2025:20:40:33 +0000] "GET /d1/305/AUTH_72bf37b676bd4e52b77caf5e47156c79/gnocchi.cb1d1fd0-a42b-450c-b77f-f144846f6c90/1763640000.0_mean_300.0_v3" 404 70 "GET http://localhost:8080/v1/AUTH_72bf37b676bd4e52b77caf5e47156c79/gnocchi.cb1d1fd0-a42b-450c-b77f-f144846f6c90/1763640000.0_mean_300.0_v3" "tx0e829ca7bd0d4f4f8cfdd-006924c2c1" "proxy-server 21" 0.0003 "-" 24 0
Nov 24 20:40:33 standalone proxy-server[124105]: 172.18.0.2 ::1 24/Nov/2025/20/40/33 GET /v1/AUTH_72bf37b676bd4e52b77caf5e47156c79/gnocchi.cb1d1fd0-a42b-450c-b77f-f144846f6c90/1763640000.0_mean_300.0_v3 HTTP/1.0 404 - python-swiftclient-3.11.1 gAAAAABpJMH6xQnf... - 70 - tx0e829ca7bd0d4f4f8cfdd-006924c2c1 - 0.0055 - - 1764016833.783283949 1764016833.788775682 0
Nov 24 20:40:33 standalone container-server[122049]: 172.20.0.100 - - [24/Nov/2025:20:40:33 +0000] "PUT /d1/499/AUTH_72bf37b676bd4e52b77caf5e47156c79/gnocchi.cb1d1fd0-a42b-450c-b77f-f144846f6c90/1763640000.0_mean_300.0_v3" 201 - "PUT http://localhost:8080/d1/305/AUTH_72bf37b676bd4e52b77caf5e47156c79/gnocchi.cb1d1fd0-a42b-450c-b77f-f144846f6c90/1763640000.0_mean_300.0_v3" "txf58110177469459692488-006924c2c1" "object-server 19" 0.0009 "-" 23 0
Nov 24 20:40:33 standalone object-server[122224]: 172.20.0.100 - - [24/Nov/2025:20:40:33 +0000] "PUT /d1/305/AUTH_72bf37b676bd4e52b77caf5e47156c79/gnocchi.cb1d1fd0-a42b-450c-b77f-f144846f6c90/1763640000.0_mean_300.0_v3" 201 - "PUT http://localhost:8080/v1/AUTH_72bf37b676bd4e52b77caf5e47156c79/gnocchi.cb1d1fd0-a42b-450c-b77f-f144846f6c90/1763640000.0_mean_300.0_v3" "txf58110177469459692488-006924c2c1" "proxy-server 21" 0.0137 "-" 19 0
Nov 24 20:40:33 standalone proxy-server[124105]: 172.18.0.2 ::1 24/Nov/2025/20/40/33 PUT /v1/AUTH_72bf37b676bd4e52b77caf5e47156c79/gnocchi.cb1d1fd0-a42b-450c-b77f-f144846f6c90/1763640000.0_mean_300.0_v3 HTTP/1.0 201 - python-swiftclient-3.11.1 gAAAAABpJMH6xQnf... 16 - - txf58110177469459692488-006924c2c1 - 0.0235 - - 1764016833.793730497 1764016833.817254066 0
Nov 24 20:40:33 standalone container-server[122028]: 172.20.0.100 - - [24/Nov/2025:20:40:33 +0000] "PUT /d1/499/AUTH_72bf37b676bd4e52b77caf5e47156c79/gnocchi.cb1d1fd0-a42b-450c-b77f-f144846f6c90/none_v3" 201 - "PUT http://localhost:8080/d1/828/AUTH_72bf37b676bd4e52b77caf5e47156c79/gnocchi.cb1d1fd0-a42b-450c-b77f-f144846f6c90/none_v3" "tx99322ac19a5b421cb8339-006924c2c1" "object-server 24" 0.0012 "-" 20 0
Nov 24 20:40:33 standalone object-server[122261]: 172.20.0.100 - - [24/Nov/2025:20:40:33 +0000] "PUT /d1/828/AUTH_72bf37b676bd4e52b77caf5e47156c79/gnocchi.cb1d1fd0-a42b-450c-b77f-f144846f6c90/none_v3" 201 - "PUT http://localhost:8080/v1/AUTH_72bf37b676bd4e52b77caf5e47156c79/gnocchi.cb1d1fd0-a42b-450c-b77f-f144846f6c90/none_v3" "tx99322ac19a5b421cb8339-006924c2c1" "proxy-server 21" 0.0176 "-" 24 0
Nov 24 20:40:33 standalone proxy-server[124105]: 172.18.0.2 ::1 24/Nov/2025/20/40/33 PUT /v1/AUTH_72bf37b676bd4e52b77caf5e47156c79/gnocchi.cb1d1fd0-a42b-450c-b77f-f144846f6c90/none_v3 HTTP/1.0 201 - python-swiftclient-3.11.1 gAAAAABpJMH6xQnf... 22 - - tx99322ac19a5b421cb8339-006924c2c1 - 0.0267 - - 1764016833.822471619 1764016833.849211693 0
Nov 24 20:40:33 standalone container-server[122028]: 172.20.0.100 - - [24/Nov/2025:20:40:33 +0000] "HEAD /d1/705/AUTH_72bf37b676bd4e52b77caf5e47156c79/gnocchi.45fa05fa-8b5e-4ae1-8e04-3fe2b4661f73" 404 - "HEAD http://localhost:8080/v1/AUTH_72bf37b676bd4e52b77caf5e47156c79/gnocchi.45fa05fa-8b5e-4ae1-8e04-3fe2b4661f73?format=json&states=listing" "txdaa7c8a651ab4adbb3d4a-006924c2c1" "proxy-server 21" 0.0005 "-" 20 0
Nov 24 20:40:33 standalone object-server[122224]: 172.20.0.100 - - [24/Nov/2025:20:40:33 +0000] "GET /d1/577/AUTH_72bf37b676bd4e52b77caf5e47156c79/gnocchi.45fa05fa-8b5e-4ae1-8e04-3fe2b4661f73/none_v3" 404 70 "GET http://localhost:8080/v1/AUTH_72bf37b676bd4e52b77caf5e47156c79/gnocchi.45fa05fa-8b5e-4ae1-8e04-3fe2b4661f73/none_v3" "txdaa7c8a651ab4adbb3d4a-006924c2c1" "proxy-server 21" 0.0005 "-" 19 0
Nov 24 20:40:33 standalone proxy-server[124105]: 172.18.0.2 ::1 24/Nov/2025/20/40/33 GET /v1/AUTH_72bf37b676bd4e52b77caf5e47156c79/gnocchi.45fa05fa-8b5e-4ae1-8e04-3fe2b4661f73/none_v3 HTTP/1.0 404 - python-swiftclient-3.11.1 gAAAAABpJMH6xQnf... - 70 - txdaa7c8a651ab4adbb3d4a-006924c2c1 - 0.0140 - - 1764016833.866494179 1764016833.880487204 0
Nov 24 20:40:33 standalone account-server[121960]: 172.20.0.100 - - [24/Nov/2025:20:40:33 +0000] "PUT /d1/421/AUTH_72bf37b676bd4e52b77caf5e47156c79/gnocchi.45fa05fa-8b5e-4ae1-8e04-3fe2b4661f73" 201 - "PUT http://172.20.0.100:6001/d1/705/AUTH_72bf37b676bd4e52b77caf5e47156c79/gnocchi.45fa05fa-8b5e-4ae1-8e04-3fe2b4661f73" "txf01bb32a8e71419b86183-006924c2c1" "container-server 22" 0.0051 "-" 22 0
Nov 24 20:40:33 standalone container-server[122046]: 172.20.0.100 - - [24/Nov/2025:20:40:33 +0000] "PUT /d1/705/AUTH_72bf37b676bd4e52b77caf5e47156c79/gnocchi.45fa05fa-8b5e-4ae1-8e04-3fe2b4661f73" 201 - "PUT http://localhost:8080/v1/AUTH_72bf37b676bd4e52b77caf5e47156c79/gnocchi.45fa05fa-8b5e-4ae1-8e04-3fe2b4661f73" "txf01bb32a8e71419b86183-006924c2c1" "proxy-server 21" 0.0187 "-" 22 0
Nov 24 20:40:33 standalone proxy-server[124105]: 172.18.0.2 ::1 24/Nov/2025/20/40/33 PUT /v1/AUTH_72bf37b676bd4e52b77caf5e47156c79/gnocchi.45fa05fa-8b5e-4ae1-8e04-3fe2b4661f73 HTTP/1.0 201 - python-swiftclient-3.11.1 gAAAAABpJMH6xQnf... - - - txf01bb32a8e71419b86183-006924c2c1 - 0.0264 - - 1764016833.885367870 1764016833.911739588 0
Nov 24 20:40:33 standalone container-server[122049]: 172.20.0.100 - - [24/Nov/2025:20:40:33 +0000] "HEAD /d1/705/AUTH_72bf37b676bd4e52b77caf5e47156c79/gnocchi.45fa05fa-8b5e-4ae1-8e04-3fe2b4661f73" 204 - "HEAD http://localhost:8080/v1/AUTH_72bf37b676bd4e52b77caf5e47156c79/gnocchi.45fa05fa-8b5e-4ae1-8e04-3fe2b4661f73?format=json&states=listing" "tx4a97e03243a84d6598c7a-006924c2c1" "proxy-server 21" 0.0023 "-" 23 0
Nov 24 20:40:33 standalone proxy-server[124105]: - - 24/Nov/2025/20/40/33 HEAD /v1/AUTH_72bf37b676bd4e52b77caf5e47156c79/gnocchi.45fa05fa-8b5e-4ae1-8e04-3fe2b4661f73%3Fformat%3Djson%26states%3Dlisting HTTP/1.0 204 - Swift - - - - tx4a97e03243a84d6598c7a-006924c2c1 - 0.0083 RL - 1764016833.920152426 1764016833.928412676 0
Nov 24 20:40:33 standalone container-server[122043]: 172.20.0.100 - - [24/Nov/2025:20:40:33 +0000] "GET /d1/705/AUTH_72bf37b676bd4e52b77caf5e47156c79/gnocchi.45fa05fa-8b5e-4ae1-8e04-3fe2b4661f73" 200 2 "GET http://localhost:8080/v1/AUTH_72bf37b676bd4e52b77caf5e47156c79/gnocchi.45fa05fa-8b5e-4ae1-8e04-3fe2b4661f73?format=json&states=listing" "tx4a97e03243a84d6598c7a-006924c2c1" "proxy-server 21" 0.0023 "-" 21 0
Nov 24 20:40:33 standalone proxy-server[124105]: 172.18.0.2 ::1 24/Nov/2025/20/40/33 GET /v1/AUTH_72bf37b676bd4e52b77caf5e47156c79/gnocchi.45fa05fa-8b5e-4ae1-8e04-3fe2b4661f73%3Fformat%3Djson%26states%3Dlisting HTTP/1.0 200 - python-swiftclient-3.11.1 gAAAAABpJMH6xQnf... - 2 - tx4a97e03243a84d6598c7a-006924c2c1 - 0.0214 - - 1764016833.917758703 1764016833.939117908 0
Nov 24 20:40:33 standalone object-server[122242]: 172.20.0.100 - - [24/Nov/2025:20:40:33 +0000] "GET /d1/202/AUTH_72bf37b676bd4e52b77caf5e47156c79/gnocchi.45fa05fa-8b5e-4ae1-8e04-3fe2b4661f73/1763640000.0_mean_300.0_v3" 404 70 "GET http://localhost:8080/v1/AUTH_72bf37b676bd4e52b77caf5e47156c79/gnocchi.45fa05fa-8b5e-4ae1-8e04-3fe2b4661f73/1763640000.0_mean_300.0_v3" "tx490eaf0a0129491598cb3-006924c2c1" "proxy-server 21" 0.0005 "-" 23 0
Nov 24 20:40:33 standalone proxy-server[124105]: 172.18.0.2 ::1 24/Nov/2025/20/40/33 GET /v1/AUTH_72bf37b676bd4e52b77caf5e47156c79/gnocchi.45fa05fa-8b5e-4ae1-8e04-3fe2b4661f73/1763640000.0_mean_300.0_v3 HTTP/1.0 404 - python-swiftclient-3.11.1 gAAAAABpJMH6xQnf... - 70 - tx490eaf0a0129491598cb3-006924c2c1 - 0.0114 - - 1764016833.945477486 1764016833.956832170 0
Nov 24 20:40:33 standalone container-server[122046]: 172.20.0.100 - - [24/Nov/2025:20:40:33 +0000] "PUT /d1/705/AUTH_72bf37b676bd4e52b77caf5e47156c79/gnocchi.45fa05fa-8b5e-4ae1-8e04-3fe2b4661f73/1763640000.0_mean_300.0_v3" 201 - "PUT http://localhost:8080/d1/202/AUTH_72bf37b676bd4e52b77caf5e47156c79/gnocchi.45fa05fa-8b5e-4ae1-8e04-3fe2b4661f73/1763640000.0_mean_300.0_v3" "tx82165670b80643949c0e9-006924c2c1" "object-server 24" 0.0010 "-" 22 0
Nov 24 20:40:33 standalone object-server[122261]: 172.20.0.100 - - [24/Nov/2025:20:40:33 +0000] "PUT /d1/202/AUTH_72bf37b676bd4e52b77caf5e47156c79/gnocchi.45fa05fa-8b5e-4ae1-8e04-3fe2b4661f73/1763640000.0_mean_300.0_v3" 201 - "PUT http://localhost:8080/v1/AUTH_72bf37b676bd4e52b77caf5e47156c79/gnocchi.45fa05fa-8b5e-4ae1-8e04-3fe2b4661f73/1763640000.0_mean_300.0_v3" "tx82165670b80643949c0e9-006924c2c1" "proxy-server 21" 0.0115 "-" 24 0
Nov 24 20:40:33 standalone proxy-server[124105]: 172.18.0.2 ::1 24/Nov/2025/20/40/33 PUT /v1/AUTH_72bf37b676bd4e52b77caf5e47156c79/gnocchi.45fa05fa-8b5e-4ae1-8e04-3fe2b4661f73/1763640000.0_mean_300.0_v3 HTTP/1.0 201 - python-swiftclient-3.11.1 gAAAAABpJMH6xQnf... 16 - - tx82165670b80643949c0e9-006924c2c1 - 0.0198 - - 1764016833.962291241 1764016833.982087135 0
Nov 24 20:40:34 standalone container-server[122043]: 172.20.0.100 - - [24/Nov/2025:20:40:34 +0000] "PUT /d1/705/AUTH_72bf37b676bd4e52b77caf5e47156c79/gnocchi.45fa05fa-8b5e-4ae1-8e04-3fe2b4661f73/none_v3" 201 - "PUT http://localhost:8080/d1/577/AUTH_72bf37b676bd4e52b77caf5e47156c79/gnocchi.45fa05fa-8b5e-4ae1-8e04-3fe2b4661f73/none_v3" "tx287cc584773f45ce87901-006924c2c1" "object-server 19" 0.0006 "-" 21 0
Nov 24 20:40:34 standalone object-server[122224]: 172.20.0.100 - - [24/Nov/2025:20:40:34 +0000] "PUT /d1/577/AUTH_72bf37b676bd4e52b77caf5e47156c79/gnocchi.45fa05fa-8b5e-4ae1-8e04-3fe2b4661f73/none_v3" 201 - "PUT http://localhost:8080/v1/AUTH_72bf37b676bd4e52b77caf5e47156c79/gnocchi.45fa05fa-8b5e-4ae1-8e04-3fe2b4661f73/none_v3" "tx287cc584773f45ce87901-006924c2c1" "proxy-server 21" 0.0112 "-" 19 0
Nov 24 20:40:34 standalone proxy-server[124105]: 172.18.0.2 ::1 24/Nov/2025/20/40/34 PUT /v1/AUTH_72bf37b676bd4e52b77caf5e47156c79/gnocchi.45fa05fa-8b5e-4ae1-8e04-3fe2b4661f73/none_v3 HTTP/1.0 201 - python-swiftclient-3.11.1 gAAAAABpJMH6xQnf... 22 - - tx287cc584773f45ce87901-006924c2c1 - 0.0197 - - 1764016833.987080097 1764016834.006825686 0
Nov 24 20:40:34 standalone container-server[122043]: 172.20.0.100 - - [24/Nov/2025:20:40:34 +0000] "HEAD /d1/547/AUTH_72bf37b676bd4e52b77caf5e47156c79/gnocchi.dab07ebd-dd3e-4113-8214-35179e2f665b" 404 - "HEAD http://localhost:8080/v1/AUTH_72bf37b676bd4e52b77caf5e47156c79/gnocchi.dab07ebd-dd3e-4113-8214-35179e2f665b?format=json&states=listing" "txba24ffcff4194ff3babb3-006924c2c2" "proxy-server 21" 0.0005 "-" 21 0
Nov 24 20:40:34 standalone object-server[122261]: 172.20.0.100 - - [24/Nov/2025:20:40:34 +0000] "GET /d1/1011/AUTH_72bf37b676bd4e52b77caf5e47156c79/gnocchi.dab07ebd-dd3e-4113-8214-35179e2f665b/none_v3" 404 70 "GET http://localhost:8080/v1/AUTH_72bf37b676bd4e52b77caf5e47156c79/gnocchi.dab07ebd-dd3e-4113-8214-35179e2f665b/none_v3" "txba24ffcff4194ff3babb3-006924c2c2" "proxy-server 21" 0.0007 "-" 24 0
Nov 24 20:40:34 standalone proxy-server[124105]: 172.18.0.2 ::1 24/Nov/2025/20/40/34 GET /v1/AUTH_72bf37b676bd4e52b77caf5e47156c79/gnocchi.dab07ebd-dd3e-4113-8214-35179e2f665b/none_v3 HTTP/1.0 404 - python-swiftclient-3.11.1 gAAAAABpJMH6xQnf... - 70 - txba24ffcff4194ff3babb3-006924c2c2 - 0.0153 - - 1764016834.028209209 1764016834.043550730 0
Nov 24 20:40:34 standalone account-server[121967]: 172.20.0.100 - - [24/Nov/2025:20:40:34 +0000] "PUT /d1/421/AUTH_72bf37b676bd4e52b77caf5e47156c79/gnocchi.dab07ebd-dd3e-4113-8214-35179e2f665b" 201 - "PUT http://172.20.0.100:6001/d1/547/AUTH_72bf37b676bd4e52b77caf5e47156c79/gnocchi.dab07ebd-dd3e-4113-8214-35179e2f665b" "tx4bab2322643c4d58a3c07-006924c2c2" "container-server 21" 0.0067 "-" 23 0
Nov 24 20:40:34 standalone container-server[122043]: 172.20.0.100 - - [24/Nov/2025:20:40:34 +0000] "PUT /d1/547/AUTH_72bf37b676bd4e52b77caf5e47156c79/gnocchi.dab07ebd-dd3e-4113-8214-35179e2f665b" 201 - "PUT http://localhost:8080/v1/AUTH_72bf37b676bd4e52b77caf5e47156c79/gnocchi.dab07ebd-dd3e-4113-8214-35179e2f665b" "tx4bab2322643c4d58a3c07-006924c2c2" "proxy-server 21" 0.0185 "-" 21 0
Nov 24 20:40:34 standalone proxy-server[124105]: 172.18.0.2 ::1 24/Nov/2025/20/40/34 PUT /v1/AUTH_72bf37b676bd4e52b77caf5e47156c79/gnocchi.dab07ebd-dd3e-4113-8214-35179e2f665b HTTP/1.0 201 - python-swiftclient-3.11.1 gAAAAABpJMH6xQnf... - - - tx4bab2322643c4d58a3c07-006924c2c2 - 0.0283 - - 1764016834.053553820 1764016834.081891775 0
Nov 24 20:40:34 standalone container-server[122049]: 172.20.0.100 - - [24/Nov/2025:20:40:34 +0000] "HEAD /d1/547/AUTH_72bf37b676bd4e52b77caf5e47156c79/gnocchi.dab07ebd-dd3e-4113-8214-35179e2f665b" 204 - "HEAD http://localhost:8080/v1/AUTH_72bf37b676bd4e52b77caf5e47156c79/gnocchi.dab07ebd-dd3e-4113-8214-35179e2f665b?format=json&states=listing" "txc0c1832aa0cf44ada0e0a-006924c2c2" "proxy-server 21" 0.0020 "-" 23 0
Nov 24 20:40:34 standalone proxy-server[124105]: - - 24/Nov/2025/20/40/34 HEAD /v1/AUTH_72bf37b676bd4e52b77caf5e47156c79/gnocchi.dab07ebd-dd3e-4113-8214-35179e2f665b%3Fformat%3Djson%26states%3Dlisting HTTP/1.0 204 - Swift - - - - txc0c1832aa0cf44ada0e0a-006924c2c2 - 0.0106 RL - 1764016834.091389894 1764016834.101997614 0
Nov 24 20:40:34 standalone container-server[122028]: 172.20.0.100 - - [24/Nov/2025:20:40:34 +0000] "GET /d1/547/AUTH_72bf37b676bd4e52b77caf5e47156c79/gnocchi.dab07ebd-dd3e-4113-8214-35179e2f665b" 200 2 "GET http://localhost:8080/v1/AUTH_72bf37b676bd4e52b77caf5e47156c79/gnocchi.dab07ebd-dd3e-4113-8214-35179e2f665b?format=json&states=listing" "txc0c1832aa0cf44ada0e0a-006924c2c2" "proxy-server 21" 0.0024 "-" 20 0
Nov 24 20:40:34 standalone proxy-server[124105]: 172.18.0.2 ::1 24/Nov/2025/20/40/34 GET /v1/AUTH_72bf37b676bd4e52b77caf5e47156c79/gnocchi.dab07ebd-dd3e-4113-8214-35179e2f665b%3Fformat%3Djson%26states%3Dlisting HTTP/1.0 200 - python-swiftclient-3.11.1 gAAAAABpJMH6xQnf... - 2 - txc0c1832aa0cf44ada0e0a-006924c2c2 - 0.0244 - - 1764016834.088554144 1764016834.112957239 0
Nov 24 20:40:34 standalone object-server[122224]: 172.20.0.100 - - [24/Nov/2025:20:40:34 +0000] "GET /d1/11/AUTH_72bf37b676bd4e52b77caf5e47156c79/gnocchi.dab07ebd-dd3e-4113-8214-35179e2f665b/1763640000.0_mean_300.0_v3" 404 70 "GET http://localhost:8080/v1/AUTH_72bf37b676bd4e52b77caf5e47156c79/gnocchi.dab07ebd-dd3e-4113-8214-35179e2f665b/1763640000.0_mean_300.0_v3" "txe1163f1ed1f247338f7be-006924c2c2" "proxy-server 21" 0.0004 "-" 19 0
Nov 24 20:40:34 standalone proxy-server[124105]: 172.18.0.2 ::1 24/Nov/2025/20/40/34 GET /v1/AUTH_72bf37b676bd4e52b77caf5e47156c79/gnocchi.dab07ebd-dd3e-4113-8214-35179e2f665b/1763640000.0_mean_300.0_v3 HTTP/1.0 404 - python-swiftclient-3.11.1 gAAAAABpJMH6xQnf... - 70 - txe1163f1ed1f247338f7be-006924c2c2 - 0.0086 - - 1764016834.119198799 1764016834.127780914 0
Nov 24 20:40:34 standalone container-server[122043]: 172.20.0.100 - - [24/Nov/2025:20:40:34 +0000] "PUT /d1/547/AUTH_72bf37b676bd4e52b77caf5e47156c79/gnocchi.dab07ebd-dd3e-4113-8214-35179e2f665b/1763640000.0_mean_300.0_v3" 201 - "PUT http://localhost:8080/d1/11/AUTH_72bf37b676bd4e52b77caf5e47156c79/gnocchi.dab07ebd-dd3e-4113-8214-35179e2f665b/1763640000.0_mean_300.0_v3" "tx2d15016c80354e429a199-006924c2c2" "object-server 20" 0.0007 "-" 21 0
Nov 24 20:40:34 standalone object-server[122232]: 172.20.0.100 - - [24/Nov/2025:20:40:34 +0000] "PUT /d1/11/AUTH_72bf37b676bd4e52b77caf5e47156c79/gnocchi.dab07ebd-dd3e-4113-8214-35179e2f665b/1763640000.0_mean_300.0_v3" 201 - "PUT http://localhost:8080/v1/AUTH_72bf37b676bd4e52b77caf5e47156c79/gnocchi.dab07ebd-dd3e-4113-8214-35179e2f665b/1763640000.0_mean_300.0_v3" "tx2d15016c80354e429a199-006924c2c2" "proxy-server 21" 0.0191 "-" 20 0
Nov 24 20:40:34 standalone proxy-server[124105]: 172.18.0.2 ::1 24/Nov/2025/20/40/34 PUT /v1/AUTH_72bf37b676bd4e52b77caf5e47156c79/gnocchi.dab07ebd-dd3e-4113-8214-35179e2f665b/1763640000.0_mean_300.0_v3 HTTP/1.0 201 - python-swiftclient-3.11.1 gAAAAABpJMH6xQnf... 16 - - tx2d15016c80354e429a199-006924c2c2 - 0.0319 - - 1764016834.132655382 1764016834.164565802 0
Nov 24 20:40:34 standalone container-server[122049]: 172.20.0.100 - - [24/Nov/2025:20:40:34 +0000] "PUT /d1/547/AUTH_72bf37b676bd4e52b77caf5e47156c79/gnocchi.dab07ebd-dd3e-4113-8214-35179e2f665b/none_v3" 201 - "PUT http://localhost:8080/d1/1011/AUTH_72bf37b676bd4e52b77caf5e47156c79/gnocchi.dab07ebd-dd3e-4113-8214-35179e2f665b/none_v3" "tx6c81058f1e104377b09e7-006924c2c2" "object-server 20" 0.0007 "-" 23 0
Nov 24 20:40:34 standalone object-server[122232]: 172.20.0.100 - - [24/Nov/2025:20:40:34 +0000] "PUT /d1/1011/AUTH_72bf37b676bd4e52b77caf5e47156c79/gnocchi.dab07ebd-dd3e-4113-8214-35179e2f665b/none_v3" 201 - "PUT http://localhost:8080/v1/AUTH_72bf37b676bd4e52b77caf5e47156c79/gnocchi.dab07ebd-dd3e-4113-8214-35179e2f665b/none_v3" "tx6c81058f1e104377b09e7-006924c2c2" "proxy-server 21" 0.0104 "-" 20 0
Nov 24 20:40:34 standalone proxy-server[124105]: 172.18.0.2 ::1 24/Nov/2025/20/40/34 PUT /v1/AUTH_72bf37b676bd4e52b77caf5e47156c79/gnocchi.dab07ebd-dd3e-4113-8214-35179e2f665b/none_v3 HTTP/1.0 201 - python-swiftclient-3.11.1 gAAAAABpJMH6xQnf... 22 - - tx6c81058f1e104377b09e7-006924c2c2 - 0.0214 - - 1764016834.171061754 1764016834.192422867 0
Nov 24 20:40:34 standalone container-server[122049]: 172.20.0.100 - - [24/Nov/2025:20:40:34 +0000] "HEAD /d1/103/AUTH_72bf37b676bd4e52b77caf5e47156c79/gnocchi.0791da53-b877-432a-8b59-3a61983a8385" 404 - "HEAD http://localhost:8080/v1/AUTH_72bf37b676bd4e52b77caf5e47156c79/gnocchi.0791da53-b877-432a-8b59-3a61983a8385?format=json&states=listing" "tx54ee4867f6944f8ebc164-006924c2c2" "proxy-server 21" 0.0006 "-" 23 0
Nov 24 20:40:34 standalone object-server[122261]: 172.20.0.100 - - [24/Nov/2025:20:40:34 +0000] "GET /d1/527/AUTH_72bf37b676bd4e52b77caf5e47156c79/gnocchi.0791da53-b877-432a-8b59-3a61983a8385/none_v3" 404 70 "GET http://localhost:8080/v1/AUTH_72bf37b676bd4e52b77caf5e47156c79/gnocchi.0791da53-b877-432a-8b59-3a61983a8385/none_v3" "tx54ee4867f6944f8ebc164-006924c2c2" "proxy-server 21" 0.0004 "-" 24 0
Nov 24 20:40:34 standalone proxy-server[124105]: 172.18.0.2 ::1 24/Nov/2025/20/40/34 GET /v1/AUTH_72bf37b676bd4e52b77caf5e47156c79/gnocchi.0791da53-b877-432a-8b59-3a61983a8385/none_v3 HTTP/1.0 404 - python-swiftclient-3.11.1 gAAAAABpJMH6xQnf... - 70 - tx54ee4867f6944f8ebc164-006924c2c2 - 0.0199 - - 1764016834.206744909 1764016834.226609707 0
Nov 24 20:40:34 standalone account-server[121967]: 172.20.0.100 - - [24/Nov/2025:20:40:34 +0000] "PUT /d1/421/AUTH_72bf37b676bd4e52b77caf5e47156c79/gnocchi.0791da53-b877-432a-8b59-3a61983a8385" 201 - "PUT http://172.20.0.100:6001/d1/103/AUTH_72bf37b676bd4e52b77caf5e47156c79/gnocchi.0791da53-b877-432a-8b59-3a61983a8385" "tx0d99336d5c1845438ff6b-006924c2c2" "container-server 23" 0.0134 "-" 23 0
Nov 24 20:40:34 standalone container-server[122049]: 172.20.0.100 - - [24/Nov/2025:20:40:34 +0000] "PUT /d1/103/AUTH_72bf37b676bd4e52b77caf5e47156c79/gnocchi.0791da53-b877-432a-8b59-3a61983a8385" 201 - "PUT http://localhost:8080/v1/AUTH_72bf37b676bd4e52b77caf5e47156c79/gnocchi.0791da53-b877-432a-8b59-3a61983a8385" "tx0d99336d5c1845438ff6b-006924c2c2" "proxy-server 21" 0.0283 "-" 23 0
Nov 24 20:40:34 standalone proxy-server[124105]: 172.18.0.2 ::1 24/Nov/2025/20/40/34 PUT /v1/AUTH_72bf37b676bd4e52b77caf5e47156c79/gnocchi.0791da53-b877-432a-8b59-3a61983a8385 HTTP/1.0 201 - python-swiftclient-3.11.1 gAAAAABpJMH6xQnf... - - - tx0d99336d5c1845438ff6b-006924c2c2 - 0.0371 - - 1764016834.237096548 1764016834.274196148 0
Nov 24 20:40:34 standalone container-server[122049]: 172.20.0.100 - - [24/Nov/2025:20:40:34 +0000] "HEAD /d1/103/AUTH_72bf37b676bd4e52b77caf5e47156c79/gnocchi.0791da53-b877-432a-8b59-3a61983a8385" 204 - "HEAD http://localhost:8080/v1/AUTH_72bf37b676bd4e52b77caf5e47156c79/gnocchi.0791da53-b877-432a-8b59-3a61983a8385?format=json&states=listing" "txe2a56ea407174a60be9e3-006924c2c2" "proxy-server 21" 0.0023 "-" 23 0
Nov 24 20:40:34 standalone proxy-server[124105]: - - 24/Nov/2025/20/40/34 HEAD /v1/AUTH_72bf37b676bd4e52b77caf5e47156c79/gnocchi.0791da53-b877-432a-8b59-3a61983a8385%3Fformat%3Djson%26states%3Dlisting HTTP/1.0 204 - Swift - - - - txe2a56ea407174a60be9e3-006924c2c2 - 0.0083 RL - 1764016834.284967422 1764016834.293240786 0
Nov 24 20:40:34 standalone container-server[122049]: 172.20.0.100 - - [24/Nov/2025:20:40:34 +0000] "GET /d1/103/AUTH_72bf37b676bd4e52b77caf5e47156c79/gnocchi.0791da53-b877-432a-8b59-3a61983a8385" 200 2 "GET http://localhost:8080/v1/AUTH_72bf37b676bd4e52b77caf5e47156c79/gnocchi.0791da53-b877-432a-8b59-3a61983a8385?format=json&states=listing" "txe2a56ea407174a60be9e3-006924c2c2" "proxy-server 21" 0.0074 "-" 23 0
Nov 24 20:40:34 standalone proxy-server[124105]: 172.18.0.2 ::1 24/Nov/2025/20/40/34 GET /v1/AUTH_72bf37b676bd4e52b77caf5e47156c79/gnocchi.0791da53-b877-432a-8b59-3a61983a8385%3Fformat%3Djson%26states%3Dlisting HTTP/1.0 200 - python-swiftclient-3.11.1 gAAAAABpJMH6xQnf... - 2 - txe2a56ea407174a60be9e3-006924c2c2 - 0.0311 - - 1764016834.280250311 1764016834.311381102 0
Nov 24 20:40:34 standalone object-server[122261]: 172.20.0.100 - - [24/Nov/2025:20:40:34 +0000] "GET /d1/80/AUTH_72bf37b676bd4e52b77caf5e47156c79/gnocchi.0791da53-b877-432a-8b59-3a61983a8385/1763640000.0_mean_300.0_v3" 404 70 "GET http://localhost:8080/v1/AUTH_72bf37b676bd4e52b77caf5e47156c79/gnocchi.0791da53-b877-432a-8b59-3a61983a8385/1763640000.0_mean_300.0_v3" "txf63570b1a8444ae7867f5-006924c2c2" "proxy-server 21" 0.0005 "-" 24 0
Nov 24 20:40:34 standalone proxy-server[124105]: 172.18.0.2 ::1 24/Nov/2025/20/40/34 GET /v1/AUTH_72bf37b676bd4e52b77caf5e47156c79/gnocchi.0791da53-b877-432a-8b59-3a61983a8385/1763640000.0_mean_300.0_v3 HTTP/1.0 404 - python-swiftclient-3.11.1 gAAAAABpJMH6xQnf... - 70 - txf63570b1a8444ae7867f5-006924c2c2 - 0.0085 - - 1764016834.322580338 1764016834.331099749 0
Nov 24 20:40:34 standalone container-server[122028]: 172.20.0.100 - - [24/Nov/2025:20:40:34 +0000] "PUT /d1/103/AUTH_72bf37b676bd4e52b77caf5e47156c79/gnocchi.0791da53-b877-432a-8b59-3a61983a8385/1763640000.0_mean_300.0_v3" 201 - "PUT http://localhost:8080/d1/80/AUTH_72bf37b676bd4e52b77caf5e47156c79/gnocchi.0791da53-b877-432a-8b59-3a61983a8385/1763640000.0_mean_300.0_v3" "tx0e581930e136458fbfd79-006924c2c2" "object-server 23" 0.0011 "-" 20 0
Nov 24 20:40:34 standalone object-server[122242]: 172.20.0.100 - - [24/Nov/2025:20:40:34 +0000] "PUT /d1/80/AUTH_72bf37b676bd4e52b77caf5e47156c79/gnocchi.0791da53-b877-432a-8b59-3a61983a8385/1763640000.0_mean_300.0_v3" 201 - "PUT http://localhost:8080/v1/AUTH_72bf37b676bd4e52b77caf5e47156c79/gnocchi.0791da53-b877-432a-8b59-3a61983a8385/1763640000.0_mean_300.0_v3" "tx0e581930e136458fbfd79-006924c2c2" "proxy-server 21" 0.0127 "-" 23 0
Nov 24 20:40:34 standalone proxy-server[124105]: 172.18.0.2 ::1 24/Nov/2025/20/40/34 PUT /v1/AUTH_72bf37b676bd4e52b77caf5e47156c79/gnocchi.0791da53-b877-432a-8b59-3a61983a8385/1763640000.0_mean_300.0_v3 HTTP/1.0 201 - python-swiftclient-3.11.1 gAAAAABpJMH6xQnf... 16 - - tx0e581930e136458fbfd79-006924c2c2 - 0.0198 - - 1764016834.335576534 1764016834.355416059 0
Nov 24 20:40:34 standalone container-server[122046]: 172.20.0.100 - - [24/Nov/2025:20:40:34 +0000] "PUT /d1/103/AUTH_72bf37b676bd4e52b77caf5e47156c79/gnocchi.0791da53-b877-432a-8b59-3a61983a8385/none_v3" 201 - "PUT http://localhost:8080/d1/527/AUTH_72bf37b676bd4e52b77caf5e47156c79/gnocchi.0791da53-b877-432a-8b59-3a61983a8385/none_v3" "txbeebbc8627b84efca650c-006924c2c2" "object-server 23" 0.0010 "-" 22 0
Nov 24 20:40:34 standalone object-server[122242]: 172.20.0.100 - - [24/Nov/2025:20:40:34 +0000] "PUT /d1/527/AUTH_72bf37b676bd4e52b77caf5e47156c79/gnocchi.0791da53-b877-432a-8b59-3a61983a8385/none_v3" 201 - "PUT http://localhost:8080/v1/AUTH_72bf37b676bd4e52b77caf5e47156c79/gnocchi.0791da53-b877-432a-8b59-3a61983a8385/none_v3" "txbeebbc8627b84efca650c-006924c2c2" "proxy-server 21" 0.0171 "-" 23 0
Nov 24 20:40:34 standalone proxy-server[124105]: 172.18.0.2 ::1 24/Nov/2025/20/40/34 PUT /v1/AUTH_72bf37b676bd4e52b77caf5e47156c79/gnocchi.0791da53-b877-432a-8b59-3a61983a8385/none_v3 HTTP/1.0 201 - python-swiftclient-3.11.1 gAAAAABpJMH6xQnf... 22 - - txbeebbc8627b84efca650c-006924c2c2 - 0.0242 - - 1764016834.363137245 1764016834.387331486 0
Nov 24 20:42:35 standalone account-server[121951]: 172.20.0.100 - - [24/Nov/2025:20:42:35 +0000] "HEAD /d1/704/.expiring_objects" 404 - "HEAD http://localhost/v1/.expiring_objects?format=json" "tx0d74c3feeef9491eb6233-006924c33b" "proxy-server 2" 0.0006 "-" 21 -
Nov 24 20:42:35 standalone object-expirer[122024]: Pass completed in 0s; 0 objects expired (txn: tx0d74c3feeef9491eb6233-006924c33b)
Nov 24 20:43:53 standalone container-server[121949]: Begin container update sweep
Nov 24 20:43:53 standalone account-server[121967]: 172.20.0.100 - - [24/Nov/2025:20:43:53 +0000] "PUT /d1/421/AUTH_72bf37b676bd4e52b77caf5e47156c79/gnocchi.dab07ebd-dd3e-4113-8214-35179e2f665b" 201 - "-" "-" "container-updater 2" 0.0009 "-" 23 0
Nov 24 20:43:54 standalone account-server[121967]: 172.20.0.100 - - [24/Nov/2025:20:43:54 +0000] "PUT /d1/421/AUTH_72bf37b676bd4e52b77caf5e47156c79/gnocchi.ac748187-5dd9-4b97-ba3c-286f8accf035" 201 - "-" "-" "container-updater 2" 0.0007 "-" 23 0
Nov 24 20:43:54 standalone account-server[121917]: 172.20.0.100 - - [24/Nov/2025:20:43:54 +0000] "PUT /d1/421/AUTH_72bf37b676bd4e52b77caf5e47156c79/gnocchi.1e03eacb-1490-48a0-8059-636f717ec641" 201 - "-" "-" "container-updater 2" 0.0005 "-" 20 0
Nov 24 20:43:54 standalone account-server[121951]: 172.20.0.100 - - [24/Nov/2025:20:43:54 +0000] "PUT /d1/421/AUTH_72bf37b676bd4e52b77caf5e47156c79/gnocchi.0791da53-b877-432a-8b59-3a61983a8385" 201 - "-" "-" "container-updater 2" 0.0007 "-" 21 0
Nov 24 20:43:54 standalone account-server[121960]: 172.20.0.100 - - [24/Nov/2025:20:43:54 +0000] "PUT /d1/421/AUTH_72bf37b676bd4e52b77caf5e47156c79/gnocchi.b70dedfd-ab10-47c2-9dd6-b595a0a79d0d" 201 - "-" "-" "container-updater 2" 0.0007 "-" 22 0
Nov 24 20:43:54 standalone account-server[121917]: 172.20.0.100 - - [24/Nov/2025:20:43:54 +0000] "PUT /d1/421/AUTH_72bf37b676bd4e52b77caf5e47156c79/gnocchi.cb1d1fd0-a42b-450c-b77f-f144846f6c90" 201 - "-" "-" "container-updater 2" 0.0004 "-" 20 0
Nov 24 20:43:54 standalone account-server[121951]: 172.20.0.100 - - [24/Nov/2025:20:43:54 +0000] "PUT /d1/421/AUTH_72bf37b676bd4e52b77caf5e47156c79/gnocchi.08b9e465-1d98-4d5d-87cc-06ddf0b0cdad" 201 - "-" "-" "container-updater 2" 0.0005 "-" 21 0
Nov 24 20:43:54 standalone account-server[121917]: 172.20.0.100 - - [24/Nov/2025:20:43:54 +0000] "PUT /d1/421/AUTH_72bf37b676bd4e52b77caf5e47156c79/gnocchi.75b6a0a9-783d-4617-8ac2-f05134434060" 201 - "-" "-" "container-updater 2" 0.0004 "-" 20 0
Nov 24 20:43:54 standalone account-server[121967]: 172.20.0.100 - - [24/Nov/2025:20:43:54 +0000] "PUT /d1/421/AUTH_72bf37b676bd4e52b77caf5e47156c79/gnocchi.6e2654af-082c-4950-aba2-03db20e5f202" 201 - "-" "-" "container-updater 2" 0.0004 "-" 23 0
Nov 24 20:43:54 standalone account-server[121967]: 172.20.0.100 - - [24/Nov/2025:20:43:54 +0000] "PUT /d1/421/AUTH_72bf37b676bd4e52b77caf5e47156c79/gnocchi.667f5bc1-073b-4414-a1cb-fc6ae3023961" 201 - "-" "-" "container-updater 2" 0.0005 "-" 23 0
Nov 24 20:43:55 standalone account-server[121951]: 172.20.0.100 - - [24/Nov/2025:20:43:55 +0000] "PUT /d1/421/AUTH_72bf37b676bd4e52b77caf5e47156c79/gnocchi.7c9bf224-65c1-4421-a3b8-1c9d4a9ab3f2" 201 - "-" "-" "container-updater 2" 0.0007 "-" 21 0
Nov 24 20:43:55 standalone account-server[121960]: 172.20.0.100 - - [24/Nov/2025:20:43:55 +0000] "PUT /d1/421/AUTH_72bf37b676bd4e52b77caf5e47156c79/gnocchi.45fa05fa-8b5e-4ae1-8e04-3fe2b4661f73" 201 - "-" "-" "container-updater 2" 0.0007 "-" 22 0
Nov 24 20:43:55 standalone account-server[121960]: 172.20.0.100 - - [24/Nov/2025:20:43:55 +0000] "PUT /d1/421/AUTH_72bf37b676bd4e52b77caf5e47156c79/gnocchi.b45c5b91-cf1f-4f7e-8147-2d142f989329" 201 - "-" "-" "container-updater 2" 0.0006 "-" 22 0
Nov 24 20:43:55 standalone account-server[121917]: 172.20.0.100 - - [24/Nov/2025:20:43:55 +0000] "PUT /d1/421/AUTH_72bf37b676bd4e52b77caf5e47156c79/gnocchi.6dc119f9-a202-4001-930a-54638ef142fb" 201 - "-" "-" "container-updater 2" 0.0007 "-" 20 0
Nov 24 20:43:55 standalone container-server[121949]: Container update sweep completed: 1.87s
Nov 24 20:43:57 standalone account-server[121917]: 172.20.0.100 - - [24/Nov/2025:20:43:57 +0000] "HEAD /d1/704/.expiring_objects" 404 - "HEAD http://localhost/v1/.expiring_objects?format=json" "tx7040875f9c72439ab66ed-006924c38d" "proxy-server 2" 0.0007 "-" 20 -
Nov 24 20:43:57 standalone object-expirer[122024]: Pass completed in 0s; 0 objects expired (txn: tx7040875f9c72439ab66ed-006924c38d)
Nov 24 20:44:57 standalone object-server[122155]: Begin object update sweep
Nov 24 20:44:57 standalone object-server[254605]: Object update sweep starting on /srv/node/d1 (pid: 15)
Nov 24 20:44:57 standalone object-server[254605]: Object update sweep completed on /srv/node/d1 in 0.00s seconds:, 0 successes, 0 failures, 0 quarantines, 0 unlinks, 0 errors, 0 redirects (pid: 15)
Nov 24 20:44:57 standalone object-server[254605]: Object update sweep of d1 completed: 0.00s, 0 successes, 0 failures, 0 quarantines, 0 unlinks, 0 errors, 0 redirects
Nov 24 20:44:57 standalone object-server[122155]: Object update sweep completed: 0.11s
Nov 24 20:48:51 standalone account-server[121967]: 172.20.0.100 - - [24/Nov/2025:20:48:51 +0000] "HEAD /d1/704/.expiring_objects" 404 - "HEAD http://localhost/v1/.expiring_objects?format=json" "tx603c8e958f86492e9ea4c-006924c4b3" "proxy-server 2" 0.0009 "-" 23 -
Nov 24 20:48:51 standalone object-expirer[122024]: Pass completed in 0s; 0 objects expired (txn: tx603c8e958f86492e9ea4c-006924c4b3)
Nov 24 20:48:53 standalone container-server[121949]: Begin container update sweep
Nov 24 20:48:55 standalone container-server[121949]: Container update sweep completed: 1.29s
Nov 24 20:49:57 standalone object-server[122155]: Begin object update sweep
Nov 24 20:49:57 standalone object-server[277359]: Object update sweep starting on /srv/node/d1 (pid: 16)
Nov 24 20:49:57 standalone object-server[277359]: Object update sweep completed on /srv/node/d1 in 0.00s seconds:, 0 successes, 0 failures, 0 quarantines, 0 unlinks, 0 errors, 0 redirects (pid: 16)
Nov 24 20:49:57 standalone object-server[277359]: Object update sweep of d1 completed: 0.00s, 0 successes, 0 failures, 0 quarantines, 0 unlinks, 0 errors, 0 redirects
Nov 24 20:49:57 standalone object-server[122155]: Object update sweep completed: 0.08s
Nov 24 20:51:04 standalone account-server[121967]: 172.20.0.31 - - [24/Nov/2025:20:51:04 +0000] "HEAD /d1/44/AUTH_7cac3b29a6ae4403b05111749dfb5730" 404 - "HEAD http://swift-public-openstack.apps-crc.testing/v1/AUTH_7cac3b29a6ae4403b05111749dfb5730?format=json" "txd53c827d4cc748b4b620d-006924c538" "proxy-server 14" 0.0010 "-" 23 -
Nov 24 20:51:05 standalone account-server[121951]: 172.20.0.31 - - [24/Nov/2025:20:51:05 +0000] "GET /d1/44/AUTH_7cac3b29a6ae4403b05111749dfb5730" 404 - "GET http://swift-public-openstack.apps-crc.testing/v1/AUTH_7cac3b29a6ae4403b05111749dfb5730?format=json" "txd53c827d4cc748b4b620d-006924c538" "proxy-server 14" 0.0020 "-" 21 -
Nov 24 20:52:02 standalone account-server[121960]: 172.20.0.100 - - [24/Nov/2025:20:52:02 +0000] "HEAD /d1/704/.expiring_objects" 404 - "HEAD http://localhost/v1/.expiring_objects?format=json" "tx84faf2b308414338a1e5c-006924c572" "proxy-server 2" 0.0009 "-" 22 -
Nov 24 20:52:02 standalone object-expirer[122024]: Pass completed in 0s; 0 objects expired (txn: tx84faf2b308414338a1e5c-006924c572)
Nov 24 20:52:26 standalone account-server[121967]: 172.20.0.100 - - [24/Nov/2025:20:52:26 +0000] "HEAD /d1/704/.expiring_objects" 404 - "HEAD http://localhost/v1/.expiring_objects?format=json" "tx1569f279fe73437191e6c-006924c58a" "proxy-server 2" 0.0007 "-" 23 -
Nov 24 20:52:26 standalone object-expirer[122024]: Pass completed in 0s; 0 objects expired (txn: tx1569f279fe73437191e6c-006924c58a)
Nov 24 20:53:54 standalone container-server[121949]: Begin container update sweep
Nov 24 20:53:55 standalone container-server[121949]: Container update sweep completed: 1.78s
Nov 24 20:54:06 standalone account-server[121967]: 172.20.0.100 - - [24/Nov/2025:20:54:06 +0000] "HEAD /d1/704/.expiring_objects" 404 - "HEAD http://localhost/v1/.expiring_objects?format=json" "tx6c63dfa09fff4034a69b8-006924c5ee" "proxy-server 2" 0.0008 "-" 23 -
Nov 24 20:54:06 standalone object-expirer[122024]: Pass completed in 0s; 0 objects expired (txn: tx6c63dfa09fff4034a69b8-006924c5ee)
Nov 24 20:54:57 standalone object-server[122155]: Begin object update sweep
Nov 24 20:54:57 standalone object-server[298008]: Object update sweep starting on /srv/node/d1 (pid: 17)
Nov 24 20:54:57 standalone object-server[298008]: Object update sweep completed on /srv/node/d1 in 0.00s seconds:, 0 successes, 0 failures, 0 quarantines, 0 unlinks, 0 errors, 0 redirects (pid: 17)
Nov 24 20:54:57 standalone object-server[298008]: Object update sweep of d1 completed: 0.00s, 0 successes, 0 failures, 0 quarantines, 0 unlinks, 0 errors, 0 redirects
Nov 24 20:54:57 standalone object-server[122155]: Object update sweep completed: 0.08s
Nov 24 20:57:20 standalone account-server[121951]: 172.20.0.31 - - [24/Nov/2025:20:57:20 +0000] "HEAD /d1/421/AUTH_72bf37b676bd4e52b77caf5e47156c79" 204 - "HEAD http://swift-internal.openstack.svc:8080/v1/AUTH_72bf37b676bd4e52b77caf5e47156c79?format=json" "tx857eab74c6a443c18990e-006924c6b0" "proxy-server 10" 0.0128 "-" 21 -
Nov 24 20:57:21 standalone container-server[122028]: 172.20.0.31 - - [24/Nov/2025:20:57:21 +0000] "HEAD /d1/565/AUTH_72bf37b676bd4e52b77caf5e47156c79/glance" 204 - "HEAD http://swift-internal.openstack.svc:8080/v1/AUTH_72bf37b676bd4e52b77caf5e47156c79/glance?format=json&states=listing" "tx857eab74c6a443c18990e-006924c6b0" "proxy-server 10" 0.0032 "-" 20 0
Nov 24 20:57:23 standalone container-server[122028]: 172.20.0.100 - - [24/Nov/2025:20:57:23 +0000] "PUT /d1/565/AUTH_72bf37b676bd4e52b77caf5e47156c79/glance/13acbade-9151-41ea-8901-b7b5ba718ece-00001" 201 - "PUT http://swift-internal.openstack.svc:8080/d1/702/AUTH_72bf37b676bd4e52b77caf5e47156c79/glance/13acbade-9151-41ea-8901-b7b5ba718ece-00001" "tx16ccf367583e4edc8fb4d-006924c6b1" "object-server 24" 0.0010 "-" 20 0
Nov 24 20:57:23 standalone object-server[122261]: 172.20.0.31 - - [24/Nov/2025:20:57:23 +0000] "PUT /d1/702/AUTH_72bf37b676bd4e52b77caf5e47156c79/glance/13acbade-9151-41ea-8901-b7b5ba718ece-00001" 201 - "PUT http://swift-internal.openstack.svc:8080/v1/AUTH_72bf37b676bd4e52b77caf5e47156c79/glance/13acbade-9151-41ea-8901-b7b5ba718ece-00001" "tx16ccf367583e4edc8fb4d-006924c6b1" "proxy-server 10" 2.2682 "-" 24 0
Nov 24 20:57:25 standalone container-server[122049]: 172.20.0.100 - - [24/Nov/2025:20:57:25 +0000] "PUT /d1/565/AUTH_72bf37b676bd4e52b77caf5e47156c79/glance/13acbade-9151-41ea-8901-b7b5ba718ece-00002" 201 - "PUT http://swift-internal.openstack.svc:8080/d1/649/AUTH_72bf37b676bd4e52b77caf5e47156c79/glance/13acbade-9151-41ea-8901-b7b5ba718ece-00002" "txc8f19919e9be458d93e26-006924c6b3" "object-server 24" 0.0010 "-" 23 0
Nov 24 20:57:25 standalone object-server[122261]: 172.20.0.31 - - [24/Nov/2025:20:57:25 +0000] "PUT /d1/649/AUTH_72bf37b676bd4e52b77caf5e47156c79/glance/13acbade-9151-41ea-8901-b7b5ba718ece-00002" 201 - "PUT http://swift-internal.openstack.svc:8080/v1/AUTH_72bf37b676bd4e52b77caf5e47156c79/glance/13acbade-9151-41ea-8901-b7b5ba718ece-00002" "txc8f19919e9be458d93e26-006924c6b3" "proxy-server 10" 2.2070 "-" 24 0
Nov 24 20:57:26 standalone container-server[122043]: 172.20.0.100 - - [24/Nov/2025:20:57:26 +0000] "PUT /d1/565/AUTH_72bf37b676bd4e52b77caf5e47156c79/glance/13acbade-9151-41ea-8901-b7b5ba718ece-00003" 201 - "PUT http://swift-internal.openstack.svc:8080/d1/957/AUTH_72bf37b676bd4e52b77caf5e47156c79/glance/13acbade-9151-41ea-8901-b7b5ba718ece-00003" "tx936c9567b6d7492eb2d28-006924c6b5" "object-server 24" 0.0015 "-" 21 0
Nov 24 20:57:26 standalone object-server[122261]: 172.20.0.31 - - [24/Nov/2025:20:57:26 +0000] "PUT /d1/957/AUTH_72bf37b676bd4e52b77caf5e47156c79/glance/13acbade-9151-41ea-8901-b7b5ba718ece-00003" 201 - "PUT http://swift-internal.openstack.svc:8080/v1/AUTH_72bf37b676bd4e52b77caf5e47156c79/glance/13acbade-9151-41ea-8901-b7b5ba718ece-00003" "tx936c9567b6d7492eb2d28-006924c6b5" "proxy-server 10" 1.2851 "-" 24 0
Nov 24 20:57:27 standalone container-server[122046]: 172.20.0.100 - - [24/Nov/2025:20:57:27 +0000] "PUT /d1/565/AUTH_72bf37b676bd4e52b77caf5e47156c79/glance/13acbade-9151-41ea-8901-b7b5ba718ece" 201 - "PUT http://swift-internal.openstack.svc:8080/d1/169/AUTH_72bf37b676bd4e52b77caf5e47156c79/glance/13acbade-9151-41ea-8901-b7b5ba718ece" "tx8d3077d261824d92bc77b-006924c6b7" "object-server 20" 0.0010 "-" 22 0
Nov 24 20:57:27 standalone object-server[122232]: 172.20.0.31 - - [24/Nov/2025:20:57:27 +0000] "PUT /d1/169/AUTH_72bf37b676bd4e52b77caf5e47156c79/glance/13acbade-9151-41ea-8901-b7b5ba718ece" 201 - "PUT http://swift-internal.openstack.svc:8080/v1/AUTH_72bf37b676bd4e52b77caf5e47156c79/glance/13acbade-9151-41ea-8901-b7b5ba718ece" "tx8d3077d261824d92bc77b-006924c6b7" "proxy-server 10" 0.0151 "-" 20 0
Nov 24 20:58:23 standalone account-server[121951]: 172.20.0.100 - - [24/Nov/2025:20:58:23 +0000] "HEAD /d1/704/.expiring_objects" 404 - "HEAD http://localhost/v1/.expiring_objects?format=json" "tx4146d4f1e8294a36870c1-006924c6ef" "proxy-server 2" 0.0008 "-" 21 -
Nov 24 20:58:23 standalone object-expirer[122024]: Pass completed in 0s; 0 objects expired (txn: tx4146d4f1e8294a36870c1-006924c6ef)
Nov 24 20:58:54 standalone container-server[121949]: Begin container update sweep
Nov 24 20:58:54 standalone account-server[121917]: 172.20.0.100 - - [24/Nov/2025:20:58:54 +0000] "PUT /d1/421/AUTH_72bf37b676bd4e52b77caf5e47156c79/glance" 201 - "-" "-" "container-updater 2" 0.0011 "-" 20 0
Nov 24 20:58:55 standalone container-server[121949]: Container update sweep completed: 1.48s
Nov 24 20:59:57 standalone object-server[122155]: Begin object update sweep
Nov 24 20:59:57 standalone object-server[318606]: Object update sweep starting on /srv/node/d1 (pid: 18)
Nov 24 20:59:57 standalone object-server[318606]: Object update sweep completed on /srv/node/d1 in 0.00s seconds:, 0 successes, 0 failures, 0 quarantines, 0 unlinks, 0 errors, 0 redirects (pid: 18)
Nov 24 20:59:57 standalone object-server[318606]: Object update sweep of d1 completed: 0.00s, 0 successes, 0 failures, 0 quarantines, 0 unlinks, 0 errors, 0 redirects
Nov 24 20:59:57 standalone object-server[122155]: Object update sweep completed: 0.10s
Nov 24 20:59:58 standalone account-server[121452]: Devices pass completed: 0.00s
Nov 24 21:00:17 standalone account-server[121967]: 172.20.0.100 - - [24/Nov/2025:21:00:17 +0000] "HEAD /d1/704/.expiring_objects" 404 - "HEAD http://localhost/v1/.expiring_objects?format=json" "tx224b9997fce543289e82d-006924c761" "proxy-server 2" 0.0007 "-" 23 -
Nov 24 21:00:17 standalone object-expirer[122024]: Pass completed in 0s; 0 objects expired (txn: tx224b9997fce543289e82d-006924c761)
Nov 24 21:00:52 standalone account-server[121967]: 172.20.0.100 - - [24/Nov/2025:21:00:52 +0000] "HEAD /d1/704/.expiring_objects" 404 - "HEAD http://localhost/v1/.expiring_objects?format=json" "tx91ddc295198f49d0b3b39-006924c784" "proxy-server 2" 0.0007 "-" 23 -
Nov 24 21:00:52 standalone object-expirer[122024]: Pass completed in 0s; 0 objects expired (txn: tx91ddc295198f49d0b3b39-006924c784)
Nov 24 21:01:09 standalone account-server[121967]: 172.20.0.100 - - [24/Nov/2025:21:01:09 +0000] "HEAD /d1/704/.expiring_objects" 404 - "HEAD http://localhost/v1/.expiring_objects?format=json" "tx395c5a004e51482ba7e50-006924c795" "proxy-server 2" 0.0005 "-" 23 -
Nov 24 21:01:09 standalone object-expirer[122024]: Pass completed in 0s; 0 objects expired (txn: tx395c5a004e51482ba7e50-006924c795)
