Nov 24 20:40:32 standalone container-server[122049]: 172.20.0.100 - - [24/Nov/2025:20:40:32 +0000] "HEAD /d1/797/AUTH_72bf37b676bd4e52b77caf5e47156c79/gnocchi.1e03eacb-1490-48a0-8059-636f717ec641" 404 - "HEAD http://localhost:8080/v1/AUTH_72bf37b676bd4e52b77caf5e47156c79/gnocchi.1e03eacb-1490-48a0-8059-636f717ec641?format=json&states=listing" "tx0555f5069576457b80b0a-006924c2c0" "proxy-server 21" 0.0005 "-" 23 0
Nov 24 20:40:32 standalone object-server[122224]: 172.20.0.100 - - [24/Nov/2025:20:40:32 +0000] "GET /d1/781/AUTH_72bf37b676bd4e52b77caf5e47156c79/gnocchi.1e03eacb-1490-48a0-8059-636f717ec641/none_v3" 404 70 "GET http://localhost:8080/v1/AUTH_72bf37b676bd4e52b77caf5e47156c79/gnocchi.1e03eacb-1490-48a0-8059-636f717ec641/none_v3" "tx0555f5069576457b80b0a-006924c2c0" "proxy-server 21" 0.0003 "-" 19 0
Nov 24 20:40:32 standalone proxy-server[124105]: 172.18.0.2 ::1 24/Nov/2025/20/40/32 GET /v1/AUTH_72bf37b676bd4e52b77caf5e47156c79/gnocchi.1e03eacb-1490-48a0-8059-636f717ec641/none_v3 HTTP/1.0 404 - python-swiftclient-3.11.1 gAAAAABpJMH6xQnf... - 70 - tx0555f5069576457b80b0a-006924c2c0 - 0.0073 - - 1764016832.817877769 1764016832.825156689 0
Nov 24 20:40:32 standalone account-server[121960]: 172.20.0.100 - - [24/Nov/2025:20:40:32 +0000] "PUT /d1/421/AUTH_72bf37b676bd4e52b77caf5e47156c79/gnocchi.1e03eacb-1490-48a0-8059-636f717ec641" 201 - "PUT http://172.20.0.100:6001/d1/797/AUTH_72bf37b676bd4e52b77caf5e47156c79/gnocchi.1e03eacb-1490-48a0-8059-636f717ec641" "tx988b39d50b434036998aa-006924c2c0" "container-server 22" 0.0042 "-" 22 0
Nov 24 20:40:32 standalone container-server[122046]: 172.20.0.100 - - [24/Nov/2025:20:40:32 +0000] "PUT /d1/797/AUTH_72bf37b676bd4e52b77caf5e47156c79/gnocchi.1e03eacb-1490-48a0-8059-636f717ec641" 201 - "PUT http://localhost:8080/v1/AUTH_72bf37b676bd4e52b77caf5e47156c79/gnocchi.1e03eacb-1490-48a0-8059-636f717ec641" "tx988b39d50b434036998aa-006924c2c0" "proxy-server 21" 0.0131 "-" 22 0
Nov 24 20:40:32 standalone proxy-server[124105]: 172.18.0.2 ::1 24/Nov/2025/20/40/32 PUT /v1/AUTH_72bf37b676bd4e52b77caf5e47156c79/gnocchi.1e03eacb-1490-48a0-8059-636f717ec641 HTTP/1.0 201 - python-swiftclient-3.11.1 gAAAAABpJMH6xQnf... - - - tx988b39d50b434036998aa-006924c2c0 - 0.0168 - - 1764016832.827500820 1764016832.844335794 0
Nov 24 20:40:32 standalone container-server[122049]: 172.20.0.100 - - [24/Nov/2025:20:40:32 +0000] "HEAD /d1/797/AUTH_72bf37b676bd4e52b77caf5e47156c79/gnocchi.1e03eacb-1490-48a0-8059-636f717ec641" 204 - "HEAD http://localhost:8080/v1/AUTH_72bf37b676bd4e52b77caf5e47156c79/gnocchi.1e03eacb-1490-48a0-8059-636f717ec641?format=json&states=listing" "txaabf09cf92224d1b8c1c4-006924c2c0" "proxy-server 21" 0.0015 "-" 23 0
Nov 24 20:40:32 standalone proxy-server[124105]: - - 24/Nov/2025/20/40/32 HEAD /v1/AUTH_72bf37b676bd4e52b77caf5e47156c79/gnocchi.1e03eacb-1490-48a0-8059-636f717ec641%3Fformat%3Djson%26states%3Dlisting HTTP/1.0 204 - Swift - - - - txaabf09cf92224d1b8c1c4-006924c2c0 - 0.0041 RL - 1764016832.847784281 1764016832.851848602 0
Nov 24 20:40:32 standalone container-server[122046]: 172.20.0.100 - - [24/Nov/2025:20:40:32 +0000] "GET /d1/797/AUTH_72bf37b676bd4e52b77caf5e47156c79/gnocchi.1e03eacb-1490-48a0-8059-636f717ec641" 200 2 "GET http://localhost:8080/v1/AUTH_72bf37b676bd4e52b77caf5e47156c79/gnocchi.1e03eacb-1490-48a0-8059-636f717ec641?format=json&states=listing" "txaabf09cf92224d1b8c1c4-006924c2c0" "proxy-server 21" 0.0014 "-" 22 0
Nov 24 20:40:32 standalone proxy-server[124105]: 172.18.0.2 ::1 24/Nov/2025/20/40/32 GET /v1/AUTH_72bf37b676bd4e52b77caf5e47156c79/gnocchi.1e03eacb-1490-48a0-8059-636f717ec641%3Fformat%3Djson%26states%3Dlisting HTTP/1.0 200 - python-swiftclient-3.11.1 gAAAAABpJMH6xQnf... - 2 - txaabf09cf92224d1b8c1c4-006924c2c0 - 0.0100 - - 1764016832.846980095 1764016832.856932163 0
Nov 24 20:40:32 standalone object-server[122261]: 172.20.0.100 - - [24/Nov/2025:20:40:32 +0000] "GET /d1/212/AUTH_72bf37b676bd4e52b77caf5e47156c79/gnocchi.1e03eacb-1490-48a0-8059-636f717ec641/1763640000.0_mean_300.0_v3" 404 70 "GET http://localhost:8080/v1/AUTH_72bf37b676bd4e52b77caf5e47156c79/gnocchi.1e03eacb-1490-48a0-8059-636f717ec641/1763640000.0_mean_300.0_v3" "txd4170b01c5b447a988012-006924c2c0" "proxy-server 21" 0.0005 "-" 24 0
Nov 24 20:40:32 standalone proxy-server[124105]: 172.18.0.2 ::1 24/Nov/2025/20/40/32 GET /v1/AUTH_72bf37b676bd4e52b77caf5e47156c79/gnocchi.1e03eacb-1490-48a0-8059-636f717ec641/1763640000.0_mean_300.0_v3 HTTP/1.0 404 - python-swiftclient-3.11.1 gAAAAABpJMH6xQnf... - 70 - txd4170b01c5b447a988012-006924c2c0 - 0.0058 - - 1764016832.859535694 1764016832.865361691 0
Nov 24 20:40:32 standalone container-server[122046]: 172.20.0.100 - - [24/Nov/2025:20:40:32 +0000] "PUT /d1/797/AUTH_72bf37b676bd4e52b77caf5e47156c79/gnocchi.1e03eacb-1490-48a0-8059-636f717ec641/1763640000.0_mean_300.0_v3" 201 - "PUT http://localhost:8080/d1/212/AUTH_72bf37b676bd4e52b77caf5e47156c79/gnocchi.1e03eacb-1490-48a0-8059-636f717ec641/1763640000.0_mean_300.0_v3" "tx0adcb49dfb0c4b39b1126-006924c2c0" "object-server 24" 0.0004 "-" 22 0
Nov 24 20:40:32 standalone object-server[122261]: 172.20.0.100 - - [24/Nov/2025:20:40:32 +0000] "PUT /d1/212/AUTH_72bf37b676bd4e52b77caf5e47156c79/gnocchi.1e03eacb-1490-48a0-8059-636f717ec641/1763640000.0_mean_300.0_v3" 201 - "PUT http://localhost:8080/v1/AUTH_72bf37b676bd4e52b77caf5e47156c79/gnocchi.1e03eacb-1490-48a0-8059-636f717ec641/1763640000.0_mean_300.0_v3" "tx0adcb49dfb0c4b39b1126-006924c2c0" "proxy-server 21" 0.0087 "-" 24 0
Nov 24 20:40:32 standalone proxy-server[124105]: 172.18.0.2 ::1 24/Nov/2025/20/40/32 PUT /v1/AUTH_72bf37b676bd4e52b77caf5e47156c79/gnocchi.1e03eacb-1490-48a0-8059-636f717ec641/1763640000.0_mean_300.0_v3 HTTP/1.0 201 - python-swiftclient-3.11.1 gAAAAABpJMH6xQnf... 16 - - tx0adcb49dfb0c4b39b1126-006924c2c0 - 0.0129 - - 1764016832.867732048 1764016832.880658150 0
Nov 24 20:40:32 standalone container-server[122046]: 172.20.0.100 - - [24/Nov/2025:20:40:32 +0000] "PUT /d1/797/AUTH_72bf37b676bd4e52b77caf5e47156c79/gnocchi.1e03eacb-1490-48a0-8059-636f717ec641/none_v3" 201 - "PUT http://localhost:8080/d1/781/AUTH_72bf37b676bd4e52b77caf5e47156c79/gnocchi.1e03eacb-1490-48a0-8059-636f717ec641/none_v3" "tx27e458e0037a41589d4e3-006924c2c0" "object-server 20" 0.0003 "-" 22 0
Nov 24 20:40:32 standalone object-server[122232]: 172.20.0.100 - - [24/Nov/2025:20:40:32 +0000] "PUT /d1/781/AUTH_72bf37b676bd4e52b77caf5e47156c79/gnocchi.1e03eacb-1490-48a0-8059-636f717ec641/none_v3" 201 - "PUT http://localhost:8080/v1/AUTH_72bf37b676bd4e52b77caf5e47156c79/gnocchi.1e03eacb-1490-48a0-8059-636f717ec641/none_v3" "tx27e458e0037a41589d4e3-006924c2c0" "proxy-server 21" 0.0066 "-" 20 0
Nov 24 20:40:32 standalone proxy-server[124105]: 172.18.0.2 ::1 24/Nov/2025/20/40/32 PUT /v1/AUTH_72bf37b676bd4e52b77caf5e47156c79/gnocchi.1e03eacb-1490-48a0-8059-636f717ec641/none_v3 HTTP/1.0 201 - python-swiftclient-3.11.1 gAAAAABpJMH6xQnf... 22 - - tx27e458e0037a41589d4e3-006924c2c0 - 0.0105 - - 1764016832.882651806 1764016832.893135071 0
Nov 24 20:40:32 standalone container-server[122043]: 172.20.0.100 - - [24/Nov/2025:20:40:32 +0000] "HEAD /d1/548/AUTH_72bf37b676bd4e52b77caf5e47156c79/gnocchi.6e2654af-082c-4950-aba2-03db20e5f202" 404 - "HEAD http://localhost:8080/v1/AUTH_72bf37b676bd4e52b77caf5e47156c79/gnocchi.6e2654af-082c-4950-aba2-03db20e5f202?format=json&states=listing" "tx36edfa3393db49dfaf521-006924c2c0" "proxy-server 21" 0.0004 "-" 21 0
Nov 24 20:40:32 standalone object-server[122242]: 172.20.0.100 - - [24/Nov/2025:20:40:32 +0000] "GET /d1/54/AUTH_72bf37b676bd4e52b77caf5e47156c79/gnocchi.6e2654af-082c-4950-aba2-03db20e5f202/none_v3" 404 70 "GET http://localhost:8080/v1/AUTH_72bf37b676bd4e52b77caf5e47156c79/gnocchi.6e2654af-082c-4950-aba2-03db20e5f202/none_v3" "tx36edfa3393db49dfaf521-006924c2c0" "proxy-server 21" 0.0004 "-" 23 0
Nov 24 20:40:32 standalone proxy-server[124105]: 172.18.0.2 ::1 24/Nov/2025/20/40/32 GET /v1/AUTH_72bf37b676bd4e52b77caf5e47156c79/gnocchi.6e2654af-082c-4950-aba2-03db20e5f202/none_v3 HTTP/1.0 404 - python-swiftclient-3.11.1 gAAAAABpJMH6xQnf... - 70 - tx36edfa3393db49dfaf521-006924c2c0 - 0.0088 - - 1764016832.901174068 1764016832.909998655 0
Nov 24 20:40:32 standalone account-server[121960]: 172.20.0.100 - - [24/Nov/2025:20:40:32 +0000] "PUT /d1/421/AUTH_72bf37b676bd4e52b77caf5e47156c79/gnocchi.6e2654af-082c-4950-aba2-03db20e5f202" 201 - "PUT http://172.20.0.100:6001/d1/548/AUTH_72bf37b676bd4e52b77caf5e47156c79/gnocchi.6e2654af-082c-4950-aba2-03db20e5f202" "tx299f584a3a514c73b706e-006924c2c0" "container-server 20" 0.0041 "-" 22 0
Nov 24 20:40:32 standalone container-server[122028]: 172.20.0.100 - - [24/Nov/2025:20:40:32 +0000] "PUT /d1/548/AUTH_72bf37b676bd4e52b77caf5e47156c79/gnocchi.6e2654af-082c-4950-aba2-03db20e5f202" 201 - "PUT http://localhost:8080/v1/AUTH_72bf37b676bd4e52b77caf5e47156c79/gnocchi.6e2654af-082c-4950-aba2-03db20e5f202" "tx299f584a3a514c73b706e-006924c2c0" "proxy-server 21" 0.0157 "-" 20 0
Nov 24 20:40:32 standalone proxy-server[124105]: 172.18.0.2 ::1 24/Nov/2025/20/40/32 PUT /v1/AUTH_72bf37b676bd4e52b77caf5e47156c79/gnocchi.6e2654af-082c-4950-aba2-03db20e5f202 HTTP/1.0 201 - python-swiftclient-3.11.1 gAAAAABpJMH6xQnf... - - - tx299f584a3a514c73b706e-006924c2c0 - 0.0202 - - 1764016832.913021326 1764016832.933235645 0
Nov 24 20:40:32 standalone container-server[122049]: 172.20.0.100 - - [24/Nov/2025:20:40:32 +0000] "HEAD /d1/548/AUTH_72bf37b676bd4e52b77caf5e47156c79/gnocchi.6e2654af-082c-4950-aba2-03db20e5f202" 204 - "HEAD http://localhost:8080/v1/AUTH_72bf37b676bd4e52b77caf5e47156c79/gnocchi.6e2654af-082c-4950-aba2-03db20e5f202?format=json&states=listing" "tx59bbf1939da847519e3f2-006924c2c0" "proxy-server 21" 0.0014 "-" 23 0
Nov 24 20:40:32 standalone proxy-server[124105]: - - 24/Nov/2025/20/40/32 HEAD /v1/AUTH_72bf37b676bd4e52b77caf5e47156c79/gnocchi.6e2654af-082c-4950-aba2-03db20e5f202%3Fformat%3Djson%26states%3Dlisting HTTP/1.0 204 - Swift - - - - tx59bbf1939da847519e3f2-006924c2c0 - 0.0040 RL - 1764016832.937067509 1764016832.941107512 0
Nov 24 20:40:32 standalone container-server[122043]: 172.20.0.100 - - [24/Nov/2025:20:40:32 +0000] "GET /d1/548/AUTH_72bf37b676bd4e52b77caf5e47156c79/gnocchi.6e2654af-082c-4950-aba2-03db20e5f202" 200 2 "GET http://localhost:8080/v1/AUTH_72bf37b676bd4e52b77caf5e47156c79/gnocchi.6e2654af-082c-4950-aba2-03db20e5f202?format=json&states=listing" "tx59bbf1939da847519e3f2-006924c2c0" "proxy-server 21" 0.0019 "-" 21 0
Nov 24 20:40:32 standalone proxy-server[124105]: 172.18.0.2 ::1 24/Nov/2025/20/40/32 GET /v1/AUTH_72bf37b676bd4e52b77caf5e47156c79/gnocchi.6e2654af-082c-4950-aba2-03db20e5f202%3Fformat%3Djson%26states%3Dlisting HTTP/1.0 200 - python-swiftclient-3.11.1 gAAAAABpJMH6xQnf... - 2 - tx59bbf1939da847519e3f2-006924c2c0 - 0.0124 - - 1764016832.936109304 1764016832.948480844 0
Nov 24 20:40:32 standalone object-server[122224]: 172.20.0.100 - - [24/Nov/2025:20:40:32 +0000] "GET /d1/222/AUTH_72bf37b676bd4e52b77caf5e47156c79/gnocchi.6e2654af-082c-4950-aba2-03db20e5f202/1763640000.0_mean_300.0_v3" 404 70 "GET http://localhost:8080/v1/AUTH_72bf37b676bd4e52b77caf5e47156c79/gnocchi.6e2654af-082c-4950-aba2-03db20e5f202/1763640000.0_mean_300.0_v3" "tx681fcbec4c7049db8042d-006924c2c0" "proxy-server 21" 0.0005 "-" 19 0
Nov 24 20:40:32 standalone proxy-server[124105]: 172.18.0.2 ::1 24/Nov/2025/20/40/32 GET /v1/AUTH_72bf37b676bd4e52b77caf5e47156c79/gnocchi.6e2654af-082c-4950-aba2-03db20e5f202/1763640000.0_mean_300.0_v3 HTTP/1.0 404 - python-swiftclient-3.11.1 gAAAAABpJMH6xQnf... - 70 - tx681fcbec4c7049db8042d-006924c2c0 - 0.0156 - - 1764016832.951831102 1764016832.967464685 0
Nov 24 20:40:32 standalone container-server[122049]: 172.20.0.100 - - [24/Nov/2025:20:40:32 +0000] "PUT /d1/548/AUTH_72bf37b676bd4e52b77caf5e47156c79/gnocchi.6e2654af-082c-4950-aba2-03db20e5f202/1763640000.0_mean_300.0_v3" 201 - "PUT http://localhost:8080/d1/222/AUTH_72bf37b676bd4e52b77caf5e47156c79/gnocchi.6e2654af-082c-4950-aba2-03db20e5f202/1763640000.0_mean_300.0_v3" "tx44f096ac16114458b17ed-006924c2c0" "object-server 23" 0.0005 "-" 23 0
Nov 24 20:40:32 standalone object-server[122242]: 172.20.0.100 - - [24/Nov/2025:20:40:32 +0000] "PUT /d1/222/AUTH_72bf37b676bd4e52b77caf5e47156c79/gnocchi.6e2654af-082c-4950-aba2-03db20e5f202/1763640000.0_mean_300.0_v3" 201 - "PUT http://localhost:8080/v1/AUTH_72bf37b676bd4e52b77caf5e47156c79/gnocchi.6e2654af-082c-4950-aba2-03db20e5f202/1763640000.0_mean_300.0_v3" "tx44f096ac16114458b17ed-006924c2c0" "proxy-server 21" 0.0095 "-" 23 0
Nov 24 20:40:32 standalone proxy-server[124105]: 172.18.0.2 ::1 24/Nov/2025/20/40/32 PUT /v1/AUTH_72bf37b676bd4e52b77caf5e47156c79/gnocchi.6e2654af-082c-4950-aba2-03db20e5f202/1763640000.0_mean_300.0_v3 HTTP/1.0 201 - python-swiftclient-3.11.1 gAAAAABpJMH6xQnf... 16 - - tx44f096ac16114458b17ed-006924c2c0 - 0.0147 - - 1764016832.970362902 1764016832.985059261 0
Nov 24 20:40:33 standalone container-server[122049]: 172.20.0.100 - - [24/Nov/2025:20:40:33 +0000] "PUT /d1/548/AUTH_72bf37b676bd4e52b77caf5e47156c79/gnocchi.6e2654af-082c-4950-aba2-03db20e5f202/none_v3" 201 - "PUT http://localhost:8080/d1/54/AUTH_72bf37b676bd4e52b77caf5e47156c79/gnocchi.6e2654af-082c-4950-aba2-03db20e5f202/none_v3" "tx963077d955de403090e29-006924c2c0" "object-server 24" 0.0003 "-" 23 0
Nov 24 20:40:33 standalone object-server[122261]: 172.20.0.100 - - [24/Nov/2025:20:40:33 +0000] "PUT /d1/54/AUTH_72bf37b676bd4e52b77caf5e47156c79/gnocchi.6e2654af-082c-4950-aba2-03db20e5f202/none_v3" 201 - "PUT http://localhost:8080/v1/AUTH_72bf37b676bd4e52b77caf5e47156c79/gnocchi.6e2654af-082c-4950-aba2-03db20e5f202/none_v3" "tx963077d955de403090e29-006924c2c0" "proxy-server 21" 0.0098 "-" 24 0
Nov 24 20:40:33 standalone proxy-server[124105]: 172.18.0.2 ::1 24/Nov/2025/20/40/33 PUT /v1/AUTH_72bf37b676bd4e52b77caf5e47156c79/gnocchi.6e2654af-082c-4950-aba2-03db20e5f202/none_v3 HTTP/1.0 201 - python-swiftclient-3.11.1 gAAAAABpJMH6xQnf... 22 - - tx963077d955de403090e29-006924c2c0 - 0.0146 - - 1764016832.987670422 1764016833.002241850 0
Nov 24 20:40:33 standalone container-server[122043]: 172.20.0.100 - - [24/Nov/2025:20:40:33 +0000] "HEAD /d1/172/AUTH_72bf37b676bd4e52b77caf5e47156c79/gnocchi.667f5bc1-073b-4414-a1cb-fc6ae3023961" 404 - "HEAD http://localhost:8080/v1/AUTH_72bf37b676bd4e52b77caf5e47156c79/gnocchi.667f5bc1-073b-4414-a1cb-fc6ae3023961?format=json&states=listing" "txca603bee9e8d491896fd8-006924c2c1" "proxy-server 21" 0.0003 "-" 21 0
Nov 24 20:40:33 standalone object-server[122232]: 172.20.0.100 - - [24/Nov/2025:20:40:33 +0000] "GET /d1/657/AUTH_72bf37b676bd4e52b77caf5e47156c79/gnocchi.667f5bc1-073b-4414-a1cb-fc6ae3023961/none_v3" 404 70 "GET http://localhost:8080/v1/AUTH_72bf37b676bd4e52b77caf5e47156c79/gnocchi.667f5bc1-073b-4414-a1cb-fc6ae3023961/none_v3" "txca603bee9e8d491896fd8-006924c2c1" "proxy-server 21" 0.0008 "-" 20 0
Nov 24 20:40:33 standalone proxy-server[124105]: 172.18.0.2 ::1 24/Nov/2025/20/40/33 GET /v1/AUTH_72bf37b676bd4e52b77caf5e47156c79/gnocchi.667f5bc1-073b-4414-a1cb-fc6ae3023961/none_v3 HTTP/1.0 404 - python-swiftclient-3.11.1 gAAAAABpJMH6xQnf... - 70 - txca603bee9e8d491896fd8-006924c2c1 - 0.0088 - - 1764016833.012449741 1764016833.021280766 0
Nov 24 20:40:33 standalone account-server[121917]: 172.20.0.100 - - [24/Nov/2025:20:40:33 +0000] "PUT /d1/421/AUTH_72bf37b676bd4e52b77caf5e47156c79/gnocchi.667f5bc1-073b-4414-a1cb-fc6ae3023961" 201 - "PUT http://172.20.0.100:6001/d1/172/AUTH_72bf37b676bd4e52b77caf5e47156c79/gnocchi.667f5bc1-073b-4414-a1cb-fc6ae3023961" "tx18b5bfd266f1492188b22-006924c2c1" "container-server 20" 0.0043 "-" 20 0
Nov 24 20:40:33 standalone container-server[122028]: 172.20.0.100 - - [24/Nov/2025:20:40:33 +0000] "PUT /d1/172/AUTH_72bf37b676bd4e52b77caf5e47156c79/gnocchi.667f5bc1-073b-4414-a1cb-fc6ae3023961" 201 - "PUT http://localhost:8080/v1/AUTH_72bf37b676bd4e52b77caf5e47156c79/gnocchi.667f5bc1-073b-4414-a1cb-fc6ae3023961" "tx18b5bfd266f1492188b22-006924c2c1" "proxy-server 21" 0.0158 "-" 20 0
Nov 24 20:40:33 standalone proxy-server[124105]: 172.18.0.2 ::1 24/Nov/2025/20/40/33 PUT /v1/AUTH_72bf37b676bd4e52b77caf5e47156c79/gnocchi.667f5bc1-073b-4414-a1cb-fc6ae3023961 HTTP/1.0 201 - python-swiftclient-3.11.1 gAAAAABpJMH6xQnf... - - - tx18b5bfd266f1492188b22-006924c2c1 - 0.0198 - - 1764016833.023769617 1764016833.043591261 0
Nov 24 20:40:33 standalone container-server[122043]: 172.20.0.100 - - [24/Nov/2025:20:40:33 +0000] "HEAD /d1/172/AUTH_72bf37b676bd4e52b77caf5e47156c79/gnocchi.667f5bc1-073b-4414-a1cb-fc6ae3023961" 204 - "HEAD http://localhost:8080/v1/AUTH_72bf37b676bd4e52b77caf5e47156c79/gnocchi.667f5bc1-073b-4414-a1cb-fc6ae3023961?format=json&states=listing" "txef37db25a4704a3f9f91c-006924c2c1" "proxy-server 21" 0.0012 "-" 21 0
Nov 24 20:40:33 standalone proxy-server[124105]: - - 24/Nov/2025/20/40/33 HEAD /v1/AUTH_72bf37b676bd4e52b77caf5e47156c79/gnocchi.667f5bc1-073b-4414-a1cb-fc6ae3023961%3Fformat%3Djson%26states%3Dlisting HTTP/1.0 204 - Swift - - - - txef37db25a4704a3f9f91c-006924c2c1 - 0.0037 RL - 1764016833.048259735 1764016833.051956654 0
Nov 24 20:40:33 standalone container-server[122049]: 172.20.0.100 - - [24/Nov/2025:20:40:33 +0000] "GET /d1/172/AUTH_72bf37b676bd4e52b77caf5e47156c79/gnocchi.667f5bc1-073b-4414-a1cb-fc6ae3023961" 200 2 "GET http://localhost:8080/v1/AUTH_72bf37b676bd4e52b77caf5e47156c79/gnocchi.667f5bc1-073b-4414-a1cb-fc6ae3023961?format=json&states=listing" "txef37db25a4704a3f9f91c-006924c2c1" "proxy-server 21" 0.0017 "-" 23 0
Nov 24 20:40:33 standalone proxy-server[124105]: 172.18.0.2 ::1 24/Nov/2025/20/40/33 GET /v1/AUTH_72bf37b676bd4e52b77caf5e47156c79/gnocchi.667f5bc1-073b-4414-a1cb-fc6ae3023961%3Fformat%3Djson%26states%3Dlisting HTTP/1.0 200 - python-swiftclient-3.11.1 gAAAAABpJMH6xQnf... - 2 - txef37db25a4704a3f9f91c-006924c2c1 - 0.0108 - - 1764016833.047460556 1764016833.058227301 0
Nov 24 20:40:33 standalone object-server[122224]: 172.20.0.100 - - [24/Nov/2025:20:40:33 +0000] "GET /d1/516/AUTH_72bf37b676bd4e52b77caf5e47156c79/gnocchi.667f5bc1-073b-4414-a1cb-fc6ae3023961/1763640000.0_mean_300.0_v3" 404 70 "GET http://localhost:8080/v1/AUTH_72bf37b676bd4e52b77caf5e47156c79/gnocchi.667f5bc1-073b-4414-a1cb-fc6ae3023961/1763640000.0_mean_300.0_v3" "tx842de9335c5b43308b74a-006924c2c1" "proxy-server 21" 0.0005 "-" 19 0
Nov 24 20:40:33 standalone proxy-server[124105]: 172.18.0.2 ::1 24/Nov/2025/20/40/33 GET /v1/AUTH_72bf37b676bd4e52b77caf5e47156c79/gnocchi.667f5bc1-073b-4414-a1cb-fc6ae3023961/1763640000.0_mean_300.0_v3 HTTP/1.0 404 - python-swiftclient-3.11.1 gAAAAABpJMH6xQnf... - 70 - tx842de9335c5b43308b74a-006924c2c1 - 0.0052 - - 1764016833.062224150 1764016833.067460775 0
Nov 24 20:40:33 standalone container-server[122043]: 172.20.0.100 - - [24/Nov/2025:20:40:33 +0000] "PUT /d1/172/AUTH_72bf37b676bd4e52b77caf5e47156c79/gnocchi.667f5bc1-073b-4414-a1cb-fc6ae3023961/1763640000.0_mean_300.0_v3" 201 - "PUT http://localhost:8080/d1/516/AUTH_72bf37b676bd4e52b77caf5e47156c79/gnocchi.667f5bc1-073b-4414-a1cb-fc6ae3023961/1763640000.0_mean_300.0_v3" "tx1e193b43fc324c16866da-006924c2c1" "object-server 19" 0.0005 "-" 21 0
Nov 24 20:40:33 standalone object-server[122224]: 172.20.0.100 - - [24/Nov/2025:20:40:33 +0000] "PUT /d1/516/AUTH_72bf37b676bd4e52b77caf5e47156c79/gnocchi.667f5bc1-073b-4414-a1cb-fc6ae3023961/1763640000.0_mean_300.0_v3" 201 - "PUT http://localhost:8080/v1/AUTH_72bf37b676bd4e52b77caf5e47156c79/gnocchi.667f5bc1-073b-4414-a1cb-fc6ae3023961/1763640000.0_mean_300.0_v3" "tx1e193b43fc324c16866da-006924c2c1" "proxy-server 21" 0.0091 "-" 19 0
Nov 24 20:40:33 standalone proxy-server[124105]: 172.18.0.2 ::1 24/Nov/2025/20/40/33 PUT /v1/AUTH_72bf37b676bd4e52b77caf5e47156c79/gnocchi.667f5bc1-073b-4414-a1cb-fc6ae3023961/1763640000.0_mean_300.0_v3 HTTP/1.0 201 - python-swiftclient-3.11.1 gAAAAABpJMH6xQnf... 16 - - tx1e193b43fc324c16866da-006924c2c1 - 0.0134 - - 1764016833.069718838 1764016833.083096266 0
Nov 24 20:40:33 standalone container-server[122049]: 172.20.0.100 - - [24/Nov/2025:20:40:33 +0000] "PUT /d1/172/AUTH_72bf37b676bd4e52b77caf5e47156c79/gnocchi.667f5bc1-073b-4414-a1cb-fc6ae3023961/none_v3" 201 - "PUT http://localhost:8080/d1/657/AUTH_72bf37b676bd4e52b77caf5e47156c79/gnocchi.667f5bc1-073b-4414-a1cb-fc6ae3023961/none_v3" "tx8298bf6677f84552b02b3-006924c2c1" "object-server 20" 0.0005 "-" 23 0
Nov 24 20:40:33 standalone object-server[122232]: 172.20.0.100 - - [24/Nov/2025:20:40:33 +0000] "PUT /d1/657/AUTH_72bf37b676bd4e52b77caf5e47156c79/gnocchi.667f5bc1-073b-4414-a1cb-fc6ae3023961/none_v3" 201 - "PUT http://localhost:8080/v1/AUTH_72bf37b676bd4e52b77caf5e47156c79/gnocchi.667f5bc1-073b-4414-a1cb-fc6ae3023961/none_v3" "tx8298bf6677f84552b02b3-006924c2c1" "proxy-server 21" 0.0093 "-" 20 0
Nov 24 20:40:33 standalone proxy-server[124105]: 172.18.0.2 ::1 24/Nov/2025/20/40/33 PUT /v1/AUTH_72bf37b676bd4e52b77caf5e47156c79/gnocchi.667f5bc1-073b-4414-a1cb-fc6ae3023961/none_v3 HTTP/1.0 201 - python-swiftclient-3.11.1 gAAAAABpJMH6xQnf... 22 - - tx8298bf6677f84552b02b3-006924c2c1 - 0.0136 - - 1764016833.085341454 1764016833.098967314 0
Nov 24 20:40:33 standalone container-server[122046]: 172.20.0.100 - - [24/Nov/2025:20:40:33 +0000] "HEAD /d1/196/AUTH_72bf37b676bd4e52b77caf5e47156c79/gnocchi.75b6a0a9-783d-4617-8ac2-f05134434060" 404 - "HEAD http://localhost:8080/v1/AUTH_72bf37b676bd4e52b77caf5e47156c79/gnocchi.75b6a0a9-783d-4617-8ac2-f05134434060?format=json&states=listing" "tx2b4e5a41cfd24e65bf651-006924c2c1" "proxy-server 21" 0.0006 "-" 22 0
Nov 24 20:40:33 standalone object-server[122232]: 172.20.0.100 - - [24/Nov/2025:20:40:33 +0000] "GET /d1/909/AUTH_72bf37b676bd4e52b77caf5e47156c79/gnocchi.75b6a0a9-783d-4617-8ac2-f05134434060/none_v3" 404 70 "GET http://localhost:8080/v1/AUTH_72bf37b676bd4e52b77caf5e47156c79/gnocchi.75b6a0a9-783d-4617-8ac2-f05134434060/none_v3" "tx2b4e5a41cfd24e65bf651-006924c2c1" "proxy-server 21" 0.0003 "-" 20 0
Nov 24 20:40:33 standalone proxy-server[124105]: 172.18.0.2 ::1 24/Nov/2025/20/40/33 GET /v1/AUTH_72bf37b676bd4e52b77caf5e47156c79/gnocchi.75b6a0a9-783d-4617-8ac2-f05134434060/none_v3 HTTP/1.0 404 - python-swiftclient-3.11.1 gAAAAABpJMH6xQnf... - 70 - tx2b4e5a41cfd24e65bf651-006924c2c1 - 0.0075 - - 1764016833.107446432 1764016833.114924192 0
Nov 24 20:40:33 standalone account-server[121951]: 172.20.0.100 - - [24/Nov/2025:20:40:33 +0000] "PUT /d1/421/AUTH_72bf37b676bd4e52b77caf5e47156c79/gnocchi.75b6a0a9-783d-4617-8ac2-f05134434060" 201 - "PUT http://172.20.0.100:6001/d1/196/AUTH_72bf37b676bd4e52b77caf5e47156c79/gnocchi.75b6a0a9-783d-4617-8ac2-f05134434060" "txd36e1d4ff03c4c22932a3-006924c2c1" "container-server 21" 0.0043 "-" 21 0
Nov 24 20:40:33 standalone container-server[122043]: 172.20.0.100 - - [24/Nov/2025:20:40:33 +0000] "PUT /d1/196/AUTH_72bf37b676bd4e52b77caf5e47156c79/gnocchi.75b6a0a9-783d-4617-8ac2-f05134434060" 201 - "PUT http://localhost:8080/v1/AUTH_72bf37b676bd4e52b77caf5e47156c79/gnocchi.75b6a0a9-783d-4617-8ac2-f05134434060" "txd36e1d4ff03c4c22932a3-006924c2c1" "proxy-server 21" 0.0127 "-" 21 0
Nov 24 20:40:33 standalone proxy-server[124105]: 172.18.0.2 ::1 24/Nov/2025/20/40/33 PUT /v1/AUTH_72bf37b676bd4e52b77caf5e47156c79/gnocchi.75b6a0a9-783d-4617-8ac2-f05134434060 HTTP/1.0 201 - python-swiftclient-3.11.1 gAAAAABpJMH6xQnf... - - - txd36e1d4ff03c4c22932a3-006924c2c1 - 0.0159 - - 1764016833.117101431 1764016833.132956266 0
Nov 24 20:40:33 standalone container-server[122046]: 172.20.0.100 - - [24/Nov/2025:20:40:33 +0000] "HEAD /d1/196/AUTH_72bf37b676bd4e52b77caf5e47156c79/gnocchi.75b6a0a9-783d-4617-8ac2-f05134434060" 204 - "HEAD http://localhost:8080/v1/AUTH_72bf37b676bd4e52b77caf5e47156c79/gnocchi.75b6a0a9-783d-4617-8ac2-f05134434060?format=json&states=listing" "txcc5781414e354e4f89536-006924c2c1" "proxy-server 21" 0.0021 "-" 22 0
Nov 24 20:40:33 standalone proxy-server[124105]: - - 24/Nov/2025/20/40/33 HEAD /v1/AUTH_72bf37b676bd4e52b77caf5e47156c79/gnocchi.75b6a0a9-783d-4617-8ac2-f05134434060%3Fformat%3Djson%26states%3Dlisting HTTP/1.0 204 - Swift - - - - txcc5781414e354e4f89536-006924c2c1 - 0.0053 RL - 1764016833.136810541 1764016833.142111301 0
Nov 24 20:40:33 standalone container-server[122046]: 172.20.0.100 - - [24/Nov/2025:20:40:33 +0000] "GET /d1/196/AUTH_72bf37b676bd4e52b77caf5e47156c79/gnocchi.75b6a0a9-783d-4617-8ac2-f05134434060" 200 2 "GET http://localhost:8080/v1/AUTH_72bf37b676bd4e52b77caf5e47156c79/gnocchi.75b6a0a9-783d-4617-8ac2-f05134434060?format=json&states=listing" "txcc5781414e354e4f89536-006924c2c1" "proxy-server 21" 0.0032 "-" 22 0
Nov 24 20:40:33 standalone proxy-server[124105]: 172.18.0.2 ::1 24/Nov/2025/20/40/33 GET /v1/AUTH_72bf37b676bd4e52b77caf5e47156c79/gnocchi.75b6a0a9-783d-4617-8ac2-f05134434060%3Fformat%3Djson%26states%3Dlisting HTTP/1.0 200 - python-swiftclient-3.11.1 gAAAAABpJMH6xQnf... - 2 - txcc5781414e354e4f89536-006924c2c1 - 0.0152 - - 1764016833.136081696 1764016833.151277542 0
Nov 24 20:40:33 standalone object-server[122242]: 172.20.0.100 - - [24/Nov/2025:20:40:33 +0000] "GET /d1/449/AUTH_72bf37b676bd4e52b77caf5e47156c79/gnocchi.75b6a0a9-783d-4617-8ac2-f05134434060/1763640000.0_mean_300.0_v3" 404 70 "GET http://localhost:8080/v1/AUTH_72bf37b676bd4e52b77caf5e47156c79/gnocchi.75b6a0a9-783d-4617-8ac2-f05134434060/1763640000.0_mean_300.0_v3" "txeccd00873f1041819e524-006924c2c1" "proxy-server 21" 0.0004 "-" 23 0
Nov 24 20:40:33 standalone proxy-server[124105]: 172.18.0.2 ::1 24/Nov/2025/20/40/33 GET /v1/AUTH_72bf37b676bd4e52b77caf5e47156c79/gnocchi.75b6a0a9-783d-4617-8ac2-f05134434060/1763640000.0_mean_300.0_v3 HTTP/1.0 404 - python-swiftclient-3.11.1 gAAAAABpJMH6xQnf... - 70 - txeccd00873f1041819e524-006924c2c1 - 0.0050 - - 1764016833.153918982 1764016833.158948183 0
Nov 24 20:40:33 standalone container-server[122046]: 172.20.0.100 - - [24/Nov/2025:20:40:33 +0000] "PUT /d1/196/AUTH_72bf37b676bd4e52b77caf5e47156c79/gnocchi.75b6a0a9-783d-4617-8ac2-f05134434060/1763640000.0_mean_300.0_v3" 201 - "PUT http://localhost:8080/d1/449/AUTH_72bf37b676bd4e52b77caf5e47156c79/gnocchi.75b6a0a9-783d-4617-8ac2-f05134434060/1763640000.0_mean_300.0_v3" "txaf9559270f0a48a19fb92-006924c2c1" "object-server 20" 0.0008 "-" 22 0
Nov 24 20:40:33 standalone object-server[122232]: 172.20.0.100 - - [24/Nov/2025:20:40:33 +0000] "PUT /d1/449/AUTH_72bf37b676bd4e52b77caf5e47156c79/gnocchi.75b6a0a9-783d-4617-8ac2-f05134434060/1763640000.0_mean_300.0_v3" 201 - "PUT http://localhost:8080/v1/AUTH_72bf37b676bd4e52b77caf5e47156c79/gnocchi.75b6a0a9-783d-4617-8ac2-f05134434060/1763640000.0_mean_300.0_v3" "txaf9559270f0a48a19fb92-006924c2c1" "proxy-server 21" 0.0079 "-" 20 0
Nov 24 20:40:33 standalone proxy-server[124105]: 172.18.0.2 ::1 24/Nov/2025/20/40/33 PUT /v1/AUTH_72bf37b676bd4e52b77caf5e47156c79/gnocchi.75b6a0a9-783d-4617-8ac2-f05134434060/1763640000.0_mean_300.0_v3 HTTP/1.0 201 - python-swiftclient-3.11.1 gAAAAABpJMH6xQnf... 16 - - txaf9559270f0a48a19fb92-006924c2c1 - 0.0118 - - 1764016833.161369801 1764016833.173168898 0
Nov 24 20:40:33 standalone container-server[122049]: 172.20.0.100 - - [24/Nov/2025:20:40:33 +0000] "PUT /d1/196/AUTH_72bf37b676bd4e52b77caf5e47156c79/gnocchi.75b6a0a9-783d-4617-8ac2-f05134434060/none_v3" 201 - "PUT http://localhost:8080/d1/909/AUTH_72bf37b676bd4e52b77caf5e47156c79/gnocchi.75b6a0a9-783d-4617-8ac2-f05134434060/none_v3" "txaf9c6ab6c8584aceb8f07-006924c2c1" "object-server 20" 0.0004 "-" 23 0
Nov 24 20:40:33 standalone object-server[122232]: 172.20.0.100 - - [24/Nov/2025:20:40:33 +0000] "PUT /d1/909/AUTH_72bf37b676bd4e52b77caf5e47156c79/gnocchi.75b6a0a9-783d-4617-8ac2-f05134434060/none_v3" 201 - "PUT http://localhost:8080/v1/AUTH_72bf37b676bd4e52b77caf5e47156c79/gnocchi.75b6a0a9-783d-4617-8ac2-f05134434060/none_v3" "txaf9c6ab6c8584aceb8f07-006924c2c1" "proxy-server 21" 0.0086 "-" 20 0
Nov 24 20:40:33 standalone proxy-server[124105]: 172.18.0.2 ::1 24/Nov/2025/20/40/33 PUT /v1/AUTH_72bf37b676bd4e52b77caf5e47156c79/gnocchi.75b6a0a9-783d-4617-8ac2-f05134434060/none_v3 HTTP/1.0 201 - python-swiftclient-3.11.1 gAAAAABpJMH6xQnf... 22 - - txaf9c6ab6c8584aceb8f07-006924c2c1 - 0.0122 - - 1764016833.175384521 1764016833.187535524 0
Nov 24 20:40:33 standalone container-server[122049]: 172.20.0.100 - - [24/Nov/2025:20:40:33 +0000] "HEAD /d1/222/AUTH_72bf37b676bd4e52b77caf5e47156c79/gnocchi.b70dedfd-ab10-47c2-9dd6-b595a0a79d0d" 404 - "HEAD http://localhost:8080/v1/AUTH_72bf37b676bd4e52b77caf5e47156c79/gnocchi.b70dedfd-ab10-47c2-9dd6-b595a0a79d0d?format=json&states=listing" "tx75d1d8956bbd48288cd0d-006924c2c1" "proxy-server 21" 0.0004 "-" 23 0
Nov 24 20:40:33 standalone object-server[122224]: 172.20.0.100 - - [24/Nov/2025:20:40:33 +0000] "GET /d1/131/AUTH_72bf37b676bd4e52b77caf5e47156c79/gnocchi.b70dedfd-ab10-47c2-9dd6-b595a0a79d0d/none_v3" 404 70 "GET http://localhost:8080/v1/AUTH_72bf37b676bd4e52b77caf5e47156c79/gnocchi.b70dedfd-ab10-47c2-9dd6-b595a0a79d0d/none_v3" "tx75d1d8956bbd48288cd0d-006924c2c1" "proxy-server 21" 0.0004 "-" 19 0
Nov 24 20:40:33 standalone proxy-server[124105]: 172.18.0.2 ::1 24/Nov/2025/20/40/33 GET /v1/AUTH_72bf37b676bd4e52b77caf5e47156c79/gnocchi.b70dedfd-ab10-47c2-9dd6-b595a0a79d0d/none_v3 HTTP/1.0 404 - python-swiftclient-3.11.1 gAAAAABpJMH6xQnf... - 70 - tx75d1d8956bbd48288cd0d-006924c2c1 - 0.0080 - - 1764016833.195966244 1764016833.203980207 0
Nov 24 20:40:33 standalone account-server[121951]: 172.20.0.100 - - [24/Nov/2025:20:40:33 +0000] "PUT /d1/421/AUTH_72bf37b676bd4e52b77caf5e47156c79/gnocchi.b70dedfd-ab10-47c2-9dd6-b595a0a79d0d" 201 - "PUT http://172.20.0.100:6001/d1/222/AUTH_72bf37b676bd4e52b77caf5e47156c79/gnocchi.b70dedfd-ab10-47c2-9dd6-b595a0a79d0d" "txb4525fe72e7c4b3ea19f6-006924c2c1" "container-server 21" 0.0040 "-" 21 0
Nov 24 20:40:33 standalone container-server[122043]: 172.20.0.100 - - [24/Nov/2025:20:40:33 +0000] "PUT /d1/222/AUTH_72bf37b676bd4e52b77caf5e47156c79/gnocchi.b70dedfd-ab10-47c2-9dd6-b595a0a79d0d" 201 - "PUT http://localhost:8080/v1/AUTH_72bf37b676bd4e52b77caf5e47156c79/gnocchi.b70dedfd-ab10-47c2-9dd6-b595a0a79d0d" "txb4525fe72e7c4b3ea19f6-006924c2c1" "proxy-server 21" 0.0146 "-" 21 0
Nov 24 20:40:33 standalone proxy-server[124105]: 172.18.0.2 ::1 24/Nov/2025/20/40/33 PUT /v1/AUTH_72bf37b676bd4e52b77caf5e47156c79/gnocchi.b70dedfd-ab10-47c2-9dd6-b595a0a79d0d HTTP/1.0 201 - python-swiftclient-3.11.1 gAAAAABpJMH6xQnf... - - - txb4525fe72e7c4b3ea19f6-006924c2c1 - 0.0180 - - 1764016833.206158638 1764016833.224166155 0
Nov 24 20:40:33 standalone container-server[122049]: 172.20.0.100 - - [24/Nov/2025:20:40:33 +0000] "HEAD /d1/222/AUTH_72bf37b676bd4e52b77caf5e47156c79/gnocchi.b70dedfd-ab10-47c2-9dd6-b595a0a79d0d" 204 - "HEAD http://localhost:8080/v1/AUTH_72bf37b676bd4e52b77caf5e47156c79/gnocchi.b70dedfd-ab10-47c2-9dd6-b595a0a79d0d?format=json&states=listing" "tx05616f1d9b164db4938ff-006924c2c1" "proxy-server 21" 0.0014 "-" 23 0
Nov 24 20:40:33 standalone proxy-server[124105]: - - 24/Nov/2025/20/40/33 HEAD /v1/AUTH_72bf37b676bd4e52b77caf5e47156c79/gnocchi.b70dedfd-ab10-47c2-9dd6-b595a0a79d0d%3Fformat%3Djson%26states%3Dlisting HTTP/1.0 204 - Swift - - - - tx05616f1d9b164db4938ff-006924c2c1 - 0.0037 RL - 1764016833.229110241 1764016833.232819796 0
Nov 24 20:40:33 standalone container-server[122046]: 172.20.0.100 - - [24/Nov/2025:20:40:33 +0000] "GET /d1/222/AUTH_72bf37b676bd4e52b77caf5e47156c79/gnocchi.b70dedfd-ab10-47c2-9dd6-b595a0a79d0d" 200 2 "GET http://localhost:8080/v1/AUTH_72bf37b676bd4e52b77caf5e47156c79/gnocchi.b70dedfd-ab10-47c2-9dd6-b595a0a79d0d?format=json&states=listing" "tx05616f1d9b164db4938ff-006924c2c1" "proxy-server 21" 0.0034 "-" 22 0
Nov 24 20:40:33 standalone proxy-server[124105]: 172.18.0.2 ::1 24/Nov/2025/20/40/33 GET /v1/AUTH_72bf37b676bd4e52b77caf5e47156c79/gnocchi.b70dedfd-ab10-47c2-9dd6-b595a0a79d0d%3Fformat%3Djson%26states%3Dlisting HTTP/1.0 200 - python-swiftclient-3.11.1 gAAAAABpJMH6xQnf... - 2 - tx05616f1d9b164db4938ff-006924c2c1 - 0.0128 - - 1764016833.228231668 1764016833.241077662 0
Nov 24 20:40:33 standalone object-server[122261]: 172.20.0.100 - - [24/Nov/2025:20:40:33 +0000] "GET /d1/351/AUTH_72bf37b676bd4e52b77caf5e47156c79/gnocchi.b70dedfd-ab10-47c2-9dd6-b595a0a79d0d/1763640000.0_mean_300.0_v3" 404 70 "GET http://localhost:8080/v1/AUTH_72bf37b676bd4e52b77caf5e47156c79/gnocchi.b70dedfd-ab10-47c2-9dd6-b595a0a79d0d/1763640000.0_mean_300.0_v3" "txec702bfe27664e239d0e7-006924c2c1" "proxy-server 21" 0.0003 "-" 24 0
Nov 24 20:40:33 standalone proxy-server[124105]: 172.18.0.2 ::1 24/Nov/2025/20/40/33 GET /v1/AUTH_72bf37b676bd4e52b77caf5e47156c79/gnocchi.b70dedfd-ab10-47c2-9dd6-b595a0a79d0d/1763640000.0_mean_300.0_v3 HTTP/1.0 404 - python-swiftclient-3.11.1 gAAAAABpJMH6xQnf... - 70 - txec702bfe27664e239d0e7-006924c2c1 - 0.0039 - - 1764016833.243806124 1764016833.247666597 0
Nov 24 20:40:33 standalone container-server[122046]: 172.20.0.100 - - [24/Nov/2025:20:40:33 +0000] "PUT /d1/222/AUTH_72bf37b676bd4e52b77caf5e47156c79/gnocchi.b70dedfd-ab10-47c2-9dd6-b595a0a79d0d/1763640000.0_mean_300.0_v3" 201 - "PUT http://localhost:8080/d1/351/AUTH_72bf37b676bd4e52b77caf5e47156c79/gnocchi.b70dedfd-ab10-47c2-9dd6-b595a0a79d0d/1763640000.0_mean_300.0_v3" "txa29836d0cea24fd1a6302-006924c2c1" "object-server 23" 0.0014 "-" 22 0
Nov 24 20:40:33 standalone object-server[122242]: 172.20.0.100 - - [24/Nov/2025:20:40:33 +0000] "PUT /d1/351/AUTH_72bf37b676bd4e52b77caf5e47156c79/gnocchi.b70dedfd-ab10-47c2-9dd6-b595a0a79d0d/1763640000.0_mean_300.0_v3" 201 - "PUT http://localhost:8080/v1/AUTH_72bf37b676bd4e52b77caf5e47156c79/gnocchi.b70dedfd-ab10-47c2-9dd6-b595a0a79d0d/1763640000.0_mean_300.0_v3" "txa29836d0cea24fd1a6302-006924c2c1" "proxy-server 21" 0.0130 "-" 23 0
Nov 24 20:40:33 standalone proxy-server[124105]: 172.18.0.2 ::1 24/Nov/2025/20/40/33 PUT /v1/AUTH_72bf37b676bd4e52b77caf5e47156c79/gnocchi.b70dedfd-ab10-47c2-9dd6-b595a0a79d0d/1763640000.0_mean_300.0_v3 HTTP/1.0 201 - python-swiftclient-3.11.1 gAAAAABpJMH6xQnf... 16 - - txa29836d0cea24fd1a6302-006924c2c1 - 0.0179 - - 1764016833.249997854 1764016833.267928362 0
Nov 24 20:40:33 standalone container-server[122028]: 172.20.0.100 - - [24/Nov/2025:20:40:33 +0000] "PUT /d1/222/AUTH_72bf37b676bd4e52b77caf5e47156c79/gnocchi.b70dedfd-ab10-47c2-9dd6-b595a0a79d0d/none_v3" 201 - "PUT http://localhost:8080/d1/131/AUTH_72bf37b676bd4e52b77caf5e47156c79/gnocchi.b70dedfd-ab10-47c2-9dd6-b595a0a79d0d/none_v3" "txf355a92378744899b9eeb-006924c2c1" "object-server 23" 0.0007 "-" 20 0
Nov 24 20:40:33 standalone object-server[122242]: 172.20.0.100 - - [24/Nov/2025:20:40:33 +0000] "PUT /d1/131/AUTH_72bf37b676bd4e52b77caf5e47156c79/gnocchi.b70dedfd-ab10-47c2-9dd6-b595a0a79d0d/none_v3" 201 - "PUT http://localhost:8080/v1/AUTH_72bf37b676bd4e52b77caf5e47156c79/gnocchi.b70dedfd-ab10-47c2-9dd6-b595a0a79d0d/none_v3" "txf355a92378744899b9eeb-006924c2c1" "proxy-server 21" 0.0111 "-" 23 0
Nov 24 20:40:33 standalone proxy-server[124105]: 172.18.0.2 ::1 24/Nov/2025/20/40/33 PUT /v1/AUTH_72bf37b676bd4e52b77caf5e47156c79/gnocchi.b70dedfd-ab10-47c2-9dd6-b595a0a79d0d/none_v3 HTTP/1.0 201 - python-swiftclient-3.11.1 gAAAAABpJMH6xQnf... 22 - - txf355a92378744899b9eeb-006924c2c1 - 0.0159 - - 1764016833.271900892 1764016833.287796497 0
Nov 24 20:40:33 standalone container-server[122046]: 172.20.0.100 - - [24/Nov/2025:20:40:33 +0000] "HEAD /d1/1006/AUTH_72bf37b676bd4e52b77caf5e47156c79/gnocchi.ac748187-5dd9-4b97-ba3c-286f8accf035" 404 - "HEAD http://localhost:8080/v1/AUTH_72bf37b676bd4e52b77caf5e47156c79/gnocchi.ac748187-5dd9-4b97-ba3c-286f8accf035?format=json&states=listing" "tx0f412fa86ec2417890cb6-006924c2c1" "proxy-server 21" 0.0005 "-" 22 0
Nov 24 20:40:33 standalone object-server[122242]: 172.20.0.100 - - [24/Nov/2025:20:40:33 +0000] "GET /d1/817/AUTH_72bf37b676bd4e52b77caf5e47156c79/gnocchi.ac748187-5dd9-4b97-ba3c-286f8accf035/none_v3" 404 70 "GET http://localhost:8080/v1/AUTH_72bf37b676bd4e52b77caf5e47156c79/gnocchi.ac748187-5dd9-4b97-ba3c-286f8accf035/none_v3" "tx0f412fa86ec2417890cb6-006924c2c1" "proxy-server 21" 0.0005 "-" 23 0
Nov 24 20:40:33 standalone proxy-server[124105]: 172.18.0.2 ::1 24/Nov/2025/20/40/33 GET /v1/AUTH_72bf37b676bd4e52b77caf5e47156c79/gnocchi.ac748187-5dd9-4b97-ba3c-286f8accf035/none_v3 HTTP/1.0 404 - python-swiftclient-3.11.1 gAAAAABpJMH6xQnf... - 70 - tx0f412fa86ec2417890cb6-006924c2c1 - 0.0095 - - 1764016833.302739859 1764016833.312235117 0
Nov 24 20:40:33 standalone account-server[121951]: 172.20.0.100 - - [24/Nov/2025:20:40:33 +0000] "PUT /d1/421/AUTH_72bf37b676bd4e52b77caf5e47156c79/gnocchi.ac748187-5dd9-4b97-ba3c-286f8accf035" 201 - "PUT http://172.20.0.100:6001/d1/1006/AUTH_72bf37b676bd4e52b77caf5e47156c79/gnocchi.ac748187-5dd9-4b97-ba3c-286f8accf035" "txa821b32aae2a49da8289a-006924c2c1" "container-server 21" 0.0060 "-" 21 0
Nov 24 20:40:33 standalone container-server[122043]: 172.20.0.100 - - [24/Nov/2025:20:40:33 +0000] "PUT /d1/1006/AUTH_72bf37b676bd4e52b77caf5e47156c79/gnocchi.ac748187-5dd9-4b97-ba3c-286f8accf035" 201 - "PUT http://localhost:8080/v1/AUTH_72bf37b676bd4e52b77caf5e47156c79/gnocchi.ac748187-5dd9-4b97-ba3c-286f8accf035" "txa821b32aae2a49da8289a-006924c2c1" "proxy-server 21" 0.0165 "-" 21 0
Nov 24 20:40:33 standalone proxy-server[124105]: 172.18.0.2 ::1 24/Nov/2025/20/40/33 PUT /v1/AUTH_72bf37b676bd4e52b77caf5e47156c79/gnocchi.ac748187-5dd9-4b97-ba3c-286f8accf035 HTTP/1.0 201 - python-swiftclient-3.11.1 gAAAAABpJMH6xQnf... - - - txa821b32aae2a49da8289a-006924c2c1 - 0.0202 - - 1764016833.316267014 1764016833.336505413 0
Nov 24 20:40:33 standalone container-server[122046]: 172.20.0.100 - - [24/Nov/2025:20:40:33 +0000] "HEAD /d1/1006/AUTH_72bf37b676bd4e52b77caf5e47156c79/gnocchi.ac748187-5dd9-4b97-ba3c-286f8accf035" 204 - "HEAD http://localhost:8080/v1/AUTH_72bf37b676bd4e52b77caf5e47156c79/gnocchi.ac748187-5dd9-4b97-ba3c-286f8accf035?format=json&states=listing" "tx6ea881cc83214d4889a2a-006924c2c1" "proxy-server 21" 0.0022 "-" 22 0
Nov 24 20:40:33 standalone proxy-server[124105]: - - 24/Nov/2025/20/40/33 HEAD /v1/AUTH_72bf37b676bd4e52b77caf5e47156c79/gnocchi.ac748187-5dd9-4b97-ba3c-286f8accf035%3Fformat%3Djson%26states%3Dlisting HTTP/1.0 204 - Swift - - - - tx6ea881cc83214d4889a2a-006924c2c1 - 0.0085 RL - 1764016833.341769457 1764016833.350296974 0
Nov 24 20:40:33 standalone container-server[122049]: 172.20.0.100 - - [24/Nov/2025:20:40:33 +0000] "GET /d1/1006/AUTH_72bf37b676bd4e52b77caf5e47156c79/gnocchi.ac748187-5dd9-4b97-ba3c-286f8accf035" 200 2 "GET http://localhost:8080/v1/AUTH_72bf37b676bd4e52b77caf5e47156c79/gnocchi.ac748187-5dd9-4b97-ba3c-286f8accf035?format=json&states=listing" "tx6ea881cc83214d4889a2a-006924c2c1" "proxy-server 21" 0.0034 "-" 23 0
Nov 24 20:40:33 standalone proxy-server[124105]: 172.18.0.2 ::1 24/Nov/2025/20/40/33 GET /v1/AUTH_72bf37b676bd4e52b77caf5e47156c79/gnocchi.ac748187-5dd9-4b97-ba3c-286f8accf035%3Fformat%3Djson%26states%3Dlisting HTTP/1.0 200 - python-swiftclient-3.11.1 gAAAAABpJMH6xQnf... - 2 - tx6ea881cc83214d4889a2a-006924c2c1 - 0.0219 - - 1764016833.341047525 1764016833.362929106 0
Nov 24 20:40:33 standalone object-server[122242]: 172.20.0.100 - - [24/Nov/2025:20:40:33 +0000] "GET /d1/693/AUTH_72bf37b676bd4e52b77caf5e47156c79/gnocchi.ac748187-5dd9-4b97-ba3c-286f8accf035/1763640000.0_mean_300.0_v3" 404 70 "GET http://localhost:8080/v1/AUTH_72bf37b676bd4e52b77caf5e47156c79/gnocchi.ac748187-5dd9-4b97-ba3c-286f8accf035/1763640000.0_mean_300.0_v3" "tx3cc93fb1878f42b094dbc-006924c2c1" "proxy-server 21" 0.0006 "-" 23 0
Nov 24 20:40:33 standalone proxy-server[124105]: 172.18.0.2 ::1 24/Nov/2025/20/40/33 GET /v1/AUTH_72bf37b676bd4e52b77caf5e47156c79/gnocchi.ac748187-5dd9-4b97-ba3c-286f8accf035/1763640000.0_mean_300.0_v3 HTTP/1.0 404 - python-swiftclient-3.11.1 gAAAAABpJMH6xQnf... - 70 - tx3cc93fb1878f42b094dbc-006924c2c1 - 0.0076 - - 1764016833.368347168 1764016833.375916004 0
Nov 24 20:40:33 standalone container-server[122046]: 172.20.0.100 - - [24/Nov/2025:20:40:33 +0000] "PUT /d1/1006/AUTH_72bf37b676bd4e52b77caf5e47156c79/gnocchi.ac748187-5dd9-4b97-ba3c-286f8accf035/1763640000.0_mean_300.0_v3" 201 - "PUT http://localhost:8080/d1/693/AUTH_72bf37b676bd4e52b77caf5e47156c79/gnocchi.ac748187-5dd9-4b97-ba3c-286f8accf035/1763640000.0_mean_300.0_v3" "tx5851ec403576496990ab7-006924c2c1" "object-server 23" 0.0009 "-" 22 0
Nov 24 20:40:33 standalone object-server[122242]: 172.20.0.100 - - [24/Nov/2025:20:40:33 +0000] "PUT /d1/693/AUTH_72bf37b676bd4e52b77caf5e47156c79/gnocchi.ac748187-5dd9-4b97-ba3c-286f8accf035/1763640000.0_mean_300.0_v3" 201 - "PUT http://localhost:8080/v1/AUTH_72bf37b676bd4e52b77caf5e47156c79/gnocchi.ac748187-5dd9-4b97-ba3c-286f8accf035/1763640000.0_mean_300.0_v3" "tx5851ec403576496990ab7-006924c2c1" "proxy-server 21" 0.0119 "-" 23 0
Nov 24 20:40:33 standalone proxy-server[124105]: 172.18.0.2 ::1 24/Nov/2025/20/40/33 PUT /v1/AUTH_72bf37b676bd4e52b77caf5e47156c79/gnocchi.ac748187-5dd9-4b97-ba3c-286f8accf035/1763640000.0_mean_300.0_v3 HTTP/1.0 201 - python-swiftclient-3.11.1 gAAAAABpJMH6xQnf... 16 - - tx5851ec403576496990ab7-006924c2c1 - 0.0197 - - 1764016833.381173134 1764016833.400868416 0
Nov 24 20:40:33 standalone container-server[122028]: 172.20.0.100 - - [24/Nov/2025:20:40:33 +0000] "PUT /d1/1006/AUTH_72bf37b676bd4e52b77caf5e47156c79/gnocchi.ac748187-5dd9-4b97-ba3c-286f8accf035/none_v3" 201 - "PUT http://localhost:8080/d1/817/AUTH_72bf37b676bd4e52b77caf5e47156c79/gnocchi.ac748187-5dd9-4b97-ba3c-286f8accf035/none_v3" "tx2597497f94164c3d9b386-006924c2c1" "object-server 19" 0.0008 "-" 20 0
Nov 24 20:40:33 standalone object-server[122224]: 172.20.0.100 - - [24/Nov/2025:20:40:33 +0000] "PUT /d1/817/AUTH_72bf37b676bd4e52b77caf5e47156c79/gnocchi.ac748187-5dd9-4b97-ba3c-286f8accf035/none_v3" 201 - "PUT http://localhost:8080/v1/AUTH_72bf37b676bd4e52b77caf5e47156c79/gnocchi.ac748187-5dd9-4b97-ba3c-286f8accf035/none_v3" "tx2597497f94164c3d9b386-006924c2c1" "proxy-server 21" 0.0110 "-" 19 0
Nov 24 20:40:33 standalone proxy-server[124105]: 172.18.0.2 ::1 24/Nov/2025/20/40/33 PUT /v1/AUTH_72bf37b676bd4e52b77caf5e47156c79/gnocchi.ac748187-5dd9-4b97-ba3c-286f8accf035/none_v3 HTTP/1.0 201 - python-swiftclient-3.11.1 gAAAAABpJMH6xQnf... 22 - - tx2597497f94164c3d9b386-006924c2c1 - 0.0182 - - 1764016833.405417204 1764016833.423639059 0
Nov 24 20:40:33 standalone container-server[122043]: 172.20.0.100 - - [24/Nov/2025:20:40:33 +0000] "HEAD /d1/834/AUTH_72bf37b676bd4e52b77caf5e47156c79/gnocchi.08b9e465-1d98-4d5d-87cc-06ddf0b0cdad" 404 - "HEAD http://localhost:8080/v1/AUTH_72bf37b676bd4e52b77caf5e47156c79/gnocchi.08b9e465-1d98-4d5d-87cc-06ddf0b0cdad?format=json&states=listing" "tx8687085ee8d544e48ae05-006924c2c1" "proxy-server 21" 0.0004 "-" 21 0
Nov 24 20:40:33 standalone object-server[122242]: 172.20.0.100 - - [24/Nov/2025:20:40:33 +0000] "GET /d1/621/AUTH_72bf37b676bd4e52b77caf5e47156c79/gnocchi.08b9e465-1d98-4d5d-87cc-06ddf0b0cdad/none_v3" 404 70 "GET http://localhost:8080/v1/AUTH_72bf37b676bd4e52b77caf5e47156c79/gnocchi.08b9e465-1d98-4d5d-87cc-06ddf0b0cdad/none_v3" "tx8687085ee8d544e48ae05-006924c2c1" "proxy-server 21" 0.0005 "-" 23 0
Nov 24 20:40:33 standalone proxy-server[124105]: 172.18.0.2 ::1 24/Nov/2025/20/40/33 GET /v1/AUTH_72bf37b676bd4e52b77caf5e47156c79/gnocchi.08b9e465-1d98-4d5d-87cc-06ddf0b0cdad/none_v3 HTTP/1.0 404 - python-swiftclient-3.11.1 gAAAAABpJMH6xQnf... - 70 - tx8687085ee8d544e48ae05-006924c2c1 - 0.0123 - - 1764016833.439051151 1764016833.451379299 0
Nov 24 20:40:33 standalone account-server[121951]: 172.20.0.100 - - [24/Nov/2025:20:40:33 +0000] "PUT /d1/421/AUTH_72bf37b676bd4e52b77caf5e47156c79/gnocchi.08b9e465-1d98-4d5d-87cc-06ddf0b0cdad" 201 - "PUT http://172.20.0.100:6001/d1/834/AUTH_72bf37b676bd4e52b77caf5e47156c79/gnocchi.08b9e465-1d98-4d5d-87cc-06ddf0b0cdad" "txfa1e69965b894fd0a2733-006924c2c1" "container-server 21" 0.0055 "-" 21 0
Nov 24 20:40:33 standalone container-server[122043]: 172.20.0.100 - - [24/Nov/2025:20:40:33 +0000] "PUT /d1/834/AUTH_72bf37b676bd4e52b77caf5e47156c79/gnocchi.08b9e465-1d98-4d5d-87cc-06ddf0b0cdad" 201 - "PUT http://localhost:8080/v1/AUTH_72bf37b676bd4e52b77caf5e47156c79/gnocchi.08b9e465-1d98-4d5d-87cc-06ddf0b0cdad" "txfa1e69965b894fd0a2733-006924c2c1" "proxy-server 21" 0.0164 "-" 21 0
Nov 24 20:40:33 standalone proxy-server[124105]: 172.18.0.2 ::1 24/Nov/2025/20/40/33 PUT /v1/AUTH_72bf37b676bd4e52b77caf5e47156c79/gnocchi.08b9e465-1d98-4d5d-87cc-06ddf0b0cdad HTTP/1.0 201 - python-swiftclient-3.11.1 gAAAAABpJMH6xQnf... - - - txfa1e69965b894fd0a2733-006924c2c1 - 0.0221 - - 1764016833.455863476 1764016833.477971315 0
Nov 24 20:40:33 standalone container-server[122043]: 172.20.0.100 - - [24/Nov/2025:20:40:33 +0000] "HEAD /d1/834/AUTH_72bf37b676bd4e52b77caf5e47156c79/gnocchi.08b9e465-1d98-4d5d-87cc-06ddf0b0cdad" 204 - "HEAD http://localhost:8080/v1/AUTH_72bf37b676bd4e52b77caf5e47156c79/gnocchi.08b9e465-1d98-4d5d-87cc-06ddf0b0cdad?format=json&states=listing" "tx96ae06a716084f56ae743-006924c2c1" "proxy-server 21" 0.0013 "-" 21 0
Nov 24 20:40:33 standalone proxy-server[124105]: - - 24/Nov/2025/20/40/33 HEAD /v1/AUTH_72bf37b676bd4e52b77caf5e47156c79/gnocchi.08b9e465-1d98-4d5d-87cc-06ddf0b0cdad%3Fformat%3Djson%26states%3Dlisting HTTP/1.0 204 - Swift - - - - tx96ae06a716084f56ae743-006924c2c1 - 0.0048 RL - 1764016833.484373569 1764016833.489163160 0
Nov 24 20:40:33 standalone container-server[122049]: 172.20.0.100 - - [24/Nov/2025:20:40:33 +0000] "GET /d1/834/AUTH_72bf37b676bd4e52b77caf5e47156c79/gnocchi.08b9e465-1d98-4d5d-87cc-06ddf0b0cdad" 200 2 "GET http://localhost:8080/v1/AUTH_72bf37b676bd4e52b77caf5e47156c79/gnocchi.08b9e465-1d98-4d5d-87cc-06ddf0b0cdad?format=json&states=listing" "tx96ae06a716084f56ae743-006924c2c1" "proxy-server 21" 0.0048 "-" 23 0
Nov 24 20:40:33 standalone proxy-server[124105]: 172.18.0.2 ::1 24/Nov/2025/20/40/33 GET /v1/AUTH_72bf37b676bd4e52b77caf5e47156c79/gnocchi.08b9e465-1d98-4d5d-87cc-06ddf0b0cdad%3Fformat%3Djson%26states%3Dlisting HTTP/1.0 200 - python-swiftclient-3.11.1 gAAAAABpJMH6xQnf... - 2 - tx96ae06a716084f56ae743-006924c2c1 - 0.0188 - - 1764016833.483000040 1764016833.501810789 0
Nov 24 20:40:33 standalone object-server[122224]: 172.20.0.100 - - [24/Nov/2025:20:40:33 +0000] "GET /d1/283/AUTH_72bf37b676bd4e52b77caf5e47156c79/gnocchi.08b9e465-1d98-4d5d-87cc-06ddf0b0cdad/1763640000.0_mean_300.0_v3" 404 70 "GET http://localhost:8080/v1/AUTH_72bf37b676bd4e52b77caf5e47156c79/gnocchi.08b9e465-1d98-4d5d-87cc-06ddf0b0cdad/1763640000.0_mean_300.0_v3" "txf85cc4f6f0e44753aea87-006924c2c1" "proxy-server 21" 0.0004 "-" 19 0
Nov 24 20:40:33 standalone proxy-server[124105]: 172.18.0.2 ::1 24/Nov/2025/20/40/33 GET /v1/AUTH_72bf37b676bd4e52b77caf5e47156c79/gnocchi.08b9e465-1d98-4d5d-87cc-06ddf0b0cdad/1763640000.0_mean_300.0_v3 HTTP/1.0 404 - python-swiftclient-3.11.1 gAAAAABpJMH6xQnf... - 70 - txf85cc4f6f0e44753aea87-006924c2c1 - 0.0100 - - 1764016833.506936550 1764016833.516903162 0
Nov 24 20:40:33 standalone container-server[122028]: 172.20.0.100 - - [24/Nov/2025:20:40:33 +0000] "PUT /d1/834/AUTH_72bf37b676bd4e52b77caf5e47156c79/gnocchi.08b9e465-1d98-4d5d-87cc-06ddf0b0cdad/1763640000.0_mean_300.0_v3" 201 - "PUT http://localhost:8080/d1/283/AUTH_72bf37b676bd4e52b77caf5e47156c79/gnocchi.08b9e465-1d98-4d5d-87cc-06ddf0b0cdad/1763640000.0_mean_300.0_v3" "tx3a89ec4da5c84186b0913-006924c2c1" "object-server 19" 0.0008 "-" 20 0
Nov 24 20:40:33 standalone object-server[122224]: 172.20.0.100 - - [24/Nov/2025:20:40:33 +0000] "PUT /d1/283/AUTH_72bf37b676bd4e52b77caf5e47156c79/gnocchi.08b9e465-1d98-4d5d-87cc-06ddf0b0cdad/1763640000.0_mean_300.0_v3" 201 - "PUT http://localhost:8080/v1/AUTH_72bf37b676bd4e52b77caf5e47156c79/gnocchi.08b9e465-1d98-4d5d-87cc-06ddf0b0cdad/1763640000.0_mean_300.0_v3" "tx3a89ec4da5c84186b0913-006924c2c1" "proxy-server 21" 0.0115 "-" 19 0
Nov 24 20:40:33 standalone proxy-server[124105]: 172.18.0.2 ::1 24/Nov/2025/20/40/33 PUT /v1/AUTH_72bf37b676bd4e52b77caf5e47156c79/gnocchi.08b9e465-1d98-4d5d-87cc-06ddf0b0cdad/1763640000.0_mean_300.0_v3 HTTP/1.0 201 - python-swiftclient-3.11.1 gAAAAABpJMH6xQnf... 16 - - tx3a89ec4da5c84186b0913-006924c2c1 - 0.0204 - - 1764016833.521688223 1764016833.542118073 0
Nov 24 20:40:33 standalone container-server[122046]: 172.20.0.100 - - [24/Nov/2025:20:40:33 +0000] "PUT /d1/834/AUTH_72bf37b676bd4e52b77caf5e47156c79/gnocchi.08b9e465-1d98-4d5d-87cc-06ddf0b0cdad/none_v3" 201 - "PUT http://localhost:8080/d1/621/AUTH_72bf37b676bd4e52b77caf5e47156c79/gnocchi.08b9e465-1d98-4d5d-87cc-06ddf0b0cdad/none_v3" "tx2b01b74dc8d14f3d8e24f-006924c2c1" "object-server 20" 0.0009 "-" 22 0
Nov 24 20:40:33 standalone object-server[122232]: 172.20.0.100 - - [24/Nov/2025:20:40:33 +0000] "PUT /d1/621/AUTH_72bf37b676bd4e52b77caf5e47156c79/gnocchi.08b9e465-1d98-4d5d-87cc-06ddf0b0cdad/none_v3" 201 - "PUT http://localhost:8080/v1/AUTH_72bf37b676bd4e52b77caf5e47156c79/gnocchi.08b9e465-1d98-4d5d-87cc-06ddf0b0cdad/none_v3" "tx2b01b74dc8d14f3d8e24f-006924c2c1" "proxy-server 21" 0.0123 "-" 20 0
Nov 24 20:40:33 standalone proxy-server[124105]: 172.18.0.2 ::1 24/Nov/2025/20/40/33 PUT /v1/AUTH_72bf37b676bd4e52b77caf5e47156c79/gnocchi.08b9e465-1d98-4d5d-87cc-06ddf0b0cdad/none_v3 HTTP/1.0 201 - python-swiftclient-3.11.1 gAAAAABpJMH6xQnf... 22 - - tx2b01b74dc8d14f3d8e24f-006924c2c1 - 0.0216 - - 1764016833.546800137 1764016833.568376541 0
Nov 24 20:40:33 standalone container-server[122028]: 172.20.0.100 - - [24/Nov/2025:20:40:33 +0000] "HEAD /d1/947/AUTH_72bf37b676bd4e52b77caf5e47156c79/gnocchi.6dc119f9-a202-4001-930a-54638ef142fb" 404 - "HEAD http://localhost:8080/v1/AUTH_72bf37b676bd4e52b77caf5e47156c79/gnocchi.6dc119f9-a202-4001-930a-54638ef142fb?format=json&states=listing" "tx4c8139a1a7f74aa09694a-006924c2c1" "proxy-server 21" 0.0005 "-" 20 0
Nov 24 20:40:33 standalone object-server[122232]: 172.20.0.100 - - [24/Nov/2025:20:40:33 +0000] "GET /d1/522/AUTH_72bf37b676bd4e52b77caf5e47156c79/gnocchi.6dc119f9-a202-4001-930a-54638ef142fb/none_v3" 404 70 "GET http://localhost:8080/v1/AUTH_72bf37b676bd4e52b77caf5e47156c79/gnocchi.6dc119f9-a202-4001-930a-54638ef142fb/none_v3" "tx4c8139a1a7f74aa09694a-006924c2c1" "proxy-server 21" 0.0004 "-" 20 0
