Nov 24 20:38:21 standalone container-server[122046]: 172.20.0.100 - - [24/Nov/2025:20:38:21 +0000] "GET /d1/696/AUTH_72bf37b676bd4e52b77caf5e47156c79/gnocchi.5f2fa83f-5272-43bf-81dd-06f1db1bb056" 200 2 "GET http://localhost:8080/v1/AUTH_72bf37b676bd4e52b77caf5e47156c79/gnocchi.5f2fa83f-5272-43bf-81dd-06f1db1bb056?format=json&states=listing" "tx28c8cb681b2e4b51a6ed8-006924c23d" "proxy-server 21" 0.0032 "-" 22 0
Nov 24 20:38:21 standalone proxy-server[124105]: 172.18.0.2 ::1 24/Nov/2025/20/38/21 GET /v1/AUTH_72bf37b676bd4e52b77caf5e47156c79/gnocchi.5f2fa83f-5272-43bf-81dd-06f1db1bb056%3Fformat%3Djson%26states%3Dlisting HTTP/1.0 200 - python-swiftclient-3.11.1 gAAAAABpJMH6xQnf... - 2 - tx28c8cb681b2e4b51a6ed8-006924c23d - 0.0237 - - 1764016701.888632774 1764016701.912374735 0
Nov 24 20:38:21 standalone object-server[122224]: 172.20.0.100 - - [24/Nov/2025:20:38:21 +0000] "GET /d1/714/AUTH_72bf37b676bd4e52b77caf5e47156c79/gnocchi.5f2fa83f-5272-43bf-81dd-06f1db1bb056/1763640000.0_mean_300.0_v3" 404 70 "GET http://localhost:8080/v1/AUTH_72bf37b676bd4e52b77caf5e47156c79/gnocchi.5f2fa83f-5272-43bf-81dd-06f1db1bb056/1763640000.0_mean_300.0_v3" "txec0a0625f0fe46ab8494b-006924c23d" "proxy-server 21" 0.0003 "-" 19 0
Nov 24 20:38:21 standalone proxy-server[124105]: 172.18.0.2 ::1 24/Nov/2025/20/38/21 GET /v1/AUTH_72bf37b676bd4e52b77caf5e47156c79/gnocchi.5f2fa83f-5272-43bf-81dd-06f1db1bb056/1763640000.0_mean_300.0_v3 HTTP/1.0 404 - python-swiftclient-3.11.1 gAAAAABpJMH6xQnf... - 70 - txec0a0625f0fe46ab8494b-006924c23d - 0.0095 - - 1764016701.916681528 1764016701.926142216 0
Nov 24 20:38:21 standalone container-server[122049]: 172.20.0.100 - - [24/Nov/2025:20:38:21 +0000] "PUT /d1/696/AUTH_72bf37b676bd4e52b77caf5e47156c79/gnocchi.5f2fa83f-5272-43bf-81dd-06f1db1bb056/1763640000.0_mean_300.0_v3" 201 - "PUT http://localhost:8080/d1/714/AUTH_72bf37b676bd4e52b77caf5e47156c79/gnocchi.5f2fa83f-5272-43bf-81dd-06f1db1bb056/1763640000.0_mean_300.0_v3" "tx1167787b9fb44cfa82197-006924c23d" "object-server 23" 0.0007 "-" 23 0
Nov 24 20:38:21 standalone object-server[122242]: 172.20.0.100 - - [24/Nov/2025:20:38:21 +0000] "PUT /d1/714/AUTH_72bf37b676bd4e52b77caf5e47156c79/gnocchi.5f2fa83f-5272-43bf-81dd-06f1db1bb056/1763640000.0_mean_300.0_v3" 201 - "PUT http://localhost:8080/v1/AUTH_72bf37b676bd4e52b77caf5e47156c79/gnocchi.5f2fa83f-5272-43bf-81dd-06f1db1bb056/1763640000.0_mean_300.0_v3" "tx1167787b9fb44cfa82197-006924c23d" "proxy-server 21" 0.0205 "-" 23 0
Nov 24 20:38:21 standalone proxy-server[124105]: 172.18.0.2 ::1 24/Nov/2025/20/38/21 PUT /v1/AUTH_72bf37b676bd4e52b77caf5e47156c79/gnocchi.5f2fa83f-5272-43bf-81dd-06f1db1bb056/1763640000.0_mean_300.0_v3 HTTP/1.0 201 - python-swiftclient-3.11.1 gAAAAABpJMH6xQnf... 16 - - tx1167787b9fb44cfa82197-006924c23d - 0.0328 - - 1764016701.937643051 1764016701.970440388 0
Nov 24 20:38:21 standalone container-server[122046]: 172.20.0.100 - - [24/Nov/2025:20:38:21 +0000] "PUT /d1/696/AUTH_72bf37b676bd4e52b77caf5e47156c79/gnocchi.5f2fa83f-5272-43bf-81dd-06f1db1bb056/none_v3" 201 - "PUT http://localhost:8080/d1/611/AUTH_72bf37b676bd4e52b77caf5e47156c79/gnocchi.5f2fa83f-5272-43bf-81dd-06f1db1bb056/none_v3" "txe878792244da4e76b3ef6-006924c23d" "object-server 23" 0.0008 "-" 22 0
Nov 24 20:38:22 standalone object-server[122242]: 172.20.0.100 - - [24/Nov/2025:20:38:22 +0000] "PUT /d1/611/AUTH_72bf37b676bd4e52b77caf5e47156c79/gnocchi.5f2fa83f-5272-43bf-81dd-06f1db1bb056/none_v3" 201 - "PUT http://localhost:8080/v1/AUTH_72bf37b676bd4e52b77caf5e47156c79/gnocchi.5f2fa83f-5272-43bf-81dd-06f1db1bb056/none_v3" "txe878792244da4e76b3ef6-006924c23d" "proxy-server 21" 0.0248 "-" 23 0
Nov 24 20:38:22 standalone proxy-server[124105]: 172.18.0.2 ::1 24/Nov/2025/20/38/22 PUT /v1/AUTH_72bf37b676bd4e52b77caf5e47156c79/gnocchi.5f2fa83f-5272-43bf-81dd-06f1db1bb056/none_v3 HTTP/1.0 201 - python-swiftclient-3.11.1 gAAAAABpJMH6xQnf... 22 - - txe878792244da4e76b3ef6-006924c23d - 0.0360 - - 1764016701.973795891 1764016702.009781599 0
Nov 24 20:38:22 standalone container-server[122043]: 172.20.0.100 - - [24/Nov/2025:20:38:22 +0000] "HEAD /d1/471/AUTH_72bf37b676bd4e52b77caf5e47156c79/gnocchi.81e2cd13-d382-421c-be0b-009fdc27e96f" 404 - "HEAD http://localhost:8080/v1/AUTH_72bf37b676bd4e52b77caf5e47156c79/gnocchi.81e2cd13-d382-421c-be0b-009fdc27e96f?format=json&states=listing" "txa83ca83f0f22405fb610b-006924c23e" "proxy-server 21" 0.0011 "-" 21 0
Nov 24 20:38:22 standalone object-server[122232]: 172.20.0.100 - - [24/Nov/2025:20:38:22 +0000] "GET /d1/209/AUTH_72bf37b676bd4e52b77caf5e47156c79/gnocchi.81e2cd13-d382-421c-be0b-009fdc27e96f/none_v3" 404 70 "GET http://localhost:8080/v1/AUTH_72bf37b676bd4e52b77caf5e47156c79/gnocchi.81e2cd13-d382-421c-be0b-009fdc27e96f/none_v3" "txa83ca83f0f22405fb610b-006924c23e" "proxy-server 21" 0.0005 "-" 20 0
Nov 24 20:38:22 standalone proxy-server[124105]: 172.18.0.2 ::1 24/Nov/2025/20/38/22 GET /v1/AUTH_72bf37b676bd4e52b77caf5e47156c79/gnocchi.81e2cd13-d382-421c-be0b-009fdc27e96f/none_v3 HTTP/1.0 404 - python-swiftclient-3.11.1 gAAAAABpJMH6xQnf... - 70 - txa83ca83f0f22405fb610b-006924c23e - 0.0183 - - 1764016702.020993710 1764016702.039278269 0
Nov 24 20:38:22 standalone account-server[121917]: 172.20.0.100 - - [24/Nov/2025:20:38:22 +0000] "PUT /d1/421/AUTH_72bf37b676bd4e52b77caf5e47156c79/gnocchi.81e2cd13-d382-421c-be0b-009fdc27e96f" 201 - "PUT http://172.20.0.100:6001/d1/471/AUTH_72bf37b676bd4e52b77caf5e47156c79/gnocchi.81e2cd13-d382-421c-be0b-009fdc27e96f" "tx393c4ad399e34bb49fada-006924c23e" "container-server 23" 0.0069 "-" 20 0
Nov 24 20:38:22 standalone container-server[122049]: 172.20.0.100 - - [24/Nov/2025:20:38:22 +0000] "PUT /d1/471/AUTH_72bf37b676bd4e52b77caf5e47156c79/gnocchi.81e2cd13-d382-421c-be0b-009fdc27e96f" 201 - "PUT http://localhost:8080/v1/AUTH_72bf37b676bd4e52b77caf5e47156c79/gnocchi.81e2cd13-d382-421c-be0b-009fdc27e96f" "tx393c4ad399e34bb49fada-006924c23e" "proxy-server 21" 0.0213 "-" 23 0
Nov 24 20:38:22 standalone proxy-server[124105]: 172.18.0.2 ::1 24/Nov/2025/20/38/22 PUT /v1/AUTH_72bf37b676bd4e52b77caf5e47156c79/gnocchi.81e2cd13-d382-421c-be0b-009fdc27e96f HTTP/1.0 201 - python-swiftclient-3.11.1 gAAAAABpJMH6xQnf... - - - tx393c4ad399e34bb49fada-006924c23e - 0.0294 - - 1764016702.042190552 1764016702.071625233 0
Nov 24 20:38:22 standalone container-server[122049]: 172.20.0.100 - - [24/Nov/2025:20:38:22 +0000] "HEAD /d1/471/AUTH_72bf37b676bd4e52b77caf5e47156c79/gnocchi.81e2cd13-d382-421c-be0b-009fdc27e96f" 204 - "HEAD http://localhost:8080/v1/AUTH_72bf37b676bd4e52b77caf5e47156c79/gnocchi.81e2cd13-d382-421c-be0b-009fdc27e96f?format=json&states=listing" "tx7d80fbde641e46069d8b5-006924c23e" "proxy-server 21" 0.0017 "-" 23 0
Nov 24 20:38:22 standalone proxy-server[124105]: - - 24/Nov/2025/20/38/22 HEAD /v1/AUTH_72bf37b676bd4e52b77caf5e47156c79/gnocchi.81e2cd13-d382-421c-be0b-009fdc27e96f%3Fformat%3Djson%26states%3Dlisting HTTP/1.0 204 - Swift - - - - tx7d80fbde641e46069d8b5-006924c23e - 0.0063 RL - 1764016702.076789618 1764016702.083083868 0
Nov 24 20:38:22 standalone container-server[122028]: 172.20.0.100 - - [24/Nov/2025:20:38:22 +0000] "GET /d1/471/AUTH_72bf37b676bd4e52b77caf5e47156c79/gnocchi.81e2cd13-d382-421c-be0b-009fdc27e96f" 200 2 "GET http://localhost:8080/v1/AUTH_72bf37b676bd4e52b77caf5e47156c79/gnocchi.81e2cd13-d382-421c-be0b-009fdc27e96f?format=json&states=listing" "tx7d80fbde641e46069d8b5-006924c23e" "proxy-server 21" 0.0027 "-" 20 0
Nov 24 20:38:22 standalone proxy-server[124105]: 172.18.0.2 ::1 24/Nov/2025/20/38/22 GET /v1/AUTH_72bf37b676bd4e52b77caf5e47156c79/gnocchi.81e2cd13-d382-421c-be0b-009fdc27e96f%3Fformat%3Djson%26states%3Dlisting HTTP/1.0 200 - python-swiftclient-3.11.1 gAAAAABpJMH6xQnf... - 2 - tx7d80fbde641e46069d8b5-006924c23e - 0.0232 - - 1764016702.075283289 1764016702.098448277 0
Nov 24 20:38:22 standalone object-server[122242]: 172.20.0.100 - - [24/Nov/2025:20:38:22 +0000] "GET /d1/573/AUTH_72bf37b676bd4e52b77caf5e47156c79/gnocchi.81e2cd13-d382-421c-be0b-009fdc27e96f/1763640000.0_mean_300.0_v3" 404 70 "GET http://localhost:8080/v1/AUTH_72bf37b676bd4e52b77caf5e47156c79/gnocchi.81e2cd13-d382-421c-be0b-009fdc27e96f/1763640000.0_mean_300.0_v3" "tx5a98b01c9bbb449c9b6ff-006924c23e" "proxy-server 21" 0.0007 "-" 23 0
Nov 24 20:38:22 standalone proxy-server[124105]: 172.18.0.2 ::1 24/Nov/2025/20/38/22 GET /v1/AUTH_72bf37b676bd4e52b77caf5e47156c79/gnocchi.81e2cd13-d382-421c-be0b-009fdc27e96f/1763640000.0_mean_300.0_v3 HTTP/1.0 404 - python-swiftclient-3.11.1 gAAAAABpJMH6xQnf... - 70 - tx5a98b01c9bbb449c9b6ff-006924c23e - 0.0081 - - 1764016702.102358103 1764016702.110475779 0
Nov 24 20:38:22 standalone container-server[122043]: 172.20.0.100 - - [24/Nov/2025:20:38:22 +0000] "PUT /d1/471/AUTH_72bf37b676bd4e52b77caf5e47156c79/gnocchi.81e2cd13-d382-421c-be0b-009fdc27e96f/1763640000.0_mean_300.0_v3" 201 - "PUT http://localhost:8080/d1/573/AUTH_72bf37b676bd4e52b77caf5e47156c79/gnocchi.81e2cd13-d382-421c-be0b-009fdc27e96f/1763640000.0_mean_300.0_v3" "tx136aaa5af68a4818ad95d-006924c23e" "object-server 20" 0.0017 "-" 21 0
Nov 24 20:38:22 standalone object-server[122232]: 172.20.0.100 - - [24/Nov/2025:20:38:22 +0000] "PUT /d1/573/AUTH_72bf37b676bd4e52b77caf5e47156c79/gnocchi.81e2cd13-d382-421c-be0b-009fdc27e96f/1763640000.0_mean_300.0_v3" 201 - "PUT http://localhost:8080/v1/AUTH_72bf37b676bd4e52b77caf5e47156c79/gnocchi.81e2cd13-d382-421c-be0b-009fdc27e96f/1763640000.0_mean_300.0_v3" "tx136aaa5af68a4818ad95d-006924c23e" "proxy-server 21" 0.0195 "-" 20 0
Nov 24 20:38:22 standalone proxy-server[124105]: 172.18.0.2 ::1 24/Nov/2025/20/38/22 PUT /v1/AUTH_72bf37b676bd4e52b77caf5e47156c79/gnocchi.81e2cd13-d382-421c-be0b-009fdc27e96f/1763640000.0_mean_300.0_v3 HTTP/1.0 201 - python-swiftclient-3.11.1 gAAAAABpJMH6xQnf... 16 - - tx136aaa5af68a4818ad95d-006924c23e - 0.0264 - - 1764016702.113440037 1764016702.139803171 0
Nov 24 20:38:22 standalone container-server[122028]: 172.20.0.100 - - [24/Nov/2025:20:38:22 +0000] "PUT /d1/471/AUTH_72bf37b676bd4e52b77caf5e47156c79/gnocchi.81e2cd13-d382-421c-be0b-009fdc27e96f/none_v3" 201 - "PUT http://localhost:8080/d1/209/AUTH_72bf37b676bd4e52b77caf5e47156c79/gnocchi.81e2cd13-d382-421c-be0b-009fdc27e96f/none_v3" "tx9b15c51483294b42b6b44-006924c23e" "object-server 20" 0.0006 "-" 20 0
Nov 24 20:38:22 standalone object-server[122232]: 172.20.0.100 - - [24/Nov/2025:20:38:22 +0000] "PUT /d1/209/AUTH_72bf37b676bd4e52b77caf5e47156c79/gnocchi.81e2cd13-d382-421c-be0b-009fdc27e96f/none_v3" 201 - "PUT http://localhost:8080/v1/AUTH_72bf37b676bd4e52b77caf5e47156c79/gnocchi.81e2cd13-d382-421c-be0b-009fdc27e96f/none_v3" "tx9b15c51483294b42b6b44-006924c23e" "proxy-server 21" 0.0120 "-" 20 0
Nov 24 20:38:22 standalone proxy-server[124105]: 172.18.0.2 ::1 24/Nov/2025/20/38/22 PUT /v1/AUTH_72bf37b676bd4e52b77caf5e47156c79/gnocchi.81e2cd13-d382-421c-be0b-009fdc27e96f/none_v3 HTTP/1.0 201 - python-swiftclient-3.11.1 gAAAAABpJMH6xQnf... 22 - - tx9b15c51483294b42b6b44-006924c23e - 0.0200 - - 1764016702.143343687 1764016702.163341522 0
Nov 24 20:38:22 standalone container-server[122043]: 172.20.0.100 - - [24/Nov/2025:20:38:22 +0000] "HEAD /d1/370/AUTH_72bf37b676bd4e52b77caf5e47156c79/gnocchi.34ef19b3-45a3-481f-9380-f804c3df95c0" 404 - "HEAD http://localhost:8080/v1/AUTH_72bf37b676bd4e52b77caf5e47156c79/gnocchi.34ef19b3-45a3-481f-9380-f804c3df95c0?format=json&states=listing" "txefeca599d6234b28a8dbb-006924c23e" "proxy-server 21" 0.0008 "-" 21 0
Nov 24 20:38:22 standalone object-server[122242]: 172.20.0.100 - - [24/Nov/2025:20:38:22 +0000] "GET /d1/712/AUTH_72bf37b676bd4e52b77caf5e47156c79/gnocchi.34ef19b3-45a3-481f-9380-f804c3df95c0/none_v3" 404 70 "GET http://localhost:8080/v1/AUTH_72bf37b676bd4e52b77caf5e47156c79/gnocchi.34ef19b3-45a3-481f-9380-f804c3df95c0/none_v3" "txefeca599d6234b28a8dbb-006924c23e" "proxy-server 21" 0.0004 "-" 23 0
Nov 24 20:38:22 standalone proxy-server[124105]: 172.18.0.2 ::1 24/Nov/2025/20/38/22 GET /v1/AUTH_72bf37b676bd4e52b77caf5e47156c79/gnocchi.34ef19b3-45a3-481f-9380-f804c3df95c0/none_v3 HTTP/1.0 404 - python-swiftclient-3.11.1 gAAAAABpJMH6xQnf... - 70 - txefeca599d6234b28a8dbb-006924c23e - 0.0151 - - 1764016702.173974037 1764016702.189110279 0
Nov 24 20:38:22 standalone account-server[121917]: 172.20.0.100 - - [24/Nov/2025:20:38:22 +0000] "PUT /d1/421/AUTH_72bf37b676bd4e52b77caf5e47156c79/gnocchi.34ef19b3-45a3-481f-9380-f804c3df95c0" 201 - "PUT http://172.20.0.100:6001/d1/370/AUTH_72bf37b676bd4e52b77caf5e47156c79/gnocchi.34ef19b3-45a3-481f-9380-f804c3df95c0" "tx81139b2caec04b87aec93-006924c23e" "container-server 23" 0.0046 "-" 20 0
Nov 24 20:38:22 standalone container-server[122049]: 172.20.0.100 - - [24/Nov/2025:20:38:22 +0000] "PUT /d1/370/AUTH_72bf37b676bd4e52b77caf5e47156c79/gnocchi.34ef19b3-45a3-481f-9380-f804c3df95c0" 201 - "PUT http://localhost:8080/v1/AUTH_72bf37b676bd4e52b77caf5e47156c79/gnocchi.34ef19b3-45a3-481f-9380-f804c3df95c0" "tx81139b2caec04b87aec93-006924c23e" "proxy-server 21" 0.0154 "-" 23 0
Nov 24 20:38:22 standalone proxy-server[124105]: 172.18.0.2 ::1 24/Nov/2025/20/38/22 PUT /v1/AUTH_72bf37b676bd4e52b77caf5e47156c79/gnocchi.34ef19b3-45a3-481f-9380-f804c3df95c0 HTTP/1.0 201 - python-swiftclient-3.11.1 gAAAAABpJMH6xQnf... - - - tx81139b2caec04b87aec93-006924c23e - 0.0216 - - 1764016702.193650246 1764016702.215243578 0
Nov 24 20:38:22 standalone container-server[122043]: 172.20.0.100 - - [24/Nov/2025:20:38:22 +0000] "HEAD /d1/370/AUTH_72bf37b676bd4e52b77caf5e47156c79/gnocchi.34ef19b3-45a3-481f-9380-f804c3df95c0" 204 - "HEAD http://localhost:8080/v1/AUTH_72bf37b676bd4e52b77caf5e47156c79/gnocchi.34ef19b3-45a3-481f-9380-f804c3df95c0?format=json&states=listing" "tx1ea4242bb03747fda8128-006924c23e" "proxy-server 21" 0.0037 "-" 21 0
Nov 24 20:38:22 standalone proxy-server[124105]: - - 24/Nov/2025/20/38/22 HEAD /v1/AUTH_72bf37b676bd4e52b77caf5e47156c79/gnocchi.34ef19b3-45a3-481f-9380-f804c3df95c0%3Fformat%3Djson%26states%3Dlisting HTTP/1.0 204 - Swift - - - - tx1ea4242bb03747fda8128-006924c23e - 0.0099 RL - 1764016702.220657110 1764016702.230524063 0
Nov 24 20:38:22 standalone container-server[122046]: 172.20.0.100 - - [24/Nov/2025:20:38:22 +0000] "GET /d1/370/AUTH_72bf37b676bd4e52b77caf5e47156c79/gnocchi.34ef19b3-45a3-481f-9380-f804c3df95c0" 200 2 "GET http://localhost:8080/v1/AUTH_72bf37b676bd4e52b77caf5e47156c79/gnocchi.34ef19b3-45a3-481f-9380-f804c3df95c0?format=json&states=listing" "tx1ea4242bb03747fda8128-006924c23e" "proxy-server 21" 0.0034 "-" 22 0
Nov 24 20:38:22 standalone proxy-server[124105]: 172.18.0.2 ::1 24/Nov/2025/20/38/22 GET /v1/AUTH_72bf37b676bd4e52b77caf5e47156c79/gnocchi.34ef19b3-45a3-481f-9380-f804c3df95c0%3Fformat%3Djson%26states%3Dlisting HTTP/1.0 200 - python-swiftclient-3.11.1 gAAAAABpJMH6xQnf... - 2 - tx1ea4242bb03747fda8128-006924c23e - 0.0231 - - 1764016702.219135761 1764016702.242250681 0
Nov 24 20:38:22 standalone object-server[122242]: 172.20.0.100 - - [24/Nov/2025:20:38:22 +0000] "GET /d1/451/AUTH_72bf37b676bd4e52b77caf5e47156c79/gnocchi.34ef19b3-45a3-481f-9380-f804c3df95c0/1763640000.0_mean_300.0_v3" 404 70 "GET http://localhost:8080/v1/AUTH_72bf37b676bd4e52b77caf5e47156c79/gnocchi.34ef19b3-45a3-481f-9380-f804c3df95c0/1763640000.0_mean_300.0_v3" "tx28ead8979ef04ef589748-006924c23e" "proxy-server 21" 0.0005 "-" 23 0
Nov 24 20:38:22 standalone proxy-server[124105]: 172.18.0.2 ::1 24/Nov/2025/20/38/22 GET /v1/AUTH_72bf37b676bd4e52b77caf5e47156c79/gnocchi.34ef19b3-45a3-481f-9380-f804c3df95c0/1763640000.0_mean_300.0_v3 HTTP/1.0 404 - python-swiftclient-3.11.1 gAAAAABpJMH6xQnf... - 70 - tx28ead8979ef04ef589748-006924c23e - 0.0078 - - 1764016702.247934580 1764016702.255694389 0
Nov 24 20:38:22 standalone container-server[122028]: 172.20.0.100 - - [24/Nov/2025:20:38:22 +0000] "PUT /d1/370/AUTH_72bf37b676bd4e52b77caf5e47156c79/gnocchi.34ef19b3-45a3-481f-9380-f804c3df95c0/1763640000.0_mean_300.0_v3" 201 - "PUT http://localhost:8080/d1/451/AUTH_72bf37b676bd4e52b77caf5e47156c79/gnocchi.34ef19b3-45a3-481f-9380-f804c3df95c0/1763640000.0_mean_300.0_v3" "tx84977e126dad40b6bfbf1-006924c23e" "object-server 19" 0.0007 "-" 20 0
Nov 24 20:38:22 standalone object-server[122224]: 172.20.0.100 - - [24/Nov/2025:20:38:22 +0000] "PUT /d1/451/AUTH_72bf37b676bd4e52b77caf5e47156c79/gnocchi.34ef19b3-45a3-481f-9380-f804c3df95c0/1763640000.0_mean_300.0_v3" 201 - "PUT http://localhost:8080/v1/AUTH_72bf37b676bd4e52b77caf5e47156c79/gnocchi.34ef19b3-45a3-481f-9380-f804c3df95c0/1763640000.0_mean_300.0_v3" "tx84977e126dad40b6bfbf1-006924c23e" "proxy-server 21" 0.0111 "-" 19 0
Nov 24 20:38:22 standalone proxy-server[124105]: 172.18.0.2 ::1 24/Nov/2025/20/38/22 PUT /v1/AUTH_72bf37b676bd4e52b77caf5e47156c79/gnocchi.34ef19b3-45a3-481f-9380-f804c3df95c0/1763640000.0_mean_300.0_v3 HTTP/1.0 201 - python-swiftclient-3.11.1 gAAAAABpJMH6xQnf... 16 - - tx84977e126dad40b6bfbf1-006924c23e - 0.0191 - - 1764016702.260136127 1764016702.279192686 0
Nov 24 20:38:22 standalone container-server[122046]: 172.20.0.100 - - [24/Nov/2025:20:38:22 +0000] "PUT /d1/370/AUTH_72bf37b676bd4e52b77caf5e47156c79/gnocchi.34ef19b3-45a3-481f-9380-f804c3df95c0/none_v3" 201 - "PUT http://localhost:8080/d1/712/AUTH_72bf37b676bd4e52b77caf5e47156c79/gnocchi.34ef19b3-45a3-481f-9380-f804c3df95c0/none_v3" "txe8427730c01049aca7a0e-006924c23e" "object-server 20" 0.0007 "-" 22 0
Nov 24 20:38:22 standalone object-server[122232]: 172.20.0.100 - - [24/Nov/2025:20:38:22 +0000] "PUT /d1/712/AUTH_72bf37b676bd4e52b77caf5e47156c79/gnocchi.34ef19b3-45a3-481f-9380-f804c3df95c0/none_v3" 201 - "PUT http://localhost:8080/v1/AUTH_72bf37b676bd4e52b77caf5e47156c79/gnocchi.34ef19b3-45a3-481f-9380-f804c3df95c0/none_v3" "txe8427730c01049aca7a0e-006924c23e" "proxy-server 21" 0.0103 "-" 20 0
Nov 24 20:38:22 standalone proxy-server[124105]: 172.18.0.2 ::1 24/Nov/2025/20/38/22 PUT /v1/AUTH_72bf37b676bd4e52b77caf5e47156c79/gnocchi.34ef19b3-45a3-481f-9380-f804c3df95c0/none_v3 HTTP/1.0 201 - python-swiftclient-3.11.1 gAAAAABpJMH6xQnf... 22 - - txe8427730c01049aca7a0e-006924c23e - 0.0204 - - 1764016702.283293962 1764016702.303708076 0
Nov 24 20:38:22 standalone container-server[122028]: 172.20.0.100 - - [24/Nov/2025:20:38:22 +0000] "HEAD /d1/592/AUTH_72bf37b676bd4e52b77caf5e47156c79/gnocchi.7fcef379-a8b1-428a-9bab-1a4657684057" 404 - "HEAD http://localhost:8080/v1/AUTH_72bf37b676bd4e52b77caf5e47156c79/gnocchi.7fcef379-a8b1-428a-9bab-1a4657684057?format=json&states=listing" "txac4d754ef61842b9b00c0-006924c23e" "proxy-server 21" 0.0004 "-" 20 0
Nov 24 20:38:22 standalone object-server[122261]: 172.20.0.100 - - [24/Nov/2025:20:38:22 +0000] "GET /d1/321/AUTH_72bf37b676bd4e52b77caf5e47156c79/gnocchi.7fcef379-a8b1-428a-9bab-1a4657684057/none_v3" 404 70 "GET http://localhost:8080/v1/AUTH_72bf37b676bd4e52b77caf5e47156c79/gnocchi.7fcef379-a8b1-428a-9bab-1a4657684057/none_v3" "txac4d754ef61842b9b00c0-006924c23e" "proxy-server 21" 0.0003 "-" 24 0
Nov 24 20:38:22 standalone proxy-server[124105]: 172.18.0.2 ::1 24/Nov/2025/20/38/22 GET /v1/AUTH_72bf37b676bd4e52b77caf5e47156c79/gnocchi.7fcef379-a8b1-428a-9bab-1a4657684057/none_v3 HTTP/1.0 404 - python-swiftclient-3.11.1 gAAAAABpJMH6xQnf... - 70 - txac4d754ef61842b9b00c0-006924c23e - 0.0149 - - 1764016702.317447186 1764016702.332297325 0
Nov 24 20:38:22 standalone account-server[121967]: 172.20.0.100 - - [24/Nov/2025:20:38:22 +0000] "PUT /d1/421/AUTH_72bf37b676bd4e52b77caf5e47156c79/gnocchi.7fcef379-a8b1-428a-9bab-1a4657684057" 201 - "PUT http://172.20.0.100:6001/d1/592/AUTH_72bf37b676bd4e52b77caf5e47156c79/gnocchi.7fcef379-a8b1-428a-9bab-1a4657684057" "tx29884201492c40d6ba44d-006924c23e" "container-server 21" 0.0062 "-" 23 0
Nov 24 20:38:22 standalone container-server[122043]: 172.20.0.100 - - [24/Nov/2025:20:38:22 +0000] "PUT /d1/592/AUTH_72bf37b676bd4e52b77caf5e47156c79/gnocchi.7fcef379-a8b1-428a-9bab-1a4657684057" 201 - "PUT http://localhost:8080/v1/AUTH_72bf37b676bd4e52b77caf5e47156c79/gnocchi.7fcef379-a8b1-428a-9bab-1a4657684057" "tx29884201492c40d6ba44d-006924c23e" "proxy-server 21" 0.0290 "-" 21 0
Nov 24 20:38:22 standalone proxy-server[124105]: 172.18.0.2 ::1 24/Nov/2025/20/38/22 PUT /v1/AUTH_72bf37b676bd4e52b77caf5e47156c79/gnocchi.7fcef379-a8b1-428a-9bab-1a4657684057 HTTP/1.0 201 - python-swiftclient-3.11.1 gAAAAABpJMH6xQnf... - - - tx29884201492c40d6ba44d-006924c23e - 0.0370 - - 1764016702.336385727 1764016702.373382807 0
Nov 24 20:38:22 standalone container-server[122049]: 172.20.0.100 - - [24/Nov/2025:20:38:22 +0000] "HEAD /d1/592/AUTH_72bf37b676bd4e52b77caf5e47156c79/gnocchi.7fcef379-a8b1-428a-9bab-1a4657684057" 204 - "HEAD http://localhost:8080/v1/AUTH_72bf37b676bd4e52b77caf5e47156c79/gnocchi.7fcef379-a8b1-428a-9bab-1a4657684057?format=json&states=listing" "tx97c0499479884fa4951c6-006924c23e" "proxy-server 21" 0.0017 "-" 23 0
Nov 24 20:38:22 standalone proxy-server[124105]: - - 24/Nov/2025/20/38/22 HEAD /v1/AUTH_72bf37b676bd4e52b77caf5e47156c79/gnocchi.7fcef379-a8b1-428a-9bab-1a4657684057%3Fformat%3Djson%26states%3Dlisting HTTP/1.0 204 - Swift - - - - tx97c0499479884fa4951c6-006924c23e - 0.0067 RL - 1764016702.380433083 1764016702.387158632 0
Nov 24 20:38:22 standalone container-server[122028]: 172.20.0.100 - - [24/Nov/2025:20:38:22 +0000] "GET /d1/592/AUTH_72bf37b676bd4e52b77caf5e47156c79/gnocchi.7fcef379-a8b1-428a-9bab-1a4657684057" 200 2 "GET http://localhost:8080/v1/AUTH_72bf37b676bd4e52b77caf5e47156c79/gnocchi.7fcef379-a8b1-428a-9bab-1a4657684057?format=json&states=listing" "tx97c0499479884fa4951c6-006924c23e" "proxy-server 21" 0.0027 "-" 20 0
Nov 24 20:38:22 standalone proxy-server[124105]: 172.18.0.2 ::1 24/Nov/2025/20/38/22 GET /v1/AUTH_72bf37b676bd4e52b77caf5e47156c79/gnocchi.7fcef379-a8b1-428a-9bab-1a4657684057%3Fformat%3Djson%26states%3Dlisting HTTP/1.0 200 - python-swiftclient-3.11.1 gAAAAABpJMH6xQnf... - 2 - tx97c0499479884fa4951c6-006924c23e - 0.0195 - - 1764016702.378294945 1764016702.397804737 0
Nov 24 20:38:22 standalone object-server[122261]: 172.20.0.100 - - [24/Nov/2025:20:38:22 +0000] "GET /d1/926/AUTH_72bf37b676bd4e52b77caf5e47156c79/gnocchi.7fcef379-a8b1-428a-9bab-1a4657684057/1763640000.0_mean_300.0_v3" 404 70 "GET http://localhost:8080/v1/AUTH_72bf37b676bd4e52b77caf5e47156c79/gnocchi.7fcef379-a8b1-428a-9bab-1a4657684057/1763640000.0_mean_300.0_v3" "tx0d908068b4f140b6a9299-006924c23e" "proxy-server 21" 0.0003 "-" 24 0
Nov 24 20:38:22 standalone proxy-server[124105]: 172.18.0.2 ::1 24/Nov/2025/20/38/22 GET /v1/AUTH_72bf37b676bd4e52b77caf5e47156c79/gnocchi.7fcef379-a8b1-428a-9bab-1a4657684057/1763640000.0_mean_300.0_v3 HTTP/1.0 404 - python-swiftclient-3.11.1 gAAAAABpJMH6xQnf... - 70 - tx0d908068b4f140b6a9299-006924c23e - 0.0056 - - 1764016702.402716637 1764016702.408323526 0
Nov 24 20:38:22 standalone container-server[122046]: 172.20.0.100 - - [24/Nov/2025:20:38:22 +0000] "PUT /d1/592/AUTH_72bf37b676bd4e52b77caf5e47156c79/gnocchi.7fcef379-a8b1-428a-9bab-1a4657684057/1763640000.0_mean_300.0_v3" 201 - "PUT http://localhost:8080/d1/926/AUTH_72bf37b676bd4e52b77caf5e47156c79/gnocchi.7fcef379-a8b1-428a-9bab-1a4657684057/1763640000.0_mean_300.0_v3" "txc7d3c67d663946998df13-006924c23e" "object-server 24" 0.0008 "-" 22 0
Nov 24 20:38:22 standalone object-server[122261]: 172.20.0.100 - - [24/Nov/2025:20:38:22 +0000] "PUT /d1/926/AUTH_72bf37b676bd4e52b77caf5e47156c79/gnocchi.7fcef379-a8b1-428a-9bab-1a4657684057/1763640000.0_mean_300.0_v3" 201 - "PUT http://localhost:8080/v1/AUTH_72bf37b676bd4e52b77caf5e47156c79/gnocchi.7fcef379-a8b1-428a-9bab-1a4657684057/1763640000.0_mean_300.0_v3" "txc7d3c67d663946998df13-006924c23e" "proxy-server 21" 0.0137 "-" 24 0
Nov 24 20:38:22 standalone proxy-server[124105]: 172.18.0.2 ::1 24/Nov/2025/20/38/22 PUT /v1/AUTH_72bf37b676bd4e52b77caf5e47156c79/gnocchi.7fcef379-a8b1-428a-9bab-1a4657684057/1763640000.0_mean_300.0_v3 HTTP/1.0 201 - python-swiftclient-3.11.1 gAAAAABpJMH6xQnf... 16 - - txc7d3c67d663946998df13-006924c23e - 0.0184 - - 1764016702.411291838 1764016702.429655790 0
Nov 24 20:38:22 standalone container-server[122043]: 172.20.0.100 - - [24/Nov/2025:20:38:22 +0000] "PUT /d1/592/AUTH_72bf37b676bd4e52b77caf5e47156c79/gnocchi.7fcef379-a8b1-428a-9bab-1a4657684057/none_v3" 201 - "PUT http://localhost:8080/d1/321/AUTH_72bf37b676bd4e52b77caf5e47156c79/gnocchi.7fcef379-a8b1-428a-9bab-1a4657684057/none_v3" "tx7a3542f2e87543db89769-006924c23e" "object-server 24" 0.0013 "-" 21 0
Nov 24 20:38:22 standalone object-server[122261]: 172.20.0.100 - - [24/Nov/2025:20:38:22 +0000] "PUT /d1/321/AUTH_72bf37b676bd4e52b77caf5e47156c79/gnocchi.7fcef379-a8b1-428a-9bab-1a4657684057/none_v3" 201 - "PUT http://localhost:8080/v1/AUTH_72bf37b676bd4e52b77caf5e47156c79/gnocchi.7fcef379-a8b1-428a-9bab-1a4657684057/none_v3" "tx7a3542f2e87543db89769-006924c23e" "proxy-server 21" 0.0111 "-" 24 0
Nov 24 20:38:22 standalone proxy-server[124105]: 172.18.0.2 ::1 24/Nov/2025/20/38/22 PUT /v1/AUTH_72bf37b676bd4e52b77caf5e47156c79/gnocchi.7fcef379-a8b1-428a-9bab-1a4657684057/none_v3 HTTP/1.0 201 - python-swiftclient-3.11.1 gAAAAABpJMH6xQnf... 22 - - tx7a3542f2e87543db89769-006924c23e - 0.0161 - - 1764016702.433340073 1764016702.449471712 0
Nov 24 20:38:22 standalone container-server[122043]: 172.20.0.100 - - [24/Nov/2025:20:38:22 +0000] "HEAD /d1/978/AUTH_72bf37b676bd4e52b77caf5e47156c79/gnocchi.6ad4bcc4-512b-4bc2-a76e-e54594ebdd42" 404 - "HEAD http://localhost:8080/v1/AUTH_72bf37b676bd4e52b77caf5e47156c79/gnocchi.6ad4bcc4-512b-4bc2-a76e-e54594ebdd42?format=json&states=listing" "txcef200a5dc524bc58a849-006924c23e" "proxy-server 21" 0.0006 "-" 21 0
Nov 24 20:38:22 standalone object-server[122261]: 172.20.0.100 - - [24/Nov/2025:20:38:22 +0000] "GET /d1/518/AUTH_72bf37b676bd4e52b77caf5e47156c79/gnocchi.6ad4bcc4-512b-4bc2-a76e-e54594ebdd42/none_v3" 404 70 "GET http://localhost:8080/v1/AUTH_72bf37b676bd4e52b77caf5e47156c79/gnocchi.6ad4bcc4-512b-4bc2-a76e-e54594ebdd42/none_v3" "txcef200a5dc524bc58a849-006924c23e" "proxy-server 21" 0.0003 "-" 24 0
Nov 24 20:38:22 standalone proxy-server[124105]: 172.18.0.2 ::1 24/Nov/2025/20/38/22 GET /v1/AUTH_72bf37b676bd4e52b77caf5e47156c79/gnocchi.6ad4bcc4-512b-4bc2-a76e-e54594ebdd42/none_v3 HTTP/1.0 404 - python-swiftclient-3.11.1 gAAAAABpJMH6xQnf... - 70 - txcef200a5dc524bc58a849-006924c23e - 0.0096 - - 1764016702.460570335 1764016702.470179796 0
Nov 24 20:38:22 standalone account-server[121967]: 172.20.0.100 - - [24/Nov/2025:20:38:22 +0000] "PUT /d1/421/AUTH_72bf37b676bd4e52b77caf5e47156c79/gnocchi.6ad4bcc4-512b-4bc2-a76e-e54594ebdd42" 201 - "PUT http://172.20.0.100:6001/d1/978/AUTH_72bf37b676bd4e52b77caf5e47156c79/gnocchi.6ad4bcc4-512b-4bc2-a76e-e54594ebdd42" "tx5956380ba5ea4e7aaceb4-006924c23e" "container-server 21" 0.0066 "-" 23 0
Nov 24 20:38:22 standalone container-server[122043]: 172.20.0.100 - - [24/Nov/2025:20:38:22 +0000] "PUT /d1/978/AUTH_72bf37b676bd4e52b77caf5e47156c79/gnocchi.6ad4bcc4-512b-4bc2-a76e-e54594ebdd42" 201 - "PUT http://localhost:8080/v1/AUTH_72bf37b676bd4e52b77caf5e47156c79/gnocchi.6ad4bcc4-512b-4bc2-a76e-e54594ebdd42" "tx5956380ba5ea4e7aaceb4-006924c23e" "proxy-server 21" 0.0254 "-" 21 0
Nov 24 20:38:22 standalone proxy-server[124105]: 172.18.0.2 ::1 24/Nov/2025/20/38/22 PUT /v1/AUTH_72bf37b676bd4e52b77caf5e47156c79/gnocchi.6ad4bcc4-512b-4bc2-a76e-e54594ebdd42 HTTP/1.0 201 - python-swiftclient-3.11.1 gAAAAABpJMH6xQnf... - - - tx5956380ba5ea4e7aaceb4-006924c23e - 0.0305 - - 1764016702.472991228 1764016702.503534555 0
Nov 24 20:38:22 standalone container-server[122028]: 172.20.0.100 - - [24/Nov/2025:20:38:22 +0000] "HEAD /d1/978/AUTH_72bf37b676bd4e52b77caf5e47156c79/gnocchi.6ad4bcc4-512b-4bc2-a76e-e54594ebdd42" 204 - "HEAD http://localhost:8080/v1/AUTH_72bf37b676bd4e52b77caf5e47156c79/gnocchi.6ad4bcc4-512b-4bc2-a76e-e54594ebdd42?format=json&states=listing" "txa5b10eebc506418092a8e-006924c23e" "proxy-server 21" 0.0017 "-" 20 0
Nov 24 20:38:22 standalone proxy-server[124105]: - - 24/Nov/2025/20/38/22 HEAD /v1/AUTH_72bf37b676bd4e52b77caf5e47156c79/gnocchi.6ad4bcc4-512b-4bc2-a76e-e54594ebdd42%3Fformat%3Djson%26states%3Dlisting HTTP/1.0 204 - Swift - - - - txa5b10eebc506418092a8e-006924c23e - 0.0054 RL - 1764016702.507666349 1764016702.513025522 0
Nov 24 20:38:22 standalone container-server[122046]: 172.20.0.100 - - [24/Nov/2025:20:38:22 +0000] "GET /d1/978/AUTH_72bf37b676bd4e52b77caf5e47156c79/gnocchi.6ad4bcc4-512b-4bc2-a76e-e54594ebdd42" 200 2 "GET http://localhost:8080/v1/AUTH_72bf37b676bd4e52b77caf5e47156c79/gnocchi.6ad4bcc4-512b-4bc2-a76e-e54594ebdd42?format=json&states=listing" "txa5b10eebc506418092a8e-006924c23e" "proxy-server 21" 0.0044 "-" 22 0
Nov 24 20:38:22 standalone proxy-server[124105]: 172.18.0.2 ::1 24/Nov/2025/20/38/22 GET /v1/AUTH_72bf37b676bd4e52b77caf5e47156c79/gnocchi.6ad4bcc4-512b-4bc2-a76e-e54594ebdd42%3Fformat%3Djson%26states%3Dlisting HTTP/1.0 200 - python-swiftclient-3.11.1 gAAAAABpJMH6xQnf... - 2 - txa5b10eebc506418092a8e-006924c23e - 0.0168 - - 1764016702.506725311 1764016702.523560762 0
Nov 24 20:38:22 standalone object-server[122224]: 172.20.0.100 - - [24/Nov/2025:20:38:22 +0000] "GET /d1/473/AUTH_72bf37b676bd4e52b77caf5e47156c79/gnocchi.6ad4bcc4-512b-4bc2-a76e-e54594ebdd42/1763640000.0_mean_300.0_v3" 404 70 "GET http://localhost:8080/v1/AUTH_72bf37b676bd4e52b77caf5e47156c79/gnocchi.6ad4bcc4-512b-4bc2-a76e-e54594ebdd42/1763640000.0_mean_300.0_v3" "txff8b9b5d6aa84aa887067-006924c23e" "proxy-server 21" 0.0007 "-" 19 0
Nov 24 20:38:22 standalone proxy-server[124105]: 172.18.0.2 ::1 24/Nov/2025/20/38/22 GET /v1/AUTH_72bf37b676bd4e52b77caf5e47156c79/gnocchi.6ad4bcc4-512b-4bc2-a76e-e54594ebdd42/1763640000.0_mean_300.0_v3 HTTP/1.0 404 - python-swiftclient-3.11.1 gAAAAABpJMH6xQnf... - 70 - txff8b9b5d6aa84aa887067-006924c23e - 0.0065 - - 1764016702.526680470 1764016702.533144951 0
Nov 24 20:38:22 standalone container-server[122043]: 172.20.0.100 - - [24/Nov/2025:20:38:22 +0000] "PUT /d1/978/AUTH_72bf37b676bd4e52b77caf5e47156c79/gnocchi.6ad4bcc4-512b-4bc2-a76e-e54594ebdd42/1763640000.0_mean_300.0_v3" 201 - "PUT http://localhost:8080/d1/473/AUTH_72bf37b676bd4e52b77caf5e47156c79/gnocchi.6ad4bcc4-512b-4bc2-a76e-e54594ebdd42/1763640000.0_mean_300.0_v3" "txa5d610e7ae954e3187a5b-006924c23e" "object-server 24" 0.0016 "-" 21 0
Nov 24 20:38:22 standalone object-server[122261]: 172.20.0.100 - - [24/Nov/2025:20:38:22 +0000] "PUT /d1/473/AUTH_72bf37b676bd4e52b77caf5e47156c79/gnocchi.6ad4bcc4-512b-4bc2-a76e-e54594ebdd42/1763640000.0_mean_300.0_v3" 201 - "PUT http://localhost:8080/v1/AUTH_72bf37b676bd4e52b77caf5e47156c79/gnocchi.6ad4bcc4-512b-4bc2-a76e-e54594ebdd42/1763640000.0_mean_300.0_v3" "txa5d610e7ae954e3187a5b-006924c23e" "proxy-server 21" 0.0106 "-" 24 0
Nov 24 20:38:22 standalone proxy-server[124105]: 172.18.0.2 ::1 24/Nov/2025/20/38/22 PUT /v1/AUTH_72bf37b676bd4e52b77caf5e47156c79/gnocchi.6ad4bcc4-512b-4bc2-a76e-e54594ebdd42/1763640000.0_mean_300.0_v3 HTTP/1.0 201 - python-swiftclient-3.11.1 gAAAAABpJMH6xQnf... 16 - - txa5d610e7ae954e3187a5b-006924c23e - 0.0161 - - 1764016702.536060095 1764016702.552110910 0
Nov 24 20:38:22 standalone container-server[122043]: 172.20.0.100 - - [24/Nov/2025:20:38:22 +0000] "PUT /d1/978/AUTH_72bf37b676bd4e52b77caf5e47156c79/gnocchi.6ad4bcc4-512b-4bc2-a76e-e54594ebdd42/none_v3" 201 - "PUT http://localhost:8080/d1/518/AUTH_72bf37b676bd4e52b77caf5e47156c79/gnocchi.6ad4bcc4-512b-4bc2-a76e-e54594ebdd42/none_v3" "txcbd14fa82ac645bf81f5b-006924c23e" "object-server 20" 0.0009 "-" 21 0
Nov 24 20:38:22 standalone object-server[122232]: 172.20.0.100 - - [24/Nov/2025:20:38:22 +0000] "PUT /d1/518/AUTH_72bf37b676bd4e52b77caf5e47156c79/gnocchi.6ad4bcc4-512b-4bc2-a76e-e54594ebdd42/none_v3" 201 - "PUT http://localhost:8080/v1/AUTH_72bf37b676bd4e52b77caf5e47156c79/gnocchi.6ad4bcc4-512b-4bc2-a76e-e54594ebdd42/none_v3" "txcbd14fa82ac645bf81f5b-006924c23e" "proxy-server 21" 0.0106 "-" 20 0
Nov 24 20:38:22 standalone proxy-server[124105]: 172.18.0.2 ::1 24/Nov/2025/20/38/22 PUT /v1/AUTH_72bf37b676bd4e52b77caf5e47156c79/gnocchi.6ad4bcc4-512b-4bc2-a76e-e54594ebdd42/none_v3 HTTP/1.0 201 - python-swiftclient-3.11.1 gAAAAABpJMH6xQnf... 22 - - txcbd14fa82ac645bf81f5b-006924c23e - 0.0156 - - 1764016702.555234909 1764016702.570824146 0
Nov 24 20:38:41 standalone account-server[121917]: 172.20.0.100 - - [24/Nov/2025:20:38:41 +0000] "HEAD /d1/704/.expiring_objects" 404 - "HEAD http://localhost/v1/.expiring_objects?format=json" "txedf215b800b64b978895f-006924c251" "proxy-server 2" 0.0005 "-" 20 -
Nov 24 20:38:41 standalone object-expirer[122024]: Pass completed in 0s; 0 objects expired (txn: txedf215b800b64b978895f-006924c251)
Nov 24 20:38:53 standalone container-server[121949]: Begin container update sweep
Nov 24 20:38:53 standalone account-server[121960]: 172.20.0.100 - - [24/Nov/2025:20:38:53 +0000] "PUT /d1/421/AUTH_72bf37b676bd4e52b77caf5e47156c79/glance" 201 - "-" "-" "container-updater 2" 0.0009 "-" 22 0
Nov 24 20:38:53 standalone account-server[121967]: 172.20.0.100 - - [24/Nov/2025:20:38:53 +0000] "PUT /d1/421/AUTH_72bf37b676bd4e52b77caf5e47156c79/gnocchi.6ad4bcc4-512b-4bc2-a76e-e54594ebdd42" 201 - "-" "-" "container-updater 2" 0.0004 "-" 23 0
Nov 24 20:38:53 standalone account-server[121917]: 172.20.0.100 - - [24/Nov/2025:20:38:53 +0000] "PUT /d1/421/AUTH_72bf37b676bd4e52b77caf5e47156c79/gnocchi.3b123501-b52c-4ca8-a1a5-3cbbdb4de9db" 201 - "-" "-" "container-updater 2" 0.0007 "-" 20 0
Nov 24 20:38:54 standalone account-server[121967]: 172.20.0.100 - - [24/Nov/2025:20:38:54 +0000] "PUT /d1/421/AUTH_72bf37b676bd4e52b77caf5e47156c79/gnocchi.5f2fa83f-5272-43bf-81dd-06f1db1bb056" 201 - "-" "-" "container-updater 2" 0.0005 "-" 23 0
Nov 24 20:38:54 standalone account-server[121960]: 172.20.0.100 - - [24/Nov/2025:20:38:54 +0000] "PUT /d1/421/AUTH_72bf37b676bd4e52b77caf5e47156c79/gnocchi.7fcef379-a8b1-428a-9bab-1a4657684057" 201 - "-" "-" "container-updater 2" 0.0006 "-" 22 0
Nov 24 20:38:54 standalone account-server[121917]: 172.20.0.100 - - [24/Nov/2025:20:38:54 +0000] "PUT /d1/421/AUTH_72bf37b676bd4e52b77caf5e47156c79/gnocchi.876f0360-744a-42f8-926d-ce68cb5c9363" 201 - "-" "-" "container-updater 2" 0.0009 "-" 20 0
Nov 24 20:38:54 standalone account-server[121960]: 172.20.0.100 - - [24/Nov/2025:20:38:54 +0000] "PUT /d1/421/AUTH_72bf37b676bd4e52b77caf5e47156c79/gnocchi.81e2cd13-d382-421c-be0b-009fdc27e96f" 201 - "-" "-" "container-updater 2" 0.0007 "-" 22 0
Nov 24 20:38:54 standalone account-server[121951]: 172.20.0.100 - - [24/Nov/2025:20:38:54 +0000] "PUT /d1/421/AUTH_72bf37b676bd4e52b77caf5e47156c79/gnocchi.fbd7ee80-0b97-43fe-87da-87ac4e62b6be" 201 - "-" "-" "container-updater 2" 0.0010 "-" 21 0
Nov 24 20:38:54 standalone account-server[121967]: 172.20.0.100 - - [24/Nov/2025:20:38:54 +0000] "PUT /d1/421/AUTH_72bf37b676bd4e52b77caf5e47156c79/gnocchi.34ef19b3-45a3-481f-9380-f804c3df95c0" 201 - "-" "-" "container-updater 2" 0.0009 "-" 23 0
Nov 24 20:38:54 standalone container-server[121949]: Container update sweep completed: 0.94s
Nov 24 20:39:57 standalone object-server[122155]: Begin object update sweep
Nov 24 20:39:57 standalone object-server[224592]: Object update sweep starting on /srv/node/d1 (pid: 14)
Nov 24 20:39:57 standalone object-server[224592]: Object update sweep completed on /srv/node/d1 in 0.00s seconds:, 0 successes, 0 failures, 0 quarantines, 0 unlinks, 0 errors, 0 redirects (pid: 14)
Nov 24 20:39:57 standalone object-server[224592]: Object update sweep of d1 completed: 0.00s, 0 successes, 0 failures, 0 quarantines, 0 unlinks, 0 errors, 0 redirects
Nov 24 20:39:57 standalone object-server[122155]: Object update sweep completed: 0.06s
Nov 24 20:40:32 standalone account-server[121917]: 172.20.0.100 - - [24/Nov/2025:20:40:32 +0000] "HEAD /d1/421/AUTH_72bf37b676bd4e52b77caf5e47156c79" 204 - "HEAD http://localhost:8080/v1/AUTH_72bf37b676bd4e52b77caf5e47156c79?format=json" "tx024bf017815d46618d09e-006924c2c0" "proxy-server 21" 0.0052 "-" 20 -
Nov 24 20:40:32 standalone proxy-server[124105]: - - 24/Nov/2025/20/40/32 HEAD /v1/AUTH_72bf37b676bd4e52b77caf5e47156c79%3Fformat%3Djson HTTP/1.0 204 - Swift - - - - tx024bf017815d46618d09e-006924c2c0 - 0.0093 RL - 1764016832.515739679 1764016832.525074959 -
Nov 24 20:40:32 standalone container-server[122043]: 172.20.0.100 - - [24/Nov/2025:20:40:32 +0000] "HEAD /d1/369/AUTH_72bf37b676bd4e52b77caf5e47156c79/gnocchi.7c9bf224-65c1-4421-a3b8-1c9d4a9ab3f2" 404 - "HEAD http://localhost:8080/v1/AUTH_72bf37b676bd4e52b77caf5e47156c79/gnocchi.7c9bf224-65c1-4421-a3b8-1c9d4a9ab3f2?format=json&states=listing" "tx024bf017815d46618d09e-006924c2c0" "proxy-server 21" 0.0005 "-" 21 0
Nov 24 20:40:32 standalone object-server[122232]: 172.20.0.100 - - [24/Nov/2025:20:40:32 +0000] "GET /d1/182/AUTH_72bf37b676bd4e52b77caf5e47156c79/gnocchi.7c9bf224-65c1-4421-a3b8-1c9d4a9ab3f2/none_v3" 404 70 "GET http://localhost:8080/v1/AUTH_72bf37b676bd4e52b77caf5e47156c79/gnocchi.7c9bf224-65c1-4421-a3b8-1c9d4a9ab3f2/none_v3" "tx024bf017815d46618d09e-006924c2c0" "proxy-server 21" 0.0005 "-" 20 0
Nov 24 20:40:32 standalone proxy-server[124105]: 172.18.0.2 ::1 24/Nov/2025/20/40/32 GET /v1/AUTH_72bf37b676bd4e52b77caf5e47156c79/gnocchi.7c9bf224-65c1-4421-a3b8-1c9d4a9ab3f2/none_v3 HTTP/1.0 404 - python-swiftclient-3.11.1 gAAAAABpJMH6xQnf... - 70 - tx024bf017815d46618d09e-006924c2c0 - 0.0187 - - 1764016832.514940262 1764016832.533595562 0
Nov 24 20:40:32 standalone account-server[121951]: 172.20.0.100 - - [24/Nov/2025:20:40:32 +0000] "PUT /d1/421/AUTH_72bf37b676bd4e52b77caf5e47156c79/gnocchi.7c9bf224-65c1-4421-a3b8-1c9d4a9ab3f2" 201 - "PUT http://172.20.0.100:6001/d1/369/AUTH_72bf37b676bd4e52b77caf5e47156c79/gnocchi.7c9bf224-65c1-4421-a3b8-1c9d4a9ab3f2" "txb6693d304c2c4c1397312-006924c2c0" "container-server 23" 0.0011 "-" 21 0
Nov 24 20:40:32 standalone container-server[122049]: 172.20.0.100 - - [24/Nov/2025:20:40:32 +0000] "PUT /d1/369/AUTH_72bf37b676bd4e52b77caf5e47156c79/gnocchi.7c9bf224-65c1-4421-a3b8-1c9d4a9ab3f2" 201 - "PUT http://localhost:8080/v1/AUTH_72bf37b676bd4e52b77caf5e47156c79/gnocchi.7c9bf224-65c1-4421-a3b8-1c9d4a9ab3f2" "txb6693d304c2c4c1397312-006924c2c0" "proxy-server 21" 0.0106 "-" 23 0
Nov 24 20:40:32 standalone proxy-server[124105]: 172.18.0.2 ::1 24/Nov/2025/20/40/32 PUT /v1/AUTH_72bf37b676bd4e52b77caf5e47156c79/gnocchi.7c9bf224-65c1-4421-a3b8-1c9d4a9ab3f2 HTTP/1.0 201 - python-swiftclient-3.11.1 gAAAAABpJMH6xQnf... - - - txb6693d304c2c4c1397312-006924c2c0 - 0.0144 - - 1764016832.536420345 1764016832.550828695 0
Nov 24 20:40:32 standalone container-server[122049]: 172.20.0.100 - - [24/Nov/2025:20:40:32 +0000] "HEAD /d1/369/AUTH_72bf37b676bd4e52b77caf5e47156c79/gnocchi.7c9bf224-65c1-4421-a3b8-1c9d4a9ab3f2" 204 - "HEAD http://localhost:8080/v1/AUTH_72bf37b676bd4e52b77caf5e47156c79/gnocchi.7c9bf224-65c1-4421-a3b8-1c9d4a9ab3f2?format=json&states=listing" "tx7ef3c688ae29414085960-006924c2c0" "proxy-server 21" 0.0009 "-" 23 0
Nov 24 20:40:32 standalone proxy-server[124105]: - - 24/Nov/2025/20/40/32 HEAD /v1/AUTH_72bf37b676bd4e52b77caf5e47156c79/gnocchi.7c9bf224-65c1-4421-a3b8-1c9d4a9ab3f2%3Fformat%3Djson%26states%3Dlisting HTTP/1.0 204 - Swift - - - - tx7ef3c688ae29414085960-006924c2c0 - 0.0029 RL - 1764016832.554391146 1764016832.557304621 0
Nov 24 20:40:32 standalone container-server[122043]: 172.20.0.100 - - [24/Nov/2025:20:40:32 +0000] "GET /d1/369/AUTH_72bf37b676bd4e52b77caf5e47156c79/gnocchi.7c9bf224-65c1-4421-a3b8-1c9d4a9ab3f2" 200 2 "GET http://localhost:8080/v1/AUTH_72bf37b676bd4e52b77caf5e47156c79/gnocchi.7c9bf224-65c1-4421-a3b8-1c9d4a9ab3f2?format=json&states=listing" "tx7ef3c688ae29414085960-006924c2c0" "proxy-server 21" 0.0018 "-" 21 0
Nov 24 20:40:32 standalone proxy-server[124105]: 172.18.0.2 ::1 24/Nov/2025/20/40/32 GET /v1/AUTH_72bf37b676bd4e52b77caf5e47156c79/gnocchi.7c9bf224-65c1-4421-a3b8-1c9d4a9ab3f2%3Fformat%3Djson%26states%3Dlisting HTTP/1.0 200 - python-swiftclient-3.11.1 gAAAAABpJMH6xQnf... - 2 - tx7ef3c688ae29414085960-006924c2c0 - 0.0101 - - 1764016832.553553104 1764016832.563667774 0
Nov 24 20:40:32 standalone object-server[122261]: 172.20.0.100 - - [24/Nov/2025:20:40:32 +0000] "GET /d1/1003/AUTH_72bf37b676bd4e52b77caf5e47156c79/gnocchi.7c9bf224-65c1-4421-a3b8-1c9d4a9ab3f2/1763640000.0_mean_300.0_v3" 404 70 "GET http://localhost:8080/v1/AUTH_72bf37b676bd4e52b77caf5e47156c79/gnocchi.7c9bf224-65c1-4421-a3b8-1c9d4a9ab3f2/1763640000.0_mean_300.0_v3" "txb7110eb8042d4553b71c4-006924c2c0" "proxy-server 21" 0.0003 "-" 24 0
Nov 24 20:40:32 standalone proxy-server[124105]: 172.18.0.2 ::1 24/Nov/2025/20/40/32 GET /v1/AUTH_72bf37b676bd4e52b77caf5e47156c79/gnocchi.7c9bf224-65c1-4421-a3b8-1c9d4a9ab3f2/1763640000.0_mean_300.0_v3 HTTP/1.0 404 - python-swiftclient-3.11.1 gAAAAABpJMH6xQnf... - 70 - txb7110eb8042d4553b71c4-006924c2c0 - 0.0043 - - 1764016832.566408634 1764016832.570664644 0
Nov 24 20:40:32 standalone container-server[122046]: 172.20.0.100 - - [24/Nov/2025:20:40:32 +0000] "PUT /d1/369/AUTH_72bf37b676bd4e52b77caf5e47156c79/gnocchi.7c9bf224-65c1-4421-a3b8-1c9d4a9ab3f2/1763640000.0_mean_300.0_v3" 201 - "PUT http://localhost:8080/d1/1003/AUTH_72bf37b676bd4e52b77caf5e47156c79/gnocchi.7c9bf224-65c1-4421-a3b8-1c9d4a9ab3f2/1763640000.0_mean_300.0_v3" "tx3b6f4a23ac934d32af3d0-006924c2c0" "object-server 20" 0.0006 "-" 22 0
Nov 24 20:40:32 standalone object-server[122232]: 172.20.0.100 - - [24/Nov/2025:20:40:32 +0000] "PUT /d1/1003/AUTH_72bf37b676bd4e52b77caf5e47156c79/gnocchi.7c9bf224-65c1-4421-a3b8-1c9d4a9ab3f2/1763640000.0_mean_300.0_v3" 201 - "PUT http://localhost:8080/v1/AUTH_72bf37b676bd4e52b77caf5e47156c79/gnocchi.7c9bf224-65c1-4421-a3b8-1c9d4a9ab3f2/1763640000.0_mean_300.0_v3" "tx3b6f4a23ac934d32af3d0-006924c2c0" "proxy-server 21" 0.0080 "-" 20 0
Nov 24 20:40:32 standalone proxy-server[124105]: 172.18.0.2 ::1 24/Nov/2025/20/40/32 PUT /v1/AUTH_72bf37b676bd4e52b77caf5e47156c79/gnocchi.7c9bf224-65c1-4421-a3b8-1c9d4a9ab3f2/1763640000.0_mean_300.0_v3 HTTP/1.0 201 - python-swiftclient-3.11.1 gAAAAABpJMH6xQnf... 16 - - tx3b6f4a23ac934d32af3d0-006924c2c0 - 0.0114 - - 1764016832.572885990 1764016832.584256411 0
Nov 24 20:40:32 standalone container-server[122049]: 172.20.0.100 - - [24/Nov/2025:20:40:32 +0000] "PUT /d1/369/AUTH_72bf37b676bd4e52b77caf5e47156c79/gnocchi.7c9bf224-65c1-4421-a3b8-1c9d4a9ab3f2/none_v3" 201 - "PUT http://localhost:8080/d1/182/AUTH_72bf37b676bd4e52b77caf5e47156c79/gnocchi.7c9bf224-65c1-4421-a3b8-1c9d4a9ab3f2/none_v3" "tx51d8b38d4dca4a96920f7-006924c2c0" "object-server 23" 0.0004 "-" 23 0
Nov 24 20:40:32 standalone object-server[122242]: 172.20.0.100 - - [24/Nov/2025:20:40:32 +0000] "PUT /d1/182/AUTH_72bf37b676bd4e52b77caf5e47156c79/gnocchi.7c9bf224-65c1-4421-a3b8-1c9d4a9ab3f2/none_v3" 201 - "PUT http://localhost:8080/v1/AUTH_72bf37b676bd4e52b77caf5e47156c79/gnocchi.7c9bf224-65c1-4421-a3b8-1c9d4a9ab3f2/none_v3" "tx51d8b38d4dca4a96920f7-006924c2c0" "proxy-server 21" 0.0071 "-" 23 0
Nov 24 20:40:32 standalone proxy-server[124105]: 172.18.0.2 ::1 24/Nov/2025/20/40/32 PUT /v1/AUTH_72bf37b676bd4e52b77caf5e47156c79/gnocchi.7c9bf224-65c1-4421-a3b8-1c9d4a9ab3f2/none_v3 HTTP/1.0 201 - python-swiftclient-3.11.1 gAAAAABpJMH6xQnf... 22 - - tx51d8b38d4dca4a96920f7-006924c2c0 - 0.0110 - - 1764016832.590304852 1764016832.601303339 0
Nov 24 20:40:32 standalone container-server[122028]: 172.20.0.100 - - [24/Nov/2025:20:40:32 +0000] "HEAD /d1/406/AUTH_72bf37b676bd4e52b77caf5e47156c79/gnocchi.b45c5b91-cf1f-4f7e-8147-2d142f989329" 404 - "HEAD http://localhost:8080/v1/AUTH_72bf37b676bd4e52b77caf5e47156c79/gnocchi.b45c5b91-cf1f-4f7e-8147-2d142f989329?format=json&states=listing" "txa09549b590f64571a623c-006924c2c0" "proxy-server 21" 0.0004 "-" 20 0
Nov 24 20:40:32 standalone object-server[122261]: 172.20.0.100 - - [24/Nov/2025:20:40:32 +0000] "GET /d1/1017/AUTH_72bf37b676bd4e52b77caf5e47156c79/gnocchi.b45c5b91-cf1f-4f7e-8147-2d142f989329/none_v3" 404 70 "GET http://localhost:8080/v1/AUTH_72bf37b676bd4e52b77caf5e47156c79/gnocchi.b45c5b91-cf1f-4f7e-8147-2d142f989329/none_v3" "txa09549b590f64571a623c-006924c2c0" "proxy-server 21" 0.0003 "-" 24 0
Nov 24 20:40:32 standalone proxy-server[124105]: 172.18.0.2 ::1 24/Nov/2025/20/40/32 GET /v1/AUTH_72bf37b676bd4e52b77caf5e47156c79/gnocchi.b45c5b91-cf1f-4f7e-8147-2d142f989329/none_v3 HTTP/1.0 404 - python-swiftclient-3.11.1 gAAAAABpJMH6xQnf... - 70 - txa09549b590f64571a623c-006924c2c0 - 0.0078 - - 1764016832.696937799 1764016832.704725742 0
Nov 24 20:40:32 standalone account-server[121967]: 172.20.0.100 - - [24/Nov/2025:20:40:32 +0000] "PUT /d1/421/AUTH_72bf37b676bd4e52b77caf5e47156c79/gnocchi.b45c5b91-cf1f-4f7e-8147-2d142f989329" 201 - "PUT http://172.20.0.100:6001/d1/406/AUTH_72bf37b676bd4e52b77caf5e47156c79/gnocchi.b45c5b91-cf1f-4f7e-8147-2d142f989329" "txa0ff2f24cf894a9789858-006924c2c0" "container-server 22" 0.0044 "-" 23 0
Nov 24 20:40:32 standalone container-server[122046]: 172.20.0.100 - - [24/Nov/2025:20:40:32 +0000] "PUT /d1/406/AUTH_72bf37b676bd4e52b77caf5e47156c79/gnocchi.b45c5b91-cf1f-4f7e-8147-2d142f989329" 201 - "PUT http://localhost:8080/v1/AUTH_72bf37b676bd4e52b77caf5e47156c79/gnocchi.b45c5b91-cf1f-4f7e-8147-2d142f989329" "txa0ff2f24cf894a9789858-006924c2c0" "proxy-server 21" 0.0135 "-" 22 0
Nov 24 20:40:32 standalone proxy-server[124105]: 172.18.0.2 ::1 24/Nov/2025/20/40/32 PUT /v1/AUTH_72bf37b676bd4e52b77caf5e47156c79/gnocchi.b45c5b91-cf1f-4f7e-8147-2d142f989329 HTTP/1.0 201 - python-swiftclient-3.11.1 gAAAAABpJMH6xQnf... - - - txa0ff2f24cf894a9789858-006924c2c0 - 0.0186 - - 1764016832.709922075 1764016832.728546619 0
Nov 24 20:40:32 standalone container-server[122046]: 172.20.0.100 - - [24/Nov/2025:20:40:32 +0000] "HEAD /d1/406/AUTH_72bf37b676bd4e52b77caf5e47156c79/gnocchi.b45c5b91-cf1f-4f7e-8147-2d142f989329" 204 - "HEAD http://localhost:8080/v1/AUTH_72bf37b676bd4e52b77caf5e47156c79/gnocchi.b45c5b91-cf1f-4f7e-8147-2d142f989329?format=json&states=listing" "txb18b4553f3124b56af845-006924c2c0" "proxy-server 21" 0.0010 "-" 22 0
Nov 24 20:40:32 standalone proxy-server[124105]: - - 24/Nov/2025/20/40/32 HEAD /v1/AUTH_72bf37b676bd4e52b77caf5e47156c79/gnocchi.b45c5b91-cf1f-4f7e-8147-2d142f989329%3Fformat%3Djson%26states%3Dlisting HTTP/1.0 204 - Swift - - - - txb18b4553f3124b56af845-006924c2c0 - 0.0034 RL - 1764016832.733207703 1764016832.736584187 0
Nov 24 20:40:32 standalone container-server[122049]: 172.20.0.100 - - [24/Nov/2025:20:40:32 +0000] "GET /d1/406/AUTH_72bf37b676bd4e52b77caf5e47156c79/gnocchi.b45c5b91-cf1f-4f7e-8147-2d142f989329" 200 2 "GET http://localhost:8080/v1/AUTH_72bf37b676bd4e52b77caf5e47156c79/gnocchi.b45c5b91-cf1f-4f7e-8147-2d142f989329?format=json&states=listing" "txb18b4553f3124b56af845-006924c2c0" "proxy-server 21" 0.0017 "-" 23 0
Nov 24 20:40:32 standalone proxy-server[124105]: 172.18.0.2 ::1 24/Nov/2025/20/40/32 GET /v1/AUTH_72bf37b676bd4e52b77caf5e47156c79/gnocchi.b45c5b91-cf1f-4f7e-8147-2d142f989329%3Fformat%3Djson%26states%3Dlisting HTTP/1.0 200 - python-swiftclient-3.11.1 gAAAAABpJMH6xQnf... - 2 - txb18b4553f3124b56af845-006924c2c0 - 0.0106 - - 1764016832.732268810 1764016832.742912292 0
Nov 24 20:40:32 standalone object-server[122242]: 172.20.0.100 - - [24/Nov/2025:20:40:32 +0000] "GET /d1/521/AUTH_72bf37b676bd4e52b77caf5e47156c79/gnocchi.b45c5b91-cf1f-4f7e-8147-2d142f989329/1763640000.0_mean_300.0_v3" 404 70 "GET http://localhost:8080/v1/AUTH_72bf37b676bd4e52b77caf5e47156c79/gnocchi.b45c5b91-cf1f-4f7e-8147-2d142f989329/1763640000.0_mean_300.0_v3" "tx4b09e44acb174e5899ab2-006924c2c0" "proxy-server 21" 0.0003 "-" 23 0
Nov 24 20:40:32 standalone proxy-server[124105]: 172.18.0.2 ::1 24/Nov/2025/20/40/32 GET /v1/AUTH_72bf37b676bd4e52b77caf5e47156c79/gnocchi.b45c5b91-cf1f-4f7e-8147-2d142f989329/1763640000.0_mean_300.0_v3 HTTP/1.0 404 - python-swiftclient-3.11.1 gAAAAABpJMH6xQnf... - 70 - tx4b09e44acb174e5899ab2-006924c2c0 - 0.0055 - - 1764016832.747152328 1764016832.752616167 0
Nov 24 20:40:32 standalone container-server[122028]: 172.20.0.100 - - [24/Nov/2025:20:40:32 +0000] "PUT /d1/406/AUTH_72bf37b676bd4e52b77caf5e47156c79/gnocchi.b45c5b91-cf1f-4f7e-8147-2d142f989329/1763640000.0_mean_300.0_v3" 201 - "PUT http://localhost:8080/d1/521/AUTH_72bf37b676bd4e52b77caf5e47156c79/gnocchi.b45c5b91-cf1f-4f7e-8147-2d142f989329/1763640000.0_mean_300.0_v3" "tx255637de367744bbae2b7-006924c2c0" "object-server 19" 0.0006 "-" 20 0
Nov 24 20:40:32 standalone object-server[122224]: 172.20.0.100 - - [24/Nov/2025:20:40:32 +0000] "PUT /d1/521/AUTH_72bf37b676bd4e52b77caf5e47156c79/gnocchi.b45c5b91-cf1f-4f7e-8147-2d142f989329/1763640000.0_mean_300.0_v3" 201 - "PUT http://localhost:8080/v1/AUTH_72bf37b676bd4e52b77caf5e47156c79/gnocchi.b45c5b91-cf1f-4f7e-8147-2d142f989329/1763640000.0_mean_300.0_v3" "tx255637de367744bbae2b7-006924c2c0" "proxy-server 21" 0.0075 "-" 19 0
Nov 24 20:40:32 standalone proxy-server[124105]: 172.18.0.2 ::1 24/Nov/2025/20/40/32 PUT /v1/AUTH_72bf37b676bd4e52b77caf5e47156c79/gnocchi.b45c5b91-cf1f-4f7e-8147-2d142f989329/1763640000.0_mean_300.0_v3 HTTP/1.0 201 - python-swiftclient-3.11.1 gAAAAABpJMH6xQnf... 16 - - tx255637de367744bbae2b7-006924c2c0 - 0.0132 - - 1764016832.755274534 1764016832.768472433 0
Nov 24 20:40:32 standalone container-server[122028]: 172.20.0.100 - - [24/Nov/2025:20:40:32 +0000] "PUT /d1/406/AUTH_72bf37b676bd4e52b77caf5e47156c79/gnocchi.b45c5b91-cf1f-4f7e-8147-2d142f989329/none_v3" 201 - "PUT http://localhost:8080/d1/1017/AUTH_72bf37b676bd4e52b77caf5e47156c79/gnocchi.b45c5b91-cf1f-4f7e-8147-2d142f989329/none_v3" "tx9b7ac09f843b4bafafe64-006924c2c0" "object-server 20" 0.0003 "-" 20 0
Nov 24 20:40:32 standalone object-server[122232]: 172.20.0.100 - - [24/Nov/2025:20:40:32 +0000] "PUT /d1/1017/AUTH_72bf37b676bd4e52b77caf5e47156c79/gnocchi.b45c5b91-cf1f-4f7e-8147-2d142f989329/none_v3" 201 - "PUT http://localhost:8080/v1/AUTH_72bf37b676bd4e52b77caf5e47156c79/gnocchi.b45c5b91-cf1f-4f7e-8147-2d142f989329/none_v3" "tx9b7ac09f843b4bafafe64-006924c2c0" "proxy-server 21" 0.0062 "-" 20 0
Nov 24 20:40:32 standalone proxy-server[124105]: 172.18.0.2 ::1 24/Nov/2025/20/40/32 PUT /v1/AUTH_72bf37b676bd4e52b77caf5e47156c79/gnocchi.b45c5b91-cf1f-4f7e-8147-2d142f989329/none_v3 HTTP/1.0 201 - python-swiftclient-3.11.1 gAAAAABpJMH6xQnf... 22 - - tx9b7ac09f843b4bafafe64-006924c2c0 - 0.0105 - - 1764016832.771281242 1764016832.781731844 0
