Nov 24 20:25:34 standalone account-server[121452]: Starting 2
Nov 24 20:25:34 standalone account-server[121490]: Started child 20 from parent 2
Nov 24 20:25:34 standalone account-server[121490]: Started child 21 from parent 2
Nov 24 20:25:34 standalone account-server[121490]: Started child 22 from parent 2
Nov 24 20:25:34 standalone account-server[121490]: Started child 23 from parent 2
Nov 24 20:25:35 standalone container-server[121487]: Option allow_versions is deprecated. Configure the versioned_writes middleware in the proxy-server instead. This option will be ignored in a future release.
Nov 24 20:25:35 standalone container-server[122028]: Option allow_versions is deprecated. Configure the versioned_writes middleware in the proxy-server instead. This option will be ignored in a future release.
Nov 24 20:25:35 standalone container-server[121487]: Started child 20 from parent 2
Nov 24 20:25:35 standalone container-server[122043]: Option allow_versions is deprecated. Configure the versioned_writes middleware in the proxy-server instead. This option will be ignored in a future release.
Nov 24 20:25:35 standalone container-server[121487]: Started child 21 from parent 2
Nov 24 20:25:35 standalone container-server[122046]: Option allow_versions is deprecated. Configure the versioned_writes middleware in the proxy-server instead. This option will be ignored in a future release.
Nov 24 20:25:35 standalone container-server[121487]: Started child 22 from parent 2
Nov 24 20:25:35 standalone container-server[122049]: Option allow_versions is deprecated. Configure the versioned_writes middleware in the proxy-server instead. This option will be ignored in a future release.
Nov 24 20:25:35 standalone container-server[121487]: Started child 23 from parent 2
Nov 24 20:25:35 standalone object-expirer[122024]: Starting 2
Nov 24 20:25:35 standalone object-expirer[122024]: Option auto_create_account_prefix is deprecated. Configure auto_create_account_prefix under the swift-constraints section of swift.conf. This option will be ignored in a future release.
Nov 24 20:25:35 standalone container-server[121949]: Starting 2
Nov 24 20:25:35 standalone object-server[122060]: Started child 19 from parent 2
Nov 24 20:25:36 standalone object-server[122060]: Started child 20 from parent 2
Nov 24 20:25:36 standalone object-server[122060]: Started child 23 from parent 2
Nov 24 20:25:36 standalone object-server[122060]: Started child 24 from parent 2
Nov 24 20:25:36 standalone object-server[122155]: Starting 2
Nov 24 20:25:42 standalone proxy-server[123900]: Starting Keystone auth_token middleware
Nov 24 20:25:42 standalone proxy-server[123900]: AuthToken middleware is set with keystone_authtoken.service_token_roles_required set to False. This is backwards compatible but deprecated behaviour. Please set this to True.
Nov 24 20:25:42 standalone proxy-server[124105]: Starting Keystone auth_token middleware
Nov 24 20:25:42 standalone proxy-server[124105]: STDERR: The option "bind_port" is not known to keystonemiddleware
Nov 24 20:25:42 standalone proxy-server[124105]: STDERR: The option "workers" is not known to keystonemiddleware
Nov 24 20:25:42 standalone proxy-server[124105]: STDERR: The option "user" is not known to keystonemiddleware
Nov 24 20:25:42 standalone proxy-server[124105]: STDERR: The option "bind_ip" is not known to keystonemiddleware
Nov 24 20:25:42 standalone proxy-server[124105]: STDERR: The option "log_name" is not known to keystonemiddleware
Nov 24 20:25:42 standalone proxy-server[124105]: STDERR: The option "log_facility" is not known to keystonemiddleware
Nov 24 20:25:42 standalone proxy-server[124105]: STDERR: The option "log_level" is not known to keystonemiddleware
Nov 24 20:25:42 standalone proxy-server[124105]: STDERR: The option "log_headers" is not known to keystonemiddleware
Nov 24 20:25:42 standalone proxy-server[124105]: STDERR: The option "log_address" is not known to keystonemiddleware
Nov 24 20:25:42 standalone proxy-server[124105]: STDERR: The option "project_name" is not known to keystonemiddleware
Nov 24 20:25:42 standalone proxy-server[124105]: STDERR: The option "username" is not known to keystonemiddleware
Nov 24 20:25:42 standalone proxy-server[124105]: STDERR: The option "password" is not known to keystonemiddleware
Nov 24 20:25:42 standalone proxy-server[124105]: STDERR: The option "auth_url" is not known to keystonemiddleware
Nov 24 20:25:42 standalone proxy-server[124105]: STDERR: The option "signing_dir" is not known to keystonemiddleware
Nov 24 20:25:42 standalone proxy-server[124105]: STDERR: The option "project_domain_id" is not known to keystonemiddleware
Nov 24 20:25:42 standalone proxy-server[124105]: STDERR: The option "user_domain_id" is not known to keystonemiddleware
Nov 24 20:25:42 standalone proxy-server[124105]: STDERR: The option "__name__" is not known to keystonemiddleware
Nov 24 20:25:42 standalone proxy-server[124105]: AuthToken middleware is set with keystone_authtoken.service_token_roles_required set to False. This is backwards compatible but deprecated behaviour. Please set this to True.
Nov 24 20:25:42 standalone proxy-server[123900]: Started child 21 from parent 2
Nov 24 20:26:48 standalone account-server[121951]: 172.20.0.100 - - [24/Nov/2025:20:26:48 +0000] "HEAD /d1/704/.expiring_objects" 404 - "HEAD http://localhost/v1/.expiring_objects?format=json" "tx4f2716114acb46b8b9298-006924bf88" "proxy-server 2" 0.0011 "-" 21 -
Nov 24 20:26:48 standalone object-expirer[122024]: Pass completed in 0s; 0 objects expired (txn: tx4f2716114acb46b8b9298-006924bf88)
Nov 24 20:28:53 standalone container-server[121949]: Begin container update sweep
Nov 24 20:28:53 standalone container-server[121949]: Container update sweep completed: 0.00s
Nov 24 20:29:57 standalone object-server[122155]: Begin object update sweep
Nov 24 20:29:57 standalone object-server[152583]: Object update sweep starting on /srv/node/d1 (pid: 12)
Nov 24 20:29:57 standalone object-server[152583]: Object update sweep completed on /srv/node/d1 in 0.00s seconds:, 0 successes, 0 failures, 0 quarantines, 0 unlinks, 0 errors, 0 redirects (pid: 12)
Nov 24 20:29:57 standalone object-server[152583]: Object update sweep of d1 completed: 0.00s, 0 successes, 0 failures, 0 quarantines, 0 unlinks, 0 errors, 0 redirects
Nov 24 20:29:57 standalone object-server[122155]: Object update sweep completed: 0.08s
Nov 24 20:29:58 standalone account-server[121960]: 172.20.0.100 - - [24/Nov/2025:20:29:58 +0000] "HEAD /d1/704/.expiring_objects" 404 - "HEAD http://localhost/v1/.expiring_objects?format=json" "tx3fb942e5070843d0942eb-006924c046" "proxy-server 2" 0.0017 "-" 22 -
Nov 24 20:29:58 standalone object-expirer[122024]: Pass completed in 0s; 0 objects expired (txn: tx3fb942e5070843d0942eb-006924c046)
Nov 24 20:32:04 standalone account-server[121951]: 172.20.0.100 - - [24/Nov/2025:20:32:04 +0000] "HEAD /d1/704/.expiring_objects" 404 - "HEAD http://localhost/v1/.expiring_objects?format=json" "txdb54e849b3e7408d874e8-006924c0c4" "proxy-server 2" 0.0006 "-" 21 -
Nov 24 20:32:04 standalone object-expirer[122024]: Pass completed in 0s; 0 objects expired (txn: txdb54e849b3e7408d874e8-006924c0c4)
Nov 24 20:32:11 standalone account-server[121960]: 172.20.0.100 - - [24/Nov/2025:20:32:11 +0000] "HEAD /d1/421/AUTH_72bf37b676bd4e52b77caf5e47156c79" 404 - "HEAD http://localhost:8080/v1/AUTH_72bf37b676bd4e52b77caf5e47156c79?format=json" "txcca3fc8223ff416aa4484-006924c0cb" "proxy-server 21" 0.0005 "-" 22 -
Nov 24 20:32:11 standalone proxy-server[124105]: - - 24/Nov/2025/20/32/11 HEAD /v1/AUTH_72bf37b676bd4e52b77caf5e47156c79%3Fformat%3Djson HTTP/1.0 200 - Swift - - - - txcca3fc8223ff416aa4484-006924c0cb - 0.0047 RL - 1764016331.717390776 1764016331.722072124 -
Nov 24 20:32:12 standalone proxy-server[124105]: 172.18.0.2 ::1 24/Nov/2025/20/32/12 HEAD /v1/AUTH_72bf37b676bd4e52b77caf5e47156c79/glance%3Fformat%3Djson HTTP/1.0 404 - python-swiftclient-3.11.1 gAAAAABpJMDLtkSK... - - - txcca3fc8223ff416aa4484-006924c0cb - 0.4533 - - 1764016331.711194992 1764016332.164529085 -
Nov 24 20:32:12 standalone account-server[121960]: 172.20.0.100 - - [24/Nov/2025:20:32:12 +0000] "PUT /d1/421/AUTH_72bf37b676bd4e52b77caf5e47156c79" 201 - "-" "tx44973ebd39d045e58fc67-006924c0cc" "-" 0.0167 "-" 22 -
Nov 24 20:32:12 standalone proxy-server[124105]: autocreate account '/AUTH_72bf37b676bd4e52b77caf5e47156c79' (txn: tx44973ebd39d045e58fc67-006924c0cc)
Nov 24 20:32:12 standalone account-server[121917]: 172.20.0.100 - - [24/Nov/2025:20:32:12 +0000] "HEAD /d1/421/AUTH_72bf37b676bd4e52b77caf5e47156c79" 204 - "HEAD http://localhost:8080/v1/AUTH_72bf37b676bd4e52b77caf5e47156c79?format=json" "tx44973ebd39d045e58fc67-006924c0cc" "proxy-server 21" 0.0025 "-" 20 -
Nov 24 20:32:12 standalone account-server[121917]: 172.20.0.100 - - [24/Nov/2025:20:32:12 +0000] "PUT /d1/421/AUTH_72bf37b676bd4e52b77caf5e47156c79/glance" 201 - "PUT http://172.20.0.100:6001/d1/565/AUTH_72bf37b676bd4e52b77caf5e47156c79/glance" "tx44973ebd39d045e58fc67-006924c0cc" "container-server 20" 0.0012 "-" 20 0
Nov 24 20:32:12 standalone container-server[122028]: 172.20.0.100 - - [24/Nov/2025:20:32:12 +0000] "PUT /d1/565/AUTH_72bf37b676bd4e52b77caf5e47156c79/glance" 201 - "PUT http://localhost:8080/v1/AUTH_72bf37b676bd4e52b77caf5e47156c79/glance" "tx44973ebd39d045e58fc67-006924c0cc" "proxy-server 21" 0.0170 "-" 20 0
Nov 24 20:32:12 standalone proxy-server[124105]: 172.18.0.2 ::1 24/Nov/2025/20/32/12 PUT /v1/AUTH_72bf37b676bd4e52b77caf5e47156c79/glance HTTP/1.0 201 - python-swiftclient-3.11.1 gAAAAABpJMDLtkSK... - - - tx44973ebd39d045e58fc67-006924c0cc - 0.0560 - - 1764016332.171707630 1764016332.227744102 0
Nov 24 20:32:12 standalone container-server[122046]: 172.20.0.100 - - [24/Nov/2025:20:32:12 +0000] "HEAD /d1/565/AUTH_72bf37b676bd4e52b77caf5e47156c79/glance" 204 - "HEAD http://localhost:8080/v1/AUTH_72bf37b676bd4e52b77caf5e47156c79/glance?format=json&states=listing" "txad86ea91ad63490e9a0bc-006924c0cc" "proxy-server 21" 0.0029 "-" 22 0
Nov 24 20:32:12 standalone proxy-server[124105]: - - 24/Nov/2025/20/32/12 HEAD /v1/AUTH_72bf37b676bd4e52b77caf5e47156c79/glance%3Fformat%3Djson%26states%3Dlisting HTTP/1.0 204 - Swift - - - - txad86ea91ad63490e9a0bc-006924c0cc - 0.0072 RL - 1764016332.239320040 1764016332.246539593 0
Nov 24 20:32:29 standalone container-server[122043]: 172.20.0.100 - - [24/Nov/2025:20:32:29 +0000] "PUT /d1/565/AUTH_72bf37b676bd4e52b77caf5e47156c79/glance/7270a5a7-8c85-4c12-b34f-0fd677ccf8dc" 201 - "PUT http://localhost:8080/d1/953/AUTH_72bf37b676bd4e52b77caf5e47156c79/glance/7270a5a7-8c85-4c12-b34f-0fd677ccf8dc" "txad86ea91ad63490e9a0bc-006924c0cc" "object-server 24" 0.0022 "-" 21 0
Nov 24 20:32:29 standalone object-server[122261]: 172.20.0.100 - - [24/Nov/2025:20:32:29 +0000] "PUT /d1/953/AUTH_72bf37b676bd4e52b77caf5e47156c79/glance/7270a5a7-8c85-4c12-b34f-0fd677ccf8dc" 201 - "PUT http://localhost:8080/v1/AUTH_72bf37b676bd4e52b77caf5e47156c79/glance/7270a5a7-8c85-4c12-b34f-0fd677ccf8dc" "txad86ea91ad63490e9a0bc-006924c0cc" "proxy-server 21" 17.2127 "-" 24 0
Nov 24 20:32:29 standalone proxy-server[124105]: 172.18.0.2 ::1 24/Nov/2025/20/32/29 PUT /v1/AUTH_72bf37b676bd4e52b77caf5e47156c79/glance/7270a5a7-8c85-4c12-b34f-0fd677ccf8dc HTTP/1.0 201 - python-swiftclient-3.11.1 gAAAAABpJMDLtkSK... 1472724992 - - txad86ea91ad63490e9a0bc-006924c0cc - 17.2319 - - 1764016332.237398863 1764016349.469271183 0
Nov 24 20:33:53 standalone container-server[121949]: Begin container update sweep
Nov 24 20:33:53 standalone account-server[121967]: 172.20.0.100 - - [24/Nov/2025:20:33:53 +0000] "PUT /d1/421/AUTH_72bf37b676bd4e52b77caf5e47156c79/glance" 201 - "-" "-" "container-updater 2" 0.0017 "-" 23 0
Nov 24 20:33:53 standalone container-server[121949]: Container update sweep completed: 0.10s
Nov 24 20:34:57 standalone object-server[122155]: Begin object update sweep
Nov 24 20:34:57 standalone object-server[192849]: Object update sweep starting on /srv/node/d1 (pid: 13)
Nov 24 20:34:57 standalone object-server[192849]: Object update sweep completed on /srv/node/d1 in 0.00s seconds:, 0 successes, 0 failures, 0 quarantines, 0 unlinks, 0 errors, 0 redirects (pid: 13)
Nov 24 20:34:57 standalone object-server[192849]: Object update sweep of d1 completed: 0.00s, 0 successes, 0 failures, 0 quarantines, 0 unlinks, 0 errors, 0 redirects
Nov 24 20:34:57 standalone object-server[122155]: Object update sweep completed: 0.08s
Nov 24 20:35:11 standalone account-server[121917]: 172.20.0.100 - - [24/Nov/2025:20:35:11 +0000] "HEAD /d1/704/.expiring_objects" 404 - "HEAD http://localhost/v1/.expiring_objects?format=json" "tx2b78980afc7347019bd8b-006924c17f" "proxy-server 2" 0.0005 "-" 20 -
Nov 24 20:35:11 standalone object-expirer[122024]: Pass completed in 0s; 0 objects expired (txn: tx2b78980afc7347019bd8b-006924c17f)
Nov 24 20:36:30 standalone account-server[121917]: 172.20.0.100 - - [24/Nov/2025:20:36:30 +0000] "HEAD /d1/704/.expiring_objects" 404 - "HEAD http://localhost/v1/.expiring_objects?format=json" "tx1ad3827a0dcc4dfdbd171-006924c1ce" "proxy-server 2" 0.0007 "-" 20 -
Nov 24 20:36:30 standalone object-expirer[122024]: Pass completed in 0s; 0 objects expired (txn: tx1ad3827a0dcc4dfdbd171-006924c1ce)
Nov 24 20:37:03 standalone account-server[121960]: 172.20.0.100 - - [24/Nov/2025:20:37:03 +0000] "HEAD /d1/704/.expiring_objects" 404 - "HEAD http://localhost/v1/.expiring_objects?format=json" "tx657c13a7e44c42d2a20d2-006924c1ef" "proxy-server 2" 0.0009 "-" 22 -
Nov 24 20:37:03 standalone object-expirer[122024]: Pass completed in 0s; 0 objects expired (txn: tx657c13a7e44c42d2a20d2-006924c1ef)
Nov 24 20:37:10 standalone account-server[121960]: 172.20.0.100 - - [24/Nov/2025:20:37:10 +0000] "HEAD /d1/421/AUTH_72bf37b676bd4e52b77caf5e47156c79" 204 - "HEAD http://localhost:8080/v1/AUTH_72bf37b676bd4e52b77caf5e47156c79?format=json" "tx9882d1817b0a4dc4b8764-006924c1f6" "proxy-server 21" 0.0065 "-" 22 -
Nov 24 20:37:10 standalone proxy-server[124105]: - - 24/Nov/2025/20/37/10 HEAD /v1/AUTH_72bf37b676bd4e52b77caf5e47156c79%3Fformat%3Djson HTTP/1.0 204 - Swift - - - - tx9882d1817b0a4dc4b8764-006924c1f6 - 0.0110 RL - 1764016630.837932825 1764016630.848936081 -
Nov 24 20:37:10 standalone container-server[122046]: 172.20.0.100 - - [24/Nov/2025:20:37:10 +0000] "HEAD /d1/565/AUTH_72bf37b676bd4e52b77caf5e47156c79/glance" 204 - "HEAD http://localhost:8080/v1/AUTH_72bf37b676bd4e52b77caf5e47156c79/glance?format=json&states=listing" "tx9882d1817b0a4dc4b8764-006924c1f6" "proxy-server 21" 0.0031 "-" 22 0
Nov 24 20:37:10 standalone proxy-server[124105]: 172.18.0.2 ::1 24/Nov/2025/20/37/10 HEAD /v1/AUTH_72bf37b676bd4e52b77caf5e47156c79/glance%3Fformat%3Djson%26states%3Dlisting HTTP/1.0 204 - python-swiftclient-3.11.1 gAAAAABpJMH2yjFh... - - - tx9882d1817b0a4dc4b8764-006924c1f6 - 0.0953 - - 1764016630.837128878 1764016630.932423115 0
Nov 24 20:37:13 standalone container-server[122046]: 172.20.0.100 - - [24/Nov/2025:20:37:13 +0000] "PUT /d1/565/AUTH_72bf37b676bd4e52b77caf5e47156c79/glance/fa864994-d2fb-46be-a92e-60ac7c9cbafb-00001" 201 - "PUT http://localhost:8080/d1/900/AUTH_72bf37b676bd4e52b77caf5e47156c79/glance/fa864994-d2fb-46be-a92e-60ac7c9cbafb-00001" "txa3e2c6560d774cb8a14cc-006924c1f6" "object-server 24" 0.0012 "-" 22 0
Nov 24 20:37:13 standalone object-server[122261]: 172.20.0.100 - - [24/Nov/2025:20:37:13 +0000] "PUT /d1/900/AUTH_72bf37b676bd4e52b77caf5e47156c79/glance/fa864994-d2fb-46be-a92e-60ac7c9cbafb-00001" 201 - "PUT http://localhost:8080/v1/AUTH_72bf37b676bd4e52b77caf5e47156c79/glance/fa864994-d2fb-46be-a92e-60ac7c9cbafb-00001" "txa3e2c6560d774cb8a14cc-006924c1f6" "proxy-server 21" 2.8304 "-" 24 0
Nov 24 20:37:13 standalone proxy-server[124105]: 172.18.0.2 ::1 24/Nov/2025/20/37/13 PUT /v1/AUTH_72bf37b676bd4e52b77caf5e47156c79/glance/fa864994-d2fb-46be-a92e-60ac7c9cbafb-00001 HTTP/1.0 201 - python-swiftclient-3.11.1 gAAAAABpJMH2yjFh... 21692416 - - txa3e2c6560d774cb8a14cc-006924c1f6 - 2.8390 - - 1764016630.938228846 1764016633.777195930 0
Nov 24 20:37:13 standalone container-server[122046]: 172.20.0.100 - - [24/Nov/2025:20:37:13 +0000] "PUT /d1/565/AUTH_72bf37b676bd4e52b77caf5e47156c79/glance/fa864994-d2fb-46be-a92e-60ac7c9cbafb" 201 - "PUT http://localhost:8080/d1/936/AUTH_72bf37b676bd4e52b77caf5e47156c79/glance/fa864994-d2fb-46be-a92e-60ac7c9cbafb" "tx820f96b41000416eb3366-006924c1f9" "object-server 23" 0.0009 "-" 22 0
Nov 24 20:37:13 standalone object-server[122242]: 172.20.0.100 - - [24/Nov/2025:20:37:13 +0000] "PUT /d1/936/AUTH_72bf37b676bd4e52b77caf5e47156c79/glance/fa864994-d2fb-46be-a92e-60ac7c9cbafb" 201 - "PUT http://localhost:8080/v1/AUTH_72bf37b676bd4e52b77caf5e47156c79/glance/fa864994-d2fb-46be-a92e-60ac7c9cbafb" "tx820f96b41000416eb3366-006924c1f9" "proxy-server 21" 0.0268 "-" 23 0
Nov 24 20:37:13 standalone proxy-server[124105]: 172.18.0.2 ::1 24/Nov/2025/20/37/13 PUT /v1/AUTH_72bf37b676bd4e52b77caf5e47156c79/glance/fa864994-d2fb-46be-a92e-60ac7c9cbafb HTTP/1.0 201 - python-swiftclient-3.11.1 gAAAAABpJMH2yjFh... - - - tx820f96b41000416eb3366-006924c1f9 - 0.0371 - - 1764016633.786241055 1764016633.823369741 0
Nov 24 20:37:14 standalone container-server[122028]: 172.20.0.100 - - [24/Nov/2025:20:37:14 +0000] "HEAD /d1/883/AUTH_72bf37b676bd4e52b77caf5e47156c79/gnocchi.3b123501-b52c-4ca8-a1a5-3cbbdb4de9db" 404 - "HEAD http://localhost:8080/v1/AUTH_72bf37b676bd4e52b77caf5e47156c79/gnocchi.3b123501-b52c-4ca8-a1a5-3cbbdb4de9db?format=json&states=listing" "tx0f401157b5704bb09b152-006924c1fa" "proxy-server 21" 0.0007 "-" 20 0
Nov 24 20:37:14 standalone object-server[122232]: 172.20.0.100 - - [24/Nov/2025:20:37:14 +0000] "GET /d1/320/AUTH_72bf37b676bd4e52b77caf5e47156c79/gnocchi.3b123501-b52c-4ca8-a1a5-3cbbdb4de9db/none_v3" 404 70 "GET http://localhost:8080/v1/AUTH_72bf37b676bd4e52b77caf5e47156c79/gnocchi.3b123501-b52c-4ca8-a1a5-3cbbdb4de9db/none_v3" "tx0f401157b5704bb09b152-006924c1fa" "proxy-server 21" 0.0009 "-" 20 0
Nov 24 20:37:14 standalone proxy-server[124105]: 172.18.0.2 ::1 24/Nov/2025/20/37/14 GET /v1/AUTH_72bf37b676bd4e52b77caf5e47156c79/gnocchi.3b123501-b52c-4ca8-a1a5-3cbbdb4de9db/none_v3 HTTP/1.0 404 - python-swiftclient-3.11.1 gAAAAABpJMH6xQnf... - 70 - tx0f401157b5704bb09b152-006924c1fa - 0.0380 - - 1764016634.479553461 1764016634.517592430 0
Nov 24 20:37:14 standalone account-server[121951]: 172.20.0.100 - - [24/Nov/2025:20:37:14 +0000] "PUT /d1/421/AUTH_72bf37b676bd4e52b77caf5e47156c79/gnocchi.3b123501-b52c-4ca8-a1a5-3cbbdb4de9db" 201 - "PUT http://172.20.0.100:6001/d1/883/AUTH_72bf37b676bd4e52b77caf5e47156c79/gnocchi.3b123501-b52c-4ca8-a1a5-3cbbdb4de9db" "txb05d491d46414a94bdc89-006924c1fa" "container-server 23" 0.0016 "-" 21 0
Nov 24 20:37:14 standalone container-server[122049]: 172.20.0.100 - - [24/Nov/2025:20:37:14 +0000] "PUT /d1/883/AUTH_72bf37b676bd4e52b77caf5e47156c79/gnocchi.3b123501-b52c-4ca8-a1a5-3cbbdb4de9db" 201 - "PUT http://localhost:8080/v1/AUTH_72bf37b676bd4e52b77caf5e47156c79/gnocchi.3b123501-b52c-4ca8-a1a5-3cbbdb4de9db" "txb05d491d46414a94bdc89-006924c1fa" "proxy-server 21" 0.0233 "-" 23 0
Nov 24 20:37:14 standalone proxy-server[124105]: 172.18.0.2 ::1 24/Nov/2025/20/37/14 PUT /v1/AUTH_72bf37b676bd4e52b77caf5e47156c79/gnocchi.3b123501-b52c-4ca8-a1a5-3cbbdb4de9db HTTP/1.0 201 - python-swiftclient-3.11.1 gAAAAABpJMH6xQnf... - - - txb05d491d46414a94bdc89-006924c1fa - 0.0277 - - 1764016634.520618677 1764016634.548287630 0
Nov 24 20:37:14 standalone container-server[122049]: 172.20.0.100 - - [24/Nov/2025:20:37:14 +0000] "HEAD /d1/883/AUTH_72bf37b676bd4e52b77caf5e47156c79/gnocchi.3b123501-b52c-4ca8-a1a5-3cbbdb4de9db" 204 - "HEAD http://localhost:8080/v1/AUTH_72bf37b676bd4e52b77caf5e47156c79/gnocchi.3b123501-b52c-4ca8-a1a5-3cbbdb4de9db?format=json&states=listing" "tx2631425829c5446798cf6-006924c1fa" "proxy-server 21" 0.0020 "-" 23 0
Nov 24 20:37:14 standalone proxy-server[124105]: - - 24/Nov/2025/20/37/14 HEAD /v1/AUTH_72bf37b676bd4e52b77caf5e47156c79/gnocchi.3b123501-b52c-4ca8-a1a5-3cbbdb4de9db%3Fformat%3Djson%26states%3Dlisting HTTP/1.0 204 - Swift - - - - tx2631425829c5446798cf6-006924c1fa - 0.0066 RL - 1764016634.562652111 1764016634.569288969 0
Nov 24 20:37:14 standalone container-server[122046]: 172.20.0.100 - - [24/Nov/2025:20:37:14 +0000] "GET /d1/883/AUTH_72bf37b676bd4e52b77caf5e47156c79/gnocchi.3b123501-b52c-4ca8-a1a5-3cbbdb4de9db" 200 2 "GET http://localhost:8080/v1/AUTH_72bf37b676bd4e52b77caf5e47156c79/gnocchi.3b123501-b52c-4ca8-a1a5-3cbbdb4de9db?format=json&states=listing" "tx2631425829c5446798cf6-006924c1fa" "proxy-server 21" 0.0037 "-" 22 0
Nov 24 20:37:14 standalone proxy-server[124105]: 172.18.0.2 ::1 24/Nov/2025/20/37/14 GET /v1/AUTH_72bf37b676bd4e52b77caf5e47156c79/gnocchi.3b123501-b52c-4ca8-a1a5-3cbbdb4de9db%3Fformat%3Djson%26states%3Dlisting HTTP/1.0 200 - python-swiftclient-3.11.1 gAAAAABpJMH6xQnf... - 2 - tx2631425829c5446798cf6-006924c1fa - 0.0232 - - 1764016634.555691957 1764016634.578880310 0
Nov 24 20:37:14 standalone object-server[122232]: 172.20.0.100 - - [24/Nov/2025:20:37:14 +0000] "GET /d1/14/AUTH_72bf37b676bd4e52b77caf5e47156c79/gnocchi.3b123501-b52c-4ca8-a1a5-3cbbdb4de9db/1763640000.0_mean_300.0_v3" 404 70 "GET http://localhost:8080/v1/AUTH_72bf37b676bd4e52b77caf5e47156c79/gnocchi.3b123501-b52c-4ca8-a1a5-3cbbdb4de9db/1763640000.0_mean_300.0_v3" "txa9e93d07d5da48bbae987-006924c1fa" "proxy-server 21" 0.0004 "-" 20 0
Nov 24 20:37:14 standalone proxy-server[124105]: 172.18.0.2 ::1 24/Nov/2025/20/37/14 GET /v1/AUTH_72bf37b676bd4e52b77caf5e47156c79/gnocchi.3b123501-b52c-4ca8-a1a5-3cbbdb4de9db/1763640000.0_mean_300.0_v3 HTTP/1.0 404 - python-swiftclient-3.11.1 gAAAAABpJMH6xQnf... - 70 - txa9e93d07d5da48bbae987-006924c1fa - 0.0072 - - 1764016634.585590839 1764016634.592783928 0
Nov 24 20:37:14 standalone container-server[122028]: 172.20.0.100 - - [24/Nov/2025:20:37:14 +0000] "PUT /d1/883/AUTH_72bf37b676bd4e52b77caf5e47156c79/gnocchi.3b123501-b52c-4ca8-a1a5-3cbbdb4de9db/1763640000.0_mean_300.0_v3" 201 - "PUT http://localhost:8080/d1/14/AUTH_72bf37b676bd4e52b77caf5e47156c79/gnocchi.3b123501-b52c-4ca8-a1a5-3cbbdb4de9db/1763640000.0_mean_300.0_v3" "txdd318edc1a644ffb93f69-006924c1fa" "object-server 19" 0.0006 "-" 20 0
Nov 24 20:37:14 standalone object-server[122224]: 172.20.0.100 - - [24/Nov/2025:20:37:14 +0000] "PUT /d1/14/AUTH_72bf37b676bd4e52b77caf5e47156c79/gnocchi.3b123501-b52c-4ca8-a1a5-3cbbdb4de9db/1763640000.0_mean_300.0_v3" 201 - "PUT http://localhost:8080/v1/AUTH_72bf37b676bd4e52b77caf5e47156c79/gnocchi.3b123501-b52c-4ca8-a1a5-3cbbdb4de9db/1763640000.0_mean_300.0_v3" "txdd318edc1a644ffb93f69-006924c1fa" "proxy-server 21" 0.0553 "-" 19 0
Nov 24 20:37:14 standalone proxy-server[124105]: 172.18.0.2 ::1 24/Nov/2025/20/37/14 PUT /v1/AUTH_72bf37b676bd4e52b77caf5e47156c79/gnocchi.3b123501-b52c-4ca8-a1a5-3cbbdb4de9db/1763640000.0_mean_300.0_v3 HTTP/1.0 201 - python-swiftclient-3.11.1 gAAAAABpJMH6xQnf... 16 - - txdd318edc1a644ffb93f69-006924c1fa - 0.0672 - - 1764016634.600050926 1764016634.667207718 0
Nov 24 20:37:14 standalone container-server[122028]: 172.20.0.100 - - [24/Nov/2025:20:37:14 +0000] "PUT /d1/883/AUTH_72bf37b676bd4e52b77caf5e47156c79/gnocchi.3b123501-b52c-4ca8-a1a5-3cbbdb4de9db/none_v3" 201 - "PUT http://localhost:8080/d1/320/AUTH_72bf37b676bd4e52b77caf5e47156c79/gnocchi.3b123501-b52c-4ca8-a1a5-3cbbdb4de9db/none_v3" "tx93b4a196d8114b4dbb52f-006924c1fa" "object-server 19" 0.0004 "-" 20 0
Nov 24 20:37:14 standalone object-server[122224]: 172.20.0.100 - - [24/Nov/2025:20:37:14 +0000] "PUT /d1/320/AUTH_72bf37b676bd4e52b77caf5e47156c79/gnocchi.3b123501-b52c-4ca8-a1a5-3cbbdb4de9db/none_v3" 201 - "PUT http://localhost:8080/v1/AUTH_72bf37b676bd4e52b77caf5e47156c79/gnocchi.3b123501-b52c-4ca8-a1a5-3cbbdb4de9db/none_v3" "tx93b4a196d8114b4dbb52f-006924c1fa" "proxy-server 21" 0.0191 "-" 19 0
Nov 24 20:37:14 standalone proxy-server[124105]: 172.18.0.2 ::1 24/Nov/2025/20/37/14 PUT /v1/AUTH_72bf37b676bd4e52b77caf5e47156c79/gnocchi.3b123501-b52c-4ca8-a1a5-3cbbdb4de9db/none_v3 HTTP/1.0 201 - python-swiftclient-3.11.1 gAAAAABpJMH6xQnf... 22 - - tx93b4a196d8114b4dbb52f-006924c1fa - 0.0278 - - 1764016634.673713446 1764016634.701511621 0
Nov 24 20:37:44 standalone object-server[122224]: 172.20.0.100 - - [24/Nov/2025:20:37:44 +0000] "GET /d1/320/AUTH_72bf37b676bd4e52b77caf5e47156c79/gnocchi.3b123501-b52c-4ca8-a1a5-3cbbdb4de9db/none_v3" 200 22 "GET http://localhost:8080/v1/AUTH_72bf37b676bd4e52b77caf5e47156c79/gnocchi.3b123501-b52c-4ca8-a1a5-3cbbdb4de9db/none_v3" "txe25d4c81d7a74f0ea58d6-006924c218" "proxy-server 21" 0.0010 "-" 19 0
Nov 24 20:37:44 standalone proxy-server[124105]: 172.18.0.2 ::1 24/Nov/2025/20/37/44 GET /v1/AUTH_72bf37b676bd4e52b77caf5e47156c79/gnocchi.3b123501-b52c-4ca8-a1a5-3cbbdb4de9db/none_v3 HTTP/1.0 200 - python-swiftclient-3.11.1 gAAAAABpJMH6xQnf... - 22 - txe25d4c81d7a74f0ea58d6-006924c218 - 0.0094 - - 1764016664.260962248 1764016664.270368576 0
Nov 24 20:37:44 standalone container-server[122043]: 172.20.0.100 - - [24/Nov/2025:20:37:44 +0000] "GET /d1/883/AUTH_72bf37b676bd4e52b77caf5e47156c79/gnocchi.3b123501-b52c-4ca8-a1a5-3cbbdb4de9db" 200 357 "GET http://localhost:8080/v1/AUTH_72bf37b676bd4e52b77caf5e47156c79/gnocchi.3b123501-b52c-4ca8-a1a5-3cbbdb4de9db?format=json&states=listing" "tx61ccf0efd8e1441f8a040-006924c218" "proxy-server 21" 0.0150 "-" 21 0
Nov 24 20:37:44 standalone proxy-server[124105]: 172.18.0.2 ::1 24/Nov/2025/20/37/44 GET /v1/AUTH_72bf37b676bd4e52b77caf5e47156c79/gnocchi.3b123501-b52c-4ca8-a1a5-3cbbdb4de9db%3Fformat%3Djson%26states%3Dlisting HTTP/1.0 200 - python-swiftclient-3.11.1 gAAAAABpJMH6xQnf... - 357 - tx61ccf0efd8e1441f8a040-006924c218 - 0.0223 - - 1764016664.276580572 1764016664.298910379 0
Nov 24 20:37:44 standalone container-server[122046]: 172.20.0.100 - - [24/Nov/2025:20:37:44 +0000] "GET /d1/883/AUTH_72bf37b676bd4e52b77caf5e47156c79/gnocchi.3b123501-b52c-4ca8-a1a5-3cbbdb4de9db" 200 2 "GET http://localhost:8080/v1/AUTH_72bf37b676bd4e52b77caf5e47156c79/gnocchi.3b123501-b52c-4ca8-a1a5-3cbbdb4de9db?format=json&marker=none_v3&states=listing" "tx6c1b1e031f9e40a68030d-006924c218" "proxy-server 21" 0.0035 "-" 22 0
Nov 24 20:37:44 standalone proxy-server[124105]: 172.18.0.2 ::1 24/Nov/2025/20/37/44 GET /v1/AUTH_72bf37b676bd4e52b77caf5e47156c79/gnocchi.3b123501-b52c-4ca8-a1a5-3cbbdb4de9db%3Fformat%3Djson%26marker%3Dnone_v3%26states%3Dlisting HTTP/1.0 200 - python-swiftclient-3.11.1 gAAAAABpJMH6xQnf... - 2 - tx6c1b1e031f9e40a68030d-006924c218 - 0.0112 - - 1764016664.303146124 1764016664.314342260 0
Nov 24 20:37:44 standalone object-server[122232]: 172.20.0.100 - - [24/Nov/2025:20:37:44 +0000] "GET /d1/14/AUTH_72bf37b676bd4e52b77caf5e47156c79/gnocchi.3b123501-b52c-4ca8-a1a5-3cbbdb4de9db/1763640000.0_mean_300.0_v3" 200 16 "GET http://localhost:8080/v1/AUTH_72bf37b676bd4e52b77caf5e47156c79/gnocchi.3b123501-b52c-4ca8-a1a5-3cbbdb4de9db/1763640000.0_mean_300.0_v3" "txd6a35047f81e47ccbf749-006924c218" "proxy-server 21" 0.0013 "-" 20 0
Nov 24 20:37:44 standalone proxy-server[124105]: 172.18.0.2 ::1 24/Nov/2025/20/37/44 GET /v1/AUTH_72bf37b676bd4e52b77caf5e47156c79/gnocchi.3b123501-b52c-4ca8-a1a5-3cbbdb4de9db/1763640000.0_mean_300.0_v3 HTTP/1.0 200 - python-swiftclient-3.11.1 gAAAAABpJMH6xQnf... - 16 - txd6a35047f81e47ccbf749-006924c218 - 0.0148 - - 1764016664.320538044 1764016664.335375309 0
Nov 24 20:37:44 standalone container-server[122049]: 172.20.0.100 - - [24/Nov/2025:20:37:44 +0000] "PUT /d1/883/AUTH_72bf37b676bd4e52b77caf5e47156c79/gnocchi.3b123501-b52c-4ca8-a1a5-3cbbdb4de9db/1763640000.0_mean_300.0_v3" 201 - "PUT http://localhost:8080/d1/14/AUTH_72bf37b676bd4e52b77caf5e47156c79/gnocchi.3b123501-b52c-4ca8-a1a5-3cbbdb4de9db/1763640000.0_mean_300.0_v3" "tx0e732a94fc634c87ac3da-006924c218" "object-server 20" 0.0006 "-" 23 0
Nov 24 20:37:44 standalone object-server[122232]: 172.20.0.100 - - [24/Nov/2025:20:37:44 +0000] "PUT /d1/14/AUTH_72bf37b676bd4e52b77caf5e47156c79/gnocchi.3b123501-b52c-4ca8-a1a5-3cbbdb4de9db/1763640000.0_mean_300.0_v3" 201 - "PUT http://localhost:8080/v1/AUTH_72bf37b676bd4e52b77caf5e47156c79/gnocchi.3b123501-b52c-4ca8-a1a5-3cbbdb4de9db/1763640000.0_mean_300.0_v3" "tx0e732a94fc634c87ac3da-006924c218" "proxy-server 21" 0.0258 "-" 20 0
Nov 24 20:37:44 standalone proxy-server[124105]: 172.18.0.2 ::1 24/Nov/2025/20/37/44 PUT /v1/AUTH_72bf37b676bd4e52b77caf5e47156c79/gnocchi.3b123501-b52c-4ca8-a1a5-3cbbdb4de9db/1763640000.0_mean_300.0_v3 HTTP/1.0 201 - python-swiftclient-3.11.1 gAAAAABpJMH6xQnf... 16 - - tx0e732a94fc634c87ac3da-006924c218 - 0.0328 - - 1764016664.340754271 1764016664.373577118 0
Nov 24 20:37:44 standalone container-server[122046]: 172.20.0.100 - - [24/Nov/2025:20:37:44 +0000] "PUT /d1/883/AUTH_72bf37b676bd4e52b77caf5e47156c79/gnocchi.3b123501-b52c-4ca8-a1a5-3cbbdb4de9db/none_v3" 201 - "PUT http://localhost:8080/d1/320/AUTH_72bf37b676bd4e52b77caf5e47156c79/gnocchi.3b123501-b52c-4ca8-a1a5-3cbbdb4de9db/none_v3" "tx03d48e445c32430980562-006924c218" "object-server 23" 0.0010 "-" 22 0
Nov 24 20:37:44 standalone object-server[122242]: 172.20.0.100 - - [24/Nov/2025:20:37:44 +0000] "PUT /d1/320/AUTH_72bf37b676bd4e52b77caf5e47156c79/gnocchi.3b123501-b52c-4ca8-a1a5-3cbbdb4de9db/none_v3" 201 - "PUT http://localhost:8080/v1/AUTH_72bf37b676bd4e52b77caf5e47156c79/gnocchi.3b123501-b52c-4ca8-a1a5-3cbbdb4de9db/none_v3" "tx03d48e445c32430980562-006924c218" "proxy-server 21" 0.0297 "-" 23 0
Nov 24 20:37:44 standalone proxy-server[124105]: 172.18.0.2 ::1 24/Nov/2025/20/37/44 PUT /v1/AUTH_72bf37b676bd4e52b77caf5e47156c79/gnocchi.3b123501-b52c-4ca8-a1a5-3cbbdb4de9db/none_v3 HTTP/1.0 201 - python-swiftclient-3.11.1 gAAAAABpJMH6xQnf... 32 - - tx03d48e445c32430980562-006924c218 - 0.0395 - - 1764016664.379725933 1764016664.419269562 0
Nov 24 20:38:15 standalone account-server[121967]: 172.20.0.100 - - [24/Nov/2025:20:38:15 +0000] "HEAD /d1/421/AUTH_72bf37b676bd4e52b77caf5e47156c79" 204 - "HEAD http://localhost:8080/v1/AUTH_72bf37b676bd4e52b77caf5e47156c79?format=json" "tx2c5c511252804b2499332-006924c237" "proxy-server 21" 0.0090 "-" 23 -
Nov 24 20:38:15 standalone proxy-server[124105]: - - 24/Nov/2025/20/38/15 HEAD /v1/AUTH_72bf37b676bd4e52b77caf5e47156c79%3Fformat%3Djson HTTP/1.0 204 - Swift - - - - tx2c5c511252804b2499332-006924c237 - 0.0153 RL - 1764016695.643867970 1764016695.659122944 -
Nov 24 20:38:15 standalone container-server[122046]: 172.20.0.100 - - [24/Nov/2025:20:38:15 +0000] "HEAD /d1/565/AUTH_72bf37b676bd4e52b77caf5e47156c79/glance" 204 - "HEAD http://localhost:8080/v1/AUTH_72bf37b676bd4e52b77caf5e47156c79/glance?format=json&states=listing" "tx2c5c511252804b2499332-006924c237" "proxy-server 21" 0.0199 "-" 22 0
Nov 24 20:38:15 standalone object-server[122261]: 172.20.0.100 - - [24/Nov/2025:20:38:15 +0000] "GET /d1/936/AUTH_72bf37b676bd4e52b77caf5e47156c79/glance/fa864994-d2fb-46be-a92e-60ac7c9cbafb" 200 - "GET http://localhost:8080/v1/AUTH_72bf37b676bd4e52b77caf5e47156c79/glance/fa864994-d2fb-46be-a92e-60ac7c9cbafb" "tx2c5c511252804b2499332-006924c237" "proxy-server 21" 0.0012 "-" 24 0
Nov 24 20:38:15 standalone container-server[122028]: 172.20.0.100 - - [24/Nov/2025:20:38:15 +0000] "GET /d1/565/AUTH_72bf37b676bd4e52b77caf5e47156c79/glance" 200 210 "GET http://localhost:8080/v1/AUTH_72bf37b676bd4e52b77caf5e47156c79/glance?prefix=fa864994-d2fb-46be-a92e-60ac7c9cbafb-&format=json&states=listing" "tx2c5c511252804b2499332-006924c237" "proxy-server 21" 0.0035 "-" 20 0
Nov 24 20:38:15 standalone proxy-server[124105]: - - 24/Nov/2025/20/38/15 GET /v1/AUTH_72bf37b676bd4e52b77caf5e47156c79/glance%3Fprefix%3Dfa864994-d2fb-46be-a92e-60ac7c9cbafb-%26format%3Djson%26states%3Dlisting HTTP/1.0 200 - python-swiftclient-3.11.1%20DLO%20MultipartGET gAAAAABpJMI3W5Fx... - 210 - tx2c5c511252804b2499332-006924c237 - 0.0075 DLO - 1764016695.794657946 1764016695.802116394 0
Nov 24 20:38:15 standalone object-server[122242]: 172.20.0.100 - - [24/Nov/2025:20:38:15 +0000] "GET /d1/900/AUTH_72bf37b676bd4e52b77caf5e47156c79/glance/fa864994-d2fb-46be-a92e-60ac7c9cbafb-00001" 200 21692416 "GET http://localhost:8080/v1/AUTH_72bf37b676bd4e52b77caf5e47156c79/glance/fa864994-d2fb-46be-a92e-60ac7c9cbafb-00001?multipart-manifest=get" "tx2c5c511252804b2499332-006924c237" "proxy-server 21" 0.0009 "-" 23 0
Nov 24 20:38:15 standalone proxy-server[124105]: - - 24/Nov/2025/20/38/15 GET /v1/AUTH_72bf37b676bd4e52b77caf5e47156c79/glance/fa864994-d2fb-46be-a92e-60ac7c9cbafb-00001%3Fmultipart-manifest%3Dget HTTP/1.0 200 - python-swiftclient-3.11.1%20%20DLO%20MultipartGET gAAAAABpJMI3W5Fx... - 21692416 - tx2c5c511252804b2499332-006924c237 - 0.1193 DLO - 1764016695.802697897 1764016695.921969891 0
Nov 24 20:38:15 standalone proxy-server[124105]: 172.18.0.2 ::1 24/Nov/2025/20/38/15 GET /v1/AUTH_72bf37b676bd4e52b77caf5e47156c79/glance/fa864994-d2fb-46be-a92e-60ac7c9cbafb HTTP/1.0 200 - python-swiftclient-3.11.1 gAAAAABpJMI3W5Fx... - 21692416 - tx2c5c511252804b2499332-006924c237 - 0.2806 - - 1764016695.642243147 1764016695.922890902 0
Nov 24 20:38:16 standalone container-server[122028]: 172.20.0.100 - - [24/Nov/2025:20:38:16 +0000] "HEAD /d1/630/AUTH_72bf37b676bd4e52b77caf5e47156c79/gnocchi.876f0360-744a-42f8-926d-ce68cb5c9363" 404 - "HEAD http://localhost:8080/v1/AUTH_72bf37b676bd4e52b77caf5e47156c79/gnocchi.876f0360-744a-42f8-926d-ce68cb5c9363?format=json&states=listing" "txeea29069bf334bf6ba6a7-006924c238" "proxy-server 21" 0.0009 "-" 20 0
Nov 24 20:38:16 standalone object-server[122224]: 172.20.0.100 - - [24/Nov/2025:20:38:16 +0000] "GET /d1/536/AUTH_72bf37b676bd4e52b77caf5e47156c79/gnocchi.876f0360-744a-42f8-926d-ce68cb5c9363/none_v3" 404 70 "GET http://localhost:8080/v1/AUTH_72bf37b676bd4e52b77caf5e47156c79/gnocchi.876f0360-744a-42f8-926d-ce68cb5c9363/none_v3" "txeea29069bf334bf6ba6a7-006924c238" "proxy-server 21" 0.0005 "-" 19 0
Nov 24 20:38:16 standalone proxy-server[124105]: 172.18.0.2 ::1 24/Nov/2025/20/38/16 GET /v1/AUTH_72bf37b676bd4e52b77caf5e47156c79/gnocchi.876f0360-744a-42f8-926d-ce68cb5c9363/none_v3 HTTP/1.0 404 - python-swiftclient-3.11.1 gAAAAABpJMH6xQnf... - 70 - txeea29069bf334bf6ba6a7-006924c238 - 0.0116 - - 1764016696.230667830 1764016696.242239714 0
Nov 24 20:38:16 standalone account-server[121960]: 172.20.0.100 - - [24/Nov/2025:20:38:16 +0000] "PUT /d1/421/AUTH_72bf37b676bd4e52b77caf5e47156c79/gnocchi.876f0360-744a-42f8-926d-ce68cb5c9363" 201 - "PUT http://172.20.0.100:6001/d1/630/AUTH_72bf37b676bd4e52b77caf5e47156c79/gnocchi.876f0360-744a-42f8-926d-ce68cb5c9363" "txbfbb36816bf64e6c91d1e-006924c238" "container-server 21" 0.0024 "-" 22 0
Nov 24 20:38:16 standalone container-server[122043]: 172.20.0.100 - - [24/Nov/2025:20:38:16 +0000] "PUT /d1/630/AUTH_72bf37b676bd4e52b77caf5e47156c79/gnocchi.876f0360-744a-42f8-926d-ce68cb5c9363" 201 - "PUT http://localhost:8080/v1/AUTH_72bf37b676bd4e52b77caf5e47156c79/gnocchi.876f0360-744a-42f8-926d-ce68cb5c9363" "txbfbb36816bf64e6c91d1e-006924c238" "proxy-server 21" 0.0169 "-" 21 0
Nov 24 20:38:16 standalone proxy-server[124105]: 172.18.0.2 ::1 24/Nov/2025/20/38/16 PUT /v1/AUTH_72bf37b676bd4e52b77caf5e47156c79/gnocchi.876f0360-744a-42f8-926d-ce68cb5c9363 HTTP/1.0 201 - python-swiftclient-3.11.1 gAAAAABpJMH6xQnf... - - - txbfbb36816bf64e6c91d1e-006924c238 - 0.0210 - - 1764016696.252429008 1764016696.273451090 0
Nov 24 20:38:16 standalone container-server[122043]: 172.20.0.100 - - [24/Nov/2025:20:38:16 +0000] "HEAD /d1/630/AUTH_72bf37b676bd4e52b77caf5e47156c79/gnocchi.876f0360-744a-42f8-926d-ce68cb5c9363" 204 - "HEAD http://localhost:8080/v1/AUTH_72bf37b676bd4e52b77caf5e47156c79/gnocchi.876f0360-744a-42f8-926d-ce68cb5c9363?format=json&states=listing" "tx8b5a6dc3d92f4eec9d2ad-006924c238" "proxy-server 21" 0.0009 "-" 21 0
Nov 24 20:38:16 standalone proxy-server[124105]: - - 24/Nov/2025/20/38/16 HEAD /v1/AUTH_72bf37b676bd4e52b77caf5e47156c79/gnocchi.876f0360-744a-42f8-926d-ce68cb5c9363%3Fformat%3Djson%26states%3Dlisting HTTP/1.0 204 - Swift - - - - tx8b5a6dc3d92f4eec9d2ad-006924c238 - 0.0031 RL - 1764016696.278740168 1764016696.281804085 0
Nov 24 20:38:16 standalone container-server[122028]: 172.20.0.100 - - [24/Nov/2025:20:38:16 +0000] "GET /d1/630/AUTH_72bf37b676bd4e52b77caf5e47156c79/gnocchi.876f0360-744a-42f8-926d-ce68cb5c9363" 200 2 "GET http://localhost:8080/v1/AUTH_72bf37b676bd4e52b77caf5e47156c79/gnocchi.876f0360-744a-42f8-926d-ce68cb5c9363?format=json&states=listing" "tx8b5a6dc3d92f4eec9d2ad-006924c238" "proxy-server 21" 0.0035 "-" 20 0
Nov 24 20:38:16 standalone proxy-server[124105]: 172.18.0.2 ::1 24/Nov/2025/20/38/16 GET /v1/AUTH_72bf37b676bd4e52b77caf5e47156c79/gnocchi.876f0360-744a-42f8-926d-ce68cb5c9363%3Fformat%3Djson%26states%3Dlisting HTTP/1.0 200 - python-swiftclient-3.11.1 gAAAAABpJMH6xQnf... - 2 - tx8b5a6dc3d92f4eec9d2ad-006924c238 - 0.0154 - - 1764016696.277805567 1764016696.293200731 0
Nov 24 20:38:16 standalone object-server[122232]: 172.20.0.100 - - [24/Nov/2025:20:38:16 +0000] "GET /d1/514/AUTH_72bf37b676bd4e52b77caf5e47156c79/gnocchi.876f0360-744a-42f8-926d-ce68cb5c9363/1763640000.0_mean_300.0_v3" 404 70 "GET http://localhost:8080/v1/AUTH_72bf37b676bd4e52b77caf5e47156c79/gnocchi.876f0360-744a-42f8-926d-ce68cb5c9363/1763640000.0_mean_300.0_v3" "txd98a8ec0f2af44f898864-006924c238" "proxy-server 21" 0.0004 "-" 20 0
Nov 24 20:38:16 standalone proxy-server[124105]: 172.18.0.2 ::1 24/Nov/2025/20/38/16 GET /v1/AUTH_72bf37b676bd4e52b77caf5e47156c79/gnocchi.876f0360-744a-42f8-926d-ce68cb5c9363/1763640000.0_mean_300.0_v3 HTTP/1.0 404 - python-swiftclient-3.11.1 gAAAAABpJMH6xQnf... - 70 - txd98a8ec0f2af44f898864-006924c238 - 0.0051 - - 1764016696.298189402 1764016696.303319693 0
Nov 24 20:38:16 standalone container-server[122028]: 172.20.0.100 - - [24/Nov/2025:20:38:16 +0000] "PUT /d1/630/AUTH_72bf37b676bd4e52b77caf5e47156c79/gnocchi.876f0360-744a-42f8-926d-ce68cb5c9363/1763640000.0_mean_300.0_v3" 201 - "PUT http://localhost:8080/d1/514/AUTH_72bf37b676bd4e52b77caf5e47156c79/gnocchi.876f0360-744a-42f8-926d-ce68cb5c9363/1763640000.0_mean_300.0_v3" "tx4c101ec342ee43c9b6964-006924c238" "object-server 19" 0.0007 "-" 20 0
Nov 24 20:38:16 standalone object-server[122224]: 172.20.0.100 - - [24/Nov/2025:20:38:16 +0000] "PUT /d1/514/AUTH_72bf37b676bd4e52b77caf5e47156c79/gnocchi.876f0360-744a-42f8-926d-ce68cb5c9363/1763640000.0_mean_300.0_v3" 201 - "PUT http://localhost:8080/v1/AUTH_72bf37b676bd4e52b77caf5e47156c79/gnocchi.876f0360-744a-42f8-926d-ce68cb5c9363/1763640000.0_mean_300.0_v3" "tx4c101ec342ee43c9b6964-006924c238" "proxy-server 21" 0.0204 "-" 19 0
Nov 24 20:38:16 standalone proxy-server[124105]: 172.18.0.2 ::1 24/Nov/2025/20/38/16 PUT /v1/AUTH_72bf37b676bd4e52b77caf5e47156c79/gnocchi.876f0360-744a-42f8-926d-ce68cb5c9363/1763640000.0_mean_300.0_v3 HTTP/1.0 201 - python-swiftclient-3.11.1 gAAAAABpJMH6xQnf... 16 - - tx4c101ec342ee43c9b6964-006924c238 - 0.0250 - - 1764016696.305740118 1764016696.330697536 0
Nov 24 20:38:16 standalone container-server[122028]: 172.20.0.100 - - [24/Nov/2025:20:38:16 +0000] "PUT /d1/630/AUTH_72bf37b676bd4e52b77caf5e47156c79/gnocchi.876f0360-744a-42f8-926d-ce68cb5c9363/none_v3" 201 - "PUT http://localhost:8080/d1/536/AUTH_72bf37b676bd4e52b77caf5e47156c79/gnocchi.876f0360-744a-42f8-926d-ce68cb5c9363/none_v3" "tx70f805762f12440686598-006924c238" "object-server 20" 0.0004 "-" 20 0
Nov 24 20:38:16 standalone object-server[122232]: 172.20.0.100 - - [24/Nov/2025:20:38:16 +0000] "PUT /d1/536/AUTH_72bf37b676bd4e52b77caf5e47156c79/gnocchi.876f0360-744a-42f8-926d-ce68cb5c9363/none_v3" 201 - "PUT http://localhost:8080/v1/AUTH_72bf37b676bd4e52b77caf5e47156c79/gnocchi.876f0360-744a-42f8-926d-ce68cb5c9363/none_v3" "tx70f805762f12440686598-006924c238" "proxy-server 21" 0.0250 "-" 20 0
Nov 24 20:38:16 standalone proxy-server[124105]: 172.18.0.2 ::1 24/Nov/2025/20/38/16 PUT /v1/AUTH_72bf37b676bd4e52b77caf5e47156c79/gnocchi.876f0360-744a-42f8-926d-ce68cb5c9363/none_v3 HTTP/1.0 201 - python-swiftclient-3.11.1 gAAAAABpJMH6xQnf... 22 - - tx70f805762f12440686598-006924c238 - 0.0301 - - 1764016696.334037542 1764016696.364180803 0
Nov 24 20:38:16 standalone container-server[122028]: 172.20.0.100 - - [24/Nov/2025:20:38:16 +0000] "HEAD /d1/368/AUTH_72bf37b676bd4e52b77caf5e47156c79/gnocchi.fbd7ee80-0b97-43fe-87da-87ac4e62b6be" 404 - "HEAD http://localhost:8080/v1/AUTH_72bf37b676bd4e52b77caf5e47156c79/gnocchi.fbd7ee80-0b97-43fe-87da-87ac4e62b6be?format=json&states=listing" "tx5f40dbaabd0c4794a8865-006924c238" "proxy-server 21" 0.0003 "-" 20 0
Nov 24 20:38:16 standalone object-server[122242]: 172.20.0.100 - - [24/Nov/2025:20:38:16 +0000] "GET /d1/1010/AUTH_72bf37b676bd4e52b77caf5e47156c79/gnocchi.fbd7ee80-0b97-43fe-87da-87ac4e62b6be/none_v3" 404 70 "GET http://localhost:8080/v1/AUTH_72bf37b676bd4e52b77caf5e47156c79/gnocchi.fbd7ee80-0b97-43fe-87da-87ac4e62b6be/none_v3" "tx5f40dbaabd0c4794a8865-006924c238" "proxy-server 21" 0.0004 "-" 23 0
Nov 24 20:38:16 standalone proxy-server[124105]: 172.18.0.2 ::1 24/Nov/2025/20/38/16 GET /v1/AUTH_72bf37b676bd4e52b77caf5e47156c79/gnocchi.fbd7ee80-0b97-43fe-87da-87ac4e62b6be/none_v3 HTTP/1.0 404 - python-swiftclient-3.11.1 gAAAAABpJMH6xQnf... - 70 - tx5f40dbaabd0c4794a8865-006924c238 - 0.0074 - - 1764016696.374151230 1764016696.381586790 0
Nov 24 20:38:16 standalone account-server[121951]: 172.20.0.100 - - [24/Nov/2025:20:38:16 +0000] "PUT /d1/421/AUTH_72bf37b676bd4e52b77caf5e47156c79/gnocchi.fbd7ee80-0b97-43fe-87da-87ac4e62b6be" 201 - "PUT http://172.20.0.100:6001/d1/368/AUTH_72bf37b676bd4e52b77caf5e47156c79/gnocchi.fbd7ee80-0b97-43fe-87da-87ac4e62b6be" "tx0b8352723e5f4913992b3-006924c238" "container-server 21" 0.0128 "-" 21 0
Nov 24 20:38:16 standalone container-server[122043]: 172.20.0.100 - - [24/Nov/2025:20:38:16 +0000] "PUT /d1/368/AUTH_72bf37b676bd4e52b77caf5e47156c79/gnocchi.fbd7ee80-0b97-43fe-87da-87ac4e62b6be" 201 - "PUT http://localhost:8080/v1/AUTH_72bf37b676bd4e52b77caf5e47156c79/gnocchi.fbd7ee80-0b97-43fe-87da-87ac4e62b6be" "tx0b8352723e5f4913992b3-006924c238" "proxy-server 21" 0.0357 "-" 21 0
Nov 24 20:38:16 standalone proxy-server[124105]: 172.18.0.2 ::1 24/Nov/2025/20/38/16 PUT /v1/AUTH_72bf37b676bd4e52b77caf5e47156c79/gnocchi.fbd7ee80-0b97-43fe-87da-87ac4e62b6be HTTP/1.0 201 - python-swiftclient-3.11.1 gAAAAABpJMH6xQnf... - - - tx0b8352723e5f4913992b3-006924c238 - 0.0405 - - 1764016696.384088039 1764016696.424596548 0
Nov 24 20:38:16 standalone container-server[122028]: 172.20.0.100 - - [24/Nov/2025:20:38:16 +0000] "HEAD /d1/368/AUTH_72bf37b676bd4e52b77caf5e47156c79/gnocchi.fbd7ee80-0b97-43fe-87da-87ac4e62b6be" 204 - "HEAD http://localhost:8080/v1/AUTH_72bf37b676bd4e52b77caf5e47156c79/gnocchi.fbd7ee80-0b97-43fe-87da-87ac4e62b6be?format=json&states=listing" "txb44fd71a0bbe4a12b5918-006924c238" "proxy-server 21" 0.0027 "-" 20 0
Nov 24 20:38:16 standalone proxy-server[124105]: - - 24/Nov/2025/20/38/16 HEAD /v1/AUTH_72bf37b676bd4e52b77caf5e47156c79/gnocchi.fbd7ee80-0b97-43fe-87da-87ac4e62b6be%3Fformat%3Djson%26states%3Dlisting HTTP/1.0 204 - Swift - - - - txb44fd71a0bbe4a12b5918-006924c238 - 0.0083 RL - 1764016696.432341576 1764016696.440627575 0
Nov 24 20:38:16 standalone container-server[122049]: 172.20.0.100 - - [24/Nov/2025:20:38:16 +0000] "GET /d1/368/AUTH_72bf37b676bd4e52b77caf5e47156c79/gnocchi.fbd7ee80-0b97-43fe-87da-87ac4e62b6be" 200 2 "GET http://localhost:8080/v1/AUTH_72bf37b676bd4e52b77caf5e47156c79/gnocchi.fbd7ee80-0b97-43fe-87da-87ac4e62b6be?format=json&states=listing" "txb44fd71a0bbe4a12b5918-006924c238" "proxy-server 21" 0.0041 "-" 23 0
Nov 24 20:38:16 standalone proxy-server[124105]: 172.18.0.2 ::1 24/Nov/2025/20/38/16 GET /v1/AUTH_72bf37b676bd4e52b77caf5e47156c79/gnocchi.fbd7ee80-0b97-43fe-87da-87ac4e62b6be%3Fformat%3Djson%26states%3Dlisting HTTP/1.0 200 - python-swiftclient-3.11.1 gAAAAABpJMH6xQnf... - 2 - txb44fd71a0bbe4a12b5918-006924c238 - 0.0240 - - 1764016696.430356741 1764016696.454377413 0
Nov 24 20:38:16 standalone object-server[122232]: 172.20.0.100 - - [24/Nov/2025:20:38:16 +0000] "GET /d1/541/AUTH_72bf37b676bd4e52b77caf5e47156c79/gnocchi.fbd7ee80-0b97-43fe-87da-87ac4e62b6be/1763640000.0_mean_300.0_v3" 404 70 "GET http://localhost:8080/v1/AUTH_72bf37b676bd4e52b77caf5e47156c79/gnocchi.fbd7ee80-0b97-43fe-87da-87ac4e62b6be/1763640000.0_mean_300.0_v3" "txc2de98cd2ce24f10b426b-006924c238" "proxy-server 21" 0.0005 "-" 20 0
Nov 24 20:38:16 standalone proxy-server[124105]: 172.18.0.2 ::1 24/Nov/2025/20/38/16 GET /v1/AUTH_72bf37b676bd4e52b77caf5e47156c79/gnocchi.fbd7ee80-0b97-43fe-87da-87ac4e62b6be/1763640000.0_mean_300.0_v3 HTTP/1.0 404 - python-swiftclient-3.11.1 gAAAAABpJMH6xQnf... - 70 - txc2de98cd2ce24f10b426b-006924c238 - 0.0064 - - 1764016696.459542036 1764016696.465967178 0
Nov 24 20:38:16 standalone container-server[122049]: 172.20.0.100 - - [24/Nov/2025:20:38:16 +0000] "PUT /d1/368/AUTH_72bf37b676bd4e52b77caf5e47156c79/gnocchi.fbd7ee80-0b97-43fe-87da-87ac4e62b6be/1763640000.0_mean_300.0_v3" 201 - "PUT http://localhost:8080/d1/541/AUTH_72bf37b676bd4e52b77caf5e47156c79/gnocchi.fbd7ee80-0b97-43fe-87da-87ac4e62b6be/1763640000.0_mean_300.0_v3" "tx21c49d2ba42246798dd85-006924c238" "object-server 20" 0.0011 "-" 23 0
Nov 24 20:38:16 standalone object-server[122232]: 172.20.0.100 - - [24/Nov/2025:20:38:16 +0000] "PUT /d1/541/AUTH_72bf37b676bd4e52b77caf5e47156c79/gnocchi.fbd7ee80-0b97-43fe-87da-87ac4e62b6be/1763640000.0_mean_300.0_v3" 201 - "PUT http://localhost:8080/v1/AUTH_72bf37b676bd4e52b77caf5e47156c79/gnocchi.fbd7ee80-0b97-43fe-87da-87ac4e62b6be/1763640000.0_mean_300.0_v3" "tx21c49d2ba42246798dd85-006924c238" "proxy-server 21" 0.0110 "-" 20 0
Nov 24 20:38:16 standalone proxy-server[124105]: 172.18.0.2 ::1 24/Nov/2025/20/38/16 PUT /v1/AUTH_72bf37b676bd4e52b77caf5e47156c79/gnocchi.fbd7ee80-0b97-43fe-87da-87ac4e62b6be/1763640000.0_mean_300.0_v3 HTTP/1.0 201 - python-swiftclient-3.11.1 gAAAAABpJMH6xQnf... 16 - - tx21c49d2ba42246798dd85-006924c238 - 0.0168 - - 1764016696.470036983 1764016696.486802101 0
Nov 24 20:38:16 standalone container-server[122046]: 172.20.0.100 - - [24/Nov/2025:20:38:16 +0000] "PUT /d1/368/AUTH_72bf37b676bd4e52b77caf5e47156c79/gnocchi.fbd7ee80-0b97-43fe-87da-87ac4e62b6be/none_v3" 201 - "PUT http://localhost:8080/d1/1010/AUTH_72bf37b676bd4e52b77caf5e47156c79/gnocchi.fbd7ee80-0b97-43fe-87da-87ac4e62b6be/none_v3" "tx5f9fe726ff914a98a4609-006924c238" "object-server 24" 0.0009 "-" 22 0
Nov 24 20:38:16 standalone object-server[122261]: 172.20.0.100 - - [24/Nov/2025:20:38:16 +0000] "PUT /d1/1010/AUTH_72bf37b676bd4e52b77caf5e47156c79/gnocchi.fbd7ee80-0b97-43fe-87da-87ac4e62b6be/none_v3" 201 - "PUT http://localhost:8080/v1/AUTH_72bf37b676bd4e52b77caf5e47156c79/gnocchi.fbd7ee80-0b97-43fe-87da-87ac4e62b6be/none_v3" "tx5f9fe726ff914a98a4609-006924c238" "proxy-server 21" 0.0100 "-" 24 0
Nov 24 20:38:16 standalone proxy-server[124105]: 172.18.0.2 ::1 24/Nov/2025/20/38/16 PUT /v1/AUTH_72bf37b676bd4e52b77caf5e47156c79/gnocchi.fbd7ee80-0b97-43fe-87da-87ac4e62b6be/none_v3 HTTP/1.0 201 - python-swiftclient-3.11.1 gAAAAABpJMH6xQnf... 22 - - tx5f9fe726ff914a98a4609-006924c238 - 0.0285 - - 1764016696.490717888 1764016696.519239426 0
Nov 24 20:38:21 standalone container-server[122028]: 172.20.0.100 - - [24/Nov/2025:20:38:21 +0000] "HEAD /d1/696/AUTH_72bf37b676bd4e52b77caf5e47156c79/gnocchi.5f2fa83f-5272-43bf-81dd-06f1db1bb056" 404 - "HEAD http://localhost:8080/v1/AUTH_72bf37b676bd4e52b77caf5e47156c79/gnocchi.5f2fa83f-5272-43bf-81dd-06f1db1bb056?format=json&states=listing" "tx2f95461c04f64b3390d5a-006924c23d" "proxy-server 21" 0.0007 "-" 20 0
Nov 24 20:38:21 standalone object-server[122261]: 172.20.0.100 - - [24/Nov/2025:20:38:21 +0000] "GET /d1/611/AUTH_72bf37b676bd4e52b77caf5e47156c79/gnocchi.5f2fa83f-5272-43bf-81dd-06f1db1bb056/none_v3" 404 70 "GET http://localhost:8080/v1/AUTH_72bf37b676bd4e52b77caf5e47156c79/gnocchi.5f2fa83f-5272-43bf-81dd-06f1db1bb056/none_v3" "tx2f95461c04f64b3390d5a-006924c23d" "proxy-server 21" 0.0006 "-" 24 0
Nov 24 20:38:21 standalone proxy-server[124105]: 172.18.0.2 ::1 24/Nov/2025/20/38/21 GET /v1/AUTH_72bf37b676bd4e52b77caf5e47156c79/gnocchi.5f2fa83f-5272-43bf-81dd-06f1db1bb056/none_v3 HTTP/1.0 404 - python-swiftclient-3.11.1 gAAAAABpJMH6xQnf... - 70 - tx2f95461c04f64b3390d5a-006924c23d - 0.0148 - - 1764016701.837495089 1764016701.852292061 0
Nov 24 20:38:21 standalone account-server[121960]: 172.20.0.100 - - [24/Nov/2025:20:38:21 +0000] "PUT /d1/421/AUTH_72bf37b676bd4e52b77caf5e47156c79/gnocchi.5f2fa83f-5272-43bf-81dd-06f1db1bb056" 201 - "PUT http://172.20.0.100:6001/d1/696/AUTH_72bf37b676bd4e52b77caf5e47156c79/gnocchi.5f2fa83f-5272-43bf-81dd-06f1db1bb056" "tx87bb81ca678f4cf5a3332-006924c23d" "container-server 20" 0.0074 "-" 22 0
Nov 24 20:38:21 standalone container-server[122028]: 172.20.0.100 - - [24/Nov/2025:20:38:21 +0000] "PUT /d1/696/AUTH_72bf37b676bd4e52b77caf5e47156c79/gnocchi.5f2fa83f-5272-43bf-81dd-06f1db1bb056" 201 - "PUT http://localhost:8080/v1/AUTH_72bf37b676bd4e52b77caf5e47156c79/gnocchi.5f2fa83f-5272-43bf-81dd-06f1db1bb056" "tx87bb81ca678f4cf5a3332-006924c23d" "proxy-server 21" 0.0209 "-" 20 0
Nov 24 20:38:21 standalone proxy-server[124105]: 172.18.0.2 ::1 24/Nov/2025/20/38/21 PUT /v1/AUTH_72bf37b676bd4e52b77caf5e47156c79/gnocchi.5f2fa83f-5272-43bf-81dd-06f1db1bb056 HTTP/1.0 201 - python-swiftclient-3.11.1 gAAAAABpJMH6xQnf... - - - tx87bb81ca678f4cf5a3332-006924c23d - 0.0287 - - 1764016701.855828762 1764016701.884563208 0
Nov 24 20:38:21 standalone container-server[122046]: 172.20.0.100 - - [24/Nov/2025:20:38:21 +0000] "HEAD /d1/696/AUTH_72bf37b676bd4e52b77caf5e47156c79/gnocchi.5f2fa83f-5272-43bf-81dd-06f1db1bb056" 204 - "HEAD http://localhost:8080/v1/AUTH_72bf37b676bd4e52b77caf5e47156c79/gnocchi.5f2fa83f-5272-43bf-81dd-06f1db1bb056?format=json&states=listing" "tx28c8cb681b2e4b51a6ed8-006924c23d" "proxy-server 21" 0.0027 "-" 22 0
Nov 24 20:38:21 standalone proxy-server[124105]: - - 24/Nov/2025/20/38/21 HEAD /v1/AUTH_72bf37b676bd4e52b77caf5e47156c79/gnocchi.5f2fa83f-5272-43bf-81dd-06f1db1bb056%3Fformat%3Djson%26states%3Dlisting HTTP/1.0 204 - Swift - - - - tx28c8cb681b2e4b51a6ed8-006924c23d - 0.0084 RL - 1764016701.889801025 1764016701.898194790 0
