2025-12-05 07:47:08.243 2 DEBUG oslo_concurrency.processutils [req-dbc8f152-44cf-443e-8b33-06d187bd7ec1 - - - - -] CMD "ovsdb-client transact tcp:172.17.0.100:6641 --timeout 180 ["OVN_Northbound", {"op": "wait", "timeout": 0, "table": "Port_Group", "where": [["name", "==", "neutron_pg_drop"]], "until": "==", "rows": []}, {"op": "insert", "table": "ACL", "row": {"action": "drop", "direction": "to-lport", "match": "outport == @neutron_pg_drop && ip", "priority": 1001}, "uuid-name": "droptoport"}, {"op": "insert", "table": "ACL", "row": {"action": "drop", "direction": "from-lport", "match": "inport == @neutron_pg_drop && ip", "priority": 1001}, "uuid-name": "dropfromport"}, {"op": "insert", "table": "Port_Group", "row": {"name": "neutron_pg_drop", "acls": ["set", [["named-uuid", "droptoport"], ["named-uuid", "dropfromport"]]]}}]" returned: 0 in 0.030s execute /usr/lib/python3.9/site-packages/oslo_concurrency/processutils.py:422
2025-12-05 07:47:08.243 15 INFO neutron.plugins.ml2.drivers.ovn.mech_driver.ovsdb.impl_idl_ovn [req-5b3d8fe4-5c55-4c51-9004-fd9806212db1 - - - - -] Getting OvsdbNbOvnIdl for WorkerService with retry
2025-12-05 07:47:08.246 2 INFO oslo_service.service [req-dbc8f152-44cf-443e-8b33-06d187bd7ec1 - - - - -] Starting 1 workers
2025-12-05 07:47:08.250 2 DEBUG oslo_service.service [req-dbc8f152-44cf-443e-8b33-06d187bd7ec1 - - - - -] Started child 17 _start_child /usr/lib/python3.9/site-packages/oslo_service/service.py:576
2025-12-05 07:47:08.251 2 INFO oslo_service.service [req-dbc8f152-44cf-443e-8b33-06d187bd7ec1 - - - - -] Starting 1 workers
2025-12-05 07:47:08.254 2 DEBUG oslo_service.service [req-dbc8f152-44cf-443e-8b33-06d187bd7ec1 - - - - -] Started child 18 _start_child /usr/lib/python3.9/site-packages/oslo_service/service.py:576
2025-12-05 07:47:08.255 2 INFO oslo_service.service [req-dbc8f152-44cf-443e-8b33-06d187bd7ec1 - - - - -] Starting 1 workers
2025-12-05 07:47:08.256 18 DEBUG neutron.service [req-dbc8f152-44cf-443e-8b33-06d187bd7ec1 - - - - -] calling RpcWorker wait() _wait /usr/lib/python3.9/site-packages/neutron/service.py:128
2025-12-05 07:47:08.257 2 DEBUG oslo_service.service [req-dbc8f152-44cf-443e-8b33-06d187bd7ec1 - - - - -] Started child 19 _start_child /usr/lib/python3.9/site-packages/oslo_service/service.py:576
2025-12-05 07:47:08.258 2 INFO oslo_service.service [req-dbc8f152-44cf-443e-8b33-06d187bd7ec1 - - - - -] Starting 1 workers
2025-12-05 07:47:08.257 18 DEBUG neutron.service [req-dbc8f152-44cf-443e-8b33-06d187bd7ec1 - - - - -] returning from RpcWorker wait() _wait /usr/lib/python3.9/site-packages/neutron/service.py:135
2025-12-05 07:47:08.258 15 DEBUG ovsdbapp.backend.ovs_idl [req-5b3d8fe4-5c55-4c51-9004-fd9806212db1 - - - - -] Created lookup_table index Logical_Switch.name autocreate_indices /usr/lib/python3.9/site-packages/ovsdbapp/backend/ovs_idl/__init__.py:109
2025-12-05 07:47:08.258 15 DEBUG ovsdbapp.backend.ovs_idl [req-5b3d8fe4-5c55-4c51-9004-fd9806212db1 - - - - -] Created lookup_table index Logical_Router.name autocreate_indices /usr/lib/python3.9/site-packages/ovsdbapp/backend/ovs_idl/__init__.py:109
2025-12-05 07:47:08.258 18 DEBUG neutron_lib.callbacks.manager [-] Notify callbacks ['neutron.plugins.ml2.drivers.ovn.mech_driver.mech_driver.OVNMechanismDriver.post_fork_initialize-3422627'] for process, after_init _notify_loop /usr/lib/python3.9/site-packages/neutron_lib/callbacks/manager.py:200
2025-12-05 07:47:08.258 15 DEBUG ovsdbapp.backend.ovs_idl [req-5b3d8fe4-5c55-4c51-9004-fd9806212db1 - - - - -] Created lookup_table index Load_Balancer.name autocreate_indices /usr/lib/python3.9/site-packages/ovsdbapp/backend/ovs_idl/__init__.py:109
2025-12-05 07:47:08.258 15 DEBUG ovsdbapp.backend.ovs_idl [req-5b3d8fe4-5c55-4c51-9004-fd9806212db1 - - - - -] Created schema index Meter.name autocreate_indices /usr/lib/python3.9/site-packages/ovsdbapp/backend/ovs_idl/__init__.py:128
2025-12-05 07:47:08.259 15 DEBUG ovsdbapp.backend.ovs_idl [req-5b3d8fe4-5c55-4c51-9004-fd9806212db1 - - - - -] Created schema index Copp.name autocreate_indices /usr/lib/python3.9/site-packages/ovsdbapp/backend/ovs_idl/__init__.py:128
2025-12-05 07:47:08.259 15 DEBUG ovsdbapp.backend.ovs_idl [req-5b3d8fe4-5c55-4c51-9004-fd9806212db1 - - - - -] Created schema index Logical_Switch_Port.name autocreate_indices /usr/lib/python3.9/site-packages/ovsdbapp/backend/ovs_idl/__init__.py:128
2025-12-05 07:47:08.259 15 DEBUG ovsdbapp.backend.ovs_idl [req-5b3d8fe4-5c55-4c51-9004-fd9806212db1 - - - - -] Created schema index Chassis_Template_Var.chassis autocreate_indices /usr/lib/python3.9/site-packages/ovsdbapp/backend/ovs_idl/__init__.py:128
2025-12-05 07:47:08.259 15 DEBUG ovsdbapp.backend.ovs_idl [req-5b3d8fe4-5c55-4c51-9004-fd9806212db1 - - - - -] Created schema index Gateway_Chassis.name autocreate_indices /usr/lib/python3.9/site-packages/ovsdbapp/backend/ovs_idl/__init__.py:128
2025-12-05 07:47:08.259 15 DEBUG ovsdbapp.backend.ovs_idl [req-5b3d8fe4-5c55-4c51-9004-fd9806212db1 - - - - -] Created schema index Connection.target autocreate_indices /usr/lib/python3.9/site-packages/ovsdbapp/backend/ovs_idl/__init__.py:128
2025-12-05 07:47:08.258 17 DEBUG neutron.service [req-dbc8f152-44cf-443e-8b33-06d187bd7ec1 - - - - -] calling RpcWorker wait() _wait /usr/lib/python3.9/site-packages/neutron/service.py:128
2025-12-05 07:47:08.259 15 DEBUG ovsdbapp.backend.ovs_idl [req-5b3d8fe4-5c55-4c51-9004-fd9806212db1 - - - - -] Created schema index Port_Group.name autocreate_indices /usr/lib/python3.9/site-packages/ovsdbapp/backend/ovs_idl/__init__.py:128
2025-12-05 07:47:08.259 15 DEBUG ovsdbapp.backend.ovs_idl [req-5b3d8fe4-5c55-4c51-9004-fd9806212db1 - - - - -] Created schema index Logical_Router_Port.name autocreate_indices /usr/lib/python3.9/site-packages/ovsdbapp/backend/ovs_idl/__init__.py:128
2025-12-05 07:47:08.259 15 DEBUG ovsdbapp.backend.ovs_idl [req-5b3d8fe4-5c55-4c51-9004-fd9806212db1 - - - - -] Created schema index HA_Chassis_Group.name autocreate_indices /usr/lib/python3.9/site-packages/ovsdbapp/backend/ovs_idl/__init__.py:128
2025-12-05 07:47:08.259 15 DEBUG ovsdbapp.backend.ovs_idl [req-5b3d8fe4-5c55-4c51-9004-fd9806212db1 - - - - -] Created schema index Mirror.name autocreate_indices /usr/lib/python3.9/site-packages/ovsdbapp/backend/ovs_idl/__init__.py:128
2025-12-05 07:47:08.259 15 DEBUG ovsdbapp.backend.ovs_idl [req-5b3d8fe4-5c55-4c51-9004-fd9806212db1 - - - - -] Created schema index Address_Set.name autocreate_indices /usr/lib/python3.9/site-packages/ovsdbapp/backend/ovs_idl/__init__.py:128
2025-12-05 07:47:08.260 15 DEBUG ovsdbapp.backend.ovs_idl [req-5b3d8fe4-5c55-4c51-9004-fd9806212db1 - - - - -] Created schema index Load_Balancer_Group.name autocreate_indices /usr/lib/python3.9/site-packages/ovsdbapp/backend/ovs_idl/__init__.py:128
2025-12-05 07:47:08.260 15 INFO ovsdbapp.backend.ovs_idl.vlog [req-5b3d8fe4-5c55-4c51-9004-fd9806212db1 - - - - -] tcp:172.17.0.100:6641: connecting...
2025-12-05 07:47:08.260 15 INFO ovsdbapp.backend.ovs_idl.vlog [req-5b3d8fe4-5c55-4c51-9004-fd9806212db1 - - - - -] tcp:172.17.0.100:6641: connected
2025-12-05 07:47:08.259 17 DEBUG neutron.service [req-dbc8f152-44cf-443e-8b33-06d187bd7ec1 - - - - -] returning from RpcWorker wait() _wait /usr/lib/python3.9/site-packages/neutron/service.py:135
2025-12-05 07:47:08.263 17 DEBUG neutron_lib.callbacks.manager [-] Notify callbacks ['neutron.plugins.ml2.drivers.ovn.mech_driver.mech_driver.OVNMechanismDriver.post_fork_initialize-3422627'] for process, after_init _notify_loop /usr/lib/python3.9/site-packages/neutron_lib/callbacks/manager.py:200
2025-12-05 07:47:08.264 17 INFO neutron.plugins.ml2.drivers.ovn.mech_driver.ovsdb.impl_idl_ovn [-] Getting OvsdbNbOvnIdl for RpcWorker with retry
2025-12-05 07:47:08.263 2 DEBUG oslo_service.service [req-dbc8f152-44cf-443e-8b33-06d187bd7ec1 - - - - -] Started child 20 _start_child /usr/lib/python3.9/site-packages/oslo_service/service.py:576
2025-12-05 07:47:08.265 2 DEBUG neutron_lib.callbacks.manager [req-dbc8f152-44cf-443e-8b33-06d187bd7ec1 - - - - -] Notify callbacks [] for process, after_spawn _notify_loop /usr/lib/python3.9/site-packages/neutron_lib/callbacks/manager.py:200
2025-12-05 07:47:08.267 2 DEBUG oslo_service.service [-] Full set of CONF: wait /usr/lib/python3.9/site-packages/oslo_service/service.py:650
2025-12-05 07:47:08.267 2 DEBUG oslo_service.service [-] ******************************************************************************** log_opt_values /usr/lib/python3.9/site-packages/oslo_config/cfg.py:2593
2025-12-05 07:47:08.267 2 DEBUG oslo_service.service [-] Configuration options gathered from: log_opt_values /usr/lib/python3.9/site-packages/oslo_config/cfg.py:2594
2025-12-05 07:47:08.267 2 DEBUG oslo_service.service [-] command line args: ['--config-file', '/usr/share/neutron/neutron-dist.conf', '--config-dir', '/usr/share/neutron/server', '--config-file', '/etc/neutron/neutron.conf', '--config-file', '/etc/neutron/plugin.ini', '--config-dir', '/etc/neutron/conf.d/common', '--config-dir', '/etc/neutron/conf.d/neutron-server', '--log-file=/var/log/neutron/server.log'] log_opt_values /usr/lib/python3.9/site-packages/oslo_config/cfg.py:2595
2025-12-05 07:47:08.267 2 DEBUG oslo_service.service [-] config files: ['/usr/share/neutron/neutron-dist.conf', '/etc/neutron/neutron.conf', '/etc/neutron/plugin.ini'] log_opt_values /usr/lib/python3.9/site-packages/oslo_config/cfg.py:2596
2025-12-05 07:47:08.267 2 DEBUG oslo_service.service [-] ================================================================================ log_opt_values /usr/lib/python3.9/site-packages/oslo_config/cfg.py:2598
2025-12-05 07:47:08.268 2 DEBUG oslo_service.service [-] agent_down_time = 600 log_opt_values /usr/lib/python3.9/site-packages/oslo_config/cfg.py:2606
2025-12-05 07:47:08.268 2 DEBUG oslo_service.service [-] allow_automatic_dhcp_failover = True log_opt_values /usr/lib/python3.9/site-packages/oslo_config/cfg.py:2606
2025-12-05 07:47:08.268 2 DEBUG oslo_service.service [-] allow_bulk = True log_opt_values /usr/lib/python3.9/site-packages/oslo_config/cfg.py:2606
2025-12-05 07:47:08.268 2 DEBUG oslo_service.service [-] allow_overlapping_ips = True log_opt_values /usr/lib/python3.9/site-packages/oslo_config/cfg.py:2606
2025-12-05 07:47:08.268 2 DEBUG oslo_service.service [-] allowed_conntrack_helpers = [{'amanda': 'tcp'}, {'ftp': 'tcp'}, {'h323': 'udp'}, {'h323': 'tcp'}, {'irc': 'tcp'}, {'netbios-ns': 'udp'}, {'pptp': 'tcp'}, {'sane': 'tcp'}, {'sip': 'udp'}, {'sip': 'tcp'}, {'snmp': 'udp'}, {'tftp': 'udp'}] log_opt_values /usr/lib/python3.9/site-packages/oslo_config/cfg.py:2606
2025-12-05 07:47:08.268 2 DEBUG oslo_service.service [-] api_extensions_path = log_opt_values /usr/lib/python3.9/site-packages/oslo_config/cfg.py:2606
2025-12-05 07:47:08.268 2 DEBUG oslo_service.service [-] api_paste_config = /usr/share/neutron/api-paste.ini log_opt_values /usr/lib/python3.9/site-packages/oslo_config/cfg.py:2606
2025-12-05 07:47:08.268 15 DEBUG neutron.common.ovn.hash_ring_manager [req-5b3d8fe4-5c55-4c51-9004-fd9806212db1 - - - - -] Allow caching, nodes 1>=1 _wait_startup_before_caching /usr/lib/python3.9/site-packages/neutron/common/ovn/hash_ring_manager.py:64
2025-12-05 07:47:08.269 2 DEBUG oslo_service.service [-] api_workers = 1 log_opt_values /usr/lib/python3.9/site-packages/oslo_config/cfg.py:2606
2025-12-05 07:47:08.269 2 DEBUG oslo_service.service [-] auth_strategy = keystone log_opt_values /usr/lib/python3.9/site-packages/oslo_config/cfg.py:2606
2025-12-05 07:47:08.269 2 DEBUG oslo_service.service [-] backdoor_port = None log_opt_values /usr/lib/python3.9/site-packages/oslo_config/cfg.py:2606
2025-12-05 07:47:08.269 2 DEBUG oslo_service.service [-] backdoor_socket = None log_opt_values /usr/lib/python3.9/site-packages/oslo_config/cfg.py:2606
2025-12-05 07:47:08.269 2 DEBUG oslo_service.service [-] backlog = 4096 log_opt_values /usr/lib/python3.9/site-packages/oslo_config/cfg.py:2606
2025-12-05 07:47:08.269 2 DEBUG oslo_service.service [-] base_mac = fa:16:3e:00:00:00 log_opt_values /usr/lib/python3.9/site-packages/oslo_config/cfg.py:2606
2025-12-05 07:47:08.269 2 DEBUG oslo_service.service [-] bind_host = 172.17.0.100 log_opt_values /usr/lib/python3.9/site-packages/oslo_config/cfg.py:2606
2025-12-05 07:47:08.264 19 DEBUG neutron_lib.callbacks.manager [-] Notify callbacks ['neutron.plugins.ml2.drivers.ovn.mech_driver.mech_driver.OVNMechanismDriver.post_fork_initialize-3422627'] for process, after_init _notify_loop /usr/lib/python3.9/site-packages/neutron_lib/callbacks/manager.py:200
2025-12-05 07:47:08.269 2 DEBUG oslo_service.service [-] bind_port = 9696 log_opt_values /usr/lib/python3.9/site-packages/oslo_config/cfg.py:2606
2025-12-05 07:47:08.269 2 DEBUG oslo_service.service [-] client_socket_timeout = 900 log_opt_values /usr/lib/python3.9/site-packages/oslo_config/cfg.py:2606
2025-12-05 07:47:08.269 2 DEBUG oslo_service.service [-] config_dir = ['/etc/neutron/conf.d/neutron-server'] log_opt_values /usr/lib/python3.9/site-packages/oslo_config/cfg.py:2606
2025-12-05 07:47:08.270 2 DEBUG oslo_service.service [-] config_file = ['/usr/share/neutron/neutron-dist.conf', '/etc/neutron/neutron.conf', '/etc/neutron/plugin.ini'] log_opt_values /usr/lib/python3.9/site-packages/oslo_config/cfg.py:2606
2025-12-05 07:47:08.270 2 DEBUG oslo_service.service [-] config_source = [] log_opt_values /usr/lib/python3.9/site-packages/oslo_config/cfg.py:2606
2025-12-05 07:47:08.270 2 DEBUG oslo_service.service [-] control_exchange = neutron log_opt_values /usr/lib/python3.9/site-packages/oslo_config/cfg.py:2606
2025-12-05 07:47:08.270 2 DEBUG oslo_service.service [-] core_plugin = ml2 log_opt_values /usr/lib/python3.9/site-packages/oslo_config/cfg.py:2606
2025-12-05 07:47:08.270 2 DEBUG oslo_service.service [-] debug = True log_opt_values /usr/lib/python3.9/site-packages/oslo_config/cfg.py:2606
2025-12-05 07:47:08.270 2 DEBUG oslo_service.service [-] default_availability_zones = [] log_opt_values /usr/lib/python3.9/site-packages/oslo_config/cfg.py:2606
2025-12-05 07:47:08.270 2 DEBUG oslo_service.service [-] default_log_levels = ['amqp=WARN', 'amqplib=WARN', 'boto=WARN', 'qpid=WARN', 'sqlalchemy=WARN', 'suds=INFO', 'oslo.messaging=INFO', 'oslo_messaging=INFO', 'iso8601=WARN', 'requests.packages.urllib3.connectionpool=WARN', 'urllib3.connectionpool=WARN', 'websocket=WARN', 'requests.packages.urllib3.util.retry=WARN', 'urllib3.util.retry=WARN', 'keystonemiddleware=WARN', 'routes.middleware=WARN', 'stevedore=WARN', 'taskflow=WARN', 'keystoneauth=WARN', 'oslo.cache=INFO', 'oslo_policy=INFO', 'dogpile.core.dogpile=INFO', 'OFPHandler=INFO', 'OfctlService=INFO', 'os_ken.base.app_manager=INFO', 'os_ken.controller.controller=INFO'] log_opt_values /usr/lib/python3.9/site-packages/oslo_config/cfg.py:2606
2025-12-05 07:47:08.270 2 DEBUG oslo_service.service [-] dhcp_agent_notification = True log_opt_values /usr/lib/python3.9/site-packages/oslo_config/cfg.py:2606
2025-12-05 07:47:08.270 2 DEBUG oslo_service.service [-] dhcp_agents_per_network = 1 log_opt_values /usr/lib/python3.9/site-packages/oslo_config/cfg.py:2606
2025-12-05 07:47:08.270 2 DEBUG oslo_service.service [-] dhcp_lease_duration = 86400 log_opt_values /usr/lib/python3.9/site-packages/oslo_config/cfg.py:2606
2025-12-05 07:47:08.270 19 INFO neutron.plugins.ml2.drivers.ovn.mech_driver.ovsdb.impl_idl_ovn [-] Getting OvsdbNbOvnIdl for MaintenanceWorker with retry
2025-12-05 07:47:08.271 2 DEBUG oslo_service.service [-] dhcp_load_type = networks log_opt_values /usr/lib/python3.9/site-packages/oslo_config/cfg.py:2606
2025-12-05 07:47:08.271 2 DEBUG oslo_service.service [-] dns_domain = localdomain log_opt_values /usr/lib/python3.9/site-packages/oslo_config/cfg.py:2606
2025-12-05 07:47:08.271 2 DEBUG oslo_service.service [-] dvr_base_mac = fa:16:3f:00:00:00 log_opt_values /usr/lib/python3.9/site-packages/oslo_config/cfg.py:2606
2025-12-05 07:47:08.273 20 DEBUG neutron_lib.callbacks.manager [-] Notify callbacks ['neutron.plugins.ml2.drivers.ovn.mech_driver.mech_driver.OVNMechanismDriver.post_fork_initialize-3422627'] for process, after_init _notify_loop /usr/lib/python3.9/site-packages/neutron_lib/callbacks/manager.py:200
2025-12-05 07:47:08.275 15 DEBUG neutron.common.ovn.hash_ring_manager [req-5b3d8fe4-5c55-4c51-9004-fd9806212db1 - - - - -] Hash Ring loaded. 1 active nodes. 0 offline nodes _load_hash_ring /usr/lib/python3.9/site-packages/neutron/common/ovn/hash_ring_manager.py:99
2025-12-05 07:47:08.271 2 DEBUG oslo_service.service [-] enable_dvr = True log_opt_values /usr/lib/python3.9/site-packages/oslo_config/cfg.py:2606
2025-12-05 07:47:08.275 2 DEBUG oslo_service.service [-] enable_new_agents = True log_opt_values /usr/lib/python3.9/site-packages/oslo_config/cfg.py:2606
2025-12-05 07:47:08.275 2 DEBUG oslo_service.service [-] enable_services_on_agents_with_admin_state_down = False log_opt_values /usr/lib/python3.9/site-packages/oslo_config/cfg.py:2606
2025-12-05 07:47:08.276 2 DEBUG oslo_service.service [-] enable_snat_by_default = True log_opt_values /usr/lib/python3.9/site-packages/oslo_config/cfg.py:2606
2025-12-05 07:47:08.276 2 DEBUG oslo_service.service [-] enable_traditional_dhcp = True log_opt_values /usr/lib/python3.9/site-packages/oslo_config/cfg.py:2606
2025-12-05 07:47:08.276 2 DEBUG oslo_service.service [-] external_dns_driver = None log_opt_values /usr/lib/python3.9/site-packages/oslo_config/cfg.py:2606
2025-12-05 07:47:08.276 2 DEBUG oslo_service.service [-] filter_validation = True log_opt_values /usr/lib/python3.9/site-packages/oslo_config/cfg.py:2606
2025-12-05 07:47:08.276 2 DEBUG oslo_service.service [-] global_physnet_mtu = 1500 log_opt_values /usr/lib/python3.9/site-packages/oslo_config/cfg.py:2606
2025-12-05 07:47:08.276 2 DEBUG oslo_service.service [-] graceful_shutdown_timeout = 60 log_opt_values /usr/lib/python3.9/site-packages/oslo_config/cfg.py:2606
2025-12-05 07:47:08.276 2 DEBUG oslo_service.service [-] host = standalone.localdomain log_opt_values /usr/lib/python3.9/site-packages/oslo_config/cfg.py:2606
2025-12-05 07:47:08.276 2 DEBUG oslo_service.service [-] host_dvr_for_dhcp = True log_opt_values /usr/lib/python3.9/site-packages/oslo_config/cfg.py:2606
2025-12-05 07:47:08.276 2 DEBUG oslo_service.service [-] http_retries = 3 log_opt_values /usr/lib/python3.9/site-packages/oslo_config/cfg.py:2606
2025-12-05 07:47:08.276 2 DEBUG oslo_service.service [-] instance_format = [instance: %(uuid)s] log_opt_values /usr/lib/python3.9/site-packages/oslo_config/cfg.py:2606
2025-12-05 07:47:08.277 2 DEBUG oslo_service.service [-] instance_uuid_format = [instance: %(uuid)s] log_opt_values /usr/lib/python3.9/site-packages/oslo_config/cfg.py:2606
2025-12-05 07:47:08.277 2 DEBUG oslo_service.service [-] ipam_driver = internal log_opt_values /usr/lib/python3.9/site-packages/oslo_config/cfg.py:2606
2025-12-05 07:47:08.277 2 DEBUG oslo_service.service [-] ipv6_pd_enabled = False log_opt_values /usr/lib/python3.9/site-packages/oslo_config/cfg.py:2606
2025-12-05 07:47:08.277 2 DEBUG oslo_service.service [-] l3_ha = False log_opt_values /usr/lib/python3.9/site-packages/oslo_config/cfg.py:2606
2025-12-05 07:47:08.277 2 DEBUG oslo_service.service [-] l3_ha_net_cidr = 169.254.192.0/18 log_opt_values /usr/lib/python3.9/site-packages/oslo_config/cfg.py:2606
2025-12-05 07:47:08.277 2 DEBUG oslo_service.service [-] l3_ha_network_physical_name = log_opt_values /usr/lib/python3.9/site-packages/oslo_config/cfg.py:2606
2025-12-05 07:47:08.277 2 DEBUG oslo_service.service [-] l3_ha_network_type = log_opt_values /usr/lib/python3.9/site-packages/oslo_config/cfg.py:2606
2025-12-05 07:47:08.277 15 DEBUG neutron.plugins.ml2.drivers.ovn.mech_driver.ovsdb.ovsdb_monitor [req-5b3d8fe4-5c55-4c51-9004-fd9806212db1 - - - - -] Hash Ring: Node 8501df6b-6d09-44f8-ba22-60aaa468b058 (host: standalone.localdomain) handling event "create" for row 6d6953fe-95e6-4697-9b3d-5e32d1d1d42a (table: NB_Global) notify /usr/lib/python3.9/site-packages/neutron/plugins/ml2/drivers/ovn/mech_driver/ovsdb/ovsdb_monitor.py:791
2025-12-05 07:47:08.277 2 DEBUG oslo_service.service [-] log_config_append = None log_opt_values /usr/lib/python3.9/site-packages/oslo_config/cfg.py:2606
2025-12-05 07:47:08.277 2 DEBUG oslo_service.service [-] log_date_format = %Y-%m-%d %H:%M:%S log_opt_values /usr/lib/python3.9/site-packages/oslo_config/cfg.py:2606
2025-12-05 07:47:08.277 15 DEBUG neutron.plugins.ml2.drivers.ovn.mech_driver.ovsdb.ovsdb_monitor [req-5b3d8fe4-5c55-4c51-9004-fd9806212db1 - - - - -] Hash Ring: Node 8501df6b-6d09-44f8-ba22-60aaa468b058 (host: standalone.localdomain) handling event "create" for row e2d8807b-8ca1-4267-94d2-884002ae7f5c (table: Connection) notify /usr/lib/python3.9/site-packages/neutron/plugins/ml2/drivers/ovn/mech_driver/ovsdb/ovsdb_monitor.py:791
2025-12-05 07:47:08.277 2 DEBUG oslo_service.service [-] log_dir = /var/log/neutron log_opt_values /usr/lib/python3.9/site-packages/oslo_config/cfg.py:2606
2025-12-05 07:47:08.277 15 DEBUG neutron.plugins.ml2.drivers.ovn.mech_driver.ovsdb.ovsdb_monitor [req-5b3d8fe4-5c55-4c51-9004-fd9806212db1 - - - - -] Hash Ring: Node 8501df6b-6d09-44f8-ba22-60aaa468b058 (host: standalone.localdomain) handling event "create" for row 972c026d-6d18-404e-9323-8ab5c7a93de4 (table: Port_Group) notify /usr/lib/python3.9/site-packages/neutron/plugins/ml2/drivers/ovn/mech_driver/ovsdb/ovsdb_monitor.py:791
2025-12-05 07:47:08.278 2 DEBUG oslo_service.service [-] log_file = /var/log/neutron/server.log log_opt_values /usr/lib/python3.9/site-packages/oslo_config/cfg.py:2606
2025-12-05 07:47:08.278 2 DEBUG oslo_service.service [-] log_options = True log_opt_values /usr/lib/python3.9/site-packages/oslo_config/cfg.py:2606
2025-12-05 07:47:08.278 15 DEBUG neutron.plugins.ml2.drivers.ovn.mech_driver.ovsdb.ovsdb_monitor [req-5b3d8fe4-5c55-4c51-9004-fd9806212db1 - - - - -] Hash Ring: Node 8501df6b-6d09-44f8-ba22-60aaa468b058 (host: standalone.localdomain) handling event "create" for row fff20114-a2a4-45a5-8a94-d04e2bc4cfc9 (table: ACL) notify /usr/lib/python3.9/site-packages/neutron/plugins/ml2/drivers/ovn/mech_driver/ovsdb/ovsdb_monitor.py:791
2025-12-05 07:47:08.278 2 DEBUG oslo_service.service [-] log_rotate_interval = 1 log_opt_values /usr/lib/python3.9/site-packages/oslo_config/cfg.py:2606
2025-12-05 07:47:08.278 2 DEBUG oslo_service.service [-] log_rotate_interval_type = days log_opt_values /usr/lib/python3.9/site-packages/oslo_config/cfg.py:2606
2025-12-05 07:47:08.278 15 DEBUG neutron.plugins.ml2.drivers.ovn.mech_driver.ovsdb.ovsdb_monitor [req-5b3d8fe4-5c55-4c51-9004-fd9806212db1 - - - - -] Hash Ring: Node 8501df6b-6d09-44f8-ba22-60aaa468b058 (host: standalone.localdomain) handling event "create" for row eaecaec2-ce11-477e-9fb8-b973a6640881 (table: ACL) notify /usr/lib/python3.9/site-packages/neutron/plugins/ml2/drivers/ovn/mech_driver/ovsdb/ovsdb_monitor.py:791
2025-12-05 07:47:08.278 2 DEBUG oslo_service.service [-] log_rotation_type = none log_opt_values /usr/lib/python3.9/site-packages/oslo_config/cfg.py:2606
2025-12-05 07:47:08.278 2 DEBUG oslo_service.service [-] logging_context_format_string = %(asctime)s.%(msecs)03d %(process)d %(levelname)s %(name)s [%(request_id)s %(user_identity)s] %(instance)s%(message)s log_opt_values /usr/lib/python3.9/site-packages/oslo_config/cfg.py:2606
2025-12-05 07:47:08.278 2 DEBUG oslo_service.service [-] logging_debug_format_suffix = %(funcName)s %(pathname)s:%(lineno)d log_opt_values /usr/lib/python3.9/site-packages/oslo_config/cfg.py:2606
2025-12-05 07:47:08.278 2 DEBUG oslo_service.service [-] logging_default_format_string = %(asctime)s.%(msecs)03d %(process)d %(levelname)s %(name)s [-] %(instance)s%(message)s log_opt_values /usr/lib/python3.9/site-packages/oslo_config/cfg.py:2606
2025-12-05 07:47:08.278 15 INFO neutron.plugins.ml2.drivers.ovn.mech_driver.ovsdb.impl_idl_ovn [req-5b3d8fe4-5c55-4c51-9004-fd9806212db1 - - - - -] Getting OvsdbSbOvnIdl for WorkerService with retry
2025-12-05 07:47:08.278 2 DEBUG oslo_service.service [-] logging_exception_prefix = %(asctime)s.%(msecs)03d %(process)d ERROR %(name)s %(instance)s log_opt_values /usr/lib/python3.9/site-packages/oslo_config/cfg.py:2606
2025-12-05 07:47:08.284 2 DEBUG oslo_service.service [-] logging_user_identity_format = %(user)s %(tenant)s %(domain)s %(user_domain)s %(project_domain)s log_opt_values /usr/lib/python3.9/site-packages/oslo_config/cfg.py:2606
2025-12-05 07:47:08.284 2 DEBUG oslo_service.service [-] max_allowed_address_pair = 10 log_opt_values /usr/lib/python3.9/site-packages/oslo_config/cfg.py:2606
2025-12-05 07:47:08.284 2 DEBUG oslo_service.service [-] max_dns_nameservers = 5 log_opt_values /usr/lib/python3.9/site-packages/oslo_config/cfg.py:2606
2025-12-05 07:47:08.284 2 DEBUG oslo_service.service [-] max_header_line = 16384 log_opt_values /usr/lib/python3.9/site-packages/oslo_config/cfg.py:2606
2025-12-05 07:47:08.284 2 DEBUG oslo_service.service [-] max_l3_agents_per_router = 3 log_opt_values /usr/lib/python3.9/site-packages/oslo_config/cfg.py:2606
2025-12-05 07:47:08.284 2 DEBUG oslo_service.service [-] max_logfile_count = 30 log_opt_values /usr/lib/python3.9/site-packages/oslo_config/cfg.py:2606
2025-12-05 07:47:08.284 2 DEBUG oslo_service.service [-] max_logfile_size_mb = 200 log_opt_values /usr/lib/python3.9/site-packages/oslo_config/cfg.py:2606
2025-12-05 07:47:08.285 2 DEBUG oslo_service.service [-] max_routes = 30 log_opt_values /usr/lib/python3.9/site-packages/oslo_config/cfg.py:2606
2025-12-05 07:47:08.285 2 DEBUG oslo_service.service [-] max_subnet_host_routes = 20 log_opt_values /usr/lib/python3.9/site-packages/oslo_config/cfg.py:2606
2025-12-05 07:47:08.285 15 DEBUG ovsdbapp.backend.ovs_idl [req-5b3d8fe4-5c55-4c51-9004-fd9806212db1 - - - - -] Created lookup_table index Chassis.name autocreate_indices /usr/lib/python3.9/site-packages/ovsdbapp/backend/ovs_idl/__init__.py:109
2025-12-05 07:47:08.285 2 DEBUG oslo_service.service [-] migration_mode = False log_opt_values /usr/lib/python3.9/site-packages/oslo_config/cfg.py:2606
2025-12-05 07:47:08.285 15 DEBUG ovsdbapp.backend.ovs_idl [req-5b3d8fe4-5c55-4c51-9004-fd9806212db1 - - - - -] Created schema index Chassis_Private.name autocreate_indices /usr/lib/python3.9/site-packages/ovsdbapp/backend/ovs_idl/__init__.py:128
2025-12-05 07:47:08.285 2 DEBUG oslo_service.service [-] network_auto_schedule = True log_opt_values /usr/lib/python3.9/site-packages/oslo_config/cfg.py:2606
2025-12-05 07:47:08.285 15 DEBUG ovsdbapp.backend.ovs_idl [req-5b3d8fe4-5c55-4c51-9004-fd9806212db1 - - - - -] Created schema index Datapath_Binding.tunnel_key autocreate_indices /usr/lib/python3.9/site-packages/ovsdbapp/backend/ovs_idl/__init__.py:128
2025-12-05 07:47:08.285 2 DEBUG oslo_service.service [-] network_link_prefix = None log_opt_values /usr/lib/python3.9/site-packages/oslo_config/cfg.py:2606
2025-12-05 07:47:08.285 2 DEBUG oslo_service.service [-] network_scheduler_driver = neutron.scheduler.dhcp_agent_scheduler.WeightScheduler log_opt_values /usr/lib/python3.9/site-packages/oslo_config/cfg.py:2606
2025-12-05 07:47:08.285 15 INFO ovsdbapp.backend.ovs_idl.vlog [req-5b3d8fe4-5c55-4c51-9004-fd9806212db1 - - - - -] tcp:172.17.0.100:6642: connecting...
2025-12-05 07:47:08.285 2 DEBUG oslo_service.service [-] notify_nova_on_port_data_changes = True log_opt_values /usr/lib/python3.9/site-packages/oslo_config/cfg.py:2606
2025-12-05 07:47:08.285 2 DEBUG oslo_service.service [-] notify_nova_on_port_status_changes = True log_opt_values /usr/lib/python3.9/site-packages/oslo_config/cfg.py:2606
2025-12-05 07:47:08.285 15 INFO ovsdbapp.backend.ovs_idl.vlog [req-5b3d8fe4-5c55-4c51-9004-fd9806212db1 - - - - -] tcp:172.17.0.100:6642: connected
2025-12-05 07:47:08.285 2 DEBUG oslo_service.service [-] pagination_max_limit = -1 log_opt_values /usr/lib/python3.9/site-packages/oslo_config/cfg.py:2606
2025-12-05 07:47:08.286 2 DEBUG oslo_service.service [-] periodic_fuzzy_delay = 5 log_opt_values /usr/lib/python3.9/site-packages/oslo_config/cfg.py:2606
2025-12-05 07:47:08.286 2 DEBUG oslo_service.service [-] periodic_interval = 40 log_opt_values /usr/lib/python3.9/site-packages/oslo_config/cfg.py:2606
2025-12-05 07:47:08.286 2 DEBUG oslo_service.service [-] publish_errors = False log_opt_values /usr/lib/python3.9/site-packages/oslo_config/cfg.py:2606
2025-12-05 07:47:08.286 2 DEBUG oslo_service.service [-] rate_limit_burst = 0 log_opt_values /usr/lib/python3.9/site-packages/oslo_config/cfg.py:2606
2025-12-05 07:47:08.288 2 DEBUG oslo_service.service [-] rate_limit_except_level = CRITICAL log_opt_values /usr/lib/python3.9/site-packages/oslo_config/cfg.py:2606
2025-12-05 07:47:08.288 2 DEBUG oslo_service.service [-] rate_limit_interval = 0 log_opt_values /usr/lib/python3.9/site-packages/oslo_config/cfg.py:2606
2025-12-05 07:47:08.288 2 DEBUG oslo_service.service [-] retry_until_window = 30 log_opt_values /usr/lib/python3.9/site-packages/oslo_config/cfg.py:2606
2025-12-05 07:47:08.288 2 DEBUG oslo_service.service [-] router_distributed = False log_opt_values /usr/lib/python3.9/site-packages/oslo_config/cfg.py:2606
2025-12-05 07:47:08.288 2 DEBUG oslo_service.service [-] rpc_response_max_timeout = 600 log_opt_values /usr/lib/python3.9/site-packages/oslo_config/cfg.py:2606
2025-12-05 07:47:08.288 17 DEBUG ovsdbapp.backend.ovs_idl [req-8d04ddc4-7bcf-4382-8fa5-d25ff6c98a46 - - - - -] Created lookup_table index Logical_Switch.name autocreate_indices /usr/lib/python3.9/site-packages/ovsdbapp/backend/ovs_idl/__init__.py:109
2025-12-05 07:47:08.288 17 DEBUG ovsdbapp.backend.ovs_idl [req-8d04ddc4-7bcf-4382-8fa5-d25ff6c98a46 - - - - -] Created lookup_table index Logical_Router.name autocreate_indices /usr/lib/python3.9/site-packages/ovsdbapp/backend/ovs_idl/__init__.py:109
2025-12-05 07:47:08.288 17 DEBUG ovsdbapp.backend.ovs_idl [req-8d04ddc4-7bcf-4382-8fa5-d25ff6c98a46 - - - - -] Created lookup_table index Load_Balancer.name autocreate_indices /usr/lib/python3.9/site-packages/ovsdbapp/backend/ovs_idl/__init__.py:109
2025-12-05 07:47:08.288 2 DEBUG oslo_service.service [-] rpc_response_timeout = 60 log_opt_values /usr/lib/python3.9/site-packages/oslo_config/cfg.py:2606
2025-12-05 07:47:08.288 17 DEBUG ovsdbapp.backend.ovs_idl [req-8d04ddc4-7bcf-4382-8fa5-d25ff6c98a46 - - - - -] Created schema index Meter.name autocreate_indices /usr/lib/python3.9/site-packages/ovsdbapp/backend/ovs_idl/__init__.py:128
2025-12-05 07:47:08.289 2 DEBUG oslo_service.service [-] rpc_state_report_workers = 1 log_opt_values /usr/lib/python3.9/site-packages/oslo_config/cfg.py:2606
2025-12-05 07:47:08.289 17 DEBUG ovsdbapp.backend.ovs_idl [req-8d04ddc4-7bcf-4382-8fa5-d25ff6c98a46 - - - - -] Created schema index Copp.name autocreate_indices /usr/lib/python3.9/site-packages/ovsdbapp/backend/ovs_idl/__init__.py:128
2025-12-05 07:47:08.289 2 DEBUG oslo_service.service [-] rpc_workers = 1 log_opt_values /usr/lib/python3.9/site-packages/oslo_config/cfg.py:2606
2025-12-05 07:47:08.289 17 DEBUG ovsdbapp.backend.ovs_idl [req-8d04ddc4-7bcf-4382-8fa5-d25ff6c98a46 - - - - -] Created schema index Logical_Switch_Port.name autocreate_indices /usr/lib/python3.9/site-packages/ovsdbapp/backend/ovs_idl/__init__.py:128
2025-12-05 07:47:08.289 2 DEBUG oslo_service.service [-] send_events_interval = 2 log_opt_values /usr/lib/python3.9/site-packages/oslo_config/cfg.py:2606
2025-12-05 07:47:08.289 17 DEBUG ovsdbapp.backend.ovs_idl [req-8d04ddc4-7bcf-4382-8fa5-d25ff6c98a46 - - - - -] Created schema index Chassis_Template_Var.chassis autocreate_indices /usr/lib/python3.9/site-packages/ovsdbapp/backend/ovs_idl/__init__.py:128
2025-12-05 07:47:08.289 2 DEBUG oslo_service.service [-] service_plugins = ['qos', 'ovn-router', 'trunk', 'segments', 'port_forwarding', 'log'] log_opt_values /usr/lib/python3.9/site-packages/oslo_config/cfg.py:2606
2025-12-05 07:47:08.289 17 DEBUG ovsdbapp.backend.ovs_idl [req-8d04ddc4-7bcf-4382-8fa5-d25ff6c98a46 - - - - -] Created schema index Gateway_Chassis.name autocreate_indices /usr/lib/python3.9/site-packages/ovsdbapp/backend/ovs_idl/__init__.py:128
2025-12-05 07:47:08.289 2 DEBUG oslo_service.service [-] setproctitle = on log_opt_values /usr/lib/python3.9/site-packages/oslo_config/cfg.py:2606
2025-12-05 07:47:08.289 2 DEBUG oslo_service.service [-] state_path = /var/lib/neutron log_opt_values /usr/lib/python3.9/site-packages/oslo_config/cfg.py:2606
2025-12-05 07:47:08.289 17 DEBUG ovsdbapp.backend.ovs_idl [req-8d04ddc4-7bcf-4382-8fa5-d25ff6c98a46 - - - - -] Created schema index Connection.target autocreate_indices /usr/lib/python3.9/site-packages/ovsdbapp/backend/ovs_idl/__init__.py:128
2025-12-05 07:47:08.289 2 DEBUG oslo_service.service [-] syslog_log_facility = LOG_USER log_opt_values /usr/lib/python3.9/site-packages/oslo_config/cfg.py:2606
2025-12-05 07:47:08.289 2 DEBUG oslo_service.service [-] tcp_keepidle = 600 log_opt_values /usr/lib/python3.9/site-packages/oslo_config/cfg.py:2606
2025-12-05 07:47:08.289 17 DEBUG ovsdbapp.backend.ovs_idl [req-8d04ddc4-7bcf-4382-8fa5-d25ff6c98a46 - - - - -] Created schema index Port_Group.name autocreate_indices /usr/lib/python3.9/site-packages/ovsdbapp/backend/ovs_idl/__init__.py:128
2025-12-05 07:47:08.289 2 DEBUG oslo_service.service [-] transport_url = **** log_opt_values /usr/lib/python3.9/site-packages/oslo_config/cfg.py:2606
2025-12-05 07:47:08.289 17 DEBUG ovsdbapp.backend.ovs_idl [req-8d04ddc4-7bcf-4382-8fa5-d25ff6c98a46 - - - - -] Created schema index Logical_Router_Port.name autocreate_indices /usr/lib/python3.9/site-packages/ovsdbapp/backend/ovs_idl/__init__.py:128
2025-12-05 07:47:08.289 2 DEBUG oslo_service.service [-] use_eventlog = False log_opt_values /usr/lib/python3.9/site-packages/oslo_config/cfg.py:2606
2025-12-05 07:47:08.289 17 DEBUG ovsdbapp.backend.ovs_idl [req-8d04ddc4-7bcf-4382-8fa5-d25ff6c98a46 - - - - -] Created schema index HA_Chassis_Group.name autocreate_indices /usr/lib/python3.9/site-packages/ovsdbapp/backend/ovs_idl/__init__.py:128
2025-12-05 07:47:08.290 2 DEBUG oslo_service.service [-] use_journal = False log_opt_values /usr/lib/python3.9/site-packages/oslo_config/cfg.py:2606
2025-12-05 07:47:08.290 2 DEBUG oslo_service.service [-] use_json = False log_opt_values /usr/lib/python3.9/site-packages/oslo_config/cfg.py:2606
2025-12-05 07:47:08.290 17 DEBUG ovsdbapp.backend.ovs_idl [req-8d04ddc4-7bcf-4382-8fa5-d25ff6c98a46 - - - - -] Created schema index Mirror.name autocreate_indices /usr/lib/python3.9/site-packages/ovsdbapp/backend/ovs_idl/__init__.py:128
2025-12-05 07:47:08.290 2 DEBUG oslo_service.service [-] use_ssl = False log_opt_values /usr/lib/python3.9/site-packages/oslo_config/cfg.py:2606
2025-12-05 07:47:08.290 2 DEBUG oslo_service.service [-] use_stderr = False log_opt_values /usr/lib/python3.9/site-packages/oslo_config/cfg.py:2606
2025-12-05 07:47:08.290 2 DEBUG oslo_service.service [-] use_syslog = False log_opt_values /usr/lib/python3.9/site-packages/oslo_config/cfg.py:2606
2025-12-05 07:47:08.290 2 DEBUG oslo_service.service [-] vlan_transparent = False log_opt_values /usr/lib/python3.9/site-packages/oslo_config/cfg.py:2606
2025-12-05 07:47:08.290 2 DEBUG oslo_service.service [-] watch_log_file = False log_opt_values /usr/lib/python3.9/site-packages/oslo_config/cfg.py:2606
2025-12-05 07:47:08.290 2 DEBUG oslo_service.service [-] wsgi_default_pool_size = 100 log_opt_values /usr/lib/python3.9/site-packages/oslo_config/cfg.py:2606
2025-12-05 07:47:08.290 2 DEBUG oslo_service.service [-] wsgi_keep_alive = True log_opt_values /usr/lib/python3.9/site-packages/oslo_config/cfg.py:2606
2025-12-05 07:47:08.290 17 DEBUG ovsdbapp.backend.ovs_idl [req-8d04ddc4-7bcf-4382-8fa5-d25ff6c98a46 - - - - -] Created schema index Address_Set.name autocreate_indices /usr/lib/python3.9/site-packages/ovsdbapp/backend/ovs_idl/__init__.py:128
2025-12-05 07:47:08.290 2 DEBUG oslo_service.service [-] wsgi_log_format = %(client_ip)s "%(request_line)s" status: %(status_code)s len: %(body_length)s time: %(wall_seconds).7f log_opt_values /usr/lib/python3.9/site-packages/oslo_config/cfg.py:2606
2025-12-05 07:47:08.290 17 DEBUG ovsdbapp.backend.ovs_idl [req-8d04ddc4-7bcf-4382-8fa5-d25ff6c98a46 - - - - -] Created schema index Load_Balancer_Group.name autocreate_indices /usr/lib/python3.9/site-packages/ovsdbapp/backend/ovs_idl/__init__.py:128
2025-12-05 07:47:08.290 2 DEBUG oslo_service.service [-] wsgi_server_debug = False log_opt_values /usr/lib/python3.9/site-packages/oslo_config/cfg.py:2606
2025-12-05 07:47:08.291 2 DEBUG oslo_service.service [-] oslo_concurrency.disable_process_locking = False log_opt_values /usr/lib/python3.9/site-packages/oslo_config/cfg.py:2613
2025-12-05 07:47:08.291 2 DEBUG oslo_service.service [-] oslo_concurrency.lock_path = /var/lib/neutron/lock log_opt_values /usr/lib/python3.9/site-packages/oslo_config/cfg.py:2613
2025-12-05 07:47:08.291 2 DEBUG oslo_service.service [-] profiler.connection_string = messaging:// log_opt_values /usr/lib/python3.9/site-packages/oslo_config/cfg.py:2613
2025-12-05 07:47:08.291 2 DEBUG oslo_service.service [-] profiler.enabled = False log_opt_values /usr/lib/python3.9/site-packages/oslo_config/cfg.py:2613
2025-12-05 07:47:08.291 15 DEBUG neutron.common.ovn.hash_ring_manager [req-5b3d8fe4-5c55-4c51-9004-fd9806212db1 - - - - -] Allow caching, nodes 1>=1 _wait_startup_before_caching /usr/lib/python3.9/site-packages/neutron/common/ovn/hash_ring_manager.py:64
2025-12-05 07:47:08.291 2 DEBUG oslo_service.service [-] profiler.es_doc_type = notification log_opt_values /usr/lib/python3.9/site-packages/oslo_config/cfg.py:2613
2025-12-05 07:47:08.291 2 DEBUG oslo_service.service [-] profiler.es_scroll_size = 10000 log_opt_values /usr/lib/python3.9/site-packages/oslo_config/cfg.py:2613
2025-12-05 07:47:08.292 2 DEBUG oslo_service.service [-] profiler.es_scroll_time = 2m log_opt_values /usr/lib/python3.9/site-packages/oslo_config/cfg.py:2613
2025-12-05 07:47:08.291 17 INFO ovsdbapp.backend.ovs_idl.vlog [req-8d04ddc4-7bcf-4382-8fa5-d25ff6c98a46 - - - - -] tcp:172.17.0.100:6641: connecting...
2025-12-05 07:47:08.292 17 INFO ovsdbapp.backend.ovs_idl.vlog [req-8d04ddc4-7bcf-4382-8fa5-d25ff6c98a46 - - - - -] tcp:172.17.0.100:6641: connected
2025-12-05 07:47:08.292 2 DEBUG oslo_service.service [-] profiler.filter_error_trace = False log_opt_values /usr/lib/python3.9/site-packages/oslo_config/cfg.py:2613
2025-12-05 07:47:08.293 2 DEBUG oslo_service.service [-] profiler.hmac_keys = SECRET_KEY log_opt_values /usr/lib/python3.9/site-packages/oslo_config/cfg.py:2613
2025-12-05 07:47:08.293 2 DEBUG oslo_service.service [-] profiler.sentinel_service_name = mymaster log_opt_values /usr/lib/python3.9/site-packages/oslo_config/cfg.py:2613
2025-12-05 07:47:08.293 2 DEBUG oslo_service.service [-] profiler.socket_timeout = 0.1 log_opt_values /usr/lib/python3.9/site-packages/oslo_config/cfg.py:2613
2025-12-05 07:47:08.293 2 DEBUG oslo_service.service [-] profiler.trace_sqlalchemy = False log_opt_values /usr/lib/python3.9/site-packages/oslo_config/cfg.py:2613
2025-12-05 07:47:08.293 2 DEBUG oslo_service.service [-] oslo_policy.enforce_new_defaults = False log_opt_values /usr/lib/python3.9/site-packages/oslo_config/cfg.py:2613
2025-12-05 07:47:08.294 2 DEBUG oslo_service.service [-] oslo_policy.enforce_scope = False log_opt_values /usr/lib/python3.9/site-packages/oslo_config/cfg.py:2613
2025-12-05 07:47:08.294 2 DEBUG oslo_service.service [-] oslo_policy.policy_default_rule = default log_opt_values /usr/lib/python3.9/site-packages/oslo_config/cfg.py:2613
2025-12-05 07:47:08.294 2 DEBUG oslo_service.service [-] oslo_policy.policy_dirs = ['policy.d'] log_opt_values /usr/lib/python3.9/site-packages/oslo_config/cfg.py:2613
2025-12-05 07:47:08.294 2 DEBUG oslo_service.service [-] oslo_policy.policy_file = /etc/neutron/policy.yaml log_opt_values /usr/lib/python3.9/site-packages/oslo_config/cfg.py:2613
2025-12-05 07:47:08.294 2 DEBUG oslo_service.service [-] oslo_policy.remote_content_type = application/x-www-form-urlencoded log_opt_values /usr/lib/python3.9/site-packages/oslo_config/cfg.py:2613
2025-12-05 07:47:08.294 2 DEBUG oslo_service.service [-] oslo_policy.remote_ssl_ca_crt_file = None log_opt_values /usr/lib/python3.9/site-packages/oslo_config/cfg.py:2613
2025-12-05 07:47:08.296 15 DEBUG neutron.common.ovn.hash_ring_manager [req-5b3d8fe4-5c55-4c51-9004-fd9806212db1 - - - - -] Hash Ring loaded. 1 active nodes. 0 offline nodes _load_hash_ring /usr/lib/python3.9/site-packages/neutron/common/ovn/hash_ring_manager.py:99
2025-12-05 07:47:08.294 2 DEBUG oslo_service.service [-] oslo_policy.remote_ssl_client_crt_file = None log_opt_values /usr/lib/python3.9/site-packages/oslo_config/cfg.py:2613
2025-12-05 07:47:08.297 2 DEBUG oslo_service.service [-] oslo_policy.remote_ssl_client_key_file = None log_opt_values /usr/lib/python3.9/site-packages/oslo_config/cfg.py:2613
2025-12-05 07:47:08.298 2 DEBUG oslo_service.service [-] oslo_policy.remote_ssl_verify_server_crt = False log_opt_values /usr/lib/python3.9/site-packages/oslo_config/cfg.py:2613
2025-12-05 07:47:08.298 2 DEBUG oslo_service.service [-] nova.auth_section = None log_opt_values /usr/lib/python3.9/site-packages/oslo_config/cfg.py:2613
2025-12-05 07:47:08.298 2 DEBUG oslo_service.service [-] nova.auth_type = password log_opt_values /usr/lib/python3.9/site-packages/oslo_config/cfg.py:2613
2025-12-05 07:47:08.297 19 DEBUG ovsdbapp.backend.ovs_idl [-] Created lookup_table index Logical_Switch.name autocreate_indices /usr/lib/python3.9/site-packages/ovsdbapp/backend/ovs_idl/__init__.py:109
2025-12-05 07:47:08.298 2 DEBUG oslo_service.service [-] nova.auth_url = http://172.17.0.2:5000 log_opt_values /usr/lib/python3.9/site-packages/oslo_config/cfg.py:2613
2025-12-05 07:47:08.298 2 DEBUG oslo_service.service [-] nova.cafile = None log_opt_values /usr/lib/python3.9/site-packages/oslo_config/cfg.py:2613
2025-12-05 07:47:08.298 19 DEBUG ovsdbapp.backend.ovs_idl [-] Created lookup_table index Logical_Router.name autocreate_indices /usr/lib/python3.9/site-packages/ovsdbapp/backend/ovs_idl/__init__.py:109
2025-12-05 07:47:08.298 15 DEBUG neutron.plugins.ml2.drivers.ovn.mech_driver.ovsdb.ovsdb_monitor [req-5b3d8fe4-5c55-4c51-9004-fd9806212db1 - - - - -] Hash Ring: Node 8501df6b-6d09-44f8-ba22-60aaa468b058 (host: standalone.localdomain) handling event "create" for row 4c6323e3-7dad-45de-89a2-aa631818c22f (table: Chassis) notify /usr/lib/python3.9/site-packages/neutron/plugins/ml2/drivers/ovn/mech_driver/ovsdb/ovsdb_monitor.py:791
2025-12-05 07:47:08.298 2 DEBUG oslo_service.service [-] nova.certfile = None log_opt_values /usr/lib/python3.9/site-packages/oslo_config/cfg.py:2613
2025-12-05 07:47:08.298 19 DEBUG ovsdbapp.backend.ovs_idl [-] Created lookup_table index Load_Balancer.name autocreate_indices /usr/lib/python3.9/site-packages/ovsdbapp/backend/ovs_idl/__init__.py:109
2025-12-05 07:47:08.298 2 DEBUG oslo_service.service [-] nova.collect_timing = False log_opt_values /usr/lib/python3.9/site-packages/oslo_config/cfg.py:2613
2025-12-05 07:47:08.298 19 DEBUG ovsdbapp.backend.ovs_idl [-] Created schema index Meter.name autocreate_indices /usr/lib/python3.9/site-packages/ovsdbapp/backend/ovs_idl/__init__.py:128
2025-12-05 07:47:08.298 15 DEBUG neutron.plugins.ml2.drivers.ovn.mech_driver.ovsdb.ovsdb_monitor [req-5b3d8fe4-5c55-4c51-9004-fd9806212db1 - - - - -] ChassisAgentWriteEvent : Matched Chassis_Private, create, None None matches /usr/lib/python3.9/site-packages/neutron/plugins/ml2/drivers/ovn/mech_driver/ovsdb/ovsdb_monitor.py:61
2025-12-05 07:47:08.298 2 DEBUG oslo_service.service [-] nova.default_domain_id = None log_opt_values /usr/lib/python3.9/site-packages/oslo_config/cfg.py:2613
2025-12-05 07:47:08.298 19 DEBUG ovsdbapp.backend.ovs_idl [-] Created schema index Copp.name autocreate_indices /usr/lib/python3.9/site-packages/ovsdbapp/backend/ovs_idl/__init__.py:128
2025-12-05 07:47:08.298 2 DEBUG oslo_service.service [-] nova.default_domain_name = None log_opt_values /usr/lib/python3.9/site-packages/oslo_config/cfg.py:2613
2025-12-05 07:47:08.298 19 DEBUG ovsdbapp.backend.ovs_idl [-] Created schema index Logical_Switch_Port.name autocreate_indices /usr/lib/python3.9/site-packages/ovsdbapp/backend/ovs_idl/__init__.py:128
2025-12-05 07:47:08.298 2 DEBUG oslo_service.service [-] nova.domain_id = None log_opt_values /usr/lib/python3.9/site-packages/oslo_config/cfg.py:2613
2025-12-05 07:47:08.298 19 DEBUG ovsdbapp.backend.ovs_idl [-] Created schema index Chassis_Template_Var.chassis autocreate_indices /usr/lib/python3.9/site-packages/ovsdbapp/backend/ovs_idl/__init__.py:128
2025-12-05 07:47:08.299 2 DEBUG oslo_service.service [-] nova.domain_name = None log_opt_values /usr/lib/python3.9/site-packages/oslo_config/cfg.py:2613
2025-12-05 07:47:08.299 19 DEBUG ovsdbapp.backend.ovs_idl [-] Created schema index Gateway_Chassis.name autocreate_indices /usr/lib/python3.9/site-packages/ovsdbapp/backend/ovs_idl/__init__.py:128
2025-12-05 07:47:08.298 15 DEBUG neutron.plugins.ml2.drivers.ovn.mech_driver.ovsdb.ovsdb_monitor [req-5b3d8fe4-5c55-4c51-9004-fd9806212db1 - - - - -] Hash Ring: Node 8501df6b-6d09-44f8-ba22-60aaa468b058 (host: standalone.localdomain) handling event "create" for row 058e083f-3637-43bb-836b-d2721db792cc (table: Chassis_Private) notify /usr/lib/python3.9/site-packages/neutron/plugins/ml2/drivers/ovn/mech_driver/ovsdb/ovsdb_monitor.py:791
2025-12-05 07:47:08.299 19 DEBUG ovsdbapp.backend.ovs_idl [-] Created schema index Connection.target autocreate_indices /usr/lib/python3.9/site-packages/ovsdbapp/backend/ovs_idl/__init__.py:128
2025-12-05 07:47:08.299 2 DEBUG oslo_service.service [-] nova.endpoint_type = internal log_opt_values /usr/lib/python3.9/site-packages/oslo_config/cfg.py:2613
2025-12-05 07:47:08.299 15 DEBUG neutron.plugins.ml2.drivers.ovn.mech_driver.ovsdb.ovsdb_monitor [req-5b3d8fe4-5c55-4c51-9004-fd9806212db1 - - - - -] Hash Ring: Node 8501df6b-6d09-44f8-ba22-60aaa468b058 (host: standalone.localdomain) handling event "create" for row fe90e350-9815-423b-99f1-70abfa379076 (table: Encap) notify /usr/lib/python3.9/site-packages/neutron/plugins/ml2/drivers/ovn/mech_driver/ovsdb/ovsdb_monitor.py:791
2025-12-05 07:47:08.299 19 DEBUG ovsdbapp.backend.ovs_idl [-] Created schema index Port_Group.name autocreate_indices /usr/lib/python3.9/site-packages/ovsdbapp/backend/ovs_idl/__init__.py:128
2025-12-05 07:47:08.299 2 DEBUG oslo_service.service [-] nova.insecure = False log_opt_values /usr/lib/python3.9/site-packages/oslo_config/cfg.py:2613
2025-12-05 07:47:08.299 2 DEBUG oslo_service.service [-] nova.keyfile = None log_opt_values /usr/lib/python3.9/site-packages/oslo_config/cfg.py:2613
2025-12-05 07:47:08.299 19 DEBUG ovsdbapp.backend.ovs_idl [-] Created schema index Logical_Router_Port.name autocreate_indices /usr/lib/python3.9/site-packages/ovsdbapp/backend/ovs_idl/__init__.py:128
2025-12-05 07:47:08.299 19 DEBUG ovsdbapp.backend.ovs_idl [-] Created schema index HA_Chassis_Group.name autocreate_indices /usr/lib/python3.9/site-packages/ovsdbapp/backend/ovs_idl/__init__.py:128
2025-12-05 07:47:08.299 2 DEBUG oslo_service.service [-] nova.live_migration_events = False log_opt_values /usr/lib/python3.9/site-packages/oslo_config/cfg.py:2613
2025-12-05 07:47:08.299 19 DEBUG ovsdbapp.backend.ovs_idl [-] Created schema index Mirror.name autocreate_indices /usr/lib/python3.9/site-packages/ovsdbapp/backend/ovs_idl/__init__.py:128
2025-12-05 07:47:08.299 19 DEBUG ovsdbapp.backend.ovs_idl [-] Created schema index Address_Set.name autocreate_indices /usr/lib/python3.9/site-packages/ovsdbapp/backend/ovs_idl/__init__.py:128
2025-12-05 07:47:08.299 19 DEBUG ovsdbapp.backend.ovs_idl [-] Created schema index Load_Balancer_Group.name autocreate_indices /usr/lib/python3.9/site-packages/ovsdbapp/backend/ovs_idl/__init__.py:128
2025-12-05 07:47:08.299 2 DEBUG oslo_service.service [-] nova.password = **** log_opt_values /usr/lib/python3.9/site-packages/oslo_config/cfg.py:2613
2025-12-05 07:47:08.299 2 DEBUG oslo_service.service [-] nova.project_domain_id = None log_opt_values /usr/lib/python3.9/site-packages/oslo_config/cfg.py:2613
2025-12-05 07:47:08.300 2 DEBUG oslo_service.service [-] nova.project_domain_name = Default log_opt_values /usr/lib/python3.9/site-packages/oslo_config/cfg.py:2613
2025-12-05 07:47:08.300 2 DEBUG oslo_service.service [-] nova.project_id = None log_opt_values /usr/lib/python3.9/site-packages/oslo_config/cfg.py:2613
2025-12-05 07:47:08.300 2 DEBUG oslo_service.service [-] nova.project_name = service log_opt_values /usr/lib/python3.9/site-packages/oslo_config/cfg.py:2613
2025-12-05 07:47:08.300 15 INFO neutron.plugins.ml2.drivers.ovn.mech_driver.mech_driver [req-5b3d8fe4-5c55-4c51-9004-fd9806212db1 - - - - -] WorkerService process has finished the post initialization
2025-12-05 07:47:08.300 2 DEBUG oslo_service.service [-] nova.region_name = regionOne log_opt_values /usr/lib/python3.9/site-packages/oslo_config/cfg.py:2613
2025-12-05 07:47:08.300 2 DEBUG oslo_service.service [-] nova.split_loggers = False log_opt_values /usr/lib/python3.9/site-packages/oslo_config/cfg.py:2613
2025-12-05 07:47:08.300 2 DEBUG oslo_service.service [-] nova.system_scope = None log_opt_values /usr/lib/python3.9/site-packages/oslo_config/cfg.py:2613
2025-12-05 07:47:08.300 2 DEBUG oslo_service.service [-] nova.timeout = None log_opt_values /usr/lib/python3.9/site-packages/oslo_config/cfg.py:2613
2025-12-05 07:47:08.300 15 INFO neutron.wsgi [-] (15) wsgi starting up on http://172.17.0.100:9696
2025-12-05 07:47:08.300 19 INFO ovsdbapp.backend.ovs_idl.vlog [-] tcp:172.17.0.100:6641: connecting...
2025-12-05 07:47:08.301 2 DEBUG oslo_service.service [-] nova.trust_id = None log_opt_values /usr/lib/python3.9/site-packages/oslo_config/cfg.py:2613
2025-12-05 07:47:08.301 2 DEBUG oslo_service.service [-] nova.user_domain_id = None log_opt_values /usr/lib/python3.9/site-packages/oslo_config/cfg.py:2613
2025-12-05 07:47:08.301 2 DEBUG oslo_service.service [-] nova.user_domain_name = Default log_opt_values /usr/lib/python3.9/site-packages/oslo_config/cfg.py:2613
