Oct 04 14:43:38 np0005470886.novalocal container-server[93153]: ::1 - - [04/Oct/2025:18:43:38 +0000] "PUT /2/191820/AUTH_2a636ad9760344e79dff02823315c4fd/gnocchi.dd7068ad-2fa4-4950-97e7-7b95cacb0578/1759320000.0_mean_300.0_v3" 201 - "PUT http://[::1]:8080/3/257380/AUTH_2a636ad9760344e79dff02823315c4fd/gnocchi.dd7068ad-2fa4-4950-97e7-7b95cacb0578/1759320000.0_mean_300.0_v3" "tx891f46d0f036430c93148-0068e16ada" "object-server 93451" 0.0004 "-" 93153 0
Oct 04 14:43:38 np0005470886.novalocal object-server[93451]: ::1 - - [04/Oct/2025:18:43:38 +0000] "PUT /3/257380/AUTH_2a636ad9760344e79dff02823315c4fd/gnocchi.dd7068ad-2fa4-4950-97e7-7b95cacb0578/1759320000.0_mean_300.0_v3" 201 - "PUT http://[::1]:8080/v1/AUTH_2a636ad9760344e79dff02823315c4fd/gnocchi.dd7068ad-2fa4-4950-97e7-7b95cacb0578/1759320000.0_mean_300.0_v3" "tx891f46d0f036430c93148-0068e16ada" "proxy-server 89511" 0.0150 "-" 93451 0
Oct 04 14:43:38 np0005470886.novalocal container-server[93152]: ::1 - - [04/Oct/2025:18:43:38 +0000] "PUT /3/191820/AUTH_2a636ad9760344e79dff02823315c4fd/gnocchi.dd7068ad-2fa4-4950-97e7-7b95cacb0578/1759320000.0_mean_300.0_v3" 201 - "PUT http://[::1]:8080/1/257380/AUTH_2a636ad9760344e79dff02823315c4fd/gnocchi.dd7068ad-2fa4-4950-97e7-7b95cacb0578/1759320000.0_mean_300.0_v3" "tx891f46d0f036430c93148-0068e16ada" "object-server 93451" 0.0004 "-" 93152 0
Oct 04 14:43:38 np0005470886.novalocal object-server[93451]: ::1 - - [04/Oct/2025:18:43:38 +0000] "PUT /1/257380/AUTH_2a636ad9760344e79dff02823315c4fd/gnocchi.dd7068ad-2fa4-4950-97e7-7b95cacb0578/1759320000.0_mean_300.0_v3" 201 - "PUT http://[::1]:8080/v1/AUTH_2a636ad9760344e79dff02823315c4fd/gnocchi.dd7068ad-2fa4-4950-97e7-7b95cacb0578/1759320000.0_mean_300.0_v3" "tx891f46d0f036430c93148-0068e16ada" "proxy-server 89511" 0.0146 "-" 93451 0
Oct 04 14:43:38 np0005470886.novalocal proxy-server[89511]: ::1 ::1 04/Oct/2025/18/43/38 PUT /v1/AUTH_2a636ad9760344e79dff02823315c4fd/gnocchi.dd7068ad-2fa4-4950-97e7-7b95cacb0578/1759320000.0_mean_300.0_v3 HTTP/1.0 201 - python-swiftclient-4.2.0 gAAAAABo4WqryIa7... 16 - - tx891f46d0f036430c93148-0068e16ada - 0.0281 - - 1759603418.759006739 1759603418.787147284 0
Oct 04 14:43:38 np0005470886.novalocal container-server[93153]: ::1 - - [04/Oct/2025:18:43:38 +0000] "PUT /1/71981/AUTH_2a636ad9760344e79dff02823315c4fd/gnocchi.552638b8-87da-4dec-bfde-23998d97fa59/none_v3" 201 - "PUT http://[::1]:8080/3/152053/AUTH_2a636ad9760344e79dff02823315c4fd/gnocchi.552638b8-87da-4dec-bfde-23998d97fa59/none_v3" "tx6881f2e65a7d49e0b125f-0068e16ada" "object-server 93452" 0.0005 "-" 93153 0
Oct 04 14:43:38 np0005470886.novalocal object-server[93452]: ::1 - - [04/Oct/2025:18:43:38 +0000] "PUT /3/152053/AUTH_2a636ad9760344e79dff02823315c4fd/gnocchi.552638b8-87da-4dec-bfde-23998d97fa59/none_v3" 201 - "PUT http://[::1]:8080/v1/AUTH_2a636ad9760344e79dff02823315c4fd/gnocchi.552638b8-87da-4dec-bfde-23998d97fa59/none_v3" "tx6881f2e65a7d49e0b125f-0068e16ada" "proxy-server 89511" 0.0076 "-" 93452 0
Oct 04 14:43:38 np0005470886.novalocal container-server[93152]: ::1 - - [04/Oct/2025:18:43:38 +0000] "PUT /3/71981/AUTH_2a636ad9760344e79dff02823315c4fd/gnocchi.552638b8-87da-4dec-bfde-23998d97fa59/none_v3" 201 - "PUT http://[::1]:8080/1/152053/AUTH_2a636ad9760344e79dff02823315c4fd/gnocchi.552638b8-87da-4dec-bfde-23998d97fa59/none_v3" "tx6881f2e65a7d49e0b125f-0068e16ada" "object-server 93449" 0.0005 "-" 93152 0
Oct 04 14:43:38 np0005470886.novalocal object-server[93449]: ::1 - - [04/Oct/2025:18:43:38 +0000] "PUT /1/152053/AUTH_2a636ad9760344e79dff02823315c4fd/gnocchi.552638b8-87da-4dec-bfde-23998d97fa59/none_v3" 201 - "PUT http://[::1]:8080/v1/AUTH_2a636ad9760344e79dff02823315c4fd/gnocchi.552638b8-87da-4dec-bfde-23998d97fa59/none_v3" "tx6881f2e65a7d49e0b125f-0068e16ada" "proxy-server 89511" 0.0098 "-" 93449 0
Oct 04 14:43:38 np0005470886.novalocal container-server[89990]: Container sharder cycle starting, auto-sharding False
Oct 04 14:43:38 np0005470886.novalocal container-server[93153]: ::1 - - [04/Oct/2025:18:43:38 +0000] "PUT /2/71981/AUTH_2a636ad9760344e79dff02823315c4fd/gnocchi.552638b8-87da-4dec-bfde-23998d97fa59/none_v3" 201 - "PUT http://[::1]:8080/2/152053/AUTH_2a636ad9760344e79dff02823315c4fd/gnocchi.552638b8-87da-4dec-bfde-23998d97fa59/none_v3" "tx6881f2e65a7d49e0b125f-0068e16ada" "object-server 93450" 0.0005 "-" 93153 0
Oct 04 14:43:38 np0005470886.novalocal object-server[93450]: ::1 - - [04/Oct/2025:18:43:38 +0000] "PUT /2/152053/AUTH_2a636ad9760344e79dff02823315c4fd/gnocchi.552638b8-87da-4dec-bfde-23998d97fa59/none_v3" 201 - "PUT http://[::1]:8080/v1/AUTH_2a636ad9760344e79dff02823315c4fd/gnocchi.552638b8-87da-4dec-bfde-23998d97fa59/none_v3" "tx6881f2e65a7d49e0b125f-0068e16ada" "proxy-server 89511" 0.0191 "-" 93450 0
Oct 04 14:43:38 np0005470886.novalocal proxy-server[89511]: ::1 ::1 04/Oct/2025/18/43/38 PUT /v1/AUTH_2a636ad9760344e79dff02823315c4fd/gnocchi.552638b8-87da-4dec-bfde-23998d97fa59/none_v3 HTTP/1.0 201 - python-swiftclient-4.2.0 gAAAAABo4WqjVCzL... 36 - - tx6881f2e65a7d49e0b125f-0068e16ada - 0.0281 - - 1759603418.779202700 1759603418.807298422 0
Oct 04 14:43:38 np0005470886.novalocal container-server[93155]: ::1 - - [04/Oct/2025:18:43:38 +0000] "PUT /1/191820/AUTH_2a636ad9760344e79dff02823315c4fd/gnocchi.dd7068ad-2fa4-4950-97e7-7b95cacb0578/none_v3" 201 - "PUT http://[::1]:8080/3/122923/AUTH_2a636ad9760344e79dff02823315c4fd/gnocchi.dd7068ad-2fa4-4950-97e7-7b95cacb0578/none_v3" "txe5e734024e6b4242ba0d2-0068e16ada" "object-server 93449" 0.0005 "-" 93155 0
Oct 04 14:43:38 np0005470886.novalocal object-server[93449]: ::1 - - [04/Oct/2025:18:43:38 +0000] "PUT /3/122923/AUTH_2a636ad9760344e79dff02823315c4fd/gnocchi.dd7068ad-2fa4-4950-97e7-7b95cacb0578/none_v3" 201 - "PUT http://[::1]:8080/v1/AUTH_2a636ad9760344e79dff02823315c4fd/gnocchi.dd7068ad-2fa4-4950-97e7-7b95cacb0578/none_v3" "txe5e734024e6b4242ba0d2-0068e16ada" "proxy-server 89511" 0.0135 "-" 93449 0
Oct 04 14:43:38 np0005470886.novalocal container-server[93155]: ::1 - - [04/Oct/2025:18:43:38 +0000] "PUT /3/191820/AUTH_2a636ad9760344e79dff02823315c4fd/gnocchi.dd7068ad-2fa4-4950-97e7-7b95cacb0578/none_v3" 201 - "PUT http://[::1]:8080/2/122923/AUTH_2a636ad9760344e79dff02823315c4fd/gnocchi.dd7068ad-2fa4-4950-97e7-7b95cacb0578/none_v3" "txe5e734024e6b4242ba0d2-0068e16ada" "object-server 93450" 0.0003 "-" 93155 0
Oct 04 14:43:38 np0005470886.novalocal object-server[93450]: ::1 - - [04/Oct/2025:18:43:38 +0000] "PUT /2/122923/AUTH_2a636ad9760344e79dff02823315c4fd/gnocchi.dd7068ad-2fa4-4950-97e7-7b95cacb0578/none_v3" 201 - "PUT http://[::1]:8080/v1/AUTH_2a636ad9760344e79dff02823315c4fd/gnocchi.dd7068ad-2fa4-4950-97e7-7b95cacb0578/none_v3" "txe5e734024e6b4242ba0d2-0068e16ada" "proxy-server 89511" 0.0129 "-" 93450 0
Oct 04 14:43:38 np0005470886.novalocal container-server[93152]: ::1 - - [04/Oct/2025:18:43:38 +0000] "PUT /2/191820/AUTH_2a636ad9760344e79dff02823315c4fd/gnocchi.dd7068ad-2fa4-4950-97e7-7b95cacb0578/none_v3" 201 - "PUT http://[::1]:8080/1/122923/AUTH_2a636ad9760344e79dff02823315c4fd/gnocchi.dd7068ad-2fa4-4950-97e7-7b95cacb0578/none_v3" "txe5e734024e6b4242ba0d2-0068e16ada" "object-server 93450" 0.0006 "-" 93152 0
Oct 04 14:43:38 np0005470886.novalocal object-server[93450]: ::1 - - [04/Oct/2025:18:43:38 +0000] "PUT /1/122923/AUTH_2a636ad9760344e79dff02823315c4fd/gnocchi.dd7068ad-2fa4-4950-97e7-7b95cacb0578/none_v3" 201 - "PUT http://[::1]:8080/v1/AUTH_2a636ad9760344e79dff02823315c4fd/gnocchi.dd7068ad-2fa4-4950-97e7-7b95cacb0578/none_v3" "txe5e734024e6b4242ba0d2-0068e16ada" "proxy-server 89511" 0.0193 "-" 93450 0
Oct 04 14:43:38 np0005470886.novalocal proxy-server[89511]: ::1 ::1 04/Oct/2025/18/43/38 PUT /v1/AUTH_2a636ad9760344e79dff02823315c4fd/gnocchi.dd7068ad-2fa4-4950-97e7-7b95cacb0578/none_v3 HTTP/1.0 201 - python-swiftclient-4.2.0 gAAAAABo4WqryIa7... 45 - - txe5e734024e6b4242ba0d2-0068e16ada - 0.0282 - - 1759603418.790072203 1759603418.818231583 0
Oct 04 14:43:38 np0005470886.novalocal object-server[93452]: ::1 - - [04/Oct/2025:18:43:38 +0000] "GET /2/234142/AUTH_2a636ad9760344e79dff02823315c4fd/gnocchi.77d1c113-5336-4b74-84db-38ea2898dd12/none_v3" 200 31 "GET http://[::1]:8080/v1/AUTH_2a636ad9760344e79dff02823315c4fd/gnocchi.77d1c113-5336-4b74-84db-38ea2898dd12/none_v3" "txef2934d99a864ed482976-0068e16ada" "proxy-server 89511" 0.0008 "-" 93452 0
Oct 04 14:43:38 np0005470886.novalocal object-server[93451]: ::1 - - [04/Oct/2025:18:43:38 +0000] "GET /2/61921/AUTH_2a636ad9760344e79dff02823315c4fd/gnocchi.4be8aaa2-6607-416e-98f8-aac69936cbcc/none_v3" 200 30 "GET http://[::1]:8080/v1/AUTH_2a636ad9760344e79dff02823315c4fd/gnocchi.4be8aaa2-6607-416e-98f8-aac69936cbcc/none_v3" "tx4612dfd68b6f4da58729b-0068e16ada" "proxy-server 89511" 0.0008 "-" 93451 0
Oct 04 14:43:38 np0005470886.novalocal proxy-server[89511]: ::1 ::1 04/Oct/2025/18/43/38 GET /v1/AUTH_2a636ad9760344e79dff02823315c4fd/gnocchi.4be8aaa2-6607-416e-98f8-aac69936cbcc/none_v3 HTTP/1.0 200 - python-swiftclient-4.2.0 gAAAAABo4WqjVCzL... - 30 - tx4612dfd68b6f4da58729b-0068e16ada - 0.0105 - - 1759603418.833268642 1759603418.843791246 0
Oct 04 14:43:38 np0005470886.novalocal proxy-server[89511]: ::1 ::1 04/Oct/2025/18/43/38 GET /v1/AUTH_2a636ad9760344e79dff02823315c4fd/gnocchi.77d1c113-5336-4b74-84db-38ea2898dd12/none_v3 HTTP/1.0 200 - python-swiftclient-4.2.0 gAAAAABo4WqryIa7... - 31 - txef2934d99a864ed482976-0068e16ada - 0.0120 - - 1759603418.832865477 1759603418.844831228 0
Oct 04 14:43:38 np0005470886.novalocal container-server[93154]: ::1 - - [04/Oct/2025:18:43:38 +0000] "GET /2/87740/AUTH_2a636ad9760344e79dff02823315c4fd/gnocchi.4be8aaa2-6607-416e-98f8-aac69936cbcc" 200 357 "GET http://[::1]:8080/v1/AUTH_2a636ad9760344e79dff02823315c4fd/gnocchi.4be8aaa2-6607-416e-98f8-aac69936cbcc?format=json&states=listing" "txc46b3c89adac4f1187fe8-0068e16ada" "proxy-server 89511" 0.0069 "-" 93154 0
Oct 04 14:43:38 np0005470886.novalocal kernel: qvbe1b57fdf-0b: left allmulticast mode
Oct 04 14:43:38 np0005470886.novalocal kernel: qvbe1b57fdf-0b: left promiscuous mode
Oct 04 14:43:38 np0005470886.novalocal kernel: qbre1b57fdf-0b: port 1(qvbe1b57fdf-0b) entered disabled state
Oct 04 14:43:38 np0005470886.novalocal container-server[93153]: ::1 - - [04/Oct/2025:18:43:38 +0000] "GET /2/157630/AUTH_2a636ad9760344e79dff02823315c4fd/gnocchi.77d1c113-5336-4b74-84db-38ea2898dd12" 200 357 "GET http://[::1]:8080/v1/AUTH_2a636ad9760344e79dff02823315c4fd/gnocchi.77d1c113-5336-4b74-84db-38ea2898dd12?format=json&states=listing" "tx09ca57e1172f48efaff32-0068e16ada" "proxy-server 89511" 0.0098 "-" 93153 0
Oct 04 14:43:38 np0005470886.novalocal proxy-server[89511]: ::1 ::1 04/Oct/2025/18/43/38 GET /v1/AUTH_2a636ad9760344e79dff02823315c4fd/gnocchi.4be8aaa2-6607-416e-98f8-aac69936cbcc%3Fformat%3Djson%26states%3Dlisting HTTP/1.0 200 - python-swiftclient-4.2.0 gAAAAABo4WqjVCzL... - 357 - txc46b3c89adac4f1187fe8-0068e16ada - 0.0181 - - 1759603418.849144936 1759603418.867195606 0
Oct 04 14:43:38 np0005470886.novalocal proxy-server[89511]: ::1 ::1 04/Oct/2025/18/43/38 GET /v1/AUTH_2a636ad9760344e79dff02823315c4fd/gnocchi.77d1c113-5336-4b74-84db-38ea2898dd12%3Fformat%3Djson%26states%3Dlisting HTTP/1.0 200 - python-swiftclient-4.2.0 gAAAAABo4WqryIa7... - 357 - tx09ca57e1172f48efaff32-0068e16ada - 0.0224 - - 1759603418.847692490 1759603418.870116234 0
Oct 04 14:43:38 np0005470886.novalocal NetworkManager[860]: [1759603418.8773] device (qbre1b57fdf-0b): bridge port qvbe1b57fdf-0b was detached
Oct 04 14:43:38 np0005470886.novalocal NetworkManager[860]: [1759603418.8778] device (qbre1b57fdf-0b): state change: activated -> unmanaged (reason 'unmanaged', managed-type: 'removed')
Oct 04 14:43:38 np0005470886.novalocal container-server[93152]: ::1 - - [04/Oct/2025:18:43:38 +0000] "GET /2/157630/AUTH_2a636ad9760344e79dff02823315c4fd/gnocchi.77d1c113-5336-4b74-84db-38ea2898dd12" 200 2 "GET http://[::1]:8080/v1/AUTH_2a636ad9760344e79dff02823315c4fd/gnocchi.77d1c113-5336-4b74-84db-38ea2898dd12?format=json&marker=none_v3&states=listing" "txfbb1a4073dba4afdb090e-0068e16ada" "proxy-server 89511" 0.0019 "-" 93152 0
Oct 04 14:43:38 np0005470886.novalocal proxy-server[89511]: ::1 ::1 04/Oct/2025/18/43/38 GET /v1/AUTH_2a636ad9760344e79dff02823315c4fd/gnocchi.77d1c113-5336-4b74-84db-38ea2898dd12%3Fformat%3Djson%26marker%3Dnone_v3%26states%3Dlisting HTTP/1.0 200 - python-swiftclient-4.2.0 gAAAAABo4WqryIa7... - 2 - txfbb1a4073dba4afdb090e-0068e16ada - 0.0114 - - 1759603418.872304678 1759603418.883725405 0
Oct 04 14:43:38 np0005470886.novalocal object-server[93452]: ::1 - - [04/Oct/2025:18:43:38 +0000] "GET /3/217962/AUTH_2a636ad9760344e79dff02823315c4fd/gnocchi.77d1c113-5336-4b74-84db-38ea2898dd12/1759320000.0_mean_300.0_v3" 200 16 "GET http://[::1]:8080/v1/AUTH_2a636ad9760344e79dff02823315c4fd/gnocchi.77d1c113-5336-4b74-84db-38ea2898dd12/1759320000.0_mean_300.0_v3" "txca24d6584378477c8b136-0068e16ada" "proxy-server 89511" 0.0007 "-" 93452 0
Oct 04 14:43:38 np0005470886.novalocal container-server[93155]: ::1 - - [04/Oct/2025:18:43:38 +0000] "GET /3/87740/AUTH_2a636ad9760344e79dff02823315c4fd/gnocchi.4be8aaa2-6607-416e-98f8-aac69936cbcc" 200 2 "GET http://[::1]:8080/v1/AUTH_2a636ad9760344e79dff02823315c4fd/gnocchi.4be8aaa2-6607-416e-98f8-aac69936cbcc?format=json&marker=none_v3&states=listing" "txabe9112dc7b94be19ab81-0068e16ada" "proxy-server 89511" 0.0098 "-" 93155 0
Oct 04 14:43:38 np0005470886.novalocal proxy-server[89511]: ::1 ::1 04/Oct/2025/18/43/38 GET /v1/AUTH_2a636ad9760344e79dff02823315c4fd/gnocchi.4be8aaa2-6607-416e-98f8-aac69936cbcc%3Fformat%3Djson%26marker%3Dnone_v3%26states%3Dlisting HTTP/1.0 200 - python-swiftclient-4.2.0 gAAAAABo4WqjVCzL... - 2 - txabe9112dc7b94be19ab81-0068e16ada - 0.0265 - - 1759603418.869466782 1759603418.895925522 0
Oct 04 14:43:38 np0005470886.novalocal kernel: qvoe1b57fdf-0b: left promiscuous mode
Oct 04 14:43:38 np0005470886.novalocal proxy-server[89511]: ::1 ::1 04/Oct/2025/18/43/38 GET /v1/AUTH_2a636ad9760344e79dff02823315c4fd/gnocchi.77d1c113-5336-4b74-84db-38ea2898dd12/1759320000.0_mean_300.0_v3 HTTP/1.0 200 - python-swiftclient-4.2.0 gAAAAABo4WqryIa7... - 16 - txca24d6584378477c8b136-0068e16ada - 0.0102 - - 1759603418.886931658 1759603418.897149324 0
Oct 04 14:43:38 np0005470886.novalocal object-server[93449]: ::1 - - [04/Oct/2025:18:43:38 +0000] "GET /2/125702/AUTH_2a636ad9760344e79dff02823315c4fd/gnocchi.4be8aaa2-6607-416e-98f8-aac69936cbcc/1759320000.0_mean_300.0_v3" 200 16 "GET http://[::1]:8080/v1/AUTH_2a636ad9760344e79dff02823315c4fd/gnocchi.4be8aaa2-6607-416e-98f8-aac69936cbcc/1759320000.0_mean_300.0_v3" "tx96860ac390704829b9b03-0068e16ada" "proxy-server 89511" 0.0006 "-" 93449 0
Oct 04 14:43:38 np0005470886.novalocal proxy-server[89511]: ::1 ::1 04/Oct/2025/18/43/38 GET /v1/AUTH_2a636ad9760344e79dff02823315c4fd/gnocchi.4be8aaa2-6607-416e-98f8-aac69936cbcc/1759320000.0_mean_300.0_v3 HTTP/1.0 200 - python-swiftclient-4.2.0 gAAAAABo4WqjVCzL... - 16 - tx96860ac390704829b9b03-0068e16ada - 0.0170 - - 1759603418.899101019 1759603418.916070223 0
Oct 04 14:43:38 np0005470886.novalocal container-server[93152]: ::1 - - [04/Oct/2025:18:43:38 +0000] "PUT /2/157630/AUTH_2a636ad9760344e79dff02823315c4fd/gnocchi.77d1c113-5336-4b74-84db-38ea2898dd12/1759320000.0_mean_300.0_v3" 201 - "PUT http://[::1]:8080/3/217962/AUTH_2a636ad9760344e79dff02823315c4fd/gnocchi.77d1c113-5336-4b74-84db-38ea2898dd12/1759320000.0_mean_300.0_v3" "txd48662980791440f99a02-0068e16ada" "object-server 93451" 0.0005 "-" 93152 0
Oct 04 14:43:38 np0005470886.novalocal object-server[93451]: ::1 - - [04/Oct/2025:18:43:38 +0000] "PUT /3/217962/AUTH_2a636ad9760344e79dff02823315c4fd/gnocchi.77d1c113-5336-4b74-84db-38ea2898dd12/1759320000.0_mean_300.0_v3" 201 - "PUT http://[::1]:8080/v1/AUTH_2a636ad9760344e79dff02823315c4fd/gnocchi.77d1c113-5336-4b74-84db-38ea2898dd12/1759320000.0_mean_300.0_v3" "txd48662980791440f99a02-0068e16ada" "proxy-server 89511" 0.0119 "-" 93451 0
Oct 04 14:43:38 np0005470886.novalocal container-server[93155]: ::1 - - [04/Oct/2025:18:43:38 +0000] "PUT /1/157630/AUTH_2a636ad9760344e79dff02823315c4fd/gnocchi.77d1c113-5336-4b74-84db-38ea2898dd12/1759320000.0_mean_300.0_v3" 201 - "PUT http://[::1]:8080/2/217962/AUTH_2a636ad9760344e79dff02823315c4fd/gnocchi.77d1c113-5336-4b74-84db-38ea2898dd12/1759320000.0_mean_300.0_v3" "txd48662980791440f99a02-0068e16ada" "object-server 93450" 0.0005 "-" 93155 0
Oct 04 14:43:38 np0005470886.novalocal object-server[93450]: ::1 - - [04/Oct/2025:18:43:38 +0000] "PUT /2/217962/AUTH_2a636ad9760344e79dff02823315c4fd/gnocchi.77d1c113-5336-4b74-84db-38ea2898dd12/1759320000.0_mean_300.0_v3" 201 - "PUT http://[::1]:8080/v1/AUTH_2a636ad9760344e79dff02823315c4fd/gnocchi.77d1c113-5336-4b74-84db-38ea2898dd12/1759320000.0_mean_300.0_v3" "txd48662980791440f99a02-0068e16ada" "proxy-server 89511" 0.0158 "-" 93450 0
Oct 04 14:43:38 np0005470886.novalocal container-server[93153]: ::1 - - [04/Oct/2025:18:43:38 +0000] "PUT /3/157630/AUTH_2a636ad9760344e79dff02823315c4fd/gnocchi.77d1c113-5336-4b74-84db-38ea2898dd12/1759320000.0_mean_300.0_v3" 201 - "PUT http://[::1]:8080/1/217962/AUTH_2a636ad9760344e79dff02823315c4fd/gnocchi.77d1c113-5336-4b74-84db-38ea2898dd12/1759320000.0_mean_300.0_v3" "txd48662980791440f99a02-0068e16ada" "object-server 93449" 0.0005 "-" 93153 0
Oct 04 14:43:38 np0005470886.novalocal object-server[93449]: ::1 - - [04/Oct/2025:18:43:38 +0000] "PUT /1/217962/AUTH_2a636ad9760344e79dff02823315c4fd/gnocchi.77d1c113-5336-4b74-84db-38ea2898dd12/1759320000.0_mean_300.0_v3" 201 - "PUT http://[::1]:8080/v1/AUTH_2a636ad9760344e79dff02823315c4fd/gnocchi.77d1c113-5336-4b74-84db-38ea2898dd12/1759320000.0_mean_300.0_v3" "txd48662980791440f99a02-0068e16ada" "proxy-server 89511" 0.0165 "-" 93449 0
Oct 04 14:43:38 np0005470886.novalocal proxy-server[89511]: ::1 ::1 04/Oct/2025/18/43/38 PUT /v1/AUTH_2a636ad9760344e79dff02823315c4fd/gnocchi.77d1c113-5336-4b74-84db-38ea2898dd12/1759320000.0_mean_300.0_v3 HTTP/1.0 201 - python-swiftclient-4.2.0 gAAAAABo4WqryIa7... 16 - - txd48662980791440f99a02-0068e16ada - 0.0294 - - 1759603418.899679422 1759603418.929057837 0
Oct 04 14:43:38 np0005470886.novalocal container-server[93154]: ::1 - - [04/Oct/2025:18:43:38 +0000] "PUT /2/87740/AUTH_2a636ad9760344e79dff02823315c4fd/gnocchi.4be8aaa2-6607-416e-98f8-aac69936cbcc/1759320000.0_mean_300.0_v3" 201 - "PUT http://[::1]:8080/1/125702/AUTH_2a636ad9760344e79dff02823315c4fd/gnocchi.4be8aaa2-6607-416e-98f8-aac69936cbcc/1759320000.0_mean_300.0_v3" "tx0d048e7e8e3e48dcae9fa-0068e16ada" "object-server 93452" 0.0004 "-" 93154 0
Oct 04 14:43:38 np0005470886.novalocal object-server[93452]: ::1 - - [04/Oct/2025:18:43:38 +0000] "PUT /1/125702/AUTH_2a636ad9760344e79dff02823315c4fd/gnocchi.4be8aaa2-6607-416e-98f8-aac69936cbcc/1759320000.0_mean_300.0_v3" 201 - "PUT http://[::1]:8080/v1/AUTH_2a636ad9760344e79dff02823315c4fd/gnocchi.4be8aaa2-6607-416e-98f8-aac69936cbcc/1759320000.0_mean_300.0_v3" "tx0d048e7e8e3e48dcae9fa-0068e16ada" "proxy-server 89511" 0.0145 "-" 93452 0
Oct 04 14:43:38 np0005470886.novalocal container-server[93152]: ::1 - - [04/Oct/2025:18:43:38 +0000] "PUT /2/157630/AUTH_2a636ad9760344e79dff02823315c4fd/gnocchi.77d1c113-5336-4b74-84db-38ea2898dd12/none_v3" 201 - "PUT http://[::1]:8080/2/234142/AUTH_2a636ad9760344e79dff02823315c4fd/gnocchi.77d1c113-5336-4b74-84db-38ea2898dd12/none_v3" "tx9c43bbf66e2a44e48b55e-0068e16ada" "object-server 93451" 0.0004 "-" 93152 0
Oct 04 14:43:38 np0005470886.novalocal object-server[93451]: ::1 - - [04/Oct/2025:18:43:38 +0000] "PUT /2/234142/AUTH_2a636ad9760344e79dff02823315c4fd/gnocchi.77d1c113-5336-4b74-84db-38ea2898dd12/none_v3" 201 - "PUT http://[::1]:8080/v1/AUTH_2a636ad9760344e79dff02823315c4fd/gnocchi.77d1c113-5336-4b74-84db-38ea2898dd12/none_v3" "tx9c43bbf66e2a44e48b55e-0068e16ada" "proxy-server 89511" 0.0112 "-" 93451 0
Oct 04 14:43:38 np0005470886.novalocal container-server[93153]: ::1 - - [04/Oct/2025:18:43:38 +0000] "PUT /1/157630/AUTH_2a636ad9760344e79dff02823315c4fd/gnocchi.77d1c113-5336-4b74-84db-38ea2898dd12/none_v3" 201 - "PUT http://[::1]:8080/3/234142/AUTH_2a636ad9760344e79dff02823315c4fd/gnocchi.77d1c113-5336-4b74-84db-38ea2898dd12/none_v3" "tx9c43bbf66e2a44e48b55e-0068e16ada" "object-server 93451" 0.0005 "-" 93153 0
Oct 04 14:43:38 np0005470886.novalocal container-server[93152]: ::1 - - [04/Oct/2025:18:43:38 +0000] "PUT /3/157630/AUTH_2a636ad9760344e79dff02823315c4fd/gnocchi.77d1c113-5336-4b74-84db-38ea2898dd12/none_v3" 201 - "PUT http://[::1]:8080/1/234142/AUTH_2a636ad9760344e79dff02823315c4fd/gnocchi.77d1c113-5336-4b74-84db-38ea2898dd12/none_v3" "tx9c43bbf66e2a44e48b55e-0068e16ada" "object-server 93450" 0.0003 "-" 93152 0
Oct 04 14:43:38 np0005470886.novalocal container-server[93154]: ::1 - - [04/Oct/2025:18:43:38 +0000] "PUT /3/87740/AUTH_2a636ad9760344e79dff02823315c4fd/gnocchi.4be8aaa2-6607-416e-98f8-aac69936cbcc/1759320000.0_mean_300.0_v3" 201 - "PUT http://[::1]:8080/3/125702/AUTH_2a636ad9760344e79dff02823315c4fd/gnocchi.4be8aaa2-6607-416e-98f8-aac69936cbcc/1759320000.0_mean_300.0_v3" "tx0d048e7e8e3e48dcae9fa-0068e16ada" "object-server 93450" 0.0007 "-" 93154 0
Oct 04 14:43:38 np0005470886.novalocal object-server[93450]: ::1 - - [04/Oct/2025:18:43:38 +0000] "PUT /1/234142/AUTH_2a636ad9760344e79dff02823315c4fd/gnocchi.77d1c113-5336-4b74-84db-38ea2898dd12/none_v3" 201 - "PUT http://[::1]:8080/v1/AUTH_2a636ad9760344e79dff02823315c4fd/gnocchi.77d1c113-5336-4b74-84db-38ea2898dd12/none_v3" "tx9c43bbf66e2a44e48b55e-0068e16ada" "proxy-server 89511" 0.0138 "-" 93450 0
Oct 04 14:43:38 np0005470886.novalocal object-server[93450]: ::1 - - [04/Oct/2025:18:43:38 +0000] "PUT /3/125702/AUTH_2a636ad9760344e79dff02823315c4fd/gnocchi.4be8aaa2-6607-416e-98f8-aac69936cbcc/1759320000.0_mean_300.0_v3" 201 - "PUT http://[::1]:8080/v1/AUTH_2a636ad9760344e79dff02823315c4fd/gnocchi.4be8aaa2-6607-416e-98f8-aac69936cbcc/1759320000.0_mean_300.0_v3" "tx0d048e7e8e3e48dcae9fa-0068e16ada" "proxy-server 89511" 0.0237 "-" 93450 0
Oct 04 14:43:38 np0005470886.novalocal container-server[93153]: ::1 - - [04/Oct/2025:18:43:38 +0000] "PUT /1/87740/AUTH_2a636ad9760344e79dff02823315c4fd/gnocchi.4be8aaa2-6607-416e-98f8-aac69936cbcc/1759320000.0_mean_300.0_v3" 201 - "PUT http://[::1]:8080/2/125702/AUTH_2a636ad9760344e79dff02823315c4fd/gnocchi.4be8aaa2-6607-416e-98f8-aac69936cbcc/1759320000.0_mean_300.0_v3" "tx0d048e7e8e3e48dcae9fa-0068e16ada" "object-server 93450" 0.0004 "-" 93153 0
Oct 04 14:43:38 np0005470886.novalocal object-server[93450]: ::1 - - [04/Oct/2025:18:43:38 +0000] "PUT /2/125702/AUTH_2a636ad9760344e79dff02823315c4fd/gnocchi.4be8aaa2-6607-416e-98f8-aac69936cbcc/1759320000.0_mean_300.0_v3" 201 - "PUT http://[::1]:8080/v1/AUTH_2a636ad9760344e79dff02823315c4fd/gnocchi.4be8aaa2-6607-416e-98f8-aac69936cbcc/1759320000.0_mean_300.0_v3" "tx0d048e7e8e3e48dcae9fa-0068e16ada" "proxy-server 89511" 0.0191 "-" 93450 0
Oct 04 14:43:38 np0005470886.novalocal proxy-server[89511]: ::1 ::1 04/Oct/2025/18/43/38 PUT /v1/AUTH_2a636ad9760344e79dff02823315c4fd/gnocchi.4be8aaa2-6607-416e-98f8-aac69936cbcc/1759320000.0_mean_300.0_v3 HTTP/1.0 201 - python-swiftclient-4.2.0 gAAAAABo4WqjVCzL... 16 - - tx0d048e7e8e3e48dcae9fa-0068e16ada - 0.0366 - - 1759603418.919112921 1759603418.955743790 0
Oct 04 14:43:38 np0005470886.novalocal object-server[93451]: ::1 - - [04/Oct/2025:18:43:38 +0000] "PUT /3/234142/AUTH_2a636ad9760344e79dff02823315c4fd/gnocchi.77d1c113-5336-4b74-84db-38ea2898dd12/none_v3" 201 - "PUT http://[::1]:8080/v1/AUTH_2a636ad9760344e79dff02823315c4fd/gnocchi.77d1c113-5336-4b74-84db-38ea2898dd12/none_v3" "tx9c43bbf66e2a44e48b55e-0068e16ada" "proxy-server 89511" 0.0169 "-" 93451 0
Oct 04 14:43:38 np0005470886.novalocal proxy-server[89511]: ::1 ::1 04/Oct/2025/18/43/38 PUT /v1/AUTH_2a636ad9760344e79dff02823315c4fd/gnocchi.77d1c113-5336-4b74-84db-38ea2898dd12/none_v3 HTTP/1.0 201 - python-swiftclient-4.2.0 gAAAAABo4WqryIa7... 45 - - tx9c43bbf66e2a44e48b55e-0068e16ada - 0.0270 - - 1759603418.931612492 1759603418.958616734 0
Oct 04 14:43:38 np0005470886.novalocal container-server[93154]: ::1 - - [04/Oct/2025:18:43:38 +0000] "PUT /3/87740/AUTH_2a636ad9760344e79dff02823315c4fd/gnocchi.4be8aaa2-6607-416e-98f8-aac69936cbcc/none_v3" 201 - "PUT http://[::1]:8080/2/61921/AUTH_2a636ad9760344e79dff02823315c4fd/gnocchi.4be8aaa2-6607-416e-98f8-aac69936cbcc/none_v3" "txa63ef8fc5ee648b7abda1-0068e16ada" "object-server 93450" 0.0004 "-" 93154 0
Oct 04 14:43:38 np0005470886.novalocal container-server[93153]: ::1 - - [04/Oct/2025:18:43:38 +0000] "PUT /2/87740/AUTH_2a636ad9760344e79dff02823315c4fd/gnocchi.4be8aaa2-6607-416e-98f8-aac69936cbcc/none_v3" 201 - "PUT http://[::1]:8080/3/61921/AUTH_2a636ad9760344e79dff02823315c4fd/gnocchi.4be8aaa2-6607-416e-98f8-aac69936cbcc/none_v3" "txa63ef8fc5ee648b7abda1-0068e16ada" "object-server 93451" 0.0005 "-" 93153 0
Oct 04 14:43:38 np0005470886.novalocal object-server[93450]: ::1 - - [04/Oct/2025:18:43:38 +0000] "PUT /2/61921/AUTH_2a636ad9760344e79dff02823315c4fd/gnocchi.4be8aaa2-6607-416e-98f8-aac69936cbcc/none_v3" 201 - "PUT http://[::1]:8080/v1/AUTH_2a636ad9760344e79dff02823315c4fd/gnocchi.4be8aaa2-6607-416e-98f8-aac69936cbcc/none_v3" "txa63ef8fc5ee648b7abda1-0068e16ada" "proxy-server 89511" 0.0094 "-" 93450 0
Oct 04 14:43:38 np0005470886.novalocal object-server[93451]: ::1 - - [04/Oct/2025:18:43:38 +0000] "PUT /3/61921/AUTH_2a636ad9760344e79dff02823315c4fd/gnocchi.4be8aaa2-6607-416e-98f8-aac69936cbcc/none_v3" 201 - "PUT http://[::1]:8080/v1/AUTH_2a636ad9760344e79dff02823315c4fd/gnocchi.4be8aaa2-6607-416e-98f8-aac69936cbcc/none_v3" "txa63ef8fc5ee648b7abda1-0068e16ada" "proxy-server 89511" 0.0100 "-" 93451 0
Oct 04 14:43:38 np0005470886.novalocal container-server[93153]: ::1 - - [04/Oct/2025:18:43:38 +0000] "PUT /1/87740/AUTH_2a636ad9760344e79dff02823315c4fd/gnocchi.4be8aaa2-6607-416e-98f8-aac69936cbcc/none_v3" 201 - "PUT http://[::1]:8080/1/61921/AUTH_2a636ad9760344e79dff02823315c4fd/gnocchi.4be8aaa2-6607-416e-98f8-aac69936cbcc/none_v3" "txa63ef8fc5ee648b7abda1-0068e16ada" "object-server 93449" 0.0003 "-" 93153 0
Oct 04 14:43:38 np0005470886.novalocal object-server[93449]: ::1 - - [04/Oct/2025:18:43:38 +0000] "PUT /1/61921/AUTH_2a636ad9760344e79dff02823315c4fd/gnocchi.4be8aaa2-6607-416e-98f8-aac69936cbcc/none_v3" 201 - "PUT http://[::1]:8080/v1/AUTH_2a636ad9760344e79dff02823315c4fd/gnocchi.4be8aaa2-6607-416e-98f8-aac69936cbcc/none_v3" "txa63ef8fc5ee648b7abda1-0068e16ada" "proxy-server 89511" 0.0112 "-" 93449 0
Oct 04 14:43:38 np0005470886.novalocal proxy-server[89511]: ::1 ::1 04/Oct/2025/18/43/38 PUT /v1/AUTH_2a636ad9760344e79dff02823315c4fd/gnocchi.4be8aaa2-6607-416e-98f8-aac69936cbcc/none_v3 HTTP/1.0 201 - python-swiftclient-4.2.0 gAAAAABo4WqjVCzL... 43 - - txa63ef8fc5ee648b7abda1-0068e16ada - 0.0187 - - 1759603418.957926750 1759603418.976595640 0
Oct 04 14:43:38 np0005470886.novalocal object-server[93452]: ::1 - - [04/Oct/2025:18:43:38 +0000] "GET /3/171217/AUTH_2a636ad9760344e79dff02823315c4fd/gnocchi.5dc71dc4-0102-4cd6-853f-995c6f53299f/none_v3" 200 45 "GET http://[::1]:8080/v1/AUTH_2a636ad9760344e79dff02823315c4fd/gnocchi.5dc71dc4-0102-4cd6-853f-995c6f53299f/none_v3" "txa8a608a11eb1443384fb7-0068e16ada" "proxy-server 89511" 0.0006 "-" 93452 0
Oct 04 14:43:38 np0005470886.novalocal proxy-server[89511]: ::1 ::1 04/Oct/2025/18/43/38 GET /v1/AUTH_2a636ad9760344e79dff02823315c4fd/gnocchi.5dc71dc4-0102-4cd6-853f-995c6f53299f/none_v3 HTTP/1.0 200 - python-swiftclient-4.2.0 gAAAAABo4WqryIa7... - 45 - txa8a608a11eb1443384fb7-0068e16ada - 0.0092 - - 1759603418.975011826 1759603418.984240055 0
Oct 04 14:43:38 np0005470886.novalocal object-server[93451]: ::1 - - [04/Oct/2025:18:43:38 +0000] "GET /2/61432/AUTH_2a636ad9760344e79dff02823315c4fd/gnocchi.c901ad4c-9dae-4259-914a-f07d7a2dad35/none_v3" 200 43 "GET http://[::1]:8080/v1/AUTH_2a636ad9760344e79dff02823315c4fd/gnocchi.c901ad4c-9dae-4259-914a-f07d7a2dad35/none_v3" "tx969d7a20ebc04a1280920-0068e16ada" "proxy-server 89511" 0.0006 "-" 93451 0
Oct 04 14:43:38 np0005470886.novalocal proxy-server[89511]: ::1 ::1 04/Oct/2025/18/43/38 GET /v1/AUTH_2a636ad9760344e79dff02823315c4fd/gnocchi.c901ad4c-9dae-4259-914a-f07d7a2dad35/none_v3 HTTP/1.0 200 - python-swiftclient-4.2.0 gAAAAABo4WqjVCzL... - 43 - tx969d7a20ebc04a1280920-0068e16ada - 0.0084 - - 1759603418.985238791 1759603418.993653536 0
Oct 04 14:43:38 np0005470886.novalocal container-server[93153]: ::1 - - [04/Oct/2025:18:43:38 +0000] "GET /1/175158/AUTH_2a636ad9760344e79dff02823315c4fd/gnocchi.5dc71dc4-0102-4cd6-853f-995c6f53299f" 200 357 "GET http://[::1]:8080/v1/AUTH_2a636ad9760344e79dff02823315c4fd/gnocchi.5dc71dc4-0102-4cd6-853f-995c6f53299f?format=json&states=listing" "tx571fc8616c4d4d7caf583-0068e16ada" "proxy-server 89511" 0.0024 "-" 93153 0
Oct 04 14:43:39 np0005470886.novalocal proxy-server[89511]: ::1 ::1 04/Oct/2025/18/43/39 GET /v1/AUTH_2a636ad9760344e79dff02823315c4fd/gnocchi.5dc71dc4-0102-4cd6-853f-995c6f53299f%3Fformat%3Djson%26states%3Dlisting HTTP/1.0 200 - python-swiftclient-4.2.0 gAAAAABo4WqryIa7... - 357 - tx571fc8616c4d4d7caf583-0068e16ada - 0.0158 - - 1759603418.987668753 1759603419.003469706 0
Oct 04 14:43:39 np0005470886.novalocal container-server[93154]: ::1 - - [04/Oct/2025:18:43:39 +0000] "GET /1/221088/AUTH_2a636ad9760344e79dff02823315c4fd/gnocchi.c901ad4c-9dae-4259-914a-f07d7a2dad35" 200 357 "GET http://[::1]:8080/v1/AUTH_2a636ad9760344e79dff02823315c4fd/gnocchi.c901ad4c-9dae-4259-914a-f07d7a2dad35?format=json&states=listing" "tx3d9b807b8fda4aefac39d-0068e16adb" "proxy-server 89511" 0.0060 "-" 93154 0
Oct 04 14:43:39 np0005470886.novalocal container-server[93152]: ::1 - - [04/Oct/2025:18:43:39 +0000] "GET /3/175158/AUTH_2a636ad9760344e79dff02823315c4fd/gnocchi.5dc71dc4-0102-4cd6-853f-995c6f53299f" 200 2 "GET http://[::1]:8080/v1/AUTH_2a636ad9760344e79dff02823315c4fd/gnocchi.5dc71dc4-0102-4cd6-853f-995c6f53299f?format=json&marker=none_v3&states=listing" "txe647663f18e44146bcf77-0068e16adb" "proxy-server 89511" 0.0050 "-" 93152 0
Oct 04 14:43:39 np0005470886.novalocal proxy-server[89511]: ::1 ::1 04/Oct/2025/18/43/39 GET /v1/AUTH_2a636ad9760344e79dff02823315c4fd/gnocchi.c901ad4c-9dae-4259-914a-f07d7a2dad35%3Fformat%3Djson%26states%3Dlisting HTTP/1.0 200 - python-swiftclient-4.2.0 gAAAAABo4WqjVCzL... - 357 - tx3d9b807b8fda4aefac39d-0068e16adb - 0.0159 - - 1759603419.001267910 1759603419.017136574 0
Oct 04 14:43:39 np0005470886.novalocal proxy-server[89511]: ::1 ::1 04/Oct/2025/18/43/39 GET /v1/AUTH_2a636ad9760344e79dff02823315c4fd/gnocchi.5dc71dc4-0102-4cd6-853f-995c6f53299f%3Fformat%3Djson%26marker%3Dnone_v3%26states%3Dlisting HTTP/1.0 200 - python-swiftclient-4.2.0 gAAAAABo4WqryIa7... - 2 - txe647663f18e44146bcf77-0068e16adb - 0.0155 - - 1759603419.006748676 1759603419.022296667 0
Oct 04 14:43:39 np0005470886.novalocal object-server[93449]: ::1 - - [04/Oct/2025:18:43:39 +0000] "GET /2/213168/AUTH_2a636ad9760344e79dff02823315c4fd/gnocchi.5dc71dc4-0102-4cd6-853f-995c6f53299f/1759320000.0_mean_300.0_v3" 200 16 "GET http://[::1]:8080/v1/AUTH_2a636ad9760344e79dff02823315c4fd/gnocchi.5dc71dc4-0102-4cd6-853f-995c6f53299f/1759320000.0_mean_300.0_v3" "tx0f428867772f427eab1a5-0068e16adb" "proxy-server 89511" 0.0006 "-" 93449 0
Oct 04 14:43:39 np0005470886.novalocal proxy-server[89511]: ::1 ::1 04/Oct/2025/18/43/39 GET /v1/AUTH_2a636ad9760344e79dff02823315c4fd/gnocchi.5dc71dc4-0102-4cd6-853f-995c6f53299f/1759320000.0_mean_300.0_v3 HTTP/1.0 200 - python-swiftclient-4.2.0 gAAAAABo4WqryIa7... - 16 - tx0f428867772f427eab1a5-0068e16adb - 0.0053 - - 1759603419.027076006 1759603419.032370090 0
Oct 04 14:43:39 np0005470886.novalocal container-server[93154]: ::1 - - [04/Oct/2025:18:43:39 +0000] "GET /2/221088/AUTH_2a636ad9760344e79dff02823315c4fd/gnocchi.c901ad4c-9dae-4259-914a-f07d7a2dad35" 200 2 "GET http://[::1]:8080/v1/AUTH_2a636ad9760344e79dff02823315c4fd/gnocchi.c901ad4c-9dae-4259-914a-f07d7a2dad35?format=json&marker=none_v3&states=listing" "txef31c31685df43ee95f8e-0068e16adb" "proxy-server 89511" 0.0064 "-" 93154 0
Oct 04 14:43:39 np0005470886.novalocal proxy-server[89511]: ::1 ::1 04/Oct/2025/18/43/39 GET /v1/AUTH_2a636ad9760344e79dff02823315c4fd/gnocchi.c901ad4c-9dae-4259-914a-f07d7a2dad35%3Fformat%3Djson%26marker%3Dnone_v3%26states%3Dlisting HTTP/1.0 200 - python-swiftclient-4.2.0 gAAAAABo4WqjVCzL... - 2 - txef31c31685df43ee95f8e-0068e16adb - 0.0126 - - 1759603419.023415089 1759603419.035968065 0
Oct 04 14:43:39 np0005470886.novalocal object-server[93452]: ::1 - - [04/Oct/2025:18:43:39 +0000] "GET /3/45979/AUTH_2a636ad9760344e79dff02823315c4fd/gnocchi.c901ad4c-9dae-4259-914a-f07d7a2dad35/1759320000.0_mean_300.0_v3" 200 16 "GET http://[::1]:8080/v1/AUTH_2a636ad9760344e79dff02823315c4fd/gnocchi.c901ad4c-9dae-4259-914a-f07d7a2dad35/1759320000.0_mean_300.0_v3" "tx1c753aa429764a0f9428f-0068e16adb" "proxy-server 89511" 0.0012 "-" 93452 0
Oct 04 14:43:39 np0005470886.novalocal container-server[93154]: ::1 - - [04/Oct/2025:18:43:39 +0000] "PUT /1/175158/AUTH_2a636ad9760344e79dff02823315c4fd/gnocchi.5dc71dc4-0102-4cd6-853f-995c6f53299f/1759320000.0_mean_300.0_v3" 201 - "PUT http://[::1]:8080/3/213168/AUTH_2a636ad9760344e79dff02823315c4fd/gnocchi.5dc71dc4-0102-4cd6-853f-995c6f53299f/1759320000.0_mean_300.0_v3" "tx5665790706194fd1aa7b8-0068e16adb" "object-server 93452" 0.0005 "-" 93154 0
Oct 04 14:43:39 np0005470886.novalocal object-server[93452]: ::1 - - [04/Oct/2025:18:43:39 +0000] "PUT /3/213168/AUTH_2a636ad9760344e79dff02823315c4fd/gnocchi.5dc71dc4-0102-4cd6-853f-995c6f53299f/1759320000.0_mean_300.0_v3" 201 - "PUT http://[::1]:8080/v1/AUTH_2a636ad9760344e79dff02823315c4fd/gnocchi.5dc71dc4-0102-4cd6-853f-995c6f53299f/1759320000.0_mean_300.0_v3" "tx5665790706194fd1aa7b8-0068e16adb" "proxy-server 89511" 0.0112 "-" 93452 0
Oct 04 14:43:39 np0005470886.novalocal container-server[93153]: ::1 - - [04/Oct/2025:18:43:39 +0000] "PUT /2/175158/AUTH_2a636ad9760344e79dff02823315c4fd/gnocchi.5dc71dc4-0102-4cd6-853f-995c6f53299f/1759320000.0_mean_300.0_v3" 201 - "PUT http://[::1]:8080/2/213168/AUTH_2a636ad9760344e79dff02823315c4fd/gnocchi.5dc71dc4-0102-4cd6-853f-995c6f53299f/1759320000.0_mean_300.0_v3" "tx5665790706194fd1aa7b8-0068e16adb" "object-server 93450" 0.0005 "-" 93153 0
Oct 04 14:43:39 np0005470886.novalocal container-server[93154]: ::1 - - [04/Oct/2025:18:43:39 +0000] "PUT /3/175158/AUTH_2a636ad9760344e79dff02823315c4fd/gnocchi.5dc71dc4-0102-4cd6-853f-995c6f53299f/1759320000.0_mean_300.0_v3" 201 - "PUT http://[::1]:8080/1/213168/AUTH_2a636ad9760344e79dff02823315c4fd/gnocchi.5dc71dc4-0102-4cd6-853f-995c6f53299f/1759320000.0_mean_300.0_v3" "tx5665790706194fd1aa7b8-0068e16adb" "object-server 93450" 0.0003 "-" 93154 0
Oct 04 14:43:39 np0005470886.novalocal object-server[93450]: ::1 - - [04/Oct/2025:18:43:39 +0000] "PUT /1/213168/AUTH_2a636ad9760344e79dff02823315c4fd/gnocchi.5dc71dc4-0102-4cd6-853f-995c6f53299f/1759320000.0_mean_300.0_v3" 201 - "PUT http://[::1]:8080/v1/AUTH_2a636ad9760344e79dff02823315c4fd/gnocchi.5dc71dc4-0102-4cd6-853f-995c6f53299f/1759320000.0_mean_300.0_v3" "tx5665790706194fd1aa7b8-0068e16adb" "proxy-server 89511" 0.0109 "-" 93450 0
Oct 04 14:43:39 np0005470886.novalocal object-server[93450]: ::1 - - [04/Oct/2025:18:43:39 +0000] "PUT /2/213168/AUTH_2a636ad9760344e79dff02823315c4fd/gnocchi.5dc71dc4-0102-4cd6-853f-995c6f53299f/1759320000.0_mean_300.0_v3" 201 - "PUT http://[::1]:8080/v1/AUTH_2a636ad9760344e79dff02823315c4fd/gnocchi.5dc71dc4-0102-4cd6-853f-995c6f53299f/1759320000.0_mean_300.0_v3" "tx5665790706194fd1aa7b8-0068e16adb" "proxy-server 89511" 0.0104 "-" 93450 0
Oct 04 14:43:39 np0005470886.novalocal proxy-server[89511]: ::1 ::1 04/Oct/2025/18/43/39 GET /v1/AUTH_2a636ad9760344e79dff02823315c4fd/gnocchi.c901ad4c-9dae-4259-914a-f07d7a2dad35/1759320000.0_mean_300.0_v3 HTTP/1.0 200 - python-swiftclient-4.2.0 gAAAAABo4WqjVCzL... - 16 - tx1c753aa429764a0f9428f-0068e16adb - 0.0124 - - 1759603419.041989565 1759603419.054358006 0
Oct 04 14:43:39 np0005470886.novalocal proxy-server[89511]: ::1 ::1 04/Oct/2025/18/43/39 PUT /v1/AUTH_2a636ad9760344e79dff02823315c4fd/gnocchi.5dc71dc4-0102-4cd6-853f-995c6f53299f/1759320000.0_mean_300.0_v3 HTTP/1.0 201 - python-swiftclient-4.2.0 gAAAAABo4WqryIa7... 16 - - tx5665790706194fd1aa7b8-0068e16adb - 0.0202 - - 1759603419.035306215 1759603419.055495739 0
Oct 04 14:43:39 np0005470886.novalocal container-server[93153]: ::1 - - [04/Oct/2025:18:43:39 +0000] "PUT /2/175158/AUTH_2a636ad9760344e79dff02823315c4fd/gnocchi.5dc71dc4-0102-4cd6-853f-995c6f53299f/none_v3" 201 - "PUT http://[::1]:8080/2/171217/AUTH_2a636ad9760344e79dff02823315c4fd/gnocchi.5dc71dc4-0102-4cd6-853f-995c6f53299f/none_v3" "tx39f1fb581d1545ccbbeaa-0068e16adb" "object-server 93452" 0.0005 "-" 93153 0
Oct 04 14:43:39 np0005470886.novalocal container-server[93153]: ::1 - - [04/Oct/2025:18:43:39 +0000] "PUT /3/175158/AUTH_2a636ad9760344e79dff02823315c4fd/gnocchi.5dc71dc4-0102-4cd6-853f-995c6f53299f/none_v3" 201 - "PUT http://[::1]:8080/3/171217/AUTH_2a636ad9760344e79dff02823315c4fd/gnocchi.5dc71dc4-0102-4cd6-853f-995c6f53299f/none_v3" "tx39f1fb581d1545ccbbeaa-0068e16adb" "object-server 93452" 0.0003 "-" 93153 0
Oct 04 14:43:39 np0005470886.novalocal object-server[93452]: ::1 - - [04/Oct/2025:18:43:39 +0000] "PUT /2/171217/AUTH_2a636ad9760344e79dff02823315c4fd/gnocchi.5dc71dc4-0102-4cd6-853f-995c6f53299f/none_v3" 201 - "PUT http://[::1]:8080/v1/AUTH_2a636ad9760344e79dff02823315c4fd/gnocchi.5dc71dc4-0102-4cd6-853f-995c6f53299f/none_v3" "tx39f1fb581d1545ccbbeaa-0068e16adb" "proxy-server 89511" 0.0132 "-" 93452 0
Oct 04 14:43:39 np0005470886.novalocal object-server[93452]: ::1 - - [04/Oct/2025:18:43:39 +0000] "PUT /3/171217/AUTH_2a636ad9760344e79dff02823315c4fd/gnocchi.5dc71dc4-0102-4cd6-853f-995c6f53299f/none_v3" 201 - "PUT http://[::1]:8080/v1/AUTH_2a636ad9760344e79dff02823315c4fd/gnocchi.5dc71dc4-0102-4cd6-853f-995c6f53299f/none_v3" "tx39f1fb581d1545ccbbeaa-0068e16adb" "proxy-server 89511" 0.0132 "-" 93452 0
Oct 04 14:43:39 np0005470886.novalocal container-server[93155]: ::1 - - [04/Oct/2025:18:43:39 +0000] "PUT /2/221088/AUTH_2a636ad9760344e79dff02823315c4fd/gnocchi.c901ad4c-9dae-4259-914a-f07d7a2dad35/1759320000.0_mean_300.0_v3" 201 - "PUT http://[::1]:8080/2/45979/AUTH_2a636ad9760344e79dff02823315c4fd/gnocchi.c901ad4c-9dae-4259-914a-f07d7a2dad35/1759320000.0_mean_300.0_v3" "txeb8b61aff9ec4e57bbfe6-0068e16adb" "object-server 93449" 0.0005 "-" 93155 0
Oct 04 14:43:39 np0005470886.novalocal container-server[93154]: ::1 - - [04/Oct/2025:18:43:39 +0000] "PUT /1/175158/AUTH_2a636ad9760344e79dff02823315c4fd/gnocchi.5dc71dc4-0102-4cd6-853f-995c6f53299f/none_v3" 201 - "PUT http://[::1]:8080/1/171217/AUTH_2a636ad9760344e79dff02823315c4fd/gnocchi.5dc71dc4-0102-4cd6-853f-995c6f53299f/none_v3" "tx39f1fb581d1545ccbbeaa-0068e16adb" "object-server 93449" 0.0004 "-" 93154 0
Oct 04 14:43:39 np0005470886.novalocal object-server[93449]: ::1 - - [04/Oct/2025:18:43:39 +0000] "PUT /2/45979/AUTH_2a636ad9760344e79dff02823315c4fd/gnocchi.c901ad4c-9dae-4259-914a-f07d7a2dad35/1759320000.0_mean_300.0_v3" 201 - "PUT http://[::1]:8080/v1/AUTH_2a636ad9760344e79dff02823315c4fd/gnocchi.c901ad4c-9dae-4259-914a-f07d7a2dad35/1759320000.0_mean_300.0_v3" "txeb8b61aff9ec4e57bbfe6-0068e16adb" "proxy-server 89511" 0.0173 "-" 93449 0
Oct 04 14:43:39 np0005470886.novalocal object-server[93449]: ::1 - - [04/Oct/2025:18:43:39 +0000] "PUT /1/171217/AUTH_2a636ad9760344e79dff02823315c4fd/gnocchi.5dc71dc4-0102-4cd6-853f-995c6f53299f/none_v3" 201 - "PUT http://[::1]:8080/v1/AUTH_2a636ad9760344e79dff02823315c4fd/gnocchi.5dc71dc4-0102-4cd6-853f-995c6f53299f/none_v3" "tx39f1fb581d1545ccbbeaa-0068e16adb" "proxy-server 89511" 0.0168 "-" 93449 0
Oct 04 14:43:39 np0005470886.novalocal container-server[93152]: ::1 - - [04/Oct/2025:18:43:39 +0000] "PUT /1/221088/AUTH_2a636ad9760344e79dff02823315c4fd/gnocchi.c901ad4c-9dae-4259-914a-f07d7a2dad35/1759320000.0_mean_300.0_v3" 201 - "PUT http://[::1]:8080/1/45979/AUTH_2a636ad9760344e79dff02823315c4fd/gnocchi.c901ad4c-9dae-4259-914a-f07d7a2dad35/1759320000.0_mean_300.0_v3" "txeb8b61aff9ec4e57bbfe6-0068e16adb" "object-server 93449" 0.0005 "-" 93152 0
Oct 04 14:43:39 np0005470886.novalocal proxy-server[89511]: ::1 ::1 04/Oct/2025/18/43/39 PUT /v1/AUTH_2a636ad9760344e79dff02823315c4fd/gnocchi.5dc71dc4-0102-4cd6-853f-995c6f53299f/none_v3 HTTP/1.0 201 - python-swiftclient-4.2.0 gAAAAABo4WqryIa7... 52 - - tx39f1fb581d1545ccbbeaa-0068e16adb - 0.0258 - - 1759603419.058277369 1759603419.084049463 0
Oct 04 14:43:39 np0005470886.novalocal object-server[93449]: ::1 - - [04/Oct/2025:18:43:39 +0000] "PUT /1/45979/AUTH_2a636ad9760344e79dff02823315c4fd/gnocchi.c901ad4c-9dae-4259-914a-f07d7a2dad35/1759320000.0_mean_300.0_v3" 201 - "PUT http://[::1]:8080/v1/AUTH_2a636ad9760344e79dff02823315c4fd/gnocchi.c901ad4c-9dae-4259-914a-f07d7a2dad35/1759320000.0_mean_300.0_v3" "txeb8b61aff9ec4e57bbfe6-0068e16adb" "proxy-server 89511" 0.0140 "-" 93449 0
Oct 04 14:43:39 np0005470886.novalocal container-server[93154]: ::1 - - [04/Oct/2025:18:43:39 +0000] "PUT /3/221088/AUTH_2a636ad9760344e79dff02823315c4fd/gnocchi.c901ad4c-9dae-4259-914a-f07d7a2dad35/1759320000.0_mean_300.0_v3" 201 - "PUT http://[::1]:8080/3/45979/AUTH_2a636ad9760344e79dff02823315c4fd/gnocchi.c901ad4c-9dae-4259-914a-f07d7a2dad35/1759320000.0_mean_300.0_v3" "txeb8b61aff9ec4e57bbfe6-0068e16adb" "object-server 93450" 0.0004 "-" 93154 0
Oct 04 14:43:39 np0005470886.novalocal object-server[93450]: ::1 - - [04/Oct/2025:18:43:39 +0000] "PUT /3/45979/AUTH_2a636ad9760344e79dff02823315c4fd/gnocchi.c901ad4c-9dae-4259-914a-f07d7a2dad35/1759320000.0_mean_300.0_v3" 201 - "PUT http://[::1]:8080/v1/AUTH_2a636ad9760344e79dff02823315c4fd/gnocchi.c901ad4c-9dae-4259-914a-f07d7a2dad35/1759320000.0_mean_300.0_v3" "txeb8b61aff9ec4e57bbfe6-0068e16adb" "proxy-server 89511" 0.0243 "-" 93450 0
Oct 04 14:43:39 np0005470886.novalocal proxy-server[89511]: ::1 ::1 04/Oct/2025/18/43/39 PUT /v1/AUTH_2a636ad9760344e79dff02823315c4fd/gnocchi.c901ad4c-9dae-4259-914a-f07d7a2dad35/1759320000.0_mean_300.0_v3 HTTP/1.0 201 - python-swiftclient-4.2.0 gAAAAABo4WqjVCzL... 16 - - txeb8b61aff9ec4e57bbfe6-0068e16adb - 0.0343 - - 1759603419.057410002 1759603419.091664076 0
Oct 04 14:43:39 np0005470886.novalocal object-server[93450]: ::1 - - [04/Oct/2025:18:43:39 +0000] "GET /1/67521/AUTH_2a636ad9760344e79dff02823315c4fd/gnocchi.ed7f6982-7724-4af6-ab47-35ec9f041111/none_v3" 200 45 "GET http://[::1]:8080/v1/AUTH_2a636ad9760344e79dff02823315c4fd/gnocchi.ed7f6982-7724-4af6-ab47-35ec9f041111/none_v3" "txd3bb701b9216433581895-0068e16adb" "proxy-server 89511" 0.0005 "-" 93450 0
Oct 04 14:43:39 np0005470886.novalocal proxy-server[89511]: ::1 ::1 04/Oct/2025/18/43/39 GET /v1/AUTH_2a636ad9760344e79dff02823315c4fd/gnocchi.ed7f6982-7724-4af6-ab47-35ec9f041111/none_v3 HTTP/1.0 200 - python-swiftclient-4.2.0 gAAAAABo4WqryIa7... - 45 - txd3bb701b9216433581895-0068e16adb - 0.0074 - - 1759603419.093472004 1759603419.100876808 0
Oct 04 14:43:39 np0005470886.novalocal container-server[93154]: ::1 - - [04/Oct/2025:18:43:39 +0000] "PUT /2/221088/AUTH_2a636ad9760344e79dff02823315c4fd/gnocchi.c901ad4c-9dae-4259-914a-f07d7a2dad35/none_v3" 201 - "PUT http://[::1]:8080/2/61432/AUTH_2a636ad9760344e79dff02823315c4fd/gnocchi.c901ad4c-9dae-4259-914a-f07d7a2dad35/none_v3" "txb4832117b06641a487439-0068e16adb" "object-server 93451" 0.0008 "-" 93154 0
Oct 04 14:43:39 np0005470886.novalocal object-server[93451]: ::1 - - [04/Oct/2025:18:43:39 +0000] "PUT /2/61432/AUTH_2a636ad9760344e79dff02823315c4fd/gnocchi.c901ad4c-9dae-4259-914a-f07d7a2dad35/none_v3" 201 - "PUT http://[::1]:8080/v1/AUTH_2a636ad9760344e79dff02823315c4fd/gnocchi.c901ad4c-9dae-4259-914a-f07d7a2dad35/none_v3" "txb4832117b06641a487439-0068e16adb" "proxy-server 89511" 0.0086 "-" 93451 0
Oct 04 14:43:39 np0005470886.novalocal container-server[93153]: ::1 - - [04/Oct/2025:18:43:39 +0000] "PUT /3/221088/AUTH_2a636ad9760344e79dff02823315c4fd/gnocchi.c901ad4c-9dae-4259-914a-f07d7a2dad35/none_v3" 201 - "PUT http://[::1]:8080/3/61432/AUTH_2a636ad9760344e79dff02823315c4fd/gnocchi.c901ad4c-9dae-4259-914a-f07d7a2dad35/none_v3" "txb4832117b06641a487439-0068e16adb" "object-server 93451" 0.0003 "-" 93153 0
Oct 04 14:43:39 np0005470886.novalocal container-server[93155]: ::1 - - [04/Oct/2025:18:43:39 +0000] "PUT /1/221088/AUTH_2a636ad9760344e79dff02823315c4fd/gnocchi.c901ad4c-9dae-4259-914a-f07d7a2dad35/none_v3" 201 - "PUT http://[::1]:8080/1/61432/AUTH_2a636ad9760344e79dff02823315c4fd/gnocchi.c901ad4c-9dae-4259-914a-f07d7a2dad35/none_v3" "txb4832117b06641a487439-0068e16adb" "object-server 93449" 0.0005 "-" 93155 0
Oct 04 14:43:39 np0005470886.novalocal object-server[93451]: ::1 - - [04/Oct/2025:18:43:39 +0000] "PUT /3/61432/AUTH_2a636ad9760344e79dff02823315c4fd/gnocchi.c901ad4c-9dae-4259-914a-f07d7a2dad35/none_v3" 201 - "PUT http://[::1]:8080/v1/AUTH_2a636ad9760344e79dff02823315c4fd/gnocchi.c901ad4c-9dae-4259-914a-f07d7a2dad35/none_v3" "txb4832117b06641a487439-0068e16adb" "proxy-server 89511" 0.0104 "-" 93451 0
Oct 04 14:43:39 np0005470886.novalocal object-server[93449]: ::1 - - [04/Oct/2025:18:43:39 +0000] "PUT /1/61432/AUTH_2a636ad9760344e79dff02823315c4fd/gnocchi.c901ad4c-9dae-4259-914a-f07d7a2dad35/none_v3" 201 - "PUT http://[::1]:8080/v1/AUTH_2a636ad9760344e79dff02823315c4fd/gnocchi.c901ad4c-9dae-4259-914a-f07d7a2dad35/none_v3" "txb4832117b06641a487439-0068e16adb" "proxy-server 89511" 0.0105 "-" 93449 0
Oct 04 14:43:39 np0005470886.novalocal proxy-server[89511]: ::1 ::1 04/Oct/2025/18/43/39 PUT /v1/AUTH_2a636ad9760344e79dff02823315c4fd/gnocchi.c901ad4c-9dae-4259-914a-f07d7a2dad35/none_v3 HTTP/1.0 201 - python-swiftclient-4.2.0 gAAAAABo4WqjVCzL... 51 - - txb4832117b06641a487439-0068e16adb - 0.0168 - - 1759603419.094223022 1759603419.111020327 0
Oct 04 14:43:39 np0005470886.novalocal container-server[93154]: ::1 - - [04/Oct/2025:18:43:39 +0000] "GET /3/215837/AUTH_2a636ad9760344e79dff02823315c4fd/gnocchi.ed7f6982-7724-4af6-ab47-35ec9f041111" 200 357 "GET http://[::1]:8080/v1/AUTH_2a636ad9760344e79dff02823315c4fd/gnocchi.ed7f6982-7724-4af6-ab47-35ec9f041111?format=json&states=listing" "txe61e404bff624a5fb6799-0068e16adb" "proxy-server 89511" 0.0079 "-" 93154 0
Oct 04 14:43:39 np0005470886.novalocal proxy-server[89511]: ::1 ::1 04/Oct/2025/18/43/39 GET /v1/AUTH_2a636ad9760344e79dff02823315c4fd/gnocchi.ed7f6982-7724-4af6-ab47-35ec9f041111%3Fformat%3Djson%26states%3Dlisting HTTP/1.0 200 - python-swiftclient-4.2.0 gAAAAABo4WqryIa7... - 357 - txe61e404bff624a5fb6799-0068e16adb - 0.0129 - - 1759603419.103225946 1759603419.116100073 0
Oct 04 14:43:39 np0005470886.novalocal container-server[93153]: ::1 - - [04/Oct/2025:18:43:39 +0000] "GET /3/215837/AUTH_2a636ad9760344e79dff02823315c4fd/gnocchi.ed7f6982-7724-4af6-ab47-35ec9f041111" 200 2 "GET http://[::1]:8080/v1/AUTH_2a636ad9760344e79dff02823315c4fd/gnocchi.ed7f6982-7724-4af6-ab47-35ec9f041111?format=json&marker=none_v3&states=listing" "tx9959d62c093e4d088f1bb-0068e16adb" "proxy-server 89511" 0.0025 "-" 93153 0
Oct 04 14:43:39 np0005470886.novalocal proxy-server[89511]: ::1 ::1 04/Oct/2025/18/43/39 GET /v1/AUTH_2a636ad9760344e79dff02823315c4fd/gnocchi.ed7f6982-7724-4af6-ab47-35ec9f041111%3Fformat%3Djson%26marker%3Dnone_v3%26states%3Dlisting HTTP/1.0 200 - python-swiftclient-4.2.0 gAAAAABo4WqryIa7... - 2 - tx9959d62c093e4d088f1bb-0068e16adb - 0.0104 - - 1759603419.118302345 1759603419.128701448 0
Oct 04 14:43:39 np0005470886.novalocal object-server[93450]: ::1 - - [04/Oct/2025:18:43:39 +0000] "GET /3/145716/AUTH_2a636ad9760344e79dff02823315c4fd/gnocchi.055af467-a1e6-4bd2-a49e-6009a74c2178/none_v3" 200 36 "GET http://[::1]:8080/v1/AUTH_2a636ad9760344e79dff02823315c4fd/gnocchi.055af467-a1e6-4bd2-a49e-6009a74c2178/none_v3" "txcb86d86ce791437286542-0068e16adb" "proxy-server 89511" 0.0006 "-" 93450 0
Oct 04 14:43:39 np0005470886.novalocal proxy-server[89511]: ::1 ::1 04/Oct/2025/18/43/39 GET /v1/AUTH_2a636ad9760344e79dff02823315c4fd/gnocchi.055af467-a1e6-4bd2-a49e-6009a74c2178/none_v3 HTTP/1.0 200 - python-swiftclient-4.2.0 gAAAAABo4WqjVCzL... - 36 - txcb86d86ce791437286542-0068e16adb - 0.0096 - - 1759603419.126833200 1759603419.136428595 0
Oct 04 14:43:39 np0005470886.novalocal object-server[93449]: ::1 - - [04/Oct/2025:18:43:39 +0000] "GET /2/152548/AUTH_2a636ad9760344e79dff02823315c4fd/gnocchi.ed7f6982-7724-4af6-ab47-35ec9f041111/1759320000.0_mean_300.0_v3" 200 16 "GET http://[::1]:8080/v1/AUTH_2a636ad9760344e79dff02823315c4fd/gnocchi.ed7f6982-7724-4af6-ab47-35ec9f041111/1759320000.0_mean_300.0_v3" "tx8cd77c268d5c4be7a8349-0068e16adb" "proxy-server 89511" 0.0007 "-" 93449 0
Oct 04 14:43:39 np0005470886.novalocal proxy-server[89511]: ::1 ::1 04/Oct/2025/18/43/39 GET /v1/AUTH_2a636ad9760344e79dff02823315c4fd/gnocchi.ed7f6982-7724-4af6-ab47-35ec9f041111/1759320000.0_mean_300.0_v3 HTTP/1.0 200 - python-swiftclient-4.2.0 gAAAAABo4WqryIa7... - 16 - tx8cd77c268d5c4be7a8349-0068e16adb - 0.0098 - - 1759603419.132202864 1759603419.142050505 0
Oct 04 14:43:39 np0005470886.novalocal container-server[93154]: ::1 - - [04/Oct/2025:18:43:39 +0000] "GET /3/213957/AUTH_2a636ad9760344e79dff02823315c4fd/gnocchi.055af467-a1e6-4bd2-a49e-6009a74c2178" 200 357 "GET http://[::1]:8080/v1/AUTH_2a636ad9760344e79dff02823315c4fd/gnocchi.055af467-a1e6-4bd2-a49e-6009a74c2178?format=json&states=listing" "tx791a3b818f8f4e80be70a-0068e16adb" "proxy-server 89511" 0.0076 "-" 93154 0
Oct 04 14:43:39 np0005470886.novalocal proxy-server[89511]: ::1 ::1 04/Oct/2025/18/43/39 GET /v1/AUTH_2a636ad9760344e79dff02823315c4fd/gnocchi.055af467-a1e6-4bd2-a49e-6009a74c2178%3Fformat%3Djson%26states%3Dlisting HTTP/1.0 200 - python-swiftclient-4.2.0 gAAAAABo4WqjVCzL... - 357 - tx791a3b818f8f4e80be70a-0068e16adb - 0.0190 - - 1759603419.140022516 1759603419.159060478 0
