Oct 04 14:43:02 np0005470886.novalocal container-server[93155]: ::1 - - [04/Oct/2025:18:43:02 +0000] "PUT /1/174971/AUTH_2a636ad9760344e79dff02823315c4fd/gnocchi.055eab87-5d1c-4736-8e4e-d883b99b6d04/none_v3" 201 - "PUT http://[::1]:8080/2/188447/AUTH_2a636ad9760344e79dff02823315c4fd/gnocchi.055eab87-5d1c-4736-8e4e-d883b99b6d04/none_v3" "tx7dff569649154869bbc2a-0068e16ab6" "object-server 93452" 0.0005 "-" 93155 0
Oct 04 14:43:02 np0005470886.novalocal object-server[93452]: ::1 - - [04/Oct/2025:18:43:02 +0000] "PUT /2/188447/AUTH_2a636ad9760344e79dff02823315c4fd/gnocchi.055eab87-5d1c-4736-8e4e-d883b99b6d04/none_v3" 201 - "PUT http://[::1]:8080/v1/AUTH_2a636ad9760344e79dff02823315c4fd/gnocchi.055eab87-5d1c-4736-8e4e-d883b99b6d04/none_v3" "tx7dff569649154869bbc2a-0068e16ab6" "proxy-server 89511" 0.0267 "-" 93452 0
Oct 04 14:43:02 np0005470886.novalocal account-server[92861]: ::1 - - [04/Oct/2025:18:43:02 +0000] "PUT /1/167054/AUTH_2a636ad9760344e79dff02823315c4fd/gnocchi.8182f98b-3543-47cf-86f9-a2f0c2fb9039" 201 - "PUT http://[::1]:6001/1/88684/AUTH_2a636ad9760344e79dff02823315c4fd/gnocchi.8182f98b-3543-47cf-86f9-a2f0c2fb9039" "txbffb6b793b5546cbac111-0068e16ab6" "container-server 93153" 0.0061 "-" 92861 0
Oct 04 14:43:02 np0005470886.novalocal container-server[93153]: ::1 - - [04/Oct/2025:18:43:02 +0000] "PUT /1/88684/AUTH_2a636ad9760344e79dff02823315c4fd/gnocchi.8182f98b-3543-47cf-86f9-a2f0c2fb9039" 201 - "PUT http://[::1]:8080/v1/AUTH_2a636ad9760344e79dff02823315c4fd/gnocchi.8182f98b-3543-47cf-86f9-a2f0c2fb9039" "txbffb6b793b5546cbac111-0068e16ab6" "proxy-server 89511" 0.0257 "-" 93153 0
Oct 04 14:43:02 np0005470886.novalocal account-server[92861]: ::1 - - [04/Oct/2025:18:43:02 +0000] "PUT /3/167054/AUTH_2a636ad9760344e79dff02823315c4fd/gnocchi.8182f98b-3543-47cf-86f9-a2f0c2fb9039" 201 - "PUT http://[::1]:6001/3/88684/AUTH_2a636ad9760344e79dff02823315c4fd/gnocchi.8182f98b-3543-47cf-86f9-a2f0c2fb9039" "txbffb6b793b5546cbac111-0068e16ab6" "container-server 93154" 0.0041 "-" 92861 0
Oct 04 14:43:02 np0005470886.novalocal container-server[93154]: ::1 - - [04/Oct/2025:18:43:02 +0000] "PUT /3/174971/AUTH_2a636ad9760344e79dff02823315c4fd/gnocchi.055eab87-5d1c-4736-8e4e-d883b99b6d04/none_v3" 201 - "PUT http://[::1]:8080/3/188447/AUTH_2a636ad9760344e79dff02823315c4fd/gnocchi.055eab87-5d1c-4736-8e4e-d883b99b6d04/none_v3" "tx7dff569649154869bbc2a-0068e16ab6" "object-server 93449" 0.0008 "-" 93154 0
Oct 04 14:43:02 np0005470886.novalocal container-server[93154]: ::1 - - [04/Oct/2025:18:43:02 +0000] "PUT /3/88684/AUTH_2a636ad9760344e79dff02823315c4fd/gnocchi.8182f98b-3543-47cf-86f9-a2f0c2fb9039" 201 - "PUT http://[::1]:8080/v1/AUTH_2a636ad9760344e79dff02823315c4fd/gnocchi.8182f98b-3543-47cf-86f9-a2f0c2fb9039" "txbffb6b793b5546cbac111-0068e16ab6" "proxy-server 89511" 0.0372 "-" 93154 0
Oct 04 14:43:02 np0005470886.novalocal object-server[93449]: ::1 - - [04/Oct/2025:18:43:02 +0000] "PUT /3/188447/AUTH_2a636ad9760344e79dff02823315c4fd/gnocchi.055eab87-5d1c-4736-8e4e-d883b99b6d04/none_v3" 201 - "PUT http://[::1]:8080/v1/AUTH_2a636ad9760344e79dff02823315c4fd/gnocchi.055eab87-5d1c-4736-8e4e-d883b99b6d04/none_v3" "tx7dff569649154869bbc2a-0068e16ab6" "proxy-server 89511" 0.0483 "-" 93449 0
Oct 04 14:43:02 np0005470886.novalocal account-server[92863]: ::1 - - [04/Oct/2025:18:43:02 +0000] "PUT /2/167054/AUTH_2a636ad9760344e79dff02823315c4fd/gnocchi.8182f98b-3543-47cf-86f9-a2f0c2fb9039" 201 - "PUT http://[::1]:6001/2/88684/AUTH_2a636ad9760344e79dff02823315c4fd/gnocchi.8182f98b-3543-47cf-86f9-a2f0c2fb9039" "txbffb6b793b5546cbac111-0068e16ab6" "container-server 93154" 0.0075 "-" 92863 0
Oct 04 14:43:02 np0005470886.novalocal container-server[93154]: ::1 - - [04/Oct/2025:18:43:02 +0000] "PUT /2/88684/AUTH_2a636ad9760344e79dff02823315c4fd/gnocchi.8182f98b-3543-47cf-86f9-a2f0c2fb9039" 201 - "PUT http://[::1]:8080/v1/AUTH_2a636ad9760344e79dff02823315c4fd/gnocchi.8182f98b-3543-47cf-86f9-a2f0c2fb9039" "txbffb6b793b5546cbac111-0068e16ab6" "proxy-server 89511" 0.0172 "-" 93154 0
Oct 04 14:43:02 np0005470886.novalocal proxy-server[89511]: ::1 ::1 04/Oct/2025/18/43/02 PUT /v1/AUTH_2a636ad9760344e79dff02823315c4fd/gnocchi.055eab87-5d1c-4736-8e4e-d883b99b6d04/none_v3 HTTP/1.0 201 - python-swiftclient-4.2.0 gAAAAABo4WqjVCzL... 22 - - tx7dff569649154869bbc2a-0068e16ab6 - 0.0647 - - 1759603382.832604170 1759603382.897294283 0
Oct 04 14:43:02 np0005470886.novalocal proxy-server[89511]: ::1 ::1 04/Oct/2025/18/43/02 PUT /v1/AUTH_2a636ad9760344e79dff02823315c4fd/gnocchi.8182f98b-3543-47cf-86f9-a2f0c2fb9039 HTTP/1.0 201 - python-swiftclient-4.2.0 gAAAAABo4WqryIa7... - - - txbffb6b793b5546cbac111-0068e16ab6 - 0.0559 - - 1759603382.843438148 1759603382.899380684 0
Oct 04 14:43:02 np0005470886.novalocal container-server[93154]: ::1 - - [04/Oct/2025:18:43:02 +0000] "HEAD /2/88684/AUTH_2a636ad9760344e79dff02823315c4fd/gnocchi.8182f98b-3543-47cf-86f9-a2f0c2fb9039" 204 - "HEAD http://[::1]:8080/v1/AUTH_2a636ad9760344e79dff02823315c4fd/gnocchi.8182f98b-3543-47cf-86f9-a2f0c2fb9039?format=json&states=listing" "txa1e9fcf104534f67af45e-0068e16ab6" "proxy-server 89511" 0.0015 "-" 93154 0
Oct 04 14:43:02 np0005470886.novalocal container-server[93152]: ::1 - - [04/Oct/2025:18:43:02 +0000] "GET /2/88684/AUTH_2a636ad9760344e79dff02823315c4fd/gnocchi.8182f98b-3543-47cf-86f9-a2f0c2fb9039" 200 2 "GET http://[::1]:8080/v1/AUTH_2a636ad9760344e79dff02823315c4fd/gnocchi.8182f98b-3543-47cf-86f9-a2f0c2fb9039?format=json&states=listing" "txa1e9fcf104534f67af45e-0068e16ab6" "proxy-server 89511" 0.0024 "-" 93152 0
Oct 04 14:43:02 np0005470886.novalocal proxy-server[89511]: ::1 ::1 04/Oct/2025/18/43/02 GET /v1/AUTH_2a636ad9760344e79dff02823315c4fd/gnocchi.8182f98b-3543-47cf-86f9-a2f0c2fb9039%3Fformat%3Djson%26states%3Dlisting HTTP/1.0 200 - python-swiftclient-4.2.0 gAAAAABo4WqryIa7... - 2 - txa1e9fcf104534f67af45e-0068e16ab6 - 0.0147 - - 1759603382.901879549 1759603382.916532040 0
Oct 04 14:43:02 np0005470886.novalocal object-server[93451]: ::1 - - [04/Oct/2025:18:43:02 +0000] "GET /3/30679/AUTH_2a636ad9760344e79dff02823315c4fd/gnocchi.8182f98b-3543-47cf-86f9-a2f0c2fb9039/1759320000.0_mean_300.0_v3" 404 70 "GET http://[::1]:8080/v1/AUTH_2a636ad9760344e79dff02823315c4fd/gnocchi.8182f98b-3543-47cf-86f9-a2f0c2fb9039/1759320000.0_mean_300.0_v3" "txf24aa431bd9c4457a7195-0068e16ab6" "proxy-server 89511" 0.0003 "-" 93451 0
Oct 04 14:43:02 np0005470886.novalocal object-server[93449]: ::1 - - [04/Oct/2025:18:43:02 +0000] "GET /2/30679/AUTH_2a636ad9760344e79dff02823315c4fd/gnocchi.8182f98b-3543-47cf-86f9-a2f0c2fb9039/1759320000.0_mean_300.0_v3" 404 70 "GET http://[::1]:8080/v1/AUTH_2a636ad9760344e79dff02823315c4fd/gnocchi.8182f98b-3543-47cf-86f9-a2f0c2fb9039/1759320000.0_mean_300.0_v3" "txf24aa431bd9c4457a7195-0068e16ab6" "proxy-server 89511" 0.0004 "-" 93449 0
Oct 04 14:43:02 np0005470886.novalocal object-server[93449]: ::1 - - [04/Oct/2025:18:43:02 +0000] "GET /1/30679/AUTH_2a636ad9760344e79dff02823315c4fd/gnocchi.8182f98b-3543-47cf-86f9-a2f0c2fb9039/1759320000.0_mean_300.0_v3" 404 70 "GET http://[::1]:8080/v1/AUTH_2a636ad9760344e79dff02823315c4fd/gnocchi.8182f98b-3543-47cf-86f9-a2f0c2fb9039/1759320000.0_mean_300.0_v3" "txf24aa431bd9c4457a7195-0068e16ab6" "proxy-server 89511" 0.0002 "-" 93449 0
Oct 04 14:43:02 np0005470886.novalocal proxy-server[89511]: ::1 ::1 04/Oct/2025/18/43/02 GET /v1/AUTH_2a636ad9760344e79dff02823315c4fd/gnocchi.8182f98b-3543-47cf-86f9-a2f0c2fb9039/1759320000.0_mean_300.0_v3 HTTP/1.0 404 - python-swiftclient-4.2.0 gAAAAABo4WqryIa7... - 70 - txf24aa431bd9c4457a7195-0068e16ab6 - 0.0128 - - 1759603382.919338942 1759603382.932148695 0
Oct 04 14:43:02 np0005470886.novalocal container-server[93152]: ::1 - - [04/Oct/2025:18:43:02 +0000] "PUT /3/88684/AUTH_2a636ad9760344e79dff02823315c4fd/gnocchi.8182f98b-3543-47cf-86f9-a2f0c2fb9039/1759320000.0_mean_300.0_v3" 201 - "PUT http://[::1]:8080/3/30679/AUTH_2a636ad9760344e79dff02823315c4fd/gnocchi.8182f98b-3543-47cf-86f9-a2f0c2fb9039/1759320000.0_mean_300.0_v3" "txbc346b5d9688462691699-0068e16ab6" "object-server 93451" 0.0005 "-" 93152 0
Oct 04 14:43:02 np0005470886.novalocal object-server[93451]: ::1 - - [04/Oct/2025:18:43:02 +0000] "PUT /3/30679/AUTH_2a636ad9760344e79dff02823315c4fd/gnocchi.8182f98b-3543-47cf-86f9-a2f0c2fb9039/1759320000.0_mean_300.0_v3" 201 - "PUT http://[::1]:8080/v1/AUTH_2a636ad9760344e79dff02823315c4fd/gnocchi.8182f98b-3543-47cf-86f9-a2f0c2fb9039/1759320000.0_mean_300.0_v3" "txbc346b5d9688462691699-0068e16ab6" "proxy-server 89511" 0.0101 "-" 93451 0
Oct 04 14:43:02 np0005470886.novalocal container-server[93153]: ::1 - - [04/Oct/2025:18:43:02 +0000] "PUT /2/88684/AUTH_2a636ad9760344e79dff02823315c4fd/gnocchi.8182f98b-3543-47cf-86f9-a2f0c2fb9039/1759320000.0_mean_300.0_v3" 201 - "PUT http://[::1]:8080/2/30679/AUTH_2a636ad9760344e79dff02823315c4fd/gnocchi.8182f98b-3543-47cf-86f9-a2f0c2fb9039/1759320000.0_mean_300.0_v3" "txbc346b5d9688462691699-0068e16ab6" "object-server 93452" 0.0005 "-" 93153 0
Oct 04 14:43:02 np0005470886.novalocal object-server[93452]: ::1 - - [04/Oct/2025:18:43:02 +0000] "PUT /2/30679/AUTH_2a636ad9760344e79dff02823315c4fd/gnocchi.8182f98b-3543-47cf-86f9-a2f0c2fb9039/1759320000.0_mean_300.0_v3" 201 - "PUT http://[::1]:8080/v1/AUTH_2a636ad9760344e79dff02823315c4fd/gnocchi.8182f98b-3543-47cf-86f9-a2f0c2fb9039/1759320000.0_mean_300.0_v3" "txbc346b5d9688462691699-0068e16ab6" "proxy-server 89511" 0.0126 "-" 93452 0
Oct 04 14:43:02 np0005470886.novalocal container-server[93155]: ::1 - - [04/Oct/2025:18:43:02 +0000] "PUT /1/88684/AUTH_2a636ad9760344e79dff02823315c4fd/gnocchi.8182f98b-3543-47cf-86f9-a2f0c2fb9039/1759320000.0_mean_300.0_v3" 201 - "PUT http://[::1]:8080/1/30679/AUTH_2a636ad9760344e79dff02823315c4fd/gnocchi.8182f98b-3543-47cf-86f9-a2f0c2fb9039/1759320000.0_mean_300.0_v3" "txbc346b5d9688462691699-0068e16ab6" "object-server 93449" 0.0013 "-" 93155 0
Oct 04 14:43:02 np0005470886.novalocal object-server[93449]: ::1 - - [04/Oct/2025:18:43:02 +0000] "PUT /1/30679/AUTH_2a636ad9760344e79dff02823315c4fd/gnocchi.8182f98b-3543-47cf-86f9-a2f0c2fb9039/1759320000.0_mean_300.0_v3" 201 - "PUT http://[::1]:8080/v1/AUTH_2a636ad9760344e79dff02823315c4fd/gnocchi.8182f98b-3543-47cf-86f9-a2f0c2fb9039/1759320000.0_mean_300.0_v3" "txbc346b5d9688462691699-0068e16ab6" "proxy-server 89511" 0.0179 "-" 93449 0
Oct 04 14:43:02 np0005470886.novalocal proxy-server[89511]: ::1 ::1 04/Oct/2025/18/43/02 PUT /v1/AUTH_2a636ad9760344e79dff02823315c4fd/gnocchi.8182f98b-3543-47cf-86f9-a2f0c2fb9039/1759320000.0_mean_300.0_v3 HTTP/1.0 201 - python-swiftclient-4.2.0 gAAAAABo4WqryIa7... 16 - - txbc346b5d9688462691699-0068e16ab6 - 0.0248 - - 1759603382.934363842 1759603382.959140778 0
Oct 04 14:43:02 np0005470886.novalocal container-server[93153]: ::1 - - [04/Oct/2025:18:43:02 +0000] "PUT /2/88684/AUTH_2a636ad9760344e79dff02823315c4fd/gnocchi.8182f98b-3543-47cf-86f9-a2f0c2fb9039/none_v3" 201 - "PUT http://[::1]:8080/2/40914/AUTH_2a636ad9760344e79dff02823315c4fd/gnocchi.8182f98b-3543-47cf-86f9-a2f0c2fb9039/none_v3" "txddc9416b663240b688157-0068e16ab6" "object-server 93452" 0.0004 "-" 93153 0
Oct 04 14:43:02 np0005470886.novalocal object-server[93452]: ::1 - - [04/Oct/2025:18:43:02 +0000] "PUT /2/40914/AUTH_2a636ad9760344e79dff02823315c4fd/gnocchi.8182f98b-3543-47cf-86f9-a2f0c2fb9039/none_v3" 201 - "PUT http://[::1]:8080/v1/AUTH_2a636ad9760344e79dff02823315c4fd/gnocchi.8182f98b-3543-47cf-86f9-a2f0c2fb9039/none_v3" "txddc9416b663240b688157-0068e16ab6" "proxy-server 89511" 0.0077 "-" 93452 0
Oct 04 14:43:02 np0005470886.novalocal container-server[93155]: ::1 - - [04/Oct/2025:18:43:02 +0000] "PUT /1/88684/AUTH_2a636ad9760344e79dff02823315c4fd/gnocchi.8182f98b-3543-47cf-86f9-a2f0c2fb9039/none_v3" 201 - "PUT http://[::1]:8080/3/40914/AUTH_2a636ad9760344e79dff02823315c4fd/gnocchi.8182f98b-3543-47cf-86f9-a2f0c2fb9039/none_v3" "txddc9416b663240b688157-0068e16ab6" "object-server 93451" 0.0007 "-" 93155 0
Oct 04 14:43:02 np0005470886.novalocal object-server[93451]: ::1 - - [04/Oct/2025:18:43:02 +0000] "PUT /3/40914/AUTH_2a636ad9760344e79dff02823315c4fd/gnocchi.8182f98b-3543-47cf-86f9-a2f0c2fb9039/none_v3" 201 - "PUT http://[::1]:8080/v1/AUTH_2a636ad9760344e79dff02823315c4fd/gnocchi.8182f98b-3543-47cf-86f9-a2f0c2fb9039/none_v3" "txddc9416b663240b688157-0068e16ab6" "proxy-server 89511" 0.0125 "-" 93451 0
Oct 04 14:43:02 np0005470886.novalocal container-server[93153]: ::1 - - [04/Oct/2025:18:43:02 +0000] "PUT /3/88684/AUTH_2a636ad9760344e79dff02823315c4fd/gnocchi.8182f98b-3543-47cf-86f9-a2f0c2fb9039/none_v3" 201 - "PUT http://[::1]:8080/1/40914/AUTH_2a636ad9760344e79dff02823315c4fd/gnocchi.8182f98b-3543-47cf-86f9-a2f0c2fb9039/none_v3" "txddc9416b663240b688157-0068e16ab6" "object-server 93452" 0.0003 "-" 93153 0
Oct 04 14:43:02 np0005470886.novalocal object-server[93452]: ::1 - - [04/Oct/2025:18:43:02 +0000] "PUT /1/40914/AUTH_2a636ad9760344e79dff02823315c4fd/gnocchi.8182f98b-3543-47cf-86f9-a2f0c2fb9039/none_v3" 201 - "PUT http://[::1]:8080/v1/AUTH_2a636ad9760344e79dff02823315c4fd/gnocchi.8182f98b-3543-47cf-86f9-a2f0c2fb9039/none_v3" "txddc9416b663240b688157-0068e16ab6" "proxy-server 89511" 0.0140 "-" 93452 0
Oct 04 14:43:02 np0005470886.novalocal container-server[93153]: ::1 - - [04/Oct/2025:18:43:02 +0000] "HEAD /2/92975/AUTH_2a636ad9760344e79dff02823315c4fd/gnocchi.57a91298-3759-46d6-8d71-94cf8dbca538" 404 - "HEAD http://[::1]:8080/v1/AUTH_2a636ad9760344e79dff02823315c4fd/gnocchi.57a91298-3759-46d6-8d71-94cf8dbca538?format=json&states=listing" "txad0f2ae3a41444eeafb08-0068e16ab6" "proxy-server 89511" 0.0002 "-" 93153 0
Oct 04 14:43:02 np0005470886.novalocal proxy-server[89511]: ::1 ::1 04/Oct/2025/18/43/02 PUT /v1/AUTH_2a636ad9760344e79dff02823315c4fd/gnocchi.8182f98b-3543-47cf-86f9-a2f0c2fb9039/none_v3 HTTP/1.0 201 - python-swiftclient-4.2.0 gAAAAABo4WqryIa7... 22 - - txddc9416b663240b688157-0068e16ab6 - 0.0209 - - 1759603382.961376429 1759603382.982265234 0
Oct 04 14:43:02 np0005470886.novalocal container-server[93154]: ::1 - - [04/Oct/2025:18:43:02 +0000] "HEAD /1/92975/AUTH_2a636ad9760344e79dff02823315c4fd/gnocchi.57a91298-3759-46d6-8d71-94cf8dbca538" 404 - "HEAD http://[::1]:8080/v1/AUTH_2a636ad9760344e79dff02823315c4fd/gnocchi.57a91298-3759-46d6-8d71-94cf8dbca538?format=json&states=listing" "txad0f2ae3a41444eeafb08-0068e16ab6" "proxy-server 89511" 0.0002 "-" 93154 0
Oct 04 14:43:02 np0005470886.novalocal container-server[93153]: ::1 - - [04/Oct/2025:18:43:02 +0000] "HEAD /3/92975/AUTH_2a636ad9760344e79dff02823315c4fd/gnocchi.57a91298-3759-46d6-8d71-94cf8dbca538" 404 - "HEAD http://[::1]:8080/v1/AUTH_2a636ad9760344e79dff02823315c4fd/gnocchi.57a91298-3759-46d6-8d71-94cf8dbca538?format=json&states=listing" "txad0f2ae3a41444eeafb08-0068e16ab6" "proxy-server 89511" 0.0002 "-" 93153 0
Oct 04 14:43:02 np0005470886.novalocal object-server[93451]: ::1 - - [04/Oct/2025:18:43:02 +0000] "GET /2/86337/AUTH_2a636ad9760344e79dff02823315c4fd/gnocchi.57a91298-3759-46d6-8d71-94cf8dbca538/none_v3" 404 70 "GET http://[::1]:8080/v1/AUTH_2a636ad9760344e79dff02823315c4fd/gnocchi.57a91298-3759-46d6-8d71-94cf8dbca538/none_v3" "txad0f2ae3a41444eeafb08-0068e16ab6" "proxy-server 89511" 0.0002 "-" 93451 0
Oct 04 14:43:02 np0005470886.novalocal object-server[93452]: ::1 - - [04/Oct/2025:18:43:02 +0000] "GET /1/86337/AUTH_2a636ad9760344e79dff02823315c4fd/gnocchi.57a91298-3759-46d6-8d71-94cf8dbca538/none_v3" 404 70 "GET http://[::1]:8080/v1/AUTH_2a636ad9760344e79dff02823315c4fd/gnocchi.57a91298-3759-46d6-8d71-94cf8dbca538/none_v3" "txad0f2ae3a41444eeafb08-0068e16ab6" "proxy-server 89511" 0.0003 "-" 93452 0
Oct 04 14:43:02 np0005470886.novalocal object-server[93450]: ::1 - - [04/Oct/2025:18:43:02 +0000] "GET /3/86337/AUTH_2a636ad9760344e79dff02823315c4fd/gnocchi.57a91298-3759-46d6-8d71-94cf8dbca538/none_v3" 404 70 "GET http://[::1]:8080/v1/AUTH_2a636ad9760344e79dff02823315c4fd/gnocchi.57a91298-3759-46d6-8d71-94cf8dbca538/none_v3" "txad0f2ae3a41444eeafb08-0068e16ab6" "proxy-server 89511" 0.0003 "-" 93450 0
Oct 04 14:43:02 np0005470886.novalocal proxy-server[89511]: ::1 ::1 04/Oct/2025/18/43/02 GET /v1/AUTH_2a636ad9760344e79dff02823315c4fd/gnocchi.57a91298-3759-46d6-8d71-94cf8dbca538/none_v3 HTTP/1.0 404 - python-swiftclient-4.2.0 gAAAAABo4WqjVCzL... - 70 - txad0f2ae3a41444eeafb08-0068e16ab6 - 0.0158 - - 1759603382.978919983 1759603382.994718552 0
Oct 04 14:43:03 np0005470886.novalocal container-server[93155]: ::1 - - [04/Oct/2025:18:43:03 +0000] "HEAD /2/99215/AUTH_2a636ad9760344e79dff02823315c4fd/gnocchi.fbdaf59a-e075-4af0-9ae0-0b5b7adf56c7" 404 - "HEAD http://[::1]:8080/v1/AUTH_2a636ad9760344e79dff02823315c4fd/gnocchi.fbdaf59a-e075-4af0-9ae0-0b5b7adf56c7?format=json&states=listing" "tx91b73bf114764fbba0d6c-0068e16ab7" "proxy-server 89511" 0.0002 "-" 93155 0
Oct 04 14:43:03 np0005470886.novalocal container-server[93155]: ::1 - - [04/Oct/2025:18:43:03 +0000] "HEAD /1/99215/AUTH_2a636ad9760344e79dff02823315c4fd/gnocchi.fbdaf59a-e075-4af0-9ae0-0b5b7adf56c7" 404 - "HEAD http://[::1]:8080/v1/AUTH_2a636ad9760344e79dff02823315c4fd/gnocchi.fbdaf59a-e075-4af0-9ae0-0b5b7adf56c7?format=json&states=listing" "tx91b73bf114764fbba0d6c-0068e16ab7" "proxy-server 89511" 0.0002 "-" 93155 0
Oct 04 14:43:03 np0005470886.novalocal account-server[92863]: ::1 - - [04/Oct/2025:18:43:03 +0000] "PUT /2/167054/AUTH_2a636ad9760344e79dff02823315c4fd/gnocchi.57a91298-3759-46d6-8d71-94cf8dbca538" 201 - "PUT http://[::1]:6001/1/92975/AUTH_2a636ad9760344e79dff02823315c4fd/gnocchi.57a91298-3759-46d6-8d71-94cf8dbca538" "txcbbde19f6da747fabff4d-0068e16ab6" "container-server 93155" 0.0036 "-" 92863 0
Oct 04 14:43:03 np0005470886.novalocal container-server[93154]: ::1 - - [04/Oct/2025:18:43:03 +0000] "HEAD /3/99215/AUTH_2a636ad9760344e79dff02823315c4fd/gnocchi.fbdaf59a-e075-4af0-9ae0-0b5b7adf56c7" 404 - "HEAD http://[::1]:8080/v1/AUTH_2a636ad9760344e79dff02823315c4fd/gnocchi.fbdaf59a-e075-4af0-9ae0-0b5b7adf56c7?format=json&states=listing" "tx91b73bf114764fbba0d6c-0068e16ab7" "proxy-server 89511" 0.0003 "-" 93154 0
Oct 04 14:43:03 np0005470886.novalocal container-server[93155]: ::1 - - [04/Oct/2025:18:43:03 +0000] "PUT /1/92975/AUTH_2a636ad9760344e79dff02823315c4fd/gnocchi.57a91298-3759-46d6-8d71-94cf8dbca538" 201 - "PUT http://[::1]:8080/v1/AUTH_2a636ad9760344e79dff02823315c4fd/gnocchi.57a91298-3759-46d6-8d71-94cf8dbca538" "txcbbde19f6da747fabff4d-0068e16ab6" "proxy-server 89511" 0.0102 "-" 93155 0
Oct 04 14:43:03 np0005470886.novalocal account-server[92860]: ::1 - - [04/Oct/2025:18:43:03 +0000] "PUT /3/167054/AUTH_2a636ad9760344e79dff02823315c4fd/gnocchi.57a91298-3759-46d6-8d71-94cf8dbca538" 201 - "PUT http://[::1]:6001/3/92975/AUTH_2a636ad9760344e79dff02823315c4fd/gnocchi.57a91298-3759-46d6-8d71-94cf8dbca538" "txcbbde19f6da747fabff4d-0068e16ab6" "container-server 93153" 0.0035 "-" 92860 0
Oct 04 14:43:03 np0005470886.novalocal container-server[93153]: ::1 - - [04/Oct/2025:18:43:03 +0000] "PUT /3/92975/AUTH_2a636ad9760344e79dff02823315c4fd/gnocchi.57a91298-3759-46d6-8d71-94cf8dbca538" 201 - "PUT http://[::1]:8080/v1/AUTH_2a636ad9760344e79dff02823315c4fd/gnocchi.57a91298-3759-46d6-8d71-94cf8dbca538" "txcbbde19f6da747fabff4d-0068e16ab6" "proxy-server 89511" 0.0232 "-" 93153 0
Oct 04 14:43:03 np0005470886.novalocal account-server[92860]: ::1 - - [04/Oct/2025:18:43:03 +0000] "PUT /1/167054/AUTH_2a636ad9760344e79dff02823315c4fd/gnocchi.57a91298-3759-46d6-8d71-94cf8dbca538" 201 - "PUT http://[::1]:6001/2/92975/AUTH_2a636ad9760344e79dff02823315c4fd/gnocchi.57a91298-3759-46d6-8d71-94cf8dbca538" "txcbbde19f6da747fabff4d-0068e16ab6" "container-server 93153" 0.0036 "-" 92860 0
Oct 04 14:43:03 np0005470886.novalocal container-server[93153]: ::1 - - [04/Oct/2025:18:43:03 +0000] "PUT /2/92975/AUTH_2a636ad9760344e79dff02823315c4fd/gnocchi.57a91298-3759-46d6-8d71-94cf8dbca538" 201 - "PUT http://[::1]:8080/v1/AUTH_2a636ad9760344e79dff02823315c4fd/gnocchi.57a91298-3759-46d6-8d71-94cf8dbca538" "txcbbde19f6da747fabff4d-0068e16ab6" "proxy-server 89511" 0.0178 "-" 93153 0
Oct 04 14:43:03 np0005470886.novalocal proxy-server[89511]: ::1 ::1 04/Oct/2025/18/43/03 PUT /v1/AUTH_2a636ad9760344e79dff02823315c4fd/gnocchi.57a91298-3759-46d6-8d71-94cf8dbca538 HTTP/1.0 201 - python-swiftclient-4.2.0 gAAAAABo4WqjVCzL... - - - txcbbde19f6da747fabff4d-0068e16ab6 - 0.0318 - - 1759603382.996730328 1759603383.028551340 0
Oct 04 14:43:03 np0005470886.novalocal container-server[93152]: ::1 - - [04/Oct/2025:18:43:03 +0000] "HEAD /3/92975/AUTH_2a636ad9760344e79dff02823315c4fd/gnocchi.57a91298-3759-46d6-8d71-94cf8dbca538" 204 - "HEAD http://[::1]:8080/v1/AUTH_2a636ad9760344e79dff02823315c4fd/gnocchi.57a91298-3759-46d6-8d71-94cf8dbca538?format=json&states=listing" "txcc2f4b73865f4b1295380-0068e16ab7" "proxy-server 89511" 0.0011 "-" 93152 0
Oct 04 14:43:03 np0005470886.novalocal container-server[93152]: ::1 - - [04/Oct/2025:18:43:03 +0000] "GET /2/92975/AUTH_2a636ad9760344e79dff02823315c4fd/gnocchi.57a91298-3759-46d6-8d71-94cf8dbca538" 200 2 "GET http://[::1]:8080/v1/AUTH_2a636ad9760344e79dff02823315c4fd/gnocchi.57a91298-3759-46d6-8d71-94cf8dbca538?format=json&states=listing" "txcc2f4b73865f4b1295380-0068e16ab7" "proxy-server 89511" 0.0015 "-" 93152 0
Oct 04 14:43:03 np0005470886.novalocal proxy-server[89511]: ::1 ::1 04/Oct/2025/18/43/03 GET /v1/AUTH_2a636ad9760344e79dff02823315c4fd/gnocchi.57a91298-3759-46d6-8d71-94cf8dbca538%3Fformat%3Djson%26states%3Dlisting HTTP/1.0 200 - python-swiftclient-4.2.0 gAAAAABo4WqjVCzL... - 2 - txcc2f4b73865f4b1295380-0068e16ab7 - 0.0100 - - 1759603383.031042337 1759603383.041040659 0
Oct 04 14:43:03 np0005470886.novalocal object-server[93452]: ::1 - - [04/Oct/2025:18:43:03 +0000] "GET /2/111864/AUTH_2a636ad9760344e79dff02823315c4fd/gnocchi.57a91298-3759-46d6-8d71-94cf8dbca538/1759320000.0_mean_300.0_v3" 404 70 "GET http://[::1]:8080/v1/AUTH_2a636ad9760344e79dff02823315c4fd/gnocchi.57a91298-3759-46d6-8d71-94cf8dbca538/1759320000.0_mean_300.0_v3" "tx337bbe0250c64b69ab378-0068e16ab7" "proxy-server 89511" 0.0003 "-" 93452 0
Oct 04 14:43:03 np0005470886.novalocal object-server[93451]: ::1 - - [04/Oct/2025:18:43:03 +0000] "GET /1/7154/AUTH_2a636ad9760344e79dff02823315c4fd/gnocchi.fbdaf59a-e075-4af0-9ae0-0b5b7adf56c7/none_v3" 404 70 "GET http://[::1]:8080/v1/AUTH_2a636ad9760344e79dff02823315c4fd/gnocchi.fbdaf59a-e075-4af0-9ae0-0b5b7adf56c7/none_v3" "tx91b73bf114764fbba0d6c-0068e16ab7" "proxy-server 89511" 0.0006 "-" 93451 0
Oct 04 14:43:03 np0005470886.novalocal object-server[93451]: ::1 - - [04/Oct/2025:18:43:03 +0000] "GET /3/111864/AUTH_2a636ad9760344e79dff02823315c4fd/gnocchi.57a91298-3759-46d6-8d71-94cf8dbca538/1759320000.0_mean_300.0_v3" 404 70 "GET http://[::1]:8080/v1/AUTH_2a636ad9760344e79dff02823315c4fd/gnocchi.57a91298-3759-46d6-8d71-94cf8dbca538/1759320000.0_mean_300.0_v3" "tx337bbe0250c64b69ab378-0068e16ab7" "proxy-server 89511" 0.0004 "-" 93451 0
Oct 04 14:43:03 np0005470886.novalocal object-server[93452]: ::1 - - [04/Oct/2025:18:43:03 +0000] "GET /2/7154/AUTH_2a636ad9760344e79dff02823315c4fd/gnocchi.fbdaf59a-e075-4af0-9ae0-0b5b7adf56c7/none_v3" 404 70 "GET http://[::1]:8080/v1/AUTH_2a636ad9760344e79dff02823315c4fd/gnocchi.fbdaf59a-e075-4af0-9ae0-0b5b7adf56c7/none_v3" "tx91b73bf114764fbba0d6c-0068e16ab7" "proxy-server 89511" 0.0003 "-" 93452 0
Oct 04 14:43:03 np0005470886.novalocal object-server[93449]: ::1 - - [04/Oct/2025:18:43:03 +0000] "GET /3/7154/AUTH_2a636ad9760344e79dff02823315c4fd/gnocchi.fbdaf59a-e075-4af0-9ae0-0b5b7adf56c7/none_v3" 404 70 "GET http://[::1]:8080/v1/AUTH_2a636ad9760344e79dff02823315c4fd/gnocchi.fbdaf59a-e075-4af0-9ae0-0b5b7adf56c7/none_v3" "tx91b73bf114764fbba0d6c-0068e16ab7" "proxy-server 89511" 0.0003 "-" 93449 0
Oct 04 14:43:03 np0005470886.novalocal object-server[93451]: ::1 - - [04/Oct/2025:18:43:03 +0000] "GET /1/111864/AUTH_2a636ad9760344e79dff02823315c4fd/gnocchi.57a91298-3759-46d6-8d71-94cf8dbca538/1759320000.0_mean_300.0_v3" 404 70 "GET http://[::1]:8080/v1/AUTH_2a636ad9760344e79dff02823315c4fd/gnocchi.57a91298-3759-46d6-8d71-94cf8dbca538/1759320000.0_mean_300.0_v3" "tx337bbe0250c64b69ab378-0068e16ab7" "proxy-server 89511" 0.0012 "-" 93451 0
Oct 04 14:43:03 np0005470886.novalocal proxy-server[89511]: ::1 ::1 04/Oct/2025/18/43/03 GET /v1/AUTH_2a636ad9760344e79dff02823315c4fd/gnocchi.fbdaf59a-e075-4af0-9ae0-0b5b7adf56c7/none_v3 HTTP/1.0 404 - python-swiftclient-4.2.0 gAAAAABo4WqryIa7... - 70 - tx91b73bf114764fbba0d6c-0068e16ab7 - 0.0789 - - 1759603383.005774021 1759603383.084630489 0
Oct 04 14:43:03 np0005470886.novalocal proxy-server[89511]: ::1 ::1 04/Oct/2025/18/43/03 GET /v1/AUTH_2a636ad9760344e79dff02823315c4fd/gnocchi.57a91298-3759-46d6-8d71-94cf8dbca538/1759320000.0_mean_300.0_v3 HTTP/1.0 404 - python-swiftclient-4.2.0 gAAAAABo4WqjVCzL... - 70 - tx337bbe0250c64b69ab378-0068e16ab7 - 0.0419 - - 1759603383.043812037 1759603383.085703135 0
Oct 04 14:43:03 np0005470886.novalocal container-server[93155]: ::1 - - [04/Oct/2025:18:43:03 +0000] "PUT /3/92975/AUTH_2a636ad9760344e79dff02823315c4fd/gnocchi.57a91298-3759-46d6-8d71-94cf8dbca538/1759320000.0_mean_300.0_v3" 201 - "PUT http://[::1]:8080/1/111864/AUTH_2a636ad9760344e79dff02823315c4fd/gnocchi.57a91298-3759-46d6-8d71-94cf8dbca538/1759320000.0_mean_300.0_v3" "txfc8f56689c834bb7b3c99-0068e16ab7" "object-server 93451" 0.0005 "-" 93155 0
Oct 04 14:43:03 np0005470886.novalocal container-server[93153]: ::1 - - [04/Oct/2025:18:43:03 +0000] "PUT /2/92975/AUTH_2a636ad9760344e79dff02823315c4fd/gnocchi.57a91298-3759-46d6-8d71-94cf8dbca538/1759320000.0_mean_300.0_v3" 201 - "PUT http://[::1]:8080/3/111864/AUTH_2a636ad9760344e79dff02823315c4fd/gnocchi.57a91298-3759-46d6-8d71-94cf8dbca538/1759320000.0_mean_300.0_v3" "txfc8f56689c834bb7b3c99-0068e16ab7" "object-server 93452" 0.0006 "-" 93153 0
Oct 04 14:43:03 np0005470886.novalocal object-server[93452]: ::1 - - [04/Oct/2025:18:43:03 +0000] "PUT /3/111864/AUTH_2a636ad9760344e79dff02823315c4fd/gnocchi.57a91298-3759-46d6-8d71-94cf8dbca538/1759320000.0_mean_300.0_v3" 201 - "PUT http://[::1]:8080/v1/AUTH_2a636ad9760344e79dff02823315c4fd/gnocchi.57a91298-3759-46d6-8d71-94cf8dbca538/1759320000.0_mean_300.0_v3" "txfc8f56689c834bb7b3c99-0068e16ab7" "proxy-server 89511" 0.0114 "-" 93452 0
Oct 04 14:43:03 np0005470886.novalocal account-server[92863]: ::1 - - [04/Oct/2025:18:43:03 +0000] "PUT /1/167054/AUTH_2a636ad9760344e79dff02823315c4fd/gnocchi.fbdaf59a-e075-4af0-9ae0-0b5b7adf56c7" 201 - "PUT http://[::1]:6001/2/99215/AUTH_2a636ad9760344e79dff02823315c4fd/gnocchi.fbdaf59a-e075-4af0-9ae0-0b5b7adf56c7" "txf6b8643d1f6d4d899ce8f-0068e16ab7" "container-server 93155" 0.0085 "-" 92863 0
Oct 04 14:43:03 np0005470886.novalocal container-server[93155]: ::1 - - [04/Oct/2025:18:43:03 +0000] "PUT /2/99215/AUTH_2a636ad9760344e79dff02823315c4fd/gnocchi.fbdaf59a-e075-4af0-9ae0-0b5b7adf56c7" 201 - "PUT http://[::1]:8080/v1/AUTH_2a636ad9760344e79dff02823315c4fd/gnocchi.fbdaf59a-e075-4af0-9ae0-0b5b7adf56c7" "txf6b8643d1f6d4d899ce8f-0068e16ab7" "proxy-server 89511" 0.0215 "-" 93155 0
Oct 04 14:43:03 np0005470886.novalocal object-server[93451]: ::1 - - [04/Oct/2025:18:43:03 +0000] "PUT /1/111864/AUTH_2a636ad9760344e79dff02823315c4fd/gnocchi.57a91298-3759-46d6-8d71-94cf8dbca538/1759320000.0_mean_300.0_v3" 201 - "PUT http://[::1]:8080/v1/AUTH_2a636ad9760344e79dff02823315c4fd/gnocchi.57a91298-3759-46d6-8d71-94cf8dbca538/1759320000.0_mean_300.0_v3" "txfc8f56689c834bb7b3c99-0068e16ab7" "proxy-server 89511" 0.0141 "-" 93451 0
Oct 04 14:43:03 np0005470886.novalocal container-server[93154]: ::1 - - [04/Oct/2025:18:43:03 +0000] "PUT /1/92975/AUTH_2a636ad9760344e79dff02823315c4fd/gnocchi.57a91298-3759-46d6-8d71-94cf8dbca538/1759320000.0_mean_300.0_v3" 201 - "PUT http://[::1]:8080/2/111864/AUTH_2a636ad9760344e79dff02823315c4fd/gnocchi.57a91298-3759-46d6-8d71-94cf8dbca538/1759320000.0_mean_300.0_v3" "txfc8f56689c834bb7b3c99-0068e16ab7" "object-server 93449" 0.0004 "-" 93154 0
Oct 04 14:43:03 np0005470886.novalocal account-server[92860]: ::1 - - [04/Oct/2025:18:43:03 +0000] "PUT /3/167054/AUTH_2a636ad9760344e79dff02823315c4fd/gnocchi.fbdaf59a-e075-4af0-9ae0-0b5b7adf56c7" 201 - "PUT http://[::1]:6001/3/99215/AUTH_2a636ad9760344e79dff02823315c4fd/gnocchi.fbdaf59a-e075-4af0-9ae0-0b5b7adf56c7" "txf6b8643d1f6d4d899ce8f-0068e16ab7" "container-server 93154" 0.0046 "-" 92860 0
Oct 04 14:43:03 np0005470886.novalocal container-server[93154]: ::1 - - [04/Oct/2025:18:43:03 +0000] "PUT /3/99215/AUTH_2a636ad9760344e79dff02823315c4fd/gnocchi.fbdaf59a-e075-4af0-9ae0-0b5b7adf56c7" 201 - "PUT http://[::1]:8080/v1/AUTH_2a636ad9760344e79dff02823315c4fd/gnocchi.fbdaf59a-e075-4af0-9ae0-0b5b7adf56c7" "txf6b8643d1f6d4d899ce8f-0068e16ab7" "proxy-server 89511" 0.0127 "-" 93154 0
Oct 04 14:43:03 np0005470886.novalocal object-server[93449]: ::1 - - [04/Oct/2025:18:43:03 +0000] "PUT /2/111864/AUTH_2a636ad9760344e79dff02823315c4fd/gnocchi.57a91298-3759-46d6-8d71-94cf8dbca538/1759320000.0_mean_300.0_v3" 201 - "PUT http://[::1]:8080/v1/AUTH_2a636ad9760344e79dff02823315c4fd/gnocchi.57a91298-3759-46d6-8d71-94cf8dbca538/1759320000.0_mean_300.0_v3" "txfc8f56689c834bb7b3c99-0068e16ab7" "proxy-server 89511" 0.0174 "-" 93449 0
Oct 04 14:43:03 np0005470886.novalocal account-server[92861]: ::1 - - [04/Oct/2025:18:43:03 +0000] "PUT /2/167054/AUTH_2a636ad9760344e79dff02823315c4fd/gnocchi.fbdaf59a-e075-4af0-9ae0-0b5b7adf56c7" 201 - "PUT http://[::1]:6001/1/99215/AUTH_2a636ad9760344e79dff02823315c4fd/gnocchi.fbdaf59a-e075-4af0-9ae0-0b5b7adf56c7" "txf6b8643d1f6d4d899ce8f-0068e16ab7" "container-server 93154" 0.0067 "-" 92861 0
Oct 04 14:43:03 np0005470886.novalocal proxy-server[89511]: ::1 ::1 04/Oct/2025/18/43/03 PUT /v1/AUTH_2a636ad9760344e79dff02823315c4fd/gnocchi.57a91298-3759-46d6-8d71-94cf8dbca538/1759320000.0_mean_300.0_v3 HTTP/1.0 201 - python-swiftclient-4.2.0 gAAAAABo4WqjVCzL... 16 - - txfc8f56689c834bb7b3c99-0068e16ab7 - 0.0326 - - 1759603383.088101149 1759603383.120661020 0
Oct 04 14:43:03 np0005470886.novalocal container-server[93154]: ::1 - - [04/Oct/2025:18:43:03 +0000] "PUT /1/99215/AUTH_2a636ad9760344e79dff02823315c4fd/gnocchi.fbdaf59a-e075-4af0-9ae0-0b5b7adf56c7" 201 - "PUT http://[::1]:8080/v1/AUTH_2a636ad9760344e79dff02823315c4fd/gnocchi.fbdaf59a-e075-4af0-9ae0-0b5b7adf56c7" "txf6b8643d1f6d4d899ce8f-0068e16ab7" "proxy-server 89511" 0.0265 "-" 93154 0
Oct 04 14:43:03 np0005470886.novalocal proxy-server[89511]: ::1 ::1 04/Oct/2025/18/43/03 PUT /v1/AUTH_2a636ad9760344e79dff02823315c4fd/gnocchi.fbdaf59a-e075-4af0-9ae0-0b5b7adf56c7 HTTP/1.0 201 - python-swiftclient-4.2.0 gAAAAABo4WqryIa7... - - - txf6b8643d1f6d4d899ce8f-0068e16ab7 - 0.0438 - - 1759603383.086750507 1759603383.130510569 0
Oct 04 14:43:03 np0005470886.novalocal container-server[93152]: ::1 - - [04/Oct/2025:18:43:03 +0000] "HEAD /1/99215/AUTH_2a636ad9760344e79dff02823315c4fd/gnocchi.fbdaf59a-e075-4af0-9ae0-0b5b7adf56c7" 204 - "HEAD http://[::1]:8080/v1/AUTH_2a636ad9760344e79dff02823315c4fd/gnocchi.fbdaf59a-e075-4af0-9ae0-0b5b7adf56c7?format=json&states=listing" "tx61c82de6cf3a4b41abb0b-0068e16ab7" "proxy-server 89511" 0.0015 "-" 93152 0
Oct 04 14:43:03 np0005470886.novalocal container-server[93153]: ::1 - - [04/Oct/2025:18:43:03 +0000] "PUT /3/92975/AUTH_2a636ad9760344e79dff02823315c4fd/gnocchi.57a91298-3759-46d6-8d71-94cf8dbca538/none_v3" 201 - "PUT http://[::1]:8080/3/86337/AUTH_2a636ad9760344e79dff02823315c4fd/gnocchi.57a91298-3759-46d6-8d71-94cf8dbca538/none_v3" "tx20725c6b5d46482a87fe9-0068e16ab7" "object-server 93450" 0.0005 "-" 93153 0
Oct 04 14:43:03 np0005470886.novalocal object-server[93450]: ::1 - - [04/Oct/2025:18:43:03 +0000] "PUT /3/86337/AUTH_2a636ad9760344e79dff02823315c4fd/gnocchi.57a91298-3759-46d6-8d71-94cf8dbca538/none_v3" 201 - "PUT http://[::1]:8080/v1/AUTH_2a636ad9760344e79dff02823315c4fd/gnocchi.57a91298-3759-46d6-8d71-94cf8dbca538/none_v3" "tx20725c6b5d46482a87fe9-0068e16ab7" "proxy-server 89511" 0.0096 "-" 93450 0
Oct 04 14:43:03 np0005470886.novalocal container-server[93155]: ::1 - - [04/Oct/2025:18:43:03 +0000] "GET /3/99215/AUTH_2a636ad9760344e79dff02823315c4fd/gnocchi.fbdaf59a-e075-4af0-9ae0-0b5b7adf56c7" 200 2 "GET http://[::1]:8080/v1/AUTH_2a636ad9760344e79dff02823315c4fd/gnocchi.fbdaf59a-e075-4af0-9ae0-0b5b7adf56c7?format=json&states=listing" "tx61c82de6cf3a4b41abb0b-0068e16ab7" "proxy-server 89511" 0.0021 "-" 93155 0
Oct 04 14:43:03 np0005470886.novalocal proxy-server[89511]: ::1 ::1 04/Oct/2025/18/43/03 GET /v1/AUTH_2a636ad9760344e79dff02823315c4fd/gnocchi.fbdaf59a-e075-4af0-9ae0-0b5b7adf56c7%3Fformat%3Djson%26states%3Dlisting HTTP/1.0 200 - python-swiftclient-4.2.0 gAAAAABo4WqryIa7... - 2 - tx61c82de6cf3a4b41abb0b-0068e16ab7 - 0.0116 - - 1759603383.132975578 1759603383.144565105 0
Oct 04 14:43:03 np0005470886.novalocal container-server[93153]: ::1 - - [04/Oct/2025:18:43:03 +0000] "PUT /2/92975/AUTH_2a636ad9760344e79dff02823315c4fd/gnocchi.57a91298-3759-46d6-8d71-94cf8dbca538/none_v3" 201 - "PUT http://[::1]:8080/2/86337/AUTH_2a636ad9760344e79dff02823315c4fd/gnocchi.57a91298-3759-46d6-8d71-94cf8dbca538/none_v3" "tx20725c6b5d46482a87fe9-0068e16ab7" "object-server 93449" 0.0005 "-" 93153 0
Oct 04 14:43:03 np0005470886.novalocal container-server[93154]: ::1 - - [04/Oct/2025:18:43:03 +0000] "PUT /1/92975/AUTH_2a636ad9760344e79dff02823315c4fd/gnocchi.57a91298-3759-46d6-8d71-94cf8dbca538/none_v3" 201 - "PUT http://[::1]:8080/1/86337/AUTH_2a636ad9760344e79dff02823315c4fd/gnocchi.57a91298-3759-46d6-8d71-94cf8dbca538/none_v3" "tx20725c6b5d46482a87fe9-0068e16ab7" "object-server 93449" 0.0005 "-" 93154 0
Oct 04 14:43:03 np0005470886.novalocal object-server[93449]: ::1 - - [04/Oct/2025:18:43:03 +0000] "PUT /2/86337/AUTH_2a636ad9760344e79dff02823315c4fd/gnocchi.57a91298-3759-46d6-8d71-94cf8dbca538/none_v3" 201 - "PUT http://[::1]:8080/v1/AUTH_2a636ad9760344e79dff02823315c4fd/gnocchi.57a91298-3759-46d6-8d71-94cf8dbca538/none_v3" "tx20725c6b5d46482a87fe9-0068e16ab7" "proxy-server 89511" 0.0174 "-" 93449 0
Oct 04 14:43:03 np0005470886.novalocal object-server[93449]: ::1 - - [04/Oct/2025:18:43:03 +0000] "PUT /1/86337/AUTH_2a636ad9760344e79dff02823315c4fd/gnocchi.57a91298-3759-46d6-8d71-94cf8dbca538/none_v3" 201 - "PUT http://[::1]:8080/v1/AUTH_2a636ad9760344e79dff02823315c4fd/gnocchi.57a91298-3759-46d6-8d71-94cf8dbca538/none_v3" "tx20725c6b5d46482a87fe9-0068e16ab7" "proxy-server 89511" 0.0180 "-" 93449 0
Oct 04 14:43:03 np0005470886.novalocal proxy-server[89511]: ::1 ::1 04/Oct/2025/18/43/03 PUT /v1/AUTH_2a636ad9760344e79dff02823315c4fd/gnocchi.57a91298-3759-46d6-8d71-94cf8dbca538/none_v3 HTTP/1.0 201 - python-swiftclient-4.2.0 gAAAAABo4WqjVCzL... 22 - - tx20725c6b5d46482a87fe9-0068e16ab7 - 0.0282 - - 1759603383.123788595 1759603383.151951075 0
Oct 04 14:43:03 np0005470886.novalocal object-server[93451]: ::1 - - [04/Oct/2025:18:43:03 +0000] "GET /3/175/AUTH_2a636ad9760344e79dff02823315c4fd/gnocchi.fbdaf59a-e075-4af0-9ae0-0b5b7adf56c7/1759320000.0_mean_300.0_v3" 404 70 "GET http://[::1]:8080/v1/AUTH_2a636ad9760344e79dff02823315c4fd/gnocchi.fbdaf59a-e075-4af0-9ae0-0b5b7adf56c7/1759320000.0_mean_300.0_v3" "txd20f0b0911be42a2b3a4e-0068e16ab7" "proxy-server 89511" 0.0011 "-" 93451 0
Oct 04 14:43:03 np0005470886.novalocal object-server[93451]: ::1 - - [04/Oct/2025:18:43:03 +0000] "GET /2/175/AUTH_2a636ad9760344e79dff02823315c4fd/gnocchi.fbdaf59a-e075-4af0-9ae0-0b5b7adf56c7/1759320000.0_mean_300.0_v3" 404 70 "GET http://[::1]:8080/v1/AUTH_2a636ad9760344e79dff02823315c4fd/gnocchi.fbdaf59a-e075-4af0-9ae0-0b5b7adf56c7/1759320000.0_mean_300.0_v3" "txd20f0b0911be42a2b3a4e-0068e16ab7" "proxy-server 89511" 0.0008 "-" 93451 0
Oct 04 14:43:03 np0005470886.novalocal object-server[93449]: ::1 - - [04/Oct/2025:18:43:03 +0000] "GET /1/175/AUTH_2a636ad9760344e79dff02823315c4fd/gnocchi.fbdaf59a-e075-4af0-9ae0-0b5b7adf56c7/1759320000.0_mean_300.0_v3" 404 70 "GET http://[::1]:8080/v1/AUTH_2a636ad9760344e79dff02823315c4fd/gnocchi.fbdaf59a-e075-4af0-9ae0-0b5b7adf56c7/1759320000.0_mean_300.0_v3" "txd20f0b0911be42a2b3a4e-0068e16ab7" "proxy-server 89511" 0.0004 "-" 93449 0
Oct 04 14:43:03 np0005470886.novalocal proxy-server[89511]: ::1 ::1 04/Oct/2025/18/43/03 GET /v1/AUTH_2a636ad9760344e79dff02823315c4fd/gnocchi.fbdaf59a-e075-4af0-9ae0-0b5b7adf56c7/1759320000.0_mean_300.0_v3 HTTP/1.0 404 - python-swiftclient-4.2.0 gAAAAABo4WqryIa7... - 70 - txd20f0b0911be42a2b3a4e-0068e16ab7 - 0.0203 - - 1759603383.148170471 1759603383.168424129 0
Oct 04 14:43:03 np0005470886.novalocal container-server[93152]: ::1 - - [04/Oct/2025:18:43:03 +0000] "PUT /3/99215/AUTH_2a636ad9760344e79dff02823315c4fd/gnocchi.fbdaf59a-e075-4af0-9ae0-0b5b7adf56c7/1759320000.0_mean_300.0_v3" 201 - "PUT http://[::1]:8080/1/175/AUTH_2a636ad9760344e79dff02823315c4fd/gnocchi.fbdaf59a-e075-4af0-9ae0-0b5b7adf56c7/1759320000.0_mean_300.0_v3" "txb998c124afb4432cb11e8-0068e16ab7" "object-server 93451" 0.0005 "-" 93152 0
Oct 04 14:43:03 np0005470886.novalocal container-server[93152]: ::1 - - [04/Oct/2025:18:43:03 +0000] "PUT /2/99215/AUTH_2a636ad9760344e79dff02823315c4fd/gnocchi.fbdaf59a-e075-4af0-9ae0-0b5b7adf56c7/1759320000.0_mean_300.0_v3" 201 - "PUT http://[::1]:8080/2/175/AUTH_2a636ad9760344e79dff02823315c4fd/gnocchi.fbdaf59a-e075-4af0-9ae0-0b5b7adf56c7/1759320000.0_mean_300.0_v3" "txb998c124afb4432cb11e8-0068e16ab7" "object-server 93450" 0.0003 "-" 93152 0
Oct 04 14:43:03 np0005470886.novalocal container-server[93155]: ::1 - - [04/Oct/2025:18:43:03 +0000] "PUT /1/99215/AUTH_2a636ad9760344e79dff02823315c4fd/gnocchi.fbdaf59a-e075-4af0-9ae0-0b5b7adf56c7/1759320000.0_mean_300.0_v3" 201 - "PUT http://[::1]:8080/3/175/AUTH_2a636ad9760344e79dff02823315c4fd/gnocchi.fbdaf59a-e075-4af0-9ae0-0b5b7adf56c7/1759320000.0_mean_300.0_v3" "txb998c124afb4432cb11e8-0068e16ab7" "object-server 93450" 0.0004 "-" 93155 0
Oct 04 14:43:03 np0005470886.novalocal object-server[93451]: ::1 - - [04/Oct/2025:18:43:03 +0000] "PUT /1/175/AUTH_2a636ad9760344e79dff02823315c4fd/gnocchi.fbdaf59a-e075-4af0-9ae0-0b5b7adf56c7/1759320000.0_mean_300.0_v3" 201 - "PUT http://[::1]:8080/v1/AUTH_2a636ad9760344e79dff02823315c4fd/gnocchi.fbdaf59a-e075-4af0-9ae0-0b5b7adf56c7/1759320000.0_mean_300.0_v3" "txb998c124afb4432cb11e8-0068e16ab7" "proxy-server 89511" 0.0100 "-" 93451 0
Oct 04 14:43:03 np0005470886.novalocal object-server[93450]: ::1 - - [04/Oct/2025:18:43:03 +0000] "PUT /2/175/AUTH_2a636ad9760344e79dff02823315c4fd/gnocchi.fbdaf59a-e075-4af0-9ae0-0b5b7adf56c7/1759320000.0_mean_300.0_v3" 201 - "PUT http://[::1]:8080/v1/AUTH_2a636ad9760344e79dff02823315c4fd/gnocchi.fbdaf59a-e075-4af0-9ae0-0b5b7adf56c7/1759320000.0_mean_300.0_v3" "txb998c124afb4432cb11e8-0068e16ab7" "proxy-server 89511" 0.0100 "-" 93450 0
Oct 04 14:43:03 np0005470886.novalocal object-server[93450]: ::1 - - [04/Oct/2025:18:43:03 +0000] "PUT /3/175/AUTH_2a636ad9760344e79dff02823315c4fd/gnocchi.fbdaf59a-e075-4af0-9ae0-0b5b7adf56c7/1759320000.0_mean_300.0_v3" 201 - "PUT http://[::1]:8080/v1/AUTH_2a636ad9760344e79dff02823315c4fd/gnocchi.fbdaf59a-e075-4af0-9ae0-0b5b7adf56c7/1759320000.0_mean_300.0_v3" "txb998c124afb4432cb11e8-0068e16ab7" "proxy-server 89511" 0.0128 "-" 93450 0
Oct 04 14:43:03 np0005470886.novalocal proxy-server[89511]: ::1 ::1 04/Oct/2025/18/43/03 PUT /v1/AUTH_2a636ad9760344e79dff02823315c4fd/gnocchi.fbdaf59a-e075-4af0-9ae0-0b5b7adf56c7/1759320000.0_mean_300.0_v3 HTTP/1.0 201 - python-swiftclient-4.2.0 gAAAAABo4WqryIa7... 16 - - txb998c124afb4432cb11e8-0068e16ab7 - 0.0181 - - 1759603383.175079584 1759603383.193162441 0
Oct 04 14:43:03 np0005470886.novalocal container-server[93153]: ::1 - - [04/Oct/2025:18:43:03 +0000] "PUT /3/99215/AUTH_2a636ad9760344e79dff02823315c4fd/gnocchi.fbdaf59a-e075-4af0-9ae0-0b5b7adf56c7/none_v3" 201 - "PUT http://[::1]:8080/2/7154/AUTH_2a636ad9760344e79dff02823315c4fd/gnocchi.fbdaf59a-e075-4af0-9ae0-0b5b7adf56c7/none_v3" "tx2499bf1e89e640008b897-0068e16ab7" "object-server 93451" 0.0004 "-" 93153 0
Oct 04 14:43:03 np0005470886.novalocal object-server[93451]: ::1 - - [04/Oct/2025:18:43:03 +0000] "PUT /2/7154/AUTH_2a636ad9760344e79dff02823315c4fd/gnocchi.fbdaf59a-e075-4af0-9ae0-0b5b7adf56c7/none_v3" 201 - "PUT http://[::1]:8080/v1/AUTH_2a636ad9760344e79dff02823315c4fd/gnocchi.fbdaf59a-e075-4af0-9ae0-0b5b7adf56c7/none_v3" "tx2499bf1e89e640008b897-0068e16ab7" "proxy-server 89511" 0.0139 "-" 93451 0
Oct 04 14:43:03 np0005470886.novalocal container-server[93154]: ::1 - - [04/Oct/2025:18:43:03 +0000] "PUT /2/99215/AUTH_2a636ad9760344e79dff02823315c4fd/gnocchi.fbdaf59a-e075-4af0-9ae0-0b5b7adf56c7/none_v3" 201 - "PUT http://[::1]:8080/3/7154/AUTH_2a636ad9760344e79dff02823315c4fd/gnocchi.fbdaf59a-e075-4af0-9ae0-0b5b7adf56c7/none_v3" "tx2499bf1e89e640008b897-0068e16ab7" "object-server 93452" 0.0018 "-" 93154 0
Oct 04 14:43:03 np0005470886.novalocal object-server[93452]: ::1 - - [04/Oct/2025:18:43:03 +0000] "PUT /3/7154/AUTH_2a636ad9760344e79dff02823315c4fd/gnocchi.fbdaf59a-e075-4af0-9ae0-0b5b7adf56c7/none_v3" 201 - "PUT http://[::1]:8080/v1/AUTH_2a636ad9760344e79dff02823315c4fd/gnocchi.fbdaf59a-e075-4af0-9ae0-0b5b7adf56c7/none_v3" "tx2499bf1e89e640008b897-0068e16ab7" "proxy-server 89511" 0.0126 "-" 93452 0
Oct 04 14:43:03 np0005470886.novalocal container-server[93154]: ::1 - - [04/Oct/2025:18:43:03 +0000] "PUT /1/99215/AUTH_2a636ad9760344e79dff02823315c4fd/gnocchi.fbdaf59a-e075-4af0-9ae0-0b5b7adf56c7/none_v3" 201 - "PUT http://[::1]:8080/1/7154/AUTH_2a636ad9760344e79dff02823315c4fd/gnocchi.fbdaf59a-e075-4af0-9ae0-0b5b7adf56c7/none_v3" "tx2499bf1e89e640008b897-0068e16ab7" "object-server 93452" 0.0007 "-" 93154 0
Oct 04 14:43:03 np0005470886.novalocal object-server[93452]: ::1 - - [04/Oct/2025:18:43:03 +0000] "PUT /1/7154/AUTH_2a636ad9760344e79dff02823315c4fd/gnocchi.fbdaf59a-e075-4af0-9ae0-0b5b7adf56c7/none_v3" 201 - "PUT http://[::1]:8080/v1/AUTH_2a636ad9760344e79dff02823315c4fd/gnocchi.fbdaf59a-e075-4af0-9ae0-0b5b7adf56c7/none_v3" "tx2499bf1e89e640008b897-0068e16ab7" "proxy-server 89511" 0.0174 "-" 93452 0
Oct 04 14:43:03 np0005470886.novalocal proxy-server[89511]: ::1 ::1 04/Oct/2025/18/43/03 PUT /v1/AUTH_2a636ad9760344e79dff02823315c4fd/gnocchi.fbdaf59a-e075-4af0-9ae0-0b5b7adf56c7/none_v3 HTTP/1.0 201 - python-swiftclient-4.2.0 gAAAAABo4WqryIa7... 22 - - tx2499bf1e89e640008b897-0068e16ab7 - 0.0220 - - 1759603383.196059704 1759603383.218031645 0
Oct 04 14:43:03 np0005470886.novalocal systemd[1]: Started dbus-:1.0-org.fedoraproject.SetroubleshootPrivileged@8.service.
Oct 04 14:43:03 np0005470886.novalocal kernel: qbr7bf1ce95-17: port 2(tap7bf1ce95-17) entered disabled state
Oct 04 14:43:03 np0005470886.novalocal kernel: tap7bf1ce95-17 (unregistering): left allmulticast mode
Oct 04 14:43:03 np0005470886.novalocal kernel: tap7bf1ce95-17 (unregistering): left promiscuous mode
Oct 04 14:43:03 np0005470886.novalocal kernel: qbr7bf1ce95-17: port 2(tap7bf1ce95-17) entered disabled state
Oct 04 14:43:03 np0005470886.novalocal NetworkManager[860]: [1759603383.8760] device (tap7bf1ce95-17): state change: activated -> unmanaged (reason 'unmanaged', managed-type: 'removed')
Oct 04 14:43:03 np0005470886.novalocal NetworkManager[860]: [1759603383.8764] device (tap7bf1ce95-17): released from controller device qbr7bf1ce95-17
Oct 04 14:43:03 np0005470886.novalocal object-server[93452]: ::1 - - [04/Oct/2025:18:43:03 +0000] "GET /3/40914/AUTH_2a636ad9760344e79dff02823315c4fd/gnocchi.8182f98b-3543-47cf-86f9-a2f0c2fb9039/none_v3" 200 22 "GET http://[::1]:8080/v1/AUTH_2a636ad9760344e79dff02823315c4fd/gnocchi.8182f98b-3543-47cf-86f9-a2f0c2fb9039/none_v3" "txd51a11e0f1304653af383-0068e16ab7" "proxy-server 89511" 0.0044 "-" 93452 0
Oct 04 14:43:03 np0005470886.novalocal proxy-server[89511]: ::1 ::1 04/Oct/2025/18/43/03 GET /v1/AUTH_2a636ad9760344e79dff02823315c4fd/gnocchi.8182f98b-3543-47cf-86f9-a2f0c2fb9039/none_v3 HTTP/1.0 200 - python-swiftclient-4.2.0 gAAAAABo4WqjVCzL... - 22 - txd51a11e0f1304653af383-0068e16ab7 - 0.0101 - - 1759603383.892509222 1759603383.902565718 0
Oct 04 14:43:03 np0005470886.novalocal systemd[1]: machine-qemu\x2d2\x2dinstance\x2d00000002.scope: Deactivated successfully.
Oct 04 14:43:03 np0005470886.novalocal systemd[1]: machine-qemu\x2d2\x2dinstance\x2d00000002.scope: Consumed 2.425s CPU time.
Oct 04 14:43:03 np0005470886.novalocal object-server[93450]: ::1 - - [04/Oct/2025:18:43:03 +0000] "GET /2/188447/AUTH_2a636ad9760344e79dff02823315c4fd/gnocchi.055eab87-5d1c-4736-8e4e-d883b99b6d04/none_v3" 200 22 "GET http://[::1]:8080/v1/AUTH_2a636ad9760344e79dff02823315c4fd/gnocchi.055eab87-5d1c-4736-8e4e-d883b99b6d04/none_v3" "txa35187cb457143aeb3991-0068e16ab7" "proxy-server 89511" 0.0016 "-" 93450 0
Oct 04 14:43:03 np0005470886.novalocal proxy-server[89511]: ::1 ::1 04/Oct/2025/18/43/03 GET /v1/AUTH_2a636ad9760344e79dff02823315c4fd/gnocchi.055eab87-5d1c-4736-8e4e-d883b99b6d04/none_v3 HTTP/1.0 200 - python-swiftclient-4.2.0 gAAAAABo4WqryIa7... - 22 - txa35187cb457143aeb3991-0068e16ab7 - 0.0070 - - 1759603383.899262428 1759603383.906221867 0
Oct 04 14:43:03 np0005470886.novalocal systemd-machined[90851]: Machine qemu-2-instance-00000002 terminated.
Oct 04 14:43:03 np0005470886.novalocal container-server[93152]: ::1 - - [04/Oct/2025:18:43:03 +0000] "GET /1/88684/AUTH_2a636ad9760344e79dff02823315c4fd/gnocchi.8182f98b-3543-47cf-86f9-a2f0c2fb9039" 200 357 "GET http://[::1]:8080/v1/AUTH_2a636ad9760344e79dff02823315c4fd/gnocchi.8182f98b-3543-47cf-86f9-a2f0c2fb9039?format=json&states=listing" "tx2e01bef62083427586482-0068e16ab7" "proxy-server 89511" 0.0112 "-" 93152 0
Oct 04 14:43:03 np0005470886.novalocal container-server[93152]: ::1 - - [04/Oct/2025:18:43:03 +0000] "GET /1/174971/AUTH_2a636ad9760344e79dff02823315c4fd/gnocchi.055eab87-5d1c-4736-8e4e-d883b99b6d04" 200 357 "GET http://[::1]:8080/v1/AUTH_2a636ad9760344e79dff02823315c4fd/gnocchi.055eab87-5d1c-4736-8e4e-d883b99b6d04?format=json&states=listing" "tx68902631b09244aeb91d8-0068e16ab7" "proxy-server 89511" 0.0082 "-" 93152 0
Oct 04 14:43:03 np0005470886.novalocal proxy-server[89511]: ::1 ::1 04/Oct/2025/18/43/03 GET /v1/AUTH_2a636ad9760344e79dff02823315c4fd/gnocchi.8182f98b-3543-47cf-86f9-a2f0c2fb9039%3Fformat%3Djson%26states%3Dlisting HTTP/1.0 200 - python-swiftclient-4.2.0 gAAAAABo4WqjVCzL... - 357 - tx2e01bef62083427586482-0068e16ab7 - 0.0238 - - 1759603383.905444145 1759603383.929243565 0
Oct 04 14:43:03 np0005470886.novalocal proxy-server[89511]: ::1 ::1 04/Oct/2025/18/43/03 GET /v1/AUTH_2a636ad9760344e79dff02823315c4fd/gnocchi.055eab87-5d1c-4736-8e4e-d883b99b6d04%3Fformat%3Djson%26states%3Dlisting HTTP/1.0 200 - python-swiftclient-4.2.0 gAAAAABo4WqryIa7... - 357 - tx68902631b09244aeb91d8-0068e16ab7 - 0.0210 - - 1759603383.910760403 1759603383.931779623 0
Oct 04 14:43:03 np0005470886.novalocal container-server[93153]: ::1 - - [04/Oct/2025:18:43:03 +0000] "GET /2/88684/AUTH_2a636ad9760344e79dff02823315c4fd/gnocchi.8182f98b-3543-47cf-86f9-a2f0c2fb9039" 200 2 "GET http://[::1]:8080/v1/AUTH_2a636ad9760344e79dff02823315c4fd/gnocchi.8182f98b-3543-47cf-86f9-a2f0c2fb9039?format=json&marker=none_v3&states=listing" "txf2917debf07143f1b894f-0068e16ab7" "proxy-server 89511" 0.0105 "-" 93153 0
Oct 04 14:43:03 np0005470886.novalocal proxy-server[89511]: ::1 ::1 04/Oct/2025/18/43/03 GET /v1/AUTH_2a636ad9760344e79dff02823315c4fd/gnocchi.8182f98b-3543-47cf-86f9-a2f0c2fb9039%3Fformat%3Djson%26marker%3Dnone_v3%26states%3Dlisting HTTP/1.0 200 - python-swiftclient-4.2.0 gAAAAABo4WqjVCzL... - 2 - txf2917debf07143f1b894f-0068e16ab7 - 0.0211 - - 1759603383.935781956 1759603383.956859589 0
Oct 04 14:43:03 np0005470886.novalocal object-server[93452]: ::1 - - [04/Oct/2025:18:43:03 +0000] "GET /2/30679/AUTH_2a636ad9760344e79dff02823315c4fd/gnocchi.8182f98b-3543-47cf-86f9-a2f0c2fb9039/1759320000.0_mean_300.0_v3" 200 16 "GET http://[::1]:8080/v1/AUTH_2a636ad9760344e79dff02823315c4fd/gnocchi.8182f98b-3543-47cf-86f9-a2f0c2fb9039/1759320000.0_mean_300.0_v3" "txffb60ba6583e41468841a-0068e16ab7" "proxy-server 89511" 0.0006 "-" 93452 0
Oct 04 14:43:03 np0005470886.novalocal proxy-server[89511]: ::1 ::1 04/Oct/2025/18/43/03 GET /v1/AUTH_2a636ad9760344e79dff02823315c4fd/gnocchi.8182f98b-3543-47cf-86f9-a2f0c2fb9039/1759320000.0_mean_300.0_v3 HTTP/1.0 200 - python-swiftclient-4.2.0 gAAAAABo4WqjVCzL... - 16 - txffb60ba6583e41468841a-0068e16ab7 - 0.0053 - - 1759603383.959755659 1759603383.965043306 0
Oct 04 14:43:03 np0005470886.novalocal container-server[93155]: ::1 - - [04/Oct/2025:18:43:03 +0000] "GET /2/174971/AUTH_2a636ad9760344e79dff02823315c4fd/gnocchi.055eab87-5d1c-4736-8e4e-d883b99b6d04" 200 2 "GET http://[::1]:8080/v1/AUTH_2a636ad9760344e79dff02823315c4fd/gnocchi.055eab87-5d1c-4736-8e4e-d883b99b6d04?format=json&marker=none_v3&states=listing" "tx935c9f25f23f434c969ea-0068e16ab7" "proxy-server 89511" 0.0243 "-" 93155 0
Oct 04 14:43:03 np0005470886.novalocal proxy-server[89511]: ::1 ::1 04/Oct/2025/18/43/03 GET /v1/AUTH_2a636ad9760344e79dff02823315c4fd/gnocchi.055eab87-5d1c-4736-8e4e-d883b99b6d04%3Fformat%3Djson%26marker%3Dnone_v3%26states%3Dlisting HTTP/1.0 200 - python-swiftclient-4.2.0 gAAAAABo4WqryIa7... - 2 - tx935c9f25f23f434c969ea-0068e16ab7 - 0.0350 - - 1759603383.939202309 1759603383.974191666 0
Oct 04 14:43:03 np0005470886.novalocal object-server[93449]: ::1 - - [04/Oct/2025:18:43:03 +0000] "GET /2/131882/AUTH_2a636ad9760344e79dff02823315c4fd/gnocchi.055eab87-5d1c-4736-8e4e-d883b99b6d04/1759320000.0_mean_300.0_v3" 200 16 "GET http://[::1]:8080/v1/AUTH_2a636ad9760344e79dff02823315c4fd/gnocchi.055eab87-5d1c-4736-8e4e-d883b99b6d04/1759320000.0_mean_300.0_v3" "tx3d5373ad7c414602b2dbd-0068e16ab7" "proxy-server 89511" 0.0010 "-" 93449 0
Oct 04 14:43:03 np0005470886.novalocal container-server[93153]: ::1 - - [04/Oct/2025:18:43:03 +0000] "PUT /2/88684/AUTH_2a636ad9760344e79dff02823315c4fd/gnocchi.8182f98b-3543-47cf-86f9-a2f0c2fb9039/1759320000.0_mean_300.0_v3" 201 - "PUT http://[::1]:8080/3/30679/AUTH_2a636ad9760344e79dff02823315c4fd/gnocchi.8182f98b-3543-47cf-86f9-a2f0c2fb9039/1759320000.0_mean_300.0_v3" "txcc49ccd843c34a789b329-0068e16ab7" "object-server 93452" 0.0005 "-" 93153 0
