Oct 04 14:43:55 np0005470886.novalocal dnsmasq[101593]: read /var/lib/neutron/dhcp/56aec556-193d-4379-b1d2-ab51e15e8e91/addn_hosts - 1 addresses
Oct 04 14:43:55 np0005470886.novalocal dnsmasq-dhcp[101593]: read /var/lib/neutron/dhcp/56aec556-193d-4379-b1d2-ab51e15e8e91/host
Oct 04 14:43:55 np0005470886.novalocal dnsmasq-dhcp[101593]: read /var/lib/neutron/dhcp/56aec556-193d-4379-b1d2-ab51e15e8e91/opts
Oct 04 14:43:55 np0005470886.novalocal kernel: qr-32b4b3f9-49: entered promiscuous mode
Oct 04 14:43:55 np0005470886.novalocal NetworkManager[860]: [1759603435.4456] manager: (qr-32b4b3f9-49): 'openvswitch' plugin not available; creating generic device
Oct 04 14:43:55 np0005470886.novalocal NetworkManager[860]: [1759603435.4473] manager: (qr-32b4b3f9-49): new Generic device (/org/freedesktop/NetworkManager/Devices/38)
Oct 04 14:43:55 np0005470886.novalocal systemd-udevd[101561]: Network interface NamePolicy= disabled on kernel command line.
Oct 04 14:43:55 np0005470886.novalocal dnsmasq[101593]: read /var/lib/neutron/dhcp/56aec556-193d-4379-b1d2-ab51e15e8e91/addn_hosts - 1 addresses
Oct 04 14:43:55 np0005470886.novalocal dnsmasq-dhcp[101593]: read /var/lib/neutron/dhcp/56aec556-193d-4379-b1d2-ab51e15e8e91/host
Oct 04 14:43:55 np0005470886.novalocal dnsmasq-dhcp[101593]: read /var/lib/neutron/dhcp/56aec556-193d-4379-b1d2-ab51e15e8e91/opts
Oct 04 14:43:55 np0005470886.novalocal systemd[1]: Started SETroubleshoot daemon for processing new SELinux denial logs.
Oct 04 14:43:55 np0005470886.novalocal NetworkManager[860]: [1759603435.9408] manager: (qg-fa01cac9-12): 'openvswitch' plugin not available; creating generic device
Oct 04 14:43:55 np0005470886.novalocal kernel: qg-fa01cac9-12: entered promiscuous mode
Oct 04 14:43:55 np0005470886.novalocal NetworkManager[860]: [1759603435.9417] manager: (qg-fa01cac9-12): new Generic device (/org/freedesktop/NetworkManager/Devices/39)
Oct 04 14:43:56 np0005470886.novalocal systemd[1]: Started dbus-:1.0-org.fedoraproject.SetroubleshootPrivileged@9.service.
Oct 04 14:43:57 np0005470886.novalocal setroubleshoot[101591]: SELinux is preventing /usr/sbin/dnsmasq from using the dac_override capability. For complete SELinux messages run: sealert -l 4b7b6c46-62be-4d31-8c69-f9a0d3061e2b
Oct 04 14:43:57 np0005470886.novalocal setroubleshoot[101591]: SELinux is preventing /usr/sbin/dnsmasq from using the dac_override capability. ***** Plugin dac_override (53.1 confidence) suggests ********************** If you want to help identify if domain needs this access or you have a file with the wrong permissions on your system Then turn on full auditing to get path information about the offending file and generate the error again. Do Turn on full auditing # auditctl -w /etc/shadow -p w Try to recreate AVC. Then execute # ausearch -m avc -ts recent If you see PATH record check ownership/permissions on file, and fix it, otherwise report as a bugzilla. ***** Plugin catchall_boolean (42.6 confidence) suggests ****************** If you want to allow os to dnsmasq dac override Then you must tell SELinux about this by enabling the 'os_dnsmasq_dac_override' boolean. Do setsebool -P os_dnsmasq_dac_override 1 ***** Plugin catchall (5.76 confidence) suggests ************************** If you believe that dnsmasq should have the dac_override capability by default. Then you should report this as a bug. You can generate a local policy module to allow this access. Do allow this access for now by executing: # ausearch -c 'dnsmasq' --raw | audit2allow -M my-dnsmasq # semodule -X 300 -i my-dnsmasq.pp
Oct 04 14:43:58 np0005470886.novalocal dnsmasq[101593]: read /var/lib/neutron/dhcp/56aec556-193d-4379-b1d2-ab51e15e8e91/addn_hosts - 2 addresses
Oct 04 14:43:58 np0005470886.novalocal dnsmasq-dhcp[101593]: read /var/lib/neutron/dhcp/56aec556-193d-4379-b1d2-ab51e15e8e91/host
Oct 04 14:43:58 np0005470886.novalocal dnsmasq-dhcp[101593]: read /var/lib/neutron/dhcp/56aec556-193d-4379-b1d2-ab51e15e8e91/opts
Oct 04 14:43:59 np0005470886.novalocal NetworkManager[860]: [1759603439.4480] manager: (qbr6d797ec7-41): new Bridge device (/org/freedesktop/NetworkManager/Devices/40)
Oct 04 14:43:59 np0005470886.novalocal NetworkManager[860]: [1759603439.4554] manager: (qvo6d797ec7-41): new Veth device (/org/freedesktop/NetworkManager/Devices/41)
Oct 04 14:43:59 np0005470886.novalocal NetworkManager[860]: [1759603439.4568] manager: (qvb6d797ec7-41): new Veth device (/org/freedesktop/NetworkManager/Devices/42)
Oct 04 14:43:59 np0005470886.novalocal NetworkManager[860]: [1759603439.4588] device (qvo6d797ec7-41): carrier: link connected
Oct 04 14:43:59 np0005470886.novalocal NetworkManager[860]: [1759603439.4592] device (qvb6d797ec7-41): carrier: link connected
Oct 04 14:43:59 np0005470886.novalocal kernel: qbr6d797ec7-41: port 1(qvb6d797ec7-41) entered blocking state
Oct 04 14:43:59 np0005470886.novalocal kernel: qbr6d797ec7-41: port 1(qvb6d797ec7-41) entered disabled state
Oct 04 14:43:59 np0005470886.novalocal kernel: qvb6d797ec7-41: entered allmulticast mode
Oct 04 14:43:59 np0005470886.novalocal kernel: qvb6d797ec7-41: entered promiscuous mode
Oct 04 14:43:59 np0005470886.novalocal kernel: qbr6d797ec7-41: port 1(qvb6d797ec7-41) entered blocking state
Oct 04 14:43:59 np0005470886.novalocal kernel: qbr6d797ec7-41: port 1(qvb6d797ec7-41) entered forwarding state
Oct 04 14:43:59 np0005470886.novalocal NetworkManager[860]: [1759603439.4635] device (qbr6d797ec7-41): carrier: link connected
Oct 04 14:43:59 np0005470886.novalocal systemd-udevd[101797]: Network interface NamePolicy= disabled on kernel command line.
Oct 04 14:43:59 np0005470886.novalocal systemd-udevd[101796]: Network interface NamePolicy= disabled on kernel command line.
Oct 04 14:43:59 np0005470886.novalocal systemd-udevd[101798]: Network interface NamePolicy= disabled on kernel command line.
Oct 04 14:43:59 np0005470886.novalocal kernel: qvo6d797ec7-41: entered promiscuous mode
Oct 04 14:43:59 np0005470886.novalocal NetworkManager[860]: [1759603439.4964] device (qbr6d797ec7-41): state change: unmanaged -> unavailable (reason 'connection-assumed', managed-type: 'external')
Oct 04 14:43:59 np0005470886.novalocal NetworkManager[860]: [1759603439.4973] device (qbr6d797ec7-41): state change: unavailable -> disconnected (reason 'connection-assumed', managed-type: 'external')
Oct 04 14:43:59 np0005470886.novalocal NetworkManager[860]: [1759603439.4980] device (qbr6d797ec7-41): Activation: starting connection 'qbr6d797ec7-41' (60a030fd-ccbc-43c3-8718-5ccc2e2a8056)
Oct 04 14:43:59 np0005470886.novalocal NetworkManager[860]: [1759603439.4981] device (qbr6d797ec7-41): state change: disconnected -> prepare (reason 'none', managed-type: 'external')
Oct 04 14:43:59 np0005470886.novalocal NetworkManager[860]: [1759603439.4985] device (qbr6d797ec7-41): state change: prepare -> config (reason 'none', managed-type: 'external')
Oct 04 14:43:59 np0005470886.novalocal NetworkManager[860]: [1759603439.4988] device (qbr6d797ec7-41): state change: config -> ip-config (reason 'none', managed-type: 'external')
Oct 04 14:43:59 np0005470886.novalocal NetworkManager[860]: [1759603439.4990] device (qbr6d797ec7-41): state change: ip-config -> ip-check (reason 'none', managed-type: 'external')
Oct 04 14:43:59 np0005470886.novalocal systemd[1]: Starting Network Manager Script Dispatcher Service...
Oct 04 14:43:59 np0005470886.novalocal systemd[1]: Started Network Manager Script Dispatcher Service.
Oct 04 14:43:59 np0005470886.novalocal NetworkManager[860]: [1759603439.5320] device (qbr6d797ec7-41): state change: ip-check -> secondaries (reason 'none', managed-type: 'external')
Oct 04 14:43:59 np0005470886.novalocal NetworkManager[860]: [1759603439.5322] device (qbr6d797ec7-41): state change: secondaries -> activated (reason 'none', managed-type: 'external')
Oct 04 14:43:59 np0005470886.novalocal NetworkManager[860]: [1759603439.5328] device (qbr6d797ec7-41): Activation: successful, device activated.
Oct 04 14:43:59 np0005470886.novalocal systemd[1]: iscsi.service: Unit cannot be reloaded because it is inactive.
Oct 04 14:43:59 np0005470886.novalocal kernel: qbr6d797ec7-41: port 2(tap6d797ec7-41) entered blocking state
Oct 04 14:43:59 np0005470886.novalocal kernel: qbr6d797ec7-41: port 2(tap6d797ec7-41) entered disabled state
Oct 04 14:43:59 np0005470886.novalocal kernel: tap6d797ec7-41: entered allmulticast mode
Oct 04 14:43:59 np0005470886.novalocal kernel: tap6d797ec7-41: entered promiscuous mode
Oct 04 14:43:59 np0005470886.novalocal kernel: qbr6d797ec7-41: port 2(tap6d797ec7-41) entered blocking state
Oct 04 14:43:59 np0005470886.novalocal kernel: qbr6d797ec7-41: port 2(tap6d797ec7-41) entered forwarding state
Oct 04 14:43:59 np0005470886.novalocal NetworkManager[860]: [1759603439.5984] manager: (tap6d797ec7-41): new Tun device (/org/freedesktop/NetworkManager/Devices/43)
Oct 04 14:43:59 np0005470886.novalocal systemd-udevd[101804]: Network interface NamePolicy= disabled on kernel command line.
Oct 04 14:43:59 np0005470886.novalocal libvirtd[95530]: Domain id=4 name='instance-00000004' uuid=02c51e93-65ad-44e0-b57d-e20abd396683 is tainted: deprecated-config (machine type 'pc-i440fx-rhel7.6.0')
Oct 04 14:43:59 np0005470886.novalocal libvirtd[95530]: Domain id=4 name='instance-00000004' uuid=02c51e93-65ad-44e0-b57d-e20abd396683 is tainted: deprecated-config (CPU model 'qemu64')
Oct 04 14:43:59 np0005470886.novalocal NetworkManager[860]: [1759603439.6196] device (tap6d797ec7-41): state change: unmanaged -> unavailable (reason 'connection-assumed', managed-type: 'external')
Oct 04 14:43:59 np0005470886.novalocal NetworkManager[860]: [1759603439.6205] device (tap6d797ec7-41): state change: unavailable -> disconnected (reason 'connection-assumed', managed-type: 'external')
Oct 04 14:43:59 np0005470886.novalocal NetworkManager[860]: [1759603439.6211] device (tap6d797ec7-41): Activation: starting connection 'tap6d797ec7-41' (1f052c09-34a3-4501-8b55-4c1782330aad)
Oct 04 14:43:59 np0005470886.novalocal NetworkManager[860]: [1759603439.6212] device (tap6d797ec7-41): state change: disconnected -> prepare (reason 'none', managed-type: 'external')
Oct 04 14:43:59 np0005470886.novalocal NetworkManager[860]: [1759603439.6219] device (tap6d797ec7-41): state change: prepare -> config (reason 'none', managed-type: 'external')
Oct 04 14:43:59 np0005470886.novalocal NetworkManager[860]: [1759603439.6221] device (tap6d797ec7-41): state change: config -> ip-config (reason 'none', managed-type: 'external')
Oct 04 14:43:59 np0005470886.novalocal NetworkManager[860]: [1759603439.6222] device (qbr6d797ec7-41): bridge port tap6d797ec7-41 was attached
Oct 04 14:43:59 np0005470886.novalocal NetworkManager[860]: [1759603439.6223] device (tap6d797ec7-41): Activation: connection 'tap6d797ec7-41' attached as port, continuing activation
Oct 04 14:43:59 np0005470886.novalocal NetworkManager[860]: [1759603439.6225] device (tap6d797ec7-41): state change: ip-config -> ip-check (reason 'none', managed-type: 'external')
Oct 04 14:43:59 np0005470886.novalocal NetworkManager[860]: [1759603439.6302] device (tap6d797ec7-41): state change: ip-check -> secondaries (reason 'none', managed-type: 'external')
Oct 04 14:43:59 np0005470886.novalocal NetworkManager[860]: [1759603439.6306] device (tap6d797ec7-41): state change: secondaries -> activated (reason 'none', managed-type: 'external')
Oct 04 14:43:59 np0005470886.novalocal NetworkManager[860]: [1759603439.6319] device (tap6d797ec7-41): Activation: successful, device activated.
Oct 04 14:43:59 np0005470886.novalocal systemd-machined[90851]: New machine qemu-4-instance-00000004.
Oct 04 14:43:59 np0005470886.novalocal systemd[1]: Started Virtual Machine qemu-4-instance-00000004.
Oct 04 14:43:59 np0005470886.novalocal systemd[1]: iscsi.service: Unit cannot be reloaded because it is inactive.
Oct 04 14:44:00 np0005470886.novalocal systemd[1]: Starting system activity accounting tool...
Oct 04 14:44:00 np0005470886.novalocal sshd-session[101565]: Invalid user admin from 60.177.152.230 port 51858
Oct 04 14:44:00 np0005470886.novalocal systemd[1]: sysstat-collect.service: Deactivated successfully.
Oct 04 14:44:00 np0005470886.novalocal systemd[1]: Finished system activity accounting tool.
Oct 04 14:44:01 np0005470886.novalocal sshd-session[101565]: Received disconnect from 60.177.152.230 port 51858:11: disconnected by user [preauth]
Oct 04 14:44:01 np0005470886.novalocal sshd-session[101565]: Disconnected from invalid user admin 60.177.152.230 port 51858 [preauth]
Oct 04 14:44:01 np0005470886.novalocal account-server[92863]: ::1 - - [04/Oct/2025:18:44:01 +0000] "HEAD /2/167054/AUTH_2a636ad9760344e79dff02823315c4fd" 204 - "HEAD http://[::1]:8080/v1/AUTH_2a636ad9760344e79dff02823315c4fd?format=json" "tx7feec86ad19f419584f94-0068e16af1" "proxy-server 89511" 0.0020 "-" 92863 -
Oct 04 14:44:01 np0005470886.novalocal account-server[92860]: ::1 - - [04/Oct/2025:18:44:01 +0000] "HEAD /3/167054/AUTH_2a636ad9760344e79dff02823315c4fd" 204 - "HEAD http://[::1]:8080/v1/AUTH_2a636ad9760344e79dff02823315c4fd?format=json" "tx5737485ea2c74609a10f1-0068e16af1" "proxy-server 89511" 0.0060 "-" 92860 -
Oct 04 14:44:01 np0005470886.novalocal container-server[93155]: ::1 - - [04/Oct/2025:18:44:01 +0000] "HEAD /1/164862/AUTH_2a636ad9760344e79dff02823315c4fd/gnocchi.3c640d73-d331-4a21-a3cd-79f34009f8f7" 404 - "HEAD http://[::1]:8080/v1/AUTH_2a636ad9760344e79dff02823315c4fd/gnocchi.3c640d73-d331-4a21-a3cd-79f34009f8f7?format=json&states=listing" "tx7feec86ad19f419584f94-0068e16af1" "proxy-server 89511" 0.0005 "-" 93155 0
Oct 04 14:44:01 np0005470886.novalocal container-server[93154]: ::1 - - [04/Oct/2025:18:44:01 +0000] "HEAD /2/244830/AUTH_2a636ad9760344e79dff02823315c4fd/gnocchi.6ad20174-8f24-4411-8841-0d41d2f221fa" 404 - "HEAD http://[::1]:8080/v1/AUTH_2a636ad9760344e79dff02823315c4fd/gnocchi.6ad20174-8f24-4411-8841-0d41d2f221fa?format=json&states=listing" "tx5737485ea2c74609a10f1-0068e16af1" "proxy-server 89511" 0.0004 "-" 93154 0
Oct 04 14:44:01 np0005470886.novalocal container-server[93154]: ::1 - - [04/Oct/2025:18:44:01 +0000] "HEAD /3/164862/AUTH_2a636ad9760344e79dff02823315c4fd/gnocchi.3c640d73-d331-4a21-a3cd-79f34009f8f7" 404 - "HEAD http://[::1]:8080/v1/AUTH_2a636ad9760344e79dff02823315c4fd/gnocchi.3c640d73-d331-4a21-a3cd-79f34009f8f7?format=json&states=listing" "tx7feec86ad19f419584f94-0068e16af1" "proxy-server 89511" 0.0002 "-" 93154 0
Oct 04 14:44:01 np0005470886.novalocal container-server[93153]: ::1 - - [04/Oct/2025:18:44:01 +0000] "HEAD /3/244830/AUTH_2a636ad9760344e79dff02823315c4fd/gnocchi.6ad20174-8f24-4411-8841-0d41d2f221fa" 404 - "HEAD http://[::1]:8080/v1/AUTH_2a636ad9760344e79dff02823315c4fd/gnocchi.6ad20174-8f24-4411-8841-0d41d2f221fa?format=json&states=listing" "tx5737485ea2c74609a10f1-0068e16af1" "proxy-server 89511" 0.0003 "-" 93153 0
Oct 04 14:44:01 np0005470886.novalocal container-server[93154]: ::1 - - [04/Oct/2025:18:44:01 +0000] "HEAD /2/164862/AUTH_2a636ad9760344e79dff02823315c4fd/gnocchi.3c640d73-d331-4a21-a3cd-79f34009f8f7" 404 - "HEAD http://[::1]:8080/v1/AUTH_2a636ad9760344e79dff02823315c4fd/gnocchi.3c640d73-d331-4a21-a3cd-79f34009f8f7?format=json&states=listing" "tx7feec86ad19f419584f94-0068e16af1" "proxy-server 89511" 0.0003 "-" 93154 0
Oct 04 14:44:01 np0005470886.novalocal container-server[93153]: ::1 - - [04/Oct/2025:18:44:01 +0000] "HEAD /1/244830/AUTH_2a636ad9760344e79dff02823315c4fd/gnocchi.6ad20174-8f24-4411-8841-0d41d2f221fa" 404 - "HEAD http://[::1]:8080/v1/AUTH_2a636ad9760344e79dff02823315c4fd/gnocchi.6ad20174-8f24-4411-8841-0d41d2f221fa?format=json&states=listing" "tx5737485ea2c74609a10f1-0068e16af1" "proxy-server 89511" 0.0002 "-" 93153 0
Oct 04 14:44:01 np0005470886.novalocal object-server[93452]: ::1 - - [04/Oct/2025:18:44:01 +0000] "GET /3/211438/AUTH_2a636ad9760344e79dff02823315c4fd/gnocchi.3c640d73-d331-4a21-a3cd-79f34009f8f7/none_v3" 404 70 "GET http://[::1]:8080/v1/AUTH_2a636ad9760344e79dff02823315c4fd/gnocchi.3c640d73-d331-4a21-a3cd-79f34009f8f7/none_v3" "tx7feec86ad19f419584f94-0068e16af1" "proxy-server 89511" 0.0003 "-" 93452 0
Oct 04 14:44:01 np0005470886.novalocal object-server[93450]: ::1 - - [04/Oct/2025:18:44:01 +0000] "GET /3/230050/AUTH_2a636ad9760344e79dff02823315c4fd/gnocchi.6ad20174-8f24-4411-8841-0d41d2f221fa/none_v3" 404 70 "GET http://[::1]:8080/v1/AUTH_2a636ad9760344e79dff02823315c4fd/gnocchi.6ad20174-8f24-4411-8841-0d41d2f221fa/none_v3" "tx5737485ea2c74609a10f1-0068e16af1" "proxy-server 89511" 0.0004 "-" 93450 0
Oct 04 14:44:01 np0005470886.novalocal object-server[93451]: ::1 - - [04/Oct/2025:18:44:01 +0000] "GET /2/211438/AUTH_2a636ad9760344e79dff02823315c4fd/gnocchi.3c640d73-d331-4a21-a3cd-79f34009f8f7/none_v3" 404 70 "GET http://[::1]:8080/v1/AUTH_2a636ad9760344e79dff02823315c4fd/gnocchi.3c640d73-d331-4a21-a3cd-79f34009f8f7/none_v3" "tx7feec86ad19f419584f94-0068e16af1" "proxy-server 89511" 0.0003 "-" 93451 0
Oct 04 14:44:01 np0005470886.novalocal object-server[93449]: ::1 - - [04/Oct/2025:18:44:01 +0000] "GET /1/230050/AUTH_2a636ad9760344e79dff02823315c4fd/gnocchi.6ad20174-8f24-4411-8841-0d41d2f221fa/none_v3" 404 70 "GET http://[::1]:8080/v1/AUTH_2a636ad9760344e79dff02823315c4fd/gnocchi.6ad20174-8f24-4411-8841-0d41d2f221fa/none_v3" "tx5737485ea2c74609a10f1-0068e16af1" "proxy-server 89511" 0.0003 "-" 93449 0
Oct 04 14:44:01 np0005470886.novalocal object-server[93452]: ::1 - - [04/Oct/2025:18:44:01 +0000] "GET /2/230050/AUTH_2a636ad9760344e79dff02823315c4fd/gnocchi.6ad20174-8f24-4411-8841-0d41d2f221fa/none_v3" 404 70 "GET http://[::1]:8080/v1/AUTH_2a636ad9760344e79dff02823315c4fd/gnocchi.6ad20174-8f24-4411-8841-0d41d2f221fa/none_v3" "tx5737485ea2c74609a10f1-0068e16af1" "proxy-server 89511" 0.0001 "-" 93452 0
Oct 04 14:44:01 np0005470886.novalocal object-server[93450]: ::1 - - [04/Oct/2025:18:44:01 +0000] "GET /1/211438/AUTH_2a636ad9760344e79dff02823315c4fd/gnocchi.3c640d73-d331-4a21-a3cd-79f34009f8f7/none_v3" 404 70 "GET http://[::1]:8080/v1/AUTH_2a636ad9760344e79dff02823315c4fd/gnocchi.3c640d73-d331-4a21-a3cd-79f34009f8f7/none_v3" "tx7feec86ad19f419584f94-0068e16af1" "proxy-server 89511" 0.0004 "-" 93450 0
Oct 04 14:44:01 np0005470886.novalocal proxy-server[89511]: ::1 ::1 04/Oct/2025/18/44/01 GET /v1/AUTH_2a636ad9760344e79dff02823315c4fd/gnocchi.6ad20174-8f24-4411-8841-0d41d2f221fa/none_v3 HTTP/1.0 404 - python-swiftclient-4.2.0 gAAAAABo4WqjVCzL... - 70 - tx5737485ea2c74609a10f1-0068e16af1 - 0.0533 - - 1759603441.634942532 1759603441.688256502 0
Oct 04 14:44:01 np0005470886.novalocal proxy-server[89511]: ::1 ::1 04/Oct/2025/18/44/01 GET /v1/AUTH_2a636ad9760344e79dff02823315c4fd/gnocchi.3c640d73-d331-4a21-a3cd-79f34009f8f7/none_v3 HTTP/1.0 404 - python-swiftclient-4.2.0 gAAAAABo4WqryIa7... - 70 - tx7feec86ad19f419584f94-0068e16af1 - 0.0589 - - 1759603441.630980492 1759603441.689832687 0
Oct 04 14:44:01 np0005470886.novalocal account-server[92861]: ::1 - - [04/Oct/2025:18:44:01 +0000] "PUT /3/167054/AUTH_2a636ad9760344e79dff02823315c4fd/gnocchi.6ad20174-8f24-4411-8841-0d41d2f221fa" 201 - "PUT http://[::1]:6001/2/244830/AUTH_2a636ad9760344e79dff02823315c4fd/gnocchi.6ad20174-8f24-4411-8841-0d41d2f221fa" "tx080f21a7ea58492398a4e-0068e16af1" "container-server 93153" 0.0016 "-" 92861 0
Oct 04 14:44:01 np0005470886.novalocal account-server[92863]: ::1 - - [04/Oct/2025:18:44:01 +0000] "PUT /2/167054/AUTH_2a636ad9760344e79dff02823315c4fd/gnocchi.6ad20174-8f24-4411-8841-0d41d2f221fa" 201 - "PUT http://[::1]:6001/1/244830/AUTH_2a636ad9760344e79dff02823315c4fd/gnocchi.6ad20174-8f24-4411-8841-0d41d2f221fa" "tx080f21a7ea58492398a4e-0068e16af1" "container-server 93152" 0.0021 "-" 92863 0
Oct 04 14:44:01 np0005470886.novalocal container-server[93153]: ::1 - - [04/Oct/2025:18:44:01 +0000] "PUT /2/244830/AUTH_2a636ad9760344e79dff02823315c4fd/gnocchi.6ad20174-8f24-4411-8841-0d41d2f221fa" 201 - "PUT http://[::1]:8080/v1/AUTH_2a636ad9760344e79dff02823315c4fd/gnocchi.6ad20174-8f24-4411-8841-0d41d2f221fa" "tx080f21a7ea58492398a4e-0068e16af1" "proxy-server 89511" 0.0193 "-" 93153 0
Oct 04 14:44:01 np0005470886.novalocal account-server[92861]: ::1 - - [04/Oct/2025:18:44:01 +0000] "PUT /1/167054/AUTH_2a636ad9760344e79dff02823315c4fd/gnocchi.6ad20174-8f24-4411-8841-0d41d2f221fa" 201 - "PUT http://[::1]:6001/3/244830/AUTH_2a636ad9760344e79dff02823315c4fd/gnocchi.6ad20174-8f24-4411-8841-0d41d2f221fa" "tx080f21a7ea58492398a4e-0068e16af1" "container-server 93155" 0.0016 "-" 92861 0
Oct 04 14:44:01 np0005470886.novalocal container-server[93155]: ::1 - - [04/Oct/2025:18:44:01 +0000] "PUT /3/244830/AUTH_2a636ad9760344e79dff02823315c4fd/gnocchi.6ad20174-8f24-4411-8841-0d41d2f221fa" 201 - "PUT http://[::1]:8080/v1/AUTH_2a636ad9760344e79dff02823315c4fd/gnocchi.6ad20174-8f24-4411-8841-0d41d2f221fa" "tx080f21a7ea58492398a4e-0068e16af1" "proxy-server 89511" 0.0211 "-" 93155 0
Oct 04 14:44:01 np0005470886.novalocal container-server[93152]: ::1 - - [04/Oct/2025:18:44:01 +0000] "PUT /1/244830/AUTH_2a636ad9760344e79dff02823315c4fd/gnocchi.6ad20174-8f24-4411-8841-0d41d2f221fa" 201 - "PUT http://[::1]:8080/v1/AUTH_2a636ad9760344e79dff02823315c4fd/gnocchi.6ad20174-8f24-4411-8841-0d41d2f221fa" "tx080f21a7ea58492398a4e-0068e16af1" "proxy-server 89511" 0.0275 "-" 93152 0
Oct 04 14:44:01 np0005470886.novalocal proxy-server[89511]: ::1 ::1 04/Oct/2025/18/44/01 PUT /v1/AUTH_2a636ad9760344e79dff02823315c4fd/gnocchi.6ad20174-8f24-4411-8841-0d41d2f221fa HTTP/1.0 201 - python-swiftclient-4.2.0 gAAAAABo4WqjVCzL... - - - tx080f21a7ea58492398a4e-0068e16af1 - 0.0365 - - 1759603441.691447496 1759603441.727966547 0
Oct 04 14:44:01 np0005470886.novalocal account-server[92862]: ::1 - - [04/Oct/2025:18:44:01 +0000] "PUT /2/167054/AUTH_2a636ad9760344e79dff02823315c4fd/gnocchi.3c640d73-d331-4a21-a3cd-79f34009f8f7" 201 - "PUT http://[::1]:6001/3/164862/AUTH_2a636ad9760344e79dff02823315c4fd/gnocchi.3c640d73-d331-4a21-a3cd-79f34009f8f7" "tx82ad7756a2e74918ad141-0068e16af1" "container-server 93154" 0.0080 "-" 92862 0
Oct 04 14:44:01 np0005470886.novalocal account-server[92863]: ::1 - - [04/Oct/2025:18:44:01 +0000] "PUT /3/167054/AUTH_2a636ad9760344e79dff02823315c4fd/gnocchi.3c640d73-d331-4a21-a3cd-79f34009f8f7" 201 - "PUT http://[::1]:6001/2/164862/AUTH_2a636ad9760344e79dff02823315c4fd/gnocchi.3c640d73-d331-4a21-a3cd-79f34009f8f7" "tx82ad7756a2e74918ad141-0068e16af1" "container-server 93152" 0.0090 "-" 92863 0
Oct 04 14:44:01 np0005470886.novalocal container-server[93152]: ::1 - - [04/Oct/2025:18:44:01 +0000] "HEAD /3/244830/AUTH_2a636ad9760344e79dff02823315c4fd/gnocchi.6ad20174-8f24-4411-8841-0d41d2f221fa" 204 - "HEAD http://[::1]:8080/v1/AUTH_2a636ad9760344e79dff02823315c4fd/gnocchi.6ad20174-8f24-4411-8841-0d41d2f221fa?format=json&states=listing" "tx0ef71e1e49d84023be3f1-0068e16af1" "proxy-server 89511" 0.0014 "-" 93152 0
Oct 04 14:44:01 np0005470886.novalocal container-server[93152]: ::1 - - [04/Oct/2025:18:44:01 +0000] "PUT /2/164862/AUTH_2a636ad9760344e79dff02823315c4fd/gnocchi.3c640d73-d331-4a21-a3cd-79f34009f8f7" 201 - "PUT http://[::1]:8080/v1/AUTH_2a636ad9760344e79dff02823315c4fd/gnocchi.3c640d73-d331-4a21-a3cd-79f34009f8f7" "tx82ad7756a2e74918ad141-0068e16af1" "proxy-server 89511" 0.0241 "-" 93152 0
Oct 04 14:44:01 np0005470886.novalocal container-server[93154]: ::1 - - [04/Oct/2025:18:44:01 +0000] "PUT /3/164862/AUTH_2a636ad9760344e79dff02823315c4fd/gnocchi.3c640d73-d331-4a21-a3cd-79f34009f8f7" 201 - "PUT http://[::1]:8080/v1/AUTH_2a636ad9760344e79dff02823315c4fd/gnocchi.3c640d73-d331-4a21-a3cd-79f34009f8f7" "tx82ad7756a2e74918ad141-0068e16af1" "proxy-server 89511" 0.0308 "-" 93154 0
Oct 04 14:44:01 np0005470886.novalocal container-server[93155]: ::1 - - [04/Oct/2025:18:44:01 +0000] "GET /3/244830/AUTH_2a636ad9760344e79dff02823315c4fd/gnocchi.6ad20174-8f24-4411-8841-0d41d2f221fa" 200 2 "GET http://[::1]:8080/v1/AUTH_2a636ad9760344e79dff02823315c4fd/gnocchi.6ad20174-8f24-4411-8841-0d41d2f221fa?format=json&states=listing" "tx0ef71e1e49d84023be3f1-0068e16af1" "proxy-server 89511" 0.0023 "-" 93155 0
Oct 04 14:44:01 np0005470886.novalocal proxy-server[89511]: ::1 ::1 04/Oct/2025/18/44/01 GET /v1/AUTH_2a636ad9760344e79dff02823315c4fd/gnocchi.6ad20174-8f24-4411-8841-0d41d2f221fa%3Fformat%3Djson%26states%3Dlisting HTTP/1.0 200 - python-swiftclient-4.2.0 gAAAAABo4WqjVCzL... - 2 - tx0ef71e1e49d84023be3f1-0068e16af1 - 0.0160 - - 1759603441.732072592 1759603441.748043537 0
Oct 04 14:44:01 np0005470886.novalocal account-server[92862]: ::1 - - [04/Oct/2025:18:44:01 +0000] "PUT /1/167054/AUTH_2a636ad9760344e79dff02823315c4fd/gnocchi.3c640d73-d331-4a21-a3cd-79f34009f8f7" 201 - "PUT http://[::1]:6001/1/164862/AUTH_2a636ad9760344e79dff02823315c4fd/gnocchi.3c640d73-d331-4a21-a3cd-79f34009f8f7" "tx82ad7756a2e74918ad141-0068e16af1" "container-server 93154" 0.0091 "-" 92862 0
Oct 04 14:44:01 np0005470886.novalocal container-server[93154]: ::1 - - [04/Oct/2025:18:44:01 +0000] "PUT /1/164862/AUTH_2a636ad9760344e79dff02823315c4fd/gnocchi.3c640d73-d331-4a21-a3cd-79f34009f8f7" 201 - "PUT http://[::1]:8080/v1/AUTH_2a636ad9760344e79dff02823315c4fd/gnocchi.3c640d73-d331-4a21-a3cd-79f34009f8f7" "tx82ad7756a2e74918ad141-0068e16af1" "proxy-server 89511" 0.0298 "-" 93154 0
Oct 04 14:44:01 np0005470886.novalocal proxy-server[89511]: ::1 ::1 04/Oct/2025/18/44/01 PUT /v1/AUTH_2a636ad9760344e79dff02823315c4fd/gnocchi.3c640d73-d331-4a21-a3cd-79f34009f8f7 HTTP/1.0 201 - python-swiftclient-4.2.0 gAAAAABo4WqryIa7... - - - tx82ad7756a2e74918ad141-0068e16af1 - 0.0546 - - 1759603441.697554350 1759603441.752187252 0
Oct 04 14:44:01 np0005470886.novalocal object-server[93452]: ::1 - - [04/Oct/2025:18:44:01 +0000] "GET /3/220950/AUTH_2a636ad9760344e79dff02823315c4fd/gnocchi.6ad20174-8f24-4411-8841-0d41d2f221fa/1759320000.0_mean_300.0_v3" 404 70 "GET http://[::1]:8080/v1/AUTH_2a636ad9760344e79dff02823315c4fd/gnocchi.6ad20174-8f24-4411-8841-0d41d2f221fa/1759320000.0_mean_300.0_v3" "tx44006661a9d642d4b64bc-0068e16af1" "proxy-server 89511" 0.0004 "-" 93452 0
Oct 04 14:44:01 np0005470886.novalocal object-server[93451]: ::1 - - [04/Oct/2025:18:44:01 +0000] "GET /1/220950/AUTH_2a636ad9760344e79dff02823315c4fd/gnocchi.6ad20174-8f24-4411-8841-0d41d2f221fa/1759320000.0_mean_300.0_v3" 404 70 "GET http://[::1]:8080/v1/AUTH_2a636ad9760344e79dff02823315c4fd/gnocchi.6ad20174-8f24-4411-8841-0d41d2f221fa/1759320000.0_mean_300.0_v3" "tx44006661a9d642d4b64bc-0068e16af1" "proxy-server 89511" 0.0006 "-" 93451 0
Oct 04 14:44:01 np0005470886.novalocal container-server[93154]: ::1 - - [04/Oct/2025:18:44:01 +0000] "HEAD /3/164862/AUTH_2a636ad9760344e79dff02823315c4fd/gnocchi.3c640d73-d331-4a21-a3cd-79f34009f8f7" 204 - "HEAD http://[::1]:8080/v1/AUTH_2a636ad9760344e79dff02823315c4fd/gnocchi.3c640d73-d331-4a21-a3cd-79f34009f8f7?format=json&states=listing" "tx2ade60eeea1c4ce2b518b-0068e16af1" "proxy-server 89511" 0.0016 "-" 93154 0
Oct 04 14:44:01 np0005470886.novalocal object-server[93451]: ::1 - - [04/Oct/2025:18:44:01 +0000] "GET /2/220950/AUTH_2a636ad9760344e79dff02823315c4fd/gnocchi.6ad20174-8f24-4411-8841-0d41d2f221fa/1759320000.0_mean_300.0_v3" 404 70 "GET http://[::1]:8080/v1/AUTH_2a636ad9760344e79dff02823315c4fd/gnocchi.6ad20174-8f24-4411-8841-0d41d2f221fa/1759320000.0_mean_300.0_v3" "tx44006661a9d642d4b64bc-0068e16af1" "proxy-server 89511" 0.0003 "-" 93451 0
Oct 04 14:44:01 np0005470886.novalocal container-server[93152]: ::1 - - [04/Oct/2025:18:44:01 +0000] "GET /1/164862/AUTH_2a636ad9760344e79dff02823315c4fd/gnocchi.3c640d73-d331-4a21-a3cd-79f34009f8f7" 200 2 "GET http://[::1]:8080/v1/AUTH_2a636ad9760344e79dff02823315c4fd/gnocchi.3c640d73-d331-4a21-a3cd-79f34009f8f7?format=json&states=listing" "tx2ade60eeea1c4ce2b518b-0068e16af1" "proxy-server 89511" 0.0024 "-" 93152 0
Oct 04 14:44:01 np0005470886.novalocal proxy-server[89511]: ::1 ::1 04/Oct/2025/18/44/01 GET /v1/AUTH_2a636ad9760344e79dff02823315c4fd/gnocchi.6ad20174-8f24-4411-8841-0d41d2f221fa/1759320000.0_mean_300.0_v3 HTTP/1.0 404 - python-swiftclient-4.2.0 gAAAAABo4WqjVCzL... - 70 - tx44006661a9d642d4b64bc-0068e16af1 - 0.0209 - - 1759603441.753177166 1759603441.774116278 0
Oct 04 14:44:01 np0005470886.novalocal proxy-server[89511]: ::1 ::1 04/Oct/2025/18/44/01 GET /v1/AUTH_2a636ad9760344e79dff02823315c4fd/gnocchi.3c640d73-d331-4a21-a3cd-79f34009f8f7%3Fformat%3Djson%26states%3Dlisting HTTP/1.0 200 - python-swiftclient-4.2.0 gAAAAABo4WqryIa7... - 2 - tx2ade60eeea1c4ce2b518b-0068e16af1 - 0.0169 - - 1759603441.759237289 1759603441.776104450 0
Oct 04 14:44:01 np0005470886.novalocal object-server[93452]: ::1 - - [04/Oct/2025:18:44:01 +0000] "GET /2/258912/AUTH_2a636ad9760344e79dff02823315c4fd/gnocchi.3c640d73-d331-4a21-a3cd-79f34009f8f7/1759320000.0_mean_300.0_v3" 404 70 "GET http://[::1]:8080/v1/AUTH_2a636ad9760344e79dff02823315c4fd/gnocchi.3c640d73-d331-4a21-a3cd-79f34009f8f7/1759320000.0_mean_300.0_v3" "tx7048ccd952474eebb0033-0068e16af1" "proxy-server 89511" 0.0003 "-" 93452 0
Oct 04 14:44:01 np0005470886.novalocal container-server[93152]: ::1 - - [04/Oct/2025:18:44:01 +0000] "PUT /1/244830/AUTH_2a636ad9760344e79dff02823315c4fd/gnocchi.6ad20174-8f24-4411-8841-0d41d2f221fa/1759320000.0_mean_300.0_v3" 201 - "PUT http://[::1]:8080/2/220950/AUTH_2a636ad9760344e79dff02823315c4fd/gnocchi.6ad20174-8f24-4411-8841-0d41d2f221fa/1759320000.0_mean_300.0_v3" "tx2b218deb54f640719d49a-0068e16af1" "object-server 93450" 0.0005 "-" 93152 0
Oct 04 14:44:01 np0005470886.novalocal container-server[93152]: ::1 - - [04/Oct/2025:18:44:01 +0000] "PUT /3/244830/AUTH_2a636ad9760344e79dff02823315c4fd/gnocchi.6ad20174-8f24-4411-8841-0d41d2f221fa/1759320000.0_mean_300.0_v3" 201 - "PUT http://[::1]:8080/3/220950/AUTH_2a636ad9760344e79dff02823315c4fd/gnocchi.6ad20174-8f24-4411-8841-0d41d2f221fa/1759320000.0_mean_300.0_v3" "tx2b218deb54f640719d49a-0068e16af1" "object-server 93451" 0.0004 "-" 93152 0
Oct 04 14:44:01 np0005470886.novalocal object-server[93450]: ::1 - - [04/Oct/2025:18:44:01 +0000] "PUT /2/220950/AUTH_2a636ad9760344e79dff02823315c4fd/gnocchi.6ad20174-8f24-4411-8841-0d41d2f221fa/1759320000.0_mean_300.0_v3" 201 - "PUT http://[::1]:8080/v1/AUTH_2a636ad9760344e79dff02823315c4fd/gnocchi.6ad20174-8f24-4411-8841-0d41d2f221fa/1759320000.0_mean_300.0_v3" "tx2b218deb54f640719d49a-0068e16af1" "proxy-server 89511" 0.0109 "-" 93450 0
Oct 04 14:44:01 np0005470886.novalocal object-server[93451]: ::1 - - [04/Oct/2025:18:44:01 +0000] "PUT /3/220950/AUTH_2a636ad9760344e79dff02823315c4fd/gnocchi.6ad20174-8f24-4411-8841-0d41d2f221fa/1759320000.0_mean_300.0_v3" 201 - "PUT http://[::1]:8080/v1/AUTH_2a636ad9760344e79dff02823315c4fd/gnocchi.6ad20174-8f24-4411-8841-0d41d2f221fa/1759320000.0_mean_300.0_v3" "tx2b218deb54f640719d49a-0068e16af1" "proxy-server 89511" 0.0124 "-" 93451 0
Oct 04 14:44:01 np0005470886.novalocal container-server[93152]: ::1 - - [04/Oct/2025:18:44:01 +0000] "PUT /2/244830/AUTH_2a636ad9760344e79dff02823315c4fd/gnocchi.6ad20174-8f24-4411-8841-0d41d2f221fa/1759320000.0_mean_300.0_v3" 201 - "PUT http://[::1]:8080/1/220950/AUTH_2a636ad9760344e79dff02823315c4fd/gnocchi.6ad20174-8f24-4411-8841-0d41d2f221fa/1759320000.0_mean_300.0_v3" "tx2b218deb54f640719d49a-0068e16af1" "object-server 93449" 0.0005 "-" 93152 0
Oct 04 14:44:01 np0005470886.novalocal object-server[93449]: ::1 - - [04/Oct/2025:18:44:01 +0000] "PUT /1/220950/AUTH_2a636ad9760344e79dff02823315c4fd/gnocchi.6ad20174-8f24-4411-8841-0d41d2f221fa/1759320000.0_mean_300.0_v3" 201 - "PUT http://[::1]:8080/v1/AUTH_2a636ad9760344e79dff02823315c4fd/gnocchi.6ad20174-8f24-4411-8841-0d41d2f221fa/1759320000.0_mean_300.0_v3" "tx2b218deb54f640719d49a-0068e16af1" "proxy-server 89511" 0.0138 "-" 93449 0
Oct 04 14:44:01 np0005470886.novalocal proxy-server[89511]: ::1 ::1 04/Oct/2025/18/44/01 PUT /v1/AUTH_2a636ad9760344e79dff02823315c4fd/gnocchi.6ad20174-8f24-4411-8841-0d41d2f221fa/1759320000.0_mean_300.0_v3 HTTP/1.0 201 - python-swiftclient-4.2.0 gAAAAABo4WqjVCzL... 16 - - tx2b218deb54f640719d49a-0068e16af1 - 0.0218 - - 1759603441.777604342 1759603441.799420595 0
Oct 04 14:44:01 np0005470886.novalocal object-server[93451]: ::1 - - [04/Oct/2025:18:44:01 +0000] "GET /3/258912/AUTH_2a636ad9760344e79dff02823315c4fd/gnocchi.3c640d73-d331-4a21-a3cd-79f34009f8f7/1759320000.0_mean_300.0_v3" 404 70 "GET http://[::1]:8080/v1/AUTH_2a636ad9760344e79dff02823315c4fd/gnocchi.3c640d73-d331-4a21-a3cd-79f34009f8f7/1759320000.0_mean_300.0_v3" "tx7048ccd952474eebb0033-0068e16af1" "proxy-server 89511" 0.0005 "-" 93451 0
Oct 04 14:44:01 np0005470886.novalocal object-server[93452]: ::1 - - [04/Oct/2025:18:44:01 +0000] "GET /1/258912/AUTH_2a636ad9760344e79dff02823315c4fd/gnocchi.3c640d73-d331-4a21-a3cd-79f34009f8f7/1759320000.0_mean_300.0_v3" 404 70 "GET http://[::1]:8080/v1/AUTH_2a636ad9760344e79dff02823315c4fd/gnocchi.3c640d73-d331-4a21-a3cd-79f34009f8f7/1759320000.0_mean_300.0_v3" "tx7048ccd952474eebb0033-0068e16af1" "proxy-server 89511" 0.0003 "-" 93452 0
Oct 04 14:44:01 np0005470886.novalocal proxy-server[89511]: ::1 ::1 04/Oct/2025/18/44/01 GET /v1/AUTH_2a636ad9760344e79dff02823315c4fd/gnocchi.3c640d73-d331-4a21-a3cd-79f34009f8f7/1759320000.0_mean_300.0_v3 HTTP/1.0 404 - python-swiftclient-4.2.0 gAAAAABo4WqryIa7... - 70 - tx7048ccd952474eebb0033-0068e16af1 - 0.0247 - - 1759603441.783687592 1759603441.808341503 0
Oct 04 14:44:01 np0005470886.novalocal container-server[93152]: ::1 - - [04/Oct/2025:18:44:01 +0000] "PUT /1/244830/AUTH_2a636ad9760344e79dff02823315c4fd/gnocchi.6ad20174-8f24-4411-8841-0d41d2f221fa/none_v3" 201 - "PUT http://[::1]:8080/1/230050/AUTH_2a636ad9760344e79dff02823315c4fd/gnocchi.6ad20174-8f24-4411-8841-0d41d2f221fa/none_v3" "tx46a797f5c8be40be8846f-0068e16af1" "object-server 93449" 0.0006 "-" 93152 0
Oct 04 14:44:01 np0005470886.novalocal object-server[93449]: ::1 - - [04/Oct/2025:18:44:01 +0000] "PUT /1/230050/AUTH_2a636ad9760344e79dff02823315c4fd/gnocchi.6ad20174-8f24-4411-8841-0d41d2f221fa/none_v3" 201 - "PUT http://[::1]:8080/v1/AUTH_2a636ad9760344e79dff02823315c4fd/gnocchi.6ad20174-8f24-4411-8841-0d41d2f221fa/none_v3" "tx46a797f5c8be40be8846f-0068e16af1" "proxy-server 89511" 0.0130 "-" 93449 0
Oct 04 14:44:01 np0005470886.novalocal container-server[93152]: ::1 - - [04/Oct/2025:18:44:01 +0000] "PUT /2/244830/AUTH_2a636ad9760344e79dff02823315c4fd/gnocchi.6ad20174-8f24-4411-8841-0d41d2f221fa/none_v3" 201 - "PUT http://[::1]:8080/3/230050/AUTH_2a636ad9760344e79dff02823315c4fd/gnocchi.6ad20174-8f24-4411-8841-0d41d2f221fa/none_v3" "tx46a797f5c8be40be8846f-0068e16af1" "object-server 93451" 0.0006 "-" 93152 0
Oct 04 14:44:01 np0005470886.novalocal object-server[93451]: ::1 - - [04/Oct/2025:18:44:01 +0000] "PUT /3/230050/AUTH_2a636ad9760344e79dff02823315c4fd/gnocchi.6ad20174-8f24-4411-8841-0d41d2f221fa/none_v3" 201 - "PUT http://[::1]:8080/v1/AUTH_2a636ad9760344e79dff02823315c4fd/gnocchi.6ad20174-8f24-4411-8841-0d41d2f221fa/none_v3" "tx46a797f5c8be40be8846f-0068e16af1" "proxy-server 89511" 0.0138 "-" 93451 0
Oct 04 14:44:01 np0005470886.novalocal container-server[93154]: ::1 - - [04/Oct/2025:18:44:01 +0000] "PUT /3/244830/AUTH_2a636ad9760344e79dff02823315c4fd/gnocchi.6ad20174-8f24-4411-8841-0d41d2f221fa/none_v3" 201 - "PUT http://[::1]:8080/2/230050/AUTH_2a636ad9760344e79dff02823315c4fd/gnocchi.6ad20174-8f24-4411-8841-0d41d2f221fa/none_v3" "tx46a797f5c8be40be8846f-0068e16af1" "object-server 93450" 0.0006 "-" 93154 0
Oct 04 14:44:01 np0005470886.novalocal object-server[93450]: ::1 - - [04/Oct/2025:18:44:01 +0000] "PUT /2/230050/AUTH_2a636ad9760344e79dff02823315c4fd/gnocchi.6ad20174-8f24-4411-8841-0d41d2f221fa/none_v3" 201 - "PUT http://[::1]:8080/v1/AUTH_2a636ad9760344e79dff02823315c4fd/gnocchi.6ad20174-8f24-4411-8841-0d41d2f221fa/none_v3" "tx46a797f5c8be40be8846f-0068e16af1" "proxy-server 89511" 0.0167 "-" 93450 0
Oct 04 14:44:01 np0005470886.novalocal proxy-server[89511]: ::1 ::1 04/Oct/2025/18/44/01 PUT /v1/AUTH_2a636ad9760344e79dff02823315c4fd/gnocchi.6ad20174-8f24-4411-8841-0d41d2f221fa/none_v3 HTTP/1.0 201 - python-swiftclient-4.2.0 gAAAAABo4WqjVCzL... 22 - - tx46a797f5c8be40be8846f-0068e16af1 - 0.0229 - - 1759603441.803725481 1759603441.826636076 0
Oct 04 14:44:01 np0005470886.novalocal container-server[93153]: ::1 - - [04/Oct/2025:18:44:01 +0000] "HEAD /1/177015/AUTH_2a636ad9760344e79dff02823315c4fd/gnocchi.ebc3366a-b2a1-4f92-a271-4de6910c870f" 404 - "HEAD http://[::1]:8080/v1/AUTH_2a636ad9760344e79dff02823315c4fd/gnocchi.ebc3366a-b2a1-4f92-a271-4de6910c870f?format=json&states=listing" "txd0ea1d10ab834d519a0c9-0068e16af1" "proxy-server 89511" 0.0004 "-" 93153 0
Oct 04 14:44:01 np0005470886.novalocal container-server[93153]: ::1 - - [04/Oct/2025:18:44:01 +0000] "HEAD /2/177015/AUTH_2a636ad9760344e79dff02823315c4fd/gnocchi.ebc3366a-b2a1-4f92-a271-4de6910c870f" 404 - "HEAD http://[::1]:8080/v1/AUTH_2a636ad9760344e79dff02823315c4fd/gnocchi.ebc3366a-b2a1-4f92-a271-4de6910c870f?format=json&states=listing" "txd0ea1d10ab834d519a0c9-0068e16af1" "proxy-server 89511" 0.0002 "-" 93153 0
Oct 04 14:44:01 np0005470886.novalocal container-server[93152]: ::1 - - [04/Oct/2025:18:44:01 +0000] "HEAD /3/177015/AUTH_2a636ad9760344e79dff02823315c4fd/gnocchi.ebc3366a-b2a1-4f92-a271-4de6910c870f" 404 - "HEAD http://[::1]:8080/v1/AUTH_2a636ad9760344e79dff02823315c4fd/gnocchi.ebc3366a-b2a1-4f92-a271-4de6910c870f?format=json&states=listing" "txd0ea1d10ab834d519a0c9-0068e16af1" "proxy-server 89511" 0.0003 "-" 93152 0
Oct 04 14:44:01 np0005470886.novalocal object-server[93452]: ::1 - - [04/Oct/2025:18:44:01 +0000] "GET /1/72588/AUTH_2a636ad9760344e79dff02823315c4fd/gnocchi.ebc3366a-b2a1-4f92-a271-4de6910c870f/none_v3" 404 70 "GET http://[::1]:8080/v1/AUTH_2a636ad9760344e79dff02823315c4fd/gnocchi.ebc3366a-b2a1-4f92-a271-4de6910c870f/none_v3" "txd0ea1d10ab834d519a0c9-0068e16af1" "proxy-server 89511" 0.0003 "-" 93452 0
Oct 04 14:44:01 np0005470886.novalocal object-server[93451]: ::1 - - [04/Oct/2025:18:44:01 +0000] "GET /2/72588/AUTH_2a636ad9760344e79dff02823315c4fd/gnocchi.ebc3366a-b2a1-4f92-a271-4de6910c870f/none_v3" 404 70 "GET http://[::1]:8080/v1/AUTH_2a636ad9760344e79dff02823315c4fd/gnocchi.ebc3366a-b2a1-4f92-a271-4de6910c870f/none_v3" "txd0ea1d10ab834d519a0c9-0068e16af1" "proxy-server 89511" 0.0003 "-" 93451 0
Oct 04 14:44:01 np0005470886.novalocal object-server[101224]: Begin object audit "forever" mode (ZBF)
Oct 04 14:44:01 np0005470886.novalocal object-server[93450]: ::1 - - [04/Oct/2025:18:44:01 +0000] "GET /3/72588/AUTH_2a636ad9760344e79dff02823315c4fd/gnocchi.ebc3366a-b2a1-4f92-a271-4de6910c870f/none_v3" 404 70 "GET http://[::1]:8080/v1/AUTH_2a636ad9760344e79dff02823315c4fd/gnocchi.ebc3366a-b2a1-4f92-a271-4de6910c870f/none_v3" "txd0ea1d10ab834d519a0c9-0068e16af1" "proxy-server 89511" 0.0004 "-" 93450 0
Oct 04 14:44:01 np0005470886.novalocal proxy-server[89511]: ::1 ::1 04/Oct/2025/18/44/01 GET /v1/AUTH_2a636ad9760344e79dff02823315c4fd/gnocchi.ebc3366a-b2a1-4f92-a271-4de6910c870f/none_v3 HTTP/1.0 404 - python-swiftclient-4.2.0 gAAAAABo4WqjVCzL... - 70 - txd0ea1d10ab834d519a0c9-0068e16af1 - 0.0175 - - 1759603441.836916685 1759603441.854382038 0
Oct 04 14:44:01 np0005470886.novalocal object-server[101224]: Object audit (ZBF). Since Sat Oct 4 18:44:01 2025: Locally: 1 passed, 0 quarantined, 0 errors, files/sec: 359.22, bytes/sec: 0.00, Total time: 0.00, Auditing time: 0.00, Rate: 0.00
Oct 04 14:44:01 np0005470886.novalocal container-server[93153]: ::1 - - [04/Oct/2025:18:44:01 +0000] "PUT /1/164862/AUTH_2a636ad9760344e79dff02823315c4fd/gnocchi.3c640d73-d331-4a21-a3cd-79f34009f8f7/1759320000.0_mean_300.0_v3" 201 - "PUT http://[::1]:8080/3/258912/AUTH_2a636ad9760344e79dff02823315c4fd/gnocchi.3c640d73-d331-4a21-a3cd-79f34009f8f7/1759320000.0_mean_300.0_v3" "txdb3e75632ff64bf4bb619-0068e16af1" "object-server 93452" 0.0007 "-" 93153 0
Oct 04 14:44:01 np0005470886.novalocal object-server[93452]: ::1 - - [04/Oct/2025:18:44:01 +0000] "PUT /3/258912/AUTH_2a636ad9760344e79dff02823315c4fd/gnocchi.3c640d73-d331-4a21-a3cd-79f34009f8f7/1759320000.0_mean_300.0_v3" 201 - "PUT http://[::1]:8080/v1/AUTH_2a636ad9760344e79dff02823315c4fd/gnocchi.3c640d73-d331-4a21-a3cd-79f34009f8f7/1759320000.0_mean_300.0_v3" "txdb3e75632ff64bf4bb619-0068e16af1" "proxy-server 89511" 0.0654 "-" 93452 0
Oct 04 14:44:01 np0005470886.novalocal container-server[93153]: ::1 - - [04/Oct/2025:18:44:01 +0000] "PUT /3/164862/AUTH_2a636ad9760344e79dff02823315c4fd/gnocchi.3c640d73-d331-4a21-a3cd-79f34009f8f7/1759320000.0_mean_300.0_v3" 201 - "PUT http://[::1]:8080/1/258912/AUTH_2a636ad9760344e79dff02823315c4fd/gnocchi.3c640d73-d331-4a21-a3cd-79f34009f8f7/1759320000.0_mean_300.0_v3" "txdb3e75632ff64bf4bb619-0068e16af1" "object-server 93452" 0.0005 "-" 93153 0
Oct 04 14:44:01 np0005470886.novalocal object-server[93452]: ::1 - - [04/Oct/2025:18:44:01 +0000] "PUT /1/258912/AUTH_2a636ad9760344e79dff02823315c4fd/gnocchi.3c640d73-d331-4a21-a3cd-79f34009f8f7/1759320000.0_mean_300.0_v3" 201 - "PUT http://[::1]:8080/v1/AUTH_2a636ad9760344e79dff02823315c4fd/gnocchi.3c640d73-d331-4a21-a3cd-79f34009f8f7/1759320000.0_mean_300.0_v3" "txdb3e75632ff64bf4bb619-0068e16af1" "proxy-server 89511" 0.0728 "-" 93452 0
Oct 04 14:44:01 np0005470886.novalocal account-server[92863]: ::1 - - [04/Oct/2025:18:44:01 +0000] "PUT /2/167054/AUTH_2a636ad9760344e79dff02823315c4fd/gnocchi.ebc3366a-b2a1-4f92-a271-4de6910c870f" 201 - "PUT http://[::1]:6001/1/177015/AUTH_2a636ad9760344e79dff02823315c4fd/gnocchi.ebc3366a-b2a1-4f92-a271-4de6910c870f" "txbd43bd6415ec4d5bb93a5-0068e16af1" "container-server 93155" 0.0064 "-" 92863 0
Oct 04 14:44:01 np0005470886.novalocal container-server[93155]: ::1 - - [04/Oct/2025:18:44:01 +0000] "PUT /1/177015/AUTH_2a636ad9760344e79dff02823315c4fd/gnocchi.ebc3366a-b2a1-4f92-a271-4de6910c870f" 201 - "PUT http://[::1]:8080/v1/AUTH_2a636ad9760344e79dff02823315c4fd/gnocchi.ebc3366a-b2a1-4f92-a271-4de6910c870f" "txbd43bd6415ec4d5bb93a5-0068e16af1" "proxy-server 89511" 0.0493 "-" 93155 0
Oct 04 14:44:01 np0005470886.novalocal container-server[93154]: ::1 - - [04/Oct/2025:18:44:01 +0000] "PUT /2/164862/AUTH_2a636ad9760344e79dff02823315c4fd/gnocchi.3c640d73-d331-4a21-a3cd-79f34009f8f7/1759320000.0_mean_300.0_v3" 201 - "PUT http://[::1]:8080/2/258912/AUTH_2a636ad9760344e79dff02823315c4fd/gnocchi.3c640d73-d331-4a21-a3cd-79f34009f8f7/1759320000.0_mean_300.0_v3" "txdb3e75632ff64bf4bb619-0068e16af1" "object-server 93451" 0.0008 "-" 93154 0
Oct 04 14:44:01 np0005470886.novalocal object-server[93451]: ::1 - - [04/Oct/2025:18:44:01 +0000] "PUT /2/258912/AUTH_2a636ad9760344e79dff02823315c4fd/gnocchi.3c640d73-d331-4a21-a3cd-79f34009f8f7/1759320000.0_mean_300.0_v3" 201 - "PUT http://[::1]:8080/v1/AUTH_2a636ad9760344e79dff02823315c4fd/gnocchi.3c640d73-d331-4a21-a3cd-79f34009f8f7/1759320000.0_mean_300.0_v3" "txdb3e75632ff64bf4bb619-0068e16af1" "proxy-server 89511" 0.0923 "-" 93451 0
Oct 04 14:44:01 np0005470886.novalocal proxy-server[89511]: ::1 ::1 04/Oct/2025/18/44/01 PUT /v1/AUTH_2a636ad9760344e79dff02823315c4fd/gnocchi.3c640d73-d331-4a21-a3cd-79f34009f8f7/1759320000.0_mean_300.0_v3 HTTP/1.0 201 - python-swiftclient-4.2.0 gAAAAABo4WqryIa7... 16 - - txdb3e75632ff64bf4bb619-0068e16af1 - 0.1055 - - 1759603441.813290596 1759603441.918768883 0
Oct 04 14:44:01 np0005470886.novalocal account-server[92862]: ::1 - - [04/Oct/2025:18:44:01 +0000] "PUT /3/167054/AUTH_2a636ad9760344e79dff02823315c4fd/gnocchi.ebc3366a-b2a1-4f92-a271-4de6910c870f" 201 - "PUT http://[::1]:6001/3/177015/AUTH_2a636ad9760344e79dff02823315c4fd/gnocchi.ebc3366a-b2a1-4f92-a271-4de6910c870f" "txbd43bd6415ec4d5bb93a5-0068e16af1" "container-server 93154" 0.0072 "-" 92862 0
Oct 04 14:44:01 np0005470886.novalocal account-server[92861]: ::1 - - [04/Oct/2025:18:44:01 +0000] "PUT /1/167054/AUTH_2a636ad9760344e79dff02823315c4fd/gnocchi.ebc3366a-b2a1-4f92-a271-4de6910c870f" 201 - "PUT http://[::1]:6001/2/177015/AUTH_2a636ad9760344e79dff02823315c4fd/gnocchi.ebc3366a-b2a1-4f92-a271-4de6910c870f" "txbd43bd6415ec4d5bb93a5-0068e16af1" "container-server 93154" 0.0074 "-" 92861 0
Oct 04 14:44:01 np0005470886.novalocal container-server[93154]: ::1 - - [04/Oct/2025:18:44:01 +0000] "PUT /3/177015/AUTH_2a636ad9760344e79dff02823315c4fd/gnocchi.ebc3366a-b2a1-4f92-a271-4de6910c870f" 201 - "PUT http://[::1]:8080/v1/AUTH_2a636ad9760344e79dff02823315c4fd/gnocchi.ebc3366a-b2a1-4f92-a271-4de6910c870f" "txbd43bd6415ec4d5bb93a5-0068e16af1" "proxy-server 89511" 0.0249 "-" 93154 0
Oct 04 14:44:01 np0005470886.novalocal container-server[93154]: ::1 - - [04/Oct/2025:18:44:01 +0000] "PUT /2/177015/AUTH_2a636ad9760344e79dff02823315c4fd/gnocchi.ebc3366a-b2a1-4f92-a271-4de6910c870f" 201 - "PUT http://[::1]:8080/v1/AUTH_2a636ad9760344e79dff02823315c4fd/gnocchi.ebc3366a-b2a1-4f92-a271-4de6910c870f" "txbd43bd6415ec4d5bb93a5-0068e16af1" "proxy-server 89511" 0.0645 "-" 93154 0
Oct 04 14:44:01 np0005470886.novalocal proxy-server[89511]: ::1 ::1 04/Oct/2025/18/44/01 PUT /v1/AUTH_2a636ad9760344e79dff02823315c4fd/gnocchi.ebc3366a-b2a1-4f92-a271-4de6910c870f HTTP/1.0 201 - python-swiftclient-4.2.0 gAAAAABo4WqjVCzL... - - - txbd43bd6415ec4d5bb93a5-0068e16af1 - 0.0737 - - 1759603441.856246948 1759603441.929923058 0
Oct 04 14:44:01 np0005470886.novalocal container-server[93154]: ::1 - - [04/Oct/2025:18:44:01 +0000] "PUT /3/164862/AUTH_2a636ad9760344e79dff02823315c4fd/gnocchi.3c640d73-d331-4a21-a3cd-79f34009f8f7/none_v3" 201 - "PUT http://[::1]:8080/3/211438/AUTH_2a636ad9760344e79dff02823315c4fd/gnocchi.3c640d73-d331-4a21-a3cd-79f34009f8f7/none_v3" "tx84130ee1c4354a63b23b8-0068e16af1" "object-server 93452" 0.0004 "-" 93154 0
Oct 04 14:44:01 np0005470886.novalocal container-server[93153]: ::1 - - [04/Oct/2025:18:44:01 +0000] "PUT /2/164862/AUTH_2a636ad9760344e79dff02823315c4fd/gnocchi.3c640d73-d331-4a21-a3cd-79f34009f8f7/none_v3" 201 - "PUT http://[::1]:8080/1/211438/AUTH_2a636ad9760344e79dff02823315c4fd/gnocchi.3c640d73-d331-4a21-a3cd-79f34009f8f7/none_v3" "tx84130ee1c4354a63b23b8-0068e16af1" "object-server 93449" 0.0005 "-" 93153 0
Oct 04 14:44:01 np0005470886.novalocal object-server[93452]: ::1 - - [04/Oct/2025:18:44:01 +0000] "PUT /3/211438/AUTH_2a636ad9760344e79dff02823315c4fd/gnocchi.3c640d73-d331-4a21-a3cd-79f34009f8f7/none_v3" 201 - "PUT http://[::1]:8080/v1/AUTH_2a636ad9760344e79dff02823315c4fd/gnocchi.3c640d73-d331-4a21-a3cd-79f34009f8f7/none_v3" "tx84130ee1c4354a63b23b8-0068e16af1" "proxy-server 89511" 0.0087 "-" 93452 0
Oct 04 14:44:01 np0005470886.novalocal object-server[93449]: ::1 - - [04/Oct/2025:18:44:01 +0000] "PUT /1/211438/AUTH_2a636ad9760344e79dff02823315c4fd/gnocchi.3c640d73-d331-4a21-a3cd-79f34009f8f7/none_v3" 201 - "PUT http://[::1]:8080/v1/AUTH_2a636ad9760344e79dff02823315c4fd/gnocchi.3c640d73-d331-4a21-a3cd-79f34009f8f7/none_v3" "tx84130ee1c4354a63b23b8-0068e16af1" "proxy-server 89511" 0.0097 "-" 93449 0
Oct 04 14:44:01 np0005470886.novalocal container-server[93155]: ::1 - - [04/Oct/2025:18:44:01 +0000] "PUT /1/164862/AUTH_2a636ad9760344e79dff02823315c4fd/gnocchi.3c640d73-d331-4a21-a3cd-79f34009f8f7/none_v3" 201 - "PUT http://[::1]:8080/2/211438/AUTH_2a636ad9760344e79dff02823315c4fd/gnocchi.3c640d73-d331-4a21-a3cd-79f34009f8f7/none_v3" "tx84130ee1c4354a63b23b8-0068e16af1" "object-server 93450" 0.0009 "-" 93155 0
Oct 04 14:44:01 np0005470886.novalocal object-server[93450]: ::1 - - [04/Oct/2025:18:44:01 +0000] "PUT /2/211438/AUTH_2a636ad9760344e79dff02823315c4fd/gnocchi.3c640d73-d331-4a21-a3cd-79f34009f8f7/none_v3" 201 - "PUT http://[::1]:8080/v1/AUTH_2a636ad9760344e79dff02823315c4fd/gnocchi.3c640d73-d331-4a21-a3cd-79f34009f8f7/none_v3" "tx84130ee1c4354a63b23b8-0068e16af1" "proxy-server 89511" 0.0111 "-" 93450 0
Oct 04 14:44:01 np0005470886.novalocal container-server[93153]: ::1 - - [04/Oct/2025:18:44:01 +0000] "HEAD /3/177015/AUTH_2a636ad9760344e79dff02823315c4fd/gnocchi.ebc3366a-b2a1-4f92-a271-4de6910c870f" 204 - "HEAD http://[::1]:8080/v1/AUTH_2a636ad9760344e79dff02823315c4fd/gnocchi.ebc3366a-b2a1-4f92-a271-4de6910c870f?format=json&states=listing" "tx6776df533689458b94486-0068e16af1" "proxy-server 89511" 0.0010 "-" 93153 0
Oct 04 14:44:01 np0005470886.novalocal proxy-server[89511]: ::1 ::1 04/Oct/2025/18/44/01 PUT /v1/AUTH_2a636ad9760344e79dff02823315c4fd/gnocchi.3c640d73-d331-4a21-a3cd-79f34009f8f7/none_v3 HTTP/1.0 201 - python-swiftclient-4.2.0 gAAAAABo4WqryIa7... 22 - - tx84130ee1c4354a63b23b8-0068e16af1 - 0.0180 - - 1759603441.921544552 1759603441.939559221 0
Oct 04 14:44:01 np0005470886.novalocal container-server[93155]: ::1 - - [04/Oct/2025:18:44:01 +0000] "GET /3/177015/AUTH_2a636ad9760344e79dff02823315c4fd/gnocchi.ebc3366a-b2a1-4f92-a271-4de6910c870f" 200 2 "GET http://[::1]:8080/v1/AUTH_2a636ad9760344e79dff02823315c4fd/gnocchi.ebc3366a-b2a1-4f92-a271-4de6910c870f?format=json&states=listing" "tx6776df533689458b94486-0068e16af1" "proxy-server 89511" 0.0054 "-" 93155 0
Oct 04 14:44:01 np0005470886.novalocal proxy-server[89511]: ::1 ::1 04/Oct/2025/18/44/01 GET /v1/AUTH_2a636ad9760344e79dff02823315c4fd/gnocchi.ebc3366a-b2a1-4f92-a271-4de6910c870f%3Fformat%3Djson%26states%3Dlisting HTTP/1.0 200 - python-swiftclient-4.2.0 gAAAAABo4WqjVCzL... - 2 - tx6776df533689458b94486-0068e16af1 - 0.0209 - - 1759603441.934702158 1759603441.955620050 0
Oct 04 14:44:01 np0005470886.novalocal container-server[93154]: ::1 - - [04/Oct/2025:18:44:01 +0000] "HEAD /2/227635/AUTH_2a636ad9760344e79dff02823315c4fd/gnocchi.f5a5d05a-48b3-4c48-9840-df4b9c6d8ecb" 404 - "HEAD http://[::1]:8080/v1/AUTH_2a636ad9760344e79dff02823315c4fd/gnocchi.f5a5d05a-48b3-4c48-9840-df4b9c6d8ecb?format=json&states=listing" "tx2dcdf5d528af40a8a5cef-0068e16af1" "proxy-server 89511" 0.0005 "-" 93154 0
Oct 04 14:44:01 np0005470886.novalocal object-server[93450]: ::1 - - [04/Oct/2025:18:44:01 +0000] "GET /3/9469/AUTH_2a636ad9760344e79dff02823315c4fd/gnocchi.ebc3366a-b2a1-4f92-a271-4de6910c870f/1759320000.0_mean_300.0_v3" 404 70 "GET http://[::1]:8080/v1/AUTH_2a636ad9760344e79dff02823315c4fd/gnocchi.ebc3366a-b2a1-4f92-a271-4de6910c870f/1759320000.0_mean_300.0_v3" "tx0d5de2f8129147be95bc1-0068e16af1" "proxy-server 89511" 0.0004 "-" 93450 0
