Oct 04 14:43:15 np0005470886.novalocal container-server[93153]: ::1 - - [04/Oct/2025:18:43:15 +0000] "PUT /2/176095/AUTH_2a636ad9760344e79dff02823315c4fd/gnocchi.bc774d80-db3f-4d11-b7d7-0edb651c6666/1759320000.0_mean_300.0_v3" 201 - "PUT http://[::1]:8080/3/16375/AUTH_2a636ad9760344e79dff02823315c4fd/gnocchi.bc774d80-db3f-4d11-b7d7-0edb651c6666/1759320000.0_mean_300.0_v3" "txd0b493646d3f4c3c8bddf-0068e16ac3" "object-server 93451" 0.0010 "-" 93153 0
Oct 04 14:43:15 np0005470886.novalocal object-server[93451]: ::1 - - [04/Oct/2025:18:43:15 +0000] "PUT /3/16375/AUTH_2a636ad9760344e79dff02823315c4fd/gnocchi.bc774d80-db3f-4d11-b7d7-0edb651c6666/1759320000.0_mean_300.0_v3" 201 - "PUT http://[::1]:8080/v1/AUTH_2a636ad9760344e79dff02823315c4fd/gnocchi.bc774d80-db3f-4d11-b7d7-0edb651c6666/1759320000.0_mean_300.0_v3" "txd0b493646d3f4c3c8bddf-0068e16ac3" "proxy-server 89511" 0.0975 "-" 93451 0
Oct 04 14:43:15 np0005470886.novalocal container-server[93155]: ::1 - - [04/Oct/2025:18:43:15 +0000] "PUT /3/176095/AUTH_2a636ad9760344e79dff02823315c4fd/gnocchi.bc774d80-db3f-4d11-b7d7-0edb651c6666/1759320000.0_mean_300.0_v3" 201 - "PUT http://[::1]:8080/2/16375/AUTH_2a636ad9760344e79dff02823315c4fd/gnocchi.bc774d80-db3f-4d11-b7d7-0edb651c6666/1759320000.0_mean_300.0_v3" "txd0b493646d3f4c3c8bddf-0068e16ac3" "object-server 93451" 0.0007 "-" 93155 0
Oct 04 14:43:15 np0005470886.novalocal object-server[93451]: ::1 - - [04/Oct/2025:18:43:15 +0000] "PUT /2/16375/AUTH_2a636ad9760344e79dff02823315c4fd/gnocchi.bc774d80-db3f-4d11-b7d7-0edb651c6666/1759320000.0_mean_300.0_v3" 201 - "PUT http://[::1]:8080/v1/AUTH_2a636ad9760344e79dff02823315c4fd/gnocchi.bc774d80-db3f-4d11-b7d7-0edb651c6666/1759320000.0_mean_300.0_v3" "txd0b493646d3f4c3c8bddf-0068e16ac3" "proxy-server 89511" 0.1085 "-" 93451 0
Oct 04 14:43:15 np0005470886.novalocal account-server[92862]: ::1 - - [04/Oct/2025:18:43:15 +0000] "PUT /2/167054/AUTH_2a636ad9760344e79dff02823315c4fd/gnocchi.daeeef8b-aaea-4218-a400-30aef1c3749f" 201 - "PUT http://[::1]:6001/1/251364/AUTH_2a636ad9760344e79dff02823315c4fd/gnocchi.daeeef8b-aaea-4218-a400-30aef1c3749f" "tx125af6ebd37248378f3d1-0068e16ac3" "container-server 93155" 0.0199 "-" 92862 0
Oct 04 14:43:15 np0005470886.novalocal container-server[93155]: ::1 - - [04/Oct/2025:18:43:15 +0000] "PUT /1/251364/AUTH_2a636ad9760344e79dff02823315c4fd/gnocchi.daeeef8b-aaea-4218-a400-30aef1c3749f" 201 - "PUT http://[::1]:8080/v1/AUTH_2a636ad9760344e79dff02823315c4fd/gnocchi.daeeef8b-aaea-4218-a400-30aef1c3749f" "tx125af6ebd37248378f3d1-0068e16ac3" "proxy-server 89511" 0.0608 "-" 93155 0
Oct 04 14:43:15 np0005470886.novalocal account-server[92861]: ::1 - - [04/Oct/2025:18:43:15 +0000] "PUT /3/167054/AUTH_2a636ad9760344e79dff02823315c4fd/gnocchi.daeeef8b-aaea-4218-a400-30aef1c3749f" 201 - "PUT http://[::1]:6001/2/251364/AUTH_2a636ad9760344e79dff02823315c4fd/gnocchi.daeeef8b-aaea-4218-a400-30aef1c3749f" "tx125af6ebd37248378f3d1-0068e16ac3" "container-server 93154" 0.0025 "-" 92861 0
Oct 04 14:43:15 np0005470886.novalocal container-server[93154]: ::1 - - [04/Oct/2025:18:43:15 +0000] "PUT /1/176095/AUTH_2a636ad9760344e79dff02823315c4fd/gnocchi.bc774d80-db3f-4d11-b7d7-0edb651c6666/1759320000.0_mean_300.0_v3" 201 - "PUT http://[::1]:8080/1/16375/AUTH_2a636ad9760344e79dff02823315c4fd/gnocchi.bc774d80-db3f-4d11-b7d7-0edb651c6666/1759320000.0_mean_300.0_v3" "txd0b493646d3f4c3c8bddf-0068e16ac3" "object-server 93451" 0.0071 "-" 93154 0
Oct 04 14:43:15 np0005470886.novalocal object-server[93451]: ::1 - - [04/Oct/2025:18:43:15 +0000] "PUT /1/16375/AUTH_2a636ad9760344e79dff02823315c4fd/gnocchi.bc774d80-db3f-4d11-b7d7-0edb651c6666/1759320000.0_mean_300.0_v3" 201 - "PUT http://[::1]:8080/v1/AUTH_2a636ad9760344e79dff02823315c4fd/gnocchi.bc774d80-db3f-4d11-b7d7-0edb651c6666/1759320000.0_mean_300.0_v3" "txd0b493646d3f4c3c8bddf-0068e16ac3" "proxy-server 89511" 0.1550 "-" 93451 0
Oct 04 14:43:15 np0005470886.novalocal account-server[92861]: ::1 - - [04/Oct/2025:18:43:15 +0000] "PUT /1/167054/AUTH_2a636ad9760344e79dff02823315c4fd/gnocchi.daeeef8b-aaea-4218-a400-30aef1c3749f" 201 - "PUT http://[::1]:6001/3/251364/AUTH_2a636ad9760344e79dff02823315c4fd/gnocchi.daeeef8b-aaea-4218-a400-30aef1c3749f" "tx125af6ebd37248378f3d1-0068e16ac3" "container-server 93154" 0.0013 "-" 92861 0
Oct 04 14:43:15 np0005470886.novalocal container-server[93154]: ::1 - - [04/Oct/2025:18:43:15 +0000] "PUT /3/251364/AUTH_2a636ad9760344e79dff02823315c4fd/gnocchi.daeeef8b-aaea-4218-a400-30aef1c3749f" 201 - "PUT http://[::1]:8080/v1/AUTH_2a636ad9760344e79dff02823315c4fd/gnocchi.daeeef8b-aaea-4218-a400-30aef1c3749f" "tx125af6ebd37248378f3d1-0068e16ac3" "proxy-server 89511" 0.0387 "-" 93154 0
Oct 04 14:43:15 np0005470886.novalocal container-server[93154]: ::1 - - [04/Oct/2025:18:43:15 +0000] "PUT /2/251364/AUTH_2a636ad9760344e79dff02823315c4fd/gnocchi.daeeef8b-aaea-4218-a400-30aef1c3749f" 201 - "PUT http://[::1]:8080/v1/AUTH_2a636ad9760344e79dff02823315c4fd/gnocchi.daeeef8b-aaea-4218-a400-30aef1c3749f" "tx125af6ebd37248378f3d1-0068e16ac3" "proxy-server 89511" 0.0862 "-" 93154 0
Oct 04 14:43:15 np0005470886.novalocal proxy-server[89511]: ::1 ::1 04/Oct/2025/18/43/15 PUT /v1/AUTH_2a636ad9760344e79dff02823315c4fd/gnocchi.bc774d80-db3f-4d11-b7d7-0edb651c6666/1759320000.0_mean_300.0_v3 HTTP/1.0 201 - python-swiftclient-4.2.0 gAAAAABo4WqjVCzL... 16 - - txd0b493646d3f4c3c8bddf-0068e16ac3 - 0.1666 - - 1759603395.475866079 1759603395.642434359 0
Oct 04 14:43:15 np0005470886.novalocal proxy-server[89511]: ::1 ::1 04/Oct/2025/18/43/15 PUT /v1/AUTH_2a636ad9760344e79dff02823315c4fd/gnocchi.daeeef8b-aaea-4218-a400-30aef1c3749f HTTP/1.0 201 - python-swiftclient-4.2.0 gAAAAABo4WqryIa7... - - - tx125af6ebd37248378f3d1-0068e16ac3 - 0.1011 - - 1759603395.551801443 1759603395.652932167 0
Oct 04 14:43:15 np0005470886.novalocal container-server[93155]: ::1 - - [04/Oct/2025:18:43:15 +0000] "HEAD /2/251364/AUTH_2a636ad9760344e79dff02823315c4fd/gnocchi.daeeef8b-aaea-4218-a400-30aef1c3749f" 204 - "HEAD http://[::1]:8080/v1/AUTH_2a636ad9760344e79dff02823315c4fd/gnocchi.daeeef8b-aaea-4218-a400-30aef1c3749f?format=json&states=listing" "txb71714c819854de487fa0-0068e16ac3" "proxy-server 89511" 0.0015 "-" 93155 0
Oct 04 14:43:15 np0005470886.novalocal container-server[93152]: ::1 - - [04/Oct/2025:18:43:15 +0000] "GET /3/251364/AUTH_2a636ad9760344e79dff02823315c4fd/gnocchi.daeeef8b-aaea-4218-a400-30aef1c3749f" 200 2 "GET http://[::1]:8080/v1/AUTH_2a636ad9760344e79dff02823315c4fd/gnocchi.daeeef8b-aaea-4218-a400-30aef1c3749f?format=json&states=listing" "txb71714c819854de487fa0-0068e16ac3" "proxy-server 89511" 0.0025 "-" 93152 0
Oct 04 14:43:15 np0005470886.novalocal container-server[93155]: ::1 - - [04/Oct/2025:18:43:15 +0000] "PUT /3/176095/AUTH_2a636ad9760344e79dff02823315c4fd/gnocchi.bc774d80-db3f-4d11-b7d7-0edb651c6666/none_v3" 201 - "PUT http://[::1]:8080/1/124624/AUTH_2a636ad9760344e79dff02823315c4fd/gnocchi.bc774d80-db3f-4d11-b7d7-0edb651c6666/none_v3" "txafcb0ce2f6944b8c825df-0068e16ac3" "object-server 93452" 0.0005 "-" 93155 0
Oct 04 14:43:15 np0005470886.novalocal object-server[93452]: ::1 - - [04/Oct/2025:18:43:15 +0000] "PUT /1/124624/AUTH_2a636ad9760344e79dff02823315c4fd/gnocchi.bc774d80-db3f-4d11-b7d7-0edb651c6666/none_v3" 201 - "PUT http://[::1]:8080/v1/AUTH_2a636ad9760344e79dff02823315c4fd/gnocchi.bc774d80-db3f-4d11-b7d7-0edb651c6666/none_v3" "txafcb0ce2f6944b8c825df-0068e16ac3" "proxy-server 89511" 0.0185 "-" 93452 0
Oct 04 14:43:15 np0005470886.novalocal proxy-server[89511]: ::1 ::1 04/Oct/2025/18/43/15 GET /v1/AUTH_2a636ad9760344e79dff02823315c4fd/gnocchi.daeeef8b-aaea-4218-a400-30aef1c3749f%3Fformat%3Djson%26states%3Dlisting HTTP/1.0 200 - python-swiftclient-4.2.0 gAAAAABo4WqryIa7... - 2 - txb71714c819854de487fa0-0068e16ac3 - 0.0150 - - 1759603395.657034159 1759603395.672052383 0
Oct 04 14:43:15 np0005470886.novalocal container-server[93152]: ::1 - - [04/Oct/2025:18:43:15 +0000] "PUT /1/176095/AUTH_2a636ad9760344e79dff02823315c4fd/gnocchi.bc774d80-db3f-4d11-b7d7-0edb651c6666/none_v3" 201 - "PUT http://[::1]:8080/3/124624/AUTH_2a636ad9760344e79dff02823315c4fd/gnocchi.bc774d80-db3f-4d11-b7d7-0edb651c6666/none_v3" "txafcb0ce2f6944b8c825df-0068e16ac3" "object-server 93452" 0.0006 "-" 93152 0
Oct 04 14:43:15 np0005470886.novalocal object-server[93452]: ::1 - - [04/Oct/2025:18:43:15 +0000] "PUT /3/124624/AUTH_2a636ad9760344e79dff02823315c4fd/gnocchi.bc774d80-db3f-4d11-b7d7-0edb651c6666/none_v3" 201 - "PUT http://[::1]:8080/v1/AUTH_2a636ad9760344e79dff02823315c4fd/gnocchi.bc774d80-db3f-4d11-b7d7-0edb651c6666/none_v3" "txafcb0ce2f6944b8c825df-0068e16ac3" "proxy-server 89511" 0.0142 "-" 93452 0
Oct 04 14:43:15 np0005470886.novalocal container-server[93155]: ::1 - - [04/Oct/2025:18:43:15 +0000] "PUT /2/176095/AUTH_2a636ad9760344e79dff02823315c4fd/gnocchi.bc774d80-db3f-4d11-b7d7-0edb651c6666/none_v3" 201 - "PUT http://[::1]:8080/2/124624/AUTH_2a636ad9760344e79dff02823315c4fd/gnocchi.bc774d80-db3f-4d11-b7d7-0edb651c6666/none_v3" "txafcb0ce2f6944b8c825df-0068e16ac3" "object-server 93451" 0.0004 "-" 93155 0
Oct 04 14:43:15 np0005470886.novalocal object-server[93451]: ::1 - - [04/Oct/2025:18:43:15 +0000] "PUT /2/124624/AUTH_2a636ad9760344e79dff02823315c4fd/gnocchi.bc774d80-db3f-4d11-b7d7-0edb651c6666/none_v3" 201 - "PUT http://[::1]:8080/v1/AUTH_2a636ad9760344e79dff02823315c4fd/gnocchi.bc774d80-db3f-4d11-b7d7-0edb651c6666/none_v3" "txafcb0ce2f6944b8c825df-0068e16ac3" "proxy-server 89511" 0.0169 "-" 93451 0
Oct 04 14:43:15 np0005470886.novalocal proxy-server[89511]: ::1 ::1 04/Oct/2025/18/43/15 PUT /v1/AUTH_2a636ad9760344e79dff02823315c4fd/gnocchi.bc774d80-db3f-4d11-b7d7-0edb651c6666/none_v3 HTTP/1.0 201 - python-swiftclient-4.2.0 gAAAAABo4WqjVCzL... 22 - - txafcb0ce2f6944b8c825df-0068e16ac3 - 0.0330 - - 1759603395.646106005 1759603395.679090738 0
Oct 04 14:43:15 np0005470886.novalocal object-server[93452]: ::1 - - [04/Oct/2025:18:43:15 +0000] "GET /1/182807/AUTH_2a636ad9760344e79dff02823315c4fd/gnocchi.daeeef8b-aaea-4218-a400-30aef1c3749f/1759320000.0_mean_300.0_v3" 404 70 "GET http://[::1]:8080/v1/AUTH_2a636ad9760344e79dff02823315c4fd/gnocchi.daeeef8b-aaea-4218-a400-30aef1c3749f/1759320000.0_mean_300.0_v3" "txa0e4a4e81c60416c92d5b-0068e16ac3" "proxy-server 89511" 0.0003 "-" 93452 0
Oct 04 14:43:15 np0005470886.novalocal object-server[93452]: ::1 - - [04/Oct/2025:18:43:15 +0000] "GET /3/182807/AUTH_2a636ad9760344e79dff02823315c4fd/gnocchi.daeeef8b-aaea-4218-a400-30aef1c3749f/1759320000.0_mean_300.0_v3" 404 70 "GET http://[::1]:8080/v1/AUTH_2a636ad9760344e79dff02823315c4fd/gnocchi.daeeef8b-aaea-4218-a400-30aef1c3749f/1759320000.0_mean_300.0_v3" "txa0e4a4e81c60416c92d5b-0068e16ac3" "proxy-server 89511" 0.0002 "-" 93452 0
Oct 04 14:43:15 np0005470886.novalocal object-server[93451]: ::1 - - [04/Oct/2025:18:43:15 +0000] "GET /2/182807/AUTH_2a636ad9760344e79dff02823315c4fd/gnocchi.daeeef8b-aaea-4218-a400-30aef1c3749f/1759320000.0_mean_300.0_v3" 404 70 "GET http://[::1]:8080/v1/AUTH_2a636ad9760344e79dff02823315c4fd/gnocchi.daeeef8b-aaea-4218-a400-30aef1c3749f/1759320000.0_mean_300.0_v3" "txa0e4a4e81c60416c92d5b-0068e16ac3" "proxy-server 89511" 0.0033 "-" 93451 0
Oct 04 14:43:15 np0005470886.novalocal proxy-server[89511]: ::1 ::1 04/Oct/2025/18/43/15 GET /v1/AUTH_2a636ad9760344e79dff02823315c4fd/gnocchi.daeeef8b-aaea-4218-a400-30aef1c3749f/1759320000.0_mean_300.0_v3 HTTP/1.0 404 - python-swiftclient-4.2.0 gAAAAABo4WqryIa7... - 70 - txa0e4a4e81c60416c92d5b-0068e16ac3 - 0.0172 - - 1759603395.675811291 1759603395.692975760 0
Oct 04 14:43:15 np0005470886.novalocal container-server[93155]: ::1 - - [04/Oct/2025:18:43:15 +0000] "PUT /2/251364/AUTH_2a636ad9760344e79dff02823315c4fd/gnocchi.daeeef8b-aaea-4218-a400-30aef1c3749f/1759320000.0_mean_300.0_v3" 201 - "PUT http://[::1]:8080/3/182807/AUTH_2a636ad9760344e79dff02823315c4fd/gnocchi.daeeef8b-aaea-4218-a400-30aef1c3749f/1759320000.0_mean_300.0_v3" "tx1c3c3b95c181499a8ac3b-0068e16ac3" "object-server 93452" 0.0005 "-" 93155 0
Oct 04 14:43:15 np0005470886.novalocal container-server[93154]: ::1 - - [04/Oct/2025:18:43:15 +0000] "PUT /1/251364/AUTH_2a636ad9760344e79dff02823315c4fd/gnocchi.daeeef8b-aaea-4218-a400-30aef1c3749f/1759320000.0_mean_300.0_v3" 201 - "PUT http://[::1]:8080/2/182807/AUTH_2a636ad9760344e79dff02823315c4fd/gnocchi.daeeef8b-aaea-4218-a400-30aef1c3749f/1759320000.0_mean_300.0_v3" "tx1c3c3b95c181499a8ac3b-0068e16ac3" "object-server 93449" 0.0006 "-" 93154 0
Oct 04 14:43:15 np0005470886.novalocal object-server[93449]: ::1 - - [04/Oct/2025:18:43:15 +0000] "PUT /2/182807/AUTH_2a636ad9760344e79dff02823315c4fd/gnocchi.daeeef8b-aaea-4218-a400-30aef1c3749f/1759320000.0_mean_300.0_v3" 201 - "PUT http://[::1]:8080/v1/AUTH_2a636ad9760344e79dff02823315c4fd/gnocchi.daeeef8b-aaea-4218-a400-30aef1c3749f/1759320000.0_mean_300.0_v3" "tx1c3c3b95c181499a8ac3b-0068e16ac3" "proxy-server 89511" 0.0177 "-" 93449 0
Oct 04 14:43:15 np0005470886.novalocal object-server[93452]: ::1 - - [04/Oct/2025:18:43:15 +0000] "PUT /3/182807/AUTH_2a636ad9760344e79dff02823315c4fd/gnocchi.daeeef8b-aaea-4218-a400-30aef1c3749f/1759320000.0_mean_300.0_v3" 201 - "PUT http://[::1]:8080/v1/AUTH_2a636ad9760344e79dff02823315c4fd/gnocchi.daeeef8b-aaea-4218-a400-30aef1c3749f/1759320000.0_mean_300.0_v3" "tx1c3c3b95c181499a8ac3b-0068e16ac3" "proxy-server 89511" 0.0180 "-" 93452 0
Oct 04 14:43:15 np0005470886.novalocal container-server[93153]: ::1 - - [04/Oct/2025:18:43:15 +0000] "PUT /3/251364/AUTH_2a636ad9760344e79dff02823315c4fd/gnocchi.daeeef8b-aaea-4218-a400-30aef1c3749f/1759320000.0_mean_300.0_v3" 201 - "PUT http://[::1]:8080/1/182807/AUTH_2a636ad9760344e79dff02823315c4fd/gnocchi.daeeef8b-aaea-4218-a400-30aef1c3749f/1759320000.0_mean_300.0_v3" "tx1c3c3b95c181499a8ac3b-0068e16ac3" "object-server 93452" 0.0007 "-" 93153 0
Oct 04 14:43:15 np0005470886.novalocal kernel: qr-8e5b4253-97: left promiscuous mode
Oct 04 14:43:15 np0005470886.novalocal object-server[93452]: ::1 - - [04/Oct/2025:18:43:15 +0000] "PUT /1/182807/AUTH_2a636ad9760344e79dff02823315c4fd/gnocchi.daeeef8b-aaea-4218-a400-30aef1c3749f/1759320000.0_mean_300.0_v3" 201 - "PUT http://[::1]:8080/v1/AUTH_2a636ad9760344e79dff02823315c4fd/gnocchi.daeeef8b-aaea-4218-a400-30aef1c3749f/1759320000.0_mean_300.0_v3" "tx1c3c3b95c181499a8ac3b-0068e16ac3" "proxy-server 89511" 0.0211 "-" 93452 0
Oct 04 14:43:15 np0005470886.novalocal proxy-server[89511]: ::1 ::1 04/Oct/2025/18/43/15 PUT /v1/AUTH_2a636ad9760344e79dff02823315c4fd/gnocchi.daeeef8b-aaea-4218-a400-30aef1c3749f/1759320000.0_mean_300.0_v3 HTTP/1.0 201 - python-swiftclient-4.2.0 gAAAAABo4WqryIa7... 16 - - tx1c3c3b95c181499a8ac3b-0068e16ac3 - 0.0348 - - 1759603395.696427107 1759603395.731212854 0
Oct 04 14:43:15 np0005470886.novalocal container-server[93152]: ::1 - - [04/Oct/2025:18:43:15 +0000] "HEAD /1/47954/AUTH_2a636ad9760344e79dff02823315c4fd/gnocchi.1b8409c4-7a65-4570-8473-94d23333e45d" 404 - "HEAD http://[::1]:8080/v1/AUTH_2a636ad9760344e79dff02823315c4fd/gnocchi.1b8409c4-7a65-4570-8473-94d23333e45d?format=json&states=listing" "txac2171ece6f94e1985f70-0068e16ac3" "proxy-server 89511" 0.0004 "-" 93152 0
Oct 04 14:43:15 np0005470886.novalocal container-server[93153]: ::1 - - [04/Oct/2025:18:43:15 +0000] "HEAD /2/47954/AUTH_2a636ad9760344e79dff02823315c4fd/gnocchi.1b8409c4-7a65-4570-8473-94d23333e45d" 404 - "HEAD http://[::1]:8080/v1/AUTH_2a636ad9760344e79dff02823315c4fd/gnocchi.1b8409c4-7a65-4570-8473-94d23333e45d?format=json&states=listing" "txac2171ece6f94e1985f70-0068e16ac3" "proxy-server 89511" 0.0004 "-" 93153 0
Oct 04 14:43:15 np0005470886.novalocal container-server[93155]: ::1 - - [04/Oct/2025:18:43:15 +0000] "HEAD /3/47954/AUTH_2a636ad9760344e79dff02823315c4fd/gnocchi.1b8409c4-7a65-4570-8473-94d23333e45d" 404 - "HEAD http://[::1]:8080/v1/AUTH_2a636ad9760344e79dff02823315c4fd/gnocchi.1b8409c4-7a65-4570-8473-94d23333e45d?format=json&states=listing" "txac2171ece6f94e1985f70-0068e16ac3" "proxy-server 89511" 0.0003 "-" 93155 0
Oct 04 14:43:15 np0005470886.novalocal account-server[92926]: Replication run OVER
Oct 04 14:43:15 np0005470886.novalocal account-server[92926]: Attempted to replicate 3 dbs in 0.20181 seconds (14.86531/s)
Oct 04 14:43:15 np0005470886.novalocal account-server[92926]: Removed 0 dbs
Oct 04 14:43:15 np0005470886.novalocal account-server[92926]: 6 successes, 0 failures
Oct 04 14:43:15 np0005470886.novalocal account-server[92926]: diff:1 diff_capped:0 empty:0 hashmatch:0 no_change:5 remote_merge:0 rsync:0 ts_repl:0
Oct 04 14:43:15 np0005470886.novalocal object-server[93449]: ::1 - - [04/Oct/2025:18:43:15 +0000] "GET /1/251860/AUTH_2a636ad9760344e79dff02823315c4fd/gnocchi.1b8409c4-7a65-4570-8473-94d23333e45d/none_v3" 404 70 "GET http://[::1]:8080/v1/AUTH_2a636ad9760344e79dff02823315c4fd/gnocchi.1b8409c4-7a65-4570-8473-94d23333e45d/none_v3" "txac2171ece6f94e1985f70-0068e16ac3" "proxy-server 89511" 0.0002 "-" 93449 0
Oct 04 14:43:15 np0005470886.novalocal object-server[93452]: ::1 - - [04/Oct/2025:18:43:15 +0000] "GET /2/251860/AUTH_2a636ad9760344e79dff02823315c4fd/gnocchi.1b8409c4-7a65-4570-8473-94d23333e45d/none_v3" 404 70 "GET http://[::1]:8080/v1/AUTH_2a636ad9760344e79dff02823315c4fd/gnocchi.1b8409c4-7a65-4570-8473-94d23333e45d/none_v3" "txac2171ece6f94e1985f70-0068e16ac3" "proxy-server 89511" 0.0012 "-" 93452 0
Oct 04 14:43:15 np0005470886.novalocal object-server[93449]: ::1 - - [04/Oct/2025:18:43:15 +0000] "GET /3/251860/AUTH_2a636ad9760344e79dff02823315c4fd/gnocchi.1b8409c4-7a65-4570-8473-94d23333e45d/none_v3" 404 70 "GET http://[::1]:8080/v1/AUTH_2a636ad9760344e79dff02823315c4fd/gnocchi.1b8409c4-7a65-4570-8473-94d23333e45d/none_v3" "txac2171ece6f94e1985f70-0068e16ac3" "proxy-server 89511" 0.0002 "-" 93449 0
Oct 04 14:43:15 np0005470886.novalocal container-server[93152]: ::1 - - [04/Oct/2025:18:43:15 +0000] "PUT /1/251364/AUTH_2a636ad9760344e79dff02823315c4fd/gnocchi.daeeef8b-aaea-4218-a400-30aef1c3749f/none_v3" 201 - "PUT http://[::1]:8080/2/124070/AUTH_2a636ad9760344e79dff02823315c4fd/gnocchi.daeeef8b-aaea-4218-a400-30aef1c3749f/none_v3" "tx0680ed96e1844aebb1a11-0068e16ac3" "object-server 93449" 0.0005 "-" 93152 0
Oct 04 14:43:15 np0005470886.novalocal proxy-server[89511]: ::1 ::1 04/Oct/2025/18/43/15 GET /v1/AUTH_2a636ad9760344e79dff02823315c4fd/gnocchi.1b8409c4-7a65-4570-8473-94d23333e45d/none_v3 HTTP/1.0 404 - python-swiftclient-4.2.0 gAAAAABo4WqjVCzL... - 70 - txac2171ece6f94e1985f70-0068e16ac3 - 0.0378 - - 1759603395.737757444 1759603395.775529623 0
Oct 04 14:43:15 np0005470886.novalocal object-server[93449]: ::1 - - [04/Oct/2025:18:43:15 +0000] "PUT /2/124070/AUTH_2a636ad9760344e79dff02823315c4fd/gnocchi.daeeef8b-aaea-4218-a400-30aef1c3749f/none_v3" 201 - "PUT http://[::1]:8080/v1/AUTH_2a636ad9760344e79dff02823315c4fd/gnocchi.daeeef8b-aaea-4218-a400-30aef1c3749f/none_v3" "tx0680ed96e1844aebb1a11-0068e16ac3" "proxy-server 89511" 0.0196 "-" 93449 0
Oct 04 14:43:15 np0005470886.novalocal container-server[93152]: ::1 - - [04/Oct/2025:18:43:15 +0000] "PUT /3/251364/AUTH_2a636ad9760344e79dff02823315c4fd/gnocchi.daeeef8b-aaea-4218-a400-30aef1c3749f/none_v3" 201 - "PUT http://[::1]:8080/3/124070/AUTH_2a636ad9760344e79dff02823315c4fd/gnocchi.daeeef8b-aaea-4218-a400-30aef1c3749f/none_v3" "tx0680ed96e1844aebb1a11-0068e16ac3" "object-server 93449" 0.0006 "-" 93152 0
Oct 04 14:43:15 np0005470886.novalocal container-server[93153]: ::1 - - [04/Oct/2025:18:43:15 +0000] "PUT /2/251364/AUTH_2a636ad9760344e79dff02823315c4fd/gnocchi.daeeef8b-aaea-4218-a400-30aef1c3749f/none_v3" 201 - "PUT http://[::1]:8080/1/124070/AUTH_2a636ad9760344e79dff02823315c4fd/gnocchi.daeeef8b-aaea-4218-a400-30aef1c3749f/none_v3" "tx0680ed96e1844aebb1a11-0068e16ac3" "object-server 93449" 0.0008 "-" 93153 0
Oct 04 14:43:15 np0005470886.novalocal object-server[93449]: ::1 - - [04/Oct/2025:18:43:15 +0000] "PUT /3/124070/AUTH_2a636ad9760344e79dff02823315c4fd/gnocchi.daeeef8b-aaea-4218-a400-30aef1c3749f/none_v3" 201 - "PUT http://[::1]:8080/v1/AUTH_2a636ad9760344e79dff02823315c4fd/gnocchi.daeeef8b-aaea-4218-a400-30aef1c3749f/none_v3" "tx0680ed96e1844aebb1a11-0068e16ac3" "proxy-server 89511" 0.0239 "-" 93449 0
Oct 04 14:43:15 np0005470886.novalocal object-server[93449]: ::1 - - [04/Oct/2025:18:43:15 +0000] "PUT /1/124070/AUTH_2a636ad9760344e79dff02823315c4fd/gnocchi.daeeef8b-aaea-4218-a400-30aef1c3749f/none_v3" 201 - "PUT http://[::1]:8080/v1/AUTH_2a636ad9760344e79dff02823315c4fd/gnocchi.daeeef8b-aaea-4218-a400-30aef1c3749f/none_v3" "tx0680ed96e1844aebb1a11-0068e16ac3" "proxy-server 89511" 0.0324 "-" 93449 0
Oct 04 14:43:15 np0005470886.novalocal proxy-server[89511]: ::1 ::1 04/Oct/2025/18/43/15 PUT /v1/AUTH_2a636ad9760344e79dff02823315c4fd/gnocchi.daeeef8b-aaea-4218-a400-30aef1c3749f/none_v3 HTTP/1.0 201 - python-swiftclient-4.2.0 gAAAAABo4WqryIa7... 22 - - tx0680ed96e1844aebb1a11-0068e16ac3 - 0.0466 - - 1759603395.736974955 1759603395.783536673 0
Oct 04 14:43:15 np0005470886.novalocal account-server[92863]: ::1 - - [04/Oct/2025:18:43:15 +0000] "PUT /2/167054/AUTH_2a636ad9760344e79dff02823315c4fd/gnocchi.1b8409c4-7a65-4570-8473-94d23333e45d" 201 - "PUT http://[::1]:6001/3/47954/AUTH_2a636ad9760344e79dff02823315c4fd/gnocchi.1b8409c4-7a65-4570-8473-94d23333e45d" "tx40ce73a3d246474780f12-0068e16ac3" "container-server 93153" 0.0022 "-" 92863 0
Oct 04 14:43:15 np0005470886.novalocal container-server[93153]: ::1 - - [04/Oct/2025:18:43:15 +0000] "PUT /3/47954/AUTH_2a636ad9760344e79dff02823315c4fd/gnocchi.1b8409c4-7a65-4570-8473-94d23333e45d" 201 - "PUT http://[::1]:8080/v1/AUTH_2a636ad9760344e79dff02823315c4fd/gnocchi.1b8409c4-7a65-4570-8473-94d23333e45d" "tx40ce73a3d246474780f12-0068e16ac3" "proxy-server 89511" 0.0173 "-" 93153 0
Oct 04 14:43:15 np0005470886.novalocal account-server[92863]: ::1 - - [04/Oct/2025:18:43:15 +0000] "PUT /3/167054/AUTH_2a636ad9760344e79dff02823315c4fd/gnocchi.1b8409c4-7a65-4570-8473-94d23333e45d" 201 - "PUT http://[::1]:6001/1/47954/AUTH_2a636ad9760344e79dff02823315c4fd/gnocchi.1b8409c4-7a65-4570-8473-94d23333e45d" "tx40ce73a3d246474780f12-0068e16ac3" "container-server 93152" 0.0014 "-" 92863 0
Oct 04 14:43:15 np0005470886.novalocal container-server[93152]: ::1 - - [04/Oct/2025:18:43:15 +0000] "PUT /1/47954/AUTH_2a636ad9760344e79dff02823315c4fd/gnocchi.1b8409c4-7a65-4570-8473-94d23333e45d" 201 - "PUT http://[::1]:8080/v1/AUTH_2a636ad9760344e79dff02823315c4fd/gnocchi.1b8409c4-7a65-4570-8473-94d23333e45d" "tx40ce73a3d246474780f12-0068e16ac3" "proxy-server 89511" 0.0133 "-" 93152 0
Oct 04 14:43:15 np0005470886.novalocal account-server[92863]: ::1 - - [04/Oct/2025:18:43:15 +0000] "PUT /1/167054/AUTH_2a636ad9760344e79dff02823315c4fd/gnocchi.1b8409c4-7a65-4570-8473-94d23333e45d" 201 - "PUT http://[::1]:6001/2/47954/AUTH_2a636ad9760344e79dff02823315c4fd/gnocchi.1b8409c4-7a65-4570-8473-94d23333e45d" "tx40ce73a3d246474780f12-0068e16ac3" "container-server 93152" 0.0013 "-" 92863 0
Oct 04 14:43:15 np0005470886.novalocal container-server[93152]: ::1 - - [04/Oct/2025:18:43:15 +0000] "PUT /2/47954/AUTH_2a636ad9760344e79dff02823315c4fd/gnocchi.1b8409c4-7a65-4570-8473-94d23333e45d" 201 - "PUT http://[::1]:8080/v1/AUTH_2a636ad9760344e79dff02823315c4fd/gnocchi.1b8409c4-7a65-4570-8473-94d23333e45d" "tx40ce73a3d246474780f12-0068e16ac3" "proxy-server 89511" 0.0276 "-" 93152 0
Oct 04 14:43:15 np0005470886.novalocal proxy-server[89511]: ::1 ::1 04/Oct/2025/18/43/15 PUT /v1/AUTH_2a636ad9760344e79dff02823315c4fd/gnocchi.1b8409c4-7a65-4570-8473-94d23333e45d HTTP/1.0 201 - python-swiftclient-4.2.0 gAAAAABo4WqjVCzL... - - - tx40ce73a3d246474780f12-0068e16ac3 - 0.0519 - - 1759603395.782356024 1759603395.834283590 0
Oct 04 14:43:15 np0005470886.novalocal container-server[93154]: ::1 - - [04/Oct/2025:18:43:15 +0000] "HEAD /3/14491/AUTH_2a636ad9760344e79dff02823315c4fd/gnocchi.5ef2ec07-851f-4db1-b66f-83b1de1329bb" 404 - "HEAD http://[::1]:8080/v1/AUTH_2a636ad9760344e79dff02823315c4fd/gnocchi.5ef2ec07-851f-4db1-b66f-83b1de1329bb?format=json&states=listing" "txf4cac2735e7543acaed3f-0068e16ac3" "proxy-server 89511" 0.0003 "-" 93154 0
Oct 04 14:43:15 np0005470886.novalocal container-server[93153]: ::1 - - [04/Oct/2025:18:43:15 +0000] "HEAD /2/14491/AUTH_2a636ad9760344e79dff02823315c4fd/gnocchi.5ef2ec07-851f-4db1-b66f-83b1de1329bb" 404 - "HEAD http://[::1]:8080/v1/AUTH_2a636ad9760344e79dff02823315c4fd/gnocchi.5ef2ec07-851f-4db1-b66f-83b1de1329bb?format=json&states=listing" "txf4cac2735e7543acaed3f-0068e16ac3" "proxy-server 89511" 0.0004 "-" 93153 0
Oct 04 14:43:15 np0005470886.novalocal container-server[93153]: ::1 - - [04/Oct/2025:18:43:15 +0000] "HEAD /1/14491/AUTH_2a636ad9760344e79dff02823315c4fd/gnocchi.5ef2ec07-851f-4db1-b66f-83b1de1329bb" 404 - "HEAD http://[::1]:8080/v1/AUTH_2a636ad9760344e79dff02823315c4fd/gnocchi.5ef2ec07-851f-4db1-b66f-83b1de1329bb?format=json&states=listing" "txf4cac2735e7543acaed3f-0068e16ac3" "proxy-server 89511" 0.0002 "-" 93153 0
Oct 04 14:43:15 np0005470886.novalocal container-server[93155]: ::1 - - [04/Oct/2025:18:43:15 +0000] "HEAD /2/47954/AUTH_2a636ad9760344e79dff02823315c4fd/gnocchi.1b8409c4-7a65-4570-8473-94d23333e45d" 204 - "HEAD http://[::1]:8080/v1/AUTH_2a636ad9760344e79dff02823315c4fd/gnocchi.1b8409c4-7a65-4570-8473-94d23333e45d?format=json&states=listing" "tx78dcd6a63c8847a198493-0068e16ac3" "proxy-server 89511" 0.0012 "-" 93155 0
Oct 04 14:43:15 np0005470886.novalocal object-server[93451]: ::1 - - [04/Oct/2025:18:43:15 +0000] "GET /3/232299/AUTH_2a636ad9760344e79dff02823315c4fd/gnocchi.5ef2ec07-851f-4db1-b66f-83b1de1329bb/none_v3" 404 70 "GET http://[::1]:8080/v1/AUTH_2a636ad9760344e79dff02823315c4fd/gnocchi.5ef2ec07-851f-4db1-b66f-83b1de1329bb/none_v3" "txf4cac2735e7543acaed3f-0068e16ac3" "proxy-server 89511" 0.0005 "-" 93451 0
Oct 04 14:43:15 np0005470886.novalocal container-server[93155]: ::1 - - [04/Oct/2025:18:43:15 +0000] "GET /1/47954/AUTH_2a636ad9760344e79dff02823315c4fd/gnocchi.1b8409c4-7a65-4570-8473-94d23333e45d" 200 2 "GET http://[::1]:8080/v1/AUTH_2a636ad9760344e79dff02823315c4fd/gnocchi.1b8409c4-7a65-4570-8473-94d23333e45d?format=json&states=listing" "tx78dcd6a63c8847a198493-0068e16ac3" "proxy-server 89511" 0.0019 "-" 93155 0
Oct 04 14:43:15 np0005470886.novalocal object-server[93452]: ::1 - - [04/Oct/2025:18:43:15 +0000] "GET /1/232299/AUTH_2a636ad9760344e79dff02823315c4fd/gnocchi.5ef2ec07-851f-4db1-b66f-83b1de1329bb/none_v3" 404 70 "GET http://[::1]:8080/v1/AUTH_2a636ad9760344e79dff02823315c4fd/gnocchi.5ef2ec07-851f-4db1-b66f-83b1de1329bb/none_v3" "txf4cac2735e7543acaed3f-0068e16ac3" "proxy-server 89511" 0.0003 "-" 93452 0
Oct 04 14:43:15 np0005470886.novalocal proxy-server[89511]: ::1 ::1 04/Oct/2025/18/43/15 GET /v1/AUTH_2a636ad9760344e79dff02823315c4fd/gnocchi.1b8409c4-7a65-4570-8473-94d23333e45d%3Fformat%3Djson%26states%3Dlisting HTTP/1.0 200 - python-swiftclient-4.2.0 gAAAAABo4WqjVCzL... - 2 - tx78dcd6a63c8847a198493-0068e16ac3 - 0.0154 - - 1759603395.838131189 1759603395.853539467 0
Oct 04 14:43:15 np0005470886.novalocal object-server[93451]: ::1 - - [04/Oct/2025:18:43:15 +0000] "GET /2/232299/AUTH_2a636ad9760344e79dff02823315c4fd/gnocchi.5ef2ec07-851f-4db1-b66f-83b1de1329bb/none_v3" 404 70 "GET http://[::1]:8080/v1/AUTH_2a636ad9760344e79dff02823315c4fd/gnocchi.5ef2ec07-851f-4db1-b66f-83b1de1329bb/none_v3" "txf4cac2735e7543acaed3f-0068e16ac3" "proxy-server 89511" 0.0003 "-" 93451 0
Oct 04 14:43:15 np0005470886.novalocal proxy-server[89511]: ::1 ::1 04/Oct/2025/18/43/15 GET /v1/AUTH_2a636ad9760344e79dff02823315c4fd/gnocchi.5ef2ec07-851f-4db1-b66f-83b1de1329bb/none_v3 HTTP/1.0 404 - python-swiftclient-4.2.0 gAAAAABo4WqryIa7... - 70 - txf4cac2735e7543acaed3f-0068e16ac3 - 0.0275 - - 1759603395.829940081 1759603395.857423306 0
Oct 04 14:43:15 np0005470886.novalocal object-server[93452]: ::1 - - [04/Oct/2025:18:43:15 +0000] "GET /2/34346/AUTH_2a636ad9760344e79dff02823315c4fd/gnocchi.1b8409c4-7a65-4570-8473-94d23333e45d/1759320000.0_mean_300.0_v3" 404 70 "GET http://[::1]:8080/v1/AUTH_2a636ad9760344e79dff02823315c4fd/gnocchi.1b8409c4-7a65-4570-8473-94d23333e45d/1759320000.0_mean_300.0_v3" "tx1caac9fa012c4dd29f9df-0068e16ac3" "proxy-server 89511" 0.0003 "-" 93452 0
Oct 04 14:43:15 np0005470886.novalocal object-server[93450]: ::1 - - [04/Oct/2025:18:43:15 +0000] "GET /3/34346/AUTH_2a636ad9760344e79dff02823315c4fd/gnocchi.1b8409c4-7a65-4570-8473-94d23333e45d/1759320000.0_mean_300.0_v3" 404 70 "GET http://[::1]:8080/v1/AUTH_2a636ad9760344e79dff02823315c4fd/gnocchi.1b8409c4-7a65-4570-8473-94d23333e45d/1759320000.0_mean_300.0_v3" "tx1caac9fa012c4dd29f9df-0068e16ac3" "proxy-server 89511" 0.0002 "-" 93450 0
Oct 04 14:43:15 np0005470886.novalocal object-server[93449]: ::1 - - [04/Oct/2025:18:43:15 +0000] "GET /1/34346/AUTH_2a636ad9760344e79dff02823315c4fd/gnocchi.1b8409c4-7a65-4570-8473-94d23333e45d/1759320000.0_mean_300.0_v3" 404 70 "GET http://[::1]:8080/v1/AUTH_2a636ad9760344e79dff02823315c4fd/gnocchi.1b8409c4-7a65-4570-8473-94d23333e45d/1759320000.0_mean_300.0_v3" "tx1caac9fa012c4dd29f9df-0068e16ac3" "proxy-server 89511" 0.0003 "-" 93449 0
Oct 04 14:43:15 np0005470886.novalocal proxy-server[89511]: ::1 ::1 04/Oct/2025/18/43/15 GET /v1/AUTH_2a636ad9760344e79dff02823315c4fd/gnocchi.1b8409c4-7a65-4570-8473-94d23333e45d/1759320000.0_mean_300.0_v3 HTTP/1.0 404 - python-swiftclient-4.2.0 gAAAAABo4WqjVCzL... - 70 - tx1caac9fa012c4dd29f9df-0068e16ac3 - 0.0111 - - 1759603395.858131170 1759603395.869259834 0
Oct 04 14:43:15 np0005470886.novalocal kernel: qg-1c5a30f4-af: left promiscuous mode
Oct 04 14:43:15 np0005470886.novalocal account-server[92860]: ::1 - - [04/Oct/2025:18:43:15 +0000] "PUT /3/167054/AUTH_2a636ad9760344e79dff02823315c4fd/gnocchi.5ef2ec07-851f-4db1-b66f-83b1de1329bb" 201 - "PUT http://[::1]:6001/1/14491/AUTH_2a636ad9760344e79dff02823315c4fd/gnocchi.5ef2ec07-851f-4db1-b66f-83b1de1329bb" "tx3f177a594dce4cd4ba117-0068e16ac3" "container-server 93155" 0.0122 "-" 92860 0
Oct 04 14:43:15 np0005470886.novalocal container-server[93155]: ::1 - - [04/Oct/2025:18:43:15 +0000] "PUT /1/14491/AUTH_2a636ad9760344e79dff02823315c4fd/gnocchi.5ef2ec07-851f-4db1-b66f-83b1de1329bb" 201 - "PUT http://[::1]:8080/v1/AUTH_2a636ad9760344e79dff02823315c4fd/gnocchi.5ef2ec07-851f-4db1-b66f-83b1de1329bb" "tx3f177a594dce4cd4ba117-0068e16ac3" "proxy-server 89511" 0.0264 "-" 93155 0
Oct 04 14:43:15 np0005470886.novalocal account-server[92860]: ::1 - - [04/Oct/2025:18:43:15 +0000] "PUT /2/167054/AUTH_2a636ad9760344e79dff02823315c4fd/gnocchi.5ef2ec07-851f-4db1-b66f-83b1de1329bb" 201 - "PUT http://[::1]:6001/2/14491/AUTH_2a636ad9760344e79dff02823315c4fd/gnocchi.5ef2ec07-851f-4db1-b66f-83b1de1329bb" "tx3f177a594dce4cd4ba117-0068e16ac3" "container-server 93154" 0.0052 "-" 92860 0
Oct 04 14:43:15 np0005470886.novalocal container-server[93155]: ::1 - - [04/Oct/2025:18:43:15 +0000] "PUT /2/47954/AUTH_2a636ad9760344e79dff02823315c4fd/gnocchi.1b8409c4-7a65-4570-8473-94d23333e45d/1759320000.0_mean_300.0_v3" 201 - "PUT http://[::1]:8080/1/34346/AUTH_2a636ad9760344e79dff02823315c4fd/gnocchi.1b8409c4-7a65-4570-8473-94d23333e45d/1759320000.0_mean_300.0_v3" "tx4a41dcb4a8f04e4c8f047-0068e16ac3" "object-server 93450" 0.0008 "-" 93155 0
Oct 04 14:43:15 np0005470886.novalocal container-server[93154]: ::1 - - [04/Oct/2025:18:43:15 +0000] "PUT /2/14491/AUTH_2a636ad9760344e79dff02823315c4fd/gnocchi.5ef2ec07-851f-4db1-b66f-83b1de1329bb" 201 - "PUT http://[::1]:8080/v1/AUTH_2a636ad9760344e79dff02823315c4fd/gnocchi.5ef2ec07-851f-4db1-b66f-83b1de1329bb" "tx3f177a594dce4cd4ba117-0068e16ac3" "proxy-server 89511" 0.0271 "-" 93154 0
Oct 04 14:43:15 np0005470886.novalocal object-server[93450]: ::1 - - [04/Oct/2025:18:43:15 +0000] "PUT /1/34346/AUTH_2a636ad9760344e79dff02823315c4fd/gnocchi.1b8409c4-7a65-4570-8473-94d23333e45d/1759320000.0_mean_300.0_v3" 201 - "PUT http://[::1]:8080/v1/AUTH_2a636ad9760344e79dff02823315c4fd/gnocchi.1b8409c4-7a65-4570-8473-94d23333e45d/1759320000.0_mean_300.0_v3" "tx4a41dcb4a8f04e4c8f047-0068e16ac3" "proxy-server 89511" 0.0185 "-" 93450 0
Oct 04 14:43:15 np0005470886.novalocal container-server[93154]: ::1 - - [04/Oct/2025:18:43:15 +0000] "PUT /1/47954/AUTH_2a636ad9760344e79dff02823315c4fd/gnocchi.1b8409c4-7a65-4570-8473-94d23333e45d/1759320000.0_mean_300.0_v3" 201 - "PUT http://[::1]:8080/2/34346/AUTH_2a636ad9760344e79dff02823315c4fd/gnocchi.1b8409c4-7a65-4570-8473-94d23333e45d/1759320000.0_mean_300.0_v3" "tx4a41dcb4a8f04e4c8f047-0068e16ac3" "object-server 93450" 0.0006 "-" 93154 0
Oct 04 14:43:15 np0005470886.novalocal account-server[92860]: ::1 - - [04/Oct/2025:18:43:15 +0000] "PUT /1/167054/AUTH_2a636ad9760344e79dff02823315c4fd/gnocchi.5ef2ec07-851f-4db1-b66f-83b1de1329bb" 201 - "PUT http://[::1]:6001/3/14491/AUTH_2a636ad9760344e79dff02823315c4fd/gnocchi.5ef2ec07-851f-4db1-b66f-83b1de1329bb" "tx3f177a594dce4cd4ba117-0068e16ac3" "container-server 93155" 0.0032 "-" 92860 0
Oct 04 14:43:15 np0005470886.novalocal container-server[93152]: ::1 - - [04/Oct/2025:18:43:15 +0000] "PUT /3/47954/AUTH_2a636ad9760344e79dff02823315c4fd/gnocchi.1b8409c4-7a65-4570-8473-94d23333e45d/1759320000.0_mean_300.0_v3" 201 - "PUT http://[::1]:8080/3/34346/AUTH_2a636ad9760344e79dff02823315c4fd/gnocchi.1b8409c4-7a65-4570-8473-94d23333e45d/1759320000.0_mean_300.0_v3" "tx4a41dcb4a8f04e4c8f047-0068e16ac3" "object-server 93451" 0.0016 "-" 93152 0
Oct 04 14:43:15 np0005470886.novalocal object-server[93450]: ::1 - - [04/Oct/2025:18:43:15 +0000] "PUT /2/34346/AUTH_2a636ad9760344e79dff02823315c4fd/gnocchi.1b8409c4-7a65-4570-8473-94d23333e45d/1759320000.0_mean_300.0_v3" 201 - "PUT http://[::1]:8080/v1/AUTH_2a636ad9760344e79dff02823315c4fd/gnocchi.1b8409c4-7a65-4570-8473-94d23333e45d/1759320000.0_mean_300.0_v3" "tx4a41dcb4a8f04e4c8f047-0068e16ac3" "proxy-server 89511" 0.0195 "-" 93450 0
Oct 04 14:43:15 np0005470886.novalocal container-server[93155]: ::1 - - [04/Oct/2025:18:43:15 +0000] "PUT /3/14491/AUTH_2a636ad9760344e79dff02823315c4fd/gnocchi.5ef2ec07-851f-4db1-b66f-83b1de1329bb" 201 - "PUT http://[::1]:8080/v1/AUTH_2a636ad9760344e79dff02823315c4fd/gnocchi.5ef2ec07-851f-4db1-b66f-83b1de1329bb" "tx3f177a594dce4cd4ba117-0068e16ac3" "proxy-server 89511" 0.0217 "-" 93155 0
Oct 04 14:43:15 np0005470886.novalocal object-server[93451]: ::1 - - [04/Oct/2025:18:43:15 +0000] "PUT /3/34346/AUTH_2a636ad9760344e79dff02823315c4fd/gnocchi.1b8409c4-7a65-4570-8473-94d23333e45d/1759320000.0_mean_300.0_v3" 201 - "PUT http://[::1]:8080/v1/AUTH_2a636ad9760344e79dff02823315c4fd/gnocchi.1b8409c4-7a65-4570-8473-94d23333e45d/1759320000.0_mean_300.0_v3" "tx4a41dcb4a8f04e4c8f047-0068e16ac3" "proxy-server 89511" 0.0201 "-" 93451 0
Oct 04 14:43:15 np0005470886.novalocal proxy-server[89511]: ::1 ::1 04/Oct/2025/18/43/15 PUT /v1/AUTH_2a636ad9760344e79dff02823315c4fd/gnocchi.5ef2ec07-851f-4db1-b66f-83b1de1329bb HTTP/1.0 201 - python-swiftclient-4.2.0 gAAAAABo4WqryIa7... - - - tx3f177a594dce4cd4ba117-0068e16ac3 - 0.0366 - - 1759603395.861615658 1759603395.898233891 0
Oct 04 14:43:15 np0005470886.novalocal proxy-server[89511]: ::1 ::1 04/Oct/2025/18/43/15 PUT /v1/AUTH_2a636ad9760344e79dff02823315c4fd/gnocchi.1b8409c4-7a65-4570-8473-94d23333e45d/1759320000.0_mean_300.0_v3 HTTP/1.0 201 - python-swiftclient-4.2.0 gAAAAABo4WqjVCzL... 16 - - tx4a41dcb4a8f04e4c8f047-0068e16ac3 - 0.0268 - - 1759603395.872344732 1759603395.899115562 0
Oct 04 14:43:15 np0005470886.novalocal container-server[93153]: ::1 - - [04/Oct/2025:18:43:15 +0000] "HEAD /2/14491/AUTH_2a636ad9760344e79dff02823315c4fd/gnocchi.5ef2ec07-851f-4db1-b66f-83b1de1329bb" 204 - "HEAD http://[::1]:8080/v1/AUTH_2a636ad9760344e79dff02823315c4fd/gnocchi.5ef2ec07-851f-4db1-b66f-83b1de1329bb?format=json&states=listing" "tx66b00317c55c4d66b16cc-0068e16ac3" "proxy-server 89511" 0.0017 "-" 93153 0
Oct 04 14:43:15 np0005470886.novalocal container-server[93155]: ::1 - - [04/Oct/2025:18:43:15 +0000] "GET /3/14491/AUTH_2a636ad9760344e79dff02823315c4fd/gnocchi.5ef2ec07-851f-4db1-b66f-83b1de1329bb" 200 2 "GET http://[::1]:8080/v1/AUTH_2a636ad9760344e79dff02823315c4fd/gnocchi.5ef2ec07-851f-4db1-b66f-83b1de1329bb?format=json&states=listing" "tx66b00317c55c4d66b16cc-0068e16ac3" "proxy-server 89511" 0.0022 "-" 93155 0
Oct 04 14:43:15 np0005470886.novalocal proxy-server[89511]: ::1 ::1 04/Oct/2025/18/43/15 GET /v1/AUTH_2a636ad9760344e79dff02823315c4fd/gnocchi.5ef2ec07-851f-4db1-b66f-83b1de1329bb%3Fformat%3Djson%26states%3Dlisting HTTP/1.0 200 - python-swiftclient-4.2.0 gAAAAABo4WqryIa7... - 2 - tx66b00317c55c4d66b16cc-0068e16ac3 - 0.0143 - - 1759603395.900665998 1759603395.914931059 0
Oct 04 14:43:15 np0005470886.novalocal container-server[93155]: ::1 - - [04/Oct/2025:18:43:15 +0000] "PUT /1/47954/AUTH_2a636ad9760344e79dff02823315c4fd/gnocchi.1b8409c4-7a65-4570-8473-94d23333e45d/none_v3" 201 - "PUT http://[::1]:8080/1/251860/AUTH_2a636ad9760344e79dff02823315c4fd/gnocchi.1b8409c4-7a65-4570-8473-94d23333e45d/none_v3" "tx29ebd3dc638c4c4082c7d-0068e16ac3" "object-server 93450" 0.0005 "-" 93155 0
Oct 04 14:43:15 np0005470886.novalocal object-server[93450]: ::1 - - [04/Oct/2025:18:43:15 +0000] "PUT /1/251860/AUTH_2a636ad9760344e79dff02823315c4fd/gnocchi.1b8409c4-7a65-4570-8473-94d23333e45d/none_v3" 201 - "PUT http://[::1]:8080/v1/AUTH_2a636ad9760344e79dff02823315c4fd/gnocchi.1b8409c4-7a65-4570-8473-94d23333e45d/none_v3" "tx29ebd3dc638c4c4082c7d-0068e16ac3" "proxy-server 89511" 0.0142 "-" 93450 0
Oct 04 14:43:15 np0005470886.novalocal object-server[93451]: ::1 - - [04/Oct/2025:18:43:15 +0000] "GET /2/175380/AUTH_2a636ad9760344e79dff02823315c4fd/gnocchi.5ef2ec07-851f-4db1-b66f-83b1de1329bb/1759320000.0_mean_300.0_v3" 404 70 "GET http://[::1]:8080/v1/AUTH_2a636ad9760344e79dff02823315c4fd/gnocchi.5ef2ec07-851f-4db1-b66f-83b1de1329bb/1759320000.0_mean_300.0_v3" "tx45508f0a94e34de7be168-0068e16ac3" "proxy-server 89511" 0.0005 "-" 93451 0
Oct 04 14:43:15 np0005470886.novalocal container-server[93154]: ::1 - - [04/Oct/2025:18:43:15 +0000] "PUT /2/47954/AUTH_2a636ad9760344e79dff02823315c4fd/gnocchi.1b8409c4-7a65-4570-8473-94d23333e45d/none_v3" 201 - "PUT http://[::1]:8080/3/251860/AUTH_2a636ad9760344e79dff02823315c4fd/gnocchi.1b8409c4-7a65-4570-8473-94d23333e45d/none_v3" "tx29ebd3dc638c4c4082c7d-0068e16ac3" "object-server 93452" 0.0034 "-" 93154 0
Oct 04 14:43:15 np0005470886.novalocal container-server[93152]: ::1 - - [04/Oct/2025:18:43:15 +0000] "PUT /3/47954/AUTH_2a636ad9760344e79dff02823315c4fd/gnocchi.1b8409c4-7a65-4570-8473-94d23333e45d/none_v3" 201 - "PUT http://[::1]:8080/2/251860/AUTH_2a636ad9760344e79dff02823315c4fd/gnocchi.1b8409c4-7a65-4570-8473-94d23333e45d/none_v3" "tx29ebd3dc638c4c4082c7d-0068e16ac3" "object-server 93450" 0.0052 "-" 93152 0
Oct 04 14:43:15 np0005470886.novalocal object-server[93452]: ::1 - - [04/Oct/2025:18:43:15 +0000] "PUT /3/251860/AUTH_2a636ad9760344e79dff02823315c4fd/gnocchi.1b8409c4-7a65-4570-8473-94d23333e45d/none_v3" 201 - "PUT http://[::1]:8080/v1/AUTH_2a636ad9760344e79dff02823315c4fd/gnocchi.1b8409c4-7a65-4570-8473-94d23333e45d/none_v3" "tx29ebd3dc638c4c4082c7d-0068e16ac3" "proxy-server 89511" 0.0137 "-" 93452 0
Oct 04 14:43:15 np0005470886.novalocal object-server[93450]: ::1 - - [04/Oct/2025:18:43:15 +0000] "GET /3/175380/AUTH_2a636ad9760344e79dff02823315c4fd/gnocchi.5ef2ec07-851f-4db1-b66f-83b1de1329bb/1759320000.0_mean_300.0_v3" 404 70 "GET http://[::1]:8080/v1/AUTH_2a636ad9760344e79dff02823315c4fd/gnocchi.5ef2ec07-851f-4db1-b66f-83b1de1329bb/1759320000.0_mean_300.0_v3" "tx45508f0a94e34de7be168-0068e16ac3" "proxy-server 89511" 0.0004 "-" 93450 0
Oct 04 14:43:15 np0005470886.novalocal object-server[93450]: ::1 - - [04/Oct/2025:18:43:15 +0000] "PUT /2/251860/AUTH_2a636ad9760344e79dff02823315c4fd/gnocchi.1b8409c4-7a65-4570-8473-94d23333e45d/none_v3" 201 - "PUT http://[::1]:8080/v1/AUTH_2a636ad9760344e79dff02823315c4fd/gnocchi.1b8409c4-7a65-4570-8473-94d23333e45d/none_v3" "tx29ebd3dc638c4c4082c7d-0068e16ac3" "proxy-server 89511" 0.0205 "-" 93450 0
Oct 04 14:43:15 np0005470886.novalocal proxy-server[89511]: ::1 ::1 04/Oct/2025/18/43/15 PUT /v1/AUTH_2a636ad9760344e79dff02823315c4fd/gnocchi.1b8409c4-7a65-4570-8473-94d23333e45d/none_v3 HTTP/1.0 201 - python-swiftclient-4.2.0 gAAAAABo4WqjVCzL... 22 - - tx29ebd3dc638c4c4082c7d-0068e16ac3 - 0.0292 - - 1759603395.904901028 1759603395.934077263 0
Oct 04 14:43:15 np0005470886.novalocal object-server[93449]: ::1 - - [04/Oct/2025:18:43:15 +0000] "GET /1/175380/AUTH_2a636ad9760344e79dff02823315c4fd/gnocchi.5ef2ec07-851f-4db1-b66f-83b1de1329bb/1759320000.0_mean_300.0_v3" 404 70 "GET http://[::1]:8080/v1/AUTH_2a636ad9760344e79dff02823315c4fd/gnocchi.5ef2ec07-851f-4db1-b66f-83b1de1329bb/1759320000.0_mean_300.0_v3" "tx45508f0a94e34de7be168-0068e16ac3" "proxy-server 89511" 0.0004 "-" 93449 0
Oct 04 14:43:15 np0005470886.novalocal proxy-server[89511]: ::1 ::1 04/Oct/2025/18/43/15 GET /v1/AUTH_2a636ad9760344e79dff02823315c4fd/gnocchi.5ef2ec07-851f-4db1-b66f-83b1de1329bb/1759320000.0_mean_300.0_v3 HTTP/1.0 404 - python-swiftclient-4.2.0 gAAAAABo4WqryIa7... - 70 - tx45508f0a94e34de7be168-0068e16ac3 - 0.0199 - - 1759603395.918236256 1759603395.938153267 0
Oct 04 14:43:15 np0005470886.novalocal container-server[93152]: ::1 - - [04/Oct/2025:18:43:15 +0000] "HEAD /3/68996/AUTH_2a636ad9760344e79dff02823315c4fd/gnocchi.f6886fe4-b8bb-42e5-b3c5-c88b83ed19bc" 404 - "HEAD http://[::1]:8080/v1/AUTH_2a636ad9760344e79dff02823315c4fd/gnocchi.f6886fe4-b8bb-42e5-b3c5-c88b83ed19bc?format=json&states=listing" "tx9189cab72f3f43049c652-0068e16ac3" "proxy-server 89511" 0.0003 "-" 93152 0
Oct 04 14:43:15 np0005470886.novalocal container-server[93153]: ::1 - - [04/Oct/2025:18:43:15 +0000] "HEAD /2/68996/AUTH_2a636ad9760344e79dff02823315c4fd/gnocchi.f6886fe4-b8bb-42e5-b3c5-c88b83ed19bc" 404 - "HEAD http://[::1]:8080/v1/AUTH_2a636ad9760344e79dff02823315c4fd/gnocchi.f6886fe4-b8bb-42e5-b3c5-c88b83ed19bc?format=json&states=listing" "tx9189cab72f3f43049c652-0068e16ac3" "proxy-server 89511" 0.0003 "-" 93153 0
Oct 04 14:43:15 np0005470886.novalocal container-server[93152]: ::1 - - [04/Oct/2025:18:43:15 +0000] "PUT /3/14491/AUTH_2a636ad9760344e79dff02823315c4fd/gnocchi.5ef2ec07-851f-4db1-b66f-83b1de1329bb/1759320000.0_mean_300.0_v3" 201 - "PUT http://[::1]:8080/3/175380/AUTH_2a636ad9760344e79dff02823315c4fd/gnocchi.5ef2ec07-851f-4db1-b66f-83b1de1329bb/1759320000.0_mean_300.0_v3" "tx75dbab4fcee647ceb473c-0068e16ac3" "object-server 93450" 0.0004 "-" 93152 0
Oct 04 14:43:15 np0005470886.novalocal object-server[93450]: ::1 - - [04/Oct/2025:18:43:15 +0000] "PUT /3/175380/AUTH_2a636ad9760344e79dff02823315c4fd/gnocchi.5ef2ec07-851f-4db1-b66f-83b1de1329bb/1759320000.0_mean_300.0_v3" 201 - "PUT http://[::1]:8080/v1/AUTH_2a636ad9760344e79dff02823315c4fd/gnocchi.5ef2ec07-851f-4db1-b66f-83b1de1329bb/1759320000.0_mean_300.0_v3" "tx75dbab4fcee647ceb473c-0068e16ac3" "proxy-server 89511" 0.0114 "-" 93450 0
Oct 04 14:43:15 np0005470886.novalocal container-server[93154]: ::1 - - [04/Oct/2025:18:43:15 +0000] "HEAD /1/68996/AUTH_2a636ad9760344e79dff02823315c4fd/gnocchi.f6886fe4-b8bb-42e5-b3c5-c88b83ed19bc" 404 - "HEAD http://[::1]:8080/v1/AUTH_2a636ad9760344e79dff02823315c4fd/gnocchi.f6886fe4-b8bb-42e5-b3c5-c88b83ed19bc?format=json&states=listing" "tx9189cab72f3f43049c652-0068e16ac3" "proxy-server 89511" 0.0005 "-" 93154 0
Oct 04 14:43:15 np0005470886.novalocal container-server[93152]: ::1 - - [04/Oct/2025:18:43:15 +0000] "PUT /1/14491/AUTH_2a636ad9760344e79dff02823315c4fd/gnocchi.5ef2ec07-851f-4db1-b66f-83b1de1329bb/1759320000.0_mean_300.0_v3" 201 - "PUT http://[::1]:8080/1/175380/AUTH_2a636ad9760344e79dff02823315c4fd/gnocchi.5ef2ec07-851f-4db1-b66f-83b1de1329bb/1759320000.0_mean_300.0_v3" "tx75dbab4fcee647ceb473c-0068e16ac3" "object-server 93451" 0.0003 "-" 93152 0
Oct 04 14:43:15 np0005470886.novalocal container-server[93152]: ::1 - - [04/Oct/2025:18:43:15 +0000] "PUT /2/14491/AUTH_2a636ad9760344e79dff02823315c4fd/gnocchi.5ef2ec07-851f-4db1-b66f-83b1de1329bb/1759320000.0_mean_300.0_v3" 201 - "PUT http://[::1]:8080/2/175380/AUTH_2a636ad9760344e79dff02823315c4fd/gnocchi.5ef2ec07-851f-4db1-b66f-83b1de1329bb/1759320000.0_mean_300.0_v3" "tx75dbab4fcee647ceb473c-0068e16ac3" "object-server 93451" 0.0003 "-" 93152 0
Oct 04 14:43:15 np0005470886.novalocal object-server[93451]: ::1 - - [04/Oct/2025:18:43:15 +0000] "PUT /1/175380/AUTH_2a636ad9760344e79dff02823315c4fd/gnocchi.5ef2ec07-851f-4db1-b66f-83b1de1329bb/1759320000.0_mean_300.0_v3" 201 - "PUT http://[::1]:8080/v1/AUTH_2a636ad9760344e79dff02823315c4fd/gnocchi.5ef2ec07-851f-4db1-b66f-83b1de1329bb/1759320000.0_mean_300.0_v3" "tx75dbab4fcee647ceb473c-0068e16ac3" "proxy-server 89511" 0.0152 "-" 93451 0
Oct 04 14:43:15 np0005470886.novalocal object-server[93451]: ::1 - - [04/Oct/2025:18:43:15 +0000] "PUT /2/175380/AUTH_2a636ad9760344e79dff02823315c4fd/gnocchi.5ef2ec07-851f-4db1-b66f-83b1de1329bb/1759320000.0_mean_300.0_v3" 201 - "PUT http://[::1]:8080/v1/AUTH_2a636ad9760344e79dff02823315c4fd/gnocchi.5ef2ec07-851f-4db1-b66f-83b1de1329bb/1759320000.0_mean_300.0_v3" "tx75dbab4fcee647ceb473c-0068e16ac3" "proxy-server 89511" 0.0154 "-" 93451 0
Oct 04 14:43:15 np0005470886.novalocal object-server[93451]: ::1 - - [04/Oct/2025:18:43:15 +0000] "GET /3/236748/AUTH_2a636ad9760344e79dff02823315c4fd/gnocchi.f6886fe4-b8bb-42e5-b3c5-c88b83ed19bc/none_v3" 404 70 "GET http://[::1]:8080/v1/AUTH_2a636ad9760344e79dff02823315c4fd/gnocchi.f6886fe4-b8bb-42e5-b3c5-c88b83ed19bc/none_v3" "tx9189cab72f3f43049c652-0068e16ac3" "proxy-server 89511" 0.0003 "-" 93451 0
Oct 04 14:43:15 np0005470886.novalocal proxy-server[89511]: ::1 ::1 04/Oct/2025/18/43/15 PUT /v1/AUTH_2a636ad9760344e79dff02823315c4fd/gnocchi.5ef2ec07-851f-4db1-b66f-83b1de1329bb/1759320000.0_mean_300.0_v3 HTTP/1.0 201 - python-swiftclient-4.2.0 gAAAAABo4WqryIa7... 16 - - tx75dbab4fcee647ceb473c-0068e16ac3 - 0.0255 - - 1759603395.942266703 1759603395.967762709 0
Oct 04 14:43:15 np0005470886.novalocal object-server[93450]: ::1 - - [04/Oct/2025:18:43:15 +0000] "GET /1/236748/AUTH_2a636ad9760344e79dff02823315c4fd/gnocchi.f6886fe4-b8bb-42e5-b3c5-c88b83ed19bc/none_v3" 404 70 "GET http://[::1]:8080/v1/AUTH_2a636ad9760344e79dff02823315c4fd/gnocchi.f6886fe4-b8bb-42e5-b3c5-c88b83ed19bc/none_v3" "tx9189cab72f3f43049c652-0068e16ac3" "proxy-server 89511" 0.0003 "-" 93450 0
Oct 04 14:43:15 np0005470886.novalocal object-server[93450]: ::1 - - [04/Oct/2025:18:43:15 +0000] "GET /2/236748/AUTH_2a636ad9760344e79dff02823315c4fd/gnocchi.f6886fe4-b8bb-42e5-b3c5-c88b83ed19bc/none_v3" 404 70 "GET http://[::1]:8080/v1/AUTH_2a636ad9760344e79dff02823315c4fd/gnocchi.f6886fe4-b8bb-42e5-b3c5-c88b83ed19bc/none_v3" "tx9189cab72f3f43049c652-0068e16ac3" "proxy-server 89511" 0.0002 "-" 93450 0
Oct 04 14:43:15 np0005470886.novalocal proxy-server[89511]: ::1 ::1 04/Oct/2025/18/43/15 GET /v1/AUTH_2a636ad9760344e79dff02823315c4fd/gnocchi.f6886fe4-b8bb-42e5-b3c5-c88b83ed19bc/none_v3 HTTP/1.0 404 - python-swiftclient-4.2.0 gAAAAABo4WqjVCzL... - 70 - tx9189cab72f3f43049c652-0068e16ac3 - 0.0284 - - 1759603395.949711323 1759603395.978101969 0
Oct 04 14:43:15 np0005470886.novalocal container-server[93152]: ::1 - - [04/Oct/2025:18:43:15 +0000] "PUT /2/14491/AUTH_2a636ad9760344e79dff02823315c4fd/gnocchi.5ef2ec07-851f-4db1-b66f-83b1de1329bb/none_v3" 201 - "PUT http://[::1]:8080/3/232299/AUTH_2a636ad9760344e79dff02823315c4fd/gnocchi.5ef2ec07-851f-4db1-b66f-83b1de1329bb/none_v3" "txb4000633708146d18ac7d-0068e16ac3" "object-server 93452" 0.0004 "-" 93152 0
Oct 04 14:43:15 np0005470886.novalocal object-server[93452]: ::1 - - [04/Oct/2025:18:43:15 +0000] "PUT /3/232299/AUTH_2a636ad9760344e79dff02823315c4fd/gnocchi.5ef2ec07-851f-4db1-b66f-83b1de1329bb/none_v3" 201 - "PUT http://[::1]:8080/v1/AUTH_2a636ad9760344e79dff02823315c4fd/gnocchi.5ef2ec07-851f-4db1-b66f-83b1de1329bb/none_v3" "txb4000633708146d18ac7d-0068e16ac3" "proxy-server 89511" 0.0117 "-" 93452 0
Oct 04 14:43:15 np0005470886.novalocal container-server[93155]: ::1 - - [04/Oct/2025:18:43:15 +0000] "PUT /1/14491/AUTH_2a636ad9760344e79dff02823315c4fd/gnocchi.5ef2ec07-851f-4db1-b66f-83b1de1329bb/none_v3" 201 - "PUT http://[::1]:8080/2/232299/AUTH_2a636ad9760344e79dff02823315c4fd/gnocchi.5ef2ec07-851f-4db1-b66f-83b1de1329bb/none_v3" "txb4000633708146d18ac7d-0068e16ac3" "object-server 93452" 0.0004 "-" 93155 0
Oct 04 14:43:15 np0005470886.novalocal object-server[93452]: ::1 - - [04/Oct/2025:18:43:15 +0000] "PUT /2/232299/AUTH_2a636ad9760344e79dff02823315c4fd/gnocchi.5ef2ec07-851f-4db1-b66f-83b1de1329bb/none_v3" 201 - "PUT http://[::1]:8080/v1/AUTH_2a636ad9760344e79dff02823315c4fd/gnocchi.5ef2ec07-851f-4db1-b66f-83b1de1329bb/none_v3" "txb4000633708146d18ac7d-0068e16ac3" "proxy-server 89511" 0.0165 "-" 93452 0
Oct 04 14:43:16 np0005470886.novalocal account-server[92861]: ::1 - - [04/Oct/2025:18:43:16 +0000] "PUT /3/167054/AUTH_2a636ad9760344e79dff02823315c4fd/gnocchi.f6886fe4-b8bb-42e5-b3c5-c88b83ed19bc" 201 - "PUT http://[::1]:6001/3/68996/AUTH_2a636ad9760344e79dff02823315c4fd/gnocchi.f6886fe4-b8bb-42e5-b3c5-c88b83ed19bc" "tx44c95867c37342409b094-0068e16ac3" "container-server 93152" 0.0038 "-" 92861 0
Oct 04 14:43:16 np0005470886.novalocal container-server[93154]: ::1 - - [04/Oct/2025:18:43:16 +0000] "PUT /3/14491/AUTH_2a636ad9760344e79dff02823315c4fd/gnocchi.5ef2ec07-851f-4db1-b66f-83b1de1329bb/none_v3" 201 - "PUT http://[::1]:8080/1/232299/AUTH_2a636ad9760344e79dff02823315c4fd/gnocchi.5ef2ec07-851f-4db1-b66f-83b1de1329bb/none_v3" "txb4000633708146d18ac7d-0068e16ac3" "object-server 93450" 0.0009 "-" 93154 0
Oct 04 14:43:16 np0005470886.novalocal account-server[92862]: ::1 - - [04/Oct/2025:18:43:16 +0000] "PUT /1/167054/AUTH_2a636ad9760344e79dff02823315c4fd/gnocchi.f6886fe4-b8bb-42e5-b3c5-c88b83ed19bc" 201 - "PUT http://[::1]:6001/2/68996/AUTH_2a636ad9760344e79dff02823315c4fd/gnocchi.f6886fe4-b8bb-42e5-b3c5-c88b83ed19bc" "tx44c95867c37342409b094-0068e16ac3" "container-server 93155" 0.0058 "-" 92862 0
Oct 04 14:43:16 np0005470886.novalocal container-server[93152]: ::1 - - [04/Oct/2025:18:43:16 +0000] "PUT /3/68996/AUTH_2a636ad9760344e79dff02823315c4fd/gnocchi.f6886fe4-b8bb-42e5-b3c5-c88b83ed19bc" 201 - "PUT http://[::1]:8080/v1/AUTH_2a636ad9760344e79dff02823315c4fd/gnocchi.f6886fe4-b8bb-42e5-b3c5-c88b83ed19bc" "tx44c95867c37342409b094-0068e16ac3" "proxy-server 89511" 0.0157 "-" 93152 0
