Oct 04 14:43:39 np0005470886.novalocal container-server[93152]: ::1 - - [04/Oct/2025:18:43:39 +0000] "PUT /1/215837/AUTH_2a636ad9760344e79dff02823315c4fd/gnocchi.ed7f6982-7724-4af6-ab47-35ec9f041111/1759320000.0_mean_300.0_v3" 201 - "PUT http://[::1]:8080/1/152548/AUTH_2a636ad9760344e79dff02823315c4fd/gnocchi.ed7f6982-7724-4af6-ab47-35ec9f041111/1759320000.0_mean_300.0_v3" "tx61da501bf5524ec6af6b2-0068e16adb" "object-server 93452" 0.0004 "-" 93152 0
Oct 04 14:43:39 np0005470886.novalocal container-server[93153]: ::1 - - [04/Oct/2025:18:43:39 +0000] "PUT /3/215837/AUTH_2a636ad9760344e79dff02823315c4fd/gnocchi.ed7f6982-7724-4af6-ab47-35ec9f041111/1759320000.0_mean_300.0_v3" 201 - "PUT http://[::1]:8080/3/152548/AUTH_2a636ad9760344e79dff02823315c4fd/gnocchi.ed7f6982-7724-4af6-ab47-35ec9f041111/1759320000.0_mean_300.0_v3" "tx61da501bf5524ec6af6b2-0068e16adb" "object-server 93451" 0.0005 "-" 93153 0
Oct 04 14:43:39 np0005470886.novalocal object-server[93452]: ::1 - - [04/Oct/2025:18:43:39 +0000] "PUT /1/152548/AUTH_2a636ad9760344e79dff02823315c4fd/gnocchi.ed7f6982-7724-4af6-ab47-35ec9f041111/1759320000.0_mean_300.0_v3" 201 - "PUT http://[::1]:8080/v1/AUTH_2a636ad9760344e79dff02823315c4fd/gnocchi.ed7f6982-7724-4af6-ab47-35ec9f041111/1759320000.0_mean_300.0_v3" "tx61da501bf5524ec6af6b2-0068e16adb" "proxy-server 89511" 0.0094 "-" 93452 0
Oct 04 14:43:39 np0005470886.novalocal object-server[93451]: ::1 - - [04/Oct/2025:18:43:39 +0000] "PUT /3/152548/AUTH_2a636ad9760344e79dff02823315c4fd/gnocchi.ed7f6982-7724-4af6-ab47-35ec9f041111/1759320000.0_mean_300.0_v3" 201 - "PUT http://[::1]:8080/v1/AUTH_2a636ad9760344e79dff02823315c4fd/gnocchi.ed7f6982-7724-4af6-ab47-35ec9f041111/1759320000.0_mean_300.0_v3" "tx61da501bf5524ec6af6b2-0068e16adb" "proxy-server 89511" 0.0098 "-" 93451 0
Oct 04 14:43:39 np0005470886.novalocal container-server[93153]: ::1 - - [04/Oct/2025:18:43:39 +0000] "PUT /2/215837/AUTH_2a636ad9760344e79dff02823315c4fd/gnocchi.ed7f6982-7724-4af6-ab47-35ec9f041111/1759320000.0_mean_300.0_v3" 201 - "PUT http://[::1]:8080/2/152548/AUTH_2a636ad9760344e79dff02823315c4fd/gnocchi.ed7f6982-7724-4af6-ab47-35ec9f041111/1759320000.0_mean_300.0_v3" "tx61da501bf5524ec6af6b2-0068e16adb" "object-server 93450" 0.0003 "-" 93153 0
Oct 04 14:43:39 np0005470886.novalocal object-server[93450]: ::1 - - [04/Oct/2025:18:43:39 +0000] "PUT /2/152548/AUTH_2a636ad9760344e79dff02823315c4fd/gnocchi.ed7f6982-7724-4af6-ab47-35ec9f041111/1759320000.0_mean_300.0_v3" 201 - "PUT http://[::1]:8080/v1/AUTH_2a636ad9760344e79dff02823315c4fd/gnocchi.ed7f6982-7724-4af6-ab47-35ec9f041111/1759320000.0_mean_300.0_v3" "tx61da501bf5524ec6af6b2-0068e16adb" "proxy-server 89511" 0.0115 "-" 93450 0
Oct 04 14:43:39 np0005470886.novalocal proxy-server[89511]: ::1 ::1 04/Oct/2025/18/43/39 PUT /v1/AUTH_2a636ad9760344e79dff02823315c4fd/gnocchi.ed7f6982-7724-4af6-ab47-35ec9f041111/1759320000.0_mean_300.0_v3 HTTP/1.0 201 - python-swiftclient-4.2.0 gAAAAABo4WqryIa7... 16 - - tx61da501bf5524ec6af6b2-0068e16adb - 0.0255 - - 1759603419.146214962 1759603419.171728611 0
Oct 04 14:43:39 np0005470886.novalocal container-server[93155]: ::1 - - [04/Oct/2025:18:43:39 +0000] "GET /3/213957/AUTH_2a636ad9760344e79dff02823315c4fd/gnocchi.055af467-a1e6-4bd2-a49e-6009a74c2178" 200 2 "GET http://[::1]:8080/v1/AUTH_2a636ad9760344e79dff02823315c4fd/gnocchi.055af467-a1e6-4bd2-a49e-6009a74c2178?format=json&marker=none_v3&states=listing" "tx1942c604928447a0a7939-0068e16adb" "proxy-server 89511" 0.0023 "-" 93155 0
Oct 04 14:43:39 np0005470886.novalocal proxy-server[89511]: ::1 ::1 04/Oct/2025/18/43/39 GET /v1/AUTH_2a636ad9760344e79dff02823315c4fd/gnocchi.055af467-a1e6-4bd2-a49e-6009a74c2178%3Fformat%3Djson%26marker%3Dnone_v3%26states%3Dlisting HTTP/1.0 200 - python-swiftclient-4.2.0 gAAAAABo4WqjVCzL... - 2 - tx1942c604928447a0a7939-0068e16adb - 0.0116 - - 1759603419.163771391 1759603419.175415993 0
Oct 04 14:43:39 np0005470886.novalocal object-server[93452]: ::1 - - [04/Oct/2025:18:43:39 +0000] "GET /2/191357/AUTH_2a636ad9760344e79dff02823315c4fd/gnocchi.055af467-a1e6-4bd2-a49e-6009a74c2178/1759320000.0_mean_300.0_v3" 200 16 "GET http://[::1]:8080/v1/AUTH_2a636ad9760344e79dff02823315c4fd/gnocchi.055af467-a1e6-4bd2-a49e-6009a74c2178/1759320000.0_mean_300.0_v3" "tx9cbe54df809f435687ae7-0068e16adb" "proxy-server 89511" 0.0006 "-" 93452 0
Oct 04 14:43:39 np0005470886.novalocal proxy-server[89511]: ::1 ::1 04/Oct/2025/18/43/39 GET /v1/AUTH_2a636ad9760344e79dff02823315c4fd/gnocchi.055af467-a1e6-4bd2-a49e-6009a74c2178/1759320000.0_mean_300.0_v3 HTTP/1.0 200 - python-swiftclient-4.2.0 gAAAAABo4WqjVCzL... - 16 - tx9cbe54df809f435687ae7-0068e16adb - 0.0067 - - 1759603419.180186987 1759603419.186932325 0
Oct 04 14:43:39 np0005470886.novalocal container-server[93152]: ::1 - - [04/Oct/2025:18:43:39 +0000] "PUT /1/215837/AUTH_2a636ad9760344e79dff02823315c4fd/gnocchi.ed7f6982-7724-4af6-ab47-35ec9f041111/none_v3" 201 - "PUT http://[::1]:8080/1/67521/AUTH_2a636ad9760344e79dff02823315c4fd/gnocchi.ed7f6982-7724-4af6-ab47-35ec9f041111/none_v3" "tx5a1f0ed4a9e64793ab029-0068e16adb" "object-server 93450" 0.0004 "-" 93152 0
Oct 04 14:43:39 np0005470886.novalocal object-server[93450]: ::1 - - [04/Oct/2025:18:43:39 +0000] "PUT /1/67521/AUTH_2a636ad9760344e79dff02823315c4fd/gnocchi.ed7f6982-7724-4af6-ab47-35ec9f041111/none_v3" 201 - "PUT http://[::1]:8080/v1/AUTH_2a636ad9760344e79dff02823315c4fd/gnocchi.ed7f6982-7724-4af6-ab47-35ec9f041111/none_v3" "tx5a1f0ed4a9e64793ab029-0068e16adb" "proxy-server 89511" 0.0089 "-" 93450 0
Oct 04 14:43:39 np0005470886.novalocal container-server[93155]: ::1 - - [04/Oct/2025:18:43:39 +0000] "PUT /3/215837/AUTH_2a636ad9760344e79dff02823315c4fd/gnocchi.ed7f6982-7724-4af6-ab47-35ec9f041111/none_v3" 201 - "PUT http://[::1]:8080/2/67521/AUTH_2a636ad9760344e79dff02823315c4fd/gnocchi.ed7f6982-7724-4af6-ab47-35ec9f041111/none_v3" "tx5a1f0ed4a9e64793ab029-0068e16adb" "object-server 93451" 0.0004 "-" 93155 0
Oct 04 14:43:39 np0005470886.novalocal object-server[93451]: ::1 - - [04/Oct/2025:18:43:39 +0000] "PUT /2/67521/AUTH_2a636ad9760344e79dff02823315c4fd/gnocchi.ed7f6982-7724-4af6-ab47-35ec9f041111/none_v3" 201 - "PUT http://[::1]:8080/v1/AUTH_2a636ad9760344e79dff02823315c4fd/gnocchi.ed7f6982-7724-4af6-ab47-35ec9f041111/none_v3" "tx5a1f0ed4a9e64793ab029-0068e16adb" "proxy-server 89511" 0.0117 "-" 93451 0
Oct 04 14:43:39 np0005470886.novalocal container-server[93155]: ::1 - - [04/Oct/2025:18:43:39 +0000] "PUT /2/215837/AUTH_2a636ad9760344e79dff02823315c4fd/gnocchi.ed7f6982-7724-4af6-ab47-35ec9f041111/none_v3" 201 - "PUT http://[::1]:8080/3/67521/AUTH_2a636ad9760344e79dff02823315c4fd/gnocchi.ed7f6982-7724-4af6-ab47-35ec9f041111/none_v3" "tx5a1f0ed4a9e64793ab029-0068e16adb" "object-server 93449" 0.0003 "-" 93155 0
Oct 04 14:43:39 np0005470886.novalocal object-server[93449]: ::1 - - [04/Oct/2025:18:43:39 +0000] "PUT /3/67521/AUTH_2a636ad9760344e79dff02823315c4fd/gnocchi.ed7f6982-7724-4af6-ab47-35ec9f041111/none_v3" 201 - "PUT http://[::1]:8080/v1/AUTH_2a636ad9760344e79dff02823315c4fd/gnocchi.ed7f6982-7724-4af6-ab47-35ec9f041111/none_v3" "tx5a1f0ed4a9e64793ab029-0068e16adb" "proxy-server 89511" 0.0133 "-" 93449 0
Oct 04 14:43:39 np0005470886.novalocal proxy-server[89511]: ::1 ::1 04/Oct/2025/18/43/39 PUT /v1/AUTH_2a636ad9760344e79dff02823315c4fd/gnocchi.ed7f6982-7724-4af6-ab47-35ec9f041111/none_v3 HTTP/1.0 201 - python-swiftclient-4.2.0 gAAAAABo4WqryIa7... 52 - - tx5a1f0ed4a9e64793ab029-0068e16adb - 0.0201 - - 1759603419.176276684 1759603419.196423769 0
Oct 04 14:43:39 np0005470886.novalocal container-server[93154]: ::1 - - [04/Oct/2025:18:43:39 +0000] "PUT /2/213957/AUTH_2a636ad9760344e79dff02823315c4fd/gnocchi.055af467-a1e6-4bd2-a49e-6009a74c2178/1759320000.0_mean_300.0_v3" 201 - "PUT http://[::1]:8080/3/191357/AUTH_2a636ad9760344e79dff02823315c4fd/gnocchi.055af467-a1e6-4bd2-a49e-6009a74c2178/1759320000.0_mean_300.0_v3" "txb3afecfd11fb410e9f3ff-0068e16adb" "object-server 93452" 0.0004 "-" 93154 0
Oct 04 14:43:39 np0005470886.novalocal object-server[93452]: ::1 - - [04/Oct/2025:18:43:39 +0000] "PUT /3/191357/AUTH_2a636ad9760344e79dff02823315c4fd/gnocchi.055af467-a1e6-4bd2-a49e-6009a74c2178/1759320000.0_mean_300.0_v3" 201 - "PUT http://[::1]:8080/v1/AUTH_2a636ad9760344e79dff02823315c4fd/gnocchi.055af467-a1e6-4bd2-a49e-6009a74c2178/1759320000.0_mean_300.0_v3" "txb3afecfd11fb410e9f3ff-0068e16adb" "proxy-server 89511" 0.0083 "-" 93452 0
Oct 04 14:43:39 np0005470886.novalocal container-server[93155]: ::1 - - [04/Oct/2025:18:43:39 +0000] "PUT /3/213957/AUTH_2a636ad9760344e79dff02823315c4fd/gnocchi.055af467-a1e6-4bd2-a49e-6009a74c2178/1759320000.0_mean_300.0_v3" 201 - "PUT http://[::1]:8080/1/191357/AUTH_2a636ad9760344e79dff02823315c4fd/gnocchi.055af467-a1e6-4bd2-a49e-6009a74c2178/1759320000.0_mean_300.0_v3" "txb3afecfd11fb410e9f3ff-0068e16adb" "object-server 93450" 0.0007 "-" 93155 0
Oct 04 14:43:39 np0005470886.novalocal container-server[93152]: ::1 - - [04/Oct/2025:18:43:39 +0000] "PUT /1/213957/AUTH_2a636ad9760344e79dff02823315c4fd/gnocchi.055af467-a1e6-4bd2-a49e-6009a74c2178/1759320000.0_mean_300.0_v3" 201 - "PUT http://[::1]:8080/2/191357/AUTH_2a636ad9760344e79dff02823315c4fd/gnocchi.055af467-a1e6-4bd2-a49e-6009a74c2178/1759320000.0_mean_300.0_v3" "txb3afecfd11fb410e9f3ff-0068e16adb" "object-server 93450" 0.0004 "-" 93152 0
Oct 04 14:43:39 np0005470886.novalocal object-server[93450]: ::1 - - [04/Oct/2025:18:43:39 +0000] "PUT /1/191357/AUTH_2a636ad9760344e79dff02823315c4fd/gnocchi.055af467-a1e6-4bd2-a49e-6009a74c2178/1759320000.0_mean_300.0_v3" 201 - "PUT http://[::1]:8080/v1/AUTH_2a636ad9760344e79dff02823315c4fd/gnocchi.055af467-a1e6-4bd2-a49e-6009a74c2178/1759320000.0_mean_300.0_v3" "txb3afecfd11fb410e9f3ff-0068e16adb" "proxy-server 89511" 0.0135 "-" 93450 0
Oct 04 14:43:39 np0005470886.novalocal object-server[93450]: ::1 - - [04/Oct/2025:18:43:39 +0000] "PUT /2/191357/AUTH_2a636ad9760344e79dff02823315c4fd/gnocchi.055af467-a1e6-4bd2-a49e-6009a74c2178/1759320000.0_mean_300.0_v3" 201 - "PUT http://[::1]:8080/v1/AUTH_2a636ad9760344e79dff02823315c4fd/gnocchi.055af467-a1e6-4bd2-a49e-6009a74c2178/1759320000.0_mean_300.0_v3" "txb3afecfd11fb410e9f3ff-0068e16adb" "proxy-server 89511" 0.0129 "-" 93450 0
Oct 04 14:43:39 np0005470886.novalocal proxy-server[89511]: ::1 ::1 04/Oct/2025/18/43/39 PUT /v1/AUTH_2a636ad9760344e79dff02823315c4fd/gnocchi.055af467-a1e6-4bd2-a49e-6009a74c2178/1759320000.0_mean_300.0_v3 HTTP/1.0 201 - python-swiftclient-4.2.0 gAAAAABo4WqjVCzL... 16 - - txb3afecfd11fb410e9f3ff-0068e16adb - 0.0197 - - 1759603419.190817833 1759603419.210484028 0
Oct 04 14:43:39 np0005470886.novalocal container-server[93154]: ::1 - - [04/Oct/2025:18:43:39 +0000] "PUT /1/213957/AUTH_2a636ad9760344e79dff02823315c4fd/gnocchi.055af467-a1e6-4bd2-a49e-6009a74c2178/none_v3" 201 - "PUT http://[::1]:8080/1/145716/AUTH_2a636ad9760344e79dff02823315c4fd/gnocchi.055af467-a1e6-4bd2-a49e-6009a74c2178/none_v3" "tx55f3545cddbc40d686589-0068e16adb" "object-server 93452" 0.0007 "-" 93154 0
Oct 04 14:43:39 np0005470886.novalocal object-server[93452]: ::1 - - [04/Oct/2025:18:43:39 +0000] "PUT /1/145716/AUTH_2a636ad9760344e79dff02823315c4fd/gnocchi.055af467-a1e6-4bd2-a49e-6009a74c2178/none_v3" 201 - "PUT http://[::1]:8080/v1/AUTH_2a636ad9760344e79dff02823315c4fd/gnocchi.055af467-a1e6-4bd2-a49e-6009a74c2178/none_v3" "tx55f3545cddbc40d686589-0068e16adb" "proxy-server 89511" 0.0077 "-" 93452 0
Oct 04 14:43:39 np0005470886.novalocal container-server[93155]: ::1 - - [04/Oct/2025:18:43:39 +0000] "PUT /3/213957/AUTH_2a636ad9760344e79dff02823315c4fd/gnocchi.055af467-a1e6-4bd2-a49e-6009a74c2178/none_v3" 201 - "PUT http://[::1]:8080/3/145716/AUTH_2a636ad9760344e79dff02823315c4fd/gnocchi.055af467-a1e6-4bd2-a49e-6009a74c2178/none_v3" "tx55f3545cddbc40d686589-0068e16adb" "object-server 93449" 0.0004 "-" 93155 0
Oct 04 14:43:39 np0005470886.novalocal object-server[93449]: ::1 - - [04/Oct/2025:18:43:39 +0000] "PUT /3/145716/AUTH_2a636ad9760344e79dff02823315c4fd/gnocchi.055af467-a1e6-4bd2-a49e-6009a74c2178/none_v3" 201 - "PUT http://[::1]:8080/v1/AUTH_2a636ad9760344e79dff02823315c4fd/gnocchi.055af467-a1e6-4bd2-a49e-6009a74c2178/none_v3" "tx55f3545cddbc40d686589-0068e16adb" "proxy-server 89511" 0.0109 "-" 93449 0
Oct 04 14:43:39 np0005470886.novalocal container-server[93152]: ::1 - - [04/Oct/2025:18:43:39 +0000] "PUT /2/213957/AUTH_2a636ad9760344e79dff02823315c4fd/gnocchi.055af467-a1e6-4bd2-a49e-6009a74c2178/none_v3" 201 - "PUT http://[::1]:8080/2/145716/AUTH_2a636ad9760344e79dff02823315c4fd/gnocchi.055af467-a1e6-4bd2-a49e-6009a74c2178/none_v3" "tx55f3545cddbc40d686589-0068e16adb" "object-server 93452" 0.0003 "-" 93152 0
Oct 04 14:43:39 np0005470886.novalocal object-server[93452]: ::1 - - [04/Oct/2025:18:43:39 +0000] "PUT /2/145716/AUTH_2a636ad9760344e79dff02823315c4fd/gnocchi.055af467-a1e6-4bd2-a49e-6009a74c2178/none_v3" 201 - "PUT http://[::1]:8080/v1/AUTH_2a636ad9760344e79dff02823315c4fd/gnocchi.055af467-a1e6-4bd2-a49e-6009a74c2178/none_v3" "tx55f3545cddbc40d686589-0068e16adb" "proxy-server 89511" 0.0131 "-" 93452 0
Oct 04 14:43:39 np0005470886.novalocal proxy-server[89511]: ::1 ::1 04/Oct/2025/18/43/39 PUT /v1/AUTH_2a636ad9760344e79dff02823315c4fd/gnocchi.055af467-a1e6-4bd2-a49e-6009a74c2178/none_v3 HTTP/1.0 201 - python-swiftclient-4.2.0 gAAAAABo4WqjVCzL... 45 - - tx55f3545cddbc40d686589-0068e16adb - 0.0177 - - 1759603419.212772846 1759603419.230512381 0
Oct 04 14:43:39 np0005470886.novalocal sudo[101399]: neutron : PWD=/ ; USER=root ; COMMAND=/usr/bin/neutron-rootwrap /etc/neutron/rootwrap.conf privsep-helper --config-file /usr/share/neutron/neutron-dist.conf --config-file /etc/neutron/neutron.conf --config-file /etc/neutron/dhcp_agent.ini --config-dir /etc/neutron/conf.d/neutron-dhcp-agent --privsep_context neutron.privileged.dhcp_release_cmd --privsep_sock_path /tmp/tmpe9y90igm/privsep.sock
Oct 04 14:43:39 np0005470886.novalocal systemd[1]: Started Session c143 of User root.
Oct 04 14:43:39 np0005470886.novalocal sudo[101399]: pam_unix(sudo:session): session opened for user root(uid=0) by (uid=981)
Oct 04 14:43:39 np0005470886.novalocal object-server[93450]: ::1 - - [04/Oct/2025:18:43:39 +0000] "GET /3/61432/AUTH_2a636ad9760344e79dff02823315c4fd/gnocchi.c901ad4c-9dae-4259-914a-f07d7a2dad35/none_v3" 200 51 "GET http://[::1]:8080/v1/AUTH_2a636ad9760344e79dff02823315c4fd/gnocchi.c901ad4c-9dae-4259-914a-f07d7a2dad35/none_v3" "tx902d0eaedf604198b4c1f-0068e16adb" "proxy-server 89511" 0.0008 "-" 93450 0
Oct 04 14:43:39 np0005470886.novalocal proxy-server[89511]: ::1 ::1 04/Oct/2025/18/43/39 GET /v1/AUTH_2a636ad9760344e79dff02823315c4fd/gnocchi.c901ad4c-9dae-4259-914a-f07d7a2dad35/none_v3 HTTP/1.0 200 - python-swiftclient-4.2.0 gAAAAABo4WqryIa7... - 51 - tx902d0eaedf604198b4c1f-0068e16adb - 0.0084 - - 1759603419.613771200 1759603419.622210503 0
Oct 04 14:43:39 np0005470886.novalocal object-server[93452]: ::1 - - [04/Oct/2025:18:43:39 +0000] "GET /2/171217/AUTH_2a636ad9760344e79dff02823315c4fd/gnocchi.5dc71dc4-0102-4cd6-853f-995c6f53299f/none_v3" 200 52 "GET http://[::1]:8080/v1/AUTH_2a636ad9760344e79dff02823315c4fd/gnocchi.5dc71dc4-0102-4cd6-853f-995c6f53299f/none_v3" "txa622aa91ad944f26a7726-0068e16adb" "proxy-server 89511" 0.0007 "-" 93452 0
Oct 04 14:43:39 np0005470886.novalocal proxy-server[89511]: ::1 ::1 04/Oct/2025/18/43/39 GET /v1/AUTH_2a636ad9760344e79dff02823315c4fd/gnocchi.5dc71dc4-0102-4cd6-853f-995c6f53299f/none_v3 HTTP/1.0 200 - python-swiftclient-4.2.0 gAAAAABo4WqjVCzL... - 52 - txa622aa91ad944f26a7726-0068e16adb - 0.0111 - - 1759603419.623998404 1759603419.635138750 0
Oct 04 14:43:39 np0005470886.novalocal container-server[93155]: ::1 - - [04/Oct/2025:18:43:39 +0000] "GET /1/221088/AUTH_2a636ad9760344e79dff02823315c4fd/gnocchi.c901ad4c-9dae-4259-914a-f07d7a2dad35" 200 357 "GET http://[::1]:8080/v1/AUTH_2a636ad9760344e79dff02823315c4fd/gnocchi.c901ad4c-9dae-4259-914a-f07d7a2dad35?format=json&states=listing" "tx6781caf1b8f74c7ba3f8b-0068e16adb" "proxy-server 89511" 0.0074 "-" 93155 0
Oct 04 14:43:39 np0005470886.novalocal proxy-server[89511]: ::1 ::1 04/Oct/2025/18/43/39 GET /v1/AUTH_2a636ad9760344e79dff02823315c4fd/gnocchi.c901ad4c-9dae-4259-914a-f07d7a2dad35%3Fformat%3Djson%26states%3Dlisting HTTP/1.0 200 - python-swiftclient-4.2.0 gAAAAABo4WqryIa7... - 357 - tx6781caf1b8f74c7ba3f8b-0068e16adb - 0.0170 - - 1759603419.629158497 1759603419.646196127 0
Oct 04 14:43:39 np0005470886.novalocal container-server[93154]: ::1 - - [04/Oct/2025:18:43:39 +0000] "GET /2/221088/AUTH_2a636ad9760344e79dff02823315c4fd/gnocchi.c901ad4c-9dae-4259-914a-f07d7a2dad35" 200 2 "GET http://[::1]:8080/v1/AUTH_2a636ad9760344e79dff02823315c4fd/gnocchi.c901ad4c-9dae-4259-914a-f07d7a2dad35?format=json&marker=none_v3&states=listing" "tx219488b5a94c476196b4e-0068e16adb" "proxy-server 89511" 0.0021 "-" 93154 0
Oct 04 14:43:39 np0005470886.novalocal proxy-server[89511]: ::1 ::1 04/Oct/2025/18/43/39 GET /v1/AUTH_2a636ad9760344e79dff02823315c4fd/gnocchi.c901ad4c-9dae-4259-914a-f07d7a2dad35%3Fformat%3Djson%26marker%3Dnone_v3%26states%3Dlisting HTTP/1.0 200 - python-swiftclient-4.2.0 gAAAAABo4WqryIa7... - 2 - tx219488b5a94c476196b4e-0068e16adb - 0.0203 - - 1759603419.649171352 1759603419.669498920 0
Oct 04 14:43:39 np0005470886.novalocal container-server[93155]: ::1 - - [04/Oct/2025:18:43:39 +0000] "GET /2/175158/AUTH_2a636ad9760344e79dff02823315c4fd/gnocchi.5dc71dc4-0102-4cd6-853f-995c6f53299f" 200 357 "GET http://[::1]:8080/v1/AUTH_2a636ad9760344e79dff02823315c4fd/gnocchi.5dc71dc4-0102-4cd6-853f-995c6f53299f?format=json&states=listing" "tx3f635956ebe44f988cfee-0068e16adb" "proxy-server 89511" 0.0103 "-" 93155 0
Oct 04 14:43:39 np0005470886.novalocal object-server[93449]: ::1 - - [04/Oct/2025:18:43:39 +0000] "GET /2/45979/AUTH_2a636ad9760344e79dff02823315c4fd/gnocchi.c901ad4c-9dae-4259-914a-f07d7a2dad35/1759320000.0_mean_300.0_v3" 200 16 "GET http://[::1]:8080/v1/AUTH_2a636ad9760344e79dff02823315c4fd/gnocchi.c901ad4c-9dae-4259-914a-f07d7a2dad35/1759320000.0_mean_300.0_v3" "tx79a4107878b6471583829-0068e16adb" "proxy-server 89511" 0.0008 "-" 93449 0
Oct 04 14:43:39 np0005470886.novalocal proxy-server[89511]: ::1 ::1 04/Oct/2025/18/43/39 GET /v1/AUTH_2a636ad9760344e79dff02823315c4fd/gnocchi.5dc71dc4-0102-4cd6-853f-995c6f53299f%3Fformat%3Djson%26states%3Dlisting HTTP/1.0 200 - python-swiftclient-4.2.0 gAAAAABo4WqjVCzL... - 357 - tx3f635956ebe44f988cfee-0068e16adb - 0.0362 - - 1759603419.644824982 1759603419.681040049 0
Oct 04 14:43:39 np0005470886.novalocal proxy-server[89511]: ::1 ::1 04/Oct/2025/18/43/39 GET /v1/AUTH_2a636ad9760344e79dff02823315c4fd/gnocchi.c901ad4c-9dae-4259-914a-f07d7a2dad35/1759320000.0_mean_300.0_v3 HTTP/1.0 200 - python-swiftclient-4.2.0 gAAAAABo4WqryIa7... - 16 - tx79a4107878b6471583829-0068e16adb - 0.0100 - - 1759603419.673366070 1759603419.683329105 0
Oct 04 14:43:39 np0005470886.novalocal container-server[93152]: ::1 - - [04/Oct/2025:18:43:39 +0000] "GET /2/175158/AUTH_2a636ad9760344e79dff02823315c4fd/gnocchi.5dc71dc4-0102-4cd6-853f-995c6f53299f" 200 2 "GET http://[::1]:8080/v1/AUTH_2a636ad9760344e79dff02823315c4fd/gnocchi.5dc71dc4-0102-4cd6-853f-995c6f53299f?format=json&marker=none_v3&states=listing" "tx89c6bb70022b4451bdbdc-0068e16adb" "proxy-server 89511" 0.0018 "-" 93152 0
Oct 04 14:43:39 np0005470886.novalocal proxy-server[89511]: ::1 ::1 04/Oct/2025/18/43/39 GET /v1/AUTH_2a636ad9760344e79dff02823315c4fd/gnocchi.5dc71dc4-0102-4cd6-853f-995c6f53299f%3Fformat%3Djson%26marker%3Dnone_v3%26states%3Dlisting HTTP/1.0 200 - python-swiftclient-4.2.0 gAAAAABo4WqjVCzL... - 2 - tx89c6bb70022b4451bdbdc-0068e16adb - 0.0121 - - 1759603419.686081648 1759603419.698143005 0
Oct 04 14:43:39 np0005470886.novalocal container-server[93154]: ::1 - - [04/Oct/2025:18:43:39 +0000] "PUT /3/221088/AUTH_2a636ad9760344e79dff02823315c4fd/gnocchi.c901ad4c-9dae-4259-914a-f07d7a2dad35/1759320000.0_mean_300.0_v3" 201 - "PUT http://[::1]:8080/2/45979/AUTH_2a636ad9760344e79dff02823315c4fd/gnocchi.c901ad4c-9dae-4259-914a-f07d7a2dad35/1759320000.0_mean_300.0_v3" "tx02e2390df39d4e0ea314f-0068e16adb" "object-server 93451" 0.0006 "-" 93154 0
Oct 04 14:43:39 np0005470886.novalocal object-server[93451]: ::1 - - [04/Oct/2025:18:43:39 +0000] "PUT /2/45979/AUTH_2a636ad9760344e79dff02823315c4fd/gnocchi.c901ad4c-9dae-4259-914a-f07d7a2dad35/1759320000.0_mean_300.0_v3" 201 - "PUT http://[::1]:8080/v1/AUTH_2a636ad9760344e79dff02823315c4fd/gnocchi.c901ad4c-9dae-4259-914a-f07d7a2dad35/1759320000.0_mean_300.0_v3" "tx02e2390df39d4e0ea314f-0068e16adb" "proxy-server 89511" 0.0115 "-" 93451 0
Oct 04 14:43:39 np0005470886.novalocal container-server[93153]: ::1 - - [04/Oct/2025:18:43:39 +0000] "PUT /2/221088/AUTH_2a636ad9760344e79dff02823315c4fd/gnocchi.c901ad4c-9dae-4259-914a-f07d7a2dad35/1759320000.0_mean_300.0_v3" 201 - "PUT http://[::1]:8080/1/45979/AUTH_2a636ad9760344e79dff02823315c4fd/gnocchi.c901ad4c-9dae-4259-914a-f07d7a2dad35/1759320000.0_mean_300.0_v3" "tx02e2390df39d4e0ea314f-0068e16adb" "object-server 93449" 0.0006 "-" 93153 0
Oct 04 14:43:39 np0005470886.novalocal container-server[93154]: ::1 - - [04/Oct/2025:18:43:39 +0000] "PUT /1/221088/AUTH_2a636ad9760344e79dff02823315c4fd/gnocchi.c901ad4c-9dae-4259-914a-f07d7a2dad35/1759320000.0_mean_300.0_v3" 201 - "PUT http://[::1]:8080/3/45979/AUTH_2a636ad9760344e79dff02823315c4fd/gnocchi.c901ad4c-9dae-4259-914a-f07d7a2dad35/1759320000.0_mean_300.0_v3" "tx02e2390df39d4e0ea314f-0068e16adb" "object-server 93449" 0.0004 "-" 93154 0
Oct 04 14:43:39 np0005470886.novalocal object-server[93452]: ::1 - - [04/Oct/2025:18:43:39 +0000] "GET /3/213168/AUTH_2a636ad9760344e79dff02823315c4fd/gnocchi.5dc71dc4-0102-4cd6-853f-995c6f53299f/1759320000.0_mean_300.0_v3" 200 16 "GET http://[::1]:8080/v1/AUTH_2a636ad9760344e79dff02823315c4fd/gnocchi.5dc71dc4-0102-4cd6-853f-995c6f53299f/1759320000.0_mean_300.0_v3" "tx806c2d7a5950469982009-0068e16adb" "proxy-server 89511" 0.0007 "-" 93452 0
Oct 04 14:43:39 np0005470886.novalocal object-server[93449]: ::1 - - [04/Oct/2025:18:43:39 +0000] "PUT /3/45979/AUTH_2a636ad9760344e79dff02823315c4fd/gnocchi.c901ad4c-9dae-4259-914a-f07d7a2dad35/1759320000.0_mean_300.0_v3" 201 - "PUT http://[::1]:8080/v1/AUTH_2a636ad9760344e79dff02823315c4fd/gnocchi.c901ad4c-9dae-4259-914a-f07d7a2dad35/1759320000.0_mean_300.0_v3" "tx02e2390df39d4e0ea314f-0068e16adb" "proxy-server 89511" 0.0135 "-" 93449 0
Oct 04 14:43:39 np0005470886.novalocal object-server[93449]: ::1 - - [04/Oct/2025:18:43:39 +0000] "PUT /1/45979/AUTH_2a636ad9760344e79dff02823315c4fd/gnocchi.c901ad4c-9dae-4259-914a-f07d7a2dad35/1759320000.0_mean_300.0_v3" 201 - "PUT http://[::1]:8080/v1/AUTH_2a636ad9760344e79dff02823315c4fd/gnocchi.c901ad4c-9dae-4259-914a-f07d7a2dad35/1759320000.0_mean_300.0_v3" "tx02e2390df39d4e0ea314f-0068e16adb" "proxy-server 89511" 0.0153 "-" 93449 0
Oct 04 14:43:39 np0005470886.novalocal proxy-server[89511]: ::1 ::1 04/Oct/2025/18/43/39 GET /v1/AUTH_2a636ad9760344e79dff02823315c4fd/gnocchi.5dc71dc4-0102-4cd6-853f-995c6f53299f/1759320000.0_mean_300.0_v3 HTTP/1.0 200 - python-swiftclient-4.2.0 gAAAAABo4WqjVCzL... - 16 - tx806c2d7a5950469982009-0068e16adb - 0.0096 - - 1759603419.703074217 1759603419.712702274 0
Oct 04 14:43:39 np0005470886.novalocal proxy-server[89511]: ::1 ::1 04/Oct/2025/18/43/39 PUT /v1/AUTH_2a636ad9760344e79dff02823315c4fd/gnocchi.c901ad4c-9dae-4259-914a-f07d7a2dad35/1759320000.0_mean_300.0_v3 HTTP/1.0 201 - python-swiftclient-4.2.0 gAAAAABo4WqryIa7... 16 - - tx02e2390df39d4e0ea314f-0068e16adb - 0.0253 - - 1759603419.688661098 1759603419.713987350 0
Oct 04 14:43:39 np0005470886.novalocal container-server[93155]: ::1 - - [04/Oct/2025:18:43:39 +0000] "PUT /2/175158/AUTH_2a636ad9760344e79dff02823315c4fd/gnocchi.5dc71dc4-0102-4cd6-853f-995c6f53299f/1759320000.0_mean_300.0_v3" 201 - "PUT http://[::1]:8080/2/213168/AUTH_2a636ad9760344e79dff02823315c4fd/gnocchi.5dc71dc4-0102-4cd6-853f-995c6f53299f/1759320000.0_mean_300.0_v3" "tx5e4a6e91aeb04e3e9450d-0068e16adb" "object-server 93450" 0.0006 "-" 93155 0
Oct 04 14:43:39 np0005470886.novalocal container-server[93154]: ::1 - - [04/Oct/2025:18:43:39 +0000] "PUT /2/221088/AUTH_2a636ad9760344e79dff02823315c4fd/gnocchi.c901ad4c-9dae-4259-914a-f07d7a2dad35/none_v3" 201 - "PUT http://[::1]:8080/3/61432/AUTH_2a636ad9760344e79dff02823315c4fd/gnocchi.c901ad4c-9dae-4259-914a-f07d7a2dad35/none_v3" "tx5cc0b6a718e749db93a91-0068e16adb" "object-server 93451" 0.0004 "-" 93154 0
Oct 04 14:43:39 np0005470886.novalocal object-server[93450]: ::1 - - [04/Oct/2025:18:43:39 +0000] "PUT /2/213168/AUTH_2a636ad9760344e79dff02823315c4fd/gnocchi.5dc71dc4-0102-4cd6-853f-995c6f53299f/1759320000.0_mean_300.0_v3" 201 - "PUT http://[::1]:8080/v1/AUTH_2a636ad9760344e79dff02823315c4fd/gnocchi.5dc71dc4-0102-4cd6-853f-995c6f53299f/1759320000.0_mean_300.0_v3" "tx5e4a6e91aeb04e3e9450d-0068e16adb" "proxy-server 89511" 0.0137 "-" 93450 0
Oct 04 14:43:39 np0005470886.novalocal object-server[93451]: ::1 - - [04/Oct/2025:18:43:39 +0000] "PUT /3/61432/AUTH_2a636ad9760344e79dff02823315c4fd/gnocchi.c901ad4c-9dae-4259-914a-f07d7a2dad35/none_v3" 201 - "PUT http://[::1]:8080/v1/AUTH_2a636ad9760344e79dff02823315c4fd/gnocchi.c901ad4c-9dae-4259-914a-f07d7a2dad35/none_v3" "tx5cc0b6a718e749db93a91-0068e16adb" "proxy-server 89511" 0.0111 "-" 93451 0
Oct 04 14:43:39 np0005470886.novalocal container-server[93155]: ::1 - - [04/Oct/2025:18:43:39 +0000] "PUT /1/221088/AUTH_2a636ad9760344e79dff02823315c4fd/gnocchi.c901ad4c-9dae-4259-914a-f07d7a2dad35/none_v3" 201 - "PUT http://[::1]:8080/1/61432/AUTH_2a636ad9760344e79dff02823315c4fd/gnocchi.c901ad4c-9dae-4259-914a-f07d7a2dad35/none_v3" "tx5cc0b6a718e749db93a91-0068e16adb" "object-server 93452" 0.0005 "-" 93155 0
Oct 04 14:43:39 np0005470886.novalocal object-server[93452]: ::1 - - [04/Oct/2025:18:43:39 +0000] "PUT /1/61432/AUTH_2a636ad9760344e79dff02823315c4fd/gnocchi.c901ad4c-9dae-4259-914a-f07d7a2dad35/none_v3" 201 - "PUT http://[::1]:8080/v1/AUTH_2a636ad9760344e79dff02823315c4fd/gnocchi.c901ad4c-9dae-4259-914a-f07d7a2dad35/none_v3" "tx5cc0b6a718e749db93a91-0068e16adb" "proxy-server 89511" 0.0243 "-" 93452 0
Oct 04 14:43:39 np0005470886.novalocal container-server[93154]: ::1 - - [04/Oct/2025:18:43:39 +0000] "PUT /3/175158/AUTH_2a636ad9760344e79dff02823315c4fd/gnocchi.5dc71dc4-0102-4cd6-853f-995c6f53299f/1759320000.0_mean_300.0_v3" 201 - "PUT http://[::1]:8080/3/213168/AUTH_2a636ad9760344e79dff02823315c4fd/gnocchi.5dc71dc4-0102-4cd6-853f-995c6f53299f/1759320000.0_mean_300.0_v3" "tx5e4a6e91aeb04e3e9450d-0068e16adb" "object-server 93452" 0.0004 "-" 93154 0
Oct 04 14:43:39 np0005470886.novalocal container-server[93153]: ::1 - - [04/Oct/2025:18:43:39 +0000] "PUT /1/175158/AUTH_2a636ad9760344e79dff02823315c4fd/gnocchi.5dc71dc4-0102-4cd6-853f-995c6f53299f/1759320000.0_mean_300.0_v3" 201 - "PUT http://[::1]:8080/1/213168/AUTH_2a636ad9760344e79dff02823315c4fd/gnocchi.5dc71dc4-0102-4cd6-853f-995c6f53299f/1759320000.0_mean_300.0_v3" "tx5e4a6e91aeb04e3e9450d-0068e16adb" "object-server 93452" 0.0005 "-" 93153 0
Oct 04 14:43:39 np0005470886.novalocal object-server[93452]: ::1 - - [04/Oct/2025:18:43:39 +0000] "PUT /1/213168/AUTH_2a636ad9760344e79dff02823315c4fd/gnocchi.5dc71dc4-0102-4cd6-853f-995c6f53299f/1759320000.0_mean_300.0_v3" 201 - "PUT http://[::1]:8080/v1/AUTH_2a636ad9760344e79dff02823315c4fd/gnocchi.5dc71dc4-0102-4cd6-853f-995c6f53299f/1759320000.0_mean_300.0_v3" "tx5e4a6e91aeb04e3e9450d-0068e16adb" "proxy-server 89511" 0.0332 "-" 93452 0
Oct 04 14:43:39 np0005470886.novalocal object-server[93452]: ::1 - - [04/Oct/2025:18:43:39 +0000] "PUT /3/213168/AUTH_2a636ad9760344e79dff02823315c4fd/gnocchi.5dc71dc4-0102-4cd6-853f-995c6f53299f/1759320000.0_mean_300.0_v3" 201 - "PUT http://[::1]:8080/v1/AUTH_2a636ad9760344e79dff02823315c4fd/gnocchi.5dc71dc4-0102-4cd6-853f-995c6f53299f/1759320000.0_mean_300.0_v3" "tx5e4a6e91aeb04e3e9450d-0068e16adb" "proxy-server 89511" 0.0324 "-" 93452 0
Oct 04 14:43:39 np0005470886.novalocal proxy-server[89511]: ::1 ::1 04/Oct/2025/18/43/39 PUT /v1/AUTH_2a636ad9760344e79dff02823315c4fd/gnocchi.5dc71dc4-0102-4cd6-853f-995c6f53299f/1759320000.0_mean_300.0_v3 HTTP/1.0 201 - python-swiftclient-4.2.0 gAAAAABo4WqjVCzL... 16 - - tx5e4a6e91aeb04e3e9450d-0068e16adb - 0.0438 - - 1759603419.716054678 1759603419.759880781 0
Oct 04 14:43:39 np0005470886.novalocal container-server[93153]: ::1 - - [04/Oct/2025:18:43:39 +0000] "PUT /3/221088/AUTH_2a636ad9760344e79dff02823315c4fd/gnocchi.c901ad4c-9dae-4259-914a-f07d7a2dad35/none_v3" 201 - "PUT http://[::1]:8080/2/61432/AUTH_2a636ad9760344e79dff02823315c4fd/gnocchi.c901ad4c-9dae-4259-914a-f07d7a2dad35/none_v3" "tx5cc0b6a718e749db93a91-0068e16adb" "object-server 93452" 0.0004 "-" 93153 0
Oct 04 14:43:39 np0005470886.novalocal object-server[93452]: ::1 - - [04/Oct/2025:18:43:39 +0000] "PUT /2/61432/AUTH_2a636ad9760344e79dff02823315c4fd/gnocchi.c901ad4c-9dae-4259-914a-f07d7a2dad35/none_v3" 201 - "PUT http://[::1]:8080/v1/AUTH_2a636ad9760344e79dff02823315c4fd/gnocchi.c901ad4c-9dae-4259-914a-f07d7a2dad35/none_v3" "tx5cc0b6a718e749db93a91-0068e16adb" "proxy-server 89511" 0.0303 "-" 93452 0
Oct 04 14:43:39 np0005470886.novalocal proxy-server[89511]: ::1 ::1 04/Oct/2025/18/43/39 PUT /v1/AUTH_2a636ad9760344e79dff02823315c4fd/gnocchi.c901ad4c-9dae-4259-914a-f07d7a2dad35/none_v3 HTTP/1.0 201 - python-swiftclient-4.2.0 gAAAAABo4WqryIa7... 59 - - tx5cc0b6a718e749db93a91-0068e16adb - 0.0470 - - 1759603419.716657162 1759603419.763647318 0
Oct 04 14:43:39 np0005470886.novalocal container-server[93153]: ::1 - - [04/Oct/2025:18:43:39 +0000] "PUT /2/175158/AUTH_2a636ad9760344e79dff02823315c4fd/gnocchi.5dc71dc4-0102-4cd6-853f-995c6f53299f/none_v3" 201 - "PUT http://[::1]:8080/1/171217/AUTH_2a636ad9760344e79dff02823315c4fd/gnocchi.5dc71dc4-0102-4cd6-853f-995c6f53299f/none_v3" "txa9c9badaf7f24cfba2256-0068e16adb" "object-server 93452" 0.0006 "-" 93153 0
Oct 04 14:43:39 np0005470886.novalocal container-server[93152]: ::1 - - [04/Oct/2025:18:43:39 +0000] "PUT /3/175158/AUTH_2a636ad9760344e79dff02823315c4fd/gnocchi.5dc71dc4-0102-4cd6-853f-995c6f53299f/none_v3" 201 - "PUT http://[::1]:8080/3/171217/AUTH_2a636ad9760344e79dff02823315c4fd/gnocchi.5dc71dc4-0102-4cd6-853f-995c6f53299f/none_v3" "txa9c9badaf7f24cfba2256-0068e16adb" "object-server 93452" 0.0004 "-" 93152 0
Oct 04 14:43:39 np0005470886.novalocal object-server[93452]: ::1 - - [04/Oct/2025:18:43:39 +0000] "PUT /1/171217/AUTH_2a636ad9760344e79dff02823315c4fd/gnocchi.5dc71dc4-0102-4cd6-853f-995c6f53299f/none_v3" 201 - "PUT http://[::1]:8080/v1/AUTH_2a636ad9760344e79dff02823315c4fd/gnocchi.5dc71dc4-0102-4cd6-853f-995c6f53299f/none_v3" "txa9c9badaf7f24cfba2256-0068e16adb" "proxy-server 89511" 0.0083 "-" 93452 0
Oct 04 14:43:39 np0005470886.novalocal object-server[93452]: ::1 - - [04/Oct/2025:18:43:39 +0000] "PUT /3/171217/AUTH_2a636ad9760344e79dff02823315c4fd/gnocchi.5dc71dc4-0102-4cd6-853f-995c6f53299f/none_v3" 201 - "PUT http://[::1]:8080/v1/AUTH_2a636ad9760344e79dff02823315c4fd/gnocchi.5dc71dc4-0102-4cd6-853f-995c6f53299f/none_v3" "txa9c9badaf7f24cfba2256-0068e16adb" "proxy-server 89511" 0.0098 "-" 93452 0
Oct 04 14:43:39 np0005470886.novalocal object-server[93451]: ::1 - - [04/Oct/2025:18:43:39 +0000] "GET /1/67521/AUTH_2a636ad9760344e79dff02823315c4fd/gnocchi.ed7f6982-7724-4af6-ab47-35ec9f041111/none_v3" 200 52 "GET http://[::1]:8080/v1/AUTH_2a636ad9760344e79dff02823315c4fd/gnocchi.ed7f6982-7724-4af6-ab47-35ec9f041111/none_v3" "tx13f0b9bd050c415fb0cbb-0068e16adb" "proxy-server 89511" 0.0006 "-" 93451 0
Oct 04 14:43:39 np0005470886.novalocal container-server[93152]: ::1 - - [04/Oct/2025:18:43:39 +0000] "PUT /1/175158/AUTH_2a636ad9760344e79dff02823315c4fd/gnocchi.5dc71dc4-0102-4cd6-853f-995c6f53299f/none_v3" 201 - "PUT http://[::1]:8080/2/171217/AUTH_2a636ad9760344e79dff02823315c4fd/gnocchi.5dc71dc4-0102-4cd6-853f-995c6f53299f/none_v3" "txa9c9badaf7f24cfba2256-0068e16adb" "object-server 93452" 0.0003 "-" 93152 0
Oct 04 14:43:39 np0005470886.novalocal object-server[93452]: ::1 - - [04/Oct/2025:18:43:39 +0000] "PUT /2/171217/AUTH_2a636ad9760344e79dff02823315c4fd/gnocchi.5dc71dc4-0102-4cd6-853f-995c6f53299f/none_v3" 201 - "PUT http://[::1]:8080/v1/AUTH_2a636ad9760344e79dff02823315c4fd/gnocchi.5dc71dc4-0102-4cd6-853f-995c6f53299f/none_v3" "txa9c9badaf7f24cfba2256-0068e16adb" "proxy-server 89511" 0.0139 "-" 93452 0
Oct 04 14:43:39 np0005470886.novalocal proxy-server[89511]: ::1 ::1 04/Oct/2025/18/43/39 GET /v1/AUTH_2a636ad9760344e79dff02823315c4fd/gnocchi.ed7f6982-7724-4af6-ab47-35ec9f041111/none_v3 HTTP/1.0 200 - python-swiftclient-4.2.0 gAAAAABo4WqryIa7... - 52 - tx13f0b9bd050c415fb0cbb-0068e16adb - 0.0055 - - 1759603419.776941538 1759603419.782442331 0
Oct 04 14:43:39 np0005470886.novalocal proxy-server[89511]: ::1 ::1 04/Oct/2025/18/43/39 PUT /v1/AUTH_2a636ad9760344e79dff02823315c4fd/gnocchi.5dc71dc4-0102-4cd6-853f-995c6f53299f/none_v3 HTTP/1.0 201 - python-swiftclient-4.2.0 gAAAAABo4WqjVCzL... 60 - - txa9c9badaf7f24cfba2256-0068e16adb - 0.0204 - - 1759603419.762998104 1759603419.783422709 0
Oct 04 14:43:39 np0005470886.novalocal container-server[93155]: ::1 - - [04/Oct/2025:18:43:39 +0000] "GET /1/215837/AUTH_2a636ad9760344e79dff02823315c4fd/gnocchi.ed7f6982-7724-4af6-ab47-35ec9f041111" 200 357 "GET http://[::1]:8080/v1/AUTH_2a636ad9760344e79dff02823315c4fd/gnocchi.ed7f6982-7724-4af6-ab47-35ec9f041111?format=json&states=listing" "txf93f91dbf78f45e5aa891-0068e16adb" "proxy-server 89511" 0.0080 "-" 93155 0
Oct 04 14:43:39 np0005470886.novalocal object-server[93449]: ::1 - - [04/Oct/2025:18:43:39 +0000] "GET /1/145716/AUTH_2a636ad9760344e79dff02823315c4fd/gnocchi.055af467-a1e6-4bd2-a49e-6009a74c2178/none_v3" 200 45 "GET http://[::1]:8080/v1/AUTH_2a636ad9760344e79dff02823315c4fd/gnocchi.055af467-a1e6-4bd2-a49e-6009a74c2178/none_v3" "txe27483a3b5944da3b09a9-0068e16adb" "proxy-server 89511" 0.0006 "-" 93449 0
Oct 04 14:43:39 np0005470886.novalocal proxy-server[89511]: ::1 ::1 04/Oct/2025/18/43/39 GET /v1/AUTH_2a636ad9760344e79dff02823315c4fd/gnocchi.ed7f6982-7724-4af6-ab47-35ec9f041111%3Fformat%3Djson%26states%3Dlisting HTTP/1.0 200 - python-swiftclient-4.2.0 gAAAAABo4WqryIa7... - 357 - txf93f91dbf78f45e5aa891-0068e16adb - 0.0144 - - 1759603419.786333799 1759603419.800734997 0
Oct 04 14:43:39 np0005470886.novalocal proxy-server[89511]: ::1 ::1 04/Oct/2025/18/43/39 GET /v1/AUTH_2a636ad9760344e79dff02823315c4fd/gnocchi.055af467-a1e6-4bd2-a49e-6009a74c2178/none_v3 HTTP/1.0 200 - python-swiftclient-4.2.0 gAAAAABo4WqjVCzL... - 45 - txe27483a3b5944da3b09a9-0068e16adb - 0.0077 - - 1759603419.795464516 1759603419.803159952 0
Oct 04 14:43:39 np0005470886.novalocal container-server[93155]: ::1 - - [04/Oct/2025:18:43:39 +0000] "GET /2/215837/AUTH_2a636ad9760344e79dff02823315c4fd/gnocchi.ed7f6982-7724-4af6-ab47-35ec9f041111" 200 2 "GET http://[::1]:8080/v1/AUTH_2a636ad9760344e79dff02823315c4fd/gnocchi.ed7f6982-7724-4af6-ab47-35ec9f041111?format=json&marker=none_v3&states=listing" "tx4632c4eee16c4c3c9a864-0068e16adb" "proxy-server 89511" 0.0031 "-" 93155 0
Oct 04 14:43:39 np0005470886.novalocal proxy-server[89511]: ::1 ::1 04/Oct/2025/18/43/39 GET /v1/AUTH_2a636ad9760344e79dff02823315c4fd/gnocchi.ed7f6982-7724-4af6-ab47-35ec9f041111%3Fformat%3Djson%26marker%3Dnone_v3%26states%3Dlisting HTTP/1.0 200 - python-swiftclient-4.2.0 gAAAAABo4WqryIa7... - 2 - tx4632c4eee16c4c3c9a864-0068e16adb - 0.0113 - - 1759603419.803761482 1759603419.815089226 0
Oct 04 14:43:39 np0005470886.novalocal container-server[93152]: ::1 - - [04/Oct/2025:18:43:39 +0000] "GET /1/213957/AUTH_2a636ad9760344e79dff02823315c4fd/gnocchi.055af467-a1e6-4bd2-a49e-6009a74c2178" 200 357 "GET http://[::1]:8080/v1/AUTH_2a636ad9760344e79dff02823315c4fd/gnocchi.055af467-a1e6-4bd2-a49e-6009a74c2178?format=json&states=listing" "tx9882aed3b5b94c159688b-0068e16adb" "proxy-server 89511" 0.0118 "-" 93152 0
Oct 04 14:43:39 np0005470886.novalocal object-server[93452]: ::1 - - [04/Oct/2025:18:43:39 +0000] "GET /2/152548/AUTH_2a636ad9760344e79dff02823315c4fd/gnocchi.ed7f6982-7724-4af6-ab47-35ec9f041111/1759320000.0_mean_300.0_v3" 200 16 "GET http://[::1]:8080/v1/AUTH_2a636ad9760344e79dff02823315c4fd/gnocchi.ed7f6982-7724-4af6-ab47-35ec9f041111/1759320000.0_mean_300.0_v3" "tx78fe4be6273f411680f12-0068e16adb" "proxy-server 89511" 0.0006 "-" 93452 0
Oct 04 14:43:39 np0005470886.novalocal proxy-server[89511]: ::1 ::1 04/Oct/2025/18/43/39 GET /v1/AUTH_2a636ad9760344e79dff02823315c4fd/gnocchi.055af467-a1e6-4bd2-a49e-6009a74c2178%3Fformat%3Djson%26states%3Dlisting HTTP/1.0 200 - python-swiftclient-4.2.0 gAAAAABo4WqjVCzL... - 357 - tx9882aed3b5b94c159688b-0068e16adb - 0.0220 - - 1759603419.806365728 1759603419.828371048 0
Oct 04 14:43:39 np0005470886.novalocal proxy-server[89511]: ::1 ::1 04/Oct/2025/18/43/39 GET /v1/AUTH_2a636ad9760344e79dff02823315c4fd/gnocchi.ed7f6982-7724-4af6-ab47-35ec9f041111/1759320000.0_mean_300.0_v3 HTTP/1.0 200 - python-swiftclient-4.2.0 gAAAAABo4WqryIa7... - 16 - tx78fe4be6273f411680f12-0068e16adb - 0.0084 - - 1759603419.822932243 1759603419.831353188 0
Oct 04 14:43:39 np0005470886.novalocal container-server[93152]: ::1 - - [04/Oct/2025:18:43:39 +0000] "GET /2/213957/AUTH_2a636ad9760344e79dff02823315c4fd/gnocchi.055af467-a1e6-4bd2-a49e-6009a74c2178" 200 2 "GET http://[::1]:8080/v1/AUTH_2a636ad9760344e79dff02823315c4fd/gnocchi.055af467-a1e6-4bd2-a49e-6009a74c2178?format=json&marker=none_v3&states=listing" "txfa2a71f56def4b10aaf05-0068e16adb" "proxy-server 89511" 0.0092 "-" 93152 0
Oct 04 14:43:39 np0005470886.novalocal proxy-server[89511]: ::1 ::1 04/Oct/2025/18/43/39 GET /v1/AUTH_2a636ad9760344e79dff02823315c4fd/gnocchi.055af467-a1e6-4bd2-a49e-6009a74c2178%3Fformat%3Djson%26marker%3Dnone_v3%26states%3Dlisting HTTP/1.0 200 - python-swiftclient-4.2.0 gAAAAABo4WqjVCzL... - 2 - txfa2a71f56def4b10aaf05-0068e16adb - 0.0191 - - 1759603419.830419540 1759603419.849553108 0
Oct 04 14:43:39 np0005470886.novalocal container-server[93153]: ::1 - - [04/Oct/2025:18:43:39 +0000] "PUT /2/215837/AUTH_2a636ad9760344e79dff02823315c4fd/gnocchi.ed7f6982-7724-4af6-ab47-35ec9f041111/1759320000.0_mean_300.0_v3" 201 - "PUT http://[::1]:8080/2/152548/AUTH_2a636ad9760344e79dff02823315c4fd/gnocchi.ed7f6982-7724-4af6-ab47-35ec9f041111/1759320000.0_mean_300.0_v3" "tx6de752875ef34b988f497-0068e16adb" "object-server 93451" 0.0006 "-" 93153 0
Oct 04 14:43:39 np0005470886.novalocal container-server[93155]: ::1 - - [04/Oct/2025:18:43:39 +0000] "PUT /1/215837/AUTH_2a636ad9760344e79dff02823315c4fd/gnocchi.ed7f6982-7724-4af6-ab47-35ec9f041111/1759320000.0_mean_300.0_v3" 201 - "PUT http://[::1]:8080/3/152548/AUTH_2a636ad9760344e79dff02823315c4fd/gnocchi.ed7f6982-7724-4af6-ab47-35ec9f041111/1759320000.0_mean_300.0_v3" "tx6de752875ef34b988f497-0068e16adb" "object-server 93449" 0.0005 "-" 93155 0
Oct 04 14:43:39 np0005470886.novalocal object-server[93451]: ::1 - - [04/Oct/2025:18:43:39 +0000] "PUT /2/152548/AUTH_2a636ad9760344e79dff02823315c4fd/gnocchi.ed7f6982-7724-4af6-ab47-35ec9f041111/1759320000.0_mean_300.0_v3" 201 - "PUT http://[::1]:8080/v1/AUTH_2a636ad9760344e79dff02823315c4fd/gnocchi.ed7f6982-7724-4af6-ab47-35ec9f041111/1759320000.0_mean_300.0_v3" "tx6de752875ef34b988f497-0068e16adb" "proxy-server 89511" 0.0118 "-" 93451 0
Oct 04 14:43:39 np0005470886.novalocal object-server[93449]: ::1 - - [04/Oct/2025:18:43:39 +0000] "PUT /3/152548/AUTH_2a636ad9760344e79dff02823315c4fd/gnocchi.ed7f6982-7724-4af6-ab47-35ec9f041111/1759320000.0_mean_300.0_v3" 201 - "PUT http://[::1]:8080/v1/AUTH_2a636ad9760344e79dff02823315c4fd/gnocchi.ed7f6982-7724-4af6-ab47-35ec9f041111/1759320000.0_mean_300.0_v3" "tx6de752875ef34b988f497-0068e16adb" "proxy-server 89511" 0.0122 "-" 93449 0
Oct 04 14:43:39 np0005470886.novalocal container-server[93153]: ::1 - - [04/Oct/2025:18:43:39 +0000] "PUT /3/215837/AUTH_2a636ad9760344e79dff02823315c4fd/gnocchi.ed7f6982-7724-4af6-ab47-35ec9f041111/1759320000.0_mean_300.0_v3" 201 - "PUT http://[::1]:8080/1/152548/AUTH_2a636ad9760344e79dff02823315c4fd/gnocchi.ed7f6982-7724-4af6-ab47-35ec9f041111/1759320000.0_mean_300.0_v3" "tx6de752875ef34b988f497-0068e16adb" "object-server 93451" 0.0006 "-" 93153 0
Oct 04 14:43:39 np0005470886.novalocal object-server[93451]: ::1 - - [04/Oct/2025:18:43:39 +0000] "PUT /1/152548/AUTH_2a636ad9760344e79dff02823315c4fd/gnocchi.ed7f6982-7724-4af6-ab47-35ec9f041111/1759320000.0_mean_300.0_v3" 201 - "PUT http://[::1]:8080/v1/AUTH_2a636ad9760344e79dff02823315c4fd/gnocchi.ed7f6982-7724-4af6-ab47-35ec9f041111/1759320000.0_mean_300.0_v3" "tx6de752875ef34b988f497-0068e16adb" "proxy-server 89511" 0.0127 "-" 93451 0
Oct 04 14:43:39 np0005470886.novalocal proxy-server[89511]: ::1 ::1 04/Oct/2025/18/43/39 PUT /v1/AUTH_2a636ad9760344e79dff02823315c4fd/gnocchi.ed7f6982-7724-4af6-ab47-35ec9f041111/1759320000.0_mean_300.0_v3 HTTP/1.0 201 - python-swiftclient-4.2.0 gAAAAABo4WqryIa7... 16 - - tx6de752875ef34b988f497-0068e16adb - 0.0227 - - 1759603419.835098982 1759603419.857827425 0
Oct 04 14:43:39 np0005470886.novalocal object-server[93452]: ::1 - - [04/Oct/2025:18:43:39 +0000] "GET /1/191357/AUTH_2a636ad9760344e79dff02823315c4fd/gnocchi.055af467-a1e6-4bd2-a49e-6009a74c2178/1759320000.0_mean_300.0_v3" 200 16 "GET http://[::1]:8080/v1/AUTH_2a636ad9760344e79dff02823315c4fd/gnocchi.055af467-a1e6-4bd2-a49e-6009a74c2178/1759320000.0_mean_300.0_v3" "txd8057cf6fecf41c38c7a6-0068e16adb" "proxy-server 89511" 0.0009 "-" 93452 0
Oct 04 14:43:39 np0005470886.novalocal proxy-server[89511]: ::1 ::1 04/Oct/2025/18/43/39 GET /v1/AUTH_2a636ad9760344e79dff02823315c4fd/gnocchi.055af467-a1e6-4bd2-a49e-6009a74c2178/1759320000.0_mean_300.0_v3 HTTP/1.0 200 - python-swiftclient-4.2.0 gAAAAABo4WqjVCzL... - 16 - txd8057cf6fecf41c38c7a6-0068e16adb - 0.0066 - - 1759603419.853564739 1759603419.860128403 0
Oct 04 14:43:39 np0005470886.novalocal container-server[93154]: ::1 - - [04/Oct/2025:18:43:39 +0000] "PUT /1/215837/AUTH_2a636ad9760344e79dff02823315c4fd/gnocchi.ed7f6982-7724-4af6-ab47-35ec9f041111/none_v3" 201 - "PUT http://[::1]:8080/3/67521/AUTH_2a636ad9760344e79dff02823315c4fd/gnocchi.ed7f6982-7724-4af6-ab47-35ec9f041111/none_v3" "tx8eac9f2f6d9343a3be26b-0068e16adb" "object-server 93451" 0.0006 "-" 93154 0
Oct 04 14:43:39 np0005470886.novalocal object-server[93451]: ::1 - - [04/Oct/2025:18:43:39 +0000] "PUT /3/67521/AUTH_2a636ad9760344e79dff02823315c4fd/gnocchi.ed7f6982-7724-4af6-ab47-35ec9f041111/none_v3" 201 - "PUT http://[::1]:8080/v1/AUTH_2a636ad9760344e79dff02823315c4fd/gnocchi.ed7f6982-7724-4af6-ab47-35ec9f041111/none_v3" "tx8eac9f2f6d9343a3be26b-0068e16adb" "proxy-server 89511" 0.0179 "-" 93451 0
Oct 04 14:43:39 np0005470886.novalocal container-server[93154]: ::1 - - [04/Oct/2025:18:43:39 +0000] "PUT /3/215837/AUTH_2a636ad9760344e79dff02823315c4fd/gnocchi.ed7f6982-7724-4af6-ab47-35ec9f041111/none_v3" 201 - "PUT http://[::1]:8080/1/67521/AUTH_2a636ad9760344e79dff02823315c4fd/gnocchi.ed7f6982-7724-4af6-ab47-35ec9f041111/none_v3" "tx8eac9f2f6d9343a3be26b-0068e16adb" "object-server 93451" 0.0004 "-" 93154 0
Oct 04 14:43:39 np0005470886.novalocal container-server[93155]: ::1 - - [04/Oct/2025:18:43:39 +0000] "PUT /3/213957/AUTH_2a636ad9760344e79dff02823315c4fd/gnocchi.055af467-a1e6-4bd2-a49e-6009a74c2178/1759320000.0_mean_300.0_v3" 201 - "PUT http://[::1]:8080/2/191357/AUTH_2a636ad9760344e79dff02823315c4fd/gnocchi.055af467-a1e6-4bd2-a49e-6009a74c2178/1759320000.0_mean_300.0_v3" "tx23350e0b752a497f82cae-0068e16adb" "object-server 93450" 0.0005 "-" 93155 0
Oct 04 14:43:39 np0005470886.novalocal object-server[93450]: ::1 - - [04/Oct/2025:18:43:39 +0000] "PUT /2/191357/AUTH_2a636ad9760344e79dff02823315c4fd/gnocchi.055af467-a1e6-4bd2-a49e-6009a74c2178/1759320000.0_mean_300.0_v3" 201 - "PUT http://[::1]:8080/v1/AUTH_2a636ad9760344e79dff02823315c4fd/gnocchi.055af467-a1e6-4bd2-a49e-6009a74c2178/1759320000.0_mean_300.0_v3" "tx23350e0b752a497f82cae-0068e16adb" "proxy-server 89511" 0.0145 "-" 93450 0
Oct 04 14:43:39 np0005470886.novalocal container-server[93154]: ::1 - - [04/Oct/2025:18:43:39 +0000] "PUT /1/213957/AUTH_2a636ad9760344e79dff02823315c4fd/gnocchi.055af467-a1e6-4bd2-a49e-6009a74c2178/1759320000.0_mean_300.0_v3" 201 - "PUT http://[::1]:8080/1/191357/AUTH_2a636ad9760344e79dff02823315c4fd/gnocchi.055af467-a1e6-4bd2-a49e-6009a74c2178/1759320000.0_mean_300.0_v3" "tx23350e0b752a497f82cae-0068e16adb" "object-server 93449" 0.0004 "-" 93154 0
Oct 04 14:43:39 np0005470886.novalocal container-server[93153]: ::1 - - [04/Oct/2025:18:43:39 +0000] "PUT /2/215837/AUTH_2a636ad9760344e79dff02823315c4fd/gnocchi.ed7f6982-7724-4af6-ab47-35ec9f041111/none_v3" 201 - "PUT http://[::1]:8080/2/67521/AUTH_2a636ad9760344e79dff02823315c4fd/gnocchi.ed7f6982-7724-4af6-ab47-35ec9f041111/none_v3" "tx8eac9f2f6d9343a3be26b-0068e16adb" "object-server 93451" 0.0023 "-" 93153 0
Oct 04 14:43:39 np0005470886.novalocal container-server[93153]: ::1 - - [04/Oct/2025:18:43:39 +0000] "PUT /2/213957/AUTH_2a636ad9760344e79dff02823315c4fd/gnocchi.055af467-a1e6-4bd2-a49e-6009a74c2178/1759320000.0_mean_300.0_v3" 201 - "PUT http://[::1]:8080/3/191357/AUTH_2a636ad9760344e79dff02823315c4fd/gnocchi.055af467-a1e6-4bd2-a49e-6009a74c2178/1759320000.0_mean_300.0_v3" "tx23350e0b752a497f82cae-0068e16adb" "object-server 93449" 0.0007 "-" 93153 0
Oct 04 14:43:39 np0005470886.novalocal object-server[93449]: ::1 - - [04/Oct/2025:18:43:39 +0000] "PUT /1/191357/AUTH_2a636ad9760344e79dff02823315c4fd/gnocchi.055af467-a1e6-4bd2-a49e-6009a74c2178/1759320000.0_mean_300.0_v3" 201 - "PUT http://[::1]:8080/v1/AUTH_2a636ad9760344e79dff02823315c4fd/gnocchi.055af467-a1e6-4bd2-a49e-6009a74c2178/1759320000.0_mean_300.0_v3" "tx23350e0b752a497f82cae-0068e16adb" "proxy-server 89511" 0.0160 "-" 93449 0
Oct 04 14:43:39 np0005470886.novalocal object-server[93451]: ::1 - - [04/Oct/2025:18:43:39 +0000] "PUT /2/67521/AUTH_2a636ad9760344e79dff02823315c4fd/gnocchi.ed7f6982-7724-4af6-ab47-35ec9f041111/none_v3" 201 - "PUT http://[::1]:8080/v1/AUTH_2a636ad9760344e79dff02823315c4fd/gnocchi.ed7f6982-7724-4af6-ab47-35ec9f041111/none_v3" "tx8eac9f2f6d9343a3be26b-0068e16adb" "proxy-server 89511" 0.0249 "-" 93451 0
Oct 04 14:43:39 np0005470886.novalocal object-server[93451]: ::1 - - [04/Oct/2025:18:43:39 +0000] "PUT /1/67521/AUTH_2a636ad9760344e79dff02823315c4fd/gnocchi.ed7f6982-7724-4af6-ab47-35ec9f041111/none_v3" 201 - "PUT http://[::1]:8080/v1/AUTH_2a636ad9760344e79dff02823315c4fd/gnocchi.ed7f6982-7724-4af6-ab47-35ec9f041111/none_v3" "tx8eac9f2f6d9343a3be26b-0068e16adb" "proxy-server 89511" 0.0241 "-" 93451 0
Oct 04 14:43:39 np0005470886.novalocal object-server[93449]: ::1 - - [04/Oct/2025:18:43:39 +0000] "PUT /3/191357/AUTH_2a636ad9760344e79dff02823315c4fd/gnocchi.055af467-a1e6-4bd2-a49e-6009a74c2178/1759320000.0_mean_300.0_v3" 201 - "PUT http://[::1]:8080/v1/AUTH_2a636ad9760344e79dff02823315c4fd/gnocchi.055af467-a1e6-4bd2-a49e-6009a74c2178/1759320000.0_mean_300.0_v3" "tx23350e0b752a497f82cae-0068e16adb" "proxy-server 89511" 0.0190 "-" 93449 0
Oct 04 14:43:39 np0005470886.novalocal proxy-server[89511]: ::1 ::1 04/Oct/2025/18/43/39 PUT /v1/AUTH_2a636ad9760344e79dff02823315c4fd/gnocchi.ed7f6982-7724-4af6-ab47-35ec9f041111/none_v3 HTTP/1.0 201 - python-swiftclient-4.2.0 gAAAAABo4WqryIa7... 60 - - tx8eac9f2f6d9343a3be26b-0068e16adb - 0.0306 - - 1759603419.860800028 1759603419.891414165 0
Oct 04 14:43:39 np0005470886.novalocal proxy-server[89511]: ::1 ::1 04/Oct/2025/18/43/39 PUT /v1/AUTH_2a636ad9760344e79dff02823315c4fd/gnocchi.055af467-a1e6-4bd2-a49e-6009a74c2178/1759320000.0_mean_300.0_v3 HTTP/1.0 201 - python-swiftclient-4.2.0 gAAAAABo4WqjVCzL... 16 - - tx23350e0b752a497f82cae-0068e16adb - 0.0275 - - 1759603419.864706993 1759603419.892165899 0
Oct 04 14:43:39 np0005470886.novalocal container-server[93155]: ::1 - - [04/Oct/2025:18:43:39 +0000] "PUT /1/213957/AUTH_2a636ad9760344e79dff02823315c4fd/gnocchi.055af467-a1e6-4bd2-a49e-6009a74c2178/none_v3" 201 - "PUT http://[::1]:8080/1/145716/AUTH_2a636ad9760344e79dff02823315c4fd/gnocchi.055af467-a1e6-4bd2-a49e-6009a74c2178/none_v3" "tx222df2092fb849009f87a-0068e16adb" "object-server 93450" 0.0005 "-" 93155 0
Oct 04 14:43:39 np0005470886.novalocal container-server[93154]: ::1 - - [04/Oct/2025:18:43:39 +0000] "PUT /2/213957/AUTH_2a636ad9760344e79dff02823315c4fd/gnocchi.055af467-a1e6-4bd2-a49e-6009a74c2178/none_v3" 201 - "PUT http://[::1]:8080/2/145716/AUTH_2a636ad9760344e79dff02823315c4fd/gnocchi.055af467-a1e6-4bd2-a49e-6009a74c2178/none_v3" "tx222df2092fb849009f87a-0068e16adb" "object-server 93449" 0.0005 "-" 93154 0
Oct 04 14:43:39 np0005470886.novalocal object-server[93450]: ::1 - - [04/Oct/2025:18:43:39 +0000] "PUT /1/145716/AUTH_2a636ad9760344e79dff02823315c4fd/gnocchi.055af467-a1e6-4bd2-a49e-6009a74c2178/none_v3" 201 - "PUT http://[::1]:8080/v1/AUTH_2a636ad9760344e79dff02823315c4fd/gnocchi.055af467-a1e6-4bd2-a49e-6009a74c2178/none_v3" "tx222df2092fb849009f87a-0068e16adb" "proxy-server 89511" 0.0097 "-" 93450 0
Oct 04 14:43:39 np0005470886.novalocal object-server[93449]: ::1 - - [04/Oct/2025:18:43:39 +0000] "PUT /2/145716/AUTH_2a636ad9760344e79dff02823315c4fd/gnocchi.055af467-a1e6-4bd2-a49e-6009a74c2178/none_v3" 201 - "PUT http://[::1]:8080/v1/AUTH_2a636ad9760344e79dff02823315c4fd/gnocchi.055af467-a1e6-4bd2-a49e-6009a74c2178/none_v3" "tx222df2092fb849009f87a-0068e16adb" "proxy-server 89511" 0.0096 "-" 93449 0
Oct 04 14:43:39 np0005470886.novalocal object-server[93449]: ::1 - - [04/Oct/2025:18:43:39 +0000] "GET /3/61432/AUTH_2a636ad9760344e79dff02823315c4fd/gnocchi.c901ad4c-9dae-4259-914a-f07d7a2dad35/none_v3" 200 59 "GET http://[::1]:8080/v1/AUTH_2a636ad9760344e79dff02823315c4fd/gnocchi.c901ad4c-9dae-4259-914a-f07d7a2dad35/none_v3" "tx473db177155f4bb889f12-0068e16adb" "proxy-server 89511" 0.0007 "-" 93449 0
Oct 04 14:43:39 np0005470886.novalocal proxy-server[89511]: ::1 ::1 04/Oct/2025/18/43/39 GET /v1/AUTH_2a636ad9760344e79dff02823315c4fd/gnocchi.c901ad4c-9dae-4259-914a-f07d7a2dad35/none_v3 HTTP/1.0 200 - python-swiftclient-4.2.0 gAAAAABo4WqryIa7... - 59 - tx473db177155f4bb889f12-0068e16adb - 0.0089 - - 1759603419.904842854 1759603419.913759232 0
