Oct 04 14:43:15 np0005470886.novalocal container-server[93152]: ::1 - - [04/Oct/2025:18:43:15 +0000] "PUT /2/56989/AUTH_2a636ad9760344e79dff02823315c4fd/gnocchi.e6b646c8-ef2b-4b74-90fa-e6884e02aded" 201 - "PUT http://[::1]:8080/v1/AUTH_2a636ad9760344e79dff02823315c4fd/gnocchi.e6b646c8-ef2b-4b74-90fa-e6884e02aded" "txef943fb3d8c5463990784-0068e16ac3" "proxy-server 89511" 0.0256 "-" 93152 0
Oct 04 14:43:15 np0005470886.novalocal proxy-server[89511]: ::1 ::1 04/Oct/2025/18/43/15 PUT /v1/AUTH_2a636ad9760344e79dff02823315c4fd/gnocchi.e6b646c8-ef2b-4b74-90fa-e6884e02aded HTTP/1.0 201 - python-swiftclient-4.2.0 gAAAAABo4WqryIa7... - - - txef943fb3d8c5463990784-0068e16ac3 - 0.0481 - - 1759603395.008651018 1759603395.056764364 0
Oct 04 14:43:15 np0005470886.novalocal container-server[93155]: ::1 - - [04/Oct/2025:18:43:15 +0000] "HEAD /1/56989/AUTH_2a636ad9760344e79dff02823315c4fd/gnocchi.e6b646c8-ef2b-4b74-90fa-e6884e02aded" 204 - "HEAD http://[::1]:8080/v1/AUTH_2a636ad9760344e79dff02823315c4fd/gnocchi.e6b646c8-ef2b-4b74-90fa-e6884e02aded?format=json&states=listing" "txd90b094a4c5544ce9871a-0068e16ac3" "proxy-server 89511" 0.0012 "-" 93155 0
Oct 04 14:43:15 np0005470886.novalocal container-server[93154]: ::1 - - [04/Oct/2025:18:43:15 +0000] "GET /2/56989/AUTH_2a636ad9760344e79dff02823315c4fd/gnocchi.e6b646c8-ef2b-4b74-90fa-e6884e02aded" 200 2 "GET http://[::1]:8080/v1/AUTH_2a636ad9760344e79dff02823315c4fd/gnocchi.e6b646c8-ef2b-4b74-90fa-e6884e02aded?format=json&states=listing" "txd90b094a4c5544ce9871a-0068e16ac3" "proxy-server 89511" 0.0018 "-" 93154 0
Oct 04 14:43:15 np0005470886.novalocal proxy-server[89511]: ::1 ::1 04/Oct/2025/18/43/15 GET /v1/AUTH_2a636ad9760344e79dff02823315c4fd/gnocchi.e6b646c8-ef2b-4b74-90fa-e6884e02aded%3Fformat%3Djson%26states%3Dlisting HTTP/1.0 200 - python-swiftclient-4.2.0 gAAAAABo4WqryIa7... - 2 - txd90b094a4c5544ce9871a-0068e16ac3 - 0.0138 - - 1759603395.061961174 1759603395.075799704 0
Oct 04 14:43:15 np0005470886.novalocal object-server[93450]: ::1 - - [04/Oct/2025:18:43:15 +0000] "GET /1/160484/AUTH_2a636ad9760344e79dff02823315c4fd/gnocchi.e6b646c8-ef2b-4b74-90fa-e6884e02aded/1759320000.0_mean_300.0_v3" 404 70 "GET http://[::1]:8080/v1/AUTH_2a636ad9760344e79dff02823315c4fd/gnocchi.e6b646c8-ef2b-4b74-90fa-e6884e02aded/1759320000.0_mean_300.0_v3" "tx9b9568effe1c4a8eab303-0068e16ac3" "proxy-server 89511" 0.0003 "-" 93450 0
Oct 04 14:43:15 np0005470886.novalocal container-server[93155]: ::1 - - [04/Oct/2025:18:43:15 +0000] "HEAD /2/17095/AUTH_2a636ad9760344e79dff02823315c4fd/gnocchi.e500a98a-dc45-4b52-8f81-60891cf6f15a" 404 - "HEAD http://[::1]:8080/v1/AUTH_2a636ad9760344e79dff02823315c4fd/gnocchi.e500a98a-dc45-4b52-8f81-60891cf6f15a?format=json&states=listing" "txf33fb802da174e6798133-0068e16ac3" "proxy-server 89511" 0.0003 "-" 93155 0
Oct 04 14:43:15 np0005470886.novalocal object-server[93452]: ::1 - - [04/Oct/2025:18:43:15 +0000] "GET /2/160484/AUTH_2a636ad9760344e79dff02823315c4fd/gnocchi.e6b646c8-ef2b-4b74-90fa-e6884e02aded/1759320000.0_mean_300.0_v3" 404 70 "GET http://[::1]:8080/v1/AUTH_2a636ad9760344e79dff02823315c4fd/gnocchi.e6b646c8-ef2b-4b74-90fa-e6884e02aded/1759320000.0_mean_300.0_v3" "tx9b9568effe1c4a8eab303-0068e16ac3" "proxy-server 89511" 0.0004 "-" 93452 0
Oct 04 14:43:15 np0005470886.novalocal container-server[93154]: ::1 - - [04/Oct/2025:18:43:15 +0000] "HEAD /1/17095/AUTH_2a636ad9760344e79dff02823315c4fd/gnocchi.e500a98a-dc45-4b52-8f81-60891cf6f15a" 404 - "HEAD http://[::1]:8080/v1/AUTH_2a636ad9760344e79dff02823315c4fd/gnocchi.e500a98a-dc45-4b52-8f81-60891cf6f15a?format=json&states=listing" "txf33fb802da174e6798133-0068e16ac3" "proxy-server 89511" 0.0004 "-" 93154 0
Oct 04 14:43:15 np0005470886.novalocal object-server[93452]: ::1 - - [04/Oct/2025:18:43:15 +0000] "GET /3/160484/AUTH_2a636ad9760344e79dff02823315c4fd/gnocchi.e6b646c8-ef2b-4b74-90fa-e6884e02aded/1759320000.0_mean_300.0_v3" 404 70 "GET http://[::1]:8080/v1/AUTH_2a636ad9760344e79dff02823315c4fd/gnocchi.e6b646c8-ef2b-4b74-90fa-e6884e02aded/1759320000.0_mean_300.0_v3" "tx9b9568effe1c4a8eab303-0068e16ac3" "proxy-server 89511" 0.0004 "-" 93452 0
Oct 04 14:43:15 np0005470886.novalocal container-server[93155]: ::1 - - [04/Oct/2025:18:43:15 +0000] "HEAD /3/17095/AUTH_2a636ad9760344e79dff02823315c4fd/gnocchi.e500a98a-dc45-4b52-8f81-60891cf6f15a" 404 - "HEAD http://[::1]:8080/v1/AUTH_2a636ad9760344e79dff02823315c4fd/gnocchi.e500a98a-dc45-4b52-8f81-60891cf6f15a?format=json&states=listing" "txf33fb802da174e6798133-0068e16ac3" "proxy-server 89511" 0.0003 "-" 93155 0
Oct 04 14:43:15 np0005470886.novalocal proxy-server[89511]: ::1 ::1 04/Oct/2025/18/43/15 GET /v1/AUTH_2a636ad9760344e79dff02823315c4fd/gnocchi.e6b646c8-ef2b-4b74-90fa-e6884e02aded/1759320000.0_mean_300.0_v3 HTTP/1.0 404 - python-swiftclient-4.2.0 gAAAAABo4WqryIa7... - 70 - tx9b9568effe1c4a8eab303-0068e16ac3 - 0.0165 - - 1759603395.080189466 1759603395.096674442 0
Oct 04 14:43:15 np0005470886.novalocal object-server[93450]: ::1 - - [04/Oct/2025:18:43:15 +0000] "GET /1/227544/AUTH_2a636ad9760344e79dff02823315c4fd/gnocchi.e500a98a-dc45-4b52-8f81-60891cf6f15a/none_v3" 404 70 "GET http://[::1]:8080/v1/AUTH_2a636ad9760344e79dff02823315c4fd/gnocchi.e500a98a-dc45-4b52-8f81-60891cf6f15a/none_v3" "txf33fb802da174e6798133-0068e16ac3" "proxy-server 89511" 0.0003 "-" 93450 0
Oct 04 14:43:15 np0005470886.novalocal object-server[93450]: ::1 - - [04/Oct/2025:18:43:15 +0000] "GET /2/227544/AUTH_2a636ad9760344e79dff02823315c4fd/gnocchi.e500a98a-dc45-4b52-8f81-60891cf6f15a/none_v3" 404 70 "GET http://[::1]:8080/v1/AUTH_2a636ad9760344e79dff02823315c4fd/gnocchi.e500a98a-dc45-4b52-8f81-60891cf6f15a/none_v3" "txf33fb802da174e6798133-0068e16ac3" "proxy-server 89511" 0.0002 "-" 93450 0
Oct 04 14:43:15 np0005470886.novalocal object-server[93452]: ::1 - - [04/Oct/2025:18:43:15 +0000] "GET /3/227544/AUTH_2a636ad9760344e79dff02823315c4fd/gnocchi.e500a98a-dc45-4b52-8f81-60891cf6f15a/none_v3" 404 70 "GET http://[::1]:8080/v1/AUTH_2a636ad9760344e79dff02823315c4fd/gnocchi.e500a98a-dc45-4b52-8f81-60891cf6f15a/none_v3" "txf33fb802da174e6798133-0068e16ac3" "proxy-server 89511" 0.0005 "-" 93452 0
Oct 04 14:43:15 np0005470886.novalocal proxy-server[89511]: ::1 ::1 04/Oct/2025/18/43/15 GET /v1/AUTH_2a636ad9760344e79dff02823315c4fd/gnocchi.e500a98a-dc45-4b52-8f81-60891cf6f15a/none_v3 HTTP/1.0 404 - python-swiftclient-4.2.0 gAAAAABo4WqjVCzL... - 70 - txf33fb802da174e6798133-0068e16ac3 - 0.0288 - - 1759603395.085903645 1759603395.114727259 0
Oct 04 14:43:15 np0005470886.novalocal container-server[93155]: ::1 - - [04/Oct/2025:18:43:15 +0000] "PUT /3/56989/AUTH_2a636ad9760344e79dff02823315c4fd/gnocchi.e6b646c8-ef2b-4b74-90fa-e6884e02aded/1759320000.0_mean_300.0_v3" 201 - "PUT http://[::1]:8080/2/160484/AUTH_2a636ad9760344e79dff02823315c4fd/gnocchi.e6b646c8-ef2b-4b74-90fa-e6884e02aded/1759320000.0_mean_300.0_v3" "tx6d83b0cba5424f4f976df-0068e16ac3" "object-server 93452" 0.0007 "-" 93155 0
Oct 04 14:43:15 np0005470886.novalocal object-server[93452]: ::1 - - [04/Oct/2025:18:43:15 +0000] "PUT /2/160484/AUTH_2a636ad9760344e79dff02823315c4fd/gnocchi.e6b646c8-ef2b-4b74-90fa-e6884e02aded/1759320000.0_mean_300.0_v3" 201 - "PUT http://[::1]:8080/v1/AUTH_2a636ad9760344e79dff02823315c4fd/gnocchi.e6b646c8-ef2b-4b74-90fa-e6884e02aded/1759320000.0_mean_300.0_v3" "tx6d83b0cba5424f4f976df-0068e16ac3" "proxy-server 89511" 0.0208 "-" 93452 0
Oct 04 14:43:15 np0005470886.novalocal container-server[93154]: ::1 - - [04/Oct/2025:18:43:15 +0000] "PUT /1/56989/AUTH_2a636ad9760344e79dff02823315c4fd/gnocchi.e6b646c8-ef2b-4b74-90fa-e6884e02aded/1759320000.0_mean_300.0_v3" 201 - "PUT http://[::1]:8080/1/160484/AUTH_2a636ad9760344e79dff02823315c4fd/gnocchi.e6b646c8-ef2b-4b74-90fa-e6884e02aded/1759320000.0_mean_300.0_v3" "tx6d83b0cba5424f4f976df-0068e16ac3" "object-server 93451" 0.0004 "-" 93154 0
Oct 04 14:43:15 np0005470886.novalocal object-server[93451]: ::1 - - [04/Oct/2025:18:43:15 +0000] "PUT /1/160484/AUTH_2a636ad9760344e79dff02823315c4fd/gnocchi.e6b646c8-ef2b-4b74-90fa-e6884e02aded/1759320000.0_mean_300.0_v3" 201 - "PUT http://[::1]:8080/v1/AUTH_2a636ad9760344e79dff02823315c4fd/gnocchi.e6b646c8-ef2b-4b74-90fa-e6884e02aded/1759320000.0_mean_300.0_v3" "tx6d83b0cba5424f4f976df-0068e16ac3" "proxy-server 89511" 0.0327 "-" 93451 0
Oct 04 14:43:15 np0005470886.novalocal container-server[93152]: ::1 - - [04/Oct/2025:18:43:15 +0000] "PUT /2/56989/AUTH_2a636ad9760344e79dff02823315c4fd/gnocchi.e6b646c8-ef2b-4b74-90fa-e6884e02aded/1759320000.0_mean_300.0_v3" 201 - "PUT http://[::1]:8080/3/160484/AUTH_2a636ad9760344e79dff02823315c4fd/gnocchi.e6b646c8-ef2b-4b74-90fa-e6884e02aded/1759320000.0_mean_300.0_v3" "tx6d83b0cba5424f4f976df-0068e16ac3" "object-server 93451" 0.0005 "-" 93152 0
Oct 04 14:43:15 np0005470886.novalocal object-server[93451]: ::1 - - [04/Oct/2025:18:43:15 +0000] "PUT /3/160484/AUTH_2a636ad9760344e79dff02823315c4fd/gnocchi.e6b646c8-ef2b-4b74-90fa-e6884e02aded/1759320000.0_mean_300.0_v3" 201 - "PUT http://[::1]:8080/v1/AUTH_2a636ad9760344e79dff02823315c4fd/gnocchi.e6b646c8-ef2b-4b74-90fa-e6884e02aded/1759320000.0_mean_300.0_v3" "tx6d83b0cba5424f4f976df-0068e16ac3" "proxy-server 89511" 0.0386 "-" 93451 0
Oct 04 14:43:15 np0005470886.novalocal proxy-server[89511]: ::1 ::1 04/Oct/2025/18/43/15 PUT /v1/AUTH_2a636ad9760344e79dff02823315c4fd/gnocchi.e6b646c8-ef2b-4b74-90fa-e6884e02aded/1759320000.0_mean_300.0_v3 HTTP/1.0 201 - python-swiftclient-4.2.0 gAAAAABo4WqryIa7... 16 - - tx6d83b0cba5424f4f976df-0068e16ac3 - 0.0458 - - 1759603395.100193024 1759603395.145944834 0
Oct 04 14:43:15 np0005470886.novalocal account-server[92861]: ::1 - - [04/Oct/2025:18:43:15 +0000] "PUT /2/167054/AUTH_2a636ad9760344e79dff02823315c4fd/gnocchi.e500a98a-dc45-4b52-8f81-60891cf6f15a" 201 - "PUT http://[::1]:6001/2/17095/AUTH_2a636ad9760344e79dff02823315c4fd/gnocchi.e500a98a-dc45-4b52-8f81-60891cf6f15a" "tx8a2d9b4854124639b919f-0068e16ac3" "container-server 93152" 0.0107 "-" 92861 0
Oct 04 14:43:15 np0005470886.novalocal container-server[93152]: ::1 - - [04/Oct/2025:18:43:15 +0000] "PUT /2/17095/AUTH_2a636ad9760344e79dff02823315c4fd/gnocchi.e500a98a-dc45-4b52-8f81-60891cf6f15a" 201 - "PUT http://[::1]:8080/v1/AUTH_2a636ad9760344e79dff02823315c4fd/gnocchi.e500a98a-dc45-4b52-8f81-60891cf6f15a" "tx8a2d9b4854124639b919f-0068e16ac3" "proxy-server 89511" 0.0327 "-" 93152 0
Oct 04 14:43:15 np0005470886.novalocal account-server[92863]: ::1 - - [04/Oct/2025:18:43:15 +0000] "PUT /1/167054/AUTH_2a636ad9760344e79dff02823315c4fd/gnocchi.e500a98a-dc45-4b52-8f81-60891cf6f15a" 201 - "PUT http://[::1]:6001/3/17095/AUTH_2a636ad9760344e79dff02823315c4fd/gnocchi.e500a98a-dc45-4b52-8f81-60891cf6f15a" "tx8a2d9b4854124639b919f-0068e16ac3" "container-server 93154" 0.0150 "-" 92863 0
Oct 04 14:43:15 np0005470886.novalocal container-server[93154]: ::1 - - [04/Oct/2025:18:43:15 +0000] "PUT /3/17095/AUTH_2a636ad9760344e79dff02823315c4fd/gnocchi.e500a98a-dc45-4b52-8f81-60891cf6f15a" 201 - "PUT http://[::1]:8080/v1/AUTH_2a636ad9760344e79dff02823315c4fd/gnocchi.e500a98a-dc45-4b52-8f81-60891cf6f15a" "tx8a2d9b4854124639b919f-0068e16ac3" "proxy-server 89511" 0.0360 "-" 93154 0
Oct 04 14:43:15 np0005470886.novalocal dnsmasq[99368]: read /var/lib/neutron/dhcp/08e3cc31-effd-4523-8fbf-593d7813d03f/addn_hosts - 0 addresses
Oct 04 14:43:15 np0005470886.novalocal dnsmasq-dhcp[99368]: read /var/lib/neutron/dhcp/08e3cc31-effd-4523-8fbf-593d7813d03f/host
Oct 04 14:43:15 np0005470886.novalocal dnsmasq-dhcp[99368]: read /var/lib/neutron/dhcp/08e3cc31-effd-4523-8fbf-593d7813d03f/opts
Oct 04 14:43:15 np0005470886.novalocal account-server[92863]: ::1 - - [04/Oct/2025:18:43:15 +0000] "PUT /3/167054/AUTH_2a636ad9760344e79dff02823315c4fd/gnocchi.e500a98a-dc45-4b52-8f81-60891cf6f15a" 201 - "PUT http://[::1]:6001/1/17095/AUTH_2a636ad9760344e79dff02823315c4fd/gnocchi.e500a98a-dc45-4b52-8f81-60891cf6f15a" "tx8a2d9b4854124639b919f-0068e16ac3" "container-server 93153" 0.0245 "-" 92863 0
Oct 04 14:43:15 np0005470886.novalocal container-server[93153]: ::1 - - [04/Oct/2025:18:43:15 +0000] "PUT /1/17095/AUTH_2a636ad9760344e79dff02823315c4fd/gnocchi.e500a98a-dc45-4b52-8f81-60891cf6f15a" 201 - "PUT http://[::1]:8080/v1/AUTH_2a636ad9760344e79dff02823315c4fd/gnocchi.e500a98a-dc45-4b52-8f81-60891cf6f15a" "tx8a2d9b4854124639b919f-0068e16ac3" "proxy-server 89511" 0.0561 "-" 93153 0
Oct 04 14:43:15 np0005470886.novalocal container-server[93152]: ::1 - - [04/Oct/2025:18:43:15 +0000] "PUT /1/56989/AUTH_2a636ad9760344e79dff02823315c4fd/gnocchi.e6b646c8-ef2b-4b74-90fa-e6884e02aded/none_v3" 201 - "PUT http://[::1]:8080/2/186909/AUTH_2a636ad9760344e79dff02823315c4fd/gnocchi.e6b646c8-ef2b-4b74-90fa-e6884e02aded/none_v3" "txecfe1a67344647c28ca55-0068e16ac3" "object-server 93449" 0.0005 "-" 93152 0
Oct 04 14:43:15 np0005470886.novalocal object-server[93449]: ::1 - - [04/Oct/2025:18:43:15 +0000] "PUT /2/186909/AUTH_2a636ad9760344e79dff02823315c4fd/gnocchi.e6b646c8-ef2b-4b74-90fa-e6884e02aded/none_v3" 201 - "PUT http://[::1]:8080/v1/AUTH_2a636ad9760344e79dff02823315c4fd/gnocchi.e6b646c8-ef2b-4b74-90fa-e6884e02aded/none_v3" "txecfe1a67344647c28ca55-0068e16ac3" "proxy-server 89511" 0.0331 "-" 93449 0
Oct 04 14:43:15 np0005470886.novalocal proxy-server[89511]: ::1 ::1 04/Oct/2025/18/43/15 PUT /v1/AUTH_2a636ad9760344e79dff02823315c4fd/gnocchi.e500a98a-dc45-4b52-8f81-60891cf6f15a HTTP/1.0 201 - python-swiftclient-4.2.0 gAAAAABo4WqjVCzL... - - - tx8a2d9b4854124639b919f-0068e16ac3 - 0.0718 - - 1759603395.117278814 1759603395.189078569 0
Oct 04 14:43:15 np0005470886.novalocal container-server[93154]: ::1 - - [04/Oct/2025:18:43:15 +0000] "PUT /3/56989/AUTH_2a636ad9760344e79dff02823315c4fd/gnocchi.e6b646c8-ef2b-4b74-90fa-e6884e02aded/none_v3" 201 - "PUT http://[::1]:8080/3/186909/AUTH_2a636ad9760344e79dff02823315c4fd/gnocchi.e6b646c8-ef2b-4b74-90fa-e6884e02aded/none_v3" "txecfe1a67344647c28ca55-0068e16ac3" "object-server 93450" 0.0006 "-" 93154 0
Oct 04 14:43:15 np0005470886.novalocal object-server[93450]: ::1 - - [04/Oct/2025:18:43:15 +0000] "PUT /3/186909/AUTH_2a636ad9760344e79dff02823315c4fd/gnocchi.e6b646c8-ef2b-4b74-90fa-e6884e02aded/none_v3" 201 - "PUT http://[::1]:8080/v1/AUTH_2a636ad9760344e79dff02823315c4fd/gnocchi.e6b646c8-ef2b-4b74-90fa-e6884e02aded/none_v3" "txecfe1a67344647c28ca55-0068e16ac3" "proxy-server 89511" 0.0356 "-" 93450 0
Oct 04 14:43:15 np0005470886.novalocal container-server[93154]: ::1 - - [04/Oct/2025:18:43:15 +0000] "PUT /2/56989/AUTH_2a636ad9760344e79dff02823315c4fd/gnocchi.e6b646c8-ef2b-4b74-90fa-e6884e02aded/none_v3" 201 - "PUT http://[::1]:8080/1/186909/AUTH_2a636ad9760344e79dff02823315c4fd/gnocchi.e6b646c8-ef2b-4b74-90fa-e6884e02aded/none_v3" "txecfe1a67344647c28ca55-0068e16ac3" "object-server 93452" 0.0004 "-" 93154 0
Oct 04 14:43:15 np0005470886.novalocal object-server[93452]: ::1 - - [04/Oct/2025:18:43:15 +0000] "PUT /1/186909/AUTH_2a636ad9760344e79dff02823315c4fd/gnocchi.e6b646c8-ef2b-4b74-90fa-e6884e02aded/none_v3" 201 - "PUT http://[::1]:8080/v1/AUTH_2a636ad9760344e79dff02823315c4fd/gnocchi.e6b646c8-ef2b-4b74-90fa-e6884e02aded/none_v3" "txecfe1a67344647c28ca55-0068e16ac3" "proxy-server 89511" 0.0393 "-" 93452 0
Oct 04 14:43:15 np0005470886.novalocal proxy-server[89511]: ::1 ::1 04/Oct/2025/18/43/15 PUT /v1/AUTH_2a636ad9760344e79dff02823315c4fd/gnocchi.e6b646c8-ef2b-4b74-90fa-e6884e02aded/none_v3 HTTP/1.0 201 - python-swiftclient-4.2.0 gAAAAABo4WqryIa7... 22 - - txecfe1a67344647c28ca55-0068e16ac3 - 0.0488 - - 1759603395.148728609 1759603395.197488308 0
Oct 04 14:43:15 np0005470886.novalocal container-server[93153]: ::1 - - [04/Oct/2025:18:43:15 +0000] "HEAD /2/17095/AUTH_2a636ad9760344e79dff02823315c4fd/gnocchi.e500a98a-dc45-4b52-8f81-60891cf6f15a" 204 - "HEAD http://[::1]:8080/v1/AUTH_2a636ad9760344e79dff02823315c4fd/gnocchi.e500a98a-dc45-4b52-8f81-60891cf6f15a?format=json&states=listing" "tx6e5b62348f4d4b69b3303-0068e16ac3" "proxy-server 89511" 0.0012 "-" 93153 0
Oct 04 14:43:15 np0005470886.novalocal container-server[93153]: ::1 - - [04/Oct/2025:18:43:15 +0000] "GET /3/17095/AUTH_2a636ad9760344e79dff02823315c4fd/gnocchi.e500a98a-dc45-4b52-8f81-60891cf6f15a" 200 2 "GET http://[::1]:8080/v1/AUTH_2a636ad9760344e79dff02823315c4fd/gnocchi.e500a98a-dc45-4b52-8f81-60891cf6f15a?format=json&states=listing" "tx6e5b62348f4d4b69b3303-0068e16ac3" "proxy-server 89511" 0.0016 "-" 93153 0
Oct 04 14:43:15 np0005470886.novalocal proxy-server[89511]: ::1 ::1 04/Oct/2025/18/43/15 GET /v1/AUTH_2a636ad9760344e79dff02823315c4fd/gnocchi.e500a98a-dc45-4b52-8f81-60891cf6f15a%3Fformat%3Djson%26states%3Dlisting HTTP/1.0 200 - python-swiftclient-4.2.0 gAAAAABo4WqjVCzL... - 2 - tx6e5b62348f4d4b69b3303-0068e16ac3 - 0.0129 - - 1759603395.192500114 1759603395.205439329 0
Oct 04 14:43:15 np0005470886.novalocal object-server[93449]: ::1 - - [04/Oct/2025:18:43:15 +0000] "GET /1/249576/AUTH_2a636ad9760344e79dff02823315c4fd/gnocchi.e500a98a-dc45-4b52-8f81-60891cf6f15a/1759320000.0_mean_300.0_v3" 404 70 "GET http://[::1]:8080/v1/AUTH_2a636ad9760344e79dff02823315c4fd/gnocchi.e500a98a-dc45-4b52-8f81-60891cf6f15a/1759320000.0_mean_300.0_v3" "tx5145c9efcc2d430ba7490-0068e16ac3" "proxy-server 89511" 0.0003 "-" 93449 0
Oct 04 14:43:15 np0005470886.novalocal object-server[93449]: ::1 - - [04/Oct/2025:18:43:15 +0000] "GET /2/249576/AUTH_2a636ad9760344e79dff02823315c4fd/gnocchi.e500a98a-dc45-4b52-8f81-60891cf6f15a/1759320000.0_mean_300.0_v3" 404 70 "GET http://[::1]:8080/v1/AUTH_2a636ad9760344e79dff02823315c4fd/gnocchi.e500a98a-dc45-4b52-8f81-60891cf6f15a/1759320000.0_mean_300.0_v3" "tx5145c9efcc2d430ba7490-0068e16ac3" "proxy-server 89511" 0.0002 "-" 93449 0
Oct 04 14:43:15 np0005470886.novalocal object-server[93450]: ::1 - - [04/Oct/2025:18:43:15 +0000] "GET /3/249576/AUTH_2a636ad9760344e79dff02823315c4fd/gnocchi.e500a98a-dc45-4b52-8f81-60891cf6f15a/1759320000.0_mean_300.0_v3" 404 70 "GET http://[::1]:8080/v1/AUTH_2a636ad9760344e79dff02823315c4fd/gnocchi.e500a98a-dc45-4b52-8f81-60891cf6f15a/1759320000.0_mean_300.0_v3" "tx5145c9efcc2d430ba7490-0068e16ac3" "proxy-server 89511" 0.0009 "-" 93450 0
Oct 04 14:43:15 np0005470886.novalocal proxy-server[89511]: ::1 ::1 04/Oct/2025/18/43/15 GET /v1/AUTH_2a636ad9760344e79dff02823315c4fd/gnocchi.e500a98a-dc45-4b52-8f81-60891cf6f15a/1759320000.0_mean_300.0_v3 HTTP/1.0 404 - python-swiftclient-4.2.0 gAAAAABo4WqjVCzL... - 70 - tx5145c9efcc2d430ba7490-0068e16ac3 - 0.0146 - - 1759603395.209244490 1759603395.223844051 0
Oct 04 14:43:15 np0005470886.novalocal container-server[93153]: ::1 - - [04/Oct/2025:18:43:15 +0000] "HEAD /2/17843/AUTH_2a636ad9760344e79dff02823315c4fd/gnocchi.f43ebfe8-a8a7-490f-be40-c96cbd5ccd72" 404 - "HEAD http://[::1]:8080/v1/AUTH_2a636ad9760344e79dff02823315c4fd/gnocchi.f43ebfe8-a8a7-490f-be40-c96cbd5ccd72?format=json&states=listing" "tx2c555a82b28b4a0f921db-0068e16ac3" "proxy-server 89511" 0.0003 "-" 93153 0
Oct 04 14:43:15 np0005470886.novalocal container-server[93152]: ::1 - - [04/Oct/2025:18:43:15 +0000] "HEAD /1/17843/AUTH_2a636ad9760344e79dff02823315c4fd/gnocchi.f43ebfe8-a8a7-490f-be40-c96cbd5ccd72" 404 - "HEAD http://[::1]:8080/v1/AUTH_2a636ad9760344e79dff02823315c4fd/gnocchi.f43ebfe8-a8a7-490f-be40-c96cbd5ccd72?format=json&states=listing" "tx2c555a82b28b4a0f921db-0068e16ac3" "proxy-server 89511" 0.0003 "-" 93152 0
Oct 04 14:43:15 np0005470886.novalocal container-server[93153]: ::1 - - [04/Oct/2025:18:43:15 +0000] "HEAD /3/17843/AUTH_2a636ad9760344e79dff02823315c4fd/gnocchi.f43ebfe8-a8a7-490f-be40-c96cbd5ccd72" 404 - "HEAD http://[::1]:8080/v1/AUTH_2a636ad9760344e79dff02823315c4fd/gnocchi.f43ebfe8-a8a7-490f-be40-c96cbd5ccd72?format=json&states=listing" "tx2c555a82b28b4a0f921db-0068e16ac3" "proxy-server 89511" 0.0003 "-" 93153 0
Oct 04 14:43:15 np0005470886.novalocal object-server[93452]: ::1 - - [04/Oct/2025:18:43:15 +0000] "GET /2/89294/AUTH_2a636ad9760344e79dff02823315c4fd/gnocchi.f43ebfe8-a8a7-490f-be40-c96cbd5ccd72/none_v3" 404 70 "GET http://[::1]:8080/v1/AUTH_2a636ad9760344e79dff02823315c4fd/gnocchi.f43ebfe8-a8a7-490f-be40-c96cbd5ccd72/none_v3" "tx2c555a82b28b4a0f921db-0068e16ac3" "proxy-server 89511" 0.0004 "-" 93452 0
Oct 04 14:43:15 np0005470886.novalocal object-server[93449]: ::1 - - [04/Oct/2025:18:43:15 +0000] "GET /3/89294/AUTH_2a636ad9760344e79dff02823315c4fd/gnocchi.f43ebfe8-a8a7-490f-be40-c96cbd5ccd72/none_v3" 404 70 "GET http://[::1]:8080/v1/AUTH_2a636ad9760344e79dff02823315c4fd/gnocchi.f43ebfe8-a8a7-490f-be40-c96cbd5ccd72/none_v3" "tx2c555a82b28b4a0f921db-0068e16ac3" "proxy-server 89511" 0.0003 "-" 93449 0
Oct 04 14:43:15 np0005470886.novalocal object-server[93452]: ::1 - - [04/Oct/2025:18:43:15 +0000] "GET /1/89294/AUTH_2a636ad9760344e79dff02823315c4fd/gnocchi.f43ebfe8-a8a7-490f-be40-c96cbd5ccd72/none_v3" 404 70 "GET http://[::1]:8080/v1/AUTH_2a636ad9760344e79dff02823315c4fd/gnocchi.f43ebfe8-a8a7-490f-be40-c96cbd5ccd72/none_v3" "tx2c555a82b28b4a0f921db-0068e16ac3" "proxy-server 89511" 0.0005 "-" 93452 0
Oct 04 14:43:15 np0005470886.novalocal proxy-server[89511]: ::1 ::1 04/Oct/2025/18/43/15 GET /v1/AUTH_2a636ad9760344e79dff02823315c4fd/gnocchi.f43ebfe8-a8a7-490f-be40-c96cbd5ccd72/none_v3 HTTP/1.0 404 - python-swiftclient-4.2.0 gAAAAABo4WqryIa7... - 70 - tx2c555a82b28b4a0f921db-0068e16ac3 - 0.0261 - - 1759603395.224730253 1759603395.250856876 0
Oct 04 14:43:15 np0005470886.novalocal container-server[93155]: ::1 - - [04/Oct/2025:18:43:15 +0000] "PUT /3/17095/AUTH_2a636ad9760344e79dff02823315c4fd/gnocchi.e500a98a-dc45-4b52-8f81-60891cf6f15a/1759320000.0_mean_300.0_v3" 201 - "PUT http://[::1]:8080/1/249576/AUTH_2a636ad9760344e79dff02823315c4fd/gnocchi.e500a98a-dc45-4b52-8f81-60891cf6f15a/1759320000.0_mean_300.0_v3" "tx28b27df58a7b42a69fbe0-0068e16ac3" "object-server 93452" 0.0005 "-" 93155 0
Oct 04 14:43:15 np0005470886.novalocal object-server[93452]: ::1 - - [04/Oct/2025:18:43:15 +0000] "PUT /1/249576/AUTH_2a636ad9760344e79dff02823315c4fd/gnocchi.e500a98a-dc45-4b52-8f81-60891cf6f15a/1759320000.0_mean_300.0_v3" 201 - "PUT http://[::1]:8080/v1/AUTH_2a636ad9760344e79dff02823315c4fd/gnocchi.e500a98a-dc45-4b52-8f81-60891cf6f15a/1759320000.0_mean_300.0_v3" "tx28b27df58a7b42a69fbe0-0068e16ac3" "proxy-server 89511" 0.0207 "-" 93452 0
Oct 04 14:43:15 np0005470886.novalocal container-server[93155]: ::1 - - [04/Oct/2025:18:43:15 +0000] "PUT /1/17095/AUTH_2a636ad9760344e79dff02823315c4fd/gnocchi.e500a98a-dc45-4b52-8f81-60891cf6f15a/1759320000.0_mean_300.0_v3" 201 - "PUT http://[::1]:8080/2/249576/AUTH_2a636ad9760344e79dff02823315c4fd/gnocchi.e500a98a-dc45-4b52-8f81-60891cf6f15a/1759320000.0_mean_300.0_v3" "tx28b27df58a7b42a69fbe0-0068e16ac3" "object-server 93450" 0.0003 "-" 93155 0
Oct 04 14:43:15 np0005470886.novalocal container-server[93155]: ::1 - - [04/Oct/2025:18:43:15 +0000] "PUT /2/17095/AUTH_2a636ad9760344e79dff02823315c4fd/gnocchi.e500a98a-dc45-4b52-8f81-60891cf6f15a/1759320000.0_mean_300.0_v3" 201 - "PUT http://[::1]:8080/3/249576/AUTH_2a636ad9760344e79dff02823315c4fd/gnocchi.e500a98a-dc45-4b52-8f81-60891cf6f15a/1759320000.0_mean_300.0_v3" "tx28b27df58a7b42a69fbe0-0068e16ac3" "object-server 93450" 0.0003 "-" 93155 0
Oct 04 14:43:15 np0005470886.novalocal object-server[93450]: ::1 - - [04/Oct/2025:18:43:15 +0000] "PUT /2/249576/AUTH_2a636ad9760344e79dff02823315c4fd/gnocchi.e500a98a-dc45-4b52-8f81-60891cf6f15a/1759320000.0_mean_300.0_v3" 201 - "PUT http://[::1]:8080/v1/AUTH_2a636ad9760344e79dff02823315c4fd/gnocchi.e500a98a-dc45-4b52-8f81-60891cf6f15a/1759320000.0_mean_300.0_v3" "tx28b27df58a7b42a69fbe0-0068e16ac3" "proxy-server 89511" 0.0244 "-" 93450 0
Oct 04 14:43:15 np0005470886.novalocal object-server[93450]: ::1 - - [04/Oct/2025:18:43:15 +0000] "PUT /3/249576/AUTH_2a636ad9760344e79dff02823315c4fd/gnocchi.e500a98a-dc45-4b52-8f81-60891cf6f15a/1759320000.0_mean_300.0_v3" 201 - "PUT http://[::1]:8080/v1/AUTH_2a636ad9760344e79dff02823315c4fd/gnocchi.e500a98a-dc45-4b52-8f81-60891cf6f15a/1759320000.0_mean_300.0_v3" "tx28b27df58a7b42a69fbe0-0068e16ac3" "proxy-server 89511" 0.0236 "-" 93450 0
Oct 04 14:43:15 np0005470886.novalocal proxy-server[89511]: ::1 ::1 04/Oct/2025/18/43/15 PUT /v1/AUTH_2a636ad9760344e79dff02823315c4fd/gnocchi.e500a98a-dc45-4b52-8f81-60891cf6f15a/1759320000.0_mean_300.0_v3 HTTP/1.0 201 - python-swiftclient-4.2.0 gAAAAABo4WqjVCzL... 16 - - tx28b27df58a7b42a69fbe0-0068e16ac3 - 0.0354 - - 1759603395.227070093 1759603395.262500286 0
Oct 04 14:43:15 np0005470886.novalocal account-server[92863]: ::1 - - [04/Oct/2025:18:43:15 +0000] "PUT /3/167054/AUTH_2a636ad9760344e79dff02823315c4fd/gnocchi.f43ebfe8-a8a7-490f-be40-c96cbd5ccd72" 201 - "PUT http://[::1]:6001/1/17843/AUTH_2a636ad9760344e79dff02823315c4fd/gnocchi.f43ebfe8-a8a7-490f-be40-c96cbd5ccd72" "tx4f9c8574715844b9b8f3e-0068e16ac3" "container-server 93153" 0.0089 "-" 92863 0
Oct 04 14:43:15 np0005470886.novalocal container-server[93153]: ::1 - - [04/Oct/2025:18:43:15 +0000] "PUT /1/17843/AUTH_2a636ad9760344e79dff02823315c4fd/gnocchi.f43ebfe8-a8a7-490f-be40-c96cbd5ccd72" 201 - "PUT http://[::1]:8080/v1/AUTH_2a636ad9760344e79dff02823315c4fd/gnocchi.f43ebfe8-a8a7-490f-be40-c96cbd5ccd72" "tx4f9c8574715844b9b8f3e-0068e16ac3" "proxy-server 89511" 0.0311 "-" 93153 0
Oct 04 14:43:15 np0005470886.novalocal account-server[92862]: ::1 - - [04/Oct/2025:18:43:15 +0000] "PUT /1/167054/AUTH_2a636ad9760344e79dff02823315c4fd/gnocchi.f43ebfe8-a8a7-490f-be40-c96cbd5ccd72" 201 - "PUT http://[::1]:6001/3/17843/AUTH_2a636ad9760344e79dff02823315c4fd/gnocchi.f43ebfe8-a8a7-490f-be40-c96cbd5ccd72" "tx4f9c8574715844b9b8f3e-0068e16ac3" "container-server 93152" 0.0064 "-" 92862 0
Oct 04 14:43:15 np0005470886.novalocal container-server[93152]: ::1 - - [04/Oct/2025:18:43:15 +0000] "PUT /3/17843/AUTH_2a636ad9760344e79dff02823315c4fd/gnocchi.f43ebfe8-a8a7-490f-be40-c96cbd5ccd72" 201 - "PUT http://[::1]:8080/v1/AUTH_2a636ad9760344e79dff02823315c4fd/gnocchi.f43ebfe8-a8a7-490f-be40-c96cbd5ccd72" "tx4f9c8574715844b9b8f3e-0068e16ac3" "proxy-server 89511" 0.0334 "-" 93152 0
Oct 04 14:43:15 np0005470886.novalocal account-server[92863]: ::1 - - [04/Oct/2025:18:43:15 +0000] "PUT /2/167054/AUTH_2a636ad9760344e79dff02823315c4fd/gnocchi.f43ebfe8-a8a7-490f-be40-c96cbd5ccd72" 201 - "PUT http://[::1]:6001/2/17843/AUTH_2a636ad9760344e79dff02823315c4fd/gnocchi.f43ebfe8-a8a7-490f-be40-c96cbd5ccd72" "tx4f9c8574715844b9b8f3e-0068e16ac3" "container-server 93154" 0.0048 "-" 92863 0
Oct 04 14:43:15 np0005470886.novalocal container-server[93154]: ::1 - - [04/Oct/2025:18:43:15 +0000] "PUT /2/17843/AUTH_2a636ad9760344e79dff02823315c4fd/gnocchi.f43ebfe8-a8a7-490f-be40-c96cbd5ccd72" 201 - "PUT http://[::1]:8080/v1/AUTH_2a636ad9760344e79dff02823315c4fd/gnocchi.f43ebfe8-a8a7-490f-be40-c96cbd5ccd72" "tx4f9c8574715844b9b8f3e-0068e16ac3" "proxy-server 89511" 0.0363 "-" 93154 0
Oct 04 14:43:15 np0005470886.novalocal container-server[93155]: ::1 - - [04/Oct/2025:18:43:15 +0000] "PUT /1/17095/AUTH_2a636ad9760344e79dff02823315c4fd/gnocchi.e500a98a-dc45-4b52-8f81-60891cf6f15a/none_v3" 201 - "PUT http://[::1]:8080/1/227544/AUTH_2a636ad9760344e79dff02823315c4fd/gnocchi.e500a98a-dc45-4b52-8f81-60891cf6f15a/none_v3" "tx3eef9e5834ad4939b5988-0068e16ac3" "object-server 93449" 0.0006 "-" 93155 0
Oct 04 14:43:15 np0005470886.novalocal object-server[93449]: ::1 - - [04/Oct/2025:18:43:15 +0000] "PUT /1/227544/AUTH_2a636ad9760344e79dff02823315c4fd/gnocchi.e500a98a-dc45-4b52-8f81-60891cf6f15a/none_v3" 201 - "PUT http://[::1]:8080/v1/AUTH_2a636ad9760344e79dff02823315c4fd/gnocchi.e500a98a-dc45-4b52-8f81-60891cf6f15a/none_v3" "tx3eef9e5834ad4939b5988-0068e16ac3" "proxy-server 89511" 0.0245 "-" 93449 0
Oct 04 14:43:15 np0005470886.novalocal container-server[93154]: ::1 - - [04/Oct/2025:18:43:15 +0000] "PUT /3/17095/AUTH_2a636ad9760344e79dff02823315c4fd/gnocchi.e500a98a-dc45-4b52-8f81-60891cf6f15a/none_v3" 201 - "PUT http://[::1]:8080/2/227544/AUTH_2a636ad9760344e79dff02823315c4fd/gnocchi.e500a98a-dc45-4b52-8f81-60891cf6f15a/none_v3" "tx3eef9e5834ad4939b5988-0068e16ac3" "object-server 93451" 0.0005 "-" 93154 0
Oct 04 14:43:15 np0005470886.novalocal proxy-server[89511]: ::1 ::1 04/Oct/2025/18/43/15 PUT /v1/AUTH_2a636ad9760344e79dff02823315c4fd/gnocchi.f43ebfe8-a8a7-490f-be40-c96cbd5ccd72 HTTP/1.0 201 - python-swiftclient-4.2.0 gAAAAABo4WqryIa7... - - - tx4f9c8574715844b9b8f3e-0068e16ac3 - 0.0439 - - 1759603395.254830837 1759603395.298695087 0
Oct 04 14:43:15 np0005470886.novalocal object-server[93451]: ::1 - - [04/Oct/2025:18:43:15 +0000] "PUT /2/227544/AUTH_2a636ad9760344e79dff02823315c4fd/gnocchi.e500a98a-dc45-4b52-8f81-60891cf6f15a/none_v3" 201 - "PUT http://[::1]:8080/v1/AUTH_2a636ad9760344e79dff02823315c4fd/gnocchi.e500a98a-dc45-4b52-8f81-60891cf6f15a/none_v3" "tx3eef9e5834ad4939b5988-0068e16ac3" "proxy-server 89511" 0.0133 "-" 93451 0
Oct 04 14:43:15 np0005470886.novalocal container-server[93154]: ::1 - - [04/Oct/2025:18:43:15 +0000] "PUT /2/17095/AUTH_2a636ad9760344e79dff02823315c4fd/gnocchi.e500a98a-dc45-4b52-8f81-60891cf6f15a/none_v3" 201 - "PUT http://[::1]:8080/3/227544/AUTH_2a636ad9760344e79dff02823315c4fd/gnocchi.e500a98a-dc45-4b52-8f81-60891cf6f15a/none_v3" "tx3eef9e5834ad4939b5988-0068e16ac3" "object-server 93451" 0.0004 "-" 93154 0
Oct 04 14:43:15 np0005470886.novalocal object-server[93451]: ::1 - - [04/Oct/2025:18:43:15 +0000] "PUT /3/227544/AUTH_2a636ad9760344e79dff02823315c4fd/gnocchi.e500a98a-dc45-4b52-8f81-60891cf6f15a/none_v3" 201 - "PUT http://[::1]:8080/v1/AUTH_2a636ad9760344e79dff02823315c4fd/gnocchi.e500a98a-dc45-4b52-8f81-60891cf6f15a/none_v3" "tx3eef9e5834ad4939b5988-0068e16ac3" "proxy-server 89511" 0.0255 "-" 93451 0
Oct 04 14:43:15 np0005470886.novalocal proxy-server[89511]: ::1 ::1 04/Oct/2025/18/43/15 PUT /v1/AUTH_2a636ad9760344e79dff02823315c4fd/gnocchi.e500a98a-dc45-4b52-8f81-60891cf6f15a/none_v3 HTTP/1.0 201 - python-swiftclient-4.2.0 gAAAAABo4WqjVCzL... 22 - - tx3eef9e5834ad4939b5988-0068e16ac3 - 0.0338 - - 1759603395.267264366 1759603395.301052570 0
Oct 04 14:43:15 np0005470886.novalocal container-server[93155]: ::1 - - [04/Oct/2025:18:43:15 +0000] "HEAD /2/17843/AUTH_2a636ad9760344e79dff02823315c4fd/gnocchi.f43ebfe8-a8a7-490f-be40-c96cbd5ccd72" 204 - "HEAD http://[::1]:8080/v1/AUTH_2a636ad9760344e79dff02823315c4fd/gnocchi.f43ebfe8-a8a7-490f-be40-c96cbd5ccd72?format=json&states=listing" "tx63506b4e2e934044b9c04-0068e16ac3" "proxy-server 89511" 0.0012 "-" 93155 0
Oct 04 14:43:15 np0005470886.novalocal container-server[93153]: ::1 - - [04/Oct/2025:18:43:15 +0000] "GET /1/17843/AUTH_2a636ad9760344e79dff02823315c4fd/gnocchi.f43ebfe8-a8a7-490f-be40-c96cbd5ccd72" 200 2 "GET http://[::1]:8080/v1/AUTH_2a636ad9760344e79dff02823315c4fd/gnocchi.f43ebfe8-a8a7-490f-be40-c96cbd5ccd72?format=json&states=listing" "tx63506b4e2e934044b9c04-0068e16ac3" "proxy-server 89511" 0.0020 "-" 93153 0
Oct 04 14:43:15 np0005470886.novalocal proxy-server[89511]: ::1 ::1 04/Oct/2025/18/43/15 GET /v1/AUTH_2a636ad9760344e79dff02823315c4fd/gnocchi.f43ebfe8-a8a7-490f-be40-c96cbd5ccd72%3Fformat%3Djson%26states%3Dlisting HTTP/1.0 200 - python-swiftclient-4.2.0 gAAAAABo4WqryIa7... - 2 - tx63506b4e2e934044b9c04-0068e16ac3 - 0.0129 - - 1759603395.306213856 1759603395.319085121 0
Oct 04 14:43:15 np0005470886.novalocal object-server[93450]: ::1 - - [04/Oct/2025:18:43:15 +0000] "GET /1/45359/AUTH_2a636ad9760344e79dff02823315c4fd/gnocchi.f43ebfe8-a8a7-490f-be40-c96cbd5ccd72/1759320000.0_mean_300.0_v3" 404 70 "GET http://[::1]:8080/v1/AUTH_2a636ad9760344e79dff02823315c4fd/gnocchi.f43ebfe8-a8a7-490f-be40-c96cbd5ccd72/1759320000.0_mean_300.0_v3" "tx160f2d3599554d8696882-0068e16ac3" "proxy-server 89511" 0.0003 "-" 93450 0
Oct 04 14:43:15 np0005470886.novalocal object-server[93451]: ::1 - - [04/Oct/2025:18:43:15 +0000] "GET /2/45359/AUTH_2a636ad9760344e79dff02823315c4fd/gnocchi.f43ebfe8-a8a7-490f-be40-c96cbd5ccd72/1759320000.0_mean_300.0_v3" 404 70 "GET http://[::1]:8080/v1/AUTH_2a636ad9760344e79dff02823315c4fd/gnocchi.f43ebfe8-a8a7-490f-be40-c96cbd5ccd72/1759320000.0_mean_300.0_v3" "tx160f2d3599554d8696882-0068e16ac3" "proxy-server 89511" 0.0003 "-" 93451 0
Oct 04 14:43:15 np0005470886.novalocal object-server[93451]: ::1 - - [04/Oct/2025:18:43:15 +0000] "GET /3/45359/AUTH_2a636ad9760344e79dff02823315c4fd/gnocchi.f43ebfe8-a8a7-490f-be40-c96cbd5ccd72/1759320000.0_mean_300.0_v3" 404 70 "GET http://[::1]:8080/v1/AUTH_2a636ad9760344e79dff02823315c4fd/gnocchi.f43ebfe8-a8a7-490f-be40-c96cbd5ccd72/1759320000.0_mean_300.0_v3" "tx160f2d3599554d8696882-0068e16ac3" "proxy-server 89511" 0.0002 "-" 93451 0
Oct 04 14:43:15 np0005470886.novalocal proxy-server[89511]: ::1 ::1 04/Oct/2025/18/43/15 GET /v1/AUTH_2a636ad9760344e79dff02823315c4fd/gnocchi.f43ebfe8-a8a7-490f-be40-c96cbd5ccd72/1759320000.0_mean_300.0_v3 HTTP/1.0 404 - python-swiftclient-4.2.0 gAAAAABo4WqryIa7... - 70 - tx160f2d3599554d8696882-0068e16ac3 - 0.0121 - - 1759603395.323987722 1759603395.336060762 0
Oct 04 14:43:15 np0005470886.novalocal container-server[93154]: ::1 - - [04/Oct/2025:18:43:15 +0000] "HEAD /3/176095/AUTH_2a636ad9760344e79dff02823315c4fd/gnocchi.bc774d80-db3f-4d11-b7d7-0edb651c6666" 404 - "HEAD http://[::1]:8080/v1/AUTH_2a636ad9760344e79dff02823315c4fd/gnocchi.bc774d80-db3f-4d11-b7d7-0edb651c6666?format=json&states=listing" "txee2b47e91a68422493637-0068e16ac3" "proxy-server 89511" 0.0004 "-" 93154 0
Oct 04 14:43:15 np0005470886.novalocal container-server[93155]: ::1 - - [04/Oct/2025:18:43:15 +0000] "HEAD /1/176095/AUTH_2a636ad9760344e79dff02823315c4fd/gnocchi.bc774d80-db3f-4d11-b7d7-0edb651c6666" 404 - "HEAD http://[::1]:8080/v1/AUTH_2a636ad9760344e79dff02823315c4fd/gnocchi.bc774d80-db3f-4d11-b7d7-0edb651c6666?format=json&states=listing" "txee2b47e91a68422493637-0068e16ac3" "proxy-server 89511" 0.0004 "-" 93155 0
Oct 04 14:43:15 np0005470886.novalocal container-server[93155]: ::1 - - [04/Oct/2025:18:43:15 +0000] "HEAD /2/176095/AUTH_2a636ad9760344e79dff02823315c4fd/gnocchi.bc774d80-db3f-4d11-b7d7-0edb651c6666" 404 - "HEAD http://[::1]:8080/v1/AUTH_2a636ad9760344e79dff02823315c4fd/gnocchi.bc774d80-db3f-4d11-b7d7-0edb651c6666?format=json&states=listing" "txee2b47e91a68422493637-0068e16ac3" "proxy-server 89511" 0.0004 "-" 93155 0
Oct 04 14:43:15 np0005470886.novalocal container-server[93152]: ::1 - - [04/Oct/2025:18:43:15 +0000] "PUT /2/17843/AUTH_2a636ad9760344e79dff02823315c4fd/gnocchi.f43ebfe8-a8a7-490f-be40-c96cbd5ccd72/1759320000.0_mean_300.0_v3" 201 - "PUT http://[::1]:8080/2/45359/AUTH_2a636ad9760344e79dff02823315c4fd/gnocchi.f43ebfe8-a8a7-490f-be40-c96cbd5ccd72/1759320000.0_mean_300.0_v3" "tx29daa0afda2a46258085b-0068e16ac3" "object-server 93449" 0.0004 "-" 93152 0
Oct 04 14:43:15 np0005470886.novalocal container-server[93152]: ::1 - - [04/Oct/2025:18:43:15 +0000] "PUT /1/17843/AUTH_2a636ad9760344e79dff02823315c4fd/gnocchi.f43ebfe8-a8a7-490f-be40-c96cbd5ccd72/1759320000.0_mean_300.0_v3" 201 - "PUT http://[::1]:8080/3/45359/AUTH_2a636ad9760344e79dff02823315c4fd/gnocchi.f43ebfe8-a8a7-490f-be40-c96cbd5ccd72/1759320000.0_mean_300.0_v3" "tx29daa0afda2a46258085b-0068e16ac3" "object-server 93450" 0.0003 "-" 93152 0
Oct 04 14:43:15 np0005470886.novalocal object-server[93449]: ::1 - - [04/Oct/2025:18:43:15 +0000] "PUT /2/45359/AUTH_2a636ad9760344e79dff02823315c4fd/gnocchi.f43ebfe8-a8a7-490f-be40-c96cbd5ccd72/1759320000.0_mean_300.0_v3" 201 - "PUT http://[::1]:8080/v1/AUTH_2a636ad9760344e79dff02823315c4fd/gnocchi.f43ebfe8-a8a7-490f-be40-c96cbd5ccd72/1759320000.0_mean_300.0_v3" "tx29daa0afda2a46258085b-0068e16ac3" "proxy-server 89511" 0.0225 "-" 93449 0
Oct 04 14:43:15 np0005470886.novalocal object-server[93450]: ::1 - - [04/Oct/2025:18:43:15 +0000] "PUT /3/45359/AUTH_2a636ad9760344e79dff02823315c4fd/gnocchi.f43ebfe8-a8a7-490f-be40-c96cbd5ccd72/1759320000.0_mean_300.0_v3" 201 - "PUT http://[::1]:8080/v1/AUTH_2a636ad9760344e79dff02823315c4fd/gnocchi.f43ebfe8-a8a7-490f-be40-c96cbd5ccd72/1759320000.0_mean_300.0_v3" "tx29daa0afda2a46258085b-0068e16ac3" "proxy-server 89511" 0.0250 "-" 93450 0
Oct 04 14:43:15 np0005470886.novalocal object-server[93449]: ::1 - - [04/Oct/2025:18:43:15 +0000] "GET /1/124624/AUTH_2a636ad9760344e79dff02823315c4fd/gnocchi.bc774d80-db3f-4d11-b7d7-0edb651c6666/none_v3" 404 70 "GET http://[::1]:8080/v1/AUTH_2a636ad9760344e79dff02823315c4fd/gnocchi.bc774d80-db3f-4d11-b7d7-0edb651c6666/none_v3" "txee2b47e91a68422493637-0068e16ac3" "proxy-server 89511" 0.0005 "-" 93449 0
Oct 04 14:43:15 np0005470886.novalocal object-server[93449]: ::1 - - [04/Oct/2025:18:43:15 +0000] "GET /3/124624/AUTH_2a636ad9760344e79dff02823315c4fd/gnocchi.bc774d80-db3f-4d11-b7d7-0edb651c6666/none_v3" 404 70 "GET http://[::1]:8080/v1/AUTH_2a636ad9760344e79dff02823315c4fd/gnocchi.bc774d80-db3f-4d11-b7d7-0edb651c6666/none_v3" "txee2b47e91a68422493637-0068e16ac3" "proxy-server 89511" 0.0003 "-" 93449 0
Oct 04 14:43:15 np0005470886.novalocal object-server[93449]: ::1 - - [04/Oct/2025:18:43:15 +0000] "GET /2/124624/AUTH_2a636ad9760344e79dff02823315c4fd/gnocchi.bc774d80-db3f-4d11-b7d7-0edb651c6666/none_v3" 404 70 "GET http://[::1]:8080/v1/AUTH_2a636ad9760344e79dff02823315c4fd/gnocchi.bc774d80-db3f-4d11-b7d7-0edb651c6666/none_v3" "txee2b47e91a68422493637-0068e16ac3" "proxy-server 89511" 0.0003 "-" 93449 0
Oct 04 14:43:15 np0005470886.novalocal proxy-server[89511]: ::1 ::1 04/Oct/2025/18/43/15 GET /v1/AUTH_2a636ad9760344e79dff02823315c4fd/gnocchi.bc774d80-db3f-4d11-b7d7-0edb651c6666/none_v3 HTTP/1.0 404 - python-swiftclient-4.2.0 gAAAAABo4WqjVCzL... - 70 - txee2b47e91a68422493637-0068e16ac3 - 0.0383 - - 1759603395.345647335 1759603395.383898735 0
Oct 04 14:43:15 np0005470886.novalocal container-server[93155]: ::1 - - [04/Oct/2025:18:43:15 +0000] "PUT /3/17843/AUTH_2a636ad9760344e79dff02823315c4fd/gnocchi.f43ebfe8-a8a7-490f-be40-c96cbd5ccd72/1759320000.0_mean_300.0_v3" 201 - "PUT http://[::1]:8080/1/45359/AUTH_2a636ad9760344e79dff02823315c4fd/gnocchi.f43ebfe8-a8a7-490f-be40-c96cbd5ccd72/1759320000.0_mean_300.0_v3" "tx29daa0afda2a46258085b-0068e16ac3" "object-server 93450" 0.0007 "-" 93155 0
Oct 04 14:43:15 np0005470886.novalocal object-server[93450]: ::1 - - [04/Oct/2025:18:43:15 +0000] "PUT /1/45359/AUTH_2a636ad9760344e79dff02823315c4fd/gnocchi.f43ebfe8-a8a7-490f-be40-c96cbd5ccd72/1759320000.0_mean_300.0_v3" 201 - "PUT http://[::1]:8080/v1/AUTH_2a636ad9760344e79dff02823315c4fd/gnocchi.f43ebfe8-a8a7-490f-be40-c96cbd5ccd72/1759320000.0_mean_300.0_v3" "tx29daa0afda2a46258085b-0068e16ac3" "proxy-server 89511" 0.0334 "-" 93450 0
Oct 04 14:43:15 np0005470886.novalocal proxy-server[89511]: ::1 ::1 04/Oct/2025/18/43/15 PUT /v1/AUTH_2a636ad9760344e79dff02823315c4fd/gnocchi.f43ebfe8-a8a7-490f-be40-c96cbd5ccd72/1759320000.0_mean_300.0_v3 HTTP/1.0 201 - python-swiftclient-4.2.0 gAAAAABo4WqryIa7... 16 - - tx29daa0afda2a46258085b-0068e16ac3 - 0.0473 - - 1759603395.340710878 1759603395.387976885 0
Oct 04 14:43:15 np0005470886.novalocal account-server[92861]: ::1 - - [04/Oct/2025:18:43:15 +0000] "PUT /1/167054/AUTH_2a636ad9760344e79dff02823315c4fd/gnocchi.bc774d80-db3f-4d11-b7d7-0edb651c6666" 201 - "PUT http://[::1]:6001/2/176095/AUTH_2a636ad9760344e79dff02823315c4fd/gnocchi.bc774d80-db3f-4d11-b7d7-0edb651c6666" "tx72bd6b397eef484c87ddc-0068e16ac3" "container-server 93154" 0.0102 "-" 92861 0
Oct 04 14:43:15 np0005470886.novalocal container-server[93154]: ::1 - - [04/Oct/2025:18:43:15 +0000] "PUT /2/176095/AUTH_2a636ad9760344e79dff02823315c4fd/gnocchi.bc774d80-db3f-4d11-b7d7-0edb651c6666" 201 - "PUT http://[::1]:8080/v1/AUTH_2a636ad9760344e79dff02823315c4fd/gnocchi.bc774d80-db3f-4d11-b7d7-0edb651c6666" "tx72bd6b397eef484c87ddc-0068e16ac3" "proxy-server 89511" 0.0252 "-" 93154 0
Oct 04 14:43:15 np0005470886.novalocal account-server[92862]: ::1 - - [04/Oct/2025:18:43:15 +0000] "PUT /3/167054/AUTH_2a636ad9760344e79dff02823315c4fd/gnocchi.bc774d80-db3f-4d11-b7d7-0edb651c6666" 201 - "PUT http://[::1]:6001/3/176095/AUTH_2a636ad9760344e79dff02823315c4fd/gnocchi.bc774d80-db3f-4d11-b7d7-0edb651c6666" "tx72bd6b397eef484c87ddc-0068e16ac3" "container-server 93153" 0.0100 "-" 92862 0
Oct 04 14:43:15 np0005470886.novalocal container-server[93152]: ::1 - - [04/Oct/2025:18:43:15 +0000] "PUT /3/17843/AUTH_2a636ad9760344e79dff02823315c4fd/gnocchi.f43ebfe8-a8a7-490f-be40-c96cbd5ccd72/none_v3" 201 - "PUT http://[::1]:8080/1/89294/AUTH_2a636ad9760344e79dff02823315c4fd/gnocchi.f43ebfe8-a8a7-490f-be40-c96cbd5ccd72/none_v3" "tx2844485c67184818860ce-0068e16ac3" "object-server 93450" 0.0004 "-" 93152 0
Oct 04 14:43:15 np0005470886.novalocal object-server[93450]: ::1 - - [04/Oct/2025:18:43:15 +0000] "PUT /1/89294/AUTH_2a636ad9760344e79dff02823315c4fd/gnocchi.f43ebfe8-a8a7-490f-be40-c96cbd5ccd72/none_v3" 201 - "PUT http://[::1]:8080/v1/AUTH_2a636ad9760344e79dff02823315c4fd/gnocchi.f43ebfe8-a8a7-490f-be40-c96cbd5ccd72/none_v3" "tx2844485c67184818860ce-0068e16ac3" "proxy-server 89511" 0.0193 "-" 93450 0
Oct 04 14:43:15 np0005470886.novalocal container-server[93152]: ::1 - - [04/Oct/2025:18:43:15 +0000] "PUT /1/17843/AUTH_2a636ad9760344e79dff02823315c4fd/gnocchi.f43ebfe8-a8a7-490f-be40-c96cbd5ccd72/none_v3" 201 - "PUT http://[::1]:8080/3/89294/AUTH_2a636ad9760344e79dff02823315c4fd/gnocchi.f43ebfe8-a8a7-490f-be40-c96cbd5ccd72/none_v3" "tx2844485c67184818860ce-0068e16ac3" "object-server 93450" 0.0004 "-" 93152 0
Oct 04 14:43:15 np0005470886.novalocal object-server[93450]: ::1 - - [04/Oct/2025:18:43:15 +0000] "PUT /3/89294/AUTH_2a636ad9760344e79dff02823315c4fd/gnocchi.f43ebfe8-a8a7-490f-be40-c96cbd5ccd72/none_v3" 201 - "PUT http://[::1]:8080/v1/AUTH_2a636ad9760344e79dff02823315c4fd/gnocchi.f43ebfe8-a8a7-490f-be40-c96cbd5ccd72/none_v3" "tx2844485c67184818860ce-0068e16ac3" "proxy-server 89511" 0.0277 "-" 93450 0
Oct 04 14:43:15 np0005470886.novalocal container-server[93153]: ::1 - - [04/Oct/2025:18:43:15 +0000] "PUT /3/176095/AUTH_2a636ad9760344e79dff02823315c4fd/gnocchi.bc774d80-db3f-4d11-b7d7-0edb651c6666" 201 - "PUT http://[::1]:8080/v1/AUTH_2a636ad9760344e79dff02823315c4fd/gnocchi.bc774d80-db3f-4d11-b7d7-0edb651c6666" "tx72bd6b397eef484c87ddc-0068e16ac3" "proxy-server 89511" 0.0406 "-" 93153 0
Oct 04 14:43:15 np0005470886.novalocal account-server[92861]: ::1 - - [04/Oct/2025:18:43:15 +0000] "PUT /2/167054/AUTH_2a636ad9760344e79dff02823315c4fd/gnocchi.bc774d80-db3f-4d11-b7d7-0edb651c6666" 201 - "PUT http://[::1]:6001/1/176095/AUTH_2a636ad9760344e79dff02823315c4fd/gnocchi.bc774d80-db3f-4d11-b7d7-0edb651c6666" "tx72bd6b397eef484c87ddc-0068e16ac3" "container-server 93153" 0.0045 "-" 92861 0
Oct 04 14:43:15 np0005470886.novalocal container-server[93153]: ::1 - - [04/Oct/2025:18:43:15 +0000] "PUT /2/17843/AUTH_2a636ad9760344e79dff02823315c4fd/gnocchi.f43ebfe8-a8a7-490f-be40-c96cbd5ccd72/none_v3" 201 - "PUT http://[::1]:8080/2/89294/AUTH_2a636ad9760344e79dff02823315c4fd/gnocchi.f43ebfe8-a8a7-490f-be40-c96cbd5ccd72/none_v3" "tx2844485c67184818860ce-0068e16ac3" "object-server 93451" 0.0021 "-" 93153 0
Oct 04 14:43:15 np0005470886.novalocal object-server[93451]: ::1 - - [04/Oct/2025:18:43:15 +0000] "PUT /2/89294/AUTH_2a636ad9760344e79dff02823315c4fd/gnocchi.f43ebfe8-a8a7-490f-be40-c96cbd5ccd72/none_v3" 201 - "PUT http://[::1]:8080/v1/AUTH_2a636ad9760344e79dff02823315c4fd/gnocchi.f43ebfe8-a8a7-490f-be40-c96cbd5ccd72/none_v3" "tx2844485c67184818860ce-0068e16ac3" "proxy-server 89511" 0.0408 "-" 93451 0
Oct 04 14:43:15 np0005470886.novalocal container-server[93153]: ::1 - - [04/Oct/2025:18:43:15 +0000] "PUT /1/176095/AUTH_2a636ad9760344e79dff02823315c4fd/gnocchi.bc774d80-db3f-4d11-b7d7-0edb651c6666" 201 - "PUT http://[::1]:8080/v1/AUTH_2a636ad9760344e79dff02823315c4fd/gnocchi.bc774d80-db3f-4d11-b7d7-0edb651c6666" "tx72bd6b397eef484c87ddc-0068e16ac3" "proxy-server 89511" 0.0314 "-" 93153 0
Oct 04 14:43:15 np0005470886.novalocal proxy-server[89511]: ::1 ::1 04/Oct/2025/18/43/15 PUT /v1/AUTH_2a636ad9760344e79dff02823315c4fd/gnocchi.f43ebfe8-a8a7-490f-be40-c96cbd5ccd72/none_v3 HTTP/1.0 201 - python-swiftclient-4.2.0 gAAAAABo4WqryIa7... 22 - - tx2844485c67184818860ce-0068e16ac3 - 0.0462 - - 1759603395.393193007 1759603395.439394236 0
Oct 04 14:43:15 np0005470886.novalocal proxy-server[89511]: ::1 ::1 04/Oct/2025/18/43/15 PUT /v1/AUTH_2a636ad9760344e79dff02823315c4fd/gnocchi.bc774d80-db3f-4d11-b7d7-0edb651c6666 HTTP/1.0 201 - python-swiftclient-4.2.0 gAAAAABo4WqjVCzL... - - - tx72bd6b397eef484c87ddc-0068e16ac3 - 0.0519 - - 1759603395.388861656 1759603395.440792561 0
Oct 04 14:43:15 np0005470886.novalocal container-server[93154]: ::1 - - [04/Oct/2025:18:43:15 +0000] "HEAD /1/176095/AUTH_2a636ad9760344e79dff02823315c4fd/gnocchi.bc774d80-db3f-4d11-b7d7-0edb651c6666" 204 - "HEAD http://[::1]:8080/v1/AUTH_2a636ad9760344e79dff02823315c4fd/gnocchi.bc774d80-db3f-4d11-b7d7-0edb651c6666?format=json&states=listing" "txc4e9675879e746fe8956d-0068e16ac3" "proxy-server 89511" 0.0011 "-" 93154 0
Oct 04 14:43:15 np0005470886.novalocal container-server[93155]: ::1 - - [04/Oct/2025:18:43:15 +0000] "GET /3/176095/AUTH_2a636ad9760344e79dff02823315c4fd/gnocchi.bc774d80-db3f-4d11-b7d7-0edb651c6666" 200 2 "GET http://[::1]:8080/v1/AUTH_2a636ad9760344e79dff02823315c4fd/gnocchi.bc774d80-db3f-4d11-b7d7-0edb651c6666?format=json&states=listing" "txc4e9675879e746fe8956d-0068e16ac3" "proxy-server 89511" 0.0018 "-" 93155 0
Oct 04 14:43:15 np0005470886.novalocal proxy-server[89511]: ::1 ::1 04/Oct/2025/18/43/15 GET /v1/AUTH_2a636ad9760344e79dff02823315c4fd/gnocchi.bc774d80-db3f-4d11-b7d7-0edb651c6666%3Fformat%3Djson%26states%3Dlisting HTTP/1.0 200 - python-swiftclient-4.2.0 gAAAAABo4WqjVCzL... - 2 - txc4e9675879e746fe8956d-0068e16ac3 - 0.0125 - - 1759603395.444586992 1759603395.457081556 0
Oct 04 14:43:15 np0005470886.novalocal object-server[93452]: ::1 - - [04/Oct/2025:18:43:15 +0000] "GET /2/16375/AUTH_2a636ad9760344e79dff02823315c4fd/gnocchi.bc774d80-db3f-4d11-b7d7-0edb651c6666/1759320000.0_mean_300.0_v3" 404 70 "GET http://[::1]:8080/v1/AUTH_2a636ad9760344e79dff02823315c4fd/gnocchi.bc774d80-db3f-4d11-b7d7-0edb651c6666/1759320000.0_mean_300.0_v3" "tx6973739e4e784c4687027-0068e16ac3" "proxy-server 89511" 0.0003 "-" 93452 0
Oct 04 14:43:15 np0005470886.novalocal object-server[93452]: ::1 - - [04/Oct/2025:18:43:15 +0000] "GET /3/16375/AUTH_2a636ad9760344e79dff02823315c4fd/gnocchi.bc774d80-db3f-4d11-b7d7-0edb651c6666/1759320000.0_mean_300.0_v3" 404 70 "GET http://[::1]:8080/v1/AUTH_2a636ad9760344e79dff02823315c4fd/gnocchi.bc774d80-db3f-4d11-b7d7-0edb651c6666/1759320000.0_mean_300.0_v3" "tx6973739e4e784c4687027-0068e16ac3" "proxy-server 89511" 0.0002 "-" 93452 0
Oct 04 14:43:15 np0005470886.novalocal object-server[93450]: ::1 - - [04/Oct/2025:18:43:15 +0000] "GET /1/16375/AUTH_2a636ad9760344e79dff02823315c4fd/gnocchi.bc774d80-db3f-4d11-b7d7-0edb651c6666/1759320000.0_mean_300.0_v3" 404 70 "GET http://[::1]:8080/v1/AUTH_2a636ad9760344e79dff02823315c4fd/gnocchi.bc774d80-db3f-4d11-b7d7-0edb651c6666/1759320000.0_mean_300.0_v3" "tx6973739e4e784c4687027-0068e16ac3" "proxy-server 89511" 0.0002 "-" 93450 0
Oct 04 14:43:15 np0005470886.novalocal proxy-server[89511]: ::1 ::1 04/Oct/2025/18/43/15 GET /v1/AUTH_2a636ad9760344e79dff02823315c4fd/gnocchi.bc774d80-db3f-4d11-b7d7-0edb651c6666/1759320000.0_mean_300.0_v3 HTTP/1.0 404 - python-swiftclient-4.2.0 gAAAAABo4WqjVCzL... - 70 - tx6973739e4e784c4687027-0068e16ac3 - 0.0138 - - 1759603395.459600210 1759603395.473356485 0
Oct 04 14:43:15 np0005470886.novalocal container-server[93154]: ::1 - - [04/Oct/2025:18:43:15 +0000] "HEAD /3/251364/AUTH_2a636ad9760344e79dff02823315c4fd/gnocchi.daeeef8b-aaea-4218-a400-30aef1c3749f" 404 - "HEAD http://[::1]:8080/v1/AUTH_2a636ad9760344e79dff02823315c4fd/gnocchi.daeeef8b-aaea-4218-a400-30aef1c3749f?format=json&states=listing" "tx72da17b2464947089e0d4-0068e16ac3" "proxy-server 89511" 0.0003 "-" 93154 0
Oct 04 14:43:15 np0005470886.novalocal container-server[93154]: ::1 - - [04/Oct/2025:18:43:15 +0000] "HEAD /2/251364/AUTH_2a636ad9760344e79dff02823315c4fd/gnocchi.daeeef8b-aaea-4218-a400-30aef1c3749f" 404 - "HEAD http://[::1]:8080/v1/AUTH_2a636ad9760344e79dff02823315c4fd/gnocchi.daeeef8b-aaea-4218-a400-30aef1c3749f?format=json&states=listing" "tx72da17b2464947089e0d4-0068e16ac3" "proxy-server 89511" 0.0005 "-" 93154 0
Oct 04 14:43:15 np0005470886.novalocal container-server[93154]: ::1 - - [04/Oct/2025:18:43:15 +0000] "HEAD /1/251364/AUTH_2a636ad9760344e79dff02823315c4fd/gnocchi.daeeef8b-aaea-4218-a400-30aef1c3749f" 404 - "HEAD http://[::1]:8080/v1/AUTH_2a636ad9760344e79dff02823315c4fd/gnocchi.daeeef8b-aaea-4218-a400-30aef1c3749f?format=json&states=listing" "tx72da17b2464947089e0d4-0068e16ac3" "proxy-server 89511" 0.0002 "-" 93154 0
Oct 04 14:43:15 np0005470886.novalocal object-server[93451]: ::1 - - [04/Oct/2025:18:43:15 +0000] "GET /3/124070/AUTH_2a636ad9760344e79dff02823315c4fd/gnocchi.daeeef8b-aaea-4218-a400-30aef1c3749f/none_v3" 404 70 "GET http://[::1]:8080/v1/AUTH_2a636ad9760344e79dff02823315c4fd/gnocchi.daeeef8b-aaea-4218-a400-30aef1c3749f/none_v3" "tx72da17b2464947089e0d4-0068e16ac3" "proxy-server 89511" 0.0116 "-" 93451 0
Oct 04 14:43:15 np0005470886.novalocal object-server[93449]: ::1 - - [04/Oct/2025:18:43:15 +0000] "GET /2/124070/AUTH_2a636ad9760344e79dff02823315c4fd/gnocchi.daeeef8b-aaea-4218-a400-30aef1c3749f/none_v3" 404 70 "GET http://[::1]:8080/v1/AUTH_2a636ad9760344e79dff02823315c4fd/gnocchi.daeeef8b-aaea-4218-a400-30aef1c3749f/none_v3" "tx72da17b2464947089e0d4-0068e16ac3" "proxy-server 89511" 0.0003 "-" 93449 0
Oct 04 14:43:15 np0005470886.novalocal object-server[93449]: ::1 - - [04/Oct/2025:18:43:15 +0000] "GET /1/124070/AUTH_2a636ad9760344e79dff02823315c4fd/gnocchi.daeeef8b-aaea-4218-a400-30aef1c3749f/none_v3" 404 70 "GET http://[::1]:8080/v1/AUTH_2a636ad9760344e79dff02823315c4fd/gnocchi.daeeef8b-aaea-4218-a400-30aef1c3749f/none_v3" "tx72da17b2464947089e0d4-0068e16ac3" "proxy-server 89511" 0.0002 "-" 93449 0
Oct 04 14:43:15 np0005470886.novalocal proxy-server[89511]: ::1 ::1 04/Oct/2025/18/43/15 GET /v1/AUTH_2a636ad9760344e79dff02823315c4fd/gnocchi.daeeef8b-aaea-4218-a400-30aef1c3749f/none_v3 HTTP/1.0 404 - python-swiftclient-4.2.0 gAAAAABo4WqryIa7... - 70 - tx72da17b2464947089e0d4-0068e16ac3 - 0.0506 - - 1759603395.499198437 1759603395.549750805 0
Oct 04 14:43:15 np0005470886.novalocal account-server[92926]: Beginning replication run
