Oct 04 14:43:37 np0005470886.novalocal account-server[92863]: ::1 - - [04/Oct/2025:18:43:37 +0000] "PUT /1/167054/AUTH_2a636ad9760344e79dff02823315c4fd/gnocchi.dd7068ad-2fa4-4950-97e7-7b95cacb0578" 201 - "PUT http://[::1]:6001/1/191820/AUTH_2a636ad9760344e79dff02823315c4fd/gnocchi.dd7068ad-2fa4-4950-97e7-7b95cacb0578" "tx2ed1e91c929b4a798c07e-0068e16ad9" "container-server 93152" 0.0077 "-" 92863 0
Oct 04 14:43:37 np0005470886.novalocal container-server[93152]: ::1 - - [04/Oct/2025:18:43:37 +0000] "PUT /1/191820/AUTH_2a636ad9760344e79dff02823315c4fd/gnocchi.dd7068ad-2fa4-4950-97e7-7b95cacb0578" 201 - "PUT http://[::1]:8080/v1/AUTH_2a636ad9760344e79dff02823315c4fd/gnocchi.dd7068ad-2fa4-4950-97e7-7b95cacb0578" "tx2ed1e91c929b4a798c07e-0068e16ad9" "proxy-server 89511" 0.0275 "-" 93152 0
Oct 04 14:43:37 np0005470886.novalocal account-server[92861]: ::1 - - [04/Oct/2025:18:43:37 +0000] "PUT /1/167054/AUTH_2a636ad9760344e79dff02823315c4fd/gnocchi.552638b8-87da-4dec-bfde-23998d97fa59" 201 - "PUT http://[::1]:6001/2/71981/AUTH_2a636ad9760344e79dff02823315c4fd/gnocchi.552638b8-87da-4dec-bfde-23998d97fa59" "txd6fa5465fdaf4d70a5905-0068e16ad9" "container-server 93155" 0.0045 "-" 92861 0
Oct 04 14:43:37 np0005470886.novalocal container-server[93155]: ::1 - - [04/Oct/2025:18:43:37 +0000] "PUT /2/71981/AUTH_2a636ad9760344e79dff02823315c4fd/gnocchi.552638b8-87da-4dec-bfde-23998d97fa59" 201 - "PUT http://[::1]:8080/v1/AUTH_2a636ad9760344e79dff02823315c4fd/gnocchi.552638b8-87da-4dec-bfde-23998d97fa59" "txd6fa5465fdaf4d70a5905-0068e16ad9" "proxy-server 89511" 0.0188 "-" 93155 0
Oct 04 14:43:37 np0005470886.novalocal account-server[92863]: ::1 - - [04/Oct/2025:18:43:37 +0000] "PUT /3/167054/AUTH_2a636ad9760344e79dff02823315c4fd/gnocchi.dd7068ad-2fa4-4950-97e7-7b95cacb0578" 201 - "PUT http://[::1]:6001/2/191820/AUTH_2a636ad9760344e79dff02823315c4fd/gnocchi.dd7068ad-2fa4-4950-97e7-7b95cacb0578" "tx2ed1e91c929b4a798c07e-0068e16ad9" "container-server 93155" 0.0198 "-" 92863 0
Oct 04 14:43:37 np0005470886.novalocal container-server[93155]: ::1 - - [04/Oct/2025:18:43:37 +0000] "PUT /2/191820/AUTH_2a636ad9760344e79dff02823315c4fd/gnocchi.dd7068ad-2fa4-4950-97e7-7b95cacb0578" 201 - "PUT http://[::1]:8080/v1/AUTH_2a636ad9760344e79dff02823315c4fd/gnocchi.dd7068ad-2fa4-4950-97e7-7b95cacb0578" "tx2ed1e91c929b4a798c07e-0068e16ad9" "proxy-server 89511" 0.0498 "-" 93155 0
Oct 04 14:43:37 np0005470886.novalocal proxy-server[89511]: ::1 ::1 04/Oct/2025/18/43/37 PUT /v1/AUTH_2a636ad9760344e79dff02823315c4fd/gnocchi.dd7068ad-2fa4-4950-97e7-7b95cacb0578 HTTP/1.0 201 - python-swiftclient-4.2.0 gAAAAABo4WqryIa7... - - - tx2ed1e91c929b4a798c07e-0068e16ad9 - 0.0569 - - 1759603417.456429005 1759603417.513300419 0
Oct 04 14:43:37 np0005470886.novalocal account-server[92863]: ::1 - - [04/Oct/2025:18:43:37 +0000] "PUT /2/167054/AUTH_2a636ad9760344e79dff02823315c4fd/gnocchi.552638b8-87da-4dec-bfde-23998d97fa59" 201 - "PUT http://[::1]:6001/3/71981/AUTH_2a636ad9760344e79dff02823315c4fd/gnocchi.552638b8-87da-4dec-bfde-23998d97fa59" "txd6fa5465fdaf4d70a5905-0068e16ad9" "container-server 93155" 0.0044 "-" 92863 0
Oct 04 14:43:37 np0005470886.novalocal container-server[93155]: ::1 - - [04/Oct/2025:18:43:37 +0000] "PUT /3/71981/AUTH_2a636ad9760344e79dff02823315c4fd/gnocchi.552638b8-87da-4dec-bfde-23998d97fa59" 201 - "PUT http://[::1]:8080/v1/AUTH_2a636ad9760344e79dff02823315c4fd/gnocchi.552638b8-87da-4dec-bfde-23998d97fa59" "txd6fa5465fdaf4d70a5905-0068e16ad9" "proxy-server 89511" 0.0399 "-" 93155 0
Oct 04 14:43:37 np0005470886.novalocal proxy-server[89511]: ::1 ::1 04/Oct/2025/18/43/37 PUT /v1/AUTH_2a636ad9760344e79dff02823315c4fd/gnocchi.552638b8-87da-4dec-bfde-23998d97fa59 HTTP/1.0 201 - python-swiftclient-4.2.0 gAAAAABo4WqjVCzL... - - - txd6fa5465fdaf4d70a5905-0068e16ad9 - 0.0576 - - 1759603417.461604834 1759603417.519164324 0
Oct 04 14:43:37 np0005470886.novalocal container-server[93152]: ::1 - - [04/Oct/2025:18:43:37 +0000] "HEAD /2/191820/AUTH_2a636ad9760344e79dff02823315c4fd/gnocchi.dd7068ad-2fa4-4950-97e7-7b95cacb0578" 204 - "HEAD http://[::1]:8080/v1/AUTH_2a636ad9760344e79dff02823315c4fd/gnocchi.dd7068ad-2fa4-4950-97e7-7b95cacb0578?format=json&states=listing" "txf6fdf0ca4ca84964b751a-0068e16ad9" "proxy-server 89511" 0.0018 "-" 93152 0
Oct 04 14:43:37 np0005470886.novalocal container-server[93153]: ::1 - - [04/Oct/2025:18:43:37 +0000] "GET /3/191820/AUTH_2a636ad9760344e79dff02823315c4fd/gnocchi.dd7068ad-2fa4-4950-97e7-7b95cacb0578" 200 2 "GET http://[::1]:8080/v1/AUTH_2a636ad9760344e79dff02823315c4fd/gnocchi.dd7068ad-2fa4-4950-97e7-7b95cacb0578?format=json&states=listing" "txf6fdf0ca4ca84964b751a-0068e16ad9" "proxy-server 89511" 0.0028 "-" 93153 0
Oct 04 14:43:37 np0005470886.novalocal proxy-server[89511]: ::1 ::1 04/Oct/2025/18/43/37 GET /v1/AUTH_2a636ad9760344e79dff02823315c4fd/gnocchi.dd7068ad-2fa4-4950-97e7-7b95cacb0578%3Fformat%3Djson%26states%3Dlisting HTTP/1.0 200 - python-swiftclient-4.2.0 gAAAAABo4WqryIa7... - 2 - txf6fdf0ca4ca84964b751a-0068e16ad9 - 0.0142 - - 1759603417.516013622 1759603417.530262947 0
Oct 04 14:43:37 np0005470886.novalocal container-server[93152]: ::1 - - [04/Oct/2025:18:43:37 +0000] "HEAD /2/71981/AUTH_2a636ad9760344e79dff02823315c4fd/gnocchi.552638b8-87da-4dec-bfde-23998d97fa59" 204 - "HEAD http://[::1]:8080/v1/AUTH_2a636ad9760344e79dff02823315c4fd/gnocchi.552638b8-87da-4dec-bfde-23998d97fa59?format=json&states=listing" "tx9037d97faf354e969c4fd-0068e16ad9" "proxy-server 89511" 0.0017 "-" 93152 0
Oct 04 14:43:37 np0005470886.novalocal container-server[93154]: ::1 - - [04/Oct/2025:18:43:37 +0000] "GET /3/71981/AUTH_2a636ad9760344e79dff02823315c4fd/gnocchi.552638b8-87da-4dec-bfde-23998d97fa59" 200 2 "GET http://[::1]:8080/v1/AUTH_2a636ad9760344e79dff02823315c4fd/gnocchi.552638b8-87da-4dec-bfde-23998d97fa59?format=json&states=listing" "tx9037d97faf354e969c4fd-0068e16ad9" "proxy-server 89511" 0.0019 "-" 93154 0
Oct 04 14:43:37 np0005470886.novalocal proxy-server[89511]: ::1 ::1 04/Oct/2025/18/43/37 GET /v1/AUTH_2a636ad9760344e79dff02823315c4fd/gnocchi.552638b8-87da-4dec-bfde-23998d97fa59%3Fformat%3Djson%26states%3Dlisting HTTP/1.0 200 - python-swiftclient-4.2.0 gAAAAABo4WqjVCzL... - 2 - tx9037d97faf354e969c4fd-0068e16ad9 - 0.0234 - - 1759603417.522282124 1759603417.545723915 0
Oct 04 14:43:37 np0005470886.novalocal object-server[93450]: ::1 - - [04/Oct/2025:18:43:37 +0000] "GET /1/257380/AUTH_2a636ad9760344e79dff02823315c4fd/gnocchi.dd7068ad-2fa4-4950-97e7-7b95cacb0578/1759320000.0_mean_300.0_v3" 404 70 "GET http://[::1]:8080/v1/AUTH_2a636ad9760344e79dff02823315c4fd/gnocchi.dd7068ad-2fa4-4950-97e7-7b95cacb0578/1759320000.0_mean_300.0_v3" "tx79865cf6223349afb8ea4-0068e16ad9" "proxy-server 89511" 0.0027 "-" 93450 0
Oct 04 14:43:37 np0005470886.novalocal object-server[93450]: ::1 - - [04/Oct/2025:18:43:37 +0000] "GET /3/257380/AUTH_2a636ad9760344e79dff02823315c4fd/gnocchi.dd7068ad-2fa4-4950-97e7-7b95cacb0578/1759320000.0_mean_300.0_v3" 404 70 "GET http://[::1]:8080/v1/AUTH_2a636ad9760344e79dff02823315c4fd/gnocchi.dd7068ad-2fa4-4950-97e7-7b95cacb0578/1759320000.0_mean_300.0_v3" "tx79865cf6223349afb8ea4-0068e16ad9" "proxy-server 89511" 0.0004 "-" 93450 0
Oct 04 14:43:37 np0005470886.novalocal object-server[93451]: ::1 - - [04/Oct/2025:18:43:37 +0000] "GET /1/182132/AUTH_2a636ad9760344e79dff02823315c4fd/gnocchi.552638b8-87da-4dec-bfde-23998d97fa59/1759320000.0_mean_300.0_v3" 404 70 "GET http://[::1]:8080/v1/AUTH_2a636ad9760344e79dff02823315c4fd/gnocchi.552638b8-87da-4dec-bfde-23998d97fa59/1759320000.0_mean_300.0_v3" "txf19c8c04075c4c87a9f83-0068e16ad9" "proxy-server 89511" 0.0004 "-" 93451 0
Oct 04 14:43:37 np0005470886.novalocal object-server[93452]: ::1 - - [04/Oct/2025:18:43:37 +0000] "GET /2/257380/AUTH_2a636ad9760344e79dff02823315c4fd/gnocchi.dd7068ad-2fa4-4950-97e7-7b95cacb0578/1759320000.0_mean_300.0_v3" 404 70 "GET http://[::1]:8080/v1/AUTH_2a636ad9760344e79dff02823315c4fd/gnocchi.dd7068ad-2fa4-4950-97e7-7b95cacb0578/1759320000.0_mean_300.0_v3" "tx79865cf6223349afb8ea4-0068e16ad9" "proxy-server 89511" 0.0004 "-" 93452 0
Oct 04 14:43:37 np0005470886.novalocal proxy-server[89511]: ::1 ::1 04/Oct/2025/18/43/37 GET /v1/AUTH_2a636ad9760344e79dff02823315c4fd/gnocchi.dd7068ad-2fa4-4950-97e7-7b95cacb0578/1759320000.0_mean_300.0_v3 HTTP/1.0 404 - python-swiftclient-4.2.0 gAAAAABo4WqryIa7... - 70 - tx79865cf6223349afb8ea4-0068e16ad9 - 0.0263 - - 1759603417.534023285 1759603417.560347557 0
Oct 04 14:43:37 np0005470886.novalocal object-server[93450]: ::1 - - [04/Oct/2025:18:43:37 +0000] "GET /2/182132/AUTH_2a636ad9760344e79dff02823315c4fd/gnocchi.552638b8-87da-4dec-bfde-23998d97fa59/1759320000.0_mean_300.0_v3" 404 70 "GET http://[::1]:8080/v1/AUTH_2a636ad9760344e79dff02823315c4fd/gnocchi.552638b8-87da-4dec-bfde-23998d97fa59/1759320000.0_mean_300.0_v3" "txf19c8c04075c4c87a9f83-0068e16ad9" "proxy-server 89511" 0.0002 "-" 93450 0
Oct 04 14:43:37 np0005470886.novalocal kernel: qvb4d58e70d-9c: left allmulticast mode
Oct 04 14:43:37 np0005470886.novalocal kernel: qvb4d58e70d-9c: left promiscuous mode
Oct 04 14:43:37 np0005470886.novalocal kernel: qbr4d58e70d-9c: port 1(qvb4d58e70d-9c) entered disabled state
Oct 04 14:43:37 np0005470886.novalocal object-server[93449]: ::1 - - [04/Oct/2025:18:43:37 +0000] "GET /3/182132/AUTH_2a636ad9760344e79dff02823315c4fd/gnocchi.552638b8-87da-4dec-bfde-23998d97fa59/1759320000.0_mean_300.0_v3" 404 70 "GET http://[::1]:8080/v1/AUTH_2a636ad9760344e79dff02823315c4fd/gnocchi.552638b8-87da-4dec-bfde-23998d97fa59/1759320000.0_mean_300.0_v3" "txf19c8c04075c4c87a9f83-0068e16ad9" "proxy-server 89511" 0.0005 "-" 93449 0
Oct 04 14:43:37 np0005470886.novalocal proxy-server[89511]: ::1 ::1 04/Oct/2025/18/43/37 GET /v1/AUTH_2a636ad9760344e79dff02823315c4fd/gnocchi.552638b8-87da-4dec-bfde-23998d97fa59/1759320000.0_mean_300.0_v3 HTTP/1.0 404 - python-swiftclient-4.2.0 gAAAAABo4WqjVCzL... - 70 - txf19c8c04075c4c87a9f83-0068e16ad9 - 0.0170 - - 1759603417.553512096 1759603417.570559740 0
Oct 04 14:43:37 np0005470886.novalocal NetworkManager[860]: [1759603417.5806] device (qbr4d58e70d-9c): bridge port qvb4d58e70d-9c was detached
Oct 04 14:43:37 np0005470886.novalocal NetworkManager[860]: [1759603417.5812] device (qbr4d58e70d-9c): state change: activated -> unmanaged (reason 'unmanaged', managed-type: 'removed')
Oct 04 14:43:37 np0005470886.novalocal container-server[93154]: ::1 - - [04/Oct/2025:18:43:37 +0000] "PUT /2/191820/AUTH_2a636ad9760344e79dff02823315c4fd/gnocchi.dd7068ad-2fa4-4950-97e7-7b95cacb0578/1759320000.0_mean_300.0_v3" 201 - "PUT http://[::1]:8080/3/257380/AUTH_2a636ad9760344e79dff02823315c4fd/gnocchi.dd7068ad-2fa4-4950-97e7-7b95cacb0578/1759320000.0_mean_300.0_v3" "txfe154aec98c4447e8a52b-0068e16ad9" "object-server 93451" 0.0005 "-" 93154 0
Oct 04 14:43:37 np0005470886.novalocal container-server[93154]: ::1 - - [04/Oct/2025:18:43:37 +0000] "PUT /3/191820/AUTH_2a636ad9760344e79dff02823315c4fd/gnocchi.dd7068ad-2fa4-4950-97e7-7b95cacb0578/1759320000.0_mean_300.0_v3" 201 - "PUT http://[::1]:8080/1/257380/AUTH_2a636ad9760344e79dff02823315c4fd/gnocchi.dd7068ad-2fa4-4950-97e7-7b95cacb0578/1759320000.0_mean_300.0_v3" "txfe154aec98c4447e8a52b-0068e16ad9" "object-server 93452" 0.0004 "-" 93154 0
Oct 04 14:43:37 np0005470886.novalocal object-server[93452]: ::1 - - [04/Oct/2025:18:43:37 +0000] "PUT /1/257380/AUTH_2a636ad9760344e79dff02823315c4fd/gnocchi.dd7068ad-2fa4-4950-97e7-7b95cacb0578/1759320000.0_mean_300.0_v3" 201 - "PUT http://[::1]:8080/v1/AUTH_2a636ad9760344e79dff02823315c4fd/gnocchi.dd7068ad-2fa4-4950-97e7-7b95cacb0578/1759320000.0_mean_300.0_v3" "txfe154aec98c4447e8a52b-0068e16ad9" "proxy-server 89511" 0.0182 "-" 93452 0
Oct 04 14:43:37 np0005470886.novalocal container-server[93152]: ::1 - - [04/Oct/2025:18:43:37 +0000] "PUT /3/71981/AUTH_2a636ad9760344e79dff02823315c4fd/gnocchi.552638b8-87da-4dec-bfde-23998d97fa59/1759320000.0_mean_300.0_v3" 201 - "PUT http://[::1]:8080/2/182132/AUTH_2a636ad9760344e79dff02823315c4fd/gnocchi.552638b8-87da-4dec-bfde-23998d97fa59/1759320000.0_mean_300.0_v3" "txd170252f40f048579cf1f-0068e16ad9" "object-server 93452" 0.0008 "-" 93152 0
Oct 04 14:43:37 np0005470886.novalocal container-server[93154]: ::1 - - [04/Oct/2025:18:43:37 +0000] "PUT /2/71981/AUTH_2a636ad9760344e79dff02823315c4fd/gnocchi.552638b8-87da-4dec-bfde-23998d97fa59/1759320000.0_mean_300.0_v3" 201 - "PUT http://[::1]:8080/3/182132/AUTH_2a636ad9760344e79dff02823315c4fd/gnocchi.552638b8-87da-4dec-bfde-23998d97fa59/1759320000.0_mean_300.0_v3" "txd170252f40f048579cf1f-0068e16ad9" "object-server 93449" 0.0006 "-" 93154 0
Oct 04 14:43:37 np0005470886.novalocal object-server[93452]: ::1 - - [04/Oct/2025:18:43:37 +0000] "PUT /2/182132/AUTH_2a636ad9760344e79dff02823315c4fd/gnocchi.552638b8-87da-4dec-bfde-23998d97fa59/1759320000.0_mean_300.0_v3" 201 - "PUT http://[::1]:8080/v1/AUTH_2a636ad9760344e79dff02823315c4fd/gnocchi.552638b8-87da-4dec-bfde-23998d97fa59/1759320000.0_mean_300.0_v3" "txd170252f40f048579cf1f-0068e16ad9" "proxy-server 89511" 0.0129 "-" 93452 0
Oct 04 14:43:37 np0005470886.novalocal container-server[93155]: ::1 - - [04/Oct/2025:18:43:37 +0000] "PUT /1/191820/AUTH_2a636ad9760344e79dff02823315c4fd/gnocchi.dd7068ad-2fa4-4950-97e7-7b95cacb0578/1759320000.0_mean_300.0_v3" 201 - "PUT http://[::1]:8080/2/257380/AUTH_2a636ad9760344e79dff02823315c4fd/gnocchi.dd7068ad-2fa4-4950-97e7-7b95cacb0578/1759320000.0_mean_300.0_v3" "txfe154aec98c4447e8a52b-0068e16ad9" "object-server 93451" 0.0007 "-" 93155 0
Oct 04 14:43:37 np0005470886.novalocal object-server[93449]: ::1 - - [04/Oct/2025:18:43:37 +0000] "PUT /3/182132/AUTH_2a636ad9760344e79dff02823315c4fd/gnocchi.552638b8-87da-4dec-bfde-23998d97fa59/1759320000.0_mean_300.0_v3" 201 - "PUT http://[::1]:8080/v1/AUTH_2a636ad9760344e79dff02823315c4fd/gnocchi.552638b8-87da-4dec-bfde-23998d97fa59/1759320000.0_mean_300.0_v3" "txd170252f40f048579cf1f-0068e16ad9" "proxy-server 89511" 0.0128 "-" 93449 0
Oct 04 14:43:37 np0005470886.novalocal object-server[93451]: ::1 - - [04/Oct/2025:18:43:37 +0000] "PUT /3/257380/AUTH_2a636ad9760344e79dff02823315c4fd/gnocchi.dd7068ad-2fa4-4950-97e7-7b95cacb0578/1759320000.0_mean_300.0_v3" 201 - "PUT http://[::1]:8080/v1/AUTH_2a636ad9760344e79dff02823315c4fd/gnocchi.dd7068ad-2fa4-4950-97e7-7b95cacb0578/1759320000.0_mean_300.0_v3" "txfe154aec98c4447e8a52b-0068e16ad9" "proxy-server 89511" 0.0200 "-" 93451 0
Oct 04 14:43:37 np0005470886.novalocal object-server[93451]: ::1 - - [04/Oct/2025:18:43:37 +0000] "PUT /2/257380/AUTH_2a636ad9760344e79dff02823315c4fd/gnocchi.dd7068ad-2fa4-4950-97e7-7b95cacb0578/1759320000.0_mean_300.0_v3" 201 - "PUT http://[::1]:8080/v1/AUTH_2a636ad9760344e79dff02823315c4fd/gnocchi.dd7068ad-2fa4-4950-97e7-7b95cacb0578/1759320000.0_mean_300.0_v3" "txfe154aec98c4447e8a52b-0068e16ad9" "proxy-server 89511" 0.0197 "-" 93451 0
Oct 04 14:43:37 np0005470886.novalocal proxy-server[89511]: ::1 ::1 04/Oct/2025/18/43/37 PUT /v1/AUTH_2a636ad9760344e79dff02823315c4fd/gnocchi.dd7068ad-2fa4-4950-97e7-7b95cacb0578/1759320000.0_mean_300.0_v3 HTTP/1.0 201 - python-swiftclient-4.2.0 gAAAAABo4WqryIa7... 16 - - txfe154aec98c4447e8a52b-0068e16ad9 - 0.0310 - - 1759603417.563106775 1759603417.594064951 0
Oct 04 14:43:37 np0005470886.novalocal container-server[93154]: ::1 - - [04/Oct/2025:18:43:37 +0000] "PUT /1/71981/AUTH_2a636ad9760344e79dff02823315c4fd/gnocchi.552638b8-87da-4dec-bfde-23998d97fa59/1759320000.0_mean_300.0_v3" 201 - "PUT http://[::1]:8080/1/182132/AUTH_2a636ad9760344e79dff02823315c4fd/gnocchi.552638b8-87da-4dec-bfde-23998d97fa59/1759320000.0_mean_300.0_v3" "txd170252f40f048579cf1f-0068e16ad9" "object-server 93449" 0.0006 "-" 93154 0
Oct 04 14:43:37 np0005470886.novalocal object-server[93449]: ::1 - - [04/Oct/2025:18:43:37 +0000] "PUT /1/182132/AUTH_2a636ad9760344e79dff02823315c4fd/gnocchi.552638b8-87da-4dec-bfde-23998d97fa59/1759320000.0_mean_300.0_v3" 201 - "PUT http://[::1]:8080/v1/AUTH_2a636ad9760344e79dff02823315c4fd/gnocchi.552638b8-87da-4dec-bfde-23998d97fa59/1759320000.0_mean_300.0_v3" "txd170252f40f048579cf1f-0068e16ad9" "proxy-server 89511" 0.0211 "-" 93449 0
Oct 04 14:43:37 np0005470886.novalocal proxy-server[89511]: ::1 ::1 04/Oct/2025/18/43/37 PUT /v1/AUTH_2a636ad9760344e79dff02823315c4fd/gnocchi.552638b8-87da-4dec-bfde-23998d97fa59/1759320000.0_mean_300.0_v3 HTTP/1.0 201 - python-swiftclient-4.2.0 gAAAAABo4WqjVCzL... 16 - - txd170252f40f048579cf1f-0068e16ad9 - 0.0266 - - 1759603417.572948456 1759603417.599565029 0
Oct 04 14:43:37 np0005470886.novalocal kernel: qvo4d58e70d-9c: left promiscuous mode
Oct 04 14:43:37 np0005470886.novalocal container-server[93152]: ::1 - - [04/Oct/2025:18:43:37 +0000] "PUT /2/191820/AUTH_2a636ad9760344e79dff02823315c4fd/gnocchi.dd7068ad-2fa4-4950-97e7-7b95cacb0578/none_v3" 201 - "PUT http://[::1]:8080/3/122923/AUTH_2a636ad9760344e79dff02823315c4fd/gnocchi.dd7068ad-2fa4-4950-97e7-7b95cacb0578/none_v3" "tx4867248c5c96490499b31-0068e16ad9" "object-server 93449" 0.0005 "-" 93152 0
Oct 04 14:43:37 np0005470886.novalocal object-server[93449]: ::1 - - [04/Oct/2025:18:43:37 +0000] "PUT /3/122923/AUTH_2a636ad9760344e79dff02823315c4fd/gnocchi.dd7068ad-2fa4-4950-97e7-7b95cacb0578/none_v3" 201 - "PUT http://[::1]:8080/v1/AUTH_2a636ad9760344e79dff02823315c4fd/gnocchi.dd7068ad-2fa4-4950-97e7-7b95cacb0578/none_v3" "tx4867248c5c96490499b31-0068e16ad9" "proxy-server 89511" 0.0142 "-" 93449 0
Oct 04 14:43:37 np0005470886.novalocal container-server[93155]: ::1 - - [04/Oct/2025:18:43:37 +0000] "PUT /3/191820/AUTH_2a636ad9760344e79dff02823315c4fd/gnocchi.dd7068ad-2fa4-4950-97e7-7b95cacb0578/none_v3" 201 - "PUT http://[::1]:8080/1/122923/AUTH_2a636ad9760344e79dff02823315c4fd/gnocchi.dd7068ad-2fa4-4950-97e7-7b95cacb0578/none_v3" "tx4867248c5c96490499b31-0068e16ad9" "object-server 93449" 0.0005 "-" 93155 0
Oct 04 14:43:37 np0005470886.novalocal object-server[93449]: ::1 - - [04/Oct/2025:18:43:37 +0000] "PUT /1/122923/AUTH_2a636ad9760344e79dff02823315c4fd/gnocchi.dd7068ad-2fa4-4950-97e7-7b95cacb0578/none_v3" 201 - "PUT http://[::1]:8080/v1/AUTH_2a636ad9760344e79dff02823315c4fd/gnocchi.dd7068ad-2fa4-4950-97e7-7b95cacb0578/none_v3" "tx4867248c5c96490499b31-0068e16ad9" "proxy-server 89511" 0.0197 "-" 93449 0
Oct 04 14:43:37 np0005470886.novalocal container-server[93154]: ::1 - - [04/Oct/2025:18:43:37 +0000] "PUT /3/71981/AUTH_2a636ad9760344e79dff02823315c4fd/gnocchi.552638b8-87da-4dec-bfde-23998d97fa59/none_v3" 201 - "PUT http://[::1]:8080/3/152053/AUTH_2a636ad9760344e79dff02823315c4fd/gnocchi.552638b8-87da-4dec-bfde-23998d97fa59/none_v3" "tx44848e12b2e243b980f72-0068e16ad9" "object-server 93452" 0.0009 "-" 93154 0
Oct 04 14:43:37 np0005470886.novalocal container-server[93155]: ::1 - - [04/Oct/2025:18:43:37 +0000] "PUT /1/191820/AUTH_2a636ad9760344e79dff02823315c4fd/gnocchi.dd7068ad-2fa4-4950-97e7-7b95cacb0578/none_v3" 201 - "PUT http://[::1]:8080/2/122923/AUTH_2a636ad9760344e79dff02823315c4fd/gnocchi.dd7068ad-2fa4-4950-97e7-7b95cacb0578/none_v3" "tx4867248c5c96490499b31-0068e16ad9" "object-server 93449" 0.0003 "-" 93155 0
Oct 04 14:43:37 np0005470886.novalocal container-server[93154]: ::1 - - [04/Oct/2025:18:43:37 +0000] "PUT /1/71981/AUTH_2a636ad9760344e79dff02823315c4fd/gnocchi.552638b8-87da-4dec-bfde-23998d97fa59/none_v3" 201 - "PUT http://[::1]:8080/1/152053/AUTH_2a636ad9760344e79dff02823315c4fd/gnocchi.552638b8-87da-4dec-bfde-23998d97fa59/none_v3" "tx44848e12b2e243b980f72-0068e16ad9" "object-server 93450" 0.0003 "-" 93154 0
Oct 04 14:43:37 np0005470886.novalocal object-server[93452]: ::1 - - [04/Oct/2025:18:43:37 +0000] "PUT /3/152053/AUTH_2a636ad9760344e79dff02823315c4fd/gnocchi.552638b8-87da-4dec-bfde-23998d97fa59/none_v3" 201 - "PUT http://[::1]:8080/v1/AUTH_2a636ad9760344e79dff02823315c4fd/gnocchi.552638b8-87da-4dec-bfde-23998d97fa59/none_v3" "tx44848e12b2e243b980f72-0068e16ad9" "proxy-server 89511" 0.0241 "-" 93452 0
Oct 04 14:43:37 np0005470886.novalocal object-server[93450]: ::1 - - [04/Oct/2025:18:43:37 +0000] "PUT /1/152053/AUTH_2a636ad9760344e79dff02823315c4fd/gnocchi.552638b8-87da-4dec-bfde-23998d97fa59/none_v3" 201 - "PUT http://[::1]:8080/v1/AUTH_2a636ad9760344e79dff02823315c4fd/gnocchi.552638b8-87da-4dec-bfde-23998d97fa59/none_v3" "tx44848e12b2e243b980f72-0068e16ad9" "proxy-server 89511" 0.0219 "-" 93450 0
Oct 04 14:43:37 np0005470886.novalocal container-server[93155]: ::1 - - [04/Oct/2025:18:43:37 +0000] "PUT /2/71981/AUTH_2a636ad9760344e79dff02823315c4fd/gnocchi.552638b8-87da-4dec-bfde-23998d97fa59/none_v3" 201 - "PUT http://[::1]:8080/2/152053/AUTH_2a636ad9760344e79dff02823315c4fd/gnocchi.552638b8-87da-4dec-bfde-23998d97fa59/none_v3" "tx44848e12b2e243b980f72-0068e16ad9" "object-server 93452" 0.0005 "-" 93155 0
Oct 04 14:43:37 np0005470886.novalocal object-server[93449]: ::1 - - [04/Oct/2025:18:43:37 +0000] "PUT /2/122923/AUTH_2a636ad9760344e79dff02823315c4fd/gnocchi.dd7068ad-2fa4-4950-97e7-7b95cacb0578/none_v3" 201 - "PUT http://[::1]:8080/v1/AUTH_2a636ad9760344e79dff02823315c4fd/gnocchi.dd7068ad-2fa4-4950-97e7-7b95cacb0578/none_v3" "tx4867248c5c96490499b31-0068e16ad9" "proxy-server 89511" 0.0324 "-" 93449 0
Oct 04 14:43:37 np0005470886.novalocal object-server[93452]: ::1 - - [04/Oct/2025:18:43:37 +0000] "PUT /2/152053/AUTH_2a636ad9760344e79dff02823315c4fd/gnocchi.552638b8-87da-4dec-bfde-23998d97fa59/none_v3" 201 - "PUT http://[::1]:8080/v1/AUTH_2a636ad9760344e79dff02823315c4fd/gnocchi.552638b8-87da-4dec-bfde-23998d97fa59/none_v3" "tx44848e12b2e243b980f72-0068e16ad9" "proxy-server 89511" 0.0295 "-" 93452 0
Oct 04 14:43:37 np0005470886.novalocal proxy-server[89511]: ::1 ::1 04/Oct/2025/18/43/37 PUT /v1/AUTH_2a636ad9760344e79dff02823315c4fd/gnocchi.dd7068ad-2fa4-4950-97e7-7b95cacb0578/none_v3 HTTP/1.0 201 - python-swiftclient-4.2.0 gAAAAABo4WqryIa7... 22 - - tx4867248c5c96490499b31-0068e16ad9 - 0.0460 - - 1759603417.597907782 1759603417.643904448 0
Oct 04 14:43:37 np0005470886.novalocal proxy-server[89511]: ::1 ::1 04/Oct/2025/18/43/37 PUT /v1/AUTH_2a636ad9760344e79dff02823315c4fd/gnocchi.552638b8-87da-4dec-bfde-23998d97fa59/none_v3 HTTP/1.0 201 - python-swiftclient-4.2.0 gAAAAABo4WqjVCzL... 22 - - tx44848e12b2e243b980f72-0068e16ad9 - 0.0389 - - 1759603417.606370449 1759603417.645259619 0
Oct 04 14:43:37 np0005470886.novalocal container-server[93153]: ::1 - - [04/Oct/2025:18:43:37 +0000] "HEAD /2/157630/AUTH_2a636ad9760344e79dff02823315c4fd/gnocchi.77d1c113-5336-4b74-84db-38ea2898dd12" 404 - "HEAD http://[::1]:8080/v1/AUTH_2a636ad9760344e79dff02823315c4fd/gnocchi.77d1c113-5336-4b74-84db-38ea2898dd12?format=json&states=listing" "txb0cb4d2fc395412bba6da-0068e16ad9" "proxy-server 89511" 0.0003 "-" 93153 0
Oct 04 14:43:37 np0005470886.novalocal container-server[93152]: ::1 - - [04/Oct/2025:18:43:37 +0000] "HEAD /1/157630/AUTH_2a636ad9760344e79dff02823315c4fd/gnocchi.77d1c113-5336-4b74-84db-38ea2898dd12" 404 - "HEAD http://[::1]:8080/v1/AUTH_2a636ad9760344e79dff02823315c4fd/gnocchi.77d1c113-5336-4b74-84db-38ea2898dd12?format=json&states=listing" "txb0cb4d2fc395412bba6da-0068e16ad9" "proxy-server 89511" 0.0003 "-" 93152 0
Oct 04 14:43:37 np0005470886.novalocal container-server[93155]: ::1 - - [04/Oct/2025:18:43:37 +0000] "HEAD /3/157630/AUTH_2a636ad9760344e79dff02823315c4fd/gnocchi.77d1c113-5336-4b74-84db-38ea2898dd12" 404 - "HEAD http://[::1]:8080/v1/AUTH_2a636ad9760344e79dff02823315c4fd/gnocchi.77d1c113-5336-4b74-84db-38ea2898dd12?format=json&states=listing" "txb0cb4d2fc395412bba6da-0068e16ad9" "proxy-server 89511" 0.0004 "-" 93155 0
Oct 04 14:43:37 np0005470886.novalocal object-server[93449]: ::1 - - [04/Oct/2025:18:43:37 +0000] "GET /3/234142/AUTH_2a636ad9760344e79dff02823315c4fd/gnocchi.77d1c113-5336-4b74-84db-38ea2898dd12/none_v3" 404 70 "GET http://[::1]:8080/v1/AUTH_2a636ad9760344e79dff02823315c4fd/gnocchi.77d1c113-5336-4b74-84db-38ea2898dd12/none_v3" "txb0cb4d2fc395412bba6da-0068e16ad9" "proxy-server 89511" 0.0003 "-" 93449 0
Oct 04 14:43:37 np0005470886.novalocal container-server[93153]: ::1 - - [04/Oct/2025:18:43:37 +0000] "HEAD /3/87740/AUTH_2a636ad9760344e79dff02823315c4fd/gnocchi.4be8aaa2-6607-416e-98f8-aac69936cbcc" 404 - "HEAD http://[::1]:8080/v1/AUTH_2a636ad9760344e79dff02823315c4fd/gnocchi.4be8aaa2-6607-416e-98f8-aac69936cbcc?format=json&states=listing" "tx3a2cf13ca0e044778140b-0068e16ad9" "proxy-server 89511" 0.0004 "-" 93153 0
Oct 04 14:43:37 np0005470886.novalocal object-server[93451]: ::1 - - [04/Oct/2025:18:43:37 +0000] "GET /2/234142/AUTH_2a636ad9760344e79dff02823315c4fd/gnocchi.77d1c113-5336-4b74-84db-38ea2898dd12/none_v3" 404 70 "GET http://[::1]:8080/v1/AUTH_2a636ad9760344e79dff02823315c4fd/gnocchi.77d1c113-5336-4b74-84db-38ea2898dd12/none_v3" "txb0cb4d2fc395412bba6da-0068e16ad9" "proxy-server 89511" 0.0003 "-" 93451 0
Oct 04 14:43:37 np0005470886.novalocal container-server[93155]: ::1 - - [04/Oct/2025:18:43:37 +0000] "HEAD /2/87740/AUTH_2a636ad9760344e79dff02823315c4fd/gnocchi.4be8aaa2-6607-416e-98f8-aac69936cbcc" 404 - "HEAD http://[::1]:8080/v1/AUTH_2a636ad9760344e79dff02823315c4fd/gnocchi.4be8aaa2-6607-416e-98f8-aac69936cbcc?format=json&states=listing" "tx3a2cf13ca0e044778140b-0068e16ad9" "proxy-server 89511" 0.0003 "-" 93155 0
Oct 04 14:43:37 np0005470886.novalocal object-server[93451]: ::1 - - [04/Oct/2025:18:43:37 +0000] "GET /1/234142/AUTH_2a636ad9760344e79dff02823315c4fd/gnocchi.77d1c113-5336-4b74-84db-38ea2898dd12/none_v3" 404 70 "GET http://[::1]:8080/v1/AUTH_2a636ad9760344e79dff02823315c4fd/gnocchi.77d1c113-5336-4b74-84db-38ea2898dd12/none_v3" "txb0cb4d2fc395412bba6da-0068e16ad9" "proxy-server 89511" 0.0003 "-" 93451 0
Oct 04 14:43:37 np0005470886.novalocal container-server[93152]: ::1 - - [04/Oct/2025:18:43:37 +0000] "HEAD /1/87740/AUTH_2a636ad9760344e79dff02823315c4fd/gnocchi.4be8aaa2-6607-416e-98f8-aac69936cbcc" 404 - "HEAD http://[::1]:8080/v1/AUTH_2a636ad9760344e79dff02823315c4fd/gnocchi.4be8aaa2-6607-416e-98f8-aac69936cbcc?format=json&states=listing" "tx3a2cf13ca0e044778140b-0068e16ad9" "proxy-server 89511" 0.0003 "-" 93152 0
Oct 04 14:43:37 np0005470886.novalocal proxy-server[89511]: ::1 ::1 04/Oct/2025/18/43/37 GET /v1/AUTH_2a636ad9760344e79dff02823315c4fd/gnocchi.77d1c113-5336-4b74-84db-38ea2898dd12/none_v3 HTTP/1.0 404 - python-swiftclient-4.2.0 gAAAAABo4WqryIa7... - 70 - txb0cb4d2fc395412bba6da-0068e16ad9 - 0.0407 - - 1759603417.658331633 1759603417.699048996 0
Oct 04 14:43:37 np0005470886.novalocal object-server[93452]: ::1 - - [04/Oct/2025:18:43:37 +0000] "GET /3/61921/AUTH_2a636ad9760344e79dff02823315c4fd/gnocchi.4be8aaa2-6607-416e-98f8-aac69936cbcc/none_v3" 404 70 "GET http://[::1]:8080/v1/AUTH_2a636ad9760344e79dff02823315c4fd/gnocchi.4be8aaa2-6607-416e-98f8-aac69936cbcc/none_v3" "tx3a2cf13ca0e044778140b-0068e16ad9" "proxy-server 89511" 0.0003 "-" 93452 0
Oct 04 14:43:37 np0005470886.novalocal object-server[93450]: ::1 - - [04/Oct/2025:18:43:37 +0000] "GET /1/61921/AUTH_2a636ad9760344e79dff02823315c4fd/gnocchi.4be8aaa2-6607-416e-98f8-aac69936cbcc/none_v3" 404 70 "GET http://[::1]:8080/v1/AUTH_2a636ad9760344e79dff02823315c4fd/gnocchi.4be8aaa2-6607-416e-98f8-aac69936cbcc/none_v3" "tx3a2cf13ca0e044778140b-0068e16ad9" "proxy-server 89511" 0.0003 "-" 93450 0
Oct 04 14:43:37 np0005470886.novalocal object-server[93452]: ::1 - - [04/Oct/2025:18:43:37 +0000] "GET /2/61921/AUTH_2a636ad9760344e79dff02823315c4fd/gnocchi.4be8aaa2-6607-416e-98f8-aac69936cbcc/none_v3" 404 70 "GET http://[::1]:8080/v1/AUTH_2a636ad9760344e79dff02823315c4fd/gnocchi.4be8aaa2-6607-416e-98f8-aac69936cbcc/none_v3" "tx3a2cf13ca0e044778140b-0068e16ad9" "proxy-server 89511" 0.0004 "-" 93452 0
Oct 04 14:43:37 np0005470886.novalocal proxy-server[89511]: ::1 ::1 04/Oct/2025/18/43/37 GET /v1/AUTH_2a636ad9760344e79dff02823315c4fd/gnocchi.4be8aaa2-6607-416e-98f8-aac69936cbcc/none_v3 HTTP/1.0 404 - python-swiftclient-4.2.0 gAAAAABo4WqjVCzL... - 70 - tx3a2cf13ca0e044778140b-0068e16ad9 - 0.0422 - - 1759603417.678089142 1759603417.720332146 0
Oct 04 14:43:37 np0005470886.novalocal account-server[92862]: ::1 - - [04/Oct/2025:18:43:37 +0000] "PUT /2/167054/AUTH_2a636ad9760344e79dff02823315c4fd/gnocchi.77d1c113-5336-4b74-84db-38ea2898dd12" 201 - "PUT http://[::1]:6001/3/157630/AUTH_2a636ad9760344e79dff02823315c4fd/gnocchi.77d1c113-5336-4b74-84db-38ea2898dd12" "tx48d94562e5094c2bbd1ee-0068e16ad9" "container-server 93152" 0.0069 "-" 92862 0
Oct 04 14:43:37 np0005470886.novalocal account-server[92863]: ::1 - - [04/Oct/2025:18:43:37 +0000] "PUT /3/167054/AUTH_2a636ad9760344e79dff02823315c4fd/gnocchi.77d1c113-5336-4b74-84db-38ea2898dd12" 201 - "PUT http://[::1]:6001/1/157630/AUTH_2a636ad9760344e79dff02823315c4fd/gnocchi.77d1c113-5336-4b74-84db-38ea2898dd12" "tx48d94562e5094c2bbd1ee-0068e16ad9" "container-server 93155" 0.0099 "-" 92863 0
Oct 04 14:43:37 np0005470886.novalocal account-server[92860]: ::1 - - [04/Oct/2025:18:43:37 +0000] "PUT /1/167054/AUTH_2a636ad9760344e79dff02823315c4fd/gnocchi.77d1c113-5336-4b74-84db-38ea2898dd12" 201 - "PUT http://[::1]:6001/2/157630/AUTH_2a636ad9760344e79dff02823315c4fd/gnocchi.77d1c113-5336-4b74-84db-38ea2898dd12" "tx48d94562e5094c2bbd1ee-0068e16ad9" "container-server 93155" 0.0099 "-" 92860 0
Oct 04 14:43:37 np0005470886.novalocal container-server[93155]: ::1 - - [04/Oct/2025:18:43:37 +0000] "PUT /2/157630/AUTH_2a636ad9760344e79dff02823315c4fd/gnocchi.77d1c113-5336-4b74-84db-38ea2898dd12" 201 - "PUT http://[::1]:8080/v1/AUTH_2a636ad9760344e79dff02823315c4fd/gnocchi.77d1c113-5336-4b74-84db-38ea2898dd12" "tx48d94562e5094c2bbd1ee-0068e16ad9" "proxy-server 89511" 0.0219 "-" 93155 0
Oct 04 14:43:37 np0005470886.novalocal container-server[93152]: ::1 - - [04/Oct/2025:18:43:37 +0000] "PUT /3/157630/AUTH_2a636ad9760344e79dff02823315c4fd/gnocchi.77d1c113-5336-4b74-84db-38ea2898dd12" 201 - "PUT http://[::1]:8080/v1/AUTH_2a636ad9760344e79dff02823315c4fd/gnocchi.77d1c113-5336-4b74-84db-38ea2898dd12" "tx48d94562e5094c2bbd1ee-0068e16ad9" "proxy-server 89511" 0.0374 "-" 93152 0
Oct 04 14:43:37 np0005470886.novalocal container-server[93155]: ::1 - - [04/Oct/2025:18:43:37 +0000] "PUT /1/157630/AUTH_2a636ad9760344e79dff02823315c4fd/gnocchi.77d1c113-5336-4b74-84db-38ea2898dd12" 201 - "PUT http://[::1]:8080/v1/AUTH_2a636ad9760344e79dff02823315c4fd/gnocchi.77d1c113-5336-4b74-84db-38ea2898dd12" "tx48d94562e5094c2bbd1ee-0068e16ad9" "proxy-server 89511" 0.0380 "-" 93155 0
Oct 04 14:43:37 np0005470886.novalocal proxy-server[89511]: ::1 ::1 04/Oct/2025/18/43/37 PUT /v1/AUTH_2a636ad9760344e79dff02823315c4fd/gnocchi.77d1c113-5336-4b74-84db-38ea2898dd12 HTTP/1.0 201 - python-swiftclient-4.2.0 gAAAAABo4WqryIa7... - - - tx48d94562e5094c2bbd1ee-0068e16ad9 - 0.0452 - - 1759603417.702696085 1759603417.747923374 0
Oct 04 14:43:37 np0005470886.novalocal account-server[92863]: ::1 - - [04/Oct/2025:18:43:37 +0000] "PUT /3/167054/AUTH_2a636ad9760344e79dff02823315c4fd/gnocchi.4be8aaa2-6607-416e-98f8-aac69936cbcc" 201 - "PUT http://[::1]:6001/3/87740/AUTH_2a636ad9760344e79dff02823315c4fd/gnocchi.4be8aaa2-6607-416e-98f8-aac69936cbcc" "tx49cb794c000d47238bd0c-0068e16ad9" "container-server 93152" 0.0062 "-" 92863 0
Oct 04 14:43:37 np0005470886.novalocal container-server[93152]: ::1 - - [04/Oct/2025:18:43:37 +0000] "PUT /3/87740/AUTH_2a636ad9760344e79dff02823315c4fd/gnocchi.4be8aaa2-6607-416e-98f8-aac69936cbcc" 201 - "PUT http://[::1]:8080/v1/AUTH_2a636ad9760344e79dff02823315c4fd/gnocchi.4be8aaa2-6607-416e-98f8-aac69936cbcc" "tx49cb794c000d47238bd0c-0068e16ad9" "proxy-server 89511" 0.0227 "-" 93152 0
Oct 04 14:43:37 np0005470886.novalocal account-server[92860]: ::1 - - [04/Oct/2025:18:43:37 +0000] "PUT /2/167054/AUTH_2a636ad9760344e79dff02823315c4fd/gnocchi.4be8aaa2-6607-416e-98f8-aac69936cbcc" 201 - "PUT http://[::1]:6001/1/87740/AUTH_2a636ad9760344e79dff02823315c4fd/gnocchi.4be8aaa2-6607-416e-98f8-aac69936cbcc" "tx49cb794c000d47238bd0c-0068e16ad9" "container-server 93153" 0.0102 "-" 92860 0
Oct 04 14:43:37 np0005470886.novalocal container-server[93153]: ::1 - - [04/Oct/2025:18:43:37 +0000] "PUT /1/87740/AUTH_2a636ad9760344e79dff02823315c4fd/gnocchi.4be8aaa2-6607-416e-98f8-aac69936cbcc" 201 - "PUT http://[::1]:8080/v1/AUTH_2a636ad9760344e79dff02823315c4fd/gnocchi.4be8aaa2-6607-416e-98f8-aac69936cbcc" "tx49cb794c000d47238bd0c-0068e16ad9" "proxy-server 89511" 0.0248 "-" 93153 0
Oct 04 14:43:37 np0005470886.novalocal container-server[93153]: ::1 - - [04/Oct/2025:18:43:37 +0000] "HEAD /2/157630/AUTH_2a636ad9760344e79dff02823315c4fd/gnocchi.77d1c113-5336-4b74-84db-38ea2898dd12" 204 - "HEAD http://[::1]:8080/v1/AUTH_2a636ad9760344e79dff02823315c4fd/gnocchi.77d1c113-5336-4b74-84db-38ea2898dd12?format=json&states=listing" "tx8967bda9cecb4d8c8af7d-0068e16ad9" "proxy-server 89511" 0.0012 "-" 93153 0
Oct 04 14:43:37 np0005470886.novalocal account-server[92860]: ::1 - - [04/Oct/2025:18:43:37 +0000] "PUT /1/167054/AUTH_2a636ad9760344e79dff02823315c4fd/gnocchi.4be8aaa2-6607-416e-98f8-aac69936cbcc" 201 - "PUT http://[::1]:6001/2/87740/AUTH_2a636ad9760344e79dff02823315c4fd/gnocchi.4be8aaa2-6607-416e-98f8-aac69936cbcc" "tx49cb794c000d47238bd0c-0068e16ad9" "container-server 93155" 0.0042 "-" 92860 0
Oct 04 14:43:37 np0005470886.novalocal container-server[93155]: ::1 - - [04/Oct/2025:18:43:37 +0000] "PUT /2/87740/AUTH_2a636ad9760344e79dff02823315c4fd/gnocchi.4be8aaa2-6607-416e-98f8-aac69936cbcc" 201 - "PUT http://[::1]:8080/v1/AUTH_2a636ad9760344e79dff02823315c4fd/gnocchi.4be8aaa2-6607-416e-98f8-aac69936cbcc" "tx49cb794c000d47238bd0c-0068e16ad9" "proxy-server 89511" 0.0284 "-" 93155 0
Oct 04 14:43:37 np0005470886.novalocal proxy-server[89511]: ::1 ::1 04/Oct/2025/18/43/37 PUT /v1/AUTH_2a636ad9760344e79dff02823315c4fd/gnocchi.4be8aaa2-6607-416e-98f8-aac69936cbcc HTTP/1.0 201 - python-swiftclient-4.2.0 gAAAAABo4WqjVCzL... - - - tx49cb794c000d47238bd0c-0068e16ad9 - 0.0388 - - 1759603417.723083973 1759603417.761917591 0
Oct 04 14:43:37 np0005470886.novalocal container-server[93155]: ::1 - - [04/Oct/2025:18:43:37 +0000] "GET /3/157630/AUTH_2a636ad9760344e79dff02823315c4fd/gnocchi.77d1c113-5336-4b74-84db-38ea2898dd12" 200 2 "GET http://[::1]:8080/v1/AUTH_2a636ad9760344e79dff02823315c4fd/gnocchi.77d1c113-5336-4b74-84db-38ea2898dd12?format=json&states=listing" "tx8967bda9cecb4d8c8af7d-0068e16ad9" "proxy-server 89511" 0.0034 "-" 93155 0
Oct 04 14:43:37 np0005470886.novalocal container-server[93153]: ::1 - - [04/Oct/2025:18:43:37 +0000] "HEAD /2/87740/AUTH_2a636ad9760344e79dff02823315c4fd/gnocchi.4be8aaa2-6607-416e-98f8-aac69936cbcc" 204 - "HEAD http://[::1]:8080/v1/AUTH_2a636ad9760344e79dff02823315c4fd/gnocchi.4be8aaa2-6607-416e-98f8-aac69936cbcc?format=json&states=listing" "tx79d9c0493fa9439cbad6d-0068e16ad9" "proxy-server 89511" 0.0011 "-" 93153 0
Oct 04 14:43:37 np0005470886.novalocal proxy-server[89511]: ::1 ::1 04/Oct/2025/18/43/37 GET /v1/AUTH_2a636ad9760344e79dff02823315c4fd/gnocchi.77d1c113-5336-4b74-84db-38ea2898dd12%3Fformat%3Djson%26states%3Dlisting HTTP/1.0 200 - python-swiftclient-4.2.0 gAAAAABo4WqryIa7... - 2 - tx8967bda9cecb4d8c8af7d-0068e16ad9 - 0.0237 - - 1759603417.751327753 1759603417.774995089 0
Oct 04 14:43:37 np0005470886.novalocal container-server[93154]: ::1 - - [04/Oct/2025:18:43:37 +0000] "GET /3/87740/AUTH_2a636ad9760344e79dff02823315c4fd/gnocchi.4be8aaa2-6607-416e-98f8-aac69936cbcc" 200 2 "GET http://[::1]:8080/v1/AUTH_2a636ad9760344e79dff02823315c4fd/gnocchi.4be8aaa2-6607-416e-98f8-aac69936cbcc?format=json&states=listing" "tx79d9c0493fa9439cbad6d-0068e16ad9" "proxy-server 89511" 0.0021 "-" 93154 0
Oct 04 14:43:37 np0005470886.novalocal proxy-server[89511]: ::1 ::1 04/Oct/2025/18/43/37 GET /v1/AUTH_2a636ad9760344e79dff02823315c4fd/gnocchi.4be8aaa2-6607-416e-98f8-aac69936cbcc%3Fformat%3Djson%26states%3Dlisting HTTP/1.0 200 - python-swiftclient-4.2.0 gAAAAABo4WqjVCzL... - 2 - tx79d9c0493fa9439cbad6d-0068e16ad9 - 0.0142 - - 1759603417.764819622 1759603417.779049635 0
Oct 04 14:43:37 np0005470886.novalocal object-server[93451]: ::1 - - [04/Oct/2025:18:43:37 +0000] "GET /1/217962/AUTH_2a636ad9760344e79dff02823315c4fd/gnocchi.77d1c113-5336-4b74-84db-38ea2898dd12/1759320000.0_mean_300.0_v3" 404 70 "GET http://[::1]:8080/v1/AUTH_2a636ad9760344e79dff02823315c4fd/gnocchi.77d1c113-5336-4b74-84db-38ea2898dd12/1759320000.0_mean_300.0_v3" "txbc5bd6f362844d65a318a-0068e16ad9" "proxy-server 89511" 0.0005 "-" 93451 0
Oct 04 14:43:37 np0005470886.novalocal object-server[93452]: ::1 - - [04/Oct/2025:18:43:37 +0000] "GET /1/125702/AUTH_2a636ad9760344e79dff02823315c4fd/gnocchi.4be8aaa2-6607-416e-98f8-aac69936cbcc/1759320000.0_mean_300.0_v3" 404 70 "GET http://[::1]:8080/v1/AUTH_2a636ad9760344e79dff02823315c4fd/gnocchi.4be8aaa2-6607-416e-98f8-aac69936cbcc/1759320000.0_mean_300.0_v3" "tx8dc43334ad4042b08d5b4-0068e16ad9" "proxy-server 89511" 0.0004 "-" 93452 0
Oct 04 14:43:37 np0005470886.novalocal object-server[93451]: ::1 - - [04/Oct/2025:18:43:37 +0000] "GET /3/217962/AUTH_2a636ad9760344e79dff02823315c4fd/gnocchi.77d1c113-5336-4b74-84db-38ea2898dd12/1759320000.0_mean_300.0_v3" 404 70 "GET http://[::1]:8080/v1/AUTH_2a636ad9760344e79dff02823315c4fd/gnocchi.77d1c113-5336-4b74-84db-38ea2898dd12/1759320000.0_mean_300.0_v3" "txbc5bd6f362844d65a318a-0068e16ad9" "proxy-server 89511" 0.0003 "-" 93451 0
Oct 04 14:43:37 np0005470886.novalocal object-server[93449]: ::1 - - [04/Oct/2025:18:43:37 +0000] "GET /3/125702/AUTH_2a636ad9760344e79dff02823315c4fd/gnocchi.4be8aaa2-6607-416e-98f8-aac69936cbcc/1759320000.0_mean_300.0_v3" 404 70 "GET http://[::1]:8080/v1/AUTH_2a636ad9760344e79dff02823315c4fd/gnocchi.4be8aaa2-6607-416e-98f8-aac69936cbcc/1759320000.0_mean_300.0_v3" "tx8dc43334ad4042b08d5b4-0068e16ad9" "proxy-server 89511" 0.0004 "-" 93449 0
Oct 04 14:43:37 np0005470886.novalocal object-server[93450]: ::1 - - [04/Oct/2025:18:43:37 +0000] "GET /2/217962/AUTH_2a636ad9760344e79dff02823315c4fd/gnocchi.77d1c113-5336-4b74-84db-38ea2898dd12/1759320000.0_mean_300.0_v3" 404 70 "GET http://[::1]:8080/v1/AUTH_2a636ad9760344e79dff02823315c4fd/gnocchi.77d1c113-5336-4b74-84db-38ea2898dd12/1759320000.0_mean_300.0_v3" "txbc5bd6f362844d65a318a-0068e16ad9" "proxy-server 89511" 0.0006 "-" 93450 0
Oct 04 14:43:37 np0005470886.novalocal proxy-server[89511]: ::1 ::1 04/Oct/2025/18/43/37 GET /v1/AUTH_2a636ad9760344e79dff02823315c4fd/gnocchi.77d1c113-5336-4b74-84db-38ea2898dd12/1759320000.0_mean_300.0_v3 HTTP/1.0 404 - python-swiftclient-4.2.0 gAAAAABo4WqryIa7... - 70 - txbc5bd6f362844d65a318a-0068e16ad9 - 0.0224 - - 1759603417.780126810 1759603417.802519321 0
Oct 04 14:43:37 np0005470886.novalocal object-server[93451]: ::1 - - [04/Oct/2025:18:43:37 +0000] "GET /2/125702/AUTH_2a636ad9760344e79dff02823315c4fd/gnocchi.4be8aaa2-6607-416e-98f8-aac69936cbcc/1759320000.0_mean_300.0_v3" 404 70 "GET http://[::1]:8080/v1/AUTH_2a636ad9760344e79dff02823315c4fd/gnocchi.4be8aaa2-6607-416e-98f8-aac69936cbcc/1759320000.0_mean_300.0_v3" "tx8dc43334ad4042b08d5b4-0068e16ad9" "proxy-server 89511" 0.0003 "-" 93451 0
Oct 04 14:43:37 np0005470886.novalocal proxy-server[89511]: ::1 ::1 04/Oct/2025/18/43/37 GET /v1/AUTH_2a636ad9760344e79dff02823315c4fd/gnocchi.4be8aaa2-6607-416e-98f8-aac69936cbcc/1759320000.0_mean_300.0_v3 HTTP/1.0 404 - python-swiftclient-4.2.0 gAAAAABo4WqjVCzL... - 70 - tx8dc43334ad4042b08d5b4-0068e16ad9 - 0.0244 - - 1759603417.784071445 1759603417.808438540 0
Oct 04 14:43:37 np0005470886.novalocal container-server[93153]: ::1 - - [04/Oct/2025:18:43:37 +0000] "PUT /3/157630/AUTH_2a636ad9760344e79dff02823315c4fd/gnocchi.77d1c113-5336-4b74-84db-38ea2898dd12/1759320000.0_mean_300.0_v3" 201 - "PUT http://[::1]:8080/2/217962/AUTH_2a636ad9760344e79dff02823315c4fd/gnocchi.77d1c113-5336-4b74-84db-38ea2898dd12/1759320000.0_mean_300.0_v3" "tx3acf8bcf1b0e454d9a111-0068e16ad9" "object-server 93450" 0.0005 "-" 93153 0
Oct 04 14:43:37 np0005470886.novalocal object-server[93450]: ::1 - - [04/Oct/2025:18:43:37 +0000] "PUT /2/217962/AUTH_2a636ad9760344e79dff02823315c4fd/gnocchi.77d1c113-5336-4b74-84db-38ea2898dd12/1759320000.0_mean_300.0_v3" 201 - "PUT http://[::1]:8080/v1/AUTH_2a636ad9760344e79dff02823315c4fd/gnocchi.77d1c113-5336-4b74-84db-38ea2898dd12/1759320000.0_mean_300.0_v3" "tx3acf8bcf1b0e454d9a111-0068e16ad9" "proxy-server 89511" 0.0149 "-" 93450 0
Oct 04 14:43:37 np0005470886.novalocal container-server[93153]: ::1 - - [04/Oct/2025:18:43:37 +0000] "PUT /2/157630/AUTH_2a636ad9760344e79dff02823315c4fd/gnocchi.77d1c113-5336-4b74-84db-38ea2898dd12/1759320000.0_mean_300.0_v3" 201 - "PUT http://[::1]:8080/3/217962/AUTH_2a636ad9760344e79dff02823315c4fd/gnocchi.77d1c113-5336-4b74-84db-38ea2898dd12/1759320000.0_mean_300.0_v3" "tx3acf8bcf1b0e454d9a111-0068e16ad9" "object-server 93450" 0.0003 "-" 93153 0
Oct 04 14:43:37 np0005470886.novalocal object-server[93450]: ::1 - - [04/Oct/2025:18:43:37 +0000] "PUT /3/217962/AUTH_2a636ad9760344e79dff02823315c4fd/gnocchi.77d1c113-5336-4b74-84db-38ea2898dd12/1759320000.0_mean_300.0_v3" 201 - "PUT http://[::1]:8080/v1/AUTH_2a636ad9760344e79dff02823315c4fd/gnocchi.77d1c113-5336-4b74-84db-38ea2898dd12/1759320000.0_mean_300.0_v3" "tx3acf8bcf1b0e454d9a111-0068e16ad9" "proxy-server 89511" 0.0172 "-" 93450 0
Oct 04 14:43:37 np0005470886.novalocal container-server[93154]: ::1 - - [04/Oct/2025:18:43:37 +0000] "PUT /3/87740/AUTH_2a636ad9760344e79dff02823315c4fd/gnocchi.4be8aaa2-6607-416e-98f8-aac69936cbcc/1759320000.0_mean_300.0_v3" 201 - "PUT http://[::1]:8080/1/125702/AUTH_2a636ad9760344e79dff02823315c4fd/gnocchi.4be8aaa2-6607-416e-98f8-aac69936cbcc/1759320000.0_mean_300.0_v3" "txe5f3665d724d413cb2fe0-0068e16ad9" "object-server 93451" 0.0004 "-" 93154 0
Oct 04 14:43:37 np0005470886.novalocal object-server[93451]: ::1 - - [04/Oct/2025:18:43:37 +0000] "PUT /1/125702/AUTH_2a636ad9760344e79dff02823315c4fd/gnocchi.4be8aaa2-6607-416e-98f8-aac69936cbcc/1759320000.0_mean_300.0_v3" 201 - "PUT http://[::1]:8080/v1/AUTH_2a636ad9760344e79dff02823315c4fd/gnocchi.4be8aaa2-6607-416e-98f8-aac69936cbcc/1759320000.0_mean_300.0_v3" "txe5f3665d724d413cb2fe0-0068e16ad9" "proxy-server 89511" 0.0146 "-" 93451 0
Oct 04 14:43:37 np0005470886.novalocal container-server[93155]: ::1 - - [04/Oct/2025:18:43:37 +0000] "PUT /1/157630/AUTH_2a636ad9760344e79dff02823315c4fd/gnocchi.77d1c113-5336-4b74-84db-38ea2898dd12/1759320000.0_mean_300.0_v3" 201 - "PUT http://[::1]:8080/1/217962/AUTH_2a636ad9760344e79dff02823315c4fd/gnocchi.77d1c113-5336-4b74-84db-38ea2898dd12/1759320000.0_mean_300.0_v3" "tx3acf8bcf1b0e454d9a111-0068e16ad9" "object-server 93452" 0.0007 "-" 93155 0
Oct 04 14:43:37 np0005470886.novalocal container-server[93152]: ::1 - - [04/Oct/2025:18:43:37 +0000] "PUT /1/87740/AUTH_2a636ad9760344e79dff02823315c4fd/gnocchi.4be8aaa2-6607-416e-98f8-aac69936cbcc/1759320000.0_mean_300.0_v3" 201 - "PUT http://[::1]:8080/2/125702/AUTH_2a636ad9760344e79dff02823315c4fd/gnocchi.4be8aaa2-6607-416e-98f8-aac69936cbcc/1759320000.0_mean_300.0_v3" "txe5f3665d724d413cb2fe0-0068e16ad9" "object-server 93449" 0.0006 "-" 93152 0
Oct 04 14:43:37 np0005470886.novalocal object-server[93449]: ::1 - - [04/Oct/2025:18:43:37 +0000] "PUT /2/125702/AUTH_2a636ad9760344e79dff02823315c4fd/gnocchi.4be8aaa2-6607-416e-98f8-aac69936cbcc/1759320000.0_mean_300.0_v3" 201 - "PUT http://[::1]:8080/v1/AUTH_2a636ad9760344e79dff02823315c4fd/gnocchi.4be8aaa2-6607-416e-98f8-aac69936cbcc/1759320000.0_mean_300.0_v3" "txe5f3665d724d413cb2fe0-0068e16ad9" "proxy-server 89511" 0.0185 "-" 93449 0
Oct 04 14:43:37 np0005470886.novalocal container-server[93152]: ::1 - - [04/Oct/2025:18:43:37 +0000] "PUT /2/87740/AUTH_2a636ad9760344e79dff02823315c4fd/gnocchi.4be8aaa2-6607-416e-98f8-aac69936cbcc/1759320000.0_mean_300.0_v3" 201 - "PUT http://[::1]:8080/3/125702/AUTH_2a636ad9760344e79dff02823315c4fd/gnocchi.4be8aaa2-6607-416e-98f8-aac69936cbcc/1759320000.0_mean_300.0_v3" "txe5f3665d724d413cb2fe0-0068e16ad9" "object-server 93449" 0.0004 "-" 93152 0
Oct 04 14:43:37 np0005470886.novalocal object-server[93449]: ::1 - - [04/Oct/2025:18:43:37 +0000] "PUT /3/125702/AUTH_2a636ad9760344e79dff02823315c4fd/gnocchi.4be8aaa2-6607-416e-98f8-aac69936cbcc/1759320000.0_mean_300.0_v3" 201 - "PUT http://[::1]:8080/v1/AUTH_2a636ad9760344e79dff02823315c4fd/gnocchi.4be8aaa2-6607-416e-98f8-aac69936cbcc/1759320000.0_mean_300.0_v3" "txe5f3665d724d413cb2fe0-0068e16ad9" "proxy-server 89511" 0.0184 "-" 93449 0
Oct 04 14:43:37 np0005470886.novalocal object-server[93452]: ::1 - - [04/Oct/2025:18:43:37 +0000] "PUT /1/217962/AUTH_2a636ad9760344e79dff02823315c4fd/gnocchi.77d1c113-5336-4b74-84db-38ea2898dd12/1759320000.0_mean_300.0_v3" 201 - "PUT http://[::1]:8080/v1/AUTH_2a636ad9760344e79dff02823315c4fd/gnocchi.77d1c113-5336-4b74-84db-38ea2898dd12/1759320000.0_mean_300.0_v3" "tx3acf8bcf1b0e454d9a111-0068e16ad9" "proxy-server 89511" 0.0263 "-" 93452 0
Oct 04 14:43:37 np0005470886.novalocal proxy-server[89511]: ::1 ::1 04/Oct/2025/18/43/37 PUT /v1/AUTH_2a636ad9760344e79dff02823315c4fd/gnocchi.4be8aaa2-6607-416e-98f8-aac69936cbcc/1759320000.0_mean_300.0_v3 HTTP/1.0 201 - python-swiftclient-4.2.0 gAAAAABo4WqjVCzL... 16 - - txe5f3665d724d413cb2fe0-0068e16ad9 - 0.0258 - - 1759603417.815623522 1759603417.841419458 0
Oct 04 14:43:37 np0005470886.novalocal proxy-server[89511]: ::1 ::1 04/Oct/2025/18/43/37 PUT /v1/AUTH_2a636ad9760344e79dff02823315c4fd/gnocchi.77d1c113-5336-4b74-84db-38ea2898dd12/1759320000.0_mean_300.0_v3 HTTP/1.0 201 - python-swiftclient-4.2.0 gAAAAABo4WqryIa7... 16 - - tx3acf8bcf1b0e454d9a111-0068e16ad9 - 0.0384 - - 1759603417.806055784 1759603417.844439745 0
Oct 04 14:43:37 np0005470886.novalocal container-server[93153]: ::1 - - [04/Oct/2025:18:43:37 +0000] "PUT /2/87740/AUTH_2a636ad9760344e79dff02823315c4fd/gnocchi.4be8aaa2-6607-416e-98f8-aac69936cbcc/none_v3" 201 - "PUT http://[::1]:8080/3/61921/AUTH_2a636ad9760344e79dff02823315c4fd/gnocchi.4be8aaa2-6607-416e-98f8-aac69936cbcc/none_v3" "tx2a527cd9b1ec4917a134e-0068e16ad9" "object-server 93452" 0.0005 "-" 93153 0
Oct 04 14:43:37 np0005470886.novalocal container-server[93155]: ::1 - - [04/Oct/2025:18:43:37 +0000] "PUT /1/87740/AUTH_2a636ad9760344e79dff02823315c4fd/gnocchi.4be8aaa2-6607-416e-98f8-aac69936cbcc/none_v3" 201 - "PUT http://[::1]:8080/2/61921/AUTH_2a636ad9760344e79dff02823315c4fd/gnocchi.4be8aaa2-6607-416e-98f8-aac69936cbcc/none_v3" "tx2a527cd9b1ec4917a134e-0068e16ad9" "object-server 93451" 0.0005 "-" 93155 0
Oct 04 14:43:37 np0005470886.novalocal object-server[93451]: ::1 - - [04/Oct/2025:18:43:37 +0000] "PUT /2/61921/AUTH_2a636ad9760344e79dff02823315c4fd/gnocchi.4be8aaa2-6607-416e-98f8-aac69936cbcc/none_v3" 201 - "PUT http://[::1]:8080/v1/AUTH_2a636ad9760344e79dff02823315c4fd/gnocchi.4be8aaa2-6607-416e-98f8-aac69936cbcc/none_v3" "tx2a527cd9b1ec4917a134e-0068e16ad9" "proxy-server 89511" 0.0173 "-" 93451 0
Oct 04 14:43:37 np0005470886.novalocal object-server[93452]: ::1 - - [04/Oct/2025:18:43:37 +0000] "PUT /3/61921/AUTH_2a636ad9760344e79dff02823315c4fd/gnocchi.4be8aaa2-6607-416e-98f8-aac69936cbcc/none_v3" 201 - "PUT http://[::1]:8080/v1/AUTH_2a636ad9760344e79dff02823315c4fd/gnocchi.4be8aaa2-6607-416e-98f8-aac69936cbcc/none_v3" "tx2a527cd9b1ec4917a134e-0068e16ad9" "proxy-server 89511" 0.0174 "-" 93452 0
Oct 04 14:43:37 np0005470886.novalocal container-server[93154]: ::1 - - [04/Oct/2025:18:43:37 +0000] "PUT /3/87740/AUTH_2a636ad9760344e79dff02823315c4fd/gnocchi.4be8aaa2-6607-416e-98f8-aac69936cbcc/none_v3" 201 - "PUT http://[::1]:8080/1/61921/AUTH_2a636ad9760344e79dff02823315c4fd/gnocchi.4be8aaa2-6607-416e-98f8-aac69936cbcc/none_v3" "tx2a527cd9b1ec4917a134e-0068e16ad9" "object-server 93449" 0.0004 "-" 93154 0
Oct 04 14:43:37 np0005470886.novalocal container-server[93154]: ::1 - - [04/Oct/2025:18:43:37 +0000] "PUT /2/157630/AUTH_2a636ad9760344e79dff02823315c4fd/gnocchi.77d1c113-5336-4b74-84db-38ea2898dd12/none_v3" 201 - "PUT http://[::1]:8080/3/234142/AUTH_2a636ad9760344e79dff02823315c4fd/gnocchi.77d1c113-5336-4b74-84db-38ea2898dd12/none_v3" "tx784e9abf9bec4878aeda7-0068e16ad9" "object-server 93451" 0.0002 "-" 93154 0
Oct 04 14:43:37 np0005470886.novalocal container-server[93153]: ::1 - - [04/Oct/2025:18:43:37 +0000] "PUT /3/157630/AUTH_2a636ad9760344e79dff02823315c4fd/gnocchi.77d1c113-5336-4b74-84db-38ea2898dd12/none_v3" 201 - "PUT http://[::1]:8080/2/234142/AUTH_2a636ad9760344e79dff02823315c4fd/gnocchi.77d1c113-5336-4b74-84db-38ea2898dd12/none_v3" "tx784e9abf9bec4878aeda7-0068e16ad9" "object-server 93452" 0.0003 "-" 93153 0
Oct 04 14:43:37 np0005470886.novalocal object-server[93449]: ::1 - - [04/Oct/2025:18:43:37 +0000] "PUT /1/61921/AUTH_2a636ad9760344e79dff02823315c4fd/gnocchi.4be8aaa2-6607-416e-98f8-aac69936cbcc/none_v3" 201 - "PUT http://[::1]:8080/v1/AUTH_2a636ad9760344e79dff02823315c4fd/gnocchi.4be8aaa2-6607-416e-98f8-aac69936cbcc/none_v3" "tx2a527cd9b1ec4917a134e-0068e16ad9" "proxy-server 89511" 0.0208 "-" 93449 0
Oct 04 14:43:37 np0005470886.novalocal object-server[93452]: ::1 - - [04/Oct/2025:18:43:37 +0000] "PUT /2/234142/AUTH_2a636ad9760344e79dff02823315c4fd/gnocchi.77d1c113-5336-4b74-84db-38ea2898dd12/none_v3" 201 - "PUT http://[::1]:8080/v1/AUTH_2a636ad9760344e79dff02823315c4fd/gnocchi.77d1c113-5336-4b74-84db-38ea2898dd12/none_v3" "tx784e9abf9bec4878aeda7-0068e16ad9" "proxy-server 89511" 0.0139 "-" 93452 0
Oct 04 14:43:37 np0005470886.novalocal object-server[93451]: ::1 - - [04/Oct/2025:18:43:37 +0000] "PUT /3/234142/AUTH_2a636ad9760344e79dff02823315c4fd/gnocchi.77d1c113-5336-4b74-84db-38ea2898dd12/none_v3" 201 - "PUT http://[::1]:8080/v1/AUTH_2a636ad9760344e79dff02823315c4fd/gnocchi.77d1c113-5336-4b74-84db-38ea2898dd12/none_v3" "tx784e9abf9bec4878aeda7-0068e16ad9" "proxy-server 89511" 0.0164 "-" 93451 0
Oct 04 14:43:37 np0005470886.novalocal container-server[93153]: ::1 - - [04/Oct/2025:18:43:37 +0000] "PUT /1/157630/AUTH_2a636ad9760344e79dff02823315c4fd/gnocchi.77d1c113-5336-4b74-84db-38ea2898dd12/none_v3" 201 - "PUT http://[::1]:8080/1/234142/AUTH_2a636ad9760344e79dff02823315c4fd/gnocchi.77d1c113-5336-4b74-84db-38ea2898dd12/none_v3" "tx784e9abf9bec4878aeda7-0068e16ad9" "object-server 93449" 0.0003 "-" 93153 0
