Oct 04 14:43:17 np0005470886.novalocal container-server[93152]: ::1 - - [04/Oct/2025:18:43:17 +0000] "PUT /2/221088/AUTH_2a636ad9760344e79dff02823315c4fd/gnocchi.c901ad4c-9dae-4259-914a-f07d7a2dad35" 201 - "PUT http://[::1]:8080/v1/AUTH_2a636ad9760344e79dff02823315c4fd/gnocchi.c901ad4c-9dae-4259-914a-f07d7a2dad35" "tx319a19426c084d4c8c573-0068e16ac5" "proxy-server 89511" 0.0219 "-" 93152 0
Oct 04 14:43:17 np0005470886.novalocal container-server[93154]: ::1 - - [04/Oct/2025:18:43:17 +0000] "PUT /1/221088/AUTH_2a636ad9760344e79dff02823315c4fd/gnocchi.c901ad4c-9dae-4259-914a-f07d7a2dad35" 201 - "PUT http://[::1]:8080/v1/AUTH_2a636ad9760344e79dff02823315c4fd/gnocchi.c901ad4c-9dae-4259-914a-f07d7a2dad35" "tx319a19426c084d4c8c573-0068e16ac5" "proxy-server 89511" 0.0229 "-" 93154 0
Oct 04 14:43:17 np0005470886.novalocal container-server[93153]: ::1 - - [04/Oct/2025:18:43:17 +0000] "PUT /3/221088/AUTH_2a636ad9760344e79dff02823315c4fd/gnocchi.c901ad4c-9dae-4259-914a-f07d7a2dad35" 201 - "PUT http://[::1]:8080/v1/AUTH_2a636ad9760344e79dff02823315c4fd/gnocchi.c901ad4c-9dae-4259-914a-f07d7a2dad35" "tx319a19426c084d4c8c573-0068e16ac5" "proxy-server 89511" 0.0461 "-" 93153 0
Oct 04 14:43:17 np0005470886.novalocal proxy-server[89511]: ::1 ::1 04/Oct/2025/18/43/17 PUT /v1/AUTH_2a636ad9760344e79dff02823315c4fd/gnocchi.c901ad4c-9dae-4259-914a-f07d7a2dad35 HTTP/1.0 201 - python-swiftclient-4.2.0 gAAAAABo4WqjVCzL... - - - tx319a19426c084d4c8c573-0068e16ac5 - 0.0559 - - 1759603397.812822819 1759603397.868682861 0
Oct 04 14:43:17 np0005470886.novalocal account-server[92863]: ::1 - - [04/Oct/2025:18:43:17 +0000] "PUT /1/167054/AUTH_2a636ad9760344e79dff02823315c4fd/gnocchi.055af467-a1e6-4bd2-a49e-6009a74c2178" 201 - "PUT http://[::1]:6001/3/213957/AUTH_2a636ad9760344e79dff02823315c4fd/gnocchi.055af467-a1e6-4bd2-a49e-6009a74c2178" "tx5416a460b4da4402b58d1-0068e16ac5" "container-server 93153" 0.0058 "-" 92863 0
Oct 04 14:43:17 np0005470886.novalocal account-server[92860]: ::1 - - [04/Oct/2025:18:43:17 +0000] "PUT /3/167054/AUTH_2a636ad9760344e79dff02823315c4fd/gnocchi.055af467-a1e6-4bd2-a49e-6009a74c2178" 201 - "PUT http://[::1]:6001/2/213957/AUTH_2a636ad9760344e79dff02823315c4fd/gnocchi.055af467-a1e6-4bd2-a49e-6009a74c2178" "tx5416a460b4da4402b58d1-0068e16ac5" "container-server 93153" 0.0061 "-" 92860 0
Oct 04 14:43:17 np0005470886.novalocal account-server[92862]: ::1 - - [04/Oct/2025:18:43:17 +0000] "PUT /2/167054/AUTH_2a636ad9760344e79dff02823315c4fd/gnocchi.055af467-a1e6-4bd2-a49e-6009a74c2178" 201 - "PUT http://[::1]:6001/1/213957/AUTH_2a636ad9760344e79dff02823315c4fd/gnocchi.055af467-a1e6-4bd2-a49e-6009a74c2178" "tx5416a460b4da4402b58d1-0068e16ac5" "container-server 93153" 0.0067 "-" 92862 0
Oct 04 14:43:17 np0005470886.novalocal container-server[93153]: ::1 - - [04/Oct/2025:18:43:17 +0000] "PUT /3/213957/AUTH_2a636ad9760344e79dff02823315c4fd/gnocchi.055af467-a1e6-4bd2-a49e-6009a74c2178" 201 - "PUT http://[::1]:8080/v1/AUTH_2a636ad9760344e79dff02823315c4fd/gnocchi.055af467-a1e6-4bd2-a49e-6009a74c2178" "tx5416a460b4da4402b58d1-0068e16ac5" "proxy-server 89511" 0.0283 "-" 93153 0
Oct 04 14:43:17 np0005470886.novalocal container-server[93153]: ::1 - - [04/Oct/2025:18:43:17 +0000] "PUT /1/213957/AUTH_2a636ad9760344e79dff02823315c4fd/gnocchi.055af467-a1e6-4bd2-a49e-6009a74c2178" 201 - "PUT http://[::1]:8080/v1/AUTH_2a636ad9760344e79dff02823315c4fd/gnocchi.055af467-a1e6-4bd2-a49e-6009a74c2178" "tx5416a460b4da4402b58d1-0068e16ac5" "proxy-server 89511" 0.0421 "-" 93153 0
Oct 04 14:43:17 np0005470886.novalocal container-server[93153]: ::1 - - [04/Oct/2025:18:43:17 +0000] "PUT /2/213957/AUTH_2a636ad9760344e79dff02823315c4fd/gnocchi.055af467-a1e6-4bd2-a49e-6009a74c2178" 201 - "PUT http://[::1]:8080/v1/AUTH_2a636ad9760344e79dff02823315c4fd/gnocchi.055af467-a1e6-4bd2-a49e-6009a74c2178" "tx5416a460b4da4402b58d1-0068e16ac5" "proxy-server 89511" 0.0209 "-" 93153 0
Oct 04 14:43:17 np0005470886.novalocal proxy-server[89511]: ::1 ::1 04/Oct/2025/18/43/17 PUT /v1/AUTH_2a636ad9760344e79dff02823315c4fd/gnocchi.055af467-a1e6-4bd2-a49e-6009a74c2178 HTTP/1.0 201 - python-swiftclient-4.2.0 gAAAAABo4WqryIa7... - - - tx5416a460b4da4402b58d1-0068e16ac5 - 0.0649 - - 1759603397.812363863 1759603397.877284288 0
Oct 04 14:43:17 np0005470886.novalocal container-server[93152]: ::1 - - [04/Oct/2025:18:43:17 +0000] "HEAD /1/221088/AUTH_2a636ad9760344e79dff02823315c4fd/gnocchi.c901ad4c-9dae-4259-914a-f07d7a2dad35" 204 - "HEAD http://[::1]:8080/v1/AUTH_2a636ad9760344e79dff02823315c4fd/gnocchi.c901ad4c-9dae-4259-914a-f07d7a2dad35?format=json&states=listing" "tx97da4381e69340ea8e065-0068e16ac5" "proxy-server 89511" 0.0021 "-" 93152 0
Oct 04 14:43:17 np0005470886.novalocal container-server[93155]: ::1 - - [04/Oct/2025:18:43:17 +0000] "HEAD /1/213957/AUTH_2a636ad9760344e79dff02823315c4fd/gnocchi.055af467-a1e6-4bd2-a49e-6009a74c2178" 204 - "HEAD http://[::1]:8080/v1/AUTH_2a636ad9760344e79dff02823315c4fd/gnocchi.055af467-a1e6-4bd2-a49e-6009a74c2178?format=json&states=listing" "tx302e72dc09b84125957b4-0068e16ac5" "proxy-server 89511" 0.0013 "-" 93155 0
Oct 04 14:43:17 np0005470886.novalocal container-server[93154]: ::1 - - [04/Oct/2025:18:43:17 +0000] "GET /1/221088/AUTH_2a636ad9760344e79dff02823315c4fd/gnocchi.c901ad4c-9dae-4259-914a-f07d7a2dad35" 200 2 "GET http://[::1]:8080/v1/AUTH_2a636ad9760344e79dff02823315c4fd/gnocchi.c901ad4c-9dae-4259-914a-f07d7a2dad35?format=json&states=listing" "tx97da4381e69340ea8e065-0068e16ac5" "proxy-server 89511" 0.0019 "-" 93154 0
Oct 04 14:43:17 np0005470886.novalocal proxy-server[89511]: ::1 ::1 04/Oct/2025/18/43/17 GET /v1/AUTH_2a636ad9760344e79dff02823315c4fd/gnocchi.c901ad4c-9dae-4259-914a-f07d7a2dad35%3Fformat%3Djson%26states%3Dlisting HTTP/1.0 200 - python-swiftclient-4.2.0 gAAAAABo4WqjVCzL... - 2 - tx97da4381e69340ea8e065-0068e16ac5 - 0.0179 - - 1759603397.872537851 1759603397.890471935 0
Oct 04 14:43:17 np0005470886.novalocal container-server[93152]: ::1 - - [04/Oct/2025:18:43:17 +0000] "GET /2/213957/AUTH_2a636ad9760344e79dff02823315c4fd/gnocchi.055af467-a1e6-4bd2-a49e-6009a74c2178" 200 2 "GET http://[::1]:8080/v1/AUTH_2a636ad9760344e79dff02823315c4fd/gnocchi.055af467-a1e6-4bd2-a49e-6009a74c2178?format=json&states=listing" "tx302e72dc09b84125957b4-0068e16ac5" "proxy-server 89511" 0.0069 "-" 93152 0
Oct 04 14:43:17 np0005470886.novalocal object-server[93451]: ::1 - - [04/Oct/2025:18:43:17 +0000] "GET /3/45979/AUTH_2a636ad9760344e79dff02823315c4fd/gnocchi.c901ad4c-9dae-4259-914a-f07d7a2dad35/1759320000.0_mean_300.0_v3" 404 70 "GET http://[::1]:8080/v1/AUTH_2a636ad9760344e79dff02823315c4fd/gnocchi.c901ad4c-9dae-4259-914a-f07d7a2dad35/1759320000.0_mean_300.0_v3" "txe341fa784b534822bade6-0068e16ac5" "proxy-server 89511" 0.0003 "-" 93451 0
Oct 04 14:43:17 np0005470886.novalocal proxy-server[89511]: ::1 ::1 04/Oct/2025/18/43/17 GET /v1/AUTH_2a636ad9760344e79dff02823315c4fd/gnocchi.055af467-a1e6-4bd2-a49e-6009a74c2178%3Fformat%3Djson%26states%3Dlisting HTTP/1.0 200 - python-swiftclient-4.2.0 gAAAAABo4WqryIa7... - 2 - tx302e72dc09b84125957b4-0068e16ac5 - 0.0207 - - 1759603397.880239964 1759603397.900974274 0
Oct 04 14:43:17 np0005470886.novalocal object-server[93450]: ::1 - - [04/Oct/2025:18:43:17 +0000] "GET /1/45979/AUTH_2a636ad9760344e79dff02823315c4fd/gnocchi.c901ad4c-9dae-4259-914a-f07d7a2dad35/1759320000.0_mean_300.0_v3" 404 70 "GET http://[::1]:8080/v1/AUTH_2a636ad9760344e79dff02823315c4fd/gnocchi.c901ad4c-9dae-4259-914a-f07d7a2dad35/1759320000.0_mean_300.0_v3" "txe341fa784b534822bade6-0068e16ac5" "proxy-server 89511" 0.0004 "-" 93450 0
Oct 04 14:43:17 np0005470886.novalocal object-server[93449]: ::1 - - [04/Oct/2025:18:43:17 +0000] "GET /2/45979/AUTH_2a636ad9760344e79dff02823315c4fd/gnocchi.c901ad4c-9dae-4259-914a-f07d7a2dad35/1759320000.0_mean_300.0_v3" 404 70 "GET http://[::1]:8080/v1/AUTH_2a636ad9760344e79dff02823315c4fd/gnocchi.c901ad4c-9dae-4259-914a-f07d7a2dad35/1759320000.0_mean_300.0_v3" "txe341fa784b534822bade6-0068e16ac5" "proxy-server 89511" 0.0003 "-" 93449 0
Oct 04 14:43:17 np0005470886.novalocal proxy-server[89511]: ::1 ::1 04/Oct/2025/18/43/17 GET /v1/AUTH_2a636ad9760344e79dff02823315c4fd/gnocchi.c901ad4c-9dae-4259-914a-f07d7a2dad35/1759320000.0_mean_300.0_v3 HTTP/1.0 404 - python-swiftclient-4.2.0 gAAAAABo4WqjVCzL... - 70 - txe341fa784b534822bade6-0068e16ac5 - 0.0137 - - 1759603397.894458294 1759603397.908134937 0
Oct 04 14:43:17 np0005470886.novalocal object-server[93449]: ::1 - - [04/Oct/2025:18:43:17 +0000] "GET /2/191357/AUTH_2a636ad9760344e79dff02823315c4fd/gnocchi.055af467-a1e6-4bd2-a49e-6009a74c2178/1759320000.0_mean_300.0_v3" 404 70 "GET http://[::1]:8080/v1/AUTH_2a636ad9760344e79dff02823315c4fd/gnocchi.055af467-a1e6-4bd2-a49e-6009a74c2178/1759320000.0_mean_300.0_v3" "txaa3758c0e8a34d5ba5ad4-0068e16ac5" "proxy-server 89511" 0.0002 "-" 93449 0
Oct 04 14:43:17 np0005470886.novalocal object-server[93450]: ::1 - - [04/Oct/2025:18:43:17 +0000] "GET /3/191357/AUTH_2a636ad9760344e79dff02823315c4fd/gnocchi.055af467-a1e6-4bd2-a49e-6009a74c2178/1759320000.0_mean_300.0_v3" 404 70 "GET http://[::1]:8080/v1/AUTH_2a636ad9760344e79dff02823315c4fd/gnocchi.055af467-a1e6-4bd2-a49e-6009a74c2178/1759320000.0_mean_300.0_v3" "txaa3758c0e8a34d5ba5ad4-0068e16ac5" "proxy-server 89511" 0.0002 "-" 93450 0
Oct 04 14:43:17 np0005470886.novalocal object-server[93449]: ::1 - - [04/Oct/2025:18:43:17 +0000] "GET /1/191357/AUTH_2a636ad9760344e79dff02823315c4fd/gnocchi.055af467-a1e6-4bd2-a49e-6009a74c2178/1759320000.0_mean_300.0_v3" 404 70 "GET http://[::1]:8080/v1/AUTH_2a636ad9760344e79dff02823315c4fd/gnocchi.055af467-a1e6-4bd2-a49e-6009a74c2178/1759320000.0_mean_300.0_v3" "txaa3758c0e8a34d5ba5ad4-0068e16ac5" "proxy-server 89511" 0.0002 "-" 93449 0
Oct 04 14:43:17 np0005470886.novalocal proxy-server[89511]: ::1 ::1 04/Oct/2025/18/43/17 GET /v1/AUTH_2a636ad9760344e79dff02823315c4fd/gnocchi.055af467-a1e6-4bd2-a49e-6009a74c2178/1759320000.0_mean_300.0_v3 HTTP/1.0 404 - python-swiftclient-4.2.0 gAAAAABo4WqryIa7... - 70 - txaa3758c0e8a34d5ba5ad4-0068e16ac5 - 0.0195 - - 1759603397.904251575 1759603397.923767567 0
Oct 04 14:43:17 np0005470886.novalocal container-server[93152]: ::1 - - [04/Oct/2025:18:43:17 +0000] "PUT /1/221088/AUTH_2a636ad9760344e79dff02823315c4fd/gnocchi.c901ad4c-9dae-4259-914a-f07d7a2dad35/1759320000.0_mean_300.0_v3" 201 - "PUT http://[::1]:8080/2/45979/AUTH_2a636ad9760344e79dff02823315c4fd/gnocchi.c901ad4c-9dae-4259-914a-f07d7a2dad35/1759320000.0_mean_300.0_v3" "tx09140bb7a4c047c3b8d16-0068e16ac5" "object-server 93451" 0.0009 "-" 93152 0
Oct 04 14:43:17 np0005470886.novalocal object-server[93451]: ::1 - - [04/Oct/2025:18:43:17 +0000] "PUT /2/45979/AUTH_2a636ad9760344e79dff02823315c4fd/gnocchi.c901ad4c-9dae-4259-914a-f07d7a2dad35/1759320000.0_mean_300.0_v3" 201 - "PUT http://[::1]:8080/v1/AUTH_2a636ad9760344e79dff02823315c4fd/gnocchi.c901ad4c-9dae-4259-914a-f07d7a2dad35/1759320000.0_mean_300.0_v3" "tx09140bb7a4c047c3b8d16-0068e16ac5" "proxy-server 89511" 0.0124 "-" 93451 0
Oct 04 14:43:17 np0005470886.novalocal container-server[93155]: ::1 - - [04/Oct/2025:18:43:17 +0000] "PUT /2/221088/AUTH_2a636ad9760344e79dff02823315c4fd/gnocchi.c901ad4c-9dae-4259-914a-f07d7a2dad35/1759320000.0_mean_300.0_v3" 201 - "PUT http://[::1]:8080/1/45979/AUTH_2a636ad9760344e79dff02823315c4fd/gnocchi.c901ad4c-9dae-4259-914a-f07d7a2dad35/1759320000.0_mean_300.0_v3" "tx09140bb7a4c047c3b8d16-0068e16ac5" "object-server 93449" 0.0008 "-" 93155 0
Oct 04 14:43:17 np0005470886.novalocal object-server[93449]: ::1 - - [04/Oct/2025:18:43:17 +0000] "PUT /1/45979/AUTH_2a636ad9760344e79dff02823315c4fd/gnocchi.c901ad4c-9dae-4259-914a-f07d7a2dad35/1759320000.0_mean_300.0_v3" 201 - "PUT http://[::1]:8080/v1/AUTH_2a636ad9760344e79dff02823315c4fd/gnocchi.c901ad4c-9dae-4259-914a-f07d7a2dad35/1759320000.0_mean_300.0_v3" "tx09140bb7a4c047c3b8d16-0068e16ac5" "proxy-server 89511" 0.0163 "-" 93449 0
Oct 04 14:43:17 np0005470886.novalocal container-server[93154]: ::1 - - [04/Oct/2025:18:43:17 +0000] "PUT /3/221088/AUTH_2a636ad9760344e79dff02823315c4fd/gnocchi.c901ad4c-9dae-4259-914a-f07d7a2dad35/1759320000.0_mean_300.0_v3" 201 - "PUT http://[::1]:8080/3/45979/AUTH_2a636ad9760344e79dff02823315c4fd/gnocchi.c901ad4c-9dae-4259-914a-f07d7a2dad35/1759320000.0_mean_300.0_v3" "tx09140bb7a4c047c3b8d16-0068e16ac5" "object-server 93451" 0.0006 "-" 93154 0
Oct 04 14:43:17 np0005470886.novalocal object-server[93451]: ::1 - - [04/Oct/2025:18:43:17 +0000] "PUT /3/45979/AUTH_2a636ad9760344e79dff02823315c4fd/gnocchi.c901ad4c-9dae-4259-914a-f07d7a2dad35/1759320000.0_mean_300.0_v3" 201 - "PUT http://[::1]:8080/v1/AUTH_2a636ad9760344e79dff02823315c4fd/gnocchi.c901ad4c-9dae-4259-914a-f07d7a2dad35/1759320000.0_mean_300.0_v3" "tx09140bb7a4c047c3b8d16-0068e16ac5" "proxy-server 89511" 0.0195 "-" 93451 0
Oct 04 14:43:17 np0005470886.novalocal proxy-server[89511]: ::1 ::1 04/Oct/2025/18/43/17 PUT /v1/AUTH_2a636ad9760344e79dff02823315c4fd/gnocchi.c901ad4c-9dae-4259-914a-f07d7a2dad35/1759320000.0_mean_300.0_v3 HTTP/1.0 201 - python-swiftclient-4.2.0 gAAAAABo4WqjVCzL... 16 - - tx09140bb7a4c047c3b8d16-0068e16ac5 - 0.0274 - - 1759603397.911589861 1759603397.938979626 0
Oct 04 14:43:17 np0005470886.novalocal container-server[93152]: ::1 - - [04/Oct/2025:18:43:17 +0000] "PUT /1/213957/AUTH_2a636ad9760344e79dff02823315c4fd/gnocchi.055af467-a1e6-4bd2-a49e-6009a74c2178/1759320000.0_mean_300.0_v3" 201 - "PUT http://[::1]:8080/3/191357/AUTH_2a636ad9760344e79dff02823315c4fd/gnocchi.055af467-a1e6-4bd2-a49e-6009a74c2178/1759320000.0_mean_300.0_v3" "txff99a92fa4764b0faf427-0068e16ac5" "object-server 93450" 0.0008 "-" 93152 0
Oct 04 14:43:17 np0005470886.novalocal container-server[93155]: ::1 - - [04/Oct/2025:18:43:17 +0000] "PUT /2/213957/AUTH_2a636ad9760344e79dff02823315c4fd/gnocchi.055af467-a1e6-4bd2-a49e-6009a74c2178/1759320000.0_mean_300.0_v3" 201 - "PUT http://[::1]:8080/2/191357/AUTH_2a636ad9760344e79dff02823315c4fd/gnocchi.055af467-a1e6-4bd2-a49e-6009a74c2178/1759320000.0_mean_300.0_v3" "txff99a92fa4764b0faf427-0068e16ac5" "object-server 93450" 0.0007 "-" 93155 0
Oct 04 14:43:17 np0005470886.novalocal object-server[93450]: ::1 - - [04/Oct/2025:18:43:17 +0000] "PUT /3/191357/AUTH_2a636ad9760344e79dff02823315c4fd/gnocchi.055af467-a1e6-4bd2-a49e-6009a74c2178/1759320000.0_mean_300.0_v3" 201 - "PUT http://[::1]:8080/v1/AUTH_2a636ad9760344e79dff02823315c4fd/gnocchi.055af467-a1e6-4bd2-a49e-6009a74c2178/1759320000.0_mean_300.0_v3" "txff99a92fa4764b0faf427-0068e16ac5" "proxy-server 89511" 0.0113 "-" 93450 0
Oct 04 14:43:17 np0005470886.novalocal object-server[93450]: ::1 - - [04/Oct/2025:18:43:17 +0000] "PUT /2/191357/AUTH_2a636ad9760344e79dff02823315c4fd/gnocchi.055af467-a1e6-4bd2-a49e-6009a74c2178/1759320000.0_mean_300.0_v3" 201 - "PUT http://[::1]:8080/v1/AUTH_2a636ad9760344e79dff02823315c4fd/gnocchi.055af467-a1e6-4bd2-a49e-6009a74c2178/1759320000.0_mean_300.0_v3" "txff99a92fa4764b0faf427-0068e16ac5" "proxy-server 89511" 0.0109 "-" 93450 0
Oct 04 14:43:17 np0005470886.novalocal container-server[93153]: ::1 - - [04/Oct/2025:18:43:17 +0000] "PUT /3/213957/AUTH_2a636ad9760344e79dff02823315c4fd/gnocchi.055af467-a1e6-4bd2-a49e-6009a74c2178/1759320000.0_mean_300.0_v3" 201 - "PUT http://[::1]:8080/1/191357/AUTH_2a636ad9760344e79dff02823315c4fd/gnocchi.055af467-a1e6-4bd2-a49e-6009a74c2178/1759320000.0_mean_300.0_v3" "txff99a92fa4764b0faf427-0068e16ac5" "object-server 93449" 0.0008 "-" 93153 0
Oct 04 14:43:17 np0005470886.novalocal object-server[93449]: ::1 - - [04/Oct/2025:18:43:17 +0000] "PUT /1/191357/AUTH_2a636ad9760344e79dff02823315c4fd/gnocchi.055af467-a1e6-4bd2-a49e-6009a74c2178/1759320000.0_mean_300.0_v3" 201 - "PUT http://[::1]:8080/v1/AUTH_2a636ad9760344e79dff02823315c4fd/gnocchi.055af467-a1e6-4bd2-a49e-6009a74c2178/1759320000.0_mean_300.0_v3" "txff99a92fa4764b0faf427-0068e16ac5" "proxy-server 89511" 0.0163 "-" 93449 0
Oct 04 14:43:17 np0005470886.novalocal proxy-server[89511]: ::1 ::1 04/Oct/2025/18/43/17 PUT /v1/AUTH_2a636ad9760344e79dff02823315c4fd/gnocchi.055af467-a1e6-4bd2-a49e-6009a74c2178/1759320000.0_mean_300.0_v3 HTTP/1.0 201 - python-swiftclient-4.2.0 gAAAAABo4WqryIa7... 16 - - txff99a92fa4764b0faf427-0068e16ac5 - 0.0267 - - 1759603397.929957390 1759603397.956642628 0
Oct 04 14:43:17 np0005470886.novalocal container-server[93152]: ::1 - - [04/Oct/2025:18:43:17 +0000] "PUT /2/221088/AUTH_2a636ad9760344e79dff02823315c4fd/gnocchi.c901ad4c-9dae-4259-914a-f07d7a2dad35/none_v3" 201 - "PUT http://[::1]:8080/2/61432/AUTH_2a636ad9760344e79dff02823315c4fd/gnocchi.c901ad4c-9dae-4259-914a-f07d7a2dad35/none_v3" "tx5d01cade85274eacba185-0068e16ac5" "object-server 93450" 0.0007 "-" 93152 0
Oct 04 14:43:17 np0005470886.novalocal object-server[93450]: ::1 - - [04/Oct/2025:18:43:17 +0000] "PUT /2/61432/AUTH_2a636ad9760344e79dff02823315c4fd/gnocchi.c901ad4c-9dae-4259-914a-f07d7a2dad35/none_v3" 201 - "PUT http://[::1]:8080/v1/AUTH_2a636ad9760344e79dff02823315c4fd/gnocchi.c901ad4c-9dae-4259-914a-f07d7a2dad35/none_v3" "tx5d01cade85274eacba185-0068e16ac5" "proxy-server 89511" 0.0162 "-" 93450 0
Oct 04 14:43:17 np0005470886.novalocal container-server[93153]: ::1 - - [04/Oct/2025:18:43:17 +0000] "PUT /3/221088/AUTH_2a636ad9760344e79dff02823315c4fd/gnocchi.c901ad4c-9dae-4259-914a-f07d7a2dad35/none_v3" 201 - "PUT http://[::1]:8080/1/61432/AUTH_2a636ad9760344e79dff02823315c4fd/gnocchi.c901ad4c-9dae-4259-914a-f07d7a2dad35/none_v3" "tx5d01cade85274eacba185-0068e16ac5" "object-server 93449" 0.0005 "-" 93153 0
Oct 04 14:43:17 np0005470886.novalocal object-server[93449]: ::1 - - [04/Oct/2025:18:43:17 +0000] "PUT /1/61432/AUTH_2a636ad9760344e79dff02823315c4fd/gnocchi.c901ad4c-9dae-4259-914a-f07d7a2dad35/none_v3" 201 - "PUT http://[::1]:8080/v1/AUTH_2a636ad9760344e79dff02823315c4fd/gnocchi.c901ad4c-9dae-4259-914a-f07d7a2dad35/none_v3" "tx5d01cade85274eacba185-0068e16ac5" "proxy-server 89511" 0.0114 "-" 93449 0
Oct 04 14:43:17 np0005470886.novalocal container-server[93153]: ::1 - - [04/Oct/2025:18:43:17 +0000] "PUT /1/221088/AUTH_2a636ad9760344e79dff02823315c4fd/gnocchi.c901ad4c-9dae-4259-914a-f07d7a2dad35/none_v3" 201 - "PUT http://[::1]:8080/3/61432/AUTH_2a636ad9760344e79dff02823315c4fd/gnocchi.c901ad4c-9dae-4259-914a-f07d7a2dad35/none_v3" "tx5d01cade85274eacba185-0068e16ac5" "object-server 93449" 0.0004 "-" 93153 0
Oct 04 14:43:17 np0005470886.novalocal object-server[93449]: ::1 - - [04/Oct/2025:18:43:17 +0000] "PUT /3/61432/AUTH_2a636ad9760344e79dff02823315c4fd/gnocchi.c901ad4c-9dae-4259-914a-f07d7a2dad35/none_v3" 201 - "PUT http://[::1]:8080/v1/AUTH_2a636ad9760344e79dff02823315c4fd/gnocchi.c901ad4c-9dae-4259-914a-f07d7a2dad35/none_v3" "tx5d01cade85274eacba185-0068e16ac5" "proxy-server 89511" 0.0147 "-" 93449 0
Oct 04 14:43:17 np0005470886.novalocal proxy-server[89511]: ::1 ::1 04/Oct/2025/18/43/17 PUT /v1/AUTH_2a636ad9760344e79dff02823315c4fd/gnocchi.c901ad4c-9dae-4259-914a-f07d7a2dad35/none_v3 HTTP/1.0 201 - python-swiftclient-4.2.0 gAAAAABo4WqjVCzL... 22 - - tx5d01cade85274eacba185-0068e16ac5 - 0.0292 - - 1759603397.942553282 1759603397.971746445 0
Oct 04 14:43:17 np0005470886.novalocal container-server[93153]: ::1 - - [04/Oct/2025:18:43:17 +0000] "PUT /1/213957/AUTH_2a636ad9760344e79dff02823315c4fd/gnocchi.055af467-a1e6-4bd2-a49e-6009a74c2178/none_v3" 201 - "PUT http://[::1]:8080/2/145716/AUTH_2a636ad9760344e79dff02823315c4fd/gnocchi.055af467-a1e6-4bd2-a49e-6009a74c2178/none_v3" "tx3e9dfaf3146f419fac732-0068e16ac5" "object-server 93451" 0.0004 "-" 93153 0
Oct 04 14:43:17 np0005470886.novalocal object-server[93451]: ::1 - - [04/Oct/2025:18:43:17 +0000] "PUT /2/145716/AUTH_2a636ad9760344e79dff02823315c4fd/gnocchi.055af467-a1e6-4bd2-a49e-6009a74c2178/none_v3" 201 - "PUT http://[::1]:8080/v1/AUTH_2a636ad9760344e79dff02823315c4fd/gnocchi.055af467-a1e6-4bd2-a49e-6009a74c2178/none_v3" "tx3e9dfaf3146f419fac732-0068e16ac5" "proxy-server 89511" 0.0098 "-" 93451 0
Oct 04 14:43:17 np0005470886.novalocal container-server[93155]: ::1 - - [04/Oct/2025:18:43:17 +0000] "PUT /3/213957/AUTH_2a636ad9760344e79dff02823315c4fd/gnocchi.055af467-a1e6-4bd2-a49e-6009a74c2178/none_v3" 201 - "PUT http://[::1]:8080/3/145716/AUTH_2a636ad9760344e79dff02823315c4fd/gnocchi.055af467-a1e6-4bd2-a49e-6009a74c2178/none_v3" "tx3e9dfaf3146f419fac732-0068e16ac5" "object-server 93450" 0.0006 "-" 93155 0
Oct 04 14:43:17 np0005470886.novalocal object-server[93450]: ::1 - - [04/Oct/2025:18:43:17 +0000] "PUT /3/145716/AUTH_2a636ad9760344e79dff02823315c4fd/gnocchi.055af467-a1e6-4bd2-a49e-6009a74c2178/none_v3" 201 - "PUT http://[::1]:8080/v1/AUTH_2a636ad9760344e79dff02823315c4fd/gnocchi.055af467-a1e6-4bd2-a49e-6009a74c2178/none_v3" "tx3e9dfaf3146f419fac732-0068e16ac5" "proxy-server 89511" 0.0101 "-" 93450 0
Oct 04 14:43:17 np0005470886.novalocal container-server[93152]: ::1 - - [04/Oct/2025:18:43:17 +0000] "PUT /2/213957/AUTH_2a636ad9760344e79dff02823315c4fd/gnocchi.055af467-a1e6-4bd2-a49e-6009a74c2178/none_v3" 201 - "PUT http://[::1]:8080/1/145716/AUTH_2a636ad9760344e79dff02823315c4fd/gnocchi.055af467-a1e6-4bd2-a49e-6009a74c2178/none_v3" "tx3e9dfaf3146f419fac732-0068e16ac5" "object-server 93450" 0.0007 "-" 93152 0
Oct 04 14:43:17 np0005470886.novalocal object-server[93450]: ::1 - - [04/Oct/2025:18:43:17 +0000] "PUT /1/145716/AUTH_2a636ad9760344e79dff02823315c4fd/gnocchi.055af467-a1e6-4bd2-a49e-6009a74c2178/none_v3" 201 - "PUT http://[::1]:8080/v1/AUTH_2a636ad9760344e79dff02823315c4fd/gnocchi.055af467-a1e6-4bd2-a49e-6009a74c2178/none_v3" "tx3e9dfaf3146f419fac732-0068e16ac5" "proxy-server 89511" 0.0169 "-" 93450 0
Oct 04 14:43:17 np0005470886.novalocal proxy-server[89511]: ::1 ::1 04/Oct/2025/18/43/17 PUT /v1/AUTH_2a636ad9760344e79dff02823315c4fd/gnocchi.055af467-a1e6-4bd2-a49e-6009a74c2178/none_v3 HTTP/1.0 201 - python-swiftclient-4.2.0 gAAAAABo4WqryIa7... 22 - - tx3e9dfaf3146f419fac732-0068e16ac5 - 0.0264 - - 1759603397.960749149 1759603397.987178087 0
Oct 04 14:43:17 np0005470886.novalocal container-server[93153]: ::1 - - [04/Oct/2025:18:43:17 +0000] "HEAD /1/175158/AUTH_2a636ad9760344e79dff02823315c4fd/gnocchi.5dc71dc4-0102-4cd6-853f-995c6f53299f" 404 - "HEAD http://[::1]:8080/v1/AUTH_2a636ad9760344e79dff02823315c4fd/gnocchi.5dc71dc4-0102-4cd6-853f-995c6f53299f?format=json&states=listing" "tx19fe6026e2054336a2b9c-0068e16ac5" "proxy-server 89511" 0.0004 "-" 93153 0
Oct 04 14:43:17 np0005470886.novalocal container-server[93153]: ::1 - - [04/Oct/2025:18:43:17 +0000] "HEAD /2/175158/AUTH_2a636ad9760344e79dff02823315c4fd/gnocchi.5dc71dc4-0102-4cd6-853f-995c6f53299f" 404 - "HEAD http://[::1]:8080/v1/AUTH_2a636ad9760344e79dff02823315c4fd/gnocchi.5dc71dc4-0102-4cd6-853f-995c6f53299f?format=json&states=listing" "tx19fe6026e2054336a2b9c-0068e16ac5" "proxy-server 89511" 0.0002 "-" 93153 0
Oct 04 14:43:17 np0005470886.novalocal container-server[93154]: ::1 - - [04/Oct/2025:18:43:17 +0000] "HEAD /3/175158/AUTH_2a636ad9760344e79dff02823315c4fd/gnocchi.5dc71dc4-0102-4cd6-853f-995c6f53299f" 404 - "HEAD http://[::1]:8080/v1/AUTH_2a636ad9760344e79dff02823315c4fd/gnocchi.5dc71dc4-0102-4cd6-853f-995c6f53299f?format=json&states=listing" "tx19fe6026e2054336a2b9c-0068e16ac5" "proxy-server 89511" 0.0005 "-" 93154 0
Oct 04 14:43:18 np0005470886.novalocal object-server[93449]: ::1 - - [04/Oct/2025:18:43:18 +0000] "GET /1/171217/AUTH_2a636ad9760344e79dff02823315c4fd/gnocchi.5dc71dc4-0102-4cd6-853f-995c6f53299f/none_v3" 404 70 "GET http://[::1]:8080/v1/AUTH_2a636ad9760344e79dff02823315c4fd/gnocchi.5dc71dc4-0102-4cd6-853f-995c6f53299f/none_v3" "tx19fe6026e2054336a2b9c-0068e16ac5" "proxy-server 89511" 0.0004 "-" 93449 0
Oct 04 14:43:18 np0005470886.novalocal object-server[93451]: ::1 - - [04/Oct/2025:18:43:18 +0000] "GET /3/171217/AUTH_2a636ad9760344e79dff02823315c4fd/gnocchi.5dc71dc4-0102-4cd6-853f-995c6f53299f/none_v3" 404 70 "GET http://[::1]:8080/v1/AUTH_2a636ad9760344e79dff02823315c4fd/gnocchi.5dc71dc4-0102-4cd6-853f-995c6f53299f/none_v3" "tx19fe6026e2054336a2b9c-0068e16ac5" "proxy-server 89511" 0.0003 "-" 93451 0
Oct 04 14:43:18 np0005470886.novalocal container-server[93155]: ::1 - - [04/Oct/2025:18:43:18 +0000] "HEAD /2/215837/AUTH_2a636ad9760344e79dff02823315c4fd/gnocchi.ed7f6982-7724-4af6-ab47-35ec9f041111" 404 - "HEAD http://[::1]:8080/v1/AUTH_2a636ad9760344e79dff02823315c4fd/gnocchi.ed7f6982-7724-4af6-ab47-35ec9f041111?format=json&states=listing" "tx9de3f478a2404ac6bffd3-0068e16ac6" "proxy-server 89511" 0.0004 "-" 93155 0
Oct 04 14:43:18 np0005470886.novalocal container-server[93155]: ::1 - - [04/Oct/2025:18:43:18 +0000] "HEAD /1/215837/AUTH_2a636ad9760344e79dff02823315c4fd/gnocchi.ed7f6982-7724-4af6-ab47-35ec9f041111" 404 - "HEAD http://[::1]:8080/v1/AUTH_2a636ad9760344e79dff02823315c4fd/gnocchi.ed7f6982-7724-4af6-ab47-35ec9f041111?format=json&states=listing" "tx9de3f478a2404ac6bffd3-0068e16ac6" "proxy-server 89511" 0.0003 "-" 93155 0
Oct 04 14:43:18 np0005470886.novalocal container-server[93154]: ::1 - - [04/Oct/2025:18:43:18 +0000] "HEAD /3/215837/AUTH_2a636ad9760344e79dff02823315c4fd/gnocchi.ed7f6982-7724-4af6-ab47-35ec9f041111" 404 - "HEAD http://[::1]:8080/v1/AUTH_2a636ad9760344e79dff02823315c4fd/gnocchi.ed7f6982-7724-4af6-ab47-35ec9f041111?format=json&states=listing" "tx9de3f478a2404ac6bffd3-0068e16ac6" "proxy-server 89511" 0.0007 "-" 93154 0
Oct 04 14:43:18 np0005470886.novalocal object-server[93449]: ::1 - - [04/Oct/2025:18:43:18 +0000] "GET /2/171217/AUTH_2a636ad9760344e79dff02823315c4fd/gnocchi.5dc71dc4-0102-4cd6-853f-995c6f53299f/none_v3" 404 70 "GET http://[::1]:8080/v1/AUTH_2a636ad9760344e79dff02823315c4fd/gnocchi.5dc71dc4-0102-4cd6-853f-995c6f53299f/none_v3" "tx19fe6026e2054336a2b9c-0068e16ac5" "proxy-server 89511" 0.0004 "-" 93449 0
Oct 04 14:43:18 np0005470886.novalocal proxy-server[89511]: ::1 ::1 04/Oct/2025/18/43/18 GET /v1/AUTH_2a636ad9760344e79dff02823315c4fd/gnocchi.5dc71dc4-0102-4cd6-853f-995c6f53299f/none_v3 HTTP/1.0 404 - python-swiftclient-4.2.0 gAAAAABo4WqjVCzL... - 70 - tx19fe6026e2054336a2b9c-0068e16ac5 - 0.0264 - - 1759603397.990099192 1759603398.016495705 0
Oct 04 14:43:18 np0005470886.novalocal object-server[93450]: ::1 - - [04/Oct/2025:18:43:18 +0000] "GET /2/67521/AUTH_2a636ad9760344e79dff02823315c4fd/gnocchi.ed7f6982-7724-4af6-ab47-35ec9f041111/none_v3" 404 70 "GET http://[::1]:8080/v1/AUTH_2a636ad9760344e79dff02823315c4fd/gnocchi.ed7f6982-7724-4af6-ab47-35ec9f041111/none_v3" "tx9de3f478a2404ac6bffd3-0068e16ac6" "proxy-server 89511" 0.0003 "-" 93450 0
Oct 04 14:43:18 np0005470886.novalocal object-server[93452]: ::1 - - [04/Oct/2025:18:43:18 +0000] "GET /1/67521/AUTH_2a636ad9760344e79dff02823315c4fd/gnocchi.ed7f6982-7724-4af6-ab47-35ec9f041111/none_v3" 404 70 "GET http://[::1]:8080/v1/AUTH_2a636ad9760344e79dff02823315c4fd/gnocchi.ed7f6982-7724-4af6-ab47-35ec9f041111/none_v3" "tx9de3f478a2404ac6bffd3-0068e16ac6" "proxy-server 89511" 0.0002 "-" 93452 0
Oct 04 14:43:18 np0005470886.novalocal object-server[93449]: ::1 - - [04/Oct/2025:18:43:18 +0000] "GET /3/67521/AUTH_2a636ad9760344e79dff02823315c4fd/gnocchi.ed7f6982-7724-4af6-ab47-35ec9f041111/none_v3" 404 70 "GET http://[::1]:8080/v1/AUTH_2a636ad9760344e79dff02823315c4fd/gnocchi.ed7f6982-7724-4af6-ab47-35ec9f041111/none_v3" "tx9de3f478a2404ac6bffd3-0068e16ac6" "proxy-server 89511" 0.0004 "-" 93449 0
Oct 04 14:43:18 np0005470886.novalocal proxy-server[89511]: ::1 ::1 04/Oct/2025/18/43/18 GET /v1/AUTH_2a636ad9760344e79dff02823315c4fd/gnocchi.ed7f6982-7724-4af6-ab47-35ec9f041111/none_v3 HTTP/1.0 404 - python-swiftclient-4.2.0 gAAAAABo4WqryIa7... - 70 - tx9de3f478a2404ac6bffd3-0068e16ac6 - 0.0282 - - 1759603398.003202200 1759603398.031397820 0
Oct 04 14:43:18 np0005470886.novalocal account-server[92861]: ::1 - - [04/Oct/2025:18:43:18 +0000] "PUT /2/167054/AUTH_2a636ad9760344e79dff02823315c4fd/gnocchi.5dc71dc4-0102-4cd6-853f-995c6f53299f" 201 - "PUT http://[::1]:6001/2/175158/AUTH_2a636ad9760344e79dff02823315c4fd/gnocchi.5dc71dc4-0102-4cd6-853f-995c6f53299f" "tx64d9a50966984f2faad74-0068e16ac6" "container-server 93153" 0.0047 "-" 92861 0
Oct 04 14:43:18 np0005470886.novalocal container-server[93153]: ::1 - - [04/Oct/2025:18:43:18 +0000] "PUT /2/175158/AUTH_2a636ad9760344e79dff02823315c4fd/gnocchi.5dc71dc4-0102-4cd6-853f-995c6f53299f" 201 - "PUT http://[::1]:8080/v1/AUTH_2a636ad9760344e79dff02823315c4fd/gnocchi.5dc71dc4-0102-4cd6-853f-995c6f53299f" "tx64d9a50966984f2faad74-0068e16ac6" "proxy-server 89511" 0.0145 "-" 93153 0
Oct 04 14:43:18 np0005470886.novalocal account-server[92861]: ::1 - - [04/Oct/2025:18:43:18 +0000] "PUT /3/167054/AUTH_2a636ad9760344e79dff02823315c4fd/gnocchi.5dc71dc4-0102-4cd6-853f-995c6f53299f" 201 - "PUT http://[::1]:6001/3/175158/AUTH_2a636ad9760344e79dff02823315c4fd/gnocchi.5dc71dc4-0102-4cd6-853f-995c6f53299f" "tx64d9a50966984f2faad74-0068e16ac6" "container-server 93155" 0.0043 "-" 92861 0
Oct 04 14:43:18 np0005470886.novalocal account-server[92863]: ::1 - - [04/Oct/2025:18:43:18 +0000] "PUT /1/167054/AUTH_2a636ad9760344e79dff02823315c4fd/gnocchi.5dc71dc4-0102-4cd6-853f-995c6f53299f" 201 - "PUT http://[::1]:6001/1/175158/AUTH_2a636ad9760344e79dff02823315c4fd/gnocchi.5dc71dc4-0102-4cd6-853f-995c6f53299f" "tx64d9a50966984f2faad74-0068e16ac6" "container-server 93155" 0.0064 "-" 92863 0
Oct 04 14:43:18 np0005470886.novalocal container-server[93155]: ::1 - - [04/Oct/2025:18:43:18 +0000] "PUT /1/175158/AUTH_2a636ad9760344e79dff02823315c4fd/gnocchi.5dc71dc4-0102-4cd6-853f-995c6f53299f" 201 - "PUT http://[::1]:8080/v1/AUTH_2a636ad9760344e79dff02823315c4fd/gnocchi.5dc71dc4-0102-4cd6-853f-995c6f53299f" "tx64d9a50966984f2faad74-0068e16ac6" "proxy-server 89511" 0.0251 "-" 93155 0
Oct 04 14:43:18 np0005470886.novalocal container-server[93155]: ::1 - - [04/Oct/2025:18:43:18 +0000] "PUT /3/175158/AUTH_2a636ad9760344e79dff02823315c4fd/gnocchi.5dc71dc4-0102-4cd6-853f-995c6f53299f" 201 - "PUT http://[::1]:8080/v1/AUTH_2a636ad9760344e79dff02823315c4fd/gnocchi.5dc71dc4-0102-4cd6-853f-995c6f53299f" "tx64d9a50966984f2faad74-0068e16ac6" "proxy-server 89511" 0.0363 "-" 93155 0
Oct 04 14:43:18 np0005470886.novalocal account-server[92860]: ::1 - - [04/Oct/2025:18:43:18 +0000] "PUT /3/167054/AUTH_2a636ad9760344e79dff02823315c4fd/gnocchi.ed7f6982-7724-4af6-ab47-35ec9f041111" 201 - "PUT http://[::1]:6001/3/215837/AUTH_2a636ad9760344e79dff02823315c4fd/gnocchi.ed7f6982-7724-4af6-ab47-35ec9f041111" "tx7cfedd19f5364b429a233-0068e16ac6" "container-server 93154" 0.0047 "-" 92860 0
Oct 04 14:43:18 np0005470886.novalocal proxy-server[89511]: ::1 ::1 04/Oct/2025/18/43/18 PUT /v1/AUTH_2a636ad9760344e79dff02823315c4fd/gnocchi.5dc71dc4-0102-4cd6-853f-995c6f53299f HTTP/1.0 201 - python-swiftclient-4.2.0 gAAAAABo4WqjVCzL... - - - tx64d9a50966984f2faad74-0068e16ac6 - 0.0450 - - 1759603398.019393206 1759603398.064414501 0
Oct 04 14:43:18 np0005470886.novalocal container-server[93154]: ::1 - - [04/Oct/2025:18:43:18 +0000] "PUT /3/215837/AUTH_2a636ad9760344e79dff02823315c4fd/gnocchi.ed7f6982-7724-4af6-ab47-35ec9f041111" 201 - "PUT http://[::1]:8080/v1/AUTH_2a636ad9760344e79dff02823315c4fd/gnocchi.ed7f6982-7724-4af6-ab47-35ec9f041111" "tx7cfedd19f5364b429a233-0068e16ac6" "proxy-server 89511" 0.0213 "-" 93154 0
Oct 04 14:43:18 np0005470886.novalocal account-server[92861]: ::1 - - [04/Oct/2025:18:43:18 +0000] "PUT /2/167054/AUTH_2a636ad9760344e79dff02823315c4fd/gnocchi.ed7f6982-7724-4af6-ab47-35ec9f041111" 201 - "PUT http://[::1]:6001/2/215837/AUTH_2a636ad9760344e79dff02823315c4fd/gnocchi.ed7f6982-7724-4af6-ab47-35ec9f041111" "tx7cfedd19f5364b429a233-0068e16ac6" "container-server 93155" 0.0090 "-" 92861 0
Oct 04 14:43:18 np0005470886.novalocal account-server[92860]: ::1 - - [04/Oct/2025:18:43:18 +0000] "PUT /1/167054/AUTH_2a636ad9760344e79dff02823315c4fd/gnocchi.ed7f6982-7724-4af6-ab47-35ec9f041111" 201 - "PUT http://[::1]:6001/1/215837/AUTH_2a636ad9760344e79dff02823315c4fd/gnocchi.ed7f6982-7724-4af6-ab47-35ec9f041111" "tx7cfedd19f5364b429a233-0068e16ac6" "container-server 93155" 0.0057 "-" 92860 0
Oct 04 14:43:18 np0005470886.novalocal container-server[93155]: ::1 - - [04/Oct/2025:18:43:18 +0000] "PUT /2/215837/AUTH_2a636ad9760344e79dff02823315c4fd/gnocchi.ed7f6982-7724-4af6-ab47-35ec9f041111" 201 - "PUT http://[::1]:8080/v1/AUTH_2a636ad9760344e79dff02823315c4fd/gnocchi.ed7f6982-7724-4af6-ab47-35ec9f041111" "tx7cfedd19f5364b429a233-0068e16ac6" "proxy-server 89511" 0.0259 "-" 93155 0
Oct 04 14:43:18 np0005470886.novalocal container-server[93155]: ::1 - - [04/Oct/2025:18:43:18 +0000] "PUT /1/215837/AUTH_2a636ad9760344e79dff02823315c4fd/gnocchi.ed7f6982-7724-4af6-ab47-35ec9f041111" 201 - "PUT http://[::1]:8080/v1/AUTH_2a636ad9760344e79dff02823315c4fd/gnocchi.ed7f6982-7724-4af6-ab47-35ec9f041111" "tx7cfedd19f5364b429a233-0068e16ac6" "proxy-server 89511" 0.0200 "-" 93155 0
Oct 04 14:43:18 np0005470886.novalocal proxy-server[89511]: ::1 ::1 04/Oct/2025/18/43/18 PUT /v1/AUTH_2a636ad9760344e79dff02823315c4fd/gnocchi.ed7f6982-7724-4af6-ab47-35ec9f041111 HTTP/1.0 201 - python-swiftclient-4.2.0 gAAAAABo4WqryIa7... - - - tx7cfedd19f5364b429a233-0068e16ac6 - 0.0345 - - 1759603398.039032936 1759603398.073520184 0
Oct 04 14:43:18 np0005470886.novalocal container-server[93154]: ::1 - - [04/Oct/2025:18:43:18 +0000] "HEAD /1/175158/AUTH_2a636ad9760344e79dff02823315c4fd/gnocchi.5dc71dc4-0102-4cd6-853f-995c6f53299f" 204 - "HEAD http://[::1]:8080/v1/AUTH_2a636ad9760344e79dff02823315c4fd/gnocchi.5dc71dc4-0102-4cd6-853f-995c6f53299f?format=json&states=listing" "tx0dc1cd5e4884462ba882b-0068e16ac6" "proxy-server 89511" 0.0041 "-" 93154 0
Oct 04 14:43:18 np0005470886.novalocal container-server[93155]: ::1 - - [04/Oct/2025:18:43:18 +0000] "HEAD /3/215837/AUTH_2a636ad9760344e79dff02823315c4fd/gnocchi.ed7f6982-7724-4af6-ab47-35ec9f041111" 204 - "HEAD http://[::1]:8080/v1/AUTH_2a636ad9760344e79dff02823315c4fd/gnocchi.ed7f6982-7724-4af6-ab47-35ec9f041111?format=json&states=listing" "tx0459fa8c3549441b88b5a-0068e16ac6" "proxy-server 89511" 0.0011 "-" 93155 0
Oct 04 14:43:18 np0005470886.novalocal container-server[93154]: ::1 - - [04/Oct/2025:18:43:18 +0000] "GET /3/175158/AUTH_2a636ad9760344e79dff02823315c4fd/gnocchi.5dc71dc4-0102-4cd6-853f-995c6f53299f" 200 2 "GET http://[::1]:8080/v1/AUTH_2a636ad9760344e79dff02823315c4fd/gnocchi.5dc71dc4-0102-4cd6-853f-995c6f53299f?format=json&states=listing" "tx0dc1cd5e4884462ba882b-0068e16ac6" "proxy-server 89511" 0.0036 "-" 93154 0
Oct 04 14:43:18 np0005470886.novalocal proxy-server[89511]: ::1 ::1 04/Oct/2025/18/43/18 GET /v1/AUTH_2a636ad9760344e79dff02823315c4fd/gnocchi.5dc71dc4-0102-4cd6-853f-995c6f53299f%3Fformat%3Djson%26states%3Dlisting HTTP/1.0 200 - python-swiftclient-4.2.0 gAAAAABo4WqjVCzL... - 2 - tx0dc1cd5e4884462ba882b-0068e16ac6 - 0.0233 - - 1759603398.069638968 1759603398.092945099 0
Oct 04 14:43:18 np0005470886.novalocal container-server[93153]: ::1 - - [04/Oct/2025:18:43:18 +0000] "GET /3/215837/AUTH_2a636ad9760344e79dff02823315c4fd/gnocchi.ed7f6982-7724-4af6-ab47-35ec9f041111" 200 2 "GET http://[::1]:8080/v1/AUTH_2a636ad9760344e79dff02823315c4fd/gnocchi.ed7f6982-7724-4af6-ab47-35ec9f041111?format=json&states=listing" "tx0459fa8c3549441b88b5a-0068e16ac6" "proxy-server 89511" 0.0020 "-" 93153 0
Oct 04 14:43:18 np0005470886.novalocal proxy-server[89511]: ::1 ::1 04/Oct/2025/18/43/18 GET /v1/AUTH_2a636ad9760344e79dff02823315c4fd/gnocchi.ed7f6982-7724-4af6-ab47-35ec9f041111%3Fformat%3Djson%26states%3Dlisting HTTP/1.0 200 - python-swiftclient-4.2.0 gAAAAABo4WqryIa7... - 2 - tx0459fa8c3549441b88b5a-0068e16ac6 - 0.0248 - - 1759603398.076940536 1759603398.101735353 0
Oct 04 14:43:18 np0005470886.novalocal object-server[93450]: ::1 - - [04/Oct/2025:18:43:18 +0000] "GET /1/213168/AUTH_2a636ad9760344e79dff02823315c4fd/gnocchi.5dc71dc4-0102-4cd6-853f-995c6f53299f/1759320000.0_mean_300.0_v3" 404 70 "GET http://[::1]:8080/v1/AUTH_2a636ad9760344e79dff02823315c4fd/gnocchi.5dc71dc4-0102-4cd6-853f-995c6f53299f/1759320000.0_mean_300.0_v3" "txc2261b7c3c164e0a9ac5a-0068e16ac6" "proxy-server 89511" 0.0003 "-" 93450 0
Oct 04 14:43:18 np0005470886.novalocal object-server[93452]: ::1 - - [04/Oct/2025:18:43:18 +0000] "GET /1/152548/AUTH_2a636ad9760344e79dff02823315c4fd/gnocchi.ed7f6982-7724-4af6-ab47-35ec9f041111/1759320000.0_mean_300.0_v3" 404 70 "GET http://[::1]:8080/v1/AUTH_2a636ad9760344e79dff02823315c4fd/gnocchi.ed7f6982-7724-4af6-ab47-35ec9f041111/1759320000.0_mean_300.0_v3" "txc129253a402449c9bef73-0068e16ac6" "proxy-server 89511" 0.0004 "-" 93452 0
Oct 04 14:43:18 np0005470886.novalocal object-server[93451]: ::1 - - [04/Oct/2025:18:43:18 +0000] "GET /2/213168/AUTH_2a636ad9760344e79dff02823315c4fd/gnocchi.5dc71dc4-0102-4cd6-853f-995c6f53299f/1759320000.0_mean_300.0_v3" 404 70 "GET http://[::1]:8080/v1/AUTH_2a636ad9760344e79dff02823315c4fd/gnocchi.5dc71dc4-0102-4cd6-853f-995c6f53299f/1759320000.0_mean_300.0_v3" "txc2261b7c3c164e0a9ac5a-0068e16ac6" "proxy-server 89511" 0.0003 "-" 93451 0
Oct 04 14:43:18 np0005470886.novalocal object-server[93449]: ::1 - - [04/Oct/2025:18:43:18 +0000] "GET /2/152548/AUTH_2a636ad9760344e79dff02823315c4fd/gnocchi.ed7f6982-7724-4af6-ab47-35ec9f041111/1759320000.0_mean_300.0_v3" 404 70 "GET http://[::1]:8080/v1/AUTH_2a636ad9760344e79dff02823315c4fd/gnocchi.ed7f6982-7724-4af6-ab47-35ec9f041111/1759320000.0_mean_300.0_v3" "txc129253a402449c9bef73-0068e16ac6" "proxy-server 89511" 0.0003 "-" 93449 0
Oct 04 14:43:18 np0005470886.novalocal object-server[93449]: ::1 - - [04/Oct/2025:18:43:18 +0000] "GET /3/152548/AUTH_2a636ad9760344e79dff02823315c4fd/gnocchi.ed7f6982-7724-4af6-ab47-35ec9f041111/1759320000.0_mean_300.0_v3" 404 70 "GET http://[::1]:8080/v1/AUTH_2a636ad9760344e79dff02823315c4fd/gnocchi.ed7f6982-7724-4af6-ab47-35ec9f041111/1759320000.0_mean_300.0_v3" "txc129253a402449c9bef73-0068e16ac6" "proxy-server 89511" 0.0002 "-" 93449 0
Oct 04 14:43:18 np0005470886.novalocal object-server[93450]: ::1 - - [04/Oct/2025:18:43:18 +0000] "GET /3/213168/AUTH_2a636ad9760344e79dff02823315c4fd/gnocchi.5dc71dc4-0102-4cd6-853f-995c6f53299f/1759320000.0_mean_300.0_v3" 404 70 "GET http://[::1]:8080/v1/AUTH_2a636ad9760344e79dff02823315c4fd/gnocchi.5dc71dc4-0102-4cd6-853f-995c6f53299f/1759320000.0_mean_300.0_v3" "txc2261b7c3c164e0a9ac5a-0068e16ac6" "proxy-server 89511" 0.0003 "-" 93450 0
Oct 04 14:43:18 np0005470886.novalocal proxy-server[89511]: ::1 ::1 04/Oct/2025/18/43/18 GET /v1/AUTH_2a636ad9760344e79dff02823315c4fd/gnocchi.ed7f6982-7724-4af6-ab47-35ec9f041111/1759320000.0_mean_300.0_v3 HTTP/1.0 404 - python-swiftclient-4.2.0 gAAAAABo4WqryIa7... - 70 - txc129253a402449c9bef73-0068e16ac6 - 0.0135 - - 1759603398.107165098 1759603398.120661259 0
Oct 04 14:43:18 np0005470886.novalocal proxy-server[89511]: ::1 ::1 04/Oct/2025/18/43/18 GET /v1/AUTH_2a636ad9760344e79dff02823315c4fd/gnocchi.5dc71dc4-0102-4cd6-853f-995c6f53299f/1759320000.0_mean_300.0_v3 HTTP/1.0 404 - python-swiftclient-4.2.0 gAAAAABo4WqjVCzL... - 70 - txc2261b7c3c164e0a9ac5a-0068e16ac6 - 0.0221 - - 1759603398.100726366 1759603398.122777939 0
Oct 04 14:43:18 np0005470886.novalocal container-server[93153]: ::1 - - [04/Oct/2025:18:43:18 +0000] "PUT /3/215837/AUTH_2a636ad9760344e79dff02823315c4fd/gnocchi.ed7f6982-7724-4af6-ab47-35ec9f041111/1759320000.0_mean_300.0_v3" 201 - "PUT http://[::1]:8080/2/152548/AUTH_2a636ad9760344e79dff02823315c4fd/gnocchi.ed7f6982-7724-4af6-ab47-35ec9f041111/1759320000.0_mean_300.0_v3" "tx39dbb229b41d41c18c0bd-0068e16ac6" "object-server 93452" 0.0007 "-" 93153 0
Oct 04 14:43:18 np0005470886.novalocal container-server[93154]: ::1 - - [04/Oct/2025:18:43:18 +0000] "PUT /1/215837/AUTH_2a636ad9760344e79dff02823315c4fd/gnocchi.ed7f6982-7724-4af6-ab47-35ec9f041111/1759320000.0_mean_300.0_v3" 201 - "PUT http://[::1]:8080/1/152548/AUTH_2a636ad9760344e79dff02823315c4fd/gnocchi.ed7f6982-7724-4af6-ab47-35ec9f041111/1759320000.0_mean_300.0_v3" "tx39dbb229b41d41c18c0bd-0068e16ac6" "object-server 93452" 0.0006 "-" 93154 0
Oct 04 14:43:18 np0005470886.novalocal object-server[93452]: ::1 - - [04/Oct/2025:18:43:18 +0000] "PUT /2/152548/AUTH_2a636ad9760344e79dff02823315c4fd/gnocchi.ed7f6982-7724-4af6-ab47-35ec9f041111/1759320000.0_mean_300.0_v3" 201 - "PUT http://[::1]:8080/v1/AUTH_2a636ad9760344e79dff02823315c4fd/gnocchi.ed7f6982-7724-4af6-ab47-35ec9f041111/1759320000.0_mean_300.0_v3" "tx39dbb229b41d41c18c0bd-0068e16ac6" "proxy-server 89511" 0.0162 "-" 93452 0
Oct 04 14:43:18 np0005470886.novalocal container-server[93152]: ::1 - - [04/Oct/2025:18:43:18 +0000] "PUT /2/215837/AUTH_2a636ad9760344e79dff02823315c4fd/gnocchi.ed7f6982-7724-4af6-ab47-35ec9f041111/1759320000.0_mean_300.0_v3" 201 - "PUT http://[::1]:8080/3/152548/AUTH_2a636ad9760344e79dff02823315c4fd/gnocchi.ed7f6982-7724-4af6-ab47-35ec9f041111/1759320000.0_mean_300.0_v3" "tx39dbb229b41d41c18c0bd-0068e16ac6" "object-server 93450" 0.0009 "-" 93152 0
Oct 04 14:43:18 np0005470886.novalocal object-server[93452]: ::1 - - [04/Oct/2025:18:43:18 +0000] "PUT /1/152548/AUTH_2a636ad9760344e79dff02823315c4fd/gnocchi.ed7f6982-7724-4af6-ab47-35ec9f041111/1759320000.0_mean_300.0_v3" 201 - "PUT http://[::1]:8080/v1/AUTH_2a636ad9760344e79dff02823315c4fd/gnocchi.ed7f6982-7724-4af6-ab47-35ec9f041111/1759320000.0_mean_300.0_v3" "tx39dbb229b41d41c18c0bd-0068e16ac6" "proxy-server 89511" 0.0186 "-" 93452 0
Oct 04 14:43:18 np0005470886.novalocal object-server[93450]: ::1 - - [04/Oct/2025:18:43:18 +0000] "PUT /3/152548/AUTH_2a636ad9760344e79dff02823315c4fd/gnocchi.ed7f6982-7724-4af6-ab47-35ec9f041111/1759320000.0_mean_300.0_v3" 201 - "PUT http://[::1]:8080/v1/AUTH_2a636ad9760344e79dff02823315c4fd/gnocchi.ed7f6982-7724-4af6-ab47-35ec9f041111/1759320000.0_mean_300.0_v3" "tx39dbb229b41d41c18c0bd-0068e16ac6" "proxy-server 89511" 0.0205 "-" 93450 0
Oct 04 14:43:18 np0005470886.novalocal proxy-server[89511]: ::1 ::1 04/Oct/2025/18/43/18 PUT /v1/AUTH_2a636ad9760344e79dff02823315c4fd/gnocchi.ed7f6982-7724-4af6-ab47-35ec9f041111/1759320000.0_mean_300.0_v3 HTTP/1.0 201 - python-swiftclient-4.2.0 gAAAAABo4WqryIa7... 16 - - tx39dbb229b41d41c18c0bd-0068e16ac6 - 0.0356 - - 1759603398.127851963 1759603398.163478374 0
Oct 04 14:43:18 np0005470886.novalocal container-server[93153]: ::1 - - [04/Oct/2025:18:43:18 +0000] "PUT /1/175158/AUTH_2a636ad9760344e79dff02823315c4fd/gnocchi.5dc71dc4-0102-4cd6-853f-995c6f53299f/1759320000.0_mean_300.0_v3" 201 - "PUT http://[::1]:8080/2/213168/AUTH_2a636ad9760344e79dff02823315c4fd/gnocchi.5dc71dc4-0102-4cd6-853f-995c6f53299f/1759320000.0_mean_300.0_v3" "tx6e42cccf767e4359928ea-0068e16ac6" "object-server 93450" 0.0007 "-" 93153 0
Oct 04 14:43:18 np0005470886.novalocal container-server[93155]: ::1 - - [04/Oct/2025:18:43:18 +0000] "PUT /2/175158/AUTH_2a636ad9760344e79dff02823315c4fd/gnocchi.5dc71dc4-0102-4cd6-853f-995c6f53299f/1759320000.0_mean_300.0_v3" 201 - "PUT http://[::1]:8080/1/213168/AUTH_2a636ad9760344e79dff02823315c4fd/gnocchi.5dc71dc4-0102-4cd6-853f-995c6f53299f/1759320000.0_mean_300.0_v3" "tx6e42cccf767e4359928ea-0068e16ac6" "object-server 93451" 0.0005 "-" 93155 0
Oct 04 14:43:18 np0005470886.novalocal container-server[93155]: ::1 - - [04/Oct/2025:18:43:18 +0000] "PUT /3/175158/AUTH_2a636ad9760344e79dff02823315c4fd/gnocchi.5dc71dc4-0102-4cd6-853f-995c6f53299f/1759320000.0_mean_300.0_v3" 201 - "PUT http://[::1]:8080/3/213168/AUTH_2a636ad9760344e79dff02823315c4fd/gnocchi.5dc71dc4-0102-4cd6-853f-995c6f53299f/1759320000.0_mean_300.0_v3" "tx6e42cccf767e4359928ea-0068e16ac6" "object-server 93451" 0.0003 "-" 93155 0
Oct 04 14:43:18 np0005470886.novalocal object-server[93451]: ::1 - - [04/Oct/2025:18:43:18 +0000] "PUT /1/213168/AUTH_2a636ad9760344e79dff02823315c4fd/gnocchi.5dc71dc4-0102-4cd6-853f-995c6f53299f/1759320000.0_mean_300.0_v3" 201 - "PUT http://[::1]:8080/v1/AUTH_2a636ad9760344e79dff02823315c4fd/gnocchi.5dc71dc4-0102-4cd6-853f-995c6f53299f/1759320000.0_mean_300.0_v3" "tx6e42cccf767e4359928ea-0068e16ac6" "proxy-server 89511" 0.0197 "-" 93451 0
Oct 04 14:43:18 np0005470886.novalocal object-server[93451]: ::1 - - [04/Oct/2025:18:43:18 +0000] "PUT /3/213168/AUTH_2a636ad9760344e79dff02823315c4fd/gnocchi.5dc71dc4-0102-4cd6-853f-995c6f53299f/1759320000.0_mean_300.0_v3" 201 - "PUT http://[::1]:8080/v1/AUTH_2a636ad9760344e79dff02823315c4fd/gnocchi.5dc71dc4-0102-4cd6-853f-995c6f53299f/1759320000.0_mean_300.0_v3" "tx6e42cccf767e4359928ea-0068e16ac6" "proxy-server 89511" 0.0194 "-" 93451 0
Oct 04 14:43:18 np0005470886.novalocal object-server[93450]: ::1 - - [04/Oct/2025:18:43:18 +0000] "PUT /2/213168/AUTH_2a636ad9760344e79dff02823315c4fd/gnocchi.5dc71dc4-0102-4cd6-853f-995c6f53299f/1759320000.0_mean_300.0_v3" 201 - "PUT http://[::1]:8080/v1/AUTH_2a636ad9760344e79dff02823315c4fd/gnocchi.5dc71dc4-0102-4cd6-853f-995c6f53299f/1759320000.0_mean_300.0_v3" "tx6e42cccf767e4359928ea-0068e16ac6" "proxy-server 89511" 0.0198 "-" 93450 0
Oct 04 14:43:18 np0005470886.novalocal proxy-server[89511]: ::1 ::1 04/Oct/2025/18/43/18 PUT /v1/AUTH_2a636ad9760344e79dff02823315c4fd/gnocchi.5dc71dc4-0102-4cd6-853f-995c6f53299f/1759320000.0_mean_300.0_v3 HTTP/1.0 201 - python-swiftclient-4.2.0 gAAAAABo4WqjVCzL... 16 - - tx6e42cccf767e4359928ea-0068e16ac6 - 0.0500 - - 1759603398.127039671 1759603398.177001476 0
Oct 04 14:43:18 np0005470886.novalocal container-server[93152]: ::1 - - [04/Oct/2025:18:43:18 +0000] "PUT /3/215837/AUTH_2a636ad9760344e79dff02823315c4fd/gnocchi.ed7f6982-7724-4af6-ab47-35ec9f041111/none_v3" 201 - "PUT http://[::1]:8080/3/67521/AUTH_2a636ad9760344e79dff02823315c4fd/gnocchi.ed7f6982-7724-4af6-ab47-35ec9f041111/none_v3" "txd04282e8ebf445c281e12-0068e16ac6" "object-server 93451" 0.0005 "-" 93152 0
Oct 04 14:43:18 np0005470886.novalocal object-server[93451]: ::1 - - [04/Oct/2025:18:43:18 +0000] "PUT /3/67521/AUTH_2a636ad9760344e79dff02823315c4fd/gnocchi.ed7f6982-7724-4af6-ab47-35ec9f041111/none_v3" 201 - "PUT http://[::1]:8080/v1/AUTH_2a636ad9760344e79dff02823315c4fd/gnocchi.ed7f6982-7724-4af6-ab47-35ec9f041111/none_v3" "txd04282e8ebf445c281e12-0068e16ac6" "proxy-server 89511" 0.0275 "-" 93451 0
Oct 04 14:43:18 np0005470886.novalocal container-server[93154]: ::1 - - [04/Oct/2025:18:43:18 +0000] "PUT /1/175158/AUTH_2a636ad9760344e79dff02823315c4fd/gnocchi.5dc71dc4-0102-4cd6-853f-995c6f53299f/none_v3" 201 - "PUT http://[::1]:8080/1/171217/AUTH_2a636ad9760344e79dff02823315c4fd/gnocchi.5dc71dc4-0102-4cd6-853f-995c6f53299f/none_v3" "tx3187a0743edb4002a180a-0068e16ac6" "object-server 93451" 0.0006 "-" 93154 0
Oct 04 14:43:18 np0005470886.novalocal object-server[93451]: ::1 - - [04/Oct/2025:18:43:18 +0000] "PUT /1/171217/AUTH_2a636ad9760344e79dff02823315c4fd/gnocchi.5dc71dc4-0102-4cd6-853f-995c6f53299f/none_v3" 201 - "PUT http://[::1]:8080/v1/AUTH_2a636ad9760344e79dff02823315c4fd/gnocchi.5dc71dc4-0102-4cd6-853f-995c6f53299f/none_v3" "tx3187a0743edb4002a180a-0068e16ac6" "proxy-server 89511" 0.0217 "-" 93451 0
Oct 04 14:43:18 np0005470886.novalocal container-server[93155]: ::1 - - [04/Oct/2025:18:43:18 +0000] "PUT /2/215837/AUTH_2a636ad9760344e79dff02823315c4fd/gnocchi.ed7f6982-7724-4af6-ab47-35ec9f041111/none_v3" 201 - "PUT http://[::1]:8080/2/67521/AUTH_2a636ad9760344e79dff02823315c4fd/gnocchi.ed7f6982-7724-4af6-ab47-35ec9f041111/none_v3" "txd04282e8ebf445c281e12-0068e16ac6" "object-server 93450" 0.0005 "-" 93155 0
Oct 04 14:43:18 np0005470886.novalocal object-server[93450]: ::1 - - [04/Oct/2025:18:43:18 +0000] "PUT /2/67521/AUTH_2a636ad9760344e79dff02823315c4fd/gnocchi.ed7f6982-7724-4af6-ab47-35ec9f041111/none_v3" 201 - "PUT http://[::1]:8080/v1/AUTH_2a636ad9760344e79dff02823315c4fd/gnocchi.ed7f6982-7724-4af6-ab47-35ec9f041111/none_v3" "txd04282e8ebf445c281e12-0068e16ac6" "proxy-server 89511" 0.0361 "-" 93450 0
Oct 04 14:43:18 np0005470886.novalocal container-server[93152]: ::1 - - [04/Oct/2025:18:43:18 +0000] "PUT /1/215837/AUTH_2a636ad9760344e79dff02823315c4fd/gnocchi.ed7f6982-7724-4af6-ab47-35ec9f041111/none_v3" 201 - "PUT http://[::1]:8080/1/67521/AUTH_2a636ad9760344e79dff02823315c4fd/gnocchi.ed7f6982-7724-4af6-ab47-35ec9f041111/none_v3" "txd04282e8ebf445c281e12-0068e16ac6" "object-server 93450" 0.0004 "-" 93152 0
Oct 04 14:43:18 np0005470886.novalocal object-server[93450]: ::1 - - [04/Oct/2025:18:43:18 +0000] "PUT /1/67521/AUTH_2a636ad9760344e79dff02823315c4fd/gnocchi.ed7f6982-7724-4af6-ab47-35ec9f041111/none_v3" 201 - "PUT http://[::1]:8080/v1/AUTH_2a636ad9760344e79dff02823315c4fd/gnocchi.ed7f6982-7724-4af6-ab47-35ec9f041111/none_v3" "txd04282e8ebf445c281e12-0068e16ac6" "proxy-server 89511" 0.0317 "-" 93450 0
Oct 04 14:43:18 np0005470886.novalocal proxy-server[89511]: ::1 ::1 04/Oct/2025/18/43/18 PUT /v1/AUTH_2a636ad9760344e79dff02823315c4fd/gnocchi.ed7f6982-7724-4af6-ab47-35ec9f041111/none_v3 HTTP/1.0 201 - python-swiftclient-4.2.0 gAAAAABo4WqryIa7... 22 - - txd04282e8ebf445c281e12-0068e16ac6 - 0.0499 - - 1759603398.166733980 1759603398.216585159 0
Oct 04 14:43:18 np0005470886.novalocal container-server[93152]: ::1 - - [04/Oct/2025:18:43:18 +0000] "PUT /2/175158/AUTH_2a636ad9760344e79dff02823315c4fd/gnocchi.5dc71dc4-0102-4cd6-853f-995c6f53299f/none_v3" 201 - "PUT http://[::1]:8080/2/171217/AUTH_2a636ad9760344e79dff02823315c4fd/gnocchi.5dc71dc4-0102-4cd6-853f-995c6f53299f/none_v3" "tx3187a0743edb4002a180a-0068e16ac6" "object-server 93450" 0.0004 "-" 93152 0
Oct 04 14:43:18 np0005470886.novalocal container-server[93153]: ::1 - - [04/Oct/2025:18:43:18 +0000] "PUT /3/175158/AUTH_2a636ad9760344e79dff02823315c4fd/gnocchi.5dc71dc4-0102-4cd6-853f-995c6f53299f/none_v3" 201 - "PUT http://[::1]:8080/3/171217/AUTH_2a636ad9760344e79dff02823315c4fd/gnocchi.5dc71dc4-0102-4cd6-853f-995c6f53299f/none_v3" "tx3187a0743edb4002a180a-0068e16ac6" "object-server 93450" 0.0007 "-" 93153 0
Oct 04 14:43:18 np0005470886.novalocal object-server[93450]: ::1 - - [04/Oct/2025:18:43:18 +0000] "PUT /2/171217/AUTH_2a636ad9760344e79dff02823315c4fd/gnocchi.5dc71dc4-0102-4cd6-853f-995c6f53299f/none_v3" 201 - "PUT http://[::1]:8080/v1/AUTH_2a636ad9760344e79dff02823315c4fd/gnocchi.5dc71dc4-0102-4cd6-853f-995c6f53299f/none_v3" "tx3187a0743edb4002a180a-0068e16ac6" "proxy-server 89511" 0.0320 "-" 93450 0
