Nov 30 13:42:32 np0005540255.novalocal object-server[96823]: ::1 - - [30/Nov/2025:18:42:32 +0000] "GET /3/142574/AUTH_53b9bcf7d8194db7bd330ca574b5edab/gnocchi.8ee0d5dc-9997-4606-9e6b-9dd19c2f8ea7/none_v3" 404 70 "GET https://[::1]:8080/v1/AUTH_53b9bcf7d8194db7bd330ca574b5edab/gnocchi.8ee0d5dc-9997-4606-9e6b-9dd19c2f8ea7/none_v3" "tx39e2ba66bb4e4bb1b6ef4-00692c9018" "proxy-server 97815" 0.0003 "-" 96823 0
Nov 30 13:42:32 np0005540255.novalocal object-server[96823]: ::1 - - [30/Nov/2025:18:42:32 +0000] "GET /2/142574/AUTH_53b9bcf7d8194db7bd330ca574b5edab/gnocchi.8ee0d5dc-9997-4606-9e6b-9dd19c2f8ea7/none_v3" 404 70 "GET https://[::1]:8080/v1/AUTH_53b9bcf7d8194db7bd330ca574b5edab/gnocchi.8ee0d5dc-9997-4606-9e6b-9dd19c2f8ea7/none_v3" "tx39e2ba66bb4e4bb1b6ef4-00692c9018" "proxy-server 97815" 0.0002 "-" 96823 0
Nov 30 13:42:32 np0005540255.novalocal proxy-server[97815]: ::1 ::1 30/Nov/2025/18/42/32 GET /v1/AUTH_53b9bcf7d8194db7bd330ca574b5edab/gnocchi.8ee0d5dc-9997-4606-9e6b-9dd19c2f8ea7/none_v3 HTTP/1.0 404 - python-swiftclient-4.7.0 gAAAAABpLI-56T9k... - 70 - tx39e2ba66bb4e4bb1b6ef4-00692c9018 - 0.0379 - - 1764528152.440312147 1764528152.478241444 0
Nov 30 13:42:32 np0005540255.novalocal container-server[96490]: ::1 - - [30/Nov/2025:18:42:32 +0000] "PUT /2/51154/AUTH_53b9bcf7d8194db7bd330ca574b5edab/gnocchi.2ebda058-8bae-4ec6-b8d9-839a2eeb3b9f/none_v3" 201 - "PUT http://[::1]:8080/1/82267/AUTH_53b9bcf7d8194db7bd330ca574b5edab/gnocchi.2ebda058-8bae-4ec6-b8d9-839a2eeb3b9f/none_v3" "tx7938539ef2864f7eac803-00692c9018" "object-server 96823" 0.0005 "-" 96490 0
Nov 30 13:42:32 np0005540255.novalocal object-server[96823]: ::1 - - [30/Nov/2025:18:42:32 +0000] "PUT /1/82267/AUTH_53b9bcf7d8194db7bd330ca574b5edab/gnocchi.2ebda058-8bae-4ec6-b8d9-839a2eeb3b9f/none_v3" 201 - "PUT https://[::1]:8080/v1/AUTH_53b9bcf7d8194db7bd330ca574b5edab/gnocchi.2ebda058-8bae-4ec6-b8d9-839a2eeb3b9f/none_v3" "tx7938539ef2864f7eac803-00692c9018" "proxy-server 97815" 0.0143 "-" 96823 0
Nov 30 13:42:32 np0005540255.novalocal container-server[96490]: ::1 - - [30/Nov/2025:18:42:32 +0000] "PUT /1/51154/AUTH_53b9bcf7d8194db7bd330ca574b5edab/gnocchi.2ebda058-8bae-4ec6-b8d9-839a2eeb3b9f/none_v3" 201 - "PUT http://[::1]:8080/3/82267/AUTH_53b9bcf7d8194db7bd330ca574b5edab/gnocchi.2ebda058-8bae-4ec6-b8d9-839a2eeb3b9f/none_v3" "tx7938539ef2864f7eac803-00692c9018" "object-server 96824" 0.0006 "-" 96490 0
Nov 30 13:42:32 np0005540255.novalocal container-server[96490]: ::1 - - [30/Nov/2025:18:42:32 +0000] "PUT /3/51154/AUTH_53b9bcf7d8194db7bd330ca574b5edab/gnocchi.2ebda058-8bae-4ec6-b8d9-839a2eeb3b9f/none_v3" 201 - "PUT http://[::1]:8080/2/82267/AUTH_53b9bcf7d8194db7bd330ca574b5edab/gnocchi.2ebda058-8bae-4ec6-b8d9-839a2eeb3b9f/none_v3" "tx7938539ef2864f7eac803-00692c9018" "object-server 96824" 0.0004 "-" 96490 0
Nov 30 13:42:32 np0005540255.novalocal object-server[96824]: ::1 - - [30/Nov/2025:18:42:32 +0000] "PUT /3/82267/AUTH_53b9bcf7d8194db7bd330ca574b5edab/gnocchi.2ebda058-8bae-4ec6-b8d9-839a2eeb3b9f/none_v3" 201 - "PUT https://[::1]:8080/v1/AUTH_53b9bcf7d8194db7bd330ca574b5edab/gnocchi.2ebda058-8bae-4ec6-b8d9-839a2eeb3b9f/none_v3" "tx7938539ef2864f7eac803-00692c9018" "proxy-server 97815" 0.0276 "-" 96824 0
Nov 30 13:42:32 np0005540255.novalocal object-server[96824]: ::1 - - [30/Nov/2025:18:42:32 +0000] "PUT /2/82267/AUTH_53b9bcf7d8194db7bd330ca574b5edab/gnocchi.2ebda058-8bae-4ec6-b8d9-839a2eeb3b9f/none_v3" 201 - "PUT https://[::1]:8080/v1/AUTH_53b9bcf7d8194db7bd330ca574b5edab/gnocchi.2ebda058-8bae-4ec6-b8d9-839a2eeb3b9f/none_v3" "tx7938539ef2864f7eac803-00692c9018" "proxy-server 97815" 0.0265 "-" 96824 0
Nov 30 13:42:32 np0005540255.novalocal account-server[96195]: ::1 - - [30/Nov/2025:18:42:32 +0000] "PUT /2/128474/AUTH_53b9bcf7d8194db7bd330ca574b5edab/gnocchi.8ee0d5dc-9997-4606-9e6b-9dd19c2f8ea7" 201 - "PUT http://[::1]:6001/1/15383/AUTH_53b9bcf7d8194db7bd330ca574b5edab/gnocchi.8ee0d5dc-9997-4606-9e6b-9dd19c2f8ea7" "tx44897a7c07f44a58a6d0d-00692c9018" "container-server 96490" 0.0049 "-" 96195 0
Nov 30 13:42:32 np0005540255.novalocal proxy-server[97815]: ::1 ::1 30/Nov/2025/18/42/32 PUT /v1/AUTH_53b9bcf7d8194db7bd330ca574b5edab/gnocchi.2ebda058-8bae-4ec6-b8d9-839a2eeb3b9f/none_v3 HTTP/1.0 201 - python-swiftclient-4.7.0 gAAAAABpLI-5FlkI... 22 - - tx7938539ef2864f7eac803-00692c9018 - 0.0393 - - 1764528152.466470242 1764528152.505770922 0
Nov 30 13:42:32 np0005540255.novalocal container-server[96490]: ::1 - - [30/Nov/2025:18:42:32 +0000] "PUT /1/15383/AUTH_53b9bcf7d8194db7bd330ca574b5edab/gnocchi.8ee0d5dc-9997-4606-9e6b-9dd19c2f8ea7" 201 - "PUT https://[::1]:8080/v1/AUTH_53b9bcf7d8194db7bd330ca574b5edab/gnocchi.8ee0d5dc-9997-4606-9e6b-9dd19c2f8ea7" "tx44897a7c07f44a58a6d0d-00692c9018" "proxy-server 97815" 0.0173 "-" 96490 0
Nov 30 13:42:32 np0005540255.novalocal account-server[96196]: ::1 - - [30/Nov/2025:18:42:32 +0000] "PUT /1/128474/AUTH_53b9bcf7d8194db7bd330ca574b5edab/gnocchi.8ee0d5dc-9997-4606-9e6b-9dd19c2f8ea7" 201 - "PUT http://[::1]:6001/3/15383/AUTH_53b9bcf7d8194db7bd330ca574b5edab/gnocchi.8ee0d5dc-9997-4606-9e6b-9dd19c2f8ea7" "tx44897a7c07f44a58a6d0d-00692c9018" "container-server 96491" 0.0055 "-" 96196 0
Nov 30 13:42:32 np0005540255.novalocal container-server[96491]: ::1 - - [30/Nov/2025:18:42:32 +0000] "PUT /3/15383/AUTH_53b9bcf7d8194db7bd330ca574b5edab/gnocchi.8ee0d5dc-9997-4606-9e6b-9dd19c2f8ea7" 201 - "PUT https://[::1]:8080/v1/AUTH_53b9bcf7d8194db7bd330ca574b5edab/gnocchi.8ee0d5dc-9997-4606-9e6b-9dd19c2f8ea7" "tx44897a7c07f44a58a6d0d-00692c9018" "proxy-server 97815" 0.0299 "-" 96491 0
Nov 30 13:42:32 np0005540255.novalocal account-server[96195]: ::1 - - [30/Nov/2025:18:42:32 +0000] "PUT /3/128474/AUTH_53b9bcf7d8194db7bd330ca574b5edab/gnocchi.8ee0d5dc-9997-4606-9e6b-9dd19c2f8ea7" 201 - "PUT http://[::1]:6001/2/15383/AUTH_53b9bcf7d8194db7bd330ca574b5edab/gnocchi.8ee0d5dc-9997-4606-9e6b-9dd19c2f8ea7" "tx44897a7c07f44a58a6d0d-00692c9018" "container-server 96491" 0.0051 "-" 96195 0
Nov 30 13:42:32 np0005540255.novalocal container-server[96491]: ::1 - - [30/Nov/2025:18:42:32 +0000] "PUT /2/15383/AUTH_53b9bcf7d8194db7bd330ca574b5edab/gnocchi.8ee0d5dc-9997-4606-9e6b-9dd19c2f8ea7" 201 - "PUT https://[::1]:8080/v1/AUTH_53b9bcf7d8194db7bd330ca574b5edab/gnocchi.8ee0d5dc-9997-4606-9e6b-9dd19c2f8ea7" "tx44897a7c07f44a58a6d0d-00692c9018" "proxy-server 97815" 0.0215 "-" 96491 0
Nov 30 13:42:32 np0005540255.novalocal proxy-server[97815]: ::1 ::1 30/Nov/2025/18/42/32 PUT /v1/AUTH_53b9bcf7d8194db7bd330ca574b5edab/gnocchi.8ee0d5dc-9997-4606-9e6b-9dd19c2f8ea7 HTTP/1.0 201 - python-swiftclient-4.7.0 gAAAAABpLI-56T9k... - - - tx44897a7c07f44a58a6d0d-00692c9018 - 0.0450 - - 1764528152.481293201 1764528152.526261091 0
Nov 30 13:42:32 np0005540255.novalocal container-server[96491]: ::1 - - [30/Nov/2025:18:42:32 +0000] "HEAD /2/15383/AUTH_53b9bcf7d8194db7bd330ca574b5edab/gnocchi.8ee0d5dc-9997-4606-9e6b-9dd19c2f8ea7" 204 - "HEAD http://[::1]:8080/v1/AUTH_53b9bcf7d8194db7bd330ca574b5edab/gnocchi.8ee0d5dc-9997-4606-9e6b-9dd19c2f8ea7" "txa950bfd1b3e946eca04ff-00692c9018" "proxy-server 97815" 0.0021 "-" 96491 0
Nov 30 13:42:32 np0005540255.novalocal proxy-server[97815]: - - 30/Nov/2025/18/42/32 HEAD /v1/AUTH_53b9bcf7d8194db7bd330ca574b5edab/gnocchi.8ee0d5dc-9997-4606-9e6b-9dd19c2f8ea7 HTTP/1.0 204 - Swift - - - - txa950bfd1b3e946eca04ff-00692c9018 - 0.0064 CS - 1764528152.530941486 1764528152.537293196 0
Nov 30 13:42:32 np0005540255.novalocal container-server[96490]: ::1 - - [30/Nov/2025:18:42:32 +0000] "GET /2/15383/AUTH_53b9bcf7d8194db7bd330ca574b5edab/gnocchi.8ee0d5dc-9997-4606-9e6b-9dd19c2f8ea7" 200 2 "GET https://[::1]:8080/v1/AUTH_53b9bcf7d8194db7bd330ca574b5edab/gnocchi.8ee0d5dc-9997-4606-9e6b-9dd19c2f8ea7?format=json&states=listing" "txa950bfd1b3e946eca04ff-00692c9018" "proxy-server 97815" 0.0020 "-" 96490 0
Nov 30 13:42:32 np0005540255.novalocal container-server[96490]: ::1 - - [30/Nov/2025:18:42:32 +0000] "HEAD /1/211486/AUTH_53b9bcf7d8194db7bd330ca574b5edab/gnocchi.89404cac-34da-4f04-9af0-2edb6795cdae" 404 - "HEAD http://[::1]:8080/v1/AUTH_53b9bcf7d8194db7bd330ca574b5edab/gnocchi.89404cac-34da-4f04-9af0-2edb6795cdae" "txea1ba7b5247e4f828fa88-00692c9018" "proxy-server 97815" 0.0002 "-" 96490 0
Nov 30 13:42:32 np0005540255.novalocal proxy-server[97815]: ::1 ::1 30/Nov/2025/18/42/32 GET /v1/AUTH_53b9bcf7d8194db7bd330ca574b5edab/gnocchi.8ee0d5dc-9997-4606-9e6b-9dd19c2f8ea7%3Fformat%3Djson%26states%3Dlisting HTTP/1.0 200 - python-swiftclient-4.7.0 gAAAAABpLI-56T9k... - 2 - txa950bfd1b3e946eca04ff-00692c9018 - 0.0160 - - 1764528152.529598713 1764528152.545610189 0
Nov 30 13:42:32 np0005540255.novalocal container-server[96490]: ::1 - - [30/Nov/2025:18:42:32 +0000] "HEAD /3/211486/AUTH_53b9bcf7d8194db7bd330ca574b5edab/gnocchi.89404cac-34da-4f04-9af0-2edb6795cdae" 404 - "HEAD http://[::1]:8080/v1/AUTH_53b9bcf7d8194db7bd330ca574b5edab/gnocchi.89404cac-34da-4f04-9af0-2edb6795cdae" "txea1ba7b5247e4f828fa88-00692c9018" "proxy-server 97815" 0.0005 "-" 96490 0
Nov 30 13:42:32 np0005540255.novalocal container-server[96491]: ::1 - - [30/Nov/2025:18:42:32 +0000] "HEAD /2/211486/AUTH_53b9bcf7d8194db7bd330ca574b5edab/gnocchi.89404cac-34da-4f04-9af0-2edb6795cdae" 404 - "HEAD http://[::1]:8080/v1/AUTH_53b9bcf7d8194db7bd330ca574b5edab/gnocchi.89404cac-34da-4f04-9af0-2edb6795cdae" "txea1ba7b5247e4f828fa88-00692c9018" "proxy-server 97815" 0.0005 "-" 96491 0
Nov 30 13:42:32 np0005540255.novalocal object-server[96823]: ::1 - - [30/Nov/2025:18:42:32 +0000] "GET /3/12850/AUTH_53b9bcf7d8194db7bd330ca574b5edab/gnocchi.8ee0d5dc-9997-4606-9e6b-9dd19c2f8ea7/1763640000.0_mean_300.0_v3" 404 70 "GET https://[::1]:8080/v1/AUTH_53b9bcf7d8194db7bd330ca574b5edab/gnocchi.8ee0d5dc-9997-4606-9e6b-9dd19c2f8ea7/1763640000.0_mean_300.0_v3" "tx81b53adda9604d90a8e0e-00692c9018" "proxy-server 97815" 0.0005 "-" 96823 0
Nov 30 13:42:32 np0005540255.novalocal proxy-server[97815]: - - 30/Nov/2025/18/42/32 HEAD /v1/AUTH_53b9bcf7d8194db7bd330ca574b5edab/gnocchi.89404cac-34da-4f04-9af0-2edb6795cdae HTTP/1.0 404 - Swift - - - - txea1ba7b5247e4f828fa88-00692c9018 - 0.0114 CS - 1764528152.542992830 1764528152.554415464 0
Nov 30 13:42:32 np0005540255.novalocal object-server[96823]: ::1 - - [30/Nov/2025:18:42:32 +0000] "GET /1/12850/AUTH_53b9bcf7d8194db7bd330ca574b5edab/gnocchi.8ee0d5dc-9997-4606-9e6b-9dd19c2f8ea7/1763640000.0_mean_300.0_v3" 404 70 "GET https://[::1]:8080/v1/AUTH_53b9bcf7d8194db7bd330ca574b5edab/gnocchi.8ee0d5dc-9997-4606-9e6b-9dd19c2f8ea7/1763640000.0_mean_300.0_v3" "tx81b53adda9604d90a8e0e-00692c9018" "proxy-server 97815" 0.0004 "-" 96823 0
Nov 30 13:42:32 np0005540255.novalocal object-server[96824]: ::1 - - [30/Nov/2025:18:42:32 +0000] "GET /2/32399/AUTH_53b9bcf7d8194db7bd330ca574b5edab/gnocchi.89404cac-34da-4f04-9af0-2edb6795cdae/none_v3" 404 70 "GET https://[::1]:8080/v1/AUTH_53b9bcf7d8194db7bd330ca574b5edab/gnocchi.89404cac-34da-4f04-9af0-2edb6795cdae/none_v3" "txea1ba7b5247e4f828fa88-00692c9018" "proxy-server 97815" 0.0004 "-" 96824 0
Nov 30 13:42:32 np0005540255.novalocal object-server[96823]: ::1 - - [30/Nov/2025:18:42:32 +0000] "GET /2/12850/AUTH_53b9bcf7d8194db7bd330ca574b5edab/gnocchi.8ee0d5dc-9997-4606-9e6b-9dd19c2f8ea7/1763640000.0_mean_300.0_v3" 404 70 "GET https://[::1]:8080/v1/AUTH_53b9bcf7d8194db7bd330ca574b5edab/gnocchi.8ee0d5dc-9997-4606-9e6b-9dd19c2f8ea7/1763640000.0_mean_300.0_v3" "tx81b53adda9604d90a8e0e-00692c9018" "proxy-server 97815" 0.0003 "-" 96823 0
Nov 30 13:42:32 np0005540255.novalocal proxy-server[97815]: ::1 ::1 30/Nov/2025/18/42/32 GET /v1/AUTH_53b9bcf7d8194db7bd330ca574b5edab/gnocchi.8ee0d5dc-9997-4606-9e6b-9dd19c2f8ea7/1763640000.0_mean_300.0_v3 HTTP/1.0 404 - python-swiftclient-4.7.0 gAAAAABpLI-56T9k... - 70 - tx81b53adda9604d90a8e0e-00692c9018 - 0.0148 - - 1764528152.548230648 1764528152.563044071 0
Nov 30 13:42:32 np0005540255.novalocal object-server[96823]: ::1 - - [30/Nov/2025:18:42:32 +0000] "GET /1/32399/AUTH_53b9bcf7d8194db7bd330ca574b5edab/gnocchi.89404cac-34da-4f04-9af0-2edb6795cdae/none_v3" 404 70 "GET https://[::1]:8080/v1/AUTH_53b9bcf7d8194db7bd330ca574b5edab/gnocchi.89404cac-34da-4f04-9af0-2edb6795cdae/none_v3" "txea1ba7b5247e4f828fa88-00692c9018" "proxy-server 97815" 0.0003 "-" 96823 0
Nov 30 13:42:32 np0005540255.novalocal object-server[96823]: ::1 - - [30/Nov/2025:18:42:32 +0000] "GET /3/32399/AUTH_53b9bcf7d8194db7bd330ca574b5edab/gnocchi.89404cac-34da-4f04-9af0-2edb6795cdae/none_v3" 404 70 "GET https://[::1]:8080/v1/AUTH_53b9bcf7d8194db7bd330ca574b5edab/gnocchi.89404cac-34da-4f04-9af0-2edb6795cdae/none_v3" "txea1ba7b5247e4f828fa88-00692c9018" "proxy-server 97815" 0.0002 "-" 96823 0
Nov 30 13:42:32 np0005540255.novalocal proxy-server[97815]: ::1 ::1 30/Nov/2025/18/42/32 GET /v1/AUTH_53b9bcf7d8194db7bd330ca574b5edab/gnocchi.89404cac-34da-4f04-9af0-2edb6795cdae/none_v3 HTTP/1.0 404 - python-swiftclient-4.7.0 gAAAAABpLI-5FlkI... - 70 - txea1ba7b5247e4f828fa88-00692c9018 - 0.0285 - - 1764528152.542258501 1764528152.570736647 0
Nov 30 13:42:32 np0005540255.novalocal container-server[96490]: ::1 - - [30/Nov/2025:18:42:32 +0000] "PUT /2/15383/AUTH_53b9bcf7d8194db7bd330ca574b5edab/gnocchi.8ee0d5dc-9997-4606-9e6b-9dd19c2f8ea7/1763640000.0_mean_300.0_v3" 201 - "PUT http://[::1]:8080/1/12850/AUTH_53b9bcf7d8194db7bd330ca574b5edab/gnocchi.8ee0d5dc-9997-4606-9e6b-9dd19c2f8ea7/1763640000.0_mean_300.0_v3" "tx04081c8f2d78424c8a116-00692c9018" "object-server 96824" 0.0005 "-" 96490 0
Nov 30 13:42:32 np0005540255.novalocal object-server[96824]: ::1 - - [30/Nov/2025:18:42:32 +0000] "PUT /1/12850/AUTH_53b9bcf7d8194db7bd330ca574b5edab/gnocchi.8ee0d5dc-9997-4606-9e6b-9dd19c2f8ea7/1763640000.0_mean_300.0_v3" 201 - "PUT https://[::1]:8080/v1/AUTH_53b9bcf7d8194db7bd330ca574b5edab/gnocchi.8ee0d5dc-9997-4606-9e6b-9dd19c2f8ea7/1763640000.0_mean_300.0_v3" "tx04081c8f2d78424c8a116-00692c9018" "proxy-server 97815" 0.0216 "-" 96824 0
Nov 30 13:42:32 np0005540255.novalocal container-server[96490]: ::1 - - [30/Nov/2025:18:42:32 +0000] "PUT /1/15383/AUTH_53b9bcf7d8194db7bd330ca574b5edab/gnocchi.8ee0d5dc-9997-4606-9e6b-9dd19c2f8ea7/1763640000.0_mean_300.0_v3" 201 - "PUT http://[::1]:8080/2/12850/AUTH_53b9bcf7d8194db7bd330ca574b5edab/gnocchi.8ee0d5dc-9997-4606-9e6b-9dd19c2f8ea7/1763640000.0_mean_300.0_v3" "tx04081c8f2d78424c8a116-00692c9018" "object-server 96823" 0.0005 "-" 96490 0
Nov 30 13:42:32 np0005540255.novalocal object-server[96823]: ::1 - - [30/Nov/2025:18:42:32 +0000] "PUT /2/12850/AUTH_53b9bcf7d8194db7bd330ca574b5edab/gnocchi.8ee0d5dc-9997-4606-9e6b-9dd19c2f8ea7/1763640000.0_mean_300.0_v3" 201 - "PUT https://[::1]:8080/v1/AUTH_53b9bcf7d8194db7bd330ca574b5edab/gnocchi.8ee0d5dc-9997-4606-9e6b-9dd19c2f8ea7/1763640000.0_mean_300.0_v3" "tx04081c8f2d78424c8a116-00692c9018" "proxy-server 97815" 0.0250 "-" 96823 0
Nov 30 13:42:32 np0005540255.novalocal account-server[96196]: ::1 - - [30/Nov/2025:18:42:32 +0000] "PUT /2/128474/AUTH_53b9bcf7d8194db7bd330ca574b5edab/gnocchi.89404cac-34da-4f04-9af0-2edb6795cdae" 201 - "PUT http://[::1]:6001/3/211486/AUTH_53b9bcf7d8194db7bd330ca574b5edab/gnocchi.89404cac-34da-4f04-9af0-2edb6795cdae" "tx854540ecd0dd4513b3893-00692c9018" "container-server 96490" 0.0049 "-" 96196 0
Nov 30 13:42:32 np0005540255.novalocal container-server[96490]: ::1 - - [30/Nov/2025:18:42:32 +0000] "PUT /3/211486/AUTH_53b9bcf7d8194db7bd330ca574b5edab/gnocchi.89404cac-34da-4f04-9af0-2edb6795cdae" 201 - "PUT https://[::1]:8080/v1/AUTH_53b9bcf7d8194db7bd330ca574b5edab/gnocchi.89404cac-34da-4f04-9af0-2edb6795cdae" "tx854540ecd0dd4513b3893-00692c9018" "proxy-server 97815" 0.0200 "-" 96490 0
Nov 30 13:42:32 np0005540255.novalocal container-server[96491]: ::1 - - [30/Nov/2025:18:42:32 +0000] "PUT /3/15383/AUTH_53b9bcf7d8194db7bd330ca574b5edab/gnocchi.8ee0d5dc-9997-4606-9e6b-9dd19c2f8ea7/1763640000.0_mean_300.0_v3" 201 - "PUT http://[::1]:8080/3/12850/AUTH_53b9bcf7d8194db7bd330ca574b5edab/gnocchi.8ee0d5dc-9997-4606-9e6b-9dd19c2f8ea7/1763640000.0_mean_300.0_v3" "tx04081c8f2d78424c8a116-00692c9018" "object-server 96823" 0.0008 "-" 96491 0
Nov 30 13:42:32 np0005540255.novalocal object-server[96823]: ::1 - - [30/Nov/2025:18:42:32 +0000] "PUT /3/12850/AUTH_53b9bcf7d8194db7bd330ca574b5edab/gnocchi.8ee0d5dc-9997-4606-9e6b-9dd19c2f8ea7/1763640000.0_mean_300.0_v3" 201 - "PUT https://[::1]:8080/v1/AUTH_53b9bcf7d8194db7bd330ca574b5edab/gnocchi.8ee0d5dc-9997-4606-9e6b-9dd19c2f8ea7/1763640000.0_mean_300.0_v3" "tx04081c8f2d78424c8a116-00692c9018" "proxy-server 97815" 0.0336 "-" 96823 0
Nov 30 13:42:32 np0005540255.novalocal proxy-server[97815]: ::1 ::1 30/Nov/2025/18/42/32 PUT /v1/AUTH_53b9bcf7d8194db7bd330ca574b5edab/gnocchi.8ee0d5dc-9997-4606-9e6b-9dd19c2f8ea7/1763640000.0_mean_300.0_v3 HTTP/1.0 201 - python-swiftclient-4.7.0 gAAAAABpLI-56T9k... 16 - - tx04081c8f2d78424c8a116-00692c9018 - 0.0414 - - 1764528152.565817356 1764528152.607266665 0
Nov 30 13:42:32 np0005540255.novalocal account-server[96195]: ::1 - - [30/Nov/2025:18:42:32 +0000] "PUT /3/128474/AUTH_53b9bcf7d8194db7bd330ca574b5edab/gnocchi.89404cac-34da-4f04-9af0-2edb6795cdae" 201 - "PUT http://[::1]:6001/1/211486/AUTH_53b9bcf7d8194db7bd330ca574b5edab/gnocchi.89404cac-34da-4f04-9af0-2edb6795cdae" "tx854540ecd0dd4513b3893-00692c9018" "container-server 96491" 0.0052 "-" 96195 0
Nov 30 13:42:32 np0005540255.novalocal container-server[96491]: ::1 - - [30/Nov/2025:18:42:32 +0000] "PUT /1/211486/AUTH_53b9bcf7d8194db7bd330ca574b5edab/gnocchi.89404cac-34da-4f04-9af0-2edb6795cdae" 201 - "PUT https://[::1]:8080/v1/AUTH_53b9bcf7d8194db7bd330ca574b5edab/gnocchi.89404cac-34da-4f04-9af0-2edb6795cdae" "tx854540ecd0dd4513b3893-00692c9018" "proxy-server 97815" 0.0184 "-" 96491 0
Nov 30 13:42:32 np0005540255.novalocal account-server[96196]: ::1 - - [30/Nov/2025:18:42:32 +0000] "PUT /1/128474/AUTH_53b9bcf7d8194db7bd330ca574b5edab/gnocchi.89404cac-34da-4f04-9af0-2edb6795cdae" 201 - "PUT http://[::1]:6001/2/211486/AUTH_53b9bcf7d8194db7bd330ca574b5edab/gnocchi.89404cac-34da-4f04-9af0-2edb6795cdae" "tx854540ecd0dd4513b3893-00692c9018" "container-server 96491" 0.0081 "-" 96196 0
Nov 30 13:42:32 np0005540255.novalocal container-server[96491]: ::1 - - [30/Nov/2025:18:42:32 +0000] "PUT /2/211486/AUTH_53b9bcf7d8194db7bd330ca574b5edab/gnocchi.89404cac-34da-4f04-9af0-2edb6795cdae" 201 - "PUT https://[::1]:8080/v1/AUTH_53b9bcf7d8194db7bd330ca574b5edab/gnocchi.89404cac-34da-4f04-9af0-2edb6795cdae" "tx854540ecd0dd4513b3893-00692c9018" "proxy-server 97815" 0.0332 "-" 96491 0
Nov 30 13:42:32 np0005540255.novalocal proxy-server[97815]: ::1 ::1 30/Nov/2025/18/42/32 PUT /v1/AUTH_53b9bcf7d8194db7bd330ca574b5edab/gnocchi.89404cac-34da-4f04-9af0-2edb6795cdae HTTP/1.0 201 - python-swiftclient-4.7.0 gAAAAABpLI-5FlkI... - - - tx854540ecd0dd4513b3893-00692c9018 - 0.0467 - - 1764528152.573223352 1764528152.619968653 0
Nov 30 13:42:32 np0005540255.novalocal container-server[96490]: ::1 - - [30/Nov/2025:18:42:32 +0000] "PUT /3/15383/AUTH_53b9bcf7d8194db7bd330ca574b5edab/gnocchi.8ee0d5dc-9997-4606-9e6b-9dd19c2f8ea7/none_v3" 201 - "PUT http://[::1]:8080/1/142574/AUTH_53b9bcf7d8194db7bd330ca574b5edab/gnocchi.8ee0d5dc-9997-4606-9e6b-9dd19c2f8ea7/none_v3" "tx0386ababe7be4db3a838a-00692c9018" "object-server 96823" 0.0006 "-" 96490 0
Nov 30 13:42:32 np0005540255.novalocal container-server[96491]: ::1 - - [30/Nov/2025:18:42:32 +0000] "HEAD /3/211486/AUTH_53b9bcf7d8194db7bd330ca574b5edab/gnocchi.89404cac-34da-4f04-9af0-2edb6795cdae" 204 - "HEAD http://[::1]:8080/v1/AUTH_53b9bcf7d8194db7bd330ca574b5edab/gnocchi.89404cac-34da-4f04-9af0-2edb6795cdae" "txde76f884a88f46d9a8fbe-00692c9018" "proxy-server 97815" 0.0029 "-" 96491 0
Nov 30 13:42:32 np0005540255.novalocal proxy-server[97815]: - - 30/Nov/2025/18/42/32 HEAD /v1/AUTH_53b9bcf7d8194db7bd330ca574b5edab/gnocchi.89404cac-34da-4f04-9af0-2edb6795cdae HTTP/1.0 204 - Swift - - - - txde76f884a88f46d9a8fbe-00692c9018 - 0.0081 CS - 1764528152.625784874 1764528152.633888721 0
Nov 30 13:42:32 np0005540255.novalocal container-server[96491]: ::1 - - [30/Nov/2025:18:42:32 +0000] "PUT /2/15383/AUTH_53b9bcf7d8194db7bd330ca574b5edab/gnocchi.8ee0d5dc-9997-4606-9e6b-9dd19c2f8ea7/none_v3" 201 - "PUT http://[::1]:8080/2/142574/AUTH_53b9bcf7d8194db7bd330ca574b5edab/gnocchi.8ee0d5dc-9997-4606-9e6b-9dd19c2f8ea7/none_v3" "tx0386ababe7be4db3a838a-00692c9018" "object-server 96824" 0.0008 "-" 96491 0
Nov 30 13:42:32 np0005540255.novalocal object-server[96823]: ::1 - - [30/Nov/2025:18:42:32 +0000] "PUT /1/142574/AUTH_53b9bcf7d8194db7bd330ca574b5edab/gnocchi.8ee0d5dc-9997-4606-9e6b-9dd19c2f8ea7/none_v3" 201 - "PUT https://[::1]:8080/v1/AUTH_53b9bcf7d8194db7bd330ca574b5edab/gnocchi.8ee0d5dc-9997-4606-9e6b-9dd19c2f8ea7/none_v3" "tx0386ababe7be4db3a838a-00692c9018" "proxy-server 97815" 0.0146 "-" 96823 0
Nov 30 13:42:32 np0005540255.novalocal object-server[96824]: ::1 - - [30/Nov/2025:18:42:32 +0000] "PUT /2/142574/AUTH_53b9bcf7d8194db7bd330ca574b5edab/gnocchi.8ee0d5dc-9997-4606-9e6b-9dd19c2f8ea7/none_v3" 201 - "PUT https://[::1]:8080/v1/AUTH_53b9bcf7d8194db7bd330ca574b5edab/gnocchi.8ee0d5dc-9997-4606-9e6b-9dd19c2f8ea7/none_v3" "tx0386ababe7be4db3a838a-00692c9018" "proxy-server 97815" 0.0143 "-" 96824 0
Nov 30 13:42:32 np0005540255.novalocal container-server[96491]: ::1 - - [30/Nov/2025:18:42:32 +0000] "PUT /1/15383/AUTH_53b9bcf7d8194db7bd330ca574b5edab/gnocchi.8ee0d5dc-9997-4606-9e6b-9dd19c2f8ea7/none_v3" 201 - "PUT http://[::1]:8080/3/142574/AUTH_53b9bcf7d8194db7bd330ca574b5edab/gnocchi.8ee0d5dc-9997-4606-9e6b-9dd19c2f8ea7/none_v3" "tx0386ababe7be4db3a838a-00692c9018" "object-server 96824" 0.0006 "-" 96491 0
Nov 30 13:42:32 np0005540255.novalocal object-server[96824]: ::1 - - [30/Nov/2025:18:42:32 +0000] "PUT /3/142574/AUTH_53b9bcf7d8194db7bd330ca574b5edab/gnocchi.8ee0d5dc-9997-4606-9e6b-9dd19c2f8ea7/none_v3" 201 - "PUT https://[::1]:8080/v1/AUTH_53b9bcf7d8194db7bd330ca574b5edab/gnocchi.8ee0d5dc-9997-4606-9e6b-9dd19c2f8ea7/none_v3" "tx0386ababe7be4db3a838a-00692c9018" "proxy-server 97815" 0.0179 "-" 96824 0
Nov 30 13:42:32 np0005540255.novalocal proxy-server[97815]: ::1 ::1 30/Nov/2025/18/42/32 PUT /v1/AUTH_53b9bcf7d8194db7bd330ca574b5edab/gnocchi.8ee0d5dc-9997-4606-9e6b-9dd19c2f8ea7/none_v3 HTTP/1.0 201 - python-swiftclient-4.7.0 gAAAAABpLI-56T9k... 22 - - tx0386ababe7be4db3a838a-00692c9018 - 0.0301 - - 1764528152.609574318 1764528152.639724255 0
Nov 30 13:42:32 np0005540255.novalocal container-server[96490]: ::1 - - [30/Nov/2025:18:42:32 +0000] "GET /1/211486/AUTH_53b9bcf7d8194db7bd330ca574b5edab/gnocchi.89404cac-34da-4f04-9af0-2edb6795cdae" 200 2 "GET https://[::1]:8080/v1/AUTH_53b9bcf7d8194db7bd330ca574b5edab/gnocchi.89404cac-34da-4f04-9af0-2edb6795cdae?format=json&states=listing" "txde76f884a88f46d9a8fbe-00692c9018" "proxy-server 97815" 0.0132 "-" 96490 0
Nov 30 13:42:32 np0005540255.novalocal proxy-server[97815]: ::1 ::1 30/Nov/2025/18/42/32 GET /v1/AUTH_53b9bcf7d8194db7bd330ca574b5edab/gnocchi.89404cac-34da-4f04-9af0-2edb6795cdae%3Fformat%3Djson%26states%3Dlisting HTTP/1.0 200 - python-swiftclient-4.7.0 gAAAAABpLI-5FlkI... - 2 - txde76f884a88f46d9a8fbe-00692c9018 - 0.0348 - - 1764528152.625022173 1764528152.659802914 0
Nov 30 13:42:32 np0005540255.novalocal container-server[96491]: ::1 - - [30/Nov/2025:18:42:32 +0000] "HEAD /1/4509/AUTH_53b9bcf7d8194db7bd330ca574b5edab/gnocchi.e229542c-503c-4406-84d8-641bb77832b2" 404 - "HEAD http://[::1]:8080/v1/AUTH_53b9bcf7d8194db7bd330ca574b5edab/gnocchi.e229542c-503c-4406-84d8-641bb77832b2" "txbee98009848249fdbe072-00692c9018" "proxy-server 97815" 0.0003 "-" 96491 0
Nov 30 13:42:32 np0005540255.novalocal object-server[96823]: ::1 - - [30/Nov/2025:18:42:32 +0000] "GET /3/248057/AUTH_53b9bcf7d8194db7bd330ca574b5edab/gnocchi.89404cac-34da-4f04-9af0-2edb6795cdae/1763640000.0_mean_300.0_v3" 404 70 "GET https://[::1]:8080/v1/AUTH_53b9bcf7d8194db7bd330ca574b5edab/gnocchi.89404cac-34da-4f04-9af0-2edb6795cdae/1763640000.0_mean_300.0_v3" "txdd48b5e7c2df4d6e9d95a-00692c9018" "proxy-server 97815" 0.0004 "-" 96823 0
Nov 30 13:42:32 np0005540255.novalocal container-server[96490]: ::1 - - [30/Nov/2025:18:42:32 +0000] "HEAD /2/4509/AUTH_53b9bcf7d8194db7bd330ca574b5edab/gnocchi.e229542c-503c-4406-84d8-641bb77832b2" 404 - "HEAD http://[::1]:8080/v1/AUTH_53b9bcf7d8194db7bd330ca574b5edab/gnocchi.e229542c-503c-4406-84d8-641bb77832b2" "txbee98009848249fdbe072-00692c9018" "proxy-server 97815" 0.0003 "-" 96490 0
Nov 30 13:42:32 np0005540255.novalocal object-server[96824]: ::1 - - [30/Nov/2025:18:42:32 +0000] "GET /1/248057/AUTH_53b9bcf7d8194db7bd330ca574b5edab/gnocchi.89404cac-34da-4f04-9af0-2edb6795cdae/1763640000.0_mean_300.0_v3" 404 70 "GET https://[::1]:8080/v1/AUTH_53b9bcf7d8194db7bd330ca574b5edab/gnocchi.89404cac-34da-4f04-9af0-2edb6795cdae/1763640000.0_mean_300.0_v3" "txdd48b5e7c2df4d6e9d95a-00692c9018" "proxy-server 97815" 0.0003 "-" 96824 0
Nov 30 13:42:32 np0005540255.novalocal container-server[96490]: ::1 - - [30/Nov/2025:18:42:32 +0000] "HEAD /3/4509/AUTH_53b9bcf7d8194db7bd330ca574b5edab/gnocchi.e229542c-503c-4406-84d8-641bb77832b2" 404 - "HEAD http://[::1]:8080/v1/AUTH_53b9bcf7d8194db7bd330ca574b5edab/gnocchi.e229542c-503c-4406-84d8-641bb77832b2" "txbee98009848249fdbe072-00692c9018" "proxy-server 97815" 0.0002 "-" 96490 0
Nov 30 13:42:32 np0005540255.novalocal proxy-server[97815]: - - 30/Nov/2025/18/42/32 HEAD /v1/AUTH_53b9bcf7d8194db7bd330ca574b5edab/gnocchi.e229542c-503c-4406-84d8-641bb77832b2 HTTP/1.0 404 - Swift - - - - txbee98009848249fdbe072-00692c9018 - 0.0200 CS - 1764528152.665783882 1764528152.685759783 0
Nov 30 13:42:32 np0005540255.novalocal object-server[96823]: ::1 - - [30/Nov/2025:18:42:32 +0000] "GET /2/248057/AUTH_53b9bcf7d8194db7bd330ca574b5edab/gnocchi.89404cac-34da-4f04-9af0-2edb6795cdae/1763640000.0_mean_300.0_v3" 404 70 "GET https://[::1]:8080/v1/AUTH_53b9bcf7d8194db7bd330ca574b5edab/gnocchi.89404cac-34da-4f04-9af0-2edb6795cdae/1763640000.0_mean_300.0_v3" "txdd48b5e7c2df4d6e9d95a-00692c9018" "proxy-server 97815" 0.0003 "-" 96823 0
Nov 30 13:42:32 np0005540255.novalocal proxy-server[97815]: ::1 ::1 30/Nov/2025/18/42/32 GET /v1/AUTH_53b9bcf7d8194db7bd330ca574b5edab/gnocchi.89404cac-34da-4f04-9af0-2edb6795cdae/1763640000.0_mean_300.0_v3 HTTP/1.0 404 - python-swiftclient-4.7.0 gAAAAABpLI-5FlkI... - 70 - txdd48b5e7c2df4d6e9d95a-00692c9018 - 0.0211 - - 1764528152.670624971 1764528152.691690445 0
Nov 30 13:42:32 np0005540255.novalocal object-server[96823]: ::1 - - [30/Nov/2025:18:42:32 +0000] "GET /2/184827/AUTH_53b9bcf7d8194db7bd330ca574b5edab/gnocchi.e229542c-503c-4406-84d8-641bb77832b2/none_v3" 404 70 "GET https://[::1]:8080/v1/AUTH_53b9bcf7d8194db7bd330ca574b5edab/gnocchi.e229542c-503c-4406-84d8-641bb77832b2/none_v3" "txbee98009848249fdbe072-00692c9018" "proxy-server 97815" 0.0007 "-" 96823 0
Nov 30 13:42:32 np0005540255.novalocal object-server[96824]: ::1 - - [30/Nov/2025:18:42:32 +0000] "GET /3/184827/AUTH_53b9bcf7d8194db7bd330ca574b5edab/gnocchi.e229542c-503c-4406-84d8-641bb77832b2/none_v3" 404 70 "GET https://[::1]:8080/v1/AUTH_53b9bcf7d8194db7bd330ca574b5edab/gnocchi.e229542c-503c-4406-84d8-641bb77832b2/none_v3" "txbee98009848249fdbe072-00692c9018" "proxy-server 97815" 0.0002 "-" 96824 0
Nov 30 13:42:32 np0005540255.novalocal object-server[96824]: ::1 - - [30/Nov/2025:18:42:32 +0000] "GET /1/184827/AUTH_53b9bcf7d8194db7bd330ca574b5edab/gnocchi.e229542c-503c-4406-84d8-641bb77832b2/none_v3" 404 70 "GET https://[::1]:8080/v1/AUTH_53b9bcf7d8194db7bd330ca574b5edab/gnocchi.e229542c-503c-4406-84d8-641bb77832b2/none_v3" "txbee98009848249fdbe072-00692c9018" "proxy-server 97815" 0.0002 "-" 96824 0
Nov 30 13:42:32 np0005540255.novalocal proxy-server[97815]: ::1 ::1 30/Nov/2025/18/42/32 GET /v1/AUTH_53b9bcf7d8194db7bd330ca574b5edab/gnocchi.e229542c-503c-4406-84d8-641bb77832b2/none_v3 HTTP/1.0 404 - python-swiftclient-4.7.0 gAAAAABpLI-56T9k... - 70 - txbee98009848249fdbe072-00692c9018 - 0.0481 - - 1764528152.663070917 1764528152.711136341 0
Nov 30 13:42:32 np0005540255.novalocal sudo[106023]: pam_unix(sudo:session): session closed for user root
Nov 30 13:42:32 np0005540255.novalocal systemd[1]: session-c120.scope: Deactivated successfully.
Nov 30 13:42:32 np0005540255.novalocal container-server[96490]: ::1 - - [30/Nov/2025:18:42:32 +0000] "PUT /2/211486/AUTH_53b9bcf7d8194db7bd330ca574b5edab/gnocchi.89404cac-34da-4f04-9af0-2edb6795cdae/1763640000.0_mean_300.0_v3" 201 - "PUT http://[::1]:8080/2/248057/AUTH_53b9bcf7d8194db7bd330ca574b5edab/gnocchi.89404cac-34da-4f04-9af0-2edb6795cdae/1763640000.0_mean_300.0_v3" "tx7a8220e9a30a4c43834de-00692c9018" "object-server 96824" 0.0008 "-" 96490 0
Nov 30 13:42:32 np0005540255.novalocal object-server[96824]: ::1 - - [30/Nov/2025:18:42:32 +0000] "PUT /2/248057/AUTH_53b9bcf7d8194db7bd330ca574b5edab/gnocchi.89404cac-34da-4f04-9af0-2edb6795cdae/1763640000.0_mean_300.0_v3" 201 - "PUT https://[::1]:8080/v1/AUTH_53b9bcf7d8194db7bd330ca574b5edab/gnocchi.89404cac-34da-4f04-9af0-2edb6795cdae/1763640000.0_mean_300.0_v3" "tx7a8220e9a30a4c43834de-00692c9018" "proxy-server 97815" 0.0666 "-" 96824 0
Nov 30 13:42:32 np0005540255.novalocal account-server[96196]: ::1 - - [30/Nov/2025:18:42:32 +0000] "PUT /1/128474/AUTH_53b9bcf7d8194db7bd330ca574b5edab/gnocchi.e229542c-503c-4406-84d8-641bb77832b2" 201 - "PUT http://[::1]:6001/3/4509/AUTH_53b9bcf7d8194db7bd330ca574b5edab/gnocchi.e229542c-503c-4406-84d8-641bb77832b2" "tx083b5954d169473488891-00692c9018" "container-server 96490" 0.0039 "-" 96196 0
Nov 30 13:42:32 np0005540255.novalocal container-server[96490]: ::1 - - [30/Nov/2025:18:42:32 +0000] "PUT /3/4509/AUTH_53b9bcf7d8194db7bd330ca574b5edab/gnocchi.e229542c-503c-4406-84d8-641bb77832b2" 201 - "PUT https://[::1]:8080/v1/AUTH_53b9bcf7d8194db7bd330ca574b5edab/gnocchi.e229542c-503c-4406-84d8-641bb77832b2" "tx083b5954d169473488891-00692c9018" "proxy-server 97815" 0.0606 "-" 96490 0
Nov 30 13:42:32 np0005540255.novalocal container-server[96490]: ::1 - - [30/Nov/2025:18:42:32 +0000] "PUT /3/211486/AUTH_53b9bcf7d8194db7bd330ca574b5edab/gnocchi.89404cac-34da-4f04-9af0-2edb6795cdae/1763640000.0_mean_300.0_v3" 201 - "PUT http://[::1]:8080/3/248057/AUTH_53b9bcf7d8194db7bd330ca574b5edab/gnocchi.89404cac-34da-4f04-9af0-2edb6795cdae/1763640000.0_mean_300.0_v3" "tx7a8220e9a30a4c43834de-00692c9018" "object-server 96823" 0.0004 "-" 96490 0
Nov 30 13:42:32 np0005540255.novalocal object-server[96823]: ::1 - - [30/Nov/2025:18:42:32 +0000] "PUT /3/248057/AUTH_53b9bcf7d8194db7bd330ca574b5edab/gnocchi.89404cac-34da-4f04-9af0-2edb6795cdae/1763640000.0_mean_300.0_v3" 201 - "PUT https://[::1]:8080/v1/AUTH_53b9bcf7d8194db7bd330ca574b5edab/gnocchi.89404cac-34da-4f04-9af0-2edb6795cdae/1763640000.0_mean_300.0_v3" "tx7a8220e9a30a4c43834de-00692c9018" "proxy-server 97815" 0.0702 "-" 96823 0
Nov 30 13:42:32 np0005540255.novalocal container-server[96491]: ::1 - - [30/Nov/2025:18:42:32 +0000] "PUT /1/211486/AUTH_53b9bcf7d8194db7bd330ca574b5edab/gnocchi.89404cac-34da-4f04-9af0-2edb6795cdae/1763640000.0_mean_300.0_v3" 201 - "PUT http://[::1]:8080/1/248057/AUTH_53b9bcf7d8194db7bd330ca574b5edab/gnocchi.89404cac-34da-4f04-9af0-2edb6795cdae/1763640000.0_mean_300.0_v3" "tx7a8220e9a30a4c43834de-00692c9018" "object-server 96823" 0.0010 "-" 96491 0
Nov 30 13:42:32 np0005540255.novalocal object-server[96823]: ::1 - - [30/Nov/2025:18:42:32 +0000] "PUT /1/248057/AUTH_53b9bcf7d8194db7bd330ca574b5edab/gnocchi.89404cac-34da-4f04-9af0-2edb6795cdae/1763640000.0_mean_300.0_v3" 201 - "PUT https://[::1]:8080/v1/AUTH_53b9bcf7d8194db7bd330ca574b5edab/gnocchi.89404cac-34da-4f04-9af0-2edb6795cdae/1763640000.0_mean_300.0_v3" "tx7a8220e9a30a4c43834de-00692c9018" "proxy-server 97815" 0.0822 "-" 96823 0
Nov 30 13:42:32 np0005540255.novalocal proxy-server[97815]: ::1 ::1 30/Nov/2025/18/42/32 PUT /v1/AUTH_53b9bcf7d8194db7bd330ca574b5edab/gnocchi.89404cac-34da-4f04-9af0-2edb6795cdae/1763640000.0_mean_300.0_v3 HTTP/1.0 201 - python-swiftclient-4.7.0 gAAAAABpLI-5FlkI... 16 - - tx7a8220e9a30a4c43834de-00692c9018 - 0.0925 - - 1764528152.701525211 1764528152.793979406 0
Nov 30 13:42:32 np0005540255.novalocal sudo[106029]: cinder : PWD=/ ; USER=root ; COMMAND=/usr/bin/cinder-rootwrap /etc/cinder/rootwrap.conf dd count=0 if=/var/lib/cinder/conversion/image_fetch_87898286-7424-4fc9-a919-1795cfc86812_1yjacqunnp0005540255.novalocal@BACKEND_1 of=/dev/mapper/cinder--volumes-volume--fca1afd7--18d1--494d--a8b9--c6016df1ae70 oflag=direct
Nov 30 13:42:32 np0005540255.novalocal account-server[96196]: ::1 - - [30/Nov/2025:18:42:32 +0000] "PUT /3/128474/AUTH_53b9bcf7d8194db7bd330ca574b5edab/gnocchi.e229542c-503c-4406-84d8-641bb77832b2" 201 - "PUT http://[::1]:6001/2/4509/AUTH_53b9bcf7d8194db7bd330ca574b5edab/gnocchi.e229542c-503c-4406-84d8-641bb77832b2" "tx083b5954d169473488891-00692c9018" "container-server 96491" 0.0051 "-" 96196 0
Nov 30 13:42:32 np0005540255.novalocal container-server[96491]: ::1 - - [30/Nov/2025:18:42:32 +0000] "PUT /2/4509/AUTH_53b9bcf7d8194db7bd330ca574b5edab/gnocchi.e229542c-503c-4406-84d8-641bb77832b2" 201 - "PUT https://[::1]:8080/v1/AUTH_53b9bcf7d8194db7bd330ca574b5edab/gnocchi.e229542c-503c-4406-84d8-641bb77832b2" "tx083b5954d169473488891-00692c9018" "proxy-server 97815" 0.0773 "-" 96491 0
Nov 30 13:42:32 np0005540255.novalocal account-server[96195]: ::1 - - [30/Nov/2025:18:42:32 +0000] "PUT /2/128474/AUTH_53b9bcf7d8194db7bd330ca574b5edab/gnocchi.e229542c-503c-4406-84d8-641bb77832b2" 201 - "PUT http://[::1]:6001/1/4509/AUTH_53b9bcf7d8194db7bd330ca574b5edab/gnocchi.e229542c-503c-4406-84d8-641bb77832b2" "tx083b5954d169473488891-00692c9018" "container-server 96491" 0.0051 "-" 96195 0
Nov 30 13:42:32 np0005540255.novalocal container-server[96491]: ::1 - - [30/Nov/2025:18:42:32 +0000] "PUT /1/4509/AUTH_53b9bcf7d8194db7bd330ca574b5edab/gnocchi.e229542c-503c-4406-84d8-641bb77832b2" 201 - "PUT https://[::1]:8080/v1/AUTH_53b9bcf7d8194db7bd330ca574b5edab/gnocchi.e229542c-503c-4406-84d8-641bb77832b2" "tx083b5954d169473488891-00692c9018" "proxy-server 97815" 0.0216 "-" 96491 0
Nov 30 13:42:32 np0005540255.novalocal proxy-server[97815]: ::1 ::1 30/Nov/2025/18/42/32 PUT /v1/AUTH_53b9bcf7d8194db7bd330ca574b5edab/gnocchi.e229542c-503c-4406-84d8-641bb77832b2 HTTP/1.0 201 - python-swiftclient-4.7.0 gAAAAABpLI-56T9k... - - - tx083b5954d169473488891-00692c9018 - 0.0854 - - 1764528152.714332581 1764528152.799767017 0
Nov 30 13:42:32 np0005540255.novalocal container-server[96491]: ::1 - - [30/Nov/2025:18:42:32 +0000] "HEAD /2/4509/AUTH_53b9bcf7d8194db7bd330ca574b5edab/gnocchi.e229542c-503c-4406-84d8-641bb77832b2" 204 - "HEAD http://[::1]:8080/v1/AUTH_53b9bcf7d8194db7bd330ca574b5edab/gnocchi.e229542c-503c-4406-84d8-641bb77832b2" "tx70c5d3c65ab4488d85ca0-00692c9018" "proxy-server 97815" 0.0019 "-" 96491 0
Nov 30 13:42:32 np0005540255.novalocal proxy-server[97815]: - - 30/Nov/2025/18/42/32 HEAD /v1/AUTH_53b9bcf7d8194db7bd330ca574b5edab/gnocchi.e229542c-503c-4406-84d8-641bb77832b2 HTTP/1.0 204 - Swift - - - - tx70c5d3c65ab4488d85ca0-00692c9018 - 0.0048 CS - 1764528152.805358410 1764528152.810171604 0
Nov 30 13:42:32 np0005540255.novalocal systemd[1]: Started Session c121 of User root.
Nov 30 13:42:32 np0005540255.novalocal container-server[96491]: ::1 - - [30/Nov/2025:18:42:32 +0000] "PUT /2/211486/AUTH_53b9bcf7d8194db7bd330ca574b5edab/gnocchi.89404cac-34da-4f04-9af0-2edb6795cdae/none_v3" 201 - "PUT http://[::1]:8080/2/32399/AUTH_53b9bcf7d8194db7bd330ca574b5edab/gnocchi.89404cac-34da-4f04-9af0-2edb6795cdae/none_v3" "tx6d5dce70f9bd49259506a-00692c9018" "object-server 96824" 0.0006 "-" 96491 0
Nov 30 13:42:32 np0005540255.novalocal object-server[96824]: ::1 - - [30/Nov/2025:18:42:32 +0000] "PUT /2/32399/AUTH_53b9bcf7d8194db7bd330ca574b5edab/gnocchi.89404cac-34da-4f04-9af0-2edb6795cdae/none_v3" 201 - "PUT https://[::1]:8080/v1/AUTH_53b9bcf7d8194db7bd330ca574b5edab/gnocchi.89404cac-34da-4f04-9af0-2edb6795cdae/none_v3" "tx6d5dce70f9bd49259506a-00692c9018" "proxy-server 97815" 0.0120 "-" 96824 0
Nov 30 13:42:32 np0005540255.novalocal sudo[106029]: pam_unix(sudo:session): session opened for user root(uid=0) by (uid=165)
Nov 30 13:42:32 np0005540255.novalocal container-server[96490]: ::1 - - [30/Nov/2025:18:42:32 +0000] "GET /2/4509/AUTH_53b9bcf7d8194db7bd330ca574b5edab/gnocchi.e229542c-503c-4406-84d8-641bb77832b2" 200 2 "GET https://[::1]:8080/v1/AUTH_53b9bcf7d8194db7bd330ca574b5edab/gnocchi.e229542c-503c-4406-84d8-641bb77832b2?format=json&states=listing" "tx70c5d3c65ab4488d85ca0-00692c9018" "proxy-server 97815" 0.0070 "-" 96490 0
Nov 30 13:42:32 np0005540255.novalocal container-server[96490]: ::1 - - [30/Nov/2025:18:42:32 +0000] "PUT /3/211486/AUTH_53b9bcf7d8194db7bd330ca574b5edab/gnocchi.89404cac-34da-4f04-9af0-2edb6795cdae/none_v3" 201 - "PUT http://[::1]:8080/3/32399/AUTH_53b9bcf7d8194db7bd330ca574b5edab/gnocchi.89404cac-34da-4f04-9af0-2edb6795cdae/none_v3" "tx6d5dce70f9bd49259506a-00692c9018" "object-server 96824" 0.0003 "-" 96490 0
Nov 30 13:42:32 np0005540255.novalocal proxy-server[97815]: ::1 ::1 30/Nov/2025/18/42/32 GET /v1/AUTH_53b9bcf7d8194db7bd330ca574b5edab/gnocchi.e229542c-503c-4406-84d8-641bb77832b2%3Fformat%3Djson%26states%3Dlisting HTTP/1.0 200 - python-swiftclient-4.7.0 gAAAAABpLI-56T9k... - 2 - tx70c5d3c65ab4488d85ca0-00692c9018 - 0.0176 - - 1764528152.804903030 1764528152.822481394 0
Nov 30 13:42:32 np0005540255.novalocal container-server[96490]: ::1 - - [30/Nov/2025:18:42:32 +0000] "PUT /1/211486/AUTH_53b9bcf7d8194db7bd330ca574b5edab/gnocchi.89404cac-34da-4f04-9af0-2edb6795cdae/none_v3" 201 - "PUT http://[::1]:8080/1/32399/AUTH_53b9bcf7d8194db7bd330ca574b5edab/gnocchi.89404cac-34da-4f04-9af0-2edb6795cdae/none_v3" "tx6d5dce70f9bd49259506a-00692c9018" "object-server 96823" 0.0003 "-" 96490 0
Nov 30 13:42:32 np0005540255.novalocal object-server[96823]: ::1 - - [30/Nov/2025:18:42:32 +0000] "PUT /1/32399/AUTH_53b9bcf7d8194db7bd330ca574b5edab/gnocchi.89404cac-34da-4f04-9af0-2edb6795cdae/none_v3" 201 - "PUT https://[::1]:8080/v1/AUTH_53b9bcf7d8194db7bd330ca574b5edab/gnocchi.89404cac-34da-4f04-9af0-2edb6795cdae/none_v3" "tx6d5dce70f9bd49259506a-00692c9018" "proxy-server 97815" 0.0201 "-" 96823 0
Nov 30 13:42:32 np0005540255.novalocal object-server[96824]: ::1 - - [30/Nov/2025:18:42:32 +0000] "PUT /3/32399/AUTH_53b9bcf7d8194db7bd330ca574b5edab/gnocchi.89404cac-34da-4f04-9af0-2edb6795cdae/none_v3" 201 - "PUT https://[::1]:8080/v1/AUTH_53b9bcf7d8194db7bd330ca574b5edab/gnocchi.89404cac-34da-4f04-9af0-2edb6795cdae/none_v3" "tx6d5dce70f9bd49259506a-00692c9018" "proxy-server 97815" 0.0186 "-" 96824 0
Nov 30 13:42:32 np0005540255.novalocal proxy-server[97815]: ::1 ::1 30/Nov/2025/18/42/32 PUT /v1/AUTH_53b9bcf7d8194db7bd330ca574b5edab/gnocchi.89404cac-34da-4f04-9af0-2edb6795cdae/none_v3 HTTP/1.0 201 - python-swiftclient-4.7.0 gAAAAABpLI-5FlkI... 22 - - tx6d5dce70f9bd49259506a-00692c9018 - 0.0278 - - 1764528152.798118830 1764528152.825920105 0
Nov 30 13:42:32 np0005540255.novalocal object-server[96824]: ::1 - - [30/Nov/2025:18:42:32 +0000] "GET /2/51483/AUTH_53b9bcf7d8194db7bd330ca574b5edab/gnocchi.e229542c-503c-4406-84d8-641bb77832b2/1763640000.0_mean_300.0_v3" 404 70 "GET https://[::1]:8080/v1/AUTH_53b9bcf7d8194db7bd330ca574b5edab/gnocchi.e229542c-503c-4406-84d8-641bb77832b2/1763640000.0_mean_300.0_v3" "tx131ab9cfa97c430ea45ae-00692c9018" "proxy-server 97815" 0.0002 "-" 96824 0
Nov 30 13:42:32 np0005540255.novalocal object-server[96824]: ::1 - - [30/Nov/2025:18:42:32 +0000] "GET /3/51483/AUTH_53b9bcf7d8194db7bd330ca574b5edab/gnocchi.e229542c-503c-4406-84d8-641bb77832b2/1763640000.0_mean_300.0_v3" 404 70 "GET https://[::1]:8080/v1/AUTH_53b9bcf7d8194db7bd330ca574b5edab/gnocchi.e229542c-503c-4406-84d8-641bb77832b2/1763640000.0_mean_300.0_v3" "tx131ab9cfa97c430ea45ae-00692c9018" "proxy-server 97815" 0.0002 "-" 96824 0
Nov 30 13:42:32 np0005540255.novalocal object-server[96823]: ::1 - - [30/Nov/2025:18:42:32 +0000] "GET /1/51483/AUTH_53b9bcf7d8194db7bd330ca574b5edab/gnocchi.e229542c-503c-4406-84d8-641bb77832b2/1763640000.0_mean_300.0_v3" 404 70 "GET https://[::1]:8080/v1/AUTH_53b9bcf7d8194db7bd330ca574b5edab/gnocchi.e229542c-503c-4406-84d8-641bb77832b2/1763640000.0_mean_300.0_v3" "tx131ab9cfa97c430ea45ae-00692c9018" "proxy-server 97815" 0.0003 "-" 96823 0
Nov 30 13:42:32 np0005540255.novalocal proxy-server[97815]: ::1 ::1 30/Nov/2025/18/42/32 GET /v1/AUTH_53b9bcf7d8194db7bd330ca574b5edab/gnocchi.e229542c-503c-4406-84d8-641bb77832b2/1763640000.0_mean_300.0_v3 HTTP/1.0 404 - python-swiftclient-4.7.0 gAAAAABpLI-56T9k... - 70 - tx131ab9cfa97c430ea45ae-00692c9018 - 0.0120 - - 1764528152.825084448 1764528152.837093353 0
Nov 30 13:42:32 np0005540255.novalocal container-server[96490]: ::1 - - [30/Nov/2025:18:42:32 +0000] "PUT /1/4509/AUTH_53b9bcf7d8194db7bd330ca574b5edab/gnocchi.e229542c-503c-4406-84d8-641bb77832b2/1763640000.0_mean_300.0_v3" 201 - "PUT http://[::1]:8080/2/51483/AUTH_53b9bcf7d8194db7bd330ca574b5edab/gnocchi.e229542c-503c-4406-84d8-641bb77832b2/1763640000.0_mean_300.0_v3" "tx56665c97854542f1919cf-00692c9018" "object-server 96823" 0.0005 "-" 96490 0
Nov 30 13:42:32 np0005540255.novalocal object-server[96823]: ::1 - - [30/Nov/2025:18:42:32 +0000] "PUT /2/51483/AUTH_53b9bcf7d8194db7bd330ca574b5edab/gnocchi.e229542c-503c-4406-84d8-641bb77832b2/1763640000.0_mean_300.0_v3" 201 - "PUT https://[::1]:8080/v1/AUTH_53b9bcf7d8194db7bd330ca574b5edab/gnocchi.e229542c-503c-4406-84d8-641bb77832b2/1763640000.0_mean_300.0_v3" "tx56665c97854542f1919cf-00692c9018" "proxy-server 97815" 0.0101 "-" 96823 0
Nov 30 13:42:32 np0005540255.novalocal container-server[96491]: ::1 - - [30/Nov/2025:18:42:32 +0000] "PUT /2/4509/AUTH_53b9bcf7d8194db7bd330ca574b5edab/gnocchi.e229542c-503c-4406-84d8-641bb77832b2/1763640000.0_mean_300.0_v3" 201 - "PUT http://[::1]:8080/3/51483/AUTH_53b9bcf7d8194db7bd330ca574b5edab/gnocchi.e229542c-503c-4406-84d8-641bb77832b2/1763640000.0_mean_300.0_v3" "tx56665c97854542f1919cf-00692c9018" "object-server 96823" 0.0006 "-" 96491 0
Nov 30 13:42:32 np0005540255.novalocal object-server[96823]: ::1 - - [30/Nov/2025:18:42:32 +0000] "PUT /3/51483/AUTH_53b9bcf7d8194db7bd330ca574b5edab/gnocchi.e229542c-503c-4406-84d8-641bb77832b2/1763640000.0_mean_300.0_v3" 201 - "PUT https://[::1]:8080/v1/AUTH_53b9bcf7d8194db7bd330ca574b5edab/gnocchi.e229542c-503c-4406-84d8-641bb77832b2/1763640000.0_mean_300.0_v3" "tx56665c97854542f1919cf-00692c9018" "proxy-server 97815" 0.0089 "-" 96823 0
Nov 30 13:42:32 np0005540255.novalocal container-server[96491]: ::1 - - [30/Nov/2025:18:42:32 +0000] "HEAD /2/173809/AUTH_53b9bcf7d8194db7bd330ca574b5edab/gnocchi.b13fd8e4-2fd8-4ec2-ab38-d6c9a3b5d8c4" 404 - "HEAD http://[::1]:8080/v1/AUTH_53b9bcf7d8194db7bd330ca574b5edab/gnocchi.b13fd8e4-2fd8-4ec2-ab38-d6c9a3b5d8c4" "txb4518443f81e4cbc9dd62-00692c9018" "proxy-server 97815" 0.0003 "-" 96491 0
Nov 30 13:42:32 np0005540255.novalocal container-server[96491]: ::1 - - [30/Nov/2025:18:42:32 +0000] "HEAD /1/173809/AUTH_53b9bcf7d8194db7bd330ca574b5edab/gnocchi.b13fd8e4-2fd8-4ec2-ab38-d6c9a3b5d8c4" 404 - "HEAD http://[::1]:8080/v1/AUTH_53b9bcf7d8194db7bd330ca574b5edab/gnocchi.b13fd8e4-2fd8-4ec2-ab38-d6c9a3b5d8c4" "txb4518443f81e4cbc9dd62-00692c9018" "proxy-server 97815" 0.0002 "-" 96491 0
Nov 30 13:42:32 np0005540255.novalocal container-server[96490]: ::1 - - [30/Nov/2025:18:42:32 +0000] "HEAD /3/173809/AUTH_53b9bcf7d8194db7bd330ca574b5edab/gnocchi.b13fd8e4-2fd8-4ec2-ab38-d6c9a3b5d8c4" 404 - "HEAD http://[::1]:8080/v1/AUTH_53b9bcf7d8194db7bd330ca574b5edab/gnocchi.b13fd8e4-2fd8-4ec2-ab38-d6c9a3b5d8c4" "txb4518443f81e4cbc9dd62-00692c9018" "proxy-server 97815" 0.0003 "-" 96490 0
Nov 30 13:42:32 np0005540255.novalocal container-server[96491]: ::1 - - [30/Nov/2025:18:42:32 +0000] "PUT /3/4509/AUTH_53b9bcf7d8194db7bd330ca574b5edab/gnocchi.e229542c-503c-4406-84d8-641bb77832b2/1763640000.0_mean_300.0_v3" 201 - "PUT http://[::1]:8080/1/51483/AUTH_53b9bcf7d8194db7bd330ca574b5edab/gnocchi.e229542c-503c-4406-84d8-641bb77832b2/1763640000.0_mean_300.0_v3" "tx56665c97854542f1919cf-00692c9018" "object-server 96823" 0.0004 "-" 96491 0
Nov 30 13:42:32 np0005540255.novalocal proxy-server[97815]: - - 30/Nov/2025/18/42/32 HEAD /v1/AUTH_53b9bcf7d8194db7bd330ca574b5edab/gnocchi.b13fd8e4-2fd8-4ec2-ab38-d6c9a3b5d8c4 HTTP/1.0 404 - Swift - - - - txb4518443f81e4cbc9dd62-00692c9018 - 0.0070 CS - 1764528152.861746073 1764528152.868751526 0
Nov 30 13:42:32 np0005540255.novalocal object-server[96823]: ::1 - - [30/Nov/2025:18:42:32 +0000] "PUT /1/51483/AUTH_53b9bcf7d8194db7bd330ca574b5edab/gnocchi.e229542c-503c-4406-84d8-641bb77832b2/1763640000.0_mean_300.0_v3" 201 - "PUT https://[::1]:8080/v1/AUTH_53b9bcf7d8194db7bd330ca574b5edab/gnocchi.e229542c-503c-4406-84d8-641bb77832b2/1763640000.0_mean_300.0_v3" "tx56665c97854542f1919cf-00692c9018" "proxy-server 97815" 0.0242 "-" 96823 0
Nov 30 13:42:32 np0005540255.novalocal object-server[96823]: ::1 - - [30/Nov/2025:18:42:32 +0000] "GET /3/196552/AUTH_53b9bcf7d8194db7bd330ca574b5edab/gnocchi.b13fd8e4-2fd8-4ec2-ab38-d6c9a3b5d8c4/none_v3" 404 70 "GET https://[::1]:8080/v1/AUTH_53b9bcf7d8194db7bd330ca574b5edab/gnocchi.b13fd8e4-2fd8-4ec2-ab38-d6c9a3b5d8c4/none_v3" "txb4518443f81e4cbc9dd62-00692c9018" "proxy-server 97815" 0.0002 "-" 96823 0
Nov 30 13:42:32 np0005540255.novalocal proxy-server[97815]: ::1 ::1 30/Nov/2025/18/42/32 PUT /v1/AUTH_53b9bcf7d8194db7bd330ca574b5edab/gnocchi.e229542c-503c-4406-84d8-641bb77832b2/1763640000.0_mean_300.0_v3 HTTP/1.0 201 - python-swiftclient-4.7.0 gAAAAABpLI-56T9k... 16 - - tx56665c97854542f1919cf-00692c9018 - 0.0344 - - 1764528152.839168787 1764528152.873572111 0
Nov 30 13:42:32 np0005540255.novalocal object-server[96824]: ::1 - - [30/Nov/2025:18:42:32 +0000] "GET /2/196552/AUTH_53b9bcf7d8194db7bd330ca574b5edab/gnocchi.b13fd8e4-2fd8-4ec2-ab38-d6c9a3b5d8c4/none_v3" 404 70 "GET https://[::1]:8080/v1/AUTH_53b9bcf7d8194db7bd330ca574b5edab/gnocchi.b13fd8e4-2fd8-4ec2-ab38-d6c9a3b5d8c4/none_v3" "txb4518443f81e4cbc9dd62-00692c9018" "proxy-server 97815" 0.0003 "-" 96824 0
Nov 30 13:42:32 np0005540255.novalocal object-server[96823]: ::1 - - [30/Nov/2025:18:42:32 +0000] "GET /1/196552/AUTH_53b9bcf7d8194db7bd330ca574b5edab/gnocchi.b13fd8e4-2fd8-4ec2-ab38-d6c9a3b5d8c4/none_v3" 404 70 "GET https://[::1]:8080/v1/AUTH_53b9bcf7d8194db7bd330ca574b5edab/gnocchi.b13fd8e4-2fd8-4ec2-ab38-d6c9a3b5d8c4/none_v3" "txb4518443f81e4cbc9dd62-00692c9018" "proxy-server 97815" 0.0006 "-" 96823 0
Nov 30 13:42:32 np0005540255.novalocal proxy-server[97815]: ::1 ::1 30/Nov/2025/18/42/32 GET /v1/AUTH_53b9bcf7d8194db7bd330ca574b5edab/gnocchi.b13fd8e4-2fd8-4ec2-ab38-d6c9a3b5d8c4/none_v3 HTTP/1.0 404 - python-swiftclient-4.7.0 gAAAAABpLI-5FlkI... - 70 - txb4518443f81e4cbc9dd62-00692c9018 - 0.0255 - - 1764528152.861107349 1764528152.886613607 0
Nov 30 13:42:32 np0005540255.novalocal container-server[96491]: ::1 - - [30/Nov/2025:18:42:32 +0000] "PUT /2/4509/AUTH_53b9bcf7d8194db7bd330ca574b5edab/gnocchi.e229542c-503c-4406-84d8-641bb77832b2/none_v3" 201 - "PUT http://[::1]:8080/3/184827/AUTH_53b9bcf7d8194db7bd330ca574b5edab/gnocchi.e229542c-503c-4406-84d8-641bb77832b2/none_v3" "tx77e8d5ce1eb94dfb82deb-00692c9018" "object-server 96823" 0.0005 "-" 96491 0
Nov 30 13:42:32 np0005540255.novalocal container-server[96490]: ::1 - - [30/Nov/2025:18:42:32 +0000] "PUT /3/4509/AUTH_53b9bcf7d8194db7bd330ca574b5edab/gnocchi.e229542c-503c-4406-84d8-641bb77832b2/none_v3" 201 - "PUT http://[::1]:8080/2/184827/AUTH_53b9bcf7d8194db7bd330ca574b5edab/gnocchi.e229542c-503c-4406-84d8-641bb77832b2/none_v3" "tx77e8d5ce1eb94dfb82deb-00692c9018" "object-server 96823" 0.0004 "-" 96490 0
Nov 30 13:42:32 np0005540255.novalocal object-server[96823]: ::1 - - [30/Nov/2025:18:42:32 +0000] "PUT /3/184827/AUTH_53b9bcf7d8194db7bd330ca574b5edab/gnocchi.e229542c-503c-4406-84d8-641bb77832b2/none_v3" 201 - "PUT https://[::1]:8080/v1/AUTH_53b9bcf7d8194db7bd330ca574b5edab/gnocchi.e229542c-503c-4406-84d8-641bb77832b2/none_v3" "tx77e8d5ce1eb94dfb82deb-00692c9018" "proxy-server 97815" 0.0110 "-" 96823 0
Nov 30 13:42:32 np0005540255.novalocal container-server[96490]: ::1 - - [30/Nov/2025:18:42:32 +0000] "PUT /1/4509/AUTH_53b9bcf7d8194db7bd330ca574b5edab/gnocchi.e229542c-503c-4406-84d8-641bb77832b2/none_v3" 201 - "PUT http://[::1]:8080/1/184827/AUTH_53b9bcf7d8194db7bd330ca574b5edab/gnocchi.e229542c-503c-4406-84d8-641bb77832b2/none_v3" "tx77e8d5ce1eb94dfb82deb-00692c9018" "object-server 96823" 0.0004 "-" 96490 0
Nov 30 13:42:32 np0005540255.novalocal object-server[96823]: ::1 - - [30/Nov/2025:18:42:32 +0000] "PUT /2/184827/AUTH_53b9bcf7d8194db7bd330ca574b5edab/gnocchi.e229542c-503c-4406-84d8-641bb77832b2/none_v3" 201 - "PUT https://[::1]:8080/v1/AUTH_53b9bcf7d8194db7bd330ca574b5edab/gnocchi.e229542c-503c-4406-84d8-641bb77832b2/none_v3" "tx77e8d5ce1eb94dfb82deb-00692c9018" "proxy-server 97815" 0.0108 "-" 96823 0
Nov 30 13:42:32 np0005540255.novalocal object-server[96823]: ::1 - - [30/Nov/2025:18:42:32 +0000] "PUT /1/184827/AUTH_53b9bcf7d8194db7bd330ca574b5edab/gnocchi.e229542c-503c-4406-84d8-641bb77832b2/none_v3" 201 - "PUT https://[::1]:8080/v1/AUTH_53b9bcf7d8194db7bd330ca574b5edab/gnocchi.e229542c-503c-4406-84d8-641bb77832b2/none_v3" "tx77e8d5ce1eb94dfb82deb-00692c9018" "proxy-server 97815" 0.0137 "-" 96823 0
Nov 30 13:42:32 np0005540255.novalocal proxy-server[97815]: ::1 ::1 30/Nov/2025/18/42/32 PUT /v1/AUTH_53b9bcf7d8194db7bd330ca574b5edab/gnocchi.e229542c-503c-4406-84d8-641bb77832b2/none_v3 HTTP/1.0 201 - python-swiftclient-4.7.0 gAAAAABpLI-56T9k... 22 - - tx77e8d5ce1eb94dfb82deb-00692c9018 - 0.0214 - - 1764528152.876483679 1764528152.897860050 0
Nov 30 13:42:32 np0005540255.novalocal account-server[96196]: ::1 - - [30/Nov/2025:18:42:32 +0000] "PUT /3/128474/AUTH_53b9bcf7d8194db7bd330ca574b5edab/gnocchi.b13fd8e4-2fd8-4ec2-ab38-d6c9a3b5d8c4" 201 - "PUT http://[::1]:6001/2/173809/AUTH_53b9bcf7d8194db7bd330ca574b5edab/gnocchi.b13fd8e4-2fd8-4ec2-ab38-d6c9a3b5d8c4" "tx89a6974f3f8b431a9aea8-00692c9018" "container-server 96490" 0.0042 "-" 96196 0
