Nov 30 13:41:32 np0005540255.novalocal object-server[96824]: ::1 - - [30/Nov/2025:18:41:32 +0000] "GET /1/228112/AUTH_53b9bcf7d8194db7bd330ca574b5edab/gnocchi.d3a93d35-179b-4710-8d85-bf7c6b117201/none_v3" 404 70 "GET https://[::1]:8080/v1/AUTH_53b9bcf7d8194db7bd330ca574b5edab/gnocchi.d3a93d35-179b-4710-8d85-bf7c6b117201/none_v3" "txfbb5a5904c8a478295ff9-00692c8fdc" "proxy-server 97815" 0.0004 "-" 96824 0
Nov 30 13:41:32 np0005540255.novalocal proxy-server[97815]: ::1 ::1 30/Nov/2025/18/41/32 PUT /v1/AUTH_53b9bcf7d8194db7bd330ca574b5edab/gnocchi.7cb229d9-9e96-44df-8fb6-ad3dbad6cf80 HTTP/1.0 201 - python-swiftclient-4.7.0 gAAAAABpLI-56T9k... - - - txd907343c406443d9a5d1f-00692c8fdc - 0.0605 - - 1764528092.196665287 1764528092.257181168 0
Nov 30 13:41:32 np0005540255.novalocal object-server[96823]: ::1 - - [30/Nov/2025:18:41:32 +0000] "GET /3/228112/AUTH_53b9bcf7d8194db7bd330ca574b5edab/gnocchi.d3a93d35-179b-4710-8d85-bf7c6b117201/none_v3" 404 70 "GET https://[::1]:8080/v1/AUTH_53b9bcf7d8194db7bd330ca574b5edab/gnocchi.d3a93d35-179b-4710-8d85-bf7c6b117201/none_v3" "txfbb5a5904c8a478295ff9-00692c8fdc" "proxy-server 97815" 0.0003 "-" 96823 0
Nov 30 13:41:32 np0005540255.novalocal object-server[96823]: ::1 - - [30/Nov/2025:18:41:32 +0000] "GET /2/228112/AUTH_53b9bcf7d8194db7bd330ca574b5edab/gnocchi.d3a93d35-179b-4710-8d85-bf7c6b117201/none_v3" 404 70 "GET https://[::1]:8080/v1/AUTH_53b9bcf7d8194db7bd330ca574b5edab/gnocchi.d3a93d35-179b-4710-8d85-bf7c6b117201/none_v3" "txfbb5a5904c8a478295ff9-00692c8fdc" "proxy-server 97815" 0.0002 "-" 96823 0
Nov 30 13:41:32 np0005540255.novalocal proxy-server[97815]: ::1 ::1 30/Nov/2025/18/41/32 GET /v1/AUTH_53b9bcf7d8194db7bd330ca574b5edab/gnocchi.d3a93d35-179b-4710-8d85-bf7c6b117201/none_v3 HTTP/1.0 404 - python-swiftclient-4.7.0 gAAAAABpLI-5FlkI... - 70 - txfbb5a5904c8a478295ff9-00692c8fdc - 0.0341 - - 1764528092.229547024 1764528092.263684511 0
Nov 30 13:41:32 np0005540255.novalocal container-server[96491]: ::1 - - [30/Nov/2025:18:41:32 +0000] "HEAD /2/1303/AUTH_53b9bcf7d8194db7bd330ca574b5edab/gnocchi.7cb229d9-9e96-44df-8fb6-ad3dbad6cf80" 204 - "HEAD http://[::1]:8080/v1/AUTH_53b9bcf7d8194db7bd330ca574b5edab/gnocchi.7cb229d9-9e96-44df-8fb6-ad3dbad6cf80" "txf7182dd9eb644dc1b2657-00692c8fdc" "proxy-server 97815" 0.0015 "-" 96491 0
Nov 30 13:41:32 np0005540255.novalocal proxy-server[97815]: - - 30/Nov/2025/18/41/32 HEAD /v1/AUTH_53b9bcf7d8194db7bd330ca574b5edab/gnocchi.7cb229d9-9e96-44df-8fb6-ad3dbad6cf80 HTTP/1.0 204 - Swift - - - - txf7182dd9eb644dc1b2657-00692c8fdc - 0.0051 CS - 1764528092.264475584 1764528092.269538403 0
Nov 30 13:41:32 np0005540255.novalocal kernel: tap6e4c3e79-e2: entered promiscuous mode
Nov 30 13:41:32 np0005540255.novalocal NetworkManager[859]: [1764528092.2740] manager: (tap6e4c3e79-e2): 'openvswitch' plugin not available; creating generic device
Nov 30 13:41:32 np0005540255.novalocal NetworkManager[859]: [1764528092.2762] manager: (tap6e4c3e79-e2): new Generic device (/org/freedesktop/NetworkManager/Devices/30)
Nov 30 13:41:32 np0005540255.novalocal container-server[96491]: ::1 - - [30/Nov/2025:18:41:32 +0000] "GET /3/1303/AUTH_53b9bcf7d8194db7bd330ca574b5edab/gnocchi.7cb229d9-9e96-44df-8fb6-ad3dbad6cf80" 200 2 "GET https://[::1]:8080/v1/AUTH_53b9bcf7d8194db7bd330ca574b5edab/gnocchi.7cb229d9-9e96-44df-8fb6-ad3dbad6cf80?format=json&states=listing" "txf7182dd9eb644dc1b2657-00692c8fdc" "proxy-server 97815" 0.0024 "-" 96491 0
Nov 30 13:41:32 np0005540255.novalocal proxy-server[97815]: ::1 ::1 30/Nov/2025/18/41/32 GET /v1/AUTH_53b9bcf7d8194db7bd330ca574b5edab/gnocchi.7cb229d9-9e96-44df-8fb6-ad3dbad6cf80%3Fformat%3Djson%26states%3Dlisting HTTP/1.0 200 - python-swiftclient-4.7.0 gAAAAABpLI-56T9k... - 2 - txf7182dd9eb644dc1b2657-00692c8fdc - 0.0370 - - 1764528092.261319637 1764528092.298319340 0
Nov 30 13:41:32 np0005540255.novalocal object-server[96824]: ::1 - - [30/Nov/2025:18:41:32 +0000] "GET /2/235356/AUTH_53b9bcf7d8194db7bd330ca574b5edab/gnocchi.7cb229d9-9e96-44df-8fb6-ad3dbad6cf80/1763640000.0_mean_300.0_v3" 404 70 "GET https://[::1]:8080/v1/AUTH_53b9bcf7d8194db7bd330ca574b5edab/gnocchi.7cb229d9-9e96-44df-8fb6-ad3dbad6cf80/1763640000.0_mean_300.0_v3" "tx827351f9758a42b7bbca9-00692c8fdc" "proxy-server 97815" 0.0004 "-" 96824 0
Nov 30 13:41:32 np0005540255.novalocal object-server[96824]: ::1 - - [30/Nov/2025:18:41:32 +0000] "GET /3/235356/AUTH_53b9bcf7d8194db7bd330ca574b5edab/gnocchi.7cb229d9-9e96-44df-8fb6-ad3dbad6cf80/1763640000.0_mean_300.0_v3" 404 70 "GET https://[::1]:8080/v1/AUTH_53b9bcf7d8194db7bd330ca574b5edab/gnocchi.7cb229d9-9e96-44df-8fb6-ad3dbad6cf80/1763640000.0_mean_300.0_v3" "tx827351f9758a42b7bbca9-00692c8fdc" "proxy-server 97815" 0.0002 "-" 96824 0
Nov 30 13:41:32 np0005540255.novalocal object-server[96823]: ::1 - - [30/Nov/2025:18:41:32 +0000] "GET /1/235356/AUTH_53b9bcf7d8194db7bd330ca574b5edab/gnocchi.7cb229d9-9e96-44df-8fb6-ad3dbad6cf80/1763640000.0_mean_300.0_v3" 404 70 "GET https://[::1]:8080/v1/AUTH_53b9bcf7d8194db7bd330ca574b5edab/gnocchi.7cb229d9-9e96-44df-8fb6-ad3dbad6cf80/1763640000.0_mean_300.0_v3" "tx827351f9758a42b7bbca9-00692c8fdc" "proxy-server 97815" 0.0003 "-" 96823 0
Nov 30 13:41:32 np0005540255.novalocal proxy-server[97815]: ::1 ::1 30/Nov/2025/18/41/32 GET /v1/AUTH_53b9bcf7d8194db7bd330ca574b5edab/gnocchi.7cb229d9-9e96-44df-8fb6-ad3dbad6cf80/1763640000.0_mean_300.0_v3 HTTP/1.0 404 - python-swiftclient-4.7.0 gAAAAABpLI-56T9k... - 70 - tx827351f9758a42b7bbca9-00692c8fdc - 0.0142 - - 1764528092.309343576 1764528092.323534966 0
Nov 30 13:41:32 np0005540255.novalocal account-server[96195]: ::1 - - [30/Nov/2025:18:41:32 +0000] "PUT /1/128474/AUTH_53b9bcf7d8194db7bd330ca574b5edab/gnocchi.d3a93d35-179b-4710-8d85-bf7c6b117201" 201 - "PUT http://[::1]:6001/2/61957/AUTH_53b9bcf7d8194db7bd330ca574b5edab/gnocchi.d3a93d35-179b-4710-8d85-bf7c6b117201" "tx84f84c8e944c4efb9d7a0-00692c8fdc" "container-server 96491" 0.0065 "-" 96195 0
Nov 30 13:41:32 np0005540255.novalocal account-server[96196]: ::1 - - [30/Nov/2025:18:41:32 +0000] "PUT /3/128474/AUTH_53b9bcf7d8194db7bd330ca574b5edab/gnocchi.d3a93d35-179b-4710-8d85-bf7c6b117201" 201 - "PUT http://[::1]:6001/3/61957/AUTH_53b9bcf7d8194db7bd330ca574b5edab/gnocchi.d3a93d35-179b-4710-8d85-bf7c6b117201" "tx84f84c8e944c4efb9d7a0-00692c8fdc" "container-server 96491" 0.0077 "-" 96196 0
Nov 30 13:41:32 np0005540255.novalocal container-server[96491]: ::1 - - [30/Nov/2025:18:41:32 +0000] "PUT /2/61957/AUTH_53b9bcf7d8194db7bd330ca574b5edab/gnocchi.d3a93d35-179b-4710-8d85-bf7c6b117201" 201 - "PUT https://[::1]:8080/v1/AUTH_53b9bcf7d8194db7bd330ca574b5edab/gnocchi.d3a93d35-179b-4710-8d85-bf7c6b117201" "tx84f84c8e944c4efb9d7a0-00692c8fdc" "proxy-server 97815" 0.0336 "-" 96491 0
Nov 30 13:41:32 np0005540255.novalocal container-server[96491]: ::1 - - [30/Nov/2025:18:41:32 +0000] "PUT /3/61957/AUTH_53b9bcf7d8194db7bd330ca574b5edab/gnocchi.d3a93d35-179b-4710-8d85-bf7c6b117201" 201 - "PUT https://[::1]:8080/v1/AUTH_53b9bcf7d8194db7bd330ca574b5edab/gnocchi.d3a93d35-179b-4710-8d85-bf7c6b117201" "tx84f84c8e944c4efb9d7a0-00692c8fdc" "proxy-server 97815" 0.0227 "-" 96491 0
Nov 30 13:41:32 np0005540255.novalocal account-server[96196]: ::1 - - [30/Nov/2025:18:41:32 +0000] "PUT /2/128474/AUTH_53b9bcf7d8194db7bd330ca574b5edab/gnocchi.d3a93d35-179b-4710-8d85-bf7c6b117201" 201 - "PUT http://[::1]:6001/1/61957/AUTH_53b9bcf7d8194db7bd330ca574b5edab/gnocchi.d3a93d35-179b-4710-8d85-bf7c6b117201" "tx84f84c8e944c4efb9d7a0-00692c8fdc" "container-server 96491" 0.0056 "-" 96196 0
Nov 30 13:41:32 np0005540255.novalocal container-server[96491]: ::1 - - [30/Nov/2025:18:41:32 +0000] "PUT /1/61957/AUTH_53b9bcf7d8194db7bd330ca574b5edab/gnocchi.d3a93d35-179b-4710-8d85-bf7c6b117201" 201 - "PUT https://[::1]:8080/v1/AUTH_53b9bcf7d8194db7bd330ca574b5edab/gnocchi.d3a93d35-179b-4710-8d85-bf7c6b117201" "tx84f84c8e944c4efb9d7a0-00692c8fdc" "proxy-server 97815" 0.0522 "-" 96491 0
Nov 30 13:41:32 np0005540255.novalocal container-server[96491]: ::1 - - [30/Nov/2025:18:41:32 +0000] "PUT /2/1303/AUTH_53b9bcf7d8194db7bd330ca574b5edab/gnocchi.7cb229d9-9e96-44df-8fb6-ad3dbad6cf80/1763640000.0_mean_300.0_v3" 201 - "PUT http://[::1]:8080/2/235356/AUTH_53b9bcf7d8194db7bd330ca574b5edab/gnocchi.7cb229d9-9e96-44df-8fb6-ad3dbad6cf80/1763640000.0_mean_300.0_v3" "txcf7906461e564c3ea40d2-00692c8fdc" "object-server 96824" 0.0005 "-" 96491 0
Nov 30 13:41:32 np0005540255.novalocal proxy-server[97815]: ::1 ::1 30/Nov/2025/18/41/32 PUT /v1/AUTH_53b9bcf7d8194db7bd330ca574b5edab/gnocchi.d3a93d35-179b-4710-8d85-bf7c6b117201 HTTP/1.0 201 - python-swiftclient-4.7.0 gAAAAABpLI-5FlkI... - - - tx84f84c8e944c4efb9d7a0-00692c8fdc - 0.0808 - - 1764528092.266856670 1764528092.347651243 0
Nov 30 13:41:32 np0005540255.novalocal object-server[96824]: ::1 - - [30/Nov/2025:18:41:32 +0000] "PUT /2/235356/AUTH_53b9bcf7d8194db7bd330ca574b5edab/gnocchi.7cb229d9-9e96-44df-8fb6-ad3dbad6cf80/1763640000.0_mean_300.0_v3" 201 - "PUT https://[::1]:8080/v1/AUTH_53b9bcf7d8194db7bd330ca574b5edab/gnocchi.7cb229d9-9e96-44df-8fb6-ad3dbad6cf80/1763640000.0_mean_300.0_v3" "txcf7906461e564c3ea40d2-00692c8fdc" "proxy-server 97815" 0.0126 "-" 96824 0
Nov 30 13:41:32 np0005540255.novalocal container-server[96491]: ::1 - - [30/Nov/2025:18:41:32 +0000] "PUT /1/1303/AUTH_53b9bcf7d8194db7bd330ca574b5edab/gnocchi.7cb229d9-9e96-44df-8fb6-ad3dbad6cf80/1763640000.0_mean_300.0_v3" 201 - "PUT http://[::1]:8080/1/235356/AUTH_53b9bcf7d8194db7bd330ca574b5edab/gnocchi.7cb229d9-9e96-44df-8fb6-ad3dbad6cf80/1763640000.0_mean_300.0_v3" "txcf7906461e564c3ea40d2-00692c8fdc" "object-server 96823" 0.0004 "-" 96491 0
Nov 30 13:41:32 np0005540255.novalocal object-server[96823]: ::1 - - [30/Nov/2025:18:41:32 +0000] "PUT /1/235356/AUTH_53b9bcf7d8194db7bd330ca574b5edab/gnocchi.7cb229d9-9e96-44df-8fb6-ad3dbad6cf80/1763640000.0_mean_300.0_v3" 201 - "PUT https://[::1]:8080/v1/AUTH_53b9bcf7d8194db7bd330ca574b5edab/gnocchi.7cb229d9-9e96-44df-8fb6-ad3dbad6cf80/1763640000.0_mean_300.0_v3" "txcf7906461e564c3ea40d2-00692c8fdc" "proxy-server 97815" 0.0165 "-" 96823 0
Nov 30 13:41:32 np0005540255.novalocal container-server[96491]: ::1 - - [30/Nov/2025:18:41:32 +0000] "HEAD /3/61957/AUTH_53b9bcf7d8194db7bd330ca574b5edab/gnocchi.d3a93d35-179b-4710-8d85-bf7c6b117201" 204 - "HEAD http://[::1]:8080/v1/AUTH_53b9bcf7d8194db7bd330ca574b5edab/gnocchi.d3a93d35-179b-4710-8d85-bf7c6b117201" "tx2aafd5b0b2b7438c997d9-00692c8fdc" "proxy-server 97815" 0.0015 "-" 96491 0
Nov 30 13:41:32 np0005540255.novalocal container-server[96490]: ::1 - - [30/Nov/2025:18:41:32 +0000] "PUT /3/1303/AUTH_53b9bcf7d8194db7bd330ca574b5edab/gnocchi.7cb229d9-9e96-44df-8fb6-ad3dbad6cf80/1763640000.0_mean_300.0_v3" 201 - "PUT http://[::1]:8080/3/235356/AUTH_53b9bcf7d8194db7bd330ca574b5edab/gnocchi.7cb229d9-9e96-44df-8fb6-ad3dbad6cf80/1763640000.0_mean_300.0_v3" "txcf7906461e564c3ea40d2-00692c8fdc" "object-server 96824" 0.0012 "-" 96490 0
Nov 30 13:41:32 np0005540255.novalocal object-server[96824]: ::1 - - [30/Nov/2025:18:41:32 +0000] "PUT /3/235356/AUTH_53b9bcf7d8194db7bd330ca574b5edab/gnocchi.7cb229d9-9e96-44df-8fb6-ad3dbad6cf80/1763640000.0_mean_300.0_v3" 201 - "PUT https://[::1]:8080/v1/AUTH_53b9bcf7d8194db7bd330ca574b5edab/gnocchi.7cb229d9-9e96-44df-8fb6-ad3dbad6cf80/1763640000.0_mean_300.0_v3" "txcf7906461e564c3ea40d2-00692c8fdc" "proxy-server 97815" 0.0239 "-" 96824 0
Nov 30 13:41:32 np0005540255.novalocal proxy-server[97815]: - - 30/Nov/2025/18/41/32 HEAD /v1/AUTH_53b9bcf7d8194db7bd330ca574b5edab/gnocchi.d3a93d35-179b-4710-8d85-bf7c6b117201 HTTP/1.0 204 - Swift - - - - tx2aafd5b0b2b7438c997d9-00692c8fdc - 0.0087 CS - 1764528092.351195335 1764528092.359945297 0
Nov 30 13:41:32 np0005540255.novalocal proxy-server[97815]: ::1 ::1 30/Nov/2025/18/41/32 PUT /v1/AUTH_53b9bcf7d8194db7bd330ca574b5edab/gnocchi.7cb229d9-9e96-44df-8fb6-ad3dbad6cf80/1763640000.0_mean_300.0_v3 HTTP/1.0 201 - python-swiftclient-4.7.0 gAAAAABpLI-56T9k... 16 - - txcf7906461e564c3ea40d2-00692c8fdc - 0.0379 - - 1764528092.326922178 1764528092.364833832 0
Nov 30 13:41:32 np0005540255.novalocal container-server[96490]: ::1 - - [30/Nov/2025:18:41:32 +0000] "GET /2/61957/AUTH_53b9bcf7d8194db7bd330ca574b5edab/gnocchi.d3a93d35-179b-4710-8d85-bf7c6b117201" 200 2 "GET https://[::1]:8080/v1/AUTH_53b9bcf7d8194db7bd330ca574b5edab/gnocchi.d3a93d35-179b-4710-8d85-bf7c6b117201?format=json&states=listing" "tx2aafd5b0b2b7438c997d9-00692c8fdc" "proxy-server 97815" 0.0042 "-" 96490 0
Nov 30 13:41:32 np0005540255.novalocal proxy-server[97815]: ::1 ::1 30/Nov/2025/18/41/32 GET /v1/AUTH_53b9bcf7d8194db7bd330ca574b5edab/gnocchi.d3a93d35-179b-4710-8d85-bf7c6b117201%3Fformat%3Djson%26states%3Dlisting HTTP/1.0 200 - python-swiftclient-4.7.0 gAAAAABpLI-5FlkI... - 2 - tx2aafd5b0b2b7438c997d9-00692c8fdc - 0.0282 - - 1764528092.350429535 1764528092.378629684 0
Nov 30 13:41:32 np0005540255.novalocal object-server[96823]: ::1 - - [30/Nov/2025:18:41:32 +0000] "GET /3/105764/AUTH_53b9bcf7d8194db7bd330ca574b5edab/gnocchi.d3a93d35-179b-4710-8d85-bf7c6b117201/1763640000.0_mean_300.0_v3" 404 70 "GET https://[::1]:8080/v1/AUTH_53b9bcf7d8194db7bd330ca574b5edab/gnocchi.d3a93d35-179b-4710-8d85-bf7c6b117201/1763640000.0_mean_300.0_v3" "txe90b9cff48a64f5ab2a9a-00692c8fdc" "proxy-server 97815" 0.0005 "-" 96823 0
Nov 30 13:41:32 np0005540255.novalocal container-server[96490]: ::1 - - [30/Nov/2025:18:41:32 +0000] "PUT /1/1303/AUTH_53b9bcf7d8194db7bd330ca574b5edab/gnocchi.7cb229d9-9e96-44df-8fb6-ad3dbad6cf80/none_v3" 201 - "PUT http://[::1]:8080/2/169949/AUTH_53b9bcf7d8194db7bd330ca574b5edab/gnocchi.7cb229d9-9e96-44df-8fb6-ad3dbad6cf80/none_v3" "tx70b8d751b48e44368a1b8-00692c8fdc" "object-server 96824" 0.0004 "-" 96490 0
Nov 30 13:41:32 np0005540255.novalocal object-server[96824]: ::1 - - [30/Nov/2025:18:41:32 +0000] "PUT /2/169949/AUTH_53b9bcf7d8194db7bd330ca574b5edab/gnocchi.7cb229d9-9e96-44df-8fb6-ad3dbad6cf80/none_v3" 201 - "PUT https://[::1]:8080/v1/AUTH_53b9bcf7d8194db7bd330ca574b5edab/gnocchi.7cb229d9-9e96-44df-8fb6-ad3dbad6cf80/none_v3" "tx70b8d751b48e44368a1b8-00692c8fdc" "proxy-server 97815" 0.0134 "-" 96824 0
Nov 30 13:41:32 np0005540255.novalocal container-server[96491]: ::1 - - [30/Nov/2025:18:41:32 +0000] "PUT /2/1303/AUTH_53b9bcf7d8194db7bd330ca574b5edab/gnocchi.7cb229d9-9e96-44df-8fb6-ad3dbad6cf80/none_v3" 201 - "PUT http://[::1]:8080/1/169949/AUTH_53b9bcf7d8194db7bd330ca574b5edab/gnocchi.7cb229d9-9e96-44df-8fb6-ad3dbad6cf80/none_v3" "tx70b8d751b48e44368a1b8-00692c8fdc" "object-server 96824" 0.0004 "-" 96491 0
Nov 30 13:41:32 np0005540255.novalocal object-server[96824]: ::1 - - [30/Nov/2025:18:41:32 +0000] "PUT /1/169949/AUTH_53b9bcf7d8194db7bd330ca574b5edab/gnocchi.7cb229d9-9e96-44df-8fb6-ad3dbad6cf80/none_v3" 201 - "PUT https://[::1]:8080/v1/AUTH_53b9bcf7d8194db7bd330ca574b5edab/gnocchi.7cb229d9-9e96-44df-8fb6-ad3dbad6cf80/none_v3" "tx70b8d751b48e44368a1b8-00692c8fdc" "proxy-server 97815" 0.0136 "-" 96824 0
Nov 30 13:41:32 np0005540255.novalocal object-server[96823]: ::1 - - [30/Nov/2025:18:41:32 +0000] "GET /2/105764/AUTH_53b9bcf7d8194db7bd330ca574b5edab/gnocchi.d3a93d35-179b-4710-8d85-bf7c6b117201/1763640000.0_mean_300.0_v3" 404 70 "GET https://[::1]:8080/v1/AUTH_53b9bcf7d8194db7bd330ca574b5edab/gnocchi.d3a93d35-179b-4710-8d85-bf7c6b117201/1763640000.0_mean_300.0_v3" "txe90b9cff48a64f5ab2a9a-00692c8fdc" "proxy-server 97815" 0.0004 "-" 96823 0
Nov 30 13:41:32 np0005540255.novalocal object-server[96824]: ::1 - - [30/Nov/2025:18:41:32 +0000] "GET /1/105764/AUTH_53b9bcf7d8194db7bd330ca574b5edab/gnocchi.d3a93d35-179b-4710-8d85-bf7c6b117201/1763640000.0_mean_300.0_v3" 404 70 "GET https://[::1]:8080/v1/AUTH_53b9bcf7d8194db7bd330ca574b5edab/gnocchi.d3a93d35-179b-4710-8d85-bf7c6b117201/1763640000.0_mean_300.0_v3" "txe90b9cff48a64f5ab2a9a-00692c8fdc" "proxy-server 97815" 0.0002 "-" 96824 0
Nov 30 13:41:32 np0005540255.novalocal container-server[96491]: ::1 - - [30/Nov/2025:18:41:32 +0000] "PUT /3/1303/AUTH_53b9bcf7d8194db7bd330ca574b5edab/gnocchi.7cb229d9-9e96-44df-8fb6-ad3dbad6cf80/none_v3" 201 - "PUT http://[::1]:8080/3/169949/AUTH_53b9bcf7d8194db7bd330ca574b5edab/gnocchi.7cb229d9-9e96-44df-8fb6-ad3dbad6cf80/none_v3" "tx70b8d751b48e44368a1b8-00692c8fdc" "object-server 96823" 0.0003 "-" 96491 0
Nov 30 13:41:32 np0005540255.novalocal proxy-server[97815]: ::1 ::1 30/Nov/2025/18/41/32 GET /v1/AUTH_53b9bcf7d8194db7bd330ca574b5edab/gnocchi.d3a93d35-179b-4710-8d85-bf7c6b117201/1763640000.0_mean_300.0_v3 HTTP/1.0 404 - python-swiftclient-4.7.0 gAAAAABpLI-5FlkI... - 70 - txe90b9cff48a64f5ab2a9a-00692c8fdc - 0.0140 - - 1764528092.381554842 1764528092.395591259 0
Nov 30 13:41:32 np0005540255.novalocal object-server[96823]: ::1 - - [30/Nov/2025:18:41:32 +0000] "PUT /3/169949/AUTH_53b9bcf7d8194db7bd330ca574b5edab/gnocchi.7cb229d9-9e96-44df-8fb6-ad3dbad6cf80/none_v3" 201 - "PUT https://[::1]:8080/v1/AUTH_53b9bcf7d8194db7bd330ca574b5edab/gnocchi.7cb229d9-9e96-44df-8fb6-ad3dbad6cf80/none_v3" "tx70b8d751b48e44368a1b8-00692c8fdc" "proxy-server 97815" 0.0175 "-" 96823 0
Nov 30 13:41:32 np0005540255.novalocal proxy-server[97815]: ::1 ::1 30/Nov/2025/18/41/32 PUT /v1/AUTH_53b9bcf7d8194db7bd330ca574b5edab/gnocchi.7cb229d9-9e96-44df-8fb6-ad3dbad6cf80/none_v3 HTTP/1.0 201 - python-swiftclient-4.7.0 gAAAAABpLI-56T9k... 22 - - tx70b8d751b48e44368a1b8-00692c8fdc - 0.0288 - - 1764528092.368009806 1764528092.396850586 0
Nov 30 13:41:32 np0005540255.novalocal container-server[96490]: ::1 - - [30/Nov/2025:18:41:32 +0000] "HEAD /2/71676/AUTH_53b9bcf7d8194db7bd330ca574b5edab/gnocchi.851224f8-cce0-454e-8f2d-c74bf6a91b84" 404 - "HEAD http://[::1]:8080/v1/AUTH_53b9bcf7d8194db7bd330ca574b5edab/gnocchi.851224f8-cce0-454e-8f2d-c74bf6a91b84" "tx736b546f1355443c98e14-00692c8fdc" "proxy-server 97815" 0.0003 "-" 96490 0
Nov 30 13:41:32 np0005540255.novalocal container-server[96490]: ::1 - - [30/Nov/2025:18:41:32 +0000] "HEAD /1/71676/AUTH_53b9bcf7d8194db7bd330ca574b5edab/gnocchi.851224f8-cce0-454e-8f2d-c74bf6a91b84" 404 - "HEAD http://[::1]:8080/v1/AUTH_53b9bcf7d8194db7bd330ca574b5edab/gnocchi.851224f8-cce0-454e-8f2d-c74bf6a91b84" "tx736b546f1355443c98e14-00692c8fdc" "proxy-server 97815" 0.0001 "-" 96490 0
Nov 30 13:41:32 np0005540255.novalocal container-server[96491]: ::1 - - [30/Nov/2025:18:41:32 +0000] "HEAD /3/71676/AUTH_53b9bcf7d8194db7bd330ca574b5edab/gnocchi.851224f8-cce0-454e-8f2d-c74bf6a91b84" 404 - "HEAD http://[::1]:8080/v1/AUTH_53b9bcf7d8194db7bd330ca574b5edab/gnocchi.851224f8-cce0-454e-8f2d-c74bf6a91b84" "tx736b546f1355443c98e14-00692c8fdc" "proxy-server 97815" 0.0003 "-" 96491 0
Nov 30 13:41:32 np0005540255.novalocal proxy-server[97815]: - - 30/Nov/2025/18/41/32 HEAD /v1/AUTH_53b9bcf7d8194db7bd330ca574b5edab/gnocchi.851224f8-cce0-454e-8f2d-c74bf6a91b84 HTTP/1.0 404 - Swift - - - - tx736b546f1355443c98e14-00692c8fdc - 0.0124 CS - 1764528092.406943321 1764528092.419373274 0
Nov 30 13:41:32 np0005540255.novalocal object-server[96824]: ::1 - - [30/Nov/2025:18:41:32 +0000] "GET /2/243744/AUTH_53b9bcf7d8194db7bd330ca574b5edab/gnocchi.851224f8-cce0-454e-8f2d-c74bf6a91b84/none_v3" 404 70 "GET https://[::1]:8080/v1/AUTH_53b9bcf7d8194db7bd330ca574b5edab/gnocchi.851224f8-cce0-454e-8f2d-c74bf6a91b84/none_v3" "tx736b546f1355443c98e14-00692c8fdc" "proxy-server 97815" 0.0005 "-" 96824 0
Nov 30 13:41:32 np0005540255.novalocal object-server[96824]: ::1 - - [30/Nov/2025:18:41:32 +0000] "GET /1/243744/AUTH_53b9bcf7d8194db7bd330ca574b5edab/gnocchi.851224f8-cce0-454e-8f2d-c74bf6a91b84/none_v3" 404 70 "GET https://[::1]:8080/v1/AUTH_53b9bcf7d8194db7bd330ca574b5edab/gnocchi.851224f8-cce0-454e-8f2d-c74bf6a91b84/none_v3" "tx736b546f1355443c98e14-00692c8fdc" "proxy-server 97815" 0.0006 "-" 96824 0
Nov 30 13:41:32 np0005540255.novalocal object-server[96824]: ::1 - - [30/Nov/2025:18:41:32 +0000] "GET /3/243744/AUTH_53b9bcf7d8194db7bd330ca574b5edab/gnocchi.851224f8-cce0-454e-8f2d-c74bf6a91b84/none_v3" 404 70 "GET https://[::1]:8080/v1/AUTH_53b9bcf7d8194db7bd330ca574b5edab/gnocchi.851224f8-cce0-454e-8f2d-c74bf6a91b84/none_v3" "tx736b546f1355443c98e14-00692c8fdc" "proxy-server 97815" 0.0002 "-" 96824 0
Nov 30 13:41:32 np0005540255.novalocal proxy-server[97815]: ::1 ::1 30/Nov/2025/18/41/32 GET /v1/AUTH_53b9bcf7d8194db7bd330ca574b5edab/gnocchi.851224f8-cce0-454e-8f2d-c74bf6a91b84/none_v3 HTTP/1.0 404 - python-swiftclient-4.7.0 gAAAAABpLI-56T9k... - 70 - tx736b546f1355443c98e14-00692c8fdc - 0.0341 - - 1764528092.406314850 1764528092.440440893 0
Nov 30 13:41:32 np0005540255.novalocal container-server[96490]: ::1 - - [30/Nov/2025:18:41:32 +0000] "PUT /2/61957/AUTH_53b9bcf7d8194db7bd330ca574b5edab/gnocchi.d3a93d35-179b-4710-8d85-bf7c6b117201/1763640000.0_mean_300.0_v3" 201 - "PUT http://[::1]:8080/1/105764/AUTH_53b9bcf7d8194db7bd330ca574b5edab/gnocchi.d3a93d35-179b-4710-8d85-bf7c6b117201/1763640000.0_mean_300.0_v3" "tx654f85ec93b54059aeb73-00692c8fdc" "object-server 96824" 0.0006 "-" 96490 0
Nov 30 13:41:32 np0005540255.novalocal container-server[96490]: ::1 - - [30/Nov/2025:18:41:32 +0000] "PUT /3/61957/AUTH_53b9bcf7d8194db7bd330ca574b5edab/gnocchi.d3a93d35-179b-4710-8d85-bf7c6b117201/1763640000.0_mean_300.0_v3" 201 - "PUT http://[::1]:8080/2/105764/AUTH_53b9bcf7d8194db7bd330ca574b5edab/gnocchi.d3a93d35-179b-4710-8d85-bf7c6b117201/1763640000.0_mean_300.0_v3" "tx654f85ec93b54059aeb73-00692c8fdc" "object-server 96823" 0.0005 "-" 96490 0
Nov 30 13:41:32 np0005540255.novalocal object-server[96823]: ::1 - - [30/Nov/2025:18:41:32 +0000] "PUT /2/105764/AUTH_53b9bcf7d8194db7bd330ca574b5edab/gnocchi.d3a93d35-179b-4710-8d85-bf7c6b117201/1763640000.0_mean_300.0_v3" 201 - "PUT https://[::1]:8080/v1/AUTH_53b9bcf7d8194db7bd330ca574b5edab/gnocchi.d3a93d35-179b-4710-8d85-bf7c6b117201/1763640000.0_mean_300.0_v3" "tx654f85ec93b54059aeb73-00692c8fdc" "proxy-server 97815" 0.0397 "-" 96823 0
Nov 30 13:41:32 np0005540255.novalocal container-server[96490]: ::1 - - [30/Nov/2025:18:41:32 +0000] "PUT /1/61957/AUTH_53b9bcf7d8194db7bd330ca574b5edab/gnocchi.d3a93d35-179b-4710-8d85-bf7c6b117201/1763640000.0_mean_300.0_v3" 201 - "PUT http://[::1]:8080/3/105764/AUTH_53b9bcf7d8194db7bd330ca574b5edab/gnocchi.d3a93d35-179b-4710-8d85-bf7c6b117201/1763640000.0_mean_300.0_v3" "tx654f85ec93b54059aeb73-00692c8fdc" "object-server 96824" 0.0004 "-" 96490 0
Nov 30 13:41:32 np0005540255.novalocal object-server[96824]: ::1 - - [30/Nov/2025:18:41:32 +0000] "PUT /1/105764/AUTH_53b9bcf7d8194db7bd330ca574b5edab/gnocchi.d3a93d35-179b-4710-8d85-bf7c6b117201/1763640000.0_mean_300.0_v3" 201 - "PUT https://[::1]:8080/v1/AUTH_53b9bcf7d8194db7bd330ca574b5edab/gnocchi.d3a93d35-179b-4710-8d85-bf7c6b117201/1763640000.0_mean_300.0_v3" "tx654f85ec93b54059aeb73-00692c8fdc" "proxy-server 97815" 0.0403 "-" 96824 0
Nov 30 13:41:32 np0005540255.novalocal object-server[96824]: ::1 - - [30/Nov/2025:18:41:32 +0000] "PUT /3/105764/AUTH_53b9bcf7d8194db7bd330ca574b5edab/gnocchi.d3a93d35-179b-4710-8d85-bf7c6b117201/1763640000.0_mean_300.0_v3" 201 - "PUT https://[::1]:8080/v1/AUTH_53b9bcf7d8194db7bd330ca574b5edab/gnocchi.d3a93d35-179b-4710-8d85-bf7c6b117201/1763640000.0_mean_300.0_v3" "tx654f85ec93b54059aeb73-00692c8fdc" "proxy-server 97815" 0.0462 "-" 96824 0
Nov 30 13:41:32 np0005540255.novalocal proxy-server[97815]: ::1 ::1 30/Nov/2025/18/41/32 PUT /v1/AUTH_53b9bcf7d8194db7bd330ca574b5edab/gnocchi.d3a93d35-179b-4710-8d85-bf7c6b117201/1763640000.0_mean_300.0_v3 HTTP/1.0 201 - python-swiftclient-4.7.0 gAAAAABpLI-5FlkI... 16 - - tx654f85ec93b54059aeb73-00692c8fdc - 0.0587 - - 1764528092.398626328 1764528092.457291126 0
Nov 30 13:41:32 np0005540255.novalocal account-server[96196]: ::1 - - [30/Nov/2025:18:41:32 +0000] "PUT /3/128474/AUTH_53b9bcf7d8194db7bd330ca574b5edab/gnocchi.851224f8-cce0-454e-8f2d-c74bf6a91b84" 201 - "PUT http://[::1]:6001/3/71676/AUTH_53b9bcf7d8194db7bd330ca574b5edab/gnocchi.851224f8-cce0-454e-8f2d-c74bf6a91b84" "tx58ecda15b8554f34ac16f-00692c8fdc" "container-server 96490" 0.0057 "-" 96196 0
Nov 30 13:41:32 np0005540255.novalocal container-server[96490]: ::1 - - [30/Nov/2025:18:41:32 +0000] "PUT /3/71676/AUTH_53b9bcf7d8194db7bd330ca574b5edab/gnocchi.851224f8-cce0-454e-8f2d-c74bf6a91b84" 201 - "PUT https://[::1]:8080/v1/AUTH_53b9bcf7d8194db7bd330ca574b5edab/gnocchi.851224f8-cce0-454e-8f2d-c74bf6a91b84" "tx58ecda15b8554f34ac16f-00692c8fdc" "proxy-server 97815" 0.0187 "-" 96490 0
Nov 30 13:41:32 np0005540255.novalocal account-server[96195]: ::1 - - [30/Nov/2025:18:41:32 +0000] "PUT /2/128474/AUTH_53b9bcf7d8194db7bd330ca574b5edab/gnocchi.851224f8-cce0-454e-8f2d-c74bf6a91b84" 201 - "PUT http://[::1]:6001/2/71676/AUTH_53b9bcf7d8194db7bd330ca574b5edab/gnocchi.851224f8-cce0-454e-8f2d-c74bf6a91b84" "tx58ecda15b8554f34ac16f-00692c8fdc" "container-server 96491" 0.0039 "-" 96195 0
Nov 30 13:41:32 np0005540255.novalocal container-server[96491]: ::1 - - [30/Nov/2025:18:41:32 +0000] "PUT /2/71676/AUTH_53b9bcf7d8194db7bd330ca574b5edab/gnocchi.851224f8-cce0-454e-8f2d-c74bf6a91b84" 201 - "PUT https://[::1]:8080/v1/AUTH_53b9bcf7d8194db7bd330ca574b5edab/gnocchi.851224f8-cce0-454e-8f2d-c74bf6a91b84" "tx58ecda15b8554f34ac16f-00692c8fdc" "proxy-server 97815" 0.0178 "-" 96491 0
Nov 30 13:41:32 np0005540255.novalocal container-server[96491]: ::1 - - [30/Nov/2025:18:41:32 +0000] "PUT /3/61957/AUTH_53b9bcf7d8194db7bd330ca574b5edab/gnocchi.d3a93d35-179b-4710-8d85-bf7c6b117201/none_v3" 201 - "PUT http://[::1]:8080/1/228112/AUTH_53b9bcf7d8194db7bd330ca574b5edab/gnocchi.d3a93d35-179b-4710-8d85-bf7c6b117201/none_v3" "tx0d4d15a7ce314ea6bcc61-00692c8fdc" "object-server 96823" 0.0007 "-" 96491 0
Nov 30 13:41:32 np0005540255.novalocal object-server[96823]: ::1 - - [30/Nov/2025:18:41:32 +0000] "PUT /1/228112/AUTH_53b9bcf7d8194db7bd330ca574b5edab/gnocchi.d3a93d35-179b-4710-8d85-bf7c6b117201/none_v3" 201 - "PUT https://[::1]:8080/v1/AUTH_53b9bcf7d8194db7bd330ca574b5edab/gnocchi.d3a93d35-179b-4710-8d85-bf7c6b117201/none_v3" "tx0d4d15a7ce314ea6bcc61-00692c8fdc" "proxy-server 97815" 0.0083 "-" 96823 0
Nov 30 13:41:32 np0005540255.novalocal account-server[96195]: ::1 - - [30/Nov/2025:18:41:32 +0000] "PUT /1/128474/AUTH_53b9bcf7d8194db7bd330ca574b5edab/gnocchi.851224f8-cce0-454e-8f2d-c74bf6a91b84" 201 - "PUT http://[::1]:6001/1/71676/AUTH_53b9bcf7d8194db7bd330ca574b5edab/gnocchi.851224f8-cce0-454e-8f2d-c74bf6a91b84" "tx58ecda15b8554f34ac16f-00692c8fdc" "container-server 96491" 0.0044 "-" 96195 0
Nov 30 13:41:32 np0005540255.novalocal container-server[96491]: ::1 - - [30/Nov/2025:18:41:32 +0000] "PUT /1/71676/AUTH_53b9bcf7d8194db7bd330ca574b5edab/gnocchi.851224f8-cce0-454e-8f2d-c74bf6a91b84" 201 - "PUT https://[::1]:8080/v1/AUTH_53b9bcf7d8194db7bd330ca574b5edab/gnocchi.851224f8-cce0-454e-8f2d-c74bf6a91b84" "tx58ecda15b8554f34ac16f-00692c8fdc" "proxy-server 97815" 0.0375 "-" 96491 0
Nov 30 13:41:32 np0005540255.novalocal proxy-server[97815]: ::1 ::1 30/Nov/2025/18/41/32 PUT /v1/AUTH_53b9bcf7d8194db7bd330ca574b5edab/gnocchi.851224f8-cce0-454e-8f2d-c74bf6a91b84 HTTP/1.0 201 - python-swiftclient-4.7.0 gAAAAABpLI-56T9k... - - - tx58ecda15b8554f34ac16f-00692c8fdc - 0.0456 - - 1764528092.443070173 1764528092.488703012 0
Nov 30 13:41:32 np0005540255.novalocal container-server[96491]: ::1 - - [30/Nov/2025:18:41:32 +0000] "PUT /1/61957/AUTH_53b9bcf7d8194db7bd330ca574b5edab/gnocchi.d3a93d35-179b-4710-8d85-bf7c6b117201/none_v3" 201 - "PUT http://[::1]:8080/3/228112/AUTH_53b9bcf7d8194db7bd330ca574b5edab/gnocchi.d3a93d35-179b-4710-8d85-bf7c6b117201/none_v3" "tx0d4d15a7ce314ea6bcc61-00692c8fdc" "object-server 96823" 0.0006 "-" 96491 0
Nov 30 13:41:32 np0005540255.novalocal container-server[96491]: ::1 - - [30/Nov/2025:18:41:32 +0000] "PUT /2/61957/AUTH_53b9bcf7d8194db7bd330ca574b5edab/gnocchi.d3a93d35-179b-4710-8d85-bf7c6b117201/none_v3" 201 - "PUT http://[::1]:8080/2/228112/AUTH_53b9bcf7d8194db7bd330ca574b5edab/gnocchi.d3a93d35-179b-4710-8d85-bf7c6b117201/none_v3" "tx0d4d15a7ce314ea6bcc61-00692c8fdc" "object-server 96823" 0.0004 "-" 96491 0
Nov 30 13:41:32 np0005540255.novalocal object-server[96823]: ::1 - - [30/Nov/2025:18:41:32 +0000] "PUT /3/228112/AUTH_53b9bcf7d8194db7bd330ca574b5edab/gnocchi.d3a93d35-179b-4710-8d85-bf7c6b117201/none_v3" 201 - "PUT https://[::1]:8080/v1/AUTH_53b9bcf7d8194db7bd330ca574b5edab/gnocchi.d3a93d35-179b-4710-8d85-bf7c6b117201/none_v3" "tx0d4d15a7ce314ea6bcc61-00692c8fdc" "proxy-server 97815" 0.0217 "-" 96823 0
Nov 30 13:41:32 np0005540255.novalocal object-server[96823]: ::1 - - [30/Nov/2025:18:41:32 +0000] "PUT /2/228112/AUTH_53b9bcf7d8194db7bd330ca574b5edab/gnocchi.d3a93d35-179b-4710-8d85-bf7c6b117201/none_v3" 201 - "PUT https://[::1]:8080/v1/AUTH_53b9bcf7d8194db7bd330ca574b5edab/gnocchi.d3a93d35-179b-4710-8d85-bf7c6b117201/none_v3" "tx0d4d15a7ce314ea6bcc61-00692c8fdc" "proxy-server 97815" 0.0213 "-" 96823 0
Nov 30 13:41:32 np0005540255.novalocal proxy-server[97815]: ::1 ::1 30/Nov/2025/18/41/32 PUT /v1/AUTH_53b9bcf7d8194db7bd330ca574b5edab/gnocchi.d3a93d35-179b-4710-8d85-bf7c6b117201/none_v3 HTTP/1.0 201 - python-swiftclient-4.7.0 gAAAAABpLI-5FlkI... 22 - - tx0d4d15a7ce314ea6bcc61-00692c8fdc - 0.0363 - - 1764528092.460324764 1764528092.496597528 0
Nov 30 13:41:32 np0005540255.novalocal container-server[96490]: ::1 - - [30/Nov/2025:18:41:32 +0000] "HEAD /1/71676/AUTH_53b9bcf7d8194db7bd330ca574b5edab/gnocchi.851224f8-cce0-454e-8f2d-c74bf6a91b84" 204 - "HEAD http://[::1]:8080/v1/AUTH_53b9bcf7d8194db7bd330ca574b5edab/gnocchi.851224f8-cce0-454e-8f2d-c74bf6a91b84" "tx38ec64bb5eb84259af6b4-00692c8fdc" "proxy-server 97815" 0.0013 "-" 96490 0
Nov 30 13:41:32 np0005540255.novalocal proxy-server[97815]: - - 30/Nov/2025/18/41/32 HEAD /v1/AUTH_53b9bcf7d8194db7bd330ca574b5edab/gnocchi.851224f8-cce0-454e-8f2d-c74bf6a91b84 HTTP/1.0 204 - Swift - - - - tx38ec64bb5eb84259af6b4-00692c8fdc - 0.0075 CS - 1764528092.493343830 1764528092.500835896 0
Nov 30 13:41:32 np0005540255.novalocal container-server[96491]: ::1 - - [30/Nov/2025:18:41:32 +0000] "GET /2/71676/AUTH_53b9bcf7d8194db7bd330ca574b5edab/gnocchi.851224f8-cce0-454e-8f2d-c74bf6a91b84" 200 2 "GET https://[::1]:8080/v1/AUTH_53b9bcf7d8194db7bd330ca574b5edab/gnocchi.851224f8-cce0-454e-8f2d-c74bf6a91b84?format=json&states=listing" "tx38ec64bb5eb84259af6b4-00692c8fdc" "proxy-server 97815" 0.0040 "-" 96491 0
Nov 30 13:41:32 np0005540255.novalocal proxy-server[97815]: ::1 ::1 30/Nov/2025/18/41/32 GET /v1/AUTH_53b9bcf7d8194db7bd330ca574b5edab/gnocchi.851224f8-cce0-454e-8f2d-c74bf6a91b84%3Fformat%3Djson%26states%3Dlisting HTTP/1.0 200 - python-swiftclient-4.7.0 gAAAAABpLI-56T9k... - 2 - tx38ec64bb5eb84259af6b4-00692c8fdc - 0.0314 - - 1764528092.492376089 1764528092.523812771 0
Nov 30 13:41:32 np0005540255.novalocal container-server[96491]: ::1 - - [30/Nov/2025:18:41:32 +0000] "HEAD /1/98277/AUTH_53b9bcf7d8194db7bd330ca574b5edab/gnocchi.45bab8f9-e045-45cd-8e60-623dd2ffae9a" 404 - "HEAD http://[::1]:8080/v1/AUTH_53b9bcf7d8194db7bd330ca574b5edab/gnocchi.45bab8f9-e045-45cd-8e60-623dd2ffae9a" "tx23576cb952134834b5cce-00692c8fdc" "proxy-server 97815" 0.0005 "-" 96491 0
Nov 30 13:41:32 np0005540255.novalocal container-server[96491]: ::1 - - [30/Nov/2025:18:41:32 +0000] "HEAD /3/98277/AUTH_53b9bcf7d8194db7bd330ca574b5edab/gnocchi.45bab8f9-e045-45cd-8e60-623dd2ffae9a" 404 - "HEAD http://[::1]:8080/v1/AUTH_53b9bcf7d8194db7bd330ca574b5edab/gnocchi.45bab8f9-e045-45cd-8e60-623dd2ffae9a" "tx23576cb952134834b5cce-00692c8fdc" "proxy-server 97815" 0.0002 "-" 96491 0
Nov 30 13:41:32 np0005540255.novalocal container-server[96490]: ::1 - - [30/Nov/2025:18:41:32 +0000] "HEAD /2/98277/AUTH_53b9bcf7d8194db7bd330ca574b5edab/gnocchi.45bab8f9-e045-45cd-8e60-623dd2ffae9a" 404 - "HEAD http://[::1]:8080/v1/AUTH_53b9bcf7d8194db7bd330ca574b5edab/gnocchi.45bab8f9-e045-45cd-8e60-623dd2ffae9a" "tx23576cb952134834b5cce-00692c8fdc" "proxy-server 97815" 0.0003 "-" 96490 0
Nov 30 13:41:32 np0005540255.novalocal proxy-server[97815]: - - 30/Nov/2025/18/41/32 HEAD /v1/AUTH_53b9bcf7d8194db7bd330ca574b5edab/gnocchi.45bab8f9-e045-45cd-8e60-623dd2ffae9a HTTP/1.0 404 - Swift - - - - tx23576cb952134834b5cce-00692c8fdc - 0.0123 CS - 1764528092.527364016 1764528092.539625645 0
Nov 30 13:41:32 np0005540255.novalocal object-server[96824]: ::1 - - [30/Nov/2025:18:41:32 +0000] "GET /1/222286/AUTH_53b9bcf7d8194db7bd330ca574b5edab/gnocchi.851224f8-cce0-454e-8f2d-c74bf6a91b84/1763640000.0_mean_300.0_v3" 404 70 "GET https://[::1]:8080/v1/AUTH_53b9bcf7d8194db7bd330ca574b5edab/gnocchi.851224f8-cce0-454e-8f2d-c74bf6a91b84/1763640000.0_mean_300.0_v3" "tx75bdaf07419e4089b135a-00692c8fdc" "proxy-server 97815" 0.0004 "-" 96824 0
Nov 30 13:41:32 np0005540255.novalocal object-server[96824]: ::1 - - [30/Nov/2025:18:41:32 +0000] "GET /3/222286/AUTH_53b9bcf7d8194db7bd330ca574b5edab/gnocchi.851224f8-cce0-454e-8f2d-c74bf6a91b84/1763640000.0_mean_300.0_v3" 404 70 "GET https://[::1]:8080/v1/AUTH_53b9bcf7d8194db7bd330ca574b5edab/gnocchi.851224f8-cce0-454e-8f2d-c74bf6a91b84/1763640000.0_mean_300.0_v3" "tx75bdaf07419e4089b135a-00692c8fdc" "proxy-server 97815" 0.0003 "-" 96824 0
Nov 30 13:41:32 np0005540255.novalocal object-server[96824]: ::1 - - [30/Nov/2025:18:41:32 +0000] "GET /2/27140/AUTH_53b9bcf7d8194db7bd330ca574b5edab/gnocchi.45bab8f9-e045-45cd-8e60-623dd2ffae9a/none_v3" 404 70 "GET https://[::1]:8080/v1/AUTH_53b9bcf7d8194db7bd330ca574b5edab/gnocchi.45bab8f9-e045-45cd-8e60-623dd2ffae9a/none_v3" "tx23576cb952134834b5cce-00692c8fdc" "proxy-server 97815" 0.0003 "-" 96824 0
Nov 30 13:41:32 np0005540255.novalocal object-server[96824]: ::1 - - [30/Nov/2025:18:41:32 +0000] "GET /2/222286/AUTH_53b9bcf7d8194db7bd330ca574b5edab/gnocchi.851224f8-cce0-454e-8f2d-c74bf6a91b84/1763640000.0_mean_300.0_v3" 404 70 "GET https://[::1]:8080/v1/AUTH_53b9bcf7d8194db7bd330ca574b5edab/gnocchi.851224f8-cce0-454e-8f2d-c74bf6a91b84/1763640000.0_mean_300.0_v3" "tx75bdaf07419e4089b135a-00692c8fdc" "proxy-server 97815" 0.0004 "-" 96824 0
Nov 30 13:41:32 np0005540255.novalocal proxy-server[97815]: ::1 ::1 30/Nov/2025/18/41/32 GET /v1/AUTH_53b9bcf7d8194db7bd330ca574b5edab/gnocchi.851224f8-cce0-454e-8f2d-c74bf6a91b84/1763640000.0_mean_300.0_v3 HTTP/1.0 404 - python-swiftclient-4.7.0 gAAAAABpLI-56T9k... - 70 - tx75bdaf07419e4089b135a-00692c8fdc - 0.0164 - - 1764528092.532818317 1764528092.549230337 0
Nov 30 13:41:32 np0005540255.novalocal object-server[96824]: ::1 - - [30/Nov/2025:18:41:32 +0000] "GET /1/27140/AUTH_53b9bcf7d8194db7bd330ca574b5edab/gnocchi.45bab8f9-e045-45cd-8e60-623dd2ffae9a/none_v3" 404 70 "GET https://[::1]:8080/v1/AUTH_53b9bcf7d8194db7bd330ca574b5edab/gnocchi.45bab8f9-e045-45cd-8e60-623dd2ffae9a/none_v3" "tx23576cb952134834b5cce-00692c8fdc" "proxy-server 97815" 0.0004 "-" 96824 0
Nov 30 13:41:32 np0005540255.novalocal object-server[96823]: ::1 - - [30/Nov/2025:18:41:32 +0000] "GET /3/27140/AUTH_53b9bcf7d8194db7bd330ca574b5edab/gnocchi.45bab8f9-e045-45cd-8e60-623dd2ffae9a/none_v3" 404 70 "GET https://[::1]:8080/v1/AUTH_53b9bcf7d8194db7bd330ca574b5edab/gnocchi.45bab8f9-e045-45cd-8e60-623dd2ffae9a/none_v3" "tx23576cb952134834b5cce-00692c8fdc" "proxy-server 97815" 0.0004 "-" 96823 0
Nov 30 13:41:32 np0005540255.novalocal proxy-server[97815]: ::1 ::1 30/Nov/2025/18/41/32 GET /v1/AUTH_53b9bcf7d8194db7bd330ca574b5edab/gnocchi.45bab8f9-e045-45cd-8e60-623dd2ffae9a/none_v3 HTTP/1.0 404 - python-swiftclient-4.7.0 gAAAAABpLI-5FlkI... - 70 - tx23576cb952134834b5cce-00692c8fdc - 0.0324 - - 1764528092.525723696 1764528092.558075190 0
Nov 30 13:41:32 np0005540255.novalocal container-server[96490]: ::1 - - [30/Nov/2025:18:41:32 +0000] "PUT /3/71676/AUTH_53b9bcf7d8194db7bd330ca574b5edab/gnocchi.851224f8-cce0-454e-8f2d-c74bf6a91b84/1763640000.0_mean_300.0_v3" 201 - "PUT http://[::1]:8080/2/222286/AUTH_53b9bcf7d8194db7bd330ca574b5edab/gnocchi.851224f8-cce0-454e-8f2d-c74bf6a91b84/1763640000.0_mean_300.0_v3" "txa40c61e444cc43c4a8138-00692c8fdc" "object-server 96823" 0.0006 "-" 96490 0
Nov 30 13:41:32 np0005540255.novalocal object-server[96823]: ::1 - - [30/Nov/2025:18:41:32 +0000] "PUT /2/222286/AUTH_53b9bcf7d8194db7bd330ca574b5edab/gnocchi.851224f8-cce0-454e-8f2d-c74bf6a91b84/1763640000.0_mean_300.0_v3" 201 - "PUT https://[::1]:8080/v1/AUTH_53b9bcf7d8194db7bd330ca574b5edab/gnocchi.851224f8-cce0-454e-8f2d-c74bf6a91b84/1763640000.0_mean_300.0_v3" "txa40c61e444cc43c4a8138-00692c8fdc" "proxy-server 97815" 0.0193 "-" 96823 0
Nov 30 13:41:32 np0005540255.novalocal container-server[96490]: ::1 - - [30/Nov/2025:18:41:32 +0000] "PUT /2/71676/AUTH_53b9bcf7d8194db7bd330ca574b5edab/gnocchi.851224f8-cce0-454e-8f2d-c74bf6a91b84/1763640000.0_mean_300.0_v3" 201 - "PUT http://[::1]:8080/3/222286/AUTH_53b9bcf7d8194db7bd330ca574b5edab/gnocchi.851224f8-cce0-454e-8f2d-c74bf6a91b84/1763640000.0_mean_300.0_v3" "txa40c61e444cc43c4a8138-00692c8fdc" "object-server 96824" 0.0005 "-" 96490 0
Nov 30 13:41:32 np0005540255.novalocal object-server[96824]: ::1 - - [30/Nov/2025:18:41:32 +0000] "PUT /3/222286/AUTH_53b9bcf7d8194db7bd330ca574b5edab/gnocchi.851224f8-cce0-454e-8f2d-c74bf6a91b84/1763640000.0_mean_300.0_v3" 201 - "PUT https://[::1]:8080/v1/AUTH_53b9bcf7d8194db7bd330ca574b5edab/gnocchi.851224f8-cce0-454e-8f2d-c74bf6a91b84/1763640000.0_mean_300.0_v3" "txa40c61e444cc43c4a8138-00692c8fdc" "proxy-server 97815" 0.0234 "-" 96824 0
Nov 30 13:41:32 np0005540255.novalocal account-server[96196]: ::1 - - [30/Nov/2025:18:41:32 +0000] "PUT /1/128474/AUTH_53b9bcf7d8194db7bd330ca574b5edab/gnocchi.45bab8f9-e045-45cd-8e60-623dd2ffae9a" 201 - "PUT http://[::1]:6001/1/98277/AUTH_53b9bcf7d8194db7bd330ca574b5edab/gnocchi.45bab8f9-e045-45cd-8e60-623dd2ffae9a" "tx4bcf4fa886e04d248ce72-00692c8fdc" "container-server 96490" 0.0072 "-" 96196 0
Nov 30 13:41:32 np0005540255.novalocal container-server[96490]: ::1 - - [30/Nov/2025:18:41:32 +0000] "PUT /1/98277/AUTH_53b9bcf7d8194db7bd330ca574b5edab/gnocchi.45bab8f9-e045-45cd-8e60-623dd2ffae9a" 201 - "PUT https://[::1]:8080/v1/AUTH_53b9bcf7d8194db7bd330ca574b5edab/gnocchi.45bab8f9-e045-45cd-8e60-623dd2ffae9a" "tx4bcf4fa886e04d248ce72-00692c8fdc" "proxy-server 97815" 0.0187 "-" 96490 0
Nov 30 13:41:32 np0005540255.novalocal account-server[96195]: ::1 - - [30/Nov/2025:18:41:32 +0000] "PUT /2/128474/AUTH_53b9bcf7d8194db7bd330ca574b5edab/gnocchi.45bab8f9-e045-45cd-8e60-623dd2ffae9a" 201 - "PUT http://[::1]:6001/3/98277/AUTH_53b9bcf7d8194db7bd330ca574b5edab/gnocchi.45bab8f9-e045-45cd-8e60-623dd2ffae9a" "tx4bcf4fa886e04d248ce72-00692c8fdc" "container-server 96491" 0.0061 "-" 96195 0
Nov 30 13:41:32 np0005540255.novalocal container-server[96491]: ::1 - - [30/Nov/2025:18:41:32 +0000] "PUT /1/71676/AUTH_53b9bcf7d8194db7bd330ca574b5edab/gnocchi.851224f8-cce0-454e-8f2d-c74bf6a91b84/1763640000.0_mean_300.0_v3" 201 - "PUT http://[::1]:8080/1/222286/AUTH_53b9bcf7d8194db7bd330ca574b5edab/gnocchi.851224f8-cce0-454e-8f2d-c74bf6a91b84/1763640000.0_mean_300.0_v3" "txa40c61e444cc43c4a8138-00692c8fdc" "object-server 96823" 0.0005 "-" 96491 0
Nov 30 13:41:32 np0005540255.novalocal object-server[96823]: ::1 - - [30/Nov/2025:18:41:32 +0000] "PUT /1/222286/AUTH_53b9bcf7d8194db7bd330ca574b5edab/gnocchi.851224f8-cce0-454e-8f2d-c74bf6a91b84/1763640000.0_mean_300.0_v3" 201 - "PUT https://[::1]:8080/v1/AUTH_53b9bcf7d8194db7bd330ca574b5edab/gnocchi.851224f8-cce0-454e-8f2d-c74bf6a91b84/1763640000.0_mean_300.0_v3" "txa40c61e444cc43c4a8138-00692c8fdc" "proxy-server 97815" 0.0350 "-" 96823 0
Nov 30 13:41:32 np0005540255.novalocal container-server[96491]: ::1 - - [30/Nov/2025:18:41:32 +0000] "PUT /3/98277/AUTH_53b9bcf7d8194db7bd330ca574b5edab/gnocchi.45bab8f9-e045-45cd-8e60-623dd2ffae9a" 201 - "PUT https://[::1]:8080/v1/AUTH_53b9bcf7d8194db7bd330ca574b5edab/gnocchi.45bab8f9-e045-45cd-8e60-623dd2ffae9a" "tx4bcf4fa886e04d248ce72-00692c8fdc" "proxy-server 97815" 0.0246 "-" 96491 0
Nov 30 13:41:32 np0005540255.novalocal proxy-server[97815]: ::1 ::1 30/Nov/2025/18/41/32 PUT /v1/AUTH_53b9bcf7d8194db7bd330ca574b5edab/gnocchi.851224f8-cce0-454e-8f2d-c74bf6a91b84/1763640000.0_mean_300.0_v3 HTTP/1.0 201 - python-swiftclient-4.7.0 gAAAAABpLI-56T9k... 16 - - txa40c61e444cc43c4a8138-00692c8fdc - 0.0433 - - 1764528092.552027941 1764528092.595286369 0
Nov 30 13:41:32 np0005540255.novalocal account-server[96195]: ::1 - - [30/Nov/2025:18:41:32 +0000] "PUT /3/128474/AUTH_53b9bcf7d8194db7bd330ca574b5edab/gnocchi.45bab8f9-e045-45cd-8e60-623dd2ffae9a" 201 - "PUT http://[::1]:6001/2/98277/AUTH_53b9bcf7d8194db7bd330ca574b5edab/gnocchi.45bab8f9-e045-45cd-8e60-623dd2ffae9a" "tx4bcf4fa886e04d248ce72-00692c8fdc" "container-server 96491" 0.0086 "-" 96195 0
Nov 30 13:41:32 np0005540255.novalocal container-server[96491]: ::1 - - [30/Nov/2025:18:41:32 +0000] "PUT /2/98277/AUTH_53b9bcf7d8194db7bd330ca574b5edab/gnocchi.45bab8f9-e045-45cd-8e60-623dd2ffae9a" 201 - "PUT https://[::1]:8080/v1/AUTH_53b9bcf7d8194db7bd330ca574b5edab/gnocchi.45bab8f9-e045-45cd-8e60-623dd2ffae9a" "tx4bcf4fa886e04d248ce72-00692c8fdc" "proxy-server 97815" 0.0213 "-" 96491 0
Nov 30 13:41:32 np0005540255.novalocal proxy-server[97815]: ::1 ::1 30/Nov/2025/18/41/32 PUT /v1/AUTH_53b9bcf7d8194db7bd330ca574b5edab/gnocchi.45bab8f9-e045-45cd-8e60-623dd2ffae9a HTTP/1.0 201 - python-swiftclient-4.7.0 gAAAAABpLI-5FlkI... - - - tx4bcf4fa886e04d248ce72-00692c8fdc - 0.0457 - - 1764528092.560446024 1764528092.606145382 0
Nov 30 13:41:32 np0005540255.novalocal container-server[96491]: ::1 - - [30/Nov/2025:18:41:32 +0000] "HEAD /2/98277/AUTH_53b9bcf7d8194db7bd330ca574b5edab/gnocchi.45bab8f9-e045-45cd-8e60-623dd2ffae9a" 204 - "HEAD http://[::1]:8080/v1/AUTH_53b9bcf7d8194db7bd330ca574b5edab/gnocchi.45bab8f9-e045-45cd-8e60-623dd2ffae9a" "tx15487cfdd1a04099be2b1-00692c8fdc" "proxy-server 97815" 0.0015 "-" 96491 0
Nov 30 13:41:32 np0005540255.novalocal proxy-server[97815]: - - 30/Nov/2025/18/41/32 HEAD /v1/AUTH_53b9bcf7d8194db7bd330ca574b5edab/gnocchi.45bab8f9-e045-45cd-8e60-623dd2ffae9a HTTP/1.0 204 - Swift - - - - tx15487cfdd1a04099be2b1-00692c8fdc - 0.0061 CS - 1764528092.610315800 1764528092.616451740 0
Nov 30 13:41:32 np0005540255.novalocal container-server[96491]: ::1 - - [30/Nov/2025:18:41:32 +0000] "PUT /3/71676/AUTH_53b9bcf7d8194db7bd330ca574b5edab/gnocchi.851224f8-cce0-454e-8f2d-c74bf6a91b84/none_v3" 201 - "PUT http://[::1]:8080/3/243744/AUTH_53b9bcf7d8194db7bd330ca574b5edab/gnocchi.851224f8-cce0-454e-8f2d-c74bf6a91b84/none_v3" "txa15a71c97c85410bbc90e-00692c8fdc" "object-server 96824" 0.0004 "-" 96491 0
Nov 30 13:41:32 np0005540255.novalocal object-server[96824]: ::1 - - [30/Nov/2025:18:41:32 +0000] "PUT /3/243744/AUTH_53b9bcf7d8194db7bd330ca574b5edab/gnocchi.851224f8-cce0-454e-8f2d-c74bf6a91b84/none_v3" 201 - "PUT https://[::1]:8080/v1/AUTH_53b9bcf7d8194db7bd330ca574b5edab/gnocchi.851224f8-cce0-454e-8f2d-c74bf6a91b84/none_v3" "txa15a71c97c85410bbc90e-00692c8fdc" "proxy-server 97815" 0.0161 "-" 96824 0
Nov 30 13:41:32 np0005540255.novalocal container-server[96491]: ::1 - - [30/Nov/2025:18:41:32 +0000] "PUT /2/71676/AUTH_53b9bcf7d8194db7bd330ca574b5edab/gnocchi.851224f8-cce0-454e-8f2d-c74bf6a91b84/none_v3" 201 - "PUT http://[::1]:8080/1/243744/AUTH_53b9bcf7d8194db7bd330ca574b5edab/gnocchi.851224f8-cce0-454e-8f2d-c74bf6a91b84/none_v3" "txa15a71c97c85410bbc90e-00692c8fdc" "object-server 96824" 0.0004 "-" 96491 0
Nov 30 13:41:32 np0005540255.novalocal object-server[96824]: ::1 - - [30/Nov/2025:18:41:32 +0000] "PUT /1/243744/AUTH_53b9bcf7d8194db7bd330ca574b5edab/gnocchi.851224f8-cce0-454e-8f2d-c74bf6a91b84/none_v3" 201 - "PUT https://[::1]:8080/v1/AUTH_53b9bcf7d8194db7bd330ca574b5edab/gnocchi.851224f8-cce0-454e-8f2d-c74bf6a91b84/none_v3" "txa15a71c97c85410bbc90e-00692c8fdc" "proxy-server 97815" 0.0153 "-" 96824 0
Nov 30 13:41:32 np0005540255.novalocal container-server[96490]: ::1 - - [30/Nov/2025:18:41:32 +0000] "PUT /1/71676/AUTH_53b9bcf7d8194db7bd330ca574b5edab/gnocchi.851224f8-cce0-454e-8f2d-c74bf6a91b84/none_v3" 201 - "PUT http://[::1]:8080/2/243744/AUTH_53b9bcf7d8194db7bd330ca574b5edab/gnocchi.851224f8-cce0-454e-8f2d-c74bf6a91b84/none_v3" "txa15a71c97c85410bbc90e-00692c8fdc" "object-server 96823" 0.0006 "-" 96490 0
Nov 30 13:41:32 np0005540255.novalocal container-server[96491]: ::1 - - [30/Nov/2025:18:41:32 +0000] "GET /1/98277/AUTH_53b9bcf7d8194db7bd330ca574b5edab/gnocchi.45bab8f9-e045-45cd-8e60-623dd2ffae9a" 200 2 "GET https://[::1]:8080/v1/AUTH_53b9bcf7d8194db7bd330ca574b5edab/gnocchi.45bab8f9-e045-45cd-8e60-623dd2ffae9a?format=json&states=listing" "tx15487cfdd1a04099be2b1-00692c8fdc" "proxy-server 97815" 0.0023 "-" 96491 0
Nov 30 13:41:32 np0005540255.novalocal proxy-server[97815]: ::1 ::1 30/Nov/2025/18/41/32 GET /v1/AUTH_53b9bcf7d8194db7bd330ca574b5edab/gnocchi.45bab8f9-e045-45cd-8e60-623dd2ffae9a%3Fformat%3Djson%26states%3Dlisting HTTP/1.0 200 - python-swiftclient-4.7.0 gAAAAABpLI-5FlkI... - 2 - tx15487cfdd1a04099be2b1-00692c8fdc - 0.0172 - - 1764528092.609596252 1764528092.626814604 0
Nov 30 13:41:32 np0005540255.novalocal object-server[96823]: ::1 - - [30/Nov/2025:18:41:32 +0000] "PUT /2/243744/AUTH_53b9bcf7d8194db7bd330ca574b5edab/gnocchi.851224f8-cce0-454e-8f2d-c74bf6a91b84/none_v3" 201 - "PUT https://[::1]:8080/v1/AUTH_53b9bcf7d8194db7bd330ca574b5edab/gnocchi.851224f8-cce0-454e-8f2d-c74bf6a91b84/none_v3" "txa15a71c97c85410bbc90e-00692c8fdc" "proxy-server 97815" 0.0230 "-" 96823 0
Nov 30 13:41:32 np0005540255.novalocal proxy-server[97815]: ::1 ::1 30/Nov/2025/18/41/32 PUT /v1/AUTH_53b9bcf7d8194db7bd330ca574b5edab/gnocchi.851224f8-cce0-454e-8f2d-c74bf6a91b84/none_v3 HTTP/1.0 201 - python-swiftclient-4.7.0 gAAAAABpLI-56T9k... 22 - - txa15a71c97c85410bbc90e-00692c8fdc - 0.0304 - - 1764528092.598292828 1764528092.628672600 0
Nov 30 13:41:32 np0005540255.novalocal object-server[96823]: ::1 - - [30/Nov/2025:18:41:32 +0000] "GET /1/61138/AUTH_53b9bcf7d8194db7bd330ca574b5edab/gnocchi.45bab8f9-e045-45cd-8e60-623dd2ffae9a/1763640000.0_mean_300.0_v3" 404 70 "GET https://[::1]:8080/v1/AUTH_53b9bcf7d8194db7bd330ca574b5edab/gnocchi.45bab8f9-e045-45cd-8e60-623dd2ffae9a/1763640000.0_mean_300.0_v3" "tx293e8235b57c4c6488c90-00692c8fdc" "proxy-server 97815" 0.0003 "-" 96823 0
Nov 30 13:41:32 np0005540255.novalocal object-server[96824]: ::1 - - [30/Nov/2025:18:41:32 +0000] "GET /2/61138/AUTH_53b9bcf7d8194db7bd330ca574b5edab/gnocchi.45bab8f9-e045-45cd-8e60-623dd2ffae9a/1763640000.0_mean_300.0_v3" 404 70 "GET https://[::1]:8080/v1/AUTH_53b9bcf7d8194db7bd330ca574b5edab/gnocchi.45bab8f9-e045-45cd-8e60-623dd2ffae9a/1763640000.0_mean_300.0_v3" "tx293e8235b57c4c6488c90-00692c8fdc" "proxy-server 97815" 0.0003 "-" 96824 0
Nov 30 13:41:32 np0005540255.novalocal object-server[96823]: ::1 - - [30/Nov/2025:18:41:32 +0000] "GET /3/61138/AUTH_53b9bcf7d8194db7bd330ca574b5edab/gnocchi.45bab8f9-e045-45cd-8e60-623dd2ffae9a/1763640000.0_mean_300.0_v3" 404 70 "GET https://[::1]:8080/v1/AUTH_53b9bcf7d8194db7bd330ca574b5edab/gnocchi.45bab8f9-e045-45cd-8e60-623dd2ffae9a/1763640000.0_mean_300.0_v3" "tx293e8235b57c4c6488c90-00692c8fdc" "proxy-server 97815" 0.0003 "-" 96823 0
Nov 30 13:41:32 np0005540255.novalocal proxy-server[97815]: ::1 ::1 30/Nov/2025/18/41/32 GET /v1/AUTH_53b9bcf7d8194db7bd330ca574b5edab/gnocchi.45bab8f9-e045-45cd-8e60-623dd2ffae9a/1763640000.0_mean_300.0_v3 HTTP/1.0 404 - python-swiftclient-4.7.0 gAAAAABpLI-5FlkI... - 70 - tx293e8235b57c4c6488c90-00692c8fdc - 0.0115 - - 1764528092.629655123 1764528092.641172171 0
Nov 30 13:41:32 np0005540255.novalocal container-server[96491]: ::1 - - [30/Nov/2025:18:41:32 +0000] "PUT /1/98277/AUTH_53b9bcf7d8194db7bd330ca574b5edab/gnocchi.45bab8f9-e045-45cd-8e60-623dd2ffae9a/1763640000.0_mean_300.0_v3" 201 - "PUT http://[::1]:8080/3/61138/AUTH_53b9bcf7d8194db7bd330ca574b5edab/gnocchi.45bab8f9-e045-45cd-8e60-623dd2ffae9a/1763640000.0_mean_300.0_v3" "tx8f32c8a1306d48df897f6-00692c8fdc" "object-server 96824" 0.0007 "-" 96491 0
Nov 30 13:41:32 np0005540255.novalocal object-server[96824]: ::1 - - [30/Nov/2025:18:41:32 +0000] "PUT /3/61138/AUTH_53b9bcf7d8194db7bd330ca574b5edab/gnocchi.45bab8f9-e045-45cd-8e60-623dd2ffae9a/1763640000.0_mean_300.0_v3" 201 - "PUT https://[::1]:8080/v1/AUTH_53b9bcf7d8194db7bd330ca574b5edab/gnocchi.45bab8f9-e045-45cd-8e60-623dd2ffae9a/1763640000.0_mean_300.0_v3" "tx8f32c8a1306d48df897f6-00692c8fdc" "proxy-server 97815" 0.0096 "-" 96824 0
Nov 30 13:41:32 np0005540255.novalocal container-server[96491]: ::1 - - [30/Nov/2025:18:41:32 +0000] "PUT /3/98277/AUTH_53b9bcf7d8194db7bd330ca574b5edab/gnocchi.45bab8f9-e045-45cd-8e60-623dd2ffae9a/1763640000.0_mean_300.0_v3" 201 - "PUT http://[::1]:8080/2/61138/AUTH_53b9bcf7d8194db7bd330ca574b5edab/gnocchi.45bab8f9-e045-45cd-8e60-623dd2ffae9a/1763640000.0_mean_300.0_v3" "tx8f32c8a1306d48df897f6-00692c8fdc" "object-server 96823" 0.0004 "-" 96491 0
Nov 30 13:41:32 np0005540255.novalocal object-server[96823]: ::1 - - [30/Nov/2025:18:41:32 +0000] "PUT /2/61138/AUTH_53b9bcf7d8194db7bd330ca574b5edab/gnocchi.45bab8f9-e045-45cd-8e60-623dd2ffae9a/1763640000.0_mean_300.0_v3" 201 - "PUT https://[::1]:8080/v1/AUTH_53b9bcf7d8194db7bd330ca574b5edab/gnocchi.45bab8f9-e045-45cd-8e60-623dd2ffae9a/1763640000.0_mean_300.0_v3" "tx8f32c8a1306d48df897f6-00692c8fdc" "proxy-server 97815" 0.0113 "-" 96823 0
Nov 30 13:41:32 np0005540255.novalocal container-server[96490]: ::1 - - [30/Nov/2025:18:41:32 +0000] "PUT /2/98277/AUTH_53b9bcf7d8194db7bd330ca574b5edab/gnocchi.45bab8f9-e045-45cd-8e60-623dd2ffae9a/1763640000.0_mean_300.0_v3" 201 - "PUT http://[::1]:8080/1/61138/AUTH_53b9bcf7d8194db7bd330ca574b5edab/gnocchi.45bab8f9-e045-45cd-8e60-623dd2ffae9a/1763640000.0_mean_300.0_v3" "tx8f32c8a1306d48df897f6-00692c8fdc" "object-server 96824" 0.0007 "-" 96490 0
Nov 30 13:41:32 np0005540255.novalocal object-server[96824]: ::1 - - [30/Nov/2025:18:41:32 +0000] "PUT /1/61138/AUTH_53b9bcf7d8194db7bd330ca574b5edab/gnocchi.45bab8f9-e045-45cd-8e60-623dd2ffae9a/1763640000.0_mean_300.0_v3" 201 - "PUT https://[::1]:8080/v1/AUTH_53b9bcf7d8194db7bd330ca574b5edab/gnocchi.45bab8f9-e045-45cd-8e60-623dd2ffae9a/1763640000.0_mean_300.0_v3" "tx8f32c8a1306d48df897f6-00692c8fdc" "proxy-server 97815" 0.0149 "-" 96824 0
