Nov 30 13:41:47 np0005540255.novalocal account-server[96196]: ::1 - - [30/Nov/2025:18:41:47 +0000] "PUT /3/128474/AUTH_53b9bcf7d8194db7bd330ca574b5edab/gnocchi.17db51a0-74ca-4eff-bdee-789fefd993d3" 201 - "PUT http://[::1]:6001/1/69518/AUTH_53b9bcf7d8194db7bd330ca574b5edab/gnocchi.17db51a0-74ca-4eff-bdee-789fefd993d3" "tx214a835dc2144cc69dd2f-00692c8feb" "container-server 96490" 0.0038 "-" 96196 0
Nov 30 13:41:47 np0005540255.novalocal container-server[96490]: ::1 - - [30/Nov/2025:18:41:47 +0000] "PUT /1/69518/AUTH_53b9bcf7d8194db7bd330ca574b5edab/gnocchi.17db51a0-74ca-4eff-bdee-789fefd993d3" 201 - "PUT https://[::1]:8080/v1/AUTH_53b9bcf7d8194db7bd330ca574b5edab/gnocchi.17db51a0-74ca-4eff-bdee-789fefd993d3" "tx214a835dc2144cc69dd2f-00692c8feb" "proxy-server 97815" 0.0179 "-" 96490 0
Nov 30 13:41:47 np0005540255.novalocal proxy-server[97815]: ::1 ::1 30/Nov/2025/18/41/47 PUT /v1/AUTH_53b9bcf7d8194db7bd330ca574b5edab/gnocchi.17db51a0-74ca-4eff-bdee-789fefd993d3 HTTP/1.0 201 - python-swiftclient-4.7.0 gAAAAABpLI-56T9k... - - - tx214a835dc2144cc69dd2f-00692c8feb - 0.0387 - - 1764528107.598128319 1764528107.636804581 0
Nov 30 13:41:47 np0005540255.novalocal object-server[96824]: ::1 - - [30/Nov/2025:18:41:47 +0000] "GET /1/27545/AUTH_53b9bcf7d8194db7bd330ca574b5edab/gnocchi.7e2e7164-8e22-4c13-8e87-666c846af7e7/none_v3" 404 70 "GET https://[::1]:8080/v1/AUTH_53b9bcf7d8194db7bd330ca574b5edab/gnocchi.7e2e7164-8e22-4c13-8e87-666c846af7e7/none_v3" "tx51493cdc540d422c8df02-00692c8feb" "proxy-server 97815" 0.0004 "-" 96824 0
Nov 30 13:41:47 np0005540255.novalocal object-server[96823]: ::1 - - [30/Nov/2025:18:41:47 +0000] "GET /3/27545/AUTH_53b9bcf7d8194db7bd330ca574b5edab/gnocchi.7e2e7164-8e22-4c13-8e87-666c846af7e7/none_v3" 404 70 "GET https://[::1]:8080/v1/AUTH_53b9bcf7d8194db7bd330ca574b5edab/gnocchi.7e2e7164-8e22-4c13-8e87-666c846af7e7/none_v3" "tx51493cdc540d422c8df02-00692c8feb" "proxy-server 97815" 0.0003 "-" 96823 0
Nov 30 13:41:47 np0005540255.novalocal container-server[96490]: ::1 - - [30/Nov/2025:18:41:47 +0000] "HEAD /1/69518/AUTH_53b9bcf7d8194db7bd330ca574b5edab/gnocchi.17db51a0-74ca-4eff-bdee-789fefd993d3" 204 - "HEAD http://[::1]:8080/v1/AUTH_53b9bcf7d8194db7bd330ca574b5edab/gnocchi.17db51a0-74ca-4eff-bdee-789fefd993d3" "tx570820c2b39248339c94b-00692c8feb" "proxy-server 97815" 0.0009 "-" 96490 0
Nov 30 13:41:47 np0005540255.novalocal object-server[96823]: ::1 - - [30/Nov/2025:18:41:47 +0000] "GET /2/27545/AUTH_53b9bcf7d8194db7bd330ca574b5edab/gnocchi.7e2e7164-8e22-4c13-8e87-666c846af7e7/none_v3" 404 70 "GET https://[::1]:8080/v1/AUTH_53b9bcf7d8194db7bd330ca574b5edab/gnocchi.7e2e7164-8e22-4c13-8e87-666c846af7e7/none_v3" "tx51493cdc540d422c8df02-00692c8feb" "proxy-server 97815" 0.0002 "-" 96823 0
Nov 30 13:41:47 np0005540255.novalocal proxy-server[97815]: - - 30/Nov/2025/18/41/47 HEAD /v1/AUTH_53b9bcf7d8194db7bd330ca574b5edab/gnocchi.17db51a0-74ca-4eff-bdee-789fefd993d3 HTTP/1.0 204 - Swift - - - - tx570820c2b39248339c94b-00692c8feb - 0.0028 CS - 1764528107.640038252 1764528107.642834663 0
Nov 30 13:41:47 np0005540255.novalocal proxy-server[97815]: ::1 ::1 30/Nov/2025/18/41/47 GET /v1/AUTH_53b9bcf7d8194db7bd330ca574b5edab/gnocchi.7e2e7164-8e22-4c13-8e87-666c846af7e7/none_v3 HTTP/1.0 404 - python-swiftclient-4.7.0 gAAAAABpLI-5FlkI... - 70 - tx51493cdc540d422c8df02-00692c8feb - 0.0214 - - 1764528107.622587442 1764528107.644031048 0
Nov 30 13:41:47 np0005540255.novalocal container-server[96491]: ::1 - - [30/Nov/2025:18:41:47 +0000] "GET /2/69518/AUTH_53b9bcf7d8194db7bd330ca574b5edab/gnocchi.17db51a0-74ca-4eff-bdee-789fefd993d3" 200 2 "GET https://[::1]:8080/v1/AUTH_53b9bcf7d8194db7bd330ca574b5edab/gnocchi.17db51a0-74ca-4eff-bdee-789fefd993d3?format=json&states=listing" "tx570820c2b39248339c94b-00692c8feb" "proxy-server 97815" 0.0026 "-" 96491 0
Nov 30 13:41:47 np0005540255.novalocal proxy-server[97815]: ::1 ::1 30/Nov/2025/18/41/47 GET /v1/AUTH_53b9bcf7d8194db7bd330ca574b5edab/gnocchi.17db51a0-74ca-4eff-bdee-789fefd993d3%3Fformat%3Djson%26states%3Dlisting HTTP/1.0 200 - python-swiftclient-4.7.0 gAAAAABpLI-56T9k... - 2 - tx570820c2b39248339c94b-00692c8feb - 0.0119 - - 1764528107.639382601 1764528107.651330233 0
Nov 30 13:41:47 np0005540255.novalocal object-server[96823]: ::1 - - [30/Nov/2025:18:41:47 +0000] "GET /1/117657/AUTH_53b9bcf7d8194db7bd330ca574b5edab/gnocchi.17db51a0-74ca-4eff-bdee-789fefd993d3/1763640000.0_mean_300.0_v3" 404 70 "GET https://[::1]:8080/v1/AUTH_53b9bcf7d8194db7bd330ca574b5edab/gnocchi.17db51a0-74ca-4eff-bdee-789fefd993d3/1763640000.0_mean_300.0_v3" "txd299cd6d1c91457ba09e6-00692c8feb" "proxy-server 97815" 0.0003 "-" 96823 0
Nov 30 13:41:47 np0005540255.novalocal account-server[96196]: ::1 - - [30/Nov/2025:18:41:47 +0000] "PUT /1/128474/AUTH_53b9bcf7d8194db7bd330ca574b5edab/gnocchi.7e2e7164-8e22-4c13-8e87-666c846af7e7" 201 - "PUT http://[::1]:6001/3/242375/AUTH_53b9bcf7d8194db7bd330ca574b5edab/gnocchi.7e2e7164-8e22-4c13-8e87-666c846af7e7" "txab1ecc63c603497b9b7a9-00692c8feb" "container-server 96490" 0.0039 "-" 96196 0
Nov 30 13:41:47 np0005540255.novalocal object-server[96823]: ::1 - - [30/Nov/2025:18:41:47 +0000] "GET /3/117657/AUTH_53b9bcf7d8194db7bd330ca574b5edab/gnocchi.17db51a0-74ca-4eff-bdee-789fefd993d3/1763640000.0_mean_300.0_v3" 404 70 "GET https://[::1]:8080/v1/AUTH_53b9bcf7d8194db7bd330ca574b5edab/gnocchi.17db51a0-74ca-4eff-bdee-789fefd993d3/1763640000.0_mean_300.0_v3" "txd299cd6d1c91457ba09e6-00692c8feb" "proxy-server 97815" 0.0003 "-" 96823 0
Nov 30 13:41:47 np0005540255.novalocal container-server[96490]: ::1 - - [30/Nov/2025:18:41:47 +0000] "PUT /3/242375/AUTH_53b9bcf7d8194db7bd330ca574b5edab/gnocchi.7e2e7164-8e22-4c13-8e87-666c846af7e7" 201 - "PUT https://[::1]:8080/v1/AUTH_53b9bcf7d8194db7bd330ca574b5edab/gnocchi.7e2e7164-8e22-4c13-8e87-666c846af7e7" "txab1ecc63c603497b9b7a9-00692c8feb" "proxy-server 97815" 0.0127 "-" 96490 0
Nov 30 13:41:47 np0005540255.novalocal object-server[96823]: ::1 - - [30/Nov/2025:18:41:47 +0000] "GET /2/117657/AUTH_53b9bcf7d8194db7bd330ca574b5edab/gnocchi.17db51a0-74ca-4eff-bdee-789fefd993d3/1763640000.0_mean_300.0_v3" 404 70 "GET https://[::1]:8080/v1/AUTH_53b9bcf7d8194db7bd330ca574b5edab/gnocchi.17db51a0-74ca-4eff-bdee-789fefd993d3/1763640000.0_mean_300.0_v3" "txd299cd6d1c91457ba09e6-00692c8feb" "proxy-server 97815" 0.0003 "-" 96823 0
Nov 30 13:41:47 np0005540255.novalocal proxy-server[97815]: ::1 ::1 30/Nov/2025/18/41/47 GET /v1/AUTH_53b9bcf7d8194db7bd330ca574b5edab/gnocchi.17db51a0-74ca-4eff-bdee-789fefd993d3/1763640000.0_mean_300.0_v3 HTTP/1.0 404 - python-swiftclient-4.7.0 gAAAAABpLI-56T9k... - 70 - txd299cd6d1c91457ba09e6-00692c8feb - 0.0093 - - 1764528107.655725002 1764528107.665072680 0
Nov 30 13:41:47 np0005540255.novalocal account-server[96196]: ::1 - - [30/Nov/2025:18:41:47 +0000] "PUT /3/128474/AUTH_53b9bcf7d8194db7bd330ca574b5edab/gnocchi.7e2e7164-8e22-4c13-8e87-666c846af7e7" 201 - "PUT http://[::1]:6001/2/242375/AUTH_53b9bcf7d8194db7bd330ca574b5edab/gnocchi.7e2e7164-8e22-4c13-8e87-666c846af7e7" "txab1ecc63c603497b9b7a9-00692c8feb" "container-server 96491" 0.0034 "-" 96196 0
Nov 30 13:41:47 np0005540255.novalocal container-server[96491]: ::1 - - [30/Nov/2025:18:41:47 +0000] "PUT /2/242375/AUTH_53b9bcf7d8194db7bd330ca574b5edab/gnocchi.7e2e7164-8e22-4c13-8e87-666c846af7e7" 201 - "PUT https://[::1]:8080/v1/AUTH_53b9bcf7d8194db7bd330ca574b5edab/gnocchi.7e2e7164-8e22-4c13-8e87-666c846af7e7" "txab1ecc63c603497b9b7a9-00692c8feb" "proxy-server 97815" 0.0161 "-" 96491 0
Nov 30 13:41:47 np0005540255.novalocal account-server[96195]: ::1 - - [30/Nov/2025:18:41:47 +0000] "PUT /2/128474/AUTH_53b9bcf7d8194db7bd330ca574b5edab/gnocchi.7e2e7164-8e22-4c13-8e87-666c846af7e7" 201 - "PUT http://[::1]:6001/1/242375/AUTH_53b9bcf7d8194db7bd330ca574b5edab/gnocchi.7e2e7164-8e22-4c13-8e87-666c846af7e7" "txab1ecc63c603497b9b7a9-00692c8feb" "container-server 96491" 0.0047 "-" 96195 0
Nov 30 13:41:47 np0005540255.novalocal container-server[96491]: ::1 - - [30/Nov/2025:18:41:47 +0000] "PUT /1/242375/AUTH_53b9bcf7d8194db7bd330ca574b5edab/gnocchi.7e2e7164-8e22-4c13-8e87-666c846af7e7" 201 - "PUT https://[::1]:8080/v1/AUTH_53b9bcf7d8194db7bd330ca574b5edab/gnocchi.7e2e7164-8e22-4c13-8e87-666c846af7e7" "txab1ecc63c603497b9b7a9-00692c8feb" "proxy-server 97815" 0.0304 "-" 96491 0
Nov 30 13:41:47 np0005540255.novalocal proxy-server[97815]: ::1 ::1 30/Nov/2025/18/41/47 PUT /v1/AUTH_53b9bcf7d8194db7bd330ca574b5edab/gnocchi.7e2e7164-8e22-4c13-8e87-666c846af7e7 HTTP/1.0 201 - python-swiftclient-4.7.0 gAAAAABpLI-5FlkI... - - - txab1ecc63c603497b9b7a9-00692c8feb - 0.0413 - - 1764528107.646328926 1764528107.687644720 0
Nov 30 13:41:47 np0005540255.novalocal container-server[96491]: ::1 - - [30/Nov/2025:18:41:47 +0000] "HEAD /3/242375/AUTH_53b9bcf7d8194db7bd330ca574b5edab/gnocchi.7e2e7164-8e22-4c13-8e87-666c846af7e7" 204 - "HEAD http://[::1]:8080/v1/AUTH_53b9bcf7d8194db7bd330ca574b5edab/gnocchi.7e2e7164-8e22-4c13-8e87-666c846af7e7" "tx1dbd44f232604df3bfbef-00692c8feb" "proxy-server 97815" 0.0011 "-" 96491 0
Nov 30 13:41:47 np0005540255.novalocal proxy-server[97815]: - - 30/Nov/2025/18/41/47 HEAD /v1/AUTH_53b9bcf7d8194db7bd330ca574b5edab/gnocchi.7e2e7164-8e22-4c13-8e87-666c846af7e7 HTTP/1.0 204 - Swift - - - - tx1dbd44f232604df3bfbef-00692c8feb - 0.0042 CS - 1764528107.691108465 1764528107.695287228 0
Nov 30 13:41:47 np0005540255.novalocal container-server[96490]: ::1 - - [30/Nov/2025:18:41:47 +0000] "GET /2/242375/AUTH_53b9bcf7d8194db7bd330ca574b5edab/gnocchi.7e2e7164-8e22-4c13-8e87-666c846af7e7" 200 2 "GET https://[::1]:8080/v1/AUTH_53b9bcf7d8194db7bd330ca574b5edab/gnocchi.7e2e7164-8e22-4c13-8e87-666c846af7e7?format=json&states=listing" "tx1dbd44f232604df3bfbef-00692c8feb" "proxy-server 97815" 0.0024 "-" 96490 0
Nov 30 13:41:47 np0005540255.novalocal container-server[96491]: ::1 - - [30/Nov/2025:18:41:47 +0000] "PUT /3/69518/AUTH_53b9bcf7d8194db7bd330ca574b5edab/gnocchi.17db51a0-74ca-4eff-bdee-789fefd993d3/1763640000.0_mean_300.0_v3" 201 - "PUT http://[::1]:8080/2/117657/AUTH_53b9bcf7d8194db7bd330ca574b5edab/gnocchi.17db51a0-74ca-4eff-bdee-789fefd993d3/1763640000.0_mean_300.0_v3" "tx21a2782ced934a008e22c-00692c8feb" "object-server 96823" 0.0006 "-" 96491 0
Nov 30 13:41:47 np0005540255.novalocal object-server[96823]: ::1 - - [30/Nov/2025:18:41:47 +0000] "PUT /2/117657/AUTH_53b9bcf7d8194db7bd330ca574b5edab/gnocchi.17db51a0-74ca-4eff-bdee-789fefd993d3/1763640000.0_mean_300.0_v3" 201 - "PUT https://[::1]:8080/v1/AUTH_53b9bcf7d8194db7bd330ca574b5edab/gnocchi.17db51a0-74ca-4eff-bdee-789fefd993d3/1763640000.0_mean_300.0_v3" "tx21a2782ced934a008e22c-00692c8feb" "proxy-server 97815" 0.0109 "-" 96823 0
Nov 30 13:41:47 np0005540255.novalocal container-server[96491]: ::1 - - [30/Nov/2025:18:41:47 +0000] "PUT /2/69518/AUTH_53b9bcf7d8194db7bd330ca574b5edab/gnocchi.17db51a0-74ca-4eff-bdee-789fefd993d3/1763640000.0_mean_300.0_v3" 201 - "PUT http://[::1]:8080/3/117657/AUTH_53b9bcf7d8194db7bd330ca574b5edab/gnocchi.17db51a0-74ca-4eff-bdee-789fefd993d3/1763640000.0_mean_300.0_v3" "tx21a2782ced934a008e22c-00692c8feb" "object-server 96823" 0.0003 "-" 96491 0
Nov 30 13:41:47 np0005540255.novalocal proxy-server[97815]: ::1 ::1 30/Nov/2025/18/41/47 GET /v1/AUTH_53b9bcf7d8194db7bd330ca574b5edab/gnocchi.7e2e7164-8e22-4c13-8e87-666c846af7e7%3Fformat%3Djson%26states%3Dlisting HTTP/1.0 200 - python-swiftclient-4.7.0 gAAAAABpLI-5FlkI... - 2 - tx1dbd44f232604df3bfbef-00692c8feb - 0.0135 - - 1764528107.690165281 1764528107.703685045 0
Nov 30 13:41:47 np0005540255.novalocal object-server[96823]: ::1 - - [30/Nov/2025:18:41:47 +0000] "PUT /3/117657/AUTH_53b9bcf7d8194db7bd330ca574b5edab/gnocchi.17db51a0-74ca-4eff-bdee-789fefd993d3/1763640000.0_mean_300.0_v3" 201 - "PUT https://[::1]:8080/v1/AUTH_53b9bcf7d8194db7bd330ca574b5edab/gnocchi.17db51a0-74ca-4eff-bdee-789fefd993d3/1763640000.0_mean_300.0_v3" "tx21a2782ced934a008e22c-00692c8feb" "proxy-server 97815" 0.0137 "-" 96823 0
Nov 30 13:41:47 np0005540255.novalocal container-server[96491]: ::1 - - [30/Nov/2025:18:41:47 +0000] "PUT /1/69518/AUTH_53b9bcf7d8194db7bd330ca574b5edab/gnocchi.17db51a0-74ca-4eff-bdee-789fefd993d3/1763640000.0_mean_300.0_v3" 201 - "PUT http://[::1]:8080/1/117657/AUTH_53b9bcf7d8194db7bd330ca574b5edab/gnocchi.17db51a0-74ca-4eff-bdee-789fefd993d3/1763640000.0_mean_300.0_v3" "tx21a2782ced934a008e22c-00692c8feb" "object-server 96824" 0.0004 "-" 96491 0
Nov 30 13:41:47 np0005540255.novalocal object-server[96824]: ::1 - - [30/Nov/2025:18:41:47 +0000] "PUT /1/117657/AUTH_53b9bcf7d8194db7bd330ca574b5edab/gnocchi.17db51a0-74ca-4eff-bdee-789fefd993d3/1763640000.0_mean_300.0_v3" 201 - "PUT https://[::1]:8080/v1/AUTH_53b9bcf7d8194db7bd330ca574b5edab/gnocchi.17db51a0-74ca-4eff-bdee-789fefd993d3/1763640000.0_mean_300.0_v3" "tx21a2782ced934a008e22c-00692c8feb" "proxy-server 97815" 0.0133 "-" 96824 0
Nov 30 13:41:47 np0005540255.novalocal proxy-server[97815]: ::1 ::1 30/Nov/2025/18/41/47 PUT /v1/AUTH_53b9bcf7d8194db7bd330ca574b5edab/gnocchi.17db51a0-74ca-4eff-bdee-789fefd993d3/1763640000.0_mean_300.0_v3 HTTP/1.0 201 - python-swiftclient-4.7.0 gAAAAABpLI-56T9k... 16 - - tx21a2782ced934a008e22c-00692c8feb - 0.0243 - - 1764528107.682654858 1764528107.706974030 0
Nov 30 13:41:47 np0005540255.novalocal object-server[96823]: ::1 - - [30/Nov/2025:18:41:47 +0000] "GET /3/170981/AUTH_53b9bcf7d8194db7bd330ca574b5edab/gnocchi.7e2e7164-8e22-4c13-8e87-666c846af7e7/1763640000.0_mean_300.0_v3" 404 70 "GET https://[::1]:8080/v1/AUTH_53b9bcf7d8194db7bd330ca574b5edab/gnocchi.7e2e7164-8e22-4c13-8e87-666c846af7e7/1763640000.0_mean_300.0_v3" "tx11333b5e34aa4b76b470d-00692c8feb" "proxy-server 97815" 0.0003 "-" 96823 0
Nov 30 13:41:47 np0005540255.novalocal object-server[96823]: ::1 - - [30/Nov/2025:18:41:47 +0000] "GET /2/170981/AUTH_53b9bcf7d8194db7bd330ca574b5edab/gnocchi.7e2e7164-8e22-4c13-8e87-666c846af7e7/1763640000.0_mean_300.0_v3" 404 70 "GET https://[::1]:8080/v1/AUTH_53b9bcf7d8194db7bd330ca574b5edab/gnocchi.7e2e7164-8e22-4c13-8e87-666c846af7e7/1763640000.0_mean_300.0_v3" "tx11333b5e34aa4b76b470d-00692c8feb" "proxy-server 97815" 0.0002 "-" 96823 0
Nov 30 13:41:47 np0005540255.novalocal object-server[96824]: ::1 - - [30/Nov/2025:18:41:47 +0000] "GET /1/170981/AUTH_53b9bcf7d8194db7bd330ca574b5edab/gnocchi.7e2e7164-8e22-4c13-8e87-666c846af7e7/1763640000.0_mean_300.0_v3" 404 70 "GET https://[::1]:8080/v1/AUTH_53b9bcf7d8194db7bd330ca574b5edab/gnocchi.7e2e7164-8e22-4c13-8e87-666c846af7e7/1763640000.0_mean_300.0_v3" "tx11333b5e34aa4b76b470d-00692c8feb" "proxy-server 97815" 0.0005 "-" 96824 0
Nov 30 13:41:47 np0005540255.novalocal proxy-server[97815]: ::1 ::1 30/Nov/2025/18/41/47 GET /v1/AUTH_53b9bcf7d8194db7bd330ca574b5edab/gnocchi.7e2e7164-8e22-4c13-8e87-666c846af7e7/1763640000.0_mean_300.0_v3 HTTP/1.0 404 - python-swiftclient-4.7.0 gAAAAABpLI-5FlkI... - 70 - tx11333b5e34aa4b76b470d-00692c8feb - 0.0131 - - 1764528107.706394911 1764528107.719465017 0
Nov 30 13:41:47 np0005540255.novalocal container-server[96490]: ::1 - - [30/Nov/2025:18:41:47 +0000] "PUT /3/69518/AUTH_53b9bcf7d8194db7bd330ca574b5edab/gnocchi.17db51a0-74ca-4eff-bdee-789fefd993d3/none_v3" 201 - "PUT http://[::1]:8080/1/191704/AUTH_53b9bcf7d8194db7bd330ca574b5edab/gnocchi.17db51a0-74ca-4eff-bdee-789fefd993d3/none_v3" "txcdcf213684d54f449b01e-00692c8feb" "object-server 96824" 0.0005 "-" 96490 0
Nov 30 13:41:47 np0005540255.novalocal container-server[96491]: ::1 - - [30/Nov/2025:18:41:47 +0000] "PUT /1/242375/AUTH_53b9bcf7d8194db7bd330ca574b5edab/gnocchi.7e2e7164-8e22-4c13-8e87-666c846af7e7/1763640000.0_mean_300.0_v3" 201 - "PUT http://[::1]:8080/3/170981/AUTH_53b9bcf7d8194db7bd330ca574b5edab/gnocchi.7e2e7164-8e22-4c13-8e87-666c846af7e7/1763640000.0_mean_300.0_v3" "tx01c43c2f98814e059e9f0-00692c8feb" "object-server 96823" 0.0016 "-" 96491 0
Nov 30 13:41:47 np0005540255.novalocal object-server[96823]: ::1 - - [30/Nov/2025:18:41:47 +0000] "PUT /3/170981/AUTH_53b9bcf7d8194db7bd330ca574b5edab/gnocchi.7e2e7164-8e22-4c13-8e87-666c846af7e7/1763640000.0_mean_300.0_v3" 201 - "PUT https://[::1]:8080/v1/AUTH_53b9bcf7d8194db7bd330ca574b5edab/gnocchi.7e2e7164-8e22-4c13-8e87-666c846af7e7/1763640000.0_mean_300.0_v3" "tx01c43c2f98814e059e9f0-00692c8feb" "proxy-server 97815" 0.0347 "-" 96823 0
Nov 30 13:41:47 np0005540255.novalocal object-server[96824]: ::1 - - [30/Nov/2025:18:41:47 +0000] "PUT /1/191704/AUTH_53b9bcf7d8194db7bd330ca574b5edab/gnocchi.17db51a0-74ca-4eff-bdee-789fefd993d3/none_v3" 201 - "PUT https://[::1]:8080/v1/AUTH_53b9bcf7d8194db7bd330ca574b5edab/gnocchi.17db51a0-74ca-4eff-bdee-789fefd993d3/none_v3" "txcdcf213684d54f449b01e-00692c8feb" "proxy-server 97815" 0.0221 "-" 96824 0
Nov 30 13:41:47 np0005540255.novalocal container-server[96491]: ::1 - - [30/Nov/2025:18:41:47 +0000] "PUT /2/69518/AUTH_53b9bcf7d8194db7bd330ca574b5edab/gnocchi.17db51a0-74ca-4eff-bdee-789fefd993d3/none_v3" 201 - "PUT http://[::1]:8080/3/191704/AUTH_53b9bcf7d8194db7bd330ca574b5edab/gnocchi.17db51a0-74ca-4eff-bdee-789fefd993d3/none_v3" "txcdcf213684d54f449b01e-00692c8feb" "object-server 96824" 0.0008 "-" 96491 0
Nov 30 13:41:47 np0005540255.novalocal container-server[96490]: ::1 - - [30/Nov/2025:18:41:47 +0000] "PUT /3/242375/AUTH_53b9bcf7d8194db7bd330ca574b5edab/gnocchi.7e2e7164-8e22-4c13-8e87-666c846af7e7/1763640000.0_mean_300.0_v3" 201 - "PUT http://[::1]:8080/1/170981/AUTH_53b9bcf7d8194db7bd330ca574b5edab/gnocchi.7e2e7164-8e22-4c13-8e87-666c846af7e7/1763640000.0_mean_300.0_v3" "tx01c43c2f98814e059e9f0-00692c8feb" "object-server 96824" 0.0004 "-" 96490 0
Nov 30 13:41:47 np0005540255.novalocal object-server[96824]: ::1 - - [30/Nov/2025:18:41:47 +0000] "PUT /3/191704/AUTH_53b9bcf7d8194db7bd330ca574b5edab/gnocchi.17db51a0-74ca-4eff-bdee-789fefd993d3/none_v3" 201 - "PUT https://[::1]:8080/v1/AUTH_53b9bcf7d8194db7bd330ca574b5edab/gnocchi.17db51a0-74ca-4eff-bdee-789fefd993d3/none_v3" "txcdcf213684d54f449b01e-00692c8feb" "proxy-server 97815" 0.0273 "-" 96824 0
Nov 30 13:41:47 np0005540255.novalocal container-server[96491]: ::1 - - [30/Nov/2025:18:41:47 +0000] "PUT /2/242375/AUTH_53b9bcf7d8194db7bd330ca574b5edab/gnocchi.7e2e7164-8e22-4c13-8e87-666c846af7e7/1763640000.0_mean_300.0_v3" 201 - "PUT http://[::1]:8080/2/170981/AUTH_53b9bcf7d8194db7bd330ca574b5edab/gnocchi.7e2e7164-8e22-4c13-8e87-666c846af7e7/1763640000.0_mean_300.0_v3" "tx01c43c2f98814e059e9f0-00692c8feb" "object-server 96824" 0.0008 "-" 96491 0
Nov 30 13:41:47 np0005540255.novalocal object-server[96824]: ::1 - - [30/Nov/2025:18:41:47 +0000] "PUT /1/170981/AUTH_53b9bcf7d8194db7bd330ca574b5edab/gnocchi.7e2e7164-8e22-4c13-8e87-666c846af7e7/1763640000.0_mean_300.0_v3" 201 - "PUT https://[::1]:8080/v1/AUTH_53b9bcf7d8194db7bd330ca574b5edab/gnocchi.7e2e7164-8e22-4c13-8e87-666c846af7e7/1763640000.0_mean_300.0_v3" "tx01c43c2f98814e059e9f0-00692c8feb" "proxy-server 97815" 0.0216 "-" 96824 0
Nov 30 13:41:47 np0005540255.novalocal object-server[96824]: ::1 - - [30/Nov/2025:18:41:47 +0000] "PUT /2/170981/AUTH_53b9bcf7d8194db7bd330ca574b5edab/gnocchi.7e2e7164-8e22-4c13-8e87-666c846af7e7/1763640000.0_mean_300.0_v3" 201 - "PUT https://[::1]:8080/v1/AUTH_53b9bcf7d8194db7bd330ca574b5edab/gnocchi.7e2e7164-8e22-4c13-8e87-666c846af7e7/1763640000.0_mean_300.0_v3" "tx01c43c2f98814e059e9f0-00692c8feb" "proxy-server 97815" 0.0249 "-" 96824 0
Nov 30 13:41:47 np0005540255.novalocal container-server[96491]: ::1 - - [30/Nov/2025:18:41:47 +0000] "PUT /1/69518/AUTH_53b9bcf7d8194db7bd330ca574b5edab/gnocchi.17db51a0-74ca-4eff-bdee-789fefd993d3/none_v3" 201 - "PUT http://[::1]:8080/2/191704/AUTH_53b9bcf7d8194db7bd330ca574b5edab/gnocchi.17db51a0-74ca-4eff-bdee-789fefd993d3/none_v3" "txcdcf213684d54f449b01e-00692c8feb" "object-server 96824" 0.0007 "-" 96491 0
Nov 30 13:41:47 np0005540255.novalocal object-server[96824]: ::1 - - [30/Nov/2025:18:41:47 +0000] "PUT /2/191704/AUTH_53b9bcf7d8194db7bd330ca574b5edab/gnocchi.17db51a0-74ca-4eff-bdee-789fefd993d3/none_v3" 201 - "PUT https://[::1]:8080/v1/AUTH_53b9bcf7d8194db7bd330ca574b5edab/gnocchi.17db51a0-74ca-4eff-bdee-789fefd993d3/none_v3" "txcdcf213684d54f449b01e-00692c8feb" "proxy-server 97815" 0.0344 "-" 96824 0
Nov 30 13:41:47 np0005540255.novalocal proxy-server[97815]: ::1 ::1 30/Nov/2025/18/41/47 PUT /v1/AUTH_53b9bcf7d8194db7bd330ca574b5edab/gnocchi.7e2e7164-8e22-4c13-8e87-666c846af7e7/1763640000.0_mean_300.0_v3 HTTP/1.0 201 - python-swiftclient-4.7.0 gAAAAABpLI-5FlkI... 16 - - tx01c43c2f98814e059e9f0-00692c8feb - 0.0620 - - 1764528107.721329451 1764528107.783361673 0
Nov 30 13:41:47 np0005540255.novalocal proxy-server[97815]: ::1 ::1 30/Nov/2025/18/41/47 PUT /v1/AUTH_53b9bcf7d8194db7bd330ca574b5edab/gnocchi.17db51a0-74ca-4eff-bdee-789fefd993d3/none_v3 HTTP/1.0 201 - python-swiftclient-4.7.0 gAAAAABpLI-56T9k... 22 - - txcdcf213684d54f449b01e-00692c8feb - 0.0746 - - 1764528107.709835768 1764528107.784400225 0
Nov 30 13:41:47 np0005540255.novalocal container-server[96491]: ::1 - - [30/Nov/2025:18:41:47 +0000] "PUT /1/242375/AUTH_53b9bcf7d8194db7bd330ca574b5edab/gnocchi.7e2e7164-8e22-4c13-8e87-666c846af7e7/none_v3" 201 - "PUT http://[::1]:8080/1/27545/AUTH_53b9bcf7d8194db7bd330ca574b5edab/gnocchi.7e2e7164-8e22-4c13-8e87-666c846af7e7/none_v3" "txf194568ad20c4dbeafad0-00692c8feb" "object-server 96823" 0.0005 "-" 96491 0
Nov 30 13:41:47 np0005540255.novalocal object-server[96823]: ::1 - - [30/Nov/2025:18:41:47 +0000] "PUT /1/27545/AUTH_53b9bcf7d8194db7bd330ca574b5edab/gnocchi.7e2e7164-8e22-4c13-8e87-666c846af7e7/none_v3" 201 - "PUT https://[::1]:8080/v1/AUTH_53b9bcf7d8194db7bd330ca574b5edab/gnocchi.7e2e7164-8e22-4c13-8e87-666c846af7e7/none_v3" "txf194568ad20c4dbeafad0-00692c8feb" "proxy-server 97815" 0.0165 "-" 96823 0
Nov 30 13:41:47 np0005540255.novalocal container-server[96491]: ::1 - - [30/Nov/2025:18:41:47 +0000] "PUT /3/242375/AUTH_53b9bcf7d8194db7bd330ca574b5edab/gnocchi.7e2e7164-8e22-4c13-8e87-666c846af7e7/none_v3" 201 - "PUT http://[::1]:8080/3/27545/AUTH_53b9bcf7d8194db7bd330ca574b5edab/gnocchi.7e2e7164-8e22-4c13-8e87-666c846af7e7/none_v3" "txf194568ad20c4dbeafad0-00692c8feb" "object-server 96823" 0.0004 "-" 96491 0
Nov 30 13:41:47 np0005540255.novalocal object-server[96823]: ::1 - - [30/Nov/2025:18:41:47 +0000] "PUT /3/27545/AUTH_53b9bcf7d8194db7bd330ca574b5edab/gnocchi.7e2e7164-8e22-4c13-8e87-666c846af7e7/none_v3" 201 - "PUT https://[::1]:8080/v1/AUTH_53b9bcf7d8194db7bd330ca574b5edab/gnocchi.7e2e7164-8e22-4c13-8e87-666c846af7e7/none_v3" "txf194568ad20c4dbeafad0-00692c8feb" "proxy-server 97815" 0.0155 "-" 96823 0
Nov 30 13:41:47 np0005540255.novalocal container-server[96491]: ::1 - - [30/Nov/2025:18:41:47 +0000] "PUT /2/242375/AUTH_53b9bcf7d8194db7bd330ca574b5edab/gnocchi.7e2e7164-8e22-4c13-8e87-666c846af7e7/none_v3" 201 - "PUT http://[::1]:8080/2/27545/AUTH_53b9bcf7d8194db7bd330ca574b5edab/gnocchi.7e2e7164-8e22-4c13-8e87-666c846af7e7/none_v3" "txf194568ad20c4dbeafad0-00692c8feb" "object-server 96824" 0.0004 "-" 96491 0
Nov 30 13:41:47 np0005540255.novalocal object-server[96824]: ::1 - - [30/Nov/2025:18:41:47 +0000] "PUT /2/27545/AUTH_53b9bcf7d8194db7bd330ca574b5edab/gnocchi.7e2e7164-8e22-4c13-8e87-666c846af7e7/none_v3" 201 - "PUT https://[::1]:8080/v1/AUTH_53b9bcf7d8194db7bd330ca574b5edab/gnocchi.7e2e7164-8e22-4c13-8e87-666c846af7e7/none_v3" "txf194568ad20c4dbeafad0-00692c8feb" "proxy-server 97815" 0.0153 "-" 96824 0
Nov 30 13:41:47 np0005540255.novalocal proxy-server[97815]: ::1 ::1 30/Nov/2025/18/41/47 PUT /v1/AUTH_53b9bcf7d8194db7bd330ca574b5edab/gnocchi.7e2e7164-8e22-4c13-8e87-666c846af7e7/none_v3 HTTP/1.0 201 - python-swiftclient-4.7.0 gAAAAABpLI-5FlkI... 22 - - txf194568ad20c4dbeafad0-00692c8feb - 0.0312 - - 1764528107.787738085 1764528107.818894148 0
Nov 30 13:41:48 np0005540255.novalocal container-sharder[95852]: Container sharder cycle starting, auto-sharding False
Nov 30 13:41:49 np0005540255.novalocal container-sharder[95852]: Since Sun Nov 30 18:41:48 2025 visited - attempted:0 success:0 failure:0 skipped:75 completed:0
Nov 30 13:41:49 np0005540255.novalocal container-sharder[95852]: Since Sun Nov 30 18:41:48 2025 scanned - attempted:0 success:0 failure:0 found:0 min_time:0 max_time:0
Nov 30 13:41:49 np0005540255.novalocal container-sharder[95852]: Since Sun Nov 30 18:41:48 2025 created - attempted:0 success:0 failure:0
Nov 30 13:41:49 np0005540255.novalocal container-sharder[95852]: Since Sun Nov 30 18:41:48 2025 cleaved - attempted:0 success:0 failure:0 min_time:0 max_time:0
Nov 30 13:41:49 np0005540255.novalocal container-sharder[95852]: Since Sun Nov 30 18:41:48 2025 misplaced - attempted:0 success:0 failure:0 found:0 placed:0 unplaced:0
Nov 30 13:41:49 np0005540255.novalocal container-sharder[95852]: Since Sun Nov 30 18:41:48 2025 audit_root - attempted:0 success:0 failure:0 has_overlap:0 num_overlap:0
Nov 30 13:41:49 np0005540255.novalocal container-sharder[95852]: Since Sun Nov 30 18:41:48 2025 audit_shard - attempted:0 success:0 failure:0
Nov 30 13:41:49 np0005540255.novalocal container-sharder[95852]: Container sharder cycle completed: 1.49s
Nov 30 13:41:49 np0005540255.novalocal object-reconstructor[96050]: Starting object reconstruction pass.
Nov 30 13:41:49 np0005540255.novalocal object-reconstructor[96050]: Nothing reconstructed for 0.0002541542053222656 seconds.
Nov 30 13:41:49 np0005540255.novalocal object-reconstructor[96050]: Object reconstruction complete. (0.00 minutes)
Nov 30 13:41:52 np0005540255.novalocal container-server[96490]: ::1 - - [30/Nov/2025:18:41:52 +0000] "HEAD /3/33836/AUTH_53b9bcf7d8194db7bd330ca574b5edab/gnocchi.1d8cbec4-bcfd-4372-9d80-7d5ef300d190" 404 - "HEAD http://[::1]:8080/v1/AUTH_53b9bcf7d8194db7bd330ca574b5edab/gnocchi.1d8cbec4-bcfd-4372-9d80-7d5ef300d190" "txd4d81161f6014b928a0c9-00692c8ff0" "proxy-server 97815" 0.0004 "-" 96490 0
Nov 30 13:41:52 np0005540255.novalocal container-server[96490]: ::1 - - [30/Nov/2025:18:41:52 +0000] "HEAD /1/33836/AUTH_53b9bcf7d8194db7bd330ca574b5edab/gnocchi.1d8cbec4-bcfd-4372-9d80-7d5ef300d190" 404 - "HEAD http://[::1]:8080/v1/AUTH_53b9bcf7d8194db7bd330ca574b5edab/gnocchi.1d8cbec4-bcfd-4372-9d80-7d5ef300d190" "txd4d81161f6014b928a0c9-00692c8ff0" "proxy-server 97815" 0.0002 "-" 96490 0
Nov 30 13:41:52 np0005540255.novalocal container-server[96491]: ::1 - - [30/Nov/2025:18:41:52 +0000] "HEAD /2/33836/AUTH_53b9bcf7d8194db7bd330ca574b5edab/gnocchi.1d8cbec4-bcfd-4372-9d80-7d5ef300d190" 404 - "HEAD http://[::1]:8080/v1/AUTH_53b9bcf7d8194db7bd330ca574b5edab/gnocchi.1d8cbec4-bcfd-4372-9d80-7d5ef300d190" "txd4d81161f6014b928a0c9-00692c8ff0" "proxy-server 97815" 0.0003 "-" 96491 0
Nov 30 13:41:52 np0005540255.novalocal proxy-server[97815]: - - 30/Nov/2025/18/41/52 HEAD /v1/AUTH_53b9bcf7d8194db7bd330ca574b5edab/gnocchi.1d8cbec4-bcfd-4372-9d80-7d5ef300d190 HTTP/1.0 404 - Swift - - - - txd4d81161f6014b928a0c9-00692c8ff0 - 0.0074 CS - 1764528112.167293549 1764528112.174711227 0
Nov 30 13:41:52 np0005540255.novalocal object-server[96823]: ::1 - - [30/Nov/2025:18:41:52 +0000] "GET /1/61237/AUTH_53b9bcf7d8194db7bd330ca574b5edab/gnocchi.1d8cbec4-bcfd-4372-9d80-7d5ef300d190/none_v3" 404 70 "GET https://[::1]:8080/v1/AUTH_53b9bcf7d8194db7bd330ca574b5edab/gnocchi.1d8cbec4-bcfd-4372-9d80-7d5ef300d190/none_v3" "txd4d81161f6014b928a0c9-00692c8ff0" "proxy-server 97815" 0.0003 "-" 96823 0
Nov 30 13:41:52 np0005540255.novalocal object-server[96824]: ::1 - - [30/Nov/2025:18:41:52 +0000] "GET /3/61237/AUTH_53b9bcf7d8194db7bd330ca574b5edab/gnocchi.1d8cbec4-bcfd-4372-9d80-7d5ef300d190/none_v3" 404 70 "GET https://[::1]:8080/v1/AUTH_53b9bcf7d8194db7bd330ca574b5edab/gnocchi.1d8cbec4-bcfd-4372-9d80-7d5ef300d190/none_v3" "txd4d81161f6014b928a0c9-00692c8ff0" "proxy-server 97815" 0.0003 "-" 96824 0
Nov 30 13:41:52 np0005540255.novalocal object-server[96823]: ::1 - - [30/Nov/2025:18:41:52 +0000] "GET /2/61237/AUTH_53b9bcf7d8194db7bd330ca574b5edab/gnocchi.1d8cbec4-bcfd-4372-9d80-7d5ef300d190/none_v3" 404 70 "GET https://[::1]:8080/v1/AUTH_53b9bcf7d8194db7bd330ca574b5edab/gnocchi.1d8cbec4-bcfd-4372-9d80-7d5ef300d190/none_v3" "txd4d81161f6014b928a0c9-00692c8ff0" "proxy-server 97815" 0.0002 "-" 96823 0
Nov 30 13:41:52 np0005540255.novalocal proxy-server[97815]: ::1 ::1 30/Nov/2025/18/41/52 GET /v1/AUTH_53b9bcf7d8194db7bd330ca574b5edab/gnocchi.1d8cbec4-bcfd-4372-9d80-7d5ef300d190/none_v3 HTTP/1.0 404 - python-swiftclient-4.7.0 gAAAAABpLI-56T9k... - 70 - txd4d81161f6014b928a0c9-00692c8ff0 - 0.0166 - - 1764528112.166694164 1764528112.183305264 0
Nov 30 13:41:52 np0005540255.novalocal account-server[96196]: ::1 - - [30/Nov/2025:18:41:52 +0000] "PUT /3/128474/AUTH_53b9bcf7d8194db7bd330ca574b5edab/gnocchi.1d8cbec4-bcfd-4372-9d80-7d5ef300d190" 201 - "PUT http://[::1]:6001/3/33836/AUTH_53b9bcf7d8194db7bd330ca574b5edab/gnocchi.1d8cbec4-bcfd-4372-9d80-7d5ef300d190" "tx77342b8f3b144394a8bc6-00692c8ff0" "container-server 96491" 0.0043 "-" 96196 0
Nov 30 13:41:52 np0005540255.novalocal container-server[96491]: ::1 - - [30/Nov/2025:18:41:52 +0000] "PUT /3/33836/AUTH_53b9bcf7d8194db7bd330ca574b5edab/gnocchi.1d8cbec4-bcfd-4372-9d80-7d5ef300d190" 201 - "PUT https://[::1]:8080/v1/AUTH_53b9bcf7d8194db7bd330ca574b5edab/gnocchi.1d8cbec4-bcfd-4372-9d80-7d5ef300d190" "tx77342b8f3b144394a8bc6-00692c8ff0" "proxy-server 97815" 0.0135 "-" 96491 0
Nov 30 13:41:52 np0005540255.novalocal account-server[96195]: ::1 - - [30/Nov/2025:18:41:52 +0000] "PUT /2/128474/AUTH_53b9bcf7d8194db7bd330ca574b5edab/gnocchi.1d8cbec4-bcfd-4372-9d80-7d5ef300d190" 201 - "PUT http://[::1]:6001/1/33836/AUTH_53b9bcf7d8194db7bd330ca574b5edab/gnocchi.1d8cbec4-bcfd-4372-9d80-7d5ef300d190" "tx77342b8f3b144394a8bc6-00692c8ff0" "container-server 96490" 0.0047 "-" 96195 0
Nov 30 13:41:52 np0005540255.novalocal container-server[96490]: ::1 - - [30/Nov/2025:18:41:52 +0000] "PUT /1/33836/AUTH_53b9bcf7d8194db7bd330ca574b5edab/gnocchi.1d8cbec4-bcfd-4372-9d80-7d5ef300d190" 201 - "PUT https://[::1]:8080/v1/AUTH_53b9bcf7d8194db7bd330ca574b5edab/gnocchi.1d8cbec4-bcfd-4372-9d80-7d5ef300d190" "tx77342b8f3b144394a8bc6-00692c8ff0" "proxy-server 97815" 0.0280 "-" 96490 0
Nov 30 13:41:52 np0005540255.novalocal account-server[96196]: ::1 - - [30/Nov/2025:18:41:52 +0000] "PUT /1/128474/AUTH_53b9bcf7d8194db7bd330ca574b5edab/gnocchi.1d8cbec4-bcfd-4372-9d80-7d5ef300d190" 201 - "PUT http://[::1]:6001/2/33836/AUTH_53b9bcf7d8194db7bd330ca574b5edab/gnocchi.1d8cbec4-bcfd-4372-9d80-7d5ef300d190" "tx77342b8f3b144394a8bc6-00692c8ff0" "container-server 96490" 0.0074 "-" 96196 0
Nov 30 13:41:52 np0005540255.novalocal container-server[96490]: ::1 - - [30/Nov/2025:18:41:52 +0000] "PUT /2/33836/AUTH_53b9bcf7d8194db7bd330ca574b5edab/gnocchi.1d8cbec4-bcfd-4372-9d80-7d5ef300d190" 201 - "PUT https://[::1]:8080/v1/AUTH_53b9bcf7d8194db7bd330ca574b5edab/gnocchi.1d8cbec4-bcfd-4372-9d80-7d5ef300d190" "tx77342b8f3b144394a8bc6-00692c8ff0" "proxy-server 97815" 0.0461 "-" 96490 0
Nov 30 13:41:52 np0005540255.novalocal proxy-server[97815]: ::1 ::1 30/Nov/2025/18/41/52 PUT /v1/AUTH_53b9bcf7d8194db7bd330ca574b5edab/gnocchi.1d8cbec4-bcfd-4372-9d80-7d5ef300d190 HTTP/1.0 201 - python-swiftclient-4.7.0 gAAAAABpLI-56T9k... - - - tx77342b8f3b144394a8bc6-00692c8ff0 - 0.0521 - - 1764528112.185353279 1764528112.237492561 0
Nov 30 13:41:52 np0005540255.novalocal container-server[96490]: ::1 - - [30/Nov/2025:18:41:52 +0000] "HEAD /2/33836/AUTH_53b9bcf7d8194db7bd330ca574b5edab/gnocchi.1d8cbec4-bcfd-4372-9d80-7d5ef300d190" 204 - "HEAD http://[::1]:8080/v1/AUTH_53b9bcf7d8194db7bd330ca574b5edab/gnocchi.1d8cbec4-bcfd-4372-9d80-7d5ef300d190" "txc1635803362443038c268-00692c8ff0" "proxy-server 97815" 0.0016 "-" 96490 0
Nov 30 13:41:52 np0005540255.novalocal proxy-server[97815]: - - 30/Nov/2025/18/41/52 HEAD /v1/AUTH_53b9bcf7d8194db7bd330ca574b5edab/gnocchi.1d8cbec4-bcfd-4372-9d80-7d5ef300d190 HTTP/1.0 204 - Swift - - - - txc1635803362443038c268-00692c8ff0 - 0.0055 CS - 1764528112.245119810 1764528112.250634670 0
Nov 30 13:41:52 np0005540255.novalocal container-server[96491]: ::1 - - [30/Nov/2025:18:41:52 +0000] "GET /3/33836/AUTH_53b9bcf7d8194db7bd330ca574b5edab/gnocchi.1d8cbec4-bcfd-4372-9d80-7d5ef300d190" 200 2 "GET https://[::1]:8080/v1/AUTH_53b9bcf7d8194db7bd330ca574b5edab/gnocchi.1d8cbec4-bcfd-4372-9d80-7d5ef300d190?format=json&states=listing" "txc1635803362443038c268-00692c8ff0" "proxy-server 97815" 0.0024 "-" 96491 0
Nov 30 13:41:52 np0005540255.novalocal proxy-server[97815]: ::1 ::1 30/Nov/2025/18/41/52 GET /v1/AUTH_53b9bcf7d8194db7bd330ca574b5edab/gnocchi.1d8cbec4-bcfd-4372-9d80-7d5ef300d190%3Fformat%3Djson%26states%3Dlisting HTTP/1.0 200 - python-swiftclient-4.7.0 gAAAAABpLI-56T9k... - 2 - txc1635803362443038c268-00692c8ff0 - 0.0157 - - 1764528112.244338036 1764528112.260070562 0
Nov 30 13:41:52 np0005540255.novalocal object-server[96824]: ::1 - - [30/Nov/2025:18:41:52 +0000] "GET /2/251973/AUTH_53b9bcf7d8194db7bd330ca574b5edab/gnocchi.1d8cbec4-bcfd-4372-9d80-7d5ef300d190/1763640000.0_mean_300.0_v3" 404 70 "GET https://[::1]:8080/v1/AUTH_53b9bcf7d8194db7bd330ca574b5edab/gnocchi.1d8cbec4-bcfd-4372-9d80-7d5ef300d190/1763640000.0_mean_300.0_v3" "txb67aaa31df7743b086541-00692c8ff0" "proxy-server 97815" 0.0003 "-" 96824 0
Nov 30 13:41:52 np0005540255.novalocal object-server[96823]: ::1 - - [30/Nov/2025:18:41:52 +0000] "GET /3/251973/AUTH_53b9bcf7d8194db7bd330ca574b5edab/gnocchi.1d8cbec4-bcfd-4372-9d80-7d5ef300d190/1763640000.0_mean_300.0_v3" 404 70 "GET https://[::1]:8080/v1/AUTH_53b9bcf7d8194db7bd330ca574b5edab/gnocchi.1d8cbec4-bcfd-4372-9d80-7d5ef300d190/1763640000.0_mean_300.0_v3" "txb67aaa31df7743b086541-00692c8ff0" "proxy-server 97815" 0.0003 "-" 96823 0
Nov 30 13:41:52 np0005540255.novalocal object-server[96823]: ::1 - - [30/Nov/2025:18:41:52 +0000] "GET /1/251973/AUTH_53b9bcf7d8194db7bd330ca574b5edab/gnocchi.1d8cbec4-bcfd-4372-9d80-7d5ef300d190/1763640000.0_mean_300.0_v3" 404 70 "GET https://[::1]:8080/v1/AUTH_53b9bcf7d8194db7bd330ca574b5edab/gnocchi.1d8cbec4-bcfd-4372-9d80-7d5ef300d190/1763640000.0_mean_300.0_v3" "txb67aaa31df7743b086541-00692c8ff0" "proxy-server 97815" 0.0003 "-" 96823 0
Nov 30 13:41:52 np0005540255.novalocal proxy-server[97815]: ::1 ::1 30/Nov/2025/18/41/52 GET /v1/AUTH_53b9bcf7d8194db7bd330ca574b5edab/gnocchi.1d8cbec4-bcfd-4372-9d80-7d5ef300d190/1763640000.0_mean_300.0_v3 HTTP/1.0 404 - python-swiftclient-4.7.0 gAAAAABpLI-56T9k... - 70 - txb67aaa31df7743b086541-00692c8ff0 - 0.0122 - - 1764528112.264835596 1764528112.277083635 0
Nov 30 13:41:52 np0005540255.novalocal container-server[96491]: ::1 - - [30/Nov/2025:18:41:52 +0000] "PUT /2/33836/AUTH_53b9bcf7d8194db7bd330ca574b5edab/gnocchi.1d8cbec4-bcfd-4372-9d80-7d5ef300d190/1763640000.0_mean_300.0_v3" 201 - "PUT http://[::1]:8080/1/251973/AUTH_53b9bcf7d8194db7bd330ca574b5edab/gnocchi.1d8cbec4-bcfd-4372-9d80-7d5ef300d190/1763640000.0_mean_300.0_v3" "txb5b694029ce4442f924ed-00692c8ff0" "object-server 96823" 0.0005 "-" 96491 0
Nov 30 13:41:52 np0005540255.novalocal container-server[96491]: ::1 - - [30/Nov/2025:18:41:52 +0000] "PUT /3/33836/AUTH_53b9bcf7d8194db7bd330ca574b5edab/gnocchi.1d8cbec4-bcfd-4372-9d80-7d5ef300d190/1763640000.0_mean_300.0_v3" 201 - "PUT http://[::1]:8080/3/251973/AUTH_53b9bcf7d8194db7bd330ca574b5edab/gnocchi.1d8cbec4-bcfd-4372-9d80-7d5ef300d190/1763640000.0_mean_300.0_v3" "txb5b694029ce4442f924ed-00692c8ff0" "object-server 96823" 0.0004 "-" 96491 0
Nov 30 13:41:52 np0005540255.novalocal object-server[96823]: ::1 - - [30/Nov/2025:18:41:52 +0000] "PUT /1/251973/AUTH_53b9bcf7d8194db7bd330ca574b5edab/gnocchi.1d8cbec4-bcfd-4372-9d80-7d5ef300d190/1763640000.0_mean_300.0_v3" 201 - "PUT https://[::1]:8080/v1/AUTH_53b9bcf7d8194db7bd330ca574b5edab/gnocchi.1d8cbec4-bcfd-4372-9d80-7d5ef300d190/1763640000.0_mean_300.0_v3" "txb5b694029ce4442f924ed-00692c8ff0" "proxy-server 97815" 0.0133 "-" 96823 0
Nov 30 13:41:52 np0005540255.novalocal container-server[96490]: ::1 - - [30/Nov/2025:18:41:52 +0000] "PUT /1/33836/AUTH_53b9bcf7d8194db7bd330ca574b5edab/gnocchi.1d8cbec4-bcfd-4372-9d80-7d5ef300d190/1763640000.0_mean_300.0_v3" 201 - "PUT http://[::1]:8080/2/251973/AUTH_53b9bcf7d8194db7bd330ca574b5edab/gnocchi.1d8cbec4-bcfd-4372-9d80-7d5ef300d190/1763640000.0_mean_300.0_v3" "txb5b694029ce4442f924ed-00692c8ff0" "object-server 96823" 0.0005 "-" 96490 0
Nov 30 13:41:52 np0005540255.novalocal object-server[96823]: ::1 - - [30/Nov/2025:18:41:52 +0000] "PUT /2/251973/AUTH_53b9bcf7d8194db7bd330ca574b5edab/gnocchi.1d8cbec4-bcfd-4372-9d80-7d5ef300d190/1763640000.0_mean_300.0_v3" 201 - "PUT https://[::1]:8080/v1/AUTH_53b9bcf7d8194db7bd330ca574b5edab/gnocchi.1d8cbec4-bcfd-4372-9d80-7d5ef300d190/1763640000.0_mean_300.0_v3" "txb5b694029ce4442f924ed-00692c8ff0" "proxy-server 97815" 0.0169 "-" 96823 0
Nov 30 13:41:52 np0005540255.novalocal object-server[96823]: ::1 - - [30/Nov/2025:18:41:52 +0000] "PUT /3/251973/AUTH_53b9bcf7d8194db7bd330ca574b5edab/gnocchi.1d8cbec4-bcfd-4372-9d80-7d5ef300d190/1763640000.0_mean_300.0_v3" 201 - "PUT https://[::1]:8080/v1/AUTH_53b9bcf7d8194db7bd330ca574b5edab/gnocchi.1d8cbec4-bcfd-4372-9d80-7d5ef300d190/1763640000.0_mean_300.0_v3" "txb5b694029ce4442f924ed-00692c8ff0" "proxy-server 97815" 0.0150 "-" 96823 0
Nov 30 13:41:52 np0005540255.novalocal proxy-server[97815]: ::1 ::1 30/Nov/2025/18/41/52 PUT /v1/AUTH_53b9bcf7d8194db7bd330ca574b5edab/gnocchi.1d8cbec4-bcfd-4372-9d80-7d5ef300d190/1763640000.0_mean_300.0_v3 HTTP/1.0 201 - python-swiftclient-4.7.0 gAAAAABpLI-56T9k... 16 - - txb5b694029ce4442f924ed-00692c8ff0 - 0.0248 - - 1764528112.279841185 1764528112.304599762 0
Nov 30 13:41:52 np0005540255.novalocal object-server[96823]: ::1 - - [30/Nov/2025:18:41:52 +0000] "GET /2/227740/AUTH_53b9bcf7d8194db7bd330ca574b5edab/gnocchi.711d3b8e-1332-4e52-836b-5353cdd29032/none_v3" 200 22 "GET https://[::1]:8080/v1/AUTH_53b9bcf7d8194db7bd330ca574b5edab/gnocchi.711d3b8e-1332-4e52-836b-5353cdd29032/none_v3" "tx8e720d38f0794af59e389-00692c8ff0" "proxy-server 97815" 0.0006 "-" 96823 0
Nov 30 13:41:52 np0005540255.novalocal proxy-server[97815]: ::1 ::1 30/Nov/2025/18/41/52 GET /v1/AUTH_53b9bcf7d8194db7bd330ca574b5edab/gnocchi.711d3b8e-1332-4e52-836b-5353cdd29032/none_v3 HTTP/1.0 200 - python-swiftclient-4.7.0 gAAAAABpLI-5FlkI... - 22 - tx8e720d38f0794af59e389-00692c8ff0 - 0.0081 - - 1764528112.303315163 1764528112.311447620 0
Nov 30 13:41:52 np0005540255.novalocal container-server[96490]: ::1 - - [30/Nov/2025:18:41:52 +0000] "GET /2/220870/AUTH_53b9bcf7d8194db7bd330ca574b5edab/gnocchi.711d3b8e-1332-4e52-836b-5353cdd29032" 200 357 "GET https://[::1]:8080/v1/AUTH_53b9bcf7d8194db7bd330ca574b5edab/gnocchi.711d3b8e-1332-4e52-836b-5353cdd29032?format=json&states=listing" "tx32f3704ebfa142e582df2-00692c8ff0" "proxy-server 97815" 0.0019 "-" 96490 0
Nov 30 13:41:52 np0005540255.novalocal proxy-server[97815]: ::1 ::1 30/Nov/2025/18/41/52 GET /v1/AUTH_53b9bcf7d8194db7bd330ca574b5edab/gnocchi.711d3b8e-1332-4e52-836b-5353cdd29032%3Fformat%3Djson%26states%3Dlisting HTTP/1.0 200 - python-swiftclient-4.7.0 gAAAAABpLI-5FlkI... - 357 - tx32f3704ebfa142e582df2-00692c8ff0 - 0.0103 - - 1764528112.316016197 1764528112.326297045 0
Nov 30 13:41:52 np0005540255.novalocal container-server[96491]: ::1 - - [30/Nov/2025:18:41:52 +0000] "GET /1/220870/AUTH_53b9bcf7d8194db7bd330ca574b5edab/gnocchi.711d3b8e-1332-4e52-836b-5353cdd29032" 200 2 "GET https://[::1]:8080/v1/AUTH_53b9bcf7d8194db7bd330ca574b5edab/gnocchi.711d3b8e-1332-4e52-836b-5353cdd29032?format=json&marker=none_v3&states=listing" "txb5956413334b4fc6a38f8-00692c8ff0" "proxy-server 97815" 0.0020 "-" 96491 0
Nov 30 13:41:52 np0005540255.novalocal container-server[96490]: ::1 - - [30/Nov/2025:18:41:52 +0000] "PUT /1/33836/AUTH_53b9bcf7d8194db7bd330ca574b5edab/gnocchi.1d8cbec4-bcfd-4372-9d80-7d5ef300d190/none_v3" 201 - "PUT http://[::1]:8080/1/61237/AUTH_53b9bcf7d8194db7bd330ca574b5edab/gnocchi.1d8cbec4-bcfd-4372-9d80-7d5ef300d190/none_v3" "tx91dbc37afbf244cc8e0d3-00692c8ff0" "object-server 96823" 0.0004 "-" 96490 0
Nov 30 13:41:52 np0005540255.novalocal object-server[96823]: ::1 - - [30/Nov/2025:18:41:52 +0000] "PUT /1/61237/AUTH_53b9bcf7d8194db7bd330ca574b5edab/gnocchi.1d8cbec4-bcfd-4372-9d80-7d5ef300d190/none_v3" 201 - "PUT https://[::1]:8080/v1/AUTH_53b9bcf7d8194db7bd330ca574b5edab/gnocchi.1d8cbec4-bcfd-4372-9d80-7d5ef300d190/none_v3" "tx91dbc37afbf244cc8e0d3-00692c8ff0" "proxy-server 97815" 0.0194 "-" 96823 0
Nov 30 13:41:52 np0005540255.novalocal container-server[96490]: ::1 - - [30/Nov/2025:18:41:52 +0000] "PUT /3/33836/AUTH_53b9bcf7d8194db7bd330ca574b5edab/gnocchi.1d8cbec4-bcfd-4372-9d80-7d5ef300d190/none_v3" 201 - "PUT http://[::1]:8080/3/61237/AUTH_53b9bcf7d8194db7bd330ca574b5edab/gnocchi.1d8cbec4-bcfd-4372-9d80-7d5ef300d190/none_v3" "tx91dbc37afbf244cc8e0d3-00692c8ff0" "object-server 96824" 0.0003 "-" 96490 0
Nov 30 13:41:52 np0005540255.novalocal container-server[96491]: ::1 - - [30/Nov/2025:18:41:52 +0000] "PUT /2/33836/AUTH_53b9bcf7d8194db7bd330ca574b5edab/gnocchi.1d8cbec4-bcfd-4372-9d80-7d5ef300d190/none_v3" 201 - "PUT http://[::1]:8080/2/61237/AUTH_53b9bcf7d8194db7bd330ca574b5edab/gnocchi.1d8cbec4-bcfd-4372-9d80-7d5ef300d190/none_v3" "tx91dbc37afbf244cc8e0d3-00692c8ff0" "object-server 96824" 0.0004 "-" 96491 0
Nov 30 13:41:52 np0005540255.novalocal proxy-server[97815]: ::1 ::1 30/Nov/2025/18/41/52 GET /v1/AUTH_53b9bcf7d8194db7bd330ca574b5edab/gnocchi.711d3b8e-1332-4e52-836b-5353cdd29032%3Fformat%3Djson%26marker%3Dnone_v3%26states%3Dlisting HTTP/1.0 200 - python-swiftclient-4.7.0 gAAAAABpLI-5FlkI... - 2 - txb5956413334b4fc6a38f8-00692c8ff0 - 0.0112 - - 1764528112.328568459 1764528112.339731693 0
Nov 30 13:41:52 np0005540255.novalocal object-server[96824]: ::1 - - [30/Nov/2025:18:41:52 +0000] "PUT /3/61237/AUTH_53b9bcf7d8194db7bd330ca574b5edab/gnocchi.1d8cbec4-bcfd-4372-9d80-7d5ef300d190/none_v3" 201 - "PUT https://[::1]:8080/v1/AUTH_53b9bcf7d8194db7bd330ca574b5edab/gnocchi.1d8cbec4-bcfd-4372-9d80-7d5ef300d190/none_v3" "tx91dbc37afbf244cc8e0d3-00692c8ff0" "proxy-server 97815" 0.0207 "-" 96824 0
Nov 30 13:41:52 np0005540255.novalocal object-server[96824]: ::1 - - [30/Nov/2025:18:41:52 +0000] "PUT /2/61237/AUTH_53b9bcf7d8194db7bd330ca574b5edab/gnocchi.1d8cbec4-bcfd-4372-9d80-7d5ef300d190/none_v3" 201 - "PUT https://[::1]:8080/v1/AUTH_53b9bcf7d8194db7bd330ca574b5edab/gnocchi.1d8cbec4-bcfd-4372-9d80-7d5ef300d190/none_v3" "tx91dbc37afbf244cc8e0d3-00692c8ff0" "proxy-server 97815" 0.0246 "-" 96824 0
Nov 30 13:41:52 np0005540255.novalocal proxy-server[97815]: ::1 ::1 30/Nov/2025/18/41/52 PUT /v1/AUTH_53b9bcf7d8194db7bd330ca574b5edab/gnocchi.1d8cbec4-bcfd-4372-9d80-7d5ef300d190/none_v3 HTTP/1.0 201 - python-swiftclient-4.7.0 gAAAAABpLI-56T9k... 22 - - tx91dbc37afbf244cc8e0d3-00692c8ff0 - 0.0347 - - 1764528112.308171034 1764528112.342914104 0
Nov 30 13:41:52 np0005540255.novalocal object-server[96823]: ::1 - - [30/Nov/2025:18:41:52 +0000] "GET /2/125240/AUTH_53b9bcf7d8194db7bd330ca574b5edab/gnocchi.711d3b8e-1332-4e52-836b-5353cdd29032/1763640000.0_mean_300.0_v3" 200 16 "GET https://[::1]:8080/v1/AUTH_53b9bcf7d8194db7bd330ca574b5edab/gnocchi.711d3b8e-1332-4e52-836b-5353cdd29032/1763640000.0_mean_300.0_v3" "txb4abd8174903461b8b176-00692c8ff0" "proxy-server 97815" 0.0006 "-" 96823 0
Nov 30 13:41:52 np0005540255.novalocal proxy-server[97815]: ::1 ::1 30/Nov/2025/18/41/52 GET /v1/AUTH_53b9bcf7d8194db7bd330ca574b5edab/gnocchi.711d3b8e-1332-4e52-836b-5353cdd29032/1763640000.0_mean_300.0_v3 HTTP/1.0 200 - python-swiftclient-4.7.0 gAAAAABpLI-5FlkI... - 16 - txb4abd8174903461b8b176-00692c8ff0 - 0.0101 - - 1764528112.343675613 1764528112.353777409 0
Nov 30 13:41:52 np0005540255.novalocal container-server[96490]: ::1 - - [30/Nov/2025:18:41:52 +0000] "PUT /1/220870/AUTH_53b9bcf7d8194db7bd330ca574b5edab/gnocchi.711d3b8e-1332-4e52-836b-5353cdd29032/1763640000.0_mean_300.0_v3" 201 - "PUT http://[::1]:8080/1/125240/AUTH_53b9bcf7d8194db7bd330ca574b5edab/gnocchi.711d3b8e-1332-4e52-836b-5353cdd29032/1763640000.0_mean_300.0_v3" "tx1d3b98d3429749f98f28f-00692c8ff0" "object-server 96823" 0.0005 "-" 96490 0
Nov 30 13:41:52 np0005540255.novalocal container-server[96490]: ::1 - - [30/Nov/2025:18:41:52 +0000] "PUT /2/220870/AUTH_53b9bcf7d8194db7bd330ca574b5edab/gnocchi.711d3b8e-1332-4e52-836b-5353cdd29032/1763640000.0_mean_300.0_v3" 201 - "PUT http://[::1]:8080/3/125240/AUTH_53b9bcf7d8194db7bd330ca574b5edab/gnocchi.711d3b8e-1332-4e52-836b-5353cdd29032/1763640000.0_mean_300.0_v3" "tx1d3b98d3429749f98f28f-00692c8ff0" "object-server 96824" 0.0003 "-" 96490 0
Nov 30 13:41:52 np0005540255.novalocal container-server[96491]: ::1 - - [30/Nov/2025:18:41:52 +0000] "PUT /3/220870/AUTH_53b9bcf7d8194db7bd330ca574b5edab/gnocchi.711d3b8e-1332-4e52-836b-5353cdd29032/1763640000.0_mean_300.0_v3" 201 - "PUT http://[::1]:8080/2/125240/AUTH_53b9bcf7d8194db7bd330ca574b5edab/gnocchi.711d3b8e-1332-4e52-836b-5353cdd29032/1763640000.0_mean_300.0_v3" "tx1d3b98d3429749f98f28f-00692c8ff0" "object-server 96824" 0.0004 "-" 96491 0
Nov 30 13:41:52 np0005540255.novalocal object-server[96823]: ::1 - - [30/Nov/2025:18:41:52 +0000] "PUT /1/125240/AUTH_53b9bcf7d8194db7bd330ca574b5edab/gnocchi.711d3b8e-1332-4e52-836b-5353cdd29032/1763640000.0_mean_300.0_v3" 201 - "PUT https://[::1]:8080/v1/AUTH_53b9bcf7d8194db7bd330ca574b5edab/gnocchi.711d3b8e-1332-4e52-836b-5353cdd29032/1763640000.0_mean_300.0_v3" "tx1d3b98d3429749f98f28f-00692c8ff0" "proxy-server 97815" 0.0159 "-" 96823 0
Nov 30 13:41:52 np0005540255.novalocal object-server[96824]: ::1 - - [30/Nov/2025:18:41:52 +0000] "PUT /3/125240/AUTH_53b9bcf7d8194db7bd330ca574b5edab/gnocchi.711d3b8e-1332-4e52-836b-5353cdd29032/1763640000.0_mean_300.0_v3" 201 - "PUT https://[::1]:8080/v1/AUTH_53b9bcf7d8194db7bd330ca574b5edab/gnocchi.711d3b8e-1332-4e52-836b-5353cdd29032/1763640000.0_mean_300.0_v3" "tx1d3b98d3429749f98f28f-00692c8ff0" "proxy-server 97815" 0.0154 "-" 96824 0
Nov 30 13:41:52 np0005540255.novalocal object-server[96824]: ::1 - - [30/Nov/2025:18:41:52 +0000] "PUT /2/125240/AUTH_53b9bcf7d8194db7bd330ca574b5edab/gnocchi.711d3b8e-1332-4e52-836b-5353cdd29032/1763640000.0_mean_300.0_v3" 201 - "PUT https://[::1]:8080/v1/AUTH_53b9bcf7d8194db7bd330ca574b5edab/gnocchi.711d3b8e-1332-4e52-836b-5353cdd29032/1763640000.0_mean_300.0_v3" "tx1d3b98d3429749f98f28f-00692c8ff0" "proxy-server 97815" 0.0145 "-" 96824 0
Nov 30 13:41:52 np0005540255.novalocal proxy-server[97815]: ::1 ::1 30/Nov/2025/18/41/52 PUT /v1/AUTH_53b9bcf7d8194db7bd330ca574b5edab/gnocchi.711d3b8e-1332-4e52-836b-5353cdd29032/1763640000.0_mean_300.0_v3 HTTP/1.0 201 - python-swiftclient-4.7.0 gAAAAABpLI-5FlkI... 16 - - tx1d3b98d3429749f98f28f-00692c8ff0 - 0.0256 - - 1764528112.356153011 1764528112.381726265 0
Nov 30 13:41:52 np0005540255.novalocal container-server[96490]: ::1 - - [30/Nov/2025:18:41:52 +0000] "PUT /1/220870/AUTH_53b9bcf7d8194db7bd330ca574b5edab/gnocchi.711d3b8e-1332-4e52-836b-5353cdd29032/none_v3" 201 - "PUT http://[::1]:8080/2/227740/AUTH_53b9bcf7d8194db7bd330ca574b5edab/gnocchi.711d3b8e-1332-4e52-836b-5353cdd29032/none_v3" "tx1a882af1701a47ab8c5ae-00692c8ff0" "object-server 96823" 0.0004 "-" 96490 0
Nov 30 13:41:52 np0005540255.novalocal container-server[96491]: ::1 - - [30/Nov/2025:18:41:52 +0000] "PUT /3/220870/AUTH_53b9bcf7d8194db7bd330ca574b5edab/gnocchi.711d3b8e-1332-4e52-836b-5353cdd29032/none_v3" 201 - "PUT http://[::1]:8080/3/227740/AUTH_53b9bcf7d8194db7bd330ca574b5edab/gnocchi.711d3b8e-1332-4e52-836b-5353cdd29032/none_v3" "tx1a882af1701a47ab8c5ae-00692c8ff0" "object-server 96824" 0.0004 "-" 96491 0
Nov 30 13:41:52 np0005540255.novalocal object-server[96823]: ::1 - - [30/Nov/2025:18:41:52 +0000] "PUT /2/227740/AUTH_53b9bcf7d8194db7bd330ca574b5edab/gnocchi.711d3b8e-1332-4e52-836b-5353cdd29032/none_v3" 201 - "PUT https://[::1]:8080/v1/AUTH_53b9bcf7d8194db7bd330ca574b5edab/gnocchi.711d3b8e-1332-4e52-836b-5353cdd29032/none_v3" "tx1a882af1701a47ab8c5ae-00692c8ff0" "proxy-server 97815" 0.0100 "-" 96823 0
Nov 30 13:41:52 np0005540255.novalocal object-server[96824]: ::1 - - [30/Nov/2025:18:41:52 +0000] "PUT /3/227740/AUTH_53b9bcf7d8194db7bd330ca574b5edab/gnocchi.711d3b8e-1332-4e52-836b-5353cdd29032/none_v3" 201 - "PUT https://[::1]:8080/v1/AUTH_53b9bcf7d8194db7bd330ca574b5edab/gnocchi.711d3b8e-1332-4e52-836b-5353cdd29032/none_v3" "tx1a882af1701a47ab8c5ae-00692c8ff0" "proxy-server 97815" 0.0115 "-" 96824 0
Nov 30 13:41:52 np0005540255.novalocal container-server[96490]: ::1 - - [30/Nov/2025:18:41:52 +0000] "PUT /2/220870/AUTH_53b9bcf7d8194db7bd330ca574b5edab/gnocchi.711d3b8e-1332-4e52-836b-5353cdd29032/none_v3" 201 - "PUT http://[::1]:8080/1/227740/AUTH_53b9bcf7d8194db7bd330ca574b5edab/gnocchi.711d3b8e-1332-4e52-836b-5353cdd29032/none_v3" "tx1a882af1701a47ab8c5ae-00692c8ff0" "object-server 96823" 0.0004 "-" 96490 0
Nov 30 13:41:52 np0005540255.novalocal object-server[96823]: ::1 - - [30/Nov/2025:18:41:52 +0000] "PUT /1/227740/AUTH_53b9bcf7d8194db7bd330ca574b5edab/gnocchi.711d3b8e-1332-4e52-836b-5353cdd29032/none_v3" 201 - "PUT https://[::1]:8080/v1/AUTH_53b9bcf7d8194db7bd330ca574b5edab/gnocchi.711d3b8e-1332-4e52-836b-5353cdd29032/none_v3" "tx1a882af1701a47ab8c5ae-00692c8ff0" "proxy-server 97815" 0.0131 "-" 96823 0
Nov 30 13:41:52 np0005540255.novalocal proxy-server[97815]: ::1 ::1 30/Nov/2025/18/41/52 PUT /v1/AUTH_53b9bcf7d8194db7bd330ca574b5edab/gnocchi.711d3b8e-1332-4e52-836b-5353cdd29032/none_v3 HTTP/1.0 201 - python-swiftclient-4.7.0 gAAAAABpLI-5FlkI... 32 - - tx1a882af1701a47ab8c5ae-00692c8ff0 - 0.0197 - - 1764528112.385060310 1764528112.404773951 0
Nov 30 13:41:52 np0005540255.novalocal object-server[96824]: ::1 - - [30/Nov/2025:18:41:52 +0000] "GET /3/219575/AUTH_53b9bcf7d8194db7bd330ca574b5edab/gnocchi.179f2a92-3e14-424f-a629-c213901389dd/none_v3" 200 22 "GET https://[::1]:8080/v1/AUTH_53b9bcf7d8194db7bd330ca574b5edab/gnocchi.179f2a92-3e14-424f-a629-c213901389dd/none_v3" "tx3fcf6074dff74c9c85e9b-00692c8ff0" "proxy-server 97815" 0.0010 "-" 96824 0
Nov 30 13:41:52 np0005540255.novalocal proxy-server[97815]: ::1 ::1 30/Nov/2025/18/41/52 GET /v1/AUTH_53b9bcf7d8194db7bd330ca574b5edab/gnocchi.179f2a92-3e14-424f-a629-c213901389dd/none_v3 HTTP/1.0 200 - python-swiftclient-4.7.0 gAAAAABpLI-56T9k... - 22 - tx3fcf6074dff74c9c85e9b-00692c8ff0 - 0.0081 - - 1764528112.417974472 1764528112.426045656 0
