Nov 30 13:41:32 np0005540255.novalocal proxy-server[97815]: ::1 ::1 30/Nov/2025/18/41/32 PUT /v1/AUTH_53b9bcf7d8194db7bd330ca574b5edab/gnocchi.45bab8f9-e045-45cd-8e60-623dd2ffae9a/1763640000.0_mean_300.0_v3 HTTP/1.0 201 - python-swiftclient-4.7.0 gAAAAABpLI-5FlkI... 16 - - tx8f32c8a1306d48df897f6-00692c8fdc - 0.0239 - - 1764528092.643285513 1764528092.667193174 0
Nov 30 13:41:32 np0005540255.novalocal container-server[96490]: ::1 - - [30/Nov/2025:18:41:32 +0000] "PUT /2/98277/AUTH_53b9bcf7d8194db7bd330ca574b5edab/gnocchi.45bab8f9-e045-45cd-8e60-623dd2ffae9a/none_v3" 201 - "PUT http://[::1]:8080/1/27140/AUTH_53b9bcf7d8194db7bd330ca574b5edab/gnocchi.45bab8f9-e045-45cd-8e60-623dd2ffae9a/none_v3" "tx4a64f8a66718424caeabb-00692c8fdc" "object-server 96823" 0.0005 "-" 96490 0
Nov 30 13:41:32 np0005540255.novalocal container-server[96491]: ::1 - - [30/Nov/2025:18:41:32 +0000] "PUT /1/98277/AUTH_53b9bcf7d8194db7bd330ca574b5edab/gnocchi.45bab8f9-e045-45cd-8e60-623dd2ffae9a/none_v3" 201 - "PUT http://[::1]:8080/2/27140/AUTH_53b9bcf7d8194db7bd330ca574b5edab/gnocchi.45bab8f9-e045-45cd-8e60-623dd2ffae9a/none_v3" "tx4a64f8a66718424caeabb-00692c8fdc" "object-server 96824" 0.0014 "-" 96491 0
Nov 30 13:41:32 np0005540255.novalocal object-server[96824]: ::1 - - [30/Nov/2025:18:41:32 +0000] "PUT /2/27140/AUTH_53b9bcf7d8194db7bd330ca574b5edab/gnocchi.45bab8f9-e045-45cd-8e60-623dd2ffae9a/none_v3" 201 - "PUT https://[::1]:8080/v1/AUTH_53b9bcf7d8194db7bd330ca574b5edab/gnocchi.45bab8f9-e045-45cd-8e60-623dd2ffae9a/none_v3" "tx4a64f8a66718424caeabb-00692c8fdc" "proxy-server 97815" 0.0125 "-" 96824 0
Nov 30 13:41:32 np0005540255.novalocal container-server[96491]: ::1 - - [30/Nov/2025:18:41:32 +0000] "PUT /3/98277/AUTH_53b9bcf7d8194db7bd330ca574b5edab/gnocchi.45bab8f9-e045-45cd-8e60-623dd2ffae9a/none_v3" 201 - "PUT http://[::1]:8080/3/27140/AUTH_53b9bcf7d8194db7bd330ca574b5edab/gnocchi.45bab8f9-e045-45cd-8e60-623dd2ffae9a/none_v3" "tx4a64f8a66718424caeabb-00692c8fdc" "object-server 96824" 0.0004 "-" 96491 0
Nov 30 13:41:32 np0005540255.novalocal object-server[96823]: ::1 - - [30/Nov/2025:18:41:32 +0000] "PUT /1/27140/AUTH_53b9bcf7d8194db7bd330ca574b5edab/gnocchi.45bab8f9-e045-45cd-8e60-623dd2ffae9a/none_v3" 201 - "PUT https://[::1]:8080/v1/AUTH_53b9bcf7d8194db7bd330ca574b5edab/gnocchi.45bab8f9-e045-45cd-8e60-623dd2ffae9a/none_v3" "tx4a64f8a66718424caeabb-00692c8fdc" "proxy-server 97815" 0.0129 "-" 96823 0
Nov 30 13:41:32 np0005540255.novalocal object-server[96824]: ::1 - - [30/Nov/2025:18:41:32 +0000] "PUT /3/27140/AUTH_53b9bcf7d8194db7bd330ca574b5edab/gnocchi.45bab8f9-e045-45cd-8e60-623dd2ffae9a/none_v3" 201 - "PUT https://[::1]:8080/v1/AUTH_53b9bcf7d8194db7bd330ca574b5edab/gnocchi.45bab8f9-e045-45cd-8e60-623dd2ffae9a/none_v3" "tx4a64f8a66718424caeabb-00692c8fdc" "proxy-server 97815" 0.0131 "-" 96824 0
Nov 30 13:41:32 np0005540255.novalocal proxy-server[97815]: ::1 ::1 30/Nov/2025/18/41/32 PUT /v1/AUTH_53b9bcf7d8194db7bd330ca574b5edab/gnocchi.45bab8f9-e045-45cd-8e60-623dd2ffae9a/none_v3 HTTP/1.0 201 - python-swiftclient-4.7.0 gAAAAABpLI-5FlkI... 22 - - tx4a64f8a66718424caeabb-00692c8fdc - 0.0254 - - 1764528092.671752930 1764528092.697177410 0
Nov 30 13:41:32 np0005540255.novalocal container-server[96491]: ::1 - - [30/Nov/2025:18:41:32 +0000] "HEAD /1/257726/AUTH_53b9bcf7d8194db7bd330ca574b5edab/gnocchi.fd1eb986-66ec-4e0d-b30e-2adc946018af" 404 - "HEAD http://[::1]:8080/v1/AUTH_53b9bcf7d8194db7bd330ca574b5edab/gnocchi.fd1eb986-66ec-4e0d-b30e-2adc946018af" "tx0a487252405344f2b745d-00692c8fdc" "proxy-server 97815" 0.0004 "-" 96491 0
Nov 30 13:41:32 np0005540255.novalocal container-server[96491]: ::1 - - [30/Nov/2025:18:41:32 +0000] "HEAD /3/257726/AUTH_53b9bcf7d8194db7bd330ca574b5edab/gnocchi.fd1eb986-66ec-4e0d-b30e-2adc946018af" 404 - "HEAD http://[::1]:8080/v1/AUTH_53b9bcf7d8194db7bd330ca574b5edab/gnocchi.fd1eb986-66ec-4e0d-b30e-2adc946018af" "tx0a487252405344f2b745d-00692c8fdc" "proxy-server 97815" 0.0002 "-" 96491 0
Nov 30 13:41:32 np0005540255.novalocal container-server[96490]: ::1 - - [30/Nov/2025:18:41:32 +0000] "HEAD /2/257726/AUTH_53b9bcf7d8194db7bd330ca574b5edab/gnocchi.fd1eb986-66ec-4e0d-b30e-2adc946018af" 404 - "HEAD http://[::1]:8080/v1/AUTH_53b9bcf7d8194db7bd330ca574b5edab/gnocchi.fd1eb986-66ec-4e0d-b30e-2adc946018af" "tx0a487252405344f2b745d-00692c8fdc" "proxy-server 97815" 0.0003 "-" 96490 0
Nov 30 13:41:32 np0005540255.novalocal proxy-server[97815]: - - 30/Nov/2025/18/41/32 HEAD /v1/AUTH_53b9bcf7d8194db7bd330ca574b5edab/gnocchi.fd1eb986-66ec-4e0d-b30e-2adc946018af HTTP/1.0 404 - Swift - - - - tx0a487252405344f2b745d-00692c8fdc - 0.0097 CS - 1764528092.693787336 1764528092.703473330 0
Nov 30 13:41:32 np0005540255.novalocal object-server[96824]: ::1 - - [30/Nov/2025:18:41:32 +0000] "GET /1/64546/AUTH_53b9bcf7d8194db7bd330ca574b5edab/gnocchi.fd1eb986-66ec-4e0d-b30e-2adc946018af/none_v3" 404 70 "GET https://[::1]:8080/v1/AUTH_53b9bcf7d8194db7bd330ca574b5edab/gnocchi.fd1eb986-66ec-4e0d-b30e-2adc946018af/none_v3" "tx0a487252405344f2b745d-00692c8fdc" "proxy-server 97815" 0.0003 "-" 96824 0
Nov 30 13:41:32 np0005540255.novalocal object-server[96823]: ::1 - - [30/Nov/2025:18:41:32 +0000] "GET /3/64546/AUTH_53b9bcf7d8194db7bd330ca574b5edab/gnocchi.fd1eb986-66ec-4e0d-b30e-2adc946018af/none_v3" 404 70 "GET https://[::1]:8080/v1/AUTH_53b9bcf7d8194db7bd330ca574b5edab/gnocchi.fd1eb986-66ec-4e0d-b30e-2adc946018af/none_v3" "tx0a487252405344f2b745d-00692c8fdc" "proxy-server 97815" 0.0006 "-" 96823 0
Nov 30 13:41:32 np0005540255.novalocal object-server[96823]: ::1 - - [30/Nov/2025:18:41:32 +0000] "GET /2/64546/AUTH_53b9bcf7d8194db7bd330ca574b5edab/gnocchi.fd1eb986-66ec-4e0d-b30e-2adc946018af/none_v3" 404 70 "GET https://[::1]:8080/v1/AUTH_53b9bcf7d8194db7bd330ca574b5edab/gnocchi.fd1eb986-66ec-4e0d-b30e-2adc946018af/none_v3" "tx0a487252405344f2b745d-00692c8fdc" "proxy-server 97815" 0.0002 "-" 96823 0
Nov 30 13:41:32 np0005540255.novalocal proxy-server[97815]: ::1 ::1 30/Nov/2025/18/41/32 GET /v1/AUTH_53b9bcf7d8194db7bd330ca574b5edab/gnocchi.fd1eb986-66ec-4e0d-b30e-2adc946018af/none_v3 HTTP/1.0 404 - python-swiftclient-4.7.0 gAAAAABpLI-56T9k... - 70 - tx0a487252405344f2b745d-00692c8fdc - 0.0225 - - 1764528092.691821575 1764528092.714365721 0
Nov 30 13:41:32 np0005540255.novalocal account-server[96195]: ::1 - - [30/Nov/2025:18:41:32 +0000] "PUT /3/128474/AUTH_53b9bcf7d8194db7bd330ca574b5edab/gnocchi.fd1eb986-66ec-4e0d-b30e-2adc946018af" 201 - "PUT http://[::1]:6001/3/257726/AUTH_53b9bcf7d8194db7bd330ca574b5edab/gnocchi.fd1eb986-66ec-4e0d-b30e-2adc946018af" "tx9e4e995fdfd44241a5f5d-00692c8fdc" "container-server 96491" 0.0047 "-" 96195 0
Nov 30 13:41:32 np0005540255.novalocal container-server[96491]: ::1 - - [30/Nov/2025:18:41:32 +0000] "PUT /3/257726/AUTH_53b9bcf7d8194db7bd330ca574b5edab/gnocchi.fd1eb986-66ec-4e0d-b30e-2adc946018af" 201 - "PUT https://[::1]:8080/v1/AUTH_53b9bcf7d8194db7bd330ca574b5edab/gnocchi.fd1eb986-66ec-4e0d-b30e-2adc946018af" "tx9e4e995fdfd44241a5f5d-00692c8fdc" "proxy-server 97815" 0.0149 "-" 96491 0
Nov 30 13:41:32 np0005540255.novalocal account-server[96195]: ::1 - - [30/Nov/2025:18:41:32 +0000] "PUT /2/128474/AUTH_53b9bcf7d8194db7bd330ca574b5edab/gnocchi.fd1eb986-66ec-4e0d-b30e-2adc946018af" 201 - "PUT http://[::1]:6001/2/257726/AUTH_53b9bcf7d8194db7bd330ca574b5edab/gnocchi.fd1eb986-66ec-4e0d-b30e-2adc946018af" "tx9e4e995fdfd44241a5f5d-00692c8fdc" "container-server 96490" 0.0045 "-" 96195 0
Nov 30 13:41:32 np0005540255.novalocal container-server[96490]: ::1 - - [30/Nov/2025:18:41:32 +0000] "PUT /2/257726/AUTH_53b9bcf7d8194db7bd330ca574b5edab/gnocchi.fd1eb986-66ec-4e0d-b30e-2adc946018af" 201 - "PUT https://[::1]:8080/v1/AUTH_53b9bcf7d8194db7bd330ca574b5edab/gnocchi.fd1eb986-66ec-4e0d-b30e-2adc946018af" "tx9e4e995fdfd44241a5f5d-00692c8fdc" "proxy-server 97815" 0.0217 "-" 96490 0
Nov 30 13:41:32 np0005540255.novalocal container-server[96490]: ::1 - - [30/Nov/2025:18:41:32 +0000] "HEAD /3/170850/AUTH_53b9bcf7d8194db7bd330ca574b5edab/gnocchi.e35eb1cb-ac37-4ab9-ad27-47ae3882af38" 404 - "HEAD http://[::1]:8080/v1/AUTH_53b9bcf7d8194db7bd330ca574b5edab/gnocchi.e35eb1cb-ac37-4ab9-ad27-47ae3882af38" "txd2af3550bc884e13b2a4c-00692c8fdc" "proxy-server 97815" 0.0002 "-" 96490 0
Nov 30 13:41:32 np0005540255.novalocal container-server[96490]: ::1 - - [30/Nov/2025:18:41:32 +0000] "HEAD /2/170850/AUTH_53b9bcf7d8194db7bd330ca574b5edab/gnocchi.e35eb1cb-ac37-4ab9-ad27-47ae3882af38" 404 - "HEAD http://[::1]:8080/v1/AUTH_53b9bcf7d8194db7bd330ca574b5edab/gnocchi.e35eb1cb-ac37-4ab9-ad27-47ae3882af38" "txd2af3550bc884e13b2a4c-00692c8fdc" "proxy-server 97815" 0.0004 "-" 96490 0
Nov 30 13:41:32 np0005540255.novalocal container-server[96490]: ::1 - - [30/Nov/2025:18:41:32 +0000] "HEAD /1/170850/AUTH_53b9bcf7d8194db7bd330ca574b5edab/gnocchi.e35eb1cb-ac37-4ab9-ad27-47ae3882af38" 404 - "HEAD http://[::1]:8080/v1/AUTH_53b9bcf7d8194db7bd330ca574b5edab/gnocchi.e35eb1cb-ac37-4ab9-ad27-47ae3882af38" "txd2af3550bc884e13b2a4c-00692c8fdc" "proxy-server 97815" 0.0002 "-" 96490 0
Nov 30 13:41:32 np0005540255.novalocal proxy-server[97815]: - - 30/Nov/2025/18/41/32 HEAD /v1/AUTH_53b9bcf7d8194db7bd330ca574b5edab/gnocchi.e35eb1cb-ac37-4ab9-ad27-47ae3882af38 HTTP/1.0 404 - Swift - - - - txd2af3550bc884e13b2a4c-00692c8fdc - 0.0082 CS - 1764528092.741612434 1764528092.749764681 0
Nov 30 13:41:32 np0005540255.novalocal account-server[96195]: ::1 - - [30/Nov/2025:18:41:32 +0000] "PUT /1/128474/AUTH_53b9bcf7d8194db7bd330ca574b5edab/gnocchi.fd1eb986-66ec-4e0d-b30e-2adc946018af" 201 - "PUT http://[::1]:6001/1/257726/AUTH_53b9bcf7d8194db7bd330ca574b5edab/gnocchi.fd1eb986-66ec-4e0d-b30e-2adc946018af" "tx9e4e995fdfd44241a5f5d-00692c8fdc" "container-server 96490" 0.0071 "-" 96195 0
Nov 30 13:41:32 np0005540255.novalocal container-server[96490]: ::1 - - [30/Nov/2025:18:41:32 +0000] "PUT /1/257726/AUTH_53b9bcf7d8194db7bd330ca574b5edab/gnocchi.fd1eb986-66ec-4e0d-b30e-2adc946018af" 201 - "PUT https://[::1]:8080/v1/AUTH_53b9bcf7d8194db7bd330ca574b5edab/gnocchi.fd1eb986-66ec-4e0d-b30e-2adc946018af" "tx9e4e995fdfd44241a5f5d-00692c8fdc" "proxy-server 97815" 0.0193 "-" 96490 0
Nov 30 13:41:32 np0005540255.novalocal proxy-server[97815]: ::1 ::1 30/Nov/2025/18/41/32 PUT /v1/AUTH_53b9bcf7d8194db7bd330ca574b5edab/gnocchi.fd1eb986-66ec-4e0d-b30e-2adc946018af HTTP/1.0 201 - python-swiftclient-4.7.0 gAAAAABpLI-56T9k... - - - tx9e4e995fdfd44241a5f5d-00692c8fdc - 0.0360 - - 1764528092.717252493 1764528092.753260136 0
Nov 30 13:41:32 np0005540255.novalocal object-server[96824]: ::1 - - [30/Nov/2025:18:41:32 +0000] "GET /2/104466/AUTH_53b9bcf7d8194db7bd330ca574b5edab/gnocchi.e35eb1cb-ac37-4ab9-ad27-47ae3882af38/none_v3" 404 70 "GET https://[::1]:8080/v1/AUTH_53b9bcf7d8194db7bd330ca574b5edab/gnocchi.e35eb1cb-ac37-4ab9-ad27-47ae3882af38/none_v3" "txd2af3550bc884e13b2a4c-00692c8fdc" "proxy-server 97815" 0.0003 "-" 96824 0
Nov 30 13:41:32 np0005540255.novalocal object-server[96824]: ::1 - - [30/Nov/2025:18:41:32 +0000] "GET /1/104466/AUTH_53b9bcf7d8194db7bd330ca574b5edab/gnocchi.e35eb1cb-ac37-4ab9-ad27-47ae3882af38/none_v3" 404 70 "GET https://[::1]:8080/v1/AUTH_53b9bcf7d8194db7bd330ca574b5edab/gnocchi.e35eb1cb-ac37-4ab9-ad27-47ae3882af38/none_v3" "txd2af3550bc884e13b2a4c-00692c8fdc" "proxy-server 97815" 0.0002 "-" 96824 0
Nov 30 13:41:32 np0005540255.novalocal object-server[96824]: ::1 - - [30/Nov/2025:18:41:32 +0000] "GET /3/104466/AUTH_53b9bcf7d8194db7bd330ca574b5edab/gnocchi.e35eb1cb-ac37-4ab9-ad27-47ae3882af38/none_v3" 404 70 "GET https://[::1]:8080/v1/AUTH_53b9bcf7d8194db7bd330ca574b5edab/gnocchi.e35eb1cb-ac37-4ab9-ad27-47ae3882af38/none_v3" "txd2af3550bc884e13b2a4c-00692c8fdc" "proxy-server 97815" 0.0002 "-" 96824 0
Nov 30 13:41:32 np0005540255.novalocal proxy-server[97815]: ::1 ::1 30/Nov/2025/18/41/32 GET /v1/AUTH_53b9bcf7d8194db7bd330ca574b5edab/gnocchi.e35eb1cb-ac37-4ab9-ad27-47ae3882af38/none_v3 HTTP/1.0 404 - python-swiftclient-4.7.0 gAAAAABpLI-5FlkI... - 70 - txd2af3550bc884e13b2a4c-00692c8fdc - 0.0171 - - 1764528092.740955353 1764528092.758060694 0
Nov 30 13:41:32 np0005540255.novalocal container-server[96491]: ::1 - - [30/Nov/2025:18:41:32 +0000] "HEAD /1/257726/AUTH_53b9bcf7d8194db7bd330ca574b5edab/gnocchi.fd1eb986-66ec-4e0d-b30e-2adc946018af" 204 - "HEAD http://[::1]:8080/v1/AUTH_53b9bcf7d8194db7bd330ca574b5edab/gnocchi.fd1eb986-66ec-4e0d-b30e-2adc946018af" "tx4411ac6bca9448d1ac359-00692c8fdc" "proxy-server 97815" 0.0022 "-" 96491 0
Nov 30 13:41:32 np0005540255.novalocal proxy-server[97815]: - - 30/Nov/2025/18/41/32 HEAD /v1/AUTH_53b9bcf7d8194db7bd330ca574b5edab/gnocchi.fd1eb986-66ec-4e0d-b30e-2adc946018af HTTP/1.0 204 - Swift - - - - tx4411ac6bca9448d1ac359-00692c8fdc - 0.0084 CS - 1764528092.760750055 1764528092.769153833 0
Nov 30 13:41:32 np0005540255.novalocal container-server[96491]: ::1 - - [30/Nov/2025:18:41:32 +0000] "GET /3/257726/AUTH_53b9bcf7d8194db7bd330ca574b5edab/gnocchi.fd1eb986-66ec-4e0d-b30e-2adc946018af" 200 2 "GET https://[::1]:8080/v1/AUTH_53b9bcf7d8194db7bd330ca574b5edab/gnocchi.fd1eb986-66ec-4e0d-b30e-2adc946018af?format=json&states=listing" "tx4411ac6bca9448d1ac359-00692c8fdc" "proxy-server 97815" 0.0015 "-" 96491 0
Nov 30 13:41:32 np0005540255.novalocal proxy-server[97815]: ::1 ::1 30/Nov/2025/18/41/32 GET /v1/AUTH_53b9bcf7d8194db7bd330ca574b5edab/gnocchi.fd1eb986-66ec-4e0d-b30e-2adc946018af%3Fformat%3Djson%26states%3Dlisting HTTP/1.0 200 - python-swiftclient-4.7.0 gAAAAABpLI-56T9k... - 2 - tx4411ac6bca9448d1ac359-00692c8fdc - 0.0337 - - 1764528092.757377863 1764528092.791104078 0
Nov 30 13:41:32 np0005540255.novalocal account-server[96196]: ::1 - - [30/Nov/2025:18:41:32 +0000] "PUT /2/128474/AUTH_53b9bcf7d8194db7bd330ca574b5edab/gnocchi.e35eb1cb-ac37-4ab9-ad27-47ae3882af38" 201 - "PUT http://[::1]:6001/1/170850/AUTH_53b9bcf7d8194db7bd330ca574b5edab/gnocchi.e35eb1cb-ac37-4ab9-ad27-47ae3882af38" "tx00f42a4a290f40b3bd42d-00692c8fdc" "container-server 96491" 0.0041 "-" 96196 0
Nov 30 13:41:32 np0005540255.novalocal container-server[96491]: ::1 - - [30/Nov/2025:18:41:32 +0000] "PUT /1/170850/AUTH_53b9bcf7d8194db7bd330ca574b5edab/gnocchi.e35eb1cb-ac37-4ab9-ad27-47ae3882af38" 201 - "PUT https://[::1]:8080/v1/AUTH_53b9bcf7d8194db7bd330ca574b5edab/gnocchi.e35eb1cb-ac37-4ab9-ad27-47ae3882af38" "tx00f42a4a290f40b3bd42d-00692c8fdc" "proxy-server 97815" 0.0270 "-" 96491 0
Nov 30 13:41:32 np0005540255.novalocal account-server[96195]: ::1 - - [30/Nov/2025:18:41:32 +0000] "PUT /3/128474/AUTH_53b9bcf7d8194db7bd330ca574b5edab/gnocchi.e35eb1cb-ac37-4ab9-ad27-47ae3882af38" 201 - "PUT http://[::1]:6001/2/170850/AUTH_53b9bcf7d8194db7bd330ca574b5edab/gnocchi.e35eb1cb-ac37-4ab9-ad27-47ae3882af38" "tx00f42a4a290f40b3bd42d-00692c8fdc" "container-server 96491" 0.0068 "-" 96195 0
Nov 30 13:41:32 np0005540255.novalocal container-server[96491]: ::1 - - [30/Nov/2025:18:41:32 +0000] "PUT /2/170850/AUTH_53b9bcf7d8194db7bd330ca574b5edab/gnocchi.e35eb1cb-ac37-4ab9-ad27-47ae3882af38" 201 - "PUT https://[::1]:8080/v1/AUTH_53b9bcf7d8194db7bd330ca574b5edab/gnocchi.e35eb1cb-ac37-4ab9-ad27-47ae3882af38" "tx00f42a4a290f40b3bd42d-00692c8fdc" "proxy-server 97815" 0.0185 "-" 96491 0
Nov 30 13:41:32 np0005540255.novalocal object-server[96824]: ::1 - - [30/Nov/2025:18:41:32 +0000] "GET /3/101941/AUTH_53b9bcf7d8194db7bd330ca574b5edab/gnocchi.fd1eb986-66ec-4e0d-b30e-2adc946018af/1763640000.0_mean_300.0_v3" 404 70 "GET https://[::1]:8080/v1/AUTH_53b9bcf7d8194db7bd330ca574b5edab/gnocchi.fd1eb986-66ec-4e0d-b30e-2adc946018af/1763640000.0_mean_300.0_v3" "tx5c894275f6f4458f81b67-00692c8fdc" "proxy-server 97815" 0.0003 "-" 96824 0
Nov 30 13:41:32 np0005540255.novalocal account-server[96195]: ::1 - - [30/Nov/2025:18:41:32 +0000] "PUT /1/128474/AUTH_53b9bcf7d8194db7bd330ca574b5edab/gnocchi.e35eb1cb-ac37-4ab9-ad27-47ae3882af38" 201 - "PUT http://[::1]:6001/3/170850/AUTH_53b9bcf7d8194db7bd330ca574b5edab/gnocchi.e35eb1cb-ac37-4ab9-ad27-47ae3882af38" "tx00f42a4a290f40b3bd42d-00692c8fdc" "container-server 96491" 0.0047 "-" 96195 0
Nov 30 13:41:32 np0005540255.novalocal container-server[96491]: ::1 - - [30/Nov/2025:18:41:32 +0000] "PUT /3/170850/AUTH_53b9bcf7d8194db7bd330ca574b5edab/gnocchi.e35eb1cb-ac37-4ab9-ad27-47ae3882af38" 201 - "PUT https://[::1]:8080/v1/AUTH_53b9bcf7d8194db7bd330ca574b5edab/gnocchi.e35eb1cb-ac37-4ab9-ad27-47ae3882af38" "tx00f42a4a290f40b3bd42d-00692c8fdc" "proxy-server 97815" 0.0170 "-" 96491 0
Nov 30 13:41:32 np0005540255.novalocal object-server[96823]: ::1 - - [30/Nov/2025:18:41:32 +0000] "GET /2/101941/AUTH_53b9bcf7d8194db7bd330ca574b5edab/gnocchi.fd1eb986-66ec-4e0d-b30e-2adc946018af/1763640000.0_mean_300.0_v3" 404 70 "GET https://[::1]:8080/v1/AUTH_53b9bcf7d8194db7bd330ca574b5edab/gnocchi.fd1eb986-66ec-4e0d-b30e-2adc946018af/1763640000.0_mean_300.0_v3" "tx5c894275f6f4458f81b67-00692c8fdc" "proxy-server 97815" 0.0004 "-" 96823 0
Nov 30 13:41:32 np0005540255.novalocal object-server[96823]: ::1 - - [30/Nov/2025:18:41:32 +0000] "GET /1/101941/AUTH_53b9bcf7d8194db7bd330ca574b5edab/gnocchi.fd1eb986-66ec-4e0d-b30e-2adc946018af/1763640000.0_mean_300.0_v3" 404 70 "GET https://[::1]:8080/v1/AUTH_53b9bcf7d8194db7bd330ca574b5edab/gnocchi.fd1eb986-66ec-4e0d-b30e-2adc946018af/1763640000.0_mean_300.0_v3" "tx5c894275f6f4458f81b67-00692c8fdc" "proxy-server 97815" 0.0003 "-" 96823 0
Nov 30 13:41:32 np0005540255.novalocal proxy-server[97815]: ::1 ::1 30/Nov/2025/18/41/32 PUT /v1/AUTH_53b9bcf7d8194db7bd330ca574b5edab/gnocchi.e35eb1cb-ac37-4ab9-ad27-47ae3882af38 HTTP/1.0 201 - python-swiftclient-4.7.0 gAAAAABpLI-5FlkI... - - - tx00f42a4a290f40b3bd42d-00692c8fdc - 0.0505 - - 1764528092.760268688 1764528092.810745955 0
Nov 30 13:41:32 np0005540255.novalocal proxy-server[97815]: ::1 ::1 30/Nov/2025/18/41/32 GET /v1/AUTH_53b9bcf7d8194db7bd330ca574b5edab/gnocchi.fd1eb986-66ec-4e0d-b30e-2adc946018af/1763640000.0_mean_300.0_v3 HTTP/1.0 404 - python-swiftclient-4.7.0 gAAAAABpLI-56T9k... - 70 - tx5c894275f6f4458f81b67-00692c8fdc - 0.0158 - - 1764528092.796346426 1764528092.812190294 0
Nov 30 13:41:32 np0005540255.novalocal haproxy-metadata-proxy-6f9a07de-215e-4adf-957d-430a71375d97[103379]: ::ffff:10.100.0.13:50992 [30/Nov/2025:13:41:31.792] listener listener/metadata 0/0/0/1022/1022 200 94 - - ---- 1/1/0/0/0 0/0 "GET /2009-04-04/meta-data/block-device-mapping/root HTTP/1.1"
Nov 30 13:41:32 np0005540255.novalocal container-server[96491]: ::1 - - [30/Nov/2025:18:41:32 +0000] "HEAD /3/170850/AUTH_53b9bcf7d8194db7bd330ca574b5edab/gnocchi.e35eb1cb-ac37-4ab9-ad27-47ae3882af38" 204 - "HEAD http://[::1]:8080/v1/AUTH_53b9bcf7d8194db7bd330ca574b5edab/gnocchi.e35eb1cb-ac37-4ab9-ad27-47ae3882af38" "tx34e3757eed4c4521b3811-00692c8fdc" "proxy-server 97815" 0.0015 "-" 96491 0
Nov 30 13:41:32 np0005540255.novalocal proxy-server[97815]: - - 30/Nov/2025/18/41/32 HEAD /v1/AUTH_53b9bcf7d8194db7bd330ca574b5edab/gnocchi.e35eb1cb-ac37-4ab9-ad27-47ae3882af38 HTTP/1.0 204 - Swift - - - - tx34e3757eed4c4521b3811-00692c8fdc - 0.0065 CS - 1764528092.813893080 1764528092.820442200 0
Nov 30 13:41:32 np0005540255.novalocal container-server[96490]: ::1 - - [30/Nov/2025:18:41:32 +0000] "GET /2/170850/AUTH_53b9bcf7d8194db7bd330ca574b5edab/gnocchi.e35eb1cb-ac37-4ab9-ad27-47ae3882af38" 200 2 "GET https://[::1]:8080/v1/AUTH_53b9bcf7d8194db7bd330ca574b5edab/gnocchi.e35eb1cb-ac37-4ab9-ad27-47ae3882af38?format=json&states=listing" "tx34e3757eed4c4521b3811-00692c8fdc" "proxy-server 97815" 0.0028 "-" 96490 0
Nov 30 13:41:32 np0005540255.novalocal proxy-server[97815]: ::1 ::1 30/Nov/2025/18/41/32 GET /v1/AUTH_53b9bcf7d8194db7bd330ca574b5edab/gnocchi.e35eb1cb-ac37-4ab9-ad27-47ae3882af38%3Fformat%3Djson%26states%3Dlisting HTTP/1.0 200 - python-swiftclient-4.7.0 gAAAAABpLI-5FlkI... - 2 - tx34e3757eed4c4521b3811-00692c8fdc - 0.0300 - - 1764528092.813299417 1764528092.843301296 0
Nov 30 13:41:32 np0005540255.novalocal container-server[96491]: ::1 - - [30/Nov/2025:18:41:32 +0000] "PUT /3/257726/AUTH_53b9bcf7d8194db7bd330ca574b5edab/gnocchi.fd1eb986-66ec-4e0d-b30e-2adc946018af/1763640000.0_mean_300.0_v3" 201 - "PUT http://[::1]:8080/1/101941/AUTH_53b9bcf7d8194db7bd330ca574b5edab/gnocchi.fd1eb986-66ec-4e0d-b30e-2adc946018af/1763640000.0_mean_300.0_v3" "txe226cbf333e04e11b3948-00692c8fdc" "object-server 96823" 0.0007 "-" 96491 0
Nov 30 13:41:32 np0005540255.novalocal container-server[96490]: ::1 - - [30/Nov/2025:18:41:32 +0000] "PUT /2/257726/AUTH_53b9bcf7d8194db7bd330ca574b5edab/gnocchi.fd1eb986-66ec-4e0d-b30e-2adc946018af/1763640000.0_mean_300.0_v3" 201 - "PUT http://[::1]:8080/3/101941/AUTH_53b9bcf7d8194db7bd330ca574b5edab/gnocchi.fd1eb986-66ec-4e0d-b30e-2adc946018af/1763640000.0_mean_300.0_v3" "txe226cbf333e04e11b3948-00692c8fdc" "object-server 96823" 0.0006 "-" 96490 0
Nov 30 13:41:32 np0005540255.novalocal object-server[96823]: ::1 - - [30/Nov/2025:18:41:32 +0000] "PUT /1/101941/AUTH_53b9bcf7d8194db7bd330ca574b5edab/gnocchi.fd1eb986-66ec-4e0d-b30e-2adc946018af/1763640000.0_mean_300.0_v3" 201 - "PUT https://[::1]:8080/v1/AUTH_53b9bcf7d8194db7bd330ca574b5edab/gnocchi.fd1eb986-66ec-4e0d-b30e-2adc946018af/1763640000.0_mean_300.0_v3" "txe226cbf333e04e11b3948-00692c8fdc" "proxy-server 97815" 0.0153 "-" 96823 0
Nov 30 13:41:32 np0005540255.novalocal object-server[96823]: ::1 - - [30/Nov/2025:18:41:32 +0000] "PUT /3/101941/AUTH_53b9bcf7d8194db7bd330ca574b5edab/gnocchi.fd1eb986-66ec-4e0d-b30e-2adc946018af/1763640000.0_mean_300.0_v3" 201 - "PUT https://[::1]:8080/v1/AUTH_53b9bcf7d8194db7bd330ca574b5edab/gnocchi.fd1eb986-66ec-4e0d-b30e-2adc946018af/1763640000.0_mean_300.0_v3" "txe226cbf333e04e11b3948-00692c8fdc" "proxy-server 97815" 0.0144 "-" 96823 0
Nov 30 13:41:32 np0005540255.novalocal container-server[96491]: ::1 - - [30/Nov/2025:18:41:32 +0000] "PUT /1/257726/AUTH_53b9bcf7d8194db7bd330ca574b5edab/gnocchi.fd1eb986-66ec-4e0d-b30e-2adc946018af/1763640000.0_mean_300.0_v3" 201 - "PUT http://[::1]:8080/2/101941/AUTH_53b9bcf7d8194db7bd330ca574b5edab/gnocchi.fd1eb986-66ec-4e0d-b30e-2adc946018af/1763640000.0_mean_300.0_v3" "txe226cbf333e04e11b3948-00692c8fdc" "object-server 96824" 0.0004 "-" 96491 0
Nov 30 13:41:32 np0005540255.novalocal object-server[96824]: ::1 - - [30/Nov/2025:18:41:32 +0000] "PUT /2/101941/AUTH_53b9bcf7d8194db7bd330ca574b5edab/gnocchi.fd1eb986-66ec-4e0d-b30e-2adc946018af/1763640000.0_mean_300.0_v3" 201 - "PUT https://[::1]:8080/v1/AUTH_53b9bcf7d8194db7bd330ca574b5edab/gnocchi.fd1eb986-66ec-4e0d-b30e-2adc946018af/1763640000.0_mean_300.0_v3" "txe226cbf333e04e11b3948-00692c8fdc" "proxy-server 97815" 0.0175 "-" 96824 0
Nov 30 13:41:32 np0005540255.novalocal object-server[96823]: ::1 - - [30/Nov/2025:18:41:32 +0000] "GET /3/82622/AUTH_53b9bcf7d8194db7bd330ca574b5edab/gnocchi.e35eb1cb-ac37-4ab9-ad27-47ae3882af38/1763640000.0_mean_300.0_v3" 404 70 "GET https://[::1]:8080/v1/AUTH_53b9bcf7d8194db7bd330ca574b5edab/gnocchi.e35eb1cb-ac37-4ab9-ad27-47ae3882af38/1763640000.0_mean_300.0_v3" "tx2d8792fff5af4887a3ebd-00692c8fdc" "proxy-server 97815" 0.0004 "-" 96823 0
Nov 30 13:41:32 np0005540255.novalocal proxy-server[97815]: ::1 ::1 30/Nov/2025/18/41/32 PUT /v1/AUTH_53b9bcf7d8194db7bd330ca574b5edab/gnocchi.fd1eb986-66ec-4e0d-b30e-2adc946018af/1763640000.0_mean_300.0_v3 HTTP/1.0 201 - python-swiftclient-4.7.0 gAAAAABpLI-56T9k... 16 - - txe226cbf333e04e11b3948-00692c8fdc - 0.0413 - - 1764528092.816241980 1764528092.857496977 0
Nov 30 13:41:32 np0005540255.novalocal object-server[96823]: ::1 - - [30/Nov/2025:18:41:32 +0000] "GET /2/82622/AUTH_53b9bcf7d8194db7bd330ca574b5edab/gnocchi.e35eb1cb-ac37-4ab9-ad27-47ae3882af38/1763640000.0_mean_300.0_v3" 404 70 "GET https://[::1]:8080/v1/AUTH_53b9bcf7d8194db7bd330ca574b5edab/gnocchi.e35eb1cb-ac37-4ab9-ad27-47ae3882af38/1763640000.0_mean_300.0_v3" "tx2d8792fff5af4887a3ebd-00692c8fdc" "proxy-server 97815" 0.0005 "-" 96823 0
Nov 30 13:41:32 np0005540255.novalocal object-server[96823]: ::1 - - [30/Nov/2025:18:41:32 +0000] "GET /1/82622/AUTH_53b9bcf7d8194db7bd330ca574b5edab/gnocchi.e35eb1cb-ac37-4ab9-ad27-47ae3882af38/1763640000.0_mean_300.0_v3" 404 70 "GET https://[::1]:8080/v1/AUTH_53b9bcf7d8194db7bd330ca574b5edab/gnocchi.e35eb1cb-ac37-4ab9-ad27-47ae3882af38/1763640000.0_mean_300.0_v3" "tx2d8792fff5af4887a3ebd-00692c8fdc" "proxy-server 97815" 0.0004 "-" 96823 0
Nov 30 13:41:32 np0005540255.novalocal proxy-server[97815]: ::1 ::1 30/Nov/2025/18/41/32 GET /v1/AUTH_53b9bcf7d8194db7bd330ca574b5edab/gnocchi.e35eb1cb-ac37-4ab9-ad27-47ae3882af38/1763640000.0_mean_300.0_v3 HTTP/1.0 404 - python-swiftclient-4.7.0 gAAAAABpLI-5FlkI... - 70 - tx2d8792fff5af4887a3ebd-00692c8fdc - 0.0270 - - 1764528092.848621845 1764528092.875671387 0
Nov 30 13:41:32 np0005540255.novalocal container-server[96491]: ::1 - - [30/Nov/2025:18:41:32 +0000] "PUT /1/257726/AUTH_53b9bcf7d8194db7bd330ca574b5edab/gnocchi.fd1eb986-66ec-4e0d-b30e-2adc946018af/none_v3" 201 - "PUT http://[::1]:8080/1/64546/AUTH_53b9bcf7d8194db7bd330ca574b5edab/gnocchi.fd1eb986-66ec-4e0d-b30e-2adc946018af/none_v3" "tx10843945486c46daa3944-00692c8fdc" "object-server 96823" 0.0008 "-" 96491 0
Nov 30 13:41:32 np0005540255.novalocal object-server[96823]: ::1 - - [30/Nov/2025:18:41:32 +0000] "PUT /1/64546/AUTH_53b9bcf7d8194db7bd330ca574b5edab/gnocchi.fd1eb986-66ec-4e0d-b30e-2adc946018af/none_v3" 201 - "PUT https://[::1]:8080/v1/AUTH_53b9bcf7d8194db7bd330ca574b5edab/gnocchi.fd1eb986-66ec-4e0d-b30e-2adc946018af/none_v3" "tx10843945486c46daa3944-00692c8fdc" "proxy-server 97815" 0.0274 "-" 96823 0
Nov 30 13:41:32 np0005540255.novalocal container-server[96491]: ::1 - - [30/Nov/2025:18:41:32 +0000] "PUT /2/257726/AUTH_53b9bcf7d8194db7bd330ca574b5edab/gnocchi.fd1eb986-66ec-4e0d-b30e-2adc946018af/none_v3" 201 - "PUT http://[::1]:8080/3/64546/AUTH_53b9bcf7d8194db7bd330ca574b5edab/gnocchi.fd1eb986-66ec-4e0d-b30e-2adc946018af/none_v3" "tx10843945486c46daa3944-00692c8fdc" "object-server 96823" 0.0003 "-" 96491 0
Nov 30 13:41:32 np0005540255.novalocal object-server[96823]: ::1 - - [30/Nov/2025:18:41:32 +0000] "PUT /3/64546/AUTH_53b9bcf7d8194db7bd330ca574b5edab/gnocchi.fd1eb986-66ec-4e0d-b30e-2adc946018af/none_v3" 201 - "PUT https://[::1]:8080/v1/AUTH_53b9bcf7d8194db7bd330ca574b5edab/gnocchi.fd1eb986-66ec-4e0d-b30e-2adc946018af/none_v3" "tx10843945486c46daa3944-00692c8fdc" "proxy-server 97815" 0.0300 "-" 96823 0
Nov 30 13:41:32 np0005540255.novalocal container-server[96491]: ::1 - - [30/Nov/2025:18:41:32 +0000] "PUT /3/170850/AUTH_53b9bcf7d8194db7bd330ca574b5edab/gnocchi.e35eb1cb-ac37-4ab9-ad27-47ae3882af38/1763640000.0_mean_300.0_v3" 201 - "PUT http://[::1]:8080/3/82622/AUTH_53b9bcf7d8194db7bd330ca574b5edab/gnocchi.e35eb1cb-ac37-4ab9-ad27-47ae3882af38/1763640000.0_mean_300.0_v3" "tx83584e1db014403d9e7b6-00692c8fdc" "object-server 96823" 0.0005 "-" 96491 0
Nov 30 13:41:32 np0005540255.novalocal object-server[96823]: ::1 - - [30/Nov/2025:18:41:32 +0000] "PUT /3/82622/AUTH_53b9bcf7d8194db7bd330ca574b5edab/gnocchi.e35eb1cb-ac37-4ab9-ad27-47ae3882af38/1763640000.0_mean_300.0_v3" 201 - "PUT https://[::1]:8080/v1/AUTH_53b9bcf7d8194db7bd330ca574b5edab/gnocchi.e35eb1cb-ac37-4ab9-ad27-47ae3882af38/1763640000.0_mean_300.0_v3" "tx83584e1db014403d9e7b6-00692c8fdc" "proxy-server 97815" 0.0196 "-" 96823 0
Nov 30 13:41:32 np0005540255.novalocal container-server[96491]: ::1 - - [30/Nov/2025:18:41:32 +0000] "PUT /3/257726/AUTH_53b9bcf7d8194db7bd330ca574b5edab/gnocchi.fd1eb986-66ec-4e0d-b30e-2adc946018af/none_v3" 201 - "PUT http://[::1]:8080/2/64546/AUTH_53b9bcf7d8194db7bd330ca574b5edab/gnocchi.fd1eb986-66ec-4e0d-b30e-2adc946018af/none_v3" "tx10843945486c46daa3944-00692c8fdc" "object-server 96824" 0.0003 "-" 96491 0
Nov 30 13:41:32 np0005540255.novalocal object-server[96824]: ::1 - - [30/Nov/2025:18:41:32 +0000] "PUT /2/64546/AUTH_53b9bcf7d8194db7bd330ca574b5edab/gnocchi.fd1eb986-66ec-4e0d-b30e-2adc946018af/none_v3" 201 - "PUT https://[::1]:8080/v1/AUTH_53b9bcf7d8194db7bd330ca574b5edab/gnocchi.fd1eb986-66ec-4e0d-b30e-2adc946018af/none_v3" "tx10843945486c46daa3944-00692c8fdc" "proxy-server 97815" 0.0353 "-" 96824 0
Nov 30 13:41:32 np0005540255.novalocal proxy-server[97815]: ::1 ::1 30/Nov/2025/18/41/32 PUT /v1/AUTH_53b9bcf7d8194db7bd330ca574b5edab/gnocchi.fd1eb986-66ec-4e0d-b30e-2adc946018af/none_v3 HTTP/1.0 201 - python-swiftclient-4.7.0 gAAAAABpLI-56T9k... 22 - - tx10843945486c46daa3944-00692c8fdc - 0.0472 - - 1764528092.861583471 1764528092.908800364 0
Nov 30 13:41:32 np0005540255.novalocal container-server[96490]: ::1 - - [30/Nov/2025:18:41:32 +0000] "PUT /2/170850/AUTH_53b9bcf7d8194db7bd330ca574b5edab/gnocchi.e35eb1cb-ac37-4ab9-ad27-47ae3882af38/1763640000.0_mean_300.0_v3" 201 - "PUT http://[::1]:8080/2/82622/AUTH_53b9bcf7d8194db7bd330ca574b5edab/gnocchi.e35eb1cb-ac37-4ab9-ad27-47ae3882af38/1763640000.0_mean_300.0_v3" "tx83584e1db014403d9e7b6-00692c8fdc" "object-server 96824" 0.0005 "-" 96490 0
Nov 30 13:41:32 np0005540255.novalocal object-server[96824]: ::1 - - [30/Nov/2025:18:41:32 +0000] "PUT /2/82622/AUTH_53b9bcf7d8194db7bd330ca574b5edab/gnocchi.e35eb1cb-ac37-4ab9-ad27-47ae3882af38/1763640000.0_mean_300.0_v3" 201 - "PUT https://[::1]:8080/v1/AUTH_53b9bcf7d8194db7bd330ca574b5edab/gnocchi.e35eb1cb-ac37-4ab9-ad27-47ae3882af38/1763640000.0_mean_300.0_v3" "tx83584e1db014403d9e7b6-00692c8fdc" "proxy-server 97815" 0.0138 "-" 96824 0
Nov 30 13:41:32 np0005540255.novalocal container-server[96490]: ::1 - - [30/Nov/2025:18:41:32 +0000] "PUT /1/170850/AUTH_53b9bcf7d8194db7bd330ca574b5edab/gnocchi.e35eb1cb-ac37-4ab9-ad27-47ae3882af38/1763640000.0_mean_300.0_v3" 201 - "PUT http://[::1]:8080/1/82622/AUTH_53b9bcf7d8194db7bd330ca574b5edab/gnocchi.e35eb1cb-ac37-4ab9-ad27-47ae3882af38/1763640000.0_mean_300.0_v3" "tx83584e1db014403d9e7b6-00692c8fdc" "object-server 96824" 0.0003 "-" 96490 0
Nov 30 13:41:32 np0005540255.novalocal object-server[96824]: ::1 - - [30/Nov/2025:18:41:32 +0000] "PUT /1/82622/AUTH_53b9bcf7d8194db7bd330ca574b5edab/gnocchi.e35eb1cb-ac37-4ab9-ad27-47ae3882af38/1763640000.0_mean_300.0_v3" 201 - "PUT https://[::1]:8080/v1/AUTH_53b9bcf7d8194db7bd330ca574b5edab/gnocchi.e35eb1cb-ac37-4ab9-ad27-47ae3882af38/1763640000.0_mean_300.0_v3" "tx83584e1db014403d9e7b6-00692c8fdc" "proxy-server 97815" 0.0196 "-" 96824 0
Nov 30 13:41:32 np0005540255.novalocal proxy-server[97815]: ::1 ::1 30/Nov/2025/18/41/32 PUT /v1/AUTH_53b9bcf7d8194db7bd330ca574b5edab/gnocchi.e35eb1cb-ac37-4ab9-ad27-47ae3882af38/1763640000.0_mean_300.0_v3 HTTP/1.0 201 - python-swiftclient-4.7.0 gAAAAABpLI-5FlkI... 16 - - tx83584e1db014403d9e7b6-00692c8fdc - 0.0354 - - 1764528092.878170967 1764528092.913574696 0
Nov 30 13:41:32 np0005540255.novalocal container-server[96491]: ::1 - - [30/Nov/2025:18:41:32 +0000] "PUT /1/170850/AUTH_53b9bcf7d8194db7bd330ca574b5edab/gnocchi.e35eb1cb-ac37-4ab9-ad27-47ae3882af38/none_v3" 201 - "PUT http://[::1]:8080/2/104466/AUTH_53b9bcf7d8194db7bd330ca574b5edab/gnocchi.e35eb1cb-ac37-4ab9-ad27-47ae3882af38/none_v3" "txbbf2c00d13404d7bb9f8d-00692c8fdc" "object-server 96824" 0.0004 "-" 96491 0
Nov 30 13:41:32 np0005540255.novalocal container-server[96490]: ::1 - - [30/Nov/2025:18:41:32 +0000] "PUT /2/170850/AUTH_53b9bcf7d8194db7bd330ca574b5edab/gnocchi.e35eb1cb-ac37-4ab9-ad27-47ae3882af38/none_v3" 201 - "PUT http://[::1]:8080/1/104466/AUTH_53b9bcf7d8194db7bd330ca574b5edab/gnocchi.e35eb1cb-ac37-4ab9-ad27-47ae3882af38/none_v3" "txbbf2c00d13404d7bb9f8d-00692c8fdc" "object-server 96824" 0.0004 "-" 96490 0
Nov 30 13:41:32 np0005540255.novalocal object-server[96824]: ::1 - - [30/Nov/2025:18:41:32 +0000] "PUT /2/104466/AUTH_53b9bcf7d8194db7bd330ca574b5edab/gnocchi.e35eb1cb-ac37-4ab9-ad27-47ae3882af38/none_v3" 201 - "PUT https://[::1]:8080/v1/AUTH_53b9bcf7d8194db7bd330ca574b5edab/gnocchi.e35eb1cb-ac37-4ab9-ad27-47ae3882af38/none_v3" "txbbf2c00d13404d7bb9f8d-00692c8fdc" "proxy-server 97815" 0.0202 "-" 96824 0
Nov 30 13:41:32 np0005540255.novalocal object-server[96824]: ::1 - - [30/Nov/2025:18:41:32 +0000] "PUT /1/104466/AUTH_53b9bcf7d8194db7bd330ca574b5edab/gnocchi.e35eb1cb-ac37-4ab9-ad27-47ae3882af38/none_v3" 201 - "PUT https://[::1]:8080/v1/AUTH_53b9bcf7d8194db7bd330ca574b5edab/gnocchi.e35eb1cb-ac37-4ab9-ad27-47ae3882af38/none_v3" "txbbf2c00d13404d7bb9f8d-00692c8fdc" "proxy-server 97815" 0.0187 "-" 96824 0
Nov 30 13:41:32 np0005540255.novalocal container-server[96490]: ::1 - - [30/Nov/2025:18:41:32 +0000] "PUT /3/170850/AUTH_53b9bcf7d8194db7bd330ca574b5edab/gnocchi.e35eb1cb-ac37-4ab9-ad27-47ae3882af38/none_v3" 201 - "PUT http://[::1]:8080/3/104466/AUTH_53b9bcf7d8194db7bd330ca574b5edab/gnocchi.e35eb1cb-ac37-4ab9-ad27-47ae3882af38/none_v3" "txbbf2c00d13404d7bb9f8d-00692c8fdc" "object-server 96824" 0.0005 "-" 96490 0
Nov 30 13:41:32 np0005540255.novalocal object-server[96824]: ::1 - - [30/Nov/2025:18:41:32 +0000] "PUT /3/104466/AUTH_53b9bcf7d8194db7bd330ca574b5edab/gnocchi.e35eb1cb-ac37-4ab9-ad27-47ae3882af38/none_v3" 201 - "PUT https://[::1]:8080/v1/AUTH_53b9bcf7d8194db7bd330ca574b5edab/gnocchi.e35eb1cb-ac37-4ab9-ad27-47ae3882af38/none_v3" "txbbf2c00d13404d7bb9f8d-00692c8fdc" "proxy-server 97815" 0.0229 "-" 96824 0
Nov 30 13:41:32 np0005540255.novalocal proxy-server[97815]: ::1 ::1 30/Nov/2025/18/41/32 PUT /v1/AUTH_53b9bcf7d8194db7bd330ca574b5edab/gnocchi.e35eb1cb-ac37-4ab9-ad27-47ae3882af38/none_v3 HTTP/1.0 201 - python-swiftclient-4.7.0 gAAAAABpLI-5FlkI... 22 - - txbbf2c00d13404d7bb9f8d-00692c8fdc - 0.0336 - - 1764528092.916418076 1764528092.950010538 0
Nov 30 13:41:32 np0005540255.novalocal container-server[96491]: ::1 - - [30/Nov/2025:18:41:32 +0000] "HEAD /3/59009/AUTH_53b9bcf7d8194db7bd330ca574b5edab/gnocchi.522beeeb-443a-4b91-9f48-7f83139d57da" 404 - "HEAD http://[::1]:8080/v1/AUTH_53b9bcf7d8194db7bd330ca574b5edab/gnocchi.522beeeb-443a-4b91-9f48-7f83139d57da" "tx59849333310643ddb99d6-00692c8fdc" "proxy-server 97815" 0.0010 "-" 96491 0
Nov 30 13:41:32 np0005540255.novalocal container-server[96491]: ::1 - - [30/Nov/2025:18:41:32 +0000] "HEAD /2/59009/AUTH_53b9bcf7d8194db7bd330ca574b5edab/gnocchi.522beeeb-443a-4b91-9f48-7f83139d57da" 404 - "HEAD http://[::1]:8080/v1/AUTH_53b9bcf7d8194db7bd330ca574b5edab/gnocchi.522beeeb-443a-4b91-9f48-7f83139d57da" "tx59849333310643ddb99d6-00692c8fdc" "proxy-server 97815" 0.0005 "-" 96491 0
Nov 30 13:41:32 np0005540255.novalocal container-server[96491]: ::1 - - [30/Nov/2025:18:41:32 +0000] "HEAD /1/59009/AUTH_53b9bcf7d8194db7bd330ca574b5edab/gnocchi.522beeeb-443a-4b91-9f48-7f83139d57da" 404 - "HEAD http://[::1]:8080/v1/AUTH_53b9bcf7d8194db7bd330ca574b5edab/gnocchi.522beeeb-443a-4b91-9f48-7f83139d57da" "tx59849333310643ddb99d6-00692c8fdc" "proxy-server 97815" 0.0002 "-" 96491 0
Nov 30 13:41:32 np0005540255.novalocal proxy-server[97815]: - - 30/Nov/2025/18/41/32 HEAD /v1/AUTH_53b9bcf7d8194db7bd330ca574b5edab/gnocchi.522beeeb-443a-4b91-9f48-7f83139d57da HTTP/1.0 404 - Swift - - - - tx59849333310643ddb99d6-00692c8fdc - 0.0094 CS - 1764528092.959395170 1764528092.968786240 0
Nov 30 13:41:32 np0005540255.novalocal object-server[96823]: ::1 - - [30/Nov/2025:18:41:32 +0000] "GET /3/101875/AUTH_53b9bcf7d8194db7bd330ca574b5edab/gnocchi.522beeeb-443a-4b91-9f48-7f83139d57da/none_v3" 404 70 "GET https://[::1]:8080/v1/AUTH_53b9bcf7d8194db7bd330ca574b5edab/gnocchi.522beeeb-443a-4b91-9f48-7f83139d57da/none_v3" "tx59849333310643ddb99d6-00692c8fdc" "proxy-server 97815" 0.0003 "-" 96823 0
Nov 30 13:41:32 np0005540255.novalocal object-server[96824]: ::1 - - [30/Nov/2025:18:41:32 +0000] "GET /1/101875/AUTH_53b9bcf7d8194db7bd330ca574b5edab/gnocchi.522beeeb-443a-4b91-9f48-7f83139d57da/none_v3" 404 70 "GET https://[::1]:8080/v1/AUTH_53b9bcf7d8194db7bd330ca574b5edab/gnocchi.522beeeb-443a-4b91-9f48-7f83139d57da/none_v3" "tx59849333310643ddb99d6-00692c8fdc" "proxy-server 97815" 0.0005 "-" 96824 0
Nov 30 13:41:32 np0005540255.novalocal object-server[96823]: ::1 - - [30/Nov/2025:18:41:32 +0000] "GET /2/101875/AUTH_53b9bcf7d8194db7bd330ca574b5edab/gnocchi.522beeeb-443a-4b91-9f48-7f83139d57da/none_v3" 404 70 "GET https://[::1]:8080/v1/AUTH_53b9bcf7d8194db7bd330ca574b5edab/gnocchi.522beeeb-443a-4b91-9f48-7f83139d57da/none_v3" "tx59849333310643ddb99d6-00692c8fdc" "proxy-server 97815" 0.0002 "-" 96823 0
Nov 30 13:41:32 np0005540255.novalocal proxy-server[97815]: ::1 ::1 30/Nov/2025/18/41/32 GET /v1/AUTH_53b9bcf7d8194db7bd330ca574b5edab/gnocchi.522beeeb-443a-4b91-9f48-7f83139d57da/none_v3 HTTP/1.0 404 - python-swiftclient-4.7.0 gAAAAABpLI-56T9k... - 70 - tx59849333310643ddb99d6-00692c8fdc - 0.0198 - - 1764528092.958371878 1764528092.978151798 0
Nov 30 13:41:33 np0005540255.novalocal container-server[96491]: ::1 - - [30/Nov/2025:18:41:33 +0000] "HEAD /2/185269/AUTH_53b9bcf7d8194db7bd330ca574b5edab/gnocchi.e4869c31-7173-46d3-bf39-d20dcf761266" 404 - "HEAD http://[::1]:8080/v1/AUTH_53b9bcf7d8194db7bd330ca574b5edab/gnocchi.e4869c31-7173-46d3-bf39-d20dcf761266" "txcf38b991542f4a0f91e47-00692c8fdd" "proxy-server 97815" 0.0003 "-" 96491 0
Nov 30 13:41:33 np0005540255.novalocal container-server[96490]: ::1 - - [30/Nov/2025:18:41:33 +0000] "HEAD /3/185269/AUTH_53b9bcf7d8194db7bd330ca574b5edab/gnocchi.e4869c31-7173-46d3-bf39-d20dcf761266" 404 - "HEAD http://[::1]:8080/v1/AUTH_53b9bcf7d8194db7bd330ca574b5edab/gnocchi.e4869c31-7173-46d3-bf39-d20dcf761266" "txcf38b991542f4a0f91e47-00692c8fdd" "proxy-server 97815" 0.0004 "-" 96490 0
Nov 30 13:41:33 np0005540255.novalocal account-server[96196]: ::1 - - [30/Nov/2025:18:41:33 +0000] "PUT /1/128474/AUTH_53b9bcf7d8194db7bd330ca574b5edab/gnocchi.522beeeb-443a-4b91-9f48-7f83139d57da" 201 - "PUT http://[::1]:6001/1/59009/AUTH_53b9bcf7d8194db7bd330ca574b5edab/gnocchi.522beeeb-443a-4b91-9f48-7f83139d57da" "txc0ec9a87193f4fd3bcce6-00692c8fdc" "container-server 96491" 0.0046 "-" 96196 0
Nov 30 13:41:33 np0005540255.novalocal account-server[96195]: ::1 - - [30/Nov/2025:18:41:33 +0000] "PUT /3/128474/AUTH_53b9bcf7d8194db7bd330ca574b5edab/gnocchi.522beeeb-443a-4b91-9f48-7f83139d57da" 201 - "PUT http://[::1]:6001/3/59009/AUTH_53b9bcf7d8194db7bd330ca574b5edab/gnocchi.522beeeb-443a-4b91-9f48-7f83139d57da" "txc0ec9a87193f4fd3bcce6-00692c8fdc" "container-server 96491" 0.0051 "-" 96195 0
Nov 30 13:41:33 np0005540255.novalocal container-server[96491]: ::1 - - [30/Nov/2025:18:41:33 +0000] "PUT /1/59009/AUTH_53b9bcf7d8194db7bd330ca574b5edab/gnocchi.522beeeb-443a-4b91-9f48-7f83139d57da" 201 - "PUT https://[::1]:8080/v1/AUTH_53b9bcf7d8194db7bd330ca574b5edab/gnocchi.522beeeb-443a-4b91-9f48-7f83139d57da" "txc0ec9a87193f4fd3bcce6-00692c8fdc" "proxy-server 97815" 0.0449 "-" 96491 0
Nov 30 13:41:33 np0005540255.novalocal container-server[96491]: ::1 - - [30/Nov/2025:18:41:33 +0000] "PUT /3/59009/AUTH_53b9bcf7d8194db7bd330ca574b5edab/gnocchi.522beeeb-443a-4b91-9f48-7f83139d57da" 201 - "PUT https://[::1]:8080/v1/AUTH_53b9bcf7d8194db7bd330ca574b5edab/gnocchi.522beeeb-443a-4b91-9f48-7f83139d57da" "txc0ec9a87193f4fd3bcce6-00692c8fdc" "proxy-server 97815" 0.0369 "-" 96491 0
Nov 30 13:41:33 np0005540255.novalocal container-server[96490]: ::1 - - [30/Nov/2025:18:41:33 +0000] "HEAD /1/185269/AUTH_53b9bcf7d8194db7bd330ca574b5edab/gnocchi.e4869c31-7173-46d3-bf39-d20dcf761266" 404 - "HEAD http://[::1]:8080/v1/AUTH_53b9bcf7d8194db7bd330ca574b5edab/gnocchi.e4869c31-7173-46d3-bf39-d20dcf761266" "txcf38b991542f4a0f91e47-00692c8fdd" "proxy-server 97815" 0.0004 "-" 96490 0
Nov 30 13:41:33 np0005540255.novalocal account-server[96196]: ::1 - - [30/Nov/2025:18:41:33 +0000] "PUT /2/128474/AUTH_53b9bcf7d8194db7bd330ca574b5edab/gnocchi.522beeeb-443a-4b91-9f48-7f83139d57da" 201 - "PUT http://[::1]:6001/2/59009/AUTH_53b9bcf7d8194db7bd330ca574b5edab/gnocchi.522beeeb-443a-4b91-9f48-7f83139d57da" "txc0ec9a87193f4fd3bcce6-00692c8fdc" "container-server 96491" 0.0038 "-" 96196 0
Nov 30 13:41:33 np0005540255.novalocal container-server[96491]: ::1 - - [30/Nov/2025:18:41:33 +0000] "PUT /2/59009/AUTH_53b9bcf7d8194db7bd330ca574b5edab/gnocchi.522beeeb-443a-4b91-9f48-7f83139d57da" 201 - "PUT https://[::1]:8080/v1/AUTH_53b9bcf7d8194db7bd330ca574b5edab/gnocchi.522beeeb-443a-4b91-9f48-7f83139d57da" "txc0ec9a87193f4fd3bcce6-00692c8fdc" "proxy-server 97815" 0.0280 "-" 96491 0
Nov 30 13:41:33 np0005540255.novalocal proxy-server[97815]: - - 30/Nov/2025/18/41/33 HEAD /v1/AUTH_53b9bcf7d8194db7bd330ca574b5edab/gnocchi.e4869c31-7173-46d3-bf39-d20dcf761266 HTTP/1.0 404 - Swift - - - - txcf38b991542f4a0f91e47-00692c8fdd - 0.0268 CS - 1764528093.007474661 1764528093.034292698 0
Nov 30 13:41:33 np0005540255.novalocal object-server[96824]: ::1 - - [30/Nov/2025:18:41:33 +0000] "GET /1/163979/AUTH_53b9bcf7d8194db7bd330ca574b5edab/gnocchi.e4869c31-7173-46d3-bf39-d20dcf761266/none_v3" 404 70 "GET https://[::1]:8080/v1/AUTH_53b9bcf7d8194db7bd330ca574b5edab/gnocchi.e4869c31-7173-46d3-bf39-d20dcf761266/none_v3" "txcf38b991542f4a0f91e47-00692c8fdd" "proxy-server 97815" 0.0005 "-" 96824 0
Nov 30 13:41:33 np0005540255.novalocal proxy-server[97815]: ::1 ::1 30/Nov/2025/18/41/33 PUT /v1/AUTH_53b9bcf7d8194db7bd330ca574b5edab/gnocchi.522beeeb-443a-4b91-9f48-7f83139d57da HTTP/1.0 201 - python-swiftclient-4.7.0 gAAAAABpLI-56T9k... - - - txc0ec9a87193f4fd3bcce6-00692c8fdc - 0.0632 - - 1764528092.980574131 1764528093.043780327 0
Nov 30 13:41:33 np0005540255.novalocal object-server[96824]: ::1 - - [30/Nov/2025:18:41:33 +0000] "GET /3/163979/AUTH_53b9bcf7d8194db7bd330ca574b5edab/gnocchi.e4869c31-7173-46d3-bf39-d20dcf761266/none_v3" 404 70 "GET https://[::1]:8080/v1/AUTH_53b9bcf7d8194db7bd330ca574b5edab/gnocchi.e4869c31-7173-46d3-bf39-d20dcf761266/none_v3" "txcf38b991542f4a0f91e47-00692c8fdd" "proxy-server 97815" 0.0004 "-" 96824 0
Nov 30 13:41:33 np0005540255.novalocal object-server[96823]: ::1 - - [30/Nov/2025:18:41:33 +0000] "GET /2/163979/AUTH_53b9bcf7d8194db7bd330ca574b5edab/gnocchi.e4869c31-7173-46d3-bf39-d20dcf761266/none_v3" 404 70 "GET https://[::1]:8080/v1/AUTH_53b9bcf7d8194db7bd330ca574b5edab/gnocchi.e4869c31-7173-46d3-bf39-d20dcf761266/none_v3" "txcf38b991542f4a0f91e47-00692c8fdd" "proxy-server 97815" 0.0007 "-" 96823 0
Nov 30 13:41:33 np0005540255.novalocal proxy-server[97815]: ::1 ::1 30/Nov/2025/18/41/33 GET /v1/AUTH_53b9bcf7d8194db7bd330ca574b5edab/gnocchi.e4869c31-7173-46d3-bf39-d20dcf761266/none_v3 HTTP/1.0 404 - python-swiftclient-4.7.0 gAAAAABpLI-5FlkI... - 70 - txcf38b991542f4a0f91e47-00692c8fdd - 0.0473 - - 1764528093.006754398 1764528093.054030657 0
Nov 30 13:41:33 np0005540255.novalocal container-server[96490]: ::1 - - [30/Nov/2025:18:41:33 +0000] "HEAD /3/59009/AUTH_53b9bcf7d8194db7bd330ca574b5edab/gnocchi.522beeeb-443a-4b91-9f48-7f83139d57da" 204 - "HEAD http://[::1]:8080/v1/AUTH_53b9bcf7d8194db7bd330ca574b5edab/gnocchi.522beeeb-443a-4b91-9f48-7f83139d57da" "tx5601b0c379934acf849fc-00692c8fdd" "proxy-server 97815" 0.0016 "-" 96490 0
Nov 30 13:41:33 np0005540255.novalocal proxy-server[97815]: - - 30/Nov/2025/18/41/33 HEAD /v1/AUTH_53b9bcf7d8194db7bd330ca574b5edab/gnocchi.522beeeb-443a-4b91-9f48-7f83139d57da HTTP/1.0 204 - Swift - - - - tx5601b0c379934acf849fc-00692c8fdd - 0.0056 CS - 1764528093.050626993 1764528093.056237459 0
Nov 30 13:41:33 np0005540255.novalocal container-server[96491]: ::1 - - [30/Nov/2025:18:41:33 +0000] "GET /3/59009/AUTH_53b9bcf7d8194db7bd330ca574b5edab/gnocchi.522beeeb-443a-4b91-9f48-7f83139d57da" 200 2 "GET https://[::1]:8080/v1/AUTH_53b9bcf7d8194db7bd330ca574b5edab/gnocchi.522beeeb-443a-4b91-9f48-7f83139d57da?format=json&states=listing" "tx5601b0c379934acf849fc-00692c8fdd" "proxy-server 97815" 0.0026 "-" 96491 0
Nov 30 13:41:33 np0005540255.novalocal proxy-server[97815]: ::1 ::1 30/Nov/2025/18/41/33 GET /v1/AUTH_53b9bcf7d8194db7bd330ca574b5edab/gnocchi.522beeeb-443a-4b91-9f48-7f83139d57da%3Fformat%3Djson%26states%3Dlisting HTTP/1.0 200 - python-swiftclient-4.7.0 gAAAAABpLI-56T9k... - 2 - tx5601b0c379934acf849fc-00692c8fdd - 0.0175 - - 1764528093.048733711 1764528093.066270828 0
Nov 30 13:41:33 np0005540255.novalocal object-server[96824]: ::1 - - [30/Nov/2025:18:41:33 +0000] "GET /2/248046/AUTH_53b9bcf7d8194db7bd330ca574b5edab/gnocchi.522beeeb-443a-4b91-9f48-7f83139d57da/1763640000.0_mean_300.0_v3" 404 70 "GET https://[::1]:8080/v1/AUTH_53b9bcf7d8194db7bd330ca574b5edab/gnocchi.522beeeb-443a-4b91-9f48-7f83139d57da/1763640000.0_mean_300.0_v3" "txf28d7e1b1356422bb6767-00692c8fdd" "proxy-server 97815" 0.0003 "-" 96824 0
Nov 30 13:41:33 np0005540255.novalocal account-server[96196]: ::1 - - [30/Nov/2025:18:41:33 +0000] "PUT /3/128474/AUTH_53b9bcf7d8194db7bd330ca574b5edab/gnocchi.e4869c31-7173-46d3-bf39-d20dcf761266" 201 - "PUT http://[::1]:6001/3/185269/AUTH_53b9bcf7d8194db7bd330ca574b5edab/gnocchi.e4869c31-7173-46d3-bf39-d20dcf761266" "tx0644d708401742f7b2a10-00692c8fdd" "container-server 96491" 0.0042 "-" 96196 0
Nov 30 13:41:33 np0005540255.novalocal object-server[96824]: ::1 - - [30/Nov/2025:18:41:33 +0000] "GET /3/248046/AUTH_53b9bcf7d8194db7bd330ca574b5edab/gnocchi.522beeeb-443a-4b91-9f48-7f83139d57da/1763640000.0_mean_300.0_v3" 404 70 "GET https://[::1]:8080/v1/AUTH_53b9bcf7d8194db7bd330ca574b5edab/gnocchi.522beeeb-443a-4b91-9f48-7f83139d57da/1763640000.0_mean_300.0_v3" "txf28d7e1b1356422bb6767-00692c8fdd" "proxy-server 97815" 0.0002 "-" 96824 0
Nov 30 13:41:33 np0005540255.novalocal container-server[96491]: ::1 - - [30/Nov/2025:18:41:33 +0000] "PUT /3/185269/AUTH_53b9bcf7d8194db7bd330ca574b5edab/gnocchi.e4869c31-7173-46d3-bf39-d20dcf761266" 201 - "PUT https://[::1]:8080/v1/AUTH_53b9bcf7d8194db7bd330ca574b5edab/gnocchi.e4869c31-7173-46d3-bf39-d20dcf761266" "tx0644d708401742f7b2a10-00692c8fdd" "proxy-server 97815" 0.0170 "-" 96491 0
Nov 30 13:41:33 np0005540255.novalocal account-server[96195]: ::1 - - [30/Nov/2025:18:41:33 +0000] "PUT /1/128474/AUTH_53b9bcf7d8194db7bd330ca574b5edab/gnocchi.e4869c31-7173-46d3-bf39-d20dcf761266" 201 - "PUT http://[::1]:6001/2/185269/AUTH_53b9bcf7d8194db7bd330ca574b5edab/gnocchi.e4869c31-7173-46d3-bf39-d20dcf761266" "tx0644d708401742f7b2a10-00692c8fdd" "container-server 96490" 0.0050 "-" 96195 0
Nov 30 13:41:33 np0005540255.novalocal object-server[96823]: ::1 - - [30/Nov/2025:18:41:33 +0000] "GET /1/248046/AUTH_53b9bcf7d8194db7bd330ca574b5edab/gnocchi.522beeeb-443a-4b91-9f48-7f83139d57da/1763640000.0_mean_300.0_v3" 404 70 "GET https://[::1]:8080/v1/AUTH_53b9bcf7d8194db7bd330ca574b5edab/gnocchi.522beeeb-443a-4b91-9f48-7f83139d57da/1763640000.0_mean_300.0_v3" "txf28d7e1b1356422bb6767-00692c8fdd" "proxy-server 97815" 0.0006 "-" 96823 0
Nov 30 13:41:33 np0005540255.novalocal container-server[96490]: ::1 - - [30/Nov/2025:18:41:33 +0000] "PUT /2/185269/AUTH_53b9bcf7d8194db7bd330ca574b5edab/gnocchi.e4869c31-7173-46d3-bf39-d20dcf761266" 201 - "PUT https://[::1]:8080/v1/AUTH_53b9bcf7d8194db7bd330ca574b5edab/gnocchi.e4869c31-7173-46d3-bf39-d20dcf761266" "tx0644d708401742f7b2a10-00692c8fdd" "proxy-server 97815" 0.0227 "-" 96490 0
Nov 30 13:41:33 np0005540255.novalocal proxy-server[97815]: ::1 ::1 30/Nov/2025/18/41/33 GET /v1/AUTH_53b9bcf7d8194db7bd330ca574b5edab/gnocchi.522beeeb-443a-4b91-9f48-7f83139d57da/1763640000.0_mean_300.0_v3 HTTP/1.0 404 - python-swiftclient-4.7.0 gAAAAABpLI-56T9k... - 70 - txf28d7e1b1356422bb6767-00692c8fdd - 0.0155 - - 1764528093.072541237 1764528093.088058949 0
Nov 30 13:41:33 np0005540255.novalocal account-server[96195]: ::1 - - [30/Nov/2025:18:41:33 +0000] "PUT /2/128474/AUTH_53b9bcf7d8194db7bd330ca574b5edab/gnocchi.e4869c31-7173-46d3-bf39-d20dcf761266" 201 - "PUT http://[::1]:6001/1/185269/AUTH_53b9bcf7d8194db7bd330ca574b5edab/gnocchi.e4869c31-7173-46d3-bf39-d20dcf761266" "tx0644d708401742f7b2a10-00692c8fdd" "container-server 96490" 0.0039 "-" 96195 0
Nov 30 13:41:33 np0005540255.novalocal container-server[96490]: ::1 - - [30/Nov/2025:18:41:33 +0000] "PUT /1/185269/AUTH_53b9bcf7d8194db7bd330ca574b5edab/gnocchi.e4869c31-7173-46d3-bf39-d20dcf761266" 201 - "PUT https://[::1]:8080/v1/AUTH_53b9bcf7d8194db7bd330ca574b5edab/gnocchi.e4869c31-7173-46d3-bf39-d20dcf761266" "tx0644d708401742f7b2a10-00692c8fdd" "proxy-server 97815" 0.0141 "-" 96490 0
Nov 30 13:41:33 np0005540255.novalocal proxy-server[97815]: ::1 ::1 30/Nov/2025/18/41/33 PUT /v1/AUTH_53b9bcf7d8194db7bd330ca574b5edab/gnocchi.e4869c31-7173-46d3-bf39-d20dcf761266 HTTP/1.0 201 - python-swiftclient-4.7.0 gAAAAABpLI-5FlkI... - - - tx0644d708401742f7b2a10-00692c8fdd - 0.0443 - - 1764528093.057696819 1764528093.101954699 0
Nov 30 13:41:33 np0005540255.novalocal container-server[96491]: ::1 - - [30/Nov/2025:18:41:33 +0000] "HEAD /1/185269/AUTH_53b9bcf7d8194db7bd330ca574b5edab/gnocchi.e4869c31-7173-46d3-bf39-d20dcf761266" 204 - "HEAD http://[::1]:8080/v1/AUTH_53b9bcf7d8194db7bd330ca574b5edab/gnocchi.e4869c31-7173-46d3-bf39-d20dcf761266" "txe6f97aaecb954bcb808f8-00692c8fdd" "proxy-server 97815" 0.0015 "-" 96491 0
Nov 30 13:41:33 np0005540255.novalocal proxy-server[97815]: - - 30/Nov/2025/18/41/33 HEAD /v1/AUTH_53b9bcf7d8194db7bd330ca574b5edab/gnocchi.e4869c31-7173-46d3-bf39-d20dcf761266 HTTP/1.0 204 - Swift - - - - txe6f97aaecb954bcb808f8-00692c8fdd - 0.0063 CS - 1764528093.106327057 1764528093.112647772 0
Nov 30 13:41:33 np0005540255.novalocal container-server[96490]: ::1 - - [30/Nov/2025:18:41:33 +0000] "PUT /3/59009/AUTH_53b9bcf7d8194db7bd330ca574b5edab/gnocchi.522beeeb-443a-4b91-9f48-7f83139d57da/1763640000.0_mean_300.0_v3" 201 - "PUT http://[::1]:8080/3/248046/AUTH_53b9bcf7d8194db7bd330ca574b5edab/gnocchi.522beeeb-443a-4b91-9f48-7f83139d57da/1763640000.0_mean_300.0_v3" "txcc4d7756136e4f4eb14e0-00692c8fdd" "object-server 96824" 0.0007 "-" 96490 0
Nov 30 13:41:33 np0005540255.novalocal object-server[96824]: ::1 - - [30/Nov/2025:18:41:33 +0000] "PUT /3/248046/AUTH_53b9bcf7d8194db7bd330ca574b5edab/gnocchi.522beeeb-443a-4b91-9f48-7f83139d57da/1763640000.0_mean_300.0_v3" 201 - "PUT https://[::1]:8080/v1/AUTH_53b9bcf7d8194db7bd330ca574b5edab/gnocchi.522beeeb-443a-4b91-9f48-7f83139d57da/1763640000.0_mean_300.0_v3" "txcc4d7756136e4f4eb14e0-00692c8fdd" "proxy-server 97815" 0.0216 "-" 96824 0
Nov 30 13:41:33 np0005540255.novalocal container-server[96490]: ::1 - - [30/Nov/2025:18:41:33 +0000] "PUT /2/59009/AUTH_53b9bcf7d8194db7bd330ca574b5edab/gnocchi.522beeeb-443a-4b91-9f48-7f83139d57da/1763640000.0_mean_300.0_v3" 201 - "PUT http://[::1]:8080/2/248046/AUTH_53b9bcf7d8194db7bd330ca574b5edab/gnocchi.522beeeb-443a-4b91-9f48-7f83139d57da/1763640000.0_mean_300.0_v3" "txcc4d7756136e4f4eb14e0-00692c8fdd" "object-server 96824" 0.0005 "-" 96490 0
