Nov 30 13:42:32 np0005540255.novalocal container-server[96490]: ::1 - - [30/Nov/2025:18:42:32 +0000] "PUT /2/173809/AUTH_53b9bcf7d8194db7bd330ca574b5edab/gnocchi.b13fd8e4-2fd8-4ec2-ab38-d6c9a3b5d8c4" 201 - "PUT https://[::1]:8080/v1/AUTH_53b9bcf7d8194db7bd330ca574b5edab/gnocchi.b13fd8e4-2fd8-4ec2-ab38-d6c9a3b5d8c4" "tx89a6974f3f8b431a9aea8-00692c9018" "proxy-server 97815" 0.0191 "-" 96490 0
Nov 30 13:42:32 np0005540255.novalocal account-server[96195]: ::1 - - [30/Nov/2025:18:42:32 +0000] "PUT /1/128474/AUTH_53b9bcf7d8194db7bd330ca574b5edab/gnocchi.b13fd8e4-2fd8-4ec2-ab38-d6c9a3b5d8c4" 201 - "PUT http://[::1]:6001/3/173809/AUTH_53b9bcf7d8194db7bd330ca574b5edab/gnocchi.b13fd8e4-2fd8-4ec2-ab38-d6c9a3b5d8c4" "tx89a6974f3f8b431a9aea8-00692c9018" "container-server 96490" 0.0046 "-" 96195 0
Nov 30 13:42:32 np0005540255.novalocal container-server[96490]: ::1 - - [30/Nov/2025:18:42:32 +0000] "PUT /3/173809/AUTH_53b9bcf7d8194db7bd330ca574b5edab/gnocchi.b13fd8e4-2fd8-4ec2-ab38-d6c9a3b5d8c4" 201 - "PUT https://[::1]:8080/v1/AUTH_53b9bcf7d8194db7bd330ca574b5edab/gnocchi.b13fd8e4-2fd8-4ec2-ab38-d6c9a3b5d8c4" "tx89a6974f3f8b431a9aea8-00692c9018" "proxy-server 97815" 0.0178 "-" 96490 0
Nov 30 13:42:32 np0005540255.novalocal account-server[96195]: ::1 - - [30/Nov/2025:18:42:32 +0000] "PUT /2/128474/AUTH_53b9bcf7d8194db7bd330ca574b5edab/gnocchi.b13fd8e4-2fd8-4ec2-ab38-d6c9a3b5d8c4" 201 - "PUT http://[::1]:6001/1/173809/AUTH_53b9bcf7d8194db7bd330ca574b5edab/gnocchi.b13fd8e4-2fd8-4ec2-ab38-d6c9a3b5d8c4" "tx89a6974f3f8b431a9aea8-00692c9018" "container-server 96490" 0.0033 "-" 96195 0
Nov 30 13:42:32 np0005540255.novalocal container-server[96490]: ::1 - - [30/Nov/2025:18:42:32 +0000] "PUT /1/173809/AUTH_53b9bcf7d8194db7bd330ca574b5edab/gnocchi.b13fd8e4-2fd8-4ec2-ab38-d6c9a3b5d8c4" 201 - "PUT https://[::1]:8080/v1/AUTH_53b9bcf7d8194db7bd330ca574b5edab/gnocchi.b13fd8e4-2fd8-4ec2-ab38-d6c9a3b5d8c4" "tx89a6974f3f8b431a9aea8-00692c9018" "proxy-server 97815" 0.0152 "-" 96490 0
Nov 30 13:42:32 np0005540255.novalocal proxy-server[97815]: ::1 ::1 30/Nov/2025/18/42/32 PUT /v1/AUTH_53b9bcf7d8194db7bd330ca574b5edab/gnocchi.b13fd8e4-2fd8-4ec2-ab38-d6c9a3b5d8c4 HTTP/1.0 201 - python-swiftclient-4.7.0 gAAAAABpLI-5FlkI... - - - tx89a6974f3f8b431a9aea8-00692c9018 - 0.0382 - - 1764528152.889754772 1764528152.927982807 0
Nov 30 13:42:32 np0005540255.novalocal container-server[96491]: ::1 - - [30/Nov/2025:18:42:32 +0000] "HEAD /1/173809/AUTH_53b9bcf7d8194db7bd330ca574b5edab/gnocchi.b13fd8e4-2fd8-4ec2-ab38-d6c9a3b5d8c4" 204 - "HEAD http://[::1]:8080/v1/AUTH_53b9bcf7d8194db7bd330ca574b5edab/gnocchi.b13fd8e4-2fd8-4ec2-ab38-d6c9a3b5d8c4" "tx193fc97ebb4e422a8043f-00692c9018" "proxy-server 97815" 0.0015 "-" 96491 0
Nov 30 13:42:32 np0005540255.novalocal proxy-server[97815]: - - 30/Nov/2025/18/42/32 HEAD /v1/AUTH_53b9bcf7d8194db7bd330ca574b5edab/gnocchi.b13fd8e4-2fd8-4ec2-ab38-d6c9a3b5d8c4 HTTP/1.0 204 - Swift - - - - tx193fc97ebb4e422a8043f-00692c9018 - 0.0071 CS - 1764528152.933726788 1764528152.940824032 0
Nov 30 13:42:32 np0005540255.novalocal container-server[96491]: ::1 - - [30/Nov/2025:18:42:32 +0000] "GET /1/173809/AUTH_53b9bcf7d8194db7bd330ca574b5edab/gnocchi.b13fd8e4-2fd8-4ec2-ab38-d6c9a3b5d8c4" 200 2 "GET https://[::1]:8080/v1/AUTH_53b9bcf7d8194db7bd330ca574b5edab/gnocchi.b13fd8e4-2fd8-4ec2-ab38-d6c9a3b5d8c4?format=json&states=listing" "tx193fc97ebb4e422a8043f-00692c9018" "proxy-server 97815" 0.0019 "-" 96491 0
Nov 30 13:42:32 np0005540255.novalocal proxy-server[97815]: ::1 ::1 30/Nov/2025/18/42/32 GET /v1/AUTH_53b9bcf7d8194db7bd330ca574b5edab/gnocchi.b13fd8e4-2fd8-4ec2-ab38-d6c9a3b5d8c4%3Fformat%3Djson%26states%3Dlisting HTTP/1.0 200 - python-swiftclient-4.7.0 gAAAAABpLI-5FlkI... - 2 - tx193fc97ebb4e422a8043f-00692c9018 - 0.0226 - - 1764528152.932669401 1764528152.955266714 0
Nov 30 13:42:32 np0005540255.novalocal object-auditor[105452]: Object audit (ALL) "forever" mode completed: 15.36s. Total quarantined: 0, Total errors: 0, Total files/sec: 10.16, Total bytes/sec: 8373955.76, Auditing time: 15.32, Rate: 1.00
Nov 30 13:42:32 np0005540255.novalocal container-server[96490]: ::1 - - [30/Nov/2025:18:42:32 +0000] "HEAD /1/19694/AUTH_53b9bcf7d8194db7bd330ca574b5edab/gnocchi.67367cf8-0c18-497c-a0ee-ad852addb4de" 404 - "HEAD http://[::1]:8080/v1/AUTH_53b9bcf7d8194db7bd330ca574b5edab/gnocchi.67367cf8-0c18-497c-a0ee-ad852addb4de" "txd98b0aafa5ff47f6964fa-00692c9018" "proxy-server 97815" 0.0002 "-" 96490 0
Nov 30 13:42:32 np0005540255.novalocal container-server[96491]: ::1 - - [30/Nov/2025:18:42:32 +0000] "HEAD /2/19694/AUTH_53b9bcf7d8194db7bd330ca574b5edab/gnocchi.67367cf8-0c18-497c-a0ee-ad852addb4de" 404 - "HEAD http://[::1]:8080/v1/AUTH_53b9bcf7d8194db7bd330ca574b5edab/gnocchi.67367cf8-0c18-497c-a0ee-ad852addb4de" "txd98b0aafa5ff47f6964fa-00692c9018" "proxy-server 97815" 0.0002 "-" 96491 0
Nov 30 13:42:32 np0005540255.novalocal container-server[96491]: ::1 - - [30/Nov/2025:18:42:32 +0000] "HEAD /3/19694/AUTH_53b9bcf7d8194db7bd330ca574b5edab/gnocchi.67367cf8-0c18-497c-a0ee-ad852addb4de" 404 - "HEAD http://[::1]:8080/v1/AUTH_53b9bcf7d8194db7bd330ca574b5edab/gnocchi.67367cf8-0c18-497c-a0ee-ad852addb4de" "txd98b0aafa5ff47f6964fa-00692c9018" "proxy-server 97815" 0.0002 "-" 96491 0
Nov 30 13:42:32 np0005540255.novalocal proxy-server[97815]: - - 30/Nov/2025/18/42/32 HEAD /v1/AUTH_53b9bcf7d8194db7bd330ca574b5edab/gnocchi.67367cf8-0c18-497c-a0ee-ad852addb4de HTTP/1.0 404 - Swift - - - - txd98b0aafa5ff47f6964fa-00692c9018 - 0.0066 CS - 1764528152.963240385 1764528152.969819307 0
Nov 30 13:42:32 np0005540255.novalocal object-server[96823]: ::1 - - [30/Nov/2025:18:42:32 +0000] "GET /3/165898/AUTH_53b9bcf7d8194db7bd330ca574b5edab/gnocchi.67367cf8-0c18-497c-a0ee-ad852addb4de/none_v3" 404 70 "GET https://[::1]:8080/v1/AUTH_53b9bcf7d8194db7bd330ca574b5edab/gnocchi.67367cf8-0c18-497c-a0ee-ad852addb4de/none_v3" "txd98b0aafa5ff47f6964fa-00692c9018" "proxy-server 97815" 0.0003 "-" 96823 0
Nov 30 13:42:32 np0005540255.novalocal object-server[96824]: ::1 - - [30/Nov/2025:18:42:32 +0000] "GET /2/165898/AUTH_53b9bcf7d8194db7bd330ca574b5edab/gnocchi.67367cf8-0c18-497c-a0ee-ad852addb4de/none_v3" 404 70 "GET https://[::1]:8080/v1/AUTH_53b9bcf7d8194db7bd330ca574b5edab/gnocchi.67367cf8-0c18-497c-a0ee-ad852addb4de/none_v3" "txd98b0aafa5ff47f6964fa-00692c9018" "proxy-server 97815" 0.0003 "-" 96824 0
Nov 30 13:42:32 np0005540255.novalocal object-server[96824]: ::1 - - [30/Nov/2025:18:42:32 +0000] "GET /2/135203/AUTH_53b9bcf7d8194db7bd330ca574b5edab/gnocchi.b13fd8e4-2fd8-4ec2-ab38-d6c9a3b5d8c4/1763640000.0_mean_300.0_v3" 404 70 "GET https://[::1]:8080/v1/AUTH_53b9bcf7d8194db7bd330ca574b5edab/gnocchi.b13fd8e4-2fd8-4ec2-ab38-d6c9a3b5d8c4/1763640000.0_mean_300.0_v3" "txc372c5dcde8b4aabab4a9-00692c9018" "proxy-server 97815" 0.0002 "-" 96824 0
Nov 30 13:42:32 np0005540255.novalocal object-server[96824]: ::1 - - [30/Nov/2025:18:42:32 +0000] "GET /1/165898/AUTH_53b9bcf7d8194db7bd330ca574b5edab/gnocchi.67367cf8-0c18-497c-a0ee-ad852addb4de/none_v3" 404 70 "GET https://[::1]:8080/v1/AUTH_53b9bcf7d8194db7bd330ca574b5edab/gnocchi.67367cf8-0c18-497c-a0ee-ad852addb4de/none_v3" "txd98b0aafa5ff47f6964fa-00692c9018" "proxy-server 97815" 0.0002 "-" 96824 0
Nov 30 13:42:32 np0005540255.novalocal proxy-server[97815]: ::1 ::1 30/Nov/2025/18/42/32 GET /v1/AUTH_53b9bcf7d8194db7bd330ca574b5edab/gnocchi.67367cf8-0c18-497c-a0ee-ad852addb4de/none_v3 HTTP/1.0 404 - python-swiftclient-4.7.0 gAAAAABpLI-56T9k... - 70 - txd98b0aafa5ff47f6964fa-00692c9018 - 0.0207 - - 1764528152.962679863 1764528152.983370066 0
Nov 30 13:42:32 np0005540255.novalocal object-server[96823]: ::1 - - [30/Nov/2025:18:42:32 +0000] "GET /1/135203/AUTH_53b9bcf7d8194db7bd330ca574b5edab/gnocchi.b13fd8e4-2fd8-4ec2-ab38-d6c9a3b5d8c4/1763640000.0_mean_300.0_v3" 404 70 "GET https://[::1]:8080/v1/AUTH_53b9bcf7d8194db7bd330ca574b5edab/gnocchi.b13fd8e4-2fd8-4ec2-ab38-d6c9a3b5d8c4/1763640000.0_mean_300.0_v3" "txc372c5dcde8b4aabab4a9-00692c9018" "proxy-server 97815" 0.0003 "-" 96823 0
Nov 30 13:42:32 np0005540255.novalocal object-server[96824]: ::1 - - [30/Nov/2025:18:42:32 +0000] "GET /3/135203/AUTH_53b9bcf7d8194db7bd330ca574b5edab/gnocchi.b13fd8e4-2fd8-4ec2-ab38-d6c9a3b5d8c4/1763640000.0_mean_300.0_v3" 404 70 "GET https://[::1]:8080/v1/AUTH_53b9bcf7d8194db7bd330ca574b5edab/gnocchi.b13fd8e4-2fd8-4ec2-ab38-d6c9a3b5d8c4/1763640000.0_mean_300.0_v3" "txc372c5dcde8b4aabab4a9-00692c9018" "proxy-server 97815" 0.0002 "-" 96824 0
Nov 30 13:42:32 np0005540255.novalocal proxy-server[97815]: ::1 ::1 30/Nov/2025/18/42/32 GET /v1/AUTH_53b9bcf7d8194db7bd330ca574b5edab/gnocchi.b13fd8e4-2fd8-4ec2-ab38-d6c9a3b5d8c4/1763640000.0_mean_300.0_v3 HTTP/1.0 404 - python-swiftclient-4.7.0 gAAAAABpLI-5FlkI... - 70 - txc372c5dcde8b4aabab4a9-00692c9018 - 0.0123 - - 1764528152.974501848 1764528152.986798525 0
Nov 30 13:42:33 np0005540255.novalocal container-server[96491]: ::1 - - [30/Nov/2025:18:42:33 +0000] "PUT /1/173809/AUTH_53b9bcf7d8194db7bd330ca574b5edab/gnocchi.b13fd8e4-2fd8-4ec2-ab38-d6c9a3b5d8c4/1763640000.0_mean_300.0_v3" 201 - "PUT http://[::1]:8080/2/135203/AUTH_53b9bcf7d8194db7bd330ca574b5edab/gnocchi.b13fd8e4-2fd8-4ec2-ab38-d6c9a3b5d8c4/1763640000.0_mean_300.0_v3" "txd3588ad10d60488cb7102-00692c9018" "object-server 96824" 0.0011 "-" 96491 0
Nov 30 13:42:33 np0005540255.novalocal object-server[96824]: ::1 - - [30/Nov/2025:18:42:33 +0000] "PUT /2/135203/AUTH_53b9bcf7d8194db7bd330ca574b5edab/gnocchi.b13fd8e4-2fd8-4ec2-ab38-d6c9a3b5d8c4/1763640000.0_mean_300.0_v3" 201 - "PUT https://[::1]:8080/v1/AUTH_53b9bcf7d8194db7bd330ca574b5edab/gnocchi.b13fd8e4-2fd8-4ec2-ab38-d6c9a3b5d8c4/1763640000.0_mean_300.0_v3" "txd3588ad10d60488cb7102-00692c9018" "proxy-server 97815" 0.0167 "-" 96824 0
Nov 30 13:42:33 np0005540255.novalocal account-server[96195]: ::1 - - [30/Nov/2025:18:42:33 +0000] "PUT /1/128474/AUTH_53b9bcf7d8194db7bd330ca574b5edab/gnocchi.67367cf8-0c18-497c-a0ee-ad852addb4de" 201 - "PUT http://[::1]:6001/1/19694/AUTH_53b9bcf7d8194db7bd330ca574b5edab/gnocchi.67367cf8-0c18-497c-a0ee-ad852addb4de" "tx25cda11ff4e74eb296544-00692c9018" "container-server 96491" 0.0039 "-" 96195 0
Nov 30 13:42:33 np0005540255.novalocal container-server[96491]: ::1 - - [30/Nov/2025:18:42:33 +0000] "PUT /1/19694/AUTH_53b9bcf7d8194db7bd330ca574b5edab/gnocchi.67367cf8-0c18-497c-a0ee-ad852addb4de" 201 - "PUT https://[::1]:8080/v1/AUTH_53b9bcf7d8194db7bd330ca574b5edab/gnocchi.67367cf8-0c18-497c-a0ee-ad852addb4de" "tx25cda11ff4e74eb296544-00692c9018" "proxy-server 97815" 0.0204 "-" 96491 0
Nov 30 13:42:33 np0005540255.novalocal container-server[96490]: ::1 - - [30/Nov/2025:18:42:33 +0000] "PUT /3/173809/AUTH_53b9bcf7d8194db7bd330ca574b5edab/gnocchi.b13fd8e4-2fd8-4ec2-ab38-d6c9a3b5d8c4/1763640000.0_mean_300.0_v3" 201 - "PUT http://[::1]:8080/1/135203/AUTH_53b9bcf7d8194db7bd330ca574b5edab/gnocchi.b13fd8e4-2fd8-4ec2-ab38-d6c9a3b5d8c4/1763640000.0_mean_300.0_v3" "txd3588ad10d60488cb7102-00692c9018" "object-server 96823" 0.0016 "-" 96490 0
Nov 30 13:42:33 np0005540255.novalocal container-server[96490]: ::1 - - [30/Nov/2025:18:42:33 +0000] "PUT /2/173809/AUTH_53b9bcf7d8194db7bd330ca574b5edab/gnocchi.b13fd8e4-2fd8-4ec2-ab38-d6c9a3b5d8c4/1763640000.0_mean_300.0_v3" 201 - "PUT http://[::1]:8080/3/135203/AUTH_53b9bcf7d8194db7bd330ca574b5edab/gnocchi.b13fd8e4-2fd8-4ec2-ab38-d6c9a3b5d8c4/1763640000.0_mean_300.0_v3" "txd3588ad10d60488cb7102-00692c9018" "object-server 96823" 0.0011 "-" 96490 0
Nov 30 13:42:33 np0005540255.novalocal account-server[96195]: ::1 - - [30/Nov/2025:18:42:33 +0000] "PUT /3/128474/AUTH_53b9bcf7d8194db7bd330ca574b5edab/gnocchi.67367cf8-0c18-497c-a0ee-ad852addb4de" 201 - "PUT http://[::1]:6001/3/19694/AUTH_53b9bcf7d8194db7bd330ca574b5edab/gnocchi.67367cf8-0c18-497c-a0ee-ad852addb4de" "tx25cda11ff4e74eb296544-00692c9018" "container-server 96490" 0.0051 "-" 96195 0
Nov 30 13:42:33 np0005540255.novalocal object-server[96823]: ::1 - - [30/Nov/2025:18:42:33 +0000] "PUT /1/135203/AUTH_53b9bcf7d8194db7bd330ca574b5edab/gnocchi.b13fd8e4-2fd8-4ec2-ab38-d6c9a3b5d8c4/1763640000.0_mean_300.0_v3" 201 - "PUT https://[::1]:8080/v1/AUTH_53b9bcf7d8194db7bd330ca574b5edab/gnocchi.b13fd8e4-2fd8-4ec2-ab38-d6c9a3b5d8c4/1763640000.0_mean_300.0_v3" "txd3588ad10d60488cb7102-00692c9018" "proxy-server 97815" 0.0307 "-" 96823 0
Nov 30 13:42:33 np0005540255.novalocal container-server[96490]: ::1 - - [30/Nov/2025:18:42:33 +0000] "PUT /3/19694/AUTH_53b9bcf7d8194db7bd330ca574b5edab/gnocchi.67367cf8-0c18-497c-a0ee-ad852addb4de" 201 - "PUT https://[::1]:8080/v1/AUTH_53b9bcf7d8194db7bd330ca574b5edab/gnocchi.67367cf8-0c18-497c-a0ee-ad852addb4de" "tx25cda11ff4e74eb296544-00692c9018" "proxy-server 97815" 0.0380 "-" 96490 0
Nov 30 13:42:33 np0005540255.novalocal account-server[96196]: ::1 - - [30/Nov/2025:18:42:33 +0000] "PUT /2/128474/AUTH_53b9bcf7d8194db7bd330ca574b5edab/gnocchi.67367cf8-0c18-497c-a0ee-ad852addb4de" 201 - "PUT http://[::1]:6001/2/19694/AUTH_53b9bcf7d8194db7bd330ca574b5edab/gnocchi.67367cf8-0c18-497c-a0ee-ad852addb4de" "tx25cda11ff4e74eb296544-00692c9018" "container-server 96490" 0.0051 "-" 96196 0
Nov 30 13:42:33 np0005540255.novalocal container-server[96490]: ::1 - - [30/Nov/2025:18:42:33 +0000] "PUT /2/19694/AUTH_53b9bcf7d8194db7bd330ca574b5edab/gnocchi.67367cf8-0c18-497c-a0ee-ad852addb4de" 201 - "PUT https://[::1]:8080/v1/AUTH_53b9bcf7d8194db7bd330ca574b5edab/gnocchi.67367cf8-0c18-497c-a0ee-ad852addb4de" "tx25cda11ff4e74eb296544-00692c9018" "proxy-server 97815" 0.0245 "-" 96490 0
Nov 30 13:42:33 np0005540255.novalocal object-server[96823]: ::1 - - [30/Nov/2025:18:42:33 +0000] "PUT /3/135203/AUTH_53b9bcf7d8194db7bd330ca574b5edab/gnocchi.b13fd8e4-2fd8-4ec2-ab38-d6c9a3b5d8c4/1763640000.0_mean_300.0_v3" 201 - "PUT https://[::1]:8080/v1/AUTH_53b9bcf7d8194db7bd330ca574b5edab/gnocchi.b13fd8e4-2fd8-4ec2-ab38-d6c9a3b5d8c4/1763640000.0_mean_300.0_v3" "txd3588ad10d60488cb7102-00692c9018" "proxy-server 97815" 0.0383 "-" 96823 0
Nov 30 13:42:33 np0005540255.novalocal proxy-server[97815]: ::1 ::1 30/Nov/2025/18/42/33 PUT /v1/AUTH_53b9bcf7d8194db7bd330ca574b5edab/gnocchi.b13fd8e4-2fd8-4ec2-ab38-d6c9a3b5d8c4/1763640000.0_mean_300.0_v3 HTTP/1.0 201 - python-swiftclient-4.7.0 gAAAAABpLI-5FlkI... 16 - - txd3588ad10d60488cb7102-00692c9018 - 0.0498 - - 1764528152.989275217 1764528153.039074421 0
Nov 30 13:42:33 np0005540255.novalocal proxy-server[97815]: ::1 ::1 30/Nov/2025/18/42/33 PUT /v1/AUTH_53b9bcf7d8194db7bd330ca574b5edab/gnocchi.67367cf8-0c18-497c-a0ee-ad852addb4de HTTP/1.0 201 - python-swiftclient-4.7.0 gAAAAABpLI-56T9k... - - - tx25cda11ff4e74eb296544-00692c9018 - 0.0525 - - 1764528152.987697363 1764528153.040166855 0
Nov 30 13:42:33 np0005540255.novalocal container-server[96491]: ::1 - - [30/Nov/2025:18:42:33 +0000] "HEAD /3/19694/AUTH_53b9bcf7d8194db7bd330ca574b5edab/gnocchi.67367cf8-0c18-497c-a0ee-ad852addb4de" 204 - "HEAD http://[::1]:8080/v1/AUTH_53b9bcf7d8194db7bd330ca574b5edab/gnocchi.67367cf8-0c18-497c-a0ee-ad852addb4de" "tx6278cd8856b94a42b79b7-00692c9019" "proxy-server 97815" 0.0030 "-" 96491 0
Nov 30 13:42:33 np0005540255.novalocal proxy-server[97815]: - - 30/Nov/2025/18/42/33 HEAD /v1/AUTH_53b9bcf7d8194db7bd330ca574b5edab/gnocchi.67367cf8-0c18-497c-a0ee-ad852addb4de HTTP/1.0 204 - Swift - - - - tx6278cd8856b94a42b79b7-00692c9019 - 0.0081 CS - 1764528153.048143625 1764528153.056269407 0
Nov 30 13:42:33 np0005540255.novalocal container-server[96491]: ::1 - - [30/Nov/2025:18:42:33 +0000] "PUT /1/173809/AUTH_53b9bcf7d8194db7bd330ca574b5edab/gnocchi.b13fd8e4-2fd8-4ec2-ab38-d6c9a3b5d8c4/none_v3" 201 - "PUT http://[::1]:8080/1/196552/AUTH_53b9bcf7d8194db7bd330ca574b5edab/gnocchi.b13fd8e4-2fd8-4ec2-ab38-d6c9a3b5d8c4/none_v3" "tx30dca232f54c4cd9902de-00692c9019" "object-server 96824" 0.0005 "-" 96491 0
Nov 30 13:42:33 np0005540255.novalocal object-server[96824]: ::1 - - [30/Nov/2025:18:42:33 +0000] "PUT /1/196552/AUTH_53b9bcf7d8194db7bd330ca574b5edab/gnocchi.b13fd8e4-2fd8-4ec2-ab38-d6c9a3b5d8c4/none_v3" 201 - "PUT https://[::1]:8080/v1/AUTH_53b9bcf7d8194db7bd330ca574b5edab/gnocchi.b13fd8e4-2fd8-4ec2-ab38-d6c9a3b5d8c4/none_v3" "tx30dca232f54c4cd9902de-00692c9019" "proxy-server 97815" 0.0103 "-" 96824 0
Nov 30 13:42:33 np0005540255.novalocal container-server[96491]: ::1 - - [30/Nov/2025:18:42:33 +0000] "PUT /2/173809/AUTH_53b9bcf7d8194db7bd330ca574b5edab/gnocchi.b13fd8e4-2fd8-4ec2-ab38-d6c9a3b5d8c4/none_v3" 201 - "PUT http://[::1]:8080/3/196552/AUTH_53b9bcf7d8194db7bd330ca574b5edab/gnocchi.b13fd8e4-2fd8-4ec2-ab38-d6c9a3b5d8c4/none_v3" "tx30dca232f54c4cd9902de-00692c9019" "object-server 96823" 0.0004 "-" 96491 0
Nov 30 13:42:33 np0005540255.novalocal object-server[96823]: ::1 - - [30/Nov/2025:18:42:33 +0000] "PUT /3/196552/AUTH_53b9bcf7d8194db7bd330ca574b5edab/gnocchi.b13fd8e4-2fd8-4ec2-ab38-d6c9a3b5d8c4/none_v3" 201 - "PUT https://[::1]:8080/v1/AUTH_53b9bcf7d8194db7bd330ca574b5edab/gnocchi.b13fd8e4-2fd8-4ec2-ab38-d6c9a3b5d8c4/none_v3" "tx30dca232f54c4cd9902de-00692c9019" "proxy-server 97815" 0.0118 "-" 96823 0
Nov 30 13:42:33 np0005540255.novalocal container-server[96491]: ::1 - - [30/Nov/2025:18:42:33 +0000] "PUT /3/173809/AUTH_53b9bcf7d8194db7bd330ca574b5edab/gnocchi.b13fd8e4-2fd8-4ec2-ab38-d6c9a3b5d8c4/none_v3" 201 - "PUT http://[::1]:8080/2/196552/AUTH_53b9bcf7d8194db7bd330ca574b5edab/gnocchi.b13fd8e4-2fd8-4ec2-ab38-d6c9a3b5d8c4/none_v3" "tx30dca232f54c4cd9902de-00692c9019" "object-server 96823" 0.0004 "-" 96491 0
Nov 30 13:42:33 np0005540255.novalocal object-server[96823]: ::1 - - [30/Nov/2025:18:42:33 +0000] "PUT /2/196552/AUTH_53b9bcf7d8194db7bd330ca574b5edab/gnocchi.b13fd8e4-2fd8-4ec2-ab38-d6c9a3b5d8c4/none_v3" 201 - "PUT https://[::1]:8080/v1/AUTH_53b9bcf7d8194db7bd330ca574b5edab/gnocchi.b13fd8e4-2fd8-4ec2-ab38-d6c9a3b5d8c4/none_v3" "tx30dca232f54c4cd9902de-00692c9019" "proxy-server 97815" 0.0144 "-" 96823 0
Nov 30 13:42:33 np0005540255.novalocal container-server[96490]: ::1 - - [30/Nov/2025:18:42:33 +0000] "GET /3/19694/AUTH_53b9bcf7d8194db7bd330ca574b5edab/gnocchi.67367cf8-0c18-497c-a0ee-ad852addb4de" 200 2 "GET https://[::1]:8080/v1/AUTH_53b9bcf7d8194db7bd330ca574b5edab/gnocchi.67367cf8-0c18-497c-a0ee-ad852addb4de?format=json&states=listing" "tx6278cd8856b94a42b79b7-00692c9019" "proxy-server 97815" 0.0019 "-" 96490 0
Nov 30 13:42:33 np0005540255.novalocal proxy-server[97815]: ::1 ::1 30/Nov/2025/18/42/33 PUT /v1/AUTH_53b9bcf7d8194db7bd330ca574b5edab/gnocchi.b13fd8e4-2fd8-4ec2-ab38-d6c9a3b5d8c4/none_v3 HTTP/1.0 201 - python-swiftclient-4.7.0 gAAAAABpLI-5FlkI... 22 - - tx30dca232f54c4cd9902de-00692c9019 - 0.0213 - - 1764528153.041320801 1764528153.062638760 0
Nov 30 13:42:33 np0005540255.novalocal proxy-server[97815]: ::1 ::1 30/Nov/2025/18/42/33 GET /v1/AUTH_53b9bcf7d8194db7bd330ca574b5edab/gnocchi.67367cf8-0c18-497c-a0ee-ad852addb4de%3Fformat%3Djson%26states%3Dlisting HTTP/1.0 200 - python-swiftclient-4.7.0 gAAAAABpLI-56T9k... - 2 - tx6278cd8856b94a42b79b7-00692c9019 - 0.0176 - - 1764528153.047329903 1764528153.064949036 0
Nov 30 13:42:33 np0005540255.novalocal object-server[96824]: ::1 - - [30/Nov/2025:18:42:33 +0000] "GET /3/239941/AUTH_53b9bcf7d8194db7bd330ca574b5edab/gnocchi.67367cf8-0c18-497c-a0ee-ad852addb4de/1763640000.0_mean_300.0_v3" 404 70 "GET https://[::1]:8080/v1/AUTH_53b9bcf7d8194db7bd330ca574b5edab/gnocchi.67367cf8-0c18-497c-a0ee-ad852addb4de/1763640000.0_mean_300.0_v3" "tx6c0d4667eb5046b599150-00692c9019" "proxy-server 97815" 0.0005 "-" 96824 0
Nov 30 13:42:33 np0005540255.novalocal object-server[96823]: ::1 - - [30/Nov/2025:18:42:33 +0000] "GET /1/239941/AUTH_53b9bcf7d8194db7bd330ca574b5edab/gnocchi.67367cf8-0c18-497c-a0ee-ad852addb4de/1763640000.0_mean_300.0_v3" 404 70 "GET https://[::1]:8080/v1/AUTH_53b9bcf7d8194db7bd330ca574b5edab/gnocchi.67367cf8-0c18-497c-a0ee-ad852addb4de/1763640000.0_mean_300.0_v3" "tx6c0d4667eb5046b599150-00692c9019" "proxy-server 97815" 0.0004 "-" 96823 0
Nov 30 13:42:33 np0005540255.novalocal object-server[96824]: ::1 - - [30/Nov/2025:18:42:33 +0000] "GET /2/239941/AUTH_53b9bcf7d8194db7bd330ca574b5edab/gnocchi.67367cf8-0c18-497c-a0ee-ad852addb4de/1763640000.0_mean_300.0_v3" 404 70 "GET https://[::1]:8080/v1/AUTH_53b9bcf7d8194db7bd330ca574b5edab/gnocchi.67367cf8-0c18-497c-a0ee-ad852addb4de/1763640000.0_mean_300.0_v3" "tx6c0d4667eb5046b599150-00692c9019" "proxy-server 97815" 0.0004 "-" 96824 0
Nov 30 13:42:33 np0005540255.novalocal proxy-server[97815]: ::1 ::1 30/Nov/2025/18/42/33 GET /v1/AUTH_53b9bcf7d8194db7bd330ca574b5edab/gnocchi.67367cf8-0c18-497c-a0ee-ad852addb4de/1763640000.0_mean_300.0_v3 HTTP/1.0 404 - python-swiftclient-4.7.0 gAAAAABpLI-56T9k... - 70 - tx6c0d4667eb5046b599150-00692c9019 - 0.0216 - - 1764528153.070542336 1764528153.092163563 0
Nov 30 13:42:33 np0005540255.novalocal sudo[106029]: pam_unix(sudo:session): session closed for user root
Nov 30 13:42:33 np0005540255.novalocal systemd[1]: session-c121.scope: Deactivated successfully.
Nov 30 13:42:33 np0005540255.novalocal container-server[96490]: ::1 - - [30/Nov/2025:18:42:33 +0000] "HEAD /1/46652/AUTH_53b9bcf7d8194db7bd330ca574b5edab/gnocchi.f3b12b52-c7b3-48ef-9218-eb8df48b6afb" 404 - "HEAD http://[::1]:8080/v1/AUTH_53b9bcf7d8194db7bd330ca574b5edab/gnocchi.f3b12b52-c7b3-48ef-9218-eb8df48b6afb" "txbfe55d79fae540b5953d7-00692c9019" "proxy-server 97815" 0.0003 "-" 96490 0
Nov 30 13:42:33 np0005540255.novalocal container-server[96491]: ::1 - - [30/Nov/2025:18:42:33 +0000] "PUT /1/19694/AUTH_53b9bcf7d8194db7bd330ca574b5edab/gnocchi.67367cf8-0c18-497c-a0ee-ad852addb4de/1763640000.0_mean_300.0_v3" 201 - "PUT http://[::1]:8080/3/239941/AUTH_53b9bcf7d8194db7bd330ca574b5edab/gnocchi.67367cf8-0c18-497c-a0ee-ad852addb4de/1763640000.0_mean_300.0_v3" "tx972a598b41504b3a804af-00692c9019" "object-server 96824" 0.0012 "-" 96491 0
Nov 30 13:42:33 np0005540255.novalocal object-server[96824]: ::1 - - [30/Nov/2025:18:42:33 +0000] "PUT /3/239941/AUTH_53b9bcf7d8194db7bd330ca574b5edab/gnocchi.67367cf8-0c18-497c-a0ee-ad852addb4de/1763640000.0_mean_300.0_v3" 201 - "PUT https://[::1]:8080/v1/AUTH_53b9bcf7d8194db7bd330ca574b5edab/gnocchi.67367cf8-0c18-497c-a0ee-ad852addb4de/1763640000.0_mean_300.0_v3" "tx972a598b41504b3a804af-00692c9019" "proxy-server 97815" 0.0172 "-" 96824 0
Nov 30 13:42:33 np0005540255.novalocal container-server[96491]: ::1 - - [30/Nov/2025:18:42:33 +0000] "HEAD /3/46652/AUTH_53b9bcf7d8194db7bd330ca574b5edab/gnocchi.f3b12b52-c7b3-48ef-9218-eb8df48b6afb" 404 - "HEAD http://[::1]:8080/v1/AUTH_53b9bcf7d8194db7bd330ca574b5edab/gnocchi.f3b12b52-c7b3-48ef-9218-eb8df48b6afb" "txbfe55d79fae540b5953d7-00692c9019" "proxy-server 97815" 0.0003 "-" 96491 0
Nov 30 13:42:33 np0005540255.novalocal container-server[96490]: ::1 - - [30/Nov/2025:18:42:33 +0000] "PUT /3/19694/AUTH_53b9bcf7d8194db7bd330ca574b5edab/gnocchi.67367cf8-0c18-497c-a0ee-ad852addb4de/1763640000.0_mean_300.0_v3" 201 - "PUT http://[::1]:8080/2/239941/AUTH_53b9bcf7d8194db7bd330ca574b5edab/gnocchi.67367cf8-0c18-497c-a0ee-ad852addb4de/1763640000.0_mean_300.0_v3" "tx972a598b41504b3a804af-00692c9019" "object-server 96824" 0.0011 "-" 96490 0
Nov 30 13:42:33 np0005540255.novalocal object-server[96824]: ::1 - - [30/Nov/2025:18:42:33 +0000] "PUT /2/239941/AUTH_53b9bcf7d8194db7bd330ca574b5edab/gnocchi.67367cf8-0c18-497c-a0ee-ad852addb4de/1763640000.0_mean_300.0_v3" 201 - "PUT https://[::1]:8080/v1/AUTH_53b9bcf7d8194db7bd330ca574b5edab/gnocchi.67367cf8-0c18-497c-a0ee-ad852addb4de/1763640000.0_mean_300.0_v3" "tx972a598b41504b3a804af-00692c9019" "proxy-server 97815" 0.0171 "-" 96824 0
Nov 30 13:42:33 np0005540255.novalocal container-server[96491]: ::1 - - [30/Nov/2025:18:42:33 +0000] "PUT /2/19694/AUTH_53b9bcf7d8194db7bd330ca574b5edab/gnocchi.67367cf8-0c18-497c-a0ee-ad852addb4de/1763640000.0_mean_300.0_v3" 201 - "PUT http://[::1]:8080/1/239941/AUTH_53b9bcf7d8194db7bd330ca574b5edab/gnocchi.67367cf8-0c18-497c-a0ee-ad852addb4de/1763640000.0_mean_300.0_v3" "tx972a598b41504b3a804af-00692c9019" "object-server 96824" 0.0008 "-" 96491 0
Nov 30 13:42:33 np0005540255.novalocal container-server[96490]: ::1 - - [30/Nov/2025:18:42:33 +0000] "HEAD /2/46652/AUTH_53b9bcf7d8194db7bd330ca574b5edab/gnocchi.f3b12b52-c7b3-48ef-9218-eb8df48b6afb" 404 - "HEAD http://[::1]:8080/v1/AUTH_53b9bcf7d8194db7bd330ca574b5edab/gnocchi.f3b12b52-c7b3-48ef-9218-eb8df48b6afb" "txbfe55d79fae540b5953d7-00692c9019" "proxy-server 97815" 0.0002 "-" 96490 0
Nov 30 13:42:33 np0005540255.novalocal object-server[96824]: ::1 - - [30/Nov/2025:18:42:33 +0000] "PUT /1/239941/AUTH_53b9bcf7d8194db7bd330ca574b5edab/gnocchi.67367cf8-0c18-497c-a0ee-ad852addb4de/1763640000.0_mean_300.0_v3" 201 - "PUT https://[::1]:8080/v1/AUTH_53b9bcf7d8194db7bd330ca574b5edab/gnocchi.67367cf8-0c18-497c-a0ee-ad852addb4de/1763640000.0_mean_300.0_v3" "tx972a598b41504b3a804af-00692c9019" "proxy-server 97815" 0.0240 "-" 96824 0
Nov 30 13:42:33 np0005540255.novalocal proxy-server[97815]: - - 30/Nov/2025/18/42/33 HEAD /v1/AUTH_53b9bcf7d8194db7bd330ca574b5edab/gnocchi.f3b12b52-c7b3-48ef-9218-eb8df48b6afb HTTP/1.0 404 - Swift - - - - txbfe55d79fae540b5953d7-00692c9019 - 0.0104 CS - 1764528153.118590117 1764528153.128976822 0
Nov 30 13:42:33 np0005540255.novalocal proxy-server[97815]: ::1 ::1 30/Nov/2025/18/42/33 PUT /v1/AUTH_53b9bcf7d8194db7bd330ca574b5edab/gnocchi.67367cf8-0c18-497c-a0ee-ad852addb4de/1763640000.0_mean_300.0_v3 HTTP/1.0 201 - python-swiftclient-4.7.0 gAAAAABpLI-56T9k... 16 - - tx972a598b41504b3a804af-00692c9019 - 0.0344 - - 1764528153.096363306 1764528153.130715609 0
Nov 30 13:42:33 np0005540255.novalocal object-server[96824]: ::1 - - [30/Nov/2025:18:42:33 +0000] "GET /2/219616/AUTH_53b9bcf7d8194db7bd330ca574b5edab/gnocchi.f3b12b52-c7b3-48ef-9218-eb8df48b6afb/none_v3" 404 70 "GET https://[::1]:8080/v1/AUTH_53b9bcf7d8194db7bd330ca574b5edab/gnocchi.f3b12b52-c7b3-48ef-9218-eb8df48b6afb/none_v3" "txbfe55d79fae540b5953d7-00692c9019" "proxy-server 97815" 0.0004 "-" 96824 0
Nov 30 13:42:33 np0005540255.novalocal object-server[96823]: ::1 - - [30/Nov/2025:18:42:33 +0000] "GET /3/219616/AUTH_53b9bcf7d8194db7bd330ca574b5edab/gnocchi.f3b12b52-c7b3-48ef-9218-eb8df48b6afb/none_v3" 404 70 "GET https://[::1]:8080/v1/AUTH_53b9bcf7d8194db7bd330ca574b5edab/gnocchi.f3b12b52-c7b3-48ef-9218-eb8df48b6afb/none_v3" "txbfe55d79fae540b5953d7-00692c9019" "proxy-server 97815" 0.0002 "-" 96823 0
Nov 30 13:42:33 np0005540255.novalocal sudo[106034]: cinder : PWD=/ ; USER=root ; COMMAND=/usr/bin/cinder-rootwrap /etc/cinder/rootwrap.conf qemu-img convert -O raw -t none -f qcow2 /var/lib/cinder/conversion/image_fetch_87898286-7424-4fc9-a919-1795cfc86812_1yjacqunnp0005540255.novalocal@BACKEND_1 /dev/mapper/cinder--volumes-volume--fca1afd7--18d1--494d--a8b9--c6016df1ae70
Nov 30 13:42:33 np0005540255.novalocal object-server[96824]: ::1 - - [30/Nov/2025:18:42:33 +0000] "GET /1/219616/AUTH_53b9bcf7d8194db7bd330ca574b5edab/gnocchi.f3b12b52-c7b3-48ef-9218-eb8df48b6afb/none_v3" 404 70 "GET https://[::1]:8080/v1/AUTH_53b9bcf7d8194db7bd330ca574b5edab/gnocchi.f3b12b52-c7b3-48ef-9218-eb8df48b6afb/none_v3" "txbfe55d79fae540b5953d7-00692c9019" "proxy-server 97815" 0.0010 "-" 96824 0
Nov 30 13:42:33 np0005540255.novalocal proxy-server[97815]: ::1 ::1 30/Nov/2025/18/42/33 GET /v1/AUTH_53b9bcf7d8194db7bd330ca574b5edab/gnocchi.f3b12b52-c7b3-48ef-9218-eb8df48b6afb/none_v3 HTTP/1.0 404 - python-swiftclient-4.7.0 gAAAAABpLI-5FlkI... - 70 - txbfe55d79fae540b5953d7-00692c9019 - 0.0370 - - 1764528153.116189718 1764528153.153199196 0
Nov 30 13:42:33 np0005540255.novalocal container-server[96490]: ::1 - - [30/Nov/2025:18:42:33 +0000] "PUT /2/19694/AUTH_53b9bcf7d8194db7bd330ca574b5edab/gnocchi.67367cf8-0c18-497c-a0ee-ad852addb4de/none_v3" 201 - "PUT http://[::1]:8080/3/165898/AUTH_53b9bcf7d8194db7bd330ca574b5edab/gnocchi.67367cf8-0c18-497c-a0ee-ad852addb4de/none_v3" "tx729878145d16471a9c3e6-00692c9019" "object-server 96823" 0.0005 "-" 96490 0
Nov 30 13:42:33 np0005540255.novalocal container-server[96491]: ::1 - - [30/Nov/2025:18:42:33 +0000] "PUT /3/19694/AUTH_53b9bcf7d8194db7bd330ca574b5edab/gnocchi.67367cf8-0c18-497c-a0ee-ad852addb4de/none_v3" 201 - "PUT http://[::1]:8080/2/165898/AUTH_53b9bcf7d8194db7bd330ca574b5edab/gnocchi.67367cf8-0c18-497c-a0ee-ad852addb4de/none_v3" "tx729878145d16471a9c3e6-00692c9019" "object-server 96823" 0.0016 "-" 96491 0
Nov 30 13:42:33 np0005540255.novalocal object-server[96823]: ::1 - - [30/Nov/2025:18:42:33 +0000] "PUT /3/165898/AUTH_53b9bcf7d8194db7bd330ca574b5edab/gnocchi.67367cf8-0c18-497c-a0ee-ad852addb4de/none_v3" 201 - "PUT https://[::1]:8080/v1/AUTH_53b9bcf7d8194db7bd330ca574b5edab/gnocchi.67367cf8-0c18-497c-a0ee-ad852addb4de/none_v3" "tx729878145d16471a9c3e6-00692c9019" "proxy-server 97815" 0.0129 "-" 96823 0
Nov 30 13:42:33 np0005540255.novalocal object-server[96823]: ::1 - - [30/Nov/2025:18:42:33 +0000] "PUT /2/165898/AUTH_53b9bcf7d8194db7bd330ca574b5edab/gnocchi.67367cf8-0c18-497c-a0ee-ad852addb4de/none_v3" 201 - "PUT https://[::1]:8080/v1/AUTH_53b9bcf7d8194db7bd330ca574b5edab/gnocchi.67367cf8-0c18-497c-a0ee-ad852addb4de/none_v3" "tx729878145d16471a9c3e6-00692c9019" "proxy-server 97815" 0.0153 "-" 96823 0
Nov 30 13:42:33 np0005540255.novalocal container-server[96491]: ::1 - - [30/Nov/2025:18:42:33 +0000] "PUT /1/19694/AUTH_53b9bcf7d8194db7bd330ca574b5edab/gnocchi.67367cf8-0c18-497c-a0ee-ad852addb4de/none_v3" 201 - "PUT http://[::1]:8080/1/165898/AUTH_53b9bcf7d8194db7bd330ca574b5edab/gnocchi.67367cf8-0c18-497c-a0ee-ad852addb4de/none_v3" "tx729878145d16471a9c3e6-00692c9019" "object-server 96823" 0.0006 "-" 96491 0
Nov 30 13:42:33 np0005540255.novalocal object-server[96823]: ::1 - - [30/Nov/2025:18:42:33 +0000] "PUT /1/165898/AUTH_53b9bcf7d8194db7bd330ca574b5edab/gnocchi.67367cf8-0c18-497c-a0ee-ad852addb4de/none_v3" 201 - "PUT https://[::1]:8080/v1/AUTH_53b9bcf7d8194db7bd330ca574b5edab/gnocchi.67367cf8-0c18-497c-a0ee-ad852addb4de/none_v3" "tx729878145d16471a9c3e6-00692c9019" "proxy-server 97815" 0.0186 "-" 96823 0
Nov 30 13:42:33 np0005540255.novalocal proxy-server[97815]: ::1 ::1 30/Nov/2025/18/42/33 PUT /v1/AUTH_53b9bcf7d8194db7bd330ca574b5edab/gnocchi.67367cf8-0c18-497c-a0ee-ad852addb4de/none_v3 HTTP/1.0 201 - python-swiftclient-4.7.0 gAAAAABpLI-56T9k... 22 - - tx729878145d16471a9c3e6-00692c9019 - 0.0288 - - 1764528153.133981705 1764528153.162821054 0
Nov 30 13:42:33 np0005540255.novalocal systemd[1]: Started Session c122 of User root.
Nov 30 13:42:33 np0005540255.novalocal sudo[106034]: pam_unix(sudo:session): session opened for user root(uid=0) by (uid=165)
Nov 30 13:42:33 np0005540255.novalocal account-server[96195]: ::1 - - [30/Nov/2025:18:42:33 +0000] "PUT /3/128474/AUTH_53b9bcf7d8194db7bd330ca574b5edab/gnocchi.f3b12b52-c7b3-48ef-9218-eb8df48b6afb" 201 - "PUT http://[::1]:6001/3/46652/AUTH_53b9bcf7d8194db7bd330ca574b5edab/gnocchi.f3b12b52-c7b3-48ef-9218-eb8df48b6afb" "tx78a7d989f90b484495694-00692c9019" "container-server 96491" 0.0082 "-" 96195 0
Nov 30 13:42:33 np0005540255.novalocal container-server[96491]: ::1 - - [30/Nov/2025:18:42:33 +0000] "PUT /3/46652/AUTH_53b9bcf7d8194db7bd330ca574b5edab/gnocchi.f3b12b52-c7b3-48ef-9218-eb8df48b6afb" 201 - "PUT https://[::1]:8080/v1/AUTH_53b9bcf7d8194db7bd330ca574b5edab/gnocchi.f3b12b52-c7b3-48ef-9218-eb8df48b6afb" "tx78a7d989f90b484495694-00692c9019" "proxy-server 97815" 0.0411 "-" 96491 0
Nov 30 13:42:33 np0005540255.novalocal account-server[96196]: ::1 - - [30/Nov/2025:18:42:33 +0000] "PUT /2/128474/AUTH_53b9bcf7d8194db7bd330ca574b5edab/gnocchi.f3b12b52-c7b3-48ef-9218-eb8df48b6afb" 201 - "PUT http://[::1]:6001/1/46652/AUTH_53b9bcf7d8194db7bd330ca574b5edab/gnocchi.f3b12b52-c7b3-48ef-9218-eb8df48b6afb" "tx78a7d989f90b484495694-00692c9019" "container-server 96491" 0.0046 "-" 96196 0
Nov 30 13:42:33 np0005540255.novalocal account-server[96195]: ::1 - - [30/Nov/2025:18:42:33 +0000] "PUT /1/128474/AUTH_53b9bcf7d8194db7bd330ca574b5edab/gnocchi.f3b12b52-c7b3-48ef-9218-eb8df48b6afb" 201 - "PUT http://[::1]:6001/2/46652/AUTH_53b9bcf7d8194db7bd330ca574b5edab/gnocchi.f3b12b52-c7b3-48ef-9218-eb8df48b6afb" "tx78a7d989f90b484495694-00692c9019" "container-server 96491" 0.0043 "-" 96195 0
Nov 30 13:42:33 np0005540255.novalocal container-server[96490]: ::1 - - [30/Nov/2025:18:42:33 +0000] "HEAD /1/96489/AUTH_53b9bcf7d8194db7bd330ca574b5edab/gnocchi.d804f675-d853-49de-8269-c88a22858f7d" 404 - "HEAD http://[::1]:8080/v1/AUTH_53b9bcf7d8194db7bd330ca574b5edab/gnocchi.d804f675-d853-49de-8269-c88a22858f7d" "txb20d5a569cfd47ea91d1b-00692c9019" "proxy-server 97815" 0.0003 "-" 96490 0
Nov 30 13:42:33 np0005540255.novalocal container-server[96490]: ::1 - - [30/Nov/2025:18:42:33 +0000] "HEAD /2/96489/AUTH_53b9bcf7d8194db7bd330ca574b5edab/gnocchi.d804f675-d853-49de-8269-c88a22858f7d" 404 - "HEAD http://[::1]:8080/v1/AUTH_53b9bcf7d8194db7bd330ca574b5edab/gnocchi.d804f675-d853-49de-8269-c88a22858f7d" "txb20d5a569cfd47ea91d1b-00692c9019" "proxy-server 97815" 0.0003 "-" 96490 0
Nov 30 13:42:33 np0005540255.novalocal container-server[96490]: ::1 - - [30/Nov/2025:18:42:33 +0000] "HEAD /3/96489/AUTH_53b9bcf7d8194db7bd330ca574b5edab/gnocchi.d804f675-d853-49de-8269-c88a22858f7d" 404 - "HEAD http://[::1]:8080/v1/AUTH_53b9bcf7d8194db7bd330ca574b5edab/gnocchi.d804f675-d853-49de-8269-c88a22858f7d" "txb20d5a569cfd47ea91d1b-00692c9019" "proxy-server 97815" 0.0002 "-" 96490 0
Nov 30 13:42:33 np0005540255.novalocal proxy-server[97815]: - - 30/Nov/2025/18/42/33 HEAD /v1/AUTH_53b9bcf7d8194db7bd330ca574b5edab/gnocchi.d804f675-d853-49de-8269-c88a22858f7d HTTP/1.0 404 - Swift - - - - txb20d5a569cfd47ea91d1b-00692c9019 - 0.0066 CS - 1764528153.208459854 1764528153.215045929 0
Nov 30 13:42:33 np0005540255.novalocal container-server[96491]: ::1 - - [30/Nov/2025:18:42:33 +0000] "PUT /2/46652/AUTH_53b9bcf7d8194db7bd330ca574b5edab/gnocchi.f3b12b52-c7b3-48ef-9218-eb8df48b6afb" 201 - "PUT https://[::1]:8080/v1/AUTH_53b9bcf7d8194db7bd330ca574b5edab/gnocchi.f3b12b52-c7b3-48ef-9218-eb8df48b6afb" "tx78a7d989f90b484495694-00692c9019" "proxy-server 97815" 0.0413 "-" 96491 0
Nov 30 13:42:33 np0005540255.novalocal container-server[96491]: ::1 - - [30/Nov/2025:18:42:33 +0000] "PUT /1/46652/AUTH_53b9bcf7d8194db7bd330ca574b5edab/gnocchi.f3b12b52-c7b3-48ef-9218-eb8df48b6afb" 201 - "PUT https://[::1]:8080/v1/AUTH_53b9bcf7d8194db7bd330ca574b5edab/gnocchi.f3b12b52-c7b3-48ef-9218-eb8df48b6afb" "tx78a7d989f90b484495694-00692c9019" "proxy-server 97815" 0.0284 "-" 96491 0
Nov 30 13:42:33 np0005540255.novalocal object-server[96823]: ::1 - - [30/Nov/2025:18:42:33 +0000] "GET /3/148352/AUTH_53b9bcf7d8194db7bd330ca574b5edab/gnocchi.d804f675-d853-49de-8269-c88a22858f7d/none_v3" 404 70 "GET https://[::1]:8080/v1/AUTH_53b9bcf7d8194db7bd330ca574b5edab/gnocchi.d804f675-d853-49de-8269-c88a22858f7d/none_v3" "txb20d5a569cfd47ea91d1b-00692c9019" "proxy-server 97815" 0.0003 "-" 96823 0
Nov 30 13:42:33 np0005540255.novalocal proxy-server[97815]: ::1 ::1 30/Nov/2025/18/42/33 PUT /v1/AUTH_53b9bcf7d8194db7bd330ca574b5edab/gnocchi.f3b12b52-c7b3-48ef-9218-eb8df48b6afb HTTP/1.0 201 - python-swiftclient-4.7.0 gAAAAABpLI-5FlkI... - - - tx78a7d989f90b484495694-00692c9019 - 0.0645 - - 1764528153.155482054 1764528153.219972610 0
Nov 30 13:42:33 np0005540255.novalocal object-server[96823]: ::1 - - [30/Nov/2025:18:42:33 +0000] "GET /1/148352/AUTH_53b9bcf7d8194db7bd330ca574b5edab/gnocchi.d804f675-d853-49de-8269-c88a22858f7d/none_v3" 404 70 "GET https://[::1]:8080/v1/AUTH_53b9bcf7d8194db7bd330ca574b5edab/gnocchi.d804f675-d853-49de-8269-c88a22858f7d/none_v3" "txb20d5a569cfd47ea91d1b-00692c9019" "proxy-server 97815" 0.0002 "-" 96823 0
Nov 30 13:42:33 np0005540255.novalocal object-server[96823]: ::1 - - [30/Nov/2025:18:42:33 +0000] "GET /2/148352/AUTH_53b9bcf7d8194db7bd330ca574b5edab/gnocchi.d804f675-d853-49de-8269-c88a22858f7d/none_v3" 404 70 "GET https://[::1]:8080/v1/AUTH_53b9bcf7d8194db7bd330ca574b5edab/gnocchi.d804f675-d853-49de-8269-c88a22858f7d/none_v3" "txb20d5a569cfd47ea91d1b-00692c9019" "proxy-server 97815" 0.0002 "-" 96823 0
Nov 30 13:42:33 np0005540255.novalocal proxy-server[97815]: ::1 ::1 30/Nov/2025/18/42/33 GET /v1/AUTH_53b9bcf7d8194db7bd330ca574b5edab/gnocchi.d804f675-d853-49de-8269-c88a22858f7d/none_v3 HTTP/1.0 404 - python-swiftclient-4.7.0 gAAAAABpLI-56T9k... - 70 - txb20d5a569cfd47ea91d1b-00692c9019 - 0.0182 - - 1764528153.207841635 1764528153.226053238 0
Nov 30 13:42:33 np0005540255.novalocal container-server[96490]: ::1 - - [30/Nov/2025:18:42:33 +0000] "HEAD /3/46652/AUTH_53b9bcf7d8194db7bd330ca574b5edab/gnocchi.f3b12b52-c7b3-48ef-9218-eb8df48b6afb" 204 - "HEAD http://[::1]:8080/v1/AUTH_53b9bcf7d8194db7bd330ca574b5edab/gnocchi.f3b12b52-c7b3-48ef-9218-eb8df48b6afb" "txf4684e16321b4b37bac46-00692c9019" "proxy-server 97815" 0.0014 "-" 96490 0
Nov 30 13:42:33 np0005540255.novalocal proxy-server[97815]: - - 30/Nov/2025/18/42/33 HEAD /v1/AUTH_53b9bcf7d8194db7bd330ca574b5edab/gnocchi.f3b12b52-c7b3-48ef-9218-eb8df48b6afb HTTP/1.0 204 - Swift - - - - txf4684e16321b4b37bac46-00692c9019 - 0.0040 CS - 1764528153.224316359 1764528153.228322983 0
Nov 30 13:42:33 np0005540255.novalocal container-server[96490]: ::1 - - [30/Nov/2025:18:42:33 +0000] "GET /3/46652/AUTH_53b9bcf7d8194db7bd330ca574b5edab/gnocchi.f3b12b52-c7b3-48ef-9218-eb8df48b6afb" 200 2 "GET https://[::1]:8080/v1/AUTH_53b9bcf7d8194db7bd330ca574b5edab/gnocchi.f3b12b52-c7b3-48ef-9218-eb8df48b6afb?format=json&states=listing" "txf4684e16321b4b37bac46-00692c9019" "proxy-server 97815" 0.0020 "-" 96490 0
Nov 30 13:42:33 np0005540255.novalocal proxy-server[97815]: ::1 ::1 30/Nov/2025/18/42/33 GET /v1/AUTH_53b9bcf7d8194db7bd330ca574b5edab/gnocchi.f3b12b52-c7b3-48ef-9218-eb8df48b6afb%3Fformat%3Djson%26states%3Dlisting HTTP/1.0 200 - python-swiftclient-4.7.0 gAAAAABpLI-5FlkI... - 2 - txf4684e16321b4b37bac46-00692c9019 - 0.0138 - - 1764528153.223215818 1764528153.236972332 0
Nov 30 13:42:33 np0005540255.novalocal object-server[96824]: ::1 - - [30/Nov/2025:18:42:33 +0000] "GET /3/96290/AUTH_53b9bcf7d8194db7bd330ca574b5edab/gnocchi.f3b12b52-c7b3-48ef-9218-eb8df48b6afb/1763640000.0_mean_300.0_v3" 404 70 "GET https://[::1]:8080/v1/AUTH_53b9bcf7d8194db7bd330ca574b5edab/gnocchi.f3b12b52-c7b3-48ef-9218-eb8df48b6afb/1763640000.0_mean_300.0_v3" "tx8d1569949bed47458ce72-00692c9019" "proxy-server 97815" 0.0003 "-" 96824 0
Nov 30 13:42:33 np0005540255.novalocal object-server[96824]: ::1 - - [30/Nov/2025:18:42:33 +0000] "GET /1/96290/AUTH_53b9bcf7d8194db7bd330ca574b5edab/gnocchi.f3b12b52-c7b3-48ef-9218-eb8df48b6afb/1763640000.0_mean_300.0_v3" 404 70 "GET https://[::1]:8080/v1/AUTH_53b9bcf7d8194db7bd330ca574b5edab/gnocchi.f3b12b52-c7b3-48ef-9218-eb8df48b6afb/1763640000.0_mean_300.0_v3" "tx8d1569949bed47458ce72-00692c9019" "proxy-server 97815" 0.0002 "-" 96824 0
Nov 30 13:42:33 np0005540255.novalocal object-server[96823]: ::1 - - [30/Nov/2025:18:42:33 +0000] "GET /2/96290/AUTH_53b9bcf7d8194db7bd330ca574b5edab/gnocchi.f3b12b52-c7b3-48ef-9218-eb8df48b6afb/1763640000.0_mean_300.0_v3" 404 70 "GET https://[::1]:8080/v1/AUTH_53b9bcf7d8194db7bd330ca574b5edab/gnocchi.f3b12b52-c7b3-48ef-9218-eb8df48b6afb/1763640000.0_mean_300.0_v3" "tx8d1569949bed47458ce72-00692c9019" "proxy-server 97815" 0.0003 "-" 96823 0
Nov 30 13:42:33 np0005540255.novalocal proxy-server[97815]: ::1 ::1 30/Nov/2025/18/42/33 GET /v1/AUTH_53b9bcf7d8194db7bd330ca574b5edab/gnocchi.f3b12b52-c7b3-48ef-9218-eb8df48b6afb/1763640000.0_mean_300.0_v3 HTTP/1.0 404 - python-swiftclient-4.7.0 gAAAAABpLI-5FlkI... - 70 - tx8d1569949bed47458ce72-00692c9019 - 0.0112 - - 1764528153.239394188 1764528153.250575542 0
Nov 30 13:42:33 np0005540255.novalocal account-server[96196]: ::1 - - [30/Nov/2025:18:42:33 +0000] "PUT /1/128474/AUTH_53b9bcf7d8194db7bd330ca574b5edab/gnocchi.d804f675-d853-49de-8269-c88a22858f7d" 201 - "PUT http://[::1]:6001/3/96489/AUTH_53b9bcf7d8194db7bd330ca574b5edab/gnocchi.d804f675-d853-49de-8269-c88a22858f7d" "tx781e190962ba44c8b5168-00692c9019" "container-server 96491" 0.0047 "-" 96196 0
Nov 30 13:42:33 np0005540255.novalocal container-server[96490]: ::1 - - [30/Nov/2025:18:42:33 +0000] "PUT /2/46652/AUTH_53b9bcf7d8194db7bd330ca574b5edab/gnocchi.f3b12b52-c7b3-48ef-9218-eb8df48b6afb/1763640000.0_mean_300.0_v3" 201 - "PUT http://[::1]:8080/2/96290/AUTH_53b9bcf7d8194db7bd330ca574b5edab/gnocchi.f3b12b52-c7b3-48ef-9218-eb8df48b6afb/1763640000.0_mean_300.0_v3" "tx2e8f7d82d4ea49c1b1ca5-00692c9019" "object-server 96824" 0.0006 "-" 96490 0
Nov 30 13:42:33 np0005540255.novalocal object-server[96824]: ::1 - - [30/Nov/2025:18:42:33 +0000] "PUT /2/96290/AUTH_53b9bcf7d8194db7bd330ca574b5edab/gnocchi.f3b12b52-c7b3-48ef-9218-eb8df48b6afb/1763640000.0_mean_300.0_v3" 201 - "PUT https://[::1]:8080/v1/AUTH_53b9bcf7d8194db7bd330ca574b5edab/gnocchi.f3b12b52-c7b3-48ef-9218-eb8df48b6afb/1763640000.0_mean_300.0_v3" "tx2e8f7d82d4ea49c1b1ca5-00692c9019" "proxy-server 97815" 0.0108 "-" 96824 0
Nov 30 13:42:33 np0005540255.novalocal container-server[96490]: ::1 - - [30/Nov/2025:18:42:33 +0000] "PUT /3/46652/AUTH_53b9bcf7d8194db7bd330ca574b5edab/gnocchi.f3b12b52-c7b3-48ef-9218-eb8df48b6afb/1763640000.0_mean_300.0_v3" 201 - "PUT http://[::1]:8080/1/96290/AUTH_53b9bcf7d8194db7bd330ca574b5edab/gnocchi.f3b12b52-c7b3-48ef-9218-eb8df48b6afb/1763640000.0_mean_300.0_v3" "tx2e8f7d82d4ea49c1b1ca5-00692c9019" "object-server 96824" 0.0004 "-" 96490 0
Nov 30 13:42:33 np0005540255.novalocal object-server[96824]: ::1 - - [30/Nov/2025:18:42:33 +0000] "PUT /1/96290/AUTH_53b9bcf7d8194db7bd330ca574b5edab/gnocchi.f3b12b52-c7b3-48ef-9218-eb8df48b6afb/1763640000.0_mean_300.0_v3" 201 - "PUT https://[::1]:8080/v1/AUTH_53b9bcf7d8194db7bd330ca574b5edab/gnocchi.f3b12b52-c7b3-48ef-9218-eb8df48b6afb/1763640000.0_mean_300.0_v3" "tx2e8f7d82d4ea49c1b1ca5-00692c9019" "proxy-server 97815" 0.0104 "-" 96824 0
Nov 30 13:42:33 np0005540255.novalocal container-server[96491]: ::1 - - [30/Nov/2025:18:42:33 +0000] "PUT /3/96489/AUTH_53b9bcf7d8194db7bd330ca574b5edab/gnocchi.d804f675-d853-49de-8269-c88a22858f7d" 201 - "PUT https://[::1]:8080/v1/AUTH_53b9bcf7d8194db7bd330ca574b5edab/gnocchi.d804f675-d853-49de-8269-c88a22858f7d" "tx781e190962ba44c8b5168-00692c9019" "proxy-server 97815" 0.0392 "-" 96491 0
Nov 30 13:42:33 np0005540255.novalocal container-server[96491]: ::1 - - [30/Nov/2025:18:42:33 +0000] "PUT /1/46652/AUTH_53b9bcf7d8194db7bd330ca574b5edab/gnocchi.f3b12b52-c7b3-48ef-9218-eb8df48b6afb/1763640000.0_mean_300.0_v3" 201 - "PUT http://[::1]:8080/3/96290/AUTH_53b9bcf7d8194db7bd330ca574b5edab/gnocchi.f3b12b52-c7b3-48ef-9218-eb8df48b6afb/1763640000.0_mean_300.0_v3" "tx2e8f7d82d4ea49c1b1ca5-00692c9019" "object-server 96823" 0.0005 "-" 96491 0
Nov 30 13:42:33 np0005540255.novalocal account-server[96195]: ::1 - - [30/Nov/2025:18:42:33 +0000] "PUT /3/128474/AUTH_53b9bcf7d8194db7bd330ca574b5edab/gnocchi.d804f675-d853-49de-8269-c88a22858f7d" 201 - "PUT http://[::1]:6001/1/96489/AUTH_53b9bcf7d8194db7bd330ca574b5edab/gnocchi.d804f675-d853-49de-8269-c88a22858f7d" "tx781e190962ba44c8b5168-00692c9019" "container-server 96491" 0.0044 "-" 96195 0
Nov 30 13:42:33 np0005540255.novalocal container-server[96491]: ::1 - - [30/Nov/2025:18:42:33 +0000] "PUT /1/96489/AUTH_53b9bcf7d8194db7bd330ca574b5edab/gnocchi.d804f675-d853-49de-8269-c88a22858f7d" 201 - "PUT https://[::1]:8080/v1/AUTH_53b9bcf7d8194db7bd330ca574b5edab/gnocchi.d804f675-d853-49de-8269-c88a22858f7d" "tx781e190962ba44c8b5168-00692c9019" "proxy-server 97815" 0.0169 "-" 96491 0
Nov 30 13:42:33 np0005540255.novalocal account-server[96196]: ::1 - - [30/Nov/2025:18:42:33 +0000] "PUT /2/128474/AUTH_53b9bcf7d8194db7bd330ca574b5edab/gnocchi.d804f675-d853-49de-8269-c88a22858f7d" 201 - "PUT http://[::1]:6001/2/96489/AUTH_53b9bcf7d8194db7bd330ca574b5edab/gnocchi.d804f675-d853-49de-8269-c88a22858f7d" "tx781e190962ba44c8b5168-00692c9019" "container-server 96491" 0.0039 "-" 96196 0
Nov 30 13:42:33 np0005540255.novalocal object-server[96823]: ::1 - - [30/Nov/2025:18:42:33 +0000] "PUT /3/96290/AUTH_53b9bcf7d8194db7bd330ca574b5edab/gnocchi.f3b12b52-c7b3-48ef-9218-eb8df48b6afb/1763640000.0_mean_300.0_v3" 201 - "PUT https://[::1]:8080/v1/AUTH_53b9bcf7d8194db7bd330ca574b5edab/gnocchi.f3b12b52-c7b3-48ef-9218-eb8df48b6afb/1763640000.0_mean_300.0_v3" "tx2e8f7d82d4ea49c1b1ca5-00692c9019" "proxy-server 97815" 0.0217 "-" 96823 0
Nov 30 13:42:33 np0005540255.novalocal container-server[96491]: ::1 - - [30/Nov/2025:18:42:33 +0000] "PUT /2/96489/AUTH_53b9bcf7d8194db7bd330ca574b5edab/gnocchi.d804f675-d853-49de-8269-c88a22858f7d" 201 - "PUT https://[::1]:8080/v1/AUTH_53b9bcf7d8194db7bd330ca574b5edab/gnocchi.d804f675-d853-49de-8269-c88a22858f7d" "tx781e190962ba44c8b5168-00692c9019" "proxy-server 97815" 0.0315 "-" 96491 0
Nov 30 13:42:33 np0005540255.novalocal proxy-server[97815]: ::1 ::1 30/Nov/2025/18/42/33 PUT /v1/AUTH_53b9bcf7d8194db7bd330ca574b5edab/gnocchi.f3b12b52-c7b3-48ef-9218-eb8df48b6afb/1763640000.0_mean_300.0_v3 HTTP/1.0 201 - python-swiftclient-4.7.0 gAAAAABpLI-5FlkI... 16 - - tx2e8f7d82d4ea49c1b1ca5-00692c9019 - 0.0307 - - 1764528153.252411604 1764528153.283078432 0
Nov 30 13:42:33 np0005540255.novalocal proxy-server[97815]: ::1 ::1 30/Nov/2025/18/42/33 PUT /v1/AUTH_53b9bcf7d8194db7bd330ca574b5edab/gnocchi.d804f675-d853-49de-8269-c88a22858f7d HTTP/1.0 201 - python-swiftclient-4.7.0 gAAAAABpLI-56T9k... - - - tx781e190962ba44c8b5168-00692c9019 - 0.0552 - - 1764528153.229466200 1764528153.284702778 0
Nov 30 13:42:33 np0005540255.novalocal container-server[96490]: ::1 - - [30/Nov/2025:18:42:33 +0000] "HEAD /1/96489/AUTH_53b9bcf7d8194db7bd330ca574b5edab/gnocchi.d804f675-d853-49de-8269-c88a22858f7d" 204 - "HEAD http://[::1]:8080/v1/AUTH_53b9bcf7d8194db7bd330ca574b5edab/gnocchi.d804f675-d853-49de-8269-c88a22858f7d" "txb18114c13338472583bf9-00692c9019" "proxy-server 97815" 0.0014 "-" 96490 0
Nov 30 13:42:33 np0005540255.novalocal proxy-server[97815]: - - 30/Nov/2025/18/42/33 HEAD /v1/AUTH_53b9bcf7d8194db7bd330ca574b5edab/gnocchi.d804f675-d853-49de-8269-c88a22858f7d HTTP/1.0 204 - Swift - - - - txb18114c13338472583bf9-00692c9019 - 0.0087 CS - 1764528153.288671255 1764528153.297378778 0
Nov 30 13:42:33 np0005540255.novalocal container-server[96490]: ::1 - - [30/Nov/2025:18:42:33 +0000] "GET /1/96489/AUTH_53b9bcf7d8194db7bd330ca574b5edab/gnocchi.d804f675-d853-49de-8269-c88a22858f7d" 200 2 "GET https://[::1]:8080/v1/AUTH_53b9bcf7d8194db7bd330ca574b5edab/gnocchi.d804f675-d853-49de-8269-c88a22858f7d?format=json&states=listing" "txb18114c13338472583bf9-00692c9019" "proxy-server 97815" 0.0021 "-" 96490 0
Nov 30 13:42:33 np0005540255.novalocal proxy-server[97815]: ::1 ::1 30/Nov/2025/18/42/33 GET /v1/AUTH_53b9bcf7d8194db7bd330ca574b5edab/gnocchi.d804f675-d853-49de-8269-c88a22858f7d%3Fformat%3Djson%26states%3Dlisting HTTP/1.0 200 - python-swiftclient-4.7.0 gAAAAABpLI-56T9k... - 2 - txb18114c13338472583bf9-00692c9019 - 0.0200 - - 1764528153.287648201 1764528153.307677746 0
Nov 30 13:42:33 np0005540255.novalocal container-server[96491]: ::1 - - [30/Nov/2025:18:42:33 +0000] "PUT /1/46652/AUTH_53b9bcf7d8194db7bd330ca574b5edab/gnocchi.f3b12b52-c7b3-48ef-9218-eb8df48b6afb/none_v3" 201 - "PUT http://[::1]:8080/1/219616/AUTH_53b9bcf7d8194db7bd330ca574b5edab/gnocchi.f3b12b52-c7b3-48ef-9218-eb8df48b6afb/none_v3" "tx103c2581da994d48b0f99-00692c9019" "object-server 96823" 0.0005 "-" 96491 0
Nov 30 13:42:33 np0005540255.novalocal container-server[96490]: ::1 - - [30/Nov/2025:18:42:33 +0000] "PUT /3/46652/AUTH_53b9bcf7d8194db7bd330ca574b5edab/gnocchi.f3b12b52-c7b3-48ef-9218-eb8df48b6afb/none_v3" 201 - "PUT http://[::1]:8080/3/219616/AUTH_53b9bcf7d8194db7bd330ca574b5edab/gnocchi.f3b12b52-c7b3-48ef-9218-eb8df48b6afb/none_v3" "tx103c2581da994d48b0f99-00692c9019" "object-server 96824" 0.0005 "-" 96490 0
Nov 30 13:42:33 np0005540255.novalocal object-server[96823]: ::1 - - [30/Nov/2025:18:42:33 +0000] "PUT /1/219616/AUTH_53b9bcf7d8194db7bd330ca574b5edab/gnocchi.f3b12b52-c7b3-48ef-9218-eb8df48b6afb/none_v3" 201 - "PUT https://[::1]:8080/v1/AUTH_53b9bcf7d8194db7bd330ca574b5edab/gnocchi.f3b12b52-c7b3-48ef-9218-eb8df48b6afb/none_v3" "tx103c2581da994d48b0f99-00692c9019" "proxy-server 97815" 0.0165 "-" 96823 0
Nov 30 13:42:33 np0005540255.novalocal container-server[96491]: ::1 - - [30/Nov/2025:18:42:33 +0000] "PUT /2/46652/AUTH_53b9bcf7d8194db7bd330ca574b5edab/gnocchi.f3b12b52-c7b3-48ef-9218-eb8df48b6afb/none_v3" 201 - "PUT http://[::1]:8080/2/219616/AUTH_53b9bcf7d8194db7bd330ca574b5edab/gnocchi.f3b12b52-c7b3-48ef-9218-eb8df48b6afb/none_v3" "tx103c2581da994d48b0f99-00692c9019" "object-server 96824" 0.0004 "-" 96491 0
Nov 30 13:42:33 np0005540255.novalocal object-server[96824]: ::1 - - [30/Nov/2025:18:42:33 +0000] "PUT /3/219616/AUTH_53b9bcf7d8194db7bd330ca574b5edab/gnocchi.f3b12b52-c7b3-48ef-9218-eb8df48b6afb/none_v3" 201 - "PUT https://[::1]:8080/v1/AUTH_53b9bcf7d8194db7bd330ca574b5edab/gnocchi.f3b12b52-c7b3-48ef-9218-eb8df48b6afb/none_v3" "tx103c2581da994d48b0f99-00692c9019" "proxy-server 97815" 0.0176 "-" 96824 0
Nov 30 13:42:33 np0005540255.novalocal object-server[96824]: ::1 - - [30/Nov/2025:18:42:33 +0000] "PUT /2/219616/AUTH_53b9bcf7d8194db7bd330ca574b5edab/gnocchi.f3b12b52-c7b3-48ef-9218-eb8df48b6afb/none_v3" 201 - "PUT https://[::1]:8080/v1/AUTH_53b9bcf7d8194db7bd330ca574b5edab/gnocchi.f3b12b52-c7b3-48ef-9218-eb8df48b6afb/none_v3" "tx103c2581da994d48b0f99-00692c9019" "proxy-server 97815" 0.0172 "-" 96824 0
Nov 30 13:42:33 np0005540255.novalocal proxy-server[97815]: ::1 ::1 30/Nov/2025/18/42/33 PUT /v1/AUTH_53b9bcf7d8194db7bd330ca574b5edab/gnocchi.f3b12b52-c7b3-48ef-9218-eb8df48b6afb/none_v3 HTTP/1.0 201 - python-swiftclient-4.7.0 gAAAAABpLI-5FlkI... 22 - - tx103c2581da994d48b0f99-00692c9019 - 0.0333 - - 1764528153.285447598 1764528153.318764448 0
Nov 30 13:42:33 np0005540255.novalocal object-server[96823]: ::1 - - [30/Nov/2025:18:42:33 +0000] "GET /3/232044/AUTH_53b9bcf7d8194db7bd330ca574b5edab/gnocchi.d804f675-d853-49de-8269-c88a22858f7d/1763640000.0_mean_300.0_v3" 404 70 "GET https://[::1]:8080/v1/AUTH_53b9bcf7d8194db7bd330ca574b5edab/gnocchi.d804f675-d853-49de-8269-c88a22858f7d/1763640000.0_mean_300.0_v3" "txf59b6aceff2d448c885a0-00692c9019" "proxy-server 97815" 0.0004 "-" 96823 0
