Nov 30 13:40:58 np0005540255.novalocal object-server[96824]: ::1 - - [30/Nov/2025:18:40:58 +0000] "PUT /2/125240/AUTH_53b9bcf7d8194db7bd330ca574b5edab/gnocchi.711d3b8e-1332-4e52-836b-5353cdd29032/1763640000.0_mean_300.0_v3" 201 - "PUT https://[::1]:8080/v1/AUTH_53b9bcf7d8194db7bd330ca574b5edab/gnocchi.711d3b8e-1332-4e52-836b-5353cdd29032/1763640000.0_mean_300.0_v3" "txfbe40260cf284e68b60ea-00692c8fba" "proxy-server 97815" 0.0311 "-" 96824 0
Nov 30 13:40:58 np0005540255.novalocal object-server[96824]: ::1 - - [30/Nov/2025:18:40:58 +0000] "PUT /3/125240/AUTH_53b9bcf7d8194db7bd330ca574b5edab/gnocchi.711d3b8e-1332-4e52-836b-5353cdd29032/1763640000.0_mean_300.0_v3" 201 - "PUT https://[::1]:8080/v1/AUTH_53b9bcf7d8194db7bd330ca574b5edab/gnocchi.711d3b8e-1332-4e52-836b-5353cdd29032/1763640000.0_mean_300.0_v3" "txfbe40260cf284e68b60ea-00692c8fba" "proxy-server 97815" 0.0379 "-" 96824 0
Nov 30 13:40:58 np0005540255.novalocal proxy-server[97815]: ::1 ::1 30/Nov/2025/18/40/58 PUT /v1/AUTH_53b9bcf7d8194db7bd330ca574b5edab/gnocchi.711d3b8e-1332-4e52-836b-5353cdd29032/1763640000.0_mean_300.0_v3 HTTP/1.0 201 - python-swiftclient-4.7.0 gAAAAABpLI-56T9k... 16 - - txfbe40260cf284e68b60ea-00692c8fba - 0.0465 - - 1764528058.159977674 1764528058.206480980 0
Nov 30 13:40:58 np0005540255.novalocal container-server[96490]: ::1 - - [30/Nov/2025:18:40:58 +0000] "GET /2/230299/AUTH_53b9bcf7d8194db7bd330ca574b5edab/gnocchi.43401904-9cb1-43fe-a6ef-53832c65a94b" 200 2 "GET https://[::1]:8080/v1/AUTH_53b9bcf7d8194db7bd330ca574b5edab/gnocchi.43401904-9cb1-43fe-a6ef-53832c65a94b?format=json&states=listing" "tx0b977a4d9cef4f2b9f4f0-00692c8fba" "proxy-server 97815" 0.0033 "-" 96490 0
Nov 30 13:40:58 np0005540255.novalocal proxy-server[97815]: ::1 ::1 30/Nov/2025/18/40/58 GET /v1/AUTH_53b9bcf7d8194db7bd330ca574b5edab/gnocchi.43401904-9cb1-43fe-a6ef-53832c65a94b%3Fformat%3Djson%26states%3Dlisting HTTP/1.0 200 - python-swiftclient-4.7.0 gAAAAABpLI-5FlkI... - 2 - tx0b977a4d9cef4f2b9f4f0-00692c8fba - 0.0322 - - 1764528058.186138153 1764528058.218337059 0
Nov 30 13:40:58 np0005540255.novalocal object-server[96824]: ::1 - - [30/Nov/2025:18:40:58 +0000] "GET /2/137697/AUTH_53b9bcf7d8194db7bd330ca574b5edab/gnocchi.43401904-9cb1-43fe-a6ef-53832c65a94b/1763640000.0_mean_300.0_v3" 404 70 "GET https://[::1]:8080/v1/AUTH_53b9bcf7d8194db7bd330ca574b5edab/gnocchi.43401904-9cb1-43fe-a6ef-53832c65a94b/1763640000.0_mean_300.0_v3" "tx42e742fd80f74f20a014d-00692c8fba" "proxy-server 97815" 0.0004 "-" 96824 0
Nov 30 13:40:58 np0005540255.novalocal container-server[96490]: ::1 - - [30/Nov/2025:18:40:58 +0000] "PUT /1/220870/AUTH_53b9bcf7d8194db7bd330ca574b5edab/gnocchi.711d3b8e-1332-4e52-836b-5353cdd29032/none_v3" 201 - "PUT http://[::1]:8080/1/227740/AUTH_53b9bcf7d8194db7bd330ca574b5edab/gnocchi.711d3b8e-1332-4e52-836b-5353cdd29032/none_v3" "txc99dc14f19fe477baa02a-00692c8fba" "object-server 96824" 0.0004 "-" 96490 0
Nov 30 13:40:58 np0005540255.novalocal object-server[96824]: ::1 - - [30/Nov/2025:18:40:58 +0000] "PUT /1/227740/AUTH_53b9bcf7d8194db7bd330ca574b5edab/gnocchi.711d3b8e-1332-4e52-836b-5353cdd29032/none_v3" 201 - "PUT https://[::1]:8080/v1/AUTH_53b9bcf7d8194db7bd330ca574b5edab/gnocchi.711d3b8e-1332-4e52-836b-5353cdd29032/none_v3" "txc99dc14f19fe477baa02a-00692c8fba" "proxy-server 97815" 0.0161 "-" 96824 0
Nov 30 13:40:58 np0005540255.novalocal container-server[96491]: ::1 - - [30/Nov/2025:18:40:58 +0000] "PUT /3/220870/AUTH_53b9bcf7d8194db7bd330ca574b5edab/gnocchi.711d3b8e-1332-4e52-836b-5353cdd29032/none_v3" 201 - "PUT http://[::1]:8080/3/227740/AUTH_53b9bcf7d8194db7bd330ca574b5edab/gnocchi.711d3b8e-1332-4e52-836b-5353cdd29032/none_v3" "txc99dc14f19fe477baa02a-00692c8fba" "object-server 96824" 0.0010 "-" 96491 0
Nov 30 13:40:58 np0005540255.novalocal object-server[96824]: ::1 - - [30/Nov/2025:18:40:58 +0000] "PUT /3/227740/AUTH_53b9bcf7d8194db7bd330ca574b5edab/gnocchi.711d3b8e-1332-4e52-836b-5353cdd29032/none_v3" 201 - "PUT https://[::1]:8080/v1/AUTH_53b9bcf7d8194db7bd330ca574b5edab/gnocchi.711d3b8e-1332-4e52-836b-5353cdd29032/none_v3" "txc99dc14f19fe477baa02a-00692c8fba" "proxy-server 97815" 0.0202 "-" 96824 0
Nov 30 13:40:58 np0005540255.novalocal object-server[96823]: ::1 - - [30/Nov/2025:18:40:58 +0000] "GET /3/137697/AUTH_53b9bcf7d8194db7bd330ca574b5edab/gnocchi.43401904-9cb1-43fe-a6ef-53832c65a94b/1763640000.0_mean_300.0_v3" 404 70 "GET https://[::1]:8080/v1/AUTH_53b9bcf7d8194db7bd330ca574b5edab/gnocchi.43401904-9cb1-43fe-a6ef-53832c65a94b/1763640000.0_mean_300.0_v3" "tx42e742fd80f74f20a014d-00692c8fba" "proxy-server 97815" 0.0006 "-" 96823 0
Nov 30 13:40:58 np0005540255.novalocal container-server[96490]: ::1 - - [30/Nov/2025:18:40:58 +0000] "PUT /2/220870/AUTH_53b9bcf7d8194db7bd330ca574b5edab/gnocchi.711d3b8e-1332-4e52-836b-5353cdd29032/none_v3" 201 - "PUT http://[::1]:8080/2/227740/AUTH_53b9bcf7d8194db7bd330ca574b5edab/gnocchi.711d3b8e-1332-4e52-836b-5353cdd29032/none_v3" "txc99dc14f19fe477baa02a-00692c8fba" "object-server 96823" 0.0005 "-" 96490 0
Nov 30 13:40:58 np0005540255.novalocal object-server[96823]: ::1 - - [30/Nov/2025:18:40:58 +0000] "GET /1/137697/AUTH_53b9bcf7d8194db7bd330ca574b5edab/gnocchi.43401904-9cb1-43fe-a6ef-53832c65a94b/1763640000.0_mean_300.0_v3" 404 70 "GET https://[::1]:8080/v1/AUTH_53b9bcf7d8194db7bd330ca574b5edab/gnocchi.43401904-9cb1-43fe-a6ef-53832c65a94b/1763640000.0_mean_300.0_v3" "tx42e742fd80f74f20a014d-00692c8fba" "proxy-server 97815" 0.0004 "-" 96823 0
Nov 30 13:40:58 np0005540255.novalocal proxy-server[97815]: ::1 ::1 30/Nov/2025/18/40/58 GET /v1/AUTH_53b9bcf7d8194db7bd330ca574b5edab/gnocchi.43401904-9cb1-43fe-a6ef-53832c65a94b/1763640000.0_mean_300.0_v3 HTTP/1.0 404 - python-swiftclient-4.7.0 gAAAAABpLI-5FlkI... - 70 - tx42e742fd80f74f20a014d-00692c8fba - 0.0221 - - 1764528058.225052118 1764528058.247182131 0
Nov 30 13:40:58 np0005540255.novalocal object-server[96823]: ::1 - - [30/Nov/2025:18:40:58 +0000] "PUT /2/227740/AUTH_53b9bcf7d8194db7bd330ca574b5edab/gnocchi.711d3b8e-1332-4e52-836b-5353cdd29032/none_v3" 201 - "PUT https://[::1]:8080/v1/AUTH_53b9bcf7d8194db7bd330ca574b5edab/gnocchi.711d3b8e-1332-4e52-836b-5353cdd29032/none_v3" "txc99dc14f19fe477baa02a-00692c8fba" "proxy-server 97815" 0.0295 "-" 96823 0
Nov 30 13:40:58 np0005540255.novalocal proxy-server[97815]: ::1 ::1 30/Nov/2025/18/40/58 PUT /v1/AUTH_53b9bcf7d8194db7bd330ca574b5edab/gnocchi.711d3b8e-1332-4e52-836b-5353cdd29032/none_v3 HTTP/1.0 201 - python-swiftclient-4.7.0 gAAAAABpLI-56T9k... 22 - - txc99dc14f19fe477baa02a-00692c8fba - 0.0380 - - 1764528058.210224628 1764528058.248271704 0
Nov 30 13:40:58 np0005540255.novalocal container-server[96490]: ::1 - - [30/Nov/2025:18:40:58 +0000] "PUT /1/230299/AUTH_53b9bcf7d8194db7bd330ca574b5edab/gnocchi.43401904-9cb1-43fe-a6ef-53832c65a94b/1763640000.0_mean_300.0_v3" 201 - "PUT http://[::1]:8080/1/137697/AUTH_53b9bcf7d8194db7bd330ca574b5edab/gnocchi.43401904-9cb1-43fe-a6ef-53832c65a94b/1763640000.0_mean_300.0_v3" "tx82745a0b315c41e3be285-00692c8fba" "object-server 96824" 0.0007 "-" 96490 0
Nov 30 13:40:58 np0005540255.novalocal object-server[96824]: ::1 - - [30/Nov/2025:18:40:58 +0000] "PUT /1/137697/AUTH_53b9bcf7d8194db7bd330ca574b5edab/gnocchi.43401904-9cb1-43fe-a6ef-53832c65a94b/1763640000.0_mean_300.0_v3" 201 - "PUT https://[::1]:8080/v1/AUTH_53b9bcf7d8194db7bd330ca574b5edab/gnocchi.43401904-9cb1-43fe-a6ef-53832c65a94b/1763640000.0_mean_300.0_v3" "tx82745a0b315c41e3be285-00692c8fba" "proxy-server 97815" 0.0146 "-" 96824 0
Nov 30 13:40:58 np0005540255.novalocal container-server[96490]: ::1 - - [30/Nov/2025:18:40:58 +0000] "PUT /2/230299/AUTH_53b9bcf7d8194db7bd330ca574b5edab/gnocchi.43401904-9cb1-43fe-a6ef-53832c65a94b/1763640000.0_mean_300.0_v3" 201 - "PUT http://[::1]:8080/3/137697/AUTH_53b9bcf7d8194db7bd330ca574b5edab/gnocchi.43401904-9cb1-43fe-a6ef-53832c65a94b/1763640000.0_mean_300.0_v3" "tx82745a0b315c41e3be285-00692c8fba" "object-server 96824" 0.0005 "-" 96490 0
Nov 30 13:40:58 np0005540255.novalocal object-server[96824]: ::1 - - [30/Nov/2025:18:40:58 +0000] "PUT /3/137697/AUTH_53b9bcf7d8194db7bd330ca574b5edab/gnocchi.43401904-9cb1-43fe-a6ef-53832c65a94b/1763640000.0_mean_300.0_v3" 201 - "PUT https://[::1]:8080/v1/AUTH_53b9bcf7d8194db7bd330ca574b5edab/gnocchi.43401904-9cb1-43fe-a6ef-53832c65a94b/1763640000.0_mean_300.0_v3" "tx82745a0b315c41e3be285-00692c8fba" "proxy-server 97815" 0.0115 "-" 96824 0
Nov 30 13:40:58 np0005540255.novalocal container-server[96491]: ::1 - - [30/Nov/2025:18:40:58 +0000] "PUT /3/230299/AUTH_53b9bcf7d8194db7bd330ca574b5edab/gnocchi.43401904-9cb1-43fe-a6ef-53832c65a94b/1763640000.0_mean_300.0_v3" 201 - "PUT http://[::1]:8080/2/137697/AUTH_53b9bcf7d8194db7bd330ca574b5edab/gnocchi.43401904-9cb1-43fe-a6ef-53832c65a94b/1763640000.0_mean_300.0_v3" "tx82745a0b315c41e3be285-00692c8fba" "object-server 96824" 0.0020 "-" 96491 0
Nov 30 13:40:58 np0005540255.novalocal object-server[96824]: ::1 - - [30/Nov/2025:18:40:58 +0000] "PUT /2/137697/AUTH_53b9bcf7d8194db7bd330ca574b5edab/gnocchi.43401904-9cb1-43fe-a6ef-53832c65a94b/1763640000.0_mean_300.0_v3" 201 - "PUT https://[::1]:8080/v1/AUTH_53b9bcf7d8194db7bd330ca574b5edab/gnocchi.43401904-9cb1-43fe-a6ef-53832c65a94b/1763640000.0_mean_300.0_v3" "tx82745a0b315c41e3be285-00692c8fba" "proxy-server 97815" 0.0147 "-" 96824 0
Nov 30 13:40:58 np0005540255.novalocal proxy-server[97815]: ::1 ::1 30/Nov/2025/18/40/58 PUT /v1/AUTH_53b9bcf7d8194db7bd330ca574b5edab/gnocchi.43401904-9cb1-43fe-a6ef-53832c65a94b/1763640000.0_mean_300.0_v3 HTTP/1.0 201 - python-swiftclient-4.7.0 gAAAAABpLI-5FlkI... 16 - - tx82745a0b315c41e3be285-00692c8fba - 0.0270 - - 1764528058.250362158 1764528058.277312279 0
Nov 30 13:40:58 np0005540255.novalocal container-server[96490]: ::1 - - [30/Nov/2025:18:40:58 +0000] "PUT /3/230299/AUTH_53b9bcf7d8194db7bd330ca574b5edab/gnocchi.43401904-9cb1-43fe-a6ef-53832c65a94b/none_v3" 201 - "PUT http://[::1]:8080/3/69112/AUTH_53b9bcf7d8194db7bd330ca574b5edab/gnocchi.43401904-9cb1-43fe-a6ef-53832c65a94b/none_v3" "tx1ef72285d1a84720900d5-00692c8fba" "object-server 96824" 0.0011 "-" 96490 0
Nov 30 13:40:58 np0005540255.novalocal object-server[96824]: ::1 - - [30/Nov/2025:18:40:58 +0000] "PUT /3/69112/AUTH_53b9bcf7d8194db7bd330ca574b5edab/gnocchi.43401904-9cb1-43fe-a6ef-53832c65a94b/none_v3" 201 - "PUT https://[::1]:8080/v1/AUTH_53b9bcf7d8194db7bd330ca574b5edab/gnocchi.43401904-9cb1-43fe-a6ef-53832c65a94b/none_v3" "tx1ef72285d1a84720900d5-00692c8fba" "proxy-server 97815" 0.0126 "-" 96824 0
Nov 30 13:40:58 np0005540255.novalocal container-server[96490]: ::1 - - [30/Nov/2025:18:40:58 +0000] "PUT /2/230299/AUTH_53b9bcf7d8194db7bd330ca574b5edab/gnocchi.43401904-9cb1-43fe-a6ef-53832c65a94b/none_v3" 201 - "PUT http://[::1]:8080/1/69112/AUTH_53b9bcf7d8194db7bd330ca574b5edab/gnocchi.43401904-9cb1-43fe-a6ef-53832c65a94b/none_v3" "tx1ef72285d1a84720900d5-00692c8fba" "object-server 96823" 0.0007 "-" 96490 0
Nov 30 13:40:58 np0005540255.novalocal container-server[96490]: ::1 - - [30/Nov/2025:18:40:58 +0000] "PUT /1/230299/AUTH_53b9bcf7d8194db7bd330ca574b5edab/gnocchi.43401904-9cb1-43fe-a6ef-53832c65a94b/none_v3" 201 - "PUT http://[::1]:8080/2/69112/AUTH_53b9bcf7d8194db7bd330ca574b5edab/gnocchi.43401904-9cb1-43fe-a6ef-53832c65a94b/none_v3" "tx1ef72285d1a84720900d5-00692c8fba" "object-server 96823" 0.0004 "-" 96490 0
Nov 30 13:40:58 np0005540255.novalocal object-server[96823]: ::1 - - [30/Nov/2025:18:40:58 +0000] "PUT /1/69112/AUTH_53b9bcf7d8194db7bd330ca574b5edab/gnocchi.43401904-9cb1-43fe-a6ef-53832c65a94b/none_v3" 201 - "PUT https://[::1]:8080/v1/AUTH_53b9bcf7d8194db7bd330ca574b5edab/gnocchi.43401904-9cb1-43fe-a6ef-53832c65a94b/none_v3" "tx1ef72285d1a84720900d5-00692c8fba" "proxy-server 97815" 0.0162 "-" 96823 0
Nov 30 13:40:58 np0005540255.novalocal object-server[96823]: ::1 - - [30/Nov/2025:18:40:58 +0000] "PUT /2/69112/AUTH_53b9bcf7d8194db7bd330ca574b5edab/gnocchi.43401904-9cb1-43fe-a6ef-53832c65a94b/none_v3" 201 - "PUT https://[::1]:8080/v1/AUTH_53b9bcf7d8194db7bd330ca574b5edab/gnocchi.43401904-9cb1-43fe-a6ef-53832c65a94b/none_v3" "tx1ef72285d1a84720900d5-00692c8fba" "proxy-server 97815" 0.0192 "-" 96823 0
Nov 30 13:40:58 np0005540255.novalocal proxy-server[97815]: ::1 ::1 30/Nov/2025/18/40/58 PUT /v1/AUTH_53b9bcf7d8194db7bd330ca574b5edab/gnocchi.43401904-9cb1-43fe-a6ef-53832c65a94b/none_v3 HTTP/1.0 201 - python-swiftclient-4.7.0 gAAAAABpLI-5FlkI... 22 - - tx1ef72285d1a84720900d5-00692c8fba - 0.0270 - - 1764528058.281217337 1764528058.308180332 0
Nov 30 13:40:58 np0005540255.novalocal container-server[96491]: ::1 - - [30/Nov/2025:18:40:58 +0000] "HEAD /3/135816/AUTH_53b9bcf7d8194db7bd330ca574b5edab/gnocchi.179f2a92-3e14-424f-a629-c213901389dd" 404 - "HEAD http://[::1]:8080/v1/AUTH_53b9bcf7d8194db7bd330ca574b5edab/gnocchi.179f2a92-3e14-424f-a629-c213901389dd" "txb22f73a141ad4e59becb3-00692c8fba" "proxy-server 97815" 0.0004 "-" 96491 0
Nov 30 13:40:58 np0005540255.novalocal container-server[96491]: ::1 - - [30/Nov/2025:18:40:58 +0000] "HEAD /2/135816/AUTH_53b9bcf7d8194db7bd330ca574b5edab/gnocchi.179f2a92-3e14-424f-a629-c213901389dd" 404 - "HEAD http://[::1]:8080/v1/AUTH_53b9bcf7d8194db7bd330ca574b5edab/gnocchi.179f2a92-3e14-424f-a629-c213901389dd" "txb22f73a141ad4e59becb3-00692c8fba" "proxy-server 97815" 0.0003 "-" 96491 0
Nov 30 13:40:58 np0005540255.novalocal container-server[96491]: ::1 - - [30/Nov/2025:18:40:58 +0000] "HEAD /1/135816/AUTH_53b9bcf7d8194db7bd330ca574b5edab/gnocchi.179f2a92-3e14-424f-a629-c213901389dd" 404 - "HEAD http://[::1]:8080/v1/AUTH_53b9bcf7d8194db7bd330ca574b5edab/gnocchi.179f2a92-3e14-424f-a629-c213901389dd" "txb22f73a141ad4e59becb3-00692c8fba" "proxy-server 97815" 0.0003 "-" 96491 0
Nov 30 13:40:58 np0005540255.novalocal proxy-server[97815]: - - 30/Nov/2025/18/40/58 HEAD /v1/AUTH_53b9bcf7d8194db7bd330ca574b5edab/gnocchi.179f2a92-3e14-424f-a629-c213901389dd HTTP/1.0 404 - Swift - - - - txb22f73a141ad4e59becb3-00692c8fba - 0.0105 CS - 1764528058.317625046 1764528058.328138351 0
Nov 30 13:40:58 np0005540255.novalocal object-server[96824]: ::1 - - [30/Nov/2025:18:40:58 +0000] "GET /3/219575/AUTH_53b9bcf7d8194db7bd330ca574b5edab/gnocchi.179f2a92-3e14-424f-a629-c213901389dd/none_v3" 404 70 "GET https://[::1]:8080/v1/AUTH_53b9bcf7d8194db7bd330ca574b5edab/gnocchi.179f2a92-3e14-424f-a629-c213901389dd/none_v3" "txb22f73a141ad4e59becb3-00692c8fba" "proxy-server 97815" 0.0005 "-" 96824 0
Nov 30 13:40:58 np0005540255.novalocal object-server[96824]: ::1 - - [30/Nov/2025:18:40:58 +0000] "GET /1/219575/AUTH_53b9bcf7d8194db7bd330ca574b5edab/gnocchi.179f2a92-3e14-424f-a629-c213901389dd/none_v3" 404 70 "GET https://[::1]:8080/v1/AUTH_53b9bcf7d8194db7bd330ca574b5edab/gnocchi.179f2a92-3e14-424f-a629-c213901389dd/none_v3" "txb22f73a141ad4e59becb3-00692c8fba" "proxy-server 97815" 0.0003 "-" 96824 0
Nov 30 13:40:58 np0005540255.novalocal object-server[96824]: ::1 - - [30/Nov/2025:18:40:58 +0000] "GET /2/219575/AUTH_53b9bcf7d8194db7bd330ca574b5edab/gnocchi.179f2a92-3e14-424f-a629-c213901389dd/none_v3" 404 70 "GET https://[::1]:8080/v1/AUTH_53b9bcf7d8194db7bd330ca574b5edab/gnocchi.179f2a92-3e14-424f-a629-c213901389dd/none_v3" "txb22f73a141ad4e59becb3-00692c8fba" "proxy-server 97815" 0.0003 "-" 96824 0
Nov 30 13:40:58 np0005540255.novalocal proxy-server[97815]: ::1 ::1 30/Nov/2025/18/40/58 GET /v1/AUTH_53b9bcf7d8194db7bd330ca574b5edab/gnocchi.179f2a92-3e14-424f-a629-c213901389dd/none_v3 HTTP/1.0 404 - python-swiftclient-4.7.0 gAAAAABpLI-56T9k... - 70 - txb22f73a141ad4e59becb3-00692c8fba - 0.0331 - - 1764528058.316225052 1764528058.349277020 0
Nov 30 13:40:58 np0005540255.novalocal container-server[96491]: ::1 - - [30/Nov/2025:18:40:58 +0000] "HEAD /1/227363/AUTH_53b9bcf7d8194db7bd330ca574b5edab/gnocchi.f75ef159-6eb9-4f0e-b4bf-f90ba2e1a6e1" 404 - "HEAD http://[::1]:8080/v1/AUTH_53b9bcf7d8194db7bd330ca574b5edab/gnocchi.f75ef159-6eb9-4f0e-b4bf-f90ba2e1a6e1" "tx66861aaad8514f328a4a6-00692c8fba" "proxy-server 97815" 0.0003 "-" 96491 0
Nov 30 13:40:58 np0005540255.novalocal container-server[96491]: ::1 - - [30/Nov/2025:18:40:58 +0000] "HEAD /3/227363/AUTH_53b9bcf7d8194db7bd330ca574b5edab/gnocchi.f75ef159-6eb9-4f0e-b4bf-f90ba2e1a6e1" 404 - "HEAD http://[::1]:8080/v1/AUTH_53b9bcf7d8194db7bd330ca574b5edab/gnocchi.f75ef159-6eb9-4f0e-b4bf-f90ba2e1a6e1" "tx66861aaad8514f328a4a6-00692c8fba" "proxy-server 97815" 0.0004 "-" 96491 0
Nov 30 13:40:58 np0005540255.novalocal container-server[96491]: ::1 - - [30/Nov/2025:18:40:58 +0000] "HEAD /2/227363/AUTH_53b9bcf7d8194db7bd330ca574b5edab/gnocchi.f75ef159-6eb9-4f0e-b4bf-f90ba2e1a6e1" 404 - "HEAD http://[::1]:8080/v1/AUTH_53b9bcf7d8194db7bd330ca574b5edab/gnocchi.f75ef159-6eb9-4f0e-b4bf-f90ba2e1a6e1" "tx66861aaad8514f328a4a6-00692c8fba" "proxy-server 97815" 0.0003 "-" 96491 0
Nov 30 13:40:58 np0005540255.novalocal proxy-server[97815]: - - 30/Nov/2025/18/40/58 HEAD /v1/AUTH_53b9bcf7d8194db7bd330ca574b5edab/gnocchi.f75ef159-6eb9-4f0e-b4bf-f90ba2e1a6e1 HTTP/1.0 404 - Swift - - - - tx66861aaad8514f328a4a6-00692c8fba - 0.0118 CS - 1764528058.345931292 1764528058.357730150 0
Nov 30 13:40:58 np0005540255.novalocal object-server[96824]: ::1 - - [30/Nov/2025:18:40:58 +0000] "GET /3/158579/AUTH_53b9bcf7d8194db7bd330ca574b5edab/gnocchi.f75ef159-6eb9-4f0e-b4bf-f90ba2e1a6e1/none_v3" 404 70 "GET https://[::1]:8080/v1/AUTH_53b9bcf7d8194db7bd330ca574b5edab/gnocchi.f75ef159-6eb9-4f0e-b4bf-f90ba2e1a6e1/none_v3" "tx66861aaad8514f328a4a6-00692c8fba" "proxy-server 97815" 0.0003 "-" 96824 0
Nov 30 13:40:58 np0005540255.novalocal object-server[96823]: ::1 - - [30/Nov/2025:18:40:58 +0000] "GET /2/158579/AUTH_53b9bcf7d8194db7bd330ca574b5edab/gnocchi.f75ef159-6eb9-4f0e-b4bf-f90ba2e1a6e1/none_v3" 404 70 "GET https://[::1]:8080/v1/AUTH_53b9bcf7d8194db7bd330ca574b5edab/gnocchi.f75ef159-6eb9-4f0e-b4bf-f90ba2e1a6e1/none_v3" "tx66861aaad8514f328a4a6-00692c8fba" "proxy-server 97815" 0.0002 "-" 96823 0
Nov 30 13:40:58 np0005540255.novalocal object-server[96823]: ::1 - - [30/Nov/2025:18:40:58 +0000] "GET /1/158579/AUTH_53b9bcf7d8194db7bd330ca574b5edab/gnocchi.f75ef159-6eb9-4f0e-b4bf-f90ba2e1a6e1/none_v3" 404 70 "GET https://[::1]:8080/v1/AUTH_53b9bcf7d8194db7bd330ca574b5edab/gnocchi.f75ef159-6eb9-4f0e-b4bf-f90ba2e1a6e1/none_v3" "tx66861aaad8514f328a4a6-00692c8fba" "proxy-server 97815" 0.0002 "-" 96823 0
Nov 30 13:40:58 np0005540255.novalocal proxy-server[97815]: ::1 ::1 30/Nov/2025/18/40/58 GET /v1/AUTH_53b9bcf7d8194db7bd330ca574b5edab/gnocchi.f75ef159-6eb9-4f0e-b4bf-f90ba2e1a6e1/none_v3 HTTP/1.0 404 - python-swiftclient-4.7.0 gAAAAABpLI-5FlkI... - 70 - tx66861aaad8514f328a4a6-00692c8fba - 0.0213 - - 1764528058.345007658 1764528058.366324663 0
Nov 30 13:40:58 np0005540255.novalocal account-server[96196]: ::1 - - [30/Nov/2025:18:40:58 +0000] "PUT /1/128474/AUTH_53b9bcf7d8194db7bd330ca574b5edab/gnocchi.f75ef159-6eb9-4f0e-b4bf-f90ba2e1a6e1" 201 - "PUT http://[::1]:6001/1/227363/AUTH_53b9bcf7d8194db7bd330ca574b5edab/gnocchi.f75ef159-6eb9-4f0e-b4bf-f90ba2e1a6e1" "txcaed03c1fa2b4ce9a6044-00692c8fba" "container-server 96490" 0.0047 "-" 96196 0
Nov 30 13:40:58 np0005540255.novalocal container-server[96490]: ::1 - - [30/Nov/2025:18:40:58 +0000] "PUT /1/227363/AUTH_53b9bcf7d8194db7bd330ca574b5edab/gnocchi.f75ef159-6eb9-4f0e-b4bf-f90ba2e1a6e1" 201 - "PUT https://[::1]:8080/v1/AUTH_53b9bcf7d8194db7bd330ca574b5edab/gnocchi.f75ef159-6eb9-4f0e-b4bf-f90ba2e1a6e1" "txcaed03c1fa2b4ce9a6044-00692c8fba" "proxy-server 97815" 0.0205 "-" 96490 0
Nov 30 13:40:58 np0005540255.novalocal account-server[96195]: ::1 - - [30/Nov/2025:18:40:58 +0000] "PUT /2/128474/AUTH_53b9bcf7d8194db7bd330ca574b5edab/gnocchi.f75ef159-6eb9-4f0e-b4bf-f90ba2e1a6e1" 201 - "PUT http://[::1]:6001/3/227363/AUTH_53b9bcf7d8194db7bd330ca574b5edab/gnocchi.f75ef159-6eb9-4f0e-b4bf-f90ba2e1a6e1" "txcaed03c1fa2b4ce9a6044-00692c8fba" "container-server 96490" 0.0048 "-" 96195 0
Nov 30 13:40:58 np0005540255.novalocal container-server[96490]: ::1 - - [30/Nov/2025:18:40:58 +0000] "PUT /3/227363/AUTH_53b9bcf7d8194db7bd330ca574b5edab/gnocchi.f75ef159-6eb9-4f0e-b4bf-f90ba2e1a6e1" 201 - "PUT https://[::1]:8080/v1/AUTH_53b9bcf7d8194db7bd330ca574b5edab/gnocchi.f75ef159-6eb9-4f0e-b4bf-f90ba2e1a6e1" "txcaed03c1fa2b4ce9a6044-00692c8fba" "proxy-server 97815" 0.0148 "-" 96490 0
Nov 30 13:40:58 np0005540255.novalocal account-server[96196]: ::1 - - [30/Nov/2025:18:40:58 +0000] "PUT /2/128474/AUTH_53b9bcf7d8194db7bd330ca574b5edab/gnocchi.179f2a92-3e14-424f-a629-c213901389dd" 201 - "PUT http://[::1]:6001/1/135816/AUTH_53b9bcf7d8194db7bd330ca574b5edab/gnocchi.179f2a92-3e14-424f-a629-c213901389dd" "tx3d00baa4432c44399dbd0-00692c8fba" "container-server 96491" 0.0040 "-" 96196 0
Nov 30 13:40:58 np0005540255.novalocal account-server[96195]: ::1 - - [30/Nov/2025:18:40:58 +0000] "PUT /1/128474/AUTH_53b9bcf7d8194db7bd330ca574b5edab/gnocchi.179f2a92-3e14-424f-a629-c213901389dd" 201 - "PUT http://[::1]:6001/3/135816/AUTH_53b9bcf7d8194db7bd330ca574b5edab/gnocchi.179f2a92-3e14-424f-a629-c213901389dd" "tx3d00baa4432c44399dbd0-00692c8fba" "container-server 96491" 0.0046 "-" 96195 0
Nov 30 13:40:58 np0005540255.novalocal account-server[96195]: ::1 - - [30/Nov/2025:18:40:58 +0000] "PUT /3/128474/AUTH_53b9bcf7d8194db7bd330ca574b5edab/gnocchi.179f2a92-3e14-424f-a629-c213901389dd" 201 - "PUT http://[::1]:6001/2/135816/AUTH_53b9bcf7d8194db7bd330ca574b5edab/gnocchi.179f2a92-3e14-424f-a629-c213901389dd" "tx3d00baa4432c44399dbd0-00692c8fba" "container-server 96491" 0.0056 "-" 96195 0
Nov 30 13:40:58 np0005540255.novalocal container-server[96491]: ::1 - - [30/Nov/2025:18:40:58 +0000] "PUT /1/135816/AUTH_53b9bcf7d8194db7bd330ca574b5edab/gnocchi.179f2a92-3e14-424f-a629-c213901389dd" 201 - "PUT https://[::1]:8080/v1/AUTH_53b9bcf7d8194db7bd330ca574b5edab/gnocchi.179f2a92-3e14-424f-a629-c213901389dd" "tx3d00baa4432c44399dbd0-00692c8fba" "proxy-server 97815" 0.0750 "-" 96491 0
Nov 30 13:40:58 np0005540255.novalocal container-server[96491]: ::1 - - [30/Nov/2025:18:40:58 +0000] "PUT /3/135816/AUTH_53b9bcf7d8194db7bd330ca574b5edab/gnocchi.179f2a92-3e14-424f-a629-c213901389dd" 201 - "PUT https://[::1]:8080/v1/AUTH_53b9bcf7d8194db7bd330ca574b5edab/gnocchi.179f2a92-3e14-424f-a629-c213901389dd" "tx3d00baa4432c44399dbd0-00692c8fba" "proxy-server 97815" 0.0312 "-" 96491 0
Nov 30 13:40:58 np0005540255.novalocal container-server[96491]: ::1 - - [30/Nov/2025:18:40:58 +0000] "PUT /2/135816/AUTH_53b9bcf7d8194db7bd330ca574b5edab/gnocchi.179f2a92-3e14-424f-a629-c213901389dd" 201 - "PUT https://[::1]:8080/v1/AUTH_53b9bcf7d8194db7bd330ca574b5edab/gnocchi.179f2a92-3e14-424f-a629-c213901389dd" "tx3d00baa4432c44399dbd0-00692c8fba" "proxy-server 97815" 0.0231 "-" 96491 0
Nov 30 13:40:58 np0005540255.novalocal account-server[96196]: ::1 - - [30/Nov/2025:18:40:58 +0000] "PUT /3/128474/AUTH_53b9bcf7d8194db7bd330ca574b5edab/gnocchi.f75ef159-6eb9-4f0e-b4bf-f90ba2e1a6e1" 201 - "PUT http://[::1]:6001/2/227363/AUTH_53b9bcf7d8194db7bd330ca574b5edab/gnocchi.f75ef159-6eb9-4f0e-b4bf-f90ba2e1a6e1" "txcaed03c1fa2b4ce9a6044-00692c8fba" "container-server 96491" 0.0036 "-" 96196 0
Nov 30 13:40:58 np0005540255.novalocal container-server[96491]: ::1 - - [30/Nov/2025:18:40:58 +0000] "PUT /2/227363/AUTH_53b9bcf7d8194db7bd330ca574b5edab/gnocchi.f75ef159-6eb9-4f0e-b4bf-f90ba2e1a6e1" 201 - "PUT https://[::1]:8080/v1/AUTH_53b9bcf7d8194db7bd330ca574b5edab/gnocchi.f75ef159-6eb9-4f0e-b4bf-f90ba2e1a6e1" "txcaed03c1fa2b4ce9a6044-00692c8fba" "proxy-server 97815" 0.0136 "-" 96491 0
Nov 30 13:40:58 np0005540255.novalocal proxy-server[97815]: ::1 ::1 30/Nov/2025/18/40/58 PUT /v1/AUTH_53b9bcf7d8194db7bd330ca574b5edab/gnocchi.179f2a92-3e14-424f-a629-c213901389dd HTTP/1.0 201 - python-swiftclient-4.7.0 gAAAAABpLI-56T9k... - - - tx3d00baa4432c44399dbd0-00692c8fba - 0.0844 - - 1764528058.352284908 1764528058.436689854 0
Nov 30 13:40:58 np0005540255.novalocal proxy-server[97815]: ::1 ::1 30/Nov/2025/18/40/58 PUT /v1/AUTH_53b9bcf7d8194db7bd330ca574b5edab/gnocchi.f75ef159-6eb9-4f0e-b4bf-f90ba2e1a6e1 HTTP/1.0 201 - python-swiftclient-4.7.0 gAAAAABpLI-5FlkI... - - - txcaed03c1fa2b4ce9a6044-00692c8fba - 0.0677 - - 1764528058.370394945 1764528058.438079596 0
Nov 30 13:40:58 np0005540255.novalocal container-server[96490]: ::1 - - [30/Nov/2025:18:40:58 +0000] "HEAD /2/227363/AUTH_53b9bcf7d8194db7bd330ca574b5edab/gnocchi.f75ef159-6eb9-4f0e-b4bf-f90ba2e1a6e1" 204 - "HEAD http://[::1]:8080/v1/AUTH_53b9bcf7d8194db7bd330ca574b5edab/gnocchi.f75ef159-6eb9-4f0e-b4bf-f90ba2e1a6e1" "tx66a372665a0b4e159120f-00692c8fba" "proxy-server 97815" 0.0013 "-" 96490 0
Nov 30 13:40:58 np0005540255.novalocal proxy-server[97815]: - - 30/Nov/2025/18/40/58 HEAD /v1/AUTH_53b9bcf7d8194db7bd330ca574b5edab/gnocchi.f75ef159-6eb9-4f0e-b4bf-f90ba2e1a6e1 HTTP/1.0 204 - Swift - - - - tx66a372665a0b4e159120f-00692c8fba - 0.0041 CS - 1764528058.441178799 1764528058.445255518 0
Nov 30 13:40:58 np0005540255.novalocal container-server[96490]: ::1 - - [30/Nov/2025:18:40:58 +0000] "HEAD /3/135816/AUTH_53b9bcf7d8194db7bd330ca574b5edab/gnocchi.179f2a92-3e14-424f-a629-c213901389dd" 204 - "HEAD http://[::1]:8080/v1/AUTH_53b9bcf7d8194db7bd330ca574b5edab/gnocchi.179f2a92-3e14-424f-a629-c213901389dd" "tx95fded9dfdd44ce686a56-00692c8fba" "proxy-server 97815" 0.0010 "-" 96490 0
Nov 30 13:40:58 np0005540255.novalocal proxy-server[97815]: - - 30/Nov/2025/18/40/58 HEAD /v1/AUTH_53b9bcf7d8194db7bd330ca574b5edab/gnocchi.179f2a92-3e14-424f-a629-c213901389dd HTTP/1.0 204 - Swift - - - - tx95fded9dfdd44ce686a56-00692c8fba - 0.0060 CS - 1764528058.442284107 1764528058.448259354 0
Nov 30 13:40:58 np0005540255.novalocal container-server[96490]: ::1 - - [30/Nov/2025:18:40:58 +0000] "GET /1/227363/AUTH_53b9bcf7d8194db7bd330ca574b5edab/gnocchi.f75ef159-6eb9-4f0e-b4bf-f90ba2e1a6e1" 200 2 "GET https://[::1]:8080/v1/AUTH_53b9bcf7d8194db7bd330ca574b5edab/gnocchi.f75ef159-6eb9-4f0e-b4bf-f90ba2e1a6e1?format=json&states=listing" "tx66a372665a0b4e159120f-00692c8fba" "proxy-server 97815" 0.0016 "-" 96490 0
Nov 30 13:40:58 np0005540255.novalocal proxy-server[97815]: ::1 ::1 30/Nov/2025/18/40/58 GET /v1/AUTH_53b9bcf7d8194db7bd330ca574b5edab/gnocchi.f75ef159-6eb9-4f0e-b4bf-f90ba2e1a6e1%3Fformat%3Djson%26states%3Dlisting HTTP/1.0 200 - python-swiftclient-4.7.0 gAAAAABpLI-5FlkI... - 2 - tx66a372665a0b4e159120f-00692c8fba - 0.0111 - - 1764528058.440246582 1764528058.451375723 0
Nov 30 13:40:58 np0005540255.novalocal container-server[96491]: ::1 - - [30/Nov/2025:18:40:58 +0000] "GET /3/135816/AUTH_53b9bcf7d8194db7bd330ca574b5edab/gnocchi.179f2a92-3e14-424f-a629-c213901389dd" 200 2 "GET https://[::1]:8080/v1/AUTH_53b9bcf7d8194db7bd330ca574b5edab/gnocchi.179f2a92-3e14-424f-a629-c213901389dd?format=json&states=listing" "tx95fded9dfdd44ce686a56-00692c8fba" "proxy-server 97815" 0.0021 "-" 96491 0
Nov 30 13:40:58 np0005540255.novalocal proxy-server[97815]: ::1 ::1 30/Nov/2025/18/40/58 GET /v1/AUTH_53b9bcf7d8194db7bd330ca574b5edab/gnocchi.179f2a92-3e14-424f-a629-c213901389dd%3Fformat%3Djson%26states%3Dlisting HTTP/1.0 200 - python-swiftclient-4.7.0 gAAAAABpLI-56T9k... - 2 - tx95fded9dfdd44ce686a56-00692c8fba - 0.0144 - - 1764528058.440911293 1764528058.455314398 0
Nov 30 13:40:58 np0005540255.novalocal object-server[96824]: ::1 - - [30/Nov/2025:18:40:58 +0000] "GET /1/303/AUTH_53b9bcf7d8194db7bd330ca574b5edab/gnocchi.f75ef159-6eb9-4f0e-b4bf-f90ba2e1a6e1/1763640000.0_mean_300.0_v3" 404 70 "GET https://[::1]:8080/v1/AUTH_53b9bcf7d8194db7bd330ca574b5edab/gnocchi.f75ef159-6eb9-4f0e-b4bf-f90ba2e1a6e1/1763640000.0_mean_300.0_v3" "tx79b0581017ed44bba1476-00692c8fba" "proxy-server 97815" 0.0004 "-" 96824 0
Nov 30 13:40:58 np0005540255.novalocal object-server[96823]: ::1 - - [30/Nov/2025:18:40:58 +0000] "GET /2/14419/AUTH_53b9bcf7d8194db7bd330ca574b5edab/gnocchi.179f2a92-3e14-424f-a629-c213901389dd/1763640000.0_mean_300.0_v3" 404 70 "GET https://[::1]:8080/v1/AUTH_53b9bcf7d8194db7bd330ca574b5edab/gnocchi.179f2a92-3e14-424f-a629-c213901389dd/1763640000.0_mean_300.0_v3" "tx521149f3542046d2bf9f0-00692c8fba" "proxy-server 97815" 0.0003 "-" 96823 0
Nov 30 13:40:58 np0005540255.novalocal object-server[96824]: ::1 - - [30/Nov/2025:18:40:58 +0000] "GET /3/303/AUTH_53b9bcf7d8194db7bd330ca574b5edab/gnocchi.f75ef159-6eb9-4f0e-b4bf-f90ba2e1a6e1/1763640000.0_mean_300.0_v3" 404 70 "GET https://[::1]:8080/v1/AUTH_53b9bcf7d8194db7bd330ca574b5edab/gnocchi.f75ef159-6eb9-4f0e-b4bf-f90ba2e1a6e1/1763640000.0_mean_300.0_v3" "tx79b0581017ed44bba1476-00692c8fba" "proxy-server 97815" 0.0002 "-" 96824 0
Nov 30 13:40:58 np0005540255.novalocal object-server[96823]: ::1 - - [30/Nov/2025:18:40:58 +0000] "GET /1/14419/AUTH_53b9bcf7d8194db7bd330ca574b5edab/gnocchi.179f2a92-3e14-424f-a629-c213901389dd/1763640000.0_mean_300.0_v3" 404 70 "GET https://[::1]:8080/v1/AUTH_53b9bcf7d8194db7bd330ca574b5edab/gnocchi.179f2a92-3e14-424f-a629-c213901389dd/1763640000.0_mean_300.0_v3" "tx521149f3542046d2bf9f0-00692c8fba" "proxy-server 97815" 0.0002 "-" 96823 0
Nov 30 13:40:58 np0005540255.novalocal object-server[96823]: ::1 - - [30/Nov/2025:18:40:58 +0000] "GET /2/303/AUTH_53b9bcf7d8194db7bd330ca574b5edab/gnocchi.f75ef159-6eb9-4f0e-b4bf-f90ba2e1a6e1/1763640000.0_mean_300.0_v3" 404 70 "GET https://[::1]:8080/v1/AUTH_53b9bcf7d8194db7bd330ca574b5edab/gnocchi.f75ef159-6eb9-4f0e-b4bf-f90ba2e1a6e1/1763640000.0_mean_300.0_v3" "tx79b0581017ed44bba1476-00692c8fba" "proxy-server 97815" 0.0002 "-" 96823 0
Nov 30 13:40:58 np0005540255.novalocal proxy-server[97815]: ::1 ::1 30/Nov/2025/18/40/58 GET /v1/AUTH_53b9bcf7d8194db7bd330ca574b5edab/gnocchi.f75ef159-6eb9-4f0e-b4bf-f90ba2e1a6e1/1763640000.0_mean_300.0_v3 HTTP/1.0 404 - python-swiftclient-4.7.0 gAAAAABpLI-5FlkI... - 70 - tx79b0581017ed44bba1476-00692c8fba - 0.0131 - - 1764528058.453834057 1764528058.466924906 0
Nov 30 13:40:58 np0005540255.novalocal object-server[96823]: ::1 - - [30/Nov/2025:18:40:58 +0000] "GET /3/14419/AUTH_53b9bcf7d8194db7bd330ca574b5edab/gnocchi.179f2a92-3e14-424f-a629-c213901389dd/1763640000.0_mean_300.0_v3" 404 70 "GET https://[::1]:8080/v1/AUTH_53b9bcf7d8194db7bd330ca574b5edab/gnocchi.179f2a92-3e14-424f-a629-c213901389dd/1763640000.0_mean_300.0_v3" "tx521149f3542046d2bf9f0-00692c8fba" "proxy-server 97815" 0.0002 "-" 96823 0
Nov 30 13:40:58 np0005540255.novalocal proxy-server[97815]: ::1 ::1 30/Nov/2025/18/40/58 GET /v1/AUTH_53b9bcf7d8194db7bd330ca574b5edab/gnocchi.179f2a92-3e14-424f-a629-c213901389dd/1763640000.0_mean_300.0_v3 HTTP/1.0 404 - python-swiftclient-4.7.0 gAAAAABpLI-56T9k... - 70 - tx521149f3542046d2bf9f0-00692c8fba - 0.0116 - - 1764528058.458328247 1764528058.469918728 0
Nov 30 13:40:58 np0005540255.novalocal container-server[96490]: ::1 - - [30/Nov/2025:18:40:58 +0000] "PUT /1/227363/AUTH_53b9bcf7d8194db7bd330ca574b5edab/gnocchi.f75ef159-6eb9-4f0e-b4bf-f90ba2e1a6e1/1763640000.0_mean_300.0_v3" 201 - "PUT http://[::1]:8080/2/303/AUTH_53b9bcf7d8194db7bd330ca574b5edab/gnocchi.f75ef159-6eb9-4f0e-b4bf-f90ba2e1a6e1/1763640000.0_mean_300.0_v3" "tx223d56242e494377bcb48-00692c8fba" "object-server 96823" 0.0006 "-" 96490 0
Nov 30 13:40:58 np0005540255.novalocal object-server[96823]: ::1 - - [30/Nov/2025:18:40:58 +0000] "PUT /2/303/AUTH_53b9bcf7d8194db7bd330ca574b5edab/gnocchi.f75ef159-6eb9-4f0e-b4bf-f90ba2e1a6e1/1763640000.0_mean_300.0_v3" 201 - "PUT https://[::1]:8080/v1/AUTH_53b9bcf7d8194db7bd330ca574b5edab/gnocchi.f75ef159-6eb9-4f0e-b4bf-f90ba2e1a6e1/1763640000.0_mean_300.0_v3" "tx223d56242e494377bcb48-00692c8fba" "proxy-server 97815" 0.0148 "-" 96823 0
Nov 30 13:40:58 np0005540255.novalocal container-server[96490]: ::1 - - [30/Nov/2025:18:40:58 +0000] "PUT /3/227363/AUTH_53b9bcf7d8194db7bd330ca574b5edab/gnocchi.f75ef159-6eb9-4f0e-b4bf-f90ba2e1a6e1/1763640000.0_mean_300.0_v3" 201 - "PUT http://[::1]:8080/3/303/AUTH_53b9bcf7d8194db7bd330ca574b5edab/gnocchi.f75ef159-6eb9-4f0e-b4bf-f90ba2e1a6e1/1763640000.0_mean_300.0_v3" "tx223d56242e494377bcb48-00692c8fba" "object-server 96824" 0.0005 "-" 96490 0
Nov 30 13:40:58 np0005540255.novalocal container-server[96490]: ::1 - - [30/Nov/2025:18:40:58 +0000] "PUT /1/135816/AUTH_53b9bcf7d8194db7bd330ca574b5edab/gnocchi.179f2a92-3e14-424f-a629-c213901389dd/1763640000.0_mean_300.0_v3" 201 - "PUT http://[::1]:8080/2/14419/AUTH_53b9bcf7d8194db7bd330ca574b5edab/gnocchi.179f2a92-3e14-424f-a629-c213901389dd/1763640000.0_mean_300.0_v3" "tx8c4717b7d58e4e71bba12-00692c8fba" "object-server 96824" 0.0003 "-" 96490 0
Nov 30 13:40:58 np0005540255.novalocal container-server[96490]: ::1 - - [30/Nov/2025:18:40:58 +0000] "PUT /2/227363/AUTH_53b9bcf7d8194db7bd330ca574b5edab/gnocchi.f75ef159-6eb9-4f0e-b4bf-f90ba2e1a6e1/1763640000.0_mean_300.0_v3" 201 - "PUT http://[::1]:8080/1/303/AUTH_53b9bcf7d8194db7bd330ca574b5edab/gnocchi.f75ef159-6eb9-4f0e-b4bf-f90ba2e1a6e1/1763640000.0_mean_300.0_v3" "tx223d56242e494377bcb48-00692c8fba" "object-server 96824" 0.0003 "-" 96490 0
Nov 30 13:40:58 np0005540255.novalocal container-server[96490]: ::1 - - [30/Nov/2025:18:40:58 +0000] "PUT /3/135816/AUTH_53b9bcf7d8194db7bd330ca574b5edab/gnocchi.179f2a92-3e14-424f-a629-c213901389dd/1763640000.0_mean_300.0_v3" 201 - "PUT http://[::1]:8080/1/14419/AUTH_53b9bcf7d8194db7bd330ca574b5edab/gnocchi.179f2a92-3e14-424f-a629-c213901389dd/1763640000.0_mean_300.0_v3" "tx8c4717b7d58e4e71bba12-00692c8fba" "object-server 96824" 0.0003 "-" 96490 0
Nov 30 13:40:58 np0005540255.novalocal container-server[96491]: ::1 - - [30/Nov/2025:18:40:58 +0000] "PUT /2/135816/AUTH_53b9bcf7d8194db7bd330ca574b5edab/gnocchi.179f2a92-3e14-424f-a629-c213901389dd/1763640000.0_mean_300.0_v3" 201 - "PUT http://[::1]:8080/3/14419/AUTH_53b9bcf7d8194db7bd330ca574b5edab/gnocchi.179f2a92-3e14-424f-a629-c213901389dd/1763640000.0_mean_300.0_v3" "tx8c4717b7d58e4e71bba12-00692c8fba" "object-server 96824" 0.0008 "-" 96491 0
Nov 30 13:40:58 np0005540255.novalocal object-server[96824]: ::1 - - [30/Nov/2025:18:40:58 +0000] "PUT /3/303/AUTH_53b9bcf7d8194db7bd330ca574b5edab/gnocchi.f75ef159-6eb9-4f0e-b4bf-f90ba2e1a6e1/1763640000.0_mean_300.0_v3" 201 - "PUT https://[::1]:8080/v1/AUTH_53b9bcf7d8194db7bd330ca574b5edab/gnocchi.f75ef159-6eb9-4f0e-b4bf-f90ba2e1a6e1/1763640000.0_mean_300.0_v3" "tx223d56242e494377bcb48-00692c8fba" "proxy-server 97815" 0.0211 "-" 96824 0
Nov 30 13:40:58 np0005540255.novalocal object-server[96824]: ::1 - - [30/Nov/2025:18:40:58 +0000] "PUT /3/14419/AUTH_53b9bcf7d8194db7bd330ca574b5edab/gnocchi.179f2a92-3e14-424f-a629-c213901389dd/1763640000.0_mean_300.0_v3" 201 - "PUT https://[::1]:8080/v1/AUTH_53b9bcf7d8194db7bd330ca574b5edab/gnocchi.179f2a92-3e14-424f-a629-c213901389dd/1763640000.0_mean_300.0_v3" "tx8c4717b7d58e4e71bba12-00692c8fba" "proxy-server 97815" 0.0140 "-" 96824 0
Nov 30 13:40:58 np0005540255.novalocal object-server[96824]: ::1 - - [30/Nov/2025:18:40:58 +0000] "PUT /2/14419/AUTH_53b9bcf7d8194db7bd330ca574b5edab/gnocchi.179f2a92-3e14-424f-a629-c213901389dd/1763640000.0_mean_300.0_v3" 201 - "PUT https://[::1]:8080/v1/AUTH_53b9bcf7d8194db7bd330ca574b5edab/gnocchi.179f2a92-3e14-424f-a629-c213901389dd/1763640000.0_mean_300.0_v3" "tx8c4717b7d58e4e71bba12-00692c8fba" "proxy-server 97815" 0.0204 "-" 96824 0
Nov 30 13:40:58 np0005540255.novalocal object-server[96824]: ::1 - - [30/Nov/2025:18:40:58 +0000] "PUT /1/14419/AUTH_53b9bcf7d8194db7bd330ca574b5edab/gnocchi.179f2a92-3e14-424f-a629-c213901389dd/1763640000.0_mean_300.0_v3" 201 - "PUT https://[::1]:8080/v1/AUTH_53b9bcf7d8194db7bd330ca574b5edab/gnocchi.179f2a92-3e14-424f-a629-c213901389dd/1763640000.0_mean_300.0_v3" "tx8c4717b7d58e4e71bba12-00692c8fba" "proxy-server 97815" 0.0171 "-" 96824 0
Nov 30 13:40:58 np0005540255.novalocal object-server[96824]: ::1 - - [30/Nov/2025:18:40:58 +0000] "PUT /1/303/AUTH_53b9bcf7d8194db7bd330ca574b5edab/gnocchi.f75ef159-6eb9-4f0e-b4bf-f90ba2e1a6e1/1763640000.0_mean_300.0_v3" 201 - "PUT https://[::1]:8080/v1/AUTH_53b9bcf7d8194db7bd330ca574b5edab/gnocchi.f75ef159-6eb9-4f0e-b4bf-f90ba2e1a6e1/1763640000.0_mean_300.0_v3" "tx223d56242e494377bcb48-00692c8fba" "proxy-server 97815" 0.0239 "-" 96824 0
Nov 30 13:40:58 np0005540255.novalocal proxy-server[97815]: ::1 ::1 30/Nov/2025/18/40/58 PUT /v1/AUTH_53b9bcf7d8194db7bd330ca574b5edab/gnocchi.179f2a92-3e14-424f-a629-c213901389dd/1763640000.0_mean_300.0_v3 HTTP/1.0 201 - python-swiftclient-4.7.0 gAAAAABpLI-56T9k... 16 - - tx8c4717b7d58e4e71bba12-00692c8fba - 0.0263 - - 1764528058.474033117 1764528058.500363588 0
Nov 30 13:40:58 np0005540255.novalocal proxy-server[97815]: ::1 ::1 30/Nov/2025/18/40/58 PUT /v1/AUTH_53b9bcf7d8194db7bd330ca574b5edab/gnocchi.f75ef159-6eb9-4f0e-b4bf-f90ba2e1a6e1/1763640000.0_mean_300.0_v3 HTTP/1.0 201 - python-swiftclient-4.7.0 gAAAAABpLI-5FlkI... 16 - - tx223d56242e494377bcb48-00692c8fba - 0.0321 - - 1764528058.469222546 1764528058.501339436 0
Nov 30 13:40:58 np0005540255.novalocal container-server[96490]: ::1 - - [30/Nov/2025:18:40:58 +0000] "PUT /1/227363/AUTH_53b9bcf7d8194db7bd330ca574b5edab/gnocchi.f75ef159-6eb9-4f0e-b4bf-f90ba2e1a6e1/none_v3" 201 - "PUT http://[::1]:8080/3/158579/AUTH_53b9bcf7d8194db7bd330ca574b5edab/gnocchi.f75ef159-6eb9-4f0e-b4bf-f90ba2e1a6e1/none_v3" "tx033f3e0aec27405b8c51b-00692c8fba" "object-server 96824" 0.0005 "-" 96490 0
Nov 30 13:40:58 np0005540255.novalocal object-server[96824]: ::1 - - [30/Nov/2025:18:40:58 +0000] "PUT /3/158579/AUTH_53b9bcf7d8194db7bd330ca574b5edab/gnocchi.f75ef159-6eb9-4f0e-b4bf-f90ba2e1a6e1/none_v3" 201 - "PUT https://[::1]:8080/v1/AUTH_53b9bcf7d8194db7bd330ca574b5edab/gnocchi.f75ef159-6eb9-4f0e-b4bf-f90ba2e1a6e1/none_v3" "tx033f3e0aec27405b8c51b-00692c8fba" "proxy-server 97815" 0.0104 "-" 96824 0
Nov 30 13:40:58 np0005540255.novalocal container-server[96491]: ::1 - - [30/Nov/2025:18:40:58 +0000] "PUT /2/135816/AUTH_53b9bcf7d8194db7bd330ca574b5edab/gnocchi.179f2a92-3e14-424f-a629-c213901389dd/none_v3" 201 - "PUT http://[::1]:8080/1/219575/AUTH_53b9bcf7d8194db7bd330ca574b5edab/gnocchi.179f2a92-3e14-424f-a629-c213901389dd/none_v3" "txe45e81094e36457391cf5-00692c8fba" "object-server 96824" 0.0004 "-" 96491 0
Nov 30 13:40:58 np0005540255.novalocal object-server[96824]: ::1 - - [30/Nov/2025:18:40:58 +0000] "PUT /1/219575/AUTH_53b9bcf7d8194db7bd330ca574b5edab/gnocchi.179f2a92-3e14-424f-a629-c213901389dd/none_v3" 201 - "PUT https://[::1]:8080/v1/AUTH_53b9bcf7d8194db7bd330ca574b5edab/gnocchi.179f2a92-3e14-424f-a629-c213901389dd/none_v3" "txe45e81094e36457391cf5-00692c8fba" "proxy-server 97815" 0.0117 "-" 96824 0
Nov 30 13:40:58 np0005540255.novalocal container-server[96490]: ::1 - - [30/Nov/2025:18:40:58 +0000] "PUT /2/227363/AUTH_53b9bcf7d8194db7bd330ca574b5edab/gnocchi.f75ef159-6eb9-4f0e-b4bf-f90ba2e1a6e1/none_v3" 201 - "PUT http://[::1]:8080/1/158579/AUTH_53b9bcf7d8194db7bd330ca574b5edab/gnocchi.f75ef159-6eb9-4f0e-b4bf-f90ba2e1a6e1/none_v3" "tx033f3e0aec27405b8c51b-00692c8fba" "object-server 96823" 0.0005 "-" 96490 0
Nov 30 13:40:58 np0005540255.novalocal container-server[96491]: ::1 - - [30/Nov/2025:18:40:58 +0000] "PUT /3/135816/AUTH_53b9bcf7d8194db7bd330ca574b5edab/gnocchi.179f2a92-3e14-424f-a629-c213901389dd/none_v3" 201 - "PUT http://[::1]:8080/2/219575/AUTH_53b9bcf7d8194db7bd330ca574b5edab/gnocchi.179f2a92-3e14-424f-a629-c213901389dd/none_v3" "txe45e81094e36457391cf5-00692c8fba" "object-server 96823" 0.0005 "-" 96491 0
Nov 30 13:40:58 np0005540255.novalocal object-server[96823]: ::1 - - [30/Nov/2025:18:40:58 +0000] "PUT /1/158579/AUTH_53b9bcf7d8194db7bd330ca574b5edab/gnocchi.f75ef159-6eb9-4f0e-b4bf-f90ba2e1a6e1/none_v3" 201 - "PUT https://[::1]:8080/v1/AUTH_53b9bcf7d8194db7bd330ca574b5edab/gnocchi.f75ef159-6eb9-4f0e-b4bf-f90ba2e1a6e1/none_v3" "tx033f3e0aec27405b8c51b-00692c8fba" "proxy-server 97815" 0.0239 "-" 96823 0
Nov 30 13:40:58 np0005540255.novalocal container-server[96490]: ::1 - - [30/Nov/2025:18:40:58 +0000] "PUT /1/135816/AUTH_53b9bcf7d8194db7bd330ca574b5edab/gnocchi.179f2a92-3e14-424f-a629-c213901389dd/none_v3" 201 - "PUT http://[::1]:8080/3/219575/AUTH_53b9bcf7d8194db7bd330ca574b5edab/gnocchi.179f2a92-3e14-424f-a629-c213901389dd/none_v3" "txe45e81094e36457391cf5-00692c8fba" "object-server 96823" 0.0003 "-" 96490 0
Nov 30 13:40:58 np0005540255.novalocal container-server[96491]: ::1 - - [30/Nov/2025:18:40:58 +0000] "PUT /3/227363/AUTH_53b9bcf7d8194db7bd330ca574b5edab/gnocchi.f75ef159-6eb9-4f0e-b4bf-f90ba2e1a6e1/none_v3" 201 - "PUT http://[::1]:8080/2/158579/AUTH_53b9bcf7d8194db7bd330ca574b5edab/gnocchi.f75ef159-6eb9-4f0e-b4bf-f90ba2e1a6e1/none_v3" "tx033f3e0aec27405b8c51b-00692c8fba" "object-server 96823" 0.0003 "-" 96491 0
Nov 30 13:40:58 np0005540255.novalocal object-server[96823]: ::1 - - [30/Nov/2025:18:40:58 +0000] "PUT /2/219575/AUTH_53b9bcf7d8194db7bd330ca574b5edab/gnocchi.179f2a92-3e14-424f-a629-c213901389dd/none_v3" 201 - "PUT https://[::1]:8080/v1/AUTH_53b9bcf7d8194db7bd330ca574b5edab/gnocchi.179f2a92-3e14-424f-a629-c213901389dd/none_v3" "txe45e81094e36457391cf5-00692c8fba" "proxy-server 97815" 0.0225 "-" 96823 0
Nov 30 13:40:58 np0005540255.novalocal object-server[96823]: ::1 - - [30/Nov/2025:18:40:58 +0000] "PUT /2/158579/AUTH_53b9bcf7d8194db7bd330ca574b5edab/gnocchi.f75ef159-6eb9-4f0e-b4bf-f90ba2e1a6e1/none_v3" 201 - "PUT https://[::1]:8080/v1/AUTH_53b9bcf7d8194db7bd330ca574b5edab/gnocchi.f75ef159-6eb9-4f0e-b4bf-f90ba2e1a6e1/none_v3" "tx033f3e0aec27405b8c51b-00692c8fba" "proxy-server 97815" 0.0274 "-" 96823 0
Nov 30 13:40:58 np0005540255.novalocal object-server[96823]: ::1 - - [30/Nov/2025:18:40:58 +0000] "PUT /3/219575/AUTH_53b9bcf7d8194db7bd330ca574b5edab/gnocchi.179f2a92-3e14-424f-a629-c213901389dd/none_v3" 201 - "PUT https://[::1]:8080/v1/AUTH_53b9bcf7d8194db7bd330ca574b5edab/gnocchi.179f2a92-3e14-424f-a629-c213901389dd/none_v3" "txe45e81094e36457391cf5-00692c8fba" "proxy-server 97815" 0.0214 "-" 96823 0
Nov 30 13:40:58 np0005540255.novalocal proxy-server[97815]: ::1 ::1 30/Nov/2025/18/40/58 PUT /v1/AUTH_53b9bcf7d8194db7bd330ca574b5edab/gnocchi.f75ef159-6eb9-4f0e-b4bf-f90ba2e1a6e1/none_v3 HTTP/1.0 201 - python-swiftclient-4.7.0 gAAAAABpLI-5FlkI... 22 - - tx033f3e0aec27405b8c51b-00692c8fba - 0.0330 - - 1764528058.503604412 1764528058.536609888 0
Nov 30 13:40:58 np0005540255.novalocal proxy-server[97815]: ::1 ::1 30/Nov/2025/18/40/58 PUT /v1/AUTH_53b9bcf7d8194db7bd330ca574b5edab/gnocchi.179f2a92-3e14-424f-a629-c213901389dd/none_v3 HTTP/1.0 201 - python-swiftclient-4.7.0 gAAAAABpLI-56T9k... 22 - - txe45e81094e36457391cf5-00692c8fba - 0.0381 - - 1764528058.503266096 1764528058.541332483 0
Nov 30 13:40:58 np0005540255.novalocal container-server[96491]: ::1 - - [30/Nov/2025:18:40:58 +0000] "HEAD /2/193463/AUTH_53b9bcf7d8194db7bd330ca574b5edab/gnocchi.4fc51bda-7252-4dbf-ac60-a9190663cc7f" 404 - "HEAD http://[::1]:8080/v1/AUTH_53b9bcf7d8194db7bd330ca574b5edab/gnocchi.4fc51bda-7252-4dbf-ac60-a9190663cc7f" "tx97d2a5c2197f4c6689b71-00692c8fba" "proxy-server 97815" 0.0003 "-" 96491 0
Nov 30 13:40:58 np0005540255.novalocal sudo[104144]: cinder : PWD=/ ; USER=root ; COMMAND=/usr/bin/cinder-rootwrap /etc/cinder/rootwrap.conf env LC_ALL=C vgs --noheadings --unit=g -o name,size,free,lv_count,uuid --separator : --nosuffix cinder-volumes
Nov 30 13:40:58 np0005540255.novalocal container-server[96491]: ::1 - - [30/Nov/2025:18:40:58 +0000] "HEAD /1/193463/AUTH_53b9bcf7d8194db7bd330ca574b5edab/gnocchi.4fc51bda-7252-4dbf-ac60-a9190663cc7f" 404 - "HEAD http://[::1]:8080/v1/AUTH_53b9bcf7d8194db7bd330ca574b5edab/gnocchi.4fc51bda-7252-4dbf-ac60-a9190663cc7f" "tx97d2a5c2197f4c6689b71-00692c8fba" "proxy-server 97815" 0.0002 "-" 96491 0
Nov 30 13:40:58 np0005540255.novalocal container-server[96490]: ::1 - - [30/Nov/2025:18:40:58 +0000] "HEAD /3/193463/AUTH_53b9bcf7d8194db7bd330ca574b5edab/gnocchi.4fc51bda-7252-4dbf-ac60-a9190663cc7f" 404 - "HEAD http://[::1]:8080/v1/AUTH_53b9bcf7d8194db7bd330ca574b5edab/gnocchi.4fc51bda-7252-4dbf-ac60-a9190663cc7f" "tx97d2a5c2197f4c6689b71-00692c8fba" "proxy-server 97815" 0.0003 "-" 96490 0
Nov 30 13:40:58 np0005540255.novalocal proxy-server[97815]: - - 30/Nov/2025/18/40/58 HEAD /v1/AUTH_53b9bcf7d8194db7bd330ca574b5edab/gnocchi.4fc51bda-7252-4dbf-ac60-a9190663cc7f HTTP/1.0 404 - Swift - - - - tx97d2a5c2197f4c6689b71-00692c8fba - 0.0076 CS - 1764528058.566206932 1764528058.573810339 0
Nov 30 13:40:58 np0005540255.novalocal object-server[96823]: ::1 - - [30/Nov/2025:18:40:58 +0000] "GET /3/234604/AUTH_53b9bcf7d8194db7bd330ca574b5edab/gnocchi.4fc51bda-7252-4dbf-ac60-a9190663cc7f/none_v3" 404 70 "GET https://[::1]:8080/v1/AUTH_53b9bcf7d8194db7bd330ca574b5edab/gnocchi.4fc51bda-7252-4dbf-ac60-a9190663cc7f/none_v3" "tx97d2a5c2197f4c6689b71-00692c8fba" "proxy-server 97815" 0.0003 "-" 96823 0
Nov 30 13:40:58 np0005540255.novalocal object-server[96824]: ::1 - - [30/Nov/2025:18:40:58 +0000] "GET /2/234604/AUTH_53b9bcf7d8194db7bd330ca574b5edab/gnocchi.4fc51bda-7252-4dbf-ac60-a9190663cc7f/none_v3" 404 70 "GET https://[::1]:8080/v1/AUTH_53b9bcf7d8194db7bd330ca574b5edab/gnocchi.4fc51bda-7252-4dbf-ac60-a9190663cc7f/none_v3" "tx97d2a5c2197f4c6689b71-00692c8fba" "proxy-server 97815" 0.0003 "-" 96824 0
Nov 30 13:40:58 np0005540255.novalocal object-server[96823]: ::1 - - [30/Nov/2025:18:40:58 +0000] "GET /1/234604/AUTH_53b9bcf7d8194db7bd330ca574b5edab/gnocchi.4fc51bda-7252-4dbf-ac60-a9190663cc7f/none_v3" 404 70 "GET https://[::1]:8080/v1/AUTH_53b9bcf7d8194db7bd330ca574b5edab/gnocchi.4fc51bda-7252-4dbf-ac60-a9190663cc7f/none_v3" "tx97d2a5c2197f4c6689b71-00692c8fba" "proxy-server 97815" 0.0002 "-" 96823 0
Nov 30 13:40:58 np0005540255.novalocal proxy-server[97815]: ::1 ::1 30/Nov/2025/18/40/58 GET /v1/AUTH_53b9bcf7d8194db7bd330ca574b5edab/gnocchi.4fc51bda-7252-4dbf-ac60-a9190663cc7f/none_v3 HTTP/1.0 404 - python-swiftclient-4.7.0 gAAAAABpLI-5FlkI... - 70 - tx97d2a5c2197f4c6689b71-00692c8fba - 0.0191 - - 1764528058.565509558 1764528058.584585905 0
Nov 30 13:40:58 np0005540255.novalocal systemd[1]: Started Session c105 of User root.
Nov 30 13:40:58 np0005540255.novalocal sudo[104144]: pam_unix(sudo:session): session opened for user root(uid=0) by (uid=165)
Nov 30 13:40:58 np0005540255.novalocal account-server[96195]: ::1 - - [30/Nov/2025:18:40:58 +0000] "PUT /3/128474/AUTH_53b9bcf7d8194db7bd330ca574b5edab/gnocchi.4fc51bda-7252-4dbf-ac60-a9190663cc7f" 201 - "PUT http://[::1]:6001/1/193463/AUTH_53b9bcf7d8194db7bd330ca574b5edab/gnocchi.4fc51bda-7252-4dbf-ac60-a9190663cc7f" "txdf2748c29f25404a93bb4-00692c8fba" "container-server 96490" 0.0054 "-" 96195 0
Nov 30 13:40:58 np0005540255.novalocal container-server[96490]: ::1 - - [30/Nov/2025:18:40:58 +0000] "PUT /1/193463/AUTH_53b9bcf7d8194db7bd330ca574b5edab/gnocchi.4fc51bda-7252-4dbf-ac60-a9190663cc7f" 201 - "PUT https://[::1]:8080/v1/AUTH_53b9bcf7d8194db7bd330ca574b5edab/gnocchi.4fc51bda-7252-4dbf-ac60-a9190663cc7f" "txdf2748c29f25404a93bb4-00692c8fba" "proxy-server 97815" 0.0338 "-" 96490 0
Nov 30 13:40:58 np0005540255.novalocal account-server[96195]: ::1 - - [30/Nov/2025:18:40:58 +0000] "PUT /1/128474/AUTH_53b9bcf7d8194db7bd330ca574b5edab/gnocchi.4fc51bda-7252-4dbf-ac60-a9190663cc7f" 201 - "PUT http://[::1]:6001/3/193463/AUTH_53b9bcf7d8194db7bd330ca574b5edab/gnocchi.4fc51bda-7252-4dbf-ac60-a9190663cc7f" "txdf2748c29f25404a93bb4-00692c8fba" "container-server 96490" 0.0044 "-" 96195 0
Nov 30 13:40:58 np0005540255.novalocal container-server[96490]: ::1 - - [30/Nov/2025:18:40:58 +0000] "PUT /3/193463/AUTH_53b9bcf7d8194db7bd330ca574b5edab/gnocchi.4fc51bda-7252-4dbf-ac60-a9190663cc7f" 201 - "PUT https://[::1]:8080/v1/AUTH_53b9bcf7d8194db7bd330ca574b5edab/gnocchi.4fc51bda-7252-4dbf-ac60-a9190663cc7f" "txdf2748c29f25404a93bb4-00692c8fba" "proxy-server 97815" 0.0277 "-" 96490 0
Nov 30 13:40:58 np0005540255.novalocal account-server[96196]: ::1 - - [30/Nov/2025:18:40:58 +0000] "PUT /2/128474/AUTH_53b9bcf7d8194db7bd330ca574b5edab/gnocchi.4fc51bda-7252-4dbf-ac60-a9190663cc7f" 201 - "PUT http://[::1]:6001/2/193463/AUTH_53b9bcf7d8194db7bd330ca574b5edab/gnocchi.4fc51bda-7252-4dbf-ac60-a9190663cc7f" "txdf2748c29f25404a93bb4-00692c8fba" "container-server 96490" 0.0171 "-" 96196 0
Nov 30 13:40:58 np0005540255.novalocal container-server[96490]: ::1 - - [30/Nov/2025:18:40:58 +0000] "PUT /2/193463/AUTH_53b9bcf7d8194db7bd330ca574b5edab/gnocchi.4fc51bda-7252-4dbf-ac60-a9190663cc7f" 201 - "PUT https://[::1]:8080/v1/AUTH_53b9bcf7d8194db7bd330ca574b5edab/gnocchi.4fc51bda-7252-4dbf-ac60-a9190663cc7f" "txdf2748c29f25404a93bb4-00692c8fba" "proxy-server 97815" 0.0262 "-" 96490 0
Nov 30 13:40:58 np0005540255.novalocal proxy-server[97815]: ::1 ::1 30/Nov/2025/18/40/58 PUT /v1/AUTH_53b9bcf7d8194db7bd330ca574b5edab/gnocchi.4fc51bda-7252-4dbf-ac60-a9190663cc7f HTTP/1.0 201 - python-swiftclient-4.7.0 gAAAAABpLI-5FlkI... - - - txdf2748c29f25404a93bb4-00692c8fba - 0.0504 - - 1764528058.586619139 1764528058.637049913 0
Nov 30 13:40:58 np0005540255.novalocal container-server[96490]: ::1 - - [30/Nov/2025:18:40:58 +0000] "HEAD /1/193463/AUTH_53b9bcf7d8194db7bd330ca574b5edab/gnocchi.4fc51bda-7252-4dbf-ac60-a9190663cc7f" 204 - "HEAD http://[::1]:8080/v1/AUTH_53b9bcf7d8194db7bd330ca574b5edab/gnocchi.4fc51bda-7252-4dbf-ac60-a9190663cc7f" "txe21fa6fddb834c6b930f5-00692c8fba" "proxy-server 97815" 0.0013 "-" 96490 0
Nov 30 13:40:58 np0005540255.novalocal proxy-server[97815]: - - 30/Nov/2025/18/40/58 HEAD /v1/AUTH_53b9bcf7d8194db7bd330ca574b5edab/gnocchi.4fc51bda-7252-4dbf-ac60-a9190663cc7f HTTP/1.0 204 - Swift - - - - txe21fa6fddb834c6b930f5-00692c8fba - 0.0041 CS - 1764528058.640982866 1764528058.645036221 0
Nov 30 13:40:58 np0005540255.novalocal container-server[96491]: ::1 - - [30/Nov/2025:18:40:58 +0000] "GET /2/193463/AUTH_53b9bcf7d8194db7bd330ca574b5edab/gnocchi.4fc51bda-7252-4dbf-ac60-a9190663cc7f" 200 2 "GET https://[::1]:8080/v1/AUTH_53b9bcf7d8194db7bd330ca574b5edab/gnocchi.4fc51bda-7252-4dbf-ac60-a9190663cc7f?format=json&states=listing" "txe21fa6fddb834c6b930f5-00692c8fba" "proxy-server 97815" 0.0022 "-" 96491 0
Nov 30 13:40:58 np0005540255.novalocal proxy-server[97815]: ::1 ::1 30/Nov/2025/18/40/58 GET /v1/AUTH_53b9bcf7d8194db7bd330ca574b5edab/gnocchi.4fc51bda-7252-4dbf-ac60-a9190663cc7f%3Fformat%3Djson%26states%3Dlisting HTTP/1.0 200 - python-swiftclient-4.7.0 gAAAAABpLI-5FlkI... - 2 - txe21fa6fddb834c6b930f5-00692c8fba - 0.0144 - - 1764528058.639598846 1764528058.653995514 0
