Nov 30 13:41:40 np0005540255.novalocal container-replicator[96554]: Removed 0 dbs
Nov 30 13:41:40 np0005540255.novalocal container-replicator[96554]: 126 successes, 0 failures
Nov 30 13:41:40 np0005540255.novalocal container-replicator[96554]: diff:0 diff_capped:0 empty:0 hashmatch:0 no_change:126 remote_merge:0 rsync:0 ts_repl:0
Nov 30 13:41:41 np0005540255.novalocal NetworkManager[859]: [1764528101.9496] manager: (qbr9a108c6f-41): new Bridge device (/org/freedesktop/NetworkManager/Devices/33)
Nov 30 13:41:41 np0005540255.novalocal NetworkManager[859]: [1764528101.9638] manager: (qvo9a108c6f-41): new Veth device (/org/freedesktop/NetworkManager/Devices/34)
Nov 30 13:41:41 np0005540255.novalocal NetworkManager[859]: [1764528101.9662] manager: (qvb9a108c6f-41): new Veth device (/org/freedesktop/NetworkManager/Devices/35)
Nov 30 13:41:41 np0005540255.novalocal NetworkManager[859]: [1764528101.9683] device (qvo9a108c6f-41): carrier: link connected
Nov 30 13:41:41 np0005540255.novalocal NetworkManager[859]: [1764528101.9694] device (qvb9a108c6f-41): carrier: link connected
Nov 30 13:41:41 np0005540255.novalocal kernel: qbr9a108c6f-41: port 1(qvb9a108c6f-41) entered blocking state
Nov 30 13:41:41 np0005540255.novalocal kernel: qbr9a108c6f-41: port 1(qvb9a108c6f-41) entered disabled state
Nov 30 13:41:41 np0005540255.novalocal kernel: qvb9a108c6f-41: entered allmulticast mode
Nov 30 13:41:41 np0005540255.novalocal kernel: qvb9a108c6f-41: entered promiscuous mode
Nov 30 13:41:41 np0005540255.novalocal kernel: qbr9a108c6f-41: port 1(qvb9a108c6f-41) entered blocking state
Nov 30 13:41:41 np0005540255.novalocal kernel: qbr9a108c6f-41: port 1(qvb9a108c6f-41) entered forwarding state
Nov 30 13:41:41 np0005540255.novalocal NetworkManager[859]: [1764528101.9786] device (qbr9a108c6f-41): carrier: link connected
Nov 30 13:41:41 np0005540255.novalocal systemd-udevd[104951]: Network interface NamePolicy= disabled on kernel command line.
Nov 30 13:41:41 np0005540255.novalocal systemd-udevd[104949]: Network interface NamePolicy= disabled on kernel command line.
Nov 30 13:41:41 np0005540255.novalocal systemd-udevd[104950]: Network interface NamePolicy= disabled on kernel command line.
Nov 30 13:41:42 np0005540255.novalocal kernel: qvo9a108c6f-41: entered promiscuous mode
Nov 30 13:41:42 np0005540255.novalocal NetworkManager[859]: [1764528102.0120] device (qbr9a108c6f-41): state change: unmanaged -> unavailable (reason 'connection-assumed', managed-type: 'external')
Nov 30 13:41:42 np0005540255.novalocal NetworkManager[859]: [1764528102.0128] device (qbr9a108c6f-41): state change: unavailable -> disconnected (reason 'connection-assumed', managed-type: 'external')
Nov 30 13:41:42 np0005540255.novalocal NetworkManager[859]: [1764528102.0136] device (qbr9a108c6f-41): Activation: starting connection 'qbr9a108c6f-41' (c4bbb626-24ad-4a00-aef4-430b91d1fc01)
Nov 30 13:41:42 np0005540255.novalocal NetworkManager[859]: [1764528102.0138] device (qbr9a108c6f-41): state change: disconnected -> prepare (reason 'none', managed-type: 'external')
Nov 30 13:41:42 np0005540255.novalocal NetworkManager[859]: [1764528102.0141] device (qbr9a108c6f-41): state change: prepare -> config (reason 'none', managed-type: 'external')
Nov 30 13:41:42 np0005540255.novalocal NetworkManager[859]: [1764528102.0144] device (qbr9a108c6f-41): state change: config -> ip-config (reason 'none', managed-type: 'external')
Nov 30 13:41:42 np0005540255.novalocal NetworkManager[859]: [1764528102.0146] device (qbr9a108c6f-41): state change: ip-config -> ip-check (reason 'none', managed-type: 'external')
Nov 30 13:41:42 np0005540255.novalocal systemd[1]: Starting Network Manager Script Dispatcher Service...
Nov 30 13:41:42 np0005540255.novalocal systemd[1]: Started Network Manager Script Dispatcher Service.
Nov 30 13:41:42 np0005540255.novalocal NetworkManager[859]: [1764528102.0456] device (qbr9a108c6f-41): state change: ip-check -> secondaries (reason 'none', managed-type: 'external')
Nov 30 13:41:42 np0005540255.novalocal NetworkManager[859]: [1764528102.0458] device (qbr9a108c6f-41): state change: secondaries -> activated (reason 'none', managed-type: 'external')
Nov 30 13:41:42 np0005540255.novalocal NetworkManager[859]: [1764528102.0463] device (qbr9a108c6f-41): Activation: successful, device activated.
Nov 30 13:41:42 np0005540255.novalocal systemd[1]: iscsi.service: Unit cannot be reloaded because it is inactive.
Nov 30 13:41:43 np0005540255.novalocal kernel: qbr9a108c6f-41: port 2(tap9a108c6f-41) entered blocking state
Nov 30 13:41:43 np0005540255.novalocal kernel: qbr9a108c6f-41: port 2(tap9a108c6f-41) entered disabled state
Nov 30 13:41:43 np0005540255.novalocal kernel: tap9a108c6f-41: entered allmulticast mode
Nov 30 13:41:43 np0005540255.novalocal kernel: tap9a108c6f-41: entered promiscuous mode
Nov 30 13:41:43 np0005540255.novalocal kernel: qbr9a108c6f-41: port 2(tap9a108c6f-41) entered blocking state
Nov 30 13:41:43 np0005540255.novalocal kernel: qbr9a108c6f-41: port 2(tap9a108c6f-41) entered forwarding state
Nov 30 13:41:43 np0005540255.novalocal NetworkManager[859]: [1764528103.6299] manager: (tap9a108c6f-41): new Tun device (/org/freedesktop/NetworkManager/Devices/36)
Nov 30 13:41:43 np0005540255.novalocal virtqemud[99380]: Domain id=3 name='instance-00000003' uuid=0dcdf678-2559-4d86-b214-0dc1f1e4e0f2 is tainted: deprecated-config (machine type 'pc-i440fx-rhel7.6.0')
Nov 30 13:41:43 np0005540255.novalocal virtqemud[99380]: Domain id=3 name='instance-00000003' uuid=0dcdf678-2559-4d86-b214-0dc1f1e4e0f2 is tainted: deprecated-config (CPU model 'qemu64')
Nov 30 13:41:43 np0005540255.novalocal NetworkManager[859]: [1764528103.6441] device (tap9a108c6f-41): state change: unmanaged -> unavailable (reason 'connection-assumed', managed-type: 'external')
Nov 30 13:41:43 np0005540255.novalocal NetworkManager[859]: [1764528103.6458] device (tap9a108c6f-41): state change: unavailable -> disconnected (reason 'connection-assumed', managed-type: 'external')
Nov 30 13:41:43 np0005540255.novalocal NetworkManager[859]: [1764528103.6470] device (tap9a108c6f-41): Activation: starting connection 'tap9a108c6f-41' (2cdeb698-4e75-42c9-a11e-8cfbd56d6cc1)
Nov 30 13:41:43 np0005540255.novalocal NetworkManager[859]: [1764528103.6471] device (tap9a108c6f-41): state change: disconnected -> prepare (reason 'none', managed-type: 'external')
Nov 30 13:41:43 np0005540255.novalocal NetworkManager[859]: [1764528103.6478] device (tap9a108c6f-41): state change: prepare -> config (reason 'none', managed-type: 'external')
Nov 30 13:41:43 np0005540255.novalocal NetworkManager[859]: [1764528103.6481] device (tap9a108c6f-41): state change: config -> ip-config (reason 'none', managed-type: 'external')
Nov 30 13:41:43 np0005540255.novalocal NetworkManager[859]: [1764528103.6485] device (qbr9a108c6f-41): bridge port tap9a108c6f-41 was attached
Nov 30 13:41:43 np0005540255.novalocal NetworkManager[859]: [1764528103.6485] device (tap9a108c6f-41): Activation: connection 'tap9a108c6f-41' attached as port, continuing activation
Nov 30 13:41:43 np0005540255.novalocal NetworkManager[859]: [1764528103.6490] device (tap9a108c6f-41): state change: ip-config -> ip-check (reason 'none', managed-type: 'external')
Nov 30 13:41:43 np0005540255.novalocal NetworkManager[859]: [1764528103.6508] device (tap9a108c6f-41): state change: ip-check -> secondaries (reason 'none', managed-type: 'external')
Nov 30 13:41:43 np0005540255.novalocal NetworkManager[859]: [1764528103.6511] device (tap9a108c6f-41): state change: secondaries -> activated (reason 'none', managed-type: 'external')
Nov 30 13:41:43 np0005540255.novalocal NetworkManager[859]: [1764528103.6527] device (tap9a108c6f-41): Activation: successful, device activated.
Nov 30 13:41:43 np0005540255.novalocal systemd-machined[93389]: New machine qemu-3-instance-00000003.
Nov 30 13:41:43 np0005540255.novalocal systemd[1]: Started Virtual Machine qemu-3-instance-00000003.
Nov 30 13:41:43 np0005540255.novalocal systemd[1]: iscsi.service: Unit cannot be reloaded because it is inactive.
Nov 30 13:41:44 np0005540255.novalocal kernel: Warning: Deprecated Driver is detected: ip_set will not be maintained in a future major release and may be disabled
Nov 30 13:41:44 np0005540255.novalocal kernel: Warning: Deprecated Driver is detected: ip_set_init will not be maintained in a future major release and may be disabled
Nov 30 13:41:44 np0005540255.novalocal object-auditor[104351]: Begin object audit "forever" mode (ZBF)
Nov 30 13:41:44 np0005540255.novalocal object-auditor[104351]: Object audit (ZBF). Since Sun Nov 30 18:41:44 2025: Locally: 1 passed, 0 quarantined, 0 errors, files/sec: 465.05, bytes/sec: 0.00, Total time: 0.00, Auditing time: 0.00, Rate: 0.00
Nov 30 13:41:45 np0005540255.novalocal account-server[96195]: ::1 - - [30/Nov/2025:18:41:45 +0000] "HEAD /1/249817/.misplaced_objects" 404 - "HEAD http://localhost/v1/.misplaced_objects?format=json" "tx277e17822c4c46ea84318-00692c8fe9" "Swift Container Reconciler" 0.0004 "-" 96195 -
Nov 30 13:41:45 np0005540255.novalocal account-server[96196]: ::1 - - [30/Nov/2025:18:41:45 +0000] "HEAD /3/249817/.misplaced_objects" 404 - "HEAD http://localhost/v1/.misplaced_objects?format=json" "tx277e17822c4c46ea84318-00692c8fe9" "Swift Container Reconciler" 0.0003 "-" 96196 -
Nov 30 13:41:45 np0005540255.novalocal account-server[96195]: ::1 - - [30/Nov/2025:18:41:45 +0000] "HEAD /2/249817/.misplaced_objects" 404 - "HEAD http://localhost/v1/.misplaced_objects?format=json" "tx277e17822c4c46ea84318-00692c8fe9" "Swift Container Reconciler" 0.0004 "-" 96195 -
Nov 30 13:41:45 np0005540255.novalocal container-reconciler-ic[92224]: - - 30/Nov/2025/18/41/45 HEAD /v1/.misplaced_objects%3Fformat%3Djson HTTP/1.0 404 - Swift - - - - tx277e17822c4c46ea84318-00692c8fe9 - 0.0097 GET_ACCOUNT_INFO - 1764528105.615513325 1764528105.625234842 -
Nov 30 13:41:45 np0005540255.novalocal container-server[96491]: ::1 - - [30/Nov/2025:18:41:45 +0000] "GET /3/222345/.misplaced_objects/1764525600" 404 - "GET http://localhost/v1/.misplaced_objects/1764525600?format=json&marker=&end_marker=&prefix=&states=listing" "tx277e17822c4c46ea84318-00692c8fe9" "Swift Container Reconciler" 0.0004 "-" 96491 0
Nov 30 13:41:45 np0005540255.novalocal container-server[96490]: ::1 - - [30/Nov/2025:18:41:45 +0000] "GET /1/222345/.misplaced_objects/1764525600" 404 - "GET http://localhost/v1/.misplaced_objects/1764525600?format=json&marker=&end_marker=&prefix=&states=listing" "tx277e17822c4c46ea84318-00692c8fe9" "Swift Container Reconciler" 0.0003 "-" 96490 0
Nov 30 13:41:45 np0005540255.novalocal container-server[96490]: ::1 - - [30/Nov/2025:18:41:45 +0000] "GET /2/222345/.misplaced_objects/1764525600" 404 - "GET http://localhost/v1/.misplaced_objects/1764525600?format=json&marker=&end_marker=&prefix=&states=listing" "tx277e17822c4c46ea84318-00692c8fe9" "Swift Container Reconciler" 0.0002 "-" 96490 0
Nov 30 13:41:45 np0005540255.novalocal container-reconciler-ic[92224]: - - 30/Nov/2025/18/41/45 GET /v1/.misplaced_objects/1764525600%3Fformat%3Djson%26marker%3D%26end_marker%3D%26prefix%3D%26states%3Dlisting HTTP/1.0 404 - Swift%20Container%20Reconciler - - 70 - tx277e17822c4c46ea84318-00692c8fe9 - 0.0193 - - 1764528105.614536285 1764528105.633803844 0
Nov 30 13:41:45 np0005540255.novalocal account-server[96195]: ::1 - - [30/Nov/2025:18:41:45 +0000] "GET /3/249817/.misplaced_objects" 404 - "GET http://localhost/v1/.misplaced_objects?format=json&marker=&end_marker=&prefix=" "txd2d1b5354501482097fcf-00692c8fe9" "Swift Container Reconciler" 0.0004 "-" 96195 -
Nov 30 13:41:45 np0005540255.novalocal account-server[96195]: ::1 - - [30/Nov/2025:18:41:45 +0000] "GET /1/249817/.misplaced_objects" 404 - "GET http://localhost/v1/.misplaced_objects?format=json&marker=&end_marker=&prefix=" "txd2d1b5354501482097fcf-00692c8fe9" "Swift Container Reconciler" 0.0002 "-" 96195 -
Nov 30 13:41:45 np0005540255.novalocal account-server[96196]: ::1 - - [30/Nov/2025:18:41:45 +0000] "GET /2/249817/.misplaced_objects" 404 - "GET http://localhost/v1/.misplaced_objects?format=json&marker=&end_marker=&prefix=" "txd2d1b5354501482097fcf-00692c8fe9" "Swift Container Reconciler" 0.0003 "-" 96196 -
Nov 30 13:41:45 np0005540255.novalocal container-reconciler-ic[92224]: - - 30/Nov/2025/18/41/45 GET /v1/.misplaced_objects%3Fformat%3Djson%26marker%3D%26end_marker%3D%26prefix%3D HTTP/1.0 404 - Swift%20Container%20Reconciler - - - - txd2d1b5354501482097fcf-00692c8fe9 - 0.0082 - - 1764528105.634401321 1764528105.642601013 -
Nov 30 13:41:45 np0005540255.novalocal container-reconciler[92224]: Reconciler Stats: {}
Nov 30 13:41:45 np0005540255.novalocal container-reconciler[92224]: sleeping between intervals (30.0s)
Nov 30 13:41:46 np0005540255.novalocal dnsmasq[103568]: read /var/lib/neutron/dhcp/ea3068c7-d22f-413c-9aab-93637276ff9a/addn_hosts - 3 addresses
Nov 30 13:41:46 np0005540255.novalocal dnsmasq-dhcp[103568]: read /var/lib/neutron/dhcp/ea3068c7-d22f-413c-9aab-93637276ff9a/host
Nov 30 13:41:46 np0005540255.novalocal dnsmasq-dhcp[103568]: read /var/lib/neutron/dhcp/ea3068c7-d22f-413c-9aab-93637276ff9a/opts
Nov 30 13:41:47 np0005540255.novalocal account-server[96196]: ::1 - - [30/Nov/2025:18:41:47 +0000] "HEAD /1/128474/AUTH_53b9bcf7d8194db7bd330ca574b5edab" 204 - "HEAD http://[::1]:8080/v1/AUTH_53b9bcf7d8194db7bd330ca574b5edab?format=json" "txe9e951df3a474e5fb681c-00692c8feb" "proxy-server 97815" 0.0055 "-" 96196 -
Nov 30 13:41:47 np0005540255.novalocal proxy-server[97815]: - - 30/Nov/2025/18/41/47 HEAD /v1/AUTH_53b9bcf7d8194db7bd330ca574b5edab%3Fformat%3Djson HTTP/1.0 204 - Swift - - - - txe9e951df3a474e5fb681c-00692c8feb - 0.0096 CS - 1764528107.259091854 1764528107.268710375 -
Nov 30 13:41:47 np0005540255.novalocal container-server[96490]: ::1 - - [30/Nov/2025:18:41:47 +0000] "HEAD /1/119311/AUTH_53b9bcf7d8194db7bd330ca574b5edab/gnocchi.0cb692e7-dfdc-4728-bd11-272519235117" 404 - "HEAD http://[::1]:8080/v1/AUTH_53b9bcf7d8194db7bd330ca574b5edab/gnocchi.0cb692e7-dfdc-4728-bd11-272519235117" "txe9e951df3a474e5fb681c-00692c8feb" "proxy-server 97815" 0.0004 "-" 96490 0
Nov 30 13:41:47 np0005540255.novalocal container-server[96490]: ::1 - - [30/Nov/2025:18:41:47 +0000] "HEAD /2/119311/AUTH_53b9bcf7d8194db7bd330ca574b5edab/gnocchi.0cb692e7-dfdc-4728-bd11-272519235117" 404 - "HEAD http://[::1]:8080/v1/AUTH_53b9bcf7d8194db7bd330ca574b5edab/gnocchi.0cb692e7-dfdc-4728-bd11-272519235117" "txe9e951df3a474e5fb681c-00692c8feb" "proxy-server 97815" 0.0003 "-" 96490 0
Nov 30 13:41:47 np0005540255.novalocal container-server[96491]: ::1 - - [30/Nov/2025:18:41:47 +0000] "HEAD /3/119311/AUTH_53b9bcf7d8194db7bd330ca574b5edab/gnocchi.0cb692e7-dfdc-4728-bd11-272519235117" 404 - "HEAD http://[::1]:8080/v1/AUTH_53b9bcf7d8194db7bd330ca574b5edab/gnocchi.0cb692e7-dfdc-4728-bd11-272519235117" "txe9e951df3a474e5fb681c-00692c8feb" "proxy-server 97815" 0.0002 "-" 96491 0
Nov 30 13:41:47 np0005540255.novalocal proxy-server[97815]: - - 30/Nov/2025/18/41/47 HEAD /v1/AUTH_53b9bcf7d8194db7bd330ca574b5edab/gnocchi.0cb692e7-dfdc-4728-bd11-272519235117 HTTP/1.0 404 - Swift - - - - txe9e951df3a474e5fb681c-00692c8feb - 0.0088 CS - 1764528107.270297766 1764528107.279106617 0
Nov 30 13:41:47 np0005540255.novalocal object-server[96823]: ::1 - - [30/Nov/2025:18:41:47 +0000] "GET /1/255115/AUTH_53b9bcf7d8194db7bd330ca574b5edab/gnocchi.0cb692e7-dfdc-4728-bd11-272519235117/none_v3" 404 70 "GET https://[::1]:8080/v1/AUTH_53b9bcf7d8194db7bd330ca574b5edab/gnocchi.0cb692e7-dfdc-4728-bd11-272519235117/none_v3" "txe9e951df3a474e5fb681c-00692c8feb" "proxy-server 97815" 0.0003 "-" 96823 0
Nov 30 13:41:47 np0005540255.novalocal container-server[96491]: ::1 - - [30/Nov/2025:18:41:47 +0000] "HEAD /3/88970/AUTH_53b9bcf7d8194db7bd330ca574b5edab/gnocchi.2604f7f8-c713-46a3-afd3-3a49af467fbd" 404 - "HEAD http://[::1]:8080/v1/AUTH_53b9bcf7d8194db7bd330ca574b5edab/gnocchi.2604f7f8-c713-46a3-afd3-3a49af467fbd" "tx385e35d2c644410fa5bcc-00692c8feb" "proxy-server 97815" 0.0003 "-" 96491 0
Nov 30 13:41:47 np0005540255.novalocal object-server[96823]: ::1 - - [30/Nov/2025:18:41:47 +0000] "GET /3/255115/AUTH_53b9bcf7d8194db7bd330ca574b5edab/gnocchi.0cb692e7-dfdc-4728-bd11-272519235117/none_v3" 404 70 "GET https://[::1]:8080/v1/AUTH_53b9bcf7d8194db7bd330ca574b5edab/gnocchi.0cb692e7-dfdc-4728-bd11-272519235117/none_v3" "txe9e951df3a474e5fb681c-00692c8feb" "proxy-server 97815" 0.0002 "-" 96823 0
Nov 30 13:41:47 np0005540255.novalocal container-server[96491]: ::1 - - [30/Nov/2025:18:41:47 +0000] "HEAD /2/88970/AUTH_53b9bcf7d8194db7bd330ca574b5edab/gnocchi.2604f7f8-c713-46a3-afd3-3a49af467fbd" 404 - "HEAD http://[::1]:8080/v1/AUTH_53b9bcf7d8194db7bd330ca574b5edab/gnocchi.2604f7f8-c713-46a3-afd3-3a49af467fbd" "tx385e35d2c644410fa5bcc-00692c8feb" "proxy-server 97815" 0.0003 "-" 96491 0
Nov 30 13:41:47 np0005540255.novalocal container-server[96491]: ::1 - - [30/Nov/2025:18:41:47 +0000] "HEAD /1/88970/AUTH_53b9bcf7d8194db7bd330ca574b5edab/gnocchi.2604f7f8-c713-46a3-afd3-3a49af467fbd" 404 - "HEAD http://[::1]:8080/v1/AUTH_53b9bcf7d8194db7bd330ca574b5edab/gnocchi.2604f7f8-c713-46a3-afd3-3a49af467fbd" "tx385e35d2c644410fa5bcc-00692c8feb" "proxy-server 97815" 0.0001 "-" 96491 0
Nov 30 13:41:47 np0005540255.novalocal object-server[96823]: ::1 - - [30/Nov/2025:18:41:47 +0000] "GET /2/255115/AUTH_53b9bcf7d8194db7bd330ca574b5edab/gnocchi.0cb692e7-dfdc-4728-bd11-272519235117/none_v3" 404 70 "GET https://[::1]:8080/v1/AUTH_53b9bcf7d8194db7bd330ca574b5edab/gnocchi.0cb692e7-dfdc-4728-bd11-272519235117/none_v3" "txe9e951df3a474e5fb681c-00692c8feb" "proxy-server 97815" 0.0005 "-" 96823 0
Nov 30 13:41:47 np0005540255.novalocal proxy-server[97815]: ::1 ::1 30/Nov/2025/18/41/47 GET /v1/AUTH_53b9bcf7d8194db7bd330ca574b5edab/gnocchi.0cb692e7-dfdc-4728-bd11-272519235117/none_v3 HTTP/1.0 404 - python-swiftclient-4.7.0 gAAAAABpLI-5FlkI... - 70 - txe9e951df3a474e5fb681c-00692c8feb - 0.0386 - - 1764528107.257934809 1764528107.296582460 0
Nov 30 13:41:47 np0005540255.novalocal proxy-server[97815]: - - 30/Nov/2025/18/41/47 HEAD /v1/AUTH_53b9bcf7d8194db7bd330ca574b5edab/gnocchi.2604f7f8-c713-46a3-afd3-3a49af467fbd HTTP/1.0 404 - Swift - - - - tx385e35d2c644410fa5bcc-00692c8feb - 0.0115 CS - 1764528107.286165714 1764528107.297633648 0
Nov 30 13:41:47 np0005540255.novalocal object-server[96824]: ::1 - - [30/Nov/2025:18:41:47 +0000] "GET /1/200736/AUTH_53b9bcf7d8194db7bd330ca574b5edab/gnocchi.2604f7f8-c713-46a3-afd3-3a49af467fbd/none_v3" 404 70 "GET https://[::1]:8080/v1/AUTH_53b9bcf7d8194db7bd330ca574b5edab/gnocchi.2604f7f8-c713-46a3-afd3-3a49af467fbd/none_v3" "tx385e35d2c644410fa5bcc-00692c8feb" "proxy-server 97815" 0.0005 "-" 96824 0
Nov 30 13:41:47 np0005540255.novalocal object-server[96823]: ::1 - - [30/Nov/2025:18:41:47 +0000] "GET /3/200736/AUTH_53b9bcf7d8194db7bd330ca574b5edab/gnocchi.2604f7f8-c713-46a3-afd3-3a49af467fbd/none_v3" 404 70 "GET https://[::1]:8080/v1/AUTH_53b9bcf7d8194db7bd330ca574b5edab/gnocchi.2604f7f8-c713-46a3-afd3-3a49af467fbd/none_v3" "tx385e35d2c644410fa5bcc-00692c8feb" "proxy-server 97815" 0.0006 "-" 96823 0
Nov 30 13:41:47 np0005540255.novalocal object-server[96823]: ::1 - - [30/Nov/2025:18:41:47 +0000] "GET /2/200736/AUTH_53b9bcf7d8194db7bd330ca574b5edab/gnocchi.2604f7f8-c713-46a3-afd3-3a49af467fbd/none_v3" 404 70 "GET https://[::1]:8080/v1/AUTH_53b9bcf7d8194db7bd330ca574b5edab/gnocchi.2604f7f8-c713-46a3-afd3-3a49af467fbd/none_v3" "tx385e35d2c644410fa5bcc-00692c8feb" "proxy-server 97815" 0.0002 "-" 96823 0
Nov 30 13:41:47 np0005540255.novalocal proxy-server[97815]: ::1 ::1 30/Nov/2025/18/41/47 GET /v1/AUTH_53b9bcf7d8194db7bd330ca574b5edab/gnocchi.2604f7f8-c713-46a3-afd3-3a49af467fbd/none_v3 HTTP/1.0 404 - python-swiftclient-4.7.0 gAAAAABpLI-56T9k... - 70 - tx385e35d2c644410fa5bcc-00692c8feb - 0.0295 - - 1764528107.285628319 1764528107.315166473 0
Nov 30 13:41:47 np0005540255.novalocal account-server[96196]: ::1 - - [30/Nov/2025:18:41:47 +0000] "PUT /2/128474/AUTH_53b9bcf7d8194db7bd330ca574b5edab/gnocchi.0cb692e7-dfdc-4728-bd11-272519235117" 201 - "PUT http://[::1]:6001/1/119311/AUTH_53b9bcf7d8194db7bd330ca574b5edab/gnocchi.0cb692e7-dfdc-4728-bd11-272519235117" "tx6f8e7a509dd547c68818e-00692c8feb" "container-server 96491" 0.0032 "-" 96196 0
Nov 30 13:41:47 np0005540255.novalocal account-server[96196]: ::1 - - [30/Nov/2025:18:41:47 +0000] "PUT /3/128474/AUTH_53b9bcf7d8194db7bd330ca574b5edab/gnocchi.0cb692e7-dfdc-4728-bd11-272519235117" 201 - "PUT http://[::1]:6001/2/119311/AUTH_53b9bcf7d8194db7bd330ca574b5edab/gnocchi.0cb692e7-dfdc-4728-bd11-272519235117" "tx6f8e7a509dd547c68818e-00692c8feb" "container-server 96490" 0.0046 "-" 96196 0
Nov 30 13:41:47 np0005540255.novalocal container-server[96490]: ::1 - - [30/Nov/2025:18:41:47 +0000] "PUT /2/119311/AUTH_53b9bcf7d8194db7bd330ca574b5edab/gnocchi.0cb692e7-dfdc-4728-bd11-272519235117" 201 - "PUT https://[::1]:8080/v1/AUTH_53b9bcf7d8194db7bd330ca574b5edab/gnocchi.0cb692e7-dfdc-4728-bd11-272519235117" "tx6f8e7a509dd547c68818e-00692c8feb" "proxy-server 97815" 0.0505 "-" 96490 0
Nov 30 13:41:47 np0005540255.novalocal account-server[96195]: ::1 - - [30/Nov/2025:18:41:47 +0000] "PUT /1/128474/AUTH_53b9bcf7d8194db7bd330ca574b5edab/gnocchi.0cb692e7-dfdc-4728-bd11-272519235117" 201 - "PUT http://[::1]:6001/3/119311/AUTH_53b9bcf7d8194db7bd330ca574b5edab/gnocchi.0cb692e7-dfdc-4728-bd11-272519235117" "tx6f8e7a509dd547c68818e-00692c8feb" "container-server 96490" 0.0014 "-" 96195 0
Nov 30 13:41:47 np0005540255.novalocal container-server[96490]: ::1 - - [30/Nov/2025:18:41:47 +0000] "PUT /3/119311/AUTH_53b9bcf7d8194db7bd330ca574b5edab/gnocchi.0cb692e7-dfdc-4728-bd11-272519235117" 201 - "PUT https://[::1]:8080/v1/AUTH_53b9bcf7d8194db7bd330ca574b5edab/gnocchi.0cb692e7-dfdc-4728-bd11-272519235117" "tx6f8e7a509dd547c68818e-00692c8feb" "proxy-server 97815" 0.0211 "-" 96490 0
Nov 30 13:41:47 np0005540255.novalocal container-server[96491]: ::1 - - [30/Nov/2025:18:41:47 +0000] "PUT /1/119311/AUTH_53b9bcf7d8194db7bd330ca574b5edab/gnocchi.0cb692e7-dfdc-4728-bd11-272519235117" 201 - "PUT https://[::1]:8080/v1/AUTH_53b9bcf7d8194db7bd330ca574b5edab/gnocchi.0cb692e7-dfdc-4728-bd11-272519235117" "tx6f8e7a509dd547c68818e-00692c8feb" "proxy-server 97815" 0.0526 "-" 96491 0
Nov 30 13:41:47 np0005540255.novalocal account-server[96196]: ::1 - - [30/Nov/2025:18:41:47 +0000] "PUT /3/128474/AUTH_53b9bcf7d8194db7bd330ca574b5edab/gnocchi.2604f7f8-c713-46a3-afd3-3a49af467fbd" 201 - "PUT http://[::1]:6001/1/88970/AUTH_53b9bcf7d8194db7bd330ca574b5edab/gnocchi.2604f7f8-c713-46a3-afd3-3a49af467fbd" "txa0ed0ddd47c047a7ab37b-00692c8feb" "container-server 96490" 0.0042 "-" 96196 0
Nov 30 13:41:47 np0005540255.novalocal proxy-server[97815]: ::1 ::1 30/Nov/2025/18/41/47 PUT /v1/AUTH_53b9bcf7d8194db7bd330ca574b5edab/gnocchi.0cb692e7-dfdc-4728-bd11-272519235117 HTTP/1.0 201 - python-swiftclient-4.7.0 gAAAAABpLI-5FlkI... - - - tx6f8e7a509dd547c68818e-00692c8feb - 0.0609 - - 1764528107.302311897 1764528107.363239527 0
Nov 30 13:41:47 np0005540255.novalocal container-server[96490]: ::1 - - [30/Nov/2025:18:41:47 +0000] "PUT /1/88970/AUTH_53b9bcf7d8194db7bd330ca574b5edab/gnocchi.2604f7f8-c713-46a3-afd3-3a49af467fbd" 201 - "PUT https://[::1]:8080/v1/AUTH_53b9bcf7d8194db7bd330ca574b5edab/gnocchi.2604f7f8-c713-46a3-afd3-3a49af467fbd" "txa0ed0ddd47c047a7ab37b-00692c8feb" "proxy-server 97815" 0.0138 "-" 96490 0
Nov 30 13:41:47 np0005540255.novalocal account-server[96195]: ::1 - - [30/Nov/2025:18:41:47 +0000] "PUT /1/128474/AUTH_53b9bcf7d8194db7bd330ca574b5edab/gnocchi.2604f7f8-c713-46a3-afd3-3a49af467fbd" 201 - "PUT http://[::1]:6001/3/88970/AUTH_53b9bcf7d8194db7bd330ca574b5edab/gnocchi.2604f7f8-c713-46a3-afd3-3a49af467fbd" "txa0ed0ddd47c047a7ab37b-00692c8feb" "container-server 96491" 0.0062 "-" 96195 0
Nov 30 13:41:47 np0005540255.novalocal account-server[96196]: ::1 - - [30/Nov/2025:18:41:47 +0000] "PUT /2/128474/AUTH_53b9bcf7d8194db7bd330ca574b5edab/gnocchi.2604f7f8-c713-46a3-afd3-3a49af467fbd" 201 - "PUT http://[::1]:6001/2/88970/AUTH_53b9bcf7d8194db7bd330ca574b5edab/gnocchi.2604f7f8-c713-46a3-afd3-3a49af467fbd" "txa0ed0ddd47c047a7ab37b-00692c8feb" "container-server 96491" 0.0048 "-" 96196 0
Nov 30 13:41:47 np0005540255.novalocal container-server[96491]: ::1 - - [30/Nov/2025:18:41:47 +0000] "PUT /3/88970/AUTH_53b9bcf7d8194db7bd330ca574b5edab/gnocchi.2604f7f8-c713-46a3-afd3-3a49af467fbd" 201 - "PUT https://[::1]:8080/v1/AUTH_53b9bcf7d8194db7bd330ca574b5edab/gnocchi.2604f7f8-c713-46a3-afd3-3a49af467fbd" "txa0ed0ddd47c047a7ab37b-00692c8feb" "proxy-server 97815" 0.0184 "-" 96491 0
Nov 30 13:41:47 np0005540255.novalocal container-server[96491]: ::1 - - [30/Nov/2025:18:41:47 +0000] "PUT /2/88970/AUTH_53b9bcf7d8194db7bd330ca574b5edab/gnocchi.2604f7f8-c713-46a3-afd3-3a49af467fbd" 201 - "PUT https://[::1]:8080/v1/AUTH_53b9bcf7d8194db7bd330ca574b5edab/gnocchi.2604f7f8-c713-46a3-afd3-3a49af467fbd" "txa0ed0ddd47c047a7ab37b-00692c8feb" "proxy-server 97815" 0.0296 "-" 96491 0
Nov 30 13:41:47 np0005540255.novalocal proxy-server[97815]: ::1 ::1 30/Nov/2025/18/41/47 PUT /v1/AUTH_53b9bcf7d8194db7bd330ca574b5edab/gnocchi.2604f7f8-c713-46a3-afd3-3a49af467fbd HTTP/1.0 201 - python-swiftclient-4.7.0 gAAAAABpLI-56T9k... - - - txa0ed0ddd47c047a7ab37b-00692c8feb - 0.0545 - - 1764528107.317791224 1764528107.372302294 0
Nov 30 13:41:47 np0005540255.novalocal container-server[96490]: ::1 - - [30/Nov/2025:18:41:47 +0000] "HEAD /3/119311/AUTH_53b9bcf7d8194db7bd330ca574b5edab/gnocchi.0cb692e7-dfdc-4728-bd11-272519235117" 204 - "HEAD http://[::1]:8080/v1/AUTH_53b9bcf7d8194db7bd330ca574b5edab/gnocchi.0cb692e7-dfdc-4728-bd11-272519235117" "tx92e6243caaa94f738da01-00692c8feb" "proxy-server 97815" 0.0012 "-" 96490 0
Nov 30 13:41:47 np0005540255.novalocal container-server[96491]: ::1 - - [30/Nov/2025:18:41:47 +0000] "HEAD /1/88970/AUTH_53b9bcf7d8194db7bd330ca574b5edab/gnocchi.2604f7f8-c713-46a3-afd3-3a49af467fbd" 204 - "HEAD http://[::1]:8080/v1/AUTH_53b9bcf7d8194db7bd330ca574b5edab/gnocchi.2604f7f8-c713-46a3-afd3-3a49af467fbd" "tx7453fa29dd5c4a3eacf3e-00692c8feb" "proxy-server 97815" 0.0011 "-" 96491 0
Nov 30 13:41:47 np0005540255.novalocal proxy-server[97815]: - - 30/Nov/2025/18/41/47 HEAD /v1/AUTH_53b9bcf7d8194db7bd330ca574b5edab/gnocchi.0cb692e7-dfdc-4728-bd11-272519235117 HTTP/1.0 204 - Swift - - - - tx92e6243caaa94f738da01-00692c8feb - 0.0050 CS - 1764528107.374265432 1764528107.379216433 0
Nov 30 13:41:47 np0005540255.novalocal proxy-server[97815]: - - 30/Nov/2025/18/41/47 HEAD /v1/AUTH_53b9bcf7d8194db7bd330ca574b5edab/gnocchi.2604f7f8-c713-46a3-afd3-3a49af467fbd HTTP/1.0 204 - Swift - - - - tx7453fa29dd5c4a3eacf3e-00692c8feb - 0.0081 CS - 1764528107.376523733 1764528107.384618282 0
Nov 30 13:41:47 np0005540255.novalocal container-server[96491]: ::1 - - [30/Nov/2025:18:41:47 +0000] "GET /1/119311/AUTH_53b9bcf7d8194db7bd330ca574b5edab/gnocchi.0cb692e7-dfdc-4728-bd11-272519235117" 200 2 "GET https://[::1]:8080/v1/AUTH_53b9bcf7d8194db7bd330ca574b5edab/gnocchi.0cb692e7-dfdc-4728-bd11-272519235117?format=json&states=listing" "tx92e6243caaa94f738da01-00692c8feb" "proxy-server 97815" 0.0017 "-" 96491 0
Nov 30 13:41:47 np0005540255.novalocal container-server[96491]: ::1 - - [30/Nov/2025:18:41:47 +0000] "GET /3/88970/AUTH_53b9bcf7d8194db7bd330ca574b5edab/gnocchi.2604f7f8-c713-46a3-afd3-3a49af467fbd" 200 2 "GET https://[::1]:8080/v1/AUTH_53b9bcf7d8194db7bd330ca574b5edab/gnocchi.2604f7f8-c713-46a3-afd3-3a49af467fbd?format=json&states=listing" "tx7453fa29dd5c4a3eacf3e-00692c8feb" "proxy-server 97815" 0.0014 "-" 96491 0
Nov 30 13:41:47 np0005540255.novalocal proxy-server[97815]: ::1 ::1 30/Nov/2025/18/41/47 GET /v1/AUTH_53b9bcf7d8194db7bd330ca574b5edab/gnocchi.0cb692e7-dfdc-4728-bd11-272519235117%3Fformat%3Djson%26states%3Dlisting HTTP/1.0 200 - python-swiftclient-4.7.0 gAAAAABpLI-5FlkI... - 2 - tx92e6243caaa94f738da01-00692c8feb - 0.0175 - - 1764528107.373558760 1764528107.391034603 0
Nov 30 13:41:47 np0005540255.novalocal proxy-server[97815]: ::1 ::1 30/Nov/2025/18/41/47 GET /v1/AUTH_53b9bcf7d8194db7bd330ca574b5edab/gnocchi.2604f7f8-c713-46a3-afd3-3a49af467fbd%3Fformat%3Djson%26states%3Dlisting HTTP/1.0 200 - python-swiftclient-4.7.0 gAAAAABpLI-56T9k... - 2 - tx7453fa29dd5c4a3eacf3e-00692c8feb - 0.0189 - - 1764528107.375754595 1764528107.394634485 0
Nov 30 13:41:47 np0005540255.novalocal object-server[96824]: ::1 - - [30/Nov/2025:18:41:47 +0000] "GET /1/140934/AUTH_53b9bcf7d8194db7bd330ca574b5edab/gnocchi.0cb692e7-dfdc-4728-bd11-272519235117/1763640000.0_mean_300.0_v3" 404 70 "GET https://[::1]:8080/v1/AUTH_53b9bcf7d8194db7bd330ca574b5edab/gnocchi.0cb692e7-dfdc-4728-bd11-272519235117/1763640000.0_mean_300.0_v3" "tx70bc91744c774f1a9b350-00692c8feb" "proxy-server 97815" 0.0004 "-" 96824 0
Nov 30 13:41:47 np0005540255.novalocal object-server[96824]: ::1 - - [30/Nov/2025:18:41:47 +0000] "GET /3/161238/AUTH_53b9bcf7d8194db7bd330ca574b5edab/gnocchi.2604f7f8-c713-46a3-afd3-3a49af467fbd/1763640000.0_mean_300.0_v3" 404 70 "GET https://[::1]:8080/v1/AUTH_53b9bcf7d8194db7bd330ca574b5edab/gnocchi.2604f7f8-c713-46a3-afd3-3a49af467fbd/1763640000.0_mean_300.0_v3" "txcaf16e6df2c949bf8ef18-00692c8feb" "proxy-server 97815" 0.0002 "-" 96824 0
Nov 30 13:41:47 np0005540255.novalocal object-server[96824]: ::1 - - [30/Nov/2025:18:41:47 +0000] "GET /3/140934/AUTH_53b9bcf7d8194db7bd330ca574b5edab/gnocchi.0cb692e7-dfdc-4728-bd11-272519235117/1763640000.0_mean_300.0_v3" 404 70 "GET https://[::1]:8080/v1/AUTH_53b9bcf7d8194db7bd330ca574b5edab/gnocchi.0cb692e7-dfdc-4728-bd11-272519235117/1763640000.0_mean_300.0_v3" "tx70bc91744c774f1a9b350-00692c8feb" "proxy-server 97815" 0.0002 "-" 96824 0
Nov 30 13:41:47 np0005540255.novalocal object-server[96823]: ::1 - - [30/Nov/2025:18:41:47 +0000] "GET /2/161238/AUTH_53b9bcf7d8194db7bd330ca574b5edab/gnocchi.2604f7f8-c713-46a3-afd3-3a49af467fbd/1763640000.0_mean_300.0_v3" 404 70 "GET https://[::1]:8080/v1/AUTH_53b9bcf7d8194db7bd330ca574b5edab/gnocchi.2604f7f8-c713-46a3-afd3-3a49af467fbd/1763640000.0_mean_300.0_v3" "txcaf16e6df2c949bf8ef18-00692c8feb" "proxy-server 97815" 0.0005 "-" 96823 0
Nov 30 13:41:47 np0005540255.novalocal object-server[96823]: ::1 - - [30/Nov/2025:18:41:47 +0000] "GET /2/140934/AUTH_53b9bcf7d8194db7bd330ca574b5edab/gnocchi.0cb692e7-dfdc-4728-bd11-272519235117/1763640000.0_mean_300.0_v3" 404 70 "GET https://[::1]:8080/v1/AUTH_53b9bcf7d8194db7bd330ca574b5edab/gnocchi.0cb692e7-dfdc-4728-bd11-272519235117/1763640000.0_mean_300.0_v3" "tx70bc91744c774f1a9b350-00692c8feb" "proxy-server 97815" 0.0003 "-" 96823 0
Nov 30 13:41:47 np0005540255.novalocal proxy-server[97815]: ::1 ::1 30/Nov/2025/18/41/47 GET /v1/AUTH_53b9bcf7d8194db7bd330ca574b5edab/gnocchi.0cb692e7-dfdc-4728-bd11-272519235117/1763640000.0_mean_300.0_v3 HTTP/1.0 404 - python-swiftclient-4.7.0 gAAAAABpLI-5FlkI... - 70 - tx70bc91744c774f1a9b350-00692c8feb - 0.0171 - - 1764528107.395767212 1764528107.412840128 0
Nov 30 13:41:47 np0005540255.novalocal object-server[96823]: ::1 - - [30/Nov/2025:18:41:47 +0000] "GET /1/161238/AUTH_53b9bcf7d8194db7bd330ca574b5edab/gnocchi.2604f7f8-c713-46a3-afd3-3a49af467fbd/1763640000.0_mean_300.0_v3" 404 70 "GET https://[::1]:8080/v1/AUTH_53b9bcf7d8194db7bd330ca574b5edab/gnocchi.2604f7f8-c713-46a3-afd3-3a49af467fbd/1763640000.0_mean_300.0_v3" "txcaf16e6df2c949bf8ef18-00692c8feb" "proxy-server 97815" 0.0006 "-" 96823 0
Nov 30 13:41:47 np0005540255.novalocal proxy-server[97815]: ::1 ::1 30/Nov/2025/18/41/47 GET /v1/AUTH_53b9bcf7d8194db7bd330ca574b5edab/gnocchi.2604f7f8-c713-46a3-afd3-3a49af467fbd/1763640000.0_mean_300.0_v3 HTTP/1.0 404 - python-swiftclient-4.7.0 gAAAAABpLI-56T9k... - 70 - txcaf16e6df2c949bf8ef18-00692c8feb - 0.0146 - - 1764528107.400101423 1764528107.414657116 0
Nov 30 13:41:47 np0005540255.novalocal container-server[96491]: ::1 - - [30/Nov/2025:18:41:47 +0000] "PUT /3/88970/AUTH_53b9bcf7d8194db7bd330ca574b5edab/gnocchi.2604f7f8-c713-46a3-afd3-3a49af467fbd/1763640000.0_mean_300.0_v3" 201 - "PUT http://[::1]:8080/3/161238/AUTH_53b9bcf7d8194db7bd330ca574b5edab/gnocchi.2604f7f8-c713-46a3-afd3-3a49af467fbd/1763640000.0_mean_300.0_v3" "txb3f56b3082f24861a0308-00692c8feb" "object-server 96824" 0.0009 "-" 96491 0
Nov 30 13:41:47 np0005540255.novalocal container-server[96490]: ::1 - - [30/Nov/2025:18:41:47 +0000] "PUT /1/119311/AUTH_53b9bcf7d8194db7bd330ca574b5edab/gnocchi.0cb692e7-dfdc-4728-bd11-272519235117/1763640000.0_mean_300.0_v3" 201 - "PUT http://[::1]:8080/1/140934/AUTH_53b9bcf7d8194db7bd330ca574b5edab/gnocchi.0cb692e7-dfdc-4728-bd11-272519235117/1763640000.0_mean_300.0_v3" "txcd7172d8aa564caa987ff-00692c8feb" "object-server 96824" 0.0007 "-" 96490 0
Nov 30 13:41:47 np0005540255.novalocal object-server[96824]: ::1 - - [30/Nov/2025:18:41:47 +0000] "PUT /3/161238/AUTH_53b9bcf7d8194db7bd330ca574b5edab/gnocchi.2604f7f8-c713-46a3-afd3-3a49af467fbd/1763640000.0_mean_300.0_v3" 201 - "PUT https://[::1]:8080/v1/AUTH_53b9bcf7d8194db7bd330ca574b5edab/gnocchi.2604f7f8-c713-46a3-afd3-3a49af467fbd/1763640000.0_mean_300.0_v3" "txb3f56b3082f24861a0308-00692c8feb" "proxy-server 97815" 0.0162 "-" 96824 0
Nov 30 13:41:47 np0005540255.novalocal container-server[96490]: ::1 - - [30/Nov/2025:18:41:47 +0000] "PUT /2/88970/AUTH_53b9bcf7d8194db7bd330ca574b5edab/gnocchi.2604f7f8-c713-46a3-afd3-3a49af467fbd/1763640000.0_mean_300.0_v3" 201 - "PUT http://[::1]:8080/1/161238/AUTH_53b9bcf7d8194db7bd330ca574b5edab/gnocchi.2604f7f8-c713-46a3-afd3-3a49af467fbd/1763640000.0_mean_300.0_v3" "txb3f56b3082f24861a0308-00692c8feb" "object-server 96823" 0.0004 "-" 96490 0
Nov 30 13:41:47 np0005540255.novalocal object-server[96824]: ::1 - - [30/Nov/2025:18:41:47 +0000] "PUT /1/140934/AUTH_53b9bcf7d8194db7bd330ca574b5edab/gnocchi.0cb692e7-dfdc-4728-bd11-272519235117/1763640000.0_mean_300.0_v3" 201 - "PUT https://[::1]:8080/v1/AUTH_53b9bcf7d8194db7bd330ca574b5edab/gnocchi.0cb692e7-dfdc-4728-bd11-272519235117/1763640000.0_mean_300.0_v3" "txcd7172d8aa564caa987ff-00692c8feb" "proxy-server 97815" 0.0202 "-" 96824 0
Nov 30 13:41:47 np0005540255.novalocal object-server[96823]: ::1 - - [30/Nov/2025:18:41:47 +0000] "PUT /1/161238/AUTH_53b9bcf7d8194db7bd330ca574b5edab/gnocchi.2604f7f8-c713-46a3-afd3-3a49af467fbd/1763640000.0_mean_300.0_v3" 201 - "PUT https://[::1]:8080/v1/AUTH_53b9bcf7d8194db7bd330ca574b5edab/gnocchi.2604f7f8-c713-46a3-afd3-3a49af467fbd/1763640000.0_mean_300.0_v3" "txb3f56b3082f24861a0308-00692c8feb" "proxy-server 97815" 0.0165 "-" 96823 0
Nov 30 13:41:47 np0005540255.novalocal container-server[96490]: ::1 - - [30/Nov/2025:18:41:47 +0000] "PUT /1/88970/AUTH_53b9bcf7d8194db7bd330ca574b5edab/gnocchi.2604f7f8-c713-46a3-afd3-3a49af467fbd/1763640000.0_mean_300.0_v3" 201 - "PUT http://[::1]:8080/2/161238/AUTH_53b9bcf7d8194db7bd330ca574b5edab/gnocchi.2604f7f8-c713-46a3-afd3-3a49af467fbd/1763640000.0_mean_300.0_v3" "txb3f56b3082f24861a0308-00692c8feb" "object-server 96823" 0.0004 "-" 96490 0
Nov 30 13:41:47 np0005540255.novalocal container-server[96491]: ::1 - - [30/Nov/2025:18:41:47 +0000] "PUT /2/119311/AUTH_53b9bcf7d8194db7bd330ca574b5edab/gnocchi.0cb692e7-dfdc-4728-bd11-272519235117/1763640000.0_mean_300.0_v3" 201 - "PUT http://[::1]:8080/3/140934/AUTH_53b9bcf7d8194db7bd330ca574b5edab/gnocchi.0cb692e7-dfdc-4728-bd11-272519235117/1763640000.0_mean_300.0_v3" "txcd7172d8aa564caa987ff-00692c8feb" "object-server 96823" 0.0007 "-" 96491 0
Nov 30 13:41:47 np0005540255.novalocal container-server[96490]: ::1 - - [30/Nov/2025:18:41:47 +0000] "PUT /3/119311/AUTH_53b9bcf7d8194db7bd330ca574b5edab/gnocchi.0cb692e7-dfdc-4728-bd11-272519235117/1763640000.0_mean_300.0_v3" 201 - "PUT http://[::1]:8080/2/140934/AUTH_53b9bcf7d8194db7bd330ca574b5edab/gnocchi.0cb692e7-dfdc-4728-bd11-272519235117/1763640000.0_mean_300.0_v3" "txcd7172d8aa564caa987ff-00692c8feb" "object-server 96823" 0.0003 "-" 96490 0
Nov 30 13:41:47 np0005540255.novalocal object-server[96823]: ::1 - - [30/Nov/2025:18:41:47 +0000] "PUT /2/161238/AUTH_53b9bcf7d8194db7bd330ca574b5edab/gnocchi.2604f7f8-c713-46a3-afd3-3a49af467fbd/1763640000.0_mean_300.0_v3" 201 - "PUT https://[::1]:8080/v1/AUTH_53b9bcf7d8194db7bd330ca574b5edab/gnocchi.2604f7f8-c713-46a3-afd3-3a49af467fbd/1763640000.0_mean_300.0_v3" "txb3f56b3082f24861a0308-00692c8feb" "proxy-server 97815" 0.0250 "-" 96823 0
Nov 30 13:41:47 np0005540255.novalocal proxy-server[97815]: ::1 ::1 30/Nov/2025/18/41/47 PUT /v1/AUTH_53b9bcf7d8194db7bd330ca574b5edab/gnocchi.2604f7f8-c713-46a3-afd3-3a49af467fbd/1763640000.0_mean_300.0_v3 HTTP/1.0 201 - python-swiftclient-4.7.0 gAAAAABpLI-56T9k... 16 - - txb3f56b3082f24861a0308-00692c8feb - 0.0502 - - 1764528107.417520523 1764528107.467695475 0
Nov 30 13:41:47 np0005540255.novalocal object-server[96823]: ::1 - - [30/Nov/2025:18:41:47 +0000] "PUT /3/140934/AUTH_53b9bcf7d8194db7bd330ca574b5edab/gnocchi.0cb692e7-dfdc-4728-bd11-272519235117/1763640000.0_mean_300.0_v3" 201 - "PUT https://[::1]:8080/v1/AUTH_53b9bcf7d8194db7bd330ca574b5edab/gnocchi.0cb692e7-dfdc-4728-bd11-272519235117/1763640000.0_mean_300.0_v3" "txcd7172d8aa564caa987ff-00692c8feb" "proxy-server 97815" 0.0182 "-" 96823 0
Nov 30 13:41:47 np0005540255.novalocal object-server[96823]: ::1 - - [30/Nov/2025:18:41:47 +0000] "PUT /2/140934/AUTH_53b9bcf7d8194db7bd330ca574b5edab/gnocchi.0cb692e7-dfdc-4728-bd11-272519235117/1763640000.0_mean_300.0_v3" 201 - "PUT https://[::1]:8080/v1/AUTH_53b9bcf7d8194db7bd330ca574b5edab/gnocchi.0cb692e7-dfdc-4728-bd11-272519235117/1763640000.0_mean_300.0_v3" "txcd7172d8aa564caa987ff-00692c8feb" "proxy-server 97815" 0.0248 "-" 96823 0
Nov 30 13:41:47 np0005540255.novalocal object-auditor[104351]: Object audit (ZBF) "forever" mode completed: 2.50s. Total quarantined: 0, Total errors: 0, Total files/sec: 50.35, Total bytes/sec: 0.00, Auditing time: 2.47, Rate: 0.99
Nov 30 13:41:47 np0005540255.novalocal proxy-server[97815]: ::1 ::1 30/Nov/2025/18/41/47 PUT /v1/AUTH_53b9bcf7d8194db7bd330ca574b5edab/gnocchi.0cb692e7-dfdc-4728-bd11-272519235117/1763640000.0_mean_300.0_v3 HTTP/1.0 201 - python-swiftclient-4.7.0 gAAAAABpLI-5FlkI... 16 - - txcd7172d8aa564caa987ff-00692c8feb - 0.0632 - - 1764528107.419133902 1764528107.482329845 0
Nov 30 13:41:47 np0005540255.novalocal container-server[96490]: ::1 - - [30/Nov/2025:18:41:47 +0000] "PUT /3/88970/AUTH_53b9bcf7d8194db7bd330ca574b5edab/gnocchi.2604f7f8-c713-46a3-afd3-3a49af467fbd/none_v3" 201 - "PUT http://[::1]:8080/3/200736/AUTH_53b9bcf7d8194db7bd330ca574b5edab/gnocchi.2604f7f8-c713-46a3-afd3-3a49af467fbd/none_v3" "tx866483ce643c422d88230-00692c8feb" "object-server 96823" 0.0004 "-" 96490 0
Nov 30 13:41:47 np0005540255.novalocal container-server[96491]: ::1 - - [30/Nov/2025:18:41:47 +0000] "PUT /3/119311/AUTH_53b9bcf7d8194db7bd330ca574b5edab/gnocchi.0cb692e7-dfdc-4728-bd11-272519235117/none_v3" 201 - "PUT http://[::1]:8080/3/255115/AUTH_53b9bcf7d8194db7bd330ca574b5edab/gnocchi.0cb692e7-dfdc-4728-bd11-272519235117/none_v3" "tx89117abb26f9436c8028e-00692c8feb" "object-server 96824" 0.0008 "-" 96491 0
Nov 30 13:41:47 np0005540255.novalocal object-server[96824]: ::1 - - [30/Nov/2025:18:41:47 +0000] "PUT /3/255115/AUTH_53b9bcf7d8194db7bd330ca574b5edab/gnocchi.0cb692e7-dfdc-4728-bd11-272519235117/none_v3" 201 - "PUT https://[::1]:8080/v1/AUTH_53b9bcf7d8194db7bd330ca574b5edab/gnocchi.0cb692e7-dfdc-4728-bd11-272519235117/none_v3" "tx89117abb26f9436c8028e-00692c8feb" "proxy-server 97815" 0.0188 "-" 96824 0
Nov 30 13:41:47 np0005540255.novalocal container-server[96491]: ::1 - - [30/Nov/2025:18:41:47 +0000] "PUT /1/88970/AUTH_53b9bcf7d8194db7bd330ca574b5edab/gnocchi.2604f7f8-c713-46a3-afd3-3a49af467fbd/none_v3" 201 - "PUT http://[::1]:8080/2/200736/AUTH_53b9bcf7d8194db7bd330ca574b5edab/gnocchi.2604f7f8-c713-46a3-afd3-3a49af467fbd/none_v3" "tx866483ce643c422d88230-00692c8feb" "object-server 96824" 0.0009 "-" 96491 0
Nov 30 13:41:47 np0005540255.novalocal object-server[96824]: ::1 - - [30/Nov/2025:18:41:47 +0000] "PUT /2/200736/AUTH_53b9bcf7d8194db7bd330ca574b5edab/gnocchi.2604f7f8-c713-46a3-afd3-3a49af467fbd/none_v3" 201 - "PUT https://[::1]:8080/v1/AUTH_53b9bcf7d8194db7bd330ca574b5edab/gnocchi.2604f7f8-c713-46a3-afd3-3a49af467fbd/none_v3" "tx866483ce643c422d88230-00692c8feb" "proxy-server 97815" 0.0332 "-" 96824 0
Nov 30 13:41:47 np0005540255.novalocal object-server[96823]: ::1 - - [30/Nov/2025:18:41:47 +0000] "PUT /3/200736/AUTH_53b9bcf7d8194db7bd330ca574b5edab/gnocchi.2604f7f8-c713-46a3-afd3-3a49af467fbd/none_v3" 201 - "PUT https://[::1]:8080/v1/AUTH_53b9bcf7d8194db7bd330ca574b5edab/gnocchi.2604f7f8-c713-46a3-afd3-3a49af467fbd/none_v3" "tx866483ce643c422d88230-00692c8feb" "proxy-server 97815" 0.0344 "-" 96823 0
Nov 30 13:41:47 np0005540255.novalocal container-server[96490]: ::1 - - [30/Nov/2025:18:41:47 +0000] "PUT /1/119311/AUTH_53b9bcf7d8194db7bd330ca574b5edab/gnocchi.0cb692e7-dfdc-4728-bd11-272519235117/none_v3" 201 - "PUT http://[::1]:8080/2/255115/AUTH_53b9bcf7d8194db7bd330ca574b5edab/gnocchi.0cb692e7-dfdc-4728-bd11-272519235117/none_v3" "tx89117abb26f9436c8028e-00692c8feb" "object-server 96823" 0.0003 "-" 96490 0
Nov 30 13:41:47 np0005540255.novalocal container-server[96490]: ::1 - - [30/Nov/2025:18:41:47 +0000] "PUT /2/119311/AUTH_53b9bcf7d8194db7bd330ca574b5edab/gnocchi.0cb692e7-dfdc-4728-bd11-272519235117/none_v3" 201 - "PUT http://[::1]:8080/1/255115/AUTH_53b9bcf7d8194db7bd330ca574b5edab/gnocchi.0cb692e7-dfdc-4728-bd11-272519235117/none_v3" "tx89117abb26f9436c8028e-00692c8feb" "object-server 96823" 0.0003 "-" 96490 0
Nov 30 13:41:47 np0005540255.novalocal object-server[96823]: ::1 - - [30/Nov/2025:18:41:47 +0000] "PUT /2/255115/AUTH_53b9bcf7d8194db7bd330ca574b5edab/gnocchi.0cb692e7-dfdc-4728-bd11-272519235117/none_v3" 201 - "PUT https://[::1]:8080/v1/AUTH_53b9bcf7d8194db7bd330ca574b5edab/gnocchi.0cb692e7-dfdc-4728-bd11-272519235117/none_v3" "tx89117abb26f9436c8028e-00692c8feb" "proxy-server 97815" 0.0243 "-" 96823 0
Nov 30 13:41:47 np0005540255.novalocal container-server[96491]: ::1 - - [30/Nov/2025:18:41:47 +0000] "PUT /2/88970/AUTH_53b9bcf7d8194db7bd330ca574b5edab/gnocchi.2604f7f8-c713-46a3-afd3-3a49af467fbd/none_v3" 201 - "PUT http://[::1]:8080/1/200736/AUTH_53b9bcf7d8194db7bd330ca574b5edab/gnocchi.2604f7f8-c713-46a3-afd3-3a49af467fbd/none_v3" "tx866483ce643c422d88230-00692c8feb" "object-server 96823" 0.0009 "-" 96491 0
Nov 30 13:41:47 np0005540255.novalocal object-server[96823]: ::1 - - [30/Nov/2025:18:41:47 +0000] "PUT /1/255115/AUTH_53b9bcf7d8194db7bd330ca574b5edab/gnocchi.0cb692e7-dfdc-4728-bd11-272519235117/none_v3" 201 - "PUT https://[::1]:8080/v1/AUTH_53b9bcf7d8194db7bd330ca574b5edab/gnocchi.0cb692e7-dfdc-4728-bd11-272519235117/none_v3" "tx89117abb26f9436c8028e-00692c8feb" "proxy-server 97815" 0.0289 "-" 96823 0
Nov 30 13:41:47 np0005540255.novalocal object-server[96823]: ::1 - - [30/Nov/2025:18:41:47 +0000] "PUT /1/200736/AUTH_53b9bcf7d8194db7bd330ca574b5edab/gnocchi.2604f7f8-c713-46a3-afd3-3a49af467fbd/none_v3" 201 - "PUT https://[::1]:8080/v1/AUTH_53b9bcf7d8194db7bd330ca574b5edab/gnocchi.2604f7f8-c713-46a3-afd3-3a49af467fbd/none_v3" "tx866483ce643c422d88230-00692c8feb" "proxy-server 97815" 0.0387 "-" 96823 0
Nov 30 13:41:47 np0005540255.novalocal proxy-server[97815]: ::1 ::1 30/Nov/2025/18/41/47 PUT /v1/AUTH_53b9bcf7d8194db7bd330ca574b5edab/gnocchi.0cb692e7-dfdc-4728-bd11-272519235117/none_v3 HTTP/1.0 201 - python-swiftclient-4.7.0 gAAAAABpLI-5FlkI... 22 - - tx89117abb26f9436c8028e-00692c8feb - 0.0409 - - 1764528107.495346546 1764528107.536216974 0
Nov 30 13:41:47 np0005540255.novalocal proxy-server[97815]: ::1 ::1 30/Nov/2025/18/41/47 PUT /v1/AUTH_53b9bcf7d8194db7bd330ca574b5edab/gnocchi.2604f7f8-c713-46a3-afd3-3a49af467fbd/none_v3 HTTP/1.0 201 - python-swiftclient-4.7.0 gAAAAABpLI-56T9k... 22 - - tx866483ce643c422d88230-00692c8feb - 0.0566 - - 1764528107.480939150 1764528107.537576199 0
Nov 30 13:41:47 np0005540255.novalocal container-server[96490]: ::1 - - [30/Nov/2025:18:41:47 +0000] "HEAD /3/69518/AUTH_53b9bcf7d8194db7bd330ca574b5edab/gnocchi.17db51a0-74ca-4eff-bdee-789fefd993d3" 404 - "HEAD http://[::1]:8080/v1/AUTH_53b9bcf7d8194db7bd330ca574b5edab/gnocchi.17db51a0-74ca-4eff-bdee-789fefd993d3" "tx12c155da3a0a4e3e92608-00692c8feb" "proxy-server 97815" 0.0003 "-" 96490 0
Nov 30 13:41:47 np0005540255.novalocal container-server[96491]: ::1 - - [30/Nov/2025:18:41:47 +0000] "HEAD /1/69518/AUTH_53b9bcf7d8194db7bd330ca574b5edab/gnocchi.17db51a0-74ca-4eff-bdee-789fefd993d3" 404 - "HEAD http://[::1]:8080/v1/AUTH_53b9bcf7d8194db7bd330ca574b5edab/gnocchi.17db51a0-74ca-4eff-bdee-789fefd993d3" "tx12c155da3a0a4e3e92608-00692c8feb" "proxy-server 97815" 0.0004 "-" 96491 0
Nov 30 13:41:47 np0005540255.novalocal container-server[96490]: ::1 - - [30/Nov/2025:18:41:47 +0000] "HEAD /2/69518/AUTH_53b9bcf7d8194db7bd330ca574b5edab/gnocchi.17db51a0-74ca-4eff-bdee-789fefd993d3" 404 - "HEAD http://[::1]:8080/v1/AUTH_53b9bcf7d8194db7bd330ca574b5edab/gnocchi.17db51a0-74ca-4eff-bdee-789fefd993d3" "tx12c155da3a0a4e3e92608-00692c8feb" "proxy-server 97815" 0.0002 "-" 96490 0
Nov 30 13:41:47 np0005540255.novalocal proxy-server[97815]: - - 30/Nov/2025/18/41/47 HEAD /v1/AUTH_53b9bcf7d8194db7bd330ca574b5edab/gnocchi.17db51a0-74ca-4eff-bdee-789fefd993d3 HTTP/1.0 404 - Swift - - - - tx12c155da3a0a4e3e92608-00692c8feb - 0.0066 CS - 1764528107.578272343 1764528107.584853649 0
Nov 30 13:41:47 np0005540255.novalocal object-server[96824]: ::1 - - [30/Nov/2025:18:41:47 +0000] "GET /3/191704/AUTH_53b9bcf7d8194db7bd330ca574b5edab/gnocchi.17db51a0-74ca-4eff-bdee-789fefd993d3/none_v3" 404 70 "GET https://[::1]:8080/v1/AUTH_53b9bcf7d8194db7bd330ca574b5edab/gnocchi.17db51a0-74ca-4eff-bdee-789fefd993d3/none_v3" "tx12c155da3a0a4e3e92608-00692c8feb" "proxy-server 97815" 0.0005 "-" 96824 0
Nov 30 13:41:47 np0005540255.novalocal object-server[96824]: ::1 - - [30/Nov/2025:18:41:47 +0000] "GET /2/191704/AUTH_53b9bcf7d8194db7bd330ca574b5edab/gnocchi.17db51a0-74ca-4eff-bdee-789fefd993d3/none_v3" 404 70 "GET https://[::1]:8080/v1/AUTH_53b9bcf7d8194db7bd330ca574b5edab/gnocchi.17db51a0-74ca-4eff-bdee-789fefd993d3/none_v3" "tx12c155da3a0a4e3e92608-00692c8feb" "proxy-server 97815" 0.0004 "-" 96824 0
Nov 30 13:41:47 np0005540255.novalocal object-server[96824]: ::1 - - [30/Nov/2025:18:41:47 +0000] "GET /1/191704/AUTH_53b9bcf7d8194db7bd330ca574b5edab/gnocchi.17db51a0-74ca-4eff-bdee-789fefd993d3/none_v3" 404 70 "GET https://[::1]:8080/v1/AUTH_53b9bcf7d8194db7bd330ca574b5edab/gnocchi.17db51a0-74ca-4eff-bdee-789fefd993d3/none_v3" "tx12c155da3a0a4e3e92608-00692c8feb" "proxy-server 97815" 0.0003 "-" 96824 0
Nov 30 13:41:47 np0005540255.novalocal proxy-server[97815]: ::1 ::1 30/Nov/2025/18/41/47 GET /v1/AUTH_53b9bcf7d8194db7bd330ca574b5edab/gnocchi.17db51a0-74ca-4eff-bdee-789fefd993d3/none_v3 HTTP/1.0 404 - python-swiftclient-4.7.0 gAAAAABpLI-56T9k... - 70 - tx12c155da3a0a4e3e92608-00692c8feb - 0.0177 - - 1764528107.577610970 1764528107.595304728 0
Nov 30 13:41:47 np0005540255.novalocal account-server[96195]: ::1 - - [30/Nov/2025:18:41:47 +0000] "PUT /2/128474/AUTH_53b9bcf7d8194db7bd330ca574b5edab/gnocchi.17db51a0-74ca-4eff-bdee-789fefd993d3" 201 - "PUT http://[::1]:6001/3/69518/AUTH_53b9bcf7d8194db7bd330ca574b5edab/gnocchi.17db51a0-74ca-4eff-bdee-789fefd993d3" "tx214a835dc2144cc69dd2f-00692c8feb" "container-server 96491" 0.0060 "-" 96195 0
Nov 30 13:41:47 np0005540255.novalocal container-server[96490]: ::1 - - [30/Nov/2025:18:41:47 +0000] "HEAD /3/242375/AUTH_53b9bcf7d8194db7bd330ca574b5edab/gnocchi.7e2e7164-8e22-4c13-8e87-666c846af7e7" 404 - "HEAD http://[::1]:8080/v1/AUTH_53b9bcf7d8194db7bd330ca574b5edab/gnocchi.7e2e7164-8e22-4c13-8e87-666c846af7e7" "tx51493cdc540d422c8df02-00692c8feb" "proxy-server 97815" 0.0002 "-" 96490 0
Nov 30 13:41:47 np0005540255.novalocal container-server[96490]: ::1 - - [30/Nov/2025:18:41:47 +0000] "HEAD /2/242375/AUTH_53b9bcf7d8194db7bd330ca574b5edab/gnocchi.7e2e7164-8e22-4c13-8e87-666c846af7e7" 404 - "HEAD http://[::1]:8080/v1/AUTH_53b9bcf7d8194db7bd330ca574b5edab/gnocchi.7e2e7164-8e22-4c13-8e87-666c846af7e7" "tx51493cdc540d422c8df02-00692c8feb" "proxy-server 97815" 0.0001 "-" 96490 0
Nov 30 13:41:47 np0005540255.novalocal container-server[96491]: ::1 - - [30/Nov/2025:18:41:47 +0000] "PUT /3/69518/AUTH_53b9bcf7d8194db7bd330ca574b5edab/gnocchi.17db51a0-74ca-4eff-bdee-789fefd993d3" 201 - "PUT https://[::1]:8080/v1/AUTH_53b9bcf7d8194db7bd330ca574b5edab/gnocchi.17db51a0-74ca-4eff-bdee-789fefd993d3" "tx214a835dc2144cc69dd2f-00692c8feb" "proxy-server 97815" 0.0262 "-" 96491 0
Nov 30 13:41:47 np0005540255.novalocal account-server[96196]: ::1 - - [30/Nov/2025:18:41:47 +0000] "PUT /1/128474/AUTH_53b9bcf7d8194db7bd330ca574b5edab/gnocchi.17db51a0-74ca-4eff-bdee-789fefd993d3" 201 - "PUT http://[::1]:6001/2/69518/AUTH_53b9bcf7d8194db7bd330ca574b5edab/gnocchi.17db51a0-74ca-4eff-bdee-789fefd993d3" "tx214a835dc2144cc69dd2f-00692c8feb" "container-server 96490" 0.0036 "-" 96196 0
Nov 30 13:41:47 np0005540255.novalocal container-server[96490]: ::1 - - [30/Nov/2025:18:41:47 +0000] "PUT /2/69518/AUTH_53b9bcf7d8194db7bd330ca574b5edab/gnocchi.17db51a0-74ca-4eff-bdee-789fefd993d3" 201 - "PUT https://[::1]:8080/v1/AUTH_53b9bcf7d8194db7bd330ca574b5edab/gnocchi.17db51a0-74ca-4eff-bdee-789fefd993d3" "tx214a835dc2144cc69dd2f-00692c8feb" "proxy-server 97815" 0.0288 "-" 96490 0
Nov 30 13:41:47 np0005540255.novalocal container-server[96491]: ::1 - - [30/Nov/2025:18:41:47 +0000] "HEAD /1/242375/AUTH_53b9bcf7d8194db7bd330ca574b5edab/gnocchi.7e2e7164-8e22-4c13-8e87-666c846af7e7" 404 - "HEAD http://[::1]:8080/v1/AUTH_53b9bcf7d8194db7bd330ca574b5edab/gnocchi.7e2e7164-8e22-4c13-8e87-666c846af7e7" "tx51493cdc540d422c8df02-00692c8feb" "proxy-server 97815" 0.0004 "-" 96491 0
Nov 30 13:41:47 np0005540255.novalocal proxy-server[97815]: - - 30/Nov/2025/18/41/47 HEAD /v1/AUTH_53b9bcf7d8194db7bd330ca574b5edab/gnocchi.7e2e7164-8e22-4c13-8e87-666c846af7e7 HTTP/1.0 404 - Swift - - - - tx51493cdc540d422c8df02-00692c8feb - 0.0103 CS - 1764528107.623332977 1764528107.633601189 0
