Nov 30 13:41:19 np0005540255.novalocal haproxy-metadata-proxy-6f9a07de-215e-4adf-957d-430a71375d97[103379]: ::ffff:10.100.0.13:37650 [30/Nov/2025:13:41:16.003] listener listener/metadata 0/0/0/3391/3391 200 114 - - ---- 1/1/0/0/0 0/0 "GET /2009-04-04/meta-data/public-keys HTTP/1.1"
Nov 30 13:41:19 np0005540255.novalocal dnsmasq[104054]: read /var/lib/neutron/dhcp/d9226dd7-4fc5-47d6-9505-99ea740350d1/addn_hosts - 1 addresses
Nov 30 13:41:19 np0005540255.novalocal dnsmasq-dhcp[104054]: read /var/lib/neutron/dhcp/d9226dd7-4fc5-47d6-9505-99ea740350d1/host
Nov 30 13:41:19 np0005540255.novalocal dnsmasq-dhcp[104054]: read /var/lib/neutron/dhcp/d9226dd7-4fc5-47d6-9505-99ea740350d1/opts
Nov 30 13:41:19 np0005540255.novalocal object-reconstructor[96050]: Starting object reconstruction pass.
Nov 30 13:41:19 np0005540255.novalocal object-reconstructor[96050]: Nothing reconstructed for 0.0003962516784667969 seconds.
Nov 30 13:41:19 np0005540255.novalocal object-reconstructor[96050]: Object reconstruction complete. (0.00 minutes)
Nov 30 13:41:20 np0005540255.novalocal haproxy-metadata-proxy-6f9a07de-215e-4adf-957d-430a71375d97[103379]: ::ffff:10.100.0.13:40354 [30/Nov/2025:13:41:19.436] listener listener/metadata 0/0/0/1021/1021 200 292 - - ---- 1/1/0/0/0 0/0 "GET /2009-04-04/meta-data/public-keys/0/openssh-key HTTP/1.1"
Nov 30 13:41:21 np0005540255.novalocal haproxy-metadata-proxy-6f9a07de-215e-4adf-957d-430a71375d97[103379]: ::ffff:10.100.0.13:40366 [30/Nov/2025:13:41:20.537] listener listener/metadata 0/0/0/1023/1023 200 97 - - ---- 1/1/0/0/0 0/0 "GET /2009-04-04/meta-data/instance-id HTTP/1.1"
Nov 30 13:41:22 np0005540255.novalocal object-server[96824]: ::1 - - [30/Nov/2025:18:41:22 +0000] "GET /2/137627/AUTH_53b9bcf7d8194db7bd330ca574b5edab/gnocchi.73bcce66-7964-4e4c-93fc-a04d2d1d3015/none_v3" 200 31 "GET https://[::1]:8080/v1/AUTH_53b9bcf7d8194db7bd330ca574b5edab/gnocchi.73bcce66-7964-4e4c-93fc-a04d2d1d3015/none_v3" "tx5d35db1f20254a9bbc9b6-00692c8fd2" "proxy-server 97815" 0.0010 "-" 96824 0
Nov 30 13:41:22 np0005540255.novalocal proxy-server[97815]: ::1 ::1 30/Nov/2025/18/41/22 GET /v1/AUTH_53b9bcf7d8194db7bd330ca574b5edab/gnocchi.73bcce66-7964-4e4c-93fc-a04d2d1d3015/none_v3 HTTP/1.0 200 - python-swiftclient-4.7.0 gAAAAABpLI-56T9k... - 31 - tx5d35db1f20254a9bbc9b6-00692c8fd2 - 0.0110 - - 1764528082.196035624 1764528082.207054377 0
Nov 30 13:41:22 np0005540255.novalocal container-server[96491]: ::1 - - [30/Nov/2025:18:41:22 +0000] "GET /2/37033/AUTH_53b9bcf7d8194db7bd330ca574b5edab/gnocchi.73bcce66-7964-4e4c-93fc-a04d2d1d3015" 200 357 "GET https://[::1]:8080/v1/AUTH_53b9bcf7d8194db7bd330ca574b5edab/gnocchi.73bcce66-7964-4e4c-93fc-a04d2d1d3015?format=json&states=listing" "tx607025719c2f4734ae544-00692c8fd2" "proxy-server 97815" 0.0056 "-" 96491 0
Nov 30 13:41:22 np0005540255.novalocal proxy-server[97815]: ::1 ::1 30/Nov/2025/18/41/22 GET /v1/AUTH_53b9bcf7d8194db7bd330ca574b5edab/gnocchi.73bcce66-7964-4e4c-93fc-a04d2d1d3015%3Fformat%3Djson%26states%3Dlisting HTTP/1.0 200 - python-swiftclient-4.7.0 gAAAAABpLI-56T9k... - 357 - tx607025719c2f4734ae544-00692c8fd2 - 0.0207 - - 1764528082.211993694 1764528082.232684374 0
Nov 30 13:41:22 np0005540255.novalocal container-server[96491]: ::1 - - [30/Nov/2025:18:41:22 +0000] "GET /3/37033/AUTH_53b9bcf7d8194db7bd330ca574b5edab/gnocchi.73bcce66-7964-4e4c-93fc-a04d2d1d3015" 200 2 "GET https://[::1]:8080/v1/AUTH_53b9bcf7d8194db7bd330ca574b5edab/gnocchi.73bcce66-7964-4e4c-93fc-a04d2d1d3015?format=json&marker=none_v3&states=listing" "txbec513d21df24fda90caf-00692c8fd2" "proxy-server 97815" 0.0039 "-" 96491 0
Nov 30 13:41:22 np0005540255.novalocal proxy-server[97815]: ::1 ::1 30/Nov/2025/18/41/22 GET /v1/AUTH_53b9bcf7d8194db7bd330ca574b5edab/gnocchi.73bcce66-7964-4e4c-93fc-a04d2d1d3015%3Fformat%3Djson%26marker%3Dnone_v3%26states%3Dlisting HTTP/1.0 200 - python-swiftclient-4.7.0 gAAAAABpLI-56T9k... - 2 - txbec513d21df24fda90caf-00692c8fd2 - 0.0117 - - 1764528082.236697197 1764528082.248378515 0
Nov 30 13:41:22 np0005540255.novalocal object-server[96823]: ::1 - - [30/Nov/2025:18:41:22 +0000] "GET /3/199186/AUTH_53b9bcf7d8194db7bd330ca574b5edab/gnocchi.73bcce66-7964-4e4c-93fc-a04d2d1d3015/1763640000.0_mean_300.0_v3" 200 16 "GET https://[::1]:8080/v1/AUTH_53b9bcf7d8194db7bd330ca574b5edab/gnocchi.73bcce66-7964-4e4c-93fc-a04d2d1d3015/1763640000.0_mean_300.0_v3" "txb3a847efce874f4885507-00692c8fd2" "proxy-server 97815" 0.0011 "-" 96823 0
Nov 30 13:41:22 np0005540255.novalocal proxy-server[97815]: ::1 ::1 30/Nov/2025/18/41/22 GET /v1/AUTH_53b9bcf7d8194db7bd330ca574b5edab/gnocchi.73bcce66-7964-4e4c-93fc-a04d2d1d3015/1763640000.0_mean_300.0_v3 HTTP/1.0 200 - python-swiftclient-4.7.0 gAAAAABpLI-56T9k... - 16 - txb3a847efce874f4885507-00692c8fd2 - 0.0095 - - 1764528082.253166676 1764528082.262622356 0
Nov 30 13:41:22 np0005540255.novalocal object-server[96823]: ::1 - - [30/Nov/2025:18:41:22 +0000] "GET /3/225094/AUTH_53b9bcf7d8194db7bd330ca574b5edab/gnocchi.af4c489f-24d1-484c-9c10-af1f95647e1d/none_v3" 200 32 "GET https://[::1]:8080/v1/AUTH_53b9bcf7d8194db7bd330ca574b5edab/gnocchi.af4c489f-24d1-484c-9c10-af1f95647e1d/none_v3" "tx71ab42ad706846c0a58b8-00692c8fd2" "proxy-server 97815" 0.0010 "-" 96823 0
Nov 30 13:41:22 np0005540255.novalocal proxy-server[97815]: ::1 ::1 30/Nov/2025/18/41/22 GET /v1/AUTH_53b9bcf7d8194db7bd330ca574b5edab/gnocchi.af4c489f-24d1-484c-9c10-af1f95647e1d/none_v3 HTTP/1.0 200 - python-swiftclient-4.7.0 gAAAAABpLI-5FlkI... - 32 - tx71ab42ad706846c0a58b8-00692c8fd2 - 0.0155 - - 1764528082.252045393 1764528082.267568827 0
Nov 30 13:41:22 np0005540255.novalocal container-server[96490]: ::1 - - [30/Nov/2025:18:41:22 +0000] "GET /1/21058/AUTH_53b9bcf7d8194db7bd330ca574b5edab/gnocchi.af4c489f-24d1-484c-9c10-af1f95647e1d" 200 357 "GET https://[::1]:8080/v1/AUTH_53b9bcf7d8194db7bd330ca574b5edab/gnocchi.af4c489f-24d1-484c-9c10-af1f95647e1d?format=json&states=listing" "txc78c503be38f4067acc26-00692c8fd2" "proxy-server 97815" 0.0044 "-" 96490 0
Nov 30 13:41:22 np0005540255.novalocal proxy-server[97815]: ::1 ::1 30/Nov/2025/18/41/22 GET /v1/AUTH_53b9bcf7d8194db7bd330ca574b5edab/gnocchi.af4c489f-24d1-484c-9c10-af1f95647e1d%3Fformat%3Djson%26states%3Dlisting HTTP/1.0 200 - python-swiftclient-4.7.0 gAAAAABpLI-5FlkI... - 357 - txc78c503be38f4067acc26-00692c8fd2 - 0.0204 - - 1764528082.276780128 1764528082.297179222 0
Nov 30 13:41:22 np0005540255.novalocal container-server[96491]: ::1 - - [30/Nov/2025:18:41:22 +0000] "PUT /3/37033/AUTH_53b9bcf7d8194db7bd330ca574b5edab/gnocchi.73bcce66-7964-4e4c-93fc-a04d2d1d3015/1763640000.0_mean_300.0_v3" 201 - "PUT http://[::1]:8080/3/199186/AUTH_53b9bcf7d8194db7bd330ca574b5edab/gnocchi.73bcce66-7964-4e4c-93fc-a04d2d1d3015/1763640000.0_mean_300.0_v3" "txdde6c1d1d595499595a10-00692c8fd2" "object-server 96823" 0.0009 "-" 96491 0
Nov 30 13:41:22 np0005540255.novalocal object-server[96823]: ::1 - - [30/Nov/2025:18:41:22 +0000] "PUT /3/199186/AUTH_53b9bcf7d8194db7bd330ca574b5edab/gnocchi.73bcce66-7964-4e4c-93fc-a04d2d1d3015/1763640000.0_mean_300.0_v3" 201 - "PUT https://[::1]:8080/v1/AUTH_53b9bcf7d8194db7bd330ca574b5edab/gnocchi.73bcce66-7964-4e4c-93fc-a04d2d1d3015/1763640000.0_mean_300.0_v3" "txdde6c1d1d595499595a10-00692c8fd2" "proxy-server 97815" 0.0193 "-" 96823 0
Nov 30 13:41:22 np0005540255.novalocal container-server[96490]: ::1 - - [30/Nov/2025:18:41:22 +0000] "PUT /2/37033/AUTH_53b9bcf7d8194db7bd330ca574b5edab/gnocchi.73bcce66-7964-4e4c-93fc-a04d2d1d3015/1763640000.0_mean_300.0_v3" 201 - "PUT http://[::1]:8080/2/199186/AUTH_53b9bcf7d8194db7bd330ca574b5edab/gnocchi.73bcce66-7964-4e4c-93fc-a04d2d1d3015/1763640000.0_mean_300.0_v3" "txdde6c1d1d595499595a10-00692c8fd2" "object-server 96823" 0.0008 "-" 96490 0
Nov 30 13:41:22 np0005540255.novalocal object-server[96823]: ::1 - - [30/Nov/2025:18:41:22 +0000] "PUT /2/199186/AUTH_53b9bcf7d8194db7bd330ca574b5edab/gnocchi.73bcce66-7964-4e4c-93fc-a04d2d1d3015/1763640000.0_mean_300.0_v3" 201 - "PUT https://[::1]:8080/v1/AUTH_53b9bcf7d8194db7bd330ca574b5edab/gnocchi.73bcce66-7964-4e4c-93fc-a04d2d1d3015/1763640000.0_mean_300.0_v3" "txdde6c1d1d595499595a10-00692c8fd2" "proxy-server 97815" 0.0263 "-" 96823 0
Nov 30 13:41:22 np0005540255.novalocal container-server[96491]: ::1 - - [30/Nov/2025:18:41:22 +0000] "GET /1/21058/AUTH_53b9bcf7d8194db7bd330ca574b5edab/gnocchi.af4c489f-24d1-484c-9c10-af1f95647e1d" 200 2 "GET https://[::1]:8080/v1/AUTH_53b9bcf7d8194db7bd330ca574b5edab/gnocchi.af4c489f-24d1-484c-9c10-af1f95647e1d?format=json&marker=none_v3&states=listing" "txf5c100531594401c95b80-00692c8fd2" "proxy-server 97815" 0.0036 "-" 96491 0
Nov 30 13:41:22 np0005540255.novalocal container-server[96491]: ::1 - - [30/Nov/2025:18:41:22 +0000] "PUT /1/37033/AUTH_53b9bcf7d8194db7bd330ca574b5edab/gnocchi.73bcce66-7964-4e4c-93fc-a04d2d1d3015/1763640000.0_mean_300.0_v3" 201 - "PUT http://[::1]:8080/1/199186/AUTH_53b9bcf7d8194db7bd330ca574b5edab/gnocchi.73bcce66-7964-4e4c-93fc-a04d2d1d3015/1763640000.0_mean_300.0_v3" "txdde6c1d1d595499595a10-00692c8fd2" "object-server 96823" 0.0006 "-" 96491 0
Nov 30 13:41:22 np0005540255.novalocal proxy-server[97815]: ::1 ::1 30/Nov/2025/18/41/22 GET /v1/AUTH_53b9bcf7d8194db7bd330ca574b5edab/gnocchi.af4c489f-24d1-484c-9c10-af1f95647e1d%3Fformat%3Djson%26marker%3Dnone_v3%26states%3Dlisting HTTP/1.0 200 - python-swiftclient-4.7.0 gAAAAABpLI-5FlkI... - 2 - txf5c100531594401c95b80-00692c8fd2 - 0.0116 - - 1764528082.300670624 1764528082.312275887 0
Nov 30 13:41:22 np0005540255.novalocal object-server[96823]: ::1 - - [30/Nov/2025:18:41:22 +0000] "PUT /1/199186/AUTH_53b9bcf7d8194db7bd330ca574b5edab/gnocchi.73bcce66-7964-4e4c-93fc-a04d2d1d3015/1763640000.0_mean_300.0_v3" 201 - "PUT https://[::1]:8080/v1/AUTH_53b9bcf7d8194db7bd330ca574b5edab/gnocchi.73bcce66-7964-4e4c-93fc-a04d2d1d3015/1763640000.0_mean_300.0_v3" "txdde6c1d1d595499595a10-00692c8fd2" "proxy-server 97815" 0.0252 "-" 96823 0
Nov 30 13:41:22 np0005540255.novalocal proxy-server[97815]: ::1 ::1 30/Nov/2025/18/41/22 PUT /v1/AUTH_53b9bcf7d8194db7bd330ca574b5edab/gnocchi.73bcce66-7964-4e4c-93fc-a04d2d1d3015/1763640000.0_mean_300.0_v3 HTTP/1.0 201 - python-swiftclient-4.7.0 gAAAAABpLI-56T9k... 16 - - txdde6c1d1d595499595a10-00692c8fd2 - 0.0464 - - 1764528082.269573689 1764528082.315996647 0
Nov 30 13:41:22 np0005540255.novalocal object-server[96824]: ::1 - - [30/Nov/2025:18:41:22 +0000] "GET /1/131645/AUTH_53b9bcf7d8194db7bd330ca574b5edab/gnocchi.af4c489f-24d1-484c-9c10-af1f95647e1d/1763640000.0_mean_300.0_v3" 200 16 "GET https://[::1]:8080/v1/AUTH_53b9bcf7d8194db7bd330ca574b5edab/gnocchi.af4c489f-24d1-484c-9c10-af1f95647e1d/1763640000.0_mean_300.0_v3" "txb5376520ec364815a1476-00692c8fd2" "proxy-server 97815" 0.0014 "-" 96824 0
Nov 30 13:41:22 np0005540255.novalocal proxy-server[97815]: ::1 ::1 30/Nov/2025/18/41/22 GET /v1/AUTH_53b9bcf7d8194db7bd330ca574b5edab/gnocchi.af4c489f-24d1-484c-9c10-af1f95647e1d/1763640000.0_mean_300.0_v3 HTTP/1.0 200 - python-swiftclient-4.7.0 gAAAAABpLI-5FlkI... - 16 - txb5376520ec364815a1476-00692c8fd2 - 0.0177 - - 1764528082.317746401 1764528082.335475445 0
Nov 30 13:41:22 np0005540255.novalocal container-server[96490]: ::1 - - [30/Nov/2025:18:41:22 +0000] "PUT /3/37033/AUTH_53b9bcf7d8194db7bd330ca574b5edab/gnocchi.73bcce66-7964-4e4c-93fc-a04d2d1d3015/none_v3" 201 - "PUT http://[::1]:8080/2/137627/AUTH_53b9bcf7d8194db7bd330ca574b5edab/gnocchi.73bcce66-7964-4e4c-93fc-a04d2d1d3015/none_v3" "tx67148d02625947af8c45e-00692c8fd2" "object-server 96823" 0.0011 "-" 96490 0
Nov 30 13:41:22 np0005540255.novalocal object-server[96823]: ::1 - - [30/Nov/2025:18:41:22 +0000] "PUT /2/137627/AUTH_53b9bcf7d8194db7bd330ca574b5edab/gnocchi.73bcce66-7964-4e4c-93fc-a04d2d1d3015/none_v3" 201 - "PUT https://[::1]:8080/v1/AUTH_53b9bcf7d8194db7bd330ca574b5edab/gnocchi.73bcce66-7964-4e4c-93fc-a04d2d1d3015/none_v3" "tx67148d02625947af8c45e-00692c8fd2" "proxy-server 97815" 0.0137 "-" 96823 0
Nov 30 13:41:22 np0005540255.novalocal container-server[96491]: ::1 - - [30/Nov/2025:18:41:22 +0000] "PUT /2/37033/AUTH_53b9bcf7d8194db7bd330ca574b5edab/gnocchi.73bcce66-7964-4e4c-93fc-a04d2d1d3015/none_v3" 201 - "PUT http://[::1]:8080/3/137627/AUTH_53b9bcf7d8194db7bd330ca574b5edab/gnocchi.73bcce66-7964-4e4c-93fc-a04d2d1d3015/none_v3" "tx67148d02625947af8c45e-00692c8fd2" "object-server 96824" 0.0008 "-" 96491 0
Nov 30 13:41:22 np0005540255.novalocal container-server[96490]: ::1 - - [30/Nov/2025:18:41:22 +0000] "PUT /1/37033/AUTH_53b9bcf7d8194db7bd330ca574b5edab/gnocchi.73bcce66-7964-4e4c-93fc-a04d2d1d3015/none_v3" 201 - "PUT http://[::1]:8080/1/137627/AUTH_53b9bcf7d8194db7bd330ca574b5edab/gnocchi.73bcce66-7964-4e4c-93fc-a04d2d1d3015/none_v3" "tx67148d02625947af8c45e-00692c8fd2" "object-server 96824" 0.0007 "-" 96490 0
Nov 30 13:41:22 np0005540255.novalocal object-server[96824]: ::1 - - [30/Nov/2025:18:41:22 +0000] "PUT /3/137627/AUTH_53b9bcf7d8194db7bd330ca574b5edab/gnocchi.73bcce66-7964-4e4c-93fc-a04d2d1d3015/none_v3" 201 - "PUT https://[::1]:8080/v1/AUTH_53b9bcf7d8194db7bd330ca574b5edab/gnocchi.73bcce66-7964-4e4c-93fc-a04d2d1d3015/none_v3" "tx67148d02625947af8c45e-00692c8fd2" "proxy-server 97815" 0.0218 "-" 96824 0
Nov 30 13:41:22 np0005540255.novalocal object-server[96824]: ::1 - - [30/Nov/2025:18:41:22 +0000] "PUT /1/137627/AUTH_53b9bcf7d8194db7bd330ca574b5edab/gnocchi.73bcce66-7964-4e4c-93fc-a04d2d1d3015/none_v3" 201 - "PUT https://[::1]:8080/v1/AUTH_53b9bcf7d8194db7bd330ca574b5edab/gnocchi.73bcce66-7964-4e4c-93fc-a04d2d1d3015/none_v3" "tx67148d02625947af8c45e-00692c8fd2" "proxy-server 97815" 0.0205 "-" 96824 0
Nov 30 13:41:22 np0005540255.novalocal proxy-server[97815]: ::1 ::1 30/Nov/2025/18/41/22 PUT /v1/AUTH_53b9bcf7d8194db7bd330ca574b5edab/gnocchi.73bcce66-7964-4e4c-93fc-a04d2d1d3015/none_v3 HTTP/1.0 201 - python-swiftclient-4.7.0 gAAAAABpLI-56T9k... 43 - - tx67148d02625947af8c45e-00692c8fd2 - 0.0351 - - 1764528082.322836876 1764528082.357962847 0
Nov 30 13:41:22 np0005540255.novalocal container-server[96490]: ::1 - - [30/Nov/2025:18:41:22 +0000] "PUT /2/21058/AUTH_53b9bcf7d8194db7bd330ca574b5edab/gnocchi.af4c489f-24d1-484c-9c10-af1f95647e1d/1763640000.0_mean_300.0_v3" 201 - "PUT http://[::1]:8080/3/131645/AUTH_53b9bcf7d8194db7bd330ca574b5edab/gnocchi.af4c489f-24d1-484c-9c10-af1f95647e1d/1763640000.0_mean_300.0_v3" "txa76827f03fba40408d0a6-00692c8fd2" "object-server 96823" 0.0013 "-" 96490 0
Nov 30 13:41:22 np0005540255.novalocal object-server[96823]: ::1 - - [30/Nov/2025:18:41:22 +0000] "PUT /3/131645/AUTH_53b9bcf7d8194db7bd330ca574b5edab/gnocchi.af4c489f-24d1-484c-9c10-af1f95647e1d/1763640000.0_mean_300.0_v3" 201 - "PUT https://[::1]:8080/v1/AUTH_53b9bcf7d8194db7bd330ca574b5edab/gnocchi.af4c489f-24d1-484c-9c10-af1f95647e1d/1763640000.0_mean_300.0_v3" "txa76827f03fba40408d0a6-00692c8fd2" "proxy-server 97815" 0.0140 "-" 96823 0
Nov 30 13:41:22 np0005540255.novalocal container-server[96490]: ::1 - - [30/Nov/2025:18:41:22 +0000] "PUT /1/21058/AUTH_53b9bcf7d8194db7bd330ca574b5edab/gnocchi.af4c489f-24d1-484c-9c10-af1f95647e1d/1763640000.0_mean_300.0_v3" 201 - "PUT http://[::1]:8080/2/131645/AUTH_53b9bcf7d8194db7bd330ca574b5edab/gnocchi.af4c489f-24d1-484c-9c10-af1f95647e1d/1763640000.0_mean_300.0_v3" "txa76827f03fba40408d0a6-00692c8fd2" "object-server 96824" 0.0009 "-" 96490 0
Nov 30 13:41:22 np0005540255.novalocal object-server[96824]: ::1 - - [30/Nov/2025:18:41:22 +0000] "PUT /2/131645/AUTH_53b9bcf7d8194db7bd330ca574b5edab/gnocchi.af4c489f-24d1-484c-9c10-af1f95647e1d/1763640000.0_mean_300.0_v3" 201 - "PUT https://[::1]:8080/v1/AUTH_53b9bcf7d8194db7bd330ca574b5edab/gnocchi.af4c489f-24d1-484c-9c10-af1f95647e1d/1763640000.0_mean_300.0_v3" "txa76827f03fba40408d0a6-00692c8fd2" "proxy-server 97815" 0.0164 "-" 96824 0
Nov 30 13:41:22 np0005540255.novalocal container-server[96490]: ::1 - - [30/Nov/2025:18:41:22 +0000] "PUT /3/21058/AUTH_53b9bcf7d8194db7bd330ca574b5edab/gnocchi.af4c489f-24d1-484c-9c10-af1f95647e1d/1763640000.0_mean_300.0_v3" 201 - "PUT http://[::1]:8080/1/131645/AUTH_53b9bcf7d8194db7bd330ca574b5edab/gnocchi.af4c489f-24d1-484c-9c10-af1f95647e1d/1763640000.0_mean_300.0_v3" "txa76827f03fba40408d0a6-00692c8fd2" "object-server 96824" 0.0007 "-" 96490 0
Nov 30 13:41:22 np0005540255.novalocal object-server[96824]: ::1 - - [30/Nov/2025:18:41:22 +0000] "PUT /1/131645/AUTH_53b9bcf7d8194db7bd330ca574b5edab/gnocchi.af4c489f-24d1-484c-9c10-af1f95647e1d/1763640000.0_mean_300.0_v3" 201 - "PUT https://[::1]:8080/v1/AUTH_53b9bcf7d8194db7bd330ca574b5edab/gnocchi.af4c489f-24d1-484c-9c10-af1f95647e1d/1763640000.0_mean_300.0_v3" "txa76827f03fba40408d0a6-00692c8fd2" "proxy-server 97815" 0.0218 "-" 96824 0
Nov 30 13:41:22 np0005540255.novalocal proxy-server[97815]: ::1 ::1 30/Nov/2025/18/41/22 PUT /v1/AUTH_53b9bcf7d8194db7bd330ca574b5edab/gnocchi.af4c489f-24d1-484c-9c10-af1f95647e1d/1763640000.0_mean_300.0_v3 HTTP/1.0 201 - python-swiftclient-4.7.0 gAAAAABpLI-5FlkI... 16 - - txa76827f03fba40408d0a6-00692c8fd2 - 0.0334 - - 1764528082.339817524 1764528082.373220682 0
Nov 30 13:41:22 np0005540255.novalocal container-server[96491]: ::1 - - [30/Nov/2025:18:41:22 +0000] "PUT /3/21058/AUTH_53b9bcf7d8194db7bd330ca574b5edab/gnocchi.af4c489f-24d1-484c-9c10-af1f95647e1d/none_v3" 201 - "PUT http://[::1]:8080/2/225094/AUTH_53b9bcf7d8194db7bd330ca574b5edab/gnocchi.af4c489f-24d1-484c-9c10-af1f95647e1d/none_v3" "tx9bf1edb0e95b47ff860db-00692c8fd2" "object-server 96824" 0.0007 "-" 96491 0
Nov 30 13:41:22 np0005540255.novalocal object-server[96824]: ::1 - - [30/Nov/2025:18:41:22 +0000] "PUT /2/225094/AUTH_53b9bcf7d8194db7bd330ca574b5edab/gnocchi.af4c489f-24d1-484c-9c10-af1f95647e1d/none_v3" 201 - "PUT https://[::1]:8080/v1/AUTH_53b9bcf7d8194db7bd330ca574b5edab/gnocchi.af4c489f-24d1-484c-9c10-af1f95647e1d/none_v3" "tx9bf1edb0e95b47ff860db-00692c8fd2" "proxy-server 97815" 0.0134 "-" 96824 0
Nov 30 13:41:22 np0005540255.novalocal container-server[96491]: ::1 - - [30/Nov/2025:18:41:22 +0000] "PUT /2/21058/AUTH_53b9bcf7d8194db7bd330ca574b5edab/gnocchi.af4c489f-24d1-484c-9c10-af1f95647e1d/none_v3" 201 - "PUT http://[::1]:8080/3/225094/AUTH_53b9bcf7d8194db7bd330ca574b5edab/gnocchi.af4c489f-24d1-484c-9c10-af1f95647e1d/none_v3" "tx9bf1edb0e95b47ff860db-00692c8fd2" "object-server 96823" 0.0006 "-" 96491 0
Nov 30 13:41:22 np0005540255.novalocal object-server[96823]: ::1 - - [30/Nov/2025:18:41:22 +0000] "PUT /3/225094/AUTH_53b9bcf7d8194db7bd330ca574b5edab/gnocchi.af4c489f-24d1-484c-9c10-af1f95647e1d/none_v3" 201 - "PUT https://[::1]:8080/v1/AUTH_53b9bcf7d8194db7bd330ca574b5edab/gnocchi.af4c489f-24d1-484c-9c10-af1f95647e1d/none_v3" "tx9bf1edb0e95b47ff860db-00692c8fd2" "proxy-server 97815" 0.0128 "-" 96823 0
Nov 30 13:41:22 np0005540255.novalocal container-server[96491]: ::1 - - [30/Nov/2025:18:41:22 +0000] "PUT /1/21058/AUTH_53b9bcf7d8194db7bd330ca574b5edab/gnocchi.af4c489f-24d1-484c-9c10-af1f95647e1d/none_v3" 201 - "PUT http://[::1]:8080/1/225094/AUTH_53b9bcf7d8194db7bd330ca574b5edab/gnocchi.af4c489f-24d1-484c-9c10-af1f95647e1d/none_v3" "tx9bf1edb0e95b47ff860db-00692c8fd2" "object-server 96823" 0.0006 "-" 96491 0
Nov 30 13:41:22 np0005540255.novalocal object-server[96823]: ::1 - - [30/Nov/2025:18:41:22 +0000] "PUT /1/225094/AUTH_53b9bcf7d8194db7bd330ca574b5edab/gnocchi.af4c489f-24d1-484c-9c10-af1f95647e1d/none_v3" 201 - "PUT https://[::1]:8080/v1/AUTH_53b9bcf7d8194db7bd330ca574b5edab/gnocchi.af4c489f-24d1-484c-9c10-af1f95647e1d/none_v3" "tx9bf1edb0e95b47ff860db-00692c8fd2" "proxy-server 97815" 0.0171 "-" 96823 0
Nov 30 13:41:22 np0005540255.novalocal proxy-server[97815]: ::1 ::1 30/Nov/2025/18/41/22 PUT /v1/AUTH_53b9bcf7d8194db7bd330ca574b5edab/gnocchi.af4c489f-24d1-484c-9c10-af1f95647e1d/none_v3 HTTP/1.0 201 - python-swiftclient-4.7.0 gAAAAABpLI-5FlkI... 45 - - tx9bf1edb0e95b47ff860db-00692c8fd2 - 0.0253 - - 1764528082.376549721 1764528082.401822567 0
Nov 30 13:41:22 np0005540255.novalocal object-server[96823]: ::1 - - [30/Nov/2025:18:41:22 +0000] "GET /2/230193/AUTH_53b9bcf7d8194db7bd330ca574b5edab/gnocchi.7c892ddc-2e33-4512-892c-9092f34a1ce7/none_v3" 200 27 "GET https://[::1]:8080/v1/AUTH_53b9bcf7d8194db7bd330ca574b5edab/gnocchi.7c892ddc-2e33-4512-892c-9092f34a1ce7/none_v3" "txe20fd578339e4bc484c92-00692c8fd2" "proxy-server 97815" 0.0011 "-" 96823 0
Nov 30 13:41:22 np0005540255.novalocal proxy-server[97815]: ::1 ::1 30/Nov/2025/18/41/22 GET /v1/AUTH_53b9bcf7d8194db7bd330ca574b5edab/gnocchi.7c892ddc-2e33-4512-892c-9092f34a1ce7/none_v3 HTTP/1.0 200 - python-swiftclient-4.7.0 gAAAAABpLI-56T9k... - 27 - txe20fd578339e4bc484c92-00692c8fd2 - 0.0107 - - 1764528082.497812033 1764528082.508555174 0
Nov 30 13:41:22 np0005540255.novalocal container-server[96490]: ::1 - - [30/Nov/2025:18:41:22 +0000] "GET /3/9491/AUTH_53b9bcf7d8194db7bd330ca574b5edab/gnocchi.7c892ddc-2e33-4512-892c-9092f34a1ce7" 200 357 "GET https://[::1]:8080/v1/AUTH_53b9bcf7d8194db7bd330ca574b5edab/gnocchi.7c892ddc-2e33-4512-892c-9092f34a1ce7?format=json&states=listing" "txa1e6acad7d9748ddad6bb-00692c8fd2" "proxy-server 97815" 0.0055 "-" 96490 0
Nov 30 13:41:22 np0005540255.novalocal object-server[96824]: ::1 - - [30/Nov/2025:18:41:22 +0000] "GET /3/109660/AUTH_53b9bcf7d8194db7bd330ca574b5edab/gnocchi.ed75f7c1-4e22-4f79-b7fc-7486bc582069/none_v3" 200 32 "GET https://[::1]:8080/v1/AUTH_53b9bcf7d8194db7bd330ca574b5edab/gnocchi.ed75f7c1-4e22-4f79-b7fc-7486bc582069/none_v3" "txe3283108f6ec411fac1e1-00692c8fd2" "proxy-server 97815" 0.0008 "-" 96824 0
Nov 30 13:41:22 np0005540255.novalocal proxy-server[97815]: ::1 ::1 30/Nov/2025/18/41/22 GET /v1/AUTH_53b9bcf7d8194db7bd330ca574b5edab/gnocchi.ed75f7c1-4e22-4f79-b7fc-7486bc582069/none_v3 HTTP/1.0 200 - python-swiftclient-4.7.0 gAAAAABpLI-5FlkI... - 32 - txe3283108f6ec411fac1e1-00692c8fd2 - 0.0135 - - 1764528082.517373800 1764528082.530845642 0
Nov 30 13:41:22 np0005540255.novalocal proxy-server[97815]: ::1 ::1 30/Nov/2025/18/41/22 GET /v1/AUTH_53b9bcf7d8194db7bd330ca574b5edab/gnocchi.7c892ddc-2e33-4512-892c-9092f34a1ce7%3Fformat%3Djson%26states%3Dlisting HTTP/1.0 200 - python-swiftclient-4.7.0 gAAAAABpLI-56T9k... - 357 - txa1e6acad7d9748ddad6bb-00692c8fd2 - 0.0217 - - 1764528082.512010098 1764528082.533734798 0
Nov 30 13:41:22 np0005540255.novalocal container-server[96491]: ::1 - - [30/Nov/2025:18:41:22 +0000] "GET /2/25713/AUTH_53b9bcf7d8194db7bd330ca574b5edab/gnocchi.ed75f7c1-4e22-4f79-b7fc-7486bc582069" 200 357 "GET https://[::1]:8080/v1/AUTH_53b9bcf7d8194db7bd330ca574b5edab/gnocchi.ed75f7c1-4e22-4f79-b7fc-7486bc582069?format=json&states=listing" "txf1a827a4379d4737aa5f8-00692c8fd2" "proxy-server 97815" 0.0041 "-" 96491 0
Nov 30 13:41:22 np0005540255.novalocal proxy-server[97815]: ::1 ::1 30/Nov/2025/18/41/22 GET /v1/AUTH_53b9bcf7d8194db7bd330ca574b5edab/gnocchi.ed75f7c1-4e22-4f79-b7fc-7486bc582069%3Fformat%3Djson%26states%3Dlisting HTTP/1.0 200 - python-swiftclient-4.7.0 gAAAAABpLI-5FlkI... - 357 - txf1a827a4379d4737aa5f8-00692c8fd2 - 0.0162 - - 1764528082.535303593 1764528082.551532984 0
Nov 30 13:41:22 np0005540255.novalocal container-server[96491]: ::1 - - [30/Nov/2025:18:41:22 +0000] "GET /3/9491/AUTH_53b9bcf7d8194db7bd330ca574b5edab/gnocchi.7c892ddc-2e33-4512-892c-9092f34a1ce7" 200 2 "GET https://[::1]:8080/v1/AUTH_53b9bcf7d8194db7bd330ca574b5edab/gnocchi.7c892ddc-2e33-4512-892c-9092f34a1ce7?format=json&marker=none_v3&states=listing" "tx7c58ec8a80d148849ae0d-00692c8fd2" "proxy-server 97815" 0.0034 "-" 96491 0
Nov 30 13:41:22 np0005540255.novalocal proxy-server[97815]: ::1 ::1 30/Nov/2025/18/41/22 GET /v1/AUTH_53b9bcf7d8194db7bd330ca574b5edab/gnocchi.7c892ddc-2e33-4512-892c-9092f34a1ce7%3Fformat%3Djson%26marker%3Dnone_v3%26states%3Dlisting HTTP/1.0 200 - python-swiftclient-4.7.0 gAAAAABpLI-56T9k... - 2 - tx7c58ec8a80d148849ae0d-00692c8fd2 - 0.0155 - - 1764528082.541792154 1764528082.557279825 0
Nov 30 13:41:22 np0005540255.novalocal container-server[96490]: ::1 - - [30/Nov/2025:18:41:22 +0000] "GET /2/25713/AUTH_53b9bcf7d8194db7bd330ca574b5edab/gnocchi.ed75f7c1-4e22-4f79-b7fc-7486bc582069" 200 2 "GET https://[::1]:8080/v1/AUTH_53b9bcf7d8194db7bd330ca574b5edab/gnocchi.ed75f7c1-4e22-4f79-b7fc-7486bc582069?format=json&marker=none_v3&states=listing" "txb16e85dd36dc446a845b2-00692c8fd2" "proxy-server 97815" 0.0028 "-" 96490 0
Nov 30 13:41:22 np0005540255.novalocal proxy-server[97815]: ::1 ::1 30/Nov/2025/18/41/22 GET /v1/AUTH_53b9bcf7d8194db7bd330ca574b5edab/gnocchi.ed75f7c1-4e22-4f79-b7fc-7486bc582069%3Fformat%3Djson%26marker%3Dnone_v3%26states%3Dlisting HTTP/1.0 200 - python-swiftclient-4.7.0 gAAAAABpLI-5FlkI... - 2 - txb16e85dd36dc446a845b2-00692c8fd2 - 0.0175 - - 1764528082.553764343 1764528082.571291924 0
Nov 30 13:41:22 np0005540255.novalocal object-server[96823]: ::1 - - [30/Nov/2025:18:41:22 +0000] "GET /3/55867/AUTH_53b9bcf7d8194db7bd330ca574b5edab/gnocchi.7c892ddc-2e33-4512-892c-9092f34a1ce7/1763640000.0_mean_300.0_v3" 200 16 "GET https://[::1]:8080/v1/AUTH_53b9bcf7d8194db7bd330ca574b5edab/gnocchi.7c892ddc-2e33-4512-892c-9092f34a1ce7/1763640000.0_mean_300.0_v3" "tx41d5dac3231b455a92cf3-00692c8fd2" "proxy-server 97815" 0.0016 "-" 96823 0
Nov 30 13:41:22 np0005540255.novalocal proxy-server[97815]: ::1 ::1 30/Nov/2025/18/41/22 GET /v1/AUTH_53b9bcf7d8194db7bd330ca574b5edab/gnocchi.7c892ddc-2e33-4512-892c-9092f34a1ce7/1763640000.0_mean_300.0_v3 HTTP/1.0 200 - python-swiftclient-4.7.0 gAAAAABpLI-56T9k... - 16 - tx41d5dac3231b455a92cf3-00692c8fd2 - 0.0118 - - 1764528082.563612223 1764528082.575430393 0
Nov 30 13:41:22 np0005540255.novalocal object-server[96824]: ::1 - - [30/Nov/2025:18:41:22 +0000] "GET /3/220946/AUTH_53b9bcf7d8194db7bd330ca574b5edab/gnocchi.ed75f7c1-4e22-4f79-b7fc-7486bc582069/1763640000.0_mean_300.0_v3" 200 16 "GET https://[::1]:8080/v1/AUTH_53b9bcf7d8194db7bd330ca574b5edab/gnocchi.ed75f7c1-4e22-4f79-b7fc-7486bc582069/1763640000.0_mean_300.0_v3" "txf1d688a9f89543c5a8b1f-00692c8fd2" "proxy-server 97815" 0.0011 "-" 96824 0
Nov 30 13:41:22 np0005540255.novalocal proxy-server[97815]: ::1 ::1 30/Nov/2025/18/41/22 GET /v1/AUTH_53b9bcf7d8194db7bd330ca574b5edab/gnocchi.ed75f7c1-4e22-4f79-b7fc-7486bc582069/1763640000.0_mean_300.0_v3 HTTP/1.0 200 - python-swiftclient-4.7.0 gAAAAABpLI-5FlkI... - 16 - txf1d688a9f89543c5a8b1f-00692c8fd2 - 0.0141 - - 1764528082.576823473 1764528082.590913057 0
Nov 30 13:41:22 np0005540255.novalocal container-server[96490]: ::1 - - [30/Nov/2025:18:41:22 +0000] "PUT /1/9491/AUTH_53b9bcf7d8194db7bd330ca574b5edab/gnocchi.7c892ddc-2e33-4512-892c-9092f34a1ce7/1763640000.0_mean_300.0_v3" 201 - "PUT http://[::1]:8080/1/55867/AUTH_53b9bcf7d8194db7bd330ca574b5edab/gnocchi.7c892ddc-2e33-4512-892c-9092f34a1ce7/1763640000.0_mean_300.0_v3" "tx08f009bf7ab84fbd8b528-00692c8fd2" "object-server 96824" 0.0008 "-" 96490 0
Nov 30 13:41:22 np0005540255.novalocal object-server[96824]: ::1 - - [30/Nov/2025:18:41:22 +0000] "PUT /1/55867/AUTH_53b9bcf7d8194db7bd330ca574b5edab/gnocchi.7c892ddc-2e33-4512-892c-9092f34a1ce7/1763640000.0_mean_300.0_v3" 201 - "PUT https://[::1]:8080/v1/AUTH_53b9bcf7d8194db7bd330ca574b5edab/gnocchi.7c892ddc-2e33-4512-892c-9092f34a1ce7/1763640000.0_mean_300.0_v3" "tx08f009bf7ab84fbd8b528-00692c8fd2" "proxy-server 97815" 0.0167 "-" 96824 0
Nov 30 13:41:22 np0005540255.novalocal container-server[96490]: ::1 - - [30/Nov/2025:18:41:22 +0000] "PUT /2/9491/AUTH_53b9bcf7d8194db7bd330ca574b5edab/gnocchi.7c892ddc-2e33-4512-892c-9092f34a1ce7/1763640000.0_mean_300.0_v3" 201 - "PUT http://[::1]:8080/2/55867/AUTH_53b9bcf7d8194db7bd330ca574b5edab/gnocchi.7c892ddc-2e33-4512-892c-9092f34a1ce7/1763640000.0_mean_300.0_v3" "tx08f009bf7ab84fbd8b528-00692c8fd2" "object-server 96824" 0.0006 "-" 96490 0
Nov 30 13:41:22 np0005540255.novalocal object-server[96824]: ::1 - - [30/Nov/2025:18:41:22 +0000] "PUT /2/55867/AUTH_53b9bcf7d8194db7bd330ca574b5edab/gnocchi.7c892ddc-2e33-4512-892c-9092f34a1ce7/1763640000.0_mean_300.0_v3" 201 - "PUT https://[::1]:8080/v1/AUTH_53b9bcf7d8194db7bd330ca574b5edab/gnocchi.7c892ddc-2e33-4512-892c-9092f34a1ce7/1763640000.0_mean_300.0_v3" "tx08f009bf7ab84fbd8b528-00692c8fd2" "proxy-server 97815" 0.0166 "-" 96824 0
Nov 30 13:41:22 np0005540255.novalocal container-server[96491]: ::1 - - [30/Nov/2025:18:41:22 +0000] "PUT /3/9491/AUTH_53b9bcf7d8194db7bd330ca574b5edab/gnocchi.7c892ddc-2e33-4512-892c-9092f34a1ce7/1763640000.0_mean_300.0_v3" 201 - "PUT http://[::1]:8080/3/55867/AUTH_53b9bcf7d8194db7bd330ca574b5edab/gnocchi.7c892ddc-2e33-4512-892c-9092f34a1ce7/1763640000.0_mean_300.0_v3" "tx08f009bf7ab84fbd8b528-00692c8fd2" "object-server 96823" 0.0007 "-" 96491 0
Nov 30 13:41:22 np0005540255.novalocal object-server[96823]: ::1 - - [30/Nov/2025:18:41:22 +0000] "PUT /3/55867/AUTH_53b9bcf7d8194db7bd330ca574b5edab/gnocchi.7c892ddc-2e33-4512-892c-9092f34a1ce7/1763640000.0_mean_300.0_v3" 201 - "PUT https://[::1]:8080/v1/AUTH_53b9bcf7d8194db7bd330ca574b5edab/gnocchi.7c892ddc-2e33-4512-892c-9092f34a1ce7/1763640000.0_mean_300.0_v3" "tx08f009bf7ab84fbd8b528-00692c8fd2" "proxy-server 97815" 0.0267 "-" 96823 0
Nov 30 13:41:22 np0005540255.novalocal proxy-server[97815]: ::1 ::1 30/Nov/2025/18/41/22 PUT /v1/AUTH_53b9bcf7d8194db7bd330ca574b5edab/gnocchi.7c892ddc-2e33-4512-892c-9092f34a1ce7/1763640000.0_mean_300.0_v3 HTTP/1.0 201 - python-swiftclient-4.7.0 gAAAAABpLI-56T9k... 16 - - tx08f009bf7ab84fbd8b528-00692c8fd2 - 0.0370 - - 1764528082.582377195 1764528082.619387150 0
Nov 30 13:41:22 np0005540255.novalocal container-server[96490]: ::1 - - [30/Nov/2025:18:41:22 +0000] "PUT /1/25713/AUTH_53b9bcf7d8194db7bd330ca574b5edab/gnocchi.ed75f7c1-4e22-4f79-b7fc-7486bc582069/1763640000.0_mean_300.0_v3" 201 - "PUT http://[::1]:8080/3/220946/AUTH_53b9bcf7d8194db7bd330ca574b5edab/gnocchi.ed75f7c1-4e22-4f79-b7fc-7486bc582069/1763640000.0_mean_300.0_v3" "tx2deeb3206eb5416e9b2ac-00692c8fd2" "object-server 96823" 0.0007 "-" 96490 0
Nov 30 13:41:22 np0005540255.novalocal object-server[96823]: ::1 - - [30/Nov/2025:18:41:22 +0000] "PUT /3/220946/AUTH_53b9bcf7d8194db7bd330ca574b5edab/gnocchi.ed75f7c1-4e22-4f79-b7fc-7486bc582069/1763640000.0_mean_300.0_v3" 201 - "PUT https://[::1]:8080/v1/AUTH_53b9bcf7d8194db7bd330ca574b5edab/gnocchi.ed75f7c1-4e22-4f79-b7fc-7486bc582069/1763640000.0_mean_300.0_v3" "tx2deeb3206eb5416e9b2ac-00692c8fd2" "proxy-server 97815" 0.0185 "-" 96823 0
Nov 30 13:41:22 np0005540255.novalocal container-server[96491]: ::1 - - [30/Nov/2025:18:41:22 +0000] "PUT /2/25713/AUTH_53b9bcf7d8194db7bd330ca574b5edab/gnocchi.ed75f7c1-4e22-4f79-b7fc-7486bc582069/1763640000.0_mean_300.0_v3" 201 - "PUT http://[::1]:8080/2/220946/AUTH_53b9bcf7d8194db7bd330ca574b5edab/gnocchi.ed75f7c1-4e22-4f79-b7fc-7486bc582069/1763640000.0_mean_300.0_v3" "tx2deeb3206eb5416e9b2ac-00692c8fd2" "object-server 96823" 0.0007 "-" 96491 0
Nov 30 13:41:22 np0005540255.novalocal object-server[96823]: ::1 - - [30/Nov/2025:18:41:22 +0000] "PUT /2/220946/AUTH_53b9bcf7d8194db7bd330ca574b5edab/gnocchi.ed75f7c1-4e22-4f79-b7fc-7486bc582069/1763640000.0_mean_300.0_v3" 201 - "PUT https://[::1]:8080/v1/AUTH_53b9bcf7d8194db7bd330ca574b5edab/gnocchi.ed75f7c1-4e22-4f79-b7fc-7486bc582069/1763640000.0_mean_300.0_v3" "tx2deeb3206eb5416e9b2ac-00692c8fd2" "proxy-server 97815" 0.0161 "-" 96823 0
Nov 30 13:41:22 np0005540255.novalocal container-server[96490]: ::1 - - [30/Nov/2025:18:41:22 +0000] "PUT /3/25713/AUTH_53b9bcf7d8194db7bd330ca574b5edab/gnocchi.ed75f7c1-4e22-4f79-b7fc-7486bc582069/1763640000.0_mean_300.0_v3" 201 - "PUT http://[::1]:8080/1/220946/AUTH_53b9bcf7d8194db7bd330ca574b5edab/gnocchi.ed75f7c1-4e22-4f79-b7fc-7486bc582069/1763640000.0_mean_300.0_v3" "tx2deeb3206eb5416e9b2ac-00692c8fd2" "object-server 96823" 0.0006 "-" 96490 0
Nov 30 13:41:22 np0005540255.novalocal object-server[96823]: ::1 - - [30/Nov/2025:18:41:22 +0000] "PUT /1/220946/AUTH_53b9bcf7d8194db7bd330ca574b5edab/gnocchi.ed75f7c1-4e22-4f79-b7fc-7486bc582069/1763640000.0_mean_300.0_v3" 201 - "PUT https://[::1]:8080/v1/AUTH_53b9bcf7d8194db7bd330ca574b5edab/gnocchi.ed75f7c1-4e22-4f79-b7fc-7486bc582069/1763640000.0_mean_300.0_v3" "tx2deeb3206eb5416e9b2ac-00692c8fd2" "proxy-server 97815" 0.0250 "-" 96823 0
Nov 30 13:41:22 np0005540255.novalocal proxy-server[97815]: ::1 ::1 30/Nov/2025/18/41/22 PUT /v1/AUTH_53b9bcf7d8194db7bd330ca574b5edab/gnocchi.ed75f7c1-4e22-4f79-b7fc-7486bc582069/1763640000.0_mean_300.0_v3 HTTP/1.0 201 - python-swiftclient-4.7.0 gAAAAABpLI-5FlkI... 16 - - tx2deeb3206eb5416e9b2ac-00692c8fd2 - 0.0357 - - 1764528082.594712019 1764528082.630385399 0
Nov 30 13:41:22 np0005540255.novalocal container-server[96490]: ::1 - - [30/Nov/2025:18:41:22 +0000] "PUT /1/25713/AUTH_53b9bcf7d8194db7bd330ca574b5edab/gnocchi.ed75f7c1-4e22-4f79-b7fc-7486bc582069/none_v3" 201 - "PUT http://[::1]:8080/3/109660/AUTH_53b9bcf7d8194db7bd330ca574b5edab/gnocchi.ed75f7c1-4e22-4f79-b7fc-7486bc582069/none_v3" "tx1de52fe320584e1fa4b4b-00692c8fd2" "object-server 96823" 0.0008 "-" 96490 0
Nov 30 13:41:22 np0005540255.novalocal object-server[96823]: ::1 - - [30/Nov/2025:18:41:22 +0000] "PUT /3/109660/AUTH_53b9bcf7d8194db7bd330ca574b5edab/gnocchi.ed75f7c1-4e22-4f79-b7fc-7486bc582069/none_v3" 201 - "PUT https://[::1]:8080/v1/AUTH_53b9bcf7d8194db7bd330ca574b5edab/gnocchi.ed75f7c1-4e22-4f79-b7fc-7486bc582069/none_v3" "tx1de52fe320584e1fa4b4b-00692c8fd2" "proxy-server 97815" 0.0136 "-" 96823 0
Nov 30 13:41:22 np0005540255.novalocal container-server[96490]: ::1 - - [30/Nov/2025:18:41:22 +0000] "PUT /2/9491/AUTH_53b9bcf7d8194db7bd330ca574b5edab/gnocchi.7c892ddc-2e33-4512-892c-9092f34a1ce7/none_v3" 201 - "PUT http://[::1]:8080/3/230193/AUTH_53b9bcf7d8194db7bd330ca574b5edab/gnocchi.7c892ddc-2e33-4512-892c-9092f34a1ce7/none_v3" "txa05c50ce3acf4ea3a0ffb-00692c8fd2" "object-server 96824" 0.0006 "-" 96490 0
Nov 30 13:41:22 np0005540255.novalocal container-server[96490]: ::1 - - [30/Nov/2025:18:41:22 +0000] "PUT /1/9491/AUTH_53b9bcf7d8194db7bd330ca574b5edab/gnocchi.7c892ddc-2e33-4512-892c-9092f34a1ce7/none_v3" 201 - "PUT http://[::1]:8080/1/230193/AUTH_53b9bcf7d8194db7bd330ca574b5edab/gnocchi.7c892ddc-2e33-4512-892c-9092f34a1ce7/none_v3" "txa05c50ce3acf4ea3a0ffb-00692c8fd2" "object-server 96824" 0.0021 "-" 96490 0
Nov 30 13:41:22 np0005540255.novalocal object-server[96824]: ::1 - - [30/Nov/2025:18:41:22 +0000] "PUT /3/230193/AUTH_53b9bcf7d8194db7bd330ca574b5edab/gnocchi.7c892ddc-2e33-4512-892c-9092f34a1ce7/none_v3" 201 - "PUT https://[::1]:8080/v1/AUTH_53b9bcf7d8194db7bd330ca574b5edab/gnocchi.7c892ddc-2e33-4512-892c-9092f34a1ce7/none_v3" "txa05c50ce3acf4ea3a0ffb-00692c8fd2" "proxy-server 97815" 0.0275 "-" 96824 0
Nov 30 13:41:22 np0005540255.novalocal container-server[96490]: ::1 - - [30/Nov/2025:18:41:22 +0000] "PUT /3/9491/AUTH_53b9bcf7d8194db7bd330ca574b5edab/gnocchi.7c892ddc-2e33-4512-892c-9092f34a1ce7/none_v3" 201 - "PUT http://[::1]:8080/2/230193/AUTH_53b9bcf7d8194db7bd330ca574b5edab/gnocchi.7c892ddc-2e33-4512-892c-9092f34a1ce7/none_v3" "txa05c50ce3acf4ea3a0ffb-00692c8fd2" "object-server 96824" 0.0006 "-" 96490 0
Nov 30 13:41:22 np0005540255.novalocal object-server[96824]: ::1 - - [30/Nov/2025:18:41:22 +0000] "PUT /1/230193/AUTH_53b9bcf7d8194db7bd330ca574b5edab/gnocchi.7c892ddc-2e33-4512-892c-9092f34a1ce7/none_v3" 201 - "PUT https://[::1]:8080/v1/AUTH_53b9bcf7d8194db7bd330ca574b5edab/gnocchi.7c892ddc-2e33-4512-892c-9092f34a1ce7/none_v3" "txa05c50ce3acf4ea3a0ffb-00692c8fd2" "proxy-server 97815" 0.0321 "-" 96824 0
Nov 30 13:41:22 np0005540255.novalocal object-server[96824]: ::1 - - [30/Nov/2025:18:41:22 +0000] "PUT /2/230193/AUTH_53b9bcf7d8194db7bd330ca574b5edab/gnocchi.7c892ddc-2e33-4512-892c-9092f34a1ce7/none_v3" 201 - "PUT https://[::1]:8080/v1/AUTH_53b9bcf7d8194db7bd330ca574b5edab/gnocchi.7c892ddc-2e33-4512-892c-9092f34a1ce7/none_v3" "txa05c50ce3acf4ea3a0ffb-00692c8fd2" "proxy-server 97815" 0.0291 "-" 96824 0
Nov 30 13:41:22 np0005540255.novalocal container-server[96491]: ::1 - - [30/Nov/2025:18:41:22 +0000] "PUT /2/25713/AUTH_53b9bcf7d8194db7bd330ca574b5edab/gnocchi.ed75f7c1-4e22-4f79-b7fc-7486bc582069/none_v3" 201 - "PUT http://[::1]:8080/1/109660/AUTH_53b9bcf7d8194db7bd330ca574b5edab/gnocchi.ed75f7c1-4e22-4f79-b7fc-7486bc582069/none_v3" "tx1de52fe320584e1fa4b4b-00692c8fd2" "object-server 96824" 0.0007 "-" 96491 0
Nov 30 13:41:22 np0005540255.novalocal proxy-server[97815]: ::1 ::1 30/Nov/2025/18/41/22 PUT /v1/AUTH_53b9bcf7d8194db7bd330ca574b5edab/gnocchi.7c892ddc-2e33-4512-892c-9092f34a1ce7/none_v3 HTTP/1.0 201 - python-swiftclient-4.7.0 gAAAAABpLI-56T9k... 36 - - txa05c50ce3acf4ea3a0ffb-00692c8fd2 - 0.0408 - - 1764528082.623187542 1764528082.663980722 0
Nov 30 13:41:22 np0005540255.novalocal object-server[96824]: ::1 - - [30/Nov/2025:18:41:22 +0000] "PUT /1/109660/AUTH_53b9bcf7d8194db7bd330ca574b5edab/gnocchi.ed75f7c1-4e22-4f79-b7fc-7486bc582069/none_v3" 201 - "PUT https://[::1]:8080/v1/AUTH_53b9bcf7d8194db7bd330ca574b5edab/gnocchi.ed75f7c1-4e22-4f79-b7fc-7486bc582069/none_v3" "tx1de52fe320584e1fa4b4b-00692c8fd2" "proxy-server 97815" 0.0220 "-" 96824 0
Nov 30 13:41:22 np0005540255.novalocal container-server[96491]: ::1 - - [30/Nov/2025:18:41:22 +0000] "PUT /3/25713/AUTH_53b9bcf7d8194db7bd330ca574b5edab/gnocchi.ed75f7c1-4e22-4f79-b7fc-7486bc582069/none_v3" 201 - "PUT http://[::1]:8080/2/109660/AUTH_53b9bcf7d8194db7bd330ca574b5edab/gnocchi.ed75f7c1-4e22-4f79-b7fc-7486bc582069/none_v3" "tx1de52fe320584e1fa4b4b-00692c8fd2" "object-server 96824" 0.0004 "-" 96491 0
Nov 30 13:41:22 np0005540255.novalocal haproxy-metadata-proxy-6f9a07de-215e-4adf-957d-430a71375d97[103379]: ::ffff:10.100.0.13:40368 [30/Nov/2025:13:41:21.642] listener listener/metadata 0/0/0/1023/1023 200 87 - - ---- 1/1/0/0/0 0/0 "GET /2009-04-04/meta-data/ami-launch-index HTTP/1.1"
Nov 30 13:41:22 np0005540255.novalocal object-server[96824]: ::1 - - [30/Nov/2025:18:41:22 +0000] "PUT /2/109660/AUTH_53b9bcf7d8194db7bd330ca574b5edab/gnocchi.ed75f7c1-4e22-4f79-b7fc-7486bc582069/none_v3" 201 - "PUT https://[::1]:8080/v1/AUTH_53b9bcf7d8194db7bd330ca574b5edab/gnocchi.ed75f7c1-4e22-4f79-b7fc-7486bc582069/none_v3" "tx1de52fe320584e1fa4b4b-00692c8fd2" "proxy-server 97815" 0.0257 "-" 96824 0
Nov 30 13:41:22 np0005540255.novalocal proxy-server[97815]: ::1 ::1 30/Nov/2025/18/41/22 PUT /v1/AUTH_53b9bcf7d8194db7bd330ca574b5edab/gnocchi.ed75f7c1-4e22-4f79-b7fc-7486bc582069/none_v3 HTTP/1.0 201 - python-swiftclient-4.7.0 gAAAAABpLI-5FlkI... 45 - - tx1de52fe320584e1fa4b4b-00692c8fd2 - 0.0350 - - 1764528082.633328676 1764528082.668370962 0
Nov 30 13:41:23 np0005540255.novalocal haproxy-metadata-proxy-6f9a07de-215e-4adf-957d-430a71375d97[103379]: ::ffff:10.100.0.13:40382 [30/Nov/2025:13:41:22.729] listener listener/metadata 0/0/0/1018/1018 200 93 - - ---- 1/1/0/0/0 0/0 "GET /2009-04-04/meta-data/instance-type HTTP/1.1"
Nov 30 13:41:24 np0005540255.novalocal haproxy-metadata-proxy-6f9a07de-215e-4adf-957d-430a71375d97[103379]: ::ffff:10.100.0.13:40384 [30/Nov/2025:13:41:23.814] listener listener/metadata 0/0/0/1027/1027 200 98 - - ---- 1/1/0/0/0 0/0 "GET /2009-04-04/meta-data/local-ipv4 HTTP/1.1"
Nov 30 13:41:25 np0005540255.novalocal haproxy-metadata-proxy-6f9a07de-215e-4adf-957d-430a71375d97[103379]: ::ffff:10.100.0.13:40392 [30/Nov/2025:13:41:24.888] listener listener/metadata 0/0/0/1030/1030 200 98 - - ---- 1/1/0/0/0 0/0 "GET /2009-04-04/meta-data/public-ipv4 HTTP/1.1"
Nov 30 13:41:26 np0005540255.novalocal dnsmasq-dhcp[104054]: DHCPRELEASE(tapbd96bb05-6a) 10.100.0.1 fa:16:3e:57:d5:f1
Nov 30 13:41:26 np0005540255.novalocal object-auditor[104332]: Object audit (ALL) "forever" mode completed: 12.89s. Total quarantined: 0, Total errors: 0, Total files/sec: 5.12, Total bytes/sec: 9977820.91, Auditing time: 12.86, Rate: 1.00
Nov 30 13:41:26 np0005540255.novalocal systemd[1]: NetworkManager-dispatcher.service: Deactivated successfully.
Nov 30 13:41:26 np0005540255.novalocal kernel: qr-366b71bb-50: left promiscuous mode
Nov 30 13:41:27 np0005540255.novalocal dnsmasq[104054]: read /var/lib/neutron/dhcp/d9226dd7-4fc5-47d6-9505-99ea740350d1/addn_hosts - 0 addresses
Nov 30 13:41:27 np0005540255.novalocal dnsmasq-dhcp[104054]: read /var/lib/neutron/dhcp/d9226dd7-4fc5-47d6-9505-99ea740350d1/host
Nov 30 13:41:27 np0005540255.novalocal dnsmasq-dhcp[104054]: read /var/lib/neutron/dhcp/d9226dd7-4fc5-47d6-9505-99ea740350d1/opts
Nov 30 13:41:27 np0005540255.novalocal haproxy-metadata-proxy-6f9a07de-215e-4adf-957d-430a71375d97[103379]: ::ffff:10.100.0.13:40394 [30/Nov/2025:13:41:26.005] listener listener/metadata 0/0/0/1028/1028 200 152 - - ---- 1/1/0/0/0 0/0 "GET /2009-04-04/meta-data/hostname HTTP/1.1"
Nov 30 13:41:27 np0005540255.novalocal kernel: qg-348dba18-87: left promiscuous mode
Nov 30 13:41:27 np0005540255.novalocal systemd[1]: run-netns-qrouter\x2d741addbd\x2d3e4d\x2d47ac\x2d93c1\x2da7d0b4865cc9.mount: Deactivated successfully.
Nov 30 13:41:27 np0005540255.novalocal dnsmasq[104054]: exiting on receipt of SIGTERM
Nov 30 13:41:27 np0005540255.novalocal kernel: tapbd96bb05-6a: left promiscuous mode
Nov 30 13:41:28 np0005540255.novalocal haproxy-metadata-proxy-6f9a07de-215e-4adf-957d-430a71375d97[103379]: ::ffff:10.100.0.13:40408 [30/Nov/2025:13:41:27.111] listener listener/metadata 0/0/0/1018/1018 200 152 - - ---- 1/1/0/0/0 0/0 "GET /2009-04-04/meta-data/local-hostname HTTP/1.1"
Nov 30 13:41:28 np0005540255.novalocal systemd[1]: run-netns-qdhcp\x2dd9226dd7\x2d4fc5\x2d47d6\x2d9505\x2d99ea740350d1.mount: Deactivated successfully.
Nov 30 13:41:28 np0005540255.novalocal systemd[1]: dbus-:1.1-org.fedoraproject.SetroubleshootPrivileged@10.service: Deactivated successfully.
Nov 30 13:41:28 np0005540255.novalocal systemd[1]: dbus-:1.1-org.fedoraproject.SetroubleshootPrivileged@10.service: Consumed 1.253s CPU time.
Nov 30 13:41:28 np0005540255.novalocal systemd[1]: setroubleshootd.service: Deactivated successfully.
Nov 30 13:41:28 np0005540255.novalocal systemd[1]: setroubleshootd.service: Consumed 1.568s CPU time.
Nov 30 13:41:28 np0005540255.novalocal account-replicator[96261]: Beginning replication run
Nov 30 13:41:28 np0005540255.novalocal account-replicator[96261]: Replication run OVER
Nov 30 13:41:28 np0005540255.novalocal account-replicator[96261]: Attempted to replicate 3 dbs in 0.07946 seconds (37.75541/s)
Nov 30 13:41:28 np0005540255.novalocal account-replicator[96261]: Removed 0 dbs
Nov 30 13:41:28 np0005540255.novalocal account-replicator[96261]: 6 successes, 0 failures
Nov 30 13:41:28 np0005540255.novalocal account-replicator[96261]: diff:0 diff_capped:0 empty:0 hashmatch:0 no_change:6 remote_merge:0 rsync:0 ts_repl:0
Nov 30 13:41:29 np0005540255.novalocal haproxy-metadata-proxy-6f9a07de-215e-4adf-957d-430a71375d97[103379]: ::ffff:10.100.0.13:50962 [30/Nov/2025:13:41:28.206] listener listener/metadata 0/0/0/1023/1023 200 182 - - ---- 1/1/0/0/0 0/0 "GET /2009-04-04/user-data HTTP/1.1"
Nov 30 13:41:30 np0005540255.novalocal haproxy-metadata-proxy-6f9a07de-215e-4adf-957d-430a71375d97[103379]: ::ffff:10.100.0.13:50976 [30/Nov/2025:13:41:29.286] listener listener/metadata 0/0/0/1117/1117 200 94 - - ---- 1/1/0/0/0 0/0 "GET /2009-04-04/meta-data/block-device-mapping HTTP/1.1"
Nov 30 13:41:31 np0005540255.novalocal haproxy-metadata-proxy-6f9a07de-215e-4adf-957d-430a71375d97[103379]: ::ffff:10.100.0.13:50978 [30/Nov/2025:13:41:30.453] listener listener/metadata 0/0/0/1287/1287 200 89 - - ---- 1/1/0/0/0 0/0 "GET /2009-04-04/meta-data/block-device-mapping/ami HTTP/1.1"
Nov 30 13:41:32 np0005540255.novalocal container-server[96491]: ::1 - - [30/Nov/2025:18:41:32 +0000] "HEAD /2/1303/AUTH_53b9bcf7d8194db7bd330ca574b5edab/gnocchi.7cb229d9-9e96-44df-8fb6-ad3dbad6cf80" 404 - "HEAD http://[::1]:8080/v1/AUTH_53b9bcf7d8194db7bd330ca574b5edab/gnocchi.7cb229d9-9e96-44df-8fb6-ad3dbad6cf80" "txe7bc701bfb3041518d81a-00692c8fdc" "proxy-server 97815" 0.0004 "-" 96491 0
Nov 30 13:41:32 np0005540255.novalocal container-server[96491]: ::1 - - [30/Nov/2025:18:41:32 +0000] "HEAD /3/1303/AUTH_53b9bcf7d8194db7bd330ca574b5edab/gnocchi.7cb229d9-9e96-44df-8fb6-ad3dbad6cf80" 404 - "HEAD http://[::1]:8080/v1/AUTH_53b9bcf7d8194db7bd330ca574b5edab/gnocchi.7cb229d9-9e96-44df-8fb6-ad3dbad6cf80" "txe7bc701bfb3041518d81a-00692c8fdc" "proxy-server 97815" 0.0003 "-" 96491 0
Nov 30 13:41:32 np0005540255.novalocal container-server[96490]: ::1 - - [30/Nov/2025:18:41:32 +0000] "HEAD /1/1303/AUTH_53b9bcf7d8194db7bd330ca574b5edab/gnocchi.7cb229d9-9e96-44df-8fb6-ad3dbad6cf80" 404 - "HEAD http://[::1]:8080/v1/AUTH_53b9bcf7d8194db7bd330ca574b5edab/gnocchi.7cb229d9-9e96-44df-8fb6-ad3dbad6cf80" "txe7bc701bfb3041518d81a-00692c8fdc" "proxy-server 97815" 0.0005 "-" 96490 0
Nov 30 13:41:32 np0005540255.novalocal proxy-server[97815]: - - 30/Nov/2025/18/41/32 HEAD /v1/AUTH_53b9bcf7d8194db7bd330ca574b5edab/gnocchi.7cb229d9-9e96-44df-8fb6-ad3dbad6cf80 HTTP/1.0 404 - Swift - - - - txe7bc701bfb3041518d81a-00692c8fdc - 0.0178 CS - 1764528092.164128304 1764528092.181969166 0
Nov 30 13:41:32 np0005540255.novalocal object-server[96824]: ::1 - - [30/Nov/2025:18:41:32 +0000] "GET /1/169949/AUTH_53b9bcf7d8194db7bd330ca574b5edab/gnocchi.7cb229d9-9e96-44df-8fb6-ad3dbad6cf80/none_v3" 404 70 "GET https://[::1]:8080/v1/AUTH_53b9bcf7d8194db7bd330ca574b5edab/gnocchi.7cb229d9-9e96-44df-8fb6-ad3dbad6cf80/none_v3" "txe7bc701bfb3041518d81a-00692c8fdc" "proxy-server 97815" 0.0003 "-" 96824 0
Nov 30 13:41:32 np0005540255.novalocal object-server[96823]: ::1 - - [30/Nov/2025:18:41:32 +0000] "GET /2/169949/AUTH_53b9bcf7d8194db7bd330ca574b5edab/gnocchi.7cb229d9-9e96-44df-8fb6-ad3dbad6cf80/none_v3" 404 70 "GET https://[::1]:8080/v1/AUTH_53b9bcf7d8194db7bd330ca574b5edab/gnocchi.7cb229d9-9e96-44df-8fb6-ad3dbad6cf80/none_v3" "txe7bc701bfb3041518d81a-00692c8fdc" "proxy-server 97815" 0.0004 "-" 96823 0
Nov 30 13:41:32 np0005540255.novalocal object-server[96823]: ::1 - - [30/Nov/2025:18:41:32 +0000] "GET /3/169949/AUTH_53b9bcf7d8194db7bd330ca574b5edab/gnocchi.7cb229d9-9e96-44df-8fb6-ad3dbad6cf80/none_v3" 404 70 "GET https://[::1]:8080/v1/AUTH_53b9bcf7d8194db7bd330ca574b5edab/gnocchi.7cb229d9-9e96-44df-8fb6-ad3dbad6cf80/none_v3" "txe7bc701bfb3041518d81a-00692c8fdc" "proxy-server 97815" 0.0003 "-" 96823 0
Nov 30 13:41:32 np0005540255.novalocal proxy-server[97815]: ::1 ::1 30/Nov/2025/18/41/32 GET /v1/AUTH_53b9bcf7d8194db7bd330ca574b5edab/gnocchi.7cb229d9-9e96-44df-8fb6-ad3dbad6cf80/none_v3 HTTP/1.0 404 - python-swiftclient-4.7.0 gAAAAABpLI-56T9k... - 70 - txe7bc701bfb3041518d81a-00692c8fdc - 0.0307 - - 1764528092.163053989 1764528092.193712234 0
Nov 30 13:41:32 np0005540255.novalocal container-server[96491]: ::1 - - [30/Nov/2025:18:41:32 +0000] "HEAD /2/61957/AUTH_53b9bcf7d8194db7bd330ca574b5edab/gnocchi.d3a93d35-179b-4710-8d85-bf7c6b117201" 404 - "HEAD http://[::1]:8080/v1/AUTH_53b9bcf7d8194db7bd330ca574b5edab/gnocchi.d3a93d35-179b-4710-8d85-bf7c6b117201" "txfbb5a5904c8a478295ff9-00692c8fdc" "proxy-server 97815" 0.0003 "-" 96491 0
Nov 30 13:41:32 np0005540255.novalocal container-server[96490]: ::1 - - [30/Nov/2025:18:41:32 +0000] "HEAD /3/61957/AUTH_53b9bcf7d8194db7bd330ca574b5edab/gnocchi.d3a93d35-179b-4710-8d85-bf7c6b117201" 404 - "HEAD http://[::1]:8080/v1/AUTH_53b9bcf7d8194db7bd330ca574b5edab/gnocchi.d3a93d35-179b-4710-8d85-bf7c6b117201" "txfbb5a5904c8a478295ff9-00692c8fdc" "proxy-server 97815" 0.0004 "-" 96490 0
Nov 30 13:41:32 np0005540255.novalocal account-server[96196]: ::1 - - [30/Nov/2025:18:41:32 +0000] "PUT /1/128474/AUTH_53b9bcf7d8194db7bd330ca574b5edab/gnocchi.7cb229d9-9e96-44df-8fb6-ad3dbad6cf80" 201 - "PUT http://[::1]:6001/3/1303/AUTH_53b9bcf7d8194db7bd330ca574b5edab/gnocchi.7cb229d9-9e96-44df-8fb6-ad3dbad6cf80" "txd907343c406443d9a5d1f-00692c8fdc" "container-server 96490" 0.0021 "-" 96196 0
Nov 30 13:41:32 np0005540255.novalocal account-server[96195]: ::1 - - [30/Nov/2025:18:41:32 +0000] "PUT /2/128474/AUTH_53b9bcf7d8194db7bd330ca574b5edab/gnocchi.7cb229d9-9e96-44df-8fb6-ad3dbad6cf80" 201 - "PUT http://[::1]:6001/1/1303/AUTH_53b9bcf7d8194db7bd330ca574b5edab/gnocchi.7cb229d9-9e96-44df-8fb6-ad3dbad6cf80" "txd907343c406443d9a5d1f-00692c8fdc" "container-server 96490" 0.0011 "-" 96195 0
Nov 30 13:41:32 np0005540255.novalocal container-server[96490]: ::1 - - [30/Nov/2025:18:41:32 +0000] "PUT /3/1303/AUTH_53b9bcf7d8194db7bd330ca574b5edab/gnocchi.7cb229d9-9e96-44df-8fb6-ad3dbad6cf80" 201 - "PUT https://[::1]:8080/v1/AUTH_53b9bcf7d8194db7bd330ca574b5edab/gnocchi.7cb229d9-9e96-44df-8fb6-ad3dbad6cf80" "txd907343c406443d9a5d1f-00692c8fdc" "proxy-server 97815" 0.0144 "-" 96490 0
Nov 30 13:41:32 np0005540255.novalocal container-server[96490]: ::1 - - [30/Nov/2025:18:41:32 +0000] "HEAD /1/61957/AUTH_53b9bcf7d8194db7bd330ca574b5edab/gnocchi.d3a93d35-179b-4710-8d85-bf7c6b117201" 404 - "HEAD http://[::1]:8080/v1/AUTH_53b9bcf7d8194db7bd330ca574b5edab/gnocchi.d3a93d35-179b-4710-8d85-bf7c6b117201" "txfbb5a5904c8a478295ff9-00692c8fdc" "proxy-server 97815" 0.0003 "-" 96490 0
Nov 30 13:41:32 np0005540255.novalocal account-server[96195]: ::1 - - [30/Nov/2025:18:41:32 +0000] "PUT /3/128474/AUTH_53b9bcf7d8194db7bd330ca574b5edab/gnocchi.7cb229d9-9e96-44df-8fb6-ad3dbad6cf80" 201 - "PUT http://[::1]:6001/2/1303/AUTH_53b9bcf7d8194db7bd330ca574b5edab/gnocchi.7cb229d9-9e96-44df-8fb6-ad3dbad6cf80" "txd907343c406443d9a5d1f-00692c8fdc" "container-server 96490" 0.0019 "-" 96195 0
Nov 30 13:41:32 np0005540255.novalocal container-server[96490]: ::1 - - [30/Nov/2025:18:41:32 +0000] "PUT /1/1303/AUTH_53b9bcf7d8194db7bd330ca574b5edab/gnocchi.7cb229d9-9e96-44df-8fb6-ad3dbad6cf80" 201 - "PUT https://[::1]:8080/v1/AUTH_53b9bcf7d8194db7bd330ca574b5edab/gnocchi.7cb229d9-9e96-44df-8fb6-ad3dbad6cf80" "txd907343c406443d9a5d1f-00692c8fdc" "proxy-server 97815" 0.0296 "-" 96490 0
Nov 30 13:41:32 np0005540255.novalocal proxy-server[97815]: - - 30/Nov/2025/18/41/32 HEAD /v1/AUTH_53b9bcf7d8194db7bd330ca574b5edab/gnocchi.d3a93d35-179b-4710-8d85-bf7c6b117201 HTTP/1.0 404 - Swift - - - - txfbb5a5904c8a478295ff9-00692c8fdc - 0.0166 CS - 1764528092.230839252 1764528092.247449636 0
Nov 30 13:41:32 np0005540255.novalocal container-server[96490]: ::1 - - [30/Nov/2025:18:41:32 +0000] "PUT /2/1303/AUTH_53b9bcf7d8194db7bd330ca574b5edab/gnocchi.7cb229d9-9e96-44df-8fb6-ad3dbad6cf80" 201 - "PUT https://[::1]:8080/v1/AUTH_53b9bcf7d8194db7bd330ca574b5edab/gnocchi.7cb229d9-9e96-44df-8fb6-ad3dbad6cf80" "txd907343c406443d9a5d1f-00692c8fdc" "proxy-server 97815" 0.0476 "-" 96490 0
