Nov 30 13:41:52 np0005540255.novalocal container-server[96491]: ::1 - - [30/Nov/2025:18:41:52 +0000] "GET /2/135816/AUTH_53b9bcf7d8194db7bd330ca574b5edab/gnocchi.179f2a92-3e14-424f-a629-c213901389dd" 200 357 "GET https://[::1]:8080/v1/AUTH_53b9bcf7d8194db7bd330ca574b5edab/gnocchi.179f2a92-3e14-424f-a629-c213901389dd?format=json&states=listing" "txfa6be50d81174f9b9b86a-00692c8ff0" "proxy-server 97815" 0.0025 "-" 96491 0
Nov 30 13:41:52 np0005540255.novalocal proxy-server[97815]: ::1 ::1 30/Nov/2025/18/41/52 GET /v1/AUTH_53b9bcf7d8194db7bd330ca574b5edab/gnocchi.179f2a92-3e14-424f-a629-c213901389dd%3Fformat%3Djson%26states%3Dlisting HTTP/1.0 200 - python-swiftclient-4.7.0 gAAAAABpLI-56T9k... - 357 - txfa6be50d81174f9b9b86a-00692c8ff0 - 0.0084 - - 1764528112.430860043 1764528112.439226866 0
Nov 30 13:41:52 np0005540255.novalocal container-server[96490]: ::1 - - [30/Nov/2025:18:41:52 +0000] "GET /3/135816/AUTH_53b9bcf7d8194db7bd330ca574b5edab/gnocchi.179f2a92-3e14-424f-a629-c213901389dd" 200 2 "GET https://[::1]:8080/v1/AUTH_53b9bcf7d8194db7bd330ca574b5edab/gnocchi.179f2a92-3e14-424f-a629-c213901389dd?format=json&marker=none_v3&states=listing" "txb7d578854f3e41f8b2de1-00692c8ff0" "proxy-server 97815" 0.0019 "-" 96490 0
Nov 30 13:41:52 np0005540255.novalocal proxy-server[97815]: ::1 ::1 30/Nov/2025/18/41/52 GET /v1/AUTH_53b9bcf7d8194db7bd330ca574b5edab/gnocchi.179f2a92-3e14-424f-a629-c213901389dd%3Fformat%3Djson%26marker%3Dnone_v3%26states%3Dlisting HTTP/1.0 200 - python-swiftclient-4.7.0 gAAAAABpLI-56T9k... - 2 - txb7d578854f3e41f8b2de1-00692c8ff0 - 0.0089 - - 1764528112.444198847 1764528112.453137875 0
Nov 30 13:41:52 np0005540255.novalocal object-server[96824]: ::1 - - [30/Nov/2025:18:41:52 +0000] "GET /1/158579/AUTH_53b9bcf7d8194db7bd330ca574b5edab/gnocchi.f75ef159-6eb9-4f0e-b4bf-f90ba2e1a6e1/none_v3" 200 22 "GET https://[::1]:8080/v1/AUTH_53b9bcf7d8194db7bd330ca574b5edab/gnocchi.f75ef159-6eb9-4f0e-b4bf-f90ba2e1a6e1/none_v3" "txdd35d408acb74e4585464-00692c8ff0" "proxy-server 97815" 0.0006 "-" 96824 0
Nov 30 13:41:52 np0005540255.novalocal object-server[96823]: ::1 - - [30/Nov/2025:18:41:52 +0000] "GET /1/14419/AUTH_53b9bcf7d8194db7bd330ca574b5edab/gnocchi.179f2a92-3e14-424f-a629-c213901389dd/1763640000.0_mean_300.0_v3" 200 16 "GET https://[::1]:8080/v1/AUTH_53b9bcf7d8194db7bd330ca574b5edab/gnocchi.179f2a92-3e14-424f-a629-c213901389dd/1763640000.0_mean_300.0_v3" "tx02883bd599034be588c68-00692c8ff0" "proxy-server 97815" 0.0006 "-" 96823 0
Nov 30 13:41:52 np0005540255.novalocal proxy-server[97815]: ::1 ::1 30/Nov/2025/18/41/52 GET /v1/AUTH_53b9bcf7d8194db7bd330ca574b5edab/gnocchi.f75ef159-6eb9-4f0e-b4bf-f90ba2e1a6e1/none_v3 HTTP/1.0 200 - python-swiftclient-4.7.0 gAAAAABpLI-5FlkI... - 22 - txdd35d408acb74e4585464-00692c8ff0 - 0.0109 - - 1764528112.454592943 1764528112.465497017 0
Nov 30 13:41:52 np0005540255.novalocal proxy-server[97815]: ::1 ::1 30/Nov/2025/18/41/52 GET /v1/AUTH_53b9bcf7d8194db7bd330ca574b5edab/gnocchi.179f2a92-3e14-424f-a629-c213901389dd/1763640000.0_mean_300.0_v3 HTTP/1.0 200 - python-swiftclient-4.7.0 gAAAAABpLI-56T9k... - 16 - tx02883bd599034be588c68-00692c8ff0 - 0.0084 - - 1764528112.459166288 1764528112.467532635 0
Nov 30 13:41:52 np0005540255.novalocal container-server[96491]: ::1 - - [30/Nov/2025:18:41:52 +0000] "GET /3/227363/AUTH_53b9bcf7d8194db7bd330ca574b5edab/gnocchi.f75ef159-6eb9-4f0e-b4bf-f90ba2e1a6e1" 200 357 "GET https://[::1]:8080/v1/AUTH_53b9bcf7d8194db7bd330ca574b5edab/gnocchi.f75ef159-6eb9-4f0e-b4bf-f90ba2e1a6e1?format=json&states=listing" "txb9adc66f79f8484990a11-00692c8ff0" "proxy-server 97815" 0.0019 "-" 96491 0
Nov 30 13:41:52 np0005540255.novalocal proxy-server[97815]: ::1 ::1 30/Nov/2025/18/41/52 GET /v1/AUTH_53b9bcf7d8194db7bd330ca574b5edab/gnocchi.f75ef159-6eb9-4f0e-b4bf-f90ba2e1a6e1%3Fformat%3Djson%26states%3Dlisting HTTP/1.0 200 - python-swiftclient-4.7.0 gAAAAABpLI-5FlkI... - 357 - txb9adc66f79f8484990a11-00692c8ff0 - 0.0146 - - 1764528112.468533278 1764528112.483137846 0
Nov 30 13:41:52 np0005540255.novalocal container-server[96490]: ::1 - - [30/Nov/2025:18:41:52 +0000] "GET /2/227363/AUTH_53b9bcf7d8194db7bd330ca574b5edab/gnocchi.f75ef159-6eb9-4f0e-b4bf-f90ba2e1a6e1" 200 2 "GET https://[::1]:8080/v1/AUTH_53b9bcf7d8194db7bd330ca574b5edab/gnocchi.f75ef159-6eb9-4f0e-b4bf-f90ba2e1a6e1?format=json&marker=none_v3&states=listing" "tx891c1ae946d84b48a377f-00692c8ff0" "proxy-server 97815" 0.0019 "-" 96490 0
Nov 30 13:41:52 np0005540255.novalocal proxy-server[97815]: ::1 ::1 30/Nov/2025/18/41/52 GET /v1/AUTH_53b9bcf7d8194db7bd330ca574b5edab/gnocchi.f75ef159-6eb9-4f0e-b4bf-f90ba2e1a6e1%3Fformat%3Djson%26marker%3Dnone_v3%26states%3Dlisting HTTP/1.0 200 - python-swiftclient-4.7.0 gAAAAABpLI-5FlkI... - 2 - tx891c1ae946d84b48a377f-00692c8ff0 - 0.0093 - - 1764528112.485999346 1764528112.495347023 0
Nov 30 13:41:52 np0005540255.novalocal object-server[96823]: ::1 - - [30/Nov/2025:18:41:52 +0000] "GET /2/303/AUTH_53b9bcf7d8194db7bd330ca574b5edab/gnocchi.f75ef159-6eb9-4f0e-b4bf-f90ba2e1a6e1/1763640000.0_mean_300.0_v3" 200 16 "GET https://[::1]:8080/v1/AUTH_53b9bcf7d8194db7bd330ca574b5edab/gnocchi.f75ef159-6eb9-4f0e-b4bf-f90ba2e1a6e1/1763640000.0_mean_300.0_v3" "txce62e2a841ee4147ab631-00692c8ff0" "proxy-server 97815" 0.0005 "-" 96823 0
Nov 30 13:41:52 np0005540255.novalocal container-server[96490]: ::1 - - [30/Nov/2025:18:41:52 +0000] "PUT /1/135816/AUTH_53b9bcf7d8194db7bd330ca574b5edab/gnocchi.179f2a92-3e14-424f-a629-c213901389dd/1763640000.0_mean_300.0_v3" 201 - "PUT http://[::1]:8080/2/14419/AUTH_53b9bcf7d8194db7bd330ca574b5edab/gnocchi.179f2a92-3e14-424f-a629-c213901389dd/1763640000.0_mean_300.0_v3" "txcf1b4eee327d428787315-00692c8ff0" "object-server 96823" 0.0007 "-" 96490 0
Nov 30 13:41:52 np0005540255.novalocal container-server[96491]: ::1 - - [30/Nov/2025:18:41:52 +0000] "PUT /2/135816/AUTH_53b9bcf7d8194db7bd330ca574b5edab/gnocchi.179f2a92-3e14-424f-a629-c213901389dd/1763640000.0_mean_300.0_v3" 201 - "PUT http://[::1]:8080/1/14419/AUTH_53b9bcf7d8194db7bd330ca574b5edab/gnocchi.179f2a92-3e14-424f-a629-c213901389dd/1763640000.0_mean_300.0_v3" "txcf1b4eee327d428787315-00692c8ff0" "object-server 96824" 0.0006 "-" 96491 0
Nov 30 13:41:52 np0005540255.novalocal object-server[96823]: ::1 - - [30/Nov/2025:18:41:52 +0000] "PUT /2/14419/AUTH_53b9bcf7d8194db7bd330ca574b5edab/gnocchi.179f2a92-3e14-424f-a629-c213901389dd/1763640000.0_mean_300.0_v3" 201 - "PUT https://[::1]:8080/v1/AUTH_53b9bcf7d8194db7bd330ca574b5edab/gnocchi.179f2a92-3e14-424f-a629-c213901389dd/1763640000.0_mean_300.0_v3" "txcf1b4eee327d428787315-00692c8ff0" "proxy-server 97815" 0.0238 "-" 96823 0
Nov 30 13:41:52 np0005540255.novalocal object-server[96824]: ::1 - - [30/Nov/2025:18:41:52 +0000] "PUT /1/14419/AUTH_53b9bcf7d8194db7bd330ca574b5edab/gnocchi.179f2a92-3e14-424f-a629-c213901389dd/1763640000.0_mean_300.0_v3" 201 - "PUT https://[::1]:8080/v1/AUTH_53b9bcf7d8194db7bd330ca574b5edab/gnocchi.179f2a92-3e14-424f-a629-c213901389dd/1763640000.0_mean_300.0_v3" "txcf1b4eee327d428787315-00692c8ff0" "proxy-server 97815" 0.0232 "-" 96824 0
Nov 30 13:41:52 np0005540255.novalocal container-server[96491]: ::1 - - [30/Nov/2025:18:41:52 +0000] "PUT /3/135816/AUTH_53b9bcf7d8194db7bd330ca574b5edab/gnocchi.179f2a92-3e14-424f-a629-c213901389dd/1763640000.0_mean_300.0_v3" 201 - "PUT http://[::1]:8080/3/14419/AUTH_53b9bcf7d8194db7bd330ca574b5edab/gnocchi.179f2a92-3e14-424f-a629-c213901389dd/1763640000.0_mean_300.0_v3" "txcf1b4eee327d428787315-00692c8ff0" "object-server 96824" 0.0004 "-" 96491 0
Nov 30 13:41:52 np0005540255.novalocal proxy-server[97815]: ::1 ::1 30/Nov/2025/18/41/52 GET /v1/AUTH_53b9bcf7d8194db7bd330ca574b5edab/gnocchi.f75ef159-6eb9-4f0e-b4bf-f90ba2e1a6e1/1763640000.0_mean_300.0_v3 HTTP/1.0 200 - python-swiftclient-4.7.0 gAAAAABpLI-5FlkI... - 16 - txce62e2a841ee4147ab631-00692c8ff0 - 0.0077 - - 1764528112.497989178 1764528112.505639315 0
Nov 30 13:41:52 np0005540255.novalocal object-server[96824]: ::1 - - [30/Nov/2025:18:41:52 +0000] "PUT /3/14419/AUTH_53b9bcf7d8194db7bd330ca574b5edab/gnocchi.179f2a92-3e14-424f-a629-c213901389dd/1763640000.0_mean_300.0_v3" 201 - "PUT https://[::1]:8080/v1/AUTH_53b9bcf7d8194db7bd330ca574b5edab/gnocchi.179f2a92-3e14-424f-a629-c213901389dd/1763640000.0_mean_300.0_v3" "txcf1b4eee327d428787315-00692c8ff0" "proxy-server 97815" 0.0259 "-" 96824 0
Nov 30 13:41:52 np0005540255.novalocal proxy-server[97815]: ::1 ::1 30/Nov/2025/18/41/52 PUT /v1/AUTH_53b9bcf7d8194db7bd330ca574b5edab/gnocchi.179f2a92-3e14-424f-a629-c213901389dd/1763640000.0_mean_300.0_v3 HTTP/1.0 201 - python-swiftclient-4.7.0 gAAAAABpLI-56T9k... 16 - - txcf1b4eee327d428787315-00692c8ff0 - 0.0351 - - 1764528112.472739935 1764528112.507792473 0
Nov 30 13:41:52 np0005540255.novalocal container-server[96491]: ::1 - - [30/Nov/2025:18:41:52 +0000] "PUT /2/227363/AUTH_53b9bcf7d8194db7bd330ca574b5edab/gnocchi.f75ef159-6eb9-4f0e-b4bf-f90ba2e1a6e1/1763640000.0_mean_300.0_v3" 201 - "PUT http://[::1]:8080/1/303/AUTH_53b9bcf7d8194db7bd330ca574b5edab/gnocchi.f75ef159-6eb9-4f0e-b4bf-f90ba2e1a6e1/1763640000.0_mean_300.0_v3" "txc888bb2c4fe54ea5b194e-00692c8ff0" "object-server 96824" 0.0006 "-" 96491 0
Nov 30 13:41:52 np0005540255.novalocal object-server[96824]: ::1 - - [30/Nov/2025:18:41:52 +0000] "PUT /1/303/AUTH_53b9bcf7d8194db7bd330ca574b5edab/gnocchi.f75ef159-6eb9-4f0e-b4bf-f90ba2e1a6e1/1763640000.0_mean_300.0_v3" 201 - "PUT https://[::1]:8080/v1/AUTH_53b9bcf7d8194db7bd330ca574b5edab/gnocchi.f75ef159-6eb9-4f0e-b4bf-f90ba2e1a6e1/1763640000.0_mean_300.0_v3" "txc888bb2c4fe54ea5b194e-00692c8ff0" "proxy-server 97815" 0.0145 "-" 96824 0
Nov 30 13:41:52 np0005540255.novalocal container-server[96491]: ::1 - - [30/Nov/2025:18:41:52 +0000] "PUT /1/227363/AUTH_53b9bcf7d8194db7bd330ca574b5edab/gnocchi.f75ef159-6eb9-4f0e-b4bf-f90ba2e1a6e1/1763640000.0_mean_300.0_v3" 201 - "PUT http://[::1]:8080/2/303/AUTH_53b9bcf7d8194db7bd330ca574b5edab/gnocchi.f75ef159-6eb9-4f0e-b4bf-f90ba2e1a6e1/1763640000.0_mean_300.0_v3" "txc888bb2c4fe54ea5b194e-00692c8ff0" "object-server 96824" 0.0004 "-" 96491 0
Nov 30 13:41:52 np0005540255.novalocal object-server[96824]: ::1 - - [30/Nov/2025:18:41:52 +0000] "PUT /2/303/AUTH_53b9bcf7d8194db7bd330ca574b5edab/gnocchi.f75ef159-6eb9-4f0e-b4bf-f90ba2e1a6e1/1763640000.0_mean_300.0_v3" 201 - "PUT https://[::1]:8080/v1/AUTH_53b9bcf7d8194db7bd330ca574b5edab/gnocchi.f75ef159-6eb9-4f0e-b4bf-f90ba2e1a6e1/1763640000.0_mean_300.0_v3" "txc888bb2c4fe54ea5b194e-00692c8ff0" "proxy-server 97815" 0.0144 "-" 96824 0
Nov 30 13:41:52 np0005540255.novalocal container-server[96491]: ::1 - - [30/Nov/2025:18:41:52 +0000] "PUT /3/227363/AUTH_53b9bcf7d8194db7bd330ca574b5edab/gnocchi.f75ef159-6eb9-4f0e-b4bf-f90ba2e1a6e1/1763640000.0_mean_300.0_v3" 201 - "PUT http://[::1]:8080/3/303/AUTH_53b9bcf7d8194db7bd330ca574b5edab/gnocchi.f75ef159-6eb9-4f0e-b4bf-f90ba2e1a6e1/1763640000.0_mean_300.0_v3" "txc888bb2c4fe54ea5b194e-00692c8ff0" "object-server 96823" 0.0004 "-" 96491 0
Nov 30 13:41:52 np0005540255.novalocal object-server[96823]: ::1 - - [30/Nov/2025:18:41:52 +0000] "PUT /3/303/AUTH_53b9bcf7d8194db7bd330ca574b5edab/gnocchi.f75ef159-6eb9-4f0e-b4bf-f90ba2e1a6e1/1763640000.0_mean_300.0_v3" 201 - "PUT https://[::1]:8080/v1/AUTH_53b9bcf7d8194db7bd330ca574b5edab/gnocchi.f75ef159-6eb9-4f0e-b4bf-f90ba2e1a6e1/1763640000.0_mean_300.0_v3" "txc888bb2c4fe54ea5b194e-00692c8ff0" "proxy-server 97815" 0.0168 "-" 96823 0
Nov 30 13:41:52 np0005540255.novalocal proxy-server[97815]: ::1 ::1 30/Nov/2025/18/41/52 PUT /v1/AUTH_53b9bcf7d8194db7bd330ca574b5edab/gnocchi.f75ef159-6eb9-4f0e-b4bf-f90ba2e1a6e1/1763640000.0_mean_300.0_v3 HTTP/1.0 201 - python-swiftclient-4.7.0 gAAAAABpLI-5FlkI... 16 - - txc888bb2c4fe54ea5b194e-00692c8ff0 - 0.0256 - - 1764528112.509107828 1764528112.534689426 0
Nov 30 13:41:52 np0005540255.novalocal container-server[96491]: ::1 - - [30/Nov/2025:18:41:52 +0000] "PUT /2/135816/AUTH_53b9bcf7d8194db7bd330ca574b5edab/gnocchi.179f2a92-3e14-424f-a629-c213901389dd/none_v3" 201 - "PUT http://[::1]:8080/1/219575/AUTH_53b9bcf7d8194db7bd330ca574b5edab/gnocchi.179f2a92-3e14-424f-a629-c213901389dd/none_v3" "txf49ecf7c8c23435893096-00692c8ff0" "object-server 96823" 0.0010 "-" 96491 0
Nov 30 13:41:52 np0005540255.novalocal object-server[96823]: ::1 - - [30/Nov/2025:18:41:52 +0000] "PUT /1/219575/AUTH_53b9bcf7d8194db7bd330ca574b5edab/gnocchi.179f2a92-3e14-424f-a629-c213901389dd/none_v3" 201 - "PUT https://[::1]:8080/v1/AUTH_53b9bcf7d8194db7bd330ca574b5edab/gnocchi.179f2a92-3e14-424f-a629-c213901389dd/none_v3" "txf49ecf7c8c23435893096-00692c8ff0" "proxy-server 97815" 0.1262 "-" 96823 0
Nov 30 13:41:52 np0005540255.novalocal container-server[96490]: ::1 - - [30/Nov/2025:18:41:52 +0000] "PUT /2/227363/AUTH_53b9bcf7d8194db7bd330ca574b5edab/gnocchi.f75ef159-6eb9-4f0e-b4bf-f90ba2e1a6e1/none_v3" 201 - "PUT http://[::1]:8080/3/158579/AUTH_53b9bcf7d8194db7bd330ca574b5edab/gnocchi.f75ef159-6eb9-4f0e-b4bf-f90ba2e1a6e1/none_v3" "txf32defa1c29541be8d42d-00692c8ff0" "object-server 96823" 0.0009 "-" 96490 0
Nov 30 13:41:52 np0005540255.novalocal object-server[96823]: ::1 - - [30/Nov/2025:18:41:52 +0000] "PUT /3/158579/AUTH_53b9bcf7d8194db7bd330ca574b5edab/gnocchi.f75ef159-6eb9-4f0e-b4bf-f90ba2e1a6e1/none_v3" 201 - "PUT https://[::1]:8080/v1/AUTH_53b9bcf7d8194db7bd330ca574b5edab/gnocchi.f75ef159-6eb9-4f0e-b4bf-f90ba2e1a6e1/none_v3" "txf32defa1c29541be8d42d-00692c8ff0" "proxy-server 97815" 0.1084 "-" 96823 0
Nov 30 13:41:52 np0005540255.novalocal container-server[96491]: ::1 - - [30/Nov/2025:18:41:52 +0000] "PUT /3/227363/AUTH_53b9bcf7d8194db7bd330ca574b5edab/gnocchi.f75ef159-6eb9-4f0e-b4bf-f90ba2e1a6e1/none_v3" 201 - "PUT http://[::1]:8080/1/158579/AUTH_53b9bcf7d8194db7bd330ca574b5edab/gnocchi.f75ef159-6eb9-4f0e-b4bf-f90ba2e1a6e1/none_v3" "txf32defa1c29541be8d42d-00692c8ff0" "object-server 96823" 0.0020 "-" 96491 0
Nov 30 13:41:52 np0005540255.novalocal object-server[96823]: ::1 - - [30/Nov/2025:18:41:52 +0000] "PUT /1/158579/AUTH_53b9bcf7d8194db7bd330ca574b5edab/gnocchi.f75ef159-6eb9-4f0e-b4bf-f90ba2e1a6e1/none_v3" 201 - "PUT https://[::1]:8080/v1/AUTH_53b9bcf7d8194db7bd330ca574b5edab/gnocchi.f75ef159-6eb9-4f0e-b4bf-f90ba2e1a6e1/none_v3" "txf32defa1c29541be8d42d-00692c8ff0" "proxy-server 97815" 0.1126 "-" 96823 0
Nov 30 13:41:52 np0005540255.novalocal container-server[96490]: ::1 - - [30/Nov/2025:18:41:52 +0000] "PUT /3/135816/AUTH_53b9bcf7d8194db7bd330ca574b5edab/gnocchi.179f2a92-3e14-424f-a629-c213901389dd/none_v3" 201 - "PUT http://[::1]:8080/2/219575/AUTH_53b9bcf7d8194db7bd330ca574b5edab/gnocchi.179f2a92-3e14-424f-a629-c213901389dd/none_v3" "txf49ecf7c8c23435893096-00692c8ff0" "object-server 96824" 0.0005 "-" 96490 0
Nov 30 13:41:52 np0005540255.novalocal container-server[96490]: ::1 - - [30/Nov/2025:18:41:52 +0000] "PUT /1/227363/AUTH_53b9bcf7d8194db7bd330ca574b5edab/gnocchi.f75ef159-6eb9-4f0e-b4bf-f90ba2e1a6e1/none_v3" 201 - "PUT http://[::1]:8080/2/158579/AUTH_53b9bcf7d8194db7bd330ca574b5edab/gnocchi.f75ef159-6eb9-4f0e-b4bf-f90ba2e1a6e1/none_v3" "txf32defa1c29541be8d42d-00692c8ff0" "object-server 96824" 0.0003 "-" 96490 0
Nov 30 13:41:52 np0005540255.novalocal object-server[96824]: ::1 - - [30/Nov/2025:18:41:52 +0000] "PUT /2/219575/AUTH_53b9bcf7d8194db7bd330ca574b5edab/gnocchi.179f2a92-3e14-424f-a629-c213901389dd/none_v3" 201 - "PUT https://[::1]:8080/v1/AUTH_53b9bcf7d8194db7bd330ca574b5edab/gnocchi.179f2a92-3e14-424f-a629-c213901389dd/none_v3" "txf49ecf7c8c23435893096-00692c8ff0" "proxy-server 97815" 0.1330 "-" 96824 0
Nov 30 13:41:52 np0005540255.novalocal object-server[96824]: ::1 - - [30/Nov/2025:18:41:52 +0000] "PUT /2/158579/AUTH_53b9bcf7d8194db7bd330ca574b5edab/gnocchi.f75ef159-6eb9-4f0e-b4bf-f90ba2e1a6e1/none_v3" 201 - "PUT https://[::1]:8080/v1/AUTH_53b9bcf7d8194db7bd330ca574b5edab/gnocchi.f75ef159-6eb9-4f0e-b4bf-f90ba2e1a6e1/none_v3" "txf32defa1c29541be8d42d-00692c8ff0" "proxy-server 97815" 0.1152 "-" 96824 0
Nov 30 13:41:52 np0005540255.novalocal proxy-server[97815]: ::1 ::1 30/Nov/2025/18/41/52 PUT /v1/AUTH_53b9bcf7d8194db7bd330ca574b5edab/gnocchi.f75ef159-6eb9-4f0e-b4bf-f90ba2e1a6e1/none_v3 HTTP/1.0 201 - python-swiftclient-4.7.0 gAAAAABpLI-5FlkI... 27 - - txf32defa1c29541be8d42d-00692c8ff0 - 0.1214 - - 1764528112.537162781 1764528112.658541679 0
Nov 30 13:41:52 np0005540255.novalocal container-server[96491]: ::1 - - [30/Nov/2025:18:41:52 +0000] "PUT /1/135816/AUTH_53b9bcf7d8194db7bd330ca574b5edab/gnocchi.179f2a92-3e14-424f-a629-c213901389dd/none_v3" 201 - "PUT http://[::1]:8080/3/219575/AUTH_53b9bcf7d8194db7bd330ca574b5edab/gnocchi.179f2a92-3e14-424f-a629-c213901389dd/none_v3" "txf49ecf7c8c23435893096-00692c8ff0" "object-server 96824" 0.0011 "-" 96491 0
Nov 30 13:41:52 np0005540255.novalocal object-server[96824]: ::1 - - [30/Nov/2025:18:41:52 +0000] "PUT /3/219575/AUTH_53b9bcf7d8194db7bd330ca574b5edab/gnocchi.179f2a92-3e14-424f-a629-c213901389dd/none_v3" 201 - "PUT https://[::1]:8080/v1/AUTH_53b9bcf7d8194db7bd330ca574b5edab/gnocchi.179f2a92-3e14-424f-a629-c213901389dd/none_v3" "txf49ecf7c8c23435893096-00692c8ff0" "proxy-server 97815" 0.1414 "-" 96824 0
Nov 30 13:41:52 np0005540255.novalocal proxy-server[97815]: ::1 ::1 30/Nov/2025/18/41/52 PUT /v1/AUTH_53b9bcf7d8194db7bd330ca574b5edab/gnocchi.179f2a92-3e14-424f-a629-c213901389dd/none_v3 HTTP/1.0 201 - python-swiftclient-4.7.0 gAAAAABpLI-56T9k... 31 - - txf49ecf7c8c23435893096-00692c8ff0 - 0.1573 - - 1764528112.510796785 1764528112.668081522 0
Nov 30 13:41:52 np0005540255.novalocal object-server[96823]: ::1 - - [30/Nov/2025:18:41:52 +0000] "GET /2/234604/AUTH_53b9bcf7d8194db7bd330ca574b5edab/gnocchi.4fc51bda-7252-4dbf-ac60-a9190663cc7f/none_v3" 200 22 "GET https://[::1]:8080/v1/AUTH_53b9bcf7d8194db7bd330ca574b5edab/gnocchi.4fc51bda-7252-4dbf-ac60-a9190663cc7f/none_v3" "tx34a490f5ce3d4409b0b67-00692c8ff0" "proxy-server 97815" 0.0009 "-" 96823 0
Nov 30 13:41:52 np0005540255.novalocal proxy-server[97815]: ::1 ::1 30/Nov/2025/18/41/52 GET /v1/AUTH_53b9bcf7d8194db7bd330ca574b5edab/gnocchi.4fc51bda-7252-4dbf-ac60-a9190663cc7f/none_v3 HTTP/1.0 200 - python-swiftclient-4.7.0 gAAAAABpLI-5FlkI... - 22 - tx34a490f5ce3d4409b0b67-00692c8ff0 - 0.0077 - - 1764528112.716279745 1764528112.724015474 0
Nov 30 13:41:52 np0005540255.novalocal container-server[96490]: ::1 - - [30/Nov/2025:18:41:52 +0000] "GET /1/193463/AUTH_53b9bcf7d8194db7bd330ca574b5edab/gnocchi.4fc51bda-7252-4dbf-ac60-a9190663cc7f" 200 357 "GET https://[::1]:8080/v1/AUTH_53b9bcf7d8194db7bd330ca574b5edab/gnocchi.4fc51bda-7252-4dbf-ac60-a9190663cc7f?format=json&states=listing" "txc31afc6a45cc4e61b3a45-00692c8ff0" "proxy-server 97815" 0.0034 "-" 96490 0
Nov 30 13:41:52 np0005540255.novalocal proxy-server[97815]: ::1 ::1 30/Nov/2025/18/41/52 GET /v1/AUTH_53b9bcf7d8194db7bd330ca574b5edab/gnocchi.4fc51bda-7252-4dbf-ac60-a9190663cc7f%3Fformat%3Djson%26states%3Dlisting HTTP/1.0 200 - python-swiftclient-4.7.0 gAAAAABpLI-5FlkI... - 357 - txc31afc6a45cc4e61b3a45-00692c8ff0 - 0.0107 - - 1764528112.727780342 1764528112.738518715 0
Nov 30 13:41:52 np0005540255.novalocal container-server[96491]: ::1 - - [30/Nov/2025:18:41:52 +0000] "GET /2/193463/AUTH_53b9bcf7d8194db7bd330ca574b5edab/gnocchi.4fc51bda-7252-4dbf-ac60-a9190663cc7f" 200 2 "GET https://[::1]:8080/v1/AUTH_53b9bcf7d8194db7bd330ca574b5edab/gnocchi.4fc51bda-7252-4dbf-ac60-a9190663cc7f?format=json&marker=none_v3&states=listing" "txa6c92d1876cd4c54a7ba4-00692c8ff0" "proxy-server 97815" 0.0018 "-" 96491 0
Nov 30 13:41:52 np0005540255.novalocal proxy-server[97815]: ::1 ::1 30/Nov/2025/18/41/52 GET /v1/AUTH_53b9bcf7d8194db7bd330ca574b5edab/gnocchi.4fc51bda-7252-4dbf-ac60-a9190663cc7f%3Fformat%3Djson%26marker%3Dnone_v3%26states%3Dlisting HTTP/1.0 200 - python-swiftclient-4.7.0 gAAAAABpLI-5FlkI... - 2 - txa6c92d1876cd4c54a7ba4-00692c8ff0 - 0.0090 - - 1764528112.741393805 1764528112.750434875 0
Nov 30 13:41:52 np0005540255.novalocal object-server[96824]: ::1 - - [30/Nov/2025:18:41:52 +0000] "GET /2/49572/AUTH_53b9bcf7d8194db7bd330ca574b5edab/gnocchi.4fc51bda-7252-4dbf-ac60-a9190663cc7f/1763640000.0_mean_300.0_v3" 200 16 "GET https://[::1]:8080/v1/AUTH_53b9bcf7d8194db7bd330ca574b5edab/gnocchi.4fc51bda-7252-4dbf-ac60-a9190663cc7f/1763640000.0_mean_300.0_v3" "txdfa06b0b17ce406982195-00692c8ff0" "proxy-server 97815" 0.0007 "-" 96824 0
Nov 30 13:41:52 np0005540255.novalocal proxy-server[97815]: ::1 ::1 30/Nov/2025/18/41/52 GET /v1/AUTH_53b9bcf7d8194db7bd330ca574b5edab/gnocchi.4fc51bda-7252-4dbf-ac60-a9190663cc7f/1763640000.0_mean_300.0_v3 HTTP/1.0 200 - python-swiftclient-4.7.0 gAAAAABpLI-5FlkI... - 16 - txdfa06b0b17ce406982195-00692c8ff0 - 0.0067 - - 1764528112.755300283 1764528112.762013197 0
Nov 30 13:41:52 np0005540255.novalocal container-server[96491]: ::1 - - [30/Nov/2025:18:41:52 +0000] "PUT /1/193463/AUTH_53b9bcf7d8194db7bd330ca574b5edab/gnocchi.4fc51bda-7252-4dbf-ac60-a9190663cc7f/1763640000.0_mean_300.0_v3" 201 - "PUT http://[::1]:8080/1/49572/AUTH_53b9bcf7d8194db7bd330ca574b5edab/gnocchi.4fc51bda-7252-4dbf-ac60-a9190663cc7f/1763640000.0_mean_300.0_v3" "tx67c96f710e964f7eae90c-00692c8ff0" "object-server 96823" 0.0005 "-" 96491 0
Nov 30 13:41:52 np0005540255.novalocal container-server[96490]: ::1 - - [30/Nov/2025:18:41:52 +0000] "PUT /3/193463/AUTH_53b9bcf7d8194db7bd330ca574b5edab/gnocchi.4fc51bda-7252-4dbf-ac60-a9190663cc7f/1763640000.0_mean_300.0_v3" 201 - "PUT http://[::1]:8080/3/49572/AUTH_53b9bcf7d8194db7bd330ca574b5edab/gnocchi.4fc51bda-7252-4dbf-ac60-a9190663cc7f/1763640000.0_mean_300.0_v3" "tx67c96f710e964f7eae90c-00692c8ff0" "object-server 96824" 0.0004 "-" 96490 0
Nov 30 13:41:52 np0005540255.novalocal object-server[96823]: ::1 - - [30/Nov/2025:18:41:52 +0000] "PUT /1/49572/AUTH_53b9bcf7d8194db7bd330ca574b5edab/gnocchi.4fc51bda-7252-4dbf-ac60-a9190663cc7f/1763640000.0_mean_300.0_v3" 201 - "PUT https://[::1]:8080/v1/AUTH_53b9bcf7d8194db7bd330ca574b5edab/gnocchi.4fc51bda-7252-4dbf-ac60-a9190663cc7f/1763640000.0_mean_300.0_v3" "tx67c96f710e964f7eae90c-00692c8ff0" "proxy-server 97815" 0.0093 "-" 96823 0
Nov 30 13:41:52 np0005540255.novalocal object-server[96824]: ::1 - - [30/Nov/2025:18:41:52 +0000] "PUT /3/49572/AUTH_53b9bcf7d8194db7bd330ca574b5edab/gnocchi.4fc51bda-7252-4dbf-ac60-a9190663cc7f/1763640000.0_mean_300.0_v3" 201 - "PUT https://[::1]:8080/v1/AUTH_53b9bcf7d8194db7bd330ca574b5edab/gnocchi.4fc51bda-7252-4dbf-ac60-a9190663cc7f/1763640000.0_mean_300.0_v3" "tx67c96f710e964f7eae90c-00692c8ff0" "proxy-server 97815" 0.0090 "-" 96824 0
Nov 30 13:41:52 np0005540255.novalocal container-server[96490]: ::1 - - [30/Nov/2025:18:41:52 +0000] "PUT /2/193463/AUTH_53b9bcf7d8194db7bd330ca574b5edab/gnocchi.4fc51bda-7252-4dbf-ac60-a9190663cc7f/1763640000.0_mean_300.0_v3" 201 - "PUT http://[::1]:8080/2/49572/AUTH_53b9bcf7d8194db7bd330ca574b5edab/gnocchi.4fc51bda-7252-4dbf-ac60-a9190663cc7f/1763640000.0_mean_300.0_v3" "tx67c96f710e964f7eae90c-00692c8ff0" "object-server 96824" 0.0003 "-" 96490 0
Nov 30 13:41:52 np0005540255.novalocal object-server[96824]: ::1 - - [30/Nov/2025:18:41:52 +0000] "PUT /2/49572/AUTH_53b9bcf7d8194db7bd330ca574b5edab/gnocchi.4fc51bda-7252-4dbf-ac60-a9190663cc7f/1763640000.0_mean_300.0_v3" 201 - "PUT https://[::1]:8080/v1/AUTH_53b9bcf7d8194db7bd330ca574b5edab/gnocchi.4fc51bda-7252-4dbf-ac60-a9190663cc7f/1763640000.0_mean_300.0_v3" "tx67c96f710e964f7eae90c-00692c8ff0" "proxy-server 97815" 0.0111 "-" 96824 0
Nov 30 13:41:52 np0005540255.novalocal proxy-server[97815]: ::1 ::1 30/Nov/2025/18/41/52 PUT /v1/AUTH_53b9bcf7d8194db7bd330ca574b5edab/gnocchi.4fc51bda-7252-4dbf-ac60-a9190663cc7f/1763640000.0_mean_300.0_v3 HTTP/1.0 201 - python-swiftclient-4.7.0 gAAAAABpLI-5FlkI... 16 - - tx67c96f710e964f7eae90c-00692c8ff0 - 0.0179 - - 1764528112.765053749 1764528112.782971382 0
Nov 30 13:41:52 np0005540255.novalocal container-server[96490]: ::1 - - [30/Nov/2025:18:41:52 +0000] "PUT /3/193463/AUTH_53b9bcf7d8194db7bd330ca574b5edab/gnocchi.4fc51bda-7252-4dbf-ac60-a9190663cc7f/none_v3" 201 - "PUT http://[::1]:8080/3/234604/AUTH_53b9bcf7d8194db7bd330ca574b5edab/gnocchi.4fc51bda-7252-4dbf-ac60-a9190663cc7f/none_v3" "txb4150cefe8b24de5a548d-00692c8ff0" "object-server 96824" 0.0006 "-" 96490 0
Nov 30 13:41:52 np0005540255.novalocal object-server[96824]: ::1 - - [30/Nov/2025:18:41:52 +0000] "PUT /3/234604/AUTH_53b9bcf7d8194db7bd330ca574b5edab/gnocchi.4fc51bda-7252-4dbf-ac60-a9190663cc7f/none_v3" 201 - "PUT https://[::1]:8080/v1/AUTH_53b9bcf7d8194db7bd330ca574b5edab/gnocchi.4fc51bda-7252-4dbf-ac60-a9190663cc7f/none_v3" "txb4150cefe8b24de5a548d-00692c8ff0" "proxy-server 97815" 0.0411 "-" 96824 0
Nov 30 13:41:52 np0005540255.novalocal container-server[96490]: ::1 - - [30/Nov/2025:18:41:52 +0000] "PUT /2/193463/AUTH_53b9bcf7d8194db7bd330ca574b5edab/gnocchi.4fc51bda-7252-4dbf-ac60-a9190663cc7f/none_v3" 201 - "PUT http://[::1]:8080/1/234604/AUTH_53b9bcf7d8194db7bd330ca574b5edab/gnocchi.4fc51bda-7252-4dbf-ac60-a9190663cc7f/none_v3" "txb4150cefe8b24de5a548d-00692c8ff0" "object-server 96823" 0.0004 "-" 96490 0
Nov 30 13:41:52 np0005540255.novalocal container-server[96490]: ::1 - - [30/Nov/2025:18:41:52 +0000] "PUT /1/193463/AUTH_53b9bcf7d8194db7bd330ca574b5edab/gnocchi.4fc51bda-7252-4dbf-ac60-a9190663cc7f/none_v3" 201 - "PUT http://[::1]:8080/2/234604/AUTH_53b9bcf7d8194db7bd330ca574b5edab/gnocchi.4fc51bda-7252-4dbf-ac60-a9190663cc7f/none_v3" "txb4150cefe8b24de5a548d-00692c8ff0" "object-server 96824" 0.0004 "-" 96490 0
Nov 30 13:41:52 np0005540255.novalocal object-server[96823]: ::1 - - [30/Nov/2025:18:41:52 +0000] "PUT /1/234604/AUTH_53b9bcf7d8194db7bd330ca574b5edab/gnocchi.4fc51bda-7252-4dbf-ac60-a9190663cc7f/none_v3" 201 - "PUT https://[::1]:8080/v1/AUTH_53b9bcf7d8194db7bd330ca574b5edab/gnocchi.4fc51bda-7252-4dbf-ac60-a9190663cc7f/none_v3" "txb4150cefe8b24de5a548d-00692c8ff0" "proxy-server 97815" 0.0426 "-" 96823 0
Nov 30 13:41:52 np0005540255.novalocal object-server[96824]: ::1 - - [30/Nov/2025:18:41:52 +0000] "PUT /2/234604/AUTH_53b9bcf7d8194db7bd330ca574b5edab/gnocchi.4fc51bda-7252-4dbf-ac60-a9190663cc7f/none_v3" 201 - "PUT https://[::1]:8080/v1/AUTH_53b9bcf7d8194db7bd330ca574b5edab/gnocchi.4fc51bda-7252-4dbf-ac60-a9190663cc7f/none_v3" "txb4150cefe8b24de5a548d-00692c8ff0" "proxy-server 97815" 0.0427 "-" 96824 0
Nov 30 13:41:52 np0005540255.novalocal proxy-server[97815]: ::1 ::1 30/Nov/2025/18/41/52 PUT /v1/AUTH_53b9bcf7d8194db7bd330ca574b5edab/gnocchi.4fc51bda-7252-4dbf-ac60-a9190663cc7f/none_v3 HTTP/1.0 201 - python-swiftclient-4.7.0 gAAAAABpLI-5FlkI... 32 - - txb4150cefe8b24de5a548d-00692c8ff0 - 0.0508 - - 1764528112.785597324 1764528112.836404324 0
Nov 30 13:41:53 np0005540255.novalocal systemd[1]: NetworkManager-dispatcher.service: Deactivated successfully.
Nov 30 13:41:57 np0005540255.novalocal object-server[96824]: ::1 - - [30/Nov/2025:18:41:57 +0000] "GET /1/227740/AUTH_53b9bcf7d8194db7bd330ca574b5edab/gnocchi.711d3b8e-1332-4e52-836b-5353cdd29032/none_v3" 200 32 "GET https://[::1]:8080/v1/AUTH_53b9bcf7d8194db7bd330ca574b5edab/gnocchi.711d3b8e-1332-4e52-836b-5353cdd29032/none_v3" "tx2cdd2ae9fa3a4e0587c0b-00692c8ff5" "proxy-server 97815" 0.0014 "-" 96824 0
Nov 30 13:41:57 np0005540255.novalocal proxy-server[97815]: ::1 ::1 30/Nov/2025/18/41/57 GET /v1/AUTH_53b9bcf7d8194db7bd330ca574b5edab/gnocchi.711d3b8e-1332-4e52-836b-5353cdd29032/none_v3 HTTP/1.0 200 - python-swiftclient-4.7.0 gAAAAABpLI-56T9k... - 32 - tx2cdd2ae9fa3a4e0587c0b-00692c8ff5 - 0.0105 - - 1764528117.229756594 1764528117.240235329 0
Nov 30 13:41:57 np0005540255.novalocal container-server[96490]: ::1 - - [30/Nov/2025:18:41:57 +0000] "GET /1/220870/AUTH_53b9bcf7d8194db7bd330ca574b5edab/gnocchi.711d3b8e-1332-4e52-836b-5353cdd29032" 200 357 "GET https://[::1]:8080/v1/AUTH_53b9bcf7d8194db7bd330ca574b5edab/gnocchi.711d3b8e-1332-4e52-836b-5353cdd29032?format=json&states=listing" "tx78ba90fcdbe4458298b86-00692c8ff5" "proxy-server 97815" 0.0273 "-" 96490 0
Nov 30 13:41:57 np0005540255.novalocal proxy-server[97815]: ::1 ::1 30/Nov/2025/18/41/57 GET /v1/AUTH_53b9bcf7d8194db7bd330ca574b5edab/gnocchi.711d3b8e-1332-4e52-836b-5353cdd29032%3Fformat%3Djson%26states%3Dlisting HTTP/1.0 200 - python-swiftclient-4.7.0 gAAAAABpLI-56T9k... - 357 - tx78ba90fcdbe4458298b86-00692c8ff5 - 0.0375 - - 1764528117.243661642 1764528117.281176567 0
Nov 30 13:41:57 np0005540255.novalocal container-server[96490]: ::1 - - [30/Nov/2025:18:41:57 +0000] "GET /3/220870/AUTH_53b9bcf7d8194db7bd330ca574b5edab/gnocchi.711d3b8e-1332-4e52-836b-5353cdd29032" 200 2 "GET https://[::1]:8080/v1/AUTH_53b9bcf7d8194db7bd330ca574b5edab/gnocchi.711d3b8e-1332-4e52-836b-5353cdd29032?format=json&marker=none_v3&states=listing" "tx2960641f83eb45f8bdfcb-00692c8ff5" "proxy-server 97815" 0.0157 "-" 96490 0
Nov 30 13:41:57 np0005540255.novalocal proxy-server[97815]: ::1 ::1 30/Nov/2025/18/41/57 GET /v1/AUTH_53b9bcf7d8194db7bd330ca574b5edab/gnocchi.711d3b8e-1332-4e52-836b-5353cdd29032%3Fformat%3Djson%26marker%3Dnone_v3%26states%3Dlisting HTTP/1.0 200 - python-swiftclient-4.7.0 gAAAAABpLI-56T9k... - 2 - tx2960641f83eb45f8bdfcb-00692c8ff5 - 0.0310 - - 1764528117.284897804 1764528117.315852880 0
Nov 30 13:41:57 np0005540255.novalocal object-server[96823]: ::1 - - [30/Nov/2025:18:41:57 +0000] "GET /3/125240/AUTH_53b9bcf7d8194db7bd330ca574b5edab/gnocchi.711d3b8e-1332-4e52-836b-5353cdd29032/1763640000.0_mean_300.0_v3" 200 16 "GET https://[::1]:8080/v1/AUTH_53b9bcf7d8194db7bd330ca574b5edab/gnocchi.711d3b8e-1332-4e52-836b-5353cdd29032/1763640000.0_mean_300.0_v3" "txe55b66aa92e1460b8c7f7-00692c8ff5" "proxy-server 97815" 0.0007 "-" 96823 0
Nov 30 13:41:57 np0005540255.novalocal object-server[96823]: ::1 - - [30/Nov/2025:18:41:57 +0000] "GET /3/219575/AUTH_53b9bcf7d8194db7bd330ca574b5edab/gnocchi.179f2a92-3e14-424f-a629-c213901389dd/none_v3" 200 31 "GET https://[::1]:8080/v1/AUTH_53b9bcf7d8194db7bd330ca574b5edab/gnocchi.179f2a92-3e14-424f-a629-c213901389dd/none_v3" "tx69c1d3b568b5481ca56a4-00692c8ff5" "proxy-server 97815" 0.0005 "-" 96823 0
Nov 30 13:41:57 np0005540255.novalocal proxy-server[97815]: ::1 ::1 30/Nov/2025/18/41/57 GET /v1/AUTH_53b9bcf7d8194db7bd330ca574b5edab/gnocchi.711d3b8e-1332-4e52-836b-5353cdd29032/1763640000.0_mean_300.0_v3 HTTP/1.0 200 - python-swiftclient-4.7.0 gAAAAABpLI-56T9k... - 16 - txe55b66aa92e1460b8c7f7-00692c8ff5 - 0.0133 - - 1764528117.322186708 1764528117.335480213 0
Nov 30 13:41:57 np0005540255.novalocal proxy-server[97815]: ::1 ::1 30/Nov/2025/18/41/57 GET /v1/AUTH_53b9bcf7d8194db7bd330ca574b5edab/gnocchi.179f2a92-3e14-424f-a629-c213901389dd/none_v3 HTTP/1.0 200 - python-swiftclient-4.7.0 gAAAAABpLI-5FlkI... - 31 - tx69c1d3b568b5481ca56a4-00692c8ff5 - 0.0157 - - 1764528117.323322535 1764528117.339058638 0
Nov 30 13:41:57 np0005540255.novalocal container-server[96491]: ::1 - - [30/Nov/2025:18:41:57 +0000] "GET /3/135816/AUTH_53b9bcf7d8194db7bd330ca574b5edab/gnocchi.179f2a92-3e14-424f-a629-c213901389dd" 200 357 "GET https://[::1]:8080/v1/AUTH_53b9bcf7d8194db7bd330ca574b5edab/gnocchi.179f2a92-3e14-424f-a629-c213901389dd?format=json&states=listing" "tx0c6946942003468e9e94c-00692c8ff5" "proxy-server 97815" 0.0089 "-" 96491 0
Nov 30 13:41:57 np0005540255.novalocal container-server[96490]: ::1 - - [30/Nov/2025:18:41:57 +0000] "PUT /3/220870/AUTH_53b9bcf7d8194db7bd330ca574b5edab/gnocchi.711d3b8e-1332-4e52-836b-5353cdd29032/1763640000.0_mean_300.0_v3" 201 - "PUT http://[::1]:8080/3/125240/AUTH_53b9bcf7d8194db7bd330ca574b5edab/gnocchi.711d3b8e-1332-4e52-836b-5353cdd29032/1763640000.0_mean_300.0_v3" "tx3ae0fde8f03e4010a7af7-00692c8ff5" "object-server 96823" 0.0014 "-" 96490 0
Nov 30 13:41:57 np0005540255.novalocal object-server[96823]: ::1 - - [30/Nov/2025:18:41:57 +0000] "PUT /3/125240/AUTH_53b9bcf7d8194db7bd330ca574b5edab/gnocchi.711d3b8e-1332-4e52-836b-5353cdd29032/1763640000.0_mean_300.0_v3" 201 - "PUT https://[::1]:8080/v1/AUTH_53b9bcf7d8194db7bd330ca574b5edab/gnocchi.711d3b8e-1332-4e52-836b-5353cdd29032/1763640000.0_mean_300.0_v3" "tx3ae0fde8f03e4010a7af7-00692c8ff5" "proxy-server 97815" 0.0157 "-" 96823 0
Nov 30 13:41:57 np0005540255.novalocal container-server[96491]: ::1 - - [30/Nov/2025:18:41:57 +0000] "PUT /2/220870/AUTH_53b9bcf7d8194db7bd330ca574b5edab/gnocchi.711d3b8e-1332-4e52-836b-5353cdd29032/1763640000.0_mean_300.0_v3" 201 - "PUT http://[::1]:8080/2/125240/AUTH_53b9bcf7d8194db7bd330ca574b5edab/gnocchi.711d3b8e-1332-4e52-836b-5353cdd29032/1763640000.0_mean_300.0_v3" "tx3ae0fde8f03e4010a7af7-00692c8ff5" "object-server 96824" 0.0007 "-" 96491 0
Nov 30 13:41:57 np0005540255.novalocal object-server[96824]: ::1 - - [30/Nov/2025:18:41:57 +0000] "PUT /2/125240/AUTH_53b9bcf7d8194db7bd330ca574b5edab/gnocchi.711d3b8e-1332-4e52-836b-5353cdd29032/1763640000.0_mean_300.0_v3" 201 - "PUT https://[::1]:8080/v1/AUTH_53b9bcf7d8194db7bd330ca574b5edab/gnocchi.711d3b8e-1332-4e52-836b-5353cdd29032/1763640000.0_mean_300.0_v3" "tx3ae0fde8f03e4010a7af7-00692c8ff5" "proxy-server 97815" 0.0189 "-" 96824 0
Nov 30 13:41:57 np0005540255.novalocal proxy-server[97815]: ::1 ::1 30/Nov/2025/18/41/57 GET /v1/AUTH_53b9bcf7d8194db7bd330ca574b5edab/gnocchi.179f2a92-3e14-424f-a629-c213901389dd%3Fformat%3Djson%26states%3Dlisting HTTP/1.0 200 - python-swiftclient-4.7.0 gAAAAABpLI-5FlkI... - 357 - tx0c6946942003468e9e94c-00692c8ff5 - 0.0284 - - 1764528117.343985558 1764528117.372430086 0
Nov 30 13:41:57 np0005540255.novalocal container-server[96491]: ::1 - - [30/Nov/2025:18:41:57 +0000] "PUT /1/220870/AUTH_53b9bcf7d8194db7bd330ca574b5edab/gnocchi.711d3b8e-1332-4e52-836b-5353cdd29032/1763640000.0_mean_300.0_v3" 201 - "PUT http://[::1]:8080/1/125240/AUTH_53b9bcf7d8194db7bd330ca574b5edab/gnocchi.711d3b8e-1332-4e52-836b-5353cdd29032/1763640000.0_mean_300.0_v3" "tx3ae0fde8f03e4010a7af7-00692c8ff5" "object-server 96824" 0.0009 "-" 96491 0
Nov 30 13:41:57 np0005540255.novalocal object-server[96824]: ::1 - - [30/Nov/2025:18:41:57 +0000] "PUT /1/125240/AUTH_53b9bcf7d8194db7bd330ca574b5edab/gnocchi.711d3b8e-1332-4e52-836b-5353cdd29032/1763640000.0_mean_300.0_v3" 201 - "PUT https://[::1]:8080/v1/AUTH_53b9bcf7d8194db7bd330ca574b5edab/gnocchi.711d3b8e-1332-4e52-836b-5353cdd29032/1763640000.0_mean_300.0_v3" "tx3ae0fde8f03e4010a7af7-00692c8ff5" "proxy-server 97815" 0.0198 "-" 96824 0
Nov 30 13:41:57 np0005540255.novalocal proxy-server[97815]: ::1 ::1 30/Nov/2025/18/41/57 PUT /v1/AUTH_53b9bcf7d8194db7bd330ca574b5edab/gnocchi.711d3b8e-1332-4e52-836b-5353cdd29032/1763640000.0_mean_300.0_v3 HTTP/1.0 201 - python-swiftclient-4.7.0 gAAAAABpLI-56T9k... 16 - - tx3ae0fde8f03e4010a7af7-00692c8ff5 - 0.0326 - - 1764528117.342991829 1764528117.375616074 0
Nov 30 13:41:57 np0005540255.novalocal container-server[96490]: ::1 - - [30/Nov/2025:18:41:57 +0000] "GET /3/135816/AUTH_53b9bcf7d8194db7bd330ca574b5edab/gnocchi.179f2a92-3e14-424f-a629-c213901389dd" 200 2 "GET https://[::1]:8080/v1/AUTH_53b9bcf7d8194db7bd330ca574b5edab/gnocchi.179f2a92-3e14-424f-a629-c213901389dd?format=json&marker=none_v3&states=listing" "tx65e877d667a84cb6aef40-00692c8ff5" "proxy-server 97815" 0.0026 "-" 96490 0
Nov 30 13:41:57 np0005540255.novalocal proxy-server[97815]: ::1 ::1 30/Nov/2025/18/41/57 GET /v1/AUTH_53b9bcf7d8194db7bd330ca574b5edab/gnocchi.179f2a92-3e14-424f-a629-c213901389dd%3Fformat%3Djson%26marker%3Dnone_v3%26states%3Dlisting HTTP/1.0 200 - python-swiftclient-4.7.0 gAAAAABpLI-5FlkI... - 2 - tx65e877d667a84cb6aef40-00692c8ff5 - 0.0153 - - 1764528117.376993418 1764528117.392340422 0
Nov 30 13:41:57 np0005540255.novalocal container-server[96491]: ::1 - - [30/Nov/2025:18:41:57 +0000] "PUT /2/220870/AUTH_53b9bcf7d8194db7bd330ca574b5edab/gnocchi.711d3b8e-1332-4e52-836b-5353cdd29032/none_v3" 201 - "PUT http://[::1]:8080/1/227740/AUTH_53b9bcf7d8194db7bd330ca574b5edab/gnocchi.711d3b8e-1332-4e52-836b-5353cdd29032/none_v3" "txc4da058c45604bec8b806-00692c8ff5" "object-server 96824" 0.0008 "-" 96491 0
Nov 30 13:41:57 np0005540255.novalocal object-server[96824]: ::1 - - [30/Nov/2025:18:41:57 +0000] "PUT /1/227740/AUTH_53b9bcf7d8194db7bd330ca574b5edab/gnocchi.711d3b8e-1332-4e52-836b-5353cdd29032/none_v3" 201 - "PUT https://[::1]:8080/v1/AUTH_53b9bcf7d8194db7bd330ca574b5edab/gnocchi.711d3b8e-1332-4e52-836b-5353cdd29032/none_v3" "txc4da058c45604bec8b806-00692c8ff5" "proxy-server 97815" 0.0129 "-" 96824 0
Nov 30 13:41:57 np0005540255.novalocal container-server[96491]: ::1 - - [30/Nov/2025:18:41:57 +0000] "PUT /1/220870/AUTH_53b9bcf7d8194db7bd330ca574b5edab/gnocchi.711d3b8e-1332-4e52-836b-5353cdd29032/none_v3" 201 - "PUT http://[::1]:8080/2/227740/AUTH_53b9bcf7d8194db7bd330ca574b5edab/gnocchi.711d3b8e-1332-4e52-836b-5353cdd29032/none_v3" "txc4da058c45604bec8b806-00692c8ff5" "object-server 96823" 0.0006 "-" 96491 0
Nov 30 13:41:57 np0005540255.novalocal object-server[96823]: ::1 - - [30/Nov/2025:18:41:57 +0000] "GET /3/14419/AUTH_53b9bcf7d8194db7bd330ca574b5edab/gnocchi.179f2a92-3e14-424f-a629-c213901389dd/1763640000.0_mean_300.0_v3" 200 16 "GET https://[::1]:8080/v1/AUTH_53b9bcf7d8194db7bd330ca574b5edab/gnocchi.179f2a92-3e14-424f-a629-c213901389dd/1763640000.0_mean_300.0_v3" "tx7be99383b5d845eba4d7a-00692c8ff5" "proxy-server 97815" 0.0014 "-" 96823 0
Nov 30 13:41:57 np0005540255.novalocal container-server[96491]: ::1 - - [30/Nov/2025:18:41:57 +0000] "PUT /3/220870/AUTH_53b9bcf7d8194db7bd330ca574b5edab/gnocchi.711d3b8e-1332-4e52-836b-5353cdd29032/none_v3" 201 - "PUT http://[::1]:8080/3/227740/AUTH_53b9bcf7d8194db7bd330ca574b5edab/gnocchi.711d3b8e-1332-4e52-836b-5353cdd29032/none_v3" "txc4da058c45604bec8b806-00692c8ff5" "object-server 96824" 0.0008 "-" 96491 0
Nov 30 13:41:57 np0005540255.novalocal object-server[96824]: ::1 - - [30/Nov/2025:18:41:57 +0000] "PUT /3/227740/AUTH_53b9bcf7d8194db7bd330ca574b5edab/gnocchi.711d3b8e-1332-4e52-836b-5353cdd29032/none_v3" 201 - "PUT https://[::1]:8080/v1/AUTH_53b9bcf7d8194db7bd330ca574b5edab/gnocchi.711d3b8e-1332-4e52-836b-5353cdd29032/none_v3" "txc4da058c45604bec8b806-00692c8ff5" "proxy-server 97815" 0.0164 "-" 96824 0
Nov 30 13:41:57 np0005540255.novalocal object-server[96823]: ::1 - - [30/Nov/2025:18:41:57 +0000] "PUT /2/227740/AUTH_53b9bcf7d8194db7bd330ca574b5edab/gnocchi.711d3b8e-1332-4e52-836b-5353cdd29032/none_v3" 201 - "PUT https://[::1]:8080/v1/AUTH_53b9bcf7d8194db7bd330ca574b5edab/gnocchi.711d3b8e-1332-4e52-836b-5353cdd29032/none_v3" "txc4da058c45604bec8b806-00692c8ff5" "proxy-server 97815" 0.0177 "-" 96823 0
Nov 30 13:41:57 np0005540255.novalocal proxy-server[97815]: ::1 ::1 30/Nov/2025/18/41/57 GET /v1/AUTH_53b9bcf7d8194db7bd330ca574b5edab/gnocchi.179f2a92-3e14-424f-a629-c213901389dd/1763640000.0_mean_300.0_v3 HTTP/1.0 200 - python-swiftclient-4.7.0 gAAAAABpLI-5FlkI... - 16 - tx7be99383b5d845eba4d7a-00692c8ff5 - 0.0141 - - 1764528117.396086454 1764528117.410161495 0
Nov 30 13:41:57 np0005540255.novalocal proxy-server[97815]: ::1 ::1 30/Nov/2025/18/41/57 PUT /v1/AUTH_53b9bcf7d8194db7bd330ca574b5edab/gnocchi.711d3b8e-1332-4e52-836b-5353cdd29032/none_v3 HTTP/1.0 201 - python-swiftclient-4.7.0 gAAAAABpLI-56T9k... 46 - - txc4da058c45604bec8b806-00692c8ff5 - 0.0310 - - 1764528117.382227182 1764528117.413222313 0
Nov 30 13:41:57 np0005540255.novalocal dnsmasq[103568]: read /var/lib/neutron/dhcp/ea3068c7-d22f-413c-9aab-93637276ff9a/addn_hosts - 2 addresses
Nov 30 13:41:57 np0005540255.novalocal dnsmasq-dhcp[103568]: read /var/lib/neutron/dhcp/ea3068c7-d22f-413c-9aab-93637276ff9a/host
Nov 30 13:41:57 np0005540255.novalocal dnsmasq-dhcp[103568]: read /var/lib/neutron/dhcp/ea3068c7-d22f-413c-9aab-93637276ff9a/opts
Nov 30 13:41:57 np0005540255.novalocal container-server[96490]: ::1 - - [30/Nov/2025:18:41:57 +0000] "PUT /2/135816/AUTH_53b9bcf7d8194db7bd330ca574b5edab/gnocchi.179f2a92-3e14-424f-a629-c213901389dd/1763640000.0_mean_300.0_v3" 201 - "PUT http://[::1]:8080/3/14419/AUTH_53b9bcf7d8194db7bd330ca574b5edab/gnocchi.179f2a92-3e14-424f-a629-c213901389dd/1763640000.0_mean_300.0_v3" "tx8cb3eb1e8cb648a3b27e8-00692c8ff5" "object-server 96824" 0.0010 "-" 96490 0
Nov 30 13:41:57 np0005540255.novalocal container-server[96491]: ::1 - - [30/Nov/2025:18:41:57 +0000] "PUT /1/135816/AUTH_53b9bcf7d8194db7bd330ca574b5edab/gnocchi.179f2a92-3e14-424f-a629-c213901389dd/1763640000.0_mean_300.0_v3" 201 - "PUT http://[::1]:8080/2/14419/AUTH_53b9bcf7d8194db7bd330ca574b5edab/gnocchi.179f2a92-3e14-424f-a629-c213901389dd/1763640000.0_mean_300.0_v3" "tx8cb3eb1e8cb648a3b27e8-00692c8ff5" "object-server 96823" 0.0010 "-" 96491 0
Nov 30 13:41:57 np0005540255.novalocal object-server[96824]: ::1 - - [30/Nov/2025:18:41:57 +0000] "PUT /3/14419/AUTH_53b9bcf7d8194db7bd330ca574b5edab/gnocchi.179f2a92-3e14-424f-a629-c213901389dd/1763640000.0_mean_300.0_v3" 201 - "PUT https://[::1]:8080/v1/AUTH_53b9bcf7d8194db7bd330ca574b5edab/gnocchi.179f2a92-3e14-424f-a629-c213901389dd/1763640000.0_mean_300.0_v3" "tx8cb3eb1e8cb648a3b27e8-00692c8ff5" "proxy-server 97815" 0.0146 "-" 96824 0
Nov 30 13:41:57 np0005540255.novalocal container-server[96490]: ::1 - - [30/Nov/2025:18:41:57 +0000] "PUT /3/135816/AUTH_53b9bcf7d8194db7bd330ca574b5edab/gnocchi.179f2a92-3e14-424f-a629-c213901389dd/1763640000.0_mean_300.0_v3" 201 - "PUT http://[::1]:8080/1/14419/AUTH_53b9bcf7d8194db7bd330ca574b5edab/gnocchi.179f2a92-3e14-424f-a629-c213901389dd/1763640000.0_mean_300.0_v3" "tx8cb3eb1e8cb648a3b27e8-00692c8ff5" "object-server 96824" 0.0009 "-" 96490 0
Nov 30 13:41:57 np0005540255.novalocal object-server[96823]: ::1 - - [30/Nov/2025:18:41:57 +0000] "PUT /2/14419/AUTH_53b9bcf7d8194db7bd330ca574b5edab/gnocchi.179f2a92-3e14-424f-a629-c213901389dd/1763640000.0_mean_300.0_v3" 201 - "PUT https://[::1]:8080/v1/AUTH_53b9bcf7d8194db7bd330ca574b5edab/gnocchi.179f2a92-3e14-424f-a629-c213901389dd/1763640000.0_mean_300.0_v3" "tx8cb3eb1e8cb648a3b27e8-00692c8ff5" "proxy-server 97815" 0.0167 "-" 96823 0
Nov 30 13:41:57 np0005540255.novalocal object-server[96824]: ::1 - - [30/Nov/2025:18:41:57 +0000] "PUT /1/14419/AUTH_53b9bcf7d8194db7bd330ca574b5edab/gnocchi.179f2a92-3e14-424f-a629-c213901389dd/1763640000.0_mean_300.0_v3" 201 - "PUT https://[::1]:8080/v1/AUTH_53b9bcf7d8194db7bd330ca574b5edab/gnocchi.179f2a92-3e14-424f-a629-c213901389dd/1763640000.0_mean_300.0_v3" "tx8cb3eb1e8cb648a3b27e8-00692c8ff5" "proxy-server 97815" 0.0141 "-" 96824 0
Nov 30 13:41:57 np0005540255.novalocal proxy-server[97815]: ::1 ::1 30/Nov/2025/18/41/57 PUT /v1/AUTH_53b9bcf7d8194db7bd330ca574b5edab/gnocchi.179f2a92-3e14-424f-a629-c213901389dd/1763640000.0_mean_300.0_v3 HTTP/1.0 201 - python-swiftclient-4.7.0 gAAAAABpLI-5FlkI... 16 - - tx8cb3eb1e8cb648a3b27e8-00692c8ff5 - 0.0267 - - 1764528117.414386988 1764528117.441115141 0
Nov 30 13:41:57 np0005540255.novalocal container-server[96490]: ::1 - - [30/Nov/2025:18:41:57 +0000] "PUT /2/135816/AUTH_53b9bcf7d8194db7bd330ca574b5edab/gnocchi.179f2a92-3e14-424f-a629-c213901389dd/none_v3" 201 - "PUT http://[::1]:8080/1/219575/AUTH_53b9bcf7d8194db7bd330ca574b5edab/gnocchi.179f2a92-3e14-424f-a629-c213901389dd/none_v3" "txf86ddefe1b34423b8fc77-00692c8ff5" "object-server 96823" 0.0006 "-" 96490 0
Nov 30 13:41:57 np0005540255.novalocal container-server[96491]: ::1 - - [30/Nov/2025:18:41:57 +0000] "PUT /1/135816/AUTH_53b9bcf7d8194db7bd330ca574b5edab/gnocchi.179f2a92-3e14-424f-a629-c213901389dd/none_v3" 201 - "PUT http://[::1]:8080/3/219575/AUTH_53b9bcf7d8194db7bd330ca574b5edab/gnocchi.179f2a92-3e14-424f-a629-c213901389dd/none_v3" "txf86ddefe1b34423b8fc77-00692c8ff5" "object-server 96823" 0.0005 "-" 96491 0
Nov 30 13:41:57 np0005540255.novalocal container-server[96490]: ::1 - - [30/Nov/2025:18:41:57 +0000] "PUT /3/135816/AUTH_53b9bcf7d8194db7bd330ca574b5edab/gnocchi.179f2a92-3e14-424f-a629-c213901389dd/none_v3" 201 - "PUT http://[::1]:8080/2/219575/AUTH_53b9bcf7d8194db7bd330ca574b5edab/gnocchi.179f2a92-3e14-424f-a629-c213901389dd/none_v3" "txf86ddefe1b34423b8fc77-00692c8ff5" "object-server 96823" 0.0003 "-" 96490 0
Nov 30 13:41:57 np0005540255.novalocal object-server[96823]: ::1 - - [30/Nov/2025:18:41:57 +0000] "GET /3/158579/AUTH_53b9bcf7d8194db7bd330ca574b5edab/gnocchi.f75ef159-6eb9-4f0e-b4bf-f90ba2e1a6e1/none_v3" 200 27 "GET https://[::1]:8080/v1/AUTH_53b9bcf7d8194db7bd330ca574b5edab/gnocchi.f75ef159-6eb9-4f0e-b4bf-f90ba2e1a6e1/none_v3" "txdcfa58efe4694c79be76e-00692c8ff5" "proxy-server 97815" 0.0011 "-" 96823 0
Nov 30 13:41:57 np0005540255.novalocal object-server[96823]: ::1 - - [30/Nov/2025:18:41:57 +0000] "PUT /2/219575/AUTH_53b9bcf7d8194db7bd330ca574b5edab/gnocchi.179f2a92-3e14-424f-a629-c213901389dd/none_v3" 201 - "PUT https://[::1]:8080/v1/AUTH_53b9bcf7d8194db7bd330ca574b5edab/gnocchi.179f2a92-3e14-424f-a629-c213901389dd/none_v3" "txf86ddefe1b34423b8fc77-00692c8ff5" "proxy-server 97815" 0.0421 "-" 96823 0
Nov 30 13:41:57 np0005540255.novalocal object-server[96823]: ::1 - - [30/Nov/2025:18:41:57 +0000] "PUT /3/219575/AUTH_53b9bcf7d8194db7bd330ca574b5edab/gnocchi.179f2a92-3e14-424f-a629-c213901389dd/none_v3" 201 - "PUT https://[::1]:8080/v1/AUTH_53b9bcf7d8194db7bd330ca574b5edab/gnocchi.179f2a92-3e14-424f-a629-c213901389dd/none_v3" "txf86ddefe1b34423b8fc77-00692c8ff5" "proxy-server 97815" 0.0460 "-" 96823 0
Nov 30 13:41:57 np0005540255.novalocal object-server[96823]: ::1 - - [30/Nov/2025:18:41:57 +0000] "PUT /1/219575/AUTH_53b9bcf7d8194db7bd330ca574b5edab/gnocchi.179f2a92-3e14-424f-a629-c213901389dd/none_v3" 201 - "PUT https://[::1]:8080/v1/AUTH_53b9bcf7d8194db7bd330ca574b5edab/gnocchi.179f2a92-3e14-424f-a629-c213901389dd/none_v3" "txf86ddefe1b34423b8fc77-00692c8ff5" "proxy-server 97815" 0.0423 "-" 96823 0
Nov 30 13:41:57 np0005540255.novalocal proxy-server[97815]: ::1 ::1 30/Nov/2025/18/41/57 GET /v1/AUTH_53b9bcf7d8194db7bd330ca574b5edab/gnocchi.f75ef159-6eb9-4f0e-b4bf-f90ba2e1a6e1/none_v3 HTTP/1.0 200 - python-swiftclient-4.7.0 gAAAAABpLI-56T9k... - 27 - txdcfa58efe4694c79be76e-00692c8ff5 - 0.0158 - - 1764528117.486516237 1764528117.502269506 0
Nov 30 13:41:57 np0005540255.novalocal proxy-server[97815]: ::1 ::1 30/Nov/2025/18/41/57 PUT /v1/AUTH_53b9bcf7d8194db7bd330ca574b5edab/gnocchi.179f2a92-3e14-424f-a629-c213901389dd/none_v3 HTTP/1.0 201 - python-swiftclient-4.7.0 gAAAAABpLI-5FlkI... 44 - - txf86ddefe1b34423b8fc77-00692c8ff5 - 0.0596 - - 1764528117.444427013 1764528117.504026651 0
Nov 30 13:41:57 np0005540255.novalocal container-server[96491]: ::1 - - [30/Nov/2025:18:41:57 +0000] "GET /2/227363/AUTH_53b9bcf7d8194db7bd330ca574b5edab/gnocchi.f75ef159-6eb9-4f0e-b4bf-f90ba2e1a6e1" 200 357 "GET https://[::1]:8080/v1/AUTH_53b9bcf7d8194db7bd330ca574b5edab/gnocchi.f75ef159-6eb9-4f0e-b4bf-f90ba2e1a6e1?format=json&states=listing" "txceffaa8e43bf42d3926fb-00692c8ff5" "proxy-server 97815" 0.0079 "-" 96491 0
Nov 30 13:41:57 np0005540255.novalocal proxy-server[97815]: ::1 ::1 30/Nov/2025/18/41/57 GET /v1/AUTH_53b9bcf7d8194db7bd330ca574b5edab/gnocchi.f75ef159-6eb9-4f0e-b4bf-f90ba2e1a6e1%3Fformat%3Djson%26states%3Dlisting HTTP/1.0 200 - python-swiftclient-4.7.0 gAAAAABpLI-56T9k... - 357 - txceffaa8e43bf42d3926fb-00692c8ff5 - 0.0149 - - 1764528117.506155252 1764528117.521023989 0
Nov 30 13:41:57 np0005540255.novalocal container-server[96490]: ::1 - - [30/Nov/2025:18:41:57 +0000] "GET /2/227363/AUTH_53b9bcf7d8194db7bd330ca574b5edab/gnocchi.f75ef159-6eb9-4f0e-b4bf-f90ba2e1a6e1" 200 2 "GET https://[::1]:8080/v1/AUTH_53b9bcf7d8194db7bd330ca574b5edab/gnocchi.f75ef159-6eb9-4f0e-b4bf-f90ba2e1a6e1?format=json&marker=none_v3&states=listing" "tx27ba5e333b1240e987933-00692c8ff5" "proxy-server 97815" 0.0028 "-" 96490 0
Nov 30 13:41:57 np0005540255.novalocal proxy-server[97815]: ::1 ::1 30/Nov/2025/18/41/57 GET /v1/AUTH_53b9bcf7d8194db7bd330ca574b5edab/gnocchi.f75ef159-6eb9-4f0e-b4bf-f90ba2e1a6e1%3Fformat%3Djson%26marker%3Dnone_v3%26states%3Dlisting HTTP/1.0 200 - python-swiftclient-4.7.0 gAAAAABpLI-56T9k... - 2 - tx27ba5e333b1240e987933-00692c8ff5 - 0.0090 - - 1764528117.523717880 1764528117.532719612 0
Nov 30 13:41:57 np0005540255.novalocal object-server[96823]: ::1 - - [30/Nov/2025:18:41:57 +0000] "GET /3/303/AUTH_53b9bcf7d8194db7bd330ca574b5edab/gnocchi.f75ef159-6eb9-4f0e-b4bf-f90ba2e1a6e1/1763640000.0_mean_300.0_v3" 200 16 "GET https://[::1]:8080/v1/AUTH_53b9bcf7d8194db7bd330ca574b5edab/gnocchi.f75ef159-6eb9-4f0e-b4bf-f90ba2e1a6e1/1763640000.0_mean_300.0_v3" "tx029eee0d3b6a41219137e-00692c8ff5" "proxy-server 97815" 0.0012 "-" 96823 0
Nov 30 13:41:57 np0005540255.novalocal proxy-server[97815]: ::1 ::1 30/Nov/2025/18/41/57 GET /v1/AUTH_53b9bcf7d8194db7bd330ca574b5edab/gnocchi.f75ef159-6eb9-4f0e-b4bf-f90ba2e1a6e1/1763640000.0_mean_300.0_v3 HTTP/1.0 200 - python-swiftclient-4.7.0 gAAAAABpLI-56T9k... - 16 - tx029eee0d3b6a41219137e-00692c8ff5 - 0.0080 - - 1764528117.536889791 1764528117.544900656 0
Nov 30 13:41:57 np0005540255.novalocal object-server[96823]: ::1 - - [30/Nov/2025:18:41:57 +0000] "GET /1/234604/AUTH_53b9bcf7d8194db7bd330ca574b5edab/gnocchi.4fc51bda-7252-4dbf-ac60-a9190663cc7f/none_v3" 200 32 "GET https://[::1]:8080/v1/AUTH_53b9bcf7d8194db7bd330ca574b5edab/gnocchi.4fc51bda-7252-4dbf-ac60-a9190663cc7f/none_v3" "txb2aae835d5844a429ec18-00692c8ff5" "proxy-server 97815" 0.0008 "-" 96823 0
Nov 30 13:41:57 np0005540255.novalocal proxy-server[97815]: ::1 ::1 30/Nov/2025/18/41/57 GET /v1/AUTH_53b9bcf7d8194db7bd330ca574b5edab/gnocchi.4fc51bda-7252-4dbf-ac60-a9190663cc7f/none_v3 HTTP/1.0 200 - python-swiftclient-4.7.0 gAAAAABpLI-5FlkI... - 32 - txb2aae835d5844a429ec18-00692c8ff5 - 0.0179 - - 1764528117.547581196 1764528117.565446138 0
Nov 30 13:41:57 np0005540255.novalocal container-server[96491]: ::1 - - [30/Nov/2025:18:41:57 +0000] "PUT /2/227363/AUTH_53b9bcf7d8194db7bd330ca574b5edab/gnocchi.f75ef159-6eb9-4f0e-b4bf-f90ba2e1a6e1/1763640000.0_mean_300.0_v3" 201 - "PUT http://[::1]:8080/1/303/AUTH_53b9bcf7d8194db7bd330ca574b5edab/gnocchi.f75ef159-6eb9-4f0e-b4bf-f90ba2e1a6e1/1763640000.0_mean_300.0_v3" "tx9a633153ac37425b8ae7c-00692c8ff5" "object-server 96823" 0.0007 "-" 96491 0
Nov 30 13:41:57 np0005540255.novalocal object-server[96823]: ::1 - - [30/Nov/2025:18:41:57 +0000] "PUT /1/303/AUTH_53b9bcf7d8194db7bd330ca574b5edab/gnocchi.f75ef159-6eb9-4f0e-b4bf-f90ba2e1a6e1/1763640000.0_mean_300.0_v3" 201 - "PUT https://[::1]:8080/v1/AUTH_53b9bcf7d8194db7bd330ca574b5edab/gnocchi.f75ef159-6eb9-4f0e-b4bf-f90ba2e1a6e1/1763640000.0_mean_300.0_v3" "tx9a633153ac37425b8ae7c-00692c8ff5" "proxy-server 97815" 0.0129 "-" 96823 0
