Nov 30 13:41:33 np0005540255.novalocal object-server[96824]: ::1 - - [30/Nov/2025:18:41:33 +0000] "PUT /2/248046/AUTH_53b9bcf7d8194db7bd330ca574b5edab/gnocchi.522beeeb-443a-4b91-9f48-7f83139d57da/1763640000.0_mean_300.0_v3" 201 - "PUT https://[::1]:8080/v1/AUTH_53b9bcf7d8194db7bd330ca574b5edab/gnocchi.522beeeb-443a-4b91-9f48-7f83139d57da/1763640000.0_mean_300.0_v3" "txcc4d7756136e4f4eb14e0-00692c8fdd" "proxy-server 97815" 0.0196 "-" 96824 0
Nov 30 13:41:33 np0005540255.novalocal container-server[96491]: ::1 - - [30/Nov/2025:18:41:33 +0000] "PUT /1/59009/AUTH_53b9bcf7d8194db7bd330ca574b5edab/gnocchi.522beeeb-443a-4b91-9f48-7f83139d57da/1763640000.0_mean_300.0_v3" 201 - "PUT http://[::1]:8080/1/248046/AUTH_53b9bcf7d8194db7bd330ca574b5edab/gnocchi.522beeeb-443a-4b91-9f48-7f83139d57da/1763640000.0_mean_300.0_v3" "txcc4d7756136e4f4eb14e0-00692c8fdd" "object-server 96824" 0.0015 "-" 96491 0
Nov 30 13:41:33 np0005540255.novalocal object-server[96824]: ::1 - - [30/Nov/2025:18:41:33 +0000] "PUT /1/248046/AUTH_53b9bcf7d8194db7bd330ca574b5edab/gnocchi.522beeeb-443a-4b91-9f48-7f83139d57da/1763640000.0_mean_300.0_v3" 201 - "PUT https://[::1]:8080/v1/AUTH_53b9bcf7d8194db7bd330ca574b5edab/gnocchi.522beeeb-443a-4b91-9f48-7f83139d57da/1763640000.0_mean_300.0_v3" "txcc4d7756136e4f4eb14e0-00692c8fdd" "proxy-server 97815" 0.0245 "-" 96824 0
Nov 30 13:41:33 np0005540255.novalocal proxy-server[97815]: ::1 ::1 30/Nov/2025/18/41/33 PUT /v1/AUTH_53b9bcf7d8194db7bd330ca574b5edab/gnocchi.522beeeb-443a-4b91-9f48-7f83139d57da/1763640000.0_mean_300.0_v3 HTTP/1.0 201 - python-swiftclient-4.7.0 gAAAAABpLI-56T9k... 16 - - txcc4d7756136e4f4eb14e0-00692c8fdd - 0.0385 - - 1764528093.091513395 1764528093.130038261 0
Nov 30 13:41:33 np0005540255.novalocal container-server[96491]: ::1 - - [30/Nov/2025:18:41:33 +0000] "GET /2/185269/AUTH_53b9bcf7d8194db7bd330ca574b5edab/gnocchi.e4869c31-7173-46d3-bf39-d20dcf761266" 200 2 "GET https://[::1]:8080/v1/AUTH_53b9bcf7d8194db7bd330ca574b5edab/gnocchi.e4869c31-7173-46d3-bf39-d20dcf761266?format=json&states=listing" "txe6f97aaecb954bcb808f8-00692c8fdd" "proxy-server 97815" 0.0023 "-" 96491 0
Nov 30 13:41:33 np0005540255.novalocal proxy-server[97815]: ::1 ::1 30/Nov/2025/18/41/33 GET /v1/AUTH_53b9bcf7d8194db7bd330ca574b5edab/gnocchi.e4869c31-7173-46d3-bf39-d20dcf761266%3Fformat%3Djson%26states%3Dlisting HTTP/1.0 200 - python-swiftclient-4.7.0 gAAAAABpLI-5FlkI... - 2 - txe6f97aaecb954bcb808f8-00692c8fdd - 0.0296 - - 1764528093.105480909 1764528093.135046721 0
Nov 30 13:41:33 np0005540255.novalocal object-server[96824]: ::1 - - [30/Nov/2025:18:41:33 +0000] "GET /2/207151/AUTH_53b9bcf7d8194db7bd330ca574b5edab/gnocchi.e4869c31-7173-46d3-bf39-d20dcf761266/1763640000.0_mean_300.0_v3" 404 70 "GET https://[::1]:8080/v1/AUTH_53b9bcf7d8194db7bd330ca574b5edab/gnocchi.e4869c31-7173-46d3-bf39-d20dcf761266/1763640000.0_mean_300.0_v3" "tx9ae75cb0a3be4de6a8a3b-00692c8fdd" "proxy-server 97815" 0.0003 "-" 96824 0
Nov 30 13:41:33 np0005540255.novalocal object-server[96824]: ::1 - - [30/Nov/2025:18:41:33 +0000] "GET /1/207151/AUTH_53b9bcf7d8194db7bd330ca574b5edab/gnocchi.e4869c31-7173-46d3-bf39-d20dcf761266/1763640000.0_mean_300.0_v3" 404 70 "GET https://[::1]:8080/v1/AUTH_53b9bcf7d8194db7bd330ca574b5edab/gnocchi.e4869c31-7173-46d3-bf39-d20dcf761266/1763640000.0_mean_300.0_v3" "tx9ae75cb0a3be4de6a8a3b-00692c8fdd" "proxy-server 97815" 0.0003 "-" 96824 0
Nov 30 13:41:33 np0005540255.novalocal object-server[96824]: ::1 - - [30/Nov/2025:18:41:33 +0000] "GET /3/207151/AUTH_53b9bcf7d8194db7bd330ca574b5edab/gnocchi.e4869c31-7173-46d3-bf39-d20dcf761266/1763640000.0_mean_300.0_v3" 404 70 "GET https://[::1]:8080/v1/AUTH_53b9bcf7d8194db7bd330ca574b5edab/gnocchi.e4869c31-7173-46d3-bf39-d20dcf761266/1763640000.0_mean_300.0_v3" "tx9ae75cb0a3be4de6a8a3b-00692c8fdd" "proxy-server 97815" 0.0003 "-" 96824 0
Nov 30 13:41:33 np0005540255.novalocal proxy-server[97815]: ::1 ::1 30/Nov/2025/18/41/33 GET /v1/AUTH_53b9bcf7d8194db7bd330ca574b5edab/gnocchi.e4869c31-7173-46d3-bf39-d20dcf761266/1763640000.0_mean_300.0_v3 HTTP/1.0 404 - python-swiftclient-4.7.0 gAAAAABpLI-5FlkI... - 70 - tx9ae75cb0a3be4de6a8a3b-00692c8fdd - 0.0163 - - 1764528093.146121025 1764528093.162451744 0
Nov 30 13:41:33 np0005540255.novalocal container-server[96490]: ::1 - - [30/Nov/2025:18:41:33 +0000] "PUT /3/59009/AUTH_53b9bcf7d8194db7bd330ca574b5edab/gnocchi.522beeeb-443a-4b91-9f48-7f83139d57da/none_v3" 201 - "PUT http://[::1]:8080/1/101875/AUTH_53b9bcf7d8194db7bd330ca574b5edab/gnocchi.522beeeb-443a-4b91-9f48-7f83139d57da/none_v3" "txf046855dffef49e287d3e-00692c8fdd" "object-server 96824" 0.0028 "-" 96490 0
Nov 30 13:41:33 np0005540255.novalocal container-server[96491]: ::1 - - [30/Nov/2025:18:41:33 +0000] "PUT /2/59009/AUTH_53b9bcf7d8194db7bd330ca574b5edab/gnocchi.522beeeb-443a-4b91-9f48-7f83139d57da/none_v3" 201 - "PUT http://[::1]:8080/2/101875/AUTH_53b9bcf7d8194db7bd330ca574b5edab/gnocchi.522beeeb-443a-4b91-9f48-7f83139d57da/none_v3" "txf046855dffef49e287d3e-00692c8fdd" "object-server 96824" 0.0006 "-" 96491 0
Nov 30 13:41:33 np0005540255.novalocal object-server[96824]: ::1 - - [30/Nov/2025:18:41:33 +0000] "PUT /1/101875/AUTH_53b9bcf7d8194db7bd330ca574b5edab/gnocchi.522beeeb-443a-4b91-9f48-7f83139d57da/none_v3" 201 - "PUT https://[::1]:8080/v1/AUTH_53b9bcf7d8194db7bd330ca574b5edab/gnocchi.522beeeb-443a-4b91-9f48-7f83139d57da/none_v3" "txf046855dffef49e287d3e-00692c8fdd" "proxy-server 97815" 0.0196 "-" 96824 0
Nov 30 13:41:33 np0005540255.novalocal object-server[96824]: ::1 - - [30/Nov/2025:18:41:33 +0000] "PUT /2/101875/AUTH_53b9bcf7d8194db7bd330ca574b5edab/gnocchi.522beeeb-443a-4b91-9f48-7f83139d57da/none_v3" 201 - "PUT https://[::1]:8080/v1/AUTH_53b9bcf7d8194db7bd330ca574b5edab/gnocchi.522beeeb-443a-4b91-9f48-7f83139d57da/none_v3" "txf046855dffef49e287d3e-00692c8fdd" "proxy-server 97815" 0.0221 "-" 96824 0
Nov 30 13:41:33 np0005540255.novalocal container-server[96490]: ::1 - - [30/Nov/2025:18:41:33 +0000] "PUT /1/59009/AUTH_53b9bcf7d8194db7bd330ca574b5edab/gnocchi.522beeeb-443a-4b91-9f48-7f83139d57da/none_v3" 201 - "PUT http://[::1]:8080/3/101875/AUTH_53b9bcf7d8194db7bd330ca574b5edab/gnocchi.522beeeb-443a-4b91-9f48-7f83139d57da/none_v3" "txf046855dffef49e287d3e-00692c8fdd" "object-server 96823" 0.0009 "-" 96490 0
Nov 30 13:41:33 np0005540255.novalocal object-server[96823]: ::1 - - [30/Nov/2025:18:41:33 +0000] "PUT /3/101875/AUTH_53b9bcf7d8194db7bd330ca574b5edab/gnocchi.522beeeb-443a-4b91-9f48-7f83139d57da/none_v3" 201 - "PUT https://[::1]:8080/v1/AUTH_53b9bcf7d8194db7bd330ca574b5edab/gnocchi.522beeeb-443a-4b91-9f48-7f83139d57da/none_v3" "txf046855dffef49e287d3e-00692c8fdd" "proxy-server 97815" 0.0239 "-" 96823 0
Nov 30 13:41:33 np0005540255.novalocal proxy-server[97815]: ::1 ::1 30/Nov/2025/18/41/33 PUT /v1/AUTH_53b9bcf7d8194db7bd330ca574b5edab/gnocchi.522beeeb-443a-4b91-9f48-7f83139d57da/none_v3 HTTP/1.0 201 - python-swiftclient-4.7.0 gAAAAABpLI-56T9k... 22 - - txf046855dffef49e287d3e-00692c8fdd - 0.0404 - - 1764528093.136848450 1764528093.177234888 0
Nov 30 13:41:33 np0005540255.novalocal container-server[96490]: ::1 - - [30/Nov/2025:18:41:33 +0000] "PUT /3/185269/AUTH_53b9bcf7d8194db7bd330ca574b5edab/gnocchi.e4869c31-7173-46d3-bf39-d20dcf761266/1763640000.0_mean_300.0_v3" 201 - "PUT http://[::1]:8080/2/207151/AUTH_53b9bcf7d8194db7bd330ca574b5edab/gnocchi.e4869c31-7173-46d3-bf39-d20dcf761266/1763640000.0_mean_300.0_v3" "tx729490aaee1a4313a9ee0-00692c8fdd" "object-server 96823" 0.0034 "-" 96490 0
Nov 30 13:41:33 np0005540255.novalocal object-server[96823]: ::1 - - [30/Nov/2025:18:41:33 +0000] "PUT /2/207151/AUTH_53b9bcf7d8194db7bd330ca574b5edab/gnocchi.e4869c31-7173-46d3-bf39-d20dcf761266/1763640000.0_mean_300.0_v3" 201 - "PUT https://[::1]:8080/v1/AUTH_53b9bcf7d8194db7bd330ca574b5edab/gnocchi.e4869c31-7173-46d3-bf39-d20dcf761266/1763640000.0_mean_300.0_v3" "tx729490aaee1a4313a9ee0-00692c8fdd" "proxy-server 97815" 0.0293 "-" 96823 0
Nov 30 13:41:33 np0005540255.novalocal kernel: qg-4f350975-e7: entered promiscuous mode
Nov 30 13:41:33 np0005540255.novalocal NetworkManager[859]: [1764528093.2175] manager: (qg-4f350975-e7): 'openvswitch' plugin not available; creating generic device
Nov 30 13:41:33 np0005540255.novalocal container-server[96491]: ::1 - - [30/Nov/2025:18:41:33 +0000] "HEAD /2/69314/AUTH_53b9bcf7d8194db7bd330ca574b5edab/gnocchi.bece071c-10ec-4b32-b51b-2dbf45e929ec" 404 - "HEAD http://[::1]:8080/v1/AUTH_53b9bcf7d8194db7bd330ca574b5edab/gnocchi.bece071c-10ec-4b32-b51b-2dbf45e929ec" "txcb40966ba1bc4afebd42d-00692c8fdd" "proxy-server 97815" 0.0003 "-" 96491 0
Nov 30 13:41:33 np0005540255.novalocal systemd-udevd[104616]: Network interface NamePolicy= disabled on kernel command line.
Nov 30 13:41:33 np0005540255.novalocal NetworkManager[859]: [1764528093.2213] manager: (qg-4f350975-e7): new Generic device (/org/freedesktop/NetworkManager/Devices/31)
Nov 30 13:41:33 np0005540255.novalocal container-server[96491]: ::1 - - [30/Nov/2025:18:41:33 +0000] "PUT /1/185269/AUTH_53b9bcf7d8194db7bd330ca574b5edab/gnocchi.e4869c31-7173-46d3-bf39-d20dcf761266/1763640000.0_mean_300.0_v3" 201 - "PUT http://[::1]:8080/1/207151/AUTH_53b9bcf7d8194db7bd330ca574b5edab/gnocchi.e4869c31-7173-46d3-bf39-d20dcf761266/1763640000.0_mean_300.0_v3" "tx729490aaee1a4313a9ee0-00692c8fdd" "object-server 96823" 0.0008 "-" 96491 0
Nov 30 13:41:33 np0005540255.novalocal object-server[96823]: ::1 - - [30/Nov/2025:18:41:33 +0000] "PUT /1/207151/AUTH_53b9bcf7d8194db7bd330ca574b5edab/gnocchi.e4869c31-7173-46d3-bf39-d20dcf761266/1763640000.0_mean_300.0_v3" 201 - "PUT https://[::1]:8080/v1/AUTH_53b9bcf7d8194db7bd330ca574b5edab/gnocchi.e4869c31-7173-46d3-bf39-d20dcf761266/1763640000.0_mean_300.0_v3" "tx729490aaee1a4313a9ee0-00692c8fdd" "proxy-server 97815" 0.0424 "-" 96823 0
Nov 30 13:41:33 np0005540255.novalocal container-server[96491]: ::1 - - [30/Nov/2025:18:41:33 +0000] "PUT /2/185269/AUTH_53b9bcf7d8194db7bd330ca574b5edab/gnocchi.e4869c31-7173-46d3-bf39-d20dcf761266/1763640000.0_mean_300.0_v3" 201 - "PUT http://[::1]:8080/3/207151/AUTH_53b9bcf7d8194db7bd330ca574b5edab/gnocchi.e4869c31-7173-46d3-bf39-d20dcf761266/1763640000.0_mean_300.0_v3" "tx729490aaee1a4313a9ee0-00692c8fdd" "object-server 96823" 0.0007 "-" 96491 0
Nov 30 13:41:33 np0005540255.novalocal object-server[96823]: ::1 - - [30/Nov/2025:18:41:33 +0000] "PUT /3/207151/AUTH_53b9bcf7d8194db7bd330ca574b5edab/gnocchi.e4869c31-7173-46d3-bf39-d20dcf761266/1763640000.0_mean_300.0_v3" 201 - "PUT https://[::1]:8080/v1/AUTH_53b9bcf7d8194db7bd330ca574b5edab/gnocchi.e4869c31-7173-46d3-bf39-d20dcf761266/1763640000.0_mean_300.0_v3" "tx729490aaee1a4313a9ee0-00692c8fdd" "proxy-server 97815" 0.0413 "-" 96823 0
Nov 30 13:41:33 np0005540255.novalocal container-server[96490]: ::1 - - [30/Nov/2025:18:41:33 +0000] "HEAD /1/69314/AUTH_53b9bcf7d8194db7bd330ca574b5edab/gnocchi.bece071c-10ec-4b32-b51b-2dbf45e929ec" 404 - "HEAD http://[::1]:8080/v1/AUTH_53b9bcf7d8194db7bd330ca574b5edab/gnocchi.bece071c-10ec-4b32-b51b-2dbf45e929ec" "txcb40966ba1bc4afebd42d-00692c8fdd" "proxy-server 97815" 0.0005 "-" 96490 0
Nov 30 13:41:33 np0005540255.novalocal proxy-server[97815]: ::1 ::1 30/Nov/2025/18/41/33 PUT /v1/AUTH_53b9bcf7d8194db7bd330ca574b5edab/gnocchi.e4869c31-7173-46d3-bf39-d20dcf761266/1763640000.0_mean_300.0_v3 HTTP/1.0 201 - python-swiftclient-4.7.0 gAAAAABpLI-5FlkI... 16 - - tx729490aaee1a4313a9ee0-00692c8fdd - 0.0588 - - 1764528093.166121960 1764528093.224913836 0
Nov 30 13:41:33 np0005540255.novalocal container-server[96490]: ::1 - - [30/Nov/2025:18:41:33 +0000] "HEAD /3/69314/AUTH_53b9bcf7d8194db7bd330ca574b5edab/gnocchi.bece071c-10ec-4b32-b51b-2dbf45e929ec" 404 - "HEAD http://[::1]:8080/v1/AUTH_53b9bcf7d8194db7bd330ca574b5edab/gnocchi.bece071c-10ec-4b32-b51b-2dbf45e929ec" "txcb40966ba1bc4afebd42d-00692c8fdd" "proxy-server 97815" 0.0004 "-" 96490 0
Nov 30 13:41:33 np0005540255.novalocal proxy-server[97815]: - - 30/Nov/2025/18/41/33 HEAD /v1/AUTH_53b9bcf7d8194db7bd330ca574b5edab/gnocchi.bece071c-10ec-4b32-b51b-2dbf45e929ec HTTP/1.0 404 - Swift - - - - txcb40966ba1bc4afebd42d-00692c8fdd - 0.0266 CS - 1764528093.214707375 1764528093.241308451 0
Nov 30 13:41:33 np0005540255.novalocal object-server[96824]: ::1 - - [30/Nov/2025:18:41:33 +0000] "GET /3/204167/AUTH_53b9bcf7d8194db7bd330ca574b5edab/gnocchi.bece071c-10ec-4b32-b51b-2dbf45e929ec/none_v3" 404 70 "GET https://[::1]:8080/v1/AUTH_53b9bcf7d8194db7bd330ca574b5edab/gnocchi.bece071c-10ec-4b32-b51b-2dbf45e929ec/none_v3" "txcb40966ba1bc4afebd42d-00692c8fdd" "proxy-server 97815" 0.0002 "-" 96824 0
Nov 30 13:41:33 np0005540255.novalocal virtnodedevd[99934]: ethtool ioctl error on qg-4f350975-e7: No such device
Nov 30 13:41:33 np0005540255.novalocal object-server[96824]: ::1 - - [30/Nov/2025:18:41:33 +0000] "GET /1/204167/AUTH_53b9bcf7d8194db7bd330ca574b5edab/gnocchi.bece071c-10ec-4b32-b51b-2dbf45e929ec/none_v3" 404 70 "GET https://[::1]:8080/v1/AUTH_53b9bcf7d8194db7bd330ca574b5edab/gnocchi.bece071c-10ec-4b32-b51b-2dbf45e929ec/none_v3" "txcb40966ba1bc4afebd42d-00692c8fdd" "proxy-server 97815" 0.0002 "-" 96824 0
Nov 30 13:41:33 np0005540255.novalocal virtnodedevd[99934]: ethtool ioctl error on qg-4f350975-e7: No such device
Nov 30 13:41:33 np0005540255.novalocal virtnodedevd[99934]: ethtool ioctl error on qg-4f350975-e7: No such device
Nov 30 13:41:33 np0005540255.novalocal object-server[96823]: ::1 - - [30/Nov/2025:18:41:33 +0000] "GET /2/204167/AUTH_53b9bcf7d8194db7bd330ca574b5edab/gnocchi.bece071c-10ec-4b32-b51b-2dbf45e929ec/none_v3" 404 70 "GET https://[::1]:8080/v1/AUTH_53b9bcf7d8194db7bd330ca574b5edab/gnocchi.bece071c-10ec-4b32-b51b-2dbf45e929ec/none_v3" "txcb40966ba1bc4afebd42d-00692c8fdd" "proxy-server 97815" 0.0004 "-" 96823 0
Nov 30 13:41:33 np0005540255.novalocal proxy-server[97815]: ::1 ::1 30/Nov/2025/18/41/33 GET /v1/AUTH_53b9bcf7d8194db7bd330ca574b5edab/gnocchi.bece071c-10ec-4b32-b51b-2dbf45e929ec/none_v3 HTTP/1.0 404 - python-swiftclient-4.7.0 gAAAAABpLI-56T9k... - 70 - txcb40966ba1bc4afebd42d-00692c8fdd - 0.0501 - - 1764528093.213666677 1764528093.263797998 0
Nov 30 13:41:33 np0005540255.novalocal virtnodedevd[99934]: ethtool ioctl error on qg-4f350975-e7: No such device
Nov 30 13:41:33 np0005540255.novalocal container-server[96490]: ::1 - - [30/Nov/2025:18:41:33 +0000] "PUT /1/185269/AUTH_53b9bcf7d8194db7bd330ca574b5edab/gnocchi.e4869c31-7173-46d3-bf39-d20dcf761266/none_v3" 201 - "PUT http://[::1]:8080/1/163979/AUTH_53b9bcf7d8194db7bd330ca574b5edab/gnocchi.e4869c31-7173-46d3-bf39-d20dcf761266/none_v3" "tx9d51a459e3a04ab695dc1-00692c8fdd" "object-server 96823" 0.0008 "-" 96490 0
Nov 30 13:41:33 np0005540255.novalocal object-server[96823]: ::1 - - [30/Nov/2025:18:41:33 +0000] "PUT /1/163979/AUTH_53b9bcf7d8194db7bd330ca574b5edab/gnocchi.e4869c31-7173-46d3-bf39-d20dcf761266/none_v3" 201 - "PUT https://[::1]:8080/v1/AUTH_53b9bcf7d8194db7bd330ca574b5edab/gnocchi.e4869c31-7173-46d3-bf39-d20dcf761266/none_v3" "tx9d51a459e3a04ab695dc1-00692c8fdd" "proxy-server 97815" 0.0240 "-" 96823 0
Nov 30 13:41:33 np0005540255.novalocal virtnodedevd[99934]: ethtool ioctl error on qg-4f350975-e7: No such device
Nov 30 13:41:33 np0005540255.novalocal container-server[96490]: ::1 - - [30/Nov/2025:18:41:33 +0000] "PUT /2/185269/AUTH_53b9bcf7d8194db7bd330ca574b5edab/gnocchi.e4869c31-7173-46d3-bf39-d20dcf761266/none_v3" 201 - "PUT http://[::1]:8080/3/163979/AUTH_53b9bcf7d8194db7bd330ca574b5edab/gnocchi.e4869c31-7173-46d3-bf39-d20dcf761266/none_v3" "tx9d51a459e3a04ab695dc1-00692c8fdd" "object-server 96824" 0.0006 "-" 96490 0
Nov 30 13:41:33 np0005540255.novalocal object-server[96824]: ::1 - - [30/Nov/2025:18:41:33 +0000] "PUT /3/163979/AUTH_53b9bcf7d8194db7bd330ca574b5edab/gnocchi.e4869c31-7173-46d3-bf39-d20dcf761266/none_v3" 201 - "PUT https://[::1]:8080/v1/AUTH_53b9bcf7d8194db7bd330ca574b5edab/gnocchi.e4869c31-7173-46d3-bf39-d20dcf761266/none_v3" "tx9d51a459e3a04ab695dc1-00692c8fdd" "proxy-server 97815" 0.0278 "-" 96824 0
Nov 30 13:41:33 np0005540255.novalocal container-server[96490]: ::1 - - [30/Nov/2025:18:41:33 +0000] "PUT /3/185269/AUTH_53b9bcf7d8194db7bd330ca574b5edab/gnocchi.e4869c31-7173-46d3-bf39-d20dcf761266/none_v3" 201 - "PUT http://[::1]:8080/2/163979/AUTH_53b9bcf7d8194db7bd330ca574b5edab/gnocchi.e4869c31-7173-46d3-bf39-d20dcf761266/none_v3" "tx9d51a459e3a04ab695dc1-00692c8fdd" "object-server 96824" 0.0004 "-" 96490 0
Nov 30 13:41:33 np0005540255.novalocal object-server[96824]: ::1 - - [30/Nov/2025:18:41:33 +0000] "PUT /2/163979/AUTH_53b9bcf7d8194db7bd330ca574b5edab/gnocchi.e4869c31-7173-46d3-bf39-d20dcf761266/none_v3" 201 - "PUT https://[::1]:8080/v1/AUTH_53b9bcf7d8194db7bd330ca574b5edab/gnocchi.e4869c31-7173-46d3-bf39-d20dcf761266/none_v3" "tx9d51a459e3a04ab695dc1-00692c8fdd" "proxy-server 97815" 0.0277 "-" 96824 0
Nov 30 13:41:33 np0005540255.novalocal virtnodedevd[99934]: ethtool ioctl error on qg-4f350975-e7: No such device
Nov 30 13:41:33 np0005540255.novalocal proxy-server[97815]: ::1 ::1 30/Nov/2025/18/41/33 PUT /v1/AUTH_53b9bcf7d8194db7bd330ca574b5edab/gnocchi.e4869c31-7173-46d3-bf39-d20dcf761266/none_v3 HTTP/1.0 201 - python-swiftclient-4.7.0 gAAAAABpLI-5FlkI... 22 - - tx9d51a459e3a04ab695dc1-00692c8fdd - 0.0496 - - 1764528093.228769302 1764528093.278366804 0
Nov 30 13:41:33 np0005540255.novalocal virtnodedevd[99934]: ethtool ioctl error on qg-4f350975-e7: No such device
Nov 30 13:41:33 np0005540255.novalocal virtnodedevd[99934]: ethtool ioctl error on qg-4f350975-e7: No such device
Nov 30 13:41:33 np0005540255.novalocal account-server[96195]: ::1 - - [30/Nov/2025:18:41:33 +0000] "PUT /3/128474/AUTH_53b9bcf7d8194db7bd330ca574b5edab/gnocchi.bece071c-10ec-4b32-b51b-2dbf45e929ec" 201 - "PUT http://[::1]:6001/1/69314/AUTH_53b9bcf7d8194db7bd330ca574b5edab/gnocchi.bece071c-10ec-4b32-b51b-2dbf45e929ec" "tx41078b5e504f41e1bbc35-00692c8fdd" "container-server 96491" 0.0072 "-" 96195 0
Nov 30 13:41:33 np0005540255.novalocal container-server[96491]: ::1 - - [30/Nov/2025:18:41:33 +0000] "PUT /1/69314/AUTH_53b9bcf7d8194db7bd330ca574b5edab/gnocchi.bece071c-10ec-4b32-b51b-2dbf45e929ec" 201 - "PUT https://[::1]:8080/v1/AUTH_53b9bcf7d8194db7bd330ca574b5edab/gnocchi.bece071c-10ec-4b32-b51b-2dbf45e929ec" "tx41078b5e504f41e1bbc35-00692c8fdd" "proxy-server 97815" 0.0427 "-" 96491 0
Nov 30 13:41:33 np0005540255.novalocal container-server[96491]: ::1 - - [30/Nov/2025:18:41:33 +0000] "HEAD /2/161207/AUTH_53b9bcf7d8194db7bd330ca574b5edab/gnocchi.393b8aed-1c9f-43b6-807d-32aa2911c5ed" 404 - "HEAD http://[::1]:8080/v1/AUTH_53b9bcf7d8194db7bd330ca574b5edab/gnocchi.393b8aed-1c9f-43b6-807d-32aa2911c5ed" "tx0669182a959f4172bd328-00692c8fdd" "proxy-server 97815" 0.0003 "-" 96491 0
Nov 30 13:41:33 np0005540255.novalocal account-server[96195]: ::1 - - [30/Nov/2025:18:41:33 +0000] "PUT /1/128474/AUTH_53b9bcf7d8194db7bd330ca574b5edab/gnocchi.bece071c-10ec-4b32-b51b-2dbf45e929ec" 201 - "PUT http://[::1]:6001/2/69314/AUTH_53b9bcf7d8194db7bd330ca574b5edab/gnocchi.bece071c-10ec-4b32-b51b-2dbf45e929ec" "tx41078b5e504f41e1bbc35-00692c8fdd" "container-server 96491" 0.0050 "-" 96195 0
Nov 30 13:41:33 np0005540255.novalocal container-server[96491]: ::1 - - [30/Nov/2025:18:41:33 +0000] "PUT /2/69314/AUTH_53b9bcf7d8194db7bd330ca574b5edab/gnocchi.bece071c-10ec-4b32-b51b-2dbf45e929ec" 201 - "PUT https://[::1]:8080/v1/AUTH_53b9bcf7d8194db7bd330ca574b5edab/gnocchi.bece071c-10ec-4b32-b51b-2dbf45e929ec" "tx41078b5e504f41e1bbc35-00692c8fdd" "proxy-server 97815" 0.0232 "-" 96491 0
Nov 30 13:41:33 np0005540255.novalocal account-server[96196]: ::1 - - [30/Nov/2025:18:41:33 +0000] "PUT /2/128474/AUTH_53b9bcf7d8194db7bd330ca574b5edab/gnocchi.bece071c-10ec-4b32-b51b-2dbf45e929ec" 201 - "PUT http://[::1]:6001/3/69314/AUTH_53b9bcf7d8194db7bd330ca574b5edab/gnocchi.bece071c-10ec-4b32-b51b-2dbf45e929ec" "tx41078b5e504f41e1bbc35-00692c8fdd" "container-server 96491" 0.0050 "-" 96196 0
Nov 30 13:41:33 np0005540255.novalocal container-server[96491]: ::1 - - [30/Nov/2025:18:41:33 +0000] "HEAD /1/161207/AUTH_53b9bcf7d8194db7bd330ca574b5edab/gnocchi.393b8aed-1c9f-43b6-807d-32aa2911c5ed" 404 - "HEAD http://[::1]:8080/v1/AUTH_53b9bcf7d8194db7bd330ca574b5edab/gnocchi.393b8aed-1c9f-43b6-807d-32aa2911c5ed" "tx0669182a959f4172bd328-00692c8fdd" "proxy-server 97815" 0.0003 "-" 96491 0
Nov 30 13:41:33 np0005540255.novalocal container-server[96491]: ::1 - - [30/Nov/2025:18:41:33 +0000] "PUT /3/69314/AUTH_53b9bcf7d8194db7bd330ca574b5edab/gnocchi.bece071c-10ec-4b32-b51b-2dbf45e929ec" 201 - "PUT https://[::1]:8080/v1/AUTH_53b9bcf7d8194db7bd330ca574b5edab/gnocchi.bece071c-10ec-4b32-b51b-2dbf45e929ec" "tx41078b5e504f41e1bbc35-00692c8fdd" "proxy-server 97815" 0.0367 "-" 96491 0
Nov 30 13:41:33 np0005540255.novalocal container-server[96491]: ::1 - - [30/Nov/2025:18:41:33 +0000] "HEAD /3/161207/AUTH_53b9bcf7d8194db7bd330ca574b5edab/gnocchi.393b8aed-1c9f-43b6-807d-32aa2911c5ed" 404 - "HEAD http://[::1]:8080/v1/AUTH_53b9bcf7d8194db7bd330ca574b5edab/gnocchi.393b8aed-1c9f-43b6-807d-32aa2911c5ed" "tx0669182a959f4172bd328-00692c8fdd" "proxy-server 97815" 0.0002 "-" 96491 0
Nov 30 13:41:33 np0005540255.novalocal proxy-server[97815]: ::1 ::1 30/Nov/2025/18/41/33 PUT /v1/AUTH_53b9bcf7d8194db7bd330ca574b5edab/gnocchi.bece071c-10ec-4b32-b51b-2dbf45e929ec HTTP/1.0 201 - python-swiftclient-4.7.0 gAAAAABpLI-56T9k... - - - tx41078b5e504f41e1bbc35-00692c8fdd - 0.0639 - - 1764528093.268059969 1764528093.331936598 0
Nov 30 13:41:33 np0005540255.novalocal proxy-server[97815]: - - 30/Nov/2025/18/41/33 HEAD /v1/AUTH_53b9bcf7d8194db7bd330ca574b5edab/gnocchi.393b8aed-1c9f-43b6-807d-32aa2911c5ed HTTP/1.0 404 - Swift - - - - tx0669182a959f4172bd328-00692c8fdd - 0.0335 CS - 1764528093.301133394 1764528093.334647179 0
Nov 30 13:41:33 np0005540255.novalocal dnsmasq[104687]: started, version 2.85 cachesize 150
Nov 30 13:41:33 np0005540255.novalocal dnsmasq[104687]: DNS service limited to local subnets
Nov 30 13:41:33 np0005540255.novalocal dnsmasq[104687]: compile time options: IPv6 GNU-getopt DBus no-UBus no-i18n IDN2 DHCP DHCPv6 no-Lua TFTP no-conntrack ipset auth cryptohash DNSSEC loop-detect inotify dumpfile
Nov 30 13:41:33 np0005540255.novalocal dnsmasq[104687]: warning: no upstream servers configured
Nov 30 13:41:33 np0005540255.novalocal dnsmasq-dhcp[104687]: DHCP, static leases only on 10.100.0.0, lease time 1d
Nov 30 13:41:33 np0005540255.novalocal dnsmasq[104687]: read /var/lib/neutron/dhcp/acf9003b-c95b-4115-ad05-dd69f25fbae4/addn_hosts - 0 addresses
Nov 30 13:41:33 np0005540255.novalocal dnsmasq-dhcp[104687]: read /var/lib/neutron/dhcp/acf9003b-c95b-4115-ad05-dd69f25fbae4/host
Nov 30 13:41:33 np0005540255.novalocal dnsmasq-dhcp[104687]: read /var/lib/neutron/dhcp/acf9003b-c95b-4115-ad05-dd69f25fbae4/opts
Nov 30 13:41:33 np0005540255.novalocal object-server[96823]: ::1 - - [30/Nov/2025:18:41:33 +0000] "GET /1/59464/AUTH_53b9bcf7d8194db7bd330ca574b5edab/gnocchi.393b8aed-1c9f-43b6-807d-32aa2911c5ed/none_v3" 404 70 "GET https://[::1]:8080/v1/AUTH_53b9bcf7d8194db7bd330ca574b5edab/gnocchi.393b8aed-1c9f-43b6-807d-32aa2911c5ed/none_v3" "tx0669182a959f4172bd328-00692c8fdd" "proxy-server 97815" 0.0004 "-" 96823 0
Nov 30 13:41:33 np0005540255.novalocal object-server[96823]: ::1 - - [30/Nov/2025:18:41:33 +0000] "GET /3/59464/AUTH_53b9bcf7d8194db7bd330ca574b5edab/gnocchi.393b8aed-1c9f-43b6-807d-32aa2911c5ed/none_v3" 404 70 "GET https://[::1]:8080/v1/AUTH_53b9bcf7d8194db7bd330ca574b5edab/gnocchi.393b8aed-1c9f-43b6-807d-32aa2911c5ed/none_v3" "tx0669182a959f4172bd328-00692c8fdd" "proxy-server 97815" 0.0005 "-" 96823 0
Nov 30 13:41:33 np0005540255.novalocal container-server[96490]: ::1 - - [30/Nov/2025:18:41:33 +0000] "HEAD /1/69314/AUTH_53b9bcf7d8194db7bd330ca574b5edab/gnocchi.bece071c-10ec-4b32-b51b-2dbf45e929ec" 204 - "HEAD http://[::1]:8080/v1/AUTH_53b9bcf7d8194db7bd330ca574b5edab/gnocchi.bece071c-10ec-4b32-b51b-2dbf45e929ec" "tx9a12e567361041fd911e1-00692c8fdd" "proxy-server 97815" 0.0022 "-" 96490 0
Nov 30 13:41:33 np0005540255.novalocal object-server[96823]: ::1 - - [30/Nov/2025:18:41:33 +0000] "GET /2/59464/AUTH_53b9bcf7d8194db7bd330ca574b5edab/gnocchi.393b8aed-1c9f-43b6-807d-32aa2911c5ed/none_v3" 404 70 "GET https://[::1]:8080/v1/AUTH_53b9bcf7d8194db7bd330ca574b5edab/gnocchi.393b8aed-1c9f-43b6-807d-32aa2911c5ed/none_v3" "tx0669182a959f4172bd328-00692c8fdd" "proxy-server 97815" 0.0003 "-" 96823 0
Nov 30 13:41:33 np0005540255.novalocal proxy-server[97815]: ::1 ::1 30/Nov/2025/18/41/33 GET /v1/AUTH_53b9bcf7d8194db7bd330ca574b5edab/gnocchi.393b8aed-1c9f-43b6-807d-32aa2911c5ed/none_v3 HTTP/1.0 404 - python-swiftclient-4.7.0 gAAAAABpLI-5FlkI... - 70 - tx0669182a959f4172bd328-00692c8fdd - 0.0490 - - 1764528093.300121069 1764528093.349129438 0
Nov 30 13:41:33 np0005540255.novalocal proxy-server[97815]: - - 30/Nov/2025/18/41/33 HEAD /v1/AUTH_53b9bcf7d8194db7bd330ca574b5edab/gnocchi.bece071c-10ec-4b32-b51b-2dbf45e929ec HTTP/1.0 204 - Swift - - - - tx9a12e567361041fd911e1-00692c8fdd - 0.0102 CS - 1764528093.340100050 1764528093.350317717 0
Nov 30 13:41:33 np0005540255.novalocal container-server[96490]: ::1 - - [30/Nov/2025:18:41:33 +0000] "GET /1/69314/AUTH_53b9bcf7d8194db7bd330ca574b5edab/gnocchi.bece071c-10ec-4b32-b51b-2dbf45e929ec" 200 2 "GET https://[::1]:8080/v1/AUTH_53b9bcf7d8194db7bd330ca574b5edab/gnocchi.bece071c-10ec-4b32-b51b-2dbf45e929ec?format=json&states=listing" "tx9a12e567361041fd911e1-00692c8fdd" "proxy-server 97815" 0.0031 "-" 96490 0
Nov 30 13:41:33 np0005540255.novalocal proxy-server[97815]: ::1 ::1 30/Nov/2025/18/41/33 GET /v1/AUTH_53b9bcf7d8194db7bd330ca574b5edab/gnocchi.bece071c-10ec-4b32-b51b-2dbf45e929ec%3Fformat%3Djson%26states%3Dlisting HTTP/1.0 200 - python-swiftclient-4.7.0 gAAAAABpLI-56T9k... - 2 - tx9a12e567361041fd911e1-00692c8fdd - 0.0216 - - 1764528093.339079857 1764528093.360682249 0
Nov 30 13:41:33 np0005540255.novalocal object-server[96823]: ::1 - - [30/Nov/2025:18:41:33 +0000] "GET /2/104731/AUTH_53b9bcf7d8194db7bd330ca574b5edab/gnocchi.bece071c-10ec-4b32-b51b-2dbf45e929ec/1763640000.0_mean_300.0_v3" 404 70 "GET https://[::1]:8080/v1/AUTH_53b9bcf7d8194db7bd330ca574b5edab/gnocchi.bece071c-10ec-4b32-b51b-2dbf45e929ec/1763640000.0_mean_300.0_v3" "tx50a027d5acda4724aae11-00692c8fdd" "proxy-server 97815" 0.0003 "-" 96823 0
Nov 30 13:41:33 np0005540255.novalocal object-server[96824]: ::1 - - [30/Nov/2025:18:41:33 +0000] "GET /1/104731/AUTH_53b9bcf7d8194db7bd330ca574b5edab/gnocchi.bece071c-10ec-4b32-b51b-2dbf45e929ec/1763640000.0_mean_300.0_v3" 404 70 "GET https://[::1]:8080/v1/AUTH_53b9bcf7d8194db7bd330ca574b5edab/gnocchi.bece071c-10ec-4b32-b51b-2dbf45e929ec/1763640000.0_mean_300.0_v3" "tx50a027d5acda4724aae11-00692c8fdd" "proxy-server 97815" 0.0004 "-" 96824 0
Nov 30 13:41:33 np0005540255.novalocal object-server[96823]: ::1 - - [30/Nov/2025:18:41:33 +0000] "GET /3/104731/AUTH_53b9bcf7d8194db7bd330ca574b5edab/gnocchi.bece071c-10ec-4b32-b51b-2dbf45e929ec/1763640000.0_mean_300.0_v3" 404 70 "GET https://[::1]:8080/v1/AUTH_53b9bcf7d8194db7bd330ca574b5edab/gnocchi.bece071c-10ec-4b32-b51b-2dbf45e929ec/1763640000.0_mean_300.0_v3" "tx50a027d5acda4724aae11-00692c8fdd" "proxy-server 97815" 0.0002 "-" 96823 0
Nov 30 13:41:33 np0005540255.novalocal proxy-server[97815]: ::1 ::1 30/Nov/2025/18/41/33 GET /v1/AUTH_53b9bcf7d8194db7bd330ca574b5edab/gnocchi.bece071c-10ec-4b32-b51b-2dbf45e929ec/1763640000.0_mean_300.0_v3 HTTP/1.0 404 - python-swiftclient-4.7.0 gAAAAABpLI-56T9k... - 70 - tx50a027d5acda4724aae11-00692c8fdd - 0.0127 - - 1764528093.363921642 1764528093.376580000 0
Nov 30 13:41:33 np0005540255.novalocal account-server[96195]: ::1 - - [30/Nov/2025:18:41:33 +0000] "PUT /3/128474/AUTH_53b9bcf7d8194db7bd330ca574b5edab/gnocchi.393b8aed-1c9f-43b6-807d-32aa2911c5ed" 201 - "PUT http://[::1]:6001/1/161207/AUTH_53b9bcf7d8194db7bd330ca574b5edab/gnocchi.393b8aed-1c9f-43b6-807d-32aa2911c5ed" "tx76b7f202f7e54bcc8cc8d-00692c8fdd" "container-server 96491" 0.0068 "-" 96195 0
Nov 30 13:41:33 np0005540255.novalocal container-server[96491]: ::1 - - [30/Nov/2025:18:41:33 +0000] "PUT /1/161207/AUTH_53b9bcf7d8194db7bd330ca574b5edab/gnocchi.393b8aed-1c9f-43b6-807d-32aa2911c5ed" 201 - "PUT https://[::1]:8080/v1/AUTH_53b9bcf7d8194db7bd330ca574b5edab/gnocchi.393b8aed-1c9f-43b6-807d-32aa2911c5ed" "tx76b7f202f7e54bcc8cc8d-00692c8fdd" "proxy-server 97815" 0.0206 "-" 96491 0
Nov 30 13:41:33 np0005540255.novalocal account-server[96195]: ::1 - - [30/Nov/2025:18:41:33 +0000] "PUT /1/128474/AUTH_53b9bcf7d8194db7bd330ca574b5edab/gnocchi.393b8aed-1c9f-43b6-807d-32aa2911c5ed" 201 - "PUT http://[::1]:6001/3/161207/AUTH_53b9bcf7d8194db7bd330ca574b5edab/gnocchi.393b8aed-1c9f-43b6-807d-32aa2911c5ed" "tx76b7f202f7e54bcc8cc8d-00692c8fdd" "container-server 96490" 0.0045 "-" 96195 0
Nov 30 13:41:33 np0005540255.novalocal container-server[96490]: ::1 - - [30/Nov/2025:18:41:33 +0000] "PUT /3/161207/AUTH_53b9bcf7d8194db7bd330ca574b5edab/gnocchi.393b8aed-1c9f-43b6-807d-32aa2911c5ed" 201 - "PUT https://[::1]:8080/v1/AUTH_53b9bcf7d8194db7bd330ca574b5edab/gnocchi.393b8aed-1c9f-43b6-807d-32aa2911c5ed" "tx76b7f202f7e54bcc8cc8d-00692c8fdd" "proxy-server 97815" 0.0185 "-" 96490 0
Nov 30 13:41:33 np0005540255.novalocal account-server[96195]: ::1 - - [30/Nov/2025:18:41:33 +0000] "PUT /2/128474/AUTH_53b9bcf7d8194db7bd330ca574b5edab/gnocchi.393b8aed-1c9f-43b6-807d-32aa2911c5ed" 201 - "PUT http://[::1]:6001/2/161207/AUTH_53b9bcf7d8194db7bd330ca574b5edab/gnocchi.393b8aed-1c9f-43b6-807d-32aa2911c5ed" "tx76b7f202f7e54bcc8cc8d-00692c8fdd" "container-server 96490" 0.0062 "-" 96195 0
Nov 30 13:41:33 np0005540255.novalocal container-server[96490]: ::1 - - [30/Nov/2025:18:41:33 +0000] "PUT /2/161207/AUTH_53b9bcf7d8194db7bd330ca574b5edab/gnocchi.393b8aed-1c9f-43b6-807d-32aa2911c5ed" 201 - "PUT https://[::1]:8080/v1/AUTH_53b9bcf7d8194db7bd330ca574b5edab/gnocchi.393b8aed-1c9f-43b6-807d-32aa2911c5ed" "tx76b7f202f7e54bcc8cc8d-00692c8fdd" "proxy-server 97815" 0.0396 "-" 96490 0
Nov 30 13:41:33 np0005540255.novalocal container-server[96491]: ::1 - - [30/Nov/2025:18:41:33 +0000] "PUT /3/69314/AUTH_53b9bcf7d8194db7bd330ca574b5edab/gnocchi.bece071c-10ec-4b32-b51b-2dbf45e929ec/1763640000.0_mean_300.0_v3" 201 - "PUT http://[::1]:8080/1/104731/AUTH_53b9bcf7d8194db7bd330ca574b5edab/gnocchi.bece071c-10ec-4b32-b51b-2dbf45e929ec/1763640000.0_mean_300.0_v3" "tx09a46a3d27274d209928b-00692c8fdd" "object-server 96823" 0.0005 "-" 96491 0
Nov 30 13:41:33 np0005540255.novalocal object-server[96823]: ::1 - - [30/Nov/2025:18:41:33 +0000] "PUT /1/104731/AUTH_53b9bcf7d8194db7bd330ca574b5edab/gnocchi.bece071c-10ec-4b32-b51b-2dbf45e929ec/1763640000.0_mean_300.0_v3" 201 - "PUT https://[::1]:8080/v1/AUTH_53b9bcf7d8194db7bd330ca574b5edab/gnocchi.bece071c-10ec-4b32-b51b-2dbf45e929ec/1763640000.0_mean_300.0_v3" "tx09a46a3d27274d209928b-00692c8fdd" "proxy-server 97815" 0.0119 "-" 96823 0
Nov 30 13:41:33 np0005540255.novalocal proxy-server[97815]: ::1 ::1 30/Nov/2025/18/41/33 PUT /v1/AUTH_53b9bcf7d8194db7bd330ca574b5edab/gnocchi.393b8aed-1c9f-43b6-807d-32aa2911c5ed HTTP/1.0 201 - python-swiftclient-4.7.0 gAAAAABpLI-5FlkI... - - - tx76b7f202f7e54bcc8cc8d-00692c8fdd - 0.0479 - - 1764528093.353559732 1764528093.401446104 0
Nov 30 13:41:33 np0005540255.novalocal container-server[96490]: ::1 - - [30/Nov/2025:18:41:33 +0000] "PUT /1/69314/AUTH_53b9bcf7d8194db7bd330ca574b5edab/gnocchi.bece071c-10ec-4b32-b51b-2dbf45e929ec/1763640000.0_mean_300.0_v3" 201 - "PUT http://[::1]:8080/2/104731/AUTH_53b9bcf7d8194db7bd330ca574b5edab/gnocchi.bece071c-10ec-4b32-b51b-2dbf45e929ec/1763640000.0_mean_300.0_v3" "tx09a46a3d27274d209928b-00692c8fdd" "object-server 96823" 0.0016 "-" 96490 0
Nov 30 13:41:33 np0005540255.novalocal object-server[96823]: ::1 - - [30/Nov/2025:18:41:33 +0000] "PUT /2/104731/AUTH_53b9bcf7d8194db7bd330ca574b5edab/gnocchi.bece071c-10ec-4b32-b51b-2dbf45e929ec/1763640000.0_mean_300.0_v3" 201 - "PUT https://[::1]:8080/v1/AUTH_53b9bcf7d8194db7bd330ca574b5edab/gnocchi.bece071c-10ec-4b32-b51b-2dbf45e929ec/1763640000.0_mean_300.0_v3" "tx09a46a3d27274d209928b-00692c8fdd" "proxy-server 97815" 0.0187 "-" 96823 0
Nov 30 13:41:33 np0005540255.novalocal container-server[96490]: ::1 - - [30/Nov/2025:18:41:33 +0000] "PUT /2/69314/AUTH_53b9bcf7d8194db7bd330ca574b5edab/gnocchi.bece071c-10ec-4b32-b51b-2dbf45e929ec/1763640000.0_mean_300.0_v3" 201 - "PUT http://[::1]:8080/3/104731/AUTH_53b9bcf7d8194db7bd330ca574b5edab/gnocchi.bece071c-10ec-4b32-b51b-2dbf45e929ec/1763640000.0_mean_300.0_v3" "tx09a46a3d27274d209928b-00692c8fdd" "object-server 96824" 0.0006 "-" 96490 0
Nov 30 13:41:33 np0005540255.novalocal object-server[96824]: ::1 - - [30/Nov/2025:18:41:33 +0000] "PUT /3/104731/AUTH_53b9bcf7d8194db7bd330ca574b5edab/gnocchi.bece071c-10ec-4b32-b51b-2dbf45e929ec/1763640000.0_mean_300.0_v3" 201 - "PUT https://[::1]:8080/v1/AUTH_53b9bcf7d8194db7bd330ca574b5edab/gnocchi.bece071c-10ec-4b32-b51b-2dbf45e929ec/1763640000.0_mean_300.0_v3" "tx09a46a3d27274d209928b-00692c8fdd" "proxy-server 97815" 0.0198 "-" 96824 0
Nov 30 13:41:33 np0005540255.novalocal proxy-server[97815]: ::1 ::1 30/Nov/2025/18/41/33 PUT /v1/AUTH_53b9bcf7d8194db7bd330ca574b5edab/gnocchi.bece071c-10ec-4b32-b51b-2dbf45e929ec/1763640000.0_mean_300.0_v3 HTTP/1.0 201 - python-swiftclient-4.7.0 gAAAAABpLI-56T9k... 16 - - tx09a46a3d27274d209928b-00692c8fdd - 0.0287 - - 1764528093.379839897 1764528093.408516407 0
Nov 30 13:41:33 np0005540255.novalocal container-server[96490]: ::1 - - [30/Nov/2025:18:41:33 +0000] "HEAD /3/161207/AUTH_53b9bcf7d8194db7bd330ca574b5edab/gnocchi.393b8aed-1c9f-43b6-807d-32aa2911c5ed" 204 - "HEAD http://[::1]:8080/v1/AUTH_53b9bcf7d8194db7bd330ca574b5edab/gnocchi.393b8aed-1c9f-43b6-807d-32aa2911c5ed" "txeae65e78840a44b1ac699-00692c8fdd" "proxy-server 97815" 0.0069 "-" 96490 0
Nov 30 13:41:33 np0005540255.novalocal proxy-server[97815]: - - 30/Nov/2025/18/41/33 HEAD /v1/AUTH_53b9bcf7d8194db7bd330ca574b5edab/gnocchi.393b8aed-1c9f-43b6-807d-32aa2911c5ed HTTP/1.0 204 - Swift - - - - txeae65e78840a44b1ac699-00692c8fdd - 0.0142 CS - 1764528093.406225920 1764528093.420376539 0
Nov 30 13:41:33 np0005540255.novalocal container-server[96490]: ::1 - - [30/Nov/2025:18:41:33 +0000] "GET /1/161207/AUTH_53b9bcf7d8194db7bd330ca574b5edab/gnocchi.393b8aed-1c9f-43b6-807d-32aa2911c5ed" 200 2 "GET https://[::1]:8080/v1/AUTH_53b9bcf7d8194db7bd330ca574b5edab/gnocchi.393b8aed-1c9f-43b6-807d-32aa2911c5ed?format=json&states=listing" "txeae65e78840a44b1ac699-00692c8fdd" "proxy-server 97815" 0.0028 "-" 96490 0
Nov 30 13:41:33 np0005540255.novalocal proxy-server[97815]: ::1 ::1 30/Nov/2025/18/41/33 GET /v1/AUTH_53b9bcf7d8194db7bd330ca574b5edab/gnocchi.393b8aed-1c9f-43b6-807d-32aa2911c5ed%3Fformat%3Djson%26states%3Dlisting HTTP/1.0 200 - python-swiftclient-4.7.0 gAAAAABpLI-5FlkI... - 2 - txeae65e78840a44b1ac699-00692c8fdd - 0.0279 - - 1764528093.405292511 1764528093.433216095 0
Nov 30 13:41:33 np0005540255.novalocal container-server[96491]: ::1 - - [30/Nov/2025:18:41:33 +0000] "PUT /1/69314/AUTH_53b9bcf7d8194db7bd330ca574b5edab/gnocchi.bece071c-10ec-4b32-b51b-2dbf45e929ec/none_v3" 201 - "PUT http://[::1]:8080/3/204167/AUTH_53b9bcf7d8194db7bd330ca574b5edab/gnocchi.bece071c-10ec-4b32-b51b-2dbf45e929ec/none_v3" "txb5f3038bba494d1c87e27-00692c8fdd" "object-server 96823" 0.0004 "-" 96491 0
Nov 30 13:41:33 np0005540255.novalocal container-server[96491]: ::1 - - [30/Nov/2025:18:41:33 +0000] "PUT /2/69314/AUTH_53b9bcf7d8194db7bd330ca574b5edab/gnocchi.bece071c-10ec-4b32-b51b-2dbf45e929ec/none_v3" 201 - "PUT http://[::1]:8080/1/204167/AUTH_53b9bcf7d8194db7bd330ca574b5edab/gnocchi.bece071c-10ec-4b32-b51b-2dbf45e929ec/none_v3" "txb5f3038bba494d1c87e27-00692c8fdd" "object-server 96824" 0.0003 "-" 96491 0
Nov 30 13:41:33 np0005540255.novalocal container-server[96490]: ::1 - - [30/Nov/2025:18:41:33 +0000] "PUT /3/69314/AUTH_53b9bcf7d8194db7bd330ca574b5edab/gnocchi.bece071c-10ec-4b32-b51b-2dbf45e929ec/none_v3" 201 - "PUT http://[::1]:8080/2/204167/AUTH_53b9bcf7d8194db7bd330ca574b5edab/gnocchi.bece071c-10ec-4b32-b51b-2dbf45e929ec/none_v3" "txb5f3038bba494d1c87e27-00692c8fdd" "object-server 96824" 0.0006 "-" 96490 0
Nov 30 13:41:33 np0005540255.novalocal object-server[96823]: ::1 - - [30/Nov/2025:18:41:33 +0000] "PUT /3/204167/AUTH_53b9bcf7d8194db7bd330ca574b5edab/gnocchi.bece071c-10ec-4b32-b51b-2dbf45e929ec/none_v3" 201 - "PUT https://[::1]:8080/v1/AUTH_53b9bcf7d8194db7bd330ca574b5edab/gnocchi.bece071c-10ec-4b32-b51b-2dbf45e929ec/none_v3" "txb5f3038bba494d1c87e27-00692c8fdd" "proxy-server 97815" 0.0182 "-" 96823 0
Nov 30 13:41:33 np0005540255.novalocal object-server[96824]: ::1 - - [30/Nov/2025:18:41:33 +0000] "PUT /1/204167/AUTH_53b9bcf7d8194db7bd330ca574b5edab/gnocchi.bece071c-10ec-4b32-b51b-2dbf45e929ec/none_v3" 201 - "PUT https://[::1]:8080/v1/AUTH_53b9bcf7d8194db7bd330ca574b5edab/gnocchi.bece071c-10ec-4b32-b51b-2dbf45e929ec/none_v3" "txb5f3038bba494d1c87e27-00692c8fdd" "proxy-server 97815" 0.0191 "-" 96824 0
Nov 30 13:41:33 np0005540255.novalocal object-server[96824]: ::1 - - [30/Nov/2025:18:41:33 +0000] "PUT /2/204167/AUTH_53b9bcf7d8194db7bd330ca574b5edab/gnocchi.bece071c-10ec-4b32-b51b-2dbf45e929ec/none_v3" 201 - "PUT https://[::1]:8080/v1/AUTH_53b9bcf7d8194db7bd330ca574b5edab/gnocchi.bece071c-10ec-4b32-b51b-2dbf45e929ec/none_v3" "txb5f3038bba494d1c87e27-00692c8fdd" "proxy-server 97815" 0.0189 "-" 96824 0
Nov 30 13:41:33 np0005540255.novalocal proxy-server[97815]: ::1 ::1 30/Nov/2025/18/41/33 PUT /v1/AUTH_53b9bcf7d8194db7bd330ca574b5edab/gnocchi.bece071c-10ec-4b32-b51b-2dbf45e929ec/none_v3 HTTP/1.0 201 - python-swiftclient-4.7.0 gAAAAABpLI-56T9k... 22 - - txb5f3038bba494d1c87e27-00692c8fdd - 0.0291 - - 1764528093.410806417 1764528093.439913750 0
Nov 30 13:41:33 np0005540255.novalocal object-server[96824]: ::1 - - [30/Nov/2025:18:41:33 +0000] "GET /1/119866/AUTH_53b9bcf7d8194db7bd330ca574b5edab/gnocchi.393b8aed-1c9f-43b6-807d-32aa2911c5ed/1763640000.0_mean_300.0_v3" 404 70 "GET https://[::1]:8080/v1/AUTH_53b9bcf7d8194db7bd330ca574b5edab/gnocchi.393b8aed-1c9f-43b6-807d-32aa2911c5ed/1763640000.0_mean_300.0_v3" "tx25c7dd2b6b8c4dd388171-00692c8fdd" "proxy-server 97815" 0.0015 "-" 96824 0
Nov 30 13:41:33 np0005540255.novalocal object-server[96824]: ::1 - - [30/Nov/2025:18:41:33 +0000] "GET /3/119866/AUTH_53b9bcf7d8194db7bd330ca574b5edab/gnocchi.393b8aed-1c9f-43b6-807d-32aa2911c5ed/1763640000.0_mean_300.0_v3" 404 70 "GET https://[::1]:8080/v1/AUTH_53b9bcf7d8194db7bd330ca574b5edab/gnocchi.393b8aed-1c9f-43b6-807d-32aa2911c5ed/1763640000.0_mean_300.0_v3" "tx25c7dd2b6b8c4dd388171-00692c8fdd" "proxy-server 97815" 0.0003 "-" 96824 0
Nov 30 13:41:33 np0005540255.novalocal object-server[96823]: ::1 - - [30/Nov/2025:18:41:33 +0000] "GET /2/119866/AUTH_53b9bcf7d8194db7bd330ca574b5edab/gnocchi.393b8aed-1c9f-43b6-807d-32aa2911c5ed/1763640000.0_mean_300.0_v3" 404 70 "GET https://[::1]:8080/v1/AUTH_53b9bcf7d8194db7bd330ca574b5edab/gnocchi.393b8aed-1c9f-43b6-807d-32aa2911c5ed/1763640000.0_mean_300.0_v3" "tx25c7dd2b6b8c4dd388171-00692c8fdd" "proxy-server 97815" 0.0004 "-" 96823 0
Nov 30 13:41:33 np0005540255.novalocal proxy-server[97815]: ::1 ::1 30/Nov/2025/18/41/33 GET /v1/AUTH_53b9bcf7d8194db7bd330ca574b5edab/gnocchi.393b8aed-1c9f-43b6-807d-32aa2911c5ed/1763640000.0_mean_300.0_v3 HTTP/1.0 404 - python-swiftclient-4.7.0 gAAAAABpLI-5FlkI... - 70 - tx25c7dd2b6b8c4dd388171-00692c8fdd - 0.0166 - - 1764528093.436453819 1764528093.453070879 0
Nov 30 13:41:33 np0005540255.novalocal container-server[96491]: ::1 - - [30/Nov/2025:18:41:33 +0000] "PUT /1/161207/AUTH_53b9bcf7d8194db7bd330ca574b5edab/gnocchi.393b8aed-1c9f-43b6-807d-32aa2911c5ed/1763640000.0_mean_300.0_v3" 201 - "PUT http://[::1]:8080/1/119866/AUTH_53b9bcf7d8194db7bd330ca574b5edab/gnocchi.393b8aed-1c9f-43b6-807d-32aa2911c5ed/1763640000.0_mean_300.0_v3" "txe329fdfc5e5f48028696f-00692c8fdd" "object-server 96823" 0.0006 "-" 96491 0
Nov 30 13:41:33 np0005540255.novalocal container-server[96490]: ::1 - - [30/Nov/2025:18:41:33 +0000] "PUT /3/161207/AUTH_53b9bcf7d8194db7bd330ca574b5edab/gnocchi.393b8aed-1c9f-43b6-807d-32aa2911c5ed/1763640000.0_mean_300.0_v3" 201 - "PUT http://[::1]:8080/2/119866/AUTH_53b9bcf7d8194db7bd330ca574b5edab/gnocchi.393b8aed-1c9f-43b6-807d-32aa2911c5ed/1763640000.0_mean_300.0_v3" "txe329fdfc5e5f48028696f-00692c8fdd" "object-server 96824" 0.0007 "-" 96490 0
Nov 30 13:41:33 np0005540255.novalocal object-server[96823]: ::1 - - [30/Nov/2025:18:41:33 +0000] "PUT /1/119866/AUTH_53b9bcf7d8194db7bd330ca574b5edab/gnocchi.393b8aed-1c9f-43b6-807d-32aa2911c5ed/1763640000.0_mean_300.0_v3" 201 - "PUT https://[::1]:8080/v1/AUTH_53b9bcf7d8194db7bd330ca574b5edab/gnocchi.393b8aed-1c9f-43b6-807d-32aa2911c5ed/1763640000.0_mean_300.0_v3" "txe329fdfc5e5f48028696f-00692c8fdd" "proxy-server 97815" 0.0124 "-" 96823 0
Nov 30 13:41:33 np0005540255.novalocal object-server[96824]: ::1 - - [30/Nov/2025:18:41:33 +0000] "PUT /2/119866/AUTH_53b9bcf7d8194db7bd330ca574b5edab/gnocchi.393b8aed-1c9f-43b6-807d-32aa2911c5ed/1763640000.0_mean_300.0_v3" 201 - "PUT https://[::1]:8080/v1/AUTH_53b9bcf7d8194db7bd330ca574b5edab/gnocchi.393b8aed-1c9f-43b6-807d-32aa2911c5ed/1763640000.0_mean_300.0_v3" "txe329fdfc5e5f48028696f-00692c8fdd" "proxy-server 97815" 0.0105 "-" 96824 0
Nov 30 13:41:33 np0005540255.novalocal container-server[96491]: ::1 - - [30/Nov/2025:18:41:33 +0000] "PUT /2/161207/AUTH_53b9bcf7d8194db7bd330ca574b5edab/gnocchi.393b8aed-1c9f-43b6-807d-32aa2911c5ed/1763640000.0_mean_300.0_v3" 201 - "PUT http://[::1]:8080/3/119866/AUTH_53b9bcf7d8194db7bd330ca574b5edab/gnocchi.393b8aed-1c9f-43b6-807d-32aa2911c5ed/1763640000.0_mean_300.0_v3" "txe329fdfc5e5f48028696f-00692c8fdd" "object-server 96823" 0.0007 "-" 96491 0
Nov 30 13:41:33 np0005540255.novalocal object-server[96823]: ::1 - - [30/Nov/2025:18:41:33 +0000] "PUT /3/119866/AUTH_53b9bcf7d8194db7bd330ca574b5edab/gnocchi.393b8aed-1c9f-43b6-807d-32aa2911c5ed/1763640000.0_mean_300.0_v3" 201 - "PUT https://[::1]:8080/v1/AUTH_53b9bcf7d8194db7bd330ca574b5edab/gnocchi.393b8aed-1c9f-43b6-807d-32aa2911c5ed/1763640000.0_mean_300.0_v3" "txe329fdfc5e5f48028696f-00692c8fdd" "proxy-server 97815" 0.0127 "-" 96823 0
Nov 30 13:41:33 np0005540255.novalocal proxy-server[97815]: ::1 ::1 30/Nov/2025/18/41/33 PUT /v1/AUTH_53b9bcf7d8194db7bd330ca574b5edab/gnocchi.393b8aed-1c9f-43b6-807d-32aa2911c5ed/1763640000.0_mean_300.0_v3 HTTP/1.0 201 - python-swiftclient-4.7.0 gAAAAABpLI-5FlkI... 16 - - txe329fdfc5e5f48028696f-00692c8fdd - 0.0252 - - 1764528093.458746672 1764528093.483993053 0
Nov 30 13:41:33 np0005540255.novalocal container-server[96491]: ::1 - - [30/Nov/2025:18:41:33 +0000] "PUT /2/161207/AUTH_53b9bcf7d8194db7bd330ca574b5edab/gnocchi.393b8aed-1c9f-43b6-807d-32aa2911c5ed/none_v3" 201 - "PUT http://[::1]:8080/1/59464/AUTH_53b9bcf7d8194db7bd330ca574b5edab/gnocchi.393b8aed-1c9f-43b6-807d-32aa2911c5ed/none_v3" "txa1d3303ff34f44b6ae286-00692c8fdd" "object-server 96824" 0.0006 "-" 96491 0
Nov 30 13:41:33 np0005540255.novalocal object-server[96824]: ::1 - - [30/Nov/2025:18:41:33 +0000] "PUT /1/59464/AUTH_53b9bcf7d8194db7bd330ca574b5edab/gnocchi.393b8aed-1c9f-43b6-807d-32aa2911c5ed/none_v3" 201 - "PUT https://[::1]:8080/v1/AUTH_53b9bcf7d8194db7bd330ca574b5edab/gnocchi.393b8aed-1c9f-43b6-807d-32aa2911c5ed/none_v3" "txa1d3303ff34f44b6ae286-00692c8fdd" "proxy-server 97815" 0.0104 "-" 96824 0
Nov 30 13:41:33 np0005540255.novalocal container-server[96491]: ::1 - - [30/Nov/2025:18:41:33 +0000] "PUT /1/161207/AUTH_53b9bcf7d8194db7bd330ca574b5edab/gnocchi.393b8aed-1c9f-43b6-807d-32aa2911c5ed/none_v3" 201 - "PUT http://[::1]:8080/3/59464/AUTH_53b9bcf7d8194db7bd330ca574b5edab/gnocchi.393b8aed-1c9f-43b6-807d-32aa2911c5ed/none_v3" "txa1d3303ff34f44b6ae286-00692c8fdd" "object-server 96823" 0.0004 "-" 96491 0
Nov 30 13:41:33 np0005540255.novalocal object-server[96823]: ::1 - - [30/Nov/2025:18:41:33 +0000] "PUT /3/59464/AUTH_53b9bcf7d8194db7bd330ca574b5edab/gnocchi.393b8aed-1c9f-43b6-807d-32aa2911c5ed/none_v3" 201 - "PUT https://[::1]:8080/v1/AUTH_53b9bcf7d8194db7bd330ca574b5edab/gnocchi.393b8aed-1c9f-43b6-807d-32aa2911c5ed/none_v3" "txa1d3303ff34f44b6ae286-00692c8fdd" "proxy-server 97815" 0.0128 "-" 96823 0
Nov 30 13:41:33 np0005540255.novalocal container-server[96491]: ::1 - - [30/Nov/2025:18:41:33 +0000] "PUT /3/161207/AUTH_53b9bcf7d8194db7bd330ca574b5edab/gnocchi.393b8aed-1c9f-43b6-807d-32aa2911c5ed/none_v3" 201 - "PUT http://[::1]:8080/2/59464/AUTH_53b9bcf7d8194db7bd330ca574b5edab/gnocchi.393b8aed-1c9f-43b6-807d-32aa2911c5ed/none_v3" "txa1d3303ff34f44b6ae286-00692c8fdd" "object-server 96823" 0.0005 "-" 96491 0
Nov 30 13:41:33 np0005540255.novalocal object-server[96823]: ::1 - - [30/Nov/2025:18:41:33 +0000] "PUT /2/59464/AUTH_53b9bcf7d8194db7bd330ca574b5edab/gnocchi.393b8aed-1c9f-43b6-807d-32aa2911c5ed/none_v3" 201 - "PUT https://[::1]:8080/v1/AUTH_53b9bcf7d8194db7bd330ca574b5edab/gnocchi.393b8aed-1c9f-43b6-807d-32aa2911c5ed/none_v3" "txa1d3303ff34f44b6ae286-00692c8fdd" "proxy-server 97815" 0.0128 "-" 96823 0
Nov 30 13:41:33 np0005540255.novalocal proxy-server[97815]: ::1 ::1 30/Nov/2025/18/41/33 PUT /v1/AUTH_53b9bcf7d8194db7bd330ca574b5edab/gnocchi.393b8aed-1c9f-43b6-807d-32aa2911c5ed/none_v3 HTTP/1.0 201 - python-swiftclient-4.7.0 gAAAAABpLI-5FlkI... 22 - - txa1d3303ff34f44b6ae286-00692c8fdd - 0.0202 - - 1764528093.487295389 1764528093.507472038 0
Nov 30 13:41:33 np0005540255.novalocal haproxy-metadata-proxy-6f9a07de-215e-4adf-957d-430a71375d97[103379]: ::ffff:10.100.0.13:50994 [30/Nov/2025:13:41:32.854] listener listener/metadata 0/0/0/1020/1020 200 152 - - ---- 1/1/0/0/0 0/0 "GET /2009-04-04/meta-data/public-hostname HTTP/1.1"
Nov 30 13:41:34 np0005540255.novalocal dnsmasq[104687]: read /var/lib/neutron/dhcp/acf9003b-c95b-4115-ad05-dd69f25fbae4/addn_hosts - 1 addresses
Nov 30 13:41:34 np0005540255.novalocal dnsmasq-dhcp[104687]: read /var/lib/neutron/dhcp/acf9003b-c95b-4115-ad05-dd69f25fbae4/host
Nov 30 13:41:34 np0005540255.novalocal dnsmasq-dhcp[104687]: read /var/lib/neutron/dhcp/acf9003b-c95b-4115-ad05-dd69f25fbae4/opts
Nov 30 13:41:34 np0005540255.novalocal haproxy-metadata-proxy-6f9a07de-215e-4adf-957d-430a71375d97[103379]: ::ffff:10.100.0.13:51004 [30/Nov/2025:13:41:33.925] listener listener/metadata 0/0/0/1021/1021 200 90 - - ---- 1/1/0/0/0 0/0 "GET /2009-04-04/meta-data/placement/availability-zone HTTP/1.1"
Nov 30 13:41:35 np0005540255.novalocal kernel: qr-41874ee9-e1: entered promiscuous mode
Nov 30 13:41:35 np0005540255.novalocal NetworkManager[859]: [1764528095.2395] manager: (qr-41874ee9-e1): 'openvswitch' plugin not available; creating generic device
Nov 30 13:41:35 np0005540255.novalocal NetworkManager[859]: [1764528095.2410] manager: (qr-41874ee9-e1): new Generic device (/org/freedesktop/NetworkManager/Devices/32)
Nov 30 13:41:35 np0005540255.novalocal virtnodedevd[99934]: ethtool ioctl error on qr-41874ee9-e1: No such device
Nov 30 13:41:35 np0005540255.novalocal virtnodedevd[99934]: ethtool ioctl error on qr-41874ee9-e1: No such device
Nov 30 13:41:35 np0005540255.novalocal virtnodedevd[99934]: ethtool ioctl error on qr-41874ee9-e1: No such device
Nov 30 13:41:35 np0005540255.novalocal virtnodedevd[99934]: ethtool ioctl error on qr-41874ee9-e1: No such device
Nov 30 13:41:35 np0005540255.novalocal virtnodedevd[99934]: ethtool ioctl error on qr-41874ee9-e1: No such device
Nov 30 13:41:35 np0005540255.novalocal virtnodedevd[99934]: ethtool ioctl error on qr-41874ee9-e1: No such device
Nov 30 13:41:35 np0005540255.novalocal virtnodedevd[99934]: ethtool ioctl error on qr-41874ee9-e1: No such device
Nov 30 13:41:35 np0005540255.novalocal virtnodedevd[99934]: ethtool ioctl error on qr-41874ee9-e1: No such device
Nov 30 13:41:36 np0005540255.novalocal dnsmasq[104687]: read /var/lib/neutron/dhcp/acf9003b-c95b-4115-ad05-dd69f25fbae4/addn_hosts - 1 addresses
Nov 30 13:41:36 np0005540255.novalocal dnsmasq-dhcp[104687]: read /var/lib/neutron/dhcp/acf9003b-c95b-4115-ad05-dd69f25fbae4/host
Nov 30 13:41:36 np0005540255.novalocal dnsmasq-dhcp[104687]: read /var/lib/neutron/dhcp/acf9003b-c95b-4115-ad05-dd69f25fbae4/opts
Nov 30 13:41:36 np0005540255.novalocal object-replicator[96887]: Starting object replication pass.
Nov 30 13:41:37 np0005540255.novalocal dnsmasq[104687]: read /var/lib/neutron/dhcp/acf9003b-c95b-4115-ad05-dd69f25fbae4/addn_hosts - 1 addresses
Nov 30 13:41:37 np0005540255.novalocal dnsmasq-dhcp[104687]: read /var/lib/neutron/dhcp/acf9003b-c95b-4115-ad05-dd69f25fbae4/host
Nov 30 13:41:37 np0005540255.novalocal dnsmasq-dhcp[104687]: read /var/lib/neutron/dhcp/acf9003b-c95b-4115-ad05-dd69f25fbae4/opts
Nov 30 13:41:38 np0005540255.novalocal object-replicator[96887]: 126/126 (100.00%) partitions replicated in 1.46s (86.59/sec, 0s remaining)
Nov 30 13:41:38 np0005540255.novalocal object-replicator[96887]: 252 successes, 0 failures
Nov 30 13:41:38 np0005540255.novalocal object-replicator[96887]: 126 suffixes checked - 23.81% hashed, 0.00% synced
Nov 30 13:41:38 np0005540255.novalocal object-replicator[96887]: Partition times: max 0.0650s, min 0.0032s, med 0.0064s
Nov 30 13:41:38 np0005540255.novalocal object-replicator[96887]: Object replication complete. (0.02 minutes)
Nov 30 13:41:38 np0005540255.novalocal container-replicator[96554]: Beginning replication run
Nov 30 13:41:38 np0005540255.novalocal sshd-session[104900]: Invalid user service from 94.182.152.106 port 40914
Nov 30 13:41:38 np0005540255.novalocal sshd-session[104900]: Received disconnect from 94.182.152.106 port 40914:11: Bye Bye [preauth]
Nov 30 13:41:38 np0005540255.novalocal sshd-session[104900]: Disconnected from invalid user service 94.182.152.106 port 40914 [preauth]
Nov 30 13:41:39 np0005540255.novalocal dnsmasq[104687]: read /var/lib/neutron/dhcp/acf9003b-c95b-4115-ad05-dd69f25fbae4/addn_hosts - 2 addresses
Nov 30 13:41:39 np0005540255.novalocal dnsmasq-dhcp[104687]: read /var/lib/neutron/dhcp/acf9003b-c95b-4115-ad05-dd69f25fbae4/host
Nov 30 13:41:39 np0005540255.novalocal dnsmasq-dhcp[104687]: read /var/lib/neutron/dhcp/acf9003b-c95b-4115-ad05-dd69f25fbae4/opts
Nov 30 13:41:40 np0005540255.novalocal container-replicator[96554]: Replication run OVER
Nov 30 13:41:40 np0005540255.novalocal container-replicator[96554]: Attempted to replicate 63 dbs in 1.87356 seconds (33.62589/s)
