Oct 2 16:37:12 standalone object-server[126278]: 172.20.0.100 - - [02/Oct/2025:16:37:12 +0000] "GET /d1/544/AUTH_fa3bc31ada1a42afa7e91de9208ec33a/gnocchi.ff475c09-88ea-4248-85c1-c3b5ec25bc76/1759320000.0_mean_300.0_v3" 404 70 "GET http://localhost:8080/v1/AUTH_fa3bc31ada1a42afa7e91de9208ec33a/gnocchi.ff475c09-88ea-4248-85c1-c3b5ec25bc76/1759320000.0_mean_300.0_v3" "tx691591c9c64f4b5da80ea-0068deaa38" "proxy-server 21" 0.0006 "-" 23 0
Oct 2 16:37:12 standalone proxy-server[128011]: 172.18.0.2 ::1 02/Oct/2025/16/37/12 GET /v1/AUTH_fa3bc31ada1a42afa7e91de9208ec33a/gnocchi.ff475c09-88ea-4248-85c1-c3b5ec25bc76/1759320000.0_mean_300.0_v3 HTTP/1.0 404 - python-swiftclient-3.11.1 gAAAAABo3qmJCaCZ... - 70 - tx691591c9c64f4b5da80ea-0068deaa38 - 0.0111 - - 1759423032.203084230 1759423032.214175940 0
Oct 2 16:37:12 standalone container-server[126062]: 172.20.0.100 - - [02/Oct/2025:16:37:12 +0000] "PUT /d1/762/AUTH_fa3bc31ada1a42afa7e91de9208ec33a/gnocchi.ff475c09-88ea-4248-85c1-c3b5ec25bc76/1759320000.0_mean_300.0_v3" 201 - "PUT http://localhost:8080/d1/544/AUTH_fa3bc31ada1a42afa7e91de9208ec33a/gnocchi.ff475c09-88ea-4248-85c1-c3b5ec25bc76/1759320000.0_mean_300.0_v3" "tx9ced0ba1abdf4ea4bca02-0068deaa38" "object-server 23" 0.0010 "-" 16 0
Oct 2 16:37:12 standalone object-server[126278]: 172.20.0.100 - - [02/Oct/2025:16:37:12 +0000] "PUT /d1/544/AUTH_fa3bc31ada1a42afa7e91de9208ec33a/gnocchi.ff475c09-88ea-4248-85c1-c3b5ec25bc76/1759320000.0_mean_300.0_v3" 201 - "PUT http://localhost:8080/v1/AUTH_fa3bc31ada1a42afa7e91de9208ec33a/gnocchi.ff475c09-88ea-4248-85c1-c3b5ec25bc76/1759320000.0_mean_300.0_v3" "tx9ced0ba1abdf4ea4bca02-0068deaa38" "proxy-server 21" 0.0128 "-" 23 0
Oct 2 16:37:12 standalone proxy-server[128011]: 172.18.0.2 ::1 02/Oct/2025/16/37/12 PUT /v1/AUTH_fa3bc31ada1a42afa7e91de9208ec33a/gnocchi.ff475c09-88ea-4248-85c1-c3b5ec25bc76/1759320000.0_mean_300.0_v3 HTTP/1.0 201 - python-swiftclient-3.11.1 gAAAAABo3qmJCaCZ... 16 - - tx9ced0ba1abdf4ea4bca02-0068deaa38 - 0.0212 - - 1759423032.218247414 1759423032.239454031 0
Oct 2 16:37:12 standalone container-server[126059]: 172.20.0.100 - - [02/Oct/2025:16:37:12 +0000] "PUT /d1/762/AUTH_fa3bc31ada1a42afa7e91de9208ec33a/gnocchi.ff475c09-88ea-4248-85c1-c3b5ec25bc76/none_v3" 201 - "PUT http://localhost:8080/d1/257/AUTH_fa3bc31ada1a42afa7e91de9208ec33a/gnocchi.ff475c09-88ea-4248-85c1-c3b5ec25bc76/none_v3" "tx9aaf3e0801ab41e3b5158-0068deaa38" "object-server 25" 0.0007 "-" 15 0
Oct 2 16:37:12 standalone object-server[126281]: 172.20.0.100 - - [02/Oct/2025:16:37:12 +0000] "PUT /d1/257/AUTH_fa3bc31ada1a42afa7e91de9208ec33a/gnocchi.ff475c09-88ea-4248-85c1-c3b5ec25bc76/none_v3" 201 - "PUT http://localhost:8080/v1/AUTH_fa3bc31ada1a42afa7e91de9208ec33a/gnocchi.ff475c09-88ea-4248-85c1-c3b5ec25bc76/none_v3" "tx9aaf3e0801ab41e3b5158-0068deaa38" "proxy-server 21" 0.0118 "-" 25 0
Oct 2 16:37:12 standalone proxy-server[128011]: 172.18.0.2 ::1 02/Oct/2025/16/37/12 PUT /v1/AUTH_fa3bc31ada1a42afa7e91de9208ec33a/gnocchi.ff475c09-88ea-4248-85c1-c3b5ec25bc76/none_v3 HTTP/1.0 201 - python-swiftclient-3.11.1 gAAAAABo3qmJCaCZ... 22 - - tx9aaf3e0801ab41e3b5158-0068deaa38 - 0.0217 - - 1759423032.242913485 1759423032.264577389 0
Oct 2 16:37:12 standalone container-server[126062]: 172.20.0.100 - - [02/Oct/2025:16:37:12 +0000] "HEAD /d1/105/AUTH_fa3bc31ada1a42afa7e91de9208ec33a/gnocchi.572f2418-2447-49a0-b85a-bb2eff20ceef" 404 - "HEAD http://localhost:8080/v1/AUTH_fa3bc31ada1a42afa7e91de9208ec33a/gnocchi.572f2418-2447-49a0-b85a-bb2eff20ceef?format=json&states=listing" "tx353f9f3faa9043bbbed15-0068deaa38" "proxy-server 21" 0.0007 "-" 16 0
Oct 2 16:37:12 standalone object-server[126279]: 172.20.0.100 - - [02/Oct/2025:16:37:12 +0000] "GET /d1/240/AUTH_fa3bc31ada1a42afa7e91de9208ec33a/gnocchi.572f2418-2447-49a0-b85a-bb2eff20ceef/none_v3" 404 70 "GET http://localhost:8080/v1/AUTH_fa3bc31ada1a42afa7e91de9208ec33a/gnocchi.572f2418-2447-49a0-b85a-bb2eff20ceef/none_v3" "tx353f9f3faa9043bbbed15-0068deaa38" "proxy-server 21" 0.0006 "-" 24 0
Oct 2 16:37:12 standalone proxy-server[128011]: 172.18.0.2 ::1 02/Oct/2025/16/37/12 GET /v1/AUTH_fa3bc31ada1a42afa7e91de9208ec33a/gnocchi.572f2418-2447-49a0-b85a-bb2eff20ceef/none_v3 HTTP/1.0 404 - python-swiftclient-3.11.1 gAAAAABo3qmJCaCZ... - 70 - tx353f9f3faa9043bbbed15-0068deaa38 - 0.0147 - - 1759423032.286772013 1759423032.301496267 0
Oct 2 16:37:12 standalone account-server[126090]: 172.20.0.100 - - [02/Oct/2025:16:37:12 +0000] "PUT /d1/822/AUTH_fa3bc31ada1a42afa7e91de9208ec33a/gnocchi.572f2418-2447-49a0-b85a-bb2eff20ceef" 201 - "PUT http://172.20.0.100:6001/d1/105/AUTH_fa3bc31ada1a42afa7e91de9208ec33a/gnocchi.572f2418-2447-49a0-b85a-bb2eff20ceef" "tx8b366e28203341559ba7c-0068deaa38" "container-server 17" 0.0069 "-" 23 0
Oct 2 16:37:12 standalone container-server[126069]: 172.20.0.100 - - [02/Oct/2025:16:37:12 +0000] "PUT /d1/105/AUTH_fa3bc31ada1a42afa7e91de9208ec33a/gnocchi.572f2418-2447-49a0-b85a-bb2eff20ceef" 201 - "PUT http://localhost:8080/v1/AUTH_fa3bc31ada1a42afa7e91de9208ec33a/gnocchi.572f2418-2447-49a0-b85a-bb2eff20ceef" "tx8b366e28203341559ba7c-0068deaa38" "proxy-server 21" 0.0213 "-" 17 0
Oct 2 16:37:12 standalone proxy-server[128011]: 172.18.0.2 ::1 02/Oct/2025/16/37/12 PUT /v1/AUTH_fa3bc31ada1a42afa7e91de9208ec33a/gnocchi.572f2418-2447-49a0-b85a-bb2eff20ceef HTTP/1.0 201 - python-swiftclient-3.11.1 gAAAAABo3qmJCaCZ... - - - tx8b366e28203341559ba7c-0068deaa38 - 0.0284 - - 1759423032.306107283 1759423032.334514380 0
Oct 2 16:37:12 standalone container-server[126059]: 172.20.0.100 - - [02/Oct/2025:16:37:12 +0000] "HEAD /d1/105/AUTH_fa3bc31ada1a42afa7e91de9208ec33a/gnocchi.572f2418-2447-49a0-b85a-bb2eff20ceef" 204 - "HEAD http://localhost:8080/v1/AUTH_fa3bc31ada1a42afa7e91de9208ec33a/gnocchi.572f2418-2447-49a0-b85a-bb2eff20ceef?format=json&states=listing" "tx548804fc04e449c69a2cf-0068deaa38" "proxy-server 21" 0.0022 "-" 15 0
Oct 2 16:37:12 standalone proxy-server[128011]: - - 02/Oct/2025/16/37/12 HEAD /v1/AUTH_fa3bc31ada1a42afa7e91de9208ec33a/gnocchi.572f2418-2447-49a0-b85a-bb2eff20ceef%3Fformat%3Djson%26states%3Dlisting HTTP/1.0 204 - Swift - - - - tx548804fc04e449c69a2cf-0068deaa38 - 0.0069 RL - 1759423032.341502190 1759423032.348423004 0
Oct 2 16:37:12 standalone container-server[126062]: 172.20.0.100 - - [02/Oct/2025:16:37:12 +0000] "GET /d1/105/AUTH_fa3bc31ada1a42afa7e91de9208ec33a/gnocchi.572f2418-2447-49a0-b85a-bb2eff20ceef" 200 2 "GET http://localhost:8080/v1/AUTH_fa3bc31ada1a42afa7e91de9208ec33a/gnocchi.572f2418-2447-49a0-b85a-bb2eff20ceef?format=json&states=listing" "tx548804fc04e449c69a2cf-0068deaa38" "proxy-server 21" 0.0035 "-" 16 0
Oct 2 16:37:12 standalone proxy-server[128011]: 172.18.0.2 ::1 02/Oct/2025/16/37/12 GET /v1/AUTH_fa3bc31ada1a42afa7e91de9208ec33a/gnocchi.572f2418-2447-49a0-b85a-bb2eff20ceef%3Fformat%3Djson%26states%3Dlisting HTTP/1.0 200 - python-swiftclient-3.11.1 gAAAAABo3qmJCaCZ... - 2 - tx548804fc04e449c69a2cf-0068deaa38 - 0.0210 - - 1759423032.339850187 1759423032.360840559 0
Oct 2 16:37:12 standalone object-server[126279]: 172.20.0.100 - - [02/Oct/2025:16:37:12 +0000] "GET /d1/820/AUTH_fa3bc31ada1a42afa7e91de9208ec33a/gnocchi.572f2418-2447-49a0-b85a-bb2eff20ceef/1759320000.0_mean_300.0_v3" 404 70 "GET http://localhost:8080/v1/AUTH_fa3bc31ada1a42afa7e91de9208ec33a/gnocchi.572f2418-2447-49a0-b85a-bb2eff20ceef/1759320000.0_mean_300.0_v3" "tx5e111956720d4314bfdcb-0068deaa38" "proxy-server 21" 0.0004 "-" 24 0
Oct 2 16:37:12 standalone proxy-server[128011]: 172.18.0.2 ::1 02/Oct/2025/16/37/12 GET /v1/AUTH_fa3bc31ada1a42afa7e91de9208ec33a/gnocchi.572f2418-2447-49a0-b85a-bb2eff20ceef/1759320000.0_mean_300.0_v3 HTTP/1.0 404 - python-swiftclient-3.11.1 gAAAAABo3qmJCaCZ... - 70 - tx5e111956720d4314bfdcb-0068deaa38 - 0.0075 - - 1759423032.366184473 1759423032.373710871 0
Oct 2 16:37:12 standalone container-server[126059]: 172.20.0.100 - - [02/Oct/2025:16:37:12 +0000] "PUT /d1/105/AUTH_fa3bc31ada1a42afa7e91de9208ec33a/gnocchi.572f2418-2447-49a0-b85a-bb2eff20ceef/1759320000.0_mean_300.0_v3" 201 - "PUT http://localhost:8080/d1/820/AUTH_fa3bc31ada1a42afa7e91de9208ec33a/gnocchi.572f2418-2447-49a0-b85a-bb2eff20ceef/1759320000.0_mean_300.0_v3" "tx7301c6f7f8424041870f0-0068deaa38" "object-server 22" 0.0009 "-" 15 0
Oct 2 16:37:12 standalone object-server[126277]: 172.20.0.100 - - [02/Oct/2025:16:37:12 +0000] "PUT /d1/820/AUTH_fa3bc31ada1a42afa7e91de9208ec33a/gnocchi.572f2418-2447-49a0-b85a-bb2eff20ceef/1759320000.0_mean_300.0_v3" 201 - "PUT http://localhost:8080/v1/AUTH_fa3bc31ada1a42afa7e91de9208ec33a/gnocchi.572f2418-2447-49a0-b85a-bb2eff20ceef/1759320000.0_mean_300.0_v3" "tx7301c6f7f8424041870f0-0068deaa38" "proxy-server 21" 0.0131 "-" 22 0
Oct 2 16:37:12 standalone proxy-server[128011]: 172.18.0.2 ::1 02/Oct/2025/16/37/12 PUT /v1/AUTH_fa3bc31ada1a42afa7e91de9208ec33a/gnocchi.572f2418-2447-49a0-b85a-bb2eff20ceef/1759320000.0_mean_300.0_v3 HTTP/1.0 201 - python-swiftclient-3.11.1 gAAAAABo3qmJCaCZ... 16 - - tx7301c6f7f8424041870f0-0068deaa38 - 0.0217 - - 1759423032.378726006 1759423032.400402784 0
Oct 2 16:37:12 standalone container-server[126069]: 172.20.0.100 - - [02/Oct/2025:16:37:12 +0000] "PUT /d1/105/AUTH_fa3bc31ada1a42afa7e91de9208ec33a/gnocchi.572f2418-2447-49a0-b85a-bb2eff20ceef/none_v3" 201 - "PUT http://localhost:8080/d1/240/AUTH_fa3bc31ada1a42afa7e91de9208ec33a/gnocchi.572f2418-2447-49a0-b85a-bb2eff20ceef/none_v3" "tx7b41407afc9041ebbcdae-0068deaa38" "object-server 23" 0.0009 "-" 17 0
Oct 2 16:37:12 standalone object-server[126278]: 172.20.0.100 - - [02/Oct/2025:16:37:12 +0000] "PUT /d1/240/AUTH_fa3bc31ada1a42afa7e91de9208ec33a/gnocchi.572f2418-2447-49a0-b85a-bb2eff20ceef/none_v3" 201 - "PUT http://localhost:8080/v1/AUTH_fa3bc31ada1a42afa7e91de9208ec33a/gnocchi.572f2418-2447-49a0-b85a-bb2eff20ceef/none_v3" "tx7b41407afc9041ebbcdae-0068deaa38" "proxy-server 21" 0.0125 "-" 23 0
Oct 2 16:37:12 standalone proxy-server[128011]: 172.18.0.2 ::1 02/Oct/2025/16/37/12 PUT /v1/AUTH_fa3bc31ada1a42afa7e91de9208ec33a/gnocchi.572f2418-2447-49a0-b85a-bb2eff20ceef/none_v3 HTTP/1.0 201 - python-swiftclient-3.11.1 gAAAAABo3qmJCaCZ... 22 - - tx7b41407afc9041ebbcdae-0068deaa38 - 0.0217 - - 1759423032.405305386 1759423032.426997900 0
Oct 2 16:37:12 standalone container-server[126059]: 172.20.0.100 - - [02/Oct/2025:16:37:12 +0000] "HEAD /d1/415/AUTH_fa3bc31ada1a42afa7e91de9208ec33a/gnocchi.c4d0ac94-9d91-43e0-8f7a-d0c7e7dea261" 404 - "HEAD http://localhost:8080/v1/AUTH_fa3bc31ada1a42afa7e91de9208ec33a/gnocchi.c4d0ac94-9d91-43e0-8f7a-d0c7e7dea261?format=json&states=listing" "txcfb61694d17944be87ad6-0068deaa38" "proxy-server 21" 0.0009 "-" 15 0
Oct 2 16:37:12 standalone object-server[126279]: 172.20.0.100 - - [02/Oct/2025:16:37:12 +0000] "GET /d1/349/AUTH_fa3bc31ada1a42afa7e91de9208ec33a/gnocchi.c4d0ac94-9d91-43e0-8f7a-d0c7e7dea261/none_v3" 404 70 "GET http://localhost:8080/v1/AUTH_fa3bc31ada1a42afa7e91de9208ec33a/gnocchi.c4d0ac94-9d91-43e0-8f7a-d0c7e7dea261/none_v3" "txcfb61694d17944be87ad6-0068deaa38" "proxy-server 21" 0.0005 "-" 24 0
Oct 2 16:37:12 standalone proxy-server[128011]: 172.18.0.2 ::1 02/Oct/2025/16/37/12 GET /v1/AUTH_fa3bc31ada1a42afa7e91de9208ec33a/gnocchi.c4d0ac94-9d91-43e0-8f7a-d0c7e7dea261/none_v3 HTTP/1.0 404 - python-swiftclient-3.11.1 gAAAAABo3qmJCaCZ... - 70 - txcfb61694d17944be87ad6-0068deaa38 - 0.0171 - - 1759423032.447799444 1759423032.464878798 0
Oct 2 16:37:12 standalone account-server[126081]: 172.20.0.100 - - [02/Oct/2025:16:37:12 +0000] "PUT /d1/822/AUTH_fa3bc31ada1a42afa7e91de9208ec33a/gnocchi.c4d0ac94-9d91-43e0-8f7a-d0c7e7dea261" 201 - "PUT http://172.20.0.100:6001/d1/415/AUTH_fa3bc31ada1a42afa7e91de9208ec33a/gnocchi.c4d0ac94-9d91-43e0-8f7a-d0c7e7dea261" "tx60c13213c10f4af5b6066-0068deaa38" "container-server 17" 0.0063 "-" 21 0
Oct 2 16:37:12 standalone container-server[126069]: 172.20.0.100 - - [02/Oct/2025:16:37:12 +0000] "PUT /d1/415/AUTH_fa3bc31ada1a42afa7e91de9208ec33a/gnocchi.c4d0ac94-9d91-43e0-8f7a-d0c7e7dea261" 201 - "PUT http://localhost:8080/v1/AUTH_fa3bc31ada1a42afa7e91de9208ec33a/gnocchi.c4d0ac94-9d91-43e0-8f7a-d0c7e7dea261" "tx60c13213c10f4af5b6066-0068deaa38" "proxy-server 21" 0.0233 "-" 17 0
Oct 2 16:37:12 standalone proxy-server[128011]: 172.18.0.2 ::1 02/Oct/2025/16/37/12 PUT /v1/AUTH_fa3bc31ada1a42afa7e91de9208ec33a/gnocchi.c4d0ac94-9d91-43e0-8f7a-d0c7e7dea261 HTTP/1.0 201 - python-swiftclient-3.11.1 gAAAAABo3qmJCaCZ... - - - tx60c13213c10f4af5b6066-0068deaa38 - 0.0315 - - 1759423032.471676588 1759423032.503147602 0
Oct 2 16:37:12 standalone container-server[126069]: 172.20.0.100 - - [02/Oct/2025:16:37:12 +0000] "HEAD /d1/415/AUTH_fa3bc31ada1a42afa7e91de9208ec33a/gnocchi.c4d0ac94-9d91-43e0-8f7a-d0c7e7dea261" 204 - "HEAD http://localhost:8080/v1/AUTH_fa3bc31ada1a42afa7e91de9208ec33a/gnocchi.c4d0ac94-9d91-43e0-8f7a-d0c7e7dea261?format=json&states=listing" "tx1a5129bc42f4496cbfb89-0068deaa38" "proxy-server 21" 0.0020 "-" 17 0
Oct 2 16:37:12 standalone proxy-server[128011]: - - 02/Oct/2025/16/37/12 HEAD /v1/AUTH_fa3bc31ada1a42afa7e91de9208ec33a/gnocchi.c4d0ac94-9d91-43e0-8f7a-d0c7e7dea261%3Fformat%3Djson%26states%3Dlisting HTTP/1.0 204 - Swift - - - - tx1a5129bc42f4496cbfb89-0068deaa38 - 0.0067 RL - 1759423032.511881113 1759423032.518556833 0
Oct 2 16:37:12 standalone container-server[126056]: 172.20.0.100 - - [02/Oct/2025:16:37:12 +0000] "GET /d1/415/AUTH_fa3bc31ada1a42afa7e91de9208ec33a/gnocchi.c4d0ac94-9d91-43e0-8f7a-d0c7e7dea261" 200 2 "GET http://localhost:8080/v1/AUTH_fa3bc31ada1a42afa7e91de9208ec33a/gnocchi.c4d0ac94-9d91-43e0-8f7a-d0c7e7dea261?format=json&states=listing" "tx1a5129bc42f4496cbfb89-0068deaa38" "proxy-server 21" 0.0034 "-" 14 0
Oct 2 16:37:12 standalone proxy-server[128011]: 172.18.0.2 ::1 02/Oct/2025/16/37/12 GET /v1/AUTH_fa3bc31ada1a42afa7e91de9208ec33a/gnocchi.c4d0ac94-9d91-43e0-8f7a-d0c7e7dea261%3Fformat%3Djson%26states%3Dlisting HTTP/1.0 200 - python-swiftclient-3.11.1 gAAAAABo3qmJCaCZ... - 2 - tx1a5129bc42f4496cbfb89-0068deaa38 - 0.0208 - - 1759423032.510098696 1759423032.530863762 0
Oct 2 16:37:12 standalone object-server[126279]: 172.20.0.100 - - [02/Oct/2025:16:37:12 +0000] "GET /d1/39/AUTH_fa3bc31ada1a42afa7e91de9208ec33a/gnocchi.c4d0ac94-9d91-43e0-8f7a-d0c7e7dea261/1759320000.0_mean_300.0_v3" 404 70 "GET http://localhost:8080/v1/AUTH_fa3bc31ada1a42afa7e91de9208ec33a/gnocchi.c4d0ac94-9d91-43e0-8f7a-d0c7e7dea261/1759320000.0_mean_300.0_v3" "tx15e6eeea8d7e498b950bc-0068deaa38" "proxy-server 21" 0.0005 "-" 24 0
Oct 2 16:37:12 standalone proxy-server[128011]: 172.18.0.2 ::1 02/Oct/2025/16/37/12 GET /v1/AUTH_fa3bc31ada1a42afa7e91de9208ec33a/gnocchi.c4d0ac94-9d91-43e0-8f7a-d0c7e7dea261/1759320000.0_mean_300.0_v3 HTTP/1.0 404 - python-swiftclient-3.11.1 gAAAAABo3qmJCaCZ... - 70 - tx15e6eeea8d7e498b950bc-0068deaa38 - 0.0077 - - 1759423032.536468744 1759423032.544193745 0
Oct 2 16:37:12 standalone container-server[126069]: 172.20.0.100 - - [02/Oct/2025:16:37:12 +0000] "PUT /d1/415/AUTH_fa3bc31ada1a42afa7e91de9208ec33a/gnocchi.c4d0ac94-9d91-43e0-8f7a-d0c7e7dea261/1759320000.0_mean_300.0_v3" 201 - "PUT http://localhost:8080/d1/39/AUTH_fa3bc31ada1a42afa7e91de9208ec33a/gnocchi.c4d0ac94-9d91-43e0-8f7a-d0c7e7dea261/1759320000.0_mean_300.0_v3" "tx8872b815f73e4424b0af8-0068deaa38" "object-server 24" 0.0008 "-" 17 0
Oct 2 16:37:12 standalone object-server[126279]: 172.20.0.100 - - [02/Oct/2025:16:37:12 +0000] "PUT /d1/39/AUTH_fa3bc31ada1a42afa7e91de9208ec33a/gnocchi.c4d0ac94-9d91-43e0-8f7a-d0c7e7dea261/1759320000.0_mean_300.0_v3" 201 - "PUT http://localhost:8080/v1/AUTH_fa3bc31ada1a42afa7e91de9208ec33a/gnocchi.c4d0ac94-9d91-43e0-8f7a-d0c7e7dea261/1759320000.0_mean_300.0_v3" "tx8872b815f73e4424b0af8-0068deaa38" "proxy-server 21" 0.0126 "-" 24 0
Oct 2 16:37:12 standalone proxy-server[128011]: 172.18.0.2 ::1 02/Oct/2025/16/37/12 PUT /v1/AUTH_fa3bc31ada1a42afa7e91de9208ec33a/gnocchi.c4d0ac94-9d91-43e0-8f7a-d0c7e7dea261/1759320000.0_mean_300.0_v3 HTTP/1.0 201 - python-swiftclient-3.11.1 gAAAAABo3qmJCaCZ... 16 - - tx8872b815f73e4424b0af8-0068deaa38 - 0.0208 - - 1759423032.548966408 1759423032.569736004 0
Oct 2 16:37:12 standalone container-server[126056]: 172.20.0.100 - - [02/Oct/2025:16:37:12 +0000] "PUT /d1/415/AUTH_fa3bc31ada1a42afa7e91de9208ec33a/gnocchi.c4d0ac94-9d91-43e0-8f7a-d0c7e7dea261/none_v3" 201 - "PUT http://localhost:8080/d1/349/AUTH_fa3bc31ada1a42afa7e91de9208ec33a/gnocchi.c4d0ac94-9d91-43e0-8f7a-d0c7e7dea261/none_v3" "tx6f3430d0c65c48049a675-0068deaa38" "object-server 25" 0.0008 "-" 14 0
Oct 2 16:37:12 standalone object-server[126281]: 172.20.0.100 - - [02/Oct/2025:16:37:12 +0000] "PUT /d1/349/AUTH_fa3bc31ada1a42afa7e91de9208ec33a/gnocchi.c4d0ac94-9d91-43e0-8f7a-d0c7e7dea261/none_v3" 201 - "PUT http://localhost:8080/v1/AUTH_fa3bc31ada1a42afa7e91de9208ec33a/gnocchi.c4d0ac94-9d91-43e0-8f7a-d0c7e7dea261/none_v3" "tx6f3430d0c65c48049a675-0068deaa38" "proxy-server 21" 0.0127 "-" 25 0
Oct 2 16:37:12 standalone proxy-server[128011]: 172.18.0.2 ::1 02/Oct/2025/16/37/12 PUT /v1/AUTH_fa3bc31ada1a42afa7e91de9208ec33a/gnocchi.c4d0ac94-9d91-43e0-8f7a-d0c7e7dea261/none_v3 HTTP/1.0 201 - python-swiftclient-3.11.1 gAAAAABo3qmJCaCZ... 22 - - tx6f3430d0c65c48049a675-0068deaa38 - 0.0216 - - 1759423032.574670315 1759423032.596298695 0
Oct 2 16:37:12 standalone container-server[126059]: 172.20.0.100 - - [02/Oct/2025:16:37:12 +0000] "HEAD /d1/783/AUTH_fa3bc31ada1a42afa7e91de9208ec33a/gnocchi.4ba42035-b17e-438a-905d-aa5d8a46df34" 404 - "HEAD http://localhost:8080/v1/AUTH_fa3bc31ada1a42afa7e91de9208ec33a/gnocchi.4ba42035-b17e-438a-905d-aa5d8a46df34?format=json&states=listing" "txdfc9827ef7054554944b7-0068deaa38" "proxy-server 21" 0.0006 "-" 15 0
Oct 2 16:37:12 standalone object-server[126281]: 172.20.0.100 - - [02/Oct/2025:16:37:12 +0000] "GET /d1/583/AUTH_fa3bc31ada1a42afa7e91de9208ec33a/gnocchi.4ba42035-b17e-438a-905d-aa5d8a46df34/none_v3" 404 70 "GET http://localhost:8080/v1/AUTH_fa3bc31ada1a42afa7e91de9208ec33a/gnocchi.4ba42035-b17e-438a-905d-aa5d8a46df34/none_v3" "txdfc9827ef7054554944b7-0068deaa38" "proxy-server 21" 0.0006 "-" 25 0
Oct 2 16:37:12 standalone proxy-server[128011]: 172.18.0.2 ::1 02/Oct/2025/16/37/12 GET /v1/AUTH_fa3bc31ada1a42afa7e91de9208ec33a/gnocchi.4ba42035-b17e-438a-905d-aa5d8a46df34/none_v3 HTTP/1.0 404 - python-swiftclient-3.11.1 gAAAAABo3qmJCaCZ... - 70 - txdfc9827ef7054554944b7-0068deaa38 - 0.0153 - - 1759423032.612186193 1759423032.627471685 0
Oct 2 16:37:12 standalone account-server[126090]: 172.20.0.100 - - [02/Oct/2025:16:37:12 +0000] "PUT /d1/822/AUTH_fa3bc31ada1a42afa7e91de9208ec33a/gnocchi.4ba42035-b17e-438a-905d-aa5d8a46df34" 201 - "PUT http://172.20.0.100:6001/d1/783/AUTH_fa3bc31ada1a42afa7e91de9208ec33a/gnocchi.4ba42035-b17e-438a-905d-aa5d8a46df34" "tx6a9259c6dce04a8a87ccf-0068deaa38" "container-server 14" 0.0067 "-" 23 0
Oct 2 16:37:12 standalone container-server[126056]: 172.20.0.100 - - [02/Oct/2025:16:37:12 +0000] "PUT /d1/783/AUTH_fa3bc31ada1a42afa7e91de9208ec33a/gnocchi.4ba42035-b17e-438a-905d-aa5d8a46df34" 201 - "PUT http://localhost:8080/v1/AUTH_fa3bc31ada1a42afa7e91de9208ec33a/gnocchi.4ba42035-b17e-438a-905d-aa5d8a46df34" "tx6a9259c6dce04a8a87ccf-0068deaa38" "proxy-server 21" 0.0214 "-" 14 0
Oct 2 16:37:12 standalone proxy-server[128011]: 172.18.0.2 ::1 02/Oct/2025/16/37/12 PUT /v1/AUTH_fa3bc31ada1a42afa7e91de9208ec33a/gnocchi.4ba42035-b17e-438a-905d-aa5d8a46df34 HTTP/1.0 201 - python-swiftclient-3.11.1 gAAAAABo3qmJCaCZ... - - - tx6a9259c6dce04a8a87ccf-0068deaa38 - 0.0289 - - 1759423032.632667065 1759423032.661584377 0
Oct 2 16:37:12 standalone container-server[126062]: 172.20.0.100 - - [02/Oct/2025:16:37:12 +0000] "HEAD /d1/783/AUTH_fa3bc31ada1a42afa7e91de9208ec33a/gnocchi.4ba42035-b17e-438a-905d-aa5d8a46df34" 204 - "HEAD http://localhost:8080/v1/AUTH_fa3bc31ada1a42afa7e91de9208ec33a/gnocchi.4ba42035-b17e-438a-905d-aa5d8a46df34?format=json&states=listing" "txb8f4b77b342941dbbf42f-0068deaa38" "proxy-server 21" 0.0025 "-" 16 0
Oct 2 16:37:12 standalone proxy-server[128011]: - - 02/Oct/2025/16/37/12 HEAD /v1/AUTH_fa3bc31ada1a42afa7e91de9208ec33a/gnocchi.4ba42035-b17e-438a-905d-aa5d8a46df34%3Fformat%3Djson%26states%3Dlisting HTTP/1.0 204 - Swift - - - - txb8f4b77b342941dbbf42f-0068deaa38 - 0.0090 RL - 1759423032.675879955 1759423032.684882164 0
Oct 2 16:37:12 standalone container-server[126062]: 172.20.0.100 - - [02/Oct/2025:16:37:12 +0000] "GET /d1/783/AUTH_fa3bc31ada1a42afa7e91de9208ec33a/gnocchi.4ba42035-b17e-438a-905d-aa5d8a46df34" 200 2 "GET http://localhost:8080/v1/AUTH_fa3bc31ada1a42afa7e91de9208ec33a/gnocchi.4ba42035-b17e-438a-905d-aa5d8a46df34?format=json&states=listing" "txb8f4b77b342941dbbf42f-0068deaa38" "proxy-server 21" 0.0033 "-" 16 0
Oct 2 16:37:12 standalone proxy-server[128011]: 172.18.0.2 ::1 02/Oct/2025/16/37/12 GET /v1/AUTH_fa3bc31ada1a42afa7e91de9208ec33a/gnocchi.4ba42035-b17e-438a-905d-aa5d8a46df34%3Fformat%3Djson%26states%3Dlisting HTTP/1.0 200 - python-swiftclient-3.11.1 gAAAAABo3qmJCaCZ... - 2 - txb8f4b77b342941dbbf42f-0068deaa38 - 0.0239 - - 1759423032.673986673 1759423032.697880507 0
Oct 2 16:37:12 standalone object-server[126279]: 172.20.0.100 - - [02/Oct/2025:16:37:12 +0000] "GET /d1/413/AUTH_fa3bc31ada1a42afa7e91de9208ec33a/gnocchi.4ba42035-b17e-438a-905d-aa5d8a46df34/1759320000.0_mean_300.0_v3" 404 70 "GET http://localhost:8080/v1/AUTH_fa3bc31ada1a42afa7e91de9208ec33a/gnocchi.4ba42035-b17e-438a-905d-aa5d8a46df34/1759320000.0_mean_300.0_v3" "tx79629d839a41470ea04d9-0068deaa38" "proxy-server 21" 0.0005 "-" 24 0
Oct 2 16:37:12 standalone proxy-server[128011]: 172.18.0.2 ::1 02/Oct/2025/16/37/12 GET /v1/AUTH_fa3bc31ada1a42afa7e91de9208ec33a/gnocchi.4ba42035-b17e-438a-905d-aa5d8a46df34/1759320000.0_mean_300.0_v3 HTTP/1.0 404 - python-swiftclient-3.11.1 gAAAAABo3qmJCaCZ... - 70 - tx79629d839a41470ea04d9-0068deaa38 - 0.0080 - - 1759423032.704993725 1759423032.713034153 0
Oct 2 16:37:12 standalone container-server[126062]: 172.20.0.100 - - [02/Oct/2025:16:37:12 +0000] "PUT /d1/783/AUTH_fa3bc31ada1a42afa7e91de9208ec33a/gnocchi.4ba42035-b17e-438a-905d-aa5d8a46df34/1759320000.0_mean_300.0_v3" 201 - "PUT http://localhost:8080/d1/413/AUTH_fa3bc31ada1a42afa7e91de9208ec33a/gnocchi.4ba42035-b17e-438a-905d-aa5d8a46df34/1759320000.0_mean_300.0_v3" "txc8ecb49e7e324328af3eb-0068deaa38" "object-server 23" 0.0009 "-" 16 0
Oct 2 16:37:12 standalone object-server[126278]: 172.20.0.100 - - [02/Oct/2025:16:37:12 +0000] "PUT /d1/413/AUTH_fa3bc31ada1a42afa7e91de9208ec33a/gnocchi.4ba42035-b17e-438a-905d-aa5d8a46df34/1759320000.0_mean_300.0_v3" 201 - "PUT http://localhost:8080/v1/AUTH_fa3bc31ada1a42afa7e91de9208ec33a/gnocchi.4ba42035-b17e-438a-905d-aa5d8a46df34/1759320000.0_mean_300.0_v3" "txc8ecb49e7e324328af3eb-0068deaa38" "proxy-server 21" 0.0130 "-" 23 0
Oct 2 16:37:12 standalone proxy-server[128011]: 172.18.0.2 ::1 02/Oct/2025/16/37/12 PUT /v1/AUTH_fa3bc31ada1a42afa7e91de9208ec33a/gnocchi.4ba42035-b17e-438a-905d-aa5d8a46df34/1759320000.0_mean_300.0_v3 HTTP/1.0 201 - python-swiftclient-3.11.1 gAAAAABo3qmJCaCZ... 16 - - txc8ecb49e7e324328af3eb-0068deaa38 - 0.0212 - - 1759423032.718111992 1759423032.739317179 0
Oct 2 16:37:12 standalone container-server[126056]: 172.20.0.100 - - [02/Oct/2025:16:37:12 +0000] "PUT /d1/783/AUTH_fa3bc31ada1a42afa7e91de9208ec33a/gnocchi.4ba42035-b17e-438a-905d-aa5d8a46df34/none_v3" 201 - "PUT http://localhost:8080/d1/583/AUTH_fa3bc31ada1a42afa7e91de9208ec33a/gnocchi.4ba42035-b17e-438a-905d-aa5d8a46df34/none_v3" "txfa47bb9533aa4e208ffff-0068deaa38" "object-server 25" 0.0010 "-" 14 0
Oct 2 16:37:12 standalone object-server[126281]: 172.20.0.100 - - [02/Oct/2025:16:37:12 +0000] "PUT /d1/583/AUTH_fa3bc31ada1a42afa7e91de9208ec33a/gnocchi.4ba42035-b17e-438a-905d-aa5d8a46df34/none_v3" 201 - "PUT http://localhost:8080/v1/AUTH_fa3bc31ada1a42afa7e91de9208ec33a/gnocchi.4ba42035-b17e-438a-905d-aa5d8a46df34/none_v3" "txfa47bb9533aa4e208ffff-0068deaa38" "proxy-server 21" 0.0128 "-" 25 0
Oct 2 16:37:12 standalone proxy-server[128011]: 172.18.0.2 ::1 02/Oct/2025/16/37/12 PUT /v1/AUTH_fa3bc31ada1a42afa7e91de9208ec33a/gnocchi.4ba42035-b17e-438a-905d-aa5d8a46df34/none_v3 HTTP/1.0 201 - python-swiftclient-3.11.1 gAAAAABo3qmJCaCZ... 22 - - txfa47bb9533aa4e208ffff-0068deaa38 - 0.0220 - - 1759423032.744911671 1759423032.766875744 0
Oct 2 16:37:41 standalone container-server[126062]: 172.20.0.100 - - [02/Oct/2025:16:37:41 +0000] "HEAD /d1/277/AUTH_fa3bc31ada1a42afa7e91de9208ec33a/gnocchi.c48c304a-58f5-4b6b-baa7-a9567d91dfc3" 404 - "HEAD http://localhost:8080/v1/AUTH_fa3bc31ada1a42afa7e91de9208ec33a/gnocchi.c48c304a-58f5-4b6b-baa7-a9567d91dfc3?format=json&states=listing" "tx7bd556d4106a44d3b3f0e-0068deaa55" "proxy-server 21" 0.0011 "-" 16 0
Oct 2 16:37:41 standalone object-server[126278]: 172.20.0.100 - - [02/Oct/2025:16:37:41 +0000] "GET /d1/676/AUTH_fa3bc31ada1a42afa7e91de9208ec33a/gnocchi.c48c304a-58f5-4b6b-baa7-a9567d91dfc3/none_v3" 404 70 "GET http://localhost:8080/v1/AUTH_fa3bc31ada1a42afa7e91de9208ec33a/gnocchi.c48c304a-58f5-4b6b-baa7-a9567d91dfc3/none_v3" "tx7bd556d4106a44d3b3f0e-0068deaa55" "proxy-server 21" 0.0009 "-" 23 0
Oct 2 16:37:41 standalone proxy-server[128011]: 172.18.0.2 ::1 02/Oct/2025/16/37/41 GET /v1/AUTH_fa3bc31ada1a42afa7e91de9208ec33a/gnocchi.c48c304a-58f5-4b6b-baa7-a9567d91dfc3/none_v3 HTTP/1.0 404 - python-swiftclient-3.11.1 gAAAAABo3qmJCaCZ... - 70 - tx7bd556d4106a44d3b3f0e-0068deaa55 - 0.0170 - - 1759423061.886363745 1759423061.903319359 0
Oct 2 16:37:41 standalone account-server[126090]: 172.20.0.100 - - [02/Oct/2025:16:37:41 +0000] "PUT /d1/822/AUTH_fa3bc31ada1a42afa7e91de9208ec33a/gnocchi.c48c304a-58f5-4b6b-baa7-a9567d91dfc3" 201 - "PUT http://172.20.0.100:6001/d1/277/AUTH_fa3bc31ada1a42afa7e91de9208ec33a/gnocchi.c48c304a-58f5-4b6b-baa7-a9567d91dfc3" "txf3b40cb396b049f599be1-0068deaa55" "container-server 14" 0.0049 "-" 23 0
Oct 2 16:37:41 standalone container-server[126056]: 172.20.0.100 - - [02/Oct/2025:16:37:41 +0000] "PUT /d1/277/AUTH_fa3bc31ada1a42afa7e91de9208ec33a/gnocchi.c48c304a-58f5-4b6b-baa7-a9567d91dfc3" 201 - "PUT http://localhost:8080/v1/AUTH_fa3bc31ada1a42afa7e91de9208ec33a/gnocchi.c48c304a-58f5-4b6b-baa7-a9567d91dfc3" "txf3b40cb396b049f599be1-0068deaa55" "proxy-server 21" 0.0219 "-" 14 0
Oct 2 16:37:41 standalone proxy-server[128011]: 172.18.0.2 ::1 02/Oct/2025/16/37/41 PUT /v1/AUTH_fa3bc31ada1a42afa7e91de9208ec33a/gnocchi.c48c304a-58f5-4b6b-baa7-a9567d91dfc3 HTTP/1.0 201 - python-swiftclient-3.11.1 gAAAAABo3qmJCaCZ... - - - txf3b40cb396b049f599be1-0068deaa55 - 0.0289 - - 1759423061.908084393 1759423061.937016726 0
Oct 2 16:37:41 standalone container-server[126056]: 172.20.0.100 - - [02/Oct/2025:16:37:41 +0000] "HEAD /d1/277/AUTH_fa3bc31ada1a42afa7e91de9208ec33a/gnocchi.c48c304a-58f5-4b6b-baa7-a9567d91dfc3" 204 - "HEAD http://localhost:8080/v1/AUTH_fa3bc31ada1a42afa7e91de9208ec33a/gnocchi.c48c304a-58f5-4b6b-baa7-a9567d91dfc3?format=json&states=listing" "tx5f5f4febfa694f2e9fe49-0068deaa55" "proxy-server 21" 0.0021 "-" 14 0
Oct 2 16:37:41 standalone proxy-server[128011]: - - 02/Oct/2025/16/37/41 HEAD /v1/AUTH_fa3bc31ada1a42afa7e91de9208ec33a/gnocchi.c48c304a-58f5-4b6b-baa7-a9567d91dfc3%3Fformat%3Djson%26states%3Dlisting HTTP/1.0 204 - Swift - - - - tx5f5f4febfa694f2e9fe49-0068deaa55 - 0.0061 RL - 1759423061.943329096 1759423061.949474335 0
Oct 2 16:37:41 standalone container-server[126059]: 172.20.0.100 - - [02/Oct/2025:16:37:41 +0000] "GET /d1/277/AUTH_fa3bc31ada1a42afa7e91de9208ec33a/gnocchi.c48c304a-58f5-4b6b-baa7-a9567d91dfc3" 200 2 "GET http://localhost:8080/v1/AUTH_fa3bc31ada1a42afa7e91de9208ec33a/gnocchi.c48c304a-58f5-4b6b-baa7-a9567d91dfc3?format=json&states=listing" "tx5f5f4febfa694f2e9fe49-0068deaa55" "proxy-server 21" 0.0025 "-" 15 0
Oct 2 16:37:41 standalone proxy-server[128011]: 172.18.0.2 ::1 02/Oct/2025/16/37/41 GET /v1/AUTH_fa3bc31ada1a42afa7e91de9208ec33a/gnocchi.c48c304a-58f5-4b6b-baa7-a9567d91dfc3%3Fformat%3Djson%26states%3Dlisting HTTP/1.0 200 - python-swiftclient-3.11.1 gAAAAABo3qmJCaCZ... - 2 - tx5f5f4febfa694f2e9fe49-0068deaa55 - 0.0179 - - 1759423061.941768169 1759423061.959620953 0
Oct 2 16:37:41 standalone object-server[126278]: 172.20.0.100 - - [02/Oct/2025:16:37:41 +0000] "GET /d1/821/AUTH_fa3bc31ada1a42afa7e91de9208ec33a/gnocchi.c48c304a-58f5-4b6b-baa7-a9567d91dfc3/1759320000.0_mean_300.0_v3" 404 70 "GET http://localhost:8080/v1/AUTH_fa3bc31ada1a42afa7e91de9208ec33a/gnocchi.c48c304a-58f5-4b6b-baa7-a9567d91dfc3/1759320000.0_mean_300.0_v3" "tx39e8abeb8a7c4a59ac32e-0068deaa55" "proxy-server 21" 0.0006 "-" 23 0
Oct 2 16:37:41 standalone proxy-server[128011]: 172.18.0.2 ::1 02/Oct/2025/16/37/41 GET /v1/AUTH_fa3bc31ada1a42afa7e91de9208ec33a/gnocchi.c48c304a-58f5-4b6b-baa7-a9567d91dfc3/1759320000.0_mean_300.0_v3 HTTP/1.0 404 - python-swiftclient-3.11.1 gAAAAABo3qmJCaCZ... - 70 - tx39e8abeb8a7c4a59ac32e-0068deaa55 - 0.0089 - - 1759423061.964828014 1759423061.973756790 0
Oct 2 16:37:41 standalone container-server[126059]: 172.20.0.100 - - [02/Oct/2025:16:37:41 +0000] "PUT /d1/277/AUTH_fa3bc31ada1a42afa7e91de9208ec33a/gnocchi.c48c304a-58f5-4b6b-baa7-a9567d91dfc3/1759320000.0_mean_300.0_v3" 201 - "PUT http://localhost:8080/d1/821/AUTH_fa3bc31ada1a42afa7e91de9208ec33a/gnocchi.c48c304a-58f5-4b6b-baa7-a9567d91dfc3/1759320000.0_mean_300.0_v3" "tx426e8494803b450e9222e-0068deaa55" "object-server 24" 0.0009 "-" 15 0
Oct 2 16:37:41 standalone object-server[126279]: 172.20.0.100 - - [02/Oct/2025:16:37:41 +0000] "PUT /d1/821/AUTH_fa3bc31ada1a42afa7e91de9208ec33a/gnocchi.c48c304a-58f5-4b6b-baa7-a9567d91dfc3/1759320000.0_mean_300.0_v3" 201 - "PUT http://localhost:8080/v1/AUTH_fa3bc31ada1a42afa7e91de9208ec33a/gnocchi.c48c304a-58f5-4b6b-baa7-a9567d91dfc3/1759320000.0_mean_300.0_v3" "tx426e8494803b450e9222e-0068deaa55" "proxy-server 21" 0.0136 "-" 24 0
Oct 2 16:37:42 standalone proxy-server[128011]: 172.18.0.2 ::1 02/Oct/2025/16/37/41 PUT /v1/AUTH_fa3bc31ada1a42afa7e91de9208ec33a/gnocchi.c48c304a-58f5-4b6b-baa7-a9567d91dfc3/1759320000.0_mean_300.0_v3 HTTP/1.0 201 - python-swiftclient-3.11.1 gAAAAABo3qmJCaCZ... 16 - - tx426e8494803b450e9222e-0068deaa55 - 0.0219 - - 1759423061.977690697 1759423061.999584198 0
Oct 2 16:37:42 standalone container-server[126059]: 172.20.0.100 - - [02/Oct/2025:16:37:42 +0000] "PUT /d1/277/AUTH_fa3bc31ada1a42afa7e91de9208ec33a/gnocchi.c48c304a-58f5-4b6b-baa7-a9567d91dfc3/none_v3" 201 - "PUT http://localhost:8080/d1/676/AUTH_fa3bc31ada1a42afa7e91de9208ec33a/gnocchi.c48c304a-58f5-4b6b-baa7-a9567d91dfc3/none_v3" "tx1dd17cb78b5f490bab52f-0068deaa56" "object-server 22" 0.0009 "-" 15 0
Oct 2 16:37:42 standalone object-server[126277]: 172.20.0.100 - - [02/Oct/2025:16:37:42 +0000] "PUT /d1/676/AUTH_fa3bc31ada1a42afa7e91de9208ec33a/gnocchi.c48c304a-58f5-4b6b-baa7-a9567d91dfc3/none_v3" 201 - "PUT http://localhost:8080/v1/AUTH_fa3bc31ada1a42afa7e91de9208ec33a/gnocchi.c48c304a-58f5-4b6b-baa7-a9567d91dfc3/none_v3" "tx1dd17cb78b5f490bab52f-0068deaa56" "proxy-server 21" 0.0132 "-" 22 0
Oct 2 16:37:42 standalone proxy-server[128011]: 172.18.0.2 ::1 02/Oct/2025/16/37/42 PUT /v1/AUTH_fa3bc31ada1a42afa7e91de9208ec33a/gnocchi.c48c304a-58f5-4b6b-baa7-a9567d91dfc3/none_v3 HTTP/1.0 201 - python-swiftclient-3.11.1 gAAAAABo3qmJCaCZ... 22 - - tx1dd17cb78b5f490bab52f-0068deaa56 - 0.0219 - - 1759423062.003789902 1759423062.025666475 0
Oct 2 16:38:25 standalone account-server[126081]: 172.20.0.100 - - [02/Oct/2025:16:38:25 +0000] "HEAD /d1/720/.expiring_objects" 404 - "HEAD http://localhost/v1/.expiring_objects?format=json" "txbd77d952707d4aa481e4f-0068deaa81" "proxy-server 2" 0.0005 "-" 21 -
Oct 2 16:38:25 standalone object-expirer[125916]: Pass completed in 0s; 0 objects expired (txn: txbd77d952707d4aa481e4f-0068deaa81)
Oct 2 16:39:02 standalone container-server[125753]: Begin container update sweep
Oct 2 16:39:02 standalone account-server[126079]: 172.20.0.100 - - [02/Oct/2025:16:39:02 +0000] "PUT /d1/822/AUTH_fa3bc31ada1a42afa7e91de9208ec33a/gnocchi.50dfc26e-71cf-4ccc-8eaa-633e58129107" 201 - "-" "-" "container-updater 2" 0.0014 "-" 20 0
Oct 2 16:39:03 standalone account-server[126081]: 172.20.0.100 - - [02/Oct/2025:16:39:03 +0000] "PUT /d1/822/AUTH_fa3bc31ada1a42afa7e91de9208ec33a/gnocchi.735c06cd-bb45-4d9b-9df5-699dd01cefb9" 201 - "-" "-" "container-updater 2" 0.0009 "-" 21 0
Oct 2 16:39:03 standalone account-server[126090]: 172.20.0.100 - - [02/Oct/2025:16:39:03 +0000] "PUT /d1/822/AUTH_fa3bc31ada1a42afa7e91de9208ec33a/gnocchi.572f2418-2447-49a0-b85a-bb2eff20ceef" 201 - "-" "-" "container-updater 2" 0.0008 "-" 23 0
Oct 2 16:39:03 standalone account-server[126088]: 172.20.0.100 - - [02/Oct/2025:16:39:03 +0000] "PUT /d1/822/AUTH_fa3bc31ada1a42afa7e91de9208ec33a/gnocchi.61e08d7b-d232-4346-a30a-97caa2edd3cc" 201 - "-" "-" "container-updater 2" 0.0009 "-" 22 0
Oct 2 16:39:03 standalone account-server[126079]: 172.20.0.100 - - [02/Oct/2025:16:39:03 +0000] "PUT /d1/822/AUTH_fa3bc31ada1a42afa7e91de9208ec33a/gnocchi.3ba3a42f-9b0f-47ff-b005-c83c04c9591b" 201 - "-" "-" "container-updater 2" 0.0008 "-" 20 0
Oct 2 16:39:03 standalone account-server[126090]: 172.20.0.100 - - [02/Oct/2025:16:39:03 +0000] "PUT /d1/822/AUTH_fa3bc31ada1a42afa7e91de9208ec33a/glance" 201 - "-" "-" "container-updater 2" 0.0008 "-" 23 0
Oct 2 16:39:03 standalone account-server[126079]: 172.20.0.100 - - [02/Oct/2025:16:39:03 +0000] "PUT /d1/822/AUTH_fa3bc31ada1a42afa7e91de9208ec33a/gnocchi.f2d2fd11-acb0-47e5-830e-1874699e176e" 201 - "-" "-" "container-updater 2" 0.0006 "-" 20 0
Oct 2 16:39:03 standalone account-server[126088]: 172.20.0.100 - - [02/Oct/2025:16:39:03 +0000] "PUT /d1/822/AUTH_fa3bc31ada1a42afa7e91de9208ec33a/gnocchi.fc605e08-10fa-45da-b8f8-d5262059ac05" 201 - "-" "-" "container-updater 2" 0.0007 "-" 22 0
Oct 2 16:39:03 standalone account-server[126081]: 172.20.0.100 - - [02/Oct/2025:16:39:03 +0000] "PUT /d1/822/AUTH_fa3bc31ada1a42afa7e91de9208ec33a/gnocchi.ff475c09-88ea-4248-85c1-c3b5ec25bc76" 201 - "-" "-" "container-updater 2" 0.0006 "-" 21 0
Oct 2 16:39:03 standalone account-server[126081]: 172.20.0.100 - - [02/Oct/2025:16:39:03 +0000] "PUT /d1/822/AUTH_fa3bc31ada1a42afa7e91de9208ec33a/gnocchi.0dff9dc1-11e3-43cc-b738-277690dd8bbe" 201 - "-" "-" "container-updater 2" 0.0006 "-" 21 0
Oct 2 16:39:04 standalone account-server[126079]: 172.20.0.100 - - [02/Oct/2025:16:39:04 +0000] "PUT /d1/822/AUTH_fa3bc31ada1a42afa7e91de9208ec33a/gnocchi.77eacb6c-27dd-47b9-b5e0-a36987403282" 201 - "-" "-" "container-updater 2" 0.0009 "-" 20 0
Oct 2 16:39:04 standalone account-server[126088]: 172.20.0.100 - - [02/Oct/2025:16:39:04 +0000] "PUT /d1/822/AUTH_fa3bc31ada1a42afa7e91de9208ec33a/gnocchi.9852b00a-8426-41ce-ae3c-17ff3e793dc3" 201 - "-" "-" "container-updater 2" 0.0012 "-" 22 0
Oct 2 16:39:04 standalone account-server[126079]: 172.20.0.100 - - [02/Oct/2025:16:39:04 +0000] "PUT /d1/822/AUTH_fa3bc31ada1a42afa7e91de9208ec33a/gnocchi.012ae3ef-1fe2-4920-a06a-4dfd1592ebf2" 201 - "-" "-" "container-updater 2" 0.0007 "-" 20 0
Oct 2 16:39:04 standalone account-server[126088]: 172.20.0.100 - - [02/Oct/2025:16:39:04 +0000] "PUT /d1/822/AUTH_fa3bc31ada1a42afa7e91de9208ec33a/gnocchi.cdcff925-8ed1-4b34-bfc2-eacff9529651" 201 - "-" "-" "container-updater 2" 0.0005 "-" 22 0
Oct 2 16:39:04 standalone account-server[126081]: 172.20.0.100 - - [02/Oct/2025:16:39:04 +0000] "PUT /d1/822/AUTH_fa3bc31ada1a42afa7e91de9208ec33a/gnocchi.e93abf7e-f93c-4c57-be51-0ad90e45d91c" 201 - "-" "-" "container-updater 2" 0.0004 "-" 21 0
Oct 2 16:39:04 standalone account-server[126079]: 172.20.0.100 - - [02/Oct/2025:16:39:04 +0000] "PUT /d1/822/AUTH_fa3bc31ada1a42afa7e91de9208ec33a/gnocchi.c48c304a-58f5-4b6b-baa7-a9567d91dfc3" 201 - "-" "-" "container-updater 2" 0.0006 "-" 20 0
Oct 2 16:39:04 standalone account-server[126088]: 172.20.0.100 - - [02/Oct/2025:16:39:04 +0000] "PUT /d1/822/AUTH_fa3bc31ada1a42afa7e91de9208ec33a/gnocchi.52b08ae0-d682-4fb2-83ae-75eeb8b291bc" 201 - "-" "-" "container-updater 2" 0.0005 "-" 22 0
Oct 2 16:39:04 standalone account-server[126090]: 172.20.0.100 - - [02/Oct/2025:16:39:04 +0000] "PUT /d1/822/AUTH_fa3bc31ada1a42afa7e91de9208ec33a/gnocchi.949fee07-12ec-482e-a411-a2b6b7f8933a" 201 - "-" "-" "container-updater 2" 0.0004 "-" 23 0
Oct 2 16:39:04 standalone account-server[126088]: 172.20.0.100 - - [02/Oct/2025:16:39:04 +0000] "PUT /d1/822/AUTH_fa3bc31ada1a42afa7e91de9208ec33a/gnocchi.0ca42480-4ecd-4b70-8e7f-4233d94bfc94" 201 - "-" "-" "container-updater 2" 0.0007 "-" 22 0
Oct 2 16:39:05 standalone account-server[126090]: 172.20.0.100 - - [02/Oct/2025:16:39:05 +0000] "PUT /d1/822/AUTH_fa3bc31ada1a42afa7e91de9208ec33a/gnocchi.c4d0ac94-9d91-43e0-8f7a-d0c7e7dea261" 201 - "-" "-" "container-updater 2" 0.0007 "-" 23 0
Oct 2 16:39:05 standalone account-server[126081]: 172.20.0.100 - - [02/Oct/2025:16:39:05 +0000] "PUT /d1/822/AUTH_fa3bc31ada1a42afa7e91de9208ec33a/gnocchi.700dffcc-0a03-47dd-b3cd-fa06d1edb9bf" 201 - "-" "-" "container-updater 2" 0.0008 "-" 21 0
Oct 2 16:39:05 standalone account-server[126090]: 172.20.0.100 - - [02/Oct/2025:16:39:05 +0000] "PUT /d1/822/AUTH_fa3bc31ada1a42afa7e91de9208ec33a/gnocchi.45ebf1ee-90d7-439d-9be2-598343c168c1" 201 - "-" "-" "container-updater 2" 0.0006 "-" 23 0
Oct 2 16:39:05 standalone account-server[126081]: 172.20.0.100 - - [02/Oct/2025:16:39:05 +0000] "PUT /d1/822/AUTH_fa3bc31ada1a42afa7e91de9208ec33a/gnocchi.4ba42035-b17e-438a-905d-aa5d8a46df34" 201 - "-" "-" "container-updater 2" 0.0007 "-" 21 0
Oct 2 16:39:05 standalone container-server[125753]: Container update sweep completed: 2.54s
Oct 2 16:39:49 standalone account-server[126081]: 172.20.0.100 - - [02/Oct/2025:16:39:49 +0000] "HEAD /d1/720/.expiring_objects" 404 - "HEAD http://localhost/v1/.expiring_objects?format=json" "txc655f583e2c04733af357-0068deaad5" "proxy-server 2" 0.0010 "-" 21 -
Oct 2 16:39:49 standalone object-expirer[125916]: Pass completed in 0s; 0 objects expired (txn: txc655f583e2c04733af357-0068deaad5)
Oct 2 16:41:08 standalone account-server[126079]: 172.20.0.100 - - [02/Oct/2025:16:41:08 +0000] "HEAD /d1/720/.expiring_objects" 404 - "HEAD http://localhost/v1/.expiring_objects?format=json" "tx3d23be09e85944dfa7c9d-0068deab24" "proxy-server 2" 0.0009 "-" 20 -
Oct 2 16:41:08 standalone object-expirer[125916]: Pass completed in 0s; 0 objects expired (txn: tx3d23be09e85944dfa7c9d-0068deab24)
Oct 2 16:41:50 standalone object-server[126135]: Begin object update sweep
Oct 2 16:41:50 standalone object-server[260028]: Object update sweep starting on /srv/node/d1 (pid: 15)
Oct 2 16:41:50 standalone object-server[260028]: Object update sweep completed on /srv/node/d1 in 0.00s seconds:, 0 successes, 0 failures, 0 quarantines, 0 unlinks, 0 errors, 0 redirects (pid: 15)
Oct 2 16:41:50 standalone object-server[260028]: Object update sweep of d1 completed: 0.00s, 0 successes, 0 failures, 0 quarantines, 0 unlinks, 0 errors, 0 redirects
Oct 2 16:41:50 standalone object-server[126135]: Object update sweep completed: 0.10s
Oct 2 16:43:54 standalone account-server[126088]: 172.20.0.100 - - [02/Oct/2025:16:43:54 +0000] "HEAD /d1/720/.expiring_objects" 404 - "HEAD http://localhost/v1/.expiring_objects?format=json" "txe9519b7c81b842b099e7e-0068deabca" "proxy-server 2" 0.0010 "-" 22 -
Oct 2 16:43:54 standalone object-expirer[125916]: Pass completed in 0s; 0 objects expired (txn: txe9519b7c81b842b099e7e-0068deabca)
Oct 2 16:44:02 standalone container-server[125753]: Begin container update sweep
Oct 2 16:44:04 standalone container-server[125753]: Container update sweep completed: 1.61s
Oct 2 16:44:17 standalone account-server[126079]: 172.20.0.100 - - [02/Oct/2025:16:44:17 +0000] "HEAD /d1/720/.expiring_objects" 404 - "HEAD http://localhost/v1/.expiring_objects?format=json" "txfa848c989bd24d07b3132-0068deabe1" "proxy-server 2" 0.0007 "-" 20 -
Oct 2 16:44:17 standalone object-expirer[125916]: Pass completed in 0s; 0 objects expired (txn: txfa848c989bd24d07b3132-0068deabe1)
Oct 2 16:44:31 standalone account-server[126088]: 172.20.0.100 - - [02/Oct/2025:16:44:31 +0000] "HEAD /d1/720/.expiring_objects" 404 - "HEAD http://localhost/v1/.expiring_objects?format=json" "tx69efa3caf5c0480eb52a0-0068deabef" "proxy-server 2" 0.0009 "-" 22 -
Oct 2 16:44:31 standalone object-expirer[125916]: Pass completed in 0s; 0 objects expired (txn: tx69efa3caf5c0480eb52a0-0068deabef)
Oct 2 16:46:50 standalone object-server[126135]: Begin object update sweep
Oct 2 16:46:50 standalone object-server[280815]: Object update sweep starting on /srv/node/d1 (pid: 16)
Oct 2 16:46:50 standalone object-server[280815]: Object update sweep completed on /srv/node/d1 in 0.00s seconds:, 0 successes, 0 failures, 0 quarantines, 0 unlinks, 0 errors, 0 redirects (pid: 16)
Oct 2 16:46:50 standalone object-server[280815]: Object update sweep of d1 completed: 0.00s, 0 successes, 0 failures, 0 quarantines, 0 unlinks, 0 errors, 0 redirects
Oct 2 16:46:50 standalone object-server[126135]: Object update sweep completed: 0.09s
Oct 2 16:47:28 standalone account-server[126081]: 172.20.0.100 - - [02/Oct/2025:16:47:28 +0000] "HEAD /d1/720/.expiring_objects" 404 - "HEAD http://localhost/v1/.expiring_objects?format=json" "txe3071fd704ec4530b7ed4-0068deaca0" "proxy-server 2" 0.0007 "-" 21 -
Oct 2 16:47:28 standalone object-expirer[125916]: Pass completed in 0s; 0 objects expired (txn: txe3071fd704ec4530b7ed4-0068deaca0)
Oct 2 16:48:15 standalone account-server[126081]: 172.20.0.5 - - [02/Oct/2025:16:48:15 +0000] "HEAD /d1/160/AUTH_635b6984c04d434683aa2dc6be2e377e" 404 - "HEAD http://swift-public-openstack.apps-crc.testing/v1/AUTH_635b6984c04d434683aa2dc6be2e377e?format=json" "tx7fc7f20b98fe42c19da10-0068deaccf" "proxy-server 12" 0.0009 "-" 21 -
Oct 2 16:48:15 standalone account-server[126079]: 172.20.0.5 - - [02/Oct/2025:16:48:15 +0000] "GET /d1/160/AUTH_635b6984c04d434683aa2dc6be2e377e" 404 - "GET http://swift-public-openstack.apps-crc.testing/v1/AUTH_635b6984c04d434683aa2dc6be2e377e?format=json" "tx7fc7f20b98fe42c19da10-0068deaccf" "proxy-server 12" 0.0006 "-" 20 -
Oct 2 16:49:03 standalone container-server[125753]: Begin container update sweep
Oct 2 16:49:04 standalone container-server[125753]: Container update sweep completed: 1.73s
Oct 2 16:49:12 standalone account-server[126081]: 172.20.0.100 - - [02/Oct/2025:16:49:12 +0000] "HEAD /d1/720/.expiring_objects" 404 - "HEAD http://localhost/v1/.expiring_objects?format=json" "tx2fdb0ca5118c4c72bea15-0068dead08" "proxy-server 2" 0.0009 "-" 21 -
Oct 2 16:49:12 standalone object-expirer[125916]: Pass completed in 0s; 0 objects expired (txn: tx2fdb0ca5118c4c72bea15-0068dead08)
Oct 2 16:50:53 standalone account-server[126081]: 172.20.0.100 - - [02/Oct/2025:16:50:53 +0000] "HEAD /d1/720/.expiring_objects" 404 - "HEAD http://localhost/v1/.expiring_objects?format=json" "txf9e3c62345724fa890772-0068dead6d" "proxy-server 2" 0.0006 "-" 21 -
Oct 2 16:50:53 standalone object-expirer[125916]: Pass completed in 0s; 0 objects expired (txn: txf9e3c62345724fa890772-0068dead6d)
Oct 2 16:51:50 standalone object-server[126135]: Begin object update sweep
Oct 2 16:51:50 standalone object-server[301530]: Object update sweep starting on /srv/node/d1 (pid: 17)
Oct 2 16:51:50 standalone object-server[301530]: Object update sweep completed on /srv/node/d1 in 0.00s seconds:, 0 successes, 0 failures, 0 quarantines, 0 unlinks, 0 errors, 0 redirects (pid: 17)
Oct 2 16:51:50 standalone object-server[301530]: Object update sweep of d1 completed: 0.00s, 0 successes, 0 failures, 0 quarantines, 0 unlinks, 0 errors, 0 redirects
Oct 2 16:51:50 standalone object-server[126135]: Object update sweep completed: 0.09s
Oct 2 16:54:02 standalone account-server[126081]: 172.20.0.100 - - [02/Oct/2025:16:54:02 +0000] "HEAD /d1/720/.expiring_objects" 404 - "HEAD http://localhost/v1/.expiring_objects?format=json" "txf2c7ca9eef964c958a9b0-0068deae2a" "proxy-server 2" 0.0006 "-" 21 -
Oct 2 16:54:02 standalone object-expirer[125916]: Pass completed in 0s; 0 objects expired (txn: txf2c7ca9eef964c958a9b0-0068deae2a)
Oct 2 16:54:03 standalone container-server[125753]: Begin container update sweep
Oct 2 16:54:04 standalone container-server[125753]: Container update sweep completed: 1.63s
Oct 2 16:54:38 standalone account-server[125514]: Devices pass completed: 0.00s