Oct 2 16:35:29 standalone object-server[126279]: 172.20.0.100 - - [02/Oct/2025:16:35:29 +0000] "GET /d1/262/AUTH_fa3bc31ada1a42afa7e91de9208ec33a/gnocchi.e93abf7e-f93c-4c57-be51-0ad90e45d91c/1759320000.0_mean_300.0_v3" 404 70 "GET http://localhost:8080/v1/AUTH_fa3bc31ada1a42afa7e91de9208ec33a/gnocchi.e93abf7e-f93c-4c57-be51-0ad90e45d91c/1759320000.0_mean_300.0_v3" "txde220c228a4341298da83-0068dea9d1" "proxy-server 21" 0.0004 "-" 24 0
Oct 2 16:35:29 standalone proxy-server[128011]: 172.18.0.2 ::1 02/Oct/2025/16/35/29 GET /v1/AUTH_fa3bc31ada1a42afa7e91de9208ec33a/gnocchi.e93abf7e-f93c-4c57-be51-0ad90e45d91c/1759320000.0_mean_300.0_v3 HTTP/1.0 404 - python-swiftclient-3.11.1 gAAAAABo3qmJCaCZ... - 70 - txde220c228a4341298da83-0068dea9d1 - 0.0079 - - 1759422929.777310610 1759422929.785244465 0
Oct 2 16:35:29 standalone container-server[126069]: 172.20.0.100 - - [02/Oct/2025:16:35:29 +0000] "PUT /d1/629/AUTH_fa3bc31ada1a42afa7e91de9208ec33a/gnocchi.e93abf7e-f93c-4c57-be51-0ad90e45d91c/1759320000.0_mean_300.0_v3" 201 - "PUT http://localhost:8080/d1/262/AUTH_fa3bc31ada1a42afa7e91de9208ec33a/gnocchi.e93abf7e-f93c-4c57-be51-0ad90e45d91c/1759320000.0_mean_300.0_v3" "tx3049a8c4c3bf43c2a6aab-0068dea9d1" "object-server 25" 0.0008 "-" 17 0
Oct 2 16:35:29 standalone object-server[126281]: 172.20.0.100 - - [02/Oct/2025:16:35:29 +0000] "PUT /d1/262/AUTH_fa3bc31ada1a42afa7e91de9208ec33a/gnocchi.e93abf7e-f93c-4c57-be51-0ad90e45d91c/1759320000.0_mean_300.0_v3" 201 - "PUT http://localhost:8080/v1/AUTH_fa3bc31ada1a42afa7e91de9208ec33a/gnocchi.e93abf7e-f93c-4c57-be51-0ad90e45d91c/1759320000.0_mean_300.0_v3" "tx3049a8c4c3bf43c2a6aab-0068dea9d1" "proxy-server 21" 0.0116 "-" 25 0
Oct 2 16:35:29 standalone proxy-server[128011]: 172.18.0.2 ::1 02/Oct/2025/16/35/29 PUT /v1/AUTH_fa3bc31ada1a42afa7e91de9208ec33a/gnocchi.e93abf7e-f93c-4c57-be51-0ad90e45d91c/1759320000.0_mean_300.0_v3 HTTP/1.0 201 - python-swiftclient-3.11.1 gAAAAABo3qmJCaCZ... 16 - - tx3049a8c4c3bf43c2a6aab-0068dea9d1 - 0.0225 - - 1759422929.789353371 1759422929.811860800 0
Oct 2 16:35:29 standalone container-server[126069]: 172.20.0.100 - - [02/Oct/2025:16:35:29 +0000] "PUT /d1/629/AUTH_fa3bc31ada1a42afa7e91de9208ec33a/gnocchi.e93abf7e-f93c-4c57-be51-0ad90e45d91c/none_v3" 201 - "PUT http://localhost:8080/d1/217/AUTH_fa3bc31ada1a42afa7e91de9208ec33a/gnocchi.e93abf7e-f93c-4c57-be51-0ad90e45d91c/none_v3" "tx1fbf10b1c7aa4329874a1-0068dea9d1" "object-server 23" 0.0006 "-" 17 0
Oct 2 16:35:29 standalone object-server[126278]: 172.20.0.100 - - [02/Oct/2025:16:35:29 +0000] "PUT /d1/217/AUTH_fa3bc31ada1a42afa7e91de9208ec33a/gnocchi.e93abf7e-f93c-4c57-be51-0ad90e45d91c/none_v3" 201 - "PUT http://localhost:8080/v1/AUTH_fa3bc31ada1a42afa7e91de9208ec33a/gnocchi.e93abf7e-f93c-4c57-be51-0ad90e45d91c/none_v3" "tx1fbf10b1c7aa4329874a1-0068dea9d1" "proxy-server 21" 0.0095 "-" 23 0
Oct 2 16:35:29 standalone proxy-server[128011]: 172.18.0.2 ::1 02/Oct/2025/16/35/29 PUT /v1/AUTH_fa3bc31ada1a42afa7e91de9208ec33a/gnocchi.e93abf7e-f93c-4c57-be51-0ad90e45d91c/none_v3 HTTP/1.0 201 - python-swiftclient-3.11.1 gAAAAABo3qmJCaCZ... 22 - - tx1fbf10b1c7aa4329874a1-0068dea9d1 - 0.0156 - - 1759422929.815967321 1759422929.831562757 0
Oct 2 16:35:29 standalone container-server[126056]: 172.20.0.100 - - [02/Oct/2025:16:35:29 +0000] "HEAD /d1/660/AUTH_fa3bc31ada1a42afa7e91de9208ec33a/gnocchi.50dfc26e-71cf-4ccc-8eaa-633e58129107" 404 - "HEAD http://localhost:8080/v1/AUTH_fa3bc31ada1a42afa7e91de9208ec33a/gnocchi.50dfc26e-71cf-4ccc-8eaa-633e58129107?format=json&states=listing" "tx2890df14e0b5445ca348e-0068dea9d1" "proxy-server 21" 0.0005 "-" 14 0
Oct 2 16:35:29 standalone object-server[126281]: 172.20.0.100 - - [02/Oct/2025:16:35:29 +0000] "GET /d1/380/AUTH_fa3bc31ada1a42afa7e91de9208ec33a/gnocchi.50dfc26e-71cf-4ccc-8eaa-633e58129107/none_v3" 404 70 "GET http://localhost:8080/v1/AUTH_fa3bc31ada1a42afa7e91de9208ec33a/gnocchi.50dfc26e-71cf-4ccc-8eaa-633e58129107/none_v3" "tx2890df14e0b5445ca348e-0068dea9d1" "proxy-server 21" 0.0004 "-" 25 0
Oct 2 16:35:29 standalone proxy-server[128011]: 172.18.0.2 ::1 02/Oct/2025/16/35/29 GET /v1/AUTH_fa3bc31ada1a42afa7e91de9208ec33a/gnocchi.50dfc26e-71cf-4ccc-8eaa-633e58129107/none_v3 HTTP/1.0 404 - python-swiftclient-3.11.1 gAAAAABo3qmJCaCZ... - 70 - tx2890df14e0b5445ca348e-0068dea9d1 - 0.0101 - - 1759422929.848309040 1759422929.858430862 0
Oct 2 16:35:29 standalone account-server[126088]: 172.20.0.100 - - [02/Oct/2025:16:35:29 +0000] "PUT /d1/822/AUTH_fa3bc31ada1a42afa7e91de9208ec33a/gnocchi.50dfc26e-71cf-4ccc-8eaa-633e58129107" 201 - "PUT http://172.20.0.100:6001/d1/660/AUTH_fa3bc31ada1a42afa7e91de9208ec33a/gnocchi.50dfc26e-71cf-4ccc-8eaa-633e58129107" "txf446a19d07384580b8f43-0068dea9d1" "container-server 14" 0.0120 "-" 22 0
Oct 2 16:35:29 standalone container-server[126056]: 172.20.0.100 - - [02/Oct/2025:16:35:29 +0000] "PUT /d1/660/AUTH_fa3bc31ada1a42afa7e91de9208ec33a/gnocchi.50dfc26e-71cf-4ccc-8eaa-633e58129107" 201 - "PUT http://localhost:8080/v1/AUTH_fa3bc31ada1a42afa7e91de9208ec33a/gnocchi.50dfc26e-71cf-4ccc-8eaa-633e58129107" "txf446a19d07384580b8f43-0068dea9d1" "proxy-server 21" 0.0257 "-" 14 0
Oct 2 16:35:29 standalone proxy-server[128011]: 172.18.0.2 ::1 02/Oct/2025/16/35/29 PUT /v1/AUTH_fa3bc31ada1a42afa7e91de9208ec33a/gnocchi.50dfc26e-71cf-4ccc-8eaa-633e58129107 HTTP/1.0 201 - python-swiftclient-3.11.1 gAAAAABo3qmJCaCZ... - - - txf446a19d07384580b8f43-0068dea9d1 - 0.0332 - - 1759422929.862946987 1759422929.896101236 0
Oct 2 16:35:29 standalone container-server[126069]: 172.20.0.100 - - [02/Oct/2025:16:35:29 +0000] "HEAD /d1/660/AUTH_fa3bc31ada1a42afa7e91de9208ec33a/gnocchi.50dfc26e-71cf-4ccc-8eaa-633e58129107" 204 - "HEAD http://localhost:8080/v1/AUTH_fa3bc31ada1a42afa7e91de9208ec33a/gnocchi.50dfc26e-71cf-4ccc-8eaa-633e58129107?format=json&states=listing" "tx3ab5c0c3009b4a4da2803-0068dea9d1" "proxy-server 21" 0.0012 "-" 17 0
Oct 2 16:35:29 standalone proxy-server[128011]: - - 02/Oct/2025/16/35/29 HEAD /v1/AUTH_fa3bc31ada1a42afa7e91de9208ec33a/gnocchi.50dfc26e-71cf-4ccc-8eaa-633e58129107%3Fformat%3Djson%26states%3Dlisting HTTP/1.0 204 - Swift - - - - tx3ab5c0c3009b4a4da2803-0068dea9d1 - 0.0063 RL - 1759422929.902725458 1759422929.909010649 0
Oct 2 16:35:29 standalone container-server[126062]: 172.20.0.100 - - [02/Oct/2025:16:35:29 +0000] "GET /d1/660/AUTH_fa3bc31ada1a42afa7e91de9208ec33a/gnocchi.50dfc26e-71cf-4ccc-8eaa-633e58129107" 200 2 "GET http://localhost:8080/v1/AUTH_fa3bc31ada1a42afa7e91de9208ec33a/gnocchi.50dfc26e-71cf-4ccc-8eaa-633e58129107?format=json&states=listing" "tx3ab5c0c3009b4a4da2803-0068dea9d1" "proxy-server 21" 0.0031 "-" 16 0
Oct 2 16:35:29 standalone proxy-server[128011]: 172.18.0.2 ::1 02/Oct/2025/16/35/29 GET /v1/AUTH_fa3bc31ada1a42afa7e91de9208ec33a/gnocchi.50dfc26e-71cf-4ccc-8eaa-633e58129107%3Fformat%3Djson%26states%3Dlisting HTTP/1.0 200 - python-swiftclient-3.11.1 gAAAAABo3qmJCaCZ... - 2 - tx3ab5c0c3009b4a4da2803-0068dea9d1 - 0.0197 - - 1759422929.901339293 1759422929.921008110 0
Oct 2 16:35:29 standalone object-server[126278]: 172.20.0.100 - - [02/Oct/2025:16:35:29 +0000] "GET /d1/782/AUTH_fa3bc31ada1a42afa7e91de9208ec33a/gnocchi.50dfc26e-71cf-4ccc-8eaa-633e58129107/1759320000.0_mean_300.0_v3" 404 70 "GET http://localhost:8080/v1/AUTH_fa3bc31ada1a42afa7e91de9208ec33a/gnocchi.50dfc26e-71cf-4ccc-8eaa-633e58129107/1759320000.0_mean_300.0_v3" "tx69a355ace1104baabd753-0068dea9d1" "proxy-server 21" 0.0005 "-" 23 0
Oct 2 16:35:29 standalone proxy-server[128011]: 172.18.0.2 ::1 02/Oct/2025/16/35/29 GET /v1/AUTH_fa3bc31ada1a42afa7e91de9208ec33a/gnocchi.50dfc26e-71cf-4ccc-8eaa-633e58129107/1759320000.0_mean_300.0_v3 HTTP/1.0 404 - python-swiftclient-3.11.1 gAAAAABo3qmJCaCZ... - 70 - tx69a355ace1104baabd753-0068dea9d1 - 0.0067 - - 1759422929.925384760 1759422929.932049990 0
Oct 2 16:35:29 standalone container-server[126056]: 172.20.0.100 - - [02/Oct/2025:16:35:29 +0000] "PUT /d1/660/AUTH_fa3bc31ada1a42afa7e91de9208ec33a/gnocchi.50dfc26e-71cf-4ccc-8eaa-633e58129107/1759320000.0_mean_300.0_v3" 201 - "PUT http://localhost:8080/d1/782/AUTH_fa3bc31ada1a42afa7e91de9208ec33a/gnocchi.50dfc26e-71cf-4ccc-8eaa-633e58129107/1759320000.0_mean_300.0_v3" "tx054474c94a3a42c1b40e4-0068dea9d1" "object-server 25" 0.0012 "-" 14 0
Oct 2 16:35:29 standalone object-server[126281]: 172.20.0.100 - - [02/Oct/2025:16:35:29 +0000] "PUT /d1/782/AUTH_fa3bc31ada1a42afa7e91de9208ec33a/gnocchi.50dfc26e-71cf-4ccc-8eaa-633e58129107/1759320000.0_mean_300.0_v3" 201 - "PUT http://localhost:8080/v1/AUTH_fa3bc31ada1a42afa7e91de9208ec33a/gnocchi.50dfc26e-71cf-4ccc-8eaa-633e58129107/1759320000.0_mean_300.0_v3" "tx054474c94a3a42c1b40e4-0068dea9d1" "proxy-server 21" 0.0140 "-" 25 0
Oct 2 16:35:29 standalone proxy-server[128011]: 172.18.0.2 ::1 02/Oct/2025/16/35/29 PUT /v1/AUTH_fa3bc31ada1a42afa7e91de9208ec33a/gnocchi.50dfc26e-71cf-4ccc-8eaa-633e58129107/1759320000.0_mean_300.0_v3 HTTP/1.0 201 - python-swiftclient-3.11.1 gAAAAABo3qmJCaCZ... 16 - - tx054474c94a3a42c1b40e4-0068dea9d1 - 0.0219 - - 1759422929.935555935 1759422929.957462788 0
Oct 2 16:35:29 standalone container-server[126062]: 172.20.0.100 - - [02/Oct/2025:16:35:29 +0000] "PUT /d1/660/AUTH_fa3bc31ada1a42afa7e91de9208ec33a/gnocchi.50dfc26e-71cf-4ccc-8eaa-633e58129107/none_v3" 201 - "PUT http://localhost:8080/d1/380/AUTH_fa3bc31ada1a42afa7e91de9208ec33a/gnocchi.50dfc26e-71cf-4ccc-8eaa-633e58129107/none_v3" "tx7342321c4dc8497b985ec-0068dea9d1" "object-server 24" 0.0010 "-" 16 0
Oct 2 16:35:29 standalone object-server[126279]: 172.20.0.100 - - [02/Oct/2025:16:35:29 +0000] "PUT /d1/380/AUTH_fa3bc31ada1a42afa7e91de9208ec33a/gnocchi.50dfc26e-71cf-4ccc-8eaa-633e58129107/none_v3" 201 - "PUT http://localhost:8080/v1/AUTH_fa3bc31ada1a42afa7e91de9208ec33a/gnocchi.50dfc26e-71cf-4ccc-8eaa-633e58129107/none_v3" "tx7342321c4dc8497b985ec-0068dea9d1" "proxy-server 21" 0.0157 "-" 24 0
Oct 2 16:35:29 standalone proxy-server[128011]: 172.18.0.2 ::1 02/Oct/2025/16/35/29 PUT /v1/AUTH_fa3bc31ada1a42afa7e91de9208ec33a/gnocchi.50dfc26e-71cf-4ccc-8eaa-633e58129107/none_v3 HTTP/1.0 201 - python-swiftclient-3.11.1 gAAAAABo3qmJCaCZ... 22 - - tx7342321c4dc8497b985ec-0068dea9d1 - 0.0247 - - 1759422929.963909864 1759422929.988605976 0
Oct 2 16:35:30 standalone container-server[126062]: 172.20.0.100 - - [02/Oct/2025:16:35:30 +0000] "HEAD /d1/205/AUTH_fa3bc31ada1a42afa7e91de9208ec33a/gnocchi.700dffcc-0a03-47dd-b3cd-fa06d1edb9bf" 404 - "HEAD http://localhost:8080/v1/AUTH_fa3bc31ada1a42afa7e91de9208ec33a/gnocchi.700dffcc-0a03-47dd-b3cd-fa06d1edb9bf?format=json&states=listing" "txa1a8919a6caf46ffa5800-0068dea9d2" "proxy-server 21" 0.0008 "-" 16 0
Oct 2 16:35:30 standalone object-server[126278]: 172.20.0.100 - - [02/Oct/2025:16:35:30 +0000] "GET /d1/625/AUTH_fa3bc31ada1a42afa7e91de9208ec33a/gnocchi.700dffcc-0a03-47dd-b3cd-fa06d1edb9bf/none_v3" 404 70 "GET http://localhost:8080/v1/AUTH_fa3bc31ada1a42afa7e91de9208ec33a/gnocchi.700dffcc-0a03-47dd-b3cd-fa06d1edb9bf/none_v3" "txa1a8919a6caf46ffa5800-0068dea9d2" "proxy-server 21" 0.0009 "-" 23 0
Oct 2 16:35:30 standalone proxy-server[128011]: 172.18.0.2 ::1 02/Oct/2025/16/35/30 GET /v1/AUTH_fa3bc31ada1a42afa7e91de9208ec33a/gnocchi.700dffcc-0a03-47dd-b3cd-fa06d1edb9bf/none_v3 HTTP/1.0 404 - python-swiftclient-3.11.1 gAAAAABo3qmJCaCZ... - 70 - txa1a8919a6caf46ffa5800-0068dea9d2 - 0.0198 - - 1759422930.015014172 1759422930.034858942 0
Oct 2 16:35:30 standalone account-server[126079]: 172.20.0.100 - - [02/Oct/2025:16:35:30 +0000] "PUT /d1/822/AUTH_fa3bc31ada1a42afa7e91de9208ec33a/gnocchi.700dffcc-0a03-47dd-b3cd-fa06d1edb9bf" 201 - "PUT http://172.20.0.100:6001/d1/205/AUTH_fa3bc31ada1a42afa7e91de9208ec33a/gnocchi.700dffcc-0a03-47dd-b3cd-fa06d1edb9bf" "txe76be731eade4cc9871a3-0068dea9d2" "container-server 17" 0.0120 "-" 20 0
Oct 2 16:35:30 standalone container-server[126069]: 172.20.0.100 - - [02/Oct/2025:16:35:30 +0000] "PUT /d1/205/AUTH_fa3bc31ada1a42afa7e91de9208ec33a/gnocchi.700dffcc-0a03-47dd-b3cd-fa06d1edb9bf" 201 - "PUT http://localhost:8080/v1/AUTH_fa3bc31ada1a42afa7e91de9208ec33a/gnocchi.700dffcc-0a03-47dd-b3cd-fa06d1edb9bf" "txe76be731eade4cc9871a3-0068dea9d2" "proxy-server 21" 0.0252 "-" 17 0
Oct 2 16:35:30 standalone proxy-server[128011]: 172.18.0.2 ::1 02/Oct/2025/16/35/30 PUT /v1/AUTH_fa3bc31ada1a42afa7e91de9208ec33a/gnocchi.700dffcc-0a03-47dd-b3cd-fa06d1edb9bf HTTP/1.0 201 - python-swiftclient-3.11.1 gAAAAABo3qmJCaCZ... - - - txe76be731eade4cc9871a3-0068dea9d2 - 0.0337 - - 1759422930.041163206 1759422930.074875116 0
Oct 2 16:35:30 standalone container-server[126059]: 172.20.0.100 - - [02/Oct/2025:16:35:30 +0000] "HEAD /d1/205/AUTH_fa3bc31ada1a42afa7e91de9208ec33a/gnocchi.700dffcc-0a03-47dd-b3cd-fa06d1edb9bf" 204 - "HEAD http://localhost:8080/v1/AUTH_fa3bc31ada1a42afa7e91de9208ec33a/gnocchi.700dffcc-0a03-47dd-b3cd-fa06d1edb9bf?format=json&states=listing" "tx20c20fbc1cd84e399872b-0068dea9d2" "proxy-server 21" 0.0036 "-" 15 0
Oct 2 16:35:30 standalone proxy-server[128011]: - - 02/Oct/2025/16/35/30 HEAD /v1/AUTH_fa3bc31ada1a42afa7e91de9208ec33a/gnocchi.700dffcc-0a03-47dd-b3cd-fa06d1edb9bf%3Fformat%3Djson%26states%3Dlisting HTTP/1.0 204 - Swift - - - - tx20c20fbc1cd84e399872b-0068dea9d2 - 0.0102 RL - 1759422930.081350327 1759422930.091543436 0
Oct 2 16:35:30 standalone container-server[126056]: 172.20.0.100 - - [02/Oct/2025:16:35:30 +0000] "GET /d1/205/AUTH_fa3bc31ada1a42afa7e91de9208ec33a/gnocchi.700dffcc-0a03-47dd-b3cd-fa06d1edb9bf" 200 2 "GET http://localhost:8080/v1/AUTH_fa3bc31ada1a42afa7e91de9208ec33a/gnocchi.700dffcc-0a03-47dd-b3cd-fa06d1edb9bf?format=json&states=listing" "tx20c20fbc1cd84e399872b-0068dea9d2" "proxy-server 21" 0.0031 "-" 14 0
Oct 2 16:35:30 standalone proxy-server[128011]: 172.18.0.2 ::1 02/Oct/2025/16/35/30 GET /v1/AUTH_fa3bc31ada1a42afa7e91de9208ec33a/gnocchi.700dffcc-0a03-47dd-b3cd-fa06d1edb9bf%3Fformat%3Djson%26states%3Dlisting HTTP/1.0 200 - python-swiftclient-3.11.1 gAAAAABo3qmJCaCZ... - 2 - tx20c20fbc1cd84e399872b-0068dea9d2 - 0.0230 - - 1759422930.080089331 1759422930.103054047 0
Oct 2 16:35:30 standalone object-server[126279]: 172.20.0.100 - - [02/Oct/2025:16:35:30 +0000] "GET /d1/128/AUTH_fa3bc31ada1a42afa7e91de9208ec33a/gnocchi.700dffcc-0a03-47dd-b3cd-fa06d1edb9bf/1759320000.0_mean_300.0_v3" 404 70 "GET http://localhost:8080/v1/AUTH_fa3bc31ada1a42afa7e91de9208ec33a/gnocchi.700dffcc-0a03-47dd-b3cd-fa06d1edb9bf/1759320000.0_mean_300.0_v3" "tx38d5816e88b24e7783615-0068dea9d2" "proxy-server 21" 0.0004 "-" 24 0
Oct 2 16:35:30 standalone proxy-server[128011]: 172.18.0.2 ::1 02/Oct/2025/16/35/30 GET /v1/AUTH_fa3bc31ada1a42afa7e91de9208ec33a/gnocchi.700dffcc-0a03-47dd-b3cd-fa06d1edb9bf/1759320000.0_mean_300.0_v3 HTTP/1.0 404 - python-swiftclient-3.11.1 gAAAAABo3qmJCaCZ... - 70 - tx38d5816e88b24e7783615-0068dea9d2 - 0.0068 - - 1759422930.111056566 1759422930.117889166 0
Oct 2 16:35:30 standalone container-server[126062]: 172.20.0.100 - - [02/Oct/2025:16:35:30 +0000] "PUT /d1/205/AUTH_fa3bc31ada1a42afa7e91de9208ec33a/gnocchi.700dffcc-0a03-47dd-b3cd-fa06d1edb9bf/1759320000.0_mean_300.0_v3" 201 - "PUT http://localhost:8080/d1/128/AUTH_fa3bc31ada1a42afa7e91de9208ec33a/gnocchi.700dffcc-0a03-47dd-b3cd-fa06d1edb9bf/1759320000.0_mean_300.0_v3" "txfb261873a5364d709db9d-0068dea9d2" "object-server 23" 0.0011 "-" 16 0
Oct 2 16:35:30 standalone object-server[126278]: 172.20.0.100 - - [02/Oct/2025:16:35:30 +0000] "PUT /d1/128/AUTH_fa3bc31ada1a42afa7e91de9208ec33a/gnocchi.700dffcc-0a03-47dd-b3cd-fa06d1edb9bf/1759320000.0_mean_300.0_v3" 201 - "PUT http://localhost:8080/v1/AUTH_fa3bc31ada1a42afa7e91de9208ec33a/gnocchi.700dffcc-0a03-47dd-b3cd-fa06d1edb9bf/1759320000.0_mean_300.0_v3" "txfb261873a5364d709db9d-0068dea9d2" "proxy-server 21" 0.0179 "-" 23 0
Oct 2 16:35:30 standalone proxy-server[128011]: 172.18.0.2 ::1 02/Oct/2025/16/35/30 PUT /v1/AUTH_fa3bc31ada1a42afa7e91de9208ec33a/gnocchi.700dffcc-0a03-47dd-b3cd-fa06d1edb9bf/1759320000.0_mean_300.0_v3 HTTP/1.0 201 - python-swiftclient-3.11.1 gAAAAABo3qmJCaCZ... 16 - - txfb261873a5364d709db9d-0068dea9d2 - 0.0248 - - 1759422930.123569250 1759422930.148322344 0
Oct 2 16:35:30 standalone container-server[126069]: 172.20.0.100 - - [02/Oct/2025:16:35:30 +0000] "PUT /d1/205/AUTH_fa3bc31ada1a42afa7e91de9208ec33a/gnocchi.700dffcc-0a03-47dd-b3cd-fa06d1edb9bf/none_v3" 201 - "PUT http://localhost:8080/d1/625/AUTH_fa3bc31ada1a42afa7e91de9208ec33a/gnocchi.700dffcc-0a03-47dd-b3cd-fa06d1edb9bf/none_v3" "txbb3b2c80fde34b0dbfd7f-0068dea9d2" "object-server 25" 0.0005 "-" 17 0
Oct 2 16:35:30 standalone object-server[126281]: 172.20.0.100 - - [02/Oct/2025:16:35:30 +0000] "PUT /d1/625/AUTH_fa3bc31ada1a42afa7e91de9208ec33a/gnocchi.700dffcc-0a03-47dd-b3cd-fa06d1edb9bf/none_v3" 201 - "PUT http://localhost:8080/v1/AUTH_fa3bc31ada1a42afa7e91de9208ec33a/gnocchi.700dffcc-0a03-47dd-b3cd-fa06d1edb9bf/none_v3" "txbb3b2c80fde34b0dbfd7f-0068dea9d2" "proxy-server 21" 0.0153 "-" 25 0
Oct 2 16:35:30 standalone proxy-server[128011]: 172.18.0.2 ::1 02/Oct/2025/16/35/30 PUT /v1/AUTH_fa3bc31ada1a42afa7e91de9208ec33a/gnocchi.700dffcc-0a03-47dd-b3cd-fa06d1edb9bf/none_v3 HTTP/1.0 201 - python-swiftclient-3.11.1 gAAAAABo3qmJCaCZ... 22 - - txbb3b2c80fde34b0dbfd7f-0068dea9d2 - 0.0231 - - 1759422930.153978348 1759422930.177042246 0
Oct 2 16:35:30 standalone container-server[126062]: 172.20.0.100 - - [02/Oct/2025:16:35:30 +0000] "HEAD /d1/475/AUTH_fa3bc31ada1a42afa7e91de9208ec33a/gnocchi.012ae3ef-1fe2-4920-a06a-4dfd1592ebf2" 404 - "HEAD http://localhost:8080/v1/AUTH_fa3bc31ada1a42afa7e91de9208ec33a/gnocchi.012ae3ef-1fe2-4920-a06a-4dfd1592ebf2?format=json&states=listing" "txf7167b969bdd41af88728-0068dea9d2" "proxy-server 21" 0.0005 "-" 16 0
Oct 2 16:35:30 standalone object-server[126279]: 172.20.0.100 - - [02/Oct/2025:16:35:30 +0000] "GET /d1/213/AUTH_fa3bc31ada1a42afa7e91de9208ec33a/gnocchi.012ae3ef-1fe2-4920-a06a-4dfd1592ebf2/none_v3" 404 70 "GET http://localhost:8080/v1/AUTH_fa3bc31ada1a42afa7e91de9208ec33a/gnocchi.012ae3ef-1fe2-4920-a06a-4dfd1592ebf2/none_v3" "txf7167b969bdd41af88728-0068dea9d2" "proxy-server 21" 0.0003 "-" 24 0
Oct 2 16:35:30 standalone proxy-server[128011]: 172.18.0.2 ::1 02/Oct/2025/16/35/30 GET /v1/AUTH_fa3bc31ada1a42afa7e91de9208ec33a/gnocchi.012ae3ef-1fe2-4920-a06a-4dfd1592ebf2/none_v3 HTTP/1.0 404 - python-swiftclient-3.11.1 gAAAAABo3qmJCaCZ... - 70 - txf7167b969bdd41af88728-0068dea9d2 - 0.0158 - - 1759422930.202752113 1759422930.218531847 0
Oct 2 16:35:30 standalone account-server[126090]: 172.20.0.100 - - [02/Oct/2025:16:35:30 +0000] "PUT /d1/822/AUTH_fa3bc31ada1a42afa7e91de9208ec33a/gnocchi.012ae3ef-1fe2-4920-a06a-4dfd1592ebf2" 201 - "PUT http://172.20.0.100:6001/d1/475/AUTH_fa3bc31ada1a42afa7e91de9208ec33a/gnocchi.012ae3ef-1fe2-4920-a06a-4dfd1592ebf2" "tx50fedc1afca342c0a6c73-0068dea9d2" "container-server 15" 0.0104 "-" 23 0
Oct 2 16:35:30 standalone container-server[126059]: 172.20.0.100 - - [02/Oct/2025:16:35:30 +0000] "PUT /d1/475/AUTH_fa3bc31ada1a42afa7e91de9208ec33a/gnocchi.012ae3ef-1fe2-4920-a06a-4dfd1592ebf2" 201 - "PUT http://localhost:8080/v1/AUTH_fa3bc31ada1a42afa7e91de9208ec33a/gnocchi.012ae3ef-1fe2-4920-a06a-4dfd1592ebf2" "tx50fedc1afca342c0a6c73-0068dea9d2" "proxy-server 21" 0.0480 "-" 15 0
Oct 2 16:35:30 standalone proxy-server[128011]: 172.18.0.2 ::1 02/Oct/2025/16/35/30 PUT /v1/AUTH_fa3bc31ada1a42afa7e91de9208ec33a/gnocchi.012ae3ef-1fe2-4920-a06a-4dfd1592ebf2 HTTP/1.0 201 - python-swiftclient-3.11.1 gAAAAABo3qmJCaCZ... - - - tx50fedc1afca342c0a6c73-0068dea9d2 - 0.0549 - - 1759422930.222773552 1759422930.277682543 0
Oct 2 16:35:30 standalone container-server[126059]: 172.20.0.100 - - [02/Oct/2025:16:35:30 +0000] "HEAD /d1/475/AUTH_fa3bc31ada1a42afa7e91de9208ec33a/gnocchi.012ae3ef-1fe2-4920-a06a-4dfd1592ebf2" 204 - "HEAD http://localhost:8080/v1/AUTH_fa3bc31ada1a42afa7e91de9208ec33a/gnocchi.012ae3ef-1fe2-4920-a06a-4dfd1592ebf2?format=json&states=listing" "txca86c777ecfb4f9886689-0068dea9d2" "proxy-server 21" 0.0019 "-" 15 0
Oct 2 16:35:30 standalone proxy-server[128011]: - - 02/Oct/2025/16/35/30 HEAD /v1/AUTH_fa3bc31ada1a42afa7e91de9208ec33a/gnocchi.012ae3ef-1fe2-4920-a06a-4dfd1592ebf2%3Fformat%3Djson%26states%3Dlisting HTTP/1.0 204 - Swift - - - - txca86c777ecfb4f9886689-0068dea9d2 - 0.0075 RL - 1759422930.285631418 1759422930.293152094 0
Oct 2 16:35:30 standalone container-server[126056]: 172.20.0.100 - - [02/Oct/2025:16:35:30 +0000] "GET /d1/475/AUTH_fa3bc31ada1a42afa7e91de9208ec33a/gnocchi.012ae3ef-1fe2-4920-a06a-4dfd1592ebf2" 200 2 "GET http://localhost:8080/v1/AUTH_fa3bc31ada1a42afa7e91de9208ec33a/gnocchi.012ae3ef-1fe2-4920-a06a-4dfd1592ebf2?format=json&states=listing" "txca86c777ecfb4f9886689-0068dea9d2" "proxy-server 21" 0.0032 "-" 14 0
Oct 2 16:35:30 standalone proxy-server[128011]: 172.18.0.2 ::1 02/Oct/2025/16/35/30 GET /v1/AUTH_fa3bc31ada1a42afa7e91de9208ec33a/gnocchi.012ae3ef-1fe2-4920-a06a-4dfd1592ebf2%3Fformat%3Djson%26states%3Dlisting HTTP/1.0 200 - python-swiftclient-3.11.1 gAAAAABo3qmJCaCZ... - 2 - txca86c777ecfb4f9886689-0068dea9d2 - 0.0212 - - 1759422930.283986092 1759422930.305196047 0
Oct 2 16:35:30 standalone object-server[126277]: 172.20.0.100 - - [02/Oct/2025:16:35:30 +0000] "GET /d1/495/AUTH_fa3bc31ada1a42afa7e91de9208ec33a/gnocchi.012ae3ef-1fe2-4920-a06a-4dfd1592ebf2/1759320000.0_mean_300.0_v3" 404 70 "GET http://localhost:8080/v1/AUTH_fa3bc31ada1a42afa7e91de9208ec33a/gnocchi.012ae3ef-1fe2-4920-a06a-4dfd1592ebf2/1759320000.0_mean_300.0_v3" "txbe0bde75df7848e881de7-0068dea9d2" "proxy-server 21" 0.0007 "-" 22 0
Oct 2 16:35:30 standalone proxy-server[128011]: 172.18.0.2 ::1 02/Oct/2025/16/35/30 GET /v1/AUTH_fa3bc31ada1a42afa7e91de9208ec33a/gnocchi.012ae3ef-1fe2-4920-a06a-4dfd1592ebf2/1759320000.0_mean_300.0_v3 HTTP/1.0 404 - python-swiftclient-3.11.1 gAAAAABo3qmJCaCZ... - 70 - txbe0bde75df7848e881de7-0068dea9d2 - 0.0089 - - 1759422930.312325954 1759422930.321261644 0
Oct 2 16:35:30 standalone container-server[126062]: 172.20.0.100 - - [02/Oct/2025:16:35:30 +0000] "PUT /d1/475/AUTH_fa3bc31ada1a42afa7e91de9208ec33a/gnocchi.012ae3ef-1fe2-4920-a06a-4dfd1592ebf2/1759320000.0_mean_300.0_v3" 201 - "PUT http://localhost:8080/d1/495/AUTH_fa3bc31ada1a42afa7e91de9208ec33a/gnocchi.012ae3ef-1fe2-4920-a06a-4dfd1592ebf2/1759320000.0_mean_300.0_v3" "tx733f56fbbbdd48a1be22f-0068dea9d2" "object-server 25" 0.0012 "-" 16 0
Oct 2 16:35:30 standalone object-server[126281]: 172.20.0.100 - - [02/Oct/2025:16:35:30 +0000] "PUT /d1/495/AUTH_fa3bc31ada1a42afa7e91de9208ec33a/gnocchi.012ae3ef-1fe2-4920-a06a-4dfd1592ebf2/1759320000.0_mean_300.0_v3" 201 - "PUT http://localhost:8080/v1/AUTH_fa3bc31ada1a42afa7e91de9208ec33a/gnocchi.012ae3ef-1fe2-4920-a06a-4dfd1592ebf2/1759320000.0_mean_300.0_v3" "tx733f56fbbbdd48a1be22f-0068dea9d2" "proxy-server 21" 0.0120 "-" 25 0
Oct 2 16:35:30 standalone proxy-server[128011]: 172.18.0.2 ::1 02/Oct/2025/16/35/30 PUT /v1/AUTH_fa3bc31ada1a42afa7e91de9208ec33a/gnocchi.012ae3ef-1fe2-4920-a06a-4dfd1592ebf2/1759320000.0_mean_300.0_v3 HTTP/1.0 201 - python-swiftclient-3.11.1 gAAAAABo3qmJCaCZ... 16 - - tx733f56fbbbdd48a1be22f-0068dea9d2 - 0.0193 - - 1759422930.326994896 1759422930.346306324 0
Oct 2 16:35:30 standalone container-server[126056]: 172.20.0.100 - - [02/Oct/2025:16:35:30 +0000] "PUT /d1/475/AUTH_fa3bc31ada1a42afa7e91de9208ec33a/gnocchi.012ae3ef-1fe2-4920-a06a-4dfd1592ebf2/none_v3" 201 - "PUT http://localhost:8080/d1/213/AUTH_fa3bc31ada1a42afa7e91de9208ec33a/gnocchi.012ae3ef-1fe2-4920-a06a-4dfd1592ebf2/none_v3" "tx1da0e7fd9a094766809d2-0068dea9d2" "object-server 23" 0.0007 "-" 14 0
Oct 2 16:35:30 standalone object-server[126278]: 172.20.0.100 - - [02/Oct/2025:16:35:30 +0000] "PUT /d1/213/AUTH_fa3bc31ada1a42afa7e91de9208ec33a/gnocchi.012ae3ef-1fe2-4920-a06a-4dfd1592ebf2/none_v3" 201 - "PUT http://localhost:8080/v1/AUTH_fa3bc31ada1a42afa7e91de9208ec33a/gnocchi.012ae3ef-1fe2-4920-a06a-4dfd1592ebf2/none_v3" "tx1da0e7fd9a094766809d2-0068dea9d2" "proxy-server 21" 0.0114 "-" 23 0
Oct 2 16:35:30 standalone proxy-server[128011]: 172.18.0.2 ::1 02/Oct/2025/16/35/30 PUT /v1/AUTH_fa3bc31ada1a42afa7e91de9208ec33a/gnocchi.012ae3ef-1fe2-4920-a06a-4dfd1592ebf2/none_v3 HTTP/1.0 201 - python-swiftclient-3.11.1 gAAAAABo3qmJCaCZ... 22 - - tx1da0e7fd9a094766809d2-0068dea9d2 - 0.0196 - - 1759422930.351458311 1759422930.371051788 0
Oct 2 16:35:30 standalone container-server[126069]: 172.20.0.100 - - [02/Oct/2025:16:35:30 +0000] "HEAD /d1/364/AUTH_fa3bc31ada1a42afa7e91de9208ec33a/gnocchi.77eacb6c-27dd-47b9-b5e0-a36987403282" 404 - "HEAD http://localhost:8080/v1/AUTH_fa3bc31ada1a42afa7e91de9208ec33a/gnocchi.77eacb6c-27dd-47b9-b5e0-a36987403282?format=json&states=listing" "tx99fa67bcf9d740128b0bb-0068dea9d2" "proxy-server 21" 0.0005 "-" 17 0
Oct 2 16:35:30 standalone object-server[126279]: 172.20.0.100 - - [02/Oct/2025:16:35:30 +0000] "GET /d1/405/AUTH_fa3bc31ada1a42afa7e91de9208ec33a/gnocchi.77eacb6c-27dd-47b9-b5e0-a36987403282/none_v3" 404 70 "GET http://localhost:8080/v1/AUTH_fa3bc31ada1a42afa7e91de9208ec33a/gnocchi.77eacb6c-27dd-47b9-b5e0-a36987403282/none_v3" "tx99fa67bcf9d740128b0bb-0068dea9d2" "proxy-server 21" 0.0003 "-" 24 0
Oct 2 16:35:30 standalone proxy-server[128011]: 172.18.0.2 ::1 02/Oct/2025/16/35/30 GET /v1/AUTH_fa3bc31ada1a42afa7e91de9208ec33a/gnocchi.77eacb6c-27dd-47b9-b5e0-a36987403282/none_v3 HTTP/1.0 404 - python-swiftclient-3.11.1 gAAAAABo3qmJCaCZ... - 70 - tx99fa67bcf9d740128b0bb-0068dea9d2 - 0.0196 - - 1759422930.391016245 1759422930.410658360 0
Oct 2 16:35:30 standalone account-server[126088]: 172.20.0.100 - - [02/Oct/2025:16:35:30 +0000] "PUT /d1/822/AUTH_fa3bc31ada1a42afa7e91de9208ec33a/gnocchi.77eacb6c-27dd-47b9-b5e0-a36987403282" 201 - "PUT http://172.20.0.100:6001/d1/364/AUTH_fa3bc31ada1a42afa7e91de9208ec33a/gnocchi.77eacb6c-27dd-47b9-b5e0-a36987403282" "tx367a5e33abdb4e47aec60-0068dea9d2" "container-server 17" 0.0042 "-" 22 0
Oct 2 16:35:30 standalone container-server[126069]: 172.20.0.100 - - [02/Oct/2025:16:35:30 +0000] "PUT /d1/364/AUTH_fa3bc31ada1a42afa7e91de9208ec33a/gnocchi.77eacb6c-27dd-47b9-b5e0-a36987403282" 201 - "PUT http://localhost:8080/v1/AUTH_fa3bc31ada1a42afa7e91de9208ec33a/gnocchi.77eacb6c-27dd-47b9-b5e0-a36987403282" "tx367a5e33abdb4e47aec60-0068dea9d2" "proxy-server 21" 0.0193 "-" 17 0
Oct 2 16:35:30 standalone proxy-server[128011]: 172.18.0.2 ::1 02/Oct/2025/16/35/30 PUT /v1/AUTH_fa3bc31ada1a42afa7e91de9208ec33a/gnocchi.77eacb6c-27dd-47b9-b5e0-a36987403282 HTTP/1.0 201 - python-swiftclient-3.11.1 gAAAAABo3qmJCaCZ... - - - tx367a5e33abdb4e47aec60-0068dea9d2 - 0.0274 - - 1759422930.416514635 1759422930.443888187 0
Oct 2 16:35:30 standalone container-server[126062]: 172.20.0.100 - - [02/Oct/2025:16:35:30 +0000] "HEAD /d1/364/AUTH_fa3bc31ada1a42afa7e91de9208ec33a/gnocchi.77eacb6c-27dd-47b9-b5e0-a36987403282" 204 - "HEAD http://localhost:8080/v1/AUTH_fa3bc31ada1a42afa7e91de9208ec33a/gnocchi.77eacb6c-27dd-47b9-b5e0-a36987403282?format=json&states=listing" "tx3b6db72ff777490daa3af-0068dea9d2" "proxy-server 21" 0.0037 "-" 16 0
Oct 2 16:35:30 standalone proxy-server[128011]: - - 02/Oct/2025/16/35/30 HEAD /v1/AUTH_fa3bc31ada1a42afa7e91de9208ec33a/gnocchi.77eacb6c-27dd-47b9-b5e0-a36987403282%3Fformat%3Djson%26states%3Dlisting HTTP/1.0 204 - Swift - - - - tx3b6db72ff777490daa3af-0068dea9d2 - 0.0121 RL - 1759422930.458053112 1759422930.470122814 0
Oct 2 16:35:30 standalone container-server[126059]: 172.20.0.100 - - [02/Oct/2025:16:35:30 +0000] "GET /d1/364/AUTH_fa3bc31ada1a42afa7e91de9208ec33a/gnocchi.77eacb6c-27dd-47b9-b5e0-a36987403282" 200 2 "GET http://localhost:8080/v1/AUTH_fa3bc31ada1a42afa7e91de9208ec33a/gnocchi.77eacb6c-27dd-47b9-b5e0-a36987403282?format=json&states=listing" "tx3b6db72ff777490daa3af-0068dea9d2" "proxy-server 21" 0.0131 "-" 15 0
Oct 2 16:35:30 standalone proxy-server[128011]: 172.18.0.2 ::1 02/Oct/2025/16/35/30 GET /v1/AUTH_fa3bc31ada1a42afa7e91de9208ec33a/gnocchi.77eacb6c-27dd-47b9-b5e0-a36987403282%3Fformat%3Djson%26states%3Dlisting HTTP/1.0 200 - python-swiftclient-3.11.1 gAAAAABo3qmJCaCZ... - 2 - tx3b6db72ff777490daa3af-0068dea9d2 - 0.0381 - - 1759422930.455636501 1759422930.493746519 0
Oct 2 16:35:30 standalone object-server[126281]: 172.20.0.100 - - [02/Oct/2025:16:35:30 +0000] "GET /d1/492/AUTH_fa3bc31ada1a42afa7e91de9208ec33a/gnocchi.77eacb6c-27dd-47b9-b5e0-a36987403282/1759320000.0_mean_300.0_v3" 404 70 "GET http://localhost:8080/v1/AUTH_fa3bc31ada1a42afa7e91de9208ec33a/gnocchi.77eacb6c-27dd-47b9-b5e0-a36987403282/1759320000.0_mean_300.0_v3" "tx6862092708a745b597a9d-0068dea9d2" "proxy-server 21" 0.0004 "-" 25 0
Oct 2 16:35:30 standalone proxy-server[128011]: 172.18.0.2 ::1 02/Oct/2025/16/35/30 GET /v1/AUTH_fa3bc31ada1a42afa7e91de9208ec33a/gnocchi.77eacb6c-27dd-47b9-b5e0-a36987403282/1759320000.0_mean_300.0_v3 HTTP/1.0 404 - python-swiftclient-3.11.1 gAAAAABo3qmJCaCZ... - 70 - tx6862092708a745b597a9d-0068dea9d2 - 0.0129 - - 1759422930.504923820 1759422930.517872810 0
Oct 2 16:35:30 standalone container-server[126069]: 172.20.0.100 - - [02/Oct/2025:16:35:30 +0000] "PUT /d1/364/AUTH_fa3bc31ada1a42afa7e91de9208ec33a/gnocchi.77eacb6c-27dd-47b9-b5e0-a36987403282/1759320000.0_mean_300.0_v3" 201 - "PUT http://localhost:8080/d1/492/AUTH_fa3bc31ada1a42afa7e91de9208ec33a/gnocchi.77eacb6c-27dd-47b9-b5e0-a36987403282/1759320000.0_mean_300.0_v3" "tx876f3b9f6ea644a4b0a60-0068dea9d2" "object-server 22" 0.0012 "-" 17 0
Oct 2 16:35:30 standalone object-server[126277]: 172.20.0.100 - - [02/Oct/2025:16:35:30 +0000] "PUT /d1/492/AUTH_fa3bc31ada1a42afa7e91de9208ec33a/gnocchi.77eacb6c-27dd-47b9-b5e0-a36987403282/1759320000.0_mean_300.0_v3" 201 - "PUT http://localhost:8080/v1/AUTH_fa3bc31ada1a42afa7e91de9208ec33a/gnocchi.77eacb6c-27dd-47b9-b5e0-a36987403282/1759320000.0_mean_300.0_v3" "tx876f3b9f6ea644a4b0a60-0068dea9d2" "proxy-server 21" 0.0124 "-" 22 0
Oct 2 16:35:30 standalone proxy-server[128011]: 172.18.0.2 ::1 02/Oct/2025/16/35/30 PUT /v1/AUTH_fa3bc31ada1a42afa7e91de9208ec33a/gnocchi.77eacb6c-27dd-47b9-b5e0-a36987403282/1759320000.0_mean_300.0_v3 HTTP/1.0 201 - python-swiftclient-3.11.1 gAAAAABo3qmJCaCZ... 16 - - tx876f3b9f6ea644a4b0a60-0068dea9d2 - 0.0276 - - 1759422930.523707867 1759422930.551322699 0
Oct 2 16:35:30 standalone container-server[126056]: 172.20.0.100 - - [02/Oct/2025:16:35:30 +0000] "PUT /d1/364/AUTH_fa3bc31ada1a42afa7e91de9208ec33a/gnocchi.77eacb6c-27dd-47b9-b5e0-a36987403282/none_v3" 201 - "PUT http://localhost:8080/d1/405/AUTH_fa3bc31ada1a42afa7e91de9208ec33a/gnocchi.77eacb6c-27dd-47b9-b5e0-a36987403282/none_v3" "tx68d3e188c64b4cac9dfe9-0068dea9d2" "object-server 24" 0.0011 "-" 14 0
Oct 2 16:35:30 standalone object-server[126279]: 172.20.0.100 - - [02/Oct/2025:16:35:30 +0000] "PUT /d1/405/AUTH_fa3bc31ada1a42afa7e91de9208ec33a/gnocchi.77eacb6c-27dd-47b9-b5e0-a36987403282/none_v3" 201 - "PUT http://localhost:8080/v1/AUTH_fa3bc31ada1a42afa7e91de9208ec33a/gnocchi.77eacb6c-27dd-47b9-b5e0-a36987403282/none_v3" "tx68d3e188c64b4cac9dfe9-0068dea9d2" "proxy-server 21" 0.0143 "-" 24 0
Oct 2 16:35:30 standalone proxy-server[128011]: 172.18.0.2 ::1 02/Oct/2025/16/35/30 PUT /v1/AUTH_fa3bc31ada1a42afa7e91de9208ec33a/gnocchi.77eacb6c-27dd-47b9-b5e0-a36987403282/none_v3 HTTP/1.0 201 - python-swiftclient-3.11.1 gAAAAABo3qmJCaCZ... 22 - - tx68d3e188c64b4cac9dfe9-0068dea9d2 - 0.0209 - - 1759422930.558926582 1759422930.579818726 0
Oct 2 16:36:19 standalone account-server[126081]: 172.20.0.100 - - [02/Oct/2025:16:36:19 +0000] "HEAD /d1/720/.expiring_objects" 404 - "HEAD http://localhost/v1/.expiring_objects?format=json" "tx86669e33a2a148d7a598e-0068deaa03" "proxy-server 2" 0.0008 "-" 21 -
Oct 2 16:36:19 standalone object-expirer[125916]: Pass completed in 0s; 0 objects expired (txn: tx86669e33a2a148d7a598e-0068deaa03)
Oct 2 16:36:49 standalone object-server[126135]: Begin object update sweep
Oct 2 16:36:49 standalone object-server[228870]: Object update sweep starting on /srv/node/d1 (pid: 14)
Oct 2 16:36:49 standalone object-server[228870]: Object update sweep completed on /srv/node/d1 in 0.00s seconds:, 0 successes, 0 failures, 0 quarantines, 0 unlinks, 0 errors, 0 redirects (pid: 14)
Oct 2 16:36:49 standalone object-server[228870]: Object update sweep of d1 completed: 0.00s, 0 successes, 0 failures, 0 quarantines, 0 unlinks, 0 errors, 0 redirects
Oct 2 16:36:50 standalone object-server[126135]: Object update sweep completed: 0.09s
Oct 2 16:37:10 standalone account-server[126090]: 172.20.0.100 - - [02/Oct/2025:16:37:10 +0000] "HEAD /d1/822/AUTH_fa3bc31ada1a42afa7e91de9208ec33a" 204 - "HEAD http://localhost:8080/v1/AUTH_fa3bc31ada1a42afa7e91de9208ec33a?format=json" "tx3313875ca59d415a9e57c-0068deaa36" "proxy-server 21" 0.0048 "-" 23 -
Oct 2 16:37:10 standalone proxy-server[128011]: - - 02/Oct/2025/16/37/10 HEAD /v1/AUTH_fa3bc31ada1a42afa7e91de9208ec33a%3Fformat%3Djson HTTP/1.0 204 - Swift - - - - tx3313875ca59d415a9e57c-0068deaa36 - 0.0112 RL - 1759423030.958100080 1759423030.969277859 -
Oct 2 16:37:10 standalone container-server[126056]: 172.20.0.100 - - [02/Oct/2025:16:37:10 +0000] "HEAD /d1/821/AUTH_fa3bc31ada1a42afa7e91de9208ec33a/gnocchi.45ebf1ee-90d7-439d-9be2-598343c168c1" 404 - "HEAD http://localhost:8080/v1/AUTH_fa3bc31ada1a42afa7e91de9208ec33a/gnocchi.45ebf1ee-90d7-439d-9be2-598343c168c1?format=json&states=listing" "tx3313875ca59d415a9e57c-0068deaa36" "proxy-server 21" 0.0009 "-" 14 0
Oct 2 16:37:10 standalone object-server[126279]: 172.20.0.100 - - [02/Oct/2025:16:37:10 +0000] "GET /d1/407/AUTH_fa3bc31ada1a42afa7e91de9208ec33a/gnocchi.45ebf1ee-90d7-439d-9be2-598343c168c1/none_v3" 404 70 "GET http://localhost:8080/v1/AUTH_fa3bc31ada1a42afa7e91de9208ec33a/gnocchi.45ebf1ee-90d7-439d-9be2-598343c168c1/none_v3" "tx3313875ca59d415a9e57c-0068deaa36" "proxy-server 21" 0.0005 "-" 24 0
Oct 2 16:37:10 standalone proxy-server[128011]: 172.18.0.2 ::1 02/Oct/2025/16/37/10 GET /v1/AUTH_fa3bc31ada1a42afa7e91de9208ec33a/gnocchi.45ebf1ee-90d7-439d-9be2-598343c168c1/none_v3 HTTP/1.0 404 - python-swiftclient-3.11.1 gAAAAABo3qmJCaCZ... - 70 - tx3313875ca59d415a9e57c-0068deaa36 - 0.0225 - - 1759423030.957345724 1759423030.979811907 0
Oct 2 16:37:10 standalone account-server[126090]: 172.20.0.100 - - [02/Oct/2025:16:37:10 +0000] "PUT /d1/822/AUTH_fa3bc31ada1a42afa7e91de9208ec33a/gnocchi.45ebf1ee-90d7-439d-9be2-598343c168c1" 201 - "PUT http://172.20.0.100:6001/d1/821/AUTH_fa3bc31ada1a42afa7e91de9208ec33a/gnocchi.45ebf1ee-90d7-439d-9be2-598343c168c1" "tx70bbdb113d5949419844d-0068deaa36" "container-server 15" 0.0011 "-" 23 0
Oct 2 16:37:11 standalone container-server[126059]: 172.20.0.100 - - [02/Oct/2025:16:37:10 +0000] "PUT /d1/821/AUTH_fa3bc31ada1a42afa7e91de9208ec33a/gnocchi.45ebf1ee-90d7-439d-9be2-598343c168c1" 201 - "PUT http://localhost:8080/v1/AUTH_fa3bc31ada1a42afa7e91de9208ec33a/gnocchi.45ebf1ee-90d7-439d-9be2-598343c168c1" "tx70bbdb113d5949419844d-0068deaa36" "proxy-server 21" 0.0112 "-" 15 0
Oct 2 16:37:11 standalone proxy-server[128011]: 172.18.0.2 ::1 02/Oct/2025/16/37/11 PUT /v1/AUTH_fa3bc31ada1a42afa7e91de9208ec33a/gnocchi.45ebf1ee-90d7-439d-9be2-598343c168c1 HTTP/1.0 201 - python-swiftclient-3.11.1 gAAAAABo3qmJCaCZ... - - - tx70bbdb113d5949419844d-0068deaa36 - 0.0162 - - 1759423030.985590696 1759423031.001804590 0
Oct 2 16:37:11 standalone container-server[126062]: 172.20.0.100 - - [02/Oct/2025:16:37:11 +0000] "HEAD /d1/821/AUTH_fa3bc31ada1a42afa7e91de9208ec33a/gnocchi.45ebf1ee-90d7-439d-9be2-598343c168c1" 204 - "HEAD http://localhost:8080/v1/AUTH_fa3bc31ada1a42afa7e91de9208ec33a/gnocchi.45ebf1ee-90d7-439d-9be2-598343c168c1?format=json&states=listing" "tx85e113afc7504209bf2c9-0068deaa37" "proxy-server 21" 0.0015 "-" 16 0
Oct 2 16:37:11 standalone proxy-server[128011]: - - 02/Oct/2025/16/37/11 HEAD /v1/AUTH_fa3bc31ada1a42afa7e91de9208ec33a/gnocchi.45ebf1ee-90d7-439d-9be2-598343c168c1%3Fformat%3Djson%26states%3Dlisting HTTP/1.0 204 - Swift - - - - tx85e113afc7504209bf2c9-0068deaa37 - 0.0042 RL - 1759423031.006773233 1759423031.010998249 0
Oct 2 16:37:11 standalone container-server[126056]: 172.20.0.100 - - [02/Oct/2025:16:37:11 +0000] "GET /d1/821/AUTH_fa3bc31ada1a42afa7e91de9208ec33a/gnocchi.45ebf1ee-90d7-439d-9be2-598343c168c1" 200 2 "GET http://localhost:8080/v1/AUTH_fa3bc31ada1a42afa7e91de9208ec33a/gnocchi.45ebf1ee-90d7-439d-9be2-598343c168c1?format=json&states=listing" "tx85e113afc7504209bf2c9-0068deaa37" "proxy-server 21" 0.0024 "-" 14 0
Oct 2 16:37:11 standalone proxy-server[128011]: 172.18.0.2 ::1 02/Oct/2025/16/37/11 GET /v1/AUTH_fa3bc31ada1a42afa7e91de9208ec33a/gnocchi.45ebf1ee-90d7-439d-9be2-598343c168c1%3Fformat%3Djson%26states%3Dlisting HTTP/1.0 200 - python-swiftclient-3.11.1 gAAAAABo3qmJCaCZ... - 2 - tx85e113afc7504209bf2c9-0068deaa37 - 0.0124 - - 1759423031.005828381 1759423031.018189430 0
Oct 2 16:37:11 standalone object-server[126279]: 172.20.0.100 - - [02/Oct/2025:16:37:11 +0000] "GET /d1/246/AUTH_fa3bc31ada1a42afa7e91de9208ec33a/gnocchi.45ebf1ee-90d7-439d-9be2-598343c168c1/1759320000.0_mean_300.0_v3" 404 70 "GET http://localhost:8080/v1/AUTH_fa3bc31ada1a42afa7e91de9208ec33a/gnocchi.45ebf1ee-90d7-439d-9be2-598343c168c1/1759320000.0_mean_300.0_v3" "tx5a700f6e9eb04c33bf583-0068deaa37" "proxy-server 21" 0.0003 "-" 24 0
Oct 2 16:37:11 standalone proxy-server[128011]: 172.18.0.2 ::1 02/Oct/2025/16/37/11 GET /v1/AUTH_fa3bc31ada1a42afa7e91de9208ec33a/gnocchi.45ebf1ee-90d7-439d-9be2-598343c168c1/1759320000.0_mean_300.0_v3 HTTP/1.0 404 - python-swiftclient-3.11.1 gAAAAABo3qmJCaCZ... - 70 - tx5a700f6e9eb04c33bf583-0068deaa37 - 0.0043 - - 1759423031.024949312 1759423031.029244661 0
Oct 2 16:37:11 standalone container-server[126059]: 172.20.0.100 - - [02/Oct/2025:16:37:11 +0000] "PUT /d1/821/AUTH_fa3bc31ada1a42afa7e91de9208ec33a/gnocchi.45ebf1ee-90d7-439d-9be2-598343c168c1/1759320000.0_mean_300.0_v3" 201 - "PUT http://localhost:8080/d1/246/AUTH_fa3bc31ada1a42afa7e91de9208ec33a/gnocchi.45ebf1ee-90d7-439d-9be2-598343c168c1/1759320000.0_mean_300.0_v3" "txe8a6521d15a04551b571d-0068deaa37" "object-server 22" 0.0008 "-" 15 0
Oct 2 16:37:11 standalone object-server[126277]: 172.20.0.100 - - [02/Oct/2025:16:37:11 +0000] "PUT /d1/246/AUTH_fa3bc31ada1a42afa7e91de9208ec33a/gnocchi.45ebf1ee-90d7-439d-9be2-598343c168c1/1759320000.0_mean_300.0_v3" 201 - "PUT http://localhost:8080/v1/AUTH_fa3bc31ada1a42afa7e91de9208ec33a/gnocchi.45ebf1ee-90d7-439d-9be2-598343c168c1/1759320000.0_mean_300.0_v3" "txe8a6521d15a04551b571d-0068deaa37" "proxy-server 21" 0.0079 "-" 22 0
Oct 2 16:37:11 standalone proxy-server[128011]: 172.18.0.2 ::1 02/Oct/2025/16/37/11 PUT /v1/AUTH_fa3bc31ada1a42afa7e91de9208ec33a/gnocchi.45ebf1ee-90d7-439d-9be2-598343c168c1/1759320000.0_mean_300.0_v3 HTTP/1.0 201 - python-swiftclient-3.11.1 gAAAAABo3qmJCaCZ... 16 - - txe8a6521d15a04551b571d-0068deaa37 - 0.0122 - - 1759423031.031423807 1759423031.043619633 0
Oct 2 16:37:11 standalone container-server[126062]: 172.20.0.100 - - [02/Oct/2025:16:37:11 +0000] "PUT /d1/821/AUTH_fa3bc31ada1a42afa7e91de9208ec33a/gnocchi.45ebf1ee-90d7-439d-9be2-598343c168c1/none_v3" 201 - "PUT http://localhost:8080/d1/407/AUTH_fa3bc31ada1a42afa7e91de9208ec33a/gnocchi.45ebf1ee-90d7-439d-9be2-598343c168c1/none_v3" "txd448788fedd54239b17bb-0068deaa37" "object-server 23" 0.0004 "-" 16 0
Oct 2 16:37:11 standalone object-server[126278]: 172.20.0.100 - - [02/Oct/2025:16:37:11 +0000] "PUT /d1/407/AUTH_fa3bc31ada1a42afa7e91de9208ec33a/gnocchi.45ebf1ee-90d7-439d-9be2-598343c168c1/none_v3" 201 - "PUT http://localhost:8080/v1/AUTH_fa3bc31ada1a42afa7e91de9208ec33a/gnocchi.45ebf1ee-90d7-439d-9be2-598343c168c1/none_v3" "txd448788fedd54239b17bb-0068deaa37" "proxy-server 21" 0.0072 "-" 23 0
Oct 2 16:37:11 standalone proxy-server[128011]: 172.18.0.2 ::1 02/Oct/2025/16/37/11 PUT /v1/AUTH_fa3bc31ada1a42afa7e91de9208ec33a/gnocchi.45ebf1ee-90d7-439d-9be2-598343c168c1/none_v3 HTTP/1.0 201 - python-swiftclient-3.11.1 gAAAAABo3qmJCaCZ... 22 - - txd448788fedd54239b17bb-0068deaa37 - 0.0116 - - 1759423031.045643330 1759423031.057232380 0
Oct 2 16:37:11 standalone container-server[126056]: 172.20.0.100 - - [02/Oct/2025:16:37:11 +0000] "HEAD /d1/335/AUTH_fa3bc31ada1a42afa7e91de9208ec33a/gnocchi.f2d2fd11-acb0-47e5-830e-1874699e176e" 404 - "HEAD http://localhost:8080/v1/AUTH_fa3bc31ada1a42afa7e91de9208ec33a/gnocchi.f2d2fd11-acb0-47e5-830e-1874699e176e?format=json&states=listing" "tx576d79af2040469487fb6-0068deaa37" "proxy-server 21" 0.0006 "-" 14 0
Oct 2 16:37:11 standalone object-server[126278]: 172.20.0.100 - - [02/Oct/2025:16:37:11 +0000] "GET /d1/188/AUTH_fa3bc31ada1a42afa7e91de9208ec33a/gnocchi.f2d2fd11-acb0-47e5-830e-1874699e176e/none_v3" 404 70 "GET http://localhost:8080/v1/AUTH_fa3bc31ada1a42afa7e91de9208ec33a/gnocchi.f2d2fd11-acb0-47e5-830e-1874699e176e/none_v3" "tx576d79af2040469487fb6-0068deaa37" "proxy-server 21" 0.0004 "-" 23 0
Oct 2 16:37:11 standalone proxy-server[128011]: 172.18.0.2 ::1 02/Oct/2025/16/37/11 GET /v1/AUTH_fa3bc31ada1a42afa7e91de9208ec33a/gnocchi.f2d2fd11-acb0-47e5-830e-1874699e176e/none_v3 HTTP/1.0 404 - python-swiftclient-3.11.1 gAAAAABo3qmJCaCZ... - 70 - tx576d79af2040469487fb6-0068deaa37 - 0.0098 - - 1759423031.070146799 1759423031.079940081 0
Oct 2 16:37:11 standalone account-server[126088]: 172.20.0.100 - - [02/Oct/2025:16:37:11 +0000] "PUT /d1/822/AUTH_fa3bc31ada1a42afa7e91de9208ec33a/gnocchi.f2d2fd11-acb0-47e5-830e-1874699e176e" 201 - "PUT http://172.20.0.100:6001/d1/335/AUTH_fa3bc31ada1a42afa7e91de9208ec33a/gnocchi.f2d2fd11-acb0-47e5-830e-1874699e176e" "tx50fc383b65df43e9ac707-0068deaa37" "container-server 15" 0.0051 "-" 22 0
Oct 2 16:37:11 standalone container-server[126059]: 172.20.0.100 - - [02/Oct/2025:16:37:11 +0000] "PUT /d1/335/AUTH_fa3bc31ada1a42afa7e91de9208ec33a/gnocchi.f2d2fd11-acb0-47e5-830e-1874699e176e" 201 - "PUT http://localhost:8080/v1/AUTH_fa3bc31ada1a42afa7e91de9208ec33a/gnocchi.f2d2fd11-acb0-47e5-830e-1874699e176e" "tx50fc383b65df43e9ac707-0068deaa37" "proxy-server 21" 0.0172 "-" 15 0
Oct 2 16:37:11 standalone proxy-server[128011]: 172.18.0.2 ::1 02/Oct/2025/16/37/11 PUT /v1/AUTH_fa3bc31ada1a42afa7e91de9208ec33a/gnocchi.f2d2fd11-acb0-47e5-830e-1874699e176e HTTP/1.0 201 - python-swiftclient-3.11.1 gAAAAABo3qmJCaCZ... - - - tx50fc383b65df43e9ac707-0068deaa37 - 0.0243 - - 1759423031.084240437 1759423031.108528376 0
Oct 2 16:37:11 standalone container-server[126069]: 172.20.0.100 - - [02/Oct/2025:16:37:11 +0000] "HEAD /d1/335/AUTH_fa3bc31ada1a42afa7e91de9208ec33a/gnocchi.f2d2fd11-acb0-47e5-830e-1874699e176e" 204 - "HEAD http://localhost:8080/v1/AUTH_fa3bc31ada1a42afa7e91de9208ec33a/gnocchi.f2d2fd11-acb0-47e5-830e-1874699e176e?format=json&states=listing" "txb3905486f18f4f64b1229-0068deaa37" "proxy-server 21" 0.0014 "-" 17 0
Oct 2 16:37:11 standalone proxy-server[128011]: - - 02/Oct/2025/16/37/11 HEAD /v1/AUTH_fa3bc31ada1a42afa7e91de9208ec33a/gnocchi.f2d2fd11-acb0-47e5-830e-1874699e176e%3Fformat%3Djson%26states%3Dlisting HTTP/1.0 204 - Swift - - - - txb3905486f18f4f64b1229-0068deaa37 - 0.0044 RL - 1759423031.114178896 1759423031.118574858 0
Oct 2 16:37:11 standalone container-server[126069]: 172.20.0.100 - - [02/Oct/2025:16:37:11 +0000] "GET /d1/335/AUTH_fa3bc31ada1a42afa7e91de9208ec33a/gnocchi.f2d2fd11-acb0-47e5-830e-1874699e176e" 200 2 "GET http://localhost:8080/v1/AUTH_fa3bc31ada1a42afa7e91de9208ec33a/gnocchi.f2d2fd11-acb0-47e5-830e-1874699e176e?format=json&states=listing" "txb3905486f18f4f64b1229-0068deaa37" "proxy-server 21" 0.0017 "-" 17 0
Oct 2 16:37:11 standalone proxy-server[128011]: 172.18.0.2 ::1 02/Oct/2025/16/37/11 GET /v1/AUTH_fa3bc31ada1a42afa7e91de9208ec33a/gnocchi.f2d2fd11-acb0-47e5-830e-1874699e176e%3Fformat%3Djson%26states%3Dlisting HTTP/1.0 200 - python-swiftclient-3.11.1 gAAAAABo3qmJCaCZ... - 2 - txb3905486f18f4f64b1229-0068deaa37 - 0.0114 - - 1759423031.113238811 1759423031.124688387 0
Oct 2 16:37:11 standalone object-server[126278]: 172.20.0.100 - - [02/Oct/2025:16:37:11 +0000] "GET /d1/379/AUTH_fa3bc31ada1a42afa7e91de9208ec33a/gnocchi.f2d2fd11-acb0-47e5-830e-1874699e176e/1759320000.0_mean_300.0_v3" 404 70 "GET http://localhost:8080/v1/AUTH_fa3bc31ada1a42afa7e91de9208ec33a/gnocchi.f2d2fd11-acb0-47e5-830e-1874699e176e/1759320000.0_mean_300.0_v3" "txa0cd800b467e4b36b1382-0068deaa37" "proxy-server 21" 0.0004 "-" 23 0
Oct 2 16:37:11 standalone proxy-server[128011]: 172.18.0.2 ::1 02/Oct/2025/16/37/11 GET /v1/AUTH_fa3bc31ada1a42afa7e91de9208ec33a/gnocchi.f2d2fd11-acb0-47e5-830e-1874699e176e/1759320000.0_mean_300.0_v3 HTTP/1.0 404 - python-swiftclient-3.11.1 gAAAAABo3qmJCaCZ... - 70 - txa0cd800b467e4b36b1382-0068deaa37 - 0.0047 - - 1759423031.128292561 1759423031.132981777 0
Oct 2 16:37:11 standalone container-server[126062]: 172.20.0.100 - - [02/Oct/2025:16:37:11 +0000] "PUT /d1/335/AUTH_fa3bc31ada1a42afa7e91de9208ec33a/gnocchi.f2d2fd11-acb0-47e5-830e-1874699e176e/1759320000.0_mean_300.0_v3" 201 - "PUT http://localhost:8080/d1/379/AUTH_fa3bc31ada1a42afa7e91de9208ec33a/gnocchi.f2d2fd11-acb0-47e5-830e-1874699e176e/1759320000.0_mean_300.0_v3" "tx33d110fde4474e48bd124-0068deaa37" "object-server 24" 0.0006 "-" 16 0
Oct 2 16:37:11 standalone object-server[126279]: 172.20.0.100 - - [02/Oct/2025:16:37:11 +0000] "PUT /d1/379/AUTH_fa3bc31ada1a42afa7e91de9208ec33a/gnocchi.f2d2fd11-acb0-47e5-830e-1874699e176e/1759320000.0_mean_300.0_v3" 201 - "PUT http://localhost:8080/v1/AUTH_fa3bc31ada1a42afa7e91de9208ec33a/gnocchi.f2d2fd11-acb0-47e5-830e-1874699e176e/1759320000.0_mean_300.0_v3" "tx33d110fde4474e48bd124-0068deaa37" "proxy-server 21" 0.0099 "-" 24 0
Oct 2 16:37:11 standalone proxy-server[128011]: 172.18.0.2 ::1 02/Oct/2025/16/37/11 PUT /v1/AUTH_fa3bc31ada1a42afa7e91de9208ec33a/gnocchi.f2d2fd11-acb0-47e5-830e-1874699e176e/1759320000.0_mean_300.0_v3 HTTP/1.0 201 - python-swiftclient-3.11.1 gAAAAABo3qmJCaCZ... 16 - - tx33d110fde4474e48bd124-0068deaa37 - 0.0162 - - 1759423031.136801720 1759423031.153022051 0
Oct 2 16:37:11 standalone container-server[126069]: 172.20.0.100 - - [02/Oct/2025:16:37:11 +0000] "PUT /d1/335/AUTH_fa3bc31ada1a42afa7e91de9208ec33a/gnocchi.f2d2fd11-acb0-47e5-830e-1874699e176e/none_v3" 201 - "PUT http://localhost:8080/d1/188/AUTH_fa3bc31ada1a42afa7e91de9208ec33a/gnocchi.f2d2fd11-acb0-47e5-830e-1874699e176e/none_v3" "tx5acc6f34ab2546bbb2195-0068deaa37" "object-server 25" 0.0007 "-" 17 0
Oct 2 16:37:11 standalone object-server[126281]: 172.20.0.100 - - [02/Oct/2025:16:37:11 +0000] "PUT /d1/188/AUTH_fa3bc31ada1a42afa7e91de9208ec33a/gnocchi.f2d2fd11-acb0-47e5-830e-1874699e176e/none_v3" 201 - "PUT http://localhost:8080/v1/AUTH_fa3bc31ada1a42afa7e91de9208ec33a/gnocchi.f2d2fd11-acb0-47e5-830e-1874699e176e/none_v3" "tx5acc6f34ab2546bbb2195-0068deaa37" "proxy-server 21" 0.0079 "-" 25 0
Oct 2 16:37:11 standalone proxy-server[128011]: 172.18.0.2 ::1 02/Oct/2025/16/37/11 PUT /v1/AUTH_fa3bc31ada1a42afa7e91de9208ec33a/gnocchi.f2d2fd11-acb0-47e5-830e-1874699e176e/none_v3 HTTP/1.0 201 - python-swiftclient-3.11.1 gAAAAABo3qmJCaCZ... 22 - - tx5acc6f34ab2546bbb2195-0068deaa37 - 0.0138 - - 1759423031.157202959 1759423031.171014309 0
Oct 2 16:37:11 standalone container-server[126069]: 172.20.0.100 - - [02/Oct/2025:16:37:11 +0000] "HEAD /d1/342/AUTH_fa3bc31ada1a42afa7e91de9208ec33a/gnocchi.9852b00a-8426-41ce-ae3c-17ff3e793dc3" 404 - "HEAD http://localhost:8080/v1/AUTH_fa3bc31ada1a42afa7e91de9208ec33a/gnocchi.9852b00a-8426-41ce-ae3c-17ff3e793dc3?format=json&states=listing" "tx5e2c5947e7a9422a896f2-0068deaa37" "proxy-server 21" 0.0004 "-" 17 0
Oct 2 16:37:11 standalone object-server[126277]: 172.20.0.100 - - [02/Oct/2025:16:37:11 +0000] "GET /d1/890/AUTH_fa3bc31ada1a42afa7e91de9208ec33a/gnocchi.9852b00a-8426-41ce-ae3c-17ff3e793dc3/none_v3" 404 70 "GET http://localhost:8080/v1/AUTH_fa3bc31ada1a42afa7e91de9208ec33a/gnocchi.9852b00a-8426-41ce-ae3c-17ff3e793dc3/none_v3" "tx5e2c5947e7a9422a896f2-0068deaa37" "proxy-server 21" 0.0004 "-" 22 0
Oct 2 16:37:11 standalone proxy-server[128011]: 172.18.0.2 ::1 02/Oct/2025/16/37/11 GET /v1/AUTH_fa3bc31ada1a42afa7e91de9208ec33a/gnocchi.9852b00a-8426-41ce-ae3c-17ff3e793dc3/none_v3 HTTP/1.0 404 - python-swiftclient-3.11.1 gAAAAABo3qmJCaCZ... - 70 - tx5e2c5947e7a9422a896f2-0068deaa37 - 0.0088 - - 1759423031.184300900 1759423031.193074465 0
Oct 2 16:37:11 standalone account-server[126088]: 172.20.0.100 - - [02/Oct/2025:16:37:11 +0000] "PUT /d1/822/AUTH_fa3bc31ada1a42afa7e91de9208ec33a/gnocchi.9852b00a-8426-41ce-ae3c-17ff3e793dc3" 201 - "PUT http://172.20.0.100:6001/d1/342/AUTH_fa3bc31ada1a42afa7e91de9208ec33a/gnocchi.9852b00a-8426-41ce-ae3c-17ff3e793dc3" "tx70f988a16b9d4799ae93c-0068deaa37" "container-server 15" 0.0046 "-" 22 0
Oct 2 16:37:11 standalone container-server[126059]: 172.20.0.100 - - [02/Oct/2025:16:37:11 +0000] "PUT /d1/342/AUTH_fa3bc31ada1a42afa7e91de9208ec33a/gnocchi.9852b00a-8426-41ce-ae3c-17ff3e793dc3" 201 - "PUT http://localhost:8080/v1/AUTH_fa3bc31ada1a42afa7e91de9208ec33a/gnocchi.9852b00a-8426-41ce-ae3c-17ff3e793dc3" "tx70f988a16b9d4799ae93c-0068deaa37" "proxy-server 21" 0.0127 "-" 15 0
Oct 2 16:37:11 standalone proxy-server[128011]: 172.18.0.2 ::1 02/Oct/2025/16/37/11 PUT /v1/AUTH_fa3bc31ada1a42afa7e91de9208ec33a/gnocchi.9852b00a-8426-41ce-ae3c-17ff3e793dc3 HTTP/1.0 201 - python-swiftclient-3.11.1 gAAAAABo3qmJCaCZ... - - - tx70f988a16b9d4799ae93c-0068deaa37 - 0.0191 - - 1759423031.196355343 1759423031.215449095 0
Oct 2 16:37:11 standalone container-server[126062]: 172.20.0.100 - - [02/Oct/2025:16:37:11 +0000] "HEAD /d1/342/AUTH_fa3bc31ada1a42afa7e91de9208ec33a/gnocchi.9852b00a-8426-41ce-ae3c-17ff3e793dc3" 204 - "HEAD http://localhost:8080/v1/AUTH_fa3bc31ada1a42afa7e91de9208ec33a/gnocchi.9852b00a-8426-41ce-ae3c-17ff3e793dc3?format=json&states=listing" "tx809c660e60a5409bb0a22-0068deaa37" "proxy-server 21" 0.0013 "-" 16 0
Oct 2 16:37:11 standalone proxy-server[128011]: - - 02/Oct/2025/16/37/11 HEAD /v1/AUTH_fa3bc31ada1a42afa7e91de9208ec33a/gnocchi.9852b00a-8426-41ce-ae3c-17ff3e793dc3%3Fformat%3Djson%26states%3Dlisting HTTP/1.0 204 - Swift - - - - tx809c660e60a5409bb0a22-0068deaa37 - 0.0041 RL - 1759423031.221851349 1759423031.225919008 0
