Oct 2 16:37:11 standalone container-server[126056]: 172.20.0.100 - - [02/Oct/2025:16:37:11 +0000] "GET /d1/342/AUTH_fa3bc31ada1a42afa7e91de9208ec33a/gnocchi.9852b00a-8426-41ce-ae3c-17ff3e793dc3" 200 2 "GET http://localhost:8080/v1/AUTH_fa3bc31ada1a42afa7e91de9208ec33a/gnocchi.9852b00a-8426-41ce-ae3c-17ff3e793dc3?format=json&states=listing" "tx809c660e60a5409bb0a22-0068deaa37" "proxy-server 21" 0.0030 "-" 14 0
Oct 2 16:37:11 standalone proxy-server[128011]: 172.18.0.2 ::1 02/Oct/2025/16/37/11 GET /v1/AUTH_fa3bc31ada1a42afa7e91de9208ec33a/gnocchi.9852b00a-8426-41ce-ae3c-17ff3e793dc3%3Fformat%3Djson%26states%3Dlisting HTTP/1.0 200 - python-swiftclient-3.11.1 gAAAAABo3qmJCaCZ... - 2 - tx809c660e60a5409bb0a22-0068deaa37 - 0.0140 - - 1759423031.219907999 1759423031.233929634 0
Oct 2 16:37:11 standalone object-server[126277]: 172.20.0.100 - - [02/Oct/2025:16:37:11 +0000] "GET /d1/439/AUTH_fa3bc31ada1a42afa7e91de9208ec33a/gnocchi.9852b00a-8426-41ce-ae3c-17ff3e793dc3/1759320000.0_mean_300.0_v3" 404 70 "GET http://localhost:8080/v1/AUTH_fa3bc31ada1a42afa7e91de9208ec33a/gnocchi.9852b00a-8426-41ce-ae3c-17ff3e793dc3/1759320000.0_mean_300.0_v3" "txc62d670a712a4290a63c3-0068deaa37" "proxy-server 21" 0.0005 "-" 22 0
Oct 2 16:37:11 standalone proxy-server[128011]: 172.18.0.2 ::1 02/Oct/2025/16/37/11 GET /v1/AUTH_fa3bc31ada1a42afa7e91de9208ec33a/gnocchi.9852b00a-8426-41ce-ae3c-17ff3e793dc3/1759320000.0_mean_300.0_v3 HTTP/1.0 404 - python-swiftclient-3.11.1 gAAAAABo3qmJCaCZ... - 70 - txc62d670a712a4290a63c3-0068deaa37 - 0.0060 - - 1759423031.238038778 1759423031.244026661 0
Oct 2 16:37:11 standalone container-server[126056]: 172.20.0.100 - - [02/Oct/2025:16:37:11 +0000] "PUT /d1/342/AUTH_fa3bc31ada1a42afa7e91de9208ec33a/gnocchi.9852b00a-8426-41ce-ae3c-17ff3e793dc3/1759320000.0_mean_300.0_v3" 201 - "PUT http://localhost:8080/d1/439/AUTH_fa3bc31ada1a42afa7e91de9208ec33a/gnocchi.9852b00a-8426-41ce-ae3c-17ff3e793dc3/1759320000.0_mean_300.0_v3" "txd9457746f44e417eb51e1-0068deaa37" "object-server 23" 0.0007 "-" 14 0
Oct 2 16:37:11 standalone object-server[126278]: 172.20.0.100 - - [02/Oct/2025:16:37:11 +0000] "PUT /d1/439/AUTH_fa3bc31ada1a42afa7e91de9208ec33a/gnocchi.9852b00a-8426-41ce-ae3c-17ff3e793dc3/1759320000.0_mean_300.0_v3" 201 - "PUT http://localhost:8080/v1/AUTH_fa3bc31ada1a42afa7e91de9208ec33a/gnocchi.9852b00a-8426-41ce-ae3c-17ff3e793dc3/1759320000.0_mean_300.0_v3" "txd9457746f44e417eb51e1-0068deaa37" "proxy-server 21" 0.0113 "-" 23 0
Oct 2 16:37:11 standalone proxy-server[128011]: 172.18.0.2 ::1 02/Oct/2025/16/37/11 PUT /v1/AUTH_fa3bc31ada1a42afa7e91de9208ec33a/gnocchi.9852b00a-8426-41ce-ae3c-17ff3e793dc3/1759320000.0_mean_300.0_v3 HTTP/1.0 201 - python-swiftclient-3.11.1 gAAAAABo3qmJCaCZ... 16 - - txd9457746f44e417eb51e1-0068deaa37 - 0.0156 - - 1759423031.247838020 1759423031.263406515 0
Oct 2 16:37:11 standalone container-server[126069]: 172.20.0.100 - - [02/Oct/2025:16:37:11 +0000] "PUT /d1/342/AUTH_fa3bc31ada1a42afa7e91de9208ec33a/gnocchi.9852b00a-8426-41ce-ae3c-17ff3e793dc3/none_v3" 201 - "PUT http://localhost:8080/d1/890/AUTH_fa3bc31ada1a42afa7e91de9208ec33a/gnocchi.9852b00a-8426-41ce-ae3c-17ff3e793dc3/none_v3" "tx1b7209ac5ccd4b1da1ea5-0068deaa37" "object-server 25" 0.0007 "-" 17 0
Oct 2 16:37:11 standalone object-server[126281]: 172.20.0.100 - - [02/Oct/2025:16:37:11 +0000] "PUT /d1/890/AUTH_fa3bc31ada1a42afa7e91de9208ec33a/gnocchi.9852b00a-8426-41ce-ae3c-17ff3e793dc3/none_v3" 201 - "PUT http://localhost:8080/v1/AUTH_fa3bc31ada1a42afa7e91de9208ec33a/gnocchi.9852b00a-8426-41ce-ae3c-17ff3e793dc3/none_v3" "tx1b7209ac5ccd4b1da1ea5-0068deaa37" "proxy-server 21" 0.0092 "-" 25 0
Oct 2 16:37:11 standalone proxy-server[128011]: 172.18.0.2 ::1 02/Oct/2025/16/37/11 PUT /v1/AUTH_fa3bc31ada1a42afa7e91de9208ec33a/gnocchi.9852b00a-8426-41ce-ae3c-17ff3e793dc3/none_v3 HTTP/1.0 201 - python-swiftclient-3.11.1 gAAAAABo3qmJCaCZ... 22 - - tx1b7209ac5ccd4b1da1ea5-0068deaa37 - 0.0145 - - 1759423031.269294262 1759423031.283765793 0
Oct 2 16:37:11 standalone container-server[126059]: 172.20.0.100 - - [02/Oct/2025:16:37:11 +0000] "HEAD /d1/3/AUTH_fa3bc31ada1a42afa7e91de9208ec33a/gnocchi.0ca42480-4ecd-4b70-8e7f-4233d94bfc94" 404 - "HEAD http://localhost:8080/v1/AUTH_fa3bc31ada1a42afa7e91de9208ec33a/gnocchi.0ca42480-4ecd-4b70-8e7f-4233d94bfc94?format=json&states=listing" "txe3e96e18ec084999a2ae8-0068deaa37" "proxy-server 21" 0.0004 "-" 15 0
Oct 2 16:37:11 standalone object-server[126278]: 172.20.0.100 - - [02/Oct/2025:16:37:11 +0000] "GET /d1/1018/AUTH_fa3bc31ada1a42afa7e91de9208ec33a/gnocchi.0ca42480-4ecd-4b70-8e7f-4233d94bfc94/none_v3" 404 70 "GET http://localhost:8080/v1/AUTH_fa3bc31ada1a42afa7e91de9208ec33a/gnocchi.0ca42480-4ecd-4b70-8e7f-4233d94bfc94/none_v3" "txe3e96e18ec084999a2ae8-0068deaa37" "proxy-server 21" 0.0004 "-" 23 0
Oct 2 16:37:11 standalone proxy-server[128011]: 172.18.0.2 ::1 02/Oct/2025/16/37/11 GET /v1/AUTH_fa3bc31ada1a42afa7e91de9208ec33a/gnocchi.0ca42480-4ecd-4b70-8e7f-4233d94bfc94/none_v3 HTTP/1.0 404 - python-swiftclient-3.11.1 gAAAAABo3qmJCaCZ... - 70 - txe3e96e18ec084999a2ae8-0068deaa37 - 0.0085 - - 1759423031.293757439 1759423031.302287579 0
Oct 2 16:37:11 standalone account-server[126088]: 172.20.0.100 - - [02/Oct/2025:16:37:11 +0000] "PUT /d1/822/AUTH_fa3bc31ada1a42afa7e91de9208ec33a/gnocchi.0ca42480-4ecd-4b70-8e7f-4233d94bfc94" 201 - "PUT http://172.20.0.100:6001/d1/3/AUTH_fa3bc31ada1a42afa7e91de9208ec33a/gnocchi.0ca42480-4ecd-4b70-8e7f-4233d94bfc94" "tx5f06eff7239d447fb1d15-0068deaa37" "container-server 16" 0.0050 "-" 22 0
Oct 2 16:37:11 standalone container-server[126062]: 172.20.0.100 - - [02/Oct/2025:16:37:11 +0000] "PUT /d1/3/AUTH_fa3bc31ada1a42afa7e91de9208ec33a/gnocchi.0ca42480-4ecd-4b70-8e7f-4233d94bfc94" 201 - "PUT http://localhost:8080/v1/AUTH_fa3bc31ada1a42afa7e91de9208ec33a/gnocchi.0ca42480-4ecd-4b70-8e7f-4233d94bfc94" "tx5f06eff7239d447fb1d15-0068deaa37" "proxy-server 21" 0.0166 "-" 16 0
Oct 2 16:37:11 standalone proxy-server[128011]: 172.18.0.2 ::1 02/Oct/2025/16/37/11 PUT /v1/AUTH_fa3bc31ada1a42afa7e91de9208ec33a/gnocchi.0ca42480-4ecd-4b70-8e7f-4233d94bfc94 HTTP/1.0 201 - python-swiftclient-3.11.1 gAAAAABo3qmJCaCZ... - - - tx5f06eff7239d447fb1d15-0068deaa37 - 0.0222 - - 1759423031.307039738 1759423031.329201698 0
Oct 2 16:37:11 standalone container-server[126062]: 172.20.0.100 - - [02/Oct/2025:16:37:11 +0000] "HEAD /d1/3/AUTH_fa3bc31ada1a42afa7e91de9208ec33a/gnocchi.0ca42480-4ecd-4b70-8e7f-4233d94bfc94" 204 - "HEAD http://localhost:8080/v1/AUTH_fa3bc31ada1a42afa7e91de9208ec33a/gnocchi.0ca42480-4ecd-4b70-8e7f-4233d94bfc94?format=json&states=listing" "tx37fb0f7d37264856b3631-0068deaa37" "proxy-server 21" 0.0009 "-" 16 0
Oct 2 16:37:11 standalone proxy-server[128011]: - - 02/Oct/2025/16/37/11 HEAD /v1/AUTH_fa3bc31ada1a42afa7e91de9208ec33a/gnocchi.0ca42480-4ecd-4b70-8e7f-4233d94bfc94%3Fformat%3Djson%26states%3Dlisting HTTP/1.0 204 - Swift - - - - tx37fb0f7d37264856b3631-0068deaa37 - 0.0038 RL - 1759423031.333685160 1759423031.337503195 0
Oct 2 16:37:11 standalone container-server[126056]: 172.20.0.100 - - [02/Oct/2025:16:37:11 +0000] "GET /d1/3/AUTH_fa3bc31ada1a42afa7e91de9208ec33a/gnocchi.0ca42480-4ecd-4b70-8e7f-4233d94bfc94" 200 2 "GET http://localhost:8080/v1/AUTH_fa3bc31ada1a42afa7e91de9208ec33a/gnocchi.0ca42480-4ecd-4b70-8e7f-4233d94bfc94?format=json&states=listing" "tx37fb0f7d37264856b3631-0068deaa37" "proxy-server 21" 0.0035 "-" 14 0
Oct 2 16:37:11 standalone proxy-server[128011]: 172.18.0.2 ::1 02/Oct/2025/16/37/11 GET /v1/AUTH_fa3bc31ada1a42afa7e91de9208ec33a/gnocchi.0ca42480-4ecd-4b70-8e7f-4233d94bfc94%3Fformat%3Djson%26states%3Dlisting HTTP/1.0 200 - python-swiftclient-3.11.1 gAAAAABo3qmJCaCZ... - 2 - tx37fb0f7d37264856b3631-0068deaa37 - 0.0148 - - 1759423031.332391977 1759423031.347162008 0
Oct 2 16:37:11 standalone object-server[126277]: 172.20.0.100 - - [02/Oct/2025:16:37:11 +0000] "GET /d1/424/AUTH_fa3bc31ada1a42afa7e91de9208ec33a/gnocchi.0ca42480-4ecd-4b70-8e7f-4233d94bfc94/1759320000.0_mean_300.0_v3" 404 70 "GET http://localhost:8080/v1/AUTH_fa3bc31ada1a42afa7e91de9208ec33a/gnocchi.0ca42480-4ecd-4b70-8e7f-4233d94bfc94/1759320000.0_mean_300.0_v3" "tx4138708fb50e4be3b66d3-0068deaa37" "proxy-server 21" 0.0004 "-" 22 0
Oct 2 16:37:11 standalone proxy-server[128011]: 172.18.0.2 ::1 02/Oct/2025/16/37/11 GET /v1/AUTH_fa3bc31ada1a42afa7e91de9208ec33a/gnocchi.0ca42480-4ecd-4b70-8e7f-4233d94bfc94/1759320000.0_mean_300.0_v3 HTTP/1.0 404 - python-swiftclient-3.11.1 gAAAAABo3qmJCaCZ... - 70 - tx4138708fb50e4be3b66d3-0068deaa37 - 0.0049 - - 1759423031.349911213 1759423031.354852200 0
Oct 2 16:37:11 standalone container-server[126062]: 172.20.0.100 - - [02/Oct/2025:16:37:11 +0000] "PUT /d1/3/AUTH_fa3bc31ada1a42afa7e91de9208ec33a/gnocchi.0ca42480-4ecd-4b70-8e7f-4233d94bfc94/1759320000.0_mean_300.0_v3" 201 - "PUT http://localhost:8080/d1/424/AUTH_fa3bc31ada1a42afa7e91de9208ec33a/gnocchi.0ca42480-4ecd-4b70-8e7f-4233d94bfc94/1759320000.0_mean_300.0_v3" "tx5d4dfd20f86841509294f-0068deaa37" "object-server 24" 0.0003 "-" 16 0
Oct 2 16:37:11 standalone object-server[126279]: 172.20.0.100 - - [02/Oct/2025:16:37:11 +0000] "PUT /d1/424/AUTH_fa3bc31ada1a42afa7e91de9208ec33a/gnocchi.0ca42480-4ecd-4b70-8e7f-4233d94bfc94/1759320000.0_mean_300.0_v3" 201 - "PUT http://localhost:8080/v1/AUTH_fa3bc31ada1a42afa7e91de9208ec33a/gnocchi.0ca42480-4ecd-4b70-8e7f-4233d94bfc94/1759320000.0_mean_300.0_v3" "tx5d4dfd20f86841509294f-0068deaa37" "proxy-server 21" 0.0123 "-" 24 0
Oct 2 16:37:11 standalone proxy-server[128011]: 172.18.0.2 ::1 02/Oct/2025/16/37/11 PUT /v1/AUTH_fa3bc31ada1a42afa7e91de9208ec33a/gnocchi.0ca42480-4ecd-4b70-8e7f-4233d94bfc94/1759320000.0_mean_300.0_v3 HTTP/1.0 201 - python-swiftclient-3.11.1 gAAAAABo3qmJCaCZ... 16 - - tx5d4dfd20f86841509294f-0068deaa37 - 0.0181 - - 1759423031.356997728 1759423031.375077486 0
Oct 2 16:37:11 standalone container-server[126056]: 172.20.0.100 - - [02/Oct/2025:16:37:11 +0000] "PUT /d1/3/AUTH_fa3bc31ada1a42afa7e91de9208ec33a/gnocchi.0ca42480-4ecd-4b70-8e7f-4233d94bfc94/none_v3" 201 - "PUT http://localhost:8080/d1/1018/AUTH_fa3bc31ada1a42afa7e91de9208ec33a/gnocchi.0ca42480-4ecd-4b70-8e7f-4233d94bfc94/none_v3" "tx0bc83eda2fcc499fb3adf-0068deaa37" "object-server 22" 0.0015 "-" 14 0
Oct 2 16:37:11 standalone object-server[126277]: 172.20.0.100 - - [02/Oct/2025:16:37:11 +0000] "PUT /d1/1018/AUTH_fa3bc31ada1a42afa7e91de9208ec33a/gnocchi.0ca42480-4ecd-4b70-8e7f-4233d94bfc94/none_v3" 201 - "PUT http://localhost:8080/v1/AUTH_fa3bc31ada1a42afa7e91de9208ec33a/gnocchi.0ca42480-4ecd-4b70-8e7f-4233d94bfc94/none_v3" "tx0bc83eda2fcc499fb3adf-0068deaa37" "proxy-server 21" 0.0114 "-" 22 0
Oct 2 16:37:11 standalone proxy-server[128011]: 172.18.0.2 ::1 02/Oct/2025/16/37/11 PUT /v1/AUTH_fa3bc31ada1a42afa7e91de9208ec33a/gnocchi.0ca42480-4ecd-4b70-8e7f-4233d94bfc94/none_v3 HTTP/1.0 201 - python-swiftclient-3.11.1 gAAAAABo3qmJCaCZ... 22 - - tx0bc83eda2fcc499fb3adf-0068deaa37 - 0.0159 - - 1759423031.379581213 1759423031.395436049 0
Oct 2 16:37:11 standalone container-server[126062]: 172.20.0.100 - - [02/Oct/2025:16:37:11 +0000] "HEAD /d1/439/AUTH_fa3bc31ada1a42afa7e91de9208ec33a/gnocchi.61e08d7b-d232-4346-a30a-97caa2edd3cc" 404 - "HEAD http://localhost:8080/v1/AUTH_fa3bc31ada1a42afa7e91de9208ec33a/gnocchi.61e08d7b-d232-4346-a30a-97caa2edd3cc?format=json&states=listing" "tx028f6c1334e24d3cb6f51-0068deaa37" "proxy-server 21" 0.0002 "-" 16 0
Oct 2 16:37:11 standalone object-server[126281]: 172.20.0.100 - - [02/Oct/2025:16:37:11 +0000] "GET /d1/277/AUTH_fa3bc31ada1a42afa7e91de9208ec33a/gnocchi.61e08d7b-d232-4346-a30a-97caa2edd3cc/none_v3" 404 70 "GET http://localhost:8080/v1/AUTH_fa3bc31ada1a42afa7e91de9208ec33a/gnocchi.61e08d7b-d232-4346-a30a-97caa2edd3cc/none_v3" "tx028f6c1334e24d3cb6f51-0068deaa37" "proxy-server 21" 0.0004 "-" 25 0
Oct 2 16:37:11 standalone proxy-server[128011]: 172.18.0.2 ::1 02/Oct/2025/16/37/11 GET /v1/AUTH_fa3bc31ada1a42afa7e91de9208ec33a/gnocchi.61e08d7b-d232-4346-a30a-97caa2edd3cc/none_v3 HTTP/1.0 404 - python-swiftclient-3.11.1 gAAAAABo3qmJCaCZ... - 70 - tx028f6c1334e24d3cb6f51-0068deaa37 - 0.0069 - - 1759423031.410991669 1759423031.417881012 0
Oct 2 16:37:11 standalone account-server[126079]: 172.20.0.100 - - [02/Oct/2025:16:37:11 +0000] "PUT /d1/822/AUTH_fa3bc31ada1a42afa7e91de9208ec33a/gnocchi.61e08d7b-d232-4346-a30a-97caa2edd3cc" 201 - "PUT http://172.20.0.100:6001/d1/439/AUTH_fa3bc31ada1a42afa7e91de9208ec33a/gnocchi.61e08d7b-d232-4346-a30a-97caa2edd3cc" "tx697450078f0d4145a03e7-0068deaa37" "container-server 17" 0.0043 "-" 20 0
Oct 2 16:37:11 standalone container-server[126069]: 172.20.0.100 - - [02/Oct/2025:16:37:11 +0000] "PUT /d1/439/AUTH_fa3bc31ada1a42afa7e91de9208ec33a/gnocchi.61e08d7b-d232-4346-a30a-97caa2edd3cc" 201 - "PUT http://localhost:8080/v1/AUTH_fa3bc31ada1a42afa7e91de9208ec33a/gnocchi.61e08d7b-d232-4346-a30a-97caa2edd3cc" "tx697450078f0d4145a03e7-0068deaa37" "proxy-server 21" 0.0145 "-" 17 0
Oct 2 16:37:11 standalone proxy-server[128011]: 172.18.0.2 ::1 02/Oct/2025/16/37/11 PUT /v1/AUTH_fa3bc31ada1a42afa7e91de9208ec33a/gnocchi.61e08d7b-d232-4346-a30a-97caa2edd3cc HTTP/1.0 201 - python-swiftclient-3.11.1 gAAAAABo3qmJCaCZ... - - - tx697450078f0d4145a03e7-0068deaa37 - 0.0194 - - 1759423031.422703266 1759423031.442150354 0
Oct 2 16:37:11 standalone container-server[126056]: 172.20.0.100 - - [02/Oct/2025:16:37:11 +0000] "HEAD /d1/439/AUTH_fa3bc31ada1a42afa7e91de9208ec33a/gnocchi.61e08d7b-d232-4346-a30a-97caa2edd3cc" 204 - "HEAD http://localhost:8080/v1/AUTH_fa3bc31ada1a42afa7e91de9208ec33a/gnocchi.61e08d7b-d232-4346-a30a-97caa2edd3cc?format=json&states=listing" "tx04432c7e1de246ac93a3f-0068deaa37" "proxy-server 21" 0.0018 "-" 14 0
Oct 2 16:37:11 standalone proxy-server[128011]: - - 02/Oct/2025/16/37/11 HEAD /v1/AUTH_fa3bc31ada1a42afa7e91de9208ec33a/gnocchi.61e08d7b-d232-4346-a30a-97caa2edd3cc%3Fformat%3Djson%26states%3Dlisting HTTP/1.0 204 - Swift - - - - tx04432c7e1de246ac93a3f-0068deaa37 - 0.0049 RL - 1759423031.447637320 1759423031.452562571 0
Oct 2 16:37:11 standalone container-server[126062]: 172.20.0.100 - - [02/Oct/2025:16:37:11 +0000] "GET /d1/439/AUTH_fa3bc31ada1a42afa7e91de9208ec33a/gnocchi.61e08d7b-d232-4346-a30a-97caa2edd3cc" 200 2 "GET http://localhost:8080/v1/AUTH_fa3bc31ada1a42afa7e91de9208ec33a/gnocchi.61e08d7b-d232-4346-a30a-97caa2edd3cc?format=json&states=listing" "tx04432c7e1de246ac93a3f-0068deaa37" "proxy-server 21" 0.0016 "-" 16 0
Oct 2 16:37:11 standalone proxy-server[128011]: 172.18.0.2 ::1 02/Oct/2025/16/37/11 GET /v1/AUTH_fa3bc31ada1a42afa7e91de9208ec33a/gnocchi.61e08d7b-d232-4346-a30a-97caa2edd3cc%3Fformat%3Djson%26states%3Dlisting HTTP/1.0 200 - python-swiftclient-3.11.1 gAAAAABo3qmJCaCZ... - 2 - tx04432c7e1de246ac93a3f-0068deaa37 - 0.0125 - - 1759423031.446430206 1759423031.458902836 0
Oct 2 16:37:11 standalone object-server[126277]: 172.20.0.100 - - [02/Oct/2025:16:37:11 +0000] "GET /d1/807/AUTH_fa3bc31ada1a42afa7e91de9208ec33a/gnocchi.61e08d7b-d232-4346-a30a-97caa2edd3cc/1759320000.0_mean_300.0_v3" 404 70 "GET http://localhost:8080/v1/AUTH_fa3bc31ada1a42afa7e91de9208ec33a/gnocchi.61e08d7b-d232-4346-a30a-97caa2edd3cc/1759320000.0_mean_300.0_v3" "txc2938bf5a0e6428ebb5c0-0068deaa37" "proxy-server 21" 0.0004 "-" 22 0
Oct 2 16:37:11 standalone proxy-server[128011]: 172.18.0.2 ::1 02/Oct/2025/16/37/11 GET /v1/AUTH_fa3bc31ada1a42afa7e91de9208ec33a/gnocchi.61e08d7b-d232-4346-a30a-97caa2edd3cc/1759320000.0_mean_300.0_v3 HTTP/1.0 404 - python-swiftclient-3.11.1 gAAAAABo3qmJCaCZ... - 70 - txc2938bf5a0e6428ebb5c0-0068deaa37 - 0.0057 - - 1759423031.463559628 1759423031.469257355 0
Oct 2 16:37:11 standalone container-server[126059]: 172.20.0.100 - - [02/Oct/2025:16:37:11 +0000] "PUT /d1/439/AUTH_fa3bc31ada1a42afa7e91de9208ec33a/gnocchi.61e08d7b-d232-4346-a30a-97caa2edd3cc/1759320000.0_mean_300.0_v3" 201 - "PUT http://localhost:8080/d1/807/AUTH_fa3bc31ada1a42afa7e91de9208ec33a/gnocchi.61e08d7b-d232-4346-a30a-97caa2edd3cc/1759320000.0_mean_300.0_v3" "tx202db893c1e9467dbe184-0068deaa37" "object-server 23" 0.0007 "-" 15 0
Oct 2 16:37:11 standalone object-server[126278]: 172.20.0.100 - - [02/Oct/2025:16:37:11 +0000] "PUT /d1/807/AUTH_fa3bc31ada1a42afa7e91de9208ec33a/gnocchi.61e08d7b-d232-4346-a30a-97caa2edd3cc/1759320000.0_mean_300.0_v3" 201 - "PUT http://localhost:8080/v1/AUTH_fa3bc31ada1a42afa7e91de9208ec33a/gnocchi.61e08d7b-d232-4346-a30a-97caa2edd3cc/1759320000.0_mean_300.0_v3" "tx202db893c1e9467dbe184-0068deaa37" "proxy-server 21" 0.0099 "-" 23 0
Oct 2 16:37:11 standalone proxy-server[128011]: 172.18.0.2 ::1 02/Oct/2025/16/37/11 PUT /v1/AUTH_fa3bc31ada1a42afa7e91de9208ec33a/gnocchi.61e08d7b-d232-4346-a30a-97caa2edd3cc/1759320000.0_mean_300.0_v3 HTTP/1.0 201 - python-swiftclient-3.11.1 gAAAAABo3qmJCaCZ... 16 - - tx202db893c1e9467dbe184-0068deaa37 - 0.0160 - - 1759423031.473133087 1759423031.489114523 0
Oct 2 16:37:11 standalone container-server[126056]: 172.20.0.100 - - [02/Oct/2025:16:37:11 +0000] "PUT /d1/439/AUTH_fa3bc31ada1a42afa7e91de9208ec33a/gnocchi.61e08d7b-d232-4346-a30a-97caa2edd3cc/none_v3" 201 - "PUT http://localhost:8080/d1/277/AUTH_fa3bc31ada1a42afa7e91de9208ec33a/gnocchi.61e08d7b-d232-4346-a30a-97caa2edd3cc/none_v3" "tx623fe26f2758466ab88ba-0068deaa37" "object-server 24" 0.0008 "-" 14 0
Oct 2 16:37:11 standalone object-server[126279]: 172.20.0.100 - - [02/Oct/2025:16:37:11 +0000] "PUT /d1/277/AUTH_fa3bc31ada1a42afa7e91de9208ec33a/gnocchi.61e08d7b-d232-4346-a30a-97caa2edd3cc/none_v3" 201 - "PUT http://localhost:8080/v1/AUTH_fa3bc31ada1a42afa7e91de9208ec33a/gnocchi.61e08d7b-d232-4346-a30a-97caa2edd3cc/none_v3" "tx623fe26f2758466ab88ba-0068deaa37" "proxy-server 21" 0.0133 "-" 24 0
Oct 2 16:37:11 standalone proxy-server[128011]: 172.18.0.2 ::1 02/Oct/2025/16/37/11 PUT /v1/AUTH_fa3bc31ada1a42afa7e91de9208ec33a/gnocchi.61e08d7b-d232-4346-a30a-97caa2edd3cc/none_v3 HTTP/1.0 201 - python-swiftclient-3.11.1 gAAAAABo3qmJCaCZ... 22 - - tx623fe26f2758466ab88ba-0068deaa37 - 0.0219 - - 1759423031.493240118 1759423031.515106916 0
Oct 2 16:37:11 standalone container-server[126059]: 172.20.0.100 - - [02/Oct/2025:16:37:11 +0000] "HEAD /d1/657/AUTH_fa3bc31ada1a42afa7e91de9208ec33a/gnocchi.0dff9dc1-11e3-43cc-b738-277690dd8bbe" 404 - "HEAD http://localhost:8080/v1/AUTH_fa3bc31ada1a42afa7e91de9208ec33a/gnocchi.0dff9dc1-11e3-43cc-b738-277690dd8bbe?format=json&states=listing" "tx9ce2f8f44d4740768b910-0068deaa37" "proxy-server 21" 0.0002 "-" 15 0
Oct 2 16:37:11 standalone object-server[126281]: 172.20.0.100 - - [02/Oct/2025:16:37:11 +0000] "GET /d1/505/AUTH_fa3bc31ada1a42afa7e91de9208ec33a/gnocchi.0dff9dc1-11e3-43cc-b738-277690dd8bbe/none_v3" 404 70 "GET http://localhost:8080/v1/AUTH_fa3bc31ada1a42afa7e91de9208ec33a/gnocchi.0dff9dc1-11e3-43cc-b738-277690dd8bbe/none_v3" "tx9ce2f8f44d4740768b910-0068deaa37" "proxy-server 21" 0.0002 "-" 25 0
Oct 2 16:37:11 standalone proxy-server[128011]: 172.18.0.2 ::1 02/Oct/2025/16/37/11 GET /v1/AUTH_fa3bc31ada1a42afa7e91de9208ec33a/gnocchi.0dff9dc1-11e3-43cc-b738-277690dd8bbe/none_v3 HTTP/1.0 404 - python-swiftclient-3.11.1 gAAAAABo3qmJCaCZ... - 70 - tx9ce2f8f44d4740768b910-0068deaa37 - 0.0168 - - 1759423031.528930902 1759423031.545769453 0
Oct 2 16:37:11 standalone account-server[126081]: 172.20.0.100 - - [02/Oct/2025:16:37:11 +0000] "PUT /d1/822/AUTH_fa3bc31ada1a42afa7e91de9208ec33a/gnocchi.0dff9dc1-11e3-43cc-b738-277690dd8bbe" 201 - "PUT http://172.20.0.100:6001/d1/657/AUTH_fa3bc31ada1a42afa7e91de9208ec33a/gnocchi.0dff9dc1-11e3-43cc-b738-277690dd8bbe" "txd0b6c9dca2c34fe28d697-0068deaa37" "container-server 14" 0.0062 "-" 21 0
Oct 2 16:37:11 standalone container-server[126056]: 172.20.0.100 - - [02/Oct/2025:16:37:11 +0000] "PUT /d1/657/AUTH_fa3bc31ada1a42afa7e91de9208ec33a/gnocchi.0dff9dc1-11e3-43cc-b738-277690dd8bbe" 201 - "PUT http://localhost:8080/v1/AUTH_fa3bc31ada1a42afa7e91de9208ec33a/gnocchi.0dff9dc1-11e3-43cc-b738-277690dd8bbe" "txd0b6c9dca2c34fe28d697-0068deaa37" "proxy-server 21" 0.0191 "-" 14 0
Oct 2 16:37:11 standalone proxy-server[128011]: 172.18.0.2 ::1 02/Oct/2025/16/37/11 PUT /v1/AUTH_fa3bc31ada1a42afa7e91de9208ec33a/gnocchi.0dff9dc1-11e3-43cc-b738-277690dd8bbe HTTP/1.0 201 - python-swiftclient-3.11.1 gAAAAABo3qmJCaCZ... - - - txd0b6c9dca2c34fe28d697-0068deaa37 - 0.0271 - - 1759423031.550264359 1759423031.577339888 0
Oct 2 16:37:11 standalone container-server[126062]: 172.20.0.100 - - [02/Oct/2025:16:37:11 +0000] "HEAD /d1/657/AUTH_fa3bc31ada1a42afa7e91de9208ec33a/gnocchi.0dff9dc1-11e3-43cc-b738-277690dd8bbe" 204 - "HEAD http://localhost:8080/v1/AUTH_fa3bc31ada1a42afa7e91de9208ec33a/gnocchi.0dff9dc1-11e3-43cc-b738-277690dd8bbe?format=json&states=listing" "txe135636120c44847a29c6-0068deaa37" "proxy-server 21" 0.0010 "-" 16 0
Oct 2 16:37:11 standalone proxy-server[128011]: - - 02/Oct/2025/16/37/11 HEAD /v1/AUTH_fa3bc31ada1a42afa7e91de9208ec33a/gnocchi.0dff9dc1-11e3-43cc-b738-277690dd8bbe%3Fformat%3Djson%26states%3Dlisting HTTP/1.0 204 - Swift - - - - txe135636120c44847a29c6-0068deaa37 - 0.0053 RL - 1759423031.586151123 1759423031.591494322 0
Oct 2 16:37:11 standalone container-server[126069]: 172.20.0.100 - - [02/Oct/2025:16:37:11 +0000] "GET /d1/657/AUTH_fa3bc31ada1a42afa7e91de9208ec33a/gnocchi.0dff9dc1-11e3-43cc-b738-277690dd8bbe" 200 2 "GET http://localhost:8080/v1/AUTH_fa3bc31ada1a42afa7e91de9208ec33a/gnocchi.0dff9dc1-11e3-43cc-b738-277690dd8bbe?format=json&states=listing" "txe135636120c44847a29c6-0068deaa37" "proxy-server 21" 0.0036 "-" 17 0
Oct 2 16:37:11 standalone proxy-server[128011]: 172.18.0.2 ::1 02/Oct/2025/16/37/11 GET /v1/AUTH_fa3bc31ada1a42afa7e91de9208ec33a/gnocchi.0dff9dc1-11e3-43cc-b738-277690dd8bbe%3Fformat%3Djson%26states%3Dlisting HTTP/1.0 200 - python-swiftclient-3.11.1 gAAAAABo3qmJCaCZ... - 2 - txe135636120c44847a29c6-0068deaa37 - 0.0213 - - 1759423031.584158659 1759423031.605413675 0
Oct 2 16:37:11 standalone object-server[126279]: 172.20.0.100 - - [02/Oct/2025:16:37:11 +0000] "GET /d1/28/AUTH_fa3bc31ada1a42afa7e91de9208ec33a/gnocchi.0dff9dc1-11e3-43cc-b738-277690dd8bbe/1759320000.0_mean_300.0_v3" 404 70 "GET http://localhost:8080/v1/AUTH_fa3bc31ada1a42afa7e91de9208ec33a/gnocchi.0dff9dc1-11e3-43cc-b738-277690dd8bbe/1759320000.0_mean_300.0_v3" "tx9ba9fb69cef8496fa426d-0068deaa37" "proxy-server 21" 0.0006 "-" 24 0
Oct 2 16:37:11 standalone proxy-server[128011]: 172.18.0.2 ::1 02/Oct/2025/16/37/11 GET /v1/AUTH_fa3bc31ada1a42afa7e91de9208ec33a/gnocchi.0dff9dc1-11e3-43cc-b738-277690dd8bbe/1759320000.0_mean_300.0_v3 HTTP/1.0 404 - python-swiftclient-3.11.1 gAAAAABo3qmJCaCZ... - 70 - tx9ba9fb69cef8496fa426d-0068deaa37 - 0.0093 - - 1759423031.611626148 1759423031.620943069 0
Oct 2 16:37:11 standalone container-server[126062]: 172.20.0.100 - - [02/Oct/2025:16:37:11 +0000] "PUT /d1/657/AUTH_fa3bc31ada1a42afa7e91de9208ec33a/gnocchi.0dff9dc1-11e3-43cc-b738-277690dd8bbe/1759320000.0_mean_300.0_v3" 201 - "PUT http://localhost:8080/d1/28/AUTH_fa3bc31ada1a42afa7e91de9208ec33a/gnocchi.0dff9dc1-11e3-43cc-b738-277690dd8bbe/1759320000.0_mean_300.0_v3" "tx5598436d81dd4028a91a2-0068deaa37" "object-server 24" 0.0010 "-" 16 0
Oct 2 16:37:11 standalone object-server[126279]: 172.20.0.100 - - [02/Oct/2025:16:37:11 +0000] "PUT /d1/28/AUTH_fa3bc31ada1a42afa7e91de9208ec33a/gnocchi.0dff9dc1-11e3-43cc-b738-277690dd8bbe/1759320000.0_mean_300.0_v3" 201 - "PUT http://localhost:8080/v1/AUTH_fa3bc31ada1a42afa7e91de9208ec33a/gnocchi.0dff9dc1-11e3-43cc-b738-277690dd8bbe/1759320000.0_mean_300.0_v3" "tx5598436d81dd4028a91a2-0068deaa37" "proxy-server 21" 0.0129 "-" 24 0
Oct 2 16:37:11 standalone proxy-server[128011]: 172.18.0.2 ::1 02/Oct/2025/16/37/11 PUT /v1/AUTH_fa3bc31ada1a42afa7e91de9208ec33a/gnocchi.0dff9dc1-11e3-43cc-b738-277690dd8bbe/1759320000.0_mean_300.0_v3 HTTP/1.0 201 - python-swiftclient-3.11.1 gAAAAABo3qmJCaCZ... 16 - - tx5598436d81dd4028a91a2-0068deaa37 - 0.0214 - - 1759423031.625798702 1759423031.647152185 0
Oct 2 16:37:11 standalone container-server[126062]: 172.20.0.100 - - [02/Oct/2025:16:37:11 +0000] "PUT /d1/657/AUTH_fa3bc31ada1a42afa7e91de9208ec33a/gnocchi.0dff9dc1-11e3-43cc-b738-277690dd8bbe/none_v3" 201 - "PUT http://localhost:8080/d1/505/AUTH_fa3bc31ada1a42afa7e91de9208ec33a/gnocchi.0dff9dc1-11e3-43cc-b738-277690dd8bbe/none_v3" "tx189c16e9cbcf435e9fa9a-0068deaa37" "object-server 25" 0.0007 "-" 16 0
Oct 2 16:37:11 standalone object-server[126281]: 172.20.0.100 - - [02/Oct/2025:16:37:11 +0000] "PUT /d1/505/AUTH_fa3bc31ada1a42afa7e91de9208ec33a/gnocchi.0dff9dc1-11e3-43cc-b738-277690dd8bbe/none_v3" 201 - "PUT http://localhost:8080/v1/AUTH_fa3bc31ada1a42afa7e91de9208ec33a/gnocchi.0dff9dc1-11e3-43cc-b738-277690dd8bbe/none_v3" "tx189c16e9cbcf435e9fa9a-0068deaa37" "proxy-server 21" 0.0117 "-" 25 0
Oct 2 16:37:11 standalone proxy-server[128011]: 172.18.0.2 ::1 02/Oct/2025/16/37/11 PUT /v1/AUTH_fa3bc31ada1a42afa7e91de9208ec33a/gnocchi.0dff9dc1-11e3-43cc-b738-277690dd8bbe/none_v3 HTTP/1.0 201 - python-swiftclient-3.11.1 gAAAAABo3qmJCaCZ... 22 - - tx189c16e9cbcf435e9fa9a-0068deaa37 - 0.0204 - - 1759423031.651739836 1759423031.672091484 0
Oct 2 16:37:11 standalone container-server[126062]: 172.20.0.100 - - [02/Oct/2025:16:37:11 +0000] "HEAD /d1/426/AUTH_fa3bc31ada1a42afa7e91de9208ec33a/gnocchi.fc605e08-10fa-45da-b8f8-d5262059ac05" 404 - "HEAD http://localhost:8080/v1/AUTH_fa3bc31ada1a42afa7e91de9208ec33a/gnocchi.fc605e08-10fa-45da-b8f8-d5262059ac05?format=json&states=listing" "tx3a616113b16c497d8b11a-0068deaa37" "proxy-server 21" 0.0005 "-" 16 0
Oct 2 16:37:11 standalone object-server[126279]: 172.20.0.100 - - [02/Oct/2025:16:37:11 +0000] "GET /d1/342/AUTH_fa3bc31ada1a42afa7e91de9208ec33a/gnocchi.fc605e08-10fa-45da-b8f8-d5262059ac05/none_v3" 404 70 "GET http://localhost:8080/v1/AUTH_fa3bc31ada1a42afa7e91de9208ec33a/gnocchi.fc605e08-10fa-45da-b8f8-d5262059ac05/none_v3" "tx3a616113b16c497d8b11a-0068deaa37" "proxy-server 21" 0.0006 "-" 24 0
Oct 2 16:37:11 standalone proxy-server[128011]: 172.18.0.2 ::1 02/Oct/2025/16/37/11 GET /v1/AUTH_fa3bc31ada1a42afa7e91de9208ec33a/gnocchi.fc605e08-10fa-45da-b8f8-d5262059ac05/none_v3 HTTP/1.0 404 - python-swiftclient-3.11.1 gAAAAABo3qmJCaCZ... - 70 - tx3a616113b16c497d8b11a-0068deaa37 - 0.0146 - - 1759423031.687793732 1759423031.702356815 0
Oct 2 16:37:11 standalone account-server[126090]: 172.20.0.100 - - [02/Oct/2025:16:37:11 +0000] "PUT /d1/822/AUTH_fa3bc31ada1a42afa7e91de9208ec33a/gnocchi.fc605e08-10fa-45da-b8f8-d5262059ac05" 201 - "PUT http://172.20.0.100:6001/d1/426/AUTH_fa3bc31ada1a42afa7e91de9208ec33a/gnocchi.fc605e08-10fa-45da-b8f8-d5262059ac05" "tx0b0eba77d59d45b089804-0068deaa37" "container-server 17" 0.0072 "-" 23 0
Oct 2 16:37:11 standalone container-server[126069]: 172.20.0.100 - - [02/Oct/2025:16:37:11 +0000] "PUT /d1/426/AUTH_fa3bc31ada1a42afa7e91de9208ec33a/gnocchi.fc605e08-10fa-45da-b8f8-d5262059ac05" 201 - "PUT http://localhost:8080/v1/AUTH_fa3bc31ada1a42afa7e91de9208ec33a/gnocchi.fc605e08-10fa-45da-b8f8-d5262059ac05" "tx0b0eba77d59d45b089804-0068deaa37" "proxy-server 21" 0.0205 "-" 17 0
Oct 2 16:37:11 standalone proxy-server[128011]: 172.18.0.2 ::1 02/Oct/2025/16/37/11 PUT /v1/AUTH_fa3bc31ada1a42afa7e91de9208ec33a/gnocchi.fc605e08-10fa-45da-b8f8-d5262059ac05 HTTP/1.0 201 - python-swiftclient-3.11.1 gAAAAABo3qmJCaCZ... - - - tx0b0eba77d59d45b089804-0068deaa37 - 0.0291 - - 1759423031.706792355 1759423031.735892534 0
Oct 2 16:37:11 standalone container-server[126069]: 172.20.0.100 - - [02/Oct/2025:16:37:11 +0000] "HEAD /d1/426/AUTH_fa3bc31ada1a42afa7e91de9208ec33a/gnocchi.fc605e08-10fa-45da-b8f8-d5262059ac05" 204 - "HEAD http://localhost:8080/v1/AUTH_fa3bc31ada1a42afa7e91de9208ec33a/gnocchi.fc605e08-10fa-45da-b8f8-d5262059ac05?format=json&states=listing" "tx5bdff3e0094a40748383e-0068deaa37" "proxy-server 21" 0.0020 "-" 17 0
Oct 2 16:37:11 standalone proxy-server[128011]: - - 02/Oct/2025/16/37/11 HEAD /v1/AUTH_fa3bc31ada1a42afa7e91de9208ec33a/gnocchi.fc605e08-10fa-45da-b8f8-d5262059ac05%3Fformat%3Djson%26states%3Dlisting HTTP/1.0 204 - Swift - - - - tx5bdff3e0094a40748383e-0068deaa37 - 0.0070 RL - 1759423031.743352413 1759423031.750373363 0
Oct 2 16:37:11 standalone container-server[126069]: 172.20.0.100 - - [02/Oct/2025:16:37:11 +0000] "GET /d1/426/AUTH_fa3bc31ada1a42afa7e91de9208ec33a/gnocchi.fc605e08-10fa-45da-b8f8-d5262059ac05" 200 2 "GET http://localhost:8080/v1/AUTH_fa3bc31ada1a42afa7e91de9208ec33a/gnocchi.fc605e08-10fa-45da-b8f8-d5262059ac05?format=json&states=listing" "tx5bdff3e0094a40748383e-0068deaa37" "proxy-server 21" 0.0031 "-" 17 0
Oct 2 16:37:11 standalone proxy-server[128011]: 172.18.0.2 ::1 02/Oct/2025/16/37/11 GET /v1/AUTH_fa3bc31ada1a42afa7e91de9208ec33a/gnocchi.fc605e08-10fa-45da-b8f8-d5262059ac05%3Fformat%3Djson%26states%3Dlisting HTTP/1.0 200 - python-swiftclient-3.11.1 gAAAAABo3qmJCaCZ... - 2 - tx5bdff3e0094a40748383e-0068deaa37 - 0.0231 - - 1759423031.741445065 1759423031.764543533 0
Oct 2 16:37:11 standalone object-server[126279]: 172.20.0.100 - - [02/Oct/2025:16:37:11 +0000] "GET /d1/782/AUTH_fa3bc31ada1a42afa7e91de9208ec33a/gnocchi.fc605e08-10fa-45da-b8f8-d5262059ac05/1759320000.0_mean_300.0_v3" 404 70 "GET http://localhost:8080/v1/AUTH_fa3bc31ada1a42afa7e91de9208ec33a/gnocchi.fc605e08-10fa-45da-b8f8-d5262059ac05/1759320000.0_mean_300.0_v3" "tx6771b0bef7924a5bb0d12-0068deaa37" "proxy-server 21" 0.0006 "-" 24 0
Oct 2 16:37:11 standalone proxy-server[128011]: 172.18.0.2 ::1 02/Oct/2025/16/37/11 GET /v1/AUTH_fa3bc31ada1a42afa7e91de9208ec33a/gnocchi.fc605e08-10fa-45da-b8f8-d5262059ac05/1759320000.0_mean_300.0_v3 HTTP/1.0 404 - python-swiftclient-3.11.1 gAAAAABo3qmJCaCZ... - 70 - tx6771b0bef7924a5bb0d12-0068deaa37 - 0.0099 - - 1759423031.770128012 1759423031.779995918 0
Oct 2 16:37:11 standalone container-server[126062]: 172.20.0.100 - - [02/Oct/2025:16:37:11 +0000] "PUT /d1/426/AUTH_fa3bc31ada1a42afa7e91de9208ec33a/gnocchi.fc605e08-10fa-45da-b8f8-d5262059ac05/1759320000.0_mean_300.0_v3" 201 - "PUT http://localhost:8080/d1/782/AUTH_fa3bc31ada1a42afa7e91de9208ec33a/gnocchi.fc605e08-10fa-45da-b8f8-d5262059ac05/1759320000.0_mean_300.0_v3" "tx95b06e6bbb12455fa6ac1-0068deaa37" "object-server 23" 0.0010 "-" 16 0
Oct 2 16:37:11 standalone object-server[126278]: 172.20.0.100 - - [02/Oct/2025:16:37:11 +0000] "PUT /d1/782/AUTH_fa3bc31ada1a42afa7e91de9208ec33a/gnocchi.fc605e08-10fa-45da-b8f8-d5262059ac05/1759320000.0_mean_300.0_v3" 201 - "PUT http://localhost:8080/v1/AUTH_fa3bc31ada1a42afa7e91de9208ec33a/gnocchi.fc605e08-10fa-45da-b8f8-d5262059ac05/1759320000.0_mean_300.0_v3" "tx95b06e6bbb12455fa6ac1-0068deaa37" "proxy-server 21" 0.0136 "-" 23 0
Oct 2 16:37:11 standalone proxy-server[128011]: 172.18.0.2 ::1 02/Oct/2025/16/37/11 PUT /v1/AUTH_fa3bc31ada1a42afa7e91de9208ec33a/gnocchi.fc605e08-10fa-45da-b8f8-d5262059ac05/1759320000.0_mean_300.0_v3 HTTP/1.0 201 - python-swiftclient-3.11.1 gAAAAABo3qmJCaCZ... 16 - - tx95b06e6bbb12455fa6ac1-0068deaa37 - 0.0231 - - 1759423031.784816265 1759423031.807961226 0
Oct 2 16:37:11 standalone container-server[126056]: 172.20.0.100 - - [02/Oct/2025:16:37:11 +0000] "PUT /d1/426/AUTH_fa3bc31ada1a42afa7e91de9208ec33a/gnocchi.fc605e08-10fa-45da-b8f8-d5262059ac05/none_v3" 201 - "PUT http://localhost:8080/d1/342/AUTH_fa3bc31ada1a42afa7e91de9208ec33a/gnocchi.fc605e08-10fa-45da-b8f8-d5262059ac05/none_v3" "txe4c9c5fa193049f4bd145-0068deaa37" "object-server 24" 0.0011 "-" 14 0
Oct 2 16:37:11 standalone object-server[126279]: 172.20.0.100 - - [02/Oct/2025:16:37:11 +0000] "PUT /d1/342/AUTH_fa3bc31ada1a42afa7e91de9208ec33a/gnocchi.fc605e08-10fa-45da-b8f8-d5262059ac05/none_v3" 201 - "PUT http://localhost:8080/v1/AUTH_fa3bc31ada1a42afa7e91de9208ec33a/gnocchi.fc605e08-10fa-45da-b8f8-d5262059ac05/none_v3" "txe4c9c5fa193049f4bd145-0068deaa37" "proxy-server 21" 0.0137 "-" 24 0
Oct 2 16:37:11 standalone proxy-server[128011]: 172.18.0.2 ::1 02/Oct/2025/16/37/11 PUT /v1/AUTH_fa3bc31ada1a42afa7e91de9208ec33a/gnocchi.fc605e08-10fa-45da-b8f8-d5262059ac05/none_v3 HTTP/1.0 201 - python-swiftclient-3.11.1 gAAAAABo3qmJCaCZ... 22 - - txe4c9c5fa193049f4bd145-0068deaa37 - 0.0239 - - 1759423031.813037634 1759423031.836958408 0
Oct 2 16:37:11 standalone container-server[126056]: 172.20.0.100 - - [02/Oct/2025:16:37:11 +0000] "HEAD /d1/565/AUTH_fa3bc31ada1a42afa7e91de9208ec33a/gnocchi.735c06cd-bb45-4d9b-9df5-699dd01cefb9" 404 - "HEAD http://localhost:8080/v1/AUTH_fa3bc31ada1a42afa7e91de9208ec33a/gnocchi.735c06cd-bb45-4d9b-9df5-699dd01cefb9?format=json&states=listing" "tx30ccfec147c043fbaf5fc-0068deaa37" "proxy-server 21" 0.0005 "-" 14 0
Oct 2 16:37:11 standalone object-server[126277]: 172.20.0.100 - - [02/Oct/2025:16:37:11 +0000] "GET /d1/434/AUTH_fa3bc31ada1a42afa7e91de9208ec33a/gnocchi.735c06cd-bb45-4d9b-9df5-699dd01cefb9/none_v3" 404 70 "GET http://localhost:8080/v1/AUTH_fa3bc31ada1a42afa7e91de9208ec33a/gnocchi.735c06cd-bb45-4d9b-9df5-699dd01cefb9/none_v3" "tx30ccfec147c043fbaf5fc-0068deaa37" "proxy-server 21" 0.0005 "-" 22 0
Oct 2 16:37:11 standalone proxy-server[128011]: 172.18.0.2 ::1 02/Oct/2025/16/37/11 GET /v1/AUTH_fa3bc31ada1a42afa7e91de9208ec33a/gnocchi.735c06cd-bb45-4d9b-9df5-699dd01cefb9/none_v3 HTTP/1.0 404 - python-swiftclient-3.11.1 gAAAAABo3qmJCaCZ... - 70 - tx30ccfec147c043fbaf5fc-0068deaa37 - 0.0162 - - 1759423031.854399443 1759423031.870638132 0
Oct 2 16:37:11 standalone account-server[126081]: 172.20.0.100 - - [02/Oct/2025:16:37:11 +0000] "PUT /d1/822/AUTH_fa3bc31ada1a42afa7e91de9208ec33a/gnocchi.735c06cd-bb45-4d9b-9df5-699dd01cefb9" 201 - "PUT http://172.20.0.100:6001/d1/565/AUTH_fa3bc31ada1a42afa7e91de9208ec33a/gnocchi.735c06cd-bb45-4d9b-9df5-699dd01cefb9" "tx5a82749d2e85466cb3cdf-0068deaa37" "container-server 15" 0.0068 "-" 21 0
Oct 2 16:37:11 standalone container-server[126059]: 172.20.0.100 - - [02/Oct/2025:16:37:11 +0000] "PUT /d1/565/AUTH_fa3bc31ada1a42afa7e91de9208ec33a/gnocchi.735c06cd-bb45-4d9b-9df5-699dd01cefb9" 201 - "PUT http://localhost:8080/v1/AUTH_fa3bc31ada1a42afa7e91de9208ec33a/gnocchi.735c06cd-bb45-4d9b-9df5-699dd01cefb9" "tx5a82749d2e85466cb3cdf-0068deaa37" "proxy-server 21" 0.0195 "-" 15 0
Oct 2 16:37:11 standalone proxy-server[128011]: 172.18.0.2 ::1 02/Oct/2025/16/37/11 PUT /v1/AUTH_fa3bc31ada1a42afa7e91de9208ec33a/gnocchi.735c06cd-bb45-4d9b-9df5-699dd01cefb9 HTTP/1.0 201 - python-swiftclient-3.11.1 gAAAAABo3qmJCaCZ... - - - tx5a82749d2e85466cb3cdf-0068deaa37 - 0.0277 - - 1759423031.875316381 1759423031.902991772 0
Oct 2 16:37:11 standalone container-server[126062]: 172.20.0.100 - - [02/Oct/2025:16:37:11 +0000] "HEAD /d1/565/AUTH_fa3bc31ada1a42afa7e91de9208ec33a/gnocchi.735c06cd-bb45-4d9b-9df5-699dd01cefb9" 204 - "HEAD http://localhost:8080/v1/AUTH_fa3bc31ada1a42afa7e91de9208ec33a/gnocchi.735c06cd-bb45-4d9b-9df5-699dd01cefb9?format=json&states=listing" "tx6c3a898d1eba413db7a77-0068deaa37" "proxy-server 21" 0.0023 "-" 16 0
Oct 2 16:37:11 standalone proxy-server[128011]: - - 02/Oct/2025/16/37/11 HEAD /v1/AUTH_fa3bc31ada1a42afa7e91de9208ec33a/gnocchi.735c06cd-bb45-4d9b-9df5-699dd01cefb9%3Fformat%3Djson%26states%3Dlisting HTTP/1.0 204 - Swift - - - - tx6c3a898d1eba413db7a77-0068deaa37 - 0.0065 RL - 1759423031.909199715 1759423031.915685415 0
Oct 2 16:37:11 standalone container-server[126059]: 172.20.0.100 - - [02/Oct/2025:16:37:11 +0000] "GET /d1/565/AUTH_fa3bc31ada1a42afa7e91de9208ec33a/gnocchi.735c06cd-bb45-4d9b-9df5-699dd01cefb9" 200 2 "GET http://localhost:8080/v1/AUTH_fa3bc31ada1a42afa7e91de9208ec33a/gnocchi.735c06cd-bb45-4d9b-9df5-699dd01cefb9?format=json&states=listing" "tx6c3a898d1eba413db7a77-0068deaa37" "proxy-server 21" 0.0020 "-" 15 0
Oct 2 16:37:11 standalone proxy-server[128011]: 172.18.0.2 ::1 02/Oct/2025/16/37/11 GET /v1/AUTH_fa3bc31ada1a42afa7e91de9208ec33a/gnocchi.735c06cd-bb45-4d9b-9df5-699dd01cefb9%3Fformat%3Djson%26states%3Dlisting HTTP/1.0 200 - python-swiftclient-3.11.1 gAAAAABo3qmJCaCZ... - 2 - tx6c3a898d1eba413db7a77-0068deaa37 - 0.0168 - - 1759423031.908008099 1759423031.924823761 0
Oct 2 16:37:11 standalone object-server[126278]: 172.20.0.100 - - [02/Oct/2025:16:37:11 +0000] "GET /d1/426/AUTH_fa3bc31ada1a42afa7e91de9208ec33a/gnocchi.735c06cd-bb45-4d9b-9df5-699dd01cefb9/1759320000.0_mean_300.0_v3" 404 70 "GET http://localhost:8080/v1/AUTH_fa3bc31ada1a42afa7e91de9208ec33a/gnocchi.735c06cd-bb45-4d9b-9df5-699dd01cefb9/1759320000.0_mean_300.0_v3" "tx0624732ac7f54b8581bb5-0068deaa37" "proxy-server 21" 0.0005 "-" 23 0
Oct 2 16:37:11 standalone proxy-server[128011]: 172.18.0.2 ::1 02/Oct/2025/16/37/11 GET /v1/AUTH_fa3bc31ada1a42afa7e91de9208ec33a/gnocchi.735c06cd-bb45-4d9b-9df5-699dd01cefb9/1759320000.0_mean_300.0_v3 HTTP/1.0 404 - python-swiftclient-3.11.1 gAAAAABo3qmJCaCZ... - 70 - tx0624732ac7f54b8581bb5-0068deaa37 - 0.0090 - - 1759423031.930254221 1759423031.939303875 0
Oct 2 16:37:11 standalone container-server[126059]: 172.20.0.100 - - [02/Oct/2025:16:37:11 +0000] "PUT /d1/565/AUTH_fa3bc31ada1a42afa7e91de9208ec33a/gnocchi.735c06cd-bb45-4d9b-9df5-699dd01cefb9/1759320000.0_mean_300.0_v3" 201 - "PUT http://localhost:8080/d1/426/AUTH_fa3bc31ada1a42afa7e91de9208ec33a/gnocchi.735c06cd-bb45-4d9b-9df5-699dd01cefb9/1759320000.0_mean_300.0_v3" "tx0dcba872255041e1a3a23-0068deaa37" "object-server 25" 0.0008 "-" 15 0
Oct 2 16:37:11 standalone object-server[126281]: 172.20.0.100 - - [02/Oct/2025:16:37:11 +0000] "PUT /d1/426/AUTH_fa3bc31ada1a42afa7e91de9208ec33a/gnocchi.735c06cd-bb45-4d9b-9df5-699dd01cefb9/1759320000.0_mean_300.0_v3" 201 - "PUT http://localhost:8080/v1/AUTH_fa3bc31ada1a42afa7e91de9208ec33a/gnocchi.735c06cd-bb45-4d9b-9df5-699dd01cefb9/1759320000.0_mean_300.0_v3" "tx0dcba872255041e1a3a23-0068deaa37" "proxy-server 21" 0.0124 "-" 25 0
Oct 2 16:37:11 standalone proxy-server[128011]: 172.18.0.2 ::1 02/Oct/2025/16/37/11 PUT /v1/AUTH_fa3bc31ada1a42afa7e91de9208ec33a/gnocchi.735c06cd-bb45-4d9b-9df5-699dd01cefb9/1759320000.0_mean_300.0_v3 HTTP/1.0 201 - python-swiftclient-3.11.1 gAAAAABo3qmJCaCZ... 16 - - tx0dcba872255041e1a3a23-0068deaa37 - 0.0207 - - 1759423031.943949938 1759423031.964683056 0
Oct 2 16:37:11 standalone container-server[126059]: 172.20.0.100 - - [02/Oct/2025:16:37:11 +0000] "PUT /d1/565/AUTH_fa3bc31ada1a42afa7e91de9208ec33a/gnocchi.735c06cd-bb45-4d9b-9df5-699dd01cefb9/none_v3" 201 - "PUT http://localhost:8080/d1/434/AUTH_fa3bc31ada1a42afa7e91de9208ec33a/gnocchi.735c06cd-bb45-4d9b-9df5-699dd01cefb9/none_v3" "tx2dfc49e2ac724685ab19e-0068deaa37" "object-server 25" 0.0004 "-" 15 0
Oct 2 16:37:11 standalone object-server[126281]: 172.20.0.100 - - [02/Oct/2025:16:37:11 +0000] "PUT /d1/434/AUTH_fa3bc31ada1a42afa7e91de9208ec33a/gnocchi.735c06cd-bb45-4d9b-9df5-699dd01cefb9/none_v3" 201 - "PUT http://localhost:8080/v1/AUTH_fa3bc31ada1a42afa7e91de9208ec33a/gnocchi.735c06cd-bb45-4d9b-9df5-699dd01cefb9/none_v3" "tx2dfc49e2ac724685ab19e-0068deaa37" "proxy-server 21" 0.0106 "-" 25 0
Oct 2 16:37:11 standalone proxy-server[128011]: 172.18.0.2 ::1 02/Oct/2025/16/37/11 PUT /v1/AUTH_fa3bc31ada1a42afa7e91de9208ec33a/gnocchi.735c06cd-bb45-4d9b-9df5-699dd01cefb9/none_v3 HTTP/1.0 201 - python-swiftclient-3.11.1 gAAAAABo3qmJCaCZ... 22 - - tx2dfc49e2ac724685ab19e-0068deaa37 - 0.0187 - - 1759423031.968938828 1759423031.987666845 0
Oct 2 16:37:12 standalone container-server[126056]: 172.20.0.100 - - [02/Oct/2025:16:37:12 +0000] "HEAD /d1/710/AUTH_fa3bc31ada1a42afa7e91de9208ec33a/gnocchi.52b08ae0-d682-4fb2-83ae-75eeb8b291bc" 404 - "HEAD http://localhost:8080/v1/AUTH_fa3bc31ada1a42afa7e91de9208ec33a/gnocchi.52b08ae0-d682-4fb2-83ae-75eeb8b291bc?format=json&states=listing" "txffcca38af1f446f3acdd5-0068deaa38" "proxy-server 21" 0.0007 "-" 14 0
Oct 2 16:37:12 standalone object-server[126277]: 172.20.0.100 - - [02/Oct/2025:16:37:12 +0000] "GET /d1/107/AUTH_fa3bc31ada1a42afa7e91de9208ec33a/gnocchi.52b08ae0-d682-4fb2-83ae-75eeb8b291bc/none_v3" 404 70 "GET http://localhost:8080/v1/AUTH_fa3bc31ada1a42afa7e91de9208ec33a/gnocchi.52b08ae0-d682-4fb2-83ae-75eeb8b291bc/none_v3" "txffcca38af1f446f3acdd5-0068deaa38" "proxy-server 21" 0.0005 "-" 22 0
Oct 2 16:37:12 standalone proxy-server[128011]: 172.18.0.2 ::1 02/Oct/2025/16/37/12 GET /v1/AUTH_fa3bc31ada1a42afa7e91de9208ec33a/gnocchi.52b08ae0-d682-4fb2-83ae-75eeb8b291bc/none_v3 HTTP/1.0 404 - python-swiftclient-3.11.1 gAAAAABo3qmJCaCZ... - 70 - txffcca38af1f446f3acdd5-0068deaa38 - 0.0144 - - 1759423032.003883839 1759423032.018256426 0
Oct 2 16:37:12 standalone account-server[126081]: 172.20.0.100 - - [02/Oct/2025:16:37:12 +0000] "PUT /d1/822/AUTH_fa3bc31ada1a42afa7e91de9208ec33a/gnocchi.52b08ae0-d682-4fb2-83ae-75eeb8b291bc" 201 - "PUT http://172.20.0.100:6001/d1/710/AUTH_fa3bc31ada1a42afa7e91de9208ec33a/gnocchi.52b08ae0-d682-4fb2-83ae-75eeb8b291bc" "tx0da076d23c9d48afaea11-0068deaa38" "container-server 14" 0.0090 "-" 21 0
Oct 2 16:37:12 standalone container-server[126056]: 172.20.0.100 - - [02/Oct/2025:16:37:12 +0000] "PUT /d1/710/AUTH_fa3bc31ada1a42afa7e91de9208ec33a/gnocchi.52b08ae0-d682-4fb2-83ae-75eeb8b291bc" 201 - "PUT http://localhost:8080/v1/AUTH_fa3bc31ada1a42afa7e91de9208ec33a/gnocchi.52b08ae0-d682-4fb2-83ae-75eeb8b291bc" "tx0da076d23c9d48afaea11-0068deaa38" "proxy-server 21" 0.0245 "-" 14 0
Oct 2 16:37:12 standalone proxy-server[128011]: 172.18.0.2 ::1 02/Oct/2025/16/37/12 PUT /v1/AUTH_fa3bc31ada1a42afa7e91de9208ec33a/gnocchi.52b08ae0-d682-4fb2-83ae-75eeb8b291bc HTTP/1.0 201 - python-swiftclient-3.11.1 gAAAAABo3qmJCaCZ... - - - tx0da076d23c9d48afaea11-0068deaa38 - 0.0292 - - 1759423032.021269798 1759423032.050437927 0
Oct 2 16:37:12 standalone container-server[126069]: 172.20.0.100 - - [02/Oct/2025:16:37:12 +0000] "HEAD /d1/710/AUTH_fa3bc31ada1a42afa7e91de9208ec33a/gnocchi.52b08ae0-d682-4fb2-83ae-75eeb8b291bc" 204 - "HEAD http://localhost:8080/v1/AUTH_fa3bc31ada1a42afa7e91de9208ec33a/gnocchi.52b08ae0-d682-4fb2-83ae-75eeb8b291bc?format=json&states=listing" "tx20ecd69a0ee844e7b08f1-0068deaa38" "proxy-server 21" 0.0024 "-" 17 0
Oct 2 16:37:12 standalone proxy-server[128011]: - - 02/Oct/2025/16/37/12 HEAD /v1/AUTH_fa3bc31ada1a42afa7e91de9208ec33a/gnocchi.52b08ae0-d682-4fb2-83ae-75eeb8b291bc%3Fformat%3Djson%26states%3Dlisting HTTP/1.0 204 - Swift - - - - tx20ecd69a0ee844e7b08f1-0068deaa38 - 0.0062 RL - 1759423032.055761814 1759423032.061992407 0
Oct 2 16:37:12 standalone container-server[126069]: 172.20.0.100 - - [02/Oct/2025:16:37:12 +0000] "GET /d1/710/AUTH_fa3bc31ada1a42afa7e91de9208ec33a/gnocchi.52b08ae0-d682-4fb2-83ae-75eeb8b291bc" 200 2 "GET http://localhost:8080/v1/AUTH_fa3bc31ada1a42afa7e91de9208ec33a/gnocchi.52b08ae0-d682-4fb2-83ae-75eeb8b291bc?format=json&states=listing" "tx20ecd69a0ee844e7b08f1-0068deaa38" "proxy-server 21" 0.0037 "-" 17 0
Oct 2 16:37:12 standalone proxy-server[128011]: 172.18.0.2 ::1 02/Oct/2025/16/37/12 GET /v1/AUTH_fa3bc31ada1a42afa7e91de9208ec33a/gnocchi.52b08ae0-d682-4fb2-83ae-75eeb8b291bc%3Fformat%3Djson%26states%3Dlisting HTTP/1.0 200 - python-swiftclient-3.11.1 gAAAAABo3qmJCaCZ... - 2 - tx20ecd69a0ee844e7b08f1-0068deaa38 - 0.0181 - - 1759423032.054458141 1759423032.072554350 0
Oct 2 16:37:12 standalone object-server[126279]: 172.20.0.100 - - [02/Oct/2025:16:37:12 +0000] "GET /d1/449/AUTH_fa3bc31ada1a42afa7e91de9208ec33a/gnocchi.52b08ae0-d682-4fb2-83ae-75eeb8b291bc/1759320000.0_mean_300.0_v3" 404 70 "GET http://localhost:8080/v1/AUTH_fa3bc31ada1a42afa7e91de9208ec33a/gnocchi.52b08ae0-d682-4fb2-83ae-75eeb8b291bc/1759320000.0_mean_300.0_v3" "txee7d0affe3964f7f95957-0068deaa38" "proxy-server 21" 0.0004 "-" 24 0
Oct 2 16:37:12 standalone proxy-server[128011]: 172.18.0.2 ::1 02/Oct/2025/16/37/12 GET /v1/AUTH_fa3bc31ada1a42afa7e91de9208ec33a/gnocchi.52b08ae0-d682-4fb2-83ae-75eeb8b291bc/1759320000.0_mean_300.0_v3 HTTP/1.0 404 - python-swiftclient-3.11.1 gAAAAABo3qmJCaCZ... - 70 - txee7d0affe3964f7f95957-0068deaa38 - 0.0060 - - 1759423032.076421738 1759423032.082463980 0
Oct 2 16:37:12 standalone container-server[126069]: 172.20.0.100 - - [02/Oct/2025:16:37:12 +0000] "PUT /d1/710/AUTH_fa3bc31ada1a42afa7e91de9208ec33a/gnocchi.52b08ae0-d682-4fb2-83ae-75eeb8b291bc/1759320000.0_mean_300.0_v3" 201 - "PUT http://localhost:8080/d1/449/AUTH_fa3bc31ada1a42afa7e91de9208ec33a/gnocchi.52b08ae0-d682-4fb2-83ae-75eeb8b291bc/1759320000.0_mean_300.0_v3" "txfa1c124cf470487bb3d95-0068deaa38" "object-server 22" 0.0009 "-" 17 0
Oct 2 16:37:12 standalone object-server[126277]: 172.20.0.100 - - [02/Oct/2025:16:37:12 +0000] "PUT /d1/449/AUTH_fa3bc31ada1a42afa7e91de9208ec33a/gnocchi.52b08ae0-d682-4fb2-83ae-75eeb8b291bc/1759320000.0_mean_300.0_v3" 201 - "PUT http://localhost:8080/v1/AUTH_fa3bc31ada1a42afa7e91de9208ec33a/gnocchi.52b08ae0-d682-4fb2-83ae-75eeb8b291bc/1759320000.0_mean_300.0_v3" "txfa1c124cf470487bb3d95-0068deaa38" "proxy-server 21" 0.0109 "-" 22 0
Oct 2 16:37:12 standalone proxy-server[128011]: 172.18.0.2 ::1 02/Oct/2025/16/37/12 PUT /v1/AUTH_fa3bc31ada1a42afa7e91de9208ec33a/gnocchi.52b08ae0-d682-4fb2-83ae-75eeb8b291bc/1759320000.0_mean_300.0_v3 HTTP/1.0 201 - python-swiftclient-3.11.1 gAAAAABo3qmJCaCZ... 16 - - txfa1c124cf470487bb3d95-0068deaa38 - 0.0177 - - 1759423032.085615396 1759423032.103279352 0
Oct 2 16:37:12 standalone container-server[126056]: 172.20.0.100 - - [02/Oct/2025:16:37:12 +0000] "PUT /d1/710/AUTH_fa3bc31ada1a42afa7e91de9208ec33a/gnocchi.52b08ae0-d682-4fb2-83ae-75eeb8b291bc/none_v3" 201 - "PUT http://localhost:8080/d1/107/AUTH_fa3bc31ada1a42afa7e91de9208ec33a/gnocchi.52b08ae0-d682-4fb2-83ae-75eeb8b291bc/none_v3" "txd80c3ffe099345c7b6428-0068deaa38" "object-server 25" 0.0009 "-" 14 0
Oct 2 16:37:12 standalone object-server[126281]: 172.20.0.100 - - [02/Oct/2025:16:37:12 +0000] "PUT /d1/107/AUTH_fa3bc31ada1a42afa7e91de9208ec33a/gnocchi.52b08ae0-d682-4fb2-83ae-75eeb8b291bc/none_v3" 201 - "PUT http://localhost:8080/v1/AUTH_fa3bc31ada1a42afa7e91de9208ec33a/gnocchi.52b08ae0-d682-4fb2-83ae-75eeb8b291bc/none_v3" "txd80c3ffe099345c7b6428-0068deaa38" "proxy-server 21" 0.0114 "-" 25 0
Oct 2 16:37:12 standalone proxy-server[128011]: 172.18.0.2 ::1 02/Oct/2025/16/37/12 PUT /v1/AUTH_fa3bc31ada1a42afa7e91de9208ec33a/gnocchi.52b08ae0-d682-4fb2-83ae-75eeb8b291bc/none_v3 HTTP/1.0 201 - python-swiftclient-3.11.1 gAAAAABo3qmJCaCZ... 22 - - txd80c3ffe099345c7b6428-0068deaa38 - 0.0173 - - 1759423032.106327772 1759423032.123612642 0
Oct 2 16:37:12 standalone container-server[126069]: 172.20.0.100 - - [02/Oct/2025:16:37:12 +0000] "HEAD /d1/762/AUTH_fa3bc31ada1a42afa7e91de9208ec33a/gnocchi.ff475c09-88ea-4248-85c1-c3b5ec25bc76" 404 - "HEAD http://localhost:8080/v1/AUTH_fa3bc31ada1a42afa7e91de9208ec33a/gnocchi.ff475c09-88ea-4248-85c1-c3b5ec25bc76?format=json&states=listing" "tx7fbf919ec6144b1f8b632-0068deaa38" "proxy-server 21" 0.0005 "-" 17 0
Oct 2 16:37:12 standalone object-server[126277]: 172.20.0.100 - - [02/Oct/2025:16:37:12 +0000] "GET /d1/257/AUTH_fa3bc31ada1a42afa7e91de9208ec33a/gnocchi.ff475c09-88ea-4248-85c1-c3b5ec25bc76/none_v3" 404 70 "GET http://localhost:8080/v1/AUTH_fa3bc31ada1a42afa7e91de9208ec33a/gnocchi.ff475c09-88ea-4248-85c1-c3b5ec25bc76/none_v3" "tx7fbf919ec6144b1f8b632-0068deaa38" "proxy-server 21" 0.0004 "-" 22 0
Oct 2 16:37:12 standalone proxy-server[128011]: 172.18.0.2 ::1 02/Oct/2025/16/37/12 GET /v1/AUTH_fa3bc31ada1a42afa7e91de9208ec33a/gnocchi.ff475c09-88ea-4248-85c1-c3b5ec25bc76/none_v3 HTTP/1.0 404 - python-swiftclient-3.11.1 gAAAAABo3qmJCaCZ... - 70 - tx7fbf919ec6144b1f8b632-0068deaa38 - 0.0094 - - 1759423032.135659456 1759423032.145043373 0
Oct 2 16:37:12 standalone account-server[126088]: 172.20.0.100 - - [02/Oct/2025:16:37:12 +0000] "PUT /d1/822/AUTH_fa3bc31ada1a42afa7e91de9208ec33a/gnocchi.ff475c09-88ea-4248-85c1-c3b5ec25bc76" 201 - "PUT http://172.20.0.100:6001/d1/762/AUTH_fa3bc31ada1a42afa7e91de9208ec33a/gnocchi.ff475c09-88ea-4248-85c1-c3b5ec25bc76" "tx50d6a5f52c3b49dd838d1-0068deaa38" "container-server 15" 0.0052 "-" 22 0
Oct 2 16:37:12 standalone container-server[126059]: 172.20.0.100 - - [02/Oct/2025:16:37:12 +0000] "PUT /d1/762/AUTH_fa3bc31ada1a42afa7e91de9208ec33a/gnocchi.ff475c09-88ea-4248-85c1-c3b5ec25bc76" 201 - "PUT http://localhost:8080/v1/AUTH_fa3bc31ada1a42afa7e91de9208ec33a/gnocchi.ff475c09-88ea-4248-85c1-c3b5ec25bc76" "tx50d6a5f52c3b49dd838d1-0068deaa38" "proxy-server 21" 0.0159 "-" 15 0
Oct 2 16:37:12 standalone proxy-server[128011]: 172.18.0.2 ::1 02/Oct/2025/16/37/12 PUT /v1/AUTH_fa3bc31ada1a42afa7e91de9208ec33a/gnocchi.ff475c09-88ea-4248-85c1-c3b5ec25bc76 HTTP/1.0 201 - python-swiftclient-3.11.1 gAAAAABo3qmJCaCZ... - - - tx50d6a5f52c3b49dd838d1-0068deaa38 - 0.0218 - - 1759423032.148131847 1759423032.169966221 0
Oct 2 16:37:12 standalone container-server[126069]: 172.20.0.100 - - [02/Oct/2025:16:37:12 +0000] "HEAD /d1/762/AUTH_fa3bc31ada1a42afa7e91de9208ec33a/gnocchi.ff475c09-88ea-4248-85c1-c3b5ec25bc76" 204 - "HEAD http://localhost:8080/v1/AUTH_fa3bc31ada1a42afa7e91de9208ec33a/gnocchi.ff475c09-88ea-4248-85c1-c3b5ec25bc76?format=json&states=listing" "txd9d950bcc2784a4e84e9a-0068deaa38" "proxy-server 21" 0.0022 "-" 17 0
Oct 2 16:37:12 standalone proxy-server[128011]: - - 02/Oct/2025/16/37/12 HEAD /v1/AUTH_fa3bc31ada1a42afa7e91de9208ec33a/gnocchi.ff475c09-88ea-4248-85c1-c3b5ec25bc76%3Fformat%3Djson%26states%3Dlisting HTTP/1.0 204 - Swift - - - - txd9d950bcc2784a4e84e9a-0068deaa38 - 0.0070 RL - 1759423032.176894903 1759423032.183887720 0
Oct 2 16:37:12 standalone container-server[126059]: 172.20.0.100 - - [02/Oct/2025:16:37:12 +0000] "GET /d1/762/AUTH_fa3bc31ada1a42afa7e91de9208ec33a/gnocchi.ff475c09-88ea-4248-85c1-c3b5ec25bc76" 200 2 "GET http://localhost:8080/v1/AUTH_fa3bc31ada1a42afa7e91de9208ec33a/gnocchi.ff475c09-88ea-4248-85c1-c3b5ec25bc76?format=json&states=listing" "txd9d950bcc2784a4e84e9a-0068deaa38" "proxy-server 21" 0.0020 "-" 15 0
Oct 2 16:37:12 standalone proxy-server[128011]: 172.18.0.2 ::1 02/Oct/2025/16/37/12 GET /v1/AUTH_fa3bc31ada1a42afa7e91de9208ec33a/gnocchi.ff475c09-88ea-4248-85c1-c3b5ec25bc76%3Fformat%3Djson%26states%3Dlisting HTTP/1.0 200 - python-swiftclient-3.11.1 gAAAAABo3qmJCaCZ... - 2 - txd9d950bcc2784a4e84e9a-0068deaa38 - 0.0228 - - 1759423032.174815893 1759423032.197600365 0
