Oct 2 16:22:13 standalone account-server[125514]: Starting 2
Oct 2 16:22:13 standalone container-server[125753]: Starting 2
Oct 2 16:22:13 standalone container-server[125747]: Option allow_versions is deprecated. Configure the versioned_writes middleware in the proxy-server instead. This option will be ignored in a future release.
Oct 2 16:22:13 standalone container-server[126056]: Option allow_versions is deprecated. Configure the versioned_writes middleware in the proxy-server instead. This option will be ignored in a future release.
Oct 2 16:22:13 standalone container-server[125747]: Started child 14 from parent 2
Oct 2 16:22:13 standalone container-server[126059]: Option allow_versions is deprecated. Configure the versioned_writes middleware in the proxy-server instead. This option will be ignored in a future release.
Oct 2 16:22:13 standalone container-server[125747]: Started child 15 from parent 2
Oct 2 16:22:14 standalone container-server[126062]: Option allow_versions is deprecated. Configure the versioned_writes middleware in the proxy-server instead. This option will be ignored in a future release.
Oct 2 16:22:14 standalone container-server[125747]: Started child 16 from parent 2
Oct 2 16:22:14 standalone container-server[126069]: Option allow_versions is deprecated. Configure the versioned_writes middleware in the proxy-server instead. This option will be ignored in a future release.
Oct 2 16:22:14 standalone container-server[125747]: Started child 17 from parent 2
Oct 2 16:22:14 standalone account-server[125746]: Started child 20 from parent 2
Oct 2 16:22:14 standalone account-server[125746]: Started child 21 from parent 2
Oct 2 16:22:14 standalone account-server[125746]: Started child 22 from parent 2
Oct 2 16:22:14 standalone account-server[125746]: Started child 23 from parent 2
Oct 2 16:22:14 standalone object-expirer[125916]: Starting 2
Oct 2 16:22:14 standalone object-expirer[125916]: Option auto_create_account_prefix is deprecated. Configure auto_create_account_prefix under the swift-constraints section of swift.conf. This option will be ignored in a future release.
Oct 2 16:22:14 standalone object-server[126135]: Starting 2
Oct 2 16:22:15 standalone object-server[126153]: Started child 22 from parent 2
Oct 2 16:22:15 standalone object-server[126153]: Started child 23 from parent 2
Oct 2 16:22:15 standalone object-server[126153]: Started child 24 from parent 2
Oct 2 16:22:15 standalone object-server[126153]: Started child 25 from parent 2
Oct 2 16:22:17 standalone account-server[126088]: 172.20.0.100 - - [02/Oct/2025:16:22:17 +0000] "HEAD /d1/720/.expiring_objects" 404 - "HEAD http://localhost/v1/.expiring_objects?format=json" "txf3dbf904fc504be39f94a-0068dea6b9" "proxy-server 2" 0.0011 "-" 22 -
Oct 2 16:22:17 standalone object-expirer[125916]: Pass completed in 0s; 0 objects expired (txn: txf3dbf904fc504be39f94a-0068dea6b9)
Oct 2 16:22:21 standalone proxy-server[127836]: Starting Keystone auth_token middleware
Oct 2 16:22:21 standalone proxy-server[127836]: AuthToken middleware is set with keystone_authtoken.service_token_roles_required set to False. This is backwards compatible but deprecated behaviour. Please set this to True.
Oct 2 16:22:21 standalone proxy-server[128011]: Starting Keystone auth_token middleware
Oct 2 16:22:21 standalone proxy-server[128011]: STDERR: The option "bind_port" is not known to keystonemiddleware
Oct 2 16:22:21 standalone proxy-server[128011]: STDERR: The option "workers" is not known to keystonemiddleware
Oct 2 16:22:21 standalone proxy-server[128011]: STDERR: The option "user" is not known to keystonemiddleware
Oct 2 16:22:21 standalone proxy-server[128011]: STDERR: The option "bind_ip" is not known to keystonemiddleware
Oct 2 16:22:21 standalone proxy-server[128011]: STDERR: The option "log_name" is not known to keystonemiddleware
Oct 2 16:22:21 standalone proxy-server[128011]: STDERR: The option "log_facility" is not known to keystonemiddleware
Oct 2 16:22:21 standalone proxy-server[128011]: STDERR: The option "log_level" is not known to keystonemiddleware
Oct 2 16:22:21 standalone proxy-server[128011]: STDERR: The option "log_headers" is not known to keystonemiddleware
Oct 2 16:22:21 standalone proxy-server[128011]: STDERR: The option "log_address" is not known to keystonemiddleware
Oct 2 16:22:21 standalone proxy-server[128011]: STDERR: The option "project_name" is not known to keystonemiddleware
Oct 2 16:22:21 standalone proxy-server[128011]: STDERR: The option "username" is not known to keystonemiddleware
Oct 2 16:22:21 standalone proxy-server[128011]: STDERR: The option "password" is not known to keystonemiddleware
Oct 2 16:22:21 standalone proxy-server[128011]: STDERR: The option "auth_url" is not known to keystonemiddleware
Oct 2 16:22:21 standalone proxy-server[128011]: STDERR: The option "signing_dir" is not known to keystonemiddleware
Oct 2 16:22:21 standalone proxy-server[128011]: STDERR: The option "project_domain_id" is not known to keystonemiddleware
Oct 2 16:22:21 standalone proxy-server[128011]: STDERR: The option "user_domain_id" is not known to keystonemiddleware
Oct 2 16:22:21 standalone proxy-server[128011]: STDERR: The option "__name__" is not known to keystonemiddleware
Oct 2 16:22:21 standalone proxy-server[128011]: AuthToken middleware is set with keystone_authtoken.service_token_roles_required set to False. This is backwards compatible but deprecated behaviour. Please set this to True.
Oct 2 16:22:21 standalone proxy-server[127836]: Started child 21 from parent 2
Oct 2 16:24:02 standalone container-server[125753]: Begin container update sweep
Oct 2 16:24:02 standalone container-server[125753]: Container update sweep completed: 0.00s
Oct 2 16:25:08 standalone account-server[126081]: 172.20.0.100 - - [02/Oct/2025:16:25:08 +0000] "HEAD /d1/720/.expiring_objects" 404 - "HEAD http://localhost/v1/.expiring_objects?format=json" "txb13cf4c52f4e4d9bb6f3d-0068dea764" "proxy-server 2" 0.0010 "-" 21 -
Oct 2 16:25:08 standalone object-expirer[125916]: Pass completed in 0s; 0 objects expired (txn: txb13cf4c52f4e4d9bb6f3d-0068dea764)
Oct 2 16:26:49 standalone object-server[126135]: Begin object update sweep
Oct 2 16:26:49 standalone object-server[157757]: Object update sweep starting on /srv/node/d1 (pid: 12)
Oct 2 16:26:49 standalone object-server[157757]: Object update sweep completed on /srv/node/d1 in 0.00s seconds:, 0 successes, 0 failures, 0 quarantines, 0 unlinks, 0 errors, 0 redirects (pid: 12)
Oct 2 16:26:49 standalone object-server[157757]: Object update sweep of d1 completed: 0.00s, 0 successes, 0 failures, 0 quarantines, 0 unlinks, 0 errors, 0 redirects
Oct 2 16:26:49 standalone object-server[126135]: Object update sweep completed: 0.09s
Oct 2 16:28:06 standalone account-server[126088]: 172.20.0.100 - - [02/Oct/2025:16:28:06 +0000] "HEAD /d1/720/.expiring_objects" 404 - "HEAD http://localhost/v1/.expiring_objects?format=json" "txbc797d6977014609af455-0068dea816" "proxy-server 2" 0.0010 "-" 22 -
Oct 2 16:28:06 standalone object-expirer[125916]: Pass completed in 0s; 0 objects expired (txn: txbc797d6977014609af455-0068dea816)
Oct 2 16:29:02 standalone container-server[125753]: Begin container update sweep
Oct 2 16:29:02 standalone container-server[125753]: Container update sweep completed: 0.00s
Oct 2 16:29:09 standalone account-server[126079]: 172.20.0.100 - - [02/Oct/2025:16:29:09 +0000] "HEAD /d1/822/AUTH_fa3bc31ada1a42afa7e91de9208ec33a" 404 - "HEAD http://localhost:8080/v1/AUTH_fa3bc31ada1a42afa7e91de9208ec33a?format=json" "tx91c835c722294b49b7ea7-0068dea855" "proxy-server 21" 0.0020 "-" 20 -
Oct 2 16:29:09 standalone proxy-server[128011]: - - 02/Oct/2025/16/29/09 HEAD /v1/AUTH_fa3bc31ada1a42afa7e91de9208ec33a%3Fformat%3Djson HTTP/1.0 200 - Swift - - - - tx91c835c722294b49b7ea7-0068dea855 - 0.0136 RL - 1759422549.503960133 1759422549.517551899 -
Oct 2 16:29:09 standalone proxy-server[128011]: 172.18.0.2 ::1 02/Oct/2025/16/29/09 HEAD /v1/AUTH_fa3bc31ada1a42afa7e91de9208ec33a/glance%3Fformat%3Djson HTTP/1.0 404 - python-swiftclient-3.11.1 gAAAAABo3qhVy0h1... - - - tx91c835c722294b49b7ea7-0068dea855 - 0.4998 - - 1759422549.491678238 1759422549.991436481 -
Oct 2 16:29:10 standalone account-server[126088]: 172.20.0.100 - - [02/Oct/2025:16:29:10 +0000] "PUT /d1/822/AUTH_fa3bc31ada1a42afa7e91de9208ec33a" 201 - "-" "txce45f51b4c85429882b98-0068dea856" "-" 0.0207 "-" 22 -
Oct 2 16:29:10 standalone proxy-server[128011]: autocreate account '/AUTH_fa3bc31ada1a42afa7e91de9208ec33a' (txn: txce45f51b4c85429882b98-0068dea856)
Oct 2 16:29:10 standalone account-server[126088]: 172.20.0.100 - - [02/Oct/2025:16:29:10 +0000] "HEAD /d1/822/AUTH_fa3bc31ada1a42afa7e91de9208ec33a" 204 - "HEAD http://localhost:8080/v1/AUTH_fa3bc31ada1a42afa7e91de9208ec33a?format=json" "txce45f51b4c85429882b98-0068dea856" "proxy-server 21" 0.0020 "-" 22 -
Oct 2 16:29:10 standalone account-server[126090]: 172.20.0.100 - - [02/Oct/2025:16:29:10 +0000] "PUT /d1/822/AUTH_fa3bc31ada1a42afa7e91de9208ec33a/glance" 201 - "PUT http://172.20.0.100:6001/d1/367/AUTH_fa3bc31ada1a42afa7e91de9208ec33a/glance" "txce45f51b4c85429882b98-0068dea856" "container-server 14" 0.0033 "-" 23 0
Oct 2 16:29:10 standalone container-server[126056]: 172.20.0.100 - - [02/Oct/2025:16:29:10 +0000] "PUT /d1/367/AUTH_fa3bc31ada1a42afa7e91de9208ec33a/glance" 201 - "PUT http://localhost:8080/v1/AUTH_fa3bc31ada1a42afa7e91de9208ec33a/glance" "txce45f51b4c85429882b98-0068dea856" "proxy-server 21" 0.0158 "-" 14 0
Oct 2 16:29:10 standalone proxy-server[128011]: 172.18.0.2 ::1 02/Oct/2025/16/29/10 PUT /v1/AUTH_fa3bc31ada1a42afa7e91de9208ec33a/glance HTTP/1.0 201 - python-swiftclient-3.11.1 gAAAAABo3qhVy0h1... - - - txce45f51b4c85429882b98-0068dea856 - 0.0674 - - 1759422550.000804663 1759422550.068203211 0
Oct 2 16:29:10 standalone container-server[126062]: 172.20.0.100 - - [02/Oct/2025:16:29:10 +0000] "HEAD /d1/367/AUTH_fa3bc31ada1a42afa7e91de9208ec33a/glance" 204 - "HEAD http://localhost:8080/v1/AUTH_fa3bc31ada1a42afa7e91de9208ec33a/glance?format=json&states=listing" "tx84b69995cd684c48af835-0068dea856" "proxy-server 21" 0.0040 "-" 16 0
Oct 2 16:29:10 standalone proxy-server[128011]: - - 02/Oct/2025/16/29/10 HEAD /v1/AUTH_fa3bc31ada1a42afa7e91de9208ec33a/glance%3Fformat%3Djson%26states%3Dlisting HTTP/1.0 204 - Swift - - - - tx84b69995cd684c48af835-0068dea856 - 0.0128 RL - 1759422550.081466675 1759422550.094266415 0
Oct 2 16:29:27 standalone container-server[126059]: 172.20.0.100 - - [02/Oct/2025:16:29:27 +0000] "PUT /d1/367/AUTH_fa3bc31ada1a42afa7e91de9208ec33a/glance/77503ee2-5ab5-4a10-ba4f-f7928c921b0b" 201 - "PUT http://localhost:8080/d1/946/AUTH_fa3bc31ada1a42afa7e91de9208ec33a/glance/77503ee2-5ab5-4a10-ba4f-f7928c921b0b" "tx84b69995cd684c48af835-0068dea856" "object-server 22" 0.0020 "-" 15 0
Oct 2 16:29:27 standalone object-server[126277]: 172.20.0.100 - - [02/Oct/2025:16:29:27 +0000] "PUT /d1/946/AUTH_fa3bc31ada1a42afa7e91de9208ec33a/glance/77503ee2-5ab5-4a10-ba4f-f7928c921b0b" 201 - "PUT http://localhost:8080/v1/AUTH_fa3bc31ada1a42afa7e91de9208ec33a/glance/77503ee2-5ab5-4a10-ba4f-f7928c921b0b" "tx84b69995cd684c48af835-0068dea856" "proxy-server 21" 17.3167 "-" 22 0
Oct 2 16:29:27 standalone proxy-server[128011]: 172.18.0.2 ::1 02/Oct/2025/16/29/27 PUT /v1/AUTH_fa3bc31ada1a42afa7e91de9208ec33a/glance/77503ee2-5ab5-4a10-ba4f-f7928c921b0b HTTP/1.0 201 - python-swiftclient-3.11.1 gAAAAABo3qhVy0h1... 1445986304 - - tx84b69995cd684c48af835-0068dea856 - 17.3452 - - 1759422550.075950623 1759422567.421116352 0
Oct 2 16:31:49 standalone object-server[126135]: Begin object update sweep
Oct 2 16:31:49 standalone object-server[197723]: Object update sweep starting on /srv/node/d1 (pid: 13)
Oct 2 16:31:49 standalone object-server[197723]: Object update sweep completed on /srv/node/d1 in 0.00s seconds:, 0 successes, 0 failures, 0 quarantines, 0 unlinks, 0 errors, 0 redirects (pid: 13)
Oct 2 16:31:49 standalone object-server[197723]: Object update sweep of d1 completed: 0.00s, 0 successes, 0 failures, 0 quarantines, 0 unlinks, 0 errors, 0 redirects
Oct 2 16:31:49 standalone object-server[126135]: Object update sweep completed: 0.09s
Oct 2 16:32:46 standalone account-server[126079]: 172.20.0.100 - - [02/Oct/2025:16:32:46 +0000] "HEAD /d1/720/.expiring_objects" 404 - "HEAD http://localhost/v1/.expiring_objects?format=json" "tx38d6af35f9d34ff584f9d-0068dea92e" "proxy-server 2" 0.0008 "-" 20 -
Oct 2 16:32:46 standalone object-expirer[125916]: Pass completed in 0s; 0 objects expired (txn: tx38d6af35f9d34ff584f9d-0068dea92e)
Oct 2 16:34:02 standalone container-server[125753]: Begin container update sweep
Oct 2 16:34:02 standalone account-server[126088]: 172.20.0.100 - - [02/Oct/2025:16:34:02 +0000] "PUT /d1/822/AUTH_fa3bc31ada1a42afa7e91de9208ec33a/glance" 201 - "-" "-" "container-updater 2" 0.0011 "-" 22 0
Oct 2 16:34:02 standalone container-server[125753]: Container update sweep completed: 0.12s
Oct 2 16:34:13 standalone account-server[126090]: 172.20.0.100 - - [02/Oct/2025:16:34:13 +0000] "HEAD /d1/822/AUTH_fa3bc31ada1a42afa7e91de9208ec33a" 204 - "HEAD http://localhost:8080/v1/AUTH_fa3bc31ada1a42afa7e91de9208ec33a?format=json" "txbb4afa912d234dec86b31-0068dea985" "proxy-server 21" 0.0076 "-" 23 -
Oct 2 16:34:13 standalone proxy-server[128011]: - - 02/Oct/2025/16/34/13 HEAD /v1/AUTH_fa3bc31ada1a42afa7e91de9208ec33a%3Fformat%3Djson HTTP/1.0 204 - Swift - - - - txbb4afa912d234dec86b31-0068dea985 - 0.0141 RL - 1759422853.576041937 1759422853.590176821 -
Oct 2 16:34:13 standalone container-server[126062]: 172.20.0.100 - - [02/Oct/2025:16:34:13 +0000] "HEAD /d1/367/AUTH_fa3bc31ada1a42afa7e91de9208ec33a/glance" 204 - "HEAD http://localhost:8080/v1/AUTH_fa3bc31ada1a42afa7e91de9208ec33a/glance?format=json&states=listing" "txbb4afa912d234dec86b31-0068dea985" "proxy-server 21" 0.0024 "-" 16 0
Oct 2 16:34:13 standalone proxy-server[128011]: 172.18.0.2 ::1 02/Oct/2025/16/34/13 HEAD /v1/AUTH_fa3bc31ada1a42afa7e91de9208ec33a/glance%3Fformat%3Djson%26states%3Dlisting HTTP/1.0 204 - python-swiftclient-3.11.1 gAAAAABo3qmFcLk5... - - - txbb4afa912d234dec86b31-0068dea985 - 0.1229 - - 1759422853.574585676 1759422853.697452545 0
Oct 2 16:34:16 standalone container-server[126069]: 172.20.0.100 - - [02/Oct/2025:16:34:16 +0000] "PUT /d1/367/AUTH_fa3bc31ada1a42afa7e91de9208ec33a/glance/a715e4f1-e57b-4e19-b4ac-cb65b1cc2fe6-00001" 201 - "PUT http://localhost:8080/d1/44/AUTH_fa3bc31ada1a42afa7e91de9208ec33a/glance/a715e4f1-e57b-4e19-b4ac-cb65b1cc2fe6-00001" "tx151f90c6936f4cc99a263-0068dea985" "object-server 23" 0.0012 "-" 17 0
Oct 2 16:34:16 standalone object-server[126278]: 172.20.0.100 - - [02/Oct/2025:16:34:16 +0000] "PUT /d1/44/AUTH_fa3bc31ada1a42afa7e91de9208ec33a/glance/a715e4f1-e57b-4e19-b4ac-cb65b1cc2fe6-00001" 201 - "PUT http://localhost:8080/v1/AUTH_fa3bc31ada1a42afa7e91de9208ec33a/glance/a715e4f1-e57b-4e19-b4ac-cb65b1cc2fe6-00001" "tx151f90c6936f4cc99a263-0068dea985" "proxy-server 21" 3.1611 "-" 23 0
Oct 2 16:34:16 standalone proxy-server[128011]: 172.18.0.2 ::1 02/Oct/2025/16/34/16 PUT /v1/AUTH_fa3bc31ada1a42afa7e91de9208ec33a/glance/a715e4f1-e57b-4e19-b4ac-cb65b1cc2fe6-00001 HTTP/1.0 201 - python-swiftclient-3.11.1 gAAAAABo3qmFcLk5... 21692416 - - tx151f90c6936f4cc99a263-0068dea985 - 3.1698 - - 1759422853.714119911 1759422856.883876085 0
Oct 2 16:34:16 standalone container-server[126059]: 172.20.0.100 - - [02/Oct/2025:16:34:16 +0000] "PUT /d1/367/AUTH_fa3bc31ada1a42afa7e91de9208ec33a/glance/a715e4f1-e57b-4e19-b4ac-cb65b1cc2fe6" 201 - "PUT http://localhost:8080/d1/248/AUTH_fa3bc31ada1a42afa7e91de9208ec33a/glance/a715e4f1-e57b-4e19-b4ac-cb65b1cc2fe6" "tx3b43babf2a7a4e46b8aaf-0068dea988" "object-server 23" 0.0010 "-" 15 0
Oct 2 16:34:16 standalone object-server[126278]: 172.20.0.100 - - [02/Oct/2025:16:34:16 +0000] "PUT /d1/248/AUTH_fa3bc31ada1a42afa7e91de9208ec33a/glance/a715e4f1-e57b-4e19-b4ac-cb65b1cc2fe6" 201 - "PUT http://localhost:8080/v1/AUTH_fa3bc31ada1a42afa7e91de9208ec33a/glance/a715e4f1-e57b-4e19-b4ac-cb65b1cc2fe6" "tx3b43babf2a7a4e46b8aaf-0068dea988" "proxy-server 21" 0.0126 "-" 23 0
Oct 2 16:34:16 standalone proxy-server[128011]: 172.18.0.2 ::1 02/Oct/2025/16/34/16 PUT /v1/AUTH_fa3bc31ada1a42afa7e91de9208ec33a/glance/a715e4f1-e57b-4e19-b4ac-cb65b1cc2fe6 HTTP/1.0 201 - python-swiftclient-3.11.1 gAAAAABo3qmFcLk5... - - - tx3b43babf2a7a4e46b8aaf-0068dea988 - 0.0225 - - 1759422856.894170761 1759422856.916652203 0
Oct 2 16:34:17 standalone container-server[126056]: 172.20.0.100 - - [02/Oct/2025:16:34:17 +0000] "HEAD /d1/225/AUTH_fa3bc31ada1a42afa7e91de9208ec33a/gnocchi.949fee07-12ec-482e-a411-a2b6b7f8933a" 404 - "HEAD http://localhost:8080/v1/AUTH_fa3bc31ada1a42afa7e91de9208ec33a/gnocchi.949fee07-12ec-482e-a411-a2b6b7f8933a?format=json&states=listing" "tx03da3544890840d29f17c-0068dea989" "proxy-server 21" 0.0017 "-" 14 0
Oct 2 16:34:17 standalone object-server[126279]: 172.20.0.100 - - [02/Oct/2025:16:34:17 +0000] "GET /d1/141/AUTH_fa3bc31ada1a42afa7e91de9208ec33a/gnocchi.949fee07-12ec-482e-a411-a2b6b7f8933a/none_v3" 404 70 "GET http://localhost:8080/v1/AUTH_fa3bc31ada1a42afa7e91de9208ec33a/gnocchi.949fee07-12ec-482e-a411-a2b6b7f8933a/none_v3" "tx03da3544890840d29f17c-0068dea989" "proxy-server 21" 0.0016 "-" 24 0
Oct 2 16:34:17 standalone proxy-server[128011]: 172.18.0.2 ::1 02/Oct/2025/16/34/17 GET /v1/AUTH_fa3bc31ada1a42afa7e91de9208ec33a/gnocchi.949fee07-12ec-482e-a411-a2b6b7f8933a/none_v3 HTTP/1.0 404 - python-swiftclient-3.11.1 gAAAAABo3qmJCaCZ... - 70 - tx03da3544890840d29f17c-0068dea989 - 0.0589 - - 1759422857.616173267 1759422857.675116301 0
Oct 2 16:34:17 standalone account-server[126081]: 172.20.0.100 - - [02/Oct/2025:16:34:17 +0000] "PUT /d1/822/AUTH_fa3bc31ada1a42afa7e91de9208ec33a/gnocchi.949fee07-12ec-482e-a411-a2b6b7f8933a" 201 - "PUT http://172.20.0.100:6001/d1/225/AUTH_fa3bc31ada1a42afa7e91de9208ec33a/gnocchi.949fee07-12ec-482e-a411-a2b6b7f8933a" "txf6e83a676a3b4b968e9aa-0068dea989" "container-server 15" 0.0020 "-" 21 0
Oct 2 16:34:17 standalone container-server[126059]: 172.20.0.100 - - [02/Oct/2025:16:34:17 +0000] "PUT /d1/225/AUTH_fa3bc31ada1a42afa7e91de9208ec33a/gnocchi.949fee07-12ec-482e-a411-a2b6b7f8933a" 201 - "PUT http://localhost:8080/v1/AUTH_fa3bc31ada1a42afa7e91de9208ec33a/gnocchi.949fee07-12ec-482e-a411-a2b6b7f8933a" "txf6e83a676a3b4b968e9aa-0068dea989" "proxy-server 21" 0.0173 "-" 15 0
Oct 2 16:34:17 standalone proxy-server[128011]: 172.18.0.2 ::1 02/Oct/2025/16/34/17 PUT /v1/AUTH_fa3bc31ada1a42afa7e91de9208ec33a/gnocchi.949fee07-12ec-482e-a411-a2b6b7f8933a HTTP/1.0 201 - python-swiftclient-3.11.1 gAAAAABo3qmJCaCZ... - - - txf6e83a676a3b4b968e9aa-0068dea989 - 0.0248 - - 1759422857.679429770 1759422857.704188108 0
Oct 2 16:34:17 standalone container-server[126069]: 172.20.0.100 - - [02/Oct/2025:16:34:17 +0000] "HEAD /d1/225/AUTH_fa3bc31ada1a42afa7e91de9208ec33a/gnocchi.949fee07-12ec-482e-a411-a2b6b7f8933a" 204 - "HEAD http://localhost:8080/v1/AUTH_fa3bc31ada1a42afa7e91de9208ec33a/gnocchi.949fee07-12ec-482e-a411-a2b6b7f8933a?format=json&states=listing" "txbd0c86ef4be542ff9e6c2-0068dea989" "proxy-server 21" 0.0023 "-" 17 0
Oct 2 16:34:17 standalone proxy-server[128011]: - - 02/Oct/2025/16/34/17 HEAD /v1/AUTH_fa3bc31ada1a42afa7e91de9208ec33a/gnocchi.949fee07-12ec-482e-a411-a2b6b7f8933a%3Fformat%3Djson%26states%3Dlisting HTTP/1.0 204 - Swift - - - - txbd0c86ef4be542ff9e6c2-0068dea989 - 0.0074 RL - 1759422857.716122389 1759422857.723553181 0
Oct 2 16:34:17 standalone container-server[126056]: 172.20.0.100 - - [02/Oct/2025:16:34:17 +0000] "GET /d1/225/AUTH_fa3bc31ada1a42afa7e91de9208ec33a/gnocchi.949fee07-12ec-482e-a411-a2b6b7f8933a" 200 2 "GET http://localhost:8080/v1/AUTH_fa3bc31ada1a42afa7e91de9208ec33a/gnocchi.949fee07-12ec-482e-a411-a2b6b7f8933a?format=json&states=listing" "txbd0c86ef4be542ff9e6c2-0068dea989" "proxy-server 21" 0.0045 "-" 14 0
Oct 2 16:34:17 standalone proxy-server[128011]: 172.18.0.2 ::1 02/Oct/2025/16/34/17 GET /v1/AUTH_fa3bc31ada1a42afa7e91de9208ec33a/gnocchi.949fee07-12ec-482e-a411-a2b6b7f8933a%3Fformat%3Djson%26states%3Dlisting HTTP/1.0 200 - python-swiftclient-3.11.1 gAAAAABo3qmJCaCZ... - 2 - txbd0c86ef4be542ff9e6c2-0068dea989 - 0.0253 - - 1759422857.714417458 1759422857.739750862 0
Oct 2 16:34:17 standalone object-server[126278]: 172.20.0.100 - - [02/Oct/2025:16:34:17 +0000] "GET /d1/1013/AUTH_fa3bc31ada1a42afa7e91de9208ec33a/gnocchi.949fee07-12ec-482e-a411-a2b6b7f8933a/1759320000.0_mean_300.0_v3" 404 70 "GET http://localhost:8080/v1/AUTH_fa3bc31ada1a42afa7e91de9208ec33a/gnocchi.949fee07-12ec-482e-a411-a2b6b7f8933a/1759320000.0_mean_300.0_v3" "tx8bfd71ce0e3649c5baea0-0068dea989" "proxy-server 21" 0.0004 "-" 23 0
Oct 2 16:34:17 standalone proxy-server[128011]: 172.18.0.2 ::1 02/Oct/2025/16/34/17 GET /v1/AUTH_fa3bc31ada1a42afa7e91de9208ec33a/gnocchi.949fee07-12ec-482e-a411-a2b6b7f8933a/1759320000.0_mean_300.0_v3 HTTP/1.0 404 - python-swiftclient-3.11.1 gAAAAABo3qmJCaCZ... - 70 - tx8bfd71ce0e3649c5baea0-0068dea989 - 0.0086 - - 1759422857.744528532 1759422857.753145695 0
Oct 2 16:34:17 standalone container-server[126062]: 172.20.0.100 - - [02/Oct/2025:16:34:17 +0000] "PUT /d1/225/AUTH_fa3bc31ada1a42afa7e91de9208ec33a/gnocchi.949fee07-12ec-482e-a411-a2b6b7f8933a/1759320000.0_mean_300.0_v3" 201 - "PUT http://localhost:8080/d1/1013/AUTH_fa3bc31ada1a42afa7e91de9208ec33a/gnocchi.949fee07-12ec-482e-a411-a2b6b7f8933a/1759320000.0_mean_300.0_v3" "tx50533b170ff64210a5c62-0068dea989" "object-server 23" 0.0006 "-" 16 0
Oct 2 16:34:17 standalone object-server[126278]: 172.20.0.100 - - [02/Oct/2025:16:34:17 +0000] "PUT /d1/1013/AUTH_fa3bc31ada1a42afa7e91de9208ec33a/gnocchi.949fee07-12ec-482e-a411-a2b6b7f8933a/1759320000.0_mean_300.0_v3" 201 - "PUT http://localhost:8080/v1/AUTH_fa3bc31ada1a42afa7e91de9208ec33a/gnocchi.949fee07-12ec-482e-a411-a2b6b7f8933a/1759320000.0_mean_300.0_v3" "tx50533b170ff64210a5c62-0068dea989" "proxy-server 21" 0.0170 "-" 23 0
Oct 2 16:34:17 standalone proxy-server[128011]: 172.18.0.2 ::1 02/Oct/2025/16/34/17 PUT /v1/AUTH_fa3bc31ada1a42afa7e91de9208ec33a/gnocchi.949fee07-12ec-482e-a411-a2b6b7f8933a/1759320000.0_mean_300.0_v3 HTTP/1.0 201 - python-swiftclient-3.11.1 gAAAAABo3qmJCaCZ... 16 - - tx50533b170ff64210a5c62-0068dea989 - 0.0244 - - 1759422857.756354094 1759422857.780704498 0
Oct 2 16:34:17 standalone container-server[126062]: 172.20.0.100 - - [02/Oct/2025:16:34:17 +0000] "PUT /d1/225/AUTH_fa3bc31ada1a42afa7e91de9208ec33a/gnocchi.949fee07-12ec-482e-a411-a2b6b7f8933a/none_v3" 201 - "PUT http://localhost:8080/d1/141/AUTH_fa3bc31ada1a42afa7e91de9208ec33a/gnocchi.949fee07-12ec-482e-a411-a2b6b7f8933a/none_v3" "tx4e6683d4353941f2bd733-0068dea989" "object-server 23" 0.0003 "-" 16 0
Oct 2 16:34:17 standalone object-server[126278]: 172.20.0.100 - - [02/Oct/2025:16:34:17 +0000] "PUT /d1/141/AUTH_fa3bc31ada1a42afa7e91de9208ec33a/gnocchi.949fee07-12ec-482e-a411-a2b6b7f8933a/none_v3" 201 - "PUT http://localhost:8080/v1/AUTH_fa3bc31ada1a42afa7e91de9208ec33a/gnocchi.949fee07-12ec-482e-a411-a2b6b7f8933a/none_v3" "tx4e6683d4353941f2bd733-0068dea989" "proxy-server 21" 0.0091 "-" 23 0
Oct 2 16:34:17 standalone proxy-server[128011]: 172.18.0.2 ::1 02/Oct/2025/16/34/17 PUT /v1/AUTH_fa3bc31ada1a42afa7e91de9208ec33a/gnocchi.949fee07-12ec-482e-a411-a2b6b7f8933a/none_v3 HTTP/1.0 201 - python-swiftclient-3.11.1 gAAAAABo3qmJCaCZ... 22 - - tx4e6683d4353941f2bd733-0068dea989 - 0.0157 - - 1759422857.784026146 1759422857.799734116 0
Oct 2 16:34:47 standalone object-server[126279]: 172.20.0.100 - - [02/Oct/2025:16:34:47 +0000] "GET /d1/141/AUTH_fa3bc31ada1a42afa7e91de9208ec33a/gnocchi.949fee07-12ec-482e-a411-a2b6b7f8933a/none_v3" 200 22 "GET http://localhost:8080/v1/AUTH_fa3bc31ada1a42afa7e91de9208ec33a/gnocchi.949fee07-12ec-482e-a411-a2b6b7f8933a/none_v3" "tx5cb119a29e104e59ba8f2-0068dea9a7" "proxy-server 21" 0.0020 "-" 24 0
Oct 2 16:34:47 standalone proxy-server[128011]: 172.18.0.2 ::1 02/Oct/2025/16/34/47 GET /v1/AUTH_fa3bc31ada1a42afa7e91de9208ec33a/gnocchi.949fee07-12ec-482e-a411-a2b6b7f8933a/none_v3 HTTP/1.0 200 - python-swiftclient-3.11.1 gAAAAABo3qmJCaCZ... - 22 - tx5cb119a29e104e59ba8f2-0068dea9a7 - 0.0225 - - 1759422887.311939001 1759422887.334390640 0
Oct 2 16:34:47 standalone container-server[126062]: 172.20.0.100 - - [02/Oct/2025:16:34:47 +0000] "GET /d1/225/AUTH_fa3bc31ada1a42afa7e91de9208ec33a/gnocchi.949fee07-12ec-482e-a411-a2b6b7f8933a" 200 357 "GET http://localhost:8080/v1/AUTH_fa3bc31ada1a42afa7e91de9208ec33a/gnocchi.949fee07-12ec-482e-a411-a2b6b7f8933a?format=json&states=listing" "tx37aee34a1ac94a9aa744c-0068dea9a7" "proxy-server 21" 0.0156 "-" 16 0
Oct 2 16:34:47 standalone proxy-server[128011]: 172.18.0.2 ::1 02/Oct/2025/16/34/47 GET /v1/AUTH_fa3bc31ada1a42afa7e91de9208ec33a/gnocchi.949fee07-12ec-482e-a411-a2b6b7f8933a%3Fformat%3Djson%26states%3Dlisting HTTP/1.0 200 - python-swiftclient-3.11.1 gAAAAABo3qmJCaCZ... - 357 - tx37aee34a1ac94a9aa744c-0068dea9a7 - 0.0251 - - 1759422887.339852810 1759422887.364907742 0
Oct 2 16:34:47 standalone container-server[126059]: 172.20.0.100 - - [02/Oct/2025:16:34:47 +0000] "GET /d1/225/AUTH_fa3bc31ada1a42afa7e91de9208ec33a/gnocchi.949fee07-12ec-482e-a411-a2b6b7f8933a" 200 2 "GET http://localhost:8080/v1/AUTH_fa3bc31ada1a42afa7e91de9208ec33a/gnocchi.949fee07-12ec-482e-a411-a2b6b7f8933a?format=json&marker=none_v3&states=listing" "tx59753e7f0a4f4d10aeb24-0068dea9a7" "proxy-server 21" 0.0048 "-" 15 0
Oct 2 16:34:47 standalone proxy-server[128011]: 172.18.0.2 ::1 02/Oct/2025/16/34/47 GET /v1/AUTH_fa3bc31ada1a42afa7e91de9208ec33a/gnocchi.949fee07-12ec-482e-a411-a2b6b7f8933a%3Fformat%3Djson%26marker%3Dnone_v3%26states%3Dlisting HTTP/1.0 200 - python-swiftclient-3.11.1 gAAAAABo3qmJCaCZ... - 2 - tx59753e7f0a4f4d10aeb24-0068dea9a7 - 0.0142 - - 1759422887.368592978 1759422887.382806540 0
Oct 2 16:34:47 standalone object-server[126278]: 172.20.0.100 - - [02/Oct/2025:16:34:47 +0000] "GET /d1/1013/AUTH_fa3bc31ada1a42afa7e91de9208ec33a/gnocchi.949fee07-12ec-482e-a411-a2b6b7f8933a/1759320000.0_mean_300.0_v3" 200 16 "GET http://localhost:8080/v1/AUTH_fa3bc31ada1a42afa7e91de9208ec33a/gnocchi.949fee07-12ec-482e-a411-a2b6b7f8933a/1759320000.0_mean_300.0_v3" "tx8a575306f7ef4c16896e8-0068dea9a7" "proxy-server 21" 0.0010 "-" 23 0
Oct 2 16:34:47 standalone proxy-server[128011]: 172.18.0.2 ::1 02/Oct/2025/16/34/47 GET /v1/AUTH_fa3bc31ada1a42afa7e91de9208ec33a/gnocchi.949fee07-12ec-482e-a411-a2b6b7f8933a/1759320000.0_mean_300.0_v3 HTTP/1.0 200 - python-swiftclient-3.11.1 gAAAAABo3qmJCaCZ... - 16 - tx8a575306f7ef4c16896e8-0068dea9a7 - 0.0089 - - 1759422887.387350321 1759422887.396268129 0
Oct 2 16:34:47 standalone container-server[126069]: 172.20.0.100 - - [02/Oct/2025:16:34:47 +0000] "PUT /d1/225/AUTH_fa3bc31ada1a42afa7e91de9208ec33a/gnocchi.949fee07-12ec-482e-a411-a2b6b7f8933a/1759320000.0_mean_300.0_v3" 201 - "PUT http://localhost:8080/d1/1013/AUTH_fa3bc31ada1a42afa7e91de9208ec33a/gnocchi.949fee07-12ec-482e-a411-a2b6b7f8933a/1759320000.0_mean_300.0_v3" "tx12952abca990462192ad6-0068dea9a7" "object-server 22" 0.0008 "-" 17 0
Oct 2 16:34:47 standalone object-server[126277]: 172.20.0.100 - - [02/Oct/2025:16:34:47 +0000] "PUT /d1/1013/AUTH_fa3bc31ada1a42afa7e91de9208ec33a/gnocchi.949fee07-12ec-482e-a411-a2b6b7f8933a/1759320000.0_mean_300.0_v3" 201 - "PUT http://localhost:8080/v1/AUTH_fa3bc31ada1a42afa7e91de9208ec33a/gnocchi.949fee07-12ec-482e-a411-a2b6b7f8933a/1759320000.0_mean_300.0_v3" "tx12952abca990462192ad6-0068dea9a7" "proxy-server 21" 0.0118 "-" 22 0
Oct 2 16:34:47 standalone proxy-server[128011]: 172.18.0.2 ::1 02/Oct/2025/16/34/47 PUT /v1/AUTH_fa3bc31ada1a42afa7e91de9208ec33a/gnocchi.949fee07-12ec-482e-a411-a2b6b7f8933a/1759320000.0_mean_300.0_v3 HTTP/1.0 201 - python-swiftclient-3.11.1 gAAAAABo3qmJCaCZ... 16 - - tx12952abca990462192ad6-0068dea9a7 - 0.0203 - - 1759422887.399862528 1759422887.420171499 0
Oct 2 16:34:47 standalone container-server[126069]: 172.20.0.100 - - [02/Oct/2025:16:34:47 +0000] "PUT /d1/225/AUTH_fa3bc31ada1a42afa7e91de9208ec33a/gnocchi.949fee07-12ec-482e-a411-a2b6b7f8933a/none_v3" 201 - "PUT http://localhost:8080/d1/141/AUTH_fa3bc31ada1a42afa7e91de9208ec33a/gnocchi.949fee07-12ec-482e-a411-a2b6b7f8933a/none_v3" "tx148eecc5e2ef4cbe8f227-0068dea9a7" "object-server 22" 0.0007 "-" 17 0
Oct 2 16:34:47 standalone object-server[126277]: 172.20.0.100 - - [02/Oct/2025:16:34:47 +0000] "PUT /d1/141/AUTH_fa3bc31ada1a42afa7e91de9208ec33a/gnocchi.949fee07-12ec-482e-a411-a2b6b7f8933a/none_v3" 201 - "PUT http://localhost:8080/v1/AUTH_fa3bc31ada1a42afa7e91de9208ec33a/gnocchi.949fee07-12ec-482e-a411-a2b6b7f8933a/none_v3" "tx148eecc5e2ef4cbe8f227-0068dea9a7" "proxy-server 21" 0.0098 "-" 22 0
Oct 2 16:34:47 standalone proxy-server[128011]: 172.18.0.2 ::1 02/Oct/2025/16/34/47 PUT /v1/AUTH_fa3bc31ada1a42afa7e91de9208ec33a/gnocchi.949fee07-12ec-482e-a411-a2b6b7f8933a/none_v3 HTTP/1.0 201 - python-swiftclient-3.11.1 gAAAAABo3qmJCaCZ... 32 - - tx148eecc5e2ef4cbe8f227-0068dea9a7 - 0.0172 - - 1759422887.423390388 1759422887.440634251 0
Oct 2 16:35:24 standalone account-server[126079]: 172.20.0.100 - - [02/Oct/2025:16:35:24 +0000] "HEAD /d1/822/AUTH_fa3bc31ada1a42afa7e91de9208ec33a" 204 - "HEAD http://localhost:8080/v1/AUTH_fa3bc31ada1a42afa7e91de9208ec33a?format=json" "tx470b63dc821f4bcab589a-0068dea9cc" "proxy-server 21" 0.0095 "-" 20 -
Oct 2 16:35:24 standalone proxy-server[128011]: - - 02/Oct/2025/16/35/24 HEAD /v1/AUTH_fa3bc31ada1a42afa7e91de9208ec33a%3Fformat%3Djson HTTP/1.0 204 - Swift - - - - tx470b63dc821f4bcab589a-0068dea9cc - 0.0163 RL - 1759422924.180498123 1759422924.196800947 -
Oct 2 16:35:24 standalone container-server[126069]: 172.20.0.100 - - [02/Oct/2025:16:35:24 +0000] "HEAD /d1/367/AUTH_fa3bc31ada1a42afa7e91de9208ec33a/glance" 204 - "HEAD http://localhost:8080/v1/AUTH_fa3bc31ada1a42afa7e91de9208ec33a/glance?format=json&states=listing" "tx470b63dc821f4bcab589a-0068dea9cc" "proxy-server 21" 0.0202 "-" 17 0
Oct 2 16:35:24 standalone object-server[126278]: 172.20.0.100 - - [02/Oct/2025:16:35:24 +0000] "GET /d1/248/AUTH_fa3bc31ada1a42afa7e91de9208ec33a/glance/a715e4f1-e57b-4e19-b4ac-cb65b1cc2fe6" 200 - "GET http://localhost:8080/v1/AUTH_fa3bc31ada1a42afa7e91de9208ec33a/glance/a715e4f1-e57b-4e19-b4ac-cb65b1cc2fe6" "tx470b63dc821f4bcab589a-0068dea9cc" "proxy-server 21" 0.0041 "-" 23 0
Oct 2 16:35:24 standalone container-server[126056]: 172.20.0.100 - - [02/Oct/2025:16:35:24 +0000] "GET /d1/367/AUTH_fa3bc31ada1a42afa7e91de9208ec33a/glance" 200 210 "GET http://localhost:8080/v1/AUTH_fa3bc31ada1a42afa7e91de9208ec33a/glance?prefix=a715e4f1-e57b-4e19-b4ac-cb65b1cc2fe6-&format=json&states=listing" "tx470b63dc821f4bcab589a-0068dea9cc" "proxy-server 21" 0.0044 "-" 14 0
Oct 2 16:35:24 standalone proxy-server[128011]: - - 02/Oct/2025/16/35/24 GET /v1/AUTH_fa3bc31ada1a42afa7e91de9208ec33a/glance%3Fprefix%3Da715e4f1-e57b-4e19-b4ac-cb65b1cc2fe6-%26format%3Djson%26states%3Dlisting HTTP/1.0 200 - python-swiftclient-3.11.1%20DLO%20MultipartGET gAAAAABo3qnMkZr4... - 210 - tx470b63dc821f4bcab589a-0068dea9cc - 0.0086 DLO - 1759422924.335895777 1759422924.344544649 0
Oct 2 16:35:24 standalone object-server[126279]: 172.20.0.100 - - [02/Oct/2025:16:35:24 +0000] "GET /d1/44/AUTH_fa3bc31ada1a42afa7e91de9208ec33a/glance/a715e4f1-e57b-4e19-b4ac-cb65b1cc2fe6-00001" 200 21692416 "GET http://localhost:8080/v1/AUTH_fa3bc31ada1a42afa7e91de9208ec33a/glance/a715e4f1-e57b-4e19-b4ac-cb65b1cc2fe6-00001?multipart-manifest=get" "tx470b63dc821f4bcab589a-0068dea9cc" "proxy-server 21" 0.0009 "-" 24 0
Oct 2 16:35:24 standalone proxy-server[128011]: - - 02/Oct/2025/16/35/24 GET /v1/AUTH_fa3bc31ada1a42afa7e91de9208ec33a/glance/a715e4f1-e57b-4e19-b4ac-cb65b1cc2fe6-00001%3Fmultipart-manifest%3Dget HTTP/1.0 200 - python-swiftclient-3.11.1%20%20DLO%20MultipartGET gAAAAABo3qnMkZr4... - 21692416 - tx470b63dc821f4bcab589a-0068dea9cc - 0.1486 DLO - 1759422924.345302105 1759422924.493906975 0
Oct 2 16:35:24 standalone proxy-server[128011]: 172.18.0.2 ::1 02/Oct/2025/16/35/24 GET /v1/AUTH_fa3bc31ada1a42afa7e91de9208ec33a/glance/a715e4f1-e57b-4e19-b4ac-cb65b1cc2fe6 HTTP/1.0 200 - python-swiftclient-3.11.1 gAAAAABo3qnMkZr4... - 21692416 - tx470b63dc821f4bcab589a-0068dea9cc - 0.3160 - - 1759422924.178491116 1759422924.494533062 0
Oct 2 16:35:24 standalone container-server[126062]: 172.20.0.100 - - [02/Oct/2025:16:35:24 +0000] "HEAD /d1/302/AUTH_fa3bc31ada1a42afa7e91de9208ec33a/gnocchi.3ba3a42f-9b0f-47ff-b005-c83c04c9591b" 404 - "HEAD http://localhost:8080/v1/AUTH_fa3bc31ada1a42afa7e91de9208ec33a/gnocchi.3ba3a42f-9b0f-47ff-b005-c83c04c9591b?format=json&states=listing" "tx1590cf83cbaa4b5893670-0068dea9cc" "proxy-server 21" 0.0008 "-" 16 0
Oct 2 16:35:24 standalone object-server[126278]: 172.20.0.100 - - [02/Oct/2025:16:35:24 +0000] "GET /d1/4/AUTH_fa3bc31ada1a42afa7e91de9208ec33a/gnocchi.3ba3a42f-9b0f-47ff-b005-c83c04c9591b/none_v3" 404 70 "GET http://localhost:8080/v1/AUTH_fa3bc31ada1a42afa7e91de9208ec33a/gnocchi.3ba3a42f-9b0f-47ff-b005-c83c04c9591b/none_v3" "tx1590cf83cbaa4b5893670-0068dea9cc" "proxy-server 21" 0.0004 "-" 23 0
Oct 2 16:35:24 standalone proxy-server[128011]: 172.18.0.2 ::1 02/Oct/2025/16/35/24 GET /v1/AUTH_fa3bc31ada1a42afa7e91de9208ec33a/gnocchi.3ba3a42f-9b0f-47ff-b005-c83c04c9591b/none_v3 HTTP/1.0 404 - python-swiftclient-3.11.1 gAAAAABo3qmJCaCZ... - 70 - tx1590cf83cbaa4b5893670-0068dea9cc - 0.0103 - - 1759422924.890998363 1759422924.901288748 0
Oct 2 16:35:24 standalone account-server[126088]: 172.20.0.100 - - [02/Oct/2025:16:35:24 +0000] "PUT /d1/822/AUTH_fa3bc31ada1a42afa7e91de9208ec33a/gnocchi.3ba3a42f-9b0f-47ff-b005-c83c04c9591b" 201 - "PUT http://172.20.0.100:6001/d1/302/AUTH_fa3bc31ada1a42afa7e91de9208ec33a/gnocchi.3ba3a42f-9b0f-47ff-b005-c83c04c9591b" "tx854c4c397ce94e58acb29-0068dea9cc" "container-server 15" 0.0013 "-" 22 0
Oct 2 16:35:24 standalone container-server[126059]: 172.20.0.100 - - [02/Oct/2025:16:35:24 +0000] "PUT /d1/302/AUTH_fa3bc31ada1a42afa7e91de9208ec33a/gnocchi.3ba3a42f-9b0f-47ff-b005-c83c04c9591b" 201 - "PUT http://localhost:8080/v1/AUTH_fa3bc31ada1a42afa7e91de9208ec33a/gnocchi.3ba3a42f-9b0f-47ff-b005-c83c04c9591b" "tx854c4c397ce94e58acb29-0068dea9cc" "proxy-server 21" 0.0123 "-" 15 0
Oct 2 16:35:24 standalone proxy-server[128011]: 172.18.0.2 ::1 02/Oct/2025/16/35/24 PUT /v1/AUTH_fa3bc31ada1a42afa7e91de9208ec33a/gnocchi.3ba3a42f-9b0f-47ff-b005-c83c04c9591b HTTP/1.0 201 - python-swiftclient-3.11.1 gAAAAABo3qmJCaCZ... - - - tx854c4c397ce94e58acb29-0068dea9cc - 0.0172 - - 1759422924.905377626 1759422924.922589779 0
Oct 2 16:35:24 standalone container-server[126069]: 172.20.0.100 - - [02/Oct/2025:16:35:24 +0000] "HEAD /d1/302/AUTH_fa3bc31ada1a42afa7e91de9208ec33a/gnocchi.3ba3a42f-9b0f-47ff-b005-c83c04c9591b" 204 - "HEAD http://localhost:8080/v1/AUTH_fa3bc31ada1a42afa7e91de9208ec33a/gnocchi.3ba3a42f-9b0f-47ff-b005-c83c04c9591b?format=json&states=listing" "tx4b41c66bcf044610b7916-0068dea9cc" "proxy-server 21" 0.0013 "-" 17 0
Oct 2 16:35:24 standalone proxy-server[128011]: - - 02/Oct/2025/16/35/24 HEAD /v1/AUTH_fa3bc31ada1a42afa7e91de9208ec33a/gnocchi.3ba3a42f-9b0f-47ff-b005-c83c04c9591b%3Fformat%3Djson%26states%3Dlisting HTTP/1.0 204 - Swift - - - - tx4b41c66bcf044610b7916-0068dea9cc - 0.0045 RL - 1759422924.927788019 1759422924.932282686 0
Oct 2 16:35:24 standalone container-server[126059]: 172.20.0.100 - - [02/Oct/2025:16:35:24 +0000] "GET /d1/302/AUTH_fa3bc31ada1a42afa7e91de9208ec33a/gnocchi.3ba3a42f-9b0f-47ff-b005-c83c04c9591b" 200 2 "GET http://localhost:8080/v1/AUTH_fa3bc31ada1a42afa7e91de9208ec33a/gnocchi.3ba3a42f-9b0f-47ff-b005-c83c04c9591b?format=json&states=listing" "tx4b41c66bcf044610b7916-0068dea9cc" "proxy-server 21" 0.0016 "-" 15 0
Oct 2 16:35:24 standalone proxy-server[128011]: 172.18.0.2 ::1 02/Oct/2025/16/35/24 GET /v1/AUTH_fa3bc31ada1a42afa7e91de9208ec33a/gnocchi.3ba3a42f-9b0f-47ff-b005-c83c04c9591b%3Fformat%3Djson%26states%3Dlisting HTTP/1.0 200 - python-swiftclient-3.11.1 gAAAAABo3qmJCaCZ... - 2 - tx4b41c66bcf044610b7916-0068dea9cc - 0.0126 - - 1759422924.926547289 1759422924.939159155 0
Oct 2 16:35:24 standalone object-server[126281]: 172.20.0.100 - - [02/Oct/2025:16:35:24 +0000] "GET /d1/580/AUTH_fa3bc31ada1a42afa7e91de9208ec33a/gnocchi.3ba3a42f-9b0f-47ff-b005-c83c04c9591b/1759320000.0_mean_300.0_v3" 404 70 "GET http://localhost:8080/v1/AUTH_fa3bc31ada1a42afa7e91de9208ec33a/gnocchi.3ba3a42f-9b0f-47ff-b005-c83c04c9591b/1759320000.0_mean_300.0_v3" "txa8c6a568faab4c1e9a88b-0068dea9cc" "proxy-server 21" 0.0007 "-" 25 0
Oct 2 16:35:24 standalone proxy-server[128011]: 172.18.0.2 ::1 02/Oct/2025/16/35/24 GET /v1/AUTH_fa3bc31ada1a42afa7e91de9208ec33a/gnocchi.3ba3a42f-9b0f-47ff-b005-c83c04c9591b/1759320000.0_mean_300.0_v3 HTTP/1.0 404 - python-swiftclient-3.11.1 gAAAAABo3qmJCaCZ... - 70 - txa8c6a568faab4c1e9a88b-0068dea9cc - 0.0079 - - 1759422924.944857836 1759422924.952768803 0
Oct 2 16:35:24 standalone container-server[126062]: 172.20.0.100 - - [02/Oct/2025:16:35:24 +0000] "PUT /d1/302/AUTH_fa3bc31ada1a42afa7e91de9208ec33a/gnocchi.3ba3a42f-9b0f-47ff-b005-c83c04c9591b/1759320000.0_mean_300.0_v3" 201 - "PUT http://localhost:8080/d1/580/AUTH_fa3bc31ada1a42afa7e91de9208ec33a/gnocchi.3ba3a42f-9b0f-47ff-b005-c83c04c9591b/1759320000.0_mean_300.0_v3" "tx0d52cad499c749d88788c-0068dea9cc" "object-server 24" 0.0008 "-" 16 0
Oct 2 16:35:24 standalone object-server[126279]: 172.20.0.100 - - [02/Oct/2025:16:35:24 +0000] "PUT /d1/580/AUTH_fa3bc31ada1a42afa7e91de9208ec33a/gnocchi.3ba3a42f-9b0f-47ff-b005-c83c04c9591b/1759320000.0_mean_300.0_v3" 201 - "PUT http://localhost:8080/v1/AUTH_fa3bc31ada1a42afa7e91de9208ec33a/gnocchi.3ba3a42f-9b0f-47ff-b005-c83c04c9591b/1759320000.0_mean_300.0_v3" "tx0d52cad499c749d88788c-0068dea9cc" "proxy-server 21" 0.0230 "-" 24 0
Oct 2 16:35:24 standalone proxy-server[128011]: 172.18.0.2 ::1 02/Oct/2025/16/35/24 PUT /v1/AUTH_fa3bc31ada1a42afa7e91de9208ec33a/gnocchi.3ba3a42f-9b0f-47ff-b005-c83c04c9591b/1759320000.0_mean_300.0_v3 HTTP/1.0 201 - python-swiftclient-3.11.1 gAAAAABo3qmJCaCZ... 16 - - tx0d52cad499c749d88788c-0068dea9cc - 0.0314 - - 1759422924.958040714 1759422924.989449501 0
Oct 2 16:35:25 standalone container-server[126056]: 172.20.0.100 - - [02/Oct/2025:16:35:25 +0000] "PUT /d1/302/AUTH_fa3bc31ada1a42afa7e91de9208ec33a/gnocchi.3ba3a42f-9b0f-47ff-b005-c83c04c9591b/none_v3" 201 - "PUT http://localhost:8080/d1/4/AUTH_fa3bc31ada1a42afa7e91de9208ec33a/gnocchi.3ba3a42f-9b0f-47ff-b005-c83c04c9591b/none_v3" "tx2309ed7394354beeaa6ad-0068dea9cc" "object-server 22" 0.0008 "-" 14 0
Oct 2 16:35:25 standalone object-server[126277]: 172.20.0.100 - - [02/Oct/2025:16:35:25 +0000] "PUT /d1/4/AUTH_fa3bc31ada1a42afa7e91de9208ec33a/gnocchi.3ba3a42f-9b0f-47ff-b005-c83c04c9591b/none_v3" 201 - "PUT http://localhost:8080/v1/AUTH_fa3bc31ada1a42afa7e91de9208ec33a/gnocchi.3ba3a42f-9b0f-47ff-b005-c83c04c9591b/none_v3" "tx2309ed7394354beeaa6ad-0068dea9cc" "proxy-server 21" 0.0110 "-" 22 0
Oct 2 16:35:25 standalone proxy-server[128011]: 172.18.0.2 ::1 02/Oct/2025/16/35/25 PUT /v1/AUTH_fa3bc31ada1a42afa7e91de9208ec33a/gnocchi.3ba3a42f-9b0f-47ff-b005-c83c04c9591b/none_v3 HTTP/1.0 201 - python-swiftclient-3.11.1 gAAAAABo3qmJCaCZ... 22 - - tx2309ed7394354beeaa6ad-0068dea9cc - 0.0225 - - 1759422924.996496201 1759422925.018961191 0
Oct 2 16:35:25 standalone container-server[126062]: 172.20.0.100 - - [02/Oct/2025:16:35:25 +0000] "HEAD /d1/311/AUTH_fa3bc31ada1a42afa7e91de9208ec33a/gnocchi.cdcff925-8ed1-4b34-bfc2-eacff9529651" 404 - "HEAD http://localhost:8080/v1/AUTH_fa3bc31ada1a42afa7e91de9208ec33a/gnocchi.cdcff925-8ed1-4b34-bfc2-eacff9529651?format=json&states=listing" "txb5f201792c664047b9379-0068dea9cd" "proxy-server 21" 0.0004 "-" 16 0
Oct 2 16:35:25 standalone object-server[126277]: 172.20.0.100 - - [02/Oct/2025:16:35:25 +0000] "GET /d1/511/AUTH_fa3bc31ada1a42afa7e91de9208ec33a/gnocchi.cdcff925-8ed1-4b34-bfc2-eacff9529651/none_v3" 404 70 "GET http://localhost:8080/v1/AUTH_fa3bc31ada1a42afa7e91de9208ec33a/gnocchi.cdcff925-8ed1-4b34-bfc2-eacff9529651/none_v3" "txb5f201792c664047b9379-0068dea9cd" "proxy-server 21" 0.0004 "-" 22 0
Oct 2 16:35:25 standalone proxy-server[128011]: 172.18.0.2 ::1 02/Oct/2025/16/35/25 GET /v1/AUTH_fa3bc31ada1a42afa7e91de9208ec33a/gnocchi.cdcff925-8ed1-4b34-bfc2-eacff9529651/none_v3 HTTP/1.0 404 - python-swiftclient-3.11.1 gAAAAABo3qmJCaCZ... - 70 - txb5f201792c664047b9379-0068dea9cd - 0.0100 - - 1759422925.061782598 1759422925.071798325 0
Oct 2 16:35:25 standalone account-server[126081]: 172.20.0.100 - - [02/Oct/2025:16:35:25 +0000] "PUT /d1/822/AUTH_fa3bc31ada1a42afa7e91de9208ec33a/gnocchi.cdcff925-8ed1-4b34-bfc2-eacff9529651" 201 - "PUT http://172.20.0.100:6001/d1/311/AUTH_fa3bc31ada1a42afa7e91de9208ec33a/gnocchi.cdcff925-8ed1-4b34-bfc2-eacff9529651" "tx1926078fe52f4b348f083-0068dea9cd" "container-server 16" 0.0050 "-" 21 0
Oct 2 16:35:25 standalone container-server[126062]: 172.20.0.100 - - [02/Oct/2025:16:35:25 +0000] "PUT /d1/311/AUTH_fa3bc31ada1a42afa7e91de9208ec33a/gnocchi.cdcff925-8ed1-4b34-bfc2-eacff9529651" 201 - "PUT http://localhost:8080/v1/AUTH_fa3bc31ada1a42afa7e91de9208ec33a/gnocchi.cdcff925-8ed1-4b34-bfc2-eacff9529651" "tx1926078fe52f4b348f083-0068dea9cd" "proxy-server 21" 0.0166 "-" 16 0
Oct 2 16:35:25 standalone proxy-server[128011]: 172.18.0.2 ::1 02/Oct/2025/16/35/25 PUT /v1/AUTH_fa3bc31ada1a42afa7e91de9208ec33a/gnocchi.cdcff925-8ed1-4b34-bfc2-eacff9529651 HTTP/1.0 201 - python-swiftclient-3.11.1 gAAAAABo3qmJCaCZ... - - - tx1926078fe52f4b348f083-0068dea9cd - 0.0199 - - 1759422925.075984240 1759422925.095841169 0
Oct 2 16:35:25 standalone container-server[126069]: 172.20.0.100 - - [02/Oct/2025:16:35:25 +0000] "HEAD /d1/311/AUTH_fa3bc31ada1a42afa7e91de9208ec33a/gnocchi.cdcff925-8ed1-4b34-bfc2-eacff9529651" 204 - "HEAD http://localhost:8080/v1/AUTH_fa3bc31ada1a42afa7e91de9208ec33a/gnocchi.cdcff925-8ed1-4b34-bfc2-eacff9529651?format=json&states=listing" "tx8e048f1a9348456f9c319-0068dea9cd" "proxy-server 21" 0.0012 "-" 17 0
Oct 2 16:35:25 standalone proxy-server[128011]: - - 02/Oct/2025/16/35/25 HEAD /v1/AUTH_fa3bc31ada1a42afa7e91de9208ec33a/gnocchi.cdcff925-8ed1-4b34-bfc2-eacff9529651%3Fformat%3Djson%26states%3Dlisting HTTP/1.0 204 - Swift - - - - tx8e048f1a9348456f9c319-0068dea9cd - 0.0054 RL - 1759422925.101523161 1759422925.106964588 0
Oct 2 16:35:25 standalone container-server[126069]: 172.20.0.100 - - [02/Oct/2025:16:35:25 +0000] "GET /d1/311/AUTH_fa3bc31ada1a42afa7e91de9208ec33a/gnocchi.cdcff925-8ed1-4b34-bfc2-eacff9529651" 200 2 "GET http://localhost:8080/v1/AUTH_fa3bc31ada1a42afa7e91de9208ec33a/gnocchi.cdcff925-8ed1-4b34-bfc2-eacff9529651?format=json&states=listing" "tx8e048f1a9348456f9c319-0068dea9cd" "proxy-server 21" 0.0016 "-" 17 0
Oct 2 16:35:25 standalone proxy-server[128011]: 172.18.0.2 ::1 02/Oct/2025/16/35/25 GET /v1/AUTH_fa3bc31ada1a42afa7e91de9208ec33a/gnocchi.cdcff925-8ed1-4b34-bfc2-eacff9529651%3Fformat%3Djson%26states%3Dlisting HTTP/1.0 200 - python-swiftclient-3.11.1 gAAAAABo3qmJCaCZ... - 2 - tx8e048f1a9348456f9c319-0068dea9cd - 0.0114 - - 1759422925.100838423 1759422925.112269878 0
Oct 2 16:35:25 standalone object-server[126279]: 172.20.0.100 - - [02/Oct/2025:16:35:25 +0000] "GET /d1/657/AUTH_fa3bc31ada1a42afa7e91de9208ec33a/gnocchi.cdcff925-8ed1-4b34-bfc2-eacff9529651/1759320000.0_mean_300.0_v3" 404 70 "GET http://localhost:8080/v1/AUTH_fa3bc31ada1a42afa7e91de9208ec33a/gnocchi.cdcff925-8ed1-4b34-bfc2-eacff9529651/1759320000.0_mean_300.0_v3" "txe83d0114bf36496eb9f8a-0068dea9cd" "proxy-server 21" 0.0004 "-" 24 0
Oct 2 16:35:25 standalone proxy-server[128011]: 172.18.0.2 ::1 02/Oct/2025/16/35/25 GET /v1/AUTH_fa3bc31ada1a42afa7e91de9208ec33a/gnocchi.cdcff925-8ed1-4b34-bfc2-eacff9529651/1759320000.0_mean_300.0_v3 HTTP/1.0 404 - python-swiftclient-3.11.1 gAAAAABo3qmJCaCZ... - 70 - txe83d0114bf36496eb9f8a-0068dea9cd - 0.0043 - - 1759422925.116565943 1759422925.120850086 0
Oct 2 16:35:25 standalone container-server[126062]: 172.20.0.100 - - [02/Oct/2025:16:35:25 +0000] "PUT /d1/311/AUTH_fa3bc31ada1a42afa7e91de9208ec33a/gnocchi.cdcff925-8ed1-4b34-bfc2-eacff9529651/1759320000.0_mean_300.0_v3" 201 - "PUT http://localhost:8080/d1/657/AUTH_fa3bc31ada1a42afa7e91de9208ec33a/gnocchi.cdcff925-8ed1-4b34-bfc2-eacff9529651/1759320000.0_mean_300.0_v3" "tx7c25bf756911428988f51-0068dea9cd" "object-server 23" 0.0005 "-" 16 0
Oct 2 16:35:25 standalone object-server[126278]: 172.20.0.100 - - [02/Oct/2025:16:35:25 +0000] "PUT /d1/657/AUTH_fa3bc31ada1a42afa7e91de9208ec33a/gnocchi.cdcff925-8ed1-4b34-bfc2-eacff9529651/1759320000.0_mean_300.0_v3" 201 - "PUT http://localhost:8080/v1/AUTH_fa3bc31ada1a42afa7e91de9208ec33a/gnocchi.cdcff925-8ed1-4b34-bfc2-eacff9529651/1759320000.0_mean_300.0_v3" "tx7c25bf756911428988f51-0068dea9cd" "proxy-server 21" 0.0092 "-" 23 0
Oct 2 16:35:25 standalone proxy-server[128011]: 172.18.0.2 ::1 02/Oct/2025/16/35/25 PUT /v1/AUTH_fa3bc31ada1a42afa7e91de9208ec33a/gnocchi.cdcff925-8ed1-4b34-bfc2-eacff9529651/1759320000.0_mean_300.0_v3 HTTP/1.0 201 - python-swiftclient-3.11.1 gAAAAABo3qmJCaCZ... 16 - - tx7c25bf756911428988f51-0068dea9cd - 0.0144 - - 1759422925.123673677 1759422925.138057709 0
Oct 2 16:35:25 standalone container-server[126069]: 172.20.0.100 - - [02/Oct/2025:16:35:25 +0000] "PUT /d1/311/AUTH_fa3bc31ada1a42afa7e91de9208ec33a/gnocchi.cdcff925-8ed1-4b34-bfc2-eacff9529651/none_v3" 201 - "PUT http://localhost:8080/d1/511/AUTH_fa3bc31ada1a42afa7e91de9208ec33a/gnocchi.cdcff925-8ed1-4b34-bfc2-eacff9529651/none_v3" "tx0da882f754e54ad9a02b3-0068dea9cd" "object-server 25" 0.0005 "-" 17 0
Oct 2 16:35:25 standalone object-server[126281]: 172.20.0.100 - - [02/Oct/2025:16:35:25 +0000] "PUT /d1/511/AUTH_fa3bc31ada1a42afa7e91de9208ec33a/gnocchi.cdcff925-8ed1-4b34-bfc2-eacff9529651/none_v3" 201 - "PUT http://localhost:8080/v1/AUTH_fa3bc31ada1a42afa7e91de9208ec33a/gnocchi.cdcff925-8ed1-4b34-bfc2-eacff9529651/none_v3" "tx0da882f754e54ad9a02b3-0068dea9cd" "proxy-server 21" 0.0232 "-" 25 0
Oct 2 16:35:25 standalone proxy-server[128011]: 172.18.0.2 ::1 02/Oct/2025/16/35/25 PUT /v1/AUTH_fa3bc31ada1a42afa7e91de9208ec33a/gnocchi.cdcff925-8ed1-4b34-bfc2-eacff9529651/none_v3 HTTP/1.0 201 - python-swiftclient-3.11.1 gAAAAABo3qmJCaCZ... 22 - - tx0da882f754e54ad9a02b3-0068dea9cd - 0.0276 - - 1759422925.141045809 1759422925.168610334 0
Oct 2 16:35:29 standalone container-server[126059]: 172.20.0.100 - - [02/Oct/2025:16:35:29 +0000] "HEAD /d1/629/AUTH_fa3bc31ada1a42afa7e91de9208ec33a/gnocchi.e93abf7e-f93c-4c57-be51-0ad90e45d91c" 404 - "HEAD http://localhost:8080/v1/AUTH_fa3bc31ada1a42afa7e91de9208ec33a/gnocchi.e93abf7e-f93c-4c57-be51-0ad90e45d91c?format=json&states=listing" "txdce07ce1546f44819ad21-0068dea9d1" "proxy-server 21" 0.0011 "-" 15 0
Oct 2 16:35:29 standalone object-server[126279]: 172.20.0.100 - - [02/Oct/2025:16:35:29 +0000] "GET /d1/217/AUTH_fa3bc31ada1a42afa7e91de9208ec33a/gnocchi.e93abf7e-f93c-4c57-be51-0ad90e45d91c/none_v3" 404 70 "GET http://localhost:8080/v1/AUTH_fa3bc31ada1a42afa7e91de9208ec33a/gnocchi.e93abf7e-f93c-4c57-be51-0ad90e45d91c/none_v3" "txdce07ce1546f44819ad21-0068dea9d1" "proxy-server 21" 0.0007 "-" 24 0
Oct 2 16:35:29 standalone proxy-server[128011]: 172.18.0.2 ::1 02/Oct/2025/16/35/29 GET /v1/AUTH_fa3bc31ada1a42afa7e91de9208ec33a/gnocchi.e93abf7e-f93c-4c57-be51-0ad90e45d91c/none_v3 HTTP/1.0 404 - python-swiftclient-3.11.1 gAAAAABo3qmJCaCZ... - 70 - txdce07ce1546f44819ad21-0068dea9d1 - 0.0123 - - 1759422929.704396009 1759422929.716656923 0
Oct 2 16:35:29 standalone account-server[126079]: 172.20.0.100 - - [02/Oct/2025:16:35:29 +0000] "PUT /d1/822/AUTH_fa3bc31ada1a42afa7e91de9208ec33a/gnocchi.e93abf7e-f93c-4c57-be51-0ad90e45d91c" 201 - "PUT http://172.20.0.100:6001/d1/629/AUTH_fa3bc31ada1a42afa7e91de9208ec33a/gnocchi.e93abf7e-f93c-4c57-be51-0ad90e45d91c" "tx8003944490c24767b8e39-0068dea9d1" "container-server 14" 0.0079 "-" 20 0
Oct 2 16:35:29 standalone container-server[126056]: 172.20.0.100 - - [02/Oct/2025:16:35:29 +0000] "PUT /d1/629/AUTH_fa3bc31ada1a42afa7e91de9208ec33a/gnocchi.e93abf7e-f93c-4c57-be51-0ad90e45d91c" 201 - "PUT http://localhost:8080/v1/AUTH_fa3bc31ada1a42afa7e91de9208ec33a/gnocchi.e93abf7e-f93c-4c57-be51-0ad90e45d91c" "tx8003944490c24767b8e39-0068dea9d1" "proxy-server 21" 0.0191 "-" 14 0
Oct 2 16:35:29 standalone proxy-server[128011]: 172.18.0.2 ::1 02/Oct/2025/16/35/29 PUT /v1/AUTH_fa3bc31ada1a42afa7e91de9208ec33a/gnocchi.e93abf7e-f93c-4c57-be51-0ad90e45d91c HTTP/1.0 201 - python-swiftclient-3.11.1 gAAAAABo3qmJCaCZ... - - - tx8003944490c24767b8e39-0068dea9d1 - 0.0245 - - 1759422929.721138954 1759422929.745645046 0
Oct 2 16:35:29 standalone container-server[126056]: 172.20.0.100 - - [02/Oct/2025:16:35:29 +0000] "HEAD /d1/629/AUTH_fa3bc31ada1a42afa7e91de9208ec33a/gnocchi.e93abf7e-f93c-4c57-be51-0ad90e45d91c" 204 - "HEAD http://localhost:8080/v1/AUTH_fa3bc31ada1a42afa7e91de9208ec33a/gnocchi.e93abf7e-f93c-4c57-be51-0ad90e45d91c?format=json&states=listing" "txc4069a4bd6514db88c4b8-0068dea9d1" "proxy-server 21" 0.0013 "-" 14 0
Oct 2 16:35:29 standalone proxy-server[128011]: - - 02/Oct/2025/16/35/29 HEAD /v1/AUTH_fa3bc31ada1a42afa7e91de9208ec33a/gnocchi.e93abf7e-f93c-4c57-be51-0ad90e45d91c%3Fformat%3Djson%26states%3Dlisting HTTP/1.0 204 - Swift - - - - txc4069a4bd6514db88c4b8-0068dea9d1 - 0.0041 RL - 1759422929.754414320 1759422929.758550644 0
Oct 2 16:35:29 standalone container-server[126059]: 172.20.0.100 - - [02/Oct/2025:16:35:29 +0000] "GET /d1/629/AUTH_fa3bc31ada1a42afa7e91de9208ec33a/gnocchi.e93abf7e-f93c-4c57-be51-0ad90e45d91c" 200 2 "GET http://localhost:8080/v1/AUTH_fa3bc31ada1a42afa7e91de9208ec33a/gnocchi.e93abf7e-f93c-4c57-be51-0ad90e45d91c?format=json&states=listing" "txc4069a4bd6514db88c4b8-0068dea9d1" "proxy-server 21" 0.0032 "-" 15 0
Oct 2 16:35:29 standalone proxy-server[128011]: 172.18.0.2 ::1 02/Oct/2025/16/35/29 GET /v1/AUTH_fa3bc31ada1a42afa7e91de9208ec33a/gnocchi.e93abf7e-f93c-4c57-be51-0ad90e45d91c%3Fformat%3Djson%26states%3Dlisting HTTP/1.0 200 - python-swiftclient-3.11.1 gAAAAABo3qmJCaCZ... - 2 - txc4069a4bd6514db88c4b8-0068dea9d1 - 0.0175 - - 1759422929.752939463 1759422929.770473003 0
