Nov 30 22:40:59 np0005540556.novalocal object-server[97640]: ::1 - - [01/Dec/2025:03:40:59 +0000] "PUT /2/72187/AUTH_602f37ceccf647698ef9e0fe4d0d45d5/gnocchi.04233cd2-d4f3-4db4-9c35-7c95f19e148b/1763640000.0_mean_300.0_v3" 201 - "PUT https://[::1]:8080/v1/AUTH_602f37ceccf647698ef9e0fe4d0d45d5/gnocchi.04233cd2-d4f3-4db4-9c35-7c95f19e148b/1763640000.0_mean_300.0_v3" "txdba4c44e23f14a40ae2e4-00692d0e4b" "proxy-server 98624" 0.0114 "-" 97640 0
Nov 30 22:40:59 np0005540556.novalocal container-server[97342]: ::1 - - [01/Dec/2025:03:40:59 +0000] "PUT /1/159432/AUTH_602f37ceccf647698ef9e0fe4d0d45d5/gnocchi.04233cd2-d4f3-4db4-9c35-7c95f19e148b/1763640000.0_mean_300.0_v3" 201 - "PUT http://[::1]:8080/3/72187/AUTH_602f37ceccf647698ef9e0fe4d0d45d5/gnocchi.04233cd2-d4f3-4db4-9c35-7c95f19e148b/1763640000.0_mean_300.0_v3" "txdba4c44e23f14a40ae2e4-00692d0e4b" "object-server 97640" 0.0016 "-" 97342 0
Nov 30 22:40:59 np0005540556.novalocal object-server[97640]: ::1 - - [01/Dec/2025:03:40:59 +0000] "PUT /3/72187/AUTH_602f37ceccf647698ef9e0fe4d0d45d5/gnocchi.04233cd2-d4f3-4db4-9c35-7c95f19e148b/1763640000.0_mean_300.0_v3" 201 - "PUT https://[::1]:8080/v1/AUTH_602f37ceccf647698ef9e0fe4d0d45d5/gnocchi.04233cd2-d4f3-4db4-9c35-7c95f19e148b/1763640000.0_mean_300.0_v3" "txdba4c44e23f14a40ae2e4-00692d0e4b" "proxy-server 98624" 0.0177 "-" 97640 0
Nov 30 22:40:59 np0005540556.novalocal container-server[97342]: ::1 - - [01/Dec/2025:03:40:59 +0000] "PUT /3/159432/AUTH_602f37ceccf647698ef9e0fe4d0d45d5/gnocchi.04233cd2-d4f3-4db4-9c35-7c95f19e148b/1763640000.0_mean_300.0_v3" 201 - "PUT http://[::1]:8080/1/72187/AUTH_602f37ceccf647698ef9e0fe4d0d45d5/gnocchi.04233cd2-d4f3-4db4-9c35-7c95f19e148b/1763640000.0_mean_300.0_v3" "txdba4c44e23f14a40ae2e4-00692d0e4b" "object-server 97640" 0.0006 "-" 97342 0
Nov 30 22:40:59 np0005540556.novalocal object-server[97640]: ::1 - - [01/Dec/2025:03:40:59 +0000] "PUT /1/72187/AUTH_602f37ceccf647698ef9e0fe4d0d45d5/gnocchi.04233cd2-d4f3-4db4-9c35-7c95f19e148b/1763640000.0_mean_300.0_v3" 201 - "PUT https://[::1]:8080/v1/AUTH_602f37ceccf647698ef9e0fe4d0d45d5/gnocchi.04233cd2-d4f3-4db4-9c35-7c95f19e148b/1763640000.0_mean_300.0_v3" "txdba4c44e23f14a40ae2e4-00692d0e4b" "proxy-server 98624" 0.0179 "-" 97640 0
Nov 30 22:40:59 np0005540556.novalocal proxy-server[98624]: ::1 ::1 01/Dec/2025/03/40/59 PUT /v1/AUTH_602f37ceccf647698ef9e0fe4d0d45d5/gnocchi.04233cd2-d4f3-4db4-9c35-7c95f19e148b/1763640000.0_mean_300.0_v3 HTTP/1.0 201 - python-swiftclient-4.8.0 gAAAAABpLQ4jjy8F... 16 - - txdba4c44e23f14a40ae2e4-00692d0e4b - 0.0299 - - 1764560459.168247700 1764560459.198177576 0 3cd24aa0af114855987a490c7d44632d
Nov 30 22:40:59 np0005540556.novalocal container-server[97342]: ::1 - - [01/Dec/2025:03:40:59 +0000] "PUT /1/159432/AUTH_602f37ceccf647698ef9e0fe4d0d45d5/gnocchi.04233cd2-d4f3-4db4-9c35-7c95f19e148b/none_v3" 201 - "PUT http://[::1]:8080/1/72134/AUTH_602f37ceccf647698ef9e0fe4d0d45d5/gnocchi.04233cd2-d4f3-4db4-9c35-7c95f19e148b/none_v3" "tx0f858ab0f98a4f4dbebbe-00692d0e4b" "object-server 97639" 0.0012 "-" 97342 0
Nov 30 22:40:59 np0005540556.novalocal container-server[97343]: ::1 - - [01/Dec/2025:03:40:59 +0000] "PUT /3/159432/AUTH_602f37ceccf647698ef9e0fe4d0d45d5/gnocchi.04233cd2-d4f3-4db4-9c35-7c95f19e148b/none_v3" 201 - "PUT http://[::1]:8080/3/72134/AUTH_602f37ceccf647698ef9e0fe4d0d45d5/gnocchi.04233cd2-d4f3-4db4-9c35-7c95f19e148b/none_v3" "tx0f858ab0f98a4f4dbebbe-00692d0e4b" "object-server 97640" 0.0009 "-" 97343 0
Nov 30 22:40:59 np0005540556.novalocal object-server[97639]: ::1 - - [01/Dec/2025:03:40:59 +0000] "PUT /1/72134/AUTH_602f37ceccf647698ef9e0fe4d0d45d5/gnocchi.04233cd2-d4f3-4db4-9c35-7c95f19e148b/none_v3" 201 - "PUT https://[::1]:8080/v1/AUTH_602f37ceccf647698ef9e0fe4d0d45d5/gnocchi.04233cd2-d4f3-4db4-9c35-7c95f19e148b/none_v3" "tx0f858ab0f98a4f4dbebbe-00692d0e4b" "proxy-server 98624" 0.0149 "-" 97639 0
Nov 30 22:40:59 np0005540556.novalocal object-server[97640]: ::1 - - [01/Dec/2025:03:40:59 +0000] "PUT /3/72134/AUTH_602f37ceccf647698ef9e0fe4d0d45d5/gnocchi.04233cd2-d4f3-4db4-9c35-7c95f19e148b/none_v3" 201 - "PUT https://[::1]:8080/v1/AUTH_602f37ceccf647698ef9e0fe4d0d45d5/gnocchi.04233cd2-d4f3-4db4-9c35-7c95f19e148b/none_v3" "tx0f858ab0f98a4f4dbebbe-00692d0e4b" "proxy-server 98624" 0.0148 "-" 97640 0
Nov 30 22:40:59 np0005540556.novalocal container-server[97342]: ::1 - - [01/Dec/2025:03:40:59 +0000] "PUT /2/159432/AUTH_602f37ceccf647698ef9e0fe4d0d45d5/gnocchi.04233cd2-d4f3-4db4-9c35-7c95f19e148b/none_v3" 201 - "PUT http://[::1]:8080/2/72134/AUTH_602f37ceccf647698ef9e0fe4d0d45d5/gnocchi.04233cd2-d4f3-4db4-9c35-7c95f19e148b/none_v3" "tx0f858ab0f98a4f4dbebbe-00692d0e4b" "object-server 97640" 0.0008 "-" 97342 0
Nov 30 22:40:59 np0005540556.novalocal object-server[97640]: ::1 - - [01/Dec/2025:03:40:59 +0000] "PUT /2/72134/AUTH_602f37ceccf647698ef9e0fe4d0d45d5/gnocchi.04233cd2-d4f3-4db4-9c35-7c95f19e148b/none_v3" 201 - "PUT https://[::1]:8080/v1/AUTH_602f37ceccf647698ef9e0fe4d0d45d5/gnocchi.04233cd2-d4f3-4db4-9c35-7c95f19e148b/none_v3" "tx0f858ab0f98a4f4dbebbe-00692d0e4b" "proxy-server 98624" 0.0184 "-" 97640 0
Nov 30 22:40:59 np0005540556.novalocal proxy-server[98624]: ::1 ::1 01/Dec/2025/03/40/59 PUT /v1/AUTH_602f37ceccf647698ef9e0fe4d0d45d5/gnocchi.04233cd2-d4f3-4db4-9c35-7c95f19e148b/none_v3 HTTP/1.0 201 - python-swiftclient-4.8.0 gAAAAABpLQ4jjy8F... 44 - - tx0f858ab0f98a4f4dbebbe-00692d0e4b - 0.0321 - - 1764560459.203830957 1764560459.235929966 0 3cd24aa0af114855987a490c7d44632d
Nov 30 22:40:59 np0005540556.novalocal object-server[97639]: ::1 - - [01/Dec/2025:03:40:59 +0000] "GET /1/156659/AUTH_602f37ceccf647698ef9e0fe4d0d45d5/gnocchi.b7b3cafe-6d38-4bc6-a3cf-664e9fbc0315/none_v3" 200 46 "GET https://[::1]:8080/v1/AUTH_602f37ceccf647698ef9e0fe4d0d45d5/gnocchi.b7b3cafe-6d38-4bc6-a3cf-664e9fbc0315/none_v3" "tx047cd23e8314440eb3c4b-00692d0e4b" "proxy-server 98624" 0.0017 "-" 97639 0
Nov 30 22:40:59 np0005540556.novalocal proxy-server[98624]: ::1 ::1 01/Dec/2025/03/40/59 GET /v1/AUTH_602f37ceccf647698ef9e0fe4d0d45d5/gnocchi.b7b3cafe-6d38-4bc6-a3cf-664e9fbc0315/none_v3 HTTP/1.0 200 - python-swiftclient-4.8.0 gAAAAABpLQ4jjy8F... - 46 - tx047cd23e8314440eb3c4b-00692d0e4b - 0.0150 - - 1764560459.268389225 1764560459.283345938 0 3cd24aa0af114855987a490c7d44632d
Nov 30 22:40:59 np0005540556.novalocal container-server[97342]: ::1 - - [01/Dec/2025:03:40:59 +0000] "GET /1/174506/AUTH_602f37ceccf647698ef9e0fe4d0d45d5/gnocchi.b7b3cafe-6d38-4bc6-a3cf-664e9fbc0315" 200 357 "GET https://[::1]:8080/v1/AUTH_602f37ceccf647698ef9e0fe4d0d45d5/gnocchi.b7b3cafe-6d38-4bc6-a3cf-664e9fbc0315?format=json&states=listing" "tx90a350ab11b74cdf86030-00692d0e4b" "proxy-server 98624" 0.0118 "-" 97342 0
Nov 30 22:40:59 np0005540556.novalocal proxy-server[98624]: ::1 ::1 01/Dec/2025/03/40/59 GET /v1/AUTH_602f37ceccf647698ef9e0fe4d0d45d5/gnocchi.b7b3cafe-6d38-4bc6-a3cf-664e9fbc0315%3Fformat%3Djson%26states%3Dlisting HTTP/1.0 200 - python-swiftclient-4.8.0 gAAAAABpLQ4jjy8F... - 357 - tx90a350ab11b74cdf86030-00692d0e4b - 0.0245 - - 1764560459.288474560 1764560459.312995434 0 3cd24aa0af114855987a490c7d44632d
Nov 30 22:40:59 np0005540556.novalocal container-server[97343]: ::1 - - [01/Dec/2025:03:40:59 +0000] "GET /2/174506/AUTH_602f37ceccf647698ef9e0fe4d0d45d5/gnocchi.b7b3cafe-6d38-4bc6-a3cf-664e9fbc0315" 200 2 "GET https://[::1]:8080/v1/AUTH_602f37ceccf647698ef9e0fe4d0d45d5/gnocchi.b7b3cafe-6d38-4bc6-a3cf-664e9fbc0315?format=json&marker=none_v3&states=listing" "txeff85313c7fc4d18af43c-00692d0e4b" "proxy-server 98624" 0.0093 "-" 97343 0
Nov 30 22:40:59 np0005540556.novalocal proxy-server[98624]: ::1 ::1 01/Dec/2025/03/40/59 GET /v1/AUTH_602f37ceccf647698ef9e0fe4d0d45d5/gnocchi.b7b3cafe-6d38-4bc6-a3cf-664e9fbc0315%3Fformat%3Djson%26marker%3Dnone_v3%26states%3Dlisting HTTP/1.0 200 - python-swiftclient-4.8.0 gAAAAABpLQ4jjy8F... - 2 - txeff85313c7fc4d18af43c-00692d0e4b - 0.0199 - - 1764560459.317164660 1764560459.337100983 0 3cd24aa0af114855987a490c7d44632d
Nov 30 22:40:59 np0005540556.novalocal object-server[97640]: ::1 - - [01/Dec/2025:03:40:59 +0000] "GET /3/58411/AUTH_602f37ceccf647698ef9e0fe4d0d45d5/gnocchi.b7b3cafe-6d38-4bc6-a3cf-664e9fbc0315/1763640000.0_mean_300.0_v3" 200 16 "GET https://[::1]:8080/v1/AUTH_602f37ceccf647698ef9e0fe4d0d45d5/gnocchi.b7b3cafe-6d38-4bc6-a3cf-664e9fbc0315/1763640000.0_mean_300.0_v3" "txe3a3669f2ff3490f925d6-00692d0e4b" "proxy-server 98624" 0.0007 "-" 97640 0
Nov 30 22:40:59 np0005540556.novalocal proxy-server[98624]: ::1 ::1 01/Dec/2025/03/40/59 GET /v1/AUTH_602f37ceccf647698ef9e0fe4d0d45d5/gnocchi.b7b3cafe-6d38-4bc6-a3cf-664e9fbc0315/1763640000.0_mean_300.0_v3 HTTP/1.0 200 - python-swiftclient-4.8.0 gAAAAABpLQ4jjy8F... - 16 - txe3a3669f2ff3490f925d6-00692d0e4b - 0.0086 - - 1764560459.343347549 1764560459.351991415 0 3cd24aa0af114855987a490c7d44632d
Nov 30 22:40:59 np0005540556.novalocal container-server[97343]: ::1 - - [01/Dec/2025:03:40:59 +0000] "PUT /1/174506/AUTH_602f37ceccf647698ef9e0fe4d0d45d5/gnocchi.b7b3cafe-6d38-4bc6-a3cf-664e9fbc0315/1763640000.0_mean_300.0_v3" 201 - "PUT http://[::1]:8080/2/58411/AUTH_602f37ceccf647698ef9e0fe4d0d45d5/gnocchi.b7b3cafe-6d38-4bc6-a3cf-664e9fbc0315/1763640000.0_mean_300.0_v3" "tx4a05e7e712734ad895110-00692d0e4b" "object-server 97639" 0.0006 "-" 97343 0
Nov 30 22:40:59 np0005540556.novalocal container-server[97342]: ::1 - - [01/Dec/2025:03:40:59 +0000] "PUT /2/174506/AUTH_602f37ceccf647698ef9e0fe4d0d45d5/gnocchi.b7b3cafe-6d38-4bc6-a3cf-664e9fbc0315/1763640000.0_mean_300.0_v3" 201 - "PUT http://[::1]:8080/1/58411/AUTH_602f37ceccf647698ef9e0fe4d0d45d5/gnocchi.b7b3cafe-6d38-4bc6-a3cf-664e9fbc0315/1763640000.0_mean_300.0_v3" "tx4a05e7e712734ad895110-00692d0e4b" "object-server 97640" 0.0009 "-" 97342 0
Nov 30 22:40:59 np0005540556.novalocal object-server[97639]: ::1 - - [01/Dec/2025:03:40:59 +0000] "PUT /2/58411/AUTH_602f37ceccf647698ef9e0fe4d0d45d5/gnocchi.b7b3cafe-6d38-4bc6-a3cf-664e9fbc0315/1763640000.0_mean_300.0_v3" 201 - "PUT https://[::1]:8080/v1/AUTH_602f37ceccf647698ef9e0fe4d0d45d5/gnocchi.b7b3cafe-6d38-4bc6-a3cf-664e9fbc0315/1763640000.0_mean_300.0_v3" "tx4a05e7e712734ad895110-00692d0e4b" "proxy-server 98624" 0.0174 "-" 97639 0
Nov 30 22:40:59 np0005540556.novalocal object-server[97640]: ::1 - - [01/Dec/2025:03:40:59 +0000] "PUT /1/58411/AUTH_602f37ceccf647698ef9e0fe4d0d45d5/gnocchi.b7b3cafe-6d38-4bc6-a3cf-664e9fbc0315/1763640000.0_mean_300.0_v3" 201 - "PUT https://[::1]:8080/v1/AUTH_602f37ceccf647698ef9e0fe4d0d45d5/gnocchi.b7b3cafe-6d38-4bc6-a3cf-664e9fbc0315/1763640000.0_mean_300.0_v3" "tx4a05e7e712734ad895110-00692d0e4b" "proxy-server 98624" 0.0196 "-" 97640 0
Nov 30 22:40:59 np0005540556.novalocal container-server[97342]: ::1 - - [01/Dec/2025:03:40:59 +0000] "PUT /3/174506/AUTH_602f37ceccf647698ef9e0fe4d0d45d5/gnocchi.b7b3cafe-6d38-4bc6-a3cf-664e9fbc0315/1763640000.0_mean_300.0_v3" 201 - "PUT http://[::1]:8080/3/58411/AUTH_602f37ceccf647698ef9e0fe4d0d45d5/gnocchi.b7b3cafe-6d38-4bc6-a3cf-664e9fbc0315/1763640000.0_mean_300.0_v3" "tx4a05e7e712734ad895110-00692d0e4b" "object-server 97639" 0.0005 "-" 97342 0
Nov 30 22:40:59 np0005540556.novalocal object-server[97639]: ::1 - - [01/Dec/2025:03:40:59 +0000] "PUT /3/58411/AUTH_602f37ceccf647698ef9e0fe4d0d45d5/gnocchi.b7b3cafe-6d38-4bc6-a3cf-664e9fbc0315/1763640000.0_mean_300.0_v3" 201 - "PUT https://[::1]:8080/v1/AUTH_602f37ceccf647698ef9e0fe4d0d45d5/gnocchi.b7b3cafe-6d38-4bc6-a3cf-664e9fbc0315/1763640000.0_mean_300.0_v3" "tx4a05e7e712734ad895110-00692d0e4b" "proxy-server 98624" 0.0163 "-" 97639 0
Nov 30 22:40:59 np0005540556.novalocal proxy-server[98624]: ::1 ::1 01/Dec/2025/03/40/59 PUT /v1/AUTH_602f37ceccf647698ef9e0fe4d0d45d5/gnocchi.b7b3cafe-6d38-4bc6-a3cf-664e9fbc0315/1763640000.0_mean_300.0_v3 HTTP/1.0 201 - python-swiftclient-4.8.0 gAAAAABpLQ4jjy8F... 16 - - tx4a05e7e712734ad895110-00692d0e4b - 0.0309 - - 1764560459.355944395 1764560459.386803150 0 3cd24aa0af114855987a490c7d44632d
Nov 30 22:40:59 np0005540556.novalocal container-server[97342]: ::1 - - [01/Dec/2025:03:40:59 +0000] "PUT /3/174506/AUTH_602f37ceccf647698ef9e0fe4d0d45d5/gnocchi.b7b3cafe-6d38-4bc6-a3cf-664e9fbc0315/none_v3" 201 - "PUT http://[::1]:8080/1/156659/AUTH_602f37ceccf647698ef9e0fe4d0d45d5/gnocchi.b7b3cafe-6d38-4bc6-a3cf-664e9fbc0315/none_v3" "txdd1fa0d84d0040b9ab846-00692d0e4b" "object-server 97640" 0.0007 "-" 97342 0
Nov 30 22:40:59 np0005540556.novalocal object-server[97640]: ::1 - - [01/Dec/2025:03:40:59 +0000] "PUT /1/156659/AUTH_602f37ceccf647698ef9e0fe4d0d45d5/gnocchi.b7b3cafe-6d38-4bc6-a3cf-664e9fbc0315/none_v3" 201 - "PUT https://[::1]:8080/v1/AUTH_602f37ceccf647698ef9e0fe4d0d45d5/gnocchi.b7b3cafe-6d38-4bc6-a3cf-664e9fbc0315/none_v3" "txdd1fa0d84d0040b9ab846-00692d0e4b" "proxy-server 98624" 0.0125 "-" 97640 0
Nov 30 22:40:59 np0005540556.novalocal container-server[97342]: ::1 - - [01/Dec/2025:03:40:59 +0000] "PUT /2/174506/AUTH_602f37ceccf647698ef9e0fe4d0d45d5/gnocchi.b7b3cafe-6d38-4bc6-a3cf-664e9fbc0315/none_v3" 201 - "PUT http://[::1]:8080/3/156659/AUTH_602f37ceccf647698ef9e0fe4d0d45d5/gnocchi.b7b3cafe-6d38-4bc6-a3cf-664e9fbc0315/none_v3" "txdd1fa0d84d0040b9ab846-00692d0e4b" "object-server 97640" 0.0004 "-" 97342 0
Nov 30 22:40:59 np0005540556.novalocal container-server[97343]: ::1 - - [01/Dec/2025:03:40:59 +0000] "PUT /1/174506/AUTH_602f37ceccf647698ef9e0fe4d0d45d5/gnocchi.b7b3cafe-6d38-4bc6-a3cf-664e9fbc0315/none_v3" 201 - "PUT http://[::1]:8080/2/156659/AUTH_602f37ceccf647698ef9e0fe4d0d45d5/gnocchi.b7b3cafe-6d38-4bc6-a3cf-664e9fbc0315/none_v3" "txdd1fa0d84d0040b9ab846-00692d0e4b" "object-server 97640" 0.0008 "-" 97343 0
Nov 30 22:40:59 np0005540556.novalocal object-server[97640]: ::1 - - [01/Dec/2025:03:40:59 +0000] "PUT /3/156659/AUTH_602f37ceccf647698ef9e0fe4d0d45d5/gnocchi.b7b3cafe-6d38-4bc6-a3cf-664e9fbc0315/none_v3" 201 - "PUT https://[::1]:8080/v1/AUTH_602f37ceccf647698ef9e0fe4d0d45d5/gnocchi.b7b3cafe-6d38-4bc6-a3cf-664e9fbc0315/none_v3" "txdd1fa0d84d0040b9ab846-00692d0e4b" "proxy-server 98624" 0.0124 "-" 97640 0
Nov 30 22:40:59 np0005540556.novalocal object-server[97640]: ::1 - - [01/Dec/2025:03:40:59 +0000] "PUT /2/156659/AUTH_602f37ceccf647698ef9e0fe4d0d45d5/gnocchi.b7b3cafe-6d38-4bc6-a3cf-664e9fbc0315/none_v3" 201 - "PUT https://[::1]:8080/v1/AUTH_602f37ceccf647698ef9e0fe4d0d45d5/gnocchi.b7b3cafe-6d38-4bc6-a3cf-664e9fbc0315/none_v3" "txdd1fa0d84d0040b9ab846-00692d0e4b" "proxy-server 98624" 0.0163 "-" 97640 0
Nov 30 22:40:59 np0005540556.novalocal proxy-server[98624]: ::1 ::1 01/Dec/2025/03/40/59 PUT /v1/AUTH_602f37ceccf647698ef9e0fe4d0d45d5/gnocchi.b7b3cafe-6d38-4bc6-a3cf-664e9fbc0315/none_v3 HTTP/1.0 201 - python-swiftclient-4.8.0 gAAAAABpLQ4jjy8F... 51 - - txdd1fa0d84d0040b9ab846-00692d0e4b - 0.0226 - - 1764560459.389617443 1764560459.412250280 0 3cd24aa0af114855987a490c7d44632d
Nov 30 22:40:59 np0005540556.novalocal container-server[97343]: ::1 - - [01/Dec/2025:03:40:59 +0000] "HEAD /2/72533/AUTH_602f37ceccf647698ef9e0fe4d0d45d5/gnocchi.e95a8599-b35e-4760-be2a-6cb4705c1430" 404 - "HEAD http://[::1]:8080/v1/AUTH_602f37ceccf647698ef9e0fe4d0d45d5/gnocchi.e95a8599-b35e-4760-be2a-6cb4705c1430" "tx9ca032838ba740b5b5ce9-00692d0e4b" "proxy-server 98624" 0.0005 "-" 97343 0
Nov 30 22:40:59 np0005540556.novalocal container-server[97342]: ::1 - - [01/Dec/2025:03:40:59 +0000] "HEAD /1/72533/AUTH_602f37ceccf647698ef9e0fe4d0d45d5/gnocchi.e95a8599-b35e-4760-be2a-6cb4705c1430" 404 - "HEAD http://[::1]:8080/v1/AUTH_602f37ceccf647698ef9e0fe4d0d45d5/gnocchi.e95a8599-b35e-4760-be2a-6cb4705c1430" "tx9ca032838ba740b5b5ce9-00692d0e4b" "proxy-server 98624" 0.0006 "-" 97342 0
Nov 30 22:40:59 np0005540556.novalocal container-server[97342]: ::1 - - [01/Dec/2025:03:40:59 +0000] "HEAD /3/72533/AUTH_602f37ceccf647698ef9e0fe4d0d45d5/gnocchi.e95a8599-b35e-4760-be2a-6cb4705c1430" 404 - "HEAD http://[::1]:8080/v1/AUTH_602f37ceccf647698ef9e0fe4d0d45d5/gnocchi.e95a8599-b35e-4760-be2a-6cb4705c1430" "tx9ca032838ba740b5b5ce9-00692d0e4b" "proxy-server 98624" 0.0003 "-" 97342 0
Nov 30 22:40:59 np0005540556.novalocal proxy-server[98624]: - - 01/Dec/2025/03/40/59 HEAD /v1/AUTH_602f37ceccf647698ef9e0fe4d0d45d5/gnocchi.e95a8599-b35e-4760-be2a-6cb4705c1430 HTTP/1.0 404 - Swift - - - - tx9ca032838ba740b5b5ce9-00692d0e4b - 0.0125 CS - 1764560459.467453957 1764560459.479933977 0 -
Nov 30 22:40:59 np0005540556.novalocal object-server[97640]: ::1 - - [01/Dec/2025:03:40:59 +0000] "GET /3/169787/AUTH_602f37ceccf647698ef9e0fe4d0d45d5/gnocchi.e95a8599-b35e-4760-be2a-6cb4705c1430/none_v3" 404 70 "GET https://[::1]:8080/v1/AUTH_602f37ceccf647698ef9e0fe4d0d45d5/gnocchi.e95a8599-b35e-4760-be2a-6cb4705c1430/none_v3" "tx9ca032838ba740b5b5ce9-00692d0e4b" "proxy-server 98624" 0.0005 "-" 97640 0
Nov 30 22:40:59 np0005540556.novalocal object-server[97640]: ::1 - - [01/Dec/2025:03:40:59 +0000] "GET /2/169787/AUTH_602f37ceccf647698ef9e0fe4d0d45d5/gnocchi.e95a8599-b35e-4760-be2a-6cb4705c1430/none_v3" 404 70 "GET https://[::1]:8080/v1/AUTH_602f37ceccf647698ef9e0fe4d0d45d5/gnocchi.e95a8599-b35e-4760-be2a-6cb4705c1430/none_v3" "tx9ca032838ba740b5b5ce9-00692d0e4b" "proxy-server 98624" 0.0002 "-" 97640 0
Nov 30 22:40:59 np0005540556.novalocal object-server[97640]: ::1 - - [01/Dec/2025:03:40:59 +0000] "GET /1/169787/AUTH_602f37ceccf647698ef9e0fe4d0d45d5/gnocchi.e95a8599-b35e-4760-be2a-6cb4705c1430/none_v3" 404 70 "GET https://[::1]:8080/v1/AUTH_602f37ceccf647698ef9e0fe4d0d45d5/gnocchi.e95a8599-b35e-4760-be2a-6cb4705c1430/none_v3" "tx9ca032838ba740b5b5ce9-00692d0e4b" "proxy-server 98624" 0.0002 "-" 97640 0
Nov 30 22:40:59 np0005540556.novalocal proxy-server[98624]: ::1 ::1 01/Dec/2025/03/40/59 GET /v1/AUTH_602f37ceccf647698ef9e0fe4d0d45d5/gnocchi.e95a8599-b35e-4760-be2a-6cb4705c1430/none_v3 HTTP/1.0 404 - python-swiftclient-4.8.0 gAAAAABpLQ4jjy8F... - 70 - tx9ca032838ba740b5b5ce9-00692d0e4b - 0.0288 - - 1764560459.466234446 1764560459.495005131 0 3cd24aa0af114855987a490c7d44632d
Nov 30 22:40:59 np0005540556.novalocal account-server[97043]: ::1 - - [01/Dec/2025:03:40:59 +0000] "PUT /2/108421/AUTH_602f37ceccf647698ef9e0fe4d0d45d5/gnocchi.e95a8599-b35e-4760-be2a-6cb4705c1430" 201 - "PUT http://[::1]:6001/2/72533/AUTH_602f37ceccf647698ef9e0fe4d0d45d5/gnocchi.e95a8599-b35e-4760-be2a-6cb4705c1430" "txd9bf688fe19c467c9de64-00692d0e4b" "container-server 97343" 0.0022 "-" 97043 0
Nov 30 22:40:59 np0005540556.novalocal object-auditor[104763]: Begin object audit "forever" mode (ZBF)
Nov 30 22:40:59 np0005540556.novalocal container-server[97343]: ::1 - - [01/Dec/2025:03:40:59 +0000] "PUT /2/72533/AUTH_602f37ceccf647698ef9e0fe4d0d45d5/gnocchi.e95a8599-b35e-4760-be2a-6cb4705c1430" 201 - "PUT https://[::1]:8080/v1/AUTH_602f37ceccf647698ef9e0fe4d0d45d5/gnocchi.e95a8599-b35e-4760-be2a-6cb4705c1430" "txd9bf688fe19c467c9de64-00692d0e4b" "proxy-server 98624" 0.0381 "-" 97343 0
Nov 30 22:40:59 np0005540556.novalocal account-server[97042]: ::1 - - [01/Dec/2025:03:40:59 +0000] "PUT /3/108421/AUTH_602f37ceccf647698ef9e0fe4d0d45d5/gnocchi.e95a8599-b35e-4760-be2a-6cb4705c1430" 201 - "PUT http://[::1]:6001/3/72533/AUTH_602f37ceccf647698ef9e0fe4d0d45d5/gnocchi.e95a8599-b35e-4760-be2a-6cb4705c1430" "txd9bf688fe19c467c9de64-00692d0e4b" "container-server 97343" 0.0012 "-" 97042 0
Nov 30 22:40:59 np0005540556.novalocal account-server[97043]: ::1 - - [01/Dec/2025:03:40:59 +0000] "PUT /1/108421/AUTH_602f37ceccf647698ef9e0fe4d0d45d5/gnocchi.e95a8599-b35e-4760-be2a-6cb4705c1430" 201 - "PUT http://[::1]:6001/1/72533/AUTH_602f37ceccf647698ef9e0fe4d0d45d5/gnocchi.e95a8599-b35e-4760-be2a-6cb4705c1430" "txd9bf688fe19c467c9de64-00692d0e4b" "container-server 97343" 0.0016 "-" 97043 0
Nov 30 22:40:59 np0005540556.novalocal container-server[97343]: ::1 - - [01/Dec/2025:03:40:59 +0000] "PUT /3/72533/AUTH_602f37ceccf647698ef9e0fe4d0d45d5/gnocchi.e95a8599-b35e-4760-be2a-6cb4705c1430" 201 - "PUT https://[::1]:8080/v1/AUTH_602f37ceccf647698ef9e0fe4d0d45d5/gnocchi.e95a8599-b35e-4760-be2a-6cb4705c1430" "txd9bf688fe19c467c9de64-00692d0e4b" "proxy-server 98624" 0.0288 "-" 97343 0
Nov 30 22:40:59 np0005540556.novalocal container-server[97343]: ::1 - - [01/Dec/2025:03:40:59 +0000] "PUT /1/72533/AUTH_602f37ceccf647698ef9e0fe4d0d45d5/gnocchi.e95a8599-b35e-4760-be2a-6cb4705c1430" 201 - "PUT https://[::1]:8080/v1/AUTH_602f37ceccf647698ef9e0fe4d0d45d5/gnocchi.e95a8599-b35e-4760-be2a-6cb4705c1430" "txd9bf688fe19c467c9de64-00692d0e4b" "proxy-server 98624" 0.0178 "-" 97343 0
Nov 30 22:40:59 np0005540556.novalocal object-auditor[104763]: Object audit (ZBF). Since Mon Dec 1 03:40:59 2025: Locally: 1 passed, 0 quarantined, 0 errors, files/sec: 198.79, bytes/sec: 0.00, Total time: 0.01, Auditing time: 0.00, Rate: 0.00
Nov 30 22:40:59 np0005540556.novalocal proxy-server[98624]: ::1 ::1 01/Dec/2025/03/40/59 PUT /v1/AUTH_602f37ceccf647698ef9e0fe4d0d45d5/gnocchi.e95a8599-b35e-4760-be2a-6cb4705c1430 HTTP/1.0 201 - python-swiftclient-4.8.0 gAAAAABpLQ4jjy8F... - - - txd9bf688fe19c467c9de64-00692d0e4b - 0.0525 - - 1764560459.498360634 1764560459.550869465 0 3cd24aa0af114855987a490c7d44632d
Nov 30 22:40:59 np0005540556.novalocal container-server[97342]: ::1 - - [01/Dec/2025:03:40:59 +0000] "HEAD /2/72533/AUTH_602f37ceccf647698ef9e0fe4d0d45d5/gnocchi.e95a8599-b35e-4760-be2a-6cb4705c1430" 204 - "HEAD http://[::1]:8080/v1/AUTH_602f37ceccf647698ef9e0fe4d0d45d5/gnocchi.e95a8599-b35e-4760-be2a-6cb4705c1430" "tx04ba689f4748406695d21-00692d0e4b" "proxy-server 98624" 0.0027 "-" 97342 0
Nov 30 22:40:59 np0005540556.novalocal proxy-server[98624]: - - 01/Dec/2025/03/40/59 HEAD /v1/AUTH_602f37ceccf647698ef9e0fe4d0d45d5/gnocchi.e95a8599-b35e-4760-be2a-6cb4705c1430 HTTP/1.0 204 - Swift - - - - tx04ba689f4748406695d21-00692d0e4b - 0.0109 CS - 1764560459.558139563 1764560459.569036961 0 -
Nov 30 22:40:59 np0005540556.novalocal container-server[97343]: ::1 - - [01/Dec/2025:03:40:59 +0000] "GET /3/72533/AUTH_602f37ceccf647698ef9e0fe4d0d45d5/gnocchi.e95a8599-b35e-4760-be2a-6cb4705c1430" 200 2 "GET https://[::1]:8080/v1/AUTH_602f37ceccf647698ef9e0fe4d0d45d5/gnocchi.e95a8599-b35e-4760-be2a-6cb4705c1430?format=json&states=listing" "tx04ba689f4748406695d21-00692d0e4b" "proxy-server 98624" 0.0044 "-" 97343 0
Nov 30 22:40:59 np0005540556.novalocal proxy-server[98624]: ::1 ::1 01/Dec/2025/03/40/59 GET /v1/AUTH_602f37ceccf647698ef9e0fe4d0d45d5/gnocchi.e95a8599-b35e-4760-be2a-6cb4705c1430%3Fformat%3Djson%26states%3Dlisting HTTP/1.0 200 - python-swiftclient-4.8.0 gAAAAABpLQ4jjy8F... - 2 - tx04ba689f4748406695d21-00692d0e4b - 0.0287 - - 1764560459.556605339 1764560459.585303545 0 3cd24aa0af114855987a490c7d44632d
Nov 30 22:40:59 np0005540556.novalocal object-server[97639]: ::1 - - [01/Dec/2025:03:40:59 +0000] "GET /2/247073/AUTH_602f37ceccf647698ef9e0fe4d0d45d5/gnocchi.e95a8599-b35e-4760-be2a-6cb4705c1430/1763640000.0_mean_300.0_v3" 404 70 "GET https://[::1]:8080/v1/AUTH_602f37ceccf647698ef9e0fe4d0d45d5/gnocchi.e95a8599-b35e-4760-be2a-6cb4705c1430/1763640000.0_mean_300.0_v3" "txfaf10e7c3204496c9a3f0-00692d0e4b" "proxy-server 98624" 0.0007 "-" 97639 0
Nov 30 22:40:59 np0005540556.novalocal object-server[97640]: ::1 - - [01/Dec/2025:03:40:59 +0000] "GET /1/247073/AUTH_602f37ceccf647698ef9e0fe4d0d45d5/gnocchi.e95a8599-b35e-4760-be2a-6cb4705c1430/1763640000.0_mean_300.0_v3" 404 70 "GET https://[::1]:8080/v1/AUTH_602f37ceccf647698ef9e0fe4d0d45d5/gnocchi.e95a8599-b35e-4760-be2a-6cb4705c1430/1763640000.0_mean_300.0_v3" "txfaf10e7c3204496c9a3f0-00692d0e4b" "proxy-server 98624" 0.0005 "-" 97640 0
Nov 30 22:40:59 np0005540556.novalocal object-server[97640]: ::1 - - [01/Dec/2025:03:40:59 +0000] "GET /3/247073/AUTH_602f37ceccf647698ef9e0fe4d0d45d5/gnocchi.e95a8599-b35e-4760-be2a-6cb4705c1430/1763640000.0_mean_300.0_v3" 404 70 "GET https://[::1]:8080/v1/AUTH_602f37ceccf647698ef9e0fe4d0d45d5/gnocchi.e95a8599-b35e-4760-be2a-6cb4705c1430/1763640000.0_mean_300.0_v3" "txfaf10e7c3204496c9a3f0-00692d0e4b" "proxy-server 98624" 0.0004 "-" 97640 0
Nov 30 22:40:59 np0005540556.novalocal proxy-server[98624]: ::1 ::1 01/Dec/2025/03/40/59 GET /v1/AUTH_602f37ceccf647698ef9e0fe4d0d45d5/gnocchi.e95a8599-b35e-4760-be2a-6cb4705c1430/1763640000.0_mean_300.0_v3 HTTP/1.0 404 - python-swiftclient-4.8.0 gAAAAABpLQ4jjy8F... - 70 - txfaf10e7c3204496c9a3f0-00692d0e4b - 0.0201 - - 1764560459.590809107 1764560459.610949278 0 3cd24aa0af114855987a490c7d44632d
Nov 30 22:40:59 np0005540556.novalocal container-server[97343]: ::1 - - [01/Dec/2025:03:40:59 +0000] "PUT /2/72533/AUTH_602f37ceccf647698ef9e0fe4d0d45d5/gnocchi.e95a8599-b35e-4760-be2a-6cb4705c1430/1763640000.0_mean_300.0_v3" 201 - "PUT http://[::1]:8080/3/247073/AUTH_602f37ceccf647698ef9e0fe4d0d45d5/gnocchi.e95a8599-b35e-4760-be2a-6cb4705c1430/1763640000.0_mean_300.0_v3" "tx0cf1556f773748efa17de-00692d0e4b" "object-server 97639" 0.0013 "-" 97343 0
Nov 30 22:40:59 np0005540556.novalocal object-server[97639]: ::1 - - [01/Dec/2025:03:40:59 +0000] "PUT /3/247073/AUTH_602f37ceccf647698ef9e0fe4d0d45d5/gnocchi.e95a8599-b35e-4760-be2a-6cb4705c1430/1763640000.0_mean_300.0_v3" 201 - "PUT https://[::1]:8080/v1/AUTH_602f37ceccf647698ef9e0fe4d0d45d5/gnocchi.e95a8599-b35e-4760-be2a-6cb4705c1430/1763640000.0_mean_300.0_v3" "tx0cf1556f773748efa17de-00692d0e4b" "proxy-server 98624" 0.0154 "-" 97639 0
Nov 30 22:40:59 np0005540556.novalocal container-server[97342]: ::1 - - [01/Dec/2025:03:40:59 +0000] "PUT /1/72533/AUTH_602f37ceccf647698ef9e0fe4d0d45d5/gnocchi.e95a8599-b35e-4760-be2a-6cb4705c1430/1763640000.0_mean_300.0_v3" 201 - "PUT http://[::1]:8080/1/247073/AUTH_602f37ceccf647698ef9e0fe4d0d45d5/gnocchi.e95a8599-b35e-4760-be2a-6cb4705c1430/1763640000.0_mean_300.0_v3" "tx0cf1556f773748efa17de-00692d0e4b" "object-server 97639" 0.0012 "-" 97342 0
Nov 30 22:40:59 np0005540556.novalocal object-server[97639]: ::1 - - [01/Dec/2025:03:40:59 +0000] "PUT /1/247073/AUTH_602f37ceccf647698ef9e0fe4d0d45d5/gnocchi.e95a8599-b35e-4760-be2a-6cb4705c1430/1763640000.0_mean_300.0_v3" 201 - "PUT https://[::1]:8080/v1/AUTH_602f37ceccf647698ef9e0fe4d0d45d5/gnocchi.e95a8599-b35e-4760-be2a-6cb4705c1430/1763640000.0_mean_300.0_v3" "tx0cf1556f773748efa17de-00692d0e4b" "proxy-server 98624" 0.0155 "-" 97639 0
Nov 30 22:40:59 np0005540556.novalocal container-server[97343]: ::1 - - [01/Dec/2025:03:40:59 +0000] "PUT /3/72533/AUTH_602f37ceccf647698ef9e0fe4d0d45d5/gnocchi.e95a8599-b35e-4760-be2a-6cb4705c1430/1763640000.0_mean_300.0_v3" 201 - "PUT http://[::1]:8080/2/247073/AUTH_602f37ceccf647698ef9e0fe4d0d45d5/gnocchi.e95a8599-b35e-4760-be2a-6cb4705c1430/1763640000.0_mean_300.0_v3" "tx0cf1556f773748efa17de-00692d0e4b" "object-server 97640" 0.0008 "-" 97343 0
Nov 30 22:40:59 np0005540556.novalocal object-server[97640]: ::1 - - [01/Dec/2025:03:40:59 +0000] "PUT /2/247073/AUTH_602f37ceccf647698ef9e0fe4d0d45d5/gnocchi.e95a8599-b35e-4760-be2a-6cb4705c1430/1763640000.0_mean_300.0_v3" 201 - "PUT https://[::1]:8080/v1/AUTH_602f37ceccf647698ef9e0fe4d0d45d5/gnocchi.e95a8599-b35e-4760-be2a-6cb4705c1430/1763640000.0_mean_300.0_v3" "tx0cf1556f773748efa17de-00692d0e4b" "proxy-server 98624" 0.0203 "-" 97640 0
Nov 30 22:40:59 np0005540556.novalocal proxy-server[98624]: ::1 ::1 01/Dec/2025/03/40/59 PUT /v1/AUTH_602f37ceccf647698ef9e0fe4d0d45d5/gnocchi.e95a8599-b35e-4760-be2a-6cb4705c1430/1763640000.0_mean_300.0_v3 HTTP/1.0 201 - python-swiftclient-4.8.0 gAAAAABpLQ4jjy8F... 16 - - tx0cf1556f773748efa17de-00692d0e4b - 0.0296 - - 1764560459.615073204 1764560459.644659042 0 3cd24aa0af114855987a490c7d44632d
Nov 30 22:40:59 np0005540556.novalocal container-server[97343]: ::1 - - [01/Dec/2025:03:40:59 +0000] "PUT /1/72533/AUTH_602f37ceccf647698ef9e0fe4d0d45d5/gnocchi.e95a8599-b35e-4760-be2a-6cb4705c1430/none_v3" 201 - "PUT http://[::1]:8080/1/169787/AUTH_602f37ceccf647698ef9e0fe4d0d45d5/gnocchi.e95a8599-b35e-4760-be2a-6cb4705c1430/none_v3" "tx39a78443c0bc4c21b3314-00692d0e4b" "object-server 97639" 0.0004 "-" 97343 0
Nov 30 22:40:59 np0005540556.novalocal object-server[97639]: ::1 - - [01/Dec/2025:03:40:59 +0000] "PUT /1/169787/AUTH_602f37ceccf647698ef9e0fe4d0d45d5/gnocchi.e95a8599-b35e-4760-be2a-6cb4705c1430/none_v3" 201 - "PUT https://[::1]:8080/v1/AUTH_602f37ceccf647698ef9e0fe4d0d45d5/gnocchi.e95a8599-b35e-4760-be2a-6cb4705c1430/none_v3" "tx39a78443c0bc4c21b3314-00692d0e4b" "proxy-server 98624" 0.0132 "-" 97639 0
Nov 30 22:40:59 np0005540556.novalocal container-server[97342]: ::1 - - [01/Dec/2025:03:40:59 +0000] "PUT /2/72533/AUTH_602f37ceccf647698ef9e0fe4d0d45d5/gnocchi.e95a8599-b35e-4760-be2a-6cb4705c1430/none_v3" 201 - "PUT http://[::1]:8080/2/169787/AUTH_602f37ceccf647698ef9e0fe4d0d45d5/gnocchi.e95a8599-b35e-4760-be2a-6cb4705c1430/none_v3" "tx39a78443c0bc4c21b3314-00692d0e4b" "object-server 97639" 0.0009 "-" 97342 0
Nov 30 22:40:59 np0005540556.novalocal object-server[97639]: ::1 - - [01/Dec/2025:03:40:59 +0000] "PUT /2/169787/AUTH_602f37ceccf647698ef9e0fe4d0d45d5/gnocchi.e95a8599-b35e-4760-be2a-6cb4705c1430/none_v3" 201 - "PUT https://[::1]:8080/v1/AUTH_602f37ceccf647698ef9e0fe4d0d45d5/gnocchi.e95a8599-b35e-4760-be2a-6cb4705c1430/none_v3" "tx39a78443c0bc4c21b3314-00692d0e4b" "proxy-server 98624" 0.0139 "-" 97639 0
Nov 30 22:40:59 np0005540556.novalocal container-server[97342]: ::1 - - [01/Dec/2025:03:40:59 +0000] "PUT /3/72533/AUTH_602f37ceccf647698ef9e0fe4d0d45d5/gnocchi.e95a8599-b35e-4760-be2a-6cb4705c1430/none_v3" 201 - "PUT http://[::1]:8080/3/169787/AUTH_602f37ceccf647698ef9e0fe4d0d45d5/gnocchi.e95a8599-b35e-4760-be2a-6cb4705c1430/none_v3" "tx39a78443c0bc4c21b3314-00692d0e4b" "object-server 97640" 0.0006 "-" 97342 0
Nov 30 22:40:59 np0005540556.novalocal object-server[97640]: ::1 - - [01/Dec/2025:03:40:59 +0000] "PUT /3/169787/AUTH_602f37ceccf647698ef9e0fe4d0d45d5/gnocchi.e95a8599-b35e-4760-be2a-6cb4705c1430/none_v3" 201 - "PUT https://[::1]:8080/v1/AUTH_602f37ceccf647698ef9e0fe4d0d45d5/gnocchi.e95a8599-b35e-4760-be2a-6cb4705c1430/none_v3" "tx39a78443c0bc4c21b3314-00692d0e4b" "proxy-server 98624" 0.0196 "-" 97640 0
Nov 30 22:40:59 np0005540556.novalocal proxy-server[98624]: ::1 ::1 01/Dec/2025/03/40/59 PUT /v1/AUTH_602f37ceccf647698ef9e0fe4d0d45d5/gnocchi.e95a8599-b35e-4760-be2a-6cb4705c1430/none_v3 HTTP/1.0 201 - python-swiftclient-4.8.0 gAAAAABpLQ4jjy8F... 22 - - tx39a78443c0bc4c21b3314-00692d0e4b - 0.0298 - - 1764560459.647418022 1764560459.677217245 0 3cd24aa0af114855987a490c7d44632d
Nov 30 22:40:59 np0005540556.novalocal container-server[97343]: ::1 - - [01/Dec/2025:03:40:59 +0000] "HEAD /2/110107/AUTH_602f37ceccf647698ef9e0fe4d0d45d5/gnocchi.1cc126ea-a3a0-43fd-8adb-5fed811954b2" 404 - "HEAD http://[::1]:8080/v1/AUTH_602f37ceccf647698ef9e0fe4d0d45d5/gnocchi.1cc126ea-a3a0-43fd-8adb-5fed811954b2" "tx32e968901926471caa937-00692d0e4b" "proxy-server 98624" 0.0006 "-" 97343 0
Nov 30 22:40:59 np0005540556.novalocal container-server[97342]: ::1 - - [01/Dec/2025:03:40:59 +0000] "HEAD /3/110107/AUTH_602f37ceccf647698ef9e0fe4d0d45d5/gnocchi.1cc126ea-a3a0-43fd-8adb-5fed811954b2" 404 - "HEAD http://[::1]:8080/v1/AUTH_602f37ceccf647698ef9e0fe4d0d45d5/gnocchi.1cc126ea-a3a0-43fd-8adb-5fed811954b2" "tx32e968901926471caa937-00692d0e4b" "proxy-server 98624" 0.0006 "-" 97342 0
Nov 30 22:40:59 np0005540556.novalocal container-server[97343]: ::1 - - [01/Dec/2025:03:40:59 +0000] "HEAD /1/110107/AUTH_602f37ceccf647698ef9e0fe4d0d45d5/gnocchi.1cc126ea-a3a0-43fd-8adb-5fed811954b2" 404 - "HEAD http://[::1]:8080/v1/AUTH_602f37ceccf647698ef9e0fe4d0d45d5/gnocchi.1cc126ea-a3a0-43fd-8adb-5fed811954b2" "tx32e968901926471caa937-00692d0e4b" "proxy-server 98624" 0.0004 "-" 97343 0
Nov 30 22:40:59 np0005540556.novalocal proxy-server[98624]: - - 01/Dec/2025/03/40/59 HEAD /v1/AUTH_602f37ceccf647698ef9e0fe4d0d45d5/gnocchi.1cc126ea-a3a0-43fd-8adb-5fed811954b2 HTTP/1.0 404 - Swift - - - - tx32e968901926471caa937-00692d0e4b - 0.0149 CS - 1764560459.691594124 1764560459.706474304 0 -
Nov 30 22:40:59 np0005540556.novalocal object-server[97640]: ::1 - - [01/Dec/2025:03:40:59 +0000] "GET /1/192832/AUTH_602f37ceccf647698ef9e0fe4d0d45d5/gnocchi.1cc126ea-a3a0-43fd-8adb-5fed811954b2/none_v3" 404 70 "GET https://[::1]:8080/v1/AUTH_602f37ceccf647698ef9e0fe4d0d45d5/gnocchi.1cc126ea-a3a0-43fd-8adb-5fed811954b2/none_v3" "tx32e968901926471caa937-00692d0e4b" "proxy-server 98624" 0.0006 "-" 97640 0
Nov 30 22:40:59 np0005540556.novalocal object-server[97640]: ::1 - - [01/Dec/2025:03:40:59 +0000] "GET /2/192832/AUTH_602f37ceccf647698ef9e0fe4d0d45d5/gnocchi.1cc126ea-a3a0-43fd-8adb-5fed811954b2/none_v3" 404 70 "GET https://[::1]:8080/v1/AUTH_602f37ceccf647698ef9e0fe4d0d45d5/gnocchi.1cc126ea-a3a0-43fd-8adb-5fed811954b2/none_v3" "tx32e968901926471caa937-00692d0e4b" "proxy-server 98624" 0.0004 "-" 97640 0
Nov 30 22:40:59 np0005540556.novalocal object-server[97640]: ::1 - - [01/Dec/2025:03:40:59 +0000] "GET /3/192832/AUTH_602f37ceccf647698ef9e0fe4d0d45d5/gnocchi.1cc126ea-a3a0-43fd-8adb-5fed811954b2/none_v3" 404 70 "GET https://[::1]:8080/v1/AUTH_602f37ceccf647698ef9e0fe4d0d45d5/gnocchi.1cc126ea-a3a0-43fd-8adb-5fed811954b2/none_v3" "tx32e968901926471caa937-00692d0e4b" "proxy-server 98624" 0.0003 "-" 97640 0
Nov 30 22:40:59 np0005540556.novalocal proxy-server[98624]: ::1 ::1 01/Dec/2025/03/40/59 GET /v1/AUTH_602f37ceccf647698ef9e0fe4d0d45d5/gnocchi.1cc126ea-a3a0-43fd-8adb-5fed811954b2/none_v3 HTTP/1.0 404 - python-swiftclient-4.8.0 gAAAAABpLQ4jjy8F... - 70 - tx32e968901926471caa937-00692d0e4b - 0.0325 - - 1764560459.690571070 1764560459.723107576 0 3cd24aa0af114855987a490c7d44632d
Nov 30 22:40:59 np0005540556.novalocal account-server[97042]: ::1 - - [01/Dec/2025:03:40:59 +0000] "PUT /2/108421/AUTH_602f37ceccf647698ef9e0fe4d0d45d5/gnocchi.1cc126ea-a3a0-43fd-8adb-5fed811954b2" 201 - "PUT http://[::1]:6001/1/110107/AUTH_602f37ceccf647698ef9e0fe4d0d45d5/gnocchi.1cc126ea-a3a0-43fd-8adb-5fed811954b2" "tx9aae38b66ab24a128bfdc-00692d0e4b" "container-server 97343" 0.0067 "-" 97042 0
Nov 30 22:40:59 np0005540556.novalocal container-server[97343]: ::1 - - [01/Dec/2025:03:40:59 +0000] "PUT /1/110107/AUTH_602f37ceccf647698ef9e0fe4d0d45d5/gnocchi.1cc126ea-a3a0-43fd-8adb-5fed811954b2" 201 - "PUT https://[::1]:8080/v1/AUTH_602f37ceccf647698ef9e0fe4d0d45d5/gnocchi.1cc126ea-a3a0-43fd-8adb-5fed811954b2" "tx9aae38b66ab24a128bfdc-00692d0e4b" "proxy-server 98624" 0.0235 "-" 97343 0
Nov 30 22:40:59 np0005540556.novalocal account-server[97042]: ::1 - - [01/Dec/2025:03:40:59 +0000] "PUT /1/108421/AUTH_602f37ceccf647698ef9e0fe4d0d45d5/gnocchi.1cc126ea-a3a0-43fd-8adb-5fed811954b2" 201 - "PUT http://[::1]:6001/3/110107/AUTH_602f37ceccf647698ef9e0fe4d0d45d5/gnocchi.1cc126ea-a3a0-43fd-8adb-5fed811954b2" "tx9aae38b66ab24a128bfdc-00692d0e4b" "container-server 97342" 0.0062 "-" 97042 0
Nov 30 22:40:59 np0005540556.novalocal account-server[97043]: ::1 - - [01/Dec/2025:03:40:59 +0000] "PUT /3/108421/AUTH_602f37ceccf647698ef9e0fe4d0d45d5/gnocchi.1cc126ea-a3a0-43fd-8adb-5fed811954b2" 201 - "PUT http://[::1]:6001/2/110107/AUTH_602f37ceccf647698ef9e0fe4d0d45d5/gnocchi.1cc126ea-a3a0-43fd-8adb-5fed811954b2" "tx9aae38b66ab24a128bfdc-00692d0e4b" "container-server 97342" 0.0066 "-" 97043 0
Nov 30 22:40:59 np0005540556.novalocal container-server[97342]: ::1 - - [01/Dec/2025:03:40:59 +0000] "PUT /3/110107/AUTH_602f37ceccf647698ef9e0fe4d0d45d5/gnocchi.1cc126ea-a3a0-43fd-8adb-5fed811954b2" 201 - "PUT https://[::1]:8080/v1/AUTH_602f37ceccf647698ef9e0fe4d0d45d5/gnocchi.1cc126ea-a3a0-43fd-8adb-5fed811954b2" "tx9aae38b66ab24a128bfdc-00692d0e4b" "proxy-server 98624" 0.0394 "-" 97342 0
Nov 30 22:40:59 np0005540556.novalocal container-server[97342]: ::1 - - [01/Dec/2025:03:40:59 +0000] "PUT /2/110107/AUTH_602f37ceccf647698ef9e0fe4d0d45d5/gnocchi.1cc126ea-a3a0-43fd-8adb-5fed811954b2" 201 - "PUT https://[::1]:8080/v1/AUTH_602f37ceccf647698ef9e0fe4d0d45d5/gnocchi.1cc126ea-a3a0-43fd-8adb-5fed811954b2" "tx9aae38b66ab24a128bfdc-00692d0e4b" "proxy-server 98624" 0.0241 "-" 97342 0
Nov 30 22:40:59 np0005540556.novalocal proxy-server[98624]: ::1 ::1 01/Dec/2025/03/40/59 PUT /v1/AUTH_602f37ceccf647698ef9e0fe4d0d45d5/gnocchi.1cc126ea-a3a0-43fd-8adb-5fed811954b2 HTTP/1.0 201 - python-swiftclient-4.8.0 gAAAAABpLQ4jjy8F... - - - tx9aae38b66ab24a128bfdc-00692d0e4b - 0.0516 - - 1764560459.726948500 1764560459.778565645 0 3cd24aa0af114855987a490c7d44632d
Nov 30 22:40:59 np0005540556.novalocal container-server[97342]: ::1 - - [01/Dec/2025:03:40:59 +0000] "HEAD /2/110107/AUTH_602f37ceccf647698ef9e0fe4d0d45d5/gnocchi.1cc126ea-a3a0-43fd-8adb-5fed811954b2" 204 - "HEAD http://[::1]:8080/v1/AUTH_602f37ceccf647698ef9e0fe4d0d45d5/gnocchi.1cc126ea-a3a0-43fd-8adb-5fed811954b2" "tx1b48a24f833941d9bd86b-00692d0e4b" "proxy-server 98624" 0.0038 "-" 97342 0
Nov 30 22:40:59 np0005540556.novalocal proxy-server[98624]: - - 01/Dec/2025/03/40/59 HEAD /v1/AUTH_602f37ceccf647698ef9e0fe4d0d45d5/gnocchi.1cc126ea-a3a0-43fd-8adb-5fed811954b2 HTTP/1.0 204 - Swift - - - - tx1b48a24f833941d9bd86b-00692d0e4b - 0.0105 CS - 1764560459.785104036 1764560459.795586586 0 -
Nov 30 22:40:59 np0005540556.novalocal container-server[97342]: ::1 - - [01/Dec/2025:03:40:59 +0000] "GET /3/110107/AUTH_602f37ceccf647698ef9e0fe4d0d45d5/gnocchi.1cc126ea-a3a0-43fd-8adb-5fed811954b2" 200 2 "GET https://[::1]:8080/v1/AUTH_602f37ceccf647698ef9e0fe4d0d45d5/gnocchi.1cc126ea-a3a0-43fd-8adb-5fed811954b2?format=json&states=listing" "tx1b48a24f833941d9bd86b-00692d0e4b" "proxy-server 98624" 0.0039 "-" 97342 0
Nov 30 22:40:59 np0005540556.novalocal proxy-server[98624]: ::1 ::1 01/Dec/2025/03/40/59 GET /v1/AUTH_602f37ceccf647698ef9e0fe4d0d45d5/gnocchi.1cc126ea-a3a0-43fd-8adb-5fed811954b2%3Fformat%3Djson%26states%3Dlisting HTTP/1.0 200 - python-swiftclient-4.8.0 gAAAAABpLQ4jjy8F... - 2 - tx1b48a24f833941d9bd86b-00692d0e4b - 0.0299 - - 1764560459.784085274 1764560459.814034462 0 3cd24aa0af114855987a490c7d44632d
Nov 30 22:40:59 np0005540556.novalocal object-server[97639]: ::1 - - [01/Dec/2025:03:40:59 +0000] "GET /2/239075/AUTH_602f37ceccf647698ef9e0fe4d0d45d5/gnocchi.1cc126ea-a3a0-43fd-8adb-5fed811954b2/1763640000.0_mean_300.0_v3" 404 70 "GET https://[::1]:8080/v1/AUTH_602f37ceccf647698ef9e0fe4d0d45d5/gnocchi.1cc126ea-a3a0-43fd-8adb-5fed811954b2/1763640000.0_mean_300.0_v3" "tx9bdb5d3cbce6419cb0a0f-00692d0e4b" "proxy-server 98624" 0.0005 "-" 97639 0
Nov 30 22:40:59 np0005540556.novalocal object-server[97640]: ::1 - - [01/Dec/2025:03:40:59 +0000] "GET /3/239075/AUTH_602f37ceccf647698ef9e0fe4d0d45d5/gnocchi.1cc126ea-a3a0-43fd-8adb-5fed811954b2/1763640000.0_mean_300.0_v3" 404 70 "GET https://[::1]:8080/v1/AUTH_602f37ceccf647698ef9e0fe4d0d45d5/gnocchi.1cc126ea-a3a0-43fd-8adb-5fed811954b2/1763640000.0_mean_300.0_v3" "tx9bdb5d3cbce6419cb0a0f-00692d0e4b" "proxy-server 98624" 0.0007 "-" 97640 0
Nov 30 22:40:59 np0005540556.novalocal object-server[97640]: ::1 - - [01/Dec/2025:03:40:59 +0000] "GET /1/239075/AUTH_602f37ceccf647698ef9e0fe4d0d45d5/gnocchi.1cc126ea-a3a0-43fd-8adb-5fed811954b2/1763640000.0_mean_300.0_v3" 404 70 "GET https://[::1]:8080/v1/AUTH_602f37ceccf647698ef9e0fe4d0d45d5/gnocchi.1cc126ea-a3a0-43fd-8adb-5fed811954b2/1763640000.0_mean_300.0_v3" "tx9bdb5d3cbce6419cb0a0f-00692d0e4b" "proxy-server 98624" 0.0004 "-" 97640 0
Nov 30 22:40:59 np0005540556.novalocal proxy-server[98624]: ::1 ::1 01/Dec/2025/03/40/59 GET /v1/AUTH_602f37ceccf647698ef9e0fe4d0d45d5/gnocchi.1cc126ea-a3a0-43fd-8adb-5fed811954b2/1763640000.0_mean_300.0_v3 HTTP/1.0 404 - python-swiftclient-4.8.0 gAAAAABpLQ4jjy8F... - 70 - tx9bdb5d3cbce6419cb0a0f-00692d0e4b - 0.0177 - - 1764560459.820208073 1764560459.837892532 0 3cd24aa0af114855987a490c7d44632d
Nov 30 22:40:59 np0005540556.novalocal container-server[97343]: ::1 - - [01/Dec/2025:03:40:59 +0000] "PUT /3/110107/AUTH_602f37ceccf647698ef9e0fe4d0d45d5/gnocchi.1cc126ea-a3a0-43fd-8adb-5fed811954b2/1763640000.0_mean_300.0_v3" 201 - "PUT http://[::1]:8080/2/239075/AUTH_602f37ceccf647698ef9e0fe4d0d45d5/gnocchi.1cc126ea-a3a0-43fd-8adb-5fed811954b2/1763640000.0_mean_300.0_v3" "tx0118df2003b2403689c1c-00692d0e4b" "object-server 97640" 0.0009 "-" 97343 0
Nov 30 22:40:59 np0005540556.novalocal object-server[97640]: ::1 - - [01/Dec/2025:03:40:59 +0000] "PUT /2/239075/AUTH_602f37ceccf647698ef9e0fe4d0d45d5/gnocchi.1cc126ea-a3a0-43fd-8adb-5fed811954b2/1763640000.0_mean_300.0_v3" 201 - "PUT https://[::1]:8080/v1/AUTH_602f37ceccf647698ef9e0fe4d0d45d5/gnocchi.1cc126ea-a3a0-43fd-8adb-5fed811954b2/1763640000.0_mean_300.0_v3" "tx0118df2003b2403689c1c-00692d0e4b" "proxy-server 98624" 0.0164 "-" 97640 0
Nov 30 22:40:59 np0005540556.novalocal container-server[97343]: ::1 - - [01/Dec/2025:03:40:59 +0000] "PUT /1/110107/AUTH_602f37ceccf647698ef9e0fe4d0d45d5/gnocchi.1cc126ea-a3a0-43fd-8adb-5fed811954b2/1763640000.0_mean_300.0_v3" 201 - "PUT http://[::1]:8080/1/239075/AUTH_602f37ceccf647698ef9e0fe4d0d45d5/gnocchi.1cc126ea-a3a0-43fd-8adb-5fed811954b2/1763640000.0_mean_300.0_v3" "tx0118df2003b2403689c1c-00692d0e4b" "object-server 97639" 0.0007 "-" 97343 0
Nov 30 22:40:59 np0005540556.novalocal object-server[97639]: ::1 - - [01/Dec/2025:03:40:59 +0000] "PUT /1/239075/AUTH_602f37ceccf647698ef9e0fe4d0d45d5/gnocchi.1cc126ea-a3a0-43fd-8adb-5fed811954b2/1763640000.0_mean_300.0_v3" 201 - "PUT https://[::1]:8080/v1/AUTH_602f37ceccf647698ef9e0fe4d0d45d5/gnocchi.1cc126ea-a3a0-43fd-8adb-5fed811954b2/1763640000.0_mean_300.0_v3" "tx0118df2003b2403689c1c-00692d0e4b" "proxy-server 98624" 0.0182 "-" 97639 0
Nov 30 22:40:59 np0005540556.novalocal container-server[97343]: ::1 - - [01/Dec/2025:03:40:59 +0000] "PUT /2/110107/AUTH_602f37ceccf647698ef9e0fe4d0d45d5/gnocchi.1cc126ea-a3a0-43fd-8adb-5fed811954b2/1763640000.0_mean_300.0_v3" 201 - "PUT http://[::1]:8080/3/239075/AUTH_602f37ceccf647698ef9e0fe4d0d45d5/gnocchi.1cc126ea-a3a0-43fd-8adb-5fed811954b2/1763640000.0_mean_300.0_v3" "tx0118df2003b2403689c1c-00692d0e4b" "object-server 97639" 0.0009 "-" 97343 0
Nov 30 22:40:59 np0005540556.novalocal object-server[97639]: ::1 - - [01/Dec/2025:03:40:59 +0000] "PUT /3/239075/AUTH_602f37ceccf647698ef9e0fe4d0d45d5/gnocchi.1cc126ea-a3a0-43fd-8adb-5fed811954b2/1763640000.0_mean_300.0_v3" 201 - "PUT https://[::1]:8080/v1/AUTH_602f37ceccf647698ef9e0fe4d0d45d5/gnocchi.1cc126ea-a3a0-43fd-8adb-5fed811954b2/1763640000.0_mean_300.0_v3" "tx0118df2003b2403689c1c-00692d0e4b" "proxy-server 98624" 0.0218 "-" 97639 0
Nov 30 22:40:59 np0005540556.novalocal proxy-server[98624]: ::1 ::1 01/Dec/2025/03/40/59 PUT /v1/AUTH_602f37ceccf647698ef9e0fe4d0d45d5/gnocchi.1cc126ea-a3a0-43fd-8adb-5fed811954b2/1763640000.0_mean_300.0_v3 HTTP/1.0 201 - python-swiftclient-4.8.0 gAAAAABpLQ4jjy8F... 16 - - tx0118df2003b2403689c1c-00692d0e4b - 0.0318 - - 1764560459.843427896 1764560459.875185251 0 3cd24aa0af114855987a490c7d44632d
Nov 30 22:40:59 np0005540556.novalocal container-server[97343]: ::1 - - [01/Dec/2025:03:40:59 +0000] "PUT /1/110107/AUTH_602f37ceccf647698ef9e0fe4d0d45d5/gnocchi.1cc126ea-a3a0-43fd-8adb-5fed811954b2/none_v3" 201 - "PUT http://[::1]:8080/3/192832/AUTH_602f37ceccf647698ef9e0fe4d0d45d5/gnocchi.1cc126ea-a3a0-43fd-8adb-5fed811954b2/none_v3" "tx4bdb46f263dd490ab6e68-00692d0e4b" "object-server 97639" 0.0007 "-" 97343 0
Nov 30 22:40:59 np0005540556.novalocal object-server[97639]: ::1 - - [01/Dec/2025:03:40:59 +0000] "PUT /3/192832/AUTH_602f37ceccf647698ef9e0fe4d0d45d5/gnocchi.1cc126ea-a3a0-43fd-8adb-5fed811954b2/none_v3" 201 - "PUT https://[::1]:8080/v1/AUTH_602f37ceccf647698ef9e0fe4d0d45d5/gnocchi.1cc126ea-a3a0-43fd-8adb-5fed811954b2/none_v3" "tx4bdb46f263dd490ab6e68-00692d0e4b" "proxy-server 98624" 0.0151 "-" 97639 0
Nov 30 22:40:59 np0005540556.novalocal container-server[97343]: ::1 - - [01/Dec/2025:03:40:59 +0000] "PUT /2/110107/AUTH_602f37ceccf647698ef9e0fe4d0d45d5/gnocchi.1cc126ea-a3a0-43fd-8adb-5fed811954b2/none_v3" 201 - "PUT http://[::1]:8080/2/192832/AUTH_602f37ceccf647698ef9e0fe4d0d45d5/gnocchi.1cc126ea-a3a0-43fd-8adb-5fed811954b2/none_v3" "tx4bdb46f263dd490ab6e68-00692d0e4b" "object-server 97640" 0.0005 "-" 97343 0
Nov 30 22:40:59 np0005540556.novalocal container-server[97342]: ::1 - - [01/Dec/2025:03:40:59 +0000] "PUT /3/110107/AUTH_602f37ceccf647698ef9e0fe4d0d45d5/gnocchi.1cc126ea-a3a0-43fd-8adb-5fed811954b2/none_v3" 201 - "PUT http://[::1]:8080/1/192832/AUTH_602f37ceccf647698ef9e0fe4d0d45d5/gnocchi.1cc126ea-a3a0-43fd-8adb-5fed811954b2/none_v3" "tx4bdb46f263dd490ab6e68-00692d0e4b" "object-server 97640" 0.0009 "-" 97342 0
Nov 30 22:40:59 np0005540556.novalocal object-server[97640]: ::1 - - [01/Dec/2025:03:40:59 +0000] "PUT /2/192832/AUTH_602f37ceccf647698ef9e0fe4d0d45d5/gnocchi.1cc126ea-a3a0-43fd-8adb-5fed811954b2/none_v3" 201 - "PUT https://[::1]:8080/v1/AUTH_602f37ceccf647698ef9e0fe4d0d45d5/gnocchi.1cc126ea-a3a0-43fd-8adb-5fed811954b2/none_v3" "tx4bdb46f263dd490ab6e68-00692d0e4b" "proxy-server 98624" 0.0156 "-" 97640 0
Nov 30 22:40:59 np0005540556.novalocal object-server[97640]: ::1 - - [01/Dec/2025:03:40:59 +0000] "PUT /1/192832/AUTH_602f37ceccf647698ef9e0fe4d0d45d5/gnocchi.1cc126ea-a3a0-43fd-8adb-5fed811954b2/none_v3" 201 - "PUT https://[::1]:8080/v1/AUTH_602f37ceccf647698ef9e0fe4d0d45d5/gnocchi.1cc126ea-a3a0-43fd-8adb-5fed811954b2/none_v3" "tx4bdb46f263dd490ab6e68-00692d0e4b" "proxy-server 98624" 0.0213 "-" 97640 0
Nov 30 22:40:59 np0005540556.novalocal proxy-server[98624]: ::1 ::1 01/Dec/2025/03/40/59 PUT /v1/AUTH_602f37ceccf647698ef9e0fe4d0d45d5/gnocchi.1cc126ea-a3a0-43fd-8adb-5fed811954b2/none_v3 HTTP/1.0 201 - python-swiftclient-4.8.0 gAAAAABpLQ4jjy8F... 22 - - tx4bdb46f263dd490ab6e68-00692d0e4b - 0.0316 - - 1764560459.879119873 1764560459.910753965 0 3cd24aa0af114855987a490c7d44632d
Nov 30 22:40:59 np0005540556.novalocal container-server[97342]: ::1 - - [01/Dec/2025:03:40:59 +0000] "HEAD /3/145288/AUTH_602f37ceccf647698ef9e0fe4d0d45d5/gnocchi.d54d159a-c0ac-4303-b637-c553639d6337" 404 - "HEAD http://[::1]:8080/v1/AUTH_602f37ceccf647698ef9e0fe4d0d45d5/gnocchi.d54d159a-c0ac-4303-b637-c553639d6337" "tx77842628f4804fa3a2145-00692d0e4b" "proxy-server 98624" 0.0005 "-" 97342 0
Nov 30 22:40:59 np0005540556.novalocal container-server[97343]: ::1 - - [01/Dec/2025:03:40:59 +0000] "HEAD /1/145288/AUTH_602f37ceccf647698ef9e0fe4d0d45d5/gnocchi.d54d159a-c0ac-4303-b637-c553639d6337" 404 - "HEAD http://[::1]:8080/v1/AUTH_602f37ceccf647698ef9e0fe4d0d45d5/gnocchi.d54d159a-c0ac-4303-b637-c553639d6337" "tx77842628f4804fa3a2145-00692d0e4b" "proxy-server 98624" 0.0003 "-" 97343 0
Nov 30 22:40:59 np0005540556.novalocal container-server[97342]: ::1 - - [01/Dec/2025:03:40:59 +0000] "HEAD /2/145288/AUTH_602f37ceccf647698ef9e0fe4d0d45d5/gnocchi.d54d159a-c0ac-4303-b637-c553639d6337" 404 - "HEAD http://[::1]:8080/v1/AUTH_602f37ceccf647698ef9e0fe4d0d45d5/gnocchi.d54d159a-c0ac-4303-b637-c553639d6337" "tx77842628f4804fa3a2145-00692d0e4b" "proxy-server 98624" 0.0005 "-" 97342 0
Nov 30 22:40:59 np0005540556.novalocal proxy-server[98624]: - - 01/Dec/2025/03/40/59 HEAD /v1/AUTH_602f37ceccf647698ef9e0fe4d0d45d5/gnocchi.d54d159a-c0ac-4303-b637-c553639d6337 HTTP/1.0 404 - Swift - - - - tx77842628f4804fa3a2145-00692d0e4b - 0.0120 CS - 1764560459.925274849 1764560459.937313080 0 -
Nov 30 22:40:59 np0005540556.novalocal object-server[97639]: ::1 - - [01/Dec/2025:03:40:59 +0000] "GET /3/180346/AUTH_602f37ceccf647698ef9e0fe4d0d45d5/gnocchi.d54d159a-c0ac-4303-b637-c553639d6337/none_v3" 404 70 "GET https://[::1]:8080/v1/AUTH_602f37ceccf647698ef9e0fe4d0d45d5/gnocchi.d54d159a-c0ac-4303-b637-c553639d6337/none_v3" "tx77842628f4804fa3a2145-00692d0e4b" "proxy-server 98624" 0.0004 "-" 97639 0
Nov 30 22:40:59 np0005540556.novalocal object-server[97639]: ::1 - - [01/Dec/2025:03:40:59 +0000] "GET /2/180346/AUTH_602f37ceccf647698ef9e0fe4d0d45d5/gnocchi.d54d159a-c0ac-4303-b637-c553639d6337/none_v3" 404 70 "GET https://[::1]:8080/v1/AUTH_602f37ceccf647698ef9e0fe4d0d45d5/gnocchi.d54d159a-c0ac-4303-b637-c553639d6337/none_v3" "tx77842628f4804fa3a2145-00692d0e4b" "proxy-server 98624" 0.0002 "-" 97639 0
Nov 30 22:40:59 np0005540556.novalocal object-server[97640]: ::1 - - [01/Dec/2025:03:40:59 +0000] "GET /1/180346/AUTH_602f37ceccf647698ef9e0fe4d0d45d5/gnocchi.d54d159a-c0ac-4303-b637-c553639d6337/none_v3" 404 70 "GET https://[::1]:8080/v1/AUTH_602f37ceccf647698ef9e0fe4d0d45d5/gnocchi.d54d159a-c0ac-4303-b637-c553639d6337/none_v3" "tx77842628f4804fa3a2145-00692d0e4b" "proxy-server 98624" 0.0007 "-" 97640 0
Nov 30 22:40:59 np0005540556.novalocal proxy-server[98624]: ::1 ::1 01/Dec/2025/03/40/59 GET /v1/AUTH_602f37ceccf647698ef9e0fe4d0d45d5/gnocchi.d54d159a-c0ac-4303-b637-c553639d6337/none_v3 HTTP/1.0 404 - python-swiftclient-4.8.0 gAAAAABpLQ4jjy8F... - 70 - tx77842628f4804fa3a2145-00692d0e4b - 0.0288 - - 1764560459.924216747 1764560459.953058958 0 3cd24aa0af114855987a490c7d44632d
Nov 30 22:41:00 np0005540556.novalocal account-server[97042]: ::1 - - [01/Dec/2025:03:41:00 +0000] "PUT /3/108421/AUTH_602f37ceccf647698ef9e0fe4d0d45d5/gnocchi.d54d159a-c0ac-4303-b637-c553639d6337" 201 - "PUT http://[::1]:6001/3/145288/AUTH_602f37ceccf647698ef9e0fe4d0d45d5/gnocchi.d54d159a-c0ac-4303-b637-c553639d6337" "txe7a046ba0be442dab00df-00692d0e4b" "container-server 97342" 0.0067 "-" 97042 0
Nov 30 22:41:00 np0005540556.novalocal account-server[97043]: ::1 - - [01/Dec/2025:03:41:00 +0000] "PUT /2/108421/AUTH_602f37ceccf647698ef9e0fe4d0d45d5/gnocchi.d54d159a-c0ac-4303-b637-c553639d6337" 201 - "PUT http://[::1]:6001/2/145288/AUTH_602f37ceccf647698ef9e0fe4d0d45d5/gnocchi.d54d159a-c0ac-4303-b637-c553639d6337" "txe7a046ba0be442dab00df-00692d0e4b" "container-server 97342" 0.0073 "-" 97043 0
Nov 30 22:41:00 np0005540556.novalocal container-server[97342]: ::1 - - [01/Dec/2025:03:41:00 +0000] "PUT /3/145288/AUTH_602f37ceccf647698ef9e0fe4d0d45d5/gnocchi.d54d159a-c0ac-4303-b637-c553639d6337" 201 - "PUT https://[::1]:8080/v1/AUTH_602f37ceccf647698ef9e0fe4d0d45d5/gnocchi.d54d159a-c0ac-4303-b637-c553639d6337" "txe7a046ba0be442dab00df-00692d0e4b" "proxy-server 98624" 0.0326 "-" 97342 0
Nov 30 22:41:00 np0005540556.novalocal container-server[97342]: ::1 - - [01/Dec/2025:03:41:00 +0000] "PUT /2/145288/AUTH_602f37ceccf647698ef9e0fe4d0d45d5/gnocchi.d54d159a-c0ac-4303-b637-c553639d6337" 201 - "PUT https://[::1]:8080/v1/AUTH_602f37ceccf647698ef9e0fe4d0d45d5/gnocchi.d54d159a-c0ac-4303-b637-c553639d6337" "txe7a046ba0be442dab00df-00692d0e4b" "proxy-server 98624" 0.0469 "-" 97342 0
