Nov 30 22:41:00 np0005540556.novalocal proxy-server[98624]: ::1 ::1 01/Dec/2025/03/41/00 GET /v1/AUTH_602f37ceccf647698ef9e0fe4d0d45d5/gnocchi.a6ada5a8-66c0-480d-855c-0e93c39c064c%3Fformat%3Djson%26marker%3Dnone_v3%26states%3Dlisting HTTP/1.0 200 - python-swiftclient-4.8.0 gAAAAABpLQ4-yMSf... - 2 - tx4f09323fcfc541519a5fe-00692d0e4c - 0.0116 - - 1764560460.817178726 1764560460.828822374 0 3cd24aa0af114855987a490c7d44632d
Nov 30 22:41:00 np0005540556.novalocal object-server[97639]: ::1 - - [01/Dec/2025:03:41:00 +0000] "GET /3/123459/AUTH_602f37ceccf647698ef9e0fe4d0d45d5/gnocchi.a6ada5a8-66c0-480d-855c-0e93c39c064c/1763640000.0_mean_300.0_v3" 200 16 "GET https://[::1]:8080/v1/AUTH_602f37ceccf647698ef9e0fe4d0d45d5/gnocchi.a6ada5a8-66c0-480d-855c-0e93c39c064c/1763640000.0_mean_300.0_v3" "tx2a60983782c343a7b29eb-00692d0e4c" "proxy-server 98624" 0.0018 "-" 97639 0
Nov 30 22:41:00 np0005540556.novalocal container-server[97343]: ::1 - - [01/Dec/2025:03:41:00 +0000] "PUT /2/43659/AUTH_602f37ceccf647698ef9e0fe4d0d45d5/gnocchi.d7e10de7-f7ec-4336-a067-7bd9f74033c9/1763640000.0_mean_300.0_v3" 201 - "PUT http://[::1]:8080/3/131112/AUTH_602f37ceccf647698ef9e0fe4d0d45d5/gnocchi.d7e10de7-f7ec-4336-a067-7bd9f74033c9/1763640000.0_mean_300.0_v3" "txcdb3420b4e814dfaa65e0-00692d0e4c" "object-server 97639" 0.0007 "-" 97343 0
Nov 30 22:41:00 np0005540556.novalocal proxy-server[98624]: ::1 ::1 01/Dec/2025/03/41/00 GET /v1/AUTH_602f37ceccf647698ef9e0fe4d0d45d5/gnocchi.a6ada5a8-66c0-480d-855c-0e93c39c064c/1763640000.0_mean_300.0_v3 HTTP/1.0 200 - python-swiftclient-4.8.0 gAAAAABpLQ4-yMSf... - 16 - tx2a60983782c343a7b29eb-00692d0e4c - 0.0134 - - 1764560460.834550858 1764560460.847970963 0 3cd24aa0af114855987a490c7d44632d
Nov 30 22:41:00 np0005540556.novalocal container-server[97343]: ::1 - - [01/Dec/2025:03:41:00 +0000] "PUT /3/43659/AUTH_602f37ceccf647698ef9e0fe4d0d45d5/gnocchi.d7e10de7-f7ec-4336-a067-7bd9f74033c9/1763640000.0_mean_300.0_v3" 201 - "PUT http://[::1]:8080/1/131112/AUTH_602f37ceccf647698ef9e0fe4d0d45d5/gnocchi.d7e10de7-f7ec-4336-a067-7bd9f74033c9/1763640000.0_mean_300.0_v3" "txcdb3420b4e814dfaa65e0-00692d0e4c" "object-server 97639" 0.0007 "-" 97343 0
Nov 30 22:41:00 np0005540556.novalocal object-server[97639]: ::1 - - [01/Dec/2025:03:41:00 +0000] "PUT /3/131112/AUTH_602f37ceccf647698ef9e0fe4d0d45d5/gnocchi.d7e10de7-f7ec-4336-a067-7bd9f74033c9/1763640000.0_mean_300.0_v3" 201 - "PUT https://[::1]:8080/v1/AUTH_602f37ceccf647698ef9e0fe4d0d45d5/gnocchi.d7e10de7-f7ec-4336-a067-7bd9f74033c9/1763640000.0_mean_300.0_v3" "txcdb3420b4e814dfaa65e0-00692d0e4c" "proxy-server 98624" 0.0188 "-" 97639 0
Nov 30 22:41:00 np0005540556.novalocal container-server[97343]: ::1 - - [01/Dec/2025:03:41:00 +0000] "PUT /1/43659/AUTH_602f37ceccf647698ef9e0fe4d0d45d5/gnocchi.d7e10de7-f7ec-4336-a067-7bd9f74033c9/1763640000.0_mean_300.0_v3" 201 - "PUT http://[::1]:8080/2/131112/AUTH_602f37ceccf647698ef9e0fe4d0d45d5/gnocchi.d7e10de7-f7ec-4336-a067-7bd9f74033c9/1763640000.0_mean_300.0_v3" "txcdb3420b4e814dfaa65e0-00692d0e4c" "object-server 97639" 0.0006 "-" 97343 0
Nov 30 22:41:00 np0005540556.novalocal object-server[97639]: ::1 - - [01/Dec/2025:03:41:00 +0000] "PUT /2/131112/AUTH_602f37ceccf647698ef9e0fe4d0d45d5/gnocchi.d7e10de7-f7ec-4336-a067-7bd9f74033c9/1763640000.0_mean_300.0_v3" 201 - "PUT https://[::1]:8080/v1/AUTH_602f37ceccf647698ef9e0fe4d0d45d5/gnocchi.d7e10de7-f7ec-4336-a067-7bd9f74033c9/1763640000.0_mean_300.0_v3" "txcdb3420b4e814dfaa65e0-00692d0e4c" "proxy-server 98624" 0.0265 "-" 97639 0
Nov 30 22:41:00 np0005540556.novalocal object-server[97639]: ::1 - - [01/Dec/2025:03:41:00 +0000] "PUT /1/131112/AUTH_602f37ceccf647698ef9e0fe4d0d45d5/gnocchi.d7e10de7-f7ec-4336-a067-7bd9f74033c9/1763640000.0_mean_300.0_v3" 201 - "PUT https://[::1]:8080/v1/AUTH_602f37ceccf647698ef9e0fe4d0d45d5/gnocchi.d7e10de7-f7ec-4336-a067-7bd9f74033c9/1763640000.0_mean_300.0_v3" "txcdb3420b4e814dfaa65e0-00692d0e4c" "proxy-server 98624" 0.0250 "-" 97639 0
Nov 30 22:41:00 np0005540556.novalocal proxy-server[98624]: ::1 ::1 01/Dec/2025/03/41/00 PUT /v1/AUTH_602f37ceccf647698ef9e0fe4d0d45d5/gnocchi.d7e10de7-f7ec-4336-a067-7bd9f74033c9/1763640000.0_mean_300.0_v3 HTTP/1.0 201 - python-swiftclient-4.8.0 gAAAAABpLQ4jjy8F... 16 - - txcdb3420b4e814dfaa65e0-00692d0e4c - 0.0415 - - 1764560460.818552256 1764560460.860095501 0 3cd24aa0af114855987a490c7d44632d
Nov 30 22:41:00 np0005540556.novalocal container-server[97342]: ::1 - - [01/Dec/2025:03:41:00 +0000] "PUT /3/43659/AUTH_602f37ceccf647698ef9e0fe4d0d45d5/gnocchi.d7e10de7-f7ec-4336-a067-7bd9f74033c9/none_v3" 201 - "PUT http://[::1]:8080/3/239493/AUTH_602f37ceccf647698ef9e0fe4d0d45d5/gnocchi.d7e10de7-f7ec-4336-a067-7bd9f74033c9/none_v3" "txe423e4639e6e4fb48db88-00692d0e4c" "object-server 97639" 0.0008 "-" 97342 0
Nov 30 22:41:00 np0005540556.novalocal object-server[97639]: ::1 - - [01/Dec/2025:03:41:00 +0000] "PUT /3/239493/AUTH_602f37ceccf647698ef9e0fe4d0d45d5/gnocchi.d7e10de7-f7ec-4336-a067-7bd9f74033c9/none_v3" 201 - "PUT https://[::1]:8080/v1/AUTH_602f37ceccf647698ef9e0fe4d0d45d5/gnocchi.d7e10de7-f7ec-4336-a067-7bd9f74033c9/none_v3" "txe423e4639e6e4fb48db88-00692d0e4c" "proxy-server 98624" 0.0225 "-" 97639 0
Nov 30 22:41:00 np0005540556.novalocal container-server[97343]: ::1 - - [01/Dec/2025:03:41:00 +0000] "PUT /2/123242/AUTH_602f37ceccf647698ef9e0fe4d0d45d5/gnocchi.a6ada5a8-66c0-480d-855c-0e93c39c064c/1763640000.0_mean_300.0_v3" 201 - "PUT http://[::1]:8080/3/123459/AUTH_602f37ceccf647698ef9e0fe4d0d45d5/gnocchi.a6ada5a8-66c0-480d-855c-0e93c39c064c/1763640000.0_mean_300.0_v3" "tx9da3298edb9d4131a13af-00692d0e4c" "object-server 97640" 0.0007 "-" 97343 0
Nov 30 22:41:00 np0005540556.novalocal object-server[97640]: ::1 - - [01/Dec/2025:03:41:00 +0000] "PUT /3/123459/AUTH_602f37ceccf647698ef9e0fe4d0d45d5/gnocchi.a6ada5a8-66c0-480d-855c-0e93c39c064c/1763640000.0_mean_300.0_v3" 201 - "PUT https://[::1]:8080/v1/AUTH_602f37ceccf647698ef9e0fe4d0d45d5/gnocchi.a6ada5a8-66c0-480d-855c-0e93c39c064c/1763640000.0_mean_300.0_v3" "tx9da3298edb9d4131a13af-00692d0e4c" "proxy-server 98624" 0.0344 "-" 97640 0
Nov 30 22:41:00 np0005540556.novalocal container-server[97342]: ::1 - - [01/Dec/2025:03:41:00 +0000] "PUT /1/43659/AUTH_602f37ceccf647698ef9e0fe4d0d45d5/gnocchi.d7e10de7-f7ec-4336-a067-7bd9f74033c9/none_v3" 201 - "PUT http://[::1]:8080/2/239493/AUTH_602f37ceccf647698ef9e0fe4d0d45d5/gnocchi.d7e10de7-f7ec-4336-a067-7bd9f74033c9/none_v3" "txe423e4639e6e4fb48db88-00692d0e4c" "object-server 97640" 0.0007 "-" 97342 0
Nov 30 22:41:00 np0005540556.novalocal container-server[97343]: ::1 - - [01/Dec/2025:03:41:00 +0000] "PUT /1/123242/AUTH_602f37ceccf647698ef9e0fe4d0d45d5/gnocchi.a6ada5a8-66c0-480d-855c-0e93c39c064c/1763640000.0_mean_300.0_v3" 201 - "PUT http://[::1]:8080/1/123459/AUTH_602f37ceccf647698ef9e0fe4d0d45d5/gnocchi.a6ada5a8-66c0-480d-855c-0e93c39c064c/1763640000.0_mean_300.0_v3" "tx9da3298edb9d4131a13af-00692d0e4c" "object-server 97640" 0.0007 "-" 97343 0
Nov 30 22:41:00 np0005540556.novalocal object-server[97640]: ::1 - - [01/Dec/2025:03:41:00 +0000] "PUT /2/239493/AUTH_602f37ceccf647698ef9e0fe4d0d45d5/gnocchi.d7e10de7-f7ec-4336-a067-7bd9f74033c9/none_v3" 201 - "PUT https://[::1]:8080/v1/AUTH_602f37ceccf647698ef9e0fe4d0d45d5/gnocchi.d7e10de7-f7ec-4336-a067-7bd9f74033c9/none_v3" "txe423e4639e6e4fb48db88-00692d0e4c" "proxy-server 98624" 0.0238 "-" 97640 0
Nov 30 22:41:00 np0005540556.novalocal object-server[97640]: ::1 - - [01/Dec/2025:03:41:00 +0000] "PUT /1/123459/AUTH_602f37ceccf647698ef9e0fe4d0d45d5/gnocchi.a6ada5a8-66c0-480d-855c-0e93c39c064c/1763640000.0_mean_300.0_v3" 201 - "PUT https://[::1]:8080/v1/AUTH_602f37ceccf647698ef9e0fe4d0d45d5/gnocchi.a6ada5a8-66c0-480d-855c-0e93c39c064c/1763640000.0_mean_300.0_v3" "tx9da3298edb9d4131a13af-00692d0e4c" "proxy-server 98624" 0.0399 "-" 97640 0
Nov 30 22:41:00 np0005540556.novalocal container-server[97342]: ::1 - - [01/Dec/2025:03:41:00 +0000] "PUT /2/43659/AUTH_602f37ceccf647698ef9e0fe4d0d45d5/gnocchi.d7e10de7-f7ec-4336-a067-7bd9f74033c9/none_v3" 201 - "PUT http://[::1]:8080/1/239493/AUTH_602f37ceccf647698ef9e0fe4d0d45d5/gnocchi.d7e10de7-f7ec-4336-a067-7bd9f74033c9/none_v3" "txe423e4639e6e4fb48db88-00692d0e4c" "object-server 97640" 0.0008 "-" 97342 0
Nov 30 22:41:00 np0005540556.novalocal object-server[97640]: ::1 - - [01/Dec/2025:03:41:00 +0000] "PUT /1/239493/AUTH_602f37ceccf647698ef9e0fe4d0d45d5/gnocchi.d7e10de7-f7ec-4336-a067-7bd9f74033c9/none_v3" 201 - "PUT https://[::1]:8080/v1/AUTH_602f37ceccf647698ef9e0fe4d0d45d5/gnocchi.d7e10de7-f7ec-4336-a067-7bd9f74033c9/none_v3" "txe423e4639e6e4fb48db88-00692d0e4c" "proxy-server 98624" 0.0298 "-" 97640 0
Nov 30 22:41:00 np0005540556.novalocal container-server[97342]: ::1 - - [01/Dec/2025:03:41:00 +0000] "PUT /3/123242/AUTH_602f37ceccf647698ef9e0fe4d0d45d5/gnocchi.a6ada5a8-66c0-480d-855c-0e93c39c064c/1763640000.0_mean_300.0_v3" 201 - "PUT http://[::1]:8080/2/123459/AUTH_602f37ceccf647698ef9e0fe4d0d45d5/gnocchi.a6ada5a8-66c0-480d-855c-0e93c39c064c/1763640000.0_mean_300.0_v3" "tx9da3298edb9d4131a13af-00692d0e4c" "object-server 97640" 0.0008 "-" 97342 0
Nov 30 22:41:00 np0005540556.novalocal proxy-server[98624]: ::1 ::1 01/Dec/2025/03/41/00 PUT /v1/AUTH_602f37ceccf647698ef9e0fe4d0d45d5/gnocchi.d7e10de7-f7ec-4336-a067-7bd9f74033c9/none_v3 HTTP/1.0 201 - python-swiftclient-4.8.0 gAAAAABpLQ4jjy8F... 38 - - txe423e4639e6e4fb48db88-00692d0e4c - 0.0387 - - 1764560460.863546371 1764560460.902278185 0 3cd24aa0af114855987a490c7d44632d
Nov 30 22:41:00 np0005540556.novalocal object-server[97640]: ::1 - - [01/Dec/2025:03:41:00 +0000] "PUT /2/123459/AUTH_602f37ceccf647698ef9e0fe4d0d45d5/gnocchi.a6ada5a8-66c0-480d-855c-0e93c39c064c/1763640000.0_mean_300.0_v3" 201 - "PUT https://[::1]:8080/v1/AUTH_602f37ceccf647698ef9e0fe4d0d45d5/gnocchi.a6ada5a8-66c0-480d-855c-0e93c39c064c/1763640000.0_mean_300.0_v3" "tx9da3298edb9d4131a13af-00692d0e4c" "proxy-server 98624" 0.0379 "-" 97640 0
Nov 30 22:41:00 np0005540556.novalocal proxy-server[98624]: ::1 ::1 01/Dec/2025/03/41/00 PUT /v1/AUTH_602f37ceccf647698ef9e0fe4d0d45d5/gnocchi.a6ada5a8-66c0-480d-855c-0e93c39c064c/1763640000.0_mean_300.0_v3 HTTP/1.0 201 - python-swiftclient-4.8.0 gAAAAABpLQ4-yMSf... 16 - - tx9da3298edb9d4131a13af-00692d0e4c - 0.0523 - - 1764560460.852312565 1764560460.904582977 0 3cd24aa0af114855987a490c7d44632d
Nov 30 22:41:00 np0005540556.novalocal container-server[97342]: ::1 - - [01/Dec/2025:03:41:00 +0000] "PUT /1/123242/AUTH_602f37ceccf647698ef9e0fe4d0d45d5/gnocchi.a6ada5a8-66c0-480d-855c-0e93c39c064c/none_v3" 201 - "PUT http://[::1]:8080/1/75418/AUTH_602f37ceccf647698ef9e0fe4d0d45d5/gnocchi.a6ada5a8-66c0-480d-855c-0e93c39c064c/none_v3" "txa1a29c081bc7495892d1d-00692d0e4c" "object-server 97640" 0.0008 "-" 97342 0
Nov 30 22:41:00 np0005540556.novalocal object-server[97640]: ::1 - - [01/Dec/2025:03:41:00 +0000] "PUT /1/75418/AUTH_602f37ceccf647698ef9e0fe4d0d45d5/gnocchi.a6ada5a8-66c0-480d-855c-0e93c39c064c/none_v3" 201 - "PUT https://[::1]:8080/v1/AUTH_602f37ceccf647698ef9e0fe4d0d45d5/gnocchi.a6ada5a8-66c0-480d-855c-0e93c39c064c/none_v3" "txa1a29c081bc7495892d1d-00692d0e4c" "proxy-server 98624" 0.0143 "-" 97640 0
Nov 30 22:41:00 np0005540556.novalocal container-server[97343]: ::1 - - [01/Dec/2025:03:41:00 +0000] "HEAD /1/144900/AUTH_602f37ceccf647698ef9e0fe4d0d45d5/gnocchi.fc88fd1a-f9db-46f4-95b2-b5f3e77fd552" 404 - "HEAD http://[::1]:8080/v1/AUTH_602f37ceccf647698ef9e0fe4d0d45d5/gnocchi.fc88fd1a-f9db-46f4-95b2-b5f3e77fd552" "tx6e163d66786b435c9b3fc-00692d0e4c" "proxy-server 98624" 0.0007 "-" 97343 0
Nov 30 22:41:00 np0005540556.novalocal container-server[97343]: ::1 - - [01/Dec/2025:03:41:00 +0000] "PUT /2/123242/AUTH_602f37ceccf647698ef9e0fe4d0d45d5/gnocchi.a6ada5a8-66c0-480d-855c-0e93c39c064c/none_v3" 201 - "PUT http://[::1]:8080/3/75418/AUTH_602f37ceccf647698ef9e0fe4d0d45d5/gnocchi.a6ada5a8-66c0-480d-855c-0e93c39c064c/none_v3" "txa1a29c081bc7495892d1d-00692d0e4c" "object-server 97639" 0.0011 "-" 97343 0
Nov 30 22:41:00 np0005540556.novalocal object-server[97639]: ::1 - - [01/Dec/2025:03:41:00 +0000] "PUT /3/75418/AUTH_602f37ceccf647698ef9e0fe4d0d45d5/gnocchi.a6ada5a8-66c0-480d-855c-0e93c39c064c/none_v3" 201 - "PUT https://[::1]:8080/v1/AUTH_602f37ceccf647698ef9e0fe4d0d45d5/gnocchi.a6ada5a8-66c0-480d-855c-0e93c39c064c/none_v3" "txa1a29c081bc7495892d1d-00692d0e4c" "proxy-server 98624" 0.0168 "-" 97639 0
Nov 30 22:41:00 np0005540556.novalocal container-server[97343]: ::1 - - [01/Dec/2025:03:41:00 +0000] "PUT /3/123242/AUTH_602f37ceccf647698ef9e0fe4d0d45d5/gnocchi.a6ada5a8-66c0-480d-855c-0e93c39c064c/none_v3" 201 - "PUT http://[::1]:8080/2/75418/AUTH_602f37ceccf647698ef9e0fe4d0d45d5/gnocchi.a6ada5a8-66c0-480d-855c-0e93c39c064c/none_v3" "txa1a29c081bc7495892d1d-00692d0e4c" "object-server 97639" 0.0006 "-" 97343 0
Nov 30 22:41:00 np0005540556.novalocal container-server[97342]: ::1 - - [01/Dec/2025:03:41:00 +0000] "HEAD /2/144900/AUTH_602f37ceccf647698ef9e0fe4d0d45d5/gnocchi.fc88fd1a-f9db-46f4-95b2-b5f3e77fd552" 404 - "HEAD http://[::1]:8080/v1/AUTH_602f37ceccf647698ef9e0fe4d0d45d5/gnocchi.fc88fd1a-f9db-46f4-95b2-b5f3e77fd552" "tx6e163d66786b435c9b3fc-00692d0e4c" "proxy-server 98624" 0.0003 "-" 97342 0
Nov 30 22:41:00 np0005540556.novalocal object-server[97639]: ::1 - - [01/Dec/2025:03:41:00 +0000] "PUT /2/75418/AUTH_602f37ceccf647698ef9e0fe4d0d45d5/gnocchi.a6ada5a8-66c0-480d-855c-0e93c39c064c/none_v3" 201 - "PUT https://[::1]:8080/v1/AUTH_602f37ceccf647698ef9e0fe4d0d45d5/gnocchi.a6ada5a8-66c0-480d-855c-0e93c39c064c/none_v3" "txa1a29c081bc7495892d1d-00692d0e4c" "proxy-server 98624" 0.0211 "-" 97639 0
Nov 30 22:41:00 np0005540556.novalocal proxy-server[98624]: ::1 ::1 01/Dec/2025/03/41/00 PUT /v1/AUTH_602f37ceccf647698ef9e0fe4d0d45d5/gnocchi.a6ada5a8-66c0-480d-855c-0e93c39c064c/none_v3 HTTP/1.0 201 - python-swiftclient-4.8.0 gAAAAABpLQ4-yMSf... 32 - - txa1a29c081bc7495892d1d-00692d0e4c - 0.0330 - - 1764560460.908889294 1764560460.941892147 0 3cd24aa0af114855987a490c7d44632d
Nov 30 22:41:00 np0005540556.novalocal container-server[97342]: ::1 - - [01/Dec/2025:03:41:00 +0000] "HEAD /3/144900/AUTH_602f37ceccf647698ef9e0fe4d0d45d5/gnocchi.fc88fd1a-f9db-46f4-95b2-b5f3e77fd552" 404 - "HEAD http://[::1]:8080/v1/AUTH_602f37ceccf647698ef9e0fe4d0d45d5/gnocchi.fc88fd1a-f9db-46f4-95b2-b5f3e77fd552" "tx6e163d66786b435c9b3fc-00692d0e4c" "proxy-server 98624" 0.0005 "-" 97342 0
Nov 30 22:41:00 np0005540556.novalocal proxy-server[98624]: - - 01/Dec/2025/03/41/00 HEAD /v1/AUTH_602f37ceccf647698ef9e0fe4d0d45d5/gnocchi.fc88fd1a-f9db-46f4-95b2-b5f3e77fd552 HTTP/1.0 404 - Swift - - - - tx6e163d66786b435c9b3fc-00692d0e4c - 0.0153 CS - 1764560460.929007292 1764560460.944266796 0 -
Nov 30 22:41:00 np0005540556.novalocal object-server[97640]: ::1 - - [01/Dec/2025:03:41:00 +0000] "GET /1/205755/AUTH_602f37ceccf647698ef9e0fe4d0d45d5/gnocchi.fc88fd1a-f9db-46f4-95b2-b5f3e77fd552/none_v3" 404 70 "GET https://[::1]:8080/v1/AUTH_602f37ceccf647698ef9e0fe4d0d45d5/gnocchi.fc88fd1a-f9db-46f4-95b2-b5f3e77fd552/none_v3" "tx6e163d66786b435c9b3fc-00692d0e4c" "proxy-server 98624" 0.0005 "-" 97640 0
Nov 30 22:41:00 np0005540556.novalocal object-server[97639]: ::1 - - [01/Dec/2025:03:41:00 +0000] "GET /2/205755/AUTH_602f37ceccf647698ef9e0fe4d0d45d5/gnocchi.fc88fd1a-f9db-46f4-95b2-b5f3e77fd552/none_v3" 404 70 "GET https://[::1]:8080/v1/AUTH_602f37ceccf647698ef9e0fe4d0d45d5/gnocchi.fc88fd1a-f9db-46f4-95b2-b5f3e77fd552/none_v3" "tx6e163d66786b435c9b3fc-00692d0e4c" "proxy-server 98624" 0.0006 "-" 97639 0
Nov 30 22:41:00 np0005540556.novalocal object-server[97639]: ::1 - - [01/Dec/2025:03:41:00 +0000] "GET /3/205755/AUTH_602f37ceccf647698ef9e0fe4d0d45d5/gnocchi.fc88fd1a-f9db-46f4-95b2-b5f3e77fd552/none_v3" 404 70 "GET https://[::1]:8080/v1/AUTH_602f37ceccf647698ef9e0fe4d0d45d5/gnocchi.fc88fd1a-f9db-46f4-95b2-b5f3e77fd552/none_v3" "tx6e163d66786b435c9b3fc-00692d0e4c" "proxy-server 98624" 0.0004 "-" 97639 0
Nov 30 22:41:00 np0005540556.novalocal proxy-server[98624]: ::1 ::1 01/Dec/2025/03/41/00 GET /v1/AUTH_602f37ceccf647698ef9e0fe4d0d45d5/gnocchi.fc88fd1a-f9db-46f4-95b2-b5f3e77fd552/none_v3 HTTP/1.0 404 - python-swiftclient-4.8.0 gAAAAABpLQ4jjy8F... - 70 - tx6e163d66786b435c9b3fc-00692d0e4c - 0.0346 - - 1764560460.927072525 1764560460.961659908 0 3cd24aa0af114855987a490c7d44632d
Nov 30 22:41:00 np0005540556.novalocal account-server[97042]: ::1 - - [01/Dec/2025:03:41:00 +0000] "PUT /2/108421/AUTH_602f37ceccf647698ef9e0fe4d0d45d5/gnocchi.fc88fd1a-f9db-46f4-95b2-b5f3e77fd552" 201 - "PUT http://[::1]:6001/1/144900/AUTH_602f37ceccf647698ef9e0fe4d0d45d5/gnocchi.fc88fd1a-f9db-46f4-95b2-b5f3e77fd552" "txabe713ad0a8b43d3a6b47-00692d0e4c" "container-server 97342" 0.0056 "-" 97042 0
Nov 30 22:41:00 np0005540556.novalocal container-server[97342]: ::1 - - [01/Dec/2025:03:41:00 +0000] "PUT /1/144900/AUTH_602f37ceccf647698ef9e0fe4d0d45d5/gnocchi.fc88fd1a-f9db-46f4-95b2-b5f3e77fd552" 201 - "PUT https://[::1]:8080/v1/AUTH_602f37ceccf647698ef9e0fe4d0d45d5/gnocchi.fc88fd1a-f9db-46f4-95b2-b5f3e77fd552" "txabe713ad0a8b43d3a6b47-00692d0e4c" "proxy-server 98624" 0.0236 "-" 97342 0
Nov 30 22:41:01 np0005540556.novalocal container-server[97343]: ::1 - - [01/Dec/2025:03:41:01 +0000] "HEAD /3/252309/AUTH_602f37ceccf647698ef9e0fe4d0d45d5/gnocchi.d5c78bf9-623a-4d2a-a976-12cf73eab865" 404 - "HEAD http://[::1]:8080/v1/AUTH_602f37ceccf647698ef9e0fe4d0d45d5/gnocchi.d5c78bf9-623a-4d2a-a976-12cf73eab865" "tx565cb82097834fa1bdc5b-00692d0e4c" "proxy-server 98624" 0.0007 "-" 97343 0
Nov 30 22:41:01 np0005540556.novalocal account-server[97043]: ::1 - - [01/Dec/2025:03:41:01 +0000] "PUT /1/108421/AUTH_602f37ceccf647698ef9e0fe4d0d45d5/gnocchi.fc88fd1a-f9db-46f4-95b2-b5f3e77fd552" 201 - "PUT http://[::1]:6001/2/144900/AUTH_602f37ceccf647698ef9e0fe4d0d45d5/gnocchi.fc88fd1a-f9db-46f4-95b2-b5f3e77fd552" "txabe713ad0a8b43d3a6b47-00692d0e4c" "container-server 97343" 0.0050 "-" 97043 0
Nov 30 22:41:01 np0005540556.novalocal account-server[97042]: ::1 - - [01/Dec/2025:03:41:01 +0000] "PUT /3/108421/AUTH_602f37ceccf647698ef9e0fe4d0d45d5/gnocchi.fc88fd1a-f9db-46f4-95b2-b5f3e77fd552" 201 - "PUT http://[::1]:6001/3/144900/AUTH_602f37ceccf647698ef9e0fe4d0d45d5/gnocchi.fc88fd1a-f9db-46f4-95b2-b5f3e77fd552" "txabe713ad0a8b43d3a6b47-00692d0e4c" "container-server 97343" 0.0051 "-" 97042 0
Nov 30 22:41:01 np0005540556.novalocal container-server[97343]: ::1 - - [01/Dec/2025:03:41:01 +0000] "HEAD /1/252309/AUTH_602f37ceccf647698ef9e0fe4d0d45d5/gnocchi.d5c78bf9-623a-4d2a-a976-12cf73eab865" 404 - "HEAD http://[::1]:8080/v1/AUTH_602f37ceccf647698ef9e0fe4d0d45d5/gnocchi.d5c78bf9-623a-4d2a-a976-12cf73eab865" "tx565cb82097834fa1bdc5b-00692d0e4c" "proxy-server 98624" 0.0004 "-" 97343 0
Nov 30 22:41:01 np0005540556.novalocal container-server[97343]: ::1 - - [01/Dec/2025:03:41:01 +0000] "PUT /2/144900/AUTH_602f37ceccf647698ef9e0fe4d0d45d5/gnocchi.fc88fd1a-f9db-46f4-95b2-b5f3e77fd552" 201 - "PUT https://[::1]:8080/v1/AUTH_602f37ceccf647698ef9e0fe4d0d45d5/gnocchi.fc88fd1a-f9db-46f4-95b2-b5f3e77fd552" "txabe713ad0a8b43d3a6b47-00692d0e4c" "proxy-server 98624" 0.0341 "-" 97343 0
Nov 30 22:41:01 np0005540556.novalocal container-server[97343]: ::1 - - [01/Dec/2025:03:41:01 +0000] "PUT /3/144900/AUTH_602f37ceccf647698ef9e0fe4d0d45d5/gnocchi.fc88fd1a-f9db-46f4-95b2-b5f3e77fd552" 201 - "PUT https://[::1]:8080/v1/AUTH_602f37ceccf647698ef9e0fe4d0d45d5/gnocchi.fc88fd1a-f9db-46f4-95b2-b5f3e77fd552" "txabe713ad0a8b43d3a6b47-00692d0e4c" "proxy-server 98624" 0.0224 "-" 97343 0
Nov 30 22:41:01 np0005540556.novalocal container-server[97343]: ::1 - - [01/Dec/2025:03:41:01 +0000] "HEAD /2/252309/AUTH_602f37ceccf647698ef9e0fe4d0d45d5/gnocchi.d5c78bf9-623a-4d2a-a976-12cf73eab865" 404 - "HEAD http://[::1]:8080/v1/AUTH_602f37ceccf647698ef9e0fe4d0d45d5/gnocchi.d5c78bf9-623a-4d2a-a976-12cf73eab865" "tx565cb82097834fa1bdc5b-00692d0e4c" "proxy-server 98624" 0.0004 "-" 97343 0
Nov 30 22:41:01 np0005540556.novalocal proxy-server[98624]: ::1 ::1 01/Dec/2025/03/41/01 PUT /v1/AUTH_602f37ceccf647698ef9e0fe4d0d45d5/gnocchi.fc88fd1a-f9db-46f4-95b2-b5f3e77fd552 HTTP/1.0 201 - python-swiftclient-4.8.0 gAAAAABpLQ4jjy8F... - - - txabe713ad0a8b43d3a6b47-00692d0e4c - 0.0456 - - 1764560460.965841770 1764560461.011478186 0 3cd24aa0af114855987a490c7d44632d
Nov 30 22:41:01 np0005540556.novalocal proxy-server[98624]: - - 01/Dec/2025/03/41/01 HEAD /v1/AUTH_602f37ceccf647698ef9e0fe4d0d45d5/gnocchi.d5c78bf9-623a-4d2a-a976-12cf73eab865 HTTP/1.0 404 - Swift - - - - tx565cb82097834fa1bdc5b-00692d0e4c - 0.0153 CS - 1764560460.998468161 1764560461.013814449 0 -
Nov 30 22:41:01 np0005540556.novalocal object-server[97639]: ::1 - - [01/Dec/2025:03:41:01 +0000] "GET /2/57582/AUTH_602f37ceccf647698ef9e0fe4d0d45d5/gnocchi.d5c78bf9-623a-4d2a-a976-12cf73eab865/none_v3" 404 70 "GET https://[::1]:8080/v1/AUTH_602f37ceccf647698ef9e0fe4d0d45d5/gnocchi.d5c78bf9-623a-4d2a-a976-12cf73eab865/none_v3" "tx565cb82097834fa1bdc5b-00692d0e4c" "proxy-server 98624" 0.0006 "-" 97639 0
Nov 30 22:41:01 np0005540556.novalocal object-server[97639]: ::1 - - [01/Dec/2025:03:41:01 +0000] "GET /3/57582/AUTH_602f37ceccf647698ef9e0fe4d0d45d5/gnocchi.d5c78bf9-623a-4d2a-a976-12cf73eab865/none_v3" 404 70 "GET https://[::1]:8080/v1/AUTH_602f37ceccf647698ef9e0fe4d0d45d5/gnocchi.d5c78bf9-623a-4d2a-a976-12cf73eab865/none_v3" "tx565cb82097834fa1bdc5b-00692d0e4c" "proxy-server 98624" 0.0004 "-" 97639 0
Nov 30 22:41:01 np0005540556.novalocal container-server[97343]: ::1 - - [01/Dec/2025:03:41:01 +0000] "HEAD /1/144900/AUTH_602f37ceccf647698ef9e0fe4d0d45d5/gnocchi.fc88fd1a-f9db-46f4-95b2-b5f3e77fd552" 204 - "HEAD http://[::1]:8080/v1/AUTH_602f37ceccf647698ef9e0fe4d0d45d5/gnocchi.fc88fd1a-f9db-46f4-95b2-b5f3e77fd552" "tx39601b0e15c84e5885870-00692d0e4d" "proxy-server 98624" 0.0023 "-" 97343 0
Nov 30 22:41:01 np0005540556.novalocal proxy-server[98624]: - - 01/Dec/2025/03/41/01 HEAD /v1/AUTH_602f37ceccf647698ef9e0fe4d0d45d5/gnocchi.fc88fd1a-f9db-46f4-95b2-b5f3e77fd552 HTTP/1.0 204 - Swift - - - - tx39601b0e15c84e5885870-00692d0e4d - 0.0090 CS - 1764560461.020507812 1764560461.029505968 0 -
Nov 30 22:41:01 np0005540556.novalocal object-server[97639]: ::1 - - [01/Dec/2025:03:41:01 +0000] "GET /1/57582/AUTH_602f37ceccf647698ef9e0fe4d0d45d5/gnocchi.d5c78bf9-623a-4d2a-a976-12cf73eab865/none_v3" 404 70 "GET https://[::1]:8080/v1/AUTH_602f37ceccf647698ef9e0fe4d0d45d5/gnocchi.d5c78bf9-623a-4d2a-a976-12cf73eab865/none_v3" "tx565cb82097834fa1bdc5b-00692d0e4c" "proxy-server 98624" 0.0003 "-" 97639 0
Nov 30 22:41:01 np0005540556.novalocal proxy-server[98624]: ::1 ::1 01/Dec/2025/03/41/01 GET /v1/AUTH_602f37ceccf647698ef9e0fe4d0d45d5/gnocchi.d5c78bf9-623a-4d2a-a976-12cf73eab865/none_v3 HTTP/1.0 404 - python-swiftclient-4.8.0 gAAAAABpLQ4-yMSf... - 70 - tx565cb82097834fa1bdc5b-00692d0e4c - 0.0388 - - 1764560460.997364283 1764560461.036124945 0 3cd24aa0af114855987a490c7d44632d
Nov 30 22:41:01 np0005540556.novalocal container-server[97342]: ::1 - - [01/Dec/2025:03:41:01 +0000] "GET /2/144900/AUTH_602f37ceccf647698ef9e0fe4d0d45d5/gnocchi.fc88fd1a-f9db-46f4-95b2-b5f3e77fd552" 200 2 "GET https://[::1]:8080/v1/AUTH_602f37ceccf647698ef9e0fe4d0d45d5/gnocchi.fc88fd1a-f9db-46f4-95b2-b5f3e77fd552?format=json&states=listing" "tx39601b0e15c84e5885870-00692d0e4d" "proxy-server 98624" 0.0048 "-" 97342 0
Nov 30 22:41:01 np0005540556.novalocal proxy-server[98624]: ::1 ::1 01/Dec/2025/03/41/01 GET /v1/AUTH_602f37ceccf647698ef9e0fe4d0d45d5/gnocchi.fc88fd1a-f9db-46f4-95b2-b5f3e77fd552%3Fformat%3Djson%26states%3Dlisting HTTP/1.0 200 - python-swiftclient-4.8.0 gAAAAABpLQ4jjy8F... - 2 - tx39601b0e15c84e5885870-00692d0e4d - 0.0304 - - 1764560461.019315004 1764560461.049738407 0 3cd24aa0af114855987a490c7d44632d
Nov 30 22:41:01 np0005540556.novalocal object-server[97639]: ::1 - - [01/Dec/2025:03:41:01 +0000] "GET /3/172755/AUTH_602f37ceccf647698ef9e0fe4d0d45d5/gnocchi.fc88fd1a-f9db-46f4-95b2-b5f3e77fd552/1763640000.0_mean_300.0_v3" 404 70 "GET https://[::1]:8080/v1/AUTH_602f37ceccf647698ef9e0fe4d0d45d5/gnocchi.fc88fd1a-f9db-46f4-95b2-b5f3e77fd552/1763640000.0_mean_300.0_v3" "tx9edbced5bb334c489af36-00692d0e4d" "proxy-server 98624" 0.0004 "-" 97639 0
Nov 30 22:41:01 np0005540556.novalocal object-server[97639]: ::1 - - [01/Dec/2025:03:41:01 +0000] "GET /2/172755/AUTH_602f37ceccf647698ef9e0fe4d0d45d5/gnocchi.fc88fd1a-f9db-46f4-95b2-b5f3e77fd552/1763640000.0_mean_300.0_v3" 404 70 "GET https://[::1]:8080/v1/AUTH_602f37ceccf647698ef9e0fe4d0d45d5/gnocchi.fc88fd1a-f9db-46f4-95b2-b5f3e77fd552/1763640000.0_mean_300.0_v3" "tx9edbced5bb334c489af36-00692d0e4d" "proxy-server 98624" 0.0003 "-" 97639 0
Nov 30 22:41:01 np0005540556.novalocal account-server[97042]: ::1 - - [01/Dec/2025:03:41:01 +0000] "PUT /1/108421/AUTH_602f37ceccf647698ef9e0fe4d0d45d5/gnocchi.d5c78bf9-623a-4d2a-a976-12cf73eab865" 201 - "PUT http://[::1]:6001/2/252309/AUTH_602f37ceccf647698ef9e0fe4d0d45d5/gnocchi.d5c78bf9-623a-4d2a-a976-12cf73eab865" "txa42ef3a9e6334d31b0c8c-00692d0e4d" "container-server 97343" 0.0070 "-" 97042 0
Nov 30 22:41:01 np0005540556.novalocal object-server[97639]: ::1 - - [01/Dec/2025:03:41:01 +0000] "GET /1/172755/AUTH_602f37ceccf647698ef9e0fe4d0d45d5/gnocchi.fc88fd1a-f9db-46f4-95b2-b5f3e77fd552/1763640000.0_mean_300.0_v3" 404 70 "GET https://[::1]:8080/v1/AUTH_602f37ceccf647698ef9e0fe4d0d45d5/gnocchi.fc88fd1a-f9db-46f4-95b2-b5f3e77fd552/1763640000.0_mean_300.0_v3" "tx9edbced5bb334c489af36-00692d0e4d" "proxy-server 98624" 0.0005 "-" 97639 0
Nov 30 22:41:01 np0005540556.novalocal container-server[97343]: ::1 - - [01/Dec/2025:03:41:01 +0000] "PUT /2/252309/AUTH_602f37ceccf647698ef9e0fe4d0d45d5/gnocchi.d5c78bf9-623a-4d2a-a976-12cf73eab865" 201 - "PUT https://[::1]:8080/v1/AUTH_602f37ceccf647698ef9e0fe4d0d45d5/gnocchi.d5c78bf9-623a-4d2a-a976-12cf73eab865" "txa42ef3a9e6334d31b0c8c-00692d0e4d" "proxy-server 98624" 0.0212 "-" 97343 0
Nov 30 22:41:01 np0005540556.novalocal proxy-server[98624]: ::1 ::1 01/Dec/2025/03/41/01 GET /v1/AUTH_602f37ceccf647698ef9e0fe4d0d45d5/gnocchi.fc88fd1a-f9db-46f4-95b2-b5f3e77fd552/1763640000.0_mean_300.0_v3 HTTP/1.0 404 - python-swiftclient-4.8.0 gAAAAABpLQ4jjy8F... - 70 - tx9edbced5bb334c489af36-00692d0e4d - 0.0170 - - 1764560461.054188967 1764560461.071188927 0 3cd24aa0af114855987a490c7d44632d
Nov 30 22:41:01 np0005540556.novalocal account-server[97043]: ::1 - - [01/Dec/2025:03:41:01 +0000] "PUT /3/108421/AUTH_602f37ceccf647698ef9e0fe4d0d45d5/gnocchi.d5c78bf9-623a-4d2a-a976-12cf73eab865" 201 - "PUT http://[::1]:6001/3/252309/AUTH_602f37ceccf647698ef9e0fe4d0d45d5/gnocchi.d5c78bf9-623a-4d2a-a976-12cf73eab865" "txa42ef3a9e6334d31b0c8c-00692d0e4d" "container-server 97342" 0.0050 "-" 97043 0
Nov 30 22:41:01 np0005540556.novalocal account-server[97042]: ::1 - - [01/Dec/2025:03:41:01 +0000] "PUT /2/108421/AUTH_602f37ceccf647698ef9e0fe4d0d45d5/gnocchi.d5c78bf9-623a-4d2a-a976-12cf73eab865" 201 - "PUT http://[::1]:6001/1/252309/AUTH_602f37ceccf647698ef9e0fe4d0d45d5/gnocchi.d5c78bf9-623a-4d2a-a976-12cf73eab865" "txa42ef3a9e6334d31b0c8c-00692d0e4d" "container-server 97342" 0.0060 "-" 97042 0
Nov 30 22:41:01 np0005540556.novalocal container-server[97342]: ::1 - - [01/Dec/2025:03:41:01 +0000] "PUT /3/252309/AUTH_602f37ceccf647698ef9e0fe4d0d45d5/gnocchi.d5c78bf9-623a-4d2a-a976-12cf73eab865" 201 - "PUT https://[::1]:8080/v1/AUTH_602f37ceccf647698ef9e0fe4d0d45d5/gnocchi.d5c78bf9-623a-4d2a-a976-12cf73eab865" "txa42ef3a9e6334d31b0c8c-00692d0e4d" "proxy-server 98624" 0.0219 "-" 97342 0
Nov 30 22:41:01 np0005540556.novalocal container-server[97342]: ::1 - - [01/Dec/2025:03:41:01 +0000] "PUT /1/252309/AUTH_602f37ceccf647698ef9e0fe4d0d45d5/gnocchi.d5c78bf9-623a-4d2a-a976-12cf73eab865" 201 - "PUT https://[::1]:8080/v1/AUTH_602f37ceccf647698ef9e0fe4d0d45d5/gnocchi.d5c78bf9-623a-4d2a-a976-12cf73eab865" "txa42ef3a9e6334d31b0c8c-00692d0e4d" "proxy-server 98624" 0.0367 "-" 97342 0
Nov 30 22:41:01 np0005540556.novalocal proxy-server[98624]: ::1 ::1 01/Dec/2025/03/41/01 PUT /v1/AUTH_602f37ceccf647698ef9e0fe4d0d45d5/gnocchi.d5c78bf9-623a-4d2a-a976-12cf73eab865 HTTP/1.0 201 - python-swiftclient-4.8.0 gAAAAABpLQ4-yMSf... - - - txa42ef3a9e6334d31b0c8c-00692d0e4d - 0.0491 - - 1764560461.039819956 1764560461.088930368 0 3cd24aa0af114855987a490c7d44632d
Nov 30 22:41:01 np0005540556.novalocal container-server[97342]: ::1 - - [01/Dec/2025:03:41:01 +0000] "HEAD /2/252309/AUTH_602f37ceccf647698ef9e0fe4d0d45d5/gnocchi.d5c78bf9-623a-4d2a-a976-12cf73eab865" 204 - "HEAD http://[::1]:8080/v1/AUTH_602f37ceccf647698ef9e0fe4d0d45d5/gnocchi.d5c78bf9-623a-4d2a-a976-12cf73eab865" "txa1ddb90df6794154a7ab2-00692d0e4d" "proxy-server 98624" 0.0022 "-" 97342 0
Nov 30 22:41:01 np0005540556.novalocal proxy-server[98624]: - - 01/Dec/2025/03/41/01 HEAD /v1/AUTH_602f37ceccf647698ef9e0fe4d0d45d5/gnocchi.d5c78bf9-623a-4d2a-a976-12cf73eab865 HTTP/1.0 204 - Swift - - - - txa1ddb90df6794154a7ab2-00692d0e4d - 0.0058 CS - 1764560461.094089508 1764560461.099937677 0 -
Nov 30 22:41:01 np0005540556.novalocal container-server[97342]: ::1 - - [01/Dec/2025:03:41:01 +0000] "PUT /1/144900/AUTH_602f37ceccf647698ef9e0fe4d0d45d5/gnocchi.fc88fd1a-f9db-46f4-95b2-b5f3e77fd552/1763640000.0_mean_300.0_v3" 201 - "PUT http://[::1]:8080/1/172755/AUTH_602f37ceccf647698ef9e0fe4d0d45d5/gnocchi.fc88fd1a-f9db-46f4-95b2-b5f3e77fd552/1763640000.0_mean_300.0_v3" "txf6fa11644cfa4fac964d4-00692d0e4d" "object-server 97640" 0.0008 "-" 97342 0
Nov 30 22:41:01 np0005540556.novalocal object-server[97640]: ::1 - - [01/Dec/2025:03:41:01 +0000] "PUT /1/172755/AUTH_602f37ceccf647698ef9e0fe4d0d45d5/gnocchi.fc88fd1a-f9db-46f4-95b2-b5f3e77fd552/1763640000.0_mean_300.0_v3" 201 - "PUT https://[::1]:8080/v1/AUTH_602f37ceccf647698ef9e0fe4d0d45d5/gnocchi.fc88fd1a-f9db-46f4-95b2-b5f3e77fd552/1763640000.0_mean_300.0_v3" "txf6fa11644cfa4fac964d4-00692d0e4d" "proxy-server 98624" 0.0132 "-" 97640 0
Nov 30 22:41:01 np0005540556.novalocal container-server[97342]: ::1 - - [01/Dec/2025:03:41:01 +0000] "PUT /2/144900/AUTH_602f37ceccf647698ef9e0fe4d0d45d5/gnocchi.fc88fd1a-f9db-46f4-95b2-b5f3e77fd552/1763640000.0_mean_300.0_v3" 201 - "PUT http://[::1]:8080/3/172755/AUTH_602f37ceccf647698ef9e0fe4d0d45d5/gnocchi.fc88fd1a-f9db-46f4-95b2-b5f3e77fd552/1763640000.0_mean_300.0_v3" "txf6fa11644cfa4fac964d4-00692d0e4d" "object-server 97639" 0.0008 "-" 97342 0
Nov 30 22:41:01 np0005540556.novalocal container-server[97343]: ::1 - - [01/Dec/2025:03:41:01 +0000] "PUT /3/144900/AUTH_602f37ceccf647698ef9e0fe4d0d45d5/gnocchi.fc88fd1a-f9db-46f4-95b2-b5f3e77fd552/1763640000.0_mean_300.0_v3" 201 - "PUT http://[::1]:8080/2/172755/AUTH_602f37ceccf647698ef9e0fe4d0d45d5/gnocchi.fc88fd1a-f9db-46f4-95b2-b5f3e77fd552/1763640000.0_mean_300.0_v3" "txf6fa11644cfa4fac964d4-00692d0e4d" "object-server 97639" 0.0010 "-" 97343 0
Nov 30 22:41:01 np0005540556.novalocal object-server[97639]: ::1 - - [01/Dec/2025:03:41:01 +0000] "PUT /3/172755/AUTH_602f37ceccf647698ef9e0fe4d0d45d5/gnocchi.fc88fd1a-f9db-46f4-95b2-b5f3e77fd552/1763640000.0_mean_300.0_v3" 201 - "PUT https://[::1]:8080/v1/AUTH_602f37ceccf647698ef9e0fe4d0d45d5/gnocchi.fc88fd1a-f9db-46f4-95b2-b5f3e77fd552/1763640000.0_mean_300.0_v3" "txf6fa11644cfa4fac964d4-00692d0e4d" "proxy-server 98624" 0.0154 "-" 97639 0
Nov 30 22:41:01 np0005540556.novalocal object-server[97639]: ::1 - - [01/Dec/2025:03:41:01 +0000] "PUT /2/172755/AUTH_602f37ceccf647698ef9e0fe4d0d45d5/gnocchi.fc88fd1a-f9db-46f4-95b2-b5f3e77fd552/1763640000.0_mean_300.0_v3" 201 - "PUT https://[::1]:8080/v1/AUTH_602f37ceccf647698ef9e0fe4d0d45d5/gnocchi.fc88fd1a-f9db-46f4-95b2-b5f3e77fd552/1763640000.0_mean_300.0_v3" "txf6fa11644cfa4fac964d4-00692d0e4d" "proxy-server 98624" 0.0144 "-" 97639 0
Nov 30 22:41:01 np0005540556.novalocal proxy-server[98624]: ::1 ::1 01/Dec/2025/03/41/01 PUT /v1/AUTH_602f37ceccf647698ef9e0fe4d0d45d5/gnocchi.fc88fd1a-f9db-46f4-95b2-b5f3e77fd552/1763640000.0_mean_300.0_v3 HTTP/1.0 201 - python-swiftclient-4.8.0 gAAAAABpLQ4jjy8F... 16 - - txf6fa11644cfa4fac964d4-00692d0e4d - 0.0312 - - 1764560461.075278997 1764560461.106517076 0 3cd24aa0af114855987a490c7d44632d
Nov 30 22:41:01 np0005540556.novalocal container-server[97342]: ::1 - - [01/Dec/2025:03:41:01 +0000] "GET /2/252309/AUTH_602f37ceccf647698ef9e0fe4d0d45d5/gnocchi.d5c78bf9-623a-4d2a-a976-12cf73eab865" 200 2 "GET https://[::1]:8080/v1/AUTH_602f37ceccf647698ef9e0fe4d0d45d5/gnocchi.d5c78bf9-623a-4d2a-a976-12cf73eab865?format=json&states=listing" "txa1ddb90df6794154a7ab2-00692d0e4d" "proxy-server 98624" 0.0035 "-" 97342 0
Nov 30 22:41:01 np0005540556.novalocal proxy-server[98624]: ::1 ::1 01/Dec/2025/03/41/01 GET /v1/AUTH_602f37ceccf647698ef9e0fe4d0d45d5/gnocchi.d5c78bf9-623a-4d2a-a976-12cf73eab865%3Fformat%3Djson%26states%3Dlisting HTTP/1.0 200 - python-swiftclient-4.8.0 gAAAAABpLQ4-yMSf... - 2 - txa1ddb90df6794154a7ab2-00692d0e4d - 0.0182 - - 1764560461.093088865 1764560461.111310244 0 3cd24aa0af114855987a490c7d44632d
Nov 30 22:41:01 np0005540556.novalocal object-server[97640]: ::1 - - [01/Dec/2025:03:41:01 +0000] "GET /2/211588/AUTH_602f37ceccf647698ef9e0fe4d0d45d5/gnocchi.d5c78bf9-623a-4d2a-a976-12cf73eab865/1763640000.0_mean_300.0_v3" 404 70 "GET https://[::1]:8080/v1/AUTH_602f37ceccf647698ef9e0fe4d0d45d5/gnocchi.d5c78bf9-623a-4d2a-a976-12cf73eab865/1763640000.0_mean_300.0_v3" "tx1000e333f5994a2d9582e-00692d0e4d" "proxy-server 98624" 0.0003 "-" 97640 0
Nov 30 22:41:01 np0005540556.novalocal object-server[97640]: ::1 - - [01/Dec/2025:03:41:01 +0000] "GET /1/211588/AUTH_602f37ceccf647698ef9e0fe4d0d45d5/gnocchi.d5c78bf9-623a-4d2a-a976-12cf73eab865/1763640000.0_mean_300.0_v3" 404 70 "GET https://[::1]:8080/v1/AUTH_602f37ceccf647698ef9e0fe4d0d45d5/gnocchi.d5c78bf9-623a-4d2a-a976-12cf73eab865/1763640000.0_mean_300.0_v3" "tx1000e333f5994a2d9582e-00692d0e4d" "proxy-server 98624" 0.0002 "-" 97640 0
Nov 30 22:41:01 np0005540556.novalocal container-server[97343]: ::1 - - [01/Dec/2025:03:41:01 +0000] "PUT /3/144900/AUTH_602f37ceccf647698ef9e0fe4d0d45d5/gnocchi.fc88fd1a-f9db-46f4-95b2-b5f3e77fd552/none_v3" 201 - "PUT http://[::1]:8080/2/205755/AUTH_602f37ceccf647698ef9e0fe4d0d45d5/gnocchi.fc88fd1a-f9db-46f4-95b2-b5f3e77fd552/none_v3" "txe03e8129e7f64422bb5f6-00692d0e4d" "object-server 97640" 0.0006 "-" 97343 0
Nov 30 22:41:01 np0005540556.novalocal container-server[97342]: ::1 - - [01/Dec/2025:03:41:01 +0000] "PUT /2/144900/AUTH_602f37ceccf647698ef9e0fe4d0d45d5/gnocchi.fc88fd1a-f9db-46f4-95b2-b5f3e77fd552/none_v3" 201 - "PUT http://[::1]:8080/3/205755/AUTH_602f37ceccf647698ef9e0fe4d0d45d5/gnocchi.fc88fd1a-f9db-46f4-95b2-b5f3e77fd552/none_v3" "txe03e8129e7f64422bb5f6-00692d0e4d" "object-server 97639" 0.0009 "-" 97342 0
Nov 30 22:41:01 np0005540556.novalocal object-server[97639]: ::1 - - [01/Dec/2025:03:41:01 +0000] "GET /3/211588/AUTH_602f37ceccf647698ef9e0fe4d0d45d5/gnocchi.d5c78bf9-623a-4d2a-a976-12cf73eab865/1763640000.0_mean_300.0_v3" 404 70 "GET https://[::1]:8080/v1/AUTH_602f37ceccf647698ef9e0fe4d0d45d5/gnocchi.d5c78bf9-623a-4d2a-a976-12cf73eab865/1763640000.0_mean_300.0_v3" "tx1000e333f5994a2d9582e-00692d0e4d" "proxy-server 98624" 0.0006 "-" 97639 0
Nov 30 22:41:01 np0005540556.novalocal object-server[97640]: ::1 - - [01/Dec/2025:03:41:01 +0000] "PUT /2/205755/AUTH_602f37ceccf647698ef9e0fe4d0d45d5/gnocchi.fc88fd1a-f9db-46f4-95b2-b5f3e77fd552/none_v3" 201 - "PUT https://[::1]:8080/v1/AUTH_602f37ceccf647698ef9e0fe4d0d45d5/gnocchi.fc88fd1a-f9db-46f4-95b2-b5f3e77fd552/none_v3" "txe03e8129e7f64422bb5f6-00692d0e4d" "proxy-server 98624" 0.0134 "-" 97640 0
Nov 30 22:41:01 np0005540556.novalocal object-server[97639]: ::1 - - [01/Dec/2025:03:41:01 +0000] "PUT /3/205755/AUTH_602f37ceccf647698ef9e0fe4d0d45d5/gnocchi.fc88fd1a-f9db-46f4-95b2-b5f3e77fd552/none_v3" 201 - "PUT https://[::1]:8080/v1/AUTH_602f37ceccf647698ef9e0fe4d0d45d5/gnocchi.fc88fd1a-f9db-46f4-95b2-b5f3e77fd552/none_v3" "txe03e8129e7f64422bb5f6-00692d0e4d" "proxy-server 98624" 0.0144 "-" 97639 0
Nov 30 22:41:01 np0005540556.novalocal container-server[97343]: ::1 - - [01/Dec/2025:03:41:01 +0000] "PUT /1/144900/AUTH_602f37ceccf647698ef9e0fe4d0d45d5/gnocchi.fc88fd1a-f9db-46f4-95b2-b5f3e77fd552/none_v3" 201 - "PUT http://[::1]:8080/1/205755/AUTH_602f37ceccf647698ef9e0fe4d0d45d5/gnocchi.fc88fd1a-f9db-46f4-95b2-b5f3e77fd552/none_v3" "txe03e8129e7f64422bb5f6-00692d0e4d" "object-server 97640" 0.0004 "-" 97343 0
Nov 30 22:41:01 np0005540556.novalocal object-server[97640]: ::1 - - [01/Dec/2025:03:41:01 +0000] "PUT /1/205755/AUTH_602f37ceccf647698ef9e0fe4d0d45d5/gnocchi.fc88fd1a-f9db-46f4-95b2-b5f3e77fd552/none_v3" 201 - "PUT https://[::1]:8080/v1/AUTH_602f37ceccf647698ef9e0fe4d0d45d5/gnocchi.fc88fd1a-f9db-46f4-95b2-b5f3e77fd552/none_v3" "txe03e8129e7f64422bb5f6-00692d0e4d" "proxy-server 98624" 0.0149 "-" 97640 0
Nov 30 22:41:01 np0005540556.novalocal proxy-server[98624]: ::1 ::1 01/Dec/2025/03/41/01 GET /v1/AUTH_602f37ceccf647698ef9e0fe4d0d45d5/gnocchi.d5c78bf9-623a-4d2a-a976-12cf73eab865/1763640000.0_mean_300.0_v3 HTTP/1.0 404 - python-swiftclient-4.8.0 gAAAAABpLQ4-yMSf... - 70 - tx1000e333f5994a2d9582e-00692d0e4d - 0.0178 - - 1764560461.116864681 1764560461.134637594 0 3cd24aa0af114855987a490c7d44632d
Nov 30 22:41:01 np0005540556.novalocal proxy-server[98624]: ::1 ::1 01/Dec/2025/03/41/01 PUT /v1/AUTH_602f37ceccf647698ef9e0fe4d0d45d5/gnocchi.fc88fd1a-f9db-46f4-95b2-b5f3e77fd552/none_v3 HTTP/1.0 201 - python-swiftclient-4.8.0 gAAAAABpLQ4jjy8F... 22 - - txe03e8129e7f64422bb5f6-00692d0e4d - 0.0272 - - 1764560461.110124350 1764560461.137317181 0 3cd24aa0af114855987a490c7d44632d
Nov 30 22:41:01 np0005540556.novalocal container-server[97342]: ::1 - - [01/Dec/2025:03:41:01 +0000] "PUT /3/252309/AUTH_602f37ceccf647698ef9e0fe4d0d45d5/gnocchi.d5c78bf9-623a-4d2a-a976-12cf73eab865/1763640000.0_mean_300.0_v3" 201 - "PUT http://[::1]:8080/3/211588/AUTH_602f37ceccf647698ef9e0fe4d0d45d5/gnocchi.d5c78bf9-623a-4d2a-a976-12cf73eab865/1763640000.0_mean_300.0_v3" "txc3cdcbcb0ad14c7ca5df4-00692d0e4d" "object-server 97639" 0.0010 "-" 97342 0
Nov 30 22:41:01 np0005540556.novalocal container-server[97343]: ::1 - - [01/Dec/2025:03:41:01 +0000] "PUT /1/252309/AUTH_602f37ceccf647698ef9e0fe4d0d45d5/gnocchi.d5c78bf9-623a-4d2a-a976-12cf73eab865/1763640000.0_mean_300.0_v3" 201 - "PUT http://[::1]:8080/2/211588/AUTH_602f37ceccf647698ef9e0fe4d0d45d5/gnocchi.d5c78bf9-623a-4d2a-a976-12cf73eab865/1763640000.0_mean_300.0_v3" "txc3cdcbcb0ad14c7ca5df4-00692d0e4d" "object-server 97640" 0.0011 "-" 97343 0
Nov 30 22:41:01 np0005540556.novalocal object-server[97640]: ::1 - - [01/Dec/2025:03:41:01 +0000] "PUT /2/211588/AUTH_602f37ceccf647698ef9e0fe4d0d45d5/gnocchi.d5c78bf9-623a-4d2a-a976-12cf73eab865/1763640000.0_mean_300.0_v3" 201 - "PUT https://[::1]:8080/v1/AUTH_602f37ceccf647698ef9e0fe4d0d45d5/gnocchi.d5c78bf9-623a-4d2a-a976-12cf73eab865/1763640000.0_mean_300.0_v3" "txc3cdcbcb0ad14c7ca5df4-00692d0e4d" "proxy-server 98624" 0.0134 "-" 97640 0
Nov 30 22:41:01 np0005540556.novalocal object-server[97639]: ::1 - - [01/Dec/2025:03:41:01 +0000] "PUT /3/211588/AUTH_602f37ceccf647698ef9e0fe4d0d45d5/gnocchi.d5c78bf9-623a-4d2a-a976-12cf73eab865/1763640000.0_mean_300.0_v3" 201 - "PUT https://[::1]:8080/v1/AUTH_602f37ceccf647698ef9e0fe4d0d45d5/gnocchi.d5c78bf9-623a-4d2a-a976-12cf73eab865/1763640000.0_mean_300.0_v3" "txc3cdcbcb0ad14c7ca5df4-00692d0e4d" "proxy-server 98624" 0.0118 "-" 97639 0
Nov 30 22:41:01 np0005540556.novalocal container-server[97342]: ::1 - - [01/Dec/2025:03:41:01 +0000] "PUT /2/252309/AUTH_602f37ceccf647698ef9e0fe4d0d45d5/gnocchi.d5c78bf9-623a-4d2a-a976-12cf73eab865/1763640000.0_mean_300.0_v3" 201 - "PUT http://[::1]:8080/1/211588/AUTH_602f37ceccf647698ef9e0fe4d0d45d5/gnocchi.d5c78bf9-623a-4d2a-a976-12cf73eab865/1763640000.0_mean_300.0_v3" "txc3cdcbcb0ad14c7ca5df4-00692d0e4d" "object-server 97639" 0.0007 "-" 97342 0
Nov 30 22:41:01 np0005540556.novalocal object-server[97639]: ::1 - - [01/Dec/2025:03:41:01 +0000] "PUT /1/211588/AUTH_602f37ceccf647698ef9e0fe4d0d45d5/gnocchi.d5c78bf9-623a-4d2a-a976-12cf73eab865/1763640000.0_mean_300.0_v3" 201 - "PUT https://[::1]:8080/v1/AUTH_602f37ceccf647698ef9e0fe4d0d45d5/gnocchi.d5c78bf9-623a-4d2a-a976-12cf73eab865/1763640000.0_mean_300.0_v3" "txc3cdcbcb0ad14c7ca5df4-00692d0e4d" "proxy-server 98624" 0.0156 "-" 97639 0
Nov 30 22:41:01 np0005540556.novalocal proxy-server[98624]: ::1 ::1 01/Dec/2025/03/41/01 PUT /v1/AUTH_602f37ceccf647698ef9e0fe4d0d45d5/gnocchi.d5c78bf9-623a-4d2a-a976-12cf73eab865/1763640000.0_mean_300.0_v3 HTTP/1.0 201 - python-swiftclient-4.8.0 gAAAAABpLQ4-yMSf... 16 - - txc3cdcbcb0ad14c7ca5df4-00692d0e4d - 0.0261 - - 1764560461.139215946 1764560461.165349722 0 3cd24aa0af114855987a490c7d44632d
Nov 30 22:41:01 np0005540556.novalocal container-server[97342]: ::1 - - [01/Dec/2025:03:41:01 +0000] "PUT /1/252309/AUTH_602f37ceccf647698ef9e0fe4d0d45d5/gnocchi.d5c78bf9-623a-4d2a-a976-12cf73eab865/none_v3" 201 - "PUT http://[::1]:8080/3/57582/AUTH_602f37ceccf647698ef9e0fe4d0d45d5/gnocchi.d5c78bf9-623a-4d2a-a976-12cf73eab865/none_v3" "txd6aea6f9c42541078d2ba-00692d0e4d" "object-server 97639" 0.0009 "-" 97342 0
Nov 30 22:41:01 np0005540556.novalocal container-server[97343]: ::1 - - [01/Dec/2025:03:41:01 +0000] "PUT /3/252309/AUTH_602f37ceccf647698ef9e0fe4d0d45d5/gnocchi.d5c78bf9-623a-4d2a-a976-12cf73eab865/none_v3" 201 - "PUT http://[::1]:8080/2/57582/AUTH_602f37ceccf647698ef9e0fe4d0d45d5/gnocchi.d5c78bf9-623a-4d2a-a976-12cf73eab865/none_v3" "txd6aea6f9c42541078d2ba-00692d0e4d" "object-server 97639" 0.0008 "-" 97343 0
Nov 30 22:41:01 np0005540556.novalocal object-server[97639]: ::1 - - [01/Dec/2025:03:41:01 +0000] "PUT /3/57582/AUTH_602f37ceccf647698ef9e0fe4d0d45d5/gnocchi.d5c78bf9-623a-4d2a-a976-12cf73eab865/none_v3" 201 - "PUT https://[::1]:8080/v1/AUTH_602f37ceccf647698ef9e0fe4d0d45d5/gnocchi.d5c78bf9-623a-4d2a-a976-12cf73eab865/none_v3" "txd6aea6f9c42541078d2ba-00692d0e4d" "proxy-server 98624" 0.0139 "-" 97639 0
Nov 30 22:41:01 np0005540556.novalocal object-server[97639]: ::1 - - [01/Dec/2025:03:41:01 +0000] "PUT /2/57582/AUTH_602f37ceccf647698ef9e0fe4d0d45d5/gnocchi.d5c78bf9-623a-4d2a-a976-12cf73eab865/none_v3" 201 - "PUT https://[::1]:8080/v1/AUTH_602f37ceccf647698ef9e0fe4d0d45d5/gnocchi.d5c78bf9-623a-4d2a-a976-12cf73eab865/none_v3" "txd6aea6f9c42541078d2ba-00692d0e4d" "proxy-server 98624" 0.0132 "-" 97639 0
Nov 30 22:41:01 np0005540556.novalocal container-server[97342]: ::1 - - [01/Dec/2025:03:41:01 +0000] "PUT /2/252309/AUTH_602f37ceccf647698ef9e0fe4d0d45d5/gnocchi.d5c78bf9-623a-4d2a-a976-12cf73eab865/none_v3" 201 - "PUT http://[::1]:8080/1/57582/AUTH_602f37ceccf647698ef9e0fe4d0d45d5/gnocchi.d5c78bf9-623a-4d2a-a976-12cf73eab865/none_v3" "txd6aea6f9c42541078d2ba-00692d0e4d" "object-server 97640" 0.0007 "-" 97342 0
Nov 30 22:41:01 np0005540556.novalocal object-server[97640]: ::1 - - [01/Dec/2025:03:41:01 +0000] "PUT /1/57582/AUTH_602f37ceccf647698ef9e0fe4d0d45d5/gnocchi.d5c78bf9-623a-4d2a-a976-12cf73eab865/none_v3" 201 - "PUT https://[::1]:8080/v1/AUTH_602f37ceccf647698ef9e0fe4d0d45d5/gnocchi.d5c78bf9-623a-4d2a-a976-12cf73eab865/none_v3" "txd6aea6f9c42541078d2ba-00692d0e4d" "proxy-server 98624" 0.0151 "-" 97640 0
Nov 30 22:41:01 np0005540556.novalocal container-server[97342]: ::1 - - [01/Dec/2025:03:41:01 +0000] "HEAD /3/132261/AUTH_602f37ceccf647698ef9e0fe4d0d45d5/gnocchi.1445a30f-ee48-4288-9691-f93f82b09eec" 404 - "HEAD http://[::1]:8080/v1/AUTH_602f37ceccf647698ef9e0fe4d0d45d5/gnocchi.1445a30f-ee48-4288-9691-f93f82b09eec" "tx272d70ae35ec488894701-00692d0e4d" "proxy-server 98624" 0.0003 "-" 97342 0
Nov 30 22:41:01 np0005540556.novalocal proxy-server[98624]: ::1 ::1 01/Dec/2025/03/41/01 PUT /v1/AUTH_602f37ceccf647698ef9e0fe4d0d45d5/gnocchi.d5c78bf9-623a-4d2a-a976-12cf73eab865/none_v3 HTTP/1.0 201 - python-swiftclient-4.8.0 gAAAAABpLQ4-yMSf... 22 - - txd6aea6f9c42541078d2ba-00692d0e4d - 0.0273 - - 1764560461.170036316 1764560461.197330475 0 3cd24aa0af114855987a490c7d44632d
Nov 30 22:41:01 np0005540556.novalocal container-server[97342]: ::1 - - [01/Dec/2025:03:41:01 +0000] "HEAD /1/132261/AUTH_602f37ceccf647698ef9e0fe4d0d45d5/gnocchi.1445a30f-ee48-4288-9691-f93f82b09eec" 404 - "HEAD http://[::1]:8080/v1/AUTH_602f37ceccf647698ef9e0fe4d0d45d5/gnocchi.1445a30f-ee48-4288-9691-f93f82b09eec" "tx272d70ae35ec488894701-00692d0e4d" "proxy-server 98624" 0.0003 "-" 97342 0
Nov 30 22:41:01 np0005540556.novalocal container-server[97343]: ::1 - - [01/Dec/2025:03:41:01 +0000] "HEAD /2/132261/AUTH_602f37ceccf647698ef9e0fe4d0d45d5/gnocchi.1445a30f-ee48-4288-9691-f93f82b09eec" 404 - "HEAD http://[::1]:8080/v1/AUTH_602f37ceccf647698ef9e0fe4d0d45d5/gnocchi.1445a30f-ee48-4288-9691-f93f82b09eec" "tx272d70ae35ec488894701-00692d0e4d" "proxy-server 98624" 0.0005 "-" 97343 0
Nov 30 22:41:01 np0005540556.novalocal proxy-server[98624]: - - 01/Dec/2025/03/41/01 HEAD /v1/AUTH_602f37ceccf647698ef9e0fe4d0d45d5/gnocchi.1445a30f-ee48-4288-9691-f93f82b09eec HTTP/1.0 404 - Swift - - - - tx272d70ae35ec488894701-00692d0e4d - 0.0153 CS - 1764560461.190674067 1764560461.205989122 0 -
Nov 30 22:41:01 np0005540556.novalocal object-server[97640]: ::1 - - [01/Dec/2025:03:41:01 +0000] "GET /3/11253/AUTH_602f37ceccf647698ef9e0fe4d0d45d5/gnocchi.1445a30f-ee48-4288-9691-f93f82b09eec/none_v3" 404 70 "GET https://[::1]:8080/v1/AUTH_602f37ceccf647698ef9e0fe4d0d45d5/gnocchi.1445a30f-ee48-4288-9691-f93f82b09eec/none_v3" "tx272d70ae35ec488894701-00692d0e4d" "proxy-server 98624" 0.0008 "-" 97640 0
Nov 30 22:41:01 np0005540556.novalocal object-server[97640]: ::1 - - [01/Dec/2025:03:41:01 +0000] "GET /2/11253/AUTH_602f37ceccf647698ef9e0fe4d0d45d5/gnocchi.1445a30f-ee48-4288-9691-f93f82b09eec/none_v3" 404 70 "GET https://[::1]:8080/v1/AUTH_602f37ceccf647698ef9e0fe4d0d45d5/gnocchi.1445a30f-ee48-4288-9691-f93f82b09eec/none_v3" "tx272d70ae35ec488894701-00692d0e4d" "proxy-server 98624" 0.0002 "-" 97640 0
Nov 30 22:41:01 np0005540556.novalocal object-server[97639]: ::1 - - [01/Dec/2025:03:41:01 +0000] "GET /1/11253/AUTH_602f37ceccf647698ef9e0fe4d0d45d5/gnocchi.1445a30f-ee48-4288-9691-f93f82b09eec/none_v3" 404 70 "GET https://[::1]:8080/v1/AUTH_602f37ceccf647698ef9e0fe4d0d45d5/gnocchi.1445a30f-ee48-4288-9691-f93f82b09eec/none_v3" "tx272d70ae35ec488894701-00692d0e4d" "proxy-server 98624" 0.0004 "-" 97639 0
Nov 30 22:41:01 np0005540556.novalocal container-server[97342]: ::1 - - [01/Dec/2025:03:41:01 +0000] "HEAD /2/145910/AUTH_602f37ceccf647698ef9e0fe4d0d45d5/gnocchi.e074ef07-3e2f-430f-a4d9-e2e159222b71" 404 - "HEAD http://[::1]:8080/v1/AUTH_602f37ceccf647698ef9e0fe4d0d45d5/gnocchi.e074ef07-3e2f-430f-a4d9-e2e159222b71" "txe037c15b9b4347499c459-00692d0e4d" "proxy-server 98624" 0.0003 "-" 97342 0
Nov 30 22:41:01 np0005540556.novalocal proxy-server[98624]: ::1 ::1 01/Dec/2025/03/41/01 GET /v1/AUTH_602f37ceccf647698ef9e0fe4d0d45d5/gnocchi.1445a30f-ee48-4288-9691-f93f82b09eec/none_v3 HTTP/1.0 404 - python-swiftclient-4.8.0 gAAAAABpLQ4jjy8F... - 70 - tx272d70ae35ec488894701-00692d0e4d - 0.0326 - - 1764560461.189489603 1764560461.222116470 0 3cd24aa0af114855987a490c7d44632d
Nov 30 22:41:01 np0005540556.novalocal container-server[97343]: ::1 - - [01/Dec/2025:03:41:01 +0000] "HEAD /3/145910/AUTH_602f37ceccf647698ef9e0fe4d0d45d5/gnocchi.e074ef07-3e2f-430f-a4d9-e2e159222b71" 404 - "HEAD http://[::1]:8080/v1/AUTH_602f37ceccf647698ef9e0fe4d0d45d5/gnocchi.e074ef07-3e2f-430f-a4d9-e2e159222b71" "txe037c15b9b4347499c459-00692d0e4d" "proxy-server 98624" 0.0006 "-" 97343 0
Nov 30 22:41:01 np0005540556.novalocal container-server[97343]: ::1 - - [01/Dec/2025:03:41:01 +0000] "HEAD /1/145910/AUTH_602f37ceccf647698ef9e0fe4d0d45d5/gnocchi.e074ef07-3e2f-430f-a4d9-e2e159222b71" 404 - "HEAD http://[::1]:8080/v1/AUTH_602f37ceccf647698ef9e0fe4d0d45d5/gnocchi.e074ef07-3e2f-430f-a4d9-e2e159222b71" "txe037c15b9b4347499c459-00692d0e4d" "proxy-server 98624" 0.0009 "-" 97343 0
Nov 30 22:41:01 np0005540556.novalocal proxy-server[98624]: - - 01/Dec/2025/03/41/01 HEAD /v1/AUTH_602f37ceccf647698ef9e0fe4d0d45d5/gnocchi.e074ef07-3e2f-430f-a4d9-e2e159222b71 HTTP/1.0 404 - Swift - - - - txe037c15b9b4347499c459-00692d0e4d - 0.0306 CS - 1764560461.219299555 1764560461.249851465 0 -
Nov 30 22:41:01 np0005540556.novalocal account-server[97043]: ::1 - - [01/Dec/2025:03:41:01 +0000] "PUT /3/108421/AUTH_602f37ceccf647698ef9e0fe4d0d45d5/gnocchi.1445a30f-ee48-4288-9691-f93f82b09eec" 201 - "PUT http://[::1]:6001/1/132261/AUTH_602f37ceccf647698ef9e0fe4d0d45d5/gnocchi.1445a30f-ee48-4288-9691-f93f82b09eec" "tx86039cbdcf2548c3abac1-00692d0e4d" "container-server 97342" 0.0048 "-" 97043 0
Nov 30 22:41:01 np0005540556.novalocal object-server[97640]: ::1 - - [01/Dec/2025:03:41:01 +0000] "GET /2/24334/AUTH_602f37ceccf647698ef9e0fe4d0d45d5/gnocchi.e074ef07-3e2f-430f-a4d9-e2e159222b71/none_v3" 404 70 "GET https://[::1]:8080/v1/AUTH_602f37ceccf647698ef9e0fe4d0d45d5/gnocchi.e074ef07-3e2f-430f-a4d9-e2e159222b71/none_v3" "txe037c15b9b4347499c459-00692d0e4d" "proxy-server 98624" 0.0004 "-" 97640 0
Nov 30 22:41:01 np0005540556.novalocal object-server[97640]: ::1 - - [01/Dec/2025:03:41:01 +0000] "GET /1/24334/AUTH_602f37ceccf647698ef9e0fe4d0d45d5/gnocchi.e074ef07-3e2f-430f-a4d9-e2e159222b71/none_v3" 404 70 "GET https://[::1]:8080/v1/AUTH_602f37ceccf647698ef9e0fe4d0d45d5/gnocchi.e074ef07-3e2f-430f-a4d9-e2e159222b71/none_v3" "txe037c15b9b4347499c459-00692d0e4d" "proxy-server 98624" 0.0002 "-" 97640 0
Nov 30 22:41:01 np0005540556.novalocal account-server[97042]: ::1 - - [01/Dec/2025:03:41:01 +0000] "PUT /2/108421/AUTH_602f37ceccf647698ef9e0fe4d0d45d5/gnocchi.1445a30f-ee48-4288-9691-f93f82b09eec" 201 - "PUT http://[::1]:6001/2/132261/AUTH_602f37ceccf647698ef9e0fe4d0d45d5/gnocchi.1445a30f-ee48-4288-9691-f93f82b09eec" "tx86039cbdcf2548c3abac1-00692d0e4d" "container-server 97343" 0.0093 "-" 97042 0
Nov 30 22:41:01 np0005540556.novalocal container-server[97343]: ::1 - - [01/Dec/2025:03:41:01 +0000] "PUT /2/132261/AUTH_602f37ceccf647698ef9e0fe4d0d45d5/gnocchi.1445a30f-ee48-4288-9691-f93f82b09eec" 201 - "PUT https://[::1]:8080/v1/AUTH_602f37ceccf647698ef9e0fe4d0d45d5/gnocchi.1445a30f-ee48-4288-9691-f93f82b09eec" "tx86039cbdcf2548c3abac1-00692d0e4d" "proxy-server 98624" 0.0259 "-" 97343 0
