Nov 30 22:40:43 np0005540556.novalocal container-server[97343]: ::1 - - [01/Dec/2025:03:40:43 +0000] "HEAD /1/254245/AUTH_602f37ceccf647698ef9e0fe4d0d45d5/gnocchi.b32ed617-bdf0-4f86-82de-2ab48adaccba" 204 - "HEAD http://[::1]:8080/v1/AUTH_602f37ceccf647698ef9e0fe4d0d45d5/gnocchi.b32ed617-bdf0-4f86-82de-2ab48adaccba" "tx740a3952af67426fb8198-00692d0e3b" "proxy-server 98624" 0.0014 "-" 97343 0
Nov 30 22:40:43 np0005540556.novalocal proxy-server[98624]: - - 01/Dec/2025/03/40/43 HEAD /v1/AUTH_602f37ceccf647698ef9e0fe4d0d45d5/gnocchi.b32ed617-bdf0-4f86-82de-2ab48adaccba HTTP/1.0 204 - Swift - - - - tx740a3952af67426fb8198-00692d0e3b - 0.0054 CS - 1764560443.848956823 1764560443.854354382 0 -
Nov 30 22:40:43 np0005540556.novalocal container-server[97343]: ::1 - - [01/Dec/2025:03:40:43 +0000] "GET /2/254245/AUTH_602f37ceccf647698ef9e0fe4d0d45d5/gnocchi.b32ed617-bdf0-4f86-82de-2ab48adaccba" 200 2 "GET https://[::1]:8080/v1/AUTH_602f37ceccf647698ef9e0fe4d0d45d5/gnocchi.b32ed617-bdf0-4f86-82de-2ab48adaccba?format=json&states=listing" "tx740a3952af67426fb8198-00692d0e3b" "proxy-server 98624" 0.0017 "-" 97343 0
Nov 30 22:40:43 np0005540556.novalocal proxy-server[98624]: ::1 ::1 01/Dec/2025/03/40/43 GET /v1/AUTH_602f37ceccf647698ef9e0fe4d0d45d5/gnocchi.b32ed617-bdf0-4f86-82de-2ab48adaccba%3Fformat%3Djson%26states%3Dlisting HTTP/1.0 200 - python-swiftclient-4.8.0 gAAAAABpLQ4jjy8F... - 2 - tx740a3952af67426fb8198-00692d0e3b - 0.0159 - - 1764560443.848074913 1764560443.863987446 0 3cd24aa0af114855987a490c7d44632d
Nov 30 22:40:43 np0005540556.novalocal object-server[97639]: ::1 - - [01/Dec/2025:03:40:43 +0000] "GET /2/137634/AUTH_602f37ceccf647698ef9e0fe4d0d45d5/gnocchi.b32ed617-bdf0-4f86-82de-2ab48adaccba/1763640000.0_mean_300.0_v3" 404 70 "GET https://[::1]:8080/v1/AUTH_602f37ceccf647698ef9e0fe4d0d45d5/gnocchi.b32ed617-bdf0-4f86-82de-2ab48adaccba/1763640000.0_mean_300.0_v3" "tx2b3307c5c6d643a4b1c5c-00692d0e3b" "proxy-server 98624" 0.0005 "-" 97639 0
Nov 30 22:40:43 np0005540556.novalocal object-server[97640]: ::1 - - [01/Dec/2025:03:40:43 +0000] "GET /1/137634/AUTH_602f37ceccf647698ef9e0fe4d0d45d5/gnocchi.b32ed617-bdf0-4f86-82de-2ab48adaccba/1763640000.0_mean_300.0_v3" 404 70 "GET https://[::1]:8080/v1/AUTH_602f37ceccf647698ef9e0fe4d0d45d5/gnocchi.b32ed617-bdf0-4f86-82de-2ab48adaccba/1763640000.0_mean_300.0_v3" "tx2b3307c5c6d643a4b1c5c-00692d0e3b" "proxy-server 98624" 0.0005 "-" 97640 0
Nov 30 22:40:43 np0005540556.novalocal object-server[97640]: ::1 - - [01/Dec/2025:03:40:43 +0000] "GET /3/137634/AUTH_602f37ceccf647698ef9e0fe4d0d45d5/gnocchi.b32ed617-bdf0-4f86-82de-2ab48adaccba/1763640000.0_mean_300.0_v3" 404 70 "GET https://[::1]:8080/v1/AUTH_602f37ceccf647698ef9e0fe4d0d45d5/gnocchi.b32ed617-bdf0-4f86-82de-2ab48adaccba/1763640000.0_mean_300.0_v3" "tx2b3307c5c6d643a4b1c5c-00692d0e3b" "proxy-server 98624" 0.0002 "-" 97640 0
Nov 30 22:40:43 np0005540556.novalocal proxy-server[98624]: ::1 ::1 01/Dec/2025/03/40/43 GET /v1/AUTH_602f37ceccf647698ef9e0fe4d0d45d5/gnocchi.b32ed617-bdf0-4f86-82de-2ab48adaccba/1763640000.0_mean_300.0_v3 HTTP/1.0 404 - python-swiftclient-4.8.0 gAAAAABpLQ4jjy8F... - 70 - tx2b3307c5c6d643a4b1c5c-00692d0e3b - 0.0146 - - 1764560443.867597342 1764560443.882164240 0 3cd24aa0af114855987a490c7d44632d
Nov 30 22:40:43 np0005540556.novalocal container-server[97342]: ::1 - - [01/Dec/2025:03:40:43 +0000] "PUT /2/254245/AUTH_602f37ceccf647698ef9e0fe4d0d45d5/gnocchi.b32ed617-bdf0-4f86-82de-2ab48adaccba/1763640000.0_mean_300.0_v3" 201 - "PUT http://[::1]:8080/1/137634/AUTH_602f37ceccf647698ef9e0fe4d0d45d5/gnocchi.b32ed617-bdf0-4f86-82de-2ab48adaccba/1763640000.0_mean_300.0_v3" "tx7418da6000bb4fe491c93-00692d0e3b" "object-server 97640" 0.0010 "-" 97342 0
Nov 30 22:40:43 np0005540556.novalocal object-server[97640]: ::1 - - [01/Dec/2025:03:40:43 +0000] "PUT /1/137634/AUTH_602f37ceccf647698ef9e0fe4d0d45d5/gnocchi.b32ed617-bdf0-4f86-82de-2ab48adaccba/1763640000.0_mean_300.0_v3" 201 - "PUT https://[::1]:8080/v1/AUTH_602f37ceccf647698ef9e0fe4d0d45d5/gnocchi.b32ed617-bdf0-4f86-82de-2ab48adaccba/1763640000.0_mean_300.0_v3" "tx7418da6000bb4fe491c93-00692d0e3b" "proxy-server 98624" 0.0127 "-" 97640 0
Nov 30 22:40:43 np0005540556.novalocal container-server[97342]: ::1 - - [01/Dec/2025:03:40:43 +0000] "PUT /1/254245/AUTH_602f37ceccf647698ef9e0fe4d0d45d5/gnocchi.b32ed617-bdf0-4f86-82de-2ab48adaccba/1763640000.0_mean_300.0_v3" 201 - "PUT http://[::1]:8080/2/137634/AUTH_602f37ceccf647698ef9e0fe4d0d45d5/gnocchi.b32ed617-bdf0-4f86-82de-2ab48adaccba/1763640000.0_mean_300.0_v3" "tx7418da6000bb4fe491c93-00692d0e3b" "object-server 97640" 0.0005 "-" 97342 0
Nov 30 22:40:43 np0005540556.novalocal object-server[97640]: ::1 - - [01/Dec/2025:03:40:43 +0000] "PUT /2/137634/AUTH_602f37ceccf647698ef9e0fe4d0d45d5/gnocchi.b32ed617-bdf0-4f86-82de-2ab48adaccba/1763640000.0_mean_300.0_v3" 201 - "PUT https://[::1]:8080/v1/AUTH_602f37ceccf647698ef9e0fe4d0d45d5/gnocchi.b32ed617-bdf0-4f86-82de-2ab48adaccba/1763640000.0_mean_300.0_v3" "tx7418da6000bb4fe491c93-00692d0e3b" "proxy-server 98624" 0.0125 "-" 97640 0
Nov 30 22:40:43 np0005540556.novalocal container-server[97342]: ::1 - - [01/Dec/2025:03:40:43 +0000] "PUT /3/254245/AUTH_602f37ceccf647698ef9e0fe4d0d45d5/gnocchi.b32ed617-bdf0-4f86-82de-2ab48adaccba/1763640000.0_mean_300.0_v3" 201 - "PUT http://[::1]:8080/3/137634/AUTH_602f37ceccf647698ef9e0fe4d0d45d5/gnocchi.b32ed617-bdf0-4f86-82de-2ab48adaccba/1763640000.0_mean_300.0_v3" "tx7418da6000bb4fe491c93-00692d0e3b" "object-server 97639" 0.0006 "-" 97342 0
Nov 30 22:40:43 np0005540556.novalocal object-server[97639]: ::1 - - [01/Dec/2025:03:40:43 +0000] "PUT /3/137634/AUTH_602f37ceccf647698ef9e0fe4d0d45d5/gnocchi.b32ed617-bdf0-4f86-82de-2ab48adaccba/1763640000.0_mean_300.0_v3" 201 - "PUT https://[::1]:8080/v1/AUTH_602f37ceccf647698ef9e0fe4d0d45d5/gnocchi.b32ed617-bdf0-4f86-82de-2ab48adaccba/1763640000.0_mean_300.0_v3" "tx7418da6000bb4fe491c93-00692d0e3b" "proxy-server 98624" 0.0155 "-" 97639 0
Nov 30 22:40:43 np0005540556.novalocal proxy-server[98624]: ::1 ::1 01/Dec/2025/03/40/43 PUT /v1/AUTH_602f37ceccf647698ef9e0fe4d0d45d5/gnocchi.b32ed617-bdf0-4f86-82de-2ab48adaccba/1763640000.0_mean_300.0_v3 HTTP/1.0 201 - python-swiftclient-4.8.0 gAAAAABpLQ4jjy8F... 16 - - tx7418da6000bb4fe491c93-00692d0e3b - 0.0263 - - 1764560443.886104107 1764560443.912427425 0 3cd24aa0af114855987a490c7d44632d
Nov 30 22:40:43 np0005540556.novalocal container-server[97342]: ::1 - - [01/Dec/2025:03:40:43 +0000] "PUT /3/254245/AUTH_602f37ceccf647698ef9e0fe4d0d45d5/gnocchi.b32ed617-bdf0-4f86-82de-2ab48adaccba/none_v3" 201 - "PUT http://[::1]:8080/2/8357/AUTH_602f37ceccf647698ef9e0fe4d0d45d5/gnocchi.b32ed617-bdf0-4f86-82de-2ab48adaccba/none_v3" "tx4bf8d2b0fa6349ef90892-00692d0e3b" "object-server 97639" 0.0009 "-" 97342 0
Nov 30 22:40:43 np0005540556.novalocal object-server[97639]: ::1 - - [01/Dec/2025:03:40:43 +0000] "PUT /2/8357/AUTH_602f37ceccf647698ef9e0fe4d0d45d5/gnocchi.b32ed617-bdf0-4f86-82de-2ab48adaccba/none_v3" 201 - "PUT https://[::1]:8080/v1/AUTH_602f37ceccf647698ef9e0fe4d0d45d5/gnocchi.b32ed617-bdf0-4f86-82de-2ab48adaccba/none_v3" "tx4bf8d2b0fa6349ef90892-00692d0e3b" "proxy-server 98624" 0.0123 "-" 97639 0
Nov 30 22:40:43 np0005540556.novalocal container-server[97342]: ::1 - - [01/Dec/2025:03:40:43 +0000] "PUT /1/254245/AUTH_602f37ceccf647698ef9e0fe4d0d45d5/gnocchi.b32ed617-bdf0-4f86-82de-2ab48adaccba/none_v3" 201 - "PUT http://[::1]:8080/3/8357/AUTH_602f37ceccf647698ef9e0fe4d0d45d5/gnocchi.b32ed617-bdf0-4f86-82de-2ab48adaccba/none_v3" "tx4bf8d2b0fa6349ef90892-00692d0e3b" "object-server 97640" 0.0004 "-" 97342 0
Nov 30 22:40:43 np0005540556.novalocal container-server[97342]: ::1 - - [01/Dec/2025:03:40:43 +0000] "PUT /2/254245/AUTH_602f37ceccf647698ef9e0fe4d0d45d5/gnocchi.b32ed617-bdf0-4f86-82de-2ab48adaccba/none_v3" 201 - "PUT http://[::1]:8080/1/8357/AUTH_602f37ceccf647698ef9e0fe4d0d45d5/gnocchi.b32ed617-bdf0-4f86-82de-2ab48adaccba/none_v3" "tx4bf8d2b0fa6349ef90892-00692d0e3b" "object-server 97640" 0.0004 "-" 97342 0
Nov 30 22:40:43 np0005540556.novalocal object-server[97640]: ::1 - - [01/Dec/2025:03:40:43 +0000] "PUT /3/8357/AUTH_602f37ceccf647698ef9e0fe4d0d45d5/gnocchi.b32ed617-bdf0-4f86-82de-2ab48adaccba/none_v3" 201 - "PUT https://[::1]:8080/v1/AUTH_602f37ceccf647698ef9e0fe4d0d45d5/gnocchi.b32ed617-bdf0-4f86-82de-2ab48adaccba/none_v3" "tx4bf8d2b0fa6349ef90892-00692d0e3b" "proxy-server 98624" 0.0140 "-" 97640 0
Nov 30 22:40:43 np0005540556.novalocal object-server[97640]: ::1 - - [01/Dec/2025:03:40:43 +0000] "PUT /1/8357/AUTH_602f37ceccf647698ef9e0fe4d0d45d5/gnocchi.b32ed617-bdf0-4f86-82de-2ab48adaccba/none_v3" 201 - "PUT https://[::1]:8080/v1/AUTH_602f37ceccf647698ef9e0fe4d0d45d5/gnocchi.b32ed617-bdf0-4f86-82de-2ab48adaccba/none_v3" "tx4bf8d2b0fa6349ef90892-00692d0e3b" "proxy-server 98624" 0.0133 "-" 97640 0
Nov 30 22:40:43 np0005540556.novalocal proxy-server[98624]: ::1 ::1 01/Dec/2025/03/40/43 PUT /v1/AUTH_602f37ceccf647698ef9e0fe4d0d45d5/gnocchi.b32ed617-bdf0-4f86-82de-2ab48adaccba/none_v3 HTTP/1.0 201 - python-swiftclient-4.8.0 gAAAAABpLQ4jjy8F... 22 - - tx4bf8d2b0fa6349ef90892-00692d0e3b - 0.0252 - - 1764560443.916224241 1764560443.941414833 0 3cd24aa0af114855987a490c7d44632d
Nov 30 22:40:43 np0005540556.novalocal container-server[97342]: ::1 - - [01/Dec/2025:03:40:43 +0000] "HEAD /1/220987/AUTH_602f37ceccf647698ef9e0fe4d0d45d5/gnocchi.1051e8c2-3fc2-43da-8b75-1a24e51cc13d" 404 - "HEAD http://[::1]:8080/v1/AUTH_602f37ceccf647698ef9e0fe4d0d45d5/gnocchi.1051e8c2-3fc2-43da-8b75-1a24e51cc13d" "tx5bedfca0e0b2449fb27a0-00692d0e3b" "proxy-server 98624" 0.0005 "-" 97342 0
Nov 30 22:40:43 np0005540556.novalocal container-server[97342]: ::1 - - [01/Dec/2025:03:40:43 +0000] "HEAD /2/220987/AUTH_602f37ceccf647698ef9e0fe4d0d45d5/gnocchi.1051e8c2-3fc2-43da-8b75-1a24e51cc13d" 404 - "HEAD http://[::1]:8080/v1/AUTH_602f37ceccf647698ef9e0fe4d0d45d5/gnocchi.1051e8c2-3fc2-43da-8b75-1a24e51cc13d" "tx5bedfca0e0b2449fb27a0-00692d0e3b" "proxy-server 98624" 0.0008 "-" 97342 0
Nov 30 22:40:43 np0005540556.novalocal container-server[97342]: ::1 - - [01/Dec/2025:03:40:43 +0000] "HEAD /3/220987/AUTH_602f37ceccf647698ef9e0fe4d0d45d5/gnocchi.1051e8c2-3fc2-43da-8b75-1a24e51cc13d" 404 - "HEAD http://[::1]:8080/v1/AUTH_602f37ceccf647698ef9e0fe4d0d45d5/gnocchi.1051e8c2-3fc2-43da-8b75-1a24e51cc13d" "tx5bedfca0e0b2449fb27a0-00692d0e3b" "proxy-server 98624" 0.0002 "-" 97342 0
Nov 30 22:40:43 np0005540556.novalocal proxy-server[98624]: - - 01/Dec/2025/03/40/43 HEAD /v1/AUTH_602f37ceccf647698ef9e0fe4d0d45d5/gnocchi.1051e8c2-3fc2-43da-8b75-1a24e51cc13d HTTP/1.0 404 - Swift - - - - tx5bedfca0e0b2449fb27a0-00692d0e3b - 0.0106 CS - 1764560443.959123373 1764560443.969701529 0 -
Nov 30 22:40:43 np0005540556.novalocal object-server[97640]: ::1 - - [01/Dec/2025:03:40:43 +0000] "GET /2/58117/AUTH_602f37ceccf647698ef9e0fe4d0d45d5/gnocchi.1051e8c2-3fc2-43da-8b75-1a24e51cc13d/none_v3" 404 70 "GET https://[::1]:8080/v1/AUTH_602f37ceccf647698ef9e0fe4d0d45d5/gnocchi.1051e8c2-3fc2-43da-8b75-1a24e51cc13d/none_v3" "tx5bedfca0e0b2449fb27a0-00692d0e3b" "proxy-server 98624" 0.0006 "-" 97640 0
Nov 30 22:40:43 np0005540556.novalocal object-server[97639]: ::1 - - [01/Dec/2025:03:40:43 +0000] "GET /1/58117/AUTH_602f37ceccf647698ef9e0fe4d0d45d5/gnocchi.1051e8c2-3fc2-43da-8b75-1a24e51cc13d/none_v3" 404 70 "GET https://[::1]:8080/v1/AUTH_602f37ceccf647698ef9e0fe4d0d45d5/gnocchi.1051e8c2-3fc2-43da-8b75-1a24e51cc13d/none_v3" "tx5bedfca0e0b2449fb27a0-00692d0e3b" "proxy-server 98624" 0.0005 "-" 97639 0
Nov 30 22:40:43 np0005540556.novalocal object-server[97639]: ::1 - - [01/Dec/2025:03:40:43 +0000] "GET /3/58117/AUTH_602f37ceccf647698ef9e0fe4d0d45d5/gnocchi.1051e8c2-3fc2-43da-8b75-1a24e51cc13d/none_v3" 404 70 "GET https://[::1]:8080/v1/AUTH_602f37ceccf647698ef9e0fe4d0d45d5/gnocchi.1051e8c2-3fc2-43da-8b75-1a24e51cc13d/none_v3" "tx5bedfca0e0b2449fb27a0-00692d0e3b" "proxy-server 98624" 0.0003 "-" 97639 0
Nov 30 22:40:43 np0005540556.novalocal proxy-server[98624]: ::1 ::1 01/Dec/2025/03/40/43 GET /v1/AUTH_602f37ceccf647698ef9e0fe4d0d45d5/gnocchi.1051e8c2-3fc2-43da-8b75-1a24e51cc13d/none_v3 HTTP/1.0 404 - python-swiftclient-4.8.0 gAAAAABpLQ4jjy8F... - 70 - tx5bedfca0e0b2449fb27a0-00692d0e3b - 0.0283 - - 1764560443.958077669 1764560443.986377001 0 3cd24aa0af114855987a490c7d44632d
Nov 30 22:40:44 np0005540556.novalocal account-server[97042]: ::1 - - [01/Dec/2025:03:40:44 +0000] "PUT /3/108421/AUTH_602f37ceccf647698ef9e0fe4d0d45d5/gnocchi.1051e8c2-3fc2-43da-8b75-1a24e51cc13d" 201 - "PUT http://[::1]:6001/3/220987/AUTH_602f37ceccf647698ef9e0fe4d0d45d5/gnocchi.1051e8c2-3fc2-43da-8b75-1a24e51cc13d" "tx9014d584126c4a85a0378-00692d0e3b" "container-server 97343" 0.0071 "-" 97042 0
Nov 30 22:40:44 np0005540556.novalocal container-server[97343]: ::1 - - [01/Dec/2025:03:40:44 +0000] "PUT /3/220987/AUTH_602f37ceccf647698ef9e0fe4d0d45d5/gnocchi.1051e8c2-3fc2-43da-8b75-1a24e51cc13d" 201 - "PUT https://[::1]:8080/v1/AUTH_602f37ceccf647698ef9e0fe4d0d45d5/gnocchi.1051e8c2-3fc2-43da-8b75-1a24e51cc13d" "tx9014d584126c4a85a0378-00692d0e3b" "proxy-server 98624" 0.0262 "-" 97343 0
Nov 30 22:40:44 np0005540556.novalocal account-server[97043]: ::1 - - [01/Dec/2025:03:40:44 +0000] "PUT /1/108421/AUTH_602f37ceccf647698ef9e0fe4d0d45d5/gnocchi.1051e8c2-3fc2-43da-8b75-1a24e51cc13d" 201 - "PUT http://[::1]:6001/1/220987/AUTH_602f37ceccf647698ef9e0fe4d0d45d5/gnocchi.1051e8c2-3fc2-43da-8b75-1a24e51cc13d" "tx9014d584126c4a85a0378-00692d0e3b" "container-server 97342" 0.0119 "-" 97043 0
Nov 30 22:40:44 np0005540556.novalocal container-server[97342]: ::1 - - [01/Dec/2025:03:40:44 +0000] "PUT /1/220987/AUTH_602f37ceccf647698ef9e0fe4d0d45d5/gnocchi.1051e8c2-3fc2-43da-8b75-1a24e51cc13d" 201 - "PUT https://[::1]:8080/v1/AUTH_602f37ceccf647698ef9e0fe4d0d45d5/gnocchi.1051e8c2-3fc2-43da-8b75-1a24e51cc13d" "tx9014d584126c4a85a0378-00692d0e3b" "proxy-server 98624" 0.0287 "-" 97342 0
Nov 30 22:40:44 np0005540556.novalocal account-server[97042]: ::1 - - [01/Dec/2025:03:40:44 +0000] "PUT /2/108421/AUTH_602f37ceccf647698ef9e0fe4d0d45d5/gnocchi.1051e8c2-3fc2-43da-8b75-1a24e51cc13d" 201 - "PUT http://[::1]:6001/2/220987/AUTH_602f37ceccf647698ef9e0fe4d0d45d5/gnocchi.1051e8c2-3fc2-43da-8b75-1a24e51cc13d" "tx9014d584126c4a85a0378-00692d0e3b" "container-server 97343" 0.0053 "-" 97042 0
Nov 30 22:40:44 np0005540556.novalocal container-server[97343]: ::1 - - [01/Dec/2025:03:40:44 +0000] "PUT /2/220987/AUTH_602f37ceccf647698ef9e0fe4d0d45d5/gnocchi.1051e8c2-3fc2-43da-8b75-1a24e51cc13d" 201 - "PUT https://[::1]:8080/v1/AUTH_602f37ceccf647698ef9e0fe4d0d45d5/gnocchi.1051e8c2-3fc2-43da-8b75-1a24e51cc13d" "tx9014d584126c4a85a0378-00692d0e3b" "proxy-server 98624" 0.0234 "-" 97343 0
Nov 30 22:40:44 np0005540556.novalocal proxy-server[98624]: ::1 ::1 01/Dec/2025/03/40/44 PUT /v1/AUTH_602f37ceccf647698ef9e0fe4d0d45d5/gnocchi.1051e8c2-3fc2-43da-8b75-1a24e51cc13d HTTP/1.0 201 - python-swiftclient-4.8.0 gAAAAABpLQ4jjy8F... - - - tx9014d584126c4a85a0378-00692d0e3b - 0.0422 - - 1764560443.990262747 1764560444.032491207 0 3cd24aa0af114855987a490c7d44632d
Nov 30 22:40:44 np0005540556.novalocal container-server[97343]: ::1 - - [01/Dec/2025:03:40:44 +0000] "HEAD /1/220987/AUTH_602f37ceccf647698ef9e0fe4d0d45d5/gnocchi.1051e8c2-3fc2-43da-8b75-1a24e51cc13d" 204 - "HEAD http://[::1]:8080/v1/AUTH_602f37ceccf647698ef9e0fe4d0d45d5/gnocchi.1051e8c2-3fc2-43da-8b75-1a24e51cc13d" "tx8fefcc686bbc44fbb7344-00692d0e3c" "proxy-server 98624" 0.0016 "-" 97343 0
Nov 30 22:40:44 np0005540556.novalocal proxy-server[98624]: - - 01/Dec/2025/03/40/44 HEAD /v1/AUTH_602f37ceccf647698ef9e0fe4d0d45d5/gnocchi.1051e8c2-3fc2-43da-8b75-1a24e51cc13d HTTP/1.0 204 - Swift - - - - tx8fefcc686bbc44fbb7344-00692d0e3c - 0.0064 CS - 1764560444.039241552 1764560444.045617819 0 -
Nov 30 22:40:44 np0005540556.novalocal container-server[97342]: ::1 - - [01/Dec/2025:03:40:44 +0000] "GET /2/220987/AUTH_602f37ceccf647698ef9e0fe4d0d45d5/gnocchi.1051e8c2-3fc2-43da-8b75-1a24e51cc13d" 200 2 "GET https://[::1]:8080/v1/AUTH_602f37ceccf647698ef9e0fe4d0d45d5/gnocchi.1051e8c2-3fc2-43da-8b75-1a24e51cc13d?format=json&states=listing" "tx8fefcc686bbc44fbb7344-00692d0e3c" "proxy-server 98624" 0.0021 "-" 97342 0
Nov 30 22:40:44 np0005540556.novalocal proxy-server[98624]: ::1 ::1 01/Dec/2025/03/40/44 GET /v1/AUTH_602f37ceccf647698ef9e0fe4d0d45d5/gnocchi.1051e8c2-3fc2-43da-8b75-1a24e51cc13d%3Fformat%3Djson%26states%3Dlisting HTTP/1.0 200 - python-swiftclient-4.8.0 gAAAAABpLQ4jjy8F... - 2 - tx8fefcc686bbc44fbb7344-00692d0e3c - 0.0187 - - 1764560444.037997961 1764560444.056717157 0 3cd24aa0af114855987a490c7d44632d
Nov 30 22:40:44 np0005540556.novalocal object-server[97639]: ::1 - - [01/Dec/2025:03:40:44 +0000] "GET /1/251359/AUTH_602f37ceccf647698ef9e0fe4d0d45d5/gnocchi.1051e8c2-3fc2-43da-8b75-1a24e51cc13d/1763640000.0_mean_300.0_v3" 404 70 "GET https://[::1]:8080/v1/AUTH_602f37ceccf647698ef9e0fe4d0d45d5/gnocchi.1051e8c2-3fc2-43da-8b75-1a24e51cc13d/1763640000.0_mean_300.0_v3" "txd676781598a742129aa81-00692d0e3c" "proxy-server 98624" 0.0005 "-" 97639 0
Nov 30 22:40:44 np0005540556.novalocal object-server[97640]: ::1 - - [01/Dec/2025:03:40:44 +0000] "GET /2/251359/AUTH_602f37ceccf647698ef9e0fe4d0d45d5/gnocchi.1051e8c2-3fc2-43da-8b75-1a24e51cc13d/1763640000.0_mean_300.0_v3" 404 70 "GET https://[::1]:8080/v1/AUTH_602f37ceccf647698ef9e0fe4d0d45d5/gnocchi.1051e8c2-3fc2-43da-8b75-1a24e51cc13d/1763640000.0_mean_300.0_v3" "txd676781598a742129aa81-00692d0e3c" "proxy-server 98624" 0.0005 "-" 97640 0
Nov 30 22:40:44 np0005540556.novalocal object-server[97640]: ::1 - - [01/Dec/2025:03:40:44 +0000] "GET /3/251359/AUTH_602f37ceccf647698ef9e0fe4d0d45d5/gnocchi.1051e8c2-3fc2-43da-8b75-1a24e51cc13d/1763640000.0_mean_300.0_v3" 404 70 "GET https://[::1]:8080/v1/AUTH_602f37ceccf647698ef9e0fe4d0d45d5/gnocchi.1051e8c2-3fc2-43da-8b75-1a24e51cc13d/1763640000.0_mean_300.0_v3" "txd676781598a742129aa81-00692d0e3c" "proxy-server 98624" 0.0002 "-" 97640 0
Nov 30 22:40:44 np0005540556.novalocal proxy-server[98624]: ::1 ::1 01/Dec/2025/03/40/44 GET /v1/AUTH_602f37ceccf647698ef9e0fe4d0d45d5/gnocchi.1051e8c2-3fc2-43da-8b75-1a24e51cc13d/1763640000.0_mean_300.0_v3 HTTP/1.0 404 - python-swiftclient-4.8.0 gAAAAABpLQ4jjy8F... - 70 - txd676781598a742129aa81-00692d0e3c - 0.0143 - - 1764560444.061473846 1764560444.075756311 0 3cd24aa0af114855987a490c7d44632d
Nov 30 22:40:44 np0005540556.novalocal container-server[97342]: ::1 - - [01/Dec/2025:03:40:44 +0000] "PUT /1/220987/AUTH_602f37ceccf647698ef9e0fe4d0d45d5/gnocchi.1051e8c2-3fc2-43da-8b75-1a24e51cc13d/1763640000.0_mean_300.0_v3" 201 - "PUT http://[::1]:8080/3/251359/AUTH_602f37ceccf647698ef9e0fe4d0d45d5/gnocchi.1051e8c2-3fc2-43da-8b75-1a24e51cc13d/1763640000.0_mean_300.0_v3" "txc59814630b47442ca529c-00692d0e3c" "object-server 97639" 0.0013 "-" 97342 0
Nov 30 22:40:44 np0005540556.novalocal container-server[97343]: ::1 - - [01/Dec/2025:03:40:44 +0000] "PUT /2/220987/AUTH_602f37ceccf647698ef9e0fe4d0d45d5/gnocchi.1051e8c2-3fc2-43da-8b75-1a24e51cc13d/1763640000.0_mean_300.0_v3" 201 - "PUT http://[::1]:8080/2/251359/AUTH_602f37ceccf647698ef9e0fe4d0d45d5/gnocchi.1051e8c2-3fc2-43da-8b75-1a24e51cc13d/1763640000.0_mean_300.0_v3" "txc59814630b47442ca529c-00692d0e3c" "object-server 97639" 0.0015 "-" 97343 0
Nov 30 22:40:44 np0005540556.novalocal container-server[97342]: ::1 - - [01/Dec/2025:03:40:44 +0000] "PUT /3/220987/AUTH_602f37ceccf647698ef9e0fe4d0d45d5/gnocchi.1051e8c2-3fc2-43da-8b75-1a24e51cc13d/1763640000.0_mean_300.0_v3" 201 - "PUT http://[::1]:8080/1/251359/AUTH_602f37ceccf647698ef9e0fe4d0d45d5/gnocchi.1051e8c2-3fc2-43da-8b75-1a24e51cc13d/1763640000.0_mean_300.0_v3" "txc59814630b47442ca529c-00692d0e3c" "object-server 97639" 0.0008 "-" 97342 0
Nov 30 22:40:44 np0005540556.novalocal object-server[97639]: ::1 - - [01/Dec/2025:03:40:44 +0000] "PUT /2/251359/AUTH_602f37ceccf647698ef9e0fe4d0d45d5/gnocchi.1051e8c2-3fc2-43da-8b75-1a24e51cc13d/1763640000.0_mean_300.0_v3" 201 - "PUT https://[::1]:8080/v1/AUTH_602f37ceccf647698ef9e0fe4d0d45d5/gnocchi.1051e8c2-3fc2-43da-8b75-1a24e51cc13d/1763640000.0_mean_300.0_v3" "txc59814630b47442ca529c-00692d0e3c" "proxy-server 98624" 0.0328 "-" 97639 0
Nov 30 22:40:44 np0005540556.novalocal object-server[97639]: ::1 - - [01/Dec/2025:03:40:44 +0000] "PUT /3/251359/AUTH_602f37ceccf647698ef9e0fe4d0d45d5/gnocchi.1051e8c2-3fc2-43da-8b75-1a24e51cc13d/1763640000.0_mean_300.0_v3" 201 - "PUT https://[::1]:8080/v1/AUTH_602f37ceccf647698ef9e0fe4d0d45d5/gnocchi.1051e8c2-3fc2-43da-8b75-1a24e51cc13d/1763640000.0_mean_300.0_v3" "txc59814630b47442ca529c-00692d0e3c" "proxy-server 98624" 0.0386 "-" 97639 0
Nov 30 22:40:44 np0005540556.novalocal object-server[97639]: ::1 - - [01/Dec/2025:03:40:44 +0000] "PUT /1/251359/AUTH_602f37ceccf647698ef9e0fe4d0d45d5/gnocchi.1051e8c2-3fc2-43da-8b75-1a24e51cc13d/1763640000.0_mean_300.0_v3" 201 - "PUT https://[::1]:8080/v1/AUTH_602f37ceccf647698ef9e0fe4d0d45d5/gnocchi.1051e8c2-3fc2-43da-8b75-1a24e51cc13d/1763640000.0_mean_300.0_v3" "txc59814630b47442ca529c-00692d0e3c" "proxy-server 98624" 0.0364 "-" 97639 0
Nov 30 22:40:44 np0005540556.novalocal proxy-server[98624]: ::1 ::1 01/Dec/2025/03/40/44 PUT /v1/AUTH_602f37ceccf647698ef9e0fe4d0d45d5/gnocchi.1051e8c2-3fc2-43da-8b75-1a24e51cc13d/1763640000.0_mean_300.0_v3 HTTP/1.0 201 - python-swiftclient-4.8.0 gAAAAABpLQ4jjy8F... 16 - - txc59814630b47442ca529c-00692d0e3c - 0.0505 - - 1764560444.078681707 1764560444.129171371 0 3cd24aa0af114855987a490c7d44632d
Nov 30 22:40:44 np0005540556.novalocal container-server[97343]: ::1 - - [01/Dec/2025:03:40:44 +0000] "PUT /2/220987/AUTH_602f37ceccf647698ef9e0fe4d0d45d5/gnocchi.1051e8c2-3fc2-43da-8b75-1a24e51cc13d/none_v3" 201 - "PUT http://[::1]:8080/2/58117/AUTH_602f37ceccf647698ef9e0fe4d0d45d5/gnocchi.1051e8c2-3fc2-43da-8b75-1a24e51cc13d/none_v3" "txf2f6338d6b444367becc9-00692d0e3c" "object-server 97639" 0.0006 "-" 97343 0
Nov 30 22:40:44 np0005540556.novalocal object-server[97639]: ::1 - - [01/Dec/2025:03:40:44 +0000] "PUT /2/58117/AUTH_602f37ceccf647698ef9e0fe4d0d45d5/gnocchi.1051e8c2-3fc2-43da-8b75-1a24e51cc13d/none_v3" 201 - "PUT https://[::1]:8080/v1/AUTH_602f37ceccf647698ef9e0fe4d0d45d5/gnocchi.1051e8c2-3fc2-43da-8b75-1a24e51cc13d/none_v3" "txf2f6338d6b444367becc9-00692d0e3c" "proxy-server 98624" 0.0111 "-" 97639 0
Nov 30 22:40:44 np0005540556.novalocal container-server[97343]: ::1 - - [01/Dec/2025:03:40:44 +0000] "PUT /3/220987/AUTH_602f37ceccf647698ef9e0fe4d0d45d5/gnocchi.1051e8c2-3fc2-43da-8b75-1a24e51cc13d/none_v3" 201 - "PUT http://[::1]:8080/1/58117/AUTH_602f37ceccf647698ef9e0fe4d0d45d5/gnocchi.1051e8c2-3fc2-43da-8b75-1a24e51cc13d/none_v3" "txf2f6338d6b444367becc9-00692d0e3c" "object-server 97640" 0.0005 "-" 97343 0
Nov 30 22:40:44 np0005540556.novalocal object-server[97640]: ::1 - - [01/Dec/2025:03:40:44 +0000] "PUT /1/58117/AUTH_602f37ceccf647698ef9e0fe4d0d45d5/gnocchi.1051e8c2-3fc2-43da-8b75-1a24e51cc13d/none_v3" 201 - "PUT https://[::1]:8080/v1/AUTH_602f37ceccf647698ef9e0fe4d0d45d5/gnocchi.1051e8c2-3fc2-43da-8b75-1a24e51cc13d/none_v3" "txf2f6338d6b444367becc9-00692d0e3c" "proxy-server 98624" 0.0137 "-" 97640 0
Nov 30 22:40:44 np0005540556.novalocal container-server[97342]: ::1 - - [01/Dec/2025:03:40:44 +0000] "PUT /1/220987/AUTH_602f37ceccf647698ef9e0fe4d0d45d5/gnocchi.1051e8c2-3fc2-43da-8b75-1a24e51cc13d/none_v3" 201 - "PUT http://[::1]:8080/3/58117/AUTH_602f37ceccf647698ef9e0fe4d0d45d5/gnocchi.1051e8c2-3fc2-43da-8b75-1a24e51cc13d/none_v3" "txf2f6338d6b444367becc9-00692d0e3c" "object-server 97640" 0.0011 "-" 97342 0
Nov 30 22:40:44 np0005540556.novalocal object-server[97640]: ::1 - - [01/Dec/2025:03:40:44 +0000] "PUT /3/58117/AUTH_602f37ceccf647698ef9e0fe4d0d45d5/gnocchi.1051e8c2-3fc2-43da-8b75-1a24e51cc13d/none_v3" 201 - "PUT https://[::1]:8080/v1/AUTH_602f37ceccf647698ef9e0fe4d0d45d5/gnocchi.1051e8c2-3fc2-43da-8b75-1a24e51cc13d/none_v3" "txf2f6338d6b444367becc9-00692d0e3c" "proxy-server 98624" 0.0179 "-" 97640 0
Nov 30 22:40:44 np0005540556.novalocal proxy-server[98624]: ::1 ::1 01/Dec/2025/03/40/44 PUT /v1/AUTH_602f37ceccf647698ef9e0fe4d0d45d5/gnocchi.1051e8c2-3fc2-43da-8b75-1a24e51cc13d/none_v3 HTTP/1.0 201 - python-swiftclient-4.8.0 gAAAAABpLQ4jjy8F... 22 - - txf2f6338d6b444367becc9-00692d0e3c - 0.0254 - - 1764560444.132381916 1764560444.157806158 0 3cd24aa0af114855987a490c7d44632d
Nov 30 22:40:44 np0005540556.novalocal container-server[97342]: ::1 - - [01/Dec/2025:03:40:44 +0000] "HEAD /2/71873/AUTH_602f37ceccf647698ef9e0fe4d0d45d5/gnocchi.0ae08c29-2784-4780-8574-8933bde335c8" 404 - "HEAD http://[::1]:8080/v1/AUTH_602f37ceccf647698ef9e0fe4d0d45d5/gnocchi.0ae08c29-2784-4780-8574-8933bde335c8" "tx4e84192dc089425aa6507-00692d0e3c" "proxy-server 98624" 0.0006 "-" 97342 0
Nov 30 22:40:44 np0005540556.novalocal container-server[97342]: ::1 - - [01/Dec/2025:03:40:44 +0000] "HEAD /1/71873/AUTH_602f37ceccf647698ef9e0fe4d0d45d5/gnocchi.0ae08c29-2784-4780-8574-8933bde335c8" 404 - "HEAD http://[::1]:8080/v1/AUTH_602f37ceccf647698ef9e0fe4d0d45d5/gnocchi.0ae08c29-2784-4780-8574-8933bde335c8" "tx4e84192dc089425aa6507-00692d0e3c" "proxy-server 98624" 0.0004 "-" 97342 0
Nov 30 22:40:44 np0005540556.novalocal container-server[97343]: ::1 - - [01/Dec/2025:03:40:44 +0000] "HEAD /3/71873/AUTH_602f37ceccf647698ef9e0fe4d0d45d5/gnocchi.0ae08c29-2784-4780-8574-8933bde335c8" 404 - "HEAD http://[::1]:8080/v1/AUTH_602f37ceccf647698ef9e0fe4d0d45d5/gnocchi.0ae08c29-2784-4780-8574-8933bde335c8" "tx4e84192dc089425aa6507-00692d0e3c" "proxy-server 98624" 0.0005 "-" 97343 0
Nov 30 22:40:44 np0005540556.novalocal proxy-server[98624]: - - 01/Dec/2025/03/40/44 HEAD /v1/AUTH_602f37ceccf647698ef9e0fe4d0d45d5/gnocchi.0ae08c29-2784-4780-8574-8933bde335c8 HTTP/1.0 404 - Swift - - - - tx4e84192dc089425aa6507-00692d0e3c - 0.0135 CS - 1764560444.185245275 1764560444.198702097 0 -
Nov 30 22:40:44 np0005540556.novalocal object-server[97639]: ::1 - - [01/Dec/2025:03:40:44 +0000] "GET /1/99434/AUTH_602f37ceccf647698ef9e0fe4d0d45d5/gnocchi.0ae08c29-2784-4780-8574-8933bde335c8/none_v3" 404 70 "GET https://[::1]:8080/v1/AUTH_602f37ceccf647698ef9e0fe4d0d45d5/gnocchi.0ae08c29-2784-4780-8574-8933bde335c8/none_v3" "tx4e84192dc089425aa6507-00692d0e3c" "proxy-server 98624" 0.0005 "-" 97639 0
Nov 30 22:40:44 np0005540556.novalocal object-server[97640]: ::1 - - [01/Dec/2025:03:40:44 +0000] "GET /3/99434/AUTH_602f37ceccf647698ef9e0fe4d0d45d5/gnocchi.0ae08c29-2784-4780-8574-8933bde335c8/none_v3" 404 70 "GET https://[::1]:8080/v1/AUTH_602f37ceccf647698ef9e0fe4d0d45d5/gnocchi.0ae08c29-2784-4780-8574-8933bde335c8/none_v3" "tx4e84192dc089425aa6507-00692d0e3c" "proxy-server 98624" 0.0006 "-" 97640 0
Nov 30 22:40:44 np0005540556.novalocal object-server[97639]: ::1 - - [01/Dec/2025:03:40:44 +0000] "GET /2/99434/AUTH_602f37ceccf647698ef9e0fe4d0d45d5/gnocchi.0ae08c29-2784-4780-8574-8933bde335c8/none_v3" 404 70 "GET https://[::1]:8080/v1/AUTH_602f37ceccf647698ef9e0fe4d0d45d5/gnocchi.0ae08c29-2784-4780-8574-8933bde335c8/none_v3" "tx4e84192dc089425aa6507-00692d0e3c" "proxy-server 98624" 0.0003 "-" 97639 0
Nov 30 22:40:44 np0005540556.novalocal proxy-server[98624]: ::1 ::1 01/Dec/2025/03/40/44 GET /v1/AUTH_602f37ceccf647698ef9e0fe4d0d45d5/gnocchi.0ae08c29-2784-4780-8574-8933bde335c8/none_v3 HTTP/1.0 404 - python-swiftclient-4.8.0 gAAAAABpLQ4jjy8F... - 70 - tx4e84192dc089425aa6507-00692d0e3c - 0.0470 - - 1764560444.182020187 1764560444.229065418 0 3cd24aa0af114855987a490c7d44632d
Nov 30 22:40:44 np0005540556.novalocal account-server[97043]: ::1 - - [01/Dec/2025:03:40:44 +0000] "PUT /2/108421/AUTH_602f37ceccf647698ef9e0fe4d0d45d5/gnocchi.0ae08c29-2784-4780-8574-8933bde335c8" 201 - "PUT http://[::1]:6001/1/71873/AUTH_602f37ceccf647698ef9e0fe4d0d45d5/gnocchi.0ae08c29-2784-4780-8574-8933bde335c8" "tx3b2f9e3176d74699a22cd-00692d0e3c" "container-server 97343" 0.0057 "-" 97043 0
Nov 30 22:40:44 np0005540556.novalocal container-server[97343]: ::1 - - [01/Dec/2025:03:40:44 +0000] "PUT /1/71873/AUTH_602f37ceccf647698ef9e0fe4d0d45d5/gnocchi.0ae08c29-2784-4780-8574-8933bde335c8" 201 - "PUT https://[::1]:8080/v1/AUTH_602f37ceccf647698ef9e0fe4d0d45d5/gnocchi.0ae08c29-2784-4780-8574-8933bde335c8" "tx3b2f9e3176d74699a22cd-00692d0e3c" "proxy-server 98624" 0.0144 "-" 97343 0
Nov 30 22:40:44 np0005540556.novalocal account-server[97042]: ::1 - - [01/Dec/2025:03:40:44 +0000] "PUT /1/108421/AUTH_602f37ceccf647698ef9e0fe4d0d45d5/gnocchi.0ae08c29-2784-4780-8574-8933bde335c8" 201 - "PUT http://[::1]:6001/2/71873/AUTH_602f37ceccf647698ef9e0fe4d0d45d5/gnocchi.0ae08c29-2784-4780-8574-8933bde335c8" "tx3b2f9e3176d74699a22cd-00692d0e3c" "container-server 97342" 0.0050 "-" 97042 0
Nov 30 22:40:44 np0005540556.novalocal container-server[97342]: ::1 - - [01/Dec/2025:03:40:44 +0000] "PUT /2/71873/AUTH_602f37ceccf647698ef9e0fe4d0d45d5/gnocchi.0ae08c29-2784-4780-8574-8933bde335c8" 201 - "PUT https://[::1]:8080/v1/AUTH_602f37ceccf647698ef9e0fe4d0d45d5/gnocchi.0ae08c29-2784-4780-8574-8933bde335c8" "tx3b2f9e3176d74699a22cd-00692d0e3c" "proxy-server 98624" 0.0223 "-" 97342 0
Nov 30 22:40:44 np0005540556.novalocal account-server[97042]: ::1 - - [01/Dec/2025:03:40:44 +0000] "PUT /3/108421/AUTH_602f37ceccf647698ef9e0fe4d0d45d5/gnocchi.0ae08c29-2784-4780-8574-8933bde335c8" 201 - "PUT http://[::1]:6001/3/71873/AUTH_602f37ceccf647698ef9e0fe4d0d45d5/gnocchi.0ae08c29-2784-4780-8574-8933bde335c8" "tx3b2f9e3176d74699a22cd-00692d0e3c" "container-server 97342" 0.0052 "-" 97042 0
Nov 30 22:40:44 np0005540556.novalocal container-server[97342]: ::1 - - [01/Dec/2025:03:40:44 +0000] "PUT /3/71873/AUTH_602f37ceccf647698ef9e0fe4d0d45d5/gnocchi.0ae08c29-2784-4780-8574-8933bde335c8" 201 - "PUT https://[::1]:8080/v1/AUTH_602f37ceccf647698ef9e0fe4d0d45d5/gnocchi.0ae08c29-2784-4780-8574-8933bde335c8" "tx3b2f9e3176d74699a22cd-00692d0e3c" "proxy-server 98624" 0.0417 "-" 97342 0
Nov 30 22:40:44 np0005540556.novalocal proxy-server[98624]: ::1 ::1 01/Dec/2025/03/40/44 PUT /v1/AUTH_602f37ceccf647698ef9e0fe4d0d45d5/gnocchi.0ae08c29-2784-4780-8574-8933bde335c8 HTTP/1.0 201 - python-swiftclient-4.8.0 gAAAAABpLQ4jjy8F... - - - tx3b2f9e3176d74699a22cd-00692d0e3c - 0.0664 - - 1764560444.233123302 1764560444.299558163 0 3cd24aa0af114855987a490c7d44632d
Nov 30 22:40:44 np0005540556.novalocal container-server[97342]: ::1 - - [01/Dec/2025:03:40:44 +0000] "HEAD /2/71873/AUTH_602f37ceccf647698ef9e0fe4d0d45d5/gnocchi.0ae08c29-2784-4780-8574-8933bde335c8" 204 - "HEAD http://[::1]:8080/v1/AUTH_602f37ceccf647698ef9e0fe4d0d45d5/gnocchi.0ae08c29-2784-4780-8574-8933bde335c8" "tx9da0d4057d814d60ba3b2-00692d0e3c" "proxy-server 98624" 0.0015 "-" 97342 0
Nov 30 22:40:44 np0005540556.novalocal proxy-server[98624]: - - 01/Dec/2025/03/40/44 HEAD /v1/AUTH_602f37ceccf647698ef9e0fe4d0d45d5/gnocchi.0ae08c29-2784-4780-8574-8933bde335c8 HTTP/1.0 204 - Swift - - - - tx9da0d4057d814d60ba3b2-00692d0e3c - 0.0049 CS - 1764560444.303983927 1764560444.308932304 0 -
Nov 30 22:40:44 np0005540556.novalocal container-server[97343]: ::1 - - [01/Dec/2025:03:40:44 +0000] "GET /2/71873/AUTH_602f37ceccf647698ef9e0fe4d0d45d5/gnocchi.0ae08c29-2784-4780-8574-8933bde335c8" 200 2 "GET https://[::1]:8080/v1/AUTH_602f37ceccf647698ef9e0fe4d0d45d5/gnocchi.0ae08c29-2784-4780-8574-8933bde335c8?format=json&states=listing" "tx9da0d4057d814d60ba3b2-00692d0e3c" "proxy-server 98624" 0.0073 "-" 97343 0
Nov 30 22:40:44 np0005540556.novalocal proxy-server[98624]: ::1 ::1 01/Dec/2025/03/40/44 GET /v1/AUTH_602f37ceccf647698ef9e0fe4d0d45d5/gnocchi.0ae08c29-2784-4780-8574-8933bde335c8%3Fformat%3Djson%26states%3Dlisting HTTP/1.0 200 - python-swiftclient-4.8.0 gAAAAABpLQ4jjy8F... - 2 - tx9da0d4057d814d60ba3b2-00692d0e3c - 0.0243 - - 1764560444.303109646 1764560444.327369690 0 3cd24aa0af114855987a490c7d44632d
Nov 30 22:40:44 np0005540556.novalocal object-server[97640]: ::1 - - [01/Dec/2025:03:40:44 +0000] "GET /3/112811/AUTH_602f37ceccf647698ef9e0fe4d0d45d5/gnocchi.0ae08c29-2784-4780-8574-8933bde335c8/1763640000.0_mean_300.0_v3" 404 70 "GET https://[::1]:8080/v1/AUTH_602f37ceccf647698ef9e0fe4d0d45d5/gnocchi.0ae08c29-2784-4780-8574-8933bde335c8/1763640000.0_mean_300.0_v3" "txa865abc67c5541adb2261-00692d0e3c" "proxy-server 98624" 0.0007 "-" 97640 0
Nov 30 22:40:44 np0005540556.novalocal object-server[97639]: ::1 - - [01/Dec/2025:03:40:44 +0000] "GET /2/112811/AUTH_602f37ceccf647698ef9e0fe4d0d45d5/gnocchi.0ae08c29-2784-4780-8574-8933bde335c8/1763640000.0_mean_300.0_v3" 404 70 "GET https://[::1]:8080/v1/AUTH_602f37ceccf647698ef9e0fe4d0d45d5/gnocchi.0ae08c29-2784-4780-8574-8933bde335c8/1763640000.0_mean_300.0_v3" "txa865abc67c5541adb2261-00692d0e3c" "proxy-server 98624" 0.0010 "-" 97639 0
Nov 30 22:40:44 np0005540556.novalocal object-server[97640]: ::1 - - [01/Dec/2025:03:40:44 +0000] "GET /1/112811/AUTH_602f37ceccf647698ef9e0fe4d0d45d5/gnocchi.0ae08c29-2784-4780-8574-8933bde335c8/1763640000.0_mean_300.0_v3" 404 70 "GET https://[::1]:8080/v1/AUTH_602f37ceccf647698ef9e0fe4d0d45d5/gnocchi.0ae08c29-2784-4780-8574-8933bde335c8/1763640000.0_mean_300.0_v3" "txa865abc67c5541adb2261-00692d0e3c" "proxy-server 98624" 0.0003 "-" 97640 0
Nov 30 22:40:44 np0005540556.novalocal proxy-server[98624]: ::1 ::1 01/Dec/2025/03/40/44 GET /v1/AUTH_602f37ceccf647698ef9e0fe4d0d45d5/gnocchi.0ae08c29-2784-4780-8574-8933bde335c8/1763640000.0_mean_300.0_v3 HTTP/1.0 404 - python-swiftclient-4.8.0 gAAAAABpLQ4jjy8F... - 70 - txa865abc67c5541adb2261-00692d0e3c - 0.0188 - - 1764560444.331603050 1764560444.350400448 0 3cd24aa0af114855987a490c7d44632d
Nov 30 22:40:44 np0005540556.novalocal container-server[97343]: ::1 - - [01/Dec/2025:03:40:44 +0000] "PUT /3/71873/AUTH_602f37ceccf647698ef9e0fe4d0d45d5/gnocchi.0ae08c29-2784-4780-8574-8933bde335c8/1763640000.0_mean_300.0_v3" 201 - "PUT http://[::1]:8080/1/112811/AUTH_602f37ceccf647698ef9e0fe4d0d45d5/gnocchi.0ae08c29-2784-4780-8574-8933bde335c8/1763640000.0_mean_300.0_v3" "tx9447481bae7e495eaead0-00692d0e3c" "object-server 97639" 0.0007 "-" 97343 0
Nov 30 22:40:44 np0005540556.novalocal object-server[97639]: ::1 - - [01/Dec/2025:03:40:44 +0000] "PUT /1/112811/AUTH_602f37ceccf647698ef9e0fe4d0d45d5/gnocchi.0ae08c29-2784-4780-8574-8933bde335c8/1763640000.0_mean_300.0_v3" 201 - "PUT https://[::1]:8080/v1/AUTH_602f37ceccf647698ef9e0fe4d0d45d5/gnocchi.0ae08c29-2784-4780-8574-8933bde335c8/1763640000.0_mean_300.0_v3" "tx9447481bae7e495eaead0-00692d0e3c" "proxy-server 98624" 0.0152 "-" 97639 0
Nov 30 22:40:44 np0005540556.novalocal container-server[97343]: ::1 - - [01/Dec/2025:03:40:44 +0000] "PUT /1/71873/AUTH_602f37ceccf647698ef9e0fe4d0d45d5/gnocchi.0ae08c29-2784-4780-8574-8933bde335c8/1763640000.0_mean_300.0_v3" 201 - "PUT http://[::1]:8080/2/112811/AUTH_602f37ceccf647698ef9e0fe4d0d45d5/gnocchi.0ae08c29-2784-4780-8574-8933bde335c8/1763640000.0_mean_300.0_v3" "tx9447481bae7e495eaead0-00692d0e3c" "object-server 97640" 0.0010 "-" 97343 0
Nov 30 22:40:44 np0005540556.novalocal object-server[97640]: ::1 - - [01/Dec/2025:03:40:44 +0000] "PUT /2/112811/AUTH_602f37ceccf647698ef9e0fe4d0d45d5/gnocchi.0ae08c29-2784-4780-8574-8933bde335c8/1763640000.0_mean_300.0_v3" 201 - "PUT https://[::1]:8080/v1/AUTH_602f37ceccf647698ef9e0fe4d0d45d5/gnocchi.0ae08c29-2784-4780-8574-8933bde335c8/1763640000.0_mean_300.0_v3" "tx9447481bae7e495eaead0-00692d0e3c" "proxy-server 98624" 0.0198 "-" 97640 0
Nov 30 22:40:44 np0005540556.novalocal container-server[97342]: ::1 - - [01/Dec/2025:03:40:44 +0000] "PUT /2/71873/AUTH_602f37ceccf647698ef9e0fe4d0d45d5/gnocchi.0ae08c29-2784-4780-8574-8933bde335c8/1763640000.0_mean_300.0_v3" 201 - "PUT http://[::1]:8080/3/112811/AUTH_602f37ceccf647698ef9e0fe4d0d45d5/gnocchi.0ae08c29-2784-4780-8574-8933bde335c8/1763640000.0_mean_300.0_v3" "tx9447481bae7e495eaead0-00692d0e3c" "object-server 97640" 0.0019 "-" 97342 0
Nov 30 22:40:44 np0005540556.novalocal object-server[97640]: ::1 - - [01/Dec/2025:03:40:44 +0000] "PUT /3/112811/AUTH_602f37ceccf647698ef9e0fe4d0d45d5/gnocchi.0ae08c29-2784-4780-8574-8933bde335c8/1763640000.0_mean_300.0_v3" 201 - "PUT https://[::1]:8080/v1/AUTH_602f37ceccf647698ef9e0fe4d0d45d5/gnocchi.0ae08c29-2784-4780-8574-8933bde335c8/1763640000.0_mean_300.0_v3" "tx9447481bae7e495eaead0-00692d0e3c" "proxy-server 98624" 0.0328 "-" 97640 0
Nov 30 22:40:44 np0005540556.novalocal proxy-server[98624]: ::1 ::1 01/Dec/2025/03/40/44 PUT /v1/AUTH_602f37ceccf647698ef9e0fe4d0d45d5/gnocchi.0ae08c29-2784-4780-8574-8933bde335c8/1763640000.0_mean_300.0_v3 HTTP/1.0 201 - python-swiftclient-4.8.0 gAAAAABpLQ4jjy8F... 16 - - tx9447481bae7e495eaead0-00692d0e3c - 0.0516 - - 1764560444.354753017 1764560444.406306505 0 3cd24aa0af114855987a490c7d44632d
Nov 30 22:40:44 np0005540556.novalocal container-server[97342]: ::1 - - [01/Dec/2025:03:40:44 +0000] "PUT /3/71873/AUTH_602f37ceccf647698ef9e0fe4d0d45d5/gnocchi.0ae08c29-2784-4780-8574-8933bde335c8/none_v3" 201 - "PUT http://[::1]:8080/2/99434/AUTH_602f37ceccf647698ef9e0fe4d0d45d5/gnocchi.0ae08c29-2784-4780-8574-8933bde335c8/none_v3" "txbe383f16897f4f3889aac-00692d0e3c" "object-server 97639" 0.0009 "-" 97342 0
Nov 30 22:40:44 np0005540556.novalocal object-server[97639]: ::1 - - [01/Dec/2025:03:40:44 +0000] "PUT /2/99434/AUTH_602f37ceccf647698ef9e0fe4d0d45d5/gnocchi.0ae08c29-2784-4780-8574-8933bde335c8/none_v3" 201 - "PUT https://[::1]:8080/v1/AUTH_602f37ceccf647698ef9e0fe4d0d45d5/gnocchi.0ae08c29-2784-4780-8574-8933bde335c8/none_v3" "txbe383f16897f4f3889aac-00692d0e3c" "proxy-server 98624" 0.0151 "-" 97639 0
Nov 30 22:40:44 np0005540556.novalocal container-server[97342]: ::1 - - [01/Dec/2025:03:40:44 +0000] "PUT /2/71873/AUTH_602f37ceccf647698ef9e0fe4d0d45d5/gnocchi.0ae08c29-2784-4780-8574-8933bde335c8/none_v3" 201 - "PUT http://[::1]:8080/1/99434/AUTH_602f37ceccf647698ef9e0fe4d0d45d5/gnocchi.0ae08c29-2784-4780-8574-8933bde335c8/none_v3" "txbe383f16897f4f3889aac-00692d0e3c" "object-server 97639" 0.0006 "-" 97342 0
Nov 30 22:40:44 np0005540556.novalocal container-server[97343]: ::1 - - [01/Dec/2025:03:40:44 +0000] "PUT /1/71873/AUTH_602f37ceccf647698ef9e0fe4d0d45d5/gnocchi.0ae08c29-2784-4780-8574-8933bde335c8/none_v3" 201 - "PUT http://[::1]:8080/3/99434/AUTH_602f37ceccf647698ef9e0fe4d0d45d5/gnocchi.0ae08c29-2784-4780-8574-8933bde335c8/none_v3" "txbe383f16897f4f3889aac-00692d0e3c" "object-server 97640" 0.0009 "-" 97343 0
Nov 30 22:40:44 np0005540556.novalocal object-server[97640]: ::1 - - [01/Dec/2025:03:40:44 +0000] "PUT /3/99434/AUTH_602f37ceccf647698ef9e0fe4d0d45d5/gnocchi.0ae08c29-2784-4780-8574-8933bde335c8/none_v3" 201 - "PUT https://[::1]:8080/v1/AUTH_602f37ceccf647698ef9e0fe4d0d45d5/gnocchi.0ae08c29-2784-4780-8574-8933bde335c8/none_v3" "txbe383f16897f4f3889aac-00692d0e3c" "proxy-server 98624" 0.0144 "-" 97640 0
Nov 30 22:40:44 np0005540556.novalocal object-server[97639]: ::1 - - [01/Dec/2025:03:40:44 +0000] "PUT /1/99434/AUTH_602f37ceccf647698ef9e0fe4d0d45d5/gnocchi.0ae08c29-2784-4780-8574-8933bde335c8/none_v3" 201 - "PUT https://[::1]:8080/v1/AUTH_602f37ceccf647698ef9e0fe4d0d45d5/gnocchi.0ae08c29-2784-4780-8574-8933bde335c8/none_v3" "txbe383f16897f4f3889aac-00692d0e3c" "proxy-server 98624" 0.0200 "-" 97639 0
Nov 30 22:40:44 np0005540556.novalocal proxy-server[98624]: ::1 ::1 01/Dec/2025/03/40/44 PUT /v1/AUTH_602f37ceccf647698ef9e0fe4d0d45d5/gnocchi.0ae08c29-2784-4780-8574-8933bde335c8/none_v3 HTTP/1.0 201 - python-swiftclient-4.8.0 gAAAAABpLQ4jjy8F... 22 - - txbe383f16897f4f3889aac-00692d0e3c - 0.0382 - - 1764560444.410004377 1764560444.448177576 0 3cd24aa0af114855987a490c7d44632d
Nov 30 22:40:44 np0005540556.novalocal container-server[97343]: ::1 - - [01/Dec/2025:03:40:44 +0000] "HEAD /1/43659/AUTH_602f37ceccf647698ef9e0fe4d0d45d5/gnocchi.d7e10de7-f7ec-4336-a067-7bd9f74033c9" 404 - "HEAD http://[::1]:8080/v1/AUTH_602f37ceccf647698ef9e0fe4d0d45d5/gnocchi.d7e10de7-f7ec-4336-a067-7bd9f74033c9" "txd7bcaa8b8b0b4bc68bd83-00692d0e3c" "proxy-server 98624" 0.0005 "-" 97343 0
Nov 30 22:40:44 np0005540556.novalocal container-server[97342]: ::1 - - [01/Dec/2025:03:40:44 +0000] "HEAD /3/43659/AUTH_602f37ceccf647698ef9e0fe4d0d45d5/gnocchi.d7e10de7-f7ec-4336-a067-7bd9f74033c9" 404 - "HEAD http://[::1]:8080/v1/AUTH_602f37ceccf647698ef9e0fe4d0d45d5/gnocchi.d7e10de7-f7ec-4336-a067-7bd9f74033c9" "txd7bcaa8b8b0b4bc68bd83-00692d0e3c" "proxy-server 98624" 0.0005 "-" 97342 0
Nov 30 22:40:44 np0005540556.novalocal container-server[97342]: ::1 - - [01/Dec/2025:03:40:44 +0000] "HEAD /2/43659/AUTH_602f37ceccf647698ef9e0fe4d0d45d5/gnocchi.d7e10de7-f7ec-4336-a067-7bd9f74033c9" 404 - "HEAD http://[::1]:8080/v1/AUTH_602f37ceccf647698ef9e0fe4d0d45d5/gnocchi.d7e10de7-f7ec-4336-a067-7bd9f74033c9" "txd7bcaa8b8b0b4bc68bd83-00692d0e3c" "proxy-server 98624" 0.0003 "-" 97342 0
Nov 30 22:40:44 np0005540556.novalocal proxy-server[98624]: - - 01/Dec/2025/03/40/44 HEAD /v1/AUTH_602f37ceccf647698ef9e0fe4d0d45d5/gnocchi.d7e10de7-f7ec-4336-a067-7bd9f74033c9 HTTP/1.0 404 - Swift - - - - txd7bcaa8b8b0b4bc68bd83-00692d0e3c - 0.0108 CS - 1764560444.462417603 1764560444.473248482 0 -
Nov 30 22:40:44 np0005540556.novalocal object-server[97640]: ::1 - - [01/Dec/2025:03:40:44 +0000] "GET /1/239493/AUTH_602f37ceccf647698ef9e0fe4d0d45d5/gnocchi.d7e10de7-f7ec-4336-a067-7bd9f74033c9/none_v3" 404 70 "GET https://[::1]:8080/v1/AUTH_602f37ceccf647698ef9e0fe4d0d45d5/gnocchi.d7e10de7-f7ec-4336-a067-7bd9f74033c9/none_v3" "txd7bcaa8b8b0b4bc68bd83-00692d0e3c" "proxy-server 98624" 0.0007 "-" 97640 0
Nov 30 22:40:44 np0005540556.novalocal object-server[97639]: ::1 - - [01/Dec/2025:03:40:44 +0000] "GET /2/239493/AUTH_602f37ceccf647698ef9e0fe4d0d45d5/gnocchi.d7e10de7-f7ec-4336-a067-7bd9f74033c9/none_v3" 404 70 "GET https://[::1]:8080/v1/AUTH_602f37ceccf647698ef9e0fe4d0d45d5/gnocchi.d7e10de7-f7ec-4336-a067-7bd9f74033c9/none_v3" "txd7bcaa8b8b0b4bc68bd83-00692d0e3c" "proxy-server 98624" 0.0005 "-" 97639 0
Nov 30 22:40:44 np0005540556.novalocal object-server[97639]: ::1 - - [01/Dec/2025:03:40:44 +0000] "GET /3/239493/AUTH_602f37ceccf647698ef9e0fe4d0d45d5/gnocchi.d7e10de7-f7ec-4336-a067-7bd9f74033c9/none_v3" 404 70 "GET https://[::1]:8080/v1/AUTH_602f37ceccf647698ef9e0fe4d0d45d5/gnocchi.d7e10de7-f7ec-4336-a067-7bd9f74033c9/none_v3" "txd7bcaa8b8b0b4bc68bd83-00692d0e3c" "proxy-server 98624" 0.0002 "-" 97639 0
Nov 30 22:40:44 np0005540556.novalocal proxy-server[98624]: ::1 ::1 01/Dec/2025/03/40/44 GET /v1/AUTH_602f37ceccf647698ef9e0fe4d0d45d5/gnocchi.d7e10de7-f7ec-4336-a067-7bd9f74033c9/none_v3 HTTP/1.0 404 - python-swiftclient-4.8.0 gAAAAABpLQ4jjy8F... - 70 - txd7bcaa8b8b0b4bc68bd83-00692d0e3c - 0.0259 - - 1764560444.461322308 1764560444.487197638 0 3cd24aa0af114855987a490c7d44632d
Nov 30 22:40:44 np0005540556.novalocal account-server[97043]: ::1 - - [01/Dec/2025:03:40:44 +0000] "PUT /1/108421/AUTH_602f37ceccf647698ef9e0fe4d0d45d5/gnocchi.d7e10de7-f7ec-4336-a067-7bd9f74033c9" 201 - "PUT http://[::1]:6001/1/43659/AUTH_602f37ceccf647698ef9e0fe4d0d45d5/gnocchi.d7e10de7-f7ec-4336-a067-7bd9f74033c9" "tx28594d142cba48d7945fd-00692d0e3c" "container-server 97342" 0.0034 "-" 97043 0
Nov 30 22:40:44 np0005540556.novalocal container-server[97342]: ::1 - - [01/Dec/2025:03:40:44 +0000] "PUT /1/43659/AUTH_602f37ceccf647698ef9e0fe4d0d45d5/gnocchi.d7e10de7-f7ec-4336-a067-7bd9f74033c9" 201 - "PUT https://[::1]:8080/v1/AUTH_602f37ceccf647698ef9e0fe4d0d45d5/gnocchi.d7e10de7-f7ec-4336-a067-7bd9f74033c9" "tx28594d142cba48d7945fd-00692d0e3c" "proxy-server 98624" 0.0186 "-" 97342 0
Nov 30 22:40:44 np0005540556.novalocal account-server[97043]: ::1 - - [01/Dec/2025:03:40:44 +0000] "PUT /3/108421/AUTH_602f37ceccf647698ef9e0fe4d0d45d5/gnocchi.d7e10de7-f7ec-4336-a067-7bd9f74033c9" 201 - "PUT http://[::1]:6001/3/43659/AUTH_602f37ceccf647698ef9e0fe4d0d45d5/gnocchi.d7e10de7-f7ec-4336-a067-7bd9f74033c9" "tx28594d142cba48d7945fd-00692d0e3c" "container-server 97343" 0.0045 "-" 97043 0
Nov 30 22:40:44 np0005540556.novalocal container-server[97343]: ::1 - - [01/Dec/2025:03:40:44 +0000] "PUT /3/43659/AUTH_602f37ceccf647698ef9e0fe4d0d45d5/gnocchi.d7e10de7-f7ec-4336-a067-7bd9f74033c9" 201 - "PUT https://[::1]:8080/v1/AUTH_602f37ceccf647698ef9e0fe4d0d45d5/gnocchi.d7e10de7-f7ec-4336-a067-7bd9f74033c9" "tx28594d142cba48d7945fd-00692d0e3c" "proxy-server 98624" 0.0312 "-" 97343 0
Nov 30 22:40:44 np0005540556.novalocal account-server[97043]: ::1 - - [01/Dec/2025:03:40:44 +0000] "PUT /2/108421/AUTH_602f37ceccf647698ef9e0fe4d0d45d5/gnocchi.d7e10de7-f7ec-4336-a067-7bd9f74033c9" 201 - "PUT http://[::1]:6001/2/43659/AUTH_602f37ceccf647698ef9e0fe4d0d45d5/gnocchi.d7e10de7-f7ec-4336-a067-7bd9f74033c9" "tx28594d142cba48d7945fd-00692d0e3c" "container-server 97343" 0.0042 "-" 97043 0
Nov 30 22:40:44 np0005540556.novalocal container-server[97343]: ::1 - - [01/Dec/2025:03:40:44 +0000] "PUT /2/43659/AUTH_602f37ceccf647698ef9e0fe4d0d45d5/gnocchi.d7e10de7-f7ec-4336-a067-7bd9f74033c9" 201 - "PUT https://[::1]:8080/v1/AUTH_602f37ceccf647698ef9e0fe4d0d45d5/gnocchi.d7e10de7-f7ec-4336-a067-7bd9f74033c9" "tx28594d142cba48d7945fd-00692d0e3c" "proxy-server 98624" 0.0163 "-" 97343 0
Nov 30 22:40:44 np0005540556.novalocal proxy-server[98624]: ::1 ::1 01/Dec/2025/03/40/44 PUT /v1/AUTH_602f37ceccf647698ef9e0fe4d0d45d5/gnocchi.d7e10de7-f7ec-4336-a067-7bd9f74033c9 HTTP/1.0 201 - python-swiftclient-4.8.0 gAAAAABpLQ4jjy8F... - - - tx28594d142cba48d7945fd-00692d0e3c - 0.0474 - - 1764560444.491008282 1764560444.538447857 0 3cd24aa0af114855987a490c7d44632d
Nov 30 22:40:44 np0005540556.novalocal container-server[97342]: ::1 - - [01/Dec/2025:03:40:44 +0000] "HEAD /3/43659/AUTH_602f37ceccf647698ef9e0fe4d0d45d5/gnocchi.d7e10de7-f7ec-4336-a067-7bd9f74033c9" 204 - "HEAD http://[::1]:8080/v1/AUTH_602f37ceccf647698ef9e0fe4d0d45d5/gnocchi.d7e10de7-f7ec-4336-a067-7bd9f74033c9" "txda85ff2a06174f2ba35fa-00692d0e3c" "proxy-server 98624" 0.0016 "-" 97342 0
Nov 30 22:40:44 np0005540556.novalocal proxy-server[98624]: - - 01/Dec/2025/03/40/44 HEAD /v1/AUTH_602f37ceccf647698ef9e0fe4d0d45d5/gnocchi.d7e10de7-f7ec-4336-a067-7bd9f74033c9 HTTP/1.0 204 - Swift - - - - txda85ff2a06174f2ba35fa-00692d0e3c - 0.0125 CS - 1764560444.547462225 1764560444.560009718 0 -
Nov 30 22:40:44 np0005540556.novalocal container-server[97343]: ::1 - - [01/Dec/2025:03:40:44 +0000] "GET /2/43659/AUTH_602f37ceccf647698ef9e0fe4d0d45d5/gnocchi.d7e10de7-f7ec-4336-a067-7bd9f74033c9" 200 2 "GET https://[::1]:8080/v1/AUTH_602f37ceccf647698ef9e0fe4d0d45d5/gnocchi.d7e10de7-f7ec-4336-a067-7bd9f74033c9?format=json&states=listing" "txda85ff2a06174f2ba35fa-00692d0e3c" "proxy-server 98624" 0.0025 "-" 97343 0
Nov 30 22:40:44 np0005540556.novalocal proxy-server[98624]: ::1 ::1 01/Dec/2025/03/40/44 GET /v1/AUTH_602f37ceccf647698ef9e0fe4d0d45d5/gnocchi.d7e10de7-f7ec-4336-a067-7bd9f74033c9%3Fformat%3Djson%26states%3Dlisting HTTP/1.0 200 - python-swiftclient-4.8.0 gAAAAABpLQ4jjy8F... - 2 - txda85ff2a06174f2ba35fa-00692d0e3c - 0.0266 - - 1764560444.545799494 1764560444.572447777 0 3cd24aa0af114855987a490c7d44632d
Nov 30 22:40:44 np0005540556.novalocal object-server[97639]: ::1 - - [01/Dec/2025:03:40:44 +0000] "GET /1/131112/AUTH_602f37ceccf647698ef9e0fe4d0d45d5/gnocchi.d7e10de7-f7ec-4336-a067-7bd9f74033c9/1763640000.0_mean_300.0_v3" 404 70 "GET https://[::1]:8080/v1/AUTH_602f37ceccf647698ef9e0fe4d0d45d5/gnocchi.d7e10de7-f7ec-4336-a067-7bd9f74033c9/1763640000.0_mean_300.0_v3" "txa3561c25d64e4b89b9e6b-00692d0e3c" "proxy-server 98624" 0.0007 "-" 97639 0
Nov 30 22:40:44 np0005540556.novalocal object-server[97640]: ::1 - - [01/Dec/2025:03:40:44 +0000] "GET /2/131112/AUTH_602f37ceccf647698ef9e0fe4d0d45d5/gnocchi.d7e10de7-f7ec-4336-a067-7bd9f74033c9/1763640000.0_mean_300.0_v3" 404 70 "GET https://[::1]:8080/v1/AUTH_602f37ceccf647698ef9e0fe4d0d45d5/gnocchi.d7e10de7-f7ec-4336-a067-7bd9f74033c9/1763640000.0_mean_300.0_v3" "txa3561c25d64e4b89b9e6b-00692d0e3c" "proxy-server 98624" 0.0006 "-" 97640 0
Nov 30 22:40:44 np0005540556.novalocal object-server[97639]: ::1 - - [01/Dec/2025:03:40:44 +0000] "GET /3/131112/AUTH_602f37ceccf647698ef9e0fe4d0d45d5/gnocchi.d7e10de7-f7ec-4336-a067-7bd9f74033c9/1763640000.0_mean_300.0_v3" 404 70 "GET https://[::1]:8080/v1/AUTH_602f37ceccf647698ef9e0fe4d0d45d5/gnocchi.d7e10de7-f7ec-4336-a067-7bd9f74033c9/1763640000.0_mean_300.0_v3" "txa3561c25d64e4b89b9e6b-00692d0e3c" "proxy-server 98624" 0.0006 "-" 97639 0
Nov 30 22:40:44 np0005540556.novalocal proxy-server[98624]: ::1 ::1 01/Dec/2025/03/40/44 GET /v1/AUTH_602f37ceccf647698ef9e0fe4d0d45d5/gnocchi.d7e10de7-f7ec-4336-a067-7bd9f74033c9/1763640000.0_mean_300.0_v3 HTTP/1.0 404 - python-swiftclient-4.8.0 gAAAAABpLQ4jjy8F... - 70 - txa3561c25d64e4b89b9e6b-00692d0e3c - 0.0159 - - 1764560444.578637600 1764560444.594533920 0 3cd24aa0af114855987a490c7d44632d
Nov 30 22:40:44 np0005540556.novalocal container-server[97342]: ::1 - - [01/Dec/2025:03:40:44 +0000] "PUT /3/43659/AUTH_602f37ceccf647698ef9e0fe4d0d45d5/gnocchi.d7e10de7-f7ec-4336-a067-7bd9f74033c9/1763640000.0_mean_300.0_v3" 201 - "PUT http://[::1]:8080/2/131112/AUTH_602f37ceccf647698ef9e0fe4d0d45d5/gnocchi.d7e10de7-f7ec-4336-a067-7bd9f74033c9/1763640000.0_mean_300.0_v3" "tx8cbed0cc4d794119a910c-00692d0e3c" "object-server 97639" 0.0006 "-" 97342 0
Nov 30 22:40:44 np0005540556.novalocal container-server[97342]: ::1 - - [01/Dec/2025:03:40:44 +0000] "PUT /2/43659/AUTH_602f37ceccf647698ef9e0fe4d0d45d5/gnocchi.d7e10de7-f7ec-4336-a067-7bd9f74033c9/1763640000.0_mean_300.0_v3" 201 - "PUT http://[::1]:8080/3/131112/AUTH_602f37ceccf647698ef9e0fe4d0d45d5/gnocchi.d7e10de7-f7ec-4336-a067-7bd9f74033c9/1763640000.0_mean_300.0_v3" "tx8cbed0cc4d794119a910c-00692d0e3c" "object-server 97640" 0.0003 "-" 97342 0
Nov 30 22:40:44 np0005540556.novalocal object-server[97639]: ::1 - - [01/Dec/2025:03:40:44 +0000] "PUT /2/131112/AUTH_602f37ceccf647698ef9e0fe4d0d45d5/gnocchi.d7e10de7-f7ec-4336-a067-7bd9f74033c9/1763640000.0_mean_300.0_v3" 201 - "PUT https://[::1]:8080/v1/AUTH_602f37ceccf647698ef9e0fe4d0d45d5/gnocchi.d7e10de7-f7ec-4336-a067-7bd9f74033c9/1763640000.0_mean_300.0_v3" "tx8cbed0cc4d794119a910c-00692d0e3c" "proxy-server 98624" 0.0148 "-" 97639 0
