Nov 30 22:41:41 np0005540556.novalocal container-server[97343]: ::1 - - [01/Dec/2025:03:41:41 +0000] "PUT /1/106111/AUTH_602f37ceccf647698ef9e0fe4d0d45d5/gnocchi.d6b60cfe-8b9a-4531-bfc5-8e2dcd83385a/none_v3" 201 - "PUT http://[::1]:8080/2/95914/AUTH_602f37ceccf647698ef9e0fe4d0d45d5/gnocchi.d6b60cfe-8b9a-4531-bfc5-8e2dcd83385a/none_v3" "tx942ad80166db4c54b4b6e-00692d0e75" "object-server 97639" 0.0008 "-" 97343 0
Nov 30 22:41:41 np0005540556.novalocal container-server[97343]: ::1 - - [01/Dec/2025:03:41:41 +0000] "PUT /2/106111/AUTH_602f37ceccf647698ef9e0fe4d0d45d5/gnocchi.d6b60cfe-8b9a-4531-bfc5-8e2dcd83385a/none_v3" 201 - "PUT http://[::1]:8080/3/95914/AUTH_602f37ceccf647698ef9e0fe4d0d45d5/gnocchi.d6b60cfe-8b9a-4531-bfc5-8e2dcd83385a/none_v3" "tx942ad80166db4c54b4b6e-00692d0e75" "object-server 97639" 0.0006 "-" 97343 0
Nov 30 22:41:41 np0005540556.novalocal object-server[97639]: ::1 - - [01/Dec/2025:03:41:41 +0000] "PUT /2/95914/AUTH_602f37ceccf647698ef9e0fe4d0d45d5/gnocchi.d6b60cfe-8b9a-4531-bfc5-8e2dcd83385a/none_v3" 201 - "PUT https://[::1]:8080/v1/AUTH_602f37ceccf647698ef9e0fe4d0d45d5/gnocchi.d6b60cfe-8b9a-4531-bfc5-8e2dcd83385a/none_v3" "tx942ad80166db4c54b4b6e-00692d0e75" "proxy-server 98624" 0.0245 "-" 97639 0
Nov 30 22:41:41 np0005540556.novalocal object-server[97639]: ::1 - - [01/Dec/2025:03:41:41 +0000] "PUT /3/95914/AUTH_602f37ceccf647698ef9e0fe4d0d45d5/gnocchi.d6b60cfe-8b9a-4531-bfc5-8e2dcd83385a/none_v3" 201 - "PUT https://[::1]:8080/v1/AUTH_602f37ceccf647698ef9e0fe4d0d45d5/gnocchi.d6b60cfe-8b9a-4531-bfc5-8e2dcd83385a/none_v3" "tx942ad80166db4c54b4b6e-00692d0e75" "proxy-server 98624" 0.0233 "-" 97639 0
Nov 30 22:41:41 np0005540556.novalocal proxy-server[98624]: ::1 ::1 01/Dec/2025/03/41/41 PUT /v1/AUTH_602f37ceccf647698ef9e0fe4d0d45d5/gnocchi.d6b60cfe-8b9a-4531-bfc5-8e2dcd83385a/none_v3 HTTP/1.0 201 - python-swiftclient-4.8.0 gAAAAABpLQ4-yMSf... 32 - - tx942ad80166db4c54b4b6e-00692d0e75 - 0.0342 - - 1764560501.313316345 1764560501.347548962 0 3cd24aa0af114855987a490c7d44632d
Nov 30 22:41:41 np0005540556.novalocal object-server[97639]: ::1 - - [01/Dec/2025:03:41:41 +0000] "GET /3/58420/AUTH_602f37ceccf647698ef9e0fe4d0d45d5/gnocchi.7e5e0dde-a9bd-49da-b923-46b72c8fb1fb/none_v3" 200 22 "GET https://[::1]:8080/v1/AUTH_602f37ceccf647698ef9e0fe4d0d45d5/gnocchi.7e5e0dde-a9bd-49da-b923-46b72c8fb1fb/none_v3" "txa3e181dd1d5a4690a9332-00692d0e75" "proxy-server 98624" 0.0012 "-" 97639 0
Nov 30 22:41:41 np0005540556.novalocal proxy-server[98624]: ::1 ::1 01/Dec/2025/03/41/41 GET /v1/AUTH_602f37ceccf647698ef9e0fe4d0d45d5/gnocchi.7e5e0dde-a9bd-49da-b923-46b72c8fb1fb/none_v3 HTTP/1.0 200 - python-swiftclient-4.8.0 gAAAAABpLQ4-yMSf... - 22 - txa3e181dd1d5a4690a9332-00692d0e75 - 0.0085 - - 1764560501.423376799 1764560501.431907892 0 3cd24aa0af114855987a490c7d44632d
Nov 30 22:41:41 np0005540556.novalocal container-server[97342]: ::1 - - [01/Dec/2025:03:41:41 +0000] "GET /2/252927/AUTH_602f37ceccf647698ef9e0fe4d0d45d5/gnocchi.7e5e0dde-a9bd-49da-b923-46b72c8fb1fb" 200 357 "GET https://[::1]:8080/v1/AUTH_602f37ceccf647698ef9e0fe4d0d45d5/gnocchi.7e5e0dde-a9bd-49da-b923-46b72c8fb1fb?format=json&states=listing" "tx80b7c06044bf4b138d37e-00692d0e75" "proxy-server 98624" 0.0031 "-" 97342 0
Nov 30 22:41:41 np0005540556.novalocal proxy-server[98624]: ::1 ::1 01/Dec/2025/03/41/41 GET /v1/AUTH_602f37ceccf647698ef9e0fe4d0d45d5/gnocchi.7e5e0dde-a9bd-49da-b923-46b72c8fb1fb%3Fformat%3Djson%26states%3Dlisting HTTP/1.0 200 - python-swiftclient-4.8.0 gAAAAABpLQ4-yMSf... - 357 - tx80b7c06044bf4b138d37e-00692d0e75 - 0.0103 - - 1764560501.435090780 1764560501.445353985 0 3cd24aa0af114855987a490c7d44632d
Nov 30 22:41:41 np0005540556.novalocal container-server[97343]: ::1 - - [01/Dec/2025:03:41:41 +0000] "GET /3/252927/AUTH_602f37ceccf647698ef9e0fe4d0d45d5/gnocchi.7e5e0dde-a9bd-49da-b923-46b72c8fb1fb" 200 2 "GET https://[::1]:8080/v1/AUTH_602f37ceccf647698ef9e0fe4d0d45d5/gnocchi.7e5e0dde-a9bd-49da-b923-46b72c8fb1fb?format=json&marker=none_v3&states=listing" "txdb8c5b178aa14d2ea7baa-00692d0e75" "proxy-server 98624" 0.0039 "-" 97343 0
Nov 30 22:41:41 np0005540556.novalocal proxy-server[98624]: ::1 ::1 01/Dec/2025/03/41/41 GET /v1/AUTH_602f37ceccf647698ef9e0fe4d0d45d5/gnocchi.7e5e0dde-a9bd-49da-b923-46b72c8fb1fb%3Fformat%3Djson%26marker%3Dnone_v3%26states%3Dlisting HTTP/1.0 200 - python-swiftclient-4.8.0 gAAAAABpLQ4-yMSf... - 2 - txdb8c5b178aa14d2ea7baa-00692d0e75 - 0.0116 - - 1764560501.447706223 1764560501.459256411 0 3cd24aa0af114855987a490c7d44632d
Nov 30 22:41:41 np0005540556.novalocal object-server[97639]: ::1 - - [01/Dec/2025:03:41:41 +0000] "GET /3/254408/AUTH_602f37ceccf647698ef9e0fe4d0d45d5/gnocchi.7e5e0dde-a9bd-49da-b923-46b72c8fb1fb/1763640000.0_mean_300.0_v3" 200 16 "GET https://[::1]:8080/v1/AUTH_602f37ceccf647698ef9e0fe4d0d45d5/gnocchi.7e5e0dde-a9bd-49da-b923-46b72c8fb1fb/1763640000.0_mean_300.0_v3" "txdde7d76547ce497b97203-00692d0e75" "proxy-server 98624" 0.0015 "-" 97639 0
Nov 30 22:41:41 np0005540556.novalocal proxy-server[98624]: ::1 ::1 01/Dec/2025/03/41/41 GET /v1/AUTH_602f37ceccf647698ef9e0fe4d0d45d5/gnocchi.7e5e0dde-a9bd-49da-b923-46b72c8fb1fb/1763640000.0_mean_300.0_v3 HTTP/1.0 200 - python-swiftclient-4.8.0 gAAAAABpLQ4-yMSf... - 16 - txdde7d76547ce497b97203-00692d0e75 - 0.0085 - - 1764560501.465456963 1764560501.473996878 0 3cd24aa0af114855987a490c7d44632d
Nov 30 22:41:41 np0005540556.novalocal container-server[97342]: ::1 - - [01/Dec/2025:03:41:41 +0000] "PUT /1/252927/AUTH_602f37ceccf647698ef9e0fe4d0d45d5/gnocchi.7e5e0dde-a9bd-49da-b923-46b72c8fb1fb/1763640000.0_mean_300.0_v3" 201 - "PUT http://[::1]:8080/3/254408/AUTH_602f37ceccf647698ef9e0fe4d0d45d5/gnocchi.7e5e0dde-a9bd-49da-b923-46b72c8fb1fb/1763640000.0_mean_300.0_v3" "txc1fb49ddc063402f8dad2-00692d0e75" "object-server 97640" 0.0007 "-" 97342 0
Nov 30 22:41:41 np0005540556.novalocal object-server[97640]: ::1 - - [01/Dec/2025:03:41:41 +0000] "PUT /3/254408/AUTH_602f37ceccf647698ef9e0fe4d0d45d5/gnocchi.7e5e0dde-a9bd-49da-b923-46b72c8fb1fb/1763640000.0_mean_300.0_v3" 201 - "PUT https://[::1]:8080/v1/AUTH_602f37ceccf647698ef9e0fe4d0d45d5/gnocchi.7e5e0dde-a9bd-49da-b923-46b72c8fb1fb/1763640000.0_mean_300.0_v3" "txc1fb49ddc063402f8dad2-00692d0e75" "proxy-server 98624" 0.0138 "-" 97640 0
Nov 30 22:41:41 np0005540556.novalocal container-server[97343]: ::1 - - [01/Dec/2025:03:41:41 +0000] "PUT /2/252927/AUTH_602f37ceccf647698ef9e0fe4d0d45d5/gnocchi.7e5e0dde-a9bd-49da-b923-46b72c8fb1fb/1763640000.0_mean_300.0_v3" 201 - "PUT http://[::1]:8080/2/254408/AUTH_602f37ceccf647698ef9e0fe4d0d45d5/gnocchi.7e5e0dde-a9bd-49da-b923-46b72c8fb1fb/1763640000.0_mean_300.0_v3" "txc1fb49ddc063402f8dad2-00692d0e75" "object-server 97639" 0.0009 "-" 97343 0
Nov 30 22:41:41 np0005540556.novalocal object-server[97639]: ::1 - - [01/Dec/2025:03:41:41 +0000] "PUT /2/254408/AUTH_602f37ceccf647698ef9e0fe4d0d45d5/gnocchi.7e5e0dde-a9bd-49da-b923-46b72c8fb1fb/1763640000.0_mean_300.0_v3" 201 - "PUT https://[::1]:8080/v1/AUTH_602f37ceccf647698ef9e0fe4d0d45d5/gnocchi.7e5e0dde-a9bd-49da-b923-46b72c8fb1fb/1763640000.0_mean_300.0_v3" "txc1fb49ddc063402f8dad2-00692d0e75" "proxy-server 98624" 0.0175 "-" 97639 0
Nov 30 22:41:41 np0005540556.novalocal container-server[97342]: ::1 - - [01/Dec/2025:03:41:41 +0000] "PUT /3/252927/AUTH_602f37ceccf647698ef9e0fe4d0d45d5/gnocchi.7e5e0dde-a9bd-49da-b923-46b72c8fb1fb/1763640000.0_mean_300.0_v3" 201 - "PUT http://[::1]:8080/1/254408/AUTH_602f37ceccf647698ef9e0fe4d0d45d5/gnocchi.7e5e0dde-a9bd-49da-b923-46b72c8fb1fb/1763640000.0_mean_300.0_v3" "txc1fb49ddc063402f8dad2-00692d0e75" "object-server 97639" 0.0004 "-" 97342 0
Nov 30 22:41:41 np0005540556.novalocal object-server[97639]: ::1 - - [01/Dec/2025:03:41:41 +0000] "PUT /1/254408/AUTH_602f37ceccf647698ef9e0fe4d0d45d5/gnocchi.7e5e0dde-a9bd-49da-b923-46b72c8fb1fb/1763640000.0_mean_300.0_v3" 201 - "PUT https://[::1]:8080/v1/AUTH_602f37ceccf647698ef9e0fe4d0d45d5/gnocchi.7e5e0dde-a9bd-49da-b923-46b72c8fb1fb/1763640000.0_mean_300.0_v3" "txc1fb49ddc063402f8dad2-00692d0e75" "proxy-server 98624" 0.0190 "-" 97639 0
Nov 30 22:41:41 np0005540556.novalocal proxy-server[98624]: ::1 ::1 01/Dec/2025/03/41/41 PUT /v1/AUTH_602f37ceccf647698ef9e0fe4d0d45d5/gnocchi.7e5e0dde-a9bd-49da-b923-46b72c8fb1fb/1763640000.0_mean_300.0_v3 HTTP/1.0 201 - python-swiftclient-4.8.0 gAAAAABpLQ4-yMSf... 16 - - txc1fb49ddc063402f8dad2-00692d0e75 - 0.0301 - - 1764560501.477820635 1764560501.507924080 0 3cd24aa0af114855987a490c7d44632d
Nov 30 22:41:41 np0005540556.novalocal container-server[97343]: ::1 - - [01/Dec/2025:03:41:41 +0000] "PUT /1/252927/AUTH_602f37ceccf647698ef9e0fe4d0d45d5/gnocchi.7e5e0dde-a9bd-49da-b923-46b72c8fb1fb/none_v3" 201 - "PUT http://[::1]:8080/2/58420/AUTH_602f37ceccf647698ef9e0fe4d0d45d5/gnocchi.7e5e0dde-a9bd-49da-b923-46b72c8fb1fb/none_v3" "tx74634b43a7704d40808ae-00692d0e75" "object-server 97640" 0.0009 "-" 97343 0
Nov 30 22:41:41 np0005540556.novalocal object-server[97640]: ::1 - - [01/Dec/2025:03:41:41 +0000] "PUT /2/58420/AUTH_602f37ceccf647698ef9e0fe4d0d45d5/gnocchi.7e5e0dde-a9bd-49da-b923-46b72c8fb1fb/none_v3" 201 - "PUT https://[::1]:8080/v1/AUTH_602f37ceccf647698ef9e0fe4d0d45d5/gnocchi.7e5e0dde-a9bd-49da-b923-46b72c8fb1fb/none_v3" "tx74634b43a7704d40808ae-00692d0e75" "proxy-server 98624" 0.0197 "-" 97640 0
Nov 30 22:41:41 np0005540556.novalocal container-server[97343]: ::1 - - [01/Dec/2025:03:41:41 +0000] "PUT /2/252927/AUTH_602f37ceccf647698ef9e0fe4d0d45d5/gnocchi.7e5e0dde-a9bd-49da-b923-46b72c8fb1fb/none_v3" 201 - "PUT http://[::1]:8080/3/58420/AUTH_602f37ceccf647698ef9e0fe4d0d45d5/gnocchi.7e5e0dde-a9bd-49da-b923-46b72c8fb1fb/none_v3" "tx74634b43a7704d40808ae-00692d0e75" "object-server 97639" 0.0007 "-" 97343 0
Nov 30 22:41:41 np0005540556.novalocal object-server[97639]: ::1 - - [01/Dec/2025:03:41:41 +0000] "PUT /3/58420/AUTH_602f37ceccf647698ef9e0fe4d0d45d5/gnocchi.7e5e0dde-a9bd-49da-b923-46b72c8fb1fb/none_v3" 201 - "PUT https://[::1]:8080/v1/AUTH_602f37ceccf647698ef9e0fe4d0d45d5/gnocchi.7e5e0dde-a9bd-49da-b923-46b72c8fb1fb/none_v3" "tx74634b43a7704d40808ae-00692d0e75" "proxy-server 98624" 0.0204 "-" 97639 0
Nov 30 22:41:41 np0005540556.novalocal sudo[105928]: pam_unix(sudo:session): session closed for user root
Nov 30 22:41:41 np0005540556.novalocal systemd[1]: session-c124.scope: Deactivated successfully.
Nov 30 22:41:41 np0005540556.novalocal container-server[97342]: ::1 - - [01/Dec/2025:03:41:41 +0000] "PUT /3/252927/AUTH_602f37ceccf647698ef9e0fe4d0d45d5/gnocchi.7e5e0dde-a9bd-49da-b923-46b72c8fb1fb/none_v3" 201 - "PUT http://[::1]:8080/1/58420/AUTH_602f37ceccf647698ef9e0fe4d0d45d5/gnocchi.7e5e0dde-a9bd-49da-b923-46b72c8fb1fb/none_v3" "tx74634b43a7704d40808ae-00692d0e75" "object-server 97639" 0.0009 "-" 97342 0
Nov 30 22:41:41 np0005540556.novalocal object-server[97639]: ::1 - - [01/Dec/2025:03:41:41 +0000] "PUT /1/58420/AUTH_602f37ceccf647698ef9e0fe4d0d45d5/gnocchi.7e5e0dde-a9bd-49da-b923-46b72c8fb1fb/none_v3" 201 - "PUT https://[::1]:8080/v1/AUTH_602f37ceccf647698ef9e0fe4d0d45d5/gnocchi.7e5e0dde-a9bd-49da-b923-46b72c8fb1fb/none_v3" "tx74634b43a7704d40808ae-00692d0e75" "proxy-server 98624" 0.0354 "-" 97639 0
Nov 30 22:41:41 np0005540556.novalocal proxy-server[98624]: ::1 ::1 01/Dec/2025/03/41/41 PUT /v1/AUTH_602f37ceccf647698ef9e0fe4d0d45d5/gnocchi.7e5e0dde-a9bd-49da-b923-46b72c8fb1fb/none_v3 HTTP/1.0 201 - python-swiftclient-4.8.0 gAAAAABpLQ4-yMSf... 31 - - tx74634b43a7704d40808ae-00692d0e75 - 0.0559 - - 1764560501.511865616 1764560501.567799330 0 3cd24aa0af114855987a490c7d44632d
Nov 30 22:41:41 np0005540556.novalocal sudo[105940]: cinder : PWD=/ ; USER=root ; COMMAND=/usr/bin/cinder-rootwrap /etc/cinder/rootwrap.conf env LC_ALL=C lvs --noheadings --unit=g -o vg_name,name,size --nosuffix --readonly cinder-volumes
Nov 30 22:41:41 np0005540556.novalocal systemd[1]: Started Session c125 of User root.
Nov 30 22:41:41 np0005540556.novalocal sudo[105940]: pam_unix(sudo:session): session opened for user root(uid=0) by (uid=165)
Nov 30 22:41:41 np0005540556.novalocal dnsmasq-dhcp[105538]: DHCPRELEASE(tap45546b26-7c) 10.100.0.7 fa:16:3e:97:ee:68
Nov 30 22:41:41 np0005540556.novalocal dnsmasq-dhcp[105538]: DHCPRELEASE(tap45546b26-7c) 10.100.0.7 fa:16:3e:97:ee:68 unknown lease
Nov 30 22:41:41 np0005540556.novalocal sudo[105940]: pam_unix(sudo:session): session closed for user root
Nov 30 22:41:41 np0005540556.novalocal systemd[1]: session-c125.scope: Deactivated successfully.
Nov 30 22:41:42 np0005540556.novalocal sudo[105947]: cinder : PWD=/ ; USER=root ; COMMAND=/usr/bin/cinder-rootwrap /etc/cinder/rootwrap.conf env LC_ALL=C lvs --noheadings --unit=g -o size,data_percent --separator : --nosuffix /dev/cinder-volumes/cinder-volumes-pool
Nov 30 22:41:42 np0005540556.novalocal systemd[1]: Started Session c126 of User root.
Nov 30 22:41:42 np0005540556.novalocal sudo[105947]: pam_unix(sudo:session): session opened for user root(uid=0) by (uid=165)
Nov 30 22:41:42 np0005540556.novalocal sudo[105947]: pam_unix(sudo:session): session closed for user root
Nov 30 22:41:42 np0005540556.novalocal systemd[1]: session-c126.scope: Deactivated successfully.
Nov 30 22:41:42 np0005540556.novalocal sudo[105951]: cinder : PWD=/ ; USER=root ; COMMAND=/usr/bin/cinder-rootwrap /etc/cinder/rootwrap.conf env LC_ALL=C lvs --noheadings --unit=g -o vg_name,name,size --nosuffix --readonly cinder-volumes
Nov 30 22:41:42 np0005540556.novalocal systemd[1]: Started Session c127 of User root.
Nov 30 22:41:42 np0005540556.novalocal sudo[105951]: pam_unix(sudo:session): session opened for user root(uid=0) by (uid=165)
Nov 30 22:41:42 np0005540556.novalocal kernel: qbr7411f690-c3: port 2(tap7411f690-c3) entered disabled state
Nov 30 22:41:42 np0005540556.novalocal kernel: tap7411f690-c3 (unregistering): left allmulticast mode
Nov 30 22:41:42 np0005540556.novalocal kernel: tap7411f690-c3 (unregistering): left promiscuous mode
Nov 30 22:41:42 np0005540556.novalocal kernel: qbr7411f690-c3: port 2(tap7411f690-c3) entered disabled state
Nov 30 22:41:42 np0005540556.novalocal NetworkManager[858]: [1764560502.7013] device (tap7411f690-c3): state change: activated -> unmanaged (reason 'unmanaged', managed-type: 'removed')
Nov 30 22:41:42 np0005540556.novalocal dnsmasq[105538]: read /var/lib/neutron/dhcp/af5d699c-a8b0-43b2-bc3c-95990c581afe/addn_hosts - 1 addresses
Nov 30 22:41:42 np0005540556.novalocal dnsmasq-dhcp[105538]: read /var/lib/neutron/dhcp/af5d699c-a8b0-43b2-bc3c-95990c581afe/host
Nov 30 22:41:42 np0005540556.novalocal dnsmasq-dhcp[105538]: read /var/lib/neutron/dhcp/af5d699c-a8b0-43b2-bc3c-95990c581afe/opts
Nov 30 22:41:42 np0005540556.novalocal NetworkManager[858]: [1764560502.7039] device (tap7411f690-c3): released from controller device qbr7411f690-c3
Nov 30 22:41:42 np0005540556.novalocal systemd[1]: machine-qemu\x2d1\x2dinstance\x2d00000001.scope: Deactivated successfully.
Nov 30 22:41:42 np0005540556.novalocal systemd[1]: machine-qemu\x2d1\x2dinstance\x2d00000001.scope: Consumed 22.661s CPU time.
Nov 30 22:41:42 np0005540556.novalocal systemd-machined[94210]: Machine qemu-1-instance-00000001 terminated.
Nov 30 22:41:42 np0005540556.novalocal sudo[105951]: pam_unix(sudo:session): session closed for user root
Nov 30 22:41:42 np0005540556.novalocal systemd[1]: session-c127.scope: Deactivated successfully.
Nov 30 22:41:43 np0005540556.novalocal kernel: qvb7411f690-c3: left allmulticast mode
Nov 30 22:41:43 np0005540556.novalocal kernel: qvb7411f690-c3: left promiscuous mode
Nov 30 22:41:43 np0005540556.novalocal kernel: qbr7411f690-c3: port 1(qvb7411f690-c3) entered disabled state
Nov 30 22:41:43 np0005540556.novalocal NetworkManager[858]: [1764560503.4737] device (qbr7411f690-c3): bridge port qvb7411f690-c3 was detached
Nov 30 22:41:43 np0005540556.novalocal NetworkManager[858]: [1764560503.4750] device (qbr7411f690-c3): state change: activated -> unmanaged (reason 'unmanaged', managed-type: 'removed')
Nov 30 22:41:43 np0005540556.novalocal kernel: qvo7411f690-c3: left promiscuous mode
Nov 30 22:41:43 np0005540556.novalocal object-server[97640]: ::1 - - [01/Dec/2025:03:41:43 +0000] "GET /3/198789/AUTH_602f37ceccf647698ef9e0fe4d0d45d5/gnocchi.884f6019-dd14-416e-a740-45843d5efd1d/none_v3" 200 32 "GET https://[::1]:8080/v1/AUTH_602f37ceccf647698ef9e0fe4d0d45d5/gnocchi.884f6019-dd14-416e-a740-45843d5efd1d/none_v3" "tx0e67284ccbf645a0a8da2-00692d0e77" "proxy-server 98624" 0.0016 "-" 97640 0
Nov 30 22:41:43 np0005540556.novalocal proxy-server[98624]: ::1 ::1 01/Dec/2025/03/41/43 GET /v1/AUTH_602f37ceccf647698ef9e0fe4d0d45d5/gnocchi.884f6019-dd14-416e-a740-45843d5efd1d/none_v3 HTTP/1.0 200 - python-swiftclient-4.8.0 gAAAAABpLQ4jjy8F... - 32 - tx0e67284ccbf645a0a8da2-00692d0e77 - 0.0131 - - 1764560503.730456352 1764560503.743564129 0 3cd24aa0af114855987a490c7d44632d
Nov 30 22:41:43 np0005540556.novalocal container-server[97342]: ::1 - - [01/Dec/2025:03:41:43 +0000] "GET /1/186976/AUTH_602f37ceccf647698ef9e0fe4d0d45d5/gnocchi.884f6019-dd14-416e-a740-45843d5efd1d" 200 357 "GET https://[::1]:8080/v1/AUTH_602f37ceccf647698ef9e0fe4d0d45d5/gnocchi.884f6019-dd14-416e-a740-45843d5efd1d?format=json&states=listing" "tx23126d1e1aed404ca10d6-00692d0e77" "proxy-server 98624" 0.0103 "-" 97342 0
Nov 30 22:41:43 np0005540556.novalocal proxy-server[98624]: ::1 ::1 01/Dec/2025/03/41/43 GET /v1/AUTH_602f37ceccf647698ef9e0fe4d0d45d5/gnocchi.884f6019-dd14-416e-a740-45843d5efd1d%3Fformat%3Djson%26states%3Dlisting HTTP/1.0 200 - python-swiftclient-4.8.0 gAAAAABpLQ4jjy8F... - 357 - tx23126d1e1aed404ca10d6-00692d0e77 - 0.0221 - - 1764560503.746435881 1764560503.768565416 0 3cd24aa0af114855987a490c7d44632d
Nov 30 22:41:43 np0005540556.novalocal container-server[97342]: ::1 - - [01/Dec/2025:03:41:43 +0000] "GET /2/186976/AUTH_602f37ceccf647698ef9e0fe4d0d45d5/gnocchi.884f6019-dd14-416e-a740-45843d5efd1d" 200 2 "GET https://[::1]:8080/v1/AUTH_602f37ceccf647698ef9e0fe4d0d45d5/gnocchi.884f6019-dd14-416e-a740-45843d5efd1d?format=json&marker=none_v3&states=listing" "txe9a4cb6dd8dc49089b0da-00692d0e77" "proxy-server 98624" 0.0097 "-" 97342 0
Nov 30 22:41:43 np0005540556.novalocal proxy-server[98624]: ::1 ::1 01/Dec/2025/03/41/43 GET /v1/AUTH_602f37ceccf647698ef9e0fe4d0d45d5/gnocchi.884f6019-dd14-416e-a740-45843d5efd1d%3Fformat%3Djson%26marker%3Dnone_v3%26states%3Dlisting HTTP/1.0 200 - python-swiftclient-4.8.0 gAAAAABpLQ4jjy8F... - 2 - txe9a4cb6dd8dc49089b0da-00692d0e77 - 0.0217 - - 1764560503.772438049 1764560503.794172049 0 3cd24aa0af114855987a490c7d44632d
Nov 30 22:41:43 np0005540556.novalocal object-server[97640]: ::1 - - [01/Dec/2025:03:41:43 +0000] "GET /1/108168/AUTH_602f37ceccf647698ef9e0fe4d0d45d5/gnocchi.884f6019-dd14-416e-a740-45843d5efd1d/1763640000.0_mean_300.0_v3" 200 16 "GET https://[::1]:8080/v1/AUTH_602f37ceccf647698ef9e0fe4d0d45d5/gnocchi.884f6019-dd14-416e-a740-45843d5efd1d/1763640000.0_mean_300.0_v3" "tx1acedf93c4a54a7680dbd-00692d0e77" "proxy-server 98624" 0.0011 "-" 97640 0
Nov 30 22:41:43 np0005540556.novalocal proxy-server[98624]: ::1 ::1 01/Dec/2025/03/41/43 GET /v1/AUTH_602f37ceccf647698ef9e0fe4d0d45d5/gnocchi.884f6019-dd14-416e-a740-45843d5efd1d/1763640000.0_mean_300.0_v3 HTTP/1.0 200 - python-swiftclient-4.8.0 gAAAAABpLQ4jjy8F... - 16 - tx1acedf93c4a54a7680dbd-00692d0e77 - 0.0106 - - 1764560503.798486233 1764560503.809044361 0 3cd24aa0af114855987a490c7d44632d
Nov 30 22:41:43 np0005540556.novalocal container-server[97342]: ::1 - - [01/Dec/2025:03:41:43 +0000] "PUT /3/186976/AUTH_602f37ceccf647698ef9e0fe4d0d45d5/gnocchi.884f6019-dd14-416e-a740-45843d5efd1d/1763640000.0_mean_300.0_v3" 201 - "PUT http://[::1]:8080/2/108168/AUTH_602f37ceccf647698ef9e0fe4d0d45d5/gnocchi.884f6019-dd14-416e-a740-45843d5efd1d/1763640000.0_mean_300.0_v3" "tx5b09880feb4545f7a9d5a-00692d0e77" "object-server 97639" 0.0011 "-" 97342 0
Nov 30 22:41:43 np0005540556.novalocal container-server[97343]: ::1 - - [01/Dec/2025:03:41:43 +0000] "PUT /2/186976/AUTH_602f37ceccf647698ef9e0fe4d0d45d5/gnocchi.884f6019-dd14-416e-a740-45843d5efd1d/1763640000.0_mean_300.0_v3" 201 - "PUT http://[::1]:8080/1/108168/AUTH_602f37ceccf647698ef9e0fe4d0d45d5/gnocchi.884f6019-dd14-416e-a740-45843d5efd1d/1763640000.0_mean_300.0_v3" "tx5b09880feb4545f7a9d5a-00692d0e77" "object-server 97640" 0.0010 "-" 97343 0
Nov 30 22:41:43 np0005540556.novalocal object-server[97639]: ::1 - - [01/Dec/2025:03:41:43 +0000] "PUT /2/108168/AUTH_602f37ceccf647698ef9e0fe4d0d45d5/gnocchi.884f6019-dd14-416e-a740-45843d5efd1d/1763640000.0_mean_300.0_v3" 201 - "PUT https://[::1]:8080/v1/AUTH_602f37ceccf647698ef9e0fe4d0d45d5/gnocchi.884f6019-dd14-416e-a740-45843d5efd1d/1763640000.0_mean_300.0_v3" "tx5b09880feb4545f7a9d5a-00692d0e77" "proxy-server 98624" 0.0125 "-" 97639 0
Nov 30 22:41:43 np0005540556.novalocal object-server[97640]: ::1 - - [01/Dec/2025:03:41:43 +0000] "PUT /1/108168/AUTH_602f37ceccf647698ef9e0fe4d0d45d5/gnocchi.884f6019-dd14-416e-a740-45843d5efd1d/1763640000.0_mean_300.0_v3" 201 - "PUT https://[::1]:8080/v1/AUTH_602f37ceccf647698ef9e0fe4d0d45d5/gnocchi.884f6019-dd14-416e-a740-45843d5efd1d/1763640000.0_mean_300.0_v3" "tx5b09880feb4545f7a9d5a-00692d0e77" "proxy-server 98624" 0.0162 "-" 97640 0
Nov 30 22:41:43 np0005540556.novalocal container-server[97343]: ::1 - - [01/Dec/2025:03:41:43 +0000] "PUT /1/186976/AUTH_602f37ceccf647698ef9e0fe4d0d45d5/gnocchi.884f6019-dd14-416e-a740-45843d5efd1d/1763640000.0_mean_300.0_v3" 201 - "PUT http://[::1]:8080/3/108168/AUTH_602f37ceccf647698ef9e0fe4d0d45d5/gnocchi.884f6019-dd14-416e-a740-45843d5efd1d/1763640000.0_mean_300.0_v3" "tx5b09880feb4545f7a9d5a-00692d0e77" "object-server 97639" 0.0010 "-" 97343 0
Nov 30 22:41:43 np0005540556.novalocal object-server[97639]: ::1 - - [01/Dec/2025:03:41:43 +0000] "PUT /3/108168/AUTH_602f37ceccf647698ef9e0fe4d0d45d5/gnocchi.884f6019-dd14-416e-a740-45843d5efd1d/1763640000.0_mean_300.0_v3" 201 - "PUT https://[::1]:8080/v1/AUTH_602f37ceccf647698ef9e0fe4d0d45d5/gnocchi.884f6019-dd14-416e-a740-45843d5efd1d/1763640000.0_mean_300.0_v3" "tx5b09880feb4545f7a9d5a-00692d0e77" "proxy-server 98624" 0.0180 "-" 97639 0
Nov 30 22:41:43 np0005540556.novalocal proxy-server[98624]: ::1 ::1 01/Dec/2025/03/41/43 PUT /v1/AUTH_602f37ceccf647698ef9e0fe4d0d45d5/gnocchi.884f6019-dd14-416e-a740-45843d5efd1d/1763640000.0_mean_300.0_v3 HTTP/1.0 201 - python-swiftclient-4.8.0 gAAAAABpLQ4jjy8F... 16 - - tx5b09880feb4545f7a9d5a-00692d0e77 - 0.0299 - - 1764560503.811936617 1764560503.841853380 0 3cd24aa0af114855987a490c7d44632d
Nov 30 22:41:43 np0005540556.novalocal container-server[97343]: ::1 - - [01/Dec/2025:03:41:43 +0000] "PUT /1/186976/AUTH_602f37ceccf647698ef9e0fe4d0d45d5/gnocchi.884f6019-dd14-416e-a740-45843d5efd1d/none_v3" 201 - "PUT http://[::1]:8080/1/198789/AUTH_602f37ceccf647698ef9e0fe4d0d45d5/gnocchi.884f6019-dd14-416e-a740-45843d5efd1d/none_v3" "tx7771847b8150425585cf7-00692d0e77" "object-server 97639" 0.0010 "-" 97343 0
Nov 30 22:41:43 np0005540556.novalocal object-server[97639]: ::1 - - [01/Dec/2025:03:41:43 +0000] "PUT /1/198789/AUTH_602f37ceccf647698ef9e0fe4d0d45d5/gnocchi.884f6019-dd14-416e-a740-45843d5efd1d/none_v3" 201 - "PUT https://[::1]:8080/v1/AUTH_602f37ceccf647698ef9e0fe4d0d45d5/gnocchi.884f6019-dd14-416e-a740-45843d5efd1d/none_v3" "tx7771847b8150425585cf7-00692d0e77" "proxy-server 98624" 0.0141 "-" 97639 0
Nov 30 22:41:43 np0005540556.novalocal container-server[97343]: ::1 - - [01/Dec/2025:03:41:43 +0000] "PUT /3/186976/AUTH_602f37ceccf647698ef9e0fe4d0d45d5/gnocchi.884f6019-dd14-416e-a740-45843d5efd1d/none_v3" 201 - "PUT http://[::1]:8080/2/198789/AUTH_602f37ceccf647698ef9e0fe4d0d45d5/gnocchi.884f6019-dd14-416e-a740-45843d5efd1d/none_v3" "tx7771847b8150425585cf7-00692d0e77" "object-server 97640" 0.0007 "-" 97343 0
Nov 30 22:41:43 np0005540556.novalocal object-server[97640]: ::1 - - [01/Dec/2025:03:41:43 +0000] "PUT /2/198789/AUTH_602f37ceccf647698ef9e0fe4d0d45d5/gnocchi.884f6019-dd14-416e-a740-45843d5efd1d/none_v3" 201 - "PUT https://[::1]:8080/v1/AUTH_602f37ceccf647698ef9e0fe4d0d45d5/gnocchi.884f6019-dd14-416e-a740-45843d5efd1d/none_v3" "tx7771847b8150425585cf7-00692d0e77" "proxy-server 98624" 0.0150 "-" 97640 0
Nov 30 22:41:43 np0005540556.novalocal container-server[97343]: ::1 - - [01/Dec/2025:03:41:43 +0000] "PUT /2/186976/AUTH_602f37ceccf647698ef9e0fe4d0d45d5/gnocchi.884f6019-dd14-416e-a740-45843d5efd1d/none_v3" 201 - "PUT http://[::1]:8080/3/198789/AUTH_602f37ceccf647698ef9e0fe4d0d45d5/gnocchi.884f6019-dd14-416e-a740-45843d5efd1d/none_v3" "tx7771847b8150425585cf7-00692d0e77" "object-server 97640" 0.0006 "-" 97343 0
Nov 30 22:41:43 np0005540556.novalocal object-server[97640]: ::1 - - [01/Dec/2025:03:41:43 +0000] "PUT /3/198789/AUTH_602f37ceccf647698ef9e0fe4d0d45d5/gnocchi.884f6019-dd14-416e-a740-45843d5efd1d/none_v3" 201 - "PUT https://[::1]:8080/v1/AUTH_602f37ceccf647698ef9e0fe4d0d45d5/gnocchi.884f6019-dd14-416e-a740-45843d5efd1d/none_v3" "tx7771847b8150425585cf7-00692d0e77" "proxy-server 98624" 0.0185 "-" 97640 0
Nov 30 22:41:43 np0005540556.novalocal proxy-server[98624]: ::1 ::1 01/Dec/2025/03/41/43 PUT /v1/AUTH_602f37ceccf647698ef9e0fe4d0d45d5/gnocchi.884f6019-dd14-416e-a740-45843d5efd1d/none_v3 HTTP/1.0 201 - python-swiftclient-4.8.0 gAAAAABpLQ4jjy8F... 45 - - tx7771847b8150425585cf7-00692d0e77 - 0.0290 - - 1764560503.845171213 1764560503.874220848 0 3cd24aa0af114855987a490c7d44632d
Nov 30 22:41:43 np0005540556.novalocal object-server[97639]: ::1 - - [01/Dec/2025:03:41:43 +0000] "GET /2/86890/AUTH_602f37ceccf647698ef9e0fe4d0d45d5/gnocchi.35400a87-a081-46aa-bbfa-3f65629c86b0/none_v3" 200 52 "GET https://[::1]:8080/v1/AUTH_602f37ceccf647698ef9e0fe4d0d45d5/gnocchi.35400a87-a081-46aa-bbfa-3f65629c86b0/none_v3" "txf0bc553b9fef4af889a3d-00692d0e77" "proxy-server 98624" 0.0011 "-" 97639 0
Nov 30 22:41:43 np0005540556.novalocal proxy-server[98624]: ::1 ::1 01/Dec/2025/03/41/43 GET /v1/AUTH_602f37ceccf647698ef9e0fe4d0d45d5/gnocchi.35400a87-a081-46aa-bbfa-3f65629c86b0/none_v3 HTTP/1.0 200 - python-swiftclient-4.8.0 gAAAAABpLQ4jjy8F... - 52 - txf0bc553b9fef4af889a3d-00692d0e77 - 0.0102 - - 1764560503.899091959 1764560503.909330845 0 3cd24aa0af114855987a490c7d44632d
Nov 30 22:41:43 np0005540556.novalocal container-server[97343]: ::1 - - [01/Dec/2025:03:41:43 +0000] "GET /2/14885/AUTH_602f37ceccf647698ef9e0fe4d0d45d5/gnocchi.35400a87-a081-46aa-bbfa-3f65629c86b0" 200 357 "GET https://[::1]:8080/v1/AUTH_602f37ceccf647698ef9e0fe4d0d45d5/gnocchi.35400a87-a081-46aa-bbfa-3f65629c86b0?format=json&states=listing" "tx657188d34623475e8787e-00692d0e77" "proxy-server 98624" 0.0045 "-" 97343 0
Nov 30 22:41:43 np0005540556.novalocal proxy-server[98624]: ::1 ::1 01/Dec/2025/03/41/43 GET /v1/AUTH_602f37ceccf647698ef9e0fe4d0d45d5/gnocchi.35400a87-a081-46aa-bbfa-3f65629c86b0%3Fformat%3Djson%26states%3Dlisting HTTP/1.0 200 - python-swiftclient-4.8.0 gAAAAABpLQ4jjy8F... - 357 - tx657188d34623475e8787e-00692d0e77 - 0.0121 - - 1764560503.912108660 1764560503.924171686 0 3cd24aa0af114855987a490c7d44632d
Nov 30 22:41:43 np0005540556.novalocal container-server[97342]: ::1 - - [01/Dec/2025:03:41:43 +0000] "GET /1/14885/AUTH_602f37ceccf647698ef9e0fe4d0d45d5/gnocchi.35400a87-a081-46aa-bbfa-3f65629c86b0" 200 2 "GET https://[::1]:8080/v1/AUTH_602f37ceccf647698ef9e0fe4d0d45d5/gnocchi.35400a87-a081-46aa-bbfa-3f65629c86b0?format=json&marker=none_v3&states=listing" "tx2f7b49cd21e74124b4ec7-00692d0e77" "proxy-server 98624" 0.0045 "-" 97342 0
Nov 30 22:41:43 np0005540556.novalocal proxy-server[98624]: ::1 ::1 01/Dec/2025/03/41/43 GET /v1/AUTH_602f37ceccf647698ef9e0fe4d0d45d5/gnocchi.35400a87-a081-46aa-bbfa-3f65629c86b0%3Fformat%3Djson%26marker%3Dnone_v3%26states%3Dlisting HTTP/1.0 200 - python-swiftclient-4.8.0 gAAAAABpLQ4jjy8F... - 2 - tx2f7b49cd21e74124b4ec7-00692d0e77 - 0.0108 - - 1764560503.926062584 1764560503.936872959 0 3cd24aa0af114855987a490c7d44632d
Nov 30 22:41:43 np0005540556.novalocal object-server[97639]: ::1 - - [01/Dec/2025:03:41:43 +0000] "GET /1/230459/AUTH_602f37ceccf647698ef9e0fe4d0d45d5/gnocchi.35400a87-a081-46aa-bbfa-3f65629c86b0/1763640000.0_mean_300.0_v3" 200 16 "GET https://[::1]:8080/v1/AUTH_602f37ceccf647698ef9e0fe4d0d45d5/gnocchi.35400a87-a081-46aa-bbfa-3f65629c86b0/1763640000.0_mean_300.0_v3" "txcf73677d77ac48c49234e-00692d0e77" "proxy-server 98624" 0.0011 "-" 97639 0
Nov 30 22:41:43 np0005540556.novalocal proxy-server[98624]: ::1 ::1 01/Dec/2025/03/41/43 GET /v1/AUTH_602f37ceccf647698ef9e0fe4d0d45d5/gnocchi.35400a87-a081-46aa-bbfa-3f65629c86b0/1763640000.0_mean_300.0_v3 HTTP/1.0 200 - python-swiftclient-4.8.0 gAAAAABpLQ4jjy8F... - 16 - txcf73677d77ac48c49234e-00692d0e77 - 0.0073 - - 1764560503.939277887 1764560503.946620464 0 3cd24aa0af114855987a490c7d44632d
Nov 30 22:41:43 np0005540556.novalocal container-server[97343]: ::1 - - [01/Dec/2025:03:41:43 +0000] "PUT /3/14885/AUTH_602f37ceccf647698ef9e0fe4d0d45d5/gnocchi.35400a87-a081-46aa-bbfa-3f65629c86b0/1763640000.0_mean_300.0_v3" 201 - "PUT http://[::1]:8080/1/230459/AUTH_602f37ceccf647698ef9e0fe4d0d45d5/gnocchi.35400a87-a081-46aa-bbfa-3f65629c86b0/1763640000.0_mean_300.0_v3" "txdb617fd924ad46a8a82ea-00692d0e77" "object-server 97640" 0.0006 "-" 97343 0
Nov 30 22:41:43 np0005540556.novalocal container-server[97342]: ::1 - - [01/Dec/2025:03:41:43 +0000] "PUT /2/14885/AUTH_602f37ceccf647698ef9e0fe4d0d45d5/gnocchi.35400a87-a081-46aa-bbfa-3f65629c86b0/1763640000.0_mean_300.0_v3" 201 - "PUT http://[::1]:8080/3/230459/AUTH_602f37ceccf647698ef9e0fe4d0d45d5/gnocchi.35400a87-a081-46aa-bbfa-3f65629c86b0/1763640000.0_mean_300.0_v3" "txdb617fd924ad46a8a82ea-00692d0e77" "object-server 97639" 0.0010 "-" 97342 0
Nov 30 22:41:43 np0005540556.novalocal container-server[97343]: ::1 - - [01/Dec/2025:03:41:43 +0000] "PUT /1/14885/AUTH_602f37ceccf647698ef9e0fe4d0d45d5/gnocchi.35400a87-a081-46aa-bbfa-3f65629c86b0/1763640000.0_mean_300.0_v3" 201 - "PUT http://[::1]:8080/2/230459/AUTH_602f37ceccf647698ef9e0fe4d0d45d5/gnocchi.35400a87-a081-46aa-bbfa-3f65629c86b0/1763640000.0_mean_300.0_v3" "txdb617fd924ad46a8a82ea-00692d0e77" "object-server 97640" 0.0003 "-" 97343 0
Nov 30 22:41:43 np0005540556.novalocal object-server[97640]: ::1 - - [01/Dec/2025:03:41:43 +0000] "PUT /1/230459/AUTH_602f37ceccf647698ef9e0fe4d0d45d5/gnocchi.35400a87-a081-46aa-bbfa-3f65629c86b0/1763640000.0_mean_300.0_v3" 201 - "PUT https://[::1]:8080/v1/AUTH_602f37ceccf647698ef9e0fe4d0d45d5/gnocchi.35400a87-a081-46aa-bbfa-3f65629c86b0/1763640000.0_mean_300.0_v3" "txdb617fd924ad46a8a82ea-00692d0e77" "proxy-server 98624" 0.0158 "-" 97640 0
Nov 30 22:41:43 np0005540556.novalocal object-server[97640]: ::1 - - [01/Dec/2025:03:41:43 +0000] "PUT /2/230459/AUTH_602f37ceccf647698ef9e0fe4d0d45d5/gnocchi.35400a87-a081-46aa-bbfa-3f65629c86b0/1763640000.0_mean_300.0_v3" 201 - "PUT https://[::1]:8080/v1/AUTH_602f37ceccf647698ef9e0fe4d0d45d5/gnocchi.35400a87-a081-46aa-bbfa-3f65629c86b0/1763640000.0_mean_300.0_v3" "txdb617fd924ad46a8a82ea-00692d0e77" "proxy-server 98624" 0.0193 "-" 97640 0
Nov 30 22:41:43 np0005540556.novalocal object-server[97639]: ::1 - - [01/Dec/2025:03:41:43 +0000] "PUT /3/230459/AUTH_602f37ceccf647698ef9e0fe4d0d45d5/gnocchi.35400a87-a081-46aa-bbfa-3f65629c86b0/1763640000.0_mean_300.0_v3" 201 - "PUT https://[::1]:8080/v1/AUTH_602f37ceccf647698ef9e0fe4d0d45d5/gnocchi.35400a87-a081-46aa-bbfa-3f65629c86b0/1763640000.0_mean_300.0_v3" "txdb617fd924ad46a8a82ea-00692d0e77" "proxy-server 98624" 0.0198 "-" 97639 0
Nov 30 22:41:43 np0005540556.novalocal proxy-server[98624]: ::1 ::1 01/Dec/2025/03/41/43 PUT /v1/AUTH_602f37ceccf647698ef9e0fe4d0d45d5/gnocchi.35400a87-a081-46aa-bbfa-3f65629c86b0/1763640000.0_mean_300.0_v3 HTTP/1.0 201 - python-swiftclient-4.8.0 gAAAAABpLQ4jjy8F... 16 - - txdb617fd924ad46a8a82ea-00692d0e77 - 0.0267 - - 1764560503.948727369 1764560503.975440979 0 3cd24aa0af114855987a490c7d44632d
Nov 30 22:41:44 np0005540556.novalocal container-server[97342]: ::1 - - [01/Dec/2025:03:41:44 +0000] "PUT /1/14885/AUTH_602f37ceccf647698ef9e0fe4d0d45d5/gnocchi.35400a87-a081-46aa-bbfa-3f65629c86b0/none_v3" 201 - "PUT http://[::1]:8080/3/86890/AUTH_602f37ceccf647698ef9e0fe4d0d45d5/gnocchi.35400a87-a081-46aa-bbfa-3f65629c86b0/none_v3" "txebfaef52bf7d467ebf75c-00692d0e77" "object-server 97640" 0.0008 "-" 97342 0
Nov 30 22:41:44 np0005540556.novalocal object-server[97640]: ::1 - - [01/Dec/2025:03:41:44 +0000] "PUT /3/86890/AUTH_602f37ceccf647698ef9e0fe4d0d45d5/gnocchi.35400a87-a081-46aa-bbfa-3f65629c86b0/none_v3" 201 - "PUT https://[::1]:8080/v1/AUTH_602f37ceccf647698ef9e0fe4d0d45d5/gnocchi.35400a87-a081-46aa-bbfa-3f65629c86b0/none_v3" "txebfaef52bf7d467ebf75c-00692d0e77" "proxy-server 98624" 0.0150 "-" 97640 0
Nov 30 22:41:44 np0005540556.novalocal container-server[97343]: ::1 - - [01/Dec/2025:03:41:44 +0000] "PUT /2/14885/AUTH_602f37ceccf647698ef9e0fe4d0d45d5/gnocchi.35400a87-a081-46aa-bbfa-3f65629c86b0/none_v3" 201 - "PUT http://[::1]:8080/1/86890/AUTH_602f37ceccf647698ef9e0fe4d0d45d5/gnocchi.35400a87-a081-46aa-bbfa-3f65629c86b0/none_v3" "txebfaef52bf7d467ebf75c-00692d0e77" "object-server 97640" 0.0008 "-" 97343 0
Nov 30 22:41:44 np0005540556.novalocal container-server[97342]: ::1 - - [01/Dec/2025:03:41:44 +0000] "PUT /3/14885/AUTH_602f37ceccf647698ef9e0fe4d0d45d5/gnocchi.35400a87-a081-46aa-bbfa-3f65629c86b0/none_v3" 201 - "PUT http://[::1]:8080/2/86890/AUTH_602f37ceccf647698ef9e0fe4d0d45d5/gnocchi.35400a87-a081-46aa-bbfa-3f65629c86b0/none_v3" "txebfaef52bf7d467ebf75c-00692d0e77" "object-server 97639" 0.0006 "-" 97342 0
Nov 30 22:41:44 np0005540556.novalocal object-server[97640]: ::1 - - [01/Dec/2025:03:41:44 +0000] "PUT /1/86890/AUTH_602f37ceccf647698ef9e0fe4d0d45d5/gnocchi.35400a87-a081-46aa-bbfa-3f65629c86b0/none_v3" 201 - "PUT https://[::1]:8080/v1/AUTH_602f37ceccf647698ef9e0fe4d0d45d5/gnocchi.35400a87-a081-46aa-bbfa-3f65629c86b0/none_v3" "txebfaef52bf7d467ebf75c-00692d0e77" "proxy-server 98624" 0.0182 "-" 97640 0
Nov 30 22:41:44 np0005540556.novalocal object-server[97639]: ::1 - - [01/Dec/2025:03:41:44 +0000] "PUT /2/86890/AUTH_602f37ceccf647698ef9e0fe4d0d45d5/gnocchi.35400a87-a081-46aa-bbfa-3f65629c86b0/none_v3" 201 - "PUT https://[::1]:8080/v1/AUTH_602f37ceccf647698ef9e0fe4d0d45d5/gnocchi.35400a87-a081-46aa-bbfa-3f65629c86b0/none_v3" "txebfaef52bf7d467ebf75c-00692d0e77" "proxy-server 98624" 0.0190 "-" 97639 0
Nov 30 22:41:44 np0005540556.novalocal proxy-server[98624]: ::1 ::1 01/Dec/2025/03/41/44 PUT /v1/AUTH_602f37ceccf647698ef9e0fe4d0d45d5/gnocchi.35400a87-a081-46aa-bbfa-3f65629c86b0/none_v3 HTTP/1.0 201 - python-swiftclient-4.8.0 gAAAAABpLQ4jjy8F... 61 - - txebfaef52bf7d467ebf75c-00692d0e77 - 0.0311 - - 1764560503.978390932 1764560504.009471178 0 3cd24aa0af114855987a490c7d44632d
Nov 30 22:41:44 np0005540556.novalocal object-server[97639]: ::1 - - [01/Dec/2025:03:41:44 +0000] "GET /2/69551/AUTH_602f37ceccf647698ef9e0fe4d0d45d5/gnocchi.649f0318-462b-4d66-a79b-6e0f25e01bd3/none_v3" 200 45 "GET https://[::1]:8080/v1/AUTH_602f37ceccf647698ef9e0fe4d0d45d5/gnocchi.649f0318-462b-4d66-a79b-6e0f25e01bd3/none_v3" "txbb17c732782444e28bed9-00692d0e78" "proxy-server 98624" 0.0022 "-" 97639 0
Nov 30 22:41:44 np0005540556.novalocal proxy-server[98624]: ::1 ::1 01/Dec/2025/03/41/44 GET /v1/AUTH_602f37ceccf647698ef9e0fe4d0d45d5/gnocchi.649f0318-462b-4d66-a79b-6e0f25e01bd3/none_v3 HTTP/1.0 200 - python-swiftclient-4.8.0 gAAAAABpLQ4jjy8F... - 45 - txbb17c732782444e28bed9-00692d0e78 - 0.0118 - - 1764560504.052041531 1764560504.063843727 0 3cd24aa0af114855987a490c7d44632d
Nov 30 22:41:44 np0005540556.novalocal container-server[97342]: ::1 - - [01/Dec/2025:03:41:44 +0000] "GET /1/17444/AUTH_602f37ceccf647698ef9e0fe4d0d45d5/gnocchi.649f0318-462b-4d66-a79b-6e0f25e01bd3" 200 357 "GET https://[::1]:8080/v1/AUTH_602f37ceccf647698ef9e0fe4d0d45d5/gnocchi.649f0318-462b-4d66-a79b-6e0f25e01bd3?format=json&states=listing" "tx2e398fc42a3c456ca88d6-00692d0e78" "proxy-server 98624" 0.0026 "-" 97342 0
Nov 30 22:41:44 np0005540556.novalocal proxy-server[98624]: ::1 ::1 01/Dec/2025/03/41/44 GET /v1/AUTH_602f37ceccf647698ef9e0fe4d0d45d5/gnocchi.649f0318-462b-4d66-a79b-6e0f25e01bd3%3Fformat%3Djson%26states%3Dlisting HTTP/1.0 200 - python-swiftclient-4.8.0 gAAAAABpLQ4jjy8F... - 357 - tx2e398fc42a3c456ca88d6-00692d0e78 - 0.0112 - - 1764560504.068106174 1764560504.079320908 0 3cd24aa0af114855987a490c7d44632d
Nov 30 22:41:44 np0005540556.novalocal container-server[97343]: ::1 - - [01/Dec/2025:03:41:44 +0000] "GET /3/17444/AUTH_602f37ceccf647698ef9e0fe4d0d45d5/gnocchi.649f0318-462b-4d66-a79b-6e0f25e01bd3" 200 2 "GET https://[::1]:8080/v1/AUTH_602f37ceccf647698ef9e0fe4d0d45d5/gnocchi.649f0318-462b-4d66-a79b-6e0f25e01bd3?format=json&marker=none_v3&states=listing" "tx4d2c7e0b0b38465880f02-00692d0e78" "proxy-server 98624" 0.0019 "-" 97343 0
Nov 30 22:41:44 np0005540556.novalocal proxy-server[98624]: ::1 ::1 01/Dec/2025/03/41/44 GET /v1/AUTH_602f37ceccf647698ef9e0fe4d0d45d5/gnocchi.649f0318-462b-4d66-a79b-6e0f25e01bd3%3Fformat%3Djson%26marker%3Dnone_v3%26states%3Dlisting HTTP/1.0 200 - python-swiftclient-4.8.0 gAAAAABpLQ4jjy8F... - 2 - tx4d2c7e0b0b38465880f02-00692d0e78 - 0.0102 - - 1764560504.081836700 1764560504.092051268 0 3cd24aa0af114855987a490c7d44632d
Nov 30 22:41:44 np0005540556.novalocal object-server[97639]: ::1 - - [01/Dec/2025:03:41:44 +0000] "GET /3/33621/AUTH_602f37ceccf647698ef9e0fe4d0d45d5/gnocchi.649f0318-462b-4d66-a79b-6e0f25e01bd3/1763640000.0_mean_300.0_v3" 200 16 "GET https://[::1]:8080/v1/AUTH_602f37ceccf647698ef9e0fe4d0d45d5/gnocchi.649f0318-462b-4d66-a79b-6e0f25e01bd3/1763640000.0_mean_300.0_v3" "tx23c05e2e85484236b5210-00692d0e78" "proxy-server 98624" 0.0008 "-" 97639 0
Nov 30 22:41:44 np0005540556.novalocal proxy-server[98624]: ::1 ::1 01/Dec/2025/03/41/44 GET /v1/AUTH_602f37ceccf647698ef9e0fe4d0d45d5/gnocchi.649f0318-462b-4d66-a79b-6e0f25e01bd3/1763640000.0_mean_300.0_v3 HTTP/1.0 200 - python-swiftclient-4.8.0 gAAAAABpLQ4jjy8F... - 16 - tx23c05e2e85484236b5210-00692d0e78 - 0.0082 - - 1764560504.095363855 1764560504.103604317 0 3cd24aa0af114855987a490c7d44632d
Nov 30 22:41:44 np0005540556.novalocal container-server[97343]: ::1 - - [01/Dec/2025:03:41:44 +0000] "PUT /3/17444/AUTH_602f37ceccf647698ef9e0fe4d0d45d5/gnocchi.649f0318-462b-4d66-a79b-6e0f25e01bd3/1763640000.0_mean_300.0_v3" 201 - "PUT http://[::1]:8080/1/33621/AUTH_602f37ceccf647698ef9e0fe4d0d45d5/gnocchi.649f0318-462b-4d66-a79b-6e0f25e01bd3/1763640000.0_mean_300.0_v3" "tx54bf1204913d444da8c0d-00692d0e78" "object-server 97640" 0.0009 "-" 97343 0
Nov 30 22:41:44 np0005540556.novalocal object-server[97640]: ::1 - - [01/Dec/2025:03:41:44 +0000] "PUT /1/33621/AUTH_602f37ceccf647698ef9e0fe4d0d45d5/gnocchi.649f0318-462b-4d66-a79b-6e0f25e01bd3/1763640000.0_mean_300.0_v3" 201 - "PUT https://[::1]:8080/v1/AUTH_602f37ceccf647698ef9e0fe4d0d45d5/gnocchi.649f0318-462b-4d66-a79b-6e0f25e01bd3/1763640000.0_mean_300.0_v3" "tx54bf1204913d444da8c0d-00692d0e78" "proxy-server 98624" 0.0110 "-" 97640 0
Nov 30 22:41:44 np0005540556.novalocal container-server[97343]: ::1 - - [01/Dec/2025:03:41:44 +0000] "PUT /1/17444/AUTH_602f37ceccf647698ef9e0fe4d0d45d5/gnocchi.649f0318-462b-4d66-a79b-6e0f25e01bd3/1763640000.0_mean_300.0_v3" 201 - "PUT http://[::1]:8080/3/33621/AUTH_602f37ceccf647698ef9e0fe4d0d45d5/gnocchi.649f0318-462b-4d66-a79b-6e0f25e01bd3/1763640000.0_mean_300.0_v3" "tx54bf1204913d444da8c0d-00692d0e78" "object-server 97639" 0.0006 "-" 97343 0
Nov 30 22:41:44 np0005540556.novalocal object-server[97639]: ::1 - - [01/Dec/2025:03:41:44 +0000] "PUT /3/33621/AUTH_602f37ceccf647698ef9e0fe4d0d45d5/gnocchi.649f0318-462b-4d66-a79b-6e0f25e01bd3/1763640000.0_mean_300.0_v3" 201 - "PUT https://[::1]:8080/v1/AUTH_602f37ceccf647698ef9e0fe4d0d45d5/gnocchi.649f0318-462b-4d66-a79b-6e0f25e01bd3/1763640000.0_mean_300.0_v3" "tx54bf1204913d444da8c0d-00692d0e78" "proxy-server 98624" 0.0117 "-" 97639 0
Nov 30 22:41:44 np0005540556.novalocal container-server[97343]: ::1 - - [01/Dec/2025:03:41:44 +0000] "PUT /2/17444/AUTH_602f37ceccf647698ef9e0fe4d0d45d5/gnocchi.649f0318-462b-4d66-a79b-6e0f25e01bd3/1763640000.0_mean_300.0_v3" 201 - "PUT http://[::1]:8080/2/33621/AUTH_602f37ceccf647698ef9e0fe4d0d45d5/gnocchi.649f0318-462b-4d66-a79b-6e0f25e01bd3/1763640000.0_mean_300.0_v3" "tx54bf1204913d444da8c0d-00692d0e78" "object-server 97639" 0.0007 "-" 97343 0
Nov 30 22:41:44 np0005540556.novalocal object-server[97639]: ::1 - - [01/Dec/2025:03:41:44 +0000] "PUT /2/33621/AUTH_602f37ceccf647698ef9e0fe4d0d45d5/gnocchi.649f0318-462b-4d66-a79b-6e0f25e01bd3/1763640000.0_mean_300.0_v3" 201 - "PUT https://[::1]:8080/v1/AUTH_602f37ceccf647698ef9e0fe4d0d45d5/gnocchi.649f0318-462b-4d66-a79b-6e0f25e01bd3/1763640000.0_mean_300.0_v3" "tx54bf1204913d444da8c0d-00692d0e78" "proxy-server 98624" 0.0146 "-" 97639 0
Nov 30 22:41:44 np0005540556.novalocal proxy-server[98624]: ::1 ::1 01/Dec/2025/03/41/44 PUT /v1/AUTH_602f37ceccf647698ef9e0fe4d0d45d5/gnocchi.649f0318-462b-4d66-a79b-6e0f25e01bd3/1763640000.0_mean_300.0_v3 HTTP/1.0 201 - python-swiftclient-4.8.0 gAAAAABpLQ4jjy8F... 16 - - tx54bf1204913d444da8c0d-00692d0e78 - 0.0240 - - 1764560504.106262445 1764560504.130306721 0 3cd24aa0af114855987a490c7d44632d
Nov 30 22:41:44 np0005540556.novalocal container-server[97342]: ::1 - - [01/Dec/2025:03:41:44 +0000] "PUT /2/17444/AUTH_602f37ceccf647698ef9e0fe4d0d45d5/gnocchi.649f0318-462b-4d66-a79b-6e0f25e01bd3/none_v3" 201 - "PUT http://[::1]:8080/3/69551/AUTH_602f37ceccf647698ef9e0fe4d0d45d5/gnocchi.649f0318-462b-4d66-a79b-6e0f25e01bd3/none_v3" "txbf4d76d0ce604b7a96995-00692d0e78" "object-server 97640" 0.0008 "-" 97342 0
Nov 30 22:41:44 np0005540556.novalocal container-server[97343]: ::1 - - [01/Dec/2025:03:41:44 +0000] "PUT /1/17444/AUTH_602f37ceccf647698ef9e0fe4d0d45d5/gnocchi.649f0318-462b-4d66-a79b-6e0f25e01bd3/none_v3" 201 - "PUT http://[::1]:8080/2/69551/AUTH_602f37ceccf647698ef9e0fe4d0d45d5/gnocchi.649f0318-462b-4d66-a79b-6e0f25e01bd3/none_v3" "txbf4d76d0ce604b7a96995-00692d0e78" "object-server 97639" 0.0010 "-" 97343 0
Nov 30 22:41:44 np0005540556.novalocal object-server[97639]: ::1 - - [01/Dec/2025:03:41:44 +0000] "PUT /2/69551/AUTH_602f37ceccf647698ef9e0fe4d0d45d5/gnocchi.649f0318-462b-4d66-a79b-6e0f25e01bd3/none_v3" 201 - "PUT https://[::1]:8080/v1/AUTH_602f37ceccf647698ef9e0fe4d0d45d5/gnocchi.649f0318-462b-4d66-a79b-6e0f25e01bd3/none_v3" "txbf4d76d0ce604b7a96995-00692d0e78" "proxy-server 98624" 0.0111 "-" 97639 0
Nov 30 22:41:44 np0005540556.novalocal object-server[97640]: ::1 - - [01/Dec/2025:03:41:44 +0000] "PUT /3/69551/AUTH_602f37ceccf647698ef9e0fe4d0d45d5/gnocchi.649f0318-462b-4d66-a79b-6e0f25e01bd3/none_v3" 201 - "PUT https://[::1]:8080/v1/AUTH_602f37ceccf647698ef9e0fe4d0d45d5/gnocchi.649f0318-462b-4d66-a79b-6e0f25e01bd3/none_v3" "txbf4d76d0ce604b7a96995-00692d0e78" "proxy-server 98624" 0.0091 "-" 97640 0
Nov 30 22:41:44 np0005540556.novalocal container-server[97342]: ::1 - - [01/Dec/2025:03:41:44 +0000] "PUT /3/17444/AUTH_602f37ceccf647698ef9e0fe4d0d45d5/gnocchi.649f0318-462b-4d66-a79b-6e0f25e01bd3/none_v3" 201 - "PUT http://[::1]:8080/1/69551/AUTH_602f37ceccf647698ef9e0fe4d0d45d5/gnocchi.649f0318-462b-4d66-a79b-6e0f25e01bd3/none_v3" "txbf4d76d0ce604b7a96995-00692d0e78" "object-server 97640" 0.0005 "-" 97342 0
Nov 30 22:41:44 np0005540556.novalocal object-server[97640]: ::1 - - [01/Dec/2025:03:41:44 +0000] "PUT /1/69551/AUTH_602f37ceccf647698ef9e0fe4d0d45d5/gnocchi.649f0318-462b-4d66-a79b-6e0f25e01bd3/none_v3" 201 - "PUT https://[::1]:8080/v1/AUTH_602f37ceccf647698ef9e0fe4d0d45d5/gnocchi.649f0318-462b-4d66-a79b-6e0f25e01bd3/none_v3" "txbf4d76d0ce604b7a96995-00692d0e78" "proxy-server 98624" 0.0126 "-" 97640 0
Nov 30 22:41:44 np0005540556.novalocal proxy-server[98624]: ::1 ::1 01/Dec/2025/03/41/44 PUT /v1/AUTH_602f37ceccf647698ef9e0fe4d0d45d5/gnocchi.649f0318-462b-4d66-a79b-6e0f25e01bd3/none_v3 HTTP/1.0 201 - python-swiftclient-4.8.0 gAAAAABpLQ4jjy8F... 53 - - txbf4d76d0ce604b7a96995-00692d0e78 - 0.0225 - - 1764560504.134029865 1764560504.156548262 0 3cd24aa0af114855987a490c7d44632d
Nov 30 22:41:44 np0005540556.novalocal object-server[97639]: ::1 - - [01/Dec/2025:03:41:44 +0000] "GET /2/199764/AUTH_602f37ceccf647698ef9e0fe4d0d45d5/gnocchi.1852c118-2266-4e64-9e58-325ffa510756/none_v3" 200 51 "GET https://[::1]:8080/v1/AUTH_602f37ceccf647698ef9e0fe4d0d45d5/gnocchi.1852c118-2266-4e64-9e58-325ffa510756/none_v3" "tx440463e41bc04e6d97613-00692d0e78" "proxy-server 98624" 0.0008 "-" 97639 0
Nov 30 22:41:44 np0005540556.novalocal proxy-server[98624]: ::1 ::1 01/Dec/2025/03/41/44 GET /v1/AUTH_602f37ceccf647698ef9e0fe4d0d45d5/gnocchi.1852c118-2266-4e64-9e58-325ffa510756/none_v3 HTTP/1.0 200 - python-swiftclient-4.8.0 gAAAAABpLQ4jjy8F... - 51 - tx440463e41bc04e6d97613-00692d0e78 - 0.0083 - - 1764560504.170289993 1764560504.178543568 0 3cd24aa0af114855987a490c7d44632d
Nov 30 22:41:44 np0005540556.novalocal container-server[97342]: ::1 - - [01/Dec/2025:03:41:44 +0000] "GET /1/185411/AUTH_602f37ceccf647698ef9e0fe4d0d45d5/gnocchi.1852c118-2266-4e64-9e58-325ffa510756" 200 357 "GET https://[::1]:8080/v1/AUTH_602f37ceccf647698ef9e0fe4d0d45d5/gnocchi.1852c118-2266-4e64-9e58-325ffa510756?format=json&states=listing" "tx0b55b57b04e2474890909-00692d0e78" "proxy-server 98624" 0.0029 "-" 97342 0
Nov 30 22:41:44 np0005540556.novalocal proxy-server[98624]: ::1 ::1 01/Dec/2025/03/41/44 GET /v1/AUTH_602f37ceccf647698ef9e0fe4d0d45d5/gnocchi.1852c118-2266-4e64-9e58-325ffa510756%3Fformat%3Djson%26states%3Dlisting HTTP/1.0 200 - python-swiftclient-4.8.0 gAAAAABpLQ4jjy8F... - 357 - tx0b55b57b04e2474890909-00692d0e78 - 0.0114 - - 1764560504.182869434 1764560504.194295883 0 3cd24aa0af114855987a490c7d44632d
Nov 30 22:41:44 np0005540556.novalocal container-server[97342]: ::1 - - [01/Dec/2025:03:41:44 +0000] "GET /1/185411/AUTH_602f37ceccf647698ef9e0fe4d0d45d5/gnocchi.1852c118-2266-4e64-9e58-325ffa510756" 200 2 "GET https://[::1]:8080/v1/AUTH_602f37ceccf647698ef9e0fe4d0d45d5/gnocchi.1852c118-2266-4e64-9e58-325ffa510756?format=json&marker=none_v3&states=listing" "txc46c0fc26a4f4a5d9a0da-00692d0e78" "proxy-server 98624" 0.0026 "-" 97342 0
Nov 30 22:41:44 np0005540556.novalocal proxy-server[98624]: ::1 ::1 01/Dec/2025/03/41/44 GET /v1/AUTH_602f37ceccf647698ef9e0fe4d0d45d5/gnocchi.1852c118-2266-4e64-9e58-325ffa510756%3Fformat%3Djson%26marker%3Dnone_v3%26states%3Dlisting HTTP/1.0 200 - python-swiftclient-4.8.0 gAAAAABpLQ4jjy8F... - 2 - txc46c0fc26a4f4a5d9a0da-00692d0e78 - 0.0110 - - 1764560504.197699785 1764560504.208683491 0 3cd24aa0af114855987a490c7d44632d
Nov 30 22:41:44 np0005540556.novalocal object-server[97640]: ::1 - - [01/Dec/2025:03:41:44 +0000] "GET /2/98999/AUTH_602f37ceccf647698ef9e0fe4d0d45d5/gnocchi.1852c118-2266-4e64-9e58-325ffa510756/1763640000.0_mean_300.0_v3" 200 16 "GET https://[::1]:8080/v1/AUTH_602f37ceccf647698ef9e0fe4d0d45d5/gnocchi.1852c118-2266-4e64-9e58-325ffa510756/1763640000.0_mean_300.0_v3" "tx7b9b9e3852b642308d763-00692d0e78" "proxy-server 98624" 0.0009 "-" 97640 0
Nov 30 22:41:44 np0005540556.novalocal proxy-server[98624]: ::1 ::1 01/Dec/2025/03/41/44 GET /v1/AUTH_602f37ceccf647698ef9e0fe4d0d45d5/gnocchi.1852c118-2266-4e64-9e58-325ffa510756/1763640000.0_mean_300.0_v3 HTTP/1.0 200 - python-swiftclient-4.8.0 gAAAAABpLQ4jjy8F... - 16 - tx7b9b9e3852b642308d763-00692d0e78 - 0.0083 - - 1764560504.213543892 1764560504.221846819 0 3cd24aa0af114855987a490c7d44632d
Nov 30 22:41:44 np0005540556.novalocal container-server[97343]: ::1 - - [01/Dec/2025:03:41:44 +0000] "PUT /2/185411/AUTH_602f37ceccf647698ef9e0fe4d0d45d5/gnocchi.1852c118-2266-4e64-9e58-325ffa510756/1763640000.0_mean_300.0_v3" 201 - "PUT http://[::1]:8080/2/98999/AUTH_602f37ceccf647698ef9e0fe4d0d45d5/gnocchi.1852c118-2266-4e64-9e58-325ffa510756/1763640000.0_mean_300.0_v3" "tx488aac47f5f64daa96454-00692d0e78" "object-server 97640" 0.0005 "-" 97343 0
Nov 30 22:41:44 np0005540556.novalocal object-server[97640]: ::1 - - [01/Dec/2025:03:41:44 +0000] "PUT /2/98999/AUTH_602f37ceccf647698ef9e0fe4d0d45d5/gnocchi.1852c118-2266-4e64-9e58-325ffa510756/1763640000.0_mean_300.0_v3" 201 - "PUT https://[::1]:8080/v1/AUTH_602f37ceccf647698ef9e0fe4d0d45d5/gnocchi.1852c118-2266-4e64-9e58-325ffa510756/1763640000.0_mean_300.0_v3" "tx488aac47f5f64daa96454-00692d0e78" "proxy-server 98624" 0.0155 "-" 97640 0
Nov 30 22:41:44 np0005540556.novalocal container-server[97343]: ::1 - - [01/Dec/2025:03:41:44 +0000] "PUT /3/185411/AUTH_602f37ceccf647698ef9e0fe4d0d45d5/gnocchi.1852c118-2266-4e64-9e58-325ffa510756/1763640000.0_mean_300.0_v3" 201 - "PUT http://[::1]:8080/1/98999/AUTH_602f37ceccf647698ef9e0fe4d0d45d5/gnocchi.1852c118-2266-4e64-9e58-325ffa510756/1763640000.0_mean_300.0_v3" "tx488aac47f5f64daa96454-00692d0e78" "object-server 97639" 0.0011 "-" 97343 0
Nov 30 22:41:44 np0005540556.novalocal container-server[97342]: ::1 - - [01/Dec/2025:03:41:44 +0000] "PUT /1/185411/AUTH_602f37ceccf647698ef9e0fe4d0d45d5/gnocchi.1852c118-2266-4e64-9e58-325ffa510756/1763640000.0_mean_300.0_v3" 201 - "PUT http://[::1]:8080/3/98999/AUTH_602f37ceccf647698ef9e0fe4d0d45d5/gnocchi.1852c118-2266-4e64-9e58-325ffa510756/1763640000.0_mean_300.0_v3" "tx488aac47f5f64daa96454-00692d0e78" "object-server 97639" 0.0008 "-" 97342 0
Nov 30 22:41:44 np0005540556.novalocal object-server[97639]: ::1 - - [01/Dec/2025:03:41:44 +0000] "PUT /1/98999/AUTH_602f37ceccf647698ef9e0fe4d0d45d5/gnocchi.1852c118-2266-4e64-9e58-325ffa510756/1763640000.0_mean_300.0_v3" 201 - "PUT https://[::1]:8080/v1/AUTH_602f37ceccf647698ef9e0fe4d0d45d5/gnocchi.1852c118-2266-4e64-9e58-325ffa510756/1763640000.0_mean_300.0_v3" "tx488aac47f5f64daa96454-00692d0e78" "proxy-server 98624" 0.0195 "-" 97639 0
Nov 30 22:41:44 np0005540556.novalocal object-server[97639]: ::1 - - [01/Dec/2025:03:41:44 +0000] "PUT /3/98999/AUTH_602f37ceccf647698ef9e0fe4d0d45d5/gnocchi.1852c118-2266-4e64-9e58-325ffa510756/1763640000.0_mean_300.0_v3" 201 - "PUT https://[::1]:8080/v1/AUTH_602f37ceccf647698ef9e0fe4d0d45d5/gnocchi.1852c118-2266-4e64-9e58-325ffa510756/1763640000.0_mean_300.0_v3" "tx488aac47f5f64daa96454-00692d0e78" "proxy-server 98624" 0.0214 "-" 97639 0
