Nov 30 22:40:34 np0005540556.novalocal proxy-server[98624]: ::1 ::1 01/Dec/2025/03/40/34 PUT /v1/AUTH_602f37ceccf647698ef9e0fe4d0d45d5/gnocchi.649f0318-462b-4d66-a79b-6e0f25e01bd3 HTTP/1.0 201 - python-swiftclient-4.8.0 gAAAAABpLQ4jjy8F... - - - tx19761b80033a479695fe8-00692d0e32 - 0.0446 - - 1764560434.034121513 1764560434.078713417 0 3cd24aa0af114855987a490c7d44632d
Nov 30 22:40:34 np0005540556.novalocal container-server[97343]: ::1 - - [01/Dec/2025:03:40:34 +0000] "HEAD /1/17444/AUTH_602f37ceccf647698ef9e0fe4d0d45d5/gnocchi.649f0318-462b-4d66-a79b-6e0f25e01bd3" 204 - "HEAD http://[::1]:8080/v1/AUTH_602f37ceccf647698ef9e0fe4d0d45d5/gnocchi.649f0318-462b-4d66-a79b-6e0f25e01bd3" "txaec0ae2741a448cb9f77d-00692d0e32" "proxy-server 98624" 0.0015 "-" 97343 0
Nov 30 22:40:34 np0005540556.novalocal proxy-server[98624]: - - 01/Dec/2025/03/40/34 HEAD /v1/AUTH_602f37ceccf647698ef9e0fe4d0d45d5/gnocchi.649f0318-462b-4d66-a79b-6e0f25e01bd3 HTTP/1.0 204 - Swift - - - - txaec0ae2741a448cb9f77d-00692d0e32 - 0.0059 CS - 1764560434.086069822 1764560434.091940165 0 -
Nov 30 22:40:34 np0005540556.novalocal container-server[97342]: ::1 - - [01/Dec/2025:03:40:34 +0000] "GET /2/17444/AUTH_602f37ceccf647698ef9e0fe4d0d45d5/gnocchi.649f0318-462b-4d66-a79b-6e0f25e01bd3" 200 2 "GET https://[::1]:8080/v1/AUTH_602f37ceccf647698ef9e0fe4d0d45d5/gnocchi.649f0318-462b-4d66-a79b-6e0f25e01bd3?format=json&states=listing" "txaec0ae2741a448cb9f77d-00692d0e32" "proxy-server 98624" 0.0061 "-" 97342 0
Nov 30 22:40:34 np0005540556.novalocal proxy-server[98624]: ::1 ::1 01/Dec/2025/03/40/34 GET /v1/AUTH_602f37ceccf647698ef9e0fe4d0d45d5/gnocchi.649f0318-462b-4d66-a79b-6e0f25e01bd3%3Fformat%3Djson%26states%3Dlisting HTTP/1.0 200 - python-swiftclient-4.8.0 gAAAAABpLQ4jjy8F... - 2 - txaec0ae2741a448cb9f77d-00692d0e32 - 0.0240 - - 1764560434.085137129 1764560434.109160423 0 3cd24aa0af114855987a490c7d44632d
Nov 30 22:40:34 np0005540556.novalocal object-server[97639]: ::1 - - [01/Dec/2025:03:40:34 +0000] "GET /2/33621/AUTH_602f37ceccf647698ef9e0fe4d0d45d5/gnocchi.649f0318-462b-4d66-a79b-6e0f25e01bd3/1763640000.0_mean_300.0_v3" 404 70 "GET https://[::1]:8080/v1/AUTH_602f37ceccf647698ef9e0fe4d0d45d5/gnocchi.649f0318-462b-4d66-a79b-6e0f25e01bd3/1763640000.0_mean_300.0_v3" "tx0e3647b67eed4113a93a9-00692d0e32" "proxy-server 98624" 0.0006 "-" 97639 0
Nov 30 22:40:34 np0005540556.novalocal object-server[97639]: ::1 - - [01/Dec/2025:03:40:34 +0000] "GET /1/33621/AUTH_602f37ceccf647698ef9e0fe4d0d45d5/gnocchi.649f0318-462b-4d66-a79b-6e0f25e01bd3/1763640000.0_mean_300.0_v3" 404 70 "GET https://[::1]:8080/v1/AUTH_602f37ceccf647698ef9e0fe4d0d45d5/gnocchi.649f0318-462b-4d66-a79b-6e0f25e01bd3/1763640000.0_mean_300.0_v3" "tx0e3647b67eed4113a93a9-00692d0e32" "proxy-server 98624" 0.0002 "-" 97639 0
Nov 30 22:40:34 np0005540556.novalocal object-server[97639]: ::1 - - [01/Dec/2025:03:40:34 +0000] "GET /3/33621/AUTH_602f37ceccf647698ef9e0fe4d0d45d5/gnocchi.649f0318-462b-4d66-a79b-6e0f25e01bd3/1763640000.0_mean_300.0_v3" 404 70 "GET https://[::1]:8080/v1/AUTH_602f37ceccf647698ef9e0fe4d0d45d5/gnocchi.649f0318-462b-4d66-a79b-6e0f25e01bd3/1763640000.0_mean_300.0_v3" "tx0e3647b67eed4113a93a9-00692d0e32" "proxy-server 98624" 0.0002 "-" 97639 0
Nov 30 22:40:34 np0005540556.novalocal proxy-server[98624]: ::1 ::1 01/Dec/2025/03/40/34 GET /v1/AUTH_602f37ceccf647698ef9e0fe4d0d45d5/gnocchi.649f0318-462b-4d66-a79b-6e0f25e01bd3/1763640000.0_mean_300.0_v3 HTTP/1.0 404 - python-swiftclient-4.8.0 gAAAAABpLQ4jjy8F... - 70 - tx0e3647b67eed4113a93a9-00692d0e32 - 0.0177 - - 1764560434.121450186 1764560434.139199972 0 3cd24aa0af114855987a490c7d44632d
Nov 30 22:40:34 np0005540556.novalocal container-server[97343]: ::1 - - [01/Dec/2025:03:40:34 +0000] "PUT /2/17444/AUTH_602f37ceccf647698ef9e0fe4d0d45d5/gnocchi.649f0318-462b-4d66-a79b-6e0f25e01bd3/1763640000.0_mean_300.0_v3" 201 - "PUT http://[::1]:8080/2/33621/AUTH_602f37ceccf647698ef9e0fe4d0d45d5/gnocchi.649f0318-462b-4d66-a79b-6e0f25e01bd3/1763640000.0_mean_300.0_v3" "tx594c267abe8e492fa57ea-00692d0e32" "object-server 97640" 0.0007 "-" 97343 0
Nov 30 22:40:34 np0005540556.novalocal object-server[97640]: ::1 - - [01/Dec/2025:03:40:34 +0000] "PUT /2/33621/AUTH_602f37ceccf647698ef9e0fe4d0d45d5/gnocchi.649f0318-462b-4d66-a79b-6e0f25e01bd3/1763640000.0_mean_300.0_v3" 201 - "PUT https://[::1]:8080/v1/AUTH_602f37ceccf647698ef9e0fe4d0d45d5/gnocchi.649f0318-462b-4d66-a79b-6e0f25e01bd3/1763640000.0_mean_300.0_v3" "tx594c267abe8e492fa57ea-00692d0e32" "proxy-server 98624" 0.0143 "-" 97640 0
Nov 30 22:40:34 np0005540556.novalocal container-server[97342]: ::1 - - [01/Dec/2025:03:40:34 +0000] "PUT /1/17444/AUTH_602f37ceccf647698ef9e0fe4d0d45d5/gnocchi.649f0318-462b-4d66-a79b-6e0f25e01bd3/1763640000.0_mean_300.0_v3" 201 - "PUT http://[::1]:8080/1/33621/AUTH_602f37ceccf647698ef9e0fe4d0d45d5/gnocchi.649f0318-462b-4d66-a79b-6e0f25e01bd3/1763640000.0_mean_300.0_v3" "tx594c267abe8e492fa57ea-00692d0e32" "object-server 97639" 0.0008 "-" 97342 0
Nov 30 22:40:34 np0005540556.novalocal object-server[97639]: ::1 - - [01/Dec/2025:03:40:34 +0000] "PUT /1/33621/AUTH_602f37ceccf647698ef9e0fe4d0d45d5/gnocchi.649f0318-462b-4d66-a79b-6e0f25e01bd3/1763640000.0_mean_300.0_v3" 201 - "PUT https://[::1]:8080/v1/AUTH_602f37ceccf647698ef9e0fe4d0d45d5/gnocchi.649f0318-462b-4d66-a79b-6e0f25e01bd3/1763640000.0_mean_300.0_v3" "tx594c267abe8e492fa57ea-00692d0e32" "proxy-server 98624" 0.0137 "-" 97639 0
Nov 30 22:40:34 np0005540556.novalocal container-server[97342]: ::1 - - [01/Dec/2025:03:40:34 +0000] "PUT /3/17444/AUTH_602f37ceccf647698ef9e0fe4d0d45d5/gnocchi.649f0318-462b-4d66-a79b-6e0f25e01bd3/1763640000.0_mean_300.0_v3" 201 - "PUT http://[::1]:8080/3/33621/AUTH_602f37ceccf647698ef9e0fe4d0d45d5/gnocchi.649f0318-462b-4d66-a79b-6e0f25e01bd3/1763640000.0_mean_300.0_v3" "tx594c267abe8e492fa57ea-00692d0e32" "object-server 97639" 0.0005 "-" 97342 0
Nov 30 22:40:34 np0005540556.novalocal object-server[97639]: ::1 - - [01/Dec/2025:03:40:34 +0000] "PUT /3/33621/AUTH_602f37ceccf647698ef9e0fe4d0d45d5/gnocchi.649f0318-462b-4d66-a79b-6e0f25e01bd3/1763640000.0_mean_300.0_v3" 201 - "PUT https://[::1]:8080/v1/AUTH_602f37ceccf647698ef9e0fe4d0d45d5/gnocchi.649f0318-462b-4d66-a79b-6e0f25e01bd3/1763640000.0_mean_300.0_v3" "tx594c267abe8e492fa57ea-00692d0e32" "proxy-server 98624" 0.0166 "-" 97639 0
Nov 30 22:40:34 np0005540556.novalocal proxy-server[98624]: ::1 ::1 01/Dec/2025/03/40/34 PUT /v1/AUTH_602f37ceccf647698ef9e0fe4d0d45d5/gnocchi.649f0318-462b-4d66-a79b-6e0f25e01bd3/1763640000.0_mean_300.0_v3 HTTP/1.0 201 - python-swiftclient-4.8.0 gAAAAABpLQ4jjy8F... 16 - - tx594c267abe8e492fa57ea-00692d0e32 - 0.0277 - - 1764560434.143579721 1764560434.171267748 0 3cd24aa0af114855987a490c7d44632d
Nov 30 22:40:34 np0005540556.novalocal container-server[97342]: ::1 - - [01/Dec/2025:03:40:34 +0000] "PUT /3/17444/AUTH_602f37ceccf647698ef9e0fe4d0d45d5/gnocchi.649f0318-462b-4d66-a79b-6e0f25e01bd3/none_v3" 201 - "PUT http://[::1]:8080/2/69551/AUTH_602f37ceccf647698ef9e0fe4d0d45d5/gnocchi.649f0318-462b-4d66-a79b-6e0f25e01bd3/none_v3" "txecf17092fae6416ea95fa-00692d0e32" "object-server 97640" 0.0006 "-" 97342 0
Nov 30 22:40:34 np0005540556.novalocal container-server[97342]: ::1 - - [01/Dec/2025:03:40:34 +0000] "PUT /1/17444/AUTH_602f37ceccf647698ef9e0fe4d0d45d5/gnocchi.649f0318-462b-4d66-a79b-6e0f25e01bd3/none_v3" 201 - "PUT http://[::1]:8080/3/69551/AUTH_602f37ceccf647698ef9e0fe4d0d45d5/gnocchi.649f0318-462b-4d66-a79b-6e0f25e01bd3/none_v3" "txecf17092fae6416ea95fa-00692d0e32" "object-server 97640" 0.0003 "-" 97342 0
Nov 30 22:40:34 np0005540556.novalocal object-server[97640]: ::1 - - [01/Dec/2025:03:40:34 +0000] "PUT /2/69551/AUTH_602f37ceccf647698ef9e0fe4d0d45d5/gnocchi.649f0318-462b-4d66-a79b-6e0f25e01bd3/none_v3" 201 - "PUT https://[::1]:8080/v1/AUTH_602f37ceccf647698ef9e0fe4d0d45d5/gnocchi.649f0318-462b-4d66-a79b-6e0f25e01bd3/none_v3" "txecf17092fae6416ea95fa-00692d0e32" "proxy-server 98624" 0.0115 "-" 97640 0
Nov 30 22:40:34 np0005540556.novalocal object-server[97640]: ::1 - - [01/Dec/2025:03:40:34 +0000] "PUT /3/69551/AUTH_602f37ceccf647698ef9e0fe4d0d45d5/gnocchi.649f0318-462b-4d66-a79b-6e0f25e01bd3/none_v3" 201 - "PUT https://[::1]:8080/v1/AUTH_602f37ceccf647698ef9e0fe4d0d45d5/gnocchi.649f0318-462b-4d66-a79b-6e0f25e01bd3/none_v3" "txecf17092fae6416ea95fa-00692d0e32" "proxy-server 98624" 0.0180 "-" 97640 0
Nov 30 22:40:34 np0005540556.novalocal container-server[97342]: ::1 - - [01/Dec/2025:03:40:34 +0000] "PUT /2/17444/AUTH_602f37ceccf647698ef9e0fe4d0d45d5/gnocchi.649f0318-462b-4d66-a79b-6e0f25e01bd3/none_v3" 201 - "PUT http://[::1]:8080/1/69551/AUTH_602f37ceccf647698ef9e0fe4d0d45d5/gnocchi.649f0318-462b-4d66-a79b-6e0f25e01bd3/none_v3" "txecf17092fae6416ea95fa-00692d0e32" "object-server 97640" 0.0003 "-" 97342 0
Nov 30 22:40:34 np0005540556.novalocal object-server[97640]: ::1 - - [01/Dec/2025:03:40:34 +0000] "PUT /1/69551/AUTH_602f37ceccf647698ef9e0fe4d0d45d5/gnocchi.649f0318-462b-4d66-a79b-6e0f25e01bd3/none_v3" 201 - "PUT https://[::1]:8080/v1/AUTH_602f37ceccf647698ef9e0fe4d0d45d5/gnocchi.649f0318-462b-4d66-a79b-6e0f25e01bd3/none_v3" "txecf17092fae6416ea95fa-00692d0e32" "proxy-server 98624" 0.0165 "-" 97640 0
Nov 30 22:40:34 np0005540556.novalocal proxy-server[98624]: ::1 ::1 01/Dec/2025/03/40/34 PUT /v1/AUTH_602f37ceccf647698ef9e0fe4d0d45d5/gnocchi.649f0318-462b-4d66-a79b-6e0f25e01bd3/none_v3 HTTP/1.0 201 - python-swiftclient-4.8.0 gAAAAABpLQ4jjy8F... 22 - - txecf17092fae6416ea95fa-00692d0e32 - 0.0279 - - 1764560434.175943375 1764560434.203889847 0 3cd24aa0af114855987a490c7d44632d
Nov 30 22:40:34 np0005540556.novalocal container-server[97343]: ::1 - - [01/Dec/2025:03:40:34 +0000] "HEAD /2/185411/AUTH_602f37ceccf647698ef9e0fe4d0d45d5/gnocchi.1852c118-2266-4e64-9e58-325ffa510756" 404 - "HEAD http://[::1]:8080/v1/AUTH_602f37ceccf647698ef9e0fe4d0d45d5/gnocchi.1852c118-2266-4e64-9e58-325ffa510756" "tx9c22935809404a4f8ce39-00692d0e32" "proxy-server 98624" 0.0007 "-" 97343 0
Nov 30 22:40:34 np0005540556.novalocal container-server[97343]: ::1 - - [01/Dec/2025:03:40:34 +0000] "HEAD /1/185411/AUTH_602f37ceccf647698ef9e0fe4d0d45d5/gnocchi.1852c118-2266-4e64-9e58-325ffa510756" 404 - "HEAD http://[::1]:8080/v1/AUTH_602f37ceccf647698ef9e0fe4d0d45d5/gnocchi.1852c118-2266-4e64-9e58-325ffa510756" "tx9c22935809404a4f8ce39-00692d0e32" "proxy-server 98624" 0.0001 "-" 97343 0
Nov 30 22:40:34 np0005540556.novalocal container-server[97342]: ::1 - - [01/Dec/2025:03:40:34 +0000] "HEAD /3/185411/AUTH_602f37ceccf647698ef9e0fe4d0d45d5/gnocchi.1852c118-2266-4e64-9e58-325ffa510756" 404 - "HEAD http://[::1]:8080/v1/AUTH_602f37ceccf647698ef9e0fe4d0d45d5/gnocchi.1852c118-2266-4e64-9e58-325ffa510756" "tx9c22935809404a4f8ce39-00692d0e32" "proxy-server 98624" 0.0005 "-" 97342 0
Nov 30 22:40:34 np0005540556.novalocal proxy-server[98624]: - - 01/Dec/2025/03/40/34 HEAD /v1/AUTH_602f37ceccf647698ef9e0fe4d0d45d5/gnocchi.1852c118-2266-4e64-9e58-325ffa510756 HTTP/1.0 404 - Swift - - - - tx9c22935809404a4f8ce39-00692d0e32 - 0.0098 CS - 1764560434.217797041 1764560434.227621794 0 -
Nov 30 22:40:34 np0005540556.novalocal object-server[97639]: ::1 - - [01/Dec/2025:03:40:34 +0000] "GET /3/199764/AUTH_602f37ceccf647698ef9e0fe4d0d45d5/gnocchi.1852c118-2266-4e64-9e58-325ffa510756/none_v3" 404 70 "GET https://[::1]:8080/v1/AUTH_602f37ceccf647698ef9e0fe4d0d45d5/gnocchi.1852c118-2266-4e64-9e58-325ffa510756/none_v3" "tx9c22935809404a4f8ce39-00692d0e32" "proxy-server 98624" 0.0004 "-" 97639 0
Nov 30 22:40:34 np0005540556.novalocal object-server[97639]: ::1 - - [01/Dec/2025:03:40:34 +0000] "GET /1/199764/AUTH_602f37ceccf647698ef9e0fe4d0d45d5/gnocchi.1852c118-2266-4e64-9e58-325ffa510756/none_v3" 404 70 "GET https://[::1]:8080/v1/AUTH_602f37ceccf647698ef9e0fe4d0d45d5/gnocchi.1852c118-2266-4e64-9e58-325ffa510756/none_v3" "tx9c22935809404a4f8ce39-00692d0e32" "proxy-server 98624" 0.0003 "-" 97639 0
Nov 30 22:40:34 np0005540556.novalocal object-server[97639]: ::1 - - [01/Dec/2025:03:40:34 +0000] "GET /2/199764/AUTH_602f37ceccf647698ef9e0fe4d0d45d5/gnocchi.1852c118-2266-4e64-9e58-325ffa510756/none_v3" 404 70 "GET https://[::1]:8080/v1/AUTH_602f37ceccf647698ef9e0fe4d0d45d5/gnocchi.1852c118-2266-4e64-9e58-325ffa510756/none_v3" "tx9c22935809404a4f8ce39-00692d0e32" "proxy-server 98624" 0.0003 "-" 97639 0
Nov 30 22:40:34 np0005540556.novalocal proxy-server[98624]: ::1 ::1 01/Dec/2025/03/40/34 GET /v1/AUTH_602f37ceccf647698ef9e0fe4d0d45d5/gnocchi.1852c118-2266-4e64-9e58-325ffa510756/none_v3 HTTP/1.0 404 - python-swiftclient-4.8.0 gAAAAABpLQ4jjy8F... - 70 - tx9c22935809404a4f8ce39-00692d0e32 - 0.0234 - - 1764560434.216685057 1764560434.240096331 0 3cd24aa0af114855987a490c7d44632d
Nov 30 22:40:34 np0005540556.novalocal account-server[97042]: ::1 - - [01/Dec/2025:03:40:34 +0000] "PUT /2/108421/AUTH_602f37ceccf647698ef9e0fe4d0d45d5/gnocchi.1852c118-2266-4e64-9e58-325ffa510756" 201 - "PUT http://[::1]:6001/2/185411/AUTH_602f37ceccf647698ef9e0fe4d0d45d5/gnocchi.1852c118-2266-4e64-9e58-325ffa510756" "tx59f8d52286b4474499a16-00692d0e32" "container-server 97343" 0.0040 "-" 97042 0
Nov 30 22:40:34 np0005540556.novalocal container-server[97343]: ::1 - - [01/Dec/2025:03:40:34 +0000] "PUT /2/185411/AUTH_602f37ceccf647698ef9e0fe4d0d45d5/gnocchi.1852c118-2266-4e64-9e58-325ffa510756" 201 - "PUT https://[::1]:8080/v1/AUTH_602f37ceccf647698ef9e0fe4d0d45d5/gnocchi.1852c118-2266-4e64-9e58-325ffa510756" "tx59f8d52286b4474499a16-00692d0e32" "proxy-server 98624" 0.0135 "-" 97343 0
Nov 30 22:40:34 np0005540556.novalocal account-server[97042]: ::1 - - [01/Dec/2025:03:40:34 +0000] "PUT /3/108421/AUTH_602f37ceccf647698ef9e0fe4d0d45d5/gnocchi.1852c118-2266-4e64-9e58-325ffa510756" 201 - "PUT http://[::1]:6001/3/185411/AUTH_602f37ceccf647698ef9e0fe4d0d45d5/gnocchi.1852c118-2266-4e64-9e58-325ffa510756" "tx59f8d52286b4474499a16-00692d0e32" "container-server 97342" 0.0034 "-" 97042 0
Nov 30 22:40:34 np0005540556.novalocal sudo[104816]: pam_unix(sudo:session): session closed for user root
Nov 30 22:40:34 np0005540556.novalocal container-server[97342]: ::1 - - [01/Dec/2025:03:40:34 +0000] "PUT /3/185411/AUTH_602f37ceccf647698ef9e0fe4d0d45d5/gnocchi.1852c118-2266-4e64-9e58-325ffa510756" 201 - "PUT https://[::1]:8080/v1/AUTH_602f37ceccf647698ef9e0fe4d0d45d5/gnocchi.1852c118-2266-4e64-9e58-325ffa510756" "tx59f8d52286b4474499a16-00692d0e32" "proxy-server 98624" 0.0258 "-" 97342 0
Nov 30 22:40:34 np0005540556.novalocal systemd[1]: session-c104.scope: Deactivated successfully.
Nov 30 22:40:34 np0005540556.novalocal account-server[97042]: ::1 - - [01/Dec/2025:03:40:34 +0000] "PUT /1/108421/AUTH_602f37ceccf647698ef9e0fe4d0d45d5/gnocchi.1852c118-2266-4e64-9e58-325ffa510756" 201 - "PUT http://[::1]:6001/1/185411/AUTH_602f37ceccf647698ef9e0fe4d0d45d5/gnocchi.1852c118-2266-4e64-9e58-325ffa510756" "tx59f8d52286b4474499a16-00692d0e32" "container-server 97342" 0.0052 "-" 97042 0
Nov 30 22:40:34 np0005540556.novalocal container-server[97342]: ::1 - - [01/Dec/2025:03:40:34 +0000] "PUT /1/185411/AUTH_602f37ceccf647698ef9e0fe4d0d45d5/gnocchi.1852c118-2266-4e64-9e58-325ffa510756" 201 - "PUT https://[::1]:8080/v1/AUTH_602f37ceccf647698ef9e0fe4d0d45d5/gnocchi.1852c118-2266-4e64-9e58-325ffa510756" "tx59f8d52286b4474499a16-00692d0e32" "proxy-server 98624" 0.0195 "-" 97342 0
Nov 30 22:40:34 np0005540556.novalocal proxy-server[98624]: ::1 ::1 01/Dec/2025/03/40/34 PUT /v1/AUTH_602f37ceccf647698ef9e0fe4d0d45d5/gnocchi.1852c118-2266-4e64-9e58-325ffa510756 HTTP/1.0 201 - python-swiftclient-4.8.0 gAAAAABpLQ4jjy8F... - - - tx59f8d52286b4474499a16-00692d0e32 - 0.0381 - - 1764560434.243142128 1764560434.281252146 0 3cd24aa0af114855987a490c7d44632d
Nov 30 22:40:34 np0005540556.novalocal container-server[97343]: ::1 - - [01/Dec/2025:03:40:34 +0000] "HEAD /1/185411/AUTH_602f37ceccf647698ef9e0fe4d0d45d5/gnocchi.1852c118-2266-4e64-9e58-325ffa510756" 204 - "HEAD http://[::1]:8080/v1/AUTH_602f37ceccf647698ef9e0fe4d0d45d5/gnocchi.1852c118-2266-4e64-9e58-325ffa510756" "tx9e504a202619455d881c9-00692d0e32" "proxy-server 98624" 0.0012 "-" 97343 0
Nov 30 22:40:34 np0005540556.novalocal proxy-server[98624]: - - 01/Dec/2025/03/40/34 HEAD /v1/AUTH_602f37ceccf647698ef9e0fe4d0d45d5/gnocchi.1852c118-2266-4e64-9e58-325ffa510756 HTTP/1.0 204 - Swift - - - - tx9e504a202619455d881c9-00692d0e32 - 0.0039 CS - 1764560434.285916328 1764560434.289854527 0 -
Nov 30 22:40:34 np0005540556.novalocal container-server[97342]: ::1 - - [01/Dec/2025:03:40:34 +0000] "GET /1/185411/AUTH_602f37ceccf647698ef9e0fe4d0d45d5/gnocchi.1852c118-2266-4e64-9e58-325ffa510756" 200 2 "GET https://[::1]:8080/v1/AUTH_602f37ceccf647698ef9e0fe4d0d45d5/gnocchi.1852c118-2266-4e64-9e58-325ffa510756?format=json&states=listing" "tx9e504a202619455d881c9-00692d0e32" "proxy-server 98624" 0.0023 "-" 97342 0
Nov 30 22:40:34 np0005540556.novalocal proxy-server[98624]: ::1 ::1 01/Dec/2025/03/40/34 GET /v1/AUTH_602f37ceccf647698ef9e0fe4d0d45d5/gnocchi.1852c118-2266-4e64-9e58-325ffa510756%3Fformat%3Djson%26states%3Dlisting HTTP/1.0 200 - python-swiftclient-4.8.0 gAAAAABpLQ4jjy8F... - 2 - tx9e504a202619455d881c9-00692d0e32 - 0.0119 - - 1764560434.285353184 1764560434.297224045 0 3cd24aa0af114855987a490c7d44632d
Nov 30 22:40:34 np0005540556.novalocal object-server[97640]: ::1 - - [01/Dec/2025:03:40:34 +0000] "GET /3/98999/AUTH_602f37ceccf647698ef9e0fe4d0d45d5/gnocchi.1852c118-2266-4e64-9e58-325ffa510756/1763640000.0_mean_300.0_v3" 404 70 "GET https://[::1]:8080/v1/AUTH_602f37ceccf647698ef9e0fe4d0d45d5/gnocchi.1852c118-2266-4e64-9e58-325ffa510756/1763640000.0_mean_300.0_v3" "txc61a2c4ee3dc417eb8ac7-00692d0e32" "proxy-server 98624" 0.0003 "-" 97640 0
Nov 30 22:40:34 np0005540556.novalocal object-server[97639]: ::1 - - [01/Dec/2025:03:40:34 +0000] "GET /1/98999/AUTH_602f37ceccf647698ef9e0fe4d0d45d5/gnocchi.1852c118-2266-4e64-9e58-325ffa510756/1763640000.0_mean_300.0_v3" 404 70 "GET https://[::1]:8080/v1/AUTH_602f37ceccf647698ef9e0fe4d0d45d5/gnocchi.1852c118-2266-4e64-9e58-325ffa510756/1763640000.0_mean_300.0_v3" "txc61a2c4ee3dc417eb8ac7-00692d0e32" "proxy-server 98624" 0.0004 "-" 97639 0
Nov 30 22:40:34 np0005540556.novalocal object-server[97639]: ::1 - - [01/Dec/2025:03:40:34 +0000] "GET /2/98999/AUTH_602f37ceccf647698ef9e0fe4d0d45d5/gnocchi.1852c118-2266-4e64-9e58-325ffa510756/1763640000.0_mean_300.0_v3" 404 70 "GET https://[::1]:8080/v1/AUTH_602f37ceccf647698ef9e0fe4d0d45d5/gnocchi.1852c118-2266-4e64-9e58-325ffa510756/1763640000.0_mean_300.0_v3" "txc61a2c4ee3dc417eb8ac7-00692d0e32" "proxy-server 98624" 0.0003 "-" 97639 0
Nov 30 22:40:34 np0005540556.novalocal proxy-server[98624]: ::1 ::1 01/Dec/2025/03/40/34 GET /v1/AUTH_602f37ceccf647698ef9e0fe4d0d45d5/gnocchi.1852c118-2266-4e64-9e58-325ffa510756/1763640000.0_mean_300.0_v3 HTTP/1.0 404 - python-swiftclient-4.8.0 gAAAAABpLQ4jjy8F... - 70 - txc61a2c4ee3dc417eb8ac7-00692d0e32 - 0.0128 - - 1764560434.299895525 1764560434.312709808 0 3cd24aa0af114855987a490c7d44632d
Nov 30 22:40:34 np0005540556.novalocal sudo[104823]: cinder : PWD=/ ; USER=root ; COMMAND=/usr/bin/cinder-rootwrap /etc/cinder/rootwrap.conf cinder-rtstool save
Nov 30 22:40:34 np0005540556.novalocal systemd[1]: Started Session c105 of User root.
Nov 30 22:40:34 np0005540556.novalocal container-server[97342]: ::1 - - [01/Dec/2025:03:40:34 +0000] "PUT /3/185411/AUTH_602f37ceccf647698ef9e0fe4d0d45d5/gnocchi.1852c118-2266-4e64-9e58-325ffa510756/1763640000.0_mean_300.0_v3" 201 - "PUT http://[::1]:8080/3/98999/AUTH_602f37ceccf647698ef9e0fe4d0d45d5/gnocchi.1852c118-2266-4e64-9e58-325ffa510756/1763640000.0_mean_300.0_v3" "txbbc3ad6999de46399d4c8-00692d0e32" "object-server 97639" 0.0006 "-" 97342 0
Nov 30 22:40:34 np0005540556.novalocal container-server[97342]: ::1 - - [01/Dec/2025:03:40:34 +0000] "PUT /2/185411/AUTH_602f37ceccf647698ef9e0fe4d0d45d5/gnocchi.1852c118-2266-4e64-9e58-325ffa510756/1763640000.0_mean_300.0_v3" 201 - "PUT http://[::1]:8080/2/98999/AUTH_602f37ceccf647698ef9e0fe4d0d45d5/gnocchi.1852c118-2266-4e64-9e58-325ffa510756/1763640000.0_mean_300.0_v3" "txbbc3ad6999de46399d4c8-00692d0e32" "object-server 97640" 0.0003 "-" 97342 0
Nov 30 22:40:34 np0005540556.novalocal object-server[97639]: ::1 - - [01/Dec/2025:03:40:34 +0000] "PUT /3/98999/AUTH_602f37ceccf647698ef9e0fe4d0d45d5/gnocchi.1852c118-2266-4e64-9e58-325ffa510756/1763640000.0_mean_300.0_v3" 201 - "PUT https://[::1]:8080/v1/AUTH_602f37ceccf647698ef9e0fe4d0d45d5/gnocchi.1852c118-2266-4e64-9e58-325ffa510756/1763640000.0_mean_300.0_v3" "txbbc3ad6999de46399d4c8-00692d0e32" "proxy-server 98624" 0.0277 "-" 97639 0
Nov 30 22:40:34 np0005540556.novalocal sudo[104823]: pam_unix(sudo:session): session opened for user root(uid=0) by (uid=165)
Nov 30 22:40:34 np0005540556.novalocal object-server[97640]: ::1 - - [01/Dec/2025:03:40:34 +0000] "PUT /2/98999/AUTH_602f37ceccf647698ef9e0fe4d0d45d5/gnocchi.1852c118-2266-4e64-9e58-325ffa510756/1763640000.0_mean_300.0_v3" 201 - "PUT https://[::1]:8080/v1/AUTH_602f37ceccf647698ef9e0fe4d0d45d5/gnocchi.1852c118-2266-4e64-9e58-325ffa510756/1763640000.0_mean_300.0_v3" "txbbc3ad6999de46399d4c8-00692d0e32" "proxy-server 98624" 0.0269 "-" 97640 0
Nov 30 22:40:34 np0005540556.novalocal container-server[97343]: ::1 - - [01/Dec/2025:03:40:34 +0000] "PUT /1/185411/AUTH_602f37ceccf647698ef9e0fe4d0d45d5/gnocchi.1852c118-2266-4e64-9e58-325ffa510756/1763640000.0_mean_300.0_v3" 201 - "PUT http://[::1]:8080/1/98999/AUTH_602f37ceccf647698ef9e0fe4d0d45d5/gnocchi.1852c118-2266-4e64-9e58-325ffa510756/1763640000.0_mean_300.0_v3" "txbbc3ad6999de46399d4c8-00692d0e32" "object-server 97640" 0.0006 "-" 97343 0
Nov 30 22:40:34 np0005540556.novalocal object-server[97640]: ::1 - - [01/Dec/2025:03:40:34 +0000] "PUT /1/98999/AUTH_602f37ceccf647698ef9e0fe4d0d45d5/gnocchi.1852c118-2266-4e64-9e58-325ffa510756/1763640000.0_mean_300.0_v3" 201 - "PUT https://[::1]:8080/v1/AUTH_602f37ceccf647698ef9e0fe4d0d45d5/gnocchi.1852c118-2266-4e64-9e58-325ffa510756/1763640000.0_mean_300.0_v3" "txbbc3ad6999de46399d4c8-00692d0e32" "proxy-server 98624" 0.0350 "-" 97640 0
Nov 30 22:40:34 np0005540556.novalocal proxy-server[98624]: ::1 ::1 01/Dec/2025/03/40/34 PUT /v1/AUTH_602f37ceccf647698ef9e0fe4d0d45d5/gnocchi.1852c118-2266-4e64-9e58-325ffa510756/1763640000.0_mean_300.0_v3 HTTP/1.0 201 - python-swiftclient-4.8.0 gAAAAABpLQ4jjy8F... 16 - - txbbc3ad6999de46399d4c8-00692d0e32 - 0.0406 - - 1764560434.314475298 1764560434.355106592 0 3cd24aa0af114855987a490c7d44632d
Nov 30 22:40:34 np0005540556.novalocal container-server[97342]: ::1 - - [01/Dec/2025:03:40:34 +0000] "PUT /2/185411/AUTH_602f37ceccf647698ef9e0fe4d0d45d5/gnocchi.1852c118-2266-4e64-9e58-325ffa510756/none_v3" 201 - "PUT http://[::1]:8080/3/199764/AUTH_602f37ceccf647698ef9e0fe4d0d45d5/gnocchi.1852c118-2266-4e64-9e58-325ffa510756/none_v3" "tx4ec1113d55184061974df-00692d0e32" "object-server 97639" 0.0003 "-" 97342 0
Nov 30 22:40:34 np0005540556.novalocal object-server[97639]: ::1 - - [01/Dec/2025:03:40:34 +0000] "PUT /3/199764/AUTH_602f37ceccf647698ef9e0fe4d0d45d5/gnocchi.1852c118-2266-4e64-9e58-325ffa510756/none_v3" 201 - "PUT https://[::1]:8080/v1/AUTH_602f37ceccf647698ef9e0fe4d0d45d5/gnocchi.1852c118-2266-4e64-9e58-325ffa510756/none_v3" "tx4ec1113d55184061974df-00692d0e32" "proxy-server 98624" 0.0141 "-" 97639 0
Nov 30 22:40:34 np0005540556.novalocal container-server[97343]: ::1 - - [01/Dec/2025:03:40:34 +0000] "PUT /3/185411/AUTH_602f37ceccf647698ef9e0fe4d0d45d5/gnocchi.1852c118-2266-4e64-9e58-325ffa510756/none_v3" 201 - "PUT http://[::1]:8080/1/199764/AUTH_602f37ceccf647698ef9e0fe4d0d45d5/gnocchi.1852c118-2266-4e64-9e58-325ffa510756/none_v3" "tx4ec1113d55184061974df-00692d0e32" "object-server 97639" 0.0007 "-" 97343 0
Nov 30 22:40:34 np0005540556.novalocal object-server[97639]: ::1 - - [01/Dec/2025:03:40:34 +0000] "PUT /1/199764/AUTH_602f37ceccf647698ef9e0fe4d0d45d5/gnocchi.1852c118-2266-4e64-9e58-325ffa510756/none_v3" 201 - "PUT https://[::1]:8080/v1/AUTH_602f37ceccf647698ef9e0fe4d0d45d5/gnocchi.1852c118-2266-4e64-9e58-325ffa510756/none_v3" "tx4ec1113d55184061974df-00692d0e32" "proxy-server 98624" 0.0143 "-" 97639 0
Nov 30 22:40:34 np0005540556.novalocal container-server[97343]: ::1 - - [01/Dec/2025:03:40:34 +0000] "PUT /1/185411/AUTH_602f37ceccf647698ef9e0fe4d0d45d5/gnocchi.1852c118-2266-4e64-9e58-325ffa510756/none_v3" 201 - "PUT http://[::1]:8080/2/199764/AUTH_602f37ceccf647698ef9e0fe4d0d45d5/gnocchi.1852c118-2266-4e64-9e58-325ffa510756/none_v3" "tx4ec1113d55184061974df-00692d0e32" "object-server 97640" 0.0008 "-" 97343 0
Nov 30 22:40:34 np0005540556.novalocal object-server[97640]: ::1 - - [01/Dec/2025:03:40:34 +0000] "PUT /2/199764/AUTH_602f37ceccf647698ef9e0fe4d0d45d5/gnocchi.1852c118-2266-4e64-9e58-325ffa510756/none_v3" 201 - "PUT https://[::1]:8080/v1/AUTH_602f37ceccf647698ef9e0fe4d0d45d5/gnocchi.1852c118-2266-4e64-9e58-325ffa510756/none_v3" "tx4ec1113d55184061974df-00692d0e32" "proxy-server 98624" 0.0306 "-" 97640 0
Nov 30 22:40:34 np0005540556.novalocal proxy-server[98624]: ::1 ::1 01/Dec/2025/03/40/34 PUT /v1/AUTH_602f37ceccf647698ef9e0fe4d0d45d5/gnocchi.1852c118-2266-4e64-9e58-325ffa510756/none_v3 HTTP/1.0 201 - python-swiftclient-4.8.0 gAAAAABpLQ4jjy8F... 22 - - tx4ec1113d55184061974df-00692d0e32 - 0.0423 - - 1764560434.358129978 1764560434.400399685 0 3cd24aa0af114855987a490c7d44632d
Nov 30 22:40:34 np0005540556.novalocal object-server[97640]: ::1 - - [01/Dec/2025:03:40:34 +0000] "GET /3/253242/AUTH_602f37ceccf647698ef9e0fe4d0d45d5/gnocchi.4d8da67d-78f9-4070-965f-f459eb6cfc65/none_v3" 200 32 "GET https://[::1]:8080/v1/AUTH_602f37ceccf647698ef9e0fe4d0d45d5/gnocchi.4d8da67d-78f9-4070-965f-f459eb6cfc65/none_v3" "tx980e515516a54ab99dad5-00692d0e32" "proxy-server 98624" 0.0018 "-" 97640 0
Nov 30 22:40:34 np0005540556.novalocal proxy-server[98624]: ::1 ::1 01/Dec/2025/03/40/34 GET /v1/AUTH_602f37ceccf647698ef9e0fe4d0d45d5/gnocchi.4d8da67d-78f9-4070-965f-f459eb6cfc65/none_v3 HTTP/1.0 200 - python-swiftclient-4.8.0 gAAAAABpLQ4jjy8F... - 32 - tx980e515516a54ab99dad5-00692d0e32 - 0.0112 - - 1764560434.420996428 1764560434.432162285 0 3cd24aa0af114855987a490c7d44632d
Nov 30 22:40:34 np0005540556.novalocal container-server[97342]: ::1 - - [01/Dec/2025:03:40:34 +0000] "GET /1/154227/AUTH_602f37ceccf647698ef9e0fe4d0d45d5/gnocchi.4d8da67d-78f9-4070-965f-f459eb6cfc65" 200 357 "GET https://[::1]:8080/v1/AUTH_602f37ceccf647698ef9e0fe4d0d45d5/gnocchi.4d8da67d-78f9-4070-965f-f459eb6cfc65?format=json&states=listing" "txd9773eb9275841d4b522e-00692d0e32" "proxy-server 98624" 0.0272 "-" 97342 0
Nov 30 22:40:34 np0005540556.novalocal proxy-server[98624]: ::1 ::1 01/Dec/2025/03/40/34 GET /v1/AUTH_602f37ceccf647698ef9e0fe4d0d45d5/gnocchi.4d8da67d-78f9-4070-965f-f459eb6cfc65%3Fformat%3Djson%26states%3Dlisting HTTP/1.0 200 - python-swiftclient-4.8.0 gAAAAABpLQ4jjy8F... - 357 - txd9773eb9275841d4b522e-00692d0e32 - 0.0382 - - 1764560434.438990116 1764560434.477161407 0 3cd24aa0af114855987a490c7d44632d
Nov 30 22:40:34 np0005540556.novalocal container-server[97343]: ::1 - - [01/Dec/2025:03:40:34 +0000] "GET /2/154227/AUTH_602f37ceccf647698ef9e0fe4d0d45d5/gnocchi.4d8da67d-78f9-4070-965f-f459eb6cfc65" 200 2 "GET https://[::1]:8080/v1/AUTH_602f37ceccf647698ef9e0fe4d0d45d5/gnocchi.4d8da67d-78f9-4070-965f-f459eb6cfc65?format=json&marker=none_v3&states=listing" "tx375b2a6c347d4cd6a8c05-00692d0e32" "proxy-server 98624" 0.0183 "-" 97343 0
Nov 30 22:40:34 np0005540556.novalocal proxy-server[98624]: ::1 ::1 01/Dec/2025/03/40/34 GET /v1/AUTH_602f37ceccf647698ef9e0fe4d0d45d5/gnocchi.4d8da67d-78f9-4070-965f-f459eb6cfc65%3Fformat%3Djson%26marker%3Dnone_v3%26states%3Dlisting HTTP/1.0 200 - python-swiftclient-4.8.0 gAAAAABpLQ4jjy8F... - 2 - tx375b2a6c347d4cd6a8c05-00692d0e32 - 0.0250 - - 1764560434.480057001 1764560434.505018473 0 3cd24aa0af114855987a490c7d44632d
Nov 30 22:40:34 np0005540556.novalocal object-server[97640]: ::1 - - [01/Dec/2025:03:40:34 +0000] "GET /2/181278/AUTH_602f37ceccf647698ef9e0fe4d0d45d5/gnocchi.4d8da67d-78f9-4070-965f-f459eb6cfc65/1763640000.0_mean_300.0_v3" 200 16 "GET https://[::1]:8080/v1/AUTH_602f37ceccf647698ef9e0fe4d0d45d5/gnocchi.4d8da67d-78f9-4070-965f-f459eb6cfc65/1763640000.0_mean_300.0_v3" "txb7e59c593bb24f5291d6e-00692d0e32" "proxy-server 98624" 0.0009 "-" 97640 0
Nov 30 22:40:34 np0005540556.novalocal proxy-server[98624]: ::1 ::1 01/Dec/2025/03/40/34 GET /v1/AUTH_602f37ceccf647698ef9e0fe4d0d45d5/gnocchi.4d8da67d-78f9-4070-965f-f459eb6cfc65/1763640000.0_mean_300.0_v3 HTTP/1.0 200 - python-swiftclient-4.8.0 gAAAAABpLQ4jjy8F... - 16 - txb7e59c593bb24f5291d6e-00692d0e32 - 0.0066 - - 1764560434.507743597 1764560434.514339924 0 3cd24aa0af114855987a490c7d44632d
Nov 30 22:40:34 np0005540556.novalocal container-server[97342]: ::1 - - [01/Dec/2025:03:40:34 +0000] "PUT /2/154227/AUTH_602f37ceccf647698ef9e0fe4d0d45d5/gnocchi.4d8da67d-78f9-4070-965f-f459eb6cfc65/1763640000.0_mean_300.0_v3" 201 - "PUT http://[::1]:8080/2/181278/AUTH_602f37ceccf647698ef9e0fe4d0d45d5/gnocchi.4d8da67d-78f9-4070-965f-f459eb6cfc65/1763640000.0_mean_300.0_v3" "txe53f356daf9a49399b0ee-00692d0e32" "object-server 97639" 0.0005 "-" 97342 0
Nov 30 22:40:34 np0005540556.novalocal container-server[97343]: ::1 - - [01/Dec/2025:03:40:34 +0000] "PUT /1/154227/AUTH_602f37ceccf647698ef9e0fe4d0d45d5/gnocchi.4d8da67d-78f9-4070-965f-f459eb6cfc65/1763640000.0_mean_300.0_v3" 201 - "PUT http://[::1]:8080/3/181278/AUTH_602f37ceccf647698ef9e0fe4d0d45d5/gnocchi.4d8da67d-78f9-4070-965f-f459eb6cfc65/1763640000.0_mean_300.0_v3" "txe53f356daf9a49399b0ee-00692d0e32" "object-server 97640" 0.0005 "-" 97343 0
Nov 30 22:40:34 np0005540556.novalocal container-server[97342]: ::1 - - [01/Dec/2025:03:40:34 +0000] "PUT /3/154227/AUTH_602f37ceccf647698ef9e0fe4d0d45d5/gnocchi.4d8da67d-78f9-4070-965f-f459eb6cfc65/1763640000.0_mean_300.0_v3" 201 - "PUT http://[::1]:8080/1/181278/AUTH_602f37ceccf647698ef9e0fe4d0d45d5/gnocchi.4d8da67d-78f9-4070-965f-f459eb6cfc65/1763640000.0_mean_300.0_v3" "txe53f356daf9a49399b0ee-00692d0e32" "object-server 97640" 0.0003 "-" 97342 0
Nov 30 22:40:34 np0005540556.novalocal object-server[97640]: ::1 - - [01/Dec/2025:03:40:34 +0000] "PUT /3/181278/AUTH_602f37ceccf647698ef9e0fe4d0d45d5/gnocchi.4d8da67d-78f9-4070-965f-f459eb6cfc65/1763640000.0_mean_300.0_v3" 201 - "PUT https://[::1]:8080/v1/AUTH_602f37ceccf647698ef9e0fe4d0d45d5/gnocchi.4d8da67d-78f9-4070-965f-f459eb6cfc65/1763640000.0_mean_300.0_v3" "txe53f356daf9a49399b0ee-00692d0e32" "proxy-server 98624" 0.0135 "-" 97640 0
Nov 30 22:40:34 np0005540556.novalocal object-server[97639]: ::1 - - [01/Dec/2025:03:40:34 +0000] "PUT /2/181278/AUTH_602f37ceccf647698ef9e0fe4d0d45d5/gnocchi.4d8da67d-78f9-4070-965f-f459eb6cfc65/1763640000.0_mean_300.0_v3" 201 - "PUT https://[::1]:8080/v1/AUTH_602f37ceccf647698ef9e0fe4d0d45d5/gnocchi.4d8da67d-78f9-4070-965f-f459eb6cfc65/1763640000.0_mean_300.0_v3" "txe53f356daf9a49399b0ee-00692d0e32" "proxy-server 98624" 0.0129 "-" 97639 0
Nov 30 22:40:34 np0005540556.novalocal object-server[97640]: ::1 - - [01/Dec/2025:03:40:34 +0000] "PUT /1/181278/AUTH_602f37ceccf647698ef9e0fe4d0d45d5/gnocchi.4d8da67d-78f9-4070-965f-f459eb6cfc65/1763640000.0_mean_300.0_v3" 201 - "PUT https://[::1]:8080/v1/AUTH_602f37ceccf647698ef9e0fe4d0d45d5/gnocchi.4d8da67d-78f9-4070-965f-f459eb6cfc65/1763640000.0_mean_300.0_v3" "txe53f356daf9a49399b0ee-00692d0e32" "proxy-server 98624" 0.0134 "-" 97640 0
Nov 30 22:40:34 np0005540556.novalocal proxy-server[98624]: ::1 ::1 01/Dec/2025/03/40/34 PUT /v1/AUTH_602f37ceccf647698ef9e0fe4d0d45d5/gnocchi.4d8da67d-78f9-4070-965f-f459eb6cfc65/1763640000.0_mean_300.0_v3 HTTP/1.0 201 - python-swiftclient-4.8.0 gAAAAABpLQ4jjy8F... 16 - - txe53f356daf9a49399b0ee-00692d0e32 - 0.0207 - - 1764560434.516441345 1764560434.537142992 0 3cd24aa0af114855987a490c7d44632d
Nov 30 22:40:34 np0005540556.novalocal container-server[97343]: ::1 - - [01/Dec/2025:03:40:34 +0000] "PUT /2/154227/AUTH_602f37ceccf647698ef9e0fe4d0d45d5/gnocchi.4d8da67d-78f9-4070-965f-f459eb6cfc65/none_v3" 201 - "PUT http://[::1]:8080/2/253242/AUTH_602f37ceccf647698ef9e0fe4d0d45d5/gnocchi.4d8da67d-78f9-4070-965f-f459eb6cfc65/none_v3" "txcab0fb83cbd749c19b21e-00692d0e32" "object-server 97640" 0.0006 "-" 97343 0
Nov 30 22:40:34 np0005540556.novalocal object-server[97640]: ::1 - - [01/Dec/2025:03:40:34 +0000] "PUT /2/253242/AUTH_602f37ceccf647698ef9e0fe4d0d45d5/gnocchi.4d8da67d-78f9-4070-965f-f459eb6cfc65/none_v3" 201 - "PUT https://[::1]:8080/v1/AUTH_602f37ceccf647698ef9e0fe4d0d45d5/gnocchi.4d8da67d-78f9-4070-965f-f459eb6cfc65/none_v3" "txcab0fb83cbd749c19b21e-00692d0e32" "proxy-server 98624" 0.0148 "-" 97640 0
Nov 30 22:40:34 np0005540556.novalocal container-server[97342]: ::1 - - [01/Dec/2025:03:40:34 +0000] "PUT /3/154227/AUTH_602f37ceccf647698ef9e0fe4d0d45d5/gnocchi.4d8da67d-78f9-4070-965f-f459eb6cfc65/none_v3" 201 - "PUT http://[::1]:8080/3/253242/AUTH_602f37ceccf647698ef9e0fe4d0d45d5/gnocchi.4d8da67d-78f9-4070-965f-f459eb6cfc65/none_v3" "txcab0fb83cbd749c19b21e-00692d0e32" "object-server 97640" 0.0005 "-" 97342 0
Nov 30 22:40:34 np0005540556.novalocal container-server[97343]: ::1 - - [01/Dec/2025:03:40:34 +0000] "PUT /1/154227/AUTH_602f37ceccf647698ef9e0fe4d0d45d5/gnocchi.4d8da67d-78f9-4070-965f-f459eb6cfc65/none_v3" 201 - "PUT http://[::1]:8080/1/253242/AUTH_602f37ceccf647698ef9e0fe4d0d45d5/gnocchi.4d8da67d-78f9-4070-965f-f459eb6cfc65/none_v3" "txcab0fb83cbd749c19b21e-00692d0e32" "object-server 97640" 0.0010 "-" 97343 0
Nov 30 22:40:34 np0005540556.novalocal object-server[97640]: ::1 - - [01/Dec/2025:03:40:34 +0000] "PUT /3/253242/AUTH_602f37ceccf647698ef9e0fe4d0d45d5/gnocchi.4d8da67d-78f9-4070-965f-f459eb6cfc65/none_v3" 201 - "PUT https://[::1]:8080/v1/AUTH_602f37ceccf647698ef9e0fe4d0d45d5/gnocchi.4d8da67d-78f9-4070-965f-f459eb6cfc65/none_v3" "txcab0fb83cbd749c19b21e-00692d0e32" "proxy-server 98624" 0.0240 "-" 97640 0
Nov 30 22:40:34 np0005540556.novalocal object-server[97640]: ::1 - - [01/Dec/2025:03:40:34 +0000] "PUT /1/253242/AUTH_602f37ceccf647698ef9e0fe4d0d45d5/gnocchi.4d8da67d-78f9-4070-965f-f459eb6cfc65/none_v3" 201 - "PUT https://[::1]:8080/v1/AUTH_602f37ceccf647698ef9e0fe4d0d45d5/gnocchi.4d8da67d-78f9-4070-965f-f459eb6cfc65/none_v3" "txcab0fb83cbd749c19b21e-00692d0e32" "proxy-server 98624" 0.0238 "-" 97640 0
Nov 30 22:40:34 np0005540556.novalocal proxy-server[98624]: ::1 ::1 01/Dec/2025/03/40/34 PUT /v1/AUTH_602f37ceccf647698ef9e0fe4d0d45d5/gnocchi.4d8da67d-78f9-4070-965f-f459eb6cfc65/none_v3 HTTP/1.0 201 - python-swiftclient-4.8.0 gAAAAABpLQ4jjy8F... 46 - - txcab0fb83cbd749c19b21e-00692d0e32 - 0.0328 - - 1764560434.539581537 1764560434.572423935 0 3cd24aa0af114855987a490c7d44632d
Nov 30 22:40:34 np0005540556.novalocal container-server[97342]: ::1 - - [01/Dec/2025:03:40:34 +0000] "HEAD /2/151407/AUTH_602f37ceccf647698ef9e0fe4d0d45d5/gnocchi.6d074ab0-76ac-4987-ae19-eaeb7718bd73" 404 - "HEAD http://[::1]:8080/v1/AUTH_602f37ceccf647698ef9e0fe4d0d45d5/gnocchi.6d074ab0-76ac-4987-ae19-eaeb7718bd73" "tx851890553af74dbba1af2-00692d0e32" "proxy-server 98624" 0.0005 "-" 97342 0
Nov 30 22:40:34 np0005540556.novalocal container-server[97342]: ::1 - - [01/Dec/2025:03:40:34 +0000] "HEAD /3/151407/AUTH_602f37ceccf647698ef9e0fe4d0d45d5/gnocchi.6d074ab0-76ac-4987-ae19-eaeb7718bd73" 404 - "HEAD http://[::1]:8080/v1/AUTH_602f37ceccf647698ef9e0fe4d0d45d5/gnocchi.6d074ab0-76ac-4987-ae19-eaeb7718bd73" "tx851890553af74dbba1af2-00692d0e32" "proxy-server 98624" 0.0003 "-" 97342 0
Nov 30 22:40:34 np0005540556.novalocal container-server[97342]: ::1 - - [01/Dec/2025:03:40:34 +0000] "HEAD /1/151407/AUTH_602f37ceccf647698ef9e0fe4d0d45d5/gnocchi.6d074ab0-76ac-4987-ae19-eaeb7718bd73" 404 - "HEAD http://[::1]:8080/v1/AUTH_602f37ceccf647698ef9e0fe4d0d45d5/gnocchi.6d074ab0-76ac-4987-ae19-eaeb7718bd73" "tx851890553af74dbba1af2-00692d0e32" "proxy-server 98624" 0.0003 "-" 97342 0
Nov 30 22:40:34 np0005540556.novalocal proxy-server[98624]: - - 01/Dec/2025/03/40/34 HEAD /v1/AUTH_602f37ceccf647698ef9e0fe4d0d45d5/gnocchi.6d074ab0-76ac-4987-ae19-eaeb7718bd73 HTTP/1.0 404 - Swift - - - - tx851890553af74dbba1af2-00692d0e32 - 0.0092 CS - 1764560434.590615988 1764560434.599824667 0 -
Nov 30 22:40:34 np0005540556.novalocal object-server[97640]: ::1 - - [01/Dec/2025:03:40:34 +0000] "GET /3/683/AUTH_602f37ceccf647698ef9e0fe4d0d45d5/gnocchi.6d074ab0-76ac-4987-ae19-eaeb7718bd73/none_v3" 404 70 "GET https://[::1]:8080/v1/AUTH_602f37ceccf647698ef9e0fe4d0d45d5/gnocchi.6d074ab0-76ac-4987-ae19-eaeb7718bd73/none_v3" "tx851890553af74dbba1af2-00692d0e32" "proxy-server 98624" 0.0004 "-" 97640 0
Nov 30 22:40:34 np0005540556.novalocal object-server[97639]: ::1 - - [01/Dec/2025:03:40:34 +0000] "GET /1/683/AUTH_602f37ceccf647698ef9e0fe4d0d45d5/gnocchi.6d074ab0-76ac-4987-ae19-eaeb7718bd73/none_v3" 404 70 "GET https://[::1]:8080/v1/AUTH_602f37ceccf647698ef9e0fe4d0d45d5/gnocchi.6d074ab0-76ac-4987-ae19-eaeb7718bd73/none_v3" "tx851890553af74dbba1af2-00692d0e32" "proxy-server 98624" 0.0018 "-" 97639 0
Nov 30 22:40:34 np0005540556.novalocal object-server[97639]: ::1 - - [01/Dec/2025:03:40:34 +0000] "GET /2/683/AUTH_602f37ceccf647698ef9e0fe4d0d45d5/gnocchi.6d074ab0-76ac-4987-ae19-eaeb7718bd73/none_v3" 404 70 "GET https://[::1]:8080/v1/AUTH_602f37ceccf647698ef9e0fe4d0d45d5/gnocchi.6d074ab0-76ac-4987-ae19-eaeb7718bd73/none_v3" "tx851890553af74dbba1af2-00692d0e32" "proxy-server 98624" 0.0004 "-" 97639 0
Nov 30 22:40:34 np0005540556.novalocal proxy-server[98624]: ::1 ::1 01/Dec/2025/03/40/34 GET /v1/AUTH_602f37ceccf647698ef9e0fe4d0d45d5/gnocchi.6d074ab0-76ac-4987-ae19-eaeb7718bd73/none_v3 HTTP/1.0 404 - python-swiftclient-4.8.0 gAAAAABpLQ4jjy8F... - 70 - tx851890553af74dbba1af2-00692d0e32 - 0.0233 - - 1764560434.589661598 1764560434.612998247 0 3cd24aa0af114855987a490c7d44632d
Nov 30 22:40:34 np0005540556.novalocal account-server[97043]: ::1 - - [01/Dec/2025:03:40:34 +0000] "PUT /3/108421/AUTH_602f37ceccf647698ef9e0fe4d0d45d5/gnocchi.6d074ab0-76ac-4987-ae19-eaeb7718bd73" 201 - "PUT http://[::1]:6001/3/151407/AUTH_602f37ceccf647698ef9e0fe4d0d45d5/gnocchi.6d074ab0-76ac-4987-ae19-eaeb7718bd73" "tx8dcd6e9c29da4587a2932-00692d0e32" "container-server 97343" 0.0065 "-" 97043 0
Nov 30 22:40:34 np0005540556.novalocal container-server[97343]: ::1 - - [01/Dec/2025:03:40:34 +0000] "PUT /3/151407/AUTH_602f37ceccf647698ef9e0fe4d0d45d5/gnocchi.6d074ab0-76ac-4987-ae19-eaeb7718bd73" 201 - "PUT https://[::1]:8080/v1/AUTH_602f37ceccf647698ef9e0fe4d0d45d5/gnocchi.6d074ab0-76ac-4987-ae19-eaeb7718bd73" "tx8dcd6e9c29da4587a2932-00692d0e32" "proxy-server 98624" 0.0179 "-" 97343 0
Nov 30 22:40:34 np0005540556.novalocal account-server[97043]: ::1 - - [01/Dec/2025:03:40:34 +0000] "PUT /2/108421/AUTH_602f37ceccf647698ef9e0fe4d0d45d5/gnocchi.6d074ab0-76ac-4987-ae19-eaeb7718bd73" 201 - "PUT http://[::1]:6001/1/151407/AUTH_602f37ceccf647698ef9e0fe4d0d45d5/gnocchi.6d074ab0-76ac-4987-ae19-eaeb7718bd73" "tx8dcd6e9c29da4587a2932-00692d0e32" "container-server 97342" 0.0076 "-" 97043 0
Nov 30 22:40:34 np0005540556.novalocal container-server[97342]: ::1 - - [01/Dec/2025:03:40:34 +0000] "PUT /1/151407/AUTH_602f37ceccf647698ef9e0fe4d0d45d5/gnocchi.6d074ab0-76ac-4987-ae19-eaeb7718bd73" 201 - "PUT https://[::1]:8080/v1/AUTH_602f37ceccf647698ef9e0fe4d0d45d5/gnocchi.6d074ab0-76ac-4987-ae19-eaeb7718bd73" "tx8dcd6e9c29da4587a2932-00692d0e32" "proxy-server 98624" 0.0377 "-" 97342 0
Nov 30 22:40:34 np0005540556.novalocal account-server[97043]: ::1 - - [01/Dec/2025:03:40:34 +0000] "PUT /1/108421/AUTH_602f37ceccf647698ef9e0fe4d0d45d5/gnocchi.6d074ab0-76ac-4987-ae19-eaeb7718bd73" 201 - "PUT http://[::1]:6001/2/151407/AUTH_602f37ceccf647698ef9e0fe4d0d45d5/gnocchi.6d074ab0-76ac-4987-ae19-eaeb7718bd73" "tx8dcd6e9c29da4587a2932-00692d0e32" "container-server 97342" 0.0154 "-" 97043 0
Nov 30 22:40:34 np0005540556.novalocal container-server[97342]: ::1 - - [01/Dec/2025:03:40:34 +0000] "PUT /2/151407/AUTH_602f37ceccf647698ef9e0fe4d0d45d5/gnocchi.6d074ab0-76ac-4987-ae19-eaeb7718bd73" 201 - "PUT https://[::1]:8080/v1/AUTH_602f37ceccf647698ef9e0fe4d0d45d5/gnocchi.6d074ab0-76ac-4987-ae19-eaeb7718bd73" "tx8dcd6e9c29da4587a2932-00692d0e32" "proxy-server 98624" 0.0356 "-" 97342 0
Nov 30 22:40:34 np0005540556.novalocal proxy-server[98624]: ::1 ::1 01/Dec/2025/03/40/34 PUT /v1/AUTH_602f37ceccf647698ef9e0fe4d0d45d5/gnocchi.6d074ab0-76ac-4987-ae19-eaeb7718bd73 HTTP/1.0 201 - python-swiftclient-4.8.0 gAAAAABpLQ4jjy8F... - - - tx8dcd6e9c29da4587a2932-00692d0e32 - 0.0662 - - 1764560434.614946365 1764560434.681173563 0 3cd24aa0af114855987a490c7d44632d
Nov 30 22:40:34 np0005540556.novalocal container-server[97343]: ::1 - - [01/Dec/2025:03:40:34 +0000] "HEAD /2/151407/AUTH_602f37ceccf647698ef9e0fe4d0d45d5/gnocchi.6d074ab0-76ac-4987-ae19-eaeb7718bd73" 204 - "HEAD http://[::1]:8080/v1/AUTH_602f37ceccf647698ef9e0fe4d0d45d5/gnocchi.6d074ab0-76ac-4987-ae19-eaeb7718bd73" "tx45ed7203285a4430a1043-00692d0e32" "proxy-server 98624" 0.0022 "-" 97343 0
Nov 30 22:40:34 np0005540556.novalocal proxy-server[98624]: - - 01/Dec/2025/03/40/34 HEAD /v1/AUTH_602f37ceccf647698ef9e0fe4d0d45d5/gnocchi.6d074ab0-76ac-4987-ae19-eaeb7718bd73 HTTP/1.0 204 - Swift - - - - tx45ed7203285a4430a1043-00692d0e32 - 0.0050 CS - 1764560434.689273834 1764560434.694298267 0 -
Nov 30 22:40:34 np0005540556.novalocal container-server[97343]: ::1 - - [01/Dec/2025:03:40:34 +0000] "GET /3/151407/AUTH_602f37ceccf647698ef9e0fe4d0d45d5/gnocchi.6d074ab0-76ac-4987-ae19-eaeb7718bd73" 200 2 "GET https://[::1]:8080/v1/AUTH_602f37ceccf647698ef9e0fe4d0d45d5/gnocchi.6d074ab0-76ac-4987-ae19-eaeb7718bd73?format=json&states=listing" "tx45ed7203285a4430a1043-00692d0e32" "proxy-server 98624" 0.0025 "-" 97343 0
Nov 30 22:40:34 np0005540556.novalocal proxy-server[98624]: ::1 ::1 01/Dec/2025/03/40/34 GET /v1/AUTH_602f37ceccf647698ef9e0fe4d0d45d5/gnocchi.6d074ab0-76ac-4987-ae19-eaeb7718bd73%3Fformat%3Djson%26states%3Dlisting HTTP/1.0 200 - python-swiftclient-4.8.0 gAAAAABpLQ4jjy8F... - 2 - tx45ed7203285a4430a1043-00692d0e32 - 0.0174 - - 1764560434.684736490 1764560434.702183723 0 3cd24aa0af114855987a490c7d44632d
Nov 30 22:40:34 np0005540556.novalocal object-server[97639]: ::1 - - [01/Dec/2025:03:40:34 +0000] "GET /3/211540/AUTH_602f37ceccf647698ef9e0fe4d0d45d5/gnocchi.6d074ab0-76ac-4987-ae19-eaeb7718bd73/1763640000.0_mean_300.0_v3" 404 70 "GET https://[::1]:8080/v1/AUTH_602f37ceccf647698ef9e0fe4d0d45d5/gnocchi.6d074ab0-76ac-4987-ae19-eaeb7718bd73/1763640000.0_mean_300.0_v3" "txf907ccc846724d9988f5e-00692d0e32" "proxy-server 98624" 0.0005 "-" 97639 0
Nov 30 22:40:34 np0005540556.novalocal object-server[97640]: ::1 - - [01/Dec/2025:03:40:34 +0000] "GET /1/211540/AUTH_602f37ceccf647698ef9e0fe4d0d45d5/gnocchi.6d074ab0-76ac-4987-ae19-eaeb7718bd73/1763640000.0_mean_300.0_v3" 404 70 "GET https://[::1]:8080/v1/AUTH_602f37ceccf647698ef9e0fe4d0d45d5/gnocchi.6d074ab0-76ac-4987-ae19-eaeb7718bd73/1763640000.0_mean_300.0_v3" "txf907ccc846724d9988f5e-00692d0e32" "proxy-server 98624" 0.0003 "-" 97640 0
Nov 30 22:40:34 np0005540556.novalocal object-server[97640]: ::1 - - [01/Dec/2025:03:40:34 +0000] "GET /2/211540/AUTH_602f37ceccf647698ef9e0fe4d0d45d5/gnocchi.6d074ab0-76ac-4987-ae19-eaeb7718bd73/1763640000.0_mean_300.0_v3" 404 70 "GET https://[::1]:8080/v1/AUTH_602f37ceccf647698ef9e0fe4d0d45d5/gnocchi.6d074ab0-76ac-4987-ae19-eaeb7718bd73/1763640000.0_mean_300.0_v3" "txf907ccc846724d9988f5e-00692d0e32" "proxy-server 98624" 0.0002 "-" 97640 0
Nov 30 22:40:34 np0005540556.novalocal proxy-server[98624]: ::1 ::1 01/Dec/2025/03/40/34 GET /v1/AUTH_602f37ceccf647698ef9e0fe4d0d45d5/gnocchi.6d074ab0-76ac-4987-ae19-eaeb7718bd73/1763640000.0_mean_300.0_v3 HTTP/1.0 404 - python-swiftclient-4.8.0 gAAAAABpLQ4jjy8F... - 70 - txf907ccc846724d9988f5e-00692d0e32 - 0.0103 - - 1764560434.705209017 1764560434.715470552 0 3cd24aa0af114855987a490c7d44632d
Nov 30 22:40:34 np0005540556.novalocal container-server[97343]: ::1 - - [01/Dec/2025:03:40:34 +0000] "PUT /3/151407/AUTH_602f37ceccf647698ef9e0fe4d0d45d5/gnocchi.6d074ab0-76ac-4987-ae19-eaeb7718bd73/1763640000.0_mean_300.0_v3" 201 - "PUT http://[::1]:8080/1/211540/AUTH_602f37ceccf647698ef9e0fe4d0d45d5/gnocchi.6d074ab0-76ac-4987-ae19-eaeb7718bd73/1763640000.0_mean_300.0_v3" "tx9f11a434d739424bbb0e5-00692d0e32" "object-server 97640" 0.0006 "-" 97343 0
Nov 30 22:40:34 np0005540556.novalocal object-server[97640]: ::1 - - [01/Dec/2025:03:40:34 +0000] "PUT /1/211540/AUTH_602f37ceccf647698ef9e0fe4d0d45d5/gnocchi.6d074ab0-76ac-4987-ae19-eaeb7718bd73/1763640000.0_mean_300.0_v3" 201 - "PUT https://[::1]:8080/v1/AUTH_602f37ceccf647698ef9e0fe4d0d45d5/gnocchi.6d074ab0-76ac-4987-ae19-eaeb7718bd73/1763640000.0_mean_300.0_v3" "tx9f11a434d739424bbb0e5-00692d0e32" "proxy-server 98624" 0.0181 "-" 97640 0
Nov 30 22:40:34 np0005540556.novalocal container-server[97343]: ::1 - - [01/Dec/2025:03:40:34 +0000] "PUT /2/151407/AUTH_602f37ceccf647698ef9e0fe4d0d45d5/gnocchi.6d074ab0-76ac-4987-ae19-eaeb7718bd73/1763640000.0_mean_300.0_v3" 201 - "PUT http://[::1]:8080/3/211540/AUTH_602f37ceccf647698ef9e0fe4d0d45d5/gnocchi.6d074ab0-76ac-4987-ae19-eaeb7718bd73/1763640000.0_mean_300.0_v3" "tx9f11a434d739424bbb0e5-00692d0e32" "object-server 97640" 0.0008 "-" 97343 0
Nov 30 22:40:34 np0005540556.novalocal container-server[97342]: ::1 - - [01/Dec/2025:03:40:34 +0000] "PUT /1/151407/AUTH_602f37ceccf647698ef9e0fe4d0d45d5/gnocchi.6d074ab0-76ac-4987-ae19-eaeb7718bd73/1763640000.0_mean_300.0_v3" 201 - "PUT http://[::1]:8080/2/211540/AUTH_602f37ceccf647698ef9e0fe4d0d45d5/gnocchi.6d074ab0-76ac-4987-ae19-eaeb7718bd73/1763640000.0_mean_300.0_v3" "tx9f11a434d739424bbb0e5-00692d0e32" "object-server 97640" 0.0006 "-" 97342 0
Nov 30 22:40:34 np0005540556.novalocal object-server[97640]: ::1 - - [01/Dec/2025:03:40:34 +0000] "PUT /3/211540/AUTH_602f37ceccf647698ef9e0fe4d0d45d5/gnocchi.6d074ab0-76ac-4987-ae19-eaeb7718bd73/1763640000.0_mean_300.0_v3" 201 - "PUT https://[::1]:8080/v1/AUTH_602f37ceccf647698ef9e0fe4d0d45d5/gnocchi.6d074ab0-76ac-4987-ae19-eaeb7718bd73/1763640000.0_mean_300.0_v3" "tx9f11a434d739424bbb0e5-00692d0e32" "proxy-server 98624" 0.0228 "-" 97640 0
Nov 30 22:40:34 np0005540556.novalocal object-server[97640]: ::1 - - [01/Dec/2025:03:40:34 +0000] "PUT /2/211540/AUTH_602f37ceccf647698ef9e0fe4d0d45d5/gnocchi.6d074ab0-76ac-4987-ae19-eaeb7718bd73/1763640000.0_mean_300.0_v3" 201 - "PUT https://[::1]:8080/v1/AUTH_602f37ceccf647698ef9e0fe4d0d45d5/gnocchi.6d074ab0-76ac-4987-ae19-eaeb7718bd73/1763640000.0_mean_300.0_v3" "tx9f11a434d739424bbb0e5-00692d0e32" "proxy-server 98624" 0.0182 "-" 97640 0
Nov 30 22:40:34 np0005540556.novalocal proxy-server[98624]: ::1 ::1 01/Dec/2025/03/40/34 PUT /v1/AUTH_602f37ceccf647698ef9e0fe4d0d45d5/gnocchi.6d074ab0-76ac-4987-ae19-eaeb7718bd73/1763640000.0_mean_300.0_v3 HTTP/1.0 201 - python-swiftclient-4.8.0 gAAAAABpLQ4jjy8F... 16 - - tx9f11a434d739424bbb0e5-00692d0e32 - 0.0316 - - 1764560434.718077421 1764560434.749646902 0 3cd24aa0af114855987a490c7d44632d
Nov 30 22:40:34 np0005540556.novalocal container-server[97343]: ::1 - - [01/Dec/2025:03:40:34 +0000] "PUT /3/151407/AUTH_602f37ceccf647698ef9e0fe4d0d45d5/gnocchi.6d074ab0-76ac-4987-ae19-eaeb7718bd73/none_v3" 201 - "PUT http://[::1]:8080/3/683/AUTH_602f37ceccf647698ef9e0fe4d0d45d5/gnocchi.6d074ab0-76ac-4987-ae19-eaeb7718bd73/none_v3" "tx423580a41a3647c5aac41-00692d0e32" "object-server 97640" 0.0008 "-" 97343 0
Nov 30 22:40:34 np0005540556.novalocal object-server[97640]: ::1 - - [01/Dec/2025:03:40:34 +0000] "PUT /3/683/AUTH_602f37ceccf647698ef9e0fe4d0d45d5/gnocchi.6d074ab0-76ac-4987-ae19-eaeb7718bd73/none_v3" 201 - "PUT https://[::1]:8080/v1/AUTH_602f37ceccf647698ef9e0fe4d0d45d5/gnocchi.6d074ab0-76ac-4987-ae19-eaeb7718bd73/none_v3" "tx423580a41a3647c5aac41-00692d0e32" "proxy-server 98624" 0.0111 "-" 97640 0
Nov 30 22:40:34 np0005540556.novalocal container-server[97343]: ::1 - - [01/Dec/2025:03:40:34 +0000] "PUT /2/151407/AUTH_602f37ceccf647698ef9e0fe4d0d45d5/gnocchi.6d074ab0-76ac-4987-ae19-eaeb7718bd73/none_v3" 201 - "PUT http://[::1]:8080/1/683/AUTH_602f37ceccf647698ef9e0fe4d0d45d5/gnocchi.6d074ab0-76ac-4987-ae19-eaeb7718bd73/none_v3" "tx423580a41a3647c5aac41-00692d0e32" "object-server 97639" 0.0006 "-" 97343 0
Nov 30 22:40:34 np0005540556.novalocal container-server[97342]: ::1 - - [01/Dec/2025:03:40:34 +0000] "PUT /1/151407/AUTH_602f37ceccf647698ef9e0fe4d0d45d5/gnocchi.6d074ab0-76ac-4987-ae19-eaeb7718bd73/none_v3" 201 - "PUT http://[::1]:8080/2/683/AUTH_602f37ceccf647698ef9e0fe4d0d45d5/gnocchi.6d074ab0-76ac-4987-ae19-eaeb7718bd73/none_v3" "tx423580a41a3647c5aac41-00692d0e32" "object-server 97639" 0.0008 "-" 97342 0
Nov 30 22:40:34 np0005540556.novalocal object-server[97639]: ::1 - - [01/Dec/2025:03:40:34 +0000] "PUT /1/683/AUTH_602f37ceccf647698ef9e0fe4d0d45d5/gnocchi.6d074ab0-76ac-4987-ae19-eaeb7718bd73/none_v3" 201 - "PUT https://[::1]:8080/v1/AUTH_602f37ceccf647698ef9e0fe4d0d45d5/gnocchi.6d074ab0-76ac-4987-ae19-eaeb7718bd73/none_v3" "tx423580a41a3647c5aac41-00692d0e32" "proxy-server 98624" 0.0128 "-" 97639 0
Nov 30 22:40:34 np0005540556.novalocal object-server[97639]: ::1 - - [01/Dec/2025:03:40:34 +0000] "PUT /2/683/AUTH_602f37ceccf647698ef9e0fe4d0d45d5/gnocchi.6d074ab0-76ac-4987-ae19-eaeb7718bd73/none_v3" 201 - "PUT https://[::1]:8080/v1/AUTH_602f37ceccf647698ef9e0fe4d0d45d5/gnocchi.6d074ab0-76ac-4987-ae19-eaeb7718bd73/none_v3" "tx423580a41a3647c5aac41-00692d0e32" "proxy-server 98624" 0.0126 "-" 97639 0
Nov 30 22:40:34 np0005540556.novalocal proxy-server[98624]: ::1 ::1 01/Dec/2025/03/40/34 PUT /v1/AUTH_602f37ceccf647698ef9e0fe4d0d45d5/gnocchi.6d074ab0-76ac-4987-ae19-eaeb7718bd73/none_v3 HTTP/1.0 201 - python-swiftclient-4.8.0 gAAAAABpLQ4jjy8F... 22 - - tx423580a41a3647c5aac41-00692d0e32 - 0.0215 - - 1764560434.752091169 1764560434.773583889 0 3cd24aa0af114855987a490c7d44632d
Nov 30 22:40:34 np0005540556.novalocal container-server[97343]: ::1 - - [01/Dec/2025:03:40:34 +0000] "HEAD /1/186217/AUTH_602f37ceccf647698ef9e0fe4d0d45d5/gnocchi.51d6359f-af70-47c2-b503-2aefaaa86afa" 404 - "HEAD http://[::1]:8080/v1/AUTH_602f37ceccf647698ef9e0fe4d0d45d5/gnocchi.51d6359f-af70-47c2-b503-2aefaaa86afa" "txc5cb599be75e4268b711a-00692d0e32" "proxy-server 98624" 0.0005 "-" 97343 0
Nov 30 22:40:34 np0005540556.novalocal sudo[104823]: pam_unix(sudo:session): session closed for user root
