Nov 30 22:41:36 np0005540556.novalocal container-server[97343]: ::1 - - [01/Dec/2025:03:41:36 +0000] "GET /2/249180/.misplaced_objects/1764558000" 404 - "GET http://localhost/v1/.misplaced_objects/1764558000?format=json&marker=&end_marker=&prefix=&states=listing" "tx77fbf0aa3e624a6191a9c-00692d0e70" "Swift Container Reconciler" 0.0005 "-" 97343 0
Nov 30 22:41:36 np0005540556.novalocal container-server[97342]: ::1 - - [01/Dec/2025:03:41:36 +0000] "GET /3/249180/.misplaced_objects/1764558000" 404 - "GET http://localhost/v1/.misplaced_objects/1764558000?format=json&marker=&end_marker=&prefix=&states=listing" "tx77fbf0aa3e624a6191a9c-00692d0e70" "Swift Container Reconciler" 0.0009 "-" 97342 0
Nov 30 22:41:36 np0005540556.novalocal object-server[97640]: ::1 - - [01/Dec/2025:03:41:36 +0000] "GET /1/98999/AUTH_602f37ceccf647698ef9e0fe4d0d45d5/gnocchi.1852c118-2266-4e64-9e58-325ffa510756/1763640000.0_mean_300.0_v3" 200 16 "GET https://[::1]:8080/v1/AUTH_602f37ceccf647698ef9e0fe4d0d45d5/gnocchi.1852c118-2266-4e64-9e58-325ffa510756/1763640000.0_mean_300.0_v3" "tx69319467b5134a6888324-00692d0e70" "proxy-server 98624" 0.0011 "-" 97640 0
Nov 30 22:41:36 np0005540556.novalocal proxy-server[98624]: ::1 ::1 01/Dec/2025/03/41/36 GET /v1/AUTH_602f37ceccf647698ef9e0fe4d0d45d5/gnocchi.1852c118-2266-4e64-9e58-325ffa510756/1763640000.0_mean_300.0_v3 HTTP/1.0 200 - python-swiftclient-4.8.0 gAAAAABpLQ4-yMSf... - 16 - tx69319467b5134a6888324-00692d0e70 - 0.0107 - - 1764560496.098795414 1764560496.109486818 0 3cd24aa0af114855987a490c7d44632d
Nov 30 22:41:36 np0005540556.novalocal container-server[97342]: ::1 - - [01/Dec/2025:03:41:36 +0000] "GET /1/249180/.misplaced_objects/1764558000" 404 - "GET http://localhost/v1/.misplaced_objects/1764558000?format=json&marker=&end_marker=&prefix=&states=listing" "tx77fbf0aa3e624a6191a9c-00692d0e70" "Swift Container Reconciler" 0.0008 "-" 97342 0
Nov 30 22:41:36 np0005540556.novalocal container-reconciler-ic[93081]: - - 01/Dec/2025/03/41/36 GET /v1/.misplaced_objects/1764558000%3Fformat%3Djson%26marker%3D%26end_marker%3D%26prefix%3D%26states%3Dlisting HTTP/1.0 404 - Swift%20Container%20Reconciler - - 70 - tx77fbf0aa3e624a6191a9c-00692d0e70 - 0.0373 - - 1764560496.077043295 1764560496.114359379 0 -
Nov 30 22:41:36 np0005540556.novalocal account-server[97043]: ::1 - - [01/Dec/2025:03:41:36 +0000] "GET /2/249817/.misplaced_objects" 404 - "GET http://localhost/v1/.misplaced_objects?format=json&marker=&end_marker=&prefix=" "txcc0bdb4abd324d8ea1d23-00692d0e70" "Swift Container Reconciler" 0.0004 "-" 97043 -
Nov 30 22:41:36 np0005540556.novalocal account-server[97042]: ::1 - - [01/Dec/2025:03:41:36 +0000] "GET /1/249817/.misplaced_objects" 404 - "GET http://localhost/v1/.misplaced_objects?format=json&marker=&end_marker=&prefix=" "txcc0bdb4abd324d8ea1d23-00692d0e70" "Swift Container Reconciler" 0.0005 "-" 97042 -
Nov 30 22:41:36 np0005540556.novalocal account-server[97042]: ::1 - - [01/Dec/2025:03:41:36 +0000] "GET /3/249817/.misplaced_objects" 404 - "GET http://localhost/v1/.misplaced_objects?format=json&marker=&end_marker=&prefix=" "txcc0bdb4abd324d8ea1d23-00692d0e70" "Swift Container Reconciler" 0.0009 "-" 97042 -
Nov 30 22:41:36 np0005540556.novalocal container-reconciler-ic[93081]: - - 01/Dec/2025/03/41/36 GET /v1/.misplaced_objects%3Fformat%3Djson%26marker%3D%26end_marker%3D%26prefix%3D HTTP/1.0 404 - Swift%20Container%20Reconciler - - - - txcc0bdb4abd324d8ea1d23-00692d0e70 - 0.0110 - - 1764560496.115513563 1764560496.126538992 - -
Nov 30 22:41:36 np0005540556.novalocal container-reconciler[93081]: Reconciler Stats: {}
Nov 30 22:41:36 np0005540556.novalocal container-reconciler[93081]: sleeping between intervals (30.0s)
Nov 30 22:41:36 np0005540556.novalocal container-server[97342]: ::1 - - [01/Dec/2025:03:41:36 +0000] "PUT /2/185411/AUTH_602f37ceccf647698ef9e0fe4d0d45d5/gnocchi.1852c118-2266-4e64-9e58-325ffa510756/1763640000.0_mean_300.0_v3" 201 - "PUT http://[::1]:8080/2/98999/AUTH_602f37ceccf647698ef9e0fe4d0d45d5/gnocchi.1852c118-2266-4e64-9e58-325ffa510756/1763640000.0_mean_300.0_v3" "tx931104d12c024f8faf591-00692d0e70" "object-server 97639" 0.0007 "-" 97342 0
Nov 30 22:41:36 np0005540556.novalocal container-server[97343]: ::1 - - [01/Dec/2025:03:41:36 +0000] "PUT /1/185411/AUTH_602f37ceccf647698ef9e0fe4d0d45d5/gnocchi.1852c118-2266-4e64-9e58-325ffa510756/1763640000.0_mean_300.0_v3" 201 - "PUT http://[::1]:8080/3/98999/AUTH_602f37ceccf647698ef9e0fe4d0d45d5/gnocchi.1852c118-2266-4e64-9e58-325ffa510756/1763640000.0_mean_300.0_v3" "tx931104d12c024f8faf591-00692d0e70" "object-server 97640" 0.0014 "-" 97343 0
Nov 30 22:41:36 np0005540556.novalocal container-server[97342]: ::1 - - [01/Dec/2025:03:41:36 +0000] "PUT /3/185411/AUTH_602f37ceccf647698ef9e0fe4d0d45d5/gnocchi.1852c118-2266-4e64-9e58-325ffa510756/1763640000.0_mean_300.0_v3" 201 - "PUT http://[::1]:8080/1/98999/AUTH_602f37ceccf647698ef9e0fe4d0d45d5/gnocchi.1852c118-2266-4e64-9e58-325ffa510756/1763640000.0_mean_300.0_v3" "tx931104d12c024f8faf591-00692d0e70" "object-server 97640" 0.0005 "-" 97342 0
Nov 30 22:41:36 np0005540556.novalocal object-server[97639]: ::1 - - [01/Dec/2025:03:41:36 +0000] "PUT /2/98999/AUTH_602f37ceccf647698ef9e0fe4d0d45d5/gnocchi.1852c118-2266-4e64-9e58-325ffa510756/1763640000.0_mean_300.0_v3" 201 - "PUT https://[::1]:8080/v1/AUTH_602f37ceccf647698ef9e0fe4d0d45d5/gnocchi.1852c118-2266-4e64-9e58-325ffa510756/1763640000.0_mean_300.0_v3" "tx931104d12c024f8faf591-00692d0e70" "proxy-server 98624" 0.0133 "-" 97639 0
Nov 30 22:41:36 np0005540556.novalocal object-server[97640]: ::1 - - [01/Dec/2025:03:41:36 +0000] "PUT /3/98999/AUTH_602f37ceccf647698ef9e0fe4d0d45d5/gnocchi.1852c118-2266-4e64-9e58-325ffa510756/1763640000.0_mean_300.0_v3" 201 - "PUT https://[::1]:8080/v1/AUTH_602f37ceccf647698ef9e0fe4d0d45d5/gnocchi.1852c118-2266-4e64-9e58-325ffa510756/1763640000.0_mean_300.0_v3" "tx931104d12c024f8faf591-00692d0e70" "proxy-server 98624" 0.0174 "-" 97640 0
Nov 30 22:41:36 np0005540556.novalocal object-server[97640]: ::1 - - [01/Dec/2025:03:41:36 +0000] "PUT /1/98999/AUTH_602f37ceccf647698ef9e0fe4d0d45d5/gnocchi.1852c118-2266-4e64-9e58-325ffa510756/1763640000.0_mean_300.0_v3" 201 - "PUT https://[::1]:8080/v1/AUTH_602f37ceccf647698ef9e0fe4d0d45d5/gnocchi.1852c118-2266-4e64-9e58-325ffa510756/1763640000.0_mean_300.0_v3" "tx931104d12c024f8faf591-00692d0e70" "proxy-server 98624" 0.0205 "-" 97640 0
Nov 30 22:41:36 np0005540556.novalocal proxy-server[98624]: ::1 ::1 01/Dec/2025/03/41/36 PUT /v1/AUTH_602f37ceccf647698ef9e0fe4d0d45d5/gnocchi.1852c118-2266-4e64-9e58-325ffa510756/1763640000.0_mean_300.0_v3 HTTP/1.0 201 - python-swiftclient-4.8.0 gAAAAABpLQ4-yMSf... 16 - - tx931104d12c024f8faf591-00692d0e70 - 0.0374 - - 1764560496.113346577 1764560496.150729179 0 3cd24aa0af114855987a490c7d44632d
Nov 30 22:41:36 np0005540556.novalocal container-server[97343]: ::1 - - [01/Dec/2025:03:41:36 +0000] "PUT /2/185411/AUTH_602f37ceccf647698ef9e0fe4d0d45d5/gnocchi.1852c118-2266-4e64-9e58-325ffa510756/none_v3" 201 - "PUT http://[::1]:8080/1/199764/AUTH_602f37ceccf647698ef9e0fe4d0d45d5/gnocchi.1852c118-2266-4e64-9e58-325ffa510756/none_v3" "tx01f22e31aa184bd192933-00692d0e70" "object-server 97640" 0.0010 "-" 97343 0
Nov 30 22:41:36 np0005540556.novalocal container-server[97342]: ::1 - - [01/Dec/2025:03:41:36 +0000] "PUT /3/185411/AUTH_602f37ceccf647698ef9e0fe4d0d45d5/gnocchi.1852c118-2266-4e64-9e58-325ffa510756/none_v3" 201 - "PUT http://[::1]:8080/3/199764/AUTH_602f37ceccf647698ef9e0fe4d0d45d5/gnocchi.1852c118-2266-4e64-9e58-325ffa510756/none_v3" "tx01f22e31aa184bd192933-00692d0e70" "object-server 97640" 0.0006 "-" 97342 0
Nov 30 22:41:36 np0005540556.novalocal object-server[97640]: ::1 - - [01/Dec/2025:03:41:36 +0000] "PUT /1/199764/AUTH_602f37ceccf647698ef9e0fe4d0d45d5/gnocchi.1852c118-2266-4e64-9e58-325ffa510756/none_v3" 201 - "PUT https://[::1]:8080/v1/AUTH_602f37ceccf647698ef9e0fe4d0d45d5/gnocchi.1852c118-2266-4e64-9e58-325ffa510756/none_v3" "tx01f22e31aa184bd192933-00692d0e70" "proxy-server 98624" 0.0154 "-" 97640 0
Nov 30 22:41:36 np0005540556.novalocal object-server[97640]: ::1 - - [01/Dec/2025:03:41:36 +0000] "PUT /3/199764/AUTH_602f37ceccf647698ef9e0fe4d0d45d5/gnocchi.1852c118-2266-4e64-9e58-325ffa510756/none_v3" 201 - "PUT https://[::1]:8080/v1/AUTH_602f37ceccf647698ef9e0fe4d0d45d5/gnocchi.1852c118-2266-4e64-9e58-325ffa510756/none_v3" "tx01f22e31aa184bd192933-00692d0e70" "proxy-server 98624" 0.0140 "-" 97640 0
Nov 30 22:41:36 np0005540556.novalocal container-server[97343]: ::1 - - [01/Dec/2025:03:41:36 +0000] "PUT /1/185411/AUTH_602f37ceccf647698ef9e0fe4d0d45d5/gnocchi.1852c118-2266-4e64-9e58-325ffa510756/none_v3" 201 - "PUT http://[::1]:8080/2/199764/AUTH_602f37ceccf647698ef9e0fe4d0d45d5/gnocchi.1852c118-2266-4e64-9e58-325ffa510756/none_v3" "tx01f22e31aa184bd192933-00692d0e70" "object-server 97639" 0.0006 "-" 97343 0
Nov 30 22:41:36 np0005540556.novalocal object-server[97639]: ::1 - - [01/Dec/2025:03:41:36 +0000] "PUT /2/199764/AUTH_602f37ceccf647698ef9e0fe4d0d45d5/gnocchi.1852c118-2266-4e64-9e58-325ffa510756/none_v3" 201 - "PUT https://[::1]:8080/v1/AUTH_602f37ceccf647698ef9e0fe4d0d45d5/gnocchi.1852c118-2266-4e64-9e58-325ffa510756/none_v3" "tx01f22e31aa184bd192933-00692d0e70" "proxy-server 98624" 0.0167 "-" 97639 0
Nov 30 22:41:36 np0005540556.novalocal proxy-server[98624]: ::1 ::1 01/Dec/2025/03/41/36 PUT /v1/AUTH_602f37ceccf647698ef9e0fe4d0d45d5/gnocchi.1852c118-2266-4e64-9e58-325ffa510756/none_v3 HTTP/1.0 201 - python-swiftclient-4.8.0 gAAAAABpLQ4-yMSf... 51 - - tx01f22e31aa184bd192933-00692d0e70 - 0.0281 - - 1764560496.154204130 1764560496.182320118 0 3cd24aa0af114855987a490c7d44632d
Nov 30 22:41:36 np0005540556.novalocal object-server[97640]: ::1 - - [01/Dec/2025:03:41:36 +0000] "GET /2/190500/AUTH_602f37ceccf647698ef9e0fe4d0d45d5/gnocchi.51d6359f-af70-47c2-b503-2aefaaa86afa/none_v3" 200 45 "GET https://[::1]:8080/v1/AUTH_602f37ceccf647698ef9e0fe4d0d45d5/gnocchi.51d6359f-af70-47c2-b503-2aefaaa86afa/none_v3" "tx5a02ffe4491b4834b3f23-00692d0e70" "proxy-server 98624" 0.0009 "-" 97640 0
Nov 30 22:41:36 np0005540556.novalocal proxy-server[98624]: ::1 ::1 01/Dec/2025/03/41/36 GET /v1/AUTH_602f37ceccf647698ef9e0fe4d0d45d5/gnocchi.51d6359f-af70-47c2-b503-2aefaaa86afa/none_v3 HTTP/1.0 200 - python-swiftclient-4.8.0 gAAAAABpLQ4-yMSf... - 45 - tx5a02ffe4491b4834b3f23-00692d0e70 - 0.0090 - - 1764560496.268138409 1764560496.277145386 0 3cd24aa0af114855987a490c7d44632d
Nov 30 22:41:36 np0005540556.novalocal container-server[97343]: ::1 - - [01/Dec/2025:03:41:36 +0000] "GET /2/186217/AUTH_602f37ceccf647698ef9e0fe4d0d45d5/gnocchi.51d6359f-af70-47c2-b503-2aefaaa86afa" 200 357 "GET https://[::1]:8080/v1/AUTH_602f37ceccf647698ef9e0fe4d0d45d5/gnocchi.51d6359f-af70-47c2-b503-2aefaaa86afa?format=json&states=listing" "txbed16155c89e4a2d9fee7-00692d0e70" "proxy-server 98624" 0.0094 "-" 97343 0
Nov 30 22:41:36 np0005540556.novalocal proxy-server[98624]: ::1 ::1 01/Dec/2025/03/41/36 GET /v1/AUTH_602f37ceccf647698ef9e0fe4d0d45d5/gnocchi.51d6359f-af70-47c2-b503-2aefaaa86afa%3Fformat%3Djson%26states%3Dlisting HTTP/1.0 200 - python-swiftclient-4.8.0 gAAAAABpLQ4-yMSf... - 357 - txbed16155c89e4a2d9fee7-00692d0e70 - 0.0174 - - 1764560496.282706261 1764560496.300111055 0 3cd24aa0af114855987a490c7d44632d
Nov 30 22:41:36 np0005540556.novalocal container-server[97342]: ::1 - - [01/Dec/2025:03:41:36 +0000] "GET /2/186217/AUTH_602f37ceccf647698ef9e0fe4d0d45d5/gnocchi.51d6359f-af70-47c2-b503-2aefaaa86afa" 200 2 "GET https://[::1]:8080/v1/AUTH_602f37ceccf647698ef9e0fe4d0d45d5/gnocchi.51d6359f-af70-47c2-b503-2aefaaa86afa?format=json&marker=none_v3&states=listing" "txf26f2441c587412fbb22f-00692d0e70" "proxy-server 98624" 0.0020 "-" 97342 0
Nov 30 22:41:36 np0005540556.novalocal proxy-server[98624]: ::1 ::1 01/Dec/2025/03/41/36 GET /v1/AUTH_602f37ceccf647698ef9e0fe4d0d45d5/gnocchi.51d6359f-af70-47c2-b503-2aefaaa86afa%3Fformat%3Djson%26marker%3Dnone_v3%26states%3Dlisting HTTP/1.0 200 - python-swiftclient-4.8.0 gAAAAABpLQ4-yMSf... - 2 - txf26f2441c587412fbb22f-00692d0e70 - 0.0069 - - 1764560496.303650141 1764560496.310589790 0 3cd24aa0af114855987a490c7d44632d
Nov 30 22:41:36 np0005540556.novalocal object-server[97639]: ::1 - - [01/Dec/2025:03:41:36 +0000] "GET /2/255473/AUTH_602f37ceccf647698ef9e0fe4d0d45d5/gnocchi.51d6359f-af70-47c2-b503-2aefaaa86afa/1763640000.0_mean_300.0_v3" 200 16 "GET https://[::1]:8080/v1/AUTH_602f37ceccf647698ef9e0fe4d0d45d5/gnocchi.51d6359f-af70-47c2-b503-2aefaaa86afa/1763640000.0_mean_300.0_v3" "txe301247d0feb4c07b0732-00692d0e70" "proxy-server 98624" 0.0008 "-" 97639 0
Nov 30 22:41:36 np0005540556.novalocal proxy-server[98624]: ::1 ::1 01/Dec/2025/03/41/36 GET /v1/AUTH_602f37ceccf647698ef9e0fe4d0d45d5/gnocchi.51d6359f-af70-47c2-b503-2aefaaa86afa/1763640000.0_mean_300.0_v3 HTTP/1.0 200 - python-swiftclient-4.8.0 gAAAAABpLQ4-yMSf... - 16 - txe301247d0feb4c07b0732-00692d0e70 - 0.0059 - - 1764560496.314634323 1764560496.320484400 0 3cd24aa0af114855987a490c7d44632d
Nov 30 22:41:36 np0005540556.novalocal container-server[97342]: ::1 - - [01/Dec/2025:03:41:36 +0000] "PUT /2/186217/AUTH_602f37ceccf647698ef9e0fe4d0d45d5/gnocchi.51d6359f-af70-47c2-b503-2aefaaa86afa/1763640000.0_mean_300.0_v3" 201 - "PUT http://[::1]:8080/2/255473/AUTH_602f37ceccf647698ef9e0fe4d0d45d5/gnocchi.51d6359f-af70-47c2-b503-2aefaaa86afa/1763640000.0_mean_300.0_v3" "tx44e2d9844055440abbdc3-00692d0e70" "object-server 97639" 0.0008 "-" 97342 0
Nov 30 22:41:36 np0005540556.novalocal container-server[97343]: ::1 - - [01/Dec/2025:03:41:36 +0000] "PUT /1/186217/AUTH_602f37ceccf647698ef9e0fe4d0d45d5/gnocchi.51d6359f-af70-47c2-b503-2aefaaa86afa/1763640000.0_mean_300.0_v3" 201 - "PUT http://[::1]:8080/3/255473/AUTH_602f37ceccf647698ef9e0fe4d0d45d5/gnocchi.51d6359f-af70-47c2-b503-2aefaaa86afa/1763640000.0_mean_300.0_v3" "tx44e2d9844055440abbdc3-00692d0e70" "object-server 97639" 0.0015 "-" 97343 0
Nov 30 22:41:36 np0005540556.novalocal object-server[97639]: ::1 - - [01/Dec/2025:03:41:36 +0000] "PUT /2/255473/AUTH_602f37ceccf647698ef9e0fe4d0d45d5/gnocchi.51d6359f-af70-47c2-b503-2aefaaa86afa/1763640000.0_mean_300.0_v3" 201 - "PUT https://[::1]:8080/v1/AUTH_602f37ceccf647698ef9e0fe4d0d45d5/gnocchi.51d6359f-af70-47c2-b503-2aefaaa86afa/1763640000.0_mean_300.0_v3" "tx44e2d9844055440abbdc3-00692d0e70" "proxy-server 98624" 0.0208 "-" 97639 0
Nov 30 22:41:36 np0005540556.novalocal object-server[97639]: ::1 - - [01/Dec/2025:03:41:36 +0000] "PUT /3/255473/AUTH_602f37ceccf647698ef9e0fe4d0d45d5/gnocchi.51d6359f-af70-47c2-b503-2aefaaa86afa/1763640000.0_mean_300.0_v3" 201 - "PUT https://[::1]:8080/v1/AUTH_602f37ceccf647698ef9e0fe4d0d45d5/gnocchi.51d6359f-af70-47c2-b503-2aefaaa86afa/1763640000.0_mean_300.0_v3" "tx44e2d9844055440abbdc3-00692d0e70" "proxy-server 98624" 0.0201 "-" 97639 0
Nov 30 22:41:36 np0005540556.novalocal container-server[97343]: ::1 - - [01/Dec/2025:03:41:36 +0000] "PUT /3/186217/AUTH_602f37ceccf647698ef9e0fe4d0d45d5/gnocchi.51d6359f-af70-47c2-b503-2aefaaa86afa/1763640000.0_mean_300.0_v3" 201 - "PUT http://[::1]:8080/1/255473/AUTH_602f37ceccf647698ef9e0fe4d0d45d5/gnocchi.51d6359f-af70-47c2-b503-2aefaaa86afa/1763640000.0_mean_300.0_v3" "tx44e2d9844055440abbdc3-00692d0e70" "object-server 97639" 0.0017 "-" 97343 0
Nov 30 22:41:36 np0005540556.novalocal object-server[97639]: ::1 - - [01/Dec/2025:03:41:36 +0000] "PUT /1/255473/AUTH_602f37ceccf647698ef9e0fe4d0d45d5/gnocchi.51d6359f-af70-47c2-b503-2aefaaa86afa/1763640000.0_mean_300.0_v3" 201 - "PUT https://[::1]:8080/v1/AUTH_602f37ceccf647698ef9e0fe4d0d45d5/gnocchi.51d6359f-af70-47c2-b503-2aefaaa86afa/1763640000.0_mean_300.0_v3" "tx44e2d9844055440abbdc3-00692d0e70" "proxy-server 98624" 0.0193 "-" 97639 0
Nov 30 22:41:36 np0005540556.novalocal proxy-server[98624]: ::1 ::1 01/Dec/2025/03/41/36 PUT /v1/AUTH_602f37ceccf647698ef9e0fe4d0d45d5/gnocchi.51d6359f-af70-47c2-b503-2aefaaa86afa/1763640000.0_mean_300.0_v3 HTTP/1.0 201 - python-swiftclient-4.8.0 gAAAAABpLQ4-yMSf... 16 - - tx44e2d9844055440abbdc3-00692d0e70 - 0.0315 - - 1764560496.323251963 1764560496.354714155 0 3cd24aa0af114855987a490c7d44632d
Nov 30 22:41:36 np0005540556.novalocal container-server[97343]: ::1 - - [01/Dec/2025:03:41:36 +0000] "PUT /1/186217/AUTH_602f37ceccf647698ef9e0fe4d0d45d5/gnocchi.51d6359f-af70-47c2-b503-2aefaaa86afa/none_v3" 201 - "PUT http://[::1]:8080/1/190500/AUTH_602f37ceccf647698ef9e0fe4d0d45d5/gnocchi.51d6359f-af70-47c2-b503-2aefaaa86afa/none_v3" "txf655708a80c440b0bc22c-00692d0e70" "object-server 97640" 0.0009 "-" 97343 0
Nov 30 22:41:36 np0005540556.novalocal object-server[97640]: ::1 - - [01/Dec/2025:03:41:36 +0000] "PUT /1/190500/AUTH_602f37ceccf647698ef9e0fe4d0d45d5/gnocchi.51d6359f-af70-47c2-b503-2aefaaa86afa/none_v3" 201 - "PUT https://[::1]:8080/v1/AUTH_602f37ceccf647698ef9e0fe4d0d45d5/gnocchi.51d6359f-af70-47c2-b503-2aefaaa86afa/none_v3" "txf655708a80c440b0bc22c-00692d0e70" "proxy-server 98624" 0.0116 "-" 97640 0
Nov 30 22:41:36 np0005540556.novalocal container-server[97342]: ::1 - - [01/Dec/2025:03:41:36 +0000] "PUT /2/186217/AUTH_602f37ceccf647698ef9e0fe4d0d45d5/gnocchi.51d6359f-af70-47c2-b503-2aefaaa86afa/none_v3" 201 - "PUT http://[::1]:8080/3/190500/AUTH_602f37ceccf647698ef9e0fe4d0d45d5/gnocchi.51d6359f-af70-47c2-b503-2aefaaa86afa/none_v3" "txf655708a80c440b0bc22c-00692d0e70" "object-server 97639" 0.0007 "-" 97342 0
Nov 30 22:41:36 np0005540556.novalocal object-server[97639]: ::1 - - [01/Dec/2025:03:41:36 +0000] "PUT /3/190500/AUTH_602f37ceccf647698ef9e0fe4d0d45d5/gnocchi.51d6359f-af70-47c2-b503-2aefaaa86afa/none_v3" 201 - "PUT https://[::1]:8080/v1/AUTH_602f37ceccf647698ef9e0fe4d0d45d5/gnocchi.51d6359f-af70-47c2-b503-2aefaaa86afa/none_v3" "txf655708a80c440b0bc22c-00692d0e70" "proxy-server 98624" 0.0107 "-" 97639 0
Nov 30 22:41:36 np0005540556.novalocal container-server[97343]: ::1 - - [01/Dec/2025:03:41:36 +0000] "PUT /3/186217/AUTH_602f37ceccf647698ef9e0fe4d0d45d5/gnocchi.51d6359f-af70-47c2-b503-2aefaaa86afa/none_v3" 201 - "PUT http://[::1]:8080/2/190500/AUTH_602f37ceccf647698ef9e0fe4d0d45d5/gnocchi.51d6359f-af70-47c2-b503-2aefaaa86afa/none_v3" "txf655708a80c440b0bc22c-00692d0e70" "object-server 97639" 0.0008 "-" 97343 0
Nov 30 22:41:36 np0005540556.novalocal object-server[97639]: ::1 - - [01/Dec/2025:03:41:36 +0000] "PUT /2/190500/AUTH_602f37ceccf647698ef9e0fe4d0d45d5/gnocchi.51d6359f-af70-47c2-b503-2aefaaa86afa/none_v3" 201 - "PUT https://[::1]:8080/v1/AUTH_602f37ceccf647698ef9e0fe4d0d45d5/gnocchi.51d6359f-af70-47c2-b503-2aefaaa86afa/none_v3" "txf655708a80c440b0bc22c-00692d0e70" "proxy-server 98624" 0.0137 "-" 97639 0
Nov 30 22:41:36 np0005540556.novalocal proxy-server[98624]: ::1 ::1 01/Dec/2025/03/41/36 PUT /v1/AUTH_602f37ceccf647698ef9e0fe4d0d45d5/gnocchi.51d6359f-af70-47c2-b503-2aefaaa86afa/none_v3 HTTP/1.0 201 - python-swiftclient-4.8.0 gAAAAABpLQ4-yMSf... 52 - - txf655708a80c440b0bc22c-00692d0e70 - 0.0202 - - 1764560496.358444214 1764560496.378672361 0 3cd24aa0af114855987a490c7d44632d
Nov 30 22:41:36 np0005540556.novalocal object-reconstructor[96904]: Starting object reconstruction pass.
Nov 30 22:41:36 np0005540556.novalocal object-reconstructor[96904]: Nothing reconstructed for 0.0003917217254638672 seconds.
Nov 30 22:41:36 np0005540556.novalocal object-reconstructor[96904]: Object reconstruction complete. (0.00 minutes)
Nov 30 22:41:37 np0005540556.novalocal sshd-session[105885]: Connection closed by 80.94.92.186 port 33744
Nov 30 22:41:37 np0005540556.novalocal object-auditor[105858]: Object audit (ZBF) "forever" mode completed: 4.42s. Total quarantined: 0, Total errors: 0, Total files/sec: 50.19, Total bytes/sec: 0.00, Auditing time: 4.35, Rate: 0.98
Nov 30 22:41:37 np0005540556.novalocal dnsmasq-dhcp[105538]: DHCPDISCOVER(tap45546b26-7c) fa:16:3e:97:ee:68
Nov 30 22:41:37 np0005540556.novalocal dnsmasq-dhcp[105538]: DHCPOFFER(tap45546b26-7c) 10.100.0.7 fa:16:3e:97:ee:68
Nov 30 22:41:37 np0005540556.novalocal dnsmasq-dhcp[105538]: DHCPREQUEST(tap45546b26-7c) 10.100.0.7 fa:16:3e:97:ee:68
Nov 30 22:41:37 np0005540556.novalocal dnsmasq-dhcp[105538]: DHCPACK(tap45546b26-7c) 10.100.0.7 fa:16:3e:97:ee:68 host-10-100-0-7
Nov 30 22:41:38 np0005540556.novalocal container-sharder[96706]: Container sharder cycle starting, auto-sharding False
Nov 30 22:41:40 np0005540556.novalocal kernel: qbr6f8069b0-ca: port 2(tap6f8069b0-ca) entered disabled state
Nov 30 22:41:40 np0005540556.novalocal kernel: tap6f8069b0-ca (unregistering): left allmulticast mode
Nov 30 22:41:40 np0005540556.novalocal kernel: tap6f8069b0-ca (unregistering): left promiscuous mode
Nov 30 22:41:40 np0005540556.novalocal kernel: qbr6f8069b0-ca: port 2(tap6f8069b0-ca) entered disabled state
Nov 30 22:41:40 np0005540556.novalocal NetworkManager[858]: [1764560500.1856] device (tap6f8069b0-ca): state change: activated -> unmanaged (reason 'unmanaged', managed-type: 'removed')
Nov 30 22:41:40 np0005540556.novalocal NetworkManager[858]: [1764560500.1877] device (tap6f8069b0-ca): released from controller device qbr6f8069b0-ca
Nov 30 22:41:40 np0005540556.novalocal systemd[1]: Starting Network Manager Script Dispatcher Service...
Nov 30 22:41:40 np0005540556.novalocal systemd[1]: machine-qemu\x2d3\x2dinstance\x2d00000003.scope: Deactivated successfully.
Nov 30 22:41:40 np0005540556.novalocal systemd[1]: machine-qemu\x2d3\x2dinstance\x2d00000003.scope: Consumed 12.126s CPU time.
Nov 30 22:41:40 np0005540556.novalocal systemd-machined[94210]: Machine qemu-3-instance-00000003 terminated.
Nov 30 22:41:40 np0005540556.novalocal systemd[1]: Started Network Manager Script Dispatcher Service.
Nov 30 22:41:40 np0005540556.novalocal object-server[97639]: ::1 - - [01/Dec/2025:03:41:40 +0000] "GET /2/198789/AUTH_602f37ceccf647698ef9e0fe4d0d45d5/gnocchi.884f6019-dd14-416e-a740-45843d5efd1d/none_v3" 200 22 "GET https://[::1]:8080/v1/AUTH_602f37ceccf647698ef9e0fe4d0d45d5/gnocchi.884f6019-dd14-416e-a740-45843d5efd1d/none_v3" "txbb18b9056ca24c418b823-00692d0e74" "proxy-server 98624" 0.0016 "-" 97639 0
Nov 30 22:41:40 np0005540556.novalocal proxy-server[98624]: ::1 ::1 01/Dec/2025/03/41/40 GET /v1/AUTH_602f37ceccf647698ef9e0fe4d0d45d5/gnocchi.884f6019-dd14-416e-a740-45843d5efd1d/none_v3 HTTP/1.0 200 - python-swiftclient-4.8.0 gAAAAABpLQ4-yMSf... - 22 - txbb18b9056ca24c418b823-00692d0e74 - 0.0153 - - 1764560500.747800589 1764560500.763118505 0 3cd24aa0af114855987a490c7d44632d
Nov 30 22:41:40 np0005540556.novalocal container-server[97343]: ::1 - - [01/Dec/2025:03:41:40 +0000] "GET /3/186976/AUTH_602f37ceccf647698ef9e0fe4d0d45d5/gnocchi.884f6019-dd14-416e-a740-45843d5efd1d" 200 357 "GET https://[::1]:8080/v1/AUTH_602f37ceccf647698ef9e0fe4d0d45d5/gnocchi.884f6019-dd14-416e-a740-45843d5efd1d?format=json&states=listing" "tx5099f52c987c440abdfad-00692d0e74" "proxy-server 98624" 0.0040 "-" 97343 0
Nov 30 22:41:40 np0005540556.novalocal proxy-server[98624]: ::1 ::1 01/Dec/2025/03/41/40 GET /v1/AUTH_602f37ceccf647698ef9e0fe4d0d45d5/gnocchi.884f6019-dd14-416e-a740-45843d5efd1d%3Fformat%3Djson%26states%3Dlisting HTTP/1.0 200 - python-swiftclient-4.8.0 gAAAAABpLQ4-yMSf... - 357 - tx5099f52c987c440abdfad-00692d0e74 - 0.0156 - - 1764560500.770397663 1764560500.785992622 0 3cd24aa0af114855987a490c7d44632d
Nov 30 22:41:40 np0005540556.novalocal container-server[97343]: ::1 - - [01/Dec/2025:03:41:40 +0000] "GET /1/186976/AUTH_602f37ceccf647698ef9e0fe4d0d45d5/gnocchi.884f6019-dd14-416e-a740-45843d5efd1d" 200 2 "GET https://[::1]:8080/v1/AUTH_602f37ceccf647698ef9e0fe4d0d45d5/gnocchi.884f6019-dd14-416e-a740-45843d5efd1d?format=json&marker=none_v3&states=listing" "txd2fad4afff38467a99ffc-00692d0e74" "proxy-server 98624" 0.0033 "-" 97343 0
Nov 30 22:41:40 np0005540556.novalocal container-sharder[96706]: Since Mon Dec 1 03:41:38 2025 visited - attempted:0 success:0 failure:0 skipped:111 completed:0
Nov 30 22:41:40 np0005540556.novalocal container-sharder[96706]: Since Mon Dec 1 03:41:38 2025 scanned - attempted:0 success:0 failure:0 found:0 min_time:0 max_time:0
Nov 30 22:41:40 np0005540556.novalocal container-sharder[96706]: Since Mon Dec 1 03:41:38 2025 created - attempted:0 success:0 failure:0
Nov 30 22:41:40 np0005540556.novalocal container-sharder[96706]: Since Mon Dec 1 03:41:38 2025 cleaved - attempted:0 success:0 failure:0 min_time:0 max_time:0
Nov 30 22:41:40 np0005540556.novalocal container-sharder[96706]: Since Mon Dec 1 03:41:38 2025 misplaced - attempted:0 success:0 failure:0 found:0 placed:0 unplaced:0
Nov 30 22:41:40 np0005540556.novalocal container-sharder[96706]: Since Mon Dec 1 03:41:38 2025 audit_root - attempted:0 success:0 failure:0 has_overlap:0 num_overlap:0
Nov 30 22:41:40 np0005540556.novalocal container-sharder[96706]: Since Mon Dec 1 03:41:38 2025 audit_shard - attempted:0 success:0 failure:0
Nov 30 22:41:40 np0005540556.novalocal proxy-server[98624]: ::1 ::1 01/Dec/2025/03/41/40 GET /v1/AUTH_602f37ceccf647698ef9e0fe4d0d45d5/gnocchi.884f6019-dd14-416e-a740-45843d5efd1d%3Fformat%3Djson%26marker%3Dnone_v3%26states%3Dlisting HTTP/1.0 200 - python-swiftclient-4.8.0 gAAAAABpLQ4-yMSf... - 2 - txd2fad4afff38467a99ffc-00692d0e74 - 0.0163 - - 1764560500.791163206 1764560500.807416916 0 3cd24aa0af114855987a490c7d44632d
Nov 30 22:41:40 np0005540556.novalocal container-sharder[96706]: Container sharder cycle completed: 2.21s
Nov 30 22:41:40 np0005540556.novalocal object-server[97639]: ::1 - - [01/Dec/2025:03:41:40 +0000] "GET /1/108168/AUTH_602f37ceccf647698ef9e0fe4d0d45d5/gnocchi.884f6019-dd14-416e-a740-45843d5efd1d/1763640000.0_mean_300.0_v3" 200 16 "GET https://[::1]:8080/v1/AUTH_602f37ceccf647698ef9e0fe4d0d45d5/gnocchi.884f6019-dd14-416e-a740-45843d5efd1d/1763640000.0_mean_300.0_v3" "txeb0b5d1ca2f6461eba43a-00692d0e74" "proxy-server 98624" 0.0013 "-" 97639 0
Nov 30 22:41:40 np0005540556.novalocal proxy-server[98624]: ::1 ::1 01/Dec/2025/03/41/40 GET /v1/AUTH_602f37ceccf647698ef9e0fe4d0d45d5/gnocchi.884f6019-dd14-416e-a740-45843d5efd1d/1763640000.0_mean_300.0_v3 HTTP/1.0 200 - python-swiftclient-4.8.0 gAAAAABpLQ4-yMSf... - 16 - txeb0b5d1ca2f6461eba43a-00692d0e74 - 0.0129 - - 1764560500.814140558 1764560500.827022314 0 3cd24aa0af114855987a490c7d44632d
Nov 30 22:41:40 np0005540556.novalocal container-server[97343]: ::1 - - [01/Dec/2025:03:41:40 +0000] "PUT /3/186976/AUTH_602f37ceccf647698ef9e0fe4d0d45d5/gnocchi.884f6019-dd14-416e-a740-45843d5efd1d/1763640000.0_mean_300.0_v3" 201 - "PUT http://[::1]:8080/3/108168/AUTH_602f37ceccf647698ef9e0fe4d0d45d5/gnocchi.884f6019-dd14-416e-a740-45843d5efd1d/1763640000.0_mean_300.0_v3" "tx55daa95894914879b4d80-00692d0e74" "object-server 97640" 0.0008 "-" 97343 0
Nov 30 22:41:40 np0005540556.novalocal object-server[97640]: ::1 - - [01/Dec/2025:03:41:40 +0000] "PUT /3/108168/AUTH_602f37ceccf647698ef9e0fe4d0d45d5/gnocchi.884f6019-dd14-416e-a740-45843d5efd1d/1763640000.0_mean_300.0_v3" 201 - "PUT https://[::1]:8080/v1/AUTH_602f37ceccf647698ef9e0fe4d0d45d5/gnocchi.884f6019-dd14-416e-a740-45843d5efd1d/1763640000.0_mean_300.0_v3" "tx55daa95894914879b4d80-00692d0e74" "proxy-server 98624" 0.0166 "-" 97640 0
Nov 30 22:41:40 np0005540556.novalocal container-server[97342]: ::1 - - [01/Dec/2025:03:41:40 +0000] "PUT /1/186976/AUTH_602f37ceccf647698ef9e0fe4d0d45d5/gnocchi.884f6019-dd14-416e-a740-45843d5efd1d/1763640000.0_mean_300.0_v3" 201 - "PUT http://[::1]:8080/2/108168/AUTH_602f37ceccf647698ef9e0fe4d0d45d5/gnocchi.884f6019-dd14-416e-a740-45843d5efd1d/1763640000.0_mean_300.0_v3" "tx55daa95894914879b4d80-00692d0e74" "object-server 97639" 0.0009 "-" 97342 0
Nov 30 22:41:40 np0005540556.novalocal container-server[97342]: ::1 - - [01/Dec/2025:03:41:40 +0000] "PUT /2/186976/AUTH_602f37ceccf647698ef9e0fe4d0d45d5/gnocchi.884f6019-dd14-416e-a740-45843d5efd1d/1763640000.0_mean_300.0_v3" 201 - "PUT http://[::1]:8080/1/108168/AUTH_602f37ceccf647698ef9e0fe4d0d45d5/gnocchi.884f6019-dd14-416e-a740-45843d5efd1d/1763640000.0_mean_300.0_v3" "tx55daa95894914879b4d80-00692d0e74" "object-server 97639" 0.0006 "-" 97342 0
Nov 30 22:41:40 np0005540556.novalocal object-server[97639]: ::1 - - [01/Dec/2025:03:41:40 +0000] "PUT /2/108168/AUTH_602f37ceccf647698ef9e0fe4d0d45d5/gnocchi.884f6019-dd14-416e-a740-45843d5efd1d/1763640000.0_mean_300.0_v3" 201 - "PUT https://[::1]:8080/v1/AUTH_602f37ceccf647698ef9e0fe4d0d45d5/gnocchi.884f6019-dd14-416e-a740-45843d5efd1d/1763640000.0_mean_300.0_v3" "tx55daa95894914879b4d80-00692d0e74" "proxy-server 98624" 0.0206 "-" 97639 0
Nov 30 22:41:40 np0005540556.novalocal object-server[97639]: ::1 - - [01/Dec/2025:03:41:40 +0000] "PUT /1/108168/AUTH_602f37ceccf647698ef9e0fe4d0d45d5/gnocchi.884f6019-dd14-416e-a740-45843d5efd1d/1763640000.0_mean_300.0_v3" 201 - "PUT https://[::1]:8080/v1/AUTH_602f37ceccf647698ef9e0fe4d0d45d5/gnocchi.884f6019-dd14-416e-a740-45843d5efd1d/1763640000.0_mean_300.0_v3" "tx55daa95894914879b4d80-00692d0e74" "proxy-server 98624" 0.0199 "-" 97639 0
Nov 30 22:41:40 np0005540556.novalocal proxy-server[98624]: ::1 ::1 01/Dec/2025/03/41/40 PUT /v1/AUTH_602f37ceccf647698ef9e0fe4d0d45d5/gnocchi.884f6019-dd14-416e-a740-45843d5efd1d/1763640000.0_mean_300.0_v3 HTTP/1.0 201 - python-swiftclient-4.8.0 gAAAAABpLQ4-yMSf... 16 - - tx55daa95894914879b4d80-00692d0e74 - 0.0349 - - 1764560500.831430197 1764560500.866321564 0 3cd24aa0af114855987a490c7d44632d
Nov 30 22:41:40 np0005540556.novalocal container-server[97343]: ::1 - - [01/Dec/2025:03:41:40 +0000] "PUT /2/186976/AUTH_602f37ceccf647698ef9e0fe4d0d45d5/gnocchi.884f6019-dd14-416e-a740-45843d5efd1d/none_v3" 201 - "PUT http://[::1]:8080/3/198789/AUTH_602f37ceccf647698ef9e0fe4d0d45d5/gnocchi.884f6019-dd14-416e-a740-45843d5efd1d/none_v3" "tx5f55dc42973d41e3afca7-00692d0e74" "object-server 97640" 0.0021 "-" 97343 0
Nov 30 22:41:40 np0005540556.novalocal container-server[97342]: ::1 - - [01/Dec/2025:03:41:40 +0000] "PUT /3/186976/AUTH_602f37ceccf647698ef9e0fe4d0d45d5/gnocchi.884f6019-dd14-416e-a740-45843d5efd1d/none_v3" 201 - "PUT http://[::1]:8080/1/198789/AUTH_602f37ceccf647698ef9e0fe4d0d45d5/gnocchi.884f6019-dd14-416e-a740-45843d5efd1d/none_v3" "tx5f55dc42973d41e3afca7-00692d0e74" "object-server 97639" 0.0009 "-" 97342 0
Nov 30 22:41:40 np0005540556.novalocal object-server[97640]: ::1 - - [01/Dec/2025:03:41:40 +0000] "PUT /3/198789/AUTH_602f37ceccf647698ef9e0fe4d0d45d5/gnocchi.884f6019-dd14-416e-a740-45843d5efd1d/none_v3" 201 - "PUT https://[::1]:8080/v1/AUTH_602f37ceccf647698ef9e0fe4d0d45d5/gnocchi.884f6019-dd14-416e-a740-45843d5efd1d/none_v3" "tx5f55dc42973d41e3afca7-00692d0e74" "proxy-server 98624" 0.0161 "-" 97640 0
Nov 30 22:41:40 np0005540556.novalocal object-server[97639]: ::1 - - [01/Dec/2025:03:41:40 +0000] "PUT /1/198789/AUTH_602f37ceccf647698ef9e0fe4d0d45d5/gnocchi.884f6019-dd14-416e-a740-45843d5efd1d/none_v3" 201 - "PUT https://[::1]:8080/v1/AUTH_602f37ceccf647698ef9e0fe4d0d45d5/gnocchi.884f6019-dd14-416e-a740-45843d5efd1d/none_v3" "tx5f55dc42973d41e3afca7-00692d0e74" "proxy-server 98624" 0.0140 "-" 97639 0
Nov 30 22:41:40 np0005540556.novalocal container-server[97342]: ::1 - - [01/Dec/2025:03:41:40 +0000] "PUT /1/186976/AUTH_602f37ceccf647698ef9e0fe4d0d45d5/gnocchi.884f6019-dd14-416e-a740-45843d5efd1d/none_v3" 201 - "PUT http://[::1]:8080/2/198789/AUTH_602f37ceccf647698ef9e0fe4d0d45d5/gnocchi.884f6019-dd14-416e-a740-45843d5efd1d/none_v3" "tx5f55dc42973d41e3afca7-00692d0e74" "object-server 97639" 0.0006 "-" 97342 0
Nov 30 22:41:40 np0005540556.novalocal object-server[97639]: ::1 - - [01/Dec/2025:03:41:40 +0000] "PUT /2/198789/AUTH_602f37ceccf647698ef9e0fe4d0d45d5/gnocchi.884f6019-dd14-416e-a740-45843d5efd1d/none_v3" 201 - "PUT https://[::1]:8080/v1/AUTH_602f37ceccf647698ef9e0fe4d0d45d5/gnocchi.884f6019-dd14-416e-a740-45843d5efd1d/none_v3" "tx5f55dc42973d41e3afca7-00692d0e74" "proxy-server 98624" 0.0183 "-" 97639 0
Nov 30 22:41:40 np0005540556.novalocal proxy-server[98624]: ::1 ::1 01/Dec/2025/03/41/40 PUT /v1/AUTH_602f37ceccf647698ef9e0fe4d0d45d5/gnocchi.884f6019-dd14-416e-a740-45843d5efd1d/none_v3 HTTP/1.0 201 - python-swiftclient-4.8.0 gAAAAABpLQ4-yMSf... 32 - - tx5f55dc42973d41e3afca7-00692d0e74 - 0.0301 - - 1764560500.872897863 1764560500.902975082 0 3cd24aa0af114855987a490c7d44632d
Nov 30 22:41:40 np0005540556.novalocal kernel: qvb6f8069b0-ca: left allmulticast mode
Nov 30 22:41:40 np0005540556.novalocal kernel: qvb6f8069b0-ca: left promiscuous mode
Nov 30 22:41:40 np0005540556.novalocal kernel: qbr6f8069b0-ca: port 1(qvb6f8069b0-ca) entered disabled state
Nov 30 22:41:40 np0005540556.novalocal NetworkManager[858]: [1764560500.9497] device (qbr6f8069b0-ca): bridge port qvb6f8069b0-ca was detached
Nov 30 22:41:40 np0005540556.novalocal NetworkManager[858]: [1764560500.9505] device (qbr6f8069b0-ca): state change: activated -> unmanaged (reason 'unmanaged', managed-type: 'removed')
Nov 30 22:41:40 np0005540556.novalocal kernel: qvo6f8069b0-ca: left promiscuous mode
Nov 30 22:41:41 np0005540556.novalocal object-server[97639]: ::1 - - [01/Dec/2025:03:41:41 +0000] "GET /3/226423/AUTH_602f37ceccf647698ef9e0fe4d0d45d5/gnocchi.d2db96b5-a990-40f8-bc11-d0e3da7d54da/none_v3" 200 22 "GET https://[::1]:8080/v1/AUTH_602f37ceccf647698ef9e0fe4d0d45d5/gnocchi.d2db96b5-a990-40f8-bc11-d0e3da7d54da/none_v3" "tx29b7863752d44e3280f72-00692d0e75" "proxy-server 98624" 0.0015 "-" 97639 0
Nov 30 22:41:41 np0005540556.novalocal proxy-server[98624]: ::1 ::1 01/Dec/2025/03/41/41 GET /v1/AUTH_602f37ceccf647698ef9e0fe4d0d45d5/gnocchi.d2db96b5-a990-40f8-bc11-d0e3da7d54da/none_v3 HTTP/1.0 200 - python-swiftclient-4.8.0 gAAAAABpLQ4-yMSf... - 22 - tx29b7863752d44e3280f72-00692d0e75 - 0.0151 - - 1764560501.032525539 1764560501.047674179 0 3cd24aa0af114855987a490c7d44632d
Nov 30 22:41:41 np0005540556.novalocal object-server[97639]: ::1 - - [01/Dec/2025:03:41:41 +0000] "GET /2/95914/AUTH_602f37ceccf647698ef9e0fe4d0d45d5/gnocchi.d6b60cfe-8b9a-4531-bfc5-8e2dcd83385a/none_v3" 200 22 "GET https://[::1]:8080/v1/AUTH_602f37ceccf647698ef9e0fe4d0d45d5/gnocchi.d6b60cfe-8b9a-4531-bfc5-8e2dcd83385a/none_v3" "txe17c8b0892434388bab2e-00692d0e75" "proxy-server 98624" 0.0010 "-" 97639 0
Nov 30 22:41:41 np0005540556.novalocal proxy-server[98624]: ::1 ::1 01/Dec/2025/03/41/41 GET /v1/AUTH_602f37ceccf647698ef9e0fe4d0d45d5/gnocchi.d6b60cfe-8b9a-4531-bfc5-8e2dcd83385a/none_v3 HTTP/1.0 200 - python-swiftclient-4.8.0 gAAAAABpLQ4-yMSf... - 22 - txe17c8b0892434388bab2e-00692d0e75 - 0.0114 - - 1764560501.052301645 1764560501.063714266 0 3cd24aa0af114855987a490c7d44632d
Nov 30 22:41:41 np0005540556.novalocal container-server[97342]: ::1 - - [01/Dec/2025:03:41:41 +0000] "GET /1/62345/AUTH_602f37ceccf647698ef9e0fe4d0d45d5/gnocchi.d2db96b5-a990-40f8-bc11-d0e3da7d54da" 200 357 "GET https://[::1]:8080/v1/AUTH_602f37ceccf647698ef9e0fe4d0d45d5/gnocchi.d2db96b5-a990-40f8-bc11-d0e3da7d54da?format=json&states=listing" "txb3831024b8634b7dbf938-00692d0e75" "proxy-server 98624" 0.0040 "-" 97342 0
Nov 30 22:41:41 np0005540556.novalocal proxy-server[98624]: ::1 ::1 01/Dec/2025/03/41/41 GET /v1/AUTH_602f37ceccf647698ef9e0fe4d0d45d5/gnocchi.d2db96b5-a990-40f8-bc11-d0e3da7d54da%3Fformat%3Djson%26states%3Dlisting HTTP/1.0 200 - python-swiftclient-4.8.0 gAAAAABpLQ4-yMSf... - 357 - txb3831024b8634b7dbf938-00692d0e75 - 0.0156 - - 1764560501.068860531 1764560501.084459066 0 3cd24aa0af114855987a490c7d44632d
Nov 30 22:41:41 np0005540556.novalocal container-server[97343]: ::1 - - [01/Dec/2025:03:41:41 +0000] "GET /2/62345/AUTH_602f37ceccf647698ef9e0fe4d0d45d5/gnocchi.d2db96b5-a990-40f8-bc11-d0e3da7d54da" 200 2 "GET https://[::1]:8080/v1/AUTH_602f37ceccf647698ef9e0fe4d0d45d5/gnocchi.d2db96b5-a990-40f8-bc11-d0e3da7d54da?format=json&marker=none_v3&states=listing" "tx91cea468aebd458e8bb29-00692d0e75" "proxy-server 98624" 0.0055 "-" 97343 0
Nov 30 22:41:41 np0005540556.novalocal proxy-server[98624]: ::1 ::1 01/Dec/2025/03/41/41 GET /v1/AUTH_602f37ceccf647698ef9e0fe4d0d45d5/gnocchi.d2db96b5-a990-40f8-bc11-d0e3da7d54da%3Fformat%3Djson%26marker%3Dnone_v3%26states%3Dlisting HTTP/1.0 200 - python-swiftclient-4.8.0 gAAAAABpLQ4-yMSf... - 2 - tx91cea468aebd458e8bb29-00692d0e75 - 0.0199 - - 1764560501.089181423 1764560501.109112978 0 3cd24aa0af114855987a490c7d44632d
Nov 30 22:41:41 np0005540556.novalocal container-server[97343]: ::1 - - [01/Dec/2025:03:41:41 +0000] "GET /2/106111/AUTH_602f37ceccf647698ef9e0fe4d0d45d5/gnocchi.d6b60cfe-8b9a-4531-bfc5-8e2dcd83385a" 200 357 "GET https://[::1]:8080/v1/AUTH_602f37ceccf647698ef9e0fe4d0d45d5/gnocchi.d6b60cfe-8b9a-4531-bfc5-8e2dcd83385a?format=json&states=listing" "tx604b9efebeaa475888a2f-00692d0e75" "proxy-server 98624" 0.0055 "-" 97343 0
Nov 30 22:41:41 np0005540556.novalocal proxy-server[98624]: ::1 ::1 01/Dec/2025/03/41/41 GET /v1/AUTH_602f37ceccf647698ef9e0fe4d0d45d5/gnocchi.d6b60cfe-8b9a-4531-bfc5-8e2dcd83385a%3Fformat%3Djson%26states%3Dlisting HTTP/1.0 200 - python-swiftclient-4.8.0 gAAAAABpLQ4-yMSf... - 357 - tx604b9efebeaa475888a2f-00692d0e75 - 0.0190 - - 1764560501.115022898 1764560501.134060144 0 3cd24aa0af114855987a490c7d44632d
Nov 30 22:41:41 np0005540556.novalocal sudo[105928]: cinder : PWD=/ ; USER=root ; COMMAND=/usr/bin/cinder-rootwrap /etc/cinder/rootwrap.conf env LC_ALL=C vgs --noheadings --unit=g -o name,size,free,lv_count,uuid --separator : --nosuffix cinder-volumes
Nov 30 22:41:41 np0005540556.novalocal container-server[97342]: ::1 - - [01/Dec/2025:03:41:41 +0000] "GET /1/106111/AUTH_602f37ceccf647698ef9e0fe4d0d45d5/gnocchi.d6b60cfe-8b9a-4531-bfc5-8e2dcd83385a" 200 2 "GET https://[::1]:8080/v1/AUTH_602f37ceccf647698ef9e0fe4d0d45d5/gnocchi.d6b60cfe-8b9a-4531-bfc5-8e2dcd83385a?format=json&marker=none_v3&states=listing" "tx63621aceb69b4baaa6d92-00692d0e75" "proxy-server 98624" 0.0034 "-" 97342 0
Nov 30 22:41:41 np0005540556.novalocal proxy-server[98624]: ::1 ::1 01/Dec/2025/03/41/41 GET /v1/AUTH_602f37ceccf647698ef9e0fe4d0d45d5/gnocchi.d6b60cfe-8b9a-4531-bfc5-8e2dcd83385a%3Fformat%3Djson%26marker%3Dnone_v3%26states%3Dlisting HTTP/1.0 200 - python-swiftclient-4.8.0 gAAAAABpLQ4-yMSf... - 2 - tx63621aceb69b4baaa6d92-00692d0e75 - 0.0143 - - 1764560501.137832880 1764560501.152130604 0 3cd24aa0af114855987a490c7d44632d
Nov 30 22:41:41 np0005540556.novalocal object-server[97639]: ::1 - - [01/Dec/2025:03:41:41 +0000] "GET /1/114229/AUTH_602f37ceccf647698ef9e0fe4d0d45d5/gnocchi.d2db96b5-a990-40f8-bc11-d0e3da7d54da/1763640000.0_mean_300.0_v3" 200 16 "GET https://[::1]:8080/v1/AUTH_602f37ceccf647698ef9e0fe4d0d45d5/gnocchi.d2db96b5-a990-40f8-bc11-d0e3da7d54da/1763640000.0_mean_300.0_v3" "tx0ad540d012424304a3bbc-00692d0e75" "proxy-server 98624" 0.0014 "-" 97639 0
Nov 30 22:41:41 np0005540556.novalocal systemd[1]: Started Session c124 of User root.
Nov 30 22:41:41 np0005540556.novalocal proxy-server[98624]: ::1 ::1 01/Dec/2025/03/41/41 GET /v1/AUTH_602f37ceccf647698ef9e0fe4d0d45d5/gnocchi.d2db96b5-a990-40f8-bc11-d0e3da7d54da/1763640000.0_mean_300.0_v3 HTTP/1.0 200 - python-swiftclient-4.8.0 gAAAAABpLQ4-yMSf... - 16 - tx0ad540d012424304a3bbc-00692d0e75 - 0.0115 - - 1764560501.158147573 1764560501.169659376 0 3cd24aa0af114855987a490c7d44632d
Nov 30 22:41:41 np0005540556.novalocal sudo[105928]: pam_unix(sudo:session): session opened for user root(uid=0) by (uid=165)
Nov 30 22:41:41 np0005540556.novalocal object-server[97639]: ::1 - - [01/Dec/2025:03:41:41 +0000] "GET /2/106402/AUTH_602f37ceccf647698ef9e0fe4d0d45d5/gnocchi.d6b60cfe-8b9a-4531-bfc5-8e2dcd83385a/1763640000.0_mean_300.0_v3" 200 16 "GET https://[::1]:8080/v1/AUTH_602f37ceccf647698ef9e0fe4d0d45d5/gnocchi.d6b60cfe-8b9a-4531-bfc5-8e2dcd83385a/1763640000.0_mean_300.0_v3" "tx1c8561aef9b440e98d509-00692d0e75" "proxy-server 98624" 0.0010 "-" 97639 0
Nov 30 22:41:41 np0005540556.novalocal proxy-server[98624]: ::1 ::1 01/Dec/2025/03/41/41 GET /v1/AUTH_602f37ceccf647698ef9e0fe4d0d45d5/gnocchi.d6b60cfe-8b9a-4531-bfc5-8e2dcd83385a/1763640000.0_mean_300.0_v3 HTTP/1.0 200 - python-swiftclient-4.8.0 gAAAAABpLQ4-yMSf... - 16 - tx1c8561aef9b440e98d509-00692d0e75 - 0.0102 - - 1764560501.174089193 1764560501.184319735 0 3cd24aa0af114855987a490c7d44632d
Nov 30 22:41:41 np0005540556.novalocal container-server[97343]: ::1 - - [01/Dec/2025:03:41:41 +0000] "PUT /2/62345/AUTH_602f37ceccf647698ef9e0fe4d0d45d5/gnocchi.d2db96b5-a990-40f8-bc11-d0e3da7d54da/1763640000.0_mean_300.0_v3" 201 - "PUT http://[::1]:8080/2/114229/AUTH_602f37ceccf647698ef9e0fe4d0d45d5/gnocchi.d2db96b5-a990-40f8-bc11-d0e3da7d54da/1763640000.0_mean_300.0_v3" "txa72de7908d0b4a85b0bd0-00692d0e75" "object-server 97640" 0.0015 "-" 97343 0
Nov 30 22:41:41 np0005540556.novalocal container-server[97342]: ::1 - - [01/Dec/2025:03:41:41 +0000] "PUT /3/62345/AUTH_602f37ceccf647698ef9e0fe4d0d45d5/gnocchi.d2db96b5-a990-40f8-bc11-d0e3da7d54da/1763640000.0_mean_300.0_v3" 201 - "PUT http://[::1]:8080/1/114229/AUTH_602f37ceccf647698ef9e0fe4d0d45d5/gnocchi.d2db96b5-a990-40f8-bc11-d0e3da7d54da/1763640000.0_mean_300.0_v3" "txa72de7908d0b4a85b0bd0-00692d0e75" "object-server 97640" 0.0010 "-" 97342 0
Nov 30 22:41:41 np0005540556.novalocal object-server[97640]: ::1 - - [01/Dec/2025:03:41:41 +0000] "PUT /2/114229/AUTH_602f37ceccf647698ef9e0fe4d0d45d5/gnocchi.d2db96b5-a990-40f8-bc11-d0e3da7d54da/1763640000.0_mean_300.0_v3" 201 - "PUT https://[::1]:8080/v1/AUTH_602f37ceccf647698ef9e0fe4d0d45d5/gnocchi.d2db96b5-a990-40f8-bc11-d0e3da7d54da/1763640000.0_mean_300.0_v3" "txa72de7908d0b4a85b0bd0-00692d0e75" "proxy-server 98624" 0.0226 "-" 97640 0
Nov 30 22:41:41 np0005540556.novalocal container-server[97343]: ::1 - - [01/Dec/2025:03:41:41 +0000] "PUT /1/62345/AUTH_602f37ceccf647698ef9e0fe4d0d45d5/gnocchi.d2db96b5-a990-40f8-bc11-d0e3da7d54da/1763640000.0_mean_300.0_v3" 201 - "PUT http://[::1]:8080/3/114229/AUTH_602f37ceccf647698ef9e0fe4d0d45d5/gnocchi.d2db96b5-a990-40f8-bc11-d0e3da7d54da/1763640000.0_mean_300.0_v3" "txa72de7908d0b4a85b0bd0-00692d0e75" "object-server 97640" 0.0010 "-" 97343 0
Nov 30 22:41:41 np0005540556.novalocal object-server[97640]: ::1 - - [01/Dec/2025:03:41:41 +0000] "PUT /1/114229/AUTH_602f37ceccf647698ef9e0fe4d0d45d5/gnocchi.d2db96b5-a990-40f8-bc11-d0e3da7d54da/1763640000.0_mean_300.0_v3" 201 - "PUT https://[::1]:8080/v1/AUTH_602f37ceccf647698ef9e0fe4d0d45d5/gnocchi.d2db96b5-a990-40f8-bc11-d0e3da7d54da/1763640000.0_mean_300.0_v3" "txa72de7908d0b4a85b0bd0-00692d0e75" "proxy-server 98624" 0.0205 "-" 97640 0
Nov 30 22:41:41 np0005540556.novalocal object-server[97640]: ::1 - - [01/Dec/2025:03:41:41 +0000] "PUT /3/114229/AUTH_602f37ceccf647698ef9e0fe4d0d45d5/gnocchi.d2db96b5-a990-40f8-bc11-d0e3da7d54da/1763640000.0_mean_300.0_v3" 201 - "PUT https://[::1]:8080/v1/AUTH_602f37ceccf647698ef9e0fe4d0d45d5/gnocchi.d2db96b5-a990-40f8-bc11-d0e3da7d54da/1763640000.0_mean_300.0_v3" "txa72de7908d0b4a85b0bd0-00692d0e75" "proxy-server 98624" 0.0197 "-" 97640 0
Nov 30 22:41:41 np0005540556.novalocal proxy-server[98624]: ::1 ::1 01/Dec/2025/03/41/41 PUT /v1/AUTH_602f37ceccf647698ef9e0fe4d0d45d5/gnocchi.d2db96b5-a990-40f8-bc11-d0e3da7d54da/1763640000.0_mean_300.0_v3 HTTP/1.0 201 - python-swiftclient-4.8.0 gAAAAABpLQ4-yMSf... 16 - - txa72de7908d0b4a85b0bd0-00692d0e75 - 0.0401 - - 1764560501.188645840 1764560501.228737354 0 3cd24aa0af114855987a490c7d44632d
Nov 30 22:41:41 np0005540556.novalocal container-server[97343]: ::1 - - [01/Dec/2025:03:41:41 +0000] "PUT /3/106111/AUTH_602f37ceccf647698ef9e0fe4d0d45d5/gnocchi.d6b60cfe-8b9a-4531-bfc5-8e2dcd83385a/1763640000.0_mean_300.0_v3" 201 - "PUT http://[::1]:8080/2/106402/AUTH_602f37ceccf647698ef9e0fe4d0d45d5/gnocchi.d6b60cfe-8b9a-4531-bfc5-8e2dcd83385a/1763640000.0_mean_300.0_v3" "tx6d9802084ce3431e98844-00692d0e75" "object-server 97639" 0.0012 "-" 97343 0
Nov 30 22:41:41 np0005540556.novalocal container-server[97342]: ::1 - - [01/Dec/2025:03:41:41 +0000] "PUT /2/106111/AUTH_602f37ceccf647698ef9e0fe4d0d45d5/gnocchi.d6b60cfe-8b9a-4531-bfc5-8e2dcd83385a/1763640000.0_mean_300.0_v3" 201 - "PUT http://[::1]:8080/3/106402/AUTH_602f37ceccf647698ef9e0fe4d0d45d5/gnocchi.d6b60cfe-8b9a-4531-bfc5-8e2dcd83385a/1763640000.0_mean_300.0_v3" "tx6d9802084ce3431e98844-00692d0e75" "object-server 97640" 0.0006 "-" 97342 0
Nov 30 22:41:41 np0005540556.novalocal object-server[97640]: ::1 - - [01/Dec/2025:03:41:41 +0000] "PUT /3/106402/AUTH_602f37ceccf647698ef9e0fe4d0d45d5/gnocchi.d6b60cfe-8b9a-4531-bfc5-8e2dcd83385a/1763640000.0_mean_300.0_v3" 201 - "PUT https://[::1]:8080/v1/AUTH_602f37ceccf647698ef9e0fe4d0d45d5/gnocchi.d6b60cfe-8b9a-4531-bfc5-8e2dcd83385a/1763640000.0_mean_300.0_v3" "tx6d9802084ce3431e98844-00692d0e75" "proxy-server 98624" 0.0177 "-" 97640 0
Nov 30 22:41:41 np0005540556.novalocal object-server[97639]: ::1 - - [01/Dec/2025:03:41:41 +0000] "PUT /2/106402/AUTH_602f37ceccf647698ef9e0fe4d0d45d5/gnocchi.d6b60cfe-8b9a-4531-bfc5-8e2dcd83385a/1763640000.0_mean_300.0_v3" 201 - "PUT https://[::1]:8080/v1/AUTH_602f37ceccf647698ef9e0fe4d0d45d5/gnocchi.d6b60cfe-8b9a-4531-bfc5-8e2dcd83385a/1763640000.0_mean_300.0_v3" "tx6d9802084ce3431e98844-00692d0e75" "proxy-server 98624" 0.0155 "-" 97639 0
Nov 30 22:41:41 np0005540556.novalocal container-server[97342]: ::1 - - [01/Dec/2025:03:41:41 +0000] "PUT /1/106111/AUTH_602f37ceccf647698ef9e0fe4d0d45d5/gnocchi.d6b60cfe-8b9a-4531-bfc5-8e2dcd83385a/1763640000.0_mean_300.0_v3" 201 - "PUT http://[::1]:8080/1/106402/AUTH_602f37ceccf647698ef9e0fe4d0d45d5/gnocchi.d6b60cfe-8b9a-4531-bfc5-8e2dcd83385a/1763640000.0_mean_300.0_v3" "tx6d9802084ce3431e98844-00692d0e75" "object-server 97639" 0.0005 "-" 97342 0
Nov 30 22:41:41 np0005540556.novalocal object-server[97639]: ::1 - - [01/Dec/2025:03:41:41 +0000] "PUT /1/106402/AUTH_602f37ceccf647698ef9e0fe4d0d45d5/gnocchi.d6b60cfe-8b9a-4531-bfc5-8e2dcd83385a/1763640000.0_mean_300.0_v3" 201 - "PUT https://[::1]:8080/v1/AUTH_602f37ceccf647698ef9e0fe4d0d45d5/gnocchi.d6b60cfe-8b9a-4531-bfc5-8e2dcd83385a/1763640000.0_mean_300.0_v3" "tx6d9802084ce3431e98844-00692d0e75" "proxy-server 98624" 0.0218 "-" 97639 0
Nov 30 22:41:41 np0005540556.novalocal proxy-server[98624]: ::1 ::1 01/Dec/2025/03/41/41 PUT /v1/AUTH_602f37ceccf647698ef9e0fe4d0d45d5/gnocchi.d6b60cfe-8b9a-4531-bfc5-8e2dcd83385a/1763640000.0_mean_300.0_v3 HTTP/1.0 201 - python-swiftclient-4.8.0 gAAAAABpLQ4-yMSf... 16 - - tx6d9802084ce3431e98844-00692d0e75 - 0.0327 - - 1764560501.233840466 1764560501.266576052 0 3cd24aa0af114855987a490c7d44632d
Nov 30 22:41:41 np0005540556.novalocal container-server[97342]: ::1 - - [01/Dec/2025:03:41:41 +0000] "PUT /2/62345/AUTH_602f37ceccf647698ef9e0fe4d0d45d5/gnocchi.d2db96b5-a990-40f8-bc11-d0e3da7d54da/none_v3" 201 - "PUT http://[::1]:8080/2/226423/AUTH_602f37ceccf647698ef9e0fe4d0d45d5/gnocchi.d2db96b5-a990-40f8-bc11-d0e3da7d54da/none_v3" "txaa8bc50189d14aa8ac8de-00692d0e75" "object-server 97639" 0.0005 "-" 97342 0
Nov 30 22:41:41 np0005540556.novalocal object-server[97639]: ::1 - - [01/Dec/2025:03:41:41 +0000] "PUT /2/226423/AUTH_602f37ceccf647698ef9e0fe4d0d45d5/gnocchi.d2db96b5-a990-40f8-bc11-d0e3da7d54da/none_v3" 201 - "PUT https://[::1]:8080/v1/AUTH_602f37ceccf647698ef9e0fe4d0d45d5/gnocchi.d2db96b5-a990-40f8-bc11-d0e3da7d54da/none_v3" "txaa8bc50189d14aa8ac8de-00692d0e75" "proxy-server 98624" 0.0155 "-" 97639 0
Nov 30 22:41:41 np0005540556.novalocal container-server[97342]: ::1 - - [01/Dec/2025:03:41:41 +0000] "PUT /1/62345/AUTH_602f37ceccf647698ef9e0fe4d0d45d5/gnocchi.d2db96b5-a990-40f8-bc11-d0e3da7d54da/none_v3" 201 - "PUT http://[::1]:8080/1/226423/AUTH_602f37ceccf647698ef9e0fe4d0d45d5/gnocchi.d2db96b5-a990-40f8-bc11-d0e3da7d54da/none_v3" "txaa8bc50189d14aa8ac8de-00692d0e75" "object-server 97640" 0.0004 "-" 97342 0
Nov 30 22:41:41 np0005540556.novalocal object-server[97640]: ::1 - - [01/Dec/2025:03:41:41 +0000] "PUT /1/226423/AUTH_602f37ceccf647698ef9e0fe4d0d45d5/gnocchi.d2db96b5-a990-40f8-bc11-d0e3da7d54da/none_v3" 201 - "PUT https://[::1]:8080/v1/AUTH_602f37ceccf647698ef9e0fe4d0d45d5/gnocchi.d2db96b5-a990-40f8-bc11-d0e3da7d54da/none_v3" "txaa8bc50189d14aa8ac8de-00692d0e75" "proxy-server 98624" 0.0185 "-" 97640 0
Nov 30 22:41:41 np0005540556.novalocal container-server[97343]: ::1 - - [01/Dec/2025:03:41:41 +0000] "PUT /3/62345/AUTH_602f37ceccf647698ef9e0fe4d0d45d5/gnocchi.d2db96b5-a990-40f8-bc11-d0e3da7d54da/none_v3" 201 - "PUT http://[::1]:8080/3/226423/AUTH_602f37ceccf647698ef9e0fe4d0d45d5/gnocchi.d2db96b5-a990-40f8-bc11-d0e3da7d54da/none_v3" "txaa8bc50189d14aa8ac8de-00692d0e75" "object-server 97640" 0.0010 "-" 97343 0
Nov 30 22:41:41 np0005540556.novalocal object-server[97640]: ::1 - - [01/Dec/2025:03:41:41 +0000] "PUT /3/226423/AUTH_602f37ceccf647698ef9e0fe4d0d45d5/gnocchi.d2db96b5-a990-40f8-bc11-d0e3da7d54da/none_v3" 201 - "PUT https://[::1]:8080/v1/AUTH_602f37ceccf647698ef9e0fe4d0d45d5/gnocchi.d2db96b5-a990-40f8-bc11-d0e3da7d54da/none_v3" "txaa8bc50189d14aa8ac8de-00692d0e75" "proxy-server 98624" 0.0282 "-" 97640 0
Nov 30 22:41:41 np0005540556.novalocal proxy-server[98624]: ::1 ::1 01/Dec/2025/03/41/41 PUT /v1/AUTH_602f37ceccf647698ef9e0fe4d0d45d5/gnocchi.d2db96b5-a990-40f8-bc11-d0e3da7d54da/none_v3 HTTP/1.0 201 - python-swiftclient-4.8.0 gAAAAABpLQ4-yMSf... 27 - - txaa8bc50189d14aa8ac8de-00692d0e75 - 0.0374 - - 1764560501.271722078 1764560501.309108734 0 3cd24aa0af114855987a490c7d44632d
Nov 30 22:41:41 np0005540556.novalocal container-server[97343]: ::1 - - [01/Dec/2025:03:41:41 +0000] "PUT /3/106111/AUTH_602f37ceccf647698ef9e0fe4d0d45d5/gnocchi.d6b60cfe-8b9a-4531-bfc5-8e2dcd83385a/none_v3" 201 - "PUT http://[::1]:8080/1/95914/AUTH_602f37ceccf647698ef9e0fe4d0d45d5/gnocchi.d6b60cfe-8b9a-4531-bfc5-8e2dcd83385a/none_v3" "tx942ad80166db4c54b4b6e-00692d0e75" "object-server 97640" 0.0008 "-" 97343 0
Nov 30 22:41:41 np0005540556.novalocal object-server[97640]: ::1 - - [01/Dec/2025:03:41:41 +0000] "PUT /1/95914/AUTH_602f37ceccf647698ef9e0fe4d0d45d5/gnocchi.d6b60cfe-8b9a-4531-bfc5-8e2dcd83385a/none_v3" 201 - "PUT https://[::1]:8080/v1/AUTH_602f37ceccf647698ef9e0fe4d0d45d5/gnocchi.d6b60cfe-8b9a-4531-bfc5-8e2dcd83385a/none_v3" "tx942ad80166db4c54b4b6e-00692d0e75" "proxy-server 98624" 0.0139 "-" 97640 0
