Nov 30 22:41:28 np0005540556.novalocal object-replicator[97704]: 192/192 (100.00%) partitions replicated in 2.48s (77.47/sec, 0s remaining)
Nov 30 22:41:28 np0005540556.novalocal object-replicator[97704]: 384 successes, 0 failures
Nov 30 22:41:28 np0005540556.novalocal object-replicator[97704]: 192 suffixes checked - 25.52% hashed, 0.00% synced
Nov 30 22:41:28 np0005540556.novalocal object-replicator[97704]: Partition times: max 0.0575s, min 0.0042s, med 0.0077s
Nov 30 22:41:28 np0005540556.novalocal object-replicator[97704]: Object replication complete. (0.04 minutes)
Nov 30 22:41:28 np0005540556.novalocal container-server[97343]: ::1 - - [01/Dec/2025:03:41:28 +0000] "HEAD /2/165458/AUTH_602f37ceccf647698ef9e0fe4d0d45d5/gnocchi.30ed7663-feac-4da6-bfba-40718da6e812" 404 - "HEAD http://[::1]:8080/v1/AUTH_602f37ceccf647698ef9e0fe4d0d45d5/gnocchi.30ed7663-feac-4da6-bfba-40718da6e812" "tx9e44aec488ad4191af03a-00692d0e68" "proxy-server 98624" 0.0005 "-" 97343 0
Nov 30 22:41:28 np0005540556.novalocal container-server[97342]: ::1 - - [01/Dec/2025:03:41:28 +0000] "HEAD /1/165458/AUTH_602f37ceccf647698ef9e0fe4d0d45d5/gnocchi.30ed7663-feac-4da6-bfba-40718da6e812" 404 - "HEAD http://[::1]:8080/v1/AUTH_602f37ceccf647698ef9e0fe4d0d45d5/gnocchi.30ed7663-feac-4da6-bfba-40718da6e812" "tx9e44aec488ad4191af03a-00692d0e68" "proxy-server 98624" 0.0003 "-" 97342 0
Nov 30 22:41:28 np0005540556.novalocal container-server[97343]: ::1 - - [01/Dec/2025:03:41:28 +0000] "HEAD /3/165458/AUTH_602f37ceccf647698ef9e0fe4d0d45d5/gnocchi.30ed7663-feac-4da6-bfba-40718da6e812" 404 - "HEAD http://[::1]:8080/v1/AUTH_602f37ceccf647698ef9e0fe4d0d45d5/gnocchi.30ed7663-feac-4da6-bfba-40718da6e812" "tx9e44aec488ad4191af03a-00692d0e68" "proxy-server 98624" 0.0005 "-" 97343 0
Nov 30 22:41:28 np0005540556.novalocal proxy-server[98624]: - - 01/Dec/2025/03/41/28 HEAD /v1/AUTH_602f37ceccf647698ef9e0fe4d0d45d5/gnocchi.30ed7663-feac-4da6-bfba-40718da6e812 HTTP/1.0 404 - Swift - - - - tx9e44aec488ad4191af03a-00692d0e68 - 0.0126 CS - 1764560488.724228859 1764560488.736803293 0 -
Nov 30 22:41:28 np0005540556.novalocal object-server[97640]: ::1 - - [01/Dec/2025:03:41:28 +0000] "GET /1/110689/AUTH_602f37ceccf647698ef9e0fe4d0d45d5/gnocchi.30ed7663-feac-4da6-bfba-40718da6e812/none_v3" 404 70 "GET https://[::1]:8080/v1/AUTH_602f37ceccf647698ef9e0fe4d0d45d5/gnocchi.30ed7663-feac-4da6-bfba-40718da6e812/none_v3" "tx9e44aec488ad4191af03a-00692d0e68" "proxy-server 98624" 0.0009 "-" 97640 0
Nov 30 22:41:28 np0005540556.novalocal object-server[97639]: ::1 - - [01/Dec/2025:03:41:28 +0000] "GET /3/110689/AUTH_602f37ceccf647698ef9e0fe4d0d45d5/gnocchi.30ed7663-feac-4da6-bfba-40718da6e812/none_v3" 404 70 "GET https://[::1]:8080/v1/AUTH_602f37ceccf647698ef9e0fe4d0d45d5/gnocchi.30ed7663-feac-4da6-bfba-40718da6e812/none_v3" "tx9e44aec488ad4191af03a-00692d0e68" "proxy-server 98624" 0.0006 "-" 97639 0
Nov 30 22:41:28 np0005540556.novalocal object-server[97640]: ::1 - - [01/Dec/2025:03:41:28 +0000] "GET /2/110689/AUTH_602f37ceccf647698ef9e0fe4d0d45d5/gnocchi.30ed7663-feac-4da6-bfba-40718da6e812/none_v3" 404 70 "GET https://[::1]:8080/v1/AUTH_602f37ceccf647698ef9e0fe4d0d45d5/gnocchi.30ed7663-feac-4da6-bfba-40718da6e812/none_v3" "tx9e44aec488ad4191af03a-00692d0e68" "proxy-server 98624" 0.0008 "-" 97640 0
Nov 30 22:41:28 np0005540556.novalocal proxy-server[98624]: ::1 ::1 01/Dec/2025/03/41/28 GET /v1/AUTH_602f37ceccf647698ef9e0fe4d0d45d5/gnocchi.30ed7663-feac-4da6-bfba-40718da6e812/none_v3 HTTP/1.0 404 - python-swiftclient-4.8.0 gAAAAABpLQ4jjy8F... - 70 - tx9e44aec488ad4191af03a-00692d0e68 - 0.0346 - - 1764560488.722404003 1764560488.757004023 0 3cd24aa0af114855987a490c7d44632d
Nov 30 22:41:28 np0005540556.novalocal account-server[97042]: ::1 - - [01/Dec/2025:03:41:28 +0000] "PUT /3/108421/AUTH_602f37ceccf647698ef9e0fe4d0d45d5/gnocchi.30ed7663-feac-4da6-bfba-40718da6e812" 201 - "PUT http://[::1]:6001/2/165458/AUTH_602f37ceccf647698ef9e0fe4d0d45d5/gnocchi.30ed7663-feac-4da6-bfba-40718da6e812" "tx1f4f9aecbe5f4d16be894-00692d0e68" "container-server 97342" 0.0010 "-" 97042 0
Nov 30 22:41:28 np0005540556.novalocal container-server[97342]: ::1 - - [01/Dec/2025:03:41:28 +0000] "PUT /2/165458/AUTH_602f37ceccf647698ef9e0fe4d0d45d5/gnocchi.30ed7663-feac-4da6-bfba-40718da6e812" 201 - "PUT https://[::1]:8080/v1/AUTH_602f37ceccf647698ef9e0fe4d0d45d5/gnocchi.30ed7663-feac-4da6-bfba-40718da6e812" "tx1f4f9aecbe5f4d16be894-00692d0e68" "proxy-server 98624" 0.0090 "-" 97342 0
Nov 30 22:41:28 np0005540556.novalocal account-server[97042]: ::1 - - [01/Dec/2025:03:41:28 +0000] "PUT /1/108421/AUTH_602f37ceccf647698ef9e0fe4d0d45d5/gnocchi.30ed7663-feac-4da6-bfba-40718da6e812" 201 - "PUT http://[::1]:6001/1/165458/AUTH_602f37ceccf647698ef9e0fe4d0d45d5/gnocchi.30ed7663-feac-4da6-bfba-40718da6e812" "tx1f4f9aecbe5f4d16be894-00692d0e68" "container-server 97343" 0.0034 "-" 97042 0
Nov 30 22:41:28 np0005540556.novalocal container-server[97343]: ::1 - - [01/Dec/2025:03:41:28 +0000] "PUT /1/165458/AUTH_602f37ceccf647698ef9e0fe4d0d45d5/gnocchi.30ed7663-feac-4da6-bfba-40718da6e812" 201 - "PUT https://[::1]:8080/v1/AUTH_602f37ceccf647698ef9e0fe4d0d45d5/gnocchi.30ed7663-feac-4da6-bfba-40718da6e812" "tx1f4f9aecbe5f4d16be894-00692d0e68" "proxy-server 98624" 0.0228 "-" 97343 0
Nov 30 22:41:28 np0005540556.novalocal account-server[97042]: ::1 - - [01/Dec/2025:03:41:28 +0000] "PUT /2/108421/AUTH_602f37ceccf647698ef9e0fe4d0d45d5/gnocchi.30ed7663-feac-4da6-bfba-40718da6e812" 201 - "PUT http://[::1]:6001/3/165458/AUTH_602f37ceccf647698ef9e0fe4d0d45d5/gnocchi.30ed7663-feac-4da6-bfba-40718da6e812" "tx1f4f9aecbe5f4d16be894-00692d0e68" "container-server 97343" 0.0042 "-" 97042 0
Nov 30 22:41:28 np0005540556.novalocal container-server[97343]: ::1 - - [01/Dec/2025:03:41:28 +0000] "PUT /3/165458/AUTH_602f37ceccf647698ef9e0fe4d0d45d5/gnocchi.30ed7663-feac-4da6-bfba-40718da6e812" 201 - "PUT https://[::1]:8080/v1/AUTH_602f37ceccf647698ef9e0fe4d0d45d5/gnocchi.30ed7663-feac-4da6-bfba-40718da6e812" "tx1f4f9aecbe5f4d16be894-00692d0e68" "proxy-server 98624" 0.0153 "-" 97343 0
Nov 30 22:41:28 np0005540556.novalocal proxy-server[98624]: ::1 ::1 01/Dec/2025/03/41/28 PUT /v1/AUTH_602f37ceccf647698ef9e0fe4d0d45d5/gnocchi.30ed7663-feac-4da6-bfba-40718da6e812 HTTP/1.0 201 - python-swiftclient-4.8.0 gAAAAABpLQ4jjy8F... - - - tx1f4f9aecbe5f4d16be894-00692d0e68 - 0.0374 - - 1764560488.760620117 1764560488.797997475 0 3cd24aa0af114855987a490c7d44632d
Nov 30 22:41:28 np0005540556.novalocal container-server[97343]: ::1 - - [01/Dec/2025:03:41:28 +0000] "HEAD /3/165458/AUTH_602f37ceccf647698ef9e0fe4d0d45d5/gnocchi.30ed7663-feac-4da6-bfba-40718da6e812" 204 - "HEAD http://[::1]:8080/v1/AUTH_602f37ceccf647698ef9e0fe4d0d45d5/gnocchi.30ed7663-feac-4da6-bfba-40718da6e812" "txce7365fb3ded43b2bbbd0-00692d0e68" "proxy-server 98624" 0.0033 "-" 97343 0
Nov 30 22:41:28 np0005540556.novalocal proxy-server[98624]: - - 01/Dec/2025/03/41/28 HEAD /v1/AUTH_602f37ceccf647698ef9e0fe4d0d45d5/gnocchi.30ed7663-feac-4da6-bfba-40718da6e812 HTTP/1.0 204 - Swift - - - - txce7365fb3ded43b2bbbd0-00692d0e68 - 0.0082 CS - 1764560488.802220583 1764560488.810465097 0 -
Nov 30 22:41:28 np0005540556.novalocal container-server[97342]: ::1 - - [01/Dec/2025:03:41:28 +0000] "GET /3/165458/AUTH_602f37ceccf647698ef9e0fe4d0d45d5/gnocchi.30ed7663-feac-4da6-bfba-40718da6e812" 200 2 "GET https://[::1]:8080/v1/AUTH_602f37ceccf647698ef9e0fe4d0d45d5/gnocchi.30ed7663-feac-4da6-bfba-40718da6e812?format=json&states=listing" "txce7365fb3ded43b2bbbd0-00692d0e68" "proxy-server 98624" 0.0024 "-" 97342 0
Nov 30 22:41:28 np0005540556.novalocal proxy-server[98624]: ::1 ::1 01/Dec/2025/03/41/28 GET /v1/AUTH_602f37ceccf647698ef9e0fe4d0d45d5/gnocchi.30ed7663-feac-4da6-bfba-40718da6e812%3Fformat%3Djson%26states%3Dlisting HTTP/1.0 200 - python-swiftclient-4.8.0 gAAAAABpLQ4jjy8F... - 2 - txce7365fb3ded43b2bbbd0-00692d0e68 - 0.0219 - - 1764560488.801038027 1764560488.822952032 0 3cd24aa0af114855987a490c7d44632d
Nov 30 22:41:28 np0005540556.novalocal object-server[97639]: ::1 - - [01/Dec/2025:03:41:28 +0000] "GET /2/103373/AUTH_602f37ceccf647698ef9e0fe4d0d45d5/gnocchi.30ed7663-feac-4da6-bfba-40718da6e812/1763640000.0_mean_300.0_v3" 404 70 "GET https://[::1]:8080/v1/AUTH_602f37ceccf647698ef9e0fe4d0d45d5/gnocchi.30ed7663-feac-4da6-bfba-40718da6e812/1763640000.0_mean_300.0_v3" "txcd6c568ac4934773b148a-00692d0e68" "proxy-server 98624" 0.0006 "-" 97639 0
Nov 30 22:41:28 np0005540556.novalocal object-server[97639]: ::1 - - [01/Dec/2025:03:41:28 +0000] "GET /1/103373/AUTH_602f37ceccf647698ef9e0fe4d0d45d5/gnocchi.30ed7663-feac-4da6-bfba-40718da6e812/1763640000.0_mean_300.0_v3" 404 70 "GET https://[::1]:8080/v1/AUTH_602f37ceccf647698ef9e0fe4d0d45d5/gnocchi.30ed7663-feac-4da6-bfba-40718da6e812/1763640000.0_mean_300.0_v3" "txcd6c568ac4934773b148a-00692d0e68" "proxy-server 98624" 0.0004 "-" 97639 0
Nov 30 22:41:28 np0005540556.novalocal object-server[97639]: ::1 - - [01/Dec/2025:03:41:28 +0000] "GET /3/103373/AUTH_602f37ceccf647698ef9e0fe4d0d45d5/gnocchi.30ed7663-feac-4da6-bfba-40718da6e812/1763640000.0_mean_300.0_v3" 404 70 "GET https://[::1]:8080/v1/AUTH_602f37ceccf647698ef9e0fe4d0d45d5/gnocchi.30ed7663-feac-4da6-bfba-40718da6e812/1763640000.0_mean_300.0_v3" "txcd6c568ac4934773b148a-00692d0e68" "proxy-server 98624" 0.0005 "-" 97639 0
Nov 30 22:41:28 np0005540556.novalocal proxy-server[98624]: ::1 ::1 01/Dec/2025/03/41/28 GET /v1/AUTH_602f37ceccf647698ef9e0fe4d0d45d5/gnocchi.30ed7663-feac-4da6-bfba-40718da6e812/1763640000.0_mean_300.0_v3 HTTP/1.0 404 - python-swiftclient-4.8.0 gAAAAABpLQ4jjy8F... - 70 - txcd6c568ac4934773b148a-00692d0e68 - 0.0171 - - 1764560488.826170444 1764560488.843301773 0 3cd24aa0af114855987a490c7d44632d
Nov 30 22:41:28 np0005540556.novalocal container-server[97342]: ::1 - - [01/Dec/2025:03:41:28 +0000] "PUT /1/165458/AUTH_602f37ceccf647698ef9e0fe4d0d45d5/gnocchi.30ed7663-feac-4da6-bfba-40718da6e812/1763640000.0_mean_300.0_v3" 201 - "PUT http://[::1]:8080/3/103373/AUTH_602f37ceccf647698ef9e0fe4d0d45d5/gnocchi.30ed7663-feac-4da6-bfba-40718da6e812/1763640000.0_mean_300.0_v3" "tx8d74efecfd9140018f954-00692d0e68" "object-server 97639" 0.0010 "-" 97342 0
Nov 30 22:41:28 np0005540556.novalocal object-server[97639]: ::1 - - [01/Dec/2025:03:41:28 +0000] "PUT /3/103373/AUTH_602f37ceccf647698ef9e0fe4d0d45d5/gnocchi.30ed7663-feac-4da6-bfba-40718da6e812/1763640000.0_mean_300.0_v3" 201 - "PUT https://[::1]:8080/v1/AUTH_602f37ceccf647698ef9e0fe4d0d45d5/gnocchi.30ed7663-feac-4da6-bfba-40718da6e812/1763640000.0_mean_300.0_v3" "tx8d74efecfd9140018f954-00692d0e68" "proxy-server 98624" 0.0157 "-" 97639 0
Nov 30 22:41:28 np0005540556.novalocal container-server[97342]: ::1 - - [01/Dec/2025:03:41:28 +0000] "PUT /3/165458/AUTH_602f37ceccf647698ef9e0fe4d0d45d5/gnocchi.30ed7663-feac-4da6-bfba-40718da6e812/1763640000.0_mean_300.0_v3" 201 - "PUT http://[::1]:8080/2/103373/AUTH_602f37ceccf647698ef9e0fe4d0d45d5/gnocchi.30ed7663-feac-4da6-bfba-40718da6e812/1763640000.0_mean_300.0_v3" "tx8d74efecfd9140018f954-00692d0e68" "object-server 97640" 0.0009 "-" 97342 0
Nov 30 22:41:28 np0005540556.novalocal container-server[97342]: ::1 - - [01/Dec/2025:03:41:28 +0000] "PUT /2/165458/AUTH_602f37ceccf647698ef9e0fe4d0d45d5/gnocchi.30ed7663-feac-4da6-bfba-40718da6e812/1763640000.0_mean_300.0_v3" 201 - "PUT http://[::1]:8080/1/103373/AUTH_602f37ceccf647698ef9e0fe4d0d45d5/gnocchi.30ed7663-feac-4da6-bfba-40718da6e812/1763640000.0_mean_300.0_v3" "tx8d74efecfd9140018f954-00692d0e68" "object-server 97640" 0.0007 "-" 97342 0
Nov 30 22:41:28 np0005540556.novalocal object-server[97640]: ::1 - - [01/Dec/2025:03:41:28 +0000] "PUT /2/103373/AUTH_602f37ceccf647698ef9e0fe4d0d45d5/gnocchi.30ed7663-feac-4da6-bfba-40718da6e812/1763640000.0_mean_300.0_v3" 201 - "PUT https://[::1]:8080/v1/AUTH_602f37ceccf647698ef9e0fe4d0d45d5/gnocchi.30ed7663-feac-4da6-bfba-40718da6e812/1763640000.0_mean_300.0_v3" "tx8d74efecfd9140018f954-00692d0e68" "proxy-server 98624" 0.0156 "-" 97640 0
Nov 30 22:41:28 np0005540556.novalocal object-server[97640]: ::1 - - [01/Dec/2025:03:41:28 +0000] "PUT /1/103373/AUTH_602f37ceccf647698ef9e0fe4d0d45d5/gnocchi.30ed7663-feac-4da6-bfba-40718da6e812/1763640000.0_mean_300.0_v3" 201 - "PUT https://[::1]:8080/v1/AUTH_602f37ceccf647698ef9e0fe4d0d45d5/gnocchi.30ed7663-feac-4da6-bfba-40718da6e812/1763640000.0_mean_300.0_v3" "tx8d74efecfd9140018f954-00692d0e68" "proxy-server 98624" 0.0213 "-" 97640 0
Nov 30 22:41:28 np0005540556.novalocal proxy-server[98624]: ::1 ::1 01/Dec/2025/03/41/28 PUT /v1/AUTH_602f37ceccf647698ef9e0fe4d0d45d5/gnocchi.30ed7663-feac-4da6-bfba-40718da6e812/1763640000.0_mean_300.0_v3 HTTP/1.0 201 - python-swiftclient-4.8.0 gAAAAABpLQ4jjy8F... 16 - - tx8d74efecfd9140018f954-00692d0e68 - 0.0324 - - 1764560488.845965624 1764560488.878358364 0 3cd24aa0af114855987a490c7d44632d
Nov 30 22:41:28 np0005540556.novalocal container-server[97343]: ::1 - - [01/Dec/2025:03:41:28 +0000] "PUT /2/165458/AUTH_602f37ceccf647698ef9e0fe4d0d45d5/gnocchi.30ed7663-feac-4da6-bfba-40718da6e812/none_v3" 201 - "PUT http://[::1]:8080/2/110689/AUTH_602f37ceccf647698ef9e0fe4d0d45d5/gnocchi.30ed7663-feac-4da6-bfba-40718da6e812/none_v3" "tx308a6b1a13584a3795c14-00692d0e68" "object-server 97639" 0.0008 "-" 97343 0
Nov 30 22:41:28 np0005540556.novalocal container-server[97342]: ::1 - - [01/Dec/2025:03:41:28 +0000] "PUT /3/165458/AUTH_602f37ceccf647698ef9e0fe4d0d45d5/gnocchi.30ed7663-feac-4da6-bfba-40718da6e812/none_v3" 201 - "PUT http://[::1]:8080/1/110689/AUTH_602f37ceccf647698ef9e0fe4d0d45d5/gnocchi.30ed7663-feac-4da6-bfba-40718da6e812/none_v3" "tx308a6b1a13584a3795c14-00692d0e68" "object-server 97639" 0.0008 "-" 97342 0
Nov 30 22:41:28 np0005540556.novalocal object-server[97639]: ::1 - - [01/Dec/2025:03:41:28 +0000] "PUT /2/110689/AUTH_602f37ceccf647698ef9e0fe4d0d45d5/gnocchi.30ed7663-feac-4da6-bfba-40718da6e812/none_v3" 201 - "PUT https://[::1]:8080/v1/AUTH_602f37ceccf647698ef9e0fe4d0d45d5/gnocchi.30ed7663-feac-4da6-bfba-40718da6e812/none_v3" "tx308a6b1a13584a3795c14-00692d0e68" "proxy-server 98624" 0.0171 "-" 97639 0
Nov 30 22:41:28 np0005540556.novalocal object-server[97639]: ::1 - - [01/Dec/2025:03:41:28 +0000] "PUT /1/110689/AUTH_602f37ceccf647698ef9e0fe4d0d45d5/gnocchi.30ed7663-feac-4da6-bfba-40718da6e812/none_v3" 201 - "PUT https://[::1]:8080/v1/AUTH_602f37ceccf647698ef9e0fe4d0d45d5/gnocchi.30ed7663-feac-4da6-bfba-40718da6e812/none_v3" "tx308a6b1a13584a3795c14-00692d0e68" "proxy-server 98624" 0.0165 "-" 97639 0
Nov 30 22:41:28 np0005540556.novalocal container-server[97343]: ::1 - - [01/Dec/2025:03:41:28 +0000] "PUT /1/165458/AUTH_602f37ceccf647698ef9e0fe4d0d45d5/gnocchi.30ed7663-feac-4da6-bfba-40718da6e812/none_v3" 201 - "PUT http://[::1]:8080/3/110689/AUTH_602f37ceccf647698ef9e0fe4d0d45d5/gnocchi.30ed7663-feac-4da6-bfba-40718da6e812/none_v3" "tx308a6b1a13584a3795c14-00692d0e68" "object-server 97640" 0.0007 "-" 97343 0
Nov 30 22:41:28 np0005540556.novalocal object-server[97640]: ::1 - - [01/Dec/2025:03:41:28 +0000] "PUT /3/110689/AUTH_602f37ceccf647698ef9e0fe4d0d45d5/gnocchi.30ed7663-feac-4da6-bfba-40718da6e812/none_v3" 201 - "PUT https://[::1]:8080/v1/AUTH_602f37ceccf647698ef9e0fe4d0d45d5/gnocchi.30ed7663-feac-4da6-bfba-40718da6e812/none_v3" "tx308a6b1a13584a3795c14-00692d0e68" "proxy-server 98624" 0.0192 "-" 97640 0
Nov 30 22:41:28 np0005540556.novalocal proxy-server[98624]: ::1 ::1 01/Dec/2025/03/41/28 PUT /v1/AUTH_602f37ceccf647698ef9e0fe4d0d45d5/gnocchi.30ed7663-feac-4da6-bfba-40718da6e812/none_v3 HTTP/1.0 201 - python-swiftclient-4.8.0 gAAAAABpLQ4jjy8F... 22 - - tx308a6b1a13584a3795c14-00692d0e68 - 0.0326 - - 1764560488.880935192 1764560488.913582325 0 3cd24aa0af114855987a490c7d44632d
Nov 30 22:41:28 np0005540556.novalocal container-server[97343]: ::1 - - [01/Dec/2025:03:41:28 +0000] "HEAD /3/186976/AUTH_602f37ceccf647698ef9e0fe4d0d45d5/gnocchi.884f6019-dd14-416e-a740-45843d5efd1d" 404 - "HEAD http://[::1]:8080/v1/AUTH_602f37ceccf647698ef9e0fe4d0d45d5/gnocchi.884f6019-dd14-416e-a740-45843d5efd1d" "tx0cfffc2b9bc24834bf3dc-00692d0e68" "proxy-server 98624" 0.0004 "-" 97343 0
Nov 30 22:41:28 np0005540556.novalocal container-server[97342]: ::1 - - [01/Dec/2025:03:41:28 +0000] "HEAD /2/186976/AUTH_602f37ceccf647698ef9e0fe4d0d45d5/gnocchi.884f6019-dd14-416e-a740-45843d5efd1d" 404 - "HEAD http://[::1]:8080/v1/AUTH_602f37ceccf647698ef9e0fe4d0d45d5/gnocchi.884f6019-dd14-416e-a740-45843d5efd1d" "tx0cfffc2b9bc24834bf3dc-00692d0e68" "proxy-server 98624" 0.0005 "-" 97342 0
Nov 30 22:41:28 np0005540556.novalocal container-server[97342]: ::1 - - [01/Dec/2025:03:41:28 +0000] "HEAD /1/186976/AUTH_602f37ceccf647698ef9e0fe4d0d45d5/gnocchi.884f6019-dd14-416e-a740-45843d5efd1d" 404 - "HEAD http://[::1]:8080/v1/AUTH_602f37ceccf647698ef9e0fe4d0d45d5/gnocchi.884f6019-dd14-416e-a740-45843d5efd1d" "tx0cfffc2b9bc24834bf3dc-00692d0e68" "proxy-server 98624" 0.0003 "-" 97342 0
Nov 30 22:41:28 np0005540556.novalocal account-replicator[97106]: Beginning replication run
Nov 30 22:41:28 np0005540556.novalocal proxy-server[98624]: - - 01/Dec/2025/03/41/28 HEAD /v1/AUTH_602f37ceccf647698ef9e0fe4d0d45d5/gnocchi.884f6019-dd14-416e-a740-45843d5efd1d HTTP/1.0 404 - Swift - - - - tx0cfffc2b9bc24834bf3dc-00692d0e68 - 0.0125 CS - 1764560488.931815624 1764560488.944273710 0 -
Nov 30 22:41:28 np0005540556.novalocal object-server[97639]: ::1 - - [01/Dec/2025:03:41:28 +0000] "GET /3/198789/AUTH_602f37ceccf647698ef9e0fe4d0d45d5/gnocchi.884f6019-dd14-416e-a740-45843d5efd1d/none_v3" 404 70 "GET https://[::1]:8080/v1/AUTH_602f37ceccf647698ef9e0fe4d0d45d5/gnocchi.884f6019-dd14-416e-a740-45843d5efd1d/none_v3" "tx0cfffc2b9bc24834bf3dc-00692d0e68" "proxy-server 98624" 0.0004 "-" 97639 0
Nov 30 22:41:28 np0005540556.novalocal object-server[97640]: ::1 - - [01/Dec/2025:03:41:28 +0000] "GET /1/198789/AUTH_602f37ceccf647698ef9e0fe4d0d45d5/gnocchi.884f6019-dd14-416e-a740-45843d5efd1d/none_v3" 404 70 "GET https://[::1]:8080/v1/AUTH_602f37ceccf647698ef9e0fe4d0d45d5/gnocchi.884f6019-dd14-416e-a740-45843d5efd1d/none_v3" "tx0cfffc2b9bc24834bf3dc-00692d0e68" "proxy-server 98624" 0.0007 "-" 97640 0
Nov 30 22:41:28 np0005540556.novalocal object-server[97639]: ::1 - - [01/Dec/2025:03:41:28 +0000] "GET /2/198789/AUTH_602f37ceccf647698ef9e0fe4d0d45d5/gnocchi.884f6019-dd14-416e-a740-45843d5efd1d/none_v3" 404 70 "GET https://[::1]:8080/v1/AUTH_602f37ceccf647698ef9e0fe4d0d45d5/gnocchi.884f6019-dd14-416e-a740-45843d5efd1d/none_v3" "tx0cfffc2b9bc24834bf3dc-00692d0e68" "proxy-server 98624" 0.0002 "-" 97639 0
Nov 30 22:41:28 np0005540556.novalocal proxy-server[98624]: ::1 ::1 01/Dec/2025/03/41/28 GET /v1/AUTH_602f37ceccf647698ef9e0fe4d0d45d5/gnocchi.884f6019-dd14-416e-a740-45843d5efd1d/none_v3 HTTP/1.0 404 - python-swiftclient-4.8.0 gAAAAABpLQ4jjy8F... - 70 - tx0cfffc2b9bc24834bf3dc-00692d0e68 - 0.0325 - - 1764560488.930497646 1764560488.962987423 0 3cd24aa0af114855987a490c7d44632d
Nov 30 22:41:28 np0005540556.novalocal account-server[97043]: ::1 - - [01/Dec/2025:03:41:28 +0000] "PUT /2/108421/AUTH_602f37ceccf647698ef9e0fe4d0d45d5/gnocchi.884f6019-dd14-416e-a740-45843d5efd1d" 201 - "PUT http://[::1]:6001/2/186976/AUTH_602f37ceccf647698ef9e0fe4d0d45d5/gnocchi.884f6019-dd14-416e-a740-45843d5efd1d" "tx094577e5786f4c98a38db-00692d0e68" "container-server 97343" 0.0009 "-" 97043 0
Nov 30 22:41:28 np0005540556.novalocal container-server[97343]: ::1 - - [01/Dec/2025:03:41:28 +0000] "PUT /2/186976/AUTH_602f37ceccf647698ef9e0fe4d0d45d5/gnocchi.884f6019-dd14-416e-a740-45843d5efd1d" 201 - "PUT https://[::1]:8080/v1/AUTH_602f37ceccf647698ef9e0fe4d0d45d5/gnocchi.884f6019-dd14-416e-a740-45843d5efd1d" "tx094577e5786f4c98a38db-00692d0e68" "proxy-server 98624" 0.0160 "-" 97343 0
Nov 30 22:41:29 np0005540556.novalocal account-server[97043]: ::1 - - [01/Dec/2025:03:41:29 +0000] "PUT /1/108421/AUTH_602f37ceccf647698ef9e0fe4d0d45d5/gnocchi.884f6019-dd14-416e-a740-45843d5efd1d" 201 - "PUT http://[::1]:6001/1/186976/AUTH_602f37ceccf647698ef9e0fe4d0d45d5/gnocchi.884f6019-dd14-416e-a740-45843d5efd1d" "tx094577e5786f4c98a38db-00692d0e68" "container-server 97342" 0.0011 "-" 97043 0
Nov 30 22:41:29 np0005540556.novalocal container-server[97342]: ::1 - - [01/Dec/2025:03:41:29 +0000] "PUT /1/186976/AUTH_602f37ceccf647698ef9e0fe4d0d45d5/gnocchi.884f6019-dd14-416e-a740-45843d5efd1d" 201 - "PUT https://[::1]:8080/v1/AUTH_602f37ceccf647698ef9e0fe4d0d45d5/gnocchi.884f6019-dd14-416e-a740-45843d5efd1d" "tx094577e5786f4c98a38db-00692d0e68" "proxy-server 98624" 0.0241 "-" 97342 0
Nov 30 22:41:29 np0005540556.novalocal account-server[97042]: ::1 - - [01/Dec/2025:03:41:29 +0000] "PUT /3/108421/AUTH_602f37ceccf647698ef9e0fe4d0d45d5/gnocchi.884f6019-dd14-416e-a740-45843d5efd1d" 201 - "PUT http://[::1]:6001/3/186976/AUTH_602f37ceccf647698ef9e0fe4d0d45d5/gnocchi.884f6019-dd14-416e-a740-45843d5efd1d" "tx094577e5786f4c98a38db-00692d0e68" "container-server 97342" 0.0017 "-" 97042 0
Nov 30 22:41:29 np0005540556.novalocal container-server[97342]: ::1 - - [01/Dec/2025:03:41:29 +0000] "PUT /3/186976/AUTH_602f37ceccf647698ef9e0fe4d0d45d5/gnocchi.884f6019-dd14-416e-a740-45843d5efd1d" 201 - "PUT https://[::1]:8080/v1/AUTH_602f37ceccf647698ef9e0fe4d0d45d5/gnocchi.884f6019-dd14-416e-a740-45843d5efd1d" "tx094577e5786f4c98a38db-00692d0e68" "proxy-server 98624" 0.0503 "-" 97342 0
Nov 30 22:41:29 np0005540556.novalocal proxy-server[98624]: ::1 ::1 01/Dec/2025/03/41/29 PUT /v1/AUTH_602f37ceccf647698ef9e0fe4d0d45d5/gnocchi.884f6019-dd14-416e-a740-45843d5efd1d HTTP/1.0 201 - python-swiftclient-4.8.0 gAAAAABpLQ4jjy8F... - - - tx094577e5786f4c98a38db-00692d0e68 - 0.0655 - - 1764560488.967391253 1764560489.032888174 0 3cd24aa0af114855987a490c7d44632d
Nov 30 22:41:29 np0005540556.novalocal container-server[97343]: ::1 - - [01/Dec/2025:03:41:29 +0000] "HEAD /3/186976/AUTH_602f37ceccf647698ef9e0fe4d0d45d5/gnocchi.884f6019-dd14-416e-a740-45843d5efd1d" 204 - "HEAD http://[::1]:8080/v1/AUTH_602f37ceccf647698ef9e0fe4d0d45d5/gnocchi.884f6019-dd14-416e-a740-45843d5efd1d" "txe80755f51dcd47658aac4-00692d0e69" "proxy-server 98624" 0.0013 "-" 97343 0
Nov 30 22:41:29 np0005540556.novalocal proxy-server[98624]: - - 01/Dec/2025/03/41/29 HEAD /v1/AUTH_602f37ceccf647698ef9e0fe4d0d45d5/gnocchi.884f6019-dd14-416e-a740-45843d5efd1d HTTP/1.0 204 - Swift - - - - txe80755f51dcd47658aac4-00692d0e69 - 0.0065 CS - 1764560489.039458275 1764560489.046001196 0 -
Nov 30 22:41:29 np0005540556.novalocal container-server[97342]: ::1 - - [01/Dec/2025:03:41:29 +0000] "GET /1/186976/AUTH_602f37ceccf647698ef9e0fe4d0d45d5/gnocchi.884f6019-dd14-416e-a740-45843d5efd1d" 200 2 "GET https://[::1]:8080/v1/AUTH_602f37ceccf647698ef9e0fe4d0d45d5/gnocchi.884f6019-dd14-416e-a740-45843d5efd1d?format=json&states=listing" "txe80755f51dcd47658aac4-00692d0e69" "proxy-server 98624" 0.0020 "-" 97342 0
Nov 30 22:41:29 np0005540556.novalocal proxy-server[98624]: ::1 ::1 01/Dec/2025/03/41/29 GET /v1/AUTH_602f37ceccf647698ef9e0fe4d0d45d5/gnocchi.884f6019-dd14-416e-a740-45843d5efd1d%3Fformat%3Djson%26states%3Dlisting HTTP/1.0 200 - python-swiftclient-4.8.0 gAAAAABpLQ4jjy8F... - 2 - txe80755f51dcd47658aac4-00692d0e69 - 0.0206 - - 1764560489.038273811 1764560489.058915138 0 3cd24aa0af114855987a490c7d44632d
Nov 30 22:41:29 np0005540556.novalocal account-replicator[97106]: Replication run OVER
Nov 30 22:41:29 np0005540556.novalocal account-replicator[97106]: Attempted to replicate 3 dbs in 0.12105 seconds (24.78242/s)
Nov 30 22:41:29 np0005540556.novalocal account-replicator[97106]: Removed 0 dbs
Nov 30 22:41:29 np0005540556.novalocal account-replicator[97106]: 6 successes, 0 failures
Nov 30 22:41:29 np0005540556.novalocal account-replicator[97106]: diff:2 diff_capped:0 empty:0 hashmatch:0 no_change:4 remote_merge:0 rsync:0 ts_repl:0
Nov 30 22:41:29 np0005540556.novalocal object-server[97639]: ::1 - - [01/Dec/2025:03:41:29 +0000] "GET /2/108168/AUTH_602f37ceccf647698ef9e0fe4d0d45d5/gnocchi.884f6019-dd14-416e-a740-45843d5efd1d/1763640000.0_mean_300.0_v3" 404 70 "GET https://[::1]:8080/v1/AUTH_602f37ceccf647698ef9e0fe4d0d45d5/gnocchi.884f6019-dd14-416e-a740-45843d5efd1d/1763640000.0_mean_300.0_v3" "tx7e9eb4648c5648678dabb-00692d0e69" "proxy-server 98624" 0.0005 "-" 97639 0
Nov 30 22:41:29 np0005540556.novalocal object-server[97639]: ::1 - - [01/Dec/2025:03:41:29 +0000] "GET /1/108168/AUTH_602f37ceccf647698ef9e0fe4d0d45d5/gnocchi.884f6019-dd14-416e-a740-45843d5efd1d/1763640000.0_mean_300.0_v3" 404 70 "GET https://[::1]:8080/v1/AUTH_602f37ceccf647698ef9e0fe4d0d45d5/gnocchi.884f6019-dd14-416e-a740-45843d5efd1d/1763640000.0_mean_300.0_v3" "tx7e9eb4648c5648678dabb-00692d0e69" "proxy-server 98624" 0.0004 "-" 97639 0
Nov 30 22:41:29 np0005540556.novalocal object-server[97639]: ::1 - - [01/Dec/2025:03:41:29 +0000] "GET /3/108168/AUTH_602f37ceccf647698ef9e0fe4d0d45d5/gnocchi.884f6019-dd14-416e-a740-45843d5efd1d/1763640000.0_mean_300.0_v3" 404 70 "GET https://[::1]:8080/v1/AUTH_602f37ceccf647698ef9e0fe4d0d45d5/gnocchi.884f6019-dd14-416e-a740-45843d5efd1d/1763640000.0_mean_300.0_v3" "tx7e9eb4648c5648678dabb-00692d0e69" "proxy-server 98624" 0.0004 "-" 97639 0
Nov 30 22:41:29 np0005540556.novalocal proxy-server[98624]: ::1 ::1 01/Dec/2025/03/41/29 GET /v1/AUTH_602f37ceccf647698ef9e0fe4d0d45d5/gnocchi.884f6019-dd14-416e-a740-45843d5efd1d/1763640000.0_mean_300.0_v3 HTTP/1.0 404 - python-swiftclient-4.8.0 gAAAAABpLQ4jjy8F... - 70 - tx7e9eb4648c5648678dabb-00692d0e69 - 0.0185 - - 1764560489.063480377 1764560489.082012892 0 3cd24aa0af114855987a490c7d44632d
Nov 30 22:41:29 np0005540556.novalocal container-server[97342]: ::1 - - [01/Dec/2025:03:41:29 +0000] "PUT /3/186976/AUTH_602f37ceccf647698ef9e0fe4d0d45d5/gnocchi.884f6019-dd14-416e-a740-45843d5efd1d/1763640000.0_mean_300.0_v3" 201 - "PUT http://[::1]:8080/2/108168/AUTH_602f37ceccf647698ef9e0fe4d0d45d5/gnocchi.884f6019-dd14-416e-a740-45843d5efd1d/1763640000.0_mean_300.0_v3" "tx0f08b071035a4b75abd8b-00692d0e69" "object-server 97640" 0.0005 "-" 97342 0
Nov 30 22:41:29 np0005540556.novalocal container-server[97342]: ::1 - - [01/Dec/2025:03:41:29 +0000] "PUT /2/186976/AUTH_602f37ceccf647698ef9e0fe4d0d45d5/gnocchi.884f6019-dd14-416e-a740-45843d5efd1d/1763640000.0_mean_300.0_v3" 201 - "PUT http://[::1]:8080/3/108168/AUTH_602f37ceccf647698ef9e0fe4d0d45d5/gnocchi.884f6019-dd14-416e-a740-45843d5efd1d/1763640000.0_mean_300.0_v3" "tx0f08b071035a4b75abd8b-00692d0e69" "object-server 97639" 0.0003 "-" 97342 0
Nov 30 22:41:29 np0005540556.novalocal object-server[97640]: ::1 - - [01/Dec/2025:03:41:29 +0000] "PUT /2/108168/AUTH_602f37ceccf647698ef9e0fe4d0d45d5/gnocchi.884f6019-dd14-416e-a740-45843d5efd1d/1763640000.0_mean_300.0_v3" 201 - "PUT https://[::1]:8080/v1/AUTH_602f37ceccf647698ef9e0fe4d0d45d5/gnocchi.884f6019-dd14-416e-a740-45843d5efd1d/1763640000.0_mean_300.0_v3" "tx0f08b071035a4b75abd8b-00692d0e69" "proxy-server 98624" 0.0118 "-" 97640 0
Nov 30 22:41:29 np0005540556.novalocal container-server[97342]: ::1 - - [01/Dec/2025:03:41:29 +0000] "PUT /1/186976/AUTH_602f37ceccf647698ef9e0fe4d0d45d5/gnocchi.884f6019-dd14-416e-a740-45843d5efd1d/1763640000.0_mean_300.0_v3" 201 - "PUT http://[::1]:8080/1/108168/AUTH_602f37ceccf647698ef9e0fe4d0d45d5/gnocchi.884f6019-dd14-416e-a740-45843d5efd1d/1763640000.0_mean_300.0_v3" "tx0f08b071035a4b75abd8b-00692d0e69" "object-server 97639" 0.0003 "-" 97342 0
Nov 30 22:41:29 np0005540556.novalocal object-server[97639]: ::1 - - [01/Dec/2025:03:41:29 +0000] "PUT /3/108168/AUTH_602f37ceccf647698ef9e0fe4d0d45d5/gnocchi.884f6019-dd14-416e-a740-45843d5efd1d/1763640000.0_mean_300.0_v3" 201 - "PUT https://[::1]:8080/v1/AUTH_602f37ceccf647698ef9e0fe4d0d45d5/gnocchi.884f6019-dd14-416e-a740-45843d5efd1d/1763640000.0_mean_300.0_v3" "tx0f08b071035a4b75abd8b-00692d0e69" "proxy-server 98624" 0.0104 "-" 97639 0
Nov 30 22:41:29 np0005540556.novalocal object-server[97639]: ::1 - - [01/Dec/2025:03:41:29 +0000] "PUT /1/108168/AUTH_602f37ceccf647698ef9e0fe4d0d45d5/gnocchi.884f6019-dd14-416e-a740-45843d5efd1d/1763640000.0_mean_300.0_v3" 201 - "PUT https://[::1]:8080/v1/AUTH_602f37ceccf647698ef9e0fe4d0d45d5/gnocchi.884f6019-dd14-416e-a740-45843d5efd1d/1763640000.0_mean_300.0_v3" "tx0f08b071035a4b75abd8b-00692d0e69" "proxy-server 98624" 0.0135 "-" 97639 0
Nov 30 22:41:29 np0005540556.novalocal proxy-server[98624]: ::1 ::1 01/Dec/2025/03/41/29 PUT /v1/AUTH_602f37ceccf647698ef9e0fe4d0d45d5/gnocchi.884f6019-dd14-416e-a740-45843d5efd1d/1763640000.0_mean_300.0_v3 HTTP/1.0 201 - python-swiftclient-4.8.0 gAAAAABpLQ4jjy8F... 16 - - tx0f08b071035a4b75abd8b-00692d0e69 - 0.0256 - - 1764560489.087476730 1764560489.113111973 0 3cd24aa0af114855987a490c7d44632d
Nov 30 22:41:29 np0005540556.novalocal container-server[97343]: ::1 - - [01/Dec/2025:03:41:29 +0000] "PUT /2/186976/AUTH_602f37ceccf647698ef9e0fe4d0d45d5/gnocchi.884f6019-dd14-416e-a740-45843d5efd1d/none_v3" 201 - "PUT http://[::1]:8080/1/198789/AUTH_602f37ceccf647698ef9e0fe4d0d45d5/gnocchi.884f6019-dd14-416e-a740-45843d5efd1d/none_v3" "tx9a7de416693d4591bfae9-00692d0e69" "object-server 97639" 0.0005 "-" 97343 0
Nov 30 22:41:29 np0005540556.novalocal object-server[97639]: ::1 - - [01/Dec/2025:03:41:29 +0000] "PUT /1/198789/AUTH_602f37ceccf647698ef9e0fe4d0d45d5/gnocchi.884f6019-dd14-416e-a740-45843d5efd1d/none_v3" 201 - "PUT https://[::1]:8080/v1/AUTH_602f37ceccf647698ef9e0fe4d0d45d5/gnocchi.884f6019-dd14-416e-a740-45843d5efd1d/none_v3" "tx9a7de416693d4591bfae9-00692d0e69" "proxy-server 98624" 0.0101 "-" 97639 0
Nov 30 22:41:29 np0005540556.novalocal container-server[97343]: ::1 - - [01/Dec/2025:03:41:29 +0000] "PUT /1/186976/AUTH_602f37ceccf647698ef9e0fe4d0d45d5/gnocchi.884f6019-dd14-416e-a740-45843d5efd1d/none_v3" 201 - "PUT http://[::1]:8080/3/198789/AUTH_602f37ceccf647698ef9e0fe4d0d45d5/gnocchi.884f6019-dd14-416e-a740-45843d5efd1d/none_v3" "tx9a7de416693d4591bfae9-00692d0e69" "object-server 97640" 0.0003 "-" 97343 0
Nov 30 22:41:29 np0005540556.novalocal object-server[97640]: ::1 - - [01/Dec/2025:03:41:29 +0000] "PUT /3/198789/AUTH_602f37ceccf647698ef9e0fe4d0d45d5/gnocchi.884f6019-dd14-416e-a740-45843d5efd1d/none_v3" 201 - "PUT https://[::1]:8080/v1/AUTH_602f37ceccf647698ef9e0fe4d0d45d5/gnocchi.884f6019-dd14-416e-a740-45843d5efd1d/none_v3" "tx9a7de416693d4591bfae9-00692d0e69" "proxy-server 98624" 0.0105 "-" 97640 0
Nov 30 22:41:29 np0005540556.novalocal container-server[97342]: ::1 - - [01/Dec/2025:03:41:29 +0000] "PUT /3/186976/AUTH_602f37ceccf647698ef9e0fe4d0d45d5/gnocchi.884f6019-dd14-416e-a740-45843d5efd1d/none_v3" 201 - "PUT http://[::1]:8080/2/198789/AUTH_602f37ceccf647698ef9e0fe4d0d45d5/gnocchi.884f6019-dd14-416e-a740-45843d5efd1d/none_v3" "tx9a7de416693d4591bfae9-00692d0e69" "object-server 97639" 0.0005 "-" 97342 0
Nov 30 22:41:29 np0005540556.novalocal object-server[97639]: ::1 - - [01/Dec/2025:03:41:29 +0000] "PUT /2/198789/AUTH_602f37ceccf647698ef9e0fe4d0d45d5/gnocchi.884f6019-dd14-416e-a740-45843d5efd1d/none_v3" 201 - "PUT https://[::1]:8080/v1/AUTH_602f37ceccf647698ef9e0fe4d0d45d5/gnocchi.884f6019-dd14-416e-a740-45843d5efd1d/none_v3" "tx9a7de416693d4591bfae9-00692d0e69" "proxy-server 98624" 0.0110 "-" 97639 0
Nov 30 22:41:29 np0005540556.novalocal proxy-server[98624]: ::1 ::1 01/Dec/2025/03/41/29 PUT /v1/AUTH_602f37ceccf647698ef9e0fe4d0d45d5/gnocchi.884f6019-dd14-416e-a740-45843d5efd1d/none_v3 HTTP/1.0 201 - python-swiftclient-4.8.0 gAAAAABpLQ4jjy8F... 22 - - tx9a7de416693d4591bfae9-00692d0e69 - 0.0207 - - 1764560489.116101980 1764560489.136850357 0 3cd24aa0af114855987a490c7d44632d
Nov 30 22:41:29 np0005540556.novalocal container-server[97342]: ::1 - - [01/Dec/2025:03:41:29 +0000] "HEAD /1/62345/AUTH_602f37ceccf647698ef9e0fe4d0d45d5/gnocchi.d2db96b5-a990-40f8-bc11-d0e3da7d54da" 404 - "HEAD http://[::1]:8080/v1/AUTH_602f37ceccf647698ef9e0fe4d0d45d5/gnocchi.d2db96b5-a990-40f8-bc11-d0e3da7d54da" "tx678a9273d7b84b338f4ac-00692d0e69" "proxy-server 98624" 0.0004 "-" 97342 0
Nov 30 22:41:29 np0005540556.novalocal container-server[97342]: ::1 - - [01/Dec/2025:03:41:29 +0000] "HEAD /2/62345/AUTH_602f37ceccf647698ef9e0fe4d0d45d5/gnocchi.d2db96b5-a990-40f8-bc11-d0e3da7d54da" 404 - "HEAD http://[::1]:8080/v1/AUTH_602f37ceccf647698ef9e0fe4d0d45d5/gnocchi.d2db96b5-a990-40f8-bc11-d0e3da7d54da" "tx678a9273d7b84b338f4ac-00692d0e69" "proxy-server 98624" 0.0003 "-" 97342 0
Nov 30 22:41:29 np0005540556.novalocal container-server[97342]: ::1 - - [01/Dec/2025:03:41:29 +0000] "HEAD /3/62345/AUTH_602f37ceccf647698ef9e0fe4d0d45d5/gnocchi.d2db96b5-a990-40f8-bc11-d0e3da7d54da" 404 - "HEAD http://[::1]:8080/v1/AUTH_602f37ceccf647698ef9e0fe4d0d45d5/gnocchi.d2db96b5-a990-40f8-bc11-d0e3da7d54da" "tx678a9273d7b84b338f4ac-00692d0e69" "proxy-server 98624" 0.0002 "-" 97342 0
Nov 30 22:41:29 np0005540556.novalocal proxy-server[98624]: - - 01/Dec/2025/03/41/29 HEAD /v1/AUTH_602f37ceccf647698ef9e0fe4d0d45d5/gnocchi.d2db96b5-a990-40f8-bc11-d0e3da7d54da HTTP/1.0 404 - Swift - - - - tx678a9273d7b84b338f4ac-00692d0e69 - 0.0072 CS - 1764560489.210219622 1764560489.217428207 0 -
Nov 30 22:41:29 np0005540556.novalocal object-server[97640]: ::1 - - [01/Dec/2025:03:41:29 +0000] "GET /1/226423/AUTH_602f37ceccf647698ef9e0fe4d0d45d5/gnocchi.d2db96b5-a990-40f8-bc11-d0e3da7d54da/none_v3" 404 70 "GET https://[::1]:8080/v1/AUTH_602f37ceccf647698ef9e0fe4d0d45d5/gnocchi.d2db96b5-a990-40f8-bc11-d0e3da7d54da/none_v3" "tx678a9273d7b84b338f4ac-00692d0e69" "proxy-server 98624" 0.0006 "-" 97640 0
Nov 30 22:41:29 np0005540556.novalocal object-server[97640]: ::1 - - [01/Dec/2025:03:41:29 +0000] "GET /2/226423/AUTH_602f37ceccf647698ef9e0fe4d0d45d5/gnocchi.d2db96b5-a990-40f8-bc11-d0e3da7d54da/none_v3" 404 70 "GET https://[::1]:8080/v1/AUTH_602f37ceccf647698ef9e0fe4d0d45d5/gnocchi.d2db96b5-a990-40f8-bc11-d0e3da7d54da/none_v3" "tx678a9273d7b84b338f4ac-00692d0e69" "proxy-server 98624" 0.0007 "-" 97640 0
Nov 30 22:41:29 np0005540556.novalocal object-server[97639]: ::1 - - [01/Dec/2025:03:41:29 +0000] "GET /3/226423/AUTH_602f37ceccf647698ef9e0fe4d0d45d5/gnocchi.d2db96b5-a990-40f8-bc11-d0e3da7d54da/none_v3" 404 70 "GET https://[::1]:8080/v1/AUTH_602f37ceccf647698ef9e0fe4d0d45d5/gnocchi.d2db96b5-a990-40f8-bc11-d0e3da7d54da/none_v3" "tx678a9273d7b84b338f4ac-00692d0e69" "proxy-server 98624" 0.0004 "-" 97639 0
Nov 30 22:41:29 np0005540556.novalocal proxy-server[98624]: ::1 ::1 01/Dec/2025/03/41/29 GET /v1/AUTH_602f37ceccf647698ef9e0fe4d0d45d5/gnocchi.d2db96b5-a990-40f8-bc11-d0e3da7d54da/none_v3 HTTP/1.0 404 - python-swiftclient-4.8.0 gAAAAABpLQ4jjy8F... - 70 - tx678a9273d7b84b338f4ac-00692d0e69 - 0.0231 - - 1764560489.209453344 1764560489.232568502 0 3cd24aa0af114855987a490c7d44632d
Nov 30 22:41:29 np0005540556.novalocal account-server[97042]: ::1 - - [01/Dec/2025:03:41:29 +0000] "PUT /3/108421/AUTH_602f37ceccf647698ef9e0fe4d0d45d5/gnocchi.d2db96b5-a990-40f8-bc11-d0e3da7d54da" 201 - "PUT http://[::1]:6001/1/62345/AUTH_602f37ceccf647698ef9e0fe4d0d45d5/gnocchi.d2db96b5-a990-40f8-bc11-d0e3da7d54da" "tx748ca6272b9b4c98a503e-00692d0e69" "container-server 97343" 0.0020 "-" 97042 0
Nov 30 22:41:29 np0005540556.novalocal account-server[97043]: ::1 - - [01/Dec/2025:03:41:29 +0000] "PUT /1/108421/AUTH_602f37ceccf647698ef9e0fe4d0d45d5/gnocchi.d2db96b5-a990-40f8-bc11-d0e3da7d54da" 201 - "PUT http://[::1]:6001/3/62345/AUTH_602f37ceccf647698ef9e0fe4d0d45d5/gnocchi.d2db96b5-a990-40f8-bc11-d0e3da7d54da" "tx748ca6272b9b4c98a503e-00692d0e69" "container-server 97343" 0.0026 "-" 97043 0
Nov 30 22:41:29 np0005540556.novalocal container-server[97343]: ::1 - - [01/Dec/2025:03:41:29 +0000] "PUT /1/62345/AUTH_602f37ceccf647698ef9e0fe4d0d45d5/gnocchi.d2db96b5-a990-40f8-bc11-d0e3da7d54da" 201 - "PUT https://[::1]:8080/v1/AUTH_602f37ceccf647698ef9e0fe4d0d45d5/gnocchi.d2db96b5-a990-40f8-bc11-d0e3da7d54da" "tx748ca6272b9b4c98a503e-00692d0e69" "proxy-server 98624" 0.0280 "-" 97343 0
Nov 30 22:41:29 np0005540556.novalocal container-server[97343]: ::1 - - [01/Dec/2025:03:41:29 +0000] "PUT /3/62345/AUTH_602f37ceccf647698ef9e0fe4d0d45d5/gnocchi.d2db96b5-a990-40f8-bc11-d0e3da7d54da" 201 - "PUT https://[::1]:8080/v1/AUTH_602f37ceccf647698ef9e0fe4d0d45d5/gnocchi.d2db96b5-a990-40f8-bc11-d0e3da7d54da" "tx748ca6272b9b4c98a503e-00692d0e69" "proxy-server 98624" 0.0117 "-" 97343 0
Nov 30 22:41:29 np0005540556.novalocal account-server[97042]: ::1 - - [01/Dec/2025:03:41:29 +0000] "PUT /2/108421/AUTH_602f37ceccf647698ef9e0fe4d0d45d5/gnocchi.d2db96b5-a990-40f8-bc11-d0e3da7d54da" 201 - "PUT http://[::1]:6001/2/62345/AUTH_602f37ceccf647698ef9e0fe4d0d45d5/gnocchi.d2db96b5-a990-40f8-bc11-d0e3da7d54da" "tx748ca6272b9b4c98a503e-00692d0e69" "container-server 97343" 0.0018 "-" 97042 0
Nov 30 22:41:29 np0005540556.novalocal container-server[97343]: ::1 - - [01/Dec/2025:03:41:29 +0000] "PUT /2/62345/AUTH_602f37ceccf647698ef9e0fe4d0d45d5/gnocchi.d2db96b5-a990-40f8-bc11-d0e3da7d54da" 201 - "PUT https://[::1]:8080/v1/AUTH_602f37ceccf647698ef9e0fe4d0d45d5/gnocchi.d2db96b5-a990-40f8-bc11-d0e3da7d54da" "tx748ca6272b9b4c98a503e-00692d0e69" "proxy-server 98624" 0.0217 "-" 97343 0
Nov 30 22:41:29 np0005540556.novalocal proxy-server[98624]: ::1 ::1 01/Dec/2025/03/41/29 PUT /v1/AUTH_602f37ceccf647698ef9e0fe4d0d45d5/gnocchi.d2db96b5-a990-40f8-bc11-d0e3da7d54da HTTP/1.0 201 - python-swiftclient-4.8.0 gAAAAABpLQ4jjy8F... - - - tx748ca6272b9b4c98a503e-00692d0e69 - 0.0384 - - 1764560489.235408783 1764560489.273793459 0 3cd24aa0af114855987a490c7d44632d
Nov 30 22:41:29 np0005540556.novalocal container-server[97342]: ::1 - - [01/Dec/2025:03:41:29 +0000] "HEAD /3/106111/AUTH_602f37ceccf647698ef9e0fe4d0d45d5/gnocchi.d6b60cfe-8b9a-4531-bfc5-8e2dcd83385a" 404 - "HEAD http://[::1]:8080/v1/AUTH_602f37ceccf647698ef9e0fe4d0d45d5/gnocchi.d6b60cfe-8b9a-4531-bfc5-8e2dcd83385a" "txe7d888e076844d38a96f3-00692d0e69" "proxy-server 98624" 0.0005 "-" 97342 0
Nov 30 22:41:29 np0005540556.novalocal container-server[97343]: ::1 - - [01/Dec/2025:03:41:29 +0000] "HEAD /1/106111/AUTH_602f37ceccf647698ef9e0fe4d0d45d5/gnocchi.d6b60cfe-8b9a-4531-bfc5-8e2dcd83385a" 404 - "HEAD http://[::1]:8080/v1/AUTH_602f37ceccf647698ef9e0fe4d0d45d5/gnocchi.d6b60cfe-8b9a-4531-bfc5-8e2dcd83385a" "txe7d888e076844d38a96f3-00692d0e69" "proxy-server 98624" 0.0005 "-" 97343 0
Nov 30 22:41:29 np0005540556.novalocal container-server[97343]: ::1 - - [01/Dec/2025:03:41:29 +0000] "HEAD /2/106111/AUTH_602f37ceccf647698ef9e0fe4d0d45d5/gnocchi.d6b60cfe-8b9a-4531-bfc5-8e2dcd83385a" 404 - "HEAD http://[::1]:8080/v1/AUTH_602f37ceccf647698ef9e0fe4d0d45d5/gnocchi.d6b60cfe-8b9a-4531-bfc5-8e2dcd83385a" "txe7d888e076844d38a96f3-00692d0e69" "proxy-server 98624" 0.0005 "-" 97343 0
Nov 30 22:41:29 np0005540556.novalocal proxy-server[98624]: - - 01/Dec/2025/03/41/29 HEAD /v1/AUTH_602f37ceccf647698ef9e0fe4d0d45d5/gnocchi.d6b60cfe-8b9a-4531-bfc5-8e2dcd83385a HTTP/1.0 404 - Swift - - - - txe7d888e076844d38a96f3-00692d0e69 - 0.0110 CS - 1764560489.277329206 1764560489.288347244 0 -
Nov 30 22:41:29 np0005540556.novalocal object-server[97639]: ::1 - - [01/Dec/2025:03:41:29 +0000] "GET /1/95914/AUTH_602f37ceccf647698ef9e0fe4d0d45d5/gnocchi.d6b60cfe-8b9a-4531-bfc5-8e2dcd83385a/none_v3" 404 70 "GET https://[::1]:8080/v1/AUTH_602f37ceccf647698ef9e0fe4d0d45d5/gnocchi.d6b60cfe-8b9a-4531-bfc5-8e2dcd83385a/none_v3" "txe7d888e076844d38a96f3-00692d0e69" "proxy-server 98624" 0.0004 "-" 97639 0
Nov 30 22:41:29 np0005540556.novalocal object-server[97639]: ::1 - - [01/Dec/2025:03:41:29 +0000] "GET /2/95914/AUTH_602f37ceccf647698ef9e0fe4d0d45d5/gnocchi.d6b60cfe-8b9a-4531-bfc5-8e2dcd83385a/none_v3" 404 70 "GET https://[::1]:8080/v1/AUTH_602f37ceccf647698ef9e0fe4d0d45d5/gnocchi.d6b60cfe-8b9a-4531-bfc5-8e2dcd83385a/none_v3" "txe7d888e076844d38a96f3-00692d0e69" "proxy-server 98624" 0.0003 "-" 97639 0
Nov 30 22:41:29 np0005540556.novalocal object-server[97639]: ::1 - - [01/Dec/2025:03:41:29 +0000] "GET /3/95914/AUTH_602f37ceccf647698ef9e0fe4d0d45d5/gnocchi.d6b60cfe-8b9a-4531-bfc5-8e2dcd83385a/none_v3" 404 70 "GET https://[::1]:8080/v1/AUTH_602f37ceccf647698ef9e0fe4d0d45d5/gnocchi.d6b60cfe-8b9a-4531-bfc5-8e2dcd83385a/none_v3" "txe7d888e076844d38a96f3-00692d0e69" "proxy-server 98624" 0.0002 "-" 97639 0
Nov 30 22:41:29 np0005540556.novalocal proxy-server[98624]: ::1 ::1 01/Dec/2025/03/41/29 GET /v1/AUTH_602f37ceccf647698ef9e0fe4d0d45d5/gnocchi.d6b60cfe-8b9a-4531-bfc5-8e2dcd83385a/none_v3 HTTP/1.0 404 - python-swiftclient-4.8.0 gAAAAABpLQ4jjy8F... - 70 - txe7d888e076844d38a96f3-00692d0e69 - 0.0235 - - 1764560489.276654959 1764560489.300150633 0 3cd24aa0af114855987a490c7d44632d
Nov 30 22:41:29 np0005540556.novalocal account-server[97043]: ::1 - - [01/Dec/2025:03:41:29 +0000] "PUT /3/108421/AUTH_602f37ceccf647698ef9e0fe4d0d45d5/gnocchi.d6b60cfe-8b9a-4531-bfc5-8e2dcd83385a" 201 - "PUT http://[::1]:6001/2/106111/AUTH_602f37ceccf647698ef9e0fe4d0d45d5/gnocchi.d6b60cfe-8b9a-4531-bfc5-8e2dcd83385a" "txf5cf87af36e941f48b25e-00692d0e69" "container-server 97342" 0.0053 "-" 97043 0
Nov 30 22:41:29 np0005540556.novalocal container-server[97342]: ::1 - - [01/Dec/2025:03:41:29 +0000] "PUT /2/106111/AUTH_602f37ceccf647698ef9e0fe4d0d45d5/gnocchi.d6b60cfe-8b9a-4531-bfc5-8e2dcd83385a" 201 - "PUT https://[::1]:8080/v1/AUTH_602f37ceccf647698ef9e0fe4d0d45d5/gnocchi.d6b60cfe-8b9a-4531-bfc5-8e2dcd83385a" "txf5cf87af36e941f48b25e-00692d0e69" "proxy-server 98624" 0.0246 "-" 97342 0
Nov 30 22:41:29 np0005540556.novalocal account-server[97043]: ::1 - - [01/Dec/2025:03:41:29 +0000] "PUT /1/108421/AUTH_602f37ceccf647698ef9e0fe4d0d45d5/gnocchi.d6b60cfe-8b9a-4531-bfc5-8e2dcd83385a" 201 - "PUT http://[::1]:6001/1/106111/AUTH_602f37ceccf647698ef9e0fe4d0d45d5/gnocchi.d6b60cfe-8b9a-4531-bfc5-8e2dcd83385a" "txf5cf87af36e941f48b25e-00692d0e69" "container-server 97343" 0.0041 "-" 97043 0
Nov 30 22:41:29 np0005540556.novalocal container-server[97343]: ::1 - - [01/Dec/2025:03:41:29 +0000] "PUT /1/106111/AUTH_602f37ceccf647698ef9e0fe4d0d45d5/gnocchi.d6b60cfe-8b9a-4531-bfc5-8e2dcd83385a" 201 - "PUT https://[::1]:8080/v1/AUTH_602f37ceccf647698ef9e0fe4d0d45d5/gnocchi.d6b60cfe-8b9a-4531-bfc5-8e2dcd83385a" "txf5cf87af36e941f48b25e-00692d0e69" "proxy-server 98624" 0.0146 "-" 97343 0
Nov 30 22:41:29 np0005540556.novalocal account-server[97043]: ::1 - - [01/Dec/2025:03:41:29 +0000] "PUT /2/108421/AUTH_602f37ceccf647698ef9e0fe4d0d45d5/gnocchi.d6b60cfe-8b9a-4531-bfc5-8e2dcd83385a" 201 - "PUT http://[::1]:6001/3/106111/AUTH_602f37ceccf647698ef9e0fe4d0d45d5/gnocchi.d6b60cfe-8b9a-4531-bfc5-8e2dcd83385a" "txf5cf87af36e941f48b25e-00692d0e69" "container-server 97343" 0.0055 "-" 97043 0
Nov 30 22:41:29 np0005540556.novalocal container-server[97343]: ::1 - - [01/Dec/2025:03:41:29 +0000] "PUT /3/106111/AUTH_602f37ceccf647698ef9e0fe4d0d45d5/gnocchi.d6b60cfe-8b9a-4531-bfc5-8e2dcd83385a" 201 - "PUT https://[::1]:8080/v1/AUTH_602f37ceccf647698ef9e0fe4d0d45d5/gnocchi.d6b60cfe-8b9a-4531-bfc5-8e2dcd83385a" "txf5cf87af36e941f48b25e-00692d0e69" "proxy-server 98624" 0.0488 "-" 97343 0
Nov 30 22:41:29 np0005540556.novalocal proxy-server[98624]: ::1 ::1 01/Dec/2025/03/41/29 PUT /v1/AUTH_602f37ceccf647698ef9e0fe4d0d45d5/gnocchi.d6b60cfe-8b9a-4531-bfc5-8e2dcd83385a HTTP/1.0 201 - python-swiftclient-4.8.0 gAAAAABpLQ4jjy8F... - - - txf5cf87af36e941f48b25e-00692d0e69 - 0.0676 - - 1764560489.303120613 1764560489.370738745 0 3cd24aa0af114855987a490c7d44632d
Nov 30 22:41:29 np0005540556.novalocal container-server[97342]: ::1 - - [01/Dec/2025:03:41:29 +0000] "HEAD /1/62345/AUTH_602f37ceccf647698ef9e0fe4d0d45d5/gnocchi.d2db96b5-a990-40f8-bc11-d0e3da7d54da" 204 - "HEAD http://[::1]:8080/v1/AUTH_602f37ceccf647698ef9e0fe4d0d45d5/gnocchi.d2db96b5-a990-40f8-bc11-d0e3da7d54da" "tx04fbbe4cac95466a88451-00692d0e69" "proxy-server 98624" 0.0014 "-" 97342 0
Nov 30 22:41:29 np0005540556.novalocal proxy-server[98624]: - - 01/Dec/2025/03/41/29 HEAD /v1/AUTH_602f37ceccf647698ef9e0fe4d0d45d5/gnocchi.d2db96b5-a990-40f8-bc11-d0e3da7d54da HTTP/1.0 204 - Swift - - - - tx04fbbe4cac95466a88451-00692d0e69 - 0.0054 CS - 1764560489.375508070 1764560489.380868673 0 -
Nov 30 22:41:29 np0005540556.novalocal container-server[97342]: ::1 - - [01/Dec/2025:03:41:29 +0000] "GET /3/62345/AUTH_602f37ceccf647698ef9e0fe4d0d45d5/gnocchi.d2db96b5-a990-40f8-bc11-d0e3da7d54da" 200 2 "GET https://[::1]:8080/v1/AUTH_602f37ceccf647698ef9e0fe4d0d45d5/gnocchi.d2db96b5-a990-40f8-bc11-d0e3da7d54da?format=json&states=listing" "tx04fbbe4cac95466a88451-00692d0e69" "proxy-server 98624" 0.0021 "-" 97342 0
Nov 30 22:41:29 np0005540556.novalocal proxy-server[98624]: ::1 ::1 01/Dec/2025/03/41/29 GET /v1/AUTH_602f37ceccf647698ef9e0fe4d0d45d5/gnocchi.d2db96b5-a990-40f8-bc11-d0e3da7d54da%3Fformat%3Djson%26states%3Dlisting HTTP/1.0 200 - python-swiftclient-4.8.0 gAAAAABpLQ4jjy8F... - 2 - tx04fbbe4cac95466a88451-00692d0e69 - 0.0151 - - 1764560489.374531746 1764560489.389581919 0 3cd24aa0af114855987a490c7d44632d
Nov 30 22:41:29 np0005540556.novalocal container-server[97343]: ::1 - - [01/Dec/2025:03:41:29 +0000] "HEAD /1/106111/AUTH_602f37ceccf647698ef9e0fe4d0d45d5/gnocchi.d6b60cfe-8b9a-4531-bfc5-8e2dcd83385a" 204 - "HEAD http://[::1]:8080/v1/AUTH_602f37ceccf647698ef9e0fe4d0d45d5/gnocchi.d6b60cfe-8b9a-4531-bfc5-8e2dcd83385a" "tx6d3e9091c0ae4895b411d-00692d0e69" "proxy-server 98624" 0.0015 "-" 97343 0
Nov 30 22:41:29 np0005540556.novalocal proxy-server[98624]: - - 01/Dec/2025/03/41/29 HEAD /v1/AUTH_602f37ceccf647698ef9e0fe4d0d45d5/gnocchi.d6b60cfe-8b9a-4531-bfc5-8e2dcd83385a HTTP/1.0 204 - Swift - - - - tx6d3e9091c0ae4895b411d-00692d0e69 - 0.0047 CS - 1764560489.394050121 1764560489.398727417 0 -
Nov 30 22:41:29 np0005540556.novalocal container-server[97342]: ::1 - - [01/Dec/2025:03:41:29 +0000] "GET /1/106111/AUTH_602f37ceccf647698ef9e0fe4d0d45d5/gnocchi.d6b60cfe-8b9a-4531-bfc5-8e2dcd83385a" 200 2 "GET https://[::1]:8080/v1/AUTH_602f37ceccf647698ef9e0fe4d0d45d5/gnocchi.d6b60cfe-8b9a-4531-bfc5-8e2dcd83385a?format=json&states=listing" "tx6d3e9091c0ae4895b411d-00692d0e69" "proxy-server 98624" 0.0022 "-" 97342 0
Nov 30 22:41:29 np0005540556.novalocal proxy-server[98624]: ::1 ::1 01/Dec/2025/03/41/29 GET /v1/AUTH_602f37ceccf647698ef9e0fe4d0d45d5/gnocchi.d6b60cfe-8b9a-4531-bfc5-8e2dcd83385a%3Fformat%3Djson%26states%3Dlisting HTTP/1.0 200 - python-swiftclient-4.8.0 gAAAAABpLQ4jjy8F... - 2 - tx6d3e9091c0ae4895b411d-00692d0e69 - 0.0155 - - 1764560489.393469095 1764560489.408936501 0 3cd24aa0af114855987a490c7d44632d
Nov 30 22:41:29 np0005540556.novalocal object-server[97639]: ::1 - - [01/Dec/2025:03:41:29 +0000] "GET /3/114229/AUTH_602f37ceccf647698ef9e0fe4d0d45d5/gnocchi.d2db96b5-a990-40f8-bc11-d0e3da7d54da/1763640000.0_mean_300.0_v3" 404 70 "GET https://[::1]:8080/v1/AUTH_602f37ceccf647698ef9e0fe4d0d45d5/gnocchi.d2db96b5-a990-40f8-bc11-d0e3da7d54da/1763640000.0_mean_300.0_v3" "txafa45a6d170d4a54ba7f5-00692d0e69" "proxy-server 98624" 0.0004 "-" 97639 0
Nov 30 22:41:29 np0005540556.novalocal object-server[97639]: ::1 - - [01/Dec/2025:03:41:29 +0000] "GET /1/114229/AUTH_602f37ceccf647698ef9e0fe4d0d45d5/gnocchi.d2db96b5-a990-40f8-bc11-d0e3da7d54da/1763640000.0_mean_300.0_v3" 404 70 "GET https://[::1]:8080/v1/AUTH_602f37ceccf647698ef9e0fe4d0d45d5/gnocchi.d2db96b5-a990-40f8-bc11-d0e3da7d54da/1763640000.0_mean_300.0_v3" "txafa45a6d170d4a54ba7f5-00692d0e69" "proxy-server 98624" 0.0002 "-" 97639 0
Nov 30 22:41:29 np0005540556.novalocal object-server[97640]: ::1 - - [01/Dec/2025:03:41:29 +0000] "GET /2/114229/AUTH_602f37ceccf647698ef9e0fe4d0d45d5/gnocchi.d2db96b5-a990-40f8-bc11-d0e3da7d54da/1763640000.0_mean_300.0_v3" 404 70 "GET https://[::1]:8080/v1/AUTH_602f37ceccf647698ef9e0fe4d0d45d5/gnocchi.d2db96b5-a990-40f8-bc11-d0e3da7d54da/1763640000.0_mean_300.0_v3" "txafa45a6d170d4a54ba7f5-00692d0e69" "proxy-server 98624" 0.0008 "-" 97640 0
Nov 30 22:41:29 np0005540556.novalocal proxy-server[98624]: ::1 ::1 01/Dec/2025/03/41/29 GET /v1/AUTH_602f37ceccf647698ef9e0fe4d0d45d5/gnocchi.d2db96b5-a990-40f8-bc11-d0e3da7d54da/1763640000.0_mean_300.0_v3 HTTP/1.0 404 - python-swiftclient-4.8.0 gAAAAABpLQ4jjy8F... - 70 - txafa45a6d170d4a54ba7f5-00692d0e69 - 0.0141 - - 1764560489.412589788 1764560489.426674366 0 3cd24aa0af114855987a490c7d44632d
Nov 30 22:41:29 np0005540556.novalocal object-server[97640]: ::1 - - [01/Dec/2025:03:41:29 +0000] "GET /3/106402/AUTH_602f37ceccf647698ef9e0fe4d0d45d5/gnocchi.d6b60cfe-8b9a-4531-bfc5-8e2dcd83385a/1763640000.0_mean_300.0_v3" 404 70 "GET https://[::1]:8080/v1/AUTH_602f37ceccf647698ef9e0fe4d0d45d5/gnocchi.d6b60cfe-8b9a-4531-bfc5-8e2dcd83385a/1763640000.0_mean_300.0_v3" "tx8a1bfa18f6b2429498550-00692d0e69" "proxy-server 98624" 0.0004 "-" 97640 0
Nov 30 22:41:29 np0005540556.novalocal object-server[97639]: ::1 - - [01/Dec/2025:03:41:29 +0000] "GET /2/106402/AUTH_602f37ceccf647698ef9e0fe4d0d45d5/gnocchi.d6b60cfe-8b9a-4531-bfc5-8e2dcd83385a/1763640000.0_mean_300.0_v3" 404 70 "GET https://[::1]:8080/v1/AUTH_602f37ceccf647698ef9e0fe4d0d45d5/gnocchi.d6b60cfe-8b9a-4531-bfc5-8e2dcd83385a/1763640000.0_mean_300.0_v3" "tx8a1bfa18f6b2429498550-00692d0e69" "proxy-server 98624" 0.0002 "-" 97639 0
Nov 30 22:41:29 np0005540556.novalocal object-server[97639]: ::1 - - [01/Dec/2025:03:41:29 +0000] "GET /1/106402/AUTH_602f37ceccf647698ef9e0fe4d0d45d5/gnocchi.d6b60cfe-8b9a-4531-bfc5-8e2dcd83385a/1763640000.0_mean_300.0_v3" 404 70 "GET https://[::1]:8080/v1/AUTH_602f37ceccf647698ef9e0fe4d0d45d5/gnocchi.d6b60cfe-8b9a-4531-bfc5-8e2dcd83385a/1763640000.0_mean_300.0_v3" "tx8a1bfa18f6b2429498550-00692d0e69" "proxy-server 98624" 0.0002 "-" 97639 0
Nov 30 22:41:29 np0005540556.novalocal proxy-server[98624]: ::1 ::1 01/Dec/2025/03/41/29 GET /v1/AUTH_602f37ceccf647698ef9e0fe4d0d45d5/gnocchi.d6b60cfe-8b9a-4531-bfc5-8e2dcd83385a/1763640000.0_mean_300.0_v3 HTTP/1.0 404 - python-swiftclient-4.8.0 gAAAAABpLQ4jjy8F... - 70 - tx8a1bfa18f6b2429498550-00692d0e69 - 0.0113 - - 1764560489.429000378 1764560489.440270901 0 3cd24aa0af114855987a490c7d44632d
Nov 30 22:41:29 np0005540556.novalocal container-server[97342]: ::1 - - [01/Dec/2025:03:41:29 +0000] "PUT /1/62345/AUTH_602f37ceccf647698ef9e0fe4d0d45d5/gnocchi.d2db96b5-a990-40f8-bc11-d0e3da7d54da/1763640000.0_mean_300.0_v3" 201 - "PUT http://[::1]:8080/1/114229/AUTH_602f37ceccf647698ef9e0fe4d0d45d5/gnocchi.d2db96b5-a990-40f8-bc11-d0e3da7d54da/1763640000.0_mean_300.0_v3" "txbcbcded684d74b549c3f0-00692d0e69" "object-server 97640" 0.0007 "-" 97342 0
