Nov 30 22:41:01 np0005540556.novalocal object-server[97639]: ::1 - - [01/Dec/2025:03:41:01 +0000] "GET /3/210016/AUTH_602f37ceccf647698ef9e0fe4d0d45d5/gnocchi.cc75c444-a051-4d90-a76b-ad1919826aff/1763640000.0_mean_300.0_v3" 404 70 "GET https://[::1]:8080/v1/AUTH_602f37ceccf647698ef9e0fe4d0d45d5/gnocchi.cc75c444-a051-4d90-a76b-ad1919826aff/1763640000.0_mean_300.0_v3" "txdad07ef067d24282a0761-00692d0e4d" "proxy-server 98624" 0.0006 "-" 97639 0
Nov 30 22:41:01 np0005540556.novalocal object-server[97640]: ::1 - - [01/Dec/2025:03:41:01 +0000] "GET /2/210016/AUTH_602f37ceccf647698ef9e0fe4d0d45d5/gnocchi.cc75c444-a051-4d90-a76b-ad1919826aff/1763640000.0_mean_300.0_v3" 404 70 "GET https://[::1]:8080/v1/AUTH_602f37ceccf647698ef9e0fe4d0d45d5/gnocchi.cc75c444-a051-4d90-a76b-ad1919826aff/1763640000.0_mean_300.0_v3" "txdad07ef067d24282a0761-00692d0e4d" "proxy-server 98624" 0.0003 "-" 97640 0
Nov 30 22:41:01 np0005540556.novalocal object-server[97639]: ::1 - - [01/Dec/2025:03:41:01 +0000] "GET /1/210016/AUTH_602f37ceccf647698ef9e0fe4d0d45d5/gnocchi.cc75c444-a051-4d90-a76b-ad1919826aff/1763640000.0_mean_300.0_v3" 404 70 "GET https://[::1]:8080/v1/AUTH_602f37ceccf647698ef9e0fe4d0d45d5/gnocchi.cc75c444-a051-4d90-a76b-ad1919826aff/1763640000.0_mean_300.0_v3" "txdad07ef067d24282a0761-00692d0e4d" "proxy-server 98624" 0.0002 "-" 97639 0
Nov 30 22:41:01 np0005540556.novalocal proxy-server[98624]: ::1 ::1 01/Dec/2025/03/41/01 GET /v1/AUTH_602f37ceccf647698ef9e0fe4d0d45d5/gnocchi.cc75c444-a051-4d90-a76b-ad1919826aff/1763640000.0_mean_300.0_v3 HTTP/1.0 404 - python-swiftclient-4.8.0 gAAAAABpLQ4jjy8F... - 70 - txdad07ef067d24282a0761-00692d0e4d - 0.0127 - - 1764560461.813511133 1764560461.826190233 0 3cd24aa0af114855987a490c7d44632d
Nov 30 22:41:01 np0005540556.novalocal container-server[97343]: ::1 - - [01/Dec/2025:03:41:01 +0000] "PUT /2/156043/AUTH_602f37ceccf647698ef9e0fe4d0d45d5/gnocchi.cc75c444-a051-4d90-a76b-ad1919826aff/1763640000.0_mean_300.0_v3" 201 - "PUT http://[::1]:8080/3/210016/AUTH_602f37ceccf647698ef9e0fe4d0d45d5/gnocchi.cc75c444-a051-4d90-a76b-ad1919826aff/1763640000.0_mean_300.0_v3" "txcc337c5afb614c6f964a2-00692d0e4d" "object-server 97640" 0.0011 "-" 97343 0
Nov 30 22:41:01 np0005540556.novalocal object-server[97640]: ::1 - - [01/Dec/2025:03:41:01 +0000] "PUT /3/210016/AUTH_602f37ceccf647698ef9e0fe4d0d45d5/gnocchi.cc75c444-a051-4d90-a76b-ad1919826aff/1763640000.0_mean_300.0_v3" 201 - "PUT https://[::1]:8080/v1/AUTH_602f37ceccf647698ef9e0fe4d0d45d5/gnocchi.cc75c444-a051-4d90-a76b-ad1919826aff/1763640000.0_mean_300.0_v3" "txcc337c5afb614c6f964a2-00692d0e4d" "proxy-server 98624" 0.0128 "-" 97640 0
Nov 30 22:41:01 np0005540556.novalocal container-server[97342]: ::1 - - [01/Dec/2025:03:41:01 +0000] "PUT /3/156043/AUTH_602f37ceccf647698ef9e0fe4d0d45d5/gnocchi.cc75c444-a051-4d90-a76b-ad1919826aff/1763640000.0_mean_300.0_v3" 201 - "PUT http://[::1]:8080/2/210016/AUTH_602f37ceccf647698ef9e0fe4d0d45d5/gnocchi.cc75c444-a051-4d90-a76b-ad1919826aff/1763640000.0_mean_300.0_v3" "txcc337c5afb614c6f964a2-00692d0e4d" "object-server 97639" 0.0008 "-" 97342 0
Nov 30 22:41:01 np0005540556.novalocal container-server[97343]: ::1 - - [01/Dec/2025:03:41:01 +0000] "PUT /1/156043/AUTH_602f37ceccf647698ef9e0fe4d0d45d5/gnocchi.cc75c444-a051-4d90-a76b-ad1919826aff/1763640000.0_mean_300.0_v3" 201 - "PUT http://[::1]:8080/1/210016/AUTH_602f37ceccf647698ef9e0fe4d0d45d5/gnocchi.cc75c444-a051-4d90-a76b-ad1919826aff/1763640000.0_mean_300.0_v3" "txcc337c5afb614c6f964a2-00692d0e4d" "object-server 97639" 0.0007 "-" 97343 0
Nov 30 22:41:01 np0005540556.novalocal object-server[97639]: ::1 - - [01/Dec/2025:03:41:01 +0000] "PUT /2/210016/AUTH_602f37ceccf647698ef9e0fe4d0d45d5/gnocchi.cc75c444-a051-4d90-a76b-ad1919826aff/1763640000.0_mean_300.0_v3" 201 - "PUT https://[::1]:8080/v1/AUTH_602f37ceccf647698ef9e0fe4d0d45d5/gnocchi.cc75c444-a051-4d90-a76b-ad1919826aff/1763640000.0_mean_300.0_v3" "txcc337c5afb614c6f964a2-00692d0e4d" "proxy-server 98624" 0.0131 "-" 97639 0
Nov 30 22:41:01 np0005540556.novalocal object-server[97639]: ::1 - - [01/Dec/2025:03:41:01 +0000] "PUT /1/210016/AUTH_602f37ceccf647698ef9e0fe4d0d45d5/gnocchi.cc75c444-a051-4d90-a76b-ad1919826aff/1763640000.0_mean_300.0_v3" 201 - "PUT https://[::1]:8080/v1/AUTH_602f37ceccf647698ef9e0fe4d0d45d5/gnocchi.cc75c444-a051-4d90-a76b-ad1919826aff/1763640000.0_mean_300.0_v3" "txcc337c5afb614c6f964a2-00692d0e4d" "proxy-server 98624" 0.0166 "-" 97639 0
Nov 30 22:41:01 np0005540556.novalocal proxy-server[98624]: ::1 ::1 01/Dec/2025/03/41/01 PUT /v1/AUTH_602f37ceccf647698ef9e0fe4d0d45d5/gnocchi.cc75c444-a051-4d90-a76b-ad1919826aff/1763640000.0_mean_300.0_v3 HTTP/1.0 201 - python-swiftclient-4.8.0 gAAAAABpLQ4jjy8F... 16 - - txcc337c5afb614c6f964a2-00692d0e4d - 0.0273 - - 1764560461.830538034 1764560461.857824564 0 3cd24aa0af114855987a490c7d44632d
Nov 30 22:41:01 np0005540556.novalocal container-server[97343]: ::1 - - [01/Dec/2025:03:41:01 +0000] "PUT /2/156043/AUTH_602f37ceccf647698ef9e0fe4d0d45d5/gnocchi.cc75c444-a051-4d90-a76b-ad1919826aff/none_v3" 201 - "PUT http://[::1]:8080/1/110335/AUTH_602f37ceccf647698ef9e0fe4d0d45d5/gnocchi.cc75c444-a051-4d90-a76b-ad1919826aff/none_v3" "txb307d64430b849f686ec7-00692d0e4d" "object-server 97639" 0.0008 "-" 97343 0
Nov 30 22:41:01 np0005540556.novalocal object-server[97639]: ::1 - - [01/Dec/2025:03:41:01 +0000] "PUT /1/110335/AUTH_602f37ceccf647698ef9e0fe4d0d45d5/gnocchi.cc75c444-a051-4d90-a76b-ad1919826aff/none_v3" 201 - "PUT https://[::1]:8080/v1/AUTH_602f37ceccf647698ef9e0fe4d0d45d5/gnocchi.cc75c444-a051-4d90-a76b-ad1919826aff/none_v3" "txb307d64430b849f686ec7-00692d0e4d" "proxy-server 98624" 0.0147 "-" 97639 0
Nov 30 22:41:01 np0005540556.novalocal container-server[97343]: ::1 - - [01/Dec/2025:03:41:01 +0000] "PUT /1/156043/AUTH_602f37ceccf647698ef9e0fe4d0d45d5/gnocchi.cc75c444-a051-4d90-a76b-ad1919826aff/none_v3" 201 - "PUT http://[::1]:8080/3/110335/AUTH_602f37ceccf647698ef9e0fe4d0d45d5/gnocchi.cc75c444-a051-4d90-a76b-ad1919826aff/none_v3" "txb307d64430b849f686ec7-00692d0e4d" "object-server 97639" 0.0007 "-" 97343 0
Nov 30 22:41:01 np0005540556.novalocal object-server[97639]: ::1 - - [01/Dec/2025:03:41:01 +0000] "PUT /3/110335/AUTH_602f37ceccf647698ef9e0fe4d0d45d5/gnocchi.cc75c444-a051-4d90-a76b-ad1919826aff/none_v3" 201 - "PUT https://[::1]:8080/v1/AUTH_602f37ceccf647698ef9e0fe4d0d45d5/gnocchi.cc75c444-a051-4d90-a76b-ad1919826aff/none_v3" "txb307d64430b849f686ec7-00692d0e4d" "proxy-server 98624" 0.0157 "-" 97639 0
Nov 30 22:41:01 np0005540556.novalocal container-server[97343]: ::1 - - [01/Dec/2025:03:41:01 +0000] "PUT /3/156043/AUTH_602f37ceccf647698ef9e0fe4d0d45d5/gnocchi.cc75c444-a051-4d90-a76b-ad1919826aff/none_v3" 201 - "PUT http://[::1]:8080/2/110335/AUTH_602f37ceccf647698ef9e0fe4d0d45d5/gnocchi.cc75c444-a051-4d90-a76b-ad1919826aff/none_v3" "txb307d64430b849f686ec7-00692d0e4d" "object-server 97639" 0.0007 "-" 97343 0
Nov 30 22:41:01 np0005540556.novalocal object-server[97639]: ::1 - - [01/Dec/2025:03:41:01 +0000] "PUT /2/110335/AUTH_602f37ceccf647698ef9e0fe4d0d45d5/gnocchi.cc75c444-a051-4d90-a76b-ad1919826aff/none_v3" 201 - "PUT https://[::1]:8080/v1/AUTH_602f37ceccf647698ef9e0fe4d0d45d5/gnocchi.cc75c444-a051-4d90-a76b-ad1919826aff/none_v3" "txb307d64430b849f686ec7-00692d0e4d" "proxy-server 98624" 0.0170 "-" 97639 0
Nov 30 22:41:01 np0005540556.novalocal proxy-server[98624]: ::1 ::1 01/Dec/2025/03/41/01 PUT /v1/AUTH_602f37ceccf647698ef9e0fe4d0d45d5/gnocchi.cc75c444-a051-4d90-a76b-ad1919826aff/none_v3 HTTP/1.0 201 - python-swiftclient-4.8.0 gAAAAABpLQ4jjy8F... 22 - - txb307d64430b849f686ec7-00692d0e4d - 0.0307 - - 1764560461.861473322 1764560461.892184258 0 3cd24aa0af114855987a490c7d44632d
Nov 30 22:41:02 np0005540556.novalocal haproxy-metadata-proxy-9cb17448-9aba-4e59-bad9-3ca98ebf9636[104090]: ::ffff:10.100.0.9:57608 [30/Nov/2025:22:41:01.442] listener listener/metadata 0/0/0/1027/1027 200 97 - - ---- 1/1/0/0/0 0/0 "GET /2009-04-04/meta-data/local-ipv4 HTTP/1.1"
Nov 30 22:41:02 np0005540556.novalocal object-auditor[104763]: Object audit (ZBF) "forever" mode completed: 3.23s. Total quarantined: 0, Total errors: 0, Total files/sec: 50.22, Total bytes/sec: 0.00, Auditing time: 3.18, Rate: 0.98
Nov 30 22:41:03 np0005540556.novalocal haproxy-metadata-proxy-9cb17448-9aba-4e59-bad9-3ca98ebf9636[104090]: ::ffff:10.100.0.9:57616 [30/Nov/2025:22:41:02.544] listener listener/metadata 0/0/0/1026/1026 200 99 - - ---- 1/1/0/0/0 0/0 "GET /2009-04-04/meta-data/public-ipv4 HTTP/1.1"
Nov 30 22:41:04 np0005540556.novalocal haproxy-metadata-proxy-9cb17448-9aba-4e59-bad9-3ca98ebf9636[104090]: ::ffff:10.100.0.9:53530 [30/Nov/2025:22:41:03.646] listener listener/metadata 0/0/0/1027/1027 200 151 - - ---- 1/1/0/0/0 0/0 "GET /2009-04-04/meta-data/hostname HTTP/1.1"
Nov 30 22:41:05 np0005540556.novalocal systemd[1]: Starting system activity accounting tool...
Nov 30 22:41:05 np0005540556.novalocal systemd[1]: sysstat-collect.service: Deactivated successfully.
Nov 30 22:41:05 np0005540556.novalocal systemd[1]: Finished system activity accounting tool.
Nov 30 22:41:05 np0005540556.novalocal systemd[1]: dbus-:1.1-org.fedoraproject.SetroubleshootPrivileged@9.service: Deactivated successfully.
Nov 30 22:41:05 np0005540556.novalocal systemd[1]: dbus-:1.1-org.fedoraproject.SetroubleshootPrivileged@9.service: Consumed 1.298s CPU time.
Nov 30 22:41:05 np0005540556.novalocal systemd[1]: setroubleshootd.service: Deactivated successfully.
Nov 30 22:41:05 np0005540556.novalocal systemd[1]: setroubleshootd.service: Consumed 1.767s CPU time.
Nov 30 22:41:05 np0005540556.novalocal haproxy-metadata-proxy-9cb17448-9aba-4e59-bad9-3ca98ebf9636[104090]: ::ffff:10.100.0.9:53532 [30/Nov/2025:22:41:04.756] listener listener/metadata 0/0/0/1027/1027 200 151 - - ---- 1/1/0/0/0 0/0 "GET /2009-04-04/meta-data/local-hostname HTTP/1.1"
Nov 30 22:41:06 np0005540556.novalocal account-server[97043]: ::1 - - [01/Dec/2025:03:41:06 +0000] "HEAD /2/249817/.misplaced_objects" 404 - "HEAD http://localhost/v1/.misplaced_objects?format=json" "tx6dbebd5edb744c2ca7dee-00692d0e52" "Swift Container Reconciler" 0.0006 "-" 97043 -
Nov 30 22:41:06 np0005540556.novalocal account-server[97042]: ::1 - - [01/Dec/2025:03:41:06 +0000] "HEAD /1/249817/.misplaced_objects" 404 - "HEAD http://localhost/v1/.misplaced_objects?format=json" "tx6dbebd5edb744c2ca7dee-00692d0e52" "Swift Container Reconciler" 0.0005 "-" 97042 -
Nov 30 22:41:06 np0005540556.novalocal account-server[97043]: ::1 - - [01/Dec/2025:03:41:06 +0000] "HEAD /3/249817/.misplaced_objects" 404 - "HEAD http://localhost/v1/.misplaced_objects?format=json" "tx6dbebd5edb744c2ca7dee-00692d0e52" "Swift Container Reconciler" 0.0003 "-" 97043 -
Nov 30 22:41:06 np0005540556.novalocal container-reconciler-ic[93081]: - - 01/Dec/2025/03/41/06 HEAD /v1/.misplaced_objects%3Fformat%3Djson HTTP/1.0 404 - Swift - - - - tx6dbebd5edb744c2ca7dee-00692d0e52 - 0.0132 GET_ACCOUNT_INFO - 1764560466.001808882 1764560466.015035868 - -
Nov 30 22:41:06 np0005540556.novalocal container-server[97343]: ::1 - - [01/Dec/2025:03:41:06 +0000] "GET /3/249180/.misplaced_objects/1764558000" 404 - "GET http://localhost/v1/.misplaced_objects/1764558000?format=json&marker=&end_marker=&prefix=&states=listing" "tx6dbebd5edb744c2ca7dee-00692d0e52" "Swift Container Reconciler" 0.0008 "-" 97343 0
Nov 30 22:41:06 np0005540556.novalocal container-server[97342]: ::1 - - [01/Dec/2025:03:41:06 +0000] "GET /1/249180/.misplaced_objects/1764558000" 404 - "GET http://localhost/v1/.misplaced_objects/1764558000?format=json&marker=&end_marker=&prefix=&states=listing" "tx6dbebd5edb744c2ca7dee-00692d0e52" "Swift Container Reconciler" 0.0006 "-" 97342 0
Nov 30 22:41:06 np0005540556.novalocal container-server[97343]: ::1 - - [01/Dec/2025:03:41:06 +0000] "GET /2/249180/.misplaced_objects/1764558000" 404 - "GET http://localhost/v1/.misplaced_objects/1764558000?format=json&marker=&end_marker=&prefix=&states=listing" "tx6dbebd5edb744c2ca7dee-00692d0e52" "Swift Container Reconciler" 0.0004 "-" 97343 0
Nov 30 22:41:06 np0005540556.novalocal container-reconciler-ic[93081]: - - 01/Dec/2025/03/41/06 GET /v1/.misplaced_objects/1764558000%3Fformat%3Djson%26marker%3D%26end_marker%3D%26prefix%3D%26states%3Dlisting HTTP/1.0 404 - Swift%20Container%20Reconciler - - 70 - tx6dbebd5edb744c2ca7dee-00692d0e52 - 0.0340 - - 1764560466.000556231 1764560466.034557104 0 -
Nov 30 22:41:06 np0005540556.novalocal account-server[97042]: ::1 - - [01/Dec/2025:03:41:06 +0000] "GET /2/249817/.misplaced_objects" 404 - "GET http://localhost/v1/.misplaced_objects?format=json&marker=&end_marker=&prefix=" "txf396cb23321a46e69b435-00692d0e52" "Swift Container Reconciler" 0.0004 "-" 97042 -
Nov 30 22:41:06 np0005540556.novalocal account-server[97042]: ::1 - - [01/Dec/2025:03:41:06 +0000] "GET /3/249817/.misplaced_objects" 404 - "GET http://localhost/v1/.misplaced_objects?format=json&marker=&end_marker=&prefix=" "txf396cb23321a46e69b435-00692d0e52" "Swift Container Reconciler" 0.0002 "-" 97042 -
Nov 30 22:41:06 np0005540556.novalocal account-server[97042]: ::1 - - [01/Dec/2025:03:41:06 +0000] "GET /1/249817/.misplaced_objects" 404 - "GET http://localhost/v1/.misplaced_objects?format=json&marker=&end_marker=&prefix=" "txf396cb23321a46e69b435-00692d0e52" "Swift Container Reconciler" 0.0002 "-" 97042 -
Nov 30 22:41:06 np0005540556.novalocal container-reconciler-ic[93081]: - - 01/Dec/2025/03/41/06 GET /v1/.misplaced_objects%3Fformat%3Djson%26marker%3D%26end_marker%3D%26prefix%3D HTTP/1.0 404 - Swift%20Container%20Reconciler - - - - txf396cb23321a46e69b435-00692d0e52 - 0.0098 - - 1764560466.035636663 1764560466.045474529 - -
Nov 30 22:41:06 np0005540556.novalocal container-reconciler[93081]: Reconciler Stats: {}
Nov 30 22:41:06 np0005540556.novalocal container-reconciler[93081]: sleeping between intervals (30.0s)
Nov 30 22:41:06 np0005540556.novalocal object-reconstructor[96904]: Starting object reconstruction pass.
Nov 30 22:41:06 np0005540556.novalocal object-reconstructor[96904]: Nothing reconstructed for 0.00028586387634277344 seconds.
Nov 30 22:41:06 np0005540556.novalocal object-reconstructor[96904]: Object reconstruction complete. (0.00 minutes)
Nov 30 22:41:06 np0005540556.novalocal haproxy-metadata-proxy-9cb17448-9aba-4e59-bad9-3ca98ebf9636[104090]: ::ffff:10.100.0.9:53538 [30/Nov/2025:22:41:05.861] listener listener/metadata 0/0/0/1024/1024 200 182 - - ---- 1/1/0/0/0 0/0 "GET /2009-04-04/user-data HTTP/1.1"
Nov 30 22:41:06 np0005540556.novalocal sudo[105349]: neutron : PWD=/ ; USER=root ; COMMAND=/usr/bin/neutron-rootwrap /etc/neutron/rootwrap.conf privsep-helper --config-file /usr/share/neutron/neutron-dist.conf --config-file /etc/neutron/neutron.conf --config-file /etc/neutron/dhcp_agent.ini --config-dir /etc/neutron/conf.d/neutron-dhcp-agent --privsep_context neutron.privileged.dhcp_release_cmd --privsep_sock_path /tmp/tmpnyowi52w/privsep.sock
Nov 30 22:41:06 np0005540556.novalocal systemd[1]: Started Session c123 of User root.
Nov 30 22:41:06 np0005540556.novalocal sudo[105349]: pam_unix(sudo:session): session opened for user root(uid=0) by (uid=981)
Nov 30 22:41:07 np0005540556.novalocal kernel: qr-a03682ce-21: left promiscuous mode
Nov 30 22:41:07 np0005540556.novalocal sudo[105349]: pam_unix(sudo:session): session closed for user root
Nov 30 22:41:07 np0005540556.novalocal kernel: qg-b3df5702-bd: left promiscuous mode
Nov 30 22:41:08 np0005540556.novalocal haproxy-metadata-proxy-9cb17448-9aba-4e59-bad9-3ca98ebf9636[104090]: ::ffff:10.100.0.9:53554 [30/Nov/2025:22:41:06.975] listener listener/metadata 0/0/0/1029/1029 200 94 - - ---- 1/1/0/0/0 0/0 "GET /2009-04-04/meta-data/block-device-mapping HTTP/1.1"
Nov 30 22:41:08 np0005540556.novalocal dnsmasq-dhcp[104337]: DHCPRELEASE(tapfe3ef319-8e) 10.100.0.1 fa:16:3e:71:73:66
Nov 30 22:41:08 np0005540556.novalocal systemd[1]: run-netns-qrouter\x2d38a9c195\x2da727\x2d4f7b\x2da120\x2d24b7da838bff.mount: Deactivated successfully.
Nov 30 22:41:08 np0005540556.novalocal container-sharder[96706]: Container sharder cycle starting, auto-sharding False
Nov 30 22:41:08 np0005540556.novalocal dnsmasq[104337]: read /var/lib/neutron/dhcp/5f87427f-5843-4cdd-a9d3-e5305d0a52bf/addn_hosts - 0 addresses
Nov 30 22:41:08 np0005540556.novalocal dnsmasq-dhcp[104337]: read /var/lib/neutron/dhcp/5f87427f-5843-4cdd-a9d3-e5305d0a52bf/host
Nov 30 22:41:08 np0005540556.novalocal dnsmasq-dhcp[104337]: read /var/lib/neutron/dhcp/5f87427f-5843-4cdd-a9d3-e5305d0a52bf/opts
Nov 30 22:41:09 np0005540556.novalocal dnsmasq[104337]: exiting on receipt of SIGTERM
Nov 30 22:41:09 np0005540556.novalocal kernel: tapfe3ef319-8e: left promiscuous mode
Nov 30 22:41:09 np0005540556.novalocal haproxy-metadata-proxy-9cb17448-9aba-4e59-bad9-3ca98ebf9636[104090]: ::ffff:10.100.0.9:53560 [30/Nov/2025:22:41:08.066] listener listener/metadata 0/0/0/1171/1171 200 89 - - ---- 1/1/0/0/0 0/0 "GET /2009-04-04/meta-data/block-device-mapping/ami HTTP/1.1"
Nov 30 22:41:09 np0005540556.novalocal systemd[1]: run-netns-qdhcp\x2d5f87427f\x2d5843\x2d4cdd\x2da9d3\x2de5305d0a52bf.mount: Deactivated successfully.
Nov 30 22:41:10 np0005540556.novalocal haproxy-metadata-proxy-9cb17448-9aba-4e59-bad9-3ca98ebf9636[104090]: ::ffff:10.100.0.9:53576 [30/Nov/2025:22:41:09.284] listener listener/metadata 0/0/0/1023/1023 200 94 - - ---- 1/1/0/0/0 0/0 "GET /2009-04-04/meta-data/block-device-mapping/root HTTP/1.1"
Nov 30 22:41:10 np0005540556.novalocal container-sharder[96706]: Since Mon Dec 1 03:41:08 2025 visited - attempted:0 success:0 failure:0 skipped:96 completed:0
Nov 30 22:41:10 np0005540556.novalocal container-sharder[96706]: Since Mon Dec 1 03:41:08 2025 scanned - attempted:0 success:0 failure:0 found:0 min_time:0 max_time:0
Nov 30 22:41:10 np0005540556.novalocal container-sharder[96706]: Since Mon Dec 1 03:41:08 2025 created - attempted:0 success:0 failure:0
Nov 30 22:41:10 np0005540556.novalocal container-sharder[96706]: Since Mon Dec 1 03:41:08 2025 cleaved - attempted:0 success:0 failure:0 min_time:0 max_time:0
Nov 30 22:41:10 np0005540556.novalocal container-sharder[96706]: Since Mon Dec 1 03:41:08 2025 misplaced - attempted:0 success:0 failure:0 found:0 placed:0 unplaced:0
Nov 30 22:41:10 np0005540556.novalocal container-sharder[96706]: Since Mon Dec 1 03:41:08 2025 audit_root - attempted:0 success:0 failure:0 has_overlap:0 num_overlap:0
Nov 30 22:41:10 np0005540556.novalocal container-sharder[96706]: Since Mon Dec 1 03:41:08 2025 audit_shard - attempted:0 success:0 failure:0
Nov 30 22:41:10 np0005540556.novalocal container-sharder[96706]: Container sharder cycle completed: 1.91s
Nov 30 22:41:11 np0005540556.novalocal haproxy-metadata-proxy-9cb17448-9aba-4e59-bad9-3ca98ebf9636[104090]: ::ffff:10.100.0.9:53580 [30/Nov/2025:22:41:10.403] listener listener/metadata 0/0/0/1027/1027 200 151 - - ---- 1/1/0/0/0 0/0 "GET /2009-04-04/meta-data/public-hostname HTTP/1.1"
Nov 30 22:41:12 np0005540556.novalocal haproxy-metadata-proxy-9cb17448-9aba-4e59-bad9-3ca98ebf9636[104090]: ::ffff:10.100.0.9:53586 [30/Nov/2025:22:41:11.499] listener listener/metadata 0/0/0/1025/1025 200 90 - - ---- 1/1/0/0/0 0/0 "GET /2009-04-04/meta-data/placement/availability-zone HTTP/1.1"
Nov 30 22:41:12 np0005540556.novalocal kernel: tap45546b26-7c: entered promiscuous mode
Nov 30 22:41:12 np0005540556.novalocal NetworkManager[858]: [1764560472.8699] manager: (tap45546b26-7c): 'openvswitch' plugin not available; creating generic device
Nov 30 22:41:12 np0005540556.novalocal NetworkManager[858]: [1764560472.8720] manager: (tap45546b26-7c): new Generic device (/org/freedesktop/NetworkManager/Devices/29)
Nov 30 22:41:13 np0005540556.novalocal kernel: qr-c064a0e4-bd: entered promiscuous mode
Nov 30 22:41:13 np0005540556.novalocal NetworkManager[858]: [1764560473.3452] manager: (qr-c064a0e4-bd): 'openvswitch' plugin not available; creating generic device
Nov 30 22:41:13 np0005540556.novalocal systemd-udevd[105435]: Network interface NamePolicy= disabled on kernel command line.
Nov 30 22:41:13 np0005540556.novalocal NetworkManager[858]: [1764560473.3463] manager: (qr-c064a0e4-bd): new Generic device (/org/freedesktop/NetworkManager/Devices/30)
Nov 30 22:41:13 np0005540556.novalocal virtnodedevd[100494]: ethtool ioctl error on qr-c064a0e4-bd: No such device
Nov 30 22:41:13 np0005540556.novalocal virtnodedevd[100494]: ethtool ioctl error on qr-c064a0e4-bd: No such device
Nov 30 22:41:13 np0005540556.novalocal virtnodedevd[100494]: ethtool ioctl error on qr-c064a0e4-bd: No such device
Nov 30 22:41:13 np0005540556.novalocal virtnodedevd[100494]: ethtool ioctl error on qr-c064a0e4-bd: No such device
Nov 30 22:41:13 np0005540556.novalocal virtnodedevd[100494]: ethtool ioctl error on qr-c064a0e4-bd: No such device
Nov 30 22:41:13 np0005540556.novalocal virtnodedevd[100494]: ethtool ioctl error on qr-c064a0e4-bd: No such device
Nov 30 22:41:13 np0005540556.novalocal virtnodedevd[100494]: ethtool ioctl error on qr-c064a0e4-bd: No such device
Nov 30 22:41:13 np0005540556.novalocal virtnodedevd[100494]: ethtool ioctl error on qr-c064a0e4-bd: No such device
Nov 30 22:41:14 np0005540556.novalocal kernel: qg-8943846b-a6: entered promiscuous mode
Nov 30 22:41:14 np0005540556.novalocal NetworkManager[858]: [1764560474.0470] manager: (qg-8943846b-a6): 'openvswitch' plugin not available; creating generic device
Nov 30 22:41:14 np0005540556.novalocal NetworkManager[858]: [1764560474.0489] manager: (qg-8943846b-a6): new Generic device (/org/freedesktop/NetworkManager/Devices/31)
Nov 30 22:41:14 np0005540556.novalocal virtnodedevd[100494]: ethtool ioctl error on qg-8943846b-a6: No such device
Nov 30 22:41:14 np0005540556.novalocal virtnodedevd[100494]: ethtool ioctl error on qg-8943846b-a6: No such device
Nov 30 22:41:14 np0005540556.novalocal virtnodedevd[100494]: ethtool ioctl error on qg-8943846b-a6: No such device
Nov 30 22:41:14 np0005540556.novalocal virtnodedevd[100494]: ethtool ioctl error on qg-8943846b-a6: No such device
Nov 30 22:41:14 np0005540556.novalocal virtnodedevd[100494]: ethtool ioctl error on qg-8943846b-a6: No such device
Nov 30 22:41:14 np0005540556.novalocal virtnodedevd[100494]: ethtool ioctl error on qg-8943846b-a6: No such device
Nov 30 22:41:14 np0005540556.novalocal virtnodedevd[100494]: ethtool ioctl error on qg-8943846b-a6: No such device
Nov 30 22:41:14 np0005540556.novalocal virtnodedevd[100494]: ethtool ioctl error on qg-8943846b-a6: No such device
Nov 30 22:41:14 np0005540556.novalocal dnsmasq[105538]: started, version 2.85 cachesize 150
Nov 30 22:41:14 np0005540556.novalocal dnsmasq[105538]: DNS service limited to local subnets
Nov 30 22:41:14 np0005540556.novalocal dnsmasq[105538]: compile time options: IPv6 GNU-getopt DBus no-UBus no-i18n IDN2 DHCP DHCPv6 no-Lua TFTP no-conntrack ipset auth cryptohash DNSSEC loop-detect inotify dumpfile
Nov 30 22:41:14 np0005540556.novalocal dnsmasq[105538]: warning: no upstream servers configured
Nov 30 22:41:14 np0005540556.novalocal dnsmasq-dhcp[105538]: DHCP, static leases only on 10.100.0.0, lease time 1d
Nov 30 22:41:14 np0005540556.novalocal dnsmasq[105538]: read /var/lib/neutron/dhcp/af5d699c-a8b0-43b2-bc3c-95990c581afe/addn_hosts - 0 addresses
Nov 30 22:41:14 np0005540556.novalocal dnsmasq-dhcp[105538]: read /var/lib/neutron/dhcp/af5d699c-a8b0-43b2-bc3c-95990c581afe/host
Nov 30 22:41:14 np0005540556.novalocal dnsmasq-dhcp[105538]: read /var/lib/neutron/dhcp/af5d699c-a8b0-43b2-bc3c-95990c581afe/opts
Nov 30 22:41:15 np0005540556.novalocal dnsmasq[105538]: read /var/lib/neutron/dhcp/af5d699c-a8b0-43b2-bc3c-95990c581afe/addn_hosts - 1 addresses
Nov 30 22:41:15 np0005540556.novalocal dnsmasq-dhcp[105538]: read /var/lib/neutron/dhcp/af5d699c-a8b0-43b2-bc3c-95990c581afe/host
Nov 30 22:41:15 np0005540556.novalocal dnsmasq-dhcp[105538]: read /var/lib/neutron/dhcp/af5d699c-a8b0-43b2-bc3c-95990c581afe/opts
Nov 30 22:41:15 np0005540556.novalocal container-replicator[97408]: Beginning replication run
Nov 30 22:41:16 np0005540556.novalocal dnsmasq[105538]: read /var/lib/neutron/dhcp/af5d699c-a8b0-43b2-bc3c-95990c581afe/addn_hosts - 1 addresses
Nov 30 22:41:16 np0005540556.novalocal dnsmasq-dhcp[105538]: read /var/lib/neutron/dhcp/af5d699c-a8b0-43b2-bc3c-95990c581afe/host
Nov 30 22:41:16 np0005540556.novalocal dnsmasq-dhcp[105538]: read /var/lib/neutron/dhcp/af5d699c-a8b0-43b2-bc3c-95990c581afe/opts
Nov 30 22:41:18 np0005540556.novalocal dnsmasq[105538]: read /var/lib/neutron/dhcp/af5d699c-a8b0-43b2-bc3c-95990c581afe/addn_hosts - 1 addresses
Nov 30 22:41:18 np0005540556.novalocal dnsmasq-dhcp[105538]: read /var/lib/neutron/dhcp/af5d699c-a8b0-43b2-bc3c-95990c581afe/host
Nov 30 22:41:18 np0005540556.novalocal dnsmasq-dhcp[105538]: read /var/lib/neutron/dhcp/af5d699c-a8b0-43b2-bc3c-95990c581afe/opts
Nov 30 22:41:18 np0005540556.novalocal container-replicator[97408]: Replication run OVER
Nov 30 22:41:18 np0005540556.novalocal container-replicator[97408]: Attempted to replicate 96 dbs in 2.48835 seconds (38.57975/s)
Nov 30 22:41:18 np0005540556.novalocal container-replicator[97408]: Removed 0 dbs
Nov 30 22:41:18 np0005540556.novalocal container-replicator[97408]: 192 successes, 0 failures
Nov 30 22:41:18 np0005540556.novalocal container-replicator[97408]: diff:0 diff_capped:0 empty:0 hashmatch:0 no_change:192 remote_merge:0 rsync:0 ts_repl:0
Nov 30 22:41:19 np0005540556.novalocal dnsmasq[105538]: read /var/lib/neutron/dhcp/af5d699c-a8b0-43b2-bc3c-95990c581afe/addn_hosts - 2 addresses
Nov 30 22:41:19 np0005540556.novalocal dnsmasq-dhcp[105538]: read /var/lib/neutron/dhcp/af5d699c-a8b0-43b2-bc3c-95990c581afe/host
Nov 30 22:41:19 np0005540556.novalocal dnsmasq-dhcp[105538]: read /var/lib/neutron/dhcp/af5d699c-a8b0-43b2-bc3c-95990c581afe/opts
Nov 30 22:41:22 np0005540556.novalocal dnsmasq[104131]: read /var/lib/neutron/dhcp/83337bc1-f12c-496a-b7f2-d087a3bbdc64/addn_hosts - 3 addresses
Nov 30 22:41:22 np0005540556.novalocal dnsmasq-dhcp[104131]: read /var/lib/neutron/dhcp/83337bc1-f12c-496a-b7f2-d087a3bbdc64/host
Nov 30 22:41:22 np0005540556.novalocal dnsmasq-dhcp[104131]: read /var/lib/neutron/dhcp/83337bc1-f12c-496a-b7f2-d087a3bbdc64/opts
Nov 30 22:41:22 np0005540556.novalocal NetworkManager[858]: [1764560482.8574] manager: (qbr6f8069b0-ca): new Bridge device (/org/freedesktop/NetworkManager/Devices/32)
Nov 30 22:41:22 np0005540556.novalocal NetworkManager[858]: [1764560482.8620] manager: (qvo6f8069b0-ca): new Veth device (/org/freedesktop/NetworkManager/Devices/33)
Nov 30 22:41:22 np0005540556.novalocal NetworkManager[858]: [1764560482.8639] manager: (qvb6f8069b0-ca): new Veth device (/org/freedesktop/NetworkManager/Devices/34)
Nov 30 22:41:22 np0005540556.novalocal NetworkManager[858]: [1764560482.8653] device (qvb6f8069b0-ca): carrier: link connected
Nov 30 22:41:22 np0005540556.novalocal NetworkManager[858]: [1764560482.8657] device (qvo6f8069b0-ca): carrier: link connected
Nov 30 22:41:22 np0005540556.novalocal kernel: qbr6f8069b0-ca: port 1(qvb6f8069b0-ca) entered blocking state
Nov 30 22:41:22 np0005540556.novalocal kernel: qbr6f8069b0-ca: port 1(qvb6f8069b0-ca) entered disabled state
Nov 30 22:41:22 np0005540556.novalocal kernel: qvb6f8069b0-ca: entered allmulticast mode
Nov 30 22:41:22 np0005540556.novalocal kernel: qvb6f8069b0-ca: entered promiscuous mode
Nov 30 22:41:22 np0005540556.novalocal kernel: qbr6f8069b0-ca: port 1(qvb6f8069b0-ca) entered blocking state
Nov 30 22:41:22 np0005540556.novalocal kernel: qbr6f8069b0-ca: port 1(qvb6f8069b0-ca) entered forwarding state
Nov 30 22:41:22 np0005540556.novalocal NetworkManager[858]: [1764560482.8693] device (qbr6f8069b0-ca): carrier: link connected
Nov 30 22:41:22 np0005540556.novalocal systemd-udevd[105722]: Network interface NamePolicy= disabled on kernel command line.
Nov 30 22:41:22 np0005540556.novalocal systemd-udevd[105724]: Network interface NamePolicy= disabled on kernel command line.
Nov 30 22:41:22 np0005540556.novalocal systemd-udevd[105723]: Network interface NamePolicy= disabled on kernel command line.
Nov 30 22:41:22 np0005540556.novalocal kernel: qvo6f8069b0-ca: entered promiscuous mode
Nov 30 22:41:22 np0005540556.novalocal NetworkManager[858]: [1764560482.9259] device (qbr6f8069b0-ca): state change: unmanaged -> unavailable (reason 'connection-assumed', managed-type: 'external')
Nov 30 22:41:22 np0005540556.novalocal NetworkManager[858]: [1764560482.9268] device (qbr6f8069b0-ca): state change: unavailable -> disconnected (reason 'connection-assumed', managed-type: 'external')
Nov 30 22:41:22 np0005540556.novalocal NetworkManager[858]: [1764560482.9276] device (qbr6f8069b0-ca): Activation: starting connection 'qbr6f8069b0-ca' (3d1df577-b56f-4dea-8ef2-eab8ebe3306f)
Nov 30 22:41:22 np0005540556.novalocal NetworkManager[858]: [1764560482.9278] device (qbr6f8069b0-ca): state change: disconnected -> prepare (reason 'none', managed-type: 'external')
Nov 30 22:41:22 np0005540556.novalocal NetworkManager[858]: [1764560482.9281] device (qbr6f8069b0-ca): state change: prepare -> config (reason 'none', managed-type: 'external')
Nov 30 22:41:22 np0005540556.novalocal NetworkManager[858]: [1764560482.9283] device (qbr6f8069b0-ca): state change: config -> ip-config (reason 'none', managed-type: 'external')
Nov 30 22:41:22 np0005540556.novalocal NetworkManager[858]: [1764560482.9286] device (qbr6f8069b0-ca): state change: ip-config -> ip-check (reason 'none', managed-type: 'external')
Nov 30 22:41:22 np0005540556.novalocal systemd[1]: Starting Network Manager Script Dispatcher Service...
Nov 30 22:41:22 np0005540556.novalocal systemd[1]: Started Network Manager Script Dispatcher Service.
Nov 30 22:41:22 np0005540556.novalocal NetworkManager[858]: [1764560482.9606] device (qbr6f8069b0-ca): state change: ip-check -> secondaries (reason 'none', managed-type: 'external')
Nov 30 22:41:22 np0005540556.novalocal NetworkManager[858]: [1764560482.9611] device (qbr6f8069b0-ca): state change: secondaries -> activated (reason 'none', managed-type: 'external')
Nov 30 22:41:22 np0005540556.novalocal NetworkManager[858]: [1764560482.9619] device (qbr6f8069b0-ca): Activation: successful, device activated.
Nov 30 22:41:22 np0005540556.novalocal systemd[1]: iscsi.service: Unit cannot be reloaded because it is inactive.
Nov 30 22:41:23 np0005540556.novalocal account-server[97042]: ::1 - - [01/Dec/2025:03:41:23 +0000] "HEAD /3/108421/AUTH_602f37ceccf647698ef9e0fe4d0d45d5" 204 - "HEAD http://[::1]:8080/v1/AUTH_602f37ceccf647698ef9e0fe4d0d45d5?format=json" "tx85973e055fda4f7ca4e3b-00692d0e63" "proxy-server 98624" 0.0114 "-" 97042 -
Nov 30 22:41:23 np0005540556.novalocal proxy-server[98624]: - - 01/Dec/2025/03/41/23 HEAD /v1/AUTH_602f37ceccf647698ef9e0fe4d0d45d5%3Fformat%3Djson HTTP/1.0 204 - Swift - - - - tx85973e055fda4f7ca4e3b-00692d0e63 - 0.0168 RL - 1764560483.766199350 1764560483.782966614 - -
Nov 30 22:41:23 np0005540556.novalocal object-server[97639]: ::1 - - [01/Dec/2025:03:41:23 +0000] "GET /3/86890/AUTH_602f37ceccf647698ef9e0fe4d0d45d5/gnocchi.35400a87-a081-46aa-bbfa-3f65629c86b0/none_v3" 200 22 "GET https://[::1]:8080/v1/AUTH_602f37ceccf647698ef9e0fe4d0d45d5/gnocchi.35400a87-a081-46aa-bbfa-3f65629c86b0/none_v3" "tx85973e055fda4f7ca4e3b-00692d0e63" "proxy-server 98624" 0.0007 "-" 97639 0
Nov 30 22:41:23 np0005540556.novalocal proxy-server[98624]: ::1 ::1 01/Dec/2025/03/41/23 GET /v1/AUTH_602f37ceccf647698ef9e0fe4d0d45d5/gnocchi.35400a87-a081-46aa-bbfa-3f65629c86b0/none_v3 HTTP/1.0 200 - python-swiftclient-4.8.0 gAAAAABpLQ4jjy8F... - 22 - tx85973e055fda4f7ca4e3b-00692d0e63 - 0.0300 - - 1764560483.764939547 1764560483.794907331 0 3cd24aa0af114855987a490c7d44632d
Nov 30 22:41:23 np0005540556.novalocal container-server[97342]: ::1 - - [01/Dec/2025:03:41:23 +0000] "GET /2/14885/AUTH_602f37ceccf647698ef9e0fe4d0d45d5/gnocchi.35400a87-a081-46aa-bbfa-3f65629c86b0" 200 357 "GET https://[::1]:8080/v1/AUTH_602f37ceccf647698ef9e0fe4d0d45d5/gnocchi.35400a87-a081-46aa-bbfa-3f65629c86b0?format=json&states=listing" "tx31233275b76048ad88467-00692d0e63" "proxy-server 98624" 0.0024 "-" 97342 0
Nov 30 22:41:23 np0005540556.novalocal proxy-server[98624]: ::1 ::1 01/Dec/2025/03/41/23 GET /v1/AUTH_602f37ceccf647698ef9e0fe4d0d45d5/gnocchi.35400a87-a081-46aa-bbfa-3f65629c86b0%3Fformat%3Djson%26states%3Dlisting HTTP/1.0 200 - python-swiftclient-4.8.0 gAAAAABpLQ4jjy8F... - 357 - tx31233275b76048ad88467-00692d0e63 - 0.0110 - - 1764560483.799136877 1764560483.810088873 0 3cd24aa0af114855987a490c7d44632d
Nov 30 22:41:23 np0005540556.novalocal container-server[97343]: ::1 - - [01/Dec/2025:03:41:23 +0000] "GET /2/14885/AUTH_602f37ceccf647698ef9e0fe4d0d45d5/gnocchi.35400a87-a081-46aa-bbfa-3f65629c86b0" 200 2 "GET https://[::1]:8080/v1/AUTH_602f37ceccf647698ef9e0fe4d0d45d5/gnocchi.35400a87-a081-46aa-bbfa-3f65629c86b0?format=json&marker=none_v3&states=listing" "tx8c55109604f743399b030-00692d0e63" "proxy-server 98624" 0.0040 "-" 97343 0
Nov 30 22:41:23 np0005540556.novalocal proxy-server[98624]: ::1 ::1 01/Dec/2025/03/41/23 GET /v1/AUTH_602f37ceccf647698ef9e0fe4d0d45d5/gnocchi.35400a87-a081-46aa-bbfa-3f65629c86b0%3Fformat%3Djson%26marker%3Dnone_v3%26states%3Dlisting HTTP/1.0 200 - python-swiftclient-4.8.0 gAAAAABpLQ4jjy8F... - 2 - tx8c55109604f743399b030-00692d0e63 - 0.0160 - - 1764560483.814129114 1764560483.830121040 0 3cd24aa0af114855987a490c7d44632d
Nov 30 22:41:23 np0005540556.novalocal object-server[97639]: ::1 - - [01/Dec/2025:03:41:23 +0000] "GET /3/230459/AUTH_602f37ceccf647698ef9e0fe4d0d45d5/gnocchi.35400a87-a081-46aa-bbfa-3f65629c86b0/1763640000.0_mean_300.0_v3" 200 16 "GET https://[::1]:8080/v1/AUTH_602f37ceccf647698ef9e0fe4d0d45d5/gnocchi.35400a87-a081-46aa-bbfa-3f65629c86b0/1763640000.0_mean_300.0_v3" "tx8b14955e7233455a83315-00692d0e63" "proxy-server 98624" 0.0008 "-" 97639 0
Nov 30 22:41:23 np0005540556.novalocal proxy-server[98624]: ::1 ::1 01/Dec/2025/03/41/23 GET /v1/AUTH_602f37ceccf647698ef9e0fe4d0d45d5/gnocchi.35400a87-a081-46aa-bbfa-3f65629c86b0/1763640000.0_mean_300.0_v3 HTTP/1.0 200 - python-swiftclient-4.8.0 gAAAAABpLQ4jjy8F... - 16 - tx8b14955e7233455a83315-00692d0e63 - 0.0105 - - 1764560483.833731413 1764560483.844245434 0 3cd24aa0af114855987a490c7d44632d
Nov 30 22:41:23 np0005540556.novalocal container-server[97342]: ::1 - - [01/Dec/2025:03:41:23 +0000] "PUT /3/14885/AUTH_602f37ceccf647698ef9e0fe4d0d45d5/gnocchi.35400a87-a081-46aa-bbfa-3f65629c86b0/1763640000.0_mean_300.0_v3" 201 - "PUT http://[::1]:8080/2/230459/AUTH_602f37ceccf647698ef9e0fe4d0d45d5/gnocchi.35400a87-a081-46aa-bbfa-3f65629c86b0/1763640000.0_mean_300.0_v3" "txbe7e3c1a157344e993586-00692d0e63" "object-server 97639" 0.0005 "-" 97342 0
Nov 30 22:41:23 np0005540556.novalocal container-server[97342]: ::1 - - [01/Dec/2025:03:41:23 +0000] "PUT /1/14885/AUTH_602f37ceccf647698ef9e0fe4d0d45d5/gnocchi.35400a87-a081-46aa-bbfa-3f65629c86b0/1763640000.0_mean_300.0_v3" 201 - "PUT http://[::1]:8080/1/230459/AUTH_602f37ceccf647698ef9e0fe4d0d45d5/gnocchi.35400a87-a081-46aa-bbfa-3f65629c86b0/1763640000.0_mean_300.0_v3" "txbe7e3c1a157344e993586-00692d0e63" "object-server 97640" 0.0003 "-" 97342 0
Nov 30 22:41:23 np0005540556.novalocal object-server[97640]: ::1 - - [01/Dec/2025:03:41:23 +0000] "PUT /1/230459/AUTH_602f37ceccf647698ef9e0fe4d0d45d5/gnocchi.35400a87-a081-46aa-bbfa-3f65629c86b0/1763640000.0_mean_300.0_v3" 201 - "PUT https://[::1]:8080/v1/AUTH_602f37ceccf647698ef9e0fe4d0d45d5/gnocchi.35400a87-a081-46aa-bbfa-3f65629c86b0/1763640000.0_mean_300.0_v3" "txbe7e3c1a157344e993586-00692d0e63" "proxy-server 98624" 0.0136 "-" 97640 0
Nov 30 22:41:23 np0005540556.novalocal object-server[97639]: ::1 - - [01/Dec/2025:03:41:23 +0000] "PUT /2/230459/AUTH_602f37ceccf647698ef9e0fe4d0d45d5/gnocchi.35400a87-a081-46aa-bbfa-3f65629c86b0/1763640000.0_mean_300.0_v3" 201 - "PUT https://[::1]:8080/v1/AUTH_602f37ceccf647698ef9e0fe4d0d45d5/gnocchi.35400a87-a081-46aa-bbfa-3f65629c86b0/1763640000.0_mean_300.0_v3" "txbe7e3c1a157344e993586-00692d0e63" "proxy-server 98624" 0.0132 "-" 97639 0
Nov 30 22:41:23 np0005540556.novalocal container-server[97342]: ::1 - - [01/Dec/2025:03:41:23 +0000] "PUT /2/14885/AUTH_602f37ceccf647698ef9e0fe4d0d45d5/gnocchi.35400a87-a081-46aa-bbfa-3f65629c86b0/1763640000.0_mean_300.0_v3" 201 - "PUT http://[::1]:8080/3/230459/AUTH_602f37ceccf647698ef9e0fe4d0d45d5/gnocchi.35400a87-a081-46aa-bbfa-3f65629c86b0/1763640000.0_mean_300.0_v3" "txbe7e3c1a157344e993586-00692d0e63" "object-server 97639" 0.0004 "-" 97342 0
Nov 30 22:41:23 np0005540556.novalocal object-server[97639]: ::1 - - [01/Dec/2025:03:41:23 +0000] "PUT /3/230459/AUTH_602f37ceccf647698ef9e0fe4d0d45d5/gnocchi.35400a87-a081-46aa-bbfa-3f65629c86b0/1763640000.0_mean_300.0_v3" 201 - "PUT https://[::1]:8080/v1/AUTH_602f37ceccf647698ef9e0fe4d0d45d5/gnocchi.35400a87-a081-46aa-bbfa-3f65629c86b0/1763640000.0_mean_300.0_v3" "txbe7e3c1a157344e993586-00692d0e63" "proxy-server 98624" 0.0188 "-" 97639 0
Nov 30 22:41:23 np0005540556.novalocal proxy-server[98624]: ::1 ::1 01/Dec/2025/03/41/23 PUT /v1/AUTH_602f37ceccf647698ef9e0fe4d0d45d5/gnocchi.35400a87-a081-46aa-bbfa-3f65629c86b0/1763640000.0_mean_300.0_v3 HTTP/1.0 201 - python-swiftclient-4.8.0 gAAAAABpLQ4jjy8F... 16 - - txbe7e3c1a157344e993586-00692d0e63 - 0.0347 - - 1764560483.847912550 1764560483.882629871 0 3cd24aa0af114855987a490c7d44632d
Nov 30 22:41:23 np0005540556.novalocal container-server[97342]: ::1 - - [01/Dec/2025:03:41:23 +0000] "PUT /1/14885/AUTH_602f37ceccf647698ef9e0fe4d0d45d5/gnocchi.35400a87-a081-46aa-bbfa-3f65629c86b0/none_v3" 201 - "PUT http://[::1]:8080/1/86890/AUTH_602f37ceccf647698ef9e0fe4d0d45d5/gnocchi.35400a87-a081-46aa-bbfa-3f65629c86b0/none_v3" "txc2eaa9633ab8485bb94b2-00692d0e63" "object-server 97639" 0.0006 "-" 97342 0
Nov 30 22:41:23 np0005540556.novalocal container-server[97342]: ::1 - - [01/Dec/2025:03:41:23 +0000] "PUT /2/14885/AUTH_602f37ceccf647698ef9e0fe4d0d45d5/gnocchi.35400a87-a081-46aa-bbfa-3f65629c86b0/none_v3" 201 - "PUT http://[::1]:8080/3/86890/AUTH_602f37ceccf647698ef9e0fe4d0d45d5/gnocchi.35400a87-a081-46aa-bbfa-3f65629c86b0/none_v3" "txc2eaa9633ab8485bb94b2-00692d0e63" "object-server 97640" 0.0003 "-" 97342 0
Nov 30 22:41:23 np0005540556.novalocal object-server[97639]: ::1 - - [01/Dec/2025:03:41:23 +0000] "PUT /1/86890/AUTH_602f37ceccf647698ef9e0fe4d0d45d5/gnocchi.35400a87-a081-46aa-bbfa-3f65629c86b0/none_v3" 201 - "PUT https://[::1]:8080/v1/AUTH_602f37ceccf647698ef9e0fe4d0d45d5/gnocchi.35400a87-a081-46aa-bbfa-3f65629c86b0/none_v3" "txc2eaa9633ab8485bb94b2-00692d0e63" "proxy-server 98624" 0.0151 "-" 97639 0
Nov 30 22:41:23 np0005540556.novalocal container-server[97342]: ::1 - - [01/Dec/2025:03:41:23 +0000] "PUT /3/14885/AUTH_602f37ceccf647698ef9e0fe4d0d45d5/gnocchi.35400a87-a081-46aa-bbfa-3f65629c86b0/none_v3" 201 - "PUT http://[::1]:8080/2/86890/AUTH_602f37ceccf647698ef9e0fe4d0d45d5/gnocchi.35400a87-a081-46aa-bbfa-3f65629c86b0/none_v3" "txc2eaa9633ab8485bb94b2-00692d0e63" "object-server 97640" 0.0004 "-" 97342 0
Nov 30 22:41:23 np0005540556.novalocal object-server[97640]: ::1 - - [01/Dec/2025:03:41:23 +0000] "PUT /3/86890/AUTH_602f37ceccf647698ef9e0fe4d0d45d5/gnocchi.35400a87-a081-46aa-bbfa-3f65629c86b0/none_v3" 201 - "PUT https://[::1]:8080/v1/AUTH_602f37ceccf647698ef9e0fe4d0d45d5/gnocchi.35400a87-a081-46aa-bbfa-3f65629c86b0/none_v3" "txc2eaa9633ab8485bb94b2-00692d0e63" "proxy-server 98624" 0.0144 "-" 97640 0
Nov 30 22:41:23 np0005540556.novalocal object-server[97640]: ::1 - - [01/Dec/2025:03:41:23 +0000] "PUT /2/86890/AUTH_602f37ceccf647698ef9e0fe4d0d45d5/gnocchi.35400a87-a081-46aa-bbfa-3f65629c86b0/none_v3" 201 - "PUT https://[::1]:8080/v1/AUTH_602f37ceccf647698ef9e0fe4d0d45d5/gnocchi.35400a87-a081-46aa-bbfa-3f65629c86b0/none_v3" "txc2eaa9633ab8485bb94b2-00692d0e63" "proxy-server 98624" 0.0182 "-" 97640 0
Nov 30 22:41:23 np0005540556.novalocal proxy-server[98624]: ::1 ::1 01/Dec/2025/03/41/23 PUT /v1/AUTH_602f37ceccf647698ef9e0fe4d0d45d5/gnocchi.35400a87-a081-46aa-bbfa-3f65629c86b0/none_v3 HTTP/1.0 201 - python-swiftclient-4.8.0 gAAAAABpLQ4jjy8F... 32 - - txc2eaa9633ab8485bb94b2-00692d0e63 - 0.0304 - - 1764560483.885642290 1764560483.916066647 0 3cd24aa0af114855987a490c7d44632d
Nov 30 22:41:23 np0005540556.novalocal object-server[97639]: ::1 - - [01/Dec/2025:03:41:23 +0000] "GET /1/69551/AUTH_602f37ceccf647698ef9e0fe4d0d45d5/gnocchi.649f0318-462b-4d66-a79b-6e0f25e01bd3/none_v3" 200 22 "GET https://[::1]:8080/v1/AUTH_602f37ceccf647698ef9e0fe4d0d45d5/gnocchi.649f0318-462b-4d66-a79b-6e0f25e01bd3/none_v3" "txf5be9cbc20a34a589108f-00692d0e63" "proxy-server 98624" 0.0012 "-" 97639 0
Nov 30 22:41:23 np0005540556.novalocal proxy-server[98624]: ::1 ::1 01/Dec/2025/03/41/23 GET /v1/AUTH_602f37ceccf647698ef9e0fe4d0d45d5/gnocchi.649f0318-462b-4d66-a79b-6e0f25e01bd3/none_v3 HTTP/1.0 200 - python-swiftclient-4.8.0 gAAAAABpLQ4jjy8F... - 22 - txf5be9cbc20a34a589108f-00692d0e63 - 0.0117 - - 1764560483.987283230 1764560483.998934746 0 3cd24aa0af114855987a490c7d44632d
Nov 30 22:41:24 np0005540556.novalocal container-server[97343]: ::1 - - [01/Dec/2025:03:41:24 +0000] "GET /3/17444/AUTH_602f37ceccf647698ef9e0fe4d0d45d5/gnocchi.649f0318-462b-4d66-a79b-6e0f25e01bd3" 200 357 "GET https://[::1]:8080/v1/AUTH_602f37ceccf647698ef9e0fe4d0d45d5/gnocchi.649f0318-462b-4d66-a79b-6e0f25e01bd3?format=json&states=listing" "tx2d047854871b426aa5538-00692d0e64" "proxy-server 98624" 0.0041 "-" 97343 0
Nov 30 22:41:24 np0005540556.novalocal proxy-server[98624]: ::1 ::1 01/Dec/2025/03/41/24 GET /v1/AUTH_602f37ceccf647698ef9e0fe4d0d45d5/gnocchi.649f0318-462b-4d66-a79b-6e0f25e01bd3%3Fformat%3Djson%26states%3Dlisting HTTP/1.0 200 - python-swiftclient-4.8.0 gAAAAABpLQ4jjy8F... - 357 - tx2d047854871b426aa5538-00692d0e64 - 0.0146 - - 1764560484.004085064 1764560484.018642664 0 3cd24aa0af114855987a490c7d44632d
Nov 30 22:41:24 np0005540556.novalocal container-server[97342]: ::1 - - [01/Dec/2025:03:41:24 +0000] "GET /3/17444/AUTH_602f37ceccf647698ef9e0fe4d0d45d5/gnocchi.649f0318-462b-4d66-a79b-6e0f25e01bd3" 200 2 "GET https://[::1]:8080/v1/AUTH_602f37ceccf647698ef9e0fe4d0d45d5/gnocchi.649f0318-462b-4d66-a79b-6e0f25e01bd3?format=json&marker=none_v3&states=listing" "tx364802f9bd5d4d4186978-00692d0e64" "proxy-server 98624" 0.0035 "-" 97342 0
Nov 30 22:41:24 np0005540556.novalocal proxy-server[98624]: ::1 ::1 01/Dec/2025/03/41/24 GET /v1/AUTH_602f37ceccf647698ef9e0fe4d0d45d5/gnocchi.649f0318-462b-4d66-a79b-6e0f25e01bd3%3Fformat%3Djson%26marker%3Dnone_v3%26states%3Dlisting HTTP/1.0 200 - python-swiftclient-4.8.0 gAAAAABpLQ4jjy8F... - 2 - tx364802f9bd5d4d4186978-00692d0e64 - 0.0157 - - 1764560484.022605658 1764560484.038317919 0 3cd24aa0af114855987a490c7d44632d
Nov 30 22:41:24 np0005540556.novalocal object-server[97639]: ::1 - - [01/Dec/2025:03:41:24 +0000] "GET /3/33621/AUTH_602f37ceccf647698ef9e0fe4d0d45d5/gnocchi.649f0318-462b-4d66-a79b-6e0f25e01bd3/1763640000.0_mean_300.0_v3" 200 16 "GET https://[::1]:8080/v1/AUTH_602f37ceccf647698ef9e0fe4d0d45d5/gnocchi.649f0318-462b-4d66-a79b-6e0f25e01bd3/1763640000.0_mean_300.0_v3" "tx94e4d0c3b6c84e679d6f9-00692d0e64" "proxy-server 98624" 0.0014 "-" 97639 0
Nov 30 22:41:24 np0005540556.novalocal proxy-server[98624]: ::1 ::1 01/Dec/2025/03/41/24 GET /v1/AUTH_602f37ceccf647698ef9e0fe4d0d45d5/gnocchi.649f0318-462b-4d66-a79b-6e0f25e01bd3/1763640000.0_mean_300.0_v3 HTTP/1.0 200 - python-swiftclient-4.8.0 gAAAAABpLQ4jjy8F... - 16 - tx94e4d0c3b6c84e679d6f9-00692d0e64 - 0.0124 - - 1764560484.043907166 1764560484.056259394 0 3cd24aa0af114855987a490c7d44632d
Nov 30 22:41:24 np0005540556.novalocal container-server[97343]: ::1 - - [01/Dec/2025:03:41:24 +0000] "PUT /2/17444/AUTH_602f37ceccf647698ef9e0fe4d0d45d5/gnocchi.649f0318-462b-4d66-a79b-6e0f25e01bd3/1763640000.0_mean_300.0_v3" 201 - "PUT http://[::1]:8080/3/33621/AUTH_602f37ceccf647698ef9e0fe4d0d45d5/gnocchi.649f0318-462b-4d66-a79b-6e0f25e01bd3/1763640000.0_mean_300.0_v3" "tx7aefffd28e6142ab88b80-00692d0e64" "object-server 97639" 0.0009 "-" 97343 0
Nov 30 22:41:24 np0005540556.novalocal object-server[97639]: ::1 - - [01/Dec/2025:03:41:24 +0000] "PUT /3/33621/AUTH_602f37ceccf647698ef9e0fe4d0d45d5/gnocchi.649f0318-462b-4d66-a79b-6e0f25e01bd3/1763640000.0_mean_300.0_v3" 201 - "PUT https://[::1]:8080/v1/AUTH_602f37ceccf647698ef9e0fe4d0d45d5/gnocchi.649f0318-462b-4d66-a79b-6e0f25e01bd3/1763640000.0_mean_300.0_v3" "tx7aefffd28e6142ab88b80-00692d0e64" "proxy-server 98624" 0.0179 "-" 97639 0
Nov 30 22:41:24 np0005540556.novalocal container-server[97342]: ::1 - - [01/Dec/2025:03:41:24 +0000] "PUT /1/17444/AUTH_602f37ceccf647698ef9e0fe4d0d45d5/gnocchi.649f0318-462b-4d66-a79b-6e0f25e01bd3/1763640000.0_mean_300.0_v3" 201 - "PUT http://[::1]:8080/2/33621/AUTH_602f37ceccf647698ef9e0fe4d0d45d5/gnocchi.649f0318-462b-4d66-a79b-6e0f25e01bd3/1763640000.0_mean_300.0_v3" "tx7aefffd28e6142ab88b80-00692d0e64" "object-server 97639" 0.0006 "-" 97342 0
Nov 30 22:41:24 np0005540556.novalocal object-server[97639]: ::1 - - [01/Dec/2025:03:41:24 +0000] "PUT /2/33621/AUTH_602f37ceccf647698ef9e0fe4d0d45d5/gnocchi.649f0318-462b-4d66-a79b-6e0f25e01bd3/1763640000.0_mean_300.0_v3" 201 - "PUT https://[::1]:8080/v1/AUTH_602f37ceccf647698ef9e0fe4d0d45d5/gnocchi.649f0318-462b-4d66-a79b-6e0f25e01bd3/1763640000.0_mean_300.0_v3" "tx7aefffd28e6142ab88b80-00692d0e64" "proxy-server 98624" 0.0184 "-" 97639 0
Nov 30 22:41:24 np0005540556.novalocal container-server[97342]: ::1 - - [01/Dec/2025:03:41:24 +0000] "PUT /3/17444/AUTH_602f37ceccf647698ef9e0fe4d0d45d5/gnocchi.649f0318-462b-4d66-a79b-6e0f25e01bd3/1763640000.0_mean_300.0_v3" 201 - "PUT http://[::1]:8080/1/33621/AUTH_602f37ceccf647698ef9e0fe4d0d45d5/gnocchi.649f0318-462b-4d66-a79b-6e0f25e01bd3/1763640000.0_mean_300.0_v3" "tx7aefffd28e6142ab88b80-00692d0e64" "object-server 97639" 0.0004 "-" 97342 0
Nov 30 22:41:24 np0005540556.novalocal object-server[97639]: ::1 - - [01/Dec/2025:03:41:24 +0000] "PUT /1/33621/AUTH_602f37ceccf647698ef9e0fe4d0d45d5/gnocchi.649f0318-462b-4d66-a79b-6e0f25e01bd3/1763640000.0_mean_300.0_v3" 201 - "PUT https://[::1]:8080/v1/AUTH_602f37ceccf647698ef9e0fe4d0d45d5/gnocchi.649f0318-462b-4d66-a79b-6e0f25e01bd3/1763640000.0_mean_300.0_v3" "tx7aefffd28e6142ab88b80-00692d0e64" "proxy-server 98624" 0.0250 "-" 97639 0
Nov 30 22:41:24 np0005540556.novalocal proxy-server[98624]: ::1 ::1 01/Dec/2025/03/41/24 PUT /v1/AUTH_602f37ceccf647698ef9e0fe4d0d45d5/gnocchi.649f0318-462b-4d66-a79b-6e0f25e01bd3/1763640000.0_mean_300.0_v3 HTTP/1.0 201 - python-swiftclient-4.8.0 gAAAAABpLQ4jjy8F... 16 - - tx7aefffd28e6142ab88b80-00692d0e64 - 0.0384 - - 1764560484.060515642 1764560484.098907709 0 3cd24aa0af114855987a490c7d44632d
Nov 30 22:41:24 np0005540556.novalocal container-server[97342]: ::1 - - [01/Dec/2025:03:41:24 +0000] "PUT /3/17444/AUTH_602f37ceccf647698ef9e0fe4d0d45d5/gnocchi.649f0318-462b-4d66-a79b-6e0f25e01bd3/none_v3" 201 - "PUT http://[::1]:8080/2/69551/AUTH_602f37ceccf647698ef9e0fe4d0d45d5/gnocchi.649f0318-462b-4d66-a79b-6e0f25e01bd3/none_v3" "tx620d07ce19f24d6493bda-00692d0e64" "object-server 97640" 0.0006 "-" 97342 0
Nov 30 22:41:24 np0005540556.novalocal container-server[97342]: ::1 - - [01/Dec/2025:03:41:24 +0000] "PUT /1/17444/AUTH_602f37ceccf647698ef9e0fe4d0d45d5/gnocchi.649f0318-462b-4d66-a79b-6e0f25e01bd3/none_v3" 201 - "PUT http://[::1]:8080/1/69551/AUTH_602f37ceccf647698ef9e0fe4d0d45d5/gnocchi.649f0318-462b-4d66-a79b-6e0f25e01bd3/none_v3" "tx620d07ce19f24d6493bda-00692d0e64" "object-server 97639" 0.0003 "-" 97342 0
Nov 30 22:41:24 np0005540556.novalocal object-server[97640]: ::1 - - [01/Dec/2025:03:41:24 +0000] "PUT /2/69551/AUTH_602f37ceccf647698ef9e0fe4d0d45d5/gnocchi.649f0318-462b-4d66-a79b-6e0f25e01bd3/none_v3" 201 - "PUT https://[::1]:8080/v1/AUTH_602f37ceccf647698ef9e0fe4d0d45d5/gnocchi.649f0318-462b-4d66-a79b-6e0f25e01bd3/none_v3" "tx620d07ce19f24d6493bda-00692d0e64" "proxy-server 98624" 0.0119 "-" 97640 0
Nov 30 22:41:24 np0005540556.novalocal container-server[97342]: ::1 - - [01/Dec/2025:03:41:24 +0000] "PUT /2/17444/AUTH_602f37ceccf647698ef9e0fe4d0d45d5/gnocchi.649f0318-462b-4d66-a79b-6e0f25e01bd3/none_v3" 201 - "PUT http://[::1]:8080/3/69551/AUTH_602f37ceccf647698ef9e0fe4d0d45d5/gnocchi.649f0318-462b-4d66-a79b-6e0f25e01bd3/none_v3" "tx620d07ce19f24d6493bda-00692d0e64" "object-server 97639" 0.0003 "-" 97342 0
Nov 30 22:41:24 np0005540556.novalocal object-server[97639]: ::1 - - [01/Dec/2025:03:41:24 +0000] "PUT /1/69551/AUTH_602f37ceccf647698ef9e0fe4d0d45d5/gnocchi.649f0318-462b-4d66-a79b-6e0f25e01bd3/none_v3" 201 - "PUT https://[::1]:8080/v1/AUTH_602f37ceccf647698ef9e0fe4d0d45d5/gnocchi.649f0318-462b-4d66-a79b-6e0f25e01bd3/none_v3" "tx620d07ce19f24d6493bda-00692d0e64" "proxy-server 98624" 0.0121 "-" 97639 0
Nov 30 22:41:24 np0005540556.novalocal object-server[97639]: ::1 - - [01/Dec/2025:03:41:24 +0000] "PUT /3/69551/AUTH_602f37ceccf647698ef9e0fe4d0d45d5/gnocchi.649f0318-462b-4d66-a79b-6e0f25e01bd3/none_v3" 201 - "PUT https://[::1]:8080/v1/AUTH_602f37ceccf647698ef9e0fe4d0d45d5/gnocchi.649f0318-462b-4d66-a79b-6e0f25e01bd3/none_v3" "tx620d07ce19f24d6493bda-00692d0e64" "proxy-server 98624" 0.0158 "-" 97639 0
Nov 30 22:41:24 np0005540556.novalocal proxy-server[98624]: ::1 ::1 01/Dec/2025/03/41/24 PUT /v1/AUTH_602f37ceccf647698ef9e0fe4d0d45d5/gnocchi.649f0318-462b-4d66-a79b-6e0f25e01bd3/none_v3 HTTP/1.0 201 - python-swiftclient-4.8.0 gAAAAABpLQ4jjy8F... 27 - - tx620d07ce19f24d6493bda-00692d0e64 - 0.0282 - - 1764560484.102650642 1764560484.130893707 0 3cd24aa0af114855987a490c7d44632d
Nov 30 22:41:24 np0005540556.novalocal object-server[97639]: ::1 - - [01/Dec/2025:03:41:24 +0000] "GET /2/199764/AUTH_602f37ceccf647698ef9e0fe4d0d45d5/gnocchi.1852c118-2266-4e64-9e58-325ffa510756/none_v3" 200 22 "GET https://[::1]:8080/v1/AUTH_602f37ceccf647698ef9e0fe4d0d45d5/gnocchi.1852c118-2266-4e64-9e58-325ffa510756/none_v3" "tx88e12b2c71d248139b235-00692d0e64" "proxy-server 98624" 0.0013 "-" 97639 0
