Nov 30 22:40:46 np0005540556.novalocal account-server[97042]: ::1 - - [01/Dec/2025:03:40:46 +0000] "PUT /2/108421/AUTH_602f37ceccf647698ef9e0fe4d0d45d5/gnocchi.0fb79997-f928-4715-aa7e-8323708f6afd" 201 - "PUT http://[::1]:6001/1/170644/AUTH_602f37ceccf647698ef9e0fe4d0d45d5/gnocchi.0fb79997-f928-4715-aa7e-8323708f6afd" "tx0eb7900e5b1b45d49a96d-00692d0e3e" "container-server 97342" 0.0047 "-" 97042 0
Nov 30 22:40:46 np0005540556.novalocal container-server[97342]: ::1 - - [01/Dec/2025:03:40:46 +0000] "PUT /1/170644/AUTH_602f37ceccf647698ef9e0fe4d0d45d5/gnocchi.0fb79997-f928-4715-aa7e-8323708f6afd" 201 - "PUT https://[::1]:8080/v1/AUTH_602f37ceccf647698ef9e0fe4d0d45d5/gnocchi.0fb79997-f928-4715-aa7e-8323708f6afd" "tx0eb7900e5b1b45d49a96d-00692d0e3e" "proxy-server 98624" 0.0176 "-" 97342 0
Nov 30 22:40:46 np0005540556.novalocal container-server[97343]: ::1 - - [01/Dec/2025:03:40:46 +0000] "PUT /3/170644/AUTH_602f37ceccf647698ef9e0fe4d0d45d5/gnocchi.0fb79997-f928-4715-aa7e-8323708f6afd" 201 - "PUT https://[::1]:8080/v1/AUTH_602f37ceccf647698ef9e0fe4d0d45d5/gnocchi.0fb79997-f928-4715-aa7e-8323708f6afd" "tx0eb7900e5b1b45d49a96d-00692d0e3e" "proxy-server 98624" 0.0276 "-" 97343 0
Nov 30 22:40:46 np0005540556.novalocal account-server[97042]: ::1 - - [01/Dec/2025:03:40:46 +0000] "PUT /1/108421/AUTH_602f37ceccf647698ef9e0fe4d0d45d5/gnocchi.0fb79997-f928-4715-aa7e-8323708f6afd" 201 - "PUT http://[::1]:6001/2/170644/AUTH_602f37ceccf647698ef9e0fe4d0d45d5/gnocchi.0fb79997-f928-4715-aa7e-8323708f6afd" "tx0eb7900e5b1b45d49a96d-00692d0e3e" "container-server 97343" 0.0050 "-" 97042 0
Nov 30 22:40:46 np0005540556.novalocal container-server[97343]: ::1 - - [01/Dec/2025:03:40:46 +0000] "PUT /2/170644/AUTH_602f37ceccf647698ef9e0fe4d0d45d5/gnocchi.0fb79997-f928-4715-aa7e-8323708f6afd" 201 - "PUT https://[::1]:8080/v1/AUTH_602f37ceccf647698ef9e0fe4d0d45d5/gnocchi.0fb79997-f928-4715-aa7e-8323708f6afd" "tx0eb7900e5b1b45d49a96d-00692d0e3e" "proxy-server 98624" 0.0305 "-" 97343 0
Nov 30 22:40:46 np0005540556.novalocal proxy-server[98624]: ::1 ::1 01/Dec/2025/03/40/46 PUT /v1/AUTH_602f37ceccf647698ef9e0fe4d0d45d5/gnocchi.0fb79997-f928-4715-aa7e-8323708f6afd HTTP/1.0 201 - python-swiftclient-4.8.0 gAAAAABpLQ4jjy8F... - - - tx0eb7900e5b1b45d49a96d-00692d0e3e - 0.0536 - - 1764560446.136010408 1764560446.189649105 0 3cd24aa0af114855987a490c7d44632d
Nov 30 22:40:46 np0005540556.novalocal container-server[97342]: ::1 - - [01/Dec/2025:03:40:46 +0000] "HEAD /2/170644/AUTH_602f37ceccf647698ef9e0fe4d0d45d5/gnocchi.0fb79997-f928-4715-aa7e-8323708f6afd" 204 - "HEAD http://[::1]:8080/v1/AUTH_602f37ceccf647698ef9e0fe4d0d45d5/gnocchi.0fb79997-f928-4715-aa7e-8323708f6afd" "tx5b21023b25b743e3a892b-00692d0e3e" "proxy-server 98624" 0.0014 "-" 97342 0
Nov 30 22:40:46 np0005540556.novalocal proxy-server[98624]: - - 01/Dec/2025/03/40/46 HEAD /v1/AUTH_602f37ceccf647698ef9e0fe4d0d45d5/gnocchi.0fb79997-f928-4715-aa7e-8323708f6afd HTTP/1.0 204 - Swift - - - - tx5b21023b25b743e3a892b-00692d0e3e - 0.0071 CS - 1764560446.193448305 1764560446.200511217 0 -
Nov 30 22:40:46 np0005540556.novalocal container-server[97343]: ::1 - - [01/Dec/2025:03:40:46 +0000] "GET /1/170644/AUTH_602f37ceccf647698ef9e0fe4d0d45d5/gnocchi.0fb79997-f928-4715-aa7e-8323708f6afd" 200 2 "GET https://[::1]:8080/v1/AUTH_602f37ceccf647698ef9e0fe4d0d45d5/gnocchi.0fb79997-f928-4715-aa7e-8323708f6afd?format=json&states=listing" "tx5b21023b25b743e3a892b-00692d0e3e" "proxy-server 98624" 0.0027 "-" 97343 0
Nov 30 22:40:46 np0005540556.novalocal proxy-server[98624]: ::1 ::1 01/Dec/2025/03/40/46 GET /v1/AUTH_602f37ceccf647698ef9e0fe4d0d45d5/gnocchi.0fb79997-f928-4715-aa7e-8323708f6afd%3Fformat%3Djson%26states%3Dlisting HTTP/1.0 200 - python-swiftclient-4.8.0 gAAAAABpLQ4jjy8F... - 2 - tx5b21023b25b743e3a892b-00692d0e3e - 0.0180 - - 1764560446.192620516 1764560446.210639477 0 3cd24aa0af114855987a490c7d44632d
Nov 30 22:40:46 np0005540556.novalocal object-server[97639]: ::1 - - [01/Dec/2025:03:40:46 +0000] "GET /2/173296/AUTH_602f37ceccf647698ef9e0fe4d0d45d5/gnocchi.0fb79997-f928-4715-aa7e-8323708f6afd/1763640000.0_mean_300.0_v3" 404 70 "GET https://[::1]:8080/v1/AUTH_602f37ceccf647698ef9e0fe4d0d45d5/gnocchi.0fb79997-f928-4715-aa7e-8323708f6afd/1763640000.0_mean_300.0_v3" "tx8e403aac17974591886c9-00692d0e3e" "proxy-server 98624" 0.0004 "-" 97639 0
Nov 30 22:40:46 np0005540556.novalocal object-server[97639]: ::1 - - [01/Dec/2025:03:40:46 +0000] "GET /1/173296/AUTH_602f37ceccf647698ef9e0fe4d0d45d5/gnocchi.0fb79997-f928-4715-aa7e-8323708f6afd/1763640000.0_mean_300.0_v3" 404 70 "GET https://[::1]:8080/v1/AUTH_602f37ceccf647698ef9e0fe4d0d45d5/gnocchi.0fb79997-f928-4715-aa7e-8323708f6afd/1763640000.0_mean_300.0_v3" "tx8e403aac17974591886c9-00692d0e3e" "proxy-server 98624" 0.0002 "-" 97639 0
Nov 30 22:40:46 np0005540556.novalocal object-server[97640]: ::1 - - [01/Dec/2025:03:40:46 +0000] "GET /3/173296/AUTH_602f37ceccf647698ef9e0fe4d0d45d5/gnocchi.0fb79997-f928-4715-aa7e-8323708f6afd/1763640000.0_mean_300.0_v3" 404 70 "GET https://[::1]:8080/v1/AUTH_602f37ceccf647698ef9e0fe4d0d45d5/gnocchi.0fb79997-f928-4715-aa7e-8323708f6afd/1763640000.0_mean_300.0_v3" "tx8e403aac17974591886c9-00692d0e3e" "proxy-server 98624" 0.0007 "-" 97640 0
Nov 30 22:40:46 np0005540556.novalocal proxy-server[98624]: ::1 ::1 01/Dec/2025/03/40/46 GET /v1/AUTH_602f37ceccf647698ef9e0fe4d0d45d5/gnocchi.0fb79997-f928-4715-aa7e-8323708f6afd/1763640000.0_mean_300.0_v3 HTTP/1.0 404 - python-swiftclient-4.8.0 gAAAAABpLQ4jjy8F... - 70 - tx8e403aac17974591886c9-00692d0e3e - 0.0143 - - 1764560446.215868235 1764560446.230166674 0 3cd24aa0af114855987a490c7d44632d
Nov 30 22:40:46 np0005540556.novalocal container-server[97343]: ::1 - - [01/Dec/2025:03:40:46 +0000] "PUT /3/170644/AUTH_602f37ceccf647698ef9e0fe4d0d45d5/gnocchi.0fb79997-f928-4715-aa7e-8323708f6afd/1763640000.0_mean_300.0_v3" 201 - "PUT http://[::1]:8080/3/173296/AUTH_602f37ceccf647698ef9e0fe4d0d45d5/gnocchi.0fb79997-f928-4715-aa7e-8323708f6afd/1763640000.0_mean_300.0_v3" "tx49ff4e9842504151a990b-00692d0e3e" "object-server 97640" 0.0019 "-" 97343 0
Nov 30 22:40:46 np0005540556.novalocal object-server[97640]: ::1 - - [01/Dec/2025:03:40:46 +0000] "PUT /3/173296/AUTH_602f37ceccf647698ef9e0fe4d0d45d5/gnocchi.0fb79997-f928-4715-aa7e-8323708f6afd/1763640000.0_mean_300.0_v3" 201 - "PUT https://[::1]:8080/v1/AUTH_602f37ceccf647698ef9e0fe4d0d45d5/gnocchi.0fb79997-f928-4715-aa7e-8323708f6afd/1763640000.0_mean_300.0_v3" "tx49ff4e9842504151a990b-00692d0e3e" "proxy-server 98624" 0.0122 "-" 97640 0
Nov 30 22:40:46 np0005540556.novalocal container-server[97342]: ::1 - - [01/Dec/2025:03:40:46 +0000] "PUT /2/170644/AUTH_602f37ceccf647698ef9e0fe4d0d45d5/gnocchi.0fb79997-f928-4715-aa7e-8323708f6afd/1763640000.0_mean_300.0_v3" 201 - "PUT http://[::1]:8080/2/173296/AUTH_602f37ceccf647698ef9e0fe4d0d45d5/gnocchi.0fb79997-f928-4715-aa7e-8323708f6afd/1763640000.0_mean_300.0_v3" "tx49ff4e9842504151a990b-00692d0e3e" "object-server 97639" 0.0005 "-" 97342 0
Nov 30 22:40:46 np0005540556.novalocal object-server[97639]: ::1 - - [01/Dec/2025:03:40:46 +0000] "PUT /2/173296/AUTH_602f37ceccf647698ef9e0fe4d0d45d5/gnocchi.0fb79997-f928-4715-aa7e-8323708f6afd/1763640000.0_mean_300.0_v3" 201 - "PUT https://[::1]:8080/v1/AUTH_602f37ceccf647698ef9e0fe4d0d45d5/gnocchi.0fb79997-f928-4715-aa7e-8323708f6afd/1763640000.0_mean_300.0_v3" "tx49ff4e9842504151a990b-00692d0e3e" "proxy-server 98624" 0.0164 "-" 97639 0
Nov 30 22:40:46 np0005540556.novalocal container-server[97343]: ::1 - - [01/Dec/2025:03:40:46 +0000] "PUT /1/170644/AUTH_602f37ceccf647698ef9e0fe4d0d45d5/gnocchi.0fb79997-f928-4715-aa7e-8323708f6afd/1763640000.0_mean_300.0_v3" 201 - "PUT http://[::1]:8080/1/173296/AUTH_602f37ceccf647698ef9e0fe4d0d45d5/gnocchi.0fb79997-f928-4715-aa7e-8323708f6afd/1763640000.0_mean_300.0_v3" "tx49ff4e9842504151a990b-00692d0e3e" "object-server 97639" 0.0006 "-" 97343 0
Nov 30 22:40:46 np0005540556.novalocal object-server[97639]: ::1 - - [01/Dec/2025:03:40:46 +0000] "PUT /1/173296/AUTH_602f37ceccf647698ef9e0fe4d0d45d5/gnocchi.0fb79997-f928-4715-aa7e-8323708f6afd/1763640000.0_mean_300.0_v3" 201 - "PUT https://[::1]:8080/v1/AUTH_602f37ceccf647698ef9e0fe4d0d45d5/gnocchi.0fb79997-f928-4715-aa7e-8323708f6afd/1763640000.0_mean_300.0_v3" "tx49ff4e9842504151a990b-00692d0e3e" "proxy-server 98624" 0.0199 "-" 97639 0
Nov 30 22:40:46 np0005540556.novalocal proxy-server[98624]: ::1 ::1 01/Dec/2025/03/40/46 PUT /v1/AUTH_602f37ceccf647698ef9e0fe4d0d45d5/gnocchi.0fb79997-f928-4715-aa7e-8323708f6afd/1763640000.0_mean_300.0_v3 HTTP/1.0 201 - python-swiftclient-4.8.0 gAAAAABpLQ4jjy8F... 16 - - tx49ff4e9842504151a990b-00692d0e3e - 0.0256 - - 1764560446.232148647 1764560446.257702827 0 3cd24aa0af114855987a490c7d44632d
Nov 30 22:40:46 np0005540556.novalocal container-server[97342]: ::1 - - [01/Dec/2025:03:40:46 +0000] "PUT /2/170644/AUTH_602f37ceccf647698ef9e0fe4d0d45d5/gnocchi.0fb79997-f928-4715-aa7e-8323708f6afd/none_v3" 201 - "PUT http://[::1]:8080/1/244516/AUTH_602f37ceccf647698ef9e0fe4d0d45d5/gnocchi.0fb79997-f928-4715-aa7e-8323708f6afd/none_v3" "tx13a067f0d4de417bba483-00692d0e3e" "object-server 97639" 0.0007 "-" 97342 0
Nov 30 22:40:46 np0005540556.novalocal object-server[97639]: ::1 - - [01/Dec/2025:03:40:46 +0000] "PUT /1/244516/AUTH_602f37ceccf647698ef9e0fe4d0d45d5/gnocchi.0fb79997-f928-4715-aa7e-8323708f6afd/none_v3" 201 - "PUT https://[::1]:8080/v1/AUTH_602f37ceccf647698ef9e0fe4d0d45d5/gnocchi.0fb79997-f928-4715-aa7e-8323708f6afd/none_v3" "tx13a067f0d4de417bba483-00692d0e3e" "proxy-server 98624" 0.0098 "-" 97639 0
Nov 30 22:40:46 np0005540556.novalocal container-server[97343]: ::1 - - [01/Dec/2025:03:40:46 +0000] "PUT /3/170644/AUTH_602f37ceccf647698ef9e0fe4d0d45d5/gnocchi.0fb79997-f928-4715-aa7e-8323708f6afd/none_v3" 201 - "PUT http://[::1]:8080/2/244516/AUTH_602f37ceccf647698ef9e0fe4d0d45d5/gnocchi.0fb79997-f928-4715-aa7e-8323708f6afd/none_v3" "tx13a067f0d4de417bba483-00692d0e3e" "object-server 97640" 0.0005 "-" 97343 0
Nov 30 22:40:46 np0005540556.novalocal container-server[97343]: ::1 - - [01/Dec/2025:03:40:46 +0000] "PUT /1/170644/AUTH_602f37ceccf647698ef9e0fe4d0d45d5/gnocchi.0fb79997-f928-4715-aa7e-8323708f6afd/none_v3" 201 - "PUT http://[::1]:8080/3/244516/AUTH_602f37ceccf647698ef9e0fe4d0d45d5/gnocchi.0fb79997-f928-4715-aa7e-8323708f6afd/none_v3" "tx13a067f0d4de417bba483-00692d0e3e" "object-server 97639" 0.0003 "-" 97343 0
Nov 30 22:40:46 np0005540556.novalocal object-server[97639]: ::1 - - [01/Dec/2025:03:40:46 +0000] "PUT /3/244516/AUTH_602f37ceccf647698ef9e0fe4d0d45d5/gnocchi.0fb79997-f928-4715-aa7e-8323708f6afd/none_v3" 201 - "PUT https://[::1]:8080/v1/AUTH_602f37ceccf647698ef9e0fe4d0d45d5/gnocchi.0fb79997-f928-4715-aa7e-8323708f6afd/none_v3" "tx13a067f0d4de417bba483-00692d0e3e" "proxy-server 98624" 0.0173 "-" 97639 0
Nov 30 22:40:46 np0005540556.novalocal object-server[97640]: ::1 - - [01/Dec/2025:03:40:46 +0000] "PUT /2/244516/AUTH_602f37ceccf647698ef9e0fe4d0d45d5/gnocchi.0fb79997-f928-4715-aa7e-8323708f6afd/none_v3" 201 - "PUT https://[::1]:8080/v1/AUTH_602f37ceccf647698ef9e0fe4d0d45d5/gnocchi.0fb79997-f928-4715-aa7e-8323708f6afd/none_v3" "tx13a067f0d4de417bba483-00692d0e3e" "proxy-server 98624" 0.0175 "-" 97640 0
Nov 30 22:40:46 np0005540556.novalocal proxy-server[98624]: ::1 ::1 01/Dec/2025/03/40/46 PUT /v1/AUTH_602f37ceccf647698ef9e0fe4d0d45d5/gnocchi.0fb79997-f928-4715-aa7e-8323708f6afd/none_v3 HTTP/1.0 201 - python-swiftclient-4.8.0 gAAAAABpLQ4jjy8F... 22 - - tx13a067f0d4de417bba483-00692d0e3e - 0.0237 - - 1764560446.260249376 1764560446.283987522 0 3cd24aa0af114855987a490c7d44632d
Nov 30 22:40:46 np0005540556.novalocal container-server[97343]: ::1 - - [01/Dec/2025:03:40:46 +0000] "HEAD /3/171607/AUTH_602f37ceccf647698ef9e0fe4d0d45d5/gnocchi.d866c4a3-4400-42f9-8df8-ed09f438d686" 404 - "HEAD http://[::1]:8080/v1/AUTH_602f37ceccf647698ef9e0fe4d0d45d5/gnocchi.d866c4a3-4400-42f9-8df8-ed09f438d686" "tx3728a3ed12234ceb9e9af-00692d0e3e" "proxy-server 98624" 0.0003 "-" 97343 0
Nov 30 22:40:46 np0005540556.novalocal container-server[97343]: ::1 - - [01/Dec/2025:03:40:46 +0000] "HEAD /1/171607/AUTH_602f37ceccf647698ef9e0fe4d0d45d5/gnocchi.d866c4a3-4400-42f9-8df8-ed09f438d686" 404 - "HEAD http://[::1]:8080/v1/AUTH_602f37ceccf647698ef9e0fe4d0d45d5/gnocchi.d866c4a3-4400-42f9-8df8-ed09f438d686" "tx3728a3ed12234ceb9e9af-00692d0e3e" "proxy-server 98624" 0.0002 "-" 97343 0
Nov 30 22:40:46 np0005540556.novalocal container-server[97342]: ::1 - - [01/Dec/2025:03:40:46 +0000] "HEAD /2/171607/AUTH_602f37ceccf647698ef9e0fe4d0d45d5/gnocchi.d866c4a3-4400-42f9-8df8-ed09f438d686" 404 - "HEAD http://[::1]:8080/v1/AUTH_602f37ceccf647698ef9e0fe4d0d45d5/gnocchi.d866c4a3-4400-42f9-8df8-ed09f438d686" "tx3728a3ed12234ceb9e9af-00692d0e3e" "proxy-server 98624" 0.0003 "-" 97342 0
Nov 30 22:40:46 np0005540556.novalocal proxy-server[98624]: - - 01/Dec/2025/03/40/46 HEAD /v1/AUTH_602f37ceccf647698ef9e0fe4d0d45d5/gnocchi.d866c4a3-4400-42f9-8df8-ed09f438d686 HTTP/1.0 404 - Swift - - - - tx3728a3ed12234ceb9e9af-00692d0e3e - 0.0123 CS - 1764560446.499191284 1764560446.511530638 0 -
Nov 30 22:40:46 np0005540556.novalocal kernel: qbr8527c81d-6b: port 2(tap8527c81d-6b) entered disabled state
Nov 30 22:40:46 np0005540556.novalocal kernel: tap8527c81d-6b (unregistering): left allmulticast mode
Nov 30 22:40:46 np0005540556.novalocal kernel: tap8527c81d-6b (unregistering): left promiscuous mode
Nov 30 22:40:46 np0005540556.novalocal kernel: qbr8527c81d-6b: port 2(tap8527c81d-6b) entered disabled state
Nov 30 22:40:46 np0005540556.novalocal NetworkManager[858]: [1764560446.5922] device (tap8527c81d-6b): state change: activated -> unmanaged (reason 'unmanaged', managed-type: 'removed')
Nov 30 22:40:46 np0005540556.novalocal NetworkManager[858]: [1764560446.5928] device (tap8527c81d-6b): released from controller device qbr8527c81d-6b
Nov 30 22:40:46 np0005540556.novalocal object-server[97639]: ::1 - - [01/Dec/2025:03:40:46 +0000] "GET /1/248342/AUTH_602f37ceccf647698ef9e0fe4d0d45d5/gnocchi.d866c4a3-4400-42f9-8df8-ed09f438d686/none_v3" 404 70 "GET https://[::1]:8080/v1/AUTH_602f37ceccf647698ef9e0fe4d0d45d5/gnocchi.d866c4a3-4400-42f9-8df8-ed09f438d686/none_v3" "tx3728a3ed12234ceb9e9af-00692d0e3e" "proxy-server 98624" 0.0007 "-" 97639 0
Nov 30 22:40:46 np0005540556.novalocal object-server[97639]: ::1 - - [01/Dec/2025:03:40:46 +0000] "GET /3/248342/AUTH_602f37ceccf647698ef9e0fe4d0d45d5/gnocchi.d866c4a3-4400-42f9-8df8-ed09f438d686/none_v3" 404 70 "GET https://[::1]:8080/v1/AUTH_602f37ceccf647698ef9e0fe4d0d45d5/gnocchi.d866c4a3-4400-42f9-8df8-ed09f438d686/none_v3" "tx3728a3ed12234ceb9e9af-00692d0e3e" "proxy-server 98624" 0.0002 "-" 97639 0
Nov 30 22:40:46 np0005540556.novalocal object-server[97640]: ::1 - - [01/Dec/2025:03:40:46 +0000] "GET /2/248342/AUTH_602f37ceccf647698ef9e0fe4d0d45d5/gnocchi.d866c4a3-4400-42f9-8df8-ed09f438d686/none_v3" 404 70 "GET https://[::1]:8080/v1/AUTH_602f37ceccf647698ef9e0fe4d0d45d5/gnocchi.d866c4a3-4400-42f9-8df8-ed09f438d686/none_v3" "tx3728a3ed12234ceb9e9af-00692d0e3e" "proxy-server 98624" 0.0008 "-" 97640 0
Nov 30 22:40:46 np0005540556.novalocal proxy-server[98624]: ::1 ::1 01/Dec/2025/03/40/46 GET /v1/AUTH_602f37ceccf647698ef9e0fe4d0d45d5/gnocchi.d866c4a3-4400-42f9-8df8-ed09f438d686/none_v3 HTTP/1.0 404 - python-swiftclient-4.8.0 gAAAAABpLQ4-yMSf... - 70 - tx3728a3ed12234ceb9e9af-00692d0e3e - 0.1238 - - 1764560446.498179913 1764560446.621952057 0 3cd24aa0af114855987a490c7d44632d
Nov 30 22:40:46 np0005540556.novalocal systemd[1]: machine-qemu\x2d2\x2dinstance\x2d00000002.scope: Deactivated successfully.
Nov 30 22:40:46 np0005540556.novalocal systemd[1]: machine-qemu\x2d2\x2dinstance\x2d00000002.scope: Consumed 4.233s CPU time.
Nov 30 22:40:46 np0005540556.novalocal systemd-machined[94210]: Machine qemu-2-instance-00000002 terminated.
Nov 30 22:40:46 np0005540556.novalocal account-server[97043]: ::1 - - [01/Dec/2025:03:40:46 +0000] "PUT /1/108421/AUTH_602f37ceccf647698ef9e0fe4d0d45d5/gnocchi.d866c4a3-4400-42f9-8df8-ed09f438d686" 201 - "PUT http://[::1]:6001/3/171607/AUTH_602f37ceccf647698ef9e0fe4d0d45d5/gnocchi.d866c4a3-4400-42f9-8df8-ed09f438d686" "tx6cce07f6fab04f7aa40bf-00692d0e3e" "container-server 97343" 0.0046 "-" 97043 0
Nov 30 22:40:46 np0005540556.novalocal container-server[97343]: ::1 - - [01/Dec/2025:03:40:46 +0000] "PUT /3/171607/AUTH_602f37ceccf647698ef9e0fe4d0d45d5/gnocchi.d866c4a3-4400-42f9-8df8-ed09f438d686" 201 - "PUT https://[::1]:8080/v1/AUTH_602f37ceccf647698ef9e0fe4d0d45d5/gnocchi.d866c4a3-4400-42f9-8df8-ed09f438d686" "tx6cce07f6fab04f7aa40bf-00692d0e3e" "proxy-server 98624" 0.0191 "-" 97343 0
Nov 30 22:40:46 np0005540556.novalocal account-server[97043]: ::1 - - [01/Dec/2025:03:40:46 +0000] "PUT /2/108421/AUTH_602f37ceccf647698ef9e0fe4d0d45d5/gnocchi.d866c4a3-4400-42f9-8df8-ed09f438d686" 201 - "PUT http://[::1]:6001/1/171607/AUTH_602f37ceccf647698ef9e0fe4d0d45d5/gnocchi.d866c4a3-4400-42f9-8df8-ed09f438d686" "tx6cce07f6fab04f7aa40bf-00692d0e3e" "container-server 97342" 0.0052 "-" 97043 0
Nov 30 22:40:46 np0005540556.novalocal account-server[97042]: ::1 - - [01/Dec/2025:03:40:46 +0000] "PUT /3/108421/AUTH_602f37ceccf647698ef9e0fe4d0d45d5/gnocchi.d866c4a3-4400-42f9-8df8-ed09f438d686" 201 - "PUT http://[::1]:6001/2/171607/AUTH_602f37ceccf647698ef9e0fe4d0d45d5/gnocchi.d866c4a3-4400-42f9-8df8-ed09f438d686" "tx6cce07f6fab04f7aa40bf-00692d0e3e" "container-server 97342" 0.0038 "-" 97042 0
Nov 30 22:40:46 np0005540556.novalocal container-server[97342]: ::1 - - [01/Dec/2025:03:40:46 +0000] "PUT /1/171607/AUTH_602f37ceccf647698ef9e0fe4d0d45d5/gnocchi.d866c4a3-4400-42f9-8df8-ed09f438d686" 201 - "PUT https://[::1]:8080/v1/AUTH_602f37ceccf647698ef9e0fe4d0d45d5/gnocchi.d866c4a3-4400-42f9-8df8-ed09f438d686" "tx6cce07f6fab04f7aa40bf-00692d0e3e" "proxy-server 98624" 0.0173 "-" 97342 0
Nov 30 22:40:46 np0005540556.novalocal container-server[97342]: ::1 - - [01/Dec/2025:03:40:46 +0000] "PUT /2/171607/AUTH_602f37ceccf647698ef9e0fe4d0d45d5/gnocchi.d866c4a3-4400-42f9-8df8-ed09f438d686" 201 - "PUT https://[::1]:8080/v1/AUTH_602f37ceccf647698ef9e0fe4d0d45d5/gnocchi.d866c4a3-4400-42f9-8df8-ed09f438d686" "tx6cce07f6fab04f7aa40bf-00692d0e3e" "proxy-server 98624" 0.0298 "-" 97342 0
Nov 30 22:40:46 np0005540556.novalocal proxy-server[98624]: ::1 ::1 01/Dec/2025/03/40/46 PUT /v1/AUTH_602f37ceccf647698ef9e0fe4d0d45d5/gnocchi.d866c4a3-4400-42f9-8df8-ed09f438d686 HTTP/1.0 201 - python-swiftclient-4.8.0 gAAAAABpLQ4-yMSf... - - - tx6cce07f6fab04f7aa40bf-00692d0e3e - 0.0390 - - 1764560446.626343727 1764560446.665371418 0 3cd24aa0af114855987a490c7d44632d
Nov 30 22:40:46 np0005540556.novalocal container-server[97343]: ::1 - - [01/Dec/2025:03:40:46 +0000] "HEAD /1/171607/AUTH_602f37ceccf647698ef9e0fe4d0d45d5/gnocchi.d866c4a3-4400-42f9-8df8-ed09f438d686" 204 - "HEAD http://[::1]:8080/v1/AUTH_602f37ceccf647698ef9e0fe4d0d45d5/gnocchi.d866c4a3-4400-42f9-8df8-ed09f438d686" "tx366513a3827649e0a4df5-00692d0e3e" "proxy-server 98624" 0.0012 "-" 97343 0
Nov 30 22:40:46 np0005540556.novalocal proxy-server[98624]: - - 01/Dec/2025/03/40/46 HEAD /v1/AUTH_602f37ceccf647698ef9e0fe4d0d45d5/gnocchi.d866c4a3-4400-42f9-8df8-ed09f438d686 HTTP/1.0 204 - Swift - - - - tx366513a3827649e0a4df5-00692d0e3e - 0.0040 CS - 1764560446.682550430 1764560446.686511278 0 -
Nov 30 22:40:46 np0005540556.novalocal container-server[97343]: ::1 - - [01/Dec/2025:03:40:46 +0000] "GET /3/171607/AUTH_602f37ceccf647698ef9e0fe4d0d45d5/gnocchi.d866c4a3-4400-42f9-8df8-ed09f438d686" 200 2 "GET https://[::1]:8080/v1/AUTH_602f37ceccf647698ef9e0fe4d0d45d5/gnocchi.d866c4a3-4400-42f9-8df8-ed09f438d686?format=json&states=listing" "tx366513a3827649e0a4df5-00692d0e3e" "proxy-server 98624" 0.0015 "-" 97343 0
Nov 30 22:40:46 np0005540556.novalocal proxy-server[98624]: ::1 ::1 01/Dec/2025/03/40/46 GET /v1/AUTH_602f37ceccf647698ef9e0fe4d0d45d5/gnocchi.d866c4a3-4400-42f9-8df8-ed09f438d686%3Fformat%3Djson%26states%3Dlisting HTTP/1.0 200 - python-swiftclient-4.8.0 gAAAAABpLQ4-yMSf... - 2 - tx366513a3827649e0a4df5-00692d0e3e - 0.0103 - - 1764560446.681868076 1764560446.692191124 0 3cd24aa0af114855987a490c7d44632d
Nov 30 22:40:46 np0005540556.novalocal object-server[97639]: ::1 - - [01/Dec/2025:03:40:46 +0000] "GET /3/6188/AUTH_602f37ceccf647698ef9e0fe4d0d45d5/gnocchi.d866c4a3-4400-42f9-8df8-ed09f438d686/1763640000.0_mean_300.0_v3" 404 70 "GET https://[::1]:8080/v1/AUTH_602f37ceccf647698ef9e0fe4d0d45d5/gnocchi.d866c4a3-4400-42f9-8df8-ed09f438d686/1763640000.0_mean_300.0_v3" "tx1fd82d16227247928fe62-00692d0e3e" "proxy-server 98624" 0.0007 "-" 97639 0
Nov 30 22:40:46 np0005540556.novalocal object-server[97640]: ::1 - - [01/Dec/2025:03:40:46 +0000] "GET /2/6188/AUTH_602f37ceccf647698ef9e0fe4d0d45d5/gnocchi.d866c4a3-4400-42f9-8df8-ed09f438d686/1763640000.0_mean_300.0_v3" 404 70 "GET https://[::1]:8080/v1/AUTH_602f37ceccf647698ef9e0fe4d0d45d5/gnocchi.d866c4a3-4400-42f9-8df8-ed09f438d686/1763640000.0_mean_300.0_v3" "tx1fd82d16227247928fe62-00692d0e3e" "proxy-server 98624" 0.0014 "-" 97640 0
Nov 30 22:40:46 np0005540556.novalocal object-server[97640]: ::1 - - [01/Dec/2025:03:40:46 +0000] "GET /1/6188/AUTH_602f37ceccf647698ef9e0fe4d0d45d5/gnocchi.d866c4a3-4400-42f9-8df8-ed09f438d686/1763640000.0_mean_300.0_v3" 404 70 "GET https://[::1]:8080/v1/AUTH_602f37ceccf647698ef9e0fe4d0d45d5/gnocchi.d866c4a3-4400-42f9-8df8-ed09f438d686/1763640000.0_mean_300.0_v3" "tx1fd82d16227247928fe62-00692d0e3e" "proxy-server 98624" 0.0004 "-" 97640 0
Nov 30 22:40:46 np0005540556.novalocal proxy-server[98624]: ::1 ::1 01/Dec/2025/03/40/46 GET /v1/AUTH_602f37ceccf647698ef9e0fe4d0d45d5/gnocchi.d866c4a3-4400-42f9-8df8-ed09f438d686/1763640000.0_mean_300.0_v3 HTTP/1.0 404 - python-swiftclient-4.8.0 gAAAAABpLQ4-yMSf... - 70 - tx1fd82d16227247928fe62-00692d0e3e - 0.0126 - - 1764560446.698608637 1764560446.711161137 0 3cd24aa0af114855987a490c7d44632d
Nov 30 22:40:46 np0005540556.novalocal container-server[97343]: ::1 - - [01/Dec/2025:03:40:46 +0000] "PUT /2/171607/AUTH_602f37ceccf647698ef9e0fe4d0d45d5/gnocchi.d866c4a3-4400-42f9-8df8-ed09f438d686/1763640000.0_mean_300.0_v3" 201 - "PUT http://[::1]:8080/1/6188/AUTH_602f37ceccf647698ef9e0fe4d0d45d5/gnocchi.d866c4a3-4400-42f9-8df8-ed09f438d686/1763640000.0_mean_300.0_v3" "tx08d4ddd70eba45d79558c-00692d0e3e" "object-server 97640" 0.0006 "-" 97343 0
Nov 30 22:40:46 np0005540556.novalocal object-server[97640]: ::1 - - [01/Dec/2025:03:40:46 +0000] "PUT /1/6188/AUTH_602f37ceccf647698ef9e0fe4d0d45d5/gnocchi.d866c4a3-4400-42f9-8df8-ed09f438d686/1763640000.0_mean_300.0_v3" 201 - "PUT https://[::1]:8080/v1/AUTH_602f37ceccf647698ef9e0fe4d0d45d5/gnocchi.d866c4a3-4400-42f9-8df8-ed09f438d686/1763640000.0_mean_300.0_v3" "tx08d4ddd70eba45d79558c-00692d0e3e" "proxy-server 98624" 0.0114 "-" 97640 0
Nov 30 22:40:46 np0005540556.novalocal container-server[97342]: ::1 - - [01/Dec/2025:03:40:46 +0000] "PUT /3/171607/AUTH_602f37ceccf647698ef9e0fe4d0d45d5/gnocchi.d866c4a3-4400-42f9-8df8-ed09f438d686/1763640000.0_mean_300.0_v3" 201 - "PUT http://[::1]:8080/3/6188/AUTH_602f37ceccf647698ef9e0fe4d0d45d5/gnocchi.d866c4a3-4400-42f9-8df8-ed09f438d686/1763640000.0_mean_300.0_v3" "tx08d4ddd70eba45d79558c-00692d0e3e" "object-server 97639" 0.0008 "-" 97342 0
Nov 30 22:40:46 np0005540556.novalocal container-server[97343]: ::1 - - [01/Dec/2025:03:40:46 +0000] "PUT /1/171607/AUTH_602f37ceccf647698ef9e0fe4d0d45d5/gnocchi.d866c4a3-4400-42f9-8df8-ed09f438d686/1763640000.0_mean_300.0_v3" 201 - "PUT http://[::1]:8080/2/6188/AUTH_602f37ceccf647698ef9e0fe4d0d45d5/gnocchi.d866c4a3-4400-42f9-8df8-ed09f438d686/1763640000.0_mean_300.0_v3" "tx08d4ddd70eba45d79558c-00692d0e3e" "object-server 97639" 0.0003 "-" 97343 0
Nov 30 22:40:46 np0005540556.novalocal object-server[97639]: ::1 - - [01/Dec/2025:03:40:46 +0000] "PUT /3/6188/AUTH_602f37ceccf647698ef9e0fe4d0d45d5/gnocchi.d866c4a3-4400-42f9-8df8-ed09f438d686/1763640000.0_mean_300.0_v3" 201 - "PUT https://[::1]:8080/v1/AUTH_602f37ceccf647698ef9e0fe4d0d45d5/gnocchi.d866c4a3-4400-42f9-8df8-ed09f438d686/1763640000.0_mean_300.0_v3" "tx08d4ddd70eba45d79558c-00692d0e3e" "proxy-server 98624" 0.0131 "-" 97639 0
Nov 30 22:40:46 np0005540556.novalocal object-server[97639]: ::1 - - [01/Dec/2025:03:40:46 +0000] "PUT /2/6188/AUTH_602f37ceccf647698ef9e0fe4d0d45d5/gnocchi.d866c4a3-4400-42f9-8df8-ed09f438d686/1763640000.0_mean_300.0_v3" 201 - "PUT https://[::1]:8080/v1/AUTH_602f37ceccf647698ef9e0fe4d0d45d5/gnocchi.d866c4a3-4400-42f9-8df8-ed09f438d686/1763640000.0_mean_300.0_v3" "tx08d4ddd70eba45d79558c-00692d0e3e" "proxy-server 98624" 0.0122 "-" 97639 0
Nov 30 22:40:46 np0005540556.novalocal proxy-server[98624]: ::1 ::1 01/Dec/2025/03/40/46 PUT /v1/AUTH_602f37ceccf647698ef9e0fe4d0d45d5/gnocchi.d866c4a3-4400-42f9-8df8-ed09f438d686/1763640000.0_mean_300.0_v3 HTTP/1.0 201 - python-swiftclient-4.8.0 gAAAAABpLQ4-yMSf... 16 - - tx08d4ddd70eba45d79558c-00692d0e3e - 0.0204 - - 1764560446.713536501 1764560446.733980656 0 3cd24aa0af114855987a490c7d44632d
Nov 30 22:40:46 np0005540556.novalocal container-server[97343]: ::1 - - [01/Dec/2025:03:40:46 +0000] "PUT /2/171607/AUTH_602f37ceccf647698ef9e0fe4d0d45d5/gnocchi.d866c4a3-4400-42f9-8df8-ed09f438d686/none_v3" 201 - "PUT http://[::1]:8080/1/248342/AUTH_602f37ceccf647698ef9e0fe4d0d45d5/gnocchi.d866c4a3-4400-42f9-8df8-ed09f438d686/none_v3" "tx9acce0ba5b1a4a79b95ae-00692d0e3e" "object-server 97640" 0.0005 "-" 97343 0
Nov 30 22:40:46 np0005540556.novalocal object-server[97640]: ::1 - - [01/Dec/2025:03:40:46 +0000] "PUT /1/248342/AUTH_602f37ceccf647698ef9e0fe4d0d45d5/gnocchi.d866c4a3-4400-42f9-8df8-ed09f438d686/none_v3" 201 - "PUT https://[::1]:8080/v1/AUTH_602f37ceccf647698ef9e0fe4d0d45d5/gnocchi.d866c4a3-4400-42f9-8df8-ed09f438d686/none_v3" "tx9acce0ba5b1a4a79b95ae-00692d0e3e" "proxy-server 98624" 0.0106 "-" 97640 0
Nov 30 22:40:46 np0005540556.novalocal container-server[97342]: ::1 - - [01/Dec/2025:03:40:46 +0000] "PUT /3/171607/AUTH_602f37ceccf647698ef9e0fe4d0d45d5/gnocchi.d866c4a3-4400-42f9-8df8-ed09f438d686/none_v3" 201 - "PUT http://[::1]:8080/2/248342/AUTH_602f37ceccf647698ef9e0fe4d0d45d5/gnocchi.d866c4a3-4400-42f9-8df8-ed09f438d686/none_v3" "tx9acce0ba5b1a4a79b95ae-00692d0e3e" "object-server 97640" 0.0007 "-" 97342 0
Nov 30 22:40:46 np0005540556.novalocal object-server[97640]: ::1 - - [01/Dec/2025:03:40:46 +0000] "PUT /2/248342/AUTH_602f37ceccf647698ef9e0fe4d0d45d5/gnocchi.d866c4a3-4400-42f9-8df8-ed09f438d686/none_v3" 201 - "PUT https://[::1]:8080/v1/AUTH_602f37ceccf647698ef9e0fe4d0d45d5/gnocchi.d866c4a3-4400-42f9-8df8-ed09f438d686/none_v3" "tx9acce0ba5b1a4a79b95ae-00692d0e3e" "proxy-server 98624" 0.0106 "-" 97640 0
Nov 30 22:40:46 np0005540556.novalocal container-server[97342]: ::1 - - [01/Dec/2025:03:40:46 +0000] "PUT /1/171607/AUTH_602f37ceccf647698ef9e0fe4d0d45d5/gnocchi.d866c4a3-4400-42f9-8df8-ed09f438d686/none_v3" 201 - "PUT http://[::1]:8080/3/248342/AUTH_602f37ceccf647698ef9e0fe4d0d45d5/gnocchi.d866c4a3-4400-42f9-8df8-ed09f438d686/none_v3" "tx9acce0ba5b1a4a79b95ae-00692d0e3e" "object-server 97640" 0.0004 "-" 97342 0
Nov 30 22:40:46 np0005540556.novalocal object-server[97640]: ::1 - - [01/Dec/2025:03:40:46 +0000] "PUT /3/248342/AUTH_602f37ceccf647698ef9e0fe4d0d45d5/gnocchi.d866c4a3-4400-42f9-8df8-ed09f438d686/none_v3" 201 - "PUT https://[::1]:8080/v1/AUTH_602f37ceccf647698ef9e0fe4d0d45d5/gnocchi.d866c4a3-4400-42f9-8df8-ed09f438d686/none_v3" "tx9acce0ba5b1a4a79b95ae-00692d0e3e" "proxy-server 98624" 0.0108 "-" 97640 0
Nov 30 22:40:46 np0005540556.novalocal proxy-server[98624]: ::1 ::1 01/Dec/2025/03/40/46 PUT /v1/AUTH_602f37ceccf647698ef9e0fe4d0d45d5/gnocchi.d866c4a3-4400-42f9-8df8-ed09f438d686/none_v3 HTTP/1.0 201 - python-swiftclient-4.8.0 gAAAAABpLQ4-yMSf... 22 - - tx9acce0ba5b1a4a79b95ae-00692d0e3e - 0.0191 - - 1764560446.738126993 1764560446.757240295 0 3cd24aa0af114855987a490c7d44632d
Nov 30 22:40:46 np0005540556.novalocal container-server[97343]: ::1 - - [01/Dec/2025:03:40:46 +0000] "HEAD /1/159432/AUTH_602f37ceccf647698ef9e0fe4d0d45d5/gnocchi.04233cd2-d4f3-4db4-9c35-7c95f19e148b" 404 - "HEAD http://[::1]:8080/v1/AUTH_602f37ceccf647698ef9e0fe4d0d45d5/gnocchi.04233cd2-d4f3-4db4-9c35-7c95f19e148b" "txc97c14b21fdf4102b37e1-00692d0e3e" "proxy-server 98624" 0.0004 "-" 97343 0
Nov 30 22:40:46 np0005540556.novalocal kernel: MODE SENSE: unimplemented page/subpage: 0x0a/0x05
Nov 30 22:40:46 np0005540556.novalocal container-server[97343]: ::1 - - [01/Dec/2025:03:40:46 +0000] "HEAD /2/159432/AUTH_602f37ceccf647698ef9e0fe4d0d45d5/gnocchi.04233cd2-d4f3-4db4-9c35-7c95f19e148b" 404 - "HEAD http://[::1]:8080/v1/AUTH_602f37ceccf647698ef9e0fe4d0d45d5/gnocchi.04233cd2-d4f3-4db4-9c35-7c95f19e148b" "txc97c14b21fdf4102b37e1-00692d0e3e" "proxy-server 98624" 0.0006 "-" 97343 0
Nov 30 22:40:46 np0005540556.novalocal kernel: GPT:Primary header thinks Alt. header is not at the end of the disk.
Nov 30 22:40:46 np0005540556.novalocal kernel: GPT:229375 != 2097151
Nov 30 22:40:46 np0005540556.novalocal kernel: GPT:Alternate GPT header not at the end of the disk.
Nov 30 22:40:46 np0005540556.novalocal kernel: GPT:229375 != 2097151
Nov 30 22:40:46 np0005540556.novalocal kernel: GPT: Use GNU Parted to correct GPT errors.
Nov 30 22:40:46 np0005540556.novalocal kernel: sda: sda1 sda15
Nov 30 22:40:46 np0005540556.novalocal container-server[97342]: ::1 - - [01/Dec/2025:03:40:46 +0000] "HEAD /3/159432/AUTH_602f37ceccf647698ef9e0fe4d0d45d5/gnocchi.04233cd2-d4f3-4db4-9c35-7c95f19e148b" 404 - "HEAD http://[::1]:8080/v1/AUTH_602f37ceccf647698ef9e0fe4d0d45d5/gnocchi.04233cd2-d4f3-4db4-9c35-7c95f19e148b" "txc97c14b21fdf4102b37e1-00692d0e3e" "proxy-server 98624" 0.0006 "-" 97342 0
Nov 30 22:40:46 np0005540556.novalocal proxy-server[98624]: - - 01/Dec/2025/03/40/46 HEAD /v1/AUTH_602f37ceccf647698ef9e0fe4d0d45d5/gnocchi.04233cd2-d4f3-4db4-9c35-7c95f19e148b HTTP/1.0 404 - Swift - - - - txc97c14b21fdf4102b37e1-00692d0e3e - 0.0170 CS - 1764560446.783689022 1764560446.800714254 0 -
Nov 30 22:40:46 np0005540556.novalocal kernel: MODE SENSE: unimplemented page/subpage: 0x0a/0x05
Nov 30 22:40:46 np0005540556.novalocal object-server[97639]: ::1 - - [01/Dec/2025:03:40:46 +0000] "GET /3/72134/AUTH_602f37ceccf647698ef9e0fe4d0d45d5/gnocchi.04233cd2-d4f3-4db4-9c35-7c95f19e148b/none_v3" 404 70 "GET https://[::1]:8080/v1/AUTH_602f37ceccf647698ef9e0fe4d0d45d5/gnocchi.04233cd2-d4f3-4db4-9c35-7c95f19e148b/none_v3" "txc97c14b21fdf4102b37e1-00692d0e3e" "proxy-server 98624" 0.0005 "-" 97639 0
Nov 30 22:40:46 np0005540556.novalocal object-server[97639]: ::1 - - [01/Dec/2025:03:40:46 +0000] "GET /2/72134/AUTH_602f37ceccf647698ef9e0fe4d0d45d5/gnocchi.04233cd2-d4f3-4db4-9c35-7c95f19e148b/none_v3" 404 70 "GET https://[::1]:8080/v1/AUTH_602f37ceccf647698ef9e0fe4d0d45d5/gnocchi.04233cd2-d4f3-4db4-9c35-7c95f19e148b/none_v3" "txc97c14b21fdf4102b37e1-00692d0e3e" "proxy-server 98624" 0.0003 "-" 97639 0
Nov 30 22:40:46 np0005540556.novalocal kernel: GPT:Primary header thinks Alt. header is not at the end of the disk.
Nov 30 22:40:46 np0005540556.novalocal kernel: GPT:229375 != 2097151
Nov 30 22:40:46 np0005540556.novalocal kernel: GPT:Alternate GPT header not at the end of the disk.
Nov 30 22:40:46 np0005540556.novalocal kernel: GPT:229375 != 2097151
Nov 30 22:40:46 np0005540556.novalocal kernel: GPT: Use GNU Parted to correct GPT errors.
Nov 30 22:40:46 np0005540556.novalocal kernel: sda: sda1 sda15
Nov 30 22:40:46 np0005540556.novalocal object-server[97639]: ::1 - - [01/Dec/2025:03:40:46 +0000] "GET /1/72134/AUTH_602f37ceccf647698ef9e0fe4d0d45d5/gnocchi.04233cd2-d4f3-4db4-9c35-7c95f19e148b/none_v3" 404 70 "GET https://[::1]:8080/v1/AUTH_602f37ceccf647698ef9e0fe4d0d45d5/gnocchi.04233cd2-d4f3-4db4-9c35-7c95f19e148b/none_v3" "txc97c14b21fdf4102b37e1-00692d0e3e" "proxy-server 98624" 0.0003 "-" 97639 0
Nov 30 22:40:46 np0005540556.novalocal kernel: MODE SENSE: unimplemented page/subpage: 0x0a/0x05
Nov 30 22:40:46 np0005540556.novalocal proxy-server[98624]: ::1 ::1 01/Dec/2025/03/40/46 GET /v1/AUTH_602f37ceccf647698ef9e0fe4d0d45d5/gnocchi.04233cd2-d4f3-4db4-9c35-7c95f19e148b/none_v3 HTTP/1.0 404 - python-swiftclient-4.8.0 gAAAAABpLQ4-yMSf... - 70 - txc97c14b21fdf4102b37e1-00692d0e3e - 0.0303 - - 1764560446.782571554 1764560446.812827349 0 3cd24aa0af114855987a490c7d44632d
Nov 30 22:40:46 np0005540556.novalocal kernel: GPT:Primary header thinks Alt. header is not at the end of the disk.
Nov 30 22:40:46 np0005540556.novalocal kernel: GPT:229375 != 2097151
Nov 30 22:40:46 np0005540556.novalocal kernel: GPT:Alternate GPT header not at the end of the disk.
Nov 30 22:40:46 np0005540556.novalocal kernel: GPT:229375 != 2097151
Nov 30 22:40:46 np0005540556.novalocal kernel: GPT: Use GNU Parted to correct GPT errors.
Nov 30 22:40:46 np0005540556.novalocal kernel: sda: sda1 sda15
Nov 30 22:40:46 np0005540556.novalocal kernel: MODE SENSE: unimplemented page/subpage: 0x0a/0x05
Nov 30 22:40:46 np0005540556.novalocal kernel: GPT:Primary header thinks Alt. header is not at the end of the disk.
Nov 30 22:40:46 np0005540556.novalocal kernel: GPT:229375 != 2097151
Nov 30 22:40:46 np0005540556.novalocal kernel: GPT:Alternate GPT header not at the end of the disk.
Nov 30 22:40:46 np0005540556.novalocal kernel: GPT:229375 != 2097151
Nov 30 22:40:46 np0005540556.novalocal kernel: GPT: Use GNU Parted to correct GPT errors.
Nov 30 22:40:46 np0005540556.novalocal kernel: sda: sda1 sda15
Nov 30 22:40:46 np0005540556.novalocal account-server[97042]: ::1 - - [01/Dec/2025:03:40:46 +0000] "PUT /3/108421/AUTH_602f37ceccf647698ef9e0fe4d0d45d5/gnocchi.04233cd2-d4f3-4db4-9c35-7c95f19e148b" 201 - "PUT http://[::1]:6001/3/159432/AUTH_602f37ceccf647698ef9e0fe4d0d45d5/gnocchi.04233cd2-d4f3-4db4-9c35-7c95f19e148b" "txfa6f62c3b0834008941ce-00692d0e3e" "container-server 97342" 0.0077 "-" 97042 0
Nov 30 22:40:46 np0005540556.novalocal container-server[97342]: ::1 - - [01/Dec/2025:03:40:46 +0000] "PUT /3/159432/AUTH_602f37ceccf647698ef9e0fe4d0d45d5/gnocchi.04233cd2-d4f3-4db4-9c35-7c95f19e148b" 201 - "PUT https://[::1]:8080/v1/AUTH_602f37ceccf647698ef9e0fe4d0d45d5/gnocchi.04233cd2-d4f3-4db4-9c35-7c95f19e148b" "txfa6f62c3b0834008941ce-00692d0e3e" "proxy-server 98624" 0.0223 "-" 97342 0
Nov 30 22:40:46 np0005540556.novalocal account-server[97042]: ::1 - - [01/Dec/2025:03:40:46 +0000] "PUT /1/108421/AUTH_602f37ceccf647698ef9e0fe4d0d45d5/gnocchi.04233cd2-d4f3-4db4-9c35-7c95f19e148b" 201 - "PUT http://[::1]:6001/1/159432/AUTH_602f37ceccf647698ef9e0fe4d0d45d5/gnocchi.04233cd2-d4f3-4db4-9c35-7c95f19e148b" "txfa6f62c3b0834008941ce-00692d0e3e" "container-server 97343" 0.0040 "-" 97042 0
Nov 30 22:40:46 np0005540556.novalocal container-server[97343]: ::1 - - [01/Dec/2025:03:40:46 +0000] "PUT /1/159432/AUTH_602f37ceccf647698ef9e0fe4d0d45d5/gnocchi.04233cd2-d4f3-4db4-9c35-7c95f19e148b" 201 - "PUT https://[::1]:8080/v1/AUTH_602f37ceccf647698ef9e0fe4d0d45d5/gnocchi.04233cd2-d4f3-4db4-9c35-7c95f19e148b" "txfa6f62c3b0834008941ce-00692d0e3e" "proxy-server 98624" 0.0160 "-" 97343 0
Nov 30 22:40:46 np0005540556.novalocal account-server[97043]: ::1 - - [01/Dec/2025:03:40:46 +0000] "PUT /2/108421/AUTH_602f37ceccf647698ef9e0fe4d0d45d5/gnocchi.04233cd2-d4f3-4db4-9c35-7c95f19e148b" 201 - "PUT http://[::1]:6001/2/159432/AUTH_602f37ceccf647698ef9e0fe4d0d45d5/gnocchi.04233cd2-d4f3-4db4-9c35-7c95f19e148b" "txfa6f62c3b0834008941ce-00692d0e3e" "container-server 97343" 0.0064 "-" 97043 0
Nov 30 22:40:46 np0005540556.novalocal container-server[97343]: ::1 - - [01/Dec/2025:03:40:46 +0000] "PUT /2/159432/AUTH_602f37ceccf647698ef9e0fe4d0d45d5/gnocchi.04233cd2-d4f3-4db4-9c35-7c95f19e148b" 201 - "PUT https://[::1]:8080/v1/AUTH_602f37ceccf647698ef9e0fe4d0d45d5/gnocchi.04233cd2-d4f3-4db4-9c35-7c95f19e148b" "txfa6f62c3b0834008941ce-00692d0e3e" "proxy-server 98624" 0.0387 "-" 97343 0
Nov 30 22:40:46 np0005540556.novalocal proxy-server[98624]: ::1 ::1 01/Dec/2025/03/40/46 PUT /v1/AUTH_602f37ceccf647698ef9e0fe4d0d45d5/gnocchi.04233cd2-d4f3-4db4-9c35-7c95f19e148b HTTP/1.0 201 - python-swiftclient-4.8.0 gAAAAABpLQ4-yMSf... - - - txfa6f62c3b0834008941ce-00692d0e3e - 0.0538 - - 1764560446.821291208 1764560446.875055790 0 3cd24aa0af114855987a490c7d44632d
Nov 30 22:40:46 np0005540556.novalocal container-server[97343]: ::1 - - [01/Dec/2025:03:40:46 +0000] "HEAD /2/159432/AUTH_602f37ceccf647698ef9e0fe4d0d45d5/gnocchi.04233cd2-d4f3-4db4-9c35-7c95f19e148b" 204 - "HEAD http://[::1]:8080/v1/AUTH_602f37ceccf647698ef9e0fe4d0d45d5/gnocchi.04233cd2-d4f3-4db4-9c35-7c95f19e148b" "txd83d1e63c20a4c9e887ab-00692d0e3e" "proxy-server 98624" 0.0024 "-" 97343 0
Nov 30 22:40:46 np0005540556.novalocal proxy-server[98624]: - - 01/Dec/2025/03/40/46 HEAD /v1/AUTH_602f37ceccf647698ef9e0fe4d0d45d5/gnocchi.04233cd2-d4f3-4db4-9c35-7c95f19e148b HTTP/1.0 204 - Swift - - - - txd83d1e63c20a4c9e887ab-00692d0e3e - 0.0070 CS - 1764560446.881828308 1764560446.888814688 0 -
Nov 30 22:40:46 np0005540556.novalocal container-server[97342]: ::1 - - [01/Dec/2025:03:40:46 +0000] "GET /1/159432/AUTH_602f37ceccf647698ef9e0fe4d0d45d5/gnocchi.04233cd2-d4f3-4db4-9c35-7c95f19e148b" 200 2 "GET https://[::1]:8080/v1/AUTH_602f37ceccf647698ef9e0fe4d0d45d5/gnocchi.04233cd2-d4f3-4db4-9c35-7c95f19e148b?format=json&states=listing" "txd83d1e63c20a4c9e887ab-00692d0e3e" "proxy-server 98624" 0.0042 "-" 97342 0
Nov 30 22:40:46 np0005540556.novalocal proxy-server[98624]: ::1 ::1 01/Dec/2025/03/40/46 GET /v1/AUTH_602f37ceccf647698ef9e0fe4d0d45d5/gnocchi.04233cd2-d4f3-4db4-9c35-7c95f19e148b%3Fformat%3Djson%26states%3Dlisting HTTP/1.0 200 - python-swiftclient-4.8.0 gAAAAABpLQ4-yMSf... - 2 - txd83d1e63c20a4c9e887ab-00692d0e3e - 0.0267 - - 1764560446.879936695 1764560446.906590462 0 3cd24aa0af114855987a490c7d44632d
Nov 30 22:40:46 np0005540556.novalocal object-server[97639]: ::1 - - [01/Dec/2025:03:40:46 +0000] "GET /3/72187/AUTH_602f37ceccf647698ef9e0fe4d0d45d5/gnocchi.04233cd2-d4f3-4db4-9c35-7c95f19e148b/1763640000.0_mean_300.0_v3" 404 70 "GET https://[::1]:8080/v1/AUTH_602f37ceccf647698ef9e0fe4d0d45d5/gnocchi.04233cd2-d4f3-4db4-9c35-7c95f19e148b/1763640000.0_mean_300.0_v3" "tx96b5311267be4e79821dd-00692d0e3e" "proxy-server 98624" 0.0005 "-" 97639 0
Nov 30 22:40:46 np0005540556.novalocal object-server[97640]: ::1 - - [01/Dec/2025:03:40:46 +0000] "GET /2/72187/AUTH_602f37ceccf647698ef9e0fe4d0d45d5/gnocchi.04233cd2-d4f3-4db4-9c35-7c95f19e148b/1763640000.0_mean_300.0_v3" 404 70 "GET https://[::1]:8080/v1/AUTH_602f37ceccf647698ef9e0fe4d0d45d5/gnocchi.04233cd2-d4f3-4db4-9c35-7c95f19e148b/1763640000.0_mean_300.0_v3" "tx96b5311267be4e79821dd-00692d0e3e" "proxy-server 98624" 0.0004 "-" 97640 0
Nov 30 22:40:46 np0005540556.novalocal object-server[97640]: ::1 - - [01/Dec/2025:03:40:46 +0000] "GET /1/72187/AUTH_602f37ceccf647698ef9e0fe4d0d45d5/gnocchi.04233cd2-d4f3-4db4-9c35-7c95f19e148b/1763640000.0_mean_300.0_v3" 404 70 "GET https://[::1]:8080/v1/AUTH_602f37ceccf647698ef9e0fe4d0d45d5/gnocchi.04233cd2-d4f3-4db4-9c35-7c95f19e148b/1763640000.0_mean_300.0_v3" "tx96b5311267be4e79821dd-00692d0e3e" "proxy-server 98624" 0.0002 "-" 97640 0
Nov 30 22:40:46 np0005540556.novalocal proxy-server[98624]: ::1 ::1 01/Dec/2025/03/40/46 GET /v1/AUTH_602f37ceccf647698ef9e0fe4d0d45d5/gnocchi.04233cd2-d4f3-4db4-9c35-7c95f19e148b/1763640000.0_mean_300.0_v3 HTTP/1.0 404 - python-swiftclient-4.8.0 gAAAAABpLQ4-yMSf... - 70 - tx96b5311267be4e79821dd-00692d0e3e - 0.0201 - - 1764560446.912625313 1764560446.932699919 0 3cd24aa0af114855987a490c7d44632d
Nov 30 22:40:46 np0005540556.novalocal container-server[97343]: ::1 - - [01/Dec/2025:03:40:46 +0000] "PUT /2/159432/AUTH_602f37ceccf647698ef9e0fe4d0d45d5/gnocchi.04233cd2-d4f3-4db4-9c35-7c95f19e148b/1763640000.0_mean_300.0_v3" 201 - "PUT http://[::1]:8080/3/72187/AUTH_602f37ceccf647698ef9e0fe4d0d45d5/gnocchi.04233cd2-d4f3-4db4-9c35-7c95f19e148b/1763640000.0_mean_300.0_v3" "txfef46b7f26e34427937b3-00692d0e3e" "object-server 97640" 0.0006 "-" 97343 0
Nov 30 22:40:46 np0005540556.novalocal container-server[97342]: ::1 - - [01/Dec/2025:03:40:46 +0000] "PUT /3/159432/AUTH_602f37ceccf647698ef9e0fe4d0d45d5/gnocchi.04233cd2-d4f3-4db4-9c35-7c95f19e148b/1763640000.0_mean_300.0_v3" 201 - "PUT http://[::1]:8080/2/72187/AUTH_602f37ceccf647698ef9e0fe4d0d45d5/gnocchi.04233cd2-d4f3-4db4-9c35-7c95f19e148b/1763640000.0_mean_300.0_v3" "txfef46b7f26e34427937b3-00692d0e3e" "object-server 97640" 0.0008 "-" 97342 0
Nov 30 22:40:46 np0005540556.novalocal container-server[97343]: ::1 - - [01/Dec/2025:03:40:46 +0000] "PUT /1/159432/AUTH_602f37ceccf647698ef9e0fe4d0d45d5/gnocchi.04233cd2-d4f3-4db4-9c35-7c95f19e148b/1763640000.0_mean_300.0_v3" 201 - "PUT http://[::1]:8080/1/72187/AUTH_602f37ceccf647698ef9e0fe4d0d45d5/gnocchi.04233cd2-d4f3-4db4-9c35-7c95f19e148b/1763640000.0_mean_300.0_v3" "txfef46b7f26e34427937b3-00692d0e3e" "object-server 97639" 0.0005 "-" 97343 0
Nov 30 22:40:46 np0005540556.novalocal object-server[97640]: ::1 - - [01/Dec/2025:03:40:46 +0000] "PUT /3/72187/AUTH_602f37ceccf647698ef9e0fe4d0d45d5/gnocchi.04233cd2-d4f3-4db4-9c35-7c95f19e148b/1763640000.0_mean_300.0_v3" 201 - "PUT https://[::1]:8080/v1/AUTH_602f37ceccf647698ef9e0fe4d0d45d5/gnocchi.04233cd2-d4f3-4db4-9c35-7c95f19e148b/1763640000.0_mean_300.0_v3" "txfef46b7f26e34427937b3-00692d0e3e" "proxy-server 98624" 0.0124 "-" 97640 0
Nov 30 22:40:46 np0005540556.novalocal object-server[97640]: ::1 - - [01/Dec/2025:03:40:46 +0000] "PUT /2/72187/AUTH_602f37ceccf647698ef9e0fe4d0d45d5/gnocchi.04233cd2-d4f3-4db4-9c35-7c95f19e148b/1763640000.0_mean_300.0_v3" 201 - "PUT https://[::1]:8080/v1/AUTH_602f37ceccf647698ef9e0fe4d0d45d5/gnocchi.04233cd2-d4f3-4db4-9c35-7c95f19e148b/1763640000.0_mean_300.0_v3" "txfef46b7f26e34427937b3-00692d0e3e" "proxy-server 98624" 0.0115 "-" 97640 0
Nov 30 22:40:46 np0005540556.novalocal object-server[97639]: ::1 - - [01/Dec/2025:03:40:46 +0000] "PUT /1/72187/AUTH_602f37ceccf647698ef9e0fe4d0d45d5/gnocchi.04233cd2-d4f3-4db4-9c35-7c95f19e148b/1763640000.0_mean_300.0_v3" 201 - "PUT https://[::1]:8080/v1/AUTH_602f37ceccf647698ef9e0fe4d0d45d5/gnocchi.04233cd2-d4f3-4db4-9c35-7c95f19e148b/1763640000.0_mean_300.0_v3" "txfef46b7f26e34427937b3-00692d0e3e" "proxy-server 98624" 0.0125 "-" 97639 0
Nov 30 22:40:46 np0005540556.novalocal proxy-server[98624]: ::1 ::1 01/Dec/2025/03/40/46 PUT /v1/AUTH_602f37ceccf647698ef9e0fe4d0d45d5/gnocchi.04233cd2-d4f3-4db4-9c35-7c95f19e148b/1763640000.0_mean_300.0_v3 HTTP/1.0 201 - python-swiftclient-4.8.0 gAAAAABpLQ4-yMSf... 16 - - txfef46b7f26e34427937b3-00692d0e3e - 0.0255 - - 1764560446.936566114 1764560446.962036133 0 3cd24aa0af114855987a490c7d44632d
Nov 30 22:40:46 np0005540556.novalocal container-server[97342]: ::1 - - [01/Dec/2025:03:40:46 +0000] "PUT /3/159432/AUTH_602f37ceccf647698ef9e0fe4d0d45d5/gnocchi.04233cd2-d4f3-4db4-9c35-7c95f19e148b/none_v3" 201 - "PUT http://[::1]:8080/1/72134/AUTH_602f37ceccf647698ef9e0fe4d0d45d5/gnocchi.04233cd2-d4f3-4db4-9c35-7c95f19e148b/none_v3" "tx785d6e940cde4c6cafe26-00692d0e3e" "object-server 97639" 0.0006 "-" 97342 0
Nov 30 22:40:46 np0005540556.novalocal object-server[97639]: ::1 - - [01/Dec/2025:03:40:46 +0000] "PUT /1/72134/AUTH_602f37ceccf647698ef9e0fe4d0d45d5/gnocchi.04233cd2-d4f3-4db4-9c35-7c95f19e148b/none_v3" 201 - "PUT https://[::1]:8080/v1/AUTH_602f37ceccf647698ef9e0fe4d0d45d5/gnocchi.04233cd2-d4f3-4db4-9c35-7c95f19e148b/none_v3" "tx785d6e940cde4c6cafe26-00692d0e3e" "proxy-server 98624" 0.0121 "-" 97639 0
Nov 30 22:40:46 np0005540556.novalocal container-server[97342]: ::1 - - [01/Dec/2025:03:40:46 +0000] "PUT /1/159432/AUTH_602f37ceccf647698ef9e0fe4d0d45d5/gnocchi.04233cd2-d4f3-4db4-9c35-7c95f19e148b/none_v3" 201 - "PUT http://[::1]:8080/3/72134/AUTH_602f37ceccf647698ef9e0fe4d0d45d5/gnocchi.04233cd2-d4f3-4db4-9c35-7c95f19e148b/none_v3" "tx785d6e940cde4c6cafe26-00692d0e3e" "object-server 97639" 0.0004 "-" 97342 0
Nov 30 22:40:46 np0005540556.novalocal object-server[97639]: ::1 - - [01/Dec/2025:03:40:46 +0000] "PUT /3/72134/AUTH_602f37ceccf647698ef9e0fe4d0d45d5/gnocchi.04233cd2-d4f3-4db4-9c35-7c95f19e148b/none_v3" 201 - "PUT https://[::1]:8080/v1/AUTH_602f37ceccf647698ef9e0fe4d0d45d5/gnocchi.04233cd2-d4f3-4db4-9c35-7c95f19e148b/none_v3" "tx785d6e940cde4c6cafe26-00692d0e3e" "proxy-server 98624" 0.0117 "-" 97639 0
Nov 30 22:40:46 np0005540556.novalocal container-server[97343]: ::1 - - [01/Dec/2025:03:40:46 +0000] "PUT /2/159432/AUTH_602f37ceccf647698ef9e0fe4d0d45d5/gnocchi.04233cd2-d4f3-4db4-9c35-7c95f19e148b/none_v3" 201 - "PUT http://[::1]:8080/2/72134/AUTH_602f37ceccf647698ef9e0fe4d0d45d5/gnocchi.04233cd2-d4f3-4db4-9c35-7c95f19e148b/none_v3" "tx785d6e940cde4c6cafe26-00692d0e3e" "object-server 97640" 0.0015 "-" 97343 0
Nov 30 22:40:46 np0005540556.novalocal object-server[97640]: ::1 - - [01/Dec/2025:03:40:46 +0000] "PUT /2/72134/AUTH_602f37ceccf647698ef9e0fe4d0d45d5/gnocchi.04233cd2-d4f3-4db4-9c35-7c95f19e148b/none_v3" 201 - "PUT https://[::1]:8080/v1/AUTH_602f37ceccf647698ef9e0fe4d0d45d5/gnocchi.04233cd2-d4f3-4db4-9c35-7c95f19e148b/none_v3" "tx785d6e940cde4c6cafe26-00692d0e3e" "proxy-server 98624" 0.0159 "-" 97640 0
Nov 30 22:40:46 np0005540556.novalocal proxy-server[98624]: ::1 ::1 01/Dec/2025/03/40/46 PUT /v1/AUTH_602f37ceccf647698ef9e0fe4d0d45d5/gnocchi.04233cd2-d4f3-4db4-9c35-7c95f19e148b/none_v3 HTTP/1.0 201 - python-swiftclient-4.8.0 gAAAAABpLQ4-yMSf... 26 - - tx785d6e940cde4c6cafe26-00692d0e3e - 0.0240 - - 1764560446.965647459 1764560446.989651203 0 3cd24aa0af114855987a490c7d44632d
Nov 30 22:40:47 np0005540556.novalocal container-server[97342]: ::1 - - [01/Dec/2025:03:40:47 +0000] "HEAD /1/174506/AUTH_602f37ceccf647698ef9e0fe4d0d45d5/gnocchi.b7b3cafe-6d38-4bc6-a3cf-664e9fbc0315" 404 - "HEAD http://[::1]:8080/v1/AUTH_602f37ceccf647698ef9e0fe4d0d45d5/gnocchi.b7b3cafe-6d38-4bc6-a3cf-664e9fbc0315" "txecfeefbcc97d4f2c8b9e7-00692d0e3f" "proxy-server 98624" 0.0003 "-" 97342 0
Nov 30 22:40:47 np0005540556.novalocal container-server[97342]: ::1 - - [01/Dec/2025:03:40:47 +0000] "HEAD /2/174506/AUTH_602f37ceccf647698ef9e0fe4d0d45d5/gnocchi.b7b3cafe-6d38-4bc6-a3cf-664e9fbc0315" 404 - "HEAD http://[::1]:8080/v1/AUTH_602f37ceccf647698ef9e0fe4d0d45d5/gnocchi.b7b3cafe-6d38-4bc6-a3cf-664e9fbc0315" "txecfeefbcc97d4f2c8b9e7-00692d0e3f" "proxy-server 98624" 0.0002 "-" 97342 0
Nov 30 22:40:47 np0005540556.novalocal container-server[97342]: ::1 - - [01/Dec/2025:03:40:47 +0000] "HEAD /3/174506/AUTH_602f37ceccf647698ef9e0fe4d0d45d5/gnocchi.b7b3cafe-6d38-4bc6-a3cf-664e9fbc0315" 404 - "HEAD http://[::1]:8080/v1/AUTH_602f37ceccf647698ef9e0fe4d0d45d5/gnocchi.b7b3cafe-6d38-4bc6-a3cf-664e9fbc0315" "txecfeefbcc97d4f2c8b9e7-00692d0e3f" "proxy-server 98624" 0.0002 "-" 97342 0
Nov 30 22:40:47 np0005540556.novalocal proxy-server[98624]: - - 01/Dec/2025/03/40/47 HEAD /v1/AUTH_602f37ceccf647698ef9e0fe4d0d45d5/gnocchi.b7b3cafe-6d38-4bc6-a3cf-664e9fbc0315 HTTP/1.0 404 - Swift - - - - txecfeefbcc97d4f2c8b9e7-00692d0e3f - 0.0111 CS - 1764560447.013817310 1764560447.024946690 0 -
Nov 30 22:40:47 np0005540556.novalocal object-server[97639]: ::1 - - [01/Dec/2025:03:40:47 +0000] "GET /3/156659/AUTH_602f37ceccf647698ef9e0fe4d0d45d5/gnocchi.b7b3cafe-6d38-4bc6-a3cf-664e9fbc0315/none_v3" 404 70 "GET https://[::1]:8080/v1/AUTH_602f37ceccf647698ef9e0fe4d0d45d5/gnocchi.b7b3cafe-6d38-4bc6-a3cf-664e9fbc0315/none_v3" "txecfeefbcc97d4f2c8b9e7-00692d0e3f" "proxy-server 98624" 0.0007 "-" 97639 0
Nov 30 22:40:47 np0005540556.novalocal object-server[97639]: ::1 - - [01/Dec/2025:03:40:47 +0000] "GET /2/156659/AUTH_602f37ceccf647698ef9e0fe4d0d45d5/gnocchi.b7b3cafe-6d38-4bc6-a3cf-664e9fbc0315/none_v3" 404 70 "GET https://[::1]:8080/v1/AUTH_602f37ceccf647698ef9e0fe4d0d45d5/gnocchi.b7b3cafe-6d38-4bc6-a3cf-664e9fbc0315/none_v3" "txecfeefbcc97d4f2c8b9e7-00692d0e3f" "proxy-server 98624" 0.0004 "-" 97639 0
Nov 30 22:40:47 np0005540556.novalocal object-server[97640]: ::1 - - [01/Dec/2025:03:40:47 +0000] "GET /1/156659/AUTH_602f37ceccf647698ef9e0fe4d0d45d5/gnocchi.b7b3cafe-6d38-4bc6-a3cf-664e9fbc0315/none_v3" 404 70 "GET https://[::1]:8080/v1/AUTH_602f37ceccf647698ef9e0fe4d0d45d5/gnocchi.b7b3cafe-6d38-4bc6-a3cf-664e9fbc0315/none_v3" "txecfeefbcc97d4f2c8b9e7-00692d0e3f" "proxy-server 98624" 0.0004 "-" 97640 0
Nov 30 22:40:47 np0005540556.novalocal proxy-server[98624]: ::1 ::1 01/Dec/2025/03/40/47 GET /v1/AUTH_602f37ceccf647698ef9e0fe4d0d45d5/gnocchi.b7b3cafe-6d38-4bc6-a3cf-664e9fbc0315/none_v3 HTTP/1.0 404 - python-swiftclient-4.8.0 gAAAAABpLQ4-yMSf... - 70 - txecfeefbcc97d4f2c8b9e7-00692d0e3f - 0.0247 - - 1764560447.012823105 1764560447.037527800 0 3cd24aa0af114855987a490c7d44632d
Nov 30 22:40:47 np0005540556.novalocal account-server[97042]: ::1 - - [01/Dec/2025:03:40:47 +0000] "PUT /3/108421/AUTH_602f37ceccf647698ef9e0fe4d0d45d5/gnocchi.b7b3cafe-6d38-4bc6-a3cf-664e9fbc0315" 201 - "PUT http://[::1]:6001/1/174506/AUTH_602f37ceccf647698ef9e0fe4d0d45d5/gnocchi.b7b3cafe-6d38-4bc6-a3cf-664e9fbc0315" "tx7a126dc8d3d84a37b9364-00692d0e3f" "container-server 97343" 0.0051 "-" 97042 0
Nov 30 22:40:47 np0005540556.novalocal account-server[97042]: ::1 - - [01/Dec/2025:03:40:47 +0000] "PUT /1/108421/AUTH_602f37ceccf647698ef9e0fe4d0d45d5/gnocchi.b7b3cafe-6d38-4bc6-a3cf-664e9fbc0315" 201 - "PUT http://[::1]:6001/3/174506/AUTH_602f37ceccf647698ef9e0fe4d0d45d5/gnocchi.b7b3cafe-6d38-4bc6-a3cf-664e9fbc0315" "tx7a126dc8d3d84a37b9364-00692d0e3f" "container-server 97342" 0.0044 "-" 97042 0
Nov 30 22:40:47 np0005540556.novalocal container-server[97342]: ::1 - - [01/Dec/2025:03:40:47 +0000] "PUT /3/174506/AUTH_602f37ceccf647698ef9e0fe4d0d45d5/gnocchi.b7b3cafe-6d38-4bc6-a3cf-664e9fbc0315" 201 - "PUT https://[::1]:8080/v1/AUTH_602f37ceccf647698ef9e0fe4d0d45d5/gnocchi.b7b3cafe-6d38-4bc6-a3cf-664e9fbc0315" "tx7a126dc8d3d84a37b9364-00692d0e3f" "proxy-server 98624" 0.0311 "-" 97342 0
Nov 30 22:40:47 np0005540556.novalocal container-server[97343]: ::1 - - [01/Dec/2025:03:40:47 +0000] "PUT /1/174506/AUTH_602f37ceccf647698ef9e0fe4d0d45d5/gnocchi.b7b3cafe-6d38-4bc6-a3cf-664e9fbc0315" 201 - "PUT https://[::1]:8080/v1/AUTH_602f37ceccf647698ef9e0fe4d0d45d5/gnocchi.b7b3cafe-6d38-4bc6-a3cf-664e9fbc0315" "tx7a126dc8d3d84a37b9364-00692d0e3f" "proxy-server 98624" 0.0432 "-" 97343 0
