Nov 30 22:41:01 np0005540556.novalocal container-server[97342]: ::1 - - [01/Dec/2025:03:41:01 +0000] "PUT /1/132261/AUTH_602f37ceccf647698ef9e0fe4d0d45d5/gnocchi.1445a30f-ee48-4288-9691-f93f82b09eec" 201 - "PUT https://[::1]:8080/v1/AUTH_602f37ceccf647698ef9e0fe4d0d45d5/gnocchi.1445a30f-ee48-4288-9691-f93f82b09eec" "tx86039cbdcf2548c3abac1-00692d0e4d" "proxy-server 98624" 0.0267 "-" 97342 0
Nov 30 22:41:01 np0005540556.novalocal object-server[97639]: ::1 - - [01/Dec/2025:03:41:01 +0000] "GET /3/24334/AUTH_602f37ceccf647698ef9e0fe4d0d45d5/gnocchi.e074ef07-3e2f-430f-a4d9-e2e159222b71/none_v3" 404 70 "GET https://[::1]:8080/v1/AUTH_602f37ceccf647698ef9e0fe4d0d45d5/gnocchi.e074ef07-3e2f-430f-a4d9-e2e159222b71/none_v3" "txe037c15b9b4347499c459-00692d0e4d" "proxy-server 98624" 0.0006 "-" 97639 0
Nov 30 22:41:01 np0005540556.novalocal proxy-server[98624]: ::1 ::1 01/Dec/2025/03/41/01 GET /v1/AUTH_602f37ceccf647698ef9e0fe4d0d45d5/gnocchi.e074ef07-3e2f-430f-a4d9-e2e159222b71/none_v3 HTTP/1.0 404 - python-swiftclient-4.8.0 gAAAAABpLQ4-yMSf... - 70 - txe037c15b9b4347499c459-00692d0e4d - 0.0433 - - 1764560461.218363047 1764560461.261666298 0 3cd24aa0af114855987a490c7d44632d
Nov 30 22:41:01 np0005540556.novalocal account-server[97043]: ::1 - - [01/Dec/2025:03:41:01 +0000] "PUT /1/108421/AUTH_602f37ceccf647698ef9e0fe4d0d45d5/gnocchi.1445a30f-ee48-4288-9691-f93f82b09eec" 201 - "PUT http://[::1]:6001/3/132261/AUTH_602f37ceccf647698ef9e0fe4d0d45d5/gnocchi.1445a30f-ee48-4288-9691-f93f82b09eec" "tx86039cbdcf2548c3abac1-00692d0e4d" "container-server 97342" 0.0055 "-" 97043 0
Nov 30 22:41:01 np0005540556.novalocal container-server[97342]: ::1 - - [01/Dec/2025:03:41:01 +0000] "PUT /3/132261/AUTH_602f37ceccf647698ef9e0fe4d0d45d5/gnocchi.1445a30f-ee48-4288-9691-f93f82b09eec" 201 - "PUT https://[::1]:8080/v1/AUTH_602f37ceccf647698ef9e0fe4d0d45d5/gnocchi.1445a30f-ee48-4288-9691-f93f82b09eec" "tx86039cbdcf2548c3abac1-00692d0e4d" "proxy-server 98624" 0.0209 "-" 97342 0
Nov 30 22:41:01 np0005540556.novalocal proxy-server[98624]: ::1 ::1 01/Dec/2025/03/41/01 PUT /v1/AUTH_602f37ceccf647698ef9e0fe4d0d45d5/gnocchi.1445a30f-ee48-4288-9691-f93f82b09eec HTTP/1.0 201 - python-swiftclient-4.8.0 gAAAAABpLQ4jjy8F... - - - tx86039cbdcf2548c3abac1-00692d0e4d - 0.0485 - - 1764560461.225193024 1764560461.273651361 0 3cd24aa0af114855987a490c7d44632d
Nov 30 22:41:01 np0005540556.novalocal account-server[97043]: ::1 - - [01/Dec/2025:03:41:01 +0000] "PUT /2/108421/AUTH_602f37ceccf647698ef9e0fe4d0d45d5/gnocchi.e074ef07-3e2f-430f-a4d9-e2e159222b71" 201 - "PUT http://[::1]:6001/2/145910/AUTH_602f37ceccf647698ef9e0fe4d0d45d5/gnocchi.e074ef07-3e2f-430f-a4d9-e2e159222b71" "tx4e38cfc0bc6848af91efe-00692d0e4d" "container-server 97342" 0.0099 "-" 97043 0
Nov 30 22:41:01 np0005540556.novalocal container-server[97342]: ::1 - - [01/Dec/2025:03:41:01 +0000] "HEAD /1/132261/AUTH_602f37ceccf647698ef9e0fe4d0d45d5/gnocchi.1445a30f-ee48-4288-9691-f93f82b09eec" 204 - "HEAD http://[::1]:8080/v1/AUTH_602f37ceccf647698ef9e0fe4d0d45d5/gnocchi.1445a30f-ee48-4288-9691-f93f82b09eec" "tx3ac481646d1e4869a28db-00692d0e4d" "proxy-server 98624" 0.0023 "-" 97342 0
Nov 30 22:41:01 np0005540556.novalocal container-server[97342]: ::1 - - [01/Dec/2025:03:41:01 +0000] "PUT /2/145910/AUTH_602f37ceccf647698ef9e0fe4d0d45d5/gnocchi.e074ef07-3e2f-430f-a4d9-e2e159222b71" 201 - "PUT https://[::1]:8080/v1/AUTH_602f37ceccf647698ef9e0fe4d0d45d5/gnocchi.e074ef07-3e2f-430f-a4d9-e2e159222b71" "tx4e38cfc0bc6848af91efe-00692d0e4d" "proxy-server 98624" 0.0398 "-" 97342 0
Nov 30 22:41:01 np0005540556.novalocal proxy-server[98624]: - - 01/Dec/2025/03/41/01 HEAD /v1/AUTH_602f37ceccf647698ef9e0fe4d0d45d5/gnocchi.1445a30f-ee48-4288-9691-f93f82b09eec HTTP/1.0 204 - Swift - - - - tx3ac481646d1e4869a28db-00692d0e4d - 0.0346 CS - 1764560461.279395580 1764560461.314006090 0 -
Nov 30 22:41:01 np0005540556.novalocal account-server[97042]: ::1 - - [01/Dec/2025:03:41:01 +0000] "PUT /1/108421/AUTH_602f37ceccf647698ef9e0fe4d0d45d5/gnocchi.e074ef07-3e2f-430f-a4d9-e2e159222b71" 201 - "PUT http://[::1]:6001/1/145910/AUTH_602f37ceccf647698ef9e0fe4d0d45d5/gnocchi.e074ef07-3e2f-430f-a4d9-e2e159222b71" "tx4e38cfc0bc6848af91efe-00692d0e4d" "container-server 97342" 0.0085 "-" 97042 0
Nov 30 22:41:01 np0005540556.novalocal account-server[97043]: ::1 - - [01/Dec/2025:03:41:01 +0000] "PUT /3/108421/AUTH_602f37ceccf647698ef9e0fe4d0d45d5/gnocchi.e074ef07-3e2f-430f-a4d9-e2e159222b71" 201 - "PUT http://[::1]:6001/3/145910/AUTH_602f37ceccf647698ef9e0fe4d0d45d5/gnocchi.e074ef07-3e2f-430f-a4d9-e2e159222b71" "tx4e38cfc0bc6848af91efe-00692d0e4d" "container-server 97342" 0.0084 "-" 97043 0
Nov 30 22:41:01 np0005540556.novalocal container-server[97342]: ::1 - - [01/Dec/2025:03:41:01 +0000] "PUT /1/145910/AUTH_602f37ceccf647698ef9e0fe4d0d45d5/gnocchi.e074ef07-3e2f-430f-a4d9-e2e159222b71" 201 - "PUT https://[::1]:8080/v1/AUTH_602f37ceccf647698ef9e0fe4d0d45d5/gnocchi.e074ef07-3e2f-430f-a4d9-e2e159222b71" "tx4e38cfc0bc6848af91efe-00692d0e4d" "proxy-server 98624" 0.0385 "-" 97342 0
Nov 30 22:41:01 np0005540556.novalocal container-server[97343]: ::1 - - [01/Dec/2025:03:41:01 +0000] "GET /3/132261/AUTH_602f37ceccf647698ef9e0fe4d0d45d5/gnocchi.1445a30f-ee48-4288-9691-f93f82b09eec" 200 2 "GET https://[::1]:8080/v1/AUTH_602f37ceccf647698ef9e0fe4d0d45d5/gnocchi.1445a30f-ee48-4288-9691-f93f82b09eec?format=json&states=listing" "tx3ac481646d1e4869a28db-00692d0e4d" "proxy-server 98624" 0.0034 "-" 97343 0
Nov 30 22:41:01 np0005540556.novalocal container-server[97342]: ::1 - - [01/Dec/2025:03:41:01 +0000] "PUT /3/145910/AUTH_602f37ceccf647698ef9e0fe4d0d45d5/gnocchi.e074ef07-3e2f-430f-a4d9-e2e159222b71" 201 - "PUT https://[::1]:8080/v1/AUTH_602f37ceccf647698ef9e0fe4d0d45d5/gnocchi.e074ef07-3e2f-430f-a4d9-e2e159222b71" "tx4e38cfc0bc6848af91efe-00692d0e4d" "proxy-server 98624" 0.0268 "-" 97342 0
Nov 30 22:41:01 np0005540556.novalocal proxy-server[98624]: ::1 ::1 01/Dec/2025/03/41/01 GET /v1/AUTH_602f37ceccf647698ef9e0fe4d0d45d5/gnocchi.1445a30f-ee48-4288-9691-f93f82b09eec%3Fformat%3Djson%26states%3Dlisting HTTP/1.0 200 - python-swiftclient-4.8.0 gAAAAABpLQ4jjy8F... - 2 - tx3ac481646d1e4869a28db-00692d0e4d - 0.0494 - - 1764560461.278471231 1764560461.327842712 0 3cd24aa0af114855987a490c7d44632d
Nov 30 22:41:01 np0005540556.novalocal proxy-server[98624]: ::1 ::1 01/Dec/2025/03/41/01 PUT /v1/AUTH_602f37ceccf647698ef9e0fe4d0d45d5/gnocchi.e074ef07-3e2f-430f-a4d9-e2e159222b71 HTTP/1.0 201 - python-swiftclient-4.8.0 gAAAAABpLQ4-yMSf... - - - tx4e38cfc0bc6848af91efe-00692d0e4d - 0.0643 - - 1764560461.265475512 1764560461.329802752 0 3cd24aa0af114855987a490c7d44632d
Nov 30 22:41:01 np0005540556.novalocal object-server[97639]: ::1 - - [01/Dec/2025:03:41:01 +0000] "GET /1/199512/AUTH_602f37ceccf647698ef9e0fe4d0d45d5/gnocchi.1445a30f-ee48-4288-9691-f93f82b09eec/1763640000.0_mean_300.0_v3" 404 70 "GET https://[::1]:8080/v1/AUTH_602f37ceccf647698ef9e0fe4d0d45d5/gnocchi.1445a30f-ee48-4288-9691-f93f82b09eec/1763640000.0_mean_300.0_v3" "tx615e9564f277473e9e78c-00692d0e4d" "proxy-server 98624" 0.0007 "-" 97639 0
Nov 30 22:41:01 np0005540556.novalocal container-server[97342]: ::1 - - [01/Dec/2025:03:41:01 +0000] "HEAD /1/145910/AUTH_602f37ceccf647698ef9e0fe4d0d45d5/gnocchi.e074ef07-3e2f-430f-a4d9-e2e159222b71" 204 - "HEAD http://[::1]:8080/v1/AUTH_602f37ceccf647698ef9e0fe4d0d45d5/gnocchi.e074ef07-3e2f-430f-a4d9-e2e159222b71" "tx4aef54bb690c4df6b309b-00692d0e4d" "proxy-server 98624" 0.0021 "-" 97342 0
Nov 30 22:41:01 np0005540556.novalocal object-server[97639]: ::1 - - [01/Dec/2025:03:41:01 +0000] "GET /3/199512/AUTH_602f37ceccf647698ef9e0fe4d0d45d5/gnocchi.1445a30f-ee48-4288-9691-f93f82b09eec/1763640000.0_mean_300.0_v3" 404 70 "GET https://[::1]:8080/v1/AUTH_602f37ceccf647698ef9e0fe4d0d45d5/gnocchi.1445a30f-ee48-4288-9691-f93f82b09eec/1763640000.0_mean_300.0_v3" "tx615e9564f277473e9e78c-00692d0e4d" "proxy-server 98624" 0.0004 "-" 97639 0
Nov 30 22:41:01 np0005540556.novalocal proxy-server[98624]: - - 01/Dec/2025/03/41/01 HEAD /v1/AUTH_602f37ceccf647698ef9e0fe4d0d45d5/gnocchi.e074ef07-3e2f-430f-a4d9-e2e159222b71 HTTP/1.0 204 - Swift - - - - tx4aef54bb690c4df6b309b-00692d0e4d - 0.0068 CS - 1764560461.339856625 1764560461.346619844 0 -
Nov 30 22:41:01 np0005540556.novalocal object-server[97640]: ::1 - - [01/Dec/2025:03:41:01 +0000] "GET /2/199512/AUTH_602f37ceccf647698ef9e0fe4d0d45d5/gnocchi.1445a30f-ee48-4288-9691-f93f82b09eec/1763640000.0_mean_300.0_v3" 404 70 "GET https://[::1]:8080/v1/AUTH_602f37ceccf647698ef9e0fe4d0d45d5/gnocchi.1445a30f-ee48-4288-9691-f93f82b09eec/1763640000.0_mean_300.0_v3" "tx615e9564f277473e9e78c-00692d0e4d" "proxy-server 98624" 0.0006 "-" 97640 0
Nov 30 22:41:01 np0005540556.novalocal proxy-server[98624]: ::1 ::1 01/Dec/2025/03/41/01 GET /v1/AUTH_602f37ceccf647698ef9e0fe4d0d45d5/gnocchi.1445a30f-ee48-4288-9691-f93f82b09eec/1763640000.0_mean_300.0_v3 HTTP/1.0 404 - python-swiftclient-4.8.0 gAAAAABpLQ4jjy8F... - 70 - tx615e9564f277473e9e78c-00692d0e4d - 0.0241 - - 1764560461.333243370 1764560461.357370138 0 3cd24aa0af114855987a490c7d44632d
Nov 30 22:41:01 np0005540556.novalocal container-server[97343]: ::1 - - [01/Dec/2025:03:41:01 +0000] "GET /3/145910/AUTH_602f37ceccf647698ef9e0fe4d0d45d5/gnocchi.e074ef07-3e2f-430f-a4d9-e2e159222b71" 200 2 "GET https://[::1]:8080/v1/AUTH_602f37ceccf647698ef9e0fe4d0d45d5/gnocchi.e074ef07-3e2f-430f-a4d9-e2e159222b71?format=json&states=listing" "tx4aef54bb690c4df6b309b-00692d0e4d" "proxy-server 98624" 0.0038 "-" 97343 0
Nov 30 22:41:01 np0005540556.novalocal haproxy-metadata-proxy-9cb17448-9aba-4e59-bad9-3ca98ebf9636[104090]: ::ffff:10.100.0.9:57606 [30/Nov/2025:22:41:00.326] listener listener/metadata 0/0/0/1033/1033 200 93 - - ---- 1/1/0/0/0 0/0 "GET /2009-04-04/meta-data/instance-type HTTP/1.1"
Nov 30 22:41:01 np0005540556.novalocal proxy-server[98624]: ::1 ::1 01/Dec/2025/03/41/01 GET /v1/AUTH_602f37ceccf647698ef9e0fe4d0d45d5/gnocchi.e074ef07-3e2f-430f-a4d9-e2e159222b71%3Fformat%3Djson%26states%3Dlisting HTTP/1.0 200 - python-swiftclient-4.8.0 gAAAAABpLQ4-yMSf... - 2 - tx4aef54bb690c4df6b309b-00692d0e4d - 0.0330 - - 1764560461.334602356 1764560461.367604494 0 3cd24aa0af114855987a490c7d44632d
Nov 30 22:41:01 np0005540556.novalocal object-server[97640]: ::1 - - [01/Dec/2025:03:41:01 +0000] "GET /2/47547/AUTH_602f37ceccf647698ef9e0fe4d0d45d5/gnocchi.e074ef07-3e2f-430f-a4d9-e2e159222b71/1763640000.0_mean_300.0_v3" 404 70 "GET https://[::1]:8080/v1/AUTH_602f37ceccf647698ef9e0fe4d0d45d5/gnocchi.e074ef07-3e2f-430f-a4d9-e2e159222b71/1763640000.0_mean_300.0_v3" "tx332165af2c1f47498df5c-00692d0e4d" "proxy-server 98624" 0.0007 "-" 97640 0
Nov 30 22:41:01 np0005540556.novalocal container-server[97342]: ::1 - - [01/Dec/2025:03:41:01 +0000] "PUT /1/132261/AUTH_602f37ceccf647698ef9e0fe4d0d45d5/gnocchi.1445a30f-ee48-4288-9691-f93f82b09eec/1763640000.0_mean_300.0_v3" 201 - "PUT http://[::1]:8080/1/199512/AUTH_602f37ceccf647698ef9e0fe4d0d45d5/gnocchi.1445a30f-ee48-4288-9691-f93f82b09eec/1763640000.0_mean_300.0_v3" "tx613178afedd14dcd8fa09-00692d0e4d" "object-server 97639" 0.0009 "-" 97342 0
Nov 30 22:41:01 np0005540556.novalocal object-server[97639]: ::1 - - [01/Dec/2025:03:41:01 +0000] "PUT /1/199512/AUTH_602f37ceccf647698ef9e0fe4d0d45d5/gnocchi.1445a30f-ee48-4288-9691-f93f82b09eec/1763640000.0_mean_300.0_v3" 201 - "PUT https://[::1]:8080/v1/AUTH_602f37ceccf647698ef9e0fe4d0d45d5/gnocchi.1445a30f-ee48-4288-9691-f93f82b09eec/1763640000.0_mean_300.0_v3" "tx613178afedd14dcd8fa09-00692d0e4d" "proxy-server 98624" 0.0182 "-" 97639 0
Nov 30 22:41:01 np0005540556.novalocal object-server[97640]: ::1 - - [01/Dec/2025:03:41:01 +0000] "GET /3/47547/AUTH_602f37ceccf647698ef9e0fe4d0d45d5/gnocchi.e074ef07-3e2f-430f-a4d9-e2e159222b71/1763640000.0_mean_300.0_v3" 404 70 "GET https://[::1]:8080/v1/AUTH_602f37ceccf647698ef9e0fe4d0d45d5/gnocchi.e074ef07-3e2f-430f-a4d9-e2e159222b71/1763640000.0_mean_300.0_v3" "tx332165af2c1f47498df5c-00692d0e4d" "proxy-server 98624" 0.0004 "-" 97640 0
Nov 30 22:41:01 np0005540556.novalocal container-server[97343]: ::1 - - [01/Dec/2025:03:41:01 +0000] "PUT /3/132261/AUTH_602f37ceccf647698ef9e0fe4d0d45d5/gnocchi.1445a30f-ee48-4288-9691-f93f82b09eec/1763640000.0_mean_300.0_v3" 201 - "PUT http://[::1]:8080/2/199512/AUTH_602f37ceccf647698ef9e0fe4d0d45d5/gnocchi.1445a30f-ee48-4288-9691-f93f82b09eec/1763640000.0_mean_300.0_v3" "tx613178afedd14dcd8fa09-00692d0e4d" "object-server 97640" 0.0011 "-" 97343 0
Nov 30 22:41:01 np0005540556.novalocal object-server[97639]: ::1 - - [01/Dec/2025:03:41:01 +0000] "GET /1/47547/AUTH_602f37ceccf647698ef9e0fe4d0d45d5/gnocchi.e074ef07-3e2f-430f-a4d9-e2e159222b71/1763640000.0_mean_300.0_v3" 404 70 "GET https://[::1]:8080/v1/AUTH_602f37ceccf647698ef9e0fe4d0d45d5/gnocchi.e074ef07-3e2f-430f-a4d9-e2e159222b71/1763640000.0_mean_300.0_v3" "tx332165af2c1f47498df5c-00692d0e4d" "proxy-server 98624" 0.0005 "-" 97639 0
Nov 30 22:41:01 np0005540556.novalocal object-server[97640]: ::1 - - [01/Dec/2025:03:41:01 +0000] "PUT /2/199512/AUTH_602f37ceccf647698ef9e0fe4d0d45d5/gnocchi.1445a30f-ee48-4288-9691-f93f82b09eec/1763640000.0_mean_300.0_v3" 201 - "PUT https://[::1]:8080/v1/AUTH_602f37ceccf647698ef9e0fe4d0d45d5/gnocchi.1445a30f-ee48-4288-9691-f93f82b09eec/1763640000.0_mean_300.0_v3" "tx613178afedd14dcd8fa09-00692d0e4d" "proxy-server 98624" 0.0274 "-" 97640 0
Nov 30 22:41:01 np0005540556.novalocal container-server[97343]: ::1 - - [01/Dec/2025:03:41:01 +0000] "PUT /2/132261/AUTH_602f37ceccf647698ef9e0fe4d0d45d5/gnocchi.1445a30f-ee48-4288-9691-f93f82b09eec/1763640000.0_mean_300.0_v3" 201 - "PUT http://[::1]:8080/3/199512/AUTH_602f37ceccf647698ef9e0fe4d0d45d5/gnocchi.1445a30f-ee48-4288-9691-f93f82b09eec/1763640000.0_mean_300.0_v3" "tx613178afedd14dcd8fa09-00692d0e4d" "object-server 97640" 0.0011 "-" 97343 0
Nov 30 22:41:01 np0005540556.novalocal proxy-server[98624]: ::1 ::1 01/Dec/2025/03/41/01 GET /v1/AUTH_602f37ceccf647698ef9e0fe4d0d45d5/gnocchi.e074ef07-3e2f-430f-a4d9-e2e159222b71/1763640000.0_mean_300.0_v3 HTTP/1.0 404 - python-swiftclient-4.8.0 gAAAAABpLQ4-yMSf... - 70 - tx332165af2c1f47498df5c-00692d0e4d - 0.0268 - - 1764560461.379037380 1764560461.405839443 0 3cd24aa0af114855987a490c7d44632d
Nov 30 22:41:01 np0005540556.novalocal object-server[97640]: ::1 - - [01/Dec/2025:03:41:01 +0000] "PUT /3/199512/AUTH_602f37ceccf647698ef9e0fe4d0d45d5/gnocchi.1445a30f-ee48-4288-9691-f93f82b09eec/1763640000.0_mean_300.0_v3" 201 - "PUT https://[::1]:8080/v1/AUTH_602f37ceccf647698ef9e0fe4d0d45d5/gnocchi.1445a30f-ee48-4288-9691-f93f82b09eec/1763640000.0_mean_300.0_v3" "tx613178afedd14dcd8fa09-00692d0e4d" "proxy-server 98624" 0.0288 "-" 97640 0
Nov 30 22:41:01 np0005540556.novalocal proxy-server[98624]: ::1 ::1 01/Dec/2025/03/41/01 PUT /v1/AUTH_602f37ceccf647698ef9e0fe4d0d45d5/gnocchi.1445a30f-ee48-4288-9691-f93f82b09eec/1763640000.0_mean_300.0_v3 HTTP/1.0 201 - python-swiftclient-4.8.0 gAAAAABpLQ4jjy8F... 16 - - tx613178afedd14dcd8fa09-00692d0e4d - 0.0398 - - 1764560461.369208813 1764560461.408998966 0 3cd24aa0af114855987a490c7d44632d
Nov 30 22:41:01 np0005540556.novalocal container-server[97342]: ::1 - - [01/Dec/2025:03:41:01 +0000] "PUT /3/145910/AUTH_602f37ceccf647698ef9e0fe4d0d45d5/gnocchi.e074ef07-3e2f-430f-a4d9-e2e159222b71/1763640000.0_mean_300.0_v3" 201 - "PUT http://[::1]:8080/1/47547/AUTH_602f37ceccf647698ef9e0fe4d0d45d5/gnocchi.e074ef07-3e2f-430f-a4d9-e2e159222b71/1763640000.0_mean_300.0_v3" "tx112e791a2ad04235b85bb-00692d0e4d" "object-server 97639" 0.0011 "-" 97342 0
Nov 30 22:41:01 np0005540556.novalocal container-server[97343]: ::1 - - [01/Dec/2025:03:41:01 +0000] "PUT /2/145910/AUTH_602f37ceccf647698ef9e0fe4d0d45d5/gnocchi.e074ef07-3e2f-430f-a4d9-e2e159222b71/1763640000.0_mean_300.0_v3" 201 - "PUT http://[::1]:8080/2/47547/AUTH_602f37ceccf647698ef9e0fe4d0d45d5/gnocchi.e074ef07-3e2f-430f-a4d9-e2e159222b71/1763640000.0_mean_300.0_v3" "tx112e791a2ad04235b85bb-00692d0e4d" "object-server 97639" 0.0013 "-" 97343 0
Nov 30 22:41:01 np0005540556.novalocal object-server[97639]: ::1 - - [01/Dec/2025:03:41:01 +0000] "PUT /1/47547/AUTH_602f37ceccf647698ef9e0fe4d0d45d5/gnocchi.e074ef07-3e2f-430f-a4d9-e2e159222b71/1763640000.0_mean_300.0_v3" 201 - "PUT https://[::1]:8080/v1/AUTH_602f37ceccf647698ef9e0fe4d0d45d5/gnocchi.e074ef07-3e2f-430f-a4d9-e2e159222b71/1763640000.0_mean_300.0_v3" "tx112e791a2ad04235b85bb-00692d0e4d" "proxy-server 98624" 0.0251 "-" 97639 0
Nov 30 22:41:01 np0005540556.novalocal object-server[97639]: ::1 - - [01/Dec/2025:03:41:01 +0000] "PUT /2/47547/AUTH_602f37ceccf647698ef9e0fe4d0d45d5/gnocchi.e074ef07-3e2f-430f-a4d9-e2e159222b71/1763640000.0_mean_300.0_v3" 201 - "PUT https://[::1]:8080/v1/AUTH_602f37ceccf647698ef9e0fe4d0d45d5/gnocchi.e074ef07-3e2f-430f-a4d9-e2e159222b71/1763640000.0_mean_300.0_v3" "tx112e791a2ad04235b85bb-00692d0e4d" "proxy-server 98624" 0.0282 "-" 97639 0
Nov 30 22:41:01 np0005540556.novalocal container-server[97343]: ::1 - - [01/Dec/2025:03:41:01 +0000] "PUT /3/132261/AUTH_602f37ceccf647698ef9e0fe4d0d45d5/gnocchi.1445a30f-ee48-4288-9691-f93f82b09eec/none_v3" 201 - "PUT http://[::1]:8080/2/11253/AUTH_602f37ceccf647698ef9e0fe4d0d45d5/gnocchi.1445a30f-ee48-4288-9691-f93f82b09eec/none_v3" "tx4ff5e0fbd8174773aeeda-00692d0e4d" "object-server 97640" 0.0006 "-" 97343 0
Nov 30 22:41:01 np0005540556.novalocal object-server[97640]: ::1 - - [01/Dec/2025:03:41:01 +0000] "PUT /2/11253/AUTH_602f37ceccf647698ef9e0fe4d0d45d5/gnocchi.1445a30f-ee48-4288-9691-f93f82b09eec/none_v3" 201 - "PUT https://[::1]:8080/v1/AUTH_602f37ceccf647698ef9e0fe4d0d45d5/gnocchi.1445a30f-ee48-4288-9691-f93f82b09eec/none_v3" "tx4ff5e0fbd8174773aeeda-00692d0e4d" "proxy-server 98624" 0.0171 "-" 97640 0
Nov 30 22:41:01 np0005540556.novalocal container-server[97343]: ::1 - - [01/Dec/2025:03:41:01 +0000] "PUT /1/132261/AUTH_602f37ceccf647698ef9e0fe4d0d45d5/gnocchi.1445a30f-ee48-4288-9691-f93f82b09eec/none_v3" 201 - "PUT http://[::1]:8080/3/11253/AUTH_602f37ceccf647698ef9e0fe4d0d45d5/gnocchi.1445a30f-ee48-4288-9691-f93f82b09eec/none_v3" "tx4ff5e0fbd8174773aeeda-00692d0e4d" "object-server 97640" 0.0006 "-" 97343 0
Nov 30 22:41:01 np0005540556.novalocal container-server[97343]: ::1 - - [01/Dec/2025:03:41:01 +0000] "PUT /1/145910/AUTH_602f37ceccf647698ef9e0fe4d0d45d5/gnocchi.e074ef07-3e2f-430f-a4d9-e2e159222b71/1763640000.0_mean_300.0_v3" 201 - "PUT http://[::1]:8080/3/47547/AUTH_602f37ceccf647698ef9e0fe4d0d45d5/gnocchi.e074ef07-3e2f-430f-a4d9-e2e159222b71/1763640000.0_mean_300.0_v3" "tx112e791a2ad04235b85bb-00692d0e4d" "object-server 97639" 0.0007 "-" 97343 0
Nov 30 22:41:01 np0005540556.novalocal object-server[97639]: ::1 - - [01/Dec/2025:03:41:01 +0000] "PUT /3/47547/AUTH_602f37ceccf647698ef9e0fe4d0d45d5/gnocchi.e074ef07-3e2f-430f-a4d9-e2e159222b71/1763640000.0_mean_300.0_v3" 201 - "PUT https://[::1]:8080/v1/AUTH_602f37ceccf647698ef9e0fe4d0d45d5/gnocchi.e074ef07-3e2f-430f-a4d9-e2e159222b71/1763640000.0_mean_300.0_v3" "tx112e791a2ad04235b85bb-00692d0e4d" "proxy-server 98624" 0.0304 "-" 97639 0
Nov 30 22:41:01 np0005540556.novalocal object-server[97640]: ::1 - - [01/Dec/2025:03:41:01 +0000] "PUT /3/11253/AUTH_602f37ceccf647698ef9e0fe4d0d45d5/gnocchi.1445a30f-ee48-4288-9691-f93f82b09eec/none_v3" 201 - "PUT https://[::1]:8080/v1/AUTH_602f37ceccf647698ef9e0fe4d0d45d5/gnocchi.1445a30f-ee48-4288-9691-f93f82b09eec/none_v3" "tx4ff5e0fbd8174773aeeda-00692d0e4d" "proxy-server 98624" 0.0223 "-" 97640 0
Nov 30 22:41:01 np0005540556.novalocal container-server[97343]: ::1 - - [01/Dec/2025:03:41:01 +0000] "PUT /2/132261/AUTH_602f37ceccf647698ef9e0fe4d0d45d5/gnocchi.1445a30f-ee48-4288-9691-f93f82b09eec/none_v3" 201 - "PUT http://[::1]:8080/1/11253/AUTH_602f37ceccf647698ef9e0fe4d0d45d5/gnocchi.1445a30f-ee48-4288-9691-f93f82b09eec/none_v3" "tx4ff5e0fbd8174773aeeda-00692d0e4d" "object-server 97639" 0.0006 "-" 97343 0
Nov 30 22:41:01 np0005540556.novalocal object-server[97639]: ::1 - - [01/Dec/2025:03:41:01 +0000] "PUT /1/11253/AUTH_602f37ceccf647698ef9e0fe4d0d45d5/gnocchi.1445a30f-ee48-4288-9691-f93f82b09eec/none_v3" 201 - "PUT https://[::1]:8080/v1/AUTH_602f37ceccf647698ef9e0fe4d0d45d5/gnocchi.1445a30f-ee48-4288-9691-f93f82b09eec/none_v3" "tx4ff5e0fbd8174773aeeda-00692d0e4d" "proxy-server 98624" 0.0257 "-" 97639 0
Nov 30 22:41:01 np0005540556.novalocal proxy-server[98624]: ::1 ::1 01/Dec/2025/03/41/01 PUT /v1/AUTH_602f37ceccf647698ef9e0fe4d0d45d5/gnocchi.e074ef07-3e2f-430f-a4d9-e2e159222b71/1763640000.0_mean_300.0_v3 HTTP/1.0 201 - python-swiftclient-4.8.0 gAAAAABpLQ4-yMSf... 16 - - tx112e791a2ad04235b85bb-00692d0e4d - 0.0472 - - 1764560461.411022425 1764560461.458235979 0 3cd24aa0af114855987a490c7d44632d
Nov 30 22:41:01 np0005540556.novalocal proxy-server[98624]: ::1 ::1 01/Dec/2025/03/41/01 PUT /v1/AUTH_602f37ceccf647698ef9e0fe4d0d45d5/gnocchi.1445a30f-ee48-4288-9691-f93f82b09eec/none_v3 HTTP/1.0 201 - python-swiftclient-4.8.0 gAAAAABpLQ4jjy8F... 22 - - tx4ff5e0fbd8174773aeeda-00692d0e4d - 0.0447 - - 1764560461.417705059 1764560461.462360382 0 3cd24aa0af114855987a490c7d44632d
Nov 30 22:41:01 np0005540556.novalocal container-server[97343]: ::1 - - [01/Dec/2025:03:41:01 +0000] "PUT /2/145910/AUTH_602f37ceccf647698ef9e0fe4d0d45d5/gnocchi.e074ef07-3e2f-430f-a4d9-e2e159222b71/none_v3" 201 - "PUT http://[::1]:8080/2/24334/AUTH_602f37ceccf647698ef9e0fe4d0d45d5/gnocchi.e074ef07-3e2f-430f-a4d9-e2e159222b71/none_v3" "txae59277df40f4de3afecd-00692d0e4d" "object-server 97640" 0.0008 "-" 97343 0
Nov 30 22:41:01 np0005540556.novalocal object-server[97640]: ::1 - - [01/Dec/2025:03:41:01 +0000] "PUT /2/24334/AUTH_602f37ceccf647698ef9e0fe4d0d45d5/gnocchi.e074ef07-3e2f-430f-a4d9-e2e159222b71/none_v3" 201 - "PUT https://[::1]:8080/v1/AUTH_602f37ceccf647698ef9e0fe4d0d45d5/gnocchi.e074ef07-3e2f-430f-a4d9-e2e159222b71/none_v3" "txae59277df40f4de3afecd-00692d0e4d" "proxy-server 98624" 0.0235 "-" 97640 0
Nov 30 22:41:01 np0005540556.novalocal container-server[97342]: ::1 - - [01/Dec/2025:03:41:01 +0000] "PUT /1/145910/AUTH_602f37ceccf647698ef9e0fe4d0d45d5/gnocchi.e074ef07-3e2f-430f-a4d9-e2e159222b71/none_v3" 201 - "PUT http://[::1]:8080/3/24334/AUTH_602f37ceccf647698ef9e0fe4d0d45d5/gnocchi.e074ef07-3e2f-430f-a4d9-e2e159222b71/none_v3" "txae59277df40f4de3afecd-00692d0e4d" "object-server 97640" 0.0013 "-" 97342 0
Nov 30 22:41:01 np0005540556.novalocal object-server[97640]: ::1 - - [01/Dec/2025:03:41:01 +0000] "PUT /3/24334/AUTH_602f37ceccf647698ef9e0fe4d0d45d5/gnocchi.e074ef07-3e2f-430f-a4d9-e2e159222b71/none_v3" 201 - "PUT https://[::1]:8080/v1/AUTH_602f37ceccf647698ef9e0fe4d0d45d5/gnocchi.e074ef07-3e2f-430f-a4d9-e2e159222b71/none_v3" "txae59277df40f4de3afecd-00692d0e4d" "proxy-server 98624" 0.0184 "-" 97640 0
Nov 30 22:41:01 np0005540556.novalocal container-server[97343]: ::1 - - [01/Dec/2025:03:41:01 +0000] "PUT /3/145910/AUTH_602f37ceccf647698ef9e0fe4d0d45d5/gnocchi.e074ef07-3e2f-430f-a4d9-e2e159222b71/none_v3" 201 - "PUT http://[::1]:8080/1/24334/AUTH_602f37ceccf647698ef9e0fe4d0d45d5/gnocchi.e074ef07-3e2f-430f-a4d9-e2e159222b71/none_v3" "txae59277df40f4de3afecd-00692d0e4d" "object-server 97640" 0.0007 "-" 97343 0
Nov 30 22:41:01 np0005540556.novalocal object-server[97640]: ::1 - - [01/Dec/2025:03:41:01 +0000] "PUT /1/24334/AUTH_602f37ceccf647698ef9e0fe4d0d45d5/gnocchi.e074ef07-3e2f-430f-a4d9-e2e159222b71/none_v3" 201 - "PUT https://[::1]:8080/v1/AUTH_602f37ceccf647698ef9e0fe4d0d45d5/gnocchi.e074ef07-3e2f-430f-a4d9-e2e159222b71/none_v3" "txae59277df40f4de3afecd-00692d0e4d" "proxy-server 98624" 0.0250 "-" 97640 0
Nov 30 22:41:01 np0005540556.novalocal object-server[97639]: ::1 - - [01/Dec/2025:03:41:01 +0000] "GET /3/43290/AUTH_602f37ceccf647698ef9e0fe4d0d45d5/gnocchi.c3075c6f-0ea6-4dae-a53b-648bb0d0fdfc/none_v3" 200 22 "GET https://[::1]:8080/v1/AUTH_602f37ceccf647698ef9e0fe4d0d45d5/gnocchi.c3075c6f-0ea6-4dae-a53b-648bb0d0fdfc/none_v3" "tx40d764cd86a54a5da6a18-00692d0e4d" "proxy-server 98624" 0.0010 "-" 97639 0
Nov 30 22:41:01 np0005540556.novalocal proxy-server[98624]: ::1 ::1 01/Dec/2025/03/41/01 PUT /v1/AUTH_602f37ceccf647698ef9e0fe4d0d45d5/gnocchi.e074ef07-3e2f-430f-a4d9-e2e159222b71/none_v3 HTTP/1.0 201 - python-swiftclient-4.8.0 gAAAAABpLQ4-yMSf... 22 - - txae59277df40f4de3afecd-00692d0e4d - 0.0390 - - 1764560461.463793755 1764560461.502810955 0 3cd24aa0af114855987a490c7d44632d
Nov 30 22:41:01 np0005540556.novalocal proxy-server[98624]: ::1 ::1 01/Dec/2025/03/41/01 GET /v1/AUTH_602f37ceccf647698ef9e0fe4d0d45d5/gnocchi.c3075c6f-0ea6-4dae-a53b-648bb0d0fdfc/none_v3 HTTP/1.0 200 - python-swiftclient-4.8.0 gAAAAABpLQ4jjy8F... - 22 - tx40d764cd86a54a5da6a18-00692d0e4d - 0.0130 - - 1764560461.493084192 1764560461.506049395 0 3cd24aa0af114855987a490c7d44632d
Nov 30 22:41:01 np0005540556.novalocal container-server[97343]: ::1 - - [01/Dec/2025:03:41:01 +0000] "GET /1/189771/AUTH_602f37ceccf647698ef9e0fe4d0d45d5/gnocchi.c3075c6f-0ea6-4dae-a53b-648bb0d0fdfc" 200 357 "GET https://[::1]:8080/v1/AUTH_602f37ceccf647698ef9e0fe4d0d45d5/gnocchi.c3075c6f-0ea6-4dae-a53b-648bb0d0fdfc?format=json&states=listing" "tx18ff1b48da2848298ef30-00692d0e4d" "proxy-server 98624" 0.0045 "-" 97343 0
Nov 30 22:41:01 np0005540556.novalocal proxy-server[98624]: ::1 ::1 01/Dec/2025/03/41/01 GET /v1/AUTH_602f37ceccf647698ef9e0fe4d0d45d5/gnocchi.c3075c6f-0ea6-4dae-a53b-648bb0d0fdfc%3Fformat%3Djson%26states%3Dlisting HTTP/1.0 200 - python-swiftclient-4.8.0 gAAAAABpLQ4jjy8F... - 357 - tx18ff1b48da2848298ef30-00692d0e4d - 0.0260 - - 1764560461.517947197 1764560461.543970108 0 3cd24aa0af114855987a490c7d44632d
Nov 30 22:41:01 np0005540556.novalocal object-server[97640]: ::1 - - [01/Dec/2025:03:41:01 +0000] "GET /1/244516/AUTH_602f37ceccf647698ef9e0fe4d0d45d5/gnocchi.0fb79997-f928-4715-aa7e-8323708f6afd/none_v3" 200 46 "GET https://[::1]:8080/v1/AUTH_602f37ceccf647698ef9e0fe4d0d45d5/gnocchi.0fb79997-f928-4715-aa7e-8323708f6afd/none_v3" "tx6a47fdfd16bc469db8a60-00692d0e4d" "proxy-server 98624" 0.0016 "-" 97640 0
Nov 30 22:41:01 np0005540556.novalocal proxy-server[98624]: ::1 ::1 01/Dec/2025/03/41/01 GET /v1/AUTH_602f37ceccf647698ef9e0fe4d0d45d5/gnocchi.0fb79997-f928-4715-aa7e-8323708f6afd/none_v3 HTTP/1.0 200 - python-swiftclient-4.8.0 gAAAAABpLQ4-yMSf... - 46 - tx6a47fdfd16bc469db8a60-00692d0e4d - 0.0162 - - 1764560461.533130407 1764560461.549282074 0 3cd24aa0af114855987a490c7d44632d
Nov 30 22:41:01 np0005540556.novalocal container-server[97342]: ::1 - - [01/Dec/2025:03:41:01 +0000] "GET /3/189771/AUTH_602f37ceccf647698ef9e0fe4d0d45d5/gnocchi.c3075c6f-0ea6-4dae-a53b-648bb0d0fdfc" 200 2 "GET https://[::1]:8080/v1/AUTH_602f37ceccf647698ef9e0fe4d0d45d5/gnocchi.c3075c6f-0ea6-4dae-a53b-648bb0d0fdfc?format=json&marker=none_v3&states=listing" "txe8438bd5f2c64d499b0c9-00692d0e4d" "proxy-server 98624" 0.0040 "-" 97342 0
Nov 30 22:41:01 np0005540556.novalocal proxy-server[98624]: ::1 ::1 01/Dec/2025/03/41/01 GET /v1/AUTH_602f37ceccf647698ef9e0fe4d0d45d5/gnocchi.c3075c6f-0ea6-4dae-a53b-648bb0d0fdfc%3Fformat%3Djson%26marker%3Dnone_v3%26states%3Dlisting HTTP/1.0 200 - python-swiftclient-4.8.0 gAAAAABpLQ4jjy8F... - 2 - txe8438bd5f2c64d499b0c9-00692d0e4d - 0.0157 - - 1764560461.551829815 1764560461.567492247 0 3cd24aa0af114855987a490c7d44632d
Nov 30 22:41:01 np0005540556.novalocal container-server[97343]: ::1 - - [01/Dec/2025:03:41:01 +0000] "GET /1/170644/AUTH_602f37ceccf647698ef9e0fe4d0d45d5/gnocchi.0fb79997-f928-4715-aa7e-8323708f6afd" 200 357 "GET https://[::1]:8080/v1/AUTH_602f37ceccf647698ef9e0fe4d0d45d5/gnocchi.0fb79997-f928-4715-aa7e-8323708f6afd?format=json&states=listing" "txeb1a96c9e548461dbfff8-00692d0e4d" "proxy-server 98624" 0.0140 "-" 97343 0
Nov 30 22:41:01 np0005540556.novalocal object-server[97640]: ::1 - - [01/Dec/2025:03:41:01 +0000] "GET /3/170992/AUTH_602f37ceccf647698ef9e0fe4d0d45d5/gnocchi.c3075c6f-0ea6-4dae-a53b-648bb0d0fdfc/1763640000.0_mean_300.0_v3" 200 16 "GET https://[::1]:8080/v1/AUTH_602f37ceccf647698ef9e0fe4d0d45d5/gnocchi.c3075c6f-0ea6-4dae-a53b-648bb0d0fdfc/1763640000.0_mean_300.0_v3" "tx3792d2249e0c4d6697f3a-00692d0e4d" "proxy-server 98624" 0.0015 "-" 97640 0
Nov 30 22:41:01 np0005540556.novalocal proxy-server[98624]: ::1 ::1 01/Dec/2025/03/41/01 GET /v1/AUTH_602f37ceccf647698ef9e0fe4d0d45d5/gnocchi.c3075c6f-0ea6-4dae-a53b-648bb0d0fdfc/1763640000.0_mean_300.0_v3 HTTP/1.0 200 - python-swiftclient-4.8.0 gAAAAABpLQ4jjy8F... - 16 - tx3792d2249e0c4d6697f3a-00692d0e4d - 0.0112 - - 1764560461.574444056 1764560461.585665464 0 3cd24aa0af114855987a490c7d44632d
Nov 30 22:41:01 np0005540556.novalocal proxy-server[98624]: ::1 ::1 01/Dec/2025/03/41/01 GET /v1/AUTH_602f37ceccf647698ef9e0fe4d0d45d5/gnocchi.0fb79997-f928-4715-aa7e-8323708f6afd%3Fformat%3Djson%26states%3Dlisting HTTP/1.0 200 - python-swiftclient-4.8.0 gAAAAABpLQ4-yMSf... - 357 - txeb1a96c9e548461dbfff8-00692d0e4d - 0.0288 - - 1764560461.558887959 1764560461.587647438 0 3cd24aa0af114855987a490c7d44632d
Nov 30 22:41:01 np0005540556.novalocal container-server[97342]: ::1 - - [01/Dec/2025:03:41:01 +0000] "PUT /2/189771/AUTH_602f37ceccf647698ef9e0fe4d0d45d5/gnocchi.c3075c6f-0ea6-4dae-a53b-648bb0d0fdfc/1763640000.0_mean_300.0_v3" 201 - "PUT http://[::1]:8080/3/170992/AUTH_602f37ceccf647698ef9e0fe4d0d45d5/gnocchi.c3075c6f-0ea6-4dae-a53b-648bb0d0fdfc/1763640000.0_mean_300.0_v3" "txb51e850ad1cd4bb7aa48e-00692d0e4d" "object-server 97639" 0.0011 "-" 97342 0
Nov 30 22:41:01 np0005540556.novalocal object-server[97639]: ::1 - - [01/Dec/2025:03:41:01 +0000] "PUT /3/170992/AUTH_602f37ceccf647698ef9e0fe4d0d45d5/gnocchi.c3075c6f-0ea6-4dae-a53b-648bb0d0fdfc/1763640000.0_mean_300.0_v3" 201 - "PUT https://[::1]:8080/v1/AUTH_602f37ceccf647698ef9e0fe4d0d45d5/gnocchi.c3075c6f-0ea6-4dae-a53b-648bb0d0fdfc/1763640000.0_mean_300.0_v3" "txb51e850ad1cd4bb7aa48e-00692d0e4d" "proxy-server 98624" 0.0177 "-" 97639 0
Nov 30 22:41:01 np0005540556.novalocal container-server[97343]: ::1 - - [01/Dec/2025:03:41:01 +0000] "GET /3/170644/AUTH_602f37ceccf647698ef9e0fe4d0d45d5/gnocchi.0fb79997-f928-4715-aa7e-8323708f6afd" 200 2 "GET https://[::1]:8080/v1/AUTH_602f37ceccf647698ef9e0fe4d0d45d5/gnocchi.0fb79997-f928-4715-aa7e-8323708f6afd?format=json&marker=none_v3&states=listing" "tx278e49212ca94209b383a-00692d0e4d" "proxy-server 98624" 0.0126 "-" 97343 0
Nov 30 22:41:01 np0005540556.novalocal container-server[97342]: ::1 - - [01/Dec/2025:03:41:01 +0000] "PUT /3/189771/AUTH_602f37ceccf647698ef9e0fe4d0d45d5/gnocchi.c3075c6f-0ea6-4dae-a53b-648bb0d0fdfc/1763640000.0_mean_300.0_v3" 201 - "PUT http://[::1]:8080/2/170992/AUTH_602f37ceccf647698ef9e0fe4d0d45d5/gnocchi.c3075c6f-0ea6-4dae-a53b-648bb0d0fdfc/1763640000.0_mean_300.0_v3" "txb51e850ad1cd4bb7aa48e-00692d0e4d" "object-server 97640" 0.0006 "-" 97342 0
Nov 30 22:41:01 np0005540556.novalocal container-server[97342]: ::1 - - [01/Dec/2025:03:41:01 +0000] "PUT /1/189771/AUTH_602f37ceccf647698ef9e0fe4d0d45d5/gnocchi.c3075c6f-0ea6-4dae-a53b-648bb0d0fdfc/1763640000.0_mean_300.0_v3" 201 - "PUT http://[::1]:8080/1/170992/AUTH_602f37ceccf647698ef9e0fe4d0d45d5/gnocchi.c3075c6f-0ea6-4dae-a53b-648bb0d0fdfc/1763640000.0_mean_300.0_v3" "txb51e850ad1cd4bb7aa48e-00692d0e4d" "object-server 97640" 0.0005 "-" 97342 0
Nov 30 22:41:01 np0005540556.novalocal object-server[97640]: ::1 - - [01/Dec/2025:03:41:01 +0000] "PUT /2/170992/AUTH_602f37ceccf647698ef9e0fe4d0d45d5/gnocchi.c3075c6f-0ea6-4dae-a53b-648bb0d0fdfc/1763640000.0_mean_300.0_v3" 201 - "PUT https://[::1]:8080/v1/AUTH_602f37ceccf647698ef9e0fe4d0d45d5/gnocchi.c3075c6f-0ea6-4dae-a53b-648bb0d0fdfc/1763640000.0_mean_300.0_v3" "txb51e850ad1cd4bb7aa48e-00692d0e4d" "proxy-server 98624" 0.0179 "-" 97640 0
Nov 30 22:41:01 np0005540556.novalocal proxy-server[98624]: ::1 ::1 01/Dec/2025/03/41/01 GET /v1/AUTH_602f37ceccf647698ef9e0fe4d0d45d5/gnocchi.0fb79997-f928-4715-aa7e-8323708f6afd%3Fformat%3Djson%26marker%3Dnone_v3%26states%3Dlisting HTTP/1.0 200 - python-swiftclient-4.8.0 gAAAAABpLQ4-yMSf... - 2 - tx278e49212ca94209b383a-00692d0e4d - 0.0229 - - 1764560461.597434282 1764560461.620363712 0 3cd24aa0af114855987a490c7d44632d
Nov 30 22:41:01 np0005540556.novalocal object-server[97640]: ::1 - - [01/Dec/2025:03:41:01 +0000] "PUT /1/170992/AUTH_602f37ceccf647698ef9e0fe4d0d45d5/gnocchi.c3075c6f-0ea6-4dae-a53b-648bb0d0fdfc/1763640000.0_mean_300.0_v3" 201 - "PUT https://[::1]:8080/v1/AUTH_602f37ceccf647698ef9e0fe4d0d45d5/gnocchi.c3075c6f-0ea6-4dae-a53b-648bb0d0fdfc/1763640000.0_mean_300.0_v3" "txb51e850ad1cd4bb7aa48e-00692d0e4d" "proxy-server 98624" 0.0229 "-" 97640 0
Nov 30 22:41:01 np0005540556.novalocal proxy-server[98624]: ::1 ::1 01/Dec/2025/03/41/01 PUT /v1/AUTH_602f37ceccf647698ef9e0fe4d0d45d5/gnocchi.c3075c6f-0ea6-4dae-a53b-648bb0d0fdfc/1763640000.0_mean_300.0_v3 HTTP/1.0 201 - python-swiftclient-4.8.0 gAAAAABpLQ4jjy8F... 16 - - txb51e850ad1cd4bb7aa48e-00692d0e4d - 0.0337 - - 1764560461.589452982 1764560461.623197556 0 3cd24aa0af114855987a490c7d44632d
Nov 30 22:41:01 np0005540556.novalocal object-server[97639]: ::1 - - [01/Dec/2025:03:41:01 +0000] "GET /1/173296/AUTH_602f37ceccf647698ef9e0fe4d0d45d5/gnocchi.0fb79997-f928-4715-aa7e-8323708f6afd/1763640000.0_mean_300.0_v3" 200 16 "GET https://[::1]:8080/v1/AUTH_602f37ceccf647698ef9e0fe4d0d45d5/gnocchi.0fb79997-f928-4715-aa7e-8323708f6afd/1763640000.0_mean_300.0_v3" "txe03efd115a764d7fadaaa-00692d0e4d" "proxy-server 98624" 0.0009 "-" 97639 0
Nov 30 22:41:01 np0005540556.novalocal proxy-server[98624]: ::1 ::1 01/Dec/2025/03/41/01 GET /v1/AUTH_602f37ceccf647698ef9e0fe4d0d45d5/gnocchi.0fb79997-f928-4715-aa7e-8323708f6afd/1763640000.0_mean_300.0_v3 HTTP/1.0 200 - python-swiftclient-4.8.0 gAAAAABpLQ4-yMSf... - 16 - txe03efd115a764d7fadaaa-00692d0e4d - 0.0192 - - 1764560461.625601292 1764560461.644784927 0 3cd24aa0af114855987a490c7d44632d
Nov 30 22:41:01 np0005540556.novalocal container-server[97342]: ::1 - - [01/Dec/2025:03:41:01 +0000] "PUT /2/189771/AUTH_602f37ceccf647698ef9e0fe4d0d45d5/gnocchi.c3075c6f-0ea6-4dae-a53b-648bb0d0fdfc/none_v3" 201 - "PUT http://[::1]:8080/1/43290/AUTH_602f37ceccf647698ef9e0fe4d0d45d5/gnocchi.c3075c6f-0ea6-4dae-a53b-648bb0d0fdfc/none_v3" "tx90da1936e3e346e48e2a4-00692d0e4d" "object-server 97639" 0.0007 "-" 97342 0
Nov 30 22:41:01 np0005540556.novalocal container-server[97343]: ::1 - - [01/Dec/2025:03:41:01 +0000] "PUT /1/189771/AUTH_602f37ceccf647698ef9e0fe4d0d45d5/gnocchi.c3075c6f-0ea6-4dae-a53b-648bb0d0fdfc/none_v3" 201 - "PUT http://[::1]:8080/3/43290/AUTH_602f37ceccf647698ef9e0fe4d0d45d5/gnocchi.c3075c6f-0ea6-4dae-a53b-648bb0d0fdfc/none_v3" "tx90da1936e3e346e48e2a4-00692d0e4d" "object-server 97640" 0.0011 "-" 97343 0
Nov 30 22:41:01 np0005540556.novalocal container-server[97343]: ::1 - - [01/Dec/2025:03:41:01 +0000] "PUT /3/189771/AUTH_602f37ceccf647698ef9e0fe4d0d45d5/gnocchi.c3075c6f-0ea6-4dae-a53b-648bb0d0fdfc/none_v3" 201 - "PUT http://[::1]:8080/2/43290/AUTH_602f37ceccf647698ef9e0fe4d0d45d5/gnocchi.c3075c6f-0ea6-4dae-a53b-648bb0d0fdfc/none_v3" "tx90da1936e3e346e48e2a4-00692d0e4d" "object-server 97639" 0.0007 "-" 97343 0
Nov 30 22:41:01 np0005540556.novalocal object-server[97639]: ::1 - - [01/Dec/2025:03:41:01 +0000] "PUT /1/43290/AUTH_602f37ceccf647698ef9e0fe4d0d45d5/gnocchi.c3075c6f-0ea6-4dae-a53b-648bb0d0fdfc/none_v3" 201 - "PUT https://[::1]:8080/v1/AUTH_602f37ceccf647698ef9e0fe4d0d45d5/gnocchi.c3075c6f-0ea6-4dae-a53b-648bb0d0fdfc/none_v3" "tx90da1936e3e346e48e2a4-00692d0e4d" "proxy-server 98624" 0.0181 "-" 97639 0
Nov 30 22:41:01 np0005540556.novalocal object-server[97639]: ::1 - - [01/Dec/2025:03:41:01 +0000] "PUT /2/43290/AUTH_602f37ceccf647698ef9e0fe4d0d45d5/gnocchi.c3075c6f-0ea6-4dae-a53b-648bb0d0fdfc/none_v3" 201 - "PUT https://[::1]:8080/v1/AUTH_602f37ceccf647698ef9e0fe4d0d45d5/gnocchi.c3075c6f-0ea6-4dae-a53b-648bb0d0fdfc/none_v3" "tx90da1936e3e346e48e2a4-00692d0e4d" "proxy-server 98624" 0.0219 "-" 97639 0
Nov 30 22:41:01 np0005540556.novalocal object-server[97640]: ::1 - - [01/Dec/2025:03:41:01 +0000] "PUT /3/43290/AUTH_602f37ceccf647698ef9e0fe4d0d45d5/gnocchi.c3075c6f-0ea6-4dae-a53b-648bb0d0fdfc/none_v3" 201 - "PUT https://[::1]:8080/v1/AUTH_602f37ceccf647698ef9e0fe4d0d45d5/gnocchi.c3075c6f-0ea6-4dae-a53b-648bb0d0fdfc/none_v3" "tx90da1936e3e346e48e2a4-00692d0e4d" "proxy-server 98624" 0.0204 "-" 97640 0
Nov 30 22:41:01 np0005540556.novalocal proxy-server[98624]: ::1 ::1 01/Dec/2025/03/41/01 PUT /v1/AUTH_602f37ceccf647698ef9e0fe4d0d45d5/gnocchi.c3075c6f-0ea6-4dae-a53b-648bb0d0fdfc/none_v3 HTTP/1.0 201 - python-swiftclient-4.8.0 gAAAAABpLQ4jjy8F... 32 - - tx90da1936e3e346e48e2a4-00692d0e4d - 0.0342 - - 1764560461.627808332 1764560461.662039518 0 3cd24aa0af114855987a490c7d44632d
Nov 30 22:41:01 np0005540556.novalocal container-server[97343]: ::1 - - [01/Dec/2025:03:41:01 +0000] "PUT /2/170644/AUTH_602f37ceccf647698ef9e0fe4d0d45d5/gnocchi.0fb79997-f928-4715-aa7e-8323708f6afd/1763640000.0_mean_300.0_v3" 201 - "PUT http://[::1]:8080/3/173296/AUTH_602f37ceccf647698ef9e0fe4d0d45d5/gnocchi.0fb79997-f928-4715-aa7e-8323708f6afd/1763640000.0_mean_300.0_v3" "tx799014f940544f778f072-00692d0e4d" "object-server 97639" 0.0007 "-" 97343 0
Nov 30 22:41:01 np0005540556.novalocal object-server[97639]: ::1 - - [01/Dec/2025:03:41:01 +0000] "PUT /3/173296/AUTH_602f37ceccf647698ef9e0fe4d0d45d5/gnocchi.0fb79997-f928-4715-aa7e-8323708f6afd/1763640000.0_mean_300.0_v3" 201 - "PUT https://[::1]:8080/v1/AUTH_602f37ceccf647698ef9e0fe4d0d45d5/gnocchi.0fb79997-f928-4715-aa7e-8323708f6afd/1763640000.0_mean_300.0_v3" "tx799014f940544f778f072-00692d0e4d" "proxy-server 98624" 0.0153 "-" 97639 0
Nov 30 22:41:01 np0005540556.novalocal container-server[97343]: ::1 - - [01/Dec/2025:03:41:01 +0000] "PUT /3/170644/AUTH_602f37ceccf647698ef9e0fe4d0d45d5/gnocchi.0fb79997-f928-4715-aa7e-8323708f6afd/1763640000.0_mean_300.0_v3" 201 - "PUT http://[::1]:8080/1/173296/AUTH_602f37ceccf647698ef9e0fe4d0d45d5/gnocchi.0fb79997-f928-4715-aa7e-8323708f6afd/1763640000.0_mean_300.0_v3" "tx799014f940544f778f072-00692d0e4d" "object-server 97640" 0.0009 "-" 97343 0
Nov 30 22:41:01 np0005540556.novalocal object-server[97640]: ::1 - - [01/Dec/2025:03:41:01 +0000] "PUT /1/173296/AUTH_602f37ceccf647698ef9e0fe4d0d45d5/gnocchi.0fb79997-f928-4715-aa7e-8323708f6afd/1763640000.0_mean_300.0_v3" 201 - "PUT https://[::1]:8080/v1/AUTH_602f37ceccf647698ef9e0fe4d0d45d5/gnocchi.0fb79997-f928-4715-aa7e-8323708f6afd/1763640000.0_mean_300.0_v3" "tx799014f940544f778f072-00692d0e4d" "proxy-server 98624" 0.0177 "-" 97640 0
Nov 30 22:41:01 np0005540556.novalocal container-server[97343]: ::1 - - [01/Dec/2025:03:41:01 +0000] "PUT /1/170644/AUTH_602f37ceccf647698ef9e0fe4d0d45d5/gnocchi.0fb79997-f928-4715-aa7e-8323708f6afd/1763640000.0_mean_300.0_v3" 201 - "PUT http://[::1]:8080/2/173296/AUTH_602f37ceccf647698ef9e0fe4d0d45d5/gnocchi.0fb79997-f928-4715-aa7e-8323708f6afd/1763640000.0_mean_300.0_v3" "tx799014f940544f778f072-00692d0e4d" "object-server 97640" 0.0021 "-" 97343 0
Nov 30 22:41:01 np0005540556.novalocal object-server[97640]: ::1 - - [01/Dec/2025:03:41:01 +0000] "PUT /2/173296/AUTH_602f37ceccf647698ef9e0fe4d0d45d5/gnocchi.0fb79997-f928-4715-aa7e-8323708f6afd/1763640000.0_mean_300.0_v3" 201 - "PUT https://[::1]:8080/v1/AUTH_602f37ceccf647698ef9e0fe4d0d45d5/gnocchi.0fb79997-f928-4715-aa7e-8323708f6afd/1763640000.0_mean_300.0_v3" "tx799014f940544f778f072-00692d0e4d" "proxy-server 98624" 0.0189 "-" 97640 0
Nov 30 22:41:01 np0005540556.novalocal proxy-server[98624]: ::1 ::1 01/Dec/2025/03/41/01 PUT /v1/AUTH_602f37ceccf647698ef9e0fe4d0d45d5/gnocchi.0fb79997-f928-4715-aa7e-8323708f6afd/1763640000.0_mean_300.0_v3 HTTP/1.0 201 - python-swiftclient-4.8.0 gAAAAABpLQ4-yMSf... 16 - - tx799014f940544f778f072-00692d0e4d - 0.0310 - - 1764560461.648426533 1764560461.679427385 0 3cd24aa0af114855987a490c7d44632d
Nov 30 22:41:01 np0005540556.novalocal container-server[97342]: ::1 - - [01/Dec/2025:03:41:01 +0000] "HEAD /2/156043/AUTH_602f37ceccf647698ef9e0fe4d0d45d5/gnocchi.cc75c444-a051-4d90-a76b-ad1919826aff" 404 - "HEAD http://[::1]:8080/v1/AUTH_602f37ceccf647698ef9e0fe4d0d45d5/gnocchi.cc75c444-a051-4d90-a76b-ad1919826aff" "tx5131705654e742fbabec2-00692d0e4d" "proxy-server 98624" 0.0003 "-" 97342 0
Nov 30 22:41:01 np0005540556.novalocal container-server[97342]: ::1 - - [01/Dec/2025:03:41:01 +0000] "HEAD /3/156043/AUTH_602f37ceccf647698ef9e0fe4d0d45d5/gnocchi.cc75c444-a051-4d90-a76b-ad1919826aff" 404 - "HEAD http://[::1]:8080/v1/AUTH_602f37ceccf647698ef9e0fe4d0d45d5/gnocchi.cc75c444-a051-4d90-a76b-ad1919826aff" "tx5131705654e742fbabec2-00692d0e4d" "proxy-server 98624" 0.0002 "-" 97342 0
Nov 30 22:41:01 np0005540556.novalocal container-server[97342]: ::1 - - [01/Dec/2025:03:41:01 +0000] "HEAD /1/156043/AUTH_602f37ceccf647698ef9e0fe4d0d45d5/gnocchi.cc75c444-a051-4d90-a76b-ad1919826aff" 404 - "HEAD http://[::1]:8080/v1/AUTH_602f37ceccf647698ef9e0fe4d0d45d5/gnocchi.cc75c444-a051-4d90-a76b-ad1919826aff" "tx5131705654e742fbabec2-00692d0e4d" "proxy-server 98624" 0.0002 "-" 97342 0
Nov 30 22:41:01 np0005540556.novalocal proxy-server[98624]: - - 01/Dec/2025/03/41/01 HEAD /v1/AUTH_602f37ceccf647698ef9e0fe4d0d45d5/gnocchi.cc75c444-a051-4d90-a76b-ad1919826aff HTTP/1.0 404 - Swift - - - - tx5131705654e742fbabec2-00692d0e4d - 0.0231 CS - 1764560461.687024593 1764560461.710165501 0 -
Nov 30 22:41:01 np0005540556.novalocal container-server[97342]: ::1 - - [01/Dec/2025:03:41:01 +0000] "PUT /2/170644/AUTH_602f37ceccf647698ef9e0fe4d0d45d5/gnocchi.0fb79997-f928-4715-aa7e-8323708f6afd/none_v3" 201 - "PUT http://[::1]:8080/2/244516/AUTH_602f37ceccf647698ef9e0fe4d0d45d5/gnocchi.0fb79997-f928-4715-aa7e-8323708f6afd/none_v3" "tx854635cd3941493e8d820-00692d0e4d" "object-server 97640" 0.0004 "-" 97342 0
Nov 30 22:41:01 np0005540556.novalocal object-server[97640]: ::1 - - [01/Dec/2025:03:41:01 +0000] "PUT /2/244516/AUTH_602f37ceccf647698ef9e0fe4d0d45d5/gnocchi.0fb79997-f928-4715-aa7e-8323708f6afd/none_v3" 201 - "PUT https://[::1]:8080/v1/AUTH_602f37ceccf647698ef9e0fe4d0d45d5/gnocchi.0fb79997-f928-4715-aa7e-8323708f6afd/none_v3" "tx854635cd3941493e8d820-00692d0e4d" "proxy-server 98624" 0.0121 "-" 97640 0
Nov 30 22:41:01 np0005540556.novalocal container-server[97342]: ::1 - - [01/Dec/2025:03:41:01 +0000] "PUT /3/170644/AUTH_602f37ceccf647698ef9e0fe4d0d45d5/gnocchi.0fb79997-f928-4715-aa7e-8323708f6afd/none_v3" 201 - "PUT http://[::1]:8080/3/244516/AUTH_602f37ceccf647698ef9e0fe4d0d45d5/gnocchi.0fb79997-f928-4715-aa7e-8323708f6afd/none_v3" "tx854635cd3941493e8d820-00692d0e4d" "object-server 97639" 0.0003 "-" 97342 0
Nov 30 22:41:01 np0005540556.novalocal object-server[97639]: ::1 - - [01/Dec/2025:03:41:01 +0000] "PUT /3/244516/AUTH_602f37ceccf647698ef9e0fe4d0d45d5/gnocchi.0fb79997-f928-4715-aa7e-8323708f6afd/none_v3" 201 - "PUT https://[::1]:8080/v1/AUTH_602f37ceccf647698ef9e0fe4d0d45d5/gnocchi.0fb79997-f928-4715-aa7e-8323708f6afd/none_v3" "tx854635cd3941493e8d820-00692d0e4d" "proxy-server 98624" 0.0159 "-" 97639 0
Nov 30 22:41:01 np0005540556.novalocal object-server[97639]: ::1 - - [01/Dec/2025:03:41:01 +0000] "GET /1/110335/AUTH_602f37ceccf647698ef9e0fe4d0d45d5/gnocchi.cc75c444-a051-4d90-a76b-ad1919826aff/none_v3" 404 70 "GET https://[::1]:8080/v1/AUTH_602f37ceccf647698ef9e0fe4d0d45d5/gnocchi.cc75c444-a051-4d90-a76b-ad1919826aff/none_v3" "tx5131705654e742fbabec2-00692d0e4d" "proxy-server 98624" 0.0004 "-" 97639 0
Nov 30 22:41:01 np0005540556.novalocal container-server[97343]: ::1 - - [01/Dec/2025:03:41:01 +0000] "PUT /1/170644/AUTH_602f37ceccf647698ef9e0fe4d0d45d5/gnocchi.0fb79997-f928-4715-aa7e-8323708f6afd/none_v3" 201 - "PUT http://[::1]:8080/1/244516/AUTH_602f37ceccf647698ef9e0fe4d0d45d5/gnocchi.0fb79997-f928-4715-aa7e-8323708f6afd/none_v3" "tx854635cd3941493e8d820-00692d0e4d" "object-server 97639" 0.0010 "-" 97343 0
Nov 30 22:41:01 np0005540556.novalocal object-server[97640]: ::1 - - [01/Dec/2025:03:41:01 +0000] "GET /3/110335/AUTH_602f37ceccf647698ef9e0fe4d0d45d5/gnocchi.cc75c444-a051-4d90-a76b-ad1919826aff/none_v3" 404 70 "GET https://[::1]:8080/v1/AUTH_602f37ceccf647698ef9e0fe4d0d45d5/gnocchi.cc75c444-a051-4d90-a76b-ad1919826aff/none_v3" "tx5131705654e742fbabec2-00692d0e4d" "proxy-server 98624" 0.0005 "-" 97640 0
Nov 30 22:41:01 np0005540556.novalocal object-server[97639]: ::1 - - [01/Dec/2025:03:41:01 +0000] "PUT /1/244516/AUTH_602f37ceccf647698ef9e0fe4d0d45d5/gnocchi.0fb79997-f928-4715-aa7e-8323708f6afd/none_v3" 201 - "PUT https://[::1]:8080/v1/AUTH_602f37ceccf647698ef9e0fe4d0d45d5/gnocchi.0fb79997-f928-4715-aa7e-8323708f6afd/none_v3" "tx854635cd3941493e8d820-00692d0e4d" "proxy-server 98624" 0.0256 "-" 97639 0
Nov 30 22:41:01 np0005540556.novalocal object-server[97639]: ::1 - - [01/Dec/2025:03:41:01 +0000] "GET /2/110335/AUTH_602f37ceccf647698ef9e0fe4d0d45d5/gnocchi.cc75c444-a051-4d90-a76b-ad1919826aff/none_v3" 404 70 "GET https://[::1]:8080/v1/AUTH_602f37ceccf647698ef9e0fe4d0d45d5/gnocchi.cc75c444-a051-4d90-a76b-ad1919826aff/none_v3" "tx5131705654e742fbabec2-00692d0e4d" "proxy-server 98624" 0.0004 "-" 97639 0
Nov 30 22:41:01 np0005540556.novalocal proxy-server[98624]: ::1 ::1 01/Dec/2025/03/41/01 PUT /v1/AUTH_602f37ceccf647698ef9e0fe4d0d45d5/gnocchi.0fb79997-f928-4715-aa7e-8323708f6afd/none_v3 HTTP/1.0 201 - python-swiftclient-4.8.0 gAAAAABpLQ4-yMSf... 51 - - tx854635cd3941493e8d820-00692d0e4d - 0.0429 - - 1764560461.683978319 1764560461.726830244 0 3cd24aa0af114855987a490c7d44632d
Nov 30 22:41:01 np0005540556.novalocal proxy-server[98624]: ::1 ::1 01/Dec/2025/03/41/01 GET /v1/AUTH_602f37ceccf647698ef9e0fe4d0d45d5/gnocchi.cc75c444-a051-4d90-a76b-ad1919826aff/none_v3 HTTP/1.0 404 - python-swiftclient-4.8.0 gAAAAABpLQ4jjy8F... - 70 - tx5131705654e742fbabec2-00692d0e4d - 0.0444 - - 1764560461.684805870 1764560461.729225636 0 3cd24aa0af114855987a490c7d44632d
Nov 30 22:41:01 np0005540556.novalocal account-server[97042]: ::1 - - [01/Dec/2025:03:41:01 +0000] "PUT /3/108421/AUTH_602f37ceccf647698ef9e0fe4d0d45d5/gnocchi.cc75c444-a051-4d90-a76b-ad1919826aff" 201 - "PUT http://[::1]:6001/3/156043/AUTH_602f37ceccf647698ef9e0fe4d0d45d5/gnocchi.cc75c444-a051-4d90-a76b-ad1919826aff" "txdc750c03c5a04a7d816de-00692d0e4d" "container-server 97342" 0.0072 "-" 97042 0
Nov 30 22:41:01 np0005540556.novalocal container-server[97342]: ::1 - - [01/Dec/2025:03:41:01 +0000] "PUT /3/156043/AUTH_602f37ceccf647698ef9e0fe4d0d45d5/gnocchi.cc75c444-a051-4d90-a76b-ad1919826aff" 201 - "PUT https://[::1]:8080/v1/AUTH_602f37ceccf647698ef9e0fe4d0d45d5/gnocchi.cc75c444-a051-4d90-a76b-ad1919826aff" "txdc750c03c5a04a7d816de-00692d0e4d" "proxy-server 98624" 0.0201 "-" 97342 0
Nov 30 22:41:01 np0005540556.novalocal account-server[97042]: ::1 - - [01/Dec/2025:03:41:01 +0000] "PUT /1/108421/AUTH_602f37ceccf647698ef9e0fe4d0d45d5/gnocchi.cc75c444-a051-4d90-a76b-ad1919826aff" 201 - "PUT http://[::1]:6001/2/156043/AUTH_602f37ceccf647698ef9e0fe4d0d45d5/gnocchi.cc75c444-a051-4d90-a76b-ad1919826aff" "txdc750c03c5a04a7d816de-00692d0e4d" "container-server 97343" 0.0058 "-" 97042 0
Nov 30 22:41:01 np0005540556.novalocal container-server[97343]: ::1 - - [01/Dec/2025:03:41:01 +0000] "PUT /2/156043/AUTH_602f37ceccf647698ef9e0fe4d0d45d5/gnocchi.cc75c444-a051-4d90-a76b-ad1919826aff" 201 - "PUT https://[::1]:8080/v1/AUTH_602f37ceccf647698ef9e0fe4d0d45d5/gnocchi.cc75c444-a051-4d90-a76b-ad1919826aff" "txdc750c03c5a04a7d816de-00692d0e4d" "proxy-server 98624" 0.0277 "-" 97343 0
Nov 30 22:41:01 np0005540556.novalocal account-server[97042]: ::1 - - [01/Dec/2025:03:41:01 +0000] "PUT /2/108421/AUTH_602f37ceccf647698ef9e0fe4d0d45d5/gnocchi.cc75c444-a051-4d90-a76b-ad1919826aff" 201 - "PUT http://[::1]:6001/1/156043/AUTH_602f37ceccf647698ef9e0fe4d0d45d5/gnocchi.cc75c444-a051-4d90-a76b-ad1919826aff" "txdc750c03c5a04a7d816de-00692d0e4d" "container-server 97342" 0.0062 "-" 97042 0
Nov 30 22:41:01 np0005540556.novalocal container-server[97342]: ::1 - - [01/Dec/2025:03:41:01 +0000] "PUT /1/156043/AUTH_602f37ceccf647698ef9e0fe4d0d45d5/gnocchi.cc75c444-a051-4d90-a76b-ad1919826aff" 201 - "PUT https://[::1]:8080/v1/AUTH_602f37ceccf647698ef9e0fe4d0d45d5/gnocchi.cc75c444-a051-4d90-a76b-ad1919826aff" "txdc750c03c5a04a7d816de-00692d0e4d" "proxy-server 98624" 0.0247 "-" 97342 0
Nov 30 22:41:01 np0005540556.novalocal proxy-server[98624]: ::1 ::1 01/Dec/2025/03/41/01 PUT /v1/AUTH_602f37ceccf647698ef9e0fe4d0d45d5/gnocchi.cc75c444-a051-4d90-a76b-ad1919826aff HTTP/1.0 201 - python-swiftclient-4.8.0 gAAAAABpLQ4jjy8F... - - - txdc750c03c5a04a7d816de-00692d0e4d - 0.0443 - - 1764560461.733216763 1764560461.777530432 0 3cd24aa0af114855987a490c7d44632d
Nov 30 22:41:01 np0005540556.novalocal container-server[97343]: ::1 - - [01/Dec/2025:03:41:01 +0000] "HEAD /3/156043/AUTH_602f37ceccf647698ef9e0fe4d0d45d5/gnocchi.cc75c444-a051-4d90-a76b-ad1919826aff" 204 - "HEAD http://[::1]:8080/v1/AUTH_602f37ceccf647698ef9e0fe4d0d45d5/gnocchi.cc75c444-a051-4d90-a76b-ad1919826aff" "tx0b1b40bd194f47c2a87d4-00692d0e4d" "proxy-server 98624" 0.0025 "-" 97343 0
Nov 30 22:41:01 np0005540556.novalocal proxy-server[98624]: - - 01/Dec/2025/03/41/01 HEAD /v1/AUTH_602f37ceccf647698ef9e0fe4d0d45d5/gnocchi.cc75c444-a051-4d90-a76b-ad1919826aff HTTP/1.0 204 - Swift - - - - tx0b1b40bd194f47c2a87d4-00692d0e4d - 0.0079 CS - 1764560461.789167404 1764560461.797025681 0 -
Nov 30 22:41:01 np0005540556.novalocal container-server[97343]: ::1 - - [01/Dec/2025:03:41:01 +0000] "GET /2/156043/AUTH_602f37ceccf647698ef9e0fe4d0d45d5/gnocchi.cc75c444-a051-4d90-a76b-ad1919826aff" 200 2 "GET https://[::1]:8080/v1/AUTH_602f37ceccf647698ef9e0fe4d0d45d5/gnocchi.cc75c444-a051-4d90-a76b-ad1919826aff?format=json&states=listing" "tx0b1b40bd194f47c2a87d4-00692d0e4d" "proxy-server 98624" 0.0037 "-" 97343 0
Nov 30 22:41:01 np0005540556.novalocal proxy-server[98624]: ::1 ::1 01/Dec/2025/03/41/01 GET /v1/AUTH_602f37ceccf647698ef9e0fe4d0d45d5/gnocchi.cc75c444-a051-4d90-a76b-ad1919826aff%3Fformat%3Djson%26states%3Dlisting HTTP/1.0 200 - python-swiftclient-4.8.0 gAAAAABpLQ4jjy8F... - 2 - tx0b1b40bd194f47c2a87d4-00692d0e4d - 0.0199 - - 1764560461.788193464 1764560461.808091402 0 3cd24aa0af114855987a490c7d44632d
