Nov 30 22:40:56 np0005540556.novalocal proxy-server[98624]: ::1 ::1 01/Dec/2025/03/40/56 GET /v1/AUTH_602f37ceccf647698ef9e0fe4d0d45d5/gnocchi.b7b3cafe-6d38-4bc6-a3cf-664e9fbc0315%3Fformat%3Djson%26states%3Dlisting HTTP/1.0 200 - python-swiftclient-4.8.0 gAAAAABpLQ4-yMSf... - 357 - tx109a095a40aa438f93348-00692d0e48 - 0.0211 - - 1764560456.095355034 1764560456.116432428 0 3cd24aa0af114855987a490c7d44632d
Nov 30 22:40:56 np0005540556.novalocal sudo[105298]: cinder : PWD=/ ; USER=root ; COMMAND=/usr/bin/cinder-rootwrap /etc/cinder/rootwrap.conf env LC_ALL=C vgs --noheadings --unit=g -o name,size,free,lv_count,uuid --separator : --nosuffix cinder-volumes
Nov 30 22:40:56 np0005540556.novalocal container-server[97343]: ::1 - - [01/Dec/2025:03:40:56 +0000] "GET /1/174506/AUTH_602f37ceccf647698ef9e0fe4d0d45d5/gnocchi.b7b3cafe-6d38-4bc6-a3cf-664e9fbc0315" 200 2 "GET https://[::1]:8080/v1/AUTH_602f37ceccf647698ef9e0fe4d0d45d5/gnocchi.b7b3cafe-6d38-4bc6-a3cf-664e9fbc0315?format=json&marker=none_v3&states=listing" "tx61b0cbb427334208ba7bf-00692d0e48" "proxy-server 98624" 0.0097 "-" 97343 0
Nov 30 22:40:56 np0005540556.novalocal systemd[1]: Started Session c119 of User root.
Nov 30 22:40:56 np0005540556.novalocal proxy-server[98624]: ::1 ::1 01/Dec/2025/03/40/56 GET /v1/AUTH_602f37ceccf647698ef9e0fe4d0d45d5/gnocchi.b7b3cafe-6d38-4bc6-a3cf-664e9fbc0315%3Fformat%3Djson%26marker%3Dnone_v3%26states%3Dlisting HTTP/1.0 200 - python-swiftclient-4.8.0 gAAAAABpLQ4-yMSf... - 2 - tx61b0cbb427334208ba7bf-00692d0e48 - 0.0214 - - 1764560456.120127678 1764560456.141571760 0 3cd24aa0af114855987a490c7d44632d
Nov 30 22:40:56 np0005540556.novalocal sudo[105298]: pam_unix(sudo:session): session opened for user root(uid=0) by (uid=165)
Nov 30 22:40:56 np0005540556.novalocal object-server[97639]: ::1 - - [01/Dec/2025:03:40:56 +0000] "GET /1/58411/AUTH_602f37ceccf647698ef9e0fe4d0d45d5/gnocchi.b7b3cafe-6d38-4bc6-a3cf-664e9fbc0315/1763640000.0_mean_300.0_v3" 200 16 "GET https://[::1]:8080/v1/AUTH_602f37ceccf647698ef9e0fe4d0d45d5/gnocchi.b7b3cafe-6d38-4bc6-a3cf-664e9fbc0315/1763640000.0_mean_300.0_v3" "txf7abee94e323436f95888-00692d0e48" "proxy-server 98624" 0.0011 "-" 97639 0
Nov 30 22:40:56 np0005540556.novalocal proxy-server[98624]: ::1 ::1 01/Dec/2025/03/40/56 GET /v1/AUTH_602f37ceccf647698ef9e0fe4d0d45d5/gnocchi.b7b3cafe-6d38-4bc6-a3cf-664e9fbc0315/1763640000.0_mean_300.0_v3 HTTP/1.0 200 - python-swiftclient-4.8.0 gAAAAABpLQ4-yMSf... - 16 - txf7abee94e323436f95888-00692d0e48 - 0.0115 - - 1764560456.146639824 1764560456.158126354 0 3cd24aa0af114855987a490c7d44632d
Nov 30 22:40:56 np0005540556.novalocal container-server[97343]: ::1 - - [01/Dec/2025:03:40:56 +0000] "PUT /2/174506/AUTH_602f37ceccf647698ef9e0fe4d0d45d5/gnocchi.b7b3cafe-6d38-4bc6-a3cf-664e9fbc0315/1763640000.0_mean_300.0_v3" 201 - "PUT http://[::1]:8080/3/58411/AUTH_602f37ceccf647698ef9e0fe4d0d45d5/gnocchi.b7b3cafe-6d38-4bc6-a3cf-664e9fbc0315/1763640000.0_mean_300.0_v3" "txeff5488addf7407182ebb-00692d0e48" "object-server 97639" 0.0007 "-" 97343 0
Nov 30 22:40:56 np0005540556.novalocal container-server[97342]: ::1 - - [01/Dec/2025:03:40:56 +0000] "PUT /1/174506/AUTH_602f37ceccf647698ef9e0fe4d0d45d5/gnocchi.b7b3cafe-6d38-4bc6-a3cf-664e9fbc0315/1763640000.0_mean_300.0_v3" 201 - "PUT http://[::1]:8080/2/58411/AUTH_602f37ceccf647698ef9e0fe4d0d45d5/gnocchi.b7b3cafe-6d38-4bc6-a3cf-664e9fbc0315/1763640000.0_mean_300.0_v3" "txeff5488addf7407182ebb-00692d0e48" "object-server 97639" 0.0005 "-" 97342 0
Nov 30 22:40:56 np0005540556.novalocal object-server[97639]: ::1 - - [01/Dec/2025:03:40:56 +0000] "PUT /3/58411/AUTH_602f37ceccf647698ef9e0fe4d0d45d5/gnocchi.b7b3cafe-6d38-4bc6-a3cf-664e9fbc0315/1763640000.0_mean_300.0_v3" 201 - "PUT https://[::1]:8080/v1/AUTH_602f37ceccf647698ef9e0fe4d0d45d5/gnocchi.b7b3cafe-6d38-4bc6-a3cf-664e9fbc0315/1763640000.0_mean_300.0_v3" "txeff5488addf7407182ebb-00692d0e48" "proxy-server 98624" 0.0130 "-" 97639 0
Nov 30 22:40:56 np0005540556.novalocal object-server[97639]: ::1 - - [01/Dec/2025:03:40:56 +0000] "PUT /2/58411/AUTH_602f37ceccf647698ef9e0fe4d0d45d5/gnocchi.b7b3cafe-6d38-4bc6-a3cf-664e9fbc0315/1763640000.0_mean_300.0_v3" 201 - "PUT https://[::1]:8080/v1/AUTH_602f37ceccf647698ef9e0fe4d0d45d5/gnocchi.b7b3cafe-6d38-4bc6-a3cf-664e9fbc0315/1763640000.0_mean_300.0_v3" "txeff5488addf7407182ebb-00692d0e48" "proxy-server 98624" 0.0171 "-" 97639 0
Nov 30 22:40:56 np0005540556.novalocal container-server[97342]: ::1 - - [01/Dec/2025:03:40:56 +0000] "PUT /3/174506/AUTH_602f37ceccf647698ef9e0fe4d0d45d5/gnocchi.b7b3cafe-6d38-4bc6-a3cf-664e9fbc0315/1763640000.0_mean_300.0_v3" 201 - "PUT http://[::1]:8080/1/58411/AUTH_602f37ceccf647698ef9e0fe4d0d45d5/gnocchi.b7b3cafe-6d38-4bc6-a3cf-664e9fbc0315/1763640000.0_mean_300.0_v3" "txeff5488addf7407182ebb-00692d0e48" "object-server 97640" 0.0008 "-" 97342 0
Nov 30 22:40:56 np0005540556.novalocal object-server[97640]: ::1 - - [01/Dec/2025:03:40:56 +0000] "PUT /1/58411/AUTH_602f37ceccf647698ef9e0fe4d0d45d5/gnocchi.b7b3cafe-6d38-4bc6-a3cf-664e9fbc0315/1763640000.0_mean_300.0_v3" 201 - "PUT https://[::1]:8080/v1/AUTH_602f37ceccf647698ef9e0fe4d0d45d5/gnocchi.b7b3cafe-6d38-4bc6-a3cf-664e9fbc0315/1763640000.0_mean_300.0_v3" "txeff5488addf7407182ebb-00692d0e48" "proxy-server 98624" 0.0316 "-" 97640 0
Nov 30 22:40:56 np0005540556.novalocal proxy-server[98624]: ::1 ::1 01/Dec/2025/03/40/56 PUT /v1/AUTH_602f37ceccf647698ef9e0fe4d0d45d5/gnocchi.b7b3cafe-6d38-4bc6-a3cf-664e9fbc0315/1763640000.0_mean_300.0_v3 HTTP/1.0 201 - python-swiftclient-4.8.0 gAAAAABpLQ4-yMSf... 16 - - txeff5488addf7407182ebb-00692d0e48 - 0.0419 - - 1764560456.161520243 1764560456.203438520 0 3cd24aa0af114855987a490c7d44632d
Nov 30 22:40:56 np0005540556.novalocal container-server[97343]: ::1 - - [01/Dec/2025:03:40:56 +0000] "PUT /2/174506/AUTH_602f37ceccf647698ef9e0fe4d0d45d5/gnocchi.b7b3cafe-6d38-4bc6-a3cf-664e9fbc0315/none_v3" 201 - "PUT http://[::1]:8080/3/156659/AUTH_602f37ceccf647698ef9e0fe4d0d45d5/gnocchi.b7b3cafe-6d38-4bc6-a3cf-664e9fbc0315/none_v3" "tx8fdfd253751042629666c-00692d0e48" "object-server 97640" 0.0010 "-" 97343 0
Nov 30 22:40:56 np0005540556.novalocal container-server[97342]: ::1 - - [01/Dec/2025:03:40:56 +0000] "PUT /3/174506/AUTH_602f37ceccf647698ef9e0fe4d0d45d5/gnocchi.b7b3cafe-6d38-4bc6-a3cf-664e9fbc0315/none_v3" 201 - "PUT http://[::1]:8080/1/156659/AUTH_602f37ceccf647698ef9e0fe4d0d45d5/gnocchi.b7b3cafe-6d38-4bc6-a3cf-664e9fbc0315/none_v3" "tx8fdfd253751042629666c-00692d0e48" "object-server 97639" 0.0005 "-" 97342 0
Nov 30 22:40:56 np0005540556.novalocal container-server[97342]: ::1 - - [01/Dec/2025:03:40:56 +0000] "PUT /1/174506/AUTH_602f37ceccf647698ef9e0fe4d0d45d5/gnocchi.b7b3cafe-6d38-4bc6-a3cf-664e9fbc0315/none_v3" 201 - "PUT http://[::1]:8080/2/156659/AUTH_602f37ceccf647698ef9e0fe4d0d45d5/gnocchi.b7b3cafe-6d38-4bc6-a3cf-664e9fbc0315/none_v3" "tx8fdfd253751042629666c-00692d0e48" "object-server 97640" 0.0003 "-" 97342 0
Nov 30 22:40:56 np0005540556.novalocal object-server[97639]: ::1 - - [01/Dec/2025:03:40:56 +0000] "PUT /1/156659/AUTH_602f37ceccf647698ef9e0fe4d0d45d5/gnocchi.b7b3cafe-6d38-4bc6-a3cf-664e9fbc0315/none_v3" 201 - "PUT https://[::1]:8080/v1/AUTH_602f37ceccf647698ef9e0fe4d0d45d5/gnocchi.b7b3cafe-6d38-4bc6-a3cf-664e9fbc0315/none_v3" "tx8fdfd253751042629666c-00692d0e48" "proxy-server 98624" 0.0142 "-" 97639 0
Nov 30 22:40:56 np0005540556.novalocal object-server[97640]: ::1 - - [01/Dec/2025:03:40:56 +0000] "PUT /2/156659/AUTH_602f37ceccf647698ef9e0fe4d0d45d5/gnocchi.b7b3cafe-6d38-4bc6-a3cf-664e9fbc0315/none_v3" 201 - "PUT https://[::1]:8080/v1/AUTH_602f37ceccf647698ef9e0fe4d0d45d5/gnocchi.b7b3cafe-6d38-4bc6-a3cf-664e9fbc0315/none_v3" "tx8fdfd253751042629666c-00692d0e48" "proxy-server 98624" 0.0152 "-" 97640 0
Nov 30 22:40:56 np0005540556.novalocal object-server[97640]: ::1 - - [01/Dec/2025:03:40:56 +0000] "PUT /3/156659/AUTH_602f37ceccf647698ef9e0fe4d0d45d5/gnocchi.b7b3cafe-6d38-4bc6-a3cf-664e9fbc0315/none_v3" 201 - "PUT https://[::1]:8080/v1/AUTH_602f37ceccf647698ef9e0fe4d0d45d5/gnocchi.b7b3cafe-6d38-4bc6-a3cf-664e9fbc0315/none_v3" "tx8fdfd253751042629666c-00692d0e48" "proxy-server 98624" 0.0143 "-" 97640 0
Nov 30 22:40:56 np0005540556.novalocal proxy-server[98624]: ::1 ::1 01/Dec/2025/03/40/56 PUT /v1/AUTH_602f37ceccf647698ef9e0fe4d0d45d5/gnocchi.b7b3cafe-6d38-4bc6-a3cf-664e9fbc0315/none_v3 HTTP/1.0 201 - python-swiftclient-4.8.0 gAAAAABpLQ4-yMSf... 46 - - tx8fdfd253751042629666c-00692d0e48 - 0.0264 - - 1764560456.206826925 1764560456.233208179 0 3cd24aa0af114855987a490c7d44632d
Nov 30 22:40:56 np0005540556.novalocal object-server[97639]: ::1 - - [01/Dec/2025:03:40:56 +0000] "GET /3/253242/AUTH_602f37ceccf647698ef9e0fe4d0d45d5/gnocchi.4d8da67d-78f9-4070-965f-f459eb6cfc65/none_v3" 200 61 "GET https://[::1]:8080/v1/AUTH_602f37ceccf647698ef9e0fe4d0d45d5/gnocchi.4d8da67d-78f9-4070-965f-f459eb6cfc65/none_v3" "tx28047373b5d84141b3f32-00692d0e48" "proxy-server 98624" 0.0016 "-" 97639 0
Nov 30 22:40:56 np0005540556.novalocal proxy-server[98624]: ::1 ::1 01/Dec/2025/03/40/56 GET /v1/AUTH_602f37ceccf647698ef9e0fe4d0d45d5/gnocchi.4d8da67d-78f9-4070-965f-f459eb6cfc65/none_v3 HTTP/1.0 200 - python-swiftclient-4.8.0 gAAAAABpLQ4-yMSf... - 61 - tx28047373b5d84141b3f32-00692d0e48 - 0.0107 - - 1764560456.343716383 1764560456.354413033 0 3cd24aa0af114855987a490c7d44632d
Nov 30 22:40:56 np0005540556.novalocal container-server[97342]: ::1 - - [01/Dec/2025:03:40:56 +0000] "GET /2/154227/AUTH_602f37ceccf647698ef9e0fe4d0d45d5/gnocchi.4d8da67d-78f9-4070-965f-f459eb6cfc65" 200 357 "GET https://[::1]:8080/v1/AUTH_602f37ceccf647698ef9e0fe4d0d45d5/gnocchi.4d8da67d-78f9-4070-965f-f459eb6cfc65?format=json&states=listing" "tx022a5894eaea4d959b2e5-00692d0e48" "proxy-server 98624" 0.0077 "-" 97342 0
Nov 30 22:40:56 np0005540556.novalocal proxy-server[98624]: ::1 ::1 01/Dec/2025/03/40/56 GET /v1/AUTH_602f37ceccf647698ef9e0fe4d0d45d5/gnocchi.4d8da67d-78f9-4070-965f-f459eb6cfc65%3Fformat%3Djson%26states%3Dlisting HTTP/1.0 200 - python-swiftclient-4.8.0 gAAAAABpLQ4-yMSf... - 357 - tx022a5894eaea4d959b2e5-00692d0e48 - 0.0144 - - 1764560456.357131481 1764560456.371575594 0 3cd24aa0af114855987a490c7d44632d
Nov 30 22:40:56 np0005540556.novalocal container-server[97342]: ::1 - - [01/Dec/2025:03:40:56 +0000] "GET /2/154227/AUTH_602f37ceccf647698ef9e0fe4d0d45d5/gnocchi.4d8da67d-78f9-4070-965f-f459eb6cfc65" 200 2 "GET https://[::1]:8080/v1/AUTH_602f37ceccf647698ef9e0fe4d0d45d5/gnocchi.4d8da67d-78f9-4070-965f-f459eb6cfc65?format=json&marker=none_v3&states=listing" "tx2c7d7a5473d8405d91acd-00692d0e48" "proxy-server 98624" 0.0017 "-" 97342 0
Nov 30 22:40:56 np0005540556.novalocal proxy-server[98624]: ::1 ::1 01/Dec/2025/03/40/56 GET /v1/AUTH_602f37ceccf647698ef9e0fe4d0d45d5/gnocchi.4d8da67d-78f9-4070-965f-f459eb6cfc65%3Fformat%3Djson%26marker%3Dnone_v3%26states%3Dlisting HTTP/1.0 200 - python-swiftclient-4.8.0 gAAAAABpLQ4-yMSf... - 2 - tx2c7d7a5473d8405d91acd-00692d0e48 - 0.0071 - - 1764560456.373846292 1764560456.380977631 0 3cd24aa0af114855987a490c7d44632d
Nov 30 22:40:56 np0005540556.novalocal object-server[97639]: ::1 - - [01/Dec/2025:03:40:56 +0000] "GET /1/181278/AUTH_602f37ceccf647698ef9e0fe4d0d45d5/gnocchi.4d8da67d-78f9-4070-965f-f459eb6cfc65/1763640000.0_mean_300.0_v3" 200 16 "GET https://[::1]:8080/v1/AUTH_602f37ceccf647698ef9e0fe4d0d45d5/gnocchi.4d8da67d-78f9-4070-965f-f459eb6cfc65/1763640000.0_mean_300.0_v3" "tx79a973dd30bf498e97f82-00692d0e48" "proxy-server 98624" 0.0014 "-" 97639 0
Nov 30 22:40:56 np0005540556.novalocal proxy-server[98624]: ::1 ::1 01/Dec/2025/03/40/56 GET /v1/AUTH_602f37ceccf647698ef9e0fe4d0d45d5/gnocchi.4d8da67d-78f9-4070-965f-f459eb6cfc65/1763640000.0_mean_300.0_v3 HTTP/1.0 200 - python-swiftclient-4.8.0 gAAAAABpLQ4-yMSf... - 16 - tx79a973dd30bf498e97f82-00692d0e48 - 0.0076 - - 1764560456.383991003 1764560456.391626596 0 3cd24aa0af114855987a490c7d44632d
Nov 30 22:40:56 np0005540556.novalocal container-server[97343]: ::1 - - [01/Dec/2025:03:40:56 +0000] "PUT /3/154227/AUTH_602f37ceccf647698ef9e0fe4d0d45d5/gnocchi.4d8da67d-78f9-4070-965f-f459eb6cfc65/1763640000.0_mean_300.0_v3" 201 - "PUT http://[::1]:8080/2/181278/AUTH_602f37ceccf647698ef9e0fe4d0d45d5/gnocchi.4d8da67d-78f9-4070-965f-f459eb6cfc65/1763640000.0_mean_300.0_v3" "txad137640789c4bcfb5a40-00692d0e48" "object-server 97639" 0.0014 "-" 97343 0
Nov 30 22:40:56 np0005540556.novalocal object-server[97639]: ::1 - - [01/Dec/2025:03:40:56 +0000] "PUT /2/181278/AUTH_602f37ceccf647698ef9e0fe4d0d45d5/gnocchi.4d8da67d-78f9-4070-965f-f459eb6cfc65/1763640000.0_mean_300.0_v3" 201 - "PUT https://[::1]:8080/v1/AUTH_602f37ceccf647698ef9e0fe4d0d45d5/gnocchi.4d8da67d-78f9-4070-965f-f459eb6cfc65/1763640000.0_mean_300.0_v3" "txad137640789c4bcfb5a40-00692d0e48" "proxy-server 98624" 0.0119 "-" 97639 0
Nov 30 22:40:56 np0005540556.novalocal container-server[97342]: ::1 - - [01/Dec/2025:03:40:56 +0000] "PUT /2/154227/AUTH_602f37ceccf647698ef9e0fe4d0d45d5/gnocchi.4d8da67d-78f9-4070-965f-f459eb6cfc65/1763640000.0_mean_300.0_v3" 201 - "PUT http://[::1]:8080/3/181278/AUTH_602f37ceccf647698ef9e0fe4d0d45d5/gnocchi.4d8da67d-78f9-4070-965f-f459eb6cfc65/1763640000.0_mean_300.0_v3" "txad137640789c4bcfb5a40-00692d0e48" "object-server 97640" 0.0006 "-" 97342 0
Nov 30 22:40:56 np0005540556.novalocal object-server[97640]: ::1 - - [01/Dec/2025:03:40:56 +0000] "PUT /3/181278/AUTH_602f37ceccf647698ef9e0fe4d0d45d5/gnocchi.4d8da67d-78f9-4070-965f-f459eb6cfc65/1763640000.0_mean_300.0_v3" 201 - "PUT https://[::1]:8080/v1/AUTH_602f37ceccf647698ef9e0fe4d0d45d5/gnocchi.4d8da67d-78f9-4070-965f-f459eb6cfc65/1763640000.0_mean_300.0_v3" "txad137640789c4bcfb5a40-00692d0e48" "proxy-server 98624" 0.0146 "-" 97640 0
Nov 30 22:40:56 np0005540556.novalocal container-server[97342]: ::1 - - [01/Dec/2025:03:40:56 +0000] "PUT /1/154227/AUTH_602f37ceccf647698ef9e0fe4d0d45d5/gnocchi.4d8da67d-78f9-4070-965f-f459eb6cfc65/1763640000.0_mean_300.0_v3" 201 - "PUT http://[::1]:8080/1/181278/AUTH_602f37ceccf647698ef9e0fe4d0d45d5/gnocchi.4d8da67d-78f9-4070-965f-f459eb6cfc65/1763640000.0_mean_300.0_v3" "txad137640789c4bcfb5a40-00692d0e48" "object-server 97640" 0.0005 "-" 97342 0
Nov 30 22:40:56 np0005540556.novalocal object-server[97640]: ::1 - - [01/Dec/2025:03:40:56 +0000] "PUT /1/181278/AUTH_602f37ceccf647698ef9e0fe4d0d45d5/gnocchi.4d8da67d-78f9-4070-965f-f459eb6cfc65/1763640000.0_mean_300.0_v3" 201 - "PUT https://[::1]:8080/v1/AUTH_602f37ceccf647698ef9e0fe4d0d45d5/gnocchi.4d8da67d-78f9-4070-965f-f459eb6cfc65/1763640000.0_mean_300.0_v3" "txad137640789c4bcfb5a40-00692d0e48" "proxy-server 98624" 0.0140 "-" 97640 0
Nov 30 22:40:56 np0005540556.novalocal proxy-server[98624]: ::1 ::1 01/Dec/2025/03/40/56 PUT /v1/AUTH_602f37ceccf647698ef9e0fe4d0d45d5/gnocchi.4d8da67d-78f9-4070-965f-f459eb6cfc65/1763640000.0_mean_300.0_v3 HTTP/1.0 201 - python-swiftclient-4.8.0 gAAAAABpLQ4-yMSf... 16 - - txad137640789c4bcfb5a40-00692d0e48 - 0.0232 - - 1764560456.394123077 1764560456.417287588 0 3cd24aa0af114855987a490c7d44632d
Nov 30 22:40:56 np0005540556.novalocal container-server[97343]: ::1 - - [01/Dec/2025:03:40:56 +0000] "PUT /2/154227/AUTH_602f37ceccf647698ef9e0fe4d0d45d5/gnocchi.4d8da67d-78f9-4070-965f-f459eb6cfc65/none_v3" 201 - "PUT http://[::1]:8080/1/253242/AUTH_602f37ceccf647698ef9e0fe4d0d45d5/gnocchi.4d8da67d-78f9-4070-965f-f459eb6cfc65/none_v3" "tx03921196fc3d47a480190-00692d0e48" "object-server 97640" 0.0011 "-" 97343 0
Nov 30 22:40:56 np0005540556.novalocal object-server[97640]: ::1 - - [01/Dec/2025:03:40:56 +0000] "PUT /1/253242/AUTH_602f37ceccf647698ef9e0fe4d0d45d5/gnocchi.4d8da67d-78f9-4070-965f-f459eb6cfc65/none_v3" 201 - "PUT https://[::1]:8080/v1/AUTH_602f37ceccf647698ef9e0fe4d0d45d5/gnocchi.4d8da67d-78f9-4070-965f-f459eb6cfc65/none_v3" "tx03921196fc3d47a480190-00692d0e48" "proxy-server 98624" 0.0129 "-" 97640 0
Nov 30 22:40:56 np0005540556.novalocal container-server[97343]: ::1 - - [01/Dec/2025:03:40:56 +0000] "PUT /1/154227/AUTH_602f37ceccf647698ef9e0fe4d0d45d5/gnocchi.4d8da67d-78f9-4070-965f-f459eb6cfc65/none_v3" 201 - "PUT http://[::1]:8080/3/253242/AUTH_602f37ceccf647698ef9e0fe4d0d45d5/gnocchi.4d8da67d-78f9-4070-965f-f459eb6cfc65/none_v3" "tx03921196fc3d47a480190-00692d0e48" "object-server 97640" 0.0005 "-" 97343 0
Nov 30 22:40:56 np0005540556.novalocal object-server[97640]: ::1 - - [01/Dec/2025:03:40:56 +0000] "PUT /3/253242/AUTH_602f37ceccf647698ef9e0fe4d0d45d5/gnocchi.4d8da67d-78f9-4070-965f-f459eb6cfc65/none_v3" 201 - "PUT https://[::1]:8080/v1/AUTH_602f37ceccf647698ef9e0fe4d0d45d5/gnocchi.4d8da67d-78f9-4070-965f-f459eb6cfc65/none_v3" "tx03921196fc3d47a480190-00692d0e48" "proxy-server 98624" 0.0133 "-" 97640 0
Nov 30 22:40:56 np0005540556.novalocal container-server[97343]: ::1 - - [01/Dec/2025:03:40:56 +0000] "PUT /3/154227/AUTH_602f37ceccf647698ef9e0fe4d0d45d5/gnocchi.4d8da67d-78f9-4070-965f-f459eb6cfc65/none_v3" 201 - "PUT http://[::1]:8080/2/253242/AUTH_602f37ceccf647698ef9e0fe4d0d45d5/gnocchi.4d8da67d-78f9-4070-965f-f459eb6cfc65/none_v3" "tx03921196fc3d47a480190-00692d0e48" "object-server 97639" 0.0006 "-" 97343 0
Nov 30 22:40:56 np0005540556.novalocal object-server[97639]: ::1 - - [01/Dec/2025:03:40:56 +0000] "PUT /2/253242/AUTH_602f37ceccf647698ef9e0fe4d0d45d5/gnocchi.4d8da67d-78f9-4070-965f-f459eb6cfc65/none_v3" 201 - "PUT https://[::1]:8080/v1/AUTH_602f37ceccf647698ef9e0fe4d0d45d5/gnocchi.4d8da67d-78f9-4070-965f-f459eb6cfc65/none_v3" "tx03921196fc3d47a480190-00692d0e48" "proxy-server 98624" 0.0209 "-" 97639 0
Nov 30 22:40:56 np0005540556.novalocal proxy-server[98624]: ::1 ::1 01/Dec/2025/03/40/56 PUT /v1/AUTH_602f37ceccf647698ef9e0fe4d0d45d5/gnocchi.4d8da67d-78f9-4070-965f-f459eb6cfc65/none_v3 HTTP/1.0 201 - python-swiftclient-4.8.0 gAAAAABpLQ4-yMSf... 84 - - tx03921196fc3d47a480190-00692d0e48 - 0.0285 - - 1764560456.420306683 1764560456.448835850 0 3cd24aa0af114855987a490c7d44632d
Nov 30 22:40:56 np0005540556.novalocal sudo[105298]: pam_unix(sudo:session): session closed for user root
Nov 30 22:40:56 np0005540556.novalocal systemd[1]: session-c119.scope: Deactivated successfully.
Nov 30 22:40:56 np0005540556.novalocal sudo[105302]: cinder : PWD=/ ; USER=root ; COMMAND=/usr/bin/cinder-rootwrap /etc/cinder/rootwrap.conf env LC_ALL=C lvs --noheadings --unit=g -o vg_name,name,size --nosuffix --readonly cinder-volumes
Nov 30 22:40:56 np0005540556.novalocal systemd[1]: Started Session c120 of User root.
Nov 30 22:40:56 np0005540556.novalocal sudo[105302]: pam_unix(sudo:session): session opened for user root(uid=0) by (uid=165)
Nov 30 22:40:56 np0005540556.novalocal haproxy-metadata-proxy-9cb17448-9aba-4e59-bad9-3ca98ebf9636[104090]: ::ffff:10.100.0.9:57570 [30/Nov/2025:22:40:53.464] listener listener/metadata 0/0/0/3505/3505 200 114 - - ---- 1/1/0/0/0 0/0 "GET /2009-04-04/meta-data/public-keys HTTP/1.1"
Nov 30 22:40:57 np0005540556.novalocal sudo[105302]: pam_unix(sudo:session): session closed for user root
Nov 30 22:40:57 np0005540556.novalocal systemd[1]: session-c120.scope: Deactivated successfully.
Nov 30 22:40:57 np0005540556.novalocal sudo[105312]: cinder : PWD=/ ; USER=root ; COMMAND=/usr/bin/cinder-rootwrap /etc/cinder/rootwrap.conf env LC_ALL=C lvs --noheadings --unit=g -o size,data_percent --separator : --nosuffix /dev/cinder-volumes/cinder-volumes-pool
Nov 30 22:40:57 np0005540556.novalocal systemd[1]: Started Session c121 of User root.
Nov 30 22:40:57 np0005540556.novalocal sudo[105312]: pam_unix(sudo:session): session opened for user root(uid=0) by (uid=165)
Nov 30 22:40:57 np0005540556.novalocal sudo[105312]: pam_unix(sudo:session): session closed for user root
Nov 30 22:40:57 np0005540556.novalocal systemd[1]: session-c121.scope: Deactivated successfully.
Nov 30 22:40:57 np0005540556.novalocal systemd[1]: NetworkManager-dispatcher.service: Deactivated successfully.
Nov 30 22:40:57 np0005540556.novalocal sudo[105317]: cinder : PWD=/ ; USER=root ; COMMAND=/usr/bin/cinder-rootwrap /etc/cinder/rootwrap.conf env LC_ALL=C lvs --noheadings --unit=g -o vg_name,name,size --nosuffix --readonly cinder-volumes
Nov 30 22:40:57 np0005540556.novalocal systemd[1]: Started Session c122 of User root.
Nov 30 22:40:57 np0005540556.novalocal sudo[105317]: pam_unix(sudo:session): session opened for user root(uid=0) by (uid=165)
Nov 30 22:40:57 np0005540556.novalocal sudo[105317]: pam_unix(sudo:session): session closed for user root
Nov 30 22:40:57 np0005540556.novalocal systemd[1]: session-c122.scope: Deactivated successfully.
Nov 30 22:40:58 np0005540556.novalocal haproxy-metadata-proxy-9cb17448-9aba-4e59-bad9-3ca98ebf9636[104090]: ::ffff:10.100.0.9:57584 [30/Nov/2025:22:40:57.023] listener listener/metadata 0/0/0/1030/1030 200 292 - - ---- 1/1/0/0/0 0/0 "GET /2009-04-04/meta-data/public-keys/0/openssh-key HTTP/1.1"
Nov 30 22:40:58 np0005540556.novalocal container-server[97343]: ::1 - - [01/Dec/2025:03:40:58 +0000] "HEAD /1/135824/AUTH_602f37ceccf647698ef9e0fe4d0d45d5/gnocchi.574c1303-845b-4d78-b247-9a7025c12202" 404 - "HEAD http://[::1]:8080/v1/AUTH_602f37ceccf647698ef9e0fe4d0d45d5/gnocchi.574c1303-845b-4d78-b247-9a7025c12202" "tx6983fc596e7c453c9c910-00692d0e4a" "proxy-server 98624" 0.0010 "-" 97343 0
Nov 30 22:40:58 np0005540556.novalocal container-server[97342]: ::1 - - [01/Dec/2025:03:40:58 +0000] "HEAD /2/135824/AUTH_602f37ceccf647698ef9e0fe4d0d45d5/gnocchi.574c1303-845b-4d78-b247-9a7025c12202" 404 - "HEAD http://[::1]:8080/v1/AUTH_602f37ceccf647698ef9e0fe4d0d45d5/gnocchi.574c1303-845b-4d78-b247-9a7025c12202" "tx6983fc596e7c453c9c910-00692d0e4a" "proxy-server 98624" 0.0007 "-" 97342 0
Nov 30 22:40:58 np0005540556.novalocal container-server[97343]: ::1 - - [01/Dec/2025:03:40:58 +0000] "HEAD /3/135824/AUTH_602f37ceccf647698ef9e0fe4d0d45d5/gnocchi.574c1303-845b-4d78-b247-9a7025c12202" 404 - "HEAD http://[::1]:8080/v1/AUTH_602f37ceccf647698ef9e0fe4d0d45d5/gnocchi.574c1303-845b-4d78-b247-9a7025c12202" "tx6983fc596e7c453c9c910-00692d0e4a" "proxy-server 98624" 0.0006 "-" 97343 0
Nov 30 22:40:58 np0005540556.novalocal proxy-server[98624]: - - 01/Dec/2025/03/40/58 HEAD /v1/AUTH_602f37ceccf647698ef9e0fe4d0d45d5/gnocchi.574c1303-845b-4d78-b247-9a7025c12202 HTTP/1.0 404 - Swift - - - - tx6983fc596e7c453c9c910-00692d0e4a - 0.0161 CS - 1764560458.697701693 1764560458.713800669 0 -
Nov 30 22:40:58 np0005540556.novalocal object-server[97640]: ::1 - - [01/Dec/2025:03:40:58 +0000] "GET /1/257425/AUTH_602f37ceccf647698ef9e0fe4d0d45d5/gnocchi.574c1303-845b-4d78-b247-9a7025c12202/none_v3" 404 70 "GET https://[::1]:8080/v1/AUTH_602f37ceccf647698ef9e0fe4d0d45d5/gnocchi.574c1303-845b-4d78-b247-9a7025c12202/none_v3" "tx6983fc596e7c453c9c910-00692d0e4a" "proxy-server 98624" 0.0006 "-" 97640 0
Nov 30 22:40:58 np0005540556.novalocal object-server[97640]: ::1 - - [01/Dec/2025:03:40:58 +0000] "GET /3/257425/AUTH_602f37ceccf647698ef9e0fe4d0d45d5/gnocchi.574c1303-845b-4d78-b247-9a7025c12202/none_v3" 404 70 "GET https://[::1]:8080/v1/AUTH_602f37ceccf647698ef9e0fe4d0d45d5/gnocchi.574c1303-845b-4d78-b247-9a7025c12202/none_v3" "tx6983fc596e7c453c9c910-00692d0e4a" "proxy-server 98624" 0.0005 "-" 97640 0
Nov 30 22:40:58 np0005540556.novalocal object-server[97639]: ::1 - - [01/Dec/2025:03:40:58 +0000] "GET /2/257425/AUTH_602f37ceccf647698ef9e0fe4d0d45d5/gnocchi.574c1303-845b-4d78-b247-9a7025c12202/none_v3" 404 70 "GET https://[::1]:8080/v1/AUTH_602f37ceccf647698ef9e0fe4d0d45d5/gnocchi.574c1303-845b-4d78-b247-9a7025c12202/none_v3" "tx6983fc596e7c453c9c910-00692d0e4a" "proxy-server 98624" 0.0006 "-" 97639 0
Nov 30 22:40:58 np0005540556.novalocal proxy-server[98624]: ::1 ::1 01/Dec/2025/03/40/58 GET /v1/AUTH_602f37ceccf647698ef9e0fe4d0d45d5/gnocchi.574c1303-845b-4d78-b247-9a7025c12202/none_v3 HTTP/1.0 404 - python-swiftclient-4.8.0 gAAAAABpLQ4jjy8F... - 70 - tx6983fc596e7c453c9c910-00692d0e4a - 0.0347 - - 1764560458.696635485 1764560458.731369019 0 3cd24aa0af114855987a490c7d44632d
Nov 30 22:40:58 np0005540556.novalocal account-server[97042]: ::1 - - [01/Dec/2025:03:40:58 +0000] "PUT /2/108421/AUTH_602f37ceccf647698ef9e0fe4d0d45d5/gnocchi.574c1303-845b-4d78-b247-9a7025c12202" 201 - "PUT http://[::1]:6001/1/135824/AUTH_602f37ceccf647698ef9e0fe4d0d45d5/gnocchi.574c1303-845b-4d78-b247-9a7025c12202" "tx715dfc19c6f648a2b470b-00692d0e4a" "container-server 97343" 0.0048 "-" 97042 0
Nov 30 22:40:58 np0005540556.novalocal container-server[97343]: ::1 - - [01/Dec/2025:03:40:58 +0000] "PUT /1/135824/AUTH_602f37ceccf647698ef9e0fe4d0d45d5/gnocchi.574c1303-845b-4d78-b247-9a7025c12202" 201 - "PUT https://[::1]:8080/v1/AUTH_602f37ceccf647698ef9e0fe4d0d45d5/gnocchi.574c1303-845b-4d78-b247-9a7025c12202" "tx715dfc19c6f648a2b470b-00692d0e4a" "proxy-server 98624" 0.0221 "-" 97343 0
Nov 30 22:40:58 np0005540556.novalocal account-server[97042]: ::1 - - [01/Dec/2025:03:40:58 +0000] "PUT /3/108421/AUTH_602f37ceccf647698ef9e0fe4d0d45d5/gnocchi.574c1303-845b-4d78-b247-9a7025c12202" 201 - "PUT http://[::1]:6001/3/135824/AUTH_602f37ceccf647698ef9e0fe4d0d45d5/gnocchi.574c1303-845b-4d78-b247-9a7025c12202" "tx715dfc19c6f648a2b470b-00692d0e4a" "container-server 97342" 0.0037 "-" 97042 0
Nov 30 22:40:58 np0005540556.novalocal container-server[97342]: ::1 - - [01/Dec/2025:03:40:58 +0000] "PUT /3/135824/AUTH_602f37ceccf647698ef9e0fe4d0d45d5/gnocchi.574c1303-845b-4d78-b247-9a7025c12202" 201 - "PUT https://[::1]:8080/v1/AUTH_602f37ceccf647698ef9e0fe4d0d45d5/gnocchi.574c1303-845b-4d78-b247-9a7025c12202" "tx715dfc19c6f648a2b470b-00692d0e4a" "proxy-server 98624" 0.0273 "-" 97342 0
Nov 30 22:40:58 np0005540556.novalocal account-server[97042]: ::1 - - [01/Dec/2025:03:40:58 +0000] "PUT /1/108421/AUTH_602f37ceccf647698ef9e0fe4d0d45d5/gnocchi.574c1303-845b-4d78-b247-9a7025c12202" 201 - "PUT http://[::1]:6001/2/135824/AUTH_602f37ceccf647698ef9e0fe4d0d45d5/gnocchi.574c1303-845b-4d78-b247-9a7025c12202" "tx715dfc19c6f648a2b470b-00692d0e4a" "container-server 97342" 0.0053 "-" 97042 0
Nov 30 22:40:58 np0005540556.novalocal container-server[97342]: ::1 - - [01/Dec/2025:03:40:58 +0000] "PUT /2/135824/AUTH_602f37ceccf647698ef9e0fe4d0d45d5/gnocchi.574c1303-845b-4d78-b247-9a7025c12202" 201 - "PUT https://[::1]:8080/v1/AUTH_602f37ceccf647698ef9e0fe4d0d45d5/gnocchi.574c1303-845b-4d78-b247-9a7025c12202" "tx715dfc19c6f648a2b470b-00692d0e4a" "proxy-server 98624" 0.0231 "-" 97342 0
Nov 30 22:40:58 np0005540556.novalocal proxy-server[98624]: ::1 ::1 01/Dec/2025/03/40/58 PUT /v1/AUTH_602f37ceccf647698ef9e0fe4d0d45d5/gnocchi.574c1303-845b-4d78-b247-9a7025c12202 HTTP/1.0 201 - python-swiftclient-4.8.0 gAAAAABpLQ4jjy8F... - - - tx715dfc19c6f648a2b470b-00692d0e4a - 0.0429 - - 1764560458.735163212 1764560458.778084755 0 3cd24aa0af114855987a490c7d44632d
Nov 30 22:40:58 np0005540556.novalocal container-server[97343]: ::1 - - [01/Dec/2025:03:40:58 +0000] "HEAD /2/135824/AUTH_602f37ceccf647698ef9e0fe4d0d45d5/gnocchi.574c1303-845b-4d78-b247-9a7025c12202" 204 - "HEAD http://[::1]:8080/v1/AUTH_602f37ceccf647698ef9e0fe4d0d45d5/gnocchi.574c1303-845b-4d78-b247-9a7025c12202" "txf66f9c22b1b14227925a3-00692d0e4a" "proxy-server 98624" 0.0024 "-" 97343 0
Nov 30 22:40:58 np0005540556.novalocal proxy-server[98624]: - - 01/Dec/2025/03/40/58 HEAD /v1/AUTH_602f37ceccf647698ef9e0fe4d0d45d5/gnocchi.574c1303-845b-4d78-b247-9a7025c12202 HTTP/1.0 204 - Swift - - - - txf66f9c22b1b14227925a3-00692d0e4a - 0.0075 CS - 1764560458.784891367 1764560458.792388439 0 -
Nov 30 22:40:58 np0005540556.novalocal container-server[97342]: ::1 - - [01/Dec/2025:03:40:58 +0000] "GET /2/135824/AUTH_602f37ceccf647698ef9e0fe4d0d45d5/gnocchi.574c1303-845b-4d78-b247-9a7025c12202" 200 2 "GET https://[::1]:8080/v1/AUTH_602f37ceccf647698ef9e0fe4d0d45d5/gnocchi.574c1303-845b-4d78-b247-9a7025c12202?format=json&states=listing" "txf66f9c22b1b14227925a3-00692d0e4a" "proxy-server 98624" 0.0046 "-" 97342 0
Nov 30 22:40:58 np0005540556.novalocal proxy-server[98624]: ::1 ::1 01/Dec/2025/03/40/58 GET /v1/AUTH_602f37ceccf647698ef9e0fe4d0d45d5/gnocchi.574c1303-845b-4d78-b247-9a7025c12202%3Fformat%3Djson%26states%3Dlisting HTTP/1.0 200 - python-swiftclient-4.8.0 gAAAAABpLQ4jjy8F... - 2 - txf66f9c22b1b14227925a3-00692d0e4a - 0.0227 - - 1764560458.783975601 1764560458.806647301 0 3cd24aa0af114855987a490c7d44632d
Nov 30 22:40:58 np0005540556.novalocal object-server[97639]: ::1 - - [01/Dec/2025:03:40:58 +0000] "GET /1/65783/AUTH_602f37ceccf647698ef9e0fe4d0d45d5/gnocchi.574c1303-845b-4d78-b247-9a7025c12202/1763640000.0_mean_300.0_v3" 404 70 "GET https://[::1]:8080/v1/AUTH_602f37ceccf647698ef9e0fe4d0d45d5/gnocchi.574c1303-845b-4d78-b247-9a7025c12202/1763640000.0_mean_300.0_v3" "tx9ce28ade6c604ad39b301-00692d0e4a" "proxy-server 98624" 0.0008 "-" 97639 0
Nov 30 22:40:58 np0005540556.novalocal object-server[97640]: ::1 - - [01/Dec/2025:03:40:58 +0000] "GET /2/65783/AUTH_602f37ceccf647698ef9e0fe4d0d45d5/gnocchi.574c1303-845b-4d78-b247-9a7025c12202/1763640000.0_mean_300.0_v3" 404 70 "GET https://[::1]:8080/v1/AUTH_602f37ceccf647698ef9e0fe4d0d45d5/gnocchi.574c1303-845b-4d78-b247-9a7025c12202/1763640000.0_mean_300.0_v3" "tx9ce28ade6c604ad39b301-00692d0e4a" "proxy-server 98624" 0.0007 "-" 97640 0
Nov 30 22:40:58 np0005540556.novalocal object-server[97640]: ::1 - - [01/Dec/2025:03:40:58 +0000] "GET /3/65783/AUTH_602f37ceccf647698ef9e0fe4d0d45d5/gnocchi.574c1303-845b-4d78-b247-9a7025c12202/1763640000.0_mean_300.0_v3" 404 70 "GET https://[::1]:8080/v1/AUTH_602f37ceccf647698ef9e0fe4d0d45d5/gnocchi.574c1303-845b-4d78-b247-9a7025c12202/1763640000.0_mean_300.0_v3" "tx9ce28ade6c604ad39b301-00692d0e4a" "proxy-server 98624" 0.0004 "-" 97640 0
Nov 30 22:40:58 np0005540556.novalocal proxy-server[98624]: ::1 ::1 01/Dec/2025/03/40/58 GET /v1/AUTH_602f37ceccf647698ef9e0fe4d0d45d5/gnocchi.574c1303-845b-4d78-b247-9a7025c12202/1763640000.0_mean_300.0_v3 HTTP/1.0 404 - python-swiftclient-4.8.0 gAAAAABpLQ4jjy8F... - 70 - tx9ce28ade6c604ad39b301-00692d0e4a - 0.0184 - - 1764560458.811709642 1764560458.830136299 0 3cd24aa0af114855987a490c7d44632d
Nov 30 22:40:58 np0005540556.novalocal container-server[97343]: ::1 - - [01/Dec/2025:03:40:58 +0000] "PUT /1/135824/AUTH_602f37ceccf647698ef9e0fe4d0d45d5/gnocchi.574c1303-845b-4d78-b247-9a7025c12202/1763640000.0_mean_300.0_v3" 201 - "PUT http://[::1]:8080/3/65783/AUTH_602f37ceccf647698ef9e0fe4d0d45d5/gnocchi.574c1303-845b-4d78-b247-9a7025c12202/1763640000.0_mean_300.0_v3" "tx4f9c9319d8624ee2a5962-00692d0e4a" "object-server 97639" 0.0011 "-" 97343 0
Nov 30 22:40:58 np0005540556.novalocal object-server[97639]: ::1 - - [01/Dec/2025:03:40:58 +0000] "PUT /3/65783/AUTH_602f37ceccf647698ef9e0fe4d0d45d5/gnocchi.574c1303-845b-4d78-b247-9a7025c12202/1763640000.0_mean_300.0_v3" 201 - "PUT https://[::1]:8080/v1/AUTH_602f37ceccf647698ef9e0fe4d0d45d5/gnocchi.574c1303-845b-4d78-b247-9a7025c12202/1763640000.0_mean_300.0_v3" "tx4f9c9319d8624ee2a5962-00692d0e4a" "proxy-server 98624" 0.0220 "-" 97639 0
Nov 30 22:40:58 np0005540556.novalocal container-server[97343]: ::1 - - [01/Dec/2025:03:40:58 +0000] "PUT /3/135824/AUTH_602f37ceccf647698ef9e0fe4d0d45d5/gnocchi.574c1303-845b-4d78-b247-9a7025c12202/1763640000.0_mean_300.0_v3" 201 - "PUT http://[::1]:8080/2/65783/AUTH_602f37ceccf647698ef9e0fe4d0d45d5/gnocchi.574c1303-845b-4d78-b247-9a7025c12202/1763640000.0_mean_300.0_v3" "tx4f9c9319d8624ee2a5962-00692d0e4a" "object-server 97639" 0.0009 "-" 97343 0
Nov 30 22:40:58 np0005540556.novalocal object-server[97639]: ::1 - - [01/Dec/2025:03:40:58 +0000] "PUT /2/65783/AUTH_602f37ceccf647698ef9e0fe4d0d45d5/gnocchi.574c1303-845b-4d78-b247-9a7025c12202/1763640000.0_mean_300.0_v3" 201 - "PUT https://[::1]:8080/v1/AUTH_602f37ceccf647698ef9e0fe4d0d45d5/gnocchi.574c1303-845b-4d78-b247-9a7025c12202/1763640000.0_mean_300.0_v3" "tx4f9c9319d8624ee2a5962-00692d0e4a" "proxy-server 98624" 0.0215 "-" 97639 0
Nov 30 22:40:58 np0005540556.novalocal container-server[97342]: ::1 - - [01/Dec/2025:03:40:58 +0000] "PUT /2/135824/AUTH_602f37ceccf647698ef9e0fe4d0d45d5/gnocchi.574c1303-845b-4d78-b247-9a7025c12202/1763640000.0_mean_300.0_v3" 201 - "PUT http://[::1]:8080/1/65783/AUTH_602f37ceccf647698ef9e0fe4d0d45d5/gnocchi.574c1303-845b-4d78-b247-9a7025c12202/1763640000.0_mean_300.0_v3" "tx4f9c9319d8624ee2a5962-00692d0e4a" "object-server 97639" 0.0014 "-" 97342 0
Nov 30 22:40:58 np0005540556.novalocal object-server[97639]: ::1 - - [01/Dec/2025:03:40:58 +0000] "PUT /1/65783/AUTH_602f37ceccf647698ef9e0fe4d0d45d5/gnocchi.574c1303-845b-4d78-b247-9a7025c12202/1763640000.0_mean_300.0_v3" 201 - "PUT https://[::1]:8080/v1/AUTH_602f37ceccf647698ef9e0fe4d0d45d5/gnocchi.574c1303-845b-4d78-b247-9a7025c12202/1763640000.0_mean_300.0_v3" "tx4f9c9319d8624ee2a5962-00692d0e4a" "proxy-server 98624" 0.0282 "-" 97639 0
Nov 30 22:40:58 np0005540556.novalocal proxy-server[98624]: ::1 ::1 01/Dec/2025/03/40/58 PUT /v1/AUTH_602f37ceccf647698ef9e0fe4d0d45d5/gnocchi.574c1303-845b-4d78-b247-9a7025c12202/1763640000.0_mean_300.0_v3 HTTP/1.0 201 - python-swiftclient-4.8.0 gAAAAABpLQ4jjy8F... 16 - - tx4f9c9319d8624ee2a5962-00692d0e4a - 0.0393 - - 1764560458.835621119 1764560458.874956131 0 3cd24aa0af114855987a490c7d44632d
Nov 30 22:40:58 np0005540556.novalocal container-server[97342]: ::1 - - [01/Dec/2025:03:40:58 +0000] "PUT /2/135824/AUTH_602f37ceccf647698ef9e0fe4d0d45d5/gnocchi.574c1303-845b-4d78-b247-9a7025c12202/none_v3" 201 - "PUT http://[::1]:8080/3/257425/AUTH_602f37ceccf647698ef9e0fe4d0d45d5/gnocchi.574c1303-845b-4d78-b247-9a7025c12202/none_v3" "tx08f4b2569a3649e5ab1d6-00692d0e4a" "object-server 97640" 0.0007 "-" 97342 0
Nov 30 22:40:58 np0005540556.novalocal object-server[97640]: ::1 - - [01/Dec/2025:03:40:58 +0000] "PUT /3/257425/AUTH_602f37ceccf647698ef9e0fe4d0d45d5/gnocchi.574c1303-845b-4d78-b247-9a7025c12202/none_v3" 201 - "PUT https://[::1]:8080/v1/AUTH_602f37ceccf647698ef9e0fe4d0d45d5/gnocchi.574c1303-845b-4d78-b247-9a7025c12202/none_v3" "tx08f4b2569a3649e5ab1d6-00692d0e4a" "proxy-server 98624" 0.0142 "-" 97640 0
Nov 30 22:40:58 np0005540556.novalocal container-server[97342]: ::1 - - [01/Dec/2025:03:40:58 +0000] "PUT /1/135824/AUTH_602f37ceccf647698ef9e0fe4d0d45d5/gnocchi.574c1303-845b-4d78-b247-9a7025c12202/none_v3" 201 - "PUT http://[::1]:8080/1/257425/AUTH_602f37ceccf647698ef9e0fe4d0d45d5/gnocchi.574c1303-845b-4d78-b247-9a7025c12202/none_v3" "tx08f4b2569a3649e5ab1d6-00692d0e4a" "object-server 97640" 0.0005 "-" 97342 0
Nov 30 22:40:58 np0005540556.novalocal object-server[97640]: ::1 - - [01/Dec/2025:03:40:58 +0000] "PUT /1/257425/AUTH_602f37ceccf647698ef9e0fe4d0d45d5/gnocchi.574c1303-845b-4d78-b247-9a7025c12202/none_v3" 201 - "PUT https://[::1]:8080/v1/AUTH_602f37ceccf647698ef9e0fe4d0d45d5/gnocchi.574c1303-845b-4d78-b247-9a7025c12202/none_v3" "tx08f4b2569a3649e5ab1d6-00692d0e4a" "proxy-server 98624" 0.0192 "-" 97640 0
Nov 30 22:40:58 np0005540556.novalocal container-server[97342]: ::1 - - [01/Dec/2025:03:40:58 +0000] "PUT /3/135824/AUTH_602f37ceccf647698ef9e0fe4d0d45d5/gnocchi.574c1303-845b-4d78-b247-9a7025c12202/none_v3" 201 - "PUT http://[::1]:8080/2/257425/AUTH_602f37ceccf647698ef9e0fe4d0d45d5/gnocchi.574c1303-845b-4d78-b247-9a7025c12202/none_v3" "tx08f4b2569a3649e5ab1d6-00692d0e4a" "object-server 97640" 0.0004 "-" 97342 0
Nov 30 22:40:58 np0005540556.novalocal object-server[97640]: ::1 - - [01/Dec/2025:03:40:58 +0000] "PUT /2/257425/AUTH_602f37ceccf647698ef9e0fe4d0d45d5/gnocchi.574c1303-845b-4d78-b247-9a7025c12202/none_v3" 201 - "PUT https://[::1]:8080/v1/AUTH_602f37ceccf647698ef9e0fe4d0d45d5/gnocchi.574c1303-845b-4d78-b247-9a7025c12202/none_v3" "tx08f4b2569a3649e5ab1d6-00692d0e4a" "proxy-server 98624" 0.0232 "-" 97640 0
Nov 30 22:40:58 np0005540556.novalocal proxy-server[98624]: ::1 ::1 01/Dec/2025/03/40/58 PUT /v1/AUTH_602f37ceccf647698ef9e0fe4d0d45d5/gnocchi.574c1303-845b-4d78-b247-9a7025c12202/none_v3 HTTP/1.0 201 - python-swiftclient-4.8.0 gAAAAABpLQ4jjy8F... 22 - - tx08f4b2569a3649e5ab1d6-00692d0e4a - 0.0368 - - 1764560458.879978657 1764560458.916805029 0 3cd24aa0af114855987a490c7d44632d
Nov 30 22:40:58 np0005540556.novalocal account-replicator[97106]: Beginning replication run
Nov 30 22:40:58 np0005540556.novalocal object-server[97639]: ::1 - - [01/Dec/2025:03:40:58 +0000] "GET /3/248342/AUTH_602f37ceccf647698ef9e0fe4d0d45d5/gnocchi.d866c4a3-4400-42f9-8df8-ed09f438d686/none_v3" 200 44 "GET https://[::1]:8080/v1/AUTH_602f37ceccf647698ef9e0fe4d0d45d5/gnocchi.d866c4a3-4400-42f9-8df8-ed09f438d686/none_v3" "tx4afe706bd8e04d2992417-00692d0e4a" "proxy-server 98624" 0.0016 "-" 97639 0
Nov 30 22:40:58 np0005540556.novalocal proxy-server[98624]: ::1 ::1 01/Dec/2025/03/40/58 GET /v1/AUTH_602f37ceccf647698ef9e0fe4d0d45d5/gnocchi.d866c4a3-4400-42f9-8df8-ed09f438d686/none_v3 HTTP/1.0 200 - python-swiftclient-4.8.0 gAAAAABpLQ4jjy8F... - 44 - tx4afe706bd8e04d2992417-00692d0e4a - 0.0105 - - 1764560458.931207895 1764560458.941704750 0 3cd24aa0af114855987a490c7d44632d
Nov 30 22:40:58 np0005540556.novalocal container-server[97342]: ::1 - - [01/Dec/2025:03:40:58 +0000] "GET /1/171607/AUTH_602f37ceccf647698ef9e0fe4d0d45d5/gnocchi.d866c4a3-4400-42f9-8df8-ed09f438d686" 200 357 "GET https://[::1]:8080/v1/AUTH_602f37ceccf647698ef9e0fe4d0d45d5/gnocchi.d866c4a3-4400-42f9-8df8-ed09f438d686?format=json&states=listing" "tx6f896b1f76604660861b4-00692d0e4a" "proxy-server 98624" 0.0097 "-" 97342 0
Nov 30 22:40:58 np0005540556.novalocal proxy-server[98624]: ::1 ::1 01/Dec/2025/03/40/58 GET /v1/AUTH_602f37ceccf647698ef9e0fe4d0d45d5/gnocchi.d866c4a3-4400-42f9-8df8-ed09f438d686%3Fformat%3Djson%26states%3Dlisting HTTP/1.0 200 - python-swiftclient-4.8.0 gAAAAABpLQ4jjy8F... - 357 - tx6f896b1f76604660861b4-00692d0e4a - 0.0210 - - 1764560458.946988106 1764560458.967978716 0 3cd24aa0af114855987a490c7d44632d
Nov 30 22:40:58 np0005540556.novalocal container-server[97343]: ::1 - - [01/Dec/2025:03:40:58 +0000] "GET /1/171607/AUTH_602f37ceccf647698ef9e0fe4d0d45d5/gnocchi.d866c4a3-4400-42f9-8df8-ed09f438d686" 200 2 "GET https://[::1]:8080/v1/AUTH_602f37ceccf647698ef9e0fe4d0d45d5/gnocchi.d866c4a3-4400-42f9-8df8-ed09f438d686?format=json&marker=none_v3&states=listing" "tx6ccb1cd3afae400fb9024-00692d0e4a" "proxy-server 98624" 0.0038 "-" 97343 0
Nov 30 22:40:58 np0005540556.novalocal account-replicator[97106]: Replication run OVER
Nov 30 22:40:58 np0005540556.novalocal account-replicator[97106]: Attempted to replicate 3 dbs in 0.06191 seconds (48.46116/s)
Nov 30 22:40:58 np0005540556.novalocal account-replicator[97106]: Removed 0 dbs
Nov 30 22:40:58 np0005540556.novalocal account-replicator[97106]: 6 successes, 0 failures
Nov 30 22:40:58 np0005540556.novalocal account-replicator[97106]: diff:0 diff_capped:0 empty:0 hashmatch:0 no_change:6 remote_merge:0 rsync:0 ts_repl:0
Nov 30 22:40:58 np0005540556.novalocal proxy-server[98624]: ::1 ::1 01/Dec/2025/03/40/58 GET /v1/AUTH_602f37ceccf647698ef9e0fe4d0d45d5/gnocchi.d866c4a3-4400-42f9-8df8-ed09f438d686%3Fformat%3Djson%26marker%3Dnone_v3%26states%3Dlisting HTTP/1.0 200 - python-swiftclient-4.8.0 gAAAAABpLQ4jjy8F... - 2 - tx6ccb1cd3afae400fb9024-00692d0e4a - 0.0151 - - 1764560458.971583128 1764560458.986683607 0 3cd24aa0af114855987a490c7d44632d
Nov 30 22:40:59 np0005540556.novalocal object-server[97639]: ::1 - - [01/Dec/2025:03:40:59 +0000] "GET /2/6188/AUTH_602f37ceccf647698ef9e0fe4d0d45d5/gnocchi.d866c4a3-4400-42f9-8df8-ed09f438d686/1763640000.0_mean_300.0_v3" 200 16 "GET https://[::1]:8080/v1/AUTH_602f37ceccf647698ef9e0fe4d0d45d5/gnocchi.d866c4a3-4400-42f9-8df8-ed09f438d686/1763640000.0_mean_300.0_v3" "tx510005238b8248ba8e8e9-00692d0e4a" "proxy-server 98624" 0.0022 "-" 97639 0
Nov 30 22:40:59 np0005540556.novalocal proxy-server[98624]: ::1 ::1 01/Dec/2025/03/40/59 GET /v1/AUTH_602f37ceccf647698ef9e0fe4d0d45d5/gnocchi.d866c4a3-4400-42f9-8df8-ed09f438d686/1763640000.0_mean_300.0_v3 HTTP/1.0 200 - python-swiftclient-4.8.0 gAAAAABpLQ4jjy8F... - 16 - tx510005238b8248ba8e8e9-00692d0e4a - 0.0138 - - 1764560458.991983175 1764560459.005814552 0 3cd24aa0af114855987a490c7d44632d
Nov 30 22:40:59 np0005540556.novalocal container-server[97342]: ::1 - - [01/Dec/2025:03:40:59 +0000] "PUT /2/171607/AUTH_602f37ceccf647698ef9e0fe4d0d45d5/gnocchi.d866c4a3-4400-42f9-8df8-ed09f438d686/1763640000.0_mean_300.0_v3" 201 - "PUT http://[::1]:8080/1/6188/AUTH_602f37ceccf647698ef9e0fe4d0d45d5/gnocchi.d866c4a3-4400-42f9-8df8-ed09f438d686/1763640000.0_mean_300.0_v3" "tx731faadc0f6d4293a3d7d-00692d0e4b" "object-server 97640" 0.0010 "-" 97342 0
Nov 30 22:40:59 np0005540556.novalocal object-server[97640]: ::1 - - [01/Dec/2025:03:40:59 +0000] "PUT /1/6188/AUTH_602f37ceccf647698ef9e0fe4d0d45d5/gnocchi.d866c4a3-4400-42f9-8df8-ed09f438d686/1763640000.0_mean_300.0_v3" 201 - "PUT https://[::1]:8080/v1/AUTH_602f37ceccf647698ef9e0fe4d0d45d5/gnocchi.d866c4a3-4400-42f9-8df8-ed09f438d686/1763640000.0_mean_300.0_v3" "tx731faadc0f6d4293a3d7d-00692d0e4b" "proxy-server 98624" 0.0133 "-" 97640 0
Nov 30 22:40:59 np0005540556.novalocal container-server[97342]: ::1 - - [01/Dec/2025:03:40:59 +0000] "PUT /3/171607/AUTH_602f37ceccf647698ef9e0fe4d0d45d5/gnocchi.d866c4a3-4400-42f9-8df8-ed09f438d686/1763640000.0_mean_300.0_v3" 201 - "PUT http://[::1]:8080/2/6188/AUTH_602f37ceccf647698ef9e0fe4d0d45d5/gnocchi.d866c4a3-4400-42f9-8df8-ed09f438d686/1763640000.0_mean_300.0_v3" "tx731faadc0f6d4293a3d7d-00692d0e4b" "object-server 97639" 0.0010 "-" 97342 0
Nov 30 22:40:59 np0005540556.novalocal object-server[97639]: ::1 - - [01/Dec/2025:03:40:59 +0000] "PUT /2/6188/AUTH_602f37ceccf647698ef9e0fe4d0d45d5/gnocchi.d866c4a3-4400-42f9-8df8-ed09f438d686/1763640000.0_mean_300.0_v3" 201 - "PUT https://[::1]:8080/v1/AUTH_602f37ceccf647698ef9e0fe4d0d45d5/gnocchi.d866c4a3-4400-42f9-8df8-ed09f438d686/1763640000.0_mean_300.0_v3" "tx731faadc0f6d4293a3d7d-00692d0e4b" "proxy-server 98624" 0.0179 "-" 97639 0
Nov 30 22:40:59 np0005540556.novalocal container-server[97342]: ::1 - - [01/Dec/2025:03:40:59 +0000] "PUT /1/171607/AUTH_602f37ceccf647698ef9e0fe4d0d45d5/gnocchi.d866c4a3-4400-42f9-8df8-ed09f438d686/1763640000.0_mean_300.0_v3" 201 - "PUT http://[::1]:8080/3/6188/AUTH_602f37ceccf647698ef9e0fe4d0d45d5/gnocchi.d866c4a3-4400-42f9-8df8-ed09f438d686/1763640000.0_mean_300.0_v3" "tx731faadc0f6d4293a3d7d-00692d0e4b" "object-server 97640" 0.0008 "-" 97342 0
Nov 30 22:40:59 np0005540556.novalocal object-server[97640]: ::1 - - [01/Dec/2025:03:40:59 +0000] "PUT /3/6188/AUTH_602f37ceccf647698ef9e0fe4d0d45d5/gnocchi.d866c4a3-4400-42f9-8df8-ed09f438d686/1763640000.0_mean_300.0_v3" 201 - "PUT https://[::1]:8080/v1/AUTH_602f37ceccf647698ef9e0fe4d0d45d5/gnocchi.d866c4a3-4400-42f9-8df8-ed09f438d686/1763640000.0_mean_300.0_v3" "tx731faadc0f6d4293a3d7d-00692d0e4b" "proxy-server 98624" 0.0207 "-" 97640 0
Nov 30 22:40:59 np0005540556.novalocal proxy-server[98624]: ::1 ::1 01/Dec/2025/03/40/59 PUT /v1/AUTH_602f37ceccf647698ef9e0fe4d0d45d5/gnocchi.d866c4a3-4400-42f9-8df8-ed09f438d686/1763640000.0_mean_300.0_v3 HTTP/1.0 201 - python-swiftclient-4.8.0 gAAAAABpLQ4jjy8F... 16 - - tx731faadc0f6d4293a3d7d-00692d0e4b - 0.0341 - - 1764560459.010232925 1764560459.044307947 0 3cd24aa0af114855987a490c7d44632d
Nov 30 22:40:59 np0005540556.novalocal container-server[97342]: ::1 - - [01/Dec/2025:03:40:59 +0000] "PUT /2/171607/AUTH_602f37ceccf647698ef9e0fe4d0d45d5/gnocchi.d866c4a3-4400-42f9-8df8-ed09f438d686/none_v3" 201 - "PUT http://[::1]:8080/3/248342/AUTH_602f37ceccf647698ef9e0fe4d0d45d5/gnocchi.d866c4a3-4400-42f9-8df8-ed09f438d686/none_v3" "txb639926f4248437a8ce8c-00692d0e4b" "object-server 97639" 0.0006 "-" 97342 0
Nov 30 22:40:59 np0005540556.novalocal container-server[97343]: ::1 - - [01/Dec/2025:03:40:59 +0000] "PUT /1/171607/AUTH_602f37ceccf647698ef9e0fe4d0d45d5/gnocchi.d866c4a3-4400-42f9-8df8-ed09f438d686/none_v3" 201 - "PUT http://[::1]:8080/2/248342/AUTH_602f37ceccf647698ef9e0fe4d0d45d5/gnocchi.d866c4a3-4400-42f9-8df8-ed09f438d686/none_v3" "txb639926f4248437a8ce8c-00692d0e4b" "object-server 97640" 0.0009 "-" 97343 0
Nov 30 22:40:59 np0005540556.novalocal object-server[97639]: ::1 - - [01/Dec/2025:03:40:59 +0000] "PUT /3/248342/AUTH_602f37ceccf647698ef9e0fe4d0d45d5/gnocchi.d866c4a3-4400-42f9-8df8-ed09f438d686/none_v3" 201 - "PUT https://[::1]:8080/v1/AUTH_602f37ceccf647698ef9e0fe4d0d45d5/gnocchi.d866c4a3-4400-42f9-8df8-ed09f438d686/none_v3" "txb639926f4248437a8ce8c-00692d0e4b" "proxy-server 98624" 0.0172 "-" 97639 0
Nov 30 22:40:59 np0005540556.novalocal object-server[97640]: ::1 - - [01/Dec/2025:03:40:59 +0000] "PUT /2/248342/AUTH_602f37ceccf647698ef9e0fe4d0d45d5/gnocchi.d866c4a3-4400-42f9-8df8-ed09f438d686/none_v3" 201 - "PUT https://[::1]:8080/v1/AUTH_602f37ceccf647698ef9e0fe4d0d45d5/gnocchi.d866c4a3-4400-42f9-8df8-ed09f438d686/none_v3" "txb639926f4248437a8ce8c-00692d0e4b" "proxy-server 98624" 0.0186 "-" 97640 0
Nov 30 22:40:59 np0005540556.novalocal container-server[97343]: ::1 - - [01/Dec/2025:03:40:59 +0000] "PUT /3/171607/AUTH_602f37ceccf647698ef9e0fe4d0d45d5/gnocchi.d866c4a3-4400-42f9-8df8-ed09f438d686/none_v3" 201 - "PUT http://[::1]:8080/1/248342/AUTH_602f37ceccf647698ef9e0fe4d0d45d5/gnocchi.d866c4a3-4400-42f9-8df8-ed09f438d686/none_v3" "txb639926f4248437a8ce8c-00692d0e4b" "object-server 97640" 0.0006 "-" 97343 0
Nov 30 22:40:59 np0005540556.novalocal object-server[97640]: ::1 - - [01/Dec/2025:03:40:59 +0000] "PUT /1/248342/AUTH_602f37ceccf647698ef9e0fe4d0d45d5/gnocchi.d866c4a3-4400-42f9-8df8-ed09f438d686/none_v3" 201 - "PUT https://[::1]:8080/v1/AUTH_602f37ceccf647698ef9e0fe4d0d45d5/gnocchi.d866c4a3-4400-42f9-8df8-ed09f438d686/none_v3" "txb639926f4248437a8ce8c-00692d0e4b" "proxy-server 98624" 0.0176 "-" 97640 0
Nov 30 22:40:59 np0005540556.novalocal proxy-server[98624]: ::1 ::1 01/Dec/2025/03/40/59 PUT /v1/AUTH_602f37ceccf647698ef9e0fe4d0d45d5/gnocchi.d866c4a3-4400-42f9-8df8-ed09f438d686/none_v3 HTTP/1.0 201 - python-swiftclient-4.8.0 gAAAAABpLQ4jjy8F... 50 - - txb639926f4248437a8ce8c-00692d0e4b - 0.0325 - - 1764560459.048249483 1764560459.080750227 0 3cd24aa0af114855987a490c7d44632d
Nov 30 22:40:59 np0005540556.novalocal object-server[97640]: ::1 - - [01/Dec/2025:03:40:59 +0000] "GET /3/72134/AUTH_602f37ceccf647698ef9e0fe4d0d45d5/gnocchi.04233cd2-d4f3-4db4-9c35-7c95f19e148b/none_v3" 200 37 "GET https://[::1]:8080/v1/AUTH_602f37ceccf647698ef9e0fe4d0d45d5/gnocchi.04233cd2-d4f3-4db4-9c35-7c95f19e148b/none_v3" "txdf3f83eb27be457097f64-00692d0e4b" "proxy-server 98624" 0.0013 "-" 97640 0
Nov 30 22:40:59 np0005540556.novalocal proxy-server[98624]: ::1 ::1 01/Dec/2025/03/40/59 GET /v1/AUTH_602f37ceccf647698ef9e0fe4d0d45d5/gnocchi.04233cd2-d4f3-4db4-9c35-7c95f19e148b/none_v3 HTTP/1.0 200 - python-swiftclient-4.8.0 gAAAAABpLQ4jjy8F... - 37 - txdf3f83eb27be457097f64-00692d0e4b - 0.0087 - - 1764560459.096028328 1764560459.104724884 0 3cd24aa0af114855987a490c7d44632d
Nov 30 22:40:59 np0005540556.novalocal container-server[97342]: ::1 - - [01/Dec/2025:03:40:59 +0000] "GET /1/159432/AUTH_602f37ceccf647698ef9e0fe4d0d45d5/gnocchi.04233cd2-d4f3-4db4-9c35-7c95f19e148b" 200 357 "GET https://[::1]:8080/v1/AUTH_602f37ceccf647698ef9e0fe4d0d45d5/gnocchi.04233cd2-d4f3-4db4-9c35-7c95f19e148b?format=json&states=listing" "tx57cc37aef47c470d8be9c-00692d0e4b" "proxy-server 98624" 0.0115 "-" 97342 0
Nov 30 22:40:59 np0005540556.novalocal proxy-server[98624]: ::1 ::1 01/Dec/2025/03/40/59 GET /v1/AUTH_602f37ceccf647698ef9e0fe4d0d45d5/gnocchi.04233cd2-d4f3-4db4-9c35-7c95f19e148b%3Fformat%3Djson%26states%3Dlisting HTTP/1.0 200 - python-swiftclient-4.8.0 gAAAAABpLQ4jjy8F... - 357 - tx57cc37aef47c470d8be9c-00692d0e4b - 0.0214 - - 1764560459.110112667 1764560459.131534338 0 3cd24aa0af114855987a490c7d44632d
Nov 30 22:40:59 np0005540556.novalocal container-server[97343]: ::1 - - [01/Dec/2025:03:40:59 +0000] "GET /1/159432/AUTH_602f37ceccf647698ef9e0fe4d0d45d5/gnocchi.04233cd2-d4f3-4db4-9c35-7c95f19e148b" 200 2 "GET https://[::1]:8080/v1/AUTH_602f37ceccf647698ef9e0fe4d0d45d5/gnocchi.04233cd2-d4f3-4db4-9c35-7c95f19e148b?format=json&marker=none_v3&states=listing" "tx46b25b1f43b343e28238d-00692d0e4b" "proxy-server 98624" 0.0040 "-" 97343 0
Nov 30 22:40:59 np0005540556.novalocal proxy-server[98624]: ::1 ::1 01/Dec/2025/03/40/59 GET /v1/AUTH_602f37ceccf647698ef9e0fe4d0d45d5/gnocchi.04233cd2-d4f3-4db4-9c35-7c95f19e148b%3Fformat%3Djson%26marker%3Dnone_v3%26states%3Dlisting HTTP/1.0 200 - python-swiftclient-4.8.0 gAAAAABpLQ4jjy8F... - 2 - tx46b25b1f43b343e28238d-00692d0e4b - 0.0101 - - 1764560459.135010719 1764560459.145146608 0 3cd24aa0af114855987a490c7d44632d
Nov 30 22:40:59 np0005540556.novalocal haproxy-metadata-proxy-9cb17448-9aba-4e59-bad9-3ca98ebf9636[104090]: ::ffff:10.100.0.9:57594 [30/Nov/2025:22:40:58.130] listener listener/metadata 0/0/0/1025/1025 200 97 - - ---- 1/1/0/0/0 0/0 "GET /2009-04-04/meta-data/instance-id HTTP/1.1"
Nov 30 22:40:59 np0005540556.novalocal object-server[97640]: ::1 - - [01/Dec/2025:03:40:59 +0000] "GET /2/72187/AUTH_602f37ceccf647698ef9e0fe4d0d45d5/gnocchi.04233cd2-d4f3-4db4-9c35-7c95f19e148b/1763640000.0_mean_300.0_v3" 200 16 "GET https://[::1]:8080/v1/AUTH_602f37ceccf647698ef9e0fe4d0d45d5/gnocchi.04233cd2-d4f3-4db4-9c35-7c95f19e148b/1763640000.0_mean_300.0_v3" "tx2eb455f0045f430ebfb30-00692d0e4b" "proxy-server 98624" 0.0029 "-" 97640 0
Nov 30 22:40:59 np0005540556.novalocal proxy-server[98624]: ::1 ::1 01/Dec/2025/03/40/59 GET /v1/AUTH_602f37ceccf647698ef9e0fe4d0d45d5/gnocchi.04233cd2-d4f3-4db4-9c35-7c95f19e148b/1763640000.0_mean_300.0_v3 HTTP/1.0 200 - python-swiftclient-4.8.0 gAAAAABpLQ4jjy8F... - 16 - tx2eb455f0045f430ebfb30-00692d0e4b - 0.0106 - - 1764560459.151595592 1764560459.162196636 0 3cd24aa0af114855987a490c7d44632d
Nov 30 22:40:59 np0005540556.novalocal container-server[97342]: ::1 - - [01/Dec/2025:03:40:59 +0000] "PUT /2/159432/AUTH_602f37ceccf647698ef9e0fe4d0d45d5/gnocchi.04233cd2-d4f3-4db4-9c35-7c95f19e148b/1763640000.0_mean_300.0_v3" 201 - "PUT http://[::1]:8080/2/72187/AUTH_602f37ceccf647698ef9e0fe4d0d45d5/gnocchi.04233cd2-d4f3-4db4-9c35-7c95f19e148b/1763640000.0_mean_300.0_v3" "txdba4c44e23f14a40ae2e4-00692d0e4b" "object-server 97640" 0.0011 "-" 97342 0
