Nov 30 22:41:29 np0005540556.novalocal container-server[97342]: ::1 - - [01/Dec/2025:03:41:29 +0000] "PUT /3/62345/AUTH_602f37ceccf647698ef9e0fe4d0d45d5/gnocchi.d2db96b5-a990-40f8-bc11-d0e3da7d54da/1763640000.0_mean_300.0_v3" 201 - "PUT http://[::1]:8080/3/114229/AUTH_602f37ceccf647698ef9e0fe4d0d45d5/gnocchi.d2db96b5-a990-40f8-bc11-d0e3da7d54da/1763640000.0_mean_300.0_v3" "txbcbcded684d74b549c3f0-00692d0e69" "object-server 97639" 0.0005 "-" 97342 0
Nov 30 22:41:29 np0005540556.novalocal object-server[97640]: ::1 - - [01/Dec/2025:03:41:29 +0000] "PUT /1/114229/AUTH_602f37ceccf647698ef9e0fe4d0d45d5/gnocchi.d2db96b5-a990-40f8-bc11-d0e3da7d54da/1763640000.0_mean_300.0_v3" 201 - "PUT https://[::1]:8080/v1/AUTH_602f37ceccf647698ef9e0fe4d0d45d5/gnocchi.d2db96b5-a990-40f8-bc11-d0e3da7d54da/1763640000.0_mean_300.0_v3" "txbcbcded684d74b549c3f0-00692d0e69" "proxy-server 98624" 0.0124 "-" 97640 0
Nov 30 22:41:29 np0005540556.novalocal object-server[97639]: ::1 - - [01/Dec/2025:03:41:29 +0000] "PUT /3/114229/AUTH_602f37ceccf647698ef9e0fe4d0d45d5/gnocchi.d2db96b5-a990-40f8-bc11-d0e3da7d54da/1763640000.0_mean_300.0_v3" 201 - "PUT https://[::1]:8080/v1/AUTH_602f37ceccf647698ef9e0fe4d0d45d5/gnocchi.d2db96b5-a990-40f8-bc11-d0e3da7d54da/1763640000.0_mean_300.0_v3" "txbcbcded684d74b549c3f0-00692d0e69" "proxy-server 98624" 0.0129 "-" 97639 0
Nov 30 22:41:29 np0005540556.novalocal container-server[97343]: ::1 - - [01/Dec/2025:03:41:29 +0000] "PUT /2/62345/AUTH_602f37ceccf647698ef9e0fe4d0d45d5/gnocchi.d2db96b5-a990-40f8-bc11-d0e3da7d54da/1763640000.0_mean_300.0_v3" 201 - "PUT http://[::1]:8080/2/114229/AUTH_602f37ceccf647698ef9e0fe4d0d45d5/gnocchi.d2db96b5-a990-40f8-bc11-d0e3da7d54da/1763640000.0_mean_300.0_v3" "txbcbcded684d74b549c3f0-00692d0e69" "object-server 97639" 0.0046 "-" 97343 0
Nov 30 22:41:29 np0005540556.novalocal object-server[97639]: ::1 - - [01/Dec/2025:03:41:29 +0000] "PUT /2/114229/AUTH_602f37ceccf647698ef9e0fe4d0d45d5/gnocchi.d2db96b5-a990-40f8-bc11-d0e3da7d54da/1763640000.0_mean_300.0_v3" 201 - "PUT https://[::1]:8080/v1/AUTH_602f37ceccf647698ef9e0fe4d0d45d5/gnocchi.d2db96b5-a990-40f8-bc11-d0e3da7d54da/1763640000.0_mean_300.0_v3" "txbcbcded684d74b549c3f0-00692d0e69" "proxy-server 98624" 0.0150 "-" 97639 0
Nov 30 22:41:29 np0005540556.novalocal proxy-server[98624]: ::1 ::1 01/Dec/2025/03/41/29 PUT /v1/AUTH_602f37ceccf647698ef9e0fe4d0d45d5/gnocchi.d2db96b5-a990-40f8-bc11-d0e3da7d54da/1763640000.0_mean_300.0_v3 HTTP/1.0 201 - python-swiftclient-4.8.0 gAAAAABpLQ4jjy8F... 16 - - txbcbcded684d74b549c3f0-00692d0e69 - 0.0227 - - 1764560489.442535877 1764560489.465239048 0 3cd24aa0af114855987a490c7d44632d
Nov 30 22:41:29 np0005540556.novalocal container-server[97342]: ::1 - - [01/Dec/2025:03:41:29 +0000] "PUT /2/106111/AUTH_602f37ceccf647698ef9e0fe4d0d45d5/gnocchi.d6b60cfe-8b9a-4531-bfc5-8e2dcd83385a/1763640000.0_mean_300.0_v3" 201 - "PUT http://[::1]:8080/1/106402/AUTH_602f37ceccf647698ef9e0fe4d0d45d5/gnocchi.d6b60cfe-8b9a-4531-bfc5-8e2dcd83385a/1763640000.0_mean_300.0_v3" "txf741f304a2ea4fcea892b-00692d0e69" "object-server 97639" 0.0011 "-" 97342 0
Nov 30 22:41:29 np0005540556.novalocal object-server[97639]: ::1 - - [01/Dec/2025:03:41:29 +0000] "PUT /1/106402/AUTH_602f37ceccf647698ef9e0fe4d0d45d5/gnocchi.d6b60cfe-8b9a-4531-bfc5-8e2dcd83385a/1763640000.0_mean_300.0_v3" 201 - "PUT https://[::1]:8080/v1/AUTH_602f37ceccf647698ef9e0fe4d0d45d5/gnocchi.d6b60cfe-8b9a-4531-bfc5-8e2dcd83385a/1763640000.0_mean_300.0_v3" "txf741f304a2ea4fcea892b-00692d0e69" "proxy-server 98624" 0.0154 "-" 97639 0
Nov 30 22:41:29 np0005540556.novalocal container-server[97343]: ::1 - - [01/Dec/2025:03:41:29 +0000] "PUT /3/106111/AUTH_602f37ceccf647698ef9e0fe4d0d45d5/gnocchi.d6b60cfe-8b9a-4531-bfc5-8e2dcd83385a/1763640000.0_mean_300.0_v3" 201 - "PUT http://[::1]:8080/2/106402/AUTH_602f37ceccf647698ef9e0fe4d0d45d5/gnocchi.d6b60cfe-8b9a-4531-bfc5-8e2dcd83385a/1763640000.0_mean_300.0_v3" "txf741f304a2ea4fcea892b-00692d0e69" "object-server 97640" 0.0011 "-" 97343 0
Nov 30 22:41:29 np0005540556.novalocal object-server[97640]: ::1 - - [01/Dec/2025:03:41:29 +0000] "PUT /2/106402/AUTH_602f37ceccf647698ef9e0fe4d0d45d5/gnocchi.d6b60cfe-8b9a-4531-bfc5-8e2dcd83385a/1763640000.0_mean_300.0_v3" 201 - "PUT https://[::1]:8080/v1/AUTH_602f37ceccf647698ef9e0fe4d0d45d5/gnocchi.d6b60cfe-8b9a-4531-bfc5-8e2dcd83385a/1763640000.0_mean_300.0_v3" "txf741f304a2ea4fcea892b-00692d0e69" "proxy-server 98624" 0.0165 "-" 97640 0
Nov 30 22:41:29 np0005540556.novalocal container-server[97343]: ::1 - - [01/Dec/2025:03:41:29 +0000] "PUT /1/106111/AUTH_602f37ceccf647698ef9e0fe4d0d45d5/gnocchi.d6b60cfe-8b9a-4531-bfc5-8e2dcd83385a/1763640000.0_mean_300.0_v3" 201 - "PUT http://[::1]:8080/3/106402/AUTH_602f37ceccf647698ef9e0fe4d0d45d5/gnocchi.d6b60cfe-8b9a-4531-bfc5-8e2dcd83385a/1763640000.0_mean_300.0_v3" "txf741f304a2ea4fcea892b-00692d0e69" "object-server 97640" 0.0009 "-" 97343 0
Nov 30 22:41:29 np0005540556.novalocal object-server[97640]: ::1 - - [01/Dec/2025:03:41:29 +0000] "PUT /3/106402/AUTH_602f37ceccf647698ef9e0fe4d0d45d5/gnocchi.d6b60cfe-8b9a-4531-bfc5-8e2dcd83385a/1763640000.0_mean_300.0_v3" 201 - "PUT https://[::1]:8080/v1/AUTH_602f37ceccf647698ef9e0fe4d0d45d5/gnocchi.d6b60cfe-8b9a-4531-bfc5-8e2dcd83385a/1763640000.0_mean_300.0_v3" "txf741f304a2ea4fcea892b-00692d0e69" "proxy-server 98624" 0.0214 "-" 97640 0
Nov 30 22:41:29 np0005540556.novalocal proxy-server[98624]: ::1 ::1 01/Dec/2025/03/41/29 PUT /v1/AUTH_602f37ceccf647698ef9e0fe4d0d45d5/gnocchi.d6b60cfe-8b9a-4531-bfc5-8e2dcd83385a/1763640000.0_mean_300.0_v3 HTTP/1.0 201 - python-swiftclient-4.8.0 gAAAAABpLQ4jjy8F... 16 - - txf741f304a2ea4fcea892b-00692d0e69 - 0.0285 - - 1764560489.468412161 1764560489.496909142 0 3cd24aa0af114855987a490c7d44632d
Nov 30 22:41:29 np0005540556.novalocal container-server[97342]: ::1 - - [01/Dec/2025:03:41:29 +0000] "PUT /2/62345/AUTH_602f37ceccf647698ef9e0fe4d0d45d5/gnocchi.d2db96b5-a990-40f8-bc11-d0e3da7d54da/none_v3" 201 - "PUT http://[::1]:8080/3/226423/AUTH_602f37ceccf647698ef9e0fe4d0d45d5/gnocchi.d2db96b5-a990-40f8-bc11-d0e3da7d54da/none_v3" "tx0bbc12638ed74f70a787f-00692d0e69" "object-server 97639" 0.0008 "-" 97342 0
Nov 30 22:41:29 np0005540556.novalocal object-server[97639]: ::1 - - [01/Dec/2025:03:41:29 +0000] "PUT /3/226423/AUTH_602f37ceccf647698ef9e0fe4d0d45d5/gnocchi.d2db96b5-a990-40f8-bc11-d0e3da7d54da/none_v3" 201 - "PUT https://[::1]:8080/v1/AUTH_602f37ceccf647698ef9e0fe4d0d45d5/gnocchi.d2db96b5-a990-40f8-bc11-d0e3da7d54da/none_v3" "tx0bbc12638ed74f70a787f-00692d0e69" "proxy-server 98624" 0.0147 "-" 97639 0
Nov 30 22:41:29 np0005540556.novalocal container-server[97342]: ::1 - - [01/Dec/2025:03:41:29 +0000] "PUT /1/62345/AUTH_602f37ceccf647698ef9e0fe4d0d45d5/gnocchi.d2db96b5-a990-40f8-bc11-d0e3da7d54da/none_v3" 201 - "PUT http://[::1]:8080/1/226423/AUTH_602f37ceccf647698ef9e0fe4d0d45d5/gnocchi.d2db96b5-a990-40f8-bc11-d0e3da7d54da/none_v3" "tx0bbc12638ed74f70a787f-00692d0e69" "object-server 97640" 0.0009 "-" 97342 0
Nov 30 22:41:29 np0005540556.novalocal object-server[97640]: ::1 - - [01/Dec/2025:03:41:29 +0000] "PUT /1/226423/AUTH_602f37ceccf647698ef9e0fe4d0d45d5/gnocchi.d2db96b5-a990-40f8-bc11-d0e3da7d54da/none_v3" 201 - "PUT https://[::1]:8080/v1/AUTH_602f37ceccf647698ef9e0fe4d0d45d5/gnocchi.d2db96b5-a990-40f8-bc11-d0e3da7d54da/none_v3" "tx0bbc12638ed74f70a787f-00692d0e69" "proxy-server 98624" 0.0163 "-" 97640 0
Nov 30 22:41:29 np0005540556.novalocal container-server[97343]: ::1 - - [01/Dec/2025:03:41:29 +0000] "PUT /3/62345/AUTH_602f37ceccf647698ef9e0fe4d0d45d5/gnocchi.d2db96b5-a990-40f8-bc11-d0e3da7d54da/none_v3" 201 - "PUT http://[::1]:8080/2/226423/AUTH_602f37ceccf647698ef9e0fe4d0d45d5/gnocchi.d2db96b5-a990-40f8-bc11-d0e3da7d54da/none_v3" "tx0bbc12638ed74f70a787f-00692d0e69" "object-server 97640" 0.0013 "-" 97343 0
Nov 30 22:41:29 np0005540556.novalocal object-server[97640]: ::1 - - [01/Dec/2025:03:41:29 +0000] "PUT /2/226423/AUTH_602f37ceccf647698ef9e0fe4d0d45d5/gnocchi.d2db96b5-a990-40f8-bc11-d0e3da7d54da/none_v3" 201 - "PUT https://[::1]:8080/v1/AUTH_602f37ceccf647698ef9e0fe4d0d45d5/gnocchi.d2db96b5-a990-40f8-bc11-d0e3da7d54da/none_v3" "tx0bbc12638ed74f70a787f-00692d0e69" "proxy-server 98624" 0.0212 "-" 97640 0
Nov 30 22:41:29 np0005540556.novalocal proxy-server[98624]: ::1 ::1 01/Dec/2025/03/41/29 PUT /v1/AUTH_602f37ceccf647698ef9e0fe4d0d45d5/gnocchi.d2db96b5-a990-40f8-bc11-d0e3da7d54da/none_v3 HTTP/1.0 201 - python-swiftclient-4.8.0 gAAAAABpLQ4jjy8F... 22 - - tx0bbc12638ed74f70a787f-00692d0e69 - 0.0294 - - 1764560489.500335217 1764560489.529709339 0 3cd24aa0af114855987a490c7d44632d
Nov 30 22:41:29 np0005540556.novalocal container-server[97342]: ::1 - - [01/Dec/2025:03:41:29 +0000] "PUT /1/106111/AUTH_602f37ceccf647698ef9e0fe4d0d45d5/gnocchi.d6b60cfe-8b9a-4531-bfc5-8e2dcd83385a/none_v3" 201 - "PUT http://[::1]:8080/1/95914/AUTH_602f37ceccf647698ef9e0fe4d0d45d5/gnocchi.d6b60cfe-8b9a-4531-bfc5-8e2dcd83385a/none_v3" "tx8f801666a7ff4e6aa91e0-00692d0e69" "object-server 97640" 0.0011 "-" 97342 0
Nov 30 22:41:29 np0005540556.novalocal object-server[97640]: ::1 - - [01/Dec/2025:03:41:29 +0000] "PUT /1/95914/AUTH_602f37ceccf647698ef9e0fe4d0d45d5/gnocchi.d6b60cfe-8b9a-4531-bfc5-8e2dcd83385a/none_v3" 201 - "PUT https://[::1]:8080/v1/AUTH_602f37ceccf647698ef9e0fe4d0d45d5/gnocchi.d6b60cfe-8b9a-4531-bfc5-8e2dcd83385a/none_v3" "tx8f801666a7ff4e6aa91e0-00692d0e69" "proxy-server 98624" 0.0185 "-" 97640 0
Nov 30 22:41:29 np0005540556.novalocal container-server[97343]: ::1 - - [01/Dec/2025:03:41:29 +0000] "PUT /2/106111/AUTH_602f37ceccf647698ef9e0fe4d0d45d5/gnocchi.d6b60cfe-8b9a-4531-bfc5-8e2dcd83385a/none_v3" 201 - "PUT http://[::1]:8080/3/95914/AUTH_602f37ceccf647698ef9e0fe4d0d45d5/gnocchi.d6b60cfe-8b9a-4531-bfc5-8e2dcd83385a/none_v3" "tx8f801666a7ff4e6aa91e0-00692d0e69" "object-server 97639" 0.0010 "-" 97343 0
Nov 30 22:41:29 np0005540556.novalocal container-server[97342]: ::1 - - [01/Dec/2025:03:41:29 +0000] "PUT /3/106111/AUTH_602f37ceccf647698ef9e0fe4d0d45d5/gnocchi.d6b60cfe-8b9a-4531-bfc5-8e2dcd83385a/none_v3" 201 - "PUT http://[::1]:8080/2/95914/AUTH_602f37ceccf647698ef9e0fe4d0d45d5/gnocchi.d6b60cfe-8b9a-4531-bfc5-8e2dcd83385a/none_v3" "tx8f801666a7ff4e6aa91e0-00692d0e69" "object-server 97640" 0.0033 "-" 97342 0
Nov 30 22:41:29 np0005540556.novalocal object-server[97640]: ::1 - - [01/Dec/2025:03:41:29 +0000] "PUT /2/95914/AUTH_602f37ceccf647698ef9e0fe4d0d45d5/gnocchi.d6b60cfe-8b9a-4531-bfc5-8e2dcd83385a/none_v3" 201 - "PUT https://[::1]:8080/v1/AUTH_602f37ceccf647698ef9e0fe4d0d45d5/gnocchi.d6b60cfe-8b9a-4531-bfc5-8e2dcd83385a/none_v3" "tx8f801666a7ff4e6aa91e0-00692d0e69" "proxy-server 98624" 0.0257 "-" 97640 0
Nov 30 22:41:29 np0005540556.novalocal object-server[97639]: ::1 - - [01/Dec/2025:03:41:29 +0000] "PUT /3/95914/AUTH_602f37ceccf647698ef9e0fe4d0d45d5/gnocchi.d6b60cfe-8b9a-4531-bfc5-8e2dcd83385a/none_v3" 201 - "PUT https://[::1]:8080/v1/AUTH_602f37ceccf647698ef9e0fe4d0d45d5/gnocchi.d6b60cfe-8b9a-4531-bfc5-8e2dcd83385a/none_v3" "tx8f801666a7ff4e6aa91e0-00692d0e69" "proxy-server 98624" 0.0282 "-" 97639 0
Nov 30 22:41:29 np0005540556.novalocal proxy-server[98624]: ::1 ::1 01/Dec/2025/03/41/29 PUT /v1/AUTH_602f37ceccf647698ef9e0fe4d0d45d5/gnocchi.d6b60cfe-8b9a-4531-bfc5-8e2dcd83385a/none_v3 HTTP/1.0 201 - python-swiftclient-4.8.0 gAAAAABpLQ4jjy8F... 22 - - tx8f801666a7ff4e6aa91e0-00692d0e69 - 0.0356 - - 1764560489.533231974 1764560489.568876743 0 3cd24aa0af114855987a490c7d44632d
Nov 30 22:41:29 np0005540556.novalocal container-server[97342]: ::1 - - [01/Dec/2025:03:41:29 +0000] "HEAD /1/252927/AUTH_602f37ceccf647698ef9e0fe4d0d45d5/gnocchi.7e5e0dde-a9bd-49da-b923-46b72c8fb1fb" 404 - "HEAD http://[::1]:8080/v1/AUTH_602f37ceccf647698ef9e0fe4d0d45d5/gnocchi.7e5e0dde-a9bd-49da-b923-46b72c8fb1fb" "txe0132acab44a4d9cb3135-00692d0e69" "proxy-server 98624" 0.0004 "-" 97342 0
Nov 30 22:41:29 np0005540556.novalocal container-server[97342]: ::1 - - [01/Dec/2025:03:41:29 +0000] "HEAD /2/252927/AUTH_602f37ceccf647698ef9e0fe4d0d45d5/gnocchi.7e5e0dde-a9bd-49da-b923-46b72c8fb1fb" 404 - "HEAD http://[::1]:8080/v1/AUTH_602f37ceccf647698ef9e0fe4d0d45d5/gnocchi.7e5e0dde-a9bd-49da-b923-46b72c8fb1fb" "txe0132acab44a4d9cb3135-00692d0e69" "proxy-server 98624" 0.0002 "-" 97342 0
Nov 30 22:41:29 np0005540556.novalocal container-server[97342]: ::1 - - [01/Dec/2025:03:41:29 +0000] "HEAD /3/252927/AUTH_602f37ceccf647698ef9e0fe4d0d45d5/gnocchi.7e5e0dde-a9bd-49da-b923-46b72c8fb1fb" 404 - "HEAD http://[::1]:8080/v1/AUTH_602f37ceccf647698ef9e0fe4d0d45d5/gnocchi.7e5e0dde-a9bd-49da-b923-46b72c8fb1fb" "txe0132acab44a4d9cb3135-00692d0e69" "proxy-server 98624" 0.0003 "-" 97342 0
Nov 30 22:41:29 np0005540556.novalocal proxy-server[98624]: - - 01/Dec/2025/03/41/29 HEAD /v1/AUTH_602f37ceccf647698ef9e0fe4d0d45d5/gnocchi.7e5e0dde-a9bd-49da-b923-46b72c8fb1fb HTTP/1.0 404 - Swift - - - - txe0132acab44a4d9cb3135-00692d0e69 - 0.0075 CS - 1764560489.624285698 1764560489.631830215 0 -
Nov 30 22:41:29 np0005540556.novalocal object-server[97639]: ::1 - - [01/Dec/2025:03:41:29 +0000] "GET /1/58420/AUTH_602f37ceccf647698ef9e0fe4d0d45d5/gnocchi.7e5e0dde-a9bd-49da-b923-46b72c8fb1fb/none_v3" 404 70 "GET https://[::1]:8080/v1/AUTH_602f37ceccf647698ef9e0fe4d0d45d5/gnocchi.7e5e0dde-a9bd-49da-b923-46b72c8fb1fb/none_v3" "txe0132acab44a4d9cb3135-00692d0e69" "proxy-server 98624" 0.0014 "-" 97639 0
Nov 30 22:41:29 np0005540556.novalocal object-server[97639]: ::1 - - [01/Dec/2025:03:41:29 +0000] "GET /3/58420/AUTH_602f37ceccf647698ef9e0fe4d0d45d5/gnocchi.7e5e0dde-a9bd-49da-b923-46b72c8fb1fb/none_v3" 404 70 "GET https://[::1]:8080/v1/AUTH_602f37ceccf647698ef9e0fe4d0d45d5/gnocchi.7e5e0dde-a9bd-49da-b923-46b72c8fb1fb/none_v3" "txe0132acab44a4d9cb3135-00692d0e69" "proxy-server 98624" 0.0004 "-" 97639 0
Nov 30 22:41:29 np0005540556.novalocal object-server[97639]: ::1 - - [01/Dec/2025:03:41:29 +0000] "GET /2/58420/AUTH_602f37ceccf647698ef9e0fe4d0d45d5/gnocchi.7e5e0dde-a9bd-49da-b923-46b72c8fb1fb/none_v3" 404 70 "GET https://[::1]:8080/v1/AUTH_602f37ceccf647698ef9e0fe4d0d45d5/gnocchi.7e5e0dde-a9bd-49da-b923-46b72c8fb1fb/none_v3" "txe0132acab44a4d9cb3135-00692d0e69" "proxy-server 98624" 0.0004 "-" 97639 0
Nov 30 22:41:29 np0005540556.novalocal proxy-server[98624]: ::1 ::1 01/Dec/2025/03/41/29 GET /v1/AUTH_602f37ceccf647698ef9e0fe4d0d45d5/gnocchi.7e5e0dde-a9bd-49da-b923-46b72c8fb1fb/none_v3 HTTP/1.0 404 - python-swiftclient-4.8.0 gAAAAABpLQ4jjy8F... - 70 - txe0132acab44a4d9cb3135-00692d0e69 - 0.0230 - - 1764560489.623500347 1764560489.646531343 0 3cd24aa0af114855987a490c7d44632d
Nov 30 22:41:29 np0005540556.novalocal account-server[97042]: ::1 - - [01/Dec/2025:03:41:29 +0000] "PUT /3/108421/AUTH_602f37ceccf647698ef9e0fe4d0d45d5/gnocchi.7e5e0dde-a9bd-49da-b923-46b72c8fb1fb" 201 - "PUT http://[::1]:6001/2/252927/AUTH_602f37ceccf647698ef9e0fe4d0d45d5/gnocchi.7e5e0dde-a9bd-49da-b923-46b72c8fb1fb" "txeccd528c635944b0a6298-00692d0e69" "container-server 97342" 0.0074 "-" 97042 0
Nov 30 22:41:29 np0005540556.novalocal container-server[97342]: ::1 - - [01/Dec/2025:03:41:29 +0000] "PUT /2/252927/AUTH_602f37ceccf647698ef9e0fe4d0d45d5/gnocchi.7e5e0dde-a9bd-49da-b923-46b72c8fb1fb" 201 - "PUT https://[::1]:8080/v1/AUTH_602f37ceccf647698ef9e0fe4d0d45d5/gnocchi.7e5e0dde-a9bd-49da-b923-46b72c8fb1fb" "txeccd528c635944b0a6298-00692d0e69" "proxy-server 98624" 0.0256 "-" 97342 0
Nov 30 22:41:29 np0005540556.novalocal account-server[97043]: ::1 - - [01/Dec/2025:03:41:29 +0000] "PUT /2/108421/AUTH_602f37ceccf647698ef9e0fe4d0d45d5/gnocchi.7e5e0dde-a9bd-49da-b923-46b72c8fb1fb" 201 - "PUT http://[::1]:6001/3/252927/AUTH_602f37ceccf647698ef9e0fe4d0d45d5/gnocchi.7e5e0dde-a9bd-49da-b923-46b72c8fb1fb" "txeccd528c635944b0a6298-00692d0e69" "container-server 97343" 0.0047 "-" 97043 0
Nov 30 22:41:29 np0005540556.novalocal container-server[97343]: ::1 - - [01/Dec/2025:03:41:29 +0000] "PUT /3/252927/AUTH_602f37ceccf647698ef9e0fe4d0d45d5/gnocchi.7e5e0dde-a9bd-49da-b923-46b72c8fb1fb" 201 - "PUT https://[::1]:8080/v1/AUTH_602f37ceccf647698ef9e0fe4d0d45d5/gnocchi.7e5e0dde-a9bd-49da-b923-46b72c8fb1fb" "txeccd528c635944b0a6298-00692d0e69" "proxy-server 98624" 0.0291 "-" 97343 0
Nov 30 22:41:29 np0005540556.novalocal account-server[97042]: ::1 - - [01/Dec/2025:03:41:29 +0000] "PUT /1/108421/AUTH_602f37ceccf647698ef9e0fe4d0d45d5/gnocchi.7e5e0dde-a9bd-49da-b923-46b72c8fb1fb" 201 - "PUT http://[::1]:6001/1/252927/AUTH_602f37ceccf647698ef9e0fe4d0d45d5/gnocchi.7e5e0dde-a9bd-49da-b923-46b72c8fb1fb" "txeccd528c635944b0a6298-00692d0e69" "container-server 97343" 0.0056 "-" 97042 0
Nov 30 22:41:29 np0005540556.novalocal container-server[97343]: ::1 - - [01/Dec/2025:03:41:29 +0000] "PUT /1/252927/AUTH_602f37ceccf647698ef9e0fe4d0d45d5/gnocchi.7e5e0dde-a9bd-49da-b923-46b72c8fb1fb" 201 - "PUT https://[::1]:8080/v1/AUTH_602f37ceccf647698ef9e0fe4d0d45d5/gnocchi.7e5e0dde-a9bd-49da-b923-46b72c8fb1fb" "txeccd528c635944b0a6298-00692d0e69" "proxy-server 98624" 0.0177 "-" 97343 0
Nov 30 22:41:29 np0005540556.novalocal proxy-server[98624]: ::1 ::1 01/Dec/2025/03/41/29 PUT /v1/AUTH_602f37ceccf647698ef9e0fe4d0d45d5/gnocchi.7e5e0dde-a9bd-49da-b923-46b72c8fb1fb HTTP/1.0 201 - python-swiftclient-4.8.0 gAAAAABpLQ4jjy8F... - - - txeccd528c635944b0a6298-00692d0e69 - 0.0399 - - 1764560489.648976326 1764560489.688906908 0 3cd24aa0af114855987a490c7d44632d
Nov 30 22:41:29 np0005540556.novalocal container-server[97343]: ::1 - - [01/Dec/2025:03:41:29 +0000] "HEAD /2/252927/AUTH_602f37ceccf647698ef9e0fe4d0d45d5/gnocchi.7e5e0dde-a9bd-49da-b923-46b72c8fb1fb" 204 - "HEAD http://[::1]:8080/v1/AUTH_602f37ceccf647698ef9e0fe4d0d45d5/gnocchi.7e5e0dde-a9bd-49da-b923-46b72c8fb1fb" "txd674045daed5433d9e08e-00692d0e69" "proxy-server 98624" 0.0014 "-" 97343 0
Nov 30 22:41:29 np0005540556.novalocal proxy-server[98624]: - - 01/Dec/2025/03/41/29 HEAD /v1/AUTH_602f37ceccf647698ef9e0fe4d0d45d5/gnocchi.7e5e0dde-a9bd-49da-b923-46b72c8fb1fb HTTP/1.0 204 - Swift - - - - txd674045daed5433d9e08e-00692d0e69 - 0.0046 CS - 1764560489.692994118 1764560489.697581291 0 -
Nov 30 22:41:29 np0005540556.novalocal container-server[97343]: ::1 - - [01/Dec/2025:03:41:29 +0000] "GET /3/252927/AUTH_602f37ceccf647698ef9e0fe4d0d45d5/gnocchi.7e5e0dde-a9bd-49da-b923-46b72c8fb1fb" 200 2 "GET https://[::1]:8080/v1/AUTH_602f37ceccf647698ef9e0fe4d0d45d5/gnocchi.7e5e0dde-a9bd-49da-b923-46b72c8fb1fb?format=json&states=listing" "txd674045daed5433d9e08e-00692d0e69" "proxy-server 98624" 0.0021 "-" 97343 0
Nov 30 22:41:29 np0005540556.novalocal proxy-server[98624]: ::1 ::1 01/Dec/2025/03/41/29 GET /v1/AUTH_602f37ceccf647698ef9e0fe4d0d45d5/gnocchi.7e5e0dde-a9bd-49da-b923-46b72c8fb1fb%3Fformat%3Djson%26states%3Dlisting HTTP/1.0 200 - python-swiftclient-4.8.0 gAAAAABpLQ4jjy8F... - 2 - txd674045daed5433d9e08e-00692d0e69 - 0.0140 - - 1764560489.692174435 1764560489.706186295 0 3cd24aa0af114855987a490c7d44632d
Nov 30 22:41:29 np0005540556.novalocal object-server[97639]: ::1 - - [01/Dec/2025:03:41:29 +0000] "GET /2/254408/AUTH_602f37ceccf647698ef9e0fe4d0d45d5/gnocchi.7e5e0dde-a9bd-49da-b923-46b72c8fb1fb/1763640000.0_mean_300.0_v3" 404 70 "GET https://[::1]:8080/v1/AUTH_602f37ceccf647698ef9e0fe4d0d45d5/gnocchi.7e5e0dde-a9bd-49da-b923-46b72c8fb1fb/1763640000.0_mean_300.0_v3" "txdc2540e4390344d3aa7d7-00692d0e69" "proxy-server 98624" 0.0007 "-" 97639 0
Nov 30 22:41:29 np0005540556.novalocal object-server[97639]: ::1 - - [01/Dec/2025:03:41:29 +0000] "GET /3/254408/AUTH_602f37ceccf647698ef9e0fe4d0d45d5/gnocchi.7e5e0dde-a9bd-49da-b923-46b72c8fb1fb/1763640000.0_mean_300.0_v3" 404 70 "GET https://[::1]:8080/v1/AUTH_602f37ceccf647698ef9e0fe4d0d45d5/gnocchi.7e5e0dde-a9bd-49da-b923-46b72c8fb1fb/1763640000.0_mean_300.0_v3" "txdc2540e4390344d3aa7d7-00692d0e69" "proxy-server 98624" 0.0006 "-" 97639 0
Nov 30 22:41:29 np0005540556.novalocal object-server[97640]: ::1 - - [01/Dec/2025:03:41:29 +0000] "GET /1/254408/AUTH_602f37ceccf647698ef9e0fe4d0d45d5/gnocchi.7e5e0dde-a9bd-49da-b923-46b72c8fb1fb/1763640000.0_mean_300.0_v3" 404 70 "GET https://[::1]:8080/v1/AUTH_602f37ceccf647698ef9e0fe4d0d45d5/gnocchi.7e5e0dde-a9bd-49da-b923-46b72c8fb1fb/1763640000.0_mean_300.0_v3" "txdc2540e4390344d3aa7d7-00692d0e69" "proxy-server 98624" 0.0007 "-" 97640 0
Nov 30 22:41:29 np0005540556.novalocal proxy-server[98624]: ::1 ::1 01/Dec/2025/03/41/29 GET /v1/AUTH_602f37ceccf647698ef9e0fe4d0d45d5/gnocchi.7e5e0dde-a9bd-49da-b923-46b72c8fb1fb/1763640000.0_mean_300.0_v3 HTTP/1.0 404 - python-swiftclient-4.8.0 gAAAAABpLQ4jjy8F... - 70 - txdc2540e4390344d3aa7d7-00692d0e69 - 0.0166 - - 1764560489.709450960 1764560489.726011276 0 3cd24aa0af114855987a490c7d44632d
Nov 30 22:41:29 np0005540556.novalocal container-server[97342]: ::1 - - [01/Dec/2025:03:41:29 +0000] "PUT /2/252927/AUTH_602f37ceccf647698ef9e0fe4d0d45d5/gnocchi.7e5e0dde-a9bd-49da-b923-46b72c8fb1fb/1763640000.0_mean_300.0_v3" 201 - "PUT http://[::1]:8080/1/254408/AUTH_602f37ceccf647698ef9e0fe4d0d45d5/gnocchi.7e5e0dde-a9bd-49da-b923-46b72c8fb1fb/1763640000.0_mean_300.0_v3" "txf9f3be0f3df64ee5969a7-00692d0e69" "object-server 97639" 0.0005 "-" 97342 0
Nov 30 22:41:29 np0005540556.novalocal object-server[97639]: ::1 - - [01/Dec/2025:03:41:29 +0000] "PUT /1/254408/AUTH_602f37ceccf647698ef9e0fe4d0d45d5/gnocchi.7e5e0dde-a9bd-49da-b923-46b72c8fb1fb/1763640000.0_mean_300.0_v3" 201 - "PUT https://[::1]:8080/v1/AUTH_602f37ceccf647698ef9e0fe4d0d45d5/gnocchi.7e5e0dde-a9bd-49da-b923-46b72c8fb1fb/1763640000.0_mean_300.0_v3" "txf9f3be0f3df64ee5969a7-00692d0e69" "proxy-server 98624" 0.0149 "-" 97639 0
Nov 30 22:41:29 np0005540556.novalocal container-server[97343]: ::1 - - [01/Dec/2025:03:41:29 +0000] "PUT /3/252927/AUTH_602f37ceccf647698ef9e0fe4d0d45d5/gnocchi.7e5e0dde-a9bd-49da-b923-46b72c8fb1fb/1763640000.0_mean_300.0_v3" 201 - "PUT http://[::1]:8080/3/254408/AUTH_602f37ceccf647698ef9e0fe4d0d45d5/gnocchi.7e5e0dde-a9bd-49da-b923-46b72c8fb1fb/1763640000.0_mean_300.0_v3" "txf9f3be0f3df64ee5969a7-00692d0e69" "object-server 97640" 0.0015 "-" 97343 0
Nov 30 22:41:29 np0005540556.novalocal object-server[97640]: ::1 - - [01/Dec/2025:03:41:29 +0000] "PUT /3/254408/AUTH_602f37ceccf647698ef9e0fe4d0d45d5/gnocchi.7e5e0dde-a9bd-49da-b923-46b72c8fb1fb/1763640000.0_mean_300.0_v3" 201 - "PUT https://[::1]:8080/v1/AUTH_602f37ceccf647698ef9e0fe4d0d45d5/gnocchi.7e5e0dde-a9bd-49da-b923-46b72c8fb1fb/1763640000.0_mean_300.0_v3" "txf9f3be0f3df64ee5969a7-00692d0e69" "proxy-server 98624" 0.0183 "-" 97640 0
Nov 30 22:41:29 np0005540556.novalocal container-server[97343]: ::1 - - [01/Dec/2025:03:41:29 +0000] "PUT /1/252927/AUTH_602f37ceccf647698ef9e0fe4d0d45d5/gnocchi.7e5e0dde-a9bd-49da-b923-46b72c8fb1fb/1763640000.0_mean_300.0_v3" 201 - "PUT http://[::1]:8080/2/254408/AUTH_602f37ceccf647698ef9e0fe4d0d45d5/gnocchi.7e5e0dde-a9bd-49da-b923-46b72c8fb1fb/1763640000.0_mean_300.0_v3" "txf9f3be0f3df64ee5969a7-00692d0e69" "object-server 97640" 0.0007 "-" 97343 0
Nov 30 22:41:29 np0005540556.novalocal object-server[97640]: ::1 - - [01/Dec/2025:03:41:29 +0000] "PUT /2/254408/AUTH_602f37ceccf647698ef9e0fe4d0d45d5/gnocchi.7e5e0dde-a9bd-49da-b923-46b72c8fb1fb/1763640000.0_mean_300.0_v3" 201 - "PUT https://[::1]:8080/v1/AUTH_602f37ceccf647698ef9e0fe4d0d45d5/gnocchi.7e5e0dde-a9bd-49da-b923-46b72c8fb1fb/1763640000.0_mean_300.0_v3" "txf9f3be0f3df64ee5969a7-00692d0e69" "proxy-server 98624" 0.0177 "-" 97640 0
Nov 30 22:41:29 np0005540556.novalocal proxy-server[98624]: ::1 ::1 01/Dec/2025/03/41/29 PUT /v1/AUTH_602f37ceccf647698ef9e0fe4d0d45d5/gnocchi.7e5e0dde-a9bd-49da-b923-46b72c8fb1fb/1763640000.0_mean_300.0_v3 HTTP/1.0 201 - python-swiftclient-4.8.0 gAAAAABpLQ4jjy8F... 16 - - txf9f3be0f3df64ee5969a7-00692d0e69 - 0.0281 - - 1764560489.728613138 1764560489.756685972 0 3cd24aa0af114855987a490c7d44632d
Nov 30 22:41:29 np0005540556.novalocal container-server[97343]: ::1 - - [01/Dec/2025:03:41:29 +0000] "PUT /2/252927/AUTH_602f37ceccf647698ef9e0fe4d0d45d5/gnocchi.7e5e0dde-a9bd-49da-b923-46b72c8fb1fb/none_v3" 201 - "PUT http://[::1]:8080/1/58420/AUTH_602f37ceccf647698ef9e0fe4d0d45d5/gnocchi.7e5e0dde-a9bd-49da-b923-46b72c8fb1fb/none_v3" "tx6d0ac93e33e64268affd3-00692d0e69" "object-server 97639" 0.0009 "-" 97343 0
Nov 30 22:41:29 np0005540556.novalocal object-server[97639]: ::1 - - [01/Dec/2025:03:41:29 +0000] "PUT /1/58420/AUTH_602f37ceccf647698ef9e0fe4d0d45d5/gnocchi.7e5e0dde-a9bd-49da-b923-46b72c8fb1fb/none_v3" 201 - "PUT https://[::1]:8080/v1/AUTH_602f37ceccf647698ef9e0fe4d0d45d5/gnocchi.7e5e0dde-a9bd-49da-b923-46b72c8fb1fb/none_v3" "tx6d0ac93e33e64268affd3-00692d0e69" "proxy-server 98624" 0.0170 "-" 97639 0
Nov 30 22:41:29 np0005540556.novalocal container-server[97343]: ::1 - - [01/Dec/2025:03:41:29 +0000] "PUT /1/252927/AUTH_602f37ceccf647698ef9e0fe4d0d45d5/gnocchi.7e5e0dde-a9bd-49da-b923-46b72c8fb1fb/none_v3" 201 - "PUT http://[::1]:8080/3/58420/AUTH_602f37ceccf647698ef9e0fe4d0d45d5/gnocchi.7e5e0dde-a9bd-49da-b923-46b72c8fb1fb/none_v3" "tx6d0ac93e33e64268affd3-00692d0e69" "object-server 97640" 0.0007 "-" 97343 0
Nov 30 22:41:29 np0005540556.novalocal object-server[97640]: ::1 - - [01/Dec/2025:03:41:29 +0000] "PUT /3/58420/AUTH_602f37ceccf647698ef9e0fe4d0d45d5/gnocchi.7e5e0dde-a9bd-49da-b923-46b72c8fb1fb/none_v3" 201 - "PUT https://[::1]:8080/v1/AUTH_602f37ceccf647698ef9e0fe4d0d45d5/gnocchi.7e5e0dde-a9bd-49da-b923-46b72c8fb1fb/none_v3" "tx6d0ac93e33e64268affd3-00692d0e69" "proxy-server 98624" 0.0201 "-" 97640 0
Nov 30 22:41:29 np0005540556.novalocal container-server[97343]: ::1 - - [01/Dec/2025:03:41:29 +0000] "PUT /3/252927/AUTH_602f37ceccf647698ef9e0fe4d0d45d5/gnocchi.7e5e0dde-a9bd-49da-b923-46b72c8fb1fb/none_v3" 201 - "PUT http://[::1]:8080/2/58420/AUTH_602f37ceccf647698ef9e0fe4d0d45d5/gnocchi.7e5e0dde-a9bd-49da-b923-46b72c8fb1fb/none_v3" "tx6d0ac93e33e64268affd3-00692d0e69" "object-server 97640" 0.0006 "-" 97343 0
Nov 30 22:41:29 np0005540556.novalocal object-server[97640]: ::1 - - [01/Dec/2025:03:41:29 +0000] "PUT /2/58420/AUTH_602f37ceccf647698ef9e0fe4d0d45d5/gnocchi.7e5e0dde-a9bd-49da-b923-46b72c8fb1fb/none_v3" 201 - "PUT https://[::1]:8080/v1/AUTH_602f37ceccf647698ef9e0fe4d0d45d5/gnocchi.7e5e0dde-a9bd-49da-b923-46b72c8fb1fb/none_v3" "tx6d0ac93e33e64268affd3-00692d0e69" "proxy-server 98624" 0.0220 "-" 97640 0
Nov 30 22:41:29 np0005540556.novalocal proxy-server[98624]: ::1 ::1 01/Dec/2025/03/41/29 PUT /v1/AUTH_602f37ceccf647698ef9e0fe4d0d45d5/gnocchi.7e5e0dde-a9bd-49da-b923-46b72c8fb1fb/none_v3 HTTP/1.0 201 - python-swiftclient-4.8.0 gAAAAABpLQ4jjy8F... 22 - - tx6d0ac93e33e64268affd3-00692d0e69 - 0.0314 - - 1764560489.760067940 1764560489.791464567 0 3cd24aa0af114855987a490c7d44632d
Nov 30 22:41:32 np0005540556.novalocal dnsmasq[104131]: read /var/lib/neutron/dhcp/83337bc1-f12c-496a-b7f2-d087a3bbdc64/addn_hosts - 2 addresses
Nov 30 22:41:32 np0005540556.novalocal dnsmasq-dhcp[104131]: read /var/lib/neutron/dhcp/83337bc1-f12c-496a-b7f2-d087a3bbdc64/host
Nov 30 22:41:32 np0005540556.novalocal dnsmasq-dhcp[104131]: read /var/lib/neutron/dhcp/83337bc1-f12c-496a-b7f2-d087a3bbdc64/opts
Nov 30 22:41:33 np0005540556.novalocal object-auditor[105858]: Begin object audit "forever" mode (ZBF)
Nov 30 22:41:33 np0005540556.novalocal object-auditor[105858]: Object audit (ZBF). Since Mon Dec 1 03:41:33 2025: Locally: 1 passed, 0 quarantined, 0 errors, files/sec: 356.36, bytes/sec: 0.00, Total time: 0.00, Auditing time: 0.00, Rate: 0.00
Nov 30 22:41:33 np0005540556.novalocal object-auditor[105859]: Begin object audit "forever" mode (ALL)
Nov 30 22:41:34 np0005540556.novalocal systemd[1]: NetworkManager-dispatcher.service: Deactivated successfully.
Nov 30 22:41:35 np0005540556.novalocal object-auditor[105859]: Object audit (ALL). Since Mon Dec 1 03:41:33 2025: Locally: 1 passed, 0 quarantined, 0 errors, files/sec: 0.47, bytes/sec: 10004834.68, Total time: 2.14, Auditing time: 0.00, Rate: 0.00
Nov 30 22:41:35 np0005540556.novalocal object-server[97639]: ::1 - - [01/Dec/2025:03:41:35 +0000] "GET /1/86890/AUTH_602f37ceccf647698ef9e0fe4d0d45d5/gnocchi.35400a87-a081-46aa-bbfa-3f65629c86b0/none_v3" 200 45 "GET https://[::1]:8080/v1/AUTH_602f37ceccf647698ef9e0fe4d0d45d5/gnocchi.35400a87-a081-46aa-bbfa-3f65629c86b0/none_v3" "tx3d4a351c857f46b79d390-00692d0e6f" "proxy-server 98624" 0.0013 "-" 97639 0
Nov 30 22:41:35 np0005540556.novalocal proxy-server[98624]: ::1 ::1 01/Dec/2025/03/41/35 GET /v1/AUTH_602f37ceccf647698ef9e0fe4d0d45d5/gnocchi.35400a87-a081-46aa-bbfa-3f65629c86b0/none_v3 HTTP/1.0 200 - python-swiftclient-4.8.0 gAAAAABpLQ4-yMSf... - 45 - tx3d4a351c857f46b79d390-00692d0e6f - 0.0085 - - 1764560495.731581450 1764560495.740126371 0 3cd24aa0af114855987a490c7d44632d
Nov 30 22:41:35 np0005540556.novalocal container-server[97343]: ::1 - - [01/Dec/2025:03:41:35 +0000] "GET /1/14885/AUTH_602f37ceccf647698ef9e0fe4d0d45d5/gnocchi.35400a87-a081-46aa-bbfa-3f65629c86b0" 200 357 "GET https://[::1]:8080/v1/AUTH_602f37ceccf647698ef9e0fe4d0d45d5/gnocchi.35400a87-a081-46aa-bbfa-3f65629c86b0?format=json&states=listing" "tx0ae12461cb2942f4a4aa2-00692d0e6f" "proxy-server 98624" 0.0099 "-" 97343 0
Nov 30 22:41:35 np0005540556.novalocal proxy-server[98624]: ::1 ::1 01/Dec/2025/03/41/35 GET /v1/AUTH_602f37ceccf647698ef9e0fe4d0d45d5/gnocchi.35400a87-a081-46aa-bbfa-3f65629c86b0%3Fformat%3Djson%26states%3Dlisting HTTP/1.0 200 - python-swiftclient-4.8.0 gAAAAABpLQ4-yMSf... - 357 - tx0ae12461cb2942f4a4aa2-00692d0e6f - 0.0175 - - 1764560495.742394209 1764560495.759899855 0 3cd24aa0af114855987a490c7d44632d
Nov 30 22:41:35 np0005540556.novalocal container-server[97343]: ::1 - - [01/Dec/2025:03:41:35 +0000] "GET /2/14885/AUTH_602f37ceccf647698ef9e0fe4d0d45d5/gnocchi.35400a87-a081-46aa-bbfa-3f65629c86b0" 200 2 "GET https://[::1]:8080/v1/AUTH_602f37ceccf647698ef9e0fe4d0d45d5/gnocchi.35400a87-a081-46aa-bbfa-3f65629c86b0?format=json&marker=none_v3&states=listing" "txf462f24819864fcabe7ea-00692d0e6f" "proxy-server 98624" 0.0085 "-" 97343 0
Nov 30 22:41:35 np0005540556.novalocal proxy-server[98624]: ::1 ::1 01/Dec/2025/03/41/35 GET /v1/AUTH_602f37ceccf647698ef9e0fe4d0d45d5/gnocchi.35400a87-a081-46aa-bbfa-3f65629c86b0%3Fformat%3Djson%26marker%3Dnone_v3%26states%3Dlisting HTTP/1.0 200 - python-swiftclient-4.8.0 gAAAAABpLQ4-yMSf... - 2 - txf462f24819864fcabe7ea-00692d0e6f - 0.0147 - - 1764560495.761688948 1764560495.776425838 0 3cd24aa0af114855987a490c7d44632d
Nov 30 22:41:35 np0005540556.novalocal object-server[97640]: ::1 - - [01/Dec/2025:03:41:35 +0000] "GET /1/230459/AUTH_602f37ceccf647698ef9e0fe4d0d45d5/gnocchi.35400a87-a081-46aa-bbfa-3f65629c86b0/1763640000.0_mean_300.0_v3" 200 16 "GET https://[::1]:8080/v1/AUTH_602f37ceccf647698ef9e0fe4d0d45d5/gnocchi.35400a87-a081-46aa-bbfa-3f65629c86b0/1763640000.0_mean_300.0_v3" "tx95d166df0ec047588108f-00692d0e6f" "proxy-server 98624" 0.0013 "-" 97640 0
Nov 30 22:41:35 np0005540556.novalocal proxy-server[98624]: ::1 ::1 01/Dec/2025/03/41/35 GET /v1/AUTH_602f37ceccf647698ef9e0fe4d0d45d5/gnocchi.35400a87-a081-46aa-bbfa-3f65629c86b0/1763640000.0_mean_300.0_v3 HTTP/1.0 200 - python-swiftclient-4.8.0 gAAAAABpLQ4-yMSf... - 16 - tx95d166df0ec047588108f-00692d0e6f - 0.0084 - - 1764560495.779083490 1764560495.787509441 0 3cd24aa0af114855987a490c7d44632d
Nov 30 22:41:35 np0005540556.novalocal container-server[97342]: ::1 - - [01/Dec/2025:03:41:35 +0000] "PUT /2/14885/AUTH_602f37ceccf647698ef9e0fe4d0d45d5/gnocchi.35400a87-a081-46aa-bbfa-3f65629c86b0/1763640000.0_mean_300.0_v3" 201 - "PUT http://[::1]:8080/3/230459/AUTH_602f37ceccf647698ef9e0fe4d0d45d5/gnocchi.35400a87-a081-46aa-bbfa-3f65629c86b0/1763640000.0_mean_300.0_v3" "tx94374821f8874d078b6c0-00692d0e6f" "object-server 97639" 0.0011 "-" 97342 0
Nov 30 22:41:35 np0005540556.novalocal object-server[97639]: ::1 - - [01/Dec/2025:03:41:35 +0000] "PUT /3/230459/AUTH_602f37ceccf647698ef9e0fe4d0d45d5/gnocchi.35400a87-a081-46aa-bbfa-3f65629c86b0/1763640000.0_mean_300.0_v3" 201 - "PUT https://[::1]:8080/v1/AUTH_602f37ceccf647698ef9e0fe4d0d45d5/gnocchi.35400a87-a081-46aa-bbfa-3f65629c86b0/1763640000.0_mean_300.0_v3" "tx94374821f8874d078b6c0-00692d0e6f" "proxy-server 98624" 0.0134 "-" 97639 0
Nov 30 22:41:35 np0005540556.novalocal container-server[97342]: ::1 - - [01/Dec/2025:03:41:35 +0000] "PUT /1/14885/AUTH_602f37ceccf647698ef9e0fe4d0d45d5/gnocchi.35400a87-a081-46aa-bbfa-3f65629c86b0/1763640000.0_mean_300.0_v3" 201 - "PUT http://[::1]:8080/2/230459/AUTH_602f37ceccf647698ef9e0fe4d0d45d5/gnocchi.35400a87-a081-46aa-bbfa-3f65629c86b0/1763640000.0_mean_300.0_v3" "tx94374821f8874d078b6c0-00692d0e6f" "object-server 97640" 0.0008 "-" 97342 0
Nov 30 22:41:35 np0005540556.novalocal object-server[97640]: ::1 - - [01/Dec/2025:03:41:35 +0000] "PUT /2/230459/AUTH_602f37ceccf647698ef9e0fe4d0d45d5/gnocchi.35400a87-a081-46aa-bbfa-3f65629c86b0/1763640000.0_mean_300.0_v3" 201 - "PUT https://[::1]:8080/v1/AUTH_602f37ceccf647698ef9e0fe4d0d45d5/gnocchi.35400a87-a081-46aa-bbfa-3f65629c86b0/1763640000.0_mean_300.0_v3" "tx94374821f8874d078b6c0-00692d0e6f" "proxy-server 98624" 0.0201 "-" 97640 0
Nov 30 22:41:35 np0005540556.novalocal container-server[97342]: ::1 - - [01/Dec/2025:03:41:35 +0000] "PUT /3/14885/AUTH_602f37ceccf647698ef9e0fe4d0d45d5/gnocchi.35400a87-a081-46aa-bbfa-3f65629c86b0/1763640000.0_mean_300.0_v3" 201 - "PUT http://[::1]:8080/1/230459/AUTH_602f37ceccf647698ef9e0fe4d0d45d5/gnocchi.35400a87-a081-46aa-bbfa-3f65629c86b0/1763640000.0_mean_300.0_v3" "tx94374821f8874d078b6c0-00692d0e6f" "object-server 97639" 0.0007 "-" 97342 0
Nov 30 22:41:35 np0005540556.novalocal object-server[97639]: ::1 - - [01/Dec/2025:03:41:35 +0000] "PUT /1/230459/AUTH_602f37ceccf647698ef9e0fe4d0d45d5/gnocchi.35400a87-a081-46aa-bbfa-3f65629c86b0/1763640000.0_mean_300.0_v3" 201 - "PUT https://[::1]:8080/v1/AUTH_602f37ceccf647698ef9e0fe4d0d45d5/gnocchi.35400a87-a081-46aa-bbfa-3f65629c86b0/1763640000.0_mean_300.0_v3" "tx94374821f8874d078b6c0-00692d0e6f" "proxy-server 98624" 0.0219 "-" 97639 0
Nov 30 22:41:35 np0005540556.novalocal proxy-server[98624]: ::1 ::1 01/Dec/2025/03/41/35 PUT /v1/AUTH_602f37ceccf647698ef9e0fe4d0d45d5/gnocchi.35400a87-a081-46aa-bbfa-3f65629c86b0/1763640000.0_mean_300.0_v3 HTTP/1.0 201 - python-swiftclient-4.8.0 gAAAAABpLQ4-yMSf... 16 - - tx94374821f8874d078b6c0-00692d0e6f - 0.0303 - - 1764560495.789498329 1764560495.819784403 0 3cd24aa0af114855987a490c7d44632d
Nov 30 22:41:35 np0005540556.novalocal container-server[97342]: ::1 - - [01/Dec/2025:03:41:35 +0000] "PUT /2/14885/AUTH_602f37ceccf647698ef9e0fe4d0d45d5/gnocchi.35400a87-a081-46aa-bbfa-3f65629c86b0/none_v3" 201 - "PUT http://[::1]:8080/1/86890/AUTH_602f37ceccf647698ef9e0fe4d0d45d5/gnocchi.35400a87-a081-46aa-bbfa-3f65629c86b0/none_v3" "tx14d2eac8ad644b0180064-00692d0e6f" "object-server 97640" 0.0009 "-" 97342 0
Nov 30 22:41:35 np0005540556.novalocal container-server[97342]: ::1 - - [01/Dec/2025:03:41:35 +0000] "PUT /3/14885/AUTH_602f37ceccf647698ef9e0fe4d0d45d5/gnocchi.35400a87-a081-46aa-bbfa-3f65629c86b0/none_v3" 201 - "PUT http://[::1]:8080/3/86890/AUTH_602f37ceccf647698ef9e0fe4d0d45d5/gnocchi.35400a87-a081-46aa-bbfa-3f65629c86b0/none_v3" "tx14d2eac8ad644b0180064-00692d0e6f" "object-server 97640" 0.0007 "-" 97342 0
Nov 30 22:41:35 np0005540556.novalocal object-server[97640]: ::1 - - [01/Dec/2025:03:41:35 +0000] "PUT /1/86890/AUTH_602f37ceccf647698ef9e0fe4d0d45d5/gnocchi.35400a87-a081-46aa-bbfa-3f65629c86b0/none_v3" 201 - "PUT https://[::1]:8080/v1/AUTH_602f37ceccf647698ef9e0fe4d0d45d5/gnocchi.35400a87-a081-46aa-bbfa-3f65629c86b0/none_v3" "tx14d2eac8ad644b0180064-00692d0e6f" "proxy-server 98624" 0.0139 "-" 97640 0
Nov 30 22:41:35 np0005540556.novalocal object-server[97640]: ::1 - - [01/Dec/2025:03:41:35 +0000] "PUT /3/86890/AUTH_602f37ceccf647698ef9e0fe4d0d45d5/gnocchi.35400a87-a081-46aa-bbfa-3f65629c86b0/none_v3" 201 - "PUT https://[::1]:8080/v1/AUTH_602f37ceccf647698ef9e0fe4d0d45d5/gnocchi.35400a87-a081-46aa-bbfa-3f65629c86b0/none_v3" "tx14d2eac8ad644b0180064-00692d0e6f" "proxy-server 98624" 0.0173 "-" 97640 0
Nov 30 22:41:35 np0005540556.novalocal container-server[97342]: ::1 - - [01/Dec/2025:03:41:35 +0000] "PUT /1/14885/AUTH_602f37ceccf647698ef9e0fe4d0d45d5/gnocchi.35400a87-a081-46aa-bbfa-3f65629c86b0/none_v3" 201 - "PUT http://[::1]:8080/2/86890/AUTH_602f37ceccf647698ef9e0fe4d0d45d5/gnocchi.35400a87-a081-46aa-bbfa-3f65629c86b0/none_v3" "tx14d2eac8ad644b0180064-00692d0e6f" "object-server 97640" 0.0007 "-" 97342 0
Nov 30 22:41:35 np0005540556.novalocal object-server[97640]: ::1 - - [01/Dec/2025:03:41:35 +0000] "PUT /2/86890/AUTH_602f37ceccf647698ef9e0fe4d0d45d5/gnocchi.35400a87-a081-46aa-bbfa-3f65629c86b0/none_v3" 201 - "PUT https://[::1]:8080/v1/AUTH_602f37ceccf647698ef9e0fe4d0d45d5/gnocchi.35400a87-a081-46aa-bbfa-3f65629c86b0/none_v3" "tx14d2eac8ad644b0180064-00692d0e6f" "proxy-server 98624" 0.0162 "-" 97640 0
Nov 30 22:41:35 np0005540556.novalocal proxy-server[98624]: ::1 ::1 01/Dec/2025/03/41/35 PUT /v1/AUTH_602f37ceccf647698ef9e0fe4d0d45d5/gnocchi.35400a87-a081-46aa-bbfa-3f65629c86b0/none_v3 HTTP/1.0 201 - python-swiftclient-4.8.0 gAAAAABpLQ4-yMSf... 52 - - tx14d2eac8ad644b0180064-00692d0e6f - 0.0277 - - 1764560495.821632624 1764560495.849283695 0 3cd24aa0af114855987a490c7d44632d
Nov 30 22:41:35 np0005540556.novalocal object-server[97640]: ::1 - - [01/Dec/2025:03:41:35 +0000] "GET /2/69551/AUTH_602f37ceccf647698ef9e0fe4d0d45d5/gnocchi.649f0318-462b-4d66-a79b-6e0f25e01bd3/none_v3" 200 36 "GET https://[::1]:8080/v1/AUTH_602f37ceccf647698ef9e0fe4d0d45d5/gnocchi.649f0318-462b-4d66-a79b-6e0f25e01bd3/none_v3" "tx13db17b8022342d696c4a-00692d0e6f" "proxy-server 98624" 0.0010 "-" 97640 0
Nov 30 22:41:35 np0005540556.novalocal proxy-server[98624]: ::1 ::1 01/Dec/2025/03/41/35 GET /v1/AUTH_602f37ceccf647698ef9e0fe4d0d45d5/gnocchi.649f0318-462b-4d66-a79b-6e0f25e01bd3/none_v3 HTTP/1.0 200 - python-swiftclient-4.8.0 gAAAAABpLQ4-yMSf... - 36 - tx13db17b8022342d696c4a-00692d0e6f - 0.0091 - - 1764560495.883378506 1764560495.892430067 0 3cd24aa0af114855987a490c7d44632d
Nov 30 22:41:35 np0005540556.novalocal container-server[97343]: ::1 - - [01/Dec/2025:03:41:35 +0000] "GET /1/17444/AUTH_602f37ceccf647698ef9e0fe4d0d45d5/gnocchi.649f0318-462b-4d66-a79b-6e0f25e01bd3" 200 357 "GET https://[::1]:8080/v1/AUTH_602f37ceccf647698ef9e0fe4d0d45d5/gnocchi.649f0318-462b-4d66-a79b-6e0f25e01bd3?format=json&states=listing" "txf985adfc09cb4a34995e1-00692d0e6f" "proxy-server 98624" 0.0102 "-" 97343 0
Nov 30 22:41:35 np0005540556.novalocal proxy-server[98624]: ::1 ::1 01/Dec/2025/03/41/35 GET /v1/AUTH_602f37ceccf647698ef9e0fe4d0d45d5/gnocchi.649f0318-462b-4d66-a79b-6e0f25e01bd3%3Fformat%3Djson%26states%3Dlisting HTTP/1.0 200 - python-swiftclient-4.8.0 gAAAAABpLQ4-yMSf... - 357 - txf985adfc09cb4a34995e1-00692d0e6f - 0.0193 - - 1764560495.894822598 1764560495.914127588 0 3cd24aa0af114855987a490c7d44632d
Nov 30 22:41:35 np0005540556.novalocal container-server[97343]: ::1 - - [01/Dec/2025:03:41:35 +0000] "GET /3/17444/AUTH_602f37ceccf647698ef9e0fe4d0d45d5/gnocchi.649f0318-462b-4d66-a79b-6e0f25e01bd3" 200 2 "GET https://[::1]:8080/v1/AUTH_602f37ceccf647698ef9e0fe4d0d45d5/gnocchi.649f0318-462b-4d66-a79b-6e0f25e01bd3?format=json&marker=none_v3&states=listing" "tx3c8060bc1fa543d5aa59c-00692d0e6f" "proxy-server 98624" 0.0109 "-" 97343 0
Nov 30 22:41:35 np0005540556.novalocal proxy-server[98624]: ::1 ::1 01/Dec/2025/03/41/35 GET /v1/AUTH_602f37ceccf647698ef9e0fe4d0d45d5/gnocchi.649f0318-462b-4d66-a79b-6e0f25e01bd3%3Fformat%3Djson%26marker%3Dnone_v3%26states%3Dlisting HTTP/1.0 200 - python-swiftclient-4.8.0 gAAAAABpLQ4-yMSf... - 2 - tx3c8060bc1fa543d5aa59c-00692d0e6f - 0.0195 - - 1764560495.917415619 1764560495.936954975 0 3cd24aa0af114855987a490c7d44632d
Nov 30 22:41:35 np0005540556.novalocal object-server[97639]: ::1 - - [01/Dec/2025:03:41:35 +0000] "GET /3/33621/AUTH_602f37ceccf647698ef9e0fe4d0d45d5/gnocchi.649f0318-462b-4d66-a79b-6e0f25e01bd3/1763640000.0_mean_300.0_v3" 200 16 "GET https://[::1]:8080/v1/AUTH_602f37ceccf647698ef9e0fe4d0d45d5/gnocchi.649f0318-462b-4d66-a79b-6e0f25e01bd3/1763640000.0_mean_300.0_v3" "tx1ce27d6e59c14ee08d4e3-00692d0e6f" "proxy-server 98624" 0.0013 "-" 97639 0
Nov 30 22:41:35 np0005540556.novalocal proxy-server[98624]: ::1 ::1 01/Dec/2025/03/41/35 GET /v1/AUTH_602f37ceccf647698ef9e0fe4d0d45d5/gnocchi.649f0318-462b-4d66-a79b-6e0f25e01bd3/1763640000.0_mean_300.0_v3 HTTP/1.0 200 - python-swiftclient-4.8.0 gAAAAABpLQ4-yMSf... - 16 - tx1ce27d6e59c14ee08d4e3-00692d0e6f - 0.0091 - - 1764560495.941262007 1764560495.950336218 0 3cd24aa0af114855987a490c7d44632d
Nov 30 22:41:35 np0005540556.novalocal container-server[97342]: ::1 - - [01/Dec/2025:03:41:35 +0000] "PUT /3/17444/AUTH_602f37ceccf647698ef9e0fe4d0d45d5/gnocchi.649f0318-462b-4d66-a79b-6e0f25e01bd3/1763640000.0_mean_300.0_v3" 201 - "PUT http://[::1]:8080/2/33621/AUTH_602f37ceccf647698ef9e0fe4d0d45d5/gnocchi.649f0318-462b-4d66-a79b-6e0f25e01bd3/1763640000.0_mean_300.0_v3" "tx0e23b99a73d74fa5947ee-00692d0e6f" "object-server 97640" 0.0014 "-" 97342 0
Nov 30 22:41:35 np0005540556.novalocal object-server[97640]: ::1 - - [01/Dec/2025:03:41:35 +0000] "PUT /2/33621/AUTH_602f37ceccf647698ef9e0fe4d0d45d5/gnocchi.649f0318-462b-4d66-a79b-6e0f25e01bd3/1763640000.0_mean_300.0_v3" 201 - "PUT https://[::1]:8080/v1/AUTH_602f37ceccf647698ef9e0fe4d0d45d5/gnocchi.649f0318-462b-4d66-a79b-6e0f25e01bd3/1763640000.0_mean_300.0_v3" "tx0e23b99a73d74fa5947ee-00692d0e6f" "proxy-server 98624" 0.0145 "-" 97640 0
Nov 30 22:41:35 np0005540556.novalocal container-server[97343]: ::1 - - [01/Dec/2025:03:41:35 +0000] "PUT /1/17444/AUTH_602f37ceccf647698ef9e0fe4d0d45d5/gnocchi.649f0318-462b-4d66-a79b-6e0f25e01bd3/1763640000.0_mean_300.0_v3" 201 - "PUT http://[::1]:8080/3/33621/AUTH_602f37ceccf647698ef9e0fe4d0d45d5/gnocchi.649f0318-462b-4d66-a79b-6e0f25e01bd3/1763640000.0_mean_300.0_v3" "tx0e23b99a73d74fa5947ee-00692d0e6f" "object-server 97639" 0.0010 "-" 97343 0
Nov 30 22:41:35 np0005540556.novalocal object-server[97639]: ::1 - - [01/Dec/2025:03:41:35 +0000] "PUT /3/33621/AUTH_602f37ceccf647698ef9e0fe4d0d45d5/gnocchi.649f0318-462b-4d66-a79b-6e0f25e01bd3/1763640000.0_mean_300.0_v3" 201 - "PUT https://[::1]:8080/v1/AUTH_602f37ceccf647698ef9e0fe4d0d45d5/gnocchi.649f0318-462b-4d66-a79b-6e0f25e01bd3/1763640000.0_mean_300.0_v3" "tx0e23b99a73d74fa5947ee-00692d0e6f" "proxy-server 98624" 0.0169 "-" 97639 0
Nov 30 22:41:35 np0005540556.novalocal container-server[97343]: ::1 - - [01/Dec/2025:03:41:35 +0000] "PUT /2/17444/AUTH_602f37ceccf647698ef9e0fe4d0d45d5/gnocchi.649f0318-462b-4d66-a79b-6e0f25e01bd3/1763640000.0_mean_300.0_v3" 201 - "PUT http://[::1]:8080/1/33621/AUTH_602f37ceccf647698ef9e0fe4d0d45d5/gnocchi.649f0318-462b-4d66-a79b-6e0f25e01bd3/1763640000.0_mean_300.0_v3" "tx0e23b99a73d74fa5947ee-00692d0e6f" "object-server 97639" 0.0008 "-" 97343 0
Nov 30 22:41:35 np0005540556.novalocal object-server[97639]: ::1 - - [01/Dec/2025:03:41:35 +0000] "PUT /1/33621/AUTH_602f37ceccf647698ef9e0fe4d0d45d5/gnocchi.649f0318-462b-4d66-a79b-6e0f25e01bd3/1763640000.0_mean_300.0_v3" 201 - "PUT https://[::1]:8080/v1/AUTH_602f37ceccf647698ef9e0fe4d0d45d5/gnocchi.649f0318-462b-4d66-a79b-6e0f25e01bd3/1763640000.0_mean_300.0_v3" "tx0e23b99a73d74fa5947ee-00692d0e6f" "proxy-server 98624" 0.0170 "-" 97639 0
Nov 30 22:41:35 np0005540556.novalocal proxy-server[98624]: ::1 ::1 01/Dec/2025/03/41/35 PUT /v1/AUTH_602f37ceccf647698ef9e0fe4d0d45d5/gnocchi.649f0318-462b-4d66-a79b-6e0f25e01bd3/1763640000.0_mean_300.0_v3 HTTP/1.0 201 - python-swiftclient-4.8.0 gAAAAABpLQ4-yMSf... 16 - - tx0e23b99a73d74fa5947ee-00692d0e6f - 0.0293 - - 1764560495.953914404 1764560495.983248472 0 3cd24aa0af114855987a490c7d44632d
Nov 30 22:41:36 np0005540556.novalocal container-server[97343]: ::1 - - [01/Dec/2025:03:41:36 +0000] "PUT /3/17444/AUTH_602f37ceccf647698ef9e0fe4d0d45d5/gnocchi.649f0318-462b-4d66-a79b-6e0f25e01bd3/none_v3" 201 - "PUT http://[::1]:8080/3/69551/AUTH_602f37ceccf647698ef9e0fe4d0d45d5/gnocchi.649f0318-462b-4d66-a79b-6e0f25e01bd3/none_v3" "tx62e8d67a0641446baa6ed-00692d0e6f" "object-server 97640" 0.0009 "-" 97343 0
Nov 30 22:41:36 np0005540556.novalocal container-server[97342]: ::1 - - [01/Dec/2025:03:41:36 +0000] "PUT /2/17444/AUTH_602f37ceccf647698ef9e0fe4d0d45d5/gnocchi.649f0318-462b-4d66-a79b-6e0f25e01bd3/none_v3" 201 - "PUT http://[::1]:8080/2/69551/AUTH_602f37ceccf647698ef9e0fe4d0d45d5/gnocchi.649f0318-462b-4d66-a79b-6e0f25e01bd3/none_v3" "tx62e8d67a0641446baa6ed-00692d0e6f" "object-server 97639" 0.0021 "-" 97342 0
Nov 30 22:41:36 np0005540556.novalocal object-server[97640]: ::1 - - [01/Dec/2025:03:41:36 +0000] "PUT /3/69551/AUTH_602f37ceccf647698ef9e0fe4d0d45d5/gnocchi.649f0318-462b-4d66-a79b-6e0f25e01bd3/none_v3" 201 - "PUT https://[::1]:8080/v1/AUTH_602f37ceccf647698ef9e0fe4d0d45d5/gnocchi.649f0318-462b-4d66-a79b-6e0f25e01bd3/none_v3" "tx62e8d67a0641446baa6ed-00692d0e6f" "proxy-server 98624" 0.0176 "-" 97640 0
Nov 30 22:41:36 np0005540556.novalocal object-server[97639]: ::1 - - [01/Dec/2025:03:41:36 +0000] "PUT /2/69551/AUTH_602f37ceccf647698ef9e0fe4d0d45d5/gnocchi.649f0318-462b-4d66-a79b-6e0f25e01bd3/none_v3" 201 - "PUT https://[::1]:8080/v1/AUTH_602f37ceccf647698ef9e0fe4d0d45d5/gnocchi.649f0318-462b-4d66-a79b-6e0f25e01bd3/none_v3" "tx62e8d67a0641446baa6ed-00692d0e6f" "proxy-server 98624" 0.0149 "-" 97639 0
Nov 30 22:41:36 np0005540556.novalocal container-server[97342]: ::1 - - [01/Dec/2025:03:41:36 +0000] "PUT /1/17444/AUTH_602f37ceccf647698ef9e0fe4d0d45d5/gnocchi.649f0318-462b-4d66-a79b-6e0f25e01bd3/none_v3" 201 - "PUT http://[::1]:8080/1/69551/AUTH_602f37ceccf647698ef9e0fe4d0d45d5/gnocchi.649f0318-462b-4d66-a79b-6e0f25e01bd3/none_v3" "tx62e8d67a0641446baa6ed-00692d0e6f" "object-server 97640" 0.0013 "-" 97342 0
Nov 30 22:41:36 np0005540556.novalocal object-server[97640]: ::1 - - [01/Dec/2025:03:41:36 +0000] "PUT /1/69551/AUTH_602f37ceccf647698ef9e0fe4d0d45d5/gnocchi.649f0318-462b-4d66-a79b-6e0f25e01bd3/none_v3" 201 - "PUT https://[::1]:8080/v1/AUTH_602f37ceccf647698ef9e0fe4d0d45d5/gnocchi.649f0318-462b-4d66-a79b-6e0f25e01bd3/none_v3" "tx62e8d67a0641446baa6ed-00692d0e6f" "proxy-server 98624" 0.0241 "-" 97640 0
Nov 30 22:41:36 np0005540556.novalocal proxy-server[98624]: ::1 ::1 01/Dec/2025/03/41/36 PUT /v1/AUTH_602f37ceccf647698ef9e0fe4d0d45d5/gnocchi.649f0318-462b-4d66-a79b-6e0f25e01bd3/none_v3 HTTP/1.0 201 - python-swiftclient-4.8.0 gAAAAABpLQ4-yMSf... 45 - - tx62e8d67a0641446baa6ed-00692d0e6f - 0.0363 - - 1764560495.986555815 1764560496.022845030 0 3cd24aa0af114855987a490c7d44632d
Nov 30 22:41:36 np0005540556.novalocal object-server[97640]: ::1 - - [01/Dec/2025:03:41:36 +0000] "GET /2/199764/AUTH_602f37ceccf647698ef9e0fe4d0d45d5/gnocchi.1852c118-2266-4e64-9e58-325ffa510756/none_v3" 200 43 "GET https://[::1]:8080/v1/AUTH_602f37ceccf647698ef9e0fe4d0d45d5/gnocchi.1852c118-2266-4e64-9e58-325ffa510756/none_v3" "txc0cf06a658cc45dd81e7c-00692d0e70" "proxy-server 98624" 0.0011 "-" 97640 0
Nov 30 22:41:36 np0005540556.novalocal proxy-server[98624]: ::1 ::1 01/Dec/2025/03/41/36 GET /v1/AUTH_602f37ceccf647698ef9e0fe4d0d45d5/gnocchi.1852c118-2266-4e64-9e58-325ffa510756/none_v3 HTTP/1.0 200 - python-swiftclient-4.8.0 gAAAAABpLQ4-yMSf... - 43 - txc0cf06a658cc45dd81e7c-00692d0e70 - 0.0111 - - 1764560496.040104151 1764560496.051231384 0 3cd24aa0af114855987a490c7d44632d
Nov 30 22:41:36 np0005540556.novalocal container-server[97343]: ::1 - - [01/Dec/2025:03:41:36 +0000] "GET /3/185411/AUTH_602f37ceccf647698ef9e0fe4d0d45d5/gnocchi.1852c118-2266-4e64-9e58-325ffa510756" 200 357 "GET https://[::1]:8080/v1/AUTH_602f37ceccf647698ef9e0fe4d0d45d5/gnocchi.1852c118-2266-4e64-9e58-325ffa510756?format=json&states=listing" "tx0565328604ea48dfbe745-00692d0e70" "proxy-server 98624" 0.0120 "-" 97343 0
Nov 30 22:41:36 np0005540556.novalocal proxy-server[98624]: ::1 ::1 01/Dec/2025/03/41/36 GET /v1/AUTH_602f37ceccf647698ef9e0fe4d0d45d5/gnocchi.1852c118-2266-4e64-9e58-325ffa510756%3Fformat%3Djson%26states%3Dlisting HTTP/1.0 200 - python-swiftclient-4.8.0 gAAAAABpLQ4-yMSf... - 357 - tx0565328604ea48dfbe745-00692d0e70 - 0.0227 - - 1764560496.055570126 1764560496.078257561 0 3cd24aa0af114855987a490c7d44632d
Nov 30 22:41:36 np0005540556.novalocal account-server[97043]: ::1 - - [01/Dec/2025:03:41:36 +0000] "HEAD /3/249817/.misplaced_objects" 404 - "HEAD http://localhost/v1/.misplaced_objects?format=json" "tx77fbf0aa3e624a6191a9c-00692d0e70" "Swift Container Reconciler" 0.0008 "-" 97043 -
Nov 30 22:41:36 np0005540556.novalocal account-server[97042]: ::1 - - [01/Dec/2025:03:41:36 +0000] "HEAD /1/249817/.misplaced_objects" 404 - "HEAD http://localhost/v1/.misplaced_objects?format=json" "tx77fbf0aa3e624a6191a9c-00692d0e70" "Swift Container Reconciler" 0.0004 "-" 97042 -
Nov 30 22:41:36 np0005540556.novalocal container-server[97343]: ::1 - - [01/Dec/2025:03:41:36 +0000] "GET /3/185411/AUTH_602f37ceccf647698ef9e0fe4d0d45d5/gnocchi.1852c118-2266-4e64-9e58-325ffa510756" 200 2 "GET https://[::1]:8080/v1/AUTH_602f37ceccf647698ef9e0fe4d0d45d5/gnocchi.1852c118-2266-4e64-9e58-325ffa510756?format=json&marker=none_v3&states=listing" "txac20e473677c4294a56ef-00692d0e70" "proxy-server 98624" 0.0043 "-" 97343 0
Nov 30 22:41:36 np0005540556.novalocal account-server[97043]: ::1 - - [01/Dec/2025:03:41:36 +0000] "HEAD /2/249817/.misplaced_objects" 404 - "HEAD http://localhost/v1/.misplaced_objects?format=json" "tx77fbf0aa3e624a6191a9c-00692d0e70" "Swift Container Reconciler" 0.0004 "-" 97043 -
Nov 30 22:41:36 np0005540556.novalocal proxy-server[98624]: ::1 ::1 01/Dec/2025/03/41/36 GET /v1/AUTH_602f37ceccf647698ef9e0fe4d0d45d5/gnocchi.1852c118-2266-4e64-9e58-325ffa510756%3Fformat%3Djson%26marker%3Dnone_v3%26states%3Dlisting HTTP/1.0 200 - python-swiftclient-4.8.0 gAAAAABpLQ4-yMSf... - 2 - txac20e473677c4294a56ef-00692d0e70 - 0.0118 - - 1764560496.082526207 1764560496.094376087 0 3cd24aa0af114855987a490c7d44632d
Nov 30 22:41:36 np0005540556.novalocal container-reconciler-ic[93081]: - - 01/Dec/2025/03/41/36 HEAD /v1/.misplaced_objects%3Fformat%3Djson HTTP/1.0 404 - Swift - - - - tx77fbf0aa3e624a6191a9c-00692d0e70 - 0.0170 GET_ACCOUNT_INFO - 1764560496.078276157 1764560496.095263004 - -
