Nov 30 22:40:50 np0005540556.novalocal proxy-server[98624]: ::1 ::1 01/Dec/2025/03/40/50 GET /v1/AUTH_602f37ceccf647698ef9e0fe4d0d45d5/gnocchi.4d8da67d-78f9-4070-965f-f459eb6cfc65/1763640000.0_mean_300.0_v3 HTTP/1.0 200 - python-swiftclient-4.8.0 gAAAAABpLQ4-yMSf... - 16 - tx654e944e321249cc92501-00692d0e42 - 0.0077 - - 1764560450.827657223 1764560450.835376978 0 3cd24aa0af114855987a490c7d44632d
Nov 30 22:40:50 np0005540556.novalocal sudo[105217]: pam_unix(sudo:session): session closed for user root
Nov 30 22:40:50 np0005540556.novalocal systemd[1]: session-c110.scope: Deactivated successfully.
Nov 30 22:40:50 np0005540556.novalocal container-server[97343]: ::1 - - [01/Dec/2025:03:40:50 +0000] "PUT /3/154227/AUTH_602f37ceccf647698ef9e0fe4d0d45d5/gnocchi.4d8da67d-78f9-4070-965f-f459eb6cfc65/1763640000.0_mean_300.0_v3" 201 - "PUT http://[::1]:8080/3/181278/AUTH_602f37ceccf647698ef9e0fe4d0d45d5/gnocchi.4d8da67d-78f9-4070-965f-f459eb6cfc65/1763640000.0_mean_300.0_v3" "txbe74294b934f48cb883b3-00692d0e42" "object-server 97639" 0.0009 "-" 97343 0
Nov 30 22:40:50 np0005540556.novalocal object-server[97639]: ::1 - - [01/Dec/2025:03:40:50 +0000] "PUT /3/181278/AUTH_602f37ceccf647698ef9e0fe4d0d45d5/gnocchi.4d8da67d-78f9-4070-965f-f459eb6cfc65/1763640000.0_mean_300.0_v3" 201 - "PUT https://[::1]:8080/v1/AUTH_602f37ceccf647698ef9e0fe4d0d45d5/gnocchi.4d8da67d-78f9-4070-965f-f459eb6cfc65/1763640000.0_mean_300.0_v3" "txbe74294b934f48cb883b3-00692d0e42" "proxy-server 98624" 0.0274 "-" 97639 0
Nov 30 22:40:50 np0005540556.novalocal container-server[97343]: ::1 - - [01/Dec/2025:03:40:50 +0000] "PUT /1/154227/AUTH_602f37ceccf647698ef9e0fe4d0d45d5/gnocchi.4d8da67d-78f9-4070-965f-f459eb6cfc65/1763640000.0_mean_300.0_v3" 201 - "PUT http://[::1]:8080/1/181278/AUTH_602f37ceccf647698ef9e0fe4d0d45d5/gnocchi.4d8da67d-78f9-4070-965f-f459eb6cfc65/1763640000.0_mean_300.0_v3" "txbe74294b934f48cb883b3-00692d0e42" "object-server 97639" 0.0004 "-" 97343 0
Nov 30 22:40:50 np0005540556.novalocal object-server[97639]: ::1 - - [01/Dec/2025:03:40:50 +0000] "PUT /1/181278/AUTH_602f37ceccf647698ef9e0fe4d0d45d5/gnocchi.4d8da67d-78f9-4070-965f-f459eb6cfc65/1763640000.0_mean_300.0_v3" 201 - "PUT https://[::1]:8080/v1/AUTH_602f37ceccf647698ef9e0fe4d0d45d5/gnocchi.4d8da67d-78f9-4070-965f-f459eb6cfc65/1763640000.0_mean_300.0_v3" "txbe74294b934f48cb883b3-00692d0e42" "proxy-server 98624" 0.0303 "-" 97639 0
Nov 30 22:40:50 np0005540556.novalocal container-server[97342]: ::1 - - [01/Dec/2025:03:40:50 +0000] "PUT /2/154227/AUTH_602f37ceccf647698ef9e0fe4d0d45d5/gnocchi.4d8da67d-78f9-4070-965f-f459eb6cfc65/1763640000.0_mean_300.0_v3" 201 - "PUT http://[::1]:8080/2/181278/AUTH_602f37ceccf647698ef9e0fe4d0d45d5/gnocchi.4d8da67d-78f9-4070-965f-f459eb6cfc65/1763640000.0_mean_300.0_v3" "txbe74294b934f48cb883b3-00692d0e42" "object-server 97639" 0.0005 "-" 97342 0
Nov 30 22:40:50 np0005540556.novalocal object-server[97639]: ::1 - - [01/Dec/2025:03:40:50 +0000] "PUT /2/181278/AUTH_602f37ceccf647698ef9e0fe4d0d45d5/gnocchi.4d8da67d-78f9-4070-965f-f459eb6cfc65/1763640000.0_mean_300.0_v3" 201 - "PUT https://[::1]:8080/v1/AUTH_602f37ceccf647698ef9e0fe4d0d45d5/gnocchi.4d8da67d-78f9-4070-965f-f459eb6cfc65/1763640000.0_mean_300.0_v3" "txbe74294b934f48cb883b3-00692d0e42" "proxy-server 98624" 0.0311 "-" 97639 0
Nov 30 22:40:50 np0005540556.novalocal proxy-server[98624]: ::1 ::1 01/Dec/2025/03/40/50 PUT /v1/AUTH_602f37ceccf647698ef9e0fe4d0d45d5/gnocchi.4d8da67d-78f9-4070-965f-f459eb6cfc65/1763640000.0_mean_300.0_v3 HTTP/1.0 201 - python-swiftclient-4.8.0 gAAAAABpLQ4-yMSf... 16 - - txbe74294b934f48cb883b3-00692d0e42 - 0.0426 - - 1764560450.840048313 1764560450.882642031 0 3cd24aa0af114855987a490c7d44632d
Nov 30 22:40:50 np0005540556.novalocal container-server[97342]: ::1 - - [01/Dec/2025:03:40:50 +0000] "PUT /3/154227/AUTH_602f37ceccf647698ef9e0fe4d0d45d5/gnocchi.4d8da67d-78f9-4070-965f-f459eb6cfc65/none_v3" 201 - "PUT http://[::1]:8080/3/253242/AUTH_602f37ceccf647698ef9e0fe4d0d45d5/gnocchi.4d8da67d-78f9-4070-965f-f459eb6cfc65/none_v3" "tx41393c8b7f9a4667a5481-00692d0e42" "object-server 97639" 0.0005 "-" 97342 0
Nov 30 22:40:50 np0005540556.novalocal container-server[97343]: ::1 - - [01/Dec/2025:03:40:50 +0000] "PUT /2/154227/AUTH_602f37ceccf647698ef9e0fe4d0d45d5/gnocchi.4d8da67d-78f9-4070-965f-f459eb6cfc65/none_v3" 201 - "PUT http://[::1]:8080/2/253242/AUTH_602f37ceccf647698ef9e0fe4d0d45d5/gnocchi.4d8da67d-78f9-4070-965f-f459eb6cfc65/none_v3" "tx41393c8b7f9a4667a5481-00692d0e42" "object-server 97640" 0.0010 "-" 97343 0
Nov 30 22:40:50 np0005540556.novalocal object-server[97640]: ::1 - - [01/Dec/2025:03:40:50 +0000] "PUT /2/253242/AUTH_602f37ceccf647698ef9e0fe4d0d45d5/gnocchi.4d8da67d-78f9-4070-965f-f459eb6cfc65/none_v3" 201 - "PUT https://[::1]:8080/v1/AUTH_602f37ceccf647698ef9e0fe4d0d45d5/gnocchi.4d8da67d-78f9-4070-965f-f459eb6cfc65/none_v3" "tx41393c8b7f9a4667a5481-00692d0e42" "proxy-server 98624" 0.0120 "-" 97640 0
Nov 30 22:40:50 np0005540556.novalocal object-server[97639]: ::1 - - [01/Dec/2025:03:40:50 +0000] "PUT /3/253242/AUTH_602f37ceccf647698ef9e0fe4d0d45d5/gnocchi.4d8da67d-78f9-4070-965f-f459eb6cfc65/none_v3" 201 - "PUT https://[::1]:8080/v1/AUTH_602f37ceccf647698ef9e0fe4d0d45d5/gnocchi.4d8da67d-78f9-4070-965f-f459eb6cfc65/none_v3" "tx41393c8b7f9a4667a5481-00692d0e42" "proxy-server 98624" 0.0114 "-" 97639 0
Nov 30 22:40:50 np0005540556.novalocal container-server[97343]: ::1 - - [01/Dec/2025:03:40:50 +0000] "PUT /1/154227/AUTH_602f37ceccf647698ef9e0fe4d0d45d5/gnocchi.4d8da67d-78f9-4070-965f-f459eb6cfc65/none_v3" 201 - "PUT http://[::1]:8080/1/253242/AUTH_602f37ceccf647698ef9e0fe4d0d45d5/gnocchi.4d8da67d-78f9-4070-965f-f459eb6cfc65/none_v3" "tx41393c8b7f9a4667a5481-00692d0e42" "object-server 97639" 0.0004 "-" 97343 0
Nov 30 22:40:50 np0005540556.novalocal object-server[97639]: ::1 - - [01/Dec/2025:03:40:50 +0000] "PUT /1/253242/AUTH_602f37ceccf647698ef9e0fe4d0d45d5/gnocchi.4d8da67d-78f9-4070-965f-f459eb6cfc65/none_v3" 201 - "PUT https://[::1]:8080/v1/AUTH_602f37ceccf647698ef9e0fe4d0d45d5/gnocchi.4d8da67d-78f9-4070-965f-f459eb6cfc65/none_v3" "tx41393c8b7f9a4667a5481-00692d0e42" "proxy-server 98624" 0.0167 "-" 97639 0
Nov 30 22:40:50 np0005540556.novalocal proxy-server[98624]: ::1 ::1 01/Dec/2025/03/40/50 PUT /v1/AUTH_602f37ceccf647698ef9e0fe4d0d45d5/gnocchi.4d8da67d-78f9-4070-965f-f459eb6cfc65/none_v3 HTTP/1.0 201 - python-swiftclient-4.8.0 gAAAAABpLQ4-yMSf... 61 - - tx41393c8b7f9a4667a5481-00692d0e42 - 0.0251 - - 1764560450.888056755 1764560450.913118124 0 3cd24aa0af114855987a490c7d44632d
Nov 30 22:40:50 np0005540556.novalocal sudo[105225]: cinder : PWD=/ ; USER=root ; COMMAND=/usr/bin/cinder-rootwrap /etc/cinder/rootwrap.conf cinder-rtstool save
Nov 30 22:40:50 np0005540556.novalocal systemd[1]: Started Session c111 of User root.
Nov 30 22:40:50 np0005540556.novalocal sudo[105225]: pam_unix(sudo:session): session opened for user root(uid=0) by (uid=165)
Nov 30 22:40:51 np0005540556.novalocal systemd[1]: Started dbus-:1.1-org.fedoraproject.SetroubleshootPrivileged@9.service.
Nov 30 22:40:51 np0005540556.novalocal sudo[105225]: pam_unix(sudo:session): session closed for user root
Nov 30 22:40:51 np0005540556.novalocal systemd[1]: session-c111.scope: Deactivated successfully.
Nov 30 22:40:51 np0005540556.novalocal sudo[105242]: cinder : PWD=/ ; USER=root ; COMMAND=/usr/bin/cinder-rootwrap /etc/cinder/rootwrap.conf cinder-rtstool get-targets
Nov 30 22:40:51 np0005540556.novalocal systemd[1]: Started Session c112 of User root.
Nov 30 22:40:51 np0005540556.novalocal sudo[105242]: pam_unix(sudo:session): session opened for user root(uid=0) by (uid=165)
Nov 30 22:40:52 np0005540556.novalocal sudo[105242]: pam_unix(sudo:session): session closed for user root
Nov 30 22:40:52 np0005540556.novalocal systemd[1]: session-c112.scope: Deactivated successfully.
Nov 30 22:40:52 np0005540556.novalocal sudo[105253]: cinder : PWD=/ ; USER=root ; COMMAND=/usr/bin/cinder-rootwrap /etc/cinder/rootwrap.conf cinder-rtstool delete iqn.2010-10.org.openstack:volume-82d734e1-92f1-4185-803d-696f86b39eb0
Nov 30 22:40:52 np0005540556.novalocal systemd[1]: Started Session c113 of User root.
Nov 30 22:40:52 np0005540556.novalocal sudo[105253]: pam_unix(sudo:session): session opened for user root(uid=0) by (uid=165)
Nov 30 22:40:52 np0005540556.novalocal sudo[105253]: pam_unix(sudo:session): session closed for user root
Nov 30 22:40:52 np0005540556.novalocal systemd[1]: session-c113.scope: Deactivated successfully.
Nov 30 22:40:52 np0005540556.novalocal setroubleshoot[105215]: SELinux is preventing /usr/sbin/httpd from read access on the file 5f414251fc402ae97dff939ddd2afd90359dd9693e9a05bcf4f201de50e3a9c1. For complete SELinux messages run: sealert -l bd9f4477-12fd-4504-a197-81125c6014f1
Nov 30 22:40:52 np0005540556.novalocal setroubleshoot[105215]: SELinux is preventing /usr/sbin/httpd from read access on the file 5f414251fc402ae97dff939ddd2afd90359dd9693e9a05bcf4f201de50e3a9c1. ***** Plugin catchall (100. confidence) suggests ************************** If you believe that httpd should be allowed read access on the 5f414251fc402ae97dff939ddd2afd90359dd9693e9a05bcf4f201de50e3a9c1 file by default. Then you should report this as a bug. You can generate a local policy module to allow this access. Do allow this access for now by executing: # ausearch -c 'httpd' --raw | audit2allow -M my-httpd # semodule -X 300 -i my-httpd.pp
Nov 30 22:40:52 np0005540556.novalocal sudo[105259]: cinder : PWD=/ ; USER=root ; COMMAND=/usr/bin/cinder-rootwrap /etc/cinder/rootwrap.conf cinder-rtstool save
Nov 30 22:40:52 np0005540556.novalocal systemd[1]: Started Session c114 of User root.
Nov 30 22:40:52 np0005540556.novalocal sudo[105259]: pam_unix(sudo:session): session opened for user root(uid=0) by (uid=165)
Nov 30 22:40:53 np0005540556.novalocal setroubleshoot[105215]: failed to retrieve rpm info for path '/var/lib/nova/.cache/python-entrypoints/5f414251fc402ae97dff939ddd2afd90359dd9693e9a05bcf4f201de50e3a9c1':
Nov 30 22:40:53 np0005540556.novalocal setroubleshoot[105215]: SELinux is preventing /usr/sbin/httpd from open access on the file /var/lib/nova/.cache/python-entrypoints/5f414251fc402ae97dff939ddd2afd90359dd9693e9a05bcf4f201de50e3a9c1. For complete SELinux messages run: sealert -l d7b0fe2f-2673-444c-8c50-67f62a6d481a
Nov 30 22:40:53 np0005540556.novalocal setroubleshoot[105215]: SELinux is preventing /usr/sbin/httpd from open access on the file /var/lib/nova/.cache/python-entrypoints/5f414251fc402ae97dff939ddd2afd90359dd9693e9a05bcf4f201de50e3a9c1. ***** Plugin catchall (100. confidence) suggests ************************** If you believe that httpd should be allowed open access on the 5f414251fc402ae97dff939ddd2afd90359dd9693e9a05bcf4f201de50e3a9c1 file by default. Then you should report this as a bug. You can generate a local policy module to allow this access. Do allow this access for now by executing: # ausearch -c 'httpd' --raw | audit2allow -M my-httpd # semodule -X 300 -i my-httpd.pp
Nov 30 22:40:53 np0005540556.novalocal setroubleshoot[105215]: SELinux is preventing /usr/sbin/httpd from getattr access on the file /var/lib/nova/.cache/python-entrypoints/5f414251fc402ae97dff939ddd2afd90359dd9693e9a05bcf4f201de50e3a9c1. For complete SELinux messages run: sealert -l 8cea3035-6e08-4c1c-a779-fedc453374fa
Nov 30 22:40:53 np0005540556.novalocal setroubleshoot[105215]: SELinux is preventing /usr/sbin/httpd from getattr access on the file /var/lib/nova/.cache/python-entrypoints/5f414251fc402ae97dff939ddd2afd90359dd9693e9a05bcf4f201de50e3a9c1. ***** Plugin catchall (100. confidence) suggests ************************** If you believe that httpd should be allowed getattr access on the 5f414251fc402ae97dff939ddd2afd90359dd9693e9a05bcf4f201de50e3a9c1 file by default. Then you should report this as a bug. You can generate a local policy module to allow this access. Do allow this access for now by executing: # ausearch -c 'httpd' --raw | audit2allow -M my-httpd # semodule -X 300 -i my-httpd.pp
Nov 30 22:40:53 np0005540556.novalocal setroubleshoot[105215]: SELinux is preventing /usr/sbin/httpd from ioctl access on the file /var/lib/nova/.cache/python-entrypoints/5f414251fc402ae97dff939ddd2afd90359dd9693e9a05bcf4f201de50e3a9c1. For complete SELinux messages run: sealert -l 5fd7d7d3-e75b-4dec-9d83-27575068df0e
Nov 30 22:40:53 np0005540556.novalocal setroubleshoot[105215]: SELinux is preventing /usr/sbin/httpd from ioctl access on the file /var/lib/nova/.cache/python-entrypoints/5f414251fc402ae97dff939ddd2afd90359dd9693e9a05bcf4f201de50e3a9c1. ***** Plugin catchall (100. confidence) suggests ************************** If you believe that httpd should be allowed ioctl access on the 5f414251fc402ae97dff939ddd2afd90359dd9693e9a05bcf4f201de50e3a9c1 file by default. Then you should report this as a bug. You can generate a local policy module to allow this access. Do allow this access for now by executing: # ausearch -c 'httpd' --raw | audit2allow -M my-httpd # semodule -X 300 -i my-httpd.pp
Nov 30 22:40:53 np0005540556.novalocal haproxy-metadata-proxy-9cb17448-9aba-4e59-bad9-3ca98ebf9636[104090]: ::ffff:10.100.0.9:33678 [30/Nov/2025:22:40:47.857] listener listener/metadata 0/0/0/5520/5520 200 97 - - ---- 1/1/0/0/0 0/0 "GET /2009-04-04/meta-data/instance-id HTTP/1.1"
Nov 30 22:40:53 np0005540556.novalocal sudo[105259]: pam_unix(sudo:session): session closed for user root
Nov 30 22:40:53 np0005540556.novalocal systemd[1]: session-c114.scope: Deactivated successfully.
Nov 30 22:40:53 np0005540556.novalocal object-replicator[97704]: Starting object replication pass.
Nov 30 22:40:53 np0005540556.novalocal object-server[97639]: ::1 - - [01/Dec/2025:03:40:53 +0000] "GET /3/244516/AUTH_602f37ceccf647698ef9e0fe4d0d45d5/gnocchi.0fb79997-f928-4715-aa7e-8323708f6afd/none_v3" 200 31 "GET https://[::1]:8080/v1/AUTH_602f37ceccf647698ef9e0fe4d0d45d5/gnocchi.0fb79997-f928-4715-aa7e-8323708f6afd/none_v3" "tx6520a65b33b3430794b7f-00692d0e45" "proxy-server 98624" 0.0019 "-" 97639 0
Nov 30 22:40:53 np0005540556.novalocal proxy-server[98624]: ::1 ::1 01/Dec/2025/03/40/53 GET /v1/AUTH_602f37ceccf647698ef9e0fe4d0d45d5/gnocchi.0fb79997-f928-4715-aa7e-8323708f6afd/none_v3 HTTP/1.0 200 - python-swiftclient-4.8.0 gAAAAABpLQ4jjy8F... - 31 - tx6520a65b33b3430794b7f-00692d0e45 - 0.0210 - - 1764560453.860233545 1764560453.881258249 0 3cd24aa0af114855987a490c7d44632d
Nov 30 22:40:53 np0005540556.novalocal container-server[97342]: ::1 - - [01/Dec/2025:03:40:53 +0000] "GET /3/170644/AUTH_602f37ceccf647698ef9e0fe4d0d45d5/gnocchi.0fb79997-f928-4715-aa7e-8323708f6afd" 200 357 "GET https://[::1]:8080/v1/AUTH_602f37ceccf647698ef9e0fe4d0d45d5/gnocchi.0fb79997-f928-4715-aa7e-8323708f6afd?format=json&states=listing" "tx9295c94fecbb426889a43-00692d0e45" "proxy-server 98624" 0.0094 "-" 97342 0
Nov 30 22:40:53 np0005540556.novalocal proxy-server[98624]: ::1 ::1 01/Dec/2025/03/40/53 GET /v1/AUTH_602f37ceccf647698ef9e0fe4d0d45d5/gnocchi.0fb79997-f928-4715-aa7e-8323708f6afd%3Fformat%3Djson%26states%3Dlisting HTTP/1.0 200 - python-swiftclient-4.8.0 gAAAAABpLQ4jjy8F... - 357 - tx9295c94fecbb426889a43-00692d0e45 - 0.0205 - - 1764560453.888672829 1764560453.909164429 0 3cd24aa0af114855987a490c7d44632d
Nov 30 22:40:53 np0005540556.novalocal container-server[97342]: ::1 - - [01/Dec/2025:03:40:53 +0000] "GET /2/170644/AUTH_602f37ceccf647698ef9e0fe4d0d45d5/gnocchi.0fb79997-f928-4715-aa7e-8323708f6afd" 200 2 "GET https://[::1]:8080/v1/AUTH_602f37ceccf647698ef9e0fe4d0d45d5/gnocchi.0fb79997-f928-4715-aa7e-8323708f6afd?format=json&marker=none_v3&states=listing" "tx4f58d979244641d585e00-00692d0e45" "proxy-server 98624" 0.0082 "-" 97342 0
Nov 30 22:40:53 np0005540556.novalocal proxy-server[98624]: ::1 ::1 01/Dec/2025/03/40/53 GET /v1/AUTH_602f37ceccf647698ef9e0fe4d0d45d5/gnocchi.0fb79997-f928-4715-aa7e-8323708f6afd%3Fformat%3Djson%26marker%3Dnone_v3%26states%3Dlisting HTTP/1.0 200 - python-swiftclient-4.8.0 gAAAAABpLQ4jjy8F... - 2 - tx4f58d979244641d585e00-00692d0e45 - 0.0238 - - 1764560453.912914991 1764560453.936681986 0 3cd24aa0af114855987a490c7d44632d
Nov 30 22:40:53 np0005540556.novalocal object-server[97640]: ::1 - - [01/Dec/2025:03:40:53 +0000] "GET /3/173296/AUTH_602f37ceccf647698ef9e0fe4d0d45d5/gnocchi.0fb79997-f928-4715-aa7e-8323708f6afd/1763640000.0_mean_300.0_v3" 200 16 "GET https://[::1]:8080/v1/AUTH_602f37ceccf647698ef9e0fe4d0d45d5/gnocchi.0fb79997-f928-4715-aa7e-8323708f6afd/1763640000.0_mean_300.0_v3" "tx31d3737d7280442f8df5f-00692d0e45" "proxy-server 98624" 0.0021 "-" 97640 0
Nov 30 22:40:53 np0005540556.novalocal proxy-server[98624]: ::1 ::1 01/Dec/2025/03/40/53 GET /v1/AUTH_602f37ceccf647698ef9e0fe4d0d45d5/gnocchi.0fb79997-f928-4715-aa7e-8323708f6afd/1763640000.0_mean_300.0_v3 HTTP/1.0 200 - python-swiftclient-4.8.0 gAAAAABpLQ4jjy8F... - 16 - tx31d3737d7280442f8df5f-00692d0e45 - 0.0114 - - 1764560453.943250179 1764560453.954690933 0 3cd24aa0af114855987a490c7d44632d
Nov 30 22:40:53 np0005540556.novalocal sudo[105269]: cinder : PWD=/ ; USER=root ; COMMAND=/usr/bin/cinder-rootwrap /etc/cinder/rootwrap.conf cinder-rtstool get-targets
Nov 30 22:40:53 np0005540556.novalocal systemd[1]: Started Session c115 of User root.
Nov 30 22:40:53 np0005540556.novalocal container-server[97342]: ::1 - - [01/Dec/2025:03:40:53 +0000] "PUT /2/170644/AUTH_602f37ceccf647698ef9e0fe4d0d45d5/gnocchi.0fb79997-f928-4715-aa7e-8323708f6afd/1763640000.0_mean_300.0_v3" 201 - "PUT http://[::1]:8080/1/173296/AUTH_602f37ceccf647698ef9e0fe4d0d45d5/gnocchi.0fb79997-f928-4715-aa7e-8323708f6afd/1763640000.0_mean_300.0_v3" "txf0518e461e4d4c5aba0b6-00692d0e45" "object-server 97639" 0.0005 "-" 97342 0
Nov 30 22:40:53 np0005540556.novalocal container-server[97342]: ::1 - - [01/Dec/2025:03:40:53 +0000] "PUT /3/170644/AUTH_602f37ceccf647698ef9e0fe4d0d45d5/gnocchi.0fb79997-f928-4715-aa7e-8323708f6afd/1763640000.0_mean_300.0_v3" 201 - "PUT http://[::1]:8080/2/173296/AUTH_602f37ceccf647698ef9e0fe4d0d45d5/gnocchi.0fb79997-f928-4715-aa7e-8323708f6afd/1763640000.0_mean_300.0_v3" "txf0518e461e4d4c5aba0b6-00692d0e45" "object-server 97639" 0.0003 "-" 97342 0
Nov 30 22:40:53 np0005540556.novalocal object-server[97639]: ::1 - - [01/Dec/2025:03:40:53 +0000] "PUT /1/173296/AUTH_602f37ceccf647698ef9e0fe4d0d45d5/gnocchi.0fb79997-f928-4715-aa7e-8323708f6afd/1763640000.0_mean_300.0_v3" 201 - "PUT https://[::1]:8080/v1/AUTH_602f37ceccf647698ef9e0fe4d0d45d5/gnocchi.0fb79997-f928-4715-aa7e-8323708f6afd/1763640000.0_mean_300.0_v3" "txf0518e461e4d4c5aba0b6-00692d0e45" "proxy-server 98624" 0.0199 "-" 97639 0
Nov 30 22:40:53 np0005540556.novalocal object-server[97639]: ::1 - - [01/Dec/2025:03:40:53 +0000] "PUT /2/173296/AUTH_602f37ceccf647698ef9e0fe4d0d45d5/gnocchi.0fb79997-f928-4715-aa7e-8323708f6afd/1763640000.0_mean_300.0_v3" 201 - "PUT https://[::1]:8080/v1/AUTH_602f37ceccf647698ef9e0fe4d0d45d5/gnocchi.0fb79997-f928-4715-aa7e-8323708f6afd/1763640000.0_mean_300.0_v3" "txf0518e461e4d4c5aba0b6-00692d0e45" "proxy-server 98624" 0.0184 "-" 97639 0
Nov 30 22:40:53 np0005540556.novalocal container-server[97342]: ::1 - - [01/Dec/2025:03:40:53 +0000] "PUT /1/170644/AUTH_602f37ceccf647698ef9e0fe4d0d45d5/gnocchi.0fb79997-f928-4715-aa7e-8323708f6afd/1763640000.0_mean_300.0_v3" 201 - "PUT http://[::1]:8080/3/173296/AUTH_602f37ceccf647698ef9e0fe4d0d45d5/gnocchi.0fb79997-f928-4715-aa7e-8323708f6afd/1763640000.0_mean_300.0_v3" "txf0518e461e4d4c5aba0b6-00692d0e45" "object-server 97639" 0.0005 "-" 97342 0
Nov 30 22:40:53 np0005540556.novalocal object-server[97639]: ::1 - - [01/Dec/2025:03:40:53 +0000] "PUT /3/173296/AUTH_602f37ceccf647698ef9e0fe4d0d45d5/gnocchi.0fb79997-f928-4715-aa7e-8323708f6afd/1763640000.0_mean_300.0_v3" 201 - "PUT https://[::1]:8080/v1/AUTH_602f37ceccf647698ef9e0fe4d0d45d5/gnocchi.0fb79997-f928-4715-aa7e-8323708f6afd/1763640000.0_mean_300.0_v3" "txf0518e461e4d4c5aba0b6-00692d0e45" "proxy-server 98624" 0.0173 "-" 97639 0
Nov 30 22:40:53 np0005540556.novalocal proxy-server[98624]: ::1 ::1 01/Dec/2025/03/40/53 PUT /v1/AUTH_602f37ceccf647698ef9e0fe4d0d45d5/gnocchi.0fb79997-f928-4715-aa7e-8323708f6afd/1763640000.0_mean_300.0_v3 HTTP/1.0 201 - python-swiftclient-4.8.0 gAAAAABpLQ4jjy8F... 16 - - txf0518e461e4d4c5aba0b6-00692d0e45 - 0.0311 - - 1764560453.960452795 1764560453.991553783 0 3cd24aa0af114855987a490c7d44632d
Nov 30 22:40:53 np0005540556.novalocal sudo[105269]: pam_unix(sudo:session): session opened for user root(uid=0) by (uid=165)
Nov 30 22:40:54 np0005540556.novalocal container-server[97342]: ::1 - - [01/Dec/2025:03:40:54 +0000] "PUT /1/170644/AUTH_602f37ceccf647698ef9e0fe4d0d45d5/gnocchi.0fb79997-f928-4715-aa7e-8323708f6afd/none_v3" 201 - "PUT http://[::1]:8080/2/244516/AUTH_602f37ceccf647698ef9e0fe4d0d45d5/gnocchi.0fb79997-f928-4715-aa7e-8323708f6afd/none_v3" "tx3d1f20678efd49fc978f3-00692d0e45" "object-server 97640" 0.0004 "-" 97342 0
Nov 30 22:40:54 np0005540556.novalocal object-server[97640]: ::1 - - [01/Dec/2025:03:40:54 +0000] "PUT /2/244516/AUTH_602f37ceccf647698ef9e0fe4d0d45d5/gnocchi.0fb79997-f928-4715-aa7e-8323708f6afd/none_v3" 201 - "PUT https://[::1]:8080/v1/AUTH_602f37ceccf647698ef9e0fe4d0d45d5/gnocchi.0fb79997-f928-4715-aa7e-8323708f6afd/none_v3" "tx3d1f20678efd49fc978f3-00692d0e45" "proxy-server 98624" 0.0192 "-" 97640 0
Nov 30 22:40:54 np0005540556.novalocal container-server[97342]: ::1 - - [01/Dec/2025:03:40:54 +0000] "PUT /2/170644/AUTH_602f37ceccf647698ef9e0fe4d0d45d5/gnocchi.0fb79997-f928-4715-aa7e-8323708f6afd/none_v3" 201 - "PUT http://[::1]:8080/3/244516/AUTH_602f37ceccf647698ef9e0fe4d0d45d5/gnocchi.0fb79997-f928-4715-aa7e-8323708f6afd/none_v3" "tx3d1f20678efd49fc978f3-00692d0e45" "object-server 97639" 0.0003 "-" 97342 0
Nov 30 22:40:54 np0005540556.novalocal container-server[97342]: ::1 - - [01/Dec/2025:03:40:54 +0000] "PUT /3/170644/AUTH_602f37ceccf647698ef9e0fe4d0d45d5/gnocchi.0fb79997-f928-4715-aa7e-8323708f6afd/none_v3" 201 - "PUT http://[::1]:8080/1/244516/AUTH_602f37ceccf647698ef9e0fe4d0d45d5/gnocchi.0fb79997-f928-4715-aa7e-8323708f6afd/none_v3" "tx3d1f20678efd49fc978f3-00692d0e45" "object-server 97639" 0.0003 "-" 97342 0
Nov 30 22:40:54 np0005540556.novalocal object-server[97639]: ::1 - - [01/Dec/2025:03:40:54 +0000] "PUT /3/244516/AUTH_602f37ceccf647698ef9e0fe4d0d45d5/gnocchi.0fb79997-f928-4715-aa7e-8323708f6afd/none_v3" 201 - "PUT https://[::1]:8080/v1/AUTH_602f37ceccf647698ef9e0fe4d0d45d5/gnocchi.0fb79997-f928-4715-aa7e-8323708f6afd/none_v3" "tx3d1f20678efd49fc978f3-00692d0e45" "proxy-server 98624" 0.0235 "-" 97639 0
Nov 30 22:40:54 np0005540556.novalocal object-server[97639]: ::1 - - [01/Dec/2025:03:40:54 +0000] "PUT /1/244516/AUTH_602f37ceccf647698ef9e0fe4d0d45d5/gnocchi.0fb79997-f928-4715-aa7e-8323708f6afd/none_v3" 201 - "PUT https://[::1]:8080/v1/AUTH_602f37ceccf647698ef9e0fe4d0d45d5/gnocchi.0fb79997-f928-4715-aa7e-8323708f6afd/none_v3" "tx3d1f20678efd49fc978f3-00692d0e45" "proxy-server 98624" 0.0283 "-" 97639 0
Nov 30 22:40:54 np0005540556.novalocal proxy-server[98624]: ::1 ::1 01/Dec/2025/03/40/54 PUT /v1/AUTH_602f37ceccf647698ef9e0fe4d0d45d5/gnocchi.0fb79997-f928-4715-aa7e-8323708f6afd/none_v3 HTTP/1.0 201 - python-swiftclient-4.8.0 gAAAAABpLQ4jjy8F... 46 - - tx3d1f20678efd49fc978f3-00692d0e45 - 0.0416 - - 1764560453.997712612 1764560454.039292336 0 3cd24aa0af114855987a490c7d44632d
Nov 30 22:40:54 np0005540556.novalocal sudo[105269]: pam_unix(sudo:session): session closed for user root
Nov 30 22:40:54 np0005540556.novalocal systemd[1]: session-c115.scope: Deactivated successfully.
Nov 30 22:40:54 np0005540556.novalocal sudo[105276]: cinder : PWD=/ ; USER=root ; COMMAND=/usr/bin/cinder-rootwrap /etc/cinder/rootwrap.conf env LC_ALL=C lvs --noheadings --unit=g -o vg_name,name,size --nosuffix --readonly cinder-volumes/volume-82d734e1-92f1-4185-803d-696f86b39eb0
Nov 30 22:40:54 np0005540556.novalocal systemd[1]: Started Session c116 of User root.
Nov 30 22:40:54 np0005540556.novalocal sudo[105276]: pam_unix(sudo:session): session opened for user root(uid=0) by (uid=165)
Nov 30 22:40:54 np0005540556.novalocal sudo[105276]: pam_unix(sudo:session): session closed for user root
Nov 30 22:40:54 np0005540556.novalocal systemd[1]: session-c116.scope: Deactivated successfully.
Nov 30 22:40:54 np0005540556.novalocal sudo[105280]: cinder : PWD=/ ; USER=root ; COMMAND=/usr/bin/cinder-rootwrap /etc/cinder/rootwrap.conf env LC_ALL=C lvdisplay --noheading -C -o Attr --readonly cinder-volumes/volume-82d734e1-92f1-4185-803d-696f86b39eb0
Nov 30 22:40:55 np0005540556.novalocal systemd[1]: Started Session c117 of User root.
Nov 30 22:40:55 np0005540556.novalocal sudo[105280]: pam_unix(sudo:session): session opened for user root(uid=0) by (uid=165)
Nov 30 22:40:55 np0005540556.novalocal setroubleshoot[105215]: SELinux is preventing /usr/sbin/httpd from read access on the file 5f414251fc402ae97dff939ddd2afd90359dd9693e9a05bcf4f201de50e3a9c1. For complete SELinux messages run: sealert -l bd9f4477-12fd-4504-a197-81125c6014f1
Nov 30 22:40:55 np0005540556.novalocal setroubleshoot[105215]: SELinux is preventing /usr/sbin/httpd from read access on the file 5f414251fc402ae97dff939ddd2afd90359dd9693e9a05bcf4f201de50e3a9c1. ***** Plugin catchall (100. confidence) suggests ************************** If you believe that httpd should be allowed read access on the 5f414251fc402ae97dff939ddd2afd90359dd9693e9a05bcf4f201de50e3a9c1 file by default. Then you should report this as a bug. You can generate a local policy module to allow this access. Do allow this access for now by executing: # ausearch -c 'httpd' --raw | audit2allow -M my-httpd # semodule -X 300 -i my-httpd.pp
Nov 30 22:40:55 np0005540556.novalocal setroubleshoot[105215]: SELinux is preventing /usr/sbin/httpd from open access on the file /var/lib/nova/.cache/python-entrypoints/5f414251fc402ae97dff939ddd2afd90359dd9693e9a05bcf4f201de50e3a9c1. For complete SELinux messages run: sealert -l d7b0fe2f-2673-444c-8c50-67f62a6d481a
Nov 30 22:40:55 np0005540556.novalocal sudo[105280]: pam_unix(sudo:session): session closed for user root
Nov 30 22:40:55 np0005540556.novalocal systemd[1]: session-c117.scope: Deactivated successfully.
Nov 30 22:40:55 np0005540556.novalocal setroubleshoot[105215]: SELinux is preventing /usr/sbin/httpd from open access on the file /var/lib/nova/.cache/python-entrypoints/5f414251fc402ae97dff939ddd2afd90359dd9693e9a05bcf4f201de50e3a9c1. ***** Plugin catchall (100. confidence) suggests ************************** If you believe that httpd should be allowed open access on the 5f414251fc402ae97dff939ddd2afd90359dd9693e9a05bcf4f201de50e3a9c1 file by default. Then you should report this as a bug. You can generate a local policy module to allow this access. Do allow this access for now by executing: # ausearch -c 'httpd' --raw | audit2allow -M my-httpd # semodule -X 300 -i my-httpd.pp
Nov 30 22:40:55 np0005540556.novalocal setroubleshoot[105215]: SELinux is preventing /usr/sbin/httpd from getattr access on the file /var/lib/nova/.cache/python-entrypoints/5f414251fc402ae97dff939ddd2afd90359dd9693e9a05bcf4f201de50e3a9c1. For complete SELinux messages run: sealert -l 8cea3035-6e08-4c1c-a779-fedc453374fa
Nov 30 22:40:55 np0005540556.novalocal setroubleshoot[105215]: SELinux is preventing /usr/sbin/httpd from getattr access on the file /var/lib/nova/.cache/python-entrypoints/5f414251fc402ae97dff939ddd2afd90359dd9693e9a05bcf4f201de50e3a9c1. ***** Plugin catchall (100. confidence) suggests ************************** If you believe that httpd should be allowed getattr access on the 5f414251fc402ae97dff939ddd2afd90359dd9693e9a05bcf4f201de50e3a9c1 file by default. Then you should report this as a bug. You can generate a local policy module to allow this access. Do allow this access for now by executing: # ausearch -c 'httpd' --raw | audit2allow -M my-httpd # semodule -X 300 -i my-httpd.pp
Nov 30 22:40:55 np0005540556.novalocal sudo[105289]: cinder : PWD=/ ; USER=root ; COMMAND=/usr/bin/cinder-rootwrap /etc/cinder/rootwrap.conf lvremove --config 'activation { retry_deactivation = 1} ' -f cinder-volumes/volume-82d734e1-92f1-4185-803d-696f86b39eb0
Nov 30 22:40:55 np0005540556.novalocal setroubleshoot[105215]: SELinux is preventing /usr/sbin/httpd from ioctl access on the file /var/lib/nova/.cache/python-entrypoints/5f414251fc402ae97dff939ddd2afd90359dd9693e9a05bcf4f201de50e3a9c1. For complete SELinux messages run: sealert -l 5fd7d7d3-e75b-4dec-9d83-27575068df0e
Nov 30 22:40:55 np0005540556.novalocal setroubleshoot[105215]: SELinux is preventing /usr/sbin/httpd from ioctl access on the file /var/lib/nova/.cache/python-entrypoints/5f414251fc402ae97dff939ddd2afd90359dd9693e9a05bcf4f201de50e3a9c1. ***** Plugin catchall (100. confidence) suggests ************************** If you believe that httpd should be allowed ioctl access on the 5f414251fc402ae97dff939ddd2afd90359dd9693e9a05bcf4f201de50e3a9c1 file by default. Then you should report this as a bug. You can generate a local policy module to allow this access. Do allow this access for now by executing: # ausearch -c 'httpd' --raw | audit2allow -M my-httpd # semodule -X 300 -i my-httpd.pp
Nov 30 22:40:55 np0005540556.novalocal systemd[1]: Started Session c118 of User root.
Nov 30 22:40:55 np0005540556.novalocal sudo[105289]: pam_unix(sudo:session): session opened for user root(uid=0) by (uid=165)
Nov 30 22:40:55 np0005540556.novalocal object-server[97639]: ::1 - - [01/Dec/2025:03:40:55 +0000] "GET /2/248342/AUTH_602f37ceccf647698ef9e0fe4d0d45d5/gnocchi.d866c4a3-4400-42f9-8df8-ed09f438d686/none_v3" 200 30 "GET https://[::1]:8080/v1/AUTH_602f37ceccf647698ef9e0fe4d0d45d5/gnocchi.d866c4a3-4400-42f9-8df8-ed09f438d686/none_v3" "txf10dcd320ffc462eada39-00692d0e47" "proxy-server 98624" 0.0006 "-" 97639 0
Nov 30 22:40:55 np0005540556.novalocal proxy-server[98624]: ::1 ::1 01/Dec/2025/03/40/55 GET /v1/AUTH_602f37ceccf647698ef9e0fe4d0d45d5/gnocchi.d866c4a3-4400-42f9-8df8-ed09f438d686/none_v3 HTTP/1.0 200 - python-swiftclient-4.8.0 gAAAAABpLQ4-yMSf... - 30 - txf10dcd320ffc462eada39-00692d0e47 - 0.0094 - - 1764560455.703188896 1764560455.712604523 0 3cd24aa0af114855987a490c7d44632d
Nov 30 22:40:55 np0005540556.novalocal container-server[97342]: ::1 - - [01/Dec/2025:03:40:55 +0000] "GET /3/171607/AUTH_602f37ceccf647698ef9e0fe4d0d45d5/gnocchi.d866c4a3-4400-42f9-8df8-ed09f438d686" 200 357 "GET https://[::1]:8080/v1/AUTH_602f37ceccf647698ef9e0fe4d0d45d5/gnocchi.d866c4a3-4400-42f9-8df8-ed09f438d686?format=json&states=listing" "tx430c87b66e9341ffb3a04-00692d0e47" "proxy-server 98624" 0.0086 "-" 97342 0
Nov 30 22:40:55 np0005540556.novalocal proxy-server[98624]: ::1 ::1 01/Dec/2025/03/40/55 GET /v1/AUTH_602f37ceccf647698ef9e0fe4d0d45d5/gnocchi.d866c4a3-4400-42f9-8df8-ed09f438d686%3Fformat%3Djson%26states%3Dlisting HTTP/1.0 200 - python-swiftclient-4.8.0 gAAAAABpLQ4-yMSf... - 357 - tx430c87b66e9341ffb3a04-00692d0e47 - 0.0188 - - 1764560455.716823339 1764560455.735637665 0 3cd24aa0af114855987a490c7d44632d
Nov 30 22:40:55 np0005540556.novalocal container-server[97343]: ::1 - - [01/Dec/2025:03:40:55 +0000] "GET /1/171607/AUTH_602f37ceccf647698ef9e0fe4d0d45d5/gnocchi.d866c4a3-4400-42f9-8df8-ed09f438d686" 200 2 "GET https://[::1]:8080/v1/AUTH_602f37ceccf647698ef9e0fe4d0d45d5/gnocchi.d866c4a3-4400-42f9-8df8-ed09f438d686?format=json&marker=none_v3&states=listing" "tx9a442f6a58cc49379434e-00692d0e47" "proxy-server 98624" 0.0126 "-" 97343 0
Nov 30 22:40:55 np0005540556.novalocal proxy-server[98624]: ::1 ::1 01/Dec/2025/03/40/55 GET /v1/AUTH_602f37ceccf647698ef9e0fe4d0d45d5/gnocchi.d866c4a3-4400-42f9-8df8-ed09f438d686%3Fformat%3Djson%26marker%3Dnone_v3%26states%3Dlisting HTTP/1.0 200 - python-swiftclient-4.8.0 gAAAAABpLQ4-yMSf... - 2 - tx9a442f6a58cc49379434e-00692d0e47 - 0.0246 - - 1764560455.740267754 1764560455.764861584 0 3cd24aa0af114855987a490c7d44632d
Nov 30 22:40:55 np0005540556.novalocal object-server[97640]: ::1 - - [01/Dec/2025:03:40:55 +0000] "GET /3/6188/AUTH_602f37ceccf647698ef9e0fe4d0d45d5/gnocchi.d866c4a3-4400-42f9-8df8-ed09f438d686/1763640000.0_mean_300.0_v3" 200 16 "GET https://[::1]:8080/v1/AUTH_602f37ceccf647698ef9e0fe4d0d45d5/gnocchi.d866c4a3-4400-42f9-8df8-ed09f438d686/1763640000.0_mean_300.0_v3" "tx8086912a6a554729b1daf-00692d0e47" "proxy-server 98624" 0.0012 "-" 97640 0
Nov 30 22:40:55 np0005540556.novalocal proxy-server[98624]: ::1 ::1 01/Dec/2025/03/40/55 GET /v1/AUTH_602f37ceccf647698ef9e0fe4d0d45d5/gnocchi.d866c4a3-4400-42f9-8df8-ed09f438d686/1763640000.0_mean_300.0_v3 HTTP/1.0 200 - python-swiftclient-4.8.0 gAAAAABpLQ4-yMSf... - 16 - tx8086912a6a554729b1daf-00692d0e47 - 0.0127 - - 1764560455.770375729 1764560455.783054590 0 3cd24aa0af114855987a490c7d44632d
Nov 30 22:40:55 np0005540556.novalocal container-server[97343]: ::1 - - [01/Dec/2025:03:40:55 +0000] "PUT /1/171607/AUTH_602f37ceccf647698ef9e0fe4d0d45d5/gnocchi.d866c4a3-4400-42f9-8df8-ed09f438d686/1763640000.0_mean_300.0_v3" 201 - "PUT http://[::1]:8080/3/6188/AUTH_602f37ceccf647698ef9e0fe4d0d45d5/gnocchi.d866c4a3-4400-42f9-8df8-ed09f438d686/1763640000.0_mean_300.0_v3" "txe8026c22aa3a4aa6b09ac-00692d0e47" "object-server 97639" 0.0010 "-" 97343 0
Nov 30 22:40:55 np0005540556.novalocal object-server[97639]: ::1 - - [01/Dec/2025:03:40:55 +0000] "PUT /3/6188/AUTH_602f37ceccf647698ef9e0fe4d0d45d5/gnocchi.d866c4a3-4400-42f9-8df8-ed09f438d686/1763640000.0_mean_300.0_v3" 201 - "PUT https://[::1]:8080/v1/AUTH_602f37ceccf647698ef9e0fe4d0d45d5/gnocchi.d866c4a3-4400-42f9-8df8-ed09f438d686/1763640000.0_mean_300.0_v3" "txe8026c22aa3a4aa6b09ac-00692d0e47" "proxy-server 98624" 0.0160 "-" 97639 0
Nov 30 22:40:55 np0005540556.novalocal container-server[97342]: ::1 - - [01/Dec/2025:03:40:55 +0000] "PUT /2/171607/AUTH_602f37ceccf647698ef9e0fe4d0d45d5/gnocchi.d866c4a3-4400-42f9-8df8-ed09f438d686/1763640000.0_mean_300.0_v3" 201 - "PUT http://[::1]:8080/2/6188/AUTH_602f37ceccf647698ef9e0fe4d0d45d5/gnocchi.d866c4a3-4400-42f9-8df8-ed09f438d686/1763640000.0_mean_300.0_v3" "txe8026c22aa3a4aa6b09ac-00692d0e47" "object-server 97640" 0.0017 "-" 97342 0
Nov 30 22:40:55 np0005540556.novalocal object-server[97640]: ::1 - - [01/Dec/2025:03:40:55 +0000] "PUT /2/6188/AUTH_602f37ceccf647698ef9e0fe4d0d45d5/gnocchi.d866c4a3-4400-42f9-8df8-ed09f438d686/1763640000.0_mean_300.0_v3" 201 - "PUT https://[::1]:8080/v1/AUTH_602f37ceccf647698ef9e0fe4d0d45d5/gnocchi.d866c4a3-4400-42f9-8df8-ed09f438d686/1763640000.0_mean_300.0_v3" "txe8026c22aa3a4aa6b09ac-00692d0e47" "proxy-server 98624" 0.0224 "-" 97640 0
Nov 30 22:40:55 np0005540556.novalocal container-server[97342]: ::1 - - [01/Dec/2025:03:40:55 +0000] "PUT /3/171607/AUTH_602f37ceccf647698ef9e0fe4d0d45d5/gnocchi.d866c4a3-4400-42f9-8df8-ed09f438d686/1763640000.0_mean_300.0_v3" 201 - "PUT http://[::1]:8080/1/6188/AUTH_602f37ceccf647698ef9e0fe4d0d45d5/gnocchi.d866c4a3-4400-42f9-8df8-ed09f438d686/1763640000.0_mean_300.0_v3" "txe8026c22aa3a4aa6b09ac-00692d0e47" "object-server 97640" 0.0007 "-" 97342 0
Nov 30 22:40:55 np0005540556.novalocal object-server[97640]: ::1 - - [01/Dec/2025:03:40:55 +0000] "PUT /1/6188/AUTH_602f37ceccf647698ef9e0fe4d0d45d5/gnocchi.d866c4a3-4400-42f9-8df8-ed09f438d686/1763640000.0_mean_300.0_v3" 201 - "PUT https://[::1]:8080/v1/AUTH_602f37ceccf647698ef9e0fe4d0d45d5/gnocchi.d866c4a3-4400-42f9-8df8-ed09f438d686/1763640000.0_mean_300.0_v3" "txe8026c22aa3a4aa6b09ac-00692d0e47" "proxy-server 98624" 0.0326 "-" 97640 0
Nov 30 22:40:55 np0005540556.novalocal proxy-server[98624]: ::1 ::1 01/Dec/2025/03/40/55 PUT /v1/AUTH_602f37ceccf647698ef9e0fe4d0d45d5/gnocchi.d866c4a3-4400-42f9-8df8-ed09f438d686/1763640000.0_mean_300.0_v3 HTTP/1.0 201 - python-swiftclient-4.8.0 gAAAAABpLQ4-yMSf... 16 - - txe8026c22aa3a4aa6b09ac-00692d0e47 - 0.0439 - - 1764560455.787277937 1764560455.831148148 0 3cd24aa0af114855987a490c7d44632d
Nov 30 22:40:55 np0005540556.novalocal object-replicator[97704]: 132/132 (100.00%) partitions replicated in 2.18s (60.49/sec, 0s remaining)
Nov 30 22:40:55 np0005540556.novalocal object-replicator[97704]: 264 successes, 0 failures
Nov 30 22:40:55 np0005540556.novalocal lvm[105296]: PV /dev/loop2 online, VG cinder-volumes is complete.
Nov 30 22:40:55 np0005540556.novalocal object-replicator[97704]: 132 suffixes checked - 31.82% hashed, 0.00% synced
Nov 30 22:40:55 np0005540556.novalocal lvm[105296]: VG cinder-volumes finished
Nov 30 22:40:55 np0005540556.novalocal object-replicator[97704]: Partition times: max 0.0742s, min 0.0032s, med 0.0100s
Nov 30 22:40:55 np0005540556.novalocal object-replicator[97704]: Object replication complete. (0.04 minutes)
Nov 30 22:40:55 np0005540556.novalocal container-server[97343]: ::1 - - [01/Dec/2025:03:40:55 +0000] "PUT /2/171607/AUTH_602f37ceccf647698ef9e0fe4d0d45d5/gnocchi.d866c4a3-4400-42f9-8df8-ed09f438d686/none_v3" 201 - "PUT http://[::1]:8080/1/248342/AUTH_602f37ceccf647698ef9e0fe4d0d45d5/gnocchi.d866c4a3-4400-42f9-8df8-ed09f438d686/none_v3" "tx4ac7b46946424f50b1b4d-00692d0e47" "object-server 97639" 0.0008 "-" 97343 0
Nov 30 22:40:55 np0005540556.novalocal container-server[97343]: ::1 - - [01/Dec/2025:03:40:55 +0000] "PUT /3/171607/AUTH_602f37ceccf647698ef9e0fe4d0d45d5/gnocchi.d866c4a3-4400-42f9-8df8-ed09f438d686/none_v3" 201 - "PUT http://[::1]:8080/2/248342/AUTH_602f37ceccf647698ef9e0fe4d0d45d5/gnocchi.d866c4a3-4400-42f9-8df8-ed09f438d686/none_v3" "tx4ac7b46946424f50b1b4d-00692d0e47" "object-server 97639" 0.0003 "-" 97343 0
Nov 30 22:40:55 np0005540556.novalocal container-server[97342]: ::1 - - [01/Dec/2025:03:40:55 +0000] "PUT /1/171607/AUTH_602f37ceccf647698ef9e0fe4d0d45d5/gnocchi.d866c4a3-4400-42f9-8df8-ed09f438d686/none_v3" 201 - "PUT http://[::1]:8080/3/248342/AUTH_602f37ceccf647698ef9e0fe4d0d45d5/gnocchi.d866c4a3-4400-42f9-8df8-ed09f438d686/none_v3" "tx4ac7b46946424f50b1b4d-00692d0e47" "object-server 97639" 0.0009 "-" 97342 0
Nov 30 22:40:55 np0005540556.novalocal object-server[97639]: ::1 - - [01/Dec/2025:03:40:55 +0000] "PUT /1/248342/AUTH_602f37ceccf647698ef9e0fe4d0d45d5/gnocchi.d866c4a3-4400-42f9-8df8-ed09f438d686/none_v3" 201 - "PUT https://[::1]:8080/v1/AUTH_602f37ceccf647698ef9e0fe4d0d45d5/gnocchi.d866c4a3-4400-42f9-8df8-ed09f438d686/none_v3" "tx4ac7b46946424f50b1b4d-00692d0e47" "proxy-server 98624" 0.0154 "-" 97639 0
Nov 30 22:40:55 np0005540556.novalocal object-server[97639]: ::1 - - [01/Dec/2025:03:40:55 +0000] "PUT /3/248342/AUTH_602f37ceccf647698ef9e0fe4d0d45d5/gnocchi.d866c4a3-4400-42f9-8df8-ed09f438d686/none_v3" 201 - "PUT https://[::1]:8080/v1/AUTH_602f37ceccf647698ef9e0fe4d0d45d5/gnocchi.d866c4a3-4400-42f9-8df8-ed09f438d686/none_v3" "tx4ac7b46946424f50b1b4d-00692d0e47" "proxy-server 98624" 0.0204 "-" 97639 0
Nov 30 22:40:55 np0005540556.novalocal object-server[97639]: ::1 - - [01/Dec/2025:03:40:55 +0000] "PUT /2/248342/AUTH_602f37ceccf647698ef9e0fe4d0d45d5/gnocchi.d866c4a3-4400-42f9-8df8-ed09f438d686/none_v3" 201 - "PUT https://[::1]:8080/v1/AUTH_602f37ceccf647698ef9e0fe4d0d45d5/gnocchi.d866c4a3-4400-42f9-8df8-ed09f438d686/none_v3" "tx4ac7b46946424f50b1b4d-00692d0e47" "proxy-server 98624" 0.0193 "-" 97639 0
Nov 30 22:40:55 np0005540556.novalocal proxy-server[98624]: ::1 ::1 01/Dec/2025/03/40/55 PUT /v1/AUTH_602f37ceccf647698ef9e0fe4d0d45d5/gnocchi.d866c4a3-4400-42f9-8df8-ed09f438d686/none_v3 HTTP/1.0 201 - python-swiftclient-4.8.0 gAAAAABpLQ4-yMSf... 44 - - tx4ac7b46946424f50b1b4d-00692d0e47 - 0.0371 - - 1764560455.835455179 1764560455.872557878 0 3cd24aa0af114855987a490c7d44632d
Nov 30 22:40:55 np0005540556.novalocal sudo[105289]: pam_unix(sudo:session): session closed for user root
Nov 30 22:40:55 np0005540556.novalocal systemd[1]: session-c118.scope: Deactivated successfully.
Nov 30 22:40:55 np0005540556.novalocal object-server[97640]: ::1 - - [01/Dec/2025:03:40:55 +0000] "GET /2/72134/AUTH_602f37ceccf647698ef9e0fe4d0d45d5/gnocchi.04233cd2-d4f3-4db4-9c35-7c95f19e148b/none_v3" 200 26 "GET https://[::1]:8080/v1/AUTH_602f37ceccf647698ef9e0fe4d0d45d5/gnocchi.04233cd2-d4f3-4db4-9c35-7c95f19e148b/none_v3" "txb87fc5d6ac014989a4c4d-00692d0e47" "proxy-server 98624" 0.0017 "-" 97640 0
Nov 30 22:40:55 np0005540556.novalocal proxy-server[98624]: ::1 ::1 01/Dec/2025/03/40/55 GET /v1/AUTH_602f37ceccf647698ef9e0fe4d0d45d5/gnocchi.04233cd2-d4f3-4db4-9c35-7c95f19e148b/none_v3 HTTP/1.0 200 - python-swiftclient-4.8.0 gAAAAABpLQ4-yMSf... - 26 - txb87fc5d6ac014989a4c4d-00692d0e47 - 0.0115 - - 1764560455.903342485 1764560455.914834023 0 3cd24aa0af114855987a490c7d44632d
Nov 30 22:40:55 np0005540556.novalocal container-server[97343]: ::1 - - [01/Dec/2025:03:40:55 +0000] "GET /3/159432/AUTH_602f37ceccf647698ef9e0fe4d0d45d5/gnocchi.04233cd2-d4f3-4db4-9c35-7c95f19e148b" 200 357 "GET https://[::1]:8080/v1/AUTH_602f37ceccf647698ef9e0fe4d0d45d5/gnocchi.04233cd2-d4f3-4db4-9c35-7c95f19e148b?format=json&states=listing" "tx4f146866b0084010bcc99-00692d0e47" "proxy-server 98624" 0.0076 "-" 97343 0
Nov 30 22:40:55 np0005540556.novalocal proxy-server[98624]: ::1 ::1 01/Dec/2025/03/40/55 GET /v1/AUTH_602f37ceccf647698ef9e0fe4d0d45d5/gnocchi.04233cd2-d4f3-4db4-9c35-7c95f19e148b%3Fformat%3Djson%26states%3Dlisting HTTP/1.0 200 - python-swiftclient-4.8.0 gAAAAABpLQ4-yMSf... - 357 - tx4f146866b0084010bcc99-00692d0e47 - 0.0147 - - 1764560455.917688847 1764560455.932420015 0 3cd24aa0af114855987a490c7d44632d
Nov 30 22:40:55 np0005540556.novalocal container-server[97343]: ::1 - - [01/Dec/2025:03:40:55 +0000] "GET /1/159432/AUTH_602f37ceccf647698ef9e0fe4d0d45d5/gnocchi.04233cd2-d4f3-4db4-9c35-7c95f19e148b" 200 2 "GET https://[::1]:8080/v1/AUTH_602f37ceccf647698ef9e0fe4d0d45d5/gnocchi.04233cd2-d4f3-4db4-9c35-7c95f19e148b?format=json&marker=none_v3&states=listing" "txc772cc0f0f3f4b88b5231-00692d0e47" "proxy-server 98624" 0.0058 "-" 97343 0
Nov 30 22:40:55 np0005540556.novalocal proxy-server[98624]: ::1 ::1 01/Dec/2025/03/40/55 GET /v1/AUTH_602f37ceccf647698ef9e0fe4d0d45d5/gnocchi.04233cd2-d4f3-4db4-9c35-7c95f19e148b%3Fformat%3Djson%26marker%3Dnone_v3%26states%3Dlisting HTTP/1.0 200 - python-swiftclient-4.8.0 gAAAAABpLQ4-yMSf... - 2 - txc772cc0f0f3f4b88b5231-00692d0e47 - 0.0117 - - 1764560455.934871912 1764560455.946545124 0 3cd24aa0af114855987a490c7d44632d
Nov 30 22:40:55 np0005540556.novalocal object-server[97639]: ::1 - - [01/Dec/2025:03:40:55 +0000] "GET /2/72187/AUTH_602f37ceccf647698ef9e0fe4d0d45d5/gnocchi.04233cd2-d4f3-4db4-9c35-7c95f19e148b/1763640000.0_mean_300.0_v3" 200 16 "GET https://[::1]:8080/v1/AUTH_602f37ceccf647698ef9e0fe4d0d45d5/gnocchi.04233cd2-d4f3-4db4-9c35-7c95f19e148b/1763640000.0_mean_300.0_v3" "tx882805bd6764439db7ef3-00692d0e47" "proxy-server 98624" 0.0008 "-" 97639 0
Nov 30 22:40:55 np0005540556.novalocal proxy-server[98624]: ::1 ::1 01/Dec/2025/03/40/55 GET /v1/AUTH_602f37ceccf647698ef9e0fe4d0d45d5/gnocchi.04233cd2-d4f3-4db4-9c35-7c95f19e148b/1763640000.0_mean_300.0_v3 HTTP/1.0 200 - python-swiftclient-4.8.0 gAAAAABpLQ4-yMSf... - 16 - tx882805bd6764439db7ef3-00692d0e47 - 0.0134 - - 1764560455.950065613 1764560455.963480473 0 3cd24aa0af114855987a490c7d44632d
Nov 30 22:40:55 np0005540556.novalocal container-server[97342]: ::1 - - [01/Dec/2025:03:40:55 +0000] "PUT /3/159432/AUTH_602f37ceccf647698ef9e0fe4d0d45d5/gnocchi.04233cd2-d4f3-4db4-9c35-7c95f19e148b/1763640000.0_mean_300.0_v3" 201 - "PUT http://[::1]:8080/2/72187/AUTH_602f37ceccf647698ef9e0fe4d0d45d5/gnocchi.04233cd2-d4f3-4db4-9c35-7c95f19e148b/1763640000.0_mean_300.0_v3" "txa518cff735474323aac5c-00692d0e47" "object-server 97640" 0.0011 "-" 97342 0
Nov 30 22:40:55 np0005540556.novalocal object-server[97640]: ::1 - - [01/Dec/2025:03:40:55 +0000] "PUT /2/72187/AUTH_602f37ceccf647698ef9e0fe4d0d45d5/gnocchi.04233cd2-d4f3-4db4-9c35-7c95f19e148b/1763640000.0_mean_300.0_v3" 201 - "PUT https://[::1]:8080/v1/AUTH_602f37ceccf647698ef9e0fe4d0d45d5/gnocchi.04233cd2-d4f3-4db4-9c35-7c95f19e148b/1763640000.0_mean_300.0_v3" "txa518cff735474323aac5c-00692d0e47" "proxy-server 98624" 0.0137 "-" 97640 0
Nov 30 22:40:55 np0005540556.novalocal container-server[97342]: ::1 - - [01/Dec/2025:03:40:55 +0000] "PUT /1/159432/AUTH_602f37ceccf647698ef9e0fe4d0d45d5/gnocchi.04233cd2-d4f3-4db4-9c35-7c95f19e148b/1763640000.0_mean_300.0_v3" 201 - "PUT http://[::1]:8080/3/72187/AUTH_602f37ceccf647698ef9e0fe4d0d45d5/gnocchi.04233cd2-d4f3-4db4-9c35-7c95f19e148b/1763640000.0_mean_300.0_v3" "txa518cff735474323aac5c-00692d0e47" "object-server 97639" 0.0004 "-" 97342 0
Nov 30 22:40:55 np0005540556.novalocal container-server[97343]: ::1 - - [01/Dec/2025:03:40:55 +0000] "PUT /2/159432/AUTH_602f37ceccf647698ef9e0fe4d0d45d5/gnocchi.04233cd2-d4f3-4db4-9c35-7c95f19e148b/1763640000.0_mean_300.0_v3" 201 - "PUT http://[::1]:8080/1/72187/AUTH_602f37ceccf647698ef9e0fe4d0d45d5/gnocchi.04233cd2-d4f3-4db4-9c35-7c95f19e148b/1763640000.0_mean_300.0_v3" "txa518cff735474323aac5c-00692d0e47" "object-server 97639" 0.0007 "-" 97343 0
Nov 30 22:40:55 np0005540556.novalocal object-server[97639]: ::1 - - [01/Dec/2025:03:40:55 +0000] "PUT /3/72187/AUTH_602f37ceccf647698ef9e0fe4d0d45d5/gnocchi.04233cd2-d4f3-4db4-9c35-7c95f19e148b/1763640000.0_mean_300.0_v3" 201 - "PUT https://[::1]:8080/v1/AUTH_602f37ceccf647698ef9e0fe4d0d45d5/gnocchi.04233cd2-d4f3-4db4-9c35-7c95f19e148b/1763640000.0_mean_300.0_v3" "txa518cff735474323aac5c-00692d0e47" "proxy-server 98624" 0.0182 "-" 97639 0
Nov 30 22:40:55 np0005540556.novalocal object-server[97639]: ::1 - - [01/Dec/2025:03:40:55 +0000] "PUT /1/72187/AUTH_602f37ceccf647698ef9e0fe4d0d45d5/gnocchi.04233cd2-d4f3-4db4-9c35-7c95f19e148b/1763640000.0_mean_300.0_v3" 201 - "PUT https://[::1]:8080/v1/AUTH_602f37ceccf647698ef9e0fe4d0d45d5/gnocchi.04233cd2-d4f3-4db4-9c35-7c95f19e148b/1763640000.0_mean_300.0_v3" "txa518cff735474323aac5c-00692d0e47" "proxy-server 98624" 0.0229 "-" 97639 0
Nov 30 22:40:56 np0005540556.novalocal proxy-server[98624]: ::1 ::1 01/Dec/2025/03/40/56 PUT /v1/AUTH_602f37ceccf647698ef9e0fe4d0d45d5/gnocchi.04233cd2-d4f3-4db4-9c35-7c95f19e148b/1763640000.0_mean_300.0_v3 HTTP/1.0 201 - python-swiftclient-4.8.0 gAAAAABpLQ4-yMSf... 16 - - txa518cff735474323aac5c-00692d0e47 - 0.0300 - - 1764560455.970851898 1764560456.000831842 0 3cd24aa0af114855987a490c7d44632d
Nov 30 22:40:56 np0005540556.novalocal container-server[97343]: ::1 - - [01/Dec/2025:03:40:56 +0000] "PUT /2/159432/AUTH_602f37ceccf647698ef9e0fe4d0d45d5/gnocchi.04233cd2-d4f3-4db4-9c35-7c95f19e148b/none_v3" 201 - "PUT http://[::1]:8080/1/72134/AUTH_602f37ceccf647698ef9e0fe4d0d45d5/gnocchi.04233cd2-d4f3-4db4-9c35-7c95f19e148b/none_v3" "tx9905341990c6433eae8dc-00692d0e48" "object-server 97639" 0.0007 "-" 97343 0
Nov 30 22:40:56 np0005540556.novalocal container-server[97342]: ::1 - - [01/Dec/2025:03:40:56 +0000] "PUT /1/159432/AUTH_602f37ceccf647698ef9e0fe4d0d45d5/gnocchi.04233cd2-d4f3-4db4-9c35-7c95f19e148b/none_v3" 201 - "PUT http://[::1]:8080/2/72134/AUTH_602f37ceccf647698ef9e0fe4d0d45d5/gnocchi.04233cd2-d4f3-4db4-9c35-7c95f19e148b/none_v3" "tx9905341990c6433eae8dc-00692d0e48" "object-server 97639" 0.0014 "-" 97342 0
Nov 30 22:40:56 np0005540556.novalocal object-server[97639]: ::1 - - [01/Dec/2025:03:40:56 +0000] "PUT /2/72134/AUTH_602f37ceccf647698ef9e0fe4d0d45d5/gnocchi.04233cd2-d4f3-4db4-9c35-7c95f19e148b/none_v3" 201 - "PUT https://[::1]:8080/v1/AUTH_602f37ceccf647698ef9e0fe4d0d45d5/gnocchi.04233cd2-d4f3-4db4-9c35-7c95f19e148b/none_v3" "tx9905341990c6433eae8dc-00692d0e48" "proxy-server 98624" 0.0215 "-" 97639 0
Nov 30 22:40:56 np0005540556.novalocal object-server[97639]: ::1 - - [01/Dec/2025:03:40:56 +0000] "PUT /1/72134/AUTH_602f37ceccf647698ef9e0fe4d0d45d5/gnocchi.04233cd2-d4f3-4db4-9c35-7c95f19e148b/none_v3" 201 - "PUT https://[::1]:8080/v1/AUTH_602f37ceccf647698ef9e0fe4d0d45d5/gnocchi.04233cd2-d4f3-4db4-9c35-7c95f19e148b/none_v3" "tx9905341990c6433eae8dc-00692d0e48" "proxy-server 98624" 0.0260 "-" 97639 0
Nov 30 22:40:56 np0005540556.novalocal container-server[97343]: ::1 - - [01/Dec/2025:03:40:56 +0000] "PUT /3/159432/AUTH_602f37ceccf647698ef9e0fe4d0d45d5/gnocchi.04233cd2-d4f3-4db4-9c35-7c95f19e148b/none_v3" 201 - "PUT http://[::1]:8080/3/72134/AUTH_602f37ceccf647698ef9e0fe4d0d45d5/gnocchi.04233cd2-d4f3-4db4-9c35-7c95f19e148b/none_v3" "tx9905341990c6433eae8dc-00692d0e48" "object-server 97639" 0.0004 "-" 97343 0
Nov 30 22:40:56 np0005540556.novalocal object-server[97639]: ::1 - - [01/Dec/2025:03:40:56 +0000] "PUT /3/72134/AUTH_602f37ceccf647698ef9e0fe4d0d45d5/gnocchi.04233cd2-d4f3-4db4-9c35-7c95f19e148b/none_v3" 201 - "PUT https://[::1]:8080/v1/AUTH_602f37ceccf647698ef9e0fe4d0d45d5/gnocchi.04233cd2-d4f3-4db4-9c35-7c95f19e148b/none_v3" "tx9905341990c6433eae8dc-00692d0e48" "proxy-server 98624" 0.0311 "-" 97639 0
Nov 30 22:40:56 np0005540556.novalocal proxy-server[98624]: ::1 ::1 01/Dec/2025/03/40/56 PUT /v1/AUTH_602f37ceccf647698ef9e0fe4d0d45d5/gnocchi.04233cd2-d4f3-4db4-9c35-7c95f19e148b/none_v3 HTTP/1.0 201 - python-swiftclient-4.8.0 gAAAAABpLQ4-yMSf... 37 - - tx9905341990c6433eae8dc-00692d0e48 - 0.0393 - - 1764560456.003933668 1764560456.043273449 0 3cd24aa0af114855987a490c7d44632d
Nov 30 22:40:56 np0005540556.novalocal object-server[97640]: ::1 - - [01/Dec/2025:03:40:56 +0000] "GET /2/156659/AUTH_602f37ceccf647698ef9e0fe4d0d45d5/gnocchi.b7b3cafe-6d38-4bc6-a3cf-664e9fbc0315/none_v3" 200 31 "GET https://[::1]:8080/v1/AUTH_602f37ceccf647698ef9e0fe4d0d45d5/gnocchi.b7b3cafe-6d38-4bc6-a3cf-664e9fbc0315/none_v3" "txd1fbd6b99a99454d90d15-00692d0e48" "proxy-server 98624" 0.0017 "-" 97640 0
Nov 30 22:40:56 np0005540556.novalocal proxy-server[98624]: ::1 ::1 01/Dec/2025/03/40/56 GET /v1/AUTH_602f37ceccf647698ef9e0fe4d0d45d5/gnocchi.b7b3cafe-6d38-4bc6-a3cf-664e9fbc0315/none_v3 HTTP/1.0 200 - python-swiftclient-4.8.0 gAAAAABpLQ4-yMSf... - 31 - txd1fbd6b99a99454d90d15-00692d0e48 - 0.0189 - - 1764560456.071622133 1764560456.090481043 0 3cd24aa0af114855987a490c7d44632d
Nov 30 22:40:56 np0005540556.novalocal container-server[97343]: ::1 - - [01/Dec/2025:03:40:56 +0000] "GET /3/174506/AUTH_602f37ceccf647698ef9e0fe4d0d45d5/gnocchi.b7b3cafe-6d38-4bc6-a3cf-664e9fbc0315" 200 357 "GET https://[::1]:8080/v1/AUTH_602f37ceccf647698ef9e0fe4d0d45d5/gnocchi.b7b3cafe-6d38-4bc6-a3cf-664e9fbc0315?format=json&states=listing" "tx109a095a40aa438f93348-00692d0e48" "proxy-server 98624" 0.0089 "-" 97343 0
