Nov 30 22:40:44 np0005540556.novalocal container-server[97342]: ::1 - - [01/Dec/2025:03:40:44 +0000] "PUT /1/43659/AUTH_602f37ceccf647698ef9e0fe4d0d45d5/gnocchi.d7e10de7-f7ec-4336-a067-7bd9f74033c9/1763640000.0_mean_300.0_v3" 201 - "PUT http://[::1]:8080/1/131112/AUTH_602f37ceccf647698ef9e0fe4d0d45d5/gnocchi.d7e10de7-f7ec-4336-a067-7bd9f74033c9/1763640000.0_mean_300.0_v3" "tx8cbed0cc4d794119a910c-00692d0e3c" "object-server 97640" 0.0007 "-" 97342 0
Nov 30 22:40:44 np0005540556.novalocal object-server[97640]: ::1 - - [01/Dec/2025:03:40:44 +0000] "PUT /3/131112/AUTH_602f37ceccf647698ef9e0fe4d0d45d5/gnocchi.d7e10de7-f7ec-4336-a067-7bd9f74033c9/1763640000.0_mean_300.0_v3" 201 - "PUT https://[::1]:8080/v1/AUTH_602f37ceccf647698ef9e0fe4d0d45d5/gnocchi.d7e10de7-f7ec-4336-a067-7bd9f74033c9/1763640000.0_mean_300.0_v3" "tx8cbed0cc4d794119a910c-00692d0e3c" "proxy-server 98624" 0.0142 "-" 97640 0
Nov 30 22:40:44 np0005540556.novalocal object-server[97640]: ::1 - - [01/Dec/2025:03:40:44 +0000] "PUT /1/131112/AUTH_602f37ceccf647698ef9e0fe4d0d45d5/gnocchi.d7e10de7-f7ec-4336-a067-7bd9f74033c9/1763640000.0_mean_300.0_v3" 201 - "PUT https://[::1]:8080/v1/AUTH_602f37ceccf647698ef9e0fe4d0d45d5/gnocchi.d7e10de7-f7ec-4336-a067-7bd9f74033c9/1763640000.0_mean_300.0_v3" "tx8cbed0cc4d794119a910c-00692d0e3c" "proxy-server 98624" 0.0187 "-" 97640 0
Nov 30 22:40:44 np0005540556.novalocal proxy-server[98624]: ::1 ::1 01/Dec/2025/03/40/44 PUT /v1/AUTH_602f37ceccf647698ef9e0fe4d0d45d5/gnocchi.d7e10de7-f7ec-4336-a067-7bd9f74033c9/1763640000.0_mean_300.0_v3 HTTP/1.0 201 - python-swiftclient-4.8.0 gAAAAABpLQ4jjy8F... 16 - - tx8cbed0cc4d794119a910c-00692d0e3c - 0.0272 - - 1764560444.599176168 1764560444.626337528 0 3cd24aa0af114855987a490c7d44632d
Nov 30 22:40:44 np0005540556.novalocal container-server[97343]: ::1 - - [01/Dec/2025:03:40:44 +0000] "PUT /1/43659/AUTH_602f37ceccf647698ef9e0fe4d0d45d5/gnocchi.d7e10de7-f7ec-4336-a067-7bd9f74033c9/none_v3" 201 - "PUT http://[::1]:8080/3/239493/AUTH_602f37ceccf647698ef9e0fe4d0d45d5/gnocchi.d7e10de7-f7ec-4336-a067-7bd9f74033c9/none_v3" "tx305119e8e4474e9e8efce-00692d0e3c" "object-server 97639" 0.0006 "-" 97343 0
Nov 30 22:40:44 np0005540556.novalocal container-server[97342]: ::1 - - [01/Dec/2025:03:40:44 +0000] "PUT /3/43659/AUTH_602f37ceccf647698ef9e0fe4d0d45d5/gnocchi.d7e10de7-f7ec-4336-a067-7bd9f74033c9/none_v3" 201 - "PUT http://[::1]:8080/2/239493/AUTH_602f37ceccf647698ef9e0fe4d0d45d5/gnocchi.d7e10de7-f7ec-4336-a067-7bd9f74033c9/none_v3" "tx305119e8e4474e9e8efce-00692d0e3c" "object-server 97640" 0.0006 "-" 97342 0
Nov 30 22:40:44 np0005540556.novalocal object-server[97639]: ::1 - - [01/Dec/2025:03:40:44 +0000] "PUT /3/239493/AUTH_602f37ceccf647698ef9e0fe4d0d45d5/gnocchi.d7e10de7-f7ec-4336-a067-7bd9f74033c9/none_v3" 201 - "PUT https://[::1]:8080/v1/AUTH_602f37ceccf647698ef9e0fe4d0d45d5/gnocchi.d7e10de7-f7ec-4336-a067-7bd9f74033c9/none_v3" "tx305119e8e4474e9e8efce-00692d0e3c" "proxy-server 98624" 0.0146 "-" 97639 0
Nov 30 22:40:44 np0005540556.novalocal object-server[97640]: ::1 - - [01/Dec/2025:03:40:44 +0000] "PUT /2/239493/AUTH_602f37ceccf647698ef9e0fe4d0d45d5/gnocchi.d7e10de7-f7ec-4336-a067-7bd9f74033c9/none_v3" 201 - "PUT https://[::1]:8080/v1/AUTH_602f37ceccf647698ef9e0fe4d0d45d5/gnocchi.d7e10de7-f7ec-4336-a067-7bd9f74033c9/none_v3" "tx305119e8e4474e9e8efce-00692d0e3c" "proxy-server 98624" 0.0128 "-" 97640 0
Nov 30 22:40:44 np0005540556.novalocal container-server[97342]: ::1 - - [01/Dec/2025:03:40:44 +0000] "PUT /2/43659/AUTH_602f37ceccf647698ef9e0fe4d0d45d5/gnocchi.d7e10de7-f7ec-4336-a067-7bd9f74033c9/none_v3" 201 - "PUT http://[::1]:8080/1/239493/AUTH_602f37ceccf647698ef9e0fe4d0d45d5/gnocchi.d7e10de7-f7ec-4336-a067-7bd9f74033c9/none_v3" "tx305119e8e4474e9e8efce-00692d0e3c" "object-server 97640" 0.0004 "-" 97342 0
Nov 30 22:40:44 np0005540556.novalocal object-server[97640]: ::1 - - [01/Dec/2025:03:40:44 +0000] "PUT /1/239493/AUTH_602f37ceccf647698ef9e0fe4d0d45d5/gnocchi.d7e10de7-f7ec-4336-a067-7bd9f74033c9/none_v3" 201 - "PUT https://[::1]:8080/v1/AUTH_602f37ceccf647698ef9e0fe4d0d45d5/gnocchi.d7e10de7-f7ec-4336-a067-7bd9f74033c9/none_v3" "tx305119e8e4474e9e8efce-00692d0e3c" "proxy-server 98624" 0.0196 "-" 97640 0
Nov 30 22:40:44 np0005540556.novalocal proxy-server[98624]: ::1 ::1 01/Dec/2025/03/40/44 PUT /v1/AUTH_602f37ceccf647698ef9e0fe4d0d45d5/gnocchi.d7e10de7-f7ec-4336-a067-7bd9f74033c9/none_v3 HTTP/1.0 201 - python-swiftclient-4.8.0 gAAAAABpLQ4jjy8F... 22 - - tx305119e8e4474e9e8efce-00692d0e3c - 0.0259 - - 1764560444.629970551 1764560444.655872345 0 3cd24aa0af114855987a490c7d44632d
Nov 30 22:40:44 np0005540556.novalocal container-server[97343]: ::1 - - [01/Dec/2025:03:40:44 +0000] "HEAD /1/123242/AUTH_602f37ceccf647698ef9e0fe4d0d45d5/gnocchi.a6ada5a8-66c0-480d-855c-0e93c39c064c" 404 - "HEAD http://[::1]:8080/v1/AUTH_602f37ceccf647698ef9e0fe4d0d45d5/gnocchi.a6ada5a8-66c0-480d-855c-0e93c39c064c" "txd951ff172e6548daa29e3-00692d0e3c" "proxy-server 98624" 0.0003 "-" 97343 0
Nov 30 22:40:44 np0005540556.novalocal container-server[97343]: ::1 - - [01/Dec/2025:03:40:44 +0000] "HEAD /2/123242/AUTH_602f37ceccf647698ef9e0fe4d0d45d5/gnocchi.a6ada5a8-66c0-480d-855c-0e93c39c064c" 404 - "HEAD http://[::1]:8080/v1/AUTH_602f37ceccf647698ef9e0fe4d0d45d5/gnocchi.a6ada5a8-66c0-480d-855c-0e93c39c064c" "txd951ff172e6548daa29e3-00692d0e3c" "proxy-server 98624" 0.0002 "-" 97343 0
Nov 30 22:40:44 np0005540556.novalocal container-server[97343]: ::1 - - [01/Dec/2025:03:40:44 +0000] "HEAD /3/123242/AUTH_602f37ceccf647698ef9e0fe4d0d45d5/gnocchi.a6ada5a8-66c0-480d-855c-0e93c39c064c" 404 - "HEAD http://[::1]:8080/v1/AUTH_602f37ceccf647698ef9e0fe4d0d45d5/gnocchi.a6ada5a8-66c0-480d-855c-0e93c39c064c" "txd951ff172e6548daa29e3-00692d0e3c" "proxy-server 98624" 0.0003 "-" 97343 0
Nov 30 22:40:44 np0005540556.novalocal proxy-server[98624]: - - 01/Dec/2025/03/40/44 HEAD /v1/AUTH_602f37ceccf647698ef9e0fe4d0d45d5/gnocchi.a6ada5a8-66c0-480d-855c-0e93c39c064c HTTP/1.0 404 - Swift - - - - txd951ff172e6548daa29e3-00692d0e3c - 0.0072 CS - 1764560444.673802137 1764560444.681050301 0 -
Nov 30 22:40:44 np0005540556.novalocal object-server[97639]: ::1 - - [01/Dec/2025:03:40:44 +0000] "GET /3/75418/AUTH_602f37ceccf647698ef9e0fe4d0d45d5/gnocchi.a6ada5a8-66c0-480d-855c-0e93c39c064c/none_v3" 404 70 "GET https://[::1]:8080/v1/AUTH_602f37ceccf647698ef9e0fe4d0d45d5/gnocchi.a6ada5a8-66c0-480d-855c-0e93c39c064c/none_v3" "txd951ff172e6548daa29e3-00692d0e3c" "proxy-server 98624" 0.0005 "-" 97639 0
Nov 30 22:40:44 np0005540556.novalocal object-server[97639]: ::1 - - [01/Dec/2025:03:40:44 +0000] "GET /1/75418/AUTH_602f37ceccf647698ef9e0fe4d0d45d5/gnocchi.a6ada5a8-66c0-480d-855c-0e93c39c064c/none_v3" 404 70 "GET https://[::1]:8080/v1/AUTH_602f37ceccf647698ef9e0fe4d0d45d5/gnocchi.a6ada5a8-66c0-480d-855c-0e93c39c064c/none_v3" "txd951ff172e6548daa29e3-00692d0e3c" "proxy-server 98624" 0.0004 "-" 97639 0
Nov 30 22:40:44 np0005540556.novalocal object-server[97640]: ::1 - - [01/Dec/2025:03:40:44 +0000] "GET /2/75418/AUTH_602f37ceccf647698ef9e0fe4d0d45d5/gnocchi.a6ada5a8-66c0-480d-855c-0e93c39c064c/none_v3" 404 70 "GET https://[::1]:8080/v1/AUTH_602f37ceccf647698ef9e0fe4d0d45d5/gnocchi.a6ada5a8-66c0-480d-855c-0e93c39c064c/none_v3" "txd951ff172e6548daa29e3-00692d0e3c" "proxy-server 98624" 0.0007 "-" 97640 0
Nov 30 22:40:44 np0005540556.novalocal proxy-server[98624]: ::1 ::1 01/Dec/2025/03/40/44 GET /v1/AUTH_602f37ceccf647698ef9e0fe4d0d45d5/gnocchi.a6ada5a8-66c0-480d-855c-0e93c39c064c/none_v3 HTTP/1.0 404 - python-swiftclient-4.8.0 gAAAAABpLQ4jjy8F... - 70 - txd951ff172e6548daa29e3-00692d0e3c - 0.0207 - - 1764560444.673051834 1764560444.693728209 0 3cd24aa0af114855987a490c7d44632d
Nov 30 22:40:44 np0005540556.novalocal account-server[97043]: ::1 - - [01/Dec/2025:03:40:44 +0000] "PUT /2/108421/AUTH_602f37ceccf647698ef9e0fe4d0d45d5/gnocchi.a6ada5a8-66c0-480d-855c-0e93c39c064c" 201 - "PUT http://[::1]:6001/2/123242/AUTH_602f37ceccf647698ef9e0fe4d0d45d5/gnocchi.a6ada5a8-66c0-480d-855c-0e93c39c064c" "tx0dc00957c6344d9991d52-00692d0e3c" "container-server 97342" 0.0045 "-" 97043 0
Nov 30 22:40:44 np0005540556.novalocal container-server[97342]: ::1 - - [01/Dec/2025:03:40:44 +0000] "PUT /2/123242/AUTH_602f37ceccf647698ef9e0fe4d0d45d5/gnocchi.a6ada5a8-66c0-480d-855c-0e93c39c064c" 201 - "PUT https://[::1]:8080/v1/AUTH_602f37ceccf647698ef9e0fe4d0d45d5/gnocchi.a6ada5a8-66c0-480d-855c-0e93c39c064c" "tx0dc00957c6344d9991d52-00692d0e3c" "proxy-server 98624" 0.0154 "-" 97342 0
Nov 30 22:40:44 np0005540556.novalocal account-server[97042]: ::1 - - [01/Dec/2025:03:40:44 +0000] "PUT /1/108421/AUTH_602f37ceccf647698ef9e0fe4d0d45d5/gnocchi.a6ada5a8-66c0-480d-855c-0e93c39c064c" 201 - "PUT http://[::1]:6001/1/123242/AUTH_602f37ceccf647698ef9e0fe4d0d45d5/gnocchi.a6ada5a8-66c0-480d-855c-0e93c39c064c" "tx0dc00957c6344d9991d52-00692d0e3c" "container-server 97343" 0.0071 "-" 97042 0
Nov 30 22:40:44 np0005540556.novalocal container-server[97343]: ::1 - - [01/Dec/2025:03:40:44 +0000] "PUT /1/123242/AUTH_602f37ceccf647698ef9e0fe4d0d45d5/gnocchi.a6ada5a8-66c0-480d-855c-0e93c39c064c" 201 - "PUT https://[::1]:8080/v1/AUTH_602f37ceccf647698ef9e0fe4d0d45d5/gnocchi.a6ada5a8-66c0-480d-855c-0e93c39c064c" "tx0dc00957c6344d9991d52-00692d0e3c" "proxy-server 98624" 0.0208 "-" 97343 0
Nov 30 22:40:44 np0005540556.novalocal account-server[97043]: ::1 - - [01/Dec/2025:03:40:44 +0000] "PUT /3/108421/AUTH_602f37ceccf647698ef9e0fe4d0d45d5/gnocchi.a6ada5a8-66c0-480d-855c-0e93c39c064c" 201 - "PUT http://[::1]:6001/3/123242/AUTH_602f37ceccf647698ef9e0fe4d0d45d5/gnocchi.a6ada5a8-66c0-480d-855c-0e93c39c064c" "tx0dc00957c6344d9991d52-00692d0e3c" "container-server 97343" 0.0055 "-" 97043 0
Nov 30 22:40:44 np0005540556.novalocal container-server[97343]: ::1 - - [01/Dec/2025:03:40:44 +0000] "PUT /3/123242/AUTH_602f37ceccf647698ef9e0fe4d0d45d5/gnocchi.a6ada5a8-66c0-480d-855c-0e93c39c064c" 201 - "PUT https://[::1]:8080/v1/AUTH_602f37ceccf647698ef9e0fe4d0d45d5/gnocchi.a6ada5a8-66c0-480d-855c-0e93c39c064c" "tx0dc00957c6344d9991d52-00692d0e3c" "proxy-server 98624" 0.0167 "-" 97343 0
Nov 30 22:40:44 np0005540556.novalocal proxy-server[98624]: ::1 ::1 01/Dec/2025/03/40/44 PUT /v1/AUTH_602f37ceccf647698ef9e0fe4d0d45d5/gnocchi.a6ada5a8-66c0-480d-855c-0e93c39c064c HTTP/1.0 201 - python-swiftclient-4.8.0 gAAAAABpLQ4jjy8F... - - - tx0dc00957c6344d9991d52-00692d0e3c - 0.0352 - - 1764560444.697268963 1764560444.732432365 0 3cd24aa0af114855987a490c7d44632d
Nov 30 22:40:44 np0005540556.novalocal container-server[97342]: ::1 - - [01/Dec/2025:03:40:44 +0000] "HEAD /3/123242/AUTH_602f37ceccf647698ef9e0fe4d0d45d5/gnocchi.a6ada5a8-66c0-480d-855c-0e93c39c064c" 204 - "HEAD http://[::1]:8080/v1/AUTH_602f37ceccf647698ef9e0fe4d0d45d5/gnocchi.a6ada5a8-66c0-480d-855c-0e93c39c064c" "txce2dd25f47104d31bccc2-00692d0e3c" "proxy-server 98624" 0.0026 "-" 97342 0
Nov 30 22:40:44 np0005540556.novalocal proxy-server[98624]: - - 01/Dec/2025/03/40/44 HEAD /v1/AUTH_602f37ceccf647698ef9e0fe4d0d45d5/gnocchi.a6ada5a8-66c0-480d-855c-0e93c39c064c HTTP/1.0 204 - Swift - - - - txce2dd25f47104d31bccc2-00692d0e3c - 0.0090 CS - 1764560444.739686728 1764560444.748668432 0 -
Nov 30 22:40:44 np0005540556.novalocal container-server[97342]: ::1 - - [01/Dec/2025:03:40:44 +0000] "GET /1/123242/AUTH_602f37ceccf647698ef9e0fe4d0d45d5/gnocchi.a6ada5a8-66c0-480d-855c-0e93c39c064c" 200 2 "GET https://[::1]:8080/v1/AUTH_602f37ceccf647698ef9e0fe4d0d45d5/gnocchi.a6ada5a8-66c0-480d-855c-0e93c39c064c?format=json&states=listing" "txce2dd25f47104d31bccc2-00692d0e3c" "proxy-server 98624" 0.0126 "-" 97342 0
Nov 30 22:40:44 np0005540556.novalocal proxy-server[98624]: ::1 ::1 01/Dec/2025/03/40/44 GET /v1/AUTH_602f37ceccf647698ef9e0fe4d0d45d5/gnocchi.a6ada5a8-66c0-480d-855c-0e93c39c064c%3Fformat%3Djson%26states%3Dlisting HTTP/1.0 200 - python-swiftclient-4.8.0 gAAAAABpLQ4jjy8F... - 2 - txce2dd25f47104d31bccc2-00692d0e3c - 0.0374 - - 1764560444.738352060 1764560444.775748253 0 3cd24aa0af114855987a490c7d44632d
Nov 30 22:40:44 np0005540556.novalocal object-server[97640]: ::1 - - [01/Dec/2025:03:40:44 +0000] "GET /2/123459/AUTH_602f37ceccf647698ef9e0fe4d0d45d5/gnocchi.a6ada5a8-66c0-480d-855c-0e93c39c064c/1763640000.0_mean_300.0_v3" 404 70 "GET https://[::1]:8080/v1/AUTH_602f37ceccf647698ef9e0fe4d0d45d5/gnocchi.a6ada5a8-66c0-480d-855c-0e93c39c064c/1763640000.0_mean_300.0_v3" "tx16a2978356fd4e1caa7db-00692d0e3c" "proxy-server 98624" 0.0007 "-" 97640 0
Nov 30 22:40:44 np0005540556.novalocal object-server[97640]: ::1 - - [01/Dec/2025:03:40:44 +0000] "GET /1/123459/AUTH_602f37ceccf647698ef9e0fe4d0d45d5/gnocchi.a6ada5a8-66c0-480d-855c-0e93c39c064c/1763640000.0_mean_300.0_v3" 404 70 "GET https://[::1]:8080/v1/AUTH_602f37ceccf647698ef9e0fe4d0d45d5/gnocchi.a6ada5a8-66c0-480d-855c-0e93c39c064c/1763640000.0_mean_300.0_v3" "tx16a2978356fd4e1caa7db-00692d0e3c" "proxy-server 98624" 0.0005 "-" 97640 0
Nov 30 22:40:44 np0005540556.novalocal object-server[97639]: ::1 - - [01/Dec/2025:03:40:44 +0000] "GET /3/123459/AUTH_602f37ceccf647698ef9e0fe4d0d45d5/gnocchi.a6ada5a8-66c0-480d-855c-0e93c39c064c/1763640000.0_mean_300.0_v3" 404 70 "GET https://[::1]:8080/v1/AUTH_602f37ceccf647698ef9e0fe4d0d45d5/gnocchi.a6ada5a8-66c0-480d-855c-0e93c39c064c/1763640000.0_mean_300.0_v3" "tx16a2978356fd4e1caa7db-00692d0e3c" "proxy-server 98624" 0.0006 "-" 97639 0
Nov 30 22:40:44 np0005540556.novalocal proxy-server[98624]: ::1 ::1 01/Dec/2025/03/40/44 GET /v1/AUTH_602f37ceccf647698ef9e0fe4d0d45d5/gnocchi.a6ada5a8-66c0-480d-855c-0e93c39c064c/1763640000.0_mean_300.0_v3 HTTP/1.0 404 - python-swiftclient-4.8.0 gAAAAABpLQ4jjy8F... - 70 - tx16a2978356fd4e1caa7db-00692d0e3c - 0.0206 - - 1764560444.783423424 1764560444.803982496 0 3cd24aa0af114855987a490c7d44632d
Nov 30 22:40:44 np0005540556.novalocal container-server[97342]: ::1 - - [01/Dec/2025:03:40:44 +0000] "PUT /3/123242/AUTH_602f37ceccf647698ef9e0fe4d0d45d5/gnocchi.a6ada5a8-66c0-480d-855c-0e93c39c064c/1763640000.0_mean_300.0_v3" 201 - "PUT http://[::1]:8080/1/123459/AUTH_602f37ceccf647698ef9e0fe4d0d45d5/gnocchi.a6ada5a8-66c0-480d-855c-0e93c39c064c/1763640000.0_mean_300.0_v3" "txb7231ef05d1b4b10b314f-00692d0e3c" "object-server 97640" 0.0008 "-" 97342 0
Nov 30 22:40:44 np0005540556.novalocal container-server[97342]: ::1 - - [01/Dec/2025:03:40:44 +0000] "PUT /2/123242/AUTH_602f37ceccf647698ef9e0fe4d0d45d5/gnocchi.a6ada5a8-66c0-480d-855c-0e93c39c064c/1763640000.0_mean_300.0_v3" 201 - "PUT http://[::1]:8080/2/123459/AUTH_602f37ceccf647698ef9e0fe4d0d45d5/gnocchi.a6ada5a8-66c0-480d-855c-0e93c39c064c/1763640000.0_mean_300.0_v3" "txb7231ef05d1b4b10b314f-00692d0e3c" "object-server 97639" 0.0005 "-" 97342 0
Nov 30 22:40:44 np0005540556.novalocal object-server[97640]: ::1 - - [01/Dec/2025:03:40:44 +0000] "PUT /1/123459/AUTH_602f37ceccf647698ef9e0fe4d0d45d5/gnocchi.a6ada5a8-66c0-480d-855c-0e93c39c064c/1763640000.0_mean_300.0_v3" 201 - "PUT https://[::1]:8080/v1/AUTH_602f37ceccf647698ef9e0fe4d0d45d5/gnocchi.a6ada5a8-66c0-480d-855c-0e93c39c064c/1763640000.0_mean_300.0_v3" "txb7231ef05d1b4b10b314f-00692d0e3c" "proxy-server 98624" 0.0160 "-" 97640 0
Nov 30 22:40:44 np0005540556.novalocal container-server[97343]: ::1 - - [01/Dec/2025:03:40:44 +0000] "PUT /1/123242/AUTH_602f37ceccf647698ef9e0fe4d0d45d5/gnocchi.a6ada5a8-66c0-480d-855c-0e93c39c064c/1763640000.0_mean_300.0_v3" 201 - "PUT http://[::1]:8080/3/123459/AUTH_602f37ceccf647698ef9e0fe4d0d45d5/gnocchi.a6ada5a8-66c0-480d-855c-0e93c39c064c/1763640000.0_mean_300.0_v3" "txb7231ef05d1b4b10b314f-00692d0e3c" "object-server 97639" 0.0007 "-" 97343 0
Nov 30 22:40:44 np0005540556.novalocal object-server[97639]: ::1 - - [01/Dec/2025:03:40:44 +0000] "PUT /2/123459/AUTH_602f37ceccf647698ef9e0fe4d0d45d5/gnocchi.a6ada5a8-66c0-480d-855c-0e93c39c064c/1763640000.0_mean_300.0_v3" 201 - "PUT https://[::1]:8080/v1/AUTH_602f37ceccf647698ef9e0fe4d0d45d5/gnocchi.a6ada5a8-66c0-480d-855c-0e93c39c064c/1763640000.0_mean_300.0_v3" "txb7231ef05d1b4b10b314f-00692d0e3c" "proxy-server 98624" 0.0160 "-" 97639 0
Nov 30 22:40:44 np0005540556.novalocal object-server[97639]: ::1 - - [01/Dec/2025:03:40:44 +0000] "PUT /3/123459/AUTH_602f37ceccf647698ef9e0fe4d0d45d5/gnocchi.a6ada5a8-66c0-480d-855c-0e93c39c064c/1763640000.0_mean_300.0_v3" 201 - "PUT https://[::1]:8080/v1/AUTH_602f37ceccf647698ef9e0fe4d0d45d5/gnocchi.a6ada5a8-66c0-480d-855c-0e93c39c064c/1763640000.0_mean_300.0_v3" "txb7231ef05d1b4b10b314f-00692d0e3c" "proxy-server 98624" 0.0197 "-" 97639 0
Nov 30 22:40:44 np0005540556.novalocal proxy-server[98624]: ::1 ::1 01/Dec/2025/03/40/44 PUT /v1/AUTH_602f37ceccf647698ef9e0fe4d0d45d5/gnocchi.a6ada5a8-66c0-480d-855c-0e93c39c064c/1763640000.0_mean_300.0_v3 HTTP/1.0 201 - python-swiftclient-4.8.0 gAAAAABpLQ4jjy8F... 16 - - txb7231ef05d1b4b10b314f-00692d0e3c - 0.0340 - - 1764560444.815375566 1764560444.849353790 0 3cd24aa0af114855987a490c7d44632d
Nov 30 22:40:44 np0005540556.novalocal container-server[97342]: ::1 - - [01/Dec/2025:03:40:44 +0000] "PUT /2/123242/AUTH_602f37ceccf647698ef9e0fe4d0d45d5/gnocchi.a6ada5a8-66c0-480d-855c-0e93c39c064c/none_v3" 201 - "PUT http://[::1]:8080/3/75418/AUTH_602f37ceccf647698ef9e0fe4d0d45d5/gnocchi.a6ada5a8-66c0-480d-855c-0e93c39c064c/none_v3" "tx44f35a6d63e1403cb6edc-00692d0e3c" "object-server 97640" 0.0006 "-" 97342 0
Nov 30 22:40:44 np0005540556.novalocal container-server[97343]: ::1 - - [01/Dec/2025:03:40:44 +0000] "PUT /3/123242/AUTH_602f37ceccf647698ef9e0fe4d0d45d5/gnocchi.a6ada5a8-66c0-480d-855c-0e93c39c064c/none_v3" 201 - "PUT http://[::1]:8080/2/75418/AUTH_602f37ceccf647698ef9e0fe4d0d45d5/gnocchi.a6ada5a8-66c0-480d-855c-0e93c39c064c/none_v3" "tx44f35a6d63e1403cb6edc-00692d0e3c" "object-server 97640" 0.0006 "-" 97343 0
Nov 30 22:40:44 np0005540556.novalocal container-server[97342]: ::1 - - [01/Dec/2025:03:40:44 +0000] "PUT /1/123242/AUTH_602f37ceccf647698ef9e0fe4d0d45d5/gnocchi.a6ada5a8-66c0-480d-855c-0e93c39c064c/none_v3" 201 - "PUT http://[::1]:8080/1/75418/AUTH_602f37ceccf647698ef9e0fe4d0d45d5/gnocchi.a6ada5a8-66c0-480d-855c-0e93c39c064c/none_v3" "tx44f35a6d63e1403cb6edc-00692d0e3c" "object-server 97640" 0.0004 "-" 97342 0
Nov 30 22:40:44 np0005540556.novalocal object-server[97640]: ::1 - - [01/Dec/2025:03:40:44 +0000] "PUT /3/75418/AUTH_602f37ceccf647698ef9e0fe4d0d45d5/gnocchi.a6ada5a8-66c0-480d-855c-0e93c39c064c/none_v3" 201 - "PUT https://[::1]:8080/v1/AUTH_602f37ceccf647698ef9e0fe4d0d45d5/gnocchi.a6ada5a8-66c0-480d-855c-0e93c39c064c/none_v3" "tx44f35a6d63e1403cb6edc-00692d0e3c" "proxy-server 98624" 0.0189 "-" 97640 0
Nov 30 22:40:44 np0005540556.novalocal object-server[97640]: ::1 - - [01/Dec/2025:03:40:44 +0000] "PUT /1/75418/AUTH_602f37ceccf647698ef9e0fe4d0d45d5/gnocchi.a6ada5a8-66c0-480d-855c-0e93c39c064c/none_v3" 201 - "PUT https://[::1]:8080/v1/AUTH_602f37ceccf647698ef9e0fe4d0d45d5/gnocchi.a6ada5a8-66c0-480d-855c-0e93c39c064c/none_v3" "tx44f35a6d63e1403cb6edc-00692d0e3c" "proxy-server 98624" 0.0178 "-" 97640 0
Nov 30 22:40:44 np0005540556.novalocal object-server[97640]: ::1 - - [01/Dec/2025:03:40:44 +0000] "PUT /2/75418/AUTH_602f37ceccf647698ef9e0fe4d0d45d5/gnocchi.a6ada5a8-66c0-480d-855c-0e93c39c064c/none_v3" 201 - "PUT https://[::1]:8080/v1/AUTH_602f37ceccf647698ef9e0fe4d0d45d5/gnocchi.a6ada5a8-66c0-480d-855c-0e93c39c064c/none_v3" "tx44f35a6d63e1403cb6edc-00692d0e3c" "proxy-server 98624" 0.0245 "-" 97640 0
Nov 30 22:40:44 np0005540556.novalocal proxy-server[98624]: ::1 ::1 01/Dec/2025/03/40/44 PUT /v1/AUTH_602f37ceccf647698ef9e0fe4d0d45d5/gnocchi.a6ada5a8-66c0-480d-855c-0e93c39c064c/none_v3 HTTP/1.0 201 - python-swiftclient-4.8.0 gAAAAABpLQ4jjy8F... 22 - - tx44f35a6d63e1403cb6edc-00692d0e3c - 0.0347 - - 1764560444.855630398 1764560444.890340805 0 3cd24aa0af114855987a490c7d44632d
Nov 30 22:40:44 np0005540556.novalocal container-server[97342]: ::1 - - [01/Dec/2025:03:40:44 +0000] "HEAD /2/19539/AUTH_602f37ceccf647698ef9e0fe4d0d45d5/gnocchi.304fa14c-2762-405f-b333-61d9165f8666" 404 - "HEAD http://[::1]:8080/v1/AUTH_602f37ceccf647698ef9e0fe4d0d45d5/gnocchi.304fa14c-2762-405f-b333-61d9165f8666" "tx7023e01be522483c9c778-00692d0e3c" "proxy-server 98624" 0.0004 "-" 97342 0
Nov 30 22:40:44 np0005540556.novalocal container-server[97342]: ::1 - - [01/Dec/2025:03:40:44 +0000] "HEAD /1/19539/AUTH_602f37ceccf647698ef9e0fe4d0d45d5/gnocchi.304fa14c-2762-405f-b333-61d9165f8666" 404 - "HEAD http://[::1]:8080/v1/AUTH_602f37ceccf647698ef9e0fe4d0d45d5/gnocchi.304fa14c-2762-405f-b333-61d9165f8666" "tx7023e01be522483c9c778-00692d0e3c" "proxy-server 98624" 0.0002 "-" 97342 0
Nov 30 22:40:44 np0005540556.novalocal container-server[97342]: ::1 - - [01/Dec/2025:03:40:44 +0000] "HEAD /3/19539/AUTH_602f37ceccf647698ef9e0fe4d0d45d5/gnocchi.304fa14c-2762-405f-b333-61d9165f8666" 404 - "HEAD http://[::1]:8080/v1/AUTH_602f37ceccf647698ef9e0fe4d0d45d5/gnocchi.304fa14c-2762-405f-b333-61d9165f8666" "tx7023e01be522483c9c778-00692d0e3c" "proxy-server 98624" 0.0002 "-" 97342 0
Nov 30 22:40:44 np0005540556.novalocal proxy-server[98624]: - - 01/Dec/2025/03/40/44 HEAD /v1/AUTH_602f37ceccf647698ef9e0fe4d0d45d5/gnocchi.304fa14c-2762-405f-b333-61d9165f8666 HTTP/1.0 404 - Swift - - - - tx7023e01be522483c9c778-00692d0e3c - 0.0173 CS - 1764560444.938651800 1764560444.955929279 0 -
Nov 30 22:40:44 np0005540556.novalocal object-server[97639]: ::1 - - [01/Dec/2025:03:40:44 +0000] "GET /2/173075/AUTH_602f37ceccf647698ef9e0fe4d0d45d5/gnocchi.304fa14c-2762-405f-b333-61d9165f8666/none_v3" 404 70 "GET https://[::1]:8080/v1/AUTH_602f37ceccf647698ef9e0fe4d0d45d5/gnocchi.304fa14c-2762-405f-b333-61d9165f8666/none_v3" "tx7023e01be522483c9c778-00692d0e3c" "proxy-server 98624" 0.0006 "-" 97639 0
Nov 30 22:40:44 np0005540556.novalocal object-server[97639]: ::1 - - [01/Dec/2025:03:40:44 +0000] "GET /3/173075/AUTH_602f37ceccf647698ef9e0fe4d0d45d5/gnocchi.304fa14c-2762-405f-b333-61d9165f8666/none_v3" 404 70 "GET https://[::1]:8080/v1/AUTH_602f37ceccf647698ef9e0fe4d0d45d5/gnocchi.304fa14c-2762-405f-b333-61d9165f8666/none_v3" "tx7023e01be522483c9c778-00692d0e3c" "proxy-server 98624" 0.0002 "-" 97639 0
Nov 30 22:40:44 np0005540556.novalocal object-server[97640]: ::1 - - [01/Dec/2025:03:40:44 +0000] "GET /1/173075/AUTH_602f37ceccf647698ef9e0fe4d0d45d5/gnocchi.304fa14c-2762-405f-b333-61d9165f8666/none_v3" 404 70 "GET https://[::1]:8080/v1/AUTH_602f37ceccf647698ef9e0fe4d0d45d5/gnocchi.304fa14c-2762-405f-b333-61d9165f8666/none_v3" "tx7023e01be522483c9c778-00692d0e3c" "proxy-server 98624" 0.0005 "-" 97640 0
Nov 30 22:40:44 np0005540556.novalocal proxy-server[98624]: ::1 ::1 01/Dec/2025/03/40/44 GET /v1/AUTH_602f37ceccf647698ef9e0fe4d0d45d5/gnocchi.304fa14c-2762-405f-b333-61d9165f8666/none_v3 HTTP/1.0 404 - python-swiftclient-4.8.0 gAAAAABpLQ4jjy8F... - 70 - tx7023e01be522483c9c778-00692d0e3c - 0.0359 - - 1764560444.937893152 1764560444.973829031 0 3cd24aa0af114855987a490c7d44632d
Nov 30 22:40:45 np0005540556.novalocal account-server[97042]: ::1 - - [01/Dec/2025:03:40:45 +0000] "PUT /1/108421/AUTH_602f37ceccf647698ef9e0fe4d0d45d5/gnocchi.304fa14c-2762-405f-b333-61d9165f8666" 201 - "PUT http://[::1]:6001/2/19539/AUTH_602f37ceccf647698ef9e0fe4d0d45d5/gnocchi.304fa14c-2762-405f-b333-61d9165f8666" "txb228fed99aa2461d94baa-00692d0e3c" "container-server 97342" 0.0078 "-" 97042 0
Nov 30 22:40:45 np0005540556.novalocal container-server[97342]: ::1 - - [01/Dec/2025:03:40:45 +0000] "PUT /2/19539/AUTH_602f37ceccf647698ef9e0fe4d0d45d5/gnocchi.304fa14c-2762-405f-b333-61d9165f8666" 201 - "PUT https://[::1]:8080/v1/AUTH_602f37ceccf647698ef9e0fe4d0d45d5/gnocchi.304fa14c-2762-405f-b333-61d9165f8666" "txb228fed99aa2461d94baa-00692d0e3c" "proxy-server 98624" 0.0263 "-" 97342 0
Nov 30 22:40:45 np0005540556.novalocal account-server[97042]: ::1 - - [01/Dec/2025:03:40:45 +0000] "PUT /2/108421/AUTH_602f37ceccf647698ef9e0fe4d0d45d5/gnocchi.304fa14c-2762-405f-b333-61d9165f8666" 201 - "PUT http://[::1]:6001/1/19539/AUTH_602f37ceccf647698ef9e0fe4d0d45d5/gnocchi.304fa14c-2762-405f-b333-61d9165f8666" "txb228fed99aa2461d94baa-00692d0e3c" "container-server 97342" 0.0051 "-" 97042 0
Nov 30 22:40:45 np0005540556.novalocal container-server[97342]: ::1 - - [01/Dec/2025:03:40:45 +0000] "PUT /1/19539/AUTH_602f37ceccf647698ef9e0fe4d0d45d5/gnocchi.304fa14c-2762-405f-b333-61d9165f8666" 201 - "PUT https://[::1]:8080/v1/AUTH_602f37ceccf647698ef9e0fe4d0d45d5/gnocchi.304fa14c-2762-405f-b333-61d9165f8666" "txb228fed99aa2461d94baa-00692d0e3c" "proxy-server 98624" 0.0194 "-" 97342 0
Nov 30 22:40:45 np0005540556.novalocal account-server[97042]: ::1 - - [01/Dec/2025:03:40:45 +0000] "PUT /3/108421/AUTH_602f37ceccf647698ef9e0fe4d0d45d5/gnocchi.304fa14c-2762-405f-b333-61d9165f8666" 201 - "PUT http://[::1]:6001/3/19539/AUTH_602f37ceccf647698ef9e0fe4d0d45d5/gnocchi.304fa14c-2762-405f-b333-61d9165f8666" "txb228fed99aa2461d94baa-00692d0e3c" "container-server 97342" 0.0049 "-" 97042 0
Nov 30 22:40:45 np0005540556.novalocal container-server[97342]: ::1 - - [01/Dec/2025:03:40:45 +0000] "PUT /3/19539/AUTH_602f37ceccf647698ef9e0fe4d0d45d5/gnocchi.304fa14c-2762-405f-b333-61d9165f8666" 201 - "PUT https://[::1]:8080/v1/AUTH_602f37ceccf647698ef9e0fe4d0d45d5/gnocchi.304fa14c-2762-405f-b333-61d9165f8666" "txb228fed99aa2461d94baa-00692d0e3c" "proxy-server 98624" 0.0326 "-" 97342 0
Nov 30 22:40:45 np0005540556.novalocal proxy-server[98624]: ::1 ::1 01/Dec/2025/03/40/45 PUT /v1/AUTH_602f37ceccf647698ef9e0fe4d0d45d5/gnocchi.304fa14c-2762-405f-b333-61d9165f8666 HTTP/1.0 201 - python-swiftclient-4.8.0 gAAAAABpLQ4jjy8F... - - - txb228fed99aa2461d94baa-00692d0e3c - 0.0532 - - 1764560444.978899479 1764560445.032140017 0 3cd24aa0af114855987a490c7d44632d
Nov 30 22:40:45 np0005540556.novalocal container-server[97343]: ::1 - - [01/Dec/2025:03:40:45 +0000] "HEAD /3/19539/AUTH_602f37ceccf647698ef9e0fe4d0d45d5/gnocchi.304fa14c-2762-405f-b333-61d9165f8666" 204 - "HEAD http://[::1]:8080/v1/AUTH_602f37ceccf647698ef9e0fe4d0d45d5/gnocchi.304fa14c-2762-405f-b333-61d9165f8666" "txfe664974dc834ba1b85b9-00692d0e3d" "proxy-server 98624" 0.0012 "-" 97343 0
Nov 30 22:40:45 np0005540556.novalocal proxy-server[98624]: - - 01/Dec/2025/03/40/45 HEAD /v1/AUTH_602f37ceccf647698ef9e0fe4d0d45d5/gnocchi.304fa14c-2762-405f-b333-61d9165f8666 HTTP/1.0 204 - Swift - - - - txfe664974dc834ba1b85b9-00692d0e3d - 0.0073 CS - 1764560445.039444447 1764560445.046726942 0 -
Nov 30 22:40:45 np0005540556.novalocal container-server[97343]: ::1 - - [01/Dec/2025:03:40:45 +0000] "GET /3/19539/AUTH_602f37ceccf647698ef9e0fe4d0d45d5/gnocchi.304fa14c-2762-405f-b333-61d9165f8666" 200 2 "GET https://[::1]:8080/v1/AUTH_602f37ceccf647698ef9e0fe4d0d45d5/gnocchi.304fa14c-2762-405f-b333-61d9165f8666?format=json&states=listing" "txfe664974dc834ba1b85b9-00692d0e3d" "proxy-server 98624" 0.0017 "-" 97343 0
Nov 30 22:40:45 np0005540556.novalocal proxy-server[98624]: ::1 ::1 01/Dec/2025/03/40/45 GET /v1/AUTH_602f37ceccf647698ef9e0fe4d0d45d5/gnocchi.304fa14c-2762-405f-b333-61d9165f8666%3Fformat%3Djson%26states%3Dlisting HTTP/1.0 200 - python-swiftclient-4.8.0 gAAAAABpLQ4jjy8F... - 2 - txfe664974dc834ba1b85b9-00692d0e3d - 0.0302 - - 1764560445.037962198 1764560445.068199396 0 3cd24aa0af114855987a490c7d44632d
Nov 30 22:40:45 np0005540556.novalocal object-server[97639]: ::1 - - [01/Dec/2025:03:40:45 +0000] "GET /3/213094/AUTH_602f37ceccf647698ef9e0fe4d0d45d5/gnocchi.304fa14c-2762-405f-b333-61d9165f8666/1763640000.0_mean_300.0_v3" 404 70 "GET https://[::1]:8080/v1/AUTH_602f37ceccf647698ef9e0fe4d0d45d5/gnocchi.304fa14c-2762-405f-b333-61d9165f8666/1763640000.0_mean_300.0_v3" "txb80f362e37ab4a8c9d203-00692d0e3d" "proxy-server 98624" 0.0005 "-" 97639 0
Nov 30 22:40:45 np0005540556.novalocal object-server[97640]: ::1 - - [01/Dec/2025:03:40:45 +0000] "GET /2/213094/AUTH_602f37ceccf647698ef9e0fe4d0d45d5/gnocchi.304fa14c-2762-405f-b333-61d9165f8666/1763640000.0_mean_300.0_v3" 404 70 "GET https://[::1]:8080/v1/AUTH_602f37ceccf647698ef9e0fe4d0d45d5/gnocchi.304fa14c-2762-405f-b333-61d9165f8666/1763640000.0_mean_300.0_v3" "txb80f362e37ab4a8c9d203-00692d0e3d" "proxy-server 98624" 0.0005 "-" 97640 0
Nov 30 22:40:45 np0005540556.novalocal object-server[97639]: ::1 - - [01/Dec/2025:03:40:45 +0000] "GET /1/213094/AUTH_602f37ceccf647698ef9e0fe4d0d45d5/gnocchi.304fa14c-2762-405f-b333-61d9165f8666/1763640000.0_mean_300.0_v3" 404 70 "GET https://[::1]:8080/v1/AUTH_602f37ceccf647698ef9e0fe4d0d45d5/gnocchi.304fa14c-2762-405f-b333-61d9165f8666/1763640000.0_mean_300.0_v3" "txb80f362e37ab4a8c9d203-00692d0e3d" "proxy-server 98624" 0.0002 "-" 97639 0
Nov 30 22:40:45 np0005540556.novalocal proxy-server[98624]: ::1 ::1 01/Dec/2025/03/40/45 GET /v1/AUTH_602f37ceccf647698ef9e0fe4d0d45d5/gnocchi.304fa14c-2762-405f-b333-61d9165f8666/1763640000.0_mean_300.0_v3 HTTP/1.0 404 - python-swiftclient-4.8.0 gAAAAABpLQ4jjy8F... - 70 - txb80f362e37ab4a8c9d203-00692d0e3d - 0.0216 - - 1764560445.074387789 1764560445.095981121 0 3cd24aa0af114855987a490c7d44632d
Nov 30 22:40:45 np0005540556.novalocal container-server[97342]: ::1 - - [01/Dec/2025:03:40:45 +0000] "PUT /1/19539/AUTH_602f37ceccf647698ef9e0fe4d0d45d5/gnocchi.304fa14c-2762-405f-b333-61d9165f8666/1763640000.0_mean_300.0_v3" 201 - "PUT http://[::1]:8080/1/213094/AUTH_602f37ceccf647698ef9e0fe4d0d45d5/gnocchi.304fa14c-2762-405f-b333-61d9165f8666/1763640000.0_mean_300.0_v3" "tx2eb4f55b88224bbba4c74-00692d0e3d" "object-server 97640" 0.0007 "-" 97342 0
Nov 30 22:40:45 np0005540556.novalocal object-server[97640]: ::1 - - [01/Dec/2025:03:40:45 +0000] "PUT /1/213094/AUTH_602f37ceccf647698ef9e0fe4d0d45d5/gnocchi.304fa14c-2762-405f-b333-61d9165f8666/1763640000.0_mean_300.0_v3" 201 - "PUT https://[::1]:8080/v1/AUTH_602f37ceccf647698ef9e0fe4d0d45d5/gnocchi.304fa14c-2762-405f-b333-61d9165f8666/1763640000.0_mean_300.0_v3" "tx2eb4f55b88224bbba4c74-00692d0e3d" "proxy-server 98624" 0.0329 "-" 97640 0
Nov 30 22:40:45 np0005540556.novalocal container-server[97342]: ::1 - - [01/Dec/2025:03:40:45 +0000] "PUT /2/19539/AUTH_602f37ceccf647698ef9e0fe4d0d45d5/gnocchi.304fa14c-2762-405f-b333-61d9165f8666/1763640000.0_mean_300.0_v3" 201 - "PUT http://[::1]:8080/2/213094/AUTH_602f37ceccf647698ef9e0fe4d0d45d5/gnocchi.304fa14c-2762-405f-b333-61d9165f8666/1763640000.0_mean_300.0_v3" "tx2eb4f55b88224bbba4c74-00692d0e3d" "object-server 97639" 0.0004 "-" 97342 0
Nov 30 22:40:45 np0005540556.novalocal object-server[97639]: ::1 - - [01/Dec/2025:03:40:45 +0000] "PUT /2/213094/AUTH_602f37ceccf647698ef9e0fe4d0d45d5/gnocchi.304fa14c-2762-405f-b333-61d9165f8666/1763640000.0_mean_300.0_v3" 201 - "PUT https://[::1]:8080/v1/AUTH_602f37ceccf647698ef9e0fe4d0d45d5/gnocchi.304fa14c-2762-405f-b333-61d9165f8666/1763640000.0_mean_300.0_v3" "tx2eb4f55b88224bbba4c74-00692d0e3d" "proxy-server 98624" 0.0328 "-" 97639 0
Nov 30 22:40:45 np0005540556.novalocal container-server[97343]: ::1 - - [01/Dec/2025:03:40:45 +0000] "PUT /3/19539/AUTH_602f37ceccf647698ef9e0fe4d0d45d5/gnocchi.304fa14c-2762-405f-b333-61d9165f8666/1763640000.0_mean_300.0_v3" 201 - "PUT http://[::1]:8080/3/213094/AUTH_602f37ceccf647698ef9e0fe4d0d45d5/gnocchi.304fa14c-2762-405f-b333-61d9165f8666/1763640000.0_mean_300.0_v3" "tx2eb4f55b88224bbba4c74-00692d0e3d" "object-server 97639" 0.0007 "-" 97343 0
Nov 30 22:40:45 np0005540556.novalocal object-server[97639]: ::1 - - [01/Dec/2025:03:40:45 +0000] "PUT /3/213094/AUTH_602f37ceccf647698ef9e0fe4d0d45d5/gnocchi.304fa14c-2762-405f-b333-61d9165f8666/1763640000.0_mean_300.0_v3" 201 - "PUT https://[::1]:8080/v1/AUTH_602f37ceccf647698ef9e0fe4d0d45d5/gnocchi.304fa14c-2762-405f-b333-61d9165f8666/1763640000.0_mean_300.0_v3" "tx2eb4f55b88224bbba4c74-00692d0e3d" "proxy-server 98624" 0.0370 "-" 97639 0
Nov 30 22:40:45 np0005540556.novalocal proxy-server[98624]: ::1 ::1 01/Dec/2025/03/40/45 PUT /v1/AUTH_602f37ceccf647698ef9e0fe4d0d45d5/gnocchi.304fa14c-2762-405f-b333-61d9165f8666/1763640000.0_mean_300.0_v3 HTTP/1.0 201 - python-swiftclient-4.8.0 gAAAAABpLQ4jjy8F... 16 - - tx2eb4f55b88224bbba4c74-00692d0e3d - 0.0701 - - 1764560445.122100115 1764560445.192188978 0 3cd24aa0af114855987a490c7d44632d
Nov 30 22:40:45 np0005540556.novalocal container-server[97342]: ::1 - - [01/Dec/2025:03:40:45 +0000] "PUT /1/19539/AUTH_602f37ceccf647698ef9e0fe4d0d45d5/gnocchi.304fa14c-2762-405f-b333-61d9165f8666/none_v3" 201 - "PUT http://[::1]:8080/3/173075/AUTH_602f37ceccf647698ef9e0fe4d0d45d5/gnocchi.304fa14c-2762-405f-b333-61d9165f8666/none_v3" "txabcbd497a02547eaa4924-00692d0e3d" "object-server 97640" 0.0006 "-" 97342 0
Nov 30 22:40:45 np0005540556.novalocal object-server[97640]: ::1 - - [01/Dec/2025:03:40:45 +0000] "PUT /3/173075/AUTH_602f37ceccf647698ef9e0fe4d0d45d5/gnocchi.304fa14c-2762-405f-b333-61d9165f8666/none_v3" 201 - "PUT https://[::1]:8080/v1/AUTH_602f37ceccf647698ef9e0fe4d0d45d5/gnocchi.304fa14c-2762-405f-b333-61d9165f8666/none_v3" "txabcbd497a02547eaa4924-00692d0e3d" "proxy-server 98624" 0.0174 "-" 97640 0
Nov 30 22:40:45 np0005540556.novalocal container-server[97342]: ::1 - - [01/Dec/2025:03:40:45 +0000] "PUT /2/19539/AUTH_602f37ceccf647698ef9e0fe4d0d45d5/gnocchi.304fa14c-2762-405f-b333-61d9165f8666/none_v3" 201 - "PUT http://[::1]:8080/2/173075/AUTH_602f37ceccf647698ef9e0fe4d0d45d5/gnocchi.304fa14c-2762-405f-b333-61d9165f8666/none_v3" "txabcbd497a02547eaa4924-00692d0e3d" "object-server 97639" 0.0004 "-" 97342 0
Nov 30 22:40:45 np0005540556.novalocal object-server[97639]: ::1 - - [01/Dec/2025:03:40:45 +0000] "PUT /2/173075/AUTH_602f37ceccf647698ef9e0fe4d0d45d5/gnocchi.304fa14c-2762-405f-b333-61d9165f8666/none_v3" 201 - "PUT https://[::1]:8080/v1/AUTH_602f37ceccf647698ef9e0fe4d0d45d5/gnocchi.304fa14c-2762-405f-b333-61d9165f8666/none_v3" "txabcbd497a02547eaa4924-00692d0e3d" "proxy-server 98624" 0.0180 "-" 97639 0
Nov 30 22:40:45 np0005540556.novalocal container-server[97342]: ::1 - - [01/Dec/2025:03:40:45 +0000] "PUT /3/19539/AUTH_602f37ceccf647698ef9e0fe4d0d45d5/gnocchi.304fa14c-2762-405f-b333-61d9165f8666/none_v3" 201 - "PUT http://[::1]:8080/1/173075/AUTH_602f37ceccf647698ef9e0fe4d0d45d5/gnocchi.304fa14c-2762-405f-b333-61d9165f8666/none_v3" "txabcbd497a02547eaa4924-00692d0e3d" "object-server 97640" 0.0004 "-" 97342 0
Nov 30 22:40:45 np0005540556.novalocal object-server[97640]: ::1 - - [01/Dec/2025:03:40:45 +0000] "PUT /1/173075/AUTH_602f37ceccf647698ef9e0fe4d0d45d5/gnocchi.304fa14c-2762-405f-b333-61d9165f8666/none_v3" 201 - "PUT https://[::1]:8080/v1/AUTH_602f37ceccf647698ef9e0fe4d0d45d5/gnocchi.304fa14c-2762-405f-b333-61d9165f8666/none_v3" "txabcbd497a02547eaa4924-00692d0e3d" "proxy-server 98624" 0.0172 "-" 97640 0
Nov 30 22:40:45 np0005540556.novalocal proxy-server[98624]: ::1 ::1 01/Dec/2025/03/40/45 PUT /v1/AUTH_602f37ceccf647698ef9e0fe4d0d45d5/gnocchi.304fa14c-2762-405f-b333-61d9165f8666/none_v3 HTTP/1.0 201 - python-swiftclient-4.8.0 gAAAAABpLQ4jjy8F... 22 - - txabcbd497a02547eaa4924-00692d0e3d - 0.0338 - - 1764560445.195299387 1764560445.229130030 0 3cd24aa0af114855987a490c7d44632d
Nov 30 22:40:45 np0005540556.novalocal container-server[97343]: ::1 - - [01/Dec/2025:03:40:45 +0000] "HEAD /2/149028/AUTH_602f37ceccf647698ef9e0fe4d0d45d5/gnocchi.3cdf5d4d-89f4-4b05-af64-4c7a04baf3ec" 404 - "HEAD http://[::1]:8080/v1/AUTH_602f37ceccf647698ef9e0fe4d0d45d5/gnocchi.3cdf5d4d-89f4-4b05-af64-4c7a04baf3ec" "tx1833cea5318545329141b-00692d0e3d" "proxy-server 98624" 0.0003 "-" 97343 0
Nov 30 22:40:45 np0005540556.novalocal container-server[97342]: ::1 - - [01/Dec/2025:03:40:45 +0000] "HEAD /3/149028/AUTH_602f37ceccf647698ef9e0fe4d0d45d5/gnocchi.3cdf5d4d-89f4-4b05-af64-4c7a04baf3ec" 404 - "HEAD http://[::1]:8080/v1/AUTH_602f37ceccf647698ef9e0fe4d0d45d5/gnocchi.3cdf5d4d-89f4-4b05-af64-4c7a04baf3ec" "tx1833cea5318545329141b-00692d0e3d" "proxy-server 98624" 0.0003 "-" 97342 0
Nov 30 22:40:45 np0005540556.novalocal container-server[97342]: ::1 - - [01/Dec/2025:03:40:45 +0000] "HEAD /1/149028/AUTH_602f37ceccf647698ef9e0fe4d0d45d5/gnocchi.3cdf5d4d-89f4-4b05-af64-4c7a04baf3ec" 404 - "HEAD http://[::1]:8080/v1/AUTH_602f37ceccf647698ef9e0fe4d0d45d5/gnocchi.3cdf5d4d-89f4-4b05-af64-4c7a04baf3ec" "tx1833cea5318545329141b-00692d0e3d" "proxy-server 98624" 0.0002 "-" 97342 0
Nov 30 22:40:45 np0005540556.novalocal proxy-server[98624]: - - 01/Dec/2025/03/40/45 HEAD /v1/AUTH_602f37ceccf647698ef9e0fe4d0d45d5/gnocchi.3cdf5d4d-89f4-4b05-af64-4c7a04baf3ec HTTP/1.0 404 - Swift - - - - tx1833cea5318545329141b-00692d0e3d - 0.0080 CS - 1764560445.242347717 1764560445.250366449 0 -
Nov 30 22:40:45 np0005540556.novalocal object-server[97640]: ::1 - - [01/Dec/2025:03:40:45 +0000] "GET /2/196620/AUTH_602f37ceccf647698ef9e0fe4d0d45d5/gnocchi.3cdf5d4d-89f4-4b05-af64-4c7a04baf3ec/none_v3" 404 70 "GET https://[::1]:8080/v1/AUTH_602f37ceccf647698ef9e0fe4d0d45d5/gnocchi.3cdf5d4d-89f4-4b05-af64-4c7a04baf3ec/none_v3" "tx1833cea5318545329141b-00692d0e3d" "proxy-server 98624" 0.0005 "-" 97640 0
Nov 30 22:40:45 np0005540556.novalocal object-server[97639]: ::1 - - [01/Dec/2025:03:40:45 +0000] "GET /3/196620/AUTH_602f37ceccf647698ef9e0fe4d0d45d5/gnocchi.3cdf5d4d-89f4-4b05-af64-4c7a04baf3ec/none_v3" 404 70 "GET https://[::1]:8080/v1/AUTH_602f37ceccf647698ef9e0fe4d0d45d5/gnocchi.3cdf5d4d-89f4-4b05-af64-4c7a04baf3ec/none_v3" "tx1833cea5318545329141b-00692d0e3d" "proxy-server 98624" 0.0005 "-" 97639 0
Nov 30 22:40:45 np0005540556.novalocal object-server[97639]: ::1 - - [01/Dec/2025:03:40:45 +0000] "GET /1/196620/AUTH_602f37ceccf647698ef9e0fe4d0d45d5/gnocchi.3cdf5d4d-89f4-4b05-af64-4c7a04baf3ec/none_v3" 404 70 "GET https://[::1]:8080/v1/AUTH_602f37ceccf647698ef9e0fe4d0d45d5/gnocchi.3cdf5d4d-89f4-4b05-af64-4c7a04baf3ec/none_v3" "tx1833cea5318545329141b-00692d0e3d" "proxy-server 98624" 0.0002 "-" 97639 0
Nov 30 22:40:45 np0005540556.novalocal proxy-server[98624]: ::1 ::1 01/Dec/2025/03/40/45 GET /v1/AUTH_602f37ceccf647698ef9e0fe4d0d45d5/gnocchi.3cdf5d4d-89f4-4b05-af64-4c7a04baf3ec/none_v3 HTTP/1.0 404 - python-swiftclient-4.8.0 gAAAAABpLQ4jjy8F... - 70 - tx1833cea5318545329141b-00692d0e3d - 0.0192 - - 1764560445.241440058 1764560445.260599852 0 3cd24aa0af114855987a490c7d44632d
Nov 30 22:40:45 np0005540556.novalocal account-server[97042]: ::1 - - [01/Dec/2025:03:40:45 +0000] "PUT /1/108421/AUTH_602f37ceccf647698ef9e0fe4d0d45d5/gnocchi.3cdf5d4d-89f4-4b05-af64-4c7a04baf3ec" 201 - "PUT http://[::1]:6001/3/149028/AUTH_602f37ceccf647698ef9e0fe4d0d45d5/gnocchi.3cdf5d4d-89f4-4b05-af64-4c7a04baf3ec" "txea51d02d3e40467c8848e-00692d0e3d" "container-server 97343" 0.0059 "-" 97042 0
Nov 30 22:40:45 np0005540556.novalocal account-server[97043]: ::1 - - [01/Dec/2025:03:40:45 +0000] "PUT /3/108421/AUTH_602f37ceccf647698ef9e0fe4d0d45d5/gnocchi.3cdf5d4d-89f4-4b05-af64-4c7a04baf3ec" 201 - "PUT http://[::1]:6001/1/149028/AUTH_602f37ceccf647698ef9e0fe4d0d45d5/gnocchi.3cdf5d4d-89f4-4b05-af64-4c7a04baf3ec" "txea51d02d3e40467c8848e-00692d0e3d" "container-server 97343" 0.0063 "-" 97043 0
Nov 30 22:40:45 np0005540556.novalocal container-server[97343]: ::1 - - [01/Dec/2025:03:40:45 +0000] "PUT /3/149028/AUTH_602f37ceccf647698ef9e0fe4d0d45d5/gnocchi.3cdf5d4d-89f4-4b05-af64-4c7a04baf3ec" 201 - "PUT https://[::1]:8080/v1/AUTH_602f37ceccf647698ef9e0fe4d0d45d5/gnocchi.3cdf5d4d-89f4-4b05-af64-4c7a04baf3ec" "txea51d02d3e40467c8848e-00692d0e3d" "proxy-server 98624" 0.0235 "-" 97343 0
Nov 30 22:40:45 np0005540556.novalocal container-server[97343]: ::1 - - [01/Dec/2025:03:40:45 +0000] "PUT /1/149028/AUTH_602f37ceccf647698ef9e0fe4d0d45d5/gnocchi.3cdf5d4d-89f4-4b05-af64-4c7a04baf3ec" 201 - "PUT https://[::1]:8080/v1/AUTH_602f37ceccf647698ef9e0fe4d0d45d5/gnocchi.3cdf5d4d-89f4-4b05-af64-4c7a04baf3ec" "txea51d02d3e40467c8848e-00692d0e3d" "proxy-server 98624" 0.0166 "-" 97343 0
Nov 30 22:40:45 np0005540556.novalocal account-server[97042]: ::1 - - [01/Dec/2025:03:40:45 +0000] "PUT /2/108421/AUTH_602f37ceccf647698ef9e0fe4d0d45d5/gnocchi.3cdf5d4d-89f4-4b05-af64-4c7a04baf3ec" 201 - "PUT http://[::1]:6001/2/149028/AUTH_602f37ceccf647698ef9e0fe4d0d45d5/gnocchi.3cdf5d4d-89f4-4b05-af64-4c7a04baf3ec" "txea51d02d3e40467c8848e-00692d0e3d" "container-server 97342" 0.0065 "-" 97042 0
Nov 30 22:40:45 np0005540556.novalocal container-server[97342]: ::1 - - [01/Dec/2025:03:40:45 +0000] "PUT /2/149028/AUTH_602f37ceccf647698ef9e0fe4d0d45d5/gnocchi.3cdf5d4d-89f4-4b05-af64-4c7a04baf3ec" 201 - "PUT https://[::1]:8080/v1/AUTH_602f37ceccf647698ef9e0fe4d0d45d5/gnocchi.3cdf5d4d-89f4-4b05-af64-4c7a04baf3ec" "txea51d02d3e40467c8848e-00692d0e3d" "proxy-server 98624" 0.0233 "-" 97342 0
Nov 30 22:40:45 np0005540556.novalocal proxy-server[98624]: ::1 ::1 01/Dec/2025/03/40/45 PUT /v1/AUTH_602f37ceccf647698ef9e0fe4d0d45d5/gnocchi.3cdf5d4d-89f4-4b05-af64-4c7a04baf3ec HTTP/1.0 201 - python-swiftclient-4.8.0 gAAAAABpLQ4jjy8F... - - - txea51d02d3e40467c8848e-00692d0e3d - 0.0501 - - 1764560445.263258934 1764560445.313332081 0 3cd24aa0af114855987a490c7d44632d
Nov 30 22:40:45 np0005540556.novalocal container-server[97343]: ::1 - - [01/Dec/2025:03:40:45 +0000] "HEAD /2/149028/AUTH_602f37ceccf647698ef9e0fe4d0d45d5/gnocchi.3cdf5d4d-89f4-4b05-af64-4c7a04baf3ec" 204 - "HEAD http://[::1]:8080/v1/AUTH_602f37ceccf647698ef9e0fe4d0d45d5/gnocchi.3cdf5d4d-89f4-4b05-af64-4c7a04baf3ec" "tx9d6242c85536489a99574-00692d0e3d" "proxy-server 98624" 0.0012 "-" 97343 0
Nov 30 22:40:45 np0005540556.novalocal proxy-server[98624]: - - 01/Dec/2025/03/40/45 HEAD /v1/AUTH_602f37ceccf647698ef9e0fe4d0d45d5/gnocchi.3cdf5d4d-89f4-4b05-af64-4c7a04baf3ec HTTP/1.0 204 - Swift - - - - tx9d6242c85536489a99574-00692d0e3d - 0.0051 CS - 1764560445.317818880 1764560445.322948933 0 -
Nov 30 22:40:45 np0005540556.novalocal container-server[97342]: ::1 - - [01/Dec/2025:03:40:45 +0000] "GET /3/149028/AUTH_602f37ceccf647698ef9e0fe4d0d45d5/gnocchi.3cdf5d4d-89f4-4b05-af64-4c7a04baf3ec" 200 2 "GET https://[::1]:8080/v1/AUTH_602f37ceccf647698ef9e0fe4d0d45d5/gnocchi.3cdf5d4d-89f4-4b05-af64-4c7a04baf3ec?format=json&states=listing" "tx9d6242c85536489a99574-00692d0e3d" "proxy-server 98624" 0.0033 "-" 97342 0
Nov 30 22:40:45 np0005540556.novalocal proxy-server[98624]: ::1 ::1 01/Dec/2025/03/40/45 GET /v1/AUTH_602f37ceccf647698ef9e0fe4d0d45d5/gnocchi.3cdf5d4d-89f4-4b05-af64-4c7a04baf3ec%3Fformat%3Djson%26states%3Dlisting HTTP/1.0 200 - python-swiftclient-4.8.0 gAAAAABpLQ4jjy8F... - 2 - tx9d6242c85536489a99574-00692d0e3d - 0.0191 - - 1764560445.316656113 1764560445.335718632 0 3cd24aa0af114855987a490c7d44632d
Nov 30 22:40:45 np0005540556.novalocal object-server[97640]: ::1 - - [01/Dec/2025:03:40:45 +0000] "GET /3/223483/AUTH_602f37ceccf647698ef9e0fe4d0d45d5/gnocchi.3cdf5d4d-89f4-4b05-af64-4c7a04baf3ec/1763640000.0_mean_300.0_v3" 404 70 "GET https://[::1]:8080/v1/AUTH_602f37ceccf647698ef9e0fe4d0d45d5/gnocchi.3cdf5d4d-89f4-4b05-af64-4c7a04baf3ec/1763640000.0_mean_300.0_v3" "txa0b3f26b7fb448f1aa9c1-00692d0e3d" "proxy-server 98624" 0.0004 "-" 97640 0
Nov 30 22:40:45 np0005540556.novalocal object-server[97640]: ::1 - - [01/Dec/2025:03:40:45 +0000] "GET /1/223483/AUTH_602f37ceccf647698ef9e0fe4d0d45d5/gnocchi.3cdf5d4d-89f4-4b05-af64-4c7a04baf3ec/1763640000.0_mean_300.0_v3" 404 70 "GET https://[::1]:8080/v1/AUTH_602f37ceccf647698ef9e0fe4d0d45d5/gnocchi.3cdf5d4d-89f4-4b05-af64-4c7a04baf3ec/1763640000.0_mean_300.0_v3" "txa0b3f26b7fb448f1aa9c1-00692d0e3d" "proxy-server 98624" 0.0002 "-" 97640 0
Nov 30 22:40:45 np0005540556.novalocal object-server[97640]: ::1 - - [01/Dec/2025:03:40:45 +0000] "GET /2/223483/AUTH_602f37ceccf647698ef9e0fe4d0d45d5/gnocchi.3cdf5d4d-89f4-4b05-af64-4c7a04baf3ec/1763640000.0_mean_300.0_v3" 404 70 "GET https://[::1]:8080/v1/AUTH_602f37ceccf647698ef9e0fe4d0d45d5/gnocchi.3cdf5d4d-89f4-4b05-af64-4c7a04baf3ec/1763640000.0_mean_300.0_v3" "txa0b3f26b7fb448f1aa9c1-00692d0e3d" "proxy-server 98624" 0.0002 "-" 97640 0
Nov 30 22:40:45 np0005540556.novalocal proxy-server[98624]: ::1 ::1 01/Dec/2025/03/40/45 GET /v1/AUTH_602f37ceccf647698ef9e0fe4d0d45d5/gnocchi.3cdf5d4d-89f4-4b05-af64-4c7a04baf3ec/1763640000.0_mean_300.0_v3 HTTP/1.0 404 - python-swiftclient-4.8.0 gAAAAABpLQ4jjy8F... - 70 - txa0b3f26b7fb448f1aa9c1-00692d0e3d - 0.0122 - - 1764560445.338713408 1764560445.350887537 0 3cd24aa0af114855987a490c7d44632d
Nov 30 22:40:45 np0005540556.novalocal container-server[97342]: ::1 - - [01/Dec/2025:03:40:45 +0000] "PUT /1/149028/AUTH_602f37ceccf647698ef9e0fe4d0d45d5/gnocchi.3cdf5d4d-89f4-4b05-af64-4c7a04baf3ec/1763640000.0_mean_300.0_v3" 201 - "PUT http://[::1]:8080/3/223483/AUTH_602f37ceccf647698ef9e0fe4d0d45d5/gnocchi.3cdf5d4d-89f4-4b05-af64-4c7a04baf3ec/1763640000.0_mean_300.0_v3" "tx9df601f1718540c2b926c-00692d0e3d" "object-server 97639" 0.0010 "-" 97342 0
Nov 30 22:40:45 np0005540556.novalocal container-server[97343]: ::1 - - [01/Dec/2025:03:40:45 +0000] "PUT /3/149028/AUTH_602f37ceccf647698ef9e0fe4d0d45d5/gnocchi.3cdf5d4d-89f4-4b05-af64-4c7a04baf3ec/1763640000.0_mean_300.0_v3" 201 - "PUT http://[::1]:8080/2/223483/AUTH_602f37ceccf647698ef9e0fe4d0d45d5/gnocchi.3cdf5d4d-89f4-4b05-af64-4c7a04baf3ec/1763640000.0_mean_300.0_v3" "tx9df601f1718540c2b926c-00692d0e3d" "object-server 97640" 0.0007 "-" 97343 0
Nov 30 22:40:45 np0005540556.novalocal object-server[97639]: ::1 - - [01/Dec/2025:03:40:45 +0000] "PUT /3/223483/AUTH_602f37ceccf647698ef9e0fe4d0d45d5/gnocchi.3cdf5d4d-89f4-4b05-af64-4c7a04baf3ec/1763640000.0_mean_300.0_v3" 201 - "PUT https://[::1]:8080/v1/AUTH_602f37ceccf647698ef9e0fe4d0d45d5/gnocchi.3cdf5d4d-89f4-4b05-af64-4c7a04baf3ec/1763640000.0_mean_300.0_v3" "tx9df601f1718540c2b926c-00692d0e3d" "proxy-server 98624" 0.0119 "-" 97639 0
Nov 30 22:40:45 np0005540556.novalocal object-server[97640]: ::1 - - [01/Dec/2025:03:40:45 +0000] "PUT /2/223483/AUTH_602f37ceccf647698ef9e0fe4d0d45d5/gnocchi.3cdf5d4d-89f4-4b05-af64-4c7a04baf3ec/1763640000.0_mean_300.0_v3" 201 - "PUT https://[::1]:8080/v1/AUTH_602f37ceccf647698ef9e0fe4d0d45d5/gnocchi.3cdf5d4d-89f4-4b05-af64-4c7a04baf3ec/1763640000.0_mean_300.0_v3" "tx9df601f1718540c2b926c-00692d0e3d" "proxy-server 98624" 0.0128 "-" 97640 0
Nov 30 22:40:45 np0005540556.novalocal container-server[97343]: ::1 - - [01/Dec/2025:03:40:45 +0000] "PUT /2/149028/AUTH_602f37ceccf647698ef9e0fe4d0d45d5/gnocchi.3cdf5d4d-89f4-4b05-af64-4c7a04baf3ec/1763640000.0_mean_300.0_v3" 201 - "PUT http://[::1]:8080/1/223483/AUTH_602f37ceccf647698ef9e0fe4d0d45d5/gnocchi.3cdf5d4d-89f4-4b05-af64-4c7a04baf3ec/1763640000.0_mean_300.0_v3" "tx9df601f1718540c2b926c-00692d0e3d" "object-server 97640" 0.0003 "-" 97343 0
Nov 30 22:40:45 np0005540556.novalocal object-server[97640]: ::1 - - [01/Dec/2025:03:40:45 +0000] "PUT /1/223483/AUTH_602f37ceccf647698ef9e0fe4d0d45d5/gnocchi.3cdf5d4d-89f4-4b05-af64-4c7a04baf3ec/1763640000.0_mean_300.0_v3" 201 - "PUT https://[::1]:8080/v1/AUTH_602f37ceccf647698ef9e0fe4d0d45d5/gnocchi.3cdf5d4d-89f4-4b05-af64-4c7a04baf3ec/1763640000.0_mean_300.0_v3" "tx9df601f1718540c2b926c-00692d0e3d" "proxy-server 98624" 0.0123 "-" 97640 0
Nov 30 22:40:45 np0005540556.novalocal proxy-server[98624]: ::1 ::1 01/Dec/2025/03/40/45 PUT /v1/AUTH_602f37ceccf647698ef9e0fe4d0d45d5/gnocchi.3cdf5d4d-89f4-4b05-af64-4c7a04baf3ec/1763640000.0_mean_300.0_v3 HTTP/1.0 201 - python-swiftclient-4.8.0 gAAAAABpLQ4jjy8F... 16 - - tx9df601f1718540c2b926c-00692d0e3d - 0.0231 - - 1764560445.353315830 1764560445.376436472 0 3cd24aa0af114855987a490c7d44632d
Nov 30 22:40:45 np0005540556.novalocal container-server[97343]: ::1 - - [01/Dec/2025:03:40:45 +0000] "PUT /2/149028/AUTH_602f37ceccf647698ef9e0fe4d0d45d5/gnocchi.3cdf5d4d-89f4-4b05-af64-4c7a04baf3ec/none_v3" 201 - "PUT http://[::1]:8080/2/196620/AUTH_602f37ceccf647698ef9e0fe4d0d45d5/gnocchi.3cdf5d4d-89f4-4b05-af64-4c7a04baf3ec/none_v3" "tx81537b1e77404126bde86-00692d0e3d" "object-server 97640" 0.0004 "-" 97343 0
Nov 30 22:40:45 np0005540556.novalocal object-server[97640]: ::1 - - [01/Dec/2025:03:40:45 +0000] "PUT /2/196620/AUTH_602f37ceccf647698ef9e0fe4d0d45d5/gnocchi.3cdf5d4d-89f4-4b05-af64-4c7a04baf3ec/none_v3" 201 - "PUT https://[::1]:8080/v1/AUTH_602f37ceccf647698ef9e0fe4d0d45d5/gnocchi.3cdf5d4d-89f4-4b05-af64-4c7a04baf3ec/none_v3" "tx81537b1e77404126bde86-00692d0e3d" "proxy-server 98624" 0.0093 "-" 97640 0
Nov 30 22:40:45 np0005540556.novalocal container-server[97343]: ::1 - - [01/Dec/2025:03:40:45 +0000] "PUT /1/149028/AUTH_602f37ceccf647698ef9e0fe4d0d45d5/gnocchi.3cdf5d4d-89f4-4b05-af64-4c7a04baf3ec/none_v3" 201 - "PUT http://[::1]:8080/1/196620/AUTH_602f37ceccf647698ef9e0fe4d0d45d5/gnocchi.3cdf5d4d-89f4-4b05-af64-4c7a04baf3ec/none_v3" "tx81537b1e77404126bde86-00692d0e3d" "object-server 97639" 0.0003 "-" 97343 0
Nov 30 22:40:45 np0005540556.novalocal object-server[97639]: ::1 - - [01/Dec/2025:03:40:45 +0000] "PUT /1/196620/AUTH_602f37ceccf647698ef9e0fe4d0d45d5/gnocchi.3cdf5d4d-89f4-4b05-af64-4c7a04baf3ec/none_v3" 201 - "PUT https://[::1]:8080/v1/AUTH_602f37ceccf647698ef9e0fe4d0d45d5/gnocchi.3cdf5d4d-89f4-4b05-af64-4c7a04baf3ec/none_v3" "tx81537b1e77404126bde86-00692d0e3d" "proxy-server 98624" 0.0110 "-" 97639 0
Nov 30 22:40:45 np0005540556.novalocal container-server[97342]: ::1 - - [01/Dec/2025:03:40:45 +0000] "PUT /3/149028/AUTH_602f37ceccf647698ef9e0fe4d0d45d5/gnocchi.3cdf5d4d-89f4-4b05-af64-4c7a04baf3ec/none_v3" 201 - "PUT http://[::1]:8080/3/196620/AUTH_602f37ceccf647698ef9e0fe4d0d45d5/gnocchi.3cdf5d4d-89f4-4b05-af64-4c7a04baf3ec/none_v3" "tx81537b1e77404126bde86-00692d0e3d" "object-server 97640" 0.0008 "-" 97342 0
Nov 30 22:40:45 np0005540556.novalocal object-server[97640]: ::1 - - [01/Dec/2025:03:40:45 +0000] "PUT /3/196620/AUTH_602f37ceccf647698ef9e0fe4d0d45d5/gnocchi.3cdf5d4d-89f4-4b05-af64-4c7a04baf3ec/none_v3" 201 - "PUT https://[::1]:8080/v1/AUTH_602f37ceccf647698ef9e0fe4d0d45d5/gnocchi.3cdf5d4d-89f4-4b05-af64-4c7a04baf3ec/none_v3" "tx81537b1e77404126bde86-00692d0e3d" "proxy-server 98624" 0.0144 "-" 97640 0
Nov 30 22:40:45 np0005540556.novalocal proxy-server[98624]: ::1 ::1 01/Dec/2025/03/40/45 PUT /v1/AUTH_602f37ceccf647698ef9e0fe4d0d45d5/gnocchi.3cdf5d4d-89f4-4b05-af64-4c7a04baf3ec/none_v3 HTTP/1.0 201 - python-swiftclient-4.8.0 gAAAAABpLQ4jjy8F... 22 - - tx81537b1e77404126bde86-00692d0e3d - 0.0241 - - 1764560445.379164934 1764560445.403278828 0 3cd24aa0af114855987a490c7d44632d
