Nov 30 22:40:45 np0005540556.novalocal container-server[97343]: ::1 - - [01/Dec/2025:03:40:45 +0000] "HEAD /2/246702/AUTH_602f37ceccf647698ef9e0fe4d0d45d5/gnocchi.7d0bf511-2019-4ddc-a753-77e49f6f6ff0" 404 - "HEAD http://[::1]:8080/v1/AUTH_602f37ceccf647698ef9e0fe4d0d45d5/gnocchi.7d0bf511-2019-4ddc-a753-77e49f6f6ff0" "tx0953bb2050304fd8bb882-00692d0e3d" "proxy-server 98624" 0.0002 "-" 97343 0
Nov 30 22:40:45 np0005540556.novalocal container-server[97343]: ::1 - - [01/Dec/2025:03:40:45 +0000] "HEAD /1/246702/AUTH_602f37ceccf647698ef9e0fe4d0d45d5/gnocchi.7d0bf511-2019-4ddc-a753-77e49f6f6ff0" 404 - "HEAD http://[::1]:8080/v1/AUTH_602f37ceccf647698ef9e0fe4d0d45d5/gnocchi.7d0bf511-2019-4ddc-a753-77e49f6f6ff0" "tx0953bb2050304fd8bb882-00692d0e3d" "proxy-server 98624" 0.0002 "-" 97343 0
Nov 30 22:40:45 np0005540556.novalocal container-server[97342]: ::1 - - [01/Dec/2025:03:40:45 +0000] "HEAD /3/246702/AUTH_602f37ceccf647698ef9e0fe4d0d45d5/gnocchi.7d0bf511-2019-4ddc-a753-77e49f6f6ff0" 404 - "HEAD http://[::1]:8080/v1/AUTH_602f37ceccf647698ef9e0fe4d0d45d5/gnocchi.7d0bf511-2019-4ddc-a753-77e49f6f6ff0" "tx0953bb2050304fd8bb882-00692d0e3d" "proxy-server 98624" 0.0004 "-" 97342 0
Nov 30 22:40:45 np0005540556.novalocal proxy-server[98624]: - - 01/Dec/2025/03/40/45 HEAD /v1/AUTH_602f37ceccf647698ef9e0fe4d0d45d5/gnocchi.7d0bf511-2019-4ddc-a753-77e49f6f6ff0 HTTP/1.0 404 - Swift - - - - tx0953bb2050304fd8bb882-00692d0e3d - 0.0098 CS - 1764560445.413063049 1764560445.422838449 0 -
Nov 30 22:40:45 np0005540556.novalocal object-server[97639]: ::1 - - [01/Dec/2025:03:40:45 +0000] "GET /3/210236/AUTH_602f37ceccf647698ef9e0fe4d0d45d5/gnocchi.7d0bf511-2019-4ddc-a753-77e49f6f6ff0/none_v3" 404 70 "GET https://[::1]:8080/v1/AUTH_602f37ceccf647698ef9e0fe4d0d45d5/gnocchi.7d0bf511-2019-4ddc-a753-77e49f6f6ff0/none_v3" "tx0953bb2050304fd8bb882-00692d0e3d" "proxy-server 98624" 0.0005 "-" 97639 0
Nov 30 22:40:45 np0005540556.novalocal object-server[97639]: ::1 - - [01/Dec/2025:03:40:45 +0000] "GET /2/210236/AUTH_602f37ceccf647698ef9e0fe4d0d45d5/gnocchi.7d0bf511-2019-4ddc-a753-77e49f6f6ff0/none_v3" 404 70 "GET https://[::1]:8080/v1/AUTH_602f37ceccf647698ef9e0fe4d0d45d5/gnocchi.7d0bf511-2019-4ddc-a753-77e49f6f6ff0/none_v3" "tx0953bb2050304fd8bb882-00692d0e3d" "proxy-server 98624" 0.0003 "-" 97639 0
Nov 30 22:40:45 np0005540556.novalocal object-server[97640]: ::1 - - [01/Dec/2025:03:40:45 +0000] "GET /1/210236/AUTH_602f37ceccf647698ef9e0fe4d0d45d5/gnocchi.7d0bf511-2019-4ddc-a753-77e49f6f6ff0/none_v3" 404 70 "GET https://[::1]:8080/v1/AUTH_602f37ceccf647698ef9e0fe4d0d45d5/gnocchi.7d0bf511-2019-4ddc-a753-77e49f6f6ff0/none_v3" "tx0953bb2050304fd8bb882-00692d0e3d" "proxy-server 98624" 0.0004 "-" 97640 0
Nov 30 22:40:45 np0005540556.novalocal proxy-server[98624]: ::1 ::1 01/Dec/2025/03/40/45 GET /v1/AUTH_602f37ceccf647698ef9e0fe4d0d45d5/gnocchi.7d0bf511-2019-4ddc-a753-77e49f6f6ff0/none_v3 HTTP/1.0 404 - python-swiftclient-4.8.0 gAAAAABpLQ4jjy8F... - 70 - tx0953bb2050304fd8bb882-00692d0e3d - 0.0259 - - 1764560445.412193775 1764560445.438087225 0 3cd24aa0af114855987a490c7d44632d
Nov 30 22:40:45 np0005540556.novalocal account-server[97043]: ::1 - - [01/Dec/2025:03:40:45 +0000] "PUT /1/108421/AUTH_602f37ceccf647698ef9e0fe4d0d45d5/gnocchi.7d0bf511-2019-4ddc-a753-77e49f6f6ff0" 201 - "PUT http://[::1]:6001/1/246702/AUTH_602f37ceccf647698ef9e0fe4d0d45d5/gnocchi.7d0bf511-2019-4ddc-a753-77e49f6f6ff0" "txef081c3ed5de461fb817a-00692d0e3d" "container-server 97342" 0.0068 "-" 97043 0
Nov 30 22:40:45 np0005540556.novalocal container-server[97342]: ::1 - - [01/Dec/2025:03:40:45 +0000] "PUT /1/246702/AUTH_602f37ceccf647698ef9e0fe4d0d45d5/gnocchi.7d0bf511-2019-4ddc-a753-77e49f6f6ff0" 201 - "PUT https://[::1]:8080/v1/AUTH_602f37ceccf647698ef9e0fe4d0d45d5/gnocchi.7d0bf511-2019-4ddc-a753-77e49f6f6ff0" "txef081c3ed5de461fb817a-00692d0e3d" "proxy-server 98624" 0.0360 "-" 97342 0
Nov 30 22:40:45 np0005540556.novalocal account-server[97042]: ::1 - - [01/Dec/2025:03:40:45 +0000] "PUT /3/108421/AUTH_602f37ceccf647698ef9e0fe4d0d45d5/gnocchi.7d0bf511-2019-4ddc-a753-77e49f6f6ff0" 201 - "PUT http://[::1]:6001/3/246702/AUTH_602f37ceccf647698ef9e0fe4d0d45d5/gnocchi.7d0bf511-2019-4ddc-a753-77e49f6f6ff0" "txef081c3ed5de461fb817a-00692d0e3d" "container-server 97342" 0.0132 "-" 97042 0
Nov 30 22:40:45 np0005540556.novalocal container-server[97342]: ::1 - - [01/Dec/2025:03:40:45 +0000] "PUT /3/246702/AUTH_602f37ceccf647698ef9e0fe4d0d45d5/gnocchi.7d0bf511-2019-4ddc-a753-77e49f6f6ff0" 201 - "PUT https://[::1]:8080/v1/AUTH_602f37ceccf647698ef9e0fe4d0d45d5/gnocchi.7d0bf511-2019-4ddc-a753-77e49f6f6ff0" "txef081c3ed5de461fb817a-00692d0e3d" "proxy-server 98624" 0.0315 "-" 97342 0
Nov 30 22:40:45 np0005540556.novalocal account-server[97042]: ::1 - - [01/Dec/2025:03:40:45 +0000] "PUT /2/108421/AUTH_602f37ceccf647698ef9e0fe4d0d45d5/gnocchi.7d0bf511-2019-4ddc-a753-77e49f6f6ff0" 201 - "PUT http://[::1]:6001/2/246702/AUTH_602f37ceccf647698ef9e0fe4d0d45d5/gnocchi.7d0bf511-2019-4ddc-a753-77e49f6f6ff0" "txef081c3ed5de461fb817a-00692d0e3d" "container-server 97342" 0.0157 "-" 97042 0
Nov 30 22:40:45 np0005540556.novalocal container-server[97342]: ::1 - - [01/Dec/2025:03:40:45 +0000] "PUT /2/246702/AUTH_602f37ceccf647698ef9e0fe4d0d45d5/gnocchi.7d0bf511-2019-4ddc-a753-77e49f6f6ff0" 201 - "PUT https://[::1]:8080/v1/AUTH_602f37ceccf647698ef9e0fe4d0d45d5/gnocchi.7d0bf511-2019-4ddc-a753-77e49f6f6ff0" "txef081c3ed5de461fb817a-00692d0e3d" "proxy-server 98624" 0.0415 "-" 97342 0
Nov 30 22:40:45 np0005540556.novalocal proxy-server[98624]: ::1 ::1 01/Dec/2025/03/40/45 PUT /v1/AUTH_602f37ceccf647698ef9e0fe4d0d45d5/gnocchi.7d0bf511-2019-4ddc-a753-77e49f6f6ff0 HTTP/1.0 201 - python-swiftclient-4.8.0 gAAAAABpLQ4jjy8F... - - - txef081c3ed5de461fb817a-00692d0e3d - 0.0706 - - 1764560445.440631628 1764560445.511201620 0 3cd24aa0af114855987a490c7d44632d
Nov 30 22:40:45 np0005540556.novalocal container-server[97343]: ::1 - - [01/Dec/2025:03:40:45 +0000] "HEAD /2/246702/AUTH_602f37ceccf647698ef9e0fe4d0d45d5/gnocchi.7d0bf511-2019-4ddc-a753-77e49f6f6ff0" 204 - "HEAD http://[::1]:8080/v1/AUTH_602f37ceccf647698ef9e0fe4d0d45d5/gnocchi.7d0bf511-2019-4ddc-a753-77e49f6f6ff0" "tx9038115fa7c947fdabfd8-00692d0e3d" "proxy-server 98624" 0.0032 "-" 97343 0
Nov 30 22:40:45 np0005540556.novalocal proxy-server[98624]: - - 01/Dec/2025/03/40/45 HEAD /v1/AUTH_602f37ceccf647698ef9e0fe4d0d45d5/gnocchi.7d0bf511-2019-4ddc-a753-77e49f6f6ff0 HTTP/1.0 204 - Swift - - - - tx9038115fa7c947fdabfd8-00692d0e3d - 0.0091 CS - 1764560445.516785860 1764560445.525932074 0 -
Nov 30 22:40:45 np0005540556.novalocal container-server[97343]: ::1 - - [01/Dec/2025:03:40:45 +0000] "GET /3/246702/AUTH_602f37ceccf647698ef9e0fe4d0d45d5/gnocchi.7d0bf511-2019-4ddc-a753-77e49f6f6ff0" 200 2 "GET https://[::1]:8080/v1/AUTH_602f37ceccf647698ef9e0fe4d0d45d5/gnocchi.7d0bf511-2019-4ddc-a753-77e49f6f6ff0?format=json&states=listing" "tx9038115fa7c947fdabfd8-00692d0e3d" "proxy-server 98624" 0.0044 "-" 97343 0
Nov 30 22:40:45 np0005540556.novalocal proxy-server[98624]: ::1 ::1 01/Dec/2025/03/40/45 GET /v1/AUTH_602f37ceccf647698ef9e0fe4d0d45d5/gnocchi.7d0bf511-2019-4ddc-a753-77e49f6f6ff0%3Fformat%3Djson%26states%3Dlisting HTTP/1.0 200 - python-swiftclient-4.8.0 gAAAAABpLQ4jjy8F... - 2 - tx9038115fa7c947fdabfd8-00692d0e3d - 0.0244 - - 1764560445.515946150 1764560445.540322781 0 3cd24aa0af114855987a490c7d44632d
Nov 30 22:40:45 np0005540556.novalocal object-server[97640]: ::1 - - [01/Dec/2025:03:40:45 +0000] "GET /1/46511/AUTH_602f37ceccf647698ef9e0fe4d0d45d5/gnocchi.7d0bf511-2019-4ddc-a753-77e49f6f6ff0/1763640000.0_mean_300.0_v3" 404 70 "GET https://[::1]:8080/v1/AUTH_602f37ceccf647698ef9e0fe4d0d45d5/gnocchi.7d0bf511-2019-4ddc-a753-77e49f6f6ff0/1763640000.0_mean_300.0_v3" "tx331fc4f5c72540c4aa620-00692d0e3d" "proxy-server 98624" 0.0004 "-" 97640 0
Nov 30 22:40:45 np0005540556.novalocal object-server[97640]: ::1 - - [01/Dec/2025:03:40:45 +0000] "GET /2/46511/AUTH_602f37ceccf647698ef9e0fe4d0d45d5/gnocchi.7d0bf511-2019-4ddc-a753-77e49f6f6ff0/1763640000.0_mean_300.0_v3" 404 70 "GET https://[::1]:8080/v1/AUTH_602f37ceccf647698ef9e0fe4d0d45d5/gnocchi.7d0bf511-2019-4ddc-a753-77e49f6f6ff0/1763640000.0_mean_300.0_v3" "tx331fc4f5c72540c4aa620-00692d0e3d" "proxy-server 98624" 0.0002 "-" 97640 0
Nov 30 22:40:45 np0005540556.novalocal object-server[97639]: ::1 - - [01/Dec/2025:03:40:45 +0000] "GET /3/46511/AUTH_602f37ceccf647698ef9e0fe4d0d45d5/gnocchi.7d0bf511-2019-4ddc-a753-77e49f6f6ff0/1763640000.0_mean_300.0_v3" 404 70 "GET https://[::1]:8080/v1/AUTH_602f37ceccf647698ef9e0fe4d0d45d5/gnocchi.7d0bf511-2019-4ddc-a753-77e49f6f6ff0/1763640000.0_mean_300.0_v3" "tx331fc4f5c72540c4aa620-00692d0e3d" "proxy-server 98624" 0.0005 "-" 97639 0
Nov 30 22:40:45 np0005540556.novalocal proxy-server[98624]: ::1 ::1 01/Dec/2025/03/40/45 GET /v1/AUTH_602f37ceccf647698ef9e0fe4d0d45d5/gnocchi.7d0bf511-2019-4ddc-a753-77e49f6f6ff0/1763640000.0_mean_300.0_v3 HTTP/1.0 404 - python-swiftclient-4.8.0 gAAAAABpLQ4jjy8F... - 70 - tx331fc4f5c72540c4aa620-00692d0e3d - 0.0306 - - 1764560445.555311680 1764560445.585925102 0 3cd24aa0af114855987a490c7d44632d
Nov 30 22:40:45 np0005540556.novalocal container-server[97343]: ::1 - - [01/Dec/2025:03:40:45 +0000] "PUT /2/246702/AUTH_602f37ceccf647698ef9e0fe4d0d45d5/gnocchi.7d0bf511-2019-4ddc-a753-77e49f6f6ff0/1763640000.0_mean_300.0_v3" 201 - "PUT http://[::1]:8080/1/46511/AUTH_602f37ceccf647698ef9e0fe4d0d45d5/gnocchi.7d0bf511-2019-4ddc-a753-77e49f6f6ff0/1763640000.0_mean_300.0_v3" "txc8ed122432974217a2232-00692d0e3d" "object-server 97640" 0.0010 "-" 97343 0
Nov 30 22:40:45 np0005540556.novalocal object-server[97640]: ::1 - - [01/Dec/2025:03:40:45 +0000] "PUT /1/46511/AUTH_602f37ceccf647698ef9e0fe4d0d45d5/gnocchi.7d0bf511-2019-4ddc-a753-77e49f6f6ff0/1763640000.0_mean_300.0_v3" 201 - "PUT https://[::1]:8080/v1/AUTH_602f37ceccf647698ef9e0fe4d0d45d5/gnocchi.7d0bf511-2019-4ddc-a753-77e49f6f6ff0/1763640000.0_mean_300.0_v3" "txc8ed122432974217a2232-00692d0e3d" "proxy-server 98624" 0.0131 "-" 97640 0
Nov 30 22:40:45 np0005540556.novalocal container-server[97342]: ::1 - - [01/Dec/2025:03:40:45 +0000] "PUT /1/246702/AUTH_602f37ceccf647698ef9e0fe4d0d45d5/gnocchi.7d0bf511-2019-4ddc-a753-77e49f6f6ff0/1763640000.0_mean_300.0_v3" 201 - "PUT http://[::1]:8080/3/46511/AUTH_602f37ceccf647698ef9e0fe4d0d45d5/gnocchi.7d0bf511-2019-4ddc-a753-77e49f6f6ff0/1763640000.0_mean_300.0_v3" "txc8ed122432974217a2232-00692d0e3d" "object-server 97639" 0.0011 "-" 97342 0
Nov 30 22:40:45 np0005540556.novalocal object-server[97639]: ::1 - - [01/Dec/2025:03:40:45 +0000] "PUT /3/46511/AUTH_602f37ceccf647698ef9e0fe4d0d45d5/gnocchi.7d0bf511-2019-4ddc-a753-77e49f6f6ff0/1763640000.0_mean_300.0_v3" 201 - "PUT https://[::1]:8080/v1/AUTH_602f37ceccf647698ef9e0fe4d0d45d5/gnocchi.7d0bf511-2019-4ddc-a753-77e49f6f6ff0/1763640000.0_mean_300.0_v3" "txc8ed122432974217a2232-00692d0e3d" "proxy-server 98624" 0.0124 "-" 97639 0
Nov 30 22:40:45 np0005540556.novalocal container-server[97342]: ::1 - - [01/Dec/2025:03:40:45 +0000] "PUT /3/246702/AUTH_602f37ceccf647698ef9e0fe4d0d45d5/gnocchi.7d0bf511-2019-4ddc-a753-77e49f6f6ff0/1763640000.0_mean_300.0_v3" 201 - "PUT http://[::1]:8080/2/46511/AUTH_602f37ceccf647698ef9e0fe4d0d45d5/gnocchi.7d0bf511-2019-4ddc-a753-77e49f6f6ff0/1763640000.0_mean_300.0_v3" "txc8ed122432974217a2232-00692d0e3d" "object-server 97639" 0.0008 "-" 97342 0
Nov 30 22:40:45 np0005540556.novalocal object-server[97639]: ::1 - - [01/Dec/2025:03:40:45 +0000] "PUT /2/46511/AUTH_602f37ceccf647698ef9e0fe4d0d45d5/gnocchi.7d0bf511-2019-4ddc-a753-77e49f6f6ff0/1763640000.0_mean_300.0_v3" 201 - "PUT https://[::1]:8080/v1/AUTH_602f37ceccf647698ef9e0fe4d0d45d5/gnocchi.7d0bf511-2019-4ddc-a753-77e49f6f6ff0/1763640000.0_mean_300.0_v3" "txc8ed122432974217a2232-00692d0e3d" "proxy-server 98624" 0.0175 "-" 97639 0
Nov 30 22:40:45 np0005540556.novalocal proxy-server[98624]: ::1 ::1 01/Dec/2025/03/40/45 PUT /v1/AUTH_602f37ceccf647698ef9e0fe4d0d45d5/gnocchi.7d0bf511-2019-4ddc-a753-77e49f6f6ff0/1763640000.0_mean_300.0_v3 HTTP/1.0 201 - python-swiftclient-4.8.0 gAAAAABpLQ4jjy8F... 16 - - txc8ed122432974217a2232-00692d0e3d - 0.0292 - - 1764560445.590560198 1764560445.619797468 0 3cd24aa0af114855987a490c7d44632d
Nov 30 22:40:45 np0005540556.novalocal container-server[97343]: ::1 - - [01/Dec/2025:03:40:45 +0000] "PUT /1/246702/AUTH_602f37ceccf647698ef9e0fe4d0d45d5/gnocchi.7d0bf511-2019-4ddc-a753-77e49f6f6ff0/none_v3" 201 - "PUT http://[::1]:8080/1/210236/AUTH_602f37ceccf647698ef9e0fe4d0d45d5/gnocchi.7d0bf511-2019-4ddc-a753-77e49f6f6ff0/none_v3" "tx7c205850a94443d2bfa09-00692d0e3d" "object-server 97640" 0.0008 "-" 97343 0
Nov 30 22:40:45 np0005540556.novalocal container-server[97342]: ::1 - - [01/Dec/2025:03:40:45 +0000] "PUT /2/246702/AUTH_602f37ceccf647698ef9e0fe4d0d45d5/gnocchi.7d0bf511-2019-4ddc-a753-77e49f6f6ff0/none_v3" 201 - "PUT http://[::1]:8080/3/210236/AUTH_602f37ceccf647698ef9e0fe4d0d45d5/gnocchi.7d0bf511-2019-4ddc-a753-77e49f6f6ff0/none_v3" "tx7c205850a94443d2bfa09-00692d0e3d" "object-server 97640" 0.0009 "-" 97342 0
Nov 30 22:40:45 np0005540556.novalocal object-server[97640]: ::1 - - [01/Dec/2025:03:40:45 +0000] "PUT /1/210236/AUTH_602f37ceccf647698ef9e0fe4d0d45d5/gnocchi.7d0bf511-2019-4ddc-a753-77e49f6f6ff0/none_v3" 201 - "PUT https://[::1]:8080/v1/AUTH_602f37ceccf647698ef9e0fe4d0d45d5/gnocchi.7d0bf511-2019-4ddc-a753-77e49f6f6ff0/none_v3" "tx7c205850a94443d2bfa09-00692d0e3d" "proxy-server 98624" 0.0111 "-" 97640 0
Nov 30 22:40:45 np0005540556.novalocal object-server[97640]: ::1 - - [01/Dec/2025:03:40:45 +0000] "PUT /3/210236/AUTH_602f37ceccf647698ef9e0fe4d0d45d5/gnocchi.7d0bf511-2019-4ddc-a753-77e49f6f6ff0/none_v3" 201 - "PUT https://[::1]:8080/v1/AUTH_602f37ceccf647698ef9e0fe4d0d45d5/gnocchi.7d0bf511-2019-4ddc-a753-77e49f6f6ff0/none_v3" "tx7c205850a94443d2bfa09-00692d0e3d" "proxy-server 98624" 0.0144 "-" 97640 0
Nov 30 22:40:45 np0005540556.novalocal container-server[97343]: ::1 - - [01/Dec/2025:03:40:45 +0000] "PUT /3/246702/AUTH_602f37ceccf647698ef9e0fe4d0d45d5/gnocchi.7d0bf511-2019-4ddc-a753-77e49f6f6ff0/none_v3" 201 - "PUT http://[::1]:8080/2/210236/AUTH_602f37ceccf647698ef9e0fe4d0d45d5/gnocchi.7d0bf511-2019-4ddc-a753-77e49f6f6ff0/none_v3" "tx7c205850a94443d2bfa09-00692d0e3d" "object-server 97640" 0.0006 "-" 97343 0
Nov 30 22:40:45 np0005540556.novalocal object-server[97640]: ::1 - - [01/Dec/2025:03:40:45 +0000] "PUT /2/210236/AUTH_602f37ceccf647698ef9e0fe4d0d45d5/gnocchi.7d0bf511-2019-4ddc-a753-77e49f6f6ff0/none_v3" 201 - "PUT https://[::1]:8080/v1/AUTH_602f37ceccf647698ef9e0fe4d0d45d5/gnocchi.7d0bf511-2019-4ddc-a753-77e49f6f6ff0/none_v3" "tx7c205850a94443d2bfa09-00692d0e3d" "proxy-server 98624" 0.0145 "-" 97640 0
Nov 30 22:40:45 np0005540556.novalocal proxy-server[98624]: ::1 ::1 01/Dec/2025/03/40/45 PUT /v1/AUTH_602f37ceccf647698ef9e0fe4d0d45d5/gnocchi.7d0bf511-2019-4ddc-a753-77e49f6f6ff0/none_v3 HTTP/1.0 201 - python-swiftclient-4.8.0 gAAAAABpLQ4jjy8F... 22 - - tx7c205850a94443d2bfa09-00692d0e3d - 0.0293 - - 1764560445.623546600 1764560445.652839661 0 3cd24aa0af114855987a490c7d44632d
Nov 30 22:40:45 np0005540556.novalocal container-server[97343]: ::1 - - [01/Dec/2025:03:40:45 +0000] "HEAD /1/189771/AUTH_602f37ceccf647698ef9e0fe4d0d45d5/gnocchi.c3075c6f-0ea6-4dae-a53b-648bb0d0fdfc" 404 - "HEAD http://[::1]:8080/v1/AUTH_602f37ceccf647698ef9e0fe4d0d45d5/gnocchi.c3075c6f-0ea6-4dae-a53b-648bb0d0fdfc" "txc657fa33187c4a249ebe9-00692d0e3d" "proxy-server 98624" 0.0003 "-" 97343 0
Nov 30 22:40:45 np0005540556.novalocal container-server[97342]: ::1 - - [01/Dec/2025:03:40:45 +0000] "HEAD /3/189771/AUTH_602f37ceccf647698ef9e0fe4d0d45d5/gnocchi.c3075c6f-0ea6-4dae-a53b-648bb0d0fdfc" 404 - "HEAD http://[::1]:8080/v1/AUTH_602f37ceccf647698ef9e0fe4d0d45d5/gnocchi.c3075c6f-0ea6-4dae-a53b-648bb0d0fdfc" "txc657fa33187c4a249ebe9-00692d0e3d" "proxy-server 98624" 0.0005 "-" 97342 0
Nov 30 22:40:45 np0005540556.novalocal container-server[97343]: ::1 - - [01/Dec/2025:03:40:45 +0000] "HEAD /2/189771/AUTH_602f37ceccf647698ef9e0fe4d0d45d5/gnocchi.c3075c6f-0ea6-4dae-a53b-648bb0d0fdfc" 404 - "HEAD http://[::1]:8080/v1/AUTH_602f37ceccf647698ef9e0fe4d0d45d5/gnocchi.c3075c6f-0ea6-4dae-a53b-648bb0d0fdfc" "txc657fa33187c4a249ebe9-00692d0e3d" "proxy-server 98624" 0.0002 "-" 97343 0
Nov 30 22:40:45 np0005540556.novalocal proxy-server[98624]: - - 01/Dec/2025/03/40/45 HEAD /v1/AUTH_602f37ceccf647698ef9e0fe4d0d45d5/gnocchi.c3075c6f-0ea6-4dae-a53b-648bb0d0fdfc HTTP/1.0 404 - Swift - - - - txc657fa33187c4a249ebe9-00692d0e3d - 0.0202 CS - 1764560445.702388287 1764560445.722585201 0 -
Nov 30 22:40:45 np0005540556.novalocal object-server[97640]: ::1 - - [01/Dec/2025:03:40:45 +0000] "GET /3/43290/AUTH_602f37ceccf647698ef9e0fe4d0d45d5/gnocchi.c3075c6f-0ea6-4dae-a53b-648bb0d0fdfc/none_v3" 404 70 "GET https://[::1]:8080/v1/AUTH_602f37ceccf647698ef9e0fe4d0d45d5/gnocchi.c3075c6f-0ea6-4dae-a53b-648bb0d0fdfc/none_v3" "txc657fa33187c4a249ebe9-00692d0e3d" "proxy-server 98624" 0.0004 "-" 97640 0
Nov 30 22:40:45 np0005540556.novalocal object-server[97639]: ::1 - - [01/Dec/2025:03:40:45 +0000] "GET /1/43290/AUTH_602f37ceccf647698ef9e0fe4d0d45d5/gnocchi.c3075c6f-0ea6-4dae-a53b-648bb0d0fdfc/none_v3" 404 70 "GET https://[::1]:8080/v1/AUTH_602f37ceccf647698ef9e0fe4d0d45d5/gnocchi.c3075c6f-0ea6-4dae-a53b-648bb0d0fdfc/none_v3" "txc657fa33187c4a249ebe9-00692d0e3d" "proxy-server 98624" 0.0004 "-" 97639 0
Nov 30 22:40:45 np0005540556.novalocal account-server[97042]: ::1 - - [01/Dec/2025:03:40:45 +0000] "HEAD /3/259413/.expiring_objects" 404 - "HEAD http://localhost/v1/.expiring_objects?format=json" "tx8f15c6813e0c4ef7a4c3e-00692d0e3d" "Swift Object Expirer" 0.0005 "-" 97042 -
Nov 30 22:40:45 np0005540556.novalocal object-server[97640]: ::1 - - [01/Dec/2025:03:40:45 +0000] "GET /2/43290/AUTH_602f37ceccf647698ef9e0fe4d0d45d5/gnocchi.c3075c6f-0ea6-4dae-a53b-648bb0d0fdfc/none_v3" 404 70 "GET https://[::1]:8080/v1/AUTH_602f37ceccf647698ef9e0fe4d0d45d5/gnocchi.c3075c6f-0ea6-4dae-a53b-648bb0d0fdfc/none_v3" "txc657fa33187c4a249ebe9-00692d0e3d" "proxy-server 98624" 0.0002 "-" 97640 0
Nov 30 22:40:45 np0005540556.novalocal proxy-server[98624]: ::1 ::1 01/Dec/2025/03/40/45 GET /v1/AUTH_602f37ceccf647698ef9e0fe4d0d45d5/gnocchi.c3075c6f-0ea6-4dae-a53b-648bb0d0fdfc/none_v3 HTTP/1.0 404 - python-swiftclient-4.8.0 gAAAAABpLQ4jjy8F... - 70 - txc657fa33187c4a249ebe9-00692d0e3d - 0.0396 - - 1764560445.694442987 1764560445.734080791 0 3cd24aa0af114855987a490c7d44632d
Nov 30 22:40:45 np0005540556.novalocal account-server[97043]: ::1 - - [01/Dec/2025:03:40:45 +0000] "HEAD /1/259413/.expiring_objects" 404 - "HEAD http://localhost/v1/.expiring_objects?format=json" "tx8f15c6813e0c4ef7a4c3e-00692d0e3d" "Swift Object Expirer" 0.0004 "-" 97043 -
Nov 30 22:40:45 np0005540556.novalocal account-server[97042]: ::1 - - [01/Dec/2025:03:40:45 +0000] "HEAD /2/259413/.expiring_objects" 404 - "HEAD http://localhost/v1/.expiring_objects?format=json" "tx8f15c6813e0c4ef7a4c3e-00692d0e3d" "Swift Object Expirer" 0.0003 "-" 97042 -
Nov 30 22:40:45 np0005540556.novalocal object-expirer-ic[92983]: - - 01/Dec/2025/03/40/45 HEAD /v1/.expiring_objects%3Fformat%3Djson HTTP/1.0 404 - Swift%20Object%20Expirer - - - - tx8f15c6813e0c4ef7a4c3e-00692d0e3d - 0.0086 - - 1764560445.729403019 1764560445.737990141 - -
Nov 30 22:40:45 np0005540556.novalocal object-expirer[92983]: Pass completed in 0s; 0 objects expired
Nov 30 22:40:45 np0005540556.novalocal account-server[97043]: ::1 - - [01/Dec/2025:03:40:45 +0000] "PUT /3/108421/AUTH_602f37ceccf647698ef9e0fe4d0d45d5/gnocchi.c3075c6f-0ea6-4dae-a53b-648bb0d0fdfc" 201 - "PUT http://[::1]:6001/1/189771/AUTH_602f37ceccf647698ef9e0fe4d0d45d5/gnocchi.c3075c6f-0ea6-4dae-a53b-648bb0d0fdfc" "txdc5d4e2c51fd40f0ac029-00692d0e3d" "container-server 97343" 0.0098 "-" 97043 0
Nov 30 22:40:45 np0005540556.novalocal container-server[97343]: ::1 - - [01/Dec/2025:03:40:45 +0000] "PUT /1/189771/AUTH_602f37ceccf647698ef9e0fe4d0d45d5/gnocchi.c3075c6f-0ea6-4dae-a53b-648bb0d0fdfc" 201 - "PUT https://[::1]:8080/v1/AUTH_602f37ceccf647698ef9e0fe4d0d45d5/gnocchi.c3075c6f-0ea6-4dae-a53b-648bb0d0fdfc" "txdc5d4e2c51fd40f0ac029-00692d0e3d" "proxy-server 98624" 0.0181 "-" 97343 0
Nov 30 22:40:45 np0005540556.novalocal account-server[97042]: ::1 - - [01/Dec/2025:03:40:45 +0000] "PUT /1/108421/AUTH_602f37ceccf647698ef9e0fe4d0d45d5/gnocchi.c3075c6f-0ea6-4dae-a53b-648bb0d0fdfc" 201 - "PUT http://[::1]:6001/3/189771/AUTH_602f37ceccf647698ef9e0fe4d0d45d5/gnocchi.c3075c6f-0ea6-4dae-a53b-648bb0d0fdfc" "txdc5d4e2c51fd40f0ac029-00692d0e3d" "container-server 97343" 0.0051 "-" 97042 0
Nov 30 22:40:45 np0005540556.novalocal container-server[97343]: ::1 - - [01/Dec/2025:03:40:45 +0000] "PUT /3/189771/AUTH_602f37ceccf647698ef9e0fe4d0d45d5/gnocchi.c3075c6f-0ea6-4dae-a53b-648bb0d0fdfc" 201 - "PUT https://[::1]:8080/v1/AUTH_602f37ceccf647698ef9e0fe4d0d45d5/gnocchi.c3075c6f-0ea6-4dae-a53b-648bb0d0fdfc" "txdc5d4e2c51fd40f0ac029-00692d0e3d" "proxy-server 98624" 0.0140 "-" 97343 0
Nov 30 22:40:45 np0005540556.novalocal account-server[97043]: ::1 - - [01/Dec/2025:03:40:45 +0000] "PUT /2/108421/AUTH_602f37ceccf647698ef9e0fe4d0d45d5/gnocchi.c3075c6f-0ea6-4dae-a53b-648bb0d0fdfc" 201 - "PUT http://[::1]:6001/2/189771/AUTH_602f37ceccf647698ef9e0fe4d0d45d5/gnocchi.c3075c6f-0ea6-4dae-a53b-648bb0d0fdfc" "txdc5d4e2c51fd40f0ac029-00692d0e3d" "container-server 97342" 0.0048 "-" 97043 0
Nov 30 22:40:45 np0005540556.novalocal container-server[97342]: ::1 - - [01/Dec/2025:03:40:45 +0000] "PUT /2/189771/AUTH_602f37ceccf647698ef9e0fe4d0d45d5/gnocchi.c3075c6f-0ea6-4dae-a53b-648bb0d0fdfc" 201 - "PUT https://[::1]:8080/v1/AUTH_602f37ceccf647698ef9e0fe4d0d45d5/gnocchi.c3075c6f-0ea6-4dae-a53b-648bb0d0fdfc" "txdc5d4e2c51fd40f0ac029-00692d0e3d" "proxy-server 98624" 0.0287 "-" 97342 0
Nov 30 22:40:45 np0005540556.novalocal proxy-server[98624]: ::1 ::1 01/Dec/2025/03/40/45 PUT /v1/AUTH_602f37ceccf647698ef9e0fe4d0d45d5/gnocchi.c3075c6f-0ea6-4dae-a53b-648bb0d0fdfc HTTP/1.0 201 - python-swiftclient-4.8.0 gAAAAABpLQ4jjy8F... - - - txdc5d4e2c51fd40f0ac029-00692d0e3d - 0.0367 - - 1764560445.737154484 1764560445.773831844 0 3cd24aa0af114855987a490c7d44632d
Nov 30 22:40:45 np0005540556.novalocal container-server[97343]: ::1 - - [01/Dec/2025:03:40:45 +0000] "HEAD /3/68790/AUTH_602f37ceccf647698ef9e0fe4d0d45d5/gnocchi.fb4d12d3-683e-4979-b465-2b296daa4a7c" 404 - "HEAD http://[::1]:8080/v1/AUTH_602f37ceccf647698ef9e0fe4d0d45d5/gnocchi.fb4d12d3-683e-4979-b465-2b296daa4a7c" "tx87fcfe8ddf1848a7bcc72-00692d0e3d" "proxy-server 98624" 0.0003 "-" 97343 0
Nov 30 22:40:45 np0005540556.novalocal container-server[97342]: ::1 - - [01/Dec/2025:03:40:45 +0000] "HEAD /1/68790/AUTH_602f37ceccf647698ef9e0fe4d0d45d5/gnocchi.fb4d12d3-683e-4979-b465-2b296daa4a7c" 404 - "HEAD http://[::1]:8080/v1/AUTH_602f37ceccf647698ef9e0fe4d0d45d5/gnocchi.fb4d12d3-683e-4979-b465-2b296daa4a7c" "tx87fcfe8ddf1848a7bcc72-00692d0e3d" "proxy-server 98624" 0.0005 "-" 97342 0
Nov 30 22:40:45 np0005540556.novalocal container-server[97343]: ::1 - - [01/Dec/2025:03:40:45 +0000] "HEAD /2/68790/AUTH_602f37ceccf647698ef9e0fe4d0d45d5/gnocchi.fb4d12d3-683e-4979-b465-2b296daa4a7c" 404 - "HEAD http://[::1]:8080/v1/AUTH_602f37ceccf647698ef9e0fe4d0d45d5/gnocchi.fb4d12d3-683e-4979-b465-2b296daa4a7c" "tx87fcfe8ddf1848a7bcc72-00692d0e3d" "proxy-server 98624" 0.0002 "-" 97343 0
Nov 30 22:40:45 np0005540556.novalocal proxy-server[98624]: - - 01/Dec/2025/03/40/45 HEAD /v1/AUTH_602f37ceccf647698ef9e0fe4d0d45d5/gnocchi.fb4d12d3-683e-4979-b465-2b296daa4a7c HTTP/1.0 404 - Swift - - - - tx87fcfe8ddf1848a7bcc72-00692d0e3d - 0.0117 CS - 1764560445.777879477 1764560445.789543867 0 -
Nov 30 22:40:45 np0005540556.novalocal object-server[97639]: ::1 - - [01/Dec/2025:03:40:45 +0000] "GET /1/188781/AUTH_602f37ceccf647698ef9e0fe4d0d45d5/gnocchi.fb4d12d3-683e-4979-b465-2b296daa4a7c/none_v3" 404 70 "GET https://[::1]:8080/v1/AUTH_602f37ceccf647698ef9e0fe4d0d45d5/gnocchi.fb4d12d3-683e-4979-b465-2b296daa4a7c/none_v3" "tx87fcfe8ddf1848a7bcc72-00692d0e3d" "proxy-server 98624" 0.0005 "-" 97639 0
Nov 30 22:40:45 np0005540556.novalocal object-server[97640]: ::1 - - [01/Dec/2025:03:40:45 +0000] "GET /3/188781/AUTH_602f37ceccf647698ef9e0fe4d0d45d5/gnocchi.fb4d12d3-683e-4979-b465-2b296daa4a7c/none_v3" 404 70 "GET https://[::1]:8080/v1/AUTH_602f37ceccf647698ef9e0fe4d0d45d5/gnocchi.fb4d12d3-683e-4979-b465-2b296daa4a7c/none_v3" "tx87fcfe8ddf1848a7bcc72-00692d0e3d" "proxy-server 98624" 0.0004 "-" 97640 0
Nov 30 22:40:45 np0005540556.novalocal object-server[97639]: ::1 - - [01/Dec/2025:03:40:45 +0000] "GET /2/188781/AUTH_602f37ceccf647698ef9e0fe4d0d45d5/gnocchi.fb4d12d3-683e-4979-b465-2b296daa4a7c/none_v3" 404 70 "GET https://[::1]:8080/v1/AUTH_602f37ceccf647698ef9e0fe4d0d45d5/gnocchi.fb4d12d3-683e-4979-b465-2b296daa4a7c/none_v3" "tx87fcfe8ddf1848a7bcc72-00692d0e3d" "proxy-server 98624" 0.0003 "-" 97639 0
Nov 30 22:40:45 np0005540556.novalocal proxy-server[98624]: ::1 ::1 01/Dec/2025/03/40/45 GET /v1/AUTH_602f37ceccf647698ef9e0fe4d0d45d5/gnocchi.fb4d12d3-683e-4979-b465-2b296daa4a7c/none_v3 HTTP/1.0 404 - python-swiftclient-4.8.0 gAAAAABpLQ4jjy8F... - 70 - tx87fcfe8ddf1848a7bcc72-00692d0e3d - 0.0241 - - 1764560445.776470184 1764560445.800618172 0 3cd24aa0af114855987a490c7d44632d
Nov 30 22:40:45 np0005540556.novalocal account-server[97042]: ::1 - - [01/Dec/2025:03:40:45 +0000] "PUT /2/108421/AUTH_602f37ceccf647698ef9e0fe4d0d45d5/gnocchi.fb4d12d3-683e-4979-b465-2b296daa4a7c" 201 - "PUT http://[::1]:6001/2/68790/AUTH_602f37ceccf647698ef9e0fe4d0d45d5/gnocchi.fb4d12d3-683e-4979-b465-2b296daa4a7c" "tx762a027946df48a79b1b0-00692d0e3d" "container-server 97342" 0.0038 "-" 97042 0
Nov 30 22:40:45 np0005540556.novalocal container-server[97342]: ::1 - - [01/Dec/2025:03:40:45 +0000] "PUT /2/68790/AUTH_602f37ceccf647698ef9e0fe4d0d45d5/gnocchi.fb4d12d3-683e-4979-b465-2b296daa4a7c" 201 - "PUT https://[::1]:8080/v1/AUTH_602f37ceccf647698ef9e0fe4d0d45d5/gnocchi.fb4d12d3-683e-4979-b465-2b296daa4a7c" "tx762a027946df48a79b1b0-00692d0e3d" "proxy-server 98624" 0.0330 "-" 97342 0
Nov 30 22:40:45 np0005540556.novalocal account-server[97043]: ::1 - - [01/Dec/2025:03:40:45 +0000] "PUT /1/108421/AUTH_602f37ceccf647698ef9e0fe4d0d45d5/gnocchi.fb4d12d3-683e-4979-b465-2b296daa4a7c" 201 - "PUT http://[::1]:6001/3/68790/AUTH_602f37ceccf647698ef9e0fe4d0d45d5/gnocchi.fb4d12d3-683e-4979-b465-2b296daa4a7c" "tx762a027946df48a79b1b0-00692d0e3d" "container-server 97342" 0.0056 "-" 97043 0
Nov 30 22:40:45 np0005540556.novalocal account-server[97042]: ::1 - - [01/Dec/2025:03:40:45 +0000] "PUT /3/108421/AUTH_602f37ceccf647698ef9e0fe4d0d45d5/gnocchi.fb4d12d3-683e-4979-b465-2b296daa4a7c" 201 - "PUT http://[::1]:6001/1/68790/AUTH_602f37ceccf647698ef9e0fe4d0d45d5/gnocchi.fb4d12d3-683e-4979-b465-2b296daa4a7c" "tx762a027946df48a79b1b0-00692d0e3d" "container-server 97342" 0.0047 "-" 97042 0
Nov 30 22:40:45 np0005540556.novalocal container-server[97342]: ::1 - - [01/Dec/2025:03:40:45 +0000] "PUT /3/68790/AUTH_602f37ceccf647698ef9e0fe4d0d45d5/gnocchi.fb4d12d3-683e-4979-b465-2b296daa4a7c" 201 - "PUT https://[::1]:8080/v1/AUTH_602f37ceccf647698ef9e0fe4d0d45d5/gnocchi.fb4d12d3-683e-4979-b465-2b296daa4a7c" "tx762a027946df48a79b1b0-00692d0e3d" "proxy-server 98624" 0.0306 "-" 97342 0
Nov 30 22:40:45 np0005540556.novalocal container-server[97342]: ::1 - - [01/Dec/2025:03:40:45 +0000] "PUT /1/68790/AUTH_602f37ceccf647698ef9e0fe4d0d45d5/gnocchi.fb4d12d3-683e-4979-b465-2b296daa4a7c" 201 - "PUT https://[::1]:8080/v1/AUTH_602f37ceccf647698ef9e0fe4d0d45d5/gnocchi.fb4d12d3-683e-4979-b465-2b296daa4a7c" "tx762a027946df48a79b1b0-00692d0e3d" "proxy-server 98624" 0.0231 "-" 97342 0
Nov 30 22:40:45 np0005540556.novalocal proxy-server[98624]: ::1 ::1 01/Dec/2025/03/40/45 PUT /v1/AUTH_602f37ceccf647698ef9e0fe4d0d45d5/gnocchi.fb4d12d3-683e-4979-b465-2b296daa4a7c HTTP/1.0 201 - python-swiftclient-4.8.0 gAAAAABpLQ4jjy8F... - - - tx762a027946df48a79b1b0-00692d0e3d - 0.0560 - - 1764560445.802946091 1764560445.858897924 0 3cd24aa0af114855987a490c7d44632d
Nov 30 22:40:45 np0005540556.novalocal container-server[97343]: ::1 - - [01/Dec/2025:03:40:45 +0000] "HEAD /3/189771/AUTH_602f37ceccf647698ef9e0fe4d0d45d5/gnocchi.c3075c6f-0ea6-4dae-a53b-648bb0d0fdfc" 204 - "HEAD http://[::1]:8080/v1/AUTH_602f37ceccf647698ef9e0fe4d0d45d5/gnocchi.c3075c6f-0ea6-4dae-a53b-648bb0d0fdfc" "txc525a99ea39e452c9a1b1-00692d0e3d" "proxy-server 98624" 0.0012 "-" 97343 0
Nov 30 22:40:45 np0005540556.novalocal proxy-server[98624]: - - 01/Dec/2025/03/40/45 HEAD /v1/AUTH_602f37ceccf647698ef9e0fe4d0d45d5/gnocchi.c3075c6f-0ea6-4dae-a53b-648bb0d0fdfc HTTP/1.0 204 - Swift - - - - txc525a99ea39e452c9a1b1-00692d0e3d - 0.0051 CS - 1764560445.862645388 1764560445.867727280 0 -
Nov 30 22:40:45 np0005540556.novalocal container-replicator[97408]: Beginning replication run
Nov 30 22:40:45 np0005540556.novalocal container-server[97343]: ::1 - - [01/Dec/2025:03:40:45 +0000] "GET /1/189771/AUTH_602f37ceccf647698ef9e0fe4d0d45d5/gnocchi.c3075c6f-0ea6-4dae-a53b-648bb0d0fdfc" 200 2 "GET https://[::1]:8080/v1/AUTH_602f37ceccf647698ef9e0fe4d0d45d5/gnocchi.c3075c6f-0ea6-4dae-a53b-648bb0d0fdfc?format=json&states=listing" "txc525a99ea39e452c9a1b1-00692d0e3d" "proxy-server 98624" 0.0015 "-" 97343 0
Nov 30 22:40:45 np0005540556.novalocal proxy-server[98624]: ::1 ::1 01/Dec/2025/03/40/45 GET /v1/AUTH_602f37ceccf647698ef9e0fe4d0d45d5/gnocchi.c3075c6f-0ea6-4dae-a53b-648bb0d0fdfc%3Fformat%3Djson%26states%3Dlisting HTTP/1.0 200 - python-swiftclient-4.8.0 gAAAAABpLQ4jjy8F... - 2 - txc525a99ea39e452c9a1b1-00692d0e3d - 0.0147 - - 1764560445.862029791 1764560445.876686335 0 3cd24aa0af114855987a490c7d44632d
Nov 30 22:40:45 np0005540556.novalocal container-server[97342]: ::1 - - [01/Dec/2025:03:40:45 +0000] "HEAD /3/68790/AUTH_602f37ceccf647698ef9e0fe4d0d45d5/gnocchi.fb4d12d3-683e-4979-b465-2b296daa4a7c" 204 - "HEAD http://[::1]:8080/v1/AUTH_602f37ceccf647698ef9e0fe4d0d45d5/gnocchi.fb4d12d3-683e-4979-b465-2b296daa4a7c" "tx44e4fa16def345af88d38-00692d0e3d" "proxy-server 98624" 0.0017 "-" 97342 0
Nov 30 22:40:45 np0005540556.novalocal proxy-server[98624]: - - 01/Dec/2025/03/40/45 HEAD /v1/AUTH_602f37ceccf647698ef9e0fe4d0d45d5/gnocchi.fb4d12d3-683e-4979-b465-2b296daa4a7c HTTP/1.0 204 - Swift - - - - tx44e4fa16def345af88d38-00692d0e3d - 0.0096 CS - 1764560445.880395889 1764560445.890003920 0 -
Nov 30 22:40:45 np0005540556.novalocal container-server[97342]: ::1 - - [01/Dec/2025:03:40:45 +0000] "GET /2/68790/AUTH_602f37ceccf647698ef9e0fe4d0d45d5/gnocchi.fb4d12d3-683e-4979-b465-2b296daa4a7c" 200 2 "GET https://[::1]:8080/v1/AUTH_602f37ceccf647698ef9e0fe4d0d45d5/gnocchi.fb4d12d3-683e-4979-b465-2b296daa4a7c?format=json&states=listing" "tx44e4fa16def345af88d38-00692d0e3d" "proxy-server 98624" 0.0029 "-" 97342 0
Nov 30 22:40:45 np0005540556.novalocal proxy-server[98624]: ::1 ::1 01/Dec/2025/03/40/45 GET /v1/AUTH_602f37ceccf647698ef9e0fe4d0d45d5/gnocchi.fb4d12d3-683e-4979-b465-2b296daa4a7c%3Fformat%3Djson%26states%3Dlisting HTTP/1.0 200 - python-swiftclient-4.8.0 gAAAAABpLQ4jjy8F... - 2 - tx44e4fa16def345af88d38-00692d0e3d - 0.0198 - - 1764560445.879636288 1764560445.899432182 0 3cd24aa0af114855987a490c7d44632d
Nov 30 22:40:45 np0005540556.novalocal object-server[97639]: ::1 - - [01/Dec/2025:03:40:45 +0000] "GET /1/170992/AUTH_602f37ceccf647698ef9e0fe4d0d45d5/gnocchi.c3075c6f-0ea6-4dae-a53b-648bb0d0fdfc/1763640000.0_mean_300.0_v3" 404 70 "GET https://[::1]:8080/v1/AUTH_602f37ceccf647698ef9e0fe4d0d45d5/gnocchi.c3075c6f-0ea6-4dae-a53b-648bb0d0fdfc/1763640000.0_mean_300.0_v3" "tx84647800d52944c1be1fd-00692d0e3d" "proxy-server 98624" 0.0004 "-" 97639 0
Nov 30 22:40:45 np0005540556.novalocal object-server[97639]: ::1 - - [01/Dec/2025:03:40:45 +0000] "GET /2/170992/AUTH_602f37ceccf647698ef9e0fe4d0d45d5/gnocchi.c3075c6f-0ea6-4dae-a53b-648bb0d0fdfc/1763640000.0_mean_300.0_v3" 404 70 "GET https://[::1]:8080/v1/AUTH_602f37ceccf647698ef9e0fe4d0d45d5/gnocchi.c3075c6f-0ea6-4dae-a53b-648bb0d0fdfc/1763640000.0_mean_300.0_v3" "tx84647800d52944c1be1fd-00692d0e3d" "proxy-server 98624" 0.0002 "-" 97639 0
Nov 30 22:40:45 np0005540556.novalocal object-server[97640]: ::1 - - [01/Dec/2025:03:40:45 +0000] "GET /3/170992/AUTH_602f37ceccf647698ef9e0fe4d0d45d5/gnocchi.c3075c6f-0ea6-4dae-a53b-648bb0d0fdfc/1763640000.0_mean_300.0_v3" 404 70 "GET https://[::1]:8080/v1/AUTH_602f37ceccf647698ef9e0fe4d0d45d5/gnocchi.c3075c6f-0ea6-4dae-a53b-648bb0d0fdfc/1763640000.0_mean_300.0_v3" "tx84647800d52944c1be1fd-00692d0e3d" "proxy-server 98624" 0.0004 "-" 97640 0
Nov 30 22:40:45 np0005540556.novalocal proxy-server[98624]: ::1 ::1 01/Dec/2025/03/40/45 GET /v1/AUTH_602f37ceccf647698ef9e0fe4d0d45d5/gnocchi.c3075c6f-0ea6-4dae-a53b-648bb0d0fdfc/1763640000.0_mean_300.0_v3 HTTP/1.0 404 - python-swiftclient-4.8.0 gAAAAABpLQ4jjy8F... - 70 - tx84647800d52944c1be1fd-00692d0e3d - 0.0117 - - 1764560445.903008223 1764560445.914658308 0 3cd24aa0af114855987a490c7d44632d
Nov 30 22:40:45 np0005540556.novalocal object-server[97639]: ::1 - - [01/Dec/2025:03:40:45 +0000] "GET /3/21261/AUTH_602f37ceccf647698ef9e0fe4d0d45d5/gnocchi.fb4d12d3-683e-4979-b465-2b296daa4a7c/1763640000.0_mean_300.0_v3" 404 70 "GET https://[::1]:8080/v1/AUTH_602f37ceccf647698ef9e0fe4d0d45d5/gnocchi.fb4d12d3-683e-4979-b465-2b296daa4a7c/1763640000.0_mean_300.0_v3" "tx8d1ae2e4d51a454a8cc7b-00692d0e3d" "proxy-server 98624" 0.0004 "-" 97639 0
Nov 30 22:40:45 np0005540556.novalocal object-server[97640]: ::1 - - [01/Dec/2025:03:40:45 +0000] "GET /2/21261/AUTH_602f37ceccf647698ef9e0fe4d0d45d5/gnocchi.fb4d12d3-683e-4979-b465-2b296daa4a7c/1763640000.0_mean_300.0_v3" 404 70 "GET https://[::1]:8080/v1/AUTH_602f37ceccf647698ef9e0fe4d0d45d5/gnocchi.fb4d12d3-683e-4979-b465-2b296daa4a7c/1763640000.0_mean_300.0_v3" "tx8d1ae2e4d51a454a8cc7b-00692d0e3d" "proxy-server 98624" 0.0003 "-" 97640 0
Nov 30 22:40:45 np0005540556.novalocal object-server[97639]: ::1 - - [01/Dec/2025:03:40:45 +0000] "GET /1/21261/AUTH_602f37ceccf647698ef9e0fe4d0d45d5/gnocchi.fb4d12d3-683e-4979-b465-2b296daa4a7c/1763640000.0_mean_300.0_v3" 404 70 "GET https://[::1]:8080/v1/AUTH_602f37ceccf647698ef9e0fe4d0d45d5/gnocchi.fb4d12d3-683e-4979-b465-2b296daa4a7c/1763640000.0_mean_300.0_v3" "tx8d1ae2e4d51a454a8cc7b-00692d0e3d" "proxy-server 98624" 0.0003 "-" 97639 0
Nov 30 22:40:45 np0005540556.novalocal proxy-server[98624]: ::1 ::1 01/Dec/2025/03/40/45 GET /v1/AUTH_602f37ceccf647698ef9e0fe4d0d45d5/gnocchi.fb4d12d3-683e-4979-b465-2b296daa4a7c/1763640000.0_mean_300.0_v3 HTTP/1.0 404 - python-swiftclient-4.8.0 gAAAAABpLQ4jjy8F... - 70 - tx8d1ae2e4d51a454a8cc7b-00692d0e3d - 0.0193 - - 1764560445.916424274 1764560445.935732365 0 3cd24aa0af114855987a490c7d44632d
Nov 30 22:40:45 np0005540556.novalocal container-server[97342]: ::1 - - [01/Dec/2025:03:40:45 +0000] "PUT /2/189771/AUTH_602f37ceccf647698ef9e0fe4d0d45d5/gnocchi.c3075c6f-0ea6-4dae-a53b-648bb0d0fdfc/1763640000.0_mean_300.0_v3" 201 - "PUT http://[::1]:8080/2/170992/AUTH_602f37ceccf647698ef9e0fe4d0d45d5/gnocchi.c3075c6f-0ea6-4dae-a53b-648bb0d0fdfc/1763640000.0_mean_300.0_v3" "txb64ea6efa6084603add11-00692d0e3d" "object-server 97639" 0.0017 "-" 97342 0
Nov 30 22:40:45 np0005540556.novalocal object-server[97639]: ::1 - - [01/Dec/2025:03:40:45 +0000] "PUT /2/170992/AUTH_602f37ceccf647698ef9e0fe4d0d45d5/gnocchi.c3075c6f-0ea6-4dae-a53b-648bb0d0fdfc/1763640000.0_mean_300.0_v3" 201 - "PUT https://[::1]:8080/v1/AUTH_602f37ceccf647698ef9e0fe4d0d45d5/gnocchi.c3075c6f-0ea6-4dae-a53b-648bb0d0fdfc/1763640000.0_mean_300.0_v3" "txb64ea6efa6084603add11-00692d0e3d" "proxy-server 98624" 0.0139 "-" 97639 0
Nov 30 22:40:45 np0005540556.novalocal container-server[97343]: ::1 - - [01/Dec/2025:03:40:45 +0000] "PUT /3/189771/AUTH_602f37ceccf647698ef9e0fe4d0d45d5/gnocchi.c3075c6f-0ea6-4dae-a53b-648bb0d0fdfc/1763640000.0_mean_300.0_v3" 201 - "PUT http://[::1]:8080/3/170992/AUTH_602f37ceccf647698ef9e0fe4d0d45d5/gnocchi.c3075c6f-0ea6-4dae-a53b-648bb0d0fdfc/1763640000.0_mean_300.0_v3" "txb64ea6efa6084603add11-00692d0e3d" "object-server 97640" 0.0005 "-" 97343 0
Nov 30 22:40:45 np0005540556.novalocal container-server[97342]: ::1 - - [01/Dec/2025:03:40:45 +0000] "PUT /1/189771/AUTH_602f37ceccf647698ef9e0fe4d0d45d5/gnocchi.c3075c6f-0ea6-4dae-a53b-648bb0d0fdfc/1763640000.0_mean_300.0_v3" 201 - "PUT http://[::1]:8080/1/170992/AUTH_602f37ceccf647698ef9e0fe4d0d45d5/gnocchi.c3075c6f-0ea6-4dae-a53b-648bb0d0fdfc/1763640000.0_mean_300.0_v3" "txb64ea6efa6084603add11-00692d0e3d" "object-server 97639" 0.0011 "-" 97342 0
Nov 30 22:40:45 np0005540556.novalocal object-server[97640]: ::1 - - [01/Dec/2025:03:40:45 +0000] "PUT /3/170992/AUTH_602f37ceccf647698ef9e0fe4d0d45d5/gnocchi.c3075c6f-0ea6-4dae-a53b-648bb0d0fdfc/1763640000.0_mean_300.0_v3" 201 - "PUT https://[::1]:8080/v1/AUTH_602f37ceccf647698ef9e0fe4d0d45d5/gnocchi.c3075c6f-0ea6-4dae-a53b-648bb0d0fdfc/1763640000.0_mean_300.0_v3" "txb64ea6efa6084603add11-00692d0e3d" "proxy-server 98624" 0.0160 "-" 97640 0
Nov 30 22:40:45 np0005540556.novalocal object-server[97639]: ::1 - - [01/Dec/2025:03:40:45 +0000] "PUT /1/170992/AUTH_602f37ceccf647698ef9e0fe4d0d45d5/gnocchi.c3075c6f-0ea6-4dae-a53b-648bb0d0fdfc/1763640000.0_mean_300.0_v3" 201 - "PUT https://[::1]:8080/v1/AUTH_602f37ceccf647698ef9e0fe4d0d45d5/gnocchi.c3075c6f-0ea6-4dae-a53b-648bb0d0fdfc/1763640000.0_mean_300.0_v3" "txb64ea6efa6084603add11-00692d0e3d" "proxy-server 98624" 0.0169 "-" 97639 0
Nov 30 22:40:45 np0005540556.novalocal proxy-server[98624]: ::1 ::1 01/Dec/2025/03/40/45 PUT /v1/AUTH_602f37ceccf647698ef9e0fe4d0d45d5/gnocchi.c3075c6f-0ea6-4dae-a53b-648bb0d0fdfc/1763640000.0_mean_300.0_v3 HTTP/1.0 201 - python-swiftclient-4.8.0 gAAAAABpLQ4jjy8F... 16 - - txb64ea6efa6084603add11-00692d0e3d - 0.0360 - - 1764560445.938124657 1764560445.974145174 0 3cd24aa0af114855987a490c7d44632d
Nov 30 22:40:45 np0005540556.novalocal container-server[97342]: ::1 - - [01/Dec/2025:03:40:45 +0000] "PUT /3/68790/AUTH_602f37ceccf647698ef9e0fe4d0d45d5/gnocchi.fb4d12d3-683e-4979-b465-2b296daa4a7c/1763640000.0_mean_300.0_v3" 201 - "PUT http://[::1]:8080/1/21261/AUTH_602f37ceccf647698ef9e0fe4d0d45d5/gnocchi.fb4d12d3-683e-4979-b465-2b296daa4a7c/1763640000.0_mean_300.0_v3" "txdb50c3fa59374a12bfd08-00692d0e3d" "object-server 97640" 0.0010 "-" 97342 0
Nov 30 22:40:45 np0005540556.novalocal object-server[97640]: ::1 - - [01/Dec/2025:03:40:45 +0000] "PUT /1/21261/AUTH_602f37ceccf647698ef9e0fe4d0d45d5/gnocchi.fb4d12d3-683e-4979-b465-2b296daa4a7c/1763640000.0_mean_300.0_v3" 201 - "PUT https://[::1]:8080/v1/AUTH_602f37ceccf647698ef9e0fe4d0d45d5/gnocchi.fb4d12d3-683e-4979-b465-2b296daa4a7c/1763640000.0_mean_300.0_v3" "txdb50c3fa59374a12bfd08-00692d0e3d" "proxy-server 98624" 0.0093 "-" 97640 0
Nov 30 22:40:45 np0005540556.novalocal container-server[97342]: ::1 - - [01/Dec/2025:03:40:45 +0000] "PUT /2/68790/AUTH_602f37ceccf647698ef9e0fe4d0d45d5/gnocchi.fb4d12d3-683e-4979-b465-2b296daa4a7c/1763640000.0_mean_300.0_v3" 201 - "PUT http://[::1]:8080/2/21261/AUTH_602f37ceccf647698ef9e0fe4d0d45d5/gnocchi.fb4d12d3-683e-4979-b465-2b296daa4a7c/1763640000.0_mean_300.0_v3" "txdb50c3fa59374a12bfd08-00692d0e3d" "object-server 97640" 0.0006 "-" 97342 0
Nov 30 22:40:45 np0005540556.novalocal object-server[97640]: ::1 - - [01/Dec/2025:03:40:45 +0000] "PUT /2/21261/AUTH_602f37ceccf647698ef9e0fe4d0d45d5/gnocchi.fb4d12d3-683e-4979-b465-2b296daa4a7c/1763640000.0_mean_300.0_v3" 201 - "PUT https://[::1]:8080/v1/AUTH_602f37ceccf647698ef9e0fe4d0d45d5/gnocchi.fb4d12d3-683e-4979-b465-2b296daa4a7c/1763640000.0_mean_300.0_v3" "txdb50c3fa59374a12bfd08-00692d0e3d" "proxy-server 98624" 0.0123 "-" 97640 0
Nov 30 22:40:46 np0005540556.novalocal container-server[97342]: ::1 - - [01/Dec/2025:03:40:46 +0000] "PUT /1/68790/AUTH_602f37ceccf647698ef9e0fe4d0d45d5/gnocchi.fb4d12d3-683e-4979-b465-2b296daa4a7c/1763640000.0_mean_300.0_v3" 201 - "PUT http://[::1]:8080/3/21261/AUTH_602f37ceccf647698ef9e0fe4d0d45d5/gnocchi.fb4d12d3-683e-4979-b465-2b296daa4a7c/1763640000.0_mean_300.0_v3" "txdb50c3fa59374a12bfd08-00692d0e3d" "object-server 97640" 0.0007 "-" 97342 0
Nov 30 22:40:46 np0005540556.novalocal object-server[97640]: ::1 - - [01/Dec/2025:03:40:46 +0000] "PUT /3/21261/AUTH_602f37ceccf647698ef9e0fe4d0d45d5/gnocchi.fb4d12d3-683e-4979-b465-2b296daa4a7c/1763640000.0_mean_300.0_v3" 201 - "PUT https://[::1]:8080/v1/AUTH_602f37ceccf647698ef9e0fe4d0d45d5/gnocchi.fb4d12d3-683e-4979-b465-2b296daa4a7c/1763640000.0_mean_300.0_v3" "txdb50c3fa59374a12bfd08-00692d0e3d" "proxy-server 98624" 0.0180 "-" 97640 0
Nov 30 22:40:46 np0005540556.novalocal proxy-server[98624]: ::1 ::1 01/Dec/2025/03/40/46 PUT /v1/AUTH_602f37ceccf647698ef9e0fe4d0d45d5/gnocchi.fb4d12d3-683e-4979-b465-2b296daa4a7c/1763640000.0_mean_300.0_v3 HTTP/1.0 201 - python-swiftclient-4.8.0 gAAAAABpLQ4jjy8F... 16 - - txdb50c3fa59374a12bfd08-00692d0e3d - 0.0283 - - 1764560445.976702690 1764560446.004996538 0 3cd24aa0af114855987a490c7d44632d
Nov 30 22:40:46 np0005540556.novalocal container-server[97343]: ::1 - - [01/Dec/2025:03:40:46 +0000] "PUT /3/189771/AUTH_602f37ceccf647698ef9e0fe4d0d45d5/gnocchi.c3075c6f-0ea6-4dae-a53b-648bb0d0fdfc/none_v3" 201 - "PUT http://[::1]:8080/1/43290/AUTH_602f37ceccf647698ef9e0fe4d0d45d5/gnocchi.c3075c6f-0ea6-4dae-a53b-648bb0d0fdfc/none_v3" "tx36cc0aa791584ea28217a-00692d0e3e" "object-server 97640" 0.0004 "-" 97343 0
Nov 30 22:40:46 np0005540556.novalocal object-server[97640]: ::1 - - [01/Dec/2025:03:40:46 +0000] "PUT /1/43290/AUTH_602f37ceccf647698ef9e0fe4d0d45d5/gnocchi.c3075c6f-0ea6-4dae-a53b-648bb0d0fdfc/none_v3" 201 - "PUT https://[::1]:8080/v1/AUTH_602f37ceccf647698ef9e0fe4d0d45d5/gnocchi.c3075c6f-0ea6-4dae-a53b-648bb0d0fdfc/none_v3" "tx36cc0aa791584ea28217a-00692d0e3e" "proxy-server 98624" 0.0082 "-" 97640 0
Nov 30 22:40:46 np0005540556.novalocal container-server[97342]: ::1 - - [01/Dec/2025:03:40:46 +0000] "PUT /1/189771/AUTH_602f37ceccf647698ef9e0fe4d0d45d5/gnocchi.c3075c6f-0ea6-4dae-a53b-648bb0d0fdfc/none_v3" 201 - "PUT http://[::1]:8080/3/43290/AUTH_602f37ceccf647698ef9e0fe4d0d45d5/gnocchi.c3075c6f-0ea6-4dae-a53b-648bb0d0fdfc/none_v3" "tx36cc0aa791584ea28217a-00692d0e3e" "object-server 97639" 0.0005 "-" 97342 0
Nov 30 22:40:46 np0005540556.novalocal object-server[97639]: ::1 - - [01/Dec/2025:03:40:46 +0000] "PUT /3/43290/AUTH_602f37ceccf647698ef9e0fe4d0d45d5/gnocchi.c3075c6f-0ea6-4dae-a53b-648bb0d0fdfc/none_v3" 201 - "PUT https://[::1]:8080/v1/AUTH_602f37ceccf647698ef9e0fe4d0d45d5/gnocchi.c3075c6f-0ea6-4dae-a53b-648bb0d0fdfc/none_v3" "tx36cc0aa791584ea28217a-00692d0e3e" "proxy-server 98624" 0.0141 "-" 97639 0
Nov 30 22:40:46 np0005540556.novalocal container-server[97342]: ::1 - - [01/Dec/2025:03:40:46 +0000] "PUT /2/189771/AUTH_602f37ceccf647698ef9e0fe4d0d45d5/gnocchi.c3075c6f-0ea6-4dae-a53b-648bb0d0fdfc/none_v3" 201 - "PUT http://[::1]:8080/2/43290/AUTH_602f37ceccf647698ef9e0fe4d0d45d5/gnocchi.c3075c6f-0ea6-4dae-a53b-648bb0d0fdfc/none_v3" "tx36cc0aa791584ea28217a-00692d0e3e" "object-server 97639" 0.0006 "-" 97342 0
Nov 30 22:40:46 np0005540556.novalocal object-server[97639]: ::1 - - [01/Dec/2025:03:40:46 +0000] "PUT /2/43290/AUTH_602f37ceccf647698ef9e0fe4d0d45d5/gnocchi.c3075c6f-0ea6-4dae-a53b-648bb0d0fdfc/none_v3" 201 - "PUT https://[::1]:8080/v1/AUTH_602f37ceccf647698ef9e0fe4d0d45d5/gnocchi.c3075c6f-0ea6-4dae-a53b-648bb0d0fdfc/none_v3" "tx36cc0aa791584ea28217a-00692d0e3e" "proxy-server 98624" 0.0173 "-" 97639 0
Nov 30 22:40:46 np0005540556.novalocal proxy-server[98624]: ::1 ::1 01/Dec/2025/03/40/46 PUT /v1/AUTH_602f37ceccf647698ef9e0fe4d0d45d5/gnocchi.c3075c6f-0ea6-4dae-a53b-648bb0d0fdfc/none_v3 HTTP/1.0 201 - python-swiftclient-4.8.0 gAAAAABpLQ4jjy8F... 22 - - tx36cc0aa791584ea28217a-00692d0e3e - 0.0264 - - 1764560446.007525444 1764560446.033921480 0 3cd24aa0af114855987a490c7d44632d
Nov 30 22:40:46 np0005540556.novalocal container-server[97343]: ::1 - - [01/Dec/2025:03:40:46 +0000] "PUT /2/68790/AUTH_602f37ceccf647698ef9e0fe4d0d45d5/gnocchi.fb4d12d3-683e-4979-b465-2b296daa4a7c/none_v3" 201 - "PUT http://[::1]:8080/2/188781/AUTH_602f37ceccf647698ef9e0fe4d0d45d5/gnocchi.fb4d12d3-683e-4979-b465-2b296daa4a7c/none_v3" "txd94d2859abe3436eb629a-00692d0e3e" "object-server 97639" 0.0005 "-" 97343 0
Nov 30 22:40:46 np0005540556.novalocal object-server[97639]: ::1 - - [01/Dec/2025:03:40:46 +0000] "PUT /2/188781/AUTH_602f37ceccf647698ef9e0fe4d0d45d5/gnocchi.fb4d12d3-683e-4979-b465-2b296daa4a7c/none_v3" 201 - "PUT https://[::1]:8080/v1/AUTH_602f37ceccf647698ef9e0fe4d0d45d5/gnocchi.fb4d12d3-683e-4979-b465-2b296daa4a7c/none_v3" "txd94d2859abe3436eb629a-00692d0e3e" "proxy-server 98624" 0.0089 "-" 97639 0
Nov 30 22:40:46 np0005540556.novalocal container-server[97343]: ::1 - - [01/Dec/2025:03:40:46 +0000] "PUT /1/68790/AUTH_602f37ceccf647698ef9e0fe4d0d45d5/gnocchi.fb4d12d3-683e-4979-b465-2b296daa4a7c/none_v3" 201 - "PUT http://[::1]:8080/1/188781/AUTH_602f37ceccf647698ef9e0fe4d0d45d5/gnocchi.fb4d12d3-683e-4979-b465-2b296daa4a7c/none_v3" "txd94d2859abe3436eb629a-00692d0e3e" "object-server 97640" 0.0003 "-" 97343 0
Nov 30 22:40:46 np0005540556.novalocal object-server[97640]: ::1 - - [01/Dec/2025:03:40:46 +0000] "PUT /1/188781/AUTH_602f37ceccf647698ef9e0fe4d0d45d5/gnocchi.fb4d12d3-683e-4979-b465-2b296daa4a7c/none_v3" 201 - "PUT https://[::1]:8080/v1/AUTH_602f37ceccf647698ef9e0fe4d0d45d5/gnocchi.fb4d12d3-683e-4979-b465-2b296daa4a7c/none_v3" "txd94d2859abe3436eb629a-00692d0e3e" "proxy-server 98624" 0.0101 "-" 97640 0
Nov 30 22:40:46 np0005540556.novalocal container-server[97342]: ::1 - - [01/Dec/2025:03:40:46 +0000] "PUT /3/68790/AUTH_602f37ceccf647698ef9e0fe4d0d45d5/gnocchi.fb4d12d3-683e-4979-b465-2b296daa4a7c/none_v3" 201 - "PUT http://[::1]:8080/3/188781/AUTH_602f37ceccf647698ef9e0fe4d0d45d5/gnocchi.fb4d12d3-683e-4979-b465-2b296daa4a7c/none_v3" "txd94d2859abe3436eb629a-00692d0e3e" "object-server 97640" 0.0011 "-" 97342 0
Nov 30 22:40:46 np0005540556.novalocal object-server[97640]: ::1 - - [01/Dec/2025:03:40:46 +0000] "PUT /3/188781/AUTH_602f37ceccf647698ef9e0fe4d0d45d5/gnocchi.fb4d12d3-683e-4979-b465-2b296daa4a7c/none_v3" 201 - "PUT https://[::1]:8080/v1/AUTH_602f37ceccf647698ef9e0fe4d0d45d5/gnocchi.fb4d12d3-683e-4979-b465-2b296daa4a7c/none_v3" "txd94d2859abe3436eb629a-00692d0e3e" "proxy-server 98624" 0.0217 "-" 97640 0
Nov 30 22:40:46 np0005540556.novalocal proxy-server[98624]: ::1 ::1 01/Dec/2025/03/40/46 PUT /v1/AUTH_602f37ceccf647698ef9e0fe4d0d45d5/gnocchi.fb4d12d3-683e-4979-b465-2b296daa4a7c/none_v3 HTTP/1.0 201 - python-swiftclient-4.8.0 gAAAAABpLQ4jjy8F... 22 - - txd94d2859abe3436eb629a-00692d0e3e - 0.0355 - - 1764560446.037049532 1764560446.072585106 0 3cd24aa0af114855987a490c7d44632d
Nov 30 22:40:46 np0005540556.novalocal container-server[97342]: ::1 - - [01/Dec/2025:03:40:46 +0000] "HEAD /2/170644/AUTH_602f37ceccf647698ef9e0fe4d0d45d5/gnocchi.0fb79997-f928-4715-aa7e-8323708f6afd" 404 - "HEAD http://[::1]:8080/v1/AUTH_602f37ceccf647698ef9e0fe4d0d45d5/gnocchi.0fb79997-f928-4715-aa7e-8323708f6afd" "tx8c8da66e9d93487fb0836-00692d0e3e" "proxy-server 98624" 0.0003 "-" 97342 0
Nov 30 22:40:46 np0005540556.novalocal container-server[97343]: ::1 - - [01/Dec/2025:03:40:46 +0000] "HEAD /3/170644/AUTH_602f37ceccf647698ef9e0fe4d0d45d5/gnocchi.0fb79997-f928-4715-aa7e-8323708f6afd" 404 - "HEAD http://[::1]:8080/v1/AUTH_602f37ceccf647698ef9e0fe4d0d45d5/gnocchi.0fb79997-f928-4715-aa7e-8323708f6afd" "tx8c8da66e9d93487fb0836-00692d0e3e" "proxy-server 98624" 0.0003 "-" 97343 0
Nov 30 22:40:46 np0005540556.novalocal container-server[97342]: ::1 - - [01/Dec/2025:03:40:46 +0000] "HEAD /1/170644/AUTH_602f37ceccf647698ef9e0fe4d0d45d5/gnocchi.0fb79997-f928-4715-aa7e-8323708f6afd" 404 - "HEAD http://[::1]:8080/v1/AUTH_602f37ceccf647698ef9e0fe4d0d45d5/gnocchi.0fb79997-f928-4715-aa7e-8323708f6afd" "tx8c8da66e9d93487fb0836-00692d0e3e" "proxy-server 98624" 0.0022 "-" 97342 0
Nov 30 22:40:46 np0005540556.novalocal proxy-server[98624]: - - 01/Dec/2025/03/40/46 HEAD /v1/AUTH_602f37ceccf647698ef9e0fe4d0d45d5/gnocchi.0fb79997-f928-4715-aa7e-8323708f6afd HTTP/1.0 404 - Swift - - - - tx8c8da66e9d93487fb0836-00692d0e3e - 0.0256 CS - 1764560446.082924843 1764560446.108517408 0 -
Nov 30 22:40:46 np0005540556.novalocal object-server[97640]: ::1 - - [01/Dec/2025:03:40:46 +0000] "GET /1/244516/AUTH_602f37ceccf647698ef9e0fe4d0d45d5/gnocchi.0fb79997-f928-4715-aa7e-8323708f6afd/none_v3" 404 70 "GET https://[::1]:8080/v1/AUTH_602f37ceccf647698ef9e0fe4d0d45d5/gnocchi.0fb79997-f928-4715-aa7e-8323708f6afd/none_v3" "tx8c8da66e9d93487fb0836-00692d0e3e" "proxy-server 98624" 0.0005 "-" 97640 0
Nov 30 22:40:46 np0005540556.novalocal object-server[97640]: ::1 - - [01/Dec/2025:03:40:46 +0000] "GET /3/244516/AUTH_602f37ceccf647698ef9e0fe4d0d45d5/gnocchi.0fb79997-f928-4715-aa7e-8323708f6afd/none_v3" 404 70 "GET https://[::1]:8080/v1/AUTH_602f37ceccf647698ef9e0fe4d0d45d5/gnocchi.0fb79997-f928-4715-aa7e-8323708f6afd/none_v3" "tx8c8da66e9d93487fb0836-00692d0e3e" "proxy-server 98624" 0.0003 "-" 97640 0
Nov 30 22:40:46 np0005540556.novalocal object-server[97640]: ::1 - - [01/Dec/2025:03:40:46 +0000] "GET /2/244516/AUTH_602f37ceccf647698ef9e0fe4d0d45d5/gnocchi.0fb79997-f928-4715-aa7e-8323708f6afd/none_v3" 404 70 "GET https://[::1]:8080/v1/AUTH_602f37ceccf647698ef9e0fe4d0d45d5/gnocchi.0fb79997-f928-4715-aa7e-8323708f6afd/none_v3" "tx8c8da66e9d93487fb0836-00692d0e3e" "proxy-server 98624" 0.0003 "-" 97640 0
Nov 30 22:40:46 np0005540556.novalocal proxy-server[98624]: ::1 ::1 01/Dec/2025/03/40/46 GET /v1/AUTH_602f37ceccf647698ef9e0fe4d0d45d5/gnocchi.0fb79997-f928-4715-aa7e-8323708f6afd/none_v3 HTTP/1.0 404 - python-swiftclient-4.8.0 gAAAAABpLQ4jjy8F... - 70 - tx8c8da66e9d93487fb0836-00692d0e3e - 0.0514 - - 1764560446.082006693 1764560446.133423090 0 3cd24aa0af114855987a490c7d44632d
Nov 30 22:40:46 np0005540556.novalocal account-server[97043]: ::1 - - [01/Dec/2025:03:40:46 +0000] "PUT /3/108421/AUTH_602f37ceccf647698ef9e0fe4d0d45d5/gnocchi.0fb79997-f928-4715-aa7e-8323708f6afd" 201 - "PUT http://[::1]:6001/3/170644/AUTH_602f37ceccf647698ef9e0fe4d0d45d5/gnocchi.0fb79997-f928-4715-aa7e-8323708f6afd" "tx0eb7900e5b1b45d49a96d-00692d0e3e" "container-server 97343" 0.0053 "-" 97043 0
