Nov 30 22:41:24 np0005540556.novalocal proxy-server[98624]: ::1 ::1 01/Dec/2025/03/41/24 GET /v1/AUTH_602f37ceccf647698ef9e0fe4d0d45d5/gnocchi.1852c118-2266-4e64-9e58-325ffa510756/none_v3 HTTP/1.0 200 - python-swiftclient-4.8.0 gAAAAABpLQ4jjy8F... - 22 - tx88e12b2c71d248139b235-00692d0e64 - 0.0118 - - 1764560484.146850824 1764560484.158641815 0 3cd24aa0af114855987a490c7d44632d
Nov 30 22:41:24 np0005540556.novalocal container-server[97343]: ::1 - - [01/Dec/2025:03:41:24 +0000] "GET /2/185411/AUTH_602f37ceccf647698ef9e0fe4d0d45d5/gnocchi.1852c118-2266-4e64-9e58-325ffa510756" 200 357 "GET https://[::1]:8080/v1/AUTH_602f37ceccf647698ef9e0fe4d0d45d5/gnocchi.1852c118-2266-4e64-9e58-325ffa510756?format=json&states=listing" "txc9dc9824409d49c68708a-00692d0e64" "proxy-server 98624" 0.0050 "-" 97343 0
Nov 30 22:41:24 np0005540556.novalocal proxy-server[98624]: ::1 ::1 01/Dec/2025/03/41/24 GET /v1/AUTH_602f37ceccf647698ef9e0fe4d0d45d5/gnocchi.1852c118-2266-4e64-9e58-325ffa510756%3Fformat%3Djson%26states%3Dlisting HTTP/1.0 200 - python-swiftclient-4.8.0 gAAAAABpLQ4jjy8F... - 357 - txc9dc9824409d49c68708a-00692d0e64 - 0.0167 - - 1764560484.163912296 1764560484.180585384 0 3cd24aa0af114855987a490c7d44632d
Nov 30 22:41:24 np0005540556.novalocal container-server[97342]: ::1 - - [01/Dec/2025:03:41:24 +0000] "GET /1/185411/AUTH_602f37ceccf647698ef9e0fe4d0d45d5/gnocchi.1852c118-2266-4e64-9e58-325ffa510756" 200 2 "GET https://[::1]:8080/v1/AUTH_602f37ceccf647698ef9e0fe4d0d45d5/gnocchi.1852c118-2266-4e64-9e58-325ffa510756?format=json&marker=none_v3&states=listing" "txb3dff9e8410f4b5eba626-00692d0e64" "proxy-server 98624" 0.0049 "-" 97342 0
Nov 30 22:41:24 np0005540556.novalocal proxy-server[98624]: ::1 ::1 01/Dec/2025/03/41/24 GET /v1/AUTH_602f37ceccf647698ef9e0fe4d0d45d5/gnocchi.1852c118-2266-4e64-9e58-325ffa510756%3Fformat%3Djson%26marker%3Dnone_v3%26states%3Dlisting HTTP/1.0 200 - python-swiftclient-4.8.0 gAAAAABpLQ4jjy8F... - 2 - txb3dff9e8410f4b5eba626-00692d0e64 - 0.0173 - - 1764560484.184903383 1764560484.202208042 0 3cd24aa0af114855987a490c7d44632d
Nov 30 22:41:24 np0005540556.novalocal object-server[97639]: ::1 - - [01/Dec/2025:03:41:24 +0000] "GET /2/98999/AUTH_602f37ceccf647698ef9e0fe4d0d45d5/gnocchi.1852c118-2266-4e64-9e58-325ffa510756/1763640000.0_mean_300.0_v3" 200 16 "GET https://[::1]:8080/v1/AUTH_602f37ceccf647698ef9e0fe4d0d45d5/gnocchi.1852c118-2266-4e64-9e58-325ffa510756/1763640000.0_mean_300.0_v3" "txefd19721cf4b41489b3db-00692d0e64" "proxy-server 98624" 0.0011 "-" 97639 0
Nov 30 22:41:24 np0005540556.novalocal proxy-server[98624]: ::1 ::1 01/Dec/2025/03/41/24 GET /v1/AUTH_602f37ceccf647698ef9e0fe4d0d45d5/gnocchi.1852c118-2266-4e64-9e58-325ffa510756/1763640000.0_mean_300.0_v3 HTTP/1.0 200 - python-swiftclient-4.8.0 gAAAAABpLQ4jjy8F... - 16 - txefd19721cf4b41489b3db-00692d0e64 - 0.0109 - - 1764560484.207533360 1764560484.218389988 0 3cd24aa0af114855987a490c7d44632d
Nov 30 22:41:24 np0005540556.novalocal container-server[97343]: ::1 - - [01/Dec/2025:03:41:24 +0000] "PUT /2/185411/AUTH_602f37ceccf647698ef9e0fe4d0d45d5/gnocchi.1852c118-2266-4e64-9e58-325ffa510756/1763640000.0_mean_300.0_v3" 201 - "PUT http://[::1]:8080/3/98999/AUTH_602f37ceccf647698ef9e0fe4d0d45d5/gnocchi.1852c118-2266-4e64-9e58-325ffa510756/1763640000.0_mean_300.0_v3" "txed6deb956dd0414e8573d-00692d0e64" "object-server 97640" 0.0010 "-" 97343 0
Nov 30 22:41:24 np0005540556.novalocal object-server[97640]: ::1 - - [01/Dec/2025:03:41:24 +0000] "PUT /3/98999/AUTH_602f37ceccf647698ef9e0fe4d0d45d5/gnocchi.1852c118-2266-4e64-9e58-325ffa510756/1763640000.0_mean_300.0_v3" 201 - "PUT https://[::1]:8080/v1/AUTH_602f37ceccf647698ef9e0fe4d0d45d5/gnocchi.1852c118-2266-4e64-9e58-325ffa510756/1763640000.0_mean_300.0_v3" "txed6deb956dd0414e8573d-00692d0e64" "proxy-server 98624" 0.0161 "-" 97640 0
Nov 30 22:41:24 np0005540556.novalocal container-server[97343]: ::1 - - [01/Dec/2025:03:41:24 +0000] "PUT /1/185411/AUTH_602f37ceccf647698ef9e0fe4d0d45d5/gnocchi.1852c118-2266-4e64-9e58-325ffa510756/1763640000.0_mean_300.0_v3" 201 - "PUT http://[::1]:8080/1/98999/AUTH_602f37ceccf647698ef9e0fe4d0d45d5/gnocchi.1852c118-2266-4e64-9e58-325ffa510756/1763640000.0_mean_300.0_v3" "txed6deb956dd0414e8573d-00692d0e64" "object-server 97640" 0.0006 "-" 97343 0
Nov 30 22:41:24 np0005540556.novalocal container-server[97342]: ::1 - - [01/Dec/2025:03:41:24 +0000] "PUT /3/185411/AUTH_602f37ceccf647698ef9e0fe4d0d45d5/gnocchi.1852c118-2266-4e64-9e58-325ffa510756/1763640000.0_mean_300.0_v3" 201 - "PUT http://[::1]:8080/2/98999/AUTH_602f37ceccf647698ef9e0fe4d0d45d5/gnocchi.1852c118-2266-4e64-9e58-325ffa510756/1763640000.0_mean_300.0_v3" "txed6deb956dd0414e8573d-00692d0e64" "object-server 97640" 0.0010 "-" 97342 0
Nov 30 22:41:24 np0005540556.novalocal object-server[97640]: ::1 - - [01/Dec/2025:03:41:24 +0000] "PUT /1/98999/AUTH_602f37ceccf647698ef9e0fe4d0d45d5/gnocchi.1852c118-2266-4e64-9e58-325ffa510756/1763640000.0_mean_300.0_v3" 201 - "PUT https://[::1]:8080/v1/AUTH_602f37ceccf647698ef9e0fe4d0d45d5/gnocchi.1852c118-2266-4e64-9e58-325ffa510756/1763640000.0_mean_300.0_v3" "txed6deb956dd0414e8573d-00692d0e64" "proxy-server 98624" 0.0245 "-" 97640 0
Nov 30 22:41:24 np0005540556.novalocal object-server[97640]: ::1 - - [01/Dec/2025:03:41:24 +0000] "PUT /2/98999/AUTH_602f37ceccf647698ef9e0fe4d0d45d5/gnocchi.1852c118-2266-4e64-9e58-325ffa510756/1763640000.0_mean_300.0_v3" 201 - "PUT https://[::1]:8080/v1/AUTH_602f37ceccf647698ef9e0fe4d0d45d5/gnocchi.1852c118-2266-4e64-9e58-325ffa510756/1763640000.0_mean_300.0_v3" "txed6deb956dd0414e8573d-00692d0e64" "proxy-server 98624" 0.0220 "-" 97640 0
Nov 30 22:41:24 np0005540556.novalocal proxy-server[98624]: ::1 ::1 01/Dec/2025/03/41/24 PUT /v1/AUTH_602f37ceccf647698ef9e0fe4d0d45d5/gnocchi.1852c118-2266-4e64-9e58-325ffa510756/1763640000.0_mean_300.0_v3 HTTP/1.0 201 - python-swiftclient-4.8.0 gAAAAABpLQ4jjy8F... 16 - - txed6deb956dd0414e8573d-00692d0e64 - 0.0379 - - 1764560484.222531796 1764560484.260455847 0 3cd24aa0af114855987a490c7d44632d
Nov 30 22:41:24 np0005540556.novalocal kernel: Warning: Deprecated Driver is detected: ip_set will not be maintained in a future major release and may be disabled
Nov 30 22:41:24 np0005540556.novalocal kernel: Warning: Deprecated Driver is detected: ip_set_init will not be maintained in a future major release and may be disabled
Nov 30 22:41:24 np0005540556.novalocal container-server[97343]: ::1 - - [01/Dec/2025:03:41:24 +0000] "PUT /3/185411/AUTH_602f37ceccf647698ef9e0fe4d0d45d5/gnocchi.1852c118-2266-4e64-9e58-325ffa510756/none_v3" 201 - "PUT http://[::1]:8080/3/199764/AUTH_602f37ceccf647698ef9e0fe4d0d45d5/gnocchi.1852c118-2266-4e64-9e58-325ffa510756/none_v3" "tx55814782444c4f4f9af2d-00692d0e64" "object-server 97640" 0.0010 "-" 97343 0
Nov 30 22:41:24 np0005540556.novalocal container-server[97342]: ::1 - - [01/Dec/2025:03:41:24 +0000] "PUT /2/185411/AUTH_602f37ceccf647698ef9e0fe4d0d45d5/gnocchi.1852c118-2266-4e64-9e58-325ffa510756/none_v3" 201 - "PUT http://[::1]:8080/2/199764/AUTH_602f37ceccf647698ef9e0fe4d0d45d5/gnocchi.1852c118-2266-4e64-9e58-325ffa510756/none_v3" "tx55814782444c4f4f9af2d-00692d0e64" "object-server 97640" 0.0008 "-" 97342 0
Nov 30 22:41:24 np0005540556.novalocal object-server[97640]: ::1 - - [01/Dec/2025:03:41:24 +0000] "PUT /3/199764/AUTH_602f37ceccf647698ef9e0fe4d0d45d5/gnocchi.1852c118-2266-4e64-9e58-325ffa510756/none_v3" 201 - "PUT https://[::1]:8080/v1/AUTH_602f37ceccf647698ef9e0fe4d0d45d5/gnocchi.1852c118-2266-4e64-9e58-325ffa510756/none_v3" "tx55814782444c4f4f9af2d-00692d0e64" "proxy-server 98624" 0.0187 "-" 97640 0
Nov 30 22:41:24 np0005540556.novalocal object-server[97640]: ::1 - - [01/Dec/2025:03:41:24 +0000] "PUT /2/199764/AUTH_602f37ceccf647698ef9e0fe4d0d45d5/gnocchi.1852c118-2266-4e64-9e58-325ffa510756/none_v3" 201 - "PUT https://[::1]:8080/v1/AUTH_602f37ceccf647698ef9e0fe4d0d45d5/gnocchi.1852c118-2266-4e64-9e58-325ffa510756/none_v3" "tx55814782444c4f4f9af2d-00692d0e64" "proxy-server 98624" 0.0189 "-" 97640 0
Nov 30 22:41:24 np0005540556.novalocal container-server[97342]: ::1 - - [01/Dec/2025:03:41:24 +0000] "PUT /1/185411/AUTH_602f37ceccf647698ef9e0fe4d0d45d5/gnocchi.1852c118-2266-4e64-9e58-325ffa510756/none_v3" 201 - "PUT http://[::1]:8080/1/199764/AUTH_602f37ceccf647698ef9e0fe4d0d45d5/gnocchi.1852c118-2266-4e64-9e58-325ffa510756/none_v3" "tx55814782444c4f4f9af2d-00692d0e64" "object-server 97640" 0.0007 "-" 97342 0
Nov 30 22:41:24 np0005540556.novalocal object-server[97640]: ::1 - - [01/Dec/2025:03:41:24 +0000] "PUT /1/199764/AUTH_602f37ceccf647698ef9e0fe4d0d45d5/gnocchi.1852c118-2266-4e64-9e58-325ffa510756/none_v3" 201 - "PUT https://[::1]:8080/v1/AUTH_602f37ceccf647698ef9e0fe4d0d45d5/gnocchi.1852c118-2266-4e64-9e58-325ffa510756/none_v3" "tx55814782444c4f4f9af2d-00692d0e64" "proxy-server 98624" 0.0255 "-" 97640 0
Nov 30 22:41:24 np0005540556.novalocal proxy-server[98624]: ::1 ::1 01/Dec/2025/03/41/24 PUT /v1/AUTH_602f37ceccf647698ef9e0fe4d0d45d5/gnocchi.1852c118-2266-4e64-9e58-325ffa510756/none_v3 HTTP/1.0 201 - python-swiftclient-4.8.0 gAAAAABpLQ4jjy8F... 31 - - tx55814782444c4f4f9af2d-00692d0e64 - 0.0407 - - 1764560484.264726877 1764560484.305398464 0 3cd24aa0af114855987a490c7d44632d
Nov 30 22:41:24 np0005540556.novalocal object-server[97640]: ::1 - - [01/Dec/2025:03:41:24 +0000] "GET /2/190500/AUTH_602f37ceccf647698ef9e0fe4d0d45d5/gnocchi.51d6359f-af70-47c2-b503-2aefaaa86afa/none_v3" 200 22 "GET https://[::1]:8080/v1/AUTH_602f37ceccf647698ef9e0fe4d0d45d5/gnocchi.51d6359f-af70-47c2-b503-2aefaaa86afa/none_v3" "tx19d0f1ca628a420d943bd-00692d0e64" "proxy-server 98624" 0.0009 "-" 97640 0
Nov 30 22:41:24 np0005540556.novalocal proxy-server[98624]: ::1 ::1 01/Dec/2025/03/41/24 GET /v1/AUTH_602f37ceccf647698ef9e0fe4d0d45d5/gnocchi.51d6359f-af70-47c2-b503-2aefaaa86afa/none_v3 HTTP/1.0 200 - python-swiftclient-4.8.0 gAAAAABpLQ4jjy8F... - 22 - tx19d0f1ca628a420d943bd-00692d0e64 - 0.0102 - - 1764560484.386624813 1764560484.396792650 0 3cd24aa0af114855987a490c7d44632d
Nov 30 22:41:24 np0005540556.novalocal container-server[97342]: ::1 - - [01/Dec/2025:03:41:24 +0000] "GET /2/186217/AUTH_602f37ceccf647698ef9e0fe4d0d45d5/gnocchi.51d6359f-af70-47c2-b503-2aefaaa86afa" 200 357 "GET https://[::1]:8080/v1/AUTH_602f37ceccf647698ef9e0fe4d0d45d5/gnocchi.51d6359f-af70-47c2-b503-2aefaaa86afa?format=json&states=listing" "txcad0845704bf48d182a29-00692d0e64" "proxy-server 98624" 0.0051 "-" 97342 0
Nov 30 22:41:24 np0005540556.novalocal proxy-server[98624]: ::1 ::1 01/Dec/2025/03/41/24 GET /v1/AUTH_602f37ceccf647698ef9e0fe4d0d45d5/gnocchi.51d6359f-af70-47c2-b503-2aefaaa86afa%3Fformat%3Djson%26states%3Dlisting HTTP/1.0 200 - python-swiftclient-4.8.0 gAAAAABpLQ4jjy8F... - 357 - txcad0845704bf48d182a29-00692d0e64 - 0.0165 - - 1764560484.401687622 1764560484.418216228 0 3cd24aa0af114855987a490c7d44632d
Nov 30 22:41:24 np0005540556.novalocal container-server[97342]: ::1 - - [01/Dec/2025:03:41:24 +0000] "GET /1/186217/AUTH_602f37ceccf647698ef9e0fe4d0d45d5/gnocchi.51d6359f-af70-47c2-b503-2aefaaa86afa" 200 2 "GET https://[::1]:8080/v1/AUTH_602f37ceccf647698ef9e0fe4d0d45d5/gnocchi.51d6359f-af70-47c2-b503-2aefaaa86afa?format=json&marker=none_v3&states=listing" "tx8ef06e3f07e0431aa7920-00692d0e64" "proxy-server 98624" 0.0034 "-" 97342 0
Nov 30 22:41:24 np0005540556.novalocal proxy-server[98624]: ::1 ::1 01/Dec/2025/03/41/24 GET /v1/AUTH_602f37ceccf647698ef9e0fe4d0d45d5/gnocchi.51d6359f-af70-47c2-b503-2aefaaa86afa%3Fformat%3Djson%26marker%3Dnone_v3%26states%3Dlisting HTTP/1.0 200 - python-swiftclient-4.8.0 gAAAAABpLQ4jjy8F... - 2 - tx8ef06e3f07e0431aa7920-00692d0e64 - 0.0135 - - 1764560484.421731949 1764560484.435263634 0 3cd24aa0af114855987a490c7d44632d
Nov 30 22:41:24 np0005540556.novalocal object-server[97639]: ::1 - - [01/Dec/2025:03:41:24 +0000] "GET /3/255473/AUTH_602f37ceccf647698ef9e0fe4d0d45d5/gnocchi.51d6359f-af70-47c2-b503-2aefaaa86afa/1763640000.0_mean_300.0_v3" 200 16 "GET https://[::1]:8080/v1/AUTH_602f37ceccf647698ef9e0fe4d0d45d5/gnocchi.51d6359f-af70-47c2-b503-2aefaaa86afa/1763640000.0_mean_300.0_v3" "tx903f59e5a90943e3ad824-00692d0e64" "proxy-server 98624" 0.0012 "-" 97639 0
Nov 30 22:41:24 np0005540556.novalocal proxy-server[98624]: ::1 ::1 01/Dec/2025/03/41/24 GET /v1/AUTH_602f37ceccf647698ef9e0fe4d0d45d5/gnocchi.51d6359f-af70-47c2-b503-2aefaaa86afa/1763640000.0_mean_300.0_v3 HTTP/1.0 200 - python-swiftclient-4.8.0 gAAAAABpLQ4jjy8F... - 16 - tx903f59e5a90943e3ad824-00692d0e64 - 0.0150 - - 1764560484.441152096 1764560484.456177950 0 3cd24aa0af114855987a490c7d44632d
Nov 30 22:41:24 np0005540556.novalocal container-server[97342]: ::1 - - [01/Dec/2025:03:41:24 +0000] "PUT /1/186217/AUTH_602f37ceccf647698ef9e0fe4d0d45d5/gnocchi.51d6359f-af70-47c2-b503-2aefaaa86afa/1763640000.0_mean_300.0_v3" 201 - "PUT http://[::1]:8080/2/255473/AUTH_602f37ceccf647698ef9e0fe4d0d45d5/gnocchi.51d6359f-af70-47c2-b503-2aefaaa86afa/1763640000.0_mean_300.0_v3" "txf766caaf6da84d2eabb0e-00692d0e64" "object-server 97640" 0.0009 "-" 97342 0
Nov 30 22:41:24 np0005540556.novalocal container-server[97343]: ::1 - - [01/Dec/2025:03:41:24 +0000] "PUT /3/186217/AUTH_602f37ceccf647698ef9e0fe4d0d45d5/gnocchi.51d6359f-af70-47c2-b503-2aefaaa86afa/1763640000.0_mean_300.0_v3" 201 - "PUT http://[::1]:8080/3/255473/AUTH_602f37ceccf647698ef9e0fe4d0d45d5/gnocchi.51d6359f-af70-47c2-b503-2aefaaa86afa/1763640000.0_mean_300.0_v3" "txf766caaf6da84d2eabb0e-00692d0e64" "object-server 97639" 0.0009 "-" 97343 0
Nov 30 22:41:24 np0005540556.novalocal container-server[97342]: ::1 - - [01/Dec/2025:03:41:24 +0000] "PUT /2/186217/AUTH_602f37ceccf647698ef9e0fe4d0d45d5/gnocchi.51d6359f-af70-47c2-b503-2aefaaa86afa/1763640000.0_mean_300.0_v3" 201 - "PUT http://[::1]:8080/1/255473/AUTH_602f37ceccf647698ef9e0fe4d0d45d5/gnocchi.51d6359f-af70-47c2-b503-2aefaaa86afa/1763640000.0_mean_300.0_v3" "txf766caaf6da84d2eabb0e-00692d0e64" "object-server 97639" 0.0008 "-" 97342 0
Nov 30 22:41:24 np0005540556.novalocal kernel: qbr6f8069b0-ca: port 2(tap6f8069b0-ca) entered blocking state
Nov 30 22:41:24 np0005540556.novalocal kernel: qbr6f8069b0-ca: port 2(tap6f8069b0-ca) entered disabled state
Nov 30 22:41:24 np0005540556.novalocal kernel: tap6f8069b0-ca: entered allmulticast mode
Nov 30 22:41:24 np0005540556.novalocal object-server[97640]: ::1 - - [01/Dec/2025:03:41:24 +0000] "PUT /2/255473/AUTH_602f37ceccf647698ef9e0fe4d0d45d5/gnocchi.51d6359f-af70-47c2-b503-2aefaaa86afa/1763640000.0_mean_300.0_v3" 201 - "PUT https://[::1]:8080/v1/AUTH_602f37ceccf647698ef9e0fe4d0d45d5/gnocchi.51d6359f-af70-47c2-b503-2aefaaa86afa/1763640000.0_mean_300.0_v3" "txf766caaf6da84d2eabb0e-00692d0e64" "proxy-server 98624" 0.0196 "-" 97640 0
Nov 30 22:41:24 np0005540556.novalocal kernel: tap6f8069b0-ca: entered promiscuous mode
Nov 30 22:41:24 np0005540556.novalocal kernel: qbr6f8069b0-ca: port 2(tap6f8069b0-ca) entered blocking state
Nov 30 22:41:24 np0005540556.novalocal kernel: qbr6f8069b0-ca: port 2(tap6f8069b0-ca) entered forwarding state
Nov 30 22:41:24 np0005540556.novalocal NetworkManager[858]: [1764560484.4919] manager: (tap6f8069b0-ca): new Tun device (/org/freedesktop/NetworkManager/Devices/35)
Nov 30 22:41:24 np0005540556.novalocal object-server[97639]: ::1 - - [01/Dec/2025:03:41:24 +0000] "PUT /3/255473/AUTH_602f37ceccf647698ef9e0fe4d0d45d5/gnocchi.51d6359f-af70-47c2-b503-2aefaaa86afa/1763640000.0_mean_300.0_v3" 201 - "PUT https://[::1]:8080/v1/AUTH_602f37ceccf647698ef9e0fe4d0d45d5/gnocchi.51d6359f-af70-47c2-b503-2aefaaa86afa/1763640000.0_mean_300.0_v3" "txf766caaf6da84d2eabb0e-00692d0e64" "proxy-server 98624" 0.0169 "-" 97639 0
Nov 30 22:41:24 np0005540556.novalocal object-server[97639]: ::1 - - [01/Dec/2025:03:41:24 +0000] "PUT /1/255473/AUTH_602f37ceccf647698ef9e0fe4d0d45d5/gnocchi.51d6359f-af70-47c2-b503-2aefaaa86afa/1763640000.0_mean_300.0_v3" 201 - "PUT https://[::1]:8080/v1/AUTH_602f37ceccf647698ef9e0fe4d0d45d5/gnocchi.51d6359f-af70-47c2-b503-2aefaaa86afa/1763640000.0_mean_300.0_v3" "txf766caaf6da84d2eabb0e-00692d0e64" "proxy-server 98624" 0.0211 "-" 97639 0
Nov 30 22:41:24 np0005540556.novalocal proxy-server[98624]: ::1 ::1 01/Dec/2025/03/41/24 PUT /v1/AUTH_602f37ceccf647698ef9e0fe4d0d45d5/gnocchi.51d6359f-af70-47c2-b503-2aefaaa86afa/1763640000.0_mean_300.0_v3 HTTP/1.0 201 - python-swiftclient-4.8.0 gAAAAABpLQ4jjy8F... 16 - - txf766caaf6da84d2eabb0e-00692d0e64 - 0.0331 - - 1764560484.461274147 1764560484.494411230 0 3cd24aa0af114855987a490c7d44632d
Nov 30 22:41:24 np0005540556.novalocal virtqemud[100028]: Domain id=3 name='instance-00000003' uuid=3302b762-a624-4938-8478-2a835cefa499 is tainted: deprecated-config (machine type 'pc-i440fx-rhel7.6.0')
Nov 30 22:41:24 np0005540556.novalocal virtqemud[100028]: Domain id=3 name='instance-00000003' uuid=3302b762-a624-4938-8478-2a835cefa499 is tainted: deprecated-config (CPU model 'qemu64')
Nov 30 22:41:24 np0005540556.novalocal NetworkManager[858]: [1764560484.5184] device (tap6f8069b0-ca): state change: unmanaged -> unavailable (reason 'connection-assumed', managed-type: 'external')
Nov 30 22:41:24 np0005540556.novalocal container-server[97343]: ::1 - - [01/Dec/2025:03:41:24 +0000] "PUT /2/186217/AUTH_602f37ceccf647698ef9e0fe4d0d45d5/gnocchi.51d6359f-af70-47c2-b503-2aefaaa86afa/none_v3" 201 - "PUT http://[::1]:8080/3/190500/AUTH_602f37ceccf647698ef9e0fe4d0d45d5/gnocchi.51d6359f-af70-47c2-b503-2aefaaa86afa/none_v3" "tx7dc1e665985e46d6be77c-00692d0e64" "object-server 97640" 0.0008 "-" 97343 0
Nov 30 22:41:24 np0005540556.novalocal NetworkManager[858]: [1764560484.5197] device (tap6f8069b0-ca): state change: unavailable -> disconnected (reason 'connection-assumed', managed-type: 'external')
Nov 30 22:41:24 np0005540556.novalocal object-server[97640]: ::1 - - [01/Dec/2025:03:41:24 +0000] "PUT /3/190500/AUTH_602f37ceccf647698ef9e0fe4d0d45d5/gnocchi.51d6359f-af70-47c2-b503-2aefaaa86afa/none_v3" 201 - "PUT https://[::1]:8080/v1/AUTH_602f37ceccf647698ef9e0fe4d0d45d5/gnocchi.51d6359f-af70-47c2-b503-2aefaaa86afa/none_v3" "tx7dc1e665985e46d6be77c-00692d0e64" "proxy-server 98624" 0.0155 "-" 97640 0
Nov 30 22:41:24 np0005540556.novalocal NetworkManager[858]: [1764560484.5205] device (tap6f8069b0-ca): Activation: starting connection 'tap6f8069b0-ca' (a19304f1-7a2e-4b01-84e5-af431c61db37)
Nov 30 22:41:24 np0005540556.novalocal NetworkManager[858]: [1764560484.5207] device (tap6f8069b0-ca): state change: disconnected -> prepare (reason 'none', managed-type: 'external')
Nov 30 22:41:24 np0005540556.novalocal NetworkManager[858]: [1764560484.5260] device (tap6f8069b0-ca): state change: prepare -> config (reason 'none', managed-type: 'external')
Nov 30 22:41:24 np0005540556.novalocal NetworkManager[858]: [1764560484.5263] device (tap6f8069b0-ca): state change: config -> ip-config (reason 'none', managed-type: 'external')
Nov 30 22:41:24 np0005540556.novalocal NetworkManager[858]: [1764560484.5265] device (qbr6f8069b0-ca): bridge port tap6f8069b0-ca was attached
Nov 30 22:41:24 np0005540556.novalocal NetworkManager[858]: [1764560484.5265] device (tap6f8069b0-ca): Activation: connection 'tap6f8069b0-ca' attached as port, continuing activation
Nov 30 22:41:24 np0005540556.novalocal NetworkManager[858]: [1764560484.5270] device (tap6f8069b0-ca): state change: ip-config -> ip-check (reason 'none', managed-type: 'external')
Nov 30 22:41:24 np0005540556.novalocal NetworkManager[858]: [1764560484.5319] device (tap6f8069b0-ca): state change: ip-check -> secondaries (reason 'none', managed-type: 'external')
Nov 30 22:41:24 np0005540556.novalocal NetworkManager[858]: [1764560484.5323] device (tap6f8069b0-ca): state change: secondaries -> activated (reason 'none', managed-type: 'external')
Nov 30 22:41:24 np0005540556.novalocal NetworkManager[858]: [1764560484.5340] device (tap6f8069b0-ca): Activation: successful, device activated.
Nov 30 22:41:24 np0005540556.novalocal container-server[97343]: ::1 - - [01/Dec/2025:03:41:24 +0000] "PUT /1/186217/AUTH_602f37ceccf647698ef9e0fe4d0d45d5/gnocchi.51d6359f-af70-47c2-b503-2aefaaa86afa/none_v3" 201 - "PUT http://[::1]:8080/2/190500/AUTH_602f37ceccf647698ef9e0fe4d0d45d5/gnocchi.51d6359f-af70-47c2-b503-2aefaaa86afa/none_v3" "tx7dc1e665985e46d6be77c-00692d0e64" "object-server 97639" 0.0009 "-" 97343 0
Nov 30 22:41:24 np0005540556.novalocal systemd-machined[94210]: New machine qemu-3-instance-00000003.
Nov 30 22:41:24 np0005540556.novalocal object-server[97639]: ::1 - - [01/Dec/2025:03:41:24 +0000] "PUT /2/190500/AUTH_602f37ceccf647698ef9e0fe4d0d45d5/gnocchi.51d6359f-af70-47c2-b503-2aefaaa86afa/none_v3" 201 - "PUT https://[::1]:8080/v1/AUTH_602f37ceccf647698ef9e0fe4d0d45d5/gnocchi.51d6359f-af70-47c2-b503-2aefaaa86afa/none_v3" "tx7dc1e665985e46d6be77c-00692d0e64" "proxy-server 98624" 0.0308 "-" 97639 0
Nov 30 22:41:24 np0005540556.novalocal systemd[1]: Started Virtual Machine qemu-3-instance-00000003.
Nov 30 22:41:24 np0005540556.novalocal container-server[97343]: ::1 - - [01/Dec/2025:03:41:24 +0000] "PUT /3/186217/AUTH_602f37ceccf647698ef9e0fe4d0d45d5/gnocchi.51d6359f-af70-47c2-b503-2aefaaa86afa/none_v3" 201 - "PUT http://[::1]:8080/1/190500/AUTH_602f37ceccf647698ef9e0fe4d0d45d5/gnocchi.51d6359f-af70-47c2-b503-2aefaaa86afa/none_v3" "tx7dc1e665985e46d6be77c-00692d0e64" "object-server 97639" 0.0008 "-" 97343 0
Nov 30 22:41:24 np0005540556.novalocal object-server[97639]: ::1 - - [01/Dec/2025:03:41:24 +0000] "PUT /1/190500/AUTH_602f37ceccf647698ef9e0fe4d0d45d5/gnocchi.51d6359f-af70-47c2-b503-2aefaaa86afa/none_v3" 201 - "PUT https://[::1]:8080/v1/AUTH_602f37ceccf647698ef9e0fe4d0d45d5/gnocchi.51d6359f-af70-47c2-b503-2aefaaa86afa/none_v3" "tx7dc1e665985e46d6be77c-00692d0e64" "proxy-server 98624" 0.0339 "-" 97639 0
Nov 30 22:41:24 np0005540556.novalocal proxy-server[98624]: ::1 ::1 01/Dec/2025/03/41/24 PUT /v1/AUTH_602f37ceccf647698ef9e0fe4d0d45d5/gnocchi.51d6359f-af70-47c2-b503-2aefaaa86afa/none_v3 HTTP/1.0 201 - python-swiftclient-4.8.0 gAAAAABpLQ4jjy8F... 45 - - tx7dc1e665985e46d6be77c-00692d0e64 - 0.0488 - - 1764560484.498599768 1764560484.547369957 0 3cd24aa0af114855987a490c7d44632d
Nov 30 22:41:24 np0005540556.novalocal systemd[1]: iscsi.service: Unit cannot be reloaded because it is inactive.
Nov 30 22:41:25 np0005540556.novalocal object-server[97639]: ::1 - - [01/Dec/2025:03:41:25 +0000] "GET /1/86890/AUTH_602f37ceccf647698ef9e0fe4d0d45d5/gnocchi.35400a87-a081-46aa-bbfa-3f65629c86b0/none_v3" 200 32 "GET https://[::1]:8080/v1/AUTH_602f37ceccf647698ef9e0fe4d0d45d5/gnocchi.35400a87-a081-46aa-bbfa-3f65629c86b0/none_v3" "tx453523d568c642cca5a51-00692d0e65" "proxy-server 98624" 0.0007 "-" 97639 0
Nov 30 22:41:25 np0005540556.novalocal proxy-server[98624]: ::1 ::1 01/Dec/2025/03/41/25 GET /v1/AUTH_602f37ceccf647698ef9e0fe4d0d45d5/gnocchi.35400a87-a081-46aa-bbfa-3f65629c86b0/none_v3 HTTP/1.0 200 - python-swiftclient-4.8.0 gAAAAABpLQ4-yMSf... - 32 - tx453523d568c642cca5a51-00692d0e65 - 0.0103 - - 1764560485.751719713 1764560485.762013197 0 3cd24aa0af114855987a490c7d44632d
Nov 30 22:41:25 np0005540556.novalocal container-server[97343]: ::1 - - [01/Dec/2025:03:41:25 +0000] "GET /2/14885/AUTH_602f37ceccf647698ef9e0fe4d0d45d5/gnocchi.35400a87-a081-46aa-bbfa-3f65629c86b0" 200 357 "GET https://[::1]:8080/v1/AUTH_602f37ceccf647698ef9e0fe4d0d45d5/gnocchi.35400a87-a081-46aa-bbfa-3f65629c86b0?format=json&states=listing" "txf2cf90adb8084577b7a45-00692d0e65" "proxy-server 98624" 0.0073 "-" 97343 0
Nov 30 22:41:25 np0005540556.novalocal proxy-server[98624]: ::1 ::1 01/Dec/2025/03/41/25 GET /v1/AUTH_602f37ceccf647698ef9e0fe4d0d45d5/gnocchi.35400a87-a081-46aa-bbfa-3f65629c86b0%3Fformat%3Djson%26states%3Dlisting HTTP/1.0 200 - python-swiftclient-4.8.0 gAAAAABpLQ4-yMSf... - 357 - txf2cf90adb8084577b7a45-00692d0e65 - 0.0173 - - 1764560485.765249491 1764560485.782574654 0 3cd24aa0af114855987a490c7d44632d
Nov 30 22:41:25 np0005540556.novalocal container-server[97342]: ::1 - - [01/Dec/2025:03:41:25 +0000] "GET /3/14885/AUTH_602f37ceccf647698ef9e0fe4d0d45d5/gnocchi.35400a87-a081-46aa-bbfa-3f65629c86b0" 200 2 "GET https://[::1]:8080/v1/AUTH_602f37ceccf647698ef9e0fe4d0d45d5/gnocchi.35400a87-a081-46aa-bbfa-3f65629c86b0?format=json&marker=none_v3&states=listing" "txbbba47f9d71c4ead945d4-00692d0e65" "proxy-server 98624" 0.0090 "-" 97342 0
Nov 30 22:41:25 np0005540556.novalocal proxy-server[98624]: ::1 ::1 01/Dec/2025/03/41/25 GET /v1/AUTH_602f37ceccf647698ef9e0fe4d0d45d5/gnocchi.35400a87-a081-46aa-bbfa-3f65629c86b0%3Fformat%3Djson%26marker%3Dnone_v3%26states%3Dlisting HTTP/1.0 200 - python-swiftclient-4.8.0 gAAAAABpLQ4-yMSf... - 2 - txbbba47f9d71c4ead945d4-00692d0e65 - 0.0195 - - 1764560485.785318613 1764560485.804854631 0 3cd24aa0af114855987a490c7d44632d
Nov 30 22:41:25 np0005540556.novalocal object-server[97639]: ::1 - - [01/Dec/2025:03:41:25 +0000] "GET /1/230459/AUTH_602f37ceccf647698ef9e0fe4d0d45d5/gnocchi.35400a87-a081-46aa-bbfa-3f65629c86b0/1763640000.0_mean_300.0_v3" 200 16 "GET https://[::1]:8080/v1/AUTH_602f37ceccf647698ef9e0fe4d0d45d5/gnocchi.35400a87-a081-46aa-bbfa-3f65629c86b0/1763640000.0_mean_300.0_v3" "tx3789d718645647b0b6e19-00692d0e65" "proxy-server 98624" 0.0006 "-" 97639 0
Nov 30 22:41:25 np0005540556.novalocal proxy-server[98624]: ::1 ::1 01/Dec/2025/03/41/25 GET /v1/AUTH_602f37ceccf647698ef9e0fe4d0d45d5/gnocchi.35400a87-a081-46aa-bbfa-3f65629c86b0/1763640000.0_mean_300.0_v3 HTTP/1.0 200 - python-swiftclient-4.8.0 gAAAAABpLQ4-yMSf... - 16 - tx3789d718645647b0b6e19-00692d0e65 - 0.0094 - - 1764560485.808579683 1764560485.817978382 0 3cd24aa0af114855987a490c7d44632d
Nov 30 22:41:25 np0005540556.novalocal object-replicator[97704]: Starting object replication pass.
Nov 30 22:41:25 np0005540556.novalocal container-server[97342]: ::1 - - [01/Dec/2025:03:41:25 +0000] "PUT /3/14885/AUTH_602f37ceccf647698ef9e0fe4d0d45d5/gnocchi.35400a87-a081-46aa-bbfa-3f65629c86b0/1763640000.0_mean_300.0_v3" 201 - "PUT http://[::1]:8080/2/230459/AUTH_602f37ceccf647698ef9e0fe4d0d45d5/gnocchi.35400a87-a081-46aa-bbfa-3f65629c86b0/1763640000.0_mean_300.0_v3" "tx2a74a49dd2744ee7aa03b-00692d0e65" "object-server 97639" 0.0012 "-" 97342 0
Nov 30 22:41:25 np0005540556.novalocal object-server[97639]: ::1 - - [01/Dec/2025:03:41:25 +0000] "PUT /2/230459/AUTH_602f37ceccf647698ef9e0fe4d0d45d5/gnocchi.35400a87-a081-46aa-bbfa-3f65629c86b0/1763640000.0_mean_300.0_v3" 201 - "PUT https://[::1]:8080/v1/AUTH_602f37ceccf647698ef9e0fe4d0d45d5/gnocchi.35400a87-a081-46aa-bbfa-3f65629c86b0/1763640000.0_mean_300.0_v3" "tx2a74a49dd2744ee7aa03b-00692d0e65" "proxy-server 98624" 0.0164 "-" 97639 0
Nov 30 22:41:25 np0005540556.novalocal container-server[97342]: ::1 - - [01/Dec/2025:03:41:25 +0000] "PUT /2/14885/AUTH_602f37ceccf647698ef9e0fe4d0d45d5/gnocchi.35400a87-a081-46aa-bbfa-3f65629c86b0/1763640000.0_mean_300.0_v3" 201 - "PUT http://[::1]:8080/3/230459/AUTH_602f37ceccf647698ef9e0fe4d0d45d5/gnocchi.35400a87-a081-46aa-bbfa-3f65629c86b0/1763640000.0_mean_300.0_v3" "tx2a74a49dd2744ee7aa03b-00692d0e65" "object-server 97640" 0.0006 "-" 97342 0
Nov 30 22:41:25 np0005540556.novalocal object-server[97640]: ::1 - - [01/Dec/2025:03:41:25 +0000] "PUT /3/230459/AUTH_602f37ceccf647698ef9e0fe4d0d45d5/gnocchi.35400a87-a081-46aa-bbfa-3f65629c86b0/1763640000.0_mean_300.0_v3" 201 - "PUT https://[::1]:8080/v1/AUTH_602f37ceccf647698ef9e0fe4d0d45d5/gnocchi.35400a87-a081-46aa-bbfa-3f65629c86b0/1763640000.0_mean_300.0_v3" "tx2a74a49dd2744ee7aa03b-00692d0e65" "proxy-server 98624" 0.0171 "-" 97640 0
Nov 30 22:41:25 np0005540556.novalocal container-server[97342]: ::1 - - [01/Dec/2025:03:41:25 +0000] "PUT /1/14885/AUTH_602f37ceccf647698ef9e0fe4d0d45d5/gnocchi.35400a87-a081-46aa-bbfa-3f65629c86b0/1763640000.0_mean_300.0_v3" 201 - "PUT http://[::1]:8080/1/230459/AUTH_602f37ceccf647698ef9e0fe4d0d45d5/gnocchi.35400a87-a081-46aa-bbfa-3f65629c86b0/1763640000.0_mean_300.0_v3" "tx2a74a49dd2744ee7aa03b-00692d0e65" "object-server 97640" 0.0006 "-" 97342 0
Nov 30 22:41:25 np0005540556.novalocal object-server[97640]: ::1 - - [01/Dec/2025:03:41:25 +0000] "PUT /1/230459/AUTH_602f37ceccf647698ef9e0fe4d0d45d5/gnocchi.35400a87-a081-46aa-bbfa-3f65629c86b0/1763640000.0_mean_300.0_v3" 201 - "PUT https://[::1]:8080/v1/AUTH_602f37ceccf647698ef9e0fe4d0d45d5/gnocchi.35400a87-a081-46aa-bbfa-3f65629c86b0/1763640000.0_mean_300.0_v3" "tx2a74a49dd2744ee7aa03b-00692d0e65" "proxy-server 98624" 0.0200 "-" 97640 0
Nov 30 22:41:25 np0005540556.novalocal proxy-server[98624]: ::1 ::1 01/Dec/2025/03/41/25 PUT /v1/AUTH_602f37ceccf647698ef9e0fe4d0d45d5/gnocchi.35400a87-a081-46aa-bbfa-3f65629c86b0/1763640000.0_mean_300.0_v3 HTTP/1.0 201 - python-swiftclient-4.8.0 gAAAAABpLQ4-yMSf... 16 - - tx2a74a49dd2744ee7aa03b-00692d0e65 - 0.0314 - - 1764560485.821163177 1764560485.852514505 0 3cd24aa0af114855987a490c7d44632d
Nov 30 22:41:25 np0005540556.novalocal container-server[97343]: ::1 - - [01/Dec/2025:03:41:25 +0000] "PUT /2/14885/AUTH_602f37ceccf647698ef9e0fe4d0d45d5/gnocchi.35400a87-a081-46aa-bbfa-3f65629c86b0/none_v3" 201 - "PUT http://[::1]:8080/3/86890/AUTH_602f37ceccf647698ef9e0fe4d0d45d5/gnocchi.35400a87-a081-46aa-bbfa-3f65629c86b0/none_v3" "tx3862d042246e448dbace9-00692d0e65" "object-server 97639" 0.0008 "-" 97343 0
Nov 30 22:41:25 np0005540556.novalocal container-server[97342]: ::1 - - [01/Dec/2025:03:41:25 +0000] "PUT /3/14885/AUTH_602f37ceccf647698ef9e0fe4d0d45d5/gnocchi.35400a87-a081-46aa-bbfa-3f65629c86b0/none_v3" 201 - "PUT http://[::1]:8080/1/86890/AUTH_602f37ceccf647698ef9e0fe4d0d45d5/gnocchi.35400a87-a081-46aa-bbfa-3f65629c86b0/none_v3" "tx3862d042246e448dbace9-00692d0e65" "object-server 97640" 0.0011 "-" 97342 0
Nov 30 22:41:25 np0005540556.novalocal object-server[97640]: ::1 - - [01/Dec/2025:03:41:25 +0000] "PUT /1/86890/AUTH_602f37ceccf647698ef9e0fe4d0d45d5/gnocchi.35400a87-a081-46aa-bbfa-3f65629c86b0/none_v3" 201 - "PUT https://[::1]:8080/v1/AUTH_602f37ceccf647698ef9e0fe4d0d45d5/gnocchi.35400a87-a081-46aa-bbfa-3f65629c86b0/none_v3" "tx3862d042246e448dbace9-00692d0e65" "proxy-server 98624" 0.0126 "-" 97640 0
Nov 30 22:41:25 np0005540556.novalocal object-server[97639]: ::1 - - [01/Dec/2025:03:41:25 +0000] "PUT /3/86890/AUTH_602f37ceccf647698ef9e0fe4d0d45d5/gnocchi.35400a87-a081-46aa-bbfa-3f65629c86b0/none_v3" 201 - "PUT https://[::1]:8080/v1/AUTH_602f37ceccf647698ef9e0fe4d0d45d5/gnocchi.35400a87-a081-46aa-bbfa-3f65629c86b0/none_v3" "tx3862d042246e448dbace9-00692d0e65" "proxy-server 98624" 0.0152 "-" 97639 0
Nov 30 22:41:25 np0005540556.novalocal container-server[97342]: ::1 - - [01/Dec/2025:03:41:25 +0000] "PUT /1/14885/AUTH_602f37ceccf647698ef9e0fe4d0d45d5/gnocchi.35400a87-a081-46aa-bbfa-3f65629c86b0/none_v3" 201 - "PUT http://[::1]:8080/2/86890/AUTH_602f37ceccf647698ef9e0fe4d0d45d5/gnocchi.35400a87-a081-46aa-bbfa-3f65629c86b0/none_v3" "tx3862d042246e448dbace9-00692d0e65" "object-server 97639" 0.0009 "-" 97342 0
Nov 30 22:41:25 np0005540556.novalocal object-server[97639]: ::1 - - [01/Dec/2025:03:41:25 +0000] "PUT /2/86890/AUTH_602f37ceccf647698ef9e0fe4d0d45d5/gnocchi.35400a87-a081-46aa-bbfa-3f65629c86b0/none_v3" 201 - "PUT https://[::1]:8080/v1/AUTH_602f37ceccf647698ef9e0fe4d0d45d5/gnocchi.35400a87-a081-46aa-bbfa-3f65629c86b0/none_v3" "tx3862d042246e448dbace9-00692d0e65" "proxy-server 98624" 0.0177 "-" 97639 0
Nov 30 22:41:25 np0005540556.novalocal proxy-server[98624]: ::1 ::1 01/Dec/2025/03/41/25 PUT /v1/AUTH_602f37ceccf647698ef9e0fe4d0d45d5/gnocchi.35400a87-a081-46aa-bbfa-3f65629c86b0/none_v3 HTTP/1.0 201 - python-swiftclient-4.8.0 gAAAAABpLQ4-yMSf... 45 - - tx3862d042246e448dbace9-00692d0e65 - 0.0312 - - 1764560485.855675459 1764560485.886873960 0 3cd24aa0af114855987a490c7d44632d
Nov 30 22:41:25 np0005540556.novalocal object-server[97640]: ::1 - - [01/Dec/2025:03:41:25 +0000] "GET /1/69551/AUTH_602f37ceccf647698ef9e0fe4d0d45d5/gnocchi.649f0318-462b-4d66-a79b-6e0f25e01bd3/none_v3" 200 27 "GET https://[::1]:8080/v1/AUTH_602f37ceccf647698ef9e0fe4d0d45d5/gnocchi.649f0318-462b-4d66-a79b-6e0f25e01bd3/none_v3" "tx834bb950280044e296459-00692d0e65" "proxy-server 98624" 0.0006 "-" 97640 0
Nov 30 22:41:25 np0005540556.novalocal proxy-server[98624]: ::1 ::1 01/Dec/2025/03/41/25 GET /v1/AUTH_602f37ceccf647698ef9e0fe4d0d45d5/gnocchi.649f0318-462b-4d66-a79b-6e0f25e01bd3/none_v3 HTTP/1.0 200 - python-swiftclient-4.8.0 gAAAAABpLQ4-yMSf... - 27 - tx834bb950280044e296459-00692d0e65 - 0.0102 - - 1764560485.937381029 1764560485.947557688 0 3cd24aa0af114855987a490c7d44632d
Nov 30 22:41:25 np0005540556.novalocal container-server[97343]: ::1 - - [01/Dec/2025:03:41:25 +0000] "GET /1/17444/AUTH_602f37ceccf647698ef9e0fe4d0d45d5/gnocchi.649f0318-462b-4d66-a79b-6e0f25e01bd3" 200 357 "GET https://[::1]:8080/v1/AUTH_602f37ceccf647698ef9e0fe4d0d45d5/gnocchi.649f0318-462b-4d66-a79b-6e0f25e01bd3?format=json&states=listing" "tx4f70a5deba6e4f13963ab-00692d0e65" "proxy-server 98624" 0.0090 "-" 97343 0
Nov 30 22:41:25 np0005540556.novalocal proxy-server[98624]: ::1 ::1 01/Dec/2025/03/41/25 GET /v1/AUTH_602f37ceccf647698ef9e0fe4d0d45d5/gnocchi.649f0318-462b-4d66-a79b-6e0f25e01bd3%3Fformat%3Djson%26states%3Dlisting HTTP/1.0 200 - python-swiftclient-4.8.0 gAAAAABpLQ4-yMSf... - 357 - tx4f70a5deba6e4f13963ab-00692d0e65 - 0.0194 - - 1764560485.953273535 1764560485.972709656 0 3cd24aa0af114855987a490c7d44632d
Nov 30 22:41:25 np0005540556.novalocal container-server[97343]: ::1 - - [01/Dec/2025:03:41:25 +0000] "GET /1/17444/AUTH_602f37ceccf647698ef9e0fe4d0d45d5/gnocchi.649f0318-462b-4d66-a79b-6e0f25e01bd3" 200 2 "GET https://[::1]:8080/v1/AUTH_602f37ceccf647698ef9e0fe4d0d45d5/gnocchi.649f0318-462b-4d66-a79b-6e0f25e01bd3?format=json&marker=none_v3&states=listing" "tx98fd8fd98b7545ab9e5d9-00692d0e65" "proxy-server 98624" 0.0045 "-" 97343 0
Nov 30 22:41:25 np0005540556.novalocal proxy-server[98624]: ::1 ::1 01/Dec/2025/03/41/25 GET /v1/AUTH_602f37ceccf647698ef9e0fe4d0d45d5/gnocchi.649f0318-462b-4d66-a79b-6e0f25e01bd3%3Fformat%3Djson%26marker%3Dnone_v3%26states%3Dlisting HTTP/1.0 200 - python-swiftclient-4.8.0 gAAAAABpLQ4-yMSf... - 2 - tx98fd8fd98b7545ab9e5d9-00692d0e65 - 0.0140 - - 1764560485.975450277 1764560485.989407539 0 3cd24aa0af114855987a490c7d44632d
Nov 30 22:41:26 np0005540556.novalocal object-server[97640]: ::1 - - [01/Dec/2025:03:41:26 +0000] "GET /1/33621/AUTH_602f37ceccf647698ef9e0fe4d0d45d5/gnocchi.649f0318-462b-4d66-a79b-6e0f25e01bd3/1763640000.0_mean_300.0_v3" 200 16 "GET https://[::1]:8080/v1/AUTH_602f37ceccf647698ef9e0fe4d0d45d5/gnocchi.649f0318-462b-4d66-a79b-6e0f25e01bd3/1763640000.0_mean_300.0_v3" "tx8d5763260b794cf68ef13-00692d0e65" "proxy-server 98624" 0.0007 "-" 97640 0
Nov 30 22:41:26 np0005540556.novalocal proxy-server[98624]: ::1 ::1 01/Dec/2025/03/41/26 GET /v1/AUTH_602f37ceccf647698ef9e0fe4d0d45d5/gnocchi.649f0318-462b-4d66-a79b-6e0f25e01bd3/1763640000.0_mean_300.0_v3 HTTP/1.0 200 - python-swiftclient-4.8.0 gAAAAABpLQ4-yMSf... - 16 - tx8d5763260b794cf68ef13-00692d0e65 - 0.0109 - - 1764560485.994618654 1764560486.005555868 0 3cd24aa0af114855987a490c7d44632d
Nov 30 22:41:26 np0005540556.novalocal container-server[97343]: ::1 - - [01/Dec/2025:03:41:26 +0000] "PUT /2/17444/AUTH_602f37ceccf647698ef9e0fe4d0d45d5/gnocchi.649f0318-462b-4d66-a79b-6e0f25e01bd3/1763640000.0_mean_300.0_v3" 201 - "PUT http://[::1]:8080/3/33621/AUTH_602f37ceccf647698ef9e0fe4d0d45d5/gnocchi.649f0318-462b-4d66-a79b-6e0f25e01bd3/1763640000.0_mean_300.0_v3" "txa5355d8075e54425b9a2a-00692d0e66" "object-server 97640" 0.0008 "-" 97343 0
Nov 30 22:41:26 np0005540556.novalocal object-server[97640]: ::1 - - [01/Dec/2025:03:41:26 +0000] "PUT /3/33621/AUTH_602f37ceccf647698ef9e0fe4d0d45d5/gnocchi.649f0318-462b-4d66-a79b-6e0f25e01bd3/1763640000.0_mean_300.0_v3" 201 - "PUT https://[::1]:8080/v1/AUTH_602f37ceccf647698ef9e0fe4d0d45d5/gnocchi.649f0318-462b-4d66-a79b-6e0f25e01bd3/1763640000.0_mean_300.0_v3" "txa5355d8075e54425b9a2a-00692d0e66" "proxy-server 98624" 0.0146 "-" 97640 0
Nov 30 22:41:26 np0005540556.novalocal container-server[97343]: ::1 - - [01/Dec/2025:03:41:26 +0000] "PUT /1/17444/AUTH_602f37ceccf647698ef9e0fe4d0d45d5/gnocchi.649f0318-462b-4d66-a79b-6e0f25e01bd3/1763640000.0_mean_300.0_v3" 201 - "PUT http://[::1]:8080/2/33621/AUTH_602f37ceccf647698ef9e0fe4d0d45d5/gnocchi.649f0318-462b-4d66-a79b-6e0f25e01bd3/1763640000.0_mean_300.0_v3" "txa5355d8075e54425b9a2a-00692d0e66" "object-server 97639" 0.0006 "-" 97343 0
Nov 30 22:41:26 np0005540556.novalocal object-server[97639]: ::1 - - [01/Dec/2025:03:41:26 +0000] "PUT /2/33621/AUTH_602f37ceccf647698ef9e0fe4d0d45d5/gnocchi.649f0318-462b-4d66-a79b-6e0f25e01bd3/1763640000.0_mean_300.0_v3" 201 - "PUT https://[::1]:8080/v1/AUTH_602f37ceccf647698ef9e0fe4d0d45d5/gnocchi.649f0318-462b-4d66-a79b-6e0f25e01bd3/1763640000.0_mean_300.0_v3" "txa5355d8075e54425b9a2a-00692d0e66" "proxy-server 98624" 0.0173 "-" 97639 0
Nov 30 22:41:26 np0005540556.novalocal container-server[97343]: ::1 - - [01/Dec/2025:03:41:26 +0000] "PUT /3/17444/AUTH_602f37ceccf647698ef9e0fe4d0d45d5/gnocchi.649f0318-462b-4d66-a79b-6e0f25e01bd3/1763640000.0_mean_300.0_v3" 201 - "PUT http://[::1]:8080/1/33621/AUTH_602f37ceccf647698ef9e0fe4d0d45d5/gnocchi.649f0318-462b-4d66-a79b-6e0f25e01bd3/1763640000.0_mean_300.0_v3" "txa5355d8075e54425b9a2a-00692d0e66" "object-server 97639" 0.0006 "-" 97343 0
Nov 30 22:41:26 np0005540556.novalocal object-server[97639]: ::1 - - [01/Dec/2025:03:41:26 +0000] "PUT /1/33621/AUTH_602f37ceccf647698ef9e0fe4d0d45d5/gnocchi.649f0318-462b-4d66-a79b-6e0f25e01bd3/1763640000.0_mean_300.0_v3" 201 - "PUT https://[::1]:8080/v1/AUTH_602f37ceccf647698ef9e0fe4d0d45d5/gnocchi.649f0318-462b-4d66-a79b-6e0f25e01bd3/1763640000.0_mean_300.0_v3" "txa5355d8075e54425b9a2a-00692d0e66" "proxy-server 98624" 0.0197 "-" 97639 0
Nov 30 22:41:26 np0005540556.novalocal proxy-server[98624]: ::1 ::1 01/Dec/2025/03/41/26 PUT /v1/AUTH_602f37ceccf647698ef9e0fe4d0d45d5/gnocchi.649f0318-462b-4d66-a79b-6e0f25e01bd3/1763640000.0_mean_300.0_v3 HTTP/1.0 201 - python-swiftclient-4.8.0 gAAAAABpLQ4-yMSf... 16 - - txa5355d8075e54425b9a2a-00692d0e66 - 0.0365 - - 1764560486.008832455 1764560486.045361042 0 3cd24aa0af114855987a490c7d44632d
Nov 30 22:41:26 np0005540556.novalocal container-server[97342]: ::1 - - [01/Dec/2025:03:41:26 +0000] "PUT /2/17444/AUTH_602f37ceccf647698ef9e0fe4d0d45d5/gnocchi.649f0318-462b-4d66-a79b-6e0f25e01bd3/none_v3" 201 - "PUT http://[::1]:8080/2/69551/AUTH_602f37ceccf647698ef9e0fe4d0d45d5/gnocchi.649f0318-462b-4d66-a79b-6e0f25e01bd3/none_v3" "tx410f0cb03459463ebdd44-00692d0e66" "object-server 97640" 0.0006 "-" 97342 0
Nov 30 22:41:26 np0005540556.novalocal object-server[97640]: ::1 - - [01/Dec/2025:03:41:26 +0000] "PUT /2/69551/AUTH_602f37ceccf647698ef9e0fe4d0d45d5/gnocchi.649f0318-462b-4d66-a79b-6e0f25e01bd3/none_v3" 201 - "PUT https://[::1]:8080/v1/AUTH_602f37ceccf647698ef9e0fe4d0d45d5/gnocchi.649f0318-462b-4d66-a79b-6e0f25e01bd3/none_v3" "tx410f0cb03459463ebdd44-00692d0e66" "proxy-server 98624" 0.0120 "-" 97640 0
Nov 30 22:41:26 np0005540556.novalocal container-server[97343]: ::1 - - [01/Dec/2025:03:41:26 +0000] "PUT /3/17444/AUTH_602f37ceccf647698ef9e0fe4d0d45d5/gnocchi.649f0318-462b-4d66-a79b-6e0f25e01bd3/none_v3" 201 - "PUT http://[::1]:8080/1/69551/AUTH_602f37ceccf647698ef9e0fe4d0d45d5/gnocchi.649f0318-462b-4d66-a79b-6e0f25e01bd3/none_v3" "tx410f0cb03459463ebdd44-00692d0e66" "object-server 97639" 0.0008 "-" 97343 0
Nov 30 22:41:26 np0005540556.novalocal object-server[97639]: ::1 - - [01/Dec/2025:03:41:26 +0000] "PUT /1/69551/AUTH_602f37ceccf647698ef9e0fe4d0d45d5/gnocchi.649f0318-462b-4d66-a79b-6e0f25e01bd3/none_v3" 201 - "PUT https://[::1]:8080/v1/AUTH_602f37ceccf647698ef9e0fe4d0d45d5/gnocchi.649f0318-462b-4d66-a79b-6e0f25e01bd3/none_v3" "tx410f0cb03459463ebdd44-00692d0e66" "proxy-server 98624" 0.0144 "-" 97639 0
Nov 30 22:41:26 np0005540556.novalocal container-server[97343]: ::1 - - [01/Dec/2025:03:41:26 +0000] "PUT /1/17444/AUTH_602f37ceccf647698ef9e0fe4d0d45d5/gnocchi.649f0318-462b-4d66-a79b-6e0f25e01bd3/none_v3" 201 - "PUT http://[::1]:8080/3/69551/AUTH_602f37ceccf647698ef9e0fe4d0d45d5/gnocchi.649f0318-462b-4d66-a79b-6e0f25e01bd3/none_v3" "tx410f0cb03459463ebdd44-00692d0e66" "object-server 97639" 0.0009 "-" 97343 0
Nov 30 22:41:26 np0005540556.novalocal object-server[97639]: ::1 - - [01/Dec/2025:03:41:26 +0000] "PUT /3/69551/AUTH_602f37ceccf647698ef9e0fe4d0d45d5/gnocchi.649f0318-462b-4d66-a79b-6e0f25e01bd3/none_v3" 201 - "PUT https://[::1]:8080/v1/AUTH_602f37ceccf647698ef9e0fe4d0d45d5/gnocchi.649f0318-462b-4d66-a79b-6e0f25e01bd3/none_v3" "tx410f0cb03459463ebdd44-00692d0e66" "proxy-server 98624" 0.0259 "-" 97639 0
Nov 30 22:41:26 np0005540556.novalocal proxy-server[98624]: ::1 ::1 01/Dec/2025/03/41/26 PUT /v1/AUTH_602f37ceccf647698ef9e0fe4d0d45d5/gnocchi.649f0318-462b-4d66-a79b-6e0f25e01bd3/none_v3 HTTP/1.0 201 - python-swiftclient-4.8.0 gAAAAABpLQ4-yMSf... 36 - - tx410f0cb03459463ebdd44-00692d0e66 - 0.0435 - - 1764560486.053009510 1764560486.096521139 0 3cd24aa0af114855987a490c7d44632d
Nov 30 22:41:26 np0005540556.novalocal object-server[97640]: ::1 - - [01/Dec/2025:03:41:26 +0000] "GET /2/199764/AUTH_602f37ceccf647698ef9e0fe4d0d45d5/gnocchi.1852c118-2266-4e64-9e58-325ffa510756/none_v3" 200 31 "GET https://[::1]:8080/v1/AUTH_602f37ceccf647698ef9e0fe4d0d45d5/gnocchi.1852c118-2266-4e64-9e58-325ffa510756/none_v3" "tx1b3655527e47465c8f654-00692d0e66" "proxy-server 98624" 0.0006 "-" 97640 0
Nov 30 22:41:26 np0005540556.novalocal proxy-server[98624]: ::1 ::1 01/Dec/2025/03/41/26 GET /v1/AUTH_602f37ceccf647698ef9e0fe4d0d45d5/gnocchi.1852c118-2266-4e64-9e58-325ffa510756/none_v3 HTTP/1.0 200 - python-swiftclient-4.8.0 gAAAAABpLQ4-yMSf... - 31 - tx1b3655527e47465c8f654-00692d0e66 - 0.0096 - - 1764560486.109500647 1764560486.119101763 0 3cd24aa0af114855987a490c7d44632d
Nov 30 22:41:26 np0005540556.novalocal container-server[97343]: ::1 - - [01/Dec/2025:03:41:26 +0000] "GET /3/185411/AUTH_602f37ceccf647698ef9e0fe4d0d45d5/gnocchi.1852c118-2266-4e64-9e58-325ffa510756" 200 357 "GET https://[::1]:8080/v1/AUTH_602f37ceccf647698ef9e0fe4d0d45d5/gnocchi.1852c118-2266-4e64-9e58-325ffa510756?format=json&states=listing" "txfc86bf5dee4b4392a1afb-00692d0e66" "proxy-server 98624" 0.0112 "-" 97343 0
Nov 30 22:41:26 np0005540556.novalocal proxy-server[98624]: ::1 ::1 01/Dec/2025/03/41/26 GET /v1/AUTH_602f37ceccf647698ef9e0fe4d0d45d5/gnocchi.1852c118-2266-4e64-9e58-325ffa510756%3Fformat%3Djson%26states%3Dlisting HTTP/1.0 200 - python-swiftclient-4.8.0 gAAAAABpLQ4-yMSf... - 357 - txfc86bf5dee4b4392a1afb-00692d0e66 - 0.0195 - - 1764560486.122998238 1764560486.142493725 0 3cd24aa0af114855987a490c7d44632d
Nov 30 22:41:26 np0005540556.novalocal container-server[97343]: ::1 - - [01/Dec/2025:03:41:26 +0000] "GET /3/185411/AUTH_602f37ceccf647698ef9e0fe4d0d45d5/gnocchi.1852c118-2266-4e64-9e58-325ffa510756" 200 2 "GET https://[::1]:8080/v1/AUTH_602f37ceccf647698ef9e0fe4d0d45d5/gnocchi.1852c118-2266-4e64-9e58-325ffa510756?format=json&marker=none_v3&states=listing" "txd32a4aa20c864bc3b087e-00692d0e66" "proxy-server 98624" 0.0035 "-" 97343 0
Nov 30 22:41:26 np0005540556.novalocal proxy-server[98624]: ::1 ::1 01/Dec/2025/03/41/26 GET /v1/AUTH_602f37ceccf647698ef9e0fe4d0d45d5/gnocchi.1852c118-2266-4e64-9e58-325ffa510756%3Fformat%3Djson%26marker%3Dnone_v3%26states%3Dlisting HTTP/1.0 200 - python-swiftclient-4.8.0 gAAAAABpLQ4-yMSf... - 2 - txd32a4aa20c864bc3b087e-00692d0e66 - 0.0105 - - 1764560486.144588947 1764560486.155101538 0 3cd24aa0af114855987a490c7d44632d
Nov 30 22:41:26 np0005540556.novalocal object-server[97639]: ::1 - - [01/Dec/2025:03:41:26 +0000] "GET /3/98999/AUTH_602f37ceccf647698ef9e0fe4d0d45d5/gnocchi.1852c118-2266-4e64-9e58-325ffa510756/1763640000.0_mean_300.0_v3" 200 16 "GET https://[::1]:8080/v1/AUTH_602f37ceccf647698ef9e0fe4d0d45d5/gnocchi.1852c118-2266-4e64-9e58-325ffa510756/1763640000.0_mean_300.0_v3" "tx6aedceff7ee04950a747a-00692d0e66" "proxy-server 98624" 0.0010 "-" 97639 0
Nov 30 22:41:26 np0005540556.novalocal proxy-server[98624]: ::1 ::1 01/Dec/2025/03/41/26 GET /v1/AUTH_602f37ceccf647698ef9e0fe4d0d45d5/gnocchi.1852c118-2266-4e64-9e58-325ffa510756/1763640000.0_mean_300.0_v3 HTTP/1.0 200 - python-swiftclient-4.8.0 gAAAAABpLQ4-yMSf... - 16 - tx6aedceff7ee04950a747a-00692d0e66 - 0.0077 - - 1764560486.158287525 1764560486.165971756 0 3cd24aa0af114855987a490c7d44632d
Nov 30 22:41:26 np0005540556.novalocal container-server[97343]: ::1 - - [01/Dec/2025:03:41:26 +0000] "PUT /1/185411/AUTH_602f37ceccf647698ef9e0fe4d0d45d5/gnocchi.1852c118-2266-4e64-9e58-325ffa510756/1763640000.0_mean_300.0_v3" 201 - "PUT http://[::1]:8080/2/98999/AUTH_602f37ceccf647698ef9e0fe4d0d45d5/gnocchi.1852c118-2266-4e64-9e58-325ffa510756/1763640000.0_mean_300.0_v3" "tx928f9653e2e842749eee5-00692d0e66" "object-server 97640" 0.0008 "-" 97343 0
Nov 30 22:41:26 np0005540556.novalocal object-server[97640]: ::1 - - [01/Dec/2025:03:41:26 +0000] "PUT /2/98999/AUTH_602f37ceccf647698ef9e0fe4d0d45d5/gnocchi.1852c118-2266-4e64-9e58-325ffa510756/1763640000.0_mean_300.0_v3" 201 - "PUT https://[::1]:8080/v1/AUTH_602f37ceccf647698ef9e0fe4d0d45d5/gnocchi.1852c118-2266-4e64-9e58-325ffa510756/1763640000.0_mean_300.0_v3" "tx928f9653e2e842749eee5-00692d0e66" "proxy-server 98624" 0.0113 "-" 97640 0
Nov 30 22:41:26 np0005540556.novalocal container-server[97343]: ::1 - - [01/Dec/2025:03:41:26 +0000] "PUT /2/185411/AUTH_602f37ceccf647698ef9e0fe4d0d45d5/gnocchi.1852c118-2266-4e64-9e58-325ffa510756/1763640000.0_mean_300.0_v3" 201 - "PUT http://[::1]:8080/3/98999/AUTH_602f37ceccf647698ef9e0fe4d0d45d5/gnocchi.1852c118-2266-4e64-9e58-325ffa510756/1763640000.0_mean_300.0_v3" "tx928f9653e2e842749eee5-00692d0e66" "object-server 97639" 0.0005 "-" 97343 0
Nov 30 22:41:26 np0005540556.novalocal object-server[97639]: ::1 - - [01/Dec/2025:03:41:26 +0000] "PUT /3/98999/AUTH_602f37ceccf647698ef9e0fe4d0d45d5/gnocchi.1852c118-2266-4e64-9e58-325ffa510756/1763640000.0_mean_300.0_v3" 201 - "PUT https://[::1]:8080/v1/AUTH_602f37ceccf647698ef9e0fe4d0d45d5/gnocchi.1852c118-2266-4e64-9e58-325ffa510756/1763640000.0_mean_300.0_v3" "tx928f9653e2e842749eee5-00692d0e66" "proxy-server 98624" 0.0135 "-" 97639 0
Nov 30 22:41:26 np0005540556.novalocal container-server[97342]: ::1 - - [01/Dec/2025:03:41:26 +0000] "PUT /3/185411/AUTH_602f37ceccf647698ef9e0fe4d0d45d5/gnocchi.1852c118-2266-4e64-9e58-325ffa510756/1763640000.0_mean_300.0_v3" 201 - "PUT http://[::1]:8080/1/98999/AUTH_602f37ceccf647698ef9e0fe4d0d45d5/gnocchi.1852c118-2266-4e64-9e58-325ffa510756/1763640000.0_mean_300.0_v3" "tx928f9653e2e842749eee5-00692d0e66" "object-server 97639" 0.0010 "-" 97342 0
Nov 30 22:41:26 np0005540556.novalocal object-server[97639]: ::1 - - [01/Dec/2025:03:41:26 +0000] "PUT /1/98999/AUTH_602f37ceccf647698ef9e0fe4d0d45d5/gnocchi.1852c118-2266-4e64-9e58-325ffa510756/1763640000.0_mean_300.0_v3" 201 - "PUT https://[::1]:8080/v1/AUTH_602f37ceccf647698ef9e0fe4d0d45d5/gnocchi.1852c118-2266-4e64-9e58-325ffa510756/1763640000.0_mean_300.0_v3" "tx928f9653e2e842749eee5-00692d0e66" "proxy-server 98624" 0.0193 "-" 97639 0
Nov 30 22:41:26 np0005540556.novalocal proxy-server[98624]: ::1 ::1 01/Dec/2025/03/41/26 PUT /v1/AUTH_602f37ceccf647698ef9e0fe4d0d45d5/gnocchi.1852c118-2266-4e64-9e58-325ffa510756/1763640000.0_mean_300.0_v3 HTTP/1.0 201 - python-swiftclient-4.8.0 gAAAAABpLQ4-yMSf... 16 - - tx928f9653e2e842749eee5-00692d0e66 - 0.0299 - - 1764560486.168515444 1764560486.198431492 0 3cd24aa0af114855987a490c7d44632d
Nov 30 22:41:26 np0005540556.novalocal container-server[97342]: ::1 - - [01/Dec/2025:03:41:26 +0000] "PUT /1/185411/AUTH_602f37ceccf647698ef9e0fe4d0d45d5/gnocchi.1852c118-2266-4e64-9e58-325ffa510756/none_v3" 201 - "PUT http://[::1]:8080/3/199764/AUTH_602f37ceccf647698ef9e0fe4d0d45d5/gnocchi.1852c118-2266-4e64-9e58-325ffa510756/none_v3" "tx70ffb98ff74348daa8f31-00692d0e66" "object-server 97639" 0.0009 "-" 97342 0
Nov 30 22:41:26 np0005540556.novalocal object-server[97639]: ::1 - - [01/Dec/2025:03:41:26 +0000] "PUT /3/199764/AUTH_602f37ceccf647698ef9e0fe4d0d45d5/gnocchi.1852c118-2266-4e64-9e58-325ffa510756/none_v3" 201 - "PUT https://[::1]:8080/v1/AUTH_602f37ceccf647698ef9e0fe4d0d45d5/gnocchi.1852c118-2266-4e64-9e58-325ffa510756/none_v3" "tx70ffb98ff74348daa8f31-00692d0e66" "proxy-server 98624" 0.0193 "-" 97639 0
Nov 30 22:41:26 np0005540556.novalocal container-server[97342]: ::1 - - [01/Dec/2025:03:41:26 +0000] "PUT /3/185411/AUTH_602f37ceccf647698ef9e0fe4d0d45d5/gnocchi.1852c118-2266-4e64-9e58-325ffa510756/none_v3" 201 - "PUT http://[::1]:8080/2/199764/AUTH_602f37ceccf647698ef9e0fe4d0d45d5/gnocchi.1852c118-2266-4e64-9e58-325ffa510756/none_v3" "tx70ffb98ff74348daa8f31-00692d0e66" "object-server 97640" 0.0007 "-" 97342 0
Nov 30 22:41:26 np0005540556.novalocal object-server[97640]: ::1 - - [01/Dec/2025:03:41:26 +0000] "PUT /2/199764/AUTH_602f37ceccf647698ef9e0fe4d0d45d5/gnocchi.1852c118-2266-4e64-9e58-325ffa510756/none_v3" 201 - "PUT https://[::1]:8080/v1/AUTH_602f37ceccf647698ef9e0fe4d0d45d5/gnocchi.1852c118-2266-4e64-9e58-325ffa510756/none_v3" "tx70ffb98ff74348daa8f31-00692d0e66" "proxy-server 98624" 0.0205 "-" 97640 0
Nov 30 22:41:26 np0005540556.novalocal container-server[97342]: ::1 - - [01/Dec/2025:03:41:26 +0000] "PUT /2/185411/AUTH_602f37ceccf647698ef9e0fe4d0d45d5/gnocchi.1852c118-2266-4e64-9e58-325ffa510756/none_v3" 201 - "PUT http://[::1]:8080/1/199764/AUTH_602f37ceccf647698ef9e0fe4d0d45d5/gnocchi.1852c118-2266-4e64-9e58-325ffa510756/none_v3" "tx70ffb98ff74348daa8f31-00692d0e66" "object-server 97639" 0.0007 "-" 97342 0
Nov 30 22:41:26 np0005540556.novalocal object-server[97639]: ::1 - - [01/Dec/2025:03:41:26 +0000] "PUT /1/199764/AUTH_602f37ceccf647698ef9e0fe4d0d45d5/gnocchi.1852c118-2266-4e64-9e58-325ffa510756/none_v3" 201 - "PUT https://[::1]:8080/v1/AUTH_602f37ceccf647698ef9e0fe4d0d45d5/gnocchi.1852c118-2266-4e64-9e58-325ffa510756/none_v3" "tx70ffb98ff74348daa8f31-00692d0e66" "proxy-server 98624" 0.0217 "-" 97639 0
Nov 30 22:41:26 np0005540556.novalocal proxy-server[98624]: ::1 ::1 01/Dec/2025/03/41/26 PUT /v1/AUTH_602f37ceccf647698ef9e0fe4d0d45d5/gnocchi.1852c118-2266-4e64-9e58-325ffa510756/none_v3 HTTP/1.0 201 - python-swiftclient-4.8.0 gAAAAABpLQ4-yMSf... 43 - - tx70ffb98ff74348daa8f31-00692d0e66 - 0.0316 - - 1764560486.201301336 1764560486.232872963 0 3cd24aa0af114855987a490c7d44632d
