Nov 30 22:41:44 np0005540556.novalocal proxy-server[98624]: ::1 ::1 01/Dec/2025/03/41/44 PUT /v1/AUTH_602f37ceccf647698ef9e0fe4d0d45d5/gnocchi.1852c118-2266-4e64-9e58-325ffa510756/1763640000.0_mean_300.0_v3 HTTP/1.0 201 - python-swiftclient-4.8.0 gAAAAABpLQ4jjy8F... 16 - - tx488aac47f5f64daa96454-00692d0e78 - 0.0366 - - 1764560504.225884438 1764560504.262491941 0 3cd24aa0af114855987a490c7d44632d
Nov 30 22:41:44 np0005540556.novalocal container-server[97342]: ::1 - - [01/Dec/2025:03:41:44 +0000] "PUT /2/185411/AUTH_602f37ceccf647698ef9e0fe4d0d45d5/gnocchi.1852c118-2266-4e64-9e58-325ffa510756/none_v3" 201 - "PUT http://[::1]:8080/2/199764/AUTH_602f37ceccf647698ef9e0fe4d0d45d5/gnocchi.1852c118-2266-4e64-9e58-325ffa510756/none_v3" "txdc0f1a8caf3c432cb029d-00692d0e78" "object-server 97640" 0.0005 "-" 97342 0
Nov 30 22:41:44 np0005540556.novalocal object-server[97640]: ::1 - - [01/Dec/2025:03:41:44 +0000] "PUT /2/199764/AUTH_602f37ceccf647698ef9e0fe4d0d45d5/gnocchi.1852c118-2266-4e64-9e58-325ffa510756/none_v3" 201 - "PUT https://[::1]:8080/v1/AUTH_602f37ceccf647698ef9e0fe4d0d45d5/gnocchi.1852c118-2266-4e64-9e58-325ffa510756/none_v3" "txdc0f1a8caf3c432cb029d-00692d0e78" "proxy-server 98624" 0.0135 "-" 97640 0
Nov 30 22:41:44 np0005540556.novalocal container-server[97343]: ::1 - - [01/Dec/2025:03:41:44 +0000] "PUT /3/185411/AUTH_602f37ceccf647698ef9e0fe4d0d45d5/gnocchi.1852c118-2266-4e64-9e58-325ffa510756/none_v3" 201 - "PUT http://[::1]:8080/3/199764/AUTH_602f37ceccf647698ef9e0fe4d0d45d5/gnocchi.1852c118-2266-4e64-9e58-325ffa510756/none_v3" "txdc0f1a8caf3c432cb029d-00692d0e78" "object-server 97639" 0.0008 "-" 97343 0
Nov 30 22:41:44 np0005540556.novalocal object-server[97639]: ::1 - - [01/Dec/2025:03:41:44 +0000] "PUT /3/199764/AUTH_602f37ceccf647698ef9e0fe4d0d45d5/gnocchi.1852c118-2266-4e64-9e58-325ffa510756/none_v3" 201 - "PUT https://[::1]:8080/v1/AUTH_602f37ceccf647698ef9e0fe4d0d45d5/gnocchi.1852c118-2266-4e64-9e58-325ffa510756/none_v3" "txdc0f1a8caf3c432cb029d-00692d0e78" "proxy-server 98624" 0.0157 "-" 97639 0
Nov 30 22:41:44 np0005540556.novalocal container-server[97343]: ::1 - - [01/Dec/2025:03:41:44 +0000] "PUT /1/185411/AUTH_602f37ceccf647698ef9e0fe4d0d45d5/gnocchi.1852c118-2266-4e64-9e58-325ffa510756/none_v3" 201 - "PUT http://[::1]:8080/1/199764/AUTH_602f37ceccf647698ef9e0fe4d0d45d5/gnocchi.1852c118-2266-4e64-9e58-325ffa510756/none_v3" "txdc0f1a8caf3c432cb029d-00692d0e78" "object-server 97639" 0.0006 "-" 97343 0
Nov 30 22:41:44 np0005540556.novalocal object-server[97639]: ::1 - - [01/Dec/2025:03:41:44 +0000] "PUT /1/199764/AUTH_602f37ceccf647698ef9e0fe4d0d45d5/gnocchi.1852c118-2266-4e64-9e58-325ffa510756/none_v3" 201 - "PUT https://[::1]:8080/v1/AUTH_602f37ceccf647698ef9e0fe4d0d45d5/gnocchi.1852c118-2266-4e64-9e58-325ffa510756/none_v3" "txdc0f1a8caf3c432cb029d-00692d0e78" "proxy-server 98624" 0.0146 "-" 97639 0
Nov 30 22:41:44 np0005540556.novalocal proxy-server[98624]: ::1 ::1 01/Dec/2025/03/41/44 PUT /v1/AUTH_602f37ceccf647698ef9e0fe4d0d45d5/gnocchi.1852c118-2266-4e64-9e58-325ffa510756/none_v3 HTTP/1.0 201 - python-swiftclient-4.8.0 gAAAAABpLQ4jjy8F... 60 - - txdc0f1a8caf3c432cb029d-00692d0e78 - 0.0305 - - 1764560504.267249346 1764560504.297723055 0 3cd24aa0af114855987a490c7d44632d
Nov 30 22:41:44 np0005540556.novalocal object-server[97639]: ::1 - - [01/Dec/2025:03:41:44 +0000] "GET /1/226423/AUTH_602f37ceccf647698ef9e0fe4d0d45d5/gnocchi.d2db96b5-a990-40f8-bc11-d0e3da7d54da/none_v3" 200 27 "GET https://[::1]:8080/v1/AUTH_602f37ceccf647698ef9e0fe4d0d45d5/gnocchi.d2db96b5-a990-40f8-bc11-d0e3da7d54da/none_v3" "tx1beb56bd9589488496b9f-00692d0e78" "proxy-server 98624" 0.0015 "-" 97639 0
Nov 30 22:41:44 np0005540556.novalocal proxy-server[98624]: ::1 ::1 01/Dec/2025/03/41/44 GET /v1/AUTH_602f37ceccf647698ef9e0fe4d0d45d5/gnocchi.d2db96b5-a990-40f8-bc11-d0e3da7d54da/none_v3 HTTP/1.0 200 - python-swiftclient-4.8.0 gAAAAABpLQ4jjy8F... - 27 - tx1beb56bd9589488496b9f-00692d0e78 - 0.0114 - - 1764560504.317061901 1764560504.328472614 0 3cd24aa0af114855987a490c7d44632d
Nov 30 22:41:44 np0005540556.novalocal object-server[97640]: ::1 - - [01/Dec/2025:03:41:44 +0000] "GET /2/95914/AUTH_602f37ceccf647698ef9e0fe4d0d45d5/gnocchi.d6b60cfe-8b9a-4531-bfc5-8e2dcd83385a/none_v3" 200 32 "GET https://[::1]:8080/v1/AUTH_602f37ceccf647698ef9e0fe4d0d45d5/gnocchi.d6b60cfe-8b9a-4531-bfc5-8e2dcd83385a/none_v3" "txe260874fb13c44d2a7d95-00692d0e78" "proxy-server 98624" 0.0012 "-" 97640 0
Nov 30 22:41:44 np0005540556.novalocal proxy-server[98624]: ::1 ::1 01/Dec/2025/03/41/44 GET /v1/AUTH_602f37ceccf647698ef9e0fe4d0d45d5/gnocchi.d6b60cfe-8b9a-4531-bfc5-8e2dcd83385a/none_v3 HTTP/1.0 200 - python-swiftclient-4.8.0 gAAAAABpLQ4jjy8F... - 32 - txe260874fb13c44d2a7d95-00692d0e78 - 0.0103 - - 1764560504.332088232 1764560504.342411995 0 3cd24aa0af114855987a490c7d44632d
Nov 30 22:41:44 np0005540556.novalocal container-server[97342]: ::1 - - [01/Dec/2025:03:41:44 +0000] "GET /3/62345/AUTH_602f37ceccf647698ef9e0fe4d0d45d5/gnocchi.d2db96b5-a990-40f8-bc11-d0e3da7d54da" 200 357 "GET https://[::1]:8080/v1/AUTH_602f37ceccf647698ef9e0fe4d0d45d5/gnocchi.d2db96b5-a990-40f8-bc11-d0e3da7d54da?format=json&states=listing" "tx037735ff4ea34b68bd047-00692d0e78" "proxy-server 98624" 0.0106 "-" 97342 0
Nov 30 22:41:44 np0005540556.novalocal proxy-server[98624]: ::1 ::1 01/Dec/2025/03/41/44 GET /v1/AUTH_602f37ceccf647698ef9e0fe4d0d45d5/gnocchi.d2db96b5-a990-40f8-bc11-d0e3da7d54da%3Fformat%3Djson%26states%3Dlisting HTTP/1.0 200 - python-swiftclient-4.8.0 gAAAAABpLQ4jjy8F... - 357 - tx037735ff4ea34b68bd047-00692d0e78 - 0.0245 - - 1764560504.347079754 1764560504.371558189 0 3cd24aa0af114855987a490c7d44632d
Nov 30 22:41:44 np0005540556.novalocal container-server[97343]: ::1 - - [01/Dec/2025:03:41:44 +0000] "GET /2/62345/AUTH_602f37ceccf647698ef9e0fe4d0d45d5/gnocchi.d2db96b5-a990-40f8-bc11-d0e3da7d54da" 200 2 "GET https://[::1]:8080/v1/AUTH_602f37ceccf647698ef9e0fe4d0d45d5/gnocchi.d2db96b5-a990-40f8-bc11-d0e3da7d54da?format=json&marker=none_v3&states=listing" "tx3682825eef344285a9fb0-00692d0e78" "proxy-server 98624" 0.0095 "-" 97343 0
Nov 30 22:41:44 np0005540556.novalocal proxy-server[98624]: ::1 ::1 01/Dec/2025/03/41/44 GET /v1/AUTH_602f37ceccf647698ef9e0fe4d0d45d5/gnocchi.d2db96b5-a990-40f8-bc11-d0e3da7d54da%3Fformat%3Djson%26marker%3Dnone_v3%26states%3Dlisting HTTP/1.0 200 - python-swiftclient-4.8.0 gAAAAABpLQ4jjy8F... - 2 - tx3682825eef344285a9fb0-00692d0e78 - 0.0194 - - 1764560504.375113010 1764560504.394547462 0 3cd24aa0af114855987a490c7d44632d
Nov 30 22:41:44 np0005540556.novalocal container-server[97343]: ::1 - - [01/Dec/2025:03:41:44 +0000] "GET /2/106111/AUTH_602f37ceccf647698ef9e0fe4d0d45d5/gnocchi.d6b60cfe-8b9a-4531-bfc5-8e2dcd83385a" 200 357 "GET https://[::1]:8080/v1/AUTH_602f37ceccf647698ef9e0fe4d0d45d5/gnocchi.d6b60cfe-8b9a-4531-bfc5-8e2dcd83385a?format=json&states=listing" "txe9ca899ecf404e9482fe2-00692d0e78" "proxy-server 98624" 0.0099 "-" 97343 0
Nov 30 22:41:44 np0005540556.novalocal proxy-server[98624]: ::1 ::1 01/Dec/2025/03/41/44 GET /v1/AUTH_602f37ceccf647698ef9e0fe4d0d45d5/gnocchi.d6b60cfe-8b9a-4531-bfc5-8e2dcd83385a%3Fformat%3Djson%26states%3Dlisting HTTP/1.0 200 - python-swiftclient-4.8.0 gAAAAABpLQ4jjy8F... - 357 - txe9ca899ecf404e9482fe2-00692d0e78 - 0.0181 - - 1764560504.399487495 1764560504.417602301 0 3cd24aa0af114855987a490c7d44632d
Nov 30 22:41:44 np0005540556.novalocal container-server[97343]: ::1 - - [01/Dec/2025:03:41:44 +0000] "GET /2/106111/AUTH_602f37ceccf647698ef9e0fe4d0d45d5/gnocchi.d6b60cfe-8b9a-4531-bfc5-8e2dcd83385a" 200 2 "GET https://[::1]:8080/v1/AUTH_602f37ceccf647698ef9e0fe4d0d45d5/gnocchi.d6b60cfe-8b9a-4531-bfc5-8e2dcd83385a?format=json&marker=none_v3&states=listing" "tx30e8c449f168491a96a9f-00692d0e78" "proxy-server 98624" 0.0033 "-" 97343 0
Nov 30 22:41:44 np0005540556.novalocal proxy-server[98624]: ::1 ::1 01/Dec/2025/03/41/44 GET /v1/AUTH_602f37ceccf647698ef9e0fe4d0d45d5/gnocchi.d6b60cfe-8b9a-4531-bfc5-8e2dcd83385a%3Fformat%3Djson%26marker%3Dnone_v3%26states%3Dlisting HTTP/1.0 200 - python-swiftclient-4.8.0 gAAAAABpLQ4jjy8F... - 2 - tx30e8c449f168491a96a9f-00692d0e78 - 0.0117 - - 1764560504.419699669 1764560504.431365967 0 3cd24aa0af114855987a490c7d44632d
Nov 30 22:41:44 np0005540556.novalocal object-server[97639]: ::1 - - [01/Dec/2025:03:41:44 +0000] "GET /3/114229/AUTH_602f37ceccf647698ef9e0fe4d0d45d5/gnocchi.d2db96b5-a990-40f8-bc11-d0e3da7d54da/1763640000.0_mean_300.0_v3" 200 16 "GET https://[::1]:8080/v1/AUTH_602f37ceccf647698ef9e0fe4d0d45d5/gnocchi.d2db96b5-a990-40f8-bc11-d0e3da7d54da/1763640000.0_mean_300.0_v3" "txfb7022e723d04d83b86a9-00692d0e78" "proxy-server 98624" 0.0009 "-" 97639 0
Nov 30 22:41:44 np0005540556.novalocal proxy-server[98624]: ::1 ::1 01/Dec/2025/03/41/44 GET /v1/AUTH_602f37ceccf647698ef9e0fe4d0d45d5/gnocchi.d2db96b5-a990-40f8-bc11-d0e3da7d54da/1763640000.0_mean_300.0_v3 HTTP/1.0 200 - python-swiftclient-4.8.0 gAAAAABpLQ4jjy8F... - 16 - txfb7022e723d04d83b86a9-00692d0e78 - 0.0078 - - 1764560504.433946609 1764560504.441742897 0 3cd24aa0af114855987a490c7d44632d
Nov 30 22:41:44 np0005540556.novalocal object-server[97639]: ::1 - - [01/Dec/2025:03:41:44 +0000] "GET /3/106402/AUTH_602f37ceccf647698ef9e0fe4d0d45d5/gnocchi.d6b60cfe-8b9a-4531-bfc5-8e2dcd83385a/1763640000.0_mean_300.0_v3" 200 16 "GET https://[::1]:8080/v1/AUTH_602f37ceccf647698ef9e0fe4d0d45d5/gnocchi.d6b60cfe-8b9a-4531-bfc5-8e2dcd83385a/1763640000.0_mean_300.0_v3" "txf9a41a87d7104859871de-00692d0e78" "proxy-server 98624" 0.0004 "-" 97639 0
Nov 30 22:41:44 np0005540556.novalocal proxy-server[98624]: ::1 ::1 01/Dec/2025/03/41/44 GET /v1/AUTH_602f37ceccf647698ef9e0fe4d0d45d5/gnocchi.d6b60cfe-8b9a-4531-bfc5-8e2dcd83385a/1763640000.0_mean_300.0_v3 HTTP/1.0 200 - python-swiftclient-4.8.0 gAAAAABpLQ4jjy8F... - 16 - txf9a41a87d7104859871de-00692d0e78 - 0.0068 - - 1764560504.443654299 1764560504.450482607 0 3cd24aa0af114855987a490c7d44632d
Nov 30 22:41:44 np0005540556.novalocal container-server[97343]: ::1 - - [01/Dec/2025:03:41:44 +0000] "PUT /1/62345/AUTH_602f37ceccf647698ef9e0fe4d0d45d5/gnocchi.d2db96b5-a990-40f8-bc11-d0e3da7d54da/1763640000.0_mean_300.0_v3" 201 - "PUT http://[::1]:8080/2/114229/AUTH_602f37ceccf647698ef9e0fe4d0d45d5/gnocchi.d2db96b5-a990-40f8-bc11-d0e3da7d54da/1763640000.0_mean_300.0_v3" "tx1e3fd903849646cc8e391-00692d0e78" "object-server 97639" 0.0011 "-" 97343 0
Nov 30 22:41:44 np0005540556.novalocal object-server[97639]: ::1 - - [01/Dec/2025:03:41:44 +0000] "PUT /2/114229/AUTH_602f37ceccf647698ef9e0fe4d0d45d5/gnocchi.d2db96b5-a990-40f8-bc11-d0e3da7d54da/1763640000.0_mean_300.0_v3" 201 - "PUT https://[::1]:8080/v1/AUTH_602f37ceccf647698ef9e0fe4d0d45d5/gnocchi.d2db96b5-a990-40f8-bc11-d0e3da7d54da/1763640000.0_mean_300.0_v3" "tx1e3fd903849646cc8e391-00692d0e78" "proxy-server 98624" 0.0210 "-" 97639 0
Nov 30 22:41:44 np0005540556.novalocal container-server[97343]: ::1 - - [01/Dec/2025:03:41:44 +0000] "PUT /2/62345/AUTH_602f37ceccf647698ef9e0fe4d0d45d5/gnocchi.d2db96b5-a990-40f8-bc11-d0e3da7d54da/1763640000.0_mean_300.0_v3" 201 - "PUT http://[::1]:8080/3/114229/AUTH_602f37ceccf647698ef9e0fe4d0d45d5/gnocchi.d2db96b5-a990-40f8-bc11-d0e3da7d54da/1763640000.0_mean_300.0_v3" "tx1e3fd903849646cc8e391-00692d0e78" "object-server 97639" 0.0006 "-" 97343 0
Nov 30 22:41:44 np0005540556.novalocal object-server[97639]: ::1 - - [01/Dec/2025:03:41:44 +0000] "PUT /3/114229/AUTH_602f37ceccf647698ef9e0fe4d0d45d5/gnocchi.d2db96b5-a990-40f8-bc11-d0e3da7d54da/1763640000.0_mean_300.0_v3" 201 - "PUT https://[::1]:8080/v1/AUTH_602f37ceccf647698ef9e0fe4d0d45d5/gnocchi.d2db96b5-a990-40f8-bc11-d0e3da7d54da/1763640000.0_mean_300.0_v3" "tx1e3fd903849646cc8e391-00692d0e78" "proxy-server 98624" 0.0216 "-" 97639 0
Nov 30 22:41:44 np0005540556.novalocal container-server[97342]: ::1 - - [01/Dec/2025:03:41:44 +0000] "PUT /3/62345/AUTH_602f37ceccf647698ef9e0fe4d0d45d5/gnocchi.d2db96b5-a990-40f8-bc11-d0e3da7d54da/1763640000.0_mean_300.0_v3" 201 - "PUT http://[::1]:8080/1/114229/AUTH_602f37ceccf647698ef9e0fe4d0d45d5/gnocchi.d2db96b5-a990-40f8-bc11-d0e3da7d54da/1763640000.0_mean_300.0_v3" "tx1e3fd903849646cc8e391-00692d0e78" "object-server 97639" 0.0017 "-" 97342 0
Nov 30 22:41:44 np0005540556.novalocal object-server[97639]: ::1 - - [01/Dec/2025:03:41:44 +0000] "PUT /1/114229/AUTH_602f37ceccf647698ef9e0fe4d0d45d5/gnocchi.d2db96b5-a990-40f8-bc11-d0e3da7d54da/1763640000.0_mean_300.0_v3" 201 - "PUT https://[::1]:8080/v1/AUTH_602f37ceccf647698ef9e0fe4d0d45d5/gnocchi.d2db96b5-a990-40f8-bc11-d0e3da7d54da/1763640000.0_mean_300.0_v3" "tx1e3fd903849646cc8e391-00692d0e78" "proxy-server 98624" 0.0262 "-" 97639 0
Nov 30 22:41:44 np0005540556.novalocal proxy-server[98624]: ::1 ::1 01/Dec/2025/03/41/44 PUT /v1/AUTH_602f37ceccf647698ef9e0fe4d0d45d5/gnocchi.d2db96b5-a990-40f8-bc11-d0e3da7d54da/1763640000.0_mean_300.0_v3 HTTP/1.0 201 - python-swiftclient-4.8.0 gAAAAABpLQ4jjy8F... 16 - - tx1e3fd903849646cc8e391-00692d0e78 - 0.0362 - - 1764560504.453126907 1764560504.489362478 0 3cd24aa0af114855987a490c7d44632d
Nov 30 22:41:44 np0005540556.novalocal container-server[97343]: ::1 - - [01/Dec/2025:03:41:44 +0000] "PUT /3/106111/AUTH_602f37ceccf647698ef9e0fe4d0d45d5/gnocchi.d6b60cfe-8b9a-4531-bfc5-8e2dcd83385a/1763640000.0_mean_300.0_v3" 201 - "PUT http://[::1]:8080/2/106402/AUTH_602f37ceccf647698ef9e0fe4d0d45d5/gnocchi.d6b60cfe-8b9a-4531-bfc5-8e2dcd83385a/1763640000.0_mean_300.0_v3" "tx06be94b257f3495fbf609-00692d0e78" "object-server 97639" 0.0010 "-" 97343 0
Nov 30 22:41:44 np0005540556.novalocal container-server[97342]: ::1 - - [01/Dec/2025:03:41:44 +0000] "PUT /1/106111/AUTH_602f37ceccf647698ef9e0fe4d0d45d5/gnocchi.d6b60cfe-8b9a-4531-bfc5-8e2dcd83385a/1763640000.0_mean_300.0_v3" 201 - "PUT http://[::1]:8080/3/106402/AUTH_602f37ceccf647698ef9e0fe4d0d45d5/gnocchi.d6b60cfe-8b9a-4531-bfc5-8e2dcd83385a/1763640000.0_mean_300.0_v3" "tx06be94b257f3495fbf609-00692d0e78" "object-server 97639" 0.0026 "-" 97342 0
Nov 30 22:41:44 np0005540556.novalocal object-server[97639]: ::1 - - [01/Dec/2025:03:41:44 +0000] "PUT /2/106402/AUTH_602f37ceccf647698ef9e0fe4d0d45d5/gnocchi.d6b60cfe-8b9a-4531-bfc5-8e2dcd83385a/1763640000.0_mean_300.0_v3" 201 - "PUT https://[::1]:8080/v1/AUTH_602f37ceccf647698ef9e0fe4d0d45d5/gnocchi.d6b60cfe-8b9a-4531-bfc5-8e2dcd83385a/1763640000.0_mean_300.0_v3" "tx06be94b257f3495fbf609-00692d0e78" "proxy-server 98624" 0.0174 "-" 97639 0
Nov 30 22:41:44 np0005540556.novalocal object-server[97639]: ::1 - - [01/Dec/2025:03:41:44 +0000] "PUT /3/106402/AUTH_602f37ceccf647698ef9e0fe4d0d45d5/gnocchi.d6b60cfe-8b9a-4531-bfc5-8e2dcd83385a/1763640000.0_mean_300.0_v3" 201 - "PUT https://[::1]:8080/v1/AUTH_602f37ceccf647698ef9e0fe4d0d45d5/gnocchi.d6b60cfe-8b9a-4531-bfc5-8e2dcd83385a/1763640000.0_mean_300.0_v3" "tx06be94b257f3495fbf609-00692d0e78" "proxy-server 98624" 0.0160 "-" 97639 0
Nov 30 22:41:44 np0005540556.novalocal container-server[97342]: ::1 - - [01/Dec/2025:03:41:44 +0000] "PUT /2/106111/AUTH_602f37ceccf647698ef9e0fe4d0d45d5/gnocchi.d6b60cfe-8b9a-4531-bfc5-8e2dcd83385a/1763640000.0_mean_300.0_v3" 201 - "PUT http://[::1]:8080/1/106402/AUTH_602f37ceccf647698ef9e0fe4d0d45d5/gnocchi.d6b60cfe-8b9a-4531-bfc5-8e2dcd83385a/1763640000.0_mean_300.0_v3" "tx06be94b257f3495fbf609-00692d0e78" "object-server 97639" 0.0007 "-" 97342 0
Nov 30 22:41:44 np0005540556.novalocal object-server[97639]: ::1 - - [01/Dec/2025:03:41:44 +0000] "PUT /1/106402/AUTH_602f37ceccf647698ef9e0fe4d0d45d5/gnocchi.d6b60cfe-8b9a-4531-bfc5-8e2dcd83385a/1763640000.0_mean_300.0_v3" 201 - "PUT https://[::1]:8080/v1/AUTH_602f37ceccf647698ef9e0fe4d0d45d5/gnocchi.d6b60cfe-8b9a-4531-bfc5-8e2dcd83385a/1763640000.0_mean_300.0_v3" "tx06be94b257f3495fbf609-00692d0e78" "proxy-server 98624" 0.0193 "-" 97639 0
Nov 30 22:41:44 np0005540556.novalocal proxy-server[98624]: ::1 ::1 01/Dec/2025/03/41/44 PUT /v1/AUTH_602f37ceccf647698ef9e0fe4d0d45d5/gnocchi.d6b60cfe-8b9a-4531-bfc5-8e2dcd83385a/1763640000.0_mean_300.0_v3 HTTP/1.0 201 - python-swiftclient-4.8.0 gAAAAABpLQ4jjy8F... 16 - - tx06be94b257f3495fbf609-00692d0e78 - 0.0316 - - 1764560504.491578817 1764560504.523181200 0 3cd24aa0af114855987a490c7d44632d
Nov 30 22:41:44 np0005540556.novalocal container-server[97343]: ::1 - - [01/Dec/2025:03:41:44 +0000] "PUT /2/62345/AUTH_602f37ceccf647698ef9e0fe4d0d45d5/gnocchi.d2db96b5-a990-40f8-bc11-d0e3da7d54da/none_v3" 201 - "PUT http://[::1]:8080/3/226423/AUTH_602f37ceccf647698ef9e0fe4d0d45d5/gnocchi.d2db96b5-a990-40f8-bc11-d0e3da7d54da/none_v3" "txd8844f67d45545269a6e1-00692d0e78" "object-server 97639" 0.0010 "-" 97343 0
Nov 30 22:41:44 np0005540556.novalocal container-server[97343]: ::1 - - [01/Dec/2025:03:41:44 +0000] "PUT /3/62345/AUTH_602f37ceccf647698ef9e0fe4d0d45d5/gnocchi.d2db96b5-a990-40f8-bc11-d0e3da7d54da/none_v3" 201 - "PUT http://[::1]:8080/2/226423/AUTH_602f37ceccf647698ef9e0fe4d0d45d5/gnocchi.d2db96b5-a990-40f8-bc11-d0e3da7d54da/none_v3" "txd8844f67d45545269a6e1-00692d0e78" "object-server 97639" 0.0006 "-" 97343 0
Nov 30 22:41:44 np0005540556.novalocal container-server[97343]: ::1 - - [01/Dec/2025:03:41:44 +0000] "PUT /1/62345/AUTH_602f37ceccf647698ef9e0fe4d0d45d5/gnocchi.d2db96b5-a990-40f8-bc11-d0e3da7d54da/none_v3" 201 - "PUT http://[::1]:8080/1/226423/AUTH_602f37ceccf647698ef9e0fe4d0d45d5/gnocchi.d2db96b5-a990-40f8-bc11-d0e3da7d54da/none_v3" "txd8844f67d45545269a6e1-00692d0e78" "object-server 97640" 0.0007 "-" 97343 0
Nov 30 22:41:44 np0005540556.novalocal object-server[97639]: ::1 - - [01/Dec/2025:03:41:44 +0000] "PUT /2/226423/AUTH_602f37ceccf647698ef9e0fe4d0d45d5/gnocchi.d2db96b5-a990-40f8-bc11-d0e3da7d54da/none_v3" 201 - "PUT https://[::1]:8080/v1/AUTH_602f37ceccf647698ef9e0fe4d0d45d5/gnocchi.d2db96b5-a990-40f8-bc11-d0e3da7d54da/none_v3" "txd8844f67d45545269a6e1-00692d0e78" "proxy-server 98624" 0.0168 "-" 97639 0
Nov 30 22:41:44 np0005540556.novalocal object-server[97639]: ::1 - - [01/Dec/2025:03:41:44 +0000] "PUT /3/226423/AUTH_602f37ceccf647698ef9e0fe4d0d45d5/gnocchi.d2db96b5-a990-40f8-bc11-d0e3da7d54da/none_v3" 201 - "PUT https://[::1]:8080/v1/AUTH_602f37ceccf647698ef9e0fe4d0d45d5/gnocchi.d2db96b5-a990-40f8-bc11-d0e3da7d54da/none_v3" "txd8844f67d45545269a6e1-00692d0e78" "proxy-server 98624" 0.0193 "-" 97639 0
Nov 30 22:41:44 np0005540556.novalocal object-server[97640]: ::1 - - [01/Dec/2025:03:41:44 +0000] "PUT /1/226423/AUTH_602f37ceccf647698ef9e0fe4d0d45d5/gnocchi.d2db96b5-a990-40f8-bc11-d0e3da7d54da/none_v3" 201 - "PUT https://[::1]:8080/v1/AUTH_602f37ceccf647698ef9e0fe4d0d45d5/gnocchi.d2db96b5-a990-40f8-bc11-d0e3da7d54da/none_v3" "txd8844f67d45545269a6e1-00692d0e78" "proxy-server 98624" 0.0235 "-" 97640 0
Nov 30 22:41:44 np0005540556.novalocal proxy-server[98624]: ::1 ::1 01/Dec/2025/03/41/44 PUT /v1/AUTH_602f37ceccf647698ef9e0fe4d0d45d5/gnocchi.d2db96b5-a990-40f8-bc11-d0e3da7d54da/none_v3 HTTP/1.0 201 - python-swiftclient-4.8.0 gAAAAABpLQ4jjy8F... 36 - - txd8844f67d45545269a6e1-00692d0e78 - 0.0394 - - 1764560504.526332378 1764560504.565687895 0 3cd24aa0af114855987a490c7d44632d
Nov 30 22:41:44 np0005540556.novalocal dnsmasq-dhcp[104131]: DHCPRELEASE(tap690ec4b2-c1) 10.100.0.9 fa:16:3e:27:78:c1
Nov 30 22:41:44 np0005540556.novalocal container-server[97343]: ::1 - - [01/Dec/2025:03:41:44 +0000] "PUT /3/106111/AUTH_602f37ceccf647698ef9e0fe4d0d45d5/gnocchi.d6b60cfe-8b9a-4531-bfc5-8e2dcd83385a/none_v3" 201 - "PUT http://[::1]:8080/3/95914/AUTH_602f37ceccf647698ef9e0fe4d0d45d5/gnocchi.d6b60cfe-8b9a-4531-bfc5-8e2dcd83385a/none_v3" "tx15a56ed252a641b7b6eb6-00692d0e78" "object-server 97639" 0.0010 "-" 97343 0
Nov 30 22:41:44 np0005540556.novalocal container-server[97342]: ::1 - - [01/Dec/2025:03:41:44 +0000] "PUT /1/106111/AUTH_602f37ceccf647698ef9e0fe4d0d45d5/gnocchi.d6b60cfe-8b9a-4531-bfc5-8e2dcd83385a/none_v3" 201 - "PUT http://[::1]:8080/2/95914/AUTH_602f37ceccf647698ef9e0fe4d0d45d5/gnocchi.d6b60cfe-8b9a-4531-bfc5-8e2dcd83385a/none_v3" "tx15a56ed252a641b7b6eb6-00692d0e78" "object-server 97640" 0.0009 "-" 97342 0
Nov 30 22:41:44 np0005540556.novalocal container-server[97343]: ::1 - - [01/Dec/2025:03:41:44 +0000] "PUT /2/106111/AUTH_602f37ceccf647698ef9e0fe4d0d45d5/gnocchi.d6b60cfe-8b9a-4531-bfc5-8e2dcd83385a/none_v3" 201 - "PUT http://[::1]:8080/1/95914/AUTH_602f37ceccf647698ef9e0fe4d0d45d5/gnocchi.d6b60cfe-8b9a-4531-bfc5-8e2dcd83385a/none_v3" "tx15a56ed252a641b7b6eb6-00692d0e78" "object-server 97640" 0.0009 "-" 97343 0
Nov 30 22:41:44 np0005540556.novalocal object-server[97639]: ::1 - - [01/Dec/2025:03:41:44 +0000] "PUT /3/95914/AUTH_602f37ceccf647698ef9e0fe4d0d45d5/gnocchi.d6b60cfe-8b9a-4531-bfc5-8e2dcd83385a/none_v3" 201 - "PUT https://[::1]:8080/v1/AUTH_602f37ceccf647698ef9e0fe4d0d45d5/gnocchi.d6b60cfe-8b9a-4531-bfc5-8e2dcd83385a/none_v3" "tx15a56ed252a641b7b6eb6-00692d0e78" "proxy-server 98624" 0.0161 "-" 97639 0
Nov 30 22:41:44 np0005540556.novalocal object-server[97640]: ::1 - - [01/Dec/2025:03:41:44 +0000] "PUT /1/95914/AUTH_602f37ceccf647698ef9e0fe4d0d45d5/gnocchi.d6b60cfe-8b9a-4531-bfc5-8e2dcd83385a/none_v3" 201 - "PUT https://[::1]:8080/v1/AUTH_602f37ceccf647698ef9e0fe4d0d45d5/gnocchi.d6b60cfe-8b9a-4531-bfc5-8e2dcd83385a/none_v3" "tx15a56ed252a641b7b6eb6-00692d0e78" "proxy-server 98624" 0.0146 "-" 97640 0
Nov 30 22:41:44 np0005540556.novalocal object-server[97640]: ::1 - - [01/Dec/2025:03:41:44 +0000] "PUT /2/95914/AUTH_602f37ceccf647698ef9e0fe4d0d45d5/gnocchi.d6b60cfe-8b9a-4531-bfc5-8e2dcd83385a/none_v3" 201 - "PUT https://[::1]:8080/v1/AUTH_602f37ceccf647698ef9e0fe4d0d45d5/gnocchi.d6b60cfe-8b9a-4531-bfc5-8e2dcd83385a/none_v3" "tx15a56ed252a641b7b6eb6-00692d0e78" "proxy-server 98624" 0.0185 "-" 97640 0
Nov 30 22:41:44 np0005540556.novalocal dnsmasq-dhcp[104131]: DHCPRELEASE(tap690ec4b2-c1) 10.100.0.9 fa:16:3e:27:78:c1 unknown lease
Nov 30 22:41:44 np0005540556.novalocal proxy-server[98624]: ::1 ::1 01/Dec/2025/03/41/44 PUT /v1/AUTH_602f37ceccf647698ef9e0fe4d0d45d5/gnocchi.d6b60cfe-8b9a-4531-bfc5-8e2dcd83385a/none_v3 HTTP/1.0 201 - python-swiftclient-4.8.0 gAAAAABpLQ4jjy8F... 45 - - tx15a56ed252a641b7b6eb6-00692d0e78 - 0.0261 - - 1764560504.570880651 1764560504.596957207 0 3cd24aa0af114855987a490c7d44632d
Nov 30 22:41:44 np0005540556.novalocal object-server[97639]: ::1 - - [01/Dec/2025:03:41:44 +0000] "GET /2/190500/AUTH_602f37ceccf647698ef9e0fe4d0d45d5/gnocchi.51d6359f-af70-47c2-b503-2aefaaa86afa/none_v3" 200 52 "GET https://[::1]:8080/v1/AUTH_602f37ceccf647698ef9e0fe4d0d45d5/gnocchi.51d6359f-af70-47c2-b503-2aefaaa86afa/none_v3" "txe5b1803e5faa4e19875dd-00692d0e78" "proxy-server 98624" 0.0009 "-" 97639 0
Nov 30 22:41:44 np0005540556.novalocal proxy-server[98624]: ::1 ::1 01/Dec/2025/03/41/44 GET /v1/AUTH_602f37ceccf647698ef9e0fe4d0d45d5/gnocchi.51d6359f-af70-47c2-b503-2aefaaa86afa/none_v3 HTTP/1.0 200 - python-swiftclient-4.8.0 gAAAAABpLQ4jjy8F... - 52 - txe5b1803e5faa4e19875dd-00692d0e78 - 0.0094 - - 1764560504.638813019 1764560504.648186207 0 3cd24aa0af114855987a490c7d44632d
Nov 30 22:41:44 np0005540556.novalocal container-server[97343]: ::1 - - [01/Dec/2025:03:41:44 +0000] "GET /1/186217/AUTH_602f37ceccf647698ef9e0fe4d0d45d5/gnocchi.51d6359f-af70-47c2-b503-2aefaaa86afa" 200 357 "GET https://[::1]:8080/v1/AUTH_602f37ceccf647698ef9e0fe4d0d45d5/gnocchi.51d6359f-af70-47c2-b503-2aefaaa86afa?format=json&states=listing" "txe15d6fc1e1af4ad38d0f1-00692d0e78" "proxy-server 98624" 0.0037 "-" 97343 0
Nov 30 22:41:44 np0005540556.novalocal proxy-server[98624]: ::1 ::1 01/Dec/2025/03/41/44 GET /v1/AUTH_602f37ceccf647698ef9e0fe4d0d45d5/gnocchi.51d6359f-af70-47c2-b503-2aefaaa86afa%3Fformat%3Djson%26states%3Dlisting HTTP/1.0 200 - python-swiftclient-4.8.0 gAAAAABpLQ4jjy8F... - 357 - txe15d6fc1e1af4ad38d0f1-00692d0e78 - 0.0160 - - 1764560504.654534101 1764560504.670497179 0 3cd24aa0af114855987a490c7d44632d
Nov 30 22:41:44 np0005540556.novalocal container-server[97343]: ::1 - - [01/Dec/2025:03:41:44 +0000] "GET /3/186217/AUTH_602f37ceccf647698ef9e0fe4d0d45d5/gnocchi.51d6359f-af70-47c2-b503-2aefaaa86afa" 200 2 "GET https://[::1]:8080/v1/AUTH_602f37ceccf647698ef9e0fe4d0d45d5/gnocchi.51d6359f-af70-47c2-b503-2aefaaa86afa?format=json&marker=none_v3&states=listing" "txc8ae6f021a044511bb54b-00692d0e78" "proxy-server 98624" 0.0059 "-" 97343 0
Nov 30 22:41:44 np0005540556.novalocal proxy-server[98624]: ::1 ::1 01/Dec/2025/03/41/44 GET /v1/AUTH_602f37ceccf647698ef9e0fe4d0d45d5/gnocchi.51d6359f-af70-47c2-b503-2aefaaa86afa%3Fformat%3Djson%26marker%3Dnone_v3%26states%3Dlisting HTTP/1.0 200 - python-swiftclient-4.8.0 gAAAAABpLQ4jjy8F... - 2 - txc8ae6f021a044511bb54b-00692d0e78 - 0.0174 - - 1764560504.674435616 1764560504.691868067 0 3cd24aa0af114855987a490c7d44632d
Nov 30 22:41:44 np0005540556.novalocal object-server[97639]: ::1 - - [01/Dec/2025:03:41:44 +0000] "GET /2/255473/AUTH_602f37ceccf647698ef9e0fe4d0d45d5/gnocchi.51d6359f-af70-47c2-b503-2aefaaa86afa/1763640000.0_mean_300.0_v3" 200 16 "GET https://[::1]:8080/v1/AUTH_602f37ceccf647698ef9e0fe4d0d45d5/gnocchi.51d6359f-af70-47c2-b503-2aefaaa86afa/1763640000.0_mean_300.0_v3" "tx5fa76ea1481143749ac12-00692d0e78" "proxy-server 98624" 0.0004 "-" 97639 0
Nov 30 22:41:44 np0005540556.novalocal proxy-server[98624]: ::1 ::1 01/Dec/2025/03/41/44 GET /v1/AUTH_602f37ceccf647698ef9e0fe4d0d45d5/gnocchi.51d6359f-af70-47c2-b503-2aefaaa86afa/1763640000.0_mean_300.0_v3 HTTP/1.0 200 - python-swiftclient-4.8.0 gAAAAABpLQ4jjy8F... - 16 - tx5fa76ea1481143749ac12-00692d0e78 - 0.0068 - - 1764560504.696586132 1764560504.703430653 0 3cd24aa0af114855987a490c7d44632d
Nov 30 22:41:44 np0005540556.novalocal container-server[97342]: ::1 - - [01/Dec/2025:03:41:44 +0000] "PUT /3/186217/AUTH_602f37ceccf647698ef9e0fe4d0d45d5/gnocchi.51d6359f-af70-47c2-b503-2aefaaa86afa/1763640000.0_mean_300.0_v3" 201 - "PUT http://[::1]:8080/3/255473/AUTH_602f37ceccf647698ef9e0fe4d0d45d5/gnocchi.51d6359f-af70-47c2-b503-2aefaaa86afa/1763640000.0_mean_300.0_v3" "tx2753564ac4144bc9b5596-00692d0e78" "object-server 97640" 0.0012 "-" 97342 0
Nov 30 22:41:44 np0005540556.novalocal object-server[97640]: ::1 - - [01/Dec/2025:03:41:44 +0000] "PUT /3/255473/AUTH_602f37ceccf647698ef9e0fe4d0d45d5/gnocchi.51d6359f-af70-47c2-b503-2aefaaa86afa/1763640000.0_mean_300.0_v3" 201 - "PUT https://[::1]:8080/v1/AUTH_602f37ceccf647698ef9e0fe4d0d45d5/gnocchi.51d6359f-af70-47c2-b503-2aefaaa86afa/1763640000.0_mean_300.0_v3" "tx2753564ac4144bc9b5596-00692d0e78" "proxy-server 98624" 0.0160 "-" 97640 0
Nov 30 22:41:44 np0005540556.novalocal container-server[97343]: ::1 - - [01/Dec/2025:03:41:44 +0000] "PUT /1/186217/AUTH_602f37ceccf647698ef9e0fe4d0d45d5/gnocchi.51d6359f-af70-47c2-b503-2aefaaa86afa/1763640000.0_mean_300.0_v3" 201 - "PUT http://[::1]:8080/1/255473/AUTH_602f37ceccf647698ef9e0fe4d0d45d5/gnocchi.51d6359f-af70-47c2-b503-2aefaaa86afa/1763640000.0_mean_300.0_v3" "tx2753564ac4144bc9b5596-00692d0e78" "object-server 97640" 0.0014 "-" 97343 0
Nov 30 22:41:44 np0005540556.novalocal object-server[97640]: ::1 - - [01/Dec/2025:03:41:44 +0000] "PUT /1/255473/AUTH_602f37ceccf647698ef9e0fe4d0d45d5/gnocchi.51d6359f-af70-47c2-b503-2aefaaa86afa/1763640000.0_mean_300.0_v3" 201 - "PUT https://[::1]:8080/v1/AUTH_602f37ceccf647698ef9e0fe4d0d45d5/gnocchi.51d6359f-af70-47c2-b503-2aefaaa86afa/1763640000.0_mean_300.0_v3" "tx2753564ac4144bc9b5596-00692d0e78" "proxy-server 98624" 0.0159 "-" 97640 0
Nov 30 22:41:44 np0005540556.novalocal container-server[97342]: ::1 - - [01/Dec/2025:03:41:44 +0000] "PUT /2/186217/AUTH_602f37ceccf647698ef9e0fe4d0d45d5/gnocchi.51d6359f-af70-47c2-b503-2aefaaa86afa/1763640000.0_mean_300.0_v3" 201 - "PUT http://[::1]:8080/2/255473/AUTH_602f37ceccf647698ef9e0fe4d0d45d5/gnocchi.51d6359f-af70-47c2-b503-2aefaaa86afa/1763640000.0_mean_300.0_v3" "tx2753564ac4144bc9b5596-00692d0e78" "object-server 97639" 0.0009 "-" 97342 0
Nov 30 22:41:44 np0005540556.novalocal object-server[97639]: ::1 - - [01/Dec/2025:03:41:44 +0000] "PUT /2/255473/AUTH_602f37ceccf647698ef9e0fe4d0d45d5/gnocchi.51d6359f-af70-47c2-b503-2aefaaa86afa/1763640000.0_mean_300.0_v3" 201 - "PUT https://[::1]:8080/v1/AUTH_602f37ceccf647698ef9e0fe4d0d45d5/gnocchi.51d6359f-af70-47c2-b503-2aefaaa86afa/1763640000.0_mean_300.0_v3" "tx2753564ac4144bc9b5596-00692d0e78" "proxy-server 98624" 0.0187 "-" 97639 0
Nov 30 22:41:44 np0005540556.novalocal proxy-server[98624]: ::1 ::1 01/Dec/2025/03/41/44 PUT /v1/AUTH_602f37ceccf647698ef9e0fe4d0d45d5/gnocchi.51d6359f-af70-47c2-b503-2aefaaa86afa/1763640000.0_mean_300.0_v3 HTTP/1.0 201 - python-swiftclient-4.8.0 gAAAAABpLQ4jjy8F... 16 - - tx2753564ac4144bc9b5596-00692d0e78 - 0.0268 - - 1764560504.705944061 1764560504.732744694 0 3cd24aa0af114855987a490c7d44632d
Nov 30 22:41:44 np0005540556.novalocal container-server[97343]: ::1 - - [01/Dec/2025:03:41:44 +0000] "PUT /2/186217/AUTH_602f37ceccf647698ef9e0fe4d0d45d5/gnocchi.51d6359f-af70-47c2-b503-2aefaaa86afa/none_v3" 201 - "PUT http://[::1]:8080/1/190500/AUTH_602f37ceccf647698ef9e0fe4d0d45d5/gnocchi.51d6359f-af70-47c2-b503-2aefaaa86afa/none_v3" "tx00c19c289b2b4c00983b1-00692d0e78" "object-server 97639" 0.0010 "-" 97343 0
Nov 30 22:41:44 np0005540556.novalocal object-server[97639]: ::1 - - [01/Dec/2025:03:41:44 +0000] "PUT /1/190500/AUTH_602f37ceccf647698ef9e0fe4d0d45d5/gnocchi.51d6359f-af70-47c2-b503-2aefaaa86afa/none_v3" 201 - "PUT https://[::1]:8080/v1/AUTH_602f37ceccf647698ef9e0fe4d0d45d5/gnocchi.51d6359f-af70-47c2-b503-2aefaaa86afa/none_v3" "tx00c19c289b2b4c00983b1-00692d0e78" "proxy-server 98624" 0.0168 "-" 97639 0
Nov 30 22:41:44 np0005540556.novalocal container-server[97343]: ::1 - - [01/Dec/2025:03:41:44 +0000] "PUT /1/186217/AUTH_602f37ceccf647698ef9e0fe4d0d45d5/gnocchi.51d6359f-af70-47c2-b503-2aefaaa86afa/none_v3" 201 - "PUT http://[::1]:8080/2/190500/AUTH_602f37ceccf647698ef9e0fe4d0d45d5/gnocchi.51d6359f-af70-47c2-b503-2aefaaa86afa/none_v3" "tx00c19c289b2b4c00983b1-00692d0e78" "object-server 97640" 0.0012 "-" 97343 0
Nov 30 22:41:44 np0005540556.novalocal container-server[97343]: ::1 - - [01/Dec/2025:03:41:44 +0000] "PUT /3/186217/AUTH_602f37ceccf647698ef9e0fe4d0d45d5/gnocchi.51d6359f-af70-47c2-b503-2aefaaa86afa/none_v3" 201 - "PUT http://[::1]:8080/3/190500/AUTH_602f37ceccf647698ef9e0fe4d0d45d5/gnocchi.51d6359f-af70-47c2-b503-2aefaaa86afa/none_v3" "tx00c19c289b2b4c00983b1-00692d0e78" "object-server 97640" 0.0004 "-" 97343 0
Nov 30 22:41:44 np0005540556.novalocal object-server[97640]: ::1 - - [01/Dec/2025:03:41:44 +0000] "PUT /2/190500/AUTH_602f37ceccf647698ef9e0fe4d0d45d5/gnocchi.51d6359f-af70-47c2-b503-2aefaaa86afa/none_v3" 201 - "PUT https://[::1]:8080/v1/AUTH_602f37ceccf647698ef9e0fe4d0d45d5/gnocchi.51d6359f-af70-47c2-b503-2aefaaa86afa/none_v3" "tx00c19c289b2b4c00983b1-00692d0e78" "proxy-server 98624" 0.0162 "-" 97640 0
Nov 30 22:41:44 np0005540556.novalocal object-server[97640]: ::1 - - [01/Dec/2025:03:41:44 +0000] "PUT /3/190500/AUTH_602f37ceccf647698ef9e0fe4d0d45d5/gnocchi.51d6359f-af70-47c2-b503-2aefaaa86afa/none_v3" 201 - "PUT https://[::1]:8080/v1/AUTH_602f37ceccf647698ef9e0fe4d0d45d5/gnocchi.51d6359f-af70-47c2-b503-2aefaaa86afa/none_v3" "tx00c19c289b2b4c00983b1-00692d0e78" "proxy-server 98624" 0.0226 "-" 97640 0
Nov 30 22:41:44 np0005540556.novalocal proxy-server[98624]: ::1 ::1 01/Dec/2025/03/41/44 PUT /v1/AUTH_602f37ceccf647698ef9e0fe4d0d45d5/gnocchi.51d6359f-af70-47c2-b503-2aefaaa86afa/none_v3 HTTP/1.0 201 - python-swiftclient-4.8.0 gAAAAABpLQ4jjy8F... 61 - - tx00c19c289b2b4c00983b1-00692d0e78 - 0.0345 - - 1764560504.737348557 1764560504.771878719 0 3cd24aa0af114855987a490c7d44632d
Nov 30 22:41:44 np0005540556.novalocal object-server[97639]: ::1 - - [01/Dec/2025:03:41:44 +0000] "GET /3/58420/AUTH_602f37ceccf647698ef9e0fe4d0d45d5/gnocchi.7e5e0dde-a9bd-49da-b923-46b72c8fb1fb/none_v3" 200 31 "GET https://[::1]:8080/v1/AUTH_602f37ceccf647698ef9e0fe4d0d45d5/gnocchi.7e5e0dde-a9bd-49da-b923-46b72c8fb1fb/none_v3" "txe8eff3a1470e4f1f8a576-00692d0e78" "proxy-server 98624" 0.0014 "-" 97639 0
Nov 30 22:41:44 np0005540556.novalocal proxy-server[98624]: ::1 ::1 01/Dec/2025/03/41/44 GET /v1/AUTH_602f37ceccf647698ef9e0fe4d0d45d5/gnocchi.7e5e0dde-a9bd-49da-b923-46b72c8fb1fb/none_v3 HTTP/1.0 200 - python-swiftclient-4.8.0 gAAAAABpLQ4jjy8F... - 31 - txe8eff3a1470e4f1f8a576-00692d0e78 - 0.0092 - - 1764560504.782807112 1764560504.792045593 0 3cd24aa0af114855987a490c7d44632d
Nov 30 22:41:44 np0005540556.novalocal container-server[97342]: ::1 - - [01/Dec/2025:03:41:44 +0000] "GET /1/252927/AUTH_602f37ceccf647698ef9e0fe4d0d45d5/gnocchi.7e5e0dde-a9bd-49da-b923-46b72c8fb1fb" 200 357 "GET https://[::1]:8080/v1/AUTH_602f37ceccf647698ef9e0fe4d0d45d5/gnocchi.7e5e0dde-a9bd-49da-b923-46b72c8fb1fb?format=json&states=listing" "tx0924af850c4047fa883f8-00692d0e78" "proxy-server 98624" 0.0079 "-" 97342 0
Nov 30 22:41:44 np0005540556.novalocal proxy-server[98624]: ::1 ::1 01/Dec/2025/03/41/44 GET /v1/AUTH_602f37ceccf647698ef9e0fe4d0d45d5/gnocchi.7e5e0dde-a9bd-49da-b923-46b72c8fb1fb%3Fformat%3Djson%26states%3Dlisting HTTP/1.0 200 - python-swiftclient-4.8.0 gAAAAABpLQ4jjy8F... - 357 - tx0924af850c4047fa883f8-00692d0e78 - 0.0170 - - 1764560504.796018362 1764560504.813022614 0 3cd24aa0af114855987a490c7d44632d
Nov 30 22:41:44 np0005540556.novalocal container-server[97343]: ::1 - - [01/Dec/2025:03:41:44 +0000] "GET /3/252927/AUTH_602f37ceccf647698ef9e0fe4d0d45d5/gnocchi.7e5e0dde-a9bd-49da-b923-46b72c8fb1fb" 200 2 "GET https://[::1]:8080/v1/AUTH_602f37ceccf647698ef9e0fe4d0d45d5/gnocchi.7e5e0dde-a9bd-49da-b923-46b72c8fb1fb?format=json&marker=none_v3&states=listing" "tx1a9cefa05b0e4be7b6469-00692d0e78" "proxy-server 98624" 0.0100 "-" 97343 0
Nov 30 22:41:44 np0005540556.novalocal proxy-server[98624]: ::1 ::1 01/Dec/2025/03/41/44 GET /v1/AUTH_602f37ceccf647698ef9e0fe4d0d45d5/gnocchi.7e5e0dde-a9bd-49da-b923-46b72c8fb1fb%3Fformat%3Djson%26marker%3Dnone_v3%26states%3Dlisting HTTP/1.0 200 - python-swiftclient-4.8.0 gAAAAABpLQ4jjy8F... - 2 - tx1a9cefa05b0e4be7b6469-00692d0e78 - 0.0191 - - 1764560504.815853119 1764560504.834946632 0 3cd24aa0af114855987a490c7d44632d
Nov 30 22:41:44 np0005540556.novalocal object-server[97640]: ::1 - - [01/Dec/2025:03:41:44 +0000] "GET /1/254408/AUTH_602f37ceccf647698ef9e0fe4d0d45d5/gnocchi.7e5e0dde-a9bd-49da-b923-46b72c8fb1fb/1763640000.0_mean_300.0_v3" 200 16 "GET https://[::1]:8080/v1/AUTH_602f37ceccf647698ef9e0fe4d0d45d5/gnocchi.7e5e0dde-a9bd-49da-b923-46b72c8fb1fb/1763640000.0_mean_300.0_v3" "tx79437a05ca3c477785fc9-00692d0e78" "proxy-server 98624" 0.0008 "-" 97640 0
Nov 30 22:41:44 np0005540556.novalocal proxy-server[98624]: ::1 ::1 01/Dec/2025/03/41/44 GET /v1/AUTH_602f37ceccf647698ef9e0fe4d0d45d5/gnocchi.7e5e0dde-a9bd-49da-b923-46b72c8fb1fb/1763640000.0_mean_300.0_v3 HTTP/1.0 200 - python-swiftclient-4.8.0 gAAAAABpLQ4jjy8F... - 16 - tx79437a05ca3c477785fc9-00692d0e78 - 0.0107 - - 1764560504.840313435 1764560504.851001024 0 3cd24aa0af114855987a490c7d44632d
Nov 30 22:41:44 np0005540556.novalocal container-server[97343]: ::1 - - [01/Dec/2025:03:41:44 +0000] "PUT /1/252927/AUTH_602f37ceccf647698ef9e0fe4d0d45d5/gnocchi.7e5e0dde-a9bd-49da-b923-46b72c8fb1fb/1763640000.0_mean_300.0_v3" 201 - "PUT http://[::1]:8080/3/254408/AUTH_602f37ceccf647698ef9e0fe4d0d45d5/gnocchi.7e5e0dde-a9bd-49da-b923-46b72c8fb1fb/1763640000.0_mean_300.0_v3" "txab3df9d6ca6340ba9e338-00692d0e78" "object-server 97639" 0.0010 "-" 97343 0
Nov 30 22:41:44 np0005540556.novalocal container-server[97342]: ::1 - - [01/Dec/2025:03:41:44 +0000] "PUT /3/252927/AUTH_602f37ceccf647698ef9e0fe4d0d45d5/gnocchi.7e5e0dde-a9bd-49da-b923-46b72c8fb1fb/1763640000.0_mean_300.0_v3" 201 - "PUT http://[::1]:8080/1/254408/AUTH_602f37ceccf647698ef9e0fe4d0d45d5/gnocchi.7e5e0dde-a9bd-49da-b923-46b72c8fb1fb/1763640000.0_mean_300.0_v3" "txab3df9d6ca6340ba9e338-00692d0e78" "object-server 97639" 0.0007 "-" 97342 0
Nov 30 22:41:44 np0005540556.novalocal object-server[97639]: ::1 - - [01/Dec/2025:03:41:44 +0000] "PUT /3/254408/AUTH_602f37ceccf647698ef9e0fe4d0d45d5/gnocchi.7e5e0dde-a9bd-49da-b923-46b72c8fb1fb/1763640000.0_mean_300.0_v3" 201 - "PUT https://[::1]:8080/v1/AUTH_602f37ceccf647698ef9e0fe4d0d45d5/gnocchi.7e5e0dde-a9bd-49da-b923-46b72c8fb1fb/1763640000.0_mean_300.0_v3" "txab3df9d6ca6340ba9e338-00692d0e78" "proxy-server 98624" 0.0118 "-" 97639 0
Nov 30 22:41:44 np0005540556.novalocal container-server[97343]: ::1 - - [01/Dec/2025:03:41:44 +0000] "PUT /2/252927/AUTH_602f37ceccf647698ef9e0fe4d0d45d5/gnocchi.7e5e0dde-a9bd-49da-b923-46b72c8fb1fb/1763640000.0_mean_300.0_v3" 201 - "PUT http://[::1]:8080/2/254408/AUTH_602f37ceccf647698ef9e0fe4d0d45d5/gnocchi.7e5e0dde-a9bd-49da-b923-46b72c8fb1fb/1763640000.0_mean_300.0_v3" "txab3df9d6ca6340ba9e338-00692d0e78" "object-server 97639" 0.0005 "-" 97343 0
Nov 30 22:41:44 np0005540556.novalocal object-server[97639]: ::1 - - [01/Dec/2025:03:41:44 +0000] "PUT /2/254408/AUTH_602f37ceccf647698ef9e0fe4d0d45d5/gnocchi.7e5e0dde-a9bd-49da-b923-46b72c8fb1fb/1763640000.0_mean_300.0_v3" 201 - "PUT https://[::1]:8080/v1/AUTH_602f37ceccf647698ef9e0fe4d0d45d5/gnocchi.7e5e0dde-a9bd-49da-b923-46b72c8fb1fb/1763640000.0_mean_300.0_v3" "txab3df9d6ca6340ba9e338-00692d0e78" "proxy-server 98624" 0.0124 "-" 97639 0
Nov 30 22:41:44 np0005540556.novalocal object-server[97639]: ::1 - - [01/Dec/2025:03:41:44 +0000] "PUT /1/254408/AUTH_602f37ceccf647698ef9e0fe4d0d45d5/gnocchi.7e5e0dde-a9bd-49da-b923-46b72c8fb1fb/1763640000.0_mean_300.0_v3" 201 - "PUT https://[::1]:8080/v1/AUTH_602f37ceccf647698ef9e0fe4d0d45d5/gnocchi.7e5e0dde-a9bd-49da-b923-46b72c8fb1fb/1763640000.0_mean_300.0_v3" "txab3df9d6ca6340ba9e338-00692d0e78" "proxy-server 98624" 0.0163 "-" 97639 0
Nov 30 22:41:44 np0005540556.novalocal proxy-server[98624]: ::1 ::1 01/Dec/2025/03/41/44 PUT /v1/AUTH_602f37ceccf647698ef9e0fe4d0d45d5/gnocchi.7e5e0dde-a9bd-49da-b923-46b72c8fb1fb/1763640000.0_mean_300.0_v3 HTTP/1.0 201 - python-swiftclient-4.8.0 gAAAAABpLQ4jjy8F... 16 - - txab3df9d6ca6340ba9e338-00692d0e78 - 0.0247 - - 1764560504.857720613 1764560504.882417202 0 3cd24aa0af114855987a490c7d44632d
Nov 30 22:41:44 np0005540556.novalocal container-server[97342]: ::1 - - [01/Dec/2025:03:41:44 +0000] "PUT /1/252927/AUTH_602f37ceccf647698ef9e0fe4d0d45d5/gnocchi.7e5e0dde-a9bd-49da-b923-46b72c8fb1fb/none_v3" 201 - "PUT http://[::1]:8080/3/58420/AUTH_602f37ceccf647698ef9e0fe4d0d45d5/gnocchi.7e5e0dde-a9bd-49da-b923-46b72c8fb1fb/none_v3" "tx60b1aafd51ab4fc6b36b1-00692d0e78" "object-server 97640" 0.0008 "-" 97342 0
Nov 30 22:41:44 np0005540556.novalocal object-server[97640]: ::1 - - [01/Dec/2025:03:41:44 +0000] "PUT /3/58420/AUTH_602f37ceccf647698ef9e0fe4d0d45d5/gnocchi.7e5e0dde-a9bd-49da-b923-46b72c8fb1fb/none_v3" 201 - "PUT https://[::1]:8080/v1/AUTH_602f37ceccf647698ef9e0fe4d0d45d5/gnocchi.7e5e0dde-a9bd-49da-b923-46b72c8fb1fb/none_v3" "tx60b1aafd51ab4fc6b36b1-00692d0e78" "proxy-server 98624" 0.0112 "-" 97640 0
Nov 30 22:41:44 np0005540556.novalocal container-server[97342]: ::1 - - [01/Dec/2025:03:41:44 +0000] "PUT /3/252927/AUTH_602f37ceccf647698ef9e0fe4d0d45d5/gnocchi.7e5e0dde-a9bd-49da-b923-46b72c8fb1fb/none_v3" 201 - "PUT http://[::1]:8080/2/58420/AUTH_602f37ceccf647698ef9e0fe4d0d45d5/gnocchi.7e5e0dde-a9bd-49da-b923-46b72c8fb1fb/none_v3" "tx60b1aafd51ab4fc6b36b1-00692d0e78" "object-server 97640" 0.0008 "-" 97342 0
Nov 30 22:41:44 np0005540556.novalocal container-server[97343]: ::1 - - [01/Dec/2025:03:41:44 +0000] "PUT /2/252927/AUTH_602f37ceccf647698ef9e0fe4d0d45d5/gnocchi.7e5e0dde-a9bd-49da-b923-46b72c8fb1fb/none_v3" 201 - "PUT http://[::1]:8080/1/58420/AUTH_602f37ceccf647698ef9e0fe4d0d45d5/gnocchi.7e5e0dde-a9bd-49da-b923-46b72c8fb1fb/none_v3" "tx60b1aafd51ab4fc6b36b1-00692d0e78" "object-server 97640" 0.0008 "-" 97343 0
Nov 30 22:41:44 np0005540556.novalocal object-server[97640]: ::1 - - [01/Dec/2025:03:41:44 +0000] "PUT /2/58420/AUTH_602f37ceccf647698ef9e0fe4d0d45d5/gnocchi.7e5e0dde-a9bd-49da-b923-46b72c8fb1fb/none_v3" 201 - "PUT https://[::1]:8080/v1/AUTH_602f37ceccf647698ef9e0fe4d0d45d5/gnocchi.7e5e0dde-a9bd-49da-b923-46b72c8fb1fb/none_v3" "tx60b1aafd51ab4fc6b36b1-00692d0e78" "proxy-server 98624" 0.0145 "-" 97640 0
Nov 30 22:41:44 np0005540556.novalocal object-server[97640]: ::1 - - [01/Dec/2025:03:41:44 +0000] "PUT /1/58420/AUTH_602f37ceccf647698ef9e0fe4d0d45d5/gnocchi.7e5e0dde-a9bd-49da-b923-46b72c8fb1fb/none_v3" 201 - "PUT https://[::1]:8080/v1/AUTH_602f37ceccf647698ef9e0fe4d0d45d5/gnocchi.7e5e0dde-a9bd-49da-b923-46b72c8fb1fb/none_v3" "tx60b1aafd51ab4fc6b36b1-00692d0e78" "proxy-server 98624" 0.0170 "-" 97640 0
Nov 30 22:41:44 np0005540556.novalocal proxy-server[98624]: ::1 ::1 01/Dec/2025/03/41/44 PUT /v1/AUTH_602f37ceccf647698ef9e0fe4d0d45d5/gnocchi.7e5e0dde-a9bd-49da-b923-46b72c8fb1fb/none_v3 HTTP/1.0 201 - python-swiftclient-4.8.0 gAAAAABpLQ4jjy8F... 43 - - tx60b1aafd51ab4fc6b36b1-00692d0e78 - 0.0234 - - 1764560504.885908842 1764560504.909260273 0 3cd24aa0af114855987a490c7d44632d
Nov 30 22:41:45 np0005540556.novalocal dnsmasq[104131]: read /var/lib/neutron/dhcp/83337bc1-f12c-496a-b7f2-d087a3bbdc64/addn_hosts - 1 addresses
Nov 30 22:41:45 np0005540556.novalocal dnsmasq-dhcp[104131]: read /var/lib/neutron/dhcp/83337bc1-f12c-496a-b7f2-d087a3bbdc64/host
Nov 30 22:41:45 np0005540556.novalocal dnsmasq-dhcp[104131]: read /var/lib/neutron/dhcp/83337bc1-f12c-496a-b7f2-d087a3bbdc64/opts
Nov 30 22:41:45 np0005540556.novalocal object-server[97640]: ::1 - - [01/Dec/2025:03:41:45 +0000] "GET /2/198789/AUTH_602f37ceccf647698ef9e0fe4d0d45d5/gnocchi.884f6019-dd14-416e-a740-45843d5efd1d/none_v3" 200 45 "GET https://[::1]:8080/v1/AUTH_602f37ceccf647698ef9e0fe4d0d45d5/gnocchi.884f6019-dd14-416e-a740-45843d5efd1d/none_v3" "tx1f7a311cfd5e429396c52-00692d0e79" "proxy-server 98624" 0.0010 "-" 97640 0
Nov 30 22:41:45 np0005540556.novalocal proxy-server[98624]: ::1 ::1 01/Dec/2025/03/41/45 GET /v1/AUTH_602f37ceccf647698ef9e0fe4d0d45d5/gnocchi.884f6019-dd14-416e-a740-45843d5efd1d/none_v3 HTTP/1.0 200 - python-swiftclient-4.8.0 gAAAAABpLQ4-yMSf... - 45 - tx1f7a311cfd5e429396c52-00692d0e79 - 0.0109 - - 1764560505.742089033 1764560505.752985716 0 3cd24aa0af114855987a490c7d44632d
Nov 30 22:41:45 np0005540556.novalocal container-server[97342]: ::1 - - [01/Dec/2025:03:41:45 +0000] "GET /3/186976/AUTH_602f37ceccf647698ef9e0fe4d0d45d5/gnocchi.884f6019-dd14-416e-a740-45843d5efd1d" 200 357 "GET https://[::1]:8080/v1/AUTH_602f37ceccf647698ef9e0fe4d0d45d5/gnocchi.884f6019-dd14-416e-a740-45843d5efd1d?format=json&states=listing" "tx029a229b394d44178f1ff-00692d0e79" "proxy-server 98624" 0.0098 "-" 97342 0
Nov 30 22:41:45 np0005540556.novalocal proxy-server[98624]: ::1 ::1 01/Dec/2025/03/41/45 GET /v1/AUTH_602f37ceccf647698ef9e0fe4d0d45d5/gnocchi.884f6019-dd14-416e-a740-45843d5efd1d%3Fformat%3Djson%26states%3Dlisting HTTP/1.0 200 - python-swiftclient-4.8.0 gAAAAABpLQ4-yMSf... - 357 - tx029a229b394d44178f1ff-00692d0e79 - 0.0214 - - 1764560505.757107019 1764560505.778480053 0 3cd24aa0af114855987a490c7d44632d
Nov 30 22:41:45 np0005540556.novalocal container-server[97343]: ::1 - - [01/Dec/2025:03:41:45 +0000] "GET /3/186976/AUTH_602f37ceccf647698ef9e0fe4d0d45d5/gnocchi.884f6019-dd14-416e-a740-45843d5efd1d" 200 2 "GET https://[::1]:8080/v1/AUTH_602f37ceccf647698ef9e0fe4d0d45d5/gnocchi.884f6019-dd14-416e-a740-45843d5efd1d?format=json&marker=none_v3&states=listing" "txd0fc56ce2e1b40e7b03db-00692d0e79" "proxy-server 98624" 0.0055 "-" 97343 0
Nov 30 22:41:45 np0005540556.novalocal proxy-server[98624]: ::1 ::1 01/Dec/2025/03/41/45 GET /v1/AUTH_602f37ceccf647698ef9e0fe4d0d45d5/gnocchi.884f6019-dd14-416e-a740-45843d5efd1d%3Fformat%3Djson%26marker%3Dnone_v3%26states%3Dlisting HTTP/1.0 200 - python-swiftclient-4.8.0 gAAAAABpLQ4-yMSf... - 2 - txd0fc56ce2e1b40e7b03db-00692d0e79 - 0.0197 - - 1764560505.783577204 1764560505.803318739 0 3cd24aa0af114855987a490c7d44632d
Nov 30 22:41:45 np0005540556.novalocal object-server[97639]: ::1 - - [01/Dec/2025:03:41:45 +0000] "GET /3/108168/AUTH_602f37ceccf647698ef9e0fe4d0d45d5/gnocchi.884f6019-dd14-416e-a740-45843d5efd1d/1763640000.0_mean_300.0_v3" 200 16 "GET https://[::1]:8080/v1/AUTH_602f37ceccf647698ef9e0fe4d0d45d5/gnocchi.884f6019-dd14-416e-a740-45843d5efd1d/1763640000.0_mean_300.0_v3" "tx18cfc7d1d26c49258283c-00692d0e79" "proxy-server 98624" 0.0011 "-" 97639 0
Nov 30 22:41:45 np0005540556.novalocal proxy-server[98624]: ::1 ::1 01/Dec/2025/03/41/45 GET /v1/AUTH_602f37ceccf647698ef9e0fe4d0d45d5/gnocchi.884f6019-dd14-416e-a740-45843d5efd1d/1763640000.0_mean_300.0_v3 HTTP/1.0 200 - python-swiftclient-4.8.0 gAAAAABpLQ4-yMSf... - 16 - tx18cfc7d1d26c49258283c-00692d0e79 - 0.0120 - - 1764560505.809496641 1764560505.821483850 0 3cd24aa0af114855987a490c7d44632d
Nov 30 22:41:45 np0005540556.novalocal container-server[97343]: ::1 - - [01/Dec/2025:03:41:45 +0000] "PUT /2/186976/AUTH_602f37ceccf647698ef9e0fe4d0d45d5/gnocchi.884f6019-dd14-416e-a740-45843d5efd1d/1763640000.0_mean_300.0_v3" 201 - "PUT http://[::1]:8080/2/108168/AUTH_602f37ceccf647698ef9e0fe4d0d45d5/gnocchi.884f6019-dd14-416e-a740-45843d5efd1d/1763640000.0_mean_300.0_v3" "tx2198c19d83074d7ead214-00692d0e79" "object-server 97640" 0.0009 "-" 97343 0
Nov 30 22:41:45 np0005540556.novalocal container-server[97342]: ::1 - - [01/Dec/2025:03:41:45 +0000] "PUT /1/186976/AUTH_602f37ceccf647698ef9e0fe4d0d45d5/gnocchi.884f6019-dd14-416e-a740-45843d5efd1d/1763640000.0_mean_300.0_v3" 201 - "PUT http://[::1]:8080/3/108168/AUTH_602f37ceccf647698ef9e0fe4d0d45d5/gnocchi.884f6019-dd14-416e-a740-45843d5efd1d/1763640000.0_mean_300.0_v3" "tx2198c19d83074d7ead214-00692d0e79" "object-server 97639" 0.0012 "-" 97342 0
Nov 30 22:41:45 np0005540556.novalocal object-server[97640]: ::1 - - [01/Dec/2025:03:41:45 +0000] "PUT /2/108168/AUTH_602f37ceccf647698ef9e0fe4d0d45d5/gnocchi.884f6019-dd14-416e-a740-45843d5efd1d/1763640000.0_mean_300.0_v3" 201 - "PUT https://[::1]:8080/v1/AUTH_602f37ceccf647698ef9e0fe4d0d45d5/gnocchi.884f6019-dd14-416e-a740-45843d5efd1d/1763640000.0_mean_300.0_v3" "tx2198c19d83074d7ead214-00692d0e79" "proxy-server 98624" 0.0198 "-" 97640 0
Nov 30 22:41:45 np0005540556.novalocal container-server[97343]: ::1 - - [01/Dec/2025:03:41:45 +0000] "PUT /3/186976/AUTH_602f37ceccf647698ef9e0fe4d0d45d5/gnocchi.884f6019-dd14-416e-a740-45843d5efd1d/1763640000.0_mean_300.0_v3" 201 - "PUT http://[::1]:8080/1/108168/AUTH_602f37ceccf647698ef9e0fe4d0d45d5/gnocchi.884f6019-dd14-416e-a740-45843d5efd1d/1763640000.0_mean_300.0_v3" "tx2198c19d83074d7ead214-00692d0e79" "object-server 97639" 0.0007 "-" 97343 0
Nov 30 22:41:45 np0005540556.novalocal object-server[97639]: ::1 - - [01/Dec/2025:03:41:45 +0000] "PUT /3/108168/AUTH_602f37ceccf647698ef9e0fe4d0d45d5/gnocchi.884f6019-dd14-416e-a740-45843d5efd1d/1763640000.0_mean_300.0_v3" 201 - "PUT https://[::1]:8080/v1/AUTH_602f37ceccf647698ef9e0fe4d0d45d5/gnocchi.884f6019-dd14-416e-a740-45843d5efd1d/1763640000.0_mean_300.0_v3" "tx2198c19d83074d7ead214-00692d0e79" "proxy-server 98624" 0.0218 "-" 97639 0
Nov 30 22:41:45 np0005540556.novalocal object-server[97639]: ::1 - - [01/Dec/2025:03:41:45 +0000] "PUT /1/108168/AUTH_602f37ceccf647698ef9e0fe4d0d45d5/gnocchi.884f6019-dd14-416e-a740-45843d5efd1d/1763640000.0_mean_300.0_v3" 201 - "PUT https://[::1]:8080/v1/AUTH_602f37ceccf647698ef9e0fe4d0d45d5/gnocchi.884f6019-dd14-416e-a740-45843d5efd1d/1763640000.0_mean_300.0_v3" "tx2198c19d83074d7ead214-00692d0e79" "proxy-server 98624" 0.0207 "-" 97639 0
Nov 30 22:41:45 np0005540556.novalocal proxy-server[98624]: ::1 ::1 01/Dec/2025/03/41/45 PUT /v1/AUTH_602f37ceccf647698ef9e0fe4d0d45d5/gnocchi.884f6019-dd14-416e-a740-45843d5efd1d/1763640000.0_mean_300.0_v3 HTTP/1.0 201 - python-swiftclient-4.8.0 gAAAAABpLQ4-yMSf... 16 - - tx2198c19d83074d7ead214-00692d0e79 - 0.0386 - - 1764560505.827251911 1764560505.865816593 0 3cd24aa0af114855987a490c7d44632d
Nov 30 22:41:45 np0005540556.novalocal container-server[97342]: ::1 - - [01/Dec/2025:03:41:45 +0000] "PUT /3/186976/AUTH_602f37ceccf647698ef9e0fe4d0d45d5/gnocchi.884f6019-dd14-416e-a740-45843d5efd1d/none_v3" 201 - "PUT http://[::1]:8080/3/198789/AUTH_602f37ceccf647698ef9e0fe4d0d45d5/gnocchi.884f6019-dd14-416e-a740-45843d5efd1d/none_v3" "txf03dd114cbdd487982599-00692d0e79" "object-server 97640" 0.0013 "-" 97342 0
Nov 30 22:41:45 np0005540556.novalocal object-server[97640]: ::1 - - [01/Dec/2025:03:41:45 +0000] "PUT /3/198789/AUTH_602f37ceccf647698ef9e0fe4d0d45d5/gnocchi.884f6019-dd14-416e-a740-45843d5efd1d/none_v3" 201 - "PUT https://[::1]:8080/v1/AUTH_602f37ceccf647698ef9e0fe4d0d45d5/gnocchi.884f6019-dd14-416e-a740-45843d5efd1d/none_v3" "txf03dd114cbdd487982599-00692d0e79" "proxy-server 98624" 0.0123 "-" 97640 0
Nov 30 22:41:45 np0005540556.novalocal container-server[97342]: ::1 - - [01/Dec/2025:03:41:45 +0000] "PUT /1/186976/AUTH_602f37ceccf647698ef9e0fe4d0d45d5/gnocchi.884f6019-dd14-416e-a740-45843d5efd1d/none_v3" 201 - "PUT http://[::1]:8080/2/198789/AUTH_602f37ceccf647698ef9e0fe4d0d45d5/gnocchi.884f6019-dd14-416e-a740-45843d5efd1d/none_v3" "txf03dd114cbdd487982599-00692d0e79" "object-server 97640" 0.0008 "-" 97342 0
Nov 30 22:41:45 np0005540556.novalocal object-server[97640]: ::1 - - [01/Dec/2025:03:41:45 +0000] "PUT /2/198789/AUTH_602f37ceccf647698ef9e0fe4d0d45d5/gnocchi.884f6019-dd14-416e-a740-45843d5efd1d/none_v3" 201 - "PUT https://[::1]:8080/v1/AUTH_602f37ceccf647698ef9e0fe4d0d45d5/gnocchi.884f6019-dd14-416e-a740-45843d5efd1d/none_v3" "txf03dd114cbdd487982599-00692d0e79" "proxy-server 98624" 0.0169 "-" 97640 0
Nov 30 22:41:45 np0005540556.novalocal container-server[97342]: ::1 - - [01/Dec/2025:03:41:45 +0000] "PUT /2/186976/AUTH_602f37ceccf647698ef9e0fe4d0d45d5/gnocchi.884f6019-dd14-416e-a740-45843d5efd1d/none_v3" 201 - "PUT http://[::1]:8080/1/198789/AUTH_602f37ceccf647698ef9e0fe4d0d45d5/gnocchi.884f6019-dd14-416e-a740-45843d5efd1d/none_v3" "txf03dd114cbdd487982599-00692d0e79" "object-server 97639" 0.0008 "-" 97342 0
Nov 30 22:41:45 np0005540556.novalocal object-server[97639]: ::1 - - [01/Dec/2025:03:41:45 +0000] "PUT /1/198789/AUTH_602f37ceccf647698ef9e0fe4d0d45d5/gnocchi.884f6019-dd14-416e-a740-45843d5efd1d/none_v3" 201 - "PUT https://[::1]:8080/v1/AUTH_602f37ceccf647698ef9e0fe4d0d45d5/gnocchi.884f6019-dd14-416e-a740-45843d5efd1d/none_v3" "txf03dd114cbdd487982599-00692d0e79" "proxy-server 98624" 0.0191 "-" 97639 0
