Nov 30 22:41:00 np0005540556.novalocal account-server[97043]: ::1 - - [01/Dec/2025:03:41:00 +0000] "PUT /1/108421/AUTH_602f37ceccf647698ef9e0fe4d0d45d5/gnocchi.d54d159a-c0ac-4303-b637-c553639d6337" 201 - "PUT http://[::1]:6001/1/145288/AUTH_602f37ceccf647698ef9e0fe4d0d45d5/gnocchi.d54d159a-c0ac-4303-b637-c553639d6337" "txe7a046ba0be442dab00df-00692d0e4b" "container-server 97342" 0.0056 "-" 97043 0
Nov 30 22:41:00 np0005540556.novalocal container-server[97342]: ::1 - - [01/Dec/2025:03:41:00 +0000] "PUT /1/145288/AUTH_602f37ceccf647698ef9e0fe4d0d45d5/gnocchi.d54d159a-c0ac-4303-b637-c553639d6337" 201 - "PUT https://[::1]:8080/v1/AUTH_602f37ceccf647698ef9e0fe4d0d45d5/gnocchi.d54d159a-c0ac-4303-b637-c553639d6337" "txe7a046ba0be442dab00df-00692d0e4b" "proxy-server 98624" 0.0282 "-" 97342 0
Nov 30 22:41:00 np0005540556.novalocal proxy-server[98624]: ::1 ::1 01/Dec/2025/03/41/00 PUT /v1/AUTH_602f37ceccf647698ef9e0fe4d0d45d5/gnocchi.d54d159a-c0ac-4303-b637-c553639d6337 HTTP/1.0 201 - python-swiftclient-4.8.0 gAAAAABpLQ4jjy8F... - - - txe7a046ba0be442dab00df-00692d0e4b - 0.0616 - - 1764560459.955644369 1764560460.017213345 0 3cd24aa0af114855987a490c7d44632d
Nov 30 22:41:00 np0005540556.novalocal container-server[97343]: ::1 - - [01/Dec/2025:03:41:00 +0000] "HEAD /2/145288/AUTH_602f37ceccf647698ef9e0fe4d0d45d5/gnocchi.d54d159a-c0ac-4303-b637-c553639d6337" 204 - "HEAD http://[::1]:8080/v1/AUTH_602f37ceccf647698ef9e0fe4d0d45d5/gnocchi.d54d159a-c0ac-4303-b637-c553639d6337" "tx51b2d93598494d21a6624-00692d0e4c" "proxy-server 98624" 0.0024 "-" 97343 0
Nov 30 22:41:00 np0005540556.novalocal proxy-server[98624]: - - 01/Dec/2025/03/41/00 HEAD /v1/AUTH_602f37ceccf647698ef9e0fe4d0d45d5/gnocchi.d54d159a-c0ac-4303-b637-c553639d6337 HTTP/1.0 204 - Swift - - - - tx51b2d93598494d21a6624-00692d0e4c - 0.0080 CS - 1764560460.023061037 1764560460.031074762 0 -
Nov 30 22:41:00 np0005540556.novalocal container-server[97342]: ::1 - - [01/Dec/2025:03:41:00 +0000] "GET /2/145288/AUTH_602f37ceccf647698ef9e0fe4d0d45d5/gnocchi.d54d159a-c0ac-4303-b637-c553639d6337" 200 2 "GET https://[::1]:8080/v1/AUTH_602f37ceccf647698ef9e0fe4d0d45d5/gnocchi.d54d159a-c0ac-4303-b637-c553639d6337?format=json&states=listing" "tx51b2d93598494d21a6624-00692d0e4c" "proxy-server 98624" 0.0036 "-" 97342 0
Nov 30 22:41:00 np0005540556.novalocal proxy-server[98624]: ::1 ::1 01/Dec/2025/03/41/00 GET /v1/AUTH_602f37ceccf647698ef9e0fe4d0d45d5/gnocchi.d54d159a-c0ac-4303-b637-c553639d6337%3Fformat%3Djson%26states%3Dlisting HTTP/1.0 200 - python-swiftclient-4.8.0 gAAAAABpLQ4jjy8F... - 2 - tx51b2d93598494d21a6624-00692d0e4c - 0.0233 - - 1764560460.022039413 1764560460.045300245 0 3cd24aa0af114855987a490c7d44632d
Nov 30 22:41:00 np0005540556.novalocal object-server[97640]: ::1 - - [01/Dec/2025:03:41:00 +0000] "GET /2/193067/AUTH_602f37ceccf647698ef9e0fe4d0d45d5/gnocchi.d54d159a-c0ac-4303-b637-c553639d6337/1763640000.0_mean_300.0_v3" 404 70 "GET https://[::1]:8080/v1/AUTH_602f37ceccf647698ef9e0fe4d0d45d5/gnocchi.d54d159a-c0ac-4303-b637-c553639d6337/1763640000.0_mean_300.0_v3" "tx61f517cead6545ada844e-00692d0e4c" "proxy-server 98624" 0.0004 "-" 97640 0
Nov 30 22:41:00 np0005540556.novalocal object-server[97640]: ::1 - - [01/Dec/2025:03:41:00 +0000] "GET /1/193067/AUTH_602f37ceccf647698ef9e0fe4d0d45d5/gnocchi.d54d159a-c0ac-4303-b637-c553639d6337/1763640000.0_mean_300.0_v3" 404 70 "GET https://[::1]:8080/v1/AUTH_602f37ceccf647698ef9e0fe4d0d45d5/gnocchi.d54d159a-c0ac-4303-b637-c553639d6337/1763640000.0_mean_300.0_v3" "tx61f517cead6545ada844e-00692d0e4c" "proxy-server 98624" 0.0002 "-" 97640 0
Nov 30 22:41:00 np0005540556.novalocal object-server[97639]: ::1 - - [01/Dec/2025:03:41:00 +0000] "GET /3/193067/AUTH_602f37ceccf647698ef9e0fe4d0d45d5/gnocchi.d54d159a-c0ac-4303-b637-c553639d6337/1763640000.0_mean_300.0_v3" 404 70 "GET https://[::1]:8080/v1/AUTH_602f37ceccf647698ef9e0fe4d0d45d5/gnocchi.d54d159a-c0ac-4303-b637-c553639d6337/1763640000.0_mean_300.0_v3" "tx61f517cead6545ada844e-00692d0e4c" "proxy-server 98624" 0.0004 "-" 97639 0
Nov 30 22:41:00 np0005540556.novalocal proxy-server[98624]: ::1 ::1 01/Dec/2025/03/41/00 GET /v1/AUTH_602f37ceccf647698ef9e0fe4d0d45d5/gnocchi.d54d159a-c0ac-4303-b637-c553639d6337/1763640000.0_mean_300.0_v3 HTTP/1.0 404 - python-swiftclient-4.8.0 gAAAAABpLQ4jjy8F... - 70 - tx61f517cead6545ada844e-00692d0e4c - 0.0149 - - 1764560460.050175905 1764560460.065073729 0 3cd24aa0af114855987a490c7d44632d
Nov 30 22:41:00 np0005540556.novalocal container-server[97343]: ::1 - - [01/Dec/2025:03:41:00 +0000] "PUT /2/145288/AUTH_602f37ceccf647698ef9e0fe4d0d45d5/gnocchi.d54d159a-c0ac-4303-b637-c553639d6337/1763640000.0_mean_300.0_v3" 201 - "PUT http://[::1]:8080/1/193067/AUTH_602f37ceccf647698ef9e0fe4d0d45d5/gnocchi.d54d159a-c0ac-4303-b637-c553639d6337/1763640000.0_mean_300.0_v3" "tx58093ea96277442bbf9c4-00692d0e4c" "object-server 97640" 0.0009 "-" 97343 0
Nov 30 22:41:00 np0005540556.novalocal object-server[97640]: ::1 - - [01/Dec/2025:03:41:00 +0000] "PUT /1/193067/AUTH_602f37ceccf647698ef9e0fe4d0d45d5/gnocchi.d54d159a-c0ac-4303-b637-c553639d6337/1763640000.0_mean_300.0_v3" 201 - "PUT https://[::1]:8080/v1/AUTH_602f37ceccf647698ef9e0fe4d0d45d5/gnocchi.d54d159a-c0ac-4303-b637-c553639d6337/1763640000.0_mean_300.0_v3" "tx58093ea96277442bbf9c4-00692d0e4c" "proxy-server 98624" 0.0104 "-" 97640 0
Nov 30 22:41:00 np0005540556.novalocal container-server[97342]: ::1 - - [01/Dec/2025:03:41:00 +0000] "PUT /1/145288/AUTH_602f37ceccf647698ef9e0fe4d0d45d5/gnocchi.d54d159a-c0ac-4303-b637-c553639d6337/1763640000.0_mean_300.0_v3" 201 - "PUT http://[::1]:8080/2/193067/AUTH_602f37ceccf647698ef9e0fe4d0d45d5/gnocchi.d54d159a-c0ac-4303-b637-c553639d6337/1763640000.0_mean_300.0_v3" "tx58093ea96277442bbf9c4-00692d0e4c" "object-server 97639" 0.0011 "-" 97342 0
Nov 30 22:41:00 np0005540556.novalocal container-server[97343]: ::1 - - [01/Dec/2025:03:41:00 +0000] "PUT /3/145288/AUTH_602f37ceccf647698ef9e0fe4d0d45d5/gnocchi.d54d159a-c0ac-4303-b637-c553639d6337/1763640000.0_mean_300.0_v3" 201 - "PUT http://[::1]:8080/3/193067/AUTH_602f37ceccf647698ef9e0fe4d0d45d5/gnocchi.d54d159a-c0ac-4303-b637-c553639d6337/1763640000.0_mean_300.0_v3" "tx58093ea96277442bbf9c4-00692d0e4c" "object-server 97640" 0.0007 "-" 97343 0
Nov 30 22:41:00 np0005540556.novalocal object-server[97640]: ::1 - - [01/Dec/2025:03:41:00 +0000] "PUT /3/193067/AUTH_602f37ceccf647698ef9e0fe4d0d45d5/gnocchi.d54d159a-c0ac-4303-b637-c553639d6337/1763640000.0_mean_300.0_v3" 201 - "PUT https://[::1]:8080/v1/AUTH_602f37ceccf647698ef9e0fe4d0d45d5/gnocchi.d54d159a-c0ac-4303-b637-c553639d6337/1763640000.0_mean_300.0_v3" "tx58093ea96277442bbf9c4-00692d0e4c" "proxy-server 98624" 0.0142 "-" 97640 0
Nov 30 22:41:00 np0005540556.novalocal object-server[97639]: ::1 - - [01/Dec/2025:03:41:00 +0000] "PUT /2/193067/AUTH_602f37ceccf647698ef9e0fe4d0d45d5/gnocchi.d54d159a-c0ac-4303-b637-c553639d6337/1763640000.0_mean_300.0_v3" 201 - "PUT https://[::1]:8080/v1/AUTH_602f37ceccf647698ef9e0fe4d0d45d5/gnocchi.d54d159a-c0ac-4303-b637-c553639d6337/1763640000.0_mean_300.0_v3" "tx58093ea96277442bbf9c4-00692d0e4c" "proxy-server 98624" 0.0129 "-" 97639 0
Nov 30 22:41:00 np0005540556.novalocal proxy-server[98624]: ::1 ::1 01/Dec/2025/03/41/00 PUT /v1/AUTH_602f37ceccf647698ef9e0fe4d0d45d5/gnocchi.d54d159a-c0ac-4303-b637-c553639d6337/1763640000.0_mean_300.0_v3 HTTP/1.0 201 - python-swiftclient-4.8.0 gAAAAABpLQ4jjy8F... 16 - - tx58093ea96277442bbf9c4-00692d0e4c - 0.0267 - - 1764560460.070369482 1764560460.097060680 0 3cd24aa0af114855987a490c7d44632d
Nov 30 22:41:00 np0005540556.novalocal container-server[97343]: ::1 - - [01/Dec/2025:03:41:00 +0000] "PUT /2/145288/AUTH_602f37ceccf647698ef9e0fe4d0d45d5/gnocchi.d54d159a-c0ac-4303-b637-c553639d6337/none_v3" 201 - "PUT http://[::1]:8080/3/180346/AUTH_602f37ceccf647698ef9e0fe4d0d45d5/gnocchi.d54d159a-c0ac-4303-b637-c553639d6337/none_v3" "txf870545bb1ac4336baaba-00692d0e4c" "object-server 97640" 0.0007 "-" 97343 0
Nov 30 22:41:00 np0005540556.novalocal object-server[97640]: ::1 - - [01/Dec/2025:03:41:00 +0000] "PUT /3/180346/AUTH_602f37ceccf647698ef9e0fe4d0d45d5/gnocchi.d54d159a-c0ac-4303-b637-c553639d6337/none_v3" 201 - "PUT https://[::1]:8080/v1/AUTH_602f37ceccf647698ef9e0fe4d0d45d5/gnocchi.d54d159a-c0ac-4303-b637-c553639d6337/none_v3" "txf870545bb1ac4336baaba-00692d0e4c" "proxy-server 98624" 0.0121 "-" 97640 0
Nov 30 22:41:00 np0005540556.novalocal container-server[97342]: ::1 - - [01/Dec/2025:03:41:00 +0000] "PUT /1/145288/AUTH_602f37ceccf647698ef9e0fe4d0d45d5/gnocchi.d54d159a-c0ac-4303-b637-c553639d6337/none_v3" 201 - "PUT http://[::1]:8080/1/180346/AUTH_602f37ceccf647698ef9e0fe4d0d45d5/gnocchi.d54d159a-c0ac-4303-b637-c553639d6337/none_v3" "txf870545bb1ac4336baaba-00692d0e4c" "object-server 97640" 0.0008 "-" 97342 0
Nov 30 22:41:00 np0005540556.novalocal object-server[97640]: ::1 - - [01/Dec/2025:03:41:00 +0000] "PUT /1/180346/AUTH_602f37ceccf647698ef9e0fe4d0d45d5/gnocchi.d54d159a-c0ac-4303-b637-c553639d6337/none_v3" 201 - "PUT https://[::1]:8080/v1/AUTH_602f37ceccf647698ef9e0fe4d0d45d5/gnocchi.d54d159a-c0ac-4303-b637-c553639d6337/none_v3" "txf870545bb1ac4336baaba-00692d0e4c" "proxy-server 98624" 0.0165 "-" 97640 0
Nov 30 22:41:00 np0005540556.novalocal container-server[97342]: ::1 - - [01/Dec/2025:03:41:00 +0000] "PUT /3/145288/AUTH_602f37ceccf647698ef9e0fe4d0d45d5/gnocchi.d54d159a-c0ac-4303-b637-c553639d6337/none_v3" 201 - "PUT http://[::1]:8080/2/180346/AUTH_602f37ceccf647698ef9e0fe4d0d45d5/gnocchi.d54d159a-c0ac-4303-b637-c553639d6337/none_v3" "txf870545bb1ac4336baaba-00692d0e4c" "object-server 97639" 0.0007 "-" 97342 0
Nov 30 22:41:00 np0005540556.novalocal object-server[97639]: ::1 - - [01/Dec/2025:03:41:00 +0000] "PUT /2/180346/AUTH_602f37ceccf647698ef9e0fe4d0d45d5/gnocchi.d54d159a-c0ac-4303-b637-c553639d6337/none_v3" 201 - "PUT https://[::1]:8080/v1/AUTH_602f37ceccf647698ef9e0fe4d0d45d5/gnocchi.d54d159a-c0ac-4303-b637-c553639d6337/none_v3" "txf870545bb1ac4336baaba-00692d0e4c" "proxy-server 98624" 0.0180 "-" 97639 0
Nov 30 22:41:00 np0005540556.novalocal proxy-server[98624]: ::1 ::1 01/Dec/2025/03/41/00 PUT /v1/AUTH_602f37ceccf647698ef9e0fe4d0d45d5/gnocchi.d54d159a-c0ac-4303-b637-c553639d6337/none_v3 HTTP/1.0 201 - python-swiftclient-4.8.0 gAAAAABpLQ4jjy8F... 22 - - txf870545bb1ac4336baaba-00692d0e4c - 0.0303 - - 1764560460.100394011 1764560460.130651712 0 3cd24aa0af114855987a490c7d44632d
Nov 30 22:41:00 np0005540556.novalocal container-server[97343]: ::1 - - [01/Dec/2025:03:41:00 +0000] "HEAD /3/48869/AUTH_602f37ceccf647698ef9e0fe4d0d45d5/gnocchi.28eae661-0861-456c-a83e-da31f17f923c" 404 - "HEAD http://[::1]:8080/v1/AUTH_602f37ceccf647698ef9e0fe4d0d45d5/gnocchi.28eae661-0861-456c-a83e-da31f17f923c" "txea60055b45b040f988688-00692d0e4c" "proxy-server 98624" 0.0005 "-" 97343 0
Nov 30 22:41:00 np0005540556.novalocal container-server[97343]: ::1 - - [01/Dec/2025:03:41:00 +0000] "HEAD /1/48869/AUTH_602f37ceccf647698ef9e0fe4d0d45d5/gnocchi.28eae661-0861-456c-a83e-da31f17f923c" 404 - "HEAD http://[::1]:8080/v1/AUTH_602f37ceccf647698ef9e0fe4d0d45d5/gnocchi.28eae661-0861-456c-a83e-da31f17f923c" "txea60055b45b040f988688-00692d0e4c" "proxy-server 98624" 0.0003 "-" 97343 0
Nov 30 22:41:00 np0005540556.novalocal container-server[97342]: ::1 - - [01/Dec/2025:03:41:00 +0000] "HEAD /2/48869/AUTH_602f37ceccf647698ef9e0fe4d0d45d5/gnocchi.28eae661-0861-456c-a83e-da31f17f923c" 404 - "HEAD http://[::1]:8080/v1/AUTH_602f37ceccf647698ef9e0fe4d0d45d5/gnocchi.28eae661-0861-456c-a83e-da31f17f923c" "txea60055b45b040f988688-00692d0e4c" "proxy-server 98624" 0.0003 "-" 97342 0
Nov 30 22:41:00 np0005540556.novalocal proxy-server[98624]: - - 01/Dec/2025/03/41/00 HEAD /v1/AUTH_602f37ceccf647698ef9e0fe4d0d45d5/gnocchi.28eae661-0861-456c-a83e-da31f17f923c HTTP/1.0 404 - Swift - - - - txea60055b45b040f988688-00692d0e4c - 0.0152 CS - 1764560460.157834053 1764560460.173054457 0 -
Nov 30 22:41:00 np0005540556.novalocal object-server[97639]: ::1 - - [01/Dec/2025:03:41:00 +0000] "GET /3/136455/AUTH_602f37ceccf647698ef9e0fe4d0d45d5/gnocchi.28eae661-0861-456c-a83e-da31f17f923c/none_v3" 404 70 "GET https://[::1]:8080/v1/AUTH_602f37ceccf647698ef9e0fe4d0d45d5/gnocchi.28eae661-0861-456c-a83e-da31f17f923c/none_v3" "txea60055b45b040f988688-00692d0e4c" "proxy-server 98624" 0.0005 "-" 97639 0
Nov 30 22:41:00 np0005540556.novalocal object-server[97640]: ::1 - - [01/Dec/2025:03:41:00 +0000] "GET /1/136455/AUTH_602f37ceccf647698ef9e0fe4d0d45d5/gnocchi.28eae661-0861-456c-a83e-da31f17f923c/none_v3" 404 70 "GET https://[::1]:8080/v1/AUTH_602f37ceccf647698ef9e0fe4d0d45d5/gnocchi.28eae661-0861-456c-a83e-da31f17f923c/none_v3" "txea60055b45b040f988688-00692d0e4c" "proxy-server 98624" 0.0008 "-" 97640 0
Nov 30 22:41:00 np0005540556.novalocal object-server[97640]: ::1 - - [01/Dec/2025:03:41:00 +0000] "GET /2/136455/AUTH_602f37ceccf647698ef9e0fe4d0d45d5/gnocchi.28eae661-0861-456c-a83e-da31f17f923c/none_v3" 404 70 "GET https://[::1]:8080/v1/AUTH_602f37ceccf647698ef9e0fe4d0d45d5/gnocchi.28eae661-0861-456c-a83e-da31f17f923c/none_v3" "txea60055b45b040f988688-00692d0e4c" "proxy-server 98624" 0.0004 "-" 97640 0
Nov 30 22:41:00 np0005540556.novalocal proxy-server[98624]: ::1 ::1 01/Dec/2025/03/41/00 GET /v1/AUTH_602f37ceccf647698ef9e0fe4d0d45d5/gnocchi.28eae661-0861-456c-a83e-da31f17f923c/none_v3 HTTP/1.0 404 - python-swiftclient-4.8.0 gAAAAABpLQ4jjy8F... - 70 - txea60055b45b040f988688-00692d0e4c - 0.0388 - - 1764560460.156687260 1764560460.195486546 0 3cd24aa0af114855987a490c7d44632d
Nov 30 22:41:00 np0005540556.novalocal account-server[97043]: ::1 - - [01/Dec/2025:03:41:00 +0000] "PUT /1/108421/AUTH_602f37ceccf647698ef9e0fe4d0d45d5/gnocchi.28eae661-0861-456c-a83e-da31f17f923c" 201 - "PUT http://[::1]:6001/3/48869/AUTH_602f37ceccf647698ef9e0fe4d0d45d5/gnocchi.28eae661-0861-456c-a83e-da31f17f923c" "tx3b29d95cdec144249c5f3-00692d0e4c" "container-server 97342" 0.0055 "-" 97043 0
Nov 30 22:41:00 np0005540556.novalocal container-server[97342]: ::1 - - [01/Dec/2025:03:41:00 +0000] "PUT /3/48869/AUTH_602f37ceccf647698ef9e0fe4d0d45d5/gnocchi.28eae661-0861-456c-a83e-da31f17f923c" 201 - "PUT https://[::1]:8080/v1/AUTH_602f37ceccf647698ef9e0fe4d0d45d5/gnocchi.28eae661-0861-456c-a83e-da31f17f923c" "tx3b29d95cdec144249c5f3-00692d0e4c" "proxy-server 98624" 0.0168 "-" 97342 0
Nov 30 22:41:00 np0005540556.novalocal account-server[97042]: ::1 - - [01/Dec/2025:03:41:00 +0000] "PUT /3/108421/AUTH_602f37ceccf647698ef9e0fe4d0d45d5/gnocchi.28eae661-0861-456c-a83e-da31f17f923c" 201 - "PUT http://[::1]:6001/2/48869/AUTH_602f37ceccf647698ef9e0fe4d0d45d5/gnocchi.28eae661-0861-456c-a83e-da31f17f923c" "tx3b29d95cdec144249c5f3-00692d0e4c" "container-server 97343" 0.0071 "-" 97042 0
Nov 30 22:41:00 np0005540556.novalocal account-server[97043]: ::1 - - [01/Dec/2025:03:41:00 +0000] "PUT /2/108421/AUTH_602f37ceccf647698ef9e0fe4d0d45d5/gnocchi.28eae661-0861-456c-a83e-da31f17f923c" 201 - "PUT http://[::1]:6001/1/48869/AUTH_602f37ceccf647698ef9e0fe4d0d45d5/gnocchi.28eae661-0861-456c-a83e-da31f17f923c" "tx3b29d95cdec144249c5f3-00692d0e4c" "container-server 97343" 0.0067 "-" 97043 0
Nov 30 22:41:00 np0005540556.novalocal container-server[97343]: ::1 - - [01/Dec/2025:03:41:00 +0000] "PUT /2/48869/AUTH_602f37ceccf647698ef9e0fe4d0d45d5/gnocchi.28eae661-0861-456c-a83e-da31f17f923c" 201 - "PUT https://[::1]:8080/v1/AUTH_602f37ceccf647698ef9e0fe4d0d45d5/gnocchi.28eae661-0861-456c-a83e-da31f17f923c" "tx3b29d95cdec144249c5f3-00692d0e4c" "proxy-server 98624" 0.0361 "-" 97343 0
Nov 30 22:41:00 np0005540556.novalocal container-server[97343]: ::1 - - [01/Dec/2025:03:41:00 +0000] "PUT /1/48869/AUTH_602f37ceccf647698ef9e0fe4d0d45d5/gnocchi.28eae661-0861-456c-a83e-da31f17f923c" 201 - "PUT https://[::1]:8080/v1/AUTH_602f37ceccf647698ef9e0fe4d0d45d5/gnocchi.28eae661-0861-456c-a83e-da31f17f923c" "tx3b29d95cdec144249c5f3-00692d0e4c" "proxy-server 98624" 0.0258 "-" 97343 0
Nov 30 22:41:00 np0005540556.novalocal proxy-server[98624]: ::1 ::1 01/Dec/2025/03/41/00 PUT /v1/AUTH_602f37ceccf647698ef9e0fe4d0d45d5/gnocchi.28eae661-0861-456c-a83e-da31f17f923c HTTP/1.0 201 - python-swiftclient-4.8.0 gAAAAABpLQ4jjy8F... - - - tx3b29d95cdec144249c5f3-00692d0e4c - 0.0514 - - 1764560460.201056004 1764560460.252476692 0 3cd24aa0af114855987a490c7d44632d
Nov 30 22:41:00 np0005540556.novalocal haproxy-metadata-proxy-9cb17448-9aba-4e59-bad9-3ca98ebf9636[104090]: ::ffff:10.100.0.9:57600 [30/Nov/2025:22:40:59.228] listener listener/metadata 0/0/0/1024/1024 200 87 - - ---- 1/1/0/0/0 0/0 "GET /2009-04-04/meta-data/ami-launch-index HTTP/1.1"
Nov 30 22:41:00 np0005540556.novalocal container-server[97343]: ::1 - - [01/Dec/2025:03:41:00 +0000] "HEAD /1/48869/AUTH_602f37ceccf647698ef9e0fe4d0d45d5/gnocchi.28eae661-0861-456c-a83e-da31f17f923c" 204 - "HEAD http://[::1]:8080/v1/AUTH_602f37ceccf647698ef9e0fe4d0d45d5/gnocchi.28eae661-0861-456c-a83e-da31f17f923c" "tx726f71099bc942fba9eb4-00692d0e4c" "proxy-server 98624" 0.0023 "-" 97343 0
Nov 30 22:41:00 np0005540556.novalocal proxy-server[98624]: - - 01/Dec/2025/03/41/00 HEAD /v1/AUTH_602f37ceccf647698ef9e0fe4d0d45d5/gnocchi.28eae661-0861-456c-a83e-da31f17f923c HTTP/1.0 204 - Swift - - - - tx726f71099bc942fba9eb4-00692d0e4c - 0.0081 CS - 1764560460.260918856 1764560460.268993616 0 -
Nov 30 22:41:00 np0005540556.novalocal container-server[97342]: ::1 - - [01/Dec/2025:03:41:00 +0000] "GET /2/48869/AUTH_602f37ceccf647698ef9e0fe4d0d45d5/gnocchi.28eae661-0861-456c-a83e-da31f17f923c" 200 2 "GET https://[::1]:8080/v1/AUTH_602f37ceccf647698ef9e0fe4d0d45d5/gnocchi.28eae661-0861-456c-a83e-da31f17f923c?format=json&states=listing" "tx726f71099bc942fba9eb4-00692d0e4c" "proxy-server 98624" 0.0039 "-" 97342 0
Nov 30 22:41:00 np0005540556.novalocal proxy-server[98624]: ::1 ::1 01/Dec/2025/03/41/00 GET /v1/AUTH_602f37ceccf647698ef9e0fe4d0d45d5/gnocchi.28eae661-0861-456c-a83e-da31f17f923c%3Fformat%3Djson%26states%3Dlisting HTTP/1.0 200 - python-swiftclient-4.8.0 gAAAAABpLQ4jjy8F... - 2 - tx726f71099bc942fba9eb4-00692d0e4c - 0.0252 - - 1764560460.259703636 1764560460.284894943 0 3cd24aa0af114855987a490c7d44632d
Nov 30 22:41:00 np0005540556.novalocal object-server[97640]: ::1 - - [01/Dec/2025:03:41:00 +0000] "GET /3/110244/AUTH_602f37ceccf647698ef9e0fe4d0d45d5/gnocchi.28eae661-0861-456c-a83e-da31f17f923c/1763640000.0_mean_300.0_v3" 404 70 "GET https://[::1]:8080/v1/AUTH_602f37ceccf647698ef9e0fe4d0d45d5/gnocchi.28eae661-0861-456c-a83e-da31f17f923c/1763640000.0_mean_300.0_v3" "txfd6486d87d184d1bbfb17-00692d0e4c" "proxy-server 98624" 0.0007 "-" 97640 0
Nov 30 22:41:00 np0005540556.novalocal object-server[97639]: ::1 - - [01/Dec/2025:03:41:00 +0000] "GET /2/110244/AUTH_602f37ceccf647698ef9e0fe4d0d45d5/gnocchi.28eae661-0861-456c-a83e-da31f17f923c/1763640000.0_mean_300.0_v3" 404 70 "GET https://[::1]:8080/v1/AUTH_602f37ceccf647698ef9e0fe4d0d45d5/gnocchi.28eae661-0861-456c-a83e-da31f17f923c/1763640000.0_mean_300.0_v3" "txfd6486d87d184d1bbfb17-00692d0e4c" "proxy-server 98624" 0.0004 "-" 97639 0
Nov 30 22:41:00 np0005540556.novalocal object-server[97640]: ::1 - - [01/Dec/2025:03:41:00 +0000] "GET /1/110244/AUTH_602f37ceccf647698ef9e0fe4d0d45d5/gnocchi.28eae661-0861-456c-a83e-da31f17f923c/1763640000.0_mean_300.0_v3" 404 70 "GET https://[::1]:8080/v1/AUTH_602f37ceccf647698ef9e0fe4d0d45d5/gnocchi.28eae661-0861-456c-a83e-da31f17f923c/1763640000.0_mean_300.0_v3" "txfd6486d87d184d1bbfb17-00692d0e4c" "proxy-server 98624" 0.0004 "-" 97640 0
Nov 30 22:41:00 np0005540556.novalocal proxy-server[98624]: ::1 ::1 01/Dec/2025/03/41/00 GET /v1/AUTH_602f37ceccf647698ef9e0fe4d0d45d5/gnocchi.28eae661-0861-456c-a83e-da31f17f923c/1763640000.0_mean_300.0_v3 HTTP/1.0 404 - python-swiftclient-4.8.0 gAAAAABpLQ4jjy8F... - 70 - txfd6486d87d184d1bbfb17-00692d0e4c - 0.0195 - - 1764560460.292151690 1764560460.311691523 0 3cd24aa0af114855987a490c7d44632d
Nov 30 22:41:00 np0005540556.novalocal container-server[97343]: ::1 - - [01/Dec/2025:03:41:00 +0000] "PUT /2/48869/AUTH_602f37ceccf647698ef9e0fe4d0d45d5/gnocchi.28eae661-0861-456c-a83e-da31f17f923c/1763640000.0_mean_300.0_v3" 201 - "PUT http://[::1]:8080/2/110244/AUTH_602f37ceccf647698ef9e0fe4d0d45d5/gnocchi.28eae661-0861-456c-a83e-da31f17f923c/1763640000.0_mean_300.0_v3" "tx6fee181bfec849a1b47f3-00692d0e4c" "object-server 97639" 0.0011 "-" 97343 0
Nov 30 22:41:00 np0005540556.novalocal object-server[97639]: ::1 - - [01/Dec/2025:03:41:00 +0000] "PUT /2/110244/AUTH_602f37ceccf647698ef9e0fe4d0d45d5/gnocchi.28eae661-0861-456c-a83e-da31f17f923c/1763640000.0_mean_300.0_v3" 201 - "PUT https://[::1]:8080/v1/AUTH_602f37ceccf647698ef9e0fe4d0d45d5/gnocchi.28eae661-0861-456c-a83e-da31f17f923c/1763640000.0_mean_300.0_v3" "tx6fee181bfec849a1b47f3-00692d0e4c" "proxy-server 98624" 0.0165 "-" 97639 0
Nov 30 22:41:00 np0005540556.novalocal container-server[97343]: ::1 - - [01/Dec/2025:03:41:00 +0000] "PUT /3/48869/AUTH_602f37ceccf647698ef9e0fe4d0d45d5/gnocchi.28eae661-0861-456c-a83e-da31f17f923c/1763640000.0_mean_300.0_v3" 201 - "PUT http://[::1]:8080/3/110244/AUTH_602f37ceccf647698ef9e0fe4d0d45d5/gnocchi.28eae661-0861-456c-a83e-da31f17f923c/1763640000.0_mean_300.0_v3" "tx6fee181bfec849a1b47f3-00692d0e4c" "object-server 97640" 0.0008 "-" 97343 0
Nov 30 22:41:00 np0005540556.novalocal object-server[97640]: ::1 - - [01/Dec/2025:03:41:00 +0000] "PUT /3/110244/AUTH_602f37ceccf647698ef9e0fe4d0d45d5/gnocchi.28eae661-0861-456c-a83e-da31f17f923c/1763640000.0_mean_300.0_v3" 201 - "PUT https://[::1]:8080/v1/AUTH_602f37ceccf647698ef9e0fe4d0d45d5/gnocchi.28eae661-0861-456c-a83e-da31f17f923c/1763640000.0_mean_300.0_v3" "tx6fee181bfec849a1b47f3-00692d0e4c" "proxy-server 98624" 0.0196 "-" 97640 0
Nov 30 22:41:00 np0005540556.novalocal container-server[97343]: ::1 - - [01/Dec/2025:03:41:00 +0000] "PUT /1/48869/AUTH_602f37ceccf647698ef9e0fe4d0d45d5/gnocchi.28eae661-0861-456c-a83e-da31f17f923c/1763640000.0_mean_300.0_v3" 201 - "PUT http://[::1]:8080/1/110244/AUTH_602f37ceccf647698ef9e0fe4d0d45d5/gnocchi.28eae661-0861-456c-a83e-da31f17f923c/1763640000.0_mean_300.0_v3" "tx6fee181bfec849a1b47f3-00692d0e4c" "object-server 97640" 0.0007 "-" 97343 0
Nov 30 22:41:00 np0005540556.novalocal object-server[97640]: ::1 - - [01/Dec/2025:03:41:00 +0000] "PUT /1/110244/AUTH_602f37ceccf647698ef9e0fe4d0d45d5/gnocchi.28eae661-0861-456c-a83e-da31f17f923c/1763640000.0_mean_300.0_v3" 201 - "PUT https://[::1]:8080/v1/AUTH_602f37ceccf647698ef9e0fe4d0d45d5/gnocchi.28eae661-0861-456c-a83e-da31f17f923c/1763640000.0_mean_300.0_v3" "tx6fee181bfec849a1b47f3-00692d0e4c" "proxy-server 98624" 0.0196 "-" 97640 0
Nov 30 22:41:00 np0005540556.novalocal proxy-server[98624]: ::1 ::1 01/Dec/2025/03/41/00 PUT /v1/AUTH_602f37ceccf647698ef9e0fe4d0d45d5/gnocchi.28eae661-0861-456c-a83e-da31f17f923c/1763640000.0_mean_300.0_v3 HTTP/1.0 201 - python-swiftclient-4.8.0 gAAAAABpLQ4jjy8F... 16 - - tx6fee181bfec849a1b47f3-00692d0e4c - 0.0340 - - 1764560460.316279411 1764560460.350252390 0 3cd24aa0af114855987a490c7d44632d
Nov 30 22:41:00 np0005540556.novalocal container-server[97343]: ::1 - - [01/Dec/2025:03:41:00 +0000] "PUT /2/48869/AUTH_602f37ceccf647698ef9e0fe4d0d45d5/gnocchi.28eae661-0861-456c-a83e-da31f17f923c/none_v3" 201 - "PUT http://[::1]:8080/1/136455/AUTH_602f37ceccf647698ef9e0fe4d0d45d5/gnocchi.28eae661-0861-456c-a83e-da31f17f923c/none_v3" "txa325e368f2f74949be4c4-00692d0e4c" "object-server 97640" 0.0008 "-" 97343 0
Nov 30 22:41:00 np0005540556.novalocal object-server[97640]: ::1 - - [01/Dec/2025:03:41:00 +0000] "PUT /1/136455/AUTH_602f37ceccf647698ef9e0fe4d0d45d5/gnocchi.28eae661-0861-456c-a83e-da31f17f923c/none_v3" 201 - "PUT https://[::1]:8080/v1/AUTH_602f37ceccf647698ef9e0fe4d0d45d5/gnocchi.28eae661-0861-456c-a83e-da31f17f923c/none_v3" "txa325e368f2f74949be4c4-00692d0e4c" "proxy-server 98624" 0.0153 "-" 97640 0
Nov 30 22:41:00 np0005540556.novalocal container-server[97343]: ::1 - - [01/Dec/2025:03:41:00 +0000] "PUT /1/48869/AUTH_602f37ceccf647698ef9e0fe4d0d45d5/gnocchi.28eae661-0861-456c-a83e-da31f17f923c/none_v3" 201 - "PUT http://[::1]:8080/3/136455/AUTH_602f37ceccf647698ef9e0fe4d0d45d5/gnocchi.28eae661-0861-456c-a83e-da31f17f923c/none_v3" "txa325e368f2f74949be4c4-00692d0e4c" "object-server 97640" 0.0006 "-" 97343 0
Nov 30 22:41:00 np0005540556.novalocal object-server[97640]: ::1 - - [01/Dec/2025:03:41:00 +0000] "PUT /3/136455/AUTH_602f37ceccf647698ef9e0fe4d0d45d5/gnocchi.28eae661-0861-456c-a83e-da31f17f923c/none_v3" 201 - "PUT https://[::1]:8080/v1/AUTH_602f37ceccf647698ef9e0fe4d0d45d5/gnocchi.28eae661-0861-456c-a83e-da31f17f923c/none_v3" "txa325e368f2f74949be4c4-00692d0e4c" "proxy-server 98624" 0.0210 "-" 97640 0
Nov 30 22:41:00 np0005540556.novalocal container-server[97342]: ::1 - - [01/Dec/2025:03:41:00 +0000] "PUT /3/48869/AUTH_602f37ceccf647698ef9e0fe4d0d45d5/gnocchi.28eae661-0861-456c-a83e-da31f17f923c/none_v3" 201 - "PUT http://[::1]:8080/2/136455/AUTH_602f37ceccf647698ef9e0fe4d0d45d5/gnocchi.28eae661-0861-456c-a83e-da31f17f923c/none_v3" "txa325e368f2f74949be4c4-00692d0e4c" "object-server 97640" 0.0010 "-" 97342 0
Nov 30 22:41:00 np0005540556.novalocal object-server[97640]: ::1 - - [01/Dec/2025:03:41:00 +0000] "PUT /2/136455/AUTH_602f37ceccf647698ef9e0fe4d0d45d5/gnocchi.28eae661-0861-456c-a83e-da31f17f923c/none_v3" 201 - "PUT https://[::1]:8080/v1/AUTH_602f37ceccf647698ef9e0fe4d0d45d5/gnocchi.28eae661-0861-456c-a83e-da31f17f923c/none_v3" "txa325e368f2f74949be4c4-00692d0e4c" "proxy-server 98624" 0.0220 "-" 97640 0
Nov 30 22:41:00 np0005540556.novalocal proxy-server[98624]: ::1 ::1 01/Dec/2025/03/41/00 PUT /v1/AUTH_602f37ceccf647698ef9e0fe4d0d45d5/gnocchi.28eae661-0861-456c-a83e-da31f17f923c/none_v3 HTTP/1.0 201 - python-swiftclient-4.8.0 gAAAAABpLQ4jjy8F... 22 - - txa325e368f2f74949be4c4-00692d0e4c - 0.0374 - - 1764560460.355819702 1764560460.393263340 0 3cd24aa0af114855987a490c7d44632d
Nov 30 22:41:00 np0005540556.novalocal object-server[97639]: ::1 - - [01/Dec/2025:03:41:00 +0000] "GET /3/58117/AUTH_602f37ceccf647698ef9e0fe4d0d45d5/gnocchi.1051e8c2-3fc2-43da-8b75-1a24e51cc13d/none_v3" 200 22 "GET https://[::1]:8080/v1/AUTH_602f37ceccf647698ef9e0fe4d0d45d5/gnocchi.1051e8c2-3fc2-43da-8b75-1a24e51cc13d/none_v3" "tx439f8d185d7847f8a9080-00692d0e4c" "proxy-server 98624" 0.0011 "-" 97639 0
Nov 30 22:41:00 np0005540556.novalocal proxy-server[98624]: ::1 ::1 01/Dec/2025/03/41/00 GET /v1/AUTH_602f37ceccf647698ef9e0fe4d0d45d5/gnocchi.1051e8c2-3fc2-43da-8b75-1a24e51cc13d/none_v3 HTTP/1.0 200 - python-swiftclient-4.8.0 gAAAAABpLQ4jjy8F... - 22 - tx439f8d185d7847f8a9080-00692d0e4c - 0.0098 - - 1764560460.406862736 1764560460.416620731 0 3cd24aa0af114855987a490c7d44632d
Nov 30 22:41:00 np0005540556.novalocal container-server[97342]: ::1 - - [01/Dec/2025:03:41:00 +0000] "GET /1/220987/AUTH_602f37ceccf647698ef9e0fe4d0d45d5/gnocchi.1051e8c2-3fc2-43da-8b75-1a24e51cc13d" 200 357 "GET https://[::1]:8080/v1/AUTH_602f37ceccf647698ef9e0fe4d0d45d5/gnocchi.1051e8c2-3fc2-43da-8b75-1a24e51cc13d?format=json&states=listing" "tx9e963ca81161464e8aeed-00692d0e4c" "proxy-server 98624" 0.0043 "-" 97342 0
Nov 30 22:41:00 np0005540556.novalocal proxy-server[98624]: ::1 ::1 01/Dec/2025/03/41/00 GET /v1/AUTH_602f37ceccf647698ef9e0fe4d0d45d5/gnocchi.1051e8c2-3fc2-43da-8b75-1a24e51cc13d%3Fformat%3Djson%26states%3Dlisting HTTP/1.0 200 - python-swiftclient-4.8.0 gAAAAABpLQ4jjy8F... - 357 - tx9e963ca81161464e8aeed-00692d0e4c - 0.0152 - - 1764560460.421677351 1764560460.436852455 0 3cd24aa0af114855987a490c7d44632d
Nov 30 22:41:00 np0005540556.novalocal container-server[97343]: ::1 - - [01/Dec/2025:03:41:00 +0000] "GET /2/220987/AUTH_602f37ceccf647698ef9e0fe4d0d45d5/gnocchi.1051e8c2-3fc2-43da-8b75-1a24e51cc13d" 200 2 "GET https://[::1]:8080/v1/AUTH_602f37ceccf647698ef9e0fe4d0d45d5/gnocchi.1051e8c2-3fc2-43da-8b75-1a24e51cc13d?format=json&marker=none_v3&states=listing" "txbce6124c0240458cad3af-00692d0e4c" "proxy-server 98624" 0.0039 "-" 97343 0
Nov 30 22:41:00 np0005540556.novalocal proxy-server[98624]: ::1 ::1 01/Dec/2025/03/41/00 GET /v1/AUTH_602f37ceccf647698ef9e0fe4d0d45d5/gnocchi.1051e8c2-3fc2-43da-8b75-1a24e51cc13d%3Fformat%3Djson%26marker%3Dnone_v3%26states%3Dlisting HTTP/1.0 200 - python-swiftclient-4.8.0 gAAAAABpLQ4jjy8F... - 2 - txbce6124c0240458cad3af-00692d0e4c - 0.0143 - - 1764560460.440506935 1764560460.454793453 0 3cd24aa0af114855987a490c7d44632d
Nov 30 22:41:00 np0005540556.novalocal object-server[97640]: ::1 - - [01/Dec/2025:03:41:00 +0000] "GET /3/251359/AUTH_602f37ceccf647698ef9e0fe4d0d45d5/gnocchi.1051e8c2-3fc2-43da-8b75-1a24e51cc13d/1763640000.0_mean_300.0_v3" 200 16 "GET https://[::1]:8080/v1/AUTH_602f37ceccf647698ef9e0fe4d0d45d5/gnocchi.1051e8c2-3fc2-43da-8b75-1a24e51cc13d/1763640000.0_mean_300.0_v3" "tx42f77612cb4b4766b3c60-00692d0e4c" "proxy-server 98624" 0.0016 "-" 97640 0
Nov 30 22:41:00 np0005540556.novalocal proxy-server[98624]: ::1 ::1 01/Dec/2025/03/41/00 GET /v1/AUTH_602f37ceccf647698ef9e0fe4d0d45d5/gnocchi.1051e8c2-3fc2-43da-8b75-1a24e51cc13d/1763640000.0_mean_300.0_v3 HTTP/1.0 200 - python-swiftclient-4.8.0 gAAAAABpLQ4jjy8F... - 16 - tx42f77612cb4b4766b3c60-00692d0e4c - 0.0130 - - 1764560460.459636688 1764560460.472602844 0 3cd24aa0af114855987a490c7d44632d
Nov 30 22:41:00 np0005540556.novalocal container-server[97343]: ::1 - - [01/Dec/2025:03:41:00 +0000] "PUT /1/220987/AUTH_602f37ceccf647698ef9e0fe4d0d45d5/gnocchi.1051e8c2-3fc2-43da-8b75-1a24e51cc13d/1763640000.0_mean_300.0_v3" 201 - "PUT http://[::1]:8080/3/251359/AUTH_602f37ceccf647698ef9e0fe4d0d45d5/gnocchi.1051e8c2-3fc2-43da-8b75-1a24e51cc13d/1763640000.0_mean_300.0_v3" "txc802f41865d942f98f342-00692d0e4c" "object-server 97639" 0.0009 "-" 97343 0
Nov 30 22:41:00 np0005540556.novalocal object-server[97639]: ::1 - - [01/Dec/2025:03:41:00 +0000] "PUT /3/251359/AUTH_602f37ceccf647698ef9e0fe4d0d45d5/gnocchi.1051e8c2-3fc2-43da-8b75-1a24e51cc13d/1763640000.0_mean_300.0_v3" 201 - "PUT https://[::1]:8080/v1/AUTH_602f37ceccf647698ef9e0fe4d0d45d5/gnocchi.1051e8c2-3fc2-43da-8b75-1a24e51cc13d/1763640000.0_mean_300.0_v3" "txc802f41865d942f98f342-00692d0e4c" "proxy-server 98624" 0.0140 "-" 97639 0
Nov 30 22:41:00 np0005540556.novalocal container-server[97342]: ::1 - - [01/Dec/2025:03:41:00 +0000] "PUT /3/220987/AUTH_602f37ceccf647698ef9e0fe4d0d45d5/gnocchi.1051e8c2-3fc2-43da-8b75-1a24e51cc13d/1763640000.0_mean_300.0_v3" 201 - "PUT http://[::1]:8080/2/251359/AUTH_602f37ceccf647698ef9e0fe4d0d45d5/gnocchi.1051e8c2-3fc2-43da-8b75-1a24e51cc13d/1763640000.0_mean_300.0_v3" "txc802f41865d942f98f342-00692d0e4c" "object-server 97640" 0.0008 "-" 97342 0
Nov 30 22:41:00 np0005540556.novalocal object-server[97640]: ::1 - - [01/Dec/2025:03:41:00 +0000] "PUT /2/251359/AUTH_602f37ceccf647698ef9e0fe4d0d45d5/gnocchi.1051e8c2-3fc2-43da-8b75-1a24e51cc13d/1763640000.0_mean_300.0_v3" 201 - "PUT https://[::1]:8080/v1/AUTH_602f37ceccf647698ef9e0fe4d0d45d5/gnocchi.1051e8c2-3fc2-43da-8b75-1a24e51cc13d/1763640000.0_mean_300.0_v3" "txc802f41865d942f98f342-00692d0e4c" "proxy-server 98624" 0.0179 "-" 97640 0
Nov 30 22:41:00 np0005540556.novalocal container-server[97342]: ::1 - - [01/Dec/2025:03:41:00 +0000] "PUT /2/220987/AUTH_602f37ceccf647698ef9e0fe4d0d45d5/gnocchi.1051e8c2-3fc2-43da-8b75-1a24e51cc13d/1763640000.0_mean_300.0_v3" 201 - "PUT http://[::1]:8080/1/251359/AUTH_602f37ceccf647698ef9e0fe4d0d45d5/gnocchi.1051e8c2-3fc2-43da-8b75-1a24e51cc13d/1763640000.0_mean_300.0_v3" "txc802f41865d942f98f342-00692d0e4c" "object-server 97640" 0.0007 "-" 97342 0
Nov 30 22:41:00 np0005540556.novalocal object-server[97640]: ::1 - - [01/Dec/2025:03:41:00 +0000] "PUT /1/251359/AUTH_602f37ceccf647698ef9e0fe4d0d45d5/gnocchi.1051e8c2-3fc2-43da-8b75-1a24e51cc13d/1763640000.0_mean_300.0_v3" 201 - "PUT https://[::1]:8080/v1/AUTH_602f37ceccf647698ef9e0fe4d0d45d5/gnocchi.1051e8c2-3fc2-43da-8b75-1a24e51cc13d/1763640000.0_mean_300.0_v3" "txc802f41865d942f98f342-00692d0e4c" "proxy-server 98624" 0.0177 "-" 97640 0
Nov 30 22:41:00 np0005540556.novalocal proxy-server[98624]: ::1 ::1 01/Dec/2025/03/41/00 PUT /v1/AUTH_602f37ceccf647698ef9e0fe4d0d45d5/gnocchi.1051e8c2-3fc2-43da-8b75-1a24e51cc13d/1763640000.0_mean_300.0_v3 HTTP/1.0 201 - python-swiftclient-4.8.0 gAAAAABpLQ4jjy8F... 16 - - txc802f41865d942f98f342-00692d0e4c - 0.0328 - - 1764560460.476612091 1764560460.509383678 0 3cd24aa0af114855987a490c7d44632d
Nov 30 22:41:00 np0005540556.novalocal container-server[97343]: ::1 - - [01/Dec/2025:03:41:00 +0000] "PUT /3/220987/AUTH_602f37ceccf647698ef9e0fe4d0d45d5/gnocchi.1051e8c2-3fc2-43da-8b75-1a24e51cc13d/none_v3" 201 - "PUT http://[::1]:8080/1/58117/AUTH_602f37ceccf647698ef9e0fe4d0d45d5/gnocchi.1051e8c2-3fc2-43da-8b75-1a24e51cc13d/none_v3" "txe1ad9dea14454297be5cc-00692d0e4c" "object-server 97639" 0.0010 "-" 97343 0
Nov 30 22:41:00 np0005540556.novalocal object-server[97639]: ::1 - - [01/Dec/2025:03:41:00 +0000] "PUT /1/58117/AUTH_602f37ceccf647698ef9e0fe4d0d45d5/gnocchi.1051e8c2-3fc2-43da-8b75-1a24e51cc13d/none_v3" 201 - "PUT https://[::1]:8080/v1/AUTH_602f37ceccf647698ef9e0fe4d0d45d5/gnocchi.1051e8c2-3fc2-43da-8b75-1a24e51cc13d/none_v3" "txe1ad9dea14454297be5cc-00692d0e4c" "proxy-server 98624" 0.0156 "-" 97639 0
Nov 30 22:41:00 np0005540556.novalocal container-server[97343]: ::1 - - [01/Dec/2025:03:41:00 +0000] "PUT /1/220987/AUTH_602f37ceccf647698ef9e0fe4d0d45d5/gnocchi.1051e8c2-3fc2-43da-8b75-1a24e51cc13d/none_v3" 201 - "PUT http://[::1]:8080/3/58117/AUTH_602f37ceccf647698ef9e0fe4d0d45d5/gnocchi.1051e8c2-3fc2-43da-8b75-1a24e51cc13d/none_v3" "txe1ad9dea14454297be5cc-00692d0e4c" "object-server 97639" 0.0007 "-" 97343 0
Nov 30 22:41:00 np0005540556.novalocal object-server[97639]: ::1 - - [01/Dec/2025:03:41:00 +0000] "PUT /3/58117/AUTH_602f37ceccf647698ef9e0fe4d0d45d5/gnocchi.1051e8c2-3fc2-43da-8b75-1a24e51cc13d/none_v3" 201 - "PUT https://[::1]:8080/v1/AUTH_602f37ceccf647698ef9e0fe4d0d45d5/gnocchi.1051e8c2-3fc2-43da-8b75-1a24e51cc13d/none_v3" "txe1ad9dea14454297be5cc-00692d0e4c" "proxy-server 98624" 0.0226 "-" 97639 0
Nov 30 22:41:00 np0005540556.novalocal container-server[97343]: ::1 - - [01/Dec/2025:03:41:00 +0000] "PUT /2/220987/AUTH_602f37ceccf647698ef9e0fe4d0d45d5/gnocchi.1051e8c2-3fc2-43da-8b75-1a24e51cc13d/none_v3" 201 - "PUT http://[::1]:8080/2/58117/AUTH_602f37ceccf647698ef9e0fe4d0d45d5/gnocchi.1051e8c2-3fc2-43da-8b75-1a24e51cc13d/none_v3" "txe1ad9dea14454297be5cc-00692d0e4c" "object-server 97639" 0.0007 "-" 97343 0
Nov 30 22:41:00 np0005540556.novalocal object-server[97639]: ::1 - - [01/Dec/2025:03:41:00 +0000] "PUT /2/58117/AUTH_602f37ceccf647698ef9e0fe4d0d45d5/gnocchi.1051e8c2-3fc2-43da-8b75-1a24e51cc13d/none_v3" 201 - "PUT https://[::1]:8080/v1/AUTH_602f37ceccf647698ef9e0fe4d0d45d5/gnocchi.1051e8c2-3fc2-43da-8b75-1a24e51cc13d/none_v3" "txe1ad9dea14454297be5cc-00692d0e4c" "proxy-server 98624" 0.0217 "-" 97639 0
Nov 30 22:41:00 np0005540556.novalocal proxy-server[98624]: ::1 ::1 01/Dec/2025/03/41/00 PUT /v1/AUTH_602f37ceccf647698ef9e0fe4d0d45d5/gnocchi.1051e8c2-3fc2-43da-8b75-1a24e51cc13d/none_v3 HTTP/1.0 201 - python-swiftclient-4.8.0 gAAAAABpLQ4jjy8F... 33 - - txe1ad9dea14454297be5cc-00692d0e4c - 0.0364 - - 1764560460.514473438 1764560460.550890923 0 3cd24aa0af114855987a490c7d44632d
Nov 30 22:41:00 np0005540556.novalocal object-server[97640]: ::1 - - [01/Dec/2025:03:41:00 +0000] "GET /1/99434/AUTH_602f37ceccf647698ef9e0fe4d0d45d5/gnocchi.0ae08c29-2784-4780-8574-8933bde335c8/none_v3" 200 22 "GET https://[::1]:8080/v1/AUTH_602f37ceccf647698ef9e0fe4d0d45d5/gnocchi.0ae08c29-2784-4780-8574-8933bde335c8/none_v3" "txd0a16a1d9a5d458088990-00692d0e4c" "proxy-server 98624" 0.0016 "-" 97640 0
Nov 30 22:41:00 np0005540556.novalocal proxy-server[98624]: ::1 ::1 01/Dec/2025/03/41/00 GET /v1/AUTH_602f37ceccf647698ef9e0fe4d0d45d5/gnocchi.0ae08c29-2784-4780-8574-8933bde335c8/none_v3 HTTP/1.0 200 - python-swiftclient-4.8.0 gAAAAABpLQ4jjy8F... - 22 - txd0a16a1d9a5d458088990-00692d0e4c - 0.0122 - - 1764560460.582235098 1764560460.594398499 0 3cd24aa0af114855987a490c7d44632d
Nov 30 22:41:00 np0005540556.novalocal container-server[97342]: ::1 - - [01/Dec/2025:03:41:00 +0000] "GET /1/71873/AUTH_602f37ceccf647698ef9e0fe4d0d45d5/gnocchi.0ae08c29-2784-4780-8574-8933bde335c8" 200 357 "GET https://[::1]:8080/v1/AUTH_602f37ceccf647698ef9e0fe4d0d45d5/gnocchi.0ae08c29-2784-4780-8574-8933bde335c8?format=json&states=listing" "tx40bf05cb73bf4832aeaea-00692d0e4c" "proxy-server 98624" 0.0039 "-" 97342 0
Nov 30 22:41:00 np0005540556.novalocal proxy-server[98624]: ::1 ::1 01/Dec/2025/03/41/00 GET /v1/AUTH_602f37ceccf647698ef9e0fe4d0d45d5/gnocchi.0ae08c29-2784-4780-8574-8933bde335c8%3Fformat%3Djson%26states%3Dlisting HTTP/1.0 200 - python-swiftclient-4.8.0 gAAAAABpLQ4jjy8F... - 357 - tx40bf05cb73bf4832aeaea-00692d0e4c - 0.0133 - - 1764560460.598651409 1764560460.611948490 0 3cd24aa0af114855987a490c7d44632d
Nov 30 22:41:00 np0005540556.novalocal container-server[97342]: ::1 - - [01/Dec/2025:03:41:00 +0000] "GET /1/71873/AUTH_602f37ceccf647698ef9e0fe4d0d45d5/gnocchi.0ae08c29-2784-4780-8574-8933bde335c8" 200 2 "GET https://[::1]:8080/v1/AUTH_602f37ceccf647698ef9e0fe4d0d45d5/gnocchi.0ae08c29-2784-4780-8574-8933bde335c8?format=json&marker=none_v3&states=listing" "tx10dd84f4cb1647b3b881e-00692d0e4c" "proxy-server 98624" 0.0034 "-" 97342 0
Nov 30 22:41:00 np0005540556.novalocal proxy-server[98624]: ::1 ::1 01/Dec/2025/03/41/00 GET /v1/AUTH_602f37ceccf647698ef9e0fe4d0d45d5/gnocchi.0ae08c29-2784-4780-8574-8933bde335c8%3Fformat%3Djson%26marker%3Dnone_v3%26states%3Dlisting HTTP/1.0 200 - python-swiftclient-4.8.0 gAAAAABpLQ4jjy8F... - 2 - tx10dd84f4cb1647b3b881e-00692d0e4c - 0.0126 - - 1764560460.615484715 1764560460.628092051 0 3cd24aa0af114855987a490c7d44632d
Nov 30 22:41:00 np0005540556.novalocal object-server[97640]: ::1 - - [01/Dec/2025:03:41:00 +0000] "GET /3/112811/AUTH_602f37ceccf647698ef9e0fe4d0d45d5/gnocchi.0ae08c29-2784-4780-8574-8933bde335c8/1763640000.0_mean_300.0_v3" 200 16 "GET https://[::1]:8080/v1/AUTH_602f37ceccf647698ef9e0fe4d0d45d5/gnocchi.0ae08c29-2784-4780-8574-8933bde335c8/1763640000.0_mean_300.0_v3" "txef3e1d496167470b9fb1c-00692d0e4c" "proxy-server 98624" 0.0014 "-" 97640 0
Nov 30 22:41:00 np0005540556.novalocal proxy-server[98624]: ::1 ::1 01/Dec/2025/03/41/00 GET /v1/AUTH_602f37ceccf647698ef9e0fe4d0d45d5/gnocchi.0ae08c29-2784-4780-8574-8933bde335c8/1763640000.0_mean_300.0_v3 HTTP/1.0 200 - python-swiftclient-4.8.0 gAAAAABpLQ4jjy8F... - 16 - txef3e1d496167470b9fb1c-00692d0e4c - 0.0111 - - 1764560460.632859230 1764560460.643929243 0 3cd24aa0af114855987a490c7d44632d
Nov 30 22:41:00 np0005540556.novalocal container-server[97343]: ::1 - - [01/Dec/2025:03:41:00 +0000] "PUT /1/71873/AUTH_602f37ceccf647698ef9e0fe4d0d45d5/gnocchi.0ae08c29-2784-4780-8574-8933bde335c8/1763640000.0_mean_300.0_v3" 201 - "PUT http://[::1]:8080/1/112811/AUTH_602f37ceccf647698ef9e0fe4d0d45d5/gnocchi.0ae08c29-2784-4780-8574-8933bde335c8/1763640000.0_mean_300.0_v3" "tx51a1cfbdae0f46b9b98b6-00692d0e4c" "object-server 97639" 0.0009 "-" 97343 0
Nov 30 22:41:00 np0005540556.novalocal object-server[97639]: ::1 - - [01/Dec/2025:03:41:00 +0000] "PUT /1/112811/AUTH_602f37ceccf647698ef9e0fe4d0d45d5/gnocchi.0ae08c29-2784-4780-8574-8933bde335c8/1763640000.0_mean_300.0_v3" 201 - "PUT https://[::1]:8080/v1/AUTH_602f37ceccf647698ef9e0fe4d0d45d5/gnocchi.0ae08c29-2784-4780-8574-8933bde335c8/1763640000.0_mean_300.0_v3" "tx51a1cfbdae0f46b9b98b6-00692d0e4c" "proxy-server 98624" 0.0179 "-" 97639 0
Nov 30 22:41:00 np0005540556.novalocal container-server[97343]: ::1 - - [01/Dec/2025:03:41:00 +0000] "PUT /3/71873/AUTH_602f37ceccf647698ef9e0fe4d0d45d5/gnocchi.0ae08c29-2784-4780-8574-8933bde335c8/1763640000.0_mean_300.0_v3" 201 - "PUT http://[::1]:8080/3/112811/AUTH_602f37ceccf647698ef9e0fe4d0d45d5/gnocchi.0ae08c29-2784-4780-8574-8933bde335c8/1763640000.0_mean_300.0_v3" "tx51a1cfbdae0f46b9b98b6-00692d0e4c" "object-server 97640" 0.0006 "-" 97343 0
Nov 30 22:41:00 np0005540556.novalocal object-server[97640]: ::1 - - [01/Dec/2025:03:41:00 +0000] "PUT /3/112811/AUTH_602f37ceccf647698ef9e0fe4d0d45d5/gnocchi.0ae08c29-2784-4780-8574-8933bde335c8/1763640000.0_mean_300.0_v3" 201 - "PUT https://[::1]:8080/v1/AUTH_602f37ceccf647698ef9e0fe4d0d45d5/gnocchi.0ae08c29-2784-4780-8574-8933bde335c8/1763640000.0_mean_300.0_v3" "tx51a1cfbdae0f46b9b98b6-00692d0e4c" "proxy-server 98624" 0.0172 "-" 97640 0
Nov 30 22:41:00 np0005540556.novalocal container-server[97343]: ::1 - - [01/Dec/2025:03:41:00 +0000] "PUT /2/71873/AUTH_602f37ceccf647698ef9e0fe4d0d45d5/gnocchi.0ae08c29-2784-4780-8574-8933bde335c8/1763640000.0_mean_300.0_v3" 201 - "PUT http://[::1]:8080/2/112811/AUTH_602f37ceccf647698ef9e0fe4d0d45d5/gnocchi.0ae08c29-2784-4780-8574-8933bde335c8/1763640000.0_mean_300.0_v3" "tx51a1cfbdae0f46b9b98b6-00692d0e4c" "object-server 97640" 0.0011 "-" 97343 0
Nov 30 22:41:00 np0005540556.novalocal object-server[97640]: ::1 - - [01/Dec/2025:03:41:00 +0000] "PUT /2/112811/AUTH_602f37ceccf647698ef9e0fe4d0d45d5/gnocchi.0ae08c29-2784-4780-8574-8933bde335c8/1763640000.0_mean_300.0_v3" 201 - "PUT https://[::1]:8080/v1/AUTH_602f37ceccf647698ef9e0fe4d0d45d5/gnocchi.0ae08c29-2784-4780-8574-8933bde335c8/1763640000.0_mean_300.0_v3" "tx51a1cfbdae0f46b9b98b6-00692d0e4c" "proxy-server 98624" 0.0236 "-" 97640 0
Nov 30 22:41:00 np0005540556.novalocal proxy-server[98624]: ::1 ::1 01/Dec/2025/03/41/00 PUT /v1/AUTH_602f37ceccf647698ef9e0fe4d0d45d5/gnocchi.0ae08c29-2784-4780-8574-8933bde335c8/1763640000.0_mean_300.0_v3 HTTP/1.0 201 - python-swiftclient-4.8.0 gAAAAABpLQ4jjy8F... 16 - - tx51a1cfbdae0f46b9b98b6-00692d0e4c - 0.0340 - - 1764560460.647371769 1764560460.681412935 0 3cd24aa0af114855987a490c7d44632d
Nov 30 22:41:00 np0005540556.novalocal container-server[97343]: ::1 - - [01/Dec/2025:03:41:00 +0000] "PUT /3/71873/AUTH_602f37ceccf647698ef9e0fe4d0d45d5/gnocchi.0ae08c29-2784-4780-8574-8933bde335c8/none_v3" 201 - "PUT http://[::1]:8080/3/99434/AUTH_602f37ceccf647698ef9e0fe4d0d45d5/gnocchi.0ae08c29-2784-4780-8574-8933bde335c8/none_v3" "tx7d4df925d17b4e6889ef7-00692d0e4c" "object-server 97639" 0.0008 "-" 97343 0
Nov 30 22:41:00 np0005540556.novalocal container-server[97343]: ::1 - - [01/Dec/2025:03:41:00 +0000] "PUT /2/71873/AUTH_602f37ceccf647698ef9e0fe4d0d45d5/gnocchi.0ae08c29-2784-4780-8574-8933bde335c8/none_v3" 201 - "PUT http://[::1]:8080/1/99434/AUTH_602f37ceccf647698ef9e0fe4d0d45d5/gnocchi.0ae08c29-2784-4780-8574-8933bde335c8/none_v3" "tx7d4df925d17b4e6889ef7-00692d0e4c" "object-server 97640" 0.0006 "-" 97343 0
Nov 30 22:41:00 np0005540556.novalocal container-server[97342]: ::1 - - [01/Dec/2025:03:41:00 +0000] "PUT /1/71873/AUTH_602f37ceccf647698ef9e0fe4d0d45d5/gnocchi.0ae08c29-2784-4780-8574-8933bde335c8/none_v3" 201 - "PUT http://[::1]:8080/2/99434/AUTH_602f37ceccf647698ef9e0fe4d0d45d5/gnocchi.0ae08c29-2784-4780-8574-8933bde335c8/none_v3" "tx7d4df925d17b4e6889ef7-00692d0e4c" "object-server 97640" 0.0009 "-" 97342 0
Nov 30 22:41:00 np0005540556.novalocal object-server[97639]: ::1 - - [01/Dec/2025:03:41:00 +0000] "PUT /3/99434/AUTH_602f37ceccf647698ef9e0fe4d0d45d5/gnocchi.0ae08c29-2784-4780-8574-8933bde335c8/none_v3" 201 - "PUT https://[::1]:8080/v1/AUTH_602f37ceccf647698ef9e0fe4d0d45d5/gnocchi.0ae08c29-2784-4780-8574-8933bde335c8/none_v3" "tx7d4df925d17b4e6889ef7-00692d0e4c" "proxy-server 98624" 0.0173 "-" 97639 0
Nov 30 22:41:00 np0005540556.novalocal object-server[97640]: ::1 - - [01/Dec/2025:03:41:00 +0000] "PUT /1/99434/AUTH_602f37ceccf647698ef9e0fe4d0d45d5/gnocchi.0ae08c29-2784-4780-8574-8933bde335c8/none_v3" 201 - "PUT https://[::1]:8080/v1/AUTH_602f37ceccf647698ef9e0fe4d0d45d5/gnocchi.0ae08c29-2784-4780-8574-8933bde335c8/none_v3" "tx7d4df925d17b4e6889ef7-00692d0e4c" "proxy-server 98624" 0.0157 "-" 97640 0
Nov 30 22:41:00 np0005540556.novalocal object-server[97640]: ::1 - - [01/Dec/2025:03:41:00 +0000] "PUT /2/99434/AUTH_602f37ceccf647698ef9e0fe4d0d45d5/gnocchi.0ae08c29-2784-4780-8574-8933bde335c8/none_v3" 201 - "PUT https://[::1]:8080/v1/AUTH_602f37ceccf647698ef9e0fe4d0d45d5/gnocchi.0ae08c29-2784-4780-8574-8933bde335c8/none_v3" "tx7d4df925d17b4e6889ef7-00692d0e4c" "proxy-server 98624" 0.0202 "-" 97640 0
Nov 30 22:41:00 np0005540556.novalocal proxy-server[98624]: ::1 ::1 01/Dec/2025/03/41/00 PUT /v1/AUTH_602f37ceccf647698ef9e0fe4d0d45d5/gnocchi.0ae08c29-2784-4780-8574-8933bde335c8/none_v3 HTTP/1.0 201 - python-swiftclient-4.8.0 gAAAAABpLQ4jjy8F... 33 - - tx7d4df925d17b4e6889ef7-00692d0e4c - 0.0318 - - 1764560460.686372280 1764560460.718136787 0 3cd24aa0af114855987a490c7d44632d
Nov 30 22:41:00 np0005540556.novalocal object-server[97640]: ::1 - - [01/Dec/2025:03:41:00 +0000] "GET /3/239493/AUTH_602f37ceccf647698ef9e0fe4d0d45d5/gnocchi.d7e10de7-f7ec-4336-a067-7bd9f74033c9/none_v3" 200 22 "GET https://[::1]:8080/v1/AUTH_602f37ceccf647698ef9e0fe4d0d45d5/gnocchi.d7e10de7-f7ec-4336-a067-7bd9f74033c9/none_v3" "txdb1dec168c03494ba4a47-00692d0e4c" "proxy-server 98624" 0.0018 "-" 97640 0
Nov 30 22:41:00 np0005540556.novalocal proxy-server[98624]: ::1 ::1 01/Dec/2025/03/41/00 GET /v1/AUTH_602f37ceccf647698ef9e0fe4d0d45d5/gnocchi.d7e10de7-f7ec-4336-a067-7bd9f74033c9/none_v3 HTTP/1.0 200 - python-swiftclient-4.8.0 gAAAAABpLQ4jjy8F... - 22 - txdb1dec168c03494ba4a47-00692d0e4c - 0.0138 - - 1764560460.734486580 1764560460.748296261 0 3cd24aa0af114855987a490c7d44632d
Nov 30 22:41:00 np0005540556.novalocal container-server[97342]: ::1 - - [01/Dec/2025:03:41:00 +0000] "GET /2/43659/AUTH_602f37ceccf647698ef9e0fe4d0d45d5/gnocchi.d7e10de7-f7ec-4336-a067-7bd9f74033c9" 200 357 "GET https://[::1]:8080/v1/AUTH_602f37ceccf647698ef9e0fe4d0d45d5/gnocchi.d7e10de7-f7ec-4336-a067-7bd9f74033c9?format=json&states=listing" "tx84fc9a29fbf54bda9c289-00692d0e4c" "proxy-server 98624" 0.0052 "-" 97342 0
Nov 30 22:41:00 np0005540556.novalocal proxy-server[98624]: ::1 ::1 01/Dec/2025/03/41/00 GET /v1/AUTH_602f37ceccf647698ef9e0fe4d0d45d5/gnocchi.d7e10de7-f7ec-4336-a067-7bd9f74033c9%3Fformat%3Djson%26states%3Dlisting HTTP/1.0 200 - python-swiftclient-4.8.0 gAAAAABpLQ4jjy8F... - 357 - tx84fc9a29fbf54bda9c289-00692d0e4c - 0.0175 - - 1764560460.754249334 1764560460.771728754 0 3cd24aa0af114855987a490c7d44632d
Nov 30 22:41:00 np0005540556.novalocal object-server[97640]: ::1 - - [01/Dec/2025:03:41:00 +0000] "GET /3/75418/AUTH_602f37ceccf647698ef9e0fe4d0d45d5/gnocchi.a6ada5a8-66c0-480d-855c-0e93c39c064c/none_v3" 200 22 "GET https://[::1]:8080/v1/AUTH_602f37ceccf647698ef9e0fe4d0d45d5/gnocchi.a6ada5a8-66c0-480d-855c-0e93c39c064c/none_v3" "txe23e93ce0c2d44049a277-00692d0e4c" "proxy-server 98624" 0.0016 "-" 97640 0
Nov 30 22:41:00 np0005540556.novalocal container-server[97342]: ::1 - - [01/Dec/2025:03:41:00 +0000] "GET /1/43659/AUTH_602f37ceccf647698ef9e0fe4d0d45d5/gnocchi.d7e10de7-f7ec-4336-a067-7bd9f74033c9" 200 2 "GET https://[::1]:8080/v1/AUTH_602f37ceccf647698ef9e0fe4d0d45d5/gnocchi.d7e10de7-f7ec-4336-a067-7bd9f74033c9?format=json&marker=none_v3&states=listing" "tx9373305724fb4fb581b66-00692d0e4c" "proxy-server 98624" 0.0034 "-" 97342 0
Nov 30 22:41:00 np0005540556.novalocal proxy-server[98624]: ::1 ::1 01/Dec/2025/03/41/00 GET /v1/AUTH_602f37ceccf647698ef9e0fe4d0d45d5/gnocchi.a6ada5a8-66c0-480d-855c-0e93c39c064c/none_v3 HTTP/1.0 200 - python-swiftclient-4.8.0 gAAAAABpLQ4-yMSf... - 22 - txe23e93ce0c2d44049a277-00692d0e4c - 0.0227 - - 1764560460.769470453 1764560460.792144537 0 3cd24aa0af114855987a490c7d44632d
Nov 30 22:41:00 np0005540556.novalocal proxy-server[98624]: ::1 ::1 01/Dec/2025/03/41/00 GET /v1/AUTH_602f37ceccf647698ef9e0fe4d0d45d5/gnocchi.d7e10de7-f7ec-4336-a067-7bd9f74033c9%3Fformat%3Djson%26marker%3Dnone_v3%26states%3Dlisting HTTP/1.0 200 - python-swiftclient-4.8.0 gAAAAABpLQ4jjy8F... - 2 - tx9373305724fb4fb581b66-00692d0e4c - 0.0165 - - 1764560460.779110432 1764560460.795619726 0 3cd24aa0af114855987a490c7d44632d
Nov 30 22:41:00 np0005540556.novalocal container-server[97342]: ::1 - - [01/Dec/2025:03:41:00 +0000] "GET /3/123242/AUTH_602f37ceccf647698ef9e0fe4d0d45d5/gnocchi.a6ada5a8-66c0-480d-855c-0e93c39c064c" 200 357 "GET https://[::1]:8080/v1/AUTH_602f37ceccf647698ef9e0fe4d0d45d5/gnocchi.a6ada5a8-66c0-480d-855c-0e93c39c064c?format=json&states=listing" "tx2d42a6af5b384be2a9e21-00692d0e4c" "proxy-server 98624" 0.0034 "-" 97342 0
Nov 30 22:41:00 np0005540556.novalocal object-server[97639]: ::1 - - [01/Dec/2025:03:41:00 +0000] "GET /2/131112/AUTH_602f37ceccf647698ef9e0fe4d0d45d5/gnocchi.d7e10de7-f7ec-4336-a067-7bd9f74033c9/1763640000.0_mean_300.0_v3" 200 16 "GET https://[::1]:8080/v1/AUTH_602f37ceccf647698ef9e0fe4d0d45d5/gnocchi.d7e10de7-f7ec-4336-a067-7bd9f74033c9/1763640000.0_mean_300.0_v3" "tx19477afafd30497dbe75b-00692d0e4c" "proxy-server 98624" 0.0015 "-" 97639 0
Nov 30 22:41:00 np0005540556.novalocal proxy-server[98624]: ::1 ::1 01/Dec/2025/03/41/00 GET /v1/AUTH_602f37ceccf647698ef9e0fe4d0d45d5/gnocchi.a6ada5a8-66c0-480d-855c-0e93c39c064c%3Fformat%3Djson%26states%3Dlisting HTTP/1.0 200 - python-swiftclient-4.8.0 gAAAAABpLQ4-yMSf... - 357 - tx2d42a6af5b384be2a9e21-00692d0e4c - 0.0127 - - 1764560460.800135851 1764560460.812813044 0 3cd24aa0af114855987a490c7d44632d
Nov 30 22:41:00 np0005540556.novalocal proxy-server[98624]: ::1 ::1 01/Dec/2025/03/41/00 GET /v1/AUTH_602f37ceccf647698ef9e0fe4d0d45d5/gnocchi.d7e10de7-f7ec-4336-a067-7bd9f74033c9/1763640000.0_mean_300.0_v3 HTTP/1.0 200 - python-swiftclient-4.8.0 gAAAAABpLQ4jjy8F... - 16 - tx19477afafd30497dbe75b-00692d0e4c - 0.0129 - - 1764560460.801969767 1764560460.814879656 0 3cd24aa0af114855987a490c7d44632d
Nov 30 22:41:00 np0005540556.novalocal container-server[97343]: ::1 - - [01/Dec/2025:03:41:00 +0000] "GET /1/123242/AUTH_602f37ceccf647698ef9e0fe4d0d45d5/gnocchi.a6ada5a8-66c0-480d-855c-0e93c39c064c" 200 2 "GET https://[::1]:8080/v1/AUTH_602f37ceccf647698ef9e0fe4d0d45d5/gnocchi.a6ada5a8-66c0-480d-855c-0e93c39c064c?format=json&marker=none_v3&states=listing" "tx4f09323fcfc541519a5fe-00692d0e4c" "proxy-server 98624" 0.0038 "-" 97343 0
