Nov 30 22:40:47 np0005540556.novalocal account-server[97042]: ::1 - - [01/Dec/2025:03:40:47 +0000] "PUT /2/108421/AUTH_602f37ceccf647698ef9e0fe4d0d45d5/gnocchi.b7b3cafe-6d38-4bc6-a3cf-664e9fbc0315" 201 - "PUT http://[::1]:6001/2/174506/AUTH_602f37ceccf647698ef9e0fe4d0d45d5/gnocchi.b7b3cafe-6d38-4bc6-a3cf-664e9fbc0315" "tx7a126dc8d3d84a37b9364-00692d0e3f" "container-server 97343" 0.0045 "-" 97042 0
Nov 30 22:40:47 np0005540556.novalocal container-server[97343]: ::1 - - [01/Dec/2025:03:40:47 +0000] "PUT /2/174506/AUTH_602f37ceccf647698ef9e0fe4d0d45d5/gnocchi.b7b3cafe-6d38-4bc6-a3cf-664e9fbc0315" 201 - "PUT https://[::1]:8080/v1/AUTH_602f37ceccf647698ef9e0fe4d0d45d5/gnocchi.b7b3cafe-6d38-4bc6-a3cf-664e9fbc0315" "tx7a126dc8d3d84a37b9364-00692d0e3f" "proxy-server 98624" 0.0280 "-" 97343 0
Nov 30 22:40:47 np0005540556.novalocal proxy-server[98624]: ::1 ::1 01/Dec/2025/03/40/47 PUT /v1/AUTH_602f37ceccf647698ef9e0fe4d0d45d5/gnocchi.b7b3cafe-6d38-4bc6-a3cf-664e9fbc0315 HTTP/1.0 201 - python-swiftclient-4.8.0 gAAAAABpLQ4-yMSf... - - - tx7a126dc8d3d84a37b9364-00692d0e3f - 0.0591 - - 1764560447.040975571 1764560447.100053310 0 3cd24aa0af114855987a490c7d44632d
Nov 30 22:40:47 np0005540556.novalocal container-server[97343]: ::1 - - [01/Dec/2025:03:40:47 +0000] "HEAD /3/174506/AUTH_602f37ceccf647698ef9e0fe4d0d45d5/gnocchi.b7b3cafe-6d38-4bc6-a3cf-664e9fbc0315" 204 - "HEAD http://[::1]:8080/v1/AUTH_602f37ceccf647698ef9e0fe4d0d45d5/gnocchi.b7b3cafe-6d38-4bc6-a3cf-664e9fbc0315" "tx03ce9fc9f93c491da7d25-00692d0e3f" "proxy-server 98624" 0.0012 "-" 97343 0
Nov 30 22:40:47 np0005540556.novalocal proxy-server[98624]: - - 01/Dec/2025/03/40/47 HEAD /v1/AUTH_602f37ceccf647698ef9e0fe4d0d45d5/gnocchi.b7b3cafe-6d38-4bc6-a3cf-664e9fbc0315 HTTP/1.0 204 - Swift - - - - tx03ce9fc9f93c491da7d25-00692d0e3f - 0.0042 CS - 1764560447.105259180 1764560447.109504223 0 -
Nov 30 22:40:47 np0005540556.novalocal container-server[97343]: ::1 - - [01/Dec/2025:03:40:47 +0000] "GET /1/174506/AUTH_602f37ceccf647698ef9e0fe4d0d45d5/gnocchi.b7b3cafe-6d38-4bc6-a3cf-664e9fbc0315" 200 2 "GET https://[::1]:8080/v1/AUTH_602f37ceccf647698ef9e0fe4d0d45d5/gnocchi.b7b3cafe-6d38-4bc6-a3cf-664e9fbc0315?format=json&states=listing" "tx03ce9fc9f93c491da7d25-00692d0e3f" "proxy-server 98624" 0.0017 "-" 97343 0
Nov 30 22:40:47 np0005540556.novalocal proxy-server[98624]: ::1 ::1 01/Dec/2025/03/40/47 GET /v1/AUTH_602f37ceccf647698ef9e0fe4d0d45d5/gnocchi.b7b3cafe-6d38-4bc6-a3cf-664e9fbc0315%3Fformat%3Djson%26states%3Dlisting HTTP/1.0 200 - python-swiftclient-4.8.0 gAAAAABpLQ4-yMSf... - 2 - tx03ce9fc9f93c491da7d25-00692d0e3f - 0.0124 - - 1764560447.104609251 1764560447.117008448 0 3cd24aa0af114855987a490c7d44632d
Nov 30 22:40:47 np0005540556.novalocal object-server[97639]: ::1 - - [01/Dec/2025:03:40:47 +0000] "GET /3/58411/AUTH_602f37ceccf647698ef9e0fe4d0d45d5/gnocchi.b7b3cafe-6d38-4bc6-a3cf-664e9fbc0315/1763640000.0_mean_300.0_v3" 404 70 "GET https://[::1]:8080/v1/AUTH_602f37ceccf647698ef9e0fe4d0d45d5/gnocchi.b7b3cafe-6d38-4bc6-a3cf-664e9fbc0315/1763640000.0_mean_300.0_v3" "tx514f05a187e94f5ebceeb-00692d0e3f" "proxy-server 98624" 0.0005 "-" 97639 0
Nov 30 22:40:47 np0005540556.novalocal object-server[97639]: ::1 - - [01/Dec/2025:03:40:47 +0000] "GET /2/58411/AUTH_602f37ceccf647698ef9e0fe4d0d45d5/gnocchi.b7b3cafe-6d38-4bc6-a3cf-664e9fbc0315/1763640000.0_mean_300.0_v3" 404 70 "GET https://[::1]:8080/v1/AUTH_602f37ceccf647698ef9e0fe4d0d45d5/gnocchi.b7b3cafe-6d38-4bc6-a3cf-664e9fbc0315/1763640000.0_mean_300.0_v3" "tx514f05a187e94f5ebceeb-00692d0e3f" "proxy-server 98624" 0.0003 "-" 97639 0
Nov 30 22:40:47 np0005540556.novalocal object-server[97640]: ::1 - - [01/Dec/2025:03:40:47 +0000] "GET /1/58411/AUTH_602f37ceccf647698ef9e0fe4d0d45d5/gnocchi.b7b3cafe-6d38-4bc6-a3cf-664e9fbc0315/1763640000.0_mean_300.0_v3" 404 70 "GET https://[::1]:8080/v1/AUTH_602f37ceccf647698ef9e0fe4d0d45d5/gnocchi.b7b3cafe-6d38-4bc6-a3cf-664e9fbc0315/1763640000.0_mean_300.0_v3" "tx514f05a187e94f5ebceeb-00692d0e3f" "proxy-server 98624" 0.0005 "-" 97640 0
Nov 30 22:40:47 np0005540556.novalocal proxy-server[98624]: ::1 ::1 01/Dec/2025/03/40/47 GET /v1/AUTH_602f37ceccf647698ef9e0fe4d0d45d5/gnocchi.b7b3cafe-6d38-4bc6-a3cf-664e9fbc0315/1763640000.0_mean_300.0_v3 HTTP/1.0 404 - python-swiftclient-4.8.0 gAAAAABpLQ4-yMSf... - 70 - tx514f05a187e94f5ebceeb-00692d0e3f - 0.0185 - - 1764560447.120646477 1764560447.139189005 0 3cd24aa0af114855987a490c7d44632d
Nov 30 22:40:47 np0005540556.novalocal container-server[97342]: ::1 - - [01/Dec/2025:03:40:47 +0000] "PUT /3/174506/AUTH_602f37ceccf647698ef9e0fe4d0d45d5/gnocchi.b7b3cafe-6d38-4bc6-a3cf-664e9fbc0315/1763640000.0_mean_300.0_v3" 201 - "PUT http://[::1]:8080/1/58411/AUTH_602f37ceccf647698ef9e0fe4d0d45d5/gnocchi.b7b3cafe-6d38-4bc6-a3cf-664e9fbc0315/1763640000.0_mean_300.0_v3" "tx12f5a84f55494d92bd073-00692d0e3f" "object-server 97639" 0.0004 "-" 97342 0
Nov 30 22:40:47 np0005540556.novalocal object-server[97639]: ::1 - - [01/Dec/2025:03:40:47 +0000] "PUT /1/58411/AUTH_602f37ceccf647698ef9e0fe4d0d45d5/gnocchi.b7b3cafe-6d38-4bc6-a3cf-664e9fbc0315/1763640000.0_mean_300.0_v3" 201 - "PUT https://[::1]:8080/v1/AUTH_602f37ceccf647698ef9e0fe4d0d45d5/gnocchi.b7b3cafe-6d38-4bc6-a3cf-664e9fbc0315/1763640000.0_mean_300.0_v3" "tx12f5a84f55494d92bd073-00692d0e3f" "proxy-server 98624" 0.0096 "-" 97639 0
Nov 30 22:40:47 np0005540556.novalocal container-server[97343]: ::1 - - [01/Dec/2025:03:40:47 +0000] "PUT /2/174506/AUTH_602f37ceccf647698ef9e0fe4d0d45d5/gnocchi.b7b3cafe-6d38-4bc6-a3cf-664e9fbc0315/1763640000.0_mean_300.0_v3" 201 - "PUT http://[::1]:8080/3/58411/AUTH_602f37ceccf647698ef9e0fe4d0d45d5/gnocchi.b7b3cafe-6d38-4bc6-a3cf-664e9fbc0315/1763640000.0_mean_300.0_v3" "tx12f5a84f55494d92bd073-00692d0e3f" "object-server 97640" 0.0008 "-" 97343 0
Nov 30 22:40:47 np0005540556.novalocal object-server[97640]: ::1 - - [01/Dec/2025:03:40:47 +0000] "PUT /3/58411/AUTH_602f37ceccf647698ef9e0fe4d0d45d5/gnocchi.b7b3cafe-6d38-4bc6-a3cf-664e9fbc0315/1763640000.0_mean_300.0_v3" 201 - "PUT https://[::1]:8080/v1/AUTH_602f37ceccf647698ef9e0fe4d0d45d5/gnocchi.b7b3cafe-6d38-4bc6-a3cf-664e9fbc0315/1763640000.0_mean_300.0_v3" "tx12f5a84f55494d92bd073-00692d0e3f" "proxy-server 98624" 0.0114 "-" 97640 0
Nov 30 22:40:47 np0005540556.novalocal container-server[97343]: ::1 - - [01/Dec/2025:03:40:47 +0000] "PUT /1/174506/AUTH_602f37ceccf647698ef9e0fe4d0d45d5/gnocchi.b7b3cafe-6d38-4bc6-a3cf-664e9fbc0315/1763640000.0_mean_300.0_v3" 201 - "PUT http://[::1]:8080/2/58411/AUTH_602f37ceccf647698ef9e0fe4d0d45d5/gnocchi.b7b3cafe-6d38-4bc6-a3cf-664e9fbc0315/1763640000.0_mean_300.0_v3" "tx12f5a84f55494d92bd073-00692d0e3f" "object-server 97640" 0.0006 "-" 97343 0
Nov 30 22:40:47 np0005540556.novalocal object-server[97640]: ::1 - - [01/Dec/2025:03:40:47 +0000] "PUT /2/58411/AUTH_602f37ceccf647698ef9e0fe4d0d45d5/gnocchi.b7b3cafe-6d38-4bc6-a3cf-664e9fbc0315/1763640000.0_mean_300.0_v3" 201 - "PUT https://[::1]:8080/v1/AUTH_602f37ceccf647698ef9e0fe4d0d45d5/gnocchi.b7b3cafe-6d38-4bc6-a3cf-664e9fbc0315/1763640000.0_mean_300.0_v3" "tx12f5a84f55494d92bd073-00692d0e3f" "proxy-server 98624" 0.0204 "-" 97640 0
Nov 30 22:40:47 np0005540556.novalocal proxy-server[98624]: ::1 ::1 01/Dec/2025/03/40/47 PUT /v1/AUTH_602f37ceccf647698ef9e0fe4d0d45d5/gnocchi.b7b3cafe-6d38-4bc6-a3cf-664e9fbc0315/1763640000.0_mean_300.0_v3 HTTP/1.0 201 - python-swiftclient-4.8.0 gAAAAABpLQ4-yMSf... 16 - - tx12f5a84f55494d92bd073-00692d0e3f - 0.0283 - - 1764560447.152710199 1764560447.180998564 0 3cd24aa0af114855987a490c7d44632d
Nov 30 22:40:47 np0005540556.novalocal container-server[97342]: ::1 - - [01/Dec/2025:03:40:47 +0000] "PUT /3/174506/AUTH_602f37ceccf647698ef9e0fe4d0d45d5/gnocchi.b7b3cafe-6d38-4bc6-a3cf-664e9fbc0315/none_v3" 201 - "PUT http://[::1]:8080/3/156659/AUTH_602f37ceccf647698ef9e0fe4d0d45d5/gnocchi.b7b3cafe-6d38-4bc6-a3cf-664e9fbc0315/none_v3" "tx8903bce321ab4154ad52c-00692d0e3f" "object-server 97640" 0.0004 "-" 97342 0
Nov 30 22:40:47 np0005540556.novalocal object-server[97640]: ::1 - - [01/Dec/2025:03:40:47 +0000] "PUT /3/156659/AUTH_602f37ceccf647698ef9e0fe4d0d45d5/gnocchi.b7b3cafe-6d38-4bc6-a3cf-664e9fbc0315/none_v3" 201 - "PUT https://[::1]:8080/v1/AUTH_602f37ceccf647698ef9e0fe4d0d45d5/gnocchi.b7b3cafe-6d38-4bc6-a3cf-664e9fbc0315/none_v3" "tx8903bce321ab4154ad52c-00692d0e3f" "proxy-server 98624" 0.0106 "-" 97640 0
Nov 30 22:40:47 np0005540556.novalocal container-server[97342]: ::1 - - [01/Dec/2025:03:40:47 +0000] "PUT /1/174506/AUTH_602f37ceccf647698ef9e0fe4d0d45d5/gnocchi.b7b3cafe-6d38-4bc6-a3cf-664e9fbc0315/none_v3" 201 - "PUT http://[::1]:8080/1/156659/AUTH_602f37ceccf647698ef9e0fe4d0d45d5/gnocchi.b7b3cafe-6d38-4bc6-a3cf-664e9fbc0315/none_v3" "tx8903bce321ab4154ad52c-00692d0e3f" "object-server 97640" 0.0003 "-" 97342 0
Nov 30 22:40:47 np0005540556.novalocal container-server[97343]: ::1 - - [01/Dec/2025:03:40:47 +0000] "PUT /2/174506/AUTH_602f37ceccf647698ef9e0fe4d0d45d5/gnocchi.b7b3cafe-6d38-4bc6-a3cf-664e9fbc0315/none_v3" 201 - "PUT http://[::1]:8080/2/156659/AUTH_602f37ceccf647698ef9e0fe4d0d45d5/gnocchi.b7b3cafe-6d38-4bc6-a3cf-664e9fbc0315/none_v3" "tx8903bce321ab4154ad52c-00692d0e3f" "object-server 97640" 0.0006 "-" 97343 0
Nov 30 22:40:47 np0005540556.novalocal object-server[97640]: ::1 - - [01/Dec/2025:03:40:47 +0000] "PUT /1/156659/AUTH_602f37ceccf647698ef9e0fe4d0d45d5/gnocchi.b7b3cafe-6d38-4bc6-a3cf-664e9fbc0315/none_v3" 201 - "PUT https://[::1]:8080/v1/AUTH_602f37ceccf647698ef9e0fe4d0d45d5/gnocchi.b7b3cafe-6d38-4bc6-a3cf-664e9fbc0315/none_v3" "tx8903bce321ab4154ad52c-00692d0e3f" "proxy-server 98624" 0.0108 "-" 97640 0
Nov 30 22:40:47 np0005540556.novalocal object-server[97640]: ::1 - - [01/Dec/2025:03:40:47 +0000] "PUT /2/156659/AUTH_602f37ceccf647698ef9e0fe4d0d45d5/gnocchi.b7b3cafe-6d38-4bc6-a3cf-664e9fbc0315/none_v3" 201 - "PUT https://[::1]:8080/v1/AUTH_602f37ceccf647698ef9e0fe4d0d45d5/gnocchi.b7b3cafe-6d38-4bc6-a3cf-664e9fbc0315/none_v3" "tx8903bce321ab4154ad52c-00692d0e3f" "proxy-server 98624" 0.0104 "-" 97640 0
Nov 30 22:40:47 np0005540556.novalocal proxy-server[98624]: ::1 ::1 01/Dec/2025/03/40/47 PUT /v1/AUTH_602f37ceccf647698ef9e0fe4d0d45d5/gnocchi.b7b3cafe-6d38-4bc6-a3cf-664e9fbc0315/none_v3 HTTP/1.0 201 - python-swiftclient-4.8.0 gAAAAABpLQ4-yMSf... 31 - - tx8903bce321ab4154ad52c-00692d0e3f - 0.0188 - - 1764560447.185199022 1764560447.203977108 0 3cd24aa0af114855987a490c7d44632d
Nov 30 22:40:47 np0005540556.novalocal container-server[97342]: ::1 - - [01/Dec/2025:03:40:47 +0000] "HEAD /3/29231/AUTH_602f37ceccf647698ef9e0fe4d0d45d5/gnocchi.eb7bd620-4920-470b-8399-1f34df799228" 404 - "HEAD http://[::1]:8080/v1/AUTH_602f37ceccf647698ef9e0fe4d0d45d5/gnocchi.eb7bd620-4920-470b-8399-1f34df799228" "tx15b912e973af4a87b16fd-00692d0e3f" "proxy-server 98624" 0.0002 "-" 97342 0
Nov 30 22:40:47 np0005540556.novalocal container-server[97343]: ::1 - - [01/Dec/2025:03:40:47 +0000] "HEAD /2/29231/AUTH_602f37ceccf647698ef9e0fe4d0d45d5/gnocchi.eb7bd620-4920-470b-8399-1f34df799228" 404 - "HEAD http://[::1]:8080/v1/AUTH_602f37ceccf647698ef9e0fe4d0d45d5/gnocchi.eb7bd620-4920-470b-8399-1f34df799228" "tx15b912e973af4a87b16fd-00692d0e3f" "proxy-server 98624" 0.0003 "-" 97343 0
Nov 30 22:40:47 np0005540556.novalocal container-server[97343]: ::1 - - [01/Dec/2025:03:40:47 +0000] "HEAD /1/29231/AUTH_602f37ceccf647698ef9e0fe4d0d45d5/gnocchi.eb7bd620-4920-470b-8399-1f34df799228" 404 - "HEAD http://[::1]:8080/v1/AUTH_602f37ceccf647698ef9e0fe4d0d45d5/gnocchi.eb7bd620-4920-470b-8399-1f34df799228" "tx15b912e973af4a87b16fd-00692d0e3f" "proxy-server 98624" 0.0002 "-" 97343 0
Nov 30 22:40:47 np0005540556.novalocal proxy-server[98624]: - - 01/Dec/2025/03/40/47 HEAD /v1/AUTH_602f37ceccf647698ef9e0fe4d0d45d5/gnocchi.eb7bd620-4920-470b-8399-1f34df799228 HTTP/1.0 404 - Swift - - - - tx15b912e973af4a87b16fd-00692d0e3f - 0.0097 CS - 1764560447.230998993 1764560447.240697145 0 -
Nov 30 22:40:47 np0005540556.novalocal object-server[97639]: ::1 - - [01/Dec/2025:03:40:47 +0000] "GET /3/173197/AUTH_602f37ceccf647698ef9e0fe4d0d45d5/gnocchi.eb7bd620-4920-470b-8399-1f34df799228/none_v3" 404 70 "GET https://[::1]:8080/v1/AUTH_602f37ceccf647698ef9e0fe4d0d45d5/gnocchi.eb7bd620-4920-470b-8399-1f34df799228/none_v3" "tx15b912e973af4a87b16fd-00692d0e3f" "proxy-server 98624" 0.0004 "-" 97639 0
Nov 30 22:40:47 np0005540556.novalocal object-server[97639]: ::1 - - [01/Dec/2025:03:40:47 +0000] "GET /2/173197/AUTH_602f37ceccf647698ef9e0fe4d0d45d5/gnocchi.eb7bd620-4920-470b-8399-1f34df799228/none_v3" 404 70 "GET https://[::1]:8080/v1/AUTH_602f37ceccf647698ef9e0fe4d0d45d5/gnocchi.eb7bd620-4920-470b-8399-1f34df799228/none_v3" "tx15b912e973af4a87b16fd-00692d0e3f" "proxy-server 98624" 0.0002 "-" 97639 0
Nov 30 22:40:47 np0005540556.novalocal object-server[97639]: ::1 - - [01/Dec/2025:03:40:47 +0000] "GET /1/173197/AUTH_602f37ceccf647698ef9e0fe4d0d45d5/gnocchi.eb7bd620-4920-470b-8399-1f34df799228/none_v3" 404 70 "GET https://[::1]:8080/v1/AUTH_602f37ceccf647698ef9e0fe4d0d45d5/gnocchi.eb7bd620-4920-470b-8399-1f34df799228/none_v3" "tx15b912e973af4a87b16fd-00692d0e3f" "proxy-server 98624" 0.0002 "-" 97639 0
Nov 30 22:40:47 np0005540556.novalocal proxy-server[98624]: ::1 ::1 01/Dec/2025/03/40/47 GET /v1/AUTH_602f37ceccf647698ef9e0fe4d0d45d5/gnocchi.eb7bd620-4920-470b-8399-1f34df799228/none_v3 HTTP/1.0 404 - python-swiftclient-4.8.0 gAAAAABpLQ4-yMSf... - 70 - tx15b912e973af4a87b16fd-00692d0e3f - 0.0236 - - 1764560447.229784727 1764560447.253391981 0 3cd24aa0af114855987a490c7d44632d
Nov 30 22:40:47 np0005540556.novalocal account-server[97043]: ::1 - - [01/Dec/2025:03:40:47 +0000] "PUT /2/108421/AUTH_602f37ceccf647698ef9e0fe4d0d45d5/gnocchi.eb7bd620-4920-470b-8399-1f34df799228" 201 - "PUT http://[::1]:6001/3/29231/AUTH_602f37ceccf647698ef9e0fe4d0d45d5/gnocchi.eb7bd620-4920-470b-8399-1f34df799228" "tx309c23cc77d142b09c70d-00692d0e3f" "container-server 97343" 0.0042 "-" 97043 0
Nov 30 22:40:47 np0005540556.novalocal account-server[97042]: ::1 - - [01/Dec/2025:03:40:47 +0000] "PUT /1/108421/AUTH_602f37ceccf647698ef9e0fe4d0d45d5/gnocchi.eb7bd620-4920-470b-8399-1f34df799228" 201 - "PUT http://[::1]:6001/1/29231/AUTH_602f37ceccf647698ef9e0fe4d0d45d5/gnocchi.eb7bd620-4920-470b-8399-1f34df799228" "tx309c23cc77d142b09c70d-00692d0e3f" "container-server 97342" 0.0050 "-" 97042 0
Nov 30 22:40:47 np0005540556.novalocal container-server[97342]: ::1 - - [01/Dec/2025:03:40:47 +0000] "PUT /1/29231/AUTH_602f37ceccf647698ef9e0fe4d0d45d5/gnocchi.eb7bd620-4920-470b-8399-1f34df799228" 201 - "PUT https://[::1]:8080/v1/AUTH_602f37ceccf647698ef9e0fe4d0d45d5/gnocchi.eb7bd620-4920-470b-8399-1f34df799228" "tx309c23cc77d142b09c70d-00692d0e3f" "proxy-server 98624" 0.0131 "-" 97342 0
Nov 30 22:40:47 np0005540556.novalocal container-server[97343]: ::1 - - [01/Dec/2025:03:40:47 +0000] "PUT /3/29231/AUTH_602f37ceccf647698ef9e0fe4d0d45d5/gnocchi.eb7bd620-4920-470b-8399-1f34df799228" 201 - "PUT https://[::1]:8080/v1/AUTH_602f37ceccf647698ef9e0fe4d0d45d5/gnocchi.eb7bd620-4920-470b-8399-1f34df799228" "tx309c23cc77d142b09c70d-00692d0e3f" "proxy-server 98624" 0.0175 "-" 97343 0
Nov 30 22:40:47 np0005540556.novalocal account-server[97042]: ::1 - - [01/Dec/2025:03:40:47 +0000] "PUT /3/108421/AUTH_602f37ceccf647698ef9e0fe4d0d45d5/gnocchi.eb7bd620-4920-470b-8399-1f34df799228" 201 - "PUT http://[::1]:6001/2/29231/AUTH_602f37ceccf647698ef9e0fe4d0d45d5/gnocchi.eb7bd620-4920-470b-8399-1f34df799228" "tx309c23cc77d142b09c70d-00692d0e3f" "container-server 97343" 0.0046 "-" 97042 0
Nov 30 22:40:47 np0005540556.novalocal container-server[97343]: ::1 - - [01/Dec/2025:03:40:47 +0000] "PUT /2/29231/AUTH_602f37ceccf647698ef9e0fe4d0d45d5/gnocchi.eb7bd620-4920-470b-8399-1f34df799228" 201 - "PUT https://[::1]:8080/v1/AUTH_602f37ceccf647698ef9e0fe4d0d45d5/gnocchi.eb7bd620-4920-470b-8399-1f34df799228" "tx309c23cc77d142b09c70d-00692d0e3f" "proxy-server 98624" 0.0165 "-" 97343 0
Nov 30 22:40:47 np0005540556.novalocal proxy-server[98624]: ::1 ::1 01/Dec/2025/03/40/47 PUT /v1/AUTH_602f37ceccf647698ef9e0fe4d0d45d5/gnocchi.eb7bd620-4920-470b-8399-1f34df799228 HTTP/1.0 201 - python-swiftclient-4.8.0 gAAAAABpLQ4-yMSf... - - - tx309c23cc77d142b09c70d-00692d0e3f - 0.0314 - - 1764560447.258149385 1764560447.289587259 0 3cd24aa0af114855987a490c7d44632d
Nov 30 22:40:47 np0005540556.novalocal container-server[97343]: ::1 - - [01/Dec/2025:03:40:47 +0000] "HEAD /1/29231/AUTH_602f37ceccf647698ef9e0fe4d0d45d5/gnocchi.eb7bd620-4920-470b-8399-1f34df799228" 204 - "HEAD http://[::1]:8080/v1/AUTH_602f37ceccf647698ef9e0fe4d0d45d5/gnocchi.eb7bd620-4920-470b-8399-1f34df799228" "tx1872060af6cc4eb4bbf8c-00692d0e3f" "proxy-server 98624" 0.0019 "-" 97343 0
Nov 30 22:40:47 np0005540556.novalocal proxy-server[98624]: - - 01/Dec/2025/03/40/47 HEAD /v1/AUTH_602f37ceccf647698ef9e0fe4d0d45d5/gnocchi.eb7bd620-4920-470b-8399-1f34df799228 HTTP/1.0 204 - Swift - - - - tx1872060af6cc4eb4bbf8c-00692d0e3f - 0.0072 CS - 1764560447.295286894 1764560447.302467823 0 -
Nov 30 22:40:47 np0005540556.novalocal container-server[97342]: ::1 - - [01/Dec/2025:03:40:47 +0000] "GET /2/29231/AUTH_602f37ceccf647698ef9e0fe4d0d45d5/gnocchi.eb7bd620-4920-470b-8399-1f34df799228" 200 2 "GET https://[::1]:8080/v1/AUTH_602f37ceccf647698ef9e0fe4d0d45d5/gnocchi.eb7bd620-4920-470b-8399-1f34df799228?format=json&states=listing" "tx1872060af6cc4eb4bbf8c-00692d0e3f" "proxy-server 98624" 0.0028 "-" 97342 0
Nov 30 22:40:47 np0005540556.novalocal proxy-server[98624]: ::1 ::1 01/Dec/2025/03/40/47 GET /v1/AUTH_602f37ceccf647698ef9e0fe4d0d45d5/gnocchi.eb7bd620-4920-470b-8399-1f34df799228%3Fformat%3Djson%26states%3Dlisting HTTP/1.0 200 - python-swiftclient-4.8.0 gAAAAABpLQ4-yMSf... - 2 - tx1872060af6cc4eb4bbf8c-00692d0e3f - 0.0194 - - 1764560447.294396639 1764560447.313754082 0 3cd24aa0af114855987a490c7d44632d
Nov 30 22:40:47 np0005540556.novalocal object-server[97639]: ::1 - - [01/Dec/2025:03:40:47 +0000] "GET /3/51574/AUTH_602f37ceccf647698ef9e0fe4d0d45d5/gnocchi.eb7bd620-4920-470b-8399-1f34df799228/1763640000.0_mean_300.0_v3" 404 70 "GET https://[::1]:8080/v1/AUTH_602f37ceccf647698ef9e0fe4d0d45d5/gnocchi.eb7bd620-4920-470b-8399-1f34df799228/1763640000.0_mean_300.0_v3" "txe869222209b44948b9361-00692d0e3f" "proxy-server 98624" 0.0003 "-" 97639 0
Nov 30 22:40:47 np0005540556.novalocal object-server[97639]: ::1 - - [01/Dec/2025:03:40:47 +0000] "GET /1/51574/AUTH_602f37ceccf647698ef9e0fe4d0d45d5/gnocchi.eb7bd620-4920-470b-8399-1f34df799228/1763640000.0_mean_300.0_v3" 404 70 "GET https://[::1]:8080/v1/AUTH_602f37ceccf647698ef9e0fe4d0d45d5/gnocchi.eb7bd620-4920-470b-8399-1f34df799228/1763640000.0_mean_300.0_v3" "txe869222209b44948b9361-00692d0e3f" "proxy-server 98624" 0.0002 "-" 97639 0
Nov 30 22:40:47 np0005540556.novalocal object-server[97640]: ::1 - - [01/Dec/2025:03:40:47 +0000] "GET /2/51574/AUTH_602f37ceccf647698ef9e0fe4d0d45d5/gnocchi.eb7bd620-4920-470b-8399-1f34df799228/1763640000.0_mean_300.0_v3" 404 70 "GET https://[::1]:8080/v1/AUTH_602f37ceccf647698ef9e0fe4d0d45d5/gnocchi.eb7bd620-4920-470b-8399-1f34df799228/1763640000.0_mean_300.0_v3" "txe869222209b44948b9361-00692d0e3f" "proxy-server 98624" 0.0004 "-" 97640 0
Nov 30 22:40:47 np0005540556.novalocal proxy-server[98624]: ::1 ::1 01/Dec/2025/03/40/47 GET /v1/AUTH_602f37ceccf647698ef9e0fe4d0d45d5/gnocchi.eb7bd620-4920-470b-8399-1f34df799228/1763640000.0_mean_300.0_v3 HTTP/1.0 404 - python-swiftclient-4.8.0 gAAAAABpLQ4-yMSf... - 70 - txe869222209b44948b9361-00692d0e3f - 0.0113 - - 1764560447.318740845 1764560447.330011368 0 3cd24aa0af114855987a490c7d44632d
Nov 30 22:40:47 np0005540556.novalocal container-server[97342]: ::1 - - [01/Dec/2025:03:40:47 +0000] "PUT /3/29231/AUTH_602f37ceccf647698ef9e0fe4d0d45d5/gnocchi.eb7bd620-4920-470b-8399-1f34df799228/1763640000.0_mean_300.0_v3" 201 - "PUT http://[::1]:8080/2/51574/AUTH_602f37ceccf647698ef9e0fe4d0d45d5/gnocchi.eb7bd620-4920-470b-8399-1f34df799228/1763640000.0_mean_300.0_v3" "tx809b3259a7a24f07a0f53-00692d0e3f" "object-server 97639" 0.0006 "-" 97342 0
Nov 30 22:40:47 np0005540556.novalocal container-server[97343]: ::1 - - [01/Dec/2025:03:40:47 +0000] "PUT /2/29231/AUTH_602f37ceccf647698ef9e0fe4d0d45d5/gnocchi.eb7bd620-4920-470b-8399-1f34df799228/1763640000.0_mean_300.0_v3" 201 - "PUT http://[::1]:8080/1/51574/AUTH_602f37ceccf647698ef9e0fe4d0d45d5/gnocchi.eb7bd620-4920-470b-8399-1f34df799228/1763640000.0_mean_300.0_v3" "tx809b3259a7a24f07a0f53-00692d0e3f" "object-server 97639" 0.0008 "-" 97343 0
Nov 30 22:40:47 np0005540556.novalocal object-server[97639]: ::1 - - [01/Dec/2025:03:40:47 +0000] "PUT /2/51574/AUTH_602f37ceccf647698ef9e0fe4d0d45d5/gnocchi.eb7bd620-4920-470b-8399-1f34df799228/1763640000.0_mean_300.0_v3" 201 - "PUT https://[::1]:8080/v1/AUTH_602f37ceccf647698ef9e0fe4d0d45d5/gnocchi.eb7bd620-4920-470b-8399-1f34df799228/1763640000.0_mean_300.0_v3" "tx809b3259a7a24f07a0f53-00692d0e3f" "proxy-server 98624" 0.0104 "-" 97639 0
Nov 30 22:40:47 np0005540556.novalocal container-server[97343]: ::1 - - [01/Dec/2025:03:40:47 +0000] "PUT /1/29231/AUTH_602f37ceccf647698ef9e0fe4d0d45d5/gnocchi.eb7bd620-4920-470b-8399-1f34df799228/1763640000.0_mean_300.0_v3" 201 - "PUT http://[::1]:8080/3/51574/AUTH_602f37ceccf647698ef9e0fe4d0d45d5/gnocchi.eb7bd620-4920-470b-8399-1f34df799228/1763640000.0_mean_300.0_v3" "tx809b3259a7a24f07a0f53-00692d0e3f" "object-server 97639" 0.0005 "-" 97343 0
Nov 30 22:40:47 np0005540556.novalocal object-server[97639]: ::1 - - [01/Dec/2025:03:40:47 +0000] "PUT /1/51574/AUTH_602f37ceccf647698ef9e0fe4d0d45d5/gnocchi.eb7bd620-4920-470b-8399-1f34df799228/1763640000.0_mean_300.0_v3" 201 - "PUT https://[::1]:8080/v1/AUTH_602f37ceccf647698ef9e0fe4d0d45d5/gnocchi.eb7bd620-4920-470b-8399-1f34df799228/1763640000.0_mean_300.0_v3" "tx809b3259a7a24f07a0f53-00692d0e3f" "proxy-server 98624" 0.0124 "-" 97639 0
Nov 30 22:40:47 np0005540556.novalocal object-server[97639]: ::1 - - [01/Dec/2025:03:40:47 +0000] "PUT /3/51574/AUTH_602f37ceccf647698ef9e0fe4d0d45d5/gnocchi.eb7bd620-4920-470b-8399-1f34df799228/1763640000.0_mean_300.0_v3" 201 - "PUT https://[::1]:8080/v1/AUTH_602f37ceccf647698ef9e0fe4d0d45d5/gnocchi.eb7bd620-4920-470b-8399-1f34df799228/1763640000.0_mean_300.0_v3" "tx809b3259a7a24f07a0f53-00692d0e3f" "proxy-server 98624" 0.0140 "-" 97639 0
Nov 30 22:40:47 np0005540556.novalocal proxy-server[98624]: ::1 ::1 01/Dec/2025/03/40/47 PUT /v1/AUTH_602f37ceccf647698ef9e0fe4d0d45d5/gnocchi.eb7bd620-4920-470b-8399-1f34df799228/1763640000.0_mean_300.0_v3 HTTP/1.0 201 - python-swiftclient-4.8.0 gAAAAABpLQ4-yMSf... 16 - - tx809b3259a7a24f07a0f53-00692d0e3f - 0.0217 - - 1764560447.334185839 1764560447.355871439 0 3cd24aa0af114855987a490c7d44632d
Nov 30 22:40:47 np0005540556.novalocal kernel: qvb8527c81d-6b: left allmulticast mode
Nov 30 22:40:47 np0005540556.novalocal kernel: qvb8527c81d-6b: left promiscuous mode
Nov 30 22:40:47 np0005540556.novalocal kernel: qbr8527c81d-6b: port 1(qvb8527c81d-6b) entered disabled state
Nov 30 22:40:47 np0005540556.novalocal container-server[97342]: ::1 - - [01/Dec/2025:03:40:47 +0000] "PUT /3/29231/AUTH_602f37ceccf647698ef9e0fe4d0d45d5/gnocchi.eb7bd620-4920-470b-8399-1f34df799228/none_v3" 201 - "PUT http://[::1]:8080/1/173197/AUTH_602f37ceccf647698ef9e0fe4d0d45d5/gnocchi.eb7bd620-4920-470b-8399-1f34df799228/none_v3" "txe806e481511b418db63d9-00692d0e3f" "object-server 97640" 0.0008 "-" 97342 0
Nov 30 22:40:47 np0005540556.novalocal object-server[97640]: ::1 - - [01/Dec/2025:03:40:47 +0000] "PUT /1/173197/AUTH_602f37ceccf647698ef9e0fe4d0d45d5/gnocchi.eb7bd620-4920-470b-8399-1f34df799228/none_v3" 201 - "PUT https://[::1]:8080/v1/AUTH_602f37ceccf647698ef9e0fe4d0d45d5/gnocchi.eb7bd620-4920-470b-8399-1f34df799228/none_v3" "txe806e481511b418db63d9-00692d0e3f" "proxy-server 98624" 0.0154 "-" 97640 0
Nov 30 22:40:47 np0005540556.novalocal NetworkManager[858]: [1764560447.3813] device (qbr8527c81d-6b): bridge port qvb8527c81d-6b was detached
Nov 30 22:40:47 np0005540556.novalocal NetworkManager[858]: [1764560447.3818] device (qbr8527c81d-6b): state change: activated -> unmanaged (reason 'unmanaged', managed-type: 'removed')
Nov 30 22:40:47 np0005540556.novalocal container-server[97342]: ::1 - - [01/Dec/2025:03:40:47 +0000] "PUT /2/29231/AUTH_602f37ceccf647698ef9e0fe4d0d45d5/gnocchi.eb7bd620-4920-470b-8399-1f34df799228/none_v3" 201 - "PUT http://[::1]:8080/3/173197/AUTH_602f37ceccf647698ef9e0fe4d0d45d5/gnocchi.eb7bd620-4920-470b-8399-1f34df799228/none_v3" "txe806e481511b418db63d9-00692d0e3f" "object-server 97639" 0.0026 "-" 97342 0
Nov 30 22:40:47 np0005540556.novalocal container-server[97342]: ::1 - - [01/Dec/2025:03:40:47 +0000] "PUT /1/29231/AUTH_602f37ceccf647698ef9e0fe4d0d45d5/gnocchi.eb7bd620-4920-470b-8399-1f34df799228/none_v3" 201 - "PUT http://[::1]:8080/2/173197/AUTH_602f37ceccf647698ef9e0fe4d0d45d5/gnocchi.eb7bd620-4920-470b-8399-1f34df799228/none_v3" "txe806e481511b418db63d9-00692d0e3f" "object-server 97639" 0.0005 "-" 97342 0
Nov 30 22:40:47 np0005540556.novalocal object-server[97639]: ::1 - - [01/Dec/2025:03:40:47 +0000] "PUT /3/173197/AUTH_602f37ceccf647698ef9e0fe4d0d45d5/gnocchi.eb7bd620-4920-470b-8399-1f34df799228/none_v3" 201 - "PUT https://[::1]:8080/v1/AUTH_602f37ceccf647698ef9e0fe4d0d45d5/gnocchi.eb7bd620-4920-470b-8399-1f34df799228/none_v3" "txe806e481511b418db63d9-00692d0e3f" "proxy-server 98624" 0.0215 "-" 97639 0
Nov 30 22:40:47 np0005540556.novalocal object-server[97639]: ::1 - - [01/Dec/2025:03:40:47 +0000] "PUT /2/173197/AUTH_602f37ceccf647698ef9e0fe4d0d45d5/gnocchi.eb7bd620-4920-470b-8399-1f34df799228/none_v3" 201 - "PUT https://[::1]:8080/v1/AUTH_602f37ceccf647698ef9e0fe4d0d45d5/gnocchi.eb7bd620-4920-470b-8399-1f34df799228/none_v3" "txe806e481511b418db63d9-00692d0e3f" "proxy-server 98624" 0.0224 "-" 97639 0
Nov 30 22:40:47 np0005540556.novalocal proxy-server[98624]: ::1 ::1 01/Dec/2025/03/40/47 PUT /v1/AUTH_602f37ceccf647698ef9e0fe4d0d45d5/gnocchi.eb7bd620-4920-470b-8399-1f34df799228/none_v3 HTTP/1.0 201 - python-swiftclient-4.8.0 gAAAAABpLQ4-yMSf... 22 - - txe806e481511b418db63d9-00692d0e3f - 0.0341 - - 1764560447.358796597 1764560447.392920494 0 3cd24aa0af114855987a490c7d44632d
Nov 30 22:40:47 np0005540556.novalocal container-replicator[97408]: Replication run OVER
Nov 30 22:40:47 np0005540556.novalocal container-replicator[97408]: Attempted to replicate 51 dbs in 1.52731 seconds (33.39204/s)
Nov 30 22:40:47 np0005540556.novalocal container-replicator[97408]: Removed 0 dbs
Nov 30 22:40:47 np0005540556.novalocal container-replicator[97408]: 102 successes, 0 failures
Nov 30 22:40:47 np0005540556.novalocal container-replicator[97408]: diff:0 diff_capped:0 empty:0 hashmatch:0 no_change:102 remote_merge:0 rsync:0 ts_repl:0
Nov 30 22:40:47 np0005540556.novalocal kernel: qvo8527c81d-6b: left promiscuous mode
Nov 30 22:40:47 np0005540556.novalocal object-server[97639]: ::1 - - [01/Dec/2025:03:40:47 +0000] "GET /2/244516/AUTH_602f37ceccf647698ef9e0fe4d0d45d5/gnocchi.0fb79997-f928-4715-aa7e-8323708f6afd/none_v3" 200 22 "GET https://[::1]:8080/v1/AUTH_602f37ceccf647698ef9e0fe4d0d45d5/gnocchi.0fb79997-f928-4715-aa7e-8323708f6afd/none_v3" "txbd931b382c6d44f28ace8-00692d0e3f" "proxy-server 98624" 0.0014 "-" 97639 0
Nov 30 22:40:47 np0005540556.novalocal proxy-server[98624]: ::1 ::1 01/Dec/2025/03/40/47 GET /v1/AUTH_602f37ceccf647698ef9e0fe4d0d45d5/gnocchi.0fb79997-f928-4715-aa7e-8323708f6afd/none_v3 HTTP/1.0 200 - python-swiftclient-4.8.0 gAAAAABpLQ4-yMSf... - 22 - txbd931b382c6d44f28ace8-00692d0e3f - 0.0095 - - 1764560447.510906935 1764560447.520403147 0 3cd24aa0af114855987a490c7d44632d
Nov 30 22:40:47 np0005540556.novalocal container-server[97343]: ::1 - - [01/Dec/2025:03:40:47 +0000] "GET /2/170644/AUTH_602f37ceccf647698ef9e0fe4d0d45d5/gnocchi.0fb79997-f928-4715-aa7e-8323708f6afd" 200 357 "GET https://[::1]:8080/v1/AUTH_602f37ceccf647698ef9e0fe4d0d45d5/gnocchi.0fb79997-f928-4715-aa7e-8323708f6afd?format=json&states=listing" "tx7f154747738749f486b16-00692d0e3f" "proxy-server 98624" 0.0080 "-" 97343 0
Nov 30 22:40:47 np0005540556.novalocal proxy-server[98624]: ::1 ::1 01/Dec/2025/03/40/47 GET /v1/AUTH_602f37ceccf647698ef9e0fe4d0d45d5/gnocchi.0fb79997-f928-4715-aa7e-8323708f6afd%3Fformat%3Djson%26states%3Dlisting HTTP/1.0 200 - python-swiftclient-4.8.0 gAAAAABpLQ4-yMSf... - 357 - tx7f154747738749f486b16-00692d0e3f - 0.0222 - - 1764560447.524359703 1764560447.546563148 0 3cd24aa0af114855987a490c7d44632d
Nov 30 22:40:47 np0005540556.novalocal kernel: sd 2:0:0:0: [sda] Synchronizing SCSI cache
Nov 30 22:40:47 np0005540556.novalocal container-server[97342]: ::1 - - [01/Dec/2025:03:40:47 +0000] "GET /1/170644/AUTH_602f37ceccf647698ef9e0fe4d0d45d5/gnocchi.0fb79997-f928-4715-aa7e-8323708f6afd" 200 2 "GET https://[::1]:8080/v1/AUTH_602f37ceccf647698ef9e0fe4d0d45d5/gnocchi.0fb79997-f928-4715-aa7e-8323708f6afd?format=json&marker=none_v3&states=listing" "txdee707a375014bf89d74a-00692d0e3f" "proxy-server 98624" 0.0067 "-" 97342 0
Nov 30 22:40:47 np0005540556.novalocal proxy-server[98624]: ::1 ::1 01/Dec/2025/03/40/47 GET /v1/AUTH_602f37ceccf647698ef9e0fe4d0d45d5/gnocchi.0fb79997-f928-4715-aa7e-8323708f6afd%3Fformat%3Djson%26marker%3Dnone_v3%26states%3Dlisting HTTP/1.0 200 - python-swiftclient-4.8.0 gAAAAABpLQ4-yMSf... - 2 - txdee707a375014bf89d74a-00692d0e3f - 0.0167 - - 1764560447.549196959 1764560447.565884590 0 3cd24aa0af114855987a490c7d44632d
Nov 30 22:40:47 np0005540556.novalocal kernel: scsi 2:0:0:0: alua: Detached
Nov 30 22:40:47 np0005540556.novalocal object-server[97640]: ::1 - - [01/Dec/2025:03:40:47 +0000] "GET /1/173296/AUTH_602f37ceccf647698ef9e0fe4d0d45d5/gnocchi.0fb79997-f928-4715-aa7e-8323708f6afd/1763640000.0_mean_300.0_v3" 200 16 "GET https://[::1]:8080/v1/AUTH_602f37ceccf647698ef9e0fe4d0d45d5/gnocchi.0fb79997-f928-4715-aa7e-8323708f6afd/1763640000.0_mean_300.0_v3" "txd5e67e9ca6a8473fb73d0-00692d0e3f" "proxy-server 98624" 0.0007 "-" 97640 0
Nov 30 22:40:47 np0005540556.novalocal proxy-server[98624]: ::1 ::1 01/Dec/2025/03/40/47 GET /v1/AUTH_602f37ceccf647698ef9e0fe4d0d45d5/gnocchi.0fb79997-f928-4715-aa7e-8323708f6afd/1763640000.0_mean_300.0_v3 HTTP/1.0 200 - python-swiftclient-4.8.0 gAAAAABpLQ4-yMSf... - 16 - txd5e67e9ca6a8473fb73d0-00692d0e3f - 0.0108 - - 1764560447.571861744 1764560447.582633972 0 3cd24aa0af114855987a490c7d44632d
Nov 30 22:40:47 np0005540556.novalocal container-server[97342]: ::1 - - [01/Dec/2025:03:40:47 +0000] "PUT /1/170644/AUTH_602f37ceccf647698ef9e0fe4d0d45d5/gnocchi.0fb79997-f928-4715-aa7e-8323708f6afd/1763640000.0_mean_300.0_v3" 201 - "PUT http://[::1]:8080/1/173296/AUTH_602f37ceccf647698ef9e0fe4d0d45d5/gnocchi.0fb79997-f928-4715-aa7e-8323708f6afd/1763640000.0_mean_300.0_v3" "txce933b48f199484a84a93-00692d0e3f" "object-server 97640" 0.0007 "-" 97342 0
Nov 30 22:40:47 np0005540556.novalocal container-server[97342]: ::1 - - [01/Dec/2025:03:40:47 +0000] "PUT /3/170644/AUTH_602f37ceccf647698ef9e0fe4d0d45d5/gnocchi.0fb79997-f928-4715-aa7e-8323708f6afd/1763640000.0_mean_300.0_v3" 201 - "PUT http://[::1]:8080/2/173296/AUTH_602f37ceccf647698ef9e0fe4d0d45d5/gnocchi.0fb79997-f928-4715-aa7e-8323708f6afd/1763640000.0_mean_300.0_v3" "txce933b48f199484a84a93-00692d0e3f" "object-server 97640" 0.0003 "-" 97342 0
Nov 30 22:40:47 np0005540556.novalocal object-server[97640]: ::1 - - [01/Dec/2025:03:40:47 +0000] "PUT /1/173296/AUTH_602f37ceccf647698ef9e0fe4d0d45d5/gnocchi.0fb79997-f928-4715-aa7e-8323708f6afd/1763640000.0_mean_300.0_v3" 201 - "PUT https://[::1]:8080/v1/AUTH_602f37ceccf647698ef9e0fe4d0d45d5/gnocchi.0fb79997-f928-4715-aa7e-8323708f6afd/1763640000.0_mean_300.0_v3" "txce933b48f199484a84a93-00692d0e3f" "proxy-server 98624" 0.0118 "-" 97640 0
Nov 30 22:40:47 np0005540556.novalocal object-server[97640]: ::1 - - [01/Dec/2025:03:40:47 +0000] "PUT /2/173296/AUTH_602f37ceccf647698ef9e0fe4d0d45d5/gnocchi.0fb79997-f928-4715-aa7e-8323708f6afd/1763640000.0_mean_300.0_v3" 201 - "PUT https://[::1]:8080/v1/AUTH_602f37ceccf647698ef9e0fe4d0d45d5/gnocchi.0fb79997-f928-4715-aa7e-8323708f6afd/1763640000.0_mean_300.0_v3" "txce933b48f199484a84a93-00692d0e3f" "proxy-server 98624" 0.0138 "-" 97640 0
Nov 30 22:40:47 np0005540556.novalocal container-server[97343]: ::1 - - [01/Dec/2025:03:40:47 +0000] "PUT /2/170644/AUTH_602f37ceccf647698ef9e0fe4d0d45d5/gnocchi.0fb79997-f928-4715-aa7e-8323708f6afd/1763640000.0_mean_300.0_v3" 201 - "PUT http://[::1]:8080/3/173296/AUTH_602f37ceccf647698ef9e0fe4d0d45d5/gnocchi.0fb79997-f928-4715-aa7e-8323708f6afd/1763640000.0_mean_300.0_v3" "txce933b48f199484a84a93-00692d0e3f" "object-server 97639" 0.0007 "-" 97343 0
Nov 30 22:40:47 np0005540556.novalocal object-server[97639]: ::1 - - [01/Dec/2025:03:40:47 +0000] "PUT /3/173296/AUTH_602f37ceccf647698ef9e0fe4d0d45d5/gnocchi.0fb79997-f928-4715-aa7e-8323708f6afd/1763640000.0_mean_300.0_v3" 201 - "PUT https://[::1]:8080/v1/AUTH_602f37ceccf647698ef9e0fe4d0d45d5/gnocchi.0fb79997-f928-4715-aa7e-8323708f6afd/1763640000.0_mean_300.0_v3" "txce933b48f199484a84a93-00692d0e3f" "proxy-server 98624" 0.0149 "-" 97639 0
Nov 30 22:40:47 np0005540556.novalocal iscsid[79780]: iscsid: Connection1:0 to [target: iqn.2010-10.org.openstack:volume-82d734e1-92f1-4185-803d-696f86b39eb0, portal: ::1,3260] through [iface: default] is shutdown.
Nov 30 22:40:47 np0005540556.novalocal proxy-server[98624]: ::1 ::1 01/Dec/2025/03/40/47 PUT /v1/AUTH_602f37ceccf647698ef9e0fe4d0d45d5/gnocchi.0fb79997-f928-4715-aa7e-8323708f6afd/1763640000.0_mean_300.0_v3 HTTP/1.0 201 - python-swiftclient-4.8.0 gAAAAABpLQ4-yMSf... 16 - - txce933b48f199484a84a93-00692d0e3f - 0.0296 - - 1764560447.586037159 1764560447.615659237 0 3cd24aa0af114855987a490c7d44632d
Nov 30 22:40:47 np0005540556.novalocal container-server[97343]: ::1 - - [01/Dec/2025:03:40:47 +0000] "PUT /2/170644/AUTH_602f37ceccf647698ef9e0fe4d0d45d5/gnocchi.0fb79997-f928-4715-aa7e-8323708f6afd/none_v3" 201 - "PUT http://[::1]:8080/2/244516/AUTH_602f37ceccf647698ef9e0fe4d0d45d5/gnocchi.0fb79997-f928-4715-aa7e-8323708f6afd/none_v3" "tx1b0bc587a0a04cdbbc4fe-00692d0e3f" "object-server 97640" 0.0005 "-" 97343 0
Nov 30 22:40:47 np0005540556.novalocal container-server[97343]: ::1 - - [01/Dec/2025:03:40:47 +0000] "PUT /3/170644/AUTH_602f37ceccf647698ef9e0fe4d0d45d5/gnocchi.0fb79997-f928-4715-aa7e-8323708f6afd/none_v3" 201 - "PUT http://[::1]:8080/3/244516/AUTH_602f37ceccf647698ef9e0fe4d0d45d5/gnocchi.0fb79997-f928-4715-aa7e-8323708f6afd/none_v3" "tx1b0bc587a0a04cdbbc4fe-00692d0e3f" "object-server 97640" 0.0003 "-" 97343 0
Nov 30 22:40:47 np0005540556.novalocal object-server[97640]: ::1 - - [01/Dec/2025:03:40:47 +0000] "PUT /2/244516/AUTH_602f37ceccf647698ef9e0fe4d0d45d5/gnocchi.0fb79997-f928-4715-aa7e-8323708f6afd/none_v3" 201 - "PUT https://[::1]:8080/v1/AUTH_602f37ceccf647698ef9e0fe4d0d45d5/gnocchi.0fb79997-f928-4715-aa7e-8323708f6afd/none_v3" "tx1b0bc587a0a04cdbbc4fe-00692d0e3f" "proxy-server 98624" 0.0193 "-" 97640 0
Nov 30 22:40:47 np0005540556.novalocal container-server[97342]: ::1 - - [01/Dec/2025:03:40:47 +0000] "PUT /1/170644/AUTH_602f37ceccf647698ef9e0fe4d0d45d5/gnocchi.0fb79997-f928-4715-aa7e-8323708f6afd/none_v3" 201 - "PUT http://[::1]:8080/1/244516/AUTH_602f37ceccf647698ef9e0fe4d0d45d5/gnocchi.0fb79997-f928-4715-aa7e-8323708f6afd/none_v3" "tx1b0bc587a0a04cdbbc4fe-00692d0e3f" "object-server 97640" 0.0013 "-" 97342 0
Nov 30 22:40:47 np0005540556.novalocal object-server[97640]: ::1 - - [01/Dec/2025:03:40:47 +0000] "PUT /3/244516/AUTH_602f37ceccf647698ef9e0fe4d0d45d5/gnocchi.0fb79997-f928-4715-aa7e-8323708f6afd/none_v3" 201 - "PUT https://[::1]:8080/v1/AUTH_602f37ceccf647698ef9e0fe4d0d45d5/gnocchi.0fb79997-f928-4715-aa7e-8323708f6afd/none_v3" "tx1b0bc587a0a04cdbbc4fe-00692d0e3f" "proxy-server 98624" 0.0237 "-" 97640 0
Nov 30 22:40:47 np0005540556.novalocal object-server[97640]: ::1 - - [01/Dec/2025:03:40:47 +0000] "PUT /1/244516/AUTH_602f37ceccf647698ef9e0fe4d0d45d5/gnocchi.0fb79997-f928-4715-aa7e-8323708f6afd/none_v3" 201 - "PUT https://[::1]:8080/v1/AUTH_602f37ceccf647698ef9e0fe4d0d45d5/gnocchi.0fb79997-f928-4715-aa7e-8323708f6afd/none_v3" "tx1b0bc587a0a04cdbbc4fe-00692d0e3f" "proxy-server 98624" 0.0195 "-" 97640 0
Nov 30 22:40:47 np0005540556.novalocal proxy-server[98624]: ::1 ::1 01/Dec/2025/03/40/47 PUT /v1/AUTH_602f37ceccf647698ef9e0fe4d0d45d5/gnocchi.0fb79997-f928-4715-aa7e-8323708f6afd/none_v3 HTTP/1.0 201 - python-swiftclient-4.8.0 gAAAAABpLQ4-yMSf... 31 - - tx1b0bc587a0a04cdbbc4fe-00692d0e3f - 0.0334 - - 1764560447.620324850 1764560447.653702497 0 3cd24aa0af114855987a490c7d44632d
Nov 30 22:40:48 np0005540556.novalocal object-server[97639]: ::1 - - [01/Dec/2025:03:40:48 +0000] "GET /3/248342/AUTH_602f37ceccf647698ef9e0fe4d0d45d5/gnocchi.d866c4a3-4400-42f9-8df8-ed09f438d686/none_v3" 200 22 "GET https://[::1]:8080/v1/AUTH_602f37ceccf647698ef9e0fe4d0d45d5/gnocchi.d866c4a3-4400-42f9-8df8-ed09f438d686/none_v3" "tx6e35af4374a849b8ac2e8-00692d0e40" "proxy-server 98624" 0.0017 "-" 97639 0
Nov 30 22:40:48 np0005540556.novalocal proxy-server[98624]: ::1 ::1 01/Dec/2025/03/40/48 GET /v1/AUTH_602f37ceccf647698ef9e0fe4d0d45d5/gnocchi.d866c4a3-4400-42f9-8df8-ed09f438d686/none_v3 HTTP/1.0 200 - python-swiftclient-4.8.0 gAAAAABpLQ4jjy8F... - 22 - tx6e35af4374a849b8ac2e8-00692d0e40 - 0.0138 - - 1764560448.704247952 1764560448.718097925 0 3cd24aa0af114855987a490c7d44632d
Nov 30 22:40:48 np0005540556.novalocal container-server[97343]: ::1 - - [01/Dec/2025:03:40:48 +0000] "GET /1/171607/AUTH_602f37ceccf647698ef9e0fe4d0d45d5/gnocchi.d866c4a3-4400-42f9-8df8-ed09f438d686" 200 357 "GET https://[::1]:8080/v1/AUTH_602f37ceccf647698ef9e0fe4d0d45d5/gnocchi.d866c4a3-4400-42f9-8df8-ed09f438d686?format=json&states=listing" "tx8b2b96c7f9a44996ac9cf-00692d0e40" "proxy-server 98624" 0.0094 "-" 97343 0
Nov 30 22:40:48 np0005540556.novalocal proxy-server[98624]: ::1 ::1 01/Dec/2025/03/40/48 GET /v1/AUTH_602f37ceccf647698ef9e0fe4d0d45d5/gnocchi.d866c4a3-4400-42f9-8df8-ed09f438d686%3Fformat%3Djson%26states%3Dlisting HTTP/1.0 200 - python-swiftclient-4.8.0 gAAAAABpLQ4jjy8F... - 357 - tx8b2b96c7f9a44996ac9cf-00692d0e40 - 0.0206 - - 1764560448.722539186 1764560448.743122101 0 3cd24aa0af114855987a490c7d44632d
Nov 30 22:40:48 np0005540556.novalocal container-server[97343]: ::1 - - [01/Dec/2025:03:40:48 +0000] "GET /3/171607/AUTH_602f37ceccf647698ef9e0fe4d0d45d5/gnocchi.d866c4a3-4400-42f9-8df8-ed09f438d686" 200 2 "GET https://[::1]:8080/v1/AUTH_602f37ceccf647698ef9e0fe4d0d45d5/gnocchi.d866c4a3-4400-42f9-8df8-ed09f438d686?format=json&marker=none_v3&states=listing" "tx4cbe294f6abc42db86eaa-00692d0e40" "proxy-server 98624" 0.0153 "-" 97343 0
Nov 30 22:40:48 np0005540556.novalocal proxy-server[98624]: ::1 ::1 01/Dec/2025/03/40/48 GET /v1/AUTH_602f37ceccf647698ef9e0fe4d0d45d5/gnocchi.d866c4a3-4400-42f9-8df8-ed09f438d686%3Fformat%3Djson%26marker%3Dnone_v3%26states%3Dlisting HTTP/1.0 200 - python-swiftclient-4.8.0 gAAAAABpLQ4jjy8F... - 2 - tx4cbe294f6abc42db86eaa-00692d0e40 - 0.0320 - - 1764560448.747138023 1764560448.779125929 0 3cd24aa0af114855987a490c7d44632d
Nov 30 22:40:48 np0005540556.novalocal object-server[97639]: ::1 - - [01/Dec/2025:03:40:48 +0000] "GET /3/6188/AUTH_602f37ceccf647698ef9e0fe4d0d45d5/gnocchi.d866c4a3-4400-42f9-8df8-ed09f438d686/1763640000.0_mean_300.0_v3" 200 16 "GET https://[::1]:8080/v1/AUTH_602f37ceccf647698ef9e0fe4d0d45d5/gnocchi.d866c4a3-4400-42f9-8df8-ed09f438d686/1763640000.0_mean_300.0_v3" "txba7780e6a38e41b9a484c-00692d0e40" "proxy-server 98624" 0.0016 "-" 97639 0
Nov 30 22:40:48 np0005540556.novalocal proxy-server[98624]: ::1 ::1 01/Dec/2025/03/40/48 GET /v1/AUTH_602f37ceccf647698ef9e0fe4d0d45d5/gnocchi.d866c4a3-4400-42f9-8df8-ed09f438d686/1763640000.0_mean_300.0_v3 HTTP/1.0 200 - python-swiftclient-4.8.0 gAAAAABpLQ4jjy8F... - 16 - txba7780e6a38e41b9a484c-00692d0e40 - 0.0125 - - 1764560448.784949303 1764560448.797441483 0 3cd24aa0af114855987a490c7d44632d
Nov 30 22:40:48 np0005540556.novalocal container-server[97343]: ::1 - - [01/Dec/2025:03:40:48 +0000] "PUT /2/171607/AUTH_602f37ceccf647698ef9e0fe4d0d45d5/gnocchi.d866c4a3-4400-42f9-8df8-ed09f438d686/1763640000.0_mean_300.0_v3" 201 - "PUT http://[::1]:8080/2/6188/AUTH_602f37ceccf647698ef9e0fe4d0d45d5/gnocchi.d866c4a3-4400-42f9-8df8-ed09f438d686/1763640000.0_mean_300.0_v3" "tx2d8392d447844601a2483-00692d0e40" "object-server 97639" 0.0009 "-" 97343 0
Nov 30 22:40:48 np0005540556.novalocal object-server[97639]: ::1 - - [01/Dec/2025:03:40:48 +0000] "PUT /2/6188/AUTH_602f37ceccf647698ef9e0fe4d0d45d5/gnocchi.d866c4a3-4400-42f9-8df8-ed09f438d686/1763640000.0_mean_300.0_v3" 201 - "PUT https://[::1]:8080/v1/AUTH_602f37ceccf647698ef9e0fe4d0d45d5/gnocchi.d866c4a3-4400-42f9-8df8-ed09f438d686/1763640000.0_mean_300.0_v3" "tx2d8392d447844601a2483-00692d0e40" "proxy-server 98624" 0.0126 "-" 97639 0
Nov 30 22:40:48 np0005540556.novalocal container-server[97342]: ::1 - - [01/Dec/2025:03:40:48 +0000] "PUT /3/171607/AUTH_602f37ceccf647698ef9e0fe4d0d45d5/gnocchi.d866c4a3-4400-42f9-8df8-ed09f438d686/1763640000.0_mean_300.0_v3" 201 - "PUT http://[::1]:8080/3/6188/AUTH_602f37ceccf647698ef9e0fe4d0d45d5/gnocchi.d866c4a3-4400-42f9-8df8-ed09f438d686/1763640000.0_mean_300.0_v3" "tx2d8392d447844601a2483-00692d0e40" "object-server 97639" 0.0008 "-" 97342 0
Nov 30 22:40:48 np0005540556.novalocal container-server[97343]: ::1 - - [01/Dec/2025:03:40:48 +0000] "PUT /1/171607/AUTH_602f37ceccf647698ef9e0fe4d0d45d5/gnocchi.d866c4a3-4400-42f9-8df8-ed09f438d686/1763640000.0_mean_300.0_v3" 201 - "PUT http://[::1]:8080/1/6188/AUTH_602f37ceccf647698ef9e0fe4d0d45d5/gnocchi.d866c4a3-4400-42f9-8df8-ed09f438d686/1763640000.0_mean_300.0_v3" "tx2d8392d447844601a2483-00692d0e40" "object-server 97640" 0.0007 "-" 97343 0
Nov 30 22:40:48 np0005540556.novalocal object-server[97639]: ::1 - - [01/Dec/2025:03:40:48 +0000] "PUT /3/6188/AUTH_602f37ceccf647698ef9e0fe4d0d45d5/gnocchi.d866c4a3-4400-42f9-8df8-ed09f438d686/1763640000.0_mean_300.0_v3" 201 - "PUT https://[::1]:8080/v1/AUTH_602f37ceccf647698ef9e0fe4d0d45d5/gnocchi.d866c4a3-4400-42f9-8df8-ed09f438d686/1763640000.0_mean_300.0_v3" "tx2d8392d447844601a2483-00692d0e40" "proxy-server 98624" 0.0165 "-" 97639 0
Nov 30 22:40:48 np0005540556.novalocal object-server[97640]: ::1 - - [01/Dec/2025:03:40:48 +0000] "PUT /1/6188/AUTH_602f37ceccf647698ef9e0fe4d0d45d5/gnocchi.d866c4a3-4400-42f9-8df8-ed09f438d686/1763640000.0_mean_300.0_v3" 201 - "PUT https://[::1]:8080/v1/AUTH_602f37ceccf647698ef9e0fe4d0d45d5/gnocchi.d866c4a3-4400-42f9-8df8-ed09f438d686/1763640000.0_mean_300.0_v3" "tx2d8392d447844601a2483-00692d0e40" "proxy-server 98624" 0.0171 "-" 97640 0
Nov 30 22:40:48 np0005540556.novalocal proxy-server[98624]: ::1 ::1 01/Dec/2025/03/40/48 PUT /v1/AUTH_602f37ceccf647698ef9e0fe4d0d45d5/gnocchi.d866c4a3-4400-42f9-8df8-ed09f438d686/1763640000.0_mean_300.0_v3 HTTP/1.0 201 - python-swiftclient-4.8.0 gAAAAABpLQ4jjy8F... 16 - - tx2d8392d447844601a2483-00692d0e40 - 0.0291 - - 1764560448.802593231 1764560448.831742525 0 3cd24aa0af114855987a490c7d44632d
Nov 30 22:40:48 np0005540556.novalocal container-server[97342]: ::1 - - [01/Dec/2025:03:40:48 +0000] "PUT /1/171607/AUTH_602f37ceccf647698ef9e0fe4d0d45d5/gnocchi.d866c4a3-4400-42f9-8df8-ed09f438d686/none_v3" 201 - "PUT http://[::1]:8080/1/248342/AUTH_602f37ceccf647698ef9e0fe4d0d45d5/gnocchi.d866c4a3-4400-42f9-8df8-ed09f438d686/none_v3" "txbe9a57ded330450b89813-00692d0e40" "object-server 97640" 0.0009 "-" 97342 0
Nov 30 22:40:48 np0005540556.novalocal object-server[97640]: ::1 - - [01/Dec/2025:03:40:48 +0000] "PUT /1/248342/AUTH_602f37ceccf647698ef9e0fe4d0d45d5/gnocchi.d866c4a3-4400-42f9-8df8-ed09f438d686/none_v3" 201 - "PUT https://[::1]:8080/v1/AUTH_602f37ceccf647698ef9e0fe4d0d45d5/gnocchi.d866c4a3-4400-42f9-8df8-ed09f438d686/none_v3" "txbe9a57ded330450b89813-00692d0e40" "proxy-server 98624" 0.0170 "-" 97640 0
Nov 30 22:40:48 np0005540556.novalocal container-server[97342]: ::1 - - [01/Dec/2025:03:40:48 +0000] "PUT /3/171607/AUTH_602f37ceccf647698ef9e0fe4d0d45d5/gnocchi.d866c4a3-4400-42f9-8df8-ed09f438d686/none_v3" 201 - "PUT http://[::1]:8080/3/248342/AUTH_602f37ceccf647698ef9e0fe4d0d45d5/gnocchi.d866c4a3-4400-42f9-8df8-ed09f438d686/none_v3" "txbe9a57ded330450b89813-00692d0e40" "object-server 97640" 0.0007 "-" 97342 0
Nov 30 22:40:48 np0005540556.novalocal object-server[97640]: ::1 - - [01/Dec/2025:03:40:48 +0000] "PUT /3/248342/AUTH_602f37ceccf647698ef9e0fe4d0d45d5/gnocchi.d866c4a3-4400-42f9-8df8-ed09f438d686/none_v3" 201 - "PUT https://[::1]:8080/v1/AUTH_602f37ceccf647698ef9e0fe4d0d45d5/gnocchi.d866c4a3-4400-42f9-8df8-ed09f438d686/none_v3" "txbe9a57ded330450b89813-00692d0e40" "proxy-server 98624" 0.0275 "-" 97640 0
Nov 30 22:40:48 np0005540556.novalocal container-server[97343]: ::1 - - [01/Dec/2025:03:40:48 +0000] "PUT /2/171607/AUTH_602f37ceccf647698ef9e0fe4d0d45d5/gnocchi.d866c4a3-4400-42f9-8df8-ed09f438d686/none_v3" 201 - "PUT http://[::1]:8080/2/248342/AUTH_602f37ceccf647698ef9e0fe4d0d45d5/gnocchi.d866c4a3-4400-42f9-8df8-ed09f438d686/none_v3" "txbe9a57ded330450b89813-00692d0e40" "object-server 97640" 0.0009 "-" 97343 0
Nov 30 22:40:48 np0005540556.novalocal object-server[97640]: ::1 - - [01/Dec/2025:03:40:48 +0000] "PUT /2/248342/AUTH_602f37ceccf647698ef9e0fe4d0d45d5/gnocchi.d866c4a3-4400-42f9-8df8-ed09f438d686/none_v3" 201 - "PUT https://[::1]:8080/v1/AUTH_602f37ceccf647698ef9e0fe4d0d45d5/gnocchi.d866c4a3-4400-42f9-8df8-ed09f438d686/none_v3" "txbe9a57ded330450b89813-00692d0e40" "proxy-server 98624" 0.0239 "-" 97640 0
Nov 30 22:40:48 np0005540556.novalocal proxy-server[98624]: ::1 ::1 01/Dec/2025/03/40/48 PUT /v1/AUTH_602f37ceccf647698ef9e0fe4d0d45d5/gnocchi.d866c4a3-4400-42f9-8df8-ed09f438d686/none_v3 HTTP/1.0 201 - python-swiftclient-4.8.0 gAAAAABpLQ4jjy8F... 30 - - txbe9a57ded330450b89813-00692d0e40 - 0.0426 - - 1764560448.835130453 1764560448.877709866 0 3cd24aa0af114855987a490c7d44632d
Nov 30 22:40:49 np0005540556.novalocal dnsmasq[104337]: read /var/lib/neutron/dhcp/5f87427f-5843-4cdd-a9d3-e5305d0a52bf/addn_hosts - 1 addresses
Nov 30 22:40:49 np0005540556.novalocal dnsmasq-dhcp[104337]: read /var/lib/neutron/dhcp/5f87427f-5843-4cdd-a9d3-e5305d0a52bf/host
Nov 30 22:40:49 np0005540556.novalocal dnsmasq-dhcp[104337]: read /var/lib/neutron/dhcp/5f87427f-5843-4cdd-a9d3-e5305d0a52bf/opts
Nov 30 22:40:50 np0005540556.novalocal systemd[1]: Starting SETroubleshoot daemon for processing new SELinux denial logs...
Nov 30 22:40:50 np0005540556.novalocal sudo[105217]: cinder : PWD=/ ; USER=root ; COMMAND=/usr/bin/cinder-rootwrap /etc/cinder/rootwrap.conf cinder-rtstool delete-initiator iqn.2010-10.org.openstack:volume-82d734e1-92f1-4185-803d-696f86b39eb0 iqn.1994-05.com.redhat:4d4b6b98a05b
Nov 30 22:40:50 np0005540556.novalocal systemd[1]: Started Session c110 of User root.
Nov 30 22:40:50 np0005540556.novalocal sudo[105217]: pam_unix(sudo:session): session opened for user root(uid=0) by (uid=165)
Nov 30 22:40:50 np0005540556.novalocal systemd[1]: Started SETroubleshoot daemon for processing new SELinux denial logs.
Nov 30 22:40:50 np0005540556.novalocal object-server[97640]: ::1 - - [01/Dec/2025:03:40:50 +0000] "GET /1/253242/AUTH_602f37ceccf647698ef9e0fe4d0d45d5/gnocchi.4d8da67d-78f9-4070-965f-f459eb6cfc65/none_v3" 200 52 "GET https://[::1]:8080/v1/AUTH_602f37ceccf647698ef9e0fe4d0d45d5/gnocchi.4d8da67d-78f9-4070-965f-f459eb6cfc65/none_v3" "txb37f50b8316b4fb796521-00692d0e42" "proxy-server 98624" 0.0015 "-" 97640 0
Nov 30 22:40:50 np0005540556.novalocal proxy-server[98624]: ::1 ::1 01/Dec/2025/03/40/50 GET /v1/AUTH_602f37ceccf647698ef9e0fe4d0d45d5/gnocchi.4d8da67d-78f9-4070-965f-f459eb6cfc65/none_v3 HTTP/1.0 200 - python-swiftclient-4.8.0 gAAAAABpLQ4-yMSf... - 52 - txb37f50b8316b4fb796521-00692d0e42 - 0.0082 - - 1764560450.791400194 1764560450.799596548 0 3cd24aa0af114855987a490c7d44632d
Nov 30 22:40:50 np0005540556.novalocal container-server[97343]: ::1 - - [01/Dec/2025:03:40:50 +0000] "GET /3/154227/AUTH_602f37ceccf647698ef9e0fe4d0d45d5/gnocchi.4d8da67d-78f9-4070-965f-f459eb6cfc65" 200 357 "GET https://[::1]:8080/v1/AUTH_602f37ceccf647698ef9e0fe4d0d45d5/gnocchi.4d8da67d-78f9-4070-965f-f459eb6cfc65?format=json&states=listing" "tx051f0930940e41d18ef6e-00692d0e42" "proxy-server 98624" 0.0028 "-" 97343 0
Nov 30 22:40:50 np0005540556.novalocal proxy-server[98624]: ::1 ::1 01/Dec/2025/03/40/50 GET /v1/AUTH_602f37ceccf647698ef9e0fe4d0d45d5/gnocchi.4d8da67d-78f9-4070-965f-f459eb6cfc65%3Fformat%3Djson%26states%3Dlisting HTTP/1.0 200 - python-swiftclient-4.8.0 gAAAAABpLQ4-yMSf... - 357 - tx051f0930940e41d18ef6e-00692d0e42 - 0.0096 - - 1764560450.802576542 1764560450.812169075 0 3cd24aa0af114855987a490c7d44632d
Nov 30 22:40:50 np0005540556.novalocal container-server[97342]: ::1 - - [01/Dec/2025:03:40:50 +0000] "GET /1/154227/AUTH_602f37ceccf647698ef9e0fe4d0d45d5/gnocchi.4d8da67d-78f9-4070-965f-f459eb6cfc65" 200 2 "GET https://[::1]:8080/v1/AUTH_602f37ceccf647698ef9e0fe4d0d45d5/gnocchi.4d8da67d-78f9-4070-965f-f459eb6cfc65?format=json&marker=none_v3&states=listing" "tx172744fff2b1433e88402-00692d0e42" "proxy-server 98624" 0.0027 "-" 97342 0
Nov 30 22:40:50 np0005540556.novalocal proxy-server[98624]: ::1 ::1 01/Dec/2025/03/40/50 GET /v1/AUTH_602f37ceccf647698ef9e0fe4d0d45d5/gnocchi.4d8da67d-78f9-4070-965f-f459eb6cfc65%3Fformat%3Djson%26marker%3Dnone_v3%26states%3Dlisting HTTP/1.0 200 - python-swiftclient-4.8.0 gAAAAABpLQ4-yMSf... - 2 - tx172744fff2b1433e88402-00692d0e42 - 0.0094 - - 1764560450.814517498 1764560450.823868752 0 3cd24aa0af114855987a490c7d44632d
Nov 30 22:40:50 np0005540556.novalocal object-server[97639]: ::1 - - [01/Dec/2025:03:40:50 +0000] "GET /2/181278/AUTH_602f37ceccf647698ef9e0fe4d0d45d5/gnocchi.4d8da67d-78f9-4070-965f-f459eb6cfc65/1763640000.0_mean_300.0_v3" 200 16 "GET https://[::1]:8080/v1/AUTH_602f37ceccf647698ef9e0fe4d0d45d5/gnocchi.4d8da67d-78f9-4070-965f-f459eb6cfc65/1763640000.0_mean_300.0_v3" "tx654e944e321249cc92501-00692d0e42" "proxy-server 98624" 0.0010 "-" 97639 0
