Sep 30 20:47:13 standalone object-server[129863]: 172.20.0.100 - - [30/Sep/2025:20:47:13 +0000] "PUT /d1/979/AUTH_62fcca71cde949759a4314e4ee11741c/gnocchi.5422d76a-4373-40f7-8d17-77e9498c2721/1758240000.0_mean_300.0_v3" 201 - "PUT http://172.18.0.2:8080/v1/AUTH_62fcca71cde949759a4314e4ee11741c/gnocchi.5422d76a-4373-40f7-8d17-77e9498c2721/1758240000.0_mean_300.0_v3" "tx1f92c859fb294f508f0e9-0068dc41d1" "proxy-server 20" 0.0111 "-" 22 0
Sep 30 20:47:13 standalone proxy-server[131714]: 172.18.0.2 172.18.0.100 30/Sep/2025/20/47/13 PUT /v1/AUTH_62fcca71cde949759a4314e4ee11741c/gnocchi.5422d76a-4373-40f7-8d17-77e9498c2721/1758240000.0_mean_300.0_v3 HTTP/1.0 201 - python-swiftclient-3.11.1 gAAAAABo3EFYhc4M... 16 - - tx1f92c859fb294f508f0e9-0068dc41d1 - 0.0258 - - 1759265233.674767017 1759265233.700525999 0
Sep 30 20:47:13 standalone container-server[129650]: 172.20.0.100 - - [30/Sep/2025:20:47:13 +0000] "PUT /d1/734/AUTH_62fcca71cde949759a4314e4ee11741c/gnocchi.5422d76a-4373-40f7-8d17-77e9498c2721/none_v3" 201 - "PUT http://172.18.0.2:8080/d1/225/AUTH_62fcca71cde949759a4314e4ee11741c/gnocchi.5422d76a-4373-40f7-8d17-77e9498c2721/none_v3" "tx8ee71993d8ed41d7a7e9e-0068dc41d1" "object-server 24" 0.0006 "-" 21 0
Sep 30 20:47:13 standalone object-server[129867]: 172.20.0.100 - - [30/Sep/2025:20:47:13 +0000] "PUT /d1/225/AUTH_62fcca71cde949759a4314e4ee11741c/gnocchi.5422d76a-4373-40f7-8d17-77e9498c2721/none_v3" 201 - "PUT http://172.18.0.2:8080/v1/AUTH_62fcca71cde949759a4314e4ee11741c/gnocchi.5422d76a-4373-40f7-8d17-77e9498c2721/none_v3" "tx8ee71993d8ed41d7a7e9e-0068dc41d1" "proxy-server 20" 0.0139 "-" 24 0
Sep 30 20:47:13 standalone proxy-server[131714]: 172.18.0.2 172.18.0.100 30/Sep/2025/20/47/13 PUT /v1/AUTH_62fcca71cde949759a4314e4ee11741c/gnocchi.5422d76a-4373-40f7-8d17-77e9498c2721/none_v3 HTTP/1.0 201 - python-swiftclient-3.11.1 gAAAAABo3EFYhc4M... 22 - - tx8ee71993d8ed41d7a7e9e-0068dc41d1 - 0.0231 - - 1759265233.705169678 1759265233.728222370 0
Sep 30 20:47:13 standalone object-server[129863]: 172.20.0.100 - - [30/Sep/2025:20:47:13 +0000] "GET /d1/250/AUTH_62fcca71cde949759a4314e4ee11741c/gnocchi.6127b7f4-6133-42ef-b2e1-235f95fc01e0/none_v3" 200 33 "GET http://172.18.0.2:8080/v1/AUTH_62fcca71cde949759a4314e4ee11741c/gnocchi.6127b7f4-6133-42ef-b2e1-235f95fc01e0/none_v3" "tx45ccb60714dd477fa38a1-0068dc41d1" "proxy-server 20" 0.0008 "-" 22 0
Sep 30 20:47:13 standalone proxy-server[131714]: 172.18.0.2 172.18.0.100 30/Sep/2025/20/47/13 GET /v1/AUTH_62fcca71cde949759a4314e4ee11741c/gnocchi.6127b7f4-6133-42ef-b2e1-235f95fc01e0/none_v3 HTTP/1.0 200 - python-swiftclient-3.11.1 gAAAAABo3EFYhc4M... - 33 - tx45ccb60714dd477fa38a1-0068dc41d1 - 0.0087 - - 1759265233.854523659 1759265233.863257408 0
Sep 30 20:47:13 standalone container-server[129643]: 172.20.0.100 - - [30/Sep/2025:20:47:13 +0000] "GET /d1/967/AUTH_62fcca71cde949759a4314e4ee11741c/gnocchi.6127b7f4-6133-42ef-b2e1-235f95fc01e0" 200 357 "GET http://172.18.0.2:8080/v1/AUTH_62fcca71cde949759a4314e4ee11741c/gnocchi.6127b7f4-6133-42ef-b2e1-235f95fc01e0?format=json&states=listing" "txf7d2bb0571fc42dbad71a-0068dc41d1" "proxy-server 20" 0.0094 "-" 20 0
Sep 30 20:47:13 standalone proxy-server[131714]: 172.18.0.2 172.18.0.100 30/Sep/2025/20/47/13 GET /v1/AUTH_62fcca71cde949759a4314e4ee11741c/gnocchi.6127b7f4-6133-42ef-b2e1-235f95fc01e0%3Fformat%3Djson%26states%3Dlisting HTTP/1.0 200 - python-swiftclient-3.11.1 gAAAAABo3EFYhc4M... - 357 - txf7d2bb0571fc42dbad71a-0068dc41d1 - 0.0209 - - 1759265233.868010998 1759265233.888896465 0
Sep 30 20:47:13 standalone container-server[129643]: 172.20.0.100 - - [30/Sep/2025:20:47:13 +0000] "GET /d1/967/AUTH_62fcca71cde949759a4314e4ee11741c/gnocchi.6127b7f4-6133-42ef-b2e1-235f95fc01e0" 200 2 "GET http://172.18.0.2:8080/v1/AUTH_62fcca71cde949759a4314e4ee11741c/gnocchi.6127b7f4-6133-42ef-b2e1-235f95fc01e0?format=json&marker=none_v3&states=listing" "tx62360ec657be420897e3a-0068dc41d1" "proxy-server 20" 0.0038 "-" 20 0
Sep 30 20:47:13 standalone proxy-server[131714]: 172.18.0.2 172.18.0.100 30/Sep/2025/20/47/13 GET /v1/AUTH_62fcca71cde949759a4314e4ee11741c/gnocchi.6127b7f4-6133-42ef-b2e1-235f95fc01e0%3Fformat%3Djson%26marker%3Dnone_v3%26states%3Dlisting HTTP/1.0 200 - python-swiftclient-3.11.1 gAAAAABo3EFYhc4M... - 2 - tx62360ec657be420897e3a-0068dc41d1 - 0.0194 - - 1759265233.896151304 1759265233.915561199 0
Sep 30 20:47:13 standalone object-server[129867]: 172.20.0.100 - - [30/Sep/2025:20:47:13 +0000] "GET /d1/807/AUTH_62fcca71cde949759a4314e4ee11741c/gnocchi.6127b7f4-6133-42ef-b2e1-235f95fc01e0/1758240000.0_mean_300.0_v3" 200 16 "GET http://172.18.0.2:8080/v1/AUTH_62fcca71cde949759a4314e4ee11741c/gnocchi.6127b7f4-6133-42ef-b2e1-235f95fc01e0/1758240000.0_mean_300.0_v3" "txcde7a07b488c4ff291d7b-0068dc41d1" "proxy-server 20" 0.0012 "-" 24 0
Sep 30 20:47:13 standalone proxy-server[131714]: 172.18.0.2 172.18.0.100 30/Sep/2025/20/47/13 GET /v1/AUTH_62fcca71cde949759a4314e4ee11741c/gnocchi.6127b7f4-6133-42ef-b2e1-235f95fc01e0/1758240000.0_mean_300.0_v3 HTTP/1.0 200 - python-swiftclient-3.11.1 gAAAAABo3EFYhc4M... - 16 - txcde7a07b488c4ff291d7b-0068dc41d1 - 0.0096 - - 1759265233.927695513 1759265233.937336683 0
Sep 30 20:47:13 standalone container-server[129643]: 172.20.0.100 - - [30/Sep/2025:20:47:13 +0000] "PUT /d1/967/AUTH_62fcca71cde949759a4314e4ee11741c/gnocchi.6127b7f4-6133-42ef-b2e1-235f95fc01e0/1758240000.0_mean_300.0_v3" 201 - "PUT http://172.18.0.2:8080/d1/807/AUTH_62fcca71cde949759a4314e4ee11741c/gnocchi.6127b7f4-6133-42ef-b2e1-235f95fc01e0/1758240000.0_mean_300.0_v3" "tx10ddad23a8aa41e7a577e-0068dc41d1" "object-server 23" 0.0008 "-" 20 0
Sep 30 20:47:13 standalone object-server[129865]: 172.20.0.100 - - [30/Sep/2025:20:47:13 +0000] "PUT /d1/807/AUTH_62fcca71cde949759a4314e4ee11741c/gnocchi.6127b7f4-6133-42ef-b2e1-235f95fc01e0/1758240000.0_mean_300.0_v3" 201 - "PUT http://172.18.0.2:8080/v1/AUTH_62fcca71cde949759a4314e4ee11741c/gnocchi.6127b7f4-6133-42ef-b2e1-235f95fc01e0/1758240000.0_mean_300.0_v3" "tx10ddad23a8aa41e7a577e-0068dc41d1" "proxy-server 20" 0.0097 "-" 23 0
Sep 30 20:47:13 standalone proxy-server[131714]: 172.18.0.2 172.18.0.100 30/Sep/2025/20/47/13 PUT /v1/AUTH_62fcca71cde949759a4314e4ee11741c/gnocchi.6127b7f4-6133-42ef-b2e1-235f95fc01e0/1758240000.0_mean_300.0_v3 HTTP/1.0 201 - python-swiftclient-3.11.1 gAAAAABo3EFYhc4M... 16 - - tx10ddad23a8aa41e7a577e-0068dc41d1 - 0.0139 - - 1759265233.940037966 1759265233.953943491 0
Sep 30 20:47:13 standalone container-server[129659]: 172.20.0.100 - - [30/Sep/2025:20:47:13 +0000] "PUT /d1/967/AUTH_62fcca71cde949759a4314e4ee11741c/gnocchi.6127b7f4-6133-42ef-b2e1-235f95fc01e0/none_v3" 201 - "PUT http://172.18.0.2:8080/d1/250/AUTH_62fcca71cde949759a4314e4ee11741c/gnocchi.6127b7f4-6133-42ef-b2e1-235f95fc01e0/none_v3" "txdc59a978e3c0443798877-0068dc41d1" "object-server 24" 0.0006 "-" 22 0
Sep 30 20:47:13 standalone object-server[129867]: 172.20.0.100 - - [30/Sep/2025:20:47:13 +0000] "PUT /d1/250/AUTH_62fcca71cde949759a4314e4ee11741c/gnocchi.6127b7f4-6133-42ef-b2e1-235f95fc01e0/none_v3" 201 - "PUT http://172.18.0.2:8080/v1/AUTH_62fcca71cde949759a4314e4ee11741c/gnocchi.6127b7f4-6133-42ef-b2e1-235f95fc01e0/none_v3" "txdc59a978e3c0443798877-0068dc41d1" "proxy-server 20" 0.0089 "-" 24 0
Sep 30 20:47:13 standalone proxy-server[131714]: 172.18.0.2 172.18.0.100 30/Sep/2025/20/47/13 PUT /v1/AUTH_62fcca71cde949759a4314e4ee11741c/gnocchi.6127b7f4-6133-42ef-b2e1-235f95fc01e0/none_v3 HTTP/1.0 201 - python-swiftclient-3.11.1 gAAAAABo3EFYhc4M... 48 - - txdc59a978e3c0443798877-0068dc41d1 - 0.0134 - - 1759265233.956130981 1759265233.969537258 0
Sep 30 20:47:13 standalone object-server[129867]: 172.20.0.100 - - [30/Sep/2025:20:47:13 +0000] "GET /d1/402/AUTH_62fcca71cde949759a4314e4ee11741c/gnocchi.c94e38db-bed0-4189-8d39-2256122d69a6/none_v3" 200 33 "GET http://172.18.0.2:8080/v1/AUTH_62fcca71cde949759a4314e4ee11741c/gnocchi.c94e38db-bed0-4189-8d39-2256122d69a6/none_v3" "tx6484beabd6c94feb81ffb-0068dc41d1" "proxy-server 20" 0.0010 "-" 24 0
Sep 30 20:47:13 standalone proxy-server[131714]: 172.18.0.2 172.18.0.100 30/Sep/2025/20/47/13 GET /v1/AUTH_62fcca71cde949759a4314e4ee11741c/gnocchi.c94e38db-bed0-4189-8d39-2256122d69a6/none_v3 HTTP/1.0 200 - python-swiftclient-3.11.1 gAAAAABo3EFYhc4M... - 33 - tx6484beabd6c94feb81ffb-0068dc41d1 - 0.0065 - - 1759265233.984086752 1759265233.990572453 0
Sep 30 20:47:14 standalone container-server[129643]: 172.20.0.100 - - [30/Sep/2025:20:47:14 +0000] "GET /d1/438/AUTH_62fcca71cde949759a4314e4ee11741c/gnocchi.c94e38db-bed0-4189-8d39-2256122d69a6" 200 357 "GET http://172.18.0.2:8080/v1/AUTH_62fcca71cde949759a4314e4ee11741c/gnocchi.c94e38db-bed0-4189-8d39-2256122d69a6?format=json&states=listing" "tx95e9fa087ce048939d057-0068dc41d1" "proxy-server 20" 0.0084 "-" 20 0
Sep 30 20:47:14 standalone proxy-server[131714]: 172.18.0.2 172.18.0.100 30/Sep/2025/20/47/14 GET /v1/AUTH_62fcca71cde949759a4314e4ee11741c/gnocchi.c94e38db-bed0-4189-8d39-2256122d69a6%3Fformat%3Djson%26states%3Dlisting HTTP/1.0 200 - python-swiftclient-3.11.1 gAAAAABo3EFYhc4M... - 357 - tx95e9fa087ce048939d057-0068dc41d1 - 0.0147 - - 1759265233.994053841 1759265234.008715868 0
Sep 30 20:47:14 standalone container-server[129632]: 172.20.0.100 - - [30/Sep/2025:20:47:14 +0000] "GET /d1/438/AUTH_62fcca71cde949759a4314e4ee11741c/gnocchi.c94e38db-bed0-4189-8d39-2256122d69a6" 200 2 "GET http://172.18.0.2:8080/v1/AUTH_62fcca71cde949759a4314e4ee11741c/gnocchi.c94e38db-bed0-4189-8d39-2256122d69a6?format=json&marker=none_v3&states=listing" "tx89600d56c8b8437b92832-0068dc41d2" "proxy-server 20" 0.0026 "-" 19 0
Sep 30 20:47:14 standalone proxy-server[131714]: 172.18.0.2 172.18.0.100 30/Sep/2025/20/47/14 GET /v1/AUTH_62fcca71cde949759a4314e4ee11741c/gnocchi.c94e38db-bed0-4189-8d39-2256122d69a6%3Fformat%3Djson%26marker%3Dnone_v3%26states%3Dlisting HTTP/1.0 200 - python-swiftclient-3.11.1 gAAAAABo3EFYhc4M... - 2 - tx89600d56c8b8437b92832-0068dc41d2 - 0.0102 - - 1759265234.011434078 1759265234.021604776 0
Sep 30 20:47:14 standalone object-server[129869]: 172.20.0.100 - - [30/Sep/2025:20:47:14 +0000] "GET /d1/891/AUTH_62fcca71cde949759a4314e4ee11741c/gnocchi.c94e38db-bed0-4189-8d39-2256122d69a6/1758240000.0_mean_300.0_v3" 200 16 "GET http://172.18.0.2:8080/v1/AUTH_62fcca71cde949759a4314e4ee11741c/gnocchi.c94e38db-bed0-4189-8d39-2256122d69a6/1758240000.0_mean_300.0_v3" "txabbabe34ba294e30aa051-0068dc41d2" "proxy-server 20" 0.0011 "-" 25 0
Sep 30 20:47:14 standalone proxy-server[131714]: 172.18.0.2 172.18.0.100 30/Sep/2025/20/47/14 GET /v1/AUTH_62fcca71cde949759a4314e4ee11741c/gnocchi.c94e38db-bed0-4189-8d39-2256122d69a6/1758240000.0_mean_300.0_v3 HTTP/1.0 200 - python-swiftclient-3.11.1 gAAAAABo3EFYhc4M... - 16 - txabbabe34ba294e30aa051-0068dc41d2 - 0.0130 - - 1759265234.033990622 1759265234.046958685 0
Sep 30 20:47:14 standalone container-server[129632]: 172.20.0.100 - - [30/Sep/2025:20:47:14 +0000] "PUT /d1/438/AUTH_62fcca71cde949759a4314e4ee11741c/gnocchi.c94e38db-bed0-4189-8d39-2256122d69a6/1758240000.0_mean_300.0_v3" 201 - "PUT http://172.18.0.2:8080/d1/891/AUTH_62fcca71cde949759a4314e4ee11741c/gnocchi.c94e38db-bed0-4189-8d39-2256122d69a6/1758240000.0_mean_300.0_v3" "tx99ed012998fb4f8c9f8d0-0068dc41d2" "object-server 24" 0.0004 "-" 19 0
Sep 30 20:47:14 standalone object-server[129867]: 172.20.0.100 - - [30/Sep/2025:20:47:14 +0000] "PUT /d1/891/AUTH_62fcca71cde949759a4314e4ee11741c/gnocchi.c94e38db-bed0-4189-8d39-2256122d69a6/1758240000.0_mean_300.0_v3" 201 - "PUT http://172.18.0.2:8080/v1/AUTH_62fcca71cde949759a4314e4ee11741c/gnocchi.c94e38db-bed0-4189-8d39-2256122d69a6/1758240000.0_mean_300.0_v3" "tx99ed012998fb4f8c9f8d0-0068dc41d2" "proxy-server 20" 0.0093 "-" 24 0
Sep 30 20:47:14 standalone proxy-server[131714]: 172.18.0.2 172.18.0.100 30/Sep/2025/20/47/14 PUT /v1/AUTH_62fcca71cde949759a4314e4ee11741c/gnocchi.c94e38db-bed0-4189-8d39-2256122d69a6/1758240000.0_mean_300.0_v3 HTTP/1.0 201 - python-swiftclient-3.11.1 gAAAAABo3EFYhc4M... 16 - - tx99ed012998fb4f8c9f8d0-0068dc41d2 - 0.0174 - - 1759265234.049737692 1759265234.067168474 0
Sep 30 20:47:14 standalone container-server[129659]: 172.20.0.100 - - [30/Sep/2025:20:47:14 +0000] "PUT /d1/438/AUTH_62fcca71cde949759a4314e4ee11741c/gnocchi.c94e38db-bed0-4189-8d39-2256122d69a6/none_v3" 201 - "PUT http://172.18.0.2:8080/d1/402/AUTH_62fcca71cde949759a4314e4ee11741c/gnocchi.c94e38db-bed0-4189-8d39-2256122d69a6/none_v3" "tx104d62a7858a401eabeae-0068dc41d2" "object-server 25" 0.0005 "-" 22 0
Sep 30 20:47:14 standalone object-server[129869]: 172.20.0.100 - - [30/Sep/2025:20:47:14 +0000] "PUT /d1/402/AUTH_62fcca71cde949759a4314e4ee11741c/gnocchi.c94e38db-bed0-4189-8d39-2256122d69a6/none_v3" 201 - "PUT http://172.18.0.2:8080/v1/AUTH_62fcca71cde949759a4314e4ee11741c/gnocchi.c94e38db-bed0-4189-8d39-2256122d69a6/none_v3" "tx104d62a7858a401eabeae-0068dc41d2" "proxy-server 20" 0.0095 "-" 25 0
Sep 30 20:47:14 standalone proxy-server[131714]: 172.18.0.2 172.18.0.100 30/Sep/2025/20/47/14 PUT /v1/AUTH_62fcca71cde949759a4314e4ee11741c/gnocchi.c94e38db-bed0-4189-8d39-2256122d69a6/none_v3 HTTP/1.0 201 - python-swiftclient-3.11.1 gAAAAABo3EFYhc4M... 48 - - tx104d62a7858a401eabeae-0068dc41d2 - 0.0151 - - 1759265234.069324732 1759265234.084386826 0
Sep 30 20:47:15 standalone object-server[129865]: 172.20.0.100 - - [30/Sep/2025:20:47:15 +0000] "GET /d1/225/AUTH_62fcca71cde949759a4314e4ee11741c/gnocchi.5422d76a-4373-40f7-8d17-77e9498c2721/none_v3" 200 22 "GET http://172.18.0.2:8080/v1/AUTH_62fcca71cde949759a4314e4ee11741c/gnocchi.5422d76a-4373-40f7-8d17-77e9498c2721/none_v3" "tx8d00af8a2ca14135b432e-0068dc41d3" "proxy-server 20" 0.0008 "-" 23 0
Sep 30 20:47:15 standalone proxy-server[131714]: 172.18.0.2 172.18.0.100 30/Sep/2025/20/47/15 GET /v1/AUTH_62fcca71cde949759a4314e4ee11741c/gnocchi.5422d76a-4373-40f7-8d17-77e9498c2721/none_v3 HTTP/1.0 200 - python-swiftclient-3.11.1 gAAAAABo3EFYhc4M... - 22 - tx8d00af8a2ca14135b432e-0068dc41d3 - 0.0113 - - 1759265235.356176615 1759265235.367465734 0
Sep 30 20:47:15 standalone container-server[129632]: 172.20.0.100 - - [30/Sep/2025:20:47:15 +0000] "GET /d1/734/AUTH_62fcca71cde949759a4314e4ee11741c/gnocchi.5422d76a-4373-40f7-8d17-77e9498c2721" 200 357 "GET http://172.18.0.2:8080/v1/AUTH_62fcca71cde949759a4314e4ee11741c/gnocchi.5422d76a-4373-40f7-8d17-77e9498c2721?format=json&states=listing" "txde3c8b8c562942cf83ad3-0068dc41d3" "proxy-server 20" 0.0098 "-" 19 0
Sep 30 20:47:15 standalone proxy-server[131714]: 172.18.0.2 172.18.0.100 30/Sep/2025/20/47/15 GET /v1/AUTH_62fcca71cde949759a4314e4ee11741c/gnocchi.5422d76a-4373-40f7-8d17-77e9498c2721%3Fformat%3Djson%26states%3Dlisting HTTP/1.0 200 - python-swiftclient-3.11.1 gAAAAABo3EFYhc4M... - 357 - txde3c8b8c562942cf83ad3-0068dc41d3 - 0.0218 - - 1759265235.373045683 1759265235.394859314 0
Sep 30 20:47:15 standalone container-server[129643]: 172.20.0.100 - - [30/Sep/2025:20:47:15 +0000] "GET /d1/734/AUTH_62fcca71cde949759a4314e4ee11741c/gnocchi.5422d76a-4373-40f7-8d17-77e9498c2721" 200 2 "GET http://172.18.0.2:8080/v1/AUTH_62fcca71cde949759a4314e4ee11741c/gnocchi.5422d76a-4373-40f7-8d17-77e9498c2721?format=json&marker=none_v3&states=listing" "txba5afc76847043e186f45-0068dc41d3" "proxy-server 20" 0.0037 "-" 20 0
Sep 30 20:47:15 standalone proxy-server[131714]: 172.18.0.2 172.18.0.100 30/Sep/2025/20/47/15 GET /v1/AUTH_62fcca71cde949759a4314e4ee11741c/gnocchi.5422d76a-4373-40f7-8d17-77e9498c2721%3Fformat%3Djson%26marker%3Dnone_v3%26states%3Dlisting HTTP/1.0 200 - python-swiftclient-3.11.1 gAAAAABo3EFYhc4M... - 2 - txba5afc76847043e186f45-0068dc41d3 - 0.0135 - - 1759265235.400283337 1759265235.413769245 0
Sep 30 20:47:15 standalone object-server[129865]: 172.20.0.100 - - [30/Sep/2025:20:47:15 +0000] "GET /d1/979/AUTH_62fcca71cde949759a4314e4ee11741c/gnocchi.5422d76a-4373-40f7-8d17-77e9498c2721/1758240000.0_mean_300.0_v3" 200 16 "GET http://172.18.0.2:8080/v1/AUTH_62fcca71cde949759a4314e4ee11741c/gnocchi.5422d76a-4373-40f7-8d17-77e9498c2721/1758240000.0_mean_300.0_v3" "tx81cc6a6d8da84ad5b61cf-0068dc41d3" "proxy-server 20" 0.0007 "-" 23 0
Sep 30 20:47:15 standalone proxy-server[131714]: 172.18.0.2 172.18.0.100 30/Sep/2025/20/47/15 GET /v1/AUTH_62fcca71cde949759a4314e4ee11741c/gnocchi.5422d76a-4373-40f7-8d17-77e9498c2721/1758240000.0_mean_300.0_v3 HTTP/1.0 200 - python-swiftclient-3.11.1 gAAAAABo3EFYhc4M... - 16 - tx81cc6a6d8da84ad5b61cf-0068dc41d3 - 0.0089 - - 1759265235.418763638 1759265235.427616596 0
Sep 30 20:47:15 standalone container-server[129659]: 172.20.0.100 - - [30/Sep/2025:20:47:15 +0000] "PUT /d1/734/AUTH_62fcca71cde949759a4314e4ee11741c/gnocchi.5422d76a-4373-40f7-8d17-77e9498c2721/1758240000.0_mean_300.0_v3" 201 - "PUT http://172.18.0.2:8080/d1/979/AUTH_62fcca71cde949759a4314e4ee11741c/gnocchi.5422d76a-4373-40f7-8d17-77e9498c2721/1758240000.0_mean_300.0_v3" "tx93dfbe761eca47728978c-0068dc41d3" "object-server 25" 0.0011 "-" 22 0
Sep 30 20:47:15 standalone object-server[129869]: 172.20.0.100 - - [30/Sep/2025:20:47:15 +0000] "PUT /d1/979/AUTH_62fcca71cde949759a4314e4ee11741c/gnocchi.5422d76a-4373-40f7-8d17-77e9498c2721/1758240000.0_mean_300.0_v3" 201 - "PUT http://172.18.0.2:8080/v1/AUTH_62fcca71cde949759a4314e4ee11741c/gnocchi.5422d76a-4373-40f7-8d17-77e9498c2721/1758240000.0_mean_300.0_v3" "tx93dfbe761eca47728978c-0068dc41d3" "proxy-server 20" 0.0153 "-" 25 0
Sep 30 20:47:15 standalone proxy-server[131714]: 172.18.0.2 172.18.0.100 30/Sep/2025/20/47/15 PUT /v1/AUTH_62fcca71cde949759a4314e4ee11741c/gnocchi.5422d76a-4373-40f7-8d17-77e9498c2721/1758240000.0_mean_300.0_v3 HTTP/1.0 201 - python-swiftclient-3.11.1 gAAAAABo3EFYhc4M... 16 - - tx93dfbe761eca47728978c-0068dc41d3 - 0.0241 - - 1759265235.432027817 1759265235.456133127 0
Sep 30 20:47:15 standalone container-server[129643]: 172.20.0.100 - - [30/Sep/2025:20:47:15 +0000] "PUT /d1/734/AUTH_62fcca71cde949759a4314e4ee11741c/gnocchi.5422d76a-4373-40f7-8d17-77e9498c2721/none_v3" 201 - "PUT http://172.18.0.2:8080/d1/225/AUTH_62fcca71cde949759a4314e4ee11741c/gnocchi.5422d76a-4373-40f7-8d17-77e9498c2721/none_v3" "tx66ba850daed844e589917-0068dc41d3" "object-server 25" 0.0009 "-" 20 0
Sep 30 20:47:15 standalone object-server[129869]: 172.20.0.100 - - [30/Sep/2025:20:47:15 +0000] "PUT /d1/225/AUTH_62fcca71cde949759a4314e4ee11741c/gnocchi.5422d76a-4373-40f7-8d17-77e9498c2721/none_v3" 201 - "PUT http://172.18.0.2:8080/v1/AUTH_62fcca71cde949759a4314e4ee11741c/gnocchi.5422d76a-4373-40f7-8d17-77e9498c2721/none_v3" "tx66ba850daed844e589917-0068dc41d3" "proxy-server 20" 0.0131 "-" 25 0
Sep 30 20:47:15 standalone proxy-server[131714]: 172.18.0.2 172.18.0.100 30/Sep/2025/20/47/15 PUT /v1/AUTH_62fcca71cde949759a4314e4ee11741c/gnocchi.5422d76a-4373-40f7-8d17-77e9498c2721/none_v3 HTTP/1.0 201 - python-swiftclient-3.11.1 gAAAAABo3EFYhc4M... 31 - - tx66ba850daed844e589917-0068dc41d3 - 0.0207 - - 1759265235.459866285 1759265235.480532169 0
Sep 30 20:47:23 standalone account-server[129550]: 172.20.0.100 - - [30/Sep/2025:20:47:23 +0000] "HEAD /d1/206/AUTH_62fcca71cde949759a4314e4ee11741c" 204 - "HEAD http://172.18.0.2:8080/v1/AUTH_62fcca71cde949759a4314e4ee11741c?format=json" "tx1a24c78428064cac85b9a-0068dc41db" "proxy-server 20" 0.0048 "-" 17 -
Sep 30 20:47:23 standalone proxy-server[131714]: - - 30/Sep/2025/20/47/23 HEAD /v1/AUTH_62fcca71cde949759a4314e4ee11741c%3Fformat%3Djson HTTP/1.0 204 - Swift - - - - tx1a24c78428064cac85b9a-0068dc41db - 0.0093 RL - 1759265243.379045010 1759265243.388315201 -
Sep 30 20:47:23 standalone object-server[129867]: 172.20.0.100 - - [30/Sep/2025:20:47:23 +0000] "GET /d1/225/AUTH_62fcca71cde949759a4314e4ee11741c/gnocchi.5422d76a-4373-40f7-8d17-77e9498c2721/none_v3" 200 31 "GET http://172.18.0.2:8080/v1/AUTH_62fcca71cde949759a4314e4ee11741c/gnocchi.5422d76a-4373-40f7-8d17-77e9498c2721/none_v3" "tx1a24c78428064cac85b9a-0068dc41db" "proxy-server 20" 0.0015 "-" 24 0
Sep 30 20:47:23 standalone proxy-server[131714]: 172.18.0.2 172.18.0.100 30/Sep/2025/20/47/23 GET /v1/AUTH_62fcca71cde949759a4314e4ee11741c/gnocchi.5422d76a-4373-40f7-8d17-77e9498c2721/none_v3 HTTP/1.0 200 - python-swiftclient-3.11.1 gAAAAABo3EFYhc4M... - 31 - tx1a24c78428064cac85b9a-0068dc41db - 0.0222 - - 1759265243.377900124 1759265243.400120020 0
Sep 30 20:47:23 standalone container-server[129659]: 172.20.0.100 - - [30/Sep/2025:20:47:23 +0000] "GET /d1/734/AUTH_62fcca71cde949759a4314e4ee11741c/gnocchi.5422d76a-4373-40f7-8d17-77e9498c2721" 200 357 "GET http://172.18.0.2:8080/v1/AUTH_62fcca71cde949759a4314e4ee11741c/gnocchi.5422d76a-4373-40f7-8d17-77e9498c2721?format=json&states=listing" "tx9973cbc5c8a34e1fb7d19-0068dc41db" "proxy-server 20" 0.0097 "-" 22 0
Sep 30 20:47:23 standalone proxy-server[131714]: 172.18.0.2 172.18.0.100 30/Sep/2025/20/47/23 GET /v1/AUTH_62fcca71cde949759a4314e4ee11741c/gnocchi.5422d76a-4373-40f7-8d17-77e9498c2721%3Fformat%3Djson%26states%3Dlisting HTTP/1.0 200 - python-swiftclient-3.11.1 gAAAAABo3EFYhc4M... - 357 - tx9973cbc5c8a34e1fb7d19-0068dc41db - 0.0195 - - 1759265243.404162645 1759265243.423680544 0
Sep 30 20:47:23 standalone container-server[129650]: 172.20.0.100 - - [30/Sep/2025:20:47:23 +0000] "GET /d1/734/AUTH_62fcca71cde949759a4314e4ee11741c/gnocchi.5422d76a-4373-40f7-8d17-77e9498c2721" 200 2 "GET http://172.18.0.2:8080/v1/AUTH_62fcca71cde949759a4314e4ee11741c/gnocchi.5422d76a-4373-40f7-8d17-77e9498c2721?format=json&marker=none_v3&states=listing" "tx6e9acbbacea04fc79012c-0068dc41db" "proxy-server 20" 0.0017 "-" 21 0
Sep 30 20:47:23 standalone proxy-server[131714]: 172.18.0.2 172.18.0.100 30/Sep/2025/20/47/23 GET /v1/AUTH_62fcca71cde949759a4314e4ee11741c/gnocchi.5422d76a-4373-40f7-8d17-77e9498c2721%3Fformat%3Djson%26marker%3Dnone_v3%26states%3Dlisting HTTP/1.0 200 - python-swiftclient-3.11.1 gAAAAABo3EFYhc4M... - 2 - tx6e9acbbacea04fc79012c-0068dc41db - 0.0097 - - 1759265243.427883625 1759265243.437552214 0
Sep 30 20:47:23 standalone object-server[129863]: 172.20.0.100 - - [30/Sep/2025:20:47:23 +0000] "GET /d1/979/AUTH_62fcca71cde949759a4314e4ee11741c/gnocchi.5422d76a-4373-40f7-8d17-77e9498c2721/1758240000.0_mean_300.0_v3" 200 16 "GET http://172.18.0.2:8080/v1/AUTH_62fcca71cde949759a4314e4ee11741c/gnocchi.5422d76a-4373-40f7-8d17-77e9498c2721/1758240000.0_mean_300.0_v3" "txbfb0b14d298e4c0a9ff19-0068dc41db" "proxy-server 20" 0.0006 "-" 22 0
Sep 30 20:47:23 standalone proxy-server[131714]: 172.18.0.2 172.18.0.100 30/Sep/2025/20/47/23 GET /v1/AUTH_62fcca71cde949759a4314e4ee11741c/gnocchi.5422d76a-4373-40f7-8d17-77e9498c2721/1758240000.0_mean_300.0_v3 HTTP/1.0 200 - python-swiftclient-3.11.1 gAAAAABo3EFYhc4M... - 16 - txbfb0b14d298e4c0a9ff19-0068dc41db - 0.0086 - - 1759265243.443034172 1759265243.451620340 0
Sep 30 20:47:23 standalone container-server[129659]: 172.20.0.100 - - [30/Sep/2025:20:47:23 +0000] "PUT /d1/734/AUTH_62fcca71cde949759a4314e4ee11741c/gnocchi.5422d76a-4373-40f7-8d17-77e9498c2721/1758240000.0_mean_300.0_v3" 201 - "PUT http://172.18.0.2:8080/d1/979/AUTH_62fcca71cde949759a4314e4ee11741c/gnocchi.5422d76a-4373-40f7-8d17-77e9498c2721/1758240000.0_mean_300.0_v3" "tx74d07af1ece140c48a553-0068dc41db" "object-server 23" 0.0005 "-" 22 0
Sep 30 20:47:23 standalone object-server[129865]: 172.20.0.100 - - [30/Sep/2025:20:47:23 +0000] "PUT /d1/979/AUTH_62fcca71cde949759a4314e4ee11741c/gnocchi.5422d76a-4373-40f7-8d17-77e9498c2721/1758240000.0_mean_300.0_v3" 201 - "PUT http://172.18.0.2:8080/v1/AUTH_62fcca71cde949759a4314e4ee11741c/gnocchi.5422d76a-4373-40f7-8d17-77e9498c2721/1758240000.0_mean_300.0_v3" "tx74d07af1ece140c48a553-0068dc41db" "proxy-server 20" 0.0079 "-" 23 0
Sep 30 20:47:23 standalone proxy-server[131714]: 172.18.0.2 172.18.0.100 30/Sep/2025/20/47/23 PUT /v1/AUTH_62fcca71cde949759a4314e4ee11741c/gnocchi.5422d76a-4373-40f7-8d17-77e9498c2721/1758240000.0_mean_300.0_v3 HTTP/1.0 201 - python-swiftclient-3.11.1 gAAAAABo3EFYhc4M... 16 - - tx74d07af1ece140c48a553-0068dc41db - 0.0130 - - 1759265243.455746889 1759265243.468773365 0
Sep 30 20:47:23 standalone container-server[129650]: 172.20.0.100 - - [30/Sep/2025:20:47:23 +0000] "PUT /d1/734/AUTH_62fcca71cde949759a4314e4ee11741c/gnocchi.5422d76a-4373-40f7-8d17-77e9498c2721/none_v3" 201 - "PUT http://172.18.0.2:8080/d1/225/AUTH_62fcca71cde949759a4314e4ee11741c/gnocchi.5422d76a-4373-40f7-8d17-77e9498c2721/none_v3" "txb42dce1dd4de486aad4d9-0068dc41db" "object-server 23" 0.0005 "-" 21 0
Sep 30 20:47:23 standalone object-server[129865]: 172.20.0.100 - - [30/Sep/2025:20:47:23 +0000] "PUT /d1/225/AUTH_62fcca71cde949759a4314e4ee11741c/gnocchi.5422d76a-4373-40f7-8d17-77e9498c2721/none_v3" 201 - "PUT http://172.18.0.2:8080/v1/AUTH_62fcca71cde949759a4314e4ee11741c/gnocchi.5422d76a-4373-40f7-8d17-77e9498c2721/none_v3" "txb42dce1dd4de486aad4d9-0068dc41db" "proxy-server 20" 0.0081 "-" 23 0
Sep 30 20:47:23 standalone proxy-server[131714]: 172.18.0.2 172.18.0.100 30/Sep/2025/20/47/23 PUT /v1/AUTH_62fcca71cde949759a4314e4ee11741c/gnocchi.5422d76a-4373-40f7-8d17-77e9498c2721/none_v3 HTTP/1.0 201 - python-swiftclient-3.11.1 gAAAAABo3EFYhc4M... 46 - - txb42dce1dd4de486aad4d9-0068dc41db - 0.0141 - - 1759265243.472026587 1759265243.486100912 0
Sep 30 20:47:24 standalone object-server[129865]: 172.20.0.100 - - [30/Sep/2025:20:47:24 +0000] "GET /d1/225/AUTH_62fcca71cde949759a4314e4ee11741c/gnocchi.5422d76a-4373-40f7-8d17-77e9498c2721/none_v3" 200 46 "GET http://172.18.0.2:8080/v1/AUTH_62fcca71cde949759a4314e4ee11741c/gnocchi.5422d76a-4373-40f7-8d17-77e9498c2721/none_v3" "tx7af8b693ef514198abc1a-0068dc41dc" "proxy-server 20" 0.0014 "-" 23 0
Sep 30 20:47:24 standalone proxy-server[131714]: 172.18.0.2 172.18.0.100 30/Sep/2025/20/47/24 GET /v1/AUTH_62fcca71cde949759a4314e4ee11741c/gnocchi.5422d76a-4373-40f7-8d17-77e9498c2721/none_v3 HTTP/1.0 200 - python-swiftclient-3.11.1 gAAAAABo3EFYhc4M... - 46 - tx7af8b693ef514198abc1a-0068dc41dc - 0.0087 - - 1759265244.163085938 1759265244.171791315 0
Sep 30 20:47:24 standalone container-server[129643]: 172.20.0.100 - - [30/Sep/2025:20:47:24 +0000] "GET /d1/734/AUTH_62fcca71cde949759a4314e4ee11741c/gnocchi.5422d76a-4373-40f7-8d17-77e9498c2721" 200 357 "GET http://172.18.0.2:8080/v1/AUTH_62fcca71cde949759a4314e4ee11741c/gnocchi.5422d76a-4373-40f7-8d17-77e9498c2721?format=json&states=listing" "tx6a27a55cc356468abd76f-0068dc41dc" "proxy-server 20" 0.0090 "-" 20 0
Sep 30 20:47:24 standalone proxy-server[131714]: 172.18.0.2 172.18.0.100 30/Sep/2025/20/47/24 GET /v1/AUTH_62fcca71cde949759a4314e4ee11741c/gnocchi.5422d76a-4373-40f7-8d17-77e9498c2721%3Fformat%3Djson%26states%3Dlisting HTTP/1.0 200 - python-swiftclient-3.11.1 gAAAAABo3EFYhc4M... - 357 - tx6a27a55cc356468abd76f-0068dc41dc - 0.0165 - - 1759265244.175183773 1759265244.191634417 0
Sep 30 20:47:24 standalone container-server[129659]: 172.20.0.100 - - [30/Sep/2025:20:47:24 +0000] "GET /d1/734/AUTH_62fcca71cde949759a4314e4ee11741c/gnocchi.5422d76a-4373-40f7-8d17-77e9498c2721" 200 2 "GET http://172.18.0.2:8080/v1/AUTH_62fcca71cde949759a4314e4ee11741c/gnocchi.5422d76a-4373-40f7-8d17-77e9498c2721?format=json&marker=none_v3&states=listing" "txe1074799206c4f4594e2c-0068dc41dc" "proxy-server 20" 0.0039 "-" 22 0
Sep 30 20:47:24 standalone proxy-server[131714]: 172.18.0.2 172.18.0.100 30/Sep/2025/20/47/24 GET /v1/AUTH_62fcca71cde949759a4314e4ee11741c/gnocchi.5422d76a-4373-40f7-8d17-77e9498c2721%3Fformat%3Djson%26marker%3Dnone_v3%26states%3Dlisting HTTP/1.0 200 - python-swiftclient-3.11.1 gAAAAABo3EFYhc4M... - 2 - txe1074799206c4f4594e2c-0068dc41dc - 0.0120 - - 1759265244.194260120 1759265244.206277609 0
Sep 30 20:47:24 standalone object-server[129867]: 172.20.0.100 - - [30/Sep/2025:20:47:24 +0000] "GET /d1/979/AUTH_62fcca71cde949759a4314e4ee11741c/gnocchi.5422d76a-4373-40f7-8d17-77e9498c2721/1758240000.0_mean_300.0_v3" 200 16 "GET http://172.18.0.2:8080/v1/AUTH_62fcca71cde949759a4314e4ee11741c/gnocchi.5422d76a-4373-40f7-8d17-77e9498c2721/1758240000.0_mean_300.0_v3" "tx0768989a5c7c42aaa4514-0068dc41dc" "proxy-server 20" 0.0013 "-" 24 0
Sep 30 20:47:24 standalone proxy-server[131714]: 172.18.0.2 172.18.0.100 30/Sep/2025/20/47/24 GET /v1/AUTH_62fcca71cde949759a4314e4ee11741c/gnocchi.5422d76a-4373-40f7-8d17-77e9498c2721/1758240000.0_mean_300.0_v3 HTTP/1.0 200 - python-swiftclient-3.11.1 gAAAAABo3EFYhc4M... - 16 - tx0768989a5c7c42aaa4514-0068dc41dc - 0.0094 - - 1759265244.210696936 1759265244.220098257 0
Sep 30 20:47:24 standalone container-server[129650]: 172.20.0.100 - - [30/Sep/2025:20:47:24 +0000] "PUT /d1/734/AUTH_62fcca71cde949759a4314e4ee11741c/gnocchi.5422d76a-4373-40f7-8d17-77e9498c2721/1758240000.0_mean_300.0_v3" 201 - "PUT http://172.18.0.2:8080/d1/979/AUTH_62fcca71cde949759a4314e4ee11741c/gnocchi.5422d76a-4373-40f7-8d17-77e9498c2721/1758240000.0_mean_300.0_v3" "txa6341bbbdf504b87be89f-0068dc41dc" "object-server 24" 0.0012 "-" 21 0
Sep 30 20:47:24 standalone object-server[129867]: 172.20.0.100 - - [30/Sep/2025:20:47:24 +0000] "PUT /d1/979/AUTH_62fcca71cde949759a4314e4ee11741c/gnocchi.5422d76a-4373-40f7-8d17-77e9498c2721/1758240000.0_mean_300.0_v3" 201 - "PUT http://172.18.0.2:8080/v1/AUTH_62fcca71cde949759a4314e4ee11741c/gnocchi.5422d76a-4373-40f7-8d17-77e9498c2721/1758240000.0_mean_300.0_v3" "txa6341bbbdf504b87be89f-0068dc41dc" "proxy-server 20" 0.0125 "-" 24 0
Sep 30 20:47:24 standalone proxy-server[131714]: 172.18.0.2 172.18.0.100 30/Sep/2025/20/47/24 PUT /v1/AUTH_62fcca71cde949759a4314e4ee11741c/gnocchi.5422d76a-4373-40f7-8d17-77e9498c2721/1758240000.0_mean_300.0_v3 HTTP/1.0 201 - python-swiftclient-3.11.1 gAAAAABo3EFYhc4M... 16 - - txa6341bbbdf504b87be89f-0068dc41dc - 0.0200 - - 1759265244.224817753 1759265244.244819164 0
Sep 30 20:47:24 standalone container-server[129632]: 172.20.0.100 - - [30/Sep/2025:20:47:24 +0000] "PUT /d1/734/AUTH_62fcca71cde949759a4314e4ee11741c/gnocchi.5422d76a-4373-40f7-8d17-77e9498c2721/none_v3" 201 - "PUT http://172.18.0.2:8080/d1/225/AUTH_62fcca71cde949759a4314e4ee11741c/gnocchi.5422d76a-4373-40f7-8d17-77e9498c2721/none_v3" "tx47bf60451db8488392e58-0068dc41dc" "object-server 22" 0.0011 "-" 19 0
Sep 30 20:47:24 standalone object-server[129863]: 172.20.0.100 - - [30/Sep/2025:20:47:24 +0000] "PUT /d1/225/AUTH_62fcca71cde949759a4314e4ee11741c/gnocchi.5422d76a-4373-40f7-8d17-77e9498c2721/none_v3" 201 - "PUT http://172.18.0.2:8080/v1/AUTH_62fcca71cde949759a4314e4ee11741c/gnocchi.5422d76a-4373-40f7-8d17-77e9498c2721/none_v3" "tx47bf60451db8488392e58-0068dc41dc" "proxy-server 20" 0.0137 "-" 22 0
Sep 30 20:47:24 standalone proxy-server[131714]: 172.18.0.2 172.18.0.100 30/Sep/2025/20/47/24 PUT /v1/AUTH_62fcca71cde949759a4314e4ee11741c/gnocchi.5422d76a-4373-40f7-8d17-77e9498c2721/none_v3 HTTP/1.0 201 - python-swiftclient-3.11.1 gAAAAABo3EFYhc4M... 51 - - tx47bf60451db8488392e58-0068dc41dc - 0.0217 - - 1759265244.248770714 1759265244.270486832 0
Sep 30 20:47:27 standalone container-server[129650]: 172.20.0.100 - - [30/Sep/2025:20:47:27 +0000] "HEAD /d1/911/AUTH_62fcca71cde949759a4314e4ee11741c/gnocchi.ac071331-36bd-4138-b214-d331796b37a4" 404 - "HEAD http://172.18.0.2:8080/v1/AUTH_62fcca71cde949759a4314e4ee11741c/gnocchi.ac071331-36bd-4138-b214-d331796b37a4?format=json&states=listing" "tx01c5b3861fec4ff0b8ebc-0068dc41df" "proxy-server 20" 0.0011 "-" 21 0
Sep 30 20:47:27 standalone object-server[129869]: 172.20.0.100 - - [30/Sep/2025:20:47:27 +0000] "GET /d1/749/AUTH_62fcca71cde949759a4314e4ee11741c/gnocchi.ac071331-36bd-4138-b214-d331796b37a4/none_v3" 404 70 "GET http://172.18.0.2:8080/v1/AUTH_62fcca71cde949759a4314e4ee11741c/gnocchi.ac071331-36bd-4138-b214-d331796b37a4/none_v3" "tx01c5b3861fec4ff0b8ebc-0068dc41df" "proxy-server 20" 0.0006 "-" 25 0
Sep 30 20:47:27 standalone proxy-server[131714]: 172.18.0.2 172.18.0.100 30/Sep/2025/20/47/27 GET /v1/AUTH_62fcca71cde949759a4314e4ee11741c/gnocchi.ac071331-36bd-4138-b214-d331796b37a4/none_v3 HTTP/1.0 404 - python-swiftclient-3.11.1 gAAAAABo3EFYhc4M... - 70 - tx01c5b3861fec4ff0b8ebc-0068dc41df - 0.0178 - - 1759265247.210869789 1759265247.228621244 0
Sep 30 20:47:27 standalone account-server[129541]: 172.20.0.100 - - [30/Sep/2025:20:47:27 +0000] "PUT /d1/206/AUTH_62fcca71cde949759a4314e4ee11741c/gnocchi.ac071331-36bd-4138-b214-d331796b37a4" 201 - "PUT http://172.20.0.100:6001/d1/911/AUTH_62fcca71cde949759a4314e4ee11741c/gnocchi.ac071331-36bd-4138-b214-d331796b37a4" "tx9e5dc928eebb40bc894c7-0068dc41df" "container-server 20" 0.0021 "-" 16 0
Sep 30 20:47:27 standalone container-server[129643]: 172.20.0.100 - - [30/Sep/2025:20:47:27 +0000] "PUT /d1/911/AUTH_62fcca71cde949759a4314e4ee11741c/gnocchi.ac071331-36bd-4138-b214-d331796b37a4" 201 - "PUT http://172.18.0.2:8080/v1/AUTH_62fcca71cde949759a4314e4ee11741c/gnocchi.ac071331-36bd-4138-b214-d331796b37a4" "tx9e5dc928eebb40bc894c7-0068dc41df" "proxy-server 20" 0.0163 "-" 20 0
Sep 30 20:47:27 standalone proxy-server[131714]: 172.18.0.2 172.18.0.100 30/Sep/2025/20/47/27 PUT /v1/AUTH_62fcca71cde949759a4314e4ee11741c/gnocchi.ac071331-36bd-4138-b214-d331796b37a4 HTTP/1.0 201 - python-swiftclient-3.11.1 gAAAAABo3EFYhc4M... - - - tx9e5dc928eebb40bc894c7-0068dc41df - 0.0248 - - 1759265247.232222319 1759265247.256993771 0
Sep 30 20:47:27 standalone container-server[129643]: 172.20.0.100 - - [30/Sep/2025:20:47:27 +0000] "HEAD /d1/911/AUTH_62fcca71cde949759a4314e4ee11741c/gnocchi.ac071331-36bd-4138-b214-d331796b37a4" 204 - "HEAD http://172.18.0.2:8080/v1/AUTH_62fcca71cde949759a4314e4ee11741c/gnocchi.ac071331-36bd-4138-b214-d331796b37a4?format=json&states=listing" "txc6e50eb0ed2749acbb3a9-0068dc41df" "proxy-server 20" 0.0026 "-" 20 0
Sep 30 20:47:27 standalone proxy-server[131714]: - - 30/Sep/2025/20/47/27 HEAD /v1/AUTH_62fcca71cde949759a4314e4ee11741c/gnocchi.ac071331-36bd-4138-b214-d331796b37a4%3Fformat%3Djson%26states%3Dlisting HTTP/1.0 204 - Swift - - - - txc6e50eb0ed2749acbb3a9-0068dc41df - 0.0068 RL - 1759265247.263481855 1759265247.270317554 0
Sep 30 20:47:27 standalone container-server[129643]: 172.20.0.100 - - [30/Sep/2025:20:47:27 +0000] "GET /d1/911/AUTH_62fcca71cde949759a4314e4ee11741c/gnocchi.ac071331-36bd-4138-b214-d331796b37a4" 200 2 "GET http://172.18.0.2:8080/v1/AUTH_62fcca71cde949759a4314e4ee11741c/gnocchi.ac071331-36bd-4138-b214-d331796b37a4?format=json&states=listing" "txc6e50eb0ed2749acbb3a9-0068dc41df" "proxy-server 20" 0.0016 "-" 20 0
Sep 30 20:47:27 standalone proxy-server[131714]: 172.18.0.2 172.18.0.100 30/Sep/2025/20/47/27 GET /v1/AUTH_62fcca71cde949759a4314e4ee11741c/gnocchi.ac071331-36bd-4138-b214-d331796b37a4%3Fformat%3Djson%26states%3Dlisting HTTP/1.0 200 - python-swiftclient-3.11.1 gAAAAABo3EFYhc4M... - 2 - txc6e50eb0ed2749acbb3a9-0068dc41df - 0.0178 - - 1759265247.261960030 1759265247.279782057 0
Sep 30 20:47:27 standalone object-server[129863]: 172.20.0.100 - - [30/Sep/2025:20:47:27 +0000] "GET /d1/478/AUTH_62fcca71cde949759a4314e4ee11741c/gnocchi.ac071331-36bd-4138-b214-d331796b37a4/1758240000.0_mean_300.0_v3" 404 70 "GET http://172.18.0.2:8080/v1/AUTH_62fcca71cde949759a4314e4ee11741c/gnocchi.ac071331-36bd-4138-b214-d331796b37a4/1758240000.0_mean_300.0_v3" "tx9d48a0a97a68467ca1e0b-0068dc41df" "proxy-server 20" 0.0004 "-" 22 0
Sep 30 20:47:27 standalone proxy-server[131714]: 172.18.0.2 172.18.0.100 30/Sep/2025/20/47/27 GET /v1/AUTH_62fcca71cde949759a4314e4ee11741c/gnocchi.ac071331-36bd-4138-b214-d331796b37a4/1758240000.0_mean_300.0_v3 HTTP/1.0 404 - python-swiftclient-3.11.1 gAAAAABo3EFYhc4M... - 70 - tx9d48a0a97a68467ca1e0b-0068dc41df - 0.0092 - - 1759265247.285164833 1759265247.294347048 0
Sep 30 20:47:27 standalone container-server[129643]: 172.20.0.100 - - [30/Sep/2025:20:47:27 +0000] "PUT /d1/911/AUTH_62fcca71cde949759a4314e4ee11741c/gnocchi.ac071331-36bd-4138-b214-d331796b37a4/1758240000.0_mean_300.0_v3" 201 - "PUT http://172.18.0.2:8080/d1/478/AUTH_62fcca71cde949759a4314e4ee11741c/gnocchi.ac071331-36bd-4138-b214-d331796b37a4/1758240000.0_mean_300.0_v3" "txcc8619373e54470ab26f6-0068dc41df" "object-server 22" 0.0008 "-" 20 0
Sep 30 20:47:27 standalone object-server[129863]: 172.20.0.100 - - [30/Sep/2025:20:47:27 +0000] "PUT /d1/478/AUTH_62fcca71cde949759a4314e4ee11741c/gnocchi.ac071331-36bd-4138-b214-d331796b37a4/1758240000.0_mean_300.0_v3" 201 - "PUT http://172.18.0.2:8080/v1/AUTH_62fcca71cde949759a4314e4ee11741c/gnocchi.ac071331-36bd-4138-b214-d331796b37a4/1758240000.0_mean_300.0_v3" "txcc8619373e54470ab26f6-0068dc41df" "proxy-server 20" 0.0118 "-" 22 0
Sep 30 20:47:27 standalone proxy-server[131714]: 172.18.0.2 172.18.0.100 30/Sep/2025/20/47/27 PUT /v1/AUTH_62fcca71cde949759a4314e4ee11741c/gnocchi.ac071331-36bd-4138-b214-d331796b37a4/1758240000.0_mean_300.0_v3 HTTP/1.0 201 - python-swiftclient-3.11.1 gAAAAABo3EFYhc4M... 16 - - txcc8619373e54470ab26f6-0068dc41df - 0.0217 - - 1759265247.300102949 1759265247.321784735 0
Sep 30 20:47:27 standalone container-server[129650]: 172.20.0.100 - - [30/Sep/2025:20:47:27 +0000] "PUT /d1/911/AUTH_62fcca71cde949759a4314e4ee11741c/gnocchi.ac071331-36bd-4138-b214-d331796b37a4/none_v3" 201 - "PUT http://172.18.0.2:8080/d1/749/AUTH_62fcca71cde949759a4314e4ee11741c/gnocchi.ac071331-36bd-4138-b214-d331796b37a4/none_v3" "tx5011e2c557e74fd3853ce-0068dc41df" "object-server 23" 0.0007 "-" 21 0
Sep 30 20:47:27 standalone object-server[129865]: 172.20.0.100 - - [30/Sep/2025:20:47:27 +0000] "PUT /d1/749/AUTH_62fcca71cde949759a4314e4ee11741c/gnocchi.ac071331-36bd-4138-b214-d331796b37a4/none_v3" 201 - "PUT http://172.18.0.2:8080/v1/AUTH_62fcca71cde949759a4314e4ee11741c/gnocchi.ac071331-36bd-4138-b214-d331796b37a4/none_v3" "tx5011e2c557e74fd3853ce-0068dc41df" "proxy-server 20" 0.0137 "-" 23 0
Sep 30 20:47:27 standalone proxy-server[131714]: 172.18.0.2 172.18.0.100 30/Sep/2025/20/47/27 PUT /v1/AUTH_62fcca71cde949759a4314e4ee11741c/gnocchi.ac071331-36bd-4138-b214-d331796b37a4/none_v3 HTTP/1.0 201 - python-swiftclient-3.11.1 gAAAAABo3EFYhc4M... 22 - - tx5011e2c557e74fd3853ce-0068dc41df - 0.0224 - - 1759265247.330303192 1759265247.352671385 0
Sep 30 20:47:27 standalone container-server[129659]: 172.20.0.100 - - [30/Sep/2025:20:47:27 +0000] "HEAD /d1/386/AUTH_62fcca71cde949759a4314e4ee11741c/gnocchi.d9d87059-4120-4f41-a581-c5a0060f84f3" 404 - "HEAD http://172.18.0.2:8080/v1/AUTH_62fcca71cde949759a4314e4ee11741c/gnocchi.d9d87059-4120-4f41-a581-c5a0060f84f3?format=json&states=listing" "tx973a767a22c94ed3bb712-0068dc41df" "proxy-server 20" 0.0004 "-" 22 0
Sep 30 20:47:27 standalone object-server[129867]: 172.20.0.100 - - [30/Sep/2025:20:47:27 +0000] "GET /d1/837/AUTH_62fcca71cde949759a4314e4ee11741c/gnocchi.d9d87059-4120-4f41-a581-c5a0060f84f3/none_v3" 404 70 "GET http://172.18.0.2:8080/v1/AUTH_62fcca71cde949759a4314e4ee11741c/gnocchi.d9d87059-4120-4f41-a581-c5a0060f84f3/none_v3" "tx973a767a22c94ed3bb712-0068dc41df" "proxy-server 20" 0.0009 "-" 24 0
Sep 30 20:47:27 standalone proxy-server[131714]: 172.18.0.2 172.18.0.100 30/Sep/2025/20/47/27 GET /v1/AUTH_62fcca71cde949759a4314e4ee11741c/gnocchi.d9d87059-4120-4f41-a581-c5a0060f84f3/none_v3 HTTP/1.0 404 - python-swiftclient-3.11.1 gAAAAABo3EFYhc4M... - 70 - tx973a767a22c94ed3bb712-0068dc41df - 0.0339 - - 1759265247.369590044 1759265247.403515339 0
Sep 30 20:47:27 standalone account-server[129540]: 172.20.0.100 - - [30/Sep/2025:20:47:27 +0000] "PUT /d1/206/AUTH_62fcca71cde949759a4314e4ee11741c/gnocchi.d9d87059-4120-4f41-a581-c5a0060f84f3" 201 - "PUT http://172.20.0.100:6001/d1/386/AUTH_62fcca71cde949759a4314e4ee11741c/gnocchi.d9d87059-4120-4f41-a581-c5a0060f84f3" "tx739e32f78d034d9f89692-0068dc41df" "container-server 21" 0.0047 "-" 15 0
Sep 30 20:47:27 standalone container-server[129650]: 172.20.0.100 - - [30/Sep/2025:20:47:27 +0000] "PUT /d1/386/AUTH_62fcca71cde949759a4314e4ee11741c/gnocchi.d9d87059-4120-4f41-a581-c5a0060f84f3" 201 - "PUT http://172.18.0.2:8080/v1/AUTH_62fcca71cde949759a4314e4ee11741c/gnocchi.d9d87059-4120-4f41-a581-c5a0060f84f3" "tx739e32f78d034d9f89692-0068dc41df" "proxy-server 20" 0.0164 "-" 21 0
Sep 30 20:47:27 standalone proxy-server[131714]: 172.18.0.2 172.18.0.100 30/Sep/2025/20/47/27 PUT /v1/AUTH_62fcca71cde949759a4314e4ee11741c/gnocchi.d9d87059-4120-4f41-a581-c5a0060f84f3 HTTP/1.0 201 - python-swiftclient-3.11.1 gAAAAABo3EFYhc4M... - - - tx739e32f78d034d9f89692-0068dc41df - 0.0256 - - 1759265247.408793688 1759265247.434381247 0
Sep 30 20:47:27 standalone container-server[129659]: 172.20.0.100 - - [30/Sep/2025:20:47:27 +0000] "HEAD /d1/386/AUTH_62fcca71cde949759a4314e4ee11741c/gnocchi.d9d87059-4120-4f41-a581-c5a0060f84f3" 204 - "HEAD http://172.18.0.2:8080/v1/AUTH_62fcca71cde949759a4314e4ee11741c/gnocchi.d9d87059-4120-4f41-a581-c5a0060f84f3?format=json&states=listing" "txb99ddfafe94045db987e8-0068dc41df" "proxy-server 20" 0.0024 "-" 22 0
Sep 30 20:47:27 standalone proxy-server[131714]: - - 30/Sep/2025/20/47/27 HEAD /v1/AUTH_62fcca71cde949759a4314e4ee11741c/gnocchi.d9d87059-4120-4f41-a581-c5a0060f84f3%3Fformat%3Djson%26states%3Dlisting HTTP/1.0 204 - Swift - - - - txb99ddfafe94045db987e8-0068dc41df - 0.0081 RL - 1759265247.441797018 1759265247.449873209 0
Sep 30 20:47:27 standalone container-server[129659]: 172.20.0.100 - - [30/Sep/2025:20:47:27 +0000] "GET /d1/386/AUTH_62fcca71cde949759a4314e4ee11741c/gnocchi.d9d87059-4120-4f41-a581-c5a0060f84f3" 200 2 "GET http://172.18.0.2:8080/v1/AUTH_62fcca71cde949759a4314e4ee11741c/gnocchi.d9d87059-4120-4f41-a581-c5a0060f84f3?format=json&states=listing" "txb99ddfafe94045db987e8-0068dc41df" "proxy-server 20" 0.0034 "-" 22 0
Sep 30 20:47:27 standalone proxy-server[131714]: 172.18.0.2 172.18.0.100 30/Sep/2025/20/47/27 GET /v1/AUTH_62fcca71cde949759a4314e4ee11741c/gnocchi.d9d87059-4120-4f41-a581-c5a0060f84f3%3Fformat%3Djson%26states%3Dlisting HTTP/1.0 200 - python-swiftclient-3.11.1 gAAAAABo3EFYhc4M... - 2 - txb99ddfafe94045db987e8-0068dc41df - 0.0244 - - 1759265247.440015316 1759265247.464419365 0
Sep 30 20:47:27 standalone object-server[129865]: 172.20.0.100 - - [30/Sep/2025:20:47:27 +0000] "GET /d1/932/AUTH_62fcca71cde949759a4314e4ee11741c/gnocchi.d9d87059-4120-4f41-a581-c5a0060f84f3/1758240000.0_mean_300.0_v3" 404 70 "GET http://172.18.0.2:8080/v1/AUTH_62fcca71cde949759a4314e4ee11741c/gnocchi.d9d87059-4120-4f41-a581-c5a0060f84f3/1758240000.0_mean_300.0_v3" "tx844e48bb8acf4f398e65b-0068dc41df" "proxy-server 20" 0.0006 "-" 23 0
Sep 30 20:47:27 standalone proxy-server[131714]: 172.18.0.2 172.18.0.100 30/Sep/2025/20/47/27 GET /v1/AUTH_62fcca71cde949759a4314e4ee11741c/gnocchi.d9d87059-4120-4f41-a581-c5a0060f84f3/1758240000.0_mean_300.0_v3 HTTP/1.0 404 - python-swiftclient-3.11.1 gAAAAABo3EFYhc4M... - 70 - tx844e48bb8acf4f398e65b-0068dc41df - 0.0084 - - 1759265247.473289967 1759265247.481722593 0
Sep 30 20:47:27 standalone container-server[129659]: 172.20.0.100 - - [30/Sep/2025:20:47:27 +0000] "PUT /d1/386/AUTH_62fcca71cde949759a4314e4ee11741c/gnocchi.d9d87059-4120-4f41-a581-c5a0060f84f3/1758240000.0_mean_300.0_v3" 201 - "PUT http://172.18.0.2:8080/d1/932/AUTH_62fcca71cde949759a4314e4ee11741c/gnocchi.d9d87059-4120-4f41-a581-c5a0060f84f3/1758240000.0_mean_300.0_v3" "tx5319d77dcd194a6f9d56f-0068dc41df" "object-server 25" 0.0008 "-" 22 0
Sep 30 20:47:27 standalone object-server[129869]: 172.20.0.100 - - [30/Sep/2025:20:47:27 +0000] "PUT /d1/932/AUTH_62fcca71cde949759a4314e4ee11741c/gnocchi.d9d87059-4120-4f41-a581-c5a0060f84f3/1758240000.0_mean_300.0_v3" 201 - "PUT http://172.18.0.2:8080/v1/AUTH_62fcca71cde949759a4314e4ee11741c/gnocchi.d9d87059-4120-4f41-a581-c5a0060f84f3/1758240000.0_mean_300.0_v3" "tx5319d77dcd194a6f9d56f-0068dc41df" "proxy-server 20" 0.0133 "-" 25 0
Sep 30 20:47:27 standalone proxy-server[131714]: 172.18.0.2 172.18.0.100 30/Sep/2025/20/47/27 PUT /v1/AUTH_62fcca71cde949759a4314e4ee11741c/gnocchi.d9d87059-4120-4f41-a581-c5a0060f84f3/1758240000.0_mean_300.0_v3 HTTP/1.0 201 - python-swiftclient-3.11.1 gAAAAABo3EFYhc4M... 16 - - tx5319d77dcd194a6f9d56f-0068dc41df - 0.0226 - - 1759265247.487441063 1759265247.510068655 0
Sep 30 20:47:27 standalone container-server[129659]: 172.20.0.100 - - [30/Sep/2025:20:47:27 +0000] "PUT /d1/386/AUTH_62fcca71cde949759a4314e4ee11741c/gnocchi.d9d87059-4120-4f41-a581-c5a0060f84f3/none_v3" 201 - "PUT http://172.18.0.2:8080/d1/837/AUTH_62fcca71cde949759a4314e4ee11741c/gnocchi.d9d87059-4120-4f41-a581-c5a0060f84f3/none_v3" "tx29375e988f8f42a6b377a-0068dc41df" "object-server 25" 0.0005 "-" 22 0
Sep 30 20:47:27 standalone object-server[129869]: 172.20.0.100 - - [30/Sep/2025:20:47:27 +0000] "PUT /d1/837/AUTH_62fcca71cde949759a4314e4ee11741c/gnocchi.d9d87059-4120-4f41-a581-c5a0060f84f3/none_v3" 201 - "PUT http://172.18.0.2:8080/v1/AUTH_62fcca71cde949759a4314e4ee11741c/gnocchi.d9d87059-4120-4f41-a581-c5a0060f84f3/none_v3" "tx29375e988f8f42a6b377a-0068dc41df" "proxy-server 20" 0.0151 "-" 25 0
Sep 30 20:47:27 standalone proxy-server[131714]: 172.18.0.2 172.18.0.100 30/Sep/2025/20/47/27 PUT /v1/AUTH_62fcca71cde949759a4314e4ee11741c/gnocchi.d9d87059-4120-4f41-a581-c5a0060f84f3/none_v3 HTTP/1.0 201 - python-swiftclient-3.11.1 gAAAAABo3EFYhc4M... 22 - - tx29375e988f8f42a6b377a-0068dc41df - 0.0234 - - 1759265247.515293837 1759265247.538701773 0
Sep 30 20:47:27 standalone container-server[129650]: 172.20.0.100 - - [30/Sep/2025:20:47:27 +0000] "HEAD /d1/514/AUTH_62fcca71cde949759a4314e4ee11741c/gnocchi.4af78b0f-fbc2-4c4d-9a0e-1d4296ec3b54" 404 - "HEAD http://172.18.0.2:8080/v1/AUTH_62fcca71cde949759a4314e4ee11741c/gnocchi.4af78b0f-fbc2-4c4d-9a0e-1d4296ec3b54?format=json&states=listing" "tx9c0e686344ae43a480592-0068dc41df" "proxy-server 20" 0.0008 "-" 21 0
Sep 30 20:47:27 standalone object-server[129865]: 172.20.0.100 - - [30/Sep/2025:20:47:27 +0000] "GET /d1/253/AUTH_62fcca71cde949759a4314e4ee11741c/gnocchi.4af78b0f-fbc2-4c4d-9a0e-1d4296ec3b54/none_v3" 404 70 "GET http://172.18.0.2:8080/v1/AUTH_62fcca71cde949759a4314e4ee11741c/gnocchi.4af78b0f-fbc2-4c4d-9a0e-1d4296ec3b54/none_v3" "tx9c0e686344ae43a480592-0068dc41df" "proxy-server 20" 0.0003 "-" 23 0
Sep 30 20:47:27 standalone proxy-server[131714]: 172.18.0.2 172.18.0.100 30/Sep/2025/20/47/27 GET /v1/AUTH_62fcca71cde949759a4314e4ee11741c/gnocchi.4af78b0f-fbc2-4c4d-9a0e-1d4296ec3b54/none_v3 HTTP/1.0 404 - python-swiftclient-3.11.1 gAAAAABo3EFYhc4M... - 70 - tx9c0e686344ae43a480592-0068dc41df - 0.0162 - - 1759265247.562536955 1759265247.578762770 0
Sep 30 20:47:27 standalone account-server[129530]: 172.20.0.100 - - [30/Sep/2025:20:47:27 +0000] "PUT /d1/206/AUTH_62fcca71cde949759a4314e4ee11741c/gnocchi.4af78b0f-fbc2-4c4d-9a0e-1d4296ec3b54" 201 - "PUT http://172.20.0.100:6001/d1/514/AUTH_62fcca71cde949759a4314e4ee11741c/gnocchi.4af78b0f-fbc2-4c4d-9a0e-1d4296ec3b54" "tx474158da42f24f2d9ba94-0068dc41df" "container-server 20" 0.0058 "-" 14 0
Sep 30 20:47:27 standalone container-server[129643]: 172.20.0.100 - - [30/Sep/2025:20:47:27 +0000] "PUT /d1/514/AUTH_62fcca71cde949759a4314e4ee11741c/gnocchi.4af78b0f-fbc2-4c4d-9a0e-1d4296ec3b54" 201 - "PUT http://172.18.0.2:8080/v1/AUTH_62fcca71cde949759a4314e4ee11741c/gnocchi.4af78b0f-fbc2-4c4d-9a0e-1d4296ec3b54" "tx474158da42f24f2d9ba94-0068dc41df" "proxy-server 20" 0.0198 "-" 20 0
Sep 30 20:47:27 standalone proxy-server[131714]: 172.18.0.2 172.18.0.100 30/Sep/2025/20/47/27 PUT /v1/AUTH_62fcca71cde949759a4314e4ee11741c/gnocchi.4af78b0f-fbc2-4c4d-9a0e-1d4296ec3b54 HTTP/1.0 201 - python-swiftclient-3.11.1 gAAAAABo3EFYhc4M... - - - tx474158da42f24f2d9ba94-0068dc41df - 0.0260 - - 1759265247.584311485 1759265247.610337734 0
Sep 30 20:47:27 standalone container-server[129650]: 172.20.0.100 - - [30/Sep/2025:20:47:27 +0000] "HEAD /d1/514/AUTH_62fcca71cde949759a4314e4ee11741c/gnocchi.4af78b0f-fbc2-4c4d-9a0e-1d4296ec3b54" 204 - "HEAD http://172.18.0.2:8080/v1/AUTH_62fcca71cde949759a4314e4ee11741c/gnocchi.4af78b0f-fbc2-4c4d-9a0e-1d4296ec3b54?format=json&states=listing" "txac26de42424c45e5ba67a-0068dc41df" "proxy-server 20" 0.0041 "-" 21 0
Sep 30 20:47:27 standalone proxy-server[131714]: - - 30/Sep/2025/20/47/27 HEAD /v1/AUTH_62fcca71cde949759a4314e4ee11741c/gnocchi.4af78b0f-fbc2-4c4d-9a0e-1d4296ec3b54%3Fformat%3Djson%26states%3Dlisting HTTP/1.0 204 - Swift - - - - txac26de42424c45e5ba67a-0068dc41df - 0.0087 RL - 1759265247.620346308 1759265247.629006624 0
Sep 30 20:47:27 standalone container-server[129659]: 172.20.0.100 - - [30/Sep/2025:20:47:27 +0000] "GET /d1/514/AUTH_62fcca71cde949759a4314e4ee11741c/gnocchi.4af78b0f-fbc2-4c4d-9a0e-1d4296ec3b54" 200 2 "GET http://172.18.0.2:8080/v1/AUTH_62fcca71cde949759a4314e4ee11741c/gnocchi.4af78b0f-fbc2-4c4d-9a0e-1d4296ec3b54?format=json&states=listing" "txac26de42424c45e5ba67a-0068dc41df" "proxy-server 20" 0.0023 "-" 22 0
Sep 30 20:47:27 standalone proxy-server[131714]: 172.18.0.2 172.18.0.100 30/Sep/2025/20/47/27 GET /v1/AUTH_62fcca71cde949759a4314e4ee11741c/gnocchi.4af78b0f-fbc2-4c4d-9a0e-1d4296ec3b54%3Fformat%3Djson%26states%3Dlisting HTTP/1.0 200 - python-swiftclient-3.11.1 gAAAAABo3EFYhc4M... - 2 - txac26de42424c45e5ba67a-0068dc41df - 0.0200 - - 1759265247.618904352 1759265247.638941288 0
Sep 30 20:47:27 standalone object-server[129867]: 172.20.0.100 - - [30/Sep/2025:20:47:27 +0000] "GET /d1/537/AUTH_62fcca71cde949759a4314e4ee11741c/gnocchi.4af78b0f-fbc2-4c4d-9a0e-1d4296ec3b54/1758240000.0_mean_300.0_v3" 404 70 "GET http://172.18.0.2:8080/v1/AUTH_62fcca71cde949759a4314e4ee11741c/gnocchi.4af78b0f-fbc2-4c4d-9a0e-1d4296ec3b54/1758240000.0_mean_300.0_v3" "txb6f06a9e8bd5473c82f8e-0068dc41df" "proxy-server 20" 0.0010 "-" 24 0
Sep 30 20:47:27 standalone proxy-server[131714]: 172.18.0.2 172.18.0.100 30/Sep/2025/20/47/27 GET /v1/AUTH_62fcca71cde949759a4314e4ee11741c/gnocchi.4af78b0f-fbc2-4c4d-9a0e-1d4296ec3b54/1758240000.0_mean_300.0_v3 HTTP/1.0 404 - python-swiftclient-3.11.1 gAAAAABo3EFYhc4M... - 70 - txb6f06a9e8bd5473c82f8e-0068dc41df - 0.0093 - - 1759265247.648023605 1759265247.657288790 0
Sep 30 20:47:27 standalone container-server[129643]: 172.20.0.100 - - [30/Sep/2025:20:47:27 +0000] "PUT /d1/514/AUTH_62fcca71cde949759a4314e4ee11741c/gnocchi.4af78b0f-fbc2-4c4d-9a0e-1d4296ec3b54/1758240000.0_mean_300.0_v3" 201 - "PUT http://172.18.0.2:8080/d1/537/AUTH_62fcca71cde949759a4314e4ee11741c/gnocchi.4af78b0f-fbc2-4c4d-9a0e-1d4296ec3b54/1758240000.0_mean_300.0_v3" "tx225b31d075824819bdda4-0068dc41df" "object-server 24" 0.0008 "-" 20 0
