Sep 30 20:46:19 standalone container-server[129632]: 172.20.0.100 - - [30/Sep/2025:20:46:19 +0000] "PUT /d1/235/AUTH_62fcca71cde949759a4314e4ee11741c/gnocchi.7694af57-8e82-4c98-b8d2-834709f50f97/1758240000.0_mean_300.0_v3" 201 - "PUT http://172.18.0.2:8080/d1/1023/AUTH_62fcca71cde949759a4314e4ee11741c/gnocchi.7694af57-8e82-4c98-b8d2-834709f50f97/1758240000.0_mean_300.0_v3" "txc97a0f20b89346d9822f1-0068dc419b" "object-server 23" 0.0011 "-" 19 0
Sep 30 20:46:19 standalone object-server[129865]: 172.20.0.100 - - [30/Sep/2025:20:46:19 +0000] "PUT /d1/1023/AUTH_62fcca71cde949759a4314e4ee11741c/gnocchi.7694af57-8e82-4c98-b8d2-834709f50f97/1758240000.0_mean_300.0_v3" 201 - "PUT http://172.18.0.2:8080/v1/AUTH_62fcca71cde949759a4314e4ee11741c/gnocchi.7694af57-8e82-4c98-b8d2-834709f50f97/1758240000.0_mean_300.0_v3" "txc97a0f20b89346d9822f1-0068dc419b" "proxy-server 20" 0.0149 "-" 23 0
Sep 30 20:46:19 standalone proxy-server[131714]: 172.18.0.2 172.18.0.100 30/Sep/2025/20/46/19 PUT /v1/AUTH_62fcca71cde949759a4314e4ee11741c/gnocchi.7694af57-8e82-4c98-b8d2-834709f50f97/1758240000.0_mean_300.0_v3 HTTP/1.0 201 - python-swiftclient-3.11.1 gAAAAABo3EFYhc4M... 16 - - txc97a0f20b89346d9822f1-0068dc419b - 0.0226 - - 1759265179.398926497 1759265179.421555996 0
Sep 30 20:46:19 standalone container-server[129643]: 172.20.0.100 - - [30/Sep/2025:20:46:19 +0000] "PUT /d1/235/AUTH_62fcca71cde949759a4314e4ee11741c/gnocchi.7694af57-8e82-4c98-b8d2-834709f50f97/none_v3" 201 - "PUT http://172.18.0.2:8080/d1/912/AUTH_62fcca71cde949759a4314e4ee11741c/gnocchi.7694af57-8e82-4c98-b8d2-834709f50f97/none_v3" "txca6432763c914c7281101-0068dc419b" "object-server 22" 0.0014 "-" 20 0
Sep 30 20:46:19 standalone object-server[129863]: 172.20.0.100 - - [30/Sep/2025:20:46:19 +0000] "PUT /d1/912/AUTH_62fcca71cde949759a4314e4ee11741c/gnocchi.7694af57-8e82-4c98-b8d2-834709f50f97/none_v3" 201 - "PUT http://172.18.0.2:8080/v1/AUTH_62fcca71cde949759a4314e4ee11741c/gnocchi.7694af57-8e82-4c98-b8d2-834709f50f97/none_v3" "txca6432763c914c7281101-0068dc419b" "proxy-server 20" 0.0196 "-" 22 0
Sep 30 20:46:19 standalone proxy-server[131714]: 172.18.0.2 172.18.0.100 30/Sep/2025/20/46/19 PUT /v1/AUTH_62fcca71cde949759a4314e4ee11741c/gnocchi.7694af57-8e82-4c98-b8d2-834709f50f97/none_v3 HTTP/1.0 201 - python-swiftclient-3.11.1 gAAAAABo3EFYhc4M... 22 - - txca6432763c914c7281101-0068dc419b - 0.0275 - - 1759265179.425657034 1759265179.453181744 0
Sep 30 20:46:19 standalone container-server[129659]: 172.20.0.100 - - [30/Sep/2025:20:46:19 +0000] "HEAD /d1/141/AUTH_62fcca71cde949759a4314e4ee11741c/gnocchi.8ee9da92-43d7-4fcb-8d5d-baae40d2539e" 404 - "HEAD http://172.18.0.2:8080/v1/AUTH_62fcca71cde949759a4314e4ee11741c/gnocchi.8ee9da92-43d7-4fcb-8d5d-baae40d2539e?format=json&states=listing" "tx7016f58af2b14f5fb0c42-0068dc419b" "proxy-server 20" 0.0006 "-" 22 0
Sep 30 20:46:19 standalone object-server[129863]: 172.20.0.100 - - [30/Sep/2025:20:46:19 +0000] "GET /d1/788/AUTH_62fcca71cde949759a4314e4ee11741c/gnocchi.8ee9da92-43d7-4fcb-8d5d-baae40d2539e/none_v3" 404 70 "GET http://172.18.0.2:8080/v1/AUTH_62fcca71cde949759a4314e4ee11741c/gnocchi.8ee9da92-43d7-4fcb-8d5d-baae40d2539e/none_v3" "tx7016f58af2b14f5fb0c42-0068dc419b" "proxy-server 20" 0.0006 "-" 22 0
Sep 30 20:46:19 standalone proxy-server[131714]: 172.18.0.2 172.18.0.100 30/Sep/2025/20/46/19 GET /v1/AUTH_62fcca71cde949759a4314e4ee11741c/gnocchi.8ee9da92-43d7-4fcb-8d5d-baae40d2539e/none_v3 HTTP/1.0 404 - python-swiftclient-3.11.1 gAAAAABo3EFYhc4M... - 70 - tx7016f58af2b14f5fb0c42-0068dc419b - 0.0172 - - 1759265179.475175858 1759265179.492386818 0
Sep 30 20:46:19 standalone account-server[129550]: 172.20.0.100 - - [30/Sep/2025:20:46:19 +0000] "PUT /d1/206/AUTH_62fcca71cde949759a4314e4ee11741c/gnocchi.8ee9da92-43d7-4fcb-8d5d-baae40d2539e" 201 - "PUT http://172.20.0.100:6001/d1/141/AUTH_62fcca71cde949759a4314e4ee11741c/gnocchi.8ee9da92-43d7-4fcb-8d5d-baae40d2539e" "tx6ffb904eb568437db8b39-0068dc419b" "container-server 19" 0.0042 "-" 17 0
Sep 30 20:46:19 standalone container-server[129632]: 172.20.0.100 - - [30/Sep/2025:20:46:19 +0000] "PUT /d1/141/AUTH_62fcca71cde949759a4314e4ee11741c/gnocchi.8ee9da92-43d7-4fcb-8d5d-baae40d2539e" 201 - "PUT http://172.18.0.2:8080/v1/AUTH_62fcca71cde949759a4314e4ee11741c/gnocchi.8ee9da92-43d7-4fcb-8d5d-baae40d2539e" "tx6ffb904eb568437db8b39-0068dc419b" "proxy-server 20" 0.0188 "-" 19 0
Sep 30 20:46:19 standalone proxy-server[131714]: 172.18.0.2 172.18.0.100 30/Sep/2025/20/46/19 PUT /v1/AUTH_62fcca71cde949759a4314e4ee11741c/gnocchi.8ee9da92-43d7-4fcb-8d5d-baae40d2539e HTTP/1.0 201 - python-swiftclient-3.11.1 gAAAAABo3EFYhc4M... - - - tx6ffb904eb568437db8b39-0068dc419b - 0.0276 - - 1759265179.497570276 1759265179.525172949 0
Sep 30 20:46:19 standalone container-server[129632]: 172.20.0.100 - - [30/Sep/2025:20:46:19 +0000] "HEAD /d1/141/AUTH_62fcca71cde949759a4314e4ee11741c/gnocchi.8ee9da92-43d7-4fcb-8d5d-baae40d2539e" 204 - "HEAD http://172.18.0.2:8080/v1/AUTH_62fcca71cde949759a4314e4ee11741c/gnocchi.8ee9da92-43d7-4fcb-8d5d-baae40d2539e?format=json&states=listing" "txf19ed3980e7244b9a61f8-0068dc419b" "proxy-server 20" 0.0025 "-" 19 0
Sep 30 20:46:19 standalone proxy-server[131714]: - - 30/Sep/2025/20/46/19 HEAD /v1/AUTH_62fcca71cde949759a4314e4ee11741c/gnocchi.8ee9da92-43d7-4fcb-8d5d-baae40d2539e%3Fformat%3Djson%26states%3Dlisting HTTP/1.0 204 - Swift - - - - txf19ed3980e7244b9a61f8-0068dc419b - 0.0087 RL - 1759265179.531778574 1759265179.540522337 0
Sep 30 20:46:19 standalone container-server[129650]: 172.20.0.100 - - [30/Sep/2025:20:46:19 +0000] "GET /d1/141/AUTH_62fcca71cde949759a4314e4ee11741c/gnocchi.8ee9da92-43d7-4fcb-8d5d-baae40d2539e" 200 2 "GET http://172.18.0.2:8080/v1/AUTH_62fcca71cde949759a4314e4ee11741c/gnocchi.8ee9da92-43d7-4fcb-8d5d-baae40d2539e?format=json&states=listing" "txf19ed3980e7244b9a61f8-0068dc419b" "proxy-server 20" 0.0049 "-" 21 0
Sep 30 20:46:19 standalone proxy-server[131714]: 172.18.0.2 172.18.0.100 30/Sep/2025/20/46/19 GET /v1/AUTH_62fcca71cde949759a4314e4ee11741c/gnocchi.8ee9da92-43d7-4fcb-8d5d-baae40d2539e%3Fformat%3Djson%26states%3Dlisting HTTP/1.0 200 - python-swiftclient-3.11.1 gAAAAABo3EFYhc4M... - 2 - txf19ed3980e7244b9a61f8-0068dc419b - 0.0282 - - 1759265179.529778481 1759265179.557936907 0
Sep 30 20:46:19 standalone object-server[129865]: 172.20.0.100 - - [30/Sep/2025:20:46:19 +0000] "GET /d1/525/AUTH_62fcca71cde949759a4314e4ee11741c/gnocchi.8ee9da92-43d7-4fcb-8d5d-baae40d2539e/1758240000.0_mean_300.0_v3" 404 70 "GET http://172.18.0.2:8080/v1/AUTH_62fcca71cde949759a4314e4ee11741c/gnocchi.8ee9da92-43d7-4fcb-8d5d-baae40d2539e/1758240000.0_mean_300.0_v3" "tx1b7f3168ed2d45928fda3-0068dc419b" "proxy-server 20" 0.0005 "-" 23 0
Sep 30 20:46:19 standalone proxy-server[131714]: 172.18.0.2 172.18.0.100 30/Sep/2025/20/46/19 GET /v1/AUTH_62fcca71cde949759a4314e4ee11741c/gnocchi.8ee9da92-43d7-4fcb-8d5d-baae40d2539e/1758240000.0_mean_300.0_v3 HTTP/1.0 404 - python-swiftclient-3.11.1 gAAAAABo3EFYhc4M... - 70 - tx1b7f3168ed2d45928fda3-0068dc419b - 0.0110 - - 1759265179.562603474 1759265179.573639631 0
Sep 30 20:46:19 standalone container-server[129650]: 172.20.0.100 - - [30/Sep/2025:20:46:19 +0000] "PUT /d1/141/AUTH_62fcca71cde949759a4314e4ee11741c/gnocchi.8ee9da92-43d7-4fcb-8d5d-baae40d2539e/1758240000.0_mean_300.0_v3" 201 - "PUT http://172.18.0.2:8080/d1/525/AUTH_62fcca71cde949759a4314e4ee11741c/gnocchi.8ee9da92-43d7-4fcb-8d5d-baae40d2539e/1758240000.0_mean_300.0_v3" "txbcb874a5b43d4c519a0c2-0068dc419b" "object-server 24" 0.0014 "-" 21 0
Sep 30 20:46:19 standalone object-server[129867]: 172.20.0.100 - - [30/Sep/2025:20:46:19 +0000] "PUT /d1/525/AUTH_62fcca71cde949759a4314e4ee11741c/gnocchi.8ee9da92-43d7-4fcb-8d5d-baae40d2539e/1758240000.0_mean_300.0_v3" 201 - "PUT http://172.18.0.2:8080/v1/AUTH_62fcca71cde949759a4314e4ee11741c/gnocchi.8ee9da92-43d7-4fcb-8d5d-baae40d2539e/1758240000.0_mean_300.0_v3" "txbcb874a5b43d4c519a0c2-0068dc419b" "proxy-server 20" 0.0154 "-" 24 0
Sep 30 20:46:19 standalone proxy-server[131714]: 172.18.0.2 172.18.0.100 30/Sep/2025/20/46/19 PUT /v1/AUTH_62fcca71cde949759a4314e4ee11741c/gnocchi.8ee9da92-43d7-4fcb-8d5d-baae40d2539e/1758240000.0_mean_300.0_v3 HTTP/1.0 201 - python-swiftclient-3.11.1 gAAAAABo3EFYhc4M... 16 - - txbcb874a5b43d4c519a0c2-0068dc419b - 0.0263 - - 1759265179.578040838 1759265179.604366541 0
Sep 30 20:46:19 standalone container-server[129659]: 172.20.0.100 - - [30/Sep/2025:20:46:19 +0000] "PUT /d1/141/AUTH_62fcca71cde949759a4314e4ee11741c/gnocchi.8ee9da92-43d7-4fcb-8d5d-baae40d2539e/none_v3" 201 - "PUT http://172.18.0.2:8080/d1/788/AUTH_62fcca71cde949759a4314e4ee11741c/gnocchi.8ee9da92-43d7-4fcb-8d5d-baae40d2539e/none_v3" "tx1354573c18eb42d095a56-0068dc419b" "object-server 24" 0.0009 "-" 22 0
Sep 30 20:46:19 standalone object-server[129867]: 172.20.0.100 - - [30/Sep/2025:20:46:19 +0000] "PUT /d1/788/AUTH_62fcca71cde949759a4314e4ee11741c/gnocchi.8ee9da92-43d7-4fcb-8d5d-baae40d2539e/none_v3" 201 - "PUT http://172.18.0.2:8080/v1/AUTH_62fcca71cde949759a4314e4ee11741c/gnocchi.8ee9da92-43d7-4fcb-8d5d-baae40d2539e/none_v3" "tx1354573c18eb42d095a56-0068dc419b" "proxy-server 20" 0.0151 "-" 24 0
Sep 30 20:46:19 standalone proxy-server[131714]: 172.18.0.2 172.18.0.100 30/Sep/2025/20/46/19 PUT /v1/AUTH_62fcca71cde949759a4314e4ee11741c/gnocchi.8ee9da92-43d7-4fcb-8d5d-baae40d2539e/none_v3 HTTP/1.0 201 - python-swiftclient-3.11.1 gAAAAABo3EFYhc4M... 22 - - tx1354573c18eb42d095a56-0068dc419b - 0.0280 - - 1759265179.608268261 1759265179.636273146 0
Sep 30 20:46:19 standalone container-server[129659]: 172.20.0.100 - - [30/Sep/2025:20:46:19 +0000] "HEAD /d1/773/AUTH_62fcca71cde949759a4314e4ee11741c/gnocchi.12c91a6c-0f55-43b6-a6d6-eb26bc9da320" 404 - "HEAD http://172.18.0.2:8080/v1/AUTH_62fcca71cde949759a4314e4ee11741c/gnocchi.12c91a6c-0f55-43b6-a6d6-eb26bc9da320?format=json&states=listing" "tx46efd071b1b349f58e8a7-0068dc419b" "proxy-server 20" 0.0006 "-" 22 0
Sep 30 20:46:19 standalone object-server[129869]: 172.20.0.100 - - [30/Sep/2025:20:46:19 +0000] "GET /d1/716/AUTH_62fcca71cde949759a4314e4ee11741c/gnocchi.12c91a6c-0f55-43b6-a6d6-eb26bc9da320/none_v3" 404 70 "GET http://172.18.0.2:8080/v1/AUTH_62fcca71cde949759a4314e4ee11741c/gnocchi.12c91a6c-0f55-43b6-a6d6-eb26bc9da320/none_v3" "tx46efd071b1b349f58e8a7-0068dc419b" "proxy-server 20" 0.0005 "-" 25 0
Sep 30 20:46:19 standalone proxy-server[131714]: 172.18.0.2 172.18.0.100 30/Sep/2025/20/46/19 GET /v1/AUTH_62fcca71cde949759a4314e4ee11741c/gnocchi.12c91a6c-0f55-43b6-a6d6-eb26bc9da320/none_v3 HTTP/1.0 404 - python-swiftclient-3.11.1 gAAAAABo3EFYhc4M... - 70 - tx46efd071b1b349f58e8a7-0068dc419b - 0.0209 - - 1759265179.651334286 1759265179.672243595 0
Sep 30 20:46:19 standalone account-server[129541]: 172.20.0.100 - - [30/Sep/2025:20:46:19 +0000] "PUT /d1/206/AUTH_62fcca71cde949759a4314e4ee11741c/gnocchi.12c91a6c-0f55-43b6-a6d6-eb26bc9da320" 201 - "PUT http://172.20.0.100:6001/d1/773/AUTH_62fcca71cde949759a4314e4ee11741c/gnocchi.12c91a6c-0f55-43b6-a6d6-eb26bc9da320" "txadccdc71ff3d4191ae204-0068dc419b" "container-server 20" 0.0055 "-" 16 0
Sep 30 20:46:19 standalone container-server[129643]: 172.20.0.100 - - [30/Sep/2025:20:46:19 +0000] "PUT /d1/773/AUTH_62fcca71cde949759a4314e4ee11741c/gnocchi.12c91a6c-0f55-43b6-a6d6-eb26bc9da320" 201 - "PUT http://172.18.0.2:8080/v1/AUTH_62fcca71cde949759a4314e4ee11741c/gnocchi.12c91a6c-0f55-43b6-a6d6-eb26bc9da320" "txadccdc71ff3d4191ae204-0068dc419b" "proxy-server 20" 0.0141 "-" 20 0
Sep 30 20:46:19 standalone proxy-server[131714]: 172.18.0.2 172.18.0.100 30/Sep/2025/20/46/19 PUT /v1/AUTH_62fcca71cde949759a4314e4ee11741c/gnocchi.12c91a6c-0f55-43b6-a6d6-eb26bc9da320 HTTP/1.0 201 - python-swiftclient-3.11.1 gAAAAABo3EFYhc4M... - - - txadccdc71ff3d4191ae204-0068dc419b - 0.0308 - - 1759265179.675805807 1759265179.706572771 0
Sep 30 20:46:19 standalone container-server[129659]: 172.20.0.100 - - [30/Sep/2025:20:46:19 +0000] "HEAD /d1/773/AUTH_62fcca71cde949759a4314e4ee11741c/gnocchi.12c91a6c-0f55-43b6-a6d6-eb26bc9da320" 204 - "HEAD http://172.18.0.2:8080/v1/AUTH_62fcca71cde949759a4314e4ee11741c/gnocchi.12c91a6c-0f55-43b6-a6d6-eb26bc9da320?format=json&states=listing" "tx76430bbe4d3145f0a7b22-0068dc419b" "proxy-server 20" 0.0016 "-" 22 0
Sep 30 20:46:19 standalone proxy-server[131714]: - - 30/Sep/2025/20/46/19 HEAD /v1/AUTH_62fcca71cde949759a4314e4ee11741c/gnocchi.12c91a6c-0f55-43b6-a6d6-eb26bc9da320%3Fformat%3Djson%26states%3Dlisting HTTP/1.0 204 - Swift - - - - tx76430bbe4d3145f0a7b22-0068dc419b - 0.0056 RL - 1759265179.714090586 1759265179.719710350 0
Sep 30 20:46:19 standalone container-server[129659]: 172.20.0.100 - - [30/Sep/2025:20:46:19 +0000] "GET /d1/773/AUTH_62fcca71cde949759a4314e4ee11741c/gnocchi.12c91a6c-0f55-43b6-a6d6-eb26bc9da320" 200 2 "GET http://172.18.0.2:8080/v1/AUTH_62fcca71cde949759a4314e4ee11741c/gnocchi.12c91a6c-0f55-43b6-a6d6-eb26bc9da320?format=json&states=listing" "tx76430bbe4d3145f0a7b22-0068dc419b" "proxy-server 20" 0.0023 "-" 22 0
Sep 30 20:46:19 standalone proxy-server[131714]: 172.18.0.2 172.18.0.100 30/Sep/2025/20/46/19 GET /v1/AUTH_62fcca71cde949759a4314e4ee11741c/gnocchi.12c91a6c-0f55-43b6-a6d6-eb26bc9da320%3Fformat%3Djson%26states%3Dlisting HTTP/1.0 200 - python-swiftclient-3.11.1 gAAAAABo3EFYhc4M... - 2 - tx76430bbe4d3145f0a7b22-0068dc419b - 0.0204 - - 1759265179.711922884 1759265179.732366562 0
Sep 30 20:46:19 standalone object-server[129863]: 172.20.0.100 - - [30/Sep/2025:20:46:19 +0000] "GET /d1/968/AUTH_62fcca71cde949759a4314e4ee11741c/gnocchi.12c91a6c-0f55-43b6-a6d6-eb26bc9da320/1758240000.0_mean_300.0_v3" 404 70 "GET http://172.18.0.2:8080/v1/AUTH_62fcca71cde949759a4314e4ee11741c/gnocchi.12c91a6c-0f55-43b6-a6d6-eb26bc9da320/1758240000.0_mean_300.0_v3" "txc364a51be8254153a56c2-0068dc419b" "proxy-server 20" 0.0005 "-" 22 0
Sep 30 20:46:19 standalone proxy-server[131714]: 172.18.0.2 172.18.0.100 30/Sep/2025/20/46/19 GET /v1/AUTH_62fcca71cde949759a4314e4ee11741c/gnocchi.12c91a6c-0f55-43b6-a6d6-eb26bc9da320/1758240000.0_mean_300.0_v3 HTTP/1.0 404 - python-swiftclient-3.11.1 gAAAAABo3EFYhc4M... - 70 - txc364a51be8254153a56c2-0068dc419b - 0.0121 - - 1759265179.737098932 1759265179.749189615 0
Sep 30 20:46:19 standalone container-server[129659]: 172.20.0.100 - - [30/Sep/2025:20:46:19 +0000] "PUT /d1/773/AUTH_62fcca71cde949759a4314e4ee11741c/gnocchi.12c91a6c-0f55-43b6-a6d6-eb26bc9da320/1758240000.0_mean_300.0_v3" 201 - "PUT http://172.18.0.2:8080/d1/968/AUTH_62fcca71cde949759a4314e4ee11741c/gnocchi.12c91a6c-0f55-43b6-a6d6-eb26bc9da320/1758240000.0_mean_300.0_v3" "txf4d7c254f98240c0b310b-0068dc419b" "object-server 25" 0.0005 "-" 22 0
Sep 30 20:46:19 standalone object-server[129869]: 172.20.0.100 - - [30/Sep/2025:20:46:19 +0000] "PUT /d1/968/AUTH_62fcca71cde949759a4314e4ee11741c/gnocchi.12c91a6c-0f55-43b6-a6d6-eb26bc9da320/1758240000.0_mean_300.0_v3" 201 - "PUT http://172.18.0.2:8080/v1/AUTH_62fcca71cde949759a4314e4ee11741c/gnocchi.12c91a6c-0f55-43b6-a6d6-eb26bc9da320/1758240000.0_mean_300.0_v3" "txf4d7c254f98240c0b310b-0068dc419b" "proxy-server 20" 0.0153 "-" 25 0
Sep 30 20:46:19 standalone proxy-server[131714]: 172.18.0.2 172.18.0.100 30/Sep/2025/20/46/19 PUT /v1/AUTH_62fcca71cde949759a4314e4ee11741c/gnocchi.12c91a6c-0f55-43b6-a6d6-eb26bc9da320/1758240000.0_mean_300.0_v3 HTTP/1.0 201 - python-swiftclient-3.11.1 gAAAAABo3EFYhc4M... 16 - - txf4d7c254f98240c0b310b-0068dc419b - 0.0281 - - 1759265179.753577709 1759265179.781708717 0
Sep 30 20:46:19 standalone container-server[129650]: 172.20.0.100 - - [30/Sep/2025:20:46:19 +0000] "PUT /d1/773/AUTH_62fcca71cde949759a4314e4ee11741c/gnocchi.12c91a6c-0f55-43b6-a6d6-eb26bc9da320/none_v3" 201 - "PUT http://172.18.0.2:8080/d1/716/AUTH_62fcca71cde949759a4314e4ee11741c/gnocchi.12c91a6c-0f55-43b6-a6d6-eb26bc9da320/none_v3" "tx750852b8acf04b28aa3dd-0068dc419b" "object-server 22" 0.0011 "-" 21 0
Sep 30 20:46:19 standalone object-server[129863]: 172.20.0.100 - - [30/Sep/2025:20:46:19 +0000] "PUT /d1/716/AUTH_62fcca71cde949759a4314e4ee11741c/gnocchi.12c91a6c-0f55-43b6-a6d6-eb26bc9da320/none_v3" 201 - "PUT http://172.18.0.2:8080/v1/AUTH_62fcca71cde949759a4314e4ee11741c/gnocchi.12c91a6c-0f55-43b6-a6d6-eb26bc9da320/none_v3" "tx750852b8acf04b28aa3dd-0068dc419b" "proxy-server 20" 0.0150 "-" 22 0
Sep 30 20:46:19 standalone proxy-server[131714]: 172.18.0.2 172.18.0.100 30/Sep/2025/20/46/19 PUT /v1/AUTH_62fcca71cde949759a4314e4ee11741c/gnocchi.12c91a6c-0f55-43b6-a6d6-eb26bc9da320/none_v3 HTTP/1.0 201 - python-swiftclient-3.11.1 gAAAAABo3EFYhc4M... 22 - - tx750852b8acf04b28aa3dd-0068dc419b - 0.0320 - - 1759265179.786638498 1759265179.818680525 0
Sep 30 20:46:19 standalone container-server[129650]: 172.20.0.100 - - [30/Sep/2025:20:46:19 +0000] "HEAD /d1/140/AUTH_62fcca71cde949759a4314e4ee11741c/gnocchi.ffdd9097-1638-4d66-95a1-3cd7a6824b27" 404 - "HEAD http://172.18.0.2:8080/v1/AUTH_62fcca71cde949759a4314e4ee11741c/gnocchi.ffdd9097-1638-4d66-95a1-3cd7a6824b27?format=json&states=listing" "tx8f7bcc0554344ec5a7e29-0068dc419b" "proxy-server 20" 0.0008 "-" 21 0
Sep 30 20:46:19 standalone object-server[129865]: 172.20.0.100 - - [30/Sep/2025:20:46:19 +0000] "GET /d1/792/AUTH_62fcca71cde949759a4314e4ee11741c/gnocchi.ffdd9097-1638-4d66-95a1-3cd7a6824b27/none_v3" 404 70 "GET http://172.18.0.2:8080/v1/AUTH_62fcca71cde949759a4314e4ee11741c/gnocchi.ffdd9097-1638-4d66-95a1-3cd7a6824b27/none_v3" "tx8f7bcc0554344ec5a7e29-0068dc419b" "proxy-server 20" 0.0012 "-" 23 0
Sep 30 20:46:19 standalone proxy-server[131714]: 172.18.0.2 172.18.0.100 30/Sep/2025/20/46/19 GET /v1/AUTH_62fcca71cde949759a4314e4ee11741c/gnocchi.ffdd9097-1638-4d66-95a1-3cd7a6824b27/none_v3 HTTP/1.0 404 - python-swiftclient-3.11.1 gAAAAABo3EFYhc4M... - 70 - tx8f7bcc0554344ec5a7e29-0068dc419b - 0.0263 - - 1759265179.836399555 1759265179.862693310 0
Sep 30 20:46:19 standalone account-server[129530]: 172.20.0.100 - - [30/Sep/2025:20:46:19 +0000] "PUT /d1/206/AUTH_62fcca71cde949759a4314e4ee11741c/gnocchi.ffdd9097-1638-4d66-95a1-3cd7a6824b27" 201 - "PUT http://172.20.0.100:6001/d1/140/AUTH_62fcca71cde949759a4314e4ee11741c/gnocchi.ffdd9097-1638-4d66-95a1-3cd7a6824b27" "tx9cb18a81117943e689f55-0068dc419b" "container-server 21" 0.0073 "-" 14 0
Sep 30 20:46:19 standalone container-server[129650]: 172.20.0.100 - - [30/Sep/2025:20:46:19 +0000] "PUT /d1/140/AUTH_62fcca71cde949759a4314e4ee11741c/gnocchi.ffdd9097-1638-4d66-95a1-3cd7a6824b27" 201 - "PUT http://172.18.0.2:8080/v1/AUTH_62fcca71cde949759a4314e4ee11741c/gnocchi.ffdd9097-1638-4d66-95a1-3cd7a6824b27" "tx9cb18a81117943e689f55-0068dc419b" "proxy-server 20" 0.0288 "-" 21 0
Sep 30 20:46:19 standalone proxy-server[131714]: 172.18.0.2 172.18.0.100 30/Sep/2025/20/46/19 PUT /v1/AUTH_62fcca71cde949759a4314e4ee11741c/gnocchi.ffdd9097-1638-4d66-95a1-3cd7a6824b27 HTTP/1.0 201 - python-swiftclient-3.11.1 gAAAAABo3EFYhc4M... - - - tx9cb18a81117943e689f55-0068dc419b - 0.0394 - - 1759265179.866166115 1759265179.905544758 0
Sep 30 20:46:19 standalone container-server[129643]: 172.20.0.100 - - [30/Sep/2025:20:46:19 +0000] "HEAD /d1/140/AUTH_62fcca71cde949759a4314e4ee11741c/gnocchi.ffdd9097-1638-4d66-95a1-3cd7a6824b27" 204 - "HEAD http://172.18.0.2:8080/v1/AUTH_62fcca71cde949759a4314e4ee11741c/gnocchi.ffdd9097-1638-4d66-95a1-3cd7a6824b27?format=json&states=listing" "tx336077ecee6647ee8cd78-0068dc419b" "proxy-server 20" 0.0022 "-" 20 0
Sep 30 20:46:19 standalone proxy-server[131714]: - - 30/Sep/2025/20/46/19 HEAD /v1/AUTH_62fcca71cde949759a4314e4ee11741c/gnocchi.ffdd9097-1638-4d66-95a1-3cd7a6824b27%3Fformat%3Djson%26states%3Dlisting HTTP/1.0 204 - Swift - - - - tx336077ecee6647ee8cd78-0068dc419b - 0.0099 RL - 1759265179.912535906 1759265179.922389984 0
Sep 30 20:46:19 standalone container-server[129650]: 172.20.0.100 - - [30/Sep/2025:20:46:19 +0000] "GET /d1/140/AUTH_62fcca71cde949759a4314e4ee11741c/gnocchi.ffdd9097-1638-4d66-95a1-3cd7a6824b27" 200 2 "GET http://172.18.0.2:8080/v1/AUTH_62fcca71cde949759a4314e4ee11741c/gnocchi.ffdd9097-1638-4d66-95a1-3cd7a6824b27?format=json&states=listing" "tx336077ecee6647ee8cd78-0068dc419b" "proxy-server 20" 0.0031 "-" 21 0
Sep 30 20:46:19 standalone proxy-server[131714]: 172.18.0.2 172.18.0.100 30/Sep/2025/20/46/19 GET /v1/AUTH_62fcca71cde949759a4314e4ee11741c/gnocchi.ffdd9097-1638-4d66-95a1-3cd7a6824b27%3Fformat%3Djson%26states%3Dlisting HTTP/1.0 200 - python-swiftclient-3.11.1 gAAAAABo3EFYhc4M... - 2 - tx336077ecee6647ee8cd78-0068dc419b - 0.0279 - - 1759265179.910456181 1759265179.938369036 0
Sep 30 20:46:19 standalone object-server[129869]: 172.20.0.100 - - [30/Sep/2025:20:46:19 +0000] "GET /d1/615/AUTH_62fcca71cde949759a4314e4ee11741c/gnocchi.ffdd9097-1638-4d66-95a1-3cd7a6824b27/1758240000.0_mean_300.0_v3" 404 70 "GET http://172.18.0.2:8080/v1/AUTH_62fcca71cde949759a4314e4ee11741c/gnocchi.ffdd9097-1638-4d66-95a1-3cd7a6824b27/1758240000.0_mean_300.0_v3" "txb742ecfb797e4112a7018-0068dc419b" "proxy-server 20" 0.0008 "-" 25 0
Sep 30 20:46:19 standalone proxy-server[131714]: 172.18.0.2 172.18.0.100 30/Sep/2025/20/46/19 GET /v1/AUTH_62fcca71cde949759a4314e4ee11741c/gnocchi.ffdd9097-1638-4d66-95a1-3cd7a6824b27/1758240000.0_mean_300.0_v3 HTTP/1.0 404 - python-swiftclient-3.11.1 gAAAAABo3EFYhc4M... - 70 - txb742ecfb797e4112a7018-0068dc419b - 0.0146 - - 1759265179.943674564 1759265179.958277225 0
Sep 30 20:46:19 standalone container-server[129632]: 172.20.0.100 - - [30/Sep/2025:20:46:19 +0000] "PUT /d1/140/AUTH_62fcca71cde949759a4314e4ee11741c/gnocchi.ffdd9097-1638-4d66-95a1-3cd7a6824b27/1758240000.0_mean_300.0_v3" 201 - "PUT http://172.18.0.2:8080/d1/615/AUTH_62fcca71cde949759a4314e4ee11741c/gnocchi.ffdd9097-1638-4d66-95a1-3cd7a6824b27/1758240000.0_mean_300.0_v3" "tx1fa95b078c374ed6b8691-0068dc419b" "object-server 25" 0.0017 "-" 19 0
Sep 30 20:46:19 standalone object-server[129869]: 172.20.0.100 - - [30/Sep/2025:20:46:19 +0000] "PUT /d1/615/AUTH_62fcca71cde949759a4314e4ee11741c/gnocchi.ffdd9097-1638-4d66-95a1-3cd7a6824b27/1758240000.0_mean_300.0_v3" 201 - "PUT http://172.18.0.2:8080/v1/AUTH_62fcca71cde949759a4314e4ee11741c/gnocchi.ffdd9097-1638-4d66-95a1-3cd7a6824b27/1758240000.0_mean_300.0_v3" "tx1fa95b078c374ed6b8691-0068dc419b" "proxy-server 20" 0.0170 "-" 25 0
Sep 30 20:46:19 standalone proxy-server[131714]: 172.18.0.2 172.18.0.100 30/Sep/2025/20/46/19 PUT /v1/AUTH_62fcca71cde949759a4314e4ee11741c/gnocchi.ffdd9097-1638-4d66-95a1-3cd7a6824b27/1758240000.0_mean_300.0_v3 HTTP/1.0 201 - python-swiftclient-3.11.1 gAAAAABo3EFYhc4M... 16 - - tx1fa95b078c374ed6b8691-0068dc419b - 0.0285 - - 1759265179.962724447 1759265179.991240740 0
Sep 30 20:46:20 standalone container-server[129659]: 172.20.0.100 - - [30/Sep/2025:20:46:20 +0000] "PUT /d1/140/AUTH_62fcca71cde949759a4314e4ee11741c/gnocchi.ffdd9097-1638-4d66-95a1-3cd7a6824b27/none_v3" 201 - "PUT http://172.18.0.2:8080/d1/792/AUTH_62fcca71cde949759a4314e4ee11741c/gnocchi.ffdd9097-1638-4d66-95a1-3cd7a6824b27/none_v3" "tx2f2b5881013940e29e27a-0068dc419b" "object-server 24" 0.0005 "-" 22 0
Sep 30 20:46:20 standalone object-server[129867]: 172.20.0.100 - - [30/Sep/2025:20:46:20 +0000] "PUT /d1/792/AUTH_62fcca71cde949759a4314e4ee11741c/gnocchi.ffdd9097-1638-4d66-95a1-3cd7a6824b27/none_v3" 201 - "PUT http://172.18.0.2:8080/v1/AUTH_62fcca71cde949759a4314e4ee11741c/gnocchi.ffdd9097-1638-4d66-95a1-3cd7a6824b27/none_v3" "tx2f2b5881013940e29e27a-0068dc419b" "proxy-server 20" 0.0124 "-" 24 0
Sep 30 20:46:20 standalone proxy-server[131714]: 172.18.0.2 172.18.0.100 30/Sep/2025/20/46/20 PUT /v1/AUTH_62fcca71cde949759a4314e4ee11741c/gnocchi.ffdd9097-1638-4d66-95a1-3cd7a6824b27/none_v3 HTTP/1.0 201 - python-swiftclient-3.11.1 gAAAAABo3EFYhc4M... 22 - - tx2f2b5881013940e29e27a-0068dc419b - 0.0230 - - 1759265179.994980812 1759265180.018007278 0
Sep 30 20:46:44 standalone container-server[129659]: 172.20.0.100 - - [30/Sep/2025:20:46:44 +0000] "HEAD /d1/289/AUTH_62fcca71cde949759a4314e4ee11741c/gnocchi.1d10a755-fdcd-46ab-bb04-fe71f1a0e8df" 404 - "HEAD http://172.18.0.2:8080/v1/AUTH_62fcca71cde949759a4314e4ee11741c/gnocchi.1d10a755-fdcd-46ab-bb04-fe71f1a0e8df?format=json&states=listing" "txbfb3c5ef7a2841b995566-0068dc41b4" "proxy-server 20" 0.0005 "-" 22 0
Sep 30 20:46:44 standalone object-server[129867]: 172.20.0.100 - - [30/Sep/2025:20:46:44 +0000] "GET /d1/288/AUTH_62fcca71cde949759a4314e4ee11741c/gnocchi.1d10a755-fdcd-46ab-bb04-fe71f1a0e8df/none_v3" 404 70 "GET http://172.18.0.2:8080/v1/AUTH_62fcca71cde949759a4314e4ee11741c/gnocchi.1d10a755-fdcd-46ab-bb04-fe71f1a0e8df/none_v3" "txbfb3c5ef7a2841b995566-0068dc41b4" "proxy-server 20" 0.0006 "-" 24 0
Sep 30 20:46:44 standalone proxy-server[131714]: 172.18.0.2 172.18.0.100 30/Sep/2025/20/46/44 GET /v1/AUTH_62fcca71cde949759a4314e4ee11741c/gnocchi.1d10a755-fdcd-46ab-bb04-fe71f1a0e8df/none_v3 HTTP/1.0 404 - python-swiftclient-3.11.1 gAAAAABo3EFYhc4M... - 70 - txbfb3c5ef7a2841b995566-0068dc41b4 - 0.0127 - - 1759265204.567285538 1759265204.580021620 0
Sep 30 20:46:44 standalone account-server[129550]: 172.20.0.100 - - [30/Sep/2025:20:46:44 +0000] "PUT /d1/206/AUTH_62fcca71cde949759a4314e4ee11741c/gnocchi.1d10a755-fdcd-46ab-bb04-fe71f1a0e8df" 201 - "PUT http://172.20.0.100:6001/d1/289/AUTH_62fcca71cde949759a4314e4ee11741c/gnocchi.1d10a755-fdcd-46ab-bb04-fe71f1a0e8df" "tx5dd15ca08d4340798ef6a-0068dc41b4" "container-server 21" 0.0053 "-" 17 0
Sep 30 20:46:44 standalone container-server[129650]: 172.20.0.100 - - [30/Sep/2025:20:46:44 +0000] "PUT /d1/289/AUTH_62fcca71cde949759a4314e4ee11741c/gnocchi.1d10a755-fdcd-46ab-bb04-fe71f1a0e8df" 201 - "PUT http://172.18.0.2:8080/v1/AUTH_62fcca71cde949759a4314e4ee11741c/gnocchi.1d10a755-fdcd-46ab-bb04-fe71f1a0e8df" "tx5dd15ca08d4340798ef6a-0068dc41b4" "proxy-server 20" 0.0134 "-" 21 0
Sep 30 20:46:44 standalone proxy-server[131714]: 172.18.0.2 172.18.0.100 30/Sep/2025/20/46/44 PUT /v1/AUTH_62fcca71cde949759a4314e4ee11741c/gnocchi.1d10a755-fdcd-46ab-bb04-fe71f1a0e8df HTTP/1.0 201 - python-swiftclient-3.11.1 gAAAAABo3EFYhc4M... - - - tx5dd15ca08d4340798ef6a-0068dc41b4 - 0.0188 - - 1759265204.583299160 1759265204.602111578 0
Sep 30 20:46:44 standalone container-server[129632]: 172.20.0.100 - - [30/Sep/2025:20:46:44 +0000] "HEAD /d1/289/AUTH_62fcca71cde949759a4314e4ee11741c/gnocchi.1d10a755-fdcd-46ab-bb04-fe71f1a0e8df" 204 - "HEAD http://172.18.0.2:8080/v1/AUTH_62fcca71cde949759a4314e4ee11741c/gnocchi.1d10a755-fdcd-46ab-bb04-fe71f1a0e8df?format=json&states=listing" "tx13b51b9f353944c4be6bf-0068dc41b4" "proxy-server 20" 0.0012 "-" 19 0
Sep 30 20:46:44 standalone proxy-server[131714]: - - 30/Sep/2025/20/46/44 HEAD /v1/AUTH_62fcca71cde949759a4314e4ee11741c/gnocchi.1d10a755-fdcd-46ab-bb04-fe71f1a0e8df%3Fformat%3Djson%26states%3Dlisting HTTP/1.0 204 - Swift - - - - tx13b51b9f353944c4be6bf-0068dc41b4 - 0.0076 RL - 1759265204.607774973 1759265204.615361452 0
Sep 30 20:46:44 standalone container-server[129643]: 172.20.0.100 - - [30/Sep/2025:20:46:44 +0000] "GET /d1/289/AUTH_62fcca71cde949759a4314e4ee11741c/gnocchi.1d10a755-fdcd-46ab-bb04-fe71f1a0e8df" 200 2 "GET http://172.18.0.2:8080/v1/AUTH_62fcca71cde949759a4314e4ee11741c/gnocchi.1d10a755-fdcd-46ab-bb04-fe71f1a0e8df?format=json&states=listing" "tx13b51b9f353944c4be6bf-0068dc41b4" "proxy-server 20" 0.0024 "-" 20 0
Sep 30 20:46:44 standalone proxy-server[131714]: 172.18.0.2 172.18.0.100 30/Sep/2025/20/46/44 GET /v1/AUTH_62fcca71cde949759a4314e4ee11741c/gnocchi.1d10a755-fdcd-46ab-bb04-fe71f1a0e8df%3Fformat%3Djson%26states%3Dlisting HTTP/1.0 200 - python-swiftclient-3.11.1 gAAAAABo3EFYhc4M... - 2 - tx13b51b9f353944c4be6bf-0068dc41b4 - 0.0184 - - 1759265204.606545448 1759265204.624897957 0
Sep 30 20:46:44 standalone object-server[129863]: 172.20.0.100 - - [30/Sep/2025:20:46:44 +0000] "GET /d1/98/AUTH_62fcca71cde949759a4314e4ee11741c/gnocchi.1d10a755-fdcd-46ab-bb04-fe71f1a0e8df/1758240000.0_mean_300.0_v3" 404 70 "GET http://172.18.0.2:8080/v1/AUTH_62fcca71cde949759a4314e4ee11741c/gnocchi.1d10a755-fdcd-46ab-bb04-fe71f1a0e8df/1758240000.0_mean_300.0_v3" "tx54292025a2e84359af642-0068dc41b4" "proxy-server 20" 0.0003 "-" 22 0
Sep 30 20:46:44 standalone proxy-server[131714]: 172.18.0.2 172.18.0.100 30/Sep/2025/20/46/44 GET /v1/AUTH_62fcca71cde949759a4314e4ee11741c/gnocchi.1d10a755-fdcd-46ab-bb04-fe71f1a0e8df/1758240000.0_mean_300.0_v3 HTTP/1.0 404 - python-swiftclient-3.11.1 gAAAAABo3EFYhc4M... - 70 - tx54292025a2e84359af642-0068dc41b4 - 0.0060 - - 1759265204.628721476 1759265204.634726763 0
Sep 30 20:46:44 standalone container-server[129659]: 172.20.0.100 - - [30/Sep/2025:20:46:44 +0000] "PUT /d1/289/AUTH_62fcca71cde949759a4314e4ee11741c/gnocchi.1d10a755-fdcd-46ab-bb04-fe71f1a0e8df/1758240000.0_mean_300.0_v3" 201 - "PUT http://172.18.0.2:8080/d1/98/AUTH_62fcca71cde949759a4314e4ee11741c/gnocchi.1d10a755-fdcd-46ab-bb04-fe71f1a0e8df/1758240000.0_mean_300.0_v3" "tx9ad4a2182b6f41e9baf47-0068dc41b4" "object-server 22" 0.0007 "-" 22 0
Sep 30 20:46:44 standalone object-server[129863]: 172.20.0.100 - - [30/Sep/2025:20:46:44 +0000] "PUT /d1/98/AUTH_62fcca71cde949759a4314e4ee11741c/gnocchi.1d10a755-fdcd-46ab-bb04-fe71f1a0e8df/1758240000.0_mean_300.0_v3" 201 - "PUT http://172.18.0.2:8080/v1/AUTH_62fcca71cde949759a4314e4ee11741c/gnocchi.1d10a755-fdcd-46ab-bb04-fe71f1a0e8df/1758240000.0_mean_300.0_v3" "tx9ad4a2182b6f41e9baf47-0068dc41b4" "proxy-server 20" 0.0092 "-" 22 0
Sep 30 20:46:44 standalone proxy-server[131714]: 172.18.0.2 172.18.0.100 30/Sep/2025/20/46/44 PUT /v1/AUTH_62fcca71cde949759a4314e4ee11741c/gnocchi.1d10a755-fdcd-46ab-bb04-fe71f1a0e8df/1758240000.0_mean_300.0_v3 HTTP/1.0 201 - python-swiftclient-3.11.1 gAAAAABo3EFYhc4M... 16 - - tx9ad4a2182b6f41e9baf47-0068dc41b4 - 0.0146 - - 1759265204.638091564 1759265204.652662277 0
Sep 30 20:46:44 standalone container-server[129632]: 172.20.0.100 - - [30/Sep/2025:20:46:44 +0000] "PUT /d1/289/AUTH_62fcca71cde949759a4314e4ee11741c/gnocchi.1d10a755-fdcd-46ab-bb04-fe71f1a0e8df/none_v3" 201 - "PUT http://172.18.0.2:8080/d1/288/AUTH_62fcca71cde949759a4314e4ee11741c/gnocchi.1d10a755-fdcd-46ab-bb04-fe71f1a0e8df/none_v3" "txb1c9c7c9b9fc4b5c88aed-0068dc41b4" "object-server 25" 0.0004 "-" 19 0
Sep 30 20:46:44 standalone object-server[129869]: 172.20.0.100 - - [30/Sep/2025:20:46:44 +0000] "PUT /d1/288/AUTH_62fcca71cde949759a4314e4ee11741c/gnocchi.1d10a755-fdcd-46ab-bb04-fe71f1a0e8df/none_v3" 201 - "PUT http://172.18.0.2:8080/v1/AUTH_62fcca71cde949759a4314e4ee11741c/gnocchi.1d10a755-fdcd-46ab-bb04-fe71f1a0e8df/none_v3" "txb1c9c7c9b9fc4b5c88aed-0068dc41b4" "proxy-server 20" 0.0076 "-" 25 0
Sep 30 20:46:44 standalone proxy-server[131714]: 172.18.0.2 172.18.0.100 30/Sep/2025/20/46/44 PUT /v1/AUTH_62fcca71cde949759a4314e4ee11741c/gnocchi.1d10a755-fdcd-46ab-bb04-fe71f1a0e8df/none_v3 HTTP/1.0 201 - python-swiftclient-3.11.1 gAAAAABo3EFYhc4M... 22 - - txb1c9c7c9b9fc4b5c88aed-0068dc41b4 - 0.0135 - - 1759265204.656078815 1759265204.669554472 0
Sep 30 20:46:44 standalone object-server[129867]: 172.20.0.100 - - [30/Sep/2025:20:46:44 +0000] "GET /d1/250/AUTH_62fcca71cde949759a4314e4ee11741c/gnocchi.6127b7f4-6133-42ef-b2e1-235f95fc01e0/none_v3" 200 22 "GET http://172.18.0.2:8080/v1/AUTH_62fcca71cde949759a4314e4ee11741c/gnocchi.6127b7f4-6133-42ef-b2e1-235f95fc01e0/none_v3" "txdafa53357dc54c52872ac-0068dc41b4" "proxy-server 20" 0.0006 "-" 24 0
Sep 30 20:46:44 standalone proxy-server[131714]: 172.18.0.2 172.18.0.100 30/Sep/2025/20/46/44 GET /v1/AUTH_62fcca71cde949759a4314e4ee11741c/gnocchi.6127b7f4-6133-42ef-b2e1-235f95fc01e0/none_v3 HTTP/1.0 200 - python-swiftclient-3.11.1 gAAAAABo3EFYhc4M... - 22 - txdafa53357dc54c52872ac-0068dc41b4 - 0.0110 - - 1759265204.771016359 1759265204.782017469 0
Sep 30 20:46:44 standalone container-server[129659]: 172.20.0.100 - - [30/Sep/2025:20:46:44 +0000] "GET /d1/967/AUTH_62fcca71cde949759a4314e4ee11741c/gnocchi.6127b7f4-6133-42ef-b2e1-235f95fc01e0" 200 357 "GET http://172.18.0.2:8080/v1/AUTH_62fcca71cde949759a4314e4ee11741c/gnocchi.6127b7f4-6133-42ef-b2e1-235f95fc01e0?format=json&states=listing" "tx0eb200c867584a47957ae-0068dc41b4" "proxy-server 20" 0.0066 "-" 22 0
Sep 30 20:46:44 standalone proxy-server[131714]: 172.18.0.2 172.18.0.100 30/Sep/2025/20/46/44 GET /v1/AUTH_62fcca71cde949759a4314e4ee11741c/gnocchi.6127b7f4-6133-42ef-b2e1-235f95fc01e0%3Fformat%3Djson%26states%3Dlisting HTTP/1.0 200 - python-swiftclient-3.11.1 gAAAAABo3EFYhc4M... - 357 - tx0eb200c867584a47957ae-0068dc41b4 - 0.0130 - - 1759265204.785433292 1759265204.798436403 0
Sep 30 20:46:44 standalone container-server[129650]: 172.20.0.100 - - [30/Sep/2025:20:46:44 +0000] "GET /d1/967/AUTH_62fcca71cde949759a4314e4ee11741c/gnocchi.6127b7f4-6133-42ef-b2e1-235f95fc01e0" 200 2 "GET http://172.18.0.2:8080/v1/AUTH_62fcca71cde949759a4314e4ee11741c/gnocchi.6127b7f4-6133-42ef-b2e1-235f95fc01e0?format=json&marker=none_v3&states=listing" "tx06107a485562433d8d204-0068dc41b4" "proxy-server 20" 0.0020 "-" 21 0
Sep 30 20:46:44 standalone proxy-server[131714]: 172.18.0.2 172.18.0.100 30/Sep/2025/20/46/44 GET /v1/AUTH_62fcca71cde949759a4314e4ee11741c/gnocchi.6127b7f4-6133-42ef-b2e1-235f95fc01e0%3Fformat%3Djson%26marker%3Dnone_v3%26states%3Dlisting HTTP/1.0 200 - python-swiftclient-3.11.1 gAAAAABo3EFYhc4M... - 2 - tx06107a485562433d8d204-0068dc41b4 - 0.0104 - - 1759265204.801203251 1759265204.811569214 0
Sep 30 20:46:44 standalone object-server[129865]: 172.20.0.100 - - [30/Sep/2025:20:46:44 +0000] "GET /d1/807/AUTH_62fcca71cde949759a4314e4ee11741c/gnocchi.6127b7f4-6133-42ef-b2e1-235f95fc01e0/1758240000.0_mean_300.0_v3" 200 16 "GET http://172.18.0.2:8080/v1/AUTH_62fcca71cde949759a4314e4ee11741c/gnocchi.6127b7f4-6133-42ef-b2e1-235f95fc01e0/1758240000.0_mean_300.0_v3" "txc793a8b8587346a999384-0068dc41b4" "proxy-server 20" 0.0006 "-" 23 0
Sep 30 20:46:44 standalone proxy-server[131714]: 172.18.0.2 172.18.0.100 30/Sep/2025/20/46/44 GET /v1/AUTH_62fcca71cde949759a4314e4ee11741c/gnocchi.6127b7f4-6133-42ef-b2e1-235f95fc01e0/1758240000.0_mean_300.0_v3 HTTP/1.0 200 - python-swiftclient-3.11.1 gAAAAABo3EFYhc4M... - 16 - txc793a8b8587346a999384-0068dc41b4 - 0.0082 - - 1759265204.815915585 1759265204.824109554 0
Sep 30 20:46:44 standalone container-server[129659]: 172.20.0.100 - - [30/Sep/2025:20:46:44 +0000] "PUT /d1/967/AUTH_62fcca71cde949759a4314e4ee11741c/gnocchi.6127b7f4-6133-42ef-b2e1-235f95fc01e0/1758240000.0_mean_300.0_v3" 201 - "PUT http://172.18.0.2:8080/d1/807/AUTH_62fcca71cde949759a4314e4ee11741c/gnocchi.6127b7f4-6133-42ef-b2e1-235f95fc01e0/1758240000.0_mean_300.0_v3" "tx50b4eb19a46f4f5d97df1-0068dc41b4" "object-server 23" 0.0008 "-" 22 0
Sep 30 20:46:44 standalone object-server[129865]: 172.20.0.100 - - [30/Sep/2025:20:46:44 +0000] "PUT /d1/807/AUTH_62fcca71cde949759a4314e4ee11741c/gnocchi.6127b7f4-6133-42ef-b2e1-235f95fc01e0/1758240000.0_mean_300.0_v3" 201 - "PUT http://172.18.0.2:8080/v1/AUTH_62fcca71cde949759a4314e4ee11741c/gnocchi.6127b7f4-6133-42ef-b2e1-235f95fc01e0/1758240000.0_mean_300.0_v3" "tx50b4eb19a46f4f5d97df1-0068dc41b4" "proxy-server 20" 0.0130 "-" 23 0
Sep 30 20:46:44 standalone proxy-server[131714]: 172.18.0.2 172.18.0.100 30/Sep/2025/20/46/44 PUT /v1/AUTH_62fcca71cde949759a4314e4ee11741c/gnocchi.6127b7f4-6133-42ef-b2e1-235f95fc01e0/1758240000.0_mean_300.0_v3 HTTP/1.0 201 - python-swiftclient-3.11.1 gAAAAABo3EFYhc4M... 16 - - tx50b4eb19a46f4f5d97df1-0068dc41b4 - 0.0187 - - 1759265204.827689648 1759265204.846392155 0
Sep 30 20:46:44 standalone container-server[129659]: 172.20.0.100 - - [30/Sep/2025:20:46:44 +0000] "PUT /d1/967/AUTH_62fcca71cde949759a4314e4ee11741c/gnocchi.6127b7f4-6133-42ef-b2e1-235f95fc01e0/none_v3" 201 - "PUT http://172.18.0.2:8080/d1/250/AUTH_62fcca71cde949759a4314e4ee11741c/gnocchi.6127b7f4-6133-42ef-b2e1-235f95fc01e0/none_v3" "tx6035946824d943e29e6d1-0068dc41b4" "object-server 24" 0.0006 "-" 22 0
Sep 30 20:46:44 standalone object-server[129867]: 172.20.0.100 - - [30/Sep/2025:20:46:44 +0000] "PUT /d1/250/AUTH_62fcca71cde949759a4314e4ee11741c/gnocchi.6127b7f4-6133-42ef-b2e1-235f95fc01e0/none_v3" 201 - "PUT http://172.18.0.2:8080/v1/AUTH_62fcca71cde949759a4314e4ee11741c/gnocchi.6127b7f4-6133-42ef-b2e1-235f95fc01e0/none_v3" "tx6035946824d943e29e6d1-0068dc41b4" "proxy-server 20" 0.0102 "-" 24 0
Sep 30 20:46:44 standalone proxy-server[131714]: 172.18.0.2 172.18.0.100 30/Sep/2025/20/46/44 PUT /v1/AUTH_62fcca71cde949759a4314e4ee11741c/gnocchi.6127b7f4-6133-42ef-b2e1-235f95fc01e0/none_v3 HTTP/1.0 201 - python-swiftclient-3.11.1 gAAAAABo3EFYhc4M... 33 - - tx6035946824d943e29e6d1-0068dc41b4 - 0.0164 - - 1759265204.849663973 1759265204.866077423 0
Sep 30 20:46:44 standalone object-server[129867]: 172.20.0.100 - - [30/Sep/2025:20:46:44 +0000] "GET /d1/402/AUTH_62fcca71cde949759a4314e4ee11741c/gnocchi.c94e38db-bed0-4189-8d39-2256122d69a6/none_v3" 200 22 "GET http://172.18.0.2:8080/v1/AUTH_62fcca71cde949759a4314e4ee11741c/gnocchi.c94e38db-bed0-4189-8d39-2256122d69a6/none_v3" "tx4a390d95d6d045a3b9762-0068dc41b4" "proxy-server 20" 0.0005 "-" 24 0
Sep 30 20:46:44 standalone proxy-server[131714]: 172.18.0.2 172.18.0.100 30/Sep/2025/20/46/44 GET /v1/AUTH_62fcca71cde949759a4314e4ee11741c/gnocchi.c94e38db-bed0-4189-8d39-2256122d69a6/none_v3 HTTP/1.0 200 - python-swiftclient-3.11.1 gAAAAABo3EFYhc4M... - 22 - tx4a390d95d6d045a3b9762-0068dc41b4 - 0.0060 - - 1759265204.879389524 1759265204.885433435 0
Sep 30 20:46:44 standalone container-server[129632]: 172.20.0.100 - - [30/Sep/2025:20:46:44 +0000] "GET /d1/438/AUTH_62fcca71cde949759a4314e4ee11741c/gnocchi.c94e38db-bed0-4189-8d39-2256122d69a6" 200 357 "GET http://172.18.0.2:8080/v1/AUTH_62fcca71cde949759a4314e4ee11741c/gnocchi.c94e38db-bed0-4189-8d39-2256122d69a6?format=json&states=listing" "txae137af274aa4a7da1fb1-0068dc41b4" "proxy-server 20" 0.0108 "-" 19 0
Sep 30 20:46:44 standalone proxy-server[131714]: 172.18.0.2 172.18.0.100 30/Sep/2025/20/46/44 GET /v1/AUTH_62fcca71cde949759a4314e4ee11741c/gnocchi.c94e38db-bed0-4189-8d39-2256122d69a6%3Fformat%3Djson%26states%3Dlisting HTTP/1.0 200 - python-swiftclient-3.11.1 gAAAAABo3EFYhc4M... - 357 - txae137af274aa4a7da1fb1-0068dc41b4 - 0.0184 - - 1759265204.890591860 1759265204.909006119 0
Sep 30 20:46:44 standalone container-server[129632]: 172.20.0.100 - - [30/Sep/2025:20:46:44 +0000] "GET /d1/438/AUTH_62fcca71cde949759a4314e4ee11741c/gnocchi.c94e38db-bed0-4189-8d39-2256122d69a6" 200 2 "GET http://172.18.0.2:8080/v1/AUTH_62fcca71cde949759a4314e4ee11741c/gnocchi.c94e38db-bed0-4189-8d39-2256122d69a6?format=json&marker=none_v3&states=listing" "txbe613e1f546440499c780-0068dc41b4" "proxy-server 20" 0.0016 "-" 19 0
Sep 30 20:46:44 standalone proxy-server[131714]: 172.18.0.2 172.18.0.100 30/Sep/2025/20/46/44 GET /v1/AUTH_62fcca71cde949759a4314e4ee11741c/gnocchi.c94e38db-bed0-4189-8d39-2256122d69a6%3Fformat%3Djson%26marker%3Dnone_v3%26states%3Dlisting HTTP/1.0 200 - python-swiftclient-3.11.1 gAAAAABo3EFYhc4M... - 2 - txbe613e1f546440499c780-0068dc41b4 - 0.0086 - - 1759265204.912805319 1759265204.921410561 0
Sep 30 20:46:44 standalone object-server[129865]: 172.20.0.100 - - [30/Sep/2025:20:46:44 +0000] "GET /d1/891/AUTH_62fcca71cde949759a4314e4ee11741c/gnocchi.c94e38db-bed0-4189-8d39-2256122d69a6/1758240000.0_mean_300.0_v3" 200 16 "GET http://172.18.0.2:8080/v1/AUTH_62fcca71cde949759a4314e4ee11741c/gnocchi.c94e38db-bed0-4189-8d39-2256122d69a6/1758240000.0_mean_300.0_v3" "txc5f1b21decfe4db599901-0068dc41b4" "proxy-server 20" 0.0012 "-" 23 0
Sep 30 20:46:44 standalone proxy-server[131714]: 172.18.0.2 172.18.0.100 30/Sep/2025/20/46/44 GET /v1/AUTH_62fcca71cde949759a4314e4ee11741c/gnocchi.c94e38db-bed0-4189-8d39-2256122d69a6/1758240000.0_mean_300.0_v3 HTTP/1.0 200 - python-swiftclient-3.11.1 gAAAAABo3EFYhc4M... - 16 - txc5f1b21decfe4db599901-0068dc41b4 - 0.0082 - - 1759265204.926303387 1759265204.934525013 0
Sep 30 20:46:44 standalone container-server[129643]: 172.20.0.100 - - [30/Sep/2025:20:46:44 +0000] "PUT /d1/438/AUTH_62fcca71cde949759a4314e4ee11741c/gnocchi.c94e38db-bed0-4189-8d39-2256122d69a6/1758240000.0_mean_300.0_v3" 201 - "PUT http://172.18.0.2:8080/d1/891/AUTH_62fcca71cde949759a4314e4ee11741c/gnocchi.c94e38db-bed0-4189-8d39-2256122d69a6/1758240000.0_mean_300.0_v3" "txb986e14325af4ff888ba7-0068dc41b4" "object-server 23" 0.0008 "-" 20 0
Sep 30 20:46:44 standalone object-server[129865]: 172.20.0.100 - - [30/Sep/2025:20:46:44 +0000] "PUT /d1/891/AUTH_62fcca71cde949759a4314e4ee11741c/gnocchi.c94e38db-bed0-4189-8d39-2256122d69a6/1758240000.0_mean_300.0_v3" 201 - "PUT http://172.18.0.2:8080/v1/AUTH_62fcca71cde949759a4314e4ee11741c/gnocchi.c94e38db-bed0-4189-8d39-2256122d69a6/1758240000.0_mean_300.0_v3" "txb986e14325af4ff888ba7-0068dc41b4" "proxy-server 20" 0.0087 "-" 23 0
Sep 30 20:46:44 standalone proxy-server[131714]: 172.18.0.2 172.18.0.100 30/Sep/2025/20/46/44 PUT /v1/AUTH_62fcca71cde949759a4314e4ee11741c/gnocchi.c94e38db-bed0-4189-8d39-2256122d69a6/1758240000.0_mean_300.0_v3 HTTP/1.0 201 - python-swiftclient-3.11.1 gAAAAABo3EFYhc4M... 16 - - txb986e14325af4ff888ba7-0068dc41b4 - 0.0144 - - 1759265204.938457966 1759265204.952870607 0
Sep 30 20:46:44 standalone container-server[129650]: 172.20.0.100 - - [30/Sep/2025:20:46:44 +0000] "PUT /d1/438/AUTH_62fcca71cde949759a4314e4ee11741c/gnocchi.c94e38db-bed0-4189-8d39-2256122d69a6/none_v3" 201 - "PUT http://172.18.0.2:8080/d1/402/AUTH_62fcca71cde949759a4314e4ee11741c/gnocchi.c94e38db-bed0-4189-8d39-2256122d69a6/none_v3" "tx53580f56584a4ece9c50b-0068dc41b4" "object-server 24" 0.0008 "-" 21 0
Sep 30 20:46:44 standalone object-server[129867]: 172.20.0.100 - - [30/Sep/2025:20:46:44 +0000] "PUT /d1/402/AUTH_62fcca71cde949759a4314e4ee11741c/gnocchi.c94e38db-bed0-4189-8d39-2256122d69a6/none_v3" 201 - "PUT http://172.18.0.2:8080/v1/AUTH_62fcca71cde949759a4314e4ee11741c/gnocchi.c94e38db-bed0-4189-8d39-2256122d69a6/none_v3" "tx53580f56584a4ece9c50b-0068dc41b4" "proxy-server 20" 0.0086 "-" 24 0
Sep 30 20:46:44 standalone proxy-server[131714]: 172.18.0.2 172.18.0.100 30/Sep/2025/20/46/44 PUT /v1/AUTH_62fcca71cde949759a4314e4ee11741c/gnocchi.c94e38db-bed0-4189-8d39-2256122d69a6/none_v3 HTTP/1.0 201 - python-swiftclient-3.11.1 gAAAAABo3EFYhc4M... 33 - - tx53580f56584a4ece9c50b-0068dc41b4 - 0.0142 - - 1759265204.956429482 1759265204.970593214 0
Sep 30 20:46:48 standalone object-server[129869]: 172.20.0.100 - - [30/Sep/2025:20:46:48 +0000] "GET /d1/288/AUTH_62fcca71cde949759a4314e4ee11741c/gnocchi.1d10a755-fdcd-46ab-bb04-fe71f1a0e8df/none_v3" 200 22 "GET http://172.18.0.2:8080/v1/AUTH_62fcca71cde949759a4314e4ee11741c/gnocchi.1d10a755-fdcd-46ab-bb04-fe71f1a0e8df/none_v3" "txc46794d51d974a8088f34-0068dc41b8" "proxy-server 20" 0.0015 "-" 25 0
Sep 30 20:46:48 standalone proxy-server[131714]: 172.18.0.2 172.18.0.100 30/Sep/2025/20/46/48 GET /v1/AUTH_62fcca71cde949759a4314e4ee11741c/gnocchi.1d10a755-fdcd-46ab-bb04-fe71f1a0e8df/none_v3 HTTP/1.0 200 - python-swiftclient-3.11.1 gAAAAABo3EFYhc4M... - 22 - txc46794d51d974a8088f34-0068dc41b8 - 0.0136 - - 1759265208.921187639 1759265208.934757471 0
Sep 30 20:46:48 standalone container-server[129643]: 172.20.0.100 - - [30/Sep/2025:20:46:48 +0000] "GET /d1/289/AUTH_62fcca71cde949759a4314e4ee11741c/gnocchi.1d10a755-fdcd-46ab-bb04-fe71f1a0e8df" 200 357 "GET http://172.18.0.2:8080/v1/AUTH_62fcca71cde949759a4314e4ee11741c/gnocchi.1d10a755-fdcd-46ab-bb04-fe71f1a0e8df?format=json&states=listing" "tx2d8a736d40914a9bbb8d9-0068dc41b8" "proxy-server 20" 0.0238 "-" 20 0
Sep 30 20:46:48 standalone proxy-server[131714]: 172.18.0.2 172.18.0.100 30/Sep/2025/20/46/48 GET /v1/AUTH_62fcca71cde949759a4314e4ee11741c/gnocchi.1d10a755-fdcd-46ab-bb04-fe71f1a0e8df%3Fformat%3Djson%26states%3Dlisting HTTP/1.0 200 - python-swiftclient-3.11.1 gAAAAABo3EFYhc4M... - 357 - tx2d8a736d40914a9bbb8d9-0068dc41b8 - 0.0379 - - 1759265208.942606926 1759265208.980465412 0
Sep 30 20:46:48 standalone container-server[129643]: 172.20.0.100 - - [30/Sep/2025:20:46:48 +0000] "GET /d1/289/AUTH_62fcca71cde949759a4314e4ee11741c/gnocchi.1d10a755-fdcd-46ab-bb04-fe71f1a0e8df" 200 2 "GET http://172.18.0.2:8080/v1/AUTH_62fcca71cde949759a4314e4ee11741c/gnocchi.1d10a755-fdcd-46ab-bb04-fe71f1a0e8df?format=json&marker=none_v3&states=listing" "tx7ae2f0504e3946a7a1dce-0068dc41b8" "proxy-server 20" 0.0026 "-" 20 0
Sep 30 20:46:48 standalone proxy-server[131714]: 172.18.0.2 172.18.0.100 30/Sep/2025/20/46/48 GET /v1/AUTH_62fcca71cde949759a4314e4ee11741c/gnocchi.1d10a755-fdcd-46ab-bb04-fe71f1a0e8df%3Fformat%3Djson%26marker%3Dnone_v3%26states%3Dlisting HTTP/1.0 200 - python-swiftclient-3.11.1 gAAAAABo3EFYhc4M... - 2 - tx7ae2f0504e3946a7a1dce-0068dc41b8 - 0.0111 - - 1759265208.984729290 1759265208.995836735 0
Sep 30 20:46:49 standalone object-server[129869]: 172.20.0.100 - - [30/Sep/2025:20:46:49 +0000] "GET /d1/98/AUTH_62fcca71cde949759a4314e4ee11741c/gnocchi.1d10a755-fdcd-46ab-bb04-fe71f1a0e8df/1758240000.0_mean_300.0_v3" 200 16 "GET http://172.18.0.2:8080/v1/AUTH_62fcca71cde949759a4314e4ee11741c/gnocchi.1d10a755-fdcd-46ab-bb04-fe71f1a0e8df/1758240000.0_mean_300.0_v3" "tx3cdbe313c53242d2b4784-0068dc41b8" "proxy-server 20" 0.0012 "-" 25 0
Sep 30 20:46:49 standalone proxy-server[131714]: 172.18.0.2 172.18.0.100 30/Sep/2025/20/46/49 GET /v1/AUTH_62fcca71cde949759a4314e4ee11741c/gnocchi.1d10a755-fdcd-46ab-bb04-fe71f1a0e8df/1758240000.0_mean_300.0_v3 HTTP/1.0 200 - python-swiftclient-3.11.1 gAAAAABo3EFYhc4M... - 16 - tx3cdbe313c53242d2b4784-0068dc41b8 - 0.0098 - - 1759265209.000024319 1759265209.009863615 0
Sep 30 20:46:49 standalone container-server[129650]: 172.20.0.100 - - [30/Sep/2025:20:46:49 +0000] "PUT /d1/289/AUTH_62fcca71cde949759a4314e4ee11741c/gnocchi.1d10a755-fdcd-46ab-bb04-fe71f1a0e8df/1758240000.0_mean_300.0_v3" 201 - "PUT http://172.18.0.2:8080/d1/98/AUTH_62fcca71cde949759a4314e4ee11741c/gnocchi.1d10a755-fdcd-46ab-bb04-fe71f1a0e8df/1758240000.0_mean_300.0_v3" "tx4701d24f26a5406d98482-0068dc41b9" "object-server 25" 0.0006 "-" 21 0
Sep 30 20:46:49 standalone object-server[129869]: 172.20.0.100 - - [30/Sep/2025:20:46:49 +0000] "PUT /d1/98/AUTH_62fcca71cde949759a4314e4ee11741c/gnocchi.1d10a755-fdcd-46ab-bb04-fe71f1a0e8df/1758240000.0_mean_300.0_v3" 201 - "PUT http://172.18.0.2:8080/v1/AUTH_62fcca71cde949759a4314e4ee11741c/gnocchi.1d10a755-fdcd-46ab-bb04-fe71f1a0e8df/1758240000.0_mean_300.0_v3" "tx4701d24f26a5406d98482-0068dc41b9" "proxy-server 20" 0.0118 "-" 25 0
Sep 30 20:46:49 standalone proxy-server[131714]: 172.18.0.2 172.18.0.100 30/Sep/2025/20/46/49 PUT /v1/AUTH_62fcca71cde949759a4314e4ee11741c/gnocchi.1d10a755-fdcd-46ab-bb04-fe71f1a0e8df/1758240000.0_mean_300.0_v3 HTTP/1.0 201 - python-swiftclient-3.11.1 gAAAAABo3EFYhc4M... 16 - - tx4701d24f26a5406d98482-0068dc41b9 - 0.0194 - - 1759265209.013132811 1759265209.032565594 0
Sep 30 20:46:49 standalone container-server[129650]: 172.20.0.100 - - [30/Sep/2025:20:46:49 +0000] "PUT /d1/289/AUTH_62fcca71cde949759a4314e4ee11741c/gnocchi.1d10a755-fdcd-46ab-bb04-fe71f1a0e8df/none_v3" 201 - "PUT http://172.18.0.2:8080/d1/288/AUTH_62fcca71cde949759a4314e4ee11741c/gnocchi.1d10a755-fdcd-46ab-bb04-fe71f1a0e8df/none_v3" "tx82f0e82643804567a47a5-0068dc41b9" "object-server 23" 0.0004 "-" 21 0
Sep 30 20:46:49 standalone object-server[129865]: 172.20.0.100 - - [30/Sep/2025:20:46:49 +0000] "PUT /d1/288/AUTH_62fcca71cde949759a4314e4ee11741c/gnocchi.1d10a755-fdcd-46ab-bb04-fe71f1a0e8df/none_v3" 201 - "PUT http://172.18.0.2:8080/v1/AUTH_62fcca71cde949759a4314e4ee11741c/gnocchi.1d10a755-fdcd-46ab-bb04-fe71f1a0e8df/none_v3" "tx82f0e82643804567a47a5-0068dc41b9" "proxy-server 20" 0.0089 "-" 23 0
Sep 30 20:46:49 standalone proxy-server[131714]: 172.18.0.2 172.18.0.100 30/Sep/2025/20/46/49 PUT /v1/AUTH_62fcca71cde949759a4314e4ee11741c/gnocchi.1d10a755-fdcd-46ab-bb04-fe71f1a0e8df/none_v3 HTTP/1.0 201 - python-swiftclient-3.11.1 gAAAAABo3EFYhc4M... 32 - - tx82f0e82643804567a47a5-0068dc41b9 - 0.0171 - - 1759265209.035508394 1759265209.052567244 0
Sep 30 20:46:59 standalone container-server[129643]: 172.20.0.100 - - [30/Sep/2025:20:46:59 +0000] "HEAD /d1/22/AUTH_62fcca71cde949759a4314e4ee11741c/gnocchi.c2883317-de91-486e-901f-fbda0fec6407" 404 - "HEAD http://172.18.0.2:8080/v1/AUTH_62fcca71cde949759a4314e4ee11741c/gnocchi.c2883317-de91-486e-901f-fbda0fec6407?format=json&states=listing" "tx73212b7d3cc049e0a43f4-0068dc41c3" "proxy-server 20" 0.0006 "-" 20 0
Sep 30 20:46:59 standalone object-server[129865]: 172.20.0.100 - - [30/Sep/2025:20:46:59 +0000] "GET /d1/736/AUTH_62fcca71cde949759a4314e4ee11741c/gnocchi.c2883317-de91-486e-901f-fbda0fec6407/none_v3" 404 70 "GET http://172.18.0.2:8080/v1/AUTH_62fcca71cde949759a4314e4ee11741c/gnocchi.c2883317-de91-486e-901f-fbda0fec6407/none_v3" "tx73212b7d3cc049e0a43f4-0068dc41c3" "proxy-server 20" 0.0006 "-" 23 0
Sep 30 20:46:59 standalone proxy-server[131714]: 172.18.0.2 172.18.0.100 30/Sep/2025/20/46/59 GET /v1/AUTH_62fcca71cde949759a4314e4ee11741c/gnocchi.c2883317-de91-486e-901f-fbda0fec6407/none_v3 HTTP/1.0 404 - python-swiftclient-3.11.1 gAAAAABo3EFYhc4M... - 70 - tx73212b7d3cc049e0a43f4-0068dc41c3 - 0.0167 - - 1759265219.357088566 1759265219.373813391 0
Sep 30 20:46:59 standalone account-server[129550]: 172.20.0.100 - - [30/Sep/2025:20:46:59 +0000] "PUT /d1/206/AUTH_62fcca71cde949759a4314e4ee11741c/gnocchi.c2883317-de91-486e-901f-fbda0fec6407" 201 - "PUT http://172.20.0.100:6001/d1/22/AUTH_62fcca71cde949759a4314e4ee11741c/gnocchi.c2883317-de91-486e-901f-fbda0fec6407" "tx60500f3b98f241d6bf361-0068dc41c3" "container-server 22" 0.0041 "-" 17 0
Sep 30 20:46:59 standalone container-server[129659]: 172.20.0.100 - - [30/Sep/2025:20:46:59 +0000] "PUT /d1/22/AUTH_62fcca71cde949759a4314e4ee11741c/gnocchi.c2883317-de91-486e-901f-fbda0fec6407" 201 - "PUT http://172.18.0.2:8080/v1/AUTH_62fcca71cde949759a4314e4ee11741c/gnocchi.c2883317-de91-486e-901f-fbda0fec6407" "tx60500f3b98f241d6bf361-0068dc41c3" "proxy-server 20" 0.0183 "-" 22 0
Sep 30 20:46:59 standalone proxy-server[131714]: 172.18.0.2 172.18.0.100 30/Sep/2025/20/46/59 PUT /v1/AUTH_62fcca71cde949759a4314e4ee11741c/gnocchi.c2883317-de91-486e-901f-fbda0fec6407 HTTP/1.0 201 - python-swiftclient-3.11.1 gAAAAABo3EFYhc4M... - - - tx60500f3b98f241d6bf361-0068dc41c3 - 0.0247 - - 1759265219.377096415 1759265219.401765585 0
