Sep 30 20:46:59 standalone container-server[129659]: 172.20.0.100 - - [30/Sep/2025:20:46:59 +0000] "HEAD /d1/22/AUTH_62fcca71cde949759a4314e4ee11741c/gnocchi.c2883317-de91-486e-901f-fbda0fec6407" 204 - "HEAD http://172.18.0.2:8080/v1/AUTH_62fcca71cde949759a4314e4ee11741c/gnocchi.c2883317-de91-486e-901f-fbda0fec6407?format=json&states=listing" "tx2e98ea88fc9f45a285910-0068dc41c3" "proxy-server 20" 0.0030 "-" 22 0
Sep 30 20:46:59 standalone proxy-server[131714]: - - 30/Sep/2025/20/46/59 HEAD /v1/AUTH_62fcca71cde949759a4314e4ee11741c/gnocchi.c2883317-de91-486e-901f-fbda0fec6407%3Fformat%3Djson%26states%3Dlisting HTTP/1.0 204 - Swift - - - - tx2e98ea88fc9f45a285910-0068dc41c3 - 0.0103 RL - 1759265219.407721519 1759265219.417973280 0
Sep 30 20:46:59 standalone container-server[129643]: 172.20.0.100 - - [30/Sep/2025:20:46:59 +0000] "GET /d1/22/AUTH_62fcca71cde949759a4314e4ee11741c/gnocchi.c2883317-de91-486e-901f-fbda0fec6407" 200 2 "GET http://172.18.0.2:8080/v1/AUTH_62fcca71cde949759a4314e4ee11741c/gnocchi.c2883317-de91-486e-901f-fbda0fec6407?format=json&states=listing" "tx2e98ea88fc9f45a285910-0068dc41c3" "proxy-server 20" 0.0036 "-" 20 0
Sep 30 20:46:59 standalone proxy-server[131714]: 172.18.0.2 172.18.0.100 30/Sep/2025/20/46/59 GET /v1/AUTH_62fcca71cde949759a4314e4ee11741c/gnocchi.c2883317-de91-486e-901f-fbda0fec6407%3Fformat%3Djson%26states%3Dlisting HTTP/1.0 200 - python-swiftclient-3.11.1 gAAAAABo3EFYhc4M... - 2 - tx2e98ea88fc9f45a285910-0068dc41c3 - 0.0246 - - 1759265219.406274319 1759265219.430833101 0
Sep 30 20:46:59 standalone object-server[129869]: 172.20.0.100 - - [30/Sep/2025:20:46:59 +0000] "GET /d1/490/AUTH_62fcca71cde949759a4314e4ee11741c/gnocchi.c2883317-de91-486e-901f-fbda0fec6407/1758240000.0_mean_300.0_v3" 404 70 "GET http://172.18.0.2:8080/v1/AUTH_62fcca71cde949759a4314e4ee11741c/gnocchi.c2883317-de91-486e-901f-fbda0fec6407/1758240000.0_mean_300.0_v3" "txf6398a946c39478d882a0-0068dc41c3" "proxy-server 20" 0.0004 "-" 25 0
Sep 30 20:46:59 standalone proxy-server[131714]: 172.18.0.2 172.18.0.100 30/Sep/2025/20/46/59 GET /v1/AUTH_62fcca71cde949759a4314e4ee11741c/gnocchi.c2883317-de91-486e-901f-fbda0fec6407/1758240000.0_mean_300.0_v3 HTTP/1.0 404 - python-swiftclient-3.11.1 gAAAAABo3EFYhc4M... - 70 - txf6398a946c39478d882a0-0068dc41c3 - 0.0056 - - 1759265219.435643911 1759265219.441205978 0
Sep 30 20:46:59 standalone container-server[129632]: 172.20.0.100 - - [30/Sep/2025:20:46:59 +0000] "PUT /d1/22/AUTH_62fcca71cde949759a4314e4ee11741c/gnocchi.c2883317-de91-486e-901f-fbda0fec6407/1758240000.0_mean_300.0_v3" 201 - "PUT http://172.18.0.2:8080/d1/490/AUTH_62fcca71cde949759a4314e4ee11741c/gnocchi.c2883317-de91-486e-901f-fbda0fec6407/1758240000.0_mean_300.0_v3" "txda8b34474b81495ba5e8f-0068dc41c3" "object-server 22" 0.0005 "-" 19 0
Sep 30 20:46:59 standalone object-server[129863]: 172.20.0.100 - - [30/Sep/2025:20:46:59 +0000] "PUT /d1/490/AUTH_62fcca71cde949759a4314e4ee11741c/gnocchi.c2883317-de91-486e-901f-fbda0fec6407/1758240000.0_mean_300.0_v3" 201 - "PUT http://172.18.0.2:8080/v1/AUTH_62fcca71cde949759a4314e4ee11741c/gnocchi.c2883317-de91-486e-901f-fbda0fec6407/1758240000.0_mean_300.0_v3" "txda8b34474b81495ba5e8f-0068dc41c3" "proxy-server 20" 0.0100 "-" 22 0
Sep 30 20:46:59 standalone proxy-server[131714]: 172.18.0.2 172.18.0.100 30/Sep/2025/20/46/59 PUT /v1/AUTH_62fcca71cde949759a4314e4ee11741c/gnocchi.c2883317-de91-486e-901f-fbda0fec6407/1758240000.0_mean_300.0_v3 HTTP/1.0 201 - python-swiftclient-3.11.1 gAAAAABo3EFYhc4M... 16 - - txda8b34474b81495ba5e8f-0068dc41c3 - 0.0151 - - 1759265219.444434643 1759265219.459550142 0
Sep 30 20:46:59 standalone container-server[129643]: 172.20.0.100 - - [30/Sep/2025:20:46:59 +0000] "PUT /d1/22/AUTH_62fcca71cde949759a4314e4ee11741c/gnocchi.c2883317-de91-486e-901f-fbda0fec6407/none_v3" 201 - "PUT http://172.18.0.2:8080/d1/736/AUTH_62fcca71cde949759a4314e4ee11741c/gnocchi.c2883317-de91-486e-901f-fbda0fec6407/none_v3" "tx8486235671934f6f870e3-0068dc41c3" "object-server 22" 0.0007 "-" 20 0
Sep 30 20:46:59 standalone object-server[129863]: 172.20.0.100 - - [30/Sep/2025:20:46:59 +0000] "PUT /d1/736/AUTH_62fcca71cde949759a4314e4ee11741c/gnocchi.c2883317-de91-486e-901f-fbda0fec6407/none_v3" 201 - "PUT http://172.18.0.2:8080/v1/AUTH_62fcca71cde949759a4314e4ee11741c/gnocchi.c2883317-de91-486e-901f-fbda0fec6407/none_v3" "tx8486235671934f6f870e3-0068dc41c3" "proxy-server 20" 0.0101 "-" 22 0
Sep 30 20:46:59 standalone proxy-server[131714]: 172.18.0.2 172.18.0.100 30/Sep/2025/20/46/59 PUT /v1/AUTH_62fcca71cde949759a4314e4ee11741c/gnocchi.c2883317-de91-486e-901f-fbda0fec6407/none_v3 HTTP/1.0 201 - python-swiftclient-3.11.1 gAAAAABo3EFYhc4M... 22 - - tx8486235671934f6f870e3-0068dc41c3 - 0.0146 - - 1759265219.462579012 1759265219.477151632 0
Sep 30 20:46:59 standalone object-server[129867]: 172.20.0.100 - - [30/Sep/2025:20:46:59 +0000] "GET /d1/736/AUTH_62fcca71cde949759a4314e4ee11741c/gnocchi.c2883317-de91-486e-901f-fbda0fec6407/none_v3" 200 22 "GET http://172.18.0.2:8080/v1/AUTH_62fcca71cde949759a4314e4ee11741c/gnocchi.c2883317-de91-486e-901f-fbda0fec6407/none_v3" "txe10dc2e0b90b426db31ba-0068dc41c3" "proxy-server 20" 0.0009 "-" 24 0
Sep 30 20:46:59 standalone proxy-server[131714]: 172.18.0.2 172.18.0.100 30/Sep/2025/20/46/59 GET /v1/AUTH_62fcca71cde949759a4314e4ee11741c/gnocchi.c2883317-de91-486e-901f-fbda0fec6407/none_v3 HTTP/1.0 200 - python-swiftclient-3.11.1 gAAAAABo3EFYhc4M... - 22 - txe10dc2e0b90b426db31ba-0068dc41c3 - 0.0068 - - 1759265219.758299589 1759265219.765098572 0
Sep 30 20:46:59 standalone container-server[129659]: 172.20.0.100 - - [30/Sep/2025:20:46:59 +0000] "GET /d1/22/AUTH_62fcca71cde949759a4314e4ee11741c/gnocchi.c2883317-de91-486e-901f-fbda0fec6407" 200 357 "GET http://172.18.0.2:8080/v1/AUTH_62fcca71cde949759a4314e4ee11741c/gnocchi.c2883317-de91-486e-901f-fbda0fec6407?format=json&states=listing" "tx285376ec309344a796e3b-0068dc41c3" "proxy-server 20" 0.0082 "-" 22 0
Sep 30 20:46:59 standalone proxy-server[131714]: 172.18.0.2 172.18.0.100 30/Sep/2025/20/46/59 GET /v1/AUTH_62fcca71cde949759a4314e4ee11741c/gnocchi.c2883317-de91-486e-901f-fbda0fec6407%3Fformat%3Djson%26states%3Dlisting HTTP/1.0 200 - python-swiftclient-3.11.1 gAAAAABo3EFYhc4M... - 357 - tx285376ec309344a796e3b-0068dc41c3 - 0.0132 - - 1759265219.767393351 1759265219.780571222 0
Sep 30 20:46:59 standalone container-server[129650]: 172.20.0.100 - - [30/Sep/2025:20:46:59 +0000] "GET /d1/22/AUTH_62fcca71cde949759a4314e4ee11741c/gnocchi.c2883317-de91-486e-901f-fbda0fec6407" 200 2 "GET http://172.18.0.2:8080/v1/AUTH_62fcca71cde949759a4314e4ee11741c/gnocchi.c2883317-de91-486e-901f-fbda0fec6407?format=json&marker=none_v3&states=listing" "tx41828f057fad4fa8b6049-0068dc41c3" "proxy-server 20" 0.0024 "-" 21 0
Sep 30 20:46:59 standalone proxy-server[131714]: 172.18.0.2 172.18.0.100 30/Sep/2025/20/46/59 GET /v1/AUTH_62fcca71cde949759a4314e4ee11741c/gnocchi.c2883317-de91-486e-901f-fbda0fec6407%3Fformat%3Djson%26marker%3Dnone_v3%26states%3Dlisting HTTP/1.0 200 - python-swiftclient-3.11.1 gAAAAABo3EFYhc4M... - 2 - tx41828f057fad4fa8b6049-0068dc41c3 - 0.0074 - - 1759265219.782451630 1759265219.789851427 0
Sep 30 20:46:59 standalone object-server[129869]: 172.20.0.100 - - [30/Sep/2025:20:46:59 +0000] "GET /d1/490/AUTH_62fcca71cde949759a4314e4ee11741c/gnocchi.c2883317-de91-486e-901f-fbda0fec6407/1758240000.0_mean_300.0_v3" 200 16 "GET http://172.18.0.2:8080/v1/AUTH_62fcca71cde949759a4314e4ee11741c/gnocchi.c2883317-de91-486e-901f-fbda0fec6407/1758240000.0_mean_300.0_v3" "tx0c047c7a39dc4ddf8da37-0068dc41c3" "proxy-server 20" 0.0008 "-" 25 0
Sep 30 20:46:59 standalone proxy-server[131714]: 172.18.0.2 172.18.0.100 30/Sep/2025/20/46/59 GET /v1/AUTH_62fcca71cde949759a4314e4ee11741c/gnocchi.c2883317-de91-486e-901f-fbda0fec6407/1758240000.0_mean_300.0_v3 HTTP/1.0 200 - python-swiftclient-3.11.1 gAAAAABo3EFYhc4M... - 16 - tx0c047c7a39dc4ddf8da37-0068dc41c3 - 0.0065 - - 1759265219.792831182 1759265219.799304485 0
Sep 30 20:46:59 standalone container-server[129650]: 172.20.0.100 - - [30/Sep/2025:20:46:59 +0000] "PUT /d1/22/AUTH_62fcca71cde949759a4314e4ee11741c/gnocchi.c2883317-de91-486e-901f-fbda0fec6407/1758240000.0_mean_300.0_v3" 201 - "PUT http://172.18.0.2:8080/d1/490/AUTH_62fcca71cde949759a4314e4ee11741c/gnocchi.c2883317-de91-486e-901f-fbda0fec6407/1758240000.0_mean_300.0_v3" "txfc76712f8e054a61ba477-0068dc41c3" "object-server 25" 0.0007 "-" 21 0
Sep 30 20:46:59 standalone object-server[129869]: 172.20.0.100 - - [30/Sep/2025:20:46:59 +0000] "PUT /d1/490/AUTH_62fcca71cde949759a4314e4ee11741c/gnocchi.c2883317-de91-486e-901f-fbda0fec6407/1758240000.0_mean_300.0_v3" 201 - "PUT http://172.18.0.2:8080/v1/AUTH_62fcca71cde949759a4314e4ee11741c/gnocchi.c2883317-de91-486e-901f-fbda0fec6407/1758240000.0_mean_300.0_v3" "txfc76712f8e054a61ba477-0068dc41c3" "proxy-server 20" 0.0098 "-" 25 0
Sep 30 20:46:59 standalone proxy-server[131714]: 172.18.0.2 172.18.0.100 30/Sep/2025/20/46/59 PUT /v1/AUTH_62fcca71cde949759a4314e4ee11741c/gnocchi.c2883317-de91-486e-901f-fbda0fec6407/1758240000.0_mean_300.0_v3 HTTP/1.0 201 - python-swiftclient-3.11.1 gAAAAABo3EFYhc4M... 16 - - txfc76712f8e054a61ba477-0068dc41c3 - 0.0137 - - 1759265219.801409245 1759265219.815151215 0
Sep 30 20:46:59 standalone container-server[129650]: 172.20.0.100 - - [30/Sep/2025:20:46:59 +0000] "PUT /d1/22/AUTH_62fcca71cde949759a4314e4ee11741c/gnocchi.c2883317-de91-486e-901f-fbda0fec6407/none_v3" 201 - "PUT http://172.18.0.2:8080/d1/736/AUTH_62fcca71cde949759a4314e4ee11741c/gnocchi.c2883317-de91-486e-901f-fbda0fec6407/none_v3" "tx735ecdbb3f5e4b60a1285-0068dc41c3" "object-server 24" 0.0005 "-" 21 0
Sep 30 20:46:59 standalone object-server[129867]: 172.20.0.100 - - [30/Sep/2025:20:46:59 +0000] "PUT /d1/736/AUTH_62fcca71cde949759a4314e4ee11741c/gnocchi.c2883317-de91-486e-901f-fbda0fec6407/none_v3" 201 - "PUT http://172.18.0.2:8080/v1/AUTH_62fcca71cde949759a4314e4ee11741c/gnocchi.c2883317-de91-486e-901f-fbda0fec6407/none_v3" "tx735ecdbb3f5e4b60a1285-0068dc41c3" "proxy-server 20" 0.0096 "-" 24 0
Sep 30 20:46:59 standalone proxy-server[131714]: 172.18.0.2 172.18.0.100 30/Sep/2025/20/46/59 PUT /v1/AUTH_62fcca71cde949759a4314e4ee11741c/gnocchi.c2883317-de91-486e-901f-fbda0fec6407/none_v3 HTTP/1.0 201 - python-swiftclient-3.11.1 gAAAAABo3EFYhc4M... 31 - - tx735ecdbb3f5e4b60a1285-0068dc41c3 - 0.0148 - - 1759265219.817255020 1759265219.832050085 0
Sep 30 20:47:05 standalone object-server[129762]: Begin object update sweep
Sep 30 20:47:05 standalone object-server[235591]: Object update sweep starting on /srv/node/d1 (pid: 14)
Sep 30 20:47:05 standalone object-server[235591]: Object update sweep completed on /srv/node/d1 in 0.00s seconds:, 0 successes, 0 failures, 0 quarantines, 0 unlinks, 0 errors, 0 redirects (pid: 14)
Sep 30 20:47:05 standalone object-server[235591]: Object update sweep of d1 completed: 0.00s, 0 successes, 0 failures, 0 quarantines, 0 unlinks, 0 errors, 0 redirects
Sep 30 20:47:05 standalone object-server[129762]: Object update sweep completed: 0.07s
Sep 30 20:47:08 standalone object-server[129867]: 172.20.0.100 - - [30/Sep/2025:20:47:08 +0000] "GET /d1/288/AUTH_62fcca71cde949759a4314e4ee11741c/gnocchi.1d10a755-fdcd-46ab-bb04-fe71f1a0e8df/none_v3" 200 32 "GET http://172.18.0.2:8080/v1/AUTH_62fcca71cde949759a4314e4ee11741c/gnocchi.1d10a755-fdcd-46ab-bb04-fe71f1a0e8df/none_v3" "tx32d0fa4b56874bc68b414-0068dc41cc" "proxy-server 20" 0.0029 "-" 24 0
Sep 30 20:47:08 standalone proxy-server[131714]: 172.18.0.2 172.18.0.100 30/Sep/2025/20/47/08 GET /v1/AUTH_62fcca71cde949759a4314e4ee11741c/gnocchi.1d10a755-fdcd-46ab-bb04-fe71f1a0e8df/none_v3 HTTP/1.0 200 - python-swiftclient-3.11.1 gAAAAABo3EFYhc4M... - 32 - tx32d0fa4b56874bc68b414-0068dc41cc - 0.0269 - - 1759265228.799418211 1759265228.826311111 0
Sep 30 20:47:08 standalone container-server[129643]: 172.20.0.100 - - [30/Sep/2025:20:47:08 +0000] "GET /d1/289/AUTH_62fcca71cde949759a4314e4ee11741c/gnocchi.1d10a755-fdcd-46ab-bb04-fe71f1a0e8df" 200 357 "GET http://172.18.0.2:8080/v1/AUTH_62fcca71cde949759a4314e4ee11741c/gnocchi.1d10a755-fdcd-46ab-bb04-fe71f1a0e8df?format=json&states=listing" "txb01dbcb5c0e84b0c88d8c-0068dc41cc" "proxy-server 20" 0.0071 "-" 20 0
Sep 30 20:47:08 standalone proxy-server[131714]: 172.18.0.2 172.18.0.100 30/Sep/2025/20/47/08 GET /v1/AUTH_62fcca71cde949759a4314e4ee11741c/gnocchi.1d10a755-fdcd-46ab-bb04-fe71f1a0e8df%3Fformat%3Djson%26states%3Dlisting HTTP/1.0 200 - python-swiftclient-3.11.1 gAAAAABo3EFYhc4M... - 357 - txb01dbcb5c0e84b0c88d8c-0068dc41cc - 0.0130 - - 1759265228.829992533 1759265228.843011856 0
Sep 30 20:47:08 standalone container-server[129632]: 172.20.0.100 - - [30/Sep/2025:20:47:08 +0000] "GET /d1/289/AUTH_62fcca71cde949759a4314e4ee11741c/gnocchi.1d10a755-fdcd-46ab-bb04-fe71f1a0e8df" 200 2 "GET http://172.18.0.2:8080/v1/AUTH_62fcca71cde949759a4314e4ee11741c/gnocchi.1d10a755-fdcd-46ab-bb04-fe71f1a0e8df?format=json&marker=none_v3&states=listing" "tx01fdf4285bc940c6bdf53-0068dc41cc" "proxy-server 20" 0.0017 "-" 19 0
Sep 30 20:47:08 standalone proxy-server[131714]: 172.18.0.2 172.18.0.100 30/Sep/2025/20/47/08 GET /v1/AUTH_62fcca71cde949759a4314e4ee11741c/gnocchi.1d10a755-fdcd-46ab-bb04-fe71f1a0e8df%3Fformat%3Djson%26marker%3Dnone_v3%26states%3Dlisting HTTP/1.0 200 - python-swiftclient-3.11.1 gAAAAABo3EFYhc4M... - 2 - tx01fdf4285bc940c6bdf53-0068dc41cc - 0.0065 - - 1759265228.845437288 1759265228.851966381 0
Sep 30 20:47:08 standalone object-server[129867]: 172.20.0.100 - - [30/Sep/2025:20:47:08 +0000] "GET /d1/98/AUTH_62fcca71cde949759a4314e4ee11741c/gnocchi.1d10a755-fdcd-46ab-bb04-fe71f1a0e8df/1758240000.0_mean_300.0_v3" 200 16 "GET http://172.18.0.2:8080/v1/AUTH_62fcca71cde949759a4314e4ee11741c/gnocchi.1d10a755-fdcd-46ab-bb04-fe71f1a0e8df/1758240000.0_mean_300.0_v3" "tx2891d9936a364ec3aa768-0068dc41cc" "proxy-server 20" 0.0012 "-" 24 0
Sep 30 20:47:08 standalone proxy-server[131714]: 172.18.0.2 172.18.0.100 30/Sep/2025/20/47/08 GET /v1/AUTH_62fcca71cde949759a4314e4ee11741c/gnocchi.1d10a755-fdcd-46ab-bb04-fe71f1a0e8df/1758240000.0_mean_300.0_v3 HTTP/1.0 200 - python-swiftclient-3.11.1 gAAAAABo3EFYhc4M... - 16 - tx2891d9936a364ec3aa768-0068dc41cc - 0.0075 - - 1759265228.854840279 1759265228.862324715 0
Sep 30 20:47:08 standalone container-server[129643]: 172.20.0.100 - - [30/Sep/2025:20:47:08 +0000] "PUT /d1/289/AUTH_62fcca71cde949759a4314e4ee11741c/gnocchi.1d10a755-fdcd-46ab-bb04-fe71f1a0e8df/1758240000.0_mean_300.0_v3" 201 - "PUT http://172.18.0.2:8080/d1/98/AUTH_62fcca71cde949759a4314e4ee11741c/gnocchi.1d10a755-fdcd-46ab-bb04-fe71f1a0e8df/1758240000.0_mean_300.0_v3" "txc37b243adaeb40eeadeef-0068dc41cc" "object-server 22" 0.0006 "-" 20 0
Sep 30 20:47:08 standalone object-server[129863]: 172.20.0.100 - - [30/Sep/2025:20:47:08 +0000] "PUT /d1/98/AUTH_62fcca71cde949759a4314e4ee11741c/gnocchi.1d10a755-fdcd-46ab-bb04-fe71f1a0e8df/1758240000.0_mean_300.0_v3" 201 - "PUT http://172.18.0.2:8080/v1/AUTH_62fcca71cde949759a4314e4ee11741c/gnocchi.1d10a755-fdcd-46ab-bb04-fe71f1a0e8df/1758240000.0_mean_300.0_v3" "txc37b243adaeb40eeadeef-0068dc41cc" "proxy-server 20" 0.0100 "-" 22 0
Sep 30 20:47:08 standalone proxy-server[131714]: 172.18.0.2 172.18.0.100 30/Sep/2025/20/47/08 PUT /v1/AUTH_62fcca71cde949759a4314e4ee11741c/gnocchi.1d10a755-fdcd-46ab-bb04-fe71f1a0e8df/1758240000.0_mean_300.0_v3 HTTP/1.0 201 - python-swiftclient-3.11.1 gAAAAABo3EFYhc4M... 16 - - txc37b243adaeb40eeadeef-0068dc41cc - 0.0153 - - 1759265228.864783287 1759265228.880037546 0
Sep 30 20:47:08 standalone container-server[129643]: 172.20.0.100 - - [30/Sep/2025:20:47:08 +0000] "PUT /d1/289/AUTH_62fcca71cde949759a4314e4ee11741c/gnocchi.1d10a755-fdcd-46ab-bb04-fe71f1a0e8df/none_v3" 201 - "PUT http://172.18.0.2:8080/d1/288/AUTH_62fcca71cde949759a4314e4ee11741c/gnocchi.1d10a755-fdcd-46ab-bb04-fe71f1a0e8df/none_v3" "tx1846be06daba43b89d804-0068dc41cc" "object-server 25" 0.0004 "-" 20 0
Sep 30 20:47:08 standalone object-server[129869]: 172.20.0.100 - - [30/Sep/2025:20:47:08 +0000] "PUT /d1/288/AUTH_62fcca71cde949759a4314e4ee11741c/gnocchi.1d10a755-fdcd-46ab-bb04-fe71f1a0e8df/none_v3" 201 - "PUT http://172.18.0.2:8080/v1/AUTH_62fcca71cde949759a4314e4ee11741c/gnocchi.1d10a755-fdcd-46ab-bb04-fe71f1a0e8df/none_v3" "tx1846be06daba43b89d804-0068dc41cc" "proxy-server 20" 0.0078 "-" 25 0
Sep 30 20:47:08 standalone proxy-server[131714]: 172.18.0.2 172.18.0.100 30/Sep/2025/20/47/08 PUT /v1/AUTH_62fcca71cde949759a4314e4ee11741c/gnocchi.1d10a755-fdcd-46ab-bb04-fe71f1a0e8df/none_v3 HTTP/1.0 201 - python-swiftclient-3.11.1 gAAAAABo3EFYhc4M... 46 - - tx1846be06daba43b89d804-0068dc41cc - 0.0124 - - 1759265228.882260561 1759265228.894661903 0
Sep 30 20:47:09 standalone object-server[129867]: 172.20.0.100 - - [30/Sep/2025:20:47:09 +0000] "GET /d1/288/AUTH_62fcca71cde949759a4314e4ee11741c/gnocchi.1d10a755-fdcd-46ab-bb04-fe71f1a0e8df/none_v3" 200 46 "GET http://172.18.0.2:8080/v1/AUTH_62fcca71cde949759a4314e4ee11741c/gnocchi.1d10a755-fdcd-46ab-bb04-fe71f1a0e8df/none_v3" "tx9ccd999c050742c2b7a1e-0068dc41cd" "proxy-server 20" 0.0007 "-" 24 0
Sep 30 20:47:09 standalone proxy-server[131714]: 172.18.0.2 172.18.0.100 30/Sep/2025/20/47/09 GET /v1/AUTH_62fcca71cde949759a4314e4ee11741c/gnocchi.1d10a755-fdcd-46ab-bb04-fe71f1a0e8df/none_v3 HTTP/1.0 200 - python-swiftclient-3.11.1 gAAAAABo3EFYhc4M... - 46 - tx9ccd999c050742c2b7a1e-0068dc41cd - 0.0080 - - 1759265229.773686409 1759265229.781676292 0
Sep 30 20:47:09 standalone container-server[129643]: 172.20.0.100 - - [30/Sep/2025:20:47:09 +0000] "GET /d1/289/AUTH_62fcca71cde949759a4314e4ee11741c/gnocchi.1d10a755-fdcd-46ab-bb04-fe71f1a0e8df" 200 357 "GET http://172.18.0.2:8080/v1/AUTH_62fcca71cde949759a4314e4ee11741c/gnocchi.1d10a755-fdcd-46ab-bb04-fe71f1a0e8df?format=json&states=listing" "txc9a01577a67c4d2aab328-0068dc41cd" "proxy-server 20" 0.0094 "-" 20 0
Sep 30 20:47:09 standalone proxy-server[131714]: 172.18.0.2 172.18.0.100 30/Sep/2025/20/47/09 GET /v1/AUTH_62fcca71cde949759a4314e4ee11741c/gnocchi.1d10a755-fdcd-46ab-bb04-fe71f1a0e8df%3Fformat%3Djson%26states%3Dlisting HTTP/1.0 200 - python-swiftclient-3.11.1 gAAAAABo3EFYhc4M... - 357 - txc9a01577a67c4d2aab328-0068dc41cd - 0.0161 - - 1759265229.786500931 1759265229.802559853 0
Sep 30 20:47:09 standalone container-server[129650]: 172.20.0.100 - - [30/Sep/2025:20:47:09 +0000] "GET /d1/289/AUTH_62fcca71cde949759a4314e4ee11741c/gnocchi.1d10a755-fdcd-46ab-bb04-fe71f1a0e8df" 200 2 "GET http://172.18.0.2:8080/v1/AUTH_62fcca71cde949759a4314e4ee11741c/gnocchi.1d10a755-fdcd-46ab-bb04-fe71f1a0e8df?format=json&marker=none_v3&states=listing" "txa8ac3f68d25d463d9e0b9-0068dc41cd" "proxy-server 20" 0.0039 "-" 21 0
Sep 30 20:47:09 standalone proxy-server[131714]: 172.18.0.2 172.18.0.100 30/Sep/2025/20/47/09 GET /v1/AUTH_62fcca71cde949759a4314e4ee11741c/gnocchi.1d10a755-fdcd-46ab-bb04-fe71f1a0e8df%3Fformat%3Djson%26marker%3Dnone_v3%26states%3Dlisting HTTP/1.0 200 - python-swiftclient-3.11.1 gAAAAABo3EFYhc4M... - 2 - txa8ac3f68d25d463d9e0b9-0068dc41cd - 0.0110 - - 1759265229.806287289 1759265229.817238569 0
Sep 30 20:47:09 standalone object-server[129869]: 172.20.0.100 - - [30/Sep/2025:20:47:09 +0000] "GET /d1/98/AUTH_62fcca71cde949759a4314e4ee11741c/gnocchi.1d10a755-fdcd-46ab-bb04-fe71f1a0e8df/1758240000.0_mean_300.0_v3" 200 16 "GET http://172.18.0.2:8080/v1/AUTH_62fcca71cde949759a4314e4ee11741c/gnocchi.1d10a755-fdcd-46ab-bb04-fe71f1a0e8df/1758240000.0_mean_300.0_v3" "tx5d83a18dfa3c4911b6661-0068dc41cd" "proxy-server 20" 0.0012 "-" 25 0
Sep 30 20:47:09 standalone proxy-server[131714]: 172.18.0.2 172.18.0.100 30/Sep/2025/20/47/09 GET /v1/AUTH_62fcca71cde949759a4314e4ee11741c/gnocchi.1d10a755-fdcd-46ab-bb04-fe71f1a0e8df/1758240000.0_mean_300.0_v3 HTTP/1.0 200 - python-swiftclient-3.11.1 gAAAAABo3EFYhc4M... - 16 - tx5d83a18dfa3c4911b6661-0068dc41cd - 0.0081 - - 1759265229.827365875 1759265229.835470676 0
Sep 30 20:47:09 standalone container-server[129650]: 172.20.0.100 - - [30/Sep/2025:20:47:09 +0000] "PUT /d1/289/AUTH_62fcca71cde949759a4314e4ee11741c/gnocchi.1d10a755-fdcd-46ab-bb04-fe71f1a0e8df/1758240000.0_mean_300.0_v3" 201 - "PUT http://172.18.0.2:8080/d1/98/AUTH_62fcca71cde949759a4314e4ee11741c/gnocchi.1d10a755-fdcd-46ab-bb04-fe71f1a0e8df/1758240000.0_mean_300.0_v3" "txcdfac558057d420591e1f-0068dc41cd" "object-server 24" 0.0005 "-" 21 0
Sep 30 20:47:09 standalone object-server[129867]: 172.20.0.100 - - [30/Sep/2025:20:47:09 +0000] "PUT /d1/98/AUTH_62fcca71cde949759a4314e4ee11741c/gnocchi.1d10a755-fdcd-46ab-bb04-fe71f1a0e8df/1758240000.0_mean_300.0_v3" 201 - "PUT http://172.18.0.2:8080/v1/AUTH_62fcca71cde949759a4314e4ee11741c/gnocchi.1d10a755-fdcd-46ab-bb04-fe71f1a0e8df/1758240000.0_mean_300.0_v3" "txcdfac558057d420591e1f-0068dc41cd" "proxy-server 20" 0.0085 "-" 24 0
Sep 30 20:47:09 standalone proxy-server[131714]: 172.18.0.2 172.18.0.100 30/Sep/2025/20/47/09 PUT /v1/AUTH_62fcca71cde949759a4314e4ee11741c/gnocchi.1d10a755-fdcd-46ab-bb04-fe71f1a0e8df/1758240000.0_mean_300.0_v3 HTTP/1.0 201 - python-swiftclient-3.11.1 gAAAAABo3EFYhc4M... 16 - - txcdfac558057d420591e1f-0068dc41cd - 0.0163 - - 1759265229.839429855 1759265229.855775833 0
Sep 30 20:47:09 standalone container-server[129659]: 172.20.0.100 - - [30/Sep/2025:20:47:09 +0000] "PUT /d1/289/AUTH_62fcca71cde949759a4314e4ee11741c/gnocchi.1d10a755-fdcd-46ab-bb04-fe71f1a0e8df/none_v3" 201 - "PUT http://172.18.0.2:8080/d1/288/AUTH_62fcca71cde949759a4314e4ee11741c/gnocchi.1d10a755-fdcd-46ab-bb04-fe71f1a0e8df/none_v3" "tx13292cfcfccc4176b804f-0068dc41cd" "object-server 25" 0.0006 "-" 22 0
Sep 30 20:47:09 standalone object-server[129869]: 172.20.0.100 - - [30/Sep/2025:20:47:09 +0000] "PUT /d1/288/AUTH_62fcca71cde949759a4314e4ee11741c/gnocchi.1d10a755-fdcd-46ab-bb04-fe71f1a0e8df/none_v3" 201 - "PUT http://172.18.0.2:8080/v1/AUTH_62fcca71cde949759a4314e4ee11741c/gnocchi.1d10a755-fdcd-46ab-bb04-fe71f1a0e8df/none_v3" "tx13292cfcfccc4176b804f-0068dc41cd" "proxy-server 20" 0.0096 "-" 25 0
Sep 30 20:47:09 standalone proxy-server[131714]: 172.18.0.2 172.18.0.100 30/Sep/2025/20/47/09 PUT /v1/AUTH_62fcca71cde949759a4314e4ee11741c/gnocchi.1d10a755-fdcd-46ab-bb04-fe71f1a0e8df/none_v3 HTTP/1.0 201 - python-swiftclient-3.11.1 gAAAAABo3EFYhc4M... 51 - - tx13292cfcfccc4176b804f-0068dc41cd - 0.0174 - - 1759265229.859420300 1759265229.876792908 0
Sep 30 20:47:09 standalone object-server[129869]: 172.20.0.100 - - [30/Sep/2025:20:47:09 +0000] "GET /d1/912/AUTH_62fcca71cde949759a4314e4ee11741c/gnocchi.7694af57-8e82-4c98-b8d2-834709f50f97/none_v3" 200 22 "GET http://172.18.0.2:8080/v1/AUTH_62fcca71cde949759a4314e4ee11741c/gnocchi.7694af57-8e82-4c98-b8d2-834709f50f97/none_v3" "tx445b65b0d9004a0d87c39-0068dc41cd" "proxy-server 20" 0.0029 "-" 25 0
Sep 30 20:47:09 standalone proxy-server[131714]: 172.18.0.2 172.18.0.100 30/Sep/2025/20/47/09 GET /v1/AUTH_62fcca71cde949759a4314e4ee11741c/gnocchi.7694af57-8e82-4c98-b8d2-834709f50f97/none_v3 HTTP/1.0 200 - python-swiftclient-3.11.1 gAAAAABo3EFYhc4M... - 22 - tx445b65b0d9004a0d87c39-0068dc41cd - 0.0110 - - 1759265229.887457609 1759265229.898436308 0
Sep 30 20:47:09 standalone container-server[129632]: 172.20.0.100 - - [30/Sep/2025:20:47:09 +0000] "GET /d1/235/AUTH_62fcca71cde949759a4314e4ee11741c/gnocchi.7694af57-8e82-4c98-b8d2-834709f50f97" 200 357 "GET http://172.18.0.2:8080/v1/AUTH_62fcca71cde949759a4314e4ee11741c/gnocchi.7694af57-8e82-4c98-b8d2-834709f50f97?format=json&states=listing" "tx917371d564484e9182790-0068dc41cd" "proxy-server 20" 0.0077 "-" 19 0
Sep 30 20:47:09 standalone proxy-server[131714]: 172.18.0.2 172.18.0.100 30/Sep/2025/20/47/09 GET /v1/AUTH_62fcca71cde949759a4314e4ee11741c/gnocchi.7694af57-8e82-4c98-b8d2-834709f50f97%3Fformat%3Djson%26states%3Dlisting HTTP/1.0 200 - python-swiftclient-3.11.1 gAAAAABo3EFYhc4M... - 357 - tx917371d564484e9182790-0068dc41cd - 0.0160 - - 1759265229.902210236 1759265229.918208599 0
Sep 30 20:47:09 standalone container-server[129650]: 172.20.0.100 - - [30/Sep/2025:20:47:09 +0000] "GET /d1/235/AUTH_62fcca71cde949759a4314e4ee11741c/gnocchi.7694af57-8e82-4c98-b8d2-834709f50f97" 200 2 "GET http://172.18.0.2:8080/v1/AUTH_62fcca71cde949759a4314e4ee11741c/gnocchi.7694af57-8e82-4c98-b8d2-834709f50f97?format=json&marker=none_v3&states=listing" "txa124969e109241a89d32f-0068dc41cd" "proxy-server 20" 0.0018 "-" 21 0
Sep 30 20:47:09 standalone proxy-server[131714]: 172.18.0.2 172.18.0.100 30/Sep/2025/20/47/09 GET /v1/AUTH_62fcca71cde949759a4314e4ee11741c/gnocchi.7694af57-8e82-4c98-b8d2-834709f50f97%3Fformat%3Djson%26marker%3Dnone_v3%26states%3Dlisting HTTP/1.0 200 - python-swiftclient-3.11.1 gAAAAABo3EFYhc4M... - 2 - txa124969e109241a89d32f-0068dc41cd - 0.0089 - - 1759265229.921260357 1759265229.930208445 0
Sep 30 20:47:09 standalone object-server[129865]: 172.20.0.100 - - [30/Sep/2025:20:47:09 +0000] "GET /d1/1023/AUTH_62fcca71cde949759a4314e4ee11741c/gnocchi.7694af57-8e82-4c98-b8d2-834709f50f97/1758240000.0_mean_300.0_v3" 200 16 "GET http://172.18.0.2:8080/v1/AUTH_62fcca71cde949759a4314e4ee11741c/gnocchi.7694af57-8e82-4c98-b8d2-834709f50f97/1758240000.0_mean_300.0_v3" "tx5ff6fe04a01a46f9945d6-0068dc41cd" "proxy-server 20" 0.0006 "-" 23 0
Sep 30 20:47:09 standalone proxy-server[131714]: 172.18.0.2 172.18.0.100 30/Sep/2025/20/47/09 GET /v1/AUTH_62fcca71cde949759a4314e4ee11741c/gnocchi.7694af57-8e82-4c98-b8d2-834709f50f97/1758240000.0_mean_300.0_v3 HTTP/1.0 200 - python-swiftclient-3.11.1 gAAAAABo3EFYhc4M... - 16 - tx5ff6fe04a01a46f9945d6-0068dc41cd - 0.0075 - - 1759265229.934720278 1759265229.942183733 0
Sep 30 20:47:09 standalone container-server[129632]: 172.20.0.100 - - [30/Sep/2025:20:47:09 +0000] "PUT /d1/235/AUTH_62fcca71cde949759a4314e4ee11741c/gnocchi.7694af57-8e82-4c98-b8d2-834709f50f97/1758240000.0_mean_300.0_v3" 201 - "PUT http://172.18.0.2:8080/d1/1023/AUTH_62fcca71cde949759a4314e4ee11741c/gnocchi.7694af57-8e82-4c98-b8d2-834709f50f97/1758240000.0_mean_300.0_v3" "txac3430c8957f4259a830c-0068dc41cd" "object-server 25" 0.0007 "-" 19 0
Sep 30 20:47:09 standalone object-server[129869]: 172.20.0.100 - - [30/Sep/2025:20:47:09 +0000] "PUT /d1/1023/AUTH_62fcca71cde949759a4314e4ee11741c/gnocchi.7694af57-8e82-4c98-b8d2-834709f50f97/1758240000.0_mean_300.0_v3" 201 - "PUT http://172.18.0.2:8080/v1/AUTH_62fcca71cde949759a4314e4ee11741c/gnocchi.7694af57-8e82-4c98-b8d2-834709f50f97/1758240000.0_mean_300.0_v3" "txac3430c8957f4259a830c-0068dc41cd" "proxy-server 20" 0.0078 "-" 25 0
Sep 30 20:47:09 standalone proxy-server[131714]: 172.18.0.2 172.18.0.100 30/Sep/2025/20/47/09 PUT /v1/AUTH_62fcca71cde949759a4314e4ee11741c/gnocchi.7694af57-8e82-4c98-b8d2-834709f50f97/1758240000.0_mean_300.0_v3 HTTP/1.0 201 - python-swiftclient-3.11.1 gAAAAABo3EFYhc4M... 16 - - txac3430c8957f4259a830c-0068dc41cd - 0.0145 - - 1759265229.945519686 1759265229.959987879 0
Sep 30 20:47:09 standalone container-server[129632]: 172.20.0.100 - - [30/Sep/2025:20:47:09 +0000] "PUT /d1/235/AUTH_62fcca71cde949759a4314e4ee11741c/gnocchi.7694af57-8e82-4c98-b8d2-834709f50f97/none_v3" 201 - "PUT http://172.18.0.2:8080/d1/912/AUTH_62fcca71cde949759a4314e4ee11741c/gnocchi.7694af57-8e82-4c98-b8d2-834709f50f97/none_v3" "txc0bd621e822a4b4887d06-0068dc41cd" "object-server 22" 0.0007 "-" 19 0
Sep 30 20:47:09 standalone object-server[129863]: 172.20.0.100 - - [30/Sep/2025:20:47:09 +0000] "PUT /d1/912/AUTH_62fcca71cde949759a4314e4ee11741c/gnocchi.7694af57-8e82-4c98-b8d2-834709f50f97/none_v3" 201 - "PUT http://172.18.0.2:8080/v1/AUTH_62fcca71cde949759a4314e4ee11741c/gnocchi.7694af57-8e82-4c98-b8d2-834709f50f97/none_v3" "txc0bd621e822a4b4887d06-0068dc41cd" "proxy-server 20" 0.0069 "-" 22 0
Sep 30 20:47:09 standalone proxy-server[131714]: 172.18.0.2 172.18.0.100 30/Sep/2025/20/47/09 PUT /v1/AUTH_62fcca71cde949759a4314e4ee11741c/gnocchi.7694af57-8e82-4c98-b8d2-834709f50f97/none_v3 HTTP/1.0 201 - python-swiftclient-3.11.1 gAAAAABo3EFYhc4M... 32 - - txc0bd621e822a4b4887d06-0068dc41cd - 0.0132 - - 1759265229.963269234 1759265229.976469517 0
Sep 30 20:47:09 standalone object-server[129869]: 172.20.0.100 - - [30/Sep/2025:20:47:09 +0000] "GET /d1/792/AUTH_62fcca71cde949759a4314e4ee11741c/gnocchi.ffdd9097-1638-4d66-95a1-3cd7a6824b27/none_v3" 200 22 "GET http://172.18.0.2:8080/v1/AUTH_62fcca71cde949759a4314e4ee11741c/gnocchi.ffdd9097-1638-4d66-95a1-3cd7a6824b27/none_v3" "tx0d400cc77b084b9c91d18-0068dc41cd" "proxy-server 20" 0.0008 "-" 25 0
Sep 30 20:47:09 standalone proxy-server[131714]: 172.18.0.2 172.18.0.100 30/Sep/2025/20/47/09 GET /v1/AUTH_62fcca71cde949759a4314e4ee11741c/gnocchi.ffdd9097-1638-4d66-95a1-3cd7a6824b27/none_v3 HTTP/1.0 200 - python-swiftclient-3.11.1 gAAAAABo3EFYhc4M... - 22 - tx0d400cc77b084b9c91d18-0068dc41cd - 0.0083 - - 1759265229.986166954 1759265229.994476557 0
Sep 30 20:47:10 standalone container-server[129643]: 172.20.0.100 - - [30/Sep/2025:20:47:10 +0000] "GET /d1/140/AUTH_62fcca71cde949759a4314e4ee11741c/gnocchi.ffdd9097-1638-4d66-95a1-3cd7a6824b27" 200 357 "GET http://172.18.0.2:8080/v1/AUTH_62fcca71cde949759a4314e4ee11741c/gnocchi.ffdd9097-1638-4d66-95a1-3cd7a6824b27?format=json&states=listing" "tx186edc6cc25a4308ac9c4-0068dc41cd" "proxy-server 20" 0.0083 "-" 20 0
Sep 30 20:47:10 standalone proxy-server[131714]: 172.18.0.2 172.18.0.100 30/Sep/2025/20/47/10 GET /v1/AUTH_62fcca71cde949759a4314e4ee11741c/gnocchi.ffdd9097-1638-4d66-95a1-3cd7a6824b27%3Fformat%3Djson%26states%3Dlisting HTTP/1.0 200 - python-swiftclient-3.11.1 gAAAAABo3EFYhc4M... - 357 - tx186edc6cc25a4308ac9c4-0068dc41cd - 0.0165 - - 1759265229.998609066 1759265230.015087605 0
Sep 30 20:47:10 standalone container-server[129650]: 172.20.0.100 - - [30/Sep/2025:20:47:10 +0000] "GET /d1/140/AUTH_62fcca71cde949759a4314e4ee11741c/gnocchi.ffdd9097-1638-4d66-95a1-3cd7a6824b27" 200 2 "GET http://172.18.0.2:8080/v1/AUTH_62fcca71cde949759a4314e4ee11741c/gnocchi.ffdd9097-1638-4d66-95a1-3cd7a6824b27?format=json&marker=none_v3&states=listing" "tx3c88fee5db4846d6b6e79-0068dc41ce" "proxy-server 20" 0.0018 "-" 21 0
Sep 30 20:47:10 standalone proxy-server[131714]: 172.18.0.2 172.18.0.100 30/Sep/2025/20/47/10 GET /v1/AUTH_62fcca71cde949759a4314e4ee11741c/gnocchi.ffdd9097-1638-4d66-95a1-3cd7a6824b27%3Fformat%3Djson%26marker%3Dnone_v3%26states%3Dlisting HTTP/1.0 200 - python-swiftclient-3.11.1 gAAAAABo3EFYhc4M... - 2 - tx3c88fee5db4846d6b6e79-0068dc41ce - 0.0088 - - 1759265230.018648624 1759265230.027465582 0
Sep 30 20:47:10 standalone object-server[129863]: 172.20.0.100 - - [30/Sep/2025:20:47:10 +0000] "GET /d1/615/AUTH_62fcca71cde949759a4314e4ee11741c/gnocchi.ffdd9097-1638-4d66-95a1-3cd7a6824b27/1758240000.0_mean_300.0_v3" 200 16 "GET http://172.18.0.2:8080/v1/AUTH_62fcca71cde949759a4314e4ee11741c/gnocchi.ffdd9097-1638-4d66-95a1-3cd7a6824b27/1758240000.0_mean_300.0_v3" "txb8749dd77a4e47b3a5030-0068dc41ce" "proxy-server 20" 0.0007 "-" 22 0
Sep 30 20:47:10 standalone proxy-server[131714]: 172.18.0.2 172.18.0.100 30/Sep/2025/20/47/10 GET /v1/AUTH_62fcca71cde949759a4314e4ee11741c/gnocchi.ffdd9097-1638-4d66-95a1-3cd7a6824b27/1758240000.0_mean_300.0_v3 HTTP/1.0 200 - python-swiftclient-3.11.1 gAAAAABo3EFYhc4M... - 16 - txb8749dd77a4e47b3a5030-0068dc41ce - 0.0075 - - 1759265230.031286955 1759265230.038769960 0
Sep 30 20:47:10 standalone container-server[129659]: 172.20.0.100 - - [30/Sep/2025:20:47:10 +0000] "PUT /d1/140/AUTH_62fcca71cde949759a4314e4ee11741c/gnocchi.ffdd9097-1638-4d66-95a1-3cd7a6824b27/1758240000.0_mean_300.0_v3" 201 - "PUT http://172.18.0.2:8080/d1/615/AUTH_62fcca71cde949759a4314e4ee11741c/gnocchi.ffdd9097-1638-4d66-95a1-3cd7a6824b27/1758240000.0_mean_300.0_v3" "txce2c8c2e13a64cb6998b2-0068dc41ce" "object-server 22" 0.0005 "-" 22 0
Sep 30 20:47:10 standalone object-server[129863]: 172.20.0.100 - - [30/Sep/2025:20:47:10 +0000] "PUT /d1/615/AUTH_62fcca71cde949759a4314e4ee11741c/gnocchi.ffdd9097-1638-4d66-95a1-3cd7a6824b27/1758240000.0_mean_300.0_v3" 201 - "PUT http://172.18.0.2:8080/v1/AUTH_62fcca71cde949759a4314e4ee11741c/gnocchi.ffdd9097-1638-4d66-95a1-3cd7a6824b27/1758240000.0_mean_300.0_v3" "txce2c8c2e13a64cb6998b2-0068dc41ce" "proxy-server 20" 0.0074 "-" 22 0
Sep 30 20:47:10 standalone proxy-server[131714]: 172.18.0.2 172.18.0.100 30/Sep/2025/20/47/10 PUT /v1/AUTH_62fcca71cde949759a4314e4ee11741c/gnocchi.ffdd9097-1638-4d66-95a1-3cd7a6824b27/1758240000.0_mean_300.0_v3 HTTP/1.0 201 - python-swiftclient-3.11.1 gAAAAABo3EFYhc4M... 16 - - txce2c8c2e13a64cb6998b2-0068dc41ce - 0.0134 - - 1759265230.042402267 1759265230.055821657 0
Sep 30 20:47:10 standalone container-server[129659]: 172.20.0.100 - - [30/Sep/2025:20:47:10 +0000] "PUT /d1/140/AUTH_62fcca71cde949759a4314e4ee11741c/gnocchi.ffdd9097-1638-4d66-95a1-3cd7a6824b27/none_v3" 201 - "PUT http://172.18.0.2:8080/d1/792/AUTH_62fcca71cde949759a4314e4ee11741c/gnocchi.ffdd9097-1638-4d66-95a1-3cd7a6824b27/none_v3" "tx31a6ad76d37344b68c1d2-0068dc41ce" "object-server 22" 0.0005 "-" 22 0
Sep 30 20:47:10 standalone object-server[129863]: 172.20.0.100 - - [30/Sep/2025:20:47:10 +0000] "PUT /d1/792/AUTH_62fcca71cde949759a4314e4ee11741c/gnocchi.ffdd9097-1638-4d66-95a1-3cd7a6824b27/none_v3" 201 - "PUT http://172.18.0.2:8080/v1/AUTH_62fcca71cde949759a4314e4ee11741c/gnocchi.ffdd9097-1638-4d66-95a1-3cd7a6824b27/none_v3" "tx31a6ad76d37344b68c1d2-0068dc41ce" "proxy-server 20" 0.0079 "-" 22 0
Sep 30 20:47:10 standalone proxy-server[131714]: 172.18.0.2 172.18.0.100 30/Sep/2025/20/47/10 PUT /v1/AUTH_62fcca71cde949759a4314e4ee11741c/gnocchi.ffdd9097-1638-4d66-95a1-3cd7a6824b27/none_v3 HTTP/1.0 201 - python-swiftclient-3.11.1 gAAAAABo3EFYhc4M... 32 - - tx31a6ad76d37344b68c1d2-0068dc41ce - 0.0141 - - 1759265230.059661865 1759265230.073739767 0
Sep 30 20:47:10 standalone object-server[129869]: 172.20.0.100 - - [30/Sep/2025:20:47:10 +0000] "GET /d1/716/AUTH_62fcca71cde949759a4314e4ee11741c/gnocchi.12c91a6c-0f55-43b6-a6d6-eb26bc9da320/none_v3" 200 22 "GET http://172.18.0.2:8080/v1/AUTH_62fcca71cde949759a4314e4ee11741c/gnocchi.12c91a6c-0f55-43b6-a6d6-eb26bc9da320/none_v3" "txcaa3dd7ad4a847e5aac0f-0068dc41ce" "proxy-server 20" 0.0008 "-" 25 0
Sep 30 20:47:10 standalone proxy-server[131714]: 172.18.0.2 172.18.0.100 30/Sep/2025/20/47/10 GET /v1/AUTH_62fcca71cde949759a4314e4ee11741c/gnocchi.12c91a6c-0f55-43b6-a6d6-eb26bc9da320/none_v3 HTTP/1.0 200 - python-swiftclient-3.11.1 gAAAAABo3EFYhc4M... - 22 - txcaa3dd7ad4a847e5aac0f-0068dc41ce - 0.0085 - - 1759265230.083736658 1759265230.092218161 0
Sep 30 20:47:10 standalone container-server[129659]: 172.20.0.100 - - [30/Sep/2025:20:47:10 +0000] "GET /d1/773/AUTH_62fcca71cde949759a4314e4ee11741c/gnocchi.12c91a6c-0f55-43b6-a6d6-eb26bc9da320" 200 357 "GET http://172.18.0.2:8080/v1/AUTH_62fcca71cde949759a4314e4ee11741c/gnocchi.12c91a6c-0f55-43b6-a6d6-eb26bc9da320?format=json&states=listing" "tx9553fc20f8174c1ba117c-0068dc41ce" "proxy-server 20" 0.0070 "-" 22 0
Sep 30 20:47:10 standalone proxy-server[131714]: 172.18.0.2 172.18.0.100 30/Sep/2025/20/47/10 GET /v1/AUTH_62fcca71cde949759a4314e4ee11741c/gnocchi.12c91a6c-0f55-43b6-a6d6-eb26bc9da320%3Fformat%3Djson%26states%3Dlisting HTTP/1.0 200 - python-swiftclient-3.11.1 gAAAAABo3EFYhc4M... - 357 - tx9553fc20f8174c1ba117c-0068dc41ce - 0.0152 - - 1759265230.095893621 1759265230.111046076 0
Sep 30 20:47:10 standalone container-server[129643]: 172.20.0.100 - - [30/Sep/2025:20:47:10 +0000] "GET /d1/773/AUTH_62fcca71cde949759a4314e4ee11741c/gnocchi.12c91a6c-0f55-43b6-a6d6-eb26bc9da320" 200 2 "GET http://172.18.0.2:8080/v1/AUTH_62fcca71cde949759a4314e4ee11741c/gnocchi.12c91a6c-0f55-43b6-a6d6-eb26bc9da320?format=json&marker=none_v3&states=listing" "txfd1a00ee128f430dbed67-0068dc41ce" "proxy-server 20" 0.0034 "-" 20 0
Sep 30 20:47:10 standalone proxy-server[131714]: 172.18.0.2 172.18.0.100 30/Sep/2025/20/47/10 GET /v1/AUTH_62fcca71cde949759a4314e4ee11741c/gnocchi.12c91a6c-0f55-43b6-a6d6-eb26bc9da320%3Fformat%3Djson%26marker%3Dnone_v3%26states%3Dlisting HTTP/1.0 200 - python-swiftclient-3.11.1 gAAAAABo3EFYhc4M... - 2 - txfd1a00ee128f430dbed67-0068dc41ce - 0.0113 - - 1759265230.114298820 1759265230.125567436 0
Sep 30 20:47:10 standalone object-server[129865]: 172.20.0.100 - - [30/Sep/2025:20:47:10 +0000] "GET /d1/968/AUTH_62fcca71cde949759a4314e4ee11741c/gnocchi.12c91a6c-0f55-43b6-a6d6-eb26bc9da320/1758240000.0_mean_300.0_v3" 200 16 "GET http://172.18.0.2:8080/v1/AUTH_62fcca71cde949759a4314e4ee11741c/gnocchi.12c91a6c-0f55-43b6-a6d6-eb26bc9da320/1758240000.0_mean_300.0_v3" "tx049c3f93d43442df83923-0068dc41ce" "proxy-server 20" 0.0005 "-" 23 0
Sep 30 20:47:10 standalone proxy-server[131714]: 172.18.0.2 172.18.0.100 30/Sep/2025/20/47/10 GET /v1/AUTH_62fcca71cde949759a4314e4ee11741c/gnocchi.12c91a6c-0f55-43b6-a6d6-eb26bc9da320/1758240000.0_mean_300.0_v3 HTTP/1.0 200 - python-swiftclient-3.11.1 gAAAAABo3EFYhc4M... - 16 - tx049c3f93d43442df83923-0068dc41ce - 0.0075 - - 1759265230.129457235 1759265230.136910915 0
Sep 30 20:47:10 standalone container-server[129659]: 172.20.0.100 - - [30/Sep/2025:20:47:10 +0000] "PUT /d1/773/AUTH_62fcca71cde949759a4314e4ee11741c/gnocchi.12c91a6c-0f55-43b6-a6d6-eb26bc9da320/1758240000.0_mean_300.0_v3" 201 - "PUT http://172.18.0.2:8080/d1/968/AUTH_62fcca71cde949759a4314e4ee11741c/gnocchi.12c91a6c-0f55-43b6-a6d6-eb26bc9da320/1758240000.0_mean_300.0_v3" "txbb4be114fae8416ca1c3a-0068dc41ce" "object-server 25" 0.0006 "-" 22 0
Sep 30 20:47:10 standalone object-server[129869]: 172.20.0.100 - - [30/Sep/2025:20:47:10 +0000] "PUT /d1/968/AUTH_62fcca71cde949759a4314e4ee11741c/gnocchi.12c91a6c-0f55-43b6-a6d6-eb26bc9da320/1758240000.0_mean_300.0_v3" 201 - "PUT http://172.18.0.2:8080/v1/AUTH_62fcca71cde949759a4314e4ee11741c/gnocchi.12c91a6c-0f55-43b6-a6d6-eb26bc9da320/1758240000.0_mean_300.0_v3" "txbb4be114fae8416ca1c3a-0068dc41ce" "proxy-server 20" 0.0081 "-" 25 0
Sep 30 20:47:10 standalone proxy-server[131714]: 172.18.0.2 172.18.0.100 30/Sep/2025/20/47/10 PUT /v1/AUTH_62fcca71cde949759a4314e4ee11741c/gnocchi.12c91a6c-0f55-43b6-a6d6-eb26bc9da320/1758240000.0_mean_300.0_v3 HTTP/1.0 201 - python-swiftclient-3.11.1 gAAAAABo3EFYhc4M... 16 - - txbb4be114fae8416ca1c3a-0068dc41ce - 0.0196 - - 1759265230.140862465 1759265230.160428047 0
Sep 30 20:47:10 standalone container-server[129632]: 172.20.0.100 - - [30/Sep/2025:20:47:10 +0000] "PUT /d1/773/AUTH_62fcca71cde949759a4314e4ee11741c/gnocchi.12c91a6c-0f55-43b6-a6d6-eb26bc9da320/none_v3" 201 - "PUT http://172.18.0.2:8080/d1/716/AUTH_62fcca71cde949759a4314e4ee11741c/gnocchi.12c91a6c-0f55-43b6-a6d6-eb26bc9da320/none_v3" "tx9184cc82a3614c1882403-0068dc41ce" "object-server 24" 0.0008 "-" 19 0
Sep 30 20:47:10 standalone object-server[129867]: 172.20.0.100 - - [30/Sep/2025:20:47:10 +0000] "PUT /d1/716/AUTH_62fcca71cde949759a4314e4ee11741c/gnocchi.12c91a6c-0f55-43b6-a6d6-eb26bc9da320/none_v3" 201 - "PUT http://172.18.0.2:8080/v1/AUTH_62fcca71cde949759a4314e4ee11741c/gnocchi.12c91a6c-0f55-43b6-a6d6-eb26bc9da320/none_v3" "tx9184cc82a3614c1882403-0068dc41ce" "proxy-server 20" 0.0084 "-" 24 0
Sep 30 20:47:10 standalone proxy-server[131714]: 172.18.0.2 172.18.0.100 30/Sep/2025/20/47/10 PUT /v1/AUTH_62fcca71cde949759a4314e4ee11741c/gnocchi.12c91a6c-0f55-43b6-a6d6-eb26bc9da320/none_v3 HTTP/1.0 201 - python-swiftclient-3.11.1 gAAAAABo3EFYhc4M... 32 - - tx9184cc82a3614c1882403-0068dc41ce - 0.0147 - - 1759265230.163709402 1759265230.178420782 0
Sep 30 20:47:10 standalone object-server[129867]: 172.20.0.100 - - [30/Sep/2025:20:47:10 +0000] "GET /d1/242/AUTH_62fcca71cde949759a4314e4ee11741c/gnocchi.ad1aeace-bdc4-4d26-a0ab-f45fe6ba008b/none_v3" 200 22 "GET http://172.18.0.2:8080/v1/AUTH_62fcca71cde949759a4314e4ee11741c/gnocchi.ad1aeace-bdc4-4d26-a0ab-f45fe6ba008b/none_v3" "tx365aa701faeb435fab06a-0068dc41ce" "proxy-server 20" 0.0007 "-" 24 0
Sep 30 20:47:10 standalone proxy-server[131714]: 172.18.0.2 172.18.0.100 30/Sep/2025/20/47/10 GET /v1/AUTH_62fcca71cde949759a4314e4ee11741c/gnocchi.ad1aeace-bdc4-4d26-a0ab-f45fe6ba008b/none_v3 HTTP/1.0 200 - python-swiftclient-3.11.1 gAAAAABo3EFYhc4M... - 22 - tx365aa701faeb435fab06a-0068dc41ce - 0.0066 - - 1759265230.188050508 1759265230.194609165 0
Sep 30 20:47:10 standalone container-server[129632]: 172.20.0.100 - - [30/Sep/2025:20:47:10 +0000] "GET /d1/190/AUTH_62fcca71cde949759a4314e4ee11741c/gnocchi.ad1aeace-bdc4-4d26-a0ab-f45fe6ba008b" 200 357 "GET http://172.18.0.2:8080/v1/AUTH_62fcca71cde949759a4314e4ee11741c/gnocchi.ad1aeace-bdc4-4d26-a0ab-f45fe6ba008b?format=json&states=listing" "tx8720337e0c4448a38a0ae-0068dc41ce" "proxy-server 20" 0.0090 "-" 19 0
Sep 30 20:47:10 standalone proxy-server[131714]: 172.18.0.2 172.18.0.100 30/Sep/2025/20/47/10 GET /v1/AUTH_62fcca71cde949759a4314e4ee11741c/gnocchi.ad1aeace-bdc4-4d26-a0ab-f45fe6ba008b%3Fformat%3Djson%26states%3Dlisting HTTP/1.0 200 - python-swiftclient-3.11.1 gAAAAABo3EFYhc4M... - 357 - tx8720337e0c4448a38a0ae-0068dc41ce - 0.0159 - - 1759265230.201840878 1759265230.217691898 0
Sep 30 20:47:10 standalone container-server[129643]: 172.20.0.100 - - [30/Sep/2025:20:47:10 +0000] "GET /d1/190/AUTH_62fcca71cde949759a4314e4ee11741c/gnocchi.ad1aeace-bdc4-4d26-a0ab-f45fe6ba008b" 200 2 "GET http://172.18.0.2:8080/v1/AUTH_62fcca71cde949759a4314e4ee11741c/gnocchi.ad1aeace-bdc4-4d26-a0ab-f45fe6ba008b?format=json&marker=none_v3&states=listing" "txc949d881cb54461c8aa61-0068dc41ce" "proxy-server 20" 0.0039 "-" 20 0
Sep 30 20:47:10 standalone proxy-server[131714]: 172.18.0.2 172.18.0.100 30/Sep/2025/20/47/10 GET /v1/AUTH_62fcca71cde949759a4314e4ee11741c/gnocchi.ad1aeace-bdc4-4d26-a0ab-f45fe6ba008b%3Fformat%3Djson%26marker%3Dnone_v3%26states%3Dlisting HTTP/1.0 200 - python-swiftclient-3.11.1 gAAAAABo3EFYhc4M... - 2 - txc949d881cb54461c8aa61-0068dc41ce - 0.0126 - - 1759265230.223695040 1759265230.236266851 0
Sep 30 20:47:10 standalone object-server[129863]: 172.20.0.100 - - [30/Sep/2025:20:47:10 +0000] "GET /d1/237/AUTH_62fcca71cde949759a4314e4ee11741c/gnocchi.ad1aeace-bdc4-4d26-a0ab-f45fe6ba008b/1758240000.0_mean_300.0_v3" 200 16 "GET http://172.18.0.2:8080/v1/AUTH_62fcca71cde949759a4314e4ee11741c/gnocchi.ad1aeace-bdc4-4d26-a0ab-f45fe6ba008b/1758240000.0_mean_300.0_v3" "txd3733bd49ceb4434aef2d-0068dc41ce" "proxy-server 20" 0.0006 "-" 22 0
Sep 30 20:47:10 standalone proxy-server[131714]: 172.18.0.2 172.18.0.100 30/Sep/2025/20/47/10 GET /v1/AUTH_62fcca71cde949759a4314e4ee11741c/gnocchi.ad1aeace-bdc4-4d26-a0ab-f45fe6ba008b/1758240000.0_mean_300.0_v3 HTTP/1.0 200 - python-swiftclient-3.11.1 gAAAAABo3EFYhc4M... - 16 - txd3733bd49ceb4434aef2d-0068dc41ce - 0.0066 - - 1759265230.243727446 1759265230.250345707 0
Sep 30 20:47:10 standalone container-server[129632]: 172.20.0.100 - - [30/Sep/2025:20:47:10 +0000] "PUT /d1/190/AUTH_62fcca71cde949759a4314e4ee11741c/gnocchi.ad1aeace-bdc4-4d26-a0ab-f45fe6ba008b/1758240000.0_mean_300.0_v3" 201 - "PUT http://172.18.0.2:8080/d1/237/AUTH_62fcca71cde949759a4314e4ee11741c/gnocchi.ad1aeace-bdc4-4d26-a0ab-f45fe6ba008b/1758240000.0_mean_300.0_v3" "txf24f909d653a4694b4d12-0068dc41ce" "object-server 25" 0.0008 "-" 19 0
Sep 30 20:47:10 standalone object-server[129869]: 172.20.0.100 - - [30/Sep/2025:20:47:10 +0000] "PUT /d1/237/AUTH_62fcca71cde949759a4314e4ee11741c/gnocchi.ad1aeace-bdc4-4d26-a0ab-f45fe6ba008b/1758240000.0_mean_300.0_v3" 201 - "PUT http://172.18.0.2:8080/v1/AUTH_62fcca71cde949759a4314e4ee11741c/gnocchi.ad1aeace-bdc4-4d26-a0ab-f45fe6ba008b/1758240000.0_mean_300.0_v3" "txf24f909d653a4694b4d12-0068dc41ce" "proxy-server 20" 0.0105 "-" 25 0
Sep 30 20:47:10 standalone proxy-server[131714]: 172.18.0.2 172.18.0.100 30/Sep/2025/20/47/10 PUT /v1/AUTH_62fcca71cde949759a4314e4ee11741c/gnocchi.ad1aeace-bdc4-4d26-a0ab-f45fe6ba008b/1758240000.0_mean_300.0_v3 HTTP/1.0 201 - python-swiftclient-3.11.1 gAAAAABo3EFYhc4M... 16 - - txf24f909d653a4694b4d12-0068dc41ce - 0.0164 - - 1759265230.254514933 1759265230.270871878 0
Sep 30 20:47:10 standalone container-server[129650]: 172.20.0.100 - - [30/Sep/2025:20:47:10 +0000] "PUT /d1/190/AUTH_62fcca71cde949759a4314e4ee11741c/gnocchi.ad1aeace-bdc4-4d26-a0ab-f45fe6ba008b/none_v3" 201 - "PUT http://172.18.0.2:8080/d1/242/AUTH_62fcca71cde949759a4314e4ee11741c/gnocchi.ad1aeace-bdc4-4d26-a0ab-f45fe6ba008b/none_v3" "tx804adf1596ef4e228e58d-0068dc41ce" "object-server 23" 0.0006 "-" 21 0
Sep 30 20:47:10 standalone object-server[129865]: 172.20.0.100 - - [30/Sep/2025:20:47:10 +0000] "PUT /d1/242/AUTH_62fcca71cde949759a4314e4ee11741c/gnocchi.ad1aeace-bdc4-4d26-a0ab-f45fe6ba008b/none_v3" 201 - "PUT http://172.18.0.2:8080/v1/AUTH_62fcca71cde949759a4314e4ee11741c/gnocchi.ad1aeace-bdc4-4d26-a0ab-f45fe6ba008b/none_v3" "tx804adf1596ef4e228e58d-0068dc41ce" "proxy-server 20" 0.0088 "-" 23 0
Sep 30 20:47:10 standalone proxy-server[131714]: 172.18.0.2 172.18.0.100 30/Sep/2025/20/47/10 PUT /v1/AUTH_62fcca71cde949759a4314e4ee11741c/gnocchi.ad1aeace-bdc4-4d26-a0ab-f45fe6ba008b/none_v3 HTTP/1.0 201 - python-swiftclient-3.11.1 gAAAAABo3EFYhc4M... 32 - - tx804adf1596ef4e228e58d-0068dc41ce - 0.0159 - - 1759265230.274184227 1759265230.290130138 0
Sep 30 20:47:13 standalone container-server[129659]: 172.20.0.100 - - [30/Sep/2025:20:47:13 +0000] "HEAD /d1/734/AUTH_62fcca71cde949759a4314e4ee11741c/gnocchi.5422d76a-4373-40f7-8d17-77e9498c2721" 404 - "HEAD http://172.18.0.2:8080/v1/AUTH_62fcca71cde949759a4314e4ee11741c/gnocchi.5422d76a-4373-40f7-8d17-77e9498c2721?format=json&states=listing" "txe9e92246561349f6a33ef-0068dc41d1" "proxy-server 20" 0.0008 "-" 22 0
Sep 30 20:47:13 standalone object-server[129867]: 172.20.0.100 - - [30/Sep/2025:20:47:13 +0000] "GET /d1/225/AUTH_62fcca71cde949759a4314e4ee11741c/gnocchi.5422d76a-4373-40f7-8d17-77e9498c2721/none_v3" 404 70 "GET http://172.18.0.2:8080/v1/AUTH_62fcca71cde949759a4314e4ee11741c/gnocchi.5422d76a-4373-40f7-8d17-77e9498c2721/none_v3" "txe9e92246561349f6a33ef-0068dc41d1" "proxy-server 20" 0.0005 "-" 24 0
Sep 30 20:47:13 standalone proxy-server[131714]: 172.18.0.2 172.18.0.100 30/Sep/2025/20/47/13 GET /v1/AUTH_62fcca71cde949759a4314e4ee11741c/gnocchi.5422d76a-4373-40f7-8d17-77e9498c2721/none_v3 HTTP/1.0 404 - python-swiftclient-3.11.1 gAAAAABo3EFYhc4M... - 70 - txe9e92246561349f6a33ef-0068dc41d1 - 0.0110 - - 1759265233.599393606 1759265233.610441685 0
Sep 30 20:47:13 standalone account-server[129541]: 172.20.0.100 - - [30/Sep/2025:20:47:13 +0000] "PUT /d1/206/AUTH_62fcca71cde949759a4314e4ee11741c/gnocchi.5422d76a-4373-40f7-8d17-77e9498c2721" 201 - "PUT http://172.20.0.100:6001/d1/734/AUTH_62fcca71cde949759a4314e4ee11741c/gnocchi.5422d76a-4373-40f7-8d17-77e9498c2721" "tx3241492efd994fe9aaa18-0068dc41d1" "container-server 19" 0.0057 "-" 16 0
Sep 30 20:47:13 standalone container-server[129632]: 172.20.0.100 - - [30/Sep/2025:20:47:13 +0000] "PUT /d1/734/AUTH_62fcca71cde949759a4314e4ee11741c/gnocchi.5422d76a-4373-40f7-8d17-77e9498c2721" 201 - "PUT http://172.18.0.2:8080/v1/AUTH_62fcca71cde949759a4314e4ee11741c/gnocchi.5422d76a-4373-40f7-8d17-77e9498c2721" "tx3241492efd994fe9aaa18-0068dc41d1" "proxy-server 20" 0.0160 "-" 19 0
Sep 30 20:47:13 standalone proxy-server[131714]: 172.18.0.2 172.18.0.100 30/Sep/2025/20/47/13 PUT /v1/AUTH_62fcca71cde949759a4314e4ee11741c/gnocchi.5422d76a-4373-40f7-8d17-77e9498c2721 HTTP/1.0 201 - python-swiftclient-3.11.1 gAAAAABo3EFYhc4M... - - - tx3241492efd994fe9aaa18-0068dc41d1 - 0.0212 - - 1759265233.613526583 1759265233.634676933 0
Sep 30 20:47:13 standalone container-server[129643]: 172.20.0.100 - - [30/Sep/2025:20:47:13 +0000] "HEAD /d1/734/AUTH_62fcca71cde949759a4314e4ee11741c/gnocchi.5422d76a-4373-40f7-8d17-77e9498c2721" 204 - "HEAD http://172.18.0.2:8080/v1/AUTH_62fcca71cde949759a4314e4ee11741c/gnocchi.5422d76a-4373-40f7-8d17-77e9498c2721?format=json&states=listing" "txc34764a8fc58485d9f7f5-0068dc41d1" "proxy-server 20" 0.0016 "-" 20 0
Sep 30 20:47:13 standalone proxy-server[131714]: - - 30/Sep/2025/20/47/13 HEAD /v1/AUTH_62fcca71cde949759a4314e4ee11741c/gnocchi.5422d76a-4373-40f7-8d17-77e9498c2721%3Fformat%3Djson%26states%3Dlisting HTTP/1.0 204 - Swift - - - - txc34764a8fc58485d9f7f5-0068dc41d1 - 0.0059 RL - 1759265233.639441967 1759265233.645324707 0
Sep 30 20:47:13 standalone container-server[129650]: 172.20.0.100 - - [30/Sep/2025:20:47:13 +0000] "GET /d1/734/AUTH_62fcca71cde949759a4314e4ee11741c/gnocchi.5422d76a-4373-40f7-8d17-77e9498c2721" 200 2 "GET http://172.18.0.2:8080/v1/AUTH_62fcca71cde949759a4314e4ee11741c/gnocchi.5422d76a-4373-40f7-8d17-77e9498c2721?format=json&states=listing" "txc34764a8fc58485d9f7f5-0068dc41d1" "proxy-server 20" 0.0017 "-" 21 0
Sep 30 20:47:13 standalone proxy-server[131714]: 172.18.0.2 172.18.0.100 30/Sep/2025/20/47/13 GET /v1/AUTH_62fcca71cde949759a4314e4ee11741c/gnocchi.5422d76a-4373-40f7-8d17-77e9498c2721%3Fformat%3Djson%26states%3Dlisting HTTP/1.0 200 - python-swiftclient-3.11.1 gAAAAABo3EFYhc4M... - 2 - txc34764a8fc58485d9f7f5-0068dc41d1 - 0.0167 - - 1759265233.638055563 1759265233.654781103 0
Sep 30 20:47:13 standalone object-server[129865]: 172.20.0.100 - - [30/Sep/2025:20:47:13 +0000] "GET /d1/979/AUTH_62fcca71cde949759a4314e4ee11741c/gnocchi.5422d76a-4373-40f7-8d17-77e9498c2721/1758240000.0_mean_300.0_v3" 404 70 "GET http://172.18.0.2:8080/v1/AUTH_62fcca71cde949759a4314e4ee11741c/gnocchi.5422d76a-4373-40f7-8d17-77e9498c2721/1758240000.0_mean_300.0_v3" "tx0c4a12857e3a4308a81e7-0068dc41d1" "proxy-server 20" 0.0003 "-" 23 0
Sep 30 20:47:13 standalone proxy-server[131714]: 172.18.0.2 172.18.0.100 30/Sep/2025/20/47/13 GET /v1/AUTH_62fcca71cde949759a4314e4ee11741c/gnocchi.5422d76a-4373-40f7-8d17-77e9498c2721/1758240000.0_mean_300.0_v3 HTTP/1.0 404 - python-swiftclient-3.11.1 gAAAAABo3EFYhc4M... - 70 - tx0c4a12857e3a4308a81e7-0068dc41d1 - 0.0069 - - 1759265233.662841797 1759265233.669708014 0
Sep 30 20:47:13 standalone container-server[129643]: 172.20.0.100 - - [30/Sep/2025:20:47:13 +0000] "PUT /d1/734/AUTH_62fcca71cde949759a4314e4ee11741c/gnocchi.5422d76a-4373-40f7-8d17-77e9498c2721/1758240000.0_mean_300.0_v3" 201 - "PUT http://172.18.0.2:8080/d1/979/AUTH_62fcca71cde949759a4314e4ee11741c/gnocchi.5422d76a-4373-40f7-8d17-77e9498c2721/1758240000.0_mean_300.0_v3" "tx1f92c859fb294f508f0e9-0068dc41d1" "object-server 22" 0.0009 "-" 20 0
