Sep 30 20:33:09 standalone account-server[129305]: Starting 2
Sep 30 20:33:09 standalone account-server[129289]: Started child 14 from parent 2
Sep 30 20:33:09 standalone account-server[129289]: Started child 15 from parent 2
Sep 30 20:33:09 standalone account-server[129289]: Started child 16 from parent 2
Sep 30 20:33:09 standalone account-server[129289]: Started child 17 from parent 2
Sep 30 20:33:09 standalone container-server[129465]: Starting 2
Sep 30 20:33:09 standalone container-server[129449]: Option allow_versions is deprecated. Configure the versioned_writes middleware in the proxy-server instead. This option will be ignored in a future release.
Sep 30 20:33:09 standalone container-server[129632]: Option allow_versions is deprecated. Configure the versioned_writes middleware in the proxy-server instead. This option will be ignored in a future release.
Sep 30 20:33:09 standalone container-server[129449]: Started child 19 from parent 2
Sep 30 20:33:09 standalone container-server[129643]: Option allow_versions is deprecated. Configure the versioned_writes middleware in the proxy-server instead. This option will be ignored in a future release.
Sep 30 20:33:09 standalone container-server[129449]: Started child 20 from parent 2
Sep 30 20:33:09 standalone container-server[129650]: Option allow_versions is deprecated. Configure the versioned_writes middleware in the proxy-server instead. This option will be ignored in a future release.
Sep 30 20:33:09 standalone container-server[129449]: Started child 21 from parent 2
Sep 30 20:33:09 standalone container-server[129659]: Option allow_versions is deprecated. Configure the versioned_writes middleware in the proxy-server instead. This option will be ignored in a future release.
Sep 30 20:33:09 standalone container-server[129449]: Started child 22 from parent 2
Sep 30 20:33:10 standalone object-expirer[129698]: Starting 2
Sep 30 20:33:10 standalone object-expirer[129698]: Option auto_create_account_prefix is deprecated. Configure auto_create_account_prefix under the swift-constraints section of swift.conf. This option will be ignored in a future release.
Sep 30 20:33:10 standalone object-server[129762]: Starting 2
Sep 30 20:33:10 standalone object-server[129728]: Started child 22 from parent 2
Sep 30 20:33:10 standalone object-server[129728]: Started child 23 from parent 2
Sep 30 20:33:10 standalone object-server[129728]: Started child 24 from parent 2
Sep 30 20:33:10 standalone object-server[129728]: Started child 25 from parent 2
Sep 30 20:33:16 standalone proxy-server[131448]: Starting Keystone auth_token middleware
Sep 30 20:33:16 standalone proxy-server[131448]: AuthToken middleware is set with keystone_authtoken.service_token_roles_required set to False. This is backwards compatible but deprecated behaviour. Please set this to True.
Sep 30 20:33:16 standalone proxy-server[131714]: Starting Keystone auth_token middleware
Sep 30 20:33:16 standalone proxy-server[131714]: STDERR: The option "bind_port" is not known to keystonemiddleware
Sep 30 20:33:16 standalone proxy-server[131714]: STDERR: The option "workers" is not known to keystonemiddleware
Sep 30 20:33:16 standalone proxy-server[131714]: STDERR: The option "user" is not known to keystonemiddleware
Sep 30 20:33:16 standalone proxy-server[131714]: STDERR: The option "bind_ip" is not known to keystonemiddleware
Sep 30 20:33:16 standalone proxy-server[131714]: STDERR: The option "log_name" is not known to keystonemiddleware
Sep 30 20:33:16 standalone proxy-server[131714]: STDERR: The option "log_facility" is not known to keystonemiddleware
Sep 30 20:33:16 standalone proxy-server[131714]: STDERR: The option "log_level" is not known to keystonemiddleware
Sep 30 20:33:16 standalone proxy-server[131714]: STDERR: The option "log_headers" is not known to keystonemiddleware
Sep 30 20:33:16 standalone proxy-server[131714]: STDERR: The option "log_address" is not known to keystonemiddleware
Sep 30 20:33:16 standalone proxy-server[131714]: STDERR: The option "project_name" is not known to keystonemiddleware
Sep 30 20:33:16 standalone proxy-server[131714]: STDERR: The option "username" is not known to keystonemiddleware
Sep 30 20:33:16 standalone proxy-server[131714]: STDERR: The option "password" is not known to keystonemiddleware
Sep 30 20:33:16 standalone proxy-server[131714]: STDERR: The option "auth_url" is not known to keystonemiddleware
Sep 30 20:33:16 standalone proxy-server[131714]: STDERR: The option "signing_dir" is not known to keystonemiddleware
Sep 30 20:33:16 standalone proxy-server[131714]: STDERR: The option "project_domain_id" is not known to keystonemiddleware
Sep 30 20:33:16 standalone proxy-server[131714]: STDERR: The option "user_domain_id" is not known to keystonemiddleware
Sep 30 20:33:16 standalone proxy-server[131714]: STDERR: The option "__name__" is not known to keystonemiddleware
Sep 30 20:33:16 standalone proxy-server[131714]: AuthToken middleware is set with keystone_authtoken.service_token_roles_required set to False. This is backwards compatible but deprecated behaviour. Please set this to True.
Sep 30 20:33:16 standalone proxy-server[131448]: Started child 20 from parent 2
Sep 30 20:34:42 standalone container-server[129465]: Begin container update sweep
Sep 30 20:34:42 standalone container-server[129465]: Container update sweep completed: 0.00s
Sep 30 20:35:26 standalone account-server[129541]: 172.20.0.100 - - [30/Sep/2025:20:35:26 +0000] "HEAD /d1/724/.expiring_objects" 404 - "HEAD http://localhost/v1/.expiring_objects?format=json" "txfed45065168c4aaca4c47-0068dc3f0e" "proxy-server 2" 0.0017 "-" 16 -
Sep 30 20:35:26 standalone object-expirer[129698]: Pass completed in 0s; 0 objects expired (txn: txfed45065168c4aaca4c47-0068dc3f0e)
Sep 30 20:37:05 standalone object-server[129762]: Begin object update sweep
Sep 30 20:37:05 standalone object-server[158372]: Object update sweep starting on /srv/node/d1 (pid: 12)
Sep 30 20:37:05 standalone object-server[158372]: Object update sweep completed on /srv/node/d1 in 0.00s seconds:, 0 successes, 0 failures, 0 quarantines, 0 unlinks, 0 errors, 0 redirects (pid: 12)
Sep 30 20:37:05 standalone object-server[158372]: Object update sweep of d1 completed: 0.00s, 0 successes, 0 failures, 0 quarantines, 0 unlinks, 0 errors, 0 redirects
Sep 30 20:37:05 standalone object-server[129762]: Object update sweep completed: 0.09s
Sep 30 20:39:28 standalone account-server[129530]: 172.20.0.100 - - [30/Sep/2025:20:39:28 +0000] "HEAD /d1/724/.expiring_objects" 404 - "HEAD http://localhost/v1/.expiring_objects?format=json" "txdc58f11480d74a90a60fa-0068dc4000" "proxy-server 2" 0.0017 "-" 14 -
Sep 30 20:39:28 standalone object-expirer[129698]: Pass completed in 0s; 0 objects expired (txn: txdc58f11480d74a90a60fa-0068dc4000)
Sep 30 20:39:42 standalone container-server[129465]: Begin container update sweep
Sep 30 20:39:42 standalone container-server[129465]: Container update sweep completed: 0.00s
Sep 30 20:40:01 standalone account-server[129541]: 172.20.0.100 - - [30/Sep/2025:20:40:01 +0000] "HEAD /d1/724/.expiring_objects" 404 - "HEAD http://localhost/v1/.expiring_objects?format=json" "tx0c6677d935cc4c52a5cef-0068dc4021" "proxy-server 2" 0.0005 "-" 16 -
Sep 30 20:40:01 standalone object-expirer[129698]: Pass completed in 0s; 0 objects expired (txn: tx0c6677d935cc4c52a5cef-0068dc4021)
Sep 30 20:40:05 standalone account-server[129530]: 172.20.0.100 - - [30/Sep/2025:20:40:05 +0000] "HEAD /d1/724/.expiring_objects" 404 - "HEAD http://localhost/v1/.expiring_objects?format=json" "tx867efeedde3a47dbbfd0a-0068dc4025" "proxy-server 2" 0.0006 "-" 14 -
Sep 30 20:40:06 standalone object-expirer[129698]: Pass completed in 0s; 0 objects expired (txn: tx867efeedde3a47dbbfd0a-0068dc4025)
Sep 30 20:41:48 standalone account-server[129530]: 172.20.0.100 - - [30/Sep/2025:20:41:48 +0000] "HEAD /d1/724/.expiring_objects" 404 - "HEAD http://localhost/v1/.expiring_objects?format=json" "tx93a75d31d82c48c9ad2bd-0068dc408c" "proxy-server 2" 0.0006 "-" 14 -
Sep 30 20:41:48 standalone object-expirer[129698]: Pass completed in 0s; 0 objects expired (txn: tx93a75d31d82c48c9ad2bd-0068dc408c)
Sep 30 20:42:05 standalone object-server[129762]: Begin object update sweep
Sep 30 20:42:05 standalone object-server[200513]: Object update sweep starting on /srv/node/d1 (pid: 13)
Sep 30 20:42:05 standalone object-server[200513]: Object update sweep completed on /srv/node/d1 in 0.00s seconds:, 0 successes, 0 failures, 0 quarantines, 0 unlinks, 0 errors, 0 redirects (pid: 13)
Sep 30 20:42:05 standalone object-server[200513]: Object update sweep of d1 completed: 0.00s, 0 successes, 0 failures, 0 quarantines, 0 unlinks, 0 errors, 0 redirects
Sep 30 20:42:05 standalone object-server[129762]: Object update sweep completed: 0.10s
Sep 30 20:42:14 standalone account-server[129550]: 172.20.0.100 - - [30/Sep/2025:20:42:14 +0000] "HEAD /d1/724/.expiring_objects" 404 - "HEAD http://localhost/v1/.expiring_objects?format=json" "txe93979ea515b4e06aa1b8-0068dc40a6" "proxy-server 2" 0.0015 "-" 17 -
Sep 30 20:42:14 standalone object-expirer[129698]: Pass completed in 0s; 0 objects expired (txn: txe93979ea515b4e06aa1b8-0068dc40a6)
Sep 30 20:43:51 standalone account-server[129540]: 172.20.0.100 - - [30/Sep/2025:20:43:51 +0000] "HEAD /d1/724/.expiring_objects" 404 - "HEAD http://localhost/v1/.expiring_objects?format=json" "tx6c37a11027124452bb530-0068dc4107" "proxy-server 2" 0.0023 "-" 15 -
Sep 30 20:43:51 standalone object-expirer[129698]: Pass completed in 0s; 0 objects expired (txn: tx6c37a11027124452bb530-0068dc4107)
Sep 30 20:44:42 standalone container-server[129465]: Begin container update sweep
Sep 30 20:44:42 standalone container-server[129465]: Container update sweep completed: 0.00s
Sep 30 20:45:13 standalone account-server[129550]: 172.20.0.100 - - [30/Sep/2025:20:45:13 +0000] "HEAD /d1/206/AUTH_62fcca71cde949759a4314e4ee11741c" 404 - "HEAD http://172.18.0.2:8080/v1/AUTH_62fcca71cde949759a4314e4ee11741c?format=json" "tx7d76c3deed954cb4b47b4-0068dc4159" "proxy-server 20" 0.0006 "-" 17 -
Sep 30 20:45:13 standalone proxy-server[131714]: - - 30/Sep/2025/20/45/13 HEAD /v1/AUTH_62fcca71cde949759a4314e4ee11741c%3Fformat%3Djson HTTP/1.0 200 - Swift - - - - tx7d76c3deed954cb4b47b4-0068dc4159 - 0.0076 RL - 1759265113.016985416 1759265113.024552345 -
Sep 30 20:45:13 standalone object-server[129865]: 172.20.0.100 - - [30/Sep/2025:20:45:13 +0000] "GET /d1/869/AUTH_62fcca71cde949759a4314e4ee11741c/gnocchi.cd0e26e1-d21f-43e0-bc83-439ae7f00beb/none_v3" 404 70 "GET http://172.18.0.2:8080/v1/AUTH_62fcca71cde949759a4314e4ee11741c/gnocchi.cd0e26e1-d21f-43e0-bc83-439ae7f00beb/none_v3" "tx7d76c3deed954cb4b47b4-0068dc4159" "proxy-server 20" 0.0008 "-" 23 0
Sep 30 20:45:13 standalone proxy-server[131714]: 172.18.0.2 172.18.0.100 30/Sep/2025/20/45/13 GET /v1/AUTH_62fcca71cde949759a4314e4ee11741c/gnocchi.cd0e26e1-d21f-43e0-bc83-439ae7f00beb/none_v3 HTTP/1.0 404 - python-swiftclient-3.11.1 gAAAAABo3EFYhc4M... - 70 - tx7d76c3deed954cb4b47b4-0068dc4159 - 0.3720 - - 1759265113.011814356 1759265113.383774519 0
Sep 30 20:45:13 standalone account-server[129530]: 172.20.0.100 - - [30/Sep/2025:20:45:13 +0000] "PUT /d1/206/AUTH_62fcca71cde949759a4314e4ee11741c" 201 - "-" "txf76cbea4789d446da9d1b-0068dc4159" "-" 0.0189 "-" 14 -
Sep 30 20:45:13 standalone proxy-server[131714]: autocreate account '/AUTH_62fcca71cde949759a4314e4ee11741c' (txn: txf76cbea4789d446da9d1b-0068dc4159)
Sep 30 20:45:13 standalone account-server[129540]: 172.20.0.100 - - [30/Sep/2025:20:45:13 +0000] "HEAD /d1/206/AUTH_62fcca71cde949759a4314e4ee11741c" 204 - "HEAD http://172.18.0.2:8080/v1/AUTH_62fcca71cde949759a4314e4ee11741c?format=json" "txf76cbea4789d446da9d1b-0068dc4159" "proxy-server 20" 0.0022 "-" 15 -
Sep 30 20:45:13 standalone account-server[129541]: 172.20.0.100 - - [30/Sep/2025:20:45:13 +0000] "PUT /d1/206/AUTH_62fcca71cde949759a4314e4ee11741c/gnocchi.cd0e26e1-d21f-43e0-bc83-439ae7f00beb" 201 - "PUT http://172.20.0.100:6001/d1/108/AUTH_62fcca71cde949759a4314e4ee11741c/gnocchi.cd0e26e1-d21f-43e0-bc83-439ae7f00beb" "txf76cbea4789d446da9d1b-0068dc4159" "container-server 21" 0.0021 "-" 16 0
Sep 30 20:45:13 standalone container-server[129650]: 172.20.0.100 - - [30/Sep/2025:20:45:13 +0000] "PUT /d1/108/AUTH_62fcca71cde949759a4314e4ee11741c/gnocchi.cd0e26e1-d21f-43e0-bc83-439ae7f00beb" 201 - "PUT http://172.18.0.2:8080/v1/AUTH_62fcca71cde949759a4314e4ee11741c/gnocchi.cd0e26e1-d21f-43e0-bc83-439ae7f00beb" "txf76cbea4789d446da9d1b-0068dc4159" "proxy-server 20" 0.0200 "-" 21 0
Sep 30 20:45:13 standalone proxy-server[131714]: 172.18.0.2 172.18.0.100 30/Sep/2025/20/45/13 PUT /v1/AUTH_62fcca71cde949759a4314e4ee11741c/gnocchi.cd0e26e1-d21f-43e0-bc83-439ae7f00beb HTTP/1.0 201 - python-swiftclient-3.11.1 gAAAAABo3EFYhc4M... - - - txf76cbea4789d446da9d1b-0068dc4159 - 0.0559 - - 1759265113.414088488 1759265113.470009565 0
Sep 30 20:45:13 standalone container-server[129643]: 172.20.0.100 - - [30/Sep/2025:20:45:13 +0000] "HEAD /d1/108/AUTH_62fcca71cde949759a4314e4ee11741c/gnocchi.cd0e26e1-d21f-43e0-bc83-439ae7f00beb" 204 - "HEAD http://172.18.0.2:8080/v1/AUTH_62fcca71cde949759a4314e4ee11741c/gnocchi.cd0e26e1-d21f-43e0-bc83-439ae7f00beb?format=json&states=listing" "tx73047c845c584b2e86968-0068dc4159" "proxy-server 20" 0.0031 "-" 20 0
Sep 30 20:45:13 standalone proxy-server[131714]: - - 30/Sep/2025/20/45/13 HEAD /v1/AUTH_62fcca71cde949759a4314e4ee11741c/gnocchi.cd0e26e1-d21f-43e0-bc83-439ae7f00beb%3Fformat%3Djson%26states%3Dlisting HTTP/1.0 204 - Swift - - - - tx73047c845c584b2e86968-0068dc4159 - 0.0063 RL - 1759265113.473664999 1759265113.479996681 0
Sep 30 20:45:13 standalone container-server[129643]: 172.20.0.100 - - [30/Sep/2025:20:45:13 +0000] "GET /d1/108/AUTH_62fcca71cde949759a4314e4ee11741c/gnocchi.cd0e26e1-d21f-43e0-bc83-439ae7f00beb" 200 2 "GET http://172.18.0.2:8080/v1/AUTH_62fcca71cde949759a4314e4ee11741c/gnocchi.cd0e26e1-d21f-43e0-bc83-439ae7f00beb?format=json&states=listing" "tx73047c845c584b2e86968-0068dc4159" "proxy-server 20" 0.0026 "-" 20 0
Sep 30 20:45:13 standalone proxy-server[131714]: 172.18.0.2 172.18.0.100 30/Sep/2025/20/45/13 GET /v1/AUTH_62fcca71cde949759a4314e4ee11741c/gnocchi.cd0e26e1-d21f-43e0-bc83-439ae7f00beb%3Fformat%3Djson%26states%3Dlisting HTTP/1.0 200 - python-swiftclient-3.11.1 gAAAAABo3EFYhc4M... - 2 - tx73047c845c584b2e86968-0068dc4159 - 0.0148 - - 1759265113.472881556 1759265113.487668037 0
Sep 30 20:45:13 standalone object-server[129867]: 172.20.0.100 - - [30/Sep/2025:20:45:13 +0000] "GET /d1/718/AUTH_62fcca71cde949759a4314e4ee11741c/gnocchi.cd0e26e1-d21f-43e0-bc83-439ae7f00beb/1758240000.0_mean_300.0_v3" 404 70 "GET http://172.18.0.2:8080/v1/AUTH_62fcca71cde949759a4314e4ee11741c/gnocchi.cd0e26e1-d21f-43e0-bc83-439ae7f00beb/1758240000.0_mean_300.0_v3" "tx9962c46a97984a87a7546-0068dc4159" "proxy-server 20" 0.0012 "-" 24 0
Sep 30 20:45:13 standalone proxy-server[131714]: 172.18.0.2 172.18.0.100 30/Sep/2025/20/45/13 GET /v1/AUTH_62fcca71cde949759a4314e4ee11741c/gnocchi.cd0e26e1-d21f-43e0-bc83-439ae7f00beb/1758240000.0_mean_300.0_v3 HTTP/1.0 404 - python-swiftclient-3.11.1 gAAAAABo3EFYhc4M... - 70 - tx9962c46a97984a87a7546-0068dc4159 - 0.0064 - - 1759265113.491275311 1759265113.497668266 0
Sep 30 20:45:13 standalone container-server[129632]: 172.20.0.100 - - [30/Sep/2025:20:45:13 +0000] "PUT /d1/108/AUTH_62fcca71cde949759a4314e4ee11741c/gnocchi.cd0e26e1-d21f-43e0-bc83-439ae7f00beb/1758240000.0_mean_300.0_v3" 201 - "PUT http://172.18.0.2:8080/d1/718/AUTH_62fcca71cde949759a4314e4ee11741c/gnocchi.cd0e26e1-d21f-43e0-bc83-439ae7f00beb/1758240000.0_mean_300.0_v3" "tx03a1b3fab4444f7aaf716-0068dc4159" "object-server 24" 0.0012 "-" 19 0
Sep 30 20:45:13 standalone object-server[129867]: 172.20.0.100 - - [30/Sep/2025:20:45:13 +0000] "PUT /d1/718/AUTH_62fcca71cde949759a4314e4ee11741c/gnocchi.cd0e26e1-d21f-43e0-bc83-439ae7f00beb/1758240000.0_mean_300.0_v3" 201 - "PUT http://172.18.0.2:8080/v1/AUTH_62fcca71cde949759a4314e4ee11741c/gnocchi.cd0e26e1-d21f-43e0-bc83-439ae7f00beb/1758240000.0_mean_300.0_v3" "tx03a1b3fab4444f7aaf716-0068dc4159" "proxy-server 20" 0.0216 "-" 24 0
Sep 30 20:45:13 standalone proxy-server[131714]: 172.18.0.2 172.18.0.100 30/Sep/2025/20/45/13 PUT /v1/AUTH_62fcca71cde949759a4314e4ee11741c/gnocchi.cd0e26e1-d21f-43e0-bc83-439ae7f00beb/1758240000.0_mean_300.0_v3 HTTP/1.0 201 - python-swiftclient-3.11.1 gAAAAABo3EFYhc4M... 16 - - tx03a1b3fab4444f7aaf716-0068dc4159 - 0.0264 - - 1759265113.499742031 1759265113.526100397 0
Sep 30 20:45:13 standalone container-server[129643]: 172.20.0.100 - - [30/Sep/2025:20:45:13 +0000] "PUT /d1/108/AUTH_62fcca71cde949759a4314e4ee11741c/gnocchi.cd0e26e1-d21f-43e0-bc83-439ae7f00beb/none_v3" 201 - "PUT http://172.18.0.2:8080/d1/869/AUTH_62fcca71cde949759a4314e4ee11741c/gnocchi.cd0e26e1-d21f-43e0-bc83-439ae7f00beb/none_v3" "txea73025f1b844113b38af-0068dc4159" "object-server 22" 0.0009 "-" 20 0
Sep 30 20:45:13 standalone object-server[129863]: 172.20.0.100 - - [30/Sep/2025:20:45:13 +0000] "PUT /d1/869/AUTH_62fcca71cde949759a4314e4ee11741c/gnocchi.cd0e26e1-d21f-43e0-bc83-439ae7f00beb/none_v3" 201 - "PUT http://172.18.0.2:8080/v1/AUTH_62fcca71cde949759a4314e4ee11741c/gnocchi.cd0e26e1-d21f-43e0-bc83-439ae7f00beb/none_v3" "txea73025f1b844113b38af-0068dc4159" "proxy-server 20" 0.0233 "-" 22 0
Sep 30 20:45:13 standalone proxy-server[131714]: 172.18.0.2 172.18.0.100 30/Sep/2025/20/45/13 PUT /v1/AUTH_62fcca71cde949759a4314e4ee11741c/gnocchi.cd0e26e1-d21f-43e0-bc83-439ae7f00beb/none_v3 HTTP/1.0 201 - python-swiftclient-3.11.1 gAAAAABo3EFYhc4M... 22 - - txea73025f1b844113b38af-0068dc4159 - 0.0280 - - 1759265113.528650761 1759265113.556627274 0
Sep 30 20:45:42 standalone object-server[129865]: 172.20.0.100 - - [30/Sep/2025:20:45:42 +0000] "GET /d1/869/AUTH_62fcca71cde949759a4314e4ee11741c/gnocchi.cd0e26e1-d21f-43e0-bc83-439ae7f00beb/none_v3" 200 22 "GET http://172.18.0.2:8080/v1/AUTH_62fcca71cde949759a4314e4ee11741c/gnocchi.cd0e26e1-d21f-43e0-bc83-439ae7f00beb/none_v3" "tx4b36487f329e472fbebb1-0068dc4176" "proxy-server 20" 0.0010 "-" 23 0
Sep 30 20:45:42 standalone proxy-server[131714]: 172.18.0.2 172.18.0.100 30/Sep/2025/20/45/42 GET /v1/AUTH_62fcca71cde949759a4314e4ee11741c/gnocchi.cd0e26e1-d21f-43e0-bc83-439ae7f00beb/none_v3 HTTP/1.0 200 - python-swiftclient-3.11.1 gAAAAABo3EFYhc4M... - 22 - tx4b36487f329e472fbebb1-0068dc4176 - 0.0130 - - 1759265142.732494116 1759265142.745467663 0
Sep 30 20:45:42 standalone container-server[129659]: 172.20.0.100 - - [30/Sep/2025:20:45:42 +0000] "GET /d1/108/AUTH_62fcca71cde949759a4314e4ee11741c/gnocchi.cd0e26e1-d21f-43e0-bc83-439ae7f00beb" 200 357 "GET http://172.18.0.2:8080/v1/AUTH_62fcca71cde949759a4314e4ee11741c/gnocchi.cd0e26e1-d21f-43e0-bc83-439ae7f00beb?format=json&states=listing" "tx0cffaef69f4344af857b6-0068dc4176" "proxy-server 20" 0.0213 "-" 22 0
Sep 30 20:45:42 standalone proxy-server[131714]: 172.18.0.2 172.18.0.100 30/Sep/2025/20/45/42 GET /v1/AUTH_62fcca71cde949759a4314e4ee11741c/gnocchi.cd0e26e1-d21f-43e0-bc83-439ae7f00beb%3Fformat%3Djson%26states%3Dlisting HTTP/1.0 200 - python-swiftclient-3.11.1 gAAAAABo3EFYhc4M... - 357 - tx0cffaef69f4344af857b6-0068dc4176 - 0.0381 - - 1759265142.748946667 1759265142.787010908 0
Sep 30 20:45:42 standalone container-server[129650]: 172.20.0.100 - - [30/Sep/2025:20:45:42 +0000] "GET /d1/108/AUTH_62fcca71cde949759a4314e4ee11741c/gnocchi.cd0e26e1-d21f-43e0-bc83-439ae7f00beb" 200 2 "GET http://172.18.0.2:8080/v1/AUTH_62fcca71cde949759a4314e4ee11741c/gnocchi.cd0e26e1-d21f-43e0-bc83-439ae7f00beb?format=json&marker=none_v3&states=listing" "txbd5b079336ba4b4aaa938-0068dc4176" "proxy-server 20" 0.0043 "-" 21 0
Sep 30 20:45:42 standalone proxy-server[131714]: 172.18.0.2 172.18.0.100 30/Sep/2025/20/45/42 GET /v1/AUTH_62fcca71cde949759a4314e4ee11741c/gnocchi.cd0e26e1-d21f-43e0-bc83-439ae7f00beb%3Fformat%3Djson%26marker%3Dnone_v3%26states%3Dlisting HTTP/1.0 200 - python-swiftclient-3.11.1 gAAAAABo3EFYhc4M... - 2 - txbd5b079336ba4b4aaa938-0068dc4176 - 0.0103 - - 1759265142.789809704 1759265142.800069809 0
Sep 30 20:45:42 standalone object-server[129867]: 172.20.0.100 - - [30/Sep/2025:20:45:42 +0000] "GET /d1/718/AUTH_62fcca71cde949759a4314e4ee11741c/gnocchi.cd0e26e1-d21f-43e0-bc83-439ae7f00beb/1758240000.0_mean_300.0_v3" 200 16 "GET http://172.18.0.2:8080/v1/AUTH_62fcca71cde949759a4314e4ee11741c/gnocchi.cd0e26e1-d21f-43e0-bc83-439ae7f00beb/1758240000.0_mean_300.0_v3" "txd74fed795f0442e784b37-0068dc4176" "proxy-server 20" 0.0017 "-" 24 0
Sep 30 20:45:42 standalone proxy-server[131714]: 172.18.0.2 172.18.0.100 30/Sep/2025/20/45/42 GET /v1/AUTH_62fcca71cde949759a4314e4ee11741c/gnocchi.cd0e26e1-d21f-43e0-bc83-439ae7f00beb/1758240000.0_mean_300.0_v3 HTTP/1.0 200 - python-swiftclient-3.11.1 gAAAAABo3EFYhc4M... - 16 - txd74fed795f0442e784b37-0068dc4176 - 0.0088 - - 1759265142.803575039 1759265142.812335730 0
Sep 30 20:45:42 standalone container-server[129632]: 172.20.0.100 - - [30/Sep/2025:20:45:42 +0000] "PUT /d1/108/AUTH_62fcca71cde949759a4314e4ee11741c/gnocchi.cd0e26e1-d21f-43e0-bc83-439ae7f00beb/1758240000.0_mean_300.0_v3" 201 - "PUT http://172.18.0.2:8080/d1/718/AUTH_62fcca71cde949759a4314e4ee11741c/gnocchi.cd0e26e1-d21f-43e0-bc83-439ae7f00beb/1758240000.0_mean_300.0_v3" "tx133a5aee08e5440eaba76-0068dc4176" "object-server 24" 0.0009 "-" 19 0
Sep 30 20:45:42 standalone object-server[129867]: 172.20.0.100 - - [30/Sep/2025:20:45:42 +0000] "PUT /d1/718/AUTH_62fcca71cde949759a4314e4ee11741c/gnocchi.cd0e26e1-d21f-43e0-bc83-439ae7f00beb/1758240000.0_mean_300.0_v3" 201 - "PUT http://172.18.0.2:8080/v1/AUTH_62fcca71cde949759a4314e4ee11741c/gnocchi.cd0e26e1-d21f-43e0-bc83-439ae7f00beb/1758240000.0_mean_300.0_v3" "tx133a5aee08e5440eaba76-0068dc4176" "proxy-server 20" 0.0122 "-" 24 0
Sep 30 20:45:42 standalone proxy-server[131714]: 172.18.0.2 172.18.0.100 30/Sep/2025/20/45/42 PUT /v1/AUTH_62fcca71cde949759a4314e4ee11741c/gnocchi.cd0e26e1-d21f-43e0-bc83-439ae7f00beb/1758240000.0_mean_300.0_v3 HTTP/1.0 201 - python-swiftclient-3.11.1 gAAAAABo3EFYhc4M... 16 - - tx133a5aee08e5440eaba76-0068dc4176 - 0.0177 - - 1759265142.815061331 1759265142.832721472 0
Sep 30 20:45:42 standalone container-server[129643]: 172.20.0.100 - - [30/Sep/2025:20:45:42 +0000] "PUT /d1/108/AUTH_62fcca71cde949759a4314e4ee11741c/gnocchi.cd0e26e1-d21f-43e0-bc83-439ae7f00beb/none_v3" 201 - "PUT http://172.18.0.2:8080/d1/869/AUTH_62fcca71cde949759a4314e4ee11741c/gnocchi.cd0e26e1-d21f-43e0-bc83-439ae7f00beb/none_v3" "tx5279e870893d4852bff66-0068dc4176" "object-server 25" 0.0007 "-" 20 0
Sep 30 20:45:42 standalone object-server[129869]: 172.20.0.100 - - [30/Sep/2025:20:45:42 +0000] "PUT /d1/869/AUTH_62fcca71cde949759a4314e4ee11741c/gnocchi.cd0e26e1-d21f-43e0-bc83-439ae7f00beb/none_v3" 201 - "PUT http://172.18.0.2:8080/v1/AUTH_62fcca71cde949759a4314e4ee11741c/gnocchi.cd0e26e1-d21f-43e0-bc83-439ae7f00beb/none_v3" "tx5279e870893d4852bff66-0068dc4176" "proxy-server 20" 0.0236 "-" 25 0
Sep 30 20:45:42 standalone proxy-server[131714]: 172.18.0.2 172.18.0.100 30/Sep/2025/20/45/42 PUT /v1/AUTH_62fcca71cde949759a4314e4ee11741c/gnocchi.cd0e26e1-d21f-43e0-bc83-439ae7f00beb/none_v3 HTTP/1.0 201 - python-swiftclient-3.11.1 gAAAAABo3EFYhc4M... 32 - - tx5279e870893d4852bff66-0068dc4176 - 0.0317 - - 1759265142.836899996 1759265142.868628502 0
Sep 30 20:46:12 standalone container-server[129643]: 172.20.0.100 - - [30/Sep/2025:20:46:12 +0000] "HEAD /d1/967/AUTH_62fcca71cde949759a4314e4ee11741c/gnocchi.6127b7f4-6133-42ef-b2e1-235f95fc01e0" 404 - "HEAD http://172.18.0.2:8080/v1/AUTH_62fcca71cde949759a4314e4ee11741c/gnocchi.6127b7f4-6133-42ef-b2e1-235f95fc01e0?format=json&states=listing" "txb90973de35f24c80b34c8-0068dc4194" "proxy-server 20" 0.0006 "-" 20 0
Sep 30 20:46:12 standalone object-server[129869]: 172.20.0.100 - - [30/Sep/2025:20:46:12 +0000] "GET /d1/250/AUTH_62fcca71cde949759a4314e4ee11741c/gnocchi.6127b7f4-6133-42ef-b2e1-235f95fc01e0/none_v3" 404 70 "GET http://172.18.0.2:8080/v1/AUTH_62fcca71cde949759a4314e4ee11741c/gnocchi.6127b7f4-6133-42ef-b2e1-235f95fc01e0/none_v3" "txb90973de35f24c80b34c8-0068dc4194" "proxy-server 20" 0.0006 "-" 25 0
Sep 30 20:46:12 standalone proxy-server[131714]: 172.18.0.2 172.18.0.100 30/Sep/2025/20/46/12 GET /v1/AUTH_62fcca71cde949759a4314e4ee11741c/gnocchi.6127b7f4-6133-42ef-b2e1-235f95fc01e0/none_v3 HTTP/1.0 404 - python-swiftclient-3.11.1 gAAAAABo3EFYhc4M... - 70 - txb90973de35f24c80b34c8-0068dc4194 - 0.0131 - - 1759265172.064100027 1759265172.077152967 0
Sep 30 20:46:12 standalone account-server[129540]: 172.20.0.100 - - [30/Sep/2025:20:46:12 +0000] "PUT /d1/206/AUTH_62fcca71cde949759a4314e4ee11741c/gnocchi.6127b7f4-6133-42ef-b2e1-235f95fc01e0" 201 - "PUT http://172.20.0.100:6001/d1/967/AUTH_62fcca71cde949759a4314e4ee11741c/gnocchi.6127b7f4-6133-42ef-b2e1-235f95fc01e0" "tx7947e0935fdc4f9f84a45-0068dc4194" "container-server 19" 0.0130 "-" 15 0
Sep 30 20:46:12 standalone container-server[129632]: 172.20.0.100 - - [30/Sep/2025:20:46:12 +0000] "PUT /d1/967/AUTH_62fcca71cde949759a4314e4ee11741c/gnocchi.6127b7f4-6133-42ef-b2e1-235f95fc01e0" 201 - "PUT http://172.18.0.2:8080/v1/AUTH_62fcca71cde949759a4314e4ee11741c/gnocchi.6127b7f4-6133-42ef-b2e1-235f95fc01e0" "tx7947e0935fdc4f9f84a45-0068dc4194" "proxy-server 20" 0.0341 "-" 19 0
Sep 30 20:46:12 standalone proxy-server[131714]: 172.18.0.2 172.18.0.100 30/Sep/2025/20/46/12 PUT /v1/AUTH_62fcca71cde949759a4314e4ee11741c/gnocchi.6127b7f4-6133-42ef-b2e1-235f95fc01e0 HTTP/1.0 201 - python-swiftclient-3.11.1 gAAAAABo3EFYhc4M... - - - tx7947e0935fdc4f9f84a45-0068dc4194 - 0.0412 - - 1759265172.080704927 1759265172.121875048 0
Sep 30 20:46:12 standalone container-server[129643]: 172.20.0.100 - - [30/Sep/2025:20:46:12 +0000] "HEAD /d1/967/AUTH_62fcca71cde949759a4314e4ee11741c/gnocchi.6127b7f4-6133-42ef-b2e1-235f95fc01e0" 204 - "HEAD http://172.18.0.2:8080/v1/AUTH_62fcca71cde949759a4314e4ee11741c/gnocchi.6127b7f4-6133-42ef-b2e1-235f95fc01e0?format=json&states=listing" "txb9c8a30c216c480d8b183-0068dc4194" "proxy-server 20" 0.0015 "-" 20 0
Sep 30 20:46:12 standalone proxy-server[131714]: - - 30/Sep/2025/20/46/12 HEAD /v1/AUTH_62fcca71cde949759a4314e4ee11741c/gnocchi.6127b7f4-6133-42ef-b2e1-235f95fc01e0%3Fformat%3Djson%26states%3Dlisting HTTP/1.0 204 - Swift - - - - txb9c8a30c216c480d8b183-0068dc4194 - 0.0049 RL - 1759265172.126423597 1759265172.131299019 0
Sep 30 20:46:12 standalone container-server[129643]: 172.20.0.100 - - [30/Sep/2025:20:46:12 +0000] "GET /d1/967/AUTH_62fcca71cde949759a4314e4ee11741c/gnocchi.6127b7f4-6133-42ef-b2e1-235f95fc01e0" 200 2 "GET http://172.18.0.2:8080/v1/AUTH_62fcca71cde949759a4314e4ee11741c/gnocchi.6127b7f4-6133-42ef-b2e1-235f95fc01e0?format=json&states=listing" "txb9c8a30c216c480d8b183-0068dc4194" "proxy-server 20" 0.0020 "-" 20 0
Sep 30 20:46:12 standalone proxy-server[131714]: 172.18.0.2 172.18.0.100 30/Sep/2025/20/46/12 GET /v1/AUTH_62fcca71cde949759a4314e4ee11741c/gnocchi.6127b7f4-6133-42ef-b2e1-235f95fc01e0%3Fformat%3Djson%26states%3Dlisting HTTP/1.0 200 - python-swiftclient-3.11.1 gAAAAABo3EFYhc4M... - 2 - txb9c8a30c216c480d8b183-0068dc4194 - 0.0134 - - 1759265172.125375748 1759265172.138736725 0
Sep 30 20:46:12 standalone object-server[129865]: 172.20.0.100 - - [30/Sep/2025:20:46:12 +0000] "GET /d1/807/AUTH_62fcca71cde949759a4314e4ee11741c/gnocchi.6127b7f4-6133-42ef-b2e1-235f95fc01e0/1758240000.0_mean_300.0_v3" 404 70 "GET http://172.18.0.2:8080/v1/AUTH_62fcca71cde949759a4314e4ee11741c/gnocchi.6127b7f4-6133-42ef-b2e1-235f95fc01e0/1758240000.0_mean_300.0_v3" "txb1388b15716f45cabd711-0068dc4194" "proxy-server 20" 0.0005 "-" 23 0
Sep 30 20:46:12 standalone proxy-server[131714]: 172.18.0.2 172.18.0.100 30/Sep/2025/20/46/12 GET /v1/AUTH_62fcca71cde949759a4314e4ee11741c/gnocchi.6127b7f4-6133-42ef-b2e1-235f95fc01e0/1758240000.0_mean_300.0_v3 HTTP/1.0 404 - python-swiftclient-3.11.1 gAAAAABo3EFYhc4M... - 70 - txb1388b15716f45cabd711-0068dc4194 - 0.0055 - - 1759265172.142522812 1759265172.148001432 0
Sep 30 20:46:12 standalone container-server[129659]: 172.20.0.100 - - [30/Sep/2025:20:46:12 +0000] "PUT /d1/967/AUTH_62fcca71cde949759a4314e4ee11741c/gnocchi.6127b7f4-6133-42ef-b2e1-235f95fc01e0/1758240000.0_mean_300.0_v3" 201 - "PUT http://172.18.0.2:8080/d1/807/AUTH_62fcca71cde949759a4314e4ee11741c/gnocchi.6127b7f4-6133-42ef-b2e1-235f95fc01e0/1758240000.0_mean_300.0_v3" "tx37c18a218e4d4f7fa548d-0068dc4194" "object-server 23" 0.0007 "-" 22 0
Sep 30 20:46:12 standalone object-server[129865]: 172.20.0.100 - - [30/Sep/2025:20:46:12 +0000] "PUT /d1/807/AUTH_62fcca71cde949759a4314e4ee11741c/gnocchi.6127b7f4-6133-42ef-b2e1-235f95fc01e0/1758240000.0_mean_300.0_v3" 201 - "PUT http://172.18.0.2:8080/v1/AUTH_62fcca71cde949759a4314e4ee11741c/gnocchi.6127b7f4-6133-42ef-b2e1-235f95fc01e0/1758240000.0_mean_300.0_v3" "tx37c18a218e4d4f7fa548d-0068dc4194" "proxy-server 20" 0.0309 "-" 23 0
Sep 30 20:46:12 standalone proxy-server[131714]: 172.18.0.2 172.18.0.100 30/Sep/2025/20/46/12 PUT /v1/AUTH_62fcca71cde949759a4314e4ee11741c/gnocchi.6127b7f4-6133-42ef-b2e1-235f95fc01e0/1758240000.0_mean_300.0_v3 HTTP/1.0 201 - python-swiftclient-3.11.1 gAAAAABo3EFYhc4M... 16 - - tx37c18a218e4d4f7fa548d-0068dc4194 - 0.0370 - - 1759265172.150903702 1759265172.187910795 0
Sep 30 20:46:12 standalone container-server[129650]: 172.20.0.100 - - [30/Sep/2025:20:46:12 +0000] "PUT /d1/967/AUTH_62fcca71cde949759a4314e4ee11741c/gnocchi.6127b7f4-6133-42ef-b2e1-235f95fc01e0/none_v3" 201 - "PUT http://172.18.0.2:8080/d1/250/AUTH_62fcca71cde949759a4314e4ee11741c/gnocchi.6127b7f4-6133-42ef-b2e1-235f95fc01e0/none_v3" "tx5283615c13a44a848fd10-0068dc4194" "object-server 22" 0.0005 "-" 21 0
Sep 30 20:46:12 standalone object-server[129863]: 172.20.0.100 - - [30/Sep/2025:20:46:12 +0000] "PUT /d1/250/AUTH_62fcca71cde949759a4314e4ee11741c/gnocchi.6127b7f4-6133-42ef-b2e1-235f95fc01e0/none_v3" 201 - "PUT http://172.18.0.2:8080/v1/AUTH_62fcca71cde949759a4314e4ee11741c/gnocchi.6127b7f4-6133-42ef-b2e1-235f95fc01e0/none_v3" "tx5283615c13a44a848fd10-0068dc4194" "proxy-server 20" 0.0237 "-" 22 0
Sep 30 20:46:12 standalone proxy-server[131714]: 172.18.0.2 172.18.0.100 30/Sep/2025/20/46/12 PUT /v1/AUTH_62fcca71cde949759a4314e4ee11741c/gnocchi.6127b7f4-6133-42ef-b2e1-235f95fc01e0/none_v3 HTTP/1.0 201 - python-swiftclient-3.11.1 gAAAAABo3EFYhc4M... 22 - - tx5283615c13a44a848fd10-0068dc4194 - 0.0299 - - 1759265172.190797806 1759265172.220698833 0
Sep 30 20:46:12 standalone container-server[129650]: 172.20.0.100 - - [30/Sep/2025:20:46:12 +0000] "HEAD /d1/438/AUTH_62fcca71cde949759a4314e4ee11741c/gnocchi.c94e38db-bed0-4189-8d39-2256122d69a6" 404 - "HEAD http://172.18.0.2:8080/v1/AUTH_62fcca71cde949759a4314e4ee11741c/gnocchi.c94e38db-bed0-4189-8d39-2256122d69a6?format=json&states=listing" "tx59f2a394aa754db6ac0c3-0068dc4194" "proxy-server 20" 0.0003 "-" 21 0
Sep 30 20:46:12 standalone object-server[129863]: 172.20.0.100 - - [30/Sep/2025:20:46:12 +0000] "GET /d1/402/AUTH_62fcca71cde949759a4314e4ee11741c/gnocchi.c94e38db-bed0-4189-8d39-2256122d69a6/none_v3" 404 70 "GET http://172.18.0.2:8080/v1/AUTH_62fcca71cde949759a4314e4ee11741c/gnocchi.c94e38db-bed0-4189-8d39-2256122d69a6/none_v3" "tx59f2a394aa754db6ac0c3-0068dc4194" "proxy-server 20" 0.0004 "-" 22 0
Sep 30 20:46:12 standalone proxy-server[131714]: 172.18.0.2 172.18.0.100 30/Sep/2025/20/46/12 GET /v1/AUTH_62fcca71cde949759a4314e4ee11741c/gnocchi.c94e38db-bed0-4189-8d39-2256122d69a6/none_v3 HTTP/1.0 404 - python-swiftclient-3.11.1 gAAAAABo3EFYhc4M... - 70 - tx59f2a394aa754db6ac0c3-0068dc4194 - 0.0072 - - 1759265172.231756449 1759265172.238950729 0
Sep 30 20:46:12 standalone account-server[129530]: 172.20.0.100 - - [30/Sep/2025:20:46:12 +0000] "PUT /d1/206/AUTH_62fcca71cde949759a4314e4ee11741c/gnocchi.c94e38db-bed0-4189-8d39-2256122d69a6" 201 - "PUT http://172.20.0.100:6001/d1/438/AUTH_62fcca71cde949759a4314e4ee11741c/gnocchi.c94e38db-bed0-4189-8d39-2256122d69a6" "tx52083af4e6934077bec48-0068dc4194" "container-server 19" 0.0132 "-" 14 0
Sep 30 20:46:12 standalone container-server[129632]: 172.20.0.100 - - [30/Sep/2025:20:46:12 +0000] "PUT /d1/438/AUTH_62fcca71cde949759a4314e4ee11741c/gnocchi.c94e38db-bed0-4189-8d39-2256122d69a6" 201 - "PUT http://172.18.0.2:8080/v1/AUTH_62fcca71cde949759a4314e4ee11741c/gnocchi.c94e38db-bed0-4189-8d39-2256122d69a6" "tx52083af4e6934077bec48-0068dc4194" "proxy-server 20" 0.0289 "-" 19 0
Sep 30 20:46:12 standalone proxy-server[131714]: 172.18.0.2 172.18.0.100 30/Sep/2025/20/46/12 PUT /v1/AUTH_62fcca71cde949759a4314e4ee11741c/gnocchi.c94e38db-bed0-4189-8d39-2256122d69a6 HTTP/1.0 201 - python-swiftclient-3.11.1 gAAAAABo3EFYhc4M... - - - tx52083af4e6934077bec48-0068dc4194 - 0.0339 - - 1759265172.241140842 1759265172.275002718 0
Sep 30 20:46:12 standalone container-server[129650]: 172.20.0.100 - - [30/Sep/2025:20:46:12 +0000] "HEAD /d1/438/AUTH_62fcca71cde949759a4314e4ee11741c/gnocchi.c94e38db-bed0-4189-8d39-2256122d69a6" 204 - "HEAD http://172.18.0.2:8080/v1/AUTH_62fcca71cde949759a4314e4ee11741c/gnocchi.c94e38db-bed0-4189-8d39-2256122d69a6?format=json&states=listing" "txfd8f7339b04345a3ac58f-0068dc4194" "proxy-server 20" 0.0011 "-" 21 0
Sep 30 20:46:12 standalone proxy-server[131714]: - - 30/Sep/2025/20/46/12 HEAD /v1/AUTH_62fcca71cde949759a4314e4ee11741c/gnocchi.c94e38db-bed0-4189-8d39-2256122d69a6%3Fformat%3Djson%26states%3Dlisting HTTP/1.0 204 - Swift - - - - txfd8f7339b04345a3ac58f-0068dc4194 - 0.0034 RL - 1759265172.279183626 1759265172.282570124 0
Sep 30 20:46:12 standalone container-server[129643]: 172.20.0.100 - - [30/Sep/2025:20:46:12 +0000] "GET /d1/438/AUTH_62fcca71cde949759a4314e4ee11741c/gnocchi.c94e38db-bed0-4189-8d39-2256122d69a6" 200 2 "GET http://172.18.0.2:8080/v1/AUTH_62fcca71cde949759a4314e4ee11741c/gnocchi.c94e38db-bed0-4189-8d39-2256122d69a6?format=json&states=listing" "txfd8f7339b04345a3ac58f-0068dc4194" "proxy-server 20" 0.0022 "-" 20 0
Sep 30 20:46:12 standalone proxy-server[131714]: 172.18.0.2 172.18.0.100 30/Sep/2025/20/46/12 GET /v1/AUTH_62fcca71cde949759a4314e4ee11741c/gnocchi.c94e38db-bed0-4189-8d39-2256122d69a6%3Fformat%3Djson%26states%3Dlisting HTTP/1.0 200 - python-swiftclient-3.11.1 gAAAAABo3EFYhc4M... - 2 - txfd8f7339b04345a3ac58f-0068dc4194 - 0.0112 - - 1759265172.278272867 1759265172.289486408 0
Sep 30 20:46:12 standalone object-server[129867]: 172.20.0.100 - - [30/Sep/2025:20:46:12 +0000] "GET /d1/891/AUTH_62fcca71cde949759a4314e4ee11741c/gnocchi.c94e38db-bed0-4189-8d39-2256122d69a6/1758240000.0_mean_300.0_v3" 404 70 "GET http://172.18.0.2:8080/v1/AUTH_62fcca71cde949759a4314e4ee11741c/gnocchi.c94e38db-bed0-4189-8d39-2256122d69a6/1758240000.0_mean_300.0_v3" "tx2e9ccdb962bb4f5bb134c-0068dc4194" "proxy-server 20" 0.0005 "-" 24 0
Sep 30 20:46:12 standalone proxy-server[131714]: 172.18.0.2 172.18.0.100 30/Sep/2025/20/46/12 GET /v1/AUTH_62fcca71cde949759a4314e4ee11741c/gnocchi.c94e38db-bed0-4189-8d39-2256122d69a6/1758240000.0_mean_300.0_v3 HTTP/1.0 404 - python-swiftclient-3.11.1 gAAAAABo3EFYhc4M... - 70 - tx2e9ccdb962bb4f5bb134c-0068dc4194 - 0.0055 - - 1759265172.293736219 1759265172.299247503 0
Sep 30 20:46:12 standalone container-server[129632]: 172.20.0.100 - - [30/Sep/2025:20:46:12 +0000] "PUT /d1/438/AUTH_62fcca71cde949759a4314e4ee11741c/gnocchi.c94e38db-bed0-4189-8d39-2256122d69a6/1758240000.0_mean_300.0_v3" 201 - "PUT http://172.18.0.2:8080/d1/891/AUTH_62fcca71cde949759a4314e4ee11741c/gnocchi.c94e38db-bed0-4189-8d39-2256122d69a6/1758240000.0_mean_300.0_v3" "txc21c2d71a18c436999f9b-0068dc4194" "object-server 23" 0.0013 "-" 19 0
Sep 30 20:46:12 standalone object-server[129865]: 172.20.0.100 - - [30/Sep/2025:20:46:12 +0000] "PUT /d1/891/AUTH_62fcca71cde949759a4314e4ee11741c/gnocchi.c94e38db-bed0-4189-8d39-2256122d69a6/1758240000.0_mean_300.0_v3" 201 - "PUT http://172.18.0.2:8080/v1/AUTH_62fcca71cde949759a4314e4ee11741c/gnocchi.c94e38db-bed0-4189-8d39-2256122d69a6/1758240000.0_mean_300.0_v3" "txc21c2d71a18c436999f9b-0068dc4194" "proxy-server 20" 0.0119 "-" 23 0
Sep 30 20:46:12 standalone proxy-server[131714]: 172.18.0.2 172.18.0.100 30/Sep/2025/20/46/12 PUT /v1/AUTH_62fcca71cde949759a4314e4ee11741c/gnocchi.c94e38db-bed0-4189-8d39-2256122d69a6/1758240000.0_mean_300.0_v3 HTTP/1.0 201 - python-swiftclient-3.11.1 gAAAAABo3EFYhc4M... 16 - - txc21c2d71a18c436999f9b-0068dc4194 - 0.0169 - - 1759265172.302725792 1759265172.319669008 0
Sep 30 20:46:12 standalone container-server[129643]: 172.20.0.100 - - [30/Sep/2025:20:46:12 +0000] "PUT /d1/438/AUTH_62fcca71cde949759a4314e4ee11741c/gnocchi.c94e38db-bed0-4189-8d39-2256122d69a6/none_v3" 201 - "PUT http://172.18.0.2:8080/d1/402/AUTH_62fcca71cde949759a4314e4ee11741c/gnocchi.c94e38db-bed0-4189-8d39-2256122d69a6/none_v3" "tx55c5086a86f2408b89a66-0068dc4194" "object-server 25" 0.0008 "-" 20 0
Sep 30 20:46:12 standalone object-server[129869]: 172.20.0.100 - - [30/Sep/2025:20:46:12 +0000] "PUT /d1/402/AUTH_62fcca71cde949759a4314e4ee11741c/gnocchi.c94e38db-bed0-4189-8d39-2256122d69a6/none_v3" 201 - "PUT http://172.18.0.2:8080/v1/AUTH_62fcca71cde949759a4314e4ee11741c/gnocchi.c94e38db-bed0-4189-8d39-2256122d69a6/none_v3" "tx55c5086a86f2408b89a66-0068dc4194" "proxy-server 20" 0.0085 "-" 25 0
Sep 30 20:46:12 standalone proxy-server[131714]: 172.18.0.2 172.18.0.100 30/Sep/2025/20/46/12 PUT /v1/AUTH_62fcca71cde949759a4314e4ee11741c/gnocchi.c94e38db-bed0-4189-8d39-2256122d69a6/none_v3 HTTP/1.0 201 - python-swiftclient-3.11.1 gAAAAABo3EFYhc4M... 22 - - tx55c5086a86f2408b89a66-0068dc4194 - 0.0127 - - 1759265172.322217464 1759265172.334895372 0
Sep 30 20:46:19 standalone account-server[129550]: 172.20.0.100 - - [30/Sep/2025:20:46:19 +0000] "HEAD /d1/206/AUTH_62fcca71cde949759a4314e4ee11741c" 204 - "HEAD http://172.18.0.2:8080/v1/AUTH_62fcca71cde949759a4314e4ee11741c?format=json" "tx0839023dbdc842fbb89af-0068dc419b" "proxy-server 20" 0.0098 "-" 17 -
Sep 30 20:46:19 standalone proxy-server[131714]: - - 30/Sep/2025/20/46/19 HEAD /v1/AUTH_62fcca71cde949759a4314e4ee11741c%3Fformat%3Djson HTTP/1.0 204 - Swift - - - - tx0839023dbdc842fbb89af-0068dc419b - 0.0174 RL - 1759265179.113779545 1759265179.131137133 -
Sep 30 20:46:19 standalone container-server[129650]: 172.20.0.100 - - [30/Sep/2025:20:46:19 +0000] "HEAD /d1/190/AUTH_62fcca71cde949759a4314e4ee11741c/gnocchi.ad1aeace-bdc4-4d26-a0ab-f45fe6ba008b" 404 - "HEAD http://172.18.0.2:8080/v1/AUTH_62fcca71cde949759a4314e4ee11741c/gnocchi.ad1aeace-bdc4-4d26-a0ab-f45fe6ba008b?format=json&states=listing" "tx0839023dbdc842fbb89af-0068dc419b" "proxy-server 20" 0.0009 "-" 21 0
Sep 30 20:46:19 standalone object-server[129865]: 172.20.0.100 - - [30/Sep/2025:20:46:19 +0000] "GET /d1/242/AUTH_62fcca71cde949759a4314e4ee11741c/gnocchi.ad1aeace-bdc4-4d26-a0ab-f45fe6ba008b/none_v3" 404 70 "GET http://172.18.0.2:8080/v1/AUTH_62fcca71cde949759a4314e4ee11741c/gnocchi.ad1aeace-bdc4-4d26-a0ab-f45fe6ba008b/none_v3" "tx0839023dbdc842fbb89af-0068dc419b" "proxy-server 20" 0.0008 "-" 23 0
Sep 30 20:46:19 standalone proxy-server[131714]: 172.18.0.2 172.18.0.100 30/Sep/2025/20/46/19 GET /v1/AUTH_62fcca71cde949759a4314e4ee11741c/gnocchi.ad1aeace-bdc4-4d26-a0ab-f45fe6ba008b/none_v3 HTTP/1.0 404 - python-swiftclient-3.11.1 gAAAAABo3EFYhc4M... - 70 - tx0839023dbdc842fbb89af-0068dc419b - 0.0373 - - 1759265179.112354517 1759265179.149688482 0
Sep 30 20:46:19 standalone account-server[129550]: 172.20.0.100 - - [30/Sep/2025:20:46:19 +0000] "PUT /d1/206/AUTH_62fcca71cde949759a4314e4ee11741c/gnocchi.ad1aeace-bdc4-4d26-a0ab-f45fe6ba008b" 201 - "PUT http://172.20.0.100:6001/d1/190/AUTH_62fcca71cde949759a4314e4ee11741c/gnocchi.ad1aeace-bdc4-4d26-a0ab-f45fe6ba008b" "tx8e191d32c51e4e94b664f-0068dc419b" "container-server 21" 0.0032 "-" 17 0
Sep 30 20:46:19 standalone container-server[129650]: 172.20.0.100 - - [30/Sep/2025:20:46:19 +0000] "PUT /d1/190/AUTH_62fcca71cde949759a4314e4ee11741c/gnocchi.ad1aeace-bdc4-4d26-a0ab-f45fe6ba008b" 201 - "PUT http://172.18.0.2:8080/v1/AUTH_62fcca71cde949759a4314e4ee11741c/gnocchi.ad1aeace-bdc4-4d26-a0ab-f45fe6ba008b" "tx8e191d32c51e4e94b664f-0068dc419b" "proxy-server 20" 0.0177 "-" 21 0
Sep 30 20:46:19 standalone proxy-server[131714]: 172.18.0.2 172.18.0.100 30/Sep/2025/20/46/19 PUT /v1/AUTH_62fcca71cde949759a4314e4ee11741c/gnocchi.ad1aeace-bdc4-4d26-a0ab-f45fe6ba008b HTTP/1.0 201 - python-swiftclient-3.11.1 gAAAAABo3EFYhc4M... - - - tx8e191d32c51e4e94b664f-0068dc419b - 0.0228 - - 1759265179.153160810 1759265179.175972939 0
Sep 30 20:46:19 standalone container-server[129659]: 172.20.0.100 - - [30/Sep/2025:20:46:19 +0000] "HEAD /d1/190/AUTH_62fcca71cde949759a4314e4ee11741c/gnocchi.ad1aeace-bdc4-4d26-a0ab-f45fe6ba008b" 204 - "HEAD http://172.18.0.2:8080/v1/AUTH_62fcca71cde949759a4314e4ee11741c/gnocchi.ad1aeace-bdc4-4d26-a0ab-f45fe6ba008b?format=json&states=listing" "txf548a6a911fb40f0a5ac4-0068dc419b" "proxy-server 20" 0.0019 "-" 22 0
Sep 30 20:46:19 standalone proxy-server[131714]: - - 30/Sep/2025/20/46/19 HEAD /v1/AUTH_62fcca71cde949759a4314e4ee11741c/gnocchi.ad1aeace-bdc4-4d26-a0ab-f45fe6ba008b%3Fformat%3Djson%26states%3Dlisting HTTP/1.0 204 - Swift - - - - txf548a6a911fb40f0a5ac4-0068dc419b - 0.0046 RL - 1759265179.180497646 1759265179.185091734 0
Sep 30 20:46:19 standalone container-server[129632]: 172.20.0.100 - - [30/Sep/2025:20:46:19 +0000] "GET /d1/190/AUTH_62fcca71cde949759a4314e4ee11741c/gnocchi.ad1aeace-bdc4-4d26-a0ab-f45fe6ba008b" 200 2 "GET http://172.18.0.2:8080/v1/AUTH_62fcca71cde949759a4314e4ee11741c/gnocchi.ad1aeace-bdc4-4d26-a0ab-f45fe6ba008b?format=json&states=listing" "txf548a6a911fb40f0a5ac4-0068dc419b" "proxy-server 20" 0.0077 "-" 19 0
Sep 30 20:46:19 standalone proxy-server[131714]: 172.18.0.2 172.18.0.100 30/Sep/2025/20/46/19 GET /v1/AUTH_62fcca71cde949759a4314e4ee11741c/gnocchi.ad1aeace-bdc4-4d26-a0ab-f45fe6ba008b%3Fformat%3Djson%26states%3Dlisting HTTP/1.0 200 - python-swiftclient-3.11.1 gAAAAABo3EFYhc4M... - 2 - txf548a6a911fb40f0a5ac4-0068dc419b - 0.0197 - - 1759265179.179375410 1759265179.199038029 0
Sep 30 20:46:19 standalone object-server[129865]: 172.20.0.100 - - [30/Sep/2025:20:46:19 +0000] "GET /d1/237/AUTH_62fcca71cde949759a4314e4ee11741c/gnocchi.ad1aeace-bdc4-4d26-a0ab-f45fe6ba008b/1758240000.0_mean_300.0_v3" 404 70 "GET http://172.18.0.2:8080/v1/AUTH_62fcca71cde949759a4314e4ee11741c/gnocchi.ad1aeace-bdc4-4d26-a0ab-f45fe6ba008b/1758240000.0_mean_300.0_v3" "tx1f722405e85c42f081ba2-0068dc419b" "proxy-server 20" 0.0006 "-" 23 0
Sep 30 20:46:19 standalone proxy-server[131714]: 172.18.0.2 172.18.0.100 30/Sep/2025/20/46/19 GET /v1/AUTH_62fcca71cde949759a4314e4ee11741c/gnocchi.ad1aeace-bdc4-4d26-a0ab-f45fe6ba008b/1758240000.0_mean_300.0_v3 HTTP/1.0 404 - python-swiftclient-3.11.1 gAAAAABo3EFYhc4M... - 70 - tx1f722405e85c42f081ba2-0068dc419b - 0.0059 - - 1759265179.202761650 1759265179.208647013 0
Sep 30 20:46:19 standalone container-server[129632]: 172.20.0.100 - - [30/Sep/2025:20:46:19 +0000] "PUT /d1/190/AUTH_62fcca71cde949759a4314e4ee11741c/gnocchi.ad1aeace-bdc4-4d26-a0ab-f45fe6ba008b/1758240000.0_mean_300.0_v3" 201 - "PUT http://172.18.0.2:8080/d1/237/AUTH_62fcca71cde949759a4314e4ee11741c/gnocchi.ad1aeace-bdc4-4d26-a0ab-f45fe6ba008b/1758240000.0_mean_300.0_v3" "tx55163e6d2ff94838af956-0068dc419b" "object-server 22" 0.0010 "-" 19 0
Sep 30 20:46:19 standalone object-server[129863]: 172.20.0.100 - - [30/Sep/2025:20:46:19 +0000] "PUT /d1/237/AUTH_62fcca71cde949759a4314e4ee11741c/gnocchi.ad1aeace-bdc4-4d26-a0ab-f45fe6ba008b/1758240000.0_mean_300.0_v3" 201 - "PUT http://172.18.0.2:8080/v1/AUTH_62fcca71cde949759a4314e4ee11741c/gnocchi.ad1aeace-bdc4-4d26-a0ab-f45fe6ba008b/1758240000.0_mean_300.0_v3" "tx55163e6d2ff94838af956-0068dc419b" "proxy-server 20" 0.0142 "-" 22 0
Sep 30 20:46:19 standalone proxy-server[131714]: 172.18.0.2 172.18.0.100 30/Sep/2025/20/46/19 PUT /v1/AUTH_62fcca71cde949759a4314e4ee11741c/gnocchi.ad1aeace-bdc4-4d26-a0ab-f45fe6ba008b/1758240000.0_mean_300.0_v3 HTTP/1.0 201 - python-swiftclient-3.11.1 gAAAAABo3EFYhc4M... 16 - - tx55163e6d2ff94838af956-0068dc419b - 0.0203 - - 1759265179.211995125 1759265179.232275009 0
Sep 30 20:46:19 standalone container-server[129632]: 172.20.0.100 - - [30/Sep/2025:20:46:19 +0000] "PUT /d1/190/AUTH_62fcca71cde949759a4314e4ee11741c/gnocchi.ad1aeace-bdc4-4d26-a0ab-f45fe6ba008b/none_v3" 201 - "PUT http://172.18.0.2:8080/d1/242/AUTH_62fcca71cde949759a4314e4ee11741c/gnocchi.ad1aeace-bdc4-4d26-a0ab-f45fe6ba008b/none_v3" "txf2c75872719f41dc84391-0068dc419b" "object-server 24" 0.0008 "-" 19 0
Sep 30 20:46:19 standalone object-server[129867]: 172.20.0.100 - - [30/Sep/2025:20:46:19 +0000] "PUT /d1/242/AUTH_62fcca71cde949759a4314e4ee11741c/gnocchi.ad1aeace-bdc4-4d26-a0ab-f45fe6ba008b/none_v3" 201 - "PUT http://172.18.0.2:8080/v1/AUTH_62fcca71cde949759a4314e4ee11741c/gnocchi.ad1aeace-bdc4-4d26-a0ab-f45fe6ba008b/none_v3" "txf2c75872719f41dc84391-0068dc419b" "proxy-server 20" 0.0161 "-" 24 0
Sep 30 20:46:19 standalone proxy-server[131714]: 172.18.0.2 172.18.0.100 30/Sep/2025/20/46/19 PUT /v1/AUTH_62fcca71cde949759a4314e4ee11741c/gnocchi.ad1aeace-bdc4-4d26-a0ab-f45fe6ba008b/none_v3 HTTP/1.0 201 - python-swiftclient-3.11.1 gAAAAABo3EFYhc4M... 22 - - txf2c75872719f41dc84391-0068dc419b - 0.0223 - - 1759265179.236253500 1759265179.258548737 0
Sep 30 20:46:19 standalone container-server[129650]: 172.20.0.100 - - [30/Sep/2025:20:46:19 +0000] "HEAD /d1/235/AUTH_62fcca71cde949759a4314e4ee11741c/gnocchi.7694af57-8e82-4c98-b8d2-834709f50f97" 404 - "HEAD http://172.18.0.2:8080/v1/AUTH_62fcca71cde949759a4314e4ee11741c/gnocchi.7694af57-8e82-4c98-b8d2-834709f50f97?format=json&states=listing" "txf8242bf920834610aac78-0068dc419b" "proxy-server 20" 0.0008 "-" 21 0
Sep 30 20:46:19 standalone object-server[129865]: 172.20.0.100 - - [30/Sep/2025:20:46:19 +0000] "GET /d1/912/AUTH_62fcca71cde949759a4314e4ee11741c/gnocchi.7694af57-8e82-4c98-b8d2-834709f50f97/none_v3" 404 70 "GET http://172.18.0.2:8080/v1/AUTH_62fcca71cde949759a4314e4ee11741c/gnocchi.7694af57-8e82-4c98-b8d2-834709f50f97/none_v3" "txf8242bf920834610aac78-0068dc419b" "proxy-server 20" 0.0007 "-" 23 0
Sep 30 20:46:19 standalone proxy-server[131714]: 172.18.0.2 172.18.0.100 30/Sep/2025/20/46/19 GET /v1/AUTH_62fcca71cde949759a4314e4ee11741c/gnocchi.7694af57-8e82-4c98-b8d2-834709f50f97/none_v3 HTTP/1.0 404 - python-swiftclient-3.11.1 gAAAAABo3EFYhc4M... - 70 - txf8242bf920834610aac78-0068dc419b - 0.0113 - - 1759265179.288863182 1759265179.300174475 0
Sep 30 20:46:19 standalone account-server[129540]: 172.20.0.100 - - [30/Sep/2025:20:46:19 +0000] "PUT /d1/206/AUTH_62fcca71cde949759a4314e4ee11741c/gnocchi.7694af57-8e82-4c98-b8d2-834709f50f97" 201 - "PUT http://172.20.0.100:6001/d1/235/AUTH_62fcca71cde949759a4314e4ee11741c/gnocchi.7694af57-8e82-4c98-b8d2-834709f50f97" "tx695588b05fe544989bb5e-0068dc419b" "container-server 20" 0.0072 "-" 15 0
Sep 30 20:46:19 standalone container-server[129643]: 172.20.0.100 - - [30/Sep/2025:20:46:19 +0000] "PUT /d1/235/AUTH_62fcca71cde949759a4314e4ee11741c/gnocchi.7694af57-8e82-4c98-b8d2-834709f50f97" 201 - "PUT http://172.18.0.2:8080/v1/AUTH_62fcca71cde949759a4314e4ee11741c/gnocchi.7694af57-8e82-4c98-b8d2-834709f50f97" "tx695588b05fe544989bb5e-0068dc419b" "proxy-server 20" 0.0244 "-" 20 0
Sep 30 20:46:19 standalone proxy-server[131714]: 172.18.0.2 172.18.0.100 30/Sep/2025/20/46/19 PUT /v1/AUTH_62fcca71cde949759a4314e4ee11741c/gnocchi.7694af57-8e82-4c98-b8d2-834709f50f97 HTTP/1.0 201 - python-swiftclient-3.11.1 gAAAAABo3EFYhc4M... - - - tx695588b05fe544989bb5e-0068dc419b - 0.0297 - - 1759265179.303589344 1759265179.333335638 0
Sep 30 20:46:19 standalone container-server[129659]: 172.20.0.100 - - [30/Sep/2025:20:46:19 +0000] "HEAD /d1/235/AUTH_62fcca71cde949759a4314e4ee11741c/gnocchi.7694af57-8e82-4c98-b8d2-834709f50f97" 204 - "HEAD http://172.18.0.2:8080/v1/AUTH_62fcca71cde949759a4314e4ee11741c/gnocchi.7694af57-8e82-4c98-b8d2-834709f50f97?format=json&states=listing" "txa9ff363b37b3449195832-0068dc419b" "proxy-server 20" 0.0017 "-" 22 0
Sep 30 20:46:19 standalone proxy-server[131714]: - - 30/Sep/2025/20/46/19 HEAD /v1/AUTH_62fcca71cde949759a4314e4ee11741c/gnocchi.7694af57-8e82-4c98-b8d2-834709f50f97%3Fformat%3Djson%26states%3Dlisting HTTP/1.0 204 - Swift - - - - txa9ff363b37b3449195832-0068dc419b - 0.0046 RL - 1759265179.338081121 1759265179.342675686 0
Sep 30 20:46:19 standalone container-server[129659]: 172.20.0.100 - - [30/Sep/2025:20:46:19 +0000] "GET /d1/235/AUTH_62fcca71cde949759a4314e4ee11741c/gnocchi.7694af57-8e82-4c98-b8d2-834709f50f97" 200 2 "GET http://172.18.0.2:8080/v1/AUTH_62fcca71cde949759a4314e4ee11741c/gnocchi.7694af57-8e82-4c98-b8d2-834709f50f97?format=json&states=listing" "txa9ff363b37b3449195832-0068dc419b" "proxy-server 20" 0.0021 "-" 22 0
Sep 30 20:46:19 standalone proxy-server[131714]: 172.18.0.2 172.18.0.100 30/Sep/2025/20/46/19 GET /v1/AUTH_62fcca71cde949759a4314e4ee11741c/gnocchi.7694af57-8e82-4c98-b8d2-834709f50f97%3Fformat%3Djson%26states%3Dlisting HTTP/1.0 200 - python-swiftclient-3.11.1 gAAAAABo3EFYhc4M... - 2 - txa9ff363b37b3449195832-0068dc419b - 0.0454 - - 1759265179.337123394 1759265179.382499218 0
Sep 30 20:46:19 standalone object-server[129865]: 172.20.0.100 - - [30/Sep/2025:20:46:19 +0000] "GET /d1/1023/AUTH_62fcca71cde949759a4314e4ee11741c/gnocchi.7694af57-8e82-4c98-b8d2-834709f50f97/1758240000.0_mean_300.0_v3" 404 70 "GET http://172.18.0.2:8080/v1/AUTH_62fcca71cde949759a4314e4ee11741c/gnocchi.7694af57-8e82-4c98-b8d2-834709f50f97/1758240000.0_mean_300.0_v3" "tx099d3e1402a94558ab32d-0068dc419b" "proxy-server 20" 0.0007 "-" 23 0
Sep 30 20:46:19 standalone proxy-server[131714]: 172.18.0.2 172.18.0.100 30/Sep/2025/20/46/19 GET /v1/AUTH_62fcca71cde949759a4314e4ee11741c/gnocchi.7694af57-8e82-4c98-b8d2-834709f50f97/1758240000.0_mean_300.0_v3 HTTP/1.0 404 - python-swiftclient-3.11.1 gAAAAABo3EFYhc4M... - 70 - tx099d3e1402a94558ab32d-0068dc419b - 0.0083 - - 1759265179.386759281 1759265179.395062208 0
