Sep 30 20:48:08 standalone proxy-server[131714]: 172.18.0.2 172.18.0.100 30/Sep/2025/20/48/08 GET /v1/AUTH_62fcca71cde949759a4314e4ee11741c/gnocchi.bdb8d700-e93a-412b-a4f2-ec9729b3116f/none_v3 HTTP/1.0 404 - python-swiftclient-3.11.1 gAAAAABo3EFYhc4M... - 70 - txd567efab316342009bfcf-0068dc4208 - 0.0121 - - 1759265288.708370447 1759265288.720482826 0
Sep 30 20:48:08 standalone account-server[129540]: 172.20.0.100 - - [30/Sep/2025:20:48:08 +0000] "PUT /d1/206/AUTH_62fcca71cde949759a4314e4ee11741c/gnocchi.bdb8d700-e93a-412b-a4f2-ec9729b3116f" 201 - "PUT http://172.20.0.100:6001/d1/157/AUTH_62fcca71cde949759a4314e4ee11741c/gnocchi.bdb8d700-e93a-412b-a4f2-ec9729b3116f" "tx3cb4d432d6404c82bf06d-0068dc4208" "container-server 21" 0.0060 "-" 15 0
Sep 30 20:48:08 standalone container-server[129650]: 172.20.0.100 - - [30/Sep/2025:20:48:08 +0000] "PUT /d1/157/AUTH_62fcca71cde949759a4314e4ee11741c/gnocchi.bdb8d700-e93a-412b-a4f2-ec9729b3116f" 201 - "PUT http://172.18.0.2:8080/v1/AUTH_62fcca71cde949759a4314e4ee11741c/gnocchi.bdb8d700-e93a-412b-a4f2-ec9729b3116f" "tx3cb4d432d6404c82bf06d-0068dc4208" "proxy-server 20" 0.0192 "-" 21 0
Sep 30 20:48:08 standalone proxy-server[131714]: 172.18.0.2 172.18.0.100 30/Sep/2025/20/48/08 PUT /v1/AUTH_62fcca71cde949759a4314e4ee11741c/gnocchi.bdb8d700-e93a-412b-a4f2-ec9729b3116f HTTP/1.0 201 - python-swiftclient-3.11.1 gAAAAABo3EFYhc4M... - - - tx3cb4d432d6404c82bf06d-0068dc4208 - 0.0258 - - 1759265288.723693132 1759265288.749488592 0
Sep 30 20:48:08 standalone container-server[129632]: 172.20.0.100 - - [30/Sep/2025:20:48:08 +0000] "HEAD /d1/157/AUTH_62fcca71cde949759a4314e4ee11741c/gnocchi.bdb8d700-e93a-412b-a4f2-ec9729b3116f" 204 - "HEAD http://172.18.0.2:8080/v1/AUTH_62fcca71cde949759a4314e4ee11741c/gnocchi.bdb8d700-e93a-412b-a4f2-ec9729b3116f?format=json&states=listing" "tx4a99992aeae64b3bb85c2-0068dc4208" "proxy-server 20" 0.0022 "-" 19 0
Sep 30 20:48:08 standalone proxy-server[131714]: - - 30/Sep/2025/20/48/08 HEAD /v1/AUTH_62fcca71cde949759a4314e4ee11741c/gnocchi.bdb8d700-e93a-412b-a4f2-ec9729b3116f%3Fformat%3Djson%26states%3Dlisting HTTP/1.0 204 - Swift - - - - tx4a99992aeae64b3bb85c2-0068dc4208 - 0.0076 RL - 1759265288.755097151 1759265288.762688160 0
Sep 30 20:48:08 standalone container-server[129650]: 172.20.0.100 - - [30/Sep/2025:20:48:08 +0000] "GET /d1/157/AUTH_62fcca71cde949759a4314e4ee11741c/gnocchi.bdb8d700-e93a-412b-a4f2-ec9729b3116f" 200 2 "GET http://172.18.0.2:8080/v1/AUTH_62fcca71cde949759a4314e4ee11741c/gnocchi.bdb8d700-e93a-412b-a4f2-ec9729b3116f?format=json&states=listing" "tx4a99992aeae64b3bb85c2-0068dc4208" "proxy-server 20" 0.0033 "-" 21 0
Sep 30 20:48:08 standalone proxy-server[131714]: 172.18.0.2 172.18.0.100 30/Sep/2025/20/48/08 GET /v1/AUTH_62fcca71cde949759a4314e4ee11741c/gnocchi.bdb8d700-e93a-412b-a4f2-ec9729b3116f%3Fformat%3Djson%26states%3Dlisting HTTP/1.0 200 - python-swiftclient-3.11.1 gAAAAABo3EFYhc4M... - 2 - tx4a99992aeae64b3bb85c2-0068dc4208 - 0.0221 - - 1759265288.753590345 1759265288.775665522 0
Sep 30 20:48:08 standalone object-server[129869]: 172.20.0.100 - - [30/Sep/2025:20:48:08 +0000] "GET /d1/241/AUTH_62fcca71cde949759a4314e4ee11741c/gnocchi.bdb8d700-e93a-412b-a4f2-ec9729b3116f/1758240000.0_mean_300.0_v3" 404 70 "GET http://172.18.0.2:8080/v1/AUTH_62fcca71cde949759a4314e4ee11741c/gnocchi.bdb8d700-e93a-412b-a4f2-ec9729b3116f/1758240000.0_mean_300.0_v3" "tx93bfb188bb04488ca9eb0-0068dc4208" "proxy-server 20" 0.0005 "-" 25 0
Sep 30 20:48:08 standalone proxy-server[131714]: 172.18.0.2 172.18.0.100 30/Sep/2025/20/48/08 GET /v1/AUTH_62fcca71cde949759a4314e4ee11741c/gnocchi.bdb8d700-e93a-412b-a4f2-ec9729b3116f/1758240000.0_mean_300.0_v3 HTTP/1.0 404 - python-swiftclient-3.11.1 gAAAAABo3EFYhc4M... - 70 - tx93bfb188bb04488ca9eb0-0068dc4208 - 0.0081 - - 1759265288.780161381 1759265288.788220882 0
Sep 30 20:48:08 standalone container-server[129632]: 172.20.0.100 - - [30/Sep/2025:20:48:08 +0000] "PUT /d1/157/AUTH_62fcca71cde949759a4314e4ee11741c/gnocchi.bdb8d700-e93a-412b-a4f2-ec9729b3116f/1758240000.0_mean_300.0_v3" 201 - "PUT http://172.18.0.2:8080/d1/241/AUTH_62fcca71cde949759a4314e4ee11741c/gnocchi.bdb8d700-e93a-412b-a4f2-ec9729b3116f/1758240000.0_mean_300.0_v3" "tx75aa97cfcfbc40c0add8b-0068dc4208" "object-server 22" 0.0008 "-" 19 0
Sep 30 20:48:08 standalone object-server[129863]: 172.20.0.100 - - [30/Sep/2025:20:48:08 +0000] "PUT /d1/241/AUTH_62fcca71cde949759a4314e4ee11741c/gnocchi.bdb8d700-e93a-412b-a4f2-ec9729b3116f/1758240000.0_mean_300.0_v3" 201 - "PUT http://172.18.0.2:8080/v1/AUTH_62fcca71cde949759a4314e4ee11741c/gnocchi.bdb8d700-e93a-412b-a4f2-ec9729b3116f/1758240000.0_mean_300.0_v3" "tx75aa97cfcfbc40c0add8b-0068dc4208" "proxy-server 20" 0.0133 "-" 22 0
Sep 30 20:48:08 standalone proxy-server[131714]: 172.18.0.2 172.18.0.100 30/Sep/2025/20/48/08 PUT /v1/AUTH_62fcca71cde949759a4314e4ee11741c/gnocchi.bdb8d700-e93a-412b-a4f2-ec9729b3116f/1758240000.0_mean_300.0_v3 HTTP/1.0 201 - python-swiftclient-3.11.1 gAAAAABo3EFYhc4M... 16 - - tx75aa97cfcfbc40c0add8b-0068dc4208 - 0.0213 - - 1759265288.792186260 1759265288.813527584 0
Sep 30 20:48:08 standalone container-server[129659]: 172.20.0.100 - - [30/Sep/2025:20:48:08 +0000] "PUT /d1/157/AUTH_62fcca71cde949759a4314e4ee11741c/gnocchi.bdb8d700-e93a-412b-a4f2-ec9729b3116f/none_v3" 201 - "PUT http://172.18.0.2:8080/d1/778/AUTH_62fcca71cde949759a4314e4ee11741c/gnocchi.bdb8d700-e93a-412b-a4f2-ec9729b3116f/none_v3" "txd3deb0077653404fbef1b-0068dc4208" "object-server 25" 0.0009 "-" 22 0
Sep 30 20:48:08 standalone object-server[129869]: 172.20.0.100 - - [30/Sep/2025:20:48:08 +0000] "PUT /d1/778/AUTH_62fcca71cde949759a4314e4ee11741c/gnocchi.bdb8d700-e93a-412b-a4f2-ec9729b3116f/none_v3" 201 - "PUT http://172.18.0.2:8080/v1/AUTH_62fcca71cde949759a4314e4ee11741c/gnocchi.bdb8d700-e93a-412b-a4f2-ec9729b3116f/none_v3" "txd3deb0077653404fbef1b-0068dc4208" "proxy-server 20" 0.0126 "-" 25 0
Sep 30 20:48:08 standalone proxy-server[131714]: 172.18.0.2 172.18.0.100 30/Sep/2025/20/48/08 PUT /v1/AUTH_62fcca71cde949759a4314e4ee11741c/gnocchi.bdb8d700-e93a-412b-a4f2-ec9729b3116f/none_v3 HTTP/1.0 201 - python-swiftclient-3.11.1 gAAAAABo3EFYhc4M... 22 - - txd3deb0077653404fbef1b-0068dc4208 - 0.0220 - - 1759265288.817012548 1759265288.839011908 0
Sep 30 20:48:08 standalone container-server[129632]: 172.20.0.100 - - [30/Sep/2025:20:48:08 +0000] "HEAD /d1/418/AUTH_62fcca71cde949759a4314e4ee11741c/gnocchi.bd9e49eb-7b67-4e22-81c1-dd891f519f70" 404 - "HEAD http://172.18.0.2:8080/v1/AUTH_62fcca71cde949759a4314e4ee11741c/gnocchi.bd9e49eb-7b67-4e22-81c1-dd891f519f70?format=json&states=listing" "tx1c6aff424cc646eb8dbf7-0068dc4208" "proxy-server 20" 0.0005 "-" 19 0
Sep 30 20:48:08 standalone object-server[129865]: 172.20.0.100 - - [30/Sep/2025:20:48:08 +0000] "GET /d1/421/AUTH_62fcca71cde949759a4314e4ee11741c/gnocchi.bd9e49eb-7b67-4e22-81c1-dd891f519f70/none_v3" 404 70 "GET http://172.18.0.2:8080/v1/AUTH_62fcca71cde949759a4314e4ee11741c/gnocchi.bd9e49eb-7b67-4e22-81c1-dd891f519f70/none_v3" "tx1c6aff424cc646eb8dbf7-0068dc4208" "proxy-server 20" 0.0005 "-" 23 0
Sep 30 20:48:08 standalone proxy-server[131714]: 172.18.0.2 172.18.0.100 30/Sep/2025/20/48/08 GET /v1/AUTH_62fcca71cde949759a4314e4ee11741c/gnocchi.bd9e49eb-7b67-4e22-81c1-dd891f519f70/none_v3 HTTP/1.0 404 - python-swiftclient-3.11.1 gAAAAABo3EFYhc4M... - 70 - tx1c6aff424cc646eb8dbf7-0068dc4208 - 0.0138 - - 1759265288.850737333 1759265288.864528179 0
Sep 30 20:48:08 standalone account-server[129541]: 172.20.0.100 - - [30/Sep/2025:20:48:08 +0000] "PUT /d1/206/AUTH_62fcca71cde949759a4314e4ee11741c/gnocchi.bd9e49eb-7b67-4e22-81c1-dd891f519f70" 201 - "PUT http://172.20.0.100:6001/d1/418/AUTH_62fcca71cde949759a4314e4ee11741c/gnocchi.bd9e49eb-7b67-4e22-81c1-dd891f519f70" "tx37a05d87ec9b4cd88d245-0068dc4208" "container-server 20" 0.0057 "-" 16 0
Sep 30 20:48:08 standalone container-server[129643]: 172.20.0.100 - - [30/Sep/2025:20:48:08 +0000] "PUT /d1/418/AUTH_62fcca71cde949759a4314e4ee11741c/gnocchi.bd9e49eb-7b67-4e22-81c1-dd891f519f70" 201 - "PUT http://172.18.0.2:8080/v1/AUTH_62fcca71cde949759a4314e4ee11741c/gnocchi.bd9e49eb-7b67-4e22-81c1-dd891f519f70" "tx37a05d87ec9b4cd88d245-0068dc4208" "proxy-server 20" 0.0217 "-" 20 0
Sep 30 20:48:08 standalone proxy-server[131714]: 172.18.0.2 172.18.0.100 30/Sep/2025/20/48/08 PUT /v1/AUTH_62fcca71cde949759a4314e4ee11741c/gnocchi.bd9e49eb-7b67-4e22-81c1-dd891f519f70 HTTP/1.0 201 - python-swiftclient-3.11.1 gAAAAABo3EFYhc4M... - - - tx37a05d87ec9b4cd88d245-0068dc4208 - 0.0281 - - 1759265288.869400263 1759265288.897528410 0
Sep 30 20:48:08 standalone container-server[129650]: 172.20.0.100 - - [30/Sep/2025:20:48:08 +0000] "HEAD /d1/418/AUTH_62fcca71cde949759a4314e4ee11741c/gnocchi.bd9e49eb-7b67-4e22-81c1-dd891f519f70" 204 - "HEAD http://172.18.0.2:8080/v1/AUTH_62fcca71cde949759a4314e4ee11741c/gnocchi.bd9e49eb-7b67-4e22-81c1-dd891f519f70?format=json&states=listing" "tx31b81b88cb0141419f327-0068dc4208" "proxy-server 20" 0.0022 "-" 21 0
Sep 30 20:48:08 standalone proxy-server[131714]: - - 30/Sep/2025/20/48/08 HEAD /v1/AUTH_62fcca71cde949759a4314e4ee11741c/gnocchi.bd9e49eb-7b67-4e22-81c1-dd891f519f70%3Fformat%3Djson%26states%3Dlisting HTTP/1.0 204 - Swift - - - - tx31b81b88cb0141419f327-0068dc4208 - 0.0067 RL - 1759265288.904054880 1759265288.910732746 0
Sep 30 20:48:08 standalone container-server[129632]: 172.20.0.100 - - [30/Sep/2025:20:48:08 +0000] "GET /d1/418/AUTH_62fcca71cde949759a4314e4ee11741c/gnocchi.bd9e49eb-7b67-4e22-81c1-dd891f519f70" 200 2 "GET http://172.18.0.2:8080/v1/AUTH_62fcca71cde949759a4314e4ee11741c/gnocchi.bd9e49eb-7b67-4e22-81c1-dd891f519f70?format=json&states=listing" "tx31b81b88cb0141419f327-0068dc4208" "proxy-server 20" 0.0033 "-" 19 0
Sep 30 20:48:08 standalone proxy-server[131714]: 172.18.0.2 172.18.0.100 30/Sep/2025/20/48/08 GET /v1/AUTH_62fcca71cde949759a4314e4ee11741c/gnocchi.bd9e49eb-7b67-4e22-81c1-dd891f519f70%3Fformat%3Djson%26states%3Dlisting HTTP/1.0 200 - python-swiftclient-3.11.1 gAAAAABo3EFYhc4M... - 2 - tx31b81b88cb0141419f327-0068dc4208 - 0.0200 - - 1759265288.902541399 1759265288.922590017 0
Sep 30 20:48:08 standalone object-server[129867]: 172.20.0.100 - - [30/Sep/2025:20:48:08 +0000] "GET /d1/316/AUTH_62fcca71cde949759a4314e4ee11741c/gnocchi.bd9e49eb-7b67-4e22-81c1-dd891f519f70/1758240000.0_mean_300.0_v3" 404 70 "GET http://172.18.0.2:8080/v1/AUTH_62fcca71cde949759a4314e4ee11741c/gnocchi.bd9e49eb-7b67-4e22-81c1-dd891f519f70/1758240000.0_mean_300.0_v3" "tx5a6a2b7b39dd4d989450b-0068dc4208" "proxy-server 20" 0.0005 "-" 24 0
Sep 30 20:48:08 standalone proxy-server[131714]: 172.18.0.2 172.18.0.100 30/Sep/2025/20/48/08 GET /v1/AUTH_62fcca71cde949759a4314e4ee11741c/gnocchi.bd9e49eb-7b67-4e22-81c1-dd891f519f70/1758240000.0_mean_300.0_v3 HTTP/1.0 404 - python-swiftclient-3.11.1 gAAAAABo3EFYhc4M... - 70 - tx5a6a2b7b39dd4d989450b-0068dc4208 - 0.0074 - - 1759265288.927877903 1759265288.935260773 0
Sep 30 20:48:08 standalone container-server[129632]: 172.20.0.100 - - [30/Sep/2025:20:48:08 +0000] "PUT /d1/418/AUTH_62fcca71cde949759a4314e4ee11741c/gnocchi.bd9e49eb-7b67-4e22-81c1-dd891f519f70/1758240000.0_mean_300.0_v3" 201 - "PUT http://172.18.0.2:8080/d1/316/AUTH_62fcca71cde949759a4314e4ee11741c/gnocchi.bd9e49eb-7b67-4e22-81c1-dd891f519f70/1758240000.0_mean_300.0_v3" "tx90d4dfea929d4e46988ce-0068dc4208" "object-server 24" 0.0009 "-" 19 0
Sep 30 20:48:08 standalone object-server[129867]: 172.20.0.100 - - [30/Sep/2025:20:48:08 +0000] "PUT /d1/316/AUTH_62fcca71cde949759a4314e4ee11741c/gnocchi.bd9e49eb-7b67-4e22-81c1-dd891f519f70/1758240000.0_mean_300.0_v3" 201 - "PUT http://172.18.0.2:8080/v1/AUTH_62fcca71cde949759a4314e4ee11741c/gnocchi.bd9e49eb-7b67-4e22-81c1-dd891f519f70/1758240000.0_mean_300.0_v3" "tx90d4dfea929d4e46988ce-0068dc4208" "proxy-server 20" 0.0116 "-" 24 0
Sep 30 20:48:08 standalone proxy-server[131714]: 172.18.0.2 172.18.0.100 30/Sep/2025/20/48/08 PUT /v1/AUTH_62fcca71cde949759a4314e4ee11741c/gnocchi.bd9e49eb-7b67-4e22-81c1-dd891f519f70/1758240000.0_mean_300.0_v3 HTTP/1.0 201 - python-swiftclient-3.11.1 gAAAAABo3EFYhc4M... 16 - - tx90d4dfea929d4e46988ce-0068dc4208 - 0.0184 - - 1759265288.939413071 1759265288.957764864 0
Sep 30 20:48:08 standalone container-server[129650]: 172.20.0.100 - - [30/Sep/2025:20:48:08 +0000] "PUT /d1/418/AUTH_62fcca71cde949759a4314e4ee11741c/gnocchi.bd9e49eb-7b67-4e22-81c1-dd891f519f70/none_v3" 201 - "PUT http://172.18.0.2:8080/d1/421/AUTH_62fcca71cde949759a4314e4ee11741c/gnocchi.bd9e49eb-7b67-4e22-81c1-dd891f519f70/none_v3" "txfa56c7f46ffe42b196c76-0068dc4208" "object-server 24" 0.0010 "-" 21 0
Sep 30 20:48:08 standalone object-server[129867]: 172.20.0.100 - - [30/Sep/2025:20:48:08 +0000] "PUT /d1/421/AUTH_62fcca71cde949759a4314e4ee11741c/gnocchi.bd9e49eb-7b67-4e22-81c1-dd891f519f70/none_v3" 201 - "PUT http://172.18.0.2:8080/v1/AUTH_62fcca71cde949759a4314e4ee11741c/gnocchi.bd9e49eb-7b67-4e22-81c1-dd891f519f70/none_v3" "txfa56c7f46ffe42b196c76-0068dc4208" "proxy-server 20" 0.0115 "-" 24 0
Sep 30 20:48:08 standalone proxy-server[131714]: 172.18.0.2 172.18.0.100 30/Sep/2025/20/48/08 PUT /v1/AUTH_62fcca71cde949759a4314e4ee11741c/gnocchi.bd9e49eb-7b67-4e22-81c1-dd891f519f70/none_v3 HTTP/1.0 201 - python-swiftclient-3.11.1 gAAAAABo3EFYhc4M... 22 - - txfa56c7f46ffe42b196c76-0068dc4208 - 0.0190 - - 1759265288.961662531 1759265288.980659008 0
Sep 30 20:48:09 standalone container-server[129659]: 172.20.0.100 - - [30/Sep/2025:20:48:08 +0000] "HEAD /d1/209/AUTH_62fcca71cde949759a4314e4ee11741c/gnocchi.c8a8a61a-aa63-4326-bdd4-f9a96bfa7b71" 404 - "HEAD http://172.18.0.2:8080/v1/AUTH_62fcca71cde949759a4314e4ee11741c/gnocchi.c8a8a61a-aa63-4326-bdd4-f9a96bfa7b71?format=json&states=listing" "tx60b97a9d499443f8a37b0-0068dc4208" "proxy-server 20" 0.0006 "-" 22 0
Sep 30 20:48:09 standalone object-server[129865]: 172.20.0.100 - - [30/Sep/2025:20:48:09 +0000] "GET /d1/159/AUTH_62fcca71cde949759a4314e4ee11741c/gnocchi.c8a8a61a-aa63-4326-bdd4-f9a96bfa7b71/none_v3" 404 70 "GET http://172.18.0.2:8080/v1/AUTH_62fcca71cde949759a4314e4ee11741c/gnocchi.c8a8a61a-aa63-4326-bdd4-f9a96bfa7b71/none_v3" "tx60b97a9d499443f8a37b0-0068dc4208" "proxy-server 20" 0.0005 "-" 23 0
Sep 30 20:48:09 standalone proxy-server[131714]: 172.18.0.2 172.18.0.100 30/Sep/2025/20/48/09 GET /v1/AUTH_62fcca71cde949759a4314e4ee11741c/gnocchi.c8a8a61a-aa63-4326-bdd4-f9a96bfa7b71/none_v3 HTTP/1.0 404 - python-swiftclient-3.11.1 gAAAAABo3EFYhc4M... - 70 - tx60b97a9d499443f8a37b0-0068dc4208 - 0.0164 - - 1759265288.993057966 1759265289.009481192 0
Sep 30 20:48:09 standalone account-server[129540]: 172.20.0.100 - - [30/Sep/2025:20:48:09 +0000] "PUT /d1/206/AUTH_62fcca71cde949759a4314e4ee11741c/gnocchi.c8a8a61a-aa63-4326-bdd4-f9a96bfa7b71" 201 - "PUT http://172.20.0.100:6001/d1/209/AUTH_62fcca71cde949759a4314e4ee11741c/gnocchi.c8a8a61a-aa63-4326-bdd4-f9a96bfa7b71" "tx44e76d822945413291d90-0068dc4209" "container-server 22" 0.0063 "-" 15 0
Sep 30 20:48:09 standalone container-server[129659]: 172.20.0.100 - - [30/Sep/2025:20:48:09 +0000] "PUT /d1/209/AUTH_62fcca71cde949759a4314e4ee11741c/gnocchi.c8a8a61a-aa63-4326-bdd4-f9a96bfa7b71" 201 - "PUT http://172.18.0.2:8080/v1/AUTH_62fcca71cde949759a4314e4ee11741c/gnocchi.c8a8a61a-aa63-4326-bdd4-f9a96bfa7b71" "tx44e76d822945413291d90-0068dc4209" "proxy-server 20" 0.0200 "-" 22 0
Sep 30 20:48:09 standalone proxy-server[131714]: 172.18.0.2 172.18.0.100 30/Sep/2025/20/48/09 PUT /v1/AUTH_62fcca71cde949759a4314e4ee11741c/gnocchi.c8a8a61a-aa63-4326-bdd4-f9a96bfa7b71 HTTP/1.0 201 - python-swiftclient-3.11.1 gAAAAABo3EFYhc4M... - - - tx44e76d822945413291d90-0068dc4209 - 0.0269 - - 1759265289.013263941 1759265289.040194273 0
Sep 30 20:48:09 standalone container-server[129632]: 172.20.0.100 - - [30/Sep/2025:20:48:09 +0000] "HEAD /d1/209/AUTH_62fcca71cde949759a4314e4ee11741c/gnocchi.c8a8a61a-aa63-4326-bdd4-f9a96bfa7b71" 204 - "HEAD http://172.18.0.2:8080/v1/AUTH_62fcca71cde949759a4314e4ee11741c/gnocchi.c8a8a61a-aa63-4326-bdd4-f9a96bfa7b71?format=json&states=listing" "tx14989f739d4b4f2d84f32-0068dc4209" "proxy-server 20" 0.0021 "-" 19 0
Sep 30 20:48:09 standalone proxy-server[131714]: - - 30/Sep/2025/20/48/09 HEAD /v1/AUTH_62fcca71cde949759a4314e4ee11741c/gnocchi.c8a8a61a-aa63-4326-bdd4-f9a96bfa7b71%3Fformat%3Djson%26states%3Dlisting HTTP/1.0 204 - Swift - - - - tx14989f739d4b4f2d84f32-0068dc4209 - 0.0073 RL - 1759265289.046181917 1759265289.053467989 0
Sep 30 20:48:09 standalone container-server[129650]: 172.20.0.100 - - [30/Sep/2025:20:48:09 +0000] "GET /d1/209/AUTH_62fcca71cde949759a4314e4ee11741c/gnocchi.c8a8a61a-aa63-4326-bdd4-f9a96bfa7b71" 200 2 "GET http://172.18.0.2:8080/v1/AUTH_62fcca71cde949759a4314e4ee11741c/gnocchi.c8a8a61a-aa63-4326-bdd4-f9a96bfa7b71?format=json&states=listing" "tx14989f739d4b4f2d84f32-0068dc4209" "proxy-server 20" 0.0034 "-" 21 0
Sep 30 20:48:09 standalone proxy-server[131714]: 172.18.0.2 172.18.0.100 30/Sep/2025/20/48/09 GET /v1/AUTH_62fcca71cde949759a4314e4ee11741c/gnocchi.c8a8a61a-aa63-4326-bdd4-f9a96bfa7b71%3Fformat%3Djson%26states%3Dlisting HTTP/1.0 200 - python-swiftclient-3.11.1 gAAAAABo3EFYhc4M... - 2 - tx14989f739d4b4f2d84f32-0068dc4209 - 0.0240 - - 1759265289.044532061 1759265289.068508387 0
Sep 30 20:48:09 standalone object-server[129863]: 172.20.0.100 - - [30/Sep/2025:20:48:09 +0000] "GET /d1/666/AUTH_62fcca71cde949759a4314e4ee11741c/gnocchi.c8a8a61a-aa63-4326-bdd4-f9a96bfa7b71/1758240000.0_mean_300.0_v3" 404 70 "GET http://172.18.0.2:8080/v1/AUTH_62fcca71cde949759a4314e4ee11741c/gnocchi.c8a8a61a-aa63-4326-bdd4-f9a96bfa7b71/1758240000.0_mean_300.0_v3" "txa6c937fefe1549bbb406e-0068dc4209" "proxy-server 20" 0.0005 "-" 22 0
Sep 30 20:48:09 standalone proxy-server[131714]: 172.18.0.2 172.18.0.100 30/Sep/2025/20/48/09 GET /v1/AUTH_62fcca71cde949759a4314e4ee11741c/gnocchi.c8a8a61a-aa63-4326-bdd4-f9a96bfa7b71/1758240000.0_mean_300.0_v3 HTTP/1.0 404 - python-swiftclient-3.11.1 gAAAAABo3EFYhc4M... - 70 - txa6c937fefe1549bbb406e-0068dc4209 - 0.0087 - - 1759265289.074072599 1759265289.082730532 0
Sep 30 20:48:09 standalone container-server[129632]: 172.20.0.100 - - [30/Sep/2025:20:48:09 +0000] "PUT /d1/209/AUTH_62fcca71cde949759a4314e4ee11741c/gnocchi.c8a8a61a-aa63-4326-bdd4-f9a96bfa7b71/1758240000.0_mean_300.0_v3" 201 - "PUT http://172.18.0.2:8080/d1/666/AUTH_62fcca71cde949759a4314e4ee11741c/gnocchi.c8a8a61a-aa63-4326-bdd4-f9a96bfa7b71/1758240000.0_mean_300.0_v3" "tx5d55fe2c978345258b0c3-0068dc4209" "object-server 22" 0.0007 "-" 19 0
Sep 30 20:48:09 standalone object-server[129863]: 172.20.0.100 - - [30/Sep/2025:20:48:09 +0000] "PUT /d1/666/AUTH_62fcca71cde949759a4314e4ee11741c/gnocchi.c8a8a61a-aa63-4326-bdd4-f9a96bfa7b71/1758240000.0_mean_300.0_v3" 201 - "PUT http://172.18.0.2:8080/v1/AUTH_62fcca71cde949759a4314e4ee11741c/gnocchi.c8a8a61a-aa63-4326-bdd4-f9a96bfa7b71/1758240000.0_mean_300.0_v3" "tx5d55fe2c978345258b0c3-0068dc4209" "proxy-server 20" 0.0111 "-" 22 0
Sep 30 20:48:09 standalone proxy-server[131714]: 172.18.0.2 172.18.0.100 30/Sep/2025/20/48/09 PUT /v1/AUTH_62fcca71cde949759a4314e4ee11741c/gnocchi.c8a8a61a-aa63-4326-bdd4-f9a96bfa7b71/1758240000.0_mean_300.0_v3 HTTP/1.0 201 - python-swiftclient-3.11.1 gAAAAABo3EFYhc4M... 16 - - tx5d55fe2c978345258b0c3-0068dc4209 - 0.0193 - - 1759265289.087437868 1759265289.106744766 0
Sep 30 20:48:09 standalone container-server[129643]: 172.20.0.100 - - [30/Sep/2025:20:48:09 +0000] "PUT /d1/209/AUTH_62fcca71cde949759a4314e4ee11741c/gnocchi.c8a8a61a-aa63-4326-bdd4-f9a96bfa7b71/none_v3" 201 - "PUT http://172.18.0.2:8080/d1/159/AUTH_62fcca71cde949759a4314e4ee11741c/gnocchi.c8a8a61a-aa63-4326-bdd4-f9a96bfa7b71/none_v3" "tx5faddd5aa6454c118744a-0068dc4209" "object-server 23" 0.0008 "-" 20 0
Sep 30 20:48:09 standalone object-server[129865]: 172.20.0.100 - - [30/Sep/2025:20:48:09 +0000] "PUT /d1/159/AUTH_62fcca71cde949759a4314e4ee11741c/gnocchi.c8a8a61a-aa63-4326-bdd4-f9a96bfa7b71/none_v3" 201 - "PUT http://172.18.0.2:8080/v1/AUTH_62fcca71cde949759a4314e4ee11741c/gnocchi.c8a8a61a-aa63-4326-bdd4-f9a96bfa7b71/none_v3" "tx5faddd5aa6454c118744a-0068dc4209" "proxy-server 20" 0.0113 "-" 23 0
Sep 30 20:48:09 standalone proxy-server[131714]: 172.18.0.2 172.18.0.100 30/Sep/2025/20/48/09 PUT /v1/AUTH_62fcca71cde949759a4314e4ee11741c/gnocchi.c8a8a61a-aa63-4326-bdd4-f9a96bfa7b71/none_v3 HTTP/1.0 201 - python-swiftclient-3.11.1 gAAAAABo3EFYhc4M... 22 - - tx5faddd5aa6454c118744a-0068dc4209 - 0.0202 - - 1759265289.111184120 1759265289.131353140 0
Sep 30 20:48:09 standalone container-server[129632]: 172.20.0.100 - - [30/Sep/2025:20:48:09 +0000] "HEAD /d1/1022/AUTH_62fcca71cde949759a4314e4ee11741c/gnocchi.85afc2ba-48f5-4b67-b8e9-523ffd5225fa" 404 - "HEAD http://172.18.0.2:8080/v1/AUTH_62fcca71cde949759a4314e4ee11741c/gnocchi.85afc2ba-48f5-4b67-b8e9-523ffd5225fa?format=json&states=listing" "tx1a653ef0d6724c4da5ee4-0068dc4209" "proxy-server 20" 0.0005 "-" 19 0
Sep 30 20:48:09 standalone object-server[129869]: 172.20.0.100 - - [30/Sep/2025:20:48:09 +0000] "GET /d1/446/AUTH_62fcca71cde949759a4314e4ee11741c/gnocchi.85afc2ba-48f5-4b67-b8e9-523ffd5225fa/none_v3" 404 70 "GET http://172.18.0.2:8080/v1/AUTH_62fcca71cde949759a4314e4ee11741c/gnocchi.85afc2ba-48f5-4b67-b8e9-523ffd5225fa/none_v3" "tx1a653ef0d6724c4da5ee4-0068dc4209" "proxy-server 20" 0.0005 "-" 25 0
Sep 30 20:48:09 standalone proxy-server[131714]: 172.18.0.2 172.18.0.100 30/Sep/2025/20/48/09 GET /v1/AUTH_62fcca71cde949759a4314e4ee11741c/gnocchi.85afc2ba-48f5-4b67-b8e9-523ffd5225fa/none_v3 HTTP/1.0 404 - python-swiftclient-3.11.1 gAAAAABo3EFYhc4M... - 70 - tx1a653ef0d6724c4da5ee4-0068dc4209 - 0.0128 - - 1759265289.155369997 1759265289.168217421 0
Sep 30 20:48:09 standalone account-server[129540]: 172.20.0.100 - - [30/Sep/2025:20:48:09 +0000] "PUT /d1/206/AUTH_62fcca71cde949759a4314e4ee11741c/gnocchi.85afc2ba-48f5-4b67-b8e9-523ffd5225fa" 201 - "PUT http://172.20.0.100:6001/d1/1022/AUTH_62fcca71cde949759a4314e4ee11741c/gnocchi.85afc2ba-48f5-4b67-b8e9-523ffd5225fa" "txde23c268c15f4866811b3-0068dc4209" "container-server 19" 0.0060 "-" 15 0
Sep 30 20:48:09 standalone container-server[129632]: 172.20.0.100 - - [30/Sep/2025:20:48:09 +0000] "PUT /d1/1022/AUTH_62fcca71cde949759a4314e4ee11741c/gnocchi.85afc2ba-48f5-4b67-b8e9-523ffd5225fa" 201 - "PUT http://172.18.0.2:8080/v1/AUTH_62fcca71cde949759a4314e4ee11741c/gnocchi.85afc2ba-48f5-4b67-b8e9-523ffd5225fa" "txde23c268c15f4866811b3-0068dc4209" "proxy-server 20" 0.0218 "-" 19 0
Sep 30 20:48:09 standalone proxy-server[131714]: 172.18.0.2 172.18.0.100 30/Sep/2025/20/48/09 PUT /v1/AUTH_62fcca71cde949759a4314e4ee11741c/gnocchi.85afc2ba-48f5-4b67-b8e9-523ffd5225fa HTTP/1.0 201 - python-swiftclient-3.11.1 gAAAAABo3EFYhc4M... - - - txde23c268c15f4866811b3-0068dc4209 - 0.0318 - - 1759265289.172180176 1759265289.204023838 0
Sep 30 20:48:09 standalone container-server[129659]: 172.20.0.100 - - [30/Sep/2025:20:48:09 +0000] "HEAD /d1/1022/AUTH_62fcca71cde949759a4314e4ee11741c/gnocchi.85afc2ba-48f5-4b67-b8e9-523ffd5225fa" 204 - "HEAD http://172.18.0.2:8080/v1/AUTH_62fcca71cde949759a4314e4ee11741c/gnocchi.85afc2ba-48f5-4b67-b8e9-523ffd5225fa?format=json&states=listing" "txb81e66ffe8db4fb9acd54-0068dc4209" "proxy-server 20" 0.0026 "-" 22 0
Sep 30 20:48:09 standalone proxy-server[131714]: - - 30/Sep/2025/20/48/09 HEAD /v1/AUTH_62fcca71cde949759a4314e4ee11741c/gnocchi.85afc2ba-48f5-4b67-b8e9-523ffd5225fa%3Fformat%3Djson%26states%3Dlisting HTTP/1.0 204 - Swift - - - - txb81e66ffe8db4fb9acd54-0068dc4209 - 0.0081 RL - 1759265289.212021589 1759265289.220132351 0
Sep 30 20:48:09 standalone container-server[129643]: 172.20.0.100 - - [30/Sep/2025:20:48:09 +0000] "GET /d1/1022/AUTH_62fcca71cde949759a4314e4ee11741c/gnocchi.85afc2ba-48f5-4b67-b8e9-523ffd5225fa" 200 2 "GET http://172.18.0.2:8080/v1/AUTH_62fcca71cde949759a4314e4ee11741c/gnocchi.85afc2ba-48f5-4b67-b8e9-523ffd5225fa?format=json&states=listing" "txb81e66ffe8db4fb9acd54-0068dc4209" "proxy-server 20" 0.0034 "-" 20 0
Sep 30 20:48:09 standalone proxy-server[131714]: 172.18.0.2 172.18.0.100 30/Sep/2025/20/48/09 GET /v1/AUTH_62fcca71cde949759a4314e4ee11741c/gnocchi.85afc2ba-48f5-4b67-b8e9-523ffd5225fa%3Fformat%3Djson%26states%3Dlisting HTTP/1.0 200 - python-swiftclient-3.11.1 gAAAAABo3EFYhc4M... - 2 - txb81e66ffe8db4fb9acd54-0068dc4209 - 0.0226 - - 1759265289.209836960 1759265289.232477903 0
Sep 30 20:48:09 standalone object-server[129867]: 172.20.0.100 - - [30/Sep/2025:20:48:09 +0000] "GET /d1/276/AUTH_62fcca71cde949759a4314e4ee11741c/gnocchi.85afc2ba-48f5-4b67-b8e9-523ffd5225fa/1758240000.0_mean_300.0_v3" 404 70 "GET http://172.18.0.2:8080/v1/AUTH_62fcca71cde949759a4314e4ee11741c/gnocchi.85afc2ba-48f5-4b67-b8e9-523ffd5225fa/1758240000.0_mean_300.0_v3" "tx044f5a067b09465381fbe-0068dc4209" "proxy-server 20" 0.0005 "-" 24 0
Sep 30 20:48:09 standalone proxy-server[131714]: 172.18.0.2 172.18.0.100 30/Sep/2025/20/48/09 GET /v1/AUTH_62fcca71cde949759a4314e4ee11741c/gnocchi.85afc2ba-48f5-4b67-b8e9-523ffd5225fa/1758240000.0_mean_300.0_v3 HTTP/1.0 404 - python-swiftclient-3.11.1 gAAAAABo3EFYhc4M... - 70 - tx044f5a067b09465381fbe-0068dc4209 - 0.0104 - - 1759265289.238777876 1759265289.249133587 0
Sep 30 20:48:09 standalone container-server[129659]: 172.20.0.100 - - [30/Sep/2025:20:48:09 +0000] "PUT /d1/1022/AUTH_62fcca71cde949759a4314e4ee11741c/gnocchi.85afc2ba-48f5-4b67-b8e9-523ffd5225fa/1758240000.0_mean_300.0_v3" 201 - "PUT http://172.18.0.2:8080/d1/276/AUTH_62fcca71cde949759a4314e4ee11741c/gnocchi.85afc2ba-48f5-4b67-b8e9-523ffd5225fa/1758240000.0_mean_300.0_v3" "tx7f132b4e691a4616b2ab6-0068dc4209" "object-server 23" 0.0010 "-" 22 0
Sep 30 20:48:09 standalone object-server[129865]: 172.20.0.100 - - [30/Sep/2025:20:48:09 +0000] "PUT /d1/276/AUTH_62fcca71cde949759a4314e4ee11741c/gnocchi.85afc2ba-48f5-4b67-b8e9-523ffd5225fa/1758240000.0_mean_300.0_v3" 201 - "PUT http://172.18.0.2:8080/v1/AUTH_62fcca71cde949759a4314e4ee11741c/gnocchi.85afc2ba-48f5-4b67-b8e9-523ffd5225fa/1758240000.0_mean_300.0_v3" "tx7f132b4e691a4616b2ab6-0068dc4209" "proxy-server 20" 0.0123 "-" 23 0
Sep 30 20:48:09 standalone proxy-server[131714]: 172.18.0.2 172.18.0.100 30/Sep/2025/20/48/09 PUT /v1/AUTH_62fcca71cde949759a4314e4ee11741c/gnocchi.85afc2ba-48f5-4b67-b8e9-523ffd5225fa/1758240000.0_mean_300.0_v3 HTTP/1.0 201 - python-swiftclient-3.11.1 gAAAAABo3EFYhc4M... 16 - - tx7f132b4e691a4616b2ab6-0068dc4209 - 0.0213 - - 1759265289.253197670 1759265289.274474382 0
Sep 30 20:48:09 standalone container-server[129659]: 172.20.0.100 - - [30/Sep/2025:20:48:09 +0000] "PUT /d1/1022/AUTH_62fcca71cde949759a4314e4ee11741c/gnocchi.85afc2ba-48f5-4b67-b8e9-523ffd5225fa/none_v3" 201 - "PUT http://172.18.0.2:8080/d1/446/AUTH_62fcca71cde949759a4314e4ee11741c/gnocchi.85afc2ba-48f5-4b67-b8e9-523ffd5225fa/none_v3" "tx5fb8719b7300465a89318-0068dc4209" "object-server 25" 0.0007 "-" 22 0
Sep 30 20:48:09 standalone object-server[129869]: 172.20.0.100 - - [30/Sep/2025:20:48:09 +0000] "PUT /d1/446/AUTH_62fcca71cde949759a4314e4ee11741c/gnocchi.85afc2ba-48f5-4b67-b8e9-523ffd5225fa/none_v3" 201 - "PUT http://172.18.0.2:8080/v1/AUTH_62fcca71cde949759a4314e4ee11741c/gnocchi.85afc2ba-48f5-4b67-b8e9-523ffd5225fa/none_v3" "tx5fb8719b7300465a89318-0068dc4209" "proxy-server 20" 0.0127 "-" 25 0
Sep 30 20:48:09 standalone proxy-server[131714]: 172.18.0.2 172.18.0.100 30/Sep/2025/20/48/09 PUT /v1/AUTH_62fcca71cde949759a4314e4ee11741c/gnocchi.85afc2ba-48f5-4b67-b8e9-523ffd5225fa/none_v3 HTTP/1.0 201 - python-swiftclient-3.11.1 gAAAAABo3EFYhc4M... 22 - - tx5fb8719b7300465a89318-0068dc4209 - 0.0207 - - 1759265289.278267145 1759265289.298987865 0
Sep 30 20:48:09 standalone container-server[129650]: 172.20.0.100 - - [30/Sep/2025:20:48:09 +0000] "HEAD /d1/448/AUTH_62fcca71cde949759a4314e4ee11741c/gnocchi.d64b3d2c-4b4f-47c2-8f0f-31988d20d87b" 404 - "HEAD http://172.18.0.2:8080/v1/AUTH_62fcca71cde949759a4314e4ee11741c/gnocchi.d64b3d2c-4b4f-47c2-8f0f-31988d20d87b?format=json&states=listing" "tx6e862c1e1cc641ac9570f-0068dc4209" "proxy-server 20" 0.0007 "-" 21 0
Sep 30 20:48:09 standalone object-server[129867]: 172.20.0.100 - - [30/Sep/2025:20:48:09 +0000] "GET /d1/113/AUTH_62fcca71cde949759a4314e4ee11741c/gnocchi.d64b3d2c-4b4f-47c2-8f0f-31988d20d87b/none_v3" 404 70 "GET http://172.18.0.2:8080/v1/AUTH_62fcca71cde949759a4314e4ee11741c/gnocchi.d64b3d2c-4b4f-47c2-8f0f-31988d20d87b/none_v3" "tx6e862c1e1cc641ac9570f-0068dc4209" "proxy-server 20" 0.0005 "-" 24 0
Sep 30 20:48:09 standalone proxy-server[131714]: 172.18.0.2 172.18.0.100 30/Sep/2025/20/48/09 GET /v1/AUTH_62fcca71cde949759a4314e4ee11741c/gnocchi.d64b3d2c-4b4f-47c2-8f0f-31988d20d87b/none_v3 HTTP/1.0 404 - python-swiftclient-3.11.1 gAAAAABo3EFYhc4M... - 70 - tx6e862c1e1cc641ac9570f-0068dc4209 - 0.0139 - - 1759265289.312180281 1759265289.326108217 0
Sep 30 20:48:09 standalone account-server[129541]: 172.20.0.100 - - [30/Sep/2025:20:48:09 +0000] "PUT /d1/206/AUTH_62fcca71cde949759a4314e4ee11741c/gnocchi.d64b3d2c-4b4f-47c2-8f0f-31988d20d87b" 201 - "PUT http://172.20.0.100:6001/d1/448/AUTH_62fcca71cde949759a4314e4ee11741c/gnocchi.d64b3d2c-4b4f-47c2-8f0f-31988d20d87b" "txcf0c1b4ebe404f468a343-0068dc4209" "container-server 19" 0.0061 "-" 16 0
Sep 30 20:48:09 standalone container-server[129632]: 172.20.0.100 - - [30/Sep/2025:20:48:09 +0000] "PUT /d1/448/AUTH_62fcca71cde949759a4314e4ee11741c/gnocchi.d64b3d2c-4b4f-47c2-8f0f-31988d20d87b" 201 - "PUT http://172.18.0.2:8080/v1/AUTH_62fcca71cde949759a4314e4ee11741c/gnocchi.d64b3d2c-4b4f-47c2-8f0f-31988d20d87b" "txcf0c1b4ebe404f468a343-0068dc4209" "proxy-server 20" 0.0195 "-" 19 0
Sep 30 20:48:09 standalone proxy-server[131714]: 172.18.0.2 172.18.0.100 30/Sep/2025/20/48/09 PUT /v1/AUTH_62fcca71cde949759a4314e4ee11741c/gnocchi.d64b3d2c-4b4f-47c2-8f0f-31988d20d87b HTTP/1.0 201 - python-swiftclient-3.11.1 gAAAAABo3EFYhc4M... - - - txcf0c1b4ebe404f468a343-0068dc4209 - 0.0272 - - 1759265289.331061602 1759265289.358248472 0
Sep 30 20:48:09 standalone container-server[129650]: 172.20.0.100 - - [30/Sep/2025:20:48:09 +0000] "HEAD /d1/448/AUTH_62fcca71cde949759a4314e4ee11741c/gnocchi.d64b3d2c-4b4f-47c2-8f0f-31988d20d87b" 204 - "HEAD http://172.18.0.2:8080/v1/AUTH_62fcca71cde949759a4314e4ee11741c/gnocchi.d64b3d2c-4b4f-47c2-8f0f-31988d20d87b?format=json&states=listing" "txa19c4c8ba44c42adb7f78-0068dc4209" "proxy-server 20" 0.0022 "-" 21 0
Sep 30 20:48:09 standalone proxy-server[131714]: - - 30/Sep/2025/20/48/09 HEAD /v1/AUTH_62fcca71cde949759a4314e4ee11741c/gnocchi.d64b3d2c-4b4f-47c2-8f0f-31988d20d87b%3Fformat%3Djson%26states%3Dlisting HTTP/1.0 204 - Swift - - - - txa19c4c8ba44c42adb7f78-0068dc4209 - 0.0097 RL - 1759265289.366312027 1759265289.375976801 0
Sep 30 20:48:09 standalone container-server[129650]: 172.20.0.100 - - [30/Sep/2025:20:48:09 +0000] "GET /d1/448/AUTH_62fcca71cde949759a4314e4ee11741c/gnocchi.d64b3d2c-4b4f-47c2-8f0f-31988d20d87b" 200 2 "GET http://172.18.0.2:8080/v1/AUTH_62fcca71cde949759a4314e4ee11741c/gnocchi.d64b3d2c-4b4f-47c2-8f0f-31988d20d87b?format=json&states=listing" "txa19c4c8ba44c42adb7f78-0068dc4209" "proxy-server 20" 0.0031 "-" 21 0
Sep 30 20:48:09 standalone proxy-server[131714]: 172.18.0.2 172.18.0.100 30/Sep/2025/20/48/09 GET /v1/AUTH_62fcca71cde949759a4314e4ee11741c/gnocchi.d64b3d2c-4b4f-47c2-8f0f-31988d20d87b%3Fformat%3Djson%26states%3Dlisting HTTP/1.0 200 - python-swiftclient-3.11.1 gAAAAABo3EFYhc4M... - 2 - txa19c4c8ba44c42adb7f78-0068dc4209 - 0.0255 - - 1759265289.363568783 1759265289.389065504 0
Sep 30 20:48:09 standalone object-server[129863]: 172.20.0.100 - - [30/Sep/2025:20:48:09 +0000] "GET /d1/925/AUTH_62fcca71cde949759a4314e4ee11741c/gnocchi.d64b3d2c-4b4f-47c2-8f0f-31988d20d87b/1758240000.0_mean_300.0_v3" 404 70 "GET http://172.18.0.2:8080/v1/AUTH_62fcca71cde949759a4314e4ee11741c/gnocchi.d64b3d2c-4b4f-47c2-8f0f-31988d20d87b/1758240000.0_mean_300.0_v3" "tx83f09660a5ef4565a6b0a-0068dc4209" "proxy-server 20" 0.0004 "-" 22 0
Sep 30 20:48:09 standalone proxy-server[131714]: 172.18.0.2 172.18.0.100 30/Sep/2025/20/48/09 GET /v1/AUTH_62fcca71cde949759a4314e4ee11741c/gnocchi.d64b3d2c-4b4f-47c2-8f0f-31988d20d87b/1758240000.0_mean_300.0_v3 HTTP/1.0 404 - python-swiftclient-3.11.1 gAAAAABo3EFYhc4M... - 70 - tx83f09660a5ef4565a6b0a-0068dc4209 - 0.0091 - - 1759265289.396526098 1759265289.405583620 0
Sep 30 20:48:09 standalone container-server[129659]: 172.20.0.100 - - [30/Sep/2025:20:48:09 +0000] "PUT /d1/448/AUTH_62fcca71cde949759a4314e4ee11741c/gnocchi.d64b3d2c-4b4f-47c2-8f0f-31988d20d87b/1758240000.0_mean_300.0_v3" 201 - "PUT http://172.18.0.2:8080/d1/925/AUTH_62fcca71cde949759a4314e4ee11741c/gnocchi.d64b3d2c-4b4f-47c2-8f0f-31988d20d87b/1758240000.0_mean_300.0_v3" "tx7b41419bbbec44e5b5555-0068dc4209" "object-server 25" 0.0008 "-" 22 0
Sep 30 20:48:09 standalone object-server[129869]: 172.20.0.100 - - [30/Sep/2025:20:48:09 +0000] "PUT /d1/925/AUTH_62fcca71cde949759a4314e4ee11741c/gnocchi.d64b3d2c-4b4f-47c2-8f0f-31988d20d87b/1758240000.0_mean_300.0_v3" 201 - "PUT http://172.18.0.2:8080/v1/AUTH_62fcca71cde949759a4314e4ee11741c/gnocchi.d64b3d2c-4b4f-47c2-8f0f-31988d20d87b/1758240000.0_mean_300.0_v3" "tx7b41419bbbec44e5b5555-0068dc4209" "proxy-server 20" 0.0112 "-" 25 0
Sep 30 20:48:09 standalone proxy-server[131714]: 172.18.0.2 172.18.0.100 30/Sep/2025/20/48/09 PUT /v1/AUTH_62fcca71cde949759a4314e4ee11741c/gnocchi.d64b3d2c-4b4f-47c2-8f0f-31988d20d87b/1758240000.0_mean_300.0_v3 HTTP/1.0 201 - python-swiftclient-3.11.1 gAAAAABo3EFYhc4M... 16 - - tx7b41419bbbec44e5b5555-0068dc4209 - 0.0187 - - 1759265289.409761429 1759265289.428477526 0
Sep 30 20:48:09 standalone container-server[129632]: 172.20.0.100 - - [30/Sep/2025:20:48:09 +0000] "PUT /d1/448/AUTH_62fcca71cde949759a4314e4ee11741c/gnocchi.d64b3d2c-4b4f-47c2-8f0f-31988d20d87b/none_v3" 201 - "PUT http://172.18.0.2:8080/d1/113/AUTH_62fcca71cde949759a4314e4ee11741c/gnocchi.d64b3d2c-4b4f-47c2-8f0f-31988d20d87b/none_v3" "tx43827ab9c02a42a9b4cf4-0068dc4209" "object-server 25" 0.0007 "-" 19 0
Sep 30 20:48:09 standalone object-server[129869]: 172.20.0.100 - - [30/Sep/2025:20:48:09 +0000] "PUT /d1/113/AUTH_62fcca71cde949759a4314e4ee11741c/gnocchi.d64b3d2c-4b4f-47c2-8f0f-31988d20d87b/none_v3" 201 - "PUT http://172.18.0.2:8080/v1/AUTH_62fcca71cde949759a4314e4ee11741c/gnocchi.d64b3d2c-4b4f-47c2-8f0f-31988d20d87b/none_v3" "tx43827ab9c02a42a9b4cf4-0068dc4209" "proxy-server 20" 0.0140 "-" 25 0
Sep 30 20:48:09 standalone proxy-server[131714]: 172.18.0.2 172.18.0.100 30/Sep/2025/20/48/09 PUT /v1/AUTH_62fcca71cde949759a4314e4ee11741c/gnocchi.d64b3d2c-4b4f-47c2-8f0f-31988d20d87b/none_v3 HTTP/1.0 201 - python-swiftclient-3.11.1 gAAAAABo3EFYhc4M... 22 - - tx43827ab9c02a42a9b4cf4-0068dc4209 - 0.0218 - - 1759265289.432111979 1759265289.453956842 0
Sep 30 20:48:09 standalone container-server[129659]: 172.20.0.100 - - [30/Sep/2025:20:48:09 +0000] "HEAD /d1/431/AUTH_62fcca71cde949759a4314e4ee11741c/gnocchi.72c788f5-69f0-477c-bedd-10255e3c187c" 404 - "HEAD http://172.18.0.2:8080/v1/AUTH_62fcca71cde949759a4314e4ee11741c/gnocchi.72c788f5-69f0-477c-bedd-10255e3c187c?format=json&states=listing" "tx649716996d02470d9a4c1-0068dc4209" "proxy-server 20" 0.0005 "-" 22 0
Sep 30 20:48:09 standalone object-server[129867]: 172.20.0.100 - - [30/Sep/2025:20:48:09 +0000] "GET /d1/194/AUTH_62fcca71cde949759a4314e4ee11741c/gnocchi.72c788f5-69f0-477c-bedd-10255e3c187c/none_v3" 404 70 "GET http://172.18.0.2:8080/v1/AUTH_62fcca71cde949759a4314e4ee11741c/gnocchi.72c788f5-69f0-477c-bedd-10255e3c187c/none_v3" "tx649716996d02470d9a4c1-0068dc4209" "proxy-server 20" 0.0006 "-" 24 0
Sep 30 20:48:09 standalone proxy-server[131714]: 172.18.0.2 172.18.0.100 30/Sep/2025/20/48/09 GET /v1/AUTH_62fcca71cde949759a4314e4ee11741c/gnocchi.72c788f5-69f0-477c-bedd-10255e3c187c/none_v3 HTTP/1.0 404 - python-swiftclient-3.11.1 gAAAAABo3EFYhc4M... - 70 - tx649716996d02470d9a4c1-0068dc4209 - 0.0165 - - 1759265289.467678547 1759265289.484161139 0
Sep 30 20:48:09 standalone account-server[129540]: 172.20.0.100 - - [30/Sep/2025:20:48:09 +0000] "PUT /d1/206/AUTH_62fcca71cde949759a4314e4ee11741c/gnocchi.72c788f5-69f0-477c-bedd-10255e3c187c" 201 - "PUT http://172.20.0.100:6001/d1/431/AUTH_62fcca71cde949759a4314e4ee11741c/gnocchi.72c788f5-69f0-477c-bedd-10255e3c187c" "tx2b0dc64d3ae1408c80f4e-0068dc4209" "container-server 19" 0.0067 "-" 15 0
Sep 30 20:48:09 standalone container-server[129632]: 172.20.0.100 - - [30/Sep/2025:20:48:09 +0000] "PUT /d1/431/AUTH_62fcca71cde949759a4314e4ee11741c/gnocchi.72c788f5-69f0-477c-bedd-10255e3c187c" 201 - "PUT http://172.18.0.2:8080/v1/AUTH_62fcca71cde949759a4314e4ee11741c/gnocchi.72c788f5-69f0-477c-bedd-10255e3c187c" "tx2b0dc64d3ae1408c80f4e-0068dc4209" "proxy-server 20" 0.0232 "-" 19 0
Sep 30 20:48:09 standalone proxy-server[131714]: 172.18.0.2 172.18.0.100 30/Sep/2025/20/48/09 PUT /v1/AUTH_62fcca71cde949759a4314e4ee11741c/gnocchi.72c788f5-69f0-477c-bedd-10255e3c187c HTTP/1.0 201 - python-swiftclient-3.11.1 gAAAAABo3EFYhc4M... - - - tx2b0dc64d3ae1408c80f4e-0068dc4209 - 0.0301 - - 1759265289.487985373 1759265289.518056393 0
Sep 30 20:48:09 standalone container-server[129632]: 172.20.0.100 - - [30/Sep/2025:20:48:09 +0000] "HEAD /d1/431/AUTH_62fcca71cde949759a4314e4ee11741c/gnocchi.72c788f5-69f0-477c-bedd-10255e3c187c" 204 - "HEAD http://172.18.0.2:8080/v1/AUTH_62fcca71cde949759a4314e4ee11741c/gnocchi.72c788f5-69f0-477c-bedd-10255e3c187c?format=json&states=listing" "tx5f9dc69442b248b6ac064-0068dc4209" "proxy-server 20" 0.0021 "-" 19 0
Sep 30 20:48:09 standalone proxy-server[131714]: - - 30/Sep/2025/20/48/09 HEAD /v1/AUTH_62fcca71cde949759a4314e4ee11741c/gnocchi.72c788f5-69f0-477c-bedd-10255e3c187c%3Fformat%3Djson%26states%3Dlisting HTTP/1.0 204 - Swift - - - - tx5f9dc69442b248b6ac064-0068dc4209 - 0.0074 RL - 1759265289.524396181 1759265289.531813145 0
Sep 30 20:48:09 standalone container-server[129632]: 172.20.0.100 - - [30/Sep/2025:20:48:09 +0000] "GET /d1/431/AUTH_62fcca71cde949759a4314e4ee11741c/gnocchi.72c788f5-69f0-477c-bedd-10255e3c187c" 200 2 "GET http://172.18.0.2:8080/v1/AUTH_62fcca71cde949759a4314e4ee11741c/gnocchi.72c788f5-69f0-477c-bedd-10255e3c187c?format=json&states=listing" "tx5f9dc69442b248b6ac064-0068dc4209" "proxy-server 20" 0.0035 "-" 19 0
Sep 30 20:48:09 standalone proxy-server[131714]: 172.18.0.2 172.18.0.100 30/Sep/2025/20/48/09 GET /v1/AUTH_62fcca71cde949759a4314e4ee11741c/gnocchi.72c788f5-69f0-477c-bedd-10255e3c187c%3Fformat%3Djson%26states%3Dlisting HTTP/1.0 200 - python-swiftclient-3.11.1 gAAAAABo3EFYhc4M... - 2 - tx5f9dc69442b248b6ac064-0068dc4209 - 0.0209 - - 1759265289.522906065 1759265289.543800354 0
Sep 30 20:48:09 standalone object-server[129869]: 172.20.0.100 - - [30/Sep/2025:20:48:09 +0000] "GET /d1/384/AUTH_62fcca71cde949759a4314e4ee11741c/gnocchi.72c788f5-69f0-477c-bedd-10255e3c187c/1758240000.0_mean_300.0_v3" 404 70 "GET http://172.18.0.2:8080/v1/AUTH_62fcca71cde949759a4314e4ee11741c/gnocchi.72c788f5-69f0-477c-bedd-10255e3c187c/1758240000.0_mean_300.0_v3" "tx2f6930bbe20d4a2c8d02d-0068dc4209" "proxy-server 20" 0.0005 "-" 25 0
Sep 30 20:48:09 standalone proxy-server[131714]: 172.18.0.2 172.18.0.100 30/Sep/2025/20/48/09 GET /v1/AUTH_62fcca71cde949759a4314e4ee11741c/gnocchi.72c788f5-69f0-477c-bedd-10255e3c187c/1758240000.0_mean_300.0_v3 HTTP/1.0 404 - python-swiftclient-3.11.1 gAAAAABo3EFYhc4M... - 70 - tx2f6930bbe20d4a2c8d02d-0068dc4209 - 0.0079 - - 1759265289.548253298 1759265289.556181669 0
Sep 30 20:48:09 standalone container-server[129650]: 172.20.0.100 - - [30/Sep/2025:20:48:09 +0000] "PUT /d1/431/AUTH_62fcca71cde949759a4314e4ee11741c/gnocchi.72c788f5-69f0-477c-bedd-10255e3c187c/1758240000.0_mean_300.0_v3" 201 - "PUT http://172.18.0.2:8080/d1/384/AUTH_62fcca71cde949759a4314e4ee11741c/gnocchi.72c788f5-69f0-477c-bedd-10255e3c187c/1758240000.0_mean_300.0_v3" "txd47cc07fa58e42f09e29d-0068dc4209" "object-server 24" 0.0009 "-" 21 0
Sep 30 20:48:09 standalone object-server[129867]: 172.20.0.100 - - [30/Sep/2025:20:48:09 +0000] "PUT /d1/384/AUTH_62fcca71cde949759a4314e4ee11741c/gnocchi.72c788f5-69f0-477c-bedd-10255e3c187c/1758240000.0_mean_300.0_v3" 201 - "PUT http://172.18.0.2:8080/v1/AUTH_62fcca71cde949759a4314e4ee11741c/gnocchi.72c788f5-69f0-477c-bedd-10255e3c187c/1758240000.0_mean_300.0_v3" "txd47cc07fa58e42f09e29d-0068dc4209" "proxy-server 20" 0.0116 "-" 24 0
Sep 30 20:48:09 standalone proxy-server[131714]: 172.18.0.2 172.18.0.100 30/Sep/2025/20/48/09 PUT /v1/AUTH_62fcca71cde949759a4314e4ee11741c/gnocchi.72c788f5-69f0-477c-bedd-10255e3c187c/1758240000.0_mean_300.0_v3 HTTP/1.0 201 - python-swiftclient-3.11.1 gAAAAABo3EFYhc4M... 16 - - txd47cc07fa58e42f09e29d-0068dc4209 - 0.0195 - - 1759265289.559870958 1759265289.579398155 0
Sep 30 20:48:09 standalone container-server[129632]: 172.20.0.100 - - [30/Sep/2025:20:48:09 +0000] "PUT /d1/431/AUTH_62fcca71cde949759a4314e4ee11741c/gnocchi.72c788f5-69f0-477c-bedd-10255e3c187c/none_v3" 201 - "PUT http://172.18.0.2:8080/d1/194/AUTH_62fcca71cde949759a4314e4ee11741c/gnocchi.72c788f5-69f0-477c-bedd-10255e3c187c/none_v3" "txaee117aaa676430abd729-0068dc4209" "object-server 25" 0.0008 "-" 19 0
Sep 30 20:48:09 standalone object-server[129869]: 172.20.0.100 - - [30/Sep/2025:20:48:09 +0000] "PUT /d1/194/AUTH_62fcca71cde949759a4314e4ee11741c/gnocchi.72c788f5-69f0-477c-bedd-10255e3c187c/none_v3" 201 - "PUT http://172.18.0.2:8080/v1/AUTH_62fcca71cde949759a4314e4ee11741c/gnocchi.72c788f5-69f0-477c-bedd-10255e3c187c/none_v3" "txaee117aaa676430abd729-0068dc4209" "proxy-server 20" 0.0104 "-" 25 0
Sep 30 20:48:09 standalone proxy-server[131714]: 172.18.0.2 172.18.0.100 30/Sep/2025/20/48/09 PUT /v1/AUTH_62fcca71cde949759a4314e4ee11741c/gnocchi.72c788f5-69f0-477c-bedd-10255e3c187c/none_v3 HTTP/1.0 201 - python-swiftclient-3.11.1 gAAAAABo3EFYhc4M... 22 - - txaee117aaa676430abd729-0068dc4209 - 0.0185 - - 1759265289.584000111 1759265289.602500916 0
Sep 30 20:48:09 standalone container-server[129643]: 172.20.0.100 - - [30/Sep/2025:20:48:09 +0000] "HEAD /d1/118/AUTH_62fcca71cde949759a4314e4ee11741c/gnocchi.a84ce8d0-1f36-47c8-87cd-5ff4d4f4cffe" 404 - "HEAD http://172.18.0.2:8080/v1/AUTH_62fcca71cde949759a4314e4ee11741c/gnocchi.a84ce8d0-1f36-47c8-87cd-5ff4d4f4cffe?format=json&states=listing" "tx32d8459e84b74ad8ac341-0068dc4209" "proxy-server 20" 0.0003 "-" 20 0
Sep 30 20:48:09 standalone object-server[129865]: 172.20.0.100 - - [30/Sep/2025:20:48:09 +0000] "GET /d1/838/AUTH_62fcca71cde949759a4314e4ee11741c/gnocchi.a84ce8d0-1f36-47c8-87cd-5ff4d4f4cffe/none_v3" 404 70 "GET http://172.18.0.2:8080/v1/AUTH_62fcca71cde949759a4314e4ee11741c/gnocchi.a84ce8d0-1f36-47c8-87cd-5ff4d4f4cffe/none_v3" "tx32d8459e84b74ad8ac341-0068dc4209" "proxy-server 20" 0.0004 "-" 23 0
Sep 30 20:48:09 standalone proxy-server[131714]: 172.18.0.2 172.18.0.100 30/Sep/2025/20/48/09 GET /v1/AUTH_62fcca71cde949759a4314e4ee11741c/gnocchi.a84ce8d0-1f36-47c8-87cd-5ff4d4f4cffe/none_v3 HTTP/1.0 404 - python-swiftclient-3.11.1 gAAAAABo3EFYhc4M... - 70 - tx32d8459e84b74ad8ac341-0068dc4209 - 0.0122 - - 1759265289.611508131 1759265289.623684406 0
Sep 30 20:48:09 standalone account-server[129540]: 172.20.0.100 - - [30/Sep/2025:20:48:09 +0000] "PUT /d1/206/AUTH_62fcca71cde949759a4314e4ee11741c/gnocchi.a84ce8d0-1f36-47c8-87cd-5ff4d4f4cffe" 201 - "PUT http://172.20.0.100:6001/d1/118/AUTH_62fcca71cde949759a4314e4ee11741c/gnocchi.a84ce8d0-1f36-47c8-87cd-5ff4d4f4cffe" "tx29bb64ac8d57430f9c490-0068dc4209" "container-server 19" 0.0056 "-" 15 0
Sep 30 20:48:09 standalone container-server[129632]: 172.20.0.100 - - [30/Sep/2025:20:48:09 +0000] "PUT /d1/118/AUTH_62fcca71cde949759a4314e4ee11741c/gnocchi.a84ce8d0-1f36-47c8-87cd-5ff4d4f4cffe" 201 - "PUT http://172.18.0.2:8080/v1/AUTH_62fcca71cde949759a4314e4ee11741c/gnocchi.a84ce8d0-1f36-47c8-87cd-5ff4d4f4cffe" "tx29bb64ac8d57430f9c490-0068dc4209" "proxy-server 20" 0.0177 "-" 19 0
Sep 30 20:48:09 standalone proxy-server[131714]: 172.18.0.2 172.18.0.100 30/Sep/2025/20/48/09 PUT /v1/AUTH_62fcca71cde949759a4314e4ee11741c/gnocchi.a84ce8d0-1f36-47c8-87cd-5ff4d4f4cffe HTTP/1.0 201 - python-swiftclient-3.11.1 gAAAAABo3EFYhc4M... - - - tx29bb64ac8d57430f9c490-0068dc4209 - 0.0243 - - 1759265289.626281977 1759265289.650615215 0
Sep 30 20:48:09 standalone container-server[129643]: 172.20.0.100 - - [30/Sep/2025:20:48:09 +0000] "HEAD /d1/118/AUTH_62fcca71cde949759a4314e4ee11741c/gnocchi.a84ce8d0-1f36-47c8-87cd-5ff4d4f4cffe" 204 - "HEAD http://172.18.0.2:8080/v1/AUTH_62fcca71cde949759a4314e4ee11741c/gnocchi.a84ce8d0-1f36-47c8-87cd-5ff4d4f4cffe?format=json&states=listing" "txec626d326025407082c32-0068dc4209" "proxy-server 20" 0.0022 "-" 20 0
Sep 30 20:48:09 standalone proxy-server[131714]: - - 30/Sep/2025/20/48/09 HEAD /v1/AUTH_62fcca71cde949759a4314e4ee11741c/gnocchi.a84ce8d0-1f36-47c8-87cd-5ff4d4f4cffe%3Fformat%3Djson%26states%3Dlisting HTTP/1.0 204 - Swift - - - - txec626d326025407082c32-0068dc4209 - 0.0063 RL - 1759265289.656821251 1759265289.663127661 0
Sep 30 20:48:09 standalone container-server[129643]: 172.20.0.100 - - [30/Sep/2025:20:48:09 +0000] "GET /d1/118/AUTH_62fcca71cde949759a4314e4ee11741c/gnocchi.a84ce8d0-1f36-47c8-87cd-5ff4d4f4cffe" 200 2 "GET http://172.18.0.2:8080/v1/AUTH_62fcca71cde949759a4314e4ee11741c/gnocchi.a84ce8d0-1f36-47c8-87cd-5ff4d4f4cffe?format=json&states=listing" "txec626d326025407082c32-0068dc4209" "proxy-server 20" 0.0031 "-" 20 0
Sep 30 20:48:09 standalone proxy-server[131714]: 172.18.0.2 172.18.0.100 30/Sep/2025/20/48/09 GET /v1/AUTH_62fcca71cde949759a4314e4ee11741c/gnocchi.a84ce8d0-1f36-47c8-87cd-5ff4d4f4cffe%3Fformat%3Djson%26states%3Dlisting HTTP/1.0 200 - python-swiftclient-3.11.1 gAAAAABo3EFYhc4M... - 2 - txec626d326025407082c32-0068dc4209 - 0.0201 - - 1759265289.654708147 1759265289.674841166 0
Sep 30 20:48:09 standalone object-server[129865]: 172.20.0.100 - - [30/Sep/2025:20:48:09 +0000] "GET /d1/778/AUTH_62fcca71cde949759a4314e4ee11741c/gnocchi.a84ce8d0-1f36-47c8-87cd-5ff4d4f4cffe/1758240000.0_mean_300.0_v3" 404 70 "GET http://172.18.0.2:8080/v1/AUTH_62fcca71cde949759a4314e4ee11741c/gnocchi.a84ce8d0-1f36-47c8-87cd-5ff4d4f4cffe/1758240000.0_mean_300.0_v3" "tx6c93b88cd7cb4208a6777-0068dc4209" "proxy-server 20" 0.0005 "-" 23 0
Sep 30 20:48:09 standalone proxy-server[131714]: 172.18.0.2 172.18.0.100 30/Sep/2025/20/48/09 GET /v1/AUTH_62fcca71cde949759a4314e4ee11741c/gnocchi.a84ce8d0-1f36-47c8-87cd-5ff4d4f4cffe/1758240000.0_mean_300.0_v3 HTTP/1.0 404 - python-swiftclient-3.11.1 gAAAAABo3EFYhc4M... - 70 - tx6c93b88cd7cb4208a6777-0068dc4209 - 0.0079 - - 1759265289.679248810 1759265289.687176228 0
Sep 30 20:48:09 standalone container-server[129650]: 172.20.0.100 - - [30/Sep/2025:20:48:09 +0000] "PUT /d1/118/AUTH_62fcca71cde949759a4314e4ee11741c/gnocchi.a84ce8d0-1f36-47c8-87cd-5ff4d4f4cffe/1758240000.0_mean_300.0_v3" 201 - "PUT http://172.18.0.2:8080/d1/778/AUTH_62fcca71cde949759a4314e4ee11741c/gnocchi.a84ce8d0-1f36-47c8-87cd-5ff4d4f4cffe/1758240000.0_mean_300.0_v3" "txa8d4d22d13f3402c84b48-0068dc4209" "object-server 22" 0.0009 "-" 21 0
Sep 30 20:48:09 standalone object-server[129863]: 172.20.0.100 - - [30/Sep/2025:20:48:09 +0000] "PUT /d1/778/AUTH_62fcca71cde949759a4314e4ee11741c/gnocchi.a84ce8d0-1f36-47c8-87cd-5ff4d4f4cffe/1758240000.0_mean_300.0_v3" 201 - "PUT http://172.18.0.2:8080/v1/AUTH_62fcca71cde949759a4314e4ee11741c/gnocchi.a84ce8d0-1f36-47c8-87cd-5ff4d4f4cffe/1758240000.0_mean_300.0_v3" "txa8d4d22d13f3402c84b48-0068dc4209" "proxy-server 20" 0.0120 "-" 22 0
Sep 30 20:48:09 standalone proxy-server[131714]: 172.18.0.2 172.18.0.100 30/Sep/2025/20/48/09 PUT /v1/AUTH_62fcca71cde949759a4314e4ee11741c/gnocchi.a84ce8d0-1f36-47c8-87cd-5ff4d4f4cffe/1758240000.0_mean_300.0_v3 HTTP/1.0 201 - python-swiftclient-3.11.1 gAAAAABo3EFYhc4M... 16 - - txa8d4d22d13f3402c84b48-0068dc4209 - 0.0199 - - 1759265289.690757275 1759265289.710706472 0
Sep 30 20:48:09 standalone container-server[129650]: 172.20.0.100 - - [30/Sep/2025:20:48:09 +0000] "PUT /d1/118/AUTH_62fcca71cde949759a4314e4ee11741c/gnocchi.a84ce8d0-1f36-47c8-87cd-5ff4d4f4cffe/none_v3" 201 - "PUT http://172.18.0.2:8080/d1/838/AUTH_62fcca71cde949759a4314e4ee11741c/gnocchi.a84ce8d0-1f36-47c8-87cd-5ff4d4f4cffe/none_v3" "txe0c825bb93164a7da83f3-0068dc4209" "object-server 23" 0.0005 "-" 21 0
Sep 30 20:48:09 standalone object-server[129865]: 172.20.0.100 - - [30/Sep/2025:20:48:09 +0000] "PUT /d1/838/AUTH_62fcca71cde949759a4314e4ee11741c/gnocchi.a84ce8d0-1f36-47c8-87cd-5ff4d4f4cffe/none_v3" 201 - "PUT http://172.18.0.2:8080/v1/AUTH_62fcca71cde949759a4314e4ee11741c/gnocchi.a84ce8d0-1f36-47c8-87cd-5ff4d4f4cffe/none_v3" "txe0c825bb93164a7da83f3-0068dc4209" "proxy-server 20" 0.0118 "-" 23 0
Sep 30 20:48:09 standalone proxy-server[131714]: 172.18.0.2 172.18.0.100 30/Sep/2025/20/48/09 PUT /v1/AUTH_62fcca71cde949759a4314e4ee11741c/gnocchi.a84ce8d0-1f36-47c8-87cd-5ff4d4f4cffe/none_v3 HTTP/1.0 201 - python-swiftclient-3.11.1 gAAAAABo3EFYhc4M... 22 - - txe0c825bb93164a7da83f3-0068dc4209 - 0.0195 - - 1759265289.714383602 1759265289.733858824 0
Sep 30 20:48:09 standalone container-server[129643]: 172.20.0.100 - - [30/Sep/2025:20:48:09 +0000] "HEAD /d1/528/AUTH_62fcca71cde949759a4314e4ee11741c/gnocchi.7e7a3150-62d5-4d96-8180-b0b60158bc7f" 404 - "HEAD http://172.18.0.2:8080/v1/AUTH_62fcca71cde949759a4314e4ee11741c/gnocchi.7e7a3150-62d5-4d96-8180-b0b60158bc7f?format=json&states=listing" "txbaddc0d05379484a829f8-0068dc4209" "proxy-server 20" 0.0004 "-" 20 0
Sep 30 20:48:09 standalone object-server[129867]: 172.20.0.100 - - [30/Sep/2025:20:48:09 +0000] "GET /d1/311/AUTH_62fcca71cde949759a4314e4ee11741c/gnocchi.7e7a3150-62d5-4d96-8180-b0b60158bc7f/none_v3" 404 70 "GET http://172.18.0.2:8080/v1/AUTH_62fcca71cde949759a4314e4ee11741c/gnocchi.7e7a3150-62d5-4d96-8180-b0b60158bc7f/none_v3" "txbaddc0d05379484a829f8-0068dc4209" "proxy-server 20" 0.0005 "-" 24 0
Sep 30 20:48:09 standalone proxy-server[131714]: 172.18.0.2 172.18.0.100 30/Sep/2025/20/48/09 GET /v1/AUTH_62fcca71cde949759a4314e4ee11741c/gnocchi.7e7a3150-62d5-4d96-8180-b0b60158bc7f/none_v3 HTTP/1.0 404 - python-swiftclient-3.11.1 gAAAAABo3EFYhc4M... - 70 - txbaddc0d05379484a829f8-0068dc4209 - 0.0144 - - 1759265289.744897842 1759265289.759273529 0
