Feb 26 17:00:52 standalone proxy-server[130472]: 172.18.0.2 172.18.0.100 26/Feb/2026/17/00/52 PUT /v1/AUTH_7ad7272b45f54cd48b8ab7b0e30649be/gnocchi.2588e0cd-a5bb-4bbf-bc3d-98994f91582a/1771200000.0_mean_300.0_v3 HTTP/1.0 201 - python-swiftclient-3.11.1 gAAAAABpoHwA3cQa... 16 - - tx5332c76d3a4e4ce2bc639-0069a07c44 - 0.0746 - - 1772125252.330012321 1772125252.404577017 0
Feb 26 17:00:52 standalone container-server[128453]: 172.20.0.100 - - [26/Feb/2026:17:00:52 +0000] "PUT /d1/305/AUTH_7ad7272b45f54cd48b8ab7b0e30649be/gnocchi.2588e0cd-a5bb-4bbf-bc3d-98994f91582a/none_v3" 201 - "PUT http://172.18.0.2:8080/d1/92/AUTH_7ad7272b45f54cd48b8ab7b0e30649be/gnocchi.2588e0cd-a5bb-4bbf-bc3d-98994f91582a/none_v3" "tx27c2de5e629f42bf8538b-0069a07c44" "object-server 24" 0.0009 "-" 16 0
Feb 26 17:00:52 standalone object-server[128667]: 172.20.0.100 - - [26/Feb/2026:17:00:52 +0000] "PUT /d1/92/AUTH_7ad7272b45f54cd48b8ab7b0e30649be/gnocchi.2588e0cd-a5bb-4bbf-bc3d-98994f91582a/none_v3" 201 - "PUT http://172.18.0.2:8080/v1/AUTH_7ad7272b45f54cd48b8ab7b0e30649be/gnocchi.2588e0cd-a5bb-4bbf-bc3d-98994f91582a/none_v3" "tx27c2de5e629f42bf8538b-0069a07c44" "proxy-server 20" 0.0119 "-" 24 0
Feb 26 17:00:52 standalone proxy-server[130472]: 172.18.0.2 172.18.0.100 26/Feb/2026/17/00/52 PUT /v1/AUTH_7ad7272b45f54cd48b8ab7b0e30649be/gnocchi.2588e0cd-a5bb-4bbf-bc3d-98994f91582a/none_v3 HTTP/1.0 201 - python-swiftclient-3.11.1 gAAAAABpoHwA3cQa... 22 - - tx27c2de5e629f42bf8538b-0069a07c44 - 0.0183 - - 1772125252.410055161 1772125252.428342342 0
Feb 26 17:00:52 standalone container-server[128431]: 172.20.0.100 - - [26/Feb/2026:17:00:52 +0000] "HEAD /d1/992/AUTH_7ad7272b45f54cd48b8ab7b0e30649be/gnocchi.08978f5b-5bfa-4f73-ad82-77d611d59634" 404 - "HEAD http://172.18.0.2:8080/v1/AUTH_7ad7272b45f54cd48b8ab7b0e30649be/gnocchi.08978f5b-5bfa-4f73-ad82-77d611d59634?format=json&states=listing" "tx7a23c9c76eaf496ca7ada-0069a07c44" "proxy-server 20" 0.0004 "-" 14 0
Feb 26 17:00:52 standalone object-server[128668]: 172.20.0.100 - - [26/Feb/2026:17:00:52 +0000] "GET /d1/139/AUTH_7ad7272b45f54cd48b8ab7b0e30649be/gnocchi.08978f5b-5bfa-4f73-ad82-77d611d59634/none_v3" 404 70 "GET http://172.18.0.2:8080/v1/AUTH_7ad7272b45f54cd48b8ab7b0e30649be/gnocchi.08978f5b-5bfa-4f73-ad82-77d611d59634/none_v3" "tx7a23c9c76eaf496ca7ada-0069a07c44" "proxy-server 20" 0.0005 "-" 25 0
Feb 26 17:00:52 standalone proxy-server[130472]: 172.18.0.2 172.18.0.100 26/Feb/2026/17/00/52 GET /v1/AUTH_7ad7272b45f54cd48b8ab7b0e30649be/gnocchi.08978f5b-5bfa-4f73-ad82-77d611d59634/none_v3 HTTP/1.0 404 - python-swiftclient-3.11.1 gAAAAABpoHwA3cQa... - 70 - tx7a23c9c76eaf496ca7ada-0069a07c44 - 0.0099 - - 1772125252.453962326 1772125252.463896513 0
Feb 26 17:00:52 standalone account-server[128467]: 172.20.0.100 - - [26/Feb/2026:17:00:52 +0000] "PUT /d1/909/AUTH_7ad7272b45f54cd48b8ab7b0e30649be/gnocchi.08978f5b-5bfa-4f73-ad82-77d611d59634" 201 - "PUT http://172.20.0.100:6001/d1/992/AUTH_7ad7272b45f54cd48b8ab7b0e30649be/gnocchi.08978f5b-5bfa-4f73-ad82-77d611d59634" "tx20e5e9adbd7949b0bf944-0069a07c44" "container-server 14" 0.0064 "-" 22 0
Feb 26 17:00:52 standalone container-server[128431]: 172.20.0.100 - - [26/Feb/2026:17:00:52 +0000] "PUT /d1/992/AUTH_7ad7272b45f54cd48b8ab7b0e30649be/gnocchi.08978f5b-5bfa-4f73-ad82-77d611d59634" 201 - "PUT http://172.18.0.2:8080/v1/AUTH_7ad7272b45f54cd48b8ab7b0e30649be/gnocchi.08978f5b-5bfa-4f73-ad82-77d611d59634" "tx20e5e9adbd7949b0bf944-0069a07c44" "proxy-server 20" 0.0169 "-" 14 0
Feb 26 17:00:52 standalone proxy-server[130472]: 172.18.0.2 172.18.0.100 26/Feb/2026/17/00/52 PUT /v1/AUTH_7ad7272b45f54cd48b8ab7b0e30649be/gnocchi.08978f5b-5bfa-4f73-ad82-77d611d59634 HTTP/1.0 201 - python-swiftclient-3.11.1 gAAAAABpoHwA3cQa... - - - tx20e5e9adbd7949b0bf944-0069a07c44 - 0.0214 - - 1772125252.472312689 1772125252.493748903 0
Feb 26 17:00:52 standalone container-server[128453]: 172.20.0.100 - - [26/Feb/2026:17:00:52 +0000] "HEAD /d1/992/AUTH_7ad7272b45f54cd48b8ab7b0e30649be/gnocchi.08978f5b-5bfa-4f73-ad82-77d611d59634" 204 - "HEAD http://172.18.0.2:8080/v1/AUTH_7ad7272b45f54cd48b8ab7b0e30649be/gnocchi.08978f5b-5bfa-4f73-ad82-77d611d59634?format=json&states=listing" "tx4029c8802c684d70a65f2-0069a07c44" "proxy-server 20" 0.0017 "-" 16 0
Feb 26 17:00:52 standalone proxy-server[130472]: - - 26/Feb/2026/17/00/52 HEAD /v1/AUTH_7ad7272b45f54cd48b8ab7b0e30649be/gnocchi.08978f5b-5bfa-4f73-ad82-77d611d59634%3Fformat%3Djson%26states%3Dlisting HTTP/1.0 204 - Swift - - - - tx4029c8802c684d70a65f2-0069a07c44 - 0.0046 RL - 1772125252.497419596 1772125252.501983404 0
Feb 26 17:00:52 standalone container-server[128459]: 172.20.0.100 - - [26/Feb/2026:17:00:52 +0000] "GET /d1/992/AUTH_7ad7272b45f54cd48b8ab7b0e30649be/gnocchi.08978f5b-5bfa-4f73-ad82-77d611d59634" 200 2 "GET http://172.18.0.2:8080/v1/AUTH_7ad7272b45f54cd48b8ab7b0e30649be/gnocchi.08978f5b-5bfa-4f73-ad82-77d611d59634?format=json&states=listing" "tx4029c8802c684d70a65f2-0069a07c44" "proxy-server 20" 0.0028 "-" 17 0
Feb 26 17:00:52 standalone proxy-server[130472]: 172.18.0.2 172.18.0.100 26/Feb/2026/17/00/52 GET /v1/AUTH_7ad7272b45f54cd48b8ab7b0e30649be/gnocchi.08978f5b-5bfa-4f73-ad82-77d611d59634%3Fformat%3Djson%26states%3Dlisting HTTP/1.0 200 - python-swiftclient-3.11.1 gAAAAABpoHwA3cQa... - 2 - tx4029c8802c684d70a65f2-0069a07c44 - 0.0139 - - 1772125252.496543646 1772125252.510439396 0
Feb 26 17:00:52 standalone object-server[128667]: 172.20.0.100 - - [26/Feb/2026:17:00:52 +0000] "GET /d1/650/AUTH_7ad7272b45f54cd48b8ab7b0e30649be/gnocchi.08978f5b-5bfa-4f73-ad82-77d611d59634/1771200000.0_mean_300.0_v3" 404 70 "GET http://172.18.0.2:8080/v1/AUTH_7ad7272b45f54cd48b8ab7b0e30649be/gnocchi.08978f5b-5bfa-4f73-ad82-77d611d59634/1771200000.0_mean_300.0_v3" "tx9d3a4015e4e04d4680351-0069a07c44" "proxy-server 20" 0.0004 "-" 24 0
Feb 26 17:00:52 standalone proxy-server[130472]: 172.18.0.2 172.18.0.100 26/Feb/2026/17/00/52 GET /v1/AUTH_7ad7272b45f54cd48b8ab7b0e30649be/gnocchi.08978f5b-5bfa-4f73-ad82-77d611d59634/1771200000.0_mean_300.0_v3 HTTP/1.0 404 - python-swiftclient-3.11.1 gAAAAABpoHwA3cQa... - 70 - tx9d3a4015e4e04d4680351-0069a07c44 - 0.0049 - - 1772125252.514988184 1772125252.519913435 0
Feb 26 17:00:52 standalone container-server[128443]: 172.20.0.100 - - [26/Feb/2026:17:00:52 +0000] "PUT /d1/992/AUTH_7ad7272b45f54cd48b8ab7b0e30649be/gnocchi.08978f5b-5bfa-4f73-ad82-77d611d59634/1771200000.0_mean_300.0_v3" 201 - "PUT http://172.18.0.2:8080/d1/650/AUTH_7ad7272b45f54cd48b8ab7b0e30649be/gnocchi.08978f5b-5bfa-4f73-ad82-77d611d59634/1771200000.0_mean_300.0_v3" "tx8f087a10c3b04a15b522b-0069a07c44" "object-server 25" 0.0005 "-" 15 0
Feb 26 17:00:52 standalone object-server[128668]: 172.20.0.100 - - [26/Feb/2026:17:00:52 +0000] "PUT /d1/650/AUTH_7ad7272b45f54cd48b8ab7b0e30649be/gnocchi.08978f5b-5bfa-4f73-ad82-77d611d59634/1771200000.0_mean_300.0_v3" 201 - "PUT http://172.18.0.2:8080/v1/AUTH_7ad7272b45f54cd48b8ab7b0e30649be/gnocchi.08978f5b-5bfa-4f73-ad82-77d611d59634/1771200000.0_mean_300.0_v3" "tx8f087a10c3b04a15b522b-0069a07c44" "proxy-server 20" 0.0160 "-" 25 0
Feb 26 17:00:52 standalone proxy-server[130472]: 172.18.0.2 172.18.0.100 26/Feb/2026/17/00/52 PUT /v1/AUTH_7ad7272b45f54cd48b8ab7b0e30649be/gnocchi.08978f5b-5bfa-4f73-ad82-77d611d59634/1771200000.0_mean_300.0_v3 HTTP/1.0 201 - python-swiftclient-3.11.1 gAAAAABpoHwA3cQa... 16 - - tx8f087a10c3b04a15b522b-0069a07c44 - 0.0219 - - 1772125252.522797585 1772125252.544729948 0
Feb 26 17:00:52 standalone container-server[128453]: 172.20.0.100 - - [26/Feb/2026:17:00:52 +0000] "PUT /d1/992/AUTH_7ad7272b45f54cd48b8ab7b0e30649be/gnocchi.08978f5b-5bfa-4f73-ad82-77d611d59634/none_v3" 201 - "PUT http://172.18.0.2:8080/d1/139/AUTH_7ad7272b45f54cd48b8ab7b0e30649be/gnocchi.08978f5b-5bfa-4f73-ad82-77d611d59634/none_v3" "txffea3780ad9342b6b0070-0069a07c44" "object-server 23" 0.0011 "-" 16 0
Feb 26 17:00:52 standalone object-server[128666]: 172.20.0.100 - - [26/Feb/2026:17:00:52 +0000] "PUT /d1/139/AUTH_7ad7272b45f54cd48b8ab7b0e30649be/gnocchi.08978f5b-5bfa-4f73-ad82-77d611d59634/none_v3" 201 - "PUT http://172.18.0.2:8080/v1/AUTH_7ad7272b45f54cd48b8ab7b0e30649be/gnocchi.08978f5b-5bfa-4f73-ad82-77d611d59634/none_v3" "txffea3780ad9342b6b0070-0069a07c44" "proxy-server 20" 0.0164 "-" 23 0
Feb 26 17:00:52 standalone proxy-server[130472]: 172.18.0.2 172.18.0.100 26/Feb/2026/17/00/52 PUT /v1/AUTH_7ad7272b45f54cd48b8ab7b0e30649be/gnocchi.08978f5b-5bfa-4f73-ad82-77d611d59634/none_v3 HTTP/1.0 201 - python-swiftclient-3.11.1 gAAAAABpoHwA3cQa... 22 - - txffea3780ad9342b6b0070-0069a07c44 - 0.0217 - - 1772125252.550122499 1772125252.571797609 0
Feb 26 17:00:52 standalone container-server[128459]: 172.20.0.100 - - [26/Feb/2026:17:00:52 +0000] "HEAD /d1/763/AUTH_7ad7272b45f54cd48b8ab7b0e30649be/gnocchi.914fac53-dc2c-4878-a14c-96b802b596d6" 404 - "HEAD http://172.18.0.2:8080/v1/AUTH_7ad7272b45f54cd48b8ab7b0e30649be/gnocchi.914fac53-dc2c-4878-a14c-96b802b596d6?format=json&states=listing" "tx07258fd69cee4931817cb-0069a07c44" "proxy-server 20" 0.0006 "-" 17 0
Feb 26 17:00:52 standalone object-server[128667]: 172.20.0.100 - - [26/Feb/2026:17:00:52 +0000] "GET /d1/173/AUTH_7ad7272b45f54cd48b8ab7b0e30649be/gnocchi.914fac53-dc2c-4878-a14c-96b802b596d6/none_v3" 404 70 "GET http://172.18.0.2:8080/v1/AUTH_7ad7272b45f54cd48b8ab7b0e30649be/gnocchi.914fac53-dc2c-4878-a14c-96b802b596d6/none_v3" "tx07258fd69cee4931817cb-0069a07c44" "proxy-server 20" 0.0004 "-" 24 0
Feb 26 17:00:52 standalone proxy-server[130472]: 172.18.0.2 172.18.0.100 26/Feb/2026/17/00/52 GET /v1/AUTH_7ad7272b45f54cd48b8ab7b0e30649be/gnocchi.914fac53-dc2c-4878-a14c-96b802b596d6/none_v3 HTTP/1.0 404 - python-swiftclient-3.11.1 gAAAAABpoHwA3cQa... - 70 - tx07258fd69cee4931817cb-0069a07c44 - 0.0106 - - 1772125252.628698349 1772125252.639348030 0
Feb 26 17:00:52 standalone account-server[128454]: 172.20.0.100 - - [26/Feb/2026:17:00:52 +0000] "PUT /d1/909/AUTH_7ad7272b45f54cd48b8ab7b0e30649be/gnocchi.914fac53-dc2c-4878-a14c-96b802b596d6" 201 - "PUT http://172.20.0.100:6001/d1/763/AUTH_7ad7272b45f54cd48b8ab7b0e30649be/gnocchi.914fac53-dc2c-4878-a14c-96b802b596d6" "txb076c5d803ab425b9efc4-0069a07c44" "container-server 17" 0.0052 "-" 20 0
Feb 26 17:00:52 standalone container-server[128459]: 172.20.0.100 - - [26/Feb/2026:17:00:52 +0000] "PUT /d1/763/AUTH_7ad7272b45f54cd48b8ab7b0e30649be/gnocchi.914fac53-dc2c-4878-a14c-96b802b596d6" 201 - "PUT http://172.18.0.2:8080/v1/AUTH_7ad7272b45f54cd48b8ab7b0e30649be/gnocchi.914fac53-dc2c-4878-a14c-96b802b596d6" "txb076c5d803ab425b9efc4-0069a07c44" "proxy-server 20" 0.0158 "-" 17 0
Feb 26 17:00:52 standalone proxy-server[130472]: 172.18.0.2 172.18.0.100 26/Feb/2026/17/00/52 PUT /v1/AUTH_7ad7272b45f54cd48b8ab7b0e30649be/gnocchi.914fac53-dc2c-4878-a14c-96b802b596d6 HTTP/1.0 201 - python-swiftclient-3.11.1 gAAAAABpoHwA3cQa... - - - txb076c5d803ab425b9efc4-0069a07c44 - 0.0207 - - 1772125252.641956091 1772125252.662703991 0
Feb 26 17:00:52 standalone container-server[128443]: 172.20.0.100 - - [26/Feb/2026:17:00:52 +0000] "HEAD /d1/763/AUTH_7ad7272b45f54cd48b8ab7b0e30649be/gnocchi.914fac53-dc2c-4878-a14c-96b802b596d6" 204 - "HEAD http://172.18.0.2:8080/v1/AUTH_7ad7272b45f54cd48b8ab7b0e30649be/gnocchi.914fac53-dc2c-4878-a14c-96b802b596d6?format=json&states=listing" "txfa7c7370c93844f6b8090-0069a07c44" "proxy-server 20" 0.0011 "-" 15 0
Feb 26 17:00:52 standalone proxy-server[130472]: - - 26/Feb/2026/17/00/52 HEAD /v1/AUTH_7ad7272b45f54cd48b8ab7b0e30649be/gnocchi.914fac53-dc2c-4878-a14c-96b802b596d6%3Fformat%3Djson%26states%3Dlisting HTTP/1.0 204 - Swift - - - - txfa7c7370c93844f6b8090-0069a07c44 - 0.0047 RL - 1772125252.667837381 1772125252.672533512 0
Feb 26 17:00:52 standalone container-server[128443]: 172.20.0.100 - - [26/Feb/2026:17:00:52 +0000] "GET /d1/763/AUTH_7ad7272b45f54cd48b8ab7b0e30649be/gnocchi.914fac53-dc2c-4878-a14c-96b802b596d6" 200 2 "GET http://172.18.0.2:8080/v1/AUTH_7ad7272b45f54cd48b8ab7b0e30649be/gnocchi.914fac53-dc2c-4878-a14c-96b802b596d6?format=json&states=listing" "txfa7c7370c93844f6b8090-0069a07c44" "proxy-server 20" 0.0015 "-" 15 0
Feb 26 17:00:52 standalone proxy-server[130472]: 172.18.0.2 172.18.0.100 26/Feb/2026/17/00/52 GET /v1/AUTH_7ad7272b45f54cd48b8ab7b0e30649be/gnocchi.914fac53-dc2c-4878-a14c-96b802b596d6%3Fformat%3Djson%26states%3Dlisting HTTP/1.0 200 - python-swiftclient-3.11.1 gAAAAABpoHwA3cQa... - 2 - txfa7c7370c93844f6b8090-0069a07c44 - 0.0133 - - 1772125252.666553020 1772125252.679869652 0
Feb 26 17:00:52 standalone object-server[128665]: 172.20.0.100 - - [26/Feb/2026:17:00:52 +0000] "GET /d1/468/AUTH_7ad7272b45f54cd48b8ab7b0e30649be/gnocchi.914fac53-dc2c-4878-a14c-96b802b596d6/1771200000.0_mean_300.0_v3" 404 70 "GET http://172.18.0.2:8080/v1/AUTH_7ad7272b45f54cd48b8ab7b0e30649be/gnocchi.914fac53-dc2c-4878-a14c-96b802b596d6/1771200000.0_mean_300.0_v3" "tx625f24ae341047bbb7d50-0069a07c44" "proxy-server 20" 0.0003 "-" 22 0
Feb 26 17:00:52 standalone proxy-server[130472]: 172.18.0.2 172.18.0.100 26/Feb/2026/17/00/52 GET /v1/AUTH_7ad7272b45f54cd48b8ab7b0e30649be/gnocchi.914fac53-dc2c-4878-a14c-96b802b596d6/1771200000.0_mean_300.0_v3 HTTP/1.0 404 - python-swiftclient-3.11.1 gAAAAABpoHwA3cQa... - 70 - tx625f24ae341047bbb7d50-0069a07c44 - 0.0065 - - 1772125252.684200764 1772125252.690687418 0
Feb 26 17:00:52 standalone container-server[128431]: 172.20.0.100 - - [26/Feb/2026:17:00:52 +0000] "PUT /d1/763/AUTH_7ad7272b45f54cd48b8ab7b0e30649be/gnocchi.914fac53-dc2c-4878-a14c-96b802b596d6/1771200000.0_mean_300.0_v3" 201 - "PUT http://172.18.0.2:8080/d1/468/AUTH_7ad7272b45f54cd48b8ab7b0e30649be/gnocchi.914fac53-dc2c-4878-a14c-96b802b596d6/1771200000.0_mean_300.0_v3" "txc77c0ba9a7154acfa4ac9-0069a07c44" "object-server 23" 0.0004 "-" 14 0
Feb 26 17:00:52 standalone object-server[128666]: 172.20.0.100 - - [26/Feb/2026:17:00:52 +0000] "PUT /d1/468/AUTH_7ad7272b45f54cd48b8ab7b0e30649be/gnocchi.914fac53-dc2c-4878-a14c-96b802b596d6/1771200000.0_mean_300.0_v3" 201 - "PUT http://172.18.0.2:8080/v1/AUTH_7ad7272b45f54cd48b8ab7b0e30649be/gnocchi.914fac53-dc2c-4878-a14c-96b802b596d6/1771200000.0_mean_300.0_v3" "txc77c0ba9a7154acfa4ac9-0069a07c44" "proxy-server 20" 0.0114 "-" 23 0
Feb 26 17:00:52 standalone proxy-server[130472]: 172.18.0.2 172.18.0.100 26/Feb/2026/17/00/52 PUT /v1/AUTH_7ad7272b45f54cd48b8ab7b0e30649be/gnocchi.914fac53-dc2c-4878-a14c-96b802b596d6/1771200000.0_mean_300.0_v3 HTTP/1.0 201 - python-swiftclient-3.11.1 gAAAAABpoHwA3cQa... 16 - - txc77c0ba9a7154acfa4ac9-0069a07c44 - 0.0196 - - 1772125252.694757700 1772125252.714337826 0
Feb 26 17:00:52 standalone container-server[128459]: 172.20.0.100 - - [26/Feb/2026:17:00:52 +0000] "PUT /d1/763/AUTH_7ad7272b45f54cd48b8ab7b0e30649be/gnocchi.914fac53-dc2c-4878-a14c-96b802b596d6/none_v3" 201 - "PUT http://172.18.0.2:8080/d1/173/AUTH_7ad7272b45f54cd48b8ab7b0e30649be/gnocchi.914fac53-dc2c-4878-a14c-96b802b596d6/none_v3" "tx2990ae2de9b04ead8b539-0069a07c44" "object-server 23" 0.0006 "-" 17 0
Feb 26 17:00:52 standalone object-server[128666]: 172.20.0.100 - - [26/Feb/2026:17:00:52 +0000] "PUT /d1/173/AUTH_7ad7272b45f54cd48b8ab7b0e30649be/gnocchi.914fac53-dc2c-4878-a14c-96b802b596d6/none_v3" 201 - "PUT http://172.18.0.2:8080/v1/AUTH_7ad7272b45f54cd48b8ab7b0e30649be/gnocchi.914fac53-dc2c-4878-a14c-96b802b596d6/none_v3" "tx2990ae2de9b04ead8b539-0069a07c44" "proxy-server 20" 0.0095 "-" 23 0
Feb 26 17:00:52 standalone proxy-server[130472]: 172.18.0.2 172.18.0.100 26/Feb/2026/17/00/52 PUT /v1/AUTH_7ad7272b45f54cd48b8ab7b0e30649be/gnocchi.914fac53-dc2c-4878-a14c-96b802b596d6/none_v3 HTTP/1.0 201 - python-swiftclient-3.11.1 gAAAAABpoHwA3cQa... 22 - - tx2990ae2de9b04ead8b539-0069a07c44 - 0.0148 - - 1772125252.717390537 1772125252.732166290 0
Feb 26 17:00:52 standalone container-server[128431]: 172.20.0.100 - - [26/Feb/2026:17:00:52 +0000] "HEAD /d1/924/AUTH_7ad7272b45f54cd48b8ab7b0e30649be/gnocchi.10490257-635c-4e62-a81b-bdbe62d76af7" 404 - "HEAD http://172.18.0.2:8080/v1/AUTH_7ad7272b45f54cd48b8ab7b0e30649be/gnocchi.10490257-635c-4e62-a81b-bdbe62d76af7?format=json&states=listing" "txc6215093cd084e07979c7-0069a07c44" "proxy-server 20" 0.0003 "-" 14 0
Feb 26 17:00:52 standalone object-server[128668]: 172.20.0.100 - - [26/Feb/2026:17:00:52 +0000] "GET /d1/94/AUTH_7ad7272b45f54cd48b8ab7b0e30649be/gnocchi.10490257-635c-4e62-a81b-bdbe62d76af7/none_v3" 404 70 "GET http://172.18.0.2:8080/v1/AUTH_7ad7272b45f54cd48b8ab7b0e30649be/gnocchi.10490257-635c-4e62-a81b-bdbe62d76af7/none_v3" "txc6215093cd084e07979c7-0069a07c44" "proxy-server 20" 0.0004 "-" 25 0
Feb 26 17:00:52 standalone proxy-server[130472]: 172.18.0.2 172.18.0.100 26/Feb/2026/17/00/52 GET /v1/AUTH_7ad7272b45f54cd48b8ab7b0e30649be/gnocchi.10490257-635c-4e62-a81b-bdbe62d76af7/none_v3 HTTP/1.0 404 - python-swiftclient-3.11.1 gAAAAABpoHwA3cQa... - 70 - txc6215093cd084e07979c7-0069a07c44 - 0.0161 - - 1772125252.789941549 1772125252.806051016 0
Feb 26 17:00:52 standalone account-server[128474]: 172.20.0.100 - - [26/Feb/2026:17:00:52 +0000] "PUT /d1/909/AUTH_7ad7272b45f54cd48b8ab7b0e30649be/gnocchi.10490257-635c-4e62-a81b-bdbe62d76af7" 201 - "PUT http://172.20.0.100:6001/d1/924/AUTH_7ad7272b45f54cd48b8ab7b0e30649be/gnocchi.10490257-635c-4e62-a81b-bdbe62d76af7" "tx77873506435144009a088-0069a07c44" "container-server 15" 0.0089 "-" 23 0
Feb 26 17:00:52 standalone container-server[128443]: 172.20.0.100 - - [26/Feb/2026:17:00:52 +0000] "PUT /d1/924/AUTH_7ad7272b45f54cd48b8ab7b0e30649be/gnocchi.10490257-635c-4e62-a81b-bdbe62d76af7" 201 - "PUT http://172.18.0.2:8080/v1/AUTH_7ad7272b45f54cd48b8ab7b0e30649be/gnocchi.10490257-635c-4e62-a81b-bdbe62d76af7" "tx77873506435144009a088-0069a07c44" "proxy-server 20" 0.0248 "-" 15 0
Feb 26 17:00:52 standalone proxy-server[130472]: 172.18.0.2 172.18.0.100 26/Feb/2026/17/00/52 PUT /v1/AUTH_7ad7272b45f54cd48b8ab7b0e30649be/gnocchi.10490257-635c-4e62-a81b-bdbe62d76af7 HTTP/1.0 201 - python-swiftclient-3.11.1 gAAAAABpoHwA3cQa... - - - tx77873506435144009a088-0069a07c44 - 0.0301 - - 1772125252.809160471 1772125252.839246988 0
Feb 26 17:00:52 standalone container-server[128459]: 172.20.0.100 - - [26/Feb/2026:17:00:52 +0000] "HEAD /d1/924/AUTH_7ad7272b45f54cd48b8ab7b0e30649be/gnocchi.10490257-635c-4e62-a81b-bdbe62d76af7" 204 - "HEAD http://172.18.0.2:8080/v1/AUTH_7ad7272b45f54cd48b8ab7b0e30649be/gnocchi.10490257-635c-4e62-a81b-bdbe62d76af7?format=json&states=listing" "tx071a5cc499234ab1b8f5f-0069a07c44" "proxy-server 20" 0.0014 "-" 17 0
Feb 26 17:00:52 standalone proxy-server[130472]: - - 26/Feb/2026/17/00/52 HEAD /v1/AUTH_7ad7272b45f54cd48b8ab7b0e30649be/gnocchi.10490257-635c-4e62-a81b-bdbe62d76af7%3Fformat%3Djson%26states%3Dlisting HTTP/1.0 204 - Swift - - - - tx071a5cc499234ab1b8f5f-0069a07c44 - 0.0070 RL - 1772125252.844086170 1772125252.851135492 0
Feb 26 17:00:52 standalone container-server[128459]: 172.20.0.100 - - [26/Feb/2026:17:00:52 +0000] "GET /d1/924/AUTH_7ad7272b45f54cd48b8ab7b0e30649be/gnocchi.10490257-635c-4e62-a81b-bdbe62d76af7" 200 2 "GET http://172.18.0.2:8080/v1/AUTH_7ad7272b45f54cd48b8ab7b0e30649be/gnocchi.10490257-635c-4e62-a81b-bdbe62d76af7?format=json&states=listing" "tx071a5cc499234ab1b8f5f-0069a07c44" "proxy-server 20" 0.0019 "-" 17 0
Feb 26 17:00:52 standalone proxy-server[130472]: 172.18.0.2 172.18.0.100 26/Feb/2026/17/00/52 GET /v1/AUTH_7ad7272b45f54cd48b8ab7b0e30649be/gnocchi.10490257-635c-4e62-a81b-bdbe62d76af7%3Fformat%3Djson%26states%3Dlisting HTTP/1.0 200 - python-swiftclient-3.11.1 gAAAAABpoHwA3cQa... - 2 - tx071a5cc499234ab1b8f5f-0069a07c44 - 0.0174 - - 1772125252.841988802 1772125252.859342575 0
Feb 26 17:00:52 standalone object-server[128665]: 172.20.0.100 - - [26/Feb/2026:17:00:52 +0000] "GET /d1/698/AUTH_7ad7272b45f54cd48b8ab7b0e30649be/gnocchi.10490257-635c-4e62-a81b-bdbe62d76af7/1771200000.0_mean_300.0_v3" 404 70 "GET http://172.18.0.2:8080/v1/AUTH_7ad7272b45f54cd48b8ab7b0e30649be/gnocchi.10490257-635c-4e62-a81b-bdbe62d76af7/1771200000.0_mean_300.0_v3" "tx587de8cf8a384a4abcfee-0069a07c44" "proxy-server 20" 0.0005 "-" 22 0
Feb 26 17:00:52 standalone proxy-server[130472]: 172.18.0.2 172.18.0.100 26/Feb/2026/17/00/52 GET /v1/AUTH_7ad7272b45f54cd48b8ab7b0e30649be/gnocchi.10490257-635c-4e62-a81b-bdbe62d76af7/1771200000.0_mean_300.0_v3 HTTP/1.0 404 - python-swiftclient-3.11.1 gAAAAABpoHwA3cQa... - 70 - tx587de8cf8a384a4abcfee-0069a07c44 - 0.0056 - - 1772125252.862487078 1772125252.868108749 0
Feb 26 17:00:52 standalone container-server[128459]: 172.20.0.100 - - [26/Feb/2026:17:00:52 +0000] "PUT /d1/924/AUTH_7ad7272b45f54cd48b8ab7b0e30649be/gnocchi.10490257-635c-4e62-a81b-bdbe62d76af7/1771200000.0_mean_300.0_v3" 201 - "PUT http://172.18.0.2:8080/d1/698/AUTH_7ad7272b45f54cd48b8ab7b0e30649be/gnocchi.10490257-635c-4e62-a81b-bdbe62d76af7/1771200000.0_mean_300.0_v3" "txd25f7c6401ed4c7f9c457-0069a07c44" "object-server 22" 0.0005 "-" 17 0
Feb 26 17:00:52 standalone object-server[128665]: 172.20.0.100 - - [26/Feb/2026:17:00:52 +0000] "PUT /d1/698/AUTH_7ad7272b45f54cd48b8ab7b0e30649be/gnocchi.10490257-635c-4e62-a81b-bdbe62d76af7/1771200000.0_mean_300.0_v3" 201 - "PUT http://172.18.0.2:8080/v1/AUTH_7ad7272b45f54cd48b8ab7b0e30649be/gnocchi.10490257-635c-4e62-a81b-bdbe62d76af7/1771200000.0_mean_300.0_v3" "txd25f7c6401ed4c7f9c457-0069a07c44" "proxy-server 20" 0.0105 "-" 22 0
Feb 26 17:00:52 standalone proxy-server[130472]: 172.18.0.2 172.18.0.100 26/Feb/2026/17/00/52 PUT /v1/AUTH_7ad7272b45f54cd48b8ab7b0e30649be/gnocchi.10490257-635c-4e62-a81b-bdbe62d76af7/1771200000.0_mean_300.0_v3 HTTP/1.0 201 - python-swiftclient-3.11.1 gAAAAABpoHwA3cQa... 16 - - txd25f7c6401ed4c7f9c457-0069a07c44 - 0.0158 - - 1772125252.870785236 1772125252.886618853 0
Feb 26 17:00:52 standalone container-server[128459]: 172.20.0.100 - - [26/Feb/2026:17:00:52 +0000] "PUT /d1/924/AUTH_7ad7272b45f54cd48b8ab7b0e30649be/gnocchi.10490257-635c-4e62-a81b-bdbe62d76af7/none_v3" 201 - "PUT http://172.18.0.2:8080/d1/94/AUTH_7ad7272b45f54cd48b8ab7b0e30649be/gnocchi.10490257-635c-4e62-a81b-bdbe62d76af7/none_v3" "tx2e1745ee64c04b2eac58e-0069a07c44" "object-server 22" 0.0004 "-" 17 0
Feb 26 17:00:52 standalone object-server[128665]: 172.20.0.100 - - [26/Feb/2026:17:00:52 +0000] "PUT /d1/94/AUTH_7ad7272b45f54cd48b8ab7b0e30649be/gnocchi.10490257-635c-4e62-a81b-bdbe62d76af7/none_v3" 201 - "PUT http://172.18.0.2:8080/v1/AUTH_7ad7272b45f54cd48b8ab7b0e30649be/gnocchi.10490257-635c-4e62-a81b-bdbe62d76af7/none_v3" "tx2e1745ee64c04b2eac58e-0069a07c44" "proxy-server 20" 0.0113 "-" 22 0
Feb 26 17:00:52 standalone proxy-server[130472]: 172.18.0.2 172.18.0.100 26/Feb/2026/17/00/52 PUT /v1/AUTH_7ad7272b45f54cd48b8ab7b0e30649be/gnocchi.10490257-635c-4e62-a81b-bdbe62d76af7/none_v3 HTTP/1.0 201 - python-swiftclient-3.11.1 gAAAAABpoHwA3cQa... 22 - - tx2e1745ee64c04b2eac58e-0069a07c44 - 0.0175 - - 1772125252.889163256 1772125252.906663418 0
Feb 26 17:01:09 standalone object-server[128505]: Begin object update sweep
Feb 26 17:01:09 standalone object-server[234444]: Object update sweep starting on /srv/node/d1 (pid: 14)
Feb 26 17:01:09 standalone object-server[234444]: Object update sweep completed on /srv/node/d1 in 0.00s seconds:, 0 successes, 0 failures, 0 quarantines, 0 unlinks, 0 errors, 0 redirects (pid: 14)
Feb 26 17:01:09 standalone object-server[234444]: Object update sweep of d1 completed: 0.00s, 0 successes, 0 failures, 0 quarantines, 0 unlinks, 0 errors, 0 redirects
Feb 26 17:01:09 standalone object-server[128505]: Object update sweep completed: 0.08s
Feb 26 17:01:17 standalone container-server[128431]: 172.20.0.100 - - [26/Feb/2026:17:01:17 +0000] "HEAD /d1/73/AUTH_7ad7272b45f54cd48b8ab7b0e30649be/gnocchi.9a4db054-1e09-4381-a3a0-876e6d76d9f9" 404 - "HEAD http://172.18.0.2:8080/v1/AUTH_7ad7272b45f54cd48b8ab7b0e30649be/gnocchi.9a4db054-1e09-4381-a3a0-876e6d76d9f9?format=json&states=listing" "txaa47ca956c79446db24a1-0069a07c5d" "proxy-server 20" 0.0004 "-" 14 0
Feb 26 17:01:17 standalone object-server[128668]: 172.20.0.100 - - [26/Feb/2026:17:01:17 +0000] "GET /d1/325/AUTH_7ad7272b45f54cd48b8ab7b0e30649be/gnocchi.9a4db054-1e09-4381-a3a0-876e6d76d9f9/none_v3" 404 70 "GET http://172.18.0.2:8080/v1/AUTH_7ad7272b45f54cd48b8ab7b0e30649be/gnocchi.9a4db054-1e09-4381-a3a0-876e6d76d9f9/none_v3" "txaa47ca956c79446db24a1-0069a07c5d" "proxy-server 20" 0.0003 "-" 25 0
Feb 26 17:01:17 standalone proxy-server[130472]: 172.18.0.2 172.18.0.100 26/Feb/2026/17/01/17 GET /v1/AUTH_7ad7272b45f54cd48b8ab7b0e30649be/gnocchi.9a4db054-1e09-4381-a3a0-876e6d76d9f9/none_v3 HTTP/1.0 404 - python-swiftclient-3.11.1 gAAAAABpoHwA3cQa... - 70 - txaa47ca956c79446db24a1-0069a07c5d - 0.0098 - - 1772125277.649854660 1772125277.659692764 0
Feb 26 17:01:17 standalone account-server[128454]: 172.20.0.100 - - [26/Feb/2026:17:01:17 +0000] "PUT /d1/909/AUTH_7ad7272b45f54cd48b8ab7b0e30649be/gnocchi.9a4db054-1e09-4381-a3a0-876e6d76d9f9" 201 - "PUT http://172.20.0.100:6001/d1/73/AUTH_7ad7272b45f54cd48b8ab7b0e30649be/gnocchi.9a4db054-1e09-4381-a3a0-876e6d76d9f9" "txf38a5daed4984b04a931d-0069a07c5d" "container-server 17" 0.0084 "-" 20 0
Feb 26 17:01:17 standalone container-server[128459]: 172.20.0.100 - - [26/Feb/2026:17:01:17 +0000] "PUT /d1/73/AUTH_7ad7272b45f54cd48b8ab7b0e30649be/gnocchi.9a4db054-1e09-4381-a3a0-876e6d76d9f9" 201 - "PUT http://172.18.0.2:8080/v1/AUTH_7ad7272b45f54cd48b8ab7b0e30649be/gnocchi.9a4db054-1e09-4381-a3a0-876e6d76d9f9" "txf38a5daed4984b04a931d-0069a07c5d" "proxy-server 20" 0.0195 "-" 17 0
Feb 26 17:01:17 standalone proxy-server[130472]: 172.18.0.2 172.18.0.100 26/Feb/2026/17/01/17 PUT /v1/AUTH_7ad7272b45f54cd48b8ab7b0e30649be/gnocchi.9a4db054-1e09-4381-a3a0-876e6d76d9f9 HTTP/1.0 201 - python-swiftclient-3.11.1 gAAAAABpoHwA3cQa... - - - txf38a5daed4984b04a931d-0069a07c5d - 0.0251 - - 1772125277.663062572 1772125277.688130856 0
Feb 26 17:01:17 standalone container-server[128459]: 172.20.0.100 - - [26/Feb/2026:17:01:17 +0000] "HEAD /d1/73/AUTH_7ad7272b45f54cd48b8ab7b0e30649be/gnocchi.9a4db054-1e09-4381-a3a0-876e6d76d9f9" 204 - "HEAD http://172.18.0.2:8080/v1/AUTH_7ad7272b45f54cd48b8ab7b0e30649be/gnocchi.9a4db054-1e09-4381-a3a0-876e6d76d9f9?format=json&states=listing" "tx8e851a904487467f9c6f8-0069a07c5d" "proxy-server 20" 0.0015 "-" 17 0
Feb 26 17:01:17 standalone proxy-server[130472]: - - 26/Feb/2026/17/01/17 HEAD /v1/AUTH_7ad7272b45f54cd48b8ab7b0e30649be/gnocchi.9a4db054-1e09-4381-a3a0-876e6d76d9f9%3Fformat%3Djson%26states%3Dlisting HTTP/1.0 204 - Swift - - - - tx8e851a904487467f9c6f8-0069a07c5d - 0.0094 RL - 1772125277.693884373 1772125277.703329325 0
Feb 26 17:01:17 standalone container-server[128443]: 172.20.0.100 - - [26/Feb/2026:17:01:17 +0000] "GET /d1/73/AUTH_7ad7272b45f54cd48b8ab7b0e30649be/gnocchi.9a4db054-1e09-4381-a3a0-876e6d76d9f9" 200 2 "GET http://172.18.0.2:8080/v1/AUTH_7ad7272b45f54cd48b8ab7b0e30649be/gnocchi.9a4db054-1e09-4381-a3a0-876e6d76d9f9?format=json&states=listing" "tx8e851a904487467f9c6f8-0069a07c5d" "proxy-server 20" 0.0035 "-" 15 0
Feb 26 17:01:17 standalone proxy-server[130472]: 172.18.0.2 172.18.0.100 26/Feb/2026/17/01/17 GET /v1/AUTH_7ad7272b45f54cd48b8ab7b0e30649be/gnocchi.9a4db054-1e09-4381-a3a0-876e6d76d9f9%3Fformat%3Djson%26states%3Dlisting HTTP/1.0 200 - python-swiftclient-3.11.1 gAAAAABpoHwA3cQa... - 2 - tx8e851a904487467f9c6f8-0069a07c5d - 0.0226 - - 1772125277.692700863 1772125277.715252638 0
Feb 26 17:01:17 standalone object-server[128665]: 172.20.0.100 - - [26/Feb/2026:17:01:17 +0000] "GET /d1/843/AUTH_7ad7272b45f54cd48b8ab7b0e30649be/gnocchi.9a4db054-1e09-4381-a3a0-876e6d76d9f9/1771200000.0_mean_300.0_v3" 404 70 "GET http://172.18.0.2:8080/v1/AUTH_7ad7272b45f54cd48b8ab7b0e30649be/gnocchi.9a4db054-1e09-4381-a3a0-876e6d76d9f9/1771200000.0_mean_300.0_v3" "txd1c1dece77bb4dd48795c-0069a07c5d" "proxy-server 20" 0.0004 "-" 22 0
Feb 26 17:01:17 standalone proxy-server[130472]: 172.18.0.2 172.18.0.100 26/Feb/2026/17/01/17 GET /v1/AUTH_7ad7272b45f54cd48b8ab7b0e30649be/gnocchi.9a4db054-1e09-4381-a3a0-876e6d76d9f9/1771200000.0_mean_300.0_v3 HTTP/1.0 404 - python-swiftclient-3.11.1 gAAAAABpoHwA3cQa... - 70 - txd1c1dece77bb4dd48795c-0069a07c5d - 0.0058 - - 1772125277.720438480 1772125277.726208210 0
Feb 26 17:01:17 standalone container-server[128453]: 172.20.0.100 - - [26/Feb/2026:17:01:17 +0000] "PUT /d1/73/AUTH_7ad7272b45f54cd48b8ab7b0e30649be/gnocchi.9a4db054-1e09-4381-a3a0-876e6d76d9f9/1771200000.0_mean_300.0_v3" 201 - "PUT http://172.18.0.2:8080/d1/843/AUTH_7ad7272b45f54cd48b8ab7b0e30649be/gnocchi.9a4db054-1e09-4381-a3a0-876e6d76d9f9/1771200000.0_mean_300.0_v3" "tx011e6f53bf1e4beb8f347-0069a07c5d" "object-server 22" 0.0009 "-" 16 0
Feb 26 17:01:17 standalone object-server[128665]: 172.20.0.100 - - [26/Feb/2026:17:01:17 +0000] "PUT /d1/843/AUTH_7ad7272b45f54cd48b8ab7b0e30649be/gnocchi.9a4db054-1e09-4381-a3a0-876e6d76d9f9/1771200000.0_mean_300.0_v3" 201 - "PUT http://172.18.0.2:8080/v1/AUTH_7ad7272b45f54cd48b8ab7b0e30649be/gnocchi.9a4db054-1e09-4381-a3a0-876e6d76d9f9/1771200000.0_mean_300.0_v3" "tx011e6f53bf1e4beb8f347-0069a07c5d" "proxy-server 20" 0.0138 "-" 22 0
Feb 26 17:01:17 standalone proxy-server[130472]: 172.18.0.2 172.18.0.100 26/Feb/2026/17/01/17 PUT /v1/AUTH_7ad7272b45f54cd48b8ab7b0e30649be/gnocchi.9a4db054-1e09-4381-a3a0-876e6d76d9f9/1771200000.0_mean_300.0_v3 HTTP/1.0 201 - python-swiftclient-3.11.1 gAAAAABpoHwA3cQa... 16 - - tx011e6f53bf1e4beb8f347-0069a07c5d - 0.0196 - - 1772125277.729668140 1772125277.749304056 0
Feb 26 17:01:17 standalone container-server[128431]: 172.20.0.100 - - [26/Feb/2026:17:01:17 +0000] "PUT /d1/73/AUTH_7ad7272b45f54cd48b8ab7b0e30649be/gnocchi.9a4db054-1e09-4381-a3a0-876e6d76d9f9/none_v3" 201 - "PUT http://172.18.0.2:8080/d1/325/AUTH_7ad7272b45f54cd48b8ab7b0e30649be/gnocchi.9a4db054-1e09-4381-a3a0-876e6d76d9f9/none_v3" "txf148d98872db444091f60-0069a07c5d" "object-server 22" 0.0062 "-" 14 0
Feb 26 17:01:17 standalone object-server[128665]: 172.20.0.100 - - [26/Feb/2026:17:01:17 +0000] "PUT /d1/325/AUTH_7ad7272b45f54cd48b8ab7b0e30649be/gnocchi.9a4db054-1e09-4381-a3a0-876e6d76d9f9/none_v3" 201 - "PUT http://172.18.0.2:8080/v1/AUTH_7ad7272b45f54cd48b8ab7b0e30649be/gnocchi.9a4db054-1e09-4381-a3a0-876e6d76d9f9/none_v3" "txf148d98872db444091f60-0069a07c5d" "proxy-server 20" 0.0149 "-" 22 0
Feb 26 17:01:17 standalone proxy-server[130472]: 172.18.0.2 172.18.0.100 26/Feb/2026/17/01/17 PUT /v1/AUTH_7ad7272b45f54cd48b8ab7b0e30649be/gnocchi.9a4db054-1e09-4381-a3a0-876e6d76d9f9/none_v3 HTTP/1.0 201 - python-swiftclient-3.11.1 gAAAAABpoHwA3cQa... 22 - - txf148d98872db444091f60-0069a07c5d - 0.0206 - - 1772125277.753059387 1772125277.773656130 0
Feb 26 17:01:17 standalone object-server[128666]: 172.20.0.100 - - [26/Feb/2026:17:01:17 +0000] "GET /d1/61/AUTH_7ad7272b45f54cd48b8ab7b0e30649be/gnocchi.d055e931-5c60-4a94-bd4d-8520060be6f2/none_v3" 200 22 "GET http://172.18.0.2:8080/v1/AUTH_7ad7272b45f54cd48b8ab7b0e30649be/gnocchi.d055e931-5c60-4a94-bd4d-8520060be6f2/none_v3" "txa3e46ed666414b75ba9c0-0069a07c5d" "proxy-server 20" 0.0009 "-" 23 0
Feb 26 17:01:17 standalone proxy-server[130472]: 172.18.0.2 172.18.0.100 26/Feb/2026/17/01/17 GET /v1/AUTH_7ad7272b45f54cd48b8ab7b0e30649be/gnocchi.d055e931-5c60-4a94-bd4d-8520060be6f2/none_v3 HTTP/1.0 200 - python-swiftclient-3.11.1 gAAAAABpoHwA3cQa... - 22 - txa3e46ed666414b75ba9c0-0069a07c5d - 0.0081 - - 1772125277.878384352 1772125277.886528254 0
Feb 26 17:01:17 standalone container-server[128459]: 172.20.0.100 - - [26/Feb/2026:17:01:17 +0000] "GET /d1/792/AUTH_7ad7272b45f54cd48b8ab7b0e30649be/gnocchi.d055e931-5c60-4a94-bd4d-8520060be6f2" 200 357 "GET http://172.18.0.2:8080/v1/AUTH_7ad7272b45f54cd48b8ab7b0e30649be/gnocchi.d055e931-5c60-4a94-bd4d-8520060be6f2?format=json&states=listing" "tx35d0cb3cb27d4a6790eb4-0069a07c5d" "proxy-server 20" 0.0185 "-" 17 0
Feb 26 17:01:17 standalone proxy-server[130472]: 172.18.0.2 172.18.0.100 26/Feb/2026/17/01/17 GET /v1/AUTH_7ad7272b45f54cd48b8ab7b0e30649be/gnocchi.d055e931-5c60-4a94-bd4d-8520060be6f2%3Fformat%3Djson%26states%3Dlisting HTTP/1.0 200 - python-swiftclient-3.11.1 gAAAAABpoHwA3cQa... - 357 - tx35d0cb3cb27d4a6790eb4-0069a07c5d - 0.0314 - - 1772125277.892254829 1772125277.923616409 0
Feb 26 17:01:17 standalone container-server[128453]: 172.20.0.100 - - [26/Feb/2026:17:01:17 +0000] "GET /d1/792/AUTH_7ad7272b45f54cd48b8ab7b0e30649be/gnocchi.d055e931-5c60-4a94-bd4d-8520060be6f2" 200 2 "GET http://172.18.0.2:8080/v1/AUTH_7ad7272b45f54cd48b8ab7b0e30649be/gnocchi.d055e931-5c60-4a94-bd4d-8520060be6f2?format=json&marker=none_v3&states=listing" "tx74e2503c9f2d4c698dcde-0069a07c5d" "proxy-server 20" 0.0028 "-" 16 0
Feb 26 17:01:17 standalone proxy-server[130472]: 172.18.0.2 172.18.0.100 26/Feb/2026/17/01/17 GET /v1/AUTH_7ad7272b45f54cd48b8ab7b0e30649be/gnocchi.d055e931-5c60-4a94-bd4d-8520060be6f2%3Fformat%3Djson%26marker%3Dnone_v3%26states%3Dlisting HTTP/1.0 200 - python-swiftclient-3.11.1 gAAAAABpoHwA3cQa... - 2 - tx74e2503c9f2d4c698dcde-0069a07c5d - 0.0125 - - 1772125277.927073717 1772125277.939623117 0
Feb 26 17:01:17 standalone object-server[128665]: 172.20.0.100 - - [26/Feb/2026:17:01:17 +0000] "GET /d1/838/AUTH_7ad7272b45f54cd48b8ab7b0e30649be/gnocchi.d055e931-5c60-4a94-bd4d-8520060be6f2/1771200000.0_mean_300.0_v3" 200 16 "GET http://172.18.0.2:8080/v1/AUTH_7ad7272b45f54cd48b8ab7b0e30649be/gnocchi.d055e931-5c60-4a94-bd4d-8520060be6f2/1771200000.0_mean_300.0_v3" "tx0762068cb3444b5dbfe73-0069a07c5d" "proxy-server 20" 0.0008 "-" 22 0
Feb 26 17:01:17 standalone proxy-server[130472]: 172.18.0.2 172.18.0.100 26/Feb/2026/17/01/17 GET /v1/AUTH_7ad7272b45f54cd48b8ab7b0e30649be/gnocchi.d055e931-5c60-4a94-bd4d-8520060be6f2/1771200000.0_mean_300.0_v3 HTTP/1.0 200 - python-swiftclient-3.11.1 gAAAAABpoHwA3cQa... - 16 - tx0762068cb3444b5dbfe73-0069a07c5d - 0.0101 - - 1772125277.944245577 1772125277.954300880 0
Feb 26 17:01:17 standalone container-server[128431]: 172.20.0.100 - - [26/Feb/2026:17:01:17 +0000] "PUT /d1/792/AUTH_7ad7272b45f54cd48b8ab7b0e30649be/gnocchi.d055e931-5c60-4a94-bd4d-8520060be6f2/1771200000.0_mean_300.0_v3" 201 - "PUT http://172.18.0.2:8080/d1/838/AUTH_7ad7272b45f54cd48b8ab7b0e30649be/gnocchi.d055e931-5c60-4a94-bd4d-8520060be6f2/1771200000.0_mean_300.0_v3" "tx5b84176b8613432096438-0069a07c5d" "object-server 24" 0.0005 "-" 14 0
Feb 26 17:01:17 standalone object-server[128667]: 172.20.0.100 - - [26/Feb/2026:17:01:17 +0000] "PUT /d1/838/AUTH_7ad7272b45f54cd48b8ab7b0e30649be/gnocchi.d055e931-5c60-4a94-bd4d-8520060be6f2/1771200000.0_mean_300.0_v3" 201 - "PUT http://172.18.0.2:8080/v1/AUTH_7ad7272b45f54cd48b8ab7b0e30649be/gnocchi.d055e931-5c60-4a94-bd4d-8520060be6f2/1771200000.0_mean_300.0_v3" "tx5b84176b8613432096438-0069a07c5d" "proxy-server 20" 0.0125 "-" 24 0
Feb 26 17:01:17 standalone proxy-server[130472]: 172.18.0.2 172.18.0.100 26/Feb/2026/17/01/17 PUT /v1/AUTH_7ad7272b45f54cd48b8ab7b0e30649be/gnocchi.d055e931-5c60-4a94-bd4d-8520060be6f2/1771200000.0_mean_300.0_v3 HTTP/1.0 201 - python-swiftclient-3.11.1 gAAAAABpoHwA3cQa... 16 - - tx5b84176b8613432096438-0069a07c5d - 0.0191 - - 1772125277.958826542 1772125277.977911472 0
Feb 26 17:01:17 standalone container-server[128459]: 172.20.0.100 - - [26/Feb/2026:17:01:17 +0000] "PUT /d1/792/AUTH_7ad7272b45f54cd48b8ab7b0e30649be/gnocchi.d055e931-5c60-4a94-bd4d-8520060be6f2/none_v3" 201 - "PUT http://172.18.0.2:8080/d1/61/AUTH_7ad7272b45f54cd48b8ab7b0e30649be/gnocchi.d055e931-5c60-4a94-bd4d-8520060be6f2/none_v3" "tx47842809b4c44fa8950d4-0069a07c5d" "object-server 25" 0.0006 "-" 17 0
Feb 26 17:01:17 standalone object-server[128668]: 172.20.0.100 - - [26/Feb/2026:17:01:17 +0000] "PUT /d1/61/AUTH_7ad7272b45f54cd48b8ab7b0e30649be/gnocchi.d055e931-5c60-4a94-bd4d-8520060be6f2/none_v3" 201 - "PUT http://172.18.0.2:8080/v1/AUTH_7ad7272b45f54cd48b8ab7b0e30649be/gnocchi.d055e931-5c60-4a94-bd4d-8520060be6f2/none_v3" "tx47842809b4c44fa8950d4-0069a07c5d" "proxy-server 20" 0.0101 "-" 25 0
Feb 26 17:01:18 standalone proxy-server[130472]: 172.18.0.2 172.18.0.100 26/Feb/2026/17/01/18 PUT /v1/AUTH_7ad7272b45f54cd48b8ab7b0e30649be/gnocchi.d055e931-5c60-4a94-bd4d-8520060be6f2/none_v3 HTTP/1.0 201 - python-swiftclient-3.11.1 gAAAAABpoHwA3cQa... 33 - - tx47842809b4c44fa8950d4-0069a07c5d - 0.0191 - - 1772125277.981724739 1772125278.000782013 0
Feb 26 17:01:18 standalone object-server[128667]: 172.20.0.100 - - [26/Feb/2026:17:01:18 +0000] "GET /d1/897/AUTH_7ad7272b45f54cd48b8ab7b0e30649be/gnocchi.78cb44e8-a4f2-47f2-9b39-c0a1b7cd9ea4/none_v3" 200 22 "GET http://172.18.0.2:8080/v1/AUTH_7ad7272b45f54cd48b8ab7b0e30649be/gnocchi.78cb44e8-a4f2-47f2-9b39-c0a1b7cd9ea4/none_v3" "tx5da5b2cd672046c190b76-0069a07c5e" "proxy-server 20" 0.0015 "-" 24 0
Feb 26 17:01:18 standalone proxy-server[130472]: 172.18.0.2 172.18.0.100 26/Feb/2026/17/01/18 GET /v1/AUTH_7ad7272b45f54cd48b8ab7b0e30649be/gnocchi.78cb44e8-a4f2-47f2-9b39-c0a1b7cd9ea4/none_v3 HTTP/1.0 200 - python-swiftclient-3.11.1 gAAAAABpoHwA3cQa... - 22 - tx5da5b2cd672046c190b76-0069a07c5e - 0.0096 - - 1772125278.010819674 1772125278.020374537 0
Feb 26 17:01:18 standalone account-server[128456]: 172.20.0.100 - - [26/Feb/2026:17:01:18 +0000] "HEAD /d1/212/.expiring_objects" 404 - "HEAD http://localhost/v1/.expiring_objects?format=json" "tx5c79457393dd4b0cb8113-0069a07c5e" "proxy-server 2" 0.0006 "-" 21 -
Feb 26 17:01:18 standalone object-expirer[128507]: Pass completed in 0s; 0 objects expired (txn: tx5c79457393dd4b0cb8113-0069a07c5e)
Feb 26 17:01:18 standalone container-server[128443]: 172.20.0.100 - - [26/Feb/2026:17:01:18 +0000] "GET /d1/504/AUTH_7ad7272b45f54cd48b8ab7b0e30649be/gnocchi.78cb44e8-a4f2-47f2-9b39-c0a1b7cd9ea4" 200 357 "GET http://172.18.0.2:8080/v1/AUTH_7ad7272b45f54cd48b8ab7b0e30649be/gnocchi.78cb44e8-a4f2-47f2-9b39-c0a1b7cd9ea4?format=json&states=listing" "tx26acbc6eacf34faea5960-0069a07c5e" "proxy-server 20" 0.0166 "-" 15 0
Feb 26 17:01:18 standalone proxy-server[130472]: 172.18.0.2 172.18.0.100 26/Feb/2026/17/01/18 GET /v1/AUTH_7ad7272b45f54cd48b8ab7b0e30649be/gnocchi.78cb44e8-a4f2-47f2-9b39-c0a1b7cd9ea4%3Fformat%3Djson%26states%3Dlisting HTTP/1.0 200 - python-swiftclient-3.11.1 gAAAAABpoHwA3cQa... - 357 - tx26acbc6eacf34faea5960-0069a07c5e - 0.0256 - - 1772125278.023984194 1772125278.049570799 0
Feb 26 17:01:18 standalone container-server[128459]: 172.20.0.100 - - [26/Feb/2026:17:01:18 +0000] "GET /d1/504/AUTH_7ad7272b45f54cd48b8ab7b0e30649be/gnocchi.78cb44e8-a4f2-47f2-9b39-c0a1b7cd9ea4" 200 2 "GET http://172.18.0.2:8080/v1/AUTH_7ad7272b45f54cd48b8ab7b0e30649be/gnocchi.78cb44e8-a4f2-47f2-9b39-c0a1b7cd9ea4?format=json&marker=none_v3&states=listing" "tx99bbb4de6fad4a2b81328-0069a07c5e" "proxy-server 20" 0.0033 "-" 17 0
Feb 26 17:01:18 standalone proxy-server[130472]: 172.18.0.2 172.18.0.100 26/Feb/2026/17/01/18 GET /v1/AUTH_7ad7272b45f54cd48b8ab7b0e30649be/gnocchi.78cb44e8-a4f2-47f2-9b39-c0a1b7cd9ea4%3Fformat%3Djson%26marker%3Dnone_v3%26states%3Dlisting HTTP/1.0 200 - python-swiftclient-3.11.1 gAAAAABpoHwA3cQa... - 2 - tx99bbb4de6fad4a2b81328-0069a07c5e - 0.0104 - - 1772125278.052500010 1772125278.062891483 0
Feb 26 17:01:18 standalone object-server[128666]: 172.20.0.100 - - [26/Feb/2026:17:01:18 +0000] "GET /d1/305/AUTH_7ad7272b45f54cd48b8ab7b0e30649be/gnocchi.78cb44e8-a4f2-47f2-9b39-c0a1b7cd9ea4/1771200000.0_mean_300.0_v3" 200 16 "GET http://172.18.0.2:8080/v1/AUTH_7ad7272b45f54cd48b8ab7b0e30649be/gnocchi.78cb44e8-a4f2-47f2-9b39-c0a1b7cd9ea4/1771200000.0_mean_300.0_v3" "tx4ee1c5b1edf94932a4800-0069a07c5e" "proxy-server 20" 0.0008 "-" 23 0
Feb 26 17:01:18 standalone proxy-server[130472]: 172.18.0.2 172.18.0.100 26/Feb/2026/17/01/18 GET /v1/AUTH_7ad7272b45f54cd48b8ab7b0e30649be/gnocchi.78cb44e8-a4f2-47f2-9b39-c0a1b7cd9ea4/1771200000.0_mean_300.0_v3 HTTP/1.0 200 - python-swiftclient-3.11.1 gAAAAABpoHwA3cQa... - 16 - tx4ee1c5b1edf94932a4800-0069a07c5e - 0.0076 - - 1772125278.066249371 1772125278.073827028 0
Feb 26 17:01:18 standalone container-server[128431]: 172.20.0.100 - - [26/Feb/2026:17:01:18 +0000] "PUT /d1/504/AUTH_7ad7272b45f54cd48b8ab7b0e30649be/gnocchi.78cb44e8-a4f2-47f2-9b39-c0a1b7cd9ea4/1771200000.0_mean_300.0_v3" 201 - "PUT http://172.18.0.2:8080/d1/305/AUTH_7ad7272b45f54cd48b8ab7b0e30649be/gnocchi.78cb44e8-a4f2-47f2-9b39-c0a1b7cd9ea4/1771200000.0_mean_300.0_v3" "txda136a21821047a3b72ef-0069a07c5e" "object-server 23" 0.0007 "-" 14 0
Feb 26 17:01:18 standalone object-server[128666]: 172.20.0.100 - - [26/Feb/2026:17:01:18 +0000] "PUT /d1/305/AUTH_7ad7272b45f54cd48b8ab7b0e30649be/gnocchi.78cb44e8-a4f2-47f2-9b39-c0a1b7cd9ea4/1771200000.0_mean_300.0_v3" 201 - "PUT http://172.18.0.2:8080/v1/AUTH_7ad7272b45f54cd48b8ab7b0e30649be/gnocchi.78cb44e8-a4f2-47f2-9b39-c0a1b7cd9ea4/1771200000.0_mean_300.0_v3" "txda136a21821047a3b72ef-0069a07c5e" "proxy-server 20" 0.0101 "-" 23 0
Feb 26 17:01:18 standalone proxy-server[130472]: 172.18.0.2 172.18.0.100 26/Feb/2026/17/01/18 PUT /v1/AUTH_7ad7272b45f54cd48b8ab7b0e30649be/gnocchi.78cb44e8-a4f2-47f2-9b39-c0a1b7cd9ea4/1771200000.0_mean_300.0_v3 HTTP/1.0 201 - python-swiftclient-3.11.1 gAAAAABpoHwA3cQa... 16 - - txda136a21821047a3b72ef-0069a07c5e - 0.0147 - - 1772125278.076786757 1772125278.091484308 0
Feb 26 17:01:18 standalone container-server[128459]: 172.20.0.100 - - [26/Feb/2026:17:01:18 +0000] "PUT /d1/504/AUTH_7ad7272b45f54cd48b8ab7b0e30649be/gnocchi.78cb44e8-a4f2-47f2-9b39-c0a1b7cd9ea4/none_v3" 201 - "PUT http://172.18.0.2:8080/d1/897/AUTH_7ad7272b45f54cd48b8ab7b0e30649be/gnocchi.78cb44e8-a4f2-47f2-9b39-c0a1b7cd9ea4/none_v3" "tx8a5198276a15439198327-0069a07c5e" "object-server 22" 0.0007 "-" 17 0
Feb 26 17:01:18 standalone object-server[128665]: 172.20.0.100 - - [26/Feb/2026:17:01:18 +0000] "PUT /d1/897/AUTH_7ad7272b45f54cd48b8ab7b0e30649be/gnocchi.78cb44e8-a4f2-47f2-9b39-c0a1b7cd9ea4/none_v3" 201 - "PUT http://172.18.0.2:8080/v1/AUTH_7ad7272b45f54cd48b8ab7b0e30649be/gnocchi.78cb44e8-a4f2-47f2-9b39-c0a1b7cd9ea4/none_v3" "tx8a5198276a15439198327-0069a07c5e" "proxy-server 20" 0.0109 "-" 22 0
Feb 26 17:01:18 standalone proxy-server[130472]: 172.18.0.2 172.18.0.100 26/Feb/2026/17/01/18 PUT /v1/AUTH_7ad7272b45f54cd48b8ab7b0e30649be/gnocchi.78cb44e8-a4f2-47f2-9b39-c0a1b7cd9ea4/none_v3 HTTP/1.0 201 - python-swiftclient-3.11.1 gAAAAABpoHwA3cQa... 33 - - tx8a5198276a15439198327-0069a07c5e - 0.0169 - - 1772125278.094053984 1772125278.110936165 0
Feb 26 17:01:22 standalone object-server[128666]: 172.20.0.100 - - [26/Feb/2026:17:01:22 +0000] "GET /d1/325/AUTH_7ad7272b45f54cd48b8ab7b0e30649be/gnocchi.9a4db054-1e09-4381-a3a0-876e6d76d9f9/none_v3" 200 22 "GET http://172.18.0.2:8080/v1/AUTH_7ad7272b45f54cd48b8ab7b0e30649be/gnocchi.9a4db054-1e09-4381-a3a0-876e6d76d9f9/none_v3" "txaa59570b97744a5fadba5-0069a07c62" "proxy-server 20" 0.0021 "-" 23 0
Feb 26 17:01:22 standalone proxy-server[130472]: 172.18.0.2 172.18.0.100 26/Feb/2026/17/01/22 GET /v1/AUTH_7ad7272b45f54cd48b8ab7b0e30649be/gnocchi.9a4db054-1e09-4381-a3a0-876e6d76d9f9/none_v3 HTTP/1.0 200 - python-swiftclient-3.11.1 gAAAAABpoHwA3cQa... - 22 - txaa59570b97744a5fadba5-0069a07c62 - 0.0124 - - 1772125282.168752193 1772125282.181192398 0
Feb 26 17:01:22 standalone container-server[128443]: 172.20.0.100 - - [26/Feb/2026:17:01:22 +0000] "GET /d1/73/AUTH_7ad7272b45f54cd48b8ab7b0e30649be/gnocchi.9a4db054-1e09-4381-a3a0-876e6d76d9f9" 200 357 "GET http://172.18.0.2:8080/v1/AUTH_7ad7272b45f54cd48b8ab7b0e30649be/gnocchi.9a4db054-1e09-4381-a3a0-876e6d76d9f9?format=json&states=listing" "txe038b83244fa4bdd9f681-0069a07c62" "proxy-server 20" 0.0133 "-" 15 0
Feb 26 17:01:22 standalone proxy-server[130472]: 172.18.0.2 172.18.0.100 26/Feb/2026/17/01/22 GET /v1/AUTH_7ad7272b45f54cd48b8ab7b0e30649be/gnocchi.9a4db054-1e09-4381-a3a0-876e6d76d9f9%3Fformat%3Djson%26states%3Dlisting HTTP/1.0 200 - python-swiftclient-3.11.1 gAAAAABpoHwA3cQa... - 357 - txe038b83244fa4bdd9f681-0069a07c62 - 0.0230 - - 1772125282.186319113 1772125282.209281445 0
Feb 26 17:01:22 standalone container-server[128459]: 172.20.0.100 - - [26/Feb/2026:17:01:22 +0000] "GET /d1/73/AUTH_7ad7272b45f54cd48b8ab7b0e30649be/gnocchi.9a4db054-1e09-4381-a3a0-876e6d76d9f9" 200 2 "GET http://172.18.0.2:8080/v1/AUTH_7ad7272b45f54cd48b8ab7b0e30649be/gnocchi.9a4db054-1e09-4381-a3a0-876e6d76d9f9?format=json&marker=none_v3&states=listing" "tx42c516db30f3467aa94c9-0069a07c62" "proxy-server 20" 0.0022 "-" 17 0
Feb 26 17:01:22 standalone proxy-server[130472]: 172.18.0.2 172.18.0.100 26/Feb/2026/17/01/22 GET /v1/AUTH_7ad7272b45f54cd48b8ab7b0e30649be/gnocchi.9a4db054-1e09-4381-a3a0-876e6d76d9f9%3Fformat%3Djson%26marker%3Dnone_v3%26states%3Dlisting HTTP/1.0 200 - python-swiftclient-3.11.1 gAAAAABpoHwA3cQa... - 2 - tx42c516db30f3467aa94c9-0069a07c62 - 0.0126 - - 1772125282.213567257 1772125282.226144314 0
Feb 26 17:01:22 standalone object-server[128665]: 172.20.0.100 - - [26/Feb/2026:17:01:22 +0000] "GET /d1/843/AUTH_7ad7272b45f54cd48b8ab7b0e30649be/gnocchi.9a4db054-1e09-4381-a3a0-876e6d76d9f9/1771200000.0_mean_300.0_v3" 200 16 "GET http://172.18.0.2:8080/v1/AUTH_7ad7272b45f54cd48b8ab7b0e30649be/gnocchi.9a4db054-1e09-4381-a3a0-876e6d76d9f9/1771200000.0_mean_300.0_v3" "tx51d428b9d7964dcfab185-0069a07c62" "proxy-server 20" 0.0010 "-" 22 0
Feb 26 17:01:22 standalone proxy-server[130472]: 172.18.0.2 172.18.0.100 26/Feb/2026/17/01/22 GET /v1/AUTH_7ad7272b45f54cd48b8ab7b0e30649be/gnocchi.9a4db054-1e09-4381-a3a0-876e6d76d9f9/1771200000.0_mean_300.0_v3 HTTP/1.0 200 - python-swiftclient-3.11.1 gAAAAABpoHwA3cQa... - 16 - tx51d428b9d7964dcfab185-0069a07c62 - 0.0091 - - 1772125282.231108427 1772125282.240243673 0
Feb 26 17:01:22 standalone container-server[128453]: 172.20.0.100 - - [26/Feb/2026:17:01:22 +0000] "PUT /d1/73/AUTH_7ad7272b45f54cd48b8ab7b0e30649be/gnocchi.9a4db054-1e09-4381-a3a0-876e6d76d9f9/1771200000.0_mean_300.0_v3" 201 - "PUT http://172.18.0.2:8080/d1/843/AUTH_7ad7272b45f54cd48b8ab7b0e30649be/gnocchi.9a4db054-1e09-4381-a3a0-876e6d76d9f9/1771200000.0_mean_300.0_v3" "txfb8ebeb424b54d9597788-0069a07c62" "object-server 23" 0.0005 "-" 16 0
Feb 26 17:01:22 standalone object-server[128666]: 172.20.0.100 - - [26/Feb/2026:17:01:22 +0000] "PUT /d1/843/AUTH_7ad7272b45f54cd48b8ab7b0e30649be/gnocchi.9a4db054-1e09-4381-a3a0-876e6d76d9f9/1771200000.0_mean_300.0_v3" 201 - "PUT http://172.18.0.2:8080/v1/AUTH_7ad7272b45f54cd48b8ab7b0e30649be/gnocchi.9a4db054-1e09-4381-a3a0-876e6d76d9f9/1771200000.0_mean_300.0_v3" "txfb8ebeb424b54d9597788-0069a07c62" "proxy-server 20" 0.0090 "-" 23 0
Feb 26 17:01:22 standalone proxy-server[130472]: 172.18.0.2 172.18.0.100 26/Feb/2026/17/01/22 PUT /v1/AUTH_7ad7272b45f54cd48b8ab7b0e30649be/gnocchi.9a4db054-1e09-4381-a3a0-876e6d76d9f9/1771200000.0_mean_300.0_v3 HTTP/1.0 201 - python-swiftclient-3.11.1 gAAAAABpoHwA3cQa... 16 - - txfb8ebeb424b54d9597788-0069a07c62 - 0.0178 - - 1772125282.244489431 1772125282.262273073 0
Feb 26 17:01:22 standalone container-server[128431]: 172.20.0.100 - - [26/Feb/2026:17:01:22 +0000] "PUT /d1/73/AUTH_7ad7272b45f54cd48b8ab7b0e30649be/gnocchi.9a4db054-1e09-4381-a3a0-876e6d76d9f9/none_v3" 201 - "PUT http://172.18.0.2:8080/d1/325/AUTH_7ad7272b45f54cd48b8ab7b0e30649be/gnocchi.9a4db054-1e09-4381-a3a0-876e6d76d9f9/none_v3" "txe26abcf21e75489994fc4-0069a07c62" "object-server 25" 0.0011 "-" 14 0
Feb 26 17:01:22 standalone object-server[128668]: 172.20.0.100 - - [26/Feb/2026:17:01:22 +0000] "PUT /d1/325/AUTH_7ad7272b45f54cd48b8ab7b0e30649be/gnocchi.9a4db054-1e09-4381-a3a0-876e6d76d9f9/none_v3" 201 - "PUT http://172.18.0.2:8080/v1/AUTH_7ad7272b45f54cd48b8ab7b0e30649be/gnocchi.9a4db054-1e09-4381-a3a0-876e6d76d9f9/none_v3" "txe26abcf21e75489994fc4-0069a07c62" "proxy-server 20" 0.0115 "-" 25 0
Feb 26 17:01:22 standalone proxy-server[130472]: 172.18.0.2 172.18.0.100 26/Feb/2026/17/01/22 PUT /v1/AUTH_7ad7272b45f54cd48b8ab7b0e30649be/gnocchi.9a4db054-1e09-4381-a3a0-876e6d76d9f9/none_v3 HTTP/1.0 201 - python-swiftclient-3.11.1 gAAAAABpoHwA3cQa... 32 - - txe26abcf21e75489994fc4-0069a07c62 - 0.0204 - - 1772125282.266242027 1772125282.286626101 0
Feb 26 17:01:32 standalone container-server[128459]: 172.20.0.100 - - [26/Feb/2026:17:01:32 +0000] "HEAD /d1/594/AUTH_7ad7272b45f54cd48b8ab7b0e30649be/gnocchi.3ae54858-bf1a-4506-9e34-d70e3a5e04dc" 404 - "HEAD http://172.18.0.2:8080/v1/AUTH_7ad7272b45f54cd48b8ab7b0e30649be/gnocchi.3ae54858-bf1a-4506-9e34-d70e3a5e04dc?format=json&states=listing" "tx96cd05506bfd4c3da99a9-0069a07c6c" "proxy-server 20" 0.0007 "-" 17 0
Feb 26 17:01:32 standalone object-server[128668]: 172.20.0.100 - - [26/Feb/2026:17:01:32 +0000] "GET /d1/744/AUTH_7ad7272b45f54cd48b8ab7b0e30649be/gnocchi.3ae54858-bf1a-4506-9e34-d70e3a5e04dc/none_v3" 404 70 "GET http://172.18.0.2:8080/v1/AUTH_7ad7272b45f54cd48b8ab7b0e30649be/gnocchi.3ae54858-bf1a-4506-9e34-d70e3a5e04dc/none_v3" "tx96cd05506bfd4c3da99a9-0069a07c6c" "proxy-server 20" 0.0006 "-" 25 0
Feb 26 17:01:32 standalone proxy-server[130472]: 172.18.0.2 172.18.0.100 26/Feb/2026/17/01/32 GET /v1/AUTH_7ad7272b45f54cd48b8ab7b0e30649be/gnocchi.3ae54858-bf1a-4506-9e34-d70e3a5e04dc/none_v3 HTTP/1.0 404 - python-swiftclient-3.11.1 gAAAAABpoHwA3cQa... - 70 - tx96cd05506bfd4c3da99a9-0069a07c6c - 0.0118 - - 1772125292.857378483 1772125292.869211435 0
Feb 26 17:01:32 standalone account-server[128456]: 172.20.0.100 - - [26/Feb/2026:17:01:32 +0000] "PUT /d1/909/AUTH_7ad7272b45f54cd48b8ab7b0e30649be/gnocchi.3ae54858-bf1a-4506-9e34-d70e3a5e04dc" 201 - "PUT http://172.20.0.100:6001/d1/594/AUTH_7ad7272b45f54cd48b8ab7b0e30649be/gnocchi.3ae54858-bf1a-4506-9e34-d70e3a5e04dc" "tx78271fd198484c01a4b3a-0069a07c6c" "container-server 14" 0.0073 "-" 21 0
Feb 26 17:01:32 standalone container-server[128431]: 172.20.0.100 - - [26/Feb/2026:17:01:32 +0000] "PUT /d1/594/AUTH_7ad7272b45f54cd48b8ab7b0e30649be/gnocchi.3ae54858-bf1a-4506-9e34-d70e3a5e04dc" 201 - "PUT http://172.18.0.2:8080/v1/AUTH_7ad7272b45f54cd48b8ab7b0e30649be/gnocchi.3ae54858-bf1a-4506-9e34-d70e3a5e04dc" "tx78271fd198484c01a4b3a-0069a07c6c" "proxy-server 20" 0.0252 "-" 14 0
Feb 26 17:01:32 standalone proxy-server[130472]: 172.18.0.2 172.18.0.100 26/Feb/2026/17/01/32 PUT /v1/AUTH_7ad7272b45f54cd48b8ab7b0e30649be/gnocchi.3ae54858-bf1a-4506-9e34-d70e3a5e04dc HTTP/1.0 201 - python-swiftclient-3.11.1 gAAAAABpoHwA3cQa... - - - tx78271fd198484c01a4b3a-0069a07c6c - 0.0318 - - 1772125292.872760296 1772125292.904546976 0
