Feb 26 16:46:44 standalone account-server[128123]: Starting 2
Feb 26 16:46:44 standalone container-server[128158]: Option allow_versions is deprecated. Configure the versioned_writes middleware in the proxy-server instead. This option will be ignored in a future release.
Feb 26 16:46:44 standalone container-server[128431]: Option allow_versions is deprecated. Configure the versioned_writes middleware in the proxy-server instead. This option will be ignored in a future release.
Feb 26 16:46:44 standalone container-server[128158]: Started child 14 from parent 2
Feb 26 16:46:44 standalone container-server[128443]: Option allow_versions is deprecated. Configure the versioned_writes middleware in the proxy-server instead. This option will be ignored in a future release.
Feb 26 16:46:44 standalone container-server[128158]: Started child 15 from parent 2
Feb 26 16:46:44 standalone container-server[128453]: Option allow_versions is deprecated. Configure the versioned_writes middleware in the proxy-server instead. This option will be ignored in a future release.
Feb 26 16:46:44 standalone account-server[128164]: Started child 20 from parent 2
Feb 26 16:46:44 standalone container-server[128158]: Started child 16 from parent 2
Feb 26 16:46:45 standalone container-server[128459]: Option allow_versions is deprecated. Configure the versioned_writes middleware in the proxy-server instead. This option will be ignored in a future release.
Feb 26 16:46:45 standalone container-server[128158]: Started child 17 from parent 2
Feb 26 16:46:45 standalone account-server[128164]: Started child 21 from parent 2
Feb 26 16:46:45 standalone account-server[128164]: Started child 22 from parent 2
Feb 26 16:46:45 standalone account-server[128164]: Started child 23 from parent 2
Feb 26 16:46:45 standalone object-expirer[128507]: Starting 2
Feb 26 16:46:45 standalone object-expirer[128507]: Option auto_create_account_prefix is deprecated. Configure auto_create_account_prefix under the swift-constraints section of swift.conf. This option will be ignored in a future release.
Feb 26 16:46:45 standalone container-server[128544]: Starting 2
Feb 26 16:46:45 standalone object-server[128505]: Starting 2
Feb 26 16:46:45 standalone object-server[128535]: Started child 22 from parent 2
Feb 26 16:46:45 standalone object-server[128535]: Started child 23 from parent 2
Feb 26 16:46:45 standalone object-server[128535]: Started child 24 from parent 2
Feb 26 16:46:45 standalone object-server[128535]: Started child 25 from parent 2
Feb 26 16:46:52 standalone proxy-server[130234]: Starting Keystone auth_token middleware
Feb 26 16:46:52 standalone proxy-server[130234]: AuthToken middleware is set with keystone_authtoken.service_token_roles_required set to False. This is backwards compatible but deprecated behaviour. Please set this to True.
Feb 26 16:46:52 standalone proxy-server[130472]: Starting Keystone auth_token middleware
Feb 26 16:46:52 standalone proxy-server[130472]: STDERR: The option "bind_port" is not known to keystonemiddleware
Feb 26 16:46:52 standalone proxy-server[130472]: STDERR: The option "workers" is not known to keystonemiddleware
Feb 26 16:46:52 standalone proxy-server[130472]: STDERR: The option "user" is not known to keystonemiddleware
Feb 26 16:46:52 standalone proxy-server[130472]: STDERR: The option "bind_ip" is not known to keystonemiddleware
Feb 26 16:46:52 standalone proxy-server[130472]: STDERR: The option "log_name" is not known to keystonemiddleware
Feb 26 16:46:52 standalone proxy-server[130472]: STDERR: The option "log_facility" is not known to keystonemiddleware
Feb 26 16:46:52 standalone proxy-server[130472]: STDERR: The option "log_level" is not known to keystonemiddleware
Feb 26 16:46:52 standalone proxy-server[130472]: STDERR: The option "log_headers" is not known to keystonemiddleware
Feb 26 16:46:52 standalone proxy-server[130472]: STDERR: The option "log_address" is not known to keystonemiddleware
Feb 26 16:46:52 standalone proxy-server[130472]: STDERR: The option "project_name" is not known to keystonemiddleware
Feb 26 16:46:52 standalone proxy-server[130472]: STDERR: The option "username" is not known to keystonemiddleware
Feb 26 16:46:52 standalone proxy-server[130472]: STDERR: The option "password" is not known to keystonemiddleware
Feb 26 16:46:52 standalone proxy-server[130472]: STDERR: The option "auth_url" is not known to keystonemiddleware
Feb 26 16:46:52 standalone proxy-server[130472]: STDERR: The option "signing_dir" is not known to keystonemiddleware
Feb 26 16:46:52 standalone proxy-server[130472]: STDERR: The option "project_domain_id" is not known to keystonemiddleware
Feb 26 16:46:52 standalone proxy-server[130472]: STDERR: The option "user_domain_id" is not known to keystonemiddleware
Feb 26 16:46:52 standalone proxy-server[130472]: STDERR: The option "__name__" is not known to keystonemiddleware
Feb 26 16:46:52 standalone proxy-server[130472]: AuthToken middleware is set with keystone_authtoken.service_token_roles_required set to False. This is backwards compatible but deprecated behaviour. Please set this to True.
Feb 26 16:46:52 standalone proxy-server[130234]: Started child 20 from parent 2
Feb 26 16:47:48 standalone container-server[128544]: Begin container update sweep
Feb 26 16:47:48 standalone container-server[128544]: Container update sweep completed: 0.00s
Feb 26 16:49:08 standalone account-server[128467]: 172.20.0.100 - - [26/Feb/2026:16:49:08 +0000] "HEAD /d1/212/.expiring_objects" 404 - "HEAD http://localhost/v1/.expiring_objects?format=json" "txecd07965fcc74fec933d4-0069a07984" "proxy-server 2" 0.0017 "-" 22 -
Feb 26 16:49:08 standalone object-expirer[128507]: Pass completed in 0s; 0 objects expired (txn: txecd07965fcc74fec933d4-0069a07984)
Feb 26 16:50:13 standalone account-server[128454]: 172.20.0.100 - - [26/Feb/2026:16:50:13 +0000] "HEAD /d1/212/.expiring_objects" 404 - "HEAD http://localhost/v1/.expiring_objects?format=json" "txa4a9e2040ca54163a25c3-0069a079c5" "proxy-server 2" 0.0017 "-" 20 -
Feb 26 16:50:13 standalone object-expirer[128507]: Pass completed in 0s; 0 objects expired (txn: txa4a9e2040ca54163a25c3-0069a079c5)
Feb 26 16:50:42 standalone account-server[128467]: 172.20.0.100 - - [26/Feb/2026:16:50:42 +0000] "HEAD /d1/212/.expiring_objects" 404 - "HEAD http://localhost/v1/.expiring_objects?format=json" "txb3f5fef4cf00443c9b9e8-0069a079e2" "proxy-server 2" 0.0009 "-" 22 -
Feb 26 16:50:42 standalone object-expirer[128507]: Pass completed in 0s; 0 objects expired (txn: txb3f5fef4cf00443c9b9e8-0069a079e2)
Feb 26 16:51:09 standalone object-server[128505]: Begin object update sweep
Feb 26 16:51:09 standalone object-server[159166]: Object update sweep starting on /srv/node/d1 (pid: 12)
Feb 26 16:51:09 standalone object-server[159166]: Object update sweep completed on /srv/node/d1 in 0.00s seconds:, 0 successes, 0 failures, 0 quarantines, 0 unlinks, 0 errors, 0 redirects (pid: 12)
Feb 26 16:51:09 standalone object-server[159166]: Object update sweep of d1 completed: 0.00s, 0 successes, 0 failures, 0 quarantines, 0 unlinks, 0 errors, 0 redirects
Feb 26 16:51:09 standalone object-server[128505]: Object update sweep completed: 0.07s
Feb 26 16:52:48 standalone container-server[128544]: Begin container update sweep
Feb 26 16:52:48 standalone container-server[128544]: Container update sweep completed: 0.00s
Feb 26 16:54:28 standalone account-server[128454]: 172.20.0.100 - - [26/Feb/2026:16:54:28 +0000] "HEAD /d1/212/.expiring_objects" 404 - "HEAD http://localhost/v1/.expiring_objects?format=json" "tx451e7d27c2f84a6a8e873-0069a07ac4" "proxy-server 2" 0.0005 "-" 20 -
Feb 26 16:54:28 standalone object-expirer[128507]: Pass completed in 0s; 0 objects expired (txn: tx451e7d27c2f84a6a8e873-0069a07ac4)
Feb 26 16:56:09 standalone object-server[128505]: Begin object update sweep
Feb 26 16:56:09 standalone object-server[198216]: Object update sweep starting on /srv/node/d1 (pid: 13)
Feb 26 16:56:09 standalone object-server[198216]: Object update sweep completed on /srv/node/d1 in 0.00s seconds:, 0 successes, 0 failures, 0 quarantines, 0 unlinks, 0 errors, 0 redirects (pid: 13)
Feb 26 16:56:09 standalone object-server[198216]: Object update sweep of d1 completed: 0.00s, 0 successes, 0 failures, 0 quarantines, 0 unlinks, 0 errors, 0 redirects
Feb 26 16:56:09 standalone object-server[128505]: Object update sweep completed: 0.08s
Feb 26 16:57:48 standalone container-server[128544]: Begin container update sweep
Feb 26 16:57:49 standalone container-server[128544]: Container update sweep completed: 0.00s
Feb 26 16:58:51 standalone account-server[128474]: 172.20.0.100 - - [26/Feb/2026:16:58:51 +0000] "HEAD /d1/212/.expiring_objects" 404 - "HEAD http://localhost/v1/.expiring_objects?format=json" "txdf643f90daa94fdf9098f-0069a07bcb" "proxy-server 2" 0.0016 "-" 23 -
Feb 26 16:58:51 standalone object-expirer[128507]: Pass completed in 0s; 0 objects expired (txn: txdf643f90daa94fdf9098f-0069a07bcb)
Feb 26 16:59:44 standalone account-server[128467]: 172.20.0.100 - - [26/Feb/2026:16:59:44 +0000] "HEAD /d1/909/AUTH_7ad7272b45f54cd48b8ab7b0e30649be" 404 - "HEAD http://172.18.0.2:8080/v1/AUTH_7ad7272b45f54cd48b8ab7b0e30649be?format=json" "tx2cec8c7df3c04ba08b4ab-0069a07c00" "proxy-server 20" 0.0007 "-" 22 -
Feb 26 16:59:44 standalone proxy-server[130472]: - - 26/Feb/2026/16/59/44 HEAD /v1/AUTH_7ad7272b45f54cd48b8ab7b0e30649be%3Fformat%3Djson HTTP/1.0 200 - Swift - - - - tx2cec8c7df3c04ba08b4ab-0069a07c00 - 0.0099 RL - 1772125184.866072655 1772125184.875977993 -
Feb 26 16:59:45 standalone object-server[128665]: 172.20.0.100 - - [26/Feb/2026:16:59:45 +0000] "GET /d1/948/AUTH_7ad7272b45f54cd48b8ab7b0e30649be/gnocchi.8f3ecc44-62d4-4e09-8cd0-c65506b5ce6a/none_v3" 404 70 "GET http://172.18.0.2:8080/v1/AUTH_7ad7272b45f54cd48b8ab7b0e30649be/gnocchi.8f3ecc44-62d4-4e09-8cd0-c65506b5ce6a/none_v3" "tx2cec8c7df3c04ba08b4ab-0069a07c00" "proxy-server 20" 0.0010 "-" 22 0
Feb 26 16:59:45 standalone proxy-server[130472]: 172.18.0.2 172.18.0.100 26/Feb/2026/16/59/45 GET /v1/AUTH_7ad7272b45f54cd48b8ab7b0e30649be/gnocchi.8f3ecc44-62d4-4e09-8cd0-c65506b5ce6a/none_v3 HTTP/1.0 404 - python-swiftclient-3.11.1 gAAAAABpoHwA3cQa... - 70 - tx2cec8c7df3c04ba08b4ab-0069a07c00 - 0.4292 - - 1772125184.861516953 1772125185.290685177 0
Feb 26 16:59:45 standalone account-server[128456]: 172.20.0.100 - - [26/Feb/2026:16:59:45 +0000] "PUT /d1/909/AUTH_7ad7272b45f54cd48b8ab7b0e30649be" 201 - "-" "tx524c14ea63f447d9bce25-0069a07c01" "-" 0.0227 "-" 21 -
Feb 26 16:59:45 standalone proxy-server[130472]: autocreate account '/AUTH_7ad7272b45f54cd48b8ab7b0e30649be' (txn: tx524c14ea63f447d9bce25-0069a07c01)
Feb 26 16:59:45 standalone account-server[128456]: 172.20.0.100 - - [26/Feb/2026:16:59:45 +0000] "HEAD /d1/909/AUTH_7ad7272b45f54cd48b8ab7b0e30649be" 204 - "HEAD http://172.18.0.2:8080/v1/AUTH_7ad7272b45f54cd48b8ab7b0e30649be?format=json" "tx524c14ea63f447d9bce25-0069a07c01" "proxy-server 20" 0.0025 "-" 21 -
Feb 26 16:59:45 standalone account-server[128456]: 172.20.0.100 - - [26/Feb/2026:16:59:45 +0000] "PUT /d1/909/AUTH_7ad7272b45f54cd48b8ab7b0e30649be/gnocchi.8f3ecc44-62d4-4e09-8cd0-c65506b5ce6a" 201 - "PUT http://172.20.0.100:6001/d1/652/AUTH_7ad7272b45f54cd48b8ab7b0e30649be/gnocchi.8f3ecc44-62d4-4e09-8cd0-c65506b5ce6a" "tx524c14ea63f447d9bce25-0069a07c01" "container-server 16" 0.0023 "-" 21 0
Feb 26 16:59:45 standalone container-server[128453]: 172.20.0.100 - - [26/Feb/2026:16:59:45 +0000] "PUT /d1/652/AUTH_7ad7272b45f54cd48b8ab7b0e30649be/gnocchi.8f3ecc44-62d4-4e09-8cd0-c65506b5ce6a" 201 - "PUT http://172.18.0.2:8080/v1/AUTH_7ad7272b45f54cd48b8ab7b0e30649be/gnocchi.8f3ecc44-62d4-4e09-8cd0-c65506b5ce6a" "tx524c14ea63f447d9bce25-0069a07c01" "proxy-server 20" 0.0186 "-" 16 0
Feb 26 16:59:45 standalone proxy-server[130472]: 172.18.0.2 172.18.0.100 26/Feb/2026/16/59/45 PUT /v1/AUTH_7ad7272b45f54cd48b8ab7b0e30649be/gnocchi.8f3ecc44-62d4-4e09-8cd0-c65506b5ce6a HTTP/1.0 201 - python-swiftclient-3.11.1 gAAAAABpoHwA3cQa... - - - tx524c14ea63f447d9bce25-0069a07c01 - 0.0667 - - 1772125185.295862198 1772125185.362513304 0
Feb 26 16:59:45 standalone container-server[128443]: 172.20.0.100 - - [26/Feb/2026:16:59:45 +0000] "HEAD /d1/652/AUTH_7ad7272b45f54cd48b8ab7b0e30649be/gnocchi.8f3ecc44-62d4-4e09-8cd0-c65506b5ce6a" 204 - "HEAD http://172.18.0.2:8080/v1/AUTH_7ad7272b45f54cd48b8ab7b0e30649be/gnocchi.8f3ecc44-62d4-4e09-8cd0-c65506b5ce6a?format=json&states=listing" "tx5f9397924b41419694cd3-0069a07c01" "proxy-server 20" 0.0040 "-" 15 0
Feb 26 16:59:45 standalone proxy-server[130472]: - - 26/Feb/2026/16/59/45 HEAD /v1/AUTH_7ad7272b45f54cd48b8ab7b0e30649be/gnocchi.8f3ecc44-62d4-4e09-8cd0-c65506b5ce6a%3Fformat%3Djson%26states%3Dlisting HTTP/1.0 204 - Swift - - - - tx5f9397924b41419694cd3-0069a07c01 - 0.0092 RL - 1772125185.370052099 1772125185.379286051 0
Feb 26 16:59:45 standalone container-server[128459]: 172.20.0.100 - - [26/Feb/2026:16:59:45 +0000] "GET /d1/652/AUTH_7ad7272b45f54cd48b8ab7b0e30649be/gnocchi.8f3ecc44-62d4-4e09-8cd0-c65506b5ce6a" 200 2 "GET http://172.18.0.2:8080/v1/AUTH_7ad7272b45f54cd48b8ab7b0e30649be/gnocchi.8f3ecc44-62d4-4e09-8cd0-c65506b5ce6a?format=json&states=listing" "tx5f9397924b41419694cd3-0069a07c01" "proxy-server 20" 0.0063 "-" 17 0
Feb 26 16:59:45 standalone proxy-server[130472]: 172.18.0.2 172.18.0.100 26/Feb/2026/16/59/45 GET /v1/AUTH_7ad7272b45f54cd48b8ab7b0e30649be/gnocchi.8f3ecc44-62d4-4e09-8cd0-c65506b5ce6a%3Fformat%3Djson%26states%3Dlisting HTTP/1.0 200 - python-swiftclient-3.11.1 gAAAAABpoHwA3cQa... - 2 - tx5f9397924b41419694cd3-0069a07c01 - 0.0278 - - 1772125185.368055820 1772125185.395893574 0
Feb 26 16:59:45 standalone object-server[128668]: 172.20.0.100 - - [26/Feb/2026:16:59:45 +0000] "GET /d1/730/AUTH_7ad7272b45f54cd48b8ab7b0e30649be/gnocchi.8f3ecc44-62d4-4e09-8cd0-c65506b5ce6a/1771200000.0_mean_300.0_v3" 404 70 "GET http://172.18.0.2:8080/v1/AUTH_7ad7272b45f54cd48b8ab7b0e30649be/gnocchi.8f3ecc44-62d4-4e09-8cd0-c65506b5ce6a/1771200000.0_mean_300.0_v3" "txe11e4640a2b940f9b4c02-0069a07c01" "proxy-server 20" 0.0014 "-" 25 0
Feb 26 16:59:45 standalone proxy-server[130472]: 172.18.0.2 172.18.0.100 26/Feb/2026/16/59/45 GET /v1/AUTH_7ad7272b45f54cd48b8ab7b0e30649be/gnocchi.8f3ecc44-62d4-4e09-8cd0-c65506b5ce6a/1771200000.0_mean_300.0_v3 HTTP/1.0 404 - python-swiftclient-3.11.1 gAAAAABpoHwA3cQa... - 70 - txe11e4640a2b940f9b4c02-0069a07c01 - 0.0142 - - 1772125185.403831005 1772125185.418018103 0
Feb 26 16:59:45 standalone container-server[128431]: 172.20.0.100 - - [26/Feb/2026:16:59:45 +0000] "PUT /d1/652/AUTH_7ad7272b45f54cd48b8ab7b0e30649be/gnocchi.8f3ecc44-62d4-4e09-8cd0-c65506b5ce6a/1771200000.0_mean_300.0_v3" 201 - "PUT http://172.18.0.2:8080/d1/730/AUTH_7ad7272b45f54cd48b8ab7b0e30649be/gnocchi.8f3ecc44-62d4-4e09-8cd0-c65506b5ce6a/1771200000.0_mean_300.0_v3" "txc1e2b7257dbe4d579e675-0069a07c01" "object-server 22" 0.0024 "-" 14 0
Feb 26 16:59:45 standalone object-server[128665]: 172.20.0.100 - - [26/Feb/2026:16:59:45 +0000] "PUT /d1/730/AUTH_7ad7272b45f54cd48b8ab7b0e30649be/gnocchi.8f3ecc44-62d4-4e09-8cd0-c65506b5ce6a/1771200000.0_mean_300.0_v3" 201 - "PUT http://172.18.0.2:8080/v1/AUTH_7ad7272b45f54cd48b8ab7b0e30649be/gnocchi.8f3ecc44-62d4-4e09-8cd0-c65506b5ce6a/1771200000.0_mean_300.0_v3" "txc1e2b7257dbe4d579e675-0069a07c01" "proxy-server 20" 0.0403 "-" 22 0
Feb 26 16:59:45 standalone proxy-server[130472]: 172.18.0.2 172.18.0.100 26/Feb/2026/16/59/45 PUT /v1/AUTH_7ad7272b45f54cd48b8ab7b0e30649be/gnocchi.8f3ecc44-62d4-4e09-8cd0-c65506b5ce6a/1771200000.0_mean_300.0_v3 HTTP/1.0 201 - python-swiftclient-3.11.1 gAAAAABpoHwA3cQa... 16 - - txc1e2b7257dbe4d579e675-0069a07c01 - 0.0506 - - 1772125185.422816038 1772125185.473414421 0
Feb 26 16:59:45 standalone container-server[128443]: 172.20.0.100 - - [26/Feb/2026:16:59:45 +0000] "PUT /d1/652/AUTH_7ad7272b45f54cd48b8ab7b0e30649be/gnocchi.8f3ecc44-62d4-4e09-8cd0-c65506b5ce6a/none_v3" 201 - "PUT http://172.18.0.2:8080/d1/948/AUTH_7ad7272b45f54cd48b8ab7b0e30649be/gnocchi.8f3ecc44-62d4-4e09-8cd0-c65506b5ce6a/none_v3" "txa629a4bc2727423a8c5e3-0069a07c01" "object-server 25" 0.0010 "-" 15 0
Feb 26 16:59:45 standalone object-server[128668]: 172.20.0.100 - - [26/Feb/2026:16:59:45 +0000] "PUT /d1/948/AUTH_7ad7272b45f54cd48b8ab7b0e30649be/gnocchi.8f3ecc44-62d4-4e09-8cd0-c65506b5ce6a/none_v3" 201 - "PUT http://172.18.0.2:8080/v1/AUTH_7ad7272b45f54cd48b8ab7b0e30649be/gnocchi.8f3ecc44-62d4-4e09-8cd0-c65506b5ce6a/none_v3" "txa629a4bc2727423a8c5e3-0069a07c01" "proxy-server 20" 0.0330 "-" 25 0
Feb 26 16:59:45 standalone proxy-server[130472]: 172.18.0.2 172.18.0.100 26/Feb/2026/16/59/45 PUT /v1/AUTH_7ad7272b45f54cd48b8ab7b0e30649be/gnocchi.8f3ecc44-62d4-4e09-8cd0-c65506b5ce6a/none_v3 HTTP/1.0 201 - python-swiftclient-3.11.1 gAAAAABpoHwA3cQa... 22 - - txa629a4bc2727423a8c5e3-0069a07c01 - 0.0417 - - 1772125185.478856564 1772125185.520546913 0
Feb 26 17:00:14 standalone object-server[128668]: 172.20.0.100 - - [26/Feb/2026:17:00:14 +0000] "GET /d1/948/AUTH_7ad7272b45f54cd48b8ab7b0e30649be/gnocchi.8f3ecc44-62d4-4e09-8cd0-c65506b5ce6a/none_v3" 200 22 "GET http://172.18.0.2:8080/v1/AUTH_7ad7272b45f54cd48b8ab7b0e30649be/gnocchi.8f3ecc44-62d4-4e09-8cd0-c65506b5ce6a/none_v3" "tx8541f443495a4cfb9f2d6-0069a07c1e" "proxy-server 20" 0.0022 "-" 25 0
Feb 26 17:00:14 standalone proxy-server[130472]: 172.18.0.2 172.18.0.100 26/Feb/2026/17/00/14 GET /v1/AUTH_7ad7272b45f54cd48b8ab7b0e30649be/gnocchi.8f3ecc44-62d4-4e09-8cd0-c65506b5ce6a/none_v3 HTTP/1.0 200 - python-swiftclient-3.11.1 gAAAAABpoHwA3cQa... - 22 - tx8541f443495a4cfb9f2d6-0069a07c1e - 0.0124 - - 1772125214.568538666 1772125214.580929756 0
Feb 26 17:00:14 standalone container-server[128431]: 172.20.0.100 - - [26/Feb/2026:17:00:14 +0000] "GET /d1/652/AUTH_7ad7272b45f54cd48b8ab7b0e30649be/gnocchi.8f3ecc44-62d4-4e09-8cd0-c65506b5ce6a" 200 357 "GET http://172.18.0.2:8080/v1/AUTH_7ad7272b45f54cd48b8ab7b0e30649be/gnocchi.8f3ecc44-62d4-4e09-8cd0-c65506b5ce6a?format=json&states=listing" "tx1c38e20e113b4458a57af-0069a07c1e" "proxy-server 20" 0.0145 "-" 14 0
Feb 26 17:00:14 standalone proxy-server[130472]: 172.18.0.2 172.18.0.100 26/Feb/2026/17/00/14 GET /v1/AUTH_7ad7272b45f54cd48b8ab7b0e30649be/gnocchi.8f3ecc44-62d4-4e09-8cd0-c65506b5ce6a%3Fformat%3Djson%26states%3Dlisting HTTP/1.0 200 - python-swiftclient-3.11.1 gAAAAABpoHwA3cQa... - 357 - tx1c38e20e113b4458a57af-0069a07c1e - 0.0230 - - 1772125214.584340334 1772125214.607294559 0
Feb 26 17:00:14 standalone container-server[128453]: 172.20.0.100 - - [26/Feb/2026:17:00:14 +0000] "GET /d1/652/AUTH_7ad7272b45f54cd48b8ab7b0e30649be/gnocchi.8f3ecc44-62d4-4e09-8cd0-c65506b5ce6a" 200 2 "GET http://172.18.0.2:8080/v1/AUTH_7ad7272b45f54cd48b8ab7b0e30649be/gnocchi.8f3ecc44-62d4-4e09-8cd0-c65506b5ce6a?format=json&marker=none_v3&states=listing" "tx4c046375faa44bbf950c7-0069a07c1e" "proxy-server 20" 0.0022 "-" 16 0
Feb 26 17:00:14 standalone proxy-server[130472]: 172.18.0.2 172.18.0.100 26/Feb/2026/17/00/14 GET /v1/AUTH_7ad7272b45f54cd48b8ab7b0e30649be/gnocchi.8f3ecc44-62d4-4e09-8cd0-c65506b5ce6a%3Fformat%3Djson%26marker%3Dnone_v3%26states%3Dlisting HTTP/1.0 200 - python-swiftclient-3.11.1 gAAAAABpoHwA3cQa... - 2 - tx4c046375faa44bbf950c7-0069a07c1e - 0.0096 - - 1772125214.610388279 1772125214.619981766 0
Feb 26 17:00:14 standalone object-server[128667]: 172.20.0.100 - - [26/Feb/2026:17:00:14 +0000] "GET /d1/730/AUTH_7ad7272b45f54cd48b8ab7b0e30649be/gnocchi.8f3ecc44-62d4-4e09-8cd0-c65506b5ce6a/1771200000.0_mean_300.0_v3" 200 16 "GET http://172.18.0.2:8080/v1/AUTH_7ad7272b45f54cd48b8ab7b0e30649be/gnocchi.8f3ecc44-62d4-4e09-8cd0-c65506b5ce6a/1771200000.0_mean_300.0_v3" "tx317472224daf4cdabb45f-0069a07c1e" "proxy-server 20" 0.0010 "-" 24 0
Feb 26 17:00:14 standalone proxy-server[130472]: 172.18.0.2 172.18.0.100 26/Feb/2026/17/00/14 GET /v1/AUTH_7ad7272b45f54cd48b8ab7b0e30649be/gnocchi.8f3ecc44-62d4-4e09-8cd0-c65506b5ce6a/1771200000.0_mean_300.0_v3 HTTP/1.0 200 - python-swiftclient-3.11.1 gAAAAABpoHwA3cQa... - 16 - tx317472224daf4cdabb45f-0069a07c1e - 0.0128 - - 1772125214.623073578 1772125214.635850430 0
Feb 26 17:00:14 standalone container-server[128453]: 172.20.0.100 - - [26/Feb/2026:17:00:14 +0000] "PUT /d1/652/AUTH_7ad7272b45f54cd48b8ab7b0e30649be/gnocchi.8f3ecc44-62d4-4e09-8cd0-c65506b5ce6a/1771200000.0_mean_300.0_v3" 201 - "PUT http://172.18.0.2:8080/d1/730/AUTH_7ad7272b45f54cd48b8ab7b0e30649be/gnocchi.8f3ecc44-62d4-4e09-8cd0-c65506b5ce6a/1771200000.0_mean_300.0_v3" "txb3780fe5c4694e05ab6dd-0069a07c1e" "object-server 23" 0.0008 "-" 16 0
Feb 26 17:00:14 standalone object-server[128666]: 172.20.0.100 - - [26/Feb/2026:17:00:14 +0000] "PUT /d1/730/AUTH_7ad7272b45f54cd48b8ab7b0e30649be/gnocchi.8f3ecc44-62d4-4e09-8cd0-c65506b5ce6a/1771200000.0_mean_300.0_v3" 201 - "PUT http://172.18.0.2:8080/v1/AUTH_7ad7272b45f54cd48b8ab7b0e30649be/gnocchi.8f3ecc44-62d4-4e09-8cd0-c65506b5ce6a/1771200000.0_mean_300.0_v3" "txb3780fe5c4694e05ab6dd-0069a07c1e" "proxy-server 20" 0.0358 "-" 23 0
Feb 26 17:00:14 standalone proxy-server[130472]: 172.18.0.2 172.18.0.100 26/Feb/2026/17/00/14 PUT /v1/AUTH_7ad7272b45f54cd48b8ab7b0e30649be/gnocchi.8f3ecc44-62d4-4e09-8cd0-c65506b5ce6a/1771200000.0_mean_300.0_v3 HTTP/1.0 201 - python-swiftclient-3.11.1 gAAAAABpoHwA3cQa... 16 - - txb3780fe5c4694e05ab6dd-0069a07c1e - 0.0437 - - 1772125214.639008045 1772125214.682727575 0
Feb 26 17:00:14 standalone container-server[128443]: 172.20.0.100 - - [26/Feb/2026:17:00:14 +0000] "PUT /d1/652/AUTH_7ad7272b45f54cd48b8ab7b0e30649be/gnocchi.8f3ecc44-62d4-4e09-8cd0-c65506b5ce6a/none_v3" 201 - "PUT http://172.18.0.2:8080/d1/948/AUTH_7ad7272b45f54cd48b8ab7b0e30649be/gnocchi.8f3ecc44-62d4-4e09-8cd0-c65506b5ce6a/none_v3" "tx25c484df538b49d2af783-0069a07c1e" "object-server 22" 0.0006 "-" 15 0
Feb 26 17:00:14 standalone object-server[128665]: 172.20.0.100 - - [26/Feb/2026:17:00:14 +0000] "PUT /d1/948/AUTH_7ad7272b45f54cd48b8ab7b0e30649be/gnocchi.8f3ecc44-62d4-4e09-8cd0-c65506b5ce6a/none_v3" 201 - "PUT http://172.18.0.2:8080/v1/AUTH_7ad7272b45f54cd48b8ab7b0e30649be/gnocchi.8f3ecc44-62d4-4e09-8cd0-c65506b5ce6a/none_v3" "tx25c484df538b49d2af783-0069a07c1e" "proxy-server 20" 0.0096 "-" 22 0
Feb 26 17:00:14 standalone proxy-server[130472]: 172.18.0.2 172.18.0.100 26/Feb/2026/17/00/14 PUT /v1/AUTH_7ad7272b45f54cd48b8ab7b0e30649be/gnocchi.8f3ecc44-62d4-4e09-8cd0-c65506b5ce6a/none_v3 HTTP/1.0 201 - python-swiftclient-3.11.1 gAAAAABpoHwA3cQa... 32 - - tx25c484df538b49d2af783-0069a07c1e - 0.0158 - - 1772125214.685181379 1772125214.701007366 0
Feb 26 17:00:43 standalone container-server[128459]: 172.20.0.100 - - [26/Feb/2026:17:00:43 +0000] "HEAD /d1/792/AUTH_7ad7272b45f54cd48b8ab7b0e30649be/gnocchi.d055e931-5c60-4a94-bd4d-8520060be6f2" 404 - "HEAD http://172.18.0.2:8080/v1/AUTH_7ad7272b45f54cd48b8ab7b0e30649be/gnocchi.d055e931-5c60-4a94-bd4d-8520060be6f2?format=json&states=listing" "tx21e9127fd41a4454b640a-0069a07c3b" "proxy-server 20" 0.0011 "-" 17 0
Feb 26 17:00:43 standalone object-server[128665]: 172.20.0.100 - - [26/Feb/2026:17:00:43 +0000] "GET /d1/61/AUTH_7ad7272b45f54cd48b8ab7b0e30649be/gnocchi.d055e931-5c60-4a94-bd4d-8520060be6f2/none_v3" 404 70 "GET http://172.18.0.2:8080/v1/AUTH_7ad7272b45f54cd48b8ab7b0e30649be/gnocchi.d055e931-5c60-4a94-bd4d-8520060be6f2/none_v3" "tx21e9127fd41a4454b640a-0069a07c3b" "proxy-server 20" 0.0007 "-" 22 0
Feb 26 17:00:43 standalone proxy-server[130472]: 172.18.0.2 172.18.0.100 26/Feb/2026/17/00/43 GET /v1/AUTH_7ad7272b45f54cd48b8ab7b0e30649be/gnocchi.d055e931-5c60-4a94-bd4d-8520060be6f2/none_v3 HTTP/1.0 404 - python-swiftclient-3.11.1 gAAAAABpoHwA3cQa... - 70 - tx21e9127fd41a4454b640a-0069a07c3b - 0.0181 - - 1772125243.718421936 1772125243.736542463 0
Feb 26 17:00:43 standalone account-server[128474]: 172.20.0.100 - - [26/Feb/2026:17:00:43 +0000] "PUT /d1/909/AUTH_7ad7272b45f54cd48b8ab7b0e30649be/gnocchi.d055e931-5c60-4a94-bd4d-8520060be6f2" 201 - "PUT http://172.20.0.100:6001/d1/792/AUTH_7ad7272b45f54cd48b8ab7b0e30649be/gnocchi.d055e931-5c60-4a94-bd4d-8520060be6f2" "txce04e83536d8404799301-0069a07c3b" "container-server 17" 0.0494 "-" 23 0
Feb 26 17:00:43 standalone container-server[128459]: 172.20.0.100 - - [26/Feb/2026:17:00:43 +0000] "PUT /d1/792/AUTH_7ad7272b45f54cd48b8ab7b0e30649be/gnocchi.d055e931-5c60-4a94-bd4d-8520060be6f2" 201 - "PUT http://172.18.0.2:8080/v1/AUTH_7ad7272b45f54cd48b8ab7b0e30649be/gnocchi.d055e931-5c60-4a94-bd4d-8520060be6f2" "txce04e83536d8404799301-0069a07c3b" "proxy-server 20" 0.0647 "-" 17 0
Feb 26 17:00:43 standalone proxy-server[130472]: 172.18.0.2 172.18.0.100 26/Feb/2026/17/00/43 PUT /v1/AUTH_7ad7272b45f54cd48b8ab7b0e30649be/gnocchi.d055e931-5c60-4a94-bd4d-8520060be6f2 HTTP/1.0 201 - python-swiftclient-3.11.1 gAAAAABpoHwA3cQa... - - - txce04e83536d8404799301-0069a07c3b - 0.0743 - - 1772125243.742627382 1772125243.816970587 0
Feb 26 17:00:43 standalone container-server[128453]: 172.20.0.100 - - [26/Feb/2026:17:00:43 +0000] "HEAD /d1/792/AUTH_7ad7272b45f54cd48b8ab7b0e30649be/gnocchi.d055e931-5c60-4a94-bd4d-8520060be6f2" 204 - "HEAD http://172.18.0.2:8080/v1/AUTH_7ad7272b45f54cd48b8ab7b0e30649be/gnocchi.d055e931-5c60-4a94-bd4d-8520060be6f2?format=json&states=listing" "txe9bca98b539443048aad5-0069a07c3b" "proxy-server 20" 0.0013 "-" 16 0
Feb 26 17:00:43 standalone proxy-server[130472]: - - 26/Feb/2026/17/00/43 HEAD /v1/AUTH_7ad7272b45f54cd48b8ab7b0e30649be/gnocchi.d055e931-5c60-4a94-bd4d-8520060be6f2%3Fformat%3Djson%26states%3Dlisting HTTP/1.0 204 - Swift - - - - txe9bca98b539443048aad5-0069a07c3b - 0.0058 RL - 1772125243.824531317 1772125243.830310345 0
Feb 26 17:00:43 standalone container-server[128453]: 172.20.0.100 - - [26/Feb/2026:17:00:43 +0000] "GET /d1/792/AUTH_7ad7272b45f54cd48b8ab7b0e30649be/gnocchi.d055e931-5c60-4a94-bd4d-8520060be6f2" 200 2 "GET http://172.18.0.2:8080/v1/AUTH_7ad7272b45f54cd48b8ab7b0e30649be/gnocchi.d055e931-5c60-4a94-bd4d-8520060be6f2?format=json&states=listing" "txe9bca98b539443048aad5-0069a07c3b" "proxy-server 20" 0.0019 "-" 16 0
Feb 26 17:00:43 standalone proxy-server[130472]: 172.18.0.2 172.18.0.100 26/Feb/2026/17/00/43 GET /v1/AUTH_7ad7272b45f54cd48b8ab7b0e30649be/gnocchi.d055e931-5c60-4a94-bd4d-8520060be6f2%3Fformat%3Djson%26states%3Dlisting HTTP/1.0 200 - python-swiftclient-3.11.1 gAAAAABpoHwA3cQa... - 2 - txe9bca98b539443048aad5-0069a07c3b - 0.0248 - - 1772125243.822865486 1772125243.847666264 0
Feb 26 17:00:43 standalone object-server[128667]: 172.20.0.100 - - [26/Feb/2026:17:00:43 +0000] "GET /d1/838/AUTH_7ad7272b45f54cd48b8ab7b0e30649be/gnocchi.d055e931-5c60-4a94-bd4d-8520060be6f2/1771200000.0_mean_300.0_v3" 404 70 "GET http://172.18.0.2:8080/v1/AUTH_7ad7272b45f54cd48b8ab7b0e30649be/gnocchi.d055e931-5c60-4a94-bd4d-8520060be6f2/1771200000.0_mean_300.0_v3" "tx664248994e1c40c082101-0069a07c3b" "proxy-server 20" 0.0006 "-" 24 0
Feb 26 17:00:43 standalone proxy-server[130472]: 172.18.0.2 172.18.0.100 26/Feb/2026/17/00/43 GET /v1/AUTH_7ad7272b45f54cd48b8ab7b0e30649be/gnocchi.d055e931-5c60-4a94-bd4d-8520060be6f2/1771200000.0_mean_300.0_v3 HTTP/1.0 404 - python-swiftclient-3.11.1 gAAAAABpoHwA3cQa... - 70 - tx664248994e1c40c082101-0069a07c3b - 0.0156 - - 1772125243.855128527 1772125243.870764971 0
Feb 26 17:00:43 standalone container-server[128443]: 172.20.0.100 - - [26/Feb/2026:17:00:43 +0000] "PUT /d1/792/AUTH_7ad7272b45f54cd48b8ab7b0e30649be/gnocchi.d055e931-5c60-4a94-bd4d-8520060be6f2/1771200000.0_mean_300.0_v3" 201 - "PUT http://172.18.0.2:8080/d1/838/AUTH_7ad7272b45f54cd48b8ab7b0e30649be/gnocchi.d055e931-5c60-4a94-bd4d-8520060be6f2/1771200000.0_mean_300.0_v3" "txb4c95cb3261444b18e87f-0069a07c3b" "object-server 25" 0.0005 "-" 15 0
Feb 26 17:00:43 standalone object-server[128668]: 172.20.0.100 - - [26/Feb/2026:17:00:43 +0000] "PUT /d1/838/AUTH_7ad7272b45f54cd48b8ab7b0e30649be/gnocchi.d055e931-5c60-4a94-bd4d-8520060be6f2/1771200000.0_mean_300.0_v3" 201 - "PUT http://172.18.0.2:8080/v1/AUTH_7ad7272b45f54cd48b8ab7b0e30649be/gnocchi.d055e931-5c60-4a94-bd4d-8520060be6f2/1771200000.0_mean_300.0_v3" "txb4c95cb3261444b18e87f-0069a07c3b" "proxy-server 20" 0.0115 "-" 25 0
Feb 26 17:00:43 standalone proxy-server[130472]: 172.18.0.2 172.18.0.100 26/Feb/2026/17/00/43 PUT /v1/AUTH_7ad7272b45f54cd48b8ab7b0e30649be/gnocchi.d055e931-5c60-4a94-bd4d-8520060be6f2/1771200000.0_mean_300.0_v3 HTTP/1.0 201 - python-swiftclient-3.11.1 gAAAAABpoHwA3cQa... 16 - - txb4c95cb3261444b18e87f-0069a07c3b - 0.0165 - - 1772125243.874269962 1772125243.890781641 0
Feb 26 17:00:43 standalone container-server[128453]: 172.20.0.100 - - [26/Feb/2026:17:00:43 +0000] "PUT /d1/792/AUTH_7ad7272b45f54cd48b8ab7b0e30649be/gnocchi.d055e931-5c60-4a94-bd4d-8520060be6f2/none_v3" 201 - "PUT http://172.18.0.2:8080/d1/61/AUTH_7ad7272b45f54cd48b8ab7b0e30649be/gnocchi.d055e931-5c60-4a94-bd4d-8520060be6f2/none_v3" "tx460571d27fef4854849e5-0069a07c3b" "object-server 25" 0.0009 "-" 16 0
Feb 26 17:00:43 standalone object-server[128668]: 172.20.0.100 - - [26/Feb/2026:17:00:43 +0000] "PUT /d1/61/AUTH_7ad7272b45f54cd48b8ab7b0e30649be/gnocchi.d055e931-5c60-4a94-bd4d-8520060be6f2/none_v3" 201 - "PUT http://172.18.0.2:8080/v1/AUTH_7ad7272b45f54cd48b8ab7b0e30649be/gnocchi.d055e931-5c60-4a94-bd4d-8520060be6f2/none_v3" "tx460571d27fef4854849e5-0069a07c3b" "proxy-server 20" 0.0192 "-" 25 0
Feb 26 17:00:43 standalone proxy-server[130472]: 172.18.0.2 172.18.0.100 26/Feb/2026/17/00/43 PUT /v1/AUTH_7ad7272b45f54cd48b8ab7b0e30649be/gnocchi.d055e931-5c60-4a94-bd4d-8520060be6f2/none_v3 HTTP/1.0 201 - python-swiftclient-3.11.1 gAAAAABpoHwA3cQa... 22 - - tx460571d27fef4854849e5-0069a07c3b - 0.0291 - - 1772125243.893844843 1772125243.922962427 0
Feb 26 17:00:43 standalone container-server[128453]: 172.20.0.100 - - [26/Feb/2026:17:00:43 +0000] "HEAD /d1/504/AUTH_7ad7272b45f54cd48b8ab7b0e30649be/gnocchi.78cb44e8-a4f2-47f2-9b39-c0a1b7cd9ea4" 404 - "HEAD http://172.18.0.2:8080/v1/AUTH_7ad7272b45f54cd48b8ab7b0e30649be/gnocchi.78cb44e8-a4f2-47f2-9b39-c0a1b7cd9ea4?format=json&states=listing" "tx2426f943caa94d039ef53-0069a07c3b" "proxy-server 20" 0.0006 "-" 16 0
Feb 26 17:00:43 standalone object-server[128665]: 172.20.0.100 - - [26/Feb/2026:17:00:43 +0000] "GET /d1/897/AUTH_7ad7272b45f54cd48b8ab7b0e30649be/gnocchi.78cb44e8-a4f2-47f2-9b39-c0a1b7cd9ea4/none_v3" 404 70 "GET http://172.18.0.2:8080/v1/AUTH_7ad7272b45f54cd48b8ab7b0e30649be/gnocchi.78cb44e8-a4f2-47f2-9b39-c0a1b7cd9ea4/none_v3" "tx2426f943caa94d039ef53-0069a07c3b" "proxy-server 20" 0.0004 "-" 22 0
Feb 26 17:00:43 standalone proxy-server[130472]: 172.18.0.2 172.18.0.100 26/Feb/2026/17/00/43 GET /v1/AUTH_7ad7272b45f54cd48b8ab7b0e30649be/gnocchi.78cb44e8-a4f2-47f2-9b39-c0a1b7cd9ea4/none_v3 HTTP/1.0 404 - python-swiftclient-3.11.1 gAAAAABpoHwA3cQa... - 70 - tx2426f943caa94d039ef53-0069a07c3b - 0.0144 - - 1772125243.933470011 1772125243.947917938 0
Feb 26 17:00:43 standalone account-server[128456]: 172.20.0.100 - - [26/Feb/2026:17:00:43 +0000] "PUT /d1/909/AUTH_7ad7272b45f54cd48b8ab7b0e30649be/gnocchi.78cb44e8-a4f2-47f2-9b39-c0a1b7cd9ea4" 201 - "PUT http://172.20.0.100:6001/d1/504/AUTH_7ad7272b45f54cd48b8ab7b0e30649be/gnocchi.78cb44e8-a4f2-47f2-9b39-c0a1b7cd9ea4" "tx0bf300a766564985a1864-0069a07c3b" "container-server 15" 0.0111 "-" 21 0
Feb 26 17:00:43 standalone container-server[128443]: 172.20.0.100 - - [26/Feb/2026:17:00:43 +0000] "PUT /d1/504/AUTH_7ad7272b45f54cd48b8ab7b0e30649be/gnocchi.78cb44e8-a4f2-47f2-9b39-c0a1b7cd9ea4" 201 - "PUT http://172.18.0.2:8080/v1/AUTH_7ad7272b45f54cd48b8ab7b0e30649be/gnocchi.78cb44e8-a4f2-47f2-9b39-c0a1b7cd9ea4" "tx0bf300a766564985a1864-0069a07c3b" "proxy-server 20" 0.0206 "-" 15 0
Feb 26 17:00:43 standalone proxy-server[130472]: 172.18.0.2 172.18.0.100 26/Feb/2026/17/00/43 PUT /v1/AUTH_7ad7272b45f54cd48b8ab7b0e30649be/gnocchi.78cb44e8-a4f2-47f2-9b39-c0a1b7cd9ea4 HTTP/1.0 201 - python-swiftclient-3.11.1 gAAAAABpoHwA3cQa... - - - tx0bf300a766564985a1864-0069a07c3b - 0.0250 - - 1772125243.950563669 1772125243.975568533 0
Feb 26 17:00:43 standalone container-server[128459]: 172.20.0.100 - - [26/Feb/2026:17:00:43 +0000] "HEAD /d1/504/AUTH_7ad7272b45f54cd48b8ab7b0e30649be/gnocchi.78cb44e8-a4f2-47f2-9b39-c0a1b7cd9ea4" 204 - "HEAD http://172.18.0.2:8080/v1/AUTH_7ad7272b45f54cd48b8ab7b0e30649be/gnocchi.78cb44e8-a4f2-47f2-9b39-c0a1b7cd9ea4?format=json&states=listing" "txa68323d9fd234590bf433-0069a07c3b" "proxy-server 20" 0.0012 "-" 17 0
Feb 26 17:00:43 standalone proxy-server[130472]: - - 26/Feb/2026/17/00/43 HEAD /v1/AUTH_7ad7272b45f54cd48b8ab7b0e30649be/gnocchi.78cb44e8-a4f2-47f2-9b39-c0a1b7cd9ea4%3Fformat%3Djson%26states%3Dlisting HTTP/1.0 204 - Swift - - - - txa68323d9fd234590bf433-0069a07c3b - 0.0045 RL - 1772125243.979942083 1772125243.984417677 0
Feb 26 17:00:43 standalone container-server[128453]: 172.20.0.100 - - [26/Feb/2026:17:00:43 +0000] "GET /d1/504/AUTH_7ad7272b45f54cd48b8ab7b0e30649be/gnocchi.78cb44e8-a4f2-47f2-9b39-c0a1b7cd9ea4" 200 2 "GET http://172.18.0.2:8080/v1/AUTH_7ad7272b45f54cd48b8ab7b0e30649be/gnocchi.78cb44e8-a4f2-47f2-9b39-c0a1b7cd9ea4?format=json&states=listing" "txa68323d9fd234590bf433-0069a07c3b" "proxy-server 20" 0.0022 "-" 16 0
Feb 26 17:00:43 standalone proxy-server[130472]: 172.18.0.2 172.18.0.100 26/Feb/2026/17/00/43 GET /v1/AUTH_7ad7272b45f54cd48b8ab7b0e30649be/gnocchi.78cb44e8-a4f2-47f2-9b39-c0a1b7cd9ea4%3Fformat%3Djson%26states%3Dlisting HTTP/1.0 200 - python-swiftclient-3.11.1 gAAAAABpoHwA3cQa... - 2 - txa68323d9fd234590bf433-0069a07c3b - 0.0141 - - 1772125243.978718758 1772125243.992840290 0
Feb 26 17:00:44 standalone object-server[128666]: 172.20.0.100 - - [26/Feb/2026:17:00:44 +0000] "GET /d1/305/AUTH_7ad7272b45f54cd48b8ab7b0e30649be/gnocchi.78cb44e8-a4f2-47f2-9b39-c0a1b7cd9ea4/1771200000.0_mean_300.0_v3" 404 70 "GET http://172.18.0.2:8080/v1/AUTH_7ad7272b45f54cd48b8ab7b0e30649be/gnocchi.78cb44e8-a4f2-47f2-9b39-c0a1b7cd9ea4/1771200000.0_mean_300.0_v3" "tx8768f046dba848e89a499-0069a07c3b" "proxy-server 20" 0.0004 "-" 23 0
Feb 26 17:00:44 standalone proxy-server[130472]: 172.18.0.2 172.18.0.100 26/Feb/2026/17/00/44 GET /v1/AUTH_7ad7272b45f54cd48b8ab7b0e30649be/gnocchi.78cb44e8-a4f2-47f2-9b39-c0a1b7cd9ea4/1771200000.0_mean_300.0_v3 HTTP/1.0 404 - python-swiftclient-3.11.1 gAAAAABpoHwA3cQa... - 70 - tx8768f046dba848e89a499-0069a07c3b - 0.0058 - - 1772125243.996257067 1772125244.002045393 0
Feb 26 17:00:44 standalone container-server[128453]: 172.20.0.100 - - [26/Feb/2026:17:00:44 +0000] "PUT /d1/504/AUTH_7ad7272b45f54cd48b8ab7b0e30649be/gnocchi.78cb44e8-a4f2-47f2-9b39-c0a1b7cd9ea4/1771200000.0_mean_300.0_v3" 201 - "PUT http://172.18.0.2:8080/d1/305/AUTH_7ad7272b45f54cd48b8ab7b0e30649be/gnocchi.78cb44e8-a4f2-47f2-9b39-c0a1b7cd9ea4/1771200000.0_mean_300.0_v3" "tx3fab025da97640e282b10-0069a07c3c" "object-server 23" 0.0008 "-" 16 0
Feb 26 17:00:44 standalone object-server[128666]: 172.20.0.100 - - [26/Feb/2026:17:00:44 +0000] "PUT /d1/305/AUTH_7ad7272b45f54cd48b8ab7b0e30649be/gnocchi.78cb44e8-a4f2-47f2-9b39-c0a1b7cd9ea4/1771200000.0_mean_300.0_v3" 201 - "PUT http://172.18.0.2:8080/v1/AUTH_7ad7272b45f54cd48b8ab7b0e30649be/gnocchi.78cb44e8-a4f2-47f2-9b39-c0a1b7cd9ea4/1771200000.0_mean_300.0_v3" "tx3fab025da97640e282b10-0069a07c3c" "proxy-server 20" 0.0081 "-" 23 0
Feb 26 17:00:44 standalone proxy-server[130472]: 172.18.0.2 172.18.0.100 26/Feb/2026/17/00/44 PUT /v1/AUTH_7ad7272b45f54cd48b8ab7b0e30649be/gnocchi.78cb44e8-a4f2-47f2-9b39-c0a1b7cd9ea4/1771200000.0_mean_300.0_v3 HTTP/1.0 201 - python-swiftclient-3.11.1 gAAAAABpoHwA3cQa... 16 - - tx3fab025da97640e282b10-0069a07c3c - 0.0125 - - 1772125244.004344463 1772125244.016879797 0
Feb 26 17:00:44 standalone container-server[128443]: 172.20.0.100 - - [26/Feb/2026:17:00:44 +0000] "PUT /d1/504/AUTH_7ad7272b45f54cd48b8ab7b0e30649be/gnocchi.78cb44e8-a4f2-47f2-9b39-c0a1b7cd9ea4/none_v3" 201 - "PUT http://172.18.0.2:8080/d1/897/AUTH_7ad7272b45f54cd48b8ab7b0e30649be/gnocchi.78cb44e8-a4f2-47f2-9b39-c0a1b7cd9ea4/none_v3" "tx15bd065aa8a747b6be6cc-0069a07c3c" "object-server 22" 0.0004 "-" 15 0
Feb 26 17:00:44 standalone object-server[128665]: 172.20.0.100 - - [26/Feb/2026:17:00:44 +0000] "PUT /d1/897/AUTH_7ad7272b45f54cd48b8ab7b0e30649be/gnocchi.78cb44e8-a4f2-47f2-9b39-c0a1b7cd9ea4/none_v3" 201 - "PUT http://172.18.0.2:8080/v1/AUTH_7ad7272b45f54cd48b8ab7b0e30649be/gnocchi.78cb44e8-a4f2-47f2-9b39-c0a1b7cd9ea4/none_v3" "tx15bd065aa8a747b6be6cc-0069a07c3c" "proxy-server 20" 0.0129 "-" 22 0
Feb 26 17:00:44 standalone proxy-server[130472]: 172.18.0.2 172.18.0.100 26/Feb/2026/17/00/44 PUT /v1/AUTH_7ad7272b45f54cd48b8ab7b0e30649be/gnocchi.78cb44e8-a4f2-47f2-9b39-c0a1b7cd9ea4/none_v3 HTTP/1.0 201 - python-swiftclient-3.11.1 gAAAAABpoHwA3cQa... 22 - - tx15bd065aa8a747b6be6cc-0069a07c3c - 0.0198 - - 1772125244.019185066 1772125244.039000511 0
Feb 26 17:00:52 standalone account-server[128454]: 172.20.0.100 - - [26/Feb/2026:17:00:52 +0000] "HEAD /d1/909/AUTH_7ad7272b45f54cd48b8ab7b0e30649be" 204 - "HEAD http://172.18.0.2:8080/v1/AUTH_7ad7272b45f54cd48b8ab7b0e30649be?format=json" "tx8a013d7fc5024c6699177-0069a07c43" "proxy-server 20" 0.0089 "-" 20 -
Feb 26 17:00:52 standalone proxy-server[130472]: - - 26/Feb/2026/17/00/52 HEAD /v1/AUTH_7ad7272b45f54cd48b8ab7b0e30649be%3Fformat%3Djson HTTP/1.0 204 - Swift - - - - tx8a013d7fc5024c6699177-0069a07c43 - 0.0156 RL - 1772125251.991413593 1772125252.007026196 -
Feb 26 17:00:52 standalone container-server[128443]: 172.20.0.100 - - [26/Feb/2026:17:00:52 +0000] "HEAD /d1/619/AUTH_7ad7272b45f54cd48b8ab7b0e30649be/gnocchi.215a6dfa-7654-44d5-a228-bae3659d7da5" 404 - "HEAD http://172.18.0.2:8080/v1/AUTH_7ad7272b45f54cd48b8ab7b0e30649be/gnocchi.215a6dfa-7654-44d5-a228-bae3659d7da5?format=json&states=listing" "tx8a013d7fc5024c6699177-0069a07c43" "proxy-server 20" 0.0007 "-" 15 0
Feb 26 17:00:52 standalone object-server[128665]: 172.20.0.100 - - [26/Feb/2026:17:00:52 +0000] "GET /d1/61/AUTH_7ad7272b45f54cd48b8ab7b0e30649be/gnocchi.215a6dfa-7654-44d5-a228-bae3659d7da5/none_v3" 404 70 "GET http://172.18.0.2:8080/v1/AUTH_7ad7272b45f54cd48b8ab7b0e30649be/gnocchi.215a6dfa-7654-44d5-a228-bae3659d7da5/none_v3" "tx8a013d7fc5024c6699177-0069a07c43" "proxy-server 20" 0.0005 "-" 22 0
Feb 26 17:00:52 standalone proxy-server[130472]: 172.18.0.2 172.18.0.100 26/Feb/2026/17/00/52 GET /v1/AUTH_7ad7272b45f54cd48b8ab7b0e30649be/gnocchi.215a6dfa-7654-44d5-a228-bae3659d7da5/none_v3 HTTP/1.0 404 - python-swiftclient-3.11.1 gAAAAABpoHwA3cQa... - 70 - tx8a013d7fc5024c6699177-0069a07c43 - 0.0357 - - 1772125251.989543915 1772125252.025224686 0
Feb 26 17:00:52 standalone account-server[128454]: 172.20.0.100 - - [26/Feb/2026:17:00:52 +0000] "PUT /d1/909/AUTH_7ad7272b45f54cd48b8ab7b0e30649be/gnocchi.215a6dfa-7654-44d5-a228-bae3659d7da5" 201 - "PUT http://172.20.0.100:6001/d1/619/AUTH_7ad7272b45f54cd48b8ab7b0e30649be/gnocchi.215a6dfa-7654-44d5-a228-bae3659d7da5" "txc8f3871f08174418adada-0069a07c44" "container-server 15" 0.0015 "-" 20 0
Feb 26 17:00:52 standalone container-server[128443]: 172.20.0.100 - - [26/Feb/2026:17:00:52 +0000] "PUT /d1/619/AUTH_7ad7272b45f54cd48b8ab7b0e30649be/gnocchi.215a6dfa-7654-44d5-a228-bae3659d7da5" 201 - "PUT http://172.18.0.2:8080/v1/AUTH_7ad7272b45f54cd48b8ab7b0e30649be/gnocchi.215a6dfa-7654-44d5-a228-bae3659d7da5" "txc8f3871f08174418adada-0069a07c44" "proxy-server 20" 0.0212 "-" 15 0
Feb 26 17:00:52 standalone proxy-server[130472]: 172.18.0.2 172.18.0.100 26/Feb/2026/17/00/52 PUT /v1/AUTH_7ad7272b45f54cd48b8ab7b0e30649be/gnocchi.215a6dfa-7654-44d5-a228-bae3659d7da5 HTTP/1.0 201 - python-swiftclient-3.11.1 gAAAAABpoHwA3cQa... - - - txc8f3871f08174418adada-0069a07c44 - 0.0311 - - 1772125252.030100107 1772125252.061171770 0
Feb 26 17:00:52 standalone container-server[128459]: 172.20.0.100 - - [26/Feb/2026:17:00:52 +0000] "HEAD /d1/619/AUTH_7ad7272b45f54cd48b8ab7b0e30649be/gnocchi.215a6dfa-7654-44d5-a228-bae3659d7da5" 204 - "HEAD http://172.18.0.2:8080/v1/AUTH_7ad7272b45f54cd48b8ab7b0e30649be/gnocchi.215a6dfa-7654-44d5-a228-bae3659d7da5?format=json&states=listing" "tx32bfe17701344ae8aafd9-0069a07c44" "proxy-server 20" 0.0018 "-" 17 0
Feb 26 17:00:52 standalone proxy-server[130472]: - - 26/Feb/2026/17/00/52 HEAD /v1/AUTH_7ad7272b45f54cd48b8ab7b0e30649be/gnocchi.215a6dfa-7654-44d5-a228-bae3659d7da5%3Fformat%3Djson%26states%3Dlisting HTTP/1.0 204 - Swift - - - - tx32bfe17701344ae8aafd9-0069a07c44 - 0.0076 RL - 1772125252.069280624 1772125252.076921940 0
Feb 26 17:00:52 standalone container-server[128453]: 172.20.0.100 - - [26/Feb/2026:17:00:52 +0000] "GET /d1/619/AUTH_7ad7272b45f54cd48b8ab7b0e30649be/gnocchi.215a6dfa-7654-44d5-a228-bae3659d7da5" 200 2 "GET http://172.18.0.2:8080/v1/AUTH_7ad7272b45f54cd48b8ab7b0e30649be/gnocchi.215a6dfa-7654-44d5-a228-bae3659d7da5?format=json&states=listing" "tx32bfe17701344ae8aafd9-0069a07c44" "proxy-server 20" 0.0046 "-" 16 0
Feb 26 17:00:52 standalone proxy-server[130472]: 172.18.0.2 172.18.0.100 26/Feb/2026/17/00/52 GET /v1/AUTH_7ad7272b45f54cd48b8ab7b0e30649be/gnocchi.215a6dfa-7654-44d5-a228-bae3659d7da5%3Fformat%3Djson%26states%3Dlisting HTTP/1.0 200 - python-swiftclient-3.11.1 gAAAAABpoHwA3cQa... - 2 - tx32bfe17701344ae8aafd9-0069a07c44 - 0.0251 - - 1772125252.067266703 1772125252.092373610 0
Feb 26 17:00:52 standalone object-server[128667]: 172.20.0.100 - - [26/Feb/2026:17:00:52 +0000] "GET /d1/335/AUTH_7ad7272b45f54cd48b8ab7b0e30649be/gnocchi.215a6dfa-7654-44d5-a228-bae3659d7da5/1771200000.0_mean_300.0_v3" 404 70 "GET http://172.18.0.2:8080/v1/AUTH_7ad7272b45f54cd48b8ab7b0e30649be/gnocchi.215a6dfa-7654-44d5-a228-bae3659d7da5/1771200000.0_mean_300.0_v3" "txf4c94274893b447390429-0069a07c44" "proxy-server 20" 0.0003 "-" 24 0
Feb 26 17:00:52 standalone proxy-server[130472]: 172.18.0.2 172.18.0.100 26/Feb/2026/17/00/52 GET /v1/AUTH_7ad7272b45f54cd48b8ab7b0e30649be/gnocchi.215a6dfa-7654-44d5-a228-bae3659d7da5/1771200000.0_mean_300.0_v3 HTTP/1.0 404 - python-swiftclient-3.11.1 gAAAAABpoHwA3cQa... - 70 - txf4c94274893b447390429-0069a07c44 - 0.0085 - - 1772125252.099348068 1772125252.107874393 0
Feb 26 17:00:52 standalone container-server[128443]: 172.20.0.100 - - [26/Feb/2026:17:00:52 +0000] "PUT /d1/619/AUTH_7ad7272b45f54cd48b8ab7b0e30649be/gnocchi.215a6dfa-7654-44d5-a228-bae3659d7da5/1771200000.0_mean_300.0_v3" 201 - "PUT http://172.18.0.2:8080/d1/335/AUTH_7ad7272b45f54cd48b8ab7b0e30649be/gnocchi.215a6dfa-7654-44d5-a228-bae3659d7da5/1771200000.0_mean_300.0_v3" "tx8fa72d7577d248da91464-0069a07c44" "object-server 25" 0.0012 "-" 15 0
Feb 26 17:00:52 standalone object-server[128668]: 172.20.0.100 - - [26/Feb/2026:17:00:52 +0000] "PUT /d1/335/AUTH_7ad7272b45f54cd48b8ab7b0e30649be/gnocchi.215a6dfa-7654-44d5-a228-bae3659d7da5/1771200000.0_mean_300.0_v3" 201 - "PUT http://172.18.0.2:8080/v1/AUTH_7ad7272b45f54cd48b8ab7b0e30649be/gnocchi.215a6dfa-7654-44d5-a228-bae3659d7da5/1771200000.0_mean_300.0_v3" "tx8fa72d7577d248da91464-0069a07c44" "proxy-server 20" 0.0134 "-" 25 0
Feb 26 17:00:52 standalone proxy-server[130472]: 172.18.0.2 172.18.0.100 26/Feb/2026/17/00/52 PUT /v1/AUTH_7ad7272b45f54cd48b8ab7b0e30649be/gnocchi.215a6dfa-7654-44d5-a228-bae3659d7da5/1771200000.0_mean_300.0_v3 HTTP/1.0 201 - python-swiftclient-3.11.1 gAAAAABpoHwA3cQa... 16 - - tx8fa72d7577d248da91464-0069a07c44 - 0.0230 - - 1772125252.113054752 1772125252.136084795 0
Feb 26 17:00:52 standalone container-server[128431]: 172.20.0.100 - - [26/Feb/2026:17:00:52 +0000] "PUT /d1/619/AUTH_7ad7272b45f54cd48b8ab7b0e30649be/gnocchi.215a6dfa-7654-44d5-a228-bae3659d7da5/none_v3" 201 - "PUT http://172.18.0.2:8080/d1/61/AUTH_7ad7272b45f54cd48b8ab7b0e30649be/gnocchi.215a6dfa-7654-44d5-a228-bae3659d7da5/none_v3" "tx187bf96dd5054cf5a38b5-0069a07c44" "object-server 22" 0.0011 "-" 14 0
Feb 26 17:00:52 standalone object-server[128665]: 172.20.0.100 - - [26/Feb/2026:17:00:52 +0000] "PUT /d1/61/AUTH_7ad7272b45f54cd48b8ab7b0e30649be/gnocchi.215a6dfa-7654-44d5-a228-bae3659d7da5/none_v3" 201 - "PUT http://172.18.0.2:8080/v1/AUTH_7ad7272b45f54cd48b8ab7b0e30649be/gnocchi.215a6dfa-7654-44d5-a228-bae3659d7da5/none_v3" "tx187bf96dd5054cf5a38b5-0069a07c44" "proxy-server 20" 0.0147 "-" 22 0
Feb 26 17:00:52 standalone proxy-server[130472]: 172.18.0.2 172.18.0.100 26/Feb/2026/17/00/52 PUT /v1/AUTH_7ad7272b45f54cd48b8ab7b0e30649be/gnocchi.215a6dfa-7654-44d5-a228-bae3659d7da5/none_v3 HTTP/1.0 201 - python-swiftclient-3.11.1 gAAAAABpoHwA3cQa... 22 - - tx187bf96dd5054cf5a38b5-0069a07c44 - 0.0261 - - 1772125252.142077684 1772125252.168145180 0
Feb 26 17:00:52 standalone container-server[128443]: 172.20.0.100 - - [26/Feb/2026:17:00:52 +0000] "HEAD /d1/305/AUTH_7ad7272b45f54cd48b8ab7b0e30649be/gnocchi.2588e0cd-a5bb-4bbf-bc3d-98994f91582a" 404 - "HEAD http://172.18.0.2:8080/v1/AUTH_7ad7272b45f54cd48b8ab7b0e30649be/gnocchi.2588e0cd-a5bb-4bbf-bc3d-98994f91582a?format=json&states=listing" "txca79036d752e4602a171b-0069a07c44" "proxy-server 20" 0.0005 "-" 15 0
Feb 26 17:00:52 standalone object-server[128668]: 172.20.0.100 - - [26/Feb/2026:17:00:52 +0000] "GET /d1/92/AUTH_7ad7272b45f54cd48b8ab7b0e30649be/gnocchi.2588e0cd-a5bb-4bbf-bc3d-98994f91582a/none_v3" 404 70 "GET http://172.18.0.2:8080/v1/AUTH_7ad7272b45f54cd48b8ab7b0e30649be/gnocchi.2588e0cd-a5bb-4bbf-bc3d-98994f91582a/none_v3" "txca79036d752e4602a171b-0069a07c44" "proxy-server 20" 0.0005 "-" 25 0
Feb 26 17:00:52 standalone proxy-server[130472]: 172.18.0.2 172.18.0.100 26/Feb/2026/17/00/52 GET /v1/AUTH_7ad7272b45f54cd48b8ab7b0e30649be/gnocchi.2588e0cd-a5bb-4bbf-bc3d-98994f91582a/none_v3 HTTP/1.0 404 - python-swiftclient-3.11.1 gAAAAABpoHwA3cQa... - 70 - txca79036d752e4602a171b-0069a07c44 - 0.0228 - - 1772125252.212279081 1772125252.235059500 0
Feb 26 17:00:52 standalone account-server[128456]: 172.20.0.100 - - [26/Feb/2026:17:00:52 +0000] "PUT /d1/909/AUTH_7ad7272b45f54cd48b8ab7b0e30649be/gnocchi.2588e0cd-a5bb-4bbf-bc3d-98994f91582a" 201 - "PUT http://172.20.0.100:6001/d1/305/AUTH_7ad7272b45f54cd48b8ab7b0e30649be/gnocchi.2588e0cd-a5bb-4bbf-bc3d-98994f91582a" "tx59ff5c90e77a40d294070-0069a07c44" "container-server 16" 0.0140 "-" 21 0
Feb 26 17:00:52 standalone container-server[128453]: 172.20.0.100 - - [26/Feb/2026:17:00:52 +0000] "PUT /d1/305/AUTH_7ad7272b45f54cd48b8ab7b0e30649be/gnocchi.2588e0cd-a5bb-4bbf-bc3d-98994f91582a" 201 - "PUT http://172.18.0.2:8080/v1/AUTH_7ad7272b45f54cd48b8ab7b0e30649be/gnocchi.2588e0cd-a5bb-4bbf-bc3d-98994f91582a" "tx59ff5c90e77a40d294070-0069a07c44" "proxy-server 20" 0.0292 "-" 16 0
Feb 26 17:00:52 standalone proxy-server[130472]: 172.18.0.2 172.18.0.100 26/Feb/2026/17/00/52 PUT /v1/AUTH_7ad7272b45f54cd48b8ab7b0e30649be/gnocchi.2588e0cd-a5bb-4bbf-bc3d-98994f91582a HTTP/1.0 201 - python-swiftclient-3.11.1 gAAAAABpoHwA3cQa... - - - tx59ff5c90e77a40d294070-0069a07c44 - 0.0457 - - 1772125252.244087696 1772125252.289767265 0
Feb 26 17:00:52 standalone container-server[128459]: 172.20.0.100 - - [26/Feb/2026:17:00:52 +0000] "HEAD /d1/305/AUTH_7ad7272b45f54cd48b8ab7b0e30649be/gnocchi.2588e0cd-a5bb-4bbf-bc3d-98994f91582a" 204 - "HEAD http://172.18.0.2:8080/v1/AUTH_7ad7272b45f54cd48b8ab7b0e30649be/gnocchi.2588e0cd-a5bb-4bbf-bc3d-98994f91582a?format=json&states=listing" "txa4e66cbcc87146029f5c2-0069a07c44" "proxy-server 20" 0.0016 "-" 17 0
Feb 26 17:00:52 standalone proxy-server[130472]: - - 26/Feb/2026/17/00/52 HEAD /v1/AUTH_7ad7272b45f54cd48b8ab7b0e30649be/gnocchi.2588e0cd-a5bb-4bbf-bc3d-98994f91582a%3Fformat%3Djson%26states%3Dlisting HTTP/1.0 204 - Swift - - - - txa4e66cbcc87146029f5c2-0069a07c44 - 0.0067 RL - 1772125252.296244383 1772125252.302894592 0
Feb 26 17:00:52 standalone container-server[128431]: 172.20.0.100 - - [26/Feb/2026:17:00:52 +0000] "GET /d1/305/AUTH_7ad7272b45f54cd48b8ab7b0e30649be/gnocchi.2588e0cd-a5bb-4bbf-bc3d-98994f91582a" 200 2 "GET http://172.18.0.2:8080/v1/AUTH_7ad7272b45f54cd48b8ab7b0e30649be/gnocchi.2588e0cd-a5bb-4bbf-bc3d-98994f91582a?format=json&states=listing" "txa4e66cbcc87146029f5c2-0069a07c44" "proxy-server 20" 0.0022 "-" 14 0
Feb 26 17:00:52 standalone proxy-server[130472]: 172.18.0.2 172.18.0.100 26/Feb/2026/17/00/52 GET /v1/AUTH_7ad7272b45f54cd48b8ab7b0e30649be/gnocchi.2588e0cd-a5bb-4bbf-bc3d-98994f91582a%3Fformat%3Djson%26states%3Dlisting HTTP/1.0 200 - python-swiftclient-3.11.1 gAAAAABpoHwA3cQa... - 2 - txa4e66cbcc87146029f5c2-0069a07c44 - 0.0204 - - 1772125252.294327259 1772125252.314683199 0
Feb 26 17:00:52 standalone object-server[128668]: 172.20.0.100 - - [26/Feb/2026:17:00:52 +0000] "GET /d1/771/AUTH_7ad7272b45f54cd48b8ab7b0e30649be/gnocchi.2588e0cd-a5bb-4bbf-bc3d-98994f91582a/1771200000.0_mean_300.0_v3" 404 70 "GET http://172.18.0.2:8080/v1/AUTH_7ad7272b45f54cd48b8ab7b0e30649be/gnocchi.2588e0cd-a5bb-4bbf-bc3d-98994f91582a/1771200000.0_mean_300.0_v3" "txd4a8fe81830b46d098ec6-0069a07c44" "proxy-server 20" 0.0004 "-" 25 0
Feb 26 17:00:52 standalone proxy-server[130472]: 172.18.0.2 172.18.0.100 26/Feb/2026/17/00/52 GET /v1/AUTH_7ad7272b45f54cd48b8ab7b0e30649be/gnocchi.2588e0cd-a5bb-4bbf-bc3d-98994f91582a/1771200000.0_mean_300.0_v3 HTTP/1.0 404 - python-swiftclient-3.11.1 gAAAAABpoHwA3cQa... - 70 - txd4a8fe81830b46d098ec6-0069a07c44 - 0.0052 - - 1772125252.319987059 1772125252.325236082 0
Feb 26 17:00:52 standalone container-server[128459]: 172.20.0.100 - - [26/Feb/2026:17:00:52 +0000] "PUT /d1/305/AUTH_7ad7272b45f54cd48b8ab7b0e30649be/gnocchi.2588e0cd-a5bb-4bbf-bc3d-98994f91582a/1771200000.0_mean_300.0_v3" 201 - "PUT http://172.18.0.2:8080/d1/771/AUTH_7ad7272b45f54cd48b8ab7b0e30649be/gnocchi.2588e0cd-a5bb-4bbf-bc3d-98994f91582a/1771200000.0_mean_300.0_v3" "tx5332c76d3a4e4ce2bc639-0069a07c44" "object-server 24" 0.0009 "-" 17 0
Feb 26 17:00:52 standalone object-server[128667]: 172.20.0.100 - - [26/Feb/2026:17:00:52 +0000] "PUT /d1/771/AUTH_7ad7272b45f54cd48b8ab7b0e30649be/gnocchi.2588e0cd-a5bb-4bbf-bc3d-98994f91582a/1771200000.0_mean_300.0_v3" 201 - "PUT http://172.18.0.2:8080/v1/AUTH_7ad7272b45f54cd48b8ab7b0e30649be/gnocchi.2588e0cd-a5bb-4bbf-bc3d-98994f91582a/1771200000.0_mean_300.0_v3" "tx5332c76d3a4e4ce2bc639-0069a07c44" "proxy-server 20" 0.0395 "-" 24 0
