Feb 26 17:01:47 standalone proxy-server[130472]: 172.18.0.2 172.18.0.100 26/Feb/2026/17/01/47 PUT /v1/AUTH_7ad7272b45f54cd48b8ab7b0e30649be/gnocchi.c092b856-c03f-4e7d-828d-3a2eda34d343/none_v3 HTTP/1.0 201 - python-swiftclient-3.11.1 gAAAAABpoHwA3cQa... 22 - - tx8658ab05d5764789a46fd-0069a07c7b - 0.0317 - - 1772125307.394554853 1772125307.426291704 0
Feb 26 17:01:47 standalone object-server[128667]: 172.20.0.100 - - [26/Feb/2026:17:01:47 +0000] "GET /d1/61/AUTH_7ad7272b45f54cd48b8ab7b0e30649be/gnocchi.d055e931-5c60-4a94-bd4d-8520060be6f2/none_v3" 200 33 "GET http://172.18.0.2:8080/v1/AUTH_7ad7272b45f54cd48b8ab7b0e30649be/gnocchi.d055e931-5c60-4a94-bd4d-8520060be6f2/none_v3" "txc36fd169d9654954ae17a-0069a07c7b" "proxy-server 20" 0.0006 "-" 24 0
Feb 26 17:01:47 standalone proxy-server[130472]: 172.18.0.2 172.18.0.100 26/Feb/2026/17/01/47 GET /v1/AUTH_7ad7272b45f54cd48b8ab7b0e30649be/gnocchi.d055e931-5c60-4a94-bd4d-8520060be6f2/none_v3 HTTP/1.0 200 - python-swiftclient-3.11.1 gAAAAABpoHwA3cQa... - 33 - txc36fd169d9654954ae17a-0069a07c7b - 0.0092 - - 1772125307.506737947 1772125307.515927553 0
Feb 26 17:01:47 standalone container-server[128431]: 172.20.0.100 - - [26/Feb/2026:17:01:47 +0000] "GET /d1/792/AUTH_7ad7272b45f54cd48b8ab7b0e30649be/gnocchi.d055e931-5c60-4a94-bd4d-8520060be6f2" 200 357 "GET http://172.18.0.2:8080/v1/AUTH_7ad7272b45f54cd48b8ab7b0e30649be/gnocchi.d055e931-5c60-4a94-bd4d-8520060be6f2?format=json&states=listing" "txc725b95003364c20bd1f1-0069a07c7b" "proxy-server 20" 0.0061 "-" 14 0
Feb 26 17:01:47 standalone proxy-server[130472]: 172.18.0.2 172.18.0.100 26/Feb/2026/17/01/47 GET /v1/AUTH_7ad7272b45f54cd48b8ab7b0e30649be/gnocchi.d055e931-5c60-4a94-bd4d-8520060be6f2%3Fformat%3Djson%26states%3Dlisting HTTP/1.0 200 - python-swiftclient-3.11.1 gAAAAABpoHwA3cQa... - 357 - txc725b95003364c20bd1f1-0069a07c7b - 0.0125 - - 1772125307.520328522 1772125307.532816172 0
Feb 26 17:01:47 standalone container-server[128431]: 172.20.0.100 - - [26/Feb/2026:17:01:47 +0000] "GET /d1/792/AUTH_7ad7272b45f54cd48b8ab7b0e30649be/gnocchi.d055e931-5c60-4a94-bd4d-8520060be6f2" 200 2 "GET http://172.18.0.2:8080/v1/AUTH_7ad7272b45f54cd48b8ab7b0e30649be/gnocchi.d055e931-5c60-4a94-bd4d-8520060be6f2?format=json&marker=none_v3&states=listing" "txc074479115074c40b07ce-0069a07c7b" "proxy-server 20" 0.0016 "-" 14 0
Feb 26 17:01:47 standalone proxy-server[130472]: 172.18.0.2 172.18.0.100 26/Feb/2026/17/01/47 GET /v1/AUTH_7ad7272b45f54cd48b8ab7b0e30649be/gnocchi.d055e931-5c60-4a94-bd4d-8520060be6f2%3Fformat%3Djson%26marker%3Dnone_v3%26states%3Dlisting HTTP/1.0 200 - python-swiftclient-3.11.1 gAAAAABpoHwA3cQa... - 2 - txc074479115074c40b07ce-0069a07c7b - 0.0078 - - 1772125307.536144018 1772125307.543969870 0
Feb 26 17:01:47 standalone object-server[128665]: 172.20.0.100 - - [26/Feb/2026:17:01:47 +0000] "GET /d1/838/AUTH_7ad7272b45f54cd48b8ab7b0e30649be/gnocchi.d055e931-5c60-4a94-bd4d-8520060be6f2/1771200000.0_mean_300.0_v3" 200 16 "GET http://172.18.0.2:8080/v1/AUTH_7ad7272b45f54cd48b8ab7b0e30649be/gnocchi.d055e931-5c60-4a94-bd4d-8520060be6f2/1771200000.0_mean_300.0_v3" "tx372f0b11695347d1bdfd3-0069a07c7b" "proxy-server 20" 0.0012 "-" 22 0
Feb 26 17:01:47 standalone proxy-server[130472]: 172.18.0.2 172.18.0.100 26/Feb/2026/17/01/47 GET /v1/AUTH_7ad7272b45f54cd48b8ab7b0e30649be/gnocchi.d055e931-5c60-4a94-bd4d-8520060be6f2/1771200000.0_mean_300.0_v3 HTTP/1.0 200 - python-swiftclient-3.11.1 gAAAAABpoHwA3cQa... - 16 - tx372f0b11695347d1bdfd3-0069a07c7b - 0.0104 - - 1772125307.548480511 1772125307.558851004 0
Feb 26 17:01:47 standalone container-server[128443]: 172.20.0.100 - - [26/Feb/2026:17:01:47 +0000] "PUT /d1/792/AUTH_7ad7272b45f54cd48b8ab7b0e30649be/gnocchi.d055e931-5c60-4a94-bd4d-8520060be6f2/1771200000.0_mean_300.0_v3" 201 - "PUT http://172.18.0.2:8080/d1/838/AUTH_7ad7272b45f54cd48b8ab7b0e30649be/gnocchi.d055e931-5c60-4a94-bd4d-8520060be6f2/1771200000.0_mean_300.0_v3" "tx9afe64fc2efc429fa58f9-0069a07c7b" "object-server 24" 0.0009 "-" 15 0
Feb 26 17:01:47 standalone object-server[128667]: 172.20.0.100 - - [26/Feb/2026:17:01:47 +0000] "PUT /d1/838/AUTH_7ad7272b45f54cd48b8ab7b0e30649be/gnocchi.d055e931-5c60-4a94-bd4d-8520060be6f2/1771200000.0_mean_300.0_v3" 201 - "PUT http://172.18.0.2:8080/v1/AUTH_7ad7272b45f54cd48b8ab7b0e30649be/gnocchi.d055e931-5c60-4a94-bd4d-8520060be6f2/1771200000.0_mean_300.0_v3" "tx9afe64fc2efc429fa58f9-0069a07c7b" "proxy-server 20" 0.0133 "-" 24 0
Feb 26 17:01:47 standalone proxy-server[130472]: 172.18.0.2 172.18.0.100 26/Feb/2026/17/01/47 PUT /v1/AUTH_7ad7272b45f54cd48b8ab7b0e30649be/gnocchi.d055e931-5c60-4a94-bd4d-8520060be6f2/1771200000.0_mean_300.0_v3 HTTP/1.0 201 - python-swiftclient-3.11.1 gAAAAABpoHwA3cQa... 16 - - tx9afe64fc2efc429fa58f9-0069a07c7b - 0.0223 - - 1772125307.561874866 1772125307.584134579 0
Feb 26 17:01:47 standalone container-server[128459]: 172.20.0.100 - - [26/Feb/2026:17:01:47 +0000] "PUT /d1/792/AUTH_7ad7272b45f54cd48b8ab7b0e30649be/gnocchi.d055e931-5c60-4a94-bd4d-8520060be6f2/none_v3" 201 - "PUT http://172.18.0.2:8080/d1/61/AUTH_7ad7272b45f54cd48b8ab7b0e30649be/gnocchi.d055e931-5c60-4a94-bd4d-8520060be6f2/none_v3" "tx5f360a7eb05c46c0865c3-0069a07c7b" "object-server 22" 0.0008 "-" 17 0
Feb 26 17:01:47 standalone object-server[128665]: 172.20.0.100 - - [26/Feb/2026:17:01:47 +0000] "PUT /d1/61/AUTH_7ad7272b45f54cd48b8ab7b0e30649be/gnocchi.d055e931-5c60-4a94-bd4d-8520060be6f2/none_v3" 201 - "PUT http://172.18.0.2:8080/v1/AUTH_7ad7272b45f54cd48b8ab7b0e30649be/gnocchi.d055e931-5c60-4a94-bd4d-8520060be6f2/none_v3" "tx5f360a7eb05c46c0865c3-0069a07c7b" "proxy-server 20" 0.0134 "-" 22 0
Feb 26 17:01:47 standalone proxy-server[130472]: 172.18.0.2 172.18.0.100 26/Feb/2026/17/01/47 PUT /v1/AUTH_7ad7272b45f54cd48b8ab7b0e30649be/gnocchi.d055e931-5c60-4a94-bd4d-8520060be6f2/none_v3 HTTP/1.0 201 - python-swiftclient-3.11.1 gAAAAABpoHwA3cQa... 48 - - tx5f360a7eb05c46c0865c3-0069a07c7b - 0.0206 - - 1772125307.587271929 1772125307.607886314 0
Feb 26 17:01:47 standalone object-server[128666]: 172.20.0.100 - - [26/Feb/2026:17:01:47 +0000] "GET /d1/897/AUTH_7ad7272b45f54cd48b8ab7b0e30649be/gnocchi.78cb44e8-a4f2-47f2-9b39-c0a1b7cd9ea4/none_v3" 200 33 "GET http://172.18.0.2:8080/v1/AUTH_7ad7272b45f54cd48b8ab7b0e30649be/gnocchi.78cb44e8-a4f2-47f2-9b39-c0a1b7cd9ea4/none_v3" "tx238852e3d52043bcb7842-0069a07c7b" "proxy-server 20" 0.0011 "-" 23 0
Feb 26 17:01:47 standalone proxy-server[130472]: 172.18.0.2 172.18.0.100 26/Feb/2026/17/01/47 GET /v1/AUTH_7ad7272b45f54cd48b8ab7b0e30649be/gnocchi.78cb44e8-a4f2-47f2-9b39-c0a1b7cd9ea4/none_v3 HTTP/1.0 200 - python-swiftclient-3.11.1 gAAAAABpoHwA3cQa... - 33 - tx238852e3d52043bcb7842-0069a07c7b - 0.0084 - - 1772125307.619168758 1772125307.627551794 0
Feb 26 17:01:47 standalone container-server[128443]: 172.20.0.100 - - [26/Feb/2026:17:01:47 +0000] "GET /d1/504/AUTH_7ad7272b45f54cd48b8ab7b0e30649be/gnocchi.78cb44e8-a4f2-47f2-9b39-c0a1b7cd9ea4" 200 357 "GET http://172.18.0.2:8080/v1/AUTH_7ad7272b45f54cd48b8ab7b0e30649be/gnocchi.78cb44e8-a4f2-47f2-9b39-c0a1b7cd9ea4?format=json&states=listing" "txc548a454288849b391392-0069a07c7b" "proxy-server 20" 0.0069 "-" 15 0
Feb 26 17:01:47 standalone proxy-server[130472]: 172.18.0.2 172.18.0.100 26/Feb/2026/17/01/47 GET /v1/AUTH_7ad7272b45f54cd48b8ab7b0e30649be/gnocchi.78cb44e8-a4f2-47f2-9b39-c0a1b7cd9ea4%3Fformat%3Djson%26states%3Dlisting HTTP/1.0 200 - python-swiftclient-3.11.1 gAAAAABpoHwA3cQa... - 357 - txc548a454288849b391392-0069a07c7b - 0.0149 - - 1772125307.632111788 1772125307.647046089 0
Feb 26 17:01:47 standalone container-server[128431]: 172.20.0.100 - - [26/Feb/2026:17:01:47 +0000] "GET /d1/504/AUTH_7ad7272b45f54cd48b8ab7b0e30649be/gnocchi.78cb44e8-a4f2-47f2-9b39-c0a1b7cd9ea4" 200 2 "GET http://172.18.0.2:8080/v1/AUTH_7ad7272b45f54cd48b8ab7b0e30649be/gnocchi.78cb44e8-a4f2-47f2-9b39-c0a1b7cd9ea4?format=json&marker=none_v3&states=listing" "tx26f27d921603480ab9d6c-0069a07c7b" "proxy-server 20" 0.0018 "-" 14 0
Feb 26 17:01:47 standalone proxy-server[130472]: 172.18.0.2 172.18.0.100 26/Feb/2026/17/01/47 GET /v1/AUTH_7ad7272b45f54cd48b8ab7b0e30649be/gnocchi.78cb44e8-a4f2-47f2-9b39-c0a1b7cd9ea4%3Fformat%3Djson%26marker%3Dnone_v3%26states%3Dlisting HTTP/1.0 200 - python-swiftclient-3.11.1 gAAAAABpoHwA3cQa... - 2 - tx26f27d921603480ab9d6c-0069a07c7b - 0.0094 - - 1772125307.653065443 1772125307.662505388 0
Feb 26 17:01:47 standalone object-server[128665]: 172.20.0.100 - - [26/Feb/2026:17:01:47 +0000] "GET /d1/305/AUTH_7ad7272b45f54cd48b8ab7b0e30649be/gnocchi.78cb44e8-a4f2-47f2-9b39-c0a1b7cd9ea4/1771200000.0_mean_300.0_v3" 200 16 "GET http://172.18.0.2:8080/v1/AUTH_7ad7272b45f54cd48b8ab7b0e30649be/gnocchi.78cb44e8-a4f2-47f2-9b39-c0a1b7cd9ea4/1771200000.0_mean_300.0_v3" "tx6df245ac2bd6473db0a84-0069a07c7b" "proxy-server 20" 0.0017 "-" 22 0
Feb 26 17:01:47 standalone proxy-server[130472]: 172.18.0.2 172.18.0.100 26/Feb/2026/17/01/47 GET /v1/AUTH_7ad7272b45f54cd48b8ab7b0e30649be/gnocchi.78cb44e8-a4f2-47f2-9b39-c0a1b7cd9ea4/1771200000.0_mean_300.0_v3 HTTP/1.0 200 - python-swiftclient-3.11.1 gAAAAABpoHwA3cQa... - 16 - tx6df245ac2bd6473db0a84-0069a07c7b - 0.0114 - - 1772125307.666014910 1772125307.677394152 0
Feb 26 17:01:47 standalone container-server[128443]: 172.20.0.100 - - [26/Feb/2026:17:01:47 +0000] "PUT /d1/504/AUTH_7ad7272b45f54cd48b8ab7b0e30649be/gnocchi.78cb44e8-a4f2-47f2-9b39-c0a1b7cd9ea4/1771200000.0_mean_300.0_v3" 201 - "PUT http://172.18.0.2:8080/d1/305/AUTH_7ad7272b45f54cd48b8ab7b0e30649be/gnocchi.78cb44e8-a4f2-47f2-9b39-c0a1b7cd9ea4/1771200000.0_mean_300.0_v3" "txe792b5cccefb41db93078-0069a07c7b" "object-server 25" 0.0006 "-" 15 0
Feb 26 17:01:47 standalone object-server[128668]: 172.20.0.100 - - [26/Feb/2026:17:01:47 +0000] "PUT /d1/305/AUTH_7ad7272b45f54cd48b8ab7b0e30649be/gnocchi.78cb44e8-a4f2-47f2-9b39-c0a1b7cd9ea4/1771200000.0_mean_300.0_v3" 201 - "PUT http://172.18.0.2:8080/v1/AUTH_7ad7272b45f54cd48b8ab7b0e30649be/gnocchi.78cb44e8-a4f2-47f2-9b39-c0a1b7cd9ea4/1771200000.0_mean_300.0_v3" "txe792b5cccefb41db93078-0069a07c7b" "proxy-server 20" 0.0089 "-" 25 0
Feb 26 17:01:47 standalone proxy-server[130472]: 172.18.0.2 172.18.0.100 26/Feb/2026/17/01/47 PUT /v1/AUTH_7ad7272b45f54cd48b8ab7b0e30649be/gnocchi.78cb44e8-a4f2-47f2-9b39-c0a1b7cd9ea4/1771200000.0_mean_300.0_v3 HTTP/1.0 201 - python-swiftclient-3.11.1 gAAAAABpoHwA3cQa... 16 - - txe792b5cccefb41db93078-0069a07c7b - 0.0171 - - 1772125307.682067633 1772125307.699123383 0
Feb 26 17:01:47 standalone container-server[128431]: 172.20.0.100 - - [26/Feb/2026:17:01:47 +0000] "PUT /d1/504/AUTH_7ad7272b45f54cd48b8ab7b0e30649be/gnocchi.78cb44e8-a4f2-47f2-9b39-c0a1b7cd9ea4/none_v3" 201 - "PUT http://172.18.0.2:8080/d1/897/AUTH_7ad7272b45f54cd48b8ab7b0e30649be/gnocchi.78cb44e8-a4f2-47f2-9b39-c0a1b7cd9ea4/none_v3" "txb14ee7290b3147d8b7db0-0069a07c7b" "object-server 24" 0.0004 "-" 14 0
Feb 26 17:01:47 standalone object-server[128667]: 172.20.0.100 - - [26/Feb/2026:17:01:47 +0000] "PUT /d1/897/AUTH_7ad7272b45f54cd48b8ab7b0e30649be/gnocchi.78cb44e8-a4f2-47f2-9b39-c0a1b7cd9ea4/none_v3" 201 - "PUT http://172.18.0.2:8080/v1/AUTH_7ad7272b45f54cd48b8ab7b0e30649be/gnocchi.78cb44e8-a4f2-47f2-9b39-c0a1b7cd9ea4/none_v3" "txb14ee7290b3147d8b7db0-0069a07c7b" "proxy-server 20" 0.0079 "-" 24 0
Feb 26 17:01:47 standalone proxy-server[130472]: 172.18.0.2 172.18.0.100 26/Feb/2026/17/01/47 PUT /v1/AUTH_7ad7272b45f54cd48b8ab7b0e30649be/gnocchi.78cb44e8-a4f2-47f2-9b39-c0a1b7cd9ea4/none_v3 HTTP/1.0 201 - python-swiftclient-3.11.1 gAAAAABpoHwA3cQa... 48 - - txb14ee7290b3147d8b7db0-0069a07c7b - 0.0131 - - 1772125307.702230692 1772125307.715303898 0
Feb 26 17:01:48 standalone object-server[128666]: 172.20.0.100 - - [26/Feb/2026:17:01:48 +0000] "GET /d1/289/AUTH_7ad7272b45f54cd48b8ab7b0e30649be/gnocchi.c092b856-c03f-4e7d-828d-3a2eda34d343/none_v3" 200 22 "GET http://172.18.0.2:8080/v1/AUTH_7ad7272b45f54cd48b8ab7b0e30649be/gnocchi.c092b856-c03f-4e7d-828d-3a2eda34d343/none_v3" "tx11bf530e249c45f991765-0069a07c7c" "proxy-server 20" 0.0008 "-" 23 0
Feb 26 17:01:48 standalone proxy-server[130472]: 172.18.0.2 172.18.0.100 26/Feb/2026/17/01/48 GET /v1/AUTH_7ad7272b45f54cd48b8ab7b0e30649be/gnocchi.c092b856-c03f-4e7d-828d-3a2eda34d343/none_v3 HTTP/1.0 200 - python-swiftclient-3.11.1 gAAAAABpoHwA3cQa... - 22 - tx11bf530e249c45f991765-0069a07c7c - 0.0083 - - 1772125308.945466042 1772125308.953751326 0
Feb 26 17:01:48 standalone container-server[128431]: 172.20.0.100 - - [26/Feb/2026:17:01:48 +0000] "GET /d1/55/AUTH_7ad7272b45f54cd48b8ab7b0e30649be/gnocchi.c092b856-c03f-4e7d-828d-3a2eda34d343" 200 357 "GET http://172.18.0.2:8080/v1/AUTH_7ad7272b45f54cd48b8ab7b0e30649be/gnocchi.c092b856-c03f-4e7d-828d-3a2eda34d343?format=json&states=listing" "tx86657ad080f548aa9752a-0069a07c7c" "proxy-server 20" 0.0073 "-" 14 0
Feb 26 17:01:48 standalone proxy-server[130472]: 172.18.0.2 172.18.0.100 26/Feb/2026/17/01/48 GET /v1/AUTH_7ad7272b45f54cd48b8ab7b0e30649be/gnocchi.c092b856-c03f-4e7d-828d-3a2eda34d343%3Fformat%3Djson%26states%3Dlisting HTTP/1.0 200 - python-swiftclient-3.11.1 gAAAAABpoHwA3cQa... - 357 - tx86657ad080f548aa9752a-0069a07c7c - 0.0134 - - 1772125308.956899643 1772125308.970283270 0
Feb 26 17:01:48 standalone container-server[128431]: 172.20.0.100 - - [26/Feb/2026:17:01:48 +0000] "GET /d1/55/AUTH_7ad7272b45f54cd48b8ab7b0e30649be/gnocchi.c092b856-c03f-4e7d-828d-3a2eda34d343" 200 2 "GET http://172.18.0.2:8080/v1/AUTH_7ad7272b45f54cd48b8ab7b0e30649be/gnocchi.c092b856-c03f-4e7d-828d-3a2eda34d343?format=json&marker=none_v3&states=listing" "txd811377dbb774f2c9bc06-0069a07c7c" "proxy-server 20" 0.0018 "-" 14 0
Feb 26 17:01:48 standalone proxy-server[130472]: 172.18.0.2 172.18.0.100 26/Feb/2026/17/01/48 GET /v1/AUTH_7ad7272b45f54cd48b8ab7b0e30649be/gnocchi.c092b856-c03f-4e7d-828d-3a2eda34d343%3Fformat%3Djson%26marker%3Dnone_v3%26states%3Dlisting HTTP/1.0 200 - python-swiftclient-3.11.1 gAAAAABpoHwA3cQa... - 2 - txd811377dbb774f2c9bc06-0069a07c7c - 0.0060 - - 1772125308.972499132 1772125308.978537321 0
Feb 26 17:01:48 standalone object-server[128665]: 172.20.0.100 - - [26/Feb/2026:17:01:48 +0000] "GET /d1/919/AUTH_7ad7272b45f54cd48b8ab7b0e30649be/gnocchi.c092b856-c03f-4e7d-828d-3a2eda34d343/1771200000.0_mean_300.0_v3" 200 16 "GET http://172.18.0.2:8080/v1/AUTH_7ad7272b45f54cd48b8ab7b0e30649be/gnocchi.c092b856-c03f-4e7d-828d-3a2eda34d343/1771200000.0_mean_300.0_v3" "txad121b3478d14e4e9ee5e-0069a07c7c" "proxy-server 20" 0.0006 "-" 22 0
Feb 26 17:01:48 standalone proxy-server[130472]: 172.18.0.2 172.18.0.100 26/Feb/2026/17/01/48 GET /v1/AUTH_7ad7272b45f54cd48b8ab7b0e30649be/gnocchi.c092b856-c03f-4e7d-828d-3a2eda34d343/1771200000.0_mean_300.0_v3 HTTP/1.0 200 - python-swiftclient-3.11.1 gAAAAABpoHwA3cQa... - 16 - txad121b3478d14e4e9ee5e-0069a07c7c - 0.0071 - - 1772125308.981234789 1772125308.988322496 0
Feb 26 17:01:48 standalone container-server[128431]: 172.20.0.100 - - [26/Feb/2026:17:01:48 +0000] "PUT /d1/55/AUTH_7ad7272b45f54cd48b8ab7b0e30649be/gnocchi.c092b856-c03f-4e7d-828d-3a2eda34d343/1771200000.0_mean_300.0_v3" 201 - "PUT http://172.18.0.2:8080/d1/919/AUTH_7ad7272b45f54cd48b8ab7b0e30649be/gnocchi.c092b856-c03f-4e7d-828d-3a2eda34d343/1771200000.0_mean_300.0_v3" "tx867550040377454e8c949-0069a07c7c" "object-server 23" 0.0003 "-" 14 0
Feb 26 17:01:49 standalone object-server[128666]: 172.20.0.100 - - [26/Feb/2026:17:01:49 +0000] "PUT /d1/919/AUTH_7ad7272b45f54cd48b8ab7b0e30649be/gnocchi.c092b856-c03f-4e7d-828d-3a2eda34d343/1771200000.0_mean_300.0_v3" 201 - "PUT http://172.18.0.2:8080/v1/AUTH_7ad7272b45f54cd48b8ab7b0e30649be/gnocchi.c092b856-c03f-4e7d-828d-3a2eda34d343/1771200000.0_mean_300.0_v3" "tx867550040377454e8c949-0069a07c7c" "proxy-server 20" 0.0068 "-" 23 0
Feb 26 17:01:49 standalone proxy-server[130472]: 172.18.0.2 172.18.0.100 26/Feb/2026/17/01/49 PUT /v1/AUTH_7ad7272b45f54cd48b8ab7b0e30649be/gnocchi.c092b856-c03f-4e7d-828d-3a2eda34d343/1771200000.0_mean_300.0_v3 HTTP/1.0 201 - python-swiftclient-3.11.1 gAAAAABpoHwA3cQa... 16 - - tx867550040377454e8c949-0069a07c7c - 0.0106 - - 1772125308.990242958 1772125309.000831604 0
Feb 26 17:01:49 standalone container-server[128431]: 172.20.0.100 - - [26/Feb/2026:17:01:49 +0000] "PUT /d1/55/AUTH_7ad7272b45f54cd48b8ab7b0e30649be/gnocchi.c092b856-c03f-4e7d-828d-3a2eda34d343/none_v3" 201 - "PUT http://172.18.0.2:8080/d1/289/AUTH_7ad7272b45f54cd48b8ab7b0e30649be/gnocchi.c092b856-c03f-4e7d-828d-3a2eda34d343/none_v3" "txc9d0735eb7724b6bb09ba-0069a07c7d" "object-server 22" 0.0003 "-" 14 0
Feb 26 17:01:49 standalone object-server[128665]: 172.20.0.100 - - [26/Feb/2026:17:01:49 +0000] "PUT /d1/289/AUTH_7ad7272b45f54cd48b8ab7b0e30649be/gnocchi.c092b856-c03f-4e7d-828d-3a2eda34d343/none_v3" 201 - "PUT http://172.18.0.2:8080/v1/AUTH_7ad7272b45f54cd48b8ab7b0e30649be/gnocchi.c092b856-c03f-4e7d-828d-3a2eda34d343/none_v3" "txc9d0735eb7724b6bb09ba-0069a07c7d" "proxy-server 20" 0.0080 "-" 22 0
Feb 26 17:01:49 standalone proxy-server[130472]: 172.18.0.2 172.18.0.100 26/Feb/2026/17/01/49 PUT /v1/AUTH_7ad7272b45f54cd48b8ab7b0e30649be/gnocchi.c092b856-c03f-4e7d-828d-3a2eda34d343/none_v3 HTTP/1.0 201 - python-swiftclient-3.11.1 gAAAAABpoHwA3cQa... 31 - - txc9d0735eb7724b6bb09ba-0069a07c7d - 0.0124 - - 1772125309.002703667 1772125309.015135050 0
Feb 26 17:01:57 standalone account-server[128474]: 172.20.0.100 - - [26/Feb/2026:17:01:57 +0000] "HEAD /d1/909/AUTH_7ad7272b45f54cd48b8ab7b0e30649be" 204 - "HEAD http://172.18.0.2:8080/v1/AUTH_7ad7272b45f54cd48b8ab7b0e30649be?format=json" "txeec5211646d44ff6ba762-0069a07c85" "proxy-server 20" 0.0063 "-" 23 -
Feb 26 17:01:57 standalone proxy-server[130472]: - - 26/Feb/2026/17/01/57 HEAD /v1/AUTH_7ad7272b45f54cd48b8ab7b0e30649be%3Fformat%3Djson HTTP/1.0 204 - Swift - - - - txeec5211646d44ff6ba762-0069a07c85 - 0.0123 RL - 1772125317.108008385 1772125317.120320559 -
Feb 26 17:01:57 standalone object-server[128666]: 172.20.0.100 - - [26/Feb/2026:17:01:57 +0000] "GET /d1/289/AUTH_7ad7272b45f54cd48b8ab7b0e30649be/gnocchi.c092b856-c03f-4e7d-828d-3a2eda34d343/none_v3" 200 31 "GET http://172.18.0.2:8080/v1/AUTH_7ad7272b45f54cd48b8ab7b0e30649be/gnocchi.c092b856-c03f-4e7d-828d-3a2eda34d343/none_v3" "txeec5211646d44ff6ba762-0069a07c85" "proxy-server 20" 0.0010 "-" 23 0
Feb 26 17:01:57 standalone proxy-server[130472]: 172.18.0.2 172.18.0.100 26/Feb/2026/17/01/57 GET /v1/AUTH_7ad7272b45f54cd48b8ab7b0e30649be/gnocchi.c092b856-c03f-4e7d-828d-3a2eda34d343/none_v3 HTTP/1.0 200 - python-swiftclient-3.11.1 gAAAAABpoHwA3cQa... - 31 - txeec5211646d44ff6ba762-0069a07c85 - 0.0240 - - 1772125317.106765509 1772125317.130802393 0
Feb 26 17:01:57 standalone container-server[128459]: 172.20.0.100 - - [26/Feb/2026:17:01:57 +0000] "GET /d1/55/AUTH_7ad7272b45f54cd48b8ab7b0e30649be/gnocchi.c092b856-c03f-4e7d-828d-3a2eda34d343" 200 357 "GET http://172.18.0.2:8080/v1/AUTH_7ad7272b45f54cd48b8ab7b0e30649be/gnocchi.c092b856-c03f-4e7d-828d-3a2eda34d343?format=json&states=listing" "txb53f1bf8ebff45a1813a8-0069a07c85" "proxy-server 20" 0.0066 "-" 17 0
Feb 26 17:01:57 standalone proxy-server[130472]: 172.18.0.2 172.18.0.100 26/Feb/2026/17/01/57 GET /v1/AUTH_7ad7272b45f54cd48b8ab7b0e30649be/gnocchi.c092b856-c03f-4e7d-828d-3a2eda34d343%3Fformat%3Djson%26states%3Dlisting HTTP/1.0 200 - python-swiftclient-3.11.1 gAAAAABpoHwA3cQa... - 357 - txb53f1bf8ebff45a1813a8-0069a07c85 - 0.0159 - - 1772125317.134350538 1772125317.150219679 0
Feb 26 17:01:57 standalone container-server[128453]: 172.20.0.100 - - [26/Feb/2026:17:01:57 +0000] "GET /d1/55/AUTH_7ad7272b45f54cd48b8ab7b0e30649be/gnocchi.c092b856-c03f-4e7d-828d-3a2eda34d343" 200 2 "GET http://172.18.0.2:8080/v1/AUTH_7ad7272b45f54cd48b8ab7b0e30649be/gnocchi.c092b856-c03f-4e7d-828d-3a2eda34d343?format=json&marker=none_v3&states=listing" "tx149882fb7a70402293be3-0069a07c85" "proxy-server 20" 0.0020 "-" 16 0
Feb 26 17:01:57 standalone proxy-server[130472]: 172.18.0.2 172.18.0.100 26/Feb/2026/17/01/57 GET /v1/AUTH_7ad7272b45f54cd48b8ab7b0e30649be/gnocchi.c092b856-c03f-4e7d-828d-3a2eda34d343%3Fformat%3Djson%26marker%3Dnone_v3%26states%3Dlisting HTTP/1.0 200 - python-swiftclient-3.11.1 gAAAAABpoHwA3cQa... - 2 - tx149882fb7a70402293be3-0069a07c85 - 0.0099 - - 1772125317.154160500 1772125317.164084673 0
Feb 26 17:01:57 standalone object-server[128665]: 172.20.0.100 - - [26/Feb/2026:17:01:57 +0000] "GET /d1/919/AUTH_7ad7272b45f54cd48b8ab7b0e30649be/gnocchi.c092b856-c03f-4e7d-828d-3a2eda34d343/1771200000.0_mean_300.0_v3" 200 16 "GET http://172.18.0.2:8080/v1/AUTH_7ad7272b45f54cd48b8ab7b0e30649be/gnocchi.c092b856-c03f-4e7d-828d-3a2eda34d343/1771200000.0_mean_300.0_v3" "tx6cd7f9c81a254dea9b72c-0069a07c85" "proxy-server 20" 0.0006 "-" 22 0
Feb 26 17:01:57 standalone proxy-server[130472]: 172.18.0.2 172.18.0.100 26/Feb/2026/17/01/57 GET /v1/AUTH_7ad7272b45f54cd48b8ab7b0e30649be/gnocchi.c092b856-c03f-4e7d-828d-3a2eda34d343/1771200000.0_mean_300.0_v3 HTTP/1.0 200 - python-swiftclient-3.11.1 gAAAAABpoHwA3cQa... - 16 - tx6cd7f9c81a254dea9b72c-0069a07c85 - 0.0086 - - 1772125317.167717695 1772125317.176325321 0
Feb 26 17:01:57 standalone container-server[128431]: 172.20.0.100 - - [26/Feb/2026:17:01:57 +0000] "PUT /d1/55/AUTH_7ad7272b45f54cd48b8ab7b0e30649be/gnocchi.c092b856-c03f-4e7d-828d-3a2eda34d343/1771200000.0_mean_300.0_v3" 201 - "PUT http://172.18.0.2:8080/d1/919/AUTH_7ad7272b45f54cd48b8ab7b0e30649be/gnocchi.c092b856-c03f-4e7d-828d-3a2eda34d343/1771200000.0_mean_300.0_v3" "txb35508b4daef45d39169b-0069a07c85" "object-server 24" 0.0006 "-" 14 0
Feb 26 17:01:57 standalone object-server[128667]: 172.20.0.100 - - [26/Feb/2026:17:01:57 +0000] "PUT /d1/919/AUTH_7ad7272b45f54cd48b8ab7b0e30649be/gnocchi.c092b856-c03f-4e7d-828d-3a2eda34d343/1771200000.0_mean_300.0_v3" 201 - "PUT http://172.18.0.2:8080/v1/AUTH_7ad7272b45f54cd48b8ab7b0e30649be/gnocchi.c092b856-c03f-4e7d-828d-3a2eda34d343/1771200000.0_mean_300.0_v3" "txb35508b4daef45d39169b-0069a07c85" "proxy-server 20" 0.0112 "-" 24 0
Feb 26 17:01:57 standalone proxy-server[130472]: 172.18.0.2 172.18.0.100 26/Feb/2026/17/01/57 PUT /v1/AUTH_7ad7272b45f54cd48b8ab7b0e30649be/gnocchi.c092b856-c03f-4e7d-828d-3a2eda34d343/1771200000.0_mean_300.0_v3 HTTP/1.0 201 - python-swiftclient-3.11.1 gAAAAABpoHwA3cQa... 16 - - txb35508b4daef45d39169b-0069a07c85 - 0.0198 - - 1772125317.179554224 1772125317.199376345 0
Feb 26 17:01:57 standalone container-server[128459]: 172.20.0.100 - - [26/Feb/2026:17:01:57 +0000] "PUT /d1/55/AUTH_7ad7272b45f54cd48b8ab7b0e30649be/gnocchi.c092b856-c03f-4e7d-828d-3a2eda34d343/none_v3" 201 - "PUT http://172.18.0.2:8080/d1/289/AUTH_7ad7272b45f54cd48b8ab7b0e30649be/gnocchi.c092b856-c03f-4e7d-828d-3a2eda34d343/none_v3" "tx45b19e8a69e44078bed1e-0069a07c85" "object-server 22" 0.0005 "-" 17 0
Feb 26 17:01:57 standalone object-server[128665]: 172.20.0.100 - - [26/Feb/2026:17:01:57 +0000] "PUT /d1/289/AUTH_7ad7272b45f54cd48b8ab7b0e30649be/gnocchi.c092b856-c03f-4e7d-828d-3a2eda34d343/none_v3" 201 - "PUT http://172.18.0.2:8080/v1/AUTH_7ad7272b45f54cd48b8ab7b0e30649be/gnocchi.c092b856-c03f-4e7d-828d-3a2eda34d343/none_v3" "tx45b19e8a69e44078bed1e-0069a07c85" "proxy-server 20" 0.0090 "-" 22 0
Feb 26 17:01:57 standalone proxy-server[130472]: 172.18.0.2 172.18.0.100 26/Feb/2026/17/01/57 PUT /v1/AUTH_7ad7272b45f54cd48b8ab7b0e30649be/gnocchi.c092b856-c03f-4e7d-828d-3a2eda34d343/none_v3 HTTP/1.0 201 - python-swiftclient-3.11.1 gAAAAABpoHwA3cQa... 46 - - tx45b19e8a69e44078bed1e-0069a07c85 - 0.0156 - - 1772125317.203100920 1772125317.218742132 0
Feb 26 17:01:57 standalone object-server[128665]: 172.20.0.100 - - [26/Feb/2026:17:01:57 +0000] "GET /d1/289/AUTH_7ad7272b45f54cd48b8ab7b0e30649be/gnocchi.c092b856-c03f-4e7d-828d-3a2eda34d343/none_v3" 200 46 "GET http://172.18.0.2:8080/v1/AUTH_7ad7272b45f54cd48b8ab7b0e30649be/gnocchi.c092b856-c03f-4e7d-828d-3a2eda34d343/none_v3" "tx0a4e124a728a4ba292b02-0069a07c85" "proxy-server 20" 0.0008 "-" 22 0
Feb 26 17:01:57 standalone proxy-server[130472]: 172.18.0.2 172.18.0.100 26/Feb/2026/17/01/57 GET /v1/AUTH_7ad7272b45f54cd48b8ab7b0e30649be/gnocchi.c092b856-c03f-4e7d-828d-3a2eda34d343/none_v3 HTTP/1.0 200 - python-swiftclient-3.11.1 gAAAAABpoHwA3cQa... - 46 - tx0a4e124a728a4ba292b02-0069a07c85 - 0.0091 - - 1772125317.721144676 1772125317.730264902 0
Feb 26 17:01:57 standalone container-server[128453]: 172.20.0.100 - - [26/Feb/2026:17:01:57 +0000] "GET /d1/55/AUTH_7ad7272b45f54cd48b8ab7b0e30649be/gnocchi.c092b856-c03f-4e7d-828d-3a2eda34d343" 200 357 "GET http://172.18.0.2:8080/v1/AUTH_7ad7272b45f54cd48b8ab7b0e30649be/gnocchi.c092b856-c03f-4e7d-828d-3a2eda34d343?format=json&states=listing" "txbc172025c0b94631a3a2d-0069a07c85" "proxy-server 20" 0.0092 "-" 16 0
Feb 26 17:01:57 standalone proxy-server[130472]: 172.18.0.2 172.18.0.100 26/Feb/2026/17/01/57 GET /v1/AUTH_7ad7272b45f54cd48b8ab7b0e30649be/gnocchi.c092b856-c03f-4e7d-828d-3a2eda34d343%3Fformat%3Djson%26states%3Dlisting HTTP/1.0 200 - python-swiftclient-3.11.1 gAAAAABpoHwA3cQa... - 357 - txbc172025c0b94631a3a2d-0069a07c85 - 0.0183 - - 1772125317.735874653 1772125317.754196405 0
Feb 26 17:01:57 standalone container-server[128431]: 172.20.0.100 - - [26/Feb/2026:17:01:57 +0000] "GET /d1/55/AUTH_7ad7272b45f54cd48b8ab7b0e30649be/gnocchi.c092b856-c03f-4e7d-828d-3a2eda34d343" 200 2 "GET http://172.18.0.2:8080/v1/AUTH_7ad7272b45f54cd48b8ab7b0e30649be/gnocchi.c092b856-c03f-4e7d-828d-3a2eda34d343?format=json&marker=none_v3&states=listing" "tx69831a7dbc924509a3501-0069a07c85" "proxy-server 20" 0.0019 "-" 14 0
Feb 26 17:01:57 standalone proxy-server[130472]: 172.18.0.2 172.18.0.100 26/Feb/2026/17/01/57 GET /v1/AUTH_7ad7272b45f54cd48b8ab7b0e30649be/gnocchi.c092b856-c03f-4e7d-828d-3a2eda34d343%3Fformat%3Djson%26marker%3Dnone_v3%26states%3Dlisting HTTP/1.0 200 - python-swiftclient-3.11.1 gAAAAABpoHwA3cQa... - 2 - tx69831a7dbc924509a3501-0069a07c85 - 0.0113 - - 1772125317.759447575 1772125317.770703316 0
Feb 26 17:01:57 standalone object-server[128666]: 172.20.0.100 - - [26/Feb/2026:17:01:57 +0000] "GET /d1/919/AUTH_7ad7272b45f54cd48b8ab7b0e30649be/gnocchi.c092b856-c03f-4e7d-828d-3a2eda34d343/1771200000.0_mean_300.0_v3" 200 16 "GET http://172.18.0.2:8080/v1/AUTH_7ad7272b45f54cd48b8ab7b0e30649be/gnocchi.c092b856-c03f-4e7d-828d-3a2eda34d343/1771200000.0_mean_300.0_v3" "tx733afdd77c0947448263c-0069a07c85" "proxy-server 20" 0.0006 "-" 23 0
Feb 26 17:01:57 standalone proxy-server[130472]: 172.18.0.2 172.18.0.100 26/Feb/2026/17/01/57 GET /v1/AUTH_7ad7272b45f54cd48b8ab7b0e30649be/gnocchi.c092b856-c03f-4e7d-828d-3a2eda34d343/1771200000.0_mean_300.0_v3 HTTP/1.0 200 - python-swiftclient-3.11.1 gAAAAABpoHwA3cQa... - 16 - tx733afdd77c0947448263c-0069a07c85 - 0.0075 - - 1772125317.775378227 1772125317.782913208 0
Feb 26 17:01:57 standalone container-server[128453]: 172.20.0.100 - - [26/Feb/2026:17:01:57 +0000] "PUT /d1/55/AUTH_7ad7272b45f54cd48b8ab7b0e30649be/gnocchi.c092b856-c03f-4e7d-828d-3a2eda34d343/1771200000.0_mean_300.0_v3" 201 - "PUT http://172.18.0.2:8080/d1/919/AUTH_7ad7272b45f54cd48b8ab7b0e30649be/gnocchi.c092b856-c03f-4e7d-828d-3a2eda34d343/1771200000.0_mean_300.0_v3" "tx86ecc211e8b34921be66b-0069a07c85" "object-server 25" 0.0009 "-" 16 0
Feb 26 17:01:57 standalone object-server[128668]: 172.20.0.100 - - [26/Feb/2026:17:01:57 +0000] "PUT /d1/919/AUTH_7ad7272b45f54cd48b8ab7b0e30649be/gnocchi.c092b856-c03f-4e7d-828d-3a2eda34d343/1771200000.0_mean_300.0_v3" 201 - "PUT http://172.18.0.2:8080/v1/AUTH_7ad7272b45f54cd48b8ab7b0e30649be/gnocchi.c092b856-c03f-4e7d-828d-3a2eda34d343/1771200000.0_mean_300.0_v3" "tx86ecc211e8b34921be66b-0069a07c85" "proxy-server 20" 0.0105 "-" 25 0
Feb 26 17:01:57 standalone proxy-server[130472]: 172.18.0.2 172.18.0.100 26/Feb/2026/17/01/57 PUT /v1/AUTH_7ad7272b45f54cd48b8ab7b0e30649be/gnocchi.c092b856-c03f-4e7d-828d-3a2eda34d343/1771200000.0_mean_300.0_v3 HTTP/1.0 201 - python-swiftclient-3.11.1 gAAAAABpoHwA3cQa... 16 - - tx86ecc211e8b34921be66b-0069a07c85 - 0.0208 - - 1772125317.787475348 1772125317.808266640 0
Feb 26 17:01:57 standalone container-server[128453]: 172.20.0.100 - - [26/Feb/2026:17:01:57 +0000] "PUT /d1/55/AUTH_7ad7272b45f54cd48b8ab7b0e30649be/gnocchi.c092b856-c03f-4e7d-828d-3a2eda34d343/none_v3" 201 - "PUT http://172.18.0.2:8080/d1/289/AUTH_7ad7272b45f54cd48b8ab7b0e30649be/gnocchi.c092b856-c03f-4e7d-828d-3a2eda34d343/none_v3" "txdf92bced2282496f9bb09-0069a07c85" "object-server 22" 0.0007 "-" 16 0
Feb 26 17:01:57 standalone object-server[128665]: 172.20.0.100 - - [26/Feb/2026:17:01:57 +0000] "PUT /d1/289/AUTH_7ad7272b45f54cd48b8ab7b0e30649be/gnocchi.c092b856-c03f-4e7d-828d-3a2eda34d343/none_v3" 201 - "PUT http://172.18.0.2:8080/v1/AUTH_7ad7272b45f54cd48b8ab7b0e30649be/gnocchi.c092b856-c03f-4e7d-828d-3a2eda34d343/none_v3" "txdf92bced2282496f9bb09-0069a07c85" "proxy-server 20" 0.0102 "-" 22 0
Feb 26 17:01:57 standalone proxy-server[130472]: 172.18.0.2 172.18.0.100 26/Feb/2026/17/01/57 PUT /v1/AUTH_7ad7272b45f54cd48b8ab7b0e30649be/gnocchi.c092b856-c03f-4e7d-828d-3a2eda34d343/none_v3 HTTP/1.0 201 - python-swiftclient-3.11.1 gAAAAABpoHwA3cQa... 51 - - txdf92bced2282496f9bb09-0069a07c85 - 0.0166 - - 1772125317.812355042 1772125317.828991652 0
Feb 26 17:02:00 standalone container-server[128459]: 172.20.0.100 - - [26/Feb/2026:17:02:00 +0000] "HEAD /d1/543/AUTH_7ad7272b45f54cd48b8ab7b0e30649be/gnocchi.08862782-b0c1-4258-9019-ed4cceb19ccd" 404 - "HEAD http://172.18.0.2:8080/v1/AUTH_7ad7272b45f54cd48b8ab7b0e30649be/gnocchi.08862782-b0c1-4258-9019-ed4cceb19ccd?format=json&states=listing" "tx1bb5266e2a5143daad4f9-0069a07c88" "proxy-server 20" 0.0008 "-" 17 0
Feb 26 17:02:00 standalone object-server[128668]: 172.20.0.100 - - [26/Feb/2026:17:02:00 +0000] "GET /d1/562/AUTH_7ad7272b45f54cd48b8ab7b0e30649be/gnocchi.08862782-b0c1-4258-9019-ed4cceb19ccd/none_v3" 404 70 "GET http://172.18.0.2:8080/v1/AUTH_7ad7272b45f54cd48b8ab7b0e30649be/gnocchi.08862782-b0c1-4258-9019-ed4cceb19ccd/none_v3" "tx1bb5266e2a5143daad4f9-0069a07c88" "proxy-server 20" 0.0007 "-" 25 0
Feb 26 17:02:00 standalone proxy-server[130472]: 172.18.0.2 172.18.0.100 26/Feb/2026/17/02/00 GET /v1/AUTH_7ad7272b45f54cd48b8ab7b0e30649be/gnocchi.08862782-b0c1-4258-9019-ed4cceb19ccd/none_v3 HTTP/1.0 404 - python-swiftclient-3.11.1 gAAAAABpoHwA3cQa... - 70 - tx1bb5266e2a5143daad4f9-0069a07c88 - 0.0149 - - 1772125320.666279793 1772125320.681160450 0
Feb 26 17:02:00 standalone account-server[128456]: 172.20.0.100 - - [26/Feb/2026:17:02:00 +0000] "PUT /d1/909/AUTH_7ad7272b45f54cd48b8ab7b0e30649be/gnocchi.08862782-b0c1-4258-9019-ed4cceb19ccd" 201 - "PUT http://172.20.0.100:6001/d1/543/AUTH_7ad7272b45f54cd48b8ab7b0e30649be/gnocchi.08862782-b0c1-4258-9019-ed4cceb19ccd" "tx8771e6746d1f459e92904-0069a07c88" "container-server 17" 0.0033 "-" 21 0
Feb 26 17:02:00 standalone container-server[128459]: 172.20.0.100 - - [26/Feb/2026:17:02:00 +0000] "PUT /d1/543/AUTH_7ad7272b45f54cd48b8ab7b0e30649be/gnocchi.08862782-b0c1-4258-9019-ed4cceb19ccd" 201 - "PUT http://172.18.0.2:8080/v1/AUTH_7ad7272b45f54cd48b8ab7b0e30649be/gnocchi.08862782-b0c1-4258-9019-ed4cceb19ccd" "tx8771e6746d1f459e92904-0069a07c88" "proxy-server 20" 0.0213 "-" 17 0
Feb 26 17:02:00 standalone proxy-server[130472]: 172.18.0.2 172.18.0.100 26/Feb/2026/17/02/00 PUT /v1/AUTH_7ad7272b45f54cd48b8ab7b0e30649be/gnocchi.08862782-b0c1-4258-9019-ed4cceb19ccd HTTP/1.0 201 - python-swiftclient-3.11.1 gAAAAABpoHwA3cQa... - - - tx8771e6746d1f459e92904-0069a07c88 - 0.0268 - - 1772125320.686077595 1772125320.712922812 0
Feb 26 17:02:00 standalone container-server[128431]: 172.20.0.100 - - [26/Feb/2026:17:02:00 +0000] "HEAD /d1/543/AUTH_7ad7272b45f54cd48b8ab7b0e30649be/gnocchi.08862782-b0c1-4258-9019-ed4cceb19ccd" 204 - "HEAD http://172.18.0.2:8080/v1/AUTH_7ad7272b45f54cd48b8ab7b0e30649be/gnocchi.08862782-b0c1-4258-9019-ed4cceb19ccd?format=json&states=listing" "tx96131d353d20415bb38a0-0069a07c88" "proxy-server 20" 0.0024 "-" 14 0
Feb 26 17:02:00 standalone proxy-server[130472]: - - 26/Feb/2026/17/02/00 HEAD /v1/AUTH_7ad7272b45f54cd48b8ab7b0e30649be/gnocchi.08862782-b0c1-4258-9019-ed4cceb19ccd%3Fformat%3Djson%26states%3Dlisting HTTP/1.0 204 - Swift - - - - tx96131d353d20415bb38a0-0069a07c88 - 0.0065 RL - 1772125320.718546391 1772125320.725039005 0
Feb 26 17:02:00 standalone container-server[128443]: 172.20.0.100 - - [26/Feb/2026:17:02:00 +0000] "GET /d1/543/AUTH_7ad7272b45f54cd48b8ab7b0e30649be/gnocchi.08862782-b0c1-4258-9019-ed4cceb19ccd" 200 2 "GET http://172.18.0.2:8080/v1/AUTH_7ad7272b45f54cd48b8ab7b0e30649be/gnocchi.08862782-b0c1-4258-9019-ed4cceb19ccd?format=json&states=listing" "tx96131d353d20415bb38a0-0069a07c88" "proxy-server 20" 0.0018 "-" 15 0
Feb 26 17:02:00 standalone proxy-server[130472]: 172.18.0.2 172.18.0.100 26/Feb/2026/17/02/00 GET /v1/AUTH_7ad7272b45f54cd48b8ab7b0e30649be/gnocchi.08862782-b0c1-4258-9019-ed4cceb19ccd%3Fformat%3Djson%26states%3Dlisting HTTP/1.0 200 - python-swiftclient-3.11.1 gAAAAABpoHwA3cQa... - 2 - tx96131d353d20415bb38a0-0069a07c88 - 0.0152 - - 1772125320.717501163 1772125320.732732058 0
Feb 26 17:02:00 standalone object-server[128666]: 172.20.0.100 - - [26/Feb/2026:17:02:00 +0000] "GET /d1/260/AUTH_7ad7272b45f54cd48b8ab7b0e30649be/gnocchi.08862782-b0c1-4258-9019-ed4cceb19ccd/1771200000.0_mean_300.0_v3" 404 70 "GET http://172.18.0.2:8080/v1/AUTH_7ad7272b45f54cd48b8ab7b0e30649be/gnocchi.08862782-b0c1-4258-9019-ed4cceb19ccd/1771200000.0_mean_300.0_v3" "tx6d068b22f7b94e59bcb41-0069a07c88" "proxy-server 20" 0.0007 "-" 23 0
Feb 26 17:02:00 standalone proxy-server[130472]: 172.18.0.2 172.18.0.100 26/Feb/2026/17/02/00 GET /v1/AUTH_7ad7272b45f54cd48b8ab7b0e30649be/gnocchi.08862782-b0c1-4258-9019-ed4cceb19ccd/1771200000.0_mean_300.0_v3 HTTP/1.0 404 - python-swiftclient-3.11.1 gAAAAABpoHwA3cQa... - 70 - tx6d068b22f7b94e59bcb41-0069a07c88 - 0.0065 - - 1772125320.738223553 1772125320.744742632 0
Feb 26 17:02:00 standalone container-server[128431]: 172.20.0.100 - - [26/Feb/2026:17:02:00 +0000] "PUT /d1/543/AUTH_7ad7272b45f54cd48b8ab7b0e30649be/gnocchi.08862782-b0c1-4258-9019-ed4cceb19ccd/1771200000.0_mean_300.0_v3" 201 - "PUT http://172.18.0.2:8080/d1/260/AUTH_7ad7272b45f54cd48b8ab7b0e30649be/gnocchi.08862782-b0c1-4258-9019-ed4cceb19ccd/1771200000.0_mean_300.0_v3" "txd1fb6e547da84111acede-0069a07c88" "object-server 22" 0.0012 "-" 14 0
Feb 26 17:02:00 standalone object-server[128665]: 172.20.0.100 - - [26/Feb/2026:17:02:00 +0000] "PUT /d1/260/AUTH_7ad7272b45f54cd48b8ab7b0e30649be/gnocchi.08862782-b0c1-4258-9019-ed4cceb19ccd/1771200000.0_mean_300.0_v3" 201 - "PUT http://172.18.0.2:8080/v1/AUTH_7ad7272b45f54cd48b8ab7b0e30649be/gnocchi.08862782-b0c1-4258-9019-ed4cceb19ccd/1771200000.0_mean_300.0_v3" "txd1fb6e547da84111acede-0069a07c88" "proxy-server 20" 0.0179 "-" 22 0
Feb 26 17:02:00 standalone proxy-server[130472]: 172.18.0.2 172.18.0.100 26/Feb/2026/17/02/00 PUT /v1/AUTH_7ad7272b45f54cd48b8ab7b0e30649be/gnocchi.08862782-b0c1-4258-9019-ed4cceb19ccd/1771200000.0_mean_300.0_v3 HTTP/1.0 201 - python-swiftclient-3.11.1 gAAAAABpoHwA3cQa... 16 - - txd1fb6e547da84111acede-0069a07c88 - 0.0234 - - 1772125320.749151230 1772125320.772561312 0
Feb 26 17:02:00 standalone container-server[128453]: 172.20.0.100 - - [26/Feb/2026:17:02:00 +0000] "PUT /d1/543/AUTH_7ad7272b45f54cd48b8ab7b0e30649be/gnocchi.08862782-b0c1-4258-9019-ed4cceb19ccd/none_v3" 201 - "PUT http://172.18.0.2:8080/d1/562/AUTH_7ad7272b45f54cd48b8ab7b0e30649be/gnocchi.08862782-b0c1-4258-9019-ed4cceb19ccd/none_v3" "tx674e55124e5b4789bd6fe-0069a07c88" "object-server 23" 0.0038 "-" 16 0
Feb 26 17:02:00 standalone object-server[128666]: 172.20.0.100 - - [26/Feb/2026:17:02:00 +0000] "PUT /d1/562/AUTH_7ad7272b45f54cd48b8ab7b0e30649be/gnocchi.08862782-b0c1-4258-9019-ed4cceb19ccd/none_v3" 201 - "PUT http://172.18.0.2:8080/v1/AUTH_7ad7272b45f54cd48b8ab7b0e30649be/gnocchi.08862782-b0c1-4258-9019-ed4cceb19ccd/none_v3" "tx674e55124e5b4789bd6fe-0069a07c88" "proxy-server 20" 0.0534 "-" 23 0
Feb 26 17:02:00 standalone proxy-server[130472]: 172.18.0.2 172.18.0.100 26/Feb/2026/17/02/00 PUT /v1/AUTH_7ad7272b45f54cd48b8ab7b0e30649be/gnocchi.08862782-b0c1-4258-9019-ed4cceb19ccd/none_v3 HTTP/1.0 201 - python-swiftclient-3.11.1 gAAAAABpoHwA3cQa... 22 - - tx674e55124e5b4789bd6fe-0069a07c88 - 0.0587 - - 1772125320.776730299 1772125320.835416794 0
Feb 26 17:02:00 standalone container-server[128431]: 172.20.0.100 - - [26/Feb/2026:17:02:00 +0000] "HEAD /d1/528/AUTH_7ad7272b45f54cd48b8ab7b0e30649be/gnocchi.52b80aa0-33ec-455b-b0c7-6dcb14debef4" 404 - "HEAD http://172.18.0.2:8080/v1/AUTH_7ad7272b45f54cd48b8ab7b0e30649be/gnocchi.52b80aa0-33ec-455b-b0c7-6dcb14debef4?format=json&states=listing" "tx5290c30d03354ea6a9426-0069a07c88" "proxy-server 20" 0.0005 "-" 14 0
Feb 26 17:02:00 standalone object-server[128666]: 172.20.0.100 - - [26/Feb/2026:17:02:00 +0000] "GET /d1/580/AUTH_7ad7272b45f54cd48b8ab7b0e30649be/gnocchi.52b80aa0-33ec-455b-b0c7-6dcb14debef4/none_v3" 404 70 "GET http://172.18.0.2:8080/v1/AUTH_7ad7272b45f54cd48b8ab7b0e30649be/gnocchi.52b80aa0-33ec-455b-b0c7-6dcb14debef4/none_v3" "tx5290c30d03354ea6a9426-0069a07c88" "proxy-server 20" 0.0003 "-" 23 0
Feb 26 17:02:00 standalone proxy-server[130472]: 172.18.0.2 172.18.0.100 26/Feb/2026/17/02/00 GET /v1/AUTH_7ad7272b45f54cd48b8ab7b0e30649be/gnocchi.52b80aa0-33ec-455b-b0c7-6dcb14debef4/none_v3 HTTP/1.0 404 - python-swiftclient-3.11.1 gAAAAABpoHwA3cQa... - 70 - tx5290c30d03354ea6a9426-0069a07c88 - 0.0108 - - 1772125320.850050211 1772125320.860819817 0
Feb 26 17:02:00 standalone account-server[128454]: 172.20.0.100 - - [26/Feb/2026:17:02:00 +0000] "PUT /d1/909/AUTH_7ad7272b45f54cd48b8ab7b0e30649be/gnocchi.52b80aa0-33ec-455b-b0c7-6dcb14debef4" 201 - "PUT http://172.20.0.100:6001/d1/528/AUTH_7ad7272b45f54cd48b8ab7b0e30649be/gnocchi.52b80aa0-33ec-455b-b0c7-6dcb14debef4" "tx0864aaabc83a4b62addef-0069a07c88" "container-server 15" 0.0042 "-" 20 0
Feb 26 17:02:00 standalone container-server[128443]: 172.20.0.100 - - [26/Feb/2026:17:02:00 +0000] "PUT /d1/528/AUTH_7ad7272b45f54cd48b8ab7b0e30649be/gnocchi.52b80aa0-33ec-455b-b0c7-6dcb14debef4" 201 - "PUT http://172.18.0.2:8080/v1/AUTH_7ad7272b45f54cd48b8ab7b0e30649be/gnocchi.52b80aa0-33ec-455b-b0c7-6dcb14debef4" "tx0864aaabc83a4b62addef-0069a07c88" "proxy-server 20" 0.0203 "-" 15 0
Feb 26 17:02:00 standalone proxy-server[130472]: 172.18.0.2 172.18.0.100 26/Feb/2026/17/02/00 PUT /v1/AUTH_7ad7272b45f54cd48b8ab7b0e30649be/gnocchi.52b80aa0-33ec-455b-b0c7-6dcb14debef4 HTTP/1.0 201 - python-swiftclient-3.11.1 gAAAAABpoHwA3cQa... - - - tx0864aaabc83a4b62addef-0069a07c88 - 0.0267 - - 1772125320.865107298 1772125320.891797304 0
Feb 26 17:02:00 standalone container-server[128459]: 172.20.0.100 - - [26/Feb/2026:17:02:00 +0000] "HEAD /d1/528/AUTH_7ad7272b45f54cd48b8ab7b0e30649be/gnocchi.52b80aa0-33ec-455b-b0c7-6dcb14debef4" 204 - "HEAD http://172.18.0.2:8080/v1/AUTH_7ad7272b45f54cd48b8ab7b0e30649be/gnocchi.52b80aa0-33ec-455b-b0c7-6dcb14debef4?format=json&states=listing" "tx24443384efcd45efbd831-0069a07c88" "proxy-server 20" 0.0028 "-" 17 0
Feb 26 17:02:00 standalone proxy-server[130472]: - - 26/Feb/2026/17/02/00 HEAD /v1/AUTH_7ad7272b45f54cd48b8ab7b0e30649be/gnocchi.52b80aa0-33ec-455b-b0c7-6dcb14debef4%3Fformat%3Djson%26states%3Dlisting HTTP/1.0 204 - Swift - - - - tx24443384efcd45efbd831-0069a07c88 - 0.0087 RL - 1772125320.898249388 1772125320.906995296 0
Feb 26 17:02:00 standalone container-server[128443]: 172.20.0.100 - - [26/Feb/2026:17:02:00 +0000] "GET /d1/528/AUTH_7ad7272b45f54cd48b8ab7b0e30649be/gnocchi.52b80aa0-33ec-455b-b0c7-6dcb14debef4" 200 2 "GET http://172.18.0.2:8080/v1/AUTH_7ad7272b45f54cd48b8ab7b0e30649be/gnocchi.52b80aa0-33ec-455b-b0c7-6dcb14debef4?format=json&states=listing" "tx24443384efcd45efbd831-0069a07c88" "proxy-server 20" 0.0066 "-" 15 0
Feb 26 17:02:00 standalone proxy-server[130472]: 172.18.0.2 172.18.0.100 26/Feb/2026/17/02/00 GET /v1/AUTH_7ad7272b45f54cd48b8ab7b0e30649be/gnocchi.52b80aa0-33ec-455b-b0c7-6dcb14debef4%3Fformat%3Djson%26states%3Dlisting HTTP/1.0 200 - python-swiftclient-3.11.1 gAAAAABpoHwA3cQa... - 2 - tx24443384efcd45efbd831-0069a07c88 - 0.0246 - - 1772125320.897009850 1772125320.921585083 0
Feb 26 17:02:00 standalone object-server[128666]: 172.20.0.100 - - [26/Feb/2026:17:02:00 +0000] "GET /d1/971/AUTH_7ad7272b45f54cd48b8ab7b0e30649be/gnocchi.52b80aa0-33ec-455b-b0c7-6dcb14debef4/1771200000.0_mean_300.0_v3" 404 70 "GET http://172.18.0.2:8080/v1/AUTH_7ad7272b45f54cd48b8ab7b0e30649be/gnocchi.52b80aa0-33ec-455b-b0c7-6dcb14debef4/1771200000.0_mean_300.0_v3" "tx2da0dd5aeb474fcc96db6-0069a07c88" "proxy-server 20" 0.0004 "-" 23 0
Feb 26 17:02:00 standalone proxy-server[130472]: 172.18.0.2 172.18.0.100 26/Feb/2026/17/02/00 GET /v1/AUTH_7ad7272b45f54cd48b8ab7b0e30649be/gnocchi.52b80aa0-33ec-455b-b0c7-6dcb14debef4/1771200000.0_mean_300.0_v3 HTTP/1.0 404 - python-swiftclient-3.11.1 gAAAAABpoHwA3cQa... - 70 - tx2da0dd5aeb474fcc96db6-0069a07c88 - 0.0050 - - 1772125320.929042578 1772125320.934012890 0
Feb 26 17:02:00 standalone container-server[128443]: 172.20.0.100 - - [26/Feb/2026:17:02:00 +0000] "PUT /d1/528/AUTH_7ad7272b45f54cd48b8ab7b0e30649be/gnocchi.52b80aa0-33ec-455b-b0c7-6dcb14debef4/1771200000.0_mean_300.0_v3" 201 - "PUT http://172.18.0.2:8080/d1/971/AUTH_7ad7272b45f54cd48b8ab7b0e30649be/gnocchi.52b80aa0-33ec-455b-b0c7-6dcb14debef4/1771200000.0_mean_300.0_v3" "tx85264f8ae2984751a02e9-0069a07c88" "object-server 24" 0.0013 "-" 15 0
Feb 26 17:02:00 standalone object-server[128667]: 172.20.0.100 - - [26/Feb/2026:17:02:00 +0000] "PUT /d1/971/AUTH_7ad7272b45f54cd48b8ab7b0e30649be/gnocchi.52b80aa0-33ec-455b-b0c7-6dcb14debef4/1771200000.0_mean_300.0_v3" 201 - "PUT http://172.18.0.2:8080/v1/AUTH_7ad7272b45f54cd48b8ab7b0e30649be/gnocchi.52b80aa0-33ec-455b-b0c7-6dcb14debef4/1771200000.0_mean_300.0_v3" "tx85264f8ae2984751a02e9-0069a07c88" "proxy-server 20" 0.0143 "-" 24 0
Feb 26 17:02:00 standalone proxy-server[130472]: 172.18.0.2 172.18.0.100 26/Feb/2026/17/02/00 PUT /v1/AUTH_7ad7272b45f54cd48b8ab7b0e30649be/gnocchi.52b80aa0-33ec-455b-b0c7-6dcb14debef4/1771200000.0_mean_300.0_v3 HTTP/1.0 201 - python-swiftclient-3.11.1 gAAAAABpoHwA3cQa... 16 - - tx85264f8ae2984751a02e9-0069a07c88 - 0.0208 - - 1772125320.940036058 1772125320.960824013 0
Feb 26 17:02:00 standalone container-server[128453]: 172.20.0.100 - - [26/Feb/2026:17:02:00 +0000] "PUT /d1/528/AUTH_7ad7272b45f54cd48b8ab7b0e30649be/gnocchi.52b80aa0-33ec-455b-b0c7-6dcb14debef4/none_v3" 201 - "PUT http://172.18.0.2:8080/d1/580/AUTH_7ad7272b45f54cd48b8ab7b0e30649be/gnocchi.52b80aa0-33ec-455b-b0c7-6dcb14debef4/none_v3" "tx04b35168b08a47eeae78d-0069a07c88" "object-server 22" 0.0004 "-" 16 0
Feb 26 17:02:00 standalone object-server[128665]: 172.20.0.100 - - [26/Feb/2026:17:02:00 +0000] "PUT /d1/580/AUTH_7ad7272b45f54cd48b8ab7b0e30649be/gnocchi.52b80aa0-33ec-455b-b0c7-6dcb14debef4/none_v3" 201 - "PUT http://172.18.0.2:8080/v1/AUTH_7ad7272b45f54cd48b8ab7b0e30649be/gnocchi.52b80aa0-33ec-455b-b0c7-6dcb14debef4/none_v3" "tx04b35168b08a47eeae78d-0069a07c88" "proxy-server 20" 0.0076 "-" 22 0
Feb 26 17:02:00 standalone proxy-server[130472]: 172.18.0.2 172.18.0.100 26/Feb/2026/17/02/00 PUT /v1/AUTH_7ad7272b45f54cd48b8ab7b0e30649be/gnocchi.52b80aa0-33ec-455b-b0c7-6dcb14debef4/none_v3 HTTP/1.0 201 - python-swiftclient-3.11.1 gAAAAABpoHwA3cQa... 22 - - tx04b35168b08a47eeae78d-0069a07c88 - 0.0118 - - 1772125320.964391708 1772125320.976209164 0
Feb 26 17:02:00 standalone container-server[128431]: 172.20.0.100 - - [26/Feb/2026:17:02:00 +0000] "HEAD /d1/636/AUTH_7ad7272b45f54cd48b8ab7b0e30649be/gnocchi.bf91a088-f58e-42ec-b2c9-310454569dc4" 404 - "HEAD http://172.18.0.2:8080/v1/AUTH_7ad7272b45f54cd48b8ab7b0e30649be/gnocchi.bf91a088-f58e-42ec-b2c9-310454569dc4?format=json&states=listing" "tx8dec6671981b4b01a5fbf-0069a07c88" "proxy-server 20" 0.0009 "-" 14 0
Feb 26 17:02:01 standalone object-server[128665]: 172.20.0.100 - - [26/Feb/2026:17:02:00 +0000] "GET /d1/419/AUTH_7ad7272b45f54cd48b8ab7b0e30649be/gnocchi.bf91a088-f58e-42ec-b2c9-310454569dc4/none_v3" 404 70 "GET http://172.18.0.2:8080/v1/AUTH_7ad7272b45f54cd48b8ab7b0e30649be/gnocchi.bf91a088-f58e-42ec-b2c9-310454569dc4/none_v3" "tx8dec6671981b4b01a5fbf-0069a07c88" "proxy-server 20" 0.0004 "-" 22 0
Feb 26 17:02:01 standalone proxy-server[130472]: 172.18.0.2 172.18.0.100 26/Feb/2026/17/02/01 GET /v1/AUTH_7ad7272b45f54cd48b8ab7b0e30649be/gnocchi.bf91a088-f58e-42ec-b2c9-310454569dc4/none_v3 HTTP/1.0 404 - python-swiftclient-3.11.1 gAAAAABpoHwA3cQa... - 70 - tx8dec6671981b4b01a5fbf-0069a07c88 - 0.0093 - - 1772125320.991386414 1772125321.000692368 0
Feb 26 17:02:01 standalone account-server[128467]: 172.20.0.100 - - [26/Feb/2026:17:02:01 +0000] "PUT /d1/909/AUTH_7ad7272b45f54cd48b8ab7b0e30649be/gnocchi.bf91a088-f58e-42ec-b2c9-310454569dc4" 201 - "PUT http://172.20.0.100:6001/d1/636/AUTH_7ad7272b45f54cd48b8ab7b0e30649be/gnocchi.bf91a088-f58e-42ec-b2c9-310454569dc4" "tx415d6a0232c840f4a3203-0069a07c89" "container-server 15" 0.0085 "-" 22 0
Feb 26 17:02:01 standalone container-server[128443]: 172.20.0.100 - - [26/Feb/2026:17:02:01 +0000] "PUT /d1/636/AUTH_7ad7272b45f54cd48b8ab7b0e30649be/gnocchi.bf91a088-f58e-42ec-b2c9-310454569dc4" 201 - "PUT http://172.18.0.2:8080/v1/AUTH_7ad7272b45f54cd48b8ab7b0e30649be/gnocchi.bf91a088-f58e-42ec-b2c9-310454569dc4" "tx415d6a0232c840f4a3203-0069a07c89" "proxy-server 20" 0.0261 "-" 15 0
Feb 26 17:02:01 standalone proxy-server[130472]: 172.18.0.2 172.18.0.100 26/Feb/2026/17/02/01 PUT /v1/AUTH_7ad7272b45f54cd48b8ab7b0e30649be/gnocchi.bf91a088-f58e-42ec-b2c9-310454569dc4 HTTP/1.0 201 - python-swiftclient-3.11.1 gAAAAABpoHwA3cQa... - - - tx415d6a0232c840f4a3203-0069a07c89 - 0.0319 - - 1772125321.004539967 1772125321.036445141 0
Feb 26 17:02:01 standalone container-server[128459]: 172.20.0.100 - - [26/Feb/2026:17:02:01 +0000] "HEAD /d1/636/AUTH_7ad7272b45f54cd48b8ab7b0e30649be/gnocchi.bf91a088-f58e-42ec-b2c9-310454569dc4" 204 - "HEAD http://172.18.0.2:8080/v1/AUTH_7ad7272b45f54cd48b8ab7b0e30649be/gnocchi.bf91a088-f58e-42ec-b2c9-310454569dc4?format=json&states=listing" "tx0e0f943a153e473a99329-0069a07c89" "proxy-server 20" 0.0030 "-" 17 0
Feb 26 17:02:01 standalone proxy-server[130472]: - - 26/Feb/2026/17/02/01 HEAD /v1/AUTH_7ad7272b45f54cd48b8ab7b0e30649be/gnocchi.bf91a088-f58e-42ec-b2c9-310454569dc4%3Fformat%3Djson%26states%3Dlisting HTTP/1.0 204 - Swift - - - - tx0e0f943a153e473a99329-0069a07c89 - 0.0072 RL - 1772125321.043687820 1772125321.050878763 0
Feb 26 17:02:01 standalone container-server[128443]: 172.20.0.100 - - [26/Feb/2026:17:02:01 +0000] "GET /d1/636/AUTH_7ad7272b45f54cd48b8ab7b0e30649be/gnocchi.bf91a088-f58e-42ec-b2c9-310454569dc4" 200 2 "GET http://172.18.0.2:8080/v1/AUTH_7ad7272b45f54cd48b8ab7b0e30649be/gnocchi.bf91a088-f58e-42ec-b2c9-310454569dc4?format=json&states=listing" "tx0e0f943a153e473a99329-0069a07c89" "proxy-server 20" 0.0043 "-" 15 0
Feb 26 17:02:01 standalone proxy-server[130472]: 172.18.0.2 172.18.0.100 26/Feb/2026/17/02/01 GET /v1/AUTH_7ad7272b45f54cd48b8ab7b0e30649be/gnocchi.bf91a088-f58e-42ec-b2c9-310454569dc4%3Fformat%3Djson%26states%3Dlisting HTTP/1.0 200 - python-swiftclient-3.11.1 gAAAAABpoHwA3cQa... - 2 - tx0e0f943a153e473a99329-0069a07c89 - 0.0185 - - 1772125321.042531729 1772125321.061014175 0
Feb 26 17:02:01 standalone object-server[128666]: 172.20.0.100 - - [26/Feb/2026:17:02:01 +0000] "GET /d1/963/AUTH_7ad7272b45f54cd48b8ab7b0e30649be/gnocchi.bf91a088-f58e-42ec-b2c9-310454569dc4/1771200000.0_mean_300.0_v3" 404 70 "GET http://172.18.0.2:8080/v1/AUTH_7ad7272b45f54cd48b8ab7b0e30649be/gnocchi.bf91a088-f58e-42ec-b2c9-310454569dc4/1771200000.0_mean_300.0_v3" "tx6808b356f7eb442fb6514-0069a07c89" "proxy-server 20" 0.0003 "-" 23 0
Feb 26 17:02:01 standalone proxy-server[130472]: 172.18.0.2 172.18.0.100 26/Feb/2026/17/02/01 GET /v1/AUTH_7ad7272b45f54cd48b8ab7b0e30649be/gnocchi.bf91a088-f58e-42ec-b2c9-310454569dc4/1771200000.0_mean_300.0_v3 HTTP/1.0 404 - python-swiftclient-3.11.1 gAAAAABpoHwA3cQa... - 70 - tx6808b356f7eb442fb6514-0069a07c89 - 0.0049 - - 1772125321.066553354 1772125321.071476221 0
Feb 26 17:02:01 standalone container-server[128431]: 172.20.0.100 - - [26/Feb/2026:17:02:01 +0000] "PUT /d1/636/AUTH_7ad7272b45f54cd48b8ab7b0e30649be/gnocchi.bf91a088-f58e-42ec-b2c9-310454569dc4/1771200000.0_mean_300.0_v3" 201 - "PUT http://172.18.0.2:8080/d1/963/AUTH_7ad7272b45f54cd48b8ab7b0e30649be/gnocchi.bf91a088-f58e-42ec-b2c9-310454569dc4/1771200000.0_mean_300.0_v3" "tx1c578e9f865948c2925ae-0069a07c89" "object-server 25" 0.0013 "-" 14 0
Feb 26 17:02:01 standalone object-server[128668]: 172.20.0.100 - - [26/Feb/2026:17:02:01 +0000] "PUT /d1/963/AUTH_7ad7272b45f54cd48b8ab7b0e30649be/gnocchi.bf91a088-f58e-42ec-b2c9-310454569dc4/1771200000.0_mean_300.0_v3" 201 - "PUT http://172.18.0.2:8080/v1/AUTH_7ad7272b45f54cd48b8ab7b0e30649be/gnocchi.bf91a088-f58e-42ec-b2c9-310454569dc4/1771200000.0_mean_300.0_v3" "tx1c578e9f865948c2925ae-0069a07c89" "proxy-server 20" 0.0144 "-" 25 0
Feb 26 17:02:01 standalone proxy-server[130472]: 172.18.0.2 172.18.0.100 26/Feb/2026/17/02/01 PUT /v1/AUTH_7ad7272b45f54cd48b8ab7b0e30649be/gnocchi.bf91a088-f58e-42ec-b2c9-310454569dc4/1771200000.0_mean_300.0_v3 HTTP/1.0 201 - python-swiftclient-3.11.1 gAAAAABpoHwA3cQa... 16 - - tx1c578e9f865948c2925ae-0069a07c89 - 0.0202 - - 1772125321.076750755 1772125321.096961737 0
Feb 26 17:02:01 standalone container-server[128453]: 172.20.0.100 - - [26/Feb/2026:17:02:01 +0000] "PUT /d1/636/AUTH_7ad7272b45f54cd48b8ab7b0e30649be/gnocchi.bf91a088-f58e-42ec-b2c9-310454569dc4/none_v3" 201 - "PUT http://172.18.0.2:8080/d1/419/AUTH_7ad7272b45f54cd48b8ab7b0e30649be/gnocchi.bf91a088-f58e-42ec-b2c9-310454569dc4/none_v3" "tx8b0a9bd07c6f417a8419e-0069a07c89" "object-server 23" 0.0008 "-" 16 0
Feb 26 17:02:01 standalone object-server[128666]: 172.20.0.100 - - [26/Feb/2026:17:02:01 +0000] "PUT /d1/419/AUTH_7ad7272b45f54cd48b8ab7b0e30649be/gnocchi.bf91a088-f58e-42ec-b2c9-310454569dc4/none_v3" 201 - "PUT http://172.18.0.2:8080/v1/AUTH_7ad7272b45f54cd48b8ab7b0e30649be/gnocchi.bf91a088-f58e-42ec-b2c9-310454569dc4/none_v3" "tx8b0a9bd07c6f417a8419e-0069a07c89" "proxy-server 20" 0.0159 "-" 23 0
