Feb 26 17:02:01 standalone proxy-server[130472]: 172.18.0.2 172.18.0.100 26/Feb/2026/17/02/01 PUT /v1/AUTH_7ad7272b45f54cd48b8ab7b0e30649be/gnocchi.bf91a088-f58e-42ec-b2c9-310454569dc4/none_v3 HTTP/1.0 201 - python-swiftclient-3.11.1 gAAAAABpoHwA3cQa... 22 - - tx8b0a9bd07c6f417a8419e-0069a07c89 - 0.0246 - - 1772125321.102089882 1772125321.126734257 0
Feb 26 17:02:01 standalone container-server[128453]: 172.20.0.100 - - [26/Feb/2026:17:02:01 +0000] "HEAD /d1/701/AUTH_7ad7272b45f54cd48b8ab7b0e30649be/gnocchi.d79db3a9-ea6d-461e-a514-645a46f5be9c" 404 - "HEAD http://172.18.0.2:8080/v1/AUTH_7ad7272b45f54cd48b8ab7b0e30649be/gnocchi.d79db3a9-ea6d-461e-a514-645a46f5be9c?format=json&states=listing" "tx74b419229f8e43dc98c48-0069a07c89" "proxy-server 20" 0.0004 "-" 16 0
Feb 26 17:02:01 standalone object-server[128667]: 172.20.0.100 - - [26/Feb/2026:17:02:01 +0000] "GET /d1/215/AUTH_7ad7272b45f54cd48b8ab7b0e30649be/gnocchi.d79db3a9-ea6d-461e-a514-645a46f5be9c/none_v3" 404 70 "GET http://172.18.0.2:8080/v1/AUTH_7ad7272b45f54cd48b8ab7b0e30649be/gnocchi.d79db3a9-ea6d-461e-a514-645a46f5be9c/none_v3" "tx74b419229f8e43dc98c48-0069a07c89" "proxy-server 20" 0.0005 "-" 24 0
Feb 26 17:02:01 standalone proxy-server[130472]: 172.18.0.2 172.18.0.100 26/Feb/2026/17/02/01 GET /v1/AUTH_7ad7272b45f54cd48b8ab7b0e30649be/gnocchi.d79db3a9-ea6d-461e-a514-645a46f5be9c/none_v3 HTTP/1.0 404 - python-swiftclient-3.11.1 gAAAAABpoHwA3cQa... - 70 - tx74b419229f8e43dc98c48-0069a07c89 - 0.0160 - - 1772125321.144313574 1772125321.160351515 0
Feb 26 17:02:01 standalone account-server[128454]: 172.20.0.100 - - [26/Feb/2026:17:02:01 +0000] "PUT /d1/909/AUTH_7ad7272b45f54cd48b8ab7b0e30649be/gnocchi.d79db3a9-ea6d-461e-a514-645a46f5be9c" 201 - "PUT http://172.20.0.100:6001/d1/701/AUTH_7ad7272b45f54cd48b8ab7b0e30649be/gnocchi.d79db3a9-ea6d-461e-a514-645a46f5be9c" "txbce676d239d84af3902fd-0069a07c89" "container-server 14" 0.0039 "-" 20 0
Feb 26 17:02:01 standalone container-server[128431]: 172.20.0.100 - - [26/Feb/2026:17:02:01 +0000] "PUT /d1/701/AUTH_7ad7272b45f54cd48b8ab7b0e30649be/gnocchi.d79db3a9-ea6d-461e-a514-645a46f5be9c" 201 - "PUT http://172.18.0.2:8080/v1/AUTH_7ad7272b45f54cd48b8ab7b0e30649be/gnocchi.d79db3a9-ea6d-461e-a514-645a46f5be9c" "txbce676d239d84af3902fd-0069a07c89" "proxy-server 20" 0.0155 "-" 14 0
Feb 26 17:02:01 standalone proxy-server[130472]: 172.18.0.2 172.18.0.100 26/Feb/2026/17/02/01 PUT /v1/AUTH_7ad7272b45f54cd48b8ab7b0e30649be/gnocchi.d79db3a9-ea6d-461e-a514-645a46f5be9c HTTP/1.0 201 - python-swiftclient-3.11.1 gAAAAABpoHwA3cQa... - - - txbce676d239d84af3902fd-0069a07c89 - 0.0234 - - 1772125321.165998936 1772125321.189363718 0
Feb 26 17:02:01 standalone container-server[128443]: 172.20.0.100 - - [26/Feb/2026:17:02:01 +0000] "HEAD /d1/701/AUTH_7ad7272b45f54cd48b8ab7b0e30649be/gnocchi.d79db3a9-ea6d-461e-a514-645a46f5be9c" 204 - "HEAD http://172.18.0.2:8080/v1/AUTH_7ad7272b45f54cd48b8ab7b0e30649be/gnocchi.d79db3a9-ea6d-461e-a514-645a46f5be9c?format=json&states=listing" "tx3703b6d48c5b4acea4593-0069a07c89" "proxy-server 20" 0.0036 "-" 15 0
Feb 26 17:02:01 standalone proxy-server[130472]: - - 26/Feb/2026/17/02/01 HEAD /v1/AUTH_7ad7272b45f54cd48b8ab7b0e30649be/gnocchi.d79db3a9-ea6d-461e-a514-645a46f5be9c%3Fformat%3Djson%26states%3Dlisting HTTP/1.0 204 - Swift - - - - tx3703b6d48c5b4acea4593-0069a07c89 - 0.0103 RL - 1772125321.199289560 1772125321.209549904 0
Feb 26 17:02:01 standalone container-server[128453]: 172.20.0.100 - - [26/Feb/2026:17:02:01 +0000] "GET /d1/701/AUTH_7ad7272b45f54cd48b8ab7b0e30649be/gnocchi.d79db3a9-ea6d-461e-a514-645a46f5be9c" 200 2 "GET http://172.18.0.2:8080/v1/AUTH_7ad7272b45f54cd48b8ab7b0e30649be/gnocchi.d79db3a9-ea6d-461e-a514-645a46f5be9c?format=json&states=listing" "tx3703b6d48c5b4acea4593-0069a07c89" "proxy-server 20" 0.0031 "-" 16 0
Feb 26 17:02:01 standalone proxy-server[130472]: 172.18.0.2 172.18.0.100 26/Feb/2026/17/02/01 GET /v1/AUTH_7ad7272b45f54cd48b8ab7b0e30649be/gnocchi.d79db3a9-ea6d-461e-a514-645a46f5be9c%3Fformat%3Djson%26states%3Dlisting HTTP/1.0 200 - python-swiftclient-3.11.1 gAAAAABpoHwA3cQa... - 2 - tx3703b6d48c5b4acea4593-0069a07c89 - 0.0260 - - 1772125321.197049856 1772125321.223012209 0
Feb 26 17:02:01 standalone object-server[128668]: 172.20.0.100 - - [26/Feb/2026:17:02:01 +0000] "GET /d1/943/AUTH_7ad7272b45f54cd48b8ab7b0e30649be/gnocchi.d79db3a9-ea6d-461e-a514-645a46f5be9c/1771200000.0_mean_300.0_v3" 404 70 "GET http://172.18.0.2:8080/v1/AUTH_7ad7272b45f54cd48b8ab7b0e30649be/gnocchi.d79db3a9-ea6d-461e-a514-645a46f5be9c/1771200000.0_mean_300.0_v3" "tx695c3fc1ebf048f0a841e-0069a07c89" "proxy-server 20" 0.0004 "-" 25 0
Feb 26 17:02:01 standalone proxy-server[130472]: 172.18.0.2 172.18.0.100 26/Feb/2026/17/02/01 GET /v1/AUTH_7ad7272b45f54cd48b8ab7b0e30649be/gnocchi.d79db3a9-ea6d-461e-a514-645a46f5be9c/1771200000.0_mean_300.0_v3 HTTP/1.0 404 - python-swiftclient-3.11.1 gAAAAABpoHwA3cQa... - 70 - tx695c3fc1ebf048f0a841e-0069a07c89 - 0.0095 - - 1772125321.229396582 1772125321.238881826 0
Feb 26 17:02:01 standalone container-server[128453]: 172.20.0.100 - - [26/Feb/2026:17:02:01 +0000] "PUT /d1/701/AUTH_7ad7272b45f54cd48b8ab7b0e30649be/gnocchi.d79db3a9-ea6d-461e-a514-645a46f5be9c/1771200000.0_mean_300.0_v3" 201 - "PUT http://172.18.0.2:8080/d1/943/AUTH_7ad7272b45f54cd48b8ab7b0e30649be/gnocchi.d79db3a9-ea6d-461e-a514-645a46f5be9c/1771200000.0_mean_300.0_v3" "tx89e0585ac98f46558b85b-0069a07c89" "object-server 25" 0.0006 "-" 16 0
Feb 26 17:02:01 standalone object-server[128668]: 172.20.0.100 - - [26/Feb/2026:17:02:01 +0000] "PUT /d1/943/AUTH_7ad7272b45f54cd48b8ab7b0e30649be/gnocchi.d79db3a9-ea6d-461e-a514-645a46f5be9c/1771200000.0_mean_300.0_v3" 201 - "PUT http://172.18.0.2:8080/v1/AUTH_7ad7272b45f54cd48b8ab7b0e30649be/gnocchi.d79db3a9-ea6d-461e-a514-645a46f5be9c/1771200000.0_mean_300.0_v3" "tx89e0585ac98f46558b85b-0069a07c89" "proxy-server 20" 0.0127 "-" 25 0
Feb 26 17:02:01 standalone proxy-server[130472]: 172.18.0.2 172.18.0.100 26/Feb/2026/17/02/01 PUT /v1/AUTH_7ad7272b45f54cd48b8ab7b0e30649be/gnocchi.d79db3a9-ea6d-461e-a514-645a46f5be9c/1771200000.0_mean_300.0_v3 HTTP/1.0 201 - python-swiftclient-3.11.1 gAAAAABpoHwA3cQa... 16 - - tx89e0585ac98f46558b85b-0069a07c89 - 0.0219 - - 1772125321.244166136 1772125321.266055822 0
Feb 26 17:02:01 standalone container-server[128431]: 172.20.0.100 - - [26/Feb/2026:17:02:01 +0000] "PUT /d1/701/AUTH_7ad7272b45f54cd48b8ab7b0e30649be/gnocchi.d79db3a9-ea6d-461e-a514-645a46f5be9c/none_v3" 201 - "PUT http://172.18.0.2:8080/d1/215/AUTH_7ad7272b45f54cd48b8ab7b0e30649be/gnocchi.d79db3a9-ea6d-461e-a514-645a46f5be9c/none_v3" "txf201fc47218a4baf88397-0069a07c89" "object-server 22" 0.0005 "-" 14 0
Feb 26 17:02:01 standalone object-server[128665]: 172.20.0.100 - - [26/Feb/2026:17:02:01 +0000] "PUT /d1/215/AUTH_7ad7272b45f54cd48b8ab7b0e30649be/gnocchi.d79db3a9-ea6d-461e-a514-645a46f5be9c/none_v3" 201 - "PUT http://172.18.0.2:8080/v1/AUTH_7ad7272b45f54cd48b8ab7b0e30649be/gnocchi.d79db3a9-ea6d-461e-a514-645a46f5be9c/none_v3" "txf201fc47218a4baf88397-0069a07c89" "proxy-server 20" 0.0097 "-" 22 0
Feb 26 17:02:01 standalone proxy-server[130472]: 172.18.0.2 172.18.0.100 26/Feb/2026/17/02/01 PUT /v1/AUTH_7ad7272b45f54cd48b8ab7b0e30649be/gnocchi.d79db3a9-ea6d-461e-a514-645a46f5be9c/none_v3 HTTP/1.0 201 - python-swiftclient-3.11.1 gAAAAABpoHwA3cQa... 22 - - txf201fc47218a4baf88397-0069a07c89 - 0.0197 - - 1772125321.271382093 1772125321.291087866 0
Feb 26 17:02:01 standalone container-server[128453]: 172.20.0.100 - - [26/Feb/2026:17:02:01 +0000] "HEAD /d1/924/AUTH_7ad7272b45f54cd48b8ab7b0e30649be/gnocchi.a896443d-8dab-4025-aa50-eace493c6bf3" 404 - "HEAD http://172.18.0.2:8080/v1/AUTH_7ad7272b45f54cd48b8ab7b0e30649be/gnocchi.a896443d-8dab-4025-aa50-eace493c6bf3?format=json&states=listing" "tx768cca7135af40e6b7b5b-0069a07c89" "proxy-server 20" 0.0004 "-" 16 0
Feb 26 17:02:01 standalone object-server[128668]: 172.20.0.100 - - [26/Feb/2026:17:02:01 +0000] "GET /d1/78/AUTH_7ad7272b45f54cd48b8ab7b0e30649be/gnocchi.a896443d-8dab-4025-aa50-eace493c6bf3/none_v3" 404 70 "GET http://172.18.0.2:8080/v1/AUTH_7ad7272b45f54cd48b8ab7b0e30649be/gnocchi.a896443d-8dab-4025-aa50-eace493c6bf3/none_v3" "tx768cca7135af40e6b7b5b-0069a07c89" "proxy-server 20" 0.0006 "-" 25 0
Feb 26 17:02:01 standalone proxy-server[130472]: 172.18.0.2 172.18.0.100 26/Feb/2026/17/02/01 GET /v1/AUTH_7ad7272b45f54cd48b8ab7b0e30649be/gnocchi.a896443d-8dab-4025-aa50-eace493c6bf3/none_v3 HTTP/1.0 404 - python-swiftclient-3.11.1 gAAAAABpoHwA3cQa... - 70 - tx768cca7135af40e6b7b5b-0069a07c89 - 0.0171 - - 1772125321.310676813 1772125321.327767611 0
Feb 26 17:02:01 standalone account-server[128454]: 172.20.0.100 - - [26/Feb/2026:17:02:01 +0000] "PUT /d1/909/AUTH_7ad7272b45f54cd48b8ab7b0e30649be/gnocchi.a896443d-8dab-4025-aa50-eace493c6bf3" 201 - "PUT http://172.20.0.100:6001/d1/924/AUTH_7ad7272b45f54cd48b8ab7b0e30649be/gnocchi.a896443d-8dab-4025-aa50-eace493c6bf3" "tx972a9be3404a41f2a28b7-0069a07c89" "container-server 17" 0.0041 "-" 20 0
Feb 26 17:02:01 standalone container-server[128459]: 172.20.0.100 - - [26/Feb/2026:17:02:01 +0000] "PUT /d1/924/AUTH_7ad7272b45f54cd48b8ab7b0e30649be/gnocchi.a896443d-8dab-4025-aa50-eace493c6bf3" 201 - "PUT http://172.18.0.2:8080/v1/AUTH_7ad7272b45f54cd48b8ab7b0e30649be/gnocchi.a896443d-8dab-4025-aa50-eace493c6bf3" "tx972a9be3404a41f2a28b7-0069a07c89" "proxy-server 20" 0.0172 "-" 17 0
Feb 26 17:02:01 standalone proxy-server[130472]: 172.18.0.2 172.18.0.100 26/Feb/2026/17/02/01 PUT /v1/AUTH_7ad7272b45f54cd48b8ab7b0e30649be/gnocchi.a896443d-8dab-4025-aa50-eace493c6bf3 HTTP/1.0 201 - python-swiftclient-3.11.1 gAAAAABpoHwA3cQa... - - - tx972a9be3404a41f2a28b7-0069a07c89 - 0.0269 - - 1772125321.332851648 1772125321.359742165 0
Feb 26 17:02:01 standalone container-server[128431]: 172.20.0.100 - - [26/Feb/2026:17:02:01 +0000] "HEAD /d1/924/AUTH_7ad7272b45f54cd48b8ab7b0e30649be/gnocchi.a896443d-8dab-4025-aa50-eace493c6bf3" 204 - "HEAD http://172.18.0.2:8080/v1/AUTH_7ad7272b45f54cd48b8ab7b0e30649be/gnocchi.a896443d-8dab-4025-aa50-eace493c6bf3?format=json&states=listing" "tx2cbb5e9ec74a4201a5c0f-0069a07c89" "proxy-server 20" 0.0019 "-" 14 0
Feb 26 17:02:01 standalone proxy-server[130472]: - - 26/Feb/2026/17/02/01 HEAD /v1/AUTH_7ad7272b45f54cd48b8ab7b0e30649be/gnocchi.a896443d-8dab-4025-aa50-eace493c6bf3%3Fformat%3Djson%26states%3Dlisting HTTP/1.0 204 - Swift - - - - tx2cbb5e9ec74a4201a5c0f-0069a07c89 - 0.0074 RL - 1772125321.367141008 1772125321.374537468 0
Feb 26 17:02:01 standalone container-server[128459]: 172.20.0.100 - - [26/Feb/2026:17:02:01 +0000] "GET /d1/924/AUTH_7ad7272b45f54cd48b8ab7b0e30649be/gnocchi.a896443d-8dab-4025-aa50-eace493c6bf3" 200 2 "GET http://172.18.0.2:8080/v1/AUTH_7ad7272b45f54cd48b8ab7b0e30649be/gnocchi.a896443d-8dab-4025-aa50-eace493c6bf3?format=json&states=listing" "tx2cbb5e9ec74a4201a5c0f-0069a07c89" "proxy-server 20" 0.0037 "-" 17 0
Feb 26 17:02:01 standalone proxy-server[130472]: 172.18.0.2 172.18.0.100 26/Feb/2026/17/02/01 GET /v1/AUTH_7ad7272b45f54cd48b8ab7b0e30649be/gnocchi.a896443d-8dab-4025-aa50-eace493c6bf3%3Fformat%3Djson%26states%3Dlisting HTTP/1.0 200 - python-swiftclient-3.11.1 gAAAAABpoHwA3cQa... - 2 - tx2cbb5e9ec74a4201a5c0f-0069a07c89 - 0.0255 - - 1772125321.364971161 1772125321.390473366 0
Feb 26 17:02:01 standalone object-server[128668]: 172.20.0.100 - - [26/Feb/2026:17:02:01 +0000] "GET /d1/44/AUTH_7ad7272b45f54cd48b8ab7b0e30649be/gnocchi.a896443d-8dab-4025-aa50-eace493c6bf3/1771200000.0_mean_300.0_v3" 404 70 "GET http://172.18.0.2:8080/v1/AUTH_7ad7272b45f54cd48b8ab7b0e30649be/gnocchi.a896443d-8dab-4025-aa50-eace493c6bf3/1771200000.0_mean_300.0_v3" "tx71f9aaef8dfe4d92b94ee-0069a07c89" "proxy-server 20" 0.0005 "-" 25 0
Feb 26 17:02:01 standalone proxy-server[130472]: 172.18.0.2 172.18.0.100 26/Feb/2026/17/02/01 GET /v1/AUTH_7ad7272b45f54cd48b8ab7b0e30649be/gnocchi.a896443d-8dab-4025-aa50-eace493c6bf3/1771200000.0_mean_300.0_v3 HTTP/1.0 404 - python-swiftclient-3.11.1 gAAAAABpoHwA3cQa... - 70 - tx71f9aaef8dfe4d92b94ee-0069a07c89 - 0.0101 - - 1772125321.396199226 1772125321.406254292 0
Feb 26 17:02:01 standalone container-server[128459]: 172.20.0.100 - - [26/Feb/2026:17:02:01 +0000] "PUT /d1/924/AUTH_7ad7272b45f54cd48b8ab7b0e30649be/gnocchi.a896443d-8dab-4025-aa50-eace493c6bf3/1771200000.0_mean_300.0_v3" 201 - "PUT http://172.18.0.2:8080/d1/44/AUTH_7ad7272b45f54cd48b8ab7b0e30649be/gnocchi.a896443d-8dab-4025-aa50-eace493c6bf3/1771200000.0_mean_300.0_v3" "txe773828662ae43c68a152-0069a07c89" "object-server 25" 0.0010 "-" 17 0
Feb 26 17:02:01 standalone object-server[128668]: 172.20.0.100 - - [26/Feb/2026:17:02:01 +0000] "PUT /d1/44/AUTH_7ad7272b45f54cd48b8ab7b0e30649be/gnocchi.a896443d-8dab-4025-aa50-eace493c6bf3/1771200000.0_mean_300.0_v3" 201 - "PUT http://172.18.0.2:8080/v1/AUTH_7ad7272b45f54cd48b8ab7b0e30649be/gnocchi.a896443d-8dab-4025-aa50-eace493c6bf3/1771200000.0_mean_300.0_v3" "txe773828662ae43c68a152-0069a07c89" "proxy-server 20" 0.0156 "-" 25 0
Feb 26 17:02:01 standalone proxy-server[130472]: 172.18.0.2 172.18.0.100 26/Feb/2026/17/02/01 PUT /v1/AUTH_7ad7272b45f54cd48b8ab7b0e30649be/gnocchi.a896443d-8dab-4025-aa50-eace493c6bf3/1771200000.0_mean_300.0_v3 HTTP/1.0 201 - python-swiftclient-3.11.1 gAAAAABpoHwA3cQa... 16 - - txe773828662ae43c68a152-0069a07c89 - 0.0278 - - 1772125321.412710428 1772125321.440545321 0
Feb 26 17:02:01 standalone container-server[128459]: 172.20.0.100 - - [26/Feb/2026:17:02:01 +0000] "PUT /d1/924/AUTH_7ad7272b45f54cd48b8ab7b0e30649be/gnocchi.a896443d-8dab-4025-aa50-eace493c6bf3/none_v3" 201 - "PUT http://172.18.0.2:8080/d1/78/AUTH_7ad7272b45f54cd48b8ab7b0e30649be/gnocchi.a896443d-8dab-4025-aa50-eace493c6bf3/none_v3" "txe05ddc992cea4047acddc-0069a07c89" "object-server 24" 0.0010 "-" 17 0
Feb 26 17:02:01 standalone object-server[128667]: 172.20.0.100 - - [26/Feb/2026:17:02:01 +0000] "PUT /d1/78/AUTH_7ad7272b45f54cd48b8ab7b0e30649be/gnocchi.a896443d-8dab-4025-aa50-eace493c6bf3/none_v3" 201 - "PUT http://172.18.0.2:8080/v1/AUTH_7ad7272b45f54cd48b8ab7b0e30649be/gnocchi.a896443d-8dab-4025-aa50-eace493c6bf3/none_v3" "txe05ddc992cea4047acddc-0069a07c89" "proxy-server 20" 0.0176 "-" 24 0
Feb 26 17:02:01 standalone proxy-server[130472]: 172.18.0.2 172.18.0.100 26/Feb/2026/17/02/01 PUT /v1/AUTH_7ad7272b45f54cd48b8ab7b0e30649be/gnocchi.a896443d-8dab-4025-aa50-eace493c6bf3/none_v3 HTTP/1.0 201 - python-swiftclient-3.11.1 gAAAAABpoHwA3cQa... 22 - - txe05ddc992cea4047acddc-0069a07c89 - 0.0287 - - 1772125321.446214914 1772125321.474908113 0
Feb 26 17:02:07 standalone container-server[128431]: 172.20.0.100 - - [26/Feb/2026:17:02:07 +0000] "HEAD /d1/80/AUTH_7ad7272b45f54cd48b8ab7b0e30649be/gnocchi.f00559d1-3f47-4583-9281-2b7794ff3350" 404 - "HEAD http://172.18.0.2:8080/v1/AUTH_7ad7272b45f54cd48b8ab7b0e30649be/gnocchi.f00559d1-3f47-4583-9281-2b7794ff3350?format=json&states=listing" "txe752fe3f6cc049d98a19b-0069a07c8f" "proxy-server 20" 0.0005 "-" 14 0
Feb 26 17:02:07 standalone object-server[128666]: 172.20.0.100 - - [26/Feb/2026:17:02:07 +0000] "GET /d1/764/AUTH_7ad7272b45f54cd48b8ab7b0e30649be/gnocchi.f00559d1-3f47-4583-9281-2b7794ff3350/none_v3" 404 70 "GET http://172.18.0.2:8080/v1/AUTH_7ad7272b45f54cd48b8ab7b0e30649be/gnocchi.f00559d1-3f47-4583-9281-2b7794ff3350/none_v3" "txe752fe3f6cc049d98a19b-0069a07c8f" "proxy-server 20" 0.0006 "-" 23 0
Feb 26 17:02:07 standalone proxy-server[130472]: 172.18.0.2 172.18.0.100 26/Feb/2026/17/02/07 GET /v1/AUTH_7ad7272b45f54cd48b8ab7b0e30649be/gnocchi.f00559d1-3f47-4583-9281-2b7794ff3350/none_v3 HTTP/1.0 404 - python-swiftclient-3.11.1 gAAAAABpoHwA3cQa... - 70 - txe752fe3f6cc049d98a19b-0069a07c8f - 0.0126 - - 1772125327.553224087 1772125327.565803051 0
Feb 26 17:02:07 standalone account-server[128456]: 172.20.0.100 - - [26/Feb/2026:17:02:07 +0000] "PUT /d1/909/AUTH_7ad7272b45f54cd48b8ab7b0e30649be/gnocchi.f00559d1-3f47-4583-9281-2b7794ff3350" 201 - "PUT http://172.20.0.100:6001/d1/80/AUTH_7ad7272b45f54cd48b8ab7b0e30649be/gnocchi.f00559d1-3f47-4583-9281-2b7794ff3350" "tx154258aab83142d3a941a-0069a07c8f" "container-server 15" 0.0047 "-" 21 0
Feb 26 17:02:07 standalone container-server[128443]: 172.20.0.100 - - [26/Feb/2026:17:02:07 +0000] "PUT /d1/80/AUTH_7ad7272b45f54cd48b8ab7b0e30649be/gnocchi.f00559d1-3f47-4583-9281-2b7794ff3350" 201 - "PUT http://172.18.0.2:8080/v1/AUTH_7ad7272b45f54cd48b8ab7b0e30649be/gnocchi.f00559d1-3f47-4583-9281-2b7794ff3350" "tx154258aab83142d3a941a-0069a07c8f" "proxy-server 20" 0.0159 "-" 15 0
Feb 26 17:02:07 standalone proxy-server[130472]: 172.18.0.2 172.18.0.100 26/Feb/2026/17/02/07 PUT /v1/AUTH_7ad7272b45f54cd48b8ab7b0e30649be/gnocchi.f00559d1-3f47-4583-9281-2b7794ff3350 HTTP/1.0 201 - python-swiftclient-3.11.1 gAAAAABpoHwA3cQa... - - - tx154258aab83142d3a941a-0069a07c8f - 0.0201 - - 1772125327.571058512 1772125327.591129303 0
Feb 26 17:02:07 standalone container-server[128453]: 172.20.0.100 - - [26/Feb/2026:17:02:07 +0000] "HEAD /d1/80/AUTH_7ad7272b45f54cd48b8ab7b0e30649be/gnocchi.f00559d1-3f47-4583-9281-2b7794ff3350" 204 - "HEAD http://172.18.0.2:8080/v1/AUTH_7ad7272b45f54cd48b8ab7b0e30649be/gnocchi.f00559d1-3f47-4583-9281-2b7794ff3350?format=json&states=listing" "txd43bebbb641c4c2a96c9c-0069a07c8f" "proxy-server 20" 0.0038 "-" 16 0
Feb 26 17:02:07 standalone proxy-server[130472]: - - 26/Feb/2026/17/02/07 HEAD /v1/AUTH_7ad7272b45f54cd48b8ab7b0e30649be/gnocchi.f00559d1-3f47-4583-9281-2b7794ff3350%3Fformat%3Djson%26states%3Dlisting HTTP/1.0 204 - Swift - - - - txd43bebbb641c4c2a96c9c-0069a07c8f - 0.0076 RL - 1772125327.594540834 1772125327.602183580 0
Feb 26 17:02:07 standalone container-server[128453]: 172.20.0.100 - - [26/Feb/2026:17:02:07 +0000] "GET /d1/80/AUTH_7ad7272b45f54cd48b8ab7b0e30649be/gnocchi.f00559d1-3f47-4583-9281-2b7794ff3350" 200 2 "GET http://172.18.0.2:8080/v1/AUTH_7ad7272b45f54cd48b8ab7b0e30649be/gnocchi.f00559d1-3f47-4583-9281-2b7794ff3350?format=json&states=listing" "txd43bebbb641c4c2a96c9c-0069a07c8f" "proxy-server 20" 0.0037 "-" 16 0
Feb 26 17:02:07 standalone proxy-server[130472]: 172.18.0.2 172.18.0.100 26/Feb/2026/17/02/07 GET /v1/AUTH_7ad7272b45f54cd48b8ab7b0e30649be/gnocchi.f00559d1-3f47-4583-9281-2b7794ff3350%3Fformat%3Djson%26states%3Dlisting HTTP/1.0 200 - python-swiftclient-3.11.1 gAAAAABpoHwA3cQa... - 2 - txd43bebbb641c4c2a96c9c-0069a07c8f - 0.0186 - - 1772125327.593827009 1772125327.612416267 0
Feb 26 17:02:07 standalone object-server[128666]: 172.20.0.100 - - [26/Feb/2026:17:02:07 +0000] "GET /d1/824/AUTH_7ad7272b45f54cd48b8ab7b0e30649be/gnocchi.f00559d1-3f47-4583-9281-2b7794ff3350/1771200000.0_mean_300.0_v3" 404 70 "GET http://172.18.0.2:8080/v1/AUTH_7ad7272b45f54cd48b8ab7b0e30649be/gnocchi.f00559d1-3f47-4583-9281-2b7794ff3350/1771200000.0_mean_300.0_v3" "tx6489f51a8c0f4fee835c7-0069a07c8f" "proxy-server 20" 0.0005 "-" 23 0
Feb 26 17:02:07 standalone proxy-server[130472]: 172.18.0.2 172.18.0.100 26/Feb/2026/17/02/07 GET /v1/AUTH_7ad7272b45f54cd48b8ab7b0e30649be/gnocchi.f00559d1-3f47-4583-9281-2b7794ff3350/1771200000.0_mean_300.0_v3 HTTP/1.0 404 - python-swiftclient-3.11.1 gAAAAABpoHwA3cQa... - 70 - tx6489f51a8c0f4fee835c7-0069a07c8f - 0.0054 - - 1772125327.627642870 1772125327.633053541 0
Feb 26 17:02:07 standalone container-server[128459]: 172.20.0.100 - - [26/Feb/2026:17:02:07 +0000] "PUT /d1/80/AUTH_7ad7272b45f54cd48b8ab7b0e30649be/gnocchi.f00559d1-3f47-4583-9281-2b7794ff3350/1771200000.0_mean_300.0_v3" 201 - "PUT http://172.18.0.2:8080/d1/824/AUTH_7ad7272b45f54cd48b8ab7b0e30649be/gnocchi.f00559d1-3f47-4583-9281-2b7794ff3350/1771200000.0_mean_300.0_v3" "tx99ce0469f703456daf467-0069a07c8f" "object-server 24" 0.0005 "-" 17 0
Feb 26 17:02:07 standalone object-server[128667]: 172.20.0.100 - - [26/Feb/2026:17:02:07 +0000] "PUT /d1/824/AUTH_7ad7272b45f54cd48b8ab7b0e30649be/gnocchi.f00559d1-3f47-4583-9281-2b7794ff3350/1771200000.0_mean_300.0_v3" 201 - "PUT http://172.18.0.2:8080/v1/AUTH_7ad7272b45f54cd48b8ab7b0e30649be/gnocchi.f00559d1-3f47-4583-9281-2b7794ff3350/1771200000.0_mean_300.0_v3" "tx99ce0469f703456daf467-0069a07c8f" "proxy-server 20" 0.0113 "-" 24 0
Feb 26 17:02:07 standalone proxy-server[130472]: 172.18.0.2 172.18.0.100 26/Feb/2026/17/02/07 PUT /v1/AUTH_7ad7272b45f54cd48b8ab7b0e30649be/gnocchi.f00559d1-3f47-4583-9281-2b7794ff3350/1771200000.0_mean_300.0_v3 HTTP/1.0 201 - python-swiftclient-3.11.1 gAAAAABpoHwA3cQa... 16 - - tx99ce0469f703456daf467-0069a07c8f - 0.0169 - - 1772125327.635868311 1772125327.652772903 0
Feb 26 17:02:07 standalone container-server[128443]: 172.20.0.100 - - [26/Feb/2026:17:02:07 +0000] "PUT /d1/80/AUTH_7ad7272b45f54cd48b8ab7b0e30649be/gnocchi.f00559d1-3f47-4583-9281-2b7794ff3350/none_v3" 201 - "PUT http://172.18.0.2:8080/d1/764/AUTH_7ad7272b45f54cd48b8ab7b0e30649be/gnocchi.f00559d1-3f47-4583-9281-2b7794ff3350/none_v3" "txf6840a21ea394985b0b8f-0069a07c8f" "object-server 22" 0.0008 "-" 15 0
Feb 26 17:02:07 standalone object-server[128665]: 172.20.0.100 - - [26/Feb/2026:17:02:07 +0000] "PUT /d1/764/AUTH_7ad7272b45f54cd48b8ab7b0e30649be/gnocchi.f00559d1-3f47-4583-9281-2b7794ff3350/none_v3" 201 - "PUT http://172.18.0.2:8080/v1/AUTH_7ad7272b45f54cd48b8ab7b0e30649be/gnocchi.f00559d1-3f47-4583-9281-2b7794ff3350/none_v3" "txf6840a21ea394985b0b8f-0069a07c8f" "proxy-server 20" 0.0143 "-" 22 0
Feb 26 17:02:07 standalone proxy-server[130472]: 172.18.0.2 172.18.0.100 26/Feb/2026/17/02/07 PUT /v1/AUTH_7ad7272b45f54cd48b8ab7b0e30649be/gnocchi.f00559d1-3f47-4583-9281-2b7794ff3350/none_v3 HTTP/1.0 201 - python-swiftclient-3.11.1 gAAAAABpoHwA3cQa... 22 - - txf6840a21ea394985b0b8f-0069a07c8f - 0.0191 - - 1772125327.661095619 1772125327.680145979 0
Feb 26 17:02:13 standalone object-server[128665]: 172.20.0.100 - - [26/Feb/2026:17:02:13 +0000] "GET /d1/764/AUTH_7ad7272b45f54cd48b8ab7b0e30649be/gnocchi.f00559d1-3f47-4583-9281-2b7794ff3350/none_v3" 200 22 "GET http://172.18.0.2:8080/v1/AUTH_7ad7272b45f54cd48b8ab7b0e30649be/gnocchi.f00559d1-3f47-4583-9281-2b7794ff3350/none_v3" "txf0043e07914646f0b66a6-0069a07c95" "proxy-server 20" 0.0019 "-" 22 0
Feb 26 17:02:13 standalone proxy-server[130472]: 172.18.0.2 172.18.0.100 26/Feb/2026/17/02/13 GET /v1/AUTH_7ad7272b45f54cd48b8ab7b0e30649be/gnocchi.f00559d1-3f47-4583-9281-2b7794ff3350/none_v3 HTTP/1.0 200 - python-swiftclient-3.11.1 gAAAAABpoHwA3cQa... - 22 - txf0043e07914646f0b66a6-0069a07c95 - 0.0128 - - 1772125333.223354101 1772125333.236198902 0
Feb 26 17:02:13 standalone container-server[128453]: 172.20.0.100 - - [26/Feb/2026:17:02:13 +0000] "GET /d1/80/AUTH_7ad7272b45f54cd48b8ab7b0e30649be/gnocchi.f00559d1-3f47-4583-9281-2b7794ff3350" 200 357 "GET http://172.18.0.2:8080/v1/AUTH_7ad7272b45f54cd48b8ab7b0e30649be/gnocchi.f00559d1-3f47-4583-9281-2b7794ff3350?format=json&states=listing" "tx585dc7d2e3044b5caca13-0069a07c95" "proxy-server 20" 0.0090 "-" 16 0
Feb 26 17:02:13 standalone proxy-server[130472]: 172.18.0.2 172.18.0.100 26/Feb/2026/17/02/13 GET /v1/AUTH_7ad7272b45f54cd48b8ab7b0e30649be/gnocchi.f00559d1-3f47-4583-9281-2b7794ff3350%3Fformat%3Djson%26states%3Dlisting HTTP/1.0 200 - python-swiftclient-3.11.1 gAAAAABpoHwA3cQa... - 357 - tx585dc7d2e3044b5caca13-0069a07c95 - 0.0180 - - 1772125333.240001440 1772125333.257969618 0
Feb 26 17:02:13 standalone container-server[128443]: 172.20.0.100 - - [26/Feb/2026:17:02:13 +0000] "GET /d1/80/AUTH_7ad7272b45f54cd48b8ab7b0e30649be/gnocchi.f00559d1-3f47-4583-9281-2b7794ff3350" 200 2 "GET http://172.18.0.2:8080/v1/AUTH_7ad7272b45f54cd48b8ab7b0e30649be/gnocchi.f00559d1-3f47-4583-9281-2b7794ff3350?format=json&marker=none_v3&states=listing" "txc3dd4dd5cf314d56bb6dd-0069a07c95" "proxy-server 20" 0.0021 "-" 15 0
Feb 26 17:02:13 standalone proxy-server[130472]: 172.18.0.2 172.18.0.100 26/Feb/2026/17/02/13 GET /v1/AUTH_7ad7272b45f54cd48b8ab7b0e30649be/gnocchi.f00559d1-3f47-4583-9281-2b7794ff3350%3Fformat%3Djson%26marker%3Dnone_v3%26states%3Dlisting HTTP/1.0 200 - python-swiftclient-3.11.1 gAAAAABpoHwA3cQa... - 2 - txc3dd4dd5cf314d56bb6dd-0069a07c95 - 0.0103 - - 1772125333.260591030 1772125333.270848989 0
Feb 26 17:02:13 standalone object-server[128665]: 172.20.0.100 - - [26/Feb/2026:17:02:13 +0000] "GET /d1/824/AUTH_7ad7272b45f54cd48b8ab7b0e30649be/gnocchi.f00559d1-3f47-4583-9281-2b7794ff3350/1771200000.0_mean_300.0_v3" 200 16 "GET http://172.18.0.2:8080/v1/AUTH_7ad7272b45f54cd48b8ab7b0e30649be/gnocchi.f00559d1-3f47-4583-9281-2b7794ff3350/1771200000.0_mean_300.0_v3" "tx6a9bbe499db44facb95f7-0069a07c95" "proxy-server 20" 0.0007 "-" 22 0
Feb 26 17:02:13 standalone proxy-server[130472]: 172.18.0.2 172.18.0.100 26/Feb/2026/17/02/13 GET /v1/AUTH_7ad7272b45f54cd48b8ab7b0e30649be/gnocchi.f00559d1-3f47-4583-9281-2b7794ff3350/1771200000.0_mean_300.0_v3 HTTP/1.0 200 - python-swiftclient-3.11.1 gAAAAABpoHwA3cQa... - 16 - tx6a9bbe499db44facb95f7-0069a07c95 - 0.0081 - - 1772125333.274115801 1772125333.282180071 0
Feb 26 17:02:13 standalone container-server[128459]: 172.20.0.100 - - [26/Feb/2026:17:02:13 +0000] "PUT /d1/80/AUTH_7ad7272b45f54cd48b8ab7b0e30649be/gnocchi.f00559d1-3f47-4583-9281-2b7794ff3350/1771200000.0_mean_300.0_v3" 201 - "PUT http://172.18.0.2:8080/d1/824/AUTH_7ad7272b45f54cd48b8ab7b0e30649be/gnocchi.f00559d1-3f47-4583-9281-2b7794ff3350/1771200000.0_mean_300.0_v3" "tx6847beeed8084e08b79d4-0069a07c95" "object-server 23" 0.0005 "-" 17 0
Feb 26 17:02:13 standalone object-server[128666]: 172.20.0.100 - - [26/Feb/2026:17:02:13 +0000] "PUT /d1/824/AUTH_7ad7272b45f54cd48b8ab7b0e30649be/gnocchi.f00559d1-3f47-4583-9281-2b7794ff3350/1771200000.0_mean_300.0_v3" 201 - "PUT http://172.18.0.2:8080/v1/AUTH_7ad7272b45f54cd48b8ab7b0e30649be/gnocchi.f00559d1-3f47-4583-9281-2b7794ff3350/1771200000.0_mean_300.0_v3" "tx6847beeed8084e08b79d4-0069a07c95" "proxy-server 20" 0.0117 "-" 23 0
Feb 26 17:02:13 standalone proxy-server[130472]: 172.18.0.2 172.18.0.100 26/Feb/2026/17/02/13 PUT /v1/AUTH_7ad7272b45f54cd48b8ab7b0e30649be/gnocchi.f00559d1-3f47-4583-9281-2b7794ff3350/1771200000.0_mean_300.0_v3 HTTP/1.0 201 - python-swiftclient-3.11.1 gAAAAABpoHwA3cQa... 16 - - tx6847beeed8084e08b79d4-0069a07c95 - 0.0205 - - 1772125333.285062551 1772125333.305567265 0
Feb 26 17:02:13 standalone container-server[128453]: 172.20.0.100 - - [26/Feb/2026:17:02:13 +0000] "PUT /d1/80/AUTH_7ad7272b45f54cd48b8ab7b0e30649be/gnocchi.f00559d1-3f47-4583-9281-2b7794ff3350/none_v3" 201 - "PUT http://172.18.0.2:8080/d1/764/AUTH_7ad7272b45f54cd48b8ab7b0e30649be/gnocchi.f00559d1-3f47-4583-9281-2b7794ff3350/none_v3" "tx4c2f58f3ecdd4643a3df5-0069a07c95" "object-server 25" 0.0004 "-" 16 0
Feb 26 17:02:13 standalone object-server[128668]: 172.20.0.100 - - [26/Feb/2026:17:02:13 +0000] "PUT /d1/764/AUTH_7ad7272b45f54cd48b8ab7b0e30649be/gnocchi.f00559d1-3f47-4583-9281-2b7794ff3350/none_v3" 201 - "PUT http://172.18.0.2:8080/v1/AUTH_7ad7272b45f54cd48b8ab7b0e30649be/gnocchi.f00559d1-3f47-4583-9281-2b7794ff3350/none_v3" "tx4c2f58f3ecdd4643a3df5-0069a07c95" "proxy-server 20" 0.0107 "-" 25 0
Feb 26 17:02:13 standalone proxy-server[130472]: 172.18.0.2 172.18.0.100 26/Feb/2026/17/02/13 PUT /v1/AUTH_7ad7272b45f54cd48b8ab7b0e30649be/gnocchi.f00559d1-3f47-4583-9281-2b7794ff3350/none_v3 HTTP/1.0 201 - python-swiftclient-3.11.1 gAAAAABpoHwA3cQa... 32 - - tx4c2f58f3ecdd4643a3df5-0069a07c95 - 0.0197 - - 1772125333.308383942 1772125333.328048706 0
Feb 26 17:02:49 standalone container-server[128544]: Begin container update sweep
Feb 26 17:02:49 standalone account-server[128467]: 172.20.0.100 - - [26/Feb/2026:17:02:49 +0000] "PUT /d1/909/AUTH_7ad7272b45f54cd48b8ab7b0e30649be/gnocchi.d79db3a9-ea6d-461e-a514-645a46f5be9c" 201 - "-" "-" "container-updater 2" 0.0009 "-" 22 0
Feb 26 17:02:49 standalone account-server[128454]: 172.20.0.100 - - [26/Feb/2026:17:02:49 +0000] "PUT /d1/909/AUTH_7ad7272b45f54cd48b8ab7b0e30649be/gnocchi.215a6dfa-7654-44d5-a228-bae3659d7da5" 201 - "-" "-" "container-updater 2" 0.0004 "-" 20 0
Feb 26 17:02:49 standalone account-server[128467]: 172.20.0.100 - - [26/Feb/2026:17:02:49 +0000] "PUT /d1/909/AUTH_7ad7272b45f54cd48b8ab7b0e30649be/gnocchi.fced529d-1713-4ceb-acd5-4d60a3d48909" 201 - "-" "-" "container-updater 2" 0.0006 "-" 22 0
Feb 26 17:02:49 standalone account-server[128454]: 172.20.0.100 - - [26/Feb/2026:17:02:49 +0000] "PUT /d1/909/AUTH_7ad7272b45f54cd48b8ab7b0e30649be/gnocchi.08978f5b-5bfa-4f73-ad82-77d611d59634" 201 - "-" "-" "container-updater 2" 0.0004 "-" 20 0
Feb 26 17:02:49 standalone account-server[128454]: 172.20.0.100 - - [26/Feb/2026:17:02:49 +0000] "PUT /d1/909/AUTH_7ad7272b45f54cd48b8ab7b0e30649be/gnocchi.86d4ce1c-a254-403f-b0c4-70217acf1386" 201 - "-" "-" "container-updater 2" 0.0004 "-" 20 0
Feb 26 17:02:49 standalone account-server[128456]: 172.20.0.100 - - [26/Feb/2026:17:02:49 +0000] "PUT /d1/909/AUTH_7ad7272b45f54cd48b8ab7b0e30649be/gnocchi.ee3efc4d-8680-438d-b32f-a45ff7ee2781" 201 - "-" "-" "container-updater 2" 0.0007 "-" 21 0
Feb 26 17:02:49 standalone account-server[128454]: 172.20.0.100 - - [26/Feb/2026:17:02:49 +0000] "PUT /d1/909/AUTH_7ad7272b45f54cd48b8ab7b0e30649be/gnocchi.52b80aa0-33ec-455b-b0c7-6dcb14debef4" 201 - "-" "-" "container-updater 2" 0.0004 "-" 20 0
Feb 26 17:02:49 standalone account-server[128454]: 172.20.0.100 - - [26/Feb/2026:17:02:49 +0000] "PUT /d1/909/AUTH_7ad7272b45f54cd48b8ab7b0e30649be/gnocchi.08862782-b0c1-4258-9019-ed4cceb19ccd" 201 - "-" "-" "container-updater 2" 0.0004 "-" 20 0
Feb 26 17:02:49 standalone account-server[128467]: 172.20.0.100 - - [26/Feb/2026:17:02:49 +0000] "PUT /d1/909/AUTH_7ad7272b45f54cd48b8ab7b0e30649be/gnocchi.c092b856-c03f-4e7d-828d-3a2eda34d343" 201 - "-" "-" "container-updater 2" 0.0004 "-" 22 0
Feb 26 17:02:49 standalone account-server[128474]: 172.20.0.100 - - [26/Feb/2026:17:02:49 +0000] "PUT /d1/909/AUTH_7ad7272b45f54cd48b8ab7b0e30649be/gnocchi.de7f1f94-a8ef-4cbc-bd08-a1883f679396" 201 - "-" "-" "container-updater 2" 0.0004 "-" 23 0
Feb 26 17:02:49 standalone account-server[128467]: 172.20.0.100 - - [26/Feb/2026:17:02:49 +0000] "PUT /d1/909/AUTH_7ad7272b45f54cd48b8ab7b0e30649be/gnocchi.4c4df408-72fe-41d4-a875-0cccec3a7eb9" 201 - "-" "-" "container-updater 2" 0.0005 "-" 22 0
Feb 26 17:02:50 standalone account-server[128474]: 172.20.0.100 - - [26/Feb/2026:17:02:50 +0000] "PUT /d1/909/AUTH_7ad7272b45f54cd48b8ab7b0e30649be/gnocchi.2588e0cd-a5bb-4bbf-bc3d-98994f91582a" 201 - "-" "-" "container-updater 2" 0.0004 "-" 23 0
Feb 26 17:02:50 standalone account-server[128467]: 172.20.0.100 - - [26/Feb/2026:17:02:50 +0000] "PUT /d1/909/AUTH_7ad7272b45f54cd48b8ab7b0e30649be/gnocchi.8f3ecc44-62d4-4e09-8cd0-c65506b5ce6a" 201 - "-" "-" "container-updater 2" 0.0005 "-" 22 0
Feb 26 17:02:50 standalone account-server[128456]: 172.20.0.100 - - [26/Feb/2026:17:02:50 +0000] "PUT /d1/909/AUTH_7ad7272b45f54cd48b8ab7b0e30649be/gnocchi.e52286a6-e5bb-40b4-8863-d7730ebc6b5c" 201 - "-" "-" "container-updater 2" 0.0004 "-" 21 0
Feb 26 17:02:50 standalone account-server[128474]: 172.20.0.100 - - [26/Feb/2026:17:02:50 +0000] "PUT /d1/909/AUTH_7ad7272b45f54cd48b8ab7b0e30649be/gnocchi.7a2e004c-2527-4330-b61c-7268d6077d4d" 201 - "-" "-" "container-updater 2" 0.0007 "-" 23 0
Feb 26 17:02:50 standalone account-server[128467]: 172.20.0.100 - - [26/Feb/2026:17:02:50 +0000] "PUT /d1/909/AUTH_7ad7272b45f54cd48b8ab7b0e30649be/gnocchi.3ae54858-bf1a-4506-9e34-d70e3a5e04dc" 201 - "-" "-" "container-updater 2" 0.0004 "-" 22 0
Feb 26 17:02:50 standalone account-server[128456]: 172.20.0.100 - - [26/Feb/2026:17:02:50 +0000] "PUT /d1/909/AUTH_7ad7272b45f54cd48b8ab7b0e30649be/gnocchi.5495933b-4226-4b66-aec5-712c0b93d31a" 201 - "-" "-" "container-updater 2" 0.0004 "-" 21 0
Feb 26 17:02:50 standalone account-server[128467]: 172.20.0.100 - - [26/Feb/2026:17:02:50 +0000] "PUT /d1/909/AUTH_7ad7272b45f54cd48b8ab7b0e30649be/gnocchi.7d8d5eeb-88fa-46dd-af88-aa5ae0e61d9d" 201 - "-" "-" "container-updater 2" 0.0004 "-" 22 0
Feb 26 17:02:50 standalone account-server[128474]: 172.20.0.100 - - [26/Feb/2026:17:02:50 +0000] "PUT /d1/909/AUTH_7ad7272b45f54cd48b8ab7b0e30649be/gnocchi.78cb44e8-a4f2-47f2-9b39-c0a1b7cd9ea4" 201 - "-" "-" "container-updater 2" 0.0007 "-" 23 0
Feb 26 17:02:50 standalone account-server[128454]: 172.20.0.100 - - [26/Feb/2026:17:02:50 +0000] "PUT /d1/909/AUTH_7ad7272b45f54cd48b8ab7b0e30649be/gnocchi.914fac53-dc2c-4878-a14c-96b802b596d6" 201 - "-" "-" "container-updater 2" 0.0005 "-" 20 0
Feb 26 17:02:50 standalone account-server[128467]: 172.20.0.100 - - [26/Feb/2026:17:02:50 +0000] "PUT /d1/909/AUTH_7ad7272b45f54cd48b8ab7b0e30649be/gnocchi.29e9190f-8202-4696-89c5-2f094d3525f0" 201 - "-" "-" "container-updater 2" 0.0006 "-" 22 0
Feb 26 17:02:50 standalone account-server[128454]: 172.20.0.100 - - [26/Feb/2026:17:02:50 +0000] "PUT /d1/909/AUTH_7ad7272b45f54cd48b8ab7b0e30649be/gnocchi.352ca1f8-3e4f-4ccc-93b6-461492a6df1f" 201 - "-" "-" "container-updater 2" 0.0005 "-" 20 0
Feb 26 17:02:50 standalone account-server[128454]: 172.20.0.100 - - [26/Feb/2026:17:02:50 +0000] "PUT /d1/909/AUTH_7ad7272b45f54cd48b8ab7b0e30649be/gnocchi.bf91a088-f58e-42ec-b2c9-310454569dc4" 201 - "-" "-" "container-updater 2" 0.0007 "-" 20 0
Feb 26 17:02:51 standalone account-server[128467]: 172.20.0.100 - - [26/Feb/2026:17:02:51 +0000] "PUT /d1/909/AUTH_7ad7272b45f54cd48b8ab7b0e30649be/gnocchi.10490257-635c-4e62-a81b-bdbe62d76af7" 201 - "-" "-" "container-updater 2" 0.0005 "-" 22 0
Feb 26 17:02:51 standalone account-server[128456]: 172.20.0.100 - - [26/Feb/2026:17:02:51 +0000] "PUT /d1/909/AUTH_7ad7272b45f54cd48b8ab7b0e30649be/gnocchi.a896443d-8dab-4025-aa50-eace493c6bf3" 201 - "-" "-" "container-updater 2" 0.0004 "-" 21 0
Feb 26 17:02:51 standalone account-server[128456]: 172.20.0.100 - - [26/Feb/2026:17:02:51 +0000] "PUT /d1/909/AUTH_7ad7272b45f54cd48b8ab7b0e30649be/gnocchi.d055e931-5c60-4a94-bd4d-8520060be6f2" 201 - "-" "-" "container-updater 2" 0.0005 "-" 21 0
Feb 26 17:02:51 standalone account-server[128474]: 172.20.0.100 - - [26/Feb/2026:17:02:51 +0000] "PUT /d1/909/AUTH_7ad7272b45f54cd48b8ab7b0e30649be/gnocchi.f00559d1-3f47-4583-9281-2b7794ff3350" 201 - "-" "-" "container-updater 2" 0.0004 "-" 23 0
Feb 26 17:02:51 standalone account-server[128467]: 172.20.0.100 - - [26/Feb/2026:17:02:51 +0000] "PUT /d1/909/AUTH_7ad7272b45f54cd48b8ab7b0e30649be/gnocchi.bb164146-5410-4bdf-bea2-919c7bd5613b" 201 - "-" "-" "container-updater 2" 0.0005 "-" 22 0
Feb 26 17:02:51 standalone account-server[128474]: 172.20.0.100 - - [26/Feb/2026:17:02:51 +0000] "PUT /d1/909/AUTH_7ad7272b45f54cd48b8ab7b0e30649be/gnocchi.87286a03-825b-4eb7-9e00-545af58632d9" 201 - "-" "-" "container-updater 2" 0.0008 "-" 23 0
Feb 26 17:02:51 standalone account-server[128456]: 172.20.0.100 - - [26/Feb/2026:17:02:51 +0000] "PUT /d1/909/AUTH_7ad7272b45f54cd48b8ab7b0e30649be/gnocchi.9a4db054-1e09-4381-a3a0-876e6d76d9f9" 201 - "-" "-" "container-updater 2" 0.0006 "-" 21 0
Feb 26 17:02:51 standalone account-server[128474]: 172.20.0.100 - - [26/Feb/2026:17:02:51 +0000] "PUT /d1/909/AUTH_7ad7272b45f54cd48b8ab7b0e30649be/gnocchi.74c8b1c4-962d-4fdc-9027-7944eb672baa" 201 - "-" "-" "container-updater 2" 0.0004 "-" 23 0
Feb 26 17:02:51 standalone container-server[128544]: Container update sweep completed: 2.53s
Feb 26 17:05:49 standalone account-server[128467]: 172.20.0.100 - - [26/Feb/2026:17:05:49 +0000] "HEAD /d1/212/.expiring_objects" 404 - "HEAD http://localhost/v1/.expiring_objects?format=json" "tx5f91593007f3411f9ac34-0069a07d6d" "proxy-server 2" 0.0008 "-" 22 -
Feb 26 17:05:49 standalone object-expirer[128507]: Pass completed in 0s; 0 objects expired (txn: tx5f91593007f3411f9ac34-0069a07d6d)
Feb 26 17:06:09 standalone object-server[128505]: Begin object update sweep
Feb 26 17:06:09 standalone object-server[268225]: Object update sweep starting on /srv/node/d1 (pid: 15)
Feb 26 17:06:09 standalone object-server[268225]: Object update sweep completed on /srv/node/d1 in 0.00s seconds:, 0 successes, 0 failures, 0 quarantines, 0 unlinks, 0 errors, 0 redirects (pid: 15)
Feb 26 17:06:09 standalone object-server[268225]: Object update sweep of d1 completed: 0.00s, 0 successes, 0 failures, 0 quarantines, 0 unlinks, 0 errors, 0 redirects
Feb 26 17:06:09 standalone object-server[128505]: Object update sweep completed: 0.05s
Feb 26 17:07:49 standalone container-server[128544]: Begin container update sweep
Feb 26 17:07:51 standalone container-server[128544]: Container update sweep completed: 1.82s
Feb 26 17:09:47 standalone account-server[128456]: 172.20.0.100 - - [26/Feb/2026:17:09:47 +0000] "HEAD /d1/212/.expiring_objects" 404 - "HEAD http://localhost/v1/.expiring_objects?format=json" "txcd9e247f773147a7a50bf-0069a07e5b" "proxy-server 2" 0.0009 "-" 21 -
Feb 26 17:09:47 standalone object-expirer[128507]: Pass completed in 0s; 0 objects expired (txn: txcd9e247f773147a7a50bf-0069a07e5b)
Feb 26 17:10:08 standalone account-server[128456]: 172.20.0.100 - - [26/Feb/2026:17:10:08 +0000] "HEAD /d1/212/.expiring_objects" 404 - "HEAD http://localhost/v1/.expiring_objects?format=json" "tx271d8fddb73945ce921bf-0069a07e70" "proxy-server 2" 0.0009 "-" 21 -
Feb 26 17:10:08 standalone object-expirer[128507]: Pass completed in 0s; 0 objects expired (txn: tx271d8fddb73945ce921bf-0069a07e70)
Feb 26 17:11:09 standalone object-server[128505]: Begin object update sweep
Feb 26 17:11:09 standalone object-server[296559]: Object update sweep starting on /srv/node/d1 (pid: 16)
Feb 26 17:11:09 standalone object-server[296559]: Object update sweep completed on /srv/node/d1 in 0.00s seconds:, 0 successes, 0 failures, 0 quarantines, 0 unlinks, 0 errors, 0 redirects (pid: 16)
Feb 26 17:11:09 standalone object-server[296559]: Object update sweep of d1 completed: 0.00s, 0 successes, 0 failures, 0 quarantines, 0 unlinks, 0 errors, 0 redirects
Feb 26 17:11:09 standalone object-server[128505]: Object update sweep completed: 0.07s
Feb 26 17:11:12 standalone account-server[128456]: 172.20.0.100 - - [26/Feb/2026:17:11:12 +0000] "HEAD /d1/212/.expiring_objects" 404 - "HEAD http://localhost/v1/.expiring_objects?format=json" "tx14bc7401992f49e697d0e-0069a07eb0" "proxy-server 2" 0.0005 "-" 21 -
Feb 26 17:11:12 standalone object-expirer[128507]: Pass completed in 0s; 0 objects expired (txn: tx14bc7401992f49e697d0e-0069a07eb0)
Feb 26 17:12:49 standalone container-server[128544]: Begin container update sweep
Feb 26 17:12:51 standalone container-server[128544]: Container update sweep completed: 1.78s
Feb 26 17:13:53 standalone account-server[128123]: Devices pass completed: 0.00s
Feb 26 17:13:55 standalone account-server[128474]: 172.20.0.100 - - [26/Feb/2026:17:13:55 +0000] "HEAD /d1/212/.expiring_objects" 404 - "HEAD http://localhost/v1/.expiring_objects?format=json" "tx91fda38fa29d441f87848-0069a07f53" "proxy-server 2" 0.0007 "-" 23 -
Feb 26 17:13:55 standalone object-expirer[128507]: Pass completed in 0s; 0 objects expired (txn: tx91fda38fa29d441f87848-0069a07f53)
Feb 26 17:16:09 standalone object-server[128505]: Begin object update sweep
Feb 26 17:16:09 standalone object-server[317810]: Object update sweep starting on /srv/node/d1 (pid: 17)
Feb 26 17:16:09 standalone object-server[317810]: Object update sweep completed on /srv/node/d1 in 0.00s seconds:, 0 successes, 0 failures, 0 quarantines, 0 unlinks, 0 errors, 0 redirects (pid: 17)
Feb 26 17:16:09 standalone object-server[317810]: Object update sweep of d1 completed: 0.00s, 0 successes, 0 failures, 0 quarantines, 0 unlinks, 0 errors, 0 redirects
Feb 26 17:16:09 standalone object-server[128505]: Object update sweep completed: 0.07s
Feb 26 17:16:49 standalone account-server[128456]: 172.20.0.100 - - [26/Feb/2026:17:16:49 +0000] "HEAD /d1/212/.expiring_objects" 404 - "HEAD http://localhost/v1/.expiring_objects?format=json" "tx4cd45ab796854899acc62-0069a08001" "proxy-server 2" 0.0006 "-" 21 -
Feb 26 17:16:49 standalone object-expirer[128507]: Pass completed in 0s; 0 objects expired (txn: tx4cd45ab796854899acc62-0069a08001)
Feb 26 17:17:15 standalone account-server[128467]: 172.20.0.100 - - [26/Feb/2026:17:17:15 +0000] "HEAD /d1/212/.expiring_objects" 404 - "HEAD http://localhost/v1/.expiring_objects?format=json" "tx13f119bfc82943f889a1e-0069a0801b" "proxy-server 2" 0.0006 "-" 22 -
Feb 26 17:17:15 standalone object-expirer[128507]: Pass completed in 0s; 0 objects expired (txn: tx13f119bfc82943f889a1e-0069a0801b)
Feb 26 17:17:49 standalone container-server[128544]: Begin container update sweep
Feb 26 17:17:51 standalone container-server[128544]: Container update sweep completed: 1.88s
Feb 26 17:21:07 standalone account-server[128456]: 172.20.0.100 - - [26/Feb/2026:17:21:07 +0000] "HEAD /d1/212/.expiring_objects" 404 - "HEAD http://localhost/v1/.expiring_objects?format=json" "tx0eb9148567724f4698032-0069a08103" "proxy-server 2" 0.0007 "-" 21 -
Feb 26 17:21:07 standalone object-expirer[128507]: Pass completed in 0s; 0 objects expired (txn: tx0eb9148567724f4698032-0069a08103)
Feb 26 17:21:09 standalone object-server[128505]: Begin object update sweep
Feb 26 17:21:09 standalone object-server[341203]: Object update sweep starting on /srv/node/d1 (pid: 18)
Feb 26 17:21:09 standalone object-server[341203]: Object update sweep completed on /srv/node/d1 in 0.00s seconds:, 0 successes, 0 failures, 0 quarantines, 0 unlinks, 0 errors, 0 redirects (pid: 18)
Feb 26 17:21:09 standalone object-server[341203]: Object update sweep of d1 completed: 0.00s, 0 successes, 0 failures, 0 quarantines, 0 unlinks, 0 errors, 0 redirects
Feb 26 17:21:09 standalone object-server[128505]: Object update sweep completed: 0.06s
Feb 26 17:22:49 standalone container-server[128544]: Begin container update sweep
Feb 26 17:22:51 standalone container-server[128544]: Container update sweep completed: 1.73s
Feb 26 17:25:16 standalone account-server[128454]: 172.20.0.100 - - [26/Feb/2026:17:25:16 +0000] "HEAD /d1/212/.expiring_objects" 404 - "HEAD http://localhost/v1/.expiring_objects?format=json" "txa4bdd9bbec7a4589884de-0069a081fc" "proxy-server 2" 0.0006 "-" 20 -
Feb 26 17:25:16 standalone object-expirer[128507]: Pass completed in 0s; 0 objects expired (txn: txa4bdd9bbec7a4589884de-0069a081fc)
Feb 26 17:26:09 standalone object-server[128505]: Begin object update sweep
Feb 26 17:26:09 standalone object-server[362550]: Object update sweep starting on /srv/node/d1 (pid: 19)
Feb 26 17:26:09 standalone object-server[362550]: Object update sweep completed on /srv/node/d1 in 0.00s seconds:, 0 successes, 0 failures, 0 quarantines, 0 unlinks, 0 errors, 0 redirects (pid: 19)
Feb 26 17:26:09 standalone object-server[362550]: Object update sweep of d1 completed: 0.00s, 0 successes, 0 failures, 0 quarantines, 0 unlinks, 0 errors, 0 redirects
Feb 26 17:26:09 standalone object-server[128505]: Object update sweep completed: 0.08s
Feb 26 17:27:49 standalone container-server[128544]: Begin container update sweep
Feb 26 17:27:51 standalone container-server[128544]: Container update sweep completed: 1.75s
Feb 26 17:29:07 standalone account-server[128467]: 172.20.0.100 - - [26/Feb/2026:17:29:07 +0000] "HEAD /d1/212/.expiring_objects" 404 - "HEAD http://localhost/v1/.expiring_objects?format=json" "txa8363efde20a4345a6d75-0069a082e3" "proxy-server 2" 0.0006 "-" 22 -
Feb 26 17:29:07 standalone object-expirer[128507]: Pass completed in 0s; 0 objects expired (txn: txa8363efde20a4345a6d75-0069a082e3)
Feb 26 17:30:31 standalone account-server[128474]: 172.20.0.100 - - [26/Feb/2026:17:30:31 +0000] "HEAD /d1/212/.expiring_objects" 404 - "HEAD http://localhost/v1/.expiring_objects?format=json" "tx0c81270073ae41f6a7b7d-0069a08337" "proxy-server 2" 0.0008 "-" 23 -
Feb 26 17:30:31 standalone object-expirer[128507]: Pass completed in 0s; 0 objects expired (txn: tx0c81270073ae41f6a7b7d-0069a08337)
Feb 26 17:31:09 standalone object-server[128505]: Begin object update sweep
Feb 26 17:31:09 standalone object-server[382292]: Object update sweep starting on /srv/node/d1 (pid: 20)
Feb 26 17:31:09 standalone object-server[382292]: Object update sweep completed on /srv/node/d1 in 0.00s seconds:, 0 successes, 0 failures, 0 quarantines, 0 unlinks, 0 errors, 0 redirects (pid: 20)
Feb 26 17:31:09 standalone object-server[382292]: Object update sweep of d1 completed: 0.00s, 0 successes, 0 failures, 0 quarantines, 0 unlinks, 0 errors, 0 redirects
Feb 26 17:31:10 standalone object-server[128505]: Object update sweep completed: 0.08s
Feb 26 17:32:49 standalone container-server[128544]: Begin container update sweep
Feb 26 17:32:51 standalone container-server[128544]: Container update sweep completed: 1.79s
Feb 26 17:33:10 standalone account-server[128467]: 172.20.0.100 - - [26/Feb/2026:17:33:10 +0000] "HEAD /d1/212/.expiring_objects" 404 - "HEAD http://localhost/v1/.expiring_objects?format=json" "txe4a01716a17d45959f859-0069a083d6" "proxy-server 2" 0.0006 "-" 22 -
Feb 26 17:33:10 standalone object-expirer[128507]: Pass completed in 0s; 0 objects expired (txn: txe4a01716a17d45959f859-0069a083d6)
Feb 26 17:36:10 standalone object-server[128505]: Begin object update sweep
Feb 26 17:36:10 standalone object-server[389733]: Object update sweep starting on /srv/node/d1 (pid: 21)
Feb 26 17:36:10 standalone object-server[389733]: Object update sweep completed on /srv/node/d1 in 0.00s seconds:, 0 successes, 0 failures, 0 quarantines, 0 unlinks, 0 errors, 0 redirects (pid: 21)
Feb 26 17:36:10 standalone object-server[389733]: Object update sweep of d1 completed: 0.00s, 0 successes, 0 failures, 0 quarantines, 0 unlinks, 0 errors, 0 redirects
Feb 26 17:36:10 standalone object-server[128505]: Object update sweep completed: 0.09s
Feb 26 17:36:42 standalone account-server[128467]: 172.20.0.100 - - [26/Feb/2026:17:36:42 +0000] "HEAD /d1/212/.expiring_objects" 404 - "HEAD http://localhost/v1/.expiring_objects?format=json" "tx45aade0a2ca8413f922cf-0069a084aa" "proxy-server 2" 0.0008 "-" 22 -
Feb 26 17:36:42 standalone object-expirer[128507]: Pass completed in 0s; 0 objects expired (txn: tx45aade0a2ca8413f922cf-0069a084aa)
Feb 26 17:37:49 standalone container-server[128544]: Begin container update sweep
Feb 26 17:37:51 standalone container-server[128544]: Container update sweep completed: 1.96s
Feb 26 17:38:59 standalone proxy-server[130234]: SIGTERM received (2)
Feb 26 17:38:59 standalone proxy-server[130234]: Exited (2)
Feb 26 17:40:28 standalone account-server[128456]: 172.20.0.100 - - [26/Feb/2026:17:40:28 +0000] "HEAD /d1/212/.expiring_objects" 404 - "HEAD http://localhost/v1/.expiring_objects?format=json" "tx1efbdd1cb44c4fe1acf32-0069a0858c" "proxy-server 2" 0.0006 "-" 21 -
Feb 26 17:40:28 standalone object-expirer[128507]: Pass completed in 0s; 0 objects expired (txn: tx1efbdd1cb44c4fe1acf32-0069a0858c)
Feb 26 17:41:10 standalone object-server[128505]: Begin object update sweep
Feb 26 17:41:10 standalone object-server[414086]: Object update sweep starting on /srv/node/d1 (pid: 22)
Feb 26 17:41:10 standalone object-server[414086]: Object update sweep completed on /srv/node/d1 in 0.00s seconds:, 0 successes, 0 failures, 0 quarantines, 0 unlinks, 0 errors, 0 redirects (pid: 22)
Feb 26 17:41:10 standalone object-server[414086]: Object update sweep of d1 completed: 0.00s, 0 successes, 0 failures, 0 quarantines, 0 unlinks, 0 errors, 0 redirects
Feb 26 17:41:10 standalone object-server[128505]: Object update sweep completed: 0.08s
Feb 26 17:42:49 standalone container-server[128544]: Begin container update sweep
Feb 26 17:42:50 standalone account-server[128474]: 172.20.0.100 - - [26/Feb/2026:17:42:50 +0000] "HEAD /d1/212/.expiring_objects" 404 - "HEAD http://localhost/v1/.expiring_objects?format=json" "txb3af64dcef6d497782285-0069a0861a" "proxy-server 2" 0.0004 "-" 23 -
Feb 26 17:42:50 standalone object-expirer[128507]: Pass completed in 0s; 0 objects expired (txn: txb3af64dcef6d497782285-0069a0861a)
Feb 26 17:42:51 standalone container-server[128544]: Container update sweep completed: 1.66s
Feb 26 17:43:03 standalone account-server[128456]: 172.20.0.100 - - [26/Feb/2026:17:43:03 +0000] "HEAD /d1/212/.expiring_objects" 404 - "HEAD http://localhost/v1/.expiring_objects?format=json" "txbbc42f5dc910404ab841d-0069a08627" "proxy-server 2" 0.0006 "-" 21 -
Feb 26 17:43:03 standalone object-expirer[128507]: Pass completed in 0s; 0 objects expired (txn: txbbc42f5dc910404ab841d-0069a08627)
Feb 26 17:43:13 standalone account-server[128456]: 172.20.0.100 - - [26/Feb/2026:17:43:13 +0000] "HEAD /d1/212/.expiring_objects" 404 - "HEAD http://localhost/v1/.expiring_objects?format=json" "tx30b7df9e9e96444c89650-0069a08631" "proxy-server 2" 0.0005 "-" 21 -
Feb 26 17:43:13 standalone object-expirer[128507]: Pass completed in 0s; 0 objects expired (txn: tx30b7df9e9e96444c89650-0069a08631)
Feb 26 17:46:10 standalone object-server[128505]: Begin object update sweep
Feb 26 17:46:10 standalone object-server[425594]: Object update sweep starting on /srv/node/d1 (pid: 23)
Feb 26 17:46:10 standalone object-server[425594]: Object update sweep completed on /srv/node/d1 in 0.00s seconds:, 0 successes, 0 failures, 0 quarantines, 0 unlinks, 0 errors, 0 redirects (pid: 23)
Feb 26 17:46:10 standalone object-server[425594]: Object update sweep of d1 completed: 0.00s, 0 successes, 0 failures, 0 quarantines, 0 unlinks, 0 errors, 0 redirects
Feb 26 17:46:10 standalone object-server[128505]: Object update sweep completed: 0.06s
Feb 26 17:46:32 standalone account-server[128456]: 172.20.0.100 - - [26/Feb/2026:17:46:32 +0000] "HEAD /d1/212/.expiring_objects" 404 - "HEAD http://localhost/v1/.expiring_objects?format=json" "tx948ce55f9807447dadcb6-0069a086f8" "proxy-server 2" 0.0008 "-" 21 -
Feb 26 17:46:32 standalone object-expirer[128507]: Pass completed in 0s; 0 objects expired (txn: tx948ce55f9807447dadcb6-0069a086f8)
Feb 26 17:47:49 standalone container-server[128544]: Begin container update sweep
Feb 26 17:47:51 standalone container-server[128544]: Container update sweep completed: 1.87s
Feb 26 17:48:48 standalone account-server[128467]: 172.20.0.100 - - [26/Feb/2026:17:48:48 +0000] "HEAD /d1/212/.expiring_objects" 404 - "HEAD http://localhost/v1/.expiring_objects?format=json" "tx86f3cdaa278b4bedb4c32-0069a08780" "proxy-server 2" 0.0005 "-" 22 -
Feb 26 17:48:48 standalone object-expirer[128507]: Pass completed in 0s; 0 objects expired (txn: tx86f3cdaa278b4bedb4c32-0069a08780)
