Dec 9 11:18:27 standalone container-server[127221]: 172.20.0.100 - - [09/Dec/2025:11:18:27 +0000] "GET /d1/453/AUTH_fe8e21ac5c0a43c08a5d66d132e30e63/gnocchi.47c94442-c5fa-4f8b-8636-f4eb7552b109" 200 2 "GET http://172.18.0.2:8080/v1/AUTH_fe8e21ac5c0a43c08a5d66d132e30e63/gnocchi.47c94442-c5fa-4f8b-8636-f4eb7552b109?format=json&states=listing" "txc23f0ba443814ceda5972-0069380583" "proxy-server 20" 0.0032 "-" 23 0
Dec 9 11:18:27 standalone proxy-server[129294]: 172.18.0.2 172.18.0.100 09/Dec/2025/11/18/27 GET /v1/AUTH_fe8e21ac5c0a43c08a5d66d132e30e63/gnocchi.47c94442-c5fa-4f8b-8636-f4eb7552b109%3Fformat%3Djson%26states%3Dlisting HTTP/1.0 200 - python-swiftclient-3.11.1 gAAAAABpOAUW5tBP... - 2 - txc23f0ba443814ceda5972-0069380583 - 0.0223 - - 1765279107.509153128 1765279107.531404495 0
Dec 9 11:18:27 standalone object-server[127578]: 172.20.0.100 - - [09/Dec/2025:11:18:27 +0000] "GET /d1/247/AUTH_fe8e21ac5c0a43c08a5d66d132e30e63/gnocchi.47c94442-c5fa-4f8b-8636-f4eb7552b109/1764720000.0_mean_300.0_v3" 404 70 "GET http://172.18.0.2:8080/v1/AUTH_fe8e21ac5c0a43c08a5d66d132e30e63/gnocchi.47c94442-c5fa-4f8b-8636-f4eb7552b109/1764720000.0_mean_300.0_v3" "tx5fb8ba7c96494401b0fc6-0069380583" "proxy-server 20" 0.0003 "-" 25 0
Dec 9 11:18:27 standalone proxy-server[129294]: 172.18.0.2 172.18.0.100 09/Dec/2025/11/18/27 GET /v1/AUTH_fe8e21ac5c0a43c08a5d66d132e30e63/gnocchi.47c94442-c5fa-4f8b-8636-f4eb7552b109/1764720000.0_mean_300.0_v3 HTTP/1.0 404 - python-swiftclient-3.11.1 gAAAAABpOAUW5tBP... - 70 - tx5fb8ba7c96494401b0fc6-0069380583 - 0.0067 - - 1765279107.537413359 1765279107.544163227 0
Dec 9 11:18:27 standalone container-server[127213]: 172.20.0.100 - - [09/Dec/2025:11:18:27 +0000] "PUT /d1/453/AUTH_fe8e21ac5c0a43c08a5d66d132e30e63/gnocchi.47c94442-c5fa-4f8b-8636-f4eb7552b109/1764720000.0_mean_300.0_v3" 201 - "PUT http://172.18.0.2:8080/d1/247/AUTH_fe8e21ac5c0a43c08a5d66d132e30e63/gnocchi.47c94442-c5fa-4f8b-8636-f4eb7552b109/1764720000.0_mean_300.0_v3" "tx34b91361eeb146b8bff81-0069380583" "object-server 25" 0.0010 "-" 22 0
Dec 9 11:18:27 standalone object-server[127578]: 172.20.0.100 - - [09/Dec/2025:11:18:27 +0000] "PUT /d1/247/AUTH_fe8e21ac5c0a43c08a5d66d132e30e63/gnocchi.47c94442-c5fa-4f8b-8636-f4eb7552b109/1764720000.0_mean_300.0_v3" 201 - "PUT http://172.18.0.2:8080/v1/AUTH_fe8e21ac5c0a43c08a5d66d132e30e63/gnocchi.47c94442-c5fa-4f8b-8636-f4eb7552b109/1764720000.0_mean_300.0_v3" "tx34b91361eeb146b8bff81-0069380583" "proxy-server 20" 0.0114 "-" 25 0
Dec 9 11:18:27 standalone proxy-server[129294]: 172.18.0.2 172.18.0.100 09/Dec/2025/11/18/27 PUT /v1/AUTH_fe8e21ac5c0a43c08a5d66d132e30e63/gnocchi.47c94442-c5fa-4f8b-8636-f4eb7552b109/1764720000.0_mean_300.0_v3 HTTP/1.0 201 - python-swiftclient-3.11.1 gAAAAABpOAUW5tBP... 16 - - tx34b91361eeb146b8bff81-0069380583 - 0.0193 - - 1765279107.548935890 1765279107.568279505 0
Dec 9 11:18:27 standalone container-server[127208]: 172.20.0.100 - - [09/Dec/2025:11:18:27 +0000] "PUT /d1/453/AUTH_fe8e21ac5c0a43c08a5d66d132e30e63/gnocchi.47c94442-c5fa-4f8b-8636-f4eb7552b109/none_v3" 201 - "PUT http://172.18.0.2:8080/d1/915/AUTH_fe8e21ac5c0a43c08a5d66d132e30e63/gnocchi.47c94442-c5fa-4f8b-8636-f4eb7552b109/none_v3" "tx812b8212193b4bb6b1bf0-0069380583" "object-server 23" 0.0011 "-" 20 0
Dec 9 11:18:27 standalone object-server[127562]: 172.20.0.100 - - [09/Dec/2025:11:18:27 +0000] "PUT /d1/915/AUTH_fe8e21ac5c0a43c08a5d66d132e30e63/gnocchi.47c94442-c5fa-4f8b-8636-f4eb7552b109/none_v3" 201 - "PUT http://172.18.0.2:8080/v1/AUTH_fe8e21ac5c0a43c08a5d66d132e30e63/gnocchi.47c94442-c5fa-4f8b-8636-f4eb7552b109/none_v3" "tx812b8212193b4bb6b1bf0-0069380583" "proxy-server 20" 0.0172 "-" 23 0
Dec 9 11:18:27 standalone proxy-server[129294]: 172.18.0.2 172.18.0.100 09/Dec/2025/11/18/27 PUT /v1/AUTH_fe8e21ac5c0a43c08a5d66d132e30e63/gnocchi.47c94442-c5fa-4f8b-8636-f4eb7552b109/none_v3 HTTP/1.0 201 - python-swiftclient-3.11.1 gAAAAABpOAUW5tBP... 22 - - tx812b8212193b4bb6b1bf0-0069380583 - 0.0305 - - 1765279107.573596239 1765279107.604082346 0
Dec 9 11:18:27 standalone object-server[127578]: 172.20.0.100 - - [09/Dec/2025:11:18:27 +0000] "GET /d1/915/AUTH_fe8e21ac5c0a43c08a5d66d132e30e63/gnocchi.47c94442-c5fa-4f8b-8636-f4eb7552b109/none_v3" 200 22 "GET http://172.18.0.2:8080/v1/AUTH_fe8e21ac5c0a43c08a5d66d132e30e63/gnocchi.47c94442-c5fa-4f8b-8636-f4eb7552b109/none_v3" "tx579a7cd2b2d64eab839d1-0069380583" "proxy-server 20" 0.0010 "-" 25 0
Dec 9 11:18:27 standalone proxy-server[129294]: 172.18.0.2 172.18.0.100 09/Dec/2025/11/18/27 GET /v1/AUTH_fe8e21ac5c0a43c08a5d66d132e30e63/gnocchi.47c94442-c5fa-4f8b-8636-f4eb7552b109/none_v3 HTTP/1.0 200 - python-swiftclient-3.11.1 gAAAAABpOAUW5tBP... - 22 - tx579a7cd2b2d64eab839d1-0069380583 - 0.0091 - - 1765279107.866847277 1765279107.875947475 0
Dec 9 11:18:27 standalone container-server[127221]: 172.20.0.100 - - [09/Dec/2025:11:18:27 +0000] "GET /d1/453/AUTH_fe8e21ac5c0a43c08a5d66d132e30e63/gnocchi.47c94442-c5fa-4f8b-8636-f4eb7552b109" 200 357 "GET http://172.18.0.2:8080/v1/AUTH_fe8e21ac5c0a43c08a5d66d132e30e63/gnocchi.47c94442-c5fa-4f8b-8636-f4eb7552b109?format=json&states=listing" "tx4b707ea616f447b8b128a-0069380583" "proxy-server 20" 0.0156 "-" 23 0
Dec 9 11:18:27 standalone proxy-server[129294]: 172.18.0.2 172.18.0.100 09/Dec/2025/11/18/27 GET /v1/AUTH_fe8e21ac5c0a43c08a5d66d132e30e63/gnocchi.47c94442-c5fa-4f8b-8636-f4eb7552b109%3Fformat%3Djson%26states%3Dlisting HTTP/1.0 200 - python-swiftclient-3.11.1 gAAAAABpOAUW5tBP... - 357 - tx4b707ea616f447b8b128a-0069380583 - 0.0244 - - 1765279107.879339457 1765279107.903734922 0
Dec 9 11:18:27 standalone container-server[127213]: 172.20.0.100 - - [09/Dec/2025:11:18:27 +0000] "GET /d1/453/AUTH_fe8e21ac5c0a43c08a5d66d132e30e63/gnocchi.47c94442-c5fa-4f8b-8636-f4eb7552b109" 200 2 "GET http://172.18.0.2:8080/v1/AUTH_fe8e21ac5c0a43c08a5d66d132e30e63/gnocchi.47c94442-c5fa-4f8b-8636-f4eb7552b109?format=json&marker=none_v3&states=listing" "tx3486e181a1cb4483b2c3a-0069380583" "proxy-server 20" 0.0024 "-" 22 0
Dec 9 11:18:27 standalone proxy-server[129294]: 172.18.0.2 172.18.0.100 09/Dec/2025/11/18/27 GET /v1/AUTH_fe8e21ac5c0a43c08a5d66d132e30e63/gnocchi.47c94442-c5fa-4f8b-8636-f4eb7552b109%3Fformat%3Djson%26marker%3Dnone_v3%26states%3Dlisting HTTP/1.0 200 - python-swiftclient-3.11.1 gAAAAABpOAUW5tBP... - 2 - tx3486e181a1cb4483b2c3a-0069380583 - 0.0105 - - 1765279107.907690287 1765279107.918146133 0
Dec 9 11:18:27 standalone object-server[127561]: 172.20.0.100 - - [09/Dec/2025:11:18:27 +0000] "GET /d1/247/AUTH_fe8e21ac5c0a43c08a5d66d132e30e63/gnocchi.47c94442-c5fa-4f8b-8636-f4eb7552b109/1764720000.0_mean_300.0_v3" 200 16 "GET http://172.18.0.2:8080/v1/AUTH_fe8e21ac5c0a43c08a5d66d132e30e63/gnocchi.47c94442-c5fa-4f8b-8636-f4eb7552b109/1764720000.0_mean_300.0_v3" "txf8c63b9c9e474bbfab82a-0069380583" "proxy-server 20" 0.0013 "-" 22 0
Dec 9 11:18:27 standalone proxy-server[129294]: 172.18.0.2 172.18.0.100 09/Dec/2025/11/18/27 GET /v1/AUTH_fe8e21ac5c0a43c08a5d66d132e30e63/gnocchi.47c94442-c5fa-4f8b-8636-f4eb7552b109/1764720000.0_mean_300.0_v3 HTTP/1.0 200 - python-swiftclient-3.11.1 gAAAAABpOAUW5tBP... - 16 - txf8c63b9c9e474bbfab82a-0069380583 - 0.0091 - - 1765279107.921180010 1765279107.930242062 0
Dec 9 11:18:27 standalone container-server[127208]: 172.20.0.100 - - [09/Dec/2025:11:18:27 +0000] "PUT /d1/453/AUTH_fe8e21ac5c0a43c08a5d66d132e30e63/gnocchi.47c94442-c5fa-4f8b-8636-f4eb7552b109/1764720000.0_mean_300.0_v3" 201 - "PUT http://172.18.0.2:8080/d1/247/AUTH_fe8e21ac5c0a43c08a5d66d132e30e63/gnocchi.47c94442-c5fa-4f8b-8636-f4eb7552b109/1764720000.0_mean_300.0_v3" "tx35b30d4863ea44cfb174b-0069380583" "object-server 22" 0.0006 "-" 20 0
Dec 9 11:18:27 standalone object-server[127561]: 172.20.0.100 - - [09/Dec/2025:11:18:27 +0000] "PUT /d1/247/AUTH_fe8e21ac5c0a43c08a5d66d132e30e63/gnocchi.47c94442-c5fa-4f8b-8636-f4eb7552b109/1764720000.0_mean_300.0_v3" 201 - "PUT http://172.18.0.2:8080/v1/AUTH_fe8e21ac5c0a43c08a5d66d132e30e63/gnocchi.47c94442-c5fa-4f8b-8636-f4eb7552b109/1764720000.0_mean_300.0_v3" "tx35b30d4863ea44cfb174b-0069380583" "proxy-server 20" 0.0085 "-" 22 0
Dec 9 11:18:27 standalone proxy-server[129294]: 172.18.0.2 172.18.0.100 09/Dec/2025/11/18/27 PUT /v1/AUTH_fe8e21ac5c0a43c08a5d66d132e30e63/gnocchi.47c94442-c5fa-4f8b-8636-f4eb7552b109/1764720000.0_mean_300.0_v3 HTTP/1.0 201 - python-swiftclient-3.11.1 gAAAAABpOAUW5tBP... 16 - - tx35b30d4863ea44cfb174b-0069380583 - 0.0153 - - 1765279107.933041334 1765279107.948359013 0
Dec 9 11:18:27 standalone container-server[127221]: 172.20.0.100 - - [09/Dec/2025:11:18:27 +0000] "PUT /d1/453/AUTH_fe8e21ac5c0a43c08a5d66d132e30e63/gnocchi.47c94442-c5fa-4f8b-8636-f4eb7552b109/none_v3" 201 - "PUT http://172.18.0.2:8080/d1/915/AUTH_fe8e21ac5c0a43c08a5d66d132e30e63/gnocchi.47c94442-c5fa-4f8b-8636-f4eb7552b109/none_v3" "tx378fcb259d234206b8604-0069380583" "object-server 23" 0.0007 "-" 23 0
Dec 9 11:18:27 standalone object-server[127562]: 172.20.0.100 - - [09/Dec/2025:11:18:27 +0000] "PUT /d1/915/AUTH_fe8e21ac5c0a43c08a5d66d132e30e63/gnocchi.47c94442-c5fa-4f8b-8636-f4eb7552b109/none_v3" 201 - "PUT http://172.18.0.2:8080/v1/AUTH_fe8e21ac5c0a43c08a5d66d132e30e63/gnocchi.47c94442-c5fa-4f8b-8636-f4eb7552b109/none_v3" "tx378fcb259d234206b8604-0069380583" "proxy-server 20" 0.0083 "-" 23 0
Dec 9 11:18:27 standalone proxy-server[129294]: 172.18.0.2 172.18.0.100 09/Dec/2025/11/18/27 PUT /v1/AUTH_fe8e21ac5c0a43c08a5d66d132e30e63/gnocchi.47c94442-c5fa-4f8b-8636-f4eb7552b109/none_v3 HTTP/1.0 201 - python-swiftclient-3.11.1 gAAAAABpOAUW5tBP... 31 - - tx378fcb259d234206b8604-0069380583 - 0.0150 - - 1765279107.950884581 1765279107.965919018 0
Dec 9 11:18:36 standalone object-server[127562]: 172.20.0.100 - - [09/Dec/2025:11:18:36 +0000] "GET /d1/174/AUTH_fe8e21ac5c0a43c08a5d66d132e30e63/gnocchi.1abb7901-66c1-42ab-bcc6-aaa9c52b27ef/none_v3" 200 31 "GET http://172.18.0.2:8080/v1/AUTH_fe8e21ac5c0a43c08a5d66d132e30e63/gnocchi.1abb7901-66c1-42ab-bcc6-aaa9c52b27ef/none_v3" "tx7e3447004a454e45a0198-006938058c" "proxy-server 20" 0.0008 "-" 23 0
Dec 9 11:18:36 standalone proxy-server[129294]: 172.18.0.2 172.18.0.100 09/Dec/2025/11/18/36 GET /v1/AUTH_fe8e21ac5c0a43c08a5d66d132e30e63/gnocchi.1abb7901-66c1-42ab-bcc6-aaa9c52b27ef/none_v3 HTTP/1.0 200 - python-swiftclient-3.11.1 gAAAAABpOAUW5tBP... - 31 - tx7e3447004a454e45a0198-006938058c - 0.0075 - - 1765279116.977078199 1765279116.984582663 0
Dec 9 11:18:37 standalone container-server[127213]: 172.20.0.100 - - [09/Dec/2025:11:18:37 +0000] "GET /d1/713/AUTH_fe8e21ac5c0a43c08a5d66d132e30e63/gnocchi.1abb7901-66c1-42ab-bcc6-aaa9c52b27ef" 200 357 "GET http://172.18.0.2:8080/v1/AUTH_fe8e21ac5c0a43c08a5d66d132e30e63/gnocchi.1abb7901-66c1-42ab-bcc6-aaa9c52b27ef?format=json&states=listing" "txbd80d2d8b7fc405bb68d6-006938058c" "proxy-server 20" 0.0120 "-" 22 0
Dec 9 11:18:37 standalone proxy-server[129294]: 172.18.0.2 172.18.0.100 09/Dec/2025/11/18/37 GET /v1/AUTH_fe8e21ac5c0a43c08a5d66d132e30e63/gnocchi.1abb7901-66c1-42ab-bcc6-aaa9c52b27ef%3Fformat%3Djson%26states%3Dlisting HTTP/1.0 200 - python-swiftclient-3.11.1 gAAAAABpOAUW5tBP... - 357 - txbd80d2d8b7fc405bb68d6-006938058c - 0.0181 - - 1765279116.987036467 1765279117.005141735 0
Dec 9 11:18:37 standalone container-server[127208]: 172.20.0.100 - - [09/Dec/2025:11:18:37 +0000] "GET /d1/713/AUTH_fe8e21ac5c0a43c08a5d66d132e30e63/gnocchi.1abb7901-66c1-42ab-bcc6-aaa9c52b27ef" 200 2 "GET http://172.18.0.2:8080/v1/AUTH_fe8e21ac5c0a43c08a5d66d132e30e63/gnocchi.1abb7901-66c1-42ab-bcc6-aaa9c52b27ef?format=json&marker=none_v3&states=listing" "txb80429fbf012454587992-006938058d" "proxy-server 20" 0.0019 "-" 20 0
Dec 9 11:18:37 standalone proxy-server[129294]: 172.18.0.2 172.18.0.100 09/Dec/2025/11/18/37 GET /v1/AUTH_fe8e21ac5c0a43c08a5d66d132e30e63/gnocchi.1abb7901-66c1-42ab-bcc6-aaa9c52b27ef%3Fformat%3Djson%26marker%3Dnone_v3%26states%3Dlisting HTTP/1.0 200 - python-swiftclient-3.11.1 gAAAAABpOAUW5tBP... - 2 - txb80429fbf012454587992-006938058d - 0.0075 - - 1765279117.007142305 1765279117.014594793 0
Dec 9 11:18:37 standalone object-server[127561]: 172.20.0.100 - - [09/Dec/2025:11:18:37 +0000] "GET /d1/516/AUTH_fe8e21ac5c0a43c08a5d66d132e30e63/gnocchi.1abb7901-66c1-42ab-bcc6-aaa9c52b27ef/1764720000.0_mean_300.0_v3" 200 16 "GET http://172.18.0.2:8080/v1/AUTH_fe8e21ac5c0a43c08a5d66d132e30e63/gnocchi.1abb7901-66c1-42ab-bcc6-aaa9c52b27ef/1764720000.0_mean_300.0_v3" "tx731a66f9ee4247e4ade9d-006938058d" "proxy-server 20" 0.0013 "-" 22 0
Dec 9 11:18:37 standalone proxy-server[129294]: 172.18.0.2 172.18.0.100 09/Dec/2025/11/18/37 GET /v1/AUTH_fe8e21ac5c0a43c08a5d66d132e30e63/gnocchi.1abb7901-66c1-42ab-bcc6-aaa9c52b27ef/1764720000.0_mean_300.0_v3 HTTP/1.0 200 - python-swiftclient-3.11.1 gAAAAABpOAUW5tBP... - 16 - tx731a66f9ee4247e4ade9d-006938058d - 0.0072 - - 1765279117.017044783 1765279117.024272919 0
Dec 9 11:18:37 standalone container-server[127208]: 172.20.0.100 - - [09/Dec/2025:11:18:37 +0000] "PUT /d1/713/AUTH_fe8e21ac5c0a43c08a5d66d132e30e63/gnocchi.1abb7901-66c1-42ab-bcc6-aaa9c52b27ef/1764720000.0_mean_300.0_v3" 201 - "PUT http://172.18.0.2:8080/d1/516/AUTH_fe8e21ac5c0a43c08a5d66d132e30e63/gnocchi.1abb7901-66c1-42ab-bcc6-aaa9c52b27ef/1764720000.0_mean_300.0_v3" "txf0111a12b6b14e4ab1827-006938058d" "object-server 22" 0.0006 "-" 20 0
Dec 9 11:18:37 standalone object-server[127561]: 172.20.0.100 - - [09/Dec/2025:11:18:37 +0000] "PUT /d1/516/AUTH_fe8e21ac5c0a43c08a5d66d132e30e63/gnocchi.1abb7901-66c1-42ab-bcc6-aaa9c52b27ef/1764720000.0_mean_300.0_v3" 201 - "PUT http://172.18.0.2:8080/v1/AUTH_fe8e21ac5c0a43c08a5d66d132e30e63/gnocchi.1abb7901-66c1-42ab-bcc6-aaa9c52b27ef/1764720000.0_mean_300.0_v3" "txf0111a12b6b14e4ab1827-006938058d" "proxy-server 20" 0.0111 "-" 22 0
Dec 9 11:18:37 standalone proxy-server[129294]: 172.18.0.2 172.18.0.100 09/Dec/2025/11/18/37 PUT /v1/AUTH_fe8e21ac5c0a43c08a5d66d132e30e63/gnocchi.1abb7901-66c1-42ab-bcc6-aaa9c52b27ef/1764720000.0_mean_300.0_v3 HTTP/1.0 201 - python-swiftclient-3.11.1 gAAAAABpOAUW5tBP... 16 - - txf0111a12b6b14e4ab1827-006938058d - 0.0159 - - 1765279117.026311398 1765279117.042250156 0
Dec 9 11:18:37 standalone container-server[127221]: 172.20.0.100 - - [09/Dec/2025:11:18:37 +0000] "PUT /d1/713/AUTH_fe8e21ac5c0a43c08a5d66d132e30e63/gnocchi.1abb7901-66c1-42ab-bcc6-aaa9c52b27ef/none_v3" 201 - "PUT http://172.18.0.2:8080/d1/174/AUTH_fe8e21ac5c0a43c08a5d66d132e30e63/gnocchi.1abb7901-66c1-42ab-bcc6-aaa9c52b27ef/none_v3" "tx245e2b569f4246958b9eb-006938058d" "object-server 22" 0.0008 "-" 23 0
Dec 9 11:18:37 standalone object-server[127561]: 172.20.0.100 - - [09/Dec/2025:11:18:37 +0000] "PUT /d1/174/AUTH_fe8e21ac5c0a43c08a5d66d132e30e63/gnocchi.1abb7901-66c1-42ab-bcc6-aaa9c52b27ef/none_v3" 201 - "PUT http://172.18.0.2:8080/v1/AUTH_fe8e21ac5c0a43c08a5d66d132e30e63/gnocchi.1abb7901-66c1-42ab-bcc6-aaa9c52b27ef/none_v3" "tx245e2b569f4246958b9eb-006938058d" "proxy-server 20" 0.0106 "-" 22 0
Dec 9 11:18:37 standalone proxy-server[129294]: 172.18.0.2 172.18.0.100 09/Dec/2025/11/18/37 PUT /v1/AUTH_fe8e21ac5c0a43c08a5d66d132e30e63/gnocchi.1abb7901-66c1-42ab-bcc6-aaa9c52b27ef/none_v3 HTTP/1.0 201 - python-swiftclient-3.11.1 gAAAAABpOAUW5tBP... 46 - - tx245e2b569f4246958b9eb-006938058d - 0.0169 - - 1765279117.044377804 1765279117.061302185 0
Dec 9 11:18:37 standalone object-server[127565]: 172.20.0.100 - - [09/Dec/2025:11:18:37 +0000] "GET /d1/174/AUTH_fe8e21ac5c0a43c08a5d66d132e30e63/gnocchi.1abb7901-66c1-42ab-bcc6-aaa9c52b27ef/none_v3" 200 46 "GET http://172.18.0.2:8080/v1/AUTH_fe8e21ac5c0a43c08a5d66d132e30e63/gnocchi.1abb7901-66c1-42ab-bcc6-aaa9c52b27ef/none_v3" "txa15f96044f534f609d01c-006938058d" "proxy-server 20" 0.0013 "-" 24 0
Dec 9 11:18:37 standalone proxy-server[129294]: 172.18.0.2 172.18.0.100 09/Dec/2025/11/18/37 GET /v1/AUTH_fe8e21ac5c0a43c08a5d66d132e30e63/gnocchi.1abb7901-66c1-42ab-bcc6-aaa9c52b27ef/none_v3 HTTP/1.0 200 - python-swiftclient-3.11.1 gAAAAABpOAUW5tBP... - 46 - txa15f96044f534f609d01c-006938058d - 0.0126 - - 1765279117.949321270 1765279117.961962938 0
Dec 9 11:18:38 standalone container-server[127211]: 172.20.0.100 - - [09/Dec/2025:11:18:37 +0000] "GET /d1/713/AUTH_fe8e21ac5c0a43c08a5d66d132e30e63/gnocchi.1abb7901-66c1-42ab-bcc6-aaa9c52b27ef" 200 357 "GET http://172.18.0.2:8080/v1/AUTH_fe8e21ac5c0a43c08a5d66d132e30e63/gnocchi.1abb7901-66c1-42ab-bcc6-aaa9c52b27ef?format=json&states=listing" "txbabb50f7a7d24b2f8b88e-006938058d" "proxy-server 20" 0.0213 "-" 21 0
Dec 9 11:18:38 standalone proxy-server[129294]: 172.18.0.2 172.18.0.100 09/Dec/2025/11/18/38 GET /v1/AUTH_fe8e21ac5c0a43c08a5d66d132e30e63/gnocchi.1abb7901-66c1-42ab-bcc6-aaa9c52b27ef%3Fformat%3Djson%26states%3Dlisting HTTP/1.0 200 - python-swiftclient-3.11.1 gAAAAABpOAUW5tBP... - 357 - txbabb50f7a7d24b2f8b88e-006938058d - 0.0393 - - 1765279117.967332602 1765279118.006676197 0
Dec 9 11:18:38 standalone container-server[127208]: 172.20.0.100 - - [09/Dec/2025:11:18:38 +0000] "GET /d1/713/AUTH_fe8e21ac5c0a43c08a5d66d132e30e63/gnocchi.1abb7901-66c1-42ab-bcc6-aaa9c52b27ef" 200 2 "GET http://172.18.0.2:8080/v1/AUTH_fe8e21ac5c0a43c08a5d66d132e30e63/gnocchi.1abb7901-66c1-42ab-bcc6-aaa9c52b27ef?format=json&marker=none_v3&states=listing" "txe838d6f455034f828d286-006938058e" "proxy-server 20" 0.0091 "-" 20 0
Dec 9 11:18:38 standalone proxy-server[129294]: 172.18.0.2 172.18.0.100 09/Dec/2025/11/18/38 GET /v1/AUTH_fe8e21ac5c0a43c08a5d66d132e30e63/gnocchi.1abb7901-66c1-42ab-bcc6-aaa9c52b27ef%3Fformat%3Djson%26marker%3Dnone_v3%26states%3Dlisting HTTP/1.0 200 - python-swiftclient-3.11.1 gAAAAABpOAUW5tBP... - 2 - txe838d6f455034f828d286-006938058e - 0.0263 - - 1765279118.014542103 1765279118.040821314 0
Dec 9 11:18:38 standalone object-server[127565]: 172.20.0.100 - - [09/Dec/2025:11:18:38 +0000] "GET /d1/516/AUTH_fe8e21ac5c0a43c08a5d66d132e30e63/gnocchi.1abb7901-66c1-42ab-bcc6-aaa9c52b27ef/1764720000.0_mean_300.0_v3" 200 16 "GET http://172.18.0.2:8080/v1/AUTH_fe8e21ac5c0a43c08a5d66d132e30e63/gnocchi.1abb7901-66c1-42ab-bcc6-aaa9c52b27ef/1764720000.0_mean_300.0_v3" "tx1e73d499206041c183736-006938058e" "proxy-server 20" 0.0015 "-" 24 0
Dec 9 11:18:38 standalone proxy-server[129294]: 172.18.0.2 172.18.0.100 09/Dec/2025/11/18/38 GET /v1/AUTH_fe8e21ac5c0a43c08a5d66d132e30e63/gnocchi.1abb7901-66c1-42ab-bcc6-aaa9c52b27ef/1764720000.0_mean_300.0_v3 HTTP/1.0 200 - python-swiftclient-3.11.1 gAAAAABpOAUW5tBP... - 16 - tx1e73d499206041c183736-006938058e - 0.0109 - - 1765279118.045518875 1765279118.056438684 0
Dec 9 11:18:38 standalone container-server[127221]: 172.20.0.100 - - [09/Dec/2025:11:18:38 +0000] "PUT /d1/713/AUTH_fe8e21ac5c0a43c08a5d66d132e30e63/gnocchi.1abb7901-66c1-42ab-bcc6-aaa9c52b27ef/1764720000.0_mean_300.0_v3" 201 - "PUT http://172.18.0.2:8080/d1/516/AUTH_fe8e21ac5c0a43c08a5d66d132e30e63/gnocchi.1abb7901-66c1-42ab-bcc6-aaa9c52b27ef/1764720000.0_mean_300.0_v3" "txdd08ff4a57be487db44d0-006938058e" "object-server 25" 0.0008 "-" 23 0
Dec 9 11:18:38 standalone object-server[127578]: 172.20.0.100 - - [09/Dec/2025:11:18:38 +0000] "PUT /d1/516/AUTH_fe8e21ac5c0a43c08a5d66d132e30e63/gnocchi.1abb7901-66c1-42ab-bcc6-aaa9c52b27ef/1764720000.0_mean_300.0_v3" 201 - "PUT http://172.18.0.2:8080/v1/AUTH_fe8e21ac5c0a43c08a5d66d132e30e63/gnocchi.1abb7901-66c1-42ab-bcc6-aaa9c52b27ef/1764720000.0_mean_300.0_v3" "txdd08ff4a57be487db44d0-006938058e" "proxy-server 20" 0.0130 "-" 25 0
Dec 9 11:18:38 standalone proxy-server[129294]: 172.18.0.2 172.18.0.100 09/Dec/2025/11/18/38 PUT /v1/AUTH_fe8e21ac5c0a43c08a5d66d132e30e63/gnocchi.1abb7901-66c1-42ab-bcc6-aaa9c52b27ef/1764720000.0_mean_300.0_v3 HTTP/1.0 201 - python-swiftclient-3.11.1 gAAAAABpOAUW5tBP... 16 - - txdd08ff4a57be487db44d0-006938058e - 0.0213 - - 1765279118.059801102 1765279118.081069708 0
Dec 9 11:18:38 standalone container-server[127213]: 172.20.0.100 - - [09/Dec/2025:11:18:38 +0000] "PUT /d1/713/AUTH_fe8e21ac5c0a43c08a5d66d132e30e63/gnocchi.1abb7901-66c1-42ab-bcc6-aaa9c52b27ef/none_v3" 201 - "PUT http://172.18.0.2:8080/d1/174/AUTH_fe8e21ac5c0a43c08a5d66d132e30e63/gnocchi.1abb7901-66c1-42ab-bcc6-aaa9c52b27ef/none_v3" "tx26c571c15c3e46eabb85b-006938058e" "object-server 22" 0.0009 "-" 22 0
Dec 9 11:18:38 standalone object-server[127561]: 172.20.0.100 - - [09/Dec/2025:11:18:38 +0000] "PUT /d1/174/AUTH_fe8e21ac5c0a43c08a5d66d132e30e63/gnocchi.1abb7901-66c1-42ab-bcc6-aaa9c52b27ef/none_v3" 201 - "PUT http://172.18.0.2:8080/v1/AUTH_fe8e21ac5c0a43c08a5d66d132e30e63/gnocchi.1abb7901-66c1-42ab-bcc6-aaa9c52b27ef/none_v3" "tx26c571c15c3e46eabb85b-006938058e" "proxy-server 20" 0.0109 "-" 22 0
Dec 9 11:18:38 standalone proxy-server[129294]: 172.18.0.2 172.18.0.100 09/Dec/2025/11/18/38 PUT /v1/AUTH_fe8e21ac5c0a43c08a5d66d132e30e63/gnocchi.1abb7901-66c1-42ab-bcc6-aaa9c52b27ef/none_v3 HTTP/1.0 201 - python-swiftclient-3.11.1 gAAAAABpOAUW5tBP... 51 - - tx26c571c15c3e46eabb85b-006938058e - 0.0183 - - 1765279118.084052086 1765279118.102385998 0
Dec 9 11:18:38 standalone object-server[127565]: 172.20.0.100 - - [09/Dec/2025:11:18:38 +0000] "GET /d1/590/AUTH_fe8e21ac5c0a43c08a5d66d132e30e63/gnocchi.dd8c14ef-8e84-43cc-bae1-160b4d4e82af/none_v3" 200 22 "GET http://172.18.0.2:8080/v1/AUTH_fe8e21ac5c0a43c08a5d66d132e30e63/gnocchi.dd8c14ef-8e84-43cc-bae1-160b4d4e82af/none_v3" "txabde07def9e54543b25eb-006938058e" "proxy-server 20" 0.0012 "-" 24 0
Dec 9 11:18:38 standalone proxy-server[129294]: 172.18.0.2 172.18.0.100 09/Dec/2025/11/18/38 GET /v1/AUTH_fe8e21ac5c0a43c08a5d66d132e30e63/gnocchi.dd8c14ef-8e84-43cc-bae1-160b4d4e82af/none_v3 HTTP/1.0 200 - python-swiftclient-3.11.1 gAAAAABpOAUW5tBP... - 22 - txabde07def9e54543b25eb-006938058e - 0.0089 - - 1765279118.112474442 1765279118.121369362 0
Dec 9 11:18:38 standalone container-server[127213]: 172.20.0.100 - - [09/Dec/2025:11:18:38 +0000] "GET /d1/568/AUTH_fe8e21ac5c0a43c08a5d66d132e30e63/gnocchi.dd8c14ef-8e84-43cc-bae1-160b4d4e82af" 200 357 "GET http://172.18.0.2:8080/v1/AUTH_fe8e21ac5c0a43c08a5d66d132e30e63/gnocchi.dd8c14ef-8e84-43cc-bae1-160b4d4e82af?format=json&states=listing" "tx81de2c4b377044a588f42-006938058e" "proxy-server 20" 0.0108 "-" 22 0
Dec 9 11:18:38 standalone proxy-server[129294]: 172.18.0.2 172.18.0.100 09/Dec/2025/11/18/38 GET /v1/AUTH_fe8e21ac5c0a43c08a5d66d132e30e63/gnocchi.dd8c14ef-8e84-43cc-bae1-160b4d4e82af%3Fformat%3Djson%26states%3Dlisting HTTP/1.0 200 - python-swiftclient-3.11.1 gAAAAABpOAUW5tBP... - 357 - tx81de2c4b377044a588f42-006938058e - 0.0187 - - 1765279118.125131369 1765279118.143834114 0
Dec 9 11:18:38 standalone container-server[127213]: 172.20.0.100 - - [09/Dec/2025:11:18:38 +0000] "GET /d1/568/AUTH_fe8e21ac5c0a43c08a5d66d132e30e63/gnocchi.dd8c14ef-8e84-43cc-bae1-160b4d4e82af" 200 2 "GET http://172.18.0.2:8080/v1/AUTH_fe8e21ac5c0a43c08a5d66d132e30e63/gnocchi.dd8c14ef-8e84-43cc-bae1-160b4d4e82af?format=json&marker=none_v3&states=listing" "txf47cf1aef47d4f6da697b-006938058e" "proxy-server 20" 0.0032 "-" 22 0
Dec 9 11:18:38 standalone proxy-server[129294]: 172.18.0.2 172.18.0.100 09/Dec/2025/11/18/38 GET /v1/AUTH_fe8e21ac5c0a43c08a5d66d132e30e63/gnocchi.dd8c14ef-8e84-43cc-bae1-160b4d4e82af%3Fformat%3Djson%26marker%3Dnone_v3%26states%3Dlisting HTTP/1.0 200 - python-swiftclient-3.11.1 gAAAAABpOAUW5tBP... - 2 - txf47cf1aef47d4f6da697b-006938058e - 0.0113 - - 1765279118.146648407 1765279118.157993078 0
Dec 9 11:18:38 standalone object-server[127578]: 172.20.0.100 - - [09/Dec/2025:11:18:38 +0000] "GET /d1/665/AUTH_fe8e21ac5c0a43c08a5d66d132e30e63/gnocchi.dd8c14ef-8e84-43cc-bae1-160b4d4e82af/1764720000.0_mean_300.0_v3" 200 16 "GET http://172.18.0.2:8080/v1/AUTH_fe8e21ac5c0a43c08a5d66d132e30e63/gnocchi.dd8c14ef-8e84-43cc-bae1-160b4d4e82af/1764720000.0_mean_300.0_v3" "tx8cbe4663324249cc874ee-006938058e" "proxy-server 20" 0.0012 "-" 25 0
Dec 9 11:18:38 standalone proxy-server[129294]: 172.18.0.2 172.18.0.100 09/Dec/2025/11/18/38 GET /v1/AUTH_fe8e21ac5c0a43c08a5d66d132e30e63/gnocchi.dd8c14ef-8e84-43cc-bae1-160b4d4e82af/1764720000.0_mean_300.0_v3 HTTP/1.0 200 - python-swiftclient-3.11.1 gAAAAABpOAUW5tBP... - 16 - tx8cbe4663324249cc874ee-006938058e - 0.0118 - - 1765279118.161396980 1765279118.173244238 0
Dec 9 11:18:38 standalone container-server[127213]: 172.20.0.100 - - [09/Dec/2025:11:18:38 +0000] "PUT /d1/568/AUTH_fe8e21ac5c0a43c08a5d66d132e30e63/gnocchi.dd8c14ef-8e84-43cc-bae1-160b4d4e82af/1764720000.0_mean_300.0_v3" 201 - "PUT http://172.18.0.2:8080/d1/665/AUTH_fe8e21ac5c0a43c08a5d66d132e30e63/gnocchi.dd8c14ef-8e84-43cc-bae1-160b4d4e82af/1764720000.0_mean_300.0_v3" "txc5346803ce0a4a479d634-006938058e" "object-server 22" 0.0007 "-" 22 0
Dec 9 11:18:38 standalone object-server[127561]: 172.20.0.100 - - [09/Dec/2025:11:18:38 +0000] "PUT /d1/665/AUTH_fe8e21ac5c0a43c08a5d66d132e30e63/gnocchi.dd8c14ef-8e84-43cc-bae1-160b4d4e82af/1764720000.0_mean_300.0_v3" 201 - "PUT http://172.18.0.2:8080/v1/AUTH_fe8e21ac5c0a43c08a5d66d132e30e63/gnocchi.dd8c14ef-8e84-43cc-bae1-160b4d4e82af/1764720000.0_mean_300.0_v3" "txc5346803ce0a4a479d634-006938058e" "proxy-server 20" 0.0108 "-" 22 0
Dec 9 11:18:38 standalone proxy-server[129294]: 172.18.0.2 172.18.0.100 09/Dec/2025/11/18/38 PUT /v1/AUTH_fe8e21ac5c0a43c08a5d66d132e30e63/gnocchi.dd8c14ef-8e84-43cc-bae1-160b4d4e82af/1764720000.0_mean_300.0_v3 HTTP/1.0 201 - python-swiftclient-3.11.1 gAAAAABpOAUW5tBP... 16 - - txc5346803ce0a4a479d634-006938058e - 0.0181 - - 1765279118.176220655 1765279118.194279671 0
Dec 9 11:18:38 standalone container-server[127213]: 172.20.0.100 - - [09/Dec/2025:11:18:38 +0000] "PUT /d1/568/AUTH_fe8e21ac5c0a43c08a5d66d132e30e63/gnocchi.dd8c14ef-8e84-43cc-bae1-160b4d4e82af/none_v3" 201 - "PUT http://172.18.0.2:8080/d1/590/AUTH_fe8e21ac5c0a43c08a5d66d132e30e63/gnocchi.dd8c14ef-8e84-43cc-bae1-160b4d4e82af/none_v3" "tx01f32d389fd944dd95f69-006938058e" "object-server 24" 0.0007 "-" 22 0
Dec 9 11:18:38 standalone object-server[127565]: 172.20.0.100 - - [09/Dec/2025:11:18:38 +0000] "PUT /d1/590/AUTH_fe8e21ac5c0a43c08a5d66d132e30e63/gnocchi.dd8c14ef-8e84-43cc-bae1-160b4d4e82af/none_v3" 201 - "PUT http://172.18.0.2:8080/v1/AUTH_fe8e21ac5c0a43c08a5d66d132e30e63/gnocchi.dd8c14ef-8e84-43cc-bae1-160b4d4e82af/none_v3" "tx01f32d389fd944dd95f69-006938058e" "proxy-server 20" 0.0119 "-" 24 0
Dec 9 11:18:38 standalone proxy-server[129294]: 172.18.0.2 172.18.0.100 09/Dec/2025/11/18/38 PUT /v1/AUTH_fe8e21ac5c0a43c08a5d66d132e30e63/gnocchi.dd8c14ef-8e84-43cc-bae1-160b4d4e82af/none_v3 HTTP/1.0 201 - python-swiftclient-3.11.1 gAAAAABpOAUW5tBP... 32 - - tx01f32d389fd944dd95f69-006938058e - 0.0189 - - 1765279118.196968079 1765279118.215874910 0
Dec 9 11:18:38 standalone object-server[127562]: 172.20.0.100 - - [09/Dec/2025:11:18:38 +0000] "GET /d1/16/AUTH_fe8e21ac5c0a43c08a5d66d132e30e63/gnocchi.25cfa6de-1a3c-49d0-a5ea-dfbf40c75d9a/none_v3" 200 22 "GET http://172.18.0.2:8080/v1/AUTH_fe8e21ac5c0a43c08a5d66d132e30e63/gnocchi.25cfa6de-1a3c-49d0-a5ea-dfbf40c75d9a/none_v3" "txe43561777be9406486654-006938058e" "proxy-server 20" 0.0011 "-" 23 0
Dec 9 11:18:38 standalone proxy-server[129294]: 172.18.0.2 172.18.0.100 09/Dec/2025/11/18/38 GET /v1/AUTH_fe8e21ac5c0a43c08a5d66d132e30e63/gnocchi.25cfa6de-1a3c-49d0-a5ea-dfbf40c75d9a/none_v3 HTTP/1.0 200 - python-swiftclient-3.11.1 gAAAAABpOAUW5tBP... - 22 - txe43561777be9406486654-006938058e - 0.0093 - - 1765279118.225284338 1765279118.234549522 0
Dec 9 11:18:38 standalone container-server[127221]: 172.20.0.100 - - [09/Dec/2025:11:18:38 +0000] "GET /d1/875/AUTH_fe8e21ac5c0a43c08a5d66d132e30e63/gnocchi.25cfa6de-1a3c-49d0-a5ea-dfbf40c75d9a" 200 357 "GET http://172.18.0.2:8080/v1/AUTH_fe8e21ac5c0a43c08a5d66d132e30e63/gnocchi.25cfa6de-1a3c-49d0-a5ea-dfbf40c75d9a?format=json&states=listing" "tx5cc9b4f9ceb7460a99b3c-006938058e" "proxy-server 20" 0.0091 "-" 23 0
Dec 9 11:18:38 standalone proxy-server[129294]: 172.18.0.2 172.18.0.100 09/Dec/2025/11/18/38 GET /v1/AUTH_fe8e21ac5c0a43c08a5d66d132e30e63/gnocchi.25cfa6de-1a3c-49d0-a5ea-dfbf40c75d9a%3Fformat%3Djson%26states%3Dlisting HTTP/1.0 200 - python-swiftclient-3.11.1 gAAAAABpOAUW5tBP... - 357 - tx5cc9b4f9ceb7460a99b3c-006938058e - 0.0188 - - 1765279118.238970041 1765279118.257807970 0
Dec 9 11:18:38 standalone container-server[127221]: 172.20.0.100 - - [09/Dec/2025:11:18:38 +0000] "GET /d1/875/AUTH_fe8e21ac5c0a43c08a5d66d132e30e63/gnocchi.25cfa6de-1a3c-49d0-a5ea-dfbf40c75d9a" 200 2 "GET http://172.18.0.2:8080/v1/AUTH_fe8e21ac5c0a43c08a5d66d132e30e63/gnocchi.25cfa6de-1a3c-49d0-a5ea-dfbf40c75d9a?format=json&marker=none_v3&states=listing" "tx27885c0079b04b26a6105-006938058e" "proxy-server 20" 0.0032 "-" 23 0
Dec 9 11:18:38 standalone proxy-server[129294]: 172.18.0.2 172.18.0.100 09/Dec/2025/11/18/38 GET /v1/AUTH_fe8e21ac5c0a43c08a5d66d132e30e63/gnocchi.25cfa6de-1a3c-49d0-a5ea-dfbf40c75d9a%3Fformat%3Djson%26marker%3Dnone_v3%26states%3Dlisting HTTP/1.0 200 - python-swiftclient-3.11.1 gAAAAABpOAUW5tBP... - 2 - tx27885c0079b04b26a6105-006938058e - 0.0132 - - 1765279118.261373758 1765279118.274591684 0
Dec 9 11:18:38 standalone object-server[127578]: 172.20.0.100 - - [09/Dec/2025:11:18:38 +0000] "GET /d1/194/AUTH_fe8e21ac5c0a43c08a5d66d132e30e63/gnocchi.25cfa6de-1a3c-49d0-a5ea-dfbf40c75d9a/1764720000.0_mean_300.0_v3" 200 16 "GET http://172.18.0.2:8080/v1/AUTH_fe8e21ac5c0a43c08a5d66d132e30e63/gnocchi.25cfa6de-1a3c-49d0-a5ea-dfbf40c75d9a/1764720000.0_mean_300.0_v3" "tx05bcd3ef49db4a8e9ff29-006938058e" "proxy-server 20" 0.0013 "-" 25 0
Dec 9 11:18:38 standalone proxy-server[129294]: 172.18.0.2 172.18.0.100 09/Dec/2025/11/18/38 GET /v1/AUTH_fe8e21ac5c0a43c08a5d66d132e30e63/gnocchi.25cfa6de-1a3c-49d0-a5ea-dfbf40c75d9a/1764720000.0_mean_300.0_v3 HTTP/1.0 200 - python-swiftclient-3.11.1 gAAAAABpOAUW5tBP... - 16 - tx05bcd3ef49db4a8e9ff29-006938058e - 0.0095 - - 1765279118.279059172 1765279118.288577557 0
Dec 9 11:18:38 standalone container-server[127213]: 172.20.0.100 - - [09/Dec/2025:11:18:38 +0000] "PUT /d1/875/AUTH_fe8e21ac5c0a43c08a5d66d132e30e63/gnocchi.25cfa6de-1a3c-49d0-a5ea-dfbf40c75d9a/1764720000.0_mean_300.0_v3" 201 - "PUT http://172.18.0.2:8080/d1/194/AUTH_fe8e21ac5c0a43c08a5d66d132e30e63/gnocchi.25cfa6de-1a3c-49d0-a5ea-dfbf40c75d9a/1764720000.0_mean_300.0_v3" "tx459cd0d65bab4752be0d8-006938058e" "object-server 22" 0.0006 "-" 22 0
Dec 9 11:18:38 standalone object-server[127561]: 172.20.0.100 - - [09/Dec/2025:11:18:38 +0000] "PUT /d1/194/AUTH_fe8e21ac5c0a43c08a5d66d132e30e63/gnocchi.25cfa6de-1a3c-49d0-a5ea-dfbf40c75d9a/1764720000.0_mean_300.0_v3" 201 - "PUT http://172.18.0.2:8080/v1/AUTH_fe8e21ac5c0a43c08a5d66d132e30e63/gnocchi.25cfa6de-1a3c-49d0-a5ea-dfbf40c75d9a/1764720000.0_mean_300.0_v3" "tx459cd0d65bab4752be0d8-006938058e" "proxy-server 20" 0.0130 "-" 22 0
Dec 9 11:18:38 standalone proxy-server[129294]: 172.18.0.2 172.18.0.100 09/Dec/2025/11/18/38 PUT /v1/AUTH_fe8e21ac5c0a43c08a5d66d132e30e63/gnocchi.25cfa6de-1a3c-49d0-a5ea-dfbf40c75d9a/1764720000.0_mean_300.0_v3 HTTP/1.0 201 - python-swiftclient-3.11.1 gAAAAABpOAUW5tBP... 16 - - tx459cd0d65bab4752be0d8-006938058e - 0.0220 - - 1765279118.291908979 1765279118.313935280 0
Dec 9 11:18:38 standalone container-server[127213]: 172.20.0.100 - - [09/Dec/2025:11:18:38 +0000] "PUT /d1/875/AUTH_fe8e21ac5c0a43c08a5d66d132e30e63/gnocchi.25cfa6de-1a3c-49d0-a5ea-dfbf40c75d9a/none_v3" 201 - "PUT http://172.18.0.2:8080/d1/16/AUTH_fe8e21ac5c0a43c08a5d66d132e30e63/gnocchi.25cfa6de-1a3c-49d0-a5ea-dfbf40c75d9a/none_v3" "txb3e753e37f1d42858cee6-006938058e" "object-server 25" 0.0006 "-" 22 0
Dec 9 11:18:38 standalone object-server[127578]: 172.20.0.100 - - [09/Dec/2025:11:18:38 +0000] "PUT /d1/16/AUTH_fe8e21ac5c0a43c08a5d66d132e30e63/gnocchi.25cfa6de-1a3c-49d0-a5ea-dfbf40c75d9a/none_v3" 201 - "PUT http://172.18.0.2:8080/v1/AUTH_fe8e21ac5c0a43c08a5d66d132e30e63/gnocchi.25cfa6de-1a3c-49d0-a5ea-dfbf40c75d9a/none_v3" "txb3e753e37f1d42858cee6-006938058e" "proxy-server 20" 0.0122 "-" 25 0
Dec 9 11:18:38 standalone proxy-server[129294]: 172.18.0.2 172.18.0.100 09/Dec/2025/11/18/38 PUT /v1/AUTH_fe8e21ac5c0a43c08a5d66d132e30e63/gnocchi.25cfa6de-1a3c-49d0-a5ea-dfbf40c75d9a/none_v3 HTTP/1.0 201 - python-swiftclient-3.11.1 gAAAAABpOAUW5tBP... 32 - - txb3e753e37f1d42858cee6-006938058e - 0.0213 - - 1765279118.317336321 1765279118.338614225 0
Dec 9 11:18:38 standalone account-server[127215]: 172.20.0.100 - - [09/Dec/2025:11:18:38 +0000] "HEAD /d1/510/AUTH_fe8e21ac5c0a43c08a5d66d132e30e63" 204 - "HEAD http://172.18.0.2:8080/v1/AUTH_fe8e21ac5c0a43c08a5d66d132e30e63?format=json" "txc4ed44ff57654f4481c05-006938058e" "proxy-server 20" 0.0068 "-" 16 -
Dec 9 11:18:38 standalone proxy-server[129294]: - - 09/Dec/2025/11/18/38 HEAD /v1/AUTH_fe8e21ac5c0a43c08a5d66d132e30e63%3Fformat%3Djson HTTP/1.0 204 - Swift - - - - txc4ed44ff57654f4481c05-006938058e - 0.0123 RL - 1765279118.350663185 1765279118.362942696 -
Dec 9 11:18:38 standalone object-server[127578]: 172.20.0.100 - - [09/Dec/2025:11:18:38 +0000] "GET /d1/676/AUTH_fe8e21ac5c0a43c08a5d66d132e30e63/gnocchi.dd9faf78-0f2f-49c3-b1e6-602b85ed94ab/none_v3" 200 22 "GET http://172.18.0.2:8080/v1/AUTH_fe8e21ac5c0a43c08a5d66d132e30e63/gnocchi.dd9faf78-0f2f-49c3-b1e6-602b85ed94ab/none_v3" "txc4ed44ff57654f4481c05-006938058e" "proxy-server 20" 0.0015 "-" 25 0
Dec 9 11:18:38 standalone proxy-server[129294]: 172.18.0.2 172.18.0.100 09/Dec/2025/11/18/38 GET /v1/AUTH_fe8e21ac5c0a43c08a5d66d132e30e63/gnocchi.dd9faf78-0f2f-49c3-b1e6-602b85ed94ab/none_v3 HTTP/1.0 200 - python-swiftclient-3.11.1 gAAAAABpOAUW5tBP... - 22 - txc4ed44ff57654f4481c05-006938058e - 0.0239 - - 1765279118.349418640 1765279118.373320103 0
Dec 9 11:18:38 standalone container-server[127213]: 172.20.0.100 - - [09/Dec/2025:11:18:38 +0000] "GET /d1/30/AUTH_fe8e21ac5c0a43c08a5d66d132e30e63/gnocchi.dd9faf78-0f2f-49c3-b1e6-602b85ed94ab" 200 357 "GET http://172.18.0.2:8080/v1/AUTH_fe8e21ac5c0a43c08a5d66d132e30e63/gnocchi.dd9faf78-0f2f-49c3-b1e6-602b85ed94ab?format=json&states=listing" "txf94c2e5cf9014ed5b37f1-006938058e" "proxy-server 20" 0.0073 "-" 22 0
Dec 9 11:18:38 standalone proxy-server[129294]: 172.18.0.2 172.18.0.100 09/Dec/2025/11/18/38 GET /v1/AUTH_fe8e21ac5c0a43c08a5d66d132e30e63/gnocchi.dd9faf78-0f2f-49c3-b1e6-602b85ed94ab%3Fformat%3Djson%26states%3Dlisting HTTP/1.0 200 - python-swiftclient-3.11.1 gAAAAABpOAUW5tBP... - 357 - txf94c2e5cf9014ed5b37f1-006938058e - 0.0150 - - 1765279118.377355337 1765279118.392328024 0
Dec 9 11:18:38 standalone container-server[127208]: 172.20.0.100 - - [09/Dec/2025:11:18:38 +0000] "GET /d1/30/AUTH_fe8e21ac5c0a43c08a5d66d132e30e63/gnocchi.dd9faf78-0f2f-49c3-b1e6-602b85ed94ab" 200 2 "GET http://172.18.0.2:8080/v1/AUTH_fe8e21ac5c0a43c08a5d66d132e30e63/gnocchi.dd9faf78-0f2f-49c3-b1e6-602b85ed94ab?format=json&marker=none_v3&states=listing" "tx4bc946f4840d4b9da58e5-006938058e" "proxy-server 20" 0.0024 "-" 20 0
Dec 9 11:18:38 standalone proxy-server[129294]: 172.18.0.2 172.18.0.100 09/Dec/2025/11/18/38 GET /v1/AUTH_fe8e21ac5c0a43c08a5d66d132e30e63/gnocchi.dd9faf78-0f2f-49c3-b1e6-602b85ed94ab%3Fformat%3Djson%26marker%3Dnone_v3%26states%3Dlisting HTTP/1.0 200 - python-swiftclient-3.11.1 gAAAAABpOAUW5tBP... - 2 - tx4bc946f4840d4b9da58e5-006938058e - 0.0086 - - 1765279118.395401716 1765279118.404037476 0
Dec 9 11:18:38 standalone object-server[127562]: 172.20.0.100 - - [09/Dec/2025:11:18:38 +0000] "GET /d1/199/AUTH_fe8e21ac5c0a43c08a5d66d132e30e63/gnocchi.dd9faf78-0f2f-49c3-b1e6-602b85ed94ab/1764720000.0_mean_300.0_v3" 200 16 "GET http://172.18.0.2:8080/v1/AUTH_fe8e21ac5c0a43c08a5d66d132e30e63/gnocchi.dd9faf78-0f2f-49c3-b1e6-602b85ed94ab/1764720000.0_mean_300.0_v3" "txb32e7fbe7ae6407ebc6ae-006938058e" "proxy-server 20" 0.0011 "-" 23 0
Dec 9 11:18:38 standalone proxy-server[129294]: 172.18.0.2 172.18.0.100 09/Dec/2025/11/18/38 GET /v1/AUTH_fe8e21ac5c0a43c08a5d66d132e30e63/gnocchi.dd9faf78-0f2f-49c3-b1e6-602b85ed94ab/1764720000.0_mean_300.0_v3 HTTP/1.0 200 - python-swiftclient-3.11.1 gAAAAABpOAUW5tBP... - 16 - txb32e7fbe7ae6407ebc6ae-006938058e - 0.0077 - - 1765279118.407657623 1765279118.415370464 0
Dec 9 11:18:38 standalone container-server[127213]: 172.20.0.100 - - [09/Dec/2025:11:18:38 +0000] "PUT /d1/30/AUTH_fe8e21ac5c0a43c08a5d66d132e30e63/gnocchi.dd9faf78-0f2f-49c3-b1e6-602b85ed94ab/1764720000.0_mean_300.0_v3" 201 - "PUT http://172.18.0.2:8080/d1/199/AUTH_fe8e21ac5c0a43c08a5d66d132e30e63/gnocchi.dd9faf78-0f2f-49c3-b1e6-602b85ed94ab/1764720000.0_mean_300.0_v3" "tx8f17ebb5ffac4c048d9d2-006938058e" "object-server 25" 0.0006 "-" 22 0
Dec 9 11:18:38 standalone object-server[127578]: 172.20.0.100 - - [09/Dec/2025:11:18:38 +0000] "PUT /d1/199/AUTH_fe8e21ac5c0a43c08a5d66d132e30e63/gnocchi.dd9faf78-0f2f-49c3-b1e6-602b85ed94ab/1764720000.0_mean_300.0_v3" 201 - "PUT http://172.18.0.2:8080/v1/AUTH_fe8e21ac5c0a43c08a5d66d132e30e63/gnocchi.dd9faf78-0f2f-49c3-b1e6-602b85ed94ab/1764720000.0_mean_300.0_v3" "tx8f17ebb5ffac4c048d9d2-006938058e" "proxy-server 20" 0.0087 "-" 25 0
Dec 9 11:18:38 standalone proxy-server[129294]: 172.18.0.2 172.18.0.100 09/Dec/2025/11/18/38 PUT /v1/AUTH_fe8e21ac5c0a43c08a5d66d132e30e63/gnocchi.dd9faf78-0f2f-49c3-b1e6-602b85ed94ab/1764720000.0_mean_300.0_v3 HTTP/1.0 201 - python-swiftclient-3.11.1 gAAAAABpOAUW5tBP... 16 - - tx8f17ebb5ffac4c048d9d2-006938058e - 0.0144 - - 1765279118.418252707 1765279118.432627678 0
Dec 9 11:18:38 standalone container-server[127208]: 172.20.0.100 - - [09/Dec/2025:11:18:38 +0000] "PUT /d1/30/AUTH_fe8e21ac5c0a43c08a5d66d132e30e63/gnocchi.dd9faf78-0f2f-49c3-b1e6-602b85ed94ab/none_v3" 201 - "PUT http://172.18.0.2:8080/d1/676/AUTH_fe8e21ac5c0a43c08a5d66d132e30e63/gnocchi.dd9faf78-0f2f-49c3-b1e6-602b85ed94ab/none_v3" "txd6a85df71d42403aab232-006938058e" "object-server 25" 0.0008 "-" 20 0
Dec 9 11:18:38 standalone object-server[127578]: 172.20.0.100 - - [09/Dec/2025:11:18:38 +0000] "PUT /d1/676/AUTH_fe8e21ac5c0a43c08a5d66d132e30e63/gnocchi.dd9faf78-0f2f-49c3-b1e6-602b85ed94ab/none_v3" 201 - "PUT http://172.18.0.2:8080/v1/AUTH_fe8e21ac5c0a43c08a5d66d132e30e63/gnocchi.dd9faf78-0f2f-49c3-b1e6-602b85ed94ab/none_v3" "txd6a85df71d42403aab232-006938058e" "proxy-server 20" 0.0099 "-" 25 0
Dec 9 11:18:38 standalone proxy-server[129294]: 172.18.0.2 172.18.0.100 09/Dec/2025/11/18/38 PUT /v1/AUTH_fe8e21ac5c0a43c08a5d66d132e30e63/gnocchi.dd9faf78-0f2f-49c3-b1e6-602b85ed94ab/none_v3 HTTP/1.0 201 - python-swiftclient-3.11.1 gAAAAABpOAUW5tBP... 32 - - txd6a85df71d42403aab232-006938058e - 0.0154 - - 1765279118.435567617 1765279118.450998783 0
Dec 9 11:18:38 standalone object-server[127561]: 172.20.0.100 - - [09/Dec/2025:11:18:38 +0000] "GET /d1/744/AUTH_fe8e21ac5c0a43c08a5d66d132e30e63/gnocchi.48203f43-daf0-4c0d-8f0f-2e4f45c99492/none_v3" 200 22 "GET http://172.18.0.2:8080/v1/AUTH_fe8e21ac5c0a43c08a5d66d132e30e63/gnocchi.48203f43-daf0-4c0d-8f0f-2e4f45c99492/none_v3" "tx25bcd03cd6904b95b4dcd-006938058e" "proxy-server 20" 0.0013 "-" 22 0
Dec 9 11:18:38 standalone proxy-server[129294]: 172.18.0.2 172.18.0.100 09/Dec/2025/11/18/38 GET /v1/AUTH_fe8e21ac5c0a43c08a5d66d132e30e63/gnocchi.48203f43-daf0-4c0d-8f0f-2e4f45c99492/none_v3 HTTP/1.0 200 - python-swiftclient-3.11.1 gAAAAABpOAUW5tBP... - 22 - tx25bcd03cd6904b95b4dcd-006938058e - 0.0101 - - 1765279118.463713646 1765279118.473807812 0
Dec 9 11:18:38 standalone container-server[127208]: 172.20.0.100 - - [09/Dec/2025:11:18:38 +0000] "GET /d1/368/AUTH_fe8e21ac5c0a43c08a5d66d132e30e63/gnocchi.48203f43-daf0-4c0d-8f0f-2e4f45c99492" 200 357 "GET http://172.18.0.2:8080/v1/AUTH_fe8e21ac5c0a43c08a5d66d132e30e63/gnocchi.48203f43-daf0-4c0d-8f0f-2e4f45c99492?format=json&states=listing" "tx1073420c481c4cb78f317-006938058e" "proxy-server 20" 0.0077 "-" 20 0
Dec 9 11:18:38 standalone proxy-server[129294]: 172.18.0.2 172.18.0.100 09/Dec/2025/11/18/38 GET /v1/AUTH_fe8e21ac5c0a43c08a5d66d132e30e63/gnocchi.48203f43-daf0-4c0d-8f0f-2e4f45c99492%3Fformat%3Djson%26states%3Dlisting HTTP/1.0 200 - python-swiftclient-3.11.1 gAAAAABpOAUW5tBP... - 357 - tx1073420c481c4cb78f317-006938058e - 0.0158 - - 1765279118.477770329 1765279118.493536711 0
Dec 9 11:18:38 standalone container-server[127208]: 172.20.0.100 - - [09/Dec/2025:11:18:38 +0000] "GET /d1/368/AUTH_fe8e21ac5c0a43c08a5d66d132e30e63/gnocchi.48203f43-daf0-4c0d-8f0f-2e4f45c99492" 200 2 "GET http://172.18.0.2:8080/v1/AUTH_fe8e21ac5c0a43c08a5d66d132e30e63/gnocchi.48203f43-daf0-4c0d-8f0f-2e4f45c99492?format=json&marker=none_v3&states=listing" "txb5dd883c15684978abd02-006938058e" "proxy-server 20" 0.0025 "-" 20 0
Dec 9 11:18:38 standalone proxy-server[129294]: 172.18.0.2 172.18.0.100 09/Dec/2025/11/18/38 GET /v1/AUTH_fe8e21ac5c0a43c08a5d66d132e30e63/gnocchi.48203f43-daf0-4c0d-8f0f-2e4f45c99492%3Fformat%3Djson%26marker%3Dnone_v3%26states%3Dlisting HTTP/1.0 200 - python-swiftclient-3.11.1 gAAAAABpOAUW5tBP... - 2 - txb5dd883c15684978abd02-006938058e - 0.0100 - - 1765279118.496516943 1765279118.506491184 0
Dec 9 11:18:38 standalone object-server[127561]: 172.20.0.100 - - [09/Dec/2025:11:18:38 +0000] "GET /d1/480/AUTH_fe8e21ac5c0a43c08a5d66d132e30e63/gnocchi.48203f43-daf0-4c0d-8f0f-2e4f45c99492/1764720000.0_mean_300.0_v3" 200 16 "GET http://172.18.0.2:8080/v1/AUTH_fe8e21ac5c0a43c08a5d66d132e30e63/gnocchi.48203f43-daf0-4c0d-8f0f-2e4f45c99492/1764720000.0_mean_300.0_v3" "tx4a4615f362d3446d984e5-006938058e" "proxy-server 20" 0.0010 "-" 22 0
Dec 9 11:18:38 standalone proxy-server[129294]: 172.18.0.2 172.18.0.100 09/Dec/2025/11/18/38 GET /v1/AUTH_fe8e21ac5c0a43c08a5d66d132e30e63/gnocchi.48203f43-daf0-4c0d-8f0f-2e4f45c99492/1764720000.0_mean_300.0_v3 HTTP/1.0 200 - python-swiftclient-3.11.1 gAAAAABpOAUW5tBP... - 16 - tx4a4615f362d3446d984e5-006938058e - 0.0088 - - 1765279118.510112762 1765279118.518919468 0
Dec 9 11:18:38 standalone container-server[127221]: 172.20.0.100 - - [09/Dec/2025:11:18:38 +0000] "PUT /d1/368/AUTH_fe8e21ac5c0a43c08a5d66d132e30e63/gnocchi.48203f43-daf0-4c0d-8f0f-2e4f45c99492/1764720000.0_mean_300.0_v3" 201 - "PUT http://172.18.0.2:8080/d1/480/AUTH_fe8e21ac5c0a43c08a5d66d132e30e63/gnocchi.48203f43-daf0-4c0d-8f0f-2e4f45c99492/1764720000.0_mean_300.0_v3" "tx9a5c18c96001431493ad7-006938058e" "object-server 23" 0.0007 "-" 23 0
Dec 9 11:18:38 standalone object-server[127562]: 172.20.0.100 - - [09/Dec/2025:11:18:38 +0000] "PUT /d1/480/AUTH_fe8e21ac5c0a43c08a5d66d132e30e63/gnocchi.48203f43-daf0-4c0d-8f0f-2e4f45c99492/1764720000.0_mean_300.0_v3" 201 - "PUT http://172.18.0.2:8080/v1/AUTH_fe8e21ac5c0a43c08a5d66d132e30e63/gnocchi.48203f43-daf0-4c0d-8f0f-2e4f45c99492/1764720000.0_mean_300.0_v3" "tx9a5c18c96001431493ad7-006938058e" "proxy-server 20" 0.0115 "-" 23 0
Dec 9 11:18:38 standalone proxy-server[129294]: 172.18.0.2 172.18.0.100 09/Dec/2025/11/18/38 PUT /v1/AUTH_fe8e21ac5c0a43c08a5d66d132e30e63/gnocchi.48203f43-daf0-4c0d-8f0f-2e4f45c99492/1764720000.0_mean_300.0_v3 HTTP/1.0 201 - python-swiftclient-3.11.1 gAAAAABpOAUW5tBP... 16 - - tx9a5c18c96001431493ad7-006938058e - 0.0188 - - 1765279118.522288561 1765279118.541099548 0
Dec 9 11:18:38 standalone container-server[127211]: 172.20.0.100 - - [09/Dec/2025:11:18:38 +0000] "PUT /d1/368/AUTH_fe8e21ac5c0a43c08a5d66d132e30e63/gnocchi.48203f43-daf0-4c0d-8f0f-2e4f45c99492/none_v3" 201 - "PUT http://172.18.0.2:8080/d1/744/AUTH_fe8e21ac5c0a43c08a5d66d132e30e63/gnocchi.48203f43-daf0-4c0d-8f0f-2e4f45c99492/none_v3" "tx761f5f06ffff42139fbab-006938058e" "object-server 23" 0.0009 "-" 21 0
Dec 9 11:18:38 standalone object-server[127562]: 172.20.0.100 - - [09/Dec/2025:11:18:38 +0000] "PUT /d1/744/AUTH_fe8e21ac5c0a43c08a5d66d132e30e63/gnocchi.48203f43-daf0-4c0d-8f0f-2e4f45c99492/none_v3" 201 - "PUT http://172.18.0.2:8080/v1/AUTH_fe8e21ac5c0a43c08a5d66d132e30e63/gnocchi.48203f43-daf0-4c0d-8f0f-2e4f45c99492/none_v3" "tx761f5f06ffff42139fbab-006938058e" "proxy-server 20" 0.0115 "-" 23 0
Dec 9 11:18:38 standalone proxy-server[129294]: 172.18.0.2 172.18.0.100 09/Dec/2025/11/18/38 PUT /v1/AUTH_fe8e21ac5c0a43c08a5d66d132e30e63/gnocchi.48203f43-daf0-4c0d-8f0f-2e4f45c99492/none_v3 HTTP/1.0 201 - python-swiftclient-3.11.1 gAAAAABpOAUW5tBP... 32 - - tx761f5f06ffff42139fbab-006938058e - 0.0196 - - 1765279118.544492245 1765279118.564042330 0
Dec 9 11:18:41 standalone container-server[127211]: 172.20.0.100 - - [09/Dec/2025:11:18:41 +0000] "HEAD /d1/351/AUTH_fe8e21ac5c0a43c08a5d66d132e30e63/gnocchi.8f05ff74-dbc6-479a-a90a-8d1463dcc586" 404 - "HEAD http://172.18.0.2:8080/v1/AUTH_fe8e21ac5c0a43c08a5d66d132e30e63/gnocchi.8f05ff74-dbc6-479a-a90a-8d1463dcc586?format=json&states=listing" "tx834407777f634da284b4f-0069380591" "proxy-server 20" 0.0006 "-" 21 0
Dec 9 11:18:41 standalone object-server[127561]: 172.20.0.100 - - [09/Dec/2025:11:18:41 +0000] "GET /d1/214/AUTH_fe8e21ac5c0a43c08a5d66d132e30e63/gnocchi.8f05ff74-dbc6-479a-a90a-8d1463dcc586/none_v3" 404 70 "GET http://172.18.0.2:8080/v1/AUTH_fe8e21ac5c0a43c08a5d66d132e30e63/gnocchi.8f05ff74-dbc6-479a-a90a-8d1463dcc586/none_v3" "tx834407777f634da284b4f-0069380591" "proxy-server 20" 0.0007 "-" 22 0
Dec 9 11:18:41 standalone proxy-server[129294]: 172.18.0.2 172.18.0.100 09/Dec/2025/11/18/41 GET /v1/AUTH_fe8e21ac5c0a43c08a5d66d132e30e63/gnocchi.8f05ff74-dbc6-479a-a90a-8d1463dcc586/none_v3 HTTP/1.0 404 - python-swiftclient-3.11.1 gAAAAABpOAUW5tBP... - 70 - tx834407777f634da284b4f-0069380591 - 0.0105 - - 1765279121.795348406 1765279121.805893898 0
Dec 9 11:18:41 standalone account-server[127210]: 172.20.0.100 - - [09/Dec/2025:11:18:41 +0000] "PUT /d1/510/AUTH_fe8e21ac5c0a43c08a5d66d132e30e63/gnocchi.8f05ff74-dbc6-479a-a90a-8d1463dcc586" 201 - "PUT http://172.20.0.100:6001/d1/351/AUTH_fe8e21ac5c0a43c08a5d66d132e30e63/gnocchi.8f05ff74-dbc6-479a-a90a-8d1463dcc586" "tx2228906d7eac43cc96d72-0069380591" "container-server 21" 0.0020 "-" 15 0
Dec 9 11:18:41 standalone container-server[127211]: 172.20.0.100 - - [09/Dec/2025:11:18:41 +0000] "PUT /d1/351/AUTH_fe8e21ac5c0a43c08a5d66d132e30e63/gnocchi.8f05ff74-dbc6-479a-a90a-8d1463dcc586" 201 - "PUT http://172.18.0.2:8080/v1/AUTH_fe8e21ac5c0a43c08a5d66d132e30e63/gnocchi.8f05ff74-dbc6-479a-a90a-8d1463dcc586" "tx2228906d7eac43cc96d72-0069380591" "proxy-server 20" 0.0134 "-" 21 0
Dec 9 11:18:41 standalone proxy-server[129294]: 172.18.0.2 172.18.0.100 09/Dec/2025/11/18/41 PUT /v1/AUTH_fe8e21ac5c0a43c08a5d66d132e30e63/gnocchi.8f05ff74-dbc6-479a-a90a-8d1463dcc586 HTTP/1.0 201 - python-swiftclient-3.11.1 gAAAAABpOAUW5tBP... - - - tx2228906d7eac43cc96d72-0069380591 - 0.0195 - - 1765279121.808729410 1765279121.828185081 0
Dec 9 11:18:41 standalone container-server[127208]: 172.20.0.100 - - [09/Dec/2025:11:18:41 +0000] "HEAD /d1/351/AUTH_fe8e21ac5c0a43c08a5d66d132e30e63/gnocchi.8f05ff74-dbc6-479a-a90a-8d1463dcc586" 204 - "HEAD http://172.18.0.2:8080/v1/AUTH_fe8e21ac5c0a43c08a5d66d132e30e63/gnocchi.8f05ff74-dbc6-479a-a90a-8d1463dcc586?format=json&states=listing" "txdb838b47b2d949d489436-0069380591" "proxy-server 20" 0.0020 "-" 20 0
Dec 9 11:18:41 standalone proxy-server[129294]: - - 09/Dec/2025/11/18/41 HEAD /v1/AUTH_fe8e21ac5c0a43c08a5d66d132e30e63/gnocchi.8f05ff74-dbc6-479a-a90a-8d1463dcc586%3Fformat%3Djson%26states%3Dlisting HTTP/1.0 204 - Swift - - - - txdb838b47b2d949d489436-0069380591 - 0.0068 RL - 1765279121.833129644 1765279121.839933634 0
Dec 9 11:18:41 standalone container-server[127221]: 172.20.0.100 - - [09/Dec/2025:11:18:41 +0000] "GET /d1/351/AUTH_fe8e21ac5c0a43c08a5d66d132e30e63/gnocchi.8f05ff74-dbc6-479a-a90a-8d1463dcc586" 200 2 "GET http://172.18.0.2:8080/v1/AUTH_fe8e21ac5c0a43c08a5d66d132e30e63/gnocchi.8f05ff74-dbc6-479a-a90a-8d1463dcc586?format=json&states=listing" "txdb838b47b2d949d489436-0069380591" "proxy-server 20" 0.0035 "-" 23 0
Dec 9 11:18:41 standalone proxy-server[129294]: 172.18.0.2 172.18.0.100 09/Dec/2025/11/18/41 GET /v1/AUTH_fe8e21ac5c0a43c08a5d66d132e30e63/gnocchi.8f05ff74-dbc6-479a-a90a-8d1463dcc586%3Fformat%3Djson%26states%3Dlisting HTTP/1.0 200 - python-swiftclient-3.11.1 gAAAAABpOAUW5tBP... - 2 - txdb838b47b2d949d489436-0069380591 - 0.0202 - - 1765279121.831289530 1765279121.851439953 0
Dec 9 11:18:41 standalone object-server[127561]: 172.20.0.100 - - [09/Dec/2025:11:18:41 +0000] "GET /d1/392/AUTH_fe8e21ac5c0a43c08a5d66d132e30e63/gnocchi.8f05ff74-dbc6-479a-a90a-8d1463dcc586/1764720000.0_mean_300.0_v3" 404 70 "GET http://172.18.0.2:8080/v1/AUTH_fe8e21ac5c0a43c08a5d66d132e30e63/gnocchi.8f05ff74-dbc6-479a-a90a-8d1463dcc586/1764720000.0_mean_300.0_v3" "tx3d2ca540afa149328eaf5-0069380591" "proxy-server 20" 0.0004 "-" 22 0
Dec 9 11:18:41 standalone proxy-server[129294]: 172.18.0.2 172.18.0.100 09/Dec/2025/11/18/41 GET /v1/AUTH_fe8e21ac5c0a43c08a5d66d132e30e63/gnocchi.8f05ff74-dbc6-479a-a90a-8d1463dcc586/1764720000.0_mean_300.0_v3 HTTP/1.0 404 - python-swiftclient-3.11.1 gAAAAABpOAUW5tBP... - 70 - tx3d2ca540afa149328eaf5-0069380591 - 0.0078 - - 1765279121.855169535 1765279121.862992048 0
Dec 9 11:18:41 standalone container-server[127211]: 172.20.0.100 - - [09/Dec/2025:11:18:41 +0000] "PUT /d1/351/AUTH_fe8e21ac5c0a43c08a5d66d132e30e63/gnocchi.8f05ff74-dbc6-479a-a90a-8d1463dcc586/1764720000.0_mean_300.0_v3" 201 - "PUT http://172.18.0.2:8080/d1/392/AUTH_fe8e21ac5c0a43c08a5d66d132e30e63/gnocchi.8f05ff74-dbc6-479a-a90a-8d1463dcc586/1764720000.0_mean_300.0_v3" "txa562fd4f0b364cdfa7460-0069380591" "object-server 24" 0.0010 "-" 21 0
Dec 9 11:18:41 standalone object-server[127565]: 172.20.0.100 - - [09/Dec/2025:11:18:41 +0000] "PUT /d1/392/AUTH_fe8e21ac5c0a43c08a5d66d132e30e63/gnocchi.8f05ff74-dbc6-479a-a90a-8d1463dcc586/1764720000.0_mean_300.0_v3" 201 - "PUT http://172.18.0.2:8080/v1/AUTH_fe8e21ac5c0a43c08a5d66d132e30e63/gnocchi.8f05ff74-dbc6-479a-a90a-8d1463dcc586/1764720000.0_mean_300.0_v3" "txa562fd4f0b364cdfa7460-0069380591" "proxy-server 20" 0.0144 "-" 24 0
Dec 9 11:18:41 standalone proxy-server[129294]: 172.18.0.2 172.18.0.100 09/Dec/2025/11/18/41 PUT /v1/AUTH_fe8e21ac5c0a43c08a5d66d132e30e63/gnocchi.8f05ff74-dbc6-479a-a90a-8d1463dcc586/1764720000.0_mean_300.0_v3 HTTP/1.0 201 - python-swiftclient-3.11.1 gAAAAABpOAUW5tBP... 16 - - txa562fd4f0b364cdfa7460-0069380591 - 0.0322 - - 1765279121.865693092 1765279121.897932291 0
