Dec 9 11:04:17 standalone account-server[126943]: Starting 2
Dec 9 11:04:18 standalone container-server[126984]: Option allow_versions is deprecated. Configure the versioned_writes middleware in the proxy-server instead. This option will be ignored in a future release.
Dec 9 11:04:18 standalone container-server[127208]: Option allow_versions is deprecated. Configure the versioned_writes middleware in the proxy-server instead. This option will be ignored in a future release.
Dec 9 11:04:18 standalone account-server[126891]: Started child 14 from parent 2
Dec 9 11:04:18 standalone container-server[126984]: Started child 20 from parent 2
Dec 9 11:04:18 standalone container-server[127211]: Option allow_versions is deprecated. Configure the versioned_writes middleware in the proxy-server instead. This option will be ignored in a future release.
Dec 9 11:04:18 standalone container-server[126984]: Started child 21 from parent 2
Dec 9 11:04:18 standalone account-server[126891]: Started child 15 from parent 2
Dec 9 11:04:18 standalone container-server[127213]: Option allow_versions is deprecated. Configure the versioned_writes middleware in the proxy-server instead. This option will be ignored in a future release.
Dec 9 11:04:18 standalone container-server[126984]: Started child 22 from parent 2
Dec 9 11:04:18 standalone account-server[126891]: Started child 16 from parent 2
Dec 9 11:04:18 standalone container-server[127221]: Option allow_versions is deprecated. Configure the versioned_writes middleware in the proxy-server instead. This option will be ignored in a future release.
Dec 9 11:04:18 standalone container-server[127074]: Starting 2
Dec 9 11:04:18 standalone container-server[126984]: Started child 23 from parent 2
Dec 9 11:04:18 standalone account-server[126891]: Started child 17 from parent 2
Dec 9 11:04:19 standalone object-expirer[127389]: Starting 2
Dec 9 11:04:19 standalone object-expirer[127389]: Option auto_create_account_prefix is deprecated. Configure auto_create_account_prefix under the swift-constraints section of swift.conf. This option will be ignored in a future release.
Dec 9 11:04:19 standalone object-server[127467]: Started child 22 from parent 2
Dec 9 11:04:19 standalone object-server[127467]: Started child 23 from parent 2
Dec 9 11:04:19 standalone object-server[127467]: Started child 24 from parent 2
Dec 9 11:04:19 standalone object-server[127467]: Started child 25 from parent 2
Dec 9 11:04:19 standalone object-server[127497]: Starting 2
Dec 9 11:04:25 standalone proxy-server[129132]: Starting Keystone auth_token middleware
Dec 9 11:04:25 standalone proxy-server[129132]: AuthToken middleware is set with keystone_authtoken.service_token_roles_required set to False. This is backwards compatible but deprecated behaviour. Please set this to True.
Dec 9 11:04:25 standalone proxy-server[129294]: Starting Keystone auth_token middleware
Dec 9 11:04:25 standalone proxy-server[129294]: STDERR: The option "bind_port" is not known to keystonemiddleware
Dec 9 11:04:25 standalone proxy-server[129294]: STDERR: The option "workers" is not known to keystonemiddleware
Dec 9 11:04:25 standalone proxy-server[129294]: STDERR: The option "user" is not known to keystonemiddleware
Dec 9 11:04:25 standalone proxy-server[129294]: STDERR: The option "bind_ip" is not known to keystonemiddleware
Dec 9 11:04:25 standalone proxy-server[129294]: STDERR: The option "log_name" is not known to keystonemiddleware
Dec 9 11:04:25 standalone proxy-server[129294]: STDERR: The option "log_facility" is not known to keystonemiddleware
Dec 9 11:04:25 standalone proxy-server[129294]: STDERR: The option "log_level" is not known to keystonemiddleware
Dec 9 11:04:25 standalone proxy-server[129294]: STDERR: The option "log_headers" is not known to keystonemiddleware
Dec 9 11:04:25 standalone proxy-server[129294]: STDERR: The option "log_address" is not known to keystonemiddleware
Dec 9 11:04:25 standalone proxy-server[129294]: STDERR: The option "project_name" is not known to keystonemiddleware
Dec 9 11:04:25 standalone proxy-server[129294]: STDERR: The option "username" is not known to keystonemiddleware
Dec 9 11:04:25 standalone proxy-server[129294]: STDERR: The option "password" is not known to keystonemiddleware
Dec 9 11:04:25 standalone proxy-server[129294]: STDERR: The option "auth_url" is not known to keystonemiddleware
Dec 9 11:04:25 standalone proxy-server[129294]: STDERR: The option "signing_dir" is not known to keystonemiddleware
Dec 9 11:04:25 standalone proxy-server[129294]: STDERR: The option "project_domain_id" is not known to keystonemiddleware
Dec 9 11:04:25 standalone proxy-server[129294]: STDERR: The option "user_domain_id" is not known to keystonemiddleware
Dec 9 11:04:25 standalone proxy-server[129294]: STDERR: The option "__name__" is not known to keystonemiddleware
Dec 9 11:04:25 standalone proxy-server[129294]: AuthToken middleware is set with keystone_authtoken.service_token_roles_required set to False. This is backwards compatible but deprecated behaviour. Please set this to True.
Dec 9 11:04:25 standalone proxy-server[129132]: Started child 20 from parent 2
Dec 9 11:04:55 standalone object-server[127497]: Begin object update sweep
Dec 9 11:04:55 standalone object-server[132797]: Object update sweep starting on /srv/node/d1 (pid: 11)
Dec 9 11:04:55 standalone object-server[132797]: Object update sweep completed on /srv/node/d1 in 0.00s seconds:, 0 successes, 0 failures, 0 quarantines, 0 unlinks, 0 errors, 0 redirects (pid: 11)
Dec 9 11:04:55 standalone object-server[132797]: Object update sweep of d1 completed: 0.00s, 0 successes, 0 failures, 0 quarantines, 0 unlinks, 0 errors, 0 redirects
Dec 9 11:04:55 standalone object-server[127497]: Object update sweep completed: 0.08s
Dec 9 11:07:02 standalone account-server[127215]: 172.20.0.100 - - [09/Dec/2025:11:07:02 +0000] "HEAD /d1/962/.expiring_objects" 404 - "HEAD http://localhost/v1/.expiring_objects?format=json" "txaf05b0975381446b91197-00693802d6" "proxy-server 2" 0.0015 "-" 16 -
Dec 9 11:07:02 standalone object-expirer[127389]: Pass completed in 0s; 0 objects expired (txn: txaf05b0975381446b91197-00693802d6)
Dec 9 11:07:18 standalone container-server[127074]: Begin container update sweep
Dec 9 11:07:18 standalone container-server[127074]: Container update sweep completed: 0.00s
Dec 9 11:09:46 standalone account-server[127210]: 172.20.0.100 - - [09/Dec/2025:11:09:46 +0000] "HEAD /d1/962/.expiring_objects" 404 - "HEAD http://localhost/v1/.expiring_objects?format=json" "tx357d4e0b92fa42309735e-006938037a" "proxy-server 2" 0.0025 "-" 15 -
Dec 9 11:09:46 standalone object-expirer[127389]: Pass completed in 0s; 0 objects expired (txn: tx357d4e0b92fa42309735e-006938037a)
Dec 9 11:09:55 standalone object-server[127497]: Begin object update sweep
Dec 9 11:09:55 standalone object-server[169420]: Object update sweep starting on /srv/node/d1 (pid: 13)
Dec 9 11:09:55 standalone object-server[169420]: Object update sweep completed on /srv/node/d1 in 0.00s seconds:, 0 successes, 0 failures, 0 quarantines, 0 unlinks, 0 errors, 0 redirects (pid: 13)
Dec 9 11:09:55 standalone object-server[169420]: Object update sweep of d1 completed: 0.00s, 0 successes, 0 failures, 0 quarantines, 0 unlinks, 0 errors, 0 redirects
Dec 9 11:09:56 standalone object-server[127497]: Object update sweep completed: 0.09s
Dec 9 11:10:15 standalone account-server[127210]: 172.20.0.100 - - [09/Dec/2025:11:10:15 +0000] "HEAD /d1/962/.expiring_objects" 404 - "HEAD http://localhost/v1/.expiring_objects?format=json" "txf92c7de9566a4b85b7d9c-0069380397" "proxy-server 2" 0.0008 "-" 15 -
Dec 9 11:10:15 standalone object-expirer[127389]: Pass completed in 0s; 0 objects expired (txn: txf92c7de9566a4b85b7d9c-0069380397)
Dec 9 11:12:18 standalone container-server[127074]: Begin container update sweep
Dec 9 11:12:18 standalone container-server[127074]: Container update sweep completed: 0.00s
Dec 9 11:14:56 standalone object-server[127497]: Begin object update sweep
Dec 9 11:14:56 standalone object-server[209830]: Object update sweep starting on /srv/node/d1 (pid: 14)
Dec 9 11:14:56 standalone object-server[209830]: Object update sweep completed on /srv/node/d1 in 0.01s seconds:, 0 successes, 0 failures, 0 quarantines, 0 unlinks, 0 errors, 0 redirects (pid: 14)
Dec 9 11:14:56 standalone object-server[209830]: Object update sweep of d1 completed: 0.01s, 0 successes, 0 failures, 0 quarantines, 0 unlinks, 0 errors, 0 redirects
Dec 9 11:14:56 standalone object-server[127497]: Object update sweep completed: 0.09s
Dec 9 11:15:11 standalone account-server[127209]: 172.20.0.100 - - [09/Dec/2025:11:15:11 +0000] "HEAD /d1/962/.expiring_objects" 404 - "HEAD http://localhost/v1/.expiring_objects?format=json" "tx80598a4add594ec3a4d63-00693804bf" "proxy-server 2" 0.0017 "-" 14 -
Dec 9 11:15:11 standalone object-expirer[127389]: Pass completed in 0s; 0 objects expired (txn: tx80598a4add594ec3a4d63-00693804bf)
Dec 9 11:16:38 standalone account-server[127209]: 172.20.0.100 - - [09/Dec/2025:11:16:38 +0000] "HEAD /d1/510/AUTH_fe8e21ac5c0a43c08a5d66d132e30e63" 404 - "HEAD http://172.18.0.2:8080/v1/AUTH_fe8e21ac5c0a43c08a5d66d132e30e63?format=json" "tx62a50377988c421ba3a3b-0069380516" "proxy-server 20" 0.0004 "-" 14 -
Dec 9 11:16:38 standalone proxy-server[129294]: - - 09/Dec/2025/11/16/38 HEAD /v1/AUTH_fe8e21ac5c0a43c08a5d66d132e30e63%3Fformat%3Djson HTTP/1.0 200 - Swift - - - - tx62a50377988c421ba3a3b-0069380516 - 0.0045 RL - 1765278998.084047556 1765278998.088550806 -
Dec 9 11:16:38 standalone object-server[127578]: 172.20.0.100 - - [09/Dec/2025:11:16:38 +0000] "GET /d1/276/AUTH_fe8e21ac5c0a43c08a5d66d132e30e63/gnocchi.1d1d9774-cfe8-4c00-81ed-6a5dcf0af9d1/none_v3" 404 70 "GET http://172.18.0.2:8080/v1/AUTH_fe8e21ac5c0a43c08a5d66d132e30e63/gnocchi.1d1d9774-cfe8-4c00-81ed-6a5dcf0af9d1/none_v3" "tx62a50377988c421ba3a3b-0069380516" "proxy-server 20" 0.0020 "-" 25 0
Dec 9 11:16:38 standalone proxy-server[129294]: 172.18.0.2 172.18.0.100 09/Dec/2025/11/16/38 GET /v1/AUTH_fe8e21ac5c0a43c08a5d66d132e30e63/gnocchi.1d1d9774-cfe8-4c00-81ed-6a5dcf0af9d1/none_v3 HTTP/1.0 404 - python-swiftclient-3.11.1 gAAAAABpOAUW5tBP... - 70 - tx62a50377988c421ba3a3b-0069380516 - 0.3651 - - 1765278998.081576586 1765278998.446670771 0
Dec 9 11:16:38 standalone account-server[127226]: 172.20.0.100 - - [09/Dec/2025:11:16:38 +0000] "PUT /d1/510/AUTH_fe8e21ac5c0a43c08a5d66d132e30e63" 201 - "-" "txa303b723b30145b48584e-0069380516" "-" 0.0178 "-" 17 -
Dec 9 11:16:38 standalone proxy-server[129294]: autocreate account '/AUTH_fe8e21ac5c0a43c08a5d66d132e30e63' (txn: txa303b723b30145b48584e-0069380516)
Dec 9 11:16:38 standalone account-server[127209]: 172.20.0.100 - - [09/Dec/2025:11:16:38 +0000] "HEAD /d1/510/AUTH_fe8e21ac5c0a43c08a5d66d132e30e63" 204 - "HEAD http://172.18.0.2:8080/v1/AUTH_fe8e21ac5c0a43c08a5d66d132e30e63?format=json" "txa303b723b30145b48584e-0069380516" "proxy-server 20" 0.0019 "-" 14 -
Dec 9 11:16:38 standalone account-server[127215]: 172.20.0.100 - - [09/Dec/2025:11:16:38 +0000] "PUT /d1/510/AUTH_fe8e21ac5c0a43c08a5d66d132e30e63/gnocchi.1d1d9774-cfe8-4c00-81ed-6a5dcf0af9d1" 201 - "PUT http://172.20.0.100:6001/d1/566/AUTH_fe8e21ac5c0a43c08a5d66d132e30e63/gnocchi.1d1d9774-cfe8-4c00-81ed-6a5dcf0af9d1" "txa303b723b30145b48584e-0069380516" "container-server 23" 0.0016 "-" 16 0
Dec 9 11:16:38 standalone container-server[127221]: 172.20.0.100 - - [09/Dec/2025:11:16:38 +0000] "PUT /d1/566/AUTH_fe8e21ac5c0a43c08a5d66d132e30e63/gnocchi.1d1d9774-cfe8-4c00-81ed-6a5dcf0af9d1" 201 - "PUT http://172.18.0.2:8080/v1/AUTH_fe8e21ac5c0a43c08a5d66d132e30e63/gnocchi.1d1d9774-cfe8-4c00-81ed-6a5dcf0af9d1" "txa303b723b30145b48584e-0069380516" "proxy-server 20" 0.0195 "-" 23 0
Dec 9 11:16:38 standalone proxy-server[129294]: 172.18.0.2 172.18.0.100 09/Dec/2025/11/16/38 PUT /v1/AUTH_fe8e21ac5c0a43c08a5d66d132e30e63/gnocchi.1d1d9774-cfe8-4c00-81ed-6a5dcf0af9d1 HTTP/1.0 201 - python-swiftclient-3.11.1 gAAAAABpOAUW5tBP... - - - txa303b723b30145b48584e-0069380516 - 0.0533 - - 1765278998.449402571 1765278998.502689362 0
Dec 9 11:16:38 standalone container-server[127211]: 172.20.0.100 - - [09/Dec/2025:11:16:38 +0000] "HEAD /d1/566/AUTH_fe8e21ac5c0a43c08a5d66d132e30e63/gnocchi.1d1d9774-cfe8-4c00-81ed-6a5dcf0af9d1" 204 - "HEAD http://172.18.0.2:8080/v1/AUTH_fe8e21ac5c0a43c08a5d66d132e30e63/gnocchi.1d1d9774-cfe8-4c00-81ed-6a5dcf0af9d1?format=json&states=listing" "txdfd7dce1a7c14429b5e40-0069380516" "proxy-server 20" 0.0043 "-" 21 0
Dec 9 11:16:38 standalone proxy-server[129294]: - - 09/Dec/2025/11/16/38 HEAD /v1/AUTH_fe8e21ac5c0a43c08a5d66d132e30e63/gnocchi.1d1d9774-cfe8-4c00-81ed-6a5dcf0af9d1%3Fformat%3Djson%26states%3Dlisting HTTP/1.0 204 - Swift - - - - txdfd7dce1a7c14429b5e40-0069380516 - 0.0077 RL - 1765278998.506939888 1765278998.514625549 0
Dec 9 11:16:38 standalone container-server[127208]: 172.20.0.100 - - [09/Dec/2025:11:16:38 +0000] "GET /d1/566/AUTH_fe8e21ac5c0a43c08a5d66d132e30e63/gnocchi.1d1d9774-cfe8-4c00-81ed-6a5dcf0af9d1" 200 2 "GET http://172.18.0.2:8080/v1/AUTH_fe8e21ac5c0a43c08a5d66d132e30e63/gnocchi.1d1d9774-cfe8-4c00-81ed-6a5dcf0af9d1?format=json&states=listing" "txdfd7dce1a7c14429b5e40-0069380516" "proxy-server 20" 0.0065 "-" 20 0
Dec 9 11:16:38 standalone proxy-server[129294]: 172.18.0.2 172.18.0.100 09/Dec/2025/11/16/38 GET /v1/AUTH_fe8e21ac5c0a43c08a5d66d132e30e63/gnocchi.1d1d9774-cfe8-4c00-81ed-6a5dcf0af9d1%3Fformat%3Djson%26states%3Dlisting HTTP/1.0 200 - python-swiftclient-3.11.1 gAAAAABpOAUW5tBP... - 2 - txdfd7dce1a7c14429b5e40-0069380516 - 0.0207 - - 1765278998.506030083 1765278998.526731491 0
Dec 9 11:16:38 standalone object-server[127561]: 172.20.0.100 - - [09/Dec/2025:11:16:38 +0000] "GET /d1/857/AUTH_fe8e21ac5c0a43c08a5d66d132e30e63/gnocchi.1d1d9774-cfe8-4c00-81ed-6a5dcf0af9d1/1764720000.0_mean_300.0_v3" 404 70 "GET http://172.18.0.2:8080/v1/AUTH_fe8e21ac5c0a43c08a5d66d132e30e63/gnocchi.1d1d9774-cfe8-4c00-81ed-6a5dcf0af9d1/1764720000.0_mean_300.0_v3" "tx2cde23ca3c894cf2b7774-0069380516" "proxy-server 20" 0.0012 "-" 22 0
Dec 9 11:16:38 standalone proxy-server[129294]: 172.18.0.2 172.18.0.100 09/Dec/2025/11/16/38 GET /v1/AUTH_fe8e21ac5c0a43c08a5d66d132e30e63/gnocchi.1d1d9774-cfe8-4c00-81ed-6a5dcf0af9d1/1764720000.0_mean_300.0_v3 HTTP/1.0 404 - python-swiftclient-3.11.1 gAAAAABpOAUW5tBP... - 70 - tx2cde23ca3c894cf2b7774-0069380516 - 0.0063 - - 1765278998.529741287 1765278998.535994053 0
Dec 9 11:16:38 standalone container-server[127211]: 172.20.0.100 - - [09/Dec/2025:11:16:38 +0000] "PUT /d1/566/AUTH_fe8e21ac5c0a43c08a5d66d132e30e63/gnocchi.1d1d9774-cfe8-4c00-81ed-6a5dcf0af9d1/1764720000.0_mean_300.0_v3" 201 - "PUT http://172.18.0.2:8080/d1/857/AUTH_fe8e21ac5c0a43c08a5d66d132e30e63/gnocchi.1d1d9774-cfe8-4c00-81ed-6a5dcf0af9d1/1764720000.0_mean_300.0_v3" "tx07e958c58fa540d783202-0069380516" "object-server 25" 0.0011 "-" 21 0
Dec 9 11:16:38 standalone object-server[127578]: 172.20.0.100 - - [09/Dec/2025:11:16:38 +0000] "PUT /d1/857/AUTH_fe8e21ac5c0a43c08a5d66d132e30e63/gnocchi.1d1d9774-cfe8-4c00-81ed-6a5dcf0af9d1/1764720000.0_mean_300.0_v3" 201 - "PUT http://172.18.0.2:8080/v1/AUTH_fe8e21ac5c0a43c08a5d66d132e30e63/gnocchi.1d1d9774-cfe8-4c00-81ed-6a5dcf0af9d1/1764720000.0_mean_300.0_v3" "tx07e958c58fa540d783202-0069380516" "proxy-server 20" 0.0398 "-" 25 0
Dec 9 11:16:38 standalone proxy-server[129294]: 172.18.0.2 172.18.0.100 09/Dec/2025/11/16/38 PUT /v1/AUTH_fe8e21ac5c0a43c08a5d66d132e30e63/gnocchi.1d1d9774-cfe8-4c00-81ed-6a5dcf0af9d1/1764720000.0_mean_300.0_v3 HTTP/1.0 201 - python-swiftclient-3.11.1 gAAAAABpOAUW5tBP... 16 - - tx07e958c58fa540d783202-0069380516 - 0.0762 - - 1765278998.538344622 1765278998.614578485 0
Dec 9 11:16:38 standalone container-server[127208]: 172.20.0.100 - - [09/Dec/2025:11:16:38 +0000] "PUT /d1/566/AUTH_fe8e21ac5c0a43c08a5d66d132e30e63/gnocchi.1d1d9774-cfe8-4c00-81ed-6a5dcf0af9d1/none_v3" 201 - "PUT http://172.18.0.2:8080/d1/276/AUTH_fe8e21ac5c0a43c08a5d66d132e30e63/gnocchi.1d1d9774-cfe8-4c00-81ed-6a5dcf0af9d1/none_v3" "txdcaed17dd9b34381a3ecb-0069380516" "object-server 24" 0.0010 "-" 20 0
Dec 9 11:16:38 standalone object-server[127565]: 172.20.0.100 - - [09/Dec/2025:11:16:38 +0000] "PUT /d1/276/AUTH_fe8e21ac5c0a43c08a5d66d132e30e63/gnocchi.1d1d9774-cfe8-4c00-81ed-6a5dcf0af9d1/none_v3" 201 - "PUT http://172.18.0.2:8080/v1/AUTH_fe8e21ac5c0a43c08a5d66d132e30e63/gnocchi.1d1d9774-cfe8-4c00-81ed-6a5dcf0af9d1/none_v3" "txdcaed17dd9b34381a3ecb-0069380516" "proxy-server 20" 0.0381 "-" 24 0
Dec 9 11:16:38 standalone proxy-server[129294]: 172.18.0.2 172.18.0.100 09/Dec/2025/11/16/38 PUT /v1/AUTH_fe8e21ac5c0a43c08a5d66d132e30e63/gnocchi.1d1d9774-cfe8-4c00-81ed-6a5dcf0af9d1/none_v3 HTTP/1.0 201 - python-swiftclient-3.11.1 gAAAAABpOAUW5tBP... 22 - - txdcaed17dd9b34381a3ecb-0069380516 - 0.0448 - - 1765278998.617303371 1765278998.662113905 0
Dec 9 11:17:07 standalone object-server[127562]: 172.20.0.100 - - [09/Dec/2025:11:17:07 +0000] "GET /d1/276/AUTH_fe8e21ac5c0a43c08a5d66d132e30e63/gnocchi.1d1d9774-cfe8-4c00-81ed-6a5dcf0af9d1/none_v3" 200 22 "GET http://172.18.0.2:8080/v1/AUTH_fe8e21ac5c0a43c08a5d66d132e30e63/gnocchi.1d1d9774-cfe8-4c00-81ed-6a5dcf0af9d1/none_v3" "tx2152c924b36e4e568d3d5-0069380533" "proxy-server 20" 0.0022 "-" 23 0
Dec 9 11:17:07 standalone proxy-server[129294]: 172.18.0.2 172.18.0.100 09/Dec/2025/11/17/07 GET /v1/AUTH_fe8e21ac5c0a43c08a5d66d132e30e63/gnocchi.1d1d9774-cfe8-4c00-81ed-6a5dcf0af9d1/none_v3 HTTP/1.0 200 - python-swiftclient-3.11.1 gAAAAABpOAUW5tBP... - 22 - tx2152c924b36e4e568d3d5-0069380533 - 0.0184 - - 1765279027.833119392 1765279027.851533651 0
Dec 9 11:17:07 standalone container-server[127208]: 172.20.0.100 - - [09/Dec/2025:11:17:07 +0000] "GET /d1/566/AUTH_fe8e21ac5c0a43c08a5d66d132e30e63/gnocchi.1d1d9774-cfe8-4c00-81ed-6a5dcf0af9d1" 200 357 "GET http://172.18.0.2:8080/v1/AUTH_fe8e21ac5c0a43c08a5d66d132e30e63/gnocchi.1d1d9774-cfe8-4c00-81ed-6a5dcf0af9d1?format=json&states=listing" "txb0b52f699179459c8eff2-0069380533" "proxy-server 20" 0.0280 "-" 20 0
Dec 9 11:17:07 standalone proxy-server[129294]: 172.18.0.2 172.18.0.100 09/Dec/2025/11/17/07 GET /v1/AUTH_fe8e21ac5c0a43c08a5d66d132e30e63/gnocchi.1d1d9774-cfe8-4c00-81ed-6a5dcf0af9d1%3Fformat%3Djson%26states%3Dlisting HTTP/1.0 200 - python-swiftclient-3.11.1 gAAAAABpOAUW5tBP... - 357 - txb0b52f699179459c8eff2-0069380533 - 0.0364 - - 1765279027.855772734 1765279027.892155647 0
Dec 9 11:17:07 standalone container-server[127208]: 172.20.0.100 - - [09/Dec/2025:11:17:07 +0000] "GET /d1/566/AUTH_fe8e21ac5c0a43c08a5d66d132e30e63/gnocchi.1d1d9774-cfe8-4c00-81ed-6a5dcf0af9d1" 200 2 "GET http://172.18.0.2:8080/v1/AUTH_fe8e21ac5c0a43c08a5d66d132e30e63/gnocchi.1d1d9774-cfe8-4c00-81ed-6a5dcf0af9d1?format=json&marker=none_v3&states=listing" "txced718dafa23405c9b0f1-0069380533" "proxy-server 20" 0.0054 "-" 20 0
Dec 9 11:17:07 standalone proxy-server[129294]: 172.18.0.2 172.18.0.100 09/Dec/2025/11/17/07 GET /v1/AUTH_fe8e21ac5c0a43c08a5d66d132e30e63/gnocchi.1d1d9774-cfe8-4c00-81ed-6a5dcf0af9d1%3Fformat%3Djson%26marker%3Dnone_v3%26states%3Dlisting HTTP/1.0 200 - python-swiftclient-3.11.1 gAAAAABpOAUW5tBP... - 2 - txced718dafa23405c9b0f1-0069380533 - 0.0134 - - 1765279027.895323038 1765279027.908722639 0
Dec 9 11:17:07 standalone object-server[127578]: 172.20.0.100 - - [09/Dec/2025:11:17:07 +0000] "GET /d1/857/AUTH_fe8e21ac5c0a43c08a5d66d132e30e63/gnocchi.1d1d9774-cfe8-4c00-81ed-6a5dcf0af9d1/1764720000.0_mean_300.0_v3" 200 16 "GET http://172.18.0.2:8080/v1/AUTH_fe8e21ac5c0a43c08a5d66d132e30e63/gnocchi.1d1d9774-cfe8-4c00-81ed-6a5dcf0af9d1/1764720000.0_mean_300.0_v3" "tx09ba46043ad740b5a29da-0069380533" "proxy-server 20" 0.0009 "-" 25 0
Dec 9 11:17:07 standalone proxy-server[129294]: 172.18.0.2 172.18.0.100 09/Dec/2025/11/17/07 GET /v1/AUTH_fe8e21ac5c0a43c08a5d66d132e30e63/gnocchi.1d1d9774-cfe8-4c00-81ed-6a5dcf0af9d1/1764720000.0_mean_300.0_v3 HTTP/1.0 200 - python-swiftclient-3.11.1 gAAAAABpOAUW5tBP... - 16 - tx09ba46043ad740b5a29da-0069380533 - 0.0075 - - 1765279027.913099527 1765279027.920594215 0
Dec 9 11:17:07 standalone container-server[127208]: 172.20.0.100 - - [09/Dec/2025:11:17:07 +0000] "PUT /d1/566/AUTH_fe8e21ac5c0a43c08a5d66d132e30e63/gnocchi.1d1d9774-cfe8-4c00-81ed-6a5dcf0af9d1/1764720000.0_mean_300.0_v3" 201 - "PUT http://172.18.0.2:8080/d1/857/AUTH_fe8e21ac5c0a43c08a5d66d132e30e63/gnocchi.1d1d9774-cfe8-4c00-81ed-6a5dcf0af9d1/1764720000.0_mean_300.0_v3" "txaa4a4726ce4742e5a38c1-0069380533" "object-server 25" 0.0005 "-" 20 0
Dec 9 11:17:07 standalone object-server[127578]: 172.20.0.100 - - [09/Dec/2025:11:17:07 +0000] "PUT /d1/857/AUTH_fe8e21ac5c0a43c08a5d66d132e30e63/gnocchi.1d1d9774-cfe8-4c00-81ed-6a5dcf0af9d1/1764720000.0_mean_300.0_v3" 201 - "PUT http://172.18.0.2:8080/v1/AUTH_fe8e21ac5c0a43c08a5d66d132e30e63/gnocchi.1d1d9774-cfe8-4c00-81ed-6a5dcf0af9d1/1764720000.0_mean_300.0_v3" "txaa4a4726ce4742e5a38c1-0069380533" "proxy-server 20" 0.0102 "-" 25 0
Dec 9 11:17:07 standalone proxy-server[129294]: 172.18.0.2 172.18.0.100 09/Dec/2025/11/17/07 PUT /v1/AUTH_fe8e21ac5c0a43c08a5d66d132e30e63/gnocchi.1d1d9774-cfe8-4c00-81ed-6a5dcf0af9d1/1764720000.0_mean_300.0_v3 HTTP/1.0 201 - python-swiftclient-3.11.1 gAAAAABpOAUW5tBP... 16 - - txaa4a4726ce4742e5a38c1-0069380533 - 0.0155 - - 1765279027.925871372 1765279027.941361427 0
Dec 9 11:17:07 standalone container-server[127213]: 172.20.0.100 - - [09/Dec/2025:11:17:07 +0000] "PUT /d1/566/AUTH_fe8e21ac5c0a43c08a5d66d132e30e63/gnocchi.1d1d9774-cfe8-4c00-81ed-6a5dcf0af9d1/none_v3" 201 - "PUT http://172.18.0.2:8080/d1/276/AUTH_fe8e21ac5c0a43c08a5d66d132e30e63/gnocchi.1d1d9774-cfe8-4c00-81ed-6a5dcf0af9d1/none_v3" "tx3d853a1a716a4fc2bbbca-0069380533" "object-server 24" 0.0013 "-" 22 0
Dec 9 11:17:07 standalone object-server[127565]: 172.20.0.100 - - [09/Dec/2025:11:17:07 +0000] "PUT /d1/276/AUTH_fe8e21ac5c0a43c08a5d66d132e30e63/gnocchi.1d1d9774-cfe8-4c00-81ed-6a5dcf0af9d1/none_v3" 201 - "PUT http://172.18.0.2:8080/v1/AUTH_fe8e21ac5c0a43c08a5d66d132e30e63/gnocchi.1d1d9774-cfe8-4c00-81ed-6a5dcf0af9d1/none_v3" "tx3d853a1a716a4fc2bbbca-0069380533" "proxy-server 20" 0.0120 "-" 24 0
Dec 9 11:17:07 standalone proxy-server[129294]: 172.18.0.2 172.18.0.100 09/Dec/2025/11/17/07 PUT /v1/AUTH_fe8e21ac5c0a43c08a5d66d132e30e63/gnocchi.1d1d9774-cfe8-4c00-81ed-6a5dcf0af9d1/none_v3 HTTP/1.0 201 - python-swiftclient-3.11.1 gAAAAABpOAUW5tBP... 32 - - tx3d853a1a716a4fc2bbbca-0069380533 - 0.0186 - - 1765279027.944107056 1765279027.962750196 0
Dec 9 11:17:18 standalone container-server[127074]: Begin container update sweep
Dec 9 11:17:18 standalone account-server[127210]: 172.20.0.100 - - [09/Dec/2025:11:17:18 +0000] "PUT /d1/510/AUTH_fe8e21ac5c0a43c08a5d66d132e30e63/gnocchi.1d1d9774-cfe8-4c00-81ed-6a5dcf0af9d1" 201 - "-" "-" "container-updater 2" 0.0008 "-" 15 0
Dec 9 11:17:18 standalone container-server[127074]: Container update sweep completed: 0.09s
Dec 9 11:17:38 standalone account-server[127209]: 172.20.0.100 - - [09/Dec/2025:11:17:38 +0000] "HEAD /d1/510/AUTH_fe8e21ac5c0a43c08a5d66d132e30e63" 204 - "HEAD http://172.18.0.2:8080/v1/AUTH_fe8e21ac5c0a43c08a5d66d132e30e63?format=json" "tx421b2beef255491ebd69d-0069380552" "proxy-server 20" 0.0094 "-" 14 -
Dec 9 11:17:38 standalone proxy-server[129294]: - - 09/Dec/2025/11/17/38 HEAD /v1/AUTH_fe8e21ac5c0a43c08a5d66d132e30e63%3Fformat%3Djson HTTP/1.0 204 - Swift - - - - tx421b2beef255491ebd69d-0069380552 - 0.0145 RL - 1765279058.939410925 1765279058.953921318 -
Dec 9 11:17:38 standalone container-server[127221]: 172.20.0.100 - - [09/Dec/2025:11:17:38 +0000] "HEAD /d1/850/AUTH_fe8e21ac5c0a43c08a5d66d132e30e63/gnocchi.7c371204-2da2-446a-95a1-53240b7d94b5" 404 - "HEAD http://172.18.0.2:8080/v1/AUTH_fe8e21ac5c0a43c08a5d66d132e30e63/gnocchi.7c371204-2da2-446a-95a1-53240b7d94b5?format=json&states=listing" "tx421b2beef255491ebd69d-0069380552" "proxy-server 20" 0.0012 "-" 23 0
Dec 9 11:17:38 standalone object-server[127561]: 172.20.0.100 - - [09/Dec/2025:11:17:38 +0000] "GET /d1/175/AUTH_fe8e21ac5c0a43c08a5d66d132e30e63/gnocchi.7c371204-2da2-446a-95a1-53240b7d94b5/none_v3" 404 70 "GET http://172.18.0.2:8080/v1/AUTH_fe8e21ac5c0a43c08a5d66d132e30e63/gnocchi.7c371204-2da2-446a-95a1-53240b7d94b5/none_v3" "tx421b2beef255491ebd69d-0069380552" "proxy-server 20" 0.0006 "-" 22 0
Dec 9 11:17:38 standalone proxy-server[129294]: 172.18.0.2 172.18.0.100 09/Dec/2025/11/17/38 GET /v1/AUTH_fe8e21ac5c0a43c08a5d66d132e30e63/gnocchi.7c371204-2da2-446a-95a1-53240b7d94b5/none_v3 HTTP/1.0 404 - python-swiftclient-3.11.1 gAAAAABpOAUW5tBP... - 70 - tx421b2beef255491ebd69d-0069380552 - 0.0253 - - 1765279058.938705683 1765279058.963987827 0
Dec 9 11:17:38 standalone account-server[127226]: 172.20.0.100 - - [09/Dec/2025:11:17:38 +0000] "PUT /d1/510/AUTH_fe8e21ac5c0a43c08a5d66d132e30e63/gnocchi.7c371204-2da2-446a-95a1-53240b7d94b5" 201 - "PUT http://172.20.0.100:6001/d1/850/AUTH_fe8e21ac5c0a43c08a5d66d132e30e63/gnocchi.7c371204-2da2-446a-95a1-53240b7d94b5" "txfee2f1f28ef94658bfd79-0069380552" "container-server 23" 0.0019 "-" 17 0
Dec 9 11:17:38 standalone container-server[127221]: 172.20.0.100 - - [09/Dec/2025:11:17:38 +0000] "PUT /d1/850/AUTH_fe8e21ac5c0a43c08a5d66d132e30e63/gnocchi.7c371204-2da2-446a-95a1-53240b7d94b5" 201 - "PUT http://172.18.0.2:8080/v1/AUTH_fe8e21ac5c0a43c08a5d66d132e30e63/gnocchi.7c371204-2da2-446a-95a1-53240b7d94b5" "txfee2f1f28ef94658bfd79-0069380552" "proxy-server 20" 0.0136 "-" 23 0
Dec 9 11:17:38 standalone proxy-server[129294]: 172.18.0.2 172.18.0.100 09/Dec/2025/11/17/38 PUT /v1/AUTH_fe8e21ac5c0a43c08a5d66d132e30e63/gnocchi.7c371204-2da2-446a-95a1-53240b7d94b5 HTTP/1.0 201 - python-swiftclient-3.11.1 gAAAAABpOAUW5tBP... - - - txfee2f1f28ef94658bfd79-0069380552 - 0.0167 - - 1765279058.966849089 1765279058.983538151 0
Dec 9 11:17:38 standalone container-server[127208]: 172.20.0.100 - - [09/Dec/2025:11:17:38 +0000] "HEAD /d1/850/AUTH_fe8e21ac5c0a43c08a5d66d132e30e63/gnocchi.7c371204-2da2-446a-95a1-53240b7d94b5" 204 - "HEAD http://172.18.0.2:8080/v1/AUTH_fe8e21ac5c0a43c08a5d66d132e30e63/gnocchi.7c371204-2da2-446a-95a1-53240b7d94b5?format=json&states=listing" "tx7bab2bec1fa644aa9103c-0069380552" "proxy-server 20" 0.0013 "-" 20 0
Dec 9 11:17:38 standalone proxy-server[129294]: - - 09/Dec/2025/11/17/38 HEAD /v1/AUTH_fe8e21ac5c0a43c08a5d66d132e30e63/gnocchi.7c371204-2da2-446a-95a1-53240b7d94b5%3Fformat%3Djson%26states%3Dlisting HTTP/1.0 204 - Swift - - - - tx7bab2bec1fa644aa9103c-0069380552 - 0.0096 RL - 1765279058.988629341 1765279058.998220444 0
Dec 9 11:17:39 standalone container-server[127211]: 172.20.0.100 - - [09/Dec/2025:11:17:39 +0000] "GET /d1/850/AUTH_fe8e21ac5c0a43c08a5d66d132e30e63/gnocchi.7c371204-2da2-446a-95a1-53240b7d94b5" 200 2 "GET http://172.18.0.2:8080/v1/AUTH_fe8e21ac5c0a43c08a5d66d132e30e63/gnocchi.7c371204-2da2-446a-95a1-53240b7d94b5?format=json&states=listing" "tx7bab2bec1fa644aa9103c-0069380552" "proxy-server 20" 0.0020 "-" 21 0
Dec 9 11:17:39 standalone proxy-server[129294]: 172.18.0.2 172.18.0.100 09/Dec/2025/11/17/39 GET /v1/AUTH_fe8e21ac5c0a43c08a5d66d132e30e63/gnocchi.7c371204-2da2-446a-95a1-53240b7d94b5%3Fformat%3Djson%26states%3Dlisting HTTP/1.0 200 - python-swiftclient-3.11.1 gAAAAABpOAUW5tBP... - 2 - tx7bab2bec1fa644aa9103c-0069380552 - 0.0181 - - 1765279058.987755299 1765279059.005823851 0
Dec 9 11:17:39 standalone object-server[127561]: 172.20.0.100 - - [09/Dec/2025:11:17:39 +0000] "GET /d1/352/AUTH_fe8e21ac5c0a43c08a5d66d132e30e63/gnocchi.7c371204-2da2-446a-95a1-53240b7d94b5/1764720000.0_mean_300.0_v3" 404 70 "GET http://172.18.0.2:8080/v1/AUTH_fe8e21ac5c0a43c08a5d66d132e30e63/gnocchi.7c371204-2da2-446a-95a1-53240b7d94b5/1764720000.0_mean_300.0_v3" "txe64f105cde2e408497f12-0069380553" "proxy-server 20" 0.0006 "-" 22 0
Dec 9 11:17:39 standalone proxy-server[129294]: 172.18.0.2 172.18.0.100 09/Dec/2025/11/17/39 GET /v1/AUTH_fe8e21ac5c0a43c08a5d66d132e30e63/gnocchi.7c371204-2da2-446a-95a1-53240b7d94b5/1764720000.0_mean_300.0_v3 HTTP/1.0 404 - python-swiftclient-3.11.1 gAAAAABpOAUW5tBP... - 70 - txe64f105cde2e408497f12-0069380553 - 0.0054 - - 1765279059.010832548 1765279059.016193628 0
Dec 9 11:17:39 standalone container-server[127211]: 172.20.0.100 - - [09/Dec/2025:11:17:39 +0000] "PUT /d1/850/AUTH_fe8e21ac5c0a43c08a5d66d132e30e63/gnocchi.7c371204-2da2-446a-95a1-53240b7d94b5/1764720000.0_mean_300.0_v3" 201 - "PUT http://172.18.0.2:8080/d1/352/AUTH_fe8e21ac5c0a43c08a5d66d132e30e63/gnocchi.7c371204-2da2-446a-95a1-53240b7d94b5/1764720000.0_mean_300.0_v3" "txe6c92e30678c48a487164-0069380553" "object-server 22" 0.0006 "-" 21 0
Dec 9 11:17:39 standalone object-server[127561]: 172.20.0.100 - - [09/Dec/2025:11:17:39 +0000] "PUT /d1/352/AUTH_fe8e21ac5c0a43c08a5d66d132e30e63/gnocchi.7c371204-2da2-446a-95a1-53240b7d94b5/1764720000.0_mean_300.0_v3" 201 - "PUT http://172.18.0.2:8080/v1/AUTH_fe8e21ac5c0a43c08a5d66d132e30e63/gnocchi.7c371204-2da2-446a-95a1-53240b7d94b5/1764720000.0_mean_300.0_v3" "txe6c92e30678c48a487164-0069380553" "proxy-server 20" 0.0313 "-" 22 0
Dec 9 11:17:39 standalone proxy-server[129294]: 172.18.0.2 172.18.0.100 09/Dec/2025/11/17/39 PUT /v1/AUTH_fe8e21ac5c0a43c08a5d66d132e30e63/gnocchi.7c371204-2da2-446a-95a1-53240b7d94b5/1764720000.0_mean_300.0_v3 HTTP/1.0 201 - python-swiftclient-3.11.1 gAAAAABpOAUW5tBP... 16 - - txe6c92e30678c48a487164-0069380553 - 0.0361 - - 1765279059.019321680 1765279059.055461407 0
Dec 9 11:17:39 standalone container-server[127221]: 172.20.0.100 - - [09/Dec/2025:11:17:39 +0000] "PUT /d1/850/AUTH_fe8e21ac5c0a43c08a5d66d132e30e63/gnocchi.7c371204-2da2-446a-95a1-53240b7d94b5/none_v3" 201 - "PUT http://172.18.0.2:8080/d1/175/AUTH_fe8e21ac5c0a43c08a5d66d132e30e63/gnocchi.7c371204-2da2-446a-95a1-53240b7d94b5/none_v3" "tx5290b607b7ce4b8c85886-0069380553" "object-server 24" 0.0009 "-" 23 0
Dec 9 11:17:39 standalone object-server[127565]: 172.20.0.100 - - [09/Dec/2025:11:17:39 +0000] "PUT /d1/175/AUTH_fe8e21ac5c0a43c08a5d66d132e30e63/gnocchi.7c371204-2da2-446a-95a1-53240b7d94b5/none_v3" 201 - "PUT http://172.18.0.2:8080/v1/AUTH_fe8e21ac5c0a43c08a5d66d132e30e63/gnocchi.7c371204-2da2-446a-95a1-53240b7d94b5/none_v3" "tx5290b607b7ce4b8c85886-0069380553" "proxy-server 20" 0.0093 "-" 24 0
Dec 9 11:17:39 standalone proxy-server[129294]: 172.18.0.2 172.18.0.100 09/Dec/2025/11/17/39 PUT /v1/AUTH_fe8e21ac5c0a43c08a5d66d132e30e63/gnocchi.7c371204-2da2-446a-95a1-53240b7d94b5/none_v3 HTTP/1.0 201 - python-swiftclient-3.11.1 gAAAAABpOAUW5tBP... 22 - - tx5290b607b7ce4b8c85886-0069380553 - 0.0139 - - 1765279059.059042454 1765279059.072916746 0
Dec 9 11:17:39 standalone container-server[127208]: 172.20.0.100 - - [09/Dec/2025:11:17:39 +0000] "HEAD /d1/680/AUTH_fe8e21ac5c0a43c08a5d66d132e30e63/gnocchi.9edf12b3-3e36-42b4-87f6-538d1fda483e" 404 - "HEAD http://172.18.0.2:8080/v1/AUTH_fe8e21ac5c0a43c08a5d66d132e30e63/gnocchi.9edf12b3-3e36-42b4-87f6-538d1fda483e?format=json&states=listing" "tx4c48ba44f90e4743b6862-0069380553" "proxy-server 20" 0.0004 "-" 20 0
Dec 9 11:17:39 standalone object-server[127561]: 172.20.0.100 - - [09/Dec/2025:11:17:39 +0000] "GET /d1/562/AUTH_fe8e21ac5c0a43c08a5d66d132e30e63/gnocchi.9edf12b3-3e36-42b4-87f6-538d1fda483e/none_v3" 404 70 "GET http://172.18.0.2:8080/v1/AUTH_fe8e21ac5c0a43c08a5d66d132e30e63/gnocchi.9edf12b3-3e36-42b4-87f6-538d1fda483e/none_v3" "tx4c48ba44f90e4743b6862-0069380553" "proxy-server 20" 0.0005 "-" 22 0
Dec 9 11:17:39 standalone proxy-server[129294]: 172.18.0.2 172.18.0.100 09/Dec/2025/11/17/39 GET /v1/AUTH_fe8e21ac5c0a43c08a5d66d132e30e63/gnocchi.9edf12b3-3e36-42b4-87f6-538d1fda483e/none_v3 HTTP/1.0 404 - python-swiftclient-3.11.1 gAAAAABpOAUW5tBP... - 70 - tx4c48ba44f90e4743b6862-0069380553 - 0.0135 - - 1765279059.104656219 1765279059.118131399 0
Dec 9 11:17:39 standalone account-server[127209]: 172.20.0.100 - - [09/Dec/2025:11:17:39 +0000] "PUT /d1/510/AUTH_fe8e21ac5c0a43c08a5d66d132e30e63/gnocchi.9edf12b3-3e36-42b4-87f6-538d1fda483e" 201 - "PUT http://172.20.0.100:6001/d1/680/AUTH_fe8e21ac5c0a43c08a5d66d132e30e63/gnocchi.9edf12b3-3e36-42b4-87f6-538d1fda483e" "txab663b1195204fdebdb46-0069380553" "container-server 20" 0.0064 "-" 14 0
Dec 9 11:17:39 standalone container-server[127208]: 172.20.0.100 - - [09/Dec/2025:11:17:39 +0000] "PUT /d1/680/AUTH_fe8e21ac5c0a43c08a5d66d132e30e63/gnocchi.9edf12b3-3e36-42b4-87f6-538d1fda483e" 201 - "PUT http://172.18.0.2:8080/v1/AUTH_fe8e21ac5c0a43c08a5d66d132e30e63/gnocchi.9edf12b3-3e36-42b4-87f6-538d1fda483e" "txab663b1195204fdebdb46-0069380553" "proxy-server 20" 0.0171 "-" 20 0
Dec 9 11:17:39 standalone proxy-server[129294]: 172.18.0.2 172.18.0.100 09/Dec/2025/11/17/39 PUT /v1/AUTH_fe8e21ac5c0a43c08a5d66d132e30e63/gnocchi.9edf12b3-3e36-42b4-87f6-538d1fda483e HTTP/1.0 201 - python-swiftclient-3.11.1 gAAAAABpOAUW5tBP... - - - txab663b1195204fdebdb46-0069380553 - 0.0227 - - 1765279059.122200489 1765279059.144903183 0
Dec 9 11:17:39 standalone container-server[127211]: 172.20.0.100 - - [09/Dec/2025:11:17:39 +0000] "HEAD /d1/680/AUTH_fe8e21ac5c0a43c08a5d66d132e30e63/gnocchi.9edf12b3-3e36-42b4-87f6-538d1fda483e" 204 - "HEAD http://172.18.0.2:8080/v1/AUTH_fe8e21ac5c0a43c08a5d66d132e30e63/gnocchi.9edf12b3-3e36-42b4-87f6-538d1fda483e?format=json&states=listing" "txc9c618488e6843a3a1c06-0069380553" "proxy-server 20" 0.0011 "-" 21 0
Dec 9 11:17:39 standalone proxy-server[129294]: - - 09/Dec/2025/11/17/39 HEAD /v1/AUTH_fe8e21ac5c0a43c08a5d66d132e30e63/gnocchi.9edf12b3-3e36-42b4-87f6-538d1fda483e%3Fformat%3Djson%26states%3Dlisting HTTP/1.0 204 - Swift - - - - txc9c618488e6843a3a1c06-0069380553 - 0.0041 RL - 1765279059.148763895 1765279059.152877808 0
Dec 9 11:17:39 standalone container-server[127213]: 172.20.0.100 - - [09/Dec/2025:11:17:39 +0000] "GET /d1/680/AUTH_fe8e21ac5c0a43c08a5d66d132e30e63/gnocchi.9edf12b3-3e36-42b4-87f6-538d1fda483e" 200 2 "GET http://172.18.0.2:8080/v1/AUTH_fe8e21ac5c0a43c08a5d66d132e30e63/gnocchi.9edf12b3-3e36-42b4-87f6-538d1fda483e?format=json&states=listing" "txc9c618488e6843a3a1c06-0069380553" "proxy-server 20" 0.0027 "-" 22 0
Dec 9 11:17:39 standalone proxy-server[129294]: 172.18.0.2 172.18.0.100 09/Dec/2025/11/17/39 GET /v1/AUTH_fe8e21ac5c0a43c08a5d66d132e30e63/gnocchi.9edf12b3-3e36-42b4-87f6-538d1fda483e%3Fformat%3Djson%26states%3Dlisting HTTP/1.0 200 - python-swiftclient-3.11.1 gAAAAABpOAUW5tBP... - 2 - txc9c618488e6843a3a1c06-0069380553 - 0.0137 - - 1765279059.147650480 1765279059.161344051 0
Dec 9 11:17:39 standalone object-server[127562]: 172.20.0.100 - - [09/Dec/2025:11:17:39 +0000] "GET /d1/648/AUTH_fe8e21ac5c0a43c08a5d66d132e30e63/gnocchi.9edf12b3-3e36-42b4-87f6-538d1fda483e/1764720000.0_mean_300.0_v3" 404 70 "GET http://172.18.0.2:8080/v1/AUTH_fe8e21ac5c0a43c08a5d66d132e30e63/gnocchi.9edf12b3-3e36-42b4-87f6-538d1fda483e/1764720000.0_mean_300.0_v3" "txdc57d0434e92485cbb91b-0069380553" "proxy-server 20" 0.0005 "-" 23 0
Dec 9 11:17:39 standalone proxy-server[129294]: 172.18.0.2 172.18.0.100 09/Dec/2025/11/17/39 GET /v1/AUTH_fe8e21ac5c0a43c08a5d66d132e30e63/gnocchi.9edf12b3-3e36-42b4-87f6-538d1fda483e/1764720000.0_mean_300.0_v3 HTTP/1.0 404 - python-swiftclient-3.11.1 gAAAAABpOAUW5tBP... - 70 - txdc57d0434e92485cbb91b-0069380553 - 0.0063 - - 1765279059.164983273 1765279059.171242476 0
Dec 9 11:17:39 standalone container-server[127221]: 172.20.0.100 - - [09/Dec/2025:11:17:39 +0000] "PUT /d1/680/AUTH_fe8e21ac5c0a43c08a5d66d132e30e63/gnocchi.9edf12b3-3e36-42b4-87f6-538d1fda483e/1764720000.0_mean_300.0_v3" 201 - "PUT http://172.18.0.2:8080/d1/648/AUTH_fe8e21ac5c0a43c08a5d66d132e30e63/gnocchi.9edf12b3-3e36-42b4-87f6-538d1fda483e/1764720000.0_mean_300.0_v3" "txb642462039b9445aad3c3-0069380553" "object-server 25" 0.0009 "-" 23 0
Dec 9 11:17:39 standalone object-server[127578]: 172.20.0.100 - - [09/Dec/2025:11:17:39 +0000] "PUT /d1/648/AUTH_fe8e21ac5c0a43c08a5d66d132e30e63/gnocchi.9edf12b3-3e36-42b4-87f6-538d1fda483e/1764720000.0_mean_300.0_v3" 201 - "PUT http://172.18.0.2:8080/v1/AUTH_fe8e21ac5c0a43c08a5d66d132e30e63/gnocchi.9edf12b3-3e36-42b4-87f6-538d1fda483e/1764720000.0_mean_300.0_v3" "txb642462039b9445aad3c3-0069380553" "proxy-server 20" 0.0086 "-" 25 0
Dec 9 11:17:39 standalone proxy-server[129294]: 172.18.0.2 172.18.0.100 09/Dec/2025/11/17/39 PUT /v1/AUTH_fe8e21ac5c0a43c08a5d66d132e30e63/gnocchi.9edf12b3-3e36-42b4-87f6-538d1fda483e/1764720000.0_mean_300.0_v3 HTTP/1.0 201 - python-swiftclient-3.11.1 gAAAAABpOAUW5tBP... 16 - - txb642462039b9445aad3c3-0069380553 - 0.0126 - - 1765279059.173368216 1765279059.186005354 0
Dec 9 11:17:39 standalone container-server[127211]: 172.20.0.100 - - [09/Dec/2025:11:17:39 +0000] "PUT /d1/680/AUTH_fe8e21ac5c0a43c08a5d66d132e30e63/gnocchi.9edf12b3-3e36-42b4-87f6-538d1fda483e/none_v3" 201 - "PUT http://172.18.0.2:8080/d1/562/AUTH_fe8e21ac5c0a43c08a5d66d132e30e63/gnocchi.9edf12b3-3e36-42b4-87f6-538d1fda483e/none_v3" "tx0bd24d84c4f746ec8c285-0069380553" "object-server 24" 0.0006 "-" 21 0
Dec 9 11:17:39 standalone object-server[127565]: 172.20.0.100 - - [09/Dec/2025:11:17:39 +0000] "PUT /d1/562/AUTH_fe8e21ac5c0a43c08a5d66d132e30e63/gnocchi.9edf12b3-3e36-42b4-87f6-538d1fda483e/none_v3" 201 - "PUT http://172.18.0.2:8080/v1/AUTH_fe8e21ac5c0a43c08a5d66d132e30e63/gnocchi.9edf12b3-3e36-42b4-87f6-538d1fda483e/none_v3" "tx0bd24d84c4f746ec8c285-0069380553" "proxy-server 20" 0.0129 "-" 24 0
Dec 9 11:17:39 standalone proxy-server[129294]: 172.18.0.2 172.18.0.100 09/Dec/2025/11/17/39 PUT /v1/AUTH_fe8e21ac5c0a43c08a5d66d132e30e63/gnocchi.9edf12b3-3e36-42b4-87f6-538d1fda483e/none_v3 HTTP/1.0 201 - python-swiftclient-3.11.1 gAAAAABpOAUW5tBP... 22 - - tx0bd24d84c4f746ec8c285-0069380553 - 0.0172 - - 1765279059.187805414 1765279059.204989910 0
Dec 9 11:17:46 standalone container-server[127213]: 172.20.0.100 - - [09/Dec/2025:11:17:46 +0000] "HEAD /d1/568/AUTH_fe8e21ac5c0a43c08a5d66d132e30e63/gnocchi.dd8c14ef-8e84-43cc-bae1-160b4d4e82af" 404 - "HEAD http://172.18.0.2:8080/v1/AUTH_fe8e21ac5c0a43c08a5d66d132e30e63/gnocchi.dd8c14ef-8e84-43cc-bae1-160b4d4e82af?format=json&states=listing" "tx9c1a4df6d42e4a97ac60c-006938055a" "proxy-server 20" 0.0007 "-" 22 0
Dec 9 11:17:46 standalone object-server[127565]: 172.20.0.100 - - [09/Dec/2025:11:17:46 +0000] "GET /d1/590/AUTH_fe8e21ac5c0a43c08a5d66d132e30e63/gnocchi.dd8c14ef-8e84-43cc-bae1-160b4d4e82af/none_v3" 404 70 "GET http://172.18.0.2:8080/v1/AUTH_fe8e21ac5c0a43c08a5d66d132e30e63/gnocchi.dd8c14ef-8e84-43cc-bae1-160b4d4e82af/none_v3" "tx9c1a4df6d42e4a97ac60c-006938055a" "proxy-server 20" 0.0006 "-" 24 0
Dec 9 11:17:46 standalone proxy-server[129294]: 172.18.0.2 172.18.0.100 09/Dec/2025/11/17/46 GET /v1/AUTH_fe8e21ac5c0a43c08a5d66d132e30e63/gnocchi.dd8c14ef-8e84-43cc-bae1-160b4d4e82af/none_v3 HTTP/1.0 404 - python-swiftclient-3.11.1 gAAAAABpOAUW5tBP... - 70 - tx9c1a4df6d42e4a97ac60c-006938055a - 0.0131 - - 1765279066.099644899 1765279066.112696409 0
Dec 9 11:17:46 standalone account-server[127210]: 172.20.0.100 - - [09/Dec/2025:11:17:46 +0000] "PUT /d1/510/AUTH_fe8e21ac5c0a43c08a5d66d132e30e63/gnocchi.dd8c14ef-8e84-43cc-bae1-160b4d4e82af" 201 - "PUT http://172.20.0.100:6001/d1/568/AUTH_fe8e21ac5c0a43c08a5d66d132e30e63/gnocchi.dd8c14ef-8e84-43cc-bae1-160b4d4e82af" "tx1ae320ad58784b66ae94a-006938055a" "container-server 23" 0.0089 "-" 15 0
Dec 9 11:17:46 standalone container-server[127221]: 172.20.0.100 - - [09/Dec/2025:11:17:46 +0000] "PUT /d1/568/AUTH_fe8e21ac5c0a43c08a5d66d132e30e63/gnocchi.dd8c14ef-8e84-43cc-bae1-160b4d4e82af" 201 - "PUT http://172.18.0.2:8080/v1/AUTH_fe8e21ac5c0a43c08a5d66d132e30e63/gnocchi.dd8c14ef-8e84-43cc-bae1-160b4d4e82af" "tx1ae320ad58784b66ae94a-006938055a" "proxy-server 20" 0.0257 "-" 23 0
Dec 9 11:17:46 standalone proxy-server[129294]: 172.18.0.2 172.18.0.100 09/Dec/2025/11/17/46 PUT /v1/AUTH_fe8e21ac5c0a43c08a5d66d132e30e63/gnocchi.dd8c14ef-8e84-43cc-bae1-160b4d4e82af HTTP/1.0 201 - python-swiftclient-3.11.1 gAAAAABpOAUW5tBP... - - - tx1ae320ad58784b66ae94a-006938055a - 0.0328 - - 1765279066.116793871 1765279066.149631023 0
Dec 9 11:17:46 standalone container-server[127211]: 172.20.0.100 - - [09/Dec/2025:11:17:46 +0000] "HEAD /d1/568/AUTH_fe8e21ac5c0a43c08a5d66d132e30e63/gnocchi.dd8c14ef-8e84-43cc-bae1-160b4d4e82af" 204 - "HEAD http://172.18.0.2:8080/v1/AUTH_fe8e21ac5c0a43c08a5d66d132e30e63/gnocchi.dd8c14ef-8e84-43cc-bae1-160b4d4e82af?format=json&states=listing" "txbce7a39750314097859cd-006938055a" "proxy-server 20" 0.0041 "-" 21 0
Dec 9 11:17:46 standalone proxy-server[129294]: - - 09/Dec/2025/11/17/46 HEAD /v1/AUTH_fe8e21ac5c0a43c08a5d66d132e30e63/gnocchi.dd8c14ef-8e84-43cc-bae1-160b4d4e82af%3Fformat%3Djson%26states%3Dlisting HTTP/1.0 204 - Swift - - - - txbce7a39750314097859cd-006938055a - 0.0107 RL - 1765279066.155676126 1765279066.166373491 0
Dec 9 11:17:46 standalone container-server[127213]: 172.20.0.100 - - [09/Dec/2025:11:17:46 +0000] "GET /d1/568/AUTH_fe8e21ac5c0a43c08a5d66d132e30e63/gnocchi.dd8c14ef-8e84-43cc-bae1-160b4d4e82af" 200 2 "GET http://172.18.0.2:8080/v1/AUTH_fe8e21ac5c0a43c08a5d66d132e30e63/gnocchi.dd8c14ef-8e84-43cc-bae1-160b4d4e82af?format=json&states=listing" "txbce7a39750314097859cd-006938055a" "proxy-server 20" 0.0023 "-" 22 0
Dec 9 11:17:46 standalone proxy-server[129294]: 172.18.0.2 172.18.0.100 09/Dec/2025/11/17/46 GET /v1/AUTH_fe8e21ac5c0a43c08a5d66d132e30e63/gnocchi.dd8c14ef-8e84-43cc-bae1-160b4d4e82af%3Fformat%3Djson%26states%3Dlisting HTTP/1.0 200 - python-swiftclient-3.11.1 gAAAAABpOAUW5tBP... - 2 - txbce7a39750314097859cd-006938055a - 0.0237 - - 1765279066.153956652 1765279066.177661657 0
Dec 9 11:17:46 standalone object-server[127561]: 172.20.0.100 - - [09/Dec/2025:11:17:46 +0000] "GET /d1/665/AUTH_fe8e21ac5c0a43c08a5d66d132e30e63/gnocchi.dd8c14ef-8e84-43cc-bae1-160b4d4e82af/1764720000.0_mean_300.0_v3" 404 70 "GET http://172.18.0.2:8080/v1/AUTH_fe8e21ac5c0a43c08a5d66d132e30e63/gnocchi.dd8c14ef-8e84-43cc-bae1-160b4d4e82af/1764720000.0_mean_300.0_v3" "tx2376c8e69859479e8833c-006938055a" "proxy-server 20" 0.0005 "-" 22 0
Dec 9 11:17:46 standalone proxy-server[129294]: 172.18.0.2 172.18.0.100 09/Dec/2025/11/17/46 GET /v1/AUTH_fe8e21ac5c0a43c08a5d66d132e30e63/gnocchi.dd8c14ef-8e84-43cc-bae1-160b4d4e82af/1764720000.0_mean_300.0_v3 HTTP/1.0 404 - python-swiftclient-3.11.1 gAAAAABpOAUW5tBP... - 70 - tx2376c8e69859479e8833c-006938055a - 0.0094 - - 1765279066.183539629 1765279066.192953825 0
Dec 9 11:17:46 standalone container-server[127211]: 172.20.0.100 - - [09/Dec/2025:11:17:46 +0000] "PUT /d1/568/AUTH_fe8e21ac5c0a43c08a5d66d132e30e63/gnocchi.dd8c14ef-8e84-43cc-bae1-160b4d4e82af/1764720000.0_mean_300.0_v3" 201 - "PUT http://172.18.0.2:8080/d1/665/AUTH_fe8e21ac5c0a43c08a5d66d132e30e63/gnocchi.dd8c14ef-8e84-43cc-bae1-160b4d4e82af/1764720000.0_mean_300.0_v3" "tx3b9f986d54f148139bad5-006938055a" "object-server 24" 0.0013 "-" 21 0
Dec 9 11:17:46 standalone object-server[127565]: 172.20.0.100 - - [09/Dec/2025:11:17:46 +0000] "PUT /d1/665/AUTH_fe8e21ac5c0a43c08a5d66d132e30e63/gnocchi.dd8c14ef-8e84-43cc-bae1-160b4d4e82af/1764720000.0_mean_300.0_v3" 201 - "PUT http://172.18.0.2:8080/v1/AUTH_fe8e21ac5c0a43c08a5d66d132e30e63/gnocchi.dd8c14ef-8e84-43cc-bae1-160b4d4e82af/1764720000.0_mean_300.0_v3" "tx3b9f986d54f148139bad5-006938055a" "proxy-server 20" 0.0133 "-" 24 0
Dec 9 11:17:46 standalone proxy-server[129294]: 172.18.0.2 172.18.0.100 09/Dec/2025/11/17/46 PUT /v1/AUTH_fe8e21ac5c0a43c08a5d66d132e30e63/gnocchi.dd8c14ef-8e84-43cc-bae1-160b4d4e82af/1764720000.0_mean_300.0_v3 HTTP/1.0 201 - python-swiftclient-3.11.1 gAAAAABpOAUW5tBP... 16 - - tx3b9f986d54f148139bad5-006938055a - 0.0230 - - 1765279066.198766947 1765279066.221723080 0
Dec 9 11:17:46 standalone container-server[127213]: 172.20.0.100 - - [09/Dec/2025:11:17:46 +0000] "PUT /d1/568/AUTH_fe8e21ac5c0a43c08a5d66d132e30e63/gnocchi.dd8c14ef-8e84-43cc-bae1-160b4d4e82af/none_v3" 201 - "PUT http://172.18.0.2:8080/d1/590/AUTH_fe8e21ac5c0a43c08a5d66d132e30e63/gnocchi.dd8c14ef-8e84-43cc-bae1-160b4d4e82af/none_v3" "tx5078091c3c05432883f4c-006938055a" "object-server 23" 0.0009 "-" 22 0
Dec 9 11:17:46 standalone object-server[127562]: 172.20.0.100 - - [09/Dec/2025:11:17:46 +0000] "PUT /d1/590/AUTH_fe8e21ac5c0a43c08a5d66d132e30e63/gnocchi.dd8c14ef-8e84-43cc-bae1-160b4d4e82af/none_v3" 201 - "PUT http://172.18.0.2:8080/v1/AUTH_fe8e21ac5c0a43c08a5d66d132e30e63/gnocchi.dd8c14ef-8e84-43cc-bae1-160b4d4e82af/none_v3" "tx5078091c3c05432883f4c-006938055a" "proxy-server 20" 0.0294 "-" 23 0
Dec 9 11:17:46 standalone proxy-server[129294]: 172.18.0.2 172.18.0.100 09/Dec/2025/11/17/46 PUT /v1/AUTH_fe8e21ac5c0a43c08a5d66d132e30e63/gnocchi.dd8c14ef-8e84-43cc-bae1-160b4d4e82af/none_v3 HTTP/1.0 201 - python-swiftclient-3.11.1 gAAAAABpOAUW5tBP... 22 - - tx5078091c3c05432883f4c-006938055a - 0.0373 - - 1765279066.227445841 1765279066.264752150 0
Dec 9 11:17:46 standalone container-server[127208]: 172.20.0.100 - - [09/Dec/2025:11:17:46 +0000] "HEAD /d1/875/AUTH_fe8e21ac5c0a43c08a5d66d132e30e63/gnocchi.25cfa6de-1a3c-49d0-a5ea-dfbf40c75d9a" 404 - "HEAD http://172.18.0.2:8080/v1/AUTH_fe8e21ac5c0a43c08a5d66d132e30e63/gnocchi.25cfa6de-1a3c-49d0-a5ea-dfbf40c75d9a?format=json&states=listing" "txc55001ffd9be408588f22-006938055a" "proxy-server 20" 0.0004 "-" 20 0
Dec 9 11:17:46 standalone object-server[127578]: 172.20.0.100 - - [09/Dec/2025:11:17:46 +0000] "GET /d1/16/AUTH_fe8e21ac5c0a43c08a5d66d132e30e63/gnocchi.25cfa6de-1a3c-49d0-a5ea-dfbf40c75d9a/none_v3" 404 70 "GET http://172.18.0.2:8080/v1/AUTH_fe8e21ac5c0a43c08a5d66d132e30e63/gnocchi.25cfa6de-1a3c-49d0-a5ea-dfbf40c75d9a/none_v3" "txc55001ffd9be408588f22-006938055a" "proxy-server 20" 0.0004 "-" 25 0
Dec 9 11:17:46 standalone proxy-server[129294]: 172.18.0.2 172.18.0.100 09/Dec/2025/11/17/46 GET /v1/AUTH_fe8e21ac5c0a43c08a5d66d132e30e63/gnocchi.25cfa6de-1a3c-49d0-a5ea-dfbf40c75d9a/none_v3 HTTP/1.0 404 - python-swiftclient-3.11.1 gAAAAABpOAUW5tBP... - 70 - txc55001ffd9be408588f22-006938055a - 0.0091 - - 1765279066.276142597 1765279066.285199642 0
Dec 9 11:17:46 standalone account-server[127209]: 172.20.0.100 - - [09/Dec/2025:11:17:46 +0000] "PUT /d1/510/AUTH_fe8e21ac5c0a43c08a5d66d132e30e63/gnocchi.25cfa6de-1a3c-49d0-a5ea-dfbf40c75d9a" 201 - "PUT http://172.20.0.100:6001/d1/875/AUTH_fe8e21ac5c0a43c08a5d66d132e30e63/gnocchi.25cfa6de-1a3c-49d0-a5ea-dfbf40c75d9a" "txd9d8ee9a535c4ac8957b1-006938055a" "container-server 23" 0.0094 "-" 14 0
Dec 9 11:17:46 standalone container-server[127221]: 172.20.0.100 - - [09/Dec/2025:11:17:46 +0000] "PUT /d1/875/AUTH_fe8e21ac5c0a43c08a5d66d132e30e63/gnocchi.25cfa6de-1a3c-49d0-a5ea-dfbf40c75d9a" 201 - "PUT http://172.18.0.2:8080/v1/AUTH_fe8e21ac5c0a43c08a5d66d132e30e63/gnocchi.25cfa6de-1a3c-49d0-a5ea-dfbf40c75d9a" "txd9d8ee9a535c4ac8957b1-006938055a" "proxy-server 20" 0.0288 "-" 23 0
Dec 9 11:17:46 standalone proxy-server[129294]: 172.18.0.2 172.18.0.100 09/Dec/2025/11/17/46 PUT /v1/AUTH_fe8e21ac5c0a43c08a5d66d132e30e63/gnocchi.25cfa6de-1a3c-49d0-a5ea-dfbf40c75d9a HTTP/1.0 201 - python-swiftclient-3.11.1 gAAAAABpOAUW5tBP... - - - txd9d8ee9a535c4ac8957b1-006938055a - 0.0349 - - 1765279066.287236691 1765279066.322096109 0
Dec 9 11:17:46 standalone container-server[127221]: 172.20.0.100 - - [09/Dec/2025:11:17:46 +0000] "HEAD /d1/465/AUTH_fe8e21ac5c0a43c08a5d66d132e30e63/gnocchi.8c1b3107-ac54-4f7d-84a1-6ad968c0291a" 404 - "HEAD http://172.18.0.2:8080/v1/AUTH_fe8e21ac5c0a43c08a5d66d132e30e63/gnocchi.8c1b3107-ac54-4f7d-84a1-6ad968c0291a?format=json&states=listing" "txc022200d0875432ab53bf-006938055a" "proxy-server 20" 0.0004 "-" 23 0
Dec 9 11:17:46 standalone object-server[127565]: 172.20.0.100 - - [09/Dec/2025:11:17:46 +0000] "GET /d1/240/AUTH_fe8e21ac5c0a43c08a5d66d132e30e63/gnocchi.8c1b3107-ac54-4f7d-84a1-6ad968c0291a/none_v3" 404 70 "GET http://172.18.0.2:8080/v1/AUTH_fe8e21ac5c0a43c08a5d66d132e30e63/gnocchi.8c1b3107-ac54-4f7d-84a1-6ad968c0291a/none_v3" "txc022200d0875432ab53bf-006938055a" "proxy-server 20" 0.0005 "-" 24 0
Dec 9 11:17:46 standalone proxy-server[129294]: 172.18.0.2 172.18.0.100 09/Dec/2025/11/17/46 GET /v1/AUTH_fe8e21ac5c0a43c08a5d66d132e30e63/gnocchi.8c1b3107-ac54-4f7d-84a1-6ad968c0291a/none_v3 HTTP/1.0 404 - python-swiftclient-3.11.1 gAAAAABpOAUW5tBP... - 70 - txc022200d0875432ab53bf-006938055a - 0.0473 - - 1765279066.326154470 1765279066.373420715 0
Dec 9 11:17:46 standalone account-server[127209]: 172.20.0.100 - - [09/Dec/2025:11:17:46 +0000] "PUT /d1/510/AUTH_fe8e21ac5c0a43c08a5d66d132e30e63/gnocchi.8c1b3107-ac54-4f7d-84a1-6ad968c0291a" 201 - "PUT http://172.20.0.100:6001/d1/465/AUTH_fe8e21ac5c0a43c08a5d66d132e30e63/gnocchi.8c1b3107-ac54-4f7d-84a1-6ad968c0291a" "txbddfdb1526d84ba5acca3-006938055a" "container-server 21" 0.0092 "-" 14 0
Dec 9 11:17:46 standalone container-server[127211]: 172.20.0.100 - - [09/Dec/2025:11:17:46 +0000] "PUT /d1/465/AUTH_fe8e21ac5c0a43c08a5d66d132e30e63/gnocchi.8c1b3107-ac54-4f7d-84a1-6ad968c0291a" 201 - "PUT http://172.18.0.2:8080/v1/AUTH_fe8e21ac5c0a43c08a5d66d132e30e63/gnocchi.8c1b3107-ac54-4f7d-84a1-6ad968c0291a" "txbddfdb1526d84ba5acca3-006938055a" "proxy-server 20" 0.0333 "-" 21 0
Dec 9 11:17:46 standalone proxy-server[129294]: 172.18.0.2 172.18.0.100 09/Dec/2025/11/17/46 PUT /v1/AUTH_fe8e21ac5c0a43c08a5d66d132e30e63/gnocchi.8c1b3107-ac54-4f7d-84a1-6ad968c0291a HTTP/1.0 201 - python-swiftclient-3.11.1 gAAAAABpOAUW5tBP... - - - txbddfdb1526d84ba5acca3-006938055a - 0.0471 - - 1765279066.377299547 1765279066.424424171 0
Dec 9 11:17:46 standalone container-server[127208]: 172.20.0.100 - - [09/Dec/2025:11:17:46 +0000] "HEAD /d1/875/AUTH_fe8e21ac5c0a43c08a5d66d132e30e63/gnocchi.25cfa6de-1a3c-49d0-a5ea-dfbf40c75d9a" 204 - "HEAD http://172.18.0.2:8080/v1/AUTH_fe8e21ac5c0a43c08a5d66d132e30e63/gnocchi.25cfa6de-1a3c-49d0-a5ea-dfbf40c75d9a?format=json&states=listing" "txcd2af678d2c24d5da2988-006938055a" "proxy-server 20" 0.0020 "-" 20 0
Dec 9 11:17:46 standalone proxy-server[129294]: - - 09/Dec/2025/11/17/46 HEAD /v1/AUTH_fe8e21ac5c0a43c08a5d66d132e30e63/gnocchi.25cfa6de-1a3c-49d0-a5ea-dfbf40c75d9a%3Fformat%3Djson%26states%3Dlisting HTTP/1.0 204 - Swift - - - - txcd2af678d2c24d5da2988-006938055a - 0.0063 RL - 1765279066.429131031 1765279066.435391188 0
