Oct 05 14:45:08 np0005471276.novalocal object-server[93245]: ::1 - - [05/Oct/2025:18:45:08 +0000] "PUT /2/35251/AUTH_044b6cf3b72e4ad0b2d669d50ca59d45/gnocchi.829b1f1d-687e-4d3c-a37c-e11ed3fe6247/none_v3" 201 - "PUT http://[::1]:8080/v1/AUTH_044b6cf3b72e4ad0b2d669d50ca59d45/gnocchi.829b1f1d-687e-4d3c-a37c-e11ed3fe6247/none_v3" "tx594e07bae94d438ba7f1e-0068e2bcb4" "proxy-server 85965" 0.0133 "-" 93245 0
Oct 05 14:45:08 np0005471276.novalocal object-server[93245]: ::1 - - [05/Oct/2025:18:45:08 +0000] "PUT /1/35251/AUTH_044b6cf3b72e4ad0b2d669d50ca59d45/gnocchi.829b1f1d-687e-4d3c-a37c-e11ed3fe6247/none_v3" 201 - "PUT http://[::1]:8080/v1/AUTH_044b6cf3b72e4ad0b2d669d50ca59d45/gnocchi.829b1f1d-687e-4d3c-a37c-e11ed3fe6247/none_v3" "tx594e07bae94d438ba7f1e-0068e2bcb4" "proxy-server 85965" 0.0209 "-" 93245 0
Oct 05 14:45:08 np0005471276.novalocal proxy-server[85965]: ::1 ::1 05/Oct/2025/18/45/08 PUT /v1/AUTH_044b6cf3b72e4ad0b2d669d50ca59d45/gnocchi.829b1f1d-687e-4d3c-a37c-e11ed3fe6247/none_v3 HTTP/1.0 201 - python-swiftclient-4.5.0 gAAAAABo4ryHW7gA... 22 - - tx594e07bae94d438ba7f1e-0068e2bcb4 - 0.0397 - - 1759689908.854685545 1759689908.894369602 0
Oct 05 14:45:08 np0005471276.novalocal object-server[93245]: ::1 - - [05/Oct/2025:18:45:08 +0000] "GET /3/157896/AUTH_044b6cf3b72e4ad0b2d669d50ca59d45/gnocchi.1ca892f0-7ed2-4d6c-a42a-e9efcaeb7771/none_v3" 200 22 "GET http://[::1]:8080/v1/AUTH_044b6cf3b72e4ad0b2d669d50ca59d45/gnocchi.1ca892f0-7ed2-4d6c-a42a-e9efcaeb7771/none_v3" "tx1d2f9373e6754a39b9c8b-0068e2bcb4" "proxy-server 85965" 0.0009 "-" 93245 0
Oct 05 14:45:08 np0005471276.novalocal proxy-server[85965]: ::1 ::1 05/Oct/2025/18/45/08 GET /v1/AUTH_044b6cf3b72e4ad0b2d669d50ca59d45/gnocchi.1ca892f0-7ed2-4d6c-a42a-e9efcaeb7771/none_v3 HTTP/1.0 200 - python-swiftclient-4.5.0 gAAAAABo4ryD2OD-... - 22 - tx1d2f9373e6754a39b9c8b-0068e2bcb4 - 0.0072 - - 1759689908.893777609 1759689908.900976896 0
Oct 05 14:45:08 np0005471276.novalocal container-server[92945]: ::1 - - [05/Oct/2025:18:45:08 +0000] "HEAD /3/227280/AUTH_044b6cf3b72e4ad0b2d669d50ca59d45/gnocchi.5c2acb06-05b2-4dd2-9d6a-cdf90c9e2709" 404 - "HEAD http://[::1]:8080/v1/AUTH_044b6cf3b72e4ad0b2d669d50ca59d45/gnocchi.5c2acb06-05b2-4dd2-9d6a-cdf90c9e2709" "txc0dd07a48a0042dc90d20-0068e2bcb4" "proxy-server 85965" 0.0003 "-" 92945 0
Oct 05 14:45:08 np0005471276.novalocal container-server[92944]: ::1 - - [05/Oct/2025:18:45:08 +0000] "HEAD /2/227280/AUTH_044b6cf3b72e4ad0b2d669d50ca59d45/gnocchi.5c2acb06-05b2-4dd2-9d6a-cdf90c9e2709" 404 - "HEAD http://[::1]:8080/v1/AUTH_044b6cf3b72e4ad0b2d669d50ca59d45/gnocchi.5c2acb06-05b2-4dd2-9d6a-cdf90c9e2709" "txc0dd07a48a0042dc90d20-0068e2bcb4" "proxy-server 85965" 0.0006 "-" 92944 0
Oct 05 14:45:08 np0005471276.novalocal container-server[92944]: ::1 - - [05/Oct/2025:18:45:08 +0000] "HEAD /1/227280/AUTH_044b6cf3b72e4ad0b2d669d50ca59d45/gnocchi.5c2acb06-05b2-4dd2-9d6a-cdf90c9e2709" 404 - "HEAD http://[::1]:8080/v1/AUTH_044b6cf3b72e4ad0b2d669d50ca59d45/gnocchi.5c2acb06-05b2-4dd2-9d6a-cdf90c9e2709" "txc0dd07a48a0042dc90d20-0068e2bcb4" "proxy-server 85965" 0.0002 "-" 92944 0
Oct 05 14:45:08 np0005471276.novalocal proxy-server[85965]: - - 05/Oct/2025/18/45/08 HEAD /v1/AUTH_044b6cf3b72e4ad0b2d669d50ca59d45/gnocchi.5c2acb06-05b2-4dd2-9d6a-cdf90c9e2709 HTTP/1.0 404 - Swift - - - - txc0dd07a48a0042dc90d20-0068e2bcb4 - 0.0129 CS - 1759689908.904662132 1759689908.917512178 0
Oct 05 14:45:08 np0005471276.novalocal container-server[92945]: ::1 - - [05/Oct/2025:18:45:08 +0000] "GET /2/35050/AUTH_044b6cf3b72e4ad0b2d669d50ca59d45/gnocchi.1ca892f0-7ed2-4d6c-a42a-e9efcaeb7771" 200 357 "GET http://[::1]:8080/v1/AUTH_044b6cf3b72e4ad0b2d669d50ca59d45/gnocchi.1ca892f0-7ed2-4d6c-a42a-e9efcaeb7771?format=json&states=listing" "tx78d2841adb4744f0a006e-0068e2bcb4" "proxy-server 85965" 0.0146 "-" 92945 0
Oct 05 14:45:08 np0005471276.novalocal proxy-server[85965]: ::1 ::1 05/Oct/2025/18/45/08 GET /v1/AUTH_044b6cf3b72e4ad0b2d669d50ca59d45/gnocchi.1ca892f0-7ed2-4d6c-a42a-e9efcaeb7771%3Fformat%3Djson%26states%3Dlisting HTTP/1.0 200 - python-swiftclient-4.5.0 gAAAAABo4ryD2OD-... - 357 - tx78d2841adb4744f0a006e-0068e2bcb4 - 0.0219 - - 1759689908.903534174 1759689908.925402880 0
Oct 05 14:45:08 np0005471276.novalocal object-server[93245]: ::1 - - [05/Oct/2025:18:45:08 +0000] "GET /3/83457/AUTH_044b6cf3b72e4ad0b2d669d50ca59d45/gnocchi.5c2acb06-05b2-4dd2-9d6a-cdf90c9e2709/none_v3" 404 70 "GET http://[::1]:8080/v1/AUTH_044b6cf3b72e4ad0b2d669d50ca59d45/gnocchi.5c2acb06-05b2-4dd2-9d6a-cdf90c9e2709/none_v3" "txc0dd07a48a0042dc90d20-0068e2bcb4" "proxy-server 85965" 0.0010 "-" 93245 0
Oct 05 14:45:08 np0005471276.novalocal object-server[93245]: ::1 - - [05/Oct/2025:18:45:08 +0000] "GET /1/83457/AUTH_044b6cf3b72e4ad0b2d669d50ca59d45/gnocchi.5c2acb06-05b2-4dd2-9d6a-cdf90c9e2709/none_v3" 404 70 "GET http://[::1]:8080/v1/AUTH_044b6cf3b72e4ad0b2d669d50ca59d45/gnocchi.5c2acb06-05b2-4dd2-9d6a-cdf90c9e2709/none_v3" "txc0dd07a48a0042dc90d20-0068e2bcb4" "proxy-server 85965" 0.0002 "-" 93245 0
Oct 05 14:45:08 np0005471276.novalocal object-server[93245]: ::1 - - [05/Oct/2025:18:45:08 +0000] "GET /2/83457/AUTH_044b6cf3b72e4ad0b2d669d50ca59d45/gnocchi.5c2acb06-05b2-4dd2-9d6a-cdf90c9e2709/none_v3" 404 70 "GET http://[::1]:8080/v1/AUTH_044b6cf3b72e4ad0b2d669d50ca59d45/gnocchi.5c2acb06-05b2-4dd2-9d6a-cdf90c9e2709/none_v3" "txc0dd07a48a0042dc90d20-0068e2bcb4" "proxy-server 85965" 0.0002 "-" 93245 0
Oct 05 14:45:08 np0005471276.novalocal proxy-server[85965]: ::1 ::1 05/Oct/2025/18/45/08 GET /v1/AUTH_044b6cf3b72e4ad0b2d669d50ca59d45/gnocchi.5c2acb06-05b2-4dd2-9d6a-cdf90c9e2709/none_v3 HTTP/1.0 404 - python-swiftclient-4.5.0 gAAAAABo4ryHW7gA... - 70 - txc0dd07a48a0042dc90d20-0068e2bcb4 - 0.0384 - - 1759689908.903952599 1759689908.942396641 0
Oct 05 14:45:08 np0005471276.novalocal container-server[92945]: ::1 - - [05/Oct/2025:18:45:08 +0000] "GET /1/35050/AUTH_044b6cf3b72e4ad0b2d669d50ca59d45/gnocchi.1ca892f0-7ed2-4d6c-a42a-e9efcaeb7771" 200 2 "GET http://[::1]:8080/v1/AUTH_044b6cf3b72e4ad0b2d669d50ca59d45/gnocchi.1ca892f0-7ed2-4d6c-a42a-e9efcaeb7771?format=json&marker=none_v3&states=listing" "tx9197a030351f4e25b8493-0068e2bcb4" "proxy-server 85965" 0.0105 "-" 92945 0
Oct 05 14:45:08 np0005471276.novalocal proxy-server[85965]: ::1 ::1 05/Oct/2025/18/45/08 GET /v1/AUTH_044b6cf3b72e4ad0b2d669d50ca59d45/gnocchi.1ca892f0-7ed2-4d6c-a42a-e9efcaeb7771%3Fformat%3Djson%26marker%3Dnone_v3%26states%3Dlisting HTTP/1.0 200 - python-swiftclient-4.5.0 gAAAAABo4ryD2OD-... - 2 - tx9197a030351f4e25b8493-0068e2bcb4 - 0.0252 - - 1759689908.929189920 1759689908.954371691 0
Oct 05 14:45:08 np0005471276.novalocal object-server[93245]: ::1 - - [05/Oct/2025:18:45:08 +0000] "GET /1/229858/AUTH_044b6cf3b72e4ad0b2d669d50ca59d45/gnocchi.1ca892f0-7ed2-4d6c-a42a-e9efcaeb7771/1759320000.0_mean_300.0_v3" 200 18 "GET http://[::1]:8080/v1/AUTH_044b6cf3b72e4ad0b2d669d50ca59d45/gnocchi.1ca892f0-7ed2-4d6c-a42a-e9efcaeb7771/1759320000.0_mean_300.0_v3" "tx31c4e845c5a34cc1ba3b6-0068e2bcb4" "proxy-server 85965" 0.0007 "-" 93245 0
Oct 05 14:45:08 np0005471276.novalocal proxy-server[85965]: ::1 ::1 05/Oct/2025/18/45/08 GET /v1/AUTH_044b6cf3b72e4ad0b2d669d50ca59d45/gnocchi.1ca892f0-7ed2-4d6c-a42a-e9efcaeb7771/1759320000.0_mean_300.0_v3 HTTP/1.0 200 - python-swiftclient-4.5.0 gAAAAABo4ryD2OD-... - 18 - tx31c4e845c5a34cc1ba3b6-0068e2bcb4 - 0.0234 - - 1759689908.957855225 1759689908.981221437 0
Oct 05 14:45:09 np0005471276.novalocal account-server[92646]: ::1 - - [05/Oct/2025:18:45:09 +0000] "PUT /1/100595/AUTH_044b6cf3b72e4ad0b2d669d50ca59d45/gnocchi.5c2acb06-05b2-4dd2-9d6a-cdf90c9e2709" 201 - "PUT http://[::1]:6001/1/227280/AUTH_044b6cf3b72e4ad0b2d669d50ca59d45/gnocchi.5c2acb06-05b2-4dd2-9d6a-cdf90c9e2709" "tx36d8f0d7f68746a08aa9a-0068e2bcb4" "container-server 92944" 0.0554 "-" 92646 0
Oct 05 14:45:09 np0005471276.novalocal container-server[92944]: ::1 - - [05/Oct/2025:18:45:09 +0000] "PUT /1/227280/AUTH_044b6cf3b72e4ad0b2d669d50ca59d45/gnocchi.5c2acb06-05b2-4dd2-9d6a-cdf90c9e2709" 201 - "PUT http://[::1]:8080/v1/AUTH_044b6cf3b72e4ad0b2d669d50ca59d45/gnocchi.5c2acb06-05b2-4dd2-9d6a-cdf90c9e2709" "tx36d8f0d7f68746a08aa9a-0068e2bcb4" "proxy-server 85965" 0.0834 "-" 92944 0
Oct 05 14:45:09 np0005471276.novalocal container-server[92944]: ::1 - - [05/Oct/2025:18:45:09 +0000] "PUT /1/35050/AUTH_044b6cf3b72e4ad0b2d669d50ca59d45/gnocchi.1ca892f0-7ed2-4d6c-a42a-e9efcaeb7771/1759320000.0_mean_300.0_v3" 201 - "PUT http://[::1]:8080/2/229858/AUTH_044b6cf3b72e4ad0b2d669d50ca59d45/gnocchi.1ca892f0-7ed2-4d6c-a42a-e9efcaeb7771/1759320000.0_mean_300.0_v3" "tx9ffa7ad6b55043edbbdbe-0068e2bcb4" "object-server 93245" 0.0005 "-" 92944 0
Oct 05 14:45:09 np0005471276.novalocal container-server[92944]: ::1 - - [05/Oct/2025:18:45:09 +0000] "PUT /3/35050/AUTH_044b6cf3b72e4ad0b2d669d50ca59d45/gnocchi.1ca892f0-7ed2-4d6c-a42a-e9efcaeb7771/1759320000.0_mean_300.0_v3" 201 - "PUT http://[::1]:8080/3/229858/AUTH_044b6cf3b72e4ad0b2d669d50ca59d45/gnocchi.1ca892f0-7ed2-4d6c-a42a-e9efcaeb7771/1759320000.0_mean_300.0_v3" "tx9ffa7ad6b55043edbbdbe-0068e2bcb4" "object-server 93246" 0.0003 "-" 92944 0
Oct 05 14:45:09 np0005471276.novalocal object-server[93245]: ::1 - - [05/Oct/2025:18:45:09 +0000] "PUT /2/229858/AUTH_044b6cf3b72e4ad0b2d669d50ca59d45/gnocchi.1ca892f0-7ed2-4d6c-a42a-e9efcaeb7771/1759320000.0_mean_300.0_v3" 201 - "PUT http://[::1]:8080/v1/AUTH_044b6cf3b72e4ad0b2d669d50ca59d45/gnocchi.1ca892f0-7ed2-4d6c-a42a-e9efcaeb7771/1759320000.0_mean_300.0_v3" "tx9ffa7ad6b55043edbbdbe-0068e2bcb4" "proxy-server 85965" 0.0593 "-" 93245 0
Oct 05 14:45:09 np0005471276.novalocal container-server[92944]: ::1 - - [05/Oct/2025:18:45:09 +0000] "PUT /2/35050/AUTH_044b6cf3b72e4ad0b2d669d50ca59d45/gnocchi.1ca892f0-7ed2-4d6c-a42a-e9efcaeb7771/1759320000.0_mean_300.0_v3" 201 - "PUT http://[::1]:8080/1/229858/AUTH_044b6cf3b72e4ad0b2d669d50ca59d45/gnocchi.1ca892f0-7ed2-4d6c-a42a-e9efcaeb7771/1759320000.0_mean_300.0_v3" "tx9ffa7ad6b55043edbbdbe-0068e2bcb4" "object-server 93246" 0.0003 "-" 92944 0
Oct 05 14:45:09 np0005471276.novalocal object-server[93246]: ::1 - - [05/Oct/2025:18:45:09 +0000] "PUT /3/229858/AUTH_044b6cf3b72e4ad0b2d669d50ca59d45/gnocchi.1ca892f0-7ed2-4d6c-a42a-e9efcaeb7771/1759320000.0_mean_300.0_v3" 201 - "PUT http://[::1]:8080/v1/AUTH_044b6cf3b72e4ad0b2d669d50ca59d45/gnocchi.1ca892f0-7ed2-4d6c-a42a-e9efcaeb7771/1759320000.0_mean_300.0_v3" "tx9ffa7ad6b55043edbbdbe-0068e2bcb4" "proxy-server 85965" 0.0603 "-" 93246 0
Oct 05 14:45:09 np0005471276.novalocal object-server[93246]: ::1 - - [05/Oct/2025:18:45:09 +0000] "PUT /1/229858/AUTH_044b6cf3b72e4ad0b2d669d50ca59d45/gnocchi.1ca892f0-7ed2-4d6c-a42a-e9efcaeb7771/1759320000.0_mean_300.0_v3" 201 - "PUT http://[::1]:8080/v1/AUTH_044b6cf3b72e4ad0b2d669d50ca59d45/gnocchi.1ca892f0-7ed2-4d6c-a42a-e9efcaeb7771/1759320000.0_mean_300.0_v3" "tx9ffa7ad6b55043edbbdbe-0068e2bcb4" "proxy-server 85965" 0.0598 "-" 93246 0
Oct 05 14:45:09 np0005471276.novalocal proxy-server[85965]: ::1 ::1 05/Oct/2025/18/45/09 PUT /v1/AUTH_044b6cf3b72e4ad0b2d669d50ca59d45/gnocchi.1ca892f0-7ed2-4d6c-a42a-e9efcaeb7771/1759320000.0_mean_300.0_v3 HTTP/1.0 201 - python-swiftclient-4.5.0 gAAAAABo4ryD2OD-... 18 - - tx9ffa7ad6b55043edbbdbe-0068e2bcb4 - 0.0664 - - 1759689908.984756231 1759689909.051152229 0
Oct 05 14:45:09 np0005471276.novalocal container-server[92944]: ::1 - - [05/Oct/2025:18:45:09 +0000] "PUT /1/35050/AUTH_044b6cf3b72e4ad0b2d669d50ca59d45/gnocchi.1ca892f0-7ed2-4d6c-a42a-e9efcaeb7771/none_v3" 201 - "PUT http://[::1]:8080/2/157896/AUTH_044b6cf3b72e4ad0b2d669d50ca59d45/gnocchi.1ca892f0-7ed2-4d6c-a42a-e9efcaeb7771/none_v3" "txb0b4a3dc22f94148873b3-0068e2bcb5" "object-server 93245" 0.0005 "-" 92944 0
Oct 05 14:45:09 np0005471276.novalocal account-server[92646]: ::1 - - [05/Oct/2025:18:45:09 +0000] "PUT /2/100595/AUTH_044b6cf3b72e4ad0b2d669d50ca59d45/gnocchi.5c2acb06-05b2-4dd2-9d6a-cdf90c9e2709" 201 - "PUT http://[::1]:6001/2/227280/AUTH_044b6cf3b72e4ad0b2d669d50ca59d45/gnocchi.5c2acb06-05b2-4dd2-9d6a-cdf90c9e2709" "tx36d8f0d7f68746a08aa9a-0068e2bcb4" "container-server 92945" 0.0792 "-" 92646 0
Oct 05 14:45:09 np0005471276.novalocal object-server[93245]: ::1 - - [05/Oct/2025:18:45:09 +0000] "PUT /2/157896/AUTH_044b6cf3b72e4ad0b2d669d50ca59d45/gnocchi.1ca892f0-7ed2-4d6c-a42a-e9efcaeb7771/none_v3" 201 - "PUT http://[::1]:8080/v1/AUTH_044b6cf3b72e4ad0b2d669d50ca59d45/gnocchi.1ca892f0-7ed2-4d6c-a42a-e9efcaeb7771/none_v3" "txb0b4a3dc22f94148873b3-0068e2bcb5" "proxy-server 85965" 0.0652 "-" 93245 0
Oct 05 14:45:09 np0005471276.novalocal container-server[92945]: ::1 - - [05/Oct/2025:18:45:09 +0000] "PUT /2/227280/AUTH_044b6cf3b72e4ad0b2d669d50ca59d45/gnocchi.5c2acb06-05b2-4dd2-9d6a-cdf90c9e2709" 201 - "PUT http://[::1]:8080/v1/AUTH_044b6cf3b72e4ad0b2d669d50ca59d45/gnocchi.5c2acb06-05b2-4dd2-9d6a-cdf90c9e2709" "tx36d8f0d7f68746a08aa9a-0068e2bcb4" "proxy-server 85965" 0.1646 "-" 92945 0
Oct 05 14:45:09 np0005471276.novalocal container-server[92945]: ::1 - - [05/Oct/2025:18:45:09 +0000] "PUT /3/35050/AUTH_044b6cf3b72e4ad0b2d669d50ca59d45/gnocchi.1ca892f0-7ed2-4d6c-a42a-e9efcaeb7771/none_v3" 201 - "PUT http://[::1]:8080/3/157896/AUTH_044b6cf3b72e4ad0b2d669d50ca59d45/gnocchi.1ca892f0-7ed2-4d6c-a42a-e9efcaeb7771/none_v3" "txb0b4a3dc22f94148873b3-0068e2bcb5" "object-server 93246" 0.0007 "-" 92945 0
Oct 05 14:45:09 np0005471276.novalocal container-server[92944]: ::1 - - [05/Oct/2025:18:45:09 +0000] "PUT /2/35050/AUTH_044b6cf3b72e4ad0b2d669d50ca59d45/gnocchi.1ca892f0-7ed2-4d6c-a42a-e9efcaeb7771/none_v3" 201 - "PUT http://[::1]:8080/1/157896/AUTH_044b6cf3b72e4ad0b2d669d50ca59d45/gnocchi.1ca892f0-7ed2-4d6c-a42a-e9efcaeb7771/none_v3" "txb0b4a3dc22f94148873b3-0068e2bcb5" "object-server 93246" 0.0006 "-" 92944 0
Oct 05 14:45:09 np0005471276.novalocal object-server[93246]: ::1 - - [05/Oct/2025:18:45:09 +0000] "PUT /3/157896/AUTH_044b6cf3b72e4ad0b2d669d50ca59d45/gnocchi.1ca892f0-7ed2-4d6c-a42a-e9efcaeb7771/none_v3" 201 - "PUT http://[::1]:8080/v1/AUTH_044b6cf3b72e4ad0b2d669d50ca59d45/gnocchi.1ca892f0-7ed2-4d6c-a42a-e9efcaeb7771/none_v3" "txb0b4a3dc22f94148873b3-0068e2bcb5" "proxy-server 85965" 0.0666 "-" 93246 0
Oct 05 14:45:09 np0005471276.novalocal object-server[93246]: ::1 - - [05/Oct/2025:18:45:09 +0000] "PUT /1/157896/AUTH_044b6cf3b72e4ad0b2d669d50ca59d45/gnocchi.1ca892f0-7ed2-4d6c-a42a-e9efcaeb7771/none_v3" 201 - "PUT http://[::1]:8080/v1/AUTH_044b6cf3b72e4ad0b2d669d50ca59d45/gnocchi.1ca892f0-7ed2-4d6c-a42a-e9efcaeb7771/none_v3" "txb0b4a3dc22f94148873b3-0068e2bcb5" "proxy-server 85965" 0.0689 "-" 93246 0
Oct 05 14:45:09 np0005471276.novalocal account-server[92646]: ::1 - - [05/Oct/2025:18:45:09 +0000] "PUT /3/100595/AUTH_044b6cf3b72e4ad0b2d669d50ca59d45/gnocchi.5c2acb06-05b2-4dd2-9d6a-cdf90c9e2709" 201 - "PUT http://[::1]:6001/3/227280/AUTH_044b6cf3b72e4ad0b2d669d50ca59d45/gnocchi.5c2acb06-05b2-4dd2-9d6a-cdf90c9e2709" "tx36d8f0d7f68746a08aa9a-0068e2bcb4" "container-server 92945" 0.0072 "-" 92646 0
Oct 05 14:45:09 np0005471276.novalocal container-server[92945]: ::1 - - [05/Oct/2025:18:45:09 +0000] "PUT /3/227280/AUTH_044b6cf3b72e4ad0b2d669d50ca59d45/gnocchi.5c2acb06-05b2-4dd2-9d6a-cdf90c9e2709" 201 - "PUT http://[::1]:8080/v1/AUTH_044b6cf3b72e4ad0b2d669d50ca59d45/gnocchi.5c2acb06-05b2-4dd2-9d6a-cdf90c9e2709" "tx36d8f0d7f68746a08aa9a-0068e2bcb4" "proxy-server 85965" 0.1202 "-" 92945 0
Oct 05 14:45:09 np0005471276.novalocal proxy-server[85965]: ::1 ::1 05/Oct/2025/18/45/09 PUT /v1/AUTH_044b6cf3b72e4ad0b2d669d50ca59d45/gnocchi.1ca892f0-7ed2-4d6c-a42a-e9efcaeb7771/none_v3 HTTP/1.0 201 - python-swiftclient-4.5.0 gAAAAABo4ryD2OD-... 26 - - txb0b4a3dc22f94148873b3-0068e2bcb5 - 0.0798 - - 1759689909.053251743 1759689909.133036852 0
Oct 05 14:45:09 np0005471276.novalocal proxy-server[85965]: ::1 ::1 05/Oct/2025/18/45/09 PUT /v1/AUTH_044b6cf3b72e4ad0b2d669d50ca59d45/gnocchi.5c2acb06-05b2-4dd2-9d6a-cdf90c9e2709 HTTP/1.0 201 - python-swiftclient-4.5.0 gAAAAABo4ryHW7gA... - - - tx36d8f0d7f68746a08aa9a-0068e2bcb4 - 0.1819 - - 1759689908.952673435 1759689909.134611607 0
Oct 05 14:45:09 np0005471276.novalocal container-server[92944]: ::1 - - [05/Oct/2025:18:45:09 +0000] "HEAD /1/227280/AUTH_044b6cf3b72e4ad0b2d669d50ca59d45/gnocchi.5c2acb06-05b2-4dd2-9d6a-cdf90c9e2709" 204 - "HEAD http://[::1]:8080/v1/AUTH_044b6cf3b72e4ad0b2d669d50ca59d45/gnocchi.5c2acb06-05b2-4dd2-9d6a-cdf90c9e2709" "tx4bef08c4564441a690310-0068e2bcb5" "proxy-server 85965" 0.0011 "-" 92944 0
Oct 05 14:45:09 np0005471276.novalocal proxy-server[85965]: - - 05/Oct/2025/18/45/09 HEAD /v1/AUTH_044b6cf3b72e4ad0b2d669d50ca59d45/gnocchi.5c2acb06-05b2-4dd2-9d6a-cdf90c9e2709 HTTP/1.0 204 - Swift - - - - tx4bef08c4564441a690310-0068e2bcb5 - 0.0041 CS - 1759689909.140553474 1759689909.144666195 0
Oct 05 14:45:09 np0005471276.novalocal container-server[92944]: ::1 - - [05/Oct/2025:18:45:09 +0000] "GET /2/227280/AUTH_044b6cf3b72e4ad0b2d669d50ca59d45/gnocchi.5c2acb06-05b2-4dd2-9d6a-cdf90c9e2709" 200 2 "GET http://[::1]:8080/v1/AUTH_044b6cf3b72e4ad0b2d669d50ca59d45/gnocchi.5c2acb06-05b2-4dd2-9d6a-cdf90c9e2709?format=json&states=listing" "tx4bef08c4564441a690310-0068e2bcb5" "proxy-server 85965" 0.0015 "-" 92944 0
Oct 05 14:45:09 np0005471276.novalocal object-server[93246]: ::1 - - [05/Oct/2025:18:45:09 +0000] "GET /3/90472/AUTH_044b6cf3b72e4ad0b2d669d50ca59d45/gnocchi.fd2ef004-560b-4e86-b8bf-a4df4b53ee27/none_v3" 200 22 "GET http://[::1]:8080/v1/AUTH_044b6cf3b72e4ad0b2d669d50ca59d45/gnocchi.fd2ef004-560b-4e86-b8bf-a4df4b53ee27/none_v3" "txe70f6b93ce044f02b13c8-0068e2bcb5" "proxy-server 85965" 0.0007 "-" 93246 0
Oct 05 14:45:09 np0005471276.novalocal proxy-server[85965]: ::1 ::1 05/Oct/2025/18/45/09 GET /v1/AUTH_044b6cf3b72e4ad0b2d669d50ca59d45/gnocchi.5c2acb06-05b2-4dd2-9d6a-cdf90c9e2709%3Fformat%3Djson%26states%3Dlisting HTTP/1.0 200 - python-swiftclient-4.5.0 gAAAAABo4ryHW7gA... - 2 - tx4bef08c4564441a690310-0068e2bcb5 - 0.0137 - - 1759689909.138720989 1759689909.152460814 0
Oct 05 14:45:09 np0005471276.novalocal proxy-server[85965]: ::1 ::1 05/Oct/2025/18/45/09 GET /v1/AUTH_044b6cf3b72e4ad0b2d669d50ca59d45/gnocchi.fd2ef004-560b-4e86-b8bf-a4df4b53ee27/none_v3 HTTP/1.0 200 - python-swiftclient-4.5.0 gAAAAABo4ryD2OD-... - 22 - txe70f6b93ce044f02b13c8-0068e2bcb5 - 0.0061 - - 1759689909.147728682 1759689909.153854609 0
Oct 05 14:45:09 np0005471276.novalocal object-server[93246]: ::1 - - [05/Oct/2025:18:45:09 +0000] "GET /1/181635/AUTH_044b6cf3b72e4ad0b2d669d50ca59d45/gnocchi.5c2acb06-05b2-4dd2-9d6a-cdf90c9e2709/1759320000.0_mean_300.0_v3" 404 70 "GET http://[::1]:8080/v1/AUTH_044b6cf3b72e4ad0b2d669d50ca59d45/gnocchi.5c2acb06-05b2-4dd2-9d6a-cdf90c9e2709/1759320000.0_mean_300.0_v3" "tx57180d7ffe9d4bab8d2f5-0068e2bcb5" "proxy-server 85965" 0.0003 "-" 93246 0
Oct 05 14:45:09 np0005471276.novalocal container-server[92944]: ::1 - - [05/Oct/2025:18:45:09 +0000] "GET /3/96005/AUTH_044b6cf3b72e4ad0b2d669d50ca59d45/gnocchi.fd2ef004-560b-4e86-b8bf-a4df4b53ee27" 200 357 "GET http://[::1]:8080/v1/AUTH_044b6cf3b72e4ad0b2d669d50ca59d45/gnocchi.fd2ef004-560b-4e86-b8bf-a4df4b53ee27?format=json&states=listing" "tx2838b4ebfac843e393725-0068e2bcb5" "proxy-server 85965" 0.0065 "-" 92944 0
Oct 05 14:45:09 np0005471276.novalocal object-server[93245]: ::1 - - [05/Oct/2025:18:45:09 +0000] "GET /3/181635/AUTH_044b6cf3b72e4ad0b2d669d50ca59d45/gnocchi.5c2acb06-05b2-4dd2-9d6a-cdf90c9e2709/1759320000.0_mean_300.0_v3" 404 70 "GET http://[::1]:8080/v1/AUTH_044b6cf3b72e4ad0b2d669d50ca59d45/gnocchi.5c2acb06-05b2-4dd2-9d6a-cdf90c9e2709/1759320000.0_mean_300.0_v3" "tx57180d7ffe9d4bab8d2f5-0068e2bcb5" "proxy-server 85965" 0.0005 "-" 93245 0
Oct 05 14:45:09 np0005471276.novalocal proxy-server[85965]: ::1 ::1 05/Oct/2025/18/45/09 GET /v1/AUTH_044b6cf3b72e4ad0b2d669d50ca59d45/gnocchi.fd2ef004-560b-4e86-b8bf-a4df4b53ee27%3Fformat%3Djson%26states%3Dlisting HTTP/1.0 200 - python-swiftclient-4.5.0 gAAAAABo4ryD2OD-... - 357 - tx2838b4ebfac843e393725-0068e2bcb5 - 0.0217 - - 1759689909.157164574 1759689909.178908825 0
Oct 05 14:45:09 np0005471276.novalocal object-server[93246]: ::1 - - [05/Oct/2025:18:45:09 +0000] "GET /2/181635/AUTH_044b6cf3b72e4ad0b2d669d50ca59d45/gnocchi.5c2acb06-05b2-4dd2-9d6a-cdf90c9e2709/1759320000.0_mean_300.0_v3" 404 70 "GET http://[::1]:8080/v1/AUTH_044b6cf3b72e4ad0b2d669d50ca59d45/gnocchi.5c2acb06-05b2-4dd2-9d6a-cdf90c9e2709/1759320000.0_mean_300.0_v3" "tx57180d7ffe9d4bab8d2f5-0068e2bcb5" "proxy-server 85965" 0.0003 "-" 93246 0
Oct 05 14:45:09 np0005471276.novalocal proxy-server[85965]: ::1 ::1 05/Oct/2025/18/45/09 GET /v1/AUTH_044b6cf3b72e4ad0b2d669d50ca59d45/gnocchi.5c2acb06-05b2-4dd2-9d6a-cdf90c9e2709/1759320000.0_mean_300.0_v3 HTTP/1.0 404 - python-swiftclient-4.5.0 gAAAAABo4ryHW7gA... - 70 - tx57180d7ffe9d4bab8d2f5-0068e2bcb5 - 0.0311 - - 1759689909.158377171 1759689909.189523458 0
Oct 05 14:45:09 np0005471276.novalocal container-server[92944]: ::1 - - [05/Oct/2025:18:45:09 +0000] "GET /3/96005/AUTH_044b6cf3b72e4ad0b2d669d50ca59d45/gnocchi.fd2ef004-560b-4e86-b8bf-a4df4b53ee27" 200 2 "GET http://[::1]:8080/v1/AUTH_044b6cf3b72e4ad0b2d669d50ca59d45/gnocchi.fd2ef004-560b-4e86-b8bf-a4df4b53ee27?format=json&marker=none_v3&states=listing" "tx2337ffd0babe4ca7a8d52-0068e2bcb5" "proxy-server 85965" 0.0019 "-" 92944 0
Oct 05 14:45:09 np0005471276.novalocal proxy-server[85965]: ::1 ::1 05/Oct/2025/18/45/09 GET /v1/AUTH_044b6cf3b72e4ad0b2d669d50ca59d45/gnocchi.fd2ef004-560b-4e86-b8bf-a4df4b53ee27%3Fformat%3Djson%26marker%3Dnone_v3%26states%3Dlisting HTTP/1.0 200 - python-swiftclient-4.5.0 gAAAAABo4ryD2OD-... - 2 - tx2337ffd0babe4ca7a8d52-0068e2bcb5 - 0.0150 - - 1759689909.183233500 1759689909.198240995 0
Oct 05 14:45:09 np0005471276.novalocal object-server[93246]: ::1 - - [05/Oct/2025:18:45:09 +0000] "GET /1/259980/AUTH_044b6cf3b72e4ad0b2d669d50ca59d45/gnocchi.fd2ef004-560b-4e86-b8bf-a4df4b53ee27/1759320000.0_mean_300.0_v3" 200 22 "GET http://[::1]:8080/v1/AUTH_044b6cf3b72e4ad0b2d669d50ca59d45/gnocchi.fd2ef004-560b-4e86-b8bf-a4df4b53ee27/1759320000.0_mean_300.0_v3" "txd2199fc95ab04c2382b33-0068e2bcb5" "proxy-server 85965" 0.0006 "-" 93246 0
Oct 05 14:45:09 np0005471276.novalocal proxy-server[85965]: ::1 ::1 05/Oct/2025/18/45/09 GET /v1/AUTH_044b6cf3b72e4ad0b2d669d50ca59d45/gnocchi.fd2ef004-560b-4e86-b8bf-a4df4b53ee27/1759320000.0_mean_300.0_v3 HTTP/1.0 200 - python-swiftclient-4.5.0 gAAAAABo4ryD2OD-... - 22 - txd2199fc95ab04c2382b33-0068e2bcb5 - 0.0089 - - 1759689909.203686237 1759689909.212624788 0
Oct 05 14:45:09 np0005471276.novalocal container-server[92945]: ::1 - - [05/Oct/2025:18:45:09 +0000] "PUT /1/227280/AUTH_044b6cf3b72e4ad0b2d669d50ca59d45/gnocchi.5c2acb06-05b2-4dd2-9d6a-cdf90c9e2709/1759320000.0_mean_300.0_v3" 201 - "PUT http://[::1]:8080/1/181635/AUTH_044b6cf3b72e4ad0b2d669d50ca59d45/gnocchi.5c2acb06-05b2-4dd2-9d6a-cdf90c9e2709/1759320000.0_mean_300.0_v3" "tx55d1b2e45e38412e8efae-0068e2bcb5" "object-server 93245" 0.0006 "-" 92945 0
Oct 05 14:45:09 np0005471276.novalocal object-server[93245]: ::1 - - [05/Oct/2025:18:45:09 +0000] "PUT /1/181635/AUTH_044b6cf3b72e4ad0b2d669d50ca59d45/gnocchi.5c2acb06-05b2-4dd2-9d6a-cdf90c9e2709/1759320000.0_mean_300.0_v3" 201 - "PUT http://[::1]:8080/v1/AUTH_044b6cf3b72e4ad0b2d669d50ca59d45/gnocchi.5c2acb06-05b2-4dd2-9d6a-cdf90c9e2709/1759320000.0_mean_300.0_v3" "tx55d1b2e45e38412e8efae-0068e2bcb5" "proxy-server 85965" 0.0133 "-" 93245 0
Oct 05 14:45:09 np0005471276.novalocal container-server[92945]: ::1 - - [05/Oct/2025:18:45:09 +0000] "PUT /3/227280/AUTH_044b6cf3b72e4ad0b2d669d50ca59d45/gnocchi.5c2acb06-05b2-4dd2-9d6a-cdf90c9e2709/1759320000.0_mean_300.0_v3" 201 - "PUT http://[::1]:8080/3/181635/AUTH_044b6cf3b72e4ad0b2d669d50ca59d45/gnocchi.5c2acb06-05b2-4dd2-9d6a-cdf90c9e2709/1759320000.0_mean_300.0_v3" "tx55d1b2e45e38412e8efae-0068e2bcb5" "object-server 93246" 0.0005 "-" 92945 0
Oct 05 14:45:09 np0005471276.novalocal object-server[93246]: ::1 - - [05/Oct/2025:18:45:09 +0000] "PUT /3/181635/AUTH_044b6cf3b72e4ad0b2d669d50ca59d45/gnocchi.5c2acb06-05b2-4dd2-9d6a-cdf90c9e2709/1759320000.0_mean_300.0_v3" 201 - "PUT http://[::1]:8080/v1/AUTH_044b6cf3b72e4ad0b2d669d50ca59d45/gnocchi.5c2acb06-05b2-4dd2-9d6a-cdf90c9e2709/1759320000.0_mean_300.0_v3" "tx55d1b2e45e38412e8efae-0068e2bcb5" "proxy-server 85965" 0.0181 "-" 93246 0
Oct 05 14:45:09 np0005471276.novalocal container-server[92945]: ::1 - - [05/Oct/2025:18:45:09 +0000] "PUT /2/227280/AUTH_044b6cf3b72e4ad0b2d669d50ca59d45/gnocchi.5c2acb06-05b2-4dd2-9d6a-cdf90c9e2709/1759320000.0_mean_300.0_v3" 201 - "PUT http://[::1]:8080/2/181635/AUTH_044b6cf3b72e4ad0b2d669d50ca59d45/gnocchi.5c2acb06-05b2-4dd2-9d6a-cdf90c9e2709/1759320000.0_mean_300.0_v3" "tx55d1b2e45e38412e8efae-0068e2bcb5" "object-server 93246" 0.0005 "-" 92945 0
Oct 05 14:45:09 np0005471276.novalocal object-server[93246]: ::1 - - [05/Oct/2025:18:45:09 +0000] "PUT /2/181635/AUTH_044b6cf3b72e4ad0b2d669d50ca59d45/gnocchi.5c2acb06-05b2-4dd2-9d6a-cdf90c9e2709/1759320000.0_mean_300.0_v3" 201 - "PUT http://[::1]:8080/v1/AUTH_044b6cf3b72e4ad0b2d669d50ca59d45/gnocchi.5c2acb06-05b2-4dd2-9d6a-cdf90c9e2709/1759320000.0_mean_300.0_v3" "tx55d1b2e45e38412e8efae-0068e2bcb5" "proxy-server 85965" 0.0209 "-" 93246 0
Oct 05 14:45:09 np0005471276.novalocal proxy-server[85965]: ::1 ::1 05/Oct/2025/18/45/09 PUT /v1/AUTH_044b6cf3b72e4ad0b2d669d50ca59d45/gnocchi.5c2acb06-05b2-4dd2-9d6a-cdf90c9e2709/1759320000.0_mean_300.0_v3 HTTP/1.0 201 - python-swiftclient-4.5.0 gAAAAABo4ryHW7gA... 16 - - tx55d1b2e45e38412e8efae-0068e2bcb5 - 0.0336 - - 1759689909.195344687 1759689909.228954792 0
Oct 05 14:45:09 np0005471276.novalocal container-server[92944]: ::1 - - [05/Oct/2025:18:45:09 +0000] "PUT /3/96005/AUTH_044b6cf3b72e4ad0b2d669d50ca59d45/gnocchi.fd2ef004-560b-4e86-b8bf-a4df4b53ee27/1759320000.0_mean_300.0_v3" 201 - "PUT http://[::1]:8080/3/259980/AUTH_044b6cf3b72e4ad0b2d669d50ca59d45/gnocchi.fd2ef004-560b-4e86-b8bf-a4df4b53ee27/1759320000.0_mean_300.0_v3" "tx9975d475cae84ba1b518d-0068e2bcb5" "object-server 93246" 0.0005 "-" 92944 0
Oct 05 14:45:09 np0005471276.novalocal container-server[92944]: ::1 - - [05/Oct/2025:18:45:09 +0000] "PUT /1/96005/AUTH_044b6cf3b72e4ad0b2d669d50ca59d45/gnocchi.fd2ef004-560b-4e86-b8bf-a4df4b53ee27/1759320000.0_mean_300.0_v3" 201 - "PUT http://[::1]:8080/1/259980/AUTH_044b6cf3b72e4ad0b2d669d50ca59d45/gnocchi.fd2ef004-560b-4e86-b8bf-a4df4b53ee27/1759320000.0_mean_300.0_v3" "tx9975d475cae84ba1b518d-0068e2bcb5" "object-server 93245" 0.0003 "-" 92944 0
Oct 05 14:45:09 np0005471276.novalocal object-server[93245]: ::1 - - [05/Oct/2025:18:45:09 +0000] "PUT /1/259980/AUTH_044b6cf3b72e4ad0b2d669d50ca59d45/gnocchi.fd2ef004-560b-4e86-b8bf-a4df4b53ee27/1759320000.0_mean_300.0_v3" 201 - "PUT http://[::1]:8080/v1/AUTH_044b6cf3b72e4ad0b2d669d50ca59d45/gnocchi.fd2ef004-560b-4e86-b8bf-a4df4b53ee27/1759320000.0_mean_300.0_v3" "tx9975d475cae84ba1b518d-0068e2bcb5" "proxy-server 85965" 0.0151 "-" 93245 0
Oct 05 14:45:09 np0005471276.novalocal container-server[92944]: ::1 - - [05/Oct/2025:18:45:09 +0000] "PUT /2/96005/AUTH_044b6cf3b72e4ad0b2d669d50ca59d45/gnocchi.fd2ef004-560b-4e86-b8bf-a4df4b53ee27/1759320000.0_mean_300.0_v3" 201 - "PUT http://[::1]:8080/2/259980/AUTH_044b6cf3b72e4ad0b2d669d50ca59d45/gnocchi.fd2ef004-560b-4e86-b8bf-a4df4b53ee27/1759320000.0_mean_300.0_v3" "tx9975d475cae84ba1b518d-0068e2bcb5" "object-server 93246" 0.0003 "-" 92944 0
Oct 05 14:45:09 np0005471276.novalocal object-server[93246]: ::1 - - [05/Oct/2025:18:45:09 +0000] "PUT /2/259980/AUTH_044b6cf3b72e4ad0b2d669d50ca59d45/gnocchi.fd2ef004-560b-4e86-b8bf-a4df4b53ee27/1759320000.0_mean_300.0_v3" 201 - "PUT http://[::1]:8080/v1/AUTH_044b6cf3b72e4ad0b2d669d50ca59d45/gnocchi.fd2ef004-560b-4e86-b8bf-a4df4b53ee27/1759320000.0_mean_300.0_v3" "tx9975d475cae84ba1b518d-0068e2bcb5" "proxy-server 85965" 0.0186 "-" 93246 0
Oct 05 14:45:09 np0005471276.novalocal object-server[93246]: ::1 - - [05/Oct/2025:18:45:09 +0000] "PUT /3/259980/AUTH_044b6cf3b72e4ad0b2d669d50ca59d45/gnocchi.fd2ef004-560b-4e86-b8bf-a4df4b53ee27/1759320000.0_mean_300.0_v3" 201 - "PUT http://[::1]:8080/v1/AUTH_044b6cf3b72e4ad0b2d669d50ca59d45/gnocchi.fd2ef004-560b-4e86-b8bf-a4df4b53ee27/1759320000.0_mean_300.0_v3" "tx9975d475cae84ba1b518d-0068e2bcb5" "proxy-server 85965" 0.0210 "-" 93246 0
Oct 05 14:45:09 np0005471276.novalocal proxy-server[85965]: ::1 ::1 05/Oct/2025/18/45/09 PUT /v1/AUTH_044b6cf3b72e4ad0b2d669d50ca59d45/gnocchi.fd2ef004-560b-4e86-b8bf-a4df4b53ee27/1759320000.0_mean_300.0_v3 HTTP/1.0 201 - python-swiftclient-4.5.0 gAAAAABo4ryD2OD-... 22 - - tx9975d475cae84ba1b518d-0068e2bcb5 - 0.0344 - - 1759689909.215171337 1759689909.249555826 0
Oct 05 14:45:09 np0005471276.novalocal container-server[92944]: ::1 - - [05/Oct/2025:18:45:09 +0000] "PUT /2/227280/AUTH_044b6cf3b72e4ad0b2d669d50ca59d45/gnocchi.5c2acb06-05b2-4dd2-9d6a-cdf90c9e2709/none_v3" 201 - "PUT http://[::1]:8080/2/83457/AUTH_044b6cf3b72e4ad0b2d669d50ca59d45/gnocchi.5c2acb06-05b2-4dd2-9d6a-cdf90c9e2709/none_v3" "tx9b33bbb68dcc46f4ba003-0068e2bcb5" "object-server 93246" 0.0005 "-" 92944 0
Oct 05 14:45:09 np0005471276.novalocal container-server[92945]: ::1 - - [05/Oct/2025:18:45:09 +0000] "PUT /3/227280/AUTH_044b6cf3b72e4ad0b2d669d50ca59d45/gnocchi.5c2acb06-05b2-4dd2-9d6a-cdf90c9e2709/none_v3" 201 - "PUT http://[::1]:8080/3/83457/AUTH_044b6cf3b72e4ad0b2d669d50ca59d45/gnocchi.5c2acb06-05b2-4dd2-9d6a-cdf90c9e2709/none_v3" "tx9b33bbb68dcc46f4ba003-0068e2bcb5" "object-server 93246" 0.0007 "-" 92945 0
Oct 05 14:45:09 np0005471276.novalocal object-server[93246]: ::1 - - [05/Oct/2025:18:45:09 +0000] "PUT /2/83457/AUTH_044b6cf3b72e4ad0b2d669d50ca59d45/gnocchi.5c2acb06-05b2-4dd2-9d6a-cdf90c9e2709/none_v3" 201 - "PUT http://[::1]:8080/v1/AUTH_044b6cf3b72e4ad0b2d669d50ca59d45/gnocchi.5c2acb06-05b2-4dd2-9d6a-cdf90c9e2709/none_v3" "tx9b33bbb68dcc46f4ba003-0068e2bcb5" "proxy-server 85965" 0.0131 "-" 93246 0
Oct 05 14:45:09 np0005471276.novalocal object-server[93246]: ::1 - - [05/Oct/2025:18:45:09 +0000] "PUT /3/83457/AUTH_044b6cf3b72e4ad0b2d669d50ca59d45/gnocchi.5c2acb06-05b2-4dd2-9d6a-cdf90c9e2709/none_v3" 201 - "PUT http://[::1]:8080/v1/AUTH_044b6cf3b72e4ad0b2d669d50ca59d45/gnocchi.5c2acb06-05b2-4dd2-9d6a-cdf90c9e2709/none_v3" "tx9b33bbb68dcc46f4ba003-0068e2bcb5" "proxy-server 85965" 0.0151 "-" 93246 0
Oct 05 14:45:09 np0005471276.novalocal container-server[92945]: ::1 - - [05/Oct/2025:18:45:09 +0000] "PUT /1/227280/AUTH_044b6cf3b72e4ad0b2d669d50ca59d45/gnocchi.5c2acb06-05b2-4dd2-9d6a-cdf90c9e2709/none_v3" 201 - "PUT http://[::1]:8080/1/83457/AUTH_044b6cf3b72e4ad0b2d669d50ca59d45/gnocchi.5c2acb06-05b2-4dd2-9d6a-cdf90c9e2709/none_v3" "tx9b33bbb68dcc46f4ba003-0068e2bcb5" "object-server 93246" 0.0005 "-" 92945 0
Oct 05 14:45:09 np0005471276.novalocal object-server[93246]: ::1 - - [05/Oct/2025:18:45:09 +0000] "PUT /1/83457/AUTH_044b6cf3b72e4ad0b2d669d50ca59d45/gnocchi.5c2acb06-05b2-4dd2-9d6a-cdf90c9e2709/none_v3" 201 - "PUT http://[::1]:8080/v1/AUTH_044b6cf3b72e4ad0b2d669d50ca59d45/gnocchi.5c2acb06-05b2-4dd2-9d6a-cdf90c9e2709/none_v3" "tx9b33bbb68dcc46f4ba003-0068e2bcb5" "proxy-server 85965" 0.0178 "-" 93246 0
Oct 05 14:45:09 np0005471276.novalocal proxy-server[85965]: ::1 ::1 05/Oct/2025/18/45/09 PUT /v1/AUTH_044b6cf3b72e4ad0b2d669d50ca59d45/gnocchi.5c2acb06-05b2-4dd2-9d6a-cdf90c9e2709/none_v3 HTTP/1.0 201 - python-swiftclient-4.5.0 gAAAAABo4ryHW7gA... 30 - - tx9b33bbb68dcc46f4ba003-0068e2bcb5 - 0.0289 - - 1759689909.233616114 1759689909.262564659 0
Oct 05 14:45:09 np0005471276.novalocal container-server[92944]: ::1 - - [05/Oct/2025:18:45:09 +0000] "PUT /3/96005/AUTH_044b6cf3b72e4ad0b2d669d50ca59d45/gnocchi.fd2ef004-560b-4e86-b8bf-a4df4b53ee27/none_v3" 201 - "PUT http://[::1]:8080/2/90472/AUTH_044b6cf3b72e4ad0b2d669d50ca59d45/gnocchi.fd2ef004-560b-4e86-b8bf-a4df4b53ee27/none_v3" "tx564562b6e16b432db2138-0068e2bcb5" "object-server 93246" 0.0005 "-" 92944 0
Oct 05 14:45:09 np0005471276.novalocal object-server[93246]: ::1 - - [05/Oct/2025:18:45:09 +0000] "PUT /2/90472/AUTH_044b6cf3b72e4ad0b2d669d50ca59d45/gnocchi.fd2ef004-560b-4e86-b8bf-a4df4b53ee27/none_v3" 201 - "PUT http://[::1]:8080/v1/AUTH_044b6cf3b72e4ad0b2d669d50ca59d45/gnocchi.fd2ef004-560b-4e86-b8bf-a4df4b53ee27/none_v3" "tx564562b6e16b432db2138-0068e2bcb5" "proxy-server 85965" 0.0180 "-" 93246 0
Oct 05 14:45:09 np0005471276.novalocal object-server[93245]: ::1 - - [05/Oct/2025:18:45:09 +0000] "GET /2/146491/AUTH_044b6cf3b72e4ad0b2d669d50ca59d45/gnocchi.1646c09a-f154-493f-93c5-51519b03f092/none_v3" 200 22 "GET http://[::1]:8080/v1/AUTH_044b6cf3b72e4ad0b2d669d50ca59d45/gnocchi.1646c09a-f154-493f-93c5-51519b03f092/none_v3" "tx9a0b82752ec5429eb05a3-0068e2bcb5" "proxy-server 85965" 0.0014 "-" 93245 0
Oct 05 14:45:09 np0005471276.novalocal container-server[92944]: ::1 - - [05/Oct/2025:18:45:09 +0000] "PUT /1/96005/AUTH_044b6cf3b72e4ad0b2d669d50ca59d45/gnocchi.fd2ef004-560b-4e86-b8bf-a4df4b53ee27/none_v3" 201 - "PUT http://[::1]:8080/3/90472/AUTH_044b6cf3b72e4ad0b2d669d50ca59d45/gnocchi.fd2ef004-560b-4e86-b8bf-a4df4b53ee27/none_v3" "tx564562b6e16b432db2138-0068e2bcb5" "object-server 93246" 0.0003 "-" 92944 0
Oct 05 14:45:09 np0005471276.novalocal object-server[93246]: ::1 - - [05/Oct/2025:18:45:09 +0000] "PUT /3/90472/AUTH_044b6cf3b72e4ad0b2d669d50ca59d45/gnocchi.fd2ef004-560b-4e86-b8bf-a4df4b53ee27/none_v3" 201 - "PUT http://[::1]:8080/v1/AUTH_044b6cf3b72e4ad0b2d669d50ca59d45/gnocchi.fd2ef004-560b-4e86-b8bf-a4df4b53ee27/none_v3" "tx564562b6e16b432db2138-0068e2bcb5" "proxy-server 85965" 0.0231 "-" 93246 0
Oct 05 14:45:09 np0005471276.novalocal proxy-server[85965]: ::1 ::1 05/Oct/2025/18/45/09 GET /v1/AUTH_044b6cf3b72e4ad0b2d669d50ca59d45/gnocchi.1646c09a-f154-493f-93c5-51519b03f092/none_v3 HTTP/1.0 200 - python-swiftclient-4.5.0 gAAAAABo4ryHW7gA... - 22 - tx9a0b82752ec5429eb05a3-0068e2bcb5 - 0.0125 - - 1759689909.272675991 1759689909.285152674 0
Oct 05 14:45:09 np0005471276.novalocal container-server[92944]: ::1 - - [05/Oct/2025:18:45:09 +0000] "PUT /2/96005/AUTH_044b6cf3b72e4ad0b2d669d50ca59d45/gnocchi.fd2ef004-560b-4e86-b8bf-a4df4b53ee27/none_v3" 201 - "PUT http://[::1]:8080/1/90472/AUTH_044b6cf3b72e4ad0b2d669d50ca59d45/gnocchi.fd2ef004-560b-4e86-b8bf-a4df4b53ee27/none_v3" "tx564562b6e16b432db2138-0068e2bcb5" "object-server 93245" 0.0003 "-" 92944 0
Oct 05 14:45:09 np0005471276.novalocal object-server[93245]: ::1 - - [05/Oct/2025:18:45:09 +0000] "PUT /1/90472/AUTH_044b6cf3b72e4ad0b2d669d50ca59d45/gnocchi.fd2ef004-560b-4e86-b8bf-a4df4b53ee27/none_v3" 201 - "PUT http://[::1]:8080/v1/AUTH_044b6cf3b72e4ad0b2d669d50ca59d45/gnocchi.fd2ef004-560b-4e86-b8bf-a4df4b53ee27/none_v3" "tx564562b6e16b432db2138-0068e2bcb5" "proxy-server 85965" 0.0270 "-" 93245 0
Oct 05 14:45:09 np0005471276.novalocal proxy-server[85965]: ::1 ::1 05/Oct/2025/18/45/09 PUT /v1/AUTH_044b6cf3b72e4ad0b2d669d50ca59d45/gnocchi.fd2ef004-560b-4e86-b8bf-a4df4b53ee27/none_v3 HTTP/1.0 201 - python-swiftclient-4.5.0 gAAAAABo4ryD2OD-... 30 - - tx564562b6e16b432db2138-0068e2bcb5 - 0.0377 - - 1759689909.254171610 1759689909.291826963 0
Oct 05 14:45:09 np0005471276.novalocal container-server[92944]: ::1 - - [05/Oct/2025:18:45:09 +0000] "GET /1/139324/AUTH_044b6cf3b72e4ad0b2d669d50ca59d45/gnocchi.1646c09a-f154-493f-93c5-51519b03f092" 200 357 "GET http://[::1]:8080/v1/AUTH_044b6cf3b72e4ad0b2d669d50ca59d45/gnocchi.1646c09a-f154-493f-93c5-51519b03f092?format=json&states=listing" "tx30f509b6c5464f3aa721a-0068e2bcb5" "proxy-server 85965" 0.0075 "-" 92944 0
Oct 05 14:45:09 np0005471276.novalocal proxy-server[85965]: ::1 ::1 05/Oct/2025/18/45/09 GET /v1/AUTH_044b6cf3b72e4ad0b2d669d50ca59d45/gnocchi.1646c09a-f154-493f-93c5-51519b03f092%3Fformat%3Djson%26states%3Dlisting HTTP/1.0 200 - python-swiftclient-4.5.0 gAAAAABo4ryHW7gA... - 357 - tx30f509b6c5464f3aa721a-0068e2bcb5 - 0.0183 - - 1759689909.288258076 1759689909.306528330 0
Oct 05 14:45:09 np0005471276.novalocal object-server[93246]: ::1 - - [05/Oct/2025:18:45:09 +0000] "GET /3/35251/AUTH_044b6cf3b72e4ad0b2d669d50ca59d45/gnocchi.829b1f1d-687e-4d3c-a37c-e11ed3fe6247/none_v3" 200 22 "GET http://[::1]:8080/v1/AUTH_044b6cf3b72e4ad0b2d669d50ca59d45/gnocchi.829b1f1d-687e-4d3c-a37c-e11ed3fe6247/none_v3" "tx02949a72b5094a78bf80d-0068e2bcb5" "proxy-server 85965" 0.0007 "-" 93246 0
Oct 05 14:45:09 np0005471276.novalocal proxy-server[85965]: ::1 ::1 05/Oct/2025/18/45/09 GET /v1/AUTH_044b6cf3b72e4ad0b2d669d50ca59d45/gnocchi.829b1f1d-687e-4d3c-a37c-e11ed3fe6247/none_v3 HTTP/1.0 200 - python-swiftclient-4.5.0 gAAAAABo4ryD2OD-... - 22 - tx02949a72b5094a78bf80d-0068e2bcb5 - 0.0188 - - 1759689909.305344105 1759689909.324184895 0
Oct 05 14:45:09 np0005471276.novalocal container-server[92944]: ::1 - - [05/Oct/2025:18:45:09 +0000] "GET /3/139324/AUTH_044b6cf3b72e4ad0b2d669d50ca59d45/gnocchi.1646c09a-f154-493f-93c5-51519b03f092" 200 2 "GET http://[::1]:8080/v1/AUTH_044b6cf3b72e4ad0b2d669d50ca59d45/gnocchi.1646c09a-f154-493f-93c5-51519b03f092?format=json&marker=none_v3&states=listing" "txb5be9ea27bfd480c8dd62-0068e2bcb5" "proxy-server 85965" 0.0099 "-" 92944 0
Oct 05 14:45:09 np0005471276.novalocal proxy-server[85965]: ::1 ::1 05/Oct/2025/18/45/09 GET /v1/AUTH_044b6cf3b72e4ad0b2d669d50ca59d45/gnocchi.1646c09a-f154-493f-93c5-51519b03f092%3Fformat%3Djson%26marker%3Dnone_v3%26states%3Dlisting HTTP/1.0 200 - python-swiftclient-4.5.0 gAAAAABo4ryHW7gA... - 2 - txb5be9ea27bfd480c8dd62-0068e2bcb5 - 0.0257 - - 1759689909.308646202 1759689909.334357500 0
Oct 05 14:45:09 np0005471276.novalocal container-server[92945]: ::1 - - [05/Oct/2025:18:45:09 +0000] "GET /1/199493/AUTH_044b6cf3b72e4ad0b2d669d50ca59d45/gnocchi.829b1f1d-687e-4d3c-a37c-e11ed3fe6247" 200 357 "GET http://[::1]:8080/v1/AUTH_044b6cf3b72e4ad0b2d669d50ca59d45/gnocchi.829b1f1d-687e-4d3c-a37c-e11ed3fe6247?format=json&states=listing" "txbd050c3d426d464b9dedc-0068e2bcb5" "proxy-server 85965" 0.0081 "-" 92945 0
Oct 05 14:45:09 np0005471276.novalocal proxy-server[85965]: ::1 ::1 05/Oct/2025/18/45/09 GET /v1/AUTH_044b6cf3b72e4ad0b2d669d50ca59d45/gnocchi.829b1f1d-687e-4d3c-a37c-e11ed3fe6247%3Fformat%3Djson%26states%3Dlisting HTTP/1.0 200 - python-swiftclient-4.5.0 gAAAAABo4ryD2OD-... - 357 - txbd050c3d426d464b9dedc-0068e2bcb5 - 0.0147 - - 1759689909.329355955 1759689909.344024897 0
Oct 05 14:45:09 np0005471276.novalocal object-server[93245]: ::1 - - [05/Oct/2025:18:45:09 +0000] "GET /3/252827/AUTH_044b6cf3b72e4ad0b2d669d50ca59d45/gnocchi.1646c09a-f154-493f-93c5-51519b03f092/1759320000.0_mean_300.0_v3" 200 16 "GET http://[::1]:8080/v1/AUTH_044b6cf3b72e4ad0b2d669d50ca59d45/gnocchi.1646c09a-f154-493f-93c5-51519b03f092/1759320000.0_mean_300.0_v3" "tx3e53d56ec07f498c9dab4-0068e2bcb5" "proxy-server 85965" 0.0009 "-" 93245 0
Oct 05 14:45:09 np0005471276.novalocal proxy-server[85965]: ::1 ::1 05/Oct/2025/18/45/09 GET /v1/AUTH_044b6cf3b72e4ad0b2d669d50ca59d45/gnocchi.1646c09a-f154-493f-93c5-51519b03f092/1759320000.0_mean_300.0_v3 HTTP/1.0 200 - python-swiftclient-4.5.0 gAAAAABo4ryHW7gA... - 16 - tx3e53d56ec07f498c9dab4-0068e2bcb5 - 0.0081 - - 1759689909.338833332 1759689909.346912146 0
Oct 05 14:45:09 np0005471276.novalocal container-server[92945]: ::1 - - [05/Oct/2025:18:45:09 +0000] "GET /1/199493/AUTH_044b6cf3b72e4ad0b2d669d50ca59d45/gnocchi.829b1f1d-687e-4d3c-a37c-e11ed3fe6247" 200 2 "GET http://[::1]:8080/v1/AUTH_044b6cf3b72e4ad0b2d669d50ca59d45/gnocchi.829b1f1d-687e-4d3c-a37c-e11ed3fe6247?format=json&marker=none_v3&states=listing" "txfc166133ac7c4d9db4fe7-0068e2bcb5" "proxy-server 85965" 0.0033 "-" 92945 0
Oct 05 14:45:09 np0005471276.novalocal proxy-server[85965]: ::1 ::1 05/Oct/2025/18/45/09 GET /v1/AUTH_044b6cf3b72e4ad0b2d669d50ca59d45/gnocchi.829b1f1d-687e-4d3c-a37c-e11ed3fe6247%3Fformat%3Djson%26marker%3Dnone_v3%26states%3Dlisting HTTP/1.0 200 - python-swiftclient-4.5.0 gAAAAABo4ryD2OD-... - 2 - txfc166133ac7c4d9db4fe7-0068e2bcb5 - 0.0091 - - 1759689909.347527742 1759689909.356623411 0
Oct 05 14:45:09 np0005471276.novalocal container-server[92945]: ::1 - - [05/Oct/2025:18:45:09 +0000] "PUT /2/139324/AUTH_044b6cf3b72e4ad0b2d669d50ca59d45/gnocchi.1646c09a-f154-493f-93c5-51519b03f092/1759320000.0_mean_300.0_v3" 201 - "PUT http://[::1]:8080/3/252827/AUTH_044b6cf3b72e4ad0b2d669d50ca59d45/gnocchi.1646c09a-f154-493f-93c5-51519b03f092/1759320000.0_mean_300.0_v3" "txf99a319be9954359ada11-0068e2bcb5" "object-server 93246" 0.0008 "-" 92945 0
Oct 05 14:45:09 np0005471276.novalocal object-server[93246]: ::1 - - [05/Oct/2025:18:45:09 +0000] "GET /1/185961/AUTH_044b6cf3b72e4ad0b2d669d50ca59d45/gnocchi.829b1f1d-687e-4d3c-a37c-e11ed3fe6247/1759320000.0_mean_300.0_v3" 200 16 "GET http://[::1]:8080/v1/AUTH_044b6cf3b72e4ad0b2d669d50ca59d45/gnocchi.829b1f1d-687e-4d3c-a37c-e11ed3fe6247/1759320000.0_mean_300.0_v3" "txfb4d32c6d03348bb8c418-0068e2bcb5" "proxy-server 85965" 0.0008 "-" 93246 0
Oct 05 14:45:09 np0005471276.novalocal proxy-server[85965]: ::1 ::1 05/Oct/2025/18/45/09 GET /v1/AUTH_044b6cf3b72e4ad0b2d669d50ca59d45/gnocchi.829b1f1d-687e-4d3c-a37c-e11ed3fe6247/1759320000.0_mean_300.0_v3 HTTP/1.0 200 - python-swiftclient-4.5.0 gAAAAABo4ryD2OD-... - 16 - txfb4d32c6d03348bb8c418-0068e2bcb5 - 0.0087 - - 1759689909.359494686 1759689909.368178368 0
Oct 05 14:45:09 np0005471276.novalocal object-server[93246]: ::1 - - [05/Oct/2025:18:45:09 +0000] "PUT /3/252827/AUTH_044b6cf3b72e4ad0b2d669d50ca59d45/gnocchi.1646c09a-f154-493f-93c5-51519b03f092/1759320000.0_mean_300.0_v3" 201 - "PUT http://[::1]:8080/v1/AUTH_044b6cf3b72e4ad0b2d669d50ca59d45/gnocchi.1646c09a-f154-493f-93c5-51519b03f092/1759320000.0_mean_300.0_v3" "txf99a319be9954359ada11-0068e2bcb5" "proxy-server 85965" 0.0133 "-" 93246 0
Oct 05 14:45:09 np0005471276.novalocal container-server[92945]: ::1 - - [05/Oct/2025:18:45:09 +0000] "PUT /3/139324/AUTH_044b6cf3b72e4ad0b2d669d50ca59d45/gnocchi.1646c09a-f154-493f-93c5-51519b03f092/1759320000.0_mean_300.0_v3" 201 - "PUT http://[::1]:8080/1/252827/AUTH_044b6cf3b72e4ad0b2d669d50ca59d45/gnocchi.1646c09a-f154-493f-93c5-51519b03f092/1759320000.0_mean_300.0_v3" "txf99a319be9954359ada11-0068e2bcb5" "object-server 93245" 0.0006 "-" 92945 0
Oct 05 14:45:09 np0005471276.novalocal object-server[93245]: ::1 - - [05/Oct/2025:18:45:09 +0000] "PUT /1/252827/AUTH_044b6cf3b72e4ad0b2d669d50ca59d45/gnocchi.1646c09a-f154-493f-93c5-51519b03f092/1759320000.0_mean_300.0_v3" 201 - "PUT http://[::1]:8080/v1/AUTH_044b6cf3b72e4ad0b2d669d50ca59d45/gnocchi.1646c09a-f154-493f-93c5-51519b03f092/1759320000.0_mean_300.0_v3" "txf99a319be9954359ada11-0068e2bcb5" "proxy-server 85965" 0.0117 "-" 93245 0
Oct 05 14:45:09 np0005471276.novalocal container-server[92944]: ::1 - - [05/Oct/2025:18:45:09 +0000] "PUT /1/139324/AUTH_044b6cf3b72e4ad0b2d669d50ca59d45/gnocchi.1646c09a-f154-493f-93c5-51519b03f092/1759320000.0_mean_300.0_v3" 201 - "PUT http://[::1]:8080/2/252827/AUTH_044b6cf3b72e4ad0b2d669d50ca59d45/gnocchi.1646c09a-f154-493f-93c5-51519b03f092/1759320000.0_mean_300.0_v3" "txf99a319be9954359ada11-0068e2bcb5" "object-server 93245" 0.0012 "-" 92944 0
Oct 05 14:45:09 np0005471276.novalocal object-server[93245]: ::1 - - [05/Oct/2025:18:45:09 +0000] "PUT /2/252827/AUTH_044b6cf3b72e4ad0b2d669d50ca59d45/gnocchi.1646c09a-f154-493f-93c5-51519b03f092/1759320000.0_mean_300.0_v3" 201 - "PUT http://[::1]:8080/v1/AUTH_044b6cf3b72e4ad0b2d669d50ca59d45/gnocchi.1646c09a-f154-493f-93c5-51519b03f092/1759320000.0_mean_300.0_v3" "txf99a319be9954359ada11-0068e2bcb5" "proxy-server 85965" 0.0159 "-" 93245 0
Oct 05 14:45:09 np0005471276.novalocal proxy-server[85965]: ::1 ::1 05/Oct/2025/18/45/09 PUT /v1/AUTH_044b6cf3b72e4ad0b2d669d50ca59d45/gnocchi.1646c09a-f154-493f-93c5-51519b03f092/1759320000.0_mean_300.0_v3 HTTP/1.0 201 - python-swiftclient-4.5.0 gAAAAABo4ryHW7gA... 16 - - txf99a319be9954359ada11-0068e2bcb5 - 0.0249 - - 1759689909.350177765 1759689909.375067711 0
Oct 05 14:45:09 np0005471276.novalocal container-server[92944]: ::1 - - [05/Oct/2025:18:45:09 +0000] "PUT /2/139324/AUTH_044b6cf3b72e4ad0b2d669d50ca59d45/gnocchi.1646c09a-f154-493f-93c5-51519b03f092/none_v3" 201 - "PUT http://[::1]:8080/3/146491/AUTH_044b6cf3b72e4ad0b2d669d50ca59d45/gnocchi.1646c09a-f154-493f-93c5-51519b03f092/none_v3" "tx13bddf7d4a8446daaaabc-0068e2bcb5" "object-server 93246" 0.0005 "-" 92944 0
Oct 05 14:45:09 np0005471276.novalocal object-server[93246]: ::1 - - [05/Oct/2025:18:45:09 +0000] "PUT /3/146491/AUTH_044b6cf3b72e4ad0b2d669d50ca59d45/gnocchi.1646c09a-f154-493f-93c5-51519b03f092/none_v3" 201 - "PUT http://[::1]:8080/v1/AUTH_044b6cf3b72e4ad0b2d669d50ca59d45/gnocchi.1646c09a-f154-493f-93c5-51519b03f092/none_v3" "tx13bddf7d4a8446daaaabc-0068e2bcb5" "proxy-server 85965" 0.0076 "-" 93246 0
Oct 05 14:45:09 np0005471276.novalocal container-server[92945]: ::1 - - [05/Oct/2025:18:45:09 +0000] "PUT /3/139324/AUTH_044b6cf3b72e4ad0b2d669d50ca59d45/gnocchi.1646c09a-f154-493f-93c5-51519b03f092/none_v3" 201 - "PUT http://[::1]:8080/1/146491/AUTH_044b6cf3b72e4ad0b2d669d50ca59d45/gnocchi.1646c09a-f154-493f-93c5-51519b03f092/none_v3" "tx13bddf7d4a8446daaaabc-0068e2bcb5" "object-server 93246" 0.0007 "-" 92945 0
Oct 05 14:45:09 np0005471276.novalocal object-server[93246]: ::1 - - [05/Oct/2025:18:45:09 +0000] "PUT /1/146491/AUTH_044b6cf3b72e4ad0b2d669d50ca59d45/gnocchi.1646c09a-f154-493f-93c5-51519b03f092/none_v3" 201 - "PUT http://[::1]:8080/v1/AUTH_044b6cf3b72e4ad0b2d669d50ca59d45/gnocchi.1646c09a-f154-493f-93c5-51519b03f092/none_v3" "tx13bddf7d4a8446daaaabc-0068e2bcb5" "proxy-server 85965" 0.0112 "-" 93246 0
Oct 05 14:45:09 np0005471276.novalocal container-server[92945]: ::1 - - [05/Oct/2025:18:45:09 +0000] "PUT /1/139324/AUTH_044b6cf3b72e4ad0b2d669d50ca59d45/gnocchi.1646c09a-f154-493f-93c5-51519b03f092/none_v3" 201 - "PUT http://[::1]:8080/2/146491/AUTH_044b6cf3b72e4ad0b2d669d50ca59d45/gnocchi.1646c09a-f154-493f-93c5-51519b03f092/none_v3" "tx13bddf7d4a8446daaaabc-0068e2bcb5" "object-server 93245" 0.0005 "-" 92945 0
Oct 05 14:45:09 np0005471276.novalocal container-server[92945]: ::1 - - [05/Oct/2025:18:45:09 +0000] "PUT /2/199493/AUTH_044b6cf3b72e4ad0b2d669d50ca59d45/gnocchi.829b1f1d-687e-4d3c-a37c-e11ed3fe6247/1759320000.0_mean_300.0_v3" 201 - "PUT http://[::1]:8080/3/185961/AUTH_044b6cf3b72e4ad0b2d669d50ca59d45/gnocchi.829b1f1d-687e-4d3c-a37c-e11ed3fe6247/1759320000.0_mean_300.0_v3" "txc7e657b0dd614e71a058f-0068e2bcb5" "object-server 93245" 0.0004 "-" 92945 0
Oct 05 14:45:09 np0005471276.novalocal container-server[92945]: ::1 - - [05/Oct/2025:18:45:09 +0000] "PUT /1/199493/AUTH_044b6cf3b72e4ad0b2d669d50ca59d45/gnocchi.829b1f1d-687e-4d3c-a37c-e11ed3fe6247/1759320000.0_mean_300.0_v3" 201 - "PUT http://[::1]:8080/1/185961/AUTH_044b6cf3b72e4ad0b2d669d50ca59d45/gnocchi.829b1f1d-687e-4d3c-a37c-e11ed3fe6247/1759320000.0_mean_300.0_v3" "txc7e657b0dd614e71a058f-0068e2bcb5" "object-server 93245" 0.0005 "-" 92945 0
Oct 05 14:45:09 np0005471276.novalocal container-server[92945]: ::1 - - [05/Oct/2025:18:45:09 +0000] "PUT /3/199493/AUTH_044b6cf3b72e4ad0b2d669d50ca59d45/gnocchi.829b1f1d-687e-4d3c-a37c-e11ed3fe6247/1759320000.0_mean_300.0_v3" 201 - "PUT http://[::1]:8080/2/185961/AUTH_044b6cf3b72e4ad0b2d669d50ca59d45/gnocchi.829b1f1d-687e-4d3c-a37c-e11ed3fe6247/1759320000.0_mean_300.0_v3" "txc7e657b0dd614e71a058f-0068e2bcb5" "object-server 93245" 0.0004 "-" 92945 0
Oct 05 14:45:09 np0005471276.novalocal object-server[93245]: ::1 - - [05/Oct/2025:18:45:09 +0000] "PUT /2/146491/AUTH_044b6cf3b72e4ad0b2d669d50ca59d45/gnocchi.1646c09a-f154-493f-93c5-51519b03f092/none_v3" 201 - "PUT http://[::1]:8080/v1/AUTH_044b6cf3b72e4ad0b2d669d50ca59d45/gnocchi.1646c09a-f154-493f-93c5-51519b03f092/none_v3" "tx13bddf7d4a8446daaaabc-0068e2bcb5" "proxy-server 85965" 0.0209 "-" 93245 0
Oct 05 14:45:09 np0005471276.novalocal object-server[93245]: ::1 - - [05/Oct/2025:18:45:09 +0000] "PUT /3/185961/AUTH_044b6cf3b72e4ad0b2d669d50ca59d45/gnocchi.829b1f1d-687e-4d3c-a37c-e11ed3fe6247/1759320000.0_mean_300.0_v3" 201 - "PUT http://[::1]:8080/v1/AUTH_044b6cf3b72e4ad0b2d669d50ca59d45/gnocchi.829b1f1d-687e-4d3c-a37c-e11ed3fe6247/1759320000.0_mean_300.0_v3" "txc7e657b0dd614e71a058f-0068e2bcb5" "proxy-server 85965" 0.0312 "-" 93245 0
Oct 05 14:45:09 np0005471276.novalocal proxy-server[85965]: ::1 ::1 05/Oct/2025/18/45/09 PUT /v1/AUTH_044b6cf3b72e4ad0b2d669d50ca59d45/gnocchi.1646c09a-f154-493f-93c5-51519b03f092/none_v3 HTTP/1.0 201 - python-swiftclient-4.5.0 gAAAAABo4ryHW7gA... 25 - - tx13bddf7d4a8446daaaabc-0068e2bcb5 - 0.0283 - - 1759689909.378369570 1759689909.406642914 0
Oct 05 14:45:09 np0005471276.novalocal object-server[93245]: ::1 - - [05/Oct/2025:18:45:09 +0000] "PUT /1/185961/AUTH_044b6cf3b72e4ad0b2d669d50ca59d45/gnocchi.829b1f1d-687e-4d3c-a37c-e11ed3fe6247/1759320000.0_mean_300.0_v3" 201 - "PUT http://[::1]:8080/v1/AUTH_044b6cf3b72e4ad0b2d669d50ca59d45/gnocchi.829b1f1d-687e-4d3c-a37c-e11ed3fe6247/1759320000.0_mean_300.0_v3" "txc7e657b0dd614e71a058f-0068e2bcb5" "proxy-server 85965" 0.0251 "-" 93245 0
Oct 05 14:45:09 np0005471276.novalocal object-server[93245]: ::1 - - [05/Oct/2025:18:45:09 +0000] "PUT /2/185961/AUTH_044b6cf3b72e4ad0b2d669d50ca59d45/gnocchi.829b1f1d-687e-4d3c-a37c-e11ed3fe6247/1759320000.0_mean_300.0_v3" 201 - "PUT http://[::1]:8080/v1/AUTH_044b6cf3b72e4ad0b2d669d50ca59d45/gnocchi.829b1f1d-687e-4d3c-a37c-e11ed3fe6247/1759320000.0_mean_300.0_v3" "txc7e657b0dd614e71a058f-0068e2bcb5" "proxy-server 85965" 0.0315 "-" 93245 0
Oct 05 14:45:09 np0005471276.novalocal proxy-server[85965]: ::1 ::1 05/Oct/2025/18/45/09 PUT /v1/AUTH_044b6cf3b72e4ad0b2d669d50ca59d45/gnocchi.829b1f1d-687e-4d3c-a37c-e11ed3fe6247/1759320000.0_mean_300.0_v3 HTTP/1.0 201 - python-swiftclient-4.5.0 gAAAAABo4ryD2OD-... 16 - - txc7e657b0dd614e71a058f-0068e2bcb5 - 0.0421 - - 1759689909.370232582 1759689909.412312508 0
Oct 05 14:45:09 np0005471276.novalocal object-server[93245]: ::1 - - [05/Oct/2025:18:45:09 +0000] "GET /2/230926/AUTH_044b6cf3b72e4ad0b2d669d50ca59d45/gnocchi.624a9e0b-6fc5-4406-9372-cc9765d6a430/none_v3" 200 22 "GET http://[::1]:8080/v1/AUTH_044b6cf3b72e4ad0b2d669d50ca59d45/gnocchi.624a9e0b-6fc5-4406-9372-cc9765d6a430/none_v3" "tx3f8538b47776469184c23-0068e2bcb5" "proxy-server 85965" 0.0009 "-" 93245 0
