Oct 05 14:44:28 np0005471276.novalocal container-server[92945]: ::1 - - [05/Oct/2025:18:44:28 +0000] "PUT /3/178209/AUTH_044b6cf3b72e4ad0b2d669d50ca59d45/gnocchi.c3351243-3c44-4691-a0a7-7c6c5df82f6c/none_v3" 201 - "PUT http://[::1]:8080/3/24113/AUTH_044b6cf3b72e4ad0b2d669d50ca59d45/gnocchi.c3351243-3c44-4691-a0a7-7c6c5df82f6c/none_v3" "tx16ce0a6bdc86434b967d8-0068e2bc8c" "object-server 93246" 0.0006 "-" 92945 0
Oct 05 14:44:28 np0005471276.novalocal object-server[93246]: ::1 - - [05/Oct/2025:18:44:28 +0000] "PUT /3/24113/AUTH_044b6cf3b72e4ad0b2d669d50ca59d45/gnocchi.c3351243-3c44-4691-a0a7-7c6c5df82f6c/none_v3" 201 - "PUT http://[::1]:8080/v1/AUTH_044b6cf3b72e4ad0b2d669d50ca59d45/gnocchi.c3351243-3c44-4691-a0a7-7c6c5df82f6c/none_v3" "tx16ce0a6bdc86434b967d8-0068e2bc8c" "proxy-server 85965" 0.0235 "-" 93246 0
Oct 05 14:44:28 np0005471276.novalocal container-server[92945]: ::1 - - [05/Oct/2025:18:44:28 +0000] "PUT /3/105598/AUTH_044b6cf3b72e4ad0b2d669d50ca59d45/gnocchi.88d21ef8-c174-4375-a552-01063ade9d61" 201 - "PUT http://[::1]:8080/v1/AUTH_044b6cf3b72e4ad0b2d669d50ca59d45/gnocchi.88d21ef8-c174-4375-a552-01063ade9d61" "tx1b8432ebe66248d891f83-0068e2bc8c" "proxy-server 85965" 0.0183 "-" 92945 0
Oct 05 14:44:28 np0005471276.novalocal account-server[92646]: ::1 - - [05/Oct/2025:18:44:28 +0000] "PUT /1/100595/AUTH_044b6cf3b72e4ad0b2d669d50ca59d45/gnocchi.88d21ef8-c174-4375-a552-01063ade9d61" 201 - "PUT http://[::1]:6001/2/105598/AUTH_044b6cf3b72e4ad0b2d669d50ca59d45/gnocchi.88d21ef8-c174-4375-a552-01063ade9d61" "tx1b8432ebe66248d891f83-0068e2bc8c" "container-server 92945" 0.0061 "-" 92646 0
Oct 05 14:44:28 np0005471276.novalocal container-server[92945]: ::1 - - [05/Oct/2025:18:44:28 +0000] "PUT /2/105598/AUTH_044b6cf3b72e4ad0b2d669d50ca59d45/gnocchi.88d21ef8-c174-4375-a552-01063ade9d61" 201 - "PUT http://[::1]:8080/v1/AUTH_044b6cf3b72e4ad0b2d669d50ca59d45/gnocchi.88d21ef8-c174-4375-a552-01063ade9d61" "tx1b8432ebe66248d891f83-0068e2bc8c" "proxy-server 85965" 0.0322 "-" 92945 0
Oct 05 14:44:28 np0005471276.novalocal container-server[92944]: ::1 - - [05/Oct/2025:18:44:28 +0000] "PUT /1/105598/AUTH_044b6cf3b72e4ad0b2d669d50ca59d45/gnocchi.88d21ef8-c174-4375-a552-01063ade9d61" 201 - "PUT http://[::1]:8080/v1/AUTH_044b6cf3b72e4ad0b2d669d50ca59d45/gnocchi.88d21ef8-c174-4375-a552-01063ade9d61" "tx1b8432ebe66248d891f83-0068e2bc8c" "proxy-server 85965" 0.0360 "-" 92944 0
Oct 05 14:44:28 np0005471276.novalocal container-server[92944]: ::1 - - [05/Oct/2025:18:44:28 +0000] "PUT /2/178209/AUTH_044b6cf3b72e4ad0b2d669d50ca59d45/gnocchi.c3351243-3c44-4691-a0a7-7c6c5df82f6c/none_v3" 201 - "PUT http://[::1]:8080/2/24113/AUTH_044b6cf3b72e4ad0b2d669d50ca59d45/gnocchi.c3351243-3c44-4691-a0a7-7c6c5df82f6c/none_v3" "tx16ce0a6bdc86434b967d8-0068e2bc8c" "object-server 93246" 0.0005 "-" 92944 0
Oct 05 14:44:28 np0005471276.novalocal proxy-server[85965]: ::1 ::1 05/Oct/2025/18/44/28 PUT /v1/AUTH_044b6cf3b72e4ad0b2d669d50ca59d45/gnocchi.88d21ef8-c174-4375-a552-01063ade9d61 HTTP/1.0 201 - python-swiftclient-4.5.0 gAAAAABo4ryD2OD-... - - - tx1b8432ebe66248d891f83-0068e2bc8c - 0.0440 - - 1759689868.320089340 1759689868.364083052 0
Oct 05 14:44:28 np0005471276.novalocal object-server[93246]: ::1 - - [05/Oct/2025:18:44:28 +0000] "PUT /2/24113/AUTH_044b6cf3b72e4ad0b2d669d50ca59d45/gnocchi.c3351243-3c44-4691-a0a7-7c6c5df82f6c/none_v3" 201 - "PUT http://[::1]:8080/v1/AUTH_044b6cf3b72e4ad0b2d669d50ca59d45/gnocchi.c3351243-3c44-4691-a0a7-7c6c5df82f6c/none_v3" "tx16ce0a6bdc86434b967d8-0068e2bc8c" "proxy-server 85965" 0.0325 "-" 93246 0
Oct 05 14:44:28 np0005471276.novalocal proxy-server[85965]: ::1 ::1 05/Oct/2025/18/44/28 PUT /v1/AUTH_044b6cf3b72e4ad0b2d669d50ca59d45/gnocchi.c3351243-3c44-4691-a0a7-7c6c5df82f6c/none_v3 HTTP/1.0 201 - python-swiftclient-4.5.0 gAAAAABo4ryHW7gA... 22 - - tx16ce0a6bdc86434b967d8-0068e2bc8c - 0.0427 - - 1759689868.325633287 1759689868.368317366 0
Oct 05 14:44:28 np0005471276.novalocal container-server[92945]: ::1 - - [05/Oct/2025:18:44:28 +0000] "HEAD /1/105598/AUTH_044b6cf3b72e4ad0b2d669d50ca59d45/gnocchi.88d21ef8-c174-4375-a552-01063ade9d61" 204 - "HEAD http://[::1]:8080/v1/AUTH_044b6cf3b72e4ad0b2d669d50ca59d45/gnocchi.88d21ef8-c174-4375-a552-01063ade9d61" "tx33ab2da08a9d4a1caf112-0068e2bc8c" "proxy-server 85965" 0.0015 "-" 92945 0
Oct 05 14:44:28 np0005471276.novalocal proxy-server[85965]: - - 05/Oct/2025/18/44/28 HEAD /v1/AUTH_044b6cf3b72e4ad0b2d669d50ca59d45/gnocchi.88d21ef8-c174-4375-a552-01063ade9d61 HTTP/1.0 204 - Swift - - - - tx33ab2da08a9d4a1caf112-0068e2bc8c - 0.0150 CS - 1759689868.370489836 1759689868.385504007 0
Oct 05 14:44:28 np0005471276.novalocal container-server[92945]: ::1 - - [05/Oct/2025:18:44:28 +0000] "GET /2/105598/AUTH_044b6cf3b72e4ad0b2d669d50ca59d45/gnocchi.88d21ef8-c174-4375-a552-01063ade9d61" 200 2 "GET http://[::1]:8080/v1/AUTH_044b6cf3b72e4ad0b2d669d50ca59d45/gnocchi.88d21ef8-c174-4375-a552-01063ade9d61?format=json&states=listing" "tx33ab2da08a9d4a1caf112-0068e2bc8c" "proxy-server 85965" 0.0027 "-" 92945 0
Oct 05 14:44:28 np0005471276.novalocal proxy-server[85965]: ::1 ::1 05/Oct/2025/18/44/28 GET /v1/AUTH_044b6cf3b72e4ad0b2d669d50ca59d45/gnocchi.88d21ef8-c174-4375-a552-01063ade9d61%3Fformat%3Djson%26states%3Dlisting HTTP/1.0 200 - python-swiftclient-4.5.0 gAAAAABo4ryD2OD-... - 2 - tx33ab2da08a9d4a1caf112-0068e2bc8c - 0.0284 - - 1759689868.369518518 1759689868.397902250 0
Oct 05 14:44:28 np0005471276.novalocal object-server[93246]: ::1 - - [05/Oct/2025:18:44:28 +0000] "GET /1/82703/AUTH_044b6cf3b72e4ad0b2d669d50ca59d45/gnocchi.88d21ef8-c174-4375-a552-01063ade9d61/1759320000.0_mean_300.0_v3" 404 70 "GET http://[::1]:8080/v1/AUTH_044b6cf3b72e4ad0b2d669d50ca59d45/gnocchi.88d21ef8-c174-4375-a552-01063ade9d61/1759320000.0_mean_300.0_v3" "tx53623b5ace1c4049bf66e-0068e2bc8c" "proxy-server 85965" 0.0004 "-" 93246 0
Oct 05 14:44:28 np0005471276.novalocal container-server[92944]: ::1 - - [05/Oct/2025:18:44:28 +0000] "HEAD /1/119138/AUTH_044b6cf3b72e4ad0b2d669d50ca59d45/gnocchi.94c3f19d-df2a-4fc1-9c4d-0e43bff49b68" 404 - "HEAD http://[::1]:8080/v1/AUTH_044b6cf3b72e4ad0b2d669d50ca59d45/gnocchi.94c3f19d-df2a-4fc1-9c4d-0e43bff49b68" "txbe6689b37ea44d2db2ac2-0068e2bc8c" "proxy-server 85965" 0.0004 "-" 92944 0
Oct 05 14:44:28 np0005471276.novalocal container-server[92944]: ::1 - - [05/Oct/2025:18:44:28 +0000] "HEAD /3/119138/AUTH_044b6cf3b72e4ad0b2d669d50ca59d45/gnocchi.94c3f19d-df2a-4fc1-9c4d-0e43bff49b68" 404 - "HEAD http://[::1]:8080/v1/AUTH_044b6cf3b72e4ad0b2d669d50ca59d45/gnocchi.94c3f19d-df2a-4fc1-9c4d-0e43bff49b68" "txbe6689b37ea44d2db2ac2-0068e2bc8c" "proxy-server 85965" 0.0002 "-" 92944 0
Oct 05 14:44:28 np0005471276.novalocal container-server[92944]: ::1 - - [05/Oct/2025:18:44:28 +0000] "HEAD /2/119138/AUTH_044b6cf3b72e4ad0b2d669d50ca59d45/gnocchi.94c3f19d-df2a-4fc1-9c4d-0e43bff49b68" 404 - "HEAD http://[::1]:8080/v1/AUTH_044b6cf3b72e4ad0b2d669d50ca59d45/gnocchi.94c3f19d-df2a-4fc1-9c4d-0e43bff49b68" "txbe6689b37ea44d2db2ac2-0068e2bc8c" "proxy-server 85965" 0.0002 "-" 92944 0
Oct 05 14:44:28 np0005471276.novalocal object-server[93245]: ::1 - - [05/Oct/2025:18:44:28 +0000] "GET /3/82703/AUTH_044b6cf3b72e4ad0b2d669d50ca59d45/gnocchi.88d21ef8-c174-4375-a552-01063ade9d61/1759320000.0_mean_300.0_v3" 404 70 "GET http://[::1]:8080/v1/AUTH_044b6cf3b72e4ad0b2d669d50ca59d45/gnocchi.88d21ef8-c174-4375-a552-01063ade9d61/1759320000.0_mean_300.0_v3" "tx53623b5ace1c4049bf66e-0068e2bc8c" "proxy-server 85965" 0.0005 "-" 93245 0
Oct 05 14:44:28 np0005471276.novalocal proxy-server[85965]: - - 05/Oct/2025/18/44/28 HEAD /v1/AUTH_044b6cf3b72e4ad0b2d669d50ca59d45/gnocchi.94c3f19d-df2a-4fc1-9c4d-0e43bff49b68 HTTP/1.0 404 - Swift - - - - txbe6689b37ea44d2db2ac2-0068e2bc8c - 0.0201 CS - 1759689868.401964903 1759689868.422069311 0
Oct 05 14:44:28 np0005471276.novalocal object-server[93246]: ::1 - - [05/Oct/2025:18:44:28 +0000] "GET /2/82703/AUTH_044b6cf3b72e4ad0b2d669d50ca59d45/gnocchi.88d21ef8-c174-4375-a552-01063ade9d61/1759320000.0_mean_300.0_v3" 404 70 "GET http://[::1]:8080/v1/AUTH_044b6cf3b72e4ad0b2d669d50ca59d45/gnocchi.88d21ef8-c174-4375-a552-01063ade9d61/1759320000.0_mean_300.0_v3" "tx53623b5ace1c4049bf66e-0068e2bc8c" "proxy-server 85965" 0.0003 "-" 93246 0
Oct 05 14:44:28 np0005471276.novalocal proxy-server[85965]: ::1 ::1 05/Oct/2025/18/44/28 GET /v1/AUTH_044b6cf3b72e4ad0b2d669d50ca59d45/gnocchi.88d21ef8-c174-4375-a552-01063ade9d61/1759320000.0_mean_300.0_v3 HTTP/1.0 404 - python-swiftclient-4.5.0 gAAAAABo4ryD2OD-... - 70 - tx53623b5ace1c4049bf66e-0068e2bc8c - 0.0242 - - 1759689868.405012369 1759689868.429179668 0
Oct 05 14:44:28 np0005471276.novalocal object-server[93245]: ::1 - - [05/Oct/2025:18:44:28 +0000] "GET /1/251646/AUTH_044b6cf3b72e4ad0b2d669d50ca59d45/gnocchi.94c3f19d-df2a-4fc1-9c4d-0e43bff49b68/none_v3" 404 70 "GET http://[::1]:8080/v1/AUTH_044b6cf3b72e4ad0b2d669d50ca59d45/gnocchi.94c3f19d-df2a-4fc1-9c4d-0e43bff49b68/none_v3" "txbe6689b37ea44d2db2ac2-0068e2bc8c" "proxy-server 85965" 0.0004 "-" 93245 0
Oct 05 14:44:28 np0005471276.novalocal object-server[93246]: ::1 - - [05/Oct/2025:18:44:28 +0000] "GET /3/251646/AUTH_044b6cf3b72e4ad0b2d669d50ca59d45/gnocchi.94c3f19d-df2a-4fc1-9c4d-0e43bff49b68/none_v3" 404 70 "GET http://[::1]:8080/v1/AUTH_044b6cf3b72e4ad0b2d669d50ca59d45/gnocchi.94c3f19d-df2a-4fc1-9c4d-0e43bff49b68/none_v3" "txbe6689b37ea44d2db2ac2-0068e2bc8c" "proxy-server 85965" 0.0004 "-" 93246 0
Oct 05 14:44:28 np0005471276.novalocal object-server[93245]: ::1 - - [05/Oct/2025:18:44:28 +0000] "GET /2/251646/AUTH_044b6cf3b72e4ad0b2d669d50ca59d45/gnocchi.94c3f19d-df2a-4fc1-9c4d-0e43bff49b68/none_v3" 404 70 "GET http://[::1]:8080/v1/AUTH_044b6cf3b72e4ad0b2d669d50ca59d45/gnocchi.94c3f19d-df2a-4fc1-9c4d-0e43bff49b68/none_v3" "txbe6689b37ea44d2db2ac2-0068e2bc8c" "proxy-server 85965" 0.0003 "-" 93245 0
Oct 05 14:44:28 np0005471276.novalocal proxy-server[85965]: ::1 ::1 05/Oct/2025/18/44/28 GET /v1/AUTH_044b6cf3b72e4ad0b2d669d50ca59d45/gnocchi.94c3f19d-df2a-4fc1-9c4d-0e43bff49b68/none_v3 HTTP/1.0 404 - python-swiftclient-4.5.0 gAAAAABo4ryHW7gA... - 70 - txbe6689b37ea44d2db2ac2-0068e2bc8c - 0.0414 - - 1759689868.399140835 1759689868.440502167 0
Oct 05 14:44:28 np0005471276.novalocal container-server[86378]: Container sharder cycle starting, auto-sharding False
Oct 05 14:44:28 np0005471276.novalocal container-server[92945]: ::1 - - [05/Oct/2025:18:44:28 +0000] "PUT /3/105598/AUTH_044b6cf3b72e4ad0b2d669d50ca59d45/gnocchi.88d21ef8-c174-4375-a552-01063ade9d61/1759320000.0_mean_300.0_v3" 201 - "PUT http://[::1]:8080/3/82703/AUTH_044b6cf3b72e4ad0b2d669d50ca59d45/gnocchi.88d21ef8-c174-4375-a552-01063ade9d61/1759320000.0_mean_300.0_v3" "tx622b0e8cc8c24e979449b-0068e2bc8c" "object-server 93246" 0.0009 "-" 92945 0
Oct 05 14:44:28 np0005471276.novalocal account-server[92647]: ::1 - - [05/Oct/2025:18:44:28 +0000] "PUT /3/100595/AUTH_044b6cf3b72e4ad0b2d669d50ca59d45/gnocchi.94c3f19d-df2a-4fc1-9c4d-0e43bff49b68" 201 - "PUT http://[::1]:6001/2/119138/AUTH_044b6cf3b72e4ad0b2d669d50ca59d45/gnocchi.94c3f19d-df2a-4fc1-9c4d-0e43bff49b68" "tx500c650b76b54b61ac056-0068e2bc8c" "container-server 92945" 0.0070 "-" 92647 0
Oct 05 14:44:28 np0005471276.novalocal container-server[92945]: ::1 - - [05/Oct/2025:18:44:28 +0000] "PUT /2/105598/AUTH_044b6cf3b72e4ad0b2d669d50ca59d45/gnocchi.88d21ef8-c174-4375-a552-01063ade9d61/1759320000.0_mean_300.0_v3" 201 - "PUT http://[::1]:8080/2/82703/AUTH_044b6cf3b72e4ad0b2d669d50ca59d45/gnocchi.88d21ef8-c174-4375-a552-01063ade9d61/1759320000.0_mean_300.0_v3" "tx622b0e8cc8c24e979449b-0068e2bc8c" "object-server 93245" 0.0004 "-" 92945 0
Oct 05 14:44:28 np0005471276.novalocal object-server[93246]: ::1 - - [05/Oct/2025:18:44:28 +0000] "PUT /3/82703/AUTH_044b6cf3b72e4ad0b2d669d50ca59d45/gnocchi.88d21ef8-c174-4375-a552-01063ade9d61/1759320000.0_mean_300.0_v3" 201 - "PUT http://[::1]:8080/v1/AUTH_044b6cf3b72e4ad0b2d669d50ca59d45/gnocchi.88d21ef8-c174-4375-a552-01063ade9d61/1759320000.0_mean_300.0_v3" "tx622b0e8cc8c24e979449b-0068e2bc8c" "proxy-server 85965" 0.0391 "-" 93246 0
Oct 05 14:44:28 np0005471276.novalocal container-server[92945]: ::1 - - [05/Oct/2025:18:44:28 +0000] "PUT /2/119138/AUTH_044b6cf3b72e4ad0b2d669d50ca59d45/gnocchi.94c3f19d-df2a-4fc1-9c4d-0e43bff49b68" 201 - "PUT http://[::1]:8080/v1/AUTH_044b6cf3b72e4ad0b2d669d50ca59d45/gnocchi.94c3f19d-df2a-4fc1-9c4d-0e43bff49b68" "tx500c650b76b54b61ac056-0068e2bc8c" "proxy-server 85965" 0.0314 "-" 92945 0
Oct 05 14:44:28 np0005471276.novalocal object-server[93245]: ::1 - - [05/Oct/2025:18:44:28 +0000] "PUT /2/82703/AUTH_044b6cf3b72e4ad0b2d669d50ca59d45/gnocchi.88d21ef8-c174-4375-a552-01063ade9d61/1759320000.0_mean_300.0_v3" 201 - "PUT http://[::1]:8080/v1/AUTH_044b6cf3b72e4ad0b2d669d50ca59d45/gnocchi.88d21ef8-c174-4375-a552-01063ade9d61/1759320000.0_mean_300.0_v3" "tx622b0e8cc8c24e979449b-0068e2bc8c" "proxy-server 85965" 0.0403 "-" 93245 0
Oct 05 14:44:28 np0005471276.novalocal account-server[92646]: ::1 - - [05/Oct/2025:18:44:28 +0000] "PUT /2/100595/AUTH_044b6cf3b72e4ad0b2d669d50ca59d45/gnocchi.94c3f19d-df2a-4fc1-9c4d-0e43bff49b68" 201 - "PUT http://[::1]:6001/1/119138/AUTH_044b6cf3b72e4ad0b2d669d50ca59d45/gnocchi.94c3f19d-df2a-4fc1-9c4d-0e43bff49b68" "tx500c650b76b54b61ac056-0068e2bc8c" "container-server 92944" 0.0050 "-" 92646 0
Oct 05 14:44:28 np0005471276.novalocal container-server[92944]: ::1 - - [05/Oct/2025:18:44:28 +0000] "PUT /1/105598/AUTH_044b6cf3b72e4ad0b2d669d50ca59d45/gnocchi.88d21ef8-c174-4375-a552-01063ade9d61/1759320000.0_mean_300.0_v3" 201 - "PUT http://[::1]:8080/1/82703/AUTH_044b6cf3b72e4ad0b2d669d50ca59d45/gnocchi.88d21ef8-c174-4375-a552-01063ade9d61/1759320000.0_mean_300.0_v3" "tx622b0e8cc8c24e979449b-0068e2bc8c" "object-server 93245" 0.0022 "-" 92944 0
Oct 05 14:44:28 np0005471276.novalocal object-server[93245]: ::1 - - [05/Oct/2025:18:44:28 +0000] "PUT /1/82703/AUTH_044b6cf3b72e4ad0b2d669d50ca59d45/gnocchi.88d21ef8-c174-4375-a552-01063ade9d61/1759320000.0_mean_300.0_v3" 201 - "PUT http://[::1]:8080/v1/AUTH_044b6cf3b72e4ad0b2d669d50ca59d45/gnocchi.88d21ef8-c174-4375-a552-01063ade9d61/1759320000.0_mean_300.0_v3" "tx622b0e8cc8c24e979449b-0068e2bc8c" "proxy-server 85965" 0.0482 "-" 93245 0
Oct 05 14:44:28 np0005471276.novalocal proxy-server[85965]: ::1 ::1 05/Oct/2025/18/44/28 PUT /v1/AUTH_044b6cf3b72e4ad0b2d669d50ca59d45/gnocchi.88d21ef8-c174-4375-a552-01063ade9d61/1759320000.0_mean_300.0_v3 HTTP/1.0 201 - python-swiftclient-4.5.0 gAAAAABo4ryD2OD-... 16 - - tx622b0e8cc8c24e979449b-0068e2bc8c - 0.0569 - - 1759689868.442753315 1759689868.499683857 0
Oct 05 14:44:28 np0005471276.novalocal container-server[92944]: ::1 - - [05/Oct/2025:18:44:28 +0000] "PUT /1/119138/AUTH_044b6cf3b72e4ad0b2d669d50ca59d45/gnocchi.94c3f19d-df2a-4fc1-9c4d-0e43bff49b68" 201 - "PUT http://[::1]:8080/v1/AUTH_044b6cf3b72e4ad0b2d669d50ca59d45/gnocchi.94c3f19d-df2a-4fc1-9c4d-0e43bff49b68" "tx500c650b76b54b61ac056-0068e2bc8c" "proxy-server 85965" 0.0448 "-" 92944 0
Oct 05 14:44:28 np0005471276.novalocal account-server[92646]: ::1 - - [05/Oct/2025:18:44:28 +0000] "PUT /1/100595/AUTH_044b6cf3b72e4ad0b2d669d50ca59d45/gnocchi.94c3f19d-df2a-4fc1-9c4d-0e43bff49b68" 201 - "PUT http://[::1]:6001/3/119138/AUTH_044b6cf3b72e4ad0b2d669d50ca59d45/gnocchi.94c3f19d-df2a-4fc1-9c4d-0e43bff49b68" "tx500c650b76b54b61ac056-0068e2bc8c" "container-server 92944" 0.0045 "-" 92646 0
Oct 05 14:44:28 np0005471276.novalocal container-server[92944]: ::1 - - [05/Oct/2025:18:44:28 +0000] "PUT /3/119138/AUTH_044b6cf3b72e4ad0b2d669d50ca59d45/gnocchi.94c3f19d-df2a-4fc1-9c4d-0e43bff49b68" 201 - "PUT http://[::1]:8080/v1/AUTH_044b6cf3b72e4ad0b2d669d50ca59d45/gnocchi.94c3f19d-df2a-4fc1-9c4d-0e43bff49b68" "tx500c650b76b54b61ac056-0068e2bc8c" "proxy-server 85965" 0.0266 "-" 92944 0
Oct 05 14:44:28 np0005471276.novalocal proxy-server[85965]: ::1 ::1 05/Oct/2025/18/44/28 PUT /v1/AUTH_044b6cf3b72e4ad0b2d669d50ca59d45/gnocchi.94c3f19d-df2a-4fc1-9c4d-0e43bff49b68 HTTP/1.0 201 - python-swiftclient-4.5.0 gAAAAABo4ryHW7gA... - - - tx500c650b76b54b61ac056-0068e2bc8c - 0.0691 - - 1759689868.443254948 1759689868.512385130 0
Oct 05 14:44:28 np0005471276.novalocal container-server[92945]: ::1 - - [05/Oct/2025:18:44:28 +0000] "HEAD /3/119138/AUTH_044b6cf3b72e4ad0b2d669d50ca59d45/gnocchi.94c3f19d-df2a-4fc1-9c4d-0e43bff49b68" 204 - "HEAD http://[::1]:8080/v1/AUTH_044b6cf3b72e4ad0b2d669d50ca59d45/gnocchi.94c3f19d-df2a-4fc1-9c4d-0e43bff49b68" "tx45f6c9fb3d3b454a858ce-0068e2bc8c" "proxy-server 85965" 0.0017 "-" 92945 0
Oct 05 14:44:28 np0005471276.novalocal proxy-server[85965]: - - 05/Oct/2025/18/44/28 HEAD /v1/AUTH_044b6cf3b72e4ad0b2d669d50ca59d45/gnocchi.94c3f19d-df2a-4fc1-9c4d-0e43bff49b68 HTTP/1.0 204 - Swift - - - - tx45f6c9fb3d3b454a858ce-0068e2bc8c - 0.0058 CS - 1759689868.517310619 1759689868.523074627 0
Oct 05 14:44:28 np0005471276.novalocal container-server[92944]: ::1 - - [05/Oct/2025:18:44:28 +0000] "PUT /1/105598/AUTH_044b6cf3b72e4ad0b2d669d50ca59d45/gnocchi.88d21ef8-c174-4375-a552-01063ade9d61/none_v3" 201 - "PUT http://[::1]:8080/3/163096/AUTH_044b6cf3b72e4ad0b2d669d50ca59d45/gnocchi.88d21ef8-c174-4375-a552-01063ade9d61/none_v3" "tx7a2399f4e37f40218f812-0068e2bc8c" "object-server 93246" 0.0010 "-" 92944 0
Oct 05 14:44:28 np0005471276.novalocal object-server[93246]: ::1 - - [05/Oct/2025:18:44:28 +0000] "PUT /3/163096/AUTH_044b6cf3b72e4ad0b2d669d50ca59d45/gnocchi.88d21ef8-c174-4375-a552-01063ade9d61/none_v3" 201 - "PUT http://[::1]:8080/v1/AUTH_044b6cf3b72e4ad0b2d669d50ca59d45/gnocchi.88d21ef8-c174-4375-a552-01063ade9d61/none_v3" "tx7a2399f4e37f40218f812-0068e2bc8c" "proxy-server 85965" 0.0170 "-" 93246 0
Oct 05 14:44:28 np0005471276.novalocal container-server[92945]: ::1 - - [05/Oct/2025:18:44:28 +0000] "PUT /2/105598/AUTH_044b6cf3b72e4ad0b2d669d50ca59d45/gnocchi.88d21ef8-c174-4375-a552-01063ade9d61/none_v3" 201 - "PUT http://[::1]:8080/2/163096/AUTH_044b6cf3b72e4ad0b2d669d50ca59d45/gnocchi.88d21ef8-c174-4375-a552-01063ade9d61/none_v3" "tx7a2399f4e37f40218f812-0068e2bc8c" "object-server 93245" 0.0005 "-" 92945 0
Oct 05 14:44:28 np0005471276.novalocal object-server[93245]: ::1 - - [05/Oct/2025:18:44:28 +0000] "PUT /2/163096/AUTH_044b6cf3b72e4ad0b2d669d50ca59d45/gnocchi.88d21ef8-c174-4375-a552-01063ade9d61/none_v3" 201 - "PUT http://[::1]:8080/v1/AUTH_044b6cf3b72e4ad0b2d669d50ca59d45/gnocchi.88d21ef8-c174-4375-a552-01063ade9d61/none_v3" "tx7a2399f4e37f40218f812-0068e2bc8c" "proxy-server 85965" 0.0159 "-" 93245 0
Oct 05 14:44:28 np0005471276.novalocal container-server[92944]: ::1 - - [05/Oct/2025:18:44:28 +0000] "GET /2/119138/AUTH_044b6cf3b72e4ad0b2d669d50ca59d45/gnocchi.94c3f19d-df2a-4fc1-9c4d-0e43bff49b68" 200 2 "GET http://[::1]:8080/v1/AUTH_044b6cf3b72e4ad0b2d669d50ca59d45/gnocchi.94c3f19d-df2a-4fc1-9c4d-0e43bff49b68?format=json&states=listing" "tx45f6c9fb3d3b454a858ce-0068e2bc8c" "proxy-server 85965" 0.0032 "-" 92944 0
Oct 05 14:44:28 np0005471276.novalocal container-server[92944]: ::1 - - [05/Oct/2025:18:44:28 +0000] "PUT /3/105598/AUTH_044b6cf3b72e4ad0b2d669d50ca59d45/gnocchi.88d21ef8-c174-4375-a552-01063ade9d61/none_v3" 201 - "PUT http://[::1]:8080/1/163096/AUTH_044b6cf3b72e4ad0b2d669d50ca59d45/gnocchi.88d21ef8-c174-4375-a552-01063ade9d61/none_v3" "tx7a2399f4e37f40218f812-0068e2bc8c" "object-server 93245" 0.0005 "-" 92944 0
Oct 05 14:44:28 np0005471276.novalocal proxy-server[85965]: ::1 ::1 05/Oct/2025/18/44/28 GET /v1/AUTH_044b6cf3b72e4ad0b2d669d50ca59d45/gnocchi.94c3f19d-df2a-4fc1-9c4d-0e43bff49b68%3Fformat%3Djson%26states%3Dlisting HTTP/1.0 200 - python-swiftclient-4.5.0 gAAAAABo4ryHW7gA... - 2 - tx45f6c9fb3d3b454a858ce-0068e2bc8c - 0.0191 - - 1759689868.516472340 1759689868.535591602 0
Oct 05 14:44:28 np0005471276.novalocal object-server[93245]: ::1 - - [05/Oct/2025:18:44:28 +0000] "PUT /1/163096/AUTH_044b6cf3b72e4ad0b2d669d50ca59d45/gnocchi.88d21ef8-c174-4375-a552-01063ade9d61/none_v3" 201 - "PUT http://[::1]:8080/v1/AUTH_044b6cf3b72e4ad0b2d669d50ca59d45/gnocchi.88d21ef8-c174-4375-a552-01063ade9d61/none_v3" "tx7a2399f4e37f40218f812-0068e2bc8c" "proxy-server 85965" 0.0248 "-" 93245 0
Oct 05 14:44:28 np0005471276.novalocal proxy-server[85965]: ::1 ::1 05/Oct/2025/18/44/28 PUT /v1/AUTH_044b6cf3b72e4ad0b2d669d50ca59d45/gnocchi.88d21ef8-c174-4375-a552-01063ade9d61/none_v3 HTTP/1.0 201 - python-swiftclient-4.5.0 gAAAAABo4ryD2OD-... 22 - - tx7a2399f4e37f40218f812-0068e2bc8c - 0.0334 - - 1759689868.504515171 1759689868.537888050 0
Oct 05 14:44:28 np0005471276.novalocal object-server[93246]: ::1 - - [05/Oct/2025:18:44:28 +0000] "GET /1/220293/AUTH_044b6cf3b72e4ad0b2d669d50ca59d45/gnocchi.94c3f19d-df2a-4fc1-9c4d-0e43bff49b68/1759320000.0_mean_300.0_v3" 404 70 "GET http://[::1]:8080/v1/AUTH_044b6cf3b72e4ad0b2d669d50ca59d45/gnocchi.94c3f19d-df2a-4fc1-9c4d-0e43bff49b68/1759320000.0_mean_300.0_v3" "tx22d51865a7804e9eba258-0068e2bc8c" "proxy-server 85965" 0.0005 "-" 93246 0
Oct 05 14:44:28 np0005471276.novalocal object-server[93245]: ::1 - - [05/Oct/2025:18:44:28 +0000] "GET /3/220293/AUTH_044b6cf3b72e4ad0b2d669d50ca59d45/gnocchi.94c3f19d-df2a-4fc1-9c4d-0e43bff49b68/1759320000.0_mean_300.0_v3" 404 70 "GET http://[::1]:8080/v1/AUTH_044b6cf3b72e4ad0b2d669d50ca59d45/gnocchi.94c3f19d-df2a-4fc1-9c4d-0e43bff49b68/1759320000.0_mean_300.0_v3" "tx22d51865a7804e9eba258-0068e2bc8c" "proxy-server 85965" 0.0004 "-" 93245 0
Oct 05 14:44:28 np0005471276.novalocal object-server[93246]: ::1 - - [05/Oct/2025:18:44:28 +0000] "GET /2/220293/AUTH_044b6cf3b72e4ad0b2d669d50ca59d45/gnocchi.94c3f19d-df2a-4fc1-9c4d-0e43bff49b68/1759320000.0_mean_300.0_v3" 404 70 "GET http://[::1]:8080/v1/AUTH_044b6cf3b72e4ad0b2d669d50ca59d45/gnocchi.94c3f19d-df2a-4fc1-9c4d-0e43bff49b68/1759320000.0_mean_300.0_v3" "tx22d51865a7804e9eba258-0068e2bc8c" "proxy-server 85965" 0.0004 "-" 93246 0
Oct 05 14:44:28 np0005471276.novalocal proxy-server[85965]: ::1 ::1 05/Oct/2025/18/44/28 GET /v1/AUTH_044b6cf3b72e4ad0b2d669d50ca59d45/gnocchi.94c3f19d-df2a-4fc1-9c4d-0e43bff49b68/1759320000.0_mean_300.0_v3 HTTP/1.0 404 - python-swiftclient-4.5.0 gAAAAABo4ryHW7gA... - 70 - tx22d51865a7804e9eba258-0068e2bc8c - 0.0157 - - 1759689868.540752411 1759689868.556406021 0
Oct 05 14:44:28 np0005471276.novalocal sudo[100010]: pam_unix(sudo:session): session closed for user root
Oct 05 14:44:28 np0005471276.novalocal container-server[92944]: ::1 - - [05/Oct/2025:18:44:28 +0000] "HEAD /1/76918/AUTH_044b6cf3b72e4ad0b2d669d50ca59d45/gnocchi.3c0196e5-9ebc-4c5e-a1a6-e50807f7ffe7" 404 - "HEAD http://[::1]:8080/v1/AUTH_044b6cf3b72e4ad0b2d669d50ca59d45/gnocchi.3c0196e5-9ebc-4c5e-a1a6-e50807f7ffe7" "tx3ec7f69d9f594eab88ee3-0068e2bc8c" "proxy-server 85965" 0.0007 "-" 92944 0
Oct 05 14:44:28 np0005471276.novalocal systemd[1]: session-c125.scope: Deactivated successfully.
Oct 05 14:44:28 np0005471276.novalocal container-server[92944]: ::1 - - [05/Oct/2025:18:44:28 +0000] "HEAD /3/76918/AUTH_044b6cf3b72e4ad0b2d669d50ca59d45/gnocchi.3c0196e5-9ebc-4c5e-a1a6-e50807f7ffe7" 404 - "HEAD http://[::1]:8080/v1/AUTH_044b6cf3b72e4ad0b2d669d50ca59d45/gnocchi.3c0196e5-9ebc-4c5e-a1a6-e50807f7ffe7" "tx3ec7f69d9f594eab88ee3-0068e2bc8c" "proxy-server 85965" 0.0003 "-" 92944 0
Oct 05 14:44:28 np0005471276.novalocal container-server[92944]: ::1 - - [05/Oct/2025:18:44:28 +0000] "HEAD /2/76918/AUTH_044b6cf3b72e4ad0b2d669d50ca59d45/gnocchi.3c0196e5-9ebc-4c5e-a1a6-e50807f7ffe7" 404 - "HEAD http://[::1]:8080/v1/AUTH_044b6cf3b72e4ad0b2d669d50ca59d45/gnocchi.3c0196e5-9ebc-4c5e-a1a6-e50807f7ffe7" "tx3ec7f69d9f594eab88ee3-0068e2bc8c" "proxy-server 85965" 0.0002 "-" 92944 0
Oct 05 14:44:28 np0005471276.novalocal proxy-server[85965]: - - 05/Oct/2025/18/44/28 HEAD /v1/AUTH_044b6cf3b72e4ad0b2d669d50ca59d45/gnocchi.3c0196e5-9ebc-4c5e-a1a6-e50807f7ffe7 HTTP/1.0 404 - Swift - - - - tx3ec7f69d9f594eab88ee3-0068e2bc8c - 0.0174 CS - 1759689868.574490070 1759689868.591918230 0
Oct 05 14:44:28 np0005471276.novalocal container-server[92945]: ::1 - - [05/Oct/2025:18:44:28 +0000] "PUT /3/119138/AUTH_044b6cf3b72e4ad0b2d669d50ca59d45/gnocchi.94c3f19d-df2a-4fc1-9c4d-0e43bff49b68/1759320000.0_mean_300.0_v3" 201 - "PUT http://[::1]:8080/3/220293/AUTH_044b6cf3b72e4ad0b2d669d50ca59d45/gnocchi.94c3f19d-df2a-4fc1-9c4d-0e43bff49b68/1759320000.0_mean_300.0_v3" "txb26d4c80f54546baa052b-0068e2bc8c" "object-server 93246" 0.0006 "-" 92945 0
Oct 05 14:44:28 np0005471276.novalocal container-server[92945]: ::1 - - [05/Oct/2025:18:44:28 +0000] "PUT /2/119138/AUTH_044b6cf3b72e4ad0b2d669d50ca59d45/gnocchi.94c3f19d-df2a-4fc1-9c4d-0e43bff49b68/1759320000.0_mean_300.0_v3" 201 - "PUT http://[::1]:8080/1/220293/AUTH_044b6cf3b72e4ad0b2d669d50ca59d45/gnocchi.94c3f19d-df2a-4fc1-9c4d-0e43bff49b68/1759320000.0_mean_300.0_v3" "txb26d4c80f54546baa052b-0068e2bc8c" "object-server 93245" 0.0004 "-" 92945 0
Oct 05 14:44:28 np0005471276.novalocal object-server[93246]: ::1 - - [05/Oct/2025:18:44:28 +0000] "PUT /3/220293/AUTH_044b6cf3b72e4ad0b2d669d50ca59d45/gnocchi.94c3f19d-df2a-4fc1-9c4d-0e43bff49b68/1759320000.0_mean_300.0_v3" 201 - "PUT http://[::1]:8080/v1/AUTH_044b6cf3b72e4ad0b2d669d50ca59d45/gnocchi.94c3f19d-df2a-4fc1-9c4d-0e43bff49b68/1759320000.0_mean_300.0_v3" "txb26d4c80f54546baa052b-0068e2bc8c" "proxy-server 85965" 0.0319 "-" 93246 0
Oct 05 14:44:28 np0005471276.novalocal container-server[92945]: ::1 - - [05/Oct/2025:18:44:28 +0000] "PUT /1/119138/AUTH_044b6cf3b72e4ad0b2d669d50ca59d45/gnocchi.94c3f19d-df2a-4fc1-9c4d-0e43bff49b68/1759320000.0_mean_300.0_v3" 201 - "PUT http://[::1]:8080/2/220293/AUTH_044b6cf3b72e4ad0b2d669d50ca59d45/gnocchi.94c3f19d-df2a-4fc1-9c4d-0e43bff49b68/1759320000.0_mean_300.0_v3" "txb26d4c80f54546baa052b-0068e2bc8c" "object-server 93246" 0.0004 "-" 92945 0
Oct 05 14:44:28 np0005471276.novalocal object-server[93245]: ::1 - - [05/Oct/2025:18:44:28 +0000] "GET /2/73595/AUTH_044b6cf3b72e4ad0b2d669d50ca59d45/gnocchi.3c0196e5-9ebc-4c5e-a1a6-e50807f7ffe7/none_v3" 404 70 "GET http://[::1]:8080/v1/AUTH_044b6cf3b72e4ad0b2d669d50ca59d45/gnocchi.3c0196e5-9ebc-4c5e-a1a6-e50807f7ffe7/none_v3" "tx3ec7f69d9f594eab88ee3-0068e2bc8c" "proxy-server 85965" 0.0004 "-" 93245 0
Oct 05 14:44:28 np0005471276.novalocal object-server[93246]: ::1 - - [05/Oct/2025:18:44:28 +0000] "PUT /2/220293/AUTH_044b6cf3b72e4ad0b2d669d50ca59d45/gnocchi.94c3f19d-df2a-4fc1-9c4d-0e43bff49b68/1759320000.0_mean_300.0_v3" 201 - "PUT http://[::1]:8080/v1/AUTH_044b6cf3b72e4ad0b2d669d50ca59d45/gnocchi.94c3f19d-df2a-4fc1-9c4d-0e43bff49b68/1759320000.0_mean_300.0_v3" "txb26d4c80f54546baa052b-0068e2bc8c" "proxy-server 85965" 0.0319 "-" 93246 0
Oct 05 14:44:28 np0005471276.novalocal object-server[93245]: ::1 - - [05/Oct/2025:18:44:28 +0000] "PUT /1/220293/AUTH_044b6cf3b72e4ad0b2d669d50ca59d45/gnocchi.94c3f19d-df2a-4fc1-9c4d-0e43bff49b68/1759320000.0_mean_300.0_v3" 201 - "PUT http://[::1]:8080/v1/AUTH_044b6cf3b72e4ad0b2d669d50ca59d45/gnocchi.94c3f19d-df2a-4fc1-9c4d-0e43bff49b68/1759320000.0_mean_300.0_v3" "txb26d4c80f54546baa052b-0068e2bc8c" "proxy-server 85965" 0.0334 "-" 93245 0
Oct 05 14:44:28 np0005471276.novalocal proxy-server[85965]: ::1 ::1 05/Oct/2025/18/44/28 PUT /v1/AUTH_044b6cf3b72e4ad0b2d669d50ca59d45/gnocchi.94c3f19d-df2a-4fc1-9c4d-0e43bff49b68/1759320000.0_mean_300.0_v3 HTTP/1.0 201 - python-swiftclient-4.5.0 gAAAAABo4ryHW7gA... 16 - - txb26d4c80f54546baa052b-0068e2bc8c - 0.0426 - - 1759689868.559663534 1759689868.602225065 0
Oct 05 14:44:28 np0005471276.novalocal object-server[93245]: ::1 - - [05/Oct/2025:18:44:28 +0000] "GET /1/73595/AUTH_044b6cf3b72e4ad0b2d669d50ca59d45/gnocchi.3c0196e5-9ebc-4c5e-a1a6-e50807f7ffe7/none_v3" 404 70 "GET http://[::1]:8080/v1/AUTH_044b6cf3b72e4ad0b2d669d50ca59d45/gnocchi.3c0196e5-9ebc-4c5e-a1a6-e50807f7ffe7/none_v3" "tx3ec7f69d9f594eab88ee3-0068e2bc8c" "proxy-server 85965" 0.0002 "-" 93245 0
Oct 05 14:44:28 np0005471276.novalocal object-server[93245]: ::1 - - [05/Oct/2025:18:44:28 +0000] "GET /3/73595/AUTH_044b6cf3b72e4ad0b2d669d50ca59d45/gnocchi.3c0196e5-9ebc-4c5e-a1a6-e50807f7ffe7/none_v3" 404 70 "GET http://[::1]:8080/v1/AUTH_044b6cf3b72e4ad0b2d669d50ca59d45/gnocchi.3c0196e5-9ebc-4c5e-a1a6-e50807f7ffe7/none_v3" "tx3ec7f69d9f594eab88ee3-0068e2bc8c" "proxy-server 85965" 0.0005 "-" 93245 0
Oct 05 14:44:28 np0005471276.novalocal proxy-server[85965]: ::1 ::1 05/Oct/2025/18/44/28 GET /v1/AUTH_044b6cf3b72e4ad0b2d669d50ca59d45/gnocchi.3c0196e5-9ebc-4c5e-a1a6-e50807f7ffe7/none_v3 HTTP/1.0 404 - python-swiftclient-4.5.0 gAAAAABo4ryD2OD-... - 70 - tx3ec7f69d9f594eab88ee3-0068e2bc8c - 0.0372 - - 1759689868.573364258 1759689868.610589266 0
Oct 05 14:44:28 np0005471276.novalocal sudo[100053]: cinder : PWD=/ ; USER=root ; COMMAND=/usr/bin/cinder-rootwrap /etc/cinder/rootwrap.conf cinder-rtstool get-targets
Oct 05 14:44:28 np0005471276.novalocal account-server[92646]: ::1 - - [05/Oct/2025:18:44:28 +0000] "PUT /2/100595/AUTH_044b6cf3b72e4ad0b2d669d50ca59d45/gnocchi.3c0196e5-9ebc-4c5e-a1a6-e50807f7ffe7" 201 - "PUT http://[::1]:6001/2/76918/AUTH_044b6cf3b72e4ad0b2d669d50ca59d45/gnocchi.3c0196e5-9ebc-4c5e-a1a6-e50807f7ffe7" "tx00f6e3ade80e441e8e866-0068e2bc8c" "container-server 92945" 0.0057 "-" 92646 0
Oct 05 14:44:28 np0005471276.novalocal container-server[92944]: ::1 - - [05/Oct/2025:18:44:28 +0000] "PUT /2/119138/AUTH_044b6cf3b72e4ad0b2d669d50ca59d45/gnocchi.94c3f19d-df2a-4fc1-9c4d-0e43bff49b68/none_v3" 201 - "PUT http://[::1]:8080/2/251646/AUTH_044b6cf3b72e4ad0b2d669d50ca59d45/gnocchi.94c3f19d-df2a-4fc1-9c4d-0e43bff49b68/none_v3" "txcfb7b3741bf4437fbb23b-0068e2bc8c" "object-server 93245" 0.0029 "-" 92944 0
Oct 05 14:44:28 np0005471276.novalocal container-server[92945]: ::1 - - [05/Oct/2025:18:44:28 +0000] "PUT /2/76918/AUTH_044b6cf3b72e4ad0b2d669d50ca59d45/gnocchi.3c0196e5-9ebc-4c5e-a1a6-e50807f7ffe7" 201 - "PUT http://[::1]:8080/v1/AUTH_044b6cf3b72e4ad0b2d669d50ca59d45/gnocchi.3c0196e5-9ebc-4c5e-a1a6-e50807f7ffe7" "tx00f6e3ade80e441e8e866-0068e2bc8c" "proxy-server 85965" 0.0237 "-" 92945 0
Oct 05 14:44:28 np0005471276.novalocal object-server[93245]: ::1 - - [05/Oct/2025:18:44:28 +0000] "PUT /2/251646/AUTH_044b6cf3b72e4ad0b2d669d50ca59d45/gnocchi.94c3f19d-df2a-4fc1-9c4d-0e43bff49b68/none_v3" 201 - "PUT http://[::1]:8080/v1/AUTH_044b6cf3b72e4ad0b2d669d50ca59d45/gnocchi.94c3f19d-df2a-4fc1-9c4d-0e43bff49b68/none_v3" "txcfb7b3741bf4437fbb23b-0068e2bc8c" "proxy-server 85965" 0.0321 "-" 93245 0
Oct 05 14:44:28 np0005471276.novalocal container-server[92944]: ::1 - - [05/Oct/2025:18:44:28 +0000] "PUT /1/119138/AUTH_044b6cf3b72e4ad0b2d669d50ca59d45/gnocchi.94c3f19d-df2a-4fc1-9c4d-0e43bff49b68/none_v3" 201 - "PUT http://[::1]:8080/1/251646/AUTH_044b6cf3b72e4ad0b2d669d50ca59d45/gnocchi.94c3f19d-df2a-4fc1-9c4d-0e43bff49b68/none_v3" "txcfb7b3741bf4437fbb23b-0068e2bc8c" "object-server 93246" 0.0015 "-" 92944 0
Oct 05 14:44:28 np0005471276.novalocal object-server[93246]: ::1 - - [05/Oct/2025:18:44:28 +0000] "PUT /1/251646/AUTH_044b6cf3b72e4ad0b2d669d50ca59d45/gnocchi.94c3f19d-df2a-4fc1-9c4d-0e43bff49b68/none_v3" 201 - "PUT http://[::1]:8080/v1/AUTH_044b6cf3b72e4ad0b2d669d50ca59d45/gnocchi.94c3f19d-df2a-4fc1-9c4d-0e43bff49b68/none_v3" "txcfb7b3741bf4437fbb23b-0068e2bc8c" "proxy-server 85965" 0.0354 "-" 93246 0
Oct 05 14:44:28 np0005471276.novalocal account-server[92646]: ::1 - - [05/Oct/2025:18:44:28 +0000] "PUT /1/100595/AUTH_044b6cf3b72e4ad0b2d669d50ca59d45/gnocchi.3c0196e5-9ebc-4c5e-a1a6-e50807f7ffe7" 201 - "PUT http://[::1]:6001/1/76918/AUTH_044b6cf3b72e4ad0b2d669d50ca59d45/gnocchi.3c0196e5-9ebc-4c5e-a1a6-e50807f7ffe7" "tx00f6e3ade80e441e8e866-0068e2bc8c" "container-server 92945" 0.0080 "-" 92646 0
Oct 05 14:44:28 np0005471276.novalocal container-server[92945]: ::1 - - [05/Oct/2025:18:44:28 +0000] "PUT /1/76918/AUTH_044b6cf3b72e4ad0b2d669d50ca59d45/gnocchi.3c0196e5-9ebc-4c5e-a1a6-e50807f7ffe7" 201 - "PUT http://[::1]:8080/v1/AUTH_044b6cf3b72e4ad0b2d669d50ca59d45/gnocchi.3c0196e5-9ebc-4c5e-a1a6-e50807f7ffe7" "tx00f6e3ade80e441e8e866-0068e2bc8c" "proxy-server 85965" 0.0234 "-" 92945 0
Oct 05 14:44:28 np0005471276.novalocal systemd[1]: Started Session c126 of User root.
Oct 05 14:44:28 np0005471276.novalocal container-server[92944]: ::1 - - [05/Oct/2025:18:44:28 +0000] "PUT /3/119138/AUTH_044b6cf3b72e4ad0b2d669d50ca59d45/gnocchi.94c3f19d-df2a-4fc1-9c4d-0e43bff49b68/none_v3" 201 - "PUT http://[::1]:8080/3/251646/AUTH_044b6cf3b72e4ad0b2d669d50ca59d45/gnocchi.94c3f19d-df2a-4fc1-9c4d-0e43bff49b68/none_v3" "txcfb7b3741bf4437fbb23b-0068e2bc8c" "object-server 93245" 0.0029 "-" 92944 0
Oct 05 14:44:28 np0005471276.novalocal object-server[93245]: ::1 - - [05/Oct/2025:18:44:28 +0000] "PUT /3/251646/AUTH_044b6cf3b72e4ad0b2d669d50ca59d45/gnocchi.94c3f19d-df2a-4fc1-9c4d-0e43bff49b68/none_v3" 201 - "PUT http://[::1]:8080/v1/AUTH_044b6cf3b72e4ad0b2d669d50ca59d45/gnocchi.94c3f19d-df2a-4fc1-9c4d-0e43bff49b68/none_v3" "txcfb7b3741bf4437fbb23b-0068e2bc8c" "proxy-server 85965" 0.0445 "-" 93245 0
Oct 05 14:44:28 np0005471276.novalocal sudo[100053]: pam_unix(sudo:session): session opened for user root(uid=0) by (uid=165)
Oct 05 14:44:28 np0005471276.novalocal proxy-server[85965]: ::1 ::1 05/Oct/2025/18/44/28 PUT /v1/AUTH_044b6cf3b72e4ad0b2d669d50ca59d45/gnocchi.94c3f19d-df2a-4fc1-9c4d-0e43bff49b68/none_v3 HTTP/1.0 201 - python-swiftclient-4.5.0 gAAAAABo4ryHW7gA... 22 - - txcfb7b3741bf4437fbb23b-0068e2bc8c - 0.0527 - - 1759689868.604490519 1759689868.657176018 0
Oct 05 14:44:28 np0005471276.novalocal account-server[92646]: ::1 - - [05/Oct/2025:18:44:28 +0000] "PUT /3/100595/AUTH_044b6cf3b72e4ad0b2d669d50ca59d45/gnocchi.3c0196e5-9ebc-4c5e-a1a6-e50807f7ffe7" 201 - "PUT http://[::1]:6001/3/76918/AUTH_044b6cf3b72e4ad0b2d669d50ca59d45/gnocchi.3c0196e5-9ebc-4c5e-a1a6-e50807f7ffe7" "tx00f6e3ade80e441e8e866-0068e2bc8c" "container-server 92944" 0.0071 "-" 92646 0
Oct 05 14:44:28 np0005471276.novalocal container-server[92944]: ::1 - - [05/Oct/2025:18:44:28 +0000] "PUT /3/76918/AUTH_044b6cf3b72e4ad0b2d669d50ca59d45/gnocchi.3c0196e5-9ebc-4c5e-a1a6-e50807f7ffe7" 201 - "PUT http://[::1]:8080/v1/AUTH_044b6cf3b72e4ad0b2d669d50ca59d45/gnocchi.3c0196e5-9ebc-4c5e-a1a6-e50807f7ffe7" "tx00f6e3ade80e441e8e866-0068e2bc8c" "proxy-server 85965" 0.0451 "-" 92944 0
Oct 05 14:44:28 np0005471276.novalocal proxy-server[85965]: ::1 ::1 05/Oct/2025/18/44/28 PUT /v1/AUTH_044b6cf3b72e4ad0b2d669d50ca59d45/gnocchi.3c0196e5-9ebc-4c5e-a1a6-e50807f7ffe7 HTTP/1.0 201 - python-swiftclient-4.5.0 gAAAAABo4ryD2OD-... - - - tx00f6e3ade80e441e8e866-0068e2bc8c - 0.0565 - - 1759689868.613885164 1759689868.670402050 0
Oct 05 14:44:28 np0005471276.novalocal container-server[92945]: ::1 - - [05/Oct/2025:18:44:28 +0000] "HEAD /1/76918/AUTH_044b6cf3b72e4ad0b2d669d50ca59d45/gnocchi.3c0196e5-9ebc-4c5e-a1a6-e50807f7ffe7" 204 - "HEAD http://[::1]:8080/v1/AUTH_044b6cf3b72e4ad0b2d669d50ca59d45/gnocchi.3c0196e5-9ebc-4c5e-a1a6-e50807f7ffe7" "txca1271eedf824572abb00-0068e2bc8c" "proxy-server 85965" 0.0010 "-" 92945 0
Oct 05 14:44:28 np0005471276.novalocal proxy-server[85965]: - - 05/Oct/2025/18/44/28 HEAD /v1/AUTH_044b6cf3b72e4ad0b2d669d50ca59d45/gnocchi.3c0196e5-9ebc-4c5e-a1a6-e50807f7ffe7 HTTP/1.0 204 - Swift - - - - txca1271eedf824572abb00-0068e2bc8c - 0.0048 CS - 1759689868.674142361 1759689868.678963184 0
Oct 05 14:44:28 np0005471276.novalocal container-server[92945]: ::1 - - [05/Oct/2025:18:44:28 +0000] "GET /1/76918/AUTH_044b6cf3b72e4ad0b2d669d50ca59d45/gnocchi.3c0196e5-9ebc-4c5e-a1a6-e50807f7ffe7" 200 2 "GET http://[::1]:8080/v1/AUTH_044b6cf3b72e4ad0b2d669d50ca59d45/gnocchi.3c0196e5-9ebc-4c5e-a1a6-e50807f7ffe7?format=json&states=listing" "txca1271eedf824572abb00-0068e2bc8c" "proxy-server 85965" 0.0016 "-" 92945 0
Oct 05 14:44:28 np0005471276.novalocal proxy-server[85965]: ::1 ::1 05/Oct/2025/18/44/28 GET /v1/AUTH_044b6cf3b72e4ad0b2d669d50ca59d45/gnocchi.3c0196e5-9ebc-4c5e-a1a6-e50807f7ffe7%3Fformat%3Djson%26states%3Dlisting HTTP/1.0 200 - python-swiftclient-4.5.0 gAAAAABo4ryD2OD-... - 2 - txca1271eedf824572abb00-0068e2bc8c - 0.0154 - - 1759689868.673474550 1759689868.688845158 0
Oct 05 14:44:28 np0005471276.novalocal object-server[93245]: ::1 - - [05/Oct/2025:18:44:28 +0000] "GET /3/73613/AUTH_044b6cf3b72e4ad0b2d669d50ca59d45/gnocchi.3c0196e5-9ebc-4c5e-a1a6-e50807f7ffe7/1759320000.0_mean_300.0_v3" 404 70 "GET http://[::1]:8080/v1/AUTH_044b6cf3b72e4ad0b2d669d50ca59d45/gnocchi.3c0196e5-9ebc-4c5e-a1a6-e50807f7ffe7/1759320000.0_mean_300.0_v3" "tx4aaf6fa2151a4d3293ab2-0068e2bc8c" "proxy-server 85965" 0.0004 "-" 93245 0
Oct 05 14:44:28 np0005471276.novalocal object-server[93245]: ::1 - - [05/Oct/2025:18:44:28 +0000] "GET /2/73613/AUTH_044b6cf3b72e4ad0b2d669d50ca59d45/gnocchi.3c0196e5-9ebc-4c5e-a1a6-e50807f7ffe7/1759320000.0_mean_300.0_v3" 404 70 "GET http://[::1]:8080/v1/AUTH_044b6cf3b72e4ad0b2d669d50ca59d45/gnocchi.3c0196e5-9ebc-4c5e-a1a6-e50807f7ffe7/1759320000.0_mean_300.0_v3" "tx4aaf6fa2151a4d3293ab2-0068e2bc8c" "proxy-server 85965" 0.0002 "-" 93245 0
Oct 05 14:44:28 np0005471276.novalocal object-server[93246]: ::1 - - [05/Oct/2025:18:44:28 +0000] "GET /1/73613/AUTH_044b6cf3b72e4ad0b2d669d50ca59d45/gnocchi.3c0196e5-9ebc-4c5e-a1a6-e50807f7ffe7/1759320000.0_mean_300.0_v3" 404 70 "GET http://[::1]:8080/v1/AUTH_044b6cf3b72e4ad0b2d669d50ca59d45/gnocchi.3c0196e5-9ebc-4c5e-a1a6-e50807f7ffe7/1759320000.0_mean_300.0_v3" "tx4aaf6fa2151a4d3293ab2-0068e2bc8c" "proxy-server 85965" 0.0003 "-" 93246 0
Oct 05 14:44:28 np0005471276.novalocal proxy-server[85965]: ::1 ::1 05/Oct/2025/18/44/28 GET /v1/AUTH_044b6cf3b72e4ad0b2d669d50ca59d45/gnocchi.3c0196e5-9ebc-4c5e-a1a6-e50807f7ffe7/1759320000.0_mean_300.0_v3 HTTP/1.0 404 - python-swiftclient-4.5.0 gAAAAABo4ryD2OD-... - 70 - tx4aaf6fa2151a4d3293ab2-0068e2bc8c - 0.0130 - - 1759689868.692596197 1759689868.705608606 0
Oct 05 14:44:28 np0005471276.novalocal container-server[92944]: ::1 - - [05/Oct/2025:18:44:28 +0000] "PUT /1/76918/AUTH_044b6cf3b72e4ad0b2d669d50ca59d45/gnocchi.3c0196e5-9ebc-4c5e-a1a6-e50807f7ffe7/1759320000.0_mean_300.0_v3" 201 - "PUT http://[::1]:8080/3/73613/AUTH_044b6cf3b72e4ad0b2d669d50ca59d45/gnocchi.3c0196e5-9ebc-4c5e-a1a6-e50807f7ffe7/1759320000.0_mean_300.0_v3" "tx0670e3fd0d8d4555abad6-0068e2bc8c" "object-server 93246" 0.0009 "-" 92944 0
Oct 05 14:44:28 np0005471276.novalocal object-server[93246]: ::1 - - [05/Oct/2025:18:44:28 +0000] "PUT /3/73613/AUTH_044b6cf3b72e4ad0b2d669d50ca59d45/gnocchi.3c0196e5-9ebc-4c5e-a1a6-e50807f7ffe7/1759320000.0_mean_300.0_v3" 201 - "PUT http://[::1]:8080/v1/AUTH_044b6cf3b72e4ad0b2d669d50ca59d45/gnocchi.3c0196e5-9ebc-4c5e-a1a6-e50807f7ffe7/1759320000.0_mean_300.0_v3" "tx0670e3fd0d8d4555abad6-0068e2bc8c" "proxy-server 85965" 0.0119 "-" 93246 0
Oct 05 14:44:28 np0005471276.novalocal container-server[92944]: ::1 - - [05/Oct/2025:18:44:28 +0000] "PUT /2/76918/AUTH_044b6cf3b72e4ad0b2d669d50ca59d45/gnocchi.3c0196e5-9ebc-4c5e-a1a6-e50807f7ffe7/1759320000.0_mean_300.0_v3" 201 - "PUT http://[::1]:8080/2/73613/AUTH_044b6cf3b72e4ad0b2d669d50ca59d45/gnocchi.3c0196e5-9ebc-4c5e-a1a6-e50807f7ffe7/1759320000.0_mean_300.0_v3" "tx0670e3fd0d8d4555abad6-0068e2bc8c" "object-server 93245" 0.0009 "-" 92944 0
Oct 05 14:44:28 np0005471276.novalocal object-server[93245]: ::1 - - [05/Oct/2025:18:44:28 +0000] "PUT /2/73613/AUTH_044b6cf3b72e4ad0b2d669d50ca59d45/gnocchi.3c0196e5-9ebc-4c5e-a1a6-e50807f7ffe7/1759320000.0_mean_300.0_v3" 201 - "PUT http://[::1]:8080/v1/AUTH_044b6cf3b72e4ad0b2d669d50ca59d45/gnocchi.3c0196e5-9ebc-4c5e-a1a6-e50807f7ffe7/1759320000.0_mean_300.0_v3" "tx0670e3fd0d8d4555abad6-0068e2bc8c" "proxy-server 85965" 0.0138 "-" 93245 0
Oct 05 14:44:28 np0005471276.novalocal container-server[92944]: ::1 - - [05/Oct/2025:18:44:28 +0000] "PUT /3/76918/AUTH_044b6cf3b72e4ad0b2d669d50ca59d45/gnocchi.3c0196e5-9ebc-4c5e-a1a6-e50807f7ffe7/1759320000.0_mean_300.0_v3" 201 - "PUT http://[::1]:8080/1/73613/AUTH_044b6cf3b72e4ad0b2d669d50ca59d45/gnocchi.3c0196e5-9ebc-4c5e-a1a6-e50807f7ffe7/1759320000.0_mean_300.0_v3" "tx0670e3fd0d8d4555abad6-0068e2bc8c" "object-server 93246" 0.0006 "-" 92944 0
Oct 05 14:44:28 np0005471276.novalocal object-server[93246]: ::1 - - [05/Oct/2025:18:44:28 +0000] "PUT /1/73613/AUTH_044b6cf3b72e4ad0b2d669d50ca59d45/gnocchi.3c0196e5-9ebc-4c5e-a1a6-e50807f7ffe7/1759320000.0_mean_300.0_v3" 201 - "PUT http://[::1]:8080/v1/AUTH_044b6cf3b72e4ad0b2d669d50ca59d45/gnocchi.3c0196e5-9ebc-4c5e-a1a6-e50807f7ffe7/1759320000.0_mean_300.0_v3" "tx0670e3fd0d8d4555abad6-0068e2bc8c" "proxy-server 85965" 0.0188 "-" 93246 0
Oct 05 14:44:28 np0005471276.novalocal proxy-server[85965]: ::1 ::1 05/Oct/2025/18/44/28 PUT /v1/AUTH_044b6cf3b72e4ad0b2d669d50ca59d45/gnocchi.3c0196e5-9ebc-4c5e-a1a6-e50807f7ffe7/1759320000.0_mean_300.0_v3 HTTP/1.0 201 - python-swiftclient-4.5.0 gAAAAABo4ryD2OD-... 16 - - tx0670e3fd0d8d4555abad6-0068e2bc8c - 0.0283 - - 1759689868.709358454 1759689868.737664461 0
Oct 05 14:44:28 np0005471276.novalocal container-server[92944]: ::1 - - [05/Oct/2025:18:44:28 +0000] "PUT /2/76918/AUTH_044b6cf3b72e4ad0b2d669d50ca59d45/gnocchi.3c0196e5-9ebc-4c5e-a1a6-e50807f7ffe7/none_v3" 201 - "PUT http://[::1]:8080/2/73595/AUTH_044b6cf3b72e4ad0b2d669d50ca59d45/gnocchi.3c0196e5-9ebc-4c5e-a1a6-e50807f7ffe7/none_v3" "txf13fe9e3f8f445bca73d0-0068e2bc8c" "object-server 93245" 0.0006 "-" 92944 0
Oct 05 14:44:28 np0005471276.novalocal object-server[93245]: ::1 - - [05/Oct/2025:18:44:28 +0000] "PUT /2/73595/AUTH_044b6cf3b72e4ad0b2d669d50ca59d45/gnocchi.3c0196e5-9ebc-4c5e-a1a6-e50807f7ffe7/none_v3" 201 - "PUT http://[::1]:8080/v1/AUTH_044b6cf3b72e4ad0b2d669d50ca59d45/gnocchi.3c0196e5-9ebc-4c5e-a1a6-e50807f7ffe7/none_v3" "txf13fe9e3f8f445bca73d0-0068e2bc8c" "proxy-server 85965" 0.0097 "-" 93245 0
Oct 05 14:44:28 np0005471276.novalocal container-server[92944]: ::1 - - [05/Oct/2025:18:44:28 +0000] "PUT /1/76918/AUTH_044b6cf3b72e4ad0b2d669d50ca59d45/gnocchi.3c0196e5-9ebc-4c5e-a1a6-e50807f7ffe7/none_v3" 201 - "PUT http://[::1]:8080/1/73595/AUTH_044b6cf3b72e4ad0b2d669d50ca59d45/gnocchi.3c0196e5-9ebc-4c5e-a1a6-e50807f7ffe7/none_v3" "txf13fe9e3f8f445bca73d0-0068e2bc8c" "object-server 93245" 0.0006 "-" 92944 0
Oct 05 14:44:28 np0005471276.novalocal container-server[92945]: ::1 - - [05/Oct/2025:18:44:28 +0000] "PUT /3/76918/AUTH_044b6cf3b72e4ad0b2d669d50ca59d45/gnocchi.3c0196e5-9ebc-4c5e-a1a6-e50807f7ffe7/none_v3" 201 - "PUT http://[::1]:8080/3/73595/AUTH_044b6cf3b72e4ad0b2d669d50ca59d45/gnocchi.3c0196e5-9ebc-4c5e-a1a6-e50807f7ffe7/none_v3" "txf13fe9e3f8f445bca73d0-0068e2bc8c" "object-server 93246" 0.0005 "-" 92945 0
Oct 05 14:44:28 np0005471276.novalocal object-server[93245]: ::1 - - [05/Oct/2025:18:44:28 +0000] "PUT /1/73595/AUTH_044b6cf3b72e4ad0b2d669d50ca59d45/gnocchi.3c0196e5-9ebc-4c5e-a1a6-e50807f7ffe7/none_v3" 201 - "PUT http://[::1]:8080/v1/AUTH_044b6cf3b72e4ad0b2d669d50ca59d45/gnocchi.3c0196e5-9ebc-4c5e-a1a6-e50807f7ffe7/none_v3" "txf13fe9e3f8f445bca73d0-0068e2bc8c" "proxy-server 85965" 0.0129 "-" 93245 0
Oct 05 14:44:28 np0005471276.novalocal object-server[93246]: ::1 - - [05/Oct/2025:18:44:28 +0000] "PUT /3/73595/AUTH_044b6cf3b72e4ad0b2d669d50ca59d45/gnocchi.3c0196e5-9ebc-4c5e-a1a6-e50807f7ffe7/none_v3" 201 - "PUT http://[::1]:8080/v1/AUTH_044b6cf3b72e4ad0b2d669d50ca59d45/gnocchi.3c0196e5-9ebc-4c5e-a1a6-e50807f7ffe7/none_v3" "txf13fe9e3f8f445bca73d0-0068e2bc8c" "proxy-server 85965" 0.0127 "-" 93246 0
Oct 05 14:44:28 np0005471276.novalocal proxy-server[85965]: ::1 ::1 05/Oct/2025/18/44/28 PUT /v1/AUTH_044b6cf3b72e4ad0b2d669d50ca59d45/gnocchi.3c0196e5-9ebc-4c5e-a1a6-e50807f7ffe7/none_v3 HTTP/1.0 201 - python-swiftclient-4.5.0 gAAAAABo4ryD2OD-... 22 - - txf13fe9e3f8f445bca73d0-0068e2bc8c - 0.0204 - - 1759689868.740793943 1759689868.761227369 0
Oct 05 14:44:29 np0005471276.novalocal sudo[100053]: pam_unix(sudo:session): session closed for user root
Oct 05 14:44:29 np0005471276.novalocal systemd[1]: session-c126.scope: Deactivated successfully.
Oct 05 14:44:29 np0005471276.novalocal sudo[100060]: cinder : PWD=/ ; USER=root ; COMMAND=/usr/bin/cinder-rootwrap /etc/cinder/rootwrap.conf cinder-rtstool save
Oct 05 14:44:29 np0005471276.novalocal systemd[1]: Started Session c127 of User root.
Oct 05 14:44:29 np0005471276.novalocal sudo[100060]: pam_unix(sudo:session): session opened for user root(uid=0) by (uid=165)
Oct 05 14:44:29 np0005471276.novalocal systemd[1]: NetworkManager-dispatcher.service: Deactivated successfully.
Oct 05 14:44:29 np0005471276.novalocal container-server[86378]: Since Sun Oct 5 18:44:28 2025 visited - attempted:0 success:0 failure:0 skipped:62 completed:0
Oct 05 14:44:29 np0005471276.novalocal container-server[86378]: Since Sun Oct 5 18:44:28 2025 scanned - attempted:0 success:0 failure:0 found:0 min_time:0 max_time:0
Oct 05 14:44:29 np0005471276.novalocal container-server[86378]: Since Sun Oct 5 18:44:28 2025 created - attempted:0 success:0 failure:0
Oct 05 14:44:29 np0005471276.novalocal container-server[86378]: Since Sun Oct 5 18:44:28 2025 cleaved - attempted:0 success:0 failure:0 min_time:0 max_time:0
Oct 05 14:44:29 np0005471276.novalocal container-server[86378]: Since Sun Oct 5 18:44:28 2025 misplaced - attempted:0 success:0 failure:0 found:0 placed:0 unplaced:0
Oct 05 14:44:29 np0005471276.novalocal container-server[86378]: Since Sun Oct 5 18:44:28 2025 audit_root - attempted:0 success:0 failure:0 has_overlap:0 num_overlap:0
Oct 05 14:44:29 np0005471276.novalocal container-server[86378]: Since Sun Oct 5 18:44:28 2025 audit_shard - attempted:0 success:0 failure:0
Oct 05 14:44:29 np0005471276.novalocal container-server[86378]: Container sharder cycle completed: 1.23s
Oct 05 14:44:29 np0005471276.novalocal sudo[100060]: pam_unix(sudo:session): session closed for user root
Oct 05 14:44:29 np0005471276.novalocal systemd[1]: session-c127.scope: Deactivated successfully.
Oct 05 14:44:29 np0005471276.novalocal sudo[100065]: cinder : PWD=/ ; USER=root ; COMMAND=/usr/bin/cinder-rootwrap /etc/cinder/rootwrap.conf cinder-rtstool add-initiator iqn.2010-10.org.openstack:volume-d759b49d-88d8-4608-953c-63c8936b6860 hnf5XDcWJ9biHQwvXp6e d9Z3Vs22uXik6AQX iqn.1994-05.com.redhat:468466f4e89d
Oct 05 14:44:29 np0005471276.novalocal container-server[93010]: Replication run OVER
Oct 05 14:44:29 np0005471276.novalocal container-server[93010]: Attempted to replicate 49 dbs in 1.88646 seconds (25.97452/s)
Oct 05 14:44:29 np0005471276.novalocal container-server[93010]: Removed 0 dbs
Oct 05 14:44:29 np0005471276.novalocal container-server[93010]: 98 successes, 0 failures
Oct 05 14:44:29 np0005471276.novalocal container-server[93010]: diff:0 diff_capped:0 empty:0 hashmatch:0 no_change:98 remote_merge:0 rsync:0 ts_repl:0
Oct 05 14:44:29 np0005471276.novalocal systemd[1]: Started Session c128 of User root.
Oct 05 14:44:29 np0005471276.novalocal sudo[100065]: pam_unix(sudo:session): session opened for user root(uid=0) by (uid=165)
Oct 05 14:44:30 np0005471276.novalocal sudo[100065]: pam_unix(sudo:session): session closed for user root
Oct 05 14:44:30 np0005471276.novalocal systemd[1]: session-c128.scope: Deactivated successfully.
Oct 05 14:44:30 np0005471276.novalocal sudo[100072]: cinder : PWD=/ ; USER=root ; COMMAND=/usr/bin/cinder-rootwrap /etc/cinder/rootwrap.conf cinder-rtstool save
Oct 05 14:44:30 np0005471276.novalocal systemd[1]: Started Session c129 of User root.
Oct 05 14:44:30 np0005471276.novalocal sudo[100072]: pam_unix(sudo:session): session opened for user root(uid=0) by (uid=165)
Oct 05 14:44:30 np0005471276.novalocal sudo[100072]: pam_unix(sudo:session): session closed for user root
Oct 05 14:44:30 np0005471276.novalocal systemd[1]: session-c129.scope: Deactivated successfully.
Oct 05 14:44:31 np0005471276.novalocal object-server[93246]: ::1 - - [05/Oct/2025:18:44:31 +0000] "GET /2/261751/AUTH_044b6cf3b72e4ad0b2d669d50ca59d45/gnocchi.d5d843cf-2fa2-4463-a5eb-13679b11f680/none_v3" 200 32 "GET http://[::1]:8080/v1/AUTH_044b6cf3b72e4ad0b2d669d50ca59d45/gnocchi.d5d843cf-2fa2-4463-a5eb-13679b11f680/none_v3" "tx5f17f14d94c24bdc9d72c-0068e2bc8f" "proxy-server 85965" 0.0011 "-" 93246 0
Oct 05 14:44:31 np0005471276.novalocal proxy-server[85965]: ::1 ::1 05/Oct/2025/18/44/31 GET /v1/AUTH_044b6cf3b72e4ad0b2d669d50ca59d45/gnocchi.d5d843cf-2fa2-4463-a5eb-13679b11f680/none_v3 HTTP/1.0 200 - python-swiftclient-4.5.0 gAAAAABo4ryHW7gA... - 32 - tx5f17f14d94c24bdc9d72c-0068e2bc8f - 0.0107 - - 1759689871.241084099 1759689871.251765966 0
Oct 05 14:44:31 np0005471276.novalocal container-server[92945]: ::1 - - [05/Oct/2025:18:44:31 +0000] "GET /2/235147/AUTH_044b6cf3b72e4ad0b2d669d50ca59d45/gnocchi.d5d843cf-2fa2-4463-a5eb-13679b11f680" 200 357 "GET http://[::1]:8080/v1/AUTH_044b6cf3b72e4ad0b2d669d50ca59d45/gnocchi.d5d843cf-2fa2-4463-a5eb-13679b11f680?format=json&states=listing" "tx02daa3cc54fa47019a160-0068e2bc8f" "proxy-server 85965" 0.0026 "-" 92945 0
Oct 05 14:44:31 np0005471276.novalocal proxy-server[85965]: ::1 ::1 05/Oct/2025/18/44/31 GET /v1/AUTH_044b6cf3b72e4ad0b2d669d50ca59d45/gnocchi.d5d843cf-2fa2-4463-a5eb-13679b11f680%3Fformat%3Djson%26states%3Dlisting HTTP/1.0 200 - python-swiftclient-4.5.0 gAAAAABo4ryHW7gA... - 357 - tx02daa3cc54fa47019a160-0068e2bc8f - 0.0132 - - 1759689871.257880688 1759689871.271064758 0
Oct 05 14:44:31 np0005471276.novalocal container-server[92945]: ::1 - - [05/Oct/2025:18:44:31 +0000] "GET /3/235147/AUTH_044b6cf3b72e4ad0b2d669d50ca59d45/gnocchi.d5d843cf-2fa2-4463-a5eb-13679b11f680" 200 2 "GET http://[::1]:8080/v1/AUTH_044b6cf3b72e4ad0b2d669d50ca59d45/gnocchi.d5d843cf-2fa2-4463-a5eb-13679b11f680?format=json&marker=none_v3&states=listing" "txf085bbaa36c34dd3b681b-0068e2bc8f" "proxy-server 85965" 0.0027 "-" 92945 0
Oct 05 14:44:31 np0005471276.novalocal proxy-server[85965]: ::1 ::1 05/Oct/2025/18/44/31 GET /v1/AUTH_044b6cf3b72e4ad0b2d669d50ca59d45/gnocchi.d5d843cf-2fa2-4463-a5eb-13679b11f680%3Fformat%3Djson%26marker%3Dnone_v3%26states%3Dlisting HTTP/1.0 200 - python-swiftclient-4.5.0 gAAAAABo4ryHW7gA... - 2 - txf085bbaa36c34dd3b681b-0068e2bc8f - 0.0120 - - 1759689871.275132656 1759689871.287177563 0
