Oct 05 14:44:27 np0005471276.novalocal account-server[92647]: ::1 - - [05/Oct/2025:18:44:27 +0000] "PUT /3/100595/AUTH_044b6cf3b72e4ad0b2d669d50ca59d45/gnocchi.ced9f06c-edb5-47f3-8d88-312bf1d93c04" 201 - "PUT http://[::1]:6001/3/141493/AUTH_044b6cf3b72e4ad0b2d669d50ca59d45/gnocchi.ced9f06c-edb5-47f3-8d88-312bf1d93c04" "tx5573561847b34d5fba709-0068e2bc8b" "container-server 92945" 0.0069 "-" 92647 0
Oct 05 14:44:27 np0005471276.novalocal container-server[92945]: ::1 - - [05/Oct/2025:18:44:27 +0000] "PUT /3/141493/AUTH_044b6cf3b72e4ad0b2d669d50ca59d45/gnocchi.ced9f06c-edb5-47f3-8d88-312bf1d93c04" 201 - "PUT http://[::1]:8080/v1/AUTH_044b6cf3b72e4ad0b2d669d50ca59d45/gnocchi.ced9f06c-edb5-47f3-8d88-312bf1d93c04" "tx5573561847b34d5fba709-0068e2bc8b" "proxy-server 85965" 0.0233 "-" 92945 0
Oct 05 14:44:27 np0005471276.novalocal systemd[1]: Started Session c124 of User root.
Oct 05 14:44:27 np0005471276.novalocal container-server[92944]: ::1 - - [05/Oct/2025:18:44:27 +0000] "PUT /3/146288/AUTH_044b6cf3b72e4ad0b2d669d50ca59d45/gnocchi.a0a69404-480d-42ec-9828-e3947b300e87" 201 - "PUT http://[::1]:8080/v1/AUTH_044b6cf3b72e4ad0b2d669d50ca59d45/gnocchi.a0a69404-480d-42ec-9828-e3947b300e87" "txbd9c6c656a744f16bcf1e-0068e2bc8b" "proxy-server 85965" 0.0504 "-" 92944 0
Oct 05 14:44:27 np0005471276.novalocal account-server[92647]: ::1 - - [05/Oct/2025:18:44:27 +0000] "PUT /1/100595/AUTH_044b6cf3b72e4ad0b2d669d50ca59d45/gnocchi.ced9f06c-edb5-47f3-8d88-312bf1d93c04" 201 - "PUT http://[::1]:6001/2/141493/AUTH_044b6cf3b72e4ad0b2d669d50ca59d45/gnocchi.ced9f06c-edb5-47f3-8d88-312bf1d93c04" "tx5573561847b34d5fba709-0068e2bc8b" "container-server 92944" 0.0074 "-" 92647 0
Oct 05 14:44:27 np0005471276.novalocal container-server[92944]: ::1 - - [05/Oct/2025:18:44:27 +0000] "PUT /2/141493/AUTH_044b6cf3b72e4ad0b2d669d50ca59d45/gnocchi.ced9f06c-edb5-47f3-8d88-312bf1d93c04" 201 - "PUT http://[::1]:8080/v1/AUTH_044b6cf3b72e4ad0b2d669d50ca59d45/gnocchi.ced9f06c-edb5-47f3-8d88-312bf1d93c04" "tx5573561847b34d5fba709-0068e2bc8b" "proxy-server 85965" 0.0208 "-" 92944 0
Oct 05 14:44:27 np0005471276.novalocal sudo[100006]: pam_unix(sudo:session): session opened for user root(uid=0) by (uid=165)
Oct 05 14:44:27 np0005471276.novalocal account-server[92647]: ::1 - - [05/Oct/2025:18:44:27 +0000] "PUT /2/100595/AUTH_044b6cf3b72e4ad0b2d669d50ca59d45/gnocchi.ced9f06c-edb5-47f3-8d88-312bf1d93c04" 201 - "PUT http://[::1]:6001/1/141493/AUTH_044b6cf3b72e4ad0b2d669d50ca59d45/gnocchi.ced9f06c-edb5-47f3-8d88-312bf1d93c04" "tx5573561847b34d5fba709-0068e2bc8b" "container-server 92944" 0.0054 "-" 92647 0
Oct 05 14:44:27 np0005471276.novalocal container-server[92944]: ::1 - - [05/Oct/2025:18:44:27 +0000] "PUT /1/141493/AUTH_044b6cf3b72e4ad0b2d669d50ca59d45/gnocchi.ced9f06c-edb5-47f3-8d88-312bf1d93c04" 201 - "PUT http://[::1]:8080/v1/AUTH_044b6cf3b72e4ad0b2d669d50ca59d45/gnocchi.ced9f06c-edb5-47f3-8d88-312bf1d93c04" "tx5573561847b34d5fba709-0068e2bc8b" "proxy-server 85965" 0.0385 "-" 92944 0
Oct 05 14:44:27 np0005471276.novalocal account-server[92646]: ::1 - - [05/Oct/2025:18:44:27 +0000] "PUT /1/100595/AUTH_044b6cf3b72e4ad0b2d669d50ca59d45/gnocchi.a0a69404-480d-42ec-9828-e3947b300e87" 201 - "PUT http://[::1]:6001/1/146288/AUTH_044b6cf3b72e4ad0b2d669d50ca59d45/gnocchi.a0a69404-480d-42ec-9828-e3947b300e87" "txbd9c6c656a744f16bcf1e-0068e2bc8b" "container-server 92944" 0.0117 "-" 92646 0
Oct 05 14:44:27 np0005471276.novalocal container-server[92944]: ::1 - - [05/Oct/2025:18:44:27 +0000] "PUT /1/146288/AUTH_044b6cf3b72e4ad0b2d669d50ca59d45/gnocchi.a0a69404-480d-42ec-9828-e3947b300e87" 201 - "PUT http://[::1]:8080/v1/AUTH_044b6cf3b72e4ad0b2d669d50ca59d45/gnocchi.a0a69404-480d-42ec-9828-e3947b300e87" "txbd9c6c656a744f16bcf1e-0068e2bc8b" "proxy-server 85965" 0.0538 "-" 92944 0
Oct 05 14:44:27 np0005471276.novalocal proxy-server[85965]: ::1 ::1 05/Oct/2025/18/44/27 PUT /v1/AUTH_044b6cf3b72e4ad0b2d669d50ca59d45/gnocchi.ced9f06c-edb5-47f3-8d88-312bf1d93c04 HTTP/1.0 201 - python-swiftclient-4.5.0 gAAAAABo4ryD2OD-... - - - tx5573561847b34d5fba709-0068e2bc8b - 0.0660 - - 1759689867.426805019 1759689867.492816687 0
Oct 05 14:44:27 np0005471276.novalocal proxy-server[85965]: ::1 ::1 05/Oct/2025/18/44/27 PUT /v1/AUTH_044b6cf3b72e4ad0b2d669d50ca59d45/gnocchi.a0a69404-480d-42ec-9828-e3947b300e87 HTTP/1.0 201 - python-swiftclient-4.5.0 gAAAAABo4ryHW7gA... - - - txbd9c6c656a744f16bcf1e-0068e2bc8b - 0.0951 - - 1759689867.407438755 1759689867.502523661 0
Oct 05 14:44:27 np0005471276.novalocal container-server[92944]: ::1 - - [05/Oct/2025:18:44:27 +0000] "HEAD /3/146288/AUTH_044b6cf3b72e4ad0b2d669d50ca59d45/gnocchi.a0a69404-480d-42ec-9828-e3947b300e87" 204 - "HEAD http://[::1]:8080/v1/AUTH_044b6cf3b72e4ad0b2d669d50ca59d45/gnocchi.a0a69404-480d-42ec-9828-e3947b300e87" "tx1912286cddee4f799729c-0068e2bc8b" "proxy-server 85965" 0.0015 "-" 92944 0
Oct 05 14:44:27 np0005471276.novalocal container-server[92944]: ::1 - - [05/Oct/2025:18:44:27 +0000] "HEAD /3/141493/AUTH_044b6cf3b72e4ad0b2d669d50ca59d45/gnocchi.ced9f06c-edb5-47f3-8d88-312bf1d93c04" 204 - "HEAD http://[::1]:8080/v1/AUTH_044b6cf3b72e4ad0b2d669d50ca59d45/gnocchi.ced9f06c-edb5-47f3-8d88-312bf1d93c04" "tx2ddb84d149184f53a85dd-0068e2bc8b" "proxy-server 85965" 0.0013 "-" 92944 0
Oct 05 14:44:27 np0005471276.novalocal proxy-server[85965]: - - 05/Oct/2025/18/44/27 HEAD /v1/AUTH_044b6cf3b72e4ad0b2d669d50ca59d45/gnocchi.a0a69404-480d-42ec-9828-e3947b300e87 HTTP/1.0 204 - Swift - - - - tx1912286cddee4f799729c-0068e2bc8b - 0.0079 CS - 1759689867.512561560 1759689867.520447254 0
Oct 05 14:44:27 np0005471276.novalocal proxy-server[85965]: - - 05/Oct/2025/18/44/27 HEAD /v1/AUTH_044b6cf3b72e4ad0b2d669d50ca59d45/gnocchi.ced9f06c-edb5-47f3-8d88-312bf1d93c04 HTTP/1.0 204 - Swift - - - - tx2ddb84d149184f53a85dd-0068e2bc8b - 0.0191 CS - 1759689867.510099173 1759689867.529157877 0
Oct 05 14:44:27 np0005471276.novalocal container-server[92945]: ::1 - - [05/Oct/2025:18:44:27 +0000] "GET /1/146288/AUTH_044b6cf3b72e4ad0b2d669d50ca59d45/gnocchi.a0a69404-480d-42ec-9828-e3947b300e87" 200 2 "GET http://[::1]:8080/v1/AUTH_044b6cf3b72e4ad0b2d669d50ca59d45/gnocchi.a0a69404-480d-42ec-9828-e3947b300e87?format=json&states=listing" "tx1912286cddee4f799729c-0068e2bc8b" "proxy-server 85965" 0.0032 "-" 92945 0
Oct 05 14:44:27 np0005471276.novalocal proxy-server[85965]: ::1 ::1 05/Oct/2025/18/44/27 GET /v1/AUTH_044b6cf3b72e4ad0b2d669d50ca59d45/gnocchi.a0a69404-480d-42ec-9828-e3947b300e87%3Fformat%3Djson%26states%3Dlisting HTTP/1.0 200 - python-swiftclient-4.5.0 gAAAAABo4ryHW7gA... - 2 - tx1912286cddee4f799729c-0068e2bc8b - 0.0305 - - 1759689867.508266926 1759689867.538720846 0
Oct 05 14:44:27 np0005471276.novalocal container-server[92945]: ::1 - - [05/Oct/2025:18:44:27 +0000] "GET /1/141493/AUTH_044b6cf3b72e4ad0b2d669d50ca59d45/gnocchi.ced9f06c-edb5-47f3-8d88-312bf1d93c04" 200 2 "GET http://[::1]:8080/v1/AUTH_044b6cf3b72e4ad0b2d669d50ca59d45/gnocchi.ced9f06c-edb5-47f3-8d88-312bf1d93c04?format=json&states=listing" "tx2ddb84d149184f53a85dd-0068e2bc8b" "proxy-server 85965" 0.0023 "-" 92945 0
Oct 05 14:44:27 np0005471276.novalocal proxy-server[85965]: ::1 ::1 05/Oct/2025/18/44/27 GET /v1/AUTH_044b6cf3b72e4ad0b2d669d50ca59d45/gnocchi.ced9f06c-edb5-47f3-8d88-312bf1d93c04%3Fformat%3Djson%26states%3Dlisting HTTP/1.0 200 - python-swiftclient-4.5.0 gAAAAABo4ryD2OD-... - 2 - tx2ddb84d149184f53a85dd-0068e2bc8b - 0.0451 - - 1759689867.501653433 1759689867.546743155 0
Oct 05 14:44:27 np0005471276.novalocal object-server[93245]: ::1 - - [05/Oct/2025:18:44:27 +0000] "GET /3/94831/AUTH_044b6cf3b72e4ad0b2d669d50ca59d45/gnocchi.a0a69404-480d-42ec-9828-e3947b300e87/1759320000.0_mean_300.0_v3" 404 70 "GET http://[::1]:8080/v1/AUTH_044b6cf3b72e4ad0b2d669d50ca59d45/gnocchi.a0a69404-480d-42ec-9828-e3947b300e87/1759320000.0_mean_300.0_v3" "txb19792c546e5438ab7e18-0068e2bc8b" "proxy-server 85965" 0.0003 "-" 93245 0
Oct 05 14:44:27 np0005471276.novalocal object-server[93246]: ::1 - - [05/Oct/2025:18:44:27 +0000] "GET /1/94831/AUTH_044b6cf3b72e4ad0b2d669d50ca59d45/gnocchi.a0a69404-480d-42ec-9828-e3947b300e87/1759320000.0_mean_300.0_v3" 404 70 "GET http://[::1]:8080/v1/AUTH_044b6cf3b72e4ad0b2d669d50ca59d45/gnocchi.a0a69404-480d-42ec-9828-e3947b300e87/1759320000.0_mean_300.0_v3" "txb19792c546e5438ab7e18-0068e2bc8b" "proxy-server 85965" 0.0003 "-" 93246 0
Oct 05 14:44:27 np0005471276.novalocal object-server[93246]: ::1 - - [05/Oct/2025:18:44:27 +0000] "GET /2/94831/AUTH_044b6cf3b72e4ad0b2d669d50ca59d45/gnocchi.a0a69404-480d-42ec-9828-e3947b300e87/1759320000.0_mean_300.0_v3" 404 70 "GET http://[::1]:8080/v1/AUTH_044b6cf3b72e4ad0b2d669d50ca59d45/gnocchi.a0a69404-480d-42ec-9828-e3947b300e87/1759320000.0_mean_300.0_v3" "txb19792c546e5438ab7e18-0068e2bc8b" "proxy-server 85965" 0.0002 "-" 93246 0
Oct 05 14:44:27 np0005471276.novalocal object-server[93245]: ::1 - - [05/Oct/2025:18:44:27 +0000] "GET /1/244338/AUTH_044b6cf3b72e4ad0b2d669d50ca59d45/gnocchi.ced9f06c-edb5-47f3-8d88-312bf1d93c04/1759320000.0_mean_300.0_v3" 404 70 "GET http://[::1]:8080/v1/AUTH_044b6cf3b72e4ad0b2d669d50ca59d45/gnocchi.ced9f06c-edb5-47f3-8d88-312bf1d93c04/1759320000.0_mean_300.0_v3" "txe38c6ffe8c694e1badcd9-0068e2bc8b" "proxy-server 85965" 0.0003 "-" 93245 0
Oct 05 14:44:27 np0005471276.novalocal proxy-server[85965]: ::1 ::1 05/Oct/2025/18/44/27 GET /v1/AUTH_044b6cf3b72e4ad0b2d669d50ca59d45/gnocchi.a0a69404-480d-42ec-9828-e3947b300e87/1759320000.0_mean_300.0_v3 HTTP/1.0 404 - python-swiftclient-4.5.0 gAAAAABo4ryHW7gA... - 70 - txb19792c546e5438ab7e18-0068e2bc8b - 0.0213 - - 1759689867.543594122 1759689867.564857960 0
Oct 05 14:44:27 np0005471276.novalocal object-server[93246]: ::1 - - [05/Oct/2025:18:44:27 +0000] "GET /2/244338/AUTH_044b6cf3b72e4ad0b2d669d50ca59d45/gnocchi.ced9f06c-edb5-47f3-8d88-312bf1d93c04/1759320000.0_mean_300.0_v3" 404 70 "GET http://[::1]:8080/v1/AUTH_044b6cf3b72e4ad0b2d669d50ca59d45/gnocchi.ced9f06c-edb5-47f3-8d88-312bf1d93c04/1759320000.0_mean_300.0_v3" "txe38c6ffe8c694e1badcd9-0068e2bc8b" "proxy-server 85965" 0.0002 "-" 93246 0
Oct 05 14:44:27 np0005471276.novalocal object-server[93246]: ::1 - - [05/Oct/2025:18:44:27 +0000] "GET /3/244338/AUTH_044b6cf3b72e4ad0b2d669d50ca59d45/gnocchi.ced9f06c-edb5-47f3-8d88-312bf1d93c04/1759320000.0_mean_300.0_v3" 404 70 "GET http://[::1]:8080/v1/AUTH_044b6cf3b72e4ad0b2d669d50ca59d45/gnocchi.ced9f06c-edb5-47f3-8d88-312bf1d93c04/1759320000.0_mean_300.0_v3" "txe38c6ffe8c694e1badcd9-0068e2bc8b" "proxy-server 85965" 0.0001 "-" 93246 0
Oct 05 14:44:27 np0005471276.novalocal proxy-server[85965]: ::1 ::1 05/Oct/2025/18/44/27 GET /v1/AUTH_044b6cf3b72e4ad0b2d669d50ca59d45/gnocchi.ced9f06c-edb5-47f3-8d88-312bf1d93c04/1759320000.0_mean_300.0_v3 HTTP/1.0 404 - python-swiftclient-4.5.0 gAAAAABo4ryD2OD-... - 70 - txe38c6ffe8c694e1badcd9-0068e2bc8b - 0.0248 - - 1759689867.552577734 1759689867.577403307 0
Oct 05 14:44:27 np0005471276.novalocal container-server[92944]: ::1 - - [05/Oct/2025:18:44:27 +0000] "PUT /1/146288/AUTH_044b6cf3b72e4ad0b2d669d50ca59d45/gnocchi.a0a69404-480d-42ec-9828-e3947b300e87/1759320000.0_mean_300.0_v3" 201 - "PUT http://[::1]:8080/3/94831/AUTH_044b6cf3b72e4ad0b2d669d50ca59d45/gnocchi.a0a69404-480d-42ec-9828-e3947b300e87/1759320000.0_mean_300.0_v3" "tx730ded41305746f0a0bd7-0068e2bc8b" "object-server 93246" 0.0005 "-" 92944 0
Oct 05 14:44:27 np0005471276.novalocal container-server[92944]: ::1 - - [05/Oct/2025:18:44:27 +0000] "PUT /3/146288/AUTH_044b6cf3b72e4ad0b2d669d50ca59d45/gnocchi.a0a69404-480d-42ec-9828-e3947b300e87/1759320000.0_mean_300.0_v3" 201 - "PUT http://[::1]:8080/2/94831/AUTH_044b6cf3b72e4ad0b2d669d50ca59d45/gnocchi.a0a69404-480d-42ec-9828-e3947b300e87/1759320000.0_mean_300.0_v3" "tx730ded41305746f0a0bd7-0068e2bc8b" "object-server 93246" 0.0004 "-" 92944 0
Oct 05 14:44:27 np0005471276.novalocal container-server[92944]: ::1 - - [05/Oct/2025:18:44:27 +0000] "PUT /2/146288/AUTH_044b6cf3b72e4ad0b2d669d50ca59d45/gnocchi.a0a69404-480d-42ec-9828-e3947b300e87/1759320000.0_mean_300.0_v3" 201 - "PUT http://[::1]:8080/1/94831/AUTH_044b6cf3b72e4ad0b2d669d50ca59d45/gnocchi.a0a69404-480d-42ec-9828-e3947b300e87/1759320000.0_mean_300.0_v3" "tx730ded41305746f0a0bd7-0068e2bc8b" "object-server 93245" 0.0004 "-" 92944 0
Oct 05 14:44:27 np0005471276.novalocal object-server[93245]: ::1 - - [05/Oct/2025:18:44:27 +0000] "PUT /1/94831/AUTH_044b6cf3b72e4ad0b2d669d50ca59d45/gnocchi.a0a69404-480d-42ec-9828-e3947b300e87/1759320000.0_mean_300.0_v3" 201 - "PUT http://[::1]:8080/v1/AUTH_044b6cf3b72e4ad0b2d669d50ca59d45/gnocchi.a0a69404-480d-42ec-9828-e3947b300e87/1759320000.0_mean_300.0_v3" "tx730ded41305746f0a0bd7-0068e2bc8b" "proxy-server 85965" 0.0171 "-" 93245 0
Oct 05 14:44:27 np0005471276.novalocal object-server[93246]: ::1 - - [05/Oct/2025:18:44:27 +0000] "PUT /3/94831/AUTH_044b6cf3b72e4ad0b2d669d50ca59d45/gnocchi.a0a69404-480d-42ec-9828-e3947b300e87/1759320000.0_mean_300.0_v3" 201 - "PUT http://[::1]:8080/v1/AUTH_044b6cf3b72e4ad0b2d669d50ca59d45/gnocchi.a0a69404-480d-42ec-9828-e3947b300e87/1759320000.0_mean_300.0_v3" "tx730ded41305746f0a0bd7-0068e2bc8b" "proxy-server 85965" 0.0197 "-" 93246 0
Oct 05 14:44:27 np0005471276.novalocal object-server[93246]: ::1 - - [05/Oct/2025:18:44:27 +0000] "PUT /2/94831/AUTH_044b6cf3b72e4ad0b2d669d50ca59d45/gnocchi.a0a69404-480d-42ec-9828-e3947b300e87/1759320000.0_mean_300.0_v3" 201 - "PUT http://[::1]:8080/v1/AUTH_044b6cf3b72e4ad0b2d669d50ca59d45/gnocchi.a0a69404-480d-42ec-9828-e3947b300e87/1759320000.0_mean_300.0_v3" "tx730ded41305746f0a0bd7-0068e2bc8b" "proxy-server 85965" 0.0186 "-" 93246 0
Oct 05 14:44:27 np0005471276.novalocal proxy-server[85965]: ::1 ::1 05/Oct/2025/18/44/27 PUT /v1/AUTH_044b6cf3b72e4ad0b2d669d50ca59d45/gnocchi.a0a69404-480d-42ec-9828-e3947b300e87/1759320000.0_mean_300.0_v3 HTTP/1.0 201 - python-swiftclient-4.5.0 gAAAAABo4ryHW7gA... 16 - - tx730ded41305746f0a0bd7-0068e2bc8b - 0.0287 - - 1759689867.567663431 1759689867.596318722 0
Oct 05 14:44:27 np0005471276.novalocal container-server[92944]: ::1 - - [05/Oct/2025:18:44:27 +0000] "PUT /3/141493/AUTH_044b6cf3b72e4ad0b2d669d50ca59d45/gnocchi.ced9f06c-edb5-47f3-8d88-312bf1d93c04/1759320000.0_mean_300.0_v3" 201 - "PUT http://[::1]:8080/3/244338/AUTH_044b6cf3b72e4ad0b2d669d50ca59d45/gnocchi.ced9f06c-edb5-47f3-8d88-312bf1d93c04/1759320000.0_mean_300.0_v3" "txcbec03f60c624718bbce0-0068e2bc8b" "object-server 93245" 0.0004 "-" 92944 0
Oct 05 14:44:27 np0005471276.novalocal container-server[92944]: ::1 - - [05/Oct/2025:18:44:27 +0000] "PUT /1/141493/AUTH_044b6cf3b72e4ad0b2d669d50ca59d45/gnocchi.ced9f06c-edb5-47f3-8d88-312bf1d93c04/1759320000.0_mean_300.0_v3" 201 - "PUT http://[::1]:8080/1/244338/AUTH_044b6cf3b72e4ad0b2d669d50ca59d45/gnocchi.ced9f06c-edb5-47f3-8d88-312bf1d93c04/1759320000.0_mean_300.0_v3" "txcbec03f60c624718bbce0-0068e2bc8b" "object-server 93245" 0.0003 "-" 92944 0
Oct 05 14:44:27 np0005471276.novalocal object-server[93245]: ::1 - - [05/Oct/2025:18:44:27 +0000] "PUT /3/244338/AUTH_044b6cf3b72e4ad0b2d669d50ca59d45/gnocchi.ced9f06c-edb5-47f3-8d88-312bf1d93c04/1759320000.0_mean_300.0_v3" 201 - "PUT http://[::1]:8080/v1/AUTH_044b6cf3b72e4ad0b2d669d50ca59d45/gnocchi.ced9f06c-edb5-47f3-8d88-312bf1d93c04/1759320000.0_mean_300.0_v3" "txcbec03f60c624718bbce0-0068e2bc8b" "proxy-server 85965" 0.0121 "-" 93245 0
Oct 05 14:44:27 np0005471276.novalocal object-server[93245]: ::1 - - [05/Oct/2025:18:44:27 +0000] "PUT /1/244338/AUTH_044b6cf3b72e4ad0b2d669d50ca59d45/gnocchi.ced9f06c-edb5-47f3-8d88-312bf1d93c04/1759320000.0_mean_300.0_v3" 201 - "PUT http://[::1]:8080/v1/AUTH_044b6cf3b72e4ad0b2d669d50ca59d45/gnocchi.ced9f06c-edb5-47f3-8d88-312bf1d93c04/1759320000.0_mean_300.0_v3" "txcbec03f60c624718bbce0-0068e2bc8b" "proxy-server 85965" 0.0149 "-" 93245 0
Oct 05 14:44:27 np0005471276.novalocal container-server[92944]: ::1 - - [05/Oct/2025:18:44:27 +0000] "PUT /2/141493/AUTH_044b6cf3b72e4ad0b2d669d50ca59d45/gnocchi.ced9f06c-edb5-47f3-8d88-312bf1d93c04/1759320000.0_mean_300.0_v3" 201 - "PUT http://[::1]:8080/2/244338/AUTH_044b6cf3b72e4ad0b2d669d50ca59d45/gnocchi.ced9f06c-edb5-47f3-8d88-312bf1d93c04/1759320000.0_mean_300.0_v3" "txcbec03f60c624718bbce0-0068e2bc8b" "object-server 93246" 0.0004 "-" 92944 0
Oct 05 14:44:27 np0005471276.novalocal object-server[93246]: ::1 - - [05/Oct/2025:18:44:27 +0000] "PUT /2/244338/AUTH_044b6cf3b72e4ad0b2d669d50ca59d45/gnocchi.ced9f06c-edb5-47f3-8d88-312bf1d93c04/1759320000.0_mean_300.0_v3" 201 - "PUT http://[::1]:8080/v1/AUTH_044b6cf3b72e4ad0b2d669d50ca59d45/gnocchi.ced9f06c-edb5-47f3-8d88-312bf1d93c04/1759320000.0_mean_300.0_v3" "txcbec03f60c624718bbce0-0068e2bc8b" "proxy-server 85965" 0.0130 "-" 93246 0
Oct 05 14:44:27 np0005471276.novalocal proxy-server[85965]: ::1 ::1 05/Oct/2025/18/44/27 PUT /v1/AUTH_044b6cf3b72e4ad0b2d669d50ca59d45/gnocchi.ced9f06c-edb5-47f3-8d88-312bf1d93c04/1759320000.0_mean_300.0_v3 HTTP/1.0 201 - python-swiftclient-4.5.0 gAAAAABo4ryD2OD-... 16 - - txcbec03f60c624718bbce0-0068e2bc8b - 0.0229 - - 1759689867.579787493 1759689867.602713108 0
Oct 05 14:44:27 np0005471276.novalocal container-server[92944]: ::1 - - [05/Oct/2025:18:44:27 +0000] "PUT /1/146288/AUTH_044b6cf3b72e4ad0b2d669d50ca59d45/gnocchi.a0a69404-480d-42ec-9828-e3947b300e87/none_v3" 201 - "PUT http://[::1]:8080/1/121057/AUTH_044b6cf3b72e4ad0b2d669d50ca59d45/gnocchi.a0a69404-480d-42ec-9828-e3947b300e87/none_v3" "tx97c3cfe6549241368e05c-0068e2bc8b" "object-server 93245" 0.0003 "-" 92944 0
Oct 05 14:44:27 np0005471276.novalocal container-server[92945]: ::1 - - [05/Oct/2025:18:44:27 +0000] "PUT /2/146288/AUTH_044b6cf3b72e4ad0b2d669d50ca59d45/gnocchi.a0a69404-480d-42ec-9828-e3947b300e87/none_v3" 201 - "PUT http://[::1]:8080/2/121057/AUTH_044b6cf3b72e4ad0b2d669d50ca59d45/gnocchi.a0a69404-480d-42ec-9828-e3947b300e87/none_v3" "tx97c3cfe6549241368e05c-0068e2bc8b" "object-server 93245" 0.0004 "-" 92945 0
Oct 05 14:44:27 np0005471276.novalocal object-server[93245]: ::1 - - [05/Oct/2025:18:44:27 +0000] "PUT /2/121057/AUTH_044b6cf3b72e4ad0b2d669d50ca59d45/gnocchi.a0a69404-480d-42ec-9828-e3947b300e87/none_v3" 201 - "PUT http://[::1]:8080/v1/AUTH_044b6cf3b72e4ad0b2d669d50ca59d45/gnocchi.a0a69404-480d-42ec-9828-e3947b300e87/none_v3" "tx97c3cfe6549241368e05c-0068e2bc8b" "proxy-server 85965" 0.0104 "-" 93245 0
Oct 05 14:44:27 np0005471276.novalocal object-server[93245]: ::1 - - [05/Oct/2025:18:44:27 +0000] "PUT /1/121057/AUTH_044b6cf3b72e4ad0b2d669d50ca59d45/gnocchi.a0a69404-480d-42ec-9828-e3947b300e87/none_v3" 201 - "PUT http://[::1]:8080/v1/AUTH_044b6cf3b72e4ad0b2d669d50ca59d45/gnocchi.a0a69404-480d-42ec-9828-e3947b300e87/none_v3" "tx97c3cfe6549241368e05c-0068e2bc8b" "proxy-server 85965" 0.0120 "-" 93245 0
Oct 05 14:44:27 np0005471276.novalocal container-server[92945]: ::1 - - [05/Oct/2025:18:44:27 +0000] "PUT /3/146288/AUTH_044b6cf3b72e4ad0b2d669d50ca59d45/gnocchi.a0a69404-480d-42ec-9828-e3947b300e87/none_v3" 201 - "PUT http://[::1]:8080/3/121057/AUTH_044b6cf3b72e4ad0b2d669d50ca59d45/gnocchi.a0a69404-480d-42ec-9828-e3947b300e87/none_v3" "tx97c3cfe6549241368e05c-0068e2bc8b" "object-server 93246" 0.0003 "-" 92945 0
Oct 05 14:44:27 np0005471276.novalocal object-server[93246]: ::1 - - [05/Oct/2025:18:44:27 +0000] "PUT /3/121057/AUTH_044b6cf3b72e4ad0b2d669d50ca59d45/gnocchi.a0a69404-480d-42ec-9828-e3947b300e87/none_v3" 201 - "PUT http://[::1]:8080/v1/AUTH_044b6cf3b72e4ad0b2d669d50ca59d45/gnocchi.a0a69404-480d-42ec-9828-e3947b300e87/none_v3" "tx97c3cfe6549241368e05c-0068e2bc8b" "proxy-server 85965" 0.0163 "-" 93246 0
Oct 05 14:44:27 np0005471276.novalocal proxy-server[85965]: ::1 ::1 05/Oct/2025/18/44/27 PUT /v1/AUTH_044b6cf3b72e4ad0b2d669d50ca59d45/gnocchi.a0a69404-480d-42ec-9828-e3947b300e87/none_v3 HTTP/1.0 201 - python-swiftclient-4.5.0 gAAAAABo4ryHW7gA... 22 - - tx97c3cfe6549241368e05c-0068e2bc8b - 0.0219 - - 1759689867.598289251 1759689867.620222807 0
Oct 05 14:44:27 np0005471276.novalocal container-server[92944]: ::1 - - [05/Oct/2025:18:44:27 +0000] "PUT /1/141493/AUTH_044b6cf3b72e4ad0b2d669d50ca59d45/gnocchi.ced9f06c-edb5-47f3-8d88-312bf1d93c04/none_v3" 201 - "PUT http://[::1]:8080/1/45749/AUTH_044b6cf3b72e4ad0b2d669d50ca59d45/gnocchi.ced9f06c-edb5-47f3-8d88-312bf1d93c04/none_v3" "tx997e59c98eda47eebcfd2-0068e2bc8b" "object-server 93246" 0.0003 "-" 92944 0
Oct 05 14:44:27 np0005471276.novalocal object-server[93246]: ::1 - - [05/Oct/2025:18:44:27 +0000] "PUT /1/45749/AUTH_044b6cf3b72e4ad0b2d669d50ca59d45/gnocchi.ced9f06c-edb5-47f3-8d88-312bf1d93c04/none_v3" 201 - "PUT http://[::1]:8080/v1/AUTH_044b6cf3b72e4ad0b2d669d50ca59d45/gnocchi.ced9f06c-edb5-47f3-8d88-312bf1d93c04/none_v3" "tx997e59c98eda47eebcfd2-0068e2bc8b" "proxy-server 85965" 0.0084 "-" 93246 0
Oct 05 14:44:27 np0005471276.novalocal container-server[92945]: ::1 - - [05/Oct/2025:18:44:27 +0000] "PUT /3/141493/AUTH_044b6cf3b72e4ad0b2d669d50ca59d45/gnocchi.ced9f06c-edb5-47f3-8d88-312bf1d93c04/none_v3" 201 - "PUT http://[::1]:8080/2/45749/AUTH_044b6cf3b72e4ad0b2d669d50ca59d45/gnocchi.ced9f06c-edb5-47f3-8d88-312bf1d93c04/none_v3" "tx997e59c98eda47eebcfd2-0068e2bc8b" "object-server 93246" 0.0003 "-" 92945 0
Oct 05 14:44:27 np0005471276.novalocal container-server[92944]: ::1 - - [05/Oct/2025:18:44:27 +0000] "PUT /2/141493/AUTH_044b6cf3b72e4ad0b2d669d50ca59d45/gnocchi.ced9f06c-edb5-47f3-8d88-312bf1d93c04/none_v3" 201 - "PUT http://[::1]:8080/3/45749/AUTH_044b6cf3b72e4ad0b2d669d50ca59d45/gnocchi.ced9f06c-edb5-47f3-8d88-312bf1d93c04/none_v3" "tx997e59c98eda47eebcfd2-0068e2bc8b" "object-server 93246" 0.0004 "-" 92944 0
Oct 05 14:44:27 np0005471276.novalocal object-server[93246]: ::1 - - [05/Oct/2025:18:44:27 +0000] "PUT /2/45749/AUTH_044b6cf3b72e4ad0b2d669d50ca59d45/gnocchi.ced9f06c-edb5-47f3-8d88-312bf1d93c04/none_v3" 201 - "PUT http://[::1]:8080/v1/AUTH_044b6cf3b72e4ad0b2d669d50ca59d45/gnocchi.ced9f06c-edb5-47f3-8d88-312bf1d93c04/none_v3" "tx997e59c98eda47eebcfd2-0068e2bc8b" "proxy-server 85965" 0.0180 "-" 93246 0
Oct 05 14:44:27 np0005471276.novalocal container-server[92945]: ::1 - - [05/Oct/2025:18:44:27 +0000] "HEAD /1/246636/AUTH_044b6cf3b72e4ad0b2d669d50ca59d45/gnocchi.5cd4d020-65f1-419b-9367-712baf4c4ece" 404 - "HEAD http://[::1]:8080/v1/AUTH_044b6cf3b72e4ad0b2d669d50ca59d45/gnocchi.5cd4d020-65f1-419b-9367-712baf4c4ece" "tx7fab67083a594eef9e17e-0068e2bc8b" "proxy-server 85965" 0.0002 "-" 92945 0
Oct 05 14:44:27 np0005471276.novalocal object-server[93246]: ::1 - - [05/Oct/2025:18:44:27 +0000] "PUT /3/45749/AUTH_044b6cf3b72e4ad0b2d669d50ca59d45/gnocchi.ced9f06c-edb5-47f3-8d88-312bf1d93c04/none_v3" 201 - "PUT http://[::1]:8080/v1/AUTH_044b6cf3b72e4ad0b2d669d50ca59d45/gnocchi.ced9f06c-edb5-47f3-8d88-312bf1d93c04/none_v3" "tx997e59c98eda47eebcfd2-0068e2bc8b" "proxy-server 85965" 0.0149 "-" 93246 0
Oct 05 14:44:27 np0005471276.novalocal proxy-server[85965]: ::1 ::1 05/Oct/2025/18/44/27 PUT /v1/AUTH_044b6cf3b72e4ad0b2d669d50ca59d45/gnocchi.ced9f06c-edb5-47f3-8d88-312bf1d93c04/none_v3 HTTP/1.0 201 - python-swiftclient-4.5.0 gAAAAABo4ryD2OD-... 22 - - tx997e59c98eda47eebcfd2-0068e2bc8b - 0.0257 - - 1759689867.605006933 1759689867.630659819 0
Oct 05 14:44:27 np0005471276.novalocal container-server[92945]: ::1 - - [05/Oct/2025:18:44:27 +0000] "HEAD /2/246636/AUTH_044b6cf3b72e4ad0b2d669d50ca59d45/gnocchi.5cd4d020-65f1-419b-9367-712baf4c4ece" 404 - "HEAD http://[::1]:8080/v1/AUTH_044b6cf3b72e4ad0b2d669d50ca59d45/gnocchi.5cd4d020-65f1-419b-9367-712baf4c4ece" "tx7fab67083a594eef9e17e-0068e2bc8b" "proxy-server 85965" 0.0001 "-" 92945 0
Oct 05 14:44:27 np0005471276.novalocal container-server[92945]: ::1 - - [05/Oct/2025:18:44:27 +0000] "HEAD /3/246636/AUTH_044b6cf3b72e4ad0b2d669d50ca59d45/gnocchi.5cd4d020-65f1-419b-9367-712baf4c4ece" 404 - "HEAD http://[::1]:8080/v1/AUTH_044b6cf3b72e4ad0b2d669d50ca59d45/gnocchi.5cd4d020-65f1-419b-9367-712baf4c4ece" "tx7fab67083a594eef9e17e-0068e2bc8b" "proxy-server 85965" 0.0001 "-" 92945 0
Oct 05 14:44:27 np0005471276.novalocal proxy-server[85965]: - - 05/Oct/2025/18/44/27 HEAD /v1/AUTH_044b6cf3b72e4ad0b2d669d50ca59d45/gnocchi.5cd4d020-65f1-419b-9367-712baf4c4ece HTTP/1.0 404 - Swift - - - - tx7fab67083a594eef9e17e-0068e2bc8b - 0.0072 CS - 1759689867.627650976 1759689867.634805202 0
Oct 05 14:44:27 np0005471276.novalocal object-server[93245]: ::1 - - [05/Oct/2025:18:44:27 +0000] "GET /3/110264/AUTH_044b6cf3b72e4ad0b2d669d50ca59d45/gnocchi.5cd4d020-65f1-419b-9367-712baf4c4ece/none_v3" 404 70 "GET http://[::1]:8080/v1/AUTH_044b6cf3b72e4ad0b2d669d50ca59d45/gnocchi.5cd4d020-65f1-419b-9367-712baf4c4ece/none_v3" "tx7fab67083a594eef9e17e-0068e2bc8b" "proxy-server 85965" 0.0003 "-" 93245 0
Oct 05 14:44:27 np0005471276.novalocal object-server[93246]: ::1 - - [05/Oct/2025:18:44:27 +0000] "GET /2/110264/AUTH_044b6cf3b72e4ad0b2d669d50ca59d45/gnocchi.5cd4d020-65f1-419b-9367-712baf4c4ece/none_v3" 404 70 "GET http://[::1]:8080/v1/AUTH_044b6cf3b72e4ad0b2d669d50ca59d45/gnocchi.5cd4d020-65f1-419b-9367-712baf4c4ece/none_v3" "tx7fab67083a594eef9e17e-0068e2bc8b" "proxy-server 85965" 0.0004 "-" 93246 0
Oct 05 14:44:27 np0005471276.novalocal object-server[93246]: ::1 - - [05/Oct/2025:18:44:27 +0000] "GET /1/110264/AUTH_044b6cf3b72e4ad0b2d669d50ca59d45/gnocchi.5cd4d020-65f1-419b-9367-712baf4c4ece/none_v3" 404 70 "GET http://[::1]:8080/v1/AUTH_044b6cf3b72e4ad0b2d669d50ca59d45/gnocchi.5cd4d020-65f1-419b-9367-712baf4c4ece/none_v3" "tx7fab67083a594eef9e17e-0068e2bc8b" "proxy-server 85965" 0.0003 "-" 93246 0
Oct 05 14:44:27 np0005471276.novalocal proxy-server[85965]: ::1 ::1 05/Oct/2025/18/44/27 GET /v1/AUTH_044b6cf3b72e4ad0b2d669d50ca59d45/gnocchi.5cd4d020-65f1-419b-9367-712baf4c4ece/none_v3 HTTP/1.0 404 - python-swiftclient-4.5.0 gAAAAABo4ryHW7gA... - 70 - tx7fab67083a594eef9e17e-0068e2bc8b - 0.0339 - - 1759689867.627138376 1759689867.660991192 0
Oct 05 14:44:27 np0005471276.novalocal container-server[92945]: ::1 - - [05/Oct/2025:18:44:27 +0000] "HEAD /1/203345/AUTH_044b6cf3b72e4ad0b2d669d50ca59d45/gnocchi.9ef9231a-1b6f-4c66-aca8-0d90f36205b0" 404 - "HEAD http://[::1]:8080/v1/AUTH_044b6cf3b72e4ad0b2d669d50ca59d45/gnocchi.9ef9231a-1b6f-4c66-aca8-0d90f36205b0" "tx84078ab870ed44459d871-0068e2bc8b" "proxy-server 85965" 0.0002 "-" 92945 0
Oct 05 14:44:27 np0005471276.novalocal account-server[92646]: ::1 - - [05/Oct/2025:18:44:27 +0000] "PUT /3/100595/AUTH_044b6cf3b72e4ad0b2d669d50ca59d45/gnocchi.5cd4d020-65f1-419b-9367-712baf4c4ece" 201 - "PUT http://[::1]:6001/3/246636/AUTH_044b6cf3b72e4ad0b2d669d50ca59d45/gnocchi.5cd4d020-65f1-419b-9367-712baf4c4ece" "tx806fa545311c44d79f8d7-0068e2bc8b" "container-server 92945" 0.0058 "-" 92646 0
Oct 05 14:44:27 np0005471276.novalocal container-server[92945]: ::1 - - [05/Oct/2025:18:44:27 +0000] "PUT /3/246636/AUTH_044b6cf3b72e4ad0b2d669d50ca59d45/gnocchi.5cd4d020-65f1-419b-9367-712baf4c4ece" 201 - "PUT http://[::1]:8080/v1/AUTH_044b6cf3b72e4ad0b2d669d50ca59d45/gnocchi.5cd4d020-65f1-419b-9367-712baf4c4ece" "tx806fa545311c44d79f8d7-0068e2bc8b" "proxy-server 85965" 0.0157 "-" 92945 0
Oct 05 14:44:27 np0005471276.novalocal container-server[92944]: ::1 - - [05/Oct/2025:18:44:27 +0000] "HEAD /2/203345/AUTH_044b6cf3b72e4ad0b2d669d50ca59d45/gnocchi.9ef9231a-1b6f-4c66-aca8-0d90f36205b0" 404 - "HEAD http://[::1]:8080/v1/AUTH_044b6cf3b72e4ad0b2d669d50ca59d45/gnocchi.9ef9231a-1b6f-4c66-aca8-0d90f36205b0" "tx84078ab870ed44459d871-0068e2bc8b" "proxy-server 85965" 0.0003 "-" 92944 0
Oct 05 14:44:27 np0005471276.novalocal container-server[92945]: ::1 - - [05/Oct/2025:18:44:27 +0000] "HEAD /3/203345/AUTH_044b6cf3b72e4ad0b2d669d50ca59d45/gnocchi.9ef9231a-1b6f-4c66-aca8-0d90f36205b0" 404 - "HEAD http://[::1]:8080/v1/AUTH_044b6cf3b72e4ad0b2d669d50ca59d45/gnocchi.9ef9231a-1b6f-4c66-aca8-0d90f36205b0" "tx84078ab870ed44459d871-0068e2bc8b" "proxy-server 85965" 0.0003 "-" 92945 0
Oct 05 14:44:27 np0005471276.novalocal proxy-server[85965]: - - 05/Oct/2025/18/44/27 HEAD /v1/AUTH_044b6cf3b72e4ad0b2d669d50ca59d45/gnocchi.9ef9231a-1b6f-4c66-aca8-0d90f36205b0 HTTP/1.0 404 - Swift - - - - tx84078ab870ed44459d871-0068e2bc8b - 0.0263 CS - 1759689867.673190355 1759689867.699480057 0
Oct 05 14:44:27 np0005471276.novalocal account-server[92647]: ::1 - - [05/Oct/2025:18:44:27 +0000] "PUT /2/100595/AUTH_044b6cf3b72e4ad0b2d669d50ca59d45/gnocchi.5cd4d020-65f1-419b-9367-712baf4c4ece" 201 - "PUT http://[::1]:6001/1/246636/AUTH_044b6cf3b72e4ad0b2d669d50ca59d45/gnocchi.5cd4d020-65f1-419b-9367-712baf4c4ece" "tx806fa545311c44d79f8d7-0068e2bc8b" "container-server 92944" 0.0053 "-" 92647 0
Oct 05 14:44:27 np0005471276.novalocal container-server[92944]: ::1 - - [05/Oct/2025:18:44:27 +0000] "PUT /1/246636/AUTH_044b6cf3b72e4ad0b2d669d50ca59d45/gnocchi.5cd4d020-65f1-419b-9367-712baf4c4ece" 201 - "PUT http://[::1]:8080/v1/AUTH_044b6cf3b72e4ad0b2d669d50ca59d45/gnocchi.5cd4d020-65f1-419b-9367-712baf4c4ece" "tx806fa545311c44d79f8d7-0068e2bc8b" "proxy-server 85965" 0.0284 "-" 92944 0
Oct 05 14:44:27 np0005471276.novalocal object-server[93246]: ::1 - - [05/Oct/2025:18:44:27 +0000] "GET /1/205734/AUTH_044b6cf3b72e4ad0b2d669d50ca59d45/gnocchi.9ef9231a-1b6f-4c66-aca8-0d90f36205b0/none_v3" 404 70 "GET http://[::1]:8080/v1/AUTH_044b6cf3b72e4ad0b2d669d50ca59d45/gnocchi.9ef9231a-1b6f-4c66-aca8-0d90f36205b0/none_v3" "tx84078ab870ed44459d871-0068e2bc8b" "proxy-server 85965" 0.0003 "-" 93246 0
Oct 05 14:44:27 np0005471276.novalocal account-server[92646]: ::1 - - [05/Oct/2025:18:44:27 +0000] "PUT /1/100595/AUTH_044b6cf3b72e4ad0b2d669d50ca59d45/gnocchi.5cd4d020-65f1-419b-9367-712baf4c4ece" 201 - "PUT http://[::1]:6001/2/246636/AUTH_044b6cf3b72e4ad0b2d669d50ca59d45/gnocchi.5cd4d020-65f1-419b-9367-712baf4c4ece" "tx806fa545311c44d79f8d7-0068e2bc8b" "container-server 92944" 0.0068 "-" 92646 0
Oct 05 14:44:27 np0005471276.novalocal object-server[93246]: ::1 - - [05/Oct/2025:18:44:27 +0000] "GET /3/205734/AUTH_044b6cf3b72e4ad0b2d669d50ca59d45/gnocchi.9ef9231a-1b6f-4c66-aca8-0d90f36205b0/none_v3" 404 70 "GET http://[::1]:8080/v1/AUTH_044b6cf3b72e4ad0b2d669d50ca59d45/gnocchi.9ef9231a-1b6f-4c66-aca8-0d90f36205b0/none_v3" "tx84078ab870ed44459d871-0068e2bc8b" "proxy-server 85965" 0.0002 "-" 93246 0
Oct 05 14:44:27 np0005471276.novalocal container-server[92944]: ::1 - - [05/Oct/2025:18:44:27 +0000] "PUT /2/246636/AUTH_044b6cf3b72e4ad0b2d669d50ca59d45/gnocchi.5cd4d020-65f1-419b-9367-712baf4c4ece" 201 - "PUT http://[::1]:8080/v1/AUTH_044b6cf3b72e4ad0b2d669d50ca59d45/gnocchi.5cd4d020-65f1-419b-9367-712baf4c4ece" "tx806fa545311c44d79f8d7-0068e2bc8b" "proxy-server 85965" 0.0170 "-" 92944 0
Oct 05 14:44:27 np0005471276.novalocal proxy-server[85965]: ::1 ::1 05/Oct/2025/18/44/27 PUT /v1/AUTH_044b6cf3b72e4ad0b2d669d50ca59d45/gnocchi.5cd4d020-65f1-419b-9367-712baf4c4ece HTTP/1.0 201 - python-swiftclient-4.5.0 gAAAAABo4ryHW7gA... - - - tx806fa545311c44d79f8d7-0068e2bc8b - 0.0445 - - 1759689867.663807392 1759689867.708310843 0
Oct 05 14:44:27 np0005471276.novalocal object-server[93246]: ::1 - - [05/Oct/2025:18:44:27 +0000] "GET /2/205734/AUTH_044b6cf3b72e4ad0b2d669d50ca59d45/gnocchi.9ef9231a-1b6f-4c66-aca8-0d90f36205b0/none_v3" 404 70 "GET http://[::1]:8080/v1/AUTH_044b6cf3b72e4ad0b2d669d50ca59d45/gnocchi.9ef9231a-1b6f-4c66-aca8-0d90f36205b0/none_v3" "tx84078ab870ed44459d871-0068e2bc8b" "proxy-server 85965" 0.0002 "-" 93246 0
Oct 05 14:44:27 np0005471276.novalocal proxy-server[85965]: ::1 ::1 05/Oct/2025/18/44/27 GET /v1/AUTH_044b6cf3b72e4ad0b2d669d50ca59d45/gnocchi.9ef9231a-1b6f-4c66-aca8-0d90f36205b0/none_v3 HTTP/1.0 404 - python-swiftclient-4.5.0 gAAAAABo4ryD2OD-... - 70 - tx84078ab870ed44459d871-0068e2bc8b - 0.0371 - - 1759689867.672702312 1759689867.709821463 0
Oct 05 14:44:27 np0005471276.novalocal container-server[92944]: ::1 - - [05/Oct/2025:18:44:27 +0000] "HEAD /3/214220/AUTH_044b6cf3b72e4ad0b2d669d50ca59d45/gnocchi.89f4ff62-3cd3-49d8-92e0-535def80d24e" 404 - "HEAD http://[::1]:8080/v1/AUTH_044b6cf3b72e4ad0b2d669d50ca59d45/gnocchi.89f4ff62-3cd3-49d8-92e0-535def80d24e" "txb648f6c0d05c4bc296c63-0068e2bc8b" "proxy-server 85965" 0.0004 "-" 92944 0
Oct 05 14:44:27 np0005471276.novalocal account-server[92646]: ::1 - - [05/Oct/2025:18:44:27 +0000] "PUT /2/100595/AUTH_044b6cf3b72e4ad0b2d669d50ca59d45/gnocchi.9ef9231a-1b6f-4c66-aca8-0d90f36205b0" 201 - "PUT http://[::1]:6001/2/203345/AUTH_044b6cf3b72e4ad0b2d669d50ca59d45/gnocchi.9ef9231a-1b6f-4c66-aca8-0d90f36205b0" "txa41d4efee57e4bf6942ce-0068e2bc8b" "container-server 92944" 0.0059 "-" 92646 0
Oct 05 14:44:27 np0005471276.novalocal container-server[92944]: ::1 - - [05/Oct/2025:18:44:27 +0000] "HEAD /1/214220/AUTH_044b6cf3b72e4ad0b2d669d50ca59d45/gnocchi.89f4ff62-3cd3-49d8-92e0-535def80d24e" 404 - "HEAD http://[::1]:8080/v1/AUTH_044b6cf3b72e4ad0b2d669d50ca59d45/gnocchi.89f4ff62-3cd3-49d8-92e0-535def80d24e" "txb648f6c0d05c4bc296c63-0068e2bc8b" "proxy-server 85965" 0.0002 "-" 92944 0
Oct 05 14:44:27 np0005471276.novalocal container-server[92945]: ::1 - - [05/Oct/2025:18:44:27 +0000] "HEAD /2/214220/AUTH_044b6cf3b72e4ad0b2d669d50ca59d45/gnocchi.89f4ff62-3cd3-49d8-92e0-535def80d24e" 404 - "HEAD http://[::1]:8080/v1/AUTH_044b6cf3b72e4ad0b2d669d50ca59d45/gnocchi.89f4ff62-3cd3-49d8-92e0-535def80d24e" "txb648f6c0d05c4bc296c63-0068e2bc8b" "proxy-server 85965" 0.0003 "-" 92945 0
Oct 05 14:44:27 np0005471276.novalocal container-server[92944]: ::1 - - [05/Oct/2025:18:44:27 +0000] "PUT /2/203345/AUTH_044b6cf3b72e4ad0b2d669d50ca59d45/gnocchi.9ef9231a-1b6f-4c66-aca8-0d90f36205b0" 201 - "PUT http://[::1]:8080/v1/AUTH_044b6cf3b72e4ad0b2d669d50ca59d45/gnocchi.9ef9231a-1b6f-4c66-aca8-0d90f36205b0" "txa41d4efee57e4bf6942ce-0068e2bc8b" "proxy-server 85965" 0.0281 "-" 92944 0
Oct 05 14:44:27 np0005471276.novalocal account-server[92647]: ::1 - - [05/Oct/2025:18:44:27 +0000] "PUT /3/100595/AUTH_044b6cf3b72e4ad0b2d669d50ca59d45/gnocchi.9ef9231a-1b6f-4c66-aca8-0d90f36205b0" 201 - "PUT http://[::1]:6001/1/203345/AUTH_044b6cf3b72e4ad0b2d669d50ca59d45/gnocchi.9ef9231a-1b6f-4c66-aca8-0d90f36205b0" "txa41d4efee57e4bf6942ce-0068e2bc8b" "container-server 92944" 0.0033 "-" 92647 0
Oct 05 14:44:27 np0005471276.novalocal proxy-server[85965]: - - 05/Oct/2025/18/44/27 HEAD /v1/AUTH_044b6cf3b72e4ad0b2d669d50ca59d45/gnocchi.89f4ff62-3cd3-49d8-92e0-535def80d24e HTTP/1.0 404 - Swift - - - - txb648f6c0d05c4bc296c63-0068e2bc8b - 0.0384 CS - 1759689867.711164236 1759689867.749574661 0
Oct 05 14:44:27 np0005471276.novalocal container-server[92944]: ::1 - - [05/Oct/2025:18:44:27 +0000] "PUT /1/203345/AUTH_044b6cf3b72e4ad0b2d669d50ca59d45/gnocchi.9ef9231a-1b6f-4c66-aca8-0d90f36205b0" 201 - "PUT http://[::1]:8080/v1/AUTH_044b6cf3b72e4ad0b2d669d50ca59d45/gnocchi.9ef9231a-1b6f-4c66-aca8-0d90f36205b0" "txa41d4efee57e4bf6942ce-0068e2bc8b" "proxy-server 85965" 0.0126 "-" 92944 0
Oct 05 14:44:27 np0005471276.novalocal account-server[92646]: ::1 - - [05/Oct/2025:18:44:27 +0000] "PUT /1/100595/AUTH_044b6cf3b72e4ad0b2d669d50ca59d45/gnocchi.9ef9231a-1b6f-4c66-aca8-0d90f36205b0" 201 - "PUT http://[::1]:6001/3/203345/AUTH_044b6cf3b72e4ad0b2d669d50ca59d45/gnocchi.9ef9231a-1b6f-4c66-aca8-0d90f36205b0" "txa41d4efee57e4bf6942ce-0068e2bc8b" "container-server 92944" 0.0051 "-" 92646 0
Oct 05 14:44:27 np0005471276.novalocal container-server[92944]: ::1 - - [05/Oct/2025:18:44:27 +0000] "PUT /3/203345/AUTH_044b6cf3b72e4ad0b2d669d50ca59d45/gnocchi.9ef9231a-1b6f-4c66-aca8-0d90f36205b0" 201 - "PUT http://[::1]:8080/v1/AUTH_044b6cf3b72e4ad0b2d669d50ca59d45/gnocchi.9ef9231a-1b6f-4c66-aca8-0d90f36205b0" "txa41d4efee57e4bf6942ce-0068e2bc8b" "proxy-server 85965" 0.0249 "-" 92944 0
Oct 05 14:44:27 np0005471276.novalocal object-server[93246]: ::1 - - [05/Oct/2025:18:44:27 +0000] "GET /1/57324/AUTH_044b6cf3b72e4ad0b2d669d50ca59d45/gnocchi.89f4ff62-3cd3-49d8-92e0-535def80d24e/none_v3" 404 70 "GET http://[::1]:8080/v1/AUTH_044b6cf3b72e4ad0b2d669d50ca59d45/gnocchi.89f4ff62-3cd3-49d8-92e0-535def80d24e/none_v3" "txb648f6c0d05c4bc296c63-0068e2bc8b" "proxy-server 85965" 0.0003 "-" 93246 0
Oct 05 14:44:27 np0005471276.novalocal proxy-server[85965]: ::1 ::1 05/Oct/2025/18/44/27 PUT /v1/AUTH_044b6cf3b72e4ad0b2d669d50ca59d45/gnocchi.9ef9231a-1b6f-4c66-aca8-0d90f36205b0 HTTP/1.0 201 - python-swiftclient-4.5.0 gAAAAABo4ryD2OD-... - - - txa41d4efee57e4bf6942ce-0068e2bc8b - 0.0435 - - 1759689867.714005232 1759689867.757552624 0
Oct 05 14:44:27 np0005471276.novalocal object-server[93245]: ::1 - - [05/Oct/2025:18:44:27 +0000] "GET /3/57324/AUTH_044b6cf3b72e4ad0b2d669d50ca59d45/gnocchi.89f4ff62-3cd3-49d8-92e0-535def80d24e/none_v3" 404 70 "GET http://[::1]:8080/v1/AUTH_044b6cf3b72e4ad0b2d669d50ca59d45/gnocchi.89f4ff62-3cd3-49d8-92e0-535def80d24e/none_v3" "txb648f6c0d05c4bc296c63-0068e2bc8b" "proxy-server 85965" 0.0004 "-" 93245 0
Oct 05 14:44:27 np0005471276.novalocal container-server[92945]: ::1 - - [05/Oct/2025:18:44:27 +0000] "HEAD /2/203345/AUTH_044b6cf3b72e4ad0b2d669d50ca59d45/gnocchi.9ef9231a-1b6f-4c66-aca8-0d90f36205b0" 204 - "HEAD http://[::1]:8080/v1/AUTH_044b6cf3b72e4ad0b2d669d50ca59d45/gnocchi.9ef9231a-1b6f-4c66-aca8-0d90f36205b0" "tx34a365e45a3449369be6e-0068e2bc8b" "proxy-server 85965" 0.0012 "-" 92945 0
Oct 05 14:44:27 np0005471276.novalocal object-server[93246]: ::1 - - [05/Oct/2025:18:44:27 +0000] "GET /2/57324/AUTH_044b6cf3b72e4ad0b2d669d50ca59d45/gnocchi.89f4ff62-3cd3-49d8-92e0-535def80d24e/none_v3" 404 70 "GET http://[::1]:8080/v1/AUTH_044b6cf3b72e4ad0b2d669d50ca59d45/gnocchi.89f4ff62-3cd3-49d8-92e0-535def80d24e/none_v3" "txb648f6c0d05c4bc296c63-0068e2bc8b" "proxy-server 85965" 0.0002 "-" 93246 0
Oct 05 14:44:27 np0005471276.novalocal proxy-server[85965]: ::1 ::1 05/Oct/2025/18/44/27 GET /v1/AUTH_044b6cf3b72e4ad0b2d669d50ca59d45/gnocchi.89f4ff62-3cd3-49d8-92e0-535def80d24e/none_v3 HTTP/1.0 404 - python-swiftclient-4.5.0 gAAAAABo4ryHW7gA... - 70 - txb648f6c0d05c4bc296c63-0068e2bc8b - 0.0591 - - 1759689867.710695267 1759689867.769751549 0
Oct 05 14:44:27 np0005471276.novalocal proxy-server[85965]: - - 05/Oct/2025/18/44/27 HEAD /v1/AUTH_044b6cf3b72e4ad0b2d669d50ca59d45/gnocchi.9ef9231a-1b6f-4c66-aca8-0d90f36205b0 HTTP/1.0 204 - Swift - - - - tx34a365e45a3449369be6e-0068e2bc8b - 0.0086 CS - 1759689867.762175083 1759689867.770790815 0
Oct 05 14:44:27 np0005471276.novalocal sudo[100006]: pam_unix(sudo:session): session closed for user root
Oct 05 14:44:27 np0005471276.novalocal systemd[1]: session-c124.scope: Deactivated successfully.
Oct 05 14:44:27 np0005471276.novalocal container-server[92944]: ::1 - - [05/Oct/2025:18:44:27 +0000] "GET /3/203345/AUTH_044b6cf3b72e4ad0b2d669d50ca59d45/gnocchi.9ef9231a-1b6f-4c66-aca8-0d90f36205b0" 200 2 "GET http://[::1]:8080/v1/AUTH_044b6cf3b72e4ad0b2d669d50ca59d45/gnocchi.9ef9231a-1b6f-4c66-aca8-0d90f36205b0?format=json&states=listing" "tx34a365e45a3449369be6e-0068e2bc8b" "proxy-server 85965" 0.0130 "-" 92944 0
Oct 05 14:44:27 np0005471276.novalocal proxy-server[85965]: ::1 ::1 05/Oct/2025/18/44/27 GET /v1/AUTH_044b6cf3b72e4ad0b2d669d50ca59d45/gnocchi.9ef9231a-1b6f-4c66-aca8-0d90f36205b0%3Fformat%3Djson%26states%3Dlisting HTTP/1.0 200 - python-swiftclient-4.5.0 gAAAAABo4ryD2OD-... - 2 - tx34a365e45a3449369be6e-0068e2bc8b - 0.0364 - - 1759689867.760532379 1759689867.796962023 0
Oct 05 14:44:27 np0005471276.novalocal object-server[93246]: ::1 - - [05/Oct/2025:18:44:27 +0000] "GET /3/235443/AUTH_044b6cf3b72e4ad0b2d669d50ca59d45/gnocchi.9ef9231a-1b6f-4c66-aca8-0d90f36205b0/1759320000.0_mean_300.0_v3" 404 70 "GET http://[::1]:8080/v1/AUTH_044b6cf3b72e4ad0b2d669d50ca59d45/gnocchi.9ef9231a-1b6f-4c66-aca8-0d90f36205b0/1759320000.0_mean_300.0_v3" "txa80c1ca3f2694e97b5013-0068e2bc8b" "proxy-server 85965" 0.0003 "-" 93246 0
Oct 05 14:44:27 np0005471276.novalocal account-server[92646]: ::1 - - [05/Oct/2025:18:44:27 +0000] "PUT /3/100595/AUTH_044b6cf3b72e4ad0b2d669d50ca59d45/gnocchi.89f4ff62-3cd3-49d8-92e0-535def80d24e" 201 - "PUT http://[::1]:6001/3/214220/AUTH_044b6cf3b72e4ad0b2d669d50ca59d45/gnocchi.89f4ff62-3cd3-49d8-92e0-535def80d24e" "txe0d68815a4c547369ea40-0068e2bc8b" "container-server 92945" 0.0088 "-" 92646 0
Oct 05 14:44:27 np0005471276.novalocal container-server[92945]: ::1 - - [05/Oct/2025:18:44:27 +0000] "PUT /3/214220/AUTH_044b6cf3b72e4ad0b2d669d50ca59d45/gnocchi.89f4ff62-3cd3-49d8-92e0-535def80d24e" 201 - "PUT http://[::1]:8080/v1/AUTH_044b6cf3b72e4ad0b2d669d50ca59d45/gnocchi.89f4ff62-3cd3-49d8-92e0-535def80d24e" "txe0d68815a4c547369ea40-0068e2bc8b" "proxy-server 85965" 0.0246 "-" 92945 0
Oct 05 14:44:27 np0005471276.novalocal object-server[93246]: ::1 - - [05/Oct/2025:18:44:27 +0000] "GET /1/235443/AUTH_044b6cf3b72e4ad0b2d669d50ca59d45/gnocchi.9ef9231a-1b6f-4c66-aca8-0d90f36205b0/1759320000.0_mean_300.0_v3" 404 70 "GET http://[::1]:8080/v1/AUTH_044b6cf3b72e4ad0b2d669d50ca59d45/gnocchi.9ef9231a-1b6f-4c66-aca8-0d90f36205b0/1759320000.0_mean_300.0_v3" "txa80c1ca3f2694e97b5013-0068e2bc8b" "proxy-server 85965" 0.0002 "-" 93246 0
Oct 05 14:44:27 np0005471276.novalocal account-server[92647]: ::1 - - [05/Oct/2025:18:44:27 +0000] "PUT /1/100595/AUTH_044b6cf3b72e4ad0b2d669d50ca59d45/gnocchi.89f4ff62-3cd3-49d8-92e0-535def80d24e" 201 - "PUT http://[::1]:6001/1/214220/AUTH_044b6cf3b72e4ad0b2d669d50ca59d45/gnocchi.89f4ff62-3cd3-49d8-92e0-535def80d24e" "txe0d68815a4c547369ea40-0068e2bc8b" "container-server 92944" 0.0055 "-" 92647 0
Oct 05 14:44:27 np0005471276.novalocal container-server[92944]: ::1 - - [05/Oct/2025:18:44:27 +0000] "PUT /1/214220/AUTH_044b6cf3b72e4ad0b2d669d50ca59d45/gnocchi.89f4ff62-3cd3-49d8-92e0-535def80d24e" 201 - "PUT http://[::1]:8080/v1/AUTH_044b6cf3b72e4ad0b2d669d50ca59d45/gnocchi.89f4ff62-3cd3-49d8-92e0-535def80d24e" "txe0d68815a4c547369ea40-0068e2bc8b" "proxy-server 85965" 0.0201 "-" 92944 0
Oct 05 14:44:27 np0005471276.novalocal object-server[93245]: ::1 - - [05/Oct/2025:18:44:27 +0000] "GET /2/235443/AUTH_044b6cf3b72e4ad0b2d669d50ca59d45/gnocchi.9ef9231a-1b6f-4c66-aca8-0d90f36205b0/1759320000.0_mean_300.0_v3" 404 70 "GET http://[::1]:8080/v1/AUTH_044b6cf3b72e4ad0b2d669d50ca59d45/gnocchi.9ef9231a-1b6f-4c66-aca8-0d90f36205b0/1759320000.0_mean_300.0_v3" "txa80c1ca3f2694e97b5013-0068e2bc8b" "proxy-server 85965" 0.0005 "-" 93245 0
Oct 05 14:44:27 np0005471276.novalocal proxy-server[85965]: ::1 ::1 05/Oct/2025/18/44/27 GET /v1/AUTH_044b6cf3b72e4ad0b2d669d50ca59d45/gnocchi.9ef9231a-1b6f-4c66-aca8-0d90f36205b0/1759320000.0_mean_300.0_v3 HTTP/1.0 404 - python-swiftclient-4.5.0 gAAAAABo4ryD2OD-... - 70 - txa80c1ca3f2694e97b5013-0068e2bc8b - 0.0211 - - 1759689867.801655769 1759689867.822771311 0
Oct 05 14:44:27 np0005471276.novalocal account-server[92647]: ::1 - - [05/Oct/2025:18:44:27 +0000] "PUT /2/100595/AUTH_044b6cf3b72e4ad0b2d669d50ca59d45/gnocchi.89f4ff62-3cd3-49d8-92e0-535def80d24e" 201 - "PUT http://[::1]:6001/2/214220/AUTH_044b6cf3b72e4ad0b2d669d50ca59d45/gnocchi.89f4ff62-3cd3-49d8-92e0-535def80d24e" "txe0d68815a4c547369ea40-0068e2bc8b" "container-server 92945" 0.0066 "-" 92647 0
Oct 05 14:44:27 np0005471276.novalocal container-server[92945]: ::1 - - [05/Oct/2025:18:44:27 +0000] "PUT /2/214220/AUTH_044b6cf3b72e4ad0b2d669d50ca59d45/gnocchi.89f4ff62-3cd3-49d8-92e0-535def80d24e" 201 - "PUT http://[::1]:8080/v1/AUTH_044b6cf3b72e4ad0b2d669d50ca59d45/gnocchi.89f4ff62-3cd3-49d8-92e0-535def80d24e" "txe0d68815a4c547369ea40-0068e2bc8b" "proxy-server 85965" 0.0240 "-" 92945 0
Oct 05 14:44:27 np0005471276.novalocal proxy-server[85965]: ::1 ::1 05/Oct/2025/18/44/27 PUT /v1/AUTH_044b6cf3b72e4ad0b2d669d50ca59d45/gnocchi.89f4ff62-3cd3-49d8-92e0-535def80d24e HTTP/1.0 201 - python-swiftclient-4.5.0 gAAAAABo4ryHW7gA... - - - txe0d68815a4c547369ea40-0068e2bc8b - 0.0498 - - 1759689867.775965929 1759689867.825739861 0
Oct 05 14:44:27 np0005471276.novalocal container-server[92945]: ::1 - - [05/Oct/2025:18:44:27 +0000] "HEAD /1/246636/AUTH_044b6cf3b72e4ad0b2d669d50ca59d45/gnocchi.5cd4d020-65f1-419b-9367-712baf4c4ece" 204 - "HEAD http://[::1]:8080/v1/AUTH_044b6cf3b72e4ad0b2d669d50ca59d45/gnocchi.5cd4d020-65f1-419b-9367-712baf4c4ece" "tx4668b39ef4474bb3b34ea-0068e2bc8b" "proxy-server 85965" 0.0010 "-" 92945 0
Oct 05 14:44:27 np0005471276.novalocal proxy-server[85965]: - - 05/Oct/2025/18/44/27 HEAD /v1/AUTH_044b6cf3b72e4ad0b2d669d50ca59d45/gnocchi.5cd4d020-65f1-419b-9367-712baf4c4ece HTTP/1.0 204 - Swift - - - - tx4668b39ef4474bb3b34ea-0068e2bc8b - 0.0076 CS - 1759689867.837856531 1759689867.845467567 0
Oct 05 14:44:27 np0005471276.novalocal container-server[92945]: ::1 - - [05/Oct/2025:18:44:27 +0000] "PUT /3/203345/AUTH_044b6cf3b72e4ad0b2d669d50ca59d45/gnocchi.9ef9231a-1b6f-4c66-aca8-0d90f36205b0/1759320000.0_mean_300.0_v3" 201 - "PUT http://[::1]:8080/3/235443/AUTH_044b6cf3b72e4ad0b2d669d50ca59d45/gnocchi.9ef9231a-1b6f-4c66-aca8-0d90f36205b0/1759320000.0_mean_300.0_v3" "tx1fa30ff16ed44bd5b1113-0068e2bc8b" "object-server 93246" 0.0004 "-" 92945 0
Oct 05 14:44:27 np0005471276.novalocal object-server[93246]: ::1 - - [05/Oct/2025:18:44:27 +0000] "PUT /3/235443/AUTH_044b6cf3b72e4ad0b2d669d50ca59d45/gnocchi.9ef9231a-1b6f-4c66-aca8-0d90f36205b0/1759320000.0_mean_300.0_v3" 201 - "PUT http://[::1]:8080/v1/AUTH_044b6cf3b72e4ad0b2d669d50ca59d45/gnocchi.9ef9231a-1b6f-4c66-aca8-0d90f36205b0/1759320000.0_mean_300.0_v3" "tx1fa30ff16ed44bd5b1113-0068e2bc8b" "proxy-server 85965" 0.0144 "-" 93246 0
Oct 05 14:44:27 np0005471276.novalocal container-server[92944]: ::1 - - [05/Oct/2025:18:44:27 +0000] "PUT /2/203345/AUTH_044b6cf3b72e4ad0b2d669d50ca59d45/gnocchi.9ef9231a-1b6f-4c66-aca8-0d90f36205b0/1759320000.0_mean_300.0_v3" 201 - "PUT http://[::1]:8080/2/235443/AUTH_044b6cf3b72e4ad0b2d669d50ca59d45/gnocchi.9ef9231a-1b6f-4c66-aca8-0d90f36205b0/1759320000.0_mean_300.0_v3" "tx1fa30ff16ed44bd5b1113-0068e2bc8b" "object-server 93246" 0.0009 "-" 92944 0
Oct 05 14:44:27 np0005471276.novalocal object-server[93246]: ::1 - - [05/Oct/2025:18:44:27 +0000] "PUT /2/235443/AUTH_044b6cf3b72e4ad0b2d669d50ca59d45/gnocchi.9ef9231a-1b6f-4c66-aca8-0d90f36205b0/1759320000.0_mean_300.0_v3" 201 - "PUT http://[::1]:8080/v1/AUTH_044b6cf3b72e4ad0b2d669d50ca59d45/gnocchi.9ef9231a-1b6f-4c66-aca8-0d90f36205b0/1759320000.0_mean_300.0_v3" "tx1fa30ff16ed44bd5b1113-0068e2bc8b" "proxy-server 85965" 0.0163 "-" 93246 0
Oct 05 14:44:27 np0005471276.novalocal container-server[92944]: ::1 - - [05/Oct/2025:18:44:27 +0000] "PUT /1/203345/AUTH_044b6cf3b72e4ad0b2d669d50ca59d45/gnocchi.9ef9231a-1b6f-4c66-aca8-0d90f36205b0/1759320000.0_mean_300.0_v3" 201 - "PUT http://[::1]:8080/1/235443/AUTH_044b6cf3b72e4ad0b2d669d50ca59d45/gnocchi.9ef9231a-1b6f-4c66-aca8-0d90f36205b0/1759320000.0_mean_300.0_v3" "tx1fa30ff16ed44bd5b1113-0068e2bc8b" "object-server 93245" 0.0011 "-" 92944 0
Oct 05 14:44:27 np0005471276.novalocal object-server[93245]: ::1 - - [05/Oct/2025:18:44:27 +0000] "PUT /1/235443/AUTH_044b6cf3b72e4ad0b2d669d50ca59d45/gnocchi.9ef9231a-1b6f-4c66-aca8-0d90f36205b0/1759320000.0_mean_300.0_v3" 201 - "PUT http://[::1]:8080/v1/AUTH_044b6cf3b72e4ad0b2d669d50ca59d45/gnocchi.9ef9231a-1b6f-4c66-aca8-0d90f36205b0/1759320000.0_mean_300.0_v3" "tx1fa30ff16ed44bd5b1113-0068e2bc8b" "proxy-server 85965" 0.0179 "-" 93245 0
Oct 05 14:44:27 np0005471276.novalocal proxy-server[85965]: ::1 ::1 05/Oct/2025/18/44/27 PUT /v1/AUTH_044b6cf3b72e4ad0b2d669d50ca59d45/gnocchi.9ef9231a-1b6f-4c66-aca8-0d90f36205b0/1759320000.0_mean_300.0_v3 HTTP/1.0 201 - python-swiftclient-4.5.0 gAAAAABo4ryD2OD-... 16 - - tx1fa30ff16ed44bd5b1113-0068e2bc8b - 0.0309 - - 1759689867.827039719 1759689867.857916832 0
Oct 05 14:44:27 np0005471276.novalocal container-server[92945]: ::1 - - [05/Oct/2025:18:44:27 +0000] "GET /1/246636/AUTH_044b6cf3b72e4ad0b2d669d50ca59d45/gnocchi.5cd4d020-65f1-419b-9367-712baf4c4ece" 200 2 "GET http://[::1]:8080/v1/AUTH_044b6cf3b72e4ad0b2d669d50ca59d45/gnocchi.5cd4d020-65f1-419b-9367-712baf4c4ece?format=json&states=listing" "tx4668b39ef4474bb3b34ea-0068e2bc8b" "proxy-server 85965" 0.0017 "-" 92945 0
Oct 05 14:44:27 np0005471276.novalocal proxy-server[85965]: ::1 ::1 05/Oct/2025/18/44/27 GET /v1/AUTH_044b6cf3b72e4ad0b2d669d50ca59d45/gnocchi.5cd4d020-65f1-419b-9367-712baf4c4ece%3Fformat%3Djson%26states%3Dlisting HTTP/1.0 200 - python-swiftclient-4.5.0 gAAAAABo4ryHW7gA... - 2 - tx4668b39ef4474bb3b34ea-0068e2bc8b - 0.0344 - - 1759689867.835628033 1759689867.870002747 0
Oct 05 14:44:27 np0005471276.novalocal container-server[92945]: ::1 - - [05/Oct/2025:18:44:27 +0000] "HEAD /3/214220/AUTH_044b6cf3b72e4ad0b2d669d50ca59d45/gnocchi.89f4ff62-3cd3-49d8-92e0-535def80d24e" 204 - "HEAD http://[::1]:8080/v1/AUTH_044b6cf3b72e4ad0b2d669d50ca59d45/gnocchi.89f4ff62-3cd3-49d8-92e0-535def80d24e" "txac6c152d8b544fac8a646-0068e2bc8b" "proxy-server 85965" 0.0011 "-" 92945 0
Oct 05 14:44:27 np0005471276.novalocal sudo[100010]: cinder : PWD=/ ; USER=root ; COMMAND=/usr/bin/cinder-rootwrap /etc/cinder/rootwrap.conf cinder-rtstool create /dev/cinder-volumes/volume-d759b49d-88d8-4608-953c-63c8936b6860 iqn.2010-10.org.openstack:volume-d759b49d-88d8-4608-953c-63c8936b6860 hnf5XDcWJ9biHQwvXp6e d9Z3Vs22uXik6AQX False -p3260 -a::1
Oct 05 14:44:27 np0005471276.novalocal proxy-server[85965]: - - 05/Oct/2025/18/44/27 HEAD /v1/AUTH_044b6cf3b72e4ad0b2d669d50ca59d45/gnocchi.89f4ff62-3cd3-49d8-92e0-535def80d24e HTTP/1.0 204 - Swift - - - - txac6c152d8b544fac8a646-0068e2bc8b - 0.0064 CS - 1759689867.876838923 1759689867.883258581 0
Oct 05 14:44:27 np0005471276.novalocal container-server[92945]: ::1 - - [05/Oct/2025:18:44:27 +0000] "PUT /3/203345/AUTH_044b6cf3b72e4ad0b2d669d50ca59d45/gnocchi.9ef9231a-1b6f-4c66-aca8-0d90f36205b0/none_v3" 201 - "PUT http://[::1]:8080/3/205734/AUTH_044b6cf3b72e4ad0b2d669d50ca59d45/gnocchi.9ef9231a-1b6f-4c66-aca8-0d90f36205b0/none_v3" "tx1be7f913e46e4fe1a07dc-0068e2bc8b" "object-server 93246" 0.0004 "-" 92945 0
Oct 05 14:44:27 np0005471276.novalocal container-server[92945]: ::1 - - [05/Oct/2025:18:44:27 +0000] "PUT /1/203345/AUTH_044b6cf3b72e4ad0b2d669d50ca59d45/gnocchi.9ef9231a-1b6f-4c66-aca8-0d90f36205b0/none_v3" 201 - "PUT http://[::1]:8080/2/205734/AUTH_044b6cf3b72e4ad0b2d669d50ca59d45/gnocchi.9ef9231a-1b6f-4c66-aca8-0d90f36205b0/none_v3" "tx1be7f913e46e4fe1a07dc-0068e2bc8b" "object-server 93246" 0.0004 "-" 92945 0
