Oct 05 14:45:41 np0005471276.novalocal libvirtd[95208]: Domain id=4 name='instance-00000004' uuid=b444ea99-5217-4d68-b66c-1a140391bb7a is tainted: deprecated-config (CPU model 'qemu64')
Oct 05 14:45:41 np0005471276.novalocal NetworkManager[861]: [1759689941.6911] device (tap92683660-d5): state change: unmanaged -> unavailable (reason 'connection-assumed', managed-type: 'external')
Oct 05 14:45:41 np0005471276.novalocal NetworkManager[861]: [1759689941.6919] device (tap92683660-d5): state change: unavailable -> disconnected (reason 'connection-assumed', managed-type: 'external')
Oct 05 14:45:41 np0005471276.novalocal NetworkManager[861]: [1759689941.6947] device (tap92683660-d5): Activation: starting connection 'tap92683660-d5' (1f7f3dbc-b1cb-462a-9e17-202b35a4be90)
Oct 05 14:45:41 np0005471276.novalocal NetworkManager[861]: [1759689941.6948] device (tap92683660-d5): state change: disconnected -> prepare (reason 'none', managed-type: 'external')
Oct 05 14:45:41 np0005471276.novalocal NetworkManager[861]: [1759689941.6950] device (tap92683660-d5): state change: prepare -> config (reason 'none', managed-type: 'external')
Oct 05 14:45:41 np0005471276.novalocal NetworkManager[861]: [1759689941.6952] device (tap92683660-d5): state change: config -> ip-config (reason 'none', managed-type: 'external')
Oct 05 14:45:41 np0005471276.novalocal NetworkManager[861]: [1759689941.6953] device (qbr92683660-d5): bridge port tap92683660-d5 was attached
Oct 05 14:45:41 np0005471276.novalocal NetworkManager[861]: [1759689941.6953] device (tap92683660-d5): Activation: connection 'tap92683660-d5' attached as port, continuing activation
Oct 05 14:45:41 np0005471276.novalocal NetworkManager[861]: [1759689941.6955] device (tap92683660-d5): state change: ip-config -> ip-check (reason 'none', managed-type: 'external')
Oct 05 14:45:41 np0005471276.novalocal NetworkManager[861]: [1759689941.6968] device (tap92683660-d5): state change: ip-check -> secondaries (reason 'none', managed-type: 'external')
Oct 05 14:45:41 np0005471276.novalocal NetworkManager[861]: [1759689941.6969] device (tap92683660-d5): state change: secondaries -> activated (reason 'none', managed-type: 'external')
Oct 05 14:45:41 np0005471276.novalocal NetworkManager[861]: [1759689941.6975] device (tap92683660-d5): Activation: successful, device activated.
Oct 05 14:45:41 np0005471276.novalocal systemd-machined[90230]: New machine qemu-4-instance-00000004.
Oct 05 14:45:41 np0005471276.novalocal systemd[1]: Started Virtual Machine qemu-4-instance-00000004.
Oct 05 14:45:41 np0005471276.novalocal systemd[1]: iscsi.service: Unit cannot be reloaded because it is inactive.
Oct 05 14:45:42 np0005471276.novalocal container-server[92944]: ::1 - - [05/Oct/2025:18:45:42 +0000] "HEAD /3/40641/AUTH_044b6cf3b72e4ad0b2d669d50ca59d45/gnocchi.a3ea3e2c-c655-4010-ac85-32d5b0aca6da" 404 - "HEAD http://[::1]:8080/v1/AUTH_044b6cf3b72e4ad0b2d669d50ca59d45/gnocchi.a3ea3e2c-c655-4010-ac85-32d5b0aca6da" "tx71bc856c2a9f4abc9ec6f-0068e2bcd6" "proxy-server 85965" 0.0005 "-" 92944 0
Oct 05 14:45:42 np0005471276.novalocal container-server[92945]: ::1 - - [05/Oct/2025:18:45:42 +0000] "HEAD /3/23894/AUTH_044b6cf3b72e4ad0b2d669d50ca59d45/gnocchi.5579e85b-dc17-4cb1-bb3c-1cd0c58d1763" 404 - "HEAD http://[::1]:8080/v1/AUTH_044b6cf3b72e4ad0b2d669d50ca59d45/gnocchi.5579e85b-dc17-4cb1-bb3c-1cd0c58d1763" "txd11402e66c194767b3e7e-0068e2bcd6" "proxy-server 85965" 0.0003 "-" 92945 0
Oct 05 14:45:42 np0005471276.novalocal container-server[92945]: ::1 - - [05/Oct/2025:18:45:42 +0000] "HEAD /2/40641/AUTH_044b6cf3b72e4ad0b2d669d50ca59d45/gnocchi.a3ea3e2c-c655-4010-ac85-32d5b0aca6da" 404 - "HEAD http://[::1]:8080/v1/AUTH_044b6cf3b72e4ad0b2d669d50ca59d45/gnocchi.a3ea3e2c-c655-4010-ac85-32d5b0aca6da" "tx71bc856c2a9f4abc9ec6f-0068e2bcd6" "proxy-server 85965" 0.0002 "-" 92945 0
Oct 05 14:45:42 np0005471276.novalocal container-server[92944]: ::1 - - [05/Oct/2025:18:45:42 +0000] "HEAD /1/23894/AUTH_044b6cf3b72e4ad0b2d669d50ca59d45/gnocchi.5579e85b-dc17-4cb1-bb3c-1cd0c58d1763" 404 - "HEAD http://[::1]:8080/v1/AUTH_044b6cf3b72e4ad0b2d669d50ca59d45/gnocchi.5579e85b-dc17-4cb1-bb3c-1cd0c58d1763" "txd11402e66c194767b3e7e-0068e2bcd6" "proxy-server 85965" 0.0003 "-" 92944 0
Oct 05 14:45:42 np0005471276.novalocal container-server[92944]: ::1 - - [05/Oct/2025:18:45:42 +0000] "HEAD /1/40641/AUTH_044b6cf3b72e4ad0b2d669d50ca59d45/gnocchi.a3ea3e2c-c655-4010-ac85-32d5b0aca6da" 404 - "HEAD http://[::1]:8080/v1/AUTH_044b6cf3b72e4ad0b2d669d50ca59d45/gnocchi.a3ea3e2c-c655-4010-ac85-32d5b0aca6da" "tx71bc856c2a9f4abc9ec6f-0068e2bcd6" "proxy-server 85965" 0.0003 "-" 92944 0
Oct 05 14:45:42 np0005471276.novalocal proxy-server[85965]: - - 05/Oct/2025/18/45/42 HEAD /v1/AUTH_044b6cf3b72e4ad0b2d669d50ca59d45/gnocchi.a3ea3e2c-c655-4010-ac85-32d5b0aca6da HTTP/1.0 404 - Swift - - - - tx71bc856c2a9f4abc9ec6f-0068e2bcd6 - 0.0145 CS - 1759689942.845150471 1759689942.859656811 0
Oct 05 14:45:42 np0005471276.novalocal container-server[92944]: ::1 - - [05/Oct/2025:18:45:42 +0000] "HEAD /2/23894/AUTH_044b6cf3b72e4ad0b2d669d50ca59d45/gnocchi.5579e85b-dc17-4cb1-bb3c-1cd0c58d1763" 404 - "HEAD http://[::1]:8080/v1/AUTH_044b6cf3b72e4ad0b2d669d50ca59d45/gnocchi.5579e85b-dc17-4cb1-bb3c-1cd0c58d1763" "txd11402e66c194767b3e7e-0068e2bcd6" "proxy-server 85965" 0.0003 "-" 92944 0
Oct 05 14:45:42 np0005471276.novalocal object-server[93246]: ::1 - - [05/Oct/2025:18:45:42 +0000] "GET /3/259937/AUTH_044b6cf3b72e4ad0b2d669d50ca59d45/gnocchi.a3ea3e2c-c655-4010-ac85-32d5b0aca6da/none_v3" 404 70 "GET http://[::1]:8080/v1/AUTH_044b6cf3b72e4ad0b2d669d50ca59d45/gnocchi.a3ea3e2c-c655-4010-ac85-32d5b0aca6da/none_v3" "tx71bc856c2a9f4abc9ec6f-0068e2bcd6" "proxy-server 85965" 0.0003 "-" 93246 0
Oct 05 14:45:42 np0005471276.novalocal proxy-server[85965]: - - 05/Oct/2025/18/45/42 HEAD /v1/AUTH_044b6cf3b72e4ad0b2d669d50ca59d45/gnocchi.5579e85b-dc17-4cb1-bb3c-1cd0c58d1763 HTTP/1.0 404 - Swift - - - - txd11402e66c194767b3e7e-0068e2bcd6 - 0.0171 CS - 1759689942.850611210 1759689942.867696047 0
Oct 05 14:45:42 np0005471276.novalocal object-server[93245]: ::1 - - [05/Oct/2025:18:45:42 +0000] "GET /1/259937/AUTH_044b6cf3b72e4ad0b2d669d50ca59d45/gnocchi.a3ea3e2c-c655-4010-ac85-32d5b0aca6da/none_v3" 404 70 "GET http://[::1]:8080/v1/AUTH_044b6cf3b72e4ad0b2d669d50ca59d45/gnocchi.a3ea3e2c-c655-4010-ac85-32d5b0aca6da/none_v3" "tx71bc856c2a9f4abc9ec6f-0068e2bcd6" "proxy-server 85965" 0.0005 "-" 93245 0
Oct 05 14:45:42 np0005471276.novalocal object-server[93245]: ::1 - - [05/Oct/2025:18:45:42 +0000] "GET /2/4570/AUTH_044b6cf3b72e4ad0b2d669d50ca59d45/gnocchi.5579e85b-dc17-4cb1-bb3c-1cd0c58d1763/none_v3" 404 70 "GET http://[::1]:8080/v1/AUTH_044b6cf3b72e4ad0b2d669d50ca59d45/gnocchi.5579e85b-dc17-4cb1-bb3c-1cd0c58d1763/none_v3" "txd11402e66c194767b3e7e-0068e2bcd6" "proxy-server 85965" 0.0004 "-" 93245 0
Oct 05 14:45:42 np0005471276.novalocal object-server[93246]: ::1 - - [05/Oct/2025:18:45:42 +0000] "GET /3/4570/AUTH_044b6cf3b72e4ad0b2d669d50ca59d45/gnocchi.5579e85b-dc17-4cb1-bb3c-1cd0c58d1763/none_v3" 404 70 "GET http://[::1]:8080/v1/AUTH_044b6cf3b72e4ad0b2d669d50ca59d45/gnocchi.5579e85b-dc17-4cb1-bb3c-1cd0c58d1763/none_v3" "txd11402e66c194767b3e7e-0068e2bcd6" "proxy-server 85965" 0.0003 "-" 93246 0
Oct 05 14:45:42 np0005471276.novalocal object-server[93245]: ::1 - - [05/Oct/2025:18:45:42 +0000] "GET /2/259937/AUTH_044b6cf3b72e4ad0b2d669d50ca59d45/gnocchi.a3ea3e2c-c655-4010-ac85-32d5b0aca6da/none_v3" 404 70 "GET http://[::1]:8080/v1/AUTH_044b6cf3b72e4ad0b2d669d50ca59d45/gnocchi.a3ea3e2c-c655-4010-ac85-32d5b0aca6da/none_v3" "tx71bc856c2a9f4abc9ec6f-0068e2bcd6" "proxy-server 85965" 0.0003 "-" 93245 0
Oct 05 14:45:42 np0005471276.novalocal proxy-server[85965]: ::1 ::1 05/Oct/2025/18/45/42 GET /v1/AUTH_044b6cf3b72e4ad0b2d669d50ca59d45/gnocchi.a3ea3e2c-c655-4010-ac85-32d5b0aca6da/none_v3 HTTP/1.0 404 - python-swiftclient-4.5.0 gAAAAABo4ryHW7gA... - 70 - tx71bc856c2a9f4abc9ec6f-0068e2bcd6 - 0.0412 - - 1759689942.843722582 1759689942.884912968 0
Oct 05 14:45:42 np0005471276.novalocal object-server[93246]: ::1 - - [05/Oct/2025:18:45:42 +0000] "GET /1/4570/AUTH_044b6cf3b72e4ad0b2d669d50ca59d45/gnocchi.5579e85b-dc17-4cb1-bb3c-1cd0c58d1763/none_v3" 404 70 "GET http://[::1]:8080/v1/AUTH_044b6cf3b72e4ad0b2d669d50ca59d45/gnocchi.5579e85b-dc17-4cb1-bb3c-1cd0c58d1763/none_v3" "txd11402e66c194767b3e7e-0068e2bcd6" "proxy-server 85965" 0.0003 "-" 93246 0
Oct 05 14:45:42 np0005471276.novalocal proxy-server[85965]: ::1 ::1 05/Oct/2025/18/45/42 GET /v1/AUTH_044b6cf3b72e4ad0b2d669d50ca59d45/gnocchi.5579e85b-dc17-4cb1-bb3c-1cd0c58d1763/none_v3 HTTP/1.0 404 - python-swiftclient-4.5.0 gAAAAABo4ryD2OD-... - 70 - txd11402e66c194767b3e7e-0068e2bcd6 - 0.0438 - - 1759689942.849882126 1759689942.893638611 0
Oct 05 14:45:42 np0005471276.novalocal account-server[92646]: ::1 - - [05/Oct/2025:18:45:42 +0000] "PUT /3/100595/AUTH_044b6cf3b72e4ad0b2d669d50ca59d45/gnocchi.a3ea3e2c-c655-4010-ac85-32d5b0aca6da" 201 - "PUT http://[::1]:6001/3/40641/AUTH_044b6cf3b72e4ad0b2d669d50ca59d45/gnocchi.a3ea3e2c-c655-4010-ac85-32d5b0aca6da" "tx2c9a2ffa3fcf488e8f849-0068e2bcd6" "container-server 92944" 0.0010 "-" 92646 0
Oct 05 14:45:42 np0005471276.novalocal account-server[92646]: ::1 - - [05/Oct/2025:18:45:42 +0000] "PUT /2/100595/AUTH_044b6cf3b72e4ad0b2d669d50ca59d45/gnocchi.a3ea3e2c-c655-4010-ac85-32d5b0aca6da" 201 - "PUT http://[::1]:6001/1/40641/AUTH_044b6cf3b72e4ad0b2d669d50ca59d45/gnocchi.a3ea3e2c-c655-4010-ac85-32d5b0aca6da" "tx2c9a2ffa3fcf488e8f849-0068e2bcd6" "container-server 92945" 0.0009 "-" 92646 0
Oct 05 14:45:42 np0005471276.novalocal account-server[92646]: ::1 - - [05/Oct/2025:18:45:42 +0000] "PUT /1/100595/AUTH_044b6cf3b72e4ad0b2d669d50ca59d45/gnocchi.a3ea3e2c-c655-4010-ac85-32d5b0aca6da" 201 - "PUT http://[::1]:6001/2/40641/AUTH_044b6cf3b72e4ad0b2d669d50ca59d45/gnocchi.a3ea3e2c-c655-4010-ac85-32d5b0aca6da" "tx2c9a2ffa3fcf488e8f849-0068e2bcd6" "container-server 92945" 0.0007 "-" 92646 0
Oct 05 14:45:42 np0005471276.novalocal container-server[92945]: ::1 - - [05/Oct/2025:18:45:42 +0000] "PUT /1/40641/AUTH_044b6cf3b72e4ad0b2d669d50ca59d45/gnocchi.a3ea3e2c-c655-4010-ac85-32d5b0aca6da" 201 - "PUT http://[::1]:8080/v1/AUTH_044b6cf3b72e4ad0b2d669d50ca59d45/gnocchi.a3ea3e2c-c655-4010-ac85-32d5b0aca6da" "tx2c9a2ffa3fcf488e8f849-0068e2bcd6" "proxy-server 85965" 0.0189 "-" 92945 0
Oct 05 14:45:42 np0005471276.novalocal container-server[92945]: ::1 - - [05/Oct/2025:18:45:42 +0000] "PUT /2/40641/AUTH_044b6cf3b72e4ad0b2d669d50ca59d45/gnocchi.a3ea3e2c-c655-4010-ac85-32d5b0aca6da" 201 - "PUT http://[::1]:8080/v1/AUTH_044b6cf3b72e4ad0b2d669d50ca59d45/gnocchi.a3ea3e2c-c655-4010-ac85-32d5b0aca6da" "tx2c9a2ffa3fcf488e8f849-0068e2bcd6" "proxy-server 85965" 0.0284 "-" 92945 0
Oct 05 14:45:42 np0005471276.novalocal container-server[92944]: ::1 - - [05/Oct/2025:18:45:42 +0000] "PUT /3/40641/AUTH_044b6cf3b72e4ad0b2d669d50ca59d45/gnocchi.a3ea3e2c-c655-4010-ac85-32d5b0aca6da" 201 - "PUT http://[::1]:8080/v1/AUTH_044b6cf3b72e4ad0b2d669d50ca59d45/gnocchi.a3ea3e2c-c655-4010-ac85-32d5b0aca6da" "tx2c9a2ffa3fcf488e8f849-0068e2bcd6" "proxy-server 85965" 0.0389 "-" 92944 0
Oct 05 14:45:42 np0005471276.novalocal proxy-server[85965]: ::1 ::1 05/Oct/2025/18/45/42 PUT /v1/AUTH_044b6cf3b72e4ad0b2d669d50ca59d45/gnocchi.a3ea3e2c-c655-4010-ac85-32d5b0aca6da HTTP/1.0 201 - python-swiftclient-4.5.0 gAAAAABo4ryHW7gA... - - - tx2c9a2ffa3fcf488e8f849-0068e2bcd6 - 0.0521 - - 1759689942.887610435 1759689942.939694166 0
Oct 05 14:45:42 np0005471276.novalocal account-server[92647]: ::1 - - [05/Oct/2025:18:45:42 +0000] "PUT /1/100595/AUTH_044b6cf3b72e4ad0b2d669d50ca59d45/gnocchi.5579e85b-dc17-4cb1-bb3c-1cd0c58d1763" 201 - "PUT http://[::1]:6001/2/23894/AUTH_044b6cf3b72e4ad0b2d669d50ca59d45/gnocchi.5579e85b-dc17-4cb1-bb3c-1cd0c58d1763" "tx54f94ef89ec347e99c2e5-0068e2bcd6" "container-server 92945" 0.0051 "-" 92647 0
Oct 05 14:45:42 np0005471276.novalocal account-server[92646]: ::1 - - [05/Oct/2025:18:45:42 +0000] "PUT /2/100595/AUTH_044b6cf3b72e4ad0b2d669d50ca59d45/gnocchi.5579e85b-dc17-4cb1-bb3c-1cd0c58d1763" 201 - "PUT http://[::1]:6001/1/23894/AUTH_044b6cf3b72e4ad0b2d669d50ca59d45/gnocchi.5579e85b-dc17-4cb1-bb3c-1cd0c58d1763" "tx54f94ef89ec347e99c2e5-0068e2bcd6" "container-server 92944" 0.0061 "-" 92646 0
Oct 05 14:45:42 np0005471276.novalocal container-server[92945]: ::1 - - [05/Oct/2025:18:45:42 +0000] "PUT /2/23894/AUTH_044b6cf3b72e4ad0b2d669d50ca59d45/gnocchi.5579e85b-dc17-4cb1-bb3c-1cd0c58d1763" 201 - "PUT http://[::1]:8080/v1/AUTH_044b6cf3b72e4ad0b2d669d50ca59d45/gnocchi.5579e85b-dc17-4cb1-bb3c-1cd0c58d1763" "tx54f94ef89ec347e99c2e5-0068e2bcd6" "proxy-server 85965" 0.0226 "-" 92945 0
Oct 05 14:45:42 np0005471276.novalocal container-server[92944]: ::1 - - [05/Oct/2025:18:45:42 +0000] "PUT /1/23894/AUTH_044b6cf3b72e4ad0b2d669d50ca59d45/gnocchi.5579e85b-dc17-4cb1-bb3c-1cd0c58d1763" 201 - "PUT http://[::1]:8080/v1/AUTH_044b6cf3b72e4ad0b2d669d50ca59d45/gnocchi.5579e85b-dc17-4cb1-bb3c-1cd0c58d1763" "tx54f94ef89ec347e99c2e5-0068e2bcd6" "proxy-server 85965" 0.0306 "-" 92944 0
Oct 05 14:45:42 np0005471276.novalocal account-server[92646]: ::1 - - [05/Oct/2025:18:45:42 +0000] "PUT /3/100595/AUTH_044b6cf3b72e4ad0b2d669d50ca59d45/gnocchi.5579e85b-dc17-4cb1-bb3c-1cd0c58d1763" 201 - "PUT http://[::1]:6001/3/23894/AUTH_044b6cf3b72e4ad0b2d669d50ca59d45/gnocchi.5579e85b-dc17-4cb1-bb3c-1cd0c58d1763" "tx54f94ef89ec347e99c2e5-0068e2bcd6" "container-server 92944" 0.0031 "-" 92646 0
Oct 05 14:45:42 np0005471276.novalocal container-server[92944]: ::1 - - [05/Oct/2025:18:45:42 +0000] "HEAD /1/40641/AUTH_044b6cf3b72e4ad0b2d669d50ca59d45/gnocchi.a3ea3e2c-c655-4010-ac85-32d5b0aca6da" 204 - "HEAD http://[::1]:8080/v1/AUTH_044b6cf3b72e4ad0b2d669d50ca59d45/gnocchi.a3ea3e2c-c655-4010-ac85-32d5b0aca6da" "tx36f153b979b843b69e2d6-0068e2bcd6" "proxy-server 85965" 0.0010 "-" 92944 0
Oct 05 14:45:42 np0005471276.novalocal container-server[92944]: ::1 - - [05/Oct/2025:18:45:42 +0000] "PUT /3/23894/AUTH_044b6cf3b72e4ad0b2d669d50ca59d45/gnocchi.5579e85b-dc17-4cb1-bb3c-1cd0c58d1763" 201 - "PUT http://[::1]:8080/v1/AUTH_044b6cf3b72e4ad0b2d669d50ca59d45/gnocchi.5579e85b-dc17-4cb1-bb3c-1cd0c58d1763" "tx54f94ef89ec347e99c2e5-0068e2bcd6" "proxy-server 85965" 0.0235 "-" 92944 0
Oct 05 14:45:42 np0005471276.novalocal proxy-server[85965]: ::1 ::1 05/Oct/2025/18/45/42 PUT /v1/AUTH_044b6cf3b72e4ad0b2d669d50ca59d45/gnocchi.5579e85b-dc17-4cb1-bb3c-1cd0c58d1763 HTTP/1.0 201 - python-swiftclient-4.5.0 gAAAAABo4ryD2OD-... - - - tx54f94ef89ec347e99c2e5-0068e2bcd6 - 0.0464 - - 1759689942.904170275 1759689942.950549364 0
Oct 05 14:45:42 np0005471276.novalocal proxy-server[85965]: - - 05/Oct/2025/18/45/42 HEAD /v1/AUTH_044b6cf3b72e4ad0b2d669d50ca59d45/gnocchi.a3ea3e2c-c655-4010-ac85-32d5b0aca6da HTTP/1.0 204 - Swift - - - - tx36f153b979b843b69e2d6-0068e2bcd6 - 0.0071 CS - 1759689942.944311619 1759689942.951442003 0
Oct 05 14:45:42 np0005471276.novalocal container-server[92945]: ::1 - - [05/Oct/2025:18:45:42 +0000] "GET /1/40641/AUTH_044b6cf3b72e4ad0b2d669d50ca59d45/gnocchi.a3ea3e2c-c655-4010-ac85-32d5b0aca6da" 200 2 "GET http://[::1]:8080/v1/AUTH_044b6cf3b72e4ad0b2d669d50ca59d45/gnocchi.a3ea3e2c-c655-4010-ac85-32d5b0aca6da?format=json&states=listing" "tx36f153b979b843b69e2d6-0068e2bcd6" "proxy-server 85965" 0.0018 "-" 92945 0
Oct 05 14:45:42 np0005471276.novalocal container-server[92944]: ::1 - - [05/Oct/2025:18:45:42 +0000] "HEAD /3/23894/AUTH_044b6cf3b72e4ad0b2d669d50ca59d45/gnocchi.5579e85b-dc17-4cb1-bb3c-1cd0c58d1763" 204 - "HEAD http://[::1]:8080/v1/AUTH_044b6cf3b72e4ad0b2d669d50ca59d45/gnocchi.5579e85b-dc17-4cb1-bb3c-1cd0c58d1763" "txbfa6e74d691d4e019557c-0068e2bcd6" "proxy-server 85965" 0.0010 "-" 92944 0
Oct 05 14:45:42 np0005471276.novalocal proxy-server[85965]: ::1 ::1 05/Oct/2025/18/45/42 GET /v1/AUTH_044b6cf3b72e4ad0b2d669d50ca59d45/gnocchi.a3ea3e2c-c655-4010-ac85-32d5b0aca6da%3Fformat%3Djson%26states%3Dlisting HTTP/1.0 200 - python-swiftclient-4.5.0 gAAAAABo4ryHW7gA... - 2 - tx36f153b979b843b69e2d6-0068e2bcd6 - 0.0167 - - 1759689942.943493366 1759689942.960190296 0
Oct 05 14:45:42 np0005471276.novalocal proxy-server[85965]: - - 05/Oct/2025/18/45/42 HEAD /v1/AUTH_044b6cf3b72e4ad0b2d669d50ca59d45/gnocchi.5579e85b-dc17-4cb1-bb3c-1cd0c58d1763 HTTP/1.0 204 - Swift - - - - txbfa6e74d691d4e019557c-0068e2bcd6 - 0.0061 CS - 1759689942.956081629 1759689942.962213278 0
Oct 05 14:45:42 np0005471276.novalocal object-server[93245]: ::1 - - [05/Oct/2025:18:45:42 +0000] "GET /2/201630/AUTH_044b6cf3b72e4ad0b2d669d50ca59d45/gnocchi.a3ea3e2c-c655-4010-ac85-32d5b0aca6da/1759320000.0_mean_300.0_v3" 404 70 "GET http://[::1]:8080/v1/AUTH_044b6cf3b72e4ad0b2d669d50ca59d45/gnocchi.a3ea3e2c-c655-4010-ac85-32d5b0aca6da/1759320000.0_mean_300.0_v3" "tx9239702035a94502a9313-0068e2bcd6" "proxy-server 85965" 0.0004 "-" 93245 0
Oct 05 14:45:42 np0005471276.novalocal container-server[92945]: ::1 - - [05/Oct/2025:18:45:42 +0000] "GET /2/23894/AUTH_044b6cf3b72e4ad0b2d669d50ca59d45/gnocchi.5579e85b-dc17-4cb1-bb3c-1cd0c58d1763" 200 2 "GET http://[::1]:8080/v1/AUTH_044b6cf3b72e4ad0b2d669d50ca59d45/gnocchi.5579e85b-dc17-4cb1-bb3c-1cd0c58d1763?format=json&states=listing" "txbfa6e74d691d4e019557c-0068e2bcd6" "proxy-server 85965" 0.0017 "-" 92945 0
Oct 05 14:45:42 np0005471276.novalocal object-server[93245]: ::1 - - [05/Oct/2025:18:45:42 +0000] "GET /3/201630/AUTH_044b6cf3b72e4ad0b2d669d50ca59d45/gnocchi.a3ea3e2c-c655-4010-ac85-32d5b0aca6da/1759320000.0_mean_300.0_v3" 404 70 "GET http://[::1]:8080/v1/AUTH_044b6cf3b72e4ad0b2d669d50ca59d45/gnocchi.a3ea3e2c-c655-4010-ac85-32d5b0aca6da/1759320000.0_mean_300.0_v3" "tx9239702035a94502a9313-0068e2bcd6" "proxy-server 85965" 0.0002 "-" 93245 0
Oct 05 14:45:42 np0005471276.novalocal proxy-server[85965]: ::1 ::1 05/Oct/2025/18/45/42 GET /v1/AUTH_044b6cf3b72e4ad0b2d669d50ca59d45/gnocchi.5579e85b-dc17-4cb1-bb3c-1cd0c58d1763%3Fformat%3Djson%26states%3Dlisting HTTP/1.0 200 - python-swiftclient-4.5.0 gAAAAABo4ryD2OD-... - 2 - txbfa6e74d691d4e019557c-0068e2bcd6 - 0.0202 - - 1759689942.955038786 1759689942.975228786 0
Oct 05 14:45:42 np0005471276.novalocal object-server[93245]: ::1 - - [05/Oct/2025:18:45:42 +0000] "GET /1/201630/AUTH_044b6cf3b72e4ad0b2d669d50ca59d45/gnocchi.a3ea3e2c-c655-4010-ac85-32d5b0aca6da/1759320000.0_mean_300.0_v3" 404 70 "GET http://[::1]:8080/v1/AUTH_044b6cf3b72e4ad0b2d669d50ca59d45/gnocchi.a3ea3e2c-c655-4010-ac85-32d5b0aca6da/1759320000.0_mean_300.0_v3" "tx9239702035a94502a9313-0068e2bcd6" "proxy-server 85965" 0.0002 "-" 93245 0
Oct 05 14:45:42 np0005471276.novalocal proxy-server[85965]: ::1 ::1 05/Oct/2025/18/45/42 GET /v1/AUTH_044b6cf3b72e4ad0b2d669d50ca59d45/gnocchi.a3ea3e2c-c655-4010-ac85-32d5b0aca6da/1759320000.0_mean_300.0_v3 HTTP/1.0 404 - python-swiftclient-4.5.0 gAAAAABo4ryHW7gA... - 70 - tx9239702035a94502a9313-0068e2bcd6 - 0.0150 - - 1759689942.963579178 1759689942.978561163 0
Oct 05 14:45:42 np0005471276.novalocal object-server[93245]: ::1 - - [05/Oct/2025:18:45:42 +0000] "GET /2/53933/AUTH_044b6cf3b72e4ad0b2d669d50ca59d45/gnocchi.5579e85b-dc17-4cb1-bb3c-1cd0c58d1763/1759320000.0_mean_300.0_v3" 404 70 "GET http://[::1]:8080/v1/AUTH_044b6cf3b72e4ad0b2d669d50ca59d45/gnocchi.5579e85b-dc17-4cb1-bb3c-1cd0c58d1763/1759320000.0_mean_300.0_v3" "txfc116cb8804a41d087472-0068e2bcd6" "proxy-server 85965" 0.0002 "-" 93245 0
Oct 05 14:45:42 np0005471276.novalocal object-server[93246]: ::1 - - [05/Oct/2025:18:45:42 +0000] "GET /1/53933/AUTH_044b6cf3b72e4ad0b2d669d50ca59d45/gnocchi.5579e85b-dc17-4cb1-bb3c-1cd0c58d1763/1759320000.0_mean_300.0_v3" 404 70 "GET http://[::1]:8080/v1/AUTH_044b6cf3b72e4ad0b2d669d50ca59d45/gnocchi.5579e85b-dc17-4cb1-bb3c-1cd0c58d1763/1759320000.0_mean_300.0_v3" "txfc116cb8804a41d087472-0068e2bcd6" "proxy-server 85965" 0.0005 "-" 93246 0
Oct 05 14:45:42 np0005471276.novalocal object-server[93245]: ::1 - - [05/Oct/2025:18:45:42 +0000] "GET /3/53933/AUTH_044b6cf3b72e4ad0b2d669d50ca59d45/gnocchi.5579e85b-dc17-4cb1-bb3c-1cd0c58d1763/1759320000.0_mean_300.0_v3" 404 70 "GET http://[::1]:8080/v1/AUTH_044b6cf3b72e4ad0b2d669d50ca59d45/gnocchi.5579e85b-dc17-4cb1-bb3c-1cd0c58d1763/1759320000.0_mean_300.0_v3" "txfc116cb8804a41d087472-0068e2bcd6" "proxy-server 85965" 0.0002 "-" 93245 0
Oct 05 14:45:42 np0005471276.novalocal proxy-server[85965]: ::1 ::1 05/Oct/2025/18/45/42 GET /v1/AUTH_044b6cf3b72e4ad0b2d669d50ca59d45/gnocchi.5579e85b-dc17-4cb1-bb3c-1cd0c58d1763/1759320000.0_mean_300.0_v3 HTTP/1.0 404 - python-swiftclient-4.5.0 gAAAAABo4ryD2OD-... - 70 - txfc116cb8804a41d087472-0068e2bcd6 - 0.0178 - - 1759689942.979364634 1759689942.997159004 0
Oct 05 14:45:43 np0005471276.novalocal container-server[92944]: ::1 - - [05/Oct/2025:18:45:43 +0000] "PUT /1/40641/AUTH_044b6cf3b72e4ad0b2d669d50ca59d45/gnocchi.a3ea3e2c-c655-4010-ac85-32d5b0aca6da/1759320000.0_mean_300.0_v3" 201 - "PUT http://[::1]:8080/1/201630/AUTH_044b6cf3b72e4ad0b2d669d50ca59d45/gnocchi.a3ea3e2c-c655-4010-ac85-32d5b0aca6da/1759320000.0_mean_300.0_v3" "txc8f40a6a8c6344dfa73d4-0068e2bcd6" "object-server 93245" 0.0006 "-" 92944 0
Oct 05 14:45:43 np0005471276.novalocal object-server[93245]: ::1 - - [05/Oct/2025:18:45:43 +0000] "PUT /1/201630/AUTH_044b6cf3b72e4ad0b2d669d50ca59d45/gnocchi.a3ea3e2c-c655-4010-ac85-32d5b0aca6da/1759320000.0_mean_300.0_v3" 201 - "PUT http://[::1]:8080/v1/AUTH_044b6cf3b72e4ad0b2d669d50ca59d45/gnocchi.a3ea3e2c-c655-4010-ac85-32d5b0aca6da/1759320000.0_mean_300.0_v3" "txc8f40a6a8c6344dfa73d4-0068e2bcd6" "proxy-server 85965" 0.0111 "-" 93245 0
Oct 05 14:45:43 np0005471276.novalocal container-server[92945]: ::1 - - [05/Oct/2025:18:45:43 +0000] "PUT /3/40641/AUTH_044b6cf3b72e4ad0b2d669d50ca59d45/gnocchi.a3ea3e2c-c655-4010-ac85-32d5b0aca6da/1759320000.0_mean_300.0_v3" 201 - "PUT http://[::1]:8080/3/201630/AUTH_044b6cf3b72e4ad0b2d669d50ca59d45/gnocchi.a3ea3e2c-c655-4010-ac85-32d5b0aca6da/1759320000.0_mean_300.0_v3" "txc8f40a6a8c6344dfa73d4-0068e2bcd6" "object-server 93245" 0.0006 "-" 92945 0
Oct 05 14:45:43 np0005471276.novalocal object-server[93245]: ::1 - - [05/Oct/2025:18:45:43 +0000] "PUT /3/201630/AUTH_044b6cf3b72e4ad0b2d669d50ca59d45/gnocchi.a3ea3e2c-c655-4010-ac85-32d5b0aca6da/1759320000.0_mean_300.0_v3" 201 - "PUT http://[::1]:8080/v1/AUTH_044b6cf3b72e4ad0b2d669d50ca59d45/gnocchi.a3ea3e2c-c655-4010-ac85-32d5b0aca6da/1759320000.0_mean_300.0_v3" "txc8f40a6a8c6344dfa73d4-0068e2bcd6" "proxy-server 85965" 0.0166 "-" 93245 0
Oct 05 14:45:43 np0005471276.novalocal container-server[92944]: ::1 - - [05/Oct/2025:18:45:43 +0000] "PUT /2/40641/AUTH_044b6cf3b72e4ad0b2d669d50ca59d45/gnocchi.a3ea3e2c-c655-4010-ac85-32d5b0aca6da/1759320000.0_mean_300.0_v3" 201 - "PUT http://[::1]:8080/2/201630/AUTH_044b6cf3b72e4ad0b2d669d50ca59d45/gnocchi.a3ea3e2c-c655-4010-ac85-32d5b0aca6da/1759320000.0_mean_300.0_v3" "txc8f40a6a8c6344dfa73d4-0068e2bcd6" "object-server 93245" 0.0006 "-" 92944 0
Oct 05 14:45:43 np0005471276.novalocal container-server[92945]: ::1 - - [05/Oct/2025:18:45:43 +0000] "PUT /2/23894/AUTH_044b6cf3b72e4ad0b2d669d50ca59d45/gnocchi.5579e85b-dc17-4cb1-bb3c-1cd0c58d1763/1759320000.0_mean_300.0_v3" 201 - "PUT http://[::1]:8080/2/53933/AUTH_044b6cf3b72e4ad0b2d669d50ca59d45/gnocchi.5579e85b-dc17-4cb1-bb3c-1cd0c58d1763/1759320000.0_mean_300.0_v3" "txefe7d371d5cf4ef9b92fe-0068e2bcd6" "object-server 93246" 0.0005 "-" 92945 0
Oct 05 14:45:43 np0005471276.novalocal object-server[93246]: ::1 - - [05/Oct/2025:18:45:43 +0000] "PUT /2/53933/AUTH_044b6cf3b72e4ad0b2d669d50ca59d45/gnocchi.5579e85b-dc17-4cb1-bb3c-1cd0c58d1763/1759320000.0_mean_300.0_v3" 201 - "PUT http://[::1]:8080/v1/AUTH_044b6cf3b72e4ad0b2d669d50ca59d45/gnocchi.5579e85b-dc17-4cb1-bb3c-1cd0c58d1763/1759320000.0_mean_300.0_v3" "txefe7d371d5cf4ef9b92fe-0068e2bcd6" "proxy-server 85965" 0.0107 "-" 93246 0
Oct 05 14:45:43 np0005471276.novalocal object-server[93245]: ::1 - - [05/Oct/2025:18:45:43 +0000] "PUT /2/201630/AUTH_044b6cf3b72e4ad0b2d669d50ca59d45/gnocchi.a3ea3e2c-c655-4010-ac85-32d5b0aca6da/1759320000.0_mean_300.0_v3" 201 - "PUT http://[::1]:8080/v1/AUTH_044b6cf3b72e4ad0b2d669d50ca59d45/gnocchi.a3ea3e2c-c655-4010-ac85-32d5b0aca6da/1759320000.0_mean_300.0_v3" "txc8f40a6a8c6344dfa73d4-0068e2bcd6" "proxy-server 85965" 0.0232 "-" 93245 0
Oct 05 14:45:43 np0005471276.novalocal container-server[92945]: ::1 - - [05/Oct/2025:18:45:43 +0000] "PUT /3/23894/AUTH_044b6cf3b72e4ad0b2d669d50ca59d45/gnocchi.5579e85b-dc17-4cb1-bb3c-1cd0c58d1763/1759320000.0_mean_300.0_v3" 201 - "PUT http://[::1]:8080/3/53933/AUTH_044b6cf3b72e4ad0b2d669d50ca59d45/gnocchi.5579e85b-dc17-4cb1-bb3c-1cd0c58d1763/1759320000.0_mean_300.0_v3" "txefe7d371d5cf4ef9b92fe-0068e2bcd6" "object-server 93246" 0.0003 "-" 92945 0
Oct 05 14:45:43 np0005471276.novalocal container-server[92944]: ::1 - - [05/Oct/2025:18:45:43 +0000] "PUT /1/23894/AUTH_044b6cf3b72e4ad0b2d669d50ca59d45/gnocchi.5579e85b-dc17-4cb1-bb3c-1cd0c58d1763/1759320000.0_mean_300.0_v3" 201 - "PUT http://[::1]:8080/1/53933/AUTH_044b6cf3b72e4ad0b2d669d50ca59d45/gnocchi.5579e85b-dc17-4cb1-bb3c-1cd0c58d1763/1759320000.0_mean_300.0_v3" "txefe7d371d5cf4ef9b92fe-0068e2bcd6" "object-server 93246" 0.0004 "-" 92944 0
Oct 05 14:45:43 np0005471276.novalocal object-server[93246]: ::1 - - [05/Oct/2025:18:45:43 +0000] "PUT /3/53933/AUTH_044b6cf3b72e4ad0b2d669d50ca59d45/gnocchi.5579e85b-dc17-4cb1-bb3c-1cd0c58d1763/1759320000.0_mean_300.0_v3" 201 - "PUT http://[::1]:8080/v1/AUTH_044b6cf3b72e4ad0b2d669d50ca59d45/gnocchi.5579e85b-dc17-4cb1-bb3c-1cd0c58d1763/1759320000.0_mean_300.0_v3" "txefe7d371d5cf4ef9b92fe-0068e2bcd6" "proxy-server 85965" 0.0133 "-" 93246 0
Oct 05 14:45:43 np0005471276.novalocal object-server[93246]: ::1 - - [05/Oct/2025:18:45:43 +0000] "PUT /1/53933/AUTH_044b6cf3b72e4ad0b2d669d50ca59d45/gnocchi.5579e85b-dc17-4cb1-bb3c-1cd0c58d1763/1759320000.0_mean_300.0_v3" 201 - "PUT http://[::1]:8080/v1/AUTH_044b6cf3b72e4ad0b2d669d50ca59d45/gnocchi.5579e85b-dc17-4cb1-bb3c-1cd0c58d1763/1759320000.0_mean_300.0_v3" "txefe7d371d5cf4ef9b92fe-0068e2bcd6" "proxy-server 85965" 0.0107 "-" 93246 0
Oct 05 14:45:43 np0005471276.novalocal proxy-server[85965]: ::1 ::1 05/Oct/2025/18/45/43 PUT /v1/AUTH_044b6cf3b72e4ad0b2d669d50ca59d45/gnocchi.a3ea3e2c-c655-4010-ac85-32d5b0aca6da/1759320000.0_mean_300.0_v3 HTTP/1.0 201 - python-swiftclient-4.5.0 gAAAAABo4ryHW7gA... 16 - - txc8f40a6a8c6344dfa73d4-0068e2bcd6 - 0.0363 - - 1759689942.984285116 1759689943.020632029 0
Oct 05 14:45:43 np0005471276.novalocal proxy-server[85965]: ::1 ::1 05/Oct/2025/18/45/43 PUT /v1/AUTH_044b6cf3b72e4ad0b2d669d50ca59d45/gnocchi.5579e85b-dc17-4cb1-bb3c-1cd0c58d1763/1759320000.0_mean_300.0_v3 HTTP/1.0 201 - python-swiftclient-4.5.0 gAAAAABo4ryD2OD-... 16 - - txefe7d371d5cf4ef9b92fe-0068e2bcd6 - 0.0219 - - 1759689942.999715805 1759689943.021655560 0
Oct 05 14:45:43 np0005471276.novalocal container-server[92944]: ::1 - - [05/Oct/2025:18:45:43 +0000] "PUT /3/40641/AUTH_044b6cf3b72e4ad0b2d669d50ca59d45/gnocchi.a3ea3e2c-c655-4010-ac85-32d5b0aca6da/none_v3" 201 - "PUT http://[::1]:8080/2/259937/AUTH_044b6cf3b72e4ad0b2d669d50ca59d45/gnocchi.a3ea3e2c-c655-4010-ac85-32d5b0aca6da/none_v3" "tx1a73c9d2ee52470caa1c9-0068e2bcd7" "object-server 93246" 0.0008 "-" 92944 0
Oct 05 14:45:43 np0005471276.novalocal object-server[93246]: ::1 - - [05/Oct/2025:18:45:43 +0000] "PUT /2/259937/AUTH_044b6cf3b72e4ad0b2d669d50ca59d45/gnocchi.a3ea3e2c-c655-4010-ac85-32d5b0aca6da/none_v3" 201 - "PUT http://[::1]:8080/v1/AUTH_044b6cf3b72e4ad0b2d669d50ca59d45/gnocchi.a3ea3e2c-c655-4010-ac85-32d5b0aca6da/none_v3" "tx1a73c9d2ee52470caa1c9-0068e2bcd7" "proxy-server 85965" 0.0089 "-" 93246 0
Oct 05 14:45:43 np0005471276.novalocal container-server[92945]: ::1 - - [05/Oct/2025:18:45:43 +0000] "PUT /3/23894/AUTH_044b6cf3b72e4ad0b2d669d50ca59d45/gnocchi.5579e85b-dc17-4cb1-bb3c-1cd0c58d1763/none_v3" 201 - "PUT http://[::1]:8080/1/4570/AUTH_044b6cf3b72e4ad0b2d669d50ca59d45/gnocchi.5579e85b-dc17-4cb1-bb3c-1cd0c58d1763/none_v3" "txc3cb3f49962f40979d9bb-0068e2bcd7" "object-server 93245" 0.0005 "-" 92945 0
Oct 05 14:45:43 np0005471276.novalocal container-server[92944]: ::1 - - [05/Oct/2025:18:45:43 +0000] "PUT /1/40641/AUTH_044b6cf3b72e4ad0b2d669d50ca59d45/gnocchi.a3ea3e2c-c655-4010-ac85-32d5b0aca6da/none_v3" 201 - "PUT http://[::1]:8080/3/259937/AUTH_044b6cf3b72e4ad0b2d669d50ca59d45/gnocchi.a3ea3e2c-c655-4010-ac85-32d5b0aca6da/none_v3" "tx1a73c9d2ee52470caa1c9-0068e2bcd7" "object-server 93246" 0.0004 "-" 92944 0
Oct 05 14:45:43 np0005471276.novalocal object-server[93246]: ::1 - - [05/Oct/2025:18:45:43 +0000] "PUT /3/259937/AUTH_044b6cf3b72e4ad0b2d669d50ca59d45/gnocchi.a3ea3e2c-c655-4010-ac85-32d5b0aca6da/none_v3" 201 - "PUT http://[::1]:8080/v1/AUTH_044b6cf3b72e4ad0b2d669d50ca59d45/gnocchi.a3ea3e2c-c655-4010-ac85-32d5b0aca6da/none_v3" "tx1a73c9d2ee52470caa1c9-0068e2bcd7" "proxy-server 85965" 0.0110 "-" 93246 0
Oct 05 14:45:43 np0005471276.novalocal object-server[93245]: ::1 - - [05/Oct/2025:18:45:43 +0000] "PUT /1/4570/AUTH_044b6cf3b72e4ad0b2d669d50ca59d45/gnocchi.5579e85b-dc17-4cb1-bb3c-1cd0c58d1763/none_v3" 201 - "PUT http://[::1]:8080/v1/AUTH_044b6cf3b72e4ad0b2d669d50ca59d45/gnocchi.5579e85b-dc17-4cb1-bb3c-1cd0c58d1763/none_v3" "txc3cb3f49962f40979d9bb-0068e2bcd7" "proxy-server 85965" 0.0154 "-" 93245 0
Oct 05 14:45:43 np0005471276.novalocal container-server[92945]: ::1 - - [05/Oct/2025:18:45:43 +0000] "PUT /2/23894/AUTH_044b6cf3b72e4ad0b2d669d50ca59d45/gnocchi.5579e85b-dc17-4cb1-bb3c-1cd0c58d1763/none_v3" 201 - "PUT http://[::1]:8080/2/4570/AUTH_044b6cf3b72e4ad0b2d669d50ca59d45/gnocchi.5579e85b-dc17-4cb1-bb3c-1cd0c58d1763/none_v3" "txc3cb3f49962f40979d9bb-0068e2bcd7" "object-server 93246" 0.0003 "-" 92945 0
Oct 05 14:45:43 np0005471276.novalocal container-server[92944]: ::1 - - [05/Oct/2025:18:45:43 +0000] "PUT /2/40641/AUTH_044b6cf3b72e4ad0b2d669d50ca59d45/gnocchi.a3ea3e2c-c655-4010-ac85-32d5b0aca6da/none_v3" 201 - "PUT http://[::1]:8080/1/259937/AUTH_044b6cf3b72e4ad0b2d669d50ca59d45/gnocchi.a3ea3e2c-c655-4010-ac85-32d5b0aca6da/none_v3" "tx1a73c9d2ee52470caa1c9-0068e2bcd7" "object-server 93245" 0.0004 "-" 92944 0
Oct 05 14:45:43 np0005471276.novalocal object-server[93246]: ::1 - - [05/Oct/2025:18:45:43 +0000] "PUT /2/4570/AUTH_044b6cf3b72e4ad0b2d669d50ca59d45/gnocchi.5579e85b-dc17-4cb1-bb3c-1cd0c58d1763/none_v3" 201 - "PUT http://[::1]:8080/v1/AUTH_044b6cf3b72e4ad0b2d669d50ca59d45/gnocchi.5579e85b-dc17-4cb1-bb3c-1cd0c58d1763/none_v3" "txc3cb3f49962f40979d9bb-0068e2bcd7" "proxy-server 85965" 0.0175 "-" 93246 0
Oct 05 14:45:43 np0005471276.novalocal object-server[93245]: ::1 - - [05/Oct/2025:18:45:43 +0000] "PUT /1/259937/AUTH_044b6cf3b72e4ad0b2d669d50ca59d45/gnocchi.a3ea3e2c-c655-4010-ac85-32d5b0aca6da/none_v3" 201 - "PUT http://[::1]:8080/v1/AUTH_044b6cf3b72e4ad0b2d669d50ca59d45/gnocchi.a3ea3e2c-c655-4010-ac85-32d5b0aca6da/none_v3" "tx1a73c9d2ee52470caa1c9-0068e2bcd7" "proxy-server 85965" 0.0112 "-" 93245 0
Oct 05 14:45:43 np0005471276.novalocal container-server[92945]: ::1 - - [05/Oct/2025:18:45:43 +0000] "PUT /1/23894/AUTH_044b6cf3b72e4ad0b2d669d50ca59d45/gnocchi.5579e85b-dc17-4cb1-bb3c-1cd0c58d1763/none_v3" 201 - "PUT http://[::1]:8080/3/4570/AUTH_044b6cf3b72e4ad0b2d669d50ca59d45/gnocchi.5579e85b-dc17-4cb1-bb3c-1cd0c58d1763/none_v3" "txc3cb3f49962f40979d9bb-0068e2bcd7" "object-server 93245" 0.0003 "-" 92945 0
Oct 05 14:45:43 np0005471276.novalocal object-server[93245]: ::1 - - [05/Oct/2025:18:45:43 +0000] "PUT /3/4570/AUTH_044b6cf3b72e4ad0b2d669d50ca59d45/gnocchi.5579e85b-dc17-4cb1-bb3c-1cd0c58d1763/none_v3" 201 - "PUT http://[::1]:8080/v1/AUTH_044b6cf3b72e4ad0b2d669d50ca59d45/gnocchi.5579e85b-dc17-4cb1-bb3c-1cd0c58d1763/none_v3" "txc3cb3f49962f40979d9bb-0068e2bcd7" "proxy-server 85965" 0.0187 "-" 93245 0
Oct 05 14:45:43 np0005471276.novalocal proxy-server[85965]: ::1 ::1 05/Oct/2025/18/45/43 PUT /v1/AUTH_044b6cf3b72e4ad0b2d669d50ca59d45/gnocchi.a3ea3e2c-c655-4010-ac85-32d5b0aca6da/none_v3 HTTP/1.0 201 - python-swiftclient-4.5.0 gAAAAABo4ryHW7gA... 22 - - tx1a73c9d2ee52470caa1c9-0068e2bcd7 - 0.0242 - - 1759689943.024300575 1759689943.048495531 0
Oct 05 14:45:43 np0005471276.novalocal proxy-server[85965]: ::1 ::1 05/Oct/2025/18/45/43 PUT /v1/AUTH_044b6cf3b72e4ad0b2d669d50ca59d45/gnocchi.5579e85b-dc17-4cb1-bb3c-1cd0c58d1763/none_v3 HTTP/1.0 201 - python-swiftclient-4.5.0 gAAAAABo4ryD2OD-... 22 - - txc3cb3f49962f40979d9bb-0068e2bcd7 - 0.0258 - - 1759689943.023891926 1759689943.049671412 0
Oct 05 14:45:43 np0005471276.novalocal container-server[92945]: ::1 - - [05/Oct/2025:18:45:43 +0000] "HEAD /3/244563/AUTH_044b6cf3b72e4ad0b2d669d50ca59d45/gnocchi.03428dda-0631-4b39-a5bc-64bf51ccc264" 404 - "HEAD http://[::1]:8080/v1/AUTH_044b6cf3b72e4ad0b2d669d50ca59d45/gnocchi.03428dda-0631-4b39-a5bc-64bf51ccc264" "tx72e98723ed35431aa8176-0068e2bcd7" "proxy-server 85965" 0.0003 "-" 92945 0
Oct 05 14:45:43 np0005471276.novalocal container-server[92944]: ::1 - - [05/Oct/2025:18:45:43 +0000] "HEAD /1/242776/AUTH_044b6cf3b72e4ad0b2d669d50ca59d45/gnocchi.44633d53-f7d4-423d-8831-2f4f897baec1" 404 - "HEAD http://[::1]:8080/v1/AUTH_044b6cf3b72e4ad0b2d669d50ca59d45/gnocchi.44633d53-f7d4-423d-8831-2f4f897baec1" "tx78d2d9475eb94de0b63c1-0068e2bcd7" "proxy-server 85965" 0.0003 "-" 92944 0
Oct 05 14:45:43 np0005471276.novalocal container-server[92944]: ::1 - - [05/Oct/2025:18:45:43 +0000] "HEAD /2/244563/AUTH_044b6cf3b72e4ad0b2d669d50ca59d45/gnocchi.03428dda-0631-4b39-a5bc-64bf51ccc264" 404 - "HEAD http://[::1]:8080/v1/AUTH_044b6cf3b72e4ad0b2d669d50ca59d45/gnocchi.03428dda-0631-4b39-a5bc-64bf51ccc264" "tx72e98723ed35431aa8176-0068e2bcd7" "proxy-server 85965" 0.0001 "-" 92944 0
Oct 05 14:45:43 np0005471276.novalocal container-server[92944]: ::1 - - [05/Oct/2025:18:45:43 +0000] "HEAD /2/242776/AUTH_044b6cf3b72e4ad0b2d669d50ca59d45/gnocchi.44633d53-f7d4-423d-8831-2f4f897baec1" 404 - "HEAD http://[::1]:8080/v1/AUTH_044b6cf3b72e4ad0b2d669d50ca59d45/gnocchi.44633d53-f7d4-423d-8831-2f4f897baec1" "tx78d2d9475eb94de0b63c1-0068e2bcd7" "proxy-server 85965" 0.0001 "-" 92944 0
Oct 05 14:45:43 np0005471276.novalocal container-server[92945]: ::1 - - [05/Oct/2025:18:45:43 +0000] "HEAD /1/244563/AUTH_044b6cf3b72e4ad0b2d669d50ca59d45/gnocchi.03428dda-0631-4b39-a5bc-64bf51ccc264" 404 - "HEAD http://[::1]:8080/v1/AUTH_044b6cf3b72e4ad0b2d669d50ca59d45/gnocchi.03428dda-0631-4b39-a5bc-64bf51ccc264" "tx72e98723ed35431aa8176-0068e2bcd7" "proxy-server 85965" 0.0002 "-" 92945 0
Oct 05 14:45:43 np0005471276.novalocal container-server[92944]: ::1 - - [05/Oct/2025:18:45:43 +0000] "HEAD /3/242776/AUTH_044b6cf3b72e4ad0b2d669d50ca59d45/gnocchi.44633d53-f7d4-423d-8831-2f4f897baec1" 404 - "HEAD http://[::1]:8080/v1/AUTH_044b6cf3b72e4ad0b2d669d50ca59d45/gnocchi.44633d53-f7d4-423d-8831-2f4f897baec1" "tx78d2d9475eb94de0b63c1-0068e2bcd7" "proxy-server 85965" 0.0002 "-" 92944 0
Oct 05 14:45:43 np0005471276.novalocal proxy-server[85965]: - - 05/Oct/2025/18/45/43 HEAD /v1/AUTH_044b6cf3b72e4ad0b2d669d50ca59d45/gnocchi.03428dda-0631-4b39-a5bc-64bf51ccc264 HTTP/1.0 404 - Swift - - - - tx72e98723ed35431aa8176-0068e2bcd7 - 0.0159 CS - 1759689943.057045221 1759689943.072897434 0
Oct 05 14:45:43 np0005471276.novalocal proxy-server[85965]: - - 05/Oct/2025/18/45/43 HEAD /v1/AUTH_044b6cf3b72e4ad0b2d669d50ca59d45/gnocchi.44633d53-f7d4-423d-8831-2f4f897baec1 HTTP/1.0 404 - Swift - - - - tx78d2d9475eb94de0b63c1-0068e2bcd7 - 0.0105 CS - 1759689943.066282272 1759689943.076774120 0
Oct 05 14:45:43 np0005471276.novalocal object-server[93245]: ::1 - - [05/Oct/2025:18:45:43 +0000] "GET /1/185602/AUTH_044b6cf3b72e4ad0b2d669d50ca59d45/gnocchi.03428dda-0631-4b39-a5bc-64bf51ccc264/none_v3" 404 70 "GET http://[::1]:8080/v1/AUTH_044b6cf3b72e4ad0b2d669d50ca59d45/gnocchi.03428dda-0631-4b39-a5bc-64bf51ccc264/none_v3" "tx72e98723ed35431aa8176-0068e2bcd7" "proxy-server 85965" 0.0003 "-" 93245 0
Oct 05 14:45:43 np0005471276.novalocal object-server[93246]: ::1 - - [05/Oct/2025:18:45:43 +0000] "GET /1/99835/AUTH_044b6cf3b72e4ad0b2d669d50ca59d45/gnocchi.44633d53-f7d4-423d-8831-2f4f897baec1/none_v3" 404 70 "GET http://[::1]:8080/v1/AUTH_044b6cf3b72e4ad0b2d669d50ca59d45/gnocchi.44633d53-f7d4-423d-8831-2f4f897baec1/none_v3" "tx78d2d9475eb94de0b63c1-0068e2bcd7" "proxy-server 85965" 0.0006 "-" 93246 0
Oct 05 14:45:43 np0005471276.novalocal object-server[93245]: ::1 - - [05/Oct/2025:18:45:43 +0000] "GET /3/185602/AUTH_044b6cf3b72e4ad0b2d669d50ca59d45/gnocchi.03428dda-0631-4b39-a5bc-64bf51ccc264/none_v3" 404 70 "GET http://[::1]:8080/v1/AUTH_044b6cf3b72e4ad0b2d669d50ca59d45/gnocchi.03428dda-0631-4b39-a5bc-64bf51ccc264/none_v3" "tx72e98723ed35431aa8176-0068e2bcd7" "proxy-server 85965" 0.0002 "-" 93245 0
Oct 05 14:45:43 np0005471276.novalocal object-server[93245]: ::1 - - [05/Oct/2025:18:45:43 +0000] "GET /2/99835/AUTH_044b6cf3b72e4ad0b2d669d50ca59d45/gnocchi.44633d53-f7d4-423d-8831-2f4f897baec1/none_v3" 404 70 "GET http://[::1]:8080/v1/AUTH_044b6cf3b72e4ad0b2d669d50ca59d45/gnocchi.44633d53-f7d4-423d-8831-2f4f897baec1/none_v3" "tx78d2d9475eb94de0b63c1-0068e2bcd7" "proxy-server 85965" 0.0002 "-" 93245 0
Oct 05 14:45:43 np0005471276.novalocal object-server[93246]: ::1 - - [05/Oct/2025:18:45:43 +0000] "GET /2/185602/AUTH_044b6cf3b72e4ad0b2d669d50ca59d45/gnocchi.03428dda-0631-4b39-a5bc-64bf51ccc264/none_v3" 404 70 "GET http://[::1]:8080/v1/AUTH_044b6cf3b72e4ad0b2d669d50ca59d45/gnocchi.03428dda-0631-4b39-a5bc-64bf51ccc264/none_v3" "tx72e98723ed35431aa8176-0068e2bcd7" "proxy-server 85965" 0.0002 "-" 93246 0
Oct 05 14:45:43 np0005471276.novalocal object-server[93246]: ::1 - - [05/Oct/2025:18:45:43 +0000] "GET /3/99835/AUTH_044b6cf3b72e4ad0b2d669d50ca59d45/gnocchi.44633d53-f7d4-423d-8831-2f4f897baec1/none_v3" 404 70 "GET http://[::1]:8080/v1/AUTH_044b6cf3b72e4ad0b2d669d50ca59d45/gnocchi.44633d53-f7d4-423d-8831-2f4f897baec1/none_v3" "tx78d2d9475eb94de0b63c1-0068e2bcd7" "proxy-server 85965" 0.0001 "-" 93246 0
Oct 05 14:45:43 np0005471276.novalocal proxy-server[85965]: ::1 ::1 05/Oct/2025/18/45/43 GET /v1/AUTH_044b6cf3b72e4ad0b2d669d50ca59d45/gnocchi.03428dda-0631-4b39-a5bc-64bf51ccc264/none_v3 HTTP/1.0 404 - python-swiftclient-4.5.0 gAAAAABo4ryD2OD-... - 70 - tx72e98723ed35431aa8176-0068e2bcd7 - 0.0299 - - 1759689943.056527138 1759689943.086467505 0
Oct 05 14:45:43 np0005471276.novalocal proxy-server[85965]: ::1 ::1 05/Oct/2025/18/45/43 GET /v1/AUTH_044b6cf3b72e4ad0b2d669d50ca59d45/gnocchi.44633d53-f7d4-423d-8831-2f4f897baec1/none_v3 HTTP/1.0 404 - python-swiftclient-4.5.0 gAAAAABo4ryHW7gA... - 70 - tx78d2d9475eb94de0b63c1-0068e2bcd7 - 0.0218 - - 1759689943.065874338 1759689943.087719440 0
Oct 05 14:45:43 np0005471276.novalocal account-server[92646]: ::1 - - [05/Oct/2025:18:45:43 +0000] "PUT /2/100595/AUTH_044b6cf3b72e4ad0b2d669d50ca59d45/gnocchi.03428dda-0631-4b39-a5bc-64bf51ccc264" 201 - "PUT http://[::1]:6001/2/244563/AUTH_044b6cf3b72e4ad0b2d669d50ca59d45/gnocchi.03428dda-0631-4b39-a5bc-64bf51ccc264" "tx8934b9ead2274a7092c9c-0068e2bcd7" "container-server 92944" 0.0050 "-" 92646 0
Oct 05 14:45:43 np0005471276.novalocal account-server[92646]: ::1 - - [05/Oct/2025:18:45:43 +0000] "PUT /1/100595/AUTH_044b6cf3b72e4ad0b2d669d50ca59d45/gnocchi.03428dda-0631-4b39-a5bc-64bf51ccc264" 201 - "PUT http://[::1]:6001/3/244563/AUTH_044b6cf3b72e4ad0b2d669d50ca59d45/gnocchi.03428dda-0631-4b39-a5bc-64bf51ccc264" "tx8934b9ead2274a7092c9c-0068e2bcd7" "container-server 92945" 0.0047 "-" 92646 0
Oct 05 14:45:43 np0005471276.novalocal container-server[92944]: ::1 - - [05/Oct/2025:18:45:43 +0000] "PUT /2/244563/AUTH_044b6cf3b72e4ad0b2d669d50ca59d45/gnocchi.03428dda-0631-4b39-a5bc-64bf51ccc264" 201 - "PUT http://[::1]:8080/v1/AUTH_044b6cf3b72e4ad0b2d669d50ca59d45/gnocchi.03428dda-0631-4b39-a5bc-64bf51ccc264" "tx8934b9ead2274a7092c9c-0068e2bcd7" "proxy-server 85965" 0.0331 "-" 92944 0
Oct 05 14:45:43 np0005471276.novalocal account-server[92647]: ::1 - - [05/Oct/2025:18:45:43 +0000] "PUT /3/100595/AUTH_044b6cf3b72e4ad0b2d669d50ca59d45/gnocchi.44633d53-f7d4-423d-8831-2f4f897baec1" 201 - "PUT http://[::1]:6001/1/242776/AUTH_044b6cf3b72e4ad0b2d669d50ca59d45/gnocchi.44633d53-f7d4-423d-8831-2f4f897baec1" "tx6fce986da1204e819f010-0068e2bcd7" "container-server 92944" 0.0031 "-" 92647 0
Oct 05 14:45:43 np0005471276.novalocal container-server[92944]: ::1 - - [05/Oct/2025:18:45:43 +0000] "PUT /1/242776/AUTH_044b6cf3b72e4ad0b2d669d50ca59d45/gnocchi.44633d53-f7d4-423d-8831-2f4f897baec1" 201 - "PUT http://[::1]:8080/v1/AUTH_044b6cf3b72e4ad0b2d669d50ca59d45/gnocchi.44633d53-f7d4-423d-8831-2f4f897baec1" "tx6fce986da1204e819f010-0068e2bcd7" "proxy-server 85965" 0.0172 "-" 92944 0
Oct 05 14:45:43 np0005471276.novalocal account-server[92647]: ::1 - - [05/Oct/2025:18:45:43 +0000] "PUT /3/100595/AUTH_044b6cf3b72e4ad0b2d669d50ca59d45/gnocchi.03428dda-0631-4b39-a5bc-64bf51ccc264" 201 - "PUT http://[::1]:6001/1/244563/AUTH_044b6cf3b72e4ad0b2d669d50ca59d45/gnocchi.03428dda-0631-4b39-a5bc-64bf51ccc264" "tx8934b9ead2274a7092c9c-0068e2bcd7" "container-server 92944" 0.0035 "-" 92647 0
Oct 05 14:45:43 np0005471276.novalocal container-server[92944]: ::1 - - [05/Oct/2025:18:45:43 +0000] "PUT /1/244563/AUTH_044b6cf3b72e4ad0b2d669d50ca59d45/gnocchi.03428dda-0631-4b39-a5bc-64bf51ccc264" 201 - "PUT http://[::1]:8080/v1/AUTH_044b6cf3b72e4ad0b2d669d50ca59d45/gnocchi.03428dda-0631-4b39-a5bc-64bf51ccc264" "tx8934b9ead2274a7092c9c-0068e2bcd7" "proxy-server 85965" 0.0313 "-" 92944 0
Oct 05 14:45:43 np0005471276.novalocal container-server[92945]: ::1 - - [05/Oct/2025:18:45:43 +0000] "PUT /3/244563/AUTH_044b6cf3b72e4ad0b2d669d50ca59d45/gnocchi.03428dda-0631-4b39-a5bc-64bf51ccc264" 201 - "PUT http://[::1]:8080/v1/AUTH_044b6cf3b72e4ad0b2d669d50ca59d45/gnocchi.03428dda-0631-4b39-a5bc-64bf51ccc264" "tx8934b9ead2274a7092c9c-0068e2bcd7" "proxy-server 85965" 0.0414 "-" 92945 0
Oct 05 14:45:43 np0005471276.novalocal account-server[92646]: ::1 - - [05/Oct/2025:18:45:43 +0000] "PUT /1/100595/AUTH_044b6cf3b72e4ad0b2d669d50ca59d45/gnocchi.44633d53-f7d4-423d-8831-2f4f897baec1" 201 - "PUT http://[::1]:6001/3/242776/AUTH_044b6cf3b72e4ad0b2d669d50ca59d45/gnocchi.44633d53-f7d4-423d-8831-2f4f897baec1" "tx6fce986da1204e819f010-0068e2bcd7" "container-server 92945" 0.0036 "-" 92646 0
Oct 05 14:45:43 np0005471276.novalocal account-server[92647]: ::1 - - [05/Oct/2025:18:45:43 +0000] "PUT /2/100595/AUTH_044b6cf3b72e4ad0b2d669d50ca59d45/gnocchi.44633d53-f7d4-423d-8831-2f4f897baec1" 201 - "PUT http://[::1]:6001/2/242776/AUTH_044b6cf3b72e4ad0b2d669d50ca59d45/gnocchi.44633d53-f7d4-423d-8831-2f4f897baec1" "tx6fce986da1204e819f010-0068e2bcd7" "container-server 92945" 0.0029 "-" 92647 0
Oct 05 14:45:43 np0005471276.novalocal proxy-server[85965]: ::1 ::1 05/Oct/2025/18/45/43 PUT /v1/AUTH_044b6cf3b72e4ad0b2d669d50ca59d45/gnocchi.03428dda-0631-4b39-a5bc-64bf51ccc264 HTTP/1.0 201 - python-swiftclient-4.5.0 gAAAAABo4ryD2OD-... - - - tx8934b9ead2274a7092c9c-0068e2bcd7 - 0.0512 - - 1759689943.088663578 1759689943.139868259 0
Oct 05 14:45:43 np0005471276.novalocal container-server[92945]: ::1 - - [05/Oct/2025:18:45:43 +0000] "PUT /2/242776/AUTH_044b6cf3b72e4ad0b2d669d50ca59d45/gnocchi.44633d53-f7d4-423d-8831-2f4f897baec1" 201 - "PUT http://[::1]:8080/v1/AUTH_044b6cf3b72e4ad0b2d669d50ca59d45/gnocchi.44633d53-f7d4-423d-8831-2f4f897baec1" "tx6fce986da1204e819f010-0068e2bcd7" "proxy-server 85965" 0.0334 "-" 92945 0
Oct 05 14:45:43 np0005471276.novalocal container-server[92945]: ::1 - - [05/Oct/2025:18:45:43 +0000] "PUT /3/242776/AUTH_044b6cf3b72e4ad0b2d669d50ca59d45/gnocchi.44633d53-f7d4-423d-8831-2f4f897baec1" 201 - "PUT http://[::1]:8080/v1/AUTH_044b6cf3b72e4ad0b2d669d50ca59d45/gnocchi.44633d53-f7d4-423d-8831-2f4f897baec1" "tx6fce986da1204e819f010-0068e2bcd7" "proxy-server 85965" 0.0228 "-" 92945 0
Oct 05 14:45:43 np0005471276.novalocal proxy-server[85965]: ::1 ::1 05/Oct/2025/18/45/43 PUT /v1/AUTH_044b6cf3b72e4ad0b2d669d50ca59d45/gnocchi.44633d53-f7d4-423d-8831-2f4f897baec1 HTTP/1.0 201 - python-swiftclient-4.5.0 gAAAAABo4ryHW7gA... - - - tx6fce986da1204e819f010-0068e2bcd7 - 0.0495 - - 1759689943.093198299 1759689943.142709494 0
Oct 05 14:45:43 np0005471276.novalocal container-server[92944]: ::1 - - [05/Oct/2025:18:45:43 +0000] "HEAD /3/244563/AUTH_044b6cf3b72e4ad0b2d669d50ca59d45/gnocchi.03428dda-0631-4b39-a5bc-64bf51ccc264" 204 - "HEAD http://[::1]:8080/v1/AUTH_044b6cf3b72e4ad0b2d669d50ca59d45/gnocchi.03428dda-0631-4b39-a5bc-64bf51ccc264" "tx60d84ddf98d94ce688ac0-0068e2bcd7" "proxy-server 85965" 0.0024 "-" 92944 0
Oct 05 14:45:43 np0005471276.novalocal proxy-server[85965]: - - 05/Oct/2025/18/45/43 HEAD /v1/AUTH_044b6cf3b72e4ad0b2d669d50ca59d45/gnocchi.03428dda-0631-4b39-a5bc-64bf51ccc264 HTTP/1.0 204 - Swift - - - - tx60d84ddf98d94ce688ac0-0068e2bcd7 - 0.0074 CS - 1759689943.146750212 1759689943.154174566 0
Oct 05 14:45:43 np0005471276.novalocal container-server[92944]: ::1 - - [05/Oct/2025:18:45:43 +0000] "HEAD /3/242776/AUTH_044b6cf3b72e4ad0b2d669d50ca59d45/gnocchi.44633d53-f7d4-423d-8831-2f4f897baec1" 204 - "HEAD http://[::1]:8080/v1/AUTH_044b6cf3b72e4ad0b2d669d50ca59d45/gnocchi.44633d53-f7d4-423d-8831-2f4f897baec1" "tx0d5f3917b19443d993307-0068e2bcd7" "proxy-server 85965" 0.0021 "-" 92944 0
Oct 05 14:45:43 np0005471276.novalocal proxy-server[85965]: - - 05/Oct/2025/18/45/43 HEAD /v1/AUTH_044b6cf3b72e4ad0b2d669d50ca59d45/gnocchi.44633d53-f7d4-423d-8831-2f4f897baec1 HTTP/1.0 204 - Swift - - - - tx0d5f3917b19443d993307-0068e2bcd7 - 0.0101 CS - 1759689943.148109674 1759689943.158245802 0
Oct 05 14:45:43 np0005471276.novalocal container-server[92945]: ::1 - - [05/Oct/2025:18:45:43 +0000] "GET /3/244563/AUTH_044b6cf3b72e4ad0b2d669d50ca59d45/gnocchi.03428dda-0631-4b39-a5bc-64bf51ccc264" 200 2 "GET http://[::1]:8080/v1/AUTH_044b6cf3b72e4ad0b2d669d50ca59d45/gnocchi.03428dda-0631-4b39-a5bc-64bf51ccc264?format=json&states=listing" "tx60d84ddf98d94ce688ac0-0068e2bcd7" "proxy-server 85965" 0.0016 "-" 92945 0
Oct 05 14:45:43 np0005471276.novalocal proxy-server[85965]: ::1 ::1 05/Oct/2025/18/45/43 GET /v1/AUTH_044b6cf3b72e4ad0b2d669d50ca59d45/gnocchi.03428dda-0631-4b39-a5bc-64bf51ccc264%3Fformat%3Djson%26states%3Dlisting HTTP/1.0 200 - python-swiftclient-4.5.0 gAAAAABo4ryD2OD-... - 2 - tx60d84ddf98d94ce688ac0-0068e2bcd7 - 0.0164 - - 1759689943.146094084 1759689943.162533998 0
Oct 05 14:45:43 np0005471276.novalocal container-server[92945]: ::1 - - [05/Oct/2025:18:45:43 +0000] "GET /2/242776/AUTH_044b6cf3b72e4ad0b2d669d50ca59d45/gnocchi.44633d53-f7d4-423d-8831-2f4f897baec1" 200 2 "GET http://[::1]:8080/v1/AUTH_044b6cf3b72e4ad0b2d669d50ca59d45/gnocchi.44633d53-f7d4-423d-8831-2f4f897baec1?format=json&states=listing" "tx0d5f3917b19443d993307-0068e2bcd7" "proxy-server 85965" 0.0014 "-" 92945 0
Oct 05 14:45:43 np0005471276.novalocal proxy-server[85965]: ::1 ::1 05/Oct/2025/18/45/43 GET /v1/AUTH_044b6cf3b72e4ad0b2d669d50ca59d45/gnocchi.44633d53-f7d4-423d-8831-2f4f897baec1%3Fformat%3Djson%26states%3Dlisting HTTP/1.0 200 - python-swiftclient-4.5.0 gAAAAABo4ryHW7gA... - 2 - tx0d5f3917b19443d993307-0068e2bcd7 - 0.0193 - - 1759689943.147675037 1759689943.166951418 0
Oct 05 14:45:43 np0005471276.novalocal object-server[93246]: ::1 - - [05/Oct/2025:18:45:43 +0000] "GET /3/214494/AUTH_044b6cf3b72e4ad0b2d669d50ca59d45/gnocchi.44633d53-f7d4-423d-8831-2f4f897baec1/1759320000.0_mean_300.0_v3" 404 70 "GET http://[::1]:8080/v1/AUTH_044b6cf3b72e4ad0b2d669d50ca59d45/gnocchi.44633d53-f7d4-423d-8831-2f4f897baec1/1759320000.0_mean_300.0_v3" "tx263ef7374c49435d96d2d-0068e2bcd7" "proxy-server 85965" 0.0004 "-" 93246 0
Oct 05 14:45:43 np0005471276.novalocal object-server[93245]: ::1 - - [05/Oct/2025:18:45:43 +0000] "GET /2/246501/AUTH_044b6cf3b72e4ad0b2d669d50ca59d45/gnocchi.03428dda-0631-4b39-a5bc-64bf51ccc264/1759320000.0_mean_300.0_v3" 404 70 "GET http://[::1]:8080/v1/AUTH_044b6cf3b72e4ad0b2d669d50ca59d45/gnocchi.03428dda-0631-4b39-a5bc-64bf51ccc264/1759320000.0_mean_300.0_v3" "txd1891fcb74634aed84dba-0068e2bcd7" "proxy-server 85965" 0.0004 "-" 93245 0
Oct 05 14:45:43 np0005471276.novalocal object-server[93245]: ::1 - - [05/Oct/2025:18:45:43 +0000] "GET /2/214494/AUTH_044b6cf3b72e4ad0b2d669d50ca59d45/gnocchi.44633d53-f7d4-423d-8831-2f4f897baec1/1759320000.0_mean_300.0_v3" 404 70 "GET http://[::1]:8080/v1/AUTH_044b6cf3b72e4ad0b2d669d50ca59d45/gnocchi.44633d53-f7d4-423d-8831-2f4f897baec1/1759320000.0_mean_300.0_v3" "tx263ef7374c49435d96d2d-0068e2bcd7" "proxy-server 85965" 0.0002 "-" 93245 0
Oct 05 14:45:43 np0005471276.novalocal object-server[93246]: ::1 - - [05/Oct/2025:18:45:43 +0000] "GET /3/246501/AUTH_044b6cf3b72e4ad0b2d669d50ca59d45/gnocchi.03428dda-0631-4b39-a5bc-64bf51ccc264/1759320000.0_mean_300.0_v3" 404 70 "GET http://[::1]:8080/v1/AUTH_044b6cf3b72e4ad0b2d669d50ca59d45/gnocchi.03428dda-0631-4b39-a5bc-64bf51ccc264/1759320000.0_mean_300.0_v3" "txd1891fcb74634aed84dba-0068e2bcd7" "proxy-server 85965" 0.0004 "-" 93246 0
Oct 05 14:45:43 np0005471276.novalocal object-server[93246]: ::1 - - [05/Oct/2025:18:45:43 +0000] "GET /1/214494/AUTH_044b6cf3b72e4ad0b2d669d50ca59d45/gnocchi.44633d53-f7d4-423d-8831-2f4f897baec1/1759320000.0_mean_300.0_v3" 404 70 "GET http://[::1]:8080/v1/AUTH_044b6cf3b72e4ad0b2d669d50ca59d45/gnocchi.44633d53-f7d4-423d-8831-2f4f897baec1/1759320000.0_mean_300.0_v3" "tx263ef7374c49435d96d2d-0068e2bcd7" "proxy-server 85965" 0.0004 "-" 93246 0
Oct 05 14:45:43 np0005471276.novalocal object-server[93245]: ::1 - - [05/Oct/2025:18:45:43 +0000] "GET /1/246501/AUTH_044b6cf3b72e4ad0b2d669d50ca59d45/gnocchi.03428dda-0631-4b39-a5bc-64bf51ccc264/1759320000.0_mean_300.0_v3" 404 70 "GET http://[::1]:8080/v1/AUTH_044b6cf3b72e4ad0b2d669d50ca59d45/gnocchi.03428dda-0631-4b39-a5bc-64bf51ccc264/1759320000.0_mean_300.0_v3" "txd1891fcb74634aed84dba-0068e2bcd7" "proxy-server 85965" 0.0003 "-" 93245 0
Oct 05 14:45:43 np0005471276.novalocal proxy-server[85965]: ::1 ::1 05/Oct/2025/18/45/43 GET /v1/AUTH_044b6cf3b72e4ad0b2d669d50ca59d45/gnocchi.44633d53-f7d4-423d-8831-2f4f897baec1/1759320000.0_mean_300.0_v3 HTTP/1.0 404 - python-swiftclient-4.5.0 gAAAAABo4ryHW7gA... - 70 - tx263ef7374c49435d96d2d-0068e2bcd7 - 0.0187 - - 1759689943.170324326 1759689943.188976526 0
