Oct 05 14:44:35 np0005471276.novalocal proxy-server[85965]: ::1 ::1 05/Oct/2025/18/44/35 GET /v1/AUTH_044b6cf3b72e4ad0b2d669d50ca59d45/gnocchi.9c5e9a10-e5eb-447f-8fcc-fc9da2014576/none_v3 HTTP/1.0 404 - python-swiftclient-4.5.0 gAAAAABo4ryHW7gA... - 70 - tx1affa535ca1a41ec977f3-0068e2bc93 - 0.0347 - - 1759689875.127213717 1759689875.161904573 0
Oct 05 14:44:35 np0005471276.novalocal container-server[92944]: ::1 - - [05/Oct/2025:18:44:35 +0000] "HEAD /3/193796/AUTH_044b6cf3b72e4ad0b2d669d50ca59d45/gnocchi.ab72a14b-8696-4c87-a856-8f9af7b16f8f" 404 - "HEAD http://[::1]:8080/v1/AUTH_044b6cf3b72e4ad0b2d669d50ca59d45/gnocchi.ab72a14b-8696-4c87-a856-8f9af7b16f8f" "txf7410347406e4e36a870c-0068e2bc93" "proxy-server 85965" 0.0002 "-" 92944 0
Oct 05 14:44:35 np0005471276.novalocal container-server[92945]: ::1 - - [05/Oct/2025:18:44:35 +0000] "HEAD /2/193796/AUTH_044b6cf3b72e4ad0b2d669d50ca59d45/gnocchi.ab72a14b-8696-4c87-a856-8f9af7b16f8f" 404 - "HEAD http://[::1]:8080/v1/AUTH_044b6cf3b72e4ad0b2d669d50ca59d45/gnocchi.ab72a14b-8696-4c87-a856-8f9af7b16f8f" "txf7410347406e4e36a870c-0068e2bc93" "proxy-server 85965" 0.0003 "-" 92945 0
Oct 05 14:44:35 np0005471276.novalocal container-server[92945]: ::1 - - [05/Oct/2025:18:44:35 +0000] "HEAD /1/193796/AUTH_044b6cf3b72e4ad0b2d669d50ca59d45/gnocchi.ab72a14b-8696-4c87-a856-8f9af7b16f8f" 404 - "HEAD http://[::1]:8080/v1/AUTH_044b6cf3b72e4ad0b2d669d50ca59d45/gnocchi.ab72a14b-8696-4c87-a856-8f9af7b16f8f" "txf7410347406e4e36a870c-0068e2bc93" "proxy-server 85965" 0.0002 "-" 92945 0
Oct 05 14:44:35 np0005471276.novalocal proxy-server[85965]: - - 05/Oct/2025/18/44/35 HEAD /v1/AUTH_044b6cf3b72e4ad0b2d669d50ca59d45/gnocchi.ab72a14b-8696-4c87-a856-8f9af7b16f8f HTTP/1.0 404 - Swift - - - - txf7410347406e4e36a870c-0068e2bc93 - 0.0295 CS - 1759689875.163091898 1759689875.192613840 0
Oct 05 14:44:35 np0005471276.novalocal account-server[92646]: ::1 - - [05/Oct/2025:18:44:35 +0000] "PUT /1/100595/AUTH_044b6cf3b72e4ad0b2d669d50ca59d45/gnocchi.9c5e9a10-e5eb-447f-8fcc-fc9da2014576" 201 - "PUT http://[::1]:6001/1/167649/AUTH_044b6cf3b72e4ad0b2d669d50ca59d45/gnocchi.9c5e9a10-e5eb-447f-8fcc-fc9da2014576" "txd8a678314bed4532899b5-0068e2bc93" "container-server 92945" 0.0037 "-" 92646 0
Oct 05 14:44:35 np0005471276.novalocal container-server[92945]: ::1 - - [05/Oct/2025:18:44:35 +0000] "PUT /1/167649/AUTH_044b6cf3b72e4ad0b2d669d50ca59d45/gnocchi.9c5e9a10-e5eb-447f-8fcc-fc9da2014576" 201 - "PUT http://[::1]:8080/v1/AUTH_044b6cf3b72e4ad0b2d669d50ca59d45/gnocchi.9c5e9a10-e5eb-447f-8fcc-fc9da2014576" "txd8a678314bed4532899b5-0068e2bc93" "proxy-server 85965" 0.0214 "-" 92945 0
Oct 05 14:44:35 np0005471276.novalocal object-server[93246]: ::1 - - [05/Oct/2025:18:44:35 +0000] "GET /3/76980/AUTH_044b6cf3b72e4ad0b2d669d50ca59d45/gnocchi.ab72a14b-8696-4c87-a856-8f9af7b16f8f/none_v3" 404 70 "GET http://[::1]:8080/v1/AUTH_044b6cf3b72e4ad0b2d669d50ca59d45/gnocchi.ab72a14b-8696-4c87-a856-8f9af7b16f8f/none_v3" "txf7410347406e4e36a870c-0068e2bc93" "proxy-server 85965" 0.0003 "-" 93246 0
Oct 05 14:44:35 np0005471276.novalocal object-server[93246]: ::1 - - [05/Oct/2025:18:44:35 +0000] "GET /2/76980/AUTH_044b6cf3b72e4ad0b2d669d50ca59d45/gnocchi.ab72a14b-8696-4c87-a856-8f9af7b16f8f/none_v3" 404 70 "GET http://[::1]:8080/v1/AUTH_044b6cf3b72e4ad0b2d669d50ca59d45/gnocchi.ab72a14b-8696-4c87-a856-8f9af7b16f8f/none_v3" "txf7410347406e4e36a870c-0068e2bc93" "proxy-server 85965" 0.0003 "-" 93246 0
Oct 05 14:44:35 np0005471276.novalocal object-server[93246]: ::1 - - [05/Oct/2025:18:44:35 +0000] "GET /1/76980/AUTH_044b6cf3b72e4ad0b2d669d50ca59d45/gnocchi.ab72a14b-8696-4c87-a856-8f9af7b16f8f/none_v3" 404 70 "GET http://[::1]:8080/v1/AUTH_044b6cf3b72e4ad0b2d669d50ca59d45/gnocchi.ab72a14b-8696-4c87-a856-8f9af7b16f8f/none_v3" "txf7410347406e4e36a870c-0068e2bc93" "proxy-server 85965" 0.0002 "-" 93246 0
Oct 05 14:44:35 np0005471276.novalocal proxy-server[85965]: ::1 ::1 05/Oct/2025/18/44/35 GET /v1/AUTH_044b6cf3b72e4ad0b2d669d50ca59d45/gnocchi.ab72a14b-8696-4c87-a856-8f9af7b16f8f/none_v3 HTTP/1.0 404 - python-swiftclient-4.5.0 gAAAAABo4ryD2OD-... - 70 - txf7410347406e4e36a870c-0068e2bc93 - 0.0421 - - 1759689875.160955667 1759689875.203079462 0
Oct 05 14:44:35 np0005471276.novalocal account-server[92647]: ::1 - - [05/Oct/2025:18:44:35 +0000] "PUT /2/100595/AUTH_044b6cf3b72e4ad0b2d669d50ca59d45/gnocchi.9c5e9a10-e5eb-447f-8fcc-fc9da2014576" 201 - "PUT http://[::1]:6001/2/167649/AUTH_044b6cf3b72e4ad0b2d669d50ca59d45/gnocchi.9c5e9a10-e5eb-447f-8fcc-fc9da2014576" "txd8a678314bed4532899b5-0068e2bc93" "container-server 92944" 0.0041 "-" 92647 0
Oct 05 14:44:35 np0005471276.novalocal container-server[92944]: ::1 - - [05/Oct/2025:18:44:35 +0000] "PUT /2/167649/AUTH_044b6cf3b72e4ad0b2d669d50ca59d45/gnocchi.9c5e9a10-e5eb-447f-8fcc-fc9da2014576" 201 - "PUT http://[::1]:8080/v1/AUTH_044b6cf3b72e4ad0b2d669d50ca59d45/gnocchi.9c5e9a10-e5eb-447f-8fcc-fc9da2014576" "txd8a678314bed4532899b5-0068e2bc93" "proxy-server 85965" 0.0191 "-" 92944 0
Oct 05 14:44:35 np0005471276.novalocal account-server[92646]: ::1 - - [05/Oct/2025:18:44:35 +0000] "PUT /3/100595/AUTH_044b6cf3b72e4ad0b2d669d50ca59d45/gnocchi.9c5e9a10-e5eb-447f-8fcc-fc9da2014576" 201 - "PUT http://[::1]:6001/3/167649/AUTH_044b6cf3b72e4ad0b2d669d50ca59d45/gnocchi.9c5e9a10-e5eb-447f-8fcc-fc9da2014576" "txd8a678314bed4532899b5-0068e2bc93" "container-server 92944" 0.0052 "-" 92646 0
Oct 05 14:44:35 np0005471276.novalocal container-server[92944]: ::1 - - [05/Oct/2025:18:44:35 +0000] "PUT /3/167649/AUTH_044b6cf3b72e4ad0b2d669d50ca59d45/gnocchi.9c5e9a10-e5eb-447f-8fcc-fc9da2014576" 201 - "PUT http://[::1]:8080/v1/AUTH_044b6cf3b72e4ad0b2d669d50ca59d45/gnocchi.9c5e9a10-e5eb-447f-8fcc-fc9da2014576" "txd8a678314bed4532899b5-0068e2bc93" "proxy-server 85965" 0.0370 "-" 92944 0
Oct 05 14:44:35 np0005471276.novalocal proxy-server[85965]: ::1 ::1 05/Oct/2025/18/44/35 PUT /v1/AUTH_044b6cf3b72e4ad0b2d669d50ca59d45/gnocchi.9c5e9a10-e5eb-447f-8fcc-fc9da2014576 HTTP/1.0 201 - python-swiftclient-4.5.0 gAAAAABo4ryHW7gA... - - - txd8a678314bed4532899b5-0068e2bc93 - 0.0437 - - 1759689875.168779612 1759689875.212490082 0
Oct 05 14:44:35 np0005471276.novalocal container-server[92945]: ::1 - - [05/Oct/2025:18:44:35 +0000] "HEAD /3/167649/AUTH_044b6cf3b72e4ad0b2d669d50ca59d45/gnocchi.9c5e9a10-e5eb-447f-8fcc-fc9da2014576" 204 - "HEAD http://[::1]:8080/v1/AUTH_044b6cf3b72e4ad0b2d669d50ca59d45/gnocchi.9c5e9a10-e5eb-447f-8fcc-fc9da2014576" "txb882959de07a4eeca72b9-0068e2bc93" "proxy-server 85965" 0.0015 "-" 92945 0
Oct 05 14:44:35 np0005471276.novalocal account-server[92646]: ::1 - - [05/Oct/2025:18:44:35 +0000] "PUT /3/100595/AUTH_044b6cf3b72e4ad0b2d669d50ca59d45/gnocchi.ab72a14b-8696-4c87-a856-8f9af7b16f8f" 201 - "PUT http://[::1]:6001/3/193796/AUTH_044b6cf3b72e4ad0b2d669d50ca59d45/gnocchi.ab72a14b-8696-4c87-a856-8f9af7b16f8f" "tx7cc341bbcc814cf5a3e27-0068e2bc93" "container-server 92945" 0.0065 "-" 92646 0
Oct 05 14:44:35 np0005471276.novalocal container-server[92945]: ::1 - - [05/Oct/2025:18:44:35 +0000] "PUT /3/193796/AUTH_044b6cf3b72e4ad0b2d669d50ca59d45/gnocchi.ab72a14b-8696-4c87-a856-8f9af7b16f8f" 201 - "PUT http://[::1]:8080/v1/AUTH_044b6cf3b72e4ad0b2d669d50ca59d45/gnocchi.ab72a14b-8696-4c87-a856-8f9af7b16f8f" "tx7cc341bbcc814cf5a3e27-0068e2bc93" "proxy-server 85965" 0.0212 "-" 92945 0
Oct 05 14:44:35 np0005471276.novalocal proxy-server[85965]: - - 05/Oct/2025/18/44/35 HEAD /v1/AUTH_044b6cf3b72e4ad0b2d669d50ca59d45/gnocchi.9c5e9a10-e5eb-447f-8fcc-fc9da2014576 HTTP/1.0 204 - Swift - - - - txb882959de07a4eeca72b9-0068e2bc93 - 0.0172 CS - 1759689875.216111183 1759689875.233290911 0
Oct 05 14:44:35 np0005471276.novalocal account-server[92647]: ::1 - - [05/Oct/2025:18:44:35 +0000] "PUT /1/100595/AUTH_044b6cf3b72e4ad0b2d669d50ca59d45/gnocchi.ab72a14b-8696-4c87-a856-8f9af7b16f8f" 201 - "PUT http://[::1]:6001/1/193796/AUTH_044b6cf3b72e4ad0b2d669d50ca59d45/gnocchi.ab72a14b-8696-4c87-a856-8f9af7b16f8f" "tx7cc341bbcc814cf5a3e27-0068e2bc93" "container-server 92944" 0.0036 "-" 92647 0
Oct 05 14:44:35 np0005471276.novalocal container-server[92944]: ::1 - - [05/Oct/2025:18:44:35 +0000] "PUT /1/193796/AUTH_044b6cf3b72e4ad0b2d669d50ca59d45/gnocchi.ab72a14b-8696-4c87-a856-8f9af7b16f8f" 201 - "PUT http://[::1]:8080/v1/AUTH_044b6cf3b72e4ad0b2d669d50ca59d45/gnocchi.ab72a14b-8696-4c87-a856-8f9af7b16f8f" "tx7cc341bbcc814cf5a3e27-0068e2bc93" "proxy-server 85965" 0.0157 "-" 92944 0
Oct 05 14:44:35 np0005471276.novalocal container-server[92945]: ::1 - - [05/Oct/2025:18:44:35 +0000] "GET /2/167649/AUTH_044b6cf3b72e4ad0b2d669d50ca59d45/gnocchi.9c5e9a10-e5eb-447f-8fcc-fc9da2014576" 200 2 "GET http://[::1]:8080/v1/AUTH_044b6cf3b72e4ad0b2d669d50ca59d45/gnocchi.9c5e9a10-e5eb-447f-8fcc-fc9da2014576?format=json&states=listing" "txb882959de07a4eeca72b9-0068e2bc93" "proxy-server 85965" 0.0025 "-" 92945 0
Oct 05 14:44:35 np0005471276.novalocal account-server[92647]: ::1 - - [05/Oct/2025:18:44:35 +0000] "PUT /2/100595/AUTH_044b6cf3b72e4ad0b2d669d50ca59d45/gnocchi.ab72a14b-8696-4c87-a856-8f9af7b16f8f" 201 - "PUT http://[::1]:6001/2/193796/AUTH_044b6cf3b72e4ad0b2d669d50ca59d45/gnocchi.ab72a14b-8696-4c87-a856-8f9af7b16f8f" "tx7cc341bbcc814cf5a3e27-0068e2bc93" "container-server 92944" 0.0034 "-" 92647 0
Oct 05 14:44:35 np0005471276.novalocal container-server[92944]: ::1 - - [05/Oct/2025:18:44:35 +0000] "PUT /2/193796/AUTH_044b6cf3b72e4ad0b2d669d50ca59d45/gnocchi.ab72a14b-8696-4c87-a856-8f9af7b16f8f" 201 - "PUT http://[::1]:8080/v1/AUTH_044b6cf3b72e4ad0b2d669d50ca59d45/gnocchi.ab72a14b-8696-4c87-a856-8f9af7b16f8f" "tx7cc341bbcc814cf5a3e27-0068e2bc93" "proxy-server 85965" 0.0322 "-" 92944 0
Oct 05 14:44:35 np0005471276.novalocal proxy-server[85965]: ::1 ::1 05/Oct/2025/18/44/35 GET /v1/AUTH_044b6cf3b72e4ad0b2d669d50ca59d45/gnocchi.9c5e9a10-e5eb-447f-8fcc-fc9da2014576%3Fformat%3Djson%26states%3Dlisting HTTP/1.0 200 - python-swiftclient-4.5.0 gAAAAABo4ryHW7gA... - 2 - txb882959de07a4eeca72b9-0068e2bc93 - 0.0315 - - 1759689875.215303659 1759689875.246811152 0
Oct 05 14:44:35 np0005471276.novalocal proxy-server[85965]: ::1 ::1 05/Oct/2025/18/44/35 PUT /v1/AUTH_044b6cf3b72e4ad0b2d669d50ca59d45/gnocchi.ab72a14b-8696-4c87-a856-8f9af7b16f8f HTTP/1.0 201 - python-swiftclient-4.5.0 gAAAAABo4ryD2OD-... - - - tx7cc341bbcc814cf5a3e27-0068e2bc93 - 0.0454 - - 1759689875.205513716 1759689875.250900030 0
Oct 05 14:44:35 np0005471276.novalocal object-server[93245]: ::1 - - [05/Oct/2025:18:44:35 +0000] "GET /2/202634/AUTH_044b6cf3b72e4ad0b2d669d50ca59d45/gnocchi.9c5e9a10-e5eb-447f-8fcc-fc9da2014576/1759320000.0_mean_300.0_v3" 404 70 "GET http://[::1]:8080/v1/AUTH_044b6cf3b72e4ad0b2d669d50ca59d45/gnocchi.9c5e9a10-e5eb-447f-8fcc-fc9da2014576/1759320000.0_mean_300.0_v3" "tx6d9ff8f3ec554cefa8445-0068e2bc93" "proxy-server 85965" 0.0003 "-" 93245 0
Oct 05 14:44:35 np0005471276.novalocal container-server[92944]: ::1 - - [05/Oct/2025:18:44:35 +0000] "HEAD /2/193796/AUTH_044b6cf3b72e4ad0b2d669d50ca59d45/gnocchi.ab72a14b-8696-4c87-a856-8f9af7b16f8f" 204 - "HEAD http://[::1]:8080/v1/AUTH_044b6cf3b72e4ad0b2d669d50ca59d45/gnocchi.ab72a14b-8696-4c87-a856-8f9af7b16f8f" "tx8a9a1a4606e446e2bfe8f-0068e2bc93" "proxy-server 85965" 0.0012 "-" 92944 0
Oct 05 14:44:35 np0005471276.novalocal proxy-server[85965]: - - 05/Oct/2025/18/44/35 HEAD /v1/AUTH_044b6cf3b72e4ad0b2d669d50ca59d45/gnocchi.ab72a14b-8696-4c87-a856-8f9af7b16f8f HTTP/1.0 204 - Swift - - - - tx8a9a1a4606e446e2bfe8f-0068e2bc93 - 0.0072 CS - 1759689875.263011932 1759689875.270199537 0
Oct 05 14:44:35 np0005471276.novalocal object-server[93246]: ::1 - - [05/Oct/2025:18:44:35 +0000] "GET /3/202634/AUTH_044b6cf3b72e4ad0b2d669d50ca59d45/gnocchi.9c5e9a10-e5eb-447f-8fcc-fc9da2014576/1759320000.0_mean_300.0_v3" 404 70 "GET http://[::1]:8080/v1/AUTH_044b6cf3b72e4ad0b2d669d50ca59d45/gnocchi.9c5e9a10-e5eb-447f-8fcc-fc9da2014576/1759320000.0_mean_300.0_v3" "tx6d9ff8f3ec554cefa8445-0068e2bc93" "proxy-server 85965" 0.0002 "-" 93246 0
Oct 05 14:44:35 np0005471276.novalocal object-server[93246]: ::1 - - [05/Oct/2025:18:44:35 +0000] "GET /1/202634/AUTH_044b6cf3b72e4ad0b2d669d50ca59d45/gnocchi.9c5e9a10-e5eb-447f-8fcc-fc9da2014576/1759320000.0_mean_300.0_v3" 404 70 "GET http://[::1]:8080/v1/AUTH_044b6cf3b72e4ad0b2d669d50ca59d45/gnocchi.9c5e9a10-e5eb-447f-8fcc-fc9da2014576/1759320000.0_mean_300.0_v3" "tx6d9ff8f3ec554cefa8445-0068e2bc93" "proxy-server 85965" 0.0002 "-" 93246 0
Oct 05 14:44:35 np0005471276.novalocal container-server[92944]: ::1 - - [05/Oct/2025:18:44:35 +0000] "GET /1/193796/AUTH_044b6cf3b72e4ad0b2d669d50ca59d45/gnocchi.ab72a14b-8696-4c87-a856-8f9af7b16f8f" 200 2 "GET http://[::1]:8080/v1/AUTH_044b6cf3b72e4ad0b2d669d50ca59d45/gnocchi.ab72a14b-8696-4c87-a856-8f9af7b16f8f?format=json&states=listing" "tx8a9a1a4606e446e2bfe8f-0068e2bc93" "proxy-server 85965" 0.0028 "-" 92944 0
Oct 05 14:44:35 np0005471276.novalocal proxy-server[85965]: ::1 ::1 05/Oct/2025/18/44/35 GET /v1/AUTH_044b6cf3b72e4ad0b2d669d50ca59d45/gnocchi.9c5e9a10-e5eb-447f-8fcc-fc9da2014576/1759320000.0_mean_300.0_v3 HTTP/1.0 404 - python-swiftclient-4.5.0 gAAAAABo4ryHW7gA... - 70 - tx6d9ff8f3ec554cefa8445-0068e2bc93 - 0.0317 - - 1759689875.250558138 1759689875.282277584 0
Oct 05 14:44:35 np0005471276.novalocal proxy-server[85965]: ::1 ::1 05/Oct/2025/18/44/35 GET /v1/AUTH_044b6cf3b72e4ad0b2d669d50ca59d45/gnocchi.ab72a14b-8696-4c87-a856-8f9af7b16f8f%3Fformat%3Djson%26states%3Dlisting HTTP/1.0 200 - python-swiftclient-4.5.0 gAAAAABo4ryD2OD-... - 2 - tx8a9a1a4606e446e2bfe8f-0068e2bc93 - 0.0240 - - 1759689875.261480093 1759689875.285489082 0
Oct 05 14:44:35 np0005471276.novalocal object-server[93245]: ::1 - - [05/Oct/2025:18:44:35 +0000] "GET /3/73562/AUTH_044b6cf3b72e4ad0b2d669d50ca59d45/gnocchi.ab72a14b-8696-4c87-a856-8f9af7b16f8f/1759320000.0_mean_300.0_v3" 404 70 "GET http://[::1]:8080/v1/AUTH_044b6cf3b72e4ad0b2d669d50ca59d45/gnocchi.ab72a14b-8696-4c87-a856-8f9af7b16f8f/1759320000.0_mean_300.0_v3" "tx81fe02a2704f4da0b06b0-0068e2bc93" "proxy-server 85965" 0.0003 "-" 93245 0
Oct 05 14:44:35 np0005471276.novalocal object-server[93246]: ::1 - - [05/Oct/2025:18:44:35 +0000] "GET /2/73562/AUTH_044b6cf3b72e4ad0b2d669d50ca59d45/gnocchi.ab72a14b-8696-4c87-a856-8f9af7b16f8f/1759320000.0_mean_300.0_v3" 404 70 "GET http://[::1]:8080/v1/AUTH_044b6cf3b72e4ad0b2d669d50ca59d45/gnocchi.ab72a14b-8696-4c87-a856-8f9af7b16f8f/1759320000.0_mean_300.0_v3" "tx81fe02a2704f4da0b06b0-0068e2bc93" "proxy-server 85965" 0.0002 "-" 93246 0
Oct 05 14:44:35 np0005471276.novalocal container-server[92945]: ::1 - - [05/Oct/2025:18:44:35 +0000] "PUT /3/167649/AUTH_044b6cf3b72e4ad0b2d669d50ca59d45/gnocchi.9c5e9a10-e5eb-447f-8fcc-fc9da2014576/1759320000.0_mean_300.0_v3" 201 - "PUT http://[::1]:8080/3/202634/AUTH_044b6cf3b72e4ad0b2d669d50ca59d45/gnocchi.9c5e9a10-e5eb-447f-8fcc-fc9da2014576/1759320000.0_mean_300.0_v3" "txbf11bfc92a444bcda7bba-0068e2bc93" "object-server 93246" 0.0005 "-" 92945 0
Oct 05 14:44:35 np0005471276.novalocal object-server[93246]: ::1 - - [05/Oct/2025:18:44:35 +0000] "PUT /3/202634/AUTH_044b6cf3b72e4ad0b2d669d50ca59d45/gnocchi.9c5e9a10-e5eb-447f-8fcc-fc9da2014576/1759320000.0_mean_300.0_v3" 201 - "PUT http://[::1]:8080/v1/AUTH_044b6cf3b72e4ad0b2d669d50ca59d45/gnocchi.9c5e9a10-e5eb-447f-8fcc-fc9da2014576/1759320000.0_mean_300.0_v3" "txbf11bfc92a444bcda7bba-0068e2bc93" "proxy-server 85965" 0.0124 "-" 93246 0
Oct 05 14:44:35 np0005471276.novalocal object-server[93245]: ::1 - - [05/Oct/2025:18:44:35 +0000] "GET /1/73562/AUTH_044b6cf3b72e4ad0b2d669d50ca59d45/gnocchi.ab72a14b-8696-4c87-a856-8f9af7b16f8f/1759320000.0_mean_300.0_v3" 404 70 "GET http://[::1]:8080/v1/AUTH_044b6cf3b72e4ad0b2d669d50ca59d45/gnocchi.ab72a14b-8696-4c87-a856-8f9af7b16f8f/1759320000.0_mean_300.0_v3" "tx81fe02a2704f4da0b06b0-0068e2bc93" "proxy-server 85965" 0.0009 "-" 93245 0
Oct 05 14:44:35 np0005471276.novalocal container-server[92945]: ::1 - - [05/Oct/2025:18:44:35 +0000] "PUT /1/167649/AUTH_044b6cf3b72e4ad0b2d669d50ca59d45/gnocchi.9c5e9a10-e5eb-447f-8fcc-fc9da2014576/1759320000.0_mean_300.0_v3" 201 - "PUT http://[::1]:8080/2/202634/AUTH_044b6cf3b72e4ad0b2d669d50ca59d45/gnocchi.9c5e9a10-e5eb-447f-8fcc-fc9da2014576/1759320000.0_mean_300.0_v3" "txbf11bfc92a444bcda7bba-0068e2bc93" "object-server 93246" 0.0003 "-" 92945 0
Oct 05 14:44:35 np0005471276.novalocal object-server[93246]: ::1 - - [05/Oct/2025:18:44:35 +0000] "PUT /2/202634/AUTH_044b6cf3b72e4ad0b2d669d50ca59d45/gnocchi.9c5e9a10-e5eb-447f-8fcc-fc9da2014576/1759320000.0_mean_300.0_v3" 201 - "PUT http://[::1]:8080/v1/AUTH_044b6cf3b72e4ad0b2d669d50ca59d45/gnocchi.9c5e9a10-e5eb-447f-8fcc-fc9da2014576/1759320000.0_mean_300.0_v3" "txbf11bfc92a444bcda7bba-0068e2bc93" "proxy-server 85965" 0.0124 "-" 93246 0
Oct 05 14:44:35 np0005471276.novalocal proxy-server[85965]: ::1 ::1 05/Oct/2025/18/44/35 GET /v1/AUTH_044b6cf3b72e4ad0b2d669d50ca59d45/gnocchi.ab72a14b-8696-4c87-a856-8f9af7b16f8f/1759320000.0_mean_300.0_v3 HTTP/1.0 404 - python-swiftclient-4.5.0 gAAAAABo4ryD2OD-... - 70 - tx81fe02a2704f4da0b06b0-0068e2bc93 - 0.0194 - - 1759689875.291292667 1759689875.310735703 0
Oct 05 14:44:35 np0005471276.novalocal container-server[92945]: ::1 - - [05/Oct/2025:18:44:35 +0000] "PUT /2/167649/AUTH_044b6cf3b72e4ad0b2d669d50ca59d45/gnocchi.9c5e9a10-e5eb-447f-8fcc-fc9da2014576/1759320000.0_mean_300.0_v3" 201 - "PUT http://[::1]:8080/1/202634/AUTH_044b6cf3b72e4ad0b2d669d50ca59d45/gnocchi.9c5e9a10-e5eb-447f-8fcc-fc9da2014576/1759320000.0_mean_300.0_v3" "txbf11bfc92a444bcda7bba-0068e2bc93" "object-server 93245" 0.0003 "-" 92945 0
Oct 05 14:44:35 np0005471276.novalocal object-server[93245]: ::1 - - [05/Oct/2025:18:44:35 +0000] "PUT /1/202634/AUTH_044b6cf3b72e4ad0b2d669d50ca59d45/gnocchi.9c5e9a10-e5eb-447f-8fcc-fc9da2014576/1759320000.0_mean_300.0_v3" 201 - "PUT http://[::1]:8080/v1/AUTH_044b6cf3b72e4ad0b2d669d50ca59d45/gnocchi.9c5e9a10-e5eb-447f-8fcc-fc9da2014576/1759320000.0_mean_300.0_v3" "txbf11bfc92a444bcda7bba-0068e2bc93" "proxy-server 85965" 0.0160 "-" 93245 0
Oct 05 14:44:35 np0005471276.novalocal proxy-server[85965]: ::1 ::1 05/Oct/2025/18/44/35 PUT /v1/AUTH_044b6cf3b72e4ad0b2d669d50ca59d45/gnocchi.9c5e9a10-e5eb-447f-8fcc-fc9da2014576/1759320000.0_mean_300.0_v3 HTTP/1.0 201 - python-swiftclient-4.5.0 gAAAAABo4ryHW7gA... 16 - - txbf11bfc92a444bcda7bba-0068e2bc93 - 0.0262 - - 1759689875.288311243 1759689875.314552784 0
Oct 05 14:44:35 np0005471276.novalocal container-server[92944]: ::1 - - [05/Oct/2025:18:44:35 +0000] "PUT /2/193796/AUTH_044b6cf3b72e4ad0b2d669d50ca59d45/gnocchi.ab72a14b-8696-4c87-a856-8f9af7b16f8f/1759320000.0_mean_300.0_v3" 201 - "PUT http://[::1]:8080/3/73562/AUTH_044b6cf3b72e4ad0b2d669d50ca59d45/gnocchi.ab72a14b-8696-4c87-a856-8f9af7b16f8f/1759320000.0_mean_300.0_v3" "txba76dab9f5524743a7db4-0068e2bc93" "object-server 93245" 0.0004 "-" 92944 0
Oct 05 14:44:35 np0005471276.novalocal container-server[92944]: ::1 - - [05/Oct/2025:18:44:35 +0000] "PUT /2/167649/AUTH_044b6cf3b72e4ad0b2d669d50ca59d45/gnocchi.9c5e9a10-e5eb-447f-8fcc-fc9da2014576/none_v3" 201 - "PUT http://[::1]:8080/2/216857/AUTH_044b6cf3b72e4ad0b2d669d50ca59d45/gnocchi.9c5e9a10-e5eb-447f-8fcc-fc9da2014576/none_v3" "tx3450f4291d304ce984e55-0068e2bc93" "object-server 93245" 0.0003 "-" 92944 0
Oct 05 14:44:35 np0005471276.novalocal object-server[93245]: ::1 - - [05/Oct/2025:18:44:35 +0000] "PUT /3/73562/AUTH_044b6cf3b72e4ad0b2d669d50ca59d45/gnocchi.ab72a14b-8696-4c87-a856-8f9af7b16f8f/1759320000.0_mean_300.0_v3" 201 - "PUT http://[::1]:8080/v1/AUTH_044b6cf3b72e4ad0b2d669d50ca59d45/gnocchi.ab72a14b-8696-4c87-a856-8f9af7b16f8f/1759320000.0_mean_300.0_v3" "txba76dab9f5524743a7db4-0068e2bc93" "proxy-server 85965" 0.0152 "-" 93245 0
Oct 05 14:44:35 np0005471276.novalocal container-server[92945]: ::1 - - [05/Oct/2025:18:44:35 +0000] "PUT /3/193796/AUTH_044b6cf3b72e4ad0b2d669d50ca59d45/gnocchi.ab72a14b-8696-4c87-a856-8f9af7b16f8f/1759320000.0_mean_300.0_v3" 201 - "PUT http://[::1]:8080/2/73562/AUTH_044b6cf3b72e4ad0b2d669d50ca59d45/gnocchi.ab72a14b-8696-4c87-a856-8f9af7b16f8f/1759320000.0_mean_300.0_v3" "txba76dab9f5524743a7db4-0068e2bc93" "object-server 93246" 0.0004 "-" 92945 0
Oct 05 14:44:35 np0005471276.novalocal object-server[93245]: ::1 - - [05/Oct/2025:18:44:35 +0000] "PUT /2/216857/AUTH_044b6cf3b72e4ad0b2d669d50ca59d45/gnocchi.9c5e9a10-e5eb-447f-8fcc-fc9da2014576/none_v3" 201 - "PUT http://[::1]:8080/v1/AUTH_044b6cf3b72e4ad0b2d669d50ca59d45/gnocchi.9c5e9a10-e5eb-447f-8fcc-fc9da2014576/none_v3" "tx3450f4291d304ce984e55-0068e2bc93" "proxy-server 85965" 0.0114 "-" 93245 0
Oct 05 14:44:35 np0005471276.novalocal container-server[92944]: ::1 - - [05/Oct/2025:18:44:35 +0000] "PUT /1/167649/AUTH_044b6cf3b72e4ad0b2d669d50ca59d45/gnocchi.9c5e9a10-e5eb-447f-8fcc-fc9da2014576/none_v3" 201 - "PUT http://[::1]:8080/1/216857/AUTH_044b6cf3b72e4ad0b2d669d50ca59d45/gnocchi.9c5e9a10-e5eb-447f-8fcc-fc9da2014576/none_v3" "tx3450f4291d304ce984e55-0068e2bc93" "object-server 93245" 0.0003 "-" 92944 0
Oct 05 14:44:35 np0005471276.novalocal object-server[93245]: ::1 - - [05/Oct/2025:18:44:35 +0000] "PUT /1/216857/AUTH_044b6cf3b72e4ad0b2d669d50ca59d45/gnocchi.9c5e9a10-e5eb-447f-8fcc-fc9da2014576/none_v3" 201 - "PUT http://[::1]:8080/v1/AUTH_044b6cf3b72e4ad0b2d669d50ca59d45/gnocchi.9c5e9a10-e5eb-447f-8fcc-fc9da2014576/none_v3" "tx3450f4291d304ce984e55-0068e2bc93" "proxy-server 85965" 0.0141 "-" 93245 0
Oct 05 14:44:35 np0005471276.novalocal object-server[93246]: ::1 - - [05/Oct/2025:18:44:35 +0000] "PUT /2/73562/AUTH_044b6cf3b72e4ad0b2d669d50ca59d45/gnocchi.ab72a14b-8696-4c87-a856-8f9af7b16f8f/1759320000.0_mean_300.0_v3" 201 - "PUT http://[::1]:8080/v1/AUTH_044b6cf3b72e4ad0b2d669d50ca59d45/gnocchi.ab72a14b-8696-4c87-a856-8f9af7b16f8f/1759320000.0_mean_300.0_v3" "txba76dab9f5524743a7db4-0068e2bc93" "proxy-server 85965" 0.0195 "-" 93246 0
Oct 05 14:44:35 np0005471276.novalocal container-server[92945]: ::1 - - [05/Oct/2025:18:44:35 +0000] "PUT /1/193796/AUTH_044b6cf3b72e4ad0b2d669d50ca59d45/gnocchi.ab72a14b-8696-4c87-a856-8f9af7b16f8f/1759320000.0_mean_300.0_v3" 201 - "PUT http://[::1]:8080/1/73562/AUTH_044b6cf3b72e4ad0b2d669d50ca59d45/gnocchi.ab72a14b-8696-4c87-a856-8f9af7b16f8f/1759320000.0_mean_300.0_v3" "txba76dab9f5524743a7db4-0068e2bc93" "object-server 93246" 0.0003 "-" 92945 0
Oct 05 14:44:35 np0005471276.novalocal object-server[93246]: ::1 - - [05/Oct/2025:18:44:35 +0000] "PUT /1/73562/AUTH_044b6cf3b72e4ad0b2d669d50ca59d45/gnocchi.ab72a14b-8696-4c87-a856-8f9af7b16f8f/1759320000.0_mean_300.0_v3" 201 - "PUT http://[::1]:8080/v1/AUTH_044b6cf3b72e4ad0b2d669d50ca59d45/gnocchi.ab72a14b-8696-4c87-a856-8f9af7b16f8f/1759320000.0_mean_300.0_v3" "txba76dab9f5524743a7db4-0068e2bc93" "proxy-server 85965" 0.0205 "-" 93246 0
Oct 05 14:44:35 np0005471276.novalocal container-server[92944]: ::1 - - [05/Oct/2025:18:44:35 +0000] "PUT /3/167649/AUTH_044b6cf3b72e4ad0b2d669d50ca59d45/gnocchi.9c5e9a10-e5eb-447f-8fcc-fc9da2014576/none_v3" 201 - "PUT http://[::1]:8080/3/216857/AUTH_044b6cf3b72e4ad0b2d669d50ca59d45/gnocchi.9c5e9a10-e5eb-447f-8fcc-fc9da2014576/none_v3" "tx3450f4291d304ce984e55-0068e2bc93" "object-server 93246" 0.0003 "-" 92944 0
Oct 05 14:44:35 np0005471276.novalocal proxy-server[85965]: ::1 ::1 05/Oct/2025/18/44/35 PUT /v1/AUTH_044b6cf3b72e4ad0b2d669d50ca59d45/gnocchi.ab72a14b-8696-4c87-a856-8f9af7b16f8f/1759320000.0_mean_300.0_v3 HTTP/1.0 201 - python-swiftclient-4.5.0 gAAAAABo4ryD2OD-... 16 - - txba76dab9f5524743a7db4-0068e2bc93 - 0.0277 - - 1759689875.313267708 1759689875.340975285 0
Oct 05 14:44:35 np0005471276.novalocal object-server[93246]: ::1 - - [05/Oct/2025:18:44:35 +0000] "PUT /3/216857/AUTH_044b6cf3b72e4ad0b2d669d50ca59d45/gnocchi.9c5e9a10-e5eb-447f-8fcc-fc9da2014576/none_v3" 201 - "PUT http://[::1]:8080/v1/AUTH_044b6cf3b72e4ad0b2d669d50ca59d45/gnocchi.9c5e9a10-e5eb-447f-8fcc-fc9da2014576/none_v3" "tx3450f4291d304ce984e55-0068e2bc93" "proxy-server 85965" 0.0181 "-" 93246 0
Oct 05 14:44:35 np0005471276.novalocal proxy-server[85965]: ::1 ::1 05/Oct/2025/18/44/35 PUT /v1/AUTH_044b6cf3b72e4ad0b2d669d50ca59d45/gnocchi.9c5e9a10-e5eb-447f-8fcc-fc9da2014576/none_v3 HTTP/1.0 201 - python-swiftclient-4.5.0 gAAAAABo4ryHW7gA... 22 - - tx3450f4291d304ce984e55-0068e2bc93 - 0.0236 - - 1759689875.318340540 1759689875.341972828 0
Oct 05 14:44:35 np0005471276.novalocal container-server[92945]: ::1 - - [05/Oct/2025:18:44:35 +0000] "HEAD /3/233419/AUTH_044b6cf3b72e4ad0b2d669d50ca59d45/gnocchi.69ee7196-0fa9-4d6d-a486-f9207dcac520" 404 - "HEAD http://[::1]:8080/v1/AUTH_044b6cf3b72e4ad0b2d669d50ca59d45/gnocchi.69ee7196-0fa9-4d6d-a486-f9207dcac520" "tx20fc78d567a54db481ae9-0068e2bc93" "proxy-server 85965" 0.0002 "-" 92945 0
Oct 05 14:44:35 np0005471276.novalocal container-server[92944]: ::1 - - [05/Oct/2025:18:44:35 +0000] "HEAD /1/233419/AUTH_044b6cf3b72e4ad0b2d669d50ca59d45/gnocchi.69ee7196-0fa9-4d6d-a486-f9207dcac520" 404 - "HEAD http://[::1]:8080/v1/AUTH_044b6cf3b72e4ad0b2d669d50ca59d45/gnocchi.69ee7196-0fa9-4d6d-a486-f9207dcac520" "tx20fc78d567a54db481ae9-0068e2bc93" "proxy-server 85965" 0.0002 "-" 92944 0
Oct 05 14:44:35 np0005471276.novalocal container-server[92945]: ::1 - - [05/Oct/2025:18:44:35 +0000] "HEAD /2/233419/AUTH_044b6cf3b72e4ad0b2d669d50ca59d45/gnocchi.69ee7196-0fa9-4d6d-a486-f9207dcac520" 404 - "HEAD http://[::1]:8080/v1/AUTH_044b6cf3b72e4ad0b2d669d50ca59d45/gnocchi.69ee7196-0fa9-4d6d-a486-f9207dcac520" "tx20fc78d567a54db481ae9-0068e2bc93" "proxy-server 85965" 0.0002 "-" 92945 0
Oct 05 14:44:35 np0005471276.novalocal proxy-server[85965]: - - 05/Oct/2025/18/44/35 HEAD /v1/AUTH_044b6cf3b72e4ad0b2d669d50ca59d45/gnocchi.69ee7196-0fa9-4d6d-a486-f9207dcac520 HTTP/1.0 404 - Swift - - - - tx20fc78d567a54db481ae9-0068e2bc93 - 0.0066 CS - 1759689875.350507498 1759689875.357084274 0
Oct 05 14:44:35 np0005471276.novalocal container-server[92945]: ::1 - - [05/Oct/2025:18:44:35 +0000] "PUT /2/193796/AUTH_044b6cf3b72e4ad0b2d669d50ca59d45/gnocchi.ab72a14b-8696-4c87-a856-8f9af7b16f8f/none_v3" 201 - "PUT http://[::1]:8080/3/76980/AUTH_044b6cf3b72e4ad0b2d669d50ca59d45/gnocchi.ab72a14b-8696-4c87-a856-8f9af7b16f8f/none_v3" "tx0c6732ab9dde432abfba6-0068e2bc93" "object-server 93245" 0.0004 "-" 92945 0
Oct 05 14:44:35 np0005471276.novalocal object-server[93245]: ::1 - - [05/Oct/2025:18:44:35 +0000] "PUT /3/76980/AUTH_044b6cf3b72e4ad0b2d669d50ca59d45/gnocchi.ab72a14b-8696-4c87-a856-8f9af7b16f8f/none_v3" 201 - "PUT http://[::1]:8080/v1/AUTH_044b6cf3b72e4ad0b2d669d50ca59d45/gnocchi.ab72a14b-8696-4c87-a856-8f9af7b16f8f/none_v3" "tx0c6732ab9dde432abfba6-0068e2bc93" "proxy-server 85965" 0.0108 "-" 93245 0
Oct 05 14:44:35 np0005471276.novalocal container-server[92944]: ::1 - - [05/Oct/2025:18:44:35 +0000] "PUT /3/193796/AUTH_044b6cf3b72e4ad0b2d669d50ca59d45/gnocchi.ab72a14b-8696-4c87-a856-8f9af7b16f8f/none_v3" 201 - "PUT http://[::1]:8080/1/76980/AUTH_044b6cf3b72e4ad0b2d669d50ca59d45/gnocchi.ab72a14b-8696-4c87-a856-8f9af7b16f8f/none_v3" "tx0c6732ab9dde432abfba6-0068e2bc93" "object-server 93246" 0.0003 "-" 92944 0
Oct 05 14:44:35 np0005471276.novalocal container-server[92944]: ::1 - - [05/Oct/2025:18:44:35 +0000] "PUT /1/193796/AUTH_044b6cf3b72e4ad0b2d669d50ca59d45/gnocchi.ab72a14b-8696-4c87-a856-8f9af7b16f8f/none_v3" 201 - "PUT http://[::1]:8080/2/76980/AUTH_044b6cf3b72e4ad0b2d669d50ca59d45/gnocchi.ab72a14b-8696-4c87-a856-8f9af7b16f8f/none_v3" "tx0c6732ab9dde432abfba6-0068e2bc93" "object-server 93246" 0.0003 "-" 92944 0
Oct 05 14:44:35 np0005471276.novalocal object-server[93246]: ::1 - - [05/Oct/2025:18:44:35 +0000] "GET /1/26655/AUTH_044b6cf3b72e4ad0b2d669d50ca59d45/gnocchi.69ee7196-0fa9-4d6d-a486-f9207dcac520/none_v3" 404 70 "GET http://[::1]:8080/v1/AUTH_044b6cf3b72e4ad0b2d669d50ca59d45/gnocchi.69ee7196-0fa9-4d6d-a486-f9207dcac520/none_v3" "tx20fc78d567a54db481ae9-0068e2bc93" "proxy-server 85965" 0.0002 "-" 93246 0
Oct 05 14:44:35 np0005471276.novalocal object-server[93246]: ::1 - - [05/Oct/2025:18:44:35 +0000] "PUT /1/76980/AUTH_044b6cf3b72e4ad0b2d669d50ca59d45/gnocchi.ab72a14b-8696-4c87-a856-8f9af7b16f8f/none_v3" 201 - "PUT http://[::1]:8080/v1/AUTH_044b6cf3b72e4ad0b2d669d50ca59d45/gnocchi.ab72a14b-8696-4c87-a856-8f9af7b16f8f/none_v3" "tx0c6732ab9dde432abfba6-0068e2bc93" "proxy-server 85965" 0.0117 "-" 93246 0
Oct 05 14:44:35 np0005471276.novalocal object-server[93246]: ::1 - - [05/Oct/2025:18:44:35 +0000] "PUT /2/76980/AUTH_044b6cf3b72e4ad0b2d669d50ca59d45/gnocchi.ab72a14b-8696-4c87-a856-8f9af7b16f8f/none_v3" 201 - "PUT http://[::1]:8080/v1/AUTH_044b6cf3b72e4ad0b2d669d50ca59d45/gnocchi.ab72a14b-8696-4c87-a856-8f9af7b16f8f/none_v3" "tx0c6732ab9dde432abfba6-0068e2bc93" "proxy-server 85965" 0.0139 "-" 93246 0
Oct 05 14:44:35 np0005471276.novalocal object-server[93246]: ::1 - - [05/Oct/2025:18:44:35 +0000] "GET /2/26655/AUTH_044b6cf3b72e4ad0b2d669d50ca59d45/gnocchi.69ee7196-0fa9-4d6d-a486-f9207dcac520/none_v3" 404 70 "GET http://[::1]:8080/v1/AUTH_044b6cf3b72e4ad0b2d669d50ca59d45/gnocchi.69ee7196-0fa9-4d6d-a486-f9207dcac520/none_v3" "tx20fc78d567a54db481ae9-0068e2bc93" "proxy-server 85965" 0.0002 "-" 93246 0
Oct 05 14:44:35 np0005471276.novalocal proxy-server[85965]: ::1 ::1 05/Oct/2025/18/44/35 PUT /v1/AUTH_044b6cf3b72e4ad0b2d669d50ca59d45/gnocchi.ab72a14b-8696-4c87-a856-8f9af7b16f8f/none_v3 HTTP/1.0 201 - python-swiftclient-4.5.0 gAAAAABo4ryD2OD-... 22 - - tx0c6732ab9dde432abfba6-0068e2bc93 - 0.0206 - - 1759689875.343350172 1759689875.363959551 0
Oct 05 14:44:35 np0005471276.novalocal object-server[93246]: ::1 - - [05/Oct/2025:18:44:35 +0000] "GET /3/26655/AUTH_044b6cf3b72e4ad0b2d669d50ca59d45/gnocchi.69ee7196-0fa9-4d6d-a486-f9207dcac520/none_v3" 404 70 "GET http://[::1]:8080/v1/AUTH_044b6cf3b72e4ad0b2d669d50ca59d45/gnocchi.69ee7196-0fa9-4d6d-a486-f9207dcac520/none_v3" "tx20fc78d567a54db481ae9-0068e2bc93" "proxy-server 85965" 0.0003 "-" 93246 0
Oct 05 14:44:35 np0005471276.novalocal proxy-server[85965]: ::1 ::1 05/Oct/2025/18/44/35 GET /v1/AUTH_044b6cf3b72e4ad0b2d669d50ca59d45/gnocchi.69ee7196-0fa9-4d6d-a486-f9207dcac520/none_v3 HTTP/1.0 404 - python-swiftclient-4.5.0 gAAAAABo4ryHW7gA... - 70 - tx20fc78d567a54db481ae9-0068e2bc93 - 0.0171 - - 1759689875.350094080 1759689875.367221832 0
Oct 05 14:44:35 np0005471276.novalocal account-server[92647]: ::1 - - [05/Oct/2025:18:44:35 +0000] "PUT /3/100595/AUTH_044b6cf3b72e4ad0b2d669d50ca59d45/gnocchi.69ee7196-0fa9-4d6d-a486-f9207dcac520" 201 - "PUT http://[::1]:6001/1/233419/AUTH_044b6cf3b72e4ad0b2d669d50ca59d45/gnocchi.69ee7196-0fa9-4d6d-a486-f9207dcac520" "txdf3d46b3debe476fbd977-0068e2bc93" "container-server 92945" 0.0071 "-" 92647 0
Oct 05 14:44:35 np0005471276.novalocal container-server[92945]: ::1 - - [05/Oct/2025:18:44:35 +0000] "PUT /1/233419/AUTH_044b6cf3b72e4ad0b2d669d50ca59d45/gnocchi.69ee7196-0fa9-4d6d-a486-f9207dcac520" 201 - "PUT http://[::1]:8080/v1/AUTH_044b6cf3b72e4ad0b2d669d50ca59d45/gnocchi.69ee7196-0fa9-4d6d-a486-f9207dcac520" "txdf3d46b3debe476fbd977-0068e2bc93" "proxy-server 85965" 0.0158 "-" 92945 0
Oct 05 14:44:35 np0005471276.novalocal account-server[92647]: ::1 - - [05/Oct/2025:18:44:35 +0000] "PUT /2/100595/AUTH_044b6cf3b72e4ad0b2d669d50ca59d45/gnocchi.69ee7196-0fa9-4d6d-a486-f9207dcac520" 201 - "PUT http://[::1]:6001/3/233419/AUTH_044b6cf3b72e4ad0b2d669d50ca59d45/gnocchi.69ee7196-0fa9-4d6d-a486-f9207dcac520" "txdf3d46b3debe476fbd977-0068e2bc93" "container-server 92944" 0.0100 "-" 92647 0
Oct 05 14:44:35 np0005471276.novalocal container-server[92944]: ::1 - - [05/Oct/2025:18:44:35 +0000] "PUT /3/233419/AUTH_044b6cf3b72e4ad0b2d669d50ca59d45/gnocchi.69ee7196-0fa9-4d6d-a486-f9207dcac520" 201 - "PUT http://[::1]:8080/v1/AUTH_044b6cf3b72e4ad0b2d669d50ca59d45/gnocchi.69ee7196-0fa9-4d6d-a486-f9207dcac520" "txdf3d46b3debe476fbd977-0068e2bc93" "proxy-server 85965" 0.0245 "-" 92944 0
Oct 05 14:44:35 np0005471276.novalocal account-server[92647]: ::1 - - [05/Oct/2025:18:44:35 +0000] "PUT /1/100595/AUTH_044b6cf3b72e4ad0b2d669d50ca59d45/gnocchi.69ee7196-0fa9-4d6d-a486-f9207dcac520" 201 - "PUT http://[::1]:6001/2/233419/AUTH_044b6cf3b72e4ad0b2d669d50ca59d45/gnocchi.69ee7196-0fa9-4d6d-a486-f9207dcac520" "txdf3d46b3debe476fbd977-0068e2bc93" "container-server 92944" 0.0045 "-" 92647 0
Oct 05 14:44:35 np0005471276.novalocal container-server[92944]: ::1 - - [05/Oct/2025:18:44:35 +0000] "PUT /2/233419/AUTH_044b6cf3b72e4ad0b2d669d50ca59d45/gnocchi.69ee7196-0fa9-4d6d-a486-f9207dcac520" 201 - "PUT http://[::1]:8080/v1/AUTH_044b6cf3b72e4ad0b2d669d50ca59d45/gnocchi.69ee7196-0fa9-4d6d-a486-f9207dcac520" "txdf3d46b3debe476fbd977-0068e2bc93" "proxy-server 85965" 0.0375 "-" 92944 0
Oct 05 14:44:35 np0005471276.novalocal proxy-server[85965]: ::1 ::1 05/Oct/2025/18/44/35 PUT /v1/AUTH_044b6cf3b72e4ad0b2d669d50ca59d45/gnocchi.69ee7196-0fa9-4d6d-a486-f9207dcac520 HTTP/1.0 201 - python-swiftclient-4.5.0 gAAAAABo4ryHW7gA... - - - txdf3d46b3debe476fbd977-0068e2bc93 - 0.0450 - - 1759689875.369378090 1759689875.414332390 0
Oct 05 14:44:35 np0005471276.novalocal container-server[92944]: ::1 - - [05/Oct/2025:18:44:35 +0000] "HEAD /2/233419/AUTH_044b6cf3b72e4ad0b2d669d50ca59d45/gnocchi.69ee7196-0fa9-4d6d-a486-f9207dcac520" 204 - "HEAD http://[::1]:8080/v1/AUTH_044b6cf3b72e4ad0b2d669d50ca59d45/gnocchi.69ee7196-0fa9-4d6d-a486-f9207dcac520" "txb3d486a3360f496184994-0068e2bc93" "proxy-server 85965" 0.0010 "-" 92944 0
Oct 05 14:44:35 np0005471276.novalocal proxy-server[85965]: - - 05/Oct/2025/18/44/35 HEAD /v1/AUTH_044b6cf3b72e4ad0b2d669d50ca59d45/gnocchi.69ee7196-0fa9-4d6d-a486-f9207dcac520 HTTP/1.0 204 - Swift - - - - txb3d486a3360f496184994-0068e2bc93 - 0.0036 CS - 1759689875.417761803 1759689875.421346903 0
Oct 05 14:44:35 np0005471276.novalocal container-server[92944]: ::1 - - [05/Oct/2025:18:44:35 +0000] "GET /3/233419/AUTH_044b6cf3b72e4ad0b2d669d50ca59d45/gnocchi.69ee7196-0fa9-4d6d-a486-f9207dcac520" 200 2 "GET http://[::1]:8080/v1/AUTH_044b6cf3b72e4ad0b2d669d50ca59d45/gnocchi.69ee7196-0fa9-4d6d-a486-f9207dcac520?format=json&states=listing" "txb3d486a3360f496184994-0068e2bc93" "proxy-server 85965" 0.0017 "-" 92944 0
Oct 05 14:44:35 np0005471276.novalocal proxy-server[85965]: ::1 ::1 05/Oct/2025/18/44/35 GET /v1/AUTH_044b6cf3b72e4ad0b2d669d50ca59d45/gnocchi.69ee7196-0fa9-4d6d-a486-f9207dcac520%3Fformat%3Djson%26states%3Dlisting HTTP/1.0 200 - python-swiftclient-4.5.0 gAAAAABo4ryHW7gA... - 2 - txb3d486a3360f496184994-0068e2bc93 - 0.0105 - - 1759689875.417046547 1759689875.427500248 0
Oct 05 14:44:35 np0005471276.novalocal object-server[93245]: ::1 - - [05/Oct/2025:18:44:35 +0000] "GET /3/69344/AUTH_044b6cf3b72e4ad0b2d669d50ca59d45/gnocchi.69ee7196-0fa9-4d6d-a486-f9207dcac520/1759320000.0_mean_300.0_v3" 404 70 "GET http://[::1]:8080/v1/AUTH_044b6cf3b72e4ad0b2d669d50ca59d45/gnocchi.69ee7196-0fa9-4d6d-a486-f9207dcac520/1759320000.0_mean_300.0_v3" "tx92b97d43704340539b696-0068e2bc93" "proxy-server 85965" 0.0004 "-" 93245 0
Oct 05 14:44:35 np0005471276.novalocal object-server[93245]: ::1 - - [05/Oct/2025:18:44:35 +0000] "GET /2/69344/AUTH_044b6cf3b72e4ad0b2d669d50ca59d45/gnocchi.69ee7196-0fa9-4d6d-a486-f9207dcac520/1759320000.0_mean_300.0_v3" 404 70 "GET http://[::1]:8080/v1/AUTH_044b6cf3b72e4ad0b2d669d50ca59d45/gnocchi.69ee7196-0fa9-4d6d-a486-f9207dcac520/1759320000.0_mean_300.0_v3" "tx92b97d43704340539b696-0068e2bc93" "proxy-server 85965" 0.0003 "-" 93245 0
Oct 05 14:44:35 np0005471276.novalocal object-server[93245]: ::1 - - [05/Oct/2025:18:44:35 +0000] "GET /1/69344/AUTH_044b6cf3b72e4ad0b2d669d50ca59d45/gnocchi.69ee7196-0fa9-4d6d-a486-f9207dcac520/1759320000.0_mean_300.0_v3" 404 70 "GET http://[::1]:8080/v1/AUTH_044b6cf3b72e4ad0b2d669d50ca59d45/gnocchi.69ee7196-0fa9-4d6d-a486-f9207dcac520/1759320000.0_mean_300.0_v3" "tx92b97d43704340539b696-0068e2bc93" "proxy-server 85965" 0.0003 "-" 93245 0
Oct 05 14:44:35 np0005471276.novalocal proxy-server[85965]: ::1 ::1 05/Oct/2025/18/44/35 GET /v1/AUTH_044b6cf3b72e4ad0b2d669d50ca59d45/gnocchi.69ee7196-0fa9-4d6d-a486-f9207dcac520/1759320000.0_mean_300.0_v3 HTTP/1.0 404 - python-swiftclient-4.5.0 gAAAAABo4ryHW7gA... - 70 - tx92b97d43704340539b696-0068e2bc93 - 0.0117 - - 1759689875.430312872 1759689875.442035198 0
Oct 05 14:44:35 np0005471276.novalocal container-server[92945]: ::1 - - [05/Oct/2025:18:44:35 +0000] "PUT /2/233419/AUTH_044b6cf3b72e4ad0b2d669d50ca59d45/gnocchi.69ee7196-0fa9-4d6d-a486-f9207dcac520/1759320000.0_mean_300.0_v3" 201 - "PUT http://[::1]:8080/3/69344/AUTH_044b6cf3b72e4ad0b2d669d50ca59d45/gnocchi.69ee7196-0fa9-4d6d-a486-f9207dcac520/1759320000.0_mean_300.0_v3" "txc44db0bdc41d4768a8235-0068e2bc93" "object-server 93245" 0.0005 "-" 92945 0
Oct 05 14:44:35 np0005471276.novalocal container-server[92945]: ::1 - - [05/Oct/2025:18:44:35 +0000] "PUT /3/233419/AUTH_044b6cf3b72e4ad0b2d669d50ca59d45/gnocchi.69ee7196-0fa9-4d6d-a486-f9207dcac520/1759320000.0_mean_300.0_v3" 201 - "PUT http://[::1]:8080/2/69344/AUTH_044b6cf3b72e4ad0b2d669d50ca59d45/gnocchi.69ee7196-0fa9-4d6d-a486-f9207dcac520/1759320000.0_mean_300.0_v3" "txc44db0bdc41d4768a8235-0068e2bc93" "object-server 93246" 0.0003 "-" 92945 0
Oct 05 14:44:35 np0005471276.novalocal object-server[93245]: ::1 - - [05/Oct/2025:18:44:35 +0000] "PUT /3/69344/AUTH_044b6cf3b72e4ad0b2d669d50ca59d45/gnocchi.69ee7196-0fa9-4d6d-a486-f9207dcac520/1759320000.0_mean_300.0_v3" 201 - "PUT http://[::1]:8080/v1/AUTH_044b6cf3b72e4ad0b2d669d50ca59d45/gnocchi.69ee7196-0fa9-4d6d-a486-f9207dcac520/1759320000.0_mean_300.0_v3" "txc44db0bdc41d4768a8235-0068e2bc93" "proxy-server 85965" 0.0124 "-" 93245 0
Oct 05 14:44:35 np0005471276.novalocal container-server[92945]: ::1 - - [05/Oct/2025:18:44:35 +0000] "PUT /1/233419/AUTH_044b6cf3b72e4ad0b2d669d50ca59d45/gnocchi.69ee7196-0fa9-4d6d-a486-f9207dcac520/1759320000.0_mean_300.0_v3" 201 - "PUT http://[::1]:8080/1/69344/AUTH_044b6cf3b72e4ad0b2d669d50ca59d45/gnocchi.69ee7196-0fa9-4d6d-a486-f9207dcac520/1759320000.0_mean_300.0_v3" "txc44db0bdc41d4768a8235-0068e2bc93" "object-server 93246" 0.0003 "-" 92945 0
Oct 05 14:44:35 np0005471276.novalocal object-server[93246]: ::1 - - [05/Oct/2025:18:44:35 +0000] "PUT /2/69344/AUTH_044b6cf3b72e4ad0b2d669d50ca59d45/gnocchi.69ee7196-0fa9-4d6d-a486-f9207dcac520/1759320000.0_mean_300.0_v3" 201 - "PUT http://[::1]:8080/v1/AUTH_044b6cf3b72e4ad0b2d669d50ca59d45/gnocchi.69ee7196-0fa9-4d6d-a486-f9207dcac520/1759320000.0_mean_300.0_v3" "txc44db0bdc41d4768a8235-0068e2bc93" "proxy-server 85965" 0.0115 "-" 93246 0
Oct 05 14:44:35 np0005471276.novalocal object-server[93246]: ::1 - - [05/Oct/2025:18:44:35 +0000] "PUT /1/69344/AUTH_044b6cf3b72e4ad0b2d669d50ca59d45/gnocchi.69ee7196-0fa9-4d6d-a486-f9207dcac520/1759320000.0_mean_300.0_v3" 201 - "PUT http://[::1]:8080/v1/AUTH_044b6cf3b72e4ad0b2d669d50ca59d45/gnocchi.69ee7196-0fa9-4d6d-a486-f9207dcac520/1759320000.0_mean_300.0_v3" "txc44db0bdc41d4768a8235-0068e2bc93" "proxy-server 85965" 0.0148 "-" 93246 0
Oct 05 14:44:35 np0005471276.novalocal proxy-server[85965]: ::1 ::1 05/Oct/2025/18/44/35 PUT /v1/AUTH_044b6cf3b72e4ad0b2d669d50ca59d45/gnocchi.69ee7196-0fa9-4d6d-a486-f9207dcac520/1759320000.0_mean_300.0_v3 HTTP/1.0 201 - python-swiftclient-4.5.0 gAAAAABo4ryHW7gA... 16 - - txc44db0bdc41d4768a8235-0068e2bc93 - 0.0203 - - 1759689875.444333792 1759689875.464608431 0
Oct 05 14:44:35 np0005471276.novalocal container-server[92945]: ::1 - - [05/Oct/2025:18:44:35 +0000] "PUT /1/233419/AUTH_044b6cf3b72e4ad0b2d669d50ca59d45/gnocchi.69ee7196-0fa9-4d6d-a486-f9207dcac520/none_v3" 201 - "PUT http://[::1]:8080/2/26655/AUTH_044b6cf3b72e4ad0b2d669d50ca59d45/gnocchi.69ee7196-0fa9-4d6d-a486-f9207dcac520/none_v3" "tx639f0edbac45453292f7b-0068e2bc93" "object-server 93245" 0.0005 "-" 92945 0
Oct 05 14:44:35 np0005471276.novalocal container-server[92945]: ::1 - - [05/Oct/2025:18:44:35 +0000] "PUT /3/233419/AUTH_044b6cf3b72e4ad0b2d669d50ca59d45/gnocchi.69ee7196-0fa9-4d6d-a486-f9207dcac520/none_v3" 201 - "PUT http://[::1]:8080/1/26655/AUTH_044b6cf3b72e4ad0b2d669d50ca59d45/gnocchi.69ee7196-0fa9-4d6d-a486-f9207dcac520/none_v3" "tx639f0edbac45453292f7b-0068e2bc93" "object-server 93246" 0.0003 "-" 92945 0
Oct 05 14:44:35 np0005471276.novalocal object-server[93245]: ::1 - - [05/Oct/2025:18:44:35 +0000] "PUT /2/26655/AUTH_044b6cf3b72e4ad0b2d669d50ca59d45/gnocchi.69ee7196-0fa9-4d6d-a486-f9207dcac520/none_v3" 201 - "PUT http://[::1]:8080/v1/AUTH_044b6cf3b72e4ad0b2d669d50ca59d45/gnocchi.69ee7196-0fa9-4d6d-a486-f9207dcac520/none_v3" "tx639f0edbac45453292f7b-0068e2bc93" "proxy-server 85965" 0.0156 "-" 93245 0
Oct 05 14:44:35 np0005471276.novalocal container-server[92944]: ::1 - - [05/Oct/2025:18:44:35 +0000] "PUT /2/233419/AUTH_044b6cf3b72e4ad0b2d669d50ca59d45/gnocchi.69ee7196-0fa9-4d6d-a486-f9207dcac520/none_v3" 201 - "PUT http://[::1]:8080/3/26655/AUTH_044b6cf3b72e4ad0b2d669d50ca59d45/gnocchi.69ee7196-0fa9-4d6d-a486-f9207dcac520/none_v3" "tx639f0edbac45453292f7b-0068e2bc93" "object-server 93246" 0.0005 "-" 92944 0
Oct 05 14:44:35 np0005471276.novalocal object-server[93246]: ::1 - - [05/Oct/2025:18:44:35 +0000] "PUT /1/26655/AUTH_044b6cf3b72e4ad0b2d669d50ca59d45/gnocchi.69ee7196-0fa9-4d6d-a486-f9207dcac520/none_v3" 201 - "PUT http://[::1]:8080/v1/AUTH_044b6cf3b72e4ad0b2d669d50ca59d45/gnocchi.69ee7196-0fa9-4d6d-a486-f9207dcac520/none_v3" "tx639f0edbac45453292f7b-0068e2bc93" "proxy-server 85965" 0.0173 "-" 93246 0
Oct 05 14:44:35 np0005471276.novalocal object-server[93246]: ::1 - - [05/Oct/2025:18:44:35 +0000] "PUT /3/26655/AUTH_044b6cf3b72e4ad0b2d669d50ca59d45/gnocchi.69ee7196-0fa9-4d6d-a486-f9207dcac520/none_v3" 201 - "PUT http://[::1]:8080/v1/AUTH_044b6cf3b72e4ad0b2d669d50ca59d45/gnocchi.69ee7196-0fa9-4d6d-a486-f9207dcac520/none_v3" "tx639f0edbac45453292f7b-0068e2bc93" "proxy-server 85965" 0.0167 "-" 93246 0
Oct 05 14:44:35 np0005471276.novalocal proxy-server[85965]: ::1 ::1 05/Oct/2025/18/44/35 PUT /v1/AUTH_044b6cf3b72e4ad0b2d669d50ca59d45/gnocchi.69ee7196-0fa9-4d6d-a486-f9207dcac520/none_v3 HTTP/1.0 201 - python-swiftclient-4.5.0 gAAAAABo4ryHW7gA... 22 - - tx639f0edbac45453292f7b-0068e2bc93 - 0.0279 - - 1759689875.466598511 1759689875.494518995 0
Oct 05 14:44:36 np0005471276.novalocal dnsmasq-dhcp[99247]: DHCPDISCOVER(tapde002696-2f) fa:16:3e:3e:15:9b
Oct 05 14:44:36 np0005471276.novalocal dnsmasq-dhcp[99247]: DHCPOFFER(tapde002696-2f) 10.100.0.10 fa:16:3e:3e:15:9b
Oct 05 14:44:36 np0005471276.novalocal dnsmasq-dhcp[99247]: DHCPREQUEST(tapde002696-2f) 10.100.0.10 fa:16:3e:3e:15:9b
Oct 05 14:44:36 np0005471276.novalocal dnsmasq-dhcp[99247]: DHCPACK(tapde002696-2f) 10.100.0.10 fa:16:3e:3e:15:9b host-10-100-0-10
Oct 05 14:44:36 np0005471276.novalocal kernel: qbrc80e8b40-f8: port 2(tapc80e8b40-f8) entered disabled state
Oct 05 14:44:36 np0005471276.novalocal kernel: tapc80e8b40-f8 (unregistering): left allmulticast mode
Oct 05 14:44:36 np0005471276.novalocal kernel: tapc80e8b40-f8 (unregistering): left promiscuous mode
Oct 05 14:44:36 np0005471276.novalocal kernel: qbrc80e8b40-f8: port 2(tapc80e8b40-f8) entered disabled state
Oct 05 14:44:36 np0005471276.novalocal NetworkManager[861]: [1759689876.8690] device (tapc80e8b40-f8): state change: activated -> unmanaged (reason 'unmanaged', managed-type: 'removed')
Oct 05 14:44:36 np0005471276.novalocal NetworkManager[861]: [1759689876.8694] device (tapc80e8b40-f8): released from controller device qbrc80e8b40-f8
Oct 05 14:44:36 np0005471276.novalocal systemd[1]: machine-qemu\x2d2\x2dinstance\x2d00000002.scope: Deactivated successfully.
Oct 05 14:44:36 np0005471276.novalocal systemd[1]: machine-qemu\x2d2\x2dinstance\x2d00000002.scope: Consumed 2.776s CPU time.
Oct 05 14:44:36 np0005471276.novalocal systemd-machined[90230]: Machine qemu-2-instance-00000002 terminated.
Oct 05 14:44:36 np0005471276.novalocal object-server[93246]: ::1 - - [05/Oct/2025:18:44:36 +0000] "GET /2/17010/AUTH_044b6cf3b72e4ad0b2d669d50ca59d45/gnocchi.d2f729f8-0a84-4342-8589-9037ce235b2d/none_v3" 200 22 "GET http://[::1]:8080/v1/AUTH_044b6cf3b72e4ad0b2d669d50ca59d45/gnocchi.d2f729f8-0a84-4342-8589-9037ce235b2d/none_v3" "tx08672be2b25a426697068-0068e2bc94" "proxy-server 85965" 0.0008 "-" 93246 0
Oct 05 14:44:36 np0005471276.novalocal proxy-server[85965]: ::1 ::1 05/Oct/2025/18/44/36 GET /v1/AUTH_044b6cf3b72e4ad0b2d669d50ca59d45/gnocchi.d2f729f8-0a84-4342-8589-9037ce235b2d/none_v3 HTTP/1.0 200 - python-swiftclient-4.5.0 gAAAAABo4ryD2OD-... - 22 - tx08672be2b25a426697068-0068e2bc94 - 0.0155 - - 1759689876.894237518 1759689876.909693718 0
Oct 05 14:44:36 np0005471276.novalocal object-server[93246]: ::1 - - [05/Oct/2025:18:44:36 +0000] "GET /3/154216/AUTH_044b6cf3b72e4ad0b2d669d50ca59d45/gnocchi.8679b9d7-2097-47c7-a4e5-b27435db7608/none_v3" 200 22 "GET http://[::1]:8080/v1/AUTH_044b6cf3b72e4ad0b2d669d50ca59d45/gnocchi.8679b9d7-2097-47c7-a4e5-b27435db7608/none_v3" "txb55b3036a12f4b0f959df-0068e2bc94" "proxy-server 85965" 0.0006 "-" 93246 0
Oct 05 14:44:36 np0005471276.novalocal proxy-server[85965]: ::1 ::1 05/Oct/2025/18/44/36 GET /v1/AUTH_044b6cf3b72e4ad0b2d669d50ca59d45/gnocchi.8679b9d7-2097-47c7-a4e5-b27435db7608/none_v3 HTTP/1.0 200 - python-swiftclient-4.5.0 gAAAAABo4ryHW7gA... - 22 - txb55b3036a12f4b0f959df-0068e2bc94 - 0.0067 - - 1759689876.905603170 1759689876.912331581 0
Oct 05 14:44:36 np0005471276.novalocal container-server[92944]: ::1 - - [05/Oct/2025:18:44:36 +0000] "GET /3/250268/AUTH_044b6cf3b72e4ad0b2d669d50ca59d45/gnocchi.d2f729f8-0a84-4342-8589-9037ce235b2d" 200 357 "GET http://[::1]:8080/v1/AUTH_044b6cf3b72e4ad0b2d669d50ca59d45/gnocchi.d2f729f8-0a84-4342-8589-9037ce235b2d?format=json&states=listing" "tx28b1851e0eb84dd2ae06d-0068e2bc94" "proxy-server 85965" 0.0121 "-" 92944 0
Oct 05 14:44:36 np0005471276.novalocal container-server[92944]: ::1 - - [05/Oct/2025:18:44:36 +0000] "GET /3/229585/AUTH_044b6cf3b72e4ad0b2d669d50ca59d45/gnocchi.8679b9d7-2097-47c7-a4e5-b27435db7608" 200 357 "GET http://[::1]:8080/v1/AUTH_044b6cf3b72e4ad0b2d669d50ca59d45/gnocchi.8679b9d7-2097-47c7-a4e5-b27435db7608?format=json&states=listing" "tx07ff3474207b444393fd1-0068e2bc94" "proxy-server 85965" 0.0091 "-" 92944 0
Oct 05 14:44:36 np0005471276.novalocal proxy-server[85965]: ::1 ::1 05/Oct/2025/18/44/36 GET /v1/AUTH_044b6cf3b72e4ad0b2d669d50ca59d45/gnocchi.d2f729f8-0a84-4342-8589-9037ce235b2d%3Fformat%3Djson%26states%3Dlisting HTTP/1.0 200 - python-swiftclient-4.5.0 gAAAAABo4ryD2OD-... - 357 - tx28b1851e0eb84dd2ae06d-0068e2bc94 - 0.0201 - - 1759689876.913860083 1759689876.933967352 0
Oct 05 14:44:36 np0005471276.novalocal proxy-server[85965]: ::1 ::1 05/Oct/2025/18/44/36 GET /v1/AUTH_044b6cf3b72e4ad0b2d669d50ca59d45/gnocchi.8679b9d7-2097-47c7-a4e5-b27435db7608%3Fformat%3Djson%26states%3Dlisting HTTP/1.0 200 - python-swiftclient-4.5.0 gAAAAABo4ryHW7gA... - 357 - tx07ff3474207b444393fd1-0068e2bc94 - 0.0278 - - 1759689876.918061018 1759689876.945829391 0
Oct 05 14:44:36 np0005471276.novalocal container-server[92945]: ::1 - - [05/Oct/2025:18:44:36 +0000] "GET /2/250268/AUTH_044b6cf3b72e4ad0b2d669d50ca59d45/gnocchi.d2f729f8-0a84-4342-8589-9037ce235b2d" 200 2 "GET http://[::1]:8080/v1/AUTH_044b6cf3b72e4ad0b2d669d50ca59d45/gnocchi.d2f729f8-0a84-4342-8589-9037ce235b2d?format=json&marker=none_v3&states=listing" "txfe2e988e09e24877ba5ce-0068e2bc94" "proxy-server 85965" 0.0089 "-" 92945 0
Oct 05 14:44:36 np0005471276.novalocal proxy-server[85965]: ::1 ::1 05/Oct/2025/18/44/36 GET /v1/AUTH_044b6cf3b72e4ad0b2d669d50ca59d45/gnocchi.d2f729f8-0a84-4342-8589-9037ce235b2d%3Fformat%3Djson%26marker%3Dnone_v3%26states%3Dlisting HTTP/1.0 200 - python-swiftclient-4.5.0 gAAAAABo4ryD2OD-... - 2 - txfe2e988e09e24877ba5ce-0068e2bc94 - 0.0182 - - 1759689876.937299490 1759689876.955498219 0
Oct 05 14:44:36 np0005471276.novalocal object-server[93245]: ::1 - - [05/Oct/2025:18:44:36 +0000] "GET /1/234057/AUTH_044b6cf3b72e4ad0b2d669d50ca59d45/gnocchi.d2f729f8-0a84-4342-8589-9037ce235b2d/1759320000.0_mean_300.0_v3" 200 16 "GET http://[::1]:8080/v1/AUTH_044b6cf3b72e4ad0b2d669d50ca59d45/gnocchi.d2f729f8-0a84-4342-8589-9037ce235b2d/1759320000.0_mean_300.0_v3" "tx015c194033c2480da8464-0068e2bc94" "proxy-server 85965" 0.0006 "-" 93245 0
Oct 05 14:44:36 np0005471276.novalocal container-server[92944]: ::1 - - [05/Oct/2025:18:44:36 +0000] "GET /1/229585/AUTH_044b6cf3b72e4ad0b2d669d50ca59d45/gnocchi.8679b9d7-2097-47c7-a4e5-b27435db7608" 200 2 "GET http://[::1]:8080/v1/AUTH_044b6cf3b72e4ad0b2d669d50ca59d45/gnocchi.8679b9d7-2097-47c7-a4e5-b27435db7608?format=json&marker=none_v3&states=listing" "tx8e51e51748ef4ef7acbe5-0068e2bc94" "proxy-server 85965" 0.0123 "-" 92944 0
Oct 05 14:44:36 np0005471276.novalocal proxy-server[85965]: ::1 ::1 05/Oct/2025/18/44/36 GET /v1/AUTH_044b6cf3b72e4ad0b2d669d50ca59d45/gnocchi.d2f729f8-0a84-4342-8589-9037ce235b2d/1759320000.0_mean_300.0_v3 HTTP/1.0 200 - python-swiftclient-4.5.0 gAAAAABo4ryD2OD-... - 16 - tx015c194033c2480da8464-0068e2bc94 - 0.0052 - - 1759689876.960098505 1759689876.965274096 0
Oct 05 14:44:36 np0005471276.novalocal proxy-server[85965]: ::1 ::1 05/Oct/2025/18/44/36 GET /v1/AUTH_044b6cf3b72e4ad0b2d669d50ca59d45/gnocchi.8679b9d7-2097-47c7-a4e5-b27435db7608%3Fformat%3Djson%26marker%3Dnone_v3%26states%3Dlisting HTTP/1.0 200 - python-swiftclient-4.5.0 gAAAAABo4ryHW7gA... - 2 - tx8e51e51748ef4ef7acbe5-0068e2bc94 - 0.0185 - - 1759689876.948784113 1759689876.967307806 0
Oct 05 14:44:36 np0005471276.novalocal object-server[93246]: ::1 - - [05/Oct/2025:18:44:36 +0000] "GET /3/29207/AUTH_044b6cf3b72e4ad0b2d669d50ca59d45/gnocchi.8679b9d7-2097-47c7-a4e5-b27435db7608/1759320000.0_mean_300.0_v3" 200 16 "GET http://[::1]:8080/v1/AUTH_044b6cf3b72e4ad0b2d669d50ca59d45/gnocchi.8679b9d7-2097-47c7-a4e5-b27435db7608/1759320000.0_mean_300.0_v3" "txf19436f6465048c5b3f14-0068e2bc94" "proxy-server 85965" 0.0005 "-" 93246 0
Oct 05 14:44:36 np0005471276.novalocal container-server[92944]: ::1 - - [05/Oct/2025:18:44:36 +0000] "PUT /1/250268/AUTH_044b6cf3b72e4ad0b2d669d50ca59d45/gnocchi.d2f729f8-0a84-4342-8589-9037ce235b2d/1759320000.0_mean_300.0_v3" 201 - "PUT http://[::1]:8080/1/234057/AUTH_044b6cf3b72e4ad0b2d669d50ca59d45/gnocchi.d2f729f8-0a84-4342-8589-9037ce235b2d/1759320000.0_mean_300.0_v3" "tx904dd495903e4f5a8e4e6-0068e2bc94" "object-server 93245" 0.0005 "-" 92944 0
