Oct 05 14:45:09 np0005471276.novalocal proxy-server[85965]: ::1 ::1 05/Oct/2025/18/45/09 GET /v1/AUTH_044b6cf3b72e4ad0b2d669d50ca59d45/gnocchi.624a9e0b-6fc5-4406-9372-cc9765d6a430/none_v3 HTTP/1.0 200 - python-swiftclient-4.5.0 gAAAAABo4ryHW7gA... - 22 - tx3f8538b47776469184c23-0068e2bcb5 - 0.0077 - - 1759689909.419199705 1759689909.426851749 0
Oct 05 14:45:09 np0005471276.novalocal container-server[92945]: ::1 - - [05/Oct/2025:18:45:09 +0000] "PUT /3/199493/AUTH_044b6cf3b72e4ad0b2d669d50ca59d45/gnocchi.829b1f1d-687e-4d3c-a37c-e11ed3fe6247/none_v3" 201 - "PUT http://[::1]:8080/1/35251/AUTH_044b6cf3b72e4ad0b2d669d50ca59d45/gnocchi.829b1f1d-687e-4d3c-a37c-e11ed3fe6247/none_v3" "txa306401d47a44356801e5-0068e2bcb5" "object-server 93246" 0.0006 "-" 92945 0
Oct 05 14:45:09 np0005471276.novalocal object-server[93246]: ::1 - - [05/Oct/2025:18:45:09 +0000] "PUT /1/35251/AUTH_044b6cf3b72e4ad0b2d669d50ca59d45/gnocchi.829b1f1d-687e-4d3c-a37c-e11ed3fe6247/none_v3" 201 - "PUT http://[::1]:8080/v1/AUTH_044b6cf3b72e4ad0b2d669d50ca59d45/gnocchi.829b1f1d-687e-4d3c-a37c-e11ed3fe6247/none_v3" "txa306401d47a44356801e5-0068e2bcb5" "proxy-server 85965" 0.0107 "-" 93246 0
Oct 05 14:45:09 np0005471276.novalocal container-server[92944]: ::1 - - [05/Oct/2025:18:45:09 +0000] "PUT /2/199493/AUTH_044b6cf3b72e4ad0b2d669d50ca59d45/gnocchi.829b1f1d-687e-4d3c-a37c-e11ed3fe6247/none_v3" 201 - "PUT http://[::1]:8080/2/35251/AUTH_044b6cf3b72e4ad0b2d669d50ca59d45/gnocchi.829b1f1d-687e-4d3c-a37c-e11ed3fe6247/none_v3" "txa306401d47a44356801e5-0068e2bcb5" "object-server 93245" 0.0005 "-" 92944 0
Oct 05 14:45:09 np0005471276.novalocal object-server[93245]: ::1 - - [05/Oct/2025:18:45:09 +0000] "PUT /2/35251/AUTH_044b6cf3b72e4ad0b2d669d50ca59d45/gnocchi.829b1f1d-687e-4d3c-a37c-e11ed3fe6247/none_v3" 201 - "PUT http://[::1]:8080/v1/AUTH_044b6cf3b72e4ad0b2d669d50ca59d45/gnocchi.829b1f1d-687e-4d3c-a37c-e11ed3fe6247/none_v3" "txa306401d47a44356801e5-0068e2bcb5" "proxy-server 85965" 0.0144 "-" 93245 0
Oct 05 14:45:09 np0005471276.novalocal container-server[92944]: ::1 - - [05/Oct/2025:18:45:09 +0000] "PUT /1/199493/AUTH_044b6cf3b72e4ad0b2d669d50ca59d45/gnocchi.829b1f1d-687e-4d3c-a37c-e11ed3fe6247/none_v3" 201 - "PUT http://[::1]:8080/3/35251/AUTH_044b6cf3b72e4ad0b2d669d50ca59d45/gnocchi.829b1f1d-687e-4d3c-a37c-e11ed3fe6247/none_v3" "txa306401d47a44356801e5-0068e2bcb5" "object-server 93245" 0.0004 "-" 92944 0
Oct 05 14:45:09 np0005471276.novalocal object-server[93245]: ::1 - - [05/Oct/2025:18:45:09 +0000] "PUT /3/35251/AUTH_044b6cf3b72e4ad0b2d669d50ca59d45/gnocchi.829b1f1d-687e-4d3c-a37c-e11ed3fe6247/none_v3" 201 - "PUT http://[::1]:8080/v1/AUTH_044b6cf3b72e4ad0b2d669d50ca59d45/gnocchi.829b1f1d-687e-4d3c-a37c-e11ed3fe6247/none_v3" "txa306401d47a44356801e5-0068e2bcb5" "proxy-server 85965" 0.0144 "-" 93245 0
Oct 05 14:45:09 np0005471276.novalocal proxy-server[85965]: ::1 ::1 05/Oct/2025/18/45/09 PUT /v1/AUTH_044b6cf3b72e4ad0b2d669d50ca59d45/gnocchi.829b1f1d-687e-4d3c-a37c-e11ed3fe6247/none_v3 HTTP/1.0 201 - python-swiftclient-4.5.0 gAAAAABo4ryD2OD-... 30 - - txa306401d47a44356801e5-0068e2bcb5 - 0.0238 - - 1759689909.414937973 1759689909.438727140 0
Oct 05 14:45:09 np0005471276.novalocal container-server[92945]: ::1 - - [05/Oct/2025:18:45:09 +0000] "GET /3/53470/AUTH_044b6cf3b72e4ad0b2d669d50ca59d45/gnocchi.624a9e0b-6fc5-4406-9372-cc9765d6a430" 200 357 "GET http://[::1]:8080/v1/AUTH_044b6cf3b72e4ad0b2d669d50ca59d45/gnocchi.624a9e0b-6fc5-4406-9372-cc9765d6a430?format=json&states=listing" "tx2aee6c0d466c4ec2bd1f7-0068e2bcb5" "proxy-server 85965" 0.0088 "-" 92945 0
Oct 05 14:45:09 np0005471276.novalocal proxy-server[85965]: ::1 ::1 05/Oct/2025/18/45/09 GET /v1/AUTH_044b6cf3b72e4ad0b2d669d50ca59d45/gnocchi.624a9e0b-6fc5-4406-9372-cc9765d6a430%3Fformat%3Djson%26states%3Dlisting HTTP/1.0 200 - python-swiftclient-4.5.0 gAAAAABo4ryHW7gA... - 357 - tx2aee6c0d466c4ec2bd1f7-0068e2bcb5 - 0.0140 - - 1759689909.431394815 1759689909.445355177 0
Oct 05 14:45:09 np0005471276.novalocal container-server[92944]: ::1 - - [05/Oct/2025:18:45:09 +0000] "GET /3/53470/AUTH_044b6cf3b72e4ad0b2d669d50ca59d45/gnocchi.624a9e0b-6fc5-4406-9372-cc9765d6a430" 200 2 "GET http://[::1]:8080/v1/AUTH_044b6cf3b72e4ad0b2d669d50ca59d45/gnocchi.624a9e0b-6fc5-4406-9372-cc9765d6a430?format=json&marker=none_v3&states=listing" "tx5a1e023191c04253aa2e5-0068e2bcb5" "proxy-server 85965" 0.0026 "-" 92944 0
Oct 05 14:45:09 np0005471276.novalocal object-server[93246]: ::1 - - [05/Oct/2025:18:45:09 +0000] "GET /2/239711/AUTH_044b6cf3b72e4ad0b2d669d50ca59d45/gnocchi.d577ee54-5ba1-4009-bca2-1d4a593a6cbe/none_v3" 200 22 "GET http://[::1]:8080/v1/AUTH_044b6cf3b72e4ad0b2d669d50ca59d45/gnocchi.d577ee54-5ba1-4009-bca2-1d4a593a6cbe/none_v3" "tx69297346c8bf42f2977fa-0068e2bcb5" "proxy-server 85965" 0.0010 "-" 93246 0
Oct 05 14:45:09 np0005471276.novalocal proxy-server[85965]: ::1 ::1 05/Oct/2025/18/45/09 GET /v1/AUTH_044b6cf3b72e4ad0b2d669d50ca59d45/gnocchi.624a9e0b-6fc5-4406-9372-cc9765d6a430%3Fformat%3Djson%26marker%3Dnone_v3%26states%3Dlisting HTTP/1.0 200 - python-swiftclient-4.5.0 gAAAAABo4ryHW7gA... - 2 - tx5a1e023191c04253aa2e5-0068e2bcb5 - 0.0086 - - 1759689909.447554588 1759689909.456111670 0
Oct 05 14:45:09 np0005471276.novalocal proxy-server[85965]: ::1 ::1 05/Oct/2025/18/45/09 GET /v1/AUTH_044b6cf3b72e4ad0b2d669d50ca59d45/gnocchi.d577ee54-5ba1-4009-bca2-1d4a593a6cbe/none_v3 HTTP/1.0 200 - python-swiftclient-4.5.0 gAAAAABo4ryD2OD-... - 22 - tx69297346c8bf42f2977fa-0068e2bcb5 - 0.0070 - - 1759689909.450319290 1759689909.457338095 0
Oct 05 14:45:09 np0005471276.novalocal object-server[93246]: ::1 - - [05/Oct/2025:18:45:09 +0000] "GET /2/19561/AUTH_044b6cf3b72e4ad0b2d669d50ca59d45/gnocchi.624a9e0b-6fc5-4406-9372-cc9765d6a430/1759320000.0_mean_300.0_v3" 200 23 "GET http://[::1]:8080/v1/AUTH_044b6cf3b72e4ad0b2d669d50ca59d45/gnocchi.624a9e0b-6fc5-4406-9372-cc9765d6a430/1759320000.0_mean_300.0_v3" "tx0dcb5344d60744818b8a8-0068e2bcb5" "proxy-server 85965" 0.0009 "-" 93246 0
Oct 05 14:45:09 np0005471276.novalocal proxy-server[85965]: ::1 ::1 05/Oct/2025/18/45/09 GET /v1/AUTH_044b6cf3b72e4ad0b2d669d50ca59d45/gnocchi.624a9e0b-6fc5-4406-9372-cc9765d6a430/1759320000.0_mean_300.0_v3 HTTP/1.0 200 - python-swiftclient-4.5.0 gAAAAABo4ryHW7gA... - 23 - tx0dcb5344d60744818b8a8-0068e2bcb5 - 0.0068 - - 1759689909.458792686 1759689909.465565443 0
Oct 05 14:45:09 np0005471276.novalocal container-server[92945]: ::1 - - [05/Oct/2025:18:45:09 +0000] "GET /3/57160/AUTH_044b6cf3b72e4ad0b2d669d50ca59d45/gnocchi.d577ee54-5ba1-4009-bca2-1d4a593a6cbe" 200 357 "GET http://[::1]:8080/v1/AUTH_044b6cf3b72e4ad0b2d669d50ca59d45/gnocchi.d577ee54-5ba1-4009-bca2-1d4a593a6cbe?format=json&states=listing" "txb2ae1ee394434f0a83cf2-0068e2bcb5" "proxy-server 85965" 0.0062 "-" 92945 0
Oct 05 14:45:09 np0005471276.novalocal proxy-server[85965]: ::1 ::1 05/Oct/2025/18/45/09 GET /v1/AUTH_044b6cf3b72e4ad0b2d669d50ca59d45/gnocchi.d577ee54-5ba1-4009-bca2-1d4a593a6cbe%3Fformat%3Djson%26states%3Dlisting HTTP/1.0 200 - python-swiftclient-4.5.0 gAAAAABo4ryD2OD-... - 357 - txb2ae1ee394434f0a83cf2-0068e2bcb5 - 0.0143 - - 1759689909.461381435 1759689909.475681782 0
Oct 05 14:45:09 np0005471276.novalocal container-server[92945]: ::1 - - [05/Oct/2025:18:45:09 +0000] "PUT /2/53470/AUTH_044b6cf3b72e4ad0b2d669d50ca59d45/gnocchi.624a9e0b-6fc5-4406-9372-cc9765d6a430/1759320000.0_mean_300.0_v3" 201 - "PUT http://[::1]:8080/1/19561/AUTH_044b6cf3b72e4ad0b2d669d50ca59d45/gnocchi.624a9e0b-6fc5-4406-9372-cc9765d6a430/1759320000.0_mean_300.0_v3" "txcfdeecce127a496293e95-0068e2bcb5" "object-server 93245" 0.0006 "-" 92945 0
Oct 05 14:45:09 np0005471276.novalocal object-server[93245]: ::1 - - [05/Oct/2025:18:45:09 +0000] "PUT /1/19561/AUTH_044b6cf3b72e4ad0b2d669d50ca59d45/gnocchi.624a9e0b-6fc5-4406-9372-cc9765d6a430/1759320000.0_mean_300.0_v3" 201 - "PUT http://[::1]:8080/v1/AUTH_044b6cf3b72e4ad0b2d669d50ca59d45/gnocchi.624a9e0b-6fc5-4406-9372-cc9765d6a430/1759320000.0_mean_300.0_v3" "txcfdeecce127a496293e95-0068e2bcb5" "proxy-server 85965" 0.0105 "-" 93245 0
Oct 05 14:45:09 np0005471276.novalocal container-server[92944]: ::1 - - [05/Oct/2025:18:45:09 +0000] "GET /2/57160/AUTH_044b6cf3b72e4ad0b2d669d50ca59d45/gnocchi.d577ee54-5ba1-4009-bca2-1d4a593a6cbe" 200 2 "GET http://[::1]:8080/v1/AUTH_044b6cf3b72e4ad0b2d669d50ca59d45/gnocchi.d577ee54-5ba1-4009-bca2-1d4a593a6cbe?format=json&marker=none_v3&states=listing" "tx03272979916d4f4384928-0068e2bcb5" "proxy-server 85965" 0.0127 "-" 92944 0
Oct 05 14:45:09 np0005471276.novalocal proxy-server[85965]: ::1 ::1 05/Oct/2025/18/45/09 GET /v1/AUTH_044b6cf3b72e4ad0b2d669d50ca59d45/gnocchi.d577ee54-5ba1-4009-bca2-1d4a593a6cbe%3Fformat%3Djson%26marker%3Dnone_v3%26states%3Dlisting HTTP/1.0 200 - python-swiftclient-4.5.0 gAAAAABo4ryD2OD-... - 2 - tx03272979916d4f4384928-0068e2bcb5 - 0.0188 - - 1759689909.484110355 1759689909.502948046 0
Oct 05 14:45:09 np0005471276.novalocal container-server[92944]: ::1 - - [05/Oct/2025:18:45:09 +0000] "PUT /3/53470/AUTH_044b6cf3b72e4ad0b2d669d50ca59d45/gnocchi.624a9e0b-6fc5-4406-9372-cc9765d6a430/1759320000.0_mean_300.0_v3" 201 - "PUT http://[::1]:8080/3/19561/AUTH_044b6cf3b72e4ad0b2d669d50ca59d45/gnocchi.624a9e0b-6fc5-4406-9372-cc9765d6a430/1759320000.0_mean_300.0_v3" "txcfdeecce127a496293e95-0068e2bcb5" "object-server 93245" 0.0005 "-" 92944 0
Oct 05 14:45:09 np0005471276.novalocal object-server[93245]: ::1 - - [05/Oct/2025:18:45:09 +0000] "PUT /3/19561/AUTH_044b6cf3b72e4ad0b2d669d50ca59d45/gnocchi.624a9e0b-6fc5-4406-9372-cc9765d6a430/1759320000.0_mean_300.0_v3" 201 - "PUT http://[::1]:8080/v1/AUTH_044b6cf3b72e4ad0b2d669d50ca59d45/gnocchi.624a9e0b-6fc5-4406-9372-cc9765d6a430/1759320000.0_mean_300.0_v3" "txcfdeecce127a496293e95-0068e2bcb5" "proxy-server 85965" 0.0167 "-" 93245 0
Oct 05 14:45:09 np0005471276.novalocal container-server[92944]: ::1 - - [05/Oct/2025:18:45:09 +0000] "PUT /1/53470/AUTH_044b6cf3b72e4ad0b2d669d50ca59d45/gnocchi.624a9e0b-6fc5-4406-9372-cc9765d6a430/1759320000.0_mean_300.0_v3" 201 - "PUT http://[::1]:8080/2/19561/AUTH_044b6cf3b72e4ad0b2d669d50ca59d45/gnocchi.624a9e0b-6fc5-4406-9372-cc9765d6a430/1759320000.0_mean_300.0_v3" "txcfdeecce127a496293e95-0068e2bcb5" "object-server 93245" 0.0009 "-" 92944 0
Oct 05 14:45:09 np0005471276.novalocal object-server[93245]: ::1 - - [05/Oct/2025:18:45:09 +0000] "PUT /2/19561/AUTH_044b6cf3b72e4ad0b2d669d50ca59d45/gnocchi.624a9e0b-6fc5-4406-9372-cc9765d6a430/1759320000.0_mean_300.0_v3" 201 - "PUT http://[::1]:8080/v1/AUTH_044b6cf3b72e4ad0b2d669d50ca59d45/gnocchi.624a9e0b-6fc5-4406-9372-cc9765d6a430/1759320000.0_mean_300.0_v3" "txcfdeecce127a496293e95-0068e2bcb5" "proxy-server 85965" 0.0193 "-" 93245 0
Oct 05 14:45:09 np0005471276.novalocal proxy-server[85965]: ::1 ::1 05/Oct/2025/18/45/09 PUT /v1/AUTH_044b6cf3b72e4ad0b2d669d50ca59d45/gnocchi.624a9e0b-6fc5-4406-9372-cc9765d6a430/1759320000.0_mean_300.0_v3 HTTP/1.0 201 - python-swiftclient-4.5.0 gAAAAABo4ryHW7gA... 23 - - txcfdeecce127a496293e95-0068e2bcb5 - 0.0367 - - 1759689909.469577074 1759689909.506229401 0
Oct 05 14:45:09 np0005471276.novalocal object-server[93246]: ::1 - - [05/Oct/2025:18:45:09 +0000] "GET /3/65378/AUTH_044b6cf3b72e4ad0b2d669d50ca59d45/gnocchi.d577ee54-5ba1-4009-bca2-1d4a593a6cbe/1759320000.0_mean_300.0_v3" 200 23 "GET http://[::1]:8080/v1/AUTH_044b6cf3b72e4ad0b2d669d50ca59d45/gnocchi.d577ee54-5ba1-4009-bca2-1d4a593a6cbe/1759320000.0_mean_300.0_v3" "tx70a62160d2014e9cb398a-0068e2bcb5" "proxy-server 85965" 0.0006 "-" 93246 0
Oct 05 14:45:09 np0005471276.novalocal proxy-server[85965]: ::1 ::1 05/Oct/2025/18/45/09 GET /v1/AUTH_044b6cf3b72e4ad0b2d669d50ca59d45/gnocchi.d577ee54-5ba1-4009-bca2-1d4a593a6cbe/1759320000.0_mean_300.0_v3 HTTP/1.0 200 - python-swiftclient-4.5.0 gAAAAABo4ryD2OD-... - 23 - tx70a62160d2014e9cb398a-0068e2bcb5 - 0.0076 - - 1759689909.507081509 1759689909.514716387 0
Oct 05 14:45:09 np0005471276.novalocal container-server[92945]: ::1 - - [05/Oct/2025:18:45:09 +0000] "PUT /2/53470/AUTH_044b6cf3b72e4ad0b2d669d50ca59d45/gnocchi.624a9e0b-6fc5-4406-9372-cc9765d6a430/none_v3" 201 - "PUT http://[::1]:8080/1/230926/AUTH_044b6cf3b72e4ad0b2d669d50ca59d45/gnocchi.624a9e0b-6fc5-4406-9372-cc9765d6a430/none_v3" "tx311a2e693ed64c54b0db5-0068e2bcb5" "object-server 93246" 0.0006 "-" 92945 0
Oct 05 14:45:09 np0005471276.novalocal object-server[93246]: ::1 - - [05/Oct/2025:18:45:09 +0000] "PUT /1/230926/AUTH_044b6cf3b72e4ad0b2d669d50ca59d45/gnocchi.624a9e0b-6fc5-4406-9372-cc9765d6a430/none_v3" 201 - "PUT http://[::1]:8080/v1/AUTH_044b6cf3b72e4ad0b2d669d50ca59d45/gnocchi.624a9e0b-6fc5-4406-9372-cc9765d6a430/none_v3" "tx311a2e693ed64c54b0db5-0068e2bcb5" "proxy-server 85965" 0.0110 "-" 93246 0
Oct 05 14:45:09 np0005471276.novalocal container-server[92945]: ::1 - - [05/Oct/2025:18:45:09 +0000] "PUT /3/53470/AUTH_044b6cf3b72e4ad0b2d669d50ca59d45/gnocchi.624a9e0b-6fc5-4406-9372-cc9765d6a430/none_v3" 201 - "PUT http://[::1]:8080/3/230926/AUTH_044b6cf3b72e4ad0b2d669d50ca59d45/gnocchi.624a9e0b-6fc5-4406-9372-cc9765d6a430/none_v3" "tx311a2e693ed64c54b0db5-0068e2bcb5" "object-server 93245" 0.0005 "-" 92945 0
Oct 05 14:45:09 np0005471276.novalocal container-server[92944]: ::1 - - [05/Oct/2025:18:45:09 +0000] "PUT /1/53470/AUTH_044b6cf3b72e4ad0b2d669d50ca59d45/gnocchi.624a9e0b-6fc5-4406-9372-cc9765d6a430/none_v3" 201 - "PUT http://[::1]:8080/2/230926/AUTH_044b6cf3b72e4ad0b2d669d50ca59d45/gnocchi.624a9e0b-6fc5-4406-9372-cc9765d6a430/none_v3" "tx311a2e693ed64c54b0db5-0068e2bcb5" "object-server 93245" 0.0005 "-" 92944 0
Oct 05 14:45:09 np0005471276.novalocal object-server[93245]: ::1 - - [05/Oct/2025:18:45:09 +0000] "PUT /3/230926/AUTH_044b6cf3b72e4ad0b2d669d50ca59d45/gnocchi.624a9e0b-6fc5-4406-9372-cc9765d6a430/none_v3" 201 - "PUT http://[::1]:8080/v1/AUTH_044b6cf3b72e4ad0b2d669d50ca59d45/gnocchi.624a9e0b-6fc5-4406-9372-cc9765d6a430/none_v3" "tx311a2e693ed64c54b0db5-0068e2bcb5" "proxy-server 85965" 0.0167 "-" 93245 0
Oct 05 14:45:09 np0005471276.novalocal object-server[93245]: ::1 - - [05/Oct/2025:18:45:09 +0000] "PUT /2/230926/AUTH_044b6cf3b72e4ad0b2d669d50ca59d45/gnocchi.624a9e0b-6fc5-4406-9372-cc9765d6a430/none_v3" 201 - "PUT http://[::1]:8080/v1/AUTH_044b6cf3b72e4ad0b2d669d50ca59d45/gnocchi.624a9e0b-6fc5-4406-9372-cc9765d6a430/none_v3" "tx311a2e693ed64c54b0db5-0068e2bcb5" "proxy-server 85965" 0.0175 "-" 93245 0
Oct 05 14:45:09 np0005471276.novalocal container-server[92944]: ::1 - - [05/Oct/2025:18:45:09 +0000] "PUT /2/57160/AUTH_044b6cf3b72e4ad0b2d669d50ca59d45/gnocchi.d577ee54-5ba1-4009-bca2-1d4a593a6cbe/1759320000.0_mean_300.0_v3" 201 - "PUT http://[::1]:8080/1/65378/AUTH_044b6cf3b72e4ad0b2d669d50ca59d45/gnocchi.d577ee54-5ba1-4009-bca2-1d4a593a6cbe/1759320000.0_mean_300.0_v3" "tx38567676c92940f0baf44-0068e2bcb5" "object-server 93246" 0.0003 "-" 92944 0
Oct 05 14:45:09 np0005471276.novalocal proxy-server[85965]: ::1 ::1 05/Oct/2025/18/45/09 PUT /v1/AUTH_044b6cf3b72e4ad0b2d669d50ca59d45/gnocchi.624a9e0b-6fc5-4406-9372-cc9765d6a430/none_v3 HTTP/1.0 201 - python-swiftclient-4.5.0 gAAAAABo4ryHW7gA... 31 - - tx311a2e693ed64c54b0db5-0068e2bcb5 - 0.0250 - - 1759689909.509750366 1759689909.534725666 0
Oct 05 14:45:09 np0005471276.novalocal object-server[93246]: ::1 - - [05/Oct/2025:18:45:09 +0000] "PUT /1/65378/AUTH_044b6cf3b72e4ad0b2d669d50ca59d45/gnocchi.d577ee54-5ba1-4009-bca2-1d4a593a6cbe/1759320000.0_mean_300.0_v3" 201 - "PUT http://[::1]:8080/v1/AUTH_044b6cf3b72e4ad0b2d669d50ca59d45/gnocchi.d577ee54-5ba1-4009-bca2-1d4a593a6cbe/1759320000.0_mean_300.0_v3" "tx38567676c92940f0baf44-0068e2bcb5" "proxy-server 85965" 0.0088 "-" 93246 0
Oct 05 14:45:09 np0005471276.novalocal container-server[92944]: ::1 - - [05/Oct/2025:18:45:09 +0000] "PUT /3/57160/AUTH_044b6cf3b72e4ad0b2d669d50ca59d45/gnocchi.d577ee54-5ba1-4009-bca2-1d4a593a6cbe/1759320000.0_mean_300.0_v3" 201 - "PUT http://[::1]:8080/3/65378/AUTH_044b6cf3b72e4ad0b2d669d50ca59d45/gnocchi.d577ee54-5ba1-4009-bca2-1d4a593a6cbe/1759320000.0_mean_300.0_v3" "tx38567676c92940f0baf44-0068e2bcb5" "object-server 93246" 0.0003 "-" 92944 0
Oct 05 14:45:09 np0005471276.novalocal object-server[93246]: ::1 - - [05/Oct/2025:18:45:09 +0000] "PUT /3/65378/AUTH_044b6cf3b72e4ad0b2d669d50ca59d45/gnocchi.d577ee54-5ba1-4009-bca2-1d4a593a6cbe/1759320000.0_mean_300.0_v3" 201 - "PUT http://[::1]:8080/v1/AUTH_044b6cf3b72e4ad0b2d669d50ca59d45/gnocchi.d577ee54-5ba1-4009-bca2-1d4a593a6cbe/1759320000.0_mean_300.0_v3" "tx38567676c92940f0baf44-0068e2bcb5" "proxy-server 85965" 0.0092 "-" 93246 0
Oct 05 14:45:09 np0005471276.novalocal dnsmasq[100574]: read /var/lib/neutron/dhcp/5b9c995c-dcff-4f43-b7ea-9ee3a68f64d7/addn_hosts - 1 addresses
Oct 05 14:45:09 np0005471276.novalocal container-server[92944]: ::1 - - [05/Oct/2025:18:45:09 +0000] "PUT /1/57160/AUTH_044b6cf3b72e4ad0b2d669d50ca59d45/gnocchi.d577ee54-5ba1-4009-bca2-1d4a593a6cbe/1759320000.0_mean_300.0_v3" 201 - "PUT http://[::1]:8080/2/65378/AUTH_044b6cf3b72e4ad0b2d669d50ca59d45/gnocchi.d577ee54-5ba1-4009-bca2-1d4a593a6cbe/1759320000.0_mean_300.0_v3" "tx38567676c92940f0baf44-0068e2bcb5" "object-server 93246" 0.0003 "-" 92944 0
Oct 05 14:45:09 np0005471276.novalocal dnsmasq-dhcp[100574]: read /var/lib/neutron/dhcp/5b9c995c-dcff-4f43-b7ea-9ee3a68f64d7/host
Oct 05 14:45:09 np0005471276.novalocal dnsmasq-dhcp[100574]: read /var/lib/neutron/dhcp/5b9c995c-dcff-4f43-b7ea-9ee3a68f64d7/opts
Oct 05 14:45:09 np0005471276.novalocal object-server[93246]: ::1 - - [05/Oct/2025:18:45:09 +0000] "PUT /2/65378/AUTH_044b6cf3b72e4ad0b2d669d50ca59d45/gnocchi.d577ee54-5ba1-4009-bca2-1d4a593a6cbe/1759320000.0_mean_300.0_v3" 201 - "PUT http://[::1]:8080/v1/AUTH_044b6cf3b72e4ad0b2d669d50ca59d45/gnocchi.d577ee54-5ba1-4009-bca2-1d4a593a6cbe/1759320000.0_mean_300.0_v3" "tx38567676c92940f0baf44-0068e2bcb5" "proxy-server 85965" 0.0149 "-" 93246 0
Oct 05 14:45:09 np0005471276.novalocal proxy-server[85965]: ::1 ::1 05/Oct/2025/18/45/09 PUT /v1/AUTH_044b6cf3b72e4ad0b2d669d50ca59d45/gnocchi.d577ee54-5ba1-4009-bca2-1d4a593a6cbe/1759320000.0_mean_300.0_v3 HTTP/1.0 201 - python-swiftclient-4.5.0 gAAAAABo4ryD2OD-... 23 - - tx38567676c92940f0baf44-0068e2bcb5 - 0.0223 - - 1759689909.517987490 1759689909.540297747 0
Oct 05 14:45:09 np0005471276.novalocal container-server[92945]: ::1 - - [05/Oct/2025:18:45:09 +0000] "HEAD /1/205095/AUTH_044b6cf3b72e4ad0b2d669d50ca59d45/gnocchi.c293d49c-66ca-41d2-9110-d88bae2d7f3c" 404 - "HEAD http://[::1]:8080/v1/AUTH_044b6cf3b72e4ad0b2d669d50ca59d45/gnocchi.c293d49c-66ca-41d2-9110-d88bae2d7f3c" "tx3272cb9446b8454e94755-0068e2bcb5" "proxy-server 85965" 0.0004 "-" 92945 0
Oct 05 14:45:09 np0005471276.novalocal container-server[92945]: ::1 - - [05/Oct/2025:18:45:09 +0000] "HEAD /3/205095/AUTH_044b6cf3b72e4ad0b2d669d50ca59d45/gnocchi.c293d49c-66ca-41d2-9110-d88bae2d7f3c" 404 - "HEAD http://[::1]:8080/v1/AUTH_044b6cf3b72e4ad0b2d669d50ca59d45/gnocchi.c293d49c-66ca-41d2-9110-d88bae2d7f3c" "tx3272cb9446b8454e94755-0068e2bcb5" "proxy-server 85965" 0.0003 "-" 92945 0
Oct 05 14:45:09 np0005471276.novalocal container-server[92945]: ::1 - - [05/Oct/2025:18:45:09 +0000] "HEAD /2/205095/AUTH_044b6cf3b72e4ad0b2d669d50ca59d45/gnocchi.c293d49c-66ca-41d2-9110-d88bae2d7f3c" 404 - "HEAD http://[::1]:8080/v1/AUTH_044b6cf3b72e4ad0b2d669d50ca59d45/gnocchi.c293d49c-66ca-41d2-9110-d88bae2d7f3c" "tx3272cb9446b8454e94755-0068e2bcb5" "proxy-server 85965" 0.0005 "-" 92945 0
Oct 05 14:45:09 np0005471276.novalocal proxy-server[85965]: - - 05/Oct/2025/18/45/09 HEAD /v1/AUTH_044b6cf3b72e4ad0b2d669d50ca59d45/gnocchi.c293d49c-66ca-41d2-9110-d88bae2d7f3c HTTP/1.0 404 - Swift - - - - tx3272cb9446b8454e94755-0068e2bcb5 - 0.0256 CS - 1759689909.546378613 1759689909.571955919 0
Oct 05 14:45:09 np0005471276.novalocal container-server[92945]: ::1 - - [05/Oct/2025:18:45:09 +0000] "PUT /1/57160/AUTH_044b6cf3b72e4ad0b2d669d50ca59d45/gnocchi.d577ee54-5ba1-4009-bca2-1d4a593a6cbe/none_v3" 201 - "PUT http://[::1]:8080/2/239711/AUTH_044b6cf3b72e4ad0b2d669d50ca59d45/gnocchi.d577ee54-5ba1-4009-bca2-1d4a593a6cbe/none_v3" "tx3c804da7969f4105b80c8-0068e2bcb5" "object-server 93245" 0.0005 "-" 92945 0
Oct 05 14:45:09 np0005471276.novalocal object-server[93245]: ::1 - - [05/Oct/2025:18:45:09 +0000] "PUT /2/239711/AUTH_044b6cf3b72e4ad0b2d669d50ca59d45/gnocchi.d577ee54-5ba1-4009-bca2-1d4a593a6cbe/none_v3" 201 - "PUT http://[::1]:8080/v1/AUTH_044b6cf3b72e4ad0b2d669d50ca59d45/gnocchi.d577ee54-5ba1-4009-bca2-1d4a593a6cbe/none_v3" "tx3c804da7969f4105b80c8-0068e2bcb5" "proxy-server 85965" 0.0140 "-" 93245 0
Oct 05 14:45:09 np0005471276.novalocal container-server[92945]: ::1 - - [05/Oct/2025:18:45:09 +0000] "PUT /2/57160/AUTH_044b6cf3b72e4ad0b2d669d50ca59d45/gnocchi.d577ee54-5ba1-4009-bca2-1d4a593a6cbe/none_v3" 201 - "PUT http://[::1]:8080/3/239711/AUTH_044b6cf3b72e4ad0b2d669d50ca59d45/gnocchi.d577ee54-5ba1-4009-bca2-1d4a593a6cbe/none_v3" "tx3c804da7969f4105b80c8-0068e2bcb5" "object-server 93245" 0.0004 "-" 92945 0
Oct 05 14:45:09 np0005471276.novalocal object-server[93245]: ::1 - - [05/Oct/2025:18:45:09 +0000] "PUT /3/239711/AUTH_044b6cf3b72e4ad0b2d669d50ca59d45/gnocchi.d577ee54-5ba1-4009-bca2-1d4a593a6cbe/none_v3" 201 - "PUT http://[::1]:8080/v1/AUTH_044b6cf3b72e4ad0b2d669d50ca59d45/gnocchi.d577ee54-5ba1-4009-bca2-1d4a593a6cbe/none_v3" "tx3c804da7969f4105b80c8-0068e2bcb5" "proxy-server 85965" 0.0167 "-" 93245 0
Oct 05 14:45:09 np0005471276.novalocal container-server[92944]: ::1 - - [05/Oct/2025:18:45:09 +0000] "PUT /3/57160/AUTH_044b6cf3b72e4ad0b2d669d50ca59d45/gnocchi.d577ee54-5ba1-4009-bca2-1d4a593a6cbe/none_v3" 201 - "PUT http://[::1]:8080/1/239711/AUTH_044b6cf3b72e4ad0b2d669d50ca59d45/gnocchi.d577ee54-5ba1-4009-bca2-1d4a593a6cbe/none_v3" "tx3c804da7969f4105b80c8-0068e2bcb5" "object-server 93246" 0.0013 "-" 92944 0
Oct 05 14:45:09 np0005471276.novalocal object-server[93245]: ::1 - - [05/Oct/2025:18:45:09 +0000] "GET /3/223374/AUTH_044b6cf3b72e4ad0b2d669d50ca59d45/gnocchi.c293d49c-66ca-41d2-9110-d88bae2d7f3c/none_v3" 404 70 "GET http://[::1]:8080/v1/AUTH_044b6cf3b72e4ad0b2d669d50ca59d45/gnocchi.c293d49c-66ca-41d2-9110-d88bae2d7f3c/none_v3" "tx3272cb9446b8454e94755-0068e2bcb5" "proxy-server 85965" 0.0003 "-" 93245 0
Oct 05 14:45:09 np0005471276.novalocal object-server[93246]: ::1 - - [05/Oct/2025:18:45:09 +0000] "PUT /1/239711/AUTH_044b6cf3b72e4ad0b2d669d50ca59d45/gnocchi.d577ee54-5ba1-4009-bca2-1d4a593a6cbe/none_v3" 201 - "PUT http://[::1]:8080/v1/AUTH_044b6cf3b72e4ad0b2d669d50ca59d45/gnocchi.d577ee54-5ba1-4009-bca2-1d4a593a6cbe/none_v3" "tx3c804da7969f4105b80c8-0068e2bcb5" "proxy-server 85965" 0.0176 "-" 93246 0
Oct 05 14:45:09 np0005471276.novalocal proxy-server[85965]: ::1 ::1 05/Oct/2025/18/45/09 PUT /v1/AUTH_044b6cf3b72e4ad0b2d669d50ca59d45/gnocchi.d577ee54-5ba1-4009-bca2-1d4a593a6cbe/none_v3 HTTP/1.0 201 - python-swiftclient-4.5.0 gAAAAABo4ryD2OD-... 31 - - tx3c804da7969f4105b80c8-0068e2bcb5 - 0.0382 - - 1759689909.543687582 1759689909.581849813 0
Oct 05 14:45:09 np0005471276.novalocal object-server[93246]: ::1 - - [05/Oct/2025:18:45:09 +0000] "GET /1/223374/AUTH_044b6cf3b72e4ad0b2d669d50ca59d45/gnocchi.c293d49c-66ca-41d2-9110-d88bae2d7f3c/none_v3" 404 70 "GET http://[::1]:8080/v1/AUTH_044b6cf3b72e4ad0b2d669d50ca59d45/gnocchi.c293d49c-66ca-41d2-9110-d88bae2d7f3c/none_v3" "tx3272cb9446b8454e94755-0068e2bcb5" "proxy-server 85965" 0.0003 "-" 93246 0
Oct 05 14:45:09 np0005471276.novalocal object-server[93245]: ::1 - - [05/Oct/2025:18:45:09 +0000] "GET /2/223374/AUTH_044b6cf3b72e4ad0b2d669d50ca59d45/gnocchi.c293d49c-66ca-41d2-9110-d88bae2d7f3c/none_v3" 404 70 "GET http://[::1]:8080/v1/AUTH_044b6cf3b72e4ad0b2d669d50ca59d45/gnocchi.c293d49c-66ca-41d2-9110-d88bae2d7f3c/none_v3" "tx3272cb9446b8454e94755-0068e2bcb5" "proxy-server 85965" 0.0004 "-" 93245 0
Oct 05 14:45:09 np0005471276.novalocal proxy-server[85965]: ::1 ::1 05/Oct/2025/18/45/09 GET /v1/AUTH_044b6cf3b72e4ad0b2d669d50ca59d45/gnocchi.c293d49c-66ca-41d2-9110-d88bae2d7f3c/none_v3 HTTP/1.0 404 - python-swiftclient-4.5.0 gAAAAABo4ryHW7gA... - 70 - tx3272cb9446b8454e94755-0068e2bcb5 - 0.0458 - - 1759689909.545850992 1759689909.591666937 0
Oct 05 14:45:09 np0005471276.novalocal account-server[92647]: ::1 - - [05/Oct/2025:18:45:09 +0000] "PUT /3/100595/AUTH_044b6cf3b72e4ad0b2d669d50ca59d45/gnocchi.c293d49c-66ca-41d2-9110-d88bae2d7f3c" 201 - "PUT http://[::1]:6001/3/205095/AUTH_044b6cf3b72e4ad0b2d669d50ca59d45/gnocchi.c293d49c-66ca-41d2-9110-d88bae2d7f3c" "tx1aac6a32e25f48f0bf783-0068e2bcb5" "container-server 92945" 0.0041 "-" 92647 0
Oct 05 14:45:09 np0005471276.novalocal container-server[92945]: ::1 - - [05/Oct/2025:18:45:09 +0000] "PUT /3/205095/AUTH_044b6cf3b72e4ad0b2d669d50ca59d45/gnocchi.c293d49c-66ca-41d2-9110-d88bae2d7f3c" 201 - "PUT http://[::1]:8080/v1/AUTH_044b6cf3b72e4ad0b2d669d50ca59d45/gnocchi.c293d49c-66ca-41d2-9110-d88bae2d7f3c" "tx1aac6a32e25f48f0bf783-0068e2bcb5" "proxy-server 85965" 0.0185 "-" 92945 0
Oct 05 14:45:09 np0005471276.novalocal account-server[92647]: ::1 - - [05/Oct/2025:18:45:09 +0000] "PUT /1/100595/AUTH_044b6cf3b72e4ad0b2d669d50ca59d45/gnocchi.c293d49c-66ca-41d2-9110-d88bae2d7f3c" 201 - "PUT http://[::1]:6001/1/205095/AUTH_044b6cf3b72e4ad0b2d669d50ca59d45/gnocchi.c293d49c-66ca-41d2-9110-d88bae2d7f3c" "tx1aac6a32e25f48f0bf783-0068e2bcb5" "container-server 92945" 0.0039 "-" 92647 0
Oct 05 14:45:09 np0005471276.novalocal container-server[92945]: ::1 - - [05/Oct/2025:18:45:09 +0000] "PUT /1/205095/AUTH_044b6cf3b72e4ad0b2d669d50ca59d45/gnocchi.c293d49c-66ca-41d2-9110-d88bae2d7f3c" 201 - "PUT http://[::1]:8080/v1/AUTH_044b6cf3b72e4ad0b2d669d50ca59d45/gnocchi.c293d49c-66ca-41d2-9110-d88bae2d7f3c" "tx1aac6a32e25f48f0bf783-0068e2bcb5" "proxy-server 85965" 0.0316 "-" 92945 0
Oct 05 14:45:09 np0005471276.novalocal account-server[92646]: ::1 - - [05/Oct/2025:18:45:09 +0000] "PUT /2/100595/AUTH_044b6cf3b72e4ad0b2d669d50ca59d45/gnocchi.c293d49c-66ca-41d2-9110-d88bae2d7f3c" 201 - "PUT http://[::1]:6001/2/205095/AUTH_044b6cf3b72e4ad0b2d669d50ca59d45/gnocchi.c293d49c-66ca-41d2-9110-d88bae2d7f3c" "tx1aac6a32e25f48f0bf783-0068e2bcb5" "container-server 92945" 0.0044 "-" 92646 0
Oct 05 14:45:09 np0005471276.novalocal container-server[92945]: ::1 - - [05/Oct/2025:18:45:09 +0000] "PUT /2/205095/AUTH_044b6cf3b72e4ad0b2d669d50ca59d45/gnocchi.c293d49c-66ca-41d2-9110-d88bae2d7f3c" 201 - "PUT http://[::1]:8080/v1/AUTH_044b6cf3b72e4ad0b2d669d50ca59d45/gnocchi.c293d49c-66ca-41d2-9110-d88bae2d7f3c" "tx1aac6a32e25f48f0bf783-0068e2bcb5" "proxy-server 85965" 0.0151 "-" 92945 0
Oct 05 14:45:09 np0005471276.novalocal proxy-server[85965]: ::1 ::1 05/Oct/2025/18/45/09 PUT /v1/AUTH_044b6cf3b72e4ad0b2d669d50ca59d45/gnocchi.c293d49c-66ca-41d2-9110-d88bae2d7f3c HTTP/1.0 201 - python-swiftclient-4.5.0 gAAAAABo4ryHW7gA... - - - tx1aac6a32e25f48f0bf783-0068e2bcb5 - 0.0395 - - 1759689909.594246864 1759689909.633761168 0
Oct 05 14:45:09 np0005471276.novalocal container-server[92944]: ::1 - - [05/Oct/2025:18:45:09 +0000] "HEAD /2/205095/AUTH_044b6cf3b72e4ad0b2d669d50ca59d45/gnocchi.c293d49c-66ca-41d2-9110-d88bae2d7f3c" 204 - "HEAD http://[::1]:8080/v1/AUTH_044b6cf3b72e4ad0b2d669d50ca59d45/gnocchi.c293d49c-66ca-41d2-9110-d88bae2d7f3c" "txe16f5d61fe694672bc941-0068e2bcb5" "proxy-server 85965" 0.0012 "-" 92944 0
Oct 05 14:45:09 np0005471276.novalocal proxy-server[85965]: - - 05/Oct/2025/18/45/09 HEAD /v1/AUTH_044b6cf3b72e4ad0b2d669d50ca59d45/gnocchi.c293d49c-66ca-41d2-9110-d88bae2d7f3c HTTP/1.0 204 - Swift - - - - txe16f5d61fe694672bc941-0068e2bcb5 - 0.0070 CS - 1759689909.640736103 1759689909.647755861 0
Oct 05 14:45:09 np0005471276.novalocal container-server[92945]: ::1 - - [05/Oct/2025:18:45:09 +0000] "GET /2/205095/AUTH_044b6cf3b72e4ad0b2d669d50ca59d45/gnocchi.c293d49c-66ca-41d2-9110-d88bae2d7f3c" 200 2 "GET http://[::1]:8080/v1/AUTH_044b6cf3b72e4ad0b2d669d50ca59d45/gnocchi.c293d49c-66ca-41d2-9110-d88bae2d7f3c?format=json&states=listing" "txe16f5d61fe694672bc941-0068e2bcb5" "proxy-server 85965" 0.0032 "-" 92945 0
Oct 05 14:45:09 np0005471276.novalocal proxy-server[85965]: ::1 ::1 05/Oct/2025/18/45/09 GET /v1/AUTH_044b6cf3b72e4ad0b2d669d50ca59d45/gnocchi.c293d49c-66ca-41d2-9110-d88bae2d7f3c%3Fformat%3Djson%26states%3Dlisting HTTP/1.0 200 - python-swiftclient-4.5.0 gAAAAABo4ryHW7gA... - 2 - txe16f5d61fe694672bc941-0068e2bcb5 - 0.0222 - - 1759689909.636997223 1759689909.659183264 0
Oct 05 14:45:09 np0005471276.novalocal object-server[93246]: ::1 - - [05/Oct/2025:18:45:09 +0000] "GET /3/255129/AUTH_044b6cf3b72e4ad0b2d669d50ca59d45/gnocchi.c293d49c-66ca-41d2-9110-d88bae2d7f3c/1759320000.0_mean_300.0_v3" 404 70 "GET http://[::1]:8080/v1/AUTH_044b6cf3b72e4ad0b2d669d50ca59d45/gnocchi.c293d49c-66ca-41d2-9110-d88bae2d7f3c/1759320000.0_mean_300.0_v3" "txc2e179cd470547799b0f9-0068e2bcb5" "proxy-server 85965" 0.0003 "-" 93246 0
Oct 05 14:45:09 np0005471276.novalocal object-server[93246]: ::1 - - [05/Oct/2025:18:45:09 +0000] "GET /1/255129/AUTH_044b6cf3b72e4ad0b2d669d50ca59d45/gnocchi.c293d49c-66ca-41d2-9110-d88bae2d7f3c/1759320000.0_mean_300.0_v3" 404 70 "GET http://[::1]:8080/v1/AUTH_044b6cf3b72e4ad0b2d669d50ca59d45/gnocchi.c293d49c-66ca-41d2-9110-d88bae2d7f3c/1759320000.0_mean_300.0_v3" "txc2e179cd470547799b0f9-0068e2bcb5" "proxy-server 85965" 0.0003 "-" 93246 0
Oct 05 14:45:09 np0005471276.novalocal object-server[93246]: ::1 - - [05/Oct/2025:18:45:09 +0000] "GET /2/255129/AUTH_044b6cf3b72e4ad0b2d669d50ca59d45/gnocchi.c293d49c-66ca-41d2-9110-d88bae2d7f3c/1759320000.0_mean_300.0_v3" 404 70 "GET http://[::1]:8080/v1/AUTH_044b6cf3b72e4ad0b2d669d50ca59d45/gnocchi.c293d49c-66ca-41d2-9110-d88bae2d7f3c/1759320000.0_mean_300.0_v3" "txc2e179cd470547799b0f9-0068e2bcb5" "proxy-server 85965" 0.0004 "-" 93246 0
Oct 05 14:45:09 np0005471276.novalocal proxy-server[85965]: ::1 ::1 05/Oct/2025/18/45/09 GET /v1/AUTH_044b6cf3b72e4ad0b2d669d50ca59d45/gnocchi.c293d49c-66ca-41d2-9110-d88bae2d7f3c/1759320000.0_mean_300.0_v3 HTTP/1.0 404 - python-swiftclient-4.5.0 gAAAAABo4ryHW7gA... - 70 - txc2e179cd470547799b0f9-0068e2bcb5 - 0.0137 - - 1759689909.663383722 1759689909.677046061 0
Oct 05 14:45:09 np0005471276.novalocal container-server[92945]: ::1 - - [05/Oct/2025:18:45:09 +0000] "PUT /3/205095/AUTH_044b6cf3b72e4ad0b2d669d50ca59d45/gnocchi.c293d49c-66ca-41d2-9110-d88bae2d7f3c/1759320000.0_mean_300.0_v3" 201 - "PUT http://[::1]:8080/3/255129/AUTH_044b6cf3b72e4ad0b2d669d50ca59d45/gnocchi.c293d49c-66ca-41d2-9110-d88bae2d7f3c/1759320000.0_mean_300.0_v3" "tx1b363893723b4bf79d86f-0068e2bcb5" "object-server 93246" 0.0005 "-" 92945 0
Oct 05 14:45:09 np0005471276.novalocal container-server[92944]: ::1 - - [05/Oct/2025:18:45:09 +0000] "PUT /2/205095/AUTH_044b6cf3b72e4ad0b2d669d50ca59d45/gnocchi.c293d49c-66ca-41d2-9110-d88bae2d7f3c/1759320000.0_mean_300.0_v3" 201 - "PUT http://[::1]:8080/2/255129/AUTH_044b6cf3b72e4ad0b2d669d50ca59d45/gnocchi.c293d49c-66ca-41d2-9110-d88bae2d7f3c/1759320000.0_mean_300.0_v3" "tx1b363893723b4bf79d86f-0068e2bcb5" "object-server 93245" 0.0009 "-" 92944 0
Oct 05 14:45:09 np0005471276.novalocal object-server[93245]: ::1 - - [05/Oct/2025:18:45:09 +0000] "PUT /2/255129/AUTH_044b6cf3b72e4ad0b2d669d50ca59d45/gnocchi.c293d49c-66ca-41d2-9110-d88bae2d7f3c/1759320000.0_mean_300.0_v3" 201 - "PUT http://[::1]:8080/v1/AUTH_044b6cf3b72e4ad0b2d669d50ca59d45/gnocchi.c293d49c-66ca-41d2-9110-d88bae2d7f3c/1759320000.0_mean_300.0_v3" "tx1b363893723b4bf79d86f-0068e2bcb5" "proxy-server 85965" 0.0114 "-" 93245 0
Oct 05 14:45:09 np0005471276.novalocal object-server[93246]: ::1 - - [05/Oct/2025:18:45:09 +0000] "PUT /3/255129/AUTH_044b6cf3b72e4ad0b2d669d50ca59d45/gnocchi.c293d49c-66ca-41d2-9110-d88bae2d7f3c/1759320000.0_mean_300.0_v3" 201 - "PUT http://[::1]:8080/v1/AUTH_044b6cf3b72e4ad0b2d669d50ca59d45/gnocchi.c293d49c-66ca-41d2-9110-d88bae2d7f3c/1759320000.0_mean_300.0_v3" "tx1b363893723b4bf79d86f-0068e2bcb5" "proxy-server 85965" 0.0102 "-" 93246 0
Oct 05 14:45:09 np0005471276.novalocal container-server[92944]: ::1 - - [05/Oct/2025:18:45:09 +0000] "PUT /1/205095/AUTH_044b6cf3b72e4ad0b2d669d50ca59d45/gnocchi.c293d49c-66ca-41d2-9110-d88bae2d7f3c/1759320000.0_mean_300.0_v3" 201 - "PUT http://[::1]:8080/1/255129/AUTH_044b6cf3b72e4ad0b2d669d50ca59d45/gnocchi.c293d49c-66ca-41d2-9110-d88bae2d7f3c/1759320000.0_mean_300.0_v3" "tx1b363893723b4bf79d86f-0068e2bcb5" "object-server 93245" 0.0004 "-" 92944 0
Oct 05 14:45:09 np0005471276.novalocal object-server[93245]: ::1 - - [05/Oct/2025:18:45:09 +0000] "PUT /1/255129/AUTH_044b6cf3b72e4ad0b2d669d50ca59d45/gnocchi.c293d49c-66ca-41d2-9110-d88bae2d7f3c/1759320000.0_mean_300.0_v3" 201 - "PUT http://[::1]:8080/v1/AUTH_044b6cf3b72e4ad0b2d669d50ca59d45/gnocchi.c293d49c-66ca-41d2-9110-d88bae2d7f3c/1759320000.0_mean_300.0_v3" "tx1b363893723b4bf79d86f-0068e2bcb5" "proxy-server 85965" 0.0114 "-" 93245 0
Oct 05 14:45:09 np0005471276.novalocal proxy-server[85965]: ::1 ::1 05/Oct/2025/18/45/09 PUT /v1/AUTH_044b6cf3b72e4ad0b2d669d50ca59d45/gnocchi.c293d49c-66ca-41d2-9110-d88bae2d7f3c/1759320000.0_mean_300.0_v3 HTTP/1.0 201 - python-swiftclient-4.5.0 gAAAAABo4ryHW7gA... 16 - - tx1b363893723b4bf79d86f-0068e2bcb5 - 0.0188 - - 1759689909.681054115 1759689909.699814796 0
Oct 05 14:45:09 np0005471276.novalocal container-server[92945]: ::1 - - [05/Oct/2025:18:45:09 +0000] "PUT /3/205095/AUTH_044b6cf3b72e4ad0b2d669d50ca59d45/gnocchi.c293d49c-66ca-41d2-9110-d88bae2d7f3c/none_v3" 201 - "PUT http://[::1]:8080/2/223374/AUTH_044b6cf3b72e4ad0b2d669d50ca59d45/gnocchi.c293d49c-66ca-41d2-9110-d88bae2d7f3c/none_v3" "txd99f4c74ec9e435880c49-0068e2bcb5" "object-server 93245" 0.0005 "-" 92945 0
Oct 05 14:45:09 np0005471276.novalocal object-server[93245]: ::1 - - [05/Oct/2025:18:45:09 +0000] "PUT /2/223374/AUTH_044b6cf3b72e4ad0b2d669d50ca59d45/gnocchi.c293d49c-66ca-41d2-9110-d88bae2d7f3c/none_v3" 201 - "PUT http://[::1]:8080/v1/AUTH_044b6cf3b72e4ad0b2d669d50ca59d45/gnocchi.c293d49c-66ca-41d2-9110-d88bae2d7f3c/none_v3" "txd99f4c74ec9e435880c49-0068e2bcb5" "proxy-server 85965" 0.0105 "-" 93245 0
Oct 05 14:45:09 np0005471276.novalocal container-server[92944]: ::1 - - [05/Oct/2025:18:45:09 +0000] "PUT /2/205095/AUTH_044b6cf3b72e4ad0b2d669d50ca59d45/gnocchi.c293d49c-66ca-41d2-9110-d88bae2d7f3c/none_v3" 201 - "PUT http://[::1]:8080/3/223374/AUTH_044b6cf3b72e4ad0b2d669d50ca59d45/gnocchi.c293d49c-66ca-41d2-9110-d88bae2d7f3c/none_v3" "txd99f4c74ec9e435880c49-0068e2bcb5" "object-server 93246" 0.0005 "-" 92944 0
Oct 05 14:45:09 np0005471276.novalocal object-server[93246]: ::1 - - [05/Oct/2025:18:45:09 +0000] "PUT /3/223374/AUTH_044b6cf3b72e4ad0b2d669d50ca59d45/gnocchi.c293d49c-66ca-41d2-9110-d88bae2d7f3c/none_v3" 201 - "PUT http://[::1]:8080/v1/AUTH_044b6cf3b72e4ad0b2d669d50ca59d45/gnocchi.c293d49c-66ca-41d2-9110-d88bae2d7f3c/none_v3" "txd99f4c74ec9e435880c49-0068e2bcb5" "proxy-server 85965" 0.0179 "-" 93246 0
Oct 05 14:45:09 np0005471276.novalocal container-server[92945]: ::1 - - [05/Oct/2025:18:45:09 +0000] "PUT /1/205095/AUTH_044b6cf3b72e4ad0b2d669d50ca59d45/gnocchi.c293d49c-66ca-41d2-9110-d88bae2d7f3c/none_v3" 201 - "PUT http://[::1]:8080/1/223374/AUTH_044b6cf3b72e4ad0b2d669d50ca59d45/gnocchi.c293d49c-66ca-41d2-9110-d88bae2d7f3c/none_v3" "txd99f4c74ec9e435880c49-0068e2bcb5" "object-server 93246" 0.0004 "-" 92945 0
Oct 05 14:45:09 np0005471276.novalocal object-server[93246]: ::1 - - [05/Oct/2025:18:45:09 +0000] "PUT /1/223374/AUTH_044b6cf3b72e4ad0b2d669d50ca59d45/gnocchi.c293d49c-66ca-41d2-9110-d88bae2d7f3c/none_v3" 201 - "PUT http://[::1]:8080/v1/AUTH_044b6cf3b72e4ad0b2d669d50ca59d45/gnocchi.c293d49c-66ca-41d2-9110-d88bae2d7f3c/none_v3" "txd99f4c74ec9e435880c49-0068e2bcb5" "proxy-server 85965" 0.0194 "-" 93246 0
Oct 05 14:45:09 np0005471276.novalocal proxy-server[85965]: ::1 ::1 05/Oct/2025/18/45/09 PUT /v1/AUTH_044b6cf3b72e4ad0b2d669d50ca59d45/gnocchi.c293d49c-66ca-41d2-9110-d88bae2d7f3c/none_v3 HTTP/1.0 201 - python-swiftclient-4.5.0 gAAAAABo4ryHW7gA... 29 - - txd99f4c74ec9e435880c49-0068e2bcb5 - 0.0278 - - 1759689909.703724623 1759689909.731488228 0
Oct 05 14:45:09 np0005471276.novalocal object-server[93246]: ::1 - - [05/Oct/2025:18:45:09 +0000] "GET /2/83457/AUTH_044b6cf3b72e4ad0b2d669d50ca59d45/gnocchi.5c2acb06-05b2-4dd2-9d6a-cdf90c9e2709/none_v3" 200 30 "GET http://[::1]:8080/v1/AUTH_044b6cf3b72e4ad0b2d669d50ca59d45/gnocchi.5c2acb06-05b2-4dd2-9d6a-cdf90c9e2709/none_v3" "txcb32ead474b64f0ab06fe-0068e2bcb5" "proxy-server 85965" 0.0006 "-" 93246 0
Oct 05 14:45:09 np0005471276.novalocal proxy-server[85965]: ::1 ::1 05/Oct/2025/18/45/09 GET /v1/AUTH_044b6cf3b72e4ad0b2d669d50ca59d45/gnocchi.5c2acb06-05b2-4dd2-9d6a-cdf90c9e2709/none_v3 HTTP/1.0 200 - python-swiftclient-4.5.0 gAAAAABo4ryD2OD-... - 30 - txcb32ead474b64f0ab06fe-0068e2bcb5 - 0.0104 - - 1759689909.726598501 1759689909.736958742 0
Oct 05 14:45:09 np0005471276.novalocal container-server[92944]: ::1 - - [05/Oct/2025:18:45:09 +0000] "GET /1/227280/AUTH_044b6cf3b72e4ad0b2d669d50ca59d45/gnocchi.5c2acb06-05b2-4dd2-9d6a-cdf90c9e2709" 200 357 "GET http://[::1]:8080/v1/AUTH_044b6cf3b72e4ad0b2d669d50ca59d45/gnocchi.5c2acb06-05b2-4dd2-9d6a-cdf90c9e2709?format=json&states=listing" "tx8b7026680c7247d0afd81-0068e2bcb5" "proxy-server 85965" 0.0064 "-" 92944 0
Oct 05 14:45:09 np0005471276.novalocal proxy-server[85965]: ::1 ::1 05/Oct/2025/18/45/09 GET /v1/AUTH_044b6cf3b72e4ad0b2d669d50ca59d45/gnocchi.5c2acb06-05b2-4dd2-9d6a-cdf90c9e2709%3Fformat%3Djson%26states%3Dlisting HTTP/1.0 200 - python-swiftclient-4.5.0 gAAAAABo4ryD2OD-... - 357 - tx8b7026680c7247d0afd81-0068e2bcb5 - 0.0128 - - 1759689909.739958525 1759689909.752767801 0
Oct 05 14:45:09 np0005471276.novalocal object-server[93246]: ::1 - - [05/Oct/2025:18:45:09 +0000] "GET /3/146491/AUTH_044b6cf3b72e4ad0b2d669d50ca59d45/gnocchi.1646c09a-f154-493f-93c5-51519b03f092/none_v3" 200 25 "GET http://[::1]:8080/v1/AUTH_044b6cf3b72e4ad0b2d669d50ca59d45/gnocchi.1646c09a-f154-493f-93c5-51519b03f092/none_v3" "txddb9acab7f1b48c8bb20c-0068e2bcb5" "proxy-server 85965" 0.0007 "-" 93246 0
Oct 05 14:45:09 np0005471276.novalocal proxy-server[85965]: ::1 ::1 05/Oct/2025/18/45/09 GET /v1/AUTH_044b6cf3b72e4ad0b2d669d50ca59d45/gnocchi.1646c09a-f154-493f-93c5-51519b03f092/none_v3 HTTP/1.0 200 - python-swiftclient-4.5.0 gAAAAABo4ryHW7gA... - 25 - txddb9acab7f1b48c8bb20c-0068e2bcb5 - 0.0079 - - 1759689909.753558874 1759689909.761496544 0
Oct 05 14:45:09 np0005471276.novalocal container-server[92945]: ::1 - - [05/Oct/2025:18:45:09 +0000] "GET /3/227280/AUTH_044b6cf3b72e4ad0b2d669d50ca59d45/gnocchi.5c2acb06-05b2-4dd2-9d6a-cdf90c9e2709" 200 2 "GET http://[::1]:8080/v1/AUTH_044b6cf3b72e4ad0b2d669d50ca59d45/gnocchi.5c2acb06-05b2-4dd2-9d6a-cdf90c9e2709?format=json&marker=none_v3&states=listing" "tx79f8715b1e6448359b0e7-0068e2bcb5" "proxy-server 85965" 0.0062 "-" 92945 0
Oct 05 14:45:09 np0005471276.novalocal proxy-server[85965]: ::1 ::1 05/Oct/2025/18/45/09 GET /v1/AUTH_044b6cf3b72e4ad0b2d669d50ca59d45/gnocchi.5c2acb06-05b2-4dd2-9d6a-cdf90c9e2709%3Fformat%3Djson%26marker%3Dnone_v3%26states%3Dlisting HTTP/1.0 200 - python-swiftclient-4.5.0 gAAAAABo4ryD2OD-... - 2 - tx79f8715b1e6448359b0e7-0068e2bcb5 - 0.0146 - - 1759689909.756431580 1759689909.771005154 0
Oct 05 14:45:09 np0005471276.novalocal object-server[93245]: ::1 - - [05/Oct/2025:18:45:09 +0000] "GET /3/181635/AUTH_044b6cf3b72e4ad0b2d669d50ca59d45/gnocchi.5c2acb06-05b2-4dd2-9d6a-cdf90c9e2709/1759320000.0_mean_300.0_v3" 200 16 "GET http://[::1]:8080/v1/AUTH_044b6cf3b72e4ad0b2d669d50ca59d45/gnocchi.5c2acb06-05b2-4dd2-9d6a-cdf90c9e2709/1759320000.0_mean_300.0_v3" "tx2902327708df4bbd80d4c-0068e2bcb5" "proxy-server 85965" 0.0005 "-" 93245 0
Oct 05 14:45:09 np0005471276.novalocal container-server[92944]: ::1 - - [05/Oct/2025:18:45:09 +0000] "GET /3/139324/AUTH_044b6cf3b72e4ad0b2d669d50ca59d45/gnocchi.1646c09a-f154-493f-93c5-51519b03f092" 200 357 "GET http://[::1]:8080/v1/AUTH_044b6cf3b72e4ad0b2d669d50ca59d45/gnocchi.1646c09a-f154-493f-93c5-51519b03f092?format=json&states=listing" "txfa150ae923db448e9486e-0068e2bcb5" "proxy-server 85965" 0.0068 "-" 92944 0
Oct 05 14:45:09 np0005471276.novalocal proxy-server[85965]: ::1 ::1 05/Oct/2025/18/45/09 GET /v1/AUTH_044b6cf3b72e4ad0b2d669d50ca59d45/gnocchi.5c2acb06-05b2-4dd2-9d6a-cdf90c9e2709/1759320000.0_mean_300.0_v3 HTTP/1.0 200 - python-swiftclient-4.5.0 gAAAAABo4ryD2OD-... - 16 - tx2902327708df4bbd80d4c-0068e2bcb5 - 0.0088 - - 1759689909.776871443 1759689909.785719395 0
Oct 05 14:45:09 np0005471276.novalocal proxy-server[85965]: ::1 ::1 05/Oct/2025/18/45/09 GET /v1/AUTH_044b6cf3b72e4ad0b2d669d50ca59d45/gnocchi.1646c09a-f154-493f-93c5-51519b03f092%3Fformat%3Djson%26states%3Dlisting HTTP/1.0 200 - python-swiftclient-4.5.0 gAAAAABo4ryHW7gA... - 357 - txfa150ae923db448e9486e-0068e2bcb5 - 0.0260 - - 1759689909.767869234 1759689909.793902397 0
Oct 05 14:45:09 np0005471276.novalocal container-server[92944]: ::1 - - [05/Oct/2025:18:45:09 +0000] "GET /3/139324/AUTH_044b6cf3b72e4ad0b2d669d50ca59d45/gnocchi.1646c09a-f154-493f-93c5-51519b03f092" 200 2 "GET http://[::1]:8080/v1/AUTH_044b6cf3b72e4ad0b2d669d50ca59d45/gnocchi.1646c09a-f154-493f-93c5-51519b03f092?format=json&marker=none_v3&states=listing" "tx0979b7a0eaa549f7a8f05-0068e2bcb5" "proxy-server 85965" 0.0018 "-" 92944 0
Oct 05 14:45:09 np0005471276.novalocal container-server[92944]: ::1 - - [05/Oct/2025:18:45:09 +0000] "PUT /1/227280/AUTH_044b6cf3b72e4ad0b2d669d50ca59d45/gnocchi.5c2acb06-05b2-4dd2-9d6a-cdf90c9e2709/1759320000.0_mean_300.0_v3" 201 - "PUT http://[::1]:8080/2/181635/AUTH_044b6cf3b72e4ad0b2d669d50ca59d45/gnocchi.5c2acb06-05b2-4dd2-9d6a-cdf90c9e2709/1759320000.0_mean_300.0_v3" "tx1aa3c4ab28d84503adb86-0068e2bcb5" "object-server 93245" 0.0040 "-" 92944 0
Oct 05 14:45:09 np0005471276.novalocal proxy-server[85965]: ::1 ::1 05/Oct/2025/18/45/09 GET /v1/AUTH_044b6cf3b72e4ad0b2d669d50ca59d45/gnocchi.1646c09a-f154-493f-93c5-51519b03f092%3Fformat%3Djson%26marker%3Dnone_v3%26states%3Dlisting HTTP/1.0 200 - python-swiftclient-4.5.0 gAAAAABo4ryHW7gA... - 2 - tx0979b7a0eaa549f7a8f05-0068e2bcb5 - 0.0224 - - 1759689909.801345110 1759689909.823722839 0
Oct 05 14:45:09 np0005471276.novalocal object-server[93245]: ::1 - - [05/Oct/2025:18:45:09 +0000] "PUT /2/181635/AUTH_044b6cf3b72e4ad0b2d669d50ca59d45/gnocchi.5c2acb06-05b2-4dd2-9d6a-cdf90c9e2709/1759320000.0_mean_300.0_v3" 201 - "PUT http://[::1]:8080/v1/AUTH_044b6cf3b72e4ad0b2d669d50ca59d45/gnocchi.5c2acb06-05b2-4dd2-9d6a-cdf90c9e2709/1759320000.0_mean_300.0_v3" "tx1aa3c4ab28d84503adb86-0068e2bcb5" "proxy-server 85965" 0.0214 "-" 93245 0
Oct 05 14:45:09 np0005471276.novalocal container-server[92944]: ::1 - - [05/Oct/2025:18:45:09 +0000] "PUT /3/227280/AUTH_044b6cf3b72e4ad0b2d669d50ca59d45/gnocchi.5c2acb06-05b2-4dd2-9d6a-cdf90c9e2709/1759320000.0_mean_300.0_v3" 201 - "PUT http://[::1]:8080/1/181635/AUTH_044b6cf3b72e4ad0b2d669d50ca59d45/gnocchi.5c2acb06-05b2-4dd2-9d6a-cdf90c9e2709/1759320000.0_mean_300.0_v3" "tx1aa3c4ab28d84503adb86-0068e2bcb5" "object-server 93246" 0.0003 "-" 92944 0
Oct 05 14:45:09 np0005471276.novalocal object-server[93246]: ::1 - - [05/Oct/2025:18:45:09 +0000] "PUT /1/181635/AUTH_044b6cf3b72e4ad0b2d669d50ca59d45/gnocchi.5c2acb06-05b2-4dd2-9d6a-cdf90c9e2709/1759320000.0_mean_300.0_v3" 201 - "PUT http://[::1]:8080/v1/AUTH_044b6cf3b72e4ad0b2d669d50ca59d45/gnocchi.5c2acb06-05b2-4dd2-9d6a-cdf90c9e2709/1759320000.0_mean_300.0_v3" "tx1aa3c4ab28d84503adb86-0068e2bcb5" "proxy-server 85965" 0.0210 "-" 93246 0
Oct 05 14:45:09 np0005471276.novalocal container-server[92944]: ::1 - - [05/Oct/2025:18:45:09 +0000] "PUT /2/227280/AUTH_044b6cf3b72e4ad0b2d669d50ca59d45/gnocchi.5c2acb06-05b2-4dd2-9d6a-cdf90c9e2709/1759320000.0_mean_300.0_v3" 201 - "PUT http://[::1]:8080/3/181635/AUTH_044b6cf3b72e4ad0b2d669d50ca59d45/gnocchi.5c2acb06-05b2-4dd2-9d6a-cdf90c9e2709/1759320000.0_mean_300.0_v3" "tx1aa3c4ab28d84503adb86-0068e2bcb5" "object-server 93246" 0.0003 "-" 92944 0
Oct 05 14:45:09 np0005471276.novalocal object-server[93246]: ::1 - - [05/Oct/2025:18:45:09 +0000] "PUT /3/181635/AUTH_044b6cf3b72e4ad0b2d669d50ca59d45/gnocchi.5c2acb06-05b2-4dd2-9d6a-cdf90c9e2709/1759320000.0_mean_300.0_v3" 201 - "PUT http://[::1]:8080/v1/AUTH_044b6cf3b72e4ad0b2d669d50ca59d45/gnocchi.5c2acb06-05b2-4dd2-9d6a-cdf90c9e2709/1759320000.0_mean_300.0_v3" "tx1aa3c4ab28d84503adb86-0068e2bcb5" "proxy-server 85965" 0.0251 "-" 93246 0
Oct 05 14:45:09 np0005471276.novalocal proxy-server[85965]: ::1 ::1 05/Oct/2025/18/45/09 PUT /v1/AUTH_044b6cf3b72e4ad0b2d669d50ca59d45/gnocchi.5c2acb06-05b2-4dd2-9d6a-cdf90c9e2709/1759320000.0_mean_300.0_v3 HTTP/1.0 201 - python-swiftclient-4.5.0 gAAAAABo4ryD2OD-... 16 - - tx1aa3c4ab28d84503adb86-0068e2bcb5 - 0.0389 - - 1759689909.790827274 1759689909.829754591 0
Oct 05 14:45:09 np0005471276.novalocal container-server[92944]: ::1 - - [05/Oct/2025:18:45:09 +0000] "PUT /2/227280/AUTH_044b6cf3b72e4ad0b2d669d50ca59d45/gnocchi.5c2acb06-05b2-4dd2-9d6a-cdf90c9e2709/none_v3" 201 - "PUT http://[::1]:8080/3/83457/AUTH_044b6cf3b72e4ad0b2d669d50ca59d45/gnocchi.5c2acb06-05b2-4dd2-9d6a-cdf90c9e2709/none_v3" "tx580c2fdd357349dbb2840-0068e2bcb5" "object-server 93245" 0.0004 "-" 92944 0
Oct 05 14:45:09 np0005471276.novalocal object-server[93245]: ::1 - - [05/Oct/2025:18:45:09 +0000] "PUT /3/83457/AUTH_044b6cf3b72e4ad0b2d669d50ca59d45/gnocchi.5c2acb06-05b2-4dd2-9d6a-cdf90c9e2709/none_v3" 201 - "PUT http://[::1]:8080/v1/AUTH_044b6cf3b72e4ad0b2d669d50ca59d45/gnocchi.5c2acb06-05b2-4dd2-9d6a-cdf90c9e2709/none_v3" "tx580c2fdd357349dbb2840-0068e2bcb5" "proxy-server 85965" 0.0119 "-" 93245 0
Oct 05 14:45:09 np0005471276.novalocal object-server[93246]: ::1 - - [05/Oct/2025:18:45:09 +0000] "GET /2/252827/AUTH_044b6cf3b72e4ad0b2d669d50ca59d45/gnocchi.1646c09a-f154-493f-93c5-51519b03f092/1759320000.0_mean_300.0_v3" 200 16 "GET http://[::1]:8080/v1/AUTH_044b6cf3b72e4ad0b2d669d50ca59d45/gnocchi.1646c09a-f154-493f-93c5-51519b03f092/1759320000.0_mean_300.0_v3" "tx791c260b01e348fda1cdd-0068e2bcb5" "proxy-server 85965" 0.0030 "-" 93246 0
Oct 05 14:45:09 np0005471276.novalocal proxy-server[85965]: ::1 ::1 05/Oct/2025/18/45/09 GET /v1/AUTH_044b6cf3b72e4ad0b2d669d50ca59d45/gnocchi.1646c09a-f154-493f-93c5-51519b03f092/1759320000.0_mean_300.0_v3 HTTP/1.0 200 - python-swiftclient-4.5.0 gAAAAABo4ryHW7gA... - 16 - tx791c260b01e348fda1cdd-0068e2bcb5 - 0.0282 - - 1759689909.828618288 1759689909.856858015 0
Oct 05 14:45:09 np0005471276.novalocal container-server[92945]: ::1 - - [05/Oct/2025:18:45:09 +0000] "PUT /3/227280/AUTH_044b6cf3b72e4ad0b2d669d50ca59d45/gnocchi.5c2acb06-05b2-4dd2-9d6a-cdf90c9e2709/none_v3" 201 - "PUT http://[::1]:8080/1/83457/AUTH_044b6cf3b72e4ad0b2d669d50ca59d45/gnocchi.5c2acb06-05b2-4dd2-9d6a-cdf90c9e2709/none_v3" "tx580c2fdd357349dbb2840-0068e2bcb5" "object-server 93246" 0.0008 "-" 92945 0
Oct 05 14:45:09 np0005471276.novalocal object-server[93246]: ::1 - - [05/Oct/2025:18:45:09 +0000] "PUT /1/83457/AUTH_044b6cf3b72e4ad0b2d669d50ca59d45/gnocchi.5c2acb06-05b2-4dd2-9d6a-cdf90c9e2709/none_v3" 201 - "PUT http://[::1]:8080/v1/AUTH_044b6cf3b72e4ad0b2d669d50ca59d45/gnocchi.5c2acb06-05b2-4dd2-9d6a-cdf90c9e2709/none_v3" "tx580c2fdd357349dbb2840-0068e2bcb5" "proxy-server 85965" 0.0194 "-" 93246 0
Oct 05 14:45:09 np0005471276.novalocal container-server[92945]: ::1 - - [05/Oct/2025:18:45:09 +0000] "PUT /1/227280/AUTH_044b6cf3b72e4ad0b2d669d50ca59d45/gnocchi.5c2acb06-05b2-4dd2-9d6a-cdf90c9e2709/none_v3" 201 - "PUT http://[::1]:8080/2/83457/AUTH_044b6cf3b72e4ad0b2d669d50ca59d45/gnocchi.5c2acb06-05b2-4dd2-9d6a-cdf90c9e2709/none_v3" "tx580c2fdd357349dbb2840-0068e2bcb5" "object-server 93246" 0.0004 "-" 92945 0
Oct 05 14:45:09 np0005471276.novalocal object-server[93246]: ::1 - - [05/Oct/2025:18:45:09 +0000] "PUT /2/83457/AUTH_044b6cf3b72e4ad0b2d669d50ca59d45/gnocchi.5c2acb06-05b2-4dd2-9d6a-cdf90c9e2709/none_v3" 201 - "PUT http://[::1]:8080/v1/AUTH_044b6cf3b72e4ad0b2d669d50ca59d45/gnocchi.5c2acb06-05b2-4dd2-9d6a-cdf90c9e2709/none_v3" "tx580c2fdd357349dbb2840-0068e2bcb5" "proxy-server 85965" 0.0249 "-" 93246 0
Oct 05 14:45:09 np0005471276.novalocal proxy-server[85965]: ::1 ::1 05/Oct/2025/18/45/09 PUT /v1/AUTH_044b6cf3b72e4ad0b2d669d50ca59d45/gnocchi.5c2acb06-05b2-4dd2-9d6a-cdf90c9e2709/none_v3 HTTP/1.0 201 - python-swiftclient-4.5.0 gAAAAABo4ryD2OD-... 48 - - tx580c2fdd357349dbb2840-0068e2bcb5 - 0.0364 - - 1759689909.832426310 1759689909.868804455 0
Oct 05 14:45:09 np0005471276.novalocal container-server[92944]: ::1 - - [05/Oct/2025:18:45:09 +0000] "PUT /3/139324/AUTH_044b6cf3b72e4ad0b2d669d50ca59d45/gnocchi.1646c09a-f154-493f-93c5-51519b03f092/1759320000.0_mean_300.0_v3" 201 - "PUT http://[::1]:8080/1/252827/AUTH_044b6cf3b72e4ad0b2d669d50ca59d45/gnocchi.1646c09a-f154-493f-93c5-51519b03f092/1759320000.0_mean_300.0_v3" "tx9da5c78d800e46368a5e4-0068e2bcb5" "object-server 93246" 0.0005 "-" 92944 0
Oct 05 14:45:09 np0005471276.novalocal object-server[93246]: ::1 - - [05/Oct/2025:18:45:09 +0000] "PUT /1/252827/AUTH_044b6cf3b72e4ad0b2d669d50ca59d45/gnocchi.1646c09a-f154-493f-93c5-51519b03f092/1759320000.0_mean_300.0_v3" 201 - "PUT http://[::1]:8080/v1/AUTH_044b6cf3b72e4ad0b2d669d50ca59d45/gnocchi.1646c09a-f154-493f-93c5-51519b03f092/1759320000.0_mean_300.0_v3" "tx9da5c78d800e46368a5e4-0068e2bcb5" "proxy-server 85965" 0.0089 "-" 93246 0
Oct 05 14:45:09 np0005471276.novalocal container-server[92945]: ::1 - - [05/Oct/2025:18:45:09 +0000] "PUT /1/139324/AUTH_044b6cf3b72e4ad0b2d669d50ca59d45/gnocchi.1646c09a-f154-493f-93c5-51519b03f092/1759320000.0_mean_300.0_v3" 201 - "PUT http://[::1]:8080/2/252827/AUTH_044b6cf3b72e4ad0b2d669d50ca59d45/gnocchi.1646c09a-f154-493f-93c5-51519b03f092/1759320000.0_mean_300.0_v3" "tx9da5c78d800e46368a5e4-0068e2bcb5" "object-server 93245" 0.0008 "-" 92945 0
Oct 05 14:45:09 np0005471276.novalocal object-server[93245]: ::1 - - [05/Oct/2025:18:45:09 +0000] "PUT /2/252827/AUTH_044b6cf3b72e4ad0b2d669d50ca59d45/gnocchi.1646c09a-f154-493f-93c5-51519b03f092/1759320000.0_mean_300.0_v3" 201 - "PUT http://[::1]:8080/v1/AUTH_044b6cf3b72e4ad0b2d669d50ca59d45/gnocchi.1646c09a-f154-493f-93c5-51519b03f092/1759320000.0_mean_300.0_v3" "tx9da5c78d800e46368a5e4-0068e2bcb5" "proxy-server 85965" 0.0129 "-" 93245 0
