Oct 05 14:44:51 np0005471276.novalocal haproxy-metadata-proxy-47a756f7-53c8-45ea-a86e-2ec8027dd9f4[99477]: ::ffff:10.100.0.10:37058 [05/Oct/2025:14:44:51.679] listener listener/metadata 0/0/0/29/29 200 185 - - ---- 1/1/0/0/0 0/0 "GET /2009-04-04/meta-data/hostname HTTP/1.1"
Oct 05 14:44:51 np0005471276.novalocal haproxy-metadata-proxy-47a756f7-53c8-45ea-a86e-2ec8027dd9f4[99477]: ::ffff:10.100.0.10:37064 [05/Oct/2025:14:44:51.747] listener listener/metadata 0/0/0/23/23 200 185 - - ---- 1/1/0/0/0 0/0 "GET /2009-04-04/meta-data/local-hostname HTTP/1.1"
Oct 05 14:44:51 np0005471276.novalocal haproxy-metadata-proxy-47a756f7-53c8-45ea-a86e-2ec8027dd9f4[99477]: ::ffff:10.100.0.10:37074 [05/Oct/2025:14:44:51.809] listener listener/metadata 0/0/0/29/29 200 215 - - ---- 1/1/0/0/0 0/0 "GET /2009-04-04/user-data HTTP/1.1"
Oct 05 14:44:51 np0005471276.novalocal haproxy-metadata-proxy-47a756f7-53c8-45ea-a86e-2ec8027dd9f4[99477]: ::ffff:10.100.0.10:37084 [05/Oct/2025:14:44:51.873] listener listener/metadata 0/0/0/37/37 200 127 - - ---- 1/1/0/0/0 0/0 "GET /2009-04-04/meta-data/block-device-mapping HTTP/1.1"
Oct 05 14:44:51 np0005471276.novalocal haproxy-metadata-proxy-47a756f7-53c8-45ea-a86e-2ec8027dd9f4[99477]: ::ffff:10.100.0.10:37094 [05/Oct/2025:14:44:51.941] listener listener/metadata 0/0/0/28/28 200 122 - - ---- 1/1/0/0/0 0/0 "GET /2009-04-04/meta-data/block-device-mapping/ami HTTP/1.1"
Oct 05 14:44:52 np0005471276.novalocal haproxy-metadata-proxy-47a756f7-53c8-45ea-a86e-2ec8027dd9f4[99477]: ::ffff:10.100.0.10:37104 [05/Oct/2025:14:44:52.013] listener listener/metadata 0/0/0/25/25 200 127 - - ---- 1/1/0/0/0 0/0 "GET /2009-04-04/meta-data/block-device-mapping/root HTTP/1.1"
Oct 05 14:44:52 np0005471276.novalocal haproxy-metadata-proxy-47a756f7-53c8-45ea-a86e-2ec8027dd9f4[99477]: ::ffff:10.100.0.10:37106 [05/Oct/2025:14:44:52.073] listener listener/metadata 0/0/0/19/19 200 185 - - ---- 1/1/0/0/0 0/0 "GET /2009-04-04/meta-data/public-hostname HTTP/1.1"
Oct 05 14:44:52 np0005471276.novalocal haproxy-metadata-proxy-47a756f7-53c8-45ea-a86e-2ec8027dd9f4[99477]: ::ffff:10.100.0.10:37112 [05/Oct/2025:14:44:52.135] listener listener/metadata 0/0/0/21/21 200 123 - - ---- 1/1/0/0/0 0/0 "GET /2009-04-04/meta-data/placement/availability-zone HTTP/1.1"
Oct 05 14:44:52 np0005471276.novalocal kernel: tap366a5d0a-00: entered promiscuous mode
Oct 05 14:44:52 np0005471276.novalocal NetworkManager[861]: [1759689892.7408] manager: (tap366a5d0a-00): 'openvswitch' plugin not available; creating generic device
Oct 05 14:44:52 np0005471276.novalocal NetworkManager[861]: [1759689892.7431] manager: (tap366a5d0a-00): new Generic device (/org/freedesktop/NetworkManager/Devices/31)
Oct 05 14:44:53 np0005471276.novalocal dnsmasq[100574]: started, version 2.85 cachesize 150
Oct 05 14:44:53 np0005471276.novalocal dnsmasq[100574]: DNS service limited to local subnets
Oct 05 14:44:53 np0005471276.novalocal dnsmasq[100574]: compile time options: IPv6 GNU-getopt DBus no-UBus no-i18n IDN2 DHCP DHCPv6 no-Lua TFTP no-conntrack ipset auth cryptohash DNSSEC loop-detect inotify dumpfile
Oct 05 14:44:53 np0005471276.novalocal dnsmasq[100574]: warning: no upstream servers configured
Oct 05 14:44:53 np0005471276.novalocal dnsmasq-dhcp[100574]: DHCP, static leases only on 10.100.0.0, lease time 1d
Oct 05 14:44:53 np0005471276.novalocal dnsmasq[100574]: read /var/lib/neutron/dhcp/5b9c995c-dcff-4f43-b7ea-9ee3a68f64d7/addn_hosts - 0 addresses
Oct 05 14:44:53 np0005471276.novalocal dnsmasq-dhcp[100574]: read /var/lib/neutron/dhcp/5b9c995c-dcff-4f43-b7ea-9ee3a68f64d7/host
Oct 05 14:44:53 np0005471276.novalocal dnsmasq-dhcp[100574]: read /var/lib/neutron/dhcp/5b9c995c-dcff-4f43-b7ea-9ee3a68f64d7/opts
Oct 05 14:44:53 np0005471276.novalocal dnsmasq[100574]: read /var/lib/neutron/dhcp/5b9c995c-dcff-4f43-b7ea-9ee3a68f64d7/addn_hosts - 1 addresses
Oct 05 14:44:53 np0005471276.novalocal dnsmasq-dhcp[100574]: read /var/lib/neutron/dhcp/5b9c995c-dcff-4f43-b7ea-9ee3a68f64d7/host
Oct 05 14:44:53 np0005471276.novalocal dnsmasq-dhcp[100574]: read /var/lib/neutron/dhcp/5b9c995c-dcff-4f43-b7ea-9ee3a68f64d7/opts
Oct 05 14:44:53 np0005471276.novalocal dnsmasq[100574]: read /var/lib/neutron/dhcp/5b9c995c-dcff-4f43-b7ea-9ee3a68f64d7/addn_hosts - 1 addresses
Oct 05 14:44:53 np0005471276.novalocal dnsmasq-dhcp[100574]: read /var/lib/neutron/dhcp/5b9c995c-dcff-4f43-b7ea-9ee3a68f64d7/host
Oct 05 14:44:53 np0005471276.novalocal dnsmasq-dhcp[100574]: read /var/lib/neutron/dhcp/5b9c995c-dcff-4f43-b7ea-9ee3a68f64d7/opts
Oct 05 14:44:53 np0005471276.novalocal kernel: qg-08ebf39a-aa: entered promiscuous mode
Oct 05 14:44:53 np0005471276.novalocal NetworkManager[861]: [1759689893.8905] manager: (qg-08ebf39a-aa): 'openvswitch' plugin not available; creating generic device
Oct 05 14:44:53 np0005471276.novalocal NetworkManager[861]: [1759689893.8916] manager: (qg-08ebf39a-aa): new Generic device (/org/freedesktop/NetworkManager/Devices/32)
Oct 05 14:44:53 np0005471276.novalocal systemd-udevd[100537]: Network interface NamePolicy= disabled on kernel command line.
Oct 05 14:44:53 np0005471276.novalocal libvirtd[95208]: ethtool ioctl error on qg-08ebf39a-aa: No such device
Oct 05 14:44:53 np0005471276.novalocal libvirtd[95208]: ethtool ioctl error on qg-08ebf39a-aa: No such device
Oct 05 14:44:53 np0005471276.novalocal libvirtd[95208]: ethtool ioctl error on qg-08ebf39a-aa: No such device
Oct 05 14:44:53 np0005471276.novalocal libvirtd[95208]: ethtool ioctl error on qg-08ebf39a-aa: No such device
Oct 05 14:44:53 np0005471276.novalocal libvirtd[95208]: ethtool ioctl error on qg-08ebf39a-aa: No such device
Oct 05 14:44:53 np0005471276.novalocal dnsmasq[100574]: read /var/lib/neutron/dhcp/5b9c995c-dcff-4f43-b7ea-9ee3a68f64d7/addn_hosts - 1 addresses
Oct 05 14:44:53 np0005471276.novalocal dnsmasq-dhcp[100574]: read /var/lib/neutron/dhcp/5b9c995c-dcff-4f43-b7ea-9ee3a68f64d7/host
Oct 05 14:44:53 np0005471276.novalocal dnsmasq-dhcp[100574]: read /var/lib/neutron/dhcp/5b9c995c-dcff-4f43-b7ea-9ee3a68f64d7/opts
Oct 05 14:44:53 np0005471276.novalocal libvirtd[95208]: ethtool ioctl error on qg-08ebf39a-aa: No such device
Oct 05 14:44:53 np0005471276.novalocal libvirtd[95208]: ethtool ioctl error on qg-08ebf39a-aa: No such device
Oct 05 14:44:53 np0005471276.novalocal libvirtd[95208]: ethtool ioctl error on qg-08ebf39a-aa: No such device
Oct 05 14:44:55 np0005471276.novalocal kernel: qr-335987a4-1f: entered promiscuous mode
Oct 05 14:44:55 np0005471276.novalocal NetworkManager[861]: [1759689895.9304] manager: (qr-335987a4-1f): 'openvswitch' plugin not available; creating generic device
Oct 05 14:44:55 np0005471276.novalocal NetworkManager[861]: [1759689895.9315] manager: (qr-335987a4-1f): new Generic device (/org/freedesktop/NetworkManager/Devices/33)
Oct 05 14:44:57 np0005471276.novalocal object-server[86575]: Starting object reconstruction pass.
Oct 05 14:44:57 np0005471276.novalocal object-server[86575]: Nothing reconstructed for 0.001407623291015625 seconds.
Oct 05 14:44:57 np0005471276.novalocal object-server[86575]: Object reconstruction complete. (0.00 minutes)
Oct 05 14:44:57 np0005471276.novalocal container-server[92944]: ::1 - - [05/Oct/2025:18:44:57 +0000] "HEAD /2/35050/AUTH_044b6cf3b72e4ad0b2d669d50ca59d45/gnocchi.1ca892f0-7ed2-4d6c-a42a-e9efcaeb7771" 404 - "HEAD http://[::1]:8080/v1/AUTH_044b6cf3b72e4ad0b2d669d50ca59d45/gnocchi.1ca892f0-7ed2-4d6c-a42a-e9efcaeb7771" "tx59e820a6835243d88c046-0068e2bca9" "proxy-server 85965" 0.0003 "-" 92944 0
Oct 05 14:44:57 np0005471276.novalocal container-server[92944]: ::1 - - [05/Oct/2025:18:44:57 +0000] "HEAD /3/35050/AUTH_044b6cf3b72e4ad0b2d669d50ca59d45/gnocchi.1ca892f0-7ed2-4d6c-a42a-e9efcaeb7771" 404 - "HEAD http://[::1]:8080/v1/AUTH_044b6cf3b72e4ad0b2d669d50ca59d45/gnocchi.1ca892f0-7ed2-4d6c-a42a-e9efcaeb7771" "tx59e820a6835243d88c046-0068e2bca9" "proxy-server 85965" 0.0002 "-" 92944 0
Oct 05 14:44:57 np0005471276.novalocal container-server[92945]: ::1 - - [05/Oct/2025:18:44:57 +0000] "HEAD /1/35050/AUTH_044b6cf3b72e4ad0b2d669d50ca59d45/gnocchi.1ca892f0-7ed2-4d6c-a42a-e9efcaeb7771" 404 - "HEAD http://[::1]:8080/v1/AUTH_044b6cf3b72e4ad0b2d669d50ca59d45/gnocchi.1ca892f0-7ed2-4d6c-a42a-e9efcaeb7771" "tx59e820a6835243d88c046-0068e2bca9" "proxy-server 85965" 0.0006 "-" 92945 0
Oct 05 14:44:57 np0005471276.novalocal proxy-server[85965]: - - 05/Oct/2025/18/44/57 HEAD /v1/AUTH_044b6cf3b72e4ad0b2d669d50ca59d45/gnocchi.1ca892f0-7ed2-4d6c-a42a-e9efcaeb7771 HTTP/1.0 404 - Swift - - - - tx59e820a6835243d88c046-0068e2bca9 - 0.0142 CS - 1759689897.276656151 1759689897.290892363 0
Oct 05 14:44:57 np0005471276.novalocal object-server[93246]: ::1 - - [05/Oct/2025:18:44:57 +0000] "GET /1/157896/AUTH_044b6cf3b72e4ad0b2d669d50ca59d45/gnocchi.1ca892f0-7ed2-4d6c-a42a-e9efcaeb7771/none_v3" 404 70 "GET http://[::1]:8080/v1/AUTH_044b6cf3b72e4ad0b2d669d50ca59d45/gnocchi.1ca892f0-7ed2-4d6c-a42a-e9efcaeb7771/none_v3" "tx59e820a6835243d88c046-0068e2bca9" "proxy-server 85965" 0.0003 "-" 93246 0
Oct 05 14:44:57 np0005471276.novalocal object-server[93246]: ::1 - - [05/Oct/2025:18:44:57 +0000] "GET /3/157896/AUTH_044b6cf3b72e4ad0b2d669d50ca59d45/gnocchi.1ca892f0-7ed2-4d6c-a42a-e9efcaeb7771/none_v3" 404 70 "GET http://[::1]:8080/v1/AUTH_044b6cf3b72e4ad0b2d669d50ca59d45/gnocchi.1ca892f0-7ed2-4d6c-a42a-e9efcaeb7771/none_v3" "tx59e820a6835243d88c046-0068e2bca9" "proxy-server 85965" 0.0002 "-" 93246 0
Oct 05 14:44:57 np0005471276.novalocal object-server[93245]: ::1 - - [05/Oct/2025:18:44:57 +0000] "GET /2/157896/AUTH_044b6cf3b72e4ad0b2d669d50ca59d45/gnocchi.1ca892f0-7ed2-4d6c-a42a-e9efcaeb7771/none_v3" 404 70 "GET http://[::1]:8080/v1/AUTH_044b6cf3b72e4ad0b2d669d50ca59d45/gnocchi.1ca892f0-7ed2-4d6c-a42a-e9efcaeb7771/none_v3" "tx59e820a6835243d88c046-0068e2bca9" "proxy-server 85965" 0.0003 "-" 93245 0
Oct 05 14:44:57 np0005471276.novalocal proxy-server[85965]: ::1 ::1 05/Oct/2025/18/44/57 GET /v1/AUTH_044b6cf3b72e4ad0b2d669d50ca59d45/gnocchi.1ca892f0-7ed2-4d6c-a42a-e9efcaeb7771/none_v3 HTTP/1.0 404 - python-swiftclient-4.5.0 gAAAAABo4ryD2OD-... - 70 - tx59e820a6835243d88c046-0068e2bca9 - 0.0337 - - 1759689897.274946213 1759689897.308630705 0
Oct 05 14:44:57 np0005471276.novalocal container-server[92945]: ::1 - - [05/Oct/2025:18:44:57 +0000] "HEAD /1/96005/AUTH_044b6cf3b72e4ad0b2d669d50ca59d45/gnocchi.fd2ef004-560b-4e86-b8bf-a4df4b53ee27" 404 - "HEAD http://[::1]:8080/v1/AUTH_044b6cf3b72e4ad0b2d669d50ca59d45/gnocchi.fd2ef004-560b-4e86-b8bf-a4df4b53ee27" "tx49d08177cf944047a855b-0068e2bca9" "proxy-server 85965" 0.0004 "-" 92945 0
Oct 05 14:44:57 np0005471276.novalocal account-server[92646]: ::1 - - [05/Oct/2025:18:44:57 +0000] "PUT /3/100595/AUTH_044b6cf3b72e4ad0b2d669d50ca59d45/gnocchi.1ca892f0-7ed2-4d6c-a42a-e9efcaeb7771" 201 - "PUT http://[::1]:6001/1/35050/AUTH_044b6cf3b72e4ad0b2d669d50ca59d45/gnocchi.1ca892f0-7ed2-4d6c-a42a-e9efcaeb7771" "tx6d3ad08f0afd4ae39d6f7-0068e2bca9" "container-server 92945" 0.0102 "-" 92646 0
Oct 05 14:44:57 np0005471276.novalocal container-server[92944]: ::1 - - [05/Oct/2025:18:44:57 +0000] "HEAD /3/96005/AUTH_044b6cf3b72e4ad0b2d669d50ca59d45/gnocchi.fd2ef004-560b-4e86-b8bf-a4df4b53ee27" 404 - "HEAD http://[::1]:8080/v1/AUTH_044b6cf3b72e4ad0b2d669d50ca59d45/gnocchi.fd2ef004-560b-4e86-b8bf-a4df4b53ee27" "tx49d08177cf944047a855b-0068e2bca9" "proxy-server 85965" 0.0002 "-" 92944 0
Oct 05 14:44:57 np0005471276.novalocal container-server[92945]: ::1 - - [05/Oct/2025:18:44:57 +0000] "PUT /1/35050/AUTH_044b6cf3b72e4ad0b2d669d50ca59d45/gnocchi.1ca892f0-7ed2-4d6c-a42a-e9efcaeb7771" 201 - "PUT http://[::1]:8080/v1/AUTH_044b6cf3b72e4ad0b2d669d50ca59d45/gnocchi.1ca892f0-7ed2-4d6c-a42a-e9efcaeb7771" "tx6d3ad08f0afd4ae39d6f7-0068e2bca9" "proxy-server 85965" 0.0304 "-" 92945 0
Oct 05 14:44:57 np0005471276.novalocal container-server[92944]: ::1 - - [05/Oct/2025:18:44:57 +0000] "HEAD /2/96005/AUTH_044b6cf3b72e4ad0b2d669d50ca59d45/gnocchi.fd2ef004-560b-4e86-b8bf-a4df4b53ee27" 404 - "HEAD http://[::1]:8080/v1/AUTH_044b6cf3b72e4ad0b2d669d50ca59d45/gnocchi.fd2ef004-560b-4e86-b8bf-a4df4b53ee27" "tx49d08177cf944047a855b-0068e2bca9" "proxy-server 85965" 0.0001 "-" 92944 0
Oct 05 14:44:57 np0005471276.novalocal account-server[92647]: ::1 - - [05/Oct/2025:18:44:57 +0000] "PUT /2/100595/AUTH_044b6cf3b72e4ad0b2d669d50ca59d45/gnocchi.1ca892f0-7ed2-4d6c-a42a-e9efcaeb7771" 201 - "PUT http://[::1]:6001/3/35050/AUTH_044b6cf3b72e4ad0b2d669d50ca59d45/gnocchi.1ca892f0-7ed2-4d6c-a42a-e9efcaeb7771" "tx6d3ad08f0afd4ae39d6f7-0068e2bca9" "container-server 92944" 0.0051 "-" 92647 0
Oct 05 14:44:57 np0005471276.novalocal container-server[92944]: ::1 - - [05/Oct/2025:18:44:57 +0000] "PUT /3/35050/AUTH_044b6cf3b72e4ad0b2d669d50ca59d45/gnocchi.1ca892f0-7ed2-4d6c-a42a-e9efcaeb7771" 201 - "PUT http://[::1]:8080/v1/AUTH_044b6cf3b72e4ad0b2d669d50ca59d45/gnocchi.1ca892f0-7ed2-4d6c-a42a-e9efcaeb7771" "tx6d3ad08f0afd4ae39d6f7-0068e2bca9" "proxy-server 85965" 0.0189 "-" 92944 0
Oct 05 14:44:57 np0005471276.novalocal proxy-server[85965]: - - 05/Oct/2025/18/44/57 HEAD /v1/AUTH_044b6cf3b72e4ad0b2d669d50ca59d45/gnocchi.fd2ef004-560b-4e86-b8bf-a4df4b53ee27 HTTP/1.0 404 - Swift - - - - tx49d08177cf944047a855b-0068e2bca9 - 0.0284 CS - 1759689897.325160027 1759689897.353513002 0
Oct 05 14:44:57 np0005471276.novalocal account-server[92647]: ::1 - - [05/Oct/2025:18:44:57 +0000] "PUT /1/100595/AUTH_044b6cf3b72e4ad0b2d669d50ca59d45/gnocchi.1ca892f0-7ed2-4d6c-a42a-e9efcaeb7771" 201 - "PUT http://[::1]:6001/2/35050/AUTH_044b6cf3b72e4ad0b2d669d50ca59d45/gnocchi.1ca892f0-7ed2-4d6c-a42a-e9efcaeb7771" "tx6d3ad08f0afd4ae39d6f7-0068e2bca9" "container-server 92944" 0.0038 "-" 92647 0
Oct 05 14:44:57 np0005471276.novalocal container-server[92944]: ::1 - - [05/Oct/2025:18:44:57 +0000] "PUT /2/35050/AUTH_044b6cf3b72e4ad0b2d669d50ca59d45/gnocchi.1ca892f0-7ed2-4d6c-a42a-e9efcaeb7771" 201 - "PUT http://[::1]:8080/v1/AUTH_044b6cf3b72e4ad0b2d669d50ca59d45/gnocchi.1ca892f0-7ed2-4d6c-a42a-e9efcaeb7771" "tx6d3ad08f0afd4ae39d6f7-0068e2bca9" "proxy-server 85965" 0.0390 "-" 92944 0
Oct 05 14:44:57 np0005471276.novalocal object-server[93246]: ::1 - - [05/Oct/2025:18:44:57 +0000] "GET /2/90472/AUTH_044b6cf3b72e4ad0b2d669d50ca59d45/gnocchi.fd2ef004-560b-4e86-b8bf-a4df4b53ee27/none_v3" 404 70 "GET http://[::1]:8080/v1/AUTH_044b6cf3b72e4ad0b2d669d50ca59d45/gnocchi.fd2ef004-560b-4e86-b8bf-a4df4b53ee27/none_v3" "tx49d08177cf944047a855b-0068e2bca9" "proxy-server 85965" 0.0002 "-" 93246 0
Oct 05 14:44:57 np0005471276.novalocal object-server[93246]: ::1 - - [05/Oct/2025:18:44:57 +0000] "GET /1/90472/AUTH_044b6cf3b72e4ad0b2d669d50ca59d45/gnocchi.fd2ef004-560b-4e86-b8bf-a4df4b53ee27/none_v3" 404 70 "GET http://[::1]:8080/v1/AUTH_044b6cf3b72e4ad0b2d669d50ca59d45/gnocchi.fd2ef004-560b-4e86-b8bf-a4df4b53ee27/none_v3" "tx49d08177cf944047a855b-0068e2bca9" "proxy-server 85965" 0.0002 "-" 93246 0
Oct 05 14:44:57 np0005471276.novalocal proxy-server[85965]: ::1 ::1 05/Oct/2025/18/44/57 PUT /v1/AUTH_044b6cf3b72e4ad0b2d669d50ca59d45/gnocchi.1ca892f0-7ed2-4d6c-a42a-e9efcaeb7771 HTTP/1.0 201 - python-swiftclient-4.5.0 gAAAAABo4ryD2OD-... - - - tx6d3ad08f0afd4ae39d6f7-0068e2bca9 - 0.0537 - - 1759689897.312112331 1759689897.365780830 0
Oct 05 14:44:57 np0005471276.novalocal object-server[93246]: ::1 - - [05/Oct/2025:18:44:57 +0000] "GET /3/90472/AUTH_044b6cf3b72e4ad0b2d669d50ca59d45/gnocchi.fd2ef004-560b-4e86-b8bf-a4df4b53ee27/none_v3" 404 70 "GET http://[::1]:8080/v1/AUTH_044b6cf3b72e4ad0b2d669d50ca59d45/gnocchi.fd2ef004-560b-4e86-b8bf-a4df4b53ee27/none_v3" "tx49d08177cf944047a855b-0068e2bca9" "proxy-server 85965" 0.0004 "-" 93246 0
Oct 05 14:44:57 np0005471276.novalocal proxy-server[85965]: ::1 ::1 05/Oct/2025/18/44/57 GET /v1/AUTH_044b6cf3b72e4ad0b2d669d50ca59d45/gnocchi.fd2ef004-560b-4e86-b8bf-a4df4b53ee27/none_v3 HTTP/1.0 404 - python-swiftclient-4.5.0 gAAAAABo4ryHW7gA... - 70 - tx49d08177cf944047a855b-0068e2bca9 - 0.0486 - - 1759689897.324141502 1759689897.372757673 0
Oct 05 14:44:57 np0005471276.novalocal container-server[92944]: ::1 - - [05/Oct/2025:18:44:57 +0000] "HEAD /1/35050/AUTH_044b6cf3b72e4ad0b2d669d50ca59d45/gnocchi.1ca892f0-7ed2-4d6c-a42a-e9efcaeb7771" 204 - "HEAD http://[::1]:8080/v1/AUTH_044b6cf3b72e4ad0b2d669d50ca59d45/gnocchi.1ca892f0-7ed2-4d6c-a42a-e9efcaeb7771" "tx629bc59773a44c24b787c-0068e2bca9" "proxy-server 85965" 0.0015 "-" 92944 0
Oct 05 14:44:57 np0005471276.novalocal proxy-server[85965]: - - 05/Oct/2025/18/44/57 HEAD /v1/AUTH_044b6cf3b72e4ad0b2d669d50ca59d45/gnocchi.1ca892f0-7ed2-4d6c-a42a-e9efcaeb7771 HTTP/1.0 204 - Swift - - - - tx629bc59773a44c24b787c-0068e2bca9 - 0.0068 CS - 1759689897.371153355 1759689897.377950191 0
Oct 05 14:44:57 np0005471276.novalocal container-server[92945]: ::1 - - [05/Oct/2025:18:44:57 +0000] "GET /2/35050/AUTH_044b6cf3b72e4ad0b2d669d50ca59d45/gnocchi.1ca892f0-7ed2-4d6c-a42a-e9efcaeb7771" 200 2 "GET http://[::1]:8080/v1/AUTH_044b6cf3b72e4ad0b2d669d50ca59d45/gnocchi.1ca892f0-7ed2-4d6c-a42a-e9efcaeb7771?format=json&states=listing" "tx629bc59773a44c24b787c-0068e2bca9" "proxy-server 85965" 0.0025 "-" 92945 0
Oct 05 14:44:57 np0005471276.novalocal proxy-server[85965]: ::1 ::1 05/Oct/2025/18/44/57 GET /v1/AUTH_044b6cf3b72e4ad0b2d669d50ca59d45/gnocchi.1ca892f0-7ed2-4d6c-a42a-e9efcaeb7771%3Fformat%3Djson%26states%3Dlisting HTTP/1.0 200 - python-swiftclient-4.5.0 gAAAAABo4ryD2OD-... - 2 - tx629bc59773a44c24b787c-0068e2bca9 - 0.0213 - - 1759689897.369356871 1759689897.390706539 0
Oct 05 14:44:57 np0005471276.novalocal object-server[93246]: ::1 - - [05/Oct/2025:18:44:57 +0000] "GET /1/229858/AUTH_044b6cf3b72e4ad0b2d669d50ca59d45/gnocchi.1ca892f0-7ed2-4d6c-a42a-e9efcaeb7771/1759320000.0_mean_300.0_v3" 404 70 "GET http://[::1]:8080/v1/AUTH_044b6cf3b72e4ad0b2d669d50ca59d45/gnocchi.1ca892f0-7ed2-4d6c-a42a-e9efcaeb7771/1759320000.0_mean_300.0_v3" "tx69910c73637a43b1a035b-0068e2bca9" "proxy-server 85965" 0.0003 "-" 93246 0
Oct 05 14:44:57 np0005471276.novalocal object-server[93246]: ::1 - - [05/Oct/2025:18:44:57 +0000] "GET /2/229858/AUTH_044b6cf3b72e4ad0b2d669d50ca59d45/gnocchi.1ca892f0-7ed2-4d6c-a42a-e9efcaeb7771/1759320000.0_mean_300.0_v3" 404 70 "GET http://[::1]:8080/v1/AUTH_044b6cf3b72e4ad0b2d669d50ca59d45/gnocchi.1ca892f0-7ed2-4d6c-a42a-e9efcaeb7771/1759320000.0_mean_300.0_v3" "tx69910c73637a43b1a035b-0068e2bca9" "proxy-server 85965" 0.0002 "-" 93246 0
Oct 05 14:44:57 np0005471276.novalocal object-server[93246]: ::1 - - [05/Oct/2025:18:44:57 +0000] "GET /3/229858/AUTH_044b6cf3b72e4ad0b2d669d50ca59d45/gnocchi.1ca892f0-7ed2-4d6c-a42a-e9efcaeb7771/1759320000.0_mean_300.0_v3" 404 70 "GET http://[::1]:8080/v1/AUTH_044b6cf3b72e4ad0b2d669d50ca59d45/gnocchi.1ca892f0-7ed2-4d6c-a42a-e9efcaeb7771/1759320000.0_mean_300.0_v3" "tx69910c73637a43b1a035b-0068e2bca9" "proxy-server 85965" 0.0002 "-" 93246 0
Oct 05 14:44:57 np0005471276.novalocal proxy-server[85965]: ::1 ::1 05/Oct/2025/18/44/57 GET /v1/AUTH_044b6cf3b72e4ad0b2d669d50ca59d45/gnocchi.1ca892f0-7ed2-4d6c-a42a-e9efcaeb7771/1759320000.0_mean_300.0_v3 HTTP/1.0 404 - python-swiftclient-4.5.0 gAAAAABo4ryD2OD-... - 70 - tx69910c73637a43b1a035b-0068e2bca9 - 0.0115 - - 1759689897.395378590 1759689897.406908751 0
Oct 05 14:44:57 np0005471276.novalocal account-server[92646]: ::1 - - [05/Oct/2025:18:44:57 +0000] "PUT /1/100595/AUTH_044b6cf3b72e4ad0b2d669d50ca59d45/gnocchi.fd2ef004-560b-4e86-b8bf-a4df4b53ee27" 201 - "PUT http://[::1]:6001/2/96005/AUTH_044b6cf3b72e4ad0b2d669d50ca59d45/gnocchi.fd2ef004-560b-4e86-b8bf-a4df4b53ee27" "tx2b1e4c5e311f4a5589f20-0068e2bca9" "container-server 92945" 0.0077 "-" 92646 0
Oct 05 14:44:57 np0005471276.novalocal container-server[92945]: ::1 - - [05/Oct/2025:18:44:57 +0000] "PUT /2/96005/AUTH_044b6cf3b72e4ad0b2d669d50ca59d45/gnocchi.fd2ef004-560b-4e86-b8bf-a4df4b53ee27" 201 - "PUT http://[::1]:8080/v1/AUTH_044b6cf3b72e4ad0b2d669d50ca59d45/gnocchi.fd2ef004-560b-4e86-b8bf-a4df4b53ee27" "tx2b1e4c5e311f4a5589f20-0068e2bca9" "proxy-server 85965" 0.0224 "-" 92945 0
Oct 05 14:44:57 np0005471276.novalocal container-server[92945]: ::1 - - [05/Oct/2025:18:44:57 +0000] "PUT /1/35050/AUTH_044b6cf3b72e4ad0b2d669d50ca59d45/gnocchi.1ca892f0-7ed2-4d6c-a42a-e9efcaeb7771/1759320000.0_mean_300.0_v3" 201 - "PUT http://[::1]:8080/3/229858/AUTH_044b6cf3b72e4ad0b2d669d50ca59d45/gnocchi.1ca892f0-7ed2-4d6c-a42a-e9efcaeb7771/1759320000.0_mean_300.0_v3" "txa2db35e1720943b3a0f02-0068e2bca9" "object-server 93245" 0.0011 "-" 92945 0
Oct 05 14:44:57 np0005471276.novalocal object-server[93245]: ::1 - - [05/Oct/2025:18:44:57 +0000] "PUT /3/229858/AUTH_044b6cf3b72e4ad0b2d669d50ca59d45/gnocchi.1ca892f0-7ed2-4d6c-a42a-e9efcaeb7771/1759320000.0_mean_300.0_v3" 201 - "PUT http://[::1]:8080/v1/AUTH_044b6cf3b72e4ad0b2d669d50ca59d45/gnocchi.1ca892f0-7ed2-4d6c-a42a-e9efcaeb7771/1759320000.0_mean_300.0_v3" "txa2db35e1720943b3a0f02-0068e2bca9" "proxy-server 85965" 0.0144 "-" 93245 0
Oct 05 14:44:57 np0005471276.novalocal container-server[92945]: ::1 - - [05/Oct/2025:18:44:57 +0000] "PUT /2/35050/AUTH_044b6cf3b72e4ad0b2d669d50ca59d45/gnocchi.1ca892f0-7ed2-4d6c-a42a-e9efcaeb7771/1759320000.0_mean_300.0_v3" 201 - "PUT http://[::1]:8080/1/229858/AUTH_044b6cf3b72e4ad0b2d669d50ca59d45/gnocchi.1ca892f0-7ed2-4d6c-a42a-e9efcaeb7771/1759320000.0_mean_300.0_v3" "txa2db35e1720943b3a0f02-0068e2bca9" "object-server 93246" 0.0005 "-" 92945 0
Oct 05 14:44:57 np0005471276.novalocal container-server[92945]: ::1 - - [05/Oct/2025:18:44:57 +0000] "PUT /3/35050/AUTH_044b6cf3b72e4ad0b2d669d50ca59d45/gnocchi.1ca892f0-7ed2-4d6c-a42a-e9efcaeb7771/1759320000.0_mean_300.0_v3" 201 - "PUT http://[::1]:8080/2/229858/AUTH_044b6cf3b72e4ad0b2d669d50ca59d45/gnocchi.1ca892f0-7ed2-4d6c-a42a-e9efcaeb7771/1759320000.0_mean_300.0_v3" "txa2db35e1720943b3a0f02-0068e2bca9" "object-server 93246" 0.0004 "-" 92945 0
Oct 05 14:44:57 np0005471276.novalocal object-server[93246]: ::1 - - [05/Oct/2025:18:44:57 +0000] "PUT /1/229858/AUTH_044b6cf3b72e4ad0b2d669d50ca59d45/gnocchi.1ca892f0-7ed2-4d6c-a42a-e9efcaeb7771/1759320000.0_mean_300.0_v3" 201 - "PUT http://[::1]:8080/v1/AUTH_044b6cf3b72e4ad0b2d669d50ca59d45/gnocchi.1ca892f0-7ed2-4d6c-a42a-e9efcaeb7771/1759320000.0_mean_300.0_v3" "txa2db35e1720943b3a0f02-0068e2bca9" "proxy-server 85965" 0.0153 "-" 93246 0
Oct 05 14:44:57 np0005471276.novalocal account-server[92646]: ::1 - - [05/Oct/2025:18:44:57 +0000] "PUT /3/100595/AUTH_044b6cf3b72e4ad0b2d669d50ca59d45/gnocchi.fd2ef004-560b-4e86-b8bf-a4df4b53ee27" 201 - "PUT http://[::1]:6001/3/96005/AUTH_044b6cf3b72e4ad0b2d669d50ca59d45/gnocchi.fd2ef004-560b-4e86-b8bf-a4df4b53ee27" "tx2b1e4c5e311f4a5589f20-0068e2bca9" "container-server 92944" 0.0061 "-" 92646 0
Oct 05 14:44:57 np0005471276.novalocal object-server[93246]: ::1 - - [05/Oct/2025:18:44:57 +0000] "PUT /2/229858/AUTH_044b6cf3b72e4ad0b2d669d50ca59d45/gnocchi.1ca892f0-7ed2-4d6c-a42a-e9efcaeb7771/1759320000.0_mean_300.0_v3" 201 - "PUT http://[::1]:8080/v1/AUTH_044b6cf3b72e4ad0b2d669d50ca59d45/gnocchi.1ca892f0-7ed2-4d6c-a42a-e9efcaeb7771/1759320000.0_mean_300.0_v3" "txa2db35e1720943b3a0f02-0068e2bca9" "proxy-server 85965" 0.0194 "-" 93246 0
Oct 05 14:44:57 np0005471276.novalocal proxy-server[85965]: ::1 ::1 05/Oct/2025/18/44/57 PUT /v1/AUTH_044b6cf3b72e4ad0b2d669d50ca59d45/gnocchi.1ca892f0-7ed2-4d6c-a42a-e9efcaeb7771/1759320000.0_mean_300.0_v3 HTTP/1.0 201 - python-swiftclient-4.5.0 gAAAAABo4ryD2OD-... 16 - - txa2db35e1720943b3a0f02-0068e2bca9 - 0.0273 - - 1759689897.410963058 1759689897.438254356 0
Oct 05 14:44:57 np0005471276.novalocal container-server[92944]: ::1 - - [05/Oct/2025:18:44:57 +0000] "PUT /3/96005/AUTH_044b6cf3b72e4ad0b2d669d50ca59d45/gnocchi.fd2ef004-560b-4e86-b8bf-a4df4b53ee27" 201 - "PUT http://[::1]:8080/v1/AUTH_044b6cf3b72e4ad0b2d669d50ca59d45/gnocchi.fd2ef004-560b-4e86-b8bf-a4df4b53ee27" "tx2b1e4c5e311f4a5589f20-0068e2bca9" "proxy-server 85965" 0.0493 "-" 92944 0
Oct 05 14:44:57 np0005471276.novalocal account-server[92647]: ::1 - - [05/Oct/2025:18:44:57 +0000] "PUT /2/100595/AUTH_044b6cf3b72e4ad0b2d669d50ca59d45/gnocchi.fd2ef004-560b-4e86-b8bf-a4df4b53ee27" 201 - "PUT http://[::1]:6001/1/96005/AUTH_044b6cf3b72e4ad0b2d669d50ca59d45/gnocchi.fd2ef004-560b-4e86-b8bf-a4df4b53ee27" "tx2b1e4c5e311f4a5589f20-0068e2bca9" "container-server 92944" 0.0060 "-" 92647 0
Oct 05 14:44:57 np0005471276.novalocal container-server[92944]: ::1 - - [05/Oct/2025:18:44:57 +0000] "PUT /1/96005/AUTH_044b6cf3b72e4ad0b2d669d50ca59d45/gnocchi.fd2ef004-560b-4e86-b8bf-a4df4b53ee27" 201 - "PUT http://[::1]:8080/v1/AUTH_044b6cf3b72e4ad0b2d669d50ca59d45/gnocchi.fd2ef004-560b-4e86-b8bf-a4df4b53ee27" "tx2b1e4c5e311f4a5589f20-0068e2bca9" "proxy-server 85965" 0.0267 "-" 92944 0
Oct 05 14:44:57 np0005471276.novalocal proxy-server[85965]: ::1 ::1 05/Oct/2025/18/44/57 PUT /v1/AUTH_044b6cf3b72e4ad0b2d669d50ca59d45/gnocchi.fd2ef004-560b-4e86-b8bf-a4df4b53ee27 HTTP/1.0 201 - python-swiftclient-4.5.0 gAAAAABo4ryHW7gA... - - - tx2b1e4c5e311f4a5589f20-0068e2bca9 - 0.0663 - - 1759689897.376523495 1759689897.442778111 0
Oct 05 14:44:57 np0005471276.novalocal container-server[92944]: ::1 - - [05/Oct/2025:18:44:57 +0000] "HEAD /1/96005/AUTH_044b6cf3b72e4ad0b2d669d50ca59d45/gnocchi.fd2ef004-560b-4e86-b8bf-a4df4b53ee27" 204 - "HEAD http://[::1]:8080/v1/AUTH_044b6cf3b72e4ad0b2d669d50ca59d45/gnocchi.fd2ef004-560b-4e86-b8bf-a4df4b53ee27" "txec9b4fd53db44a14b4eda-0068e2bca9" "proxy-server 85965" 0.0026 "-" 92944 0
Oct 05 14:44:57 np0005471276.novalocal container-server[92945]: ::1 - - [05/Oct/2025:18:44:57 +0000] "PUT /1/35050/AUTH_044b6cf3b72e4ad0b2d669d50ca59d45/gnocchi.1ca892f0-7ed2-4d6c-a42a-e9efcaeb7771/none_v3" 201 - "PUT http://[::1]:8080/3/157896/AUTH_044b6cf3b72e4ad0b2d669d50ca59d45/gnocchi.1ca892f0-7ed2-4d6c-a42a-e9efcaeb7771/none_v3" "tx048df4ac0c9048508f295-0068e2bca9" "object-server 93246" 0.0005 "-" 92945 0
Oct 05 14:44:57 np0005471276.novalocal proxy-server[85965]: - - 05/Oct/2025/18/44/57 HEAD /v1/AUTH_044b6cf3b72e4ad0b2d669d50ca59d45/gnocchi.fd2ef004-560b-4e86-b8bf-a4df4b53ee27 HTTP/1.0 204 - Swift - - - - txec9b4fd53db44a14b4eda-0068e2bca9 - 0.0166 CS - 1759689897.450456142 1759689897.467082977 0
Oct 05 14:44:57 np0005471276.novalocal object-server[93246]: ::1 - - [05/Oct/2025:18:44:57 +0000] "PUT /3/157896/AUTH_044b6cf3b72e4ad0b2d669d50ca59d45/gnocchi.1ca892f0-7ed2-4d6c-a42a-e9efcaeb7771/none_v3" 201 - "PUT http://[::1]:8080/v1/AUTH_044b6cf3b72e4ad0b2d669d50ca59d45/gnocchi.1ca892f0-7ed2-4d6c-a42a-e9efcaeb7771/none_v3" "tx048df4ac0c9048508f295-0068e2bca9" "proxy-server 85965" 0.0158 "-" 93246 0
Oct 05 14:44:57 np0005471276.novalocal container-server[92944]: ::1 - - [05/Oct/2025:18:44:57 +0000] "PUT /2/35050/AUTH_044b6cf3b72e4ad0b2d669d50ca59d45/gnocchi.1ca892f0-7ed2-4d6c-a42a-e9efcaeb7771/none_v3" 201 - "PUT http://[::1]:8080/2/157896/AUTH_044b6cf3b72e4ad0b2d669d50ca59d45/gnocchi.1ca892f0-7ed2-4d6c-a42a-e9efcaeb7771/none_v3" "tx048df4ac0c9048508f295-0068e2bca9" "object-server 93246" 0.0010 "-" 92944 0
Oct 05 14:44:57 np0005471276.novalocal container-server[92945]: ::1 - - [05/Oct/2025:18:44:57 +0000] "PUT /3/35050/AUTH_044b6cf3b72e4ad0b2d669d50ca59d45/gnocchi.1ca892f0-7ed2-4d6c-a42a-e9efcaeb7771/none_v3" 201 - "PUT http://[::1]:8080/1/157896/AUTH_044b6cf3b72e4ad0b2d669d50ca59d45/gnocchi.1ca892f0-7ed2-4d6c-a42a-e9efcaeb7771/none_v3" "tx048df4ac0c9048508f295-0068e2bca9" "object-server 93246" 0.0005 "-" 92945 0
Oct 05 14:44:57 np0005471276.novalocal object-server[93246]: ::1 - - [05/Oct/2025:18:44:57 +0000] "PUT /2/157896/AUTH_044b6cf3b72e4ad0b2d669d50ca59d45/gnocchi.1ca892f0-7ed2-4d6c-a42a-e9efcaeb7771/none_v3" 201 - "PUT http://[::1]:8080/v1/AUTH_044b6cf3b72e4ad0b2d669d50ca59d45/gnocchi.1ca892f0-7ed2-4d6c-a42a-e9efcaeb7771/none_v3" "tx048df4ac0c9048508f295-0068e2bca9" "proxy-server 85965" 0.0220 "-" 93246 0
Oct 05 14:44:57 np0005471276.novalocal object-server[93246]: ::1 - - [05/Oct/2025:18:44:57 +0000] "PUT /1/157896/AUTH_044b6cf3b72e4ad0b2d669d50ca59d45/gnocchi.1ca892f0-7ed2-4d6c-a42a-e9efcaeb7771/none_v3" 201 - "PUT http://[::1]:8080/v1/AUTH_044b6cf3b72e4ad0b2d669d50ca59d45/gnocchi.1ca892f0-7ed2-4d6c-a42a-e9efcaeb7771/none_v3" "tx048df4ac0c9048508f295-0068e2bca9" "proxy-server 85965" 0.0176 "-" 93246 0
Oct 05 14:44:57 np0005471276.novalocal proxy-server[85965]: ::1 ::1 05/Oct/2025/18/44/57 PUT /v1/AUTH_044b6cf3b72e4ad0b2d669d50ca59d45/gnocchi.1ca892f0-7ed2-4d6c-a42a-e9efcaeb7771/none_v3 HTTP/1.0 201 - python-swiftclient-4.5.0 gAAAAABo4ryD2OD-... 22 - - tx048df4ac0c9048508f295-0068e2bca9 - 0.0322 - - 1759689897.441614389 1759689897.473784685 0
Oct 05 14:44:57 np0005471276.novalocal container-server[92944]: ::1 - - [05/Oct/2025:18:44:57 +0000] "GET /2/96005/AUTH_044b6cf3b72e4ad0b2d669d50ca59d45/gnocchi.fd2ef004-560b-4e86-b8bf-a4df4b53ee27" 200 2 "GET http://[::1]:8080/v1/AUTH_044b6cf3b72e4ad0b2d669d50ca59d45/gnocchi.fd2ef004-560b-4e86-b8bf-a4df4b53ee27?format=json&states=listing" "txec9b4fd53db44a14b4eda-0068e2bca9" "proxy-server 85965" 0.0139 "-" 92944 0
Oct 05 14:44:57 np0005471276.novalocal container-server[92944]: ::1 - - [05/Oct/2025:18:44:57 +0000] "HEAD /1/53470/AUTH_044b6cf3b72e4ad0b2d669d50ca59d45/gnocchi.624a9e0b-6fc5-4406-9372-cc9765d6a430" 404 - "HEAD http://[::1]:8080/v1/AUTH_044b6cf3b72e4ad0b2d669d50ca59d45/gnocchi.624a9e0b-6fc5-4406-9372-cc9765d6a430" "txa60ef27a16d94109b838a-0068e2bca9" "proxy-server 85965" 0.0004 "-" 92944 0
Oct 05 14:44:57 np0005471276.novalocal proxy-server[85965]: ::1 ::1 05/Oct/2025/18/44/57 GET /v1/AUTH_044b6cf3b72e4ad0b2d669d50ca59d45/gnocchi.fd2ef004-560b-4e86-b8bf-a4df4b53ee27%3Fformat%3Djson%26states%3Dlisting HTTP/1.0 200 - python-swiftclient-4.5.0 gAAAAABo4ryHW7gA... - 2 - txec9b4fd53db44a14b4eda-0068e2bca9 - 0.0433 - - 1759689897.449506998 1759689897.492847443 0
Oct 05 14:44:57 np0005471276.novalocal container-server[92945]: ::1 - - [05/Oct/2025:18:44:57 +0000] "HEAD /3/53470/AUTH_044b6cf3b72e4ad0b2d669d50ca59d45/gnocchi.624a9e0b-6fc5-4406-9372-cc9765d6a430" 404 - "HEAD http://[::1]:8080/v1/AUTH_044b6cf3b72e4ad0b2d669d50ca59d45/gnocchi.624a9e0b-6fc5-4406-9372-cc9765d6a430" "txa60ef27a16d94109b838a-0068e2bca9" "proxy-server 85965" 0.0003 "-" 92945 0
Oct 05 14:44:57 np0005471276.novalocal object-server[93245]: ::1 - - [05/Oct/2025:18:44:57 +0000] "GET /1/259980/AUTH_044b6cf3b72e4ad0b2d669d50ca59d45/gnocchi.fd2ef004-560b-4e86-b8bf-a4df4b53ee27/1759320000.0_mean_300.0_v3" 404 70 "GET http://[::1]:8080/v1/AUTH_044b6cf3b72e4ad0b2d669d50ca59d45/gnocchi.fd2ef004-560b-4e86-b8bf-a4df4b53ee27/1759320000.0_mean_300.0_v3" "tx3437032e859b49569c442-0068e2bca9" "proxy-server 85965" 0.0003 "-" 93245 0
Oct 05 14:44:57 np0005471276.novalocal container-server[92944]: ::1 - - [05/Oct/2025:18:44:57 +0000] "HEAD /2/53470/AUTH_044b6cf3b72e4ad0b2d669d50ca59d45/gnocchi.624a9e0b-6fc5-4406-9372-cc9765d6a430" 404 - "HEAD http://[::1]:8080/v1/AUTH_044b6cf3b72e4ad0b2d669d50ca59d45/gnocchi.624a9e0b-6fc5-4406-9372-cc9765d6a430" "txa60ef27a16d94109b838a-0068e2bca9" "proxy-server 85965" 0.0004 "-" 92944 0
Oct 05 14:44:57 np0005471276.novalocal proxy-server[85965]: - - 05/Oct/2025/18/44/57 HEAD /v1/AUTH_044b6cf3b72e4ad0b2d669d50ca59d45/gnocchi.624a9e0b-6fc5-4406-9372-cc9765d6a430 HTTP/1.0 404 - Swift - - - - txa60ef27a16d94109b838a-0068e2bca9 - 0.0202 CS - 1759689897.485343933 1759689897.505533934 0
Oct 05 14:44:57 np0005471276.novalocal object-server[93245]: ::1 - - [05/Oct/2025:18:44:57 +0000] "GET /2/259980/AUTH_044b6cf3b72e4ad0b2d669d50ca59d45/gnocchi.fd2ef004-560b-4e86-b8bf-a4df4b53ee27/1759320000.0_mean_300.0_v3" 404 70 "GET http://[::1]:8080/v1/AUTH_044b6cf3b72e4ad0b2d669d50ca59d45/gnocchi.fd2ef004-560b-4e86-b8bf-a4df4b53ee27/1759320000.0_mean_300.0_v3" "tx3437032e859b49569c442-0068e2bca9" "proxy-server 85965" 0.0002 "-" 93245 0
Oct 05 14:44:57 np0005471276.novalocal object-server[93246]: ::1 - - [05/Oct/2025:18:44:57 +0000] "GET /2/230926/AUTH_044b6cf3b72e4ad0b2d669d50ca59d45/gnocchi.624a9e0b-6fc5-4406-9372-cc9765d6a430/none_v3" 404 70 "GET http://[::1]:8080/v1/AUTH_044b6cf3b72e4ad0b2d669d50ca59d45/gnocchi.624a9e0b-6fc5-4406-9372-cc9765d6a430/none_v3" "txa60ef27a16d94109b838a-0068e2bca9" "proxy-server 85965" 0.0003 "-" 93246 0
Oct 05 14:44:57 np0005471276.novalocal object-server[93246]: ::1 - - [05/Oct/2025:18:44:57 +0000] "GET /3/259980/AUTH_044b6cf3b72e4ad0b2d669d50ca59d45/gnocchi.fd2ef004-560b-4e86-b8bf-a4df4b53ee27/1759320000.0_mean_300.0_v3" 404 70 "GET http://[::1]:8080/v1/AUTH_044b6cf3b72e4ad0b2d669d50ca59d45/gnocchi.fd2ef004-560b-4e86-b8bf-a4df4b53ee27/1759320000.0_mean_300.0_v3" "tx3437032e859b49569c442-0068e2bca9" "proxy-server 85965" 0.0001 "-" 93246 0
Oct 05 14:44:57 np0005471276.novalocal object-server[93245]: ::1 - - [05/Oct/2025:18:44:57 +0000] "GET /3/230926/AUTH_044b6cf3b72e4ad0b2d669d50ca59d45/gnocchi.624a9e0b-6fc5-4406-9372-cc9765d6a430/none_v3" 404 70 "GET http://[::1]:8080/v1/AUTH_044b6cf3b72e4ad0b2d669d50ca59d45/gnocchi.624a9e0b-6fc5-4406-9372-cc9765d6a430/none_v3" "txa60ef27a16d94109b838a-0068e2bca9" "proxy-server 85965" 0.0002 "-" 93245 0
Oct 05 14:44:57 np0005471276.novalocal proxy-server[85965]: ::1 ::1 05/Oct/2025/18/44/57 GET /v1/AUTH_044b6cf3b72e4ad0b2d669d50ca59d45/gnocchi.fd2ef004-560b-4e86-b8bf-a4df4b53ee27/1759320000.0_mean_300.0_v3 HTTP/1.0 404 - python-swiftclient-4.5.0 gAAAAABo4ryHW7gA... - 70 - tx3437032e859b49569c442-0068e2bca9 - 0.0174 - - 1759689897.496596575 1759689897.514015436 0
Oct 05 14:44:57 np0005471276.novalocal object-server[93246]: ::1 - - [05/Oct/2025:18:44:57 +0000] "GET /1/230926/AUTH_044b6cf3b72e4ad0b2d669d50ca59d45/gnocchi.624a9e0b-6fc5-4406-9372-cc9765d6a430/none_v3" 404 70 "GET http://[::1]:8080/v1/AUTH_044b6cf3b72e4ad0b2d669d50ca59d45/gnocchi.624a9e0b-6fc5-4406-9372-cc9765d6a430/none_v3" "txa60ef27a16d94109b838a-0068e2bca9" "proxy-server 85965" 0.0001 "-" 93246 0
Oct 05 14:44:57 np0005471276.novalocal proxy-server[85965]: ::1 ::1 05/Oct/2025/18/44/57 GET /v1/AUTH_044b6cf3b72e4ad0b2d669d50ca59d45/gnocchi.624a9e0b-6fc5-4406-9372-cc9765d6a430/none_v3 HTTP/1.0 404 - python-swiftclient-4.5.0 gAAAAABo4ryD2OD-... - 70 - txa60ef27a16d94109b838a-0068e2bca9 - 0.0318 - - 1759689897.484884262 1759689897.516656160 0
Oct 05 14:44:57 np0005471276.novalocal container-server[92944]: ::1 - - [05/Oct/2025:18:44:57 +0000] "PUT /1/96005/AUTH_044b6cf3b72e4ad0b2d669d50ca59d45/gnocchi.fd2ef004-560b-4e86-b8bf-a4df4b53ee27/1759320000.0_mean_300.0_v3" 201 - "PUT http://[::1]:8080/3/259980/AUTH_044b6cf3b72e4ad0b2d669d50ca59d45/gnocchi.fd2ef004-560b-4e86-b8bf-a4df4b53ee27/1759320000.0_mean_300.0_v3" "tx902b7a429a374e56b6563-0068e2bca9" "object-server 93246" 0.0008 "-" 92944 0
Oct 05 14:44:57 np0005471276.novalocal object-server[93246]: ::1 - - [05/Oct/2025:18:44:57 +0000] "PUT /3/259980/AUTH_044b6cf3b72e4ad0b2d669d50ca59d45/gnocchi.fd2ef004-560b-4e86-b8bf-a4df4b53ee27/1759320000.0_mean_300.0_v3" 201 - "PUT http://[::1]:8080/v1/AUTH_044b6cf3b72e4ad0b2d669d50ca59d45/gnocchi.fd2ef004-560b-4e86-b8bf-a4df4b53ee27/1759320000.0_mean_300.0_v3" "tx902b7a429a374e56b6563-0068e2bca9" "proxy-server 85965" 0.0203 "-" 93246 0
Oct 05 14:44:57 np0005471276.novalocal account-server[92646]: ::1 - - [05/Oct/2025:18:44:57 +0000] "PUT /1/100595/AUTH_044b6cf3b72e4ad0b2d669d50ca59d45/gnocchi.624a9e0b-6fc5-4406-9372-cc9765d6a430" 201 - "PUT http://[::1]:6001/1/53470/AUTH_044b6cf3b72e4ad0b2d669d50ca59d45/gnocchi.624a9e0b-6fc5-4406-9372-cc9765d6a430" "tx65a31971322e4599bb218-0068e2bca9" "container-server 92945" 0.0111 "-" 92646 0
Oct 05 14:44:57 np0005471276.novalocal container-server[92945]: ::1 - - [05/Oct/2025:18:44:57 +0000] "PUT /1/53470/AUTH_044b6cf3b72e4ad0b2d669d50ca59d45/gnocchi.624a9e0b-6fc5-4406-9372-cc9765d6a430" 201 - "PUT http://[::1]:8080/v1/AUTH_044b6cf3b72e4ad0b2d669d50ca59d45/gnocchi.624a9e0b-6fc5-4406-9372-cc9765d6a430" "tx65a31971322e4599bb218-0068e2bca9" "proxy-server 85965" 0.0244 "-" 92945 0
Oct 05 14:44:57 np0005471276.novalocal container-server[92945]: ::1 - - [05/Oct/2025:18:44:57 +0000] "PUT /3/96005/AUTH_044b6cf3b72e4ad0b2d669d50ca59d45/gnocchi.fd2ef004-560b-4e86-b8bf-a4df4b53ee27/1759320000.0_mean_300.0_v3" 201 - "PUT http://[::1]:8080/1/259980/AUTH_044b6cf3b72e4ad0b2d669d50ca59d45/gnocchi.fd2ef004-560b-4e86-b8bf-a4df4b53ee27/1759320000.0_mean_300.0_v3" "tx902b7a429a374e56b6563-0068e2bca9" "object-server 93246" 0.0006 "-" 92945 0
Oct 05 14:44:57 np0005471276.novalocal object-server[93246]: ::1 - - [05/Oct/2025:18:44:57 +0000] "PUT /1/259980/AUTH_044b6cf3b72e4ad0b2d669d50ca59d45/gnocchi.fd2ef004-560b-4e86-b8bf-a4df4b53ee27/1759320000.0_mean_300.0_v3" 201 - "PUT http://[::1]:8080/v1/AUTH_044b6cf3b72e4ad0b2d669d50ca59d45/gnocchi.fd2ef004-560b-4e86-b8bf-a4df4b53ee27/1759320000.0_mean_300.0_v3" "tx902b7a429a374e56b6563-0068e2bca9" "proxy-server 85965" 0.0295 "-" 93246 0
Oct 05 14:44:57 np0005471276.novalocal account-server[92646]: ::1 - - [05/Oct/2025:18:44:57 +0000] "PUT /3/100595/AUTH_044b6cf3b72e4ad0b2d669d50ca59d45/gnocchi.624a9e0b-6fc5-4406-9372-cc9765d6a430" 201 - "PUT http://[::1]:6001/2/53470/AUTH_044b6cf3b72e4ad0b2d669d50ca59d45/gnocchi.624a9e0b-6fc5-4406-9372-cc9765d6a430" "tx65a31971322e4599bb218-0068e2bca9" "container-server 92944" 0.0048 "-" 92646 0
Oct 05 14:44:57 np0005471276.novalocal container-server[92945]: ::1 - - [05/Oct/2025:18:44:57 +0000] "PUT /2/96005/AUTH_044b6cf3b72e4ad0b2d669d50ca59d45/gnocchi.fd2ef004-560b-4e86-b8bf-a4df4b53ee27/1759320000.0_mean_300.0_v3" 201 - "PUT http://[::1]:8080/2/259980/AUTH_044b6cf3b72e4ad0b2d669d50ca59d45/gnocchi.fd2ef004-560b-4e86-b8bf-a4df4b53ee27/1759320000.0_mean_300.0_v3" "tx902b7a429a374e56b6563-0068e2bca9" "object-server 93246" 0.0005 "-" 92945 0
Oct 05 14:44:57 np0005471276.novalocal container-server[92944]: ::1 - - [05/Oct/2025:18:44:57 +0000] "PUT /2/53470/AUTH_044b6cf3b72e4ad0b2d669d50ca59d45/gnocchi.624a9e0b-6fc5-4406-9372-cc9765d6a430" 201 - "PUT http://[::1]:8080/v1/AUTH_044b6cf3b72e4ad0b2d669d50ca59d45/gnocchi.624a9e0b-6fc5-4406-9372-cc9765d6a430" "tx65a31971322e4599bb218-0068e2bca9" "proxy-server 85965" 0.0275 "-" 92944 0
Oct 05 14:44:57 np0005471276.novalocal object-server[93246]: ::1 - - [05/Oct/2025:18:44:57 +0000] "PUT /2/259980/AUTH_044b6cf3b72e4ad0b2d669d50ca59d45/gnocchi.fd2ef004-560b-4e86-b8bf-a4df4b53ee27/1759320000.0_mean_300.0_v3" 201 - "PUT http://[::1]:8080/v1/AUTH_044b6cf3b72e4ad0b2d669d50ca59d45/gnocchi.fd2ef004-560b-4e86-b8bf-a4df4b53ee27/1759320000.0_mean_300.0_v3" "tx902b7a429a374e56b6563-0068e2bca9" "proxy-server 85965" 0.0328 "-" 93246 0
Oct 05 14:44:57 np0005471276.novalocal proxy-server[85965]: ::1 ::1 05/Oct/2025/18/44/57 PUT /v1/AUTH_044b6cf3b72e4ad0b2d669d50ca59d45/gnocchi.fd2ef004-560b-4e86-b8bf-a4df4b53ee27/1759320000.0_mean_300.0_v3 HTTP/1.0 201 - python-swiftclient-4.5.0 gAAAAABo4ryHW7gA... 16 - - tx902b7a429a374e56b6563-0068e2bca9 - 0.0395 - - 1759689897.517267942 1759689897.556730032 0
Oct 05 14:44:57 np0005471276.novalocal account-server[92646]: ::1 - - [05/Oct/2025:18:44:57 +0000] "PUT /2/100595/AUTH_044b6cf3b72e4ad0b2d669d50ca59d45/gnocchi.624a9e0b-6fc5-4406-9372-cc9765d6a430" 201 - "PUT http://[::1]:6001/3/53470/AUTH_044b6cf3b72e4ad0b2d669d50ca59d45/gnocchi.624a9e0b-6fc5-4406-9372-cc9765d6a430" "tx65a31971322e4599bb218-0068e2bca9" "container-server 92945" 0.0043 "-" 92646 0
Oct 05 14:44:57 np0005471276.novalocal container-server[92945]: ::1 - - [05/Oct/2025:18:44:57 +0000] "PUT /3/53470/AUTH_044b6cf3b72e4ad0b2d669d50ca59d45/gnocchi.624a9e0b-6fc5-4406-9372-cc9765d6a430" 201 - "PUT http://[::1]:8080/v1/AUTH_044b6cf3b72e4ad0b2d669d50ca59d45/gnocchi.624a9e0b-6fc5-4406-9372-cc9765d6a430" "tx65a31971322e4599bb218-0068e2bca9" "proxy-server 85965" 0.0235 "-" 92945 0
Oct 05 14:44:57 np0005471276.novalocal proxy-server[85965]: ::1 ::1 05/Oct/2025/18/44/57 PUT /v1/AUTH_044b6cf3b72e4ad0b2d669d50ca59d45/gnocchi.624a9e0b-6fc5-4406-9372-cc9765d6a430 HTTP/1.0 201 - python-swiftclient-4.5.0 gAAAAABo4ryD2OD-... - - - tx65a31971322e4599bb218-0068e2bca9 - 0.0491 - - 1759689897.521565199 1759689897.570680141 0
Oct 05 14:44:57 np0005471276.novalocal container-server[92944]: ::1 - - [05/Oct/2025:18:44:57 +0000] "PUT /3/96005/AUTH_044b6cf3b72e4ad0b2d669d50ca59d45/gnocchi.fd2ef004-560b-4e86-b8bf-a4df4b53ee27/none_v3" 201 - "PUT http://[::1]:8080/1/90472/AUTH_044b6cf3b72e4ad0b2d669d50ca59d45/gnocchi.fd2ef004-560b-4e86-b8bf-a4df4b53ee27/none_v3" "txc98db608f3884d32817ba-0068e2bca9" "object-server 93246" 0.0007 "-" 92944 0
Oct 05 14:44:57 np0005471276.novalocal container-server[92945]: ::1 - - [05/Oct/2025:18:44:57 +0000] "PUT /1/96005/AUTH_044b6cf3b72e4ad0b2d669d50ca59d45/gnocchi.fd2ef004-560b-4e86-b8bf-a4df4b53ee27/none_v3" 201 - "PUT http://[::1]:8080/3/90472/AUTH_044b6cf3b72e4ad0b2d669d50ca59d45/gnocchi.fd2ef004-560b-4e86-b8bf-a4df4b53ee27/none_v3" "txc98db608f3884d32817ba-0068e2bca9" "object-server 93246" 0.0014 "-" 92945 0
Oct 05 14:44:57 np0005471276.novalocal object-server[93246]: ::1 - - [05/Oct/2025:18:44:57 +0000] "PUT /3/90472/AUTH_044b6cf3b72e4ad0b2d669d50ca59d45/gnocchi.fd2ef004-560b-4e86-b8bf-a4df4b53ee27/none_v3" 201 - "PUT http://[::1]:8080/v1/AUTH_044b6cf3b72e4ad0b2d669d50ca59d45/gnocchi.fd2ef004-560b-4e86-b8bf-a4df4b53ee27/none_v3" "txc98db608f3884d32817ba-0068e2bca9" "proxy-server 85965" 0.0163 "-" 93246 0
Oct 05 14:44:57 np0005471276.novalocal object-server[93246]: ::1 - - [05/Oct/2025:18:44:57 +0000] "PUT /1/90472/AUTH_044b6cf3b72e4ad0b2d669d50ca59d45/gnocchi.fd2ef004-560b-4e86-b8bf-a4df4b53ee27/none_v3" 201 - "PUT http://[::1]:8080/v1/AUTH_044b6cf3b72e4ad0b2d669d50ca59d45/gnocchi.fd2ef004-560b-4e86-b8bf-a4df4b53ee27/none_v3" "txc98db608f3884d32817ba-0068e2bca9" "proxy-server 85965" 0.0150 "-" 93246 0
Oct 05 14:44:57 np0005471276.novalocal container-server[92945]: ::1 - - [05/Oct/2025:18:44:57 +0000] "PUT /2/96005/AUTH_044b6cf3b72e4ad0b2d669d50ca59d45/gnocchi.fd2ef004-560b-4e86-b8bf-a4df4b53ee27/none_v3" 201 - "PUT http://[::1]:8080/2/90472/AUTH_044b6cf3b72e4ad0b2d669d50ca59d45/gnocchi.fd2ef004-560b-4e86-b8bf-a4df4b53ee27/none_v3" "txc98db608f3884d32817ba-0068e2bca9" "object-server 93246" 0.0003 "-" 92945 0
Oct 05 14:44:57 np0005471276.novalocal object-server[93246]: ::1 - - [05/Oct/2025:18:44:57 +0000] "PUT /2/90472/AUTH_044b6cf3b72e4ad0b2d669d50ca59d45/gnocchi.fd2ef004-560b-4e86-b8bf-a4df4b53ee27/none_v3" 201 - "PUT http://[::1]:8080/v1/AUTH_044b6cf3b72e4ad0b2d669d50ca59d45/gnocchi.fd2ef004-560b-4e86-b8bf-a4df4b53ee27/none_v3" "txc98db608f3884d32817ba-0068e2bca9" "proxy-server 85965" 0.0208 "-" 93246 0
Oct 05 14:44:57 np0005471276.novalocal container-server[92945]: ::1 - - [05/Oct/2025:18:44:57 +0000] "HEAD /1/53470/AUTH_044b6cf3b72e4ad0b2d669d50ca59d45/gnocchi.624a9e0b-6fc5-4406-9372-cc9765d6a430" 204 - "HEAD http://[::1]:8080/v1/AUTH_044b6cf3b72e4ad0b2d669d50ca59d45/gnocchi.624a9e0b-6fc5-4406-9372-cc9765d6a430" "txe344327e49e44b6390827-0068e2bca9" "proxy-server 85965" 0.0011 "-" 92945 0
Oct 05 14:44:57 np0005471276.novalocal proxy-server[85965]: ::1 ::1 05/Oct/2025/18/44/57 PUT /v1/AUTH_044b6cf3b72e4ad0b2d669d50ca59d45/gnocchi.fd2ef004-560b-4e86-b8bf-a4df4b53ee27/none_v3 HTTP/1.0 201 - python-swiftclient-4.5.0 gAAAAABo4ryHW7gA... 22 - - txc98db608f3884d32817ba-0068e2bca9 - 0.0295 - - 1759689897.558970213 1759689897.588506937 0
Oct 05 14:44:57 np0005471276.novalocal proxy-server[85965]: - - 05/Oct/2025/18/44/57 HEAD /v1/AUTH_044b6cf3b72e4ad0b2d669d50ca59d45/gnocchi.624a9e0b-6fc5-4406-9372-cc9765d6a430 HTTP/1.0 204 - Swift - - - - txe344327e49e44b6390827-0068e2bca9 - 0.0109 CS - 1759689897.579350710 1759689897.590292931 0
Oct 05 14:44:57 np0005471276.novalocal container-server[92945]: ::1 - - [05/Oct/2025:18:44:57 +0000] "GET /1/53470/AUTH_044b6cf3b72e4ad0b2d669d50ca59d45/gnocchi.624a9e0b-6fc5-4406-9372-cc9765d6a430" 200 2 "GET http://[::1]:8080/v1/AUTH_044b6cf3b72e4ad0b2d669d50ca59d45/gnocchi.624a9e0b-6fc5-4406-9372-cc9765d6a430?format=json&states=listing" "txe344327e49e44b6390827-0068e2bca9" "proxy-server 85965" 0.0025 "-" 92945 0
Oct 05 14:44:57 np0005471276.novalocal proxy-server[85965]: ::1 ::1 05/Oct/2025/18/44/57 GET /v1/AUTH_044b6cf3b72e4ad0b2d669d50ca59d45/gnocchi.624a9e0b-6fc5-4406-9372-cc9765d6a430%3Fformat%3Djson%26states%3Dlisting HTTP/1.0 200 - python-swiftclient-4.5.0 gAAAAABo4ryD2OD-... - 2 - txe344327e49e44b6390827-0068e2bca9 - 0.0228 - - 1759689897.577042341 1759689897.599885464 0
Oct 05 14:44:57 np0005471276.novalocal object-server[93245]: ::1 - - [05/Oct/2025:18:44:57 +0000] "GET /3/19561/AUTH_044b6cf3b72e4ad0b2d669d50ca59d45/gnocchi.624a9e0b-6fc5-4406-9372-cc9765d6a430/1759320000.0_mean_300.0_v3" 404 70 "GET http://[::1]:8080/v1/AUTH_044b6cf3b72e4ad0b2d669d50ca59d45/gnocchi.624a9e0b-6fc5-4406-9372-cc9765d6a430/1759320000.0_mean_300.0_v3" "txe33883570c56429f9f887-0068e2bca9" "proxy-server 85965" 0.0003 "-" 93245 0
Oct 05 14:44:57 np0005471276.novalocal object-server[93245]: ::1 - - [05/Oct/2025:18:44:57 +0000] "GET /1/19561/AUTH_044b6cf3b72e4ad0b2d669d50ca59d45/gnocchi.624a9e0b-6fc5-4406-9372-cc9765d6a430/1759320000.0_mean_300.0_v3" 404 70 "GET http://[::1]:8080/v1/AUTH_044b6cf3b72e4ad0b2d669d50ca59d45/gnocchi.624a9e0b-6fc5-4406-9372-cc9765d6a430/1759320000.0_mean_300.0_v3" "txe33883570c56429f9f887-0068e2bca9" "proxy-server 85965" 0.0002 "-" 93245 0
Oct 05 14:44:57 np0005471276.novalocal object-server[93245]: ::1 - - [05/Oct/2025:18:44:57 +0000] "GET /2/19561/AUTH_044b6cf3b72e4ad0b2d669d50ca59d45/gnocchi.624a9e0b-6fc5-4406-9372-cc9765d6a430/1759320000.0_mean_300.0_v3" 404 70 "GET http://[::1]:8080/v1/AUTH_044b6cf3b72e4ad0b2d669d50ca59d45/gnocchi.624a9e0b-6fc5-4406-9372-cc9765d6a430/1759320000.0_mean_300.0_v3" "txe33883570c56429f9f887-0068e2bca9" "proxy-server 85965" 0.0001 "-" 93245 0
Oct 05 14:44:57 np0005471276.novalocal proxy-server[85965]: ::1 ::1 05/Oct/2025/18/44/57 GET /v1/AUTH_044b6cf3b72e4ad0b2d669d50ca59d45/gnocchi.624a9e0b-6fc5-4406-9372-cc9765d6a430/1759320000.0_mean_300.0_v3 HTTP/1.0 404 - python-swiftclient-4.5.0 gAAAAABo4ryD2OD-... - 70 - txe33883570c56429f9f887-0068e2bca9 - 0.0101 - - 1759689897.604393482 1759689897.614503145 0
Oct 05 14:44:57 np0005471276.novalocal container-server[92944]: ::1 - - [05/Oct/2025:18:44:57 +0000] "HEAD /1/57160/AUTH_044b6cf3b72e4ad0b2d669d50ca59d45/gnocchi.d577ee54-5ba1-4009-bca2-1d4a593a6cbe" 404 - "HEAD http://[::1]:8080/v1/AUTH_044b6cf3b72e4ad0b2d669d50ca59d45/gnocchi.d577ee54-5ba1-4009-bca2-1d4a593a6cbe" "tx542689b6a2264d0380501-0068e2bca9" "proxy-server 85965" 0.0005 "-" 92944 0
Oct 05 14:44:57 np0005471276.novalocal container-server[92945]: ::1 - - [05/Oct/2025:18:44:57 +0000] "HEAD /3/57160/AUTH_044b6cf3b72e4ad0b2d669d50ca59d45/gnocchi.d577ee54-5ba1-4009-bca2-1d4a593a6cbe" 404 - "HEAD http://[::1]:8080/v1/AUTH_044b6cf3b72e4ad0b2d669d50ca59d45/gnocchi.d577ee54-5ba1-4009-bca2-1d4a593a6cbe" "tx542689b6a2264d0380501-0068e2bca9" "proxy-server 85965" 0.0002 "-" 92945 0
Oct 05 14:44:57 np0005471276.novalocal container-server[92944]: ::1 - - [05/Oct/2025:18:44:57 +0000] "HEAD /2/57160/AUTH_044b6cf3b72e4ad0b2d669d50ca59d45/gnocchi.d577ee54-5ba1-4009-bca2-1d4a593a6cbe" 404 - "HEAD http://[::1]:8080/v1/AUTH_044b6cf3b72e4ad0b2d669d50ca59d45/gnocchi.d577ee54-5ba1-4009-bca2-1d4a593a6cbe" "tx542689b6a2264d0380501-0068e2bca9" "proxy-server 85965" 0.0004 "-" 92944 0
Oct 05 14:44:57 np0005471276.novalocal proxy-server[85965]: - - 05/Oct/2025/18/44/57 HEAD /v1/AUTH_044b6cf3b72e4ad0b2d669d50ca59d45/gnocchi.d577ee54-5ba1-4009-bca2-1d4a593a6cbe HTTP/1.0 404 - Swift - - - - tx542689b6a2264d0380501-0068e2bca9 - 0.0144 CS - 1759689897.624710321 1759689897.639085531 0
Oct 05 14:44:57 np0005471276.novalocal container-server[92944]: ::1 - - [05/Oct/2025:18:44:57 +0000] "PUT /2/53470/AUTH_044b6cf3b72e4ad0b2d669d50ca59d45/gnocchi.624a9e0b-6fc5-4406-9372-cc9765d6a430/1759320000.0_mean_300.0_v3" 201 - "PUT http://[::1]:8080/1/19561/AUTH_044b6cf3b72e4ad0b2d669d50ca59d45/gnocchi.624a9e0b-6fc5-4406-9372-cc9765d6a430/1759320000.0_mean_300.0_v3" "tx8800adcb67a64d88b14bc-0068e2bca9" "object-server 93246" 0.0009 "-" 92944 0
Oct 05 14:44:57 np0005471276.novalocal object-server[93246]: ::1 - - [05/Oct/2025:18:44:57 +0000] "PUT /1/19561/AUTH_044b6cf3b72e4ad0b2d669d50ca59d45/gnocchi.624a9e0b-6fc5-4406-9372-cc9765d6a430/1759320000.0_mean_300.0_v3" 201 - "PUT http://[::1]:8080/v1/AUTH_044b6cf3b72e4ad0b2d669d50ca59d45/gnocchi.624a9e0b-6fc5-4406-9372-cc9765d6a430/1759320000.0_mean_300.0_v3" "tx8800adcb67a64d88b14bc-0068e2bca9" "proxy-server 85965" 0.0152 "-" 93246 0
Oct 05 14:44:57 np0005471276.novalocal container-server[92944]: ::1 - - [05/Oct/2025:18:44:57 +0000] "PUT /1/53470/AUTH_044b6cf3b72e4ad0b2d669d50ca59d45/gnocchi.624a9e0b-6fc5-4406-9372-cc9765d6a430/1759320000.0_mean_300.0_v3" 201 - "PUT http://[::1]:8080/3/19561/AUTH_044b6cf3b72e4ad0b2d669d50ca59d45/gnocchi.624a9e0b-6fc5-4406-9372-cc9765d6a430/1759320000.0_mean_300.0_v3" "tx8800adcb67a64d88b14bc-0068e2bca9" "object-server 93246" 0.0007 "-" 92944 0
Oct 05 14:44:57 np0005471276.novalocal object-server[93246]: ::1 - - [05/Oct/2025:18:44:57 +0000] "PUT /3/19561/AUTH_044b6cf3b72e4ad0b2d669d50ca59d45/gnocchi.624a9e0b-6fc5-4406-9372-cc9765d6a430/1759320000.0_mean_300.0_v3" 201 - "PUT http://[::1]:8080/v1/AUTH_044b6cf3b72e4ad0b2d669d50ca59d45/gnocchi.624a9e0b-6fc5-4406-9372-cc9765d6a430/1759320000.0_mean_300.0_v3" "tx8800adcb67a64d88b14bc-0068e2bca9" "proxy-server 85965" 0.0201 "-" 93246 0
Oct 05 14:44:57 np0005471276.novalocal container-server[92945]: ::1 - - [05/Oct/2025:18:44:57 +0000] "PUT /3/53470/AUTH_044b6cf3b72e4ad0b2d669d50ca59d45/gnocchi.624a9e0b-6fc5-4406-9372-cc9765d6a430/1759320000.0_mean_300.0_v3" 201 - "PUT http://[::1]:8080/2/19561/AUTH_044b6cf3b72e4ad0b2d669d50ca59d45/gnocchi.624a9e0b-6fc5-4406-9372-cc9765d6a430/1759320000.0_mean_300.0_v3" "tx8800adcb67a64d88b14bc-0068e2bca9" "object-server 93246" 0.0011 "-" 92945 0
Oct 05 14:44:57 np0005471276.novalocal object-server[93246]: ::1 - - [05/Oct/2025:18:44:57 +0000] "PUT /2/19561/AUTH_044b6cf3b72e4ad0b2d669d50ca59d45/gnocchi.624a9e0b-6fc5-4406-9372-cc9765d6a430/1759320000.0_mean_300.0_v3" 201 - "PUT http://[::1]:8080/v1/AUTH_044b6cf3b72e4ad0b2d669d50ca59d45/gnocchi.624a9e0b-6fc5-4406-9372-cc9765d6a430/1759320000.0_mean_300.0_v3" "tx8800adcb67a64d88b14bc-0068e2bca9" "proxy-server 85965" 0.0215 "-" 93246 0
