Oct 3 16:46:19 standalone account-server[129826]: 172.20.0.100 - - [03/Oct/2025:16:46:19 +0000] "PUT /d1/335/AUTH_ce18edd7d4214c89bce7bbc869acf587/gnocchi.795331f1-17de-42d9-aa56-12afbcb1be13" 201 - "PUT http://172.20.0.100:6001/d1/283/AUTH_ce18edd7d4214c89bce7bbc869acf587/gnocchi.795331f1-17de-42d9-aa56-12afbcb1be13" "txdd52bc8a7dcf4da6aac9b-0068dffddb" "container-server 22" 0.0047 "-" 23 0
Oct 3 16:46:19 standalone container-server[129872]: 172.20.0.100 - - [03/Oct/2025:16:46:19 +0000] "PUT /d1/283/AUTH_ce18edd7d4214c89bce7bbc869acf587/gnocchi.795331f1-17de-42d9-aa56-12afbcb1be13" 201 - "PUT http://172.18.0.2:8080/v1/AUTH_ce18edd7d4214c89bce7bbc869acf587/gnocchi.795331f1-17de-42d9-aa56-12afbcb1be13" "txdd52bc8a7dcf4da6aac9b-0068dffddb" "proxy-server 20" 0.0165 "-" 22 0
Oct 3 16:46:19 standalone proxy-server[132077]: 172.18.0.2 172.18.0.100 03/Oct/2025/16/46/19 PUT /v1/AUTH_ce18edd7d4214c89bce7bbc869acf587/gnocchi.795331f1-17de-42d9-aa56-12afbcb1be13 HTTP/1.0 201 - python-swiftclient-3.11.1 gAAAAABo3_1uBlzC... - - - txdd52bc8a7dcf4da6aac9b-0068dffddb - 0.0212 - - 1759509979.946041584 1759509979.967219830 0
Oct 3 16:46:19 standalone container-server[129842]: 172.20.0.100 - - [03/Oct/2025:16:46:19 +0000] "HEAD /d1/283/AUTH_ce18edd7d4214c89bce7bbc869acf587/gnocchi.795331f1-17de-42d9-aa56-12afbcb1be13" 204 - "HEAD http://172.18.0.2:8080/v1/AUTH_ce18edd7d4214c89bce7bbc869acf587/gnocchi.795331f1-17de-42d9-aa56-12afbcb1be13?format=json&states=listing" "tx4a4a73f5c0cb4424a7976-0068dffddb" "proxy-server 20" 0.0010 "-" 20 0
Oct 3 16:46:19 standalone proxy-server[132077]: - - 03/Oct/2025/16/46/19 HEAD /v1/AUTH_ce18edd7d4214c89bce7bbc869acf587/gnocchi.795331f1-17de-42d9-aa56-12afbcb1be13%3Fformat%3Djson%26states%3Dlisting HTTP/1.0 204 - Swift - - - - tx4a4a73f5c0cb4424a7976-0068dffddb - 0.0035 RL - 1759509979.971671820 1759509979.975172281 0
Oct 3 16:46:19 standalone container-server[129872]: 172.20.0.100 - - [03/Oct/2025:16:46:19 +0000] "GET /d1/283/AUTH_ce18edd7d4214c89bce7bbc869acf587/gnocchi.795331f1-17de-42d9-aa56-12afbcb1be13" 200 2 "GET http://172.18.0.2:8080/v1/AUTH_ce18edd7d4214c89bce7bbc869acf587/gnocchi.795331f1-17de-42d9-aa56-12afbcb1be13?format=json&states=listing" "tx4a4a73f5c0cb4424a7976-0068dffddb" "proxy-server 20" 0.0023 "-" 22 0
Oct 3 16:46:19 standalone proxy-server[132077]: 172.18.0.2 172.18.0.100 03/Oct/2025/16/46/19 GET /v1/AUTH_ce18edd7d4214c89bce7bbc869acf587/gnocchi.795331f1-17de-42d9-aa56-12afbcb1be13%3Fformat%3Djson%26states%3Dlisting HTTP/1.0 200 - python-swiftclient-3.11.1 gAAAAABo3_1uBlzC... - 2 - tx4a4a73f5c0cb4424a7976-0068dffddb - 0.0138 - - 1759509979.970655441 1759509979.984436989 0
Oct 3 16:46:19 standalone object-server[130063]: 172.20.0.100 - - [03/Oct/2025:16:46:19 +0000] "GET /d1/739/AUTH_ce18edd7d4214c89bce7bbc869acf587/gnocchi.795331f1-17de-42d9-aa56-12afbcb1be13/1759320000.0_mean_300.0_v3" 404 70 "GET http://172.18.0.2:8080/v1/AUTH_ce18edd7d4214c89bce7bbc869acf587/gnocchi.795331f1-17de-42d9-aa56-12afbcb1be13/1759320000.0_mean_300.0_v3" "txe05e2497695f4820a6f11-0068dffddb" "proxy-server 20" 0.0005 "-" 22 0
Oct 3 16:46:20 standalone proxy-server[132077]: 172.18.0.2 172.18.0.100 03/Oct/2025/16/46/19 GET /v1/AUTH_ce18edd7d4214c89bce7bbc869acf587/gnocchi.795331f1-17de-42d9-aa56-12afbcb1be13/1759320000.0_mean_300.0_v3 HTTP/1.0 404 - python-swiftclient-3.11.1 gAAAAABo3_1uBlzC... - 70 - txe05e2497695f4820a6f11-0068dffddb - 0.0109 - - 1759509979.988754272 1759509979.999700069 0
Oct 3 16:46:20 standalone container-server[129876]: 172.20.0.100 - - [03/Oct/2025:16:46:20 +0000] "PUT /d1/283/AUTH_ce18edd7d4214c89bce7bbc869acf587/gnocchi.795331f1-17de-42d9-aa56-12afbcb1be13/1759320000.0_mean_300.0_v3" 201 - "PUT http://172.18.0.2:8080/d1/739/AUTH_ce18edd7d4214c89bce7bbc869acf587/gnocchi.795331f1-17de-42d9-aa56-12afbcb1be13/1759320000.0_mean_300.0_v3" "txf9a4509184494a3397f9a-0068dffddc" "object-server 21" 0.0008 "-" 23 0
Oct 3 16:46:20 standalone object-server[130058]: 172.20.0.100 - - [03/Oct/2025:16:46:20 +0000] "PUT /d1/739/AUTH_ce18edd7d4214c89bce7bbc869acf587/gnocchi.795331f1-17de-42d9-aa56-12afbcb1be13/1759320000.0_mean_300.0_v3" 201 - "PUT http://172.18.0.2:8080/v1/AUTH_ce18edd7d4214c89bce7bbc869acf587/gnocchi.795331f1-17de-42d9-aa56-12afbcb1be13/1759320000.0_mean_300.0_v3" "txf9a4509184494a3397f9a-0068dffddc" "proxy-server 20" 0.0198 "-" 21 0
Oct 3 16:46:20 standalone proxy-server[132077]: 172.18.0.2 172.18.0.100 03/Oct/2025/16/46/20 PUT /v1/AUTH_ce18edd7d4214c89bce7bbc869acf587/gnocchi.795331f1-17de-42d9-aa56-12afbcb1be13/1759320000.0_mean_300.0_v3 HTTP/1.0 201 - python-swiftclient-3.11.1 gAAAAABo3_1uBlzC... 16 - - txf9a4509184494a3397f9a-0068dffddc - 0.0285 - - 1759509980.006148815 1759509980.034673214 0
Oct 3 16:46:20 standalone container-server[129842]: 172.20.0.100 - - [03/Oct/2025:16:46:20 +0000] "PUT /d1/283/AUTH_ce18edd7d4214c89bce7bbc869acf587/gnocchi.795331f1-17de-42d9-aa56-12afbcb1be13/none_v3" 201 - "PUT http://172.18.0.2:8080/d1/487/AUTH_ce18edd7d4214c89bce7bbc869acf587/gnocchi.795331f1-17de-42d9-aa56-12afbcb1be13/none_v3" "tx6c2ce05b7175481baa640-0068dffddc" "object-server 24" 0.0004 "-" 20 0
Oct 3 16:46:20 standalone object-server[130066]: 172.20.0.100 - - [03/Oct/2025:16:46:20 +0000] "PUT /d1/487/AUTH_ce18edd7d4214c89bce7bbc869acf587/gnocchi.795331f1-17de-42d9-aa56-12afbcb1be13/none_v3" 201 - "PUT http://172.18.0.2:8080/v1/AUTH_ce18edd7d4214c89bce7bbc869acf587/gnocchi.795331f1-17de-42d9-aa56-12afbcb1be13/none_v3" "tx6c2ce05b7175481baa640-0068dffddc" "proxy-server 20" 0.0127 "-" 24 0
Oct 3 16:46:20 standalone proxy-server[132077]: 172.18.0.2 172.18.0.100 03/Oct/2025/16/46/20 PUT /v1/AUTH_ce18edd7d4214c89bce7bbc869acf587/gnocchi.795331f1-17de-42d9-aa56-12afbcb1be13/none_v3 HTTP/1.0 201 - python-swiftclient-3.11.1 gAAAAABo3_1uBlzC... 22 - - tx6c2ce05b7175481baa640-0068dffddc - 0.0192 - - 1759509980.038332701 1759509980.057528496 0
Oct 3 16:46:20 standalone object-server[130066]: 172.20.0.100 - - [03/Oct/2025:16:46:20 +0000] "GET /d1/487/AUTH_ce18edd7d4214c89bce7bbc869acf587/gnocchi.795331f1-17de-42d9-aa56-12afbcb1be13/none_v3" 200 22 "GET http://172.18.0.2:8080/v1/AUTH_ce18edd7d4214c89bce7bbc869acf587/gnocchi.795331f1-17de-42d9-aa56-12afbcb1be13/none_v3" "tx5f2dff0284c84c7b92a50-0068dffddc" "proxy-server 20" 0.0010 "-" 24 0
Oct 3 16:46:20 standalone proxy-server[132077]: 172.18.0.2 172.18.0.100 03/Oct/2025/16/46/20 GET /v1/AUTH_ce18edd7d4214c89bce7bbc869acf587/gnocchi.795331f1-17de-42d9-aa56-12afbcb1be13/none_v3 HTTP/1.0 200 - python-swiftclient-3.11.1 gAAAAABo3_1uBlzC... - 22 - tx5f2dff0284c84c7b92a50-0068dffddc - 0.0099 - - 1759509980.703695536 1759509980.713633776 0
Oct 3 16:46:20 standalone container-server[129842]: 172.20.0.100 - - [03/Oct/2025:16:46:20 +0000] "GET /d1/283/AUTH_ce18edd7d4214c89bce7bbc869acf587/gnocchi.795331f1-17de-42d9-aa56-12afbcb1be13" 200 357 "GET http://172.18.0.2:8080/v1/AUTH_ce18edd7d4214c89bce7bbc869acf587/gnocchi.795331f1-17de-42d9-aa56-12afbcb1be13?format=json&states=listing" "tx6136fe2034b94443ba6a8-0068dffddc" "proxy-server 20" 0.0198 "-" 20 0
Oct 3 16:46:20 standalone proxy-server[132077]: 172.18.0.2 172.18.0.100 03/Oct/2025/16/46/20 GET /v1/AUTH_ce18edd7d4214c89bce7bbc869acf587/gnocchi.795331f1-17de-42d9-aa56-12afbcb1be13%3Fformat%3Djson%26states%3Dlisting HTTP/1.0 200 - python-swiftclient-3.11.1 gAAAAABo3_1uBlzC... - 357 - tx6136fe2034b94443ba6a8-0068dffddc - 0.0279 - - 1759509980.718181372 1759509980.746095657 0
Oct 3 16:46:20 standalone container-server[129842]: 172.20.0.100 - - [03/Oct/2025:16:46:20 +0000] "GET /d1/283/AUTH_ce18edd7d4214c89bce7bbc869acf587/gnocchi.795331f1-17de-42d9-aa56-12afbcb1be13" 200 2 "GET http://172.18.0.2:8080/v1/AUTH_ce18edd7d4214c89bce7bbc869acf587/gnocchi.795331f1-17de-42d9-aa56-12afbcb1be13?format=json&marker=none_v3&states=listing" "tx667431aeae294388bcba7-0068dffddc" "proxy-server 20" 0.0024 "-" 20 0
Oct 3 16:46:20 standalone proxy-server[132077]: 172.18.0.2 172.18.0.100 03/Oct/2025/16/46/20 GET /v1/AUTH_ce18edd7d4214c89bce7bbc869acf587/gnocchi.795331f1-17de-42d9-aa56-12afbcb1be13%3Fformat%3Djson%26marker%3Dnone_v3%26states%3Dlisting HTTP/1.0 200 - python-swiftclient-3.11.1 gAAAAABo3_1uBlzC... - 2 - tx667431aeae294388bcba7-0068dffddc - 0.0121 - - 1759509980.758079052 1759509980.770153761 0
Oct 3 16:46:20 standalone object-server[130066]: 172.20.0.100 - - [03/Oct/2025:16:46:20 +0000] "GET /d1/739/AUTH_ce18edd7d4214c89bce7bbc869acf587/gnocchi.795331f1-17de-42d9-aa56-12afbcb1be13/1759320000.0_mean_300.0_v3" 200 16 "GET http://172.18.0.2:8080/v1/AUTH_ce18edd7d4214c89bce7bbc869acf587/gnocchi.795331f1-17de-42d9-aa56-12afbcb1be13/1759320000.0_mean_300.0_v3" "txda4a8a7399bf44779b7ca-0068dffddc" "proxy-server 20" 0.0006 "-" 24 0
Oct 3 16:46:20 standalone proxy-server[132077]: 172.18.0.2 172.18.0.100 03/Oct/2025/16/46/20 GET /v1/AUTH_ce18edd7d4214c89bce7bbc869acf587/gnocchi.795331f1-17de-42d9-aa56-12afbcb1be13/1759320000.0_mean_300.0_v3 HTTP/1.0 200 - python-swiftclient-3.11.1 gAAAAABo3_1uBlzC... - 16 - txda4a8a7399bf44779b7ca-0068dffddc - 0.0092 - - 1759509980.776124239 1759509980.785361290 0
Oct 3 16:46:20 standalone container-server[129876]: 172.20.0.100 - - [03/Oct/2025:16:46:20 +0000] "PUT /d1/283/AUTH_ce18edd7d4214c89bce7bbc869acf587/gnocchi.795331f1-17de-42d9-aa56-12afbcb1be13/1759320000.0_mean_300.0_v3" 201 - "PUT http://172.18.0.2:8080/d1/739/AUTH_ce18edd7d4214c89bce7bbc869acf587/gnocchi.795331f1-17de-42d9-aa56-12afbcb1be13/1759320000.0_mean_300.0_v3" "tx00a8f62b27b142dd966e2-0068dffddc" "object-server 22" 0.0006 "-" 23 0
Oct 3 16:46:20 standalone object-server[130063]: 172.20.0.100 - - [03/Oct/2025:16:46:20 +0000] "PUT /d1/739/AUTH_ce18edd7d4214c89bce7bbc869acf587/gnocchi.795331f1-17de-42d9-aa56-12afbcb1be13/1759320000.0_mean_300.0_v3" 201 - "PUT http://172.18.0.2:8080/v1/AUTH_ce18edd7d4214c89bce7bbc869acf587/gnocchi.795331f1-17de-42d9-aa56-12afbcb1be13/1759320000.0_mean_300.0_v3" "tx00a8f62b27b142dd966e2-0068dffddc" "proxy-server 20" 0.0259 "-" 22 0
Oct 3 16:46:20 standalone proxy-server[132077]: 172.18.0.2 172.18.0.100 03/Oct/2025/16/46/20 PUT /v1/AUTH_ce18edd7d4214c89bce7bbc869acf587/gnocchi.795331f1-17de-42d9-aa56-12afbcb1be13/1759320000.0_mean_300.0_v3 HTTP/1.0 201 - python-swiftclient-3.11.1 gAAAAABo3_1uBlzC... 16 - - tx00a8f62b27b142dd966e2-0068dffddc - 0.0324 - - 1759509980.788708210 1759509980.821070433 0
Oct 3 16:46:20 standalone container-server[129844]: 172.20.0.100 - - [03/Oct/2025:16:46:20 +0000] "PUT /d1/283/AUTH_ce18edd7d4214c89bce7bbc869acf587/gnocchi.795331f1-17de-42d9-aa56-12afbcb1be13/none_v3" 201 - "PUT http://172.18.0.2:8080/d1/487/AUTH_ce18edd7d4214c89bce7bbc869acf587/gnocchi.795331f1-17de-42d9-aa56-12afbcb1be13/none_v3" "tx32c815d6fb274eadbd1a5-0068dffddc" "object-server 22" 0.0005 "-" 21 0
Oct 3 16:46:20 standalone object-server[130063]: 172.20.0.100 - - [03/Oct/2025:16:46:20 +0000] "PUT /d1/487/AUTH_ce18edd7d4214c89bce7bbc869acf587/gnocchi.795331f1-17de-42d9-aa56-12afbcb1be13/none_v3" 201 - "PUT http://172.18.0.2:8080/v1/AUTH_ce18edd7d4214c89bce7bbc869acf587/gnocchi.795331f1-17de-42d9-aa56-12afbcb1be13/none_v3" "tx32c815d6fb274eadbd1a5-0068dffddc" "proxy-server 20" 0.0100 "-" 22 0
Oct 3 16:46:20 standalone proxy-server[132077]: 172.18.0.2 172.18.0.100 03/Oct/2025/16/46/20 PUT /v1/AUTH_ce18edd7d4214c89bce7bbc869acf587/gnocchi.795331f1-17de-42d9-aa56-12afbcb1be13/none_v3 HTTP/1.0 201 - python-swiftclient-3.11.1 gAAAAABo3_1uBlzC... 31 - - tx32c815d6fb274eadbd1a5-0068dffddc - 0.0150 - - 1759509980.827878952 1759509980.842894077 0
Oct 3 16:46:29 standalone object-server[130063]: 172.20.0.100 - - [03/Oct/2025:16:46:29 +0000] "GET /d1/473/AUTH_ce18edd7d4214c89bce7bbc869acf587/gnocchi.c9630526-f297-4a86-9b80-8a1a9cc5f846/none_v3" 200 31 "GET http://172.18.0.2:8080/v1/AUTH_ce18edd7d4214c89bce7bbc869acf587/gnocchi.c9630526-f297-4a86-9b80-8a1a9cc5f846/none_v3" "tx03baa277c6604e28a241d-0068dffde5" "proxy-server 20" 0.0043 "-" 22 0
Oct 3 16:46:29 standalone proxy-server[132077]: 172.18.0.2 172.18.0.100 03/Oct/2025/16/46/29 GET /v1/AUTH_ce18edd7d4214c89bce7bbc869acf587/gnocchi.c9630526-f297-4a86-9b80-8a1a9cc5f846/none_v3 HTTP/1.0 200 - python-swiftclient-3.11.1 gAAAAABo3_1uBlzC... - 31 - tx03baa277c6604e28a241d-0068dffde5 - 0.0183 - - 1759509989.571562052 1759509989.589865923 0
Oct 3 16:46:29 standalone container-server[129872]: 172.20.0.100 - - [03/Oct/2025:16:46:29 +0000] "GET /d1/373/AUTH_ce18edd7d4214c89bce7bbc869acf587/gnocchi.c9630526-f297-4a86-9b80-8a1a9cc5f846" 200 357 "GET http://172.18.0.2:8080/v1/AUTH_ce18edd7d4214c89bce7bbc869acf587/gnocchi.c9630526-f297-4a86-9b80-8a1a9cc5f846?format=json&states=listing" "tx51a19727650c4c6dbf0d1-0068dffde5" "proxy-server 20" 0.0084 "-" 22 0
Oct 3 16:46:29 standalone proxy-server[132077]: 172.18.0.2 172.18.0.100 03/Oct/2025/16/46/29 GET /v1/AUTH_ce18edd7d4214c89bce7bbc869acf587/gnocchi.c9630526-f297-4a86-9b80-8a1a9cc5f846%3Fformat%3Djson%26states%3Dlisting HTTP/1.0 200 - python-swiftclient-3.11.1 gAAAAABo3_1uBlzC... - 357 - tx51a19727650c4c6dbf0d1-0068dffde5 - 0.0246 - - 1759509989.593896866 1759509989.618523598 0
Oct 3 16:46:29 standalone container-server[129842]: 172.20.0.100 - - [03/Oct/2025:16:46:29 +0000] "GET /d1/373/AUTH_ce18edd7d4214c89bce7bbc869acf587/gnocchi.c9630526-f297-4a86-9b80-8a1a9cc5f846" 200 2 "GET http://172.18.0.2:8080/v1/AUTH_ce18edd7d4214c89bce7bbc869acf587/gnocchi.c9630526-f297-4a86-9b80-8a1a9cc5f846?format=json&marker=none_v3&states=listing" "tx0537b4b00dbc4529bdc79-0068dffde5" "proxy-server 20" 0.0018 "-" 20 0
Oct 3 16:46:29 standalone proxy-server[132077]: 172.18.0.2 172.18.0.100 03/Oct/2025/16/46/29 GET /v1/AUTH_ce18edd7d4214c89bce7bbc869acf587/gnocchi.c9630526-f297-4a86-9b80-8a1a9cc5f846%3Fformat%3Djson%26marker%3Dnone_v3%26states%3Dlisting HTTP/1.0 200 - python-swiftclient-3.11.1 gAAAAABo3_1uBlzC... - 2 - tx0537b4b00dbc4529bdc79-0068dffde5 - 0.0226 - - 1759509989.629952431 1759509989.652540207 0
Oct 3 16:46:29 standalone object-server[130066]: 172.20.0.100 - - [03/Oct/2025:16:46:29 +0000] "GET /d1/587/AUTH_ce18edd7d4214c89bce7bbc869acf587/gnocchi.c9630526-f297-4a86-9b80-8a1a9cc5f846/1759320000.0_mean_300.0_v3" 200 16 "GET http://172.18.0.2:8080/v1/AUTH_ce18edd7d4214c89bce7bbc869acf587/gnocchi.c9630526-f297-4a86-9b80-8a1a9cc5f846/1759320000.0_mean_300.0_v3" "txc6157c21de7a42e28d1f9-0068dffde5" "proxy-server 20" 0.0007 "-" 24 0
Oct 3 16:46:29 standalone proxy-server[132077]: 172.18.0.2 172.18.0.100 03/Oct/2025/16/46/29 GET /v1/AUTH_ce18edd7d4214c89bce7bbc869acf587/gnocchi.c9630526-f297-4a86-9b80-8a1a9cc5f846/1759320000.0_mean_300.0_v3 HTTP/1.0 200 - python-swiftclient-3.11.1 gAAAAABo3_1uBlzC... - 16 - txc6157c21de7a42e28d1f9-0068dffde5 - 0.0052 - - 1759509989.662663221 1759509989.667896748 0
Oct 3 16:46:29 standalone container-server[129872]: 172.20.0.100 - - [03/Oct/2025:16:46:29 +0000] "PUT /d1/373/AUTH_ce18edd7d4214c89bce7bbc869acf587/gnocchi.c9630526-f297-4a86-9b80-8a1a9cc5f846/1759320000.0_mean_300.0_v3" 201 - "PUT http://172.18.0.2:8080/d1/587/AUTH_ce18edd7d4214c89bce7bbc869acf587/gnocchi.c9630526-f297-4a86-9b80-8a1a9cc5f846/1759320000.0_mean_300.0_v3" "tx7ed45a8b285e42e997b16-0068dffde5" "object-server 24" 0.0006 "-" 22 0
Oct 3 16:46:29 standalone object-server[130066]: 172.20.0.100 - - [03/Oct/2025:16:46:29 +0000] "PUT /d1/587/AUTH_ce18edd7d4214c89bce7bbc869acf587/gnocchi.c9630526-f297-4a86-9b80-8a1a9cc5f846/1759320000.0_mean_300.0_v3" 201 - "PUT http://172.18.0.2:8080/v1/AUTH_ce18edd7d4214c89bce7bbc869acf587/gnocchi.c9630526-f297-4a86-9b80-8a1a9cc5f846/1759320000.0_mean_300.0_v3" "tx7ed45a8b285e42e997b16-0068dffde5" "proxy-server 20" 0.0139 "-" 24 0
Oct 3 16:46:29 standalone proxy-server[132077]: 172.18.0.2 172.18.0.100 03/Oct/2025/16/46/29 PUT /v1/AUTH_ce18edd7d4214c89bce7bbc869acf587/gnocchi.c9630526-f297-4a86-9b80-8a1a9cc5f846/1759320000.0_mean_300.0_v3 HTTP/1.0 201 - python-swiftclient-3.11.1 gAAAAABo3_1uBlzC... 16 - - tx7ed45a8b285e42e997b16-0068dffde5 - 0.0343 - - 1759509989.677556992 1759509989.711899042 0
Oct 3 16:46:29 standalone container-server[129842]: 172.20.0.100 - - [03/Oct/2025:16:46:29 +0000] "PUT /d1/373/AUTH_ce18edd7d4214c89bce7bbc869acf587/gnocchi.c9630526-f297-4a86-9b80-8a1a9cc5f846/none_v3" 201 - "PUT http://172.18.0.2:8080/d1/473/AUTH_ce18edd7d4214c89bce7bbc869acf587/gnocchi.c9630526-f297-4a86-9b80-8a1a9cc5f846/none_v3" "tx0e40f0e936c3444d9d738-0068dffde5" "object-server 21" 0.0008 "-" 20 0
Oct 3 16:46:29 standalone object-server[130058]: 172.20.0.100 - - [03/Oct/2025:16:46:29 +0000] "PUT /d1/473/AUTH_ce18edd7d4214c89bce7bbc869acf587/gnocchi.c9630526-f297-4a86-9b80-8a1a9cc5f846/none_v3" 201 - "PUT http://172.18.0.2:8080/v1/AUTH_ce18edd7d4214c89bce7bbc869acf587/gnocchi.c9630526-f297-4a86-9b80-8a1a9cc5f846/none_v3" "tx0e40f0e936c3444d9d738-0068dffde5" "proxy-server 20" 0.0092 "-" 21 0
Oct 3 16:46:29 standalone proxy-server[132077]: 172.18.0.2 172.18.0.100 03/Oct/2025/16/46/29 PUT /v1/AUTH_ce18edd7d4214c89bce7bbc869acf587/gnocchi.c9630526-f297-4a86-9b80-8a1a9cc5f846/none_v3 HTTP/1.0 201 - python-swiftclient-3.11.1 gAAAAABo3_1uBlzC... 46 - - tx0e40f0e936c3444d9d738-0068dffde5 - 0.0172 - - 1759509989.715415716 1759509989.732574940 0
Oct 3 16:46:30 standalone account-server[129826]: 172.20.0.100 - - [03/Oct/2025:16:46:30 +0000] "HEAD /d1/335/AUTH_ce18edd7d4214c89bce7bbc869acf587" 204 - "HEAD http://172.18.0.2:8080/v1/AUTH_ce18edd7d4214c89bce7bbc869acf587?format=json" "tx19b05e8104c54a8885078-0068dffde6" "proxy-server 20" 0.0057 "-" 23 -
Oct 3 16:46:30 standalone proxy-server[132077]: - - 03/Oct/2025/16/46/30 HEAD /v1/AUTH_ce18edd7d4214c89bce7bbc869acf587%3Fformat%3Djson HTTP/1.0 204 - Swift - - - - tx19b05e8104c54a8885078-0068dffde6 - 0.0120 RL - 1759509990.497108459 1759509990.509067297 -
Oct 3 16:46:30 standalone object-server[130063]: 172.20.0.100 - - [03/Oct/2025:16:46:30 +0000] "GET /d1/473/AUTH_ce18edd7d4214c89bce7bbc869acf587/gnocchi.c9630526-f297-4a86-9b80-8a1a9cc5f846/none_v3" 200 46 "GET http://172.18.0.2:8080/v1/AUTH_ce18edd7d4214c89bce7bbc869acf587/gnocchi.c9630526-f297-4a86-9b80-8a1a9cc5f846/none_v3" "tx19b05e8104c54a8885078-0068dffde6" "proxy-server 20" 0.0009 "-" 22 0
Oct 3 16:46:30 standalone proxy-server[132077]: 172.18.0.2 172.18.0.100 03/Oct/2025/16/46/30 GET /v1/AUTH_ce18edd7d4214c89bce7bbc869acf587/gnocchi.c9630526-f297-4a86-9b80-8a1a9cc5f846/none_v3 HTTP/1.0 200 - python-swiftclient-3.11.1 gAAAAABo3_1uBlzC... - 46 - tx19b05e8104c54a8885078-0068dffde6 - 0.0227 - - 1759509990.496231318 1759509990.518907547 0
Oct 3 16:46:30 standalone container-server[129876]: 172.20.0.100 - - [03/Oct/2025:16:46:30 +0000] "GET /d1/373/AUTH_ce18edd7d4214c89bce7bbc869acf587/gnocchi.c9630526-f297-4a86-9b80-8a1a9cc5f846" 200 357 "GET http://172.18.0.2:8080/v1/AUTH_ce18edd7d4214c89bce7bbc869acf587/gnocchi.c9630526-f297-4a86-9b80-8a1a9cc5f846?format=json&states=listing" "tx9cde1263753b4874afe70-0068dffde6" "proxy-server 20" 0.0059 "-" 23 0
Oct 3 16:46:30 standalone proxy-server[132077]: 172.18.0.2 172.18.0.100 03/Oct/2025/16/46/30 GET /v1/AUTH_ce18edd7d4214c89bce7bbc869acf587/gnocchi.c9630526-f297-4a86-9b80-8a1a9cc5f846%3Fformat%3Djson%26states%3Dlisting HTTP/1.0 200 - python-swiftclient-3.11.1 gAAAAABo3_1uBlzC... - 357 - tx9cde1263753b4874afe70-0068dffde6 - 0.0123 - - 1759509990.523201942 1759509990.535530090 0
Oct 3 16:46:30 standalone container-server[129842]: 172.20.0.100 - - [03/Oct/2025:16:46:30 +0000] "GET /d1/373/AUTH_ce18edd7d4214c89bce7bbc869acf587/gnocchi.c9630526-f297-4a86-9b80-8a1a9cc5f846" 200 2 "GET http://172.18.0.2:8080/v1/AUTH_ce18edd7d4214c89bce7bbc869acf587/gnocchi.c9630526-f297-4a86-9b80-8a1a9cc5f846?format=json&marker=none_v3&states=listing" "tx42cec4736b024cb888d9f-0068dffde6" "proxy-server 20" 0.0017 "-" 20 0
Oct 3 16:46:30 standalone proxy-server[132077]: 172.18.0.2 172.18.0.100 03/Oct/2025/16/46/30 GET /v1/AUTH_ce18edd7d4214c89bce7bbc869acf587/gnocchi.c9630526-f297-4a86-9b80-8a1a9cc5f846%3Fformat%3Djson%26marker%3Dnone_v3%26states%3Dlisting HTTP/1.0 200 - python-swiftclient-3.11.1 gAAAAABo3_1uBlzC... - 2 - tx42cec4736b024cb888d9f-0068dffde6 - 0.0071 - - 1759509990.538688660 1759509990.545789957 0
Oct 3 16:46:30 standalone object-server[130066]: 172.20.0.100 - - [03/Oct/2025:16:46:30 +0000] "GET /d1/587/AUTH_ce18edd7d4214c89bce7bbc869acf587/gnocchi.c9630526-f297-4a86-9b80-8a1a9cc5f846/1759320000.0_mean_300.0_v3" 200 16 "GET http://172.18.0.2:8080/v1/AUTH_ce18edd7d4214c89bce7bbc869acf587/gnocchi.c9630526-f297-4a86-9b80-8a1a9cc5f846/1759320000.0_mean_300.0_v3" "txecfecd9110f44f1bb531c-0068dffde6" "proxy-server 20" 0.0012 "-" 24 0
Oct 3 16:46:30 standalone proxy-server[132077]: 172.18.0.2 172.18.0.100 03/Oct/2025/16/46/30 GET /v1/AUTH_ce18edd7d4214c89bce7bbc869acf587/gnocchi.c9630526-f297-4a86-9b80-8a1a9cc5f846/1759320000.0_mean_300.0_v3 HTTP/1.0 200 - python-swiftclient-3.11.1 gAAAAABo3_1uBlzC... - 16 - txecfecd9110f44f1bb531c-0068dffde6 - 0.0083 - - 1759509990.549801111 1759509990.558105707 0
Oct 3 16:46:30 standalone container-server[129842]: 172.20.0.100 - - [03/Oct/2025:16:46:30 +0000] "PUT /d1/373/AUTH_ce18edd7d4214c89bce7bbc869acf587/gnocchi.c9630526-f297-4a86-9b80-8a1a9cc5f846/1759320000.0_mean_300.0_v3" 201 - "PUT http://172.18.0.2:8080/d1/587/AUTH_ce18edd7d4214c89bce7bbc869acf587/gnocchi.c9630526-f297-4a86-9b80-8a1a9cc5f846/1759320000.0_mean_300.0_v3" "txd8e08283fd714074ae8c9-0068dffde6" "object-server 22" 0.0007 "-" 20 0
Oct 3 16:46:30 standalone object-server[130063]: 172.20.0.100 - - [03/Oct/2025:16:46:30 +0000] "PUT /d1/587/AUTH_ce18edd7d4214c89bce7bbc869acf587/gnocchi.c9630526-f297-4a86-9b80-8a1a9cc5f846/1759320000.0_mean_300.0_v3" 201 - "PUT http://172.18.0.2:8080/v1/AUTH_ce18edd7d4214c89bce7bbc869acf587/gnocchi.c9630526-f297-4a86-9b80-8a1a9cc5f846/1759320000.0_mean_300.0_v3" "txd8e08283fd714074ae8c9-0068dffde6" "proxy-server 20" 0.0115 "-" 22 0
Oct 3 16:46:30 standalone proxy-server[132077]: 172.18.0.2 172.18.0.100 03/Oct/2025/16/46/30 PUT /v1/AUTH_ce18edd7d4214c89bce7bbc869acf587/gnocchi.c9630526-f297-4a86-9b80-8a1a9cc5f846/1759320000.0_mean_300.0_v3 HTTP/1.0 201 - python-swiftclient-3.11.1 gAAAAABo3_1uBlzC... 16 - - txd8e08283fd714074ae8c9-0068dffde6 - 0.0181 - - 1759509990.561357975 1759509990.579507828 0
Oct 3 16:46:30 standalone container-server[129876]: 172.20.0.100 - - [03/Oct/2025:16:46:30 +0000] "PUT /d1/373/AUTH_ce18edd7d4214c89bce7bbc869acf587/gnocchi.c9630526-f297-4a86-9b80-8a1a9cc5f846/none_v3" 201 - "PUT http://172.18.0.2:8080/d1/473/AUTH_ce18edd7d4214c89bce7bbc869acf587/gnocchi.c9630526-f297-4a86-9b80-8a1a9cc5f846/none_v3" "txdc015562ec264e0fa7b17-0068dffde6" "object-server 22" 0.0005 "-" 23 0
Oct 3 16:46:30 standalone object-server[130063]: 172.20.0.100 - - [03/Oct/2025:16:46:30 +0000] "PUT /d1/473/AUTH_ce18edd7d4214c89bce7bbc869acf587/gnocchi.c9630526-f297-4a86-9b80-8a1a9cc5f846/none_v3" 201 - "PUT http://172.18.0.2:8080/v1/AUTH_ce18edd7d4214c89bce7bbc869acf587/gnocchi.c9630526-f297-4a86-9b80-8a1a9cc5f846/none_v3" "txdc015562ec264e0fa7b17-0068dffde6" "proxy-server 20" 0.0098 "-" 22 0
Oct 3 16:46:30 standalone proxy-server[132077]: 172.18.0.2 172.18.0.100 03/Oct/2025/16/46/30 PUT /v1/AUTH_ce18edd7d4214c89bce7bbc869acf587/gnocchi.c9630526-f297-4a86-9b80-8a1a9cc5f846/none_v3 HTTP/1.0 201 - python-swiftclient-3.11.1 gAAAAABo3_1uBlzC... 51 - - txdc015562ec264e0fa7b17-0068dffde6 - 0.0156 - - 1759509990.582239151 1759509990.597874403 0
Oct 3 16:46:30 standalone object-server[130066]: 172.20.0.100 - - [03/Oct/2025:16:46:30 +0000] "GET /d1/541/AUTH_ce18edd7d4214c89bce7bbc869acf587/gnocchi.7bcc6f9f-762a-49a3-b4b1-aefde3477ba7/none_v3" 200 22 "GET http://172.18.0.2:8080/v1/AUTH_ce18edd7d4214c89bce7bbc869acf587/gnocchi.7bcc6f9f-762a-49a3-b4b1-aefde3477ba7/none_v3" "tx4024717915a94c9091f93-0068dffde6" "proxy-server 20" 0.0006 "-" 24 0
Oct 3 16:46:30 standalone proxy-server[132077]: 172.18.0.2 172.18.0.100 03/Oct/2025/16/46/30 GET /v1/AUTH_ce18edd7d4214c89bce7bbc869acf587/gnocchi.7bcc6f9f-762a-49a3-b4b1-aefde3477ba7/none_v3 HTTP/1.0 200 - python-swiftclient-3.11.1 gAAAAABo3_1uBlzC... - 22 - tx4024717915a94c9091f93-0068dffde6 - 0.0069 - - 1759509990.619937181 1759509990.626789808 0
Oct 3 16:46:30 standalone container-server[129842]: 172.20.0.100 - - [03/Oct/2025:16:46:30 +0000] "GET /d1/402/AUTH_ce18edd7d4214c89bce7bbc869acf587/gnocchi.7bcc6f9f-762a-49a3-b4b1-aefde3477ba7" 200 357 "GET http://172.18.0.2:8080/v1/AUTH_ce18edd7d4214c89bce7bbc869acf587/gnocchi.7bcc6f9f-762a-49a3-b4b1-aefde3477ba7?format=json&states=listing" "tx8655e8ec3528474f8ffa4-0068dffde6" "proxy-server 20" 0.0084 "-" 20 0
Oct 3 16:46:30 standalone proxy-server[132077]: 172.18.0.2 172.18.0.100 03/Oct/2025/16/46/30 GET /v1/AUTH_ce18edd7d4214c89bce7bbc869acf587/gnocchi.7bcc6f9f-762a-49a3-b4b1-aefde3477ba7%3Fformat%3Djson%26states%3Dlisting HTTP/1.0 200 - python-swiftclient-3.11.1 gAAAAABo3_1uBlzC... - 357 - tx8655e8ec3528474f8ffa4-0068dffde6 - 0.0146 - - 1759509990.630107403 1759509990.644744396 0
Oct 3 16:46:30 standalone container-server[129872]: 172.20.0.100 - - [03/Oct/2025:16:46:30 +0000] "GET /d1/402/AUTH_ce18edd7d4214c89bce7bbc869acf587/gnocchi.7bcc6f9f-762a-49a3-b4b1-aefde3477ba7" 200 2 "GET http://172.18.0.2:8080/v1/AUTH_ce18edd7d4214c89bce7bbc869acf587/gnocchi.7bcc6f9f-762a-49a3-b4b1-aefde3477ba7?format=json&marker=none_v3&states=listing" "tx90e6fe2b6d814b61b609b-0068dffde6" "proxy-server 20" 0.0025 "-" 22 0
Oct 3 16:46:30 standalone proxy-server[132077]: 172.18.0.2 172.18.0.100 03/Oct/2025/16/46/30 GET /v1/AUTH_ce18edd7d4214c89bce7bbc869acf587/gnocchi.7bcc6f9f-762a-49a3-b4b1-aefde3477ba7%3Fformat%3Djson%26marker%3Dnone_v3%26states%3Dlisting HTTP/1.0 200 - python-swiftclient-3.11.1 gAAAAABo3_1uBlzC... - 2 - tx90e6fe2b6d814b61b609b-0068dffde6 - 0.0087 - - 1759509990.647368431 1759509990.656101465 0
Oct 3 16:46:30 standalone object-server[130066]: 172.20.0.100 - - [03/Oct/2025:16:46:30 +0000] "GET /d1/321/AUTH_ce18edd7d4214c89bce7bbc869acf587/gnocchi.7bcc6f9f-762a-49a3-b4b1-aefde3477ba7/1759320000.0_mean_300.0_v3" 200 16 "GET http://172.18.0.2:8080/v1/AUTH_ce18edd7d4214c89bce7bbc869acf587/gnocchi.7bcc6f9f-762a-49a3-b4b1-aefde3477ba7/1759320000.0_mean_300.0_v3" "txfbef9e4841f64907af7f9-0068dffde6" "proxy-server 20" 0.0006 "-" 24 0
Oct 3 16:46:30 standalone proxy-server[132077]: 172.18.0.2 172.18.0.100 03/Oct/2025/16/46/30 GET /v1/AUTH_ce18edd7d4214c89bce7bbc869acf587/gnocchi.7bcc6f9f-762a-49a3-b4b1-aefde3477ba7/1759320000.0_mean_300.0_v3 HTTP/1.0 200 - python-swiftclient-3.11.1 gAAAAABo3_1uBlzC... - 16 - txfbef9e4841f64907af7f9-0068dffde6 - 0.0076 - - 1759509990.659781933 1759509990.667404175 0
Oct 3 16:46:30 standalone container-server[129842]: 172.20.0.100 - - [03/Oct/2025:16:46:30 +0000] "PUT /d1/402/AUTH_ce18edd7d4214c89bce7bbc869acf587/gnocchi.7bcc6f9f-762a-49a3-b4b1-aefde3477ba7/1759320000.0_mean_300.0_v3" 201 - "PUT http://172.18.0.2:8080/d1/321/AUTH_ce18edd7d4214c89bce7bbc869acf587/gnocchi.7bcc6f9f-762a-49a3-b4b1-aefde3477ba7/1759320000.0_mean_300.0_v3" "tx3898c1771c8e45d0a398d-0068dffde6" "object-server 24" 0.0006 "-" 20 0
Oct 3 16:46:30 standalone object-server[130066]: 172.20.0.100 - - [03/Oct/2025:16:46:30 +0000] "PUT /d1/321/AUTH_ce18edd7d4214c89bce7bbc869acf587/gnocchi.7bcc6f9f-762a-49a3-b4b1-aefde3477ba7/1759320000.0_mean_300.0_v3" 201 - "PUT http://172.18.0.2:8080/v1/AUTH_ce18edd7d4214c89bce7bbc869acf587/gnocchi.7bcc6f9f-762a-49a3-b4b1-aefde3477ba7/1759320000.0_mean_300.0_v3" "tx3898c1771c8e45d0a398d-0068dffde6" "proxy-server 20" 0.0097 "-" 24 0
Oct 3 16:46:30 standalone proxy-server[132077]: 172.18.0.2 172.18.0.100 03/Oct/2025/16/46/30 PUT /v1/AUTH_ce18edd7d4214c89bce7bbc869acf587/gnocchi.7bcc6f9f-762a-49a3-b4b1-aefde3477ba7/1759320000.0_mean_300.0_v3 HTTP/1.0 201 - python-swiftclient-3.11.1 gAAAAABo3_1uBlzC... 16 - - tx3898c1771c8e45d0a398d-0068dffde6 - 0.0152 - - 1759509990.671197891 1759509990.686434746 0
Oct 3 16:46:30 standalone container-server[129876]: 172.20.0.100 - - [03/Oct/2025:16:46:30 +0000] "PUT /d1/402/AUTH_ce18edd7d4214c89bce7bbc869acf587/gnocchi.7bcc6f9f-762a-49a3-b4b1-aefde3477ba7/none_v3" 201 - "PUT http://172.18.0.2:8080/d1/541/AUTH_ce18edd7d4214c89bce7bbc869acf587/gnocchi.7bcc6f9f-762a-49a3-b4b1-aefde3477ba7/none_v3" "tx13e54277cb154d84b739b-0068dffde6" "object-server 21" 0.0006 "-" 23 0
Oct 3 16:46:30 standalone object-server[130058]: 172.20.0.100 - - [03/Oct/2025:16:46:30 +0000] "PUT /d1/541/AUTH_ce18edd7d4214c89bce7bbc869acf587/gnocchi.7bcc6f9f-762a-49a3-b4b1-aefde3477ba7/none_v3" 201 - "PUT http://172.18.0.2:8080/v1/AUTH_ce18edd7d4214c89bce7bbc869acf587/gnocchi.7bcc6f9f-762a-49a3-b4b1-aefde3477ba7/none_v3" "tx13e54277cb154d84b739b-0068dffde6" "proxy-server 20" 0.0085 "-" 21 0
Oct 3 16:46:30 standalone proxy-server[132077]: 172.18.0.2 172.18.0.100 03/Oct/2025/16/46/30 PUT /v1/AUTH_ce18edd7d4214c89bce7bbc869acf587/gnocchi.7bcc6f9f-762a-49a3-b4b1-aefde3477ba7/none_v3 HTTP/1.0 201 - python-swiftclient-3.11.1 gAAAAABo3_1uBlzC... 32 - - tx13e54277cb154d84b739b-0068dffde6 - 0.0146 - - 1759509990.689861059 1759509990.704490900 0
Oct 3 16:46:30 standalone object-server[130058]: 172.20.0.100 - - [03/Oct/2025:16:46:30 +0000] "GET /d1/576/AUTH_ce18edd7d4214c89bce7bbc869acf587/gnocchi.9e891410-a6b5-4e78-a480-3d1594e944d7/none_v3" 200 22 "GET http://172.18.0.2:8080/v1/AUTH_ce18edd7d4214c89bce7bbc869acf587/gnocchi.9e891410-a6b5-4e78-a480-3d1594e944d7/none_v3" "tx912908d7d9894a67b87e2-0068dffde6" "proxy-server 20" 0.0009 "-" 21 0
Oct 3 16:46:30 standalone proxy-server[132077]: 172.18.0.2 172.18.0.100 03/Oct/2025/16/46/30 GET /v1/AUTH_ce18edd7d4214c89bce7bbc869acf587/gnocchi.9e891410-a6b5-4e78-a480-3d1594e944d7/none_v3 HTTP/1.0 200 - python-swiftclient-3.11.1 gAAAAABo3_1uBlzC... - 22 - tx912908d7d9894a67b87e2-0068dffde6 - 0.0072 - - 1759509990.714651108 1759509990.721857786 0
Oct 3 16:46:30 standalone container-server[129842]: 172.20.0.100 - - [03/Oct/2025:16:46:30 +0000] "GET /d1/978/AUTH_ce18edd7d4214c89bce7bbc869acf587/gnocchi.9e891410-a6b5-4e78-a480-3d1594e944d7" 200 357 "GET http://172.18.0.2:8080/v1/AUTH_ce18edd7d4214c89bce7bbc869acf587/gnocchi.9e891410-a6b5-4e78-a480-3d1594e944d7?format=json&states=listing" "txa5a69eceaf99400286d00-0068dffde6" "proxy-server 20" 0.0083 "-" 20 0
Oct 3 16:46:30 standalone proxy-server[132077]: 172.18.0.2 172.18.0.100 03/Oct/2025/16/46/30 GET /v1/AUTH_ce18edd7d4214c89bce7bbc869acf587/gnocchi.9e891410-a6b5-4e78-a480-3d1594e944d7%3Fformat%3Djson%26states%3Dlisting HTTP/1.0 200 - python-swiftclient-3.11.1 gAAAAABo3_1uBlzC... - 357 - txa5a69eceaf99400286d00-0068dffde6 - 0.0153 - - 1759509990.725435495 1759509990.740738630 0
Oct 3 16:46:30 standalone container-server[129842]: 172.20.0.100 - - [03/Oct/2025:16:46:30 +0000] "GET /d1/978/AUTH_ce18edd7d4214c89bce7bbc869acf587/gnocchi.9e891410-a6b5-4e78-a480-3d1594e944d7" 200 2 "GET http://172.18.0.2:8080/v1/AUTH_ce18edd7d4214c89bce7bbc869acf587/gnocchi.9e891410-a6b5-4e78-a480-3d1594e944d7?format=json&marker=none_v3&states=listing" "tx1c128468b05a4a0d95c03-0068dffde6" "proxy-server 20" 0.0041 "-" 20 0
Oct 3 16:46:30 standalone proxy-server[132077]: 172.18.0.2 172.18.0.100 03/Oct/2025/16/46/30 GET /v1/AUTH_ce18edd7d4214c89bce7bbc869acf587/gnocchi.9e891410-a6b5-4e78-a480-3d1594e944d7%3Fformat%3Djson%26marker%3Dnone_v3%26states%3Dlisting HTTP/1.0 200 - python-swiftclient-3.11.1 gAAAAABo3_1uBlzC... - 2 - tx1c128468b05a4a0d95c03-0068dffde6 - 0.0109 - - 1759509990.743793726 1759509990.754714251 0
Oct 3 16:46:30 standalone object-server[130064]: 172.20.0.100 - - [03/Oct/2025:16:46:30 +0000] "GET /d1/899/AUTH_ce18edd7d4214c89bce7bbc869acf587/gnocchi.9e891410-a6b5-4e78-a480-3d1594e944d7/1759320000.0_mean_300.0_v3" 200 16 "GET http://172.18.0.2:8080/v1/AUTH_ce18edd7d4214c89bce7bbc869acf587/gnocchi.9e891410-a6b5-4e78-a480-3d1594e944d7/1759320000.0_mean_300.0_v3" "tx71da4c9eee014d0a9eb84-0068dffde6" "proxy-server 20" 0.0007 "-" 23 0
Oct 3 16:46:30 standalone proxy-server[132077]: 172.18.0.2 172.18.0.100 03/Oct/2025/16/46/30 GET /v1/AUTH_ce18edd7d4214c89bce7bbc869acf587/gnocchi.9e891410-a6b5-4e78-a480-3d1594e944d7/1759320000.0_mean_300.0_v3 HTTP/1.0 200 - python-swiftclient-3.11.1 gAAAAABo3_1uBlzC... - 16 - tx71da4c9eee014d0a9eb84-0068dffde6 - 0.0068 - - 1759509990.758118153 1759509990.764943361 0
Oct 3 16:46:30 standalone container-server[129844]: 172.20.0.100 - - [03/Oct/2025:16:46:30 +0000] "PUT /d1/978/AUTH_ce18edd7d4214c89bce7bbc869acf587/gnocchi.9e891410-a6b5-4e78-a480-3d1594e944d7/1759320000.0_mean_300.0_v3" 201 - "PUT http://172.18.0.2:8080/d1/899/AUTH_ce18edd7d4214c89bce7bbc869acf587/gnocchi.9e891410-a6b5-4e78-a480-3d1594e944d7/1759320000.0_mean_300.0_v3" "txdf2f35f3d2c040c29501e-0068dffde6" "object-server 23" 0.0006 "-" 21 0
Oct 3 16:46:30 standalone object-server[130064]: 172.20.0.100 - - [03/Oct/2025:16:46:30 +0000] "PUT /d1/899/AUTH_ce18edd7d4214c89bce7bbc869acf587/gnocchi.9e891410-a6b5-4e78-a480-3d1594e944d7/1759320000.0_mean_300.0_v3" 201 - "PUT http://172.18.0.2:8080/v1/AUTH_ce18edd7d4214c89bce7bbc869acf587/gnocchi.9e891410-a6b5-4e78-a480-3d1594e944d7/1759320000.0_mean_300.0_v3" "txdf2f35f3d2c040c29501e-0068dffde6" "proxy-server 20" 0.0123 "-" 23 0
Oct 3 16:46:30 standalone proxy-server[132077]: 172.18.0.2 172.18.0.100 03/Oct/2025/16/46/30 PUT /v1/AUTH_ce18edd7d4214c89bce7bbc869acf587/gnocchi.9e891410-a6b5-4e78-a480-3d1594e944d7/1759320000.0_mean_300.0_v3 HTTP/1.0 201 - python-swiftclient-3.11.1 gAAAAABo3_1uBlzC... 16 - - txdf2f35f3d2c040c29501e-0068dffde6 - 0.0176 - - 1759509990.768275499 1759509990.785909176 0
Oct 3 16:46:30 standalone container-server[129844]: 172.20.0.100 - - [03/Oct/2025:16:46:30 +0000] "PUT /d1/978/AUTH_ce18edd7d4214c89bce7bbc869acf587/gnocchi.9e891410-a6b5-4e78-a480-3d1594e944d7/none_v3" 201 - "PUT http://172.18.0.2:8080/d1/576/AUTH_ce18edd7d4214c89bce7bbc869acf587/gnocchi.9e891410-a6b5-4e78-a480-3d1594e944d7/none_v3" "tx123c52c2e0e848d89bfb2-0068dffde6" "object-server 24" 0.0004 "-" 21 0
Oct 3 16:46:30 standalone object-server[130066]: 172.20.0.100 - - [03/Oct/2025:16:46:30 +0000] "PUT /d1/576/AUTH_ce18edd7d4214c89bce7bbc869acf587/gnocchi.9e891410-a6b5-4e78-a480-3d1594e944d7/none_v3" 201 - "PUT http://172.18.0.2:8080/v1/AUTH_ce18edd7d4214c89bce7bbc869acf587/gnocchi.9e891410-a6b5-4e78-a480-3d1594e944d7/none_v3" "tx123c52c2e0e848d89bfb2-0068dffde6" "proxy-server 20" 0.0083 "-" 24 0
Oct 3 16:46:30 standalone proxy-server[132077]: 172.18.0.2 172.18.0.100 03/Oct/2025/16/46/30 PUT /v1/AUTH_ce18edd7d4214c89bce7bbc869acf587/gnocchi.9e891410-a6b5-4e78-a480-3d1594e944d7/none_v3 HTTP/1.0 201 - python-swiftclient-3.11.1 gAAAAABo3_1uBlzC... 32 - - tx123c52c2e0e848d89bfb2-0068dffde6 - 0.0139 - - 1759509990.789090872 1759509990.803034067 0
Oct 3 16:46:30 standalone object-server[130063]: 172.20.0.100 - - [03/Oct/2025:16:46:30 +0000] "GET /d1/740/AUTH_ce18edd7d4214c89bce7bbc869acf587/gnocchi.ef16023d-1fd5-4709-b82b-c02caffe36fc/none_v3" 200 22 "GET http://172.18.0.2:8080/v1/AUTH_ce18edd7d4214c89bce7bbc869acf587/gnocchi.ef16023d-1fd5-4709-b82b-c02caffe36fc/none_v3" "txc31cd17e01c440e7a2a53-0068dffde6" "proxy-server 20" 0.0005 "-" 22 0
Oct 3 16:46:30 standalone proxy-server[132077]: 172.18.0.2 172.18.0.100 03/Oct/2025/16/46/30 GET /v1/AUTH_ce18edd7d4214c89bce7bbc869acf587/gnocchi.ef16023d-1fd5-4709-b82b-c02caffe36fc/none_v3 HTTP/1.0 200 - python-swiftclient-3.11.1 gAAAAABo3_1uBlzC... - 22 - txc31cd17e01c440e7a2a53-0068dffde6 - 0.0063 - - 1759509990.813690424 1759509990.820013762 0
Oct 3 16:46:30 standalone container-server[129842]: 172.20.0.100 - - [03/Oct/2025:16:46:30 +0000] "GET /d1/923/AUTH_ce18edd7d4214c89bce7bbc869acf587/gnocchi.ef16023d-1fd5-4709-b82b-c02caffe36fc" 200 357 "GET http://172.18.0.2:8080/v1/AUTH_ce18edd7d4214c89bce7bbc869acf587/gnocchi.ef16023d-1fd5-4709-b82b-c02caffe36fc?format=json&states=listing" "tx89bd2ad55d3d4af6acf73-0068dffde6" "proxy-server 20" 0.0087 "-" 20 0
Oct 3 16:46:30 standalone proxy-server[132077]: 172.18.0.2 172.18.0.100 03/Oct/2025/16/46/30 GET /v1/AUTH_ce18edd7d4214c89bce7bbc869acf587/gnocchi.ef16023d-1fd5-4709-b82b-c02caffe36fc%3Fformat%3Djson%26states%3Dlisting HTTP/1.0 200 - python-swiftclient-3.11.1 gAAAAABo3_1uBlzC... - 357 - tx89bd2ad55d3d4af6acf73-0068dffde6 - 0.0154 - - 1759509990.824079037 1759509990.839506149 0
Oct 3 16:46:30 standalone container-server[129876]: 172.20.0.100 - - [03/Oct/2025:16:46:30 +0000] "GET /d1/923/AUTH_ce18edd7d4214c89bce7bbc869acf587/gnocchi.ef16023d-1fd5-4709-b82b-c02caffe36fc" 200 2 "GET http://172.18.0.2:8080/v1/AUTH_ce18edd7d4214c89bce7bbc869acf587/gnocchi.ef16023d-1fd5-4709-b82b-c02caffe36fc?format=json&marker=none_v3&states=listing" "txa199fb4226594c68baae6-0068dffde6" "proxy-server 20" 0.0027 "-" 23 0
Oct 3 16:46:30 standalone proxy-server[132077]: 172.18.0.2 172.18.0.100 03/Oct/2025/16/46/30 GET /v1/AUTH_ce18edd7d4214c89bce7bbc869acf587/gnocchi.ef16023d-1fd5-4709-b82b-c02caffe36fc%3Fformat%3Djson%26marker%3Dnone_v3%26states%3Dlisting HTTP/1.0 200 - python-swiftclient-3.11.1 gAAAAABo3_1uBlzC... - 2 - txa199fb4226594c68baae6-0068dffde6 - 0.0115 - - 1759509990.842168808 1759509990.853632927 0
Oct 3 16:46:30 standalone object-server[130063]: 172.20.0.100 - - [03/Oct/2025:16:46:30 +0000] "GET /d1/310/AUTH_ce18edd7d4214c89bce7bbc869acf587/gnocchi.ef16023d-1fd5-4709-b82b-c02caffe36fc/1759320000.0_mean_300.0_v3" 200 16 "GET http://172.18.0.2:8080/v1/AUTH_ce18edd7d4214c89bce7bbc869acf587/gnocchi.ef16023d-1fd5-4709-b82b-c02caffe36fc/1759320000.0_mean_300.0_v3" "tx1a4e2a6723ac4ae180c6e-0068dffde6" "proxy-server 20" 0.0010 "-" 22 0
Oct 3 16:46:30 standalone proxy-server[132077]: 172.18.0.2 172.18.0.100 03/Oct/2025/16/46/30 GET /v1/AUTH_ce18edd7d4214c89bce7bbc869acf587/gnocchi.ef16023d-1fd5-4709-b82b-c02caffe36fc/1759320000.0_mean_300.0_v3 HTTP/1.0 200 - python-swiftclient-3.11.1 gAAAAABo3_1uBlzC... - 16 - tx1a4e2a6723ac4ae180c6e-0068dffde6 - 0.0140 - - 1759509990.860914230 1759509990.874905348 0
Oct 3 16:46:30 standalone container-server[129876]: 172.20.0.100 - - [03/Oct/2025:16:46:30 +0000] "PUT /d1/923/AUTH_ce18edd7d4214c89bce7bbc869acf587/gnocchi.ef16023d-1fd5-4709-b82b-c02caffe36fc/1759320000.0_mean_300.0_v3" 201 - "PUT http://172.18.0.2:8080/d1/310/AUTH_ce18edd7d4214c89bce7bbc869acf587/gnocchi.ef16023d-1fd5-4709-b82b-c02caffe36fc/1759320000.0_mean_300.0_v3" "tx144f19c8019e44188a91c-0068dffde6" "object-server 21" 0.0009 "-" 23 0
Oct 3 16:46:30 standalone object-server[130058]: 172.20.0.100 - - [03/Oct/2025:16:46:30 +0000] "PUT /d1/310/AUTH_ce18edd7d4214c89bce7bbc869acf587/gnocchi.ef16023d-1fd5-4709-b82b-c02caffe36fc/1759320000.0_mean_300.0_v3" 201 - "PUT http://172.18.0.2:8080/v1/AUTH_ce18edd7d4214c89bce7bbc869acf587/gnocchi.ef16023d-1fd5-4709-b82b-c02caffe36fc/1759320000.0_mean_300.0_v3" "tx144f19c8019e44188a91c-0068dffde6" "proxy-server 20" 0.0090 "-" 21 0
Oct 3 16:46:30 standalone proxy-server[132077]: 172.18.0.2 172.18.0.100 03/Oct/2025/16/46/30 PUT /v1/AUTH_ce18edd7d4214c89bce7bbc869acf587/gnocchi.ef16023d-1fd5-4709-b82b-c02caffe36fc/1759320000.0_mean_300.0_v3 HTTP/1.0 201 - python-swiftclient-3.11.1 gAAAAABo3_1uBlzC... 16 - - tx144f19c8019e44188a91c-0068dffde6 - 0.0157 - - 1759509990.878674030 1759509990.894380808 0
Oct 3 16:46:30 standalone container-server[129876]: 172.20.0.100 - - [03/Oct/2025:16:46:30 +0000] "PUT /d1/923/AUTH_ce18edd7d4214c89bce7bbc869acf587/gnocchi.ef16023d-1fd5-4709-b82b-c02caffe36fc/none_v3" 201 - "PUT http://172.18.0.2:8080/d1/740/AUTH_ce18edd7d4214c89bce7bbc869acf587/gnocchi.ef16023d-1fd5-4709-b82b-c02caffe36fc/none_v3" "tx632ce5eb66874521a41a8-0068dffde6" "object-server 23" 0.0005 "-" 23 0
Oct 3 16:46:30 standalone object-server[130064]: 172.20.0.100 - - [03/Oct/2025:16:46:30 +0000] "PUT /d1/740/AUTH_ce18edd7d4214c89bce7bbc869acf587/gnocchi.ef16023d-1fd5-4709-b82b-c02caffe36fc/none_v3" 201 - "PUT http://172.18.0.2:8080/v1/AUTH_ce18edd7d4214c89bce7bbc869acf587/gnocchi.ef16023d-1fd5-4709-b82b-c02caffe36fc/none_v3" "tx632ce5eb66874521a41a8-0068dffde6" "proxy-server 20" 0.0067 "-" 23 0
Oct 3 16:46:30 standalone proxy-server[132077]: 172.18.0.2 172.18.0.100 03/Oct/2025/16/46/30 PUT /v1/AUTH_ce18edd7d4214c89bce7bbc869acf587/gnocchi.ef16023d-1fd5-4709-b82b-c02caffe36fc/none_v3 HTTP/1.0 201 - python-swiftclient-3.11.1 gAAAAABo3_1uBlzC... 32 - - tx632ce5eb66874521a41a8-0068dffde6 - 0.0119 - - 1759509990.897479534 1759509990.909354687 0
Oct 3 16:46:30 standalone object-server[130058]: 172.20.0.100 - - [03/Oct/2025:16:46:30 +0000] "GET /d1/329/AUTH_ce18edd7d4214c89bce7bbc869acf587/gnocchi.d7494d3e-a54b-4c86-ab78-db64809ffb26/none_v3" 200 22 "GET http://172.18.0.2:8080/v1/AUTH_ce18edd7d4214c89bce7bbc869acf587/gnocchi.d7494d3e-a54b-4c86-ab78-db64809ffb26/none_v3" "tx7b6d736cf10f46ae932bc-0068dffde6" "proxy-server 20" 0.0008 "-" 21 0
Oct 3 16:46:30 standalone proxy-server[132077]: 172.18.0.2 172.18.0.100 03/Oct/2025/16/46/30 GET /v1/AUTH_ce18edd7d4214c89bce7bbc869acf587/gnocchi.d7494d3e-a54b-4c86-ab78-db64809ffb26/none_v3 HTTP/1.0 200 - python-swiftclient-3.11.1 gAAAAABo3_1uBlzC... - 22 - tx7b6d736cf10f46ae932bc-0068dffde6 - 0.0101 - - 1759509990.921145439 1759509990.931217670 0
Oct 3 16:46:30 standalone container-server[129876]: 172.20.0.100 - - [03/Oct/2025:16:46:30 +0000] "GET /d1/173/AUTH_ce18edd7d4214c89bce7bbc869acf587/gnocchi.d7494d3e-a54b-4c86-ab78-db64809ffb26" 200 357 "GET http://172.18.0.2:8080/v1/AUTH_ce18edd7d4214c89bce7bbc869acf587/gnocchi.d7494d3e-a54b-4c86-ab78-db64809ffb26?format=json&states=listing" "txb89df721ef094ae492056-0068dffde6" "proxy-server 20" 0.0067 "-" 23 0
Oct 3 16:46:30 standalone proxy-server[132077]: 172.18.0.2 172.18.0.100 03/Oct/2025/16/46/30 GET /v1/AUTH_ce18edd7d4214c89bce7bbc869acf587/gnocchi.d7494d3e-a54b-4c86-ab78-db64809ffb26%3Fformat%3Djson%26states%3Dlisting HTTP/1.0 200 - python-swiftclient-3.11.1 gAAAAABo3_1uBlzC... - 357 - txb89df721ef094ae492056-0068dffde6 - 0.0142 - - 1759509990.935111284 1759509990.949263334 0
Oct 3 16:46:30 standalone container-server[129844]: 172.20.0.100 - - [03/Oct/2025:16:46:30 +0000] "GET /d1/173/AUTH_ce18edd7d4214c89bce7bbc869acf587/gnocchi.d7494d3e-a54b-4c86-ab78-db64809ffb26" 200 2 "GET http://172.18.0.2:8080/v1/AUTH_ce18edd7d4214c89bce7bbc869acf587/gnocchi.d7494d3e-a54b-4c86-ab78-db64809ffb26?format=json&marker=none_v3&states=listing" "txd77d2b44107a46a4b74dd-0068dffde6" "proxy-server 20" 0.0025 "-" 21 0
Oct 3 16:46:30 standalone proxy-server[132077]: 172.18.0.2 172.18.0.100 03/Oct/2025/16/46/30 GET /v1/AUTH_ce18edd7d4214c89bce7bbc869acf587/gnocchi.d7494d3e-a54b-4c86-ab78-db64809ffb26%3Fformat%3Djson%26marker%3Dnone_v3%26states%3Dlisting HTTP/1.0 200 - python-swiftclient-3.11.1 gAAAAABo3_1uBlzC... - 2 - txd77d2b44107a46a4b74dd-0068dffde6 - 0.0106 - - 1759509990.954195738 1759509990.964844465 0
Oct 3 16:46:30 standalone object-server[130058]: 172.20.0.100 - - [03/Oct/2025:16:46:30 +0000] "GET /d1/87/AUTH_ce18edd7d4214c89bce7bbc869acf587/gnocchi.d7494d3e-a54b-4c86-ab78-db64809ffb26/1759320000.0_mean_300.0_v3" 200 16 "GET http://172.18.0.2:8080/v1/AUTH_ce18edd7d4214c89bce7bbc869acf587/gnocchi.d7494d3e-a54b-4c86-ab78-db64809ffb26/1759320000.0_mean_300.0_v3" "tx85fafdcf09d6434995a42-0068dffde6" "proxy-server 20" 0.0006 "-" 21 0
Oct 3 16:46:30 standalone proxy-server[132077]: 172.18.0.2 172.18.0.100 03/Oct/2025/16/46/30 GET /v1/AUTH_ce18edd7d4214c89bce7bbc869acf587/gnocchi.d7494d3e-a54b-4c86-ab78-db64809ffb26/1759320000.0_mean_300.0_v3 HTTP/1.0 200 - python-swiftclient-3.11.1 gAAAAABo3_1uBlzC... - 16 - tx85fafdcf09d6434995a42-0068dffde6 - 0.0061 - - 1759509990.968838215 1759509990.974895716 0
Oct 3 16:46:30 standalone container-server[129844]: 172.20.0.100 - - [03/Oct/2025:16:46:30 +0000] "PUT /d1/173/AUTH_ce18edd7d4214c89bce7bbc869acf587/gnocchi.d7494d3e-a54b-4c86-ab78-db64809ffb26/1759320000.0_mean_300.0_v3" 201 - "PUT http://172.18.0.2:8080/d1/87/AUTH_ce18edd7d4214c89bce7bbc869acf587/gnocchi.d7494d3e-a54b-4c86-ab78-db64809ffb26/1759320000.0_mean_300.0_v3" "txca9e587e7c6c4be590024-0068dffde6" "object-server 24" 0.0005 "-" 21 0
Oct 3 16:46:30 standalone object-server[130066]: 172.20.0.100 - - [03/Oct/2025:16:46:30 +0000] "PUT /d1/87/AUTH_ce18edd7d4214c89bce7bbc869acf587/gnocchi.d7494d3e-a54b-4c86-ab78-db64809ffb26/1759320000.0_mean_300.0_v3" 201 - "PUT http://172.18.0.2:8080/v1/AUTH_ce18edd7d4214c89bce7bbc869acf587/gnocchi.d7494d3e-a54b-4c86-ab78-db64809ffb26/1759320000.0_mean_300.0_v3" "txca9e587e7c6c4be590024-0068dffde6" "proxy-server 20" 0.0119 "-" 24 0
Oct 3 16:46:30 standalone proxy-server[132077]: 172.18.0.2 172.18.0.100 03/Oct/2025/16/46/30 PUT /v1/AUTH_ce18edd7d4214c89bce7bbc869acf587/gnocchi.d7494d3e-a54b-4c86-ab78-db64809ffb26/1759320000.0_mean_300.0_v3 HTTP/1.0 201 - python-swiftclient-3.11.1 gAAAAABo3_1uBlzC... 16 - - txca9e587e7c6c4be590024-0068dffde6 - 0.0189 - - 1759509990.978235960 1759509990.997112989 0
Oct 3 16:46:31 standalone container-server[129876]: 172.20.0.100 - - [03/Oct/2025:16:46:31 +0000] "PUT /d1/173/AUTH_ce18edd7d4214c89bce7bbc869acf587/gnocchi.d7494d3e-a54b-4c86-ab78-db64809ffb26/none_v3" 201 - "PUT http://172.18.0.2:8080/d1/329/AUTH_ce18edd7d4214c89bce7bbc869acf587/gnocchi.d7494d3e-a54b-4c86-ab78-db64809ffb26/none_v3" "tx73a199df50194dedb21da-0068dffde7" "object-server 24" 0.0004 "-" 23 0
Oct 3 16:46:31 standalone object-server[130066]: 172.20.0.100 - - [03/Oct/2025:16:46:31 +0000] "PUT /d1/329/AUTH_ce18edd7d4214c89bce7bbc869acf587/gnocchi.d7494d3e-a54b-4c86-ab78-db64809ffb26/none_v3" 201 - "PUT http://172.18.0.2:8080/v1/AUTH_ce18edd7d4214c89bce7bbc869acf587/gnocchi.d7494d3e-a54b-4c86-ab78-db64809ffb26/none_v3" "tx73a199df50194dedb21da-0068dffde7" "proxy-server 20" 0.0073 "-" 24 0
Oct 3 16:46:31 standalone proxy-server[132077]: 172.18.0.2 172.18.0.100 03/Oct/2025/16/46/31 PUT /v1/AUTH_ce18edd7d4214c89bce7bbc869acf587/gnocchi.d7494d3e-a54b-4c86-ab78-db64809ffb26/none_v3 HTTP/1.0 201 - python-swiftclient-3.11.1 gAAAAABo3_1uBlzC... 32 - - tx73a199df50194dedb21da-0068dffde7 - 0.0122 - - 1759509991.005660772 1759509991.017849684 0
Oct 3 16:46:34 standalone container-server[129844]: 172.20.0.100 - - [03/Oct/2025:16:46:34 +0000] "HEAD /d1/344/AUTH_ce18edd7d4214c89bce7bbc869acf587/gnocchi.84a7025b-9715-4e4c-a76b-69a665e9d48a" 404 - "HEAD http://172.18.0.2:8080/v1/AUTH_ce18edd7d4214c89bce7bbc869acf587/gnocchi.84a7025b-9715-4e4c-a76b-69a665e9d48a?format=json&states=listing" "tx725262a0f94345bd85fa5-0068dffdea" "proxy-server 20" 0.0006 "-" 21 0
Oct 3 16:46:34 standalone object-server[130066]: 172.20.0.100 - - [03/Oct/2025:16:46:34 +0000] "GET /d1/765/AUTH_ce18edd7d4214c89bce7bbc869acf587/gnocchi.84a7025b-9715-4e4c-a76b-69a665e9d48a/none_v3" 404 70 "GET http://172.18.0.2:8080/v1/AUTH_ce18edd7d4214c89bce7bbc869acf587/gnocchi.84a7025b-9715-4e4c-a76b-69a665e9d48a/none_v3" "tx725262a0f94345bd85fa5-0068dffdea" "proxy-server 20" 0.0004 "-" 24 0
Oct 3 16:46:34 standalone proxy-server[132077]: 172.18.0.2 172.18.0.100 03/Oct/2025/16/46/34 GET /v1/AUTH_ce18edd7d4214c89bce7bbc869acf587/gnocchi.84a7025b-9715-4e4c-a76b-69a665e9d48a/none_v3 HTTP/1.0 404 - python-swiftclient-3.11.1 gAAAAABo3_1uBlzC... - 70 - tx725262a0f94345bd85fa5-0068dffdea - 0.0148 - - 1759509994.086850405 1759509994.101689100 0
Oct 3 16:46:34 standalone account-server[129824]: 172.20.0.100 - - [03/Oct/2025:16:46:34 +0000] "PUT /d1/335/AUTH_ce18edd7d4214c89bce7bbc869acf587/gnocchi.84a7025b-9715-4e4c-a76b-69a665e9d48a" 201 - "PUT http://172.20.0.100:6001/d1/344/AUTH_ce18edd7d4214c89bce7bbc869acf587/gnocchi.84a7025b-9715-4e4c-a76b-69a665e9d48a" "tx581bde9991f24f87b2949-0068dffdea" "container-server 23" 0.0027 "-" 22 0
Oct 3 16:46:34 standalone container-server[129876]: 172.20.0.100 - - [03/Oct/2025:16:46:34 +0000] "PUT /d1/344/AUTH_ce18edd7d4214c89bce7bbc869acf587/gnocchi.84a7025b-9715-4e4c-a76b-69a665e9d48a" 201 - "PUT http://172.18.0.2:8080/v1/AUTH_ce18edd7d4214c89bce7bbc869acf587/gnocchi.84a7025b-9715-4e4c-a76b-69a665e9d48a" "tx581bde9991f24f87b2949-0068dffdea" "proxy-server 20" 0.0136 "-" 23 0
Oct 3 16:46:34 standalone proxy-server[132077]: 172.18.0.2 172.18.0.100 03/Oct/2025/16/46/34 PUT /v1/AUTH_ce18edd7d4214c89bce7bbc869acf587/gnocchi.84a7025b-9715-4e4c-a76b-69a665e9d48a HTTP/1.0 201 - python-swiftclient-3.11.1 gAAAAABo3_1uBlzC... - - - tx581bde9991f24f87b2949-0068dffdea - 0.0208 - - 1759509994.105389118 1759509994.126153708 0
Oct 3 16:46:34 standalone container-server[129842]: 172.20.0.100 - - [03/Oct/2025:16:46:34 +0000] "HEAD /d1/344/AUTH_ce18edd7d4214c89bce7bbc869acf587/gnocchi.84a7025b-9715-4e4c-a76b-69a665e9d48a" 204 - "HEAD http://172.18.0.2:8080/v1/AUTH_ce18edd7d4214c89bce7bbc869acf587/gnocchi.84a7025b-9715-4e4c-a76b-69a665e9d48a?format=json&states=listing" "txffe258d399074c25a47bd-0068dffdea" "proxy-server 20" 0.0040 "-" 20 0
Oct 3 16:46:34 standalone proxy-server[132077]: - - 03/Oct/2025/16/46/34 HEAD /v1/AUTH_ce18edd7d4214c89bce7bbc869acf587/gnocchi.84a7025b-9715-4e4c-a76b-69a665e9d48a%3Fformat%3Djson%26states%3Dlisting HTTP/1.0 204 - Swift - - - - txffe258d399074c25a47bd-0068dffdea - 0.0099 RL - 1759509994.131186485 1759509994.141098499 0
Oct 3 16:46:34 standalone container-server[129842]: 172.20.0.100 - - [03/Oct/2025:16:46:34 +0000] "GET /d1/344/AUTH_ce18edd7d4214c89bce7bbc869acf587/gnocchi.84a7025b-9715-4e4c-a76b-69a665e9d48a" 200 2 "GET http://172.18.0.2:8080/v1/AUTH_ce18edd7d4214c89bce7bbc869acf587/gnocchi.84a7025b-9715-4e4c-a76b-69a665e9d48a?format=json&states=listing" "txffe258d399074c25a47bd-0068dffdea" "proxy-server 20" 0.0046 "-" 20 0
Oct 3 16:46:34 standalone proxy-server[132077]: 172.18.0.2 172.18.0.100 03/Oct/2025/16/46/34 GET /v1/AUTH_ce18edd7d4214c89bce7bbc869acf587/gnocchi.84a7025b-9715-4e4c-a76b-69a665e9d48a%3Fformat%3Djson%26states%3Dlisting HTTP/1.0 200 - python-swiftclient-3.11.1 gAAAAABo3_1uBlzC... - 2 - txffe258d399074c25a47bd-0068dffdea - 0.0282 - - 1759509994.129698277 1759509994.157864809 0
Oct 3 16:46:34 standalone object-server[130064]: 172.20.0.100 - - [03/Oct/2025:16:46:34 +0000] "GET /d1/386/AUTH_ce18edd7d4214c89bce7bbc869acf587/gnocchi.84a7025b-9715-4e4c-a76b-69a665e9d48a/1759320000.0_mean_300.0_v3" 404 70 "GET http://172.18.0.2:8080/v1/AUTH_ce18edd7d4214c89bce7bbc869acf587/gnocchi.84a7025b-9715-4e4c-a76b-69a665e9d48a/1759320000.0_mean_300.0_v3" "tx66fe2a8cf4ff47b78032b-0068dffdea" "proxy-server 20" 0.0005 "-" 23 0
