Oct 3 16:47:25 standalone proxy-server[132077]: 172.18.0.2 172.18.0.100 03/Oct/2025/16/47/25 GET /v1/AUTH_ce18edd7d4214c89bce7bbc869acf587/gnocchi.30de142c-2750-4a46-8bb3-80c75f8e1118/none_v3 HTTP/1.0 404 - python-swiftclient-3.11.1 gAAAAABo3_1uBlzC... - 70 - tx1a1dff26b69c463385a66-0068dffe1d - 0.0110 - - 1759510045.758788586 1759510045.769788742 0
Oct 3 16:47:25 standalone account-server[129803]: 172.20.0.100 - - [03/Oct/2025:16:47:25 +0000] "PUT /d1/335/AUTH_ce18edd7d4214c89bce7bbc869acf587/gnocchi.30de142c-2750-4a46-8bb3-80c75f8e1118" 201 - "PUT http://172.20.0.100:6001/d1/162/AUTH_ce18edd7d4214c89bce7bbc869acf587/gnocchi.30de142c-2750-4a46-8bb3-80c75f8e1118" "txd63bc933130f452fbab0f-0068dffe1d" "container-server 23" 0.0067 "-" 20 0
Oct 3 16:47:25 standalone container-server[129876]: 172.20.0.100 - - [03/Oct/2025:16:47:25 +0000] "PUT /d1/162/AUTH_ce18edd7d4214c89bce7bbc869acf587/gnocchi.30de142c-2750-4a46-8bb3-80c75f8e1118" 201 - "PUT http://172.18.0.2:8080/v1/AUTH_ce18edd7d4214c89bce7bbc869acf587/gnocchi.30de142c-2750-4a46-8bb3-80c75f8e1118" "txd63bc933130f452fbab0f-0068dffe1d" "proxy-server 20" 0.0168 "-" 23 0
Oct 3 16:47:25 standalone proxy-server[132077]: 172.18.0.2 172.18.0.100 03/Oct/2025/16/47/25 PUT /v1/AUTH_ce18edd7d4214c89bce7bbc869acf587/gnocchi.30de142c-2750-4a46-8bb3-80c75f8e1118 HTTP/1.0 201 - python-swiftclient-3.11.1 gAAAAABo3_1uBlzC... - - - txd63bc933130f452fbab0f-0068dffe1d - 0.0216 - - 1759510045.774660587 1759510045.796226740 0
Oct 3 16:47:25 standalone container-server[129872]: 172.20.0.100 - - [03/Oct/2025:16:47:25 +0000] "HEAD /d1/63/AUTH_ce18edd7d4214c89bce7bbc869acf587/gnocchi.5a58b108-f1cc-4bbd-86f9-e37843bf8998" 404 - "HEAD http://172.18.0.2:8080/v1/AUTH_ce18edd7d4214c89bce7bbc869acf587/gnocchi.5a58b108-f1cc-4bbd-86f9-e37843bf8998?format=json&states=listing" "tx641aa0f9d512453fa68b7-0068dffe1d" "proxy-server 20" 0.0006 "-" 22 0
Oct 3 16:47:25 standalone object-server[130066]: 172.20.0.100 - - [03/Oct/2025:16:47:25 +0000] "GET /d1/689/AUTH_ce18edd7d4214c89bce7bbc869acf587/gnocchi.5a58b108-f1cc-4bbd-86f9-e37843bf8998/none_v3" 404 70 "GET http://172.18.0.2:8080/v1/AUTH_ce18edd7d4214c89bce7bbc869acf587/gnocchi.5a58b108-f1cc-4bbd-86f9-e37843bf8998/none_v3" "tx641aa0f9d512453fa68b7-0068dffe1d" "proxy-server 20" 0.0004 "-" 24 0
Oct 3 16:47:25 standalone proxy-server[132077]: 172.18.0.2 172.18.0.100 03/Oct/2025/16/47/25 GET /v1/AUTH_ce18edd7d4214c89bce7bbc869acf587/gnocchi.5a58b108-f1cc-4bbd-86f9-e37843bf8998/none_v3 HTTP/1.0 404 - python-swiftclient-3.11.1 gAAAAABo3_1uBlzC... - 70 - tx641aa0f9d512453fa68b7-0068dffe1d - 0.0106 - - 1759510045.799611568 1759510045.810171604 0
Oct 3 16:47:25 standalone account-server[129824]: 172.20.0.100 - - [03/Oct/2025:16:47:25 +0000] "PUT /d1/335/AUTH_ce18edd7d4214c89bce7bbc869acf587/gnocchi.5a58b108-f1cc-4bbd-86f9-e37843bf8998" 201 - "PUT http://172.20.0.100:6001/d1/63/AUTH_ce18edd7d4214c89bce7bbc869acf587/gnocchi.5a58b108-f1cc-4bbd-86f9-e37843bf8998" "txd6269bad16ee431088957-0068dffe1d" "container-server 23" 0.0063 "-" 22 0
Oct 3 16:47:25 standalone container-server[129876]: 172.20.0.100 - - [03/Oct/2025:16:47:25 +0000] "PUT /d1/63/AUTH_ce18edd7d4214c89bce7bbc869acf587/gnocchi.5a58b108-f1cc-4bbd-86f9-e37843bf8998" 201 - "PUT http://172.18.0.2:8080/v1/AUTH_ce18edd7d4214c89bce7bbc869acf587/gnocchi.5a58b108-f1cc-4bbd-86f9-e37843bf8998" "txd6269bad16ee431088957-0068dffe1d" "proxy-server 20" 0.0178 "-" 23 0
Oct 3 16:47:25 standalone proxy-server[132077]: 172.18.0.2 172.18.0.100 03/Oct/2025/16/47/25 PUT /v1/AUTH_ce18edd7d4214c89bce7bbc869acf587/gnocchi.5a58b108-f1cc-4bbd-86f9-e37843bf8998 HTTP/1.0 201 - python-swiftclient-3.11.1 gAAAAABo3_1uBlzC... - - - txd6269bad16ee431088957-0068dffe1d - 0.0217 - - 1759510045.813396692 1759510045.835144997 0
Oct 3 16:47:25 standalone container-server[129872]: 172.20.0.100 - - [03/Oct/2025:16:47:25 +0000] "HEAD /d1/543/AUTH_ce18edd7d4214c89bce7bbc869acf587/gnocchi.a6193c95-fdfb-4fb6-92f9-98f3bc48e298" 404 - "HEAD http://172.18.0.2:8080/v1/AUTH_ce18edd7d4214c89bce7bbc869acf587/gnocchi.a6193c95-fdfb-4fb6-92f9-98f3bc48e298?format=json&states=listing" "tx23cd6e5fdcdb4b0faf43b-0068dffe1d" "proxy-server 20" 0.0006 "-" 22 0
Oct 3 16:47:25 standalone object-server[130063]: 172.20.0.100 - - [03/Oct/2025:16:47:25 +0000] "GET /d1/730/AUTH_ce18edd7d4214c89bce7bbc869acf587/gnocchi.a6193c95-fdfb-4fb6-92f9-98f3bc48e298/none_v3" 404 70 "GET http://172.18.0.2:8080/v1/AUTH_ce18edd7d4214c89bce7bbc869acf587/gnocchi.a6193c95-fdfb-4fb6-92f9-98f3bc48e298/none_v3" "tx23cd6e5fdcdb4b0faf43b-0068dffe1d" "proxy-server 20" 0.0003 "-" 22 0
Oct 3 16:47:25 standalone proxy-server[132077]: 172.18.0.2 172.18.0.100 03/Oct/2025/16/47/25 GET /v1/AUTH_ce18edd7d4214c89bce7bbc869acf587/gnocchi.a6193c95-fdfb-4fb6-92f9-98f3bc48e298/none_v3 HTTP/1.0 404 - python-swiftclient-3.11.1 gAAAAABo3_1uBlzC... - 70 - tx23cd6e5fdcdb4b0faf43b-0068dffe1d - 0.0091 - - 1759510045.838891029 1759510045.848038197 0
Oct 3 16:47:25 standalone account-server[129821]: 172.20.0.100 - - [03/Oct/2025:16:47:25 +0000] "PUT /d1/335/AUTH_ce18edd7d4214c89bce7bbc869acf587/gnocchi.a6193c95-fdfb-4fb6-92f9-98f3bc48e298" 201 - "PUT http://172.20.0.100:6001/d1/543/AUTH_ce18edd7d4214c89bce7bbc869acf587/gnocchi.a6193c95-fdfb-4fb6-92f9-98f3bc48e298" "tx4165299ffe7b4fec8c7dd-0068dffe1d" "container-server 20" 0.0046 "-" 21 0
Oct 3 16:47:25 standalone container-server[129842]: 172.20.0.100 - - [03/Oct/2025:16:47:25 +0000] "PUT /d1/543/AUTH_ce18edd7d4214c89bce7bbc869acf587/gnocchi.a6193c95-fdfb-4fb6-92f9-98f3bc48e298" 201 - "PUT http://172.18.0.2:8080/v1/AUTH_ce18edd7d4214c89bce7bbc869acf587/gnocchi.a6193c95-fdfb-4fb6-92f9-98f3bc48e298" "tx4165299ffe7b4fec8c7dd-0068dffe1d" "proxy-server 20" 0.0160 "-" 20 0
Oct 3 16:47:25 standalone proxy-server[132077]: 172.18.0.2 172.18.0.100 03/Oct/2025/16/47/25 PUT /v1/AUTH_ce18edd7d4214c89bce7bbc869acf587/gnocchi.a6193c95-fdfb-4fb6-92f9-98f3bc48e298 HTTP/1.0 201 - python-swiftclient-3.11.1 gAAAAABo3_1uBlzC... - - - tx4165299ffe7b4fec8c7dd-0068dffe1d - 0.0213 - - 1759510045.850175858 1759510045.871461868 0
Oct 3 16:47:25 standalone container-server[129876]: 172.20.0.100 - - [03/Oct/2025:16:47:25 +0000] "HEAD /d1/162/AUTH_ce18edd7d4214c89bce7bbc869acf587/gnocchi.30de142c-2750-4a46-8bb3-80c75f8e1118" 204 - "HEAD http://172.18.0.2:8080/v1/AUTH_ce18edd7d4214c89bce7bbc869acf587/gnocchi.30de142c-2750-4a46-8bb3-80c75f8e1118?format=json&states=listing" "txddc18495446a4afc8b616-0068dffe1d" "proxy-server 20" 0.0029 "-" 23 0
Oct 3 16:47:25 standalone proxy-server[132077]: - - 03/Oct/2025/16/47/25 HEAD /v1/AUTH_ce18edd7d4214c89bce7bbc869acf587/gnocchi.30de142c-2750-4a46-8bb3-80c75f8e1118%3Fformat%3Djson%26states%3Dlisting HTTP/1.0 204 - Swift - - - - txddc18495446a4afc8b616-0068dffe1d - 0.0068 RL - 1759510045.876880407 1759510045.883685827 0
Oct 3 16:47:25 standalone container-server[129844]: 172.20.0.100 - - [03/Oct/2025:16:47:25 +0000] "GET /d1/162/AUTH_ce18edd7d4214c89bce7bbc869acf587/gnocchi.30de142c-2750-4a46-8bb3-80c75f8e1118" 200 2 "GET http://172.18.0.2:8080/v1/AUTH_ce18edd7d4214c89bce7bbc869acf587/gnocchi.30de142c-2750-4a46-8bb3-80c75f8e1118?format=json&states=listing" "txddc18495446a4afc8b616-0068dffe1d" "proxy-server 20" 0.0025 "-" 21 0
Oct 3 16:47:25 standalone proxy-server[132077]: 172.18.0.2 172.18.0.100 03/Oct/2025/16/47/25 GET /v1/AUTH_ce18edd7d4214c89bce7bbc869acf587/gnocchi.30de142c-2750-4a46-8bb3-80c75f8e1118%3Fformat%3Djson%26states%3Dlisting HTTP/1.0 200 - python-swiftclient-3.11.1 gAAAAABo3_1uBlzC... - 2 - txddc18495446a4afc8b616-0068dffe1d - 0.0175 - - 1759510045.875916004 1759510045.893369198 0
Oct 3 16:47:25 standalone container-server[129872]: 172.20.0.100 - - [03/Oct/2025:16:47:25 +0000] "HEAD /d1/63/AUTH_ce18edd7d4214c89bce7bbc869acf587/gnocchi.5a58b108-f1cc-4bbd-86f9-e37843bf8998" 204 - "HEAD http://172.18.0.2:8080/v1/AUTH_ce18edd7d4214c89bce7bbc869acf587/gnocchi.5a58b108-f1cc-4bbd-86f9-e37843bf8998?format=json&states=listing" "txf8a552dbf7934fc2b8e36-0068dffe1d" "proxy-server 20" 0.0023 "-" 22 0
Oct 3 16:47:25 standalone proxy-server[132077]: - - 03/Oct/2025/16/47/25 HEAD /v1/AUTH_ce18edd7d4214c89bce7bbc869acf587/gnocchi.5a58b108-f1cc-4bbd-86f9-e37843bf8998%3Fformat%3Djson%26states%3Dlisting HTTP/1.0 204 - Swift - - - - txf8a552dbf7934fc2b8e36-0068dffe1d - 0.0078 RL - 1759510045.900482893 1759510045.908286810 0
Oct 3 16:47:25 standalone container-server[129844]: 172.20.0.100 - - [03/Oct/2025:16:47:25 +0000] "GET /d1/63/AUTH_ce18edd7d4214c89bce7bbc869acf587/gnocchi.5a58b108-f1cc-4bbd-86f9-e37843bf8998" 200 2 "GET http://172.18.0.2:8080/v1/AUTH_ce18edd7d4214c89bce7bbc869acf587/gnocchi.5a58b108-f1cc-4bbd-86f9-e37843bf8998?format=json&states=listing" "txf8a552dbf7934fc2b8e36-0068dffe1d" "proxy-server 20" 0.0022 "-" 21 0
Oct 3 16:47:25 standalone proxy-server[132077]: 172.18.0.2 172.18.0.100 03/Oct/2025/16/47/25 GET /v1/AUTH_ce18edd7d4214c89bce7bbc869acf587/gnocchi.5a58b108-f1cc-4bbd-86f9-e37843bf8998%3Fformat%3Djson%26states%3Dlisting HTTP/1.0 200 - python-swiftclient-3.11.1 gAAAAABo3_1uBlzC... - 2 - txf8a552dbf7934fc2b8e36-0068dffe1d - 0.0205 - - 1759510045.898770571 1759510045.919229269 0
Oct 3 16:47:25 standalone container-server[129844]: 172.20.0.100 - - [03/Oct/2025:16:47:25 +0000] "HEAD /d1/543/AUTH_ce18edd7d4214c89bce7bbc869acf587/gnocchi.a6193c95-fdfb-4fb6-92f9-98f3bc48e298" 204 - "HEAD http://172.18.0.2:8080/v1/AUTH_ce18edd7d4214c89bce7bbc869acf587/gnocchi.a6193c95-fdfb-4fb6-92f9-98f3bc48e298?format=json&states=listing" "tx24b267618aa443398f5b0-0068dffe1d" "proxy-server 20" 0.0013 "-" 21 0
Oct 3 16:47:25 standalone proxy-server[132077]: - - 03/Oct/2025/16/47/25 HEAD /v1/AUTH_ce18edd7d4214c89bce7bbc869acf587/gnocchi.a6193c95-fdfb-4fb6-92f9-98f3bc48e298%3Fformat%3Djson%26states%3Dlisting HTTP/1.0 204 - Swift - - - - tx24b267618aa443398f5b0-0068dffe1d - 0.0051 RL - 1759510045.925700665 1759510045.930767536 0
Oct 3 16:47:25 standalone container-server[129844]: 172.20.0.100 - - [03/Oct/2025:16:47:25 +0000] "GET /d1/543/AUTH_ce18edd7d4214c89bce7bbc869acf587/gnocchi.a6193c95-fdfb-4fb6-92f9-98f3bc48e298" 200 2 "GET http://172.18.0.2:8080/v1/AUTH_ce18edd7d4214c89bce7bbc869acf587/gnocchi.a6193c95-fdfb-4fb6-92f9-98f3bc48e298?format=json&states=listing" "tx24b267618aa443398f5b0-0068dffe1d" "proxy-server 20" 0.0023 "-" 21 0
Oct 3 16:47:25 standalone proxy-server[132077]: 172.18.0.2 172.18.0.100 03/Oct/2025/16/47/25 GET /v1/AUTH_ce18edd7d4214c89bce7bbc869acf587/gnocchi.a6193c95-fdfb-4fb6-92f9-98f3bc48e298%3Fformat%3Djson%26states%3Dlisting HTTP/1.0 200 - python-swiftclient-3.11.1 gAAAAABo3_1uBlzC... - 2 - tx24b267618aa443398f5b0-0068dffe1d - 0.0162 - - 1759510045.924237013 1759510045.940426826 0
Oct 3 16:47:25 standalone object-server[130064]: 172.20.0.100 - - [03/Oct/2025:16:47:25 +0000] "GET /d1/420/AUTH_ce18edd7d4214c89bce7bbc869acf587/gnocchi.30de142c-2750-4a46-8bb3-80c75f8e1118/1759320000.0_mean_300.0_v3" 404 70 "GET http://172.18.0.2:8080/v1/AUTH_ce18edd7d4214c89bce7bbc869acf587/gnocchi.30de142c-2750-4a46-8bb3-80c75f8e1118/1759320000.0_mean_300.0_v3" "tx4187c9b89c7846d7ad364-0068dffe1d" "proxy-server 20" 0.0006 "-" 23 0
Oct 3 16:47:25 standalone proxy-server[132077]: 172.18.0.2 172.18.0.100 03/Oct/2025/16/47/25 GET /v1/AUTH_ce18edd7d4214c89bce7bbc869acf587/gnocchi.30de142c-2750-4a46-8bb3-80c75f8e1118/1759320000.0_mean_300.0_v3 HTTP/1.0 404 - python-swiftclient-3.11.1 gAAAAABo3_1uBlzC... - 70 - tx4187c9b89c7846d7ad364-0068dffe1d - 0.0074 - - 1759510045.944760084 1759510045.952203274 0
Oct 3 16:47:25 standalone object-server[130064]: 172.20.0.100 - - [03/Oct/2025:16:47:25 +0000] "GET /d1/632/AUTH_ce18edd7d4214c89bce7bbc869acf587/gnocchi.5a58b108-f1cc-4bbd-86f9-e37843bf8998/1759320000.0_mean_300.0_v3" 404 70 "GET http://172.18.0.2:8080/v1/AUTH_ce18edd7d4214c89bce7bbc869acf587/gnocchi.5a58b108-f1cc-4bbd-86f9-e37843bf8998/1759320000.0_mean_300.0_v3" "txd4c535af93084f6ba8613-0068dffe1d" "proxy-server 20" 0.0004 "-" 23 0
Oct 3 16:47:25 standalone proxy-server[132077]: 172.18.0.2 172.18.0.100 03/Oct/2025/16/47/25 GET /v1/AUTH_ce18edd7d4214c89bce7bbc869acf587/gnocchi.5a58b108-f1cc-4bbd-86f9-e37843bf8998/1759320000.0_mean_300.0_v3 HTTP/1.0 404 - python-swiftclient-3.11.1 gAAAAABo3_1uBlzC... - 70 - txd4c535af93084f6ba8613-0068dffe1d - 0.0074 - - 1759510045.955790281 1759510045.963199139 0
Oct 3 16:47:25 standalone object-server[130058]: 172.20.0.100 - - [03/Oct/2025:16:47:25 +0000] "GET /d1/746/AUTH_ce18edd7d4214c89bce7bbc869acf587/gnocchi.a6193c95-fdfb-4fb6-92f9-98f3bc48e298/1759320000.0_mean_300.0_v3" 404 70 "GET http://172.18.0.2:8080/v1/AUTH_ce18edd7d4214c89bce7bbc869acf587/gnocchi.a6193c95-fdfb-4fb6-92f9-98f3bc48e298/1759320000.0_mean_300.0_v3" "tx1c204df1b5274884b929d-0068dffe1d" "proxy-server 20" 0.0005 "-" 21 0
Oct 3 16:47:25 standalone proxy-server[132077]: 172.18.0.2 172.18.0.100 03/Oct/2025/16/47/25 GET /v1/AUTH_ce18edd7d4214c89bce7bbc869acf587/gnocchi.a6193c95-fdfb-4fb6-92f9-98f3bc48e298/1759320000.0_mean_300.0_v3 HTTP/1.0 404 - python-swiftclient-3.11.1 gAAAAABo3_1uBlzC... - 70 - tx1c204df1b5274884b929d-0068dffe1d - 0.0082 - - 1759510045.966141701 1759510045.974390745 0
Oct 3 16:47:25 standalone container-server[129876]: 172.20.0.100 - - [03/Oct/2025:16:47:25 +0000] "PUT /d1/162/AUTH_ce18edd7d4214c89bce7bbc869acf587/gnocchi.30de142c-2750-4a46-8bb3-80c75f8e1118/1759320000.0_mean_300.0_v3" 201 - "PUT http://172.18.0.2:8080/d1/420/AUTH_ce18edd7d4214c89bce7bbc869acf587/gnocchi.30de142c-2750-4a46-8bb3-80c75f8e1118/1759320000.0_mean_300.0_v3" "tx3eadbfc8e53b415e87ba6-0068dffe1d" "object-server 23" 0.0007 "-" 23 0
Oct 3 16:47:25 standalone object-server[130064]: 172.20.0.100 - - [03/Oct/2025:16:47:25 +0000] "PUT /d1/420/AUTH_ce18edd7d4214c89bce7bbc869acf587/gnocchi.30de142c-2750-4a46-8bb3-80c75f8e1118/1759320000.0_mean_300.0_v3" 201 - "PUT http://172.18.0.2:8080/v1/AUTH_ce18edd7d4214c89bce7bbc869acf587/gnocchi.30de142c-2750-4a46-8bb3-80c75f8e1118/1759320000.0_mean_300.0_v3" "tx3eadbfc8e53b415e87ba6-0068dffe1d" "proxy-server 20" 0.0105 "-" 23 0
Oct 3 16:47:25 standalone proxy-server[132077]: 172.18.0.2 172.18.0.100 03/Oct/2025/16/47/25 PUT /v1/AUTH_ce18edd7d4214c89bce7bbc869acf587/gnocchi.30de142c-2750-4a46-8bb3-80c75f8e1118/1759320000.0_mean_300.0_v3 HTTP/1.0 201 - python-swiftclient-3.11.1 gAAAAABo3_1uBlzC... 16 - - tx3eadbfc8e53b415e87ba6-0068dffe1d - 0.0191 - - 1759510045.978433609 1759510045.997533321 0
Oct 3 16:47:26 standalone container-server[129872]: 172.20.0.100 - - [03/Oct/2025:16:47:26 +0000] "PUT /d1/63/AUTH_ce18edd7d4214c89bce7bbc869acf587/gnocchi.5a58b108-f1cc-4bbd-86f9-e37843bf8998/1759320000.0_mean_300.0_v3" 201 - "PUT http://172.18.0.2:8080/d1/632/AUTH_ce18edd7d4214c89bce7bbc869acf587/gnocchi.5a58b108-f1cc-4bbd-86f9-e37843bf8998/1759320000.0_mean_300.0_v3" "tx7ac72bac6b7c44d3aa5ec-0068dffe1e" "object-server 24" 0.0009 "-" 22 0
Oct 3 16:47:26 standalone object-server[130066]: 172.20.0.100 - - [03/Oct/2025:16:47:26 +0000] "PUT /d1/632/AUTH_ce18edd7d4214c89bce7bbc869acf587/gnocchi.5a58b108-f1cc-4bbd-86f9-e37843bf8998/1759320000.0_mean_300.0_v3" 201 - "PUT http://172.18.0.2:8080/v1/AUTH_ce18edd7d4214c89bce7bbc869acf587/gnocchi.5a58b108-f1cc-4bbd-86f9-e37843bf8998/1759320000.0_mean_300.0_v3" "tx7ac72bac6b7c44d3aa5ec-0068dffe1e" "proxy-server 20" 0.0113 "-" 24 0
Oct 3 16:47:26 standalone proxy-server[132077]: 172.18.0.2 172.18.0.100 03/Oct/2025/16/47/26 PUT /v1/AUTH_ce18edd7d4214c89bce7bbc869acf587/gnocchi.5a58b108-f1cc-4bbd-86f9-e37843bf8998/1759320000.0_mean_300.0_v3 HTTP/1.0 201 - python-swiftclient-3.11.1 gAAAAABo3_1uBlzC... 16 - - tx7ac72bac6b7c44d3aa5ec-0068dffe1e - 0.0195 - - 1759510046.001356840 1759510046.020843029 0
Oct 3 16:47:26 standalone container-server[129876]: 172.20.0.100 - - [03/Oct/2025:16:47:26 +0000] "PUT /d1/543/AUTH_ce18edd7d4214c89bce7bbc869acf587/gnocchi.a6193c95-fdfb-4fb6-92f9-98f3bc48e298/1759320000.0_mean_300.0_v3" 201 - "PUT http://172.18.0.2:8080/d1/746/AUTH_ce18edd7d4214c89bce7bbc869acf587/gnocchi.a6193c95-fdfb-4fb6-92f9-98f3bc48e298/1759320000.0_mean_300.0_v3" "tx19937aa3813a4de4b74b8-0068dffe1e" "object-server 22" 0.0007 "-" 23 0
Oct 3 16:47:26 standalone object-server[130063]: 172.20.0.100 - - [03/Oct/2025:16:47:26 +0000] "PUT /d1/746/AUTH_ce18edd7d4214c89bce7bbc869acf587/gnocchi.a6193c95-fdfb-4fb6-92f9-98f3bc48e298/1759320000.0_mean_300.0_v3" 201 - "PUT http://172.18.0.2:8080/v1/AUTH_ce18edd7d4214c89bce7bbc869acf587/gnocchi.a6193c95-fdfb-4fb6-92f9-98f3bc48e298/1759320000.0_mean_300.0_v3" "tx19937aa3813a4de4b74b8-0068dffe1e" "proxy-server 20" 0.0099 "-" 22 0
Oct 3 16:47:26 standalone proxy-server[132077]: 172.18.0.2 172.18.0.100 03/Oct/2025/16/47/26 PUT /v1/AUTH_ce18edd7d4214c89bce7bbc869acf587/gnocchi.a6193c95-fdfb-4fb6-92f9-98f3bc48e298/1759320000.0_mean_300.0_v3 HTTP/1.0 201 - python-swiftclient-3.11.1 gAAAAABo3_1uBlzC... 16 - - tx19937aa3813a4de4b74b8-0068dffe1e - 0.0177 - - 1759510046.023857832 1759510046.041515112 0
Oct 3 16:47:26 standalone container-server[129844]: 172.20.0.100 - - [03/Oct/2025:16:47:26 +0000] "PUT /d1/162/AUTH_ce18edd7d4214c89bce7bbc869acf587/gnocchi.30de142c-2750-4a46-8bb3-80c75f8e1118/none_v3" 201 - "PUT http://172.18.0.2:8080/d1/518/AUTH_ce18edd7d4214c89bce7bbc869acf587/gnocchi.30de142c-2750-4a46-8bb3-80c75f8e1118/none_v3" "tx648bd6a1fa0940cc96b67-0068dffe1e" "object-server 24" 0.0005 "-" 21 0
Oct 3 16:47:26 standalone object-server[130066]: 172.20.0.100 - - [03/Oct/2025:16:47:26 +0000] "PUT /d1/518/AUTH_ce18edd7d4214c89bce7bbc869acf587/gnocchi.30de142c-2750-4a46-8bb3-80c75f8e1118/none_v3" 201 - "PUT http://172.18.0.2:8080/v1/AUTH_ce18edd7d4214c89bce7bbc869acf587/gnocchi.30de142c-2750-4a46-8bb3-80c75f8e1118/none_v3" "tx648bd6a1fa0940cc96b67-0068dffe1e" "proxy-server 20" 0.0112 "-" 24 0
Oct 3 16:47:26 standalone proxy-server[132077]: 172.18.0.2 172.18.0.100 03/Oct/2025/16/47/26 PUT /v1/AUTH_ce18edd7d4214c89bce7bbc869acf587/gnocchi.30de142c-2750-4a46-8bb3-80c75f8e1118/none_v3 HTTP/1.0 201 - python-swiftclient-3.11.1 gAAAAABo3_1uBlzC... 22 - - tx648bd6a1fa0940cc96b67-0068dffe1e - 0.0188 - - 1759510046.044638634 1759510046.063396454 0
Oct 3 16:47:26 standalone container-server[129872]: 172.20.0.100 - - [03/Oct/2025:16:47:26 +0000] "PUT /d1/63/AUTH_ce18edd7d4214c89bce7bbc869acf587/gnocchi.5a58b108-f1cc-4bbd-86f9-e37843bf8998/none_v3" 201 - "PUT http://172.18.0.2:8080/d1/689/AUTH_ce18edd7d4214c89bce7bbc869acf587/gnocchi.5a58b108-f1cc-4bbd-86f9-e37843bf8998/none_v3" "tx44b99fceddc44e33b3db1-0068dffe1e" "object-server 24" 0.0010 "-" 22 0
Oct 3 16:47:26 standalone object-server[130066]: 172.20.0.100 - - [03/Oct/2025:16:47:26 +0000] "PUT /d1/689/AUTH_ce18edd7d4214c89bce7bbc869acf587/gnocchi.5a58b108-f1cc-4bbd-86f9-e37843bf8998/none_v3" 201 - "PUT http://172.18.0.2:8080/v1/AUTH_ce18edd7d4214c89bce7bbc869acf587/gnocchi.5a58b108-f1cc-4bbd-86f9-e37843bf8998/none_v3" "tx44b99fceddc44e33b3db1-0068dffe1e" "proxy-server 20" 0.0107 "-" 24 0
Oct 3 16:47:26 standalone proxy-server[132077]: 172.18.0.2 172.18.0.100 03/Oct/2025/16/47/26 PUT /v1/AUTH_ce18edd7d4214c89bce7bbc869acf587/gnocchi.5a58b108-f1cc-4bbd-86f9-e37843bf8998/none_v3 HTTP/1.0 201 - python-swiftclient-3.11.1 gAAAAABo3_1uBlzC... 22 - - tx44b99fceddc44e33b3db1-0068dffe1e - 0.0172 - - 1759510046.066017389 1759510046.083187103 0
Oct 3 16:47:26 standalone container-server[129844]: 172.20.0.100 - - [03/Oct/2025:16:47:26 +0000] "PUT /d1/543/AUTH_ce18edd7d4214c89bce7bbc869acf587/gnocchi.a6193c95-fdfb-4fb6-92f9-98f3bc48e298/none_v3" 201 - "PUT http://172.18.0.2:8080/d1/730/AUTH_ce18edd7d4214c89bce7bbc869acf587/gnocchi.a6193c95-fdfb-4fb6-92f9-98f3bc48e298/none_v3" "tx786c523b13b84f51a6035-0068dffe1e" "object-server 22" 0.0006 "-" 21 0
Oct 3 16:47:26 standalone object-server[130063]: 172.20.0.100 - - [03/Oct/2025:16:47:26 +0000] "PUT /d1/730/AUTH_ce18edd7d4214c89bce7bbc869acf587/gnocchi.a6193c95-fdfb-4fb6-92f9-98f3bc48e298/none_v3" 201 - "PUT http://172.18.0.2:8080/v1/AUTH_ce18edd7d4214c89bce7bbc869acf587/gnocchi.a6193c95-fdfb-4fb6-92f9-98f3bc48e298/none_v3" "tx786c523b13b84f51a6035-0068dffe1e" "proxy-server 20" 0.0112 "-" 22 0
Oct 3 16:47:26 standalone proxy-server[132077]: 172.18.0.2 172.18.0.100 03/Oct/2025/16/47/26 PUT /v1/AUTH_ce18edd7d4214c89bce7bbc869acf587/gnocchi.a6193c95-fdfb-4fb6-92f9-98f3bc48e298/none_v3 HTTP/1.0 201 - python-swiftclient-3.11.1 gAAAAABo3_1uBlzC... 22 - - tx786c523b13b84f51a6035-0068dffe1e - 0.0192 - - 1759510046.086763382 1759510046.105934620 0
Oct 3 16:47:26 standalone container-server[129876]: 172.20.0.100 - - [03/Oct/2025:16:47:26 +0000] "HEAD /d1/959/AUTH_ce18edd7d4214c89bce7bbc869acf587/gnocchi.d4a125b3-c24c-4458-9fbc-5a2e1887a829" 404 - "HEAD http://172.18.0.2:8080/v1/AUTH_ce18edd7d4214c89bce7bbc869acf587/gnocchi.d4a125b3-c24c-4458-9fbc-5a2e1887a829?format=json&states=listing" "tx05ebe99d5e68436dba933-0068dffe1e" "proxy-server 20" 0.0005 "-" 23 0
Oct 3 16:47:26 standalone object-server[130066]: 172.20.0.100 - - [03/Oct/2025:16:47:26 +0000] "GET /d1/886/AUTH_ce18edd7d4214c89bce7bbc869acf587/gnocchi.d4a125b3-c24c-4458-9fbc-5a2e1887a829/none_v3" 404 70 "GET http://172.18.0.2:8080/v1/AUTH_ce18edd7d4214c89bce7bbc869acf587/gnocchi.d4a125b3-c24c-4458-9fbc-5a2e1887a829/none_v3" "tx05ebe99d5e68436dba933-0068dffe1e" "proxy-server 20" 0.0004 "-" 24 0
Oct 3 16:47:26 standalone proxy-server[132077]: 172.18.0.2 172.18.0.100 03/Oct/2025/16/47/26 GET /v1/AUTH_ce18edd7d4214c89bce7bbc869acf587/gnocchi.d4a125b3-c24c-4458-9fbc-5a2e1887a829/none_v3 HTTP/1.0 404 - python-swiftclient-3.11.1 gAAAAABo3_1uBlzC... - 70 - tx05ebe99d5e68436dba933-0068dffe1e - 0.0122 - - 1759510046.117521048 1759510046.129698992 0
Oct 3 16:47:26 standalone account-server[129821]: 172.20.0.100 - - [03/Oct/2025:16:47:26 +0000] "PUT /d1/335/AUTH_ce18edd7d4214c89bce7bbc869acf587/gnocchi.d4a125b3-c24c-4458-9fbc-5a2e1887a829" 201 - "PUT http://172.20.0.100:6001/d1/959/AUTH_ce18edd7d4214c89bce7bbc869acf587/gnocchi.d4a125b3-c24c-4458-9fbc-5a2e1887a829" "tx26261722132146fea0e06-0068dffe1e" "container-server 20" 0.0047 "-" 21 0
Oct 3 16:47:26 standalone container-server[129842]: 172.20.0.100 - - [03/Oct/2025:16:47:26 +0000] "PUT /d1/959/AUTH_ce18edd7d4214c89bce7bbc869acf587/gnocchi.d4a125b3-c24c-4458-9fbc-5a2e1887a829" 201 - "PUT http://172.18.0.2:8080/v1/AUTH_ce18edd7d4214c89bce7bbc869acf587/gnocchi.d4a125b3-c24c-4458-9fbc-5a2e1887a829" "tx26261722132146fea0e06-0068dffe1e" "proxy-server 20" 0.0177 "-" 20 0
Oct 3 16:47:26 standalone proxy-server[132077]: 172.18.0.2 172.18.0.100 03/Oct/2025/16/47/26 PUT /v1/AUTH_ce18edd7d4214c89bce7bbc869acf587/gnocchi.d4a125b3-c24c-4458-9fbc-5a2e1887a829 HTTP/1.0 201 - python-swiftclient-3.11.1 gAAAAABo3_1uBlzC... - - - tx26261722132146fea0e06-0068dffe1e - 0.0246 - - 1759510046.132874250 1759510046.157458067 0
Oct 3 16:47:26 standalone container-server[129876]: 172.20.0.100 - - [03/Oct/2025:16:47:26 +0000] "HEAD /d1/959/AUTH_ce18edd7d4214c89bce7bbc869acf587/gnocchi.d4a125b3-c24c-4458-9fbc-5a2e1887a829" 204 - "HEAD http://172.18.0.2:8080/v1/AUTH_ce18edd7d4214c89bce7bbc869acf587/gnocchi.d4a125b3-c24c-4458-9fbc-5a2e1887a829?format=json&states=listing" "tx7521de5e089741559313e-0068dffe1e" "proxy-server 20" 0.0026 "-" 23 0
Oct 3 16:47:26 standalone proxy-server[132077]: - - 03/Oct/2025/16/47/26 HEAD /v1/AUTH_ce18edd7d4214c89bce7bbc869acf587/gnocchi.d4a125b3-c24c-4458-9fbc-5a2e1887a829%3Fformat%3Djson%26states%3Dlisting HTTP/1.0 204 - Swift - - - - tx7521de5e089741559313e-0068dffe1e - 0.0079 RL - 1759510046.163044691 1759510046.170949936 0
Oct 3 16:47:26 standalone container-server[129842]: 172.20.0.100 - - [03/Oct/2025:16:47:26 +0000] "GET /d1/959/AUTH_ce18edd7d4214c89bce7bbc869acf587/gnocchi.d4a125b3-c24c-4458-9fbc-5a2e1887a829" 200 2 "GET http://172.18.0.2:8080/v1/AUTH_ce18edd7d4214c89bce7bbc869acf587/gnocchi.d4a125b3-c24c-4458-9fbc-5a2e1887a829?format=json&states=listing" "tx7521de5e089741559313e-0068dffe1e" "proxy-server 20" 0.0038 "-" 20 0
Oct 3 16:47:26 standalone proxy-server[132077]: 172.18.0.2 172.18.0.100 03/Oct/2025/16/47/26 GET /v1/AUTH_ce18edd7d4214c89bce7bbc869acf587/gnocchi.d4a125b3-c24c-4458-9fbc-5a2e1887a829%3Fformat%3Djson%26states%3Dlisting HTTP/1.0 200 - python-swiftclient-3.11.1 gAAAAABo3_1uBlzC... - 2 - tx7521de5e089741559313e-0068dffe1e - 0.0216 - - 1759510046.161626339 1759510046.183218956 0
Oct 3 16:47:26 standalone object-server[130066]: 172.20.0.100 - - [03/Oct/2025:16:47:26 +0000] "GET /d1/572/AUTH_ce18edd7d4214c89bce7bbc869acf587/gnocchi.d4a125b3-c24c-4458-9fbc-5a2e1887a829/1759320000.0_mean_300.0_v3" 404 70 "GET http://172.18.0.2:8080/v1/AUTH_ce18edd7d4214c89bce7bbc869acf587/gnocchi.d4a125b3-c24c-4458-9fbc-5a2e1887a829/1759320000.0_mean_300.0_v3" "tx312cb672b66c4b0cbdd77-0068dffe1e" "proxy-server 20" 0.0004 "-" 24 0
Oct 3 16:47:26 standalone proxy-server[132077]: 172.18.0.2 172.18.0.100 03/Oct/2025/16/47/26 GET /v1/AUTH_ce18edd7d4214c89bce7bbc869acf587/gnocchi.d4a125b3-c24c-4458-9fbc-5a2e1887a829/1759320000.0_mean_300.0_v3 HTTP/1.0 404 - python-swiftclient-3.11.1 gAAAAABo3_1uBlzC... - 70 - tx312cb672b66c4b0cbdd77-0068dffe1e - 0.0072 - - 1759510046.187252998 1759510046.194500923 0
Oct 3 16:47:26 standalone container-server[129872]: 172.20.0.100 - - [03/Oct/2025:16:47:26 +0000] "PUT /d1/959/AUTH_ce18edd7d4214c89bce7bbc869acf587/gnocchi.d4a125b3-c24c-4458-9fbc-5a2e1887a829/1759320000.0_mean_300.0_v3" 201 - "PUT http://172.18.0.2:8080/d1/572/AUTH_ce18edd7d4214c89bce7bbc869acf587/gnocchi.d4a125b3-c24c-4458-9fbc-5a2e1887a829/1759320000.0_mean_300.0_v3" "txd62d19ea4cba4f59af4ba-0068dffe1e" "object-server 21" 0.0008 "-" 22 0
Oct 3 16:47:26 standalone object-server[130058]: 172.20.0.100 - - [03/Oct/2025:16:47:26 +0000] "PUT /d1/572/AUTH_ce18edd7d4214c89bce7bbc869acf587/gnocchi.d4a125b3-c24c-4458-9fbc-5a2e1887a829/1759320000.0_mean_300.0_v3" 201 - "PUT http://172.18.0.2:8080/v1/AUTH_ce18edd7d4214c89bce7bbc869acf587/gnocchi.d4a125b3-c24c-4458-9fbc-5a2e1887a829/1759320000.0_mean_300.0_v3" "txd62d19ea4cba4f59af4ba-0068dffe1e" "proxy-server 20" 0.0124 "-" 21 0
Oct 3 16:47:26 standalone proxy-server[132077]: 172.18.0.2 172.18.0.100 03/Oct/2025/16/47/26 PUT /v1/AUTH_ce18edd7d4214c89bce7bbc869acf587/gnocchi.d4a125b3-c24c-4458-9fbc-5a2e1887a829/1759320000.0_mean_300.0_v3 HTTP/1.0 201 - python-swiftclient-3.11.1 gAAAAABo3_1uBlzC... 16 - - txd62d19ea4cba4f59af4ba-0068dffe1e - 0.0200 - - 1759510046.197818279 1759510046.217791557 0
Oct 3 16:47:26 standalone container-server[129876]: 172.20.0.100 - - [03/Oct/2025:16:47:26 +0000] "PUT /d1/959/AUTH_ce18edd7d4214c89bce7bbc869acf587/gnocchi.d4a125b3-c24c-4458-9fbc-5a2e1887a829/none_v3" 201 - "PUT http://172.18.0.2:8080/d1/886/AUTH_ce18edd7d4214c89bce7bbc869acf587/gnocchi.d4a125b3-c24c-4458-9fbc-5a2e1887a829/none_v3" "tx7289c00ff0bd4be9b8b92-0068dffe1e" "object-server 21" 0.0006 "-" 23 0
Oct 3 16:47:26 standalone object-server[130058]: 172.20.0.100 - - [03/Oct/2025:16:47:26 +0000] "PUT /d1/886/AUTH_ce18edd7d4214c89bce7bbc869acf587/gnocchi.d4a125b3-c24c-4458-9fbc-5a2e1887a829/none_v3" 201 - "PUT http://172.18.0.2:8080/v1/AUTH_ce18edd7d4214c89bce7bbc869acf587/gnocchi.d4a125b3-c24c-4458-9fbc-5a2e1887a829/none_v3" "tx7289c00ff0bd4be9b8b92-0068dffe1e" "proxy-server 20" 0.0101 "-" 21 0
Oct 3 16:47:26 standalone proxy-server[132077]: 172.18.0.2 172.18.0.100 03/Oct/2025/16/47/26 PUT /v1/AUTH_ce18edd7d4214c89bce7bbc869acf587/gnocchi.d4a125b3-c24c-4458-9fbc-5a2e1887a829/none_v3 HTTP/1.0 201 - python-swiftclient-3.11.1 gAAAAABo3_1uBlzC... 22 - - tx7289c00ff0bd4be9b8b92-0068dffe1e - 0.0174 - - 1759510046.221036911 1759510046.238433838 0
Oct 3 16:47:26 standalone container-server[129844]: 172.20.0.100 - - [03/Oct/2025:16:47:26 +0000] "HEAD /d1/355/AUTH_ce18edd7d4214c89bce7bbc869acf587/gnocchi.87e0f67d-120c-4113-9bd4-3c0c52caf011" 404 - "HEAD http://172.18.0.2:8080/v1/AUTH_ce18edd7d4214c89bce7bbc869acf587/gnocchi.87e0f67d-120c-4113-9bd4-3c0c52caf011?format=json&states=listing" "tx61608d40ce3e4a8ba879c-0068dffe1e" "proxy-server 20" 0.0004 "-" 21 0
Oct 3 16:47:26 standalone object-server[130058]: 172.20.0.100 - - [03/Oct/2025:16:47:26 +0000] "GET /d1/502/AUTH_ce18edd7d4214c89bce7bbc869acf587/gnocchi.87e0f67d-120c-4113-9bd4-3c0c52caf011/none_v3" 404 70 "GET http://172.18.0.2:8080/v1/AUTH_ce18edd7d4214c89bce7bbc869acf587/gnocchi.87e0f67d-120c-4113-9bd4-3c0c52caf011/none_v3" "tx61608d40ce3e4a8ba879c-0068dffe1e" "proxy-server 20" 0.0005 "-" 21 0
Oct 3 16:47:26 standalone proxy-server[132077]: 172.18.0.2 172.18.0.100 03/Oct/2025/16/47/26 GET /v1/AUTH_ce18edd7d4214c89bce7bbc869acf587/gnocchi.87e0f67d-120c-4113-9bd4-3c0c52caf011/none_v3 HTTP/1.0 404 - python-swiftclient-3.11.1 gAAAAABo3_1uBlzC... - 70 - tx61608d40ce3e4a8ba879c-0068dffe1e - 0.0128 - - 1759510046.249001980 1759510046.261799574 0
Oct 3 16:47:26 standalone account-server[129803]: 172.20.0.100 - - [03/Oct/2025:16:47:26 +0000] "PUT /d1/335/AUTH_ce18edd7d4214c89bce7bbc869acf587/gnocchi.87e0f67d-120c-4113-9bd4-3c0c52caf011" 201 - "PUT http://172.20.0.100:6001/d1/355/AUTH_ce18edd7d4214c89bce7bbc869acf587/gnocchi.87e0f67d-120c-4113-9bd4-3c0c52caf011" "txbf82b0da7e4b4ea0ab5ed-0068dffe1e" "container-server 23" 0.0063 "-" 20 0
Oct 3 16:47:26 standalone container-server[129876]: 172.20.0.100 - - [03/Oct/2025:16:47:26 +0000] "PUT /d1/355/AUTH_ce18edd7d4214c89bce7bbc869acf587/gnocchi.87e0f67d-120c-4113-9bd4-3c0c52caf011" 201 - "PUT http://172.18.0.2:8080/v1/AUTH_ce18edd7d4214c89bce7bbc869acf587/gnocchi.87e0f67d-120c-4113-9bd4-3c0c52caf011" "txbf82b0da7e4b4ea0ab5ed-0068dffe1e" "proxy-server 20" 0.0168 "-" 23 0
Oct 3 16:47:26 standalone proxy-server[132077]: 172.18.0.2 172.18.0.100 03/Oct/2025/16/47/26 PUT /v1/AUTH_ce18edd7d4214c89bce7bbc869acf587/gnocchi.87e0f67d-120c-4113-9bd4-3c0c52caf011 HTTP/1.0 201 - python-swiftclient-3.11.1 gAAAAABo3_1uBlzC... - - - txbf82b0da7e4b4ea0ab5ed-0068dffe1e - 0.0226 - - 1759510046.264706850 1759510046.287278175 0
Oct 3 16:47:26 standalone container-server[129844]: 172.20.0.100 - - [03/Oct/2025:16:47:26 +0000] "HEAD /d1/355/AUTH_ce18edd7d4214c89bce7bbc869acf587/gnocchi.87e0f67d-120c-4113-9bd4-3c0c52caf011" 204 - "HEAD http://172.18.0.2:8080/v1/AUTH_ce18edd7d4214c89bce7bbc869acf587/gnocchi.87e0f67d-120c-4113-9bd4-3c0c52caf011?format=json&states=listing" "tx65b1a104029b4701b4481-0068dffe1e" "proxy-server 20" 0.0015 "-" 21 0
Oct 3 16:47:26 standalone proxy-server[132077]: - - 03/Oct/2025/16/47/26 HEAD /v1/AUTH_ce18edd7d4214c89bce7bbc869acf587/gnocchi.87e0f67d-120c-4113-9bd4-3c0c52caf011%3Fformat%3Djson%26states%3Dlisting HTTP/1.0 204 - Swift - - - - tx65b1a104029b4701b4481-0068dffe1e - 0.0055 RL - 1759510046.292945862 1759510046.298403978 0
Oct 3 16:47:26 standalone container-server[129872]: 172.20.0.100 - - [03/Oct/2025:16:47:26 +0000] "GET /d1/355/AUTH_ce18edd7d4214c89bce7bbc869acf587/gnocchi.87e0f67d-120c-4113-9bd4-3c0c52caf011" 200 2 "GET http://172.18.0.2:8080/v1/AUTH_ce18edd7d4214c89bce7bbc869acf587/gnocchi.87e0f67d-120c-4113-9bd4-3c0c52caf011?format=json&states=listing" "tx65b1a104029b4701b4481-0068dffe1e" "proxy-server 20" 0.0039 "-" 22 0
Oct 3 16:47:26 standalone proxy-server[132077]: 172.18.0.2 172.18.0.100 03/Oct/2025/16/47/26 GET /v1/AUTH_ce18edd7d4214c89bce7bbc869acf587/gnocchi.87e0f67d-120c-4113-9bd4-3c0c52caf011%3Fformat%3Djson%26states%3Dlisting HTTP/1.0 200 - python-swiftclient-3.11.1 gAAAAABo3_1uBlzC... - 2 - tx65b1a104029b4701b4481-0068dffe1e - 0.0192 - - 1759510046.291487694 1759510046.310685873 0
Oct 3 16:47:26 standalone object-server[130058]: 172.20.0.100 - - [03/Oct/2025:16:47:26 +0000] "GET /d1/781/AUTH_ce18edd7d4214c89bce7bbc869acf587/gnocchi.87e0f67d-120c-4113-9bd4-3c0c52caf011/1759320000.0_mean_300.0_v3" 404 70 "GET http://172.18.0.2:8080/v1/AUTH_ce18edd7d4214c89bce7bbc869acf587/gnocchi.87e0f67d-120c-4113-9bd4-3c0c52caf011/1759320000.0_mean_300.0_v3" "txc746502296004b9c83d18-0068dffe1e" "proxy-server 20" 0.0005 "-" 21 0
Oct 3 16:47:26 standalone proxy-server[132077]: 172.18.0.2 172.18.0.100 03/Oct/2025/16/47/26 GET /v1/AUTH_ce18edd7d4214c89bce7bbc869acf587/gnocchi.87e0f67d-120c-4113-9bd4-3c0c52caf011/1759320000.0_mean_300.0_v3 HTTP/1.0 404 - python-swiftclient-3.11.1 gAAAAABo3_1uBlzC... - 70 - txc746502296004b9c83d18-0068dffe1e - 0.0078 - - 1759510046.314705610 1759510046.322461367 0
Oct 3 16:47:26 standalone container-server[129876]: 172.20.0.100 - - [03/Oct/2025:16:47:26 +0000] "PUT /d1/355/AUTH_ce18edd7d4214c89bce7bbc869acf587/gnocchi.87e0f67d-120c-4113-9bd4-3c0c52caf011/1759320000.0_mean_300.0_v3" 201 - "PUT http://172.18.0.2:8080/d1/781/AUTH_ce18edd7d4214c89bce7bbc869acf587/gnocchi.87e0f67d-120c-4113-9bd4-3c0c52caf011/1759320000.0_mean_300.0_v3" "tx320c963271d94f758fd42-0068dffe1e" "object-server 22" 0.0006 "-" 23 0
Oct 3 16:47:26 standalone object-server[130063]: 172.20.0.100 - - [03/Oct/2025:16:47:26 +0000] "PUT /d1/781/AUTH_ce18edd7d4214c89bce7bbc869acf587/gnocchi.87e0f67d-120c-4113-9bd4-3c0c52caf011/1759320000.0_mean_300.0_v3" 201 - "PUT http://172.18.0.2:8080/v1/AUTH_ce18edd7d4214c89bce7bbc869acf587/gnocchi.87e0f67d-120c-4113-9bd4-3c0c52caf011/1759320000.0_mean_300.0_v3" "tx320c963271d94f758fd42-0068dffe1e" "proxy-server 20" 0.0112 "-" 22 0
Oct 3 16:47:26 standalone proxy-server[132077]: 172.18.0.2 172.18.0.100 03/Oct/2025/16/47/26 PUT /v1/AUTH_ce18edd7d4214c89bce7bbc869acf587/gnocchi.87e0f67d-120c-4113-9bd4-3c0c52caf011/1759320000.0_mean_300.0_v3 HTTP/1.0 201 - python-swiftclient-3.11.1 gAAAAABo3_1uBlzC... 16 - - tx320c963271d94f758fd42-0068dffe1e - 0.0190 - - 1759510046.325994968 1759510046.344957113 0
Oct 3 16:47:26 standalone container-server[129844]: 172.20.0.100 - - [03/Oct/2025:16:47:26 +0000] "PUT /d1/355/AUTH_ce18edd7d4214c89bce7bbc869acf587/gnocchi.87e0f67d-120c-4113-9bd4-3c0c52caf011/none_v3" 201 - "PUT http://172.18.0.2:8080/d1/502/AUTH_ce18edd7d4214c89bce7bbc869acf587/gnocchi.87e0f67d-120c-4113-9bd4-3c0c52caf011/none_v3" "tx89959eb495d4436bb4cd9-0068dffe1e" "object-server 21" 0.0008 "-" 21 0
Oct 3 16:47:26 standalone object-server[130058]: 172.20.0.100 - - [03/Oct/2025:16:47:26 +0000] "PUT /d1/502/AUTH_ce18edd7d4214c89bce7bbc869acf587/gnocchi.87e0f67d-120c-4113-9bd4-3c0c52caf011/none_v3" 201 - "PUT http://172.18.0.2:8080/v1/AUTH_ce18edd7d4214c89bce7bbc869acf587/gnocchi.87e0f67d-120c-4113-9bd4-3c0c52caf011/none_v3" "tx89959eb495d4436bb4cd9-0068dffe1e" "proxy-server 20" 0.0114 "-" 21 0
Oct 3 16:47:26 standalone proxy-server[132077]: 172.18.0.2 172.18.0.100 03/Oct/2025/16/47/26 PUT /v1/AUTH_ce18edd7d4214c89bce7bbc869acf587/gnocchi.87e0f67d-120c-4113-9bd4-3c0c52caf011/none_v3 HTTP/1.0 201 - python-swiftclient-3.11.1 gAAAAABo3_1uBlzC... 22 - - tx89959eb495d4436bb4cd9-0068dffe1e - 0.0198 - - 1759510046.348959684 1759510046.368754387 0
Oct 3 16:47:26 standalone container-server[129872]: 172.20.0.100 - - [03/Oct/2025:16:47:26 +0000] "HEAD /d1/61/AUTH_ce18edd7d4214c89bce7bbc869acf587/gnocchi.7e541390-44c5-498d-a9d5-ec79f806b4c3" 404 - "HEAD http://172.18.0.2:8080/v1/AUTH_ce18edd7d4214c89bce7bbc869acf587/gnocchi.7e541390-44c5-498d-a9d5-ec79f806b4c3?format=json&states=listing" "txa0da995b3b3a4c93b59cb-0068dffe1e" "proxy-server 20" 0.0006 "-" 22 0
Oct 3 16:47:26 standalone object-server[130058]: 172.20.0.100 - - [03/Oct/2025:16:47:26 +0000] "GET /d1/1013/AUTH_ce18edd7d4214c89bce7bbc869acf587/gnocchi.7e541390-44c5-498d-a9d5-ec79f806b4c3/none_v3" 404 70 "GET http://172.18.0.2:8080/v1/AUTH_ce18edd7d4214c89bce7bbc869acf587/gnocchi.7e541390-44c5-498d-a9d5-ec79f806b4c3/none_v3" "txa0da995b3b3a4c93b59cb-0068dffe1e" "proxy-server 20" 0.0005 "-" 21 0
Oct 3 16:47:26 standalone proxy-server[132077]: 172.18.0.2 172.18.0.100 03/Oct/2025/16/47/26 GET /v1/AUTH_ce18edd7d4214c89bce7bbc869acf587/gnocchi.7e541390-44c5-498d-a9d5-ec79f806b4c3/none_v3 HTTP/1.0 404 - python-swiftclient-3.11.1 gAAAAABo3_1uBlzC... - 70 - txa0da995b3b3a4c93b59cb-0068dffe1e - 0.0150 - - 1759510046.387089491 1759510046.402059555 0
Oct 3 16:47:26 standalone account-server[129821]: 172.20.0.100 - - [03/Oct/2025:16:47:26 +0000] "PUT /d1/335/AUTH_ce18edd7d4214c89bce7bbc869acf587/gnocchi.7e541390-44c5-498d-a9d5-ec79f806b4c3" 201 - "PUT http://172.20.0.100:6001/d1/61/AUTH_ce18edd7d4214c89bce7bbc869acf587/gnocchi.7e541390-44c5-498d-a9d5-ec79f806b4c3" "txcda250adf8cf47babd066-0068dffe1e" "container-server 23" 0.0056 "-" 21 0
Oct 3 16:47:26 standalone container-server[129876]: 172.20.0.100 - - [03/Oct/2025:16:47:26 +0000] "PUT /d1/61/AUTH_ce18edd7d4214c89bce7bbc869acf587/gnocchi.7e541390-44c5-498d-a9d5-ec79f806b4c3" 201 - "PUT http://172.18.0.2:8080/v1/AUTH_ce18edd7d4214c89bce7bbc869acf587/gnocchi.7e541390-44c5-498d-a9d5-ec79f806b4c3" "txcda250adf8cf47babd066-0068dffe1e" "proxy-server 20" 0.0151 "-" 23 0
Oct 3 16:47:26 standalone proxy-server[132077]: 172.18.0.2 172.18.0.100 03/Oct/2025/16/47/26 PUT /v1/AUTH_ce18edd7d4214c89bce7bbc869acf587/gnocchi.7e541390-44c5-498d-a9d5-ec79f806b4c3 HTTP/1.0 201 - python-swiftclient-3.11.1 gAAAAABo3_1uBlzC... - - - txcda250adf8cf47babd066-0068dffe1e - 0.0222 - - 1759510046.406343699 1759510046.428544521 0
Oct 3 16:47:26 standalone container-server[129876]: 172.20.0.100 - - [03/Oct/2025:16:47:26 +0000] "HEAD /d1/838/AUTH_ce18edd7d4214c89bce7bbc869acf587/gnocchi.9f5db2c0-e66d-4b56-9a80-309e5c2b72c3" 404 - "HEAD http://172.18.0.2:8080/v1/AUTH_ce18edd7d4214c89bce7bbc869acf587/gnocchi.9f5db2c0-e66d-4b56-9a80-309e5c2b72c3?format=json&states=listing" "txca92ca4a27f64d4489e20-0068dffe1e" "proxy-server 20" 0.0002 "-" 23 0
Oct 3 16:47:26 standalone object-server[130058]: 172.20.0.100 - - [03/Oct/2025:16:47:26 +0000] "GET /d1/307/AUTH_ce18edd7d4214c89bce7bbc869acf587/gnocchi.9f5db2c0-e66d-4b56-9a80-309e5c2b72c3/none_v3" 404 70 "GET http://172.18.0.2:8080/v1/AUTH_ce18edd7d4214c89bce7bbc869acf587/gnocchi.9f5db2c0-e66d-4b56-9a80-309e5c2b72c3/none_v3" "txca92ca4a27f64d4489e20-0068dffe1e" "proxy-server 20" 0.0006 "-" 21 0
Oct 3 16:47:26 standalone proxy-server[132077]: 172.18.0.2 172.18.0.100 03/Oct/2025/16/47/26 GET /v1/AUTH_ce18edd7d4214c89bce7bbc869acf587/gnocchi.9f5db2c0-e66d-4b56-9a80-309e5c2b72c3/none_v3 HTTP/1.0 404 - python-swiftclient-3.11.1 gAAAAABo3_1uBlzC... - 70 - txca92ca4a27f64d4489e20-0068dffe1e - 0.0120 - - 1759510046.432894945 1759510046.444924116 0
Oct 3 16:47:26 standalone account-server[129821]: 172.20.0.100 - - [03/Oct/2025:16:47:26 +0000] "PUT /d1/335/AUTH_ce18edd7d4214c89bce7bbc869acf587/gnocchi.9f5db2c0-e66d-4b56-9a80-309e5c2b72c3" 201 - "PUT http://172.20.0.100:6001/d1/838/AUTH_ce18edd7d4214c89bce7bbc869acf587/gnocchi.9f5db2c0-e66d-4b56-9a80-309e5c2b72c3" "txe1f231f08e0441b38643a-0068dffe1e" "container-server 21" 0.0054 "-" 21 0
Oct 3 16:47:26 standalone container-server[129844]: 172.20.0.100 - - [03/Oct/2025:16:47:26 +0000] "PUT /d1/838/AUTH_ce18edd7d4214c89bce7bbc869acf587/gnocchi.9f5db2c0-e66d-4b56-9a80-309e5c2b72c3" 201 - "PUT http://172.18.0.2:8080/v1/AUTH_ce18edd7d4214c89bce7bbc869acf587/gnocchi.9f5db2c0-e66d-4b56-9a80-309e5c2b72c3" "txe1f231f08e0441b38643a-0068dffe1e" "proxy-server 20" 0.0199 "-" 21 0
Oct 3 16:47:26 standalone proxy-server[132077]: 172.18.0.2 172.18.0.100 03/Oct/2025/16/47/26 PUT /v1/AUTH_ce18edd7d4214c89bce7bbc869acf587/gnocchi.9f5db2c0-e66d-4b56-9a80-309e5c2b72c3 HTTP/1.0 201 - python-swiftclient-3.11.1 gAAAAABo3_1uBlzC... - - - txe1f231f08e0441b38643a-0068dffe1e - 0.0274 - - 1759510046.448486090 1759510046.475856543 0
Oct 3 16:47:26 standalone container-server[129872]: 172.20.0.100 - - [03/Oct/2025:16:47:26 +0000] "HEAD /d1/61/AUTH_ce18edd7d4214c89bce7bbc869acf587/gnocchi.7e541390-44c5-498d-a9d5-ec79f806b4c3" 204 - "HEAD http://172.18.0.2:8080/v1/AUTH_ce18edd7d4214c89bce7bbc869acf587/gnocchi.7e541390-44c5-498d-a9d5-ec79f806b4c3?format=json&states=listing" "tx56702109de7241c1aa93f-0068dffe1e" "proxy-server 20" 0.0021 "-" 22 0
Oct 3 16:47:26 standalone proxy-server[132077]: - - 03/Oct/2025/16/47/26 HEAD /v1/AUTH_ce18edd7d4214c89bce7bbc869acf587/gnocchi.7e541390-44c5-498d-a9d5-ec79f806b4c3%3Fformat%3Djson%26states%3Dlisting HTTP/1.0 204 - Swift - - - - tx56702109de7241c1aa93f-0068dffe1e - 0.0072 RL - 1759510046.483003616 1759510046.490181208 0
Oct 3 16:47:26 standalone container-server[129872]: 172.20.0.100 - - [03/Oct/2025:16:47:26 +0000] "GET /d1/61/AUTH_ce18edd7d4214c89bce7bbc869acf587/gnocchi.7e541390-44c5-498d-a9d5-ec79f806b4c3" 200 2 "GET http://172.18.0.2:8080/v1/AUTH_ce18edd7d4214c89bce7bbc869acf587/gnocchi.7e541390-44c5-498d-a9d5-ec79f806b4c3?format=json&states=listing" "tx56702109de7241c1aa93f-0068dffe1e" "proxy-server 20" 0.0032 "-" 22 0
Oct 3 16:47:26 standalone proxy-server[132077]: 172.18.0.2 172.18.0.100 03/Oct/2025/16/47/26 GET /v1/AUTH_ce18edd7d4214c89bce7bbc869acf587/gnocchi.7e541390-44c5-498d-a9d5-ec79f806b4c3%3Fformat%3Djson%26states%3Dlisting HTTP/1.0 200 - python-swiftclient-3.11.1 gAAAAABo3_1uBlzC... - 2 - tx56702109de7241c1aa93f-0068dffe1e - 0.0217 - - 1759510046.481222391 1759510046.502929688 0
Oct 3 16:47:26 standalone container-server[129844]: 172.20.0.100 - - [03/Oct/2025:16:47:26 +0000] "HEAD /d1/838/AUTH_ce18edd7d4214c89bce7bbc869acf587/gnocchi.9f5db2c0-e66d-4b56-9a80-309e5c2b72c3" 204 - "HEAD http://172.18.0.2:8080/v1/AUTH_ce18edd7d4214c89bce7bbc869acf587/gnocchi.9f5db2c0-e66d-4b56-9a80-309e5c2b72c3?format=json&states=listing" "tx9694431e023849f59efc3-0068dffe1e" "proxy-server 20" 0.0026 "-" 21 0
Oct 3 16:47:26 standalone proxy-server[132077]: - - 03/Oct/2025/16/47/26 HEAD /v1/AUTH_ce18edd7d4214c89bce7bbc869acf587/gnocchi.9f5db2c0-e66d-4b56-9a80-309e5c2b72c3%3Fformat%3Djson%26states%3Dlisting HTTP/1.0 204 - Swift - - - - tx9694431e023849f59efc3-0068dffe1e - 0.0075 RL - 1759510046.510638952 1759510046.518107653 0
Oct 3 16:47:26 standalone container-server[129876]: 172.20.0.100 - - [03/Oct/2025:16:47:26 +0000] "GET /d1/838/AUTH_ce18edd7d4214c89bce7bbc869acf587/gnocchi.9f5db2c0-e66d-4b56-9a80-309e5c2b72c3" 200 2 "GET http://172.18.0.2:8080/v1/AUTH_ce18edd7d4214c89bce7bbc869acf587/gnocchi.9f5db2c0-e66d-4b56-9a80-309e5c2b72c3?format=json&states=listing" "tx9694431e023849f59efc3-0068dffe1e" "proxy-server 20" 0.0018 "-" 23 0
Oct 3 16:47:26 standalone proxy-server[132077]: 172.18.0.2 172.18.0.100 03/Oct/2025/16/47/26 GET /v1/AUTH_ce18edd7d4214c89bce7bbc869acf587/gnocchi.9f5db2c0-e66d-4b56-9a80-309e5c2b72c3%3Fformat%3Djson%26states%3Dlisting HTTP/1.0 200 - python-swiftclient-3.11.1 gAAAAABo3_1uBlzC... - 2 - tx9694431e023849f59efc3-0068dffe1e - 0.0191 - - 1759510046.509065151 1759510046.528125286 0
Oct 3 16:47:26 standalone object-server[130066]: 172.20.0.100 - - [03/Oct/2025:16:47:26 +0000] "GET /d1/616/AUTH_ce18edd7d4214c89bce7bbc869acf587/gnocchi.7e541390-44c5-498d-a9d5-ec79f806b4c3/1759320000.0_mean_300.0_v3" 404 70 "GET http://172.18.0.2:8080/v1/AUTH_ce18edd7d4214c89bce7bbc869acf587/gnocchi.7e541390-44c5-498d-a9d5-ec79f806b4c3/1759320000.0_mean_300.0_v3" "tx533d2f8faa684bedb7e7c-0068dffe1e" "proxy-server 20" 0.0007 "-" 24 0
Oct 3 16:47:26 standalone proxy-server[132077]: 172.18.0.2 172.18.0.100 03/Oct/2025/16/47/26 GET /v1/AUTH_ce18edd7d4214c89bce7bbc869acf587/gnocchi.7e541390-44c5-498d-a9d5-ec79f806b4c3/1759320000.0_mean_300.0_v3 HTTP/1.0 404 - python-swiftclient-3.11.1 gAAAAABo3_1uBlzC... - 70 - tx533d2f8faa684bedb7e7c-0068dffe1e - 0.0085 - - 1759510046.533509970 1759510046.541975021 0
Oct 3 16:47:26 standalone object-server[130064]: 172.20.0.100 - - [03/Oct/2025:16:47:26 +0000] "GET /d1/518/AUTH_ce18edd7d4214c89bce7bbc869acf587/gnocchi.9f5db2c0-e66d-4b56-9a80-309e5c2b72c3/1759320000.0_mean_300.0_v3" 404 70 "GET http://172.18.0.2:8080/v1/AUTH_ce18edd7d4214c89bce7bbc869acf587/gnocchi.9f5db2c0-e66d-4b56-9a80-309e5c2b72c3/1759320000.0_mean_300.0_v3" "tx40a8d1e86f6547e2a5e75-0068dffe1e" "proxy-server 20" 0.0007 "-" 23 0
Oct 3 16:47:26 standalone proxy-server[132077]: 172.18.0.2 172.18.0.100 03/Oct/2025/16/47/26 GET /v1/AUTH_ce18edd7d4214c89bce7bbc869acf587/gnocchi.9f5db2c0-e66d-4b56-9a80-309e5c2b72c3/1759320000.0_mean_300.0_v3 HTTP/1.0 404 - python-swiftclient-3.11.1 gAAAAABo3_1uBlzC... - 70 - tx40a8d1e86f6547e2a5e75-0068dffe1e - 0.0084 - - 1759510046.545658112 1759510046.554010153 0
Oct 3 16:47:26 standalone container-server[129876]: 172.20.0.100 - - [03/Oct/2025:16:47:26 +0000] "PUT /d1/61/AUTH_ce18edd7d4214c89bce7bbc869acf587/gnocchi.7e541390-44c5-498d-a9d5-ec79f806b4c3/1759320000.0_mean_300.0_v3" 201 - "PUT http://172.18.0.2:8080/d1/616/AUTH_ce18edd7d4214c89bce7bbc869acf587/gnocchi.7e541390-44c5-498d-a9d5-ec79f806b4c3/1759320000.0_mean_300.0_v3" "tx24a55efae6d943bfaebc0-0068dffe1e" "object-server 23" 0.0005 "-" 23 0
Oct 3 16:47:26 standalone object-server[130064]: 172.20.0.100 - - [03/Oct/2025:16:47:26 +0000] "PUT /d1/616/AUTH_ce18edd7d4214c89bce7bbc869acf587/gnocchi.7e541390-44c5-498d-a9d5-ec79f806b4c3/1759320000.0_mean_300.0_v3" 201 - "PUT http://172.18.0.2:8080/v1/AUTH_ce18edd7d4214c89bce7bbc869acf587/gnocchi.7e541390-44c5-498d-a9d5-ec79f806b4c3/1759320000.0_mean_300.0_v3" "tx24a55efae6d943bfaebc0-0068dffe1e" "proxy-server 20" 0.0106 "-" 23 0
Oct 3 16:47:26 standalone proxy-server[132077]: 172.18.0.2 172.18.0.100 03/Oct/2025/16/47/26 PUT /v1/AUTH_ce18edd7d4214c89bce7bbc869acf587/gnocchi.7e541390-44c5-498d-a9d5-ec79f806b4c3/1759320000.0_mean_300.0_v3 HTTP/1.0 201 - python-swiftclient-3.11.1 gAAAAABo3_1uBlzC... 16 - - tx24a55efae6d943bfaebc0-0068dffe1e - 0.0199 - - 1759510046.558838606 1759510046.578776360 0
Oct 3 16:47:26 standalone container-server[129876]: 172.20.0.100 - - [03/Oct/2025:16:47:26 +0000] "PUT /d1/838/AUTH_ce18edd7d4214c89bce7bbc869acf587/gnocchi.9f5db2c0-e66d-4b56-9a80-309e5c2b72c3/1759320000.0_mean_300.0_v3" 201 - "PUT http://172.18.0.2:8080/d1/518/AUTH_ce18edd7d4214c89bce7bbc869acf587/gnocchi.9f5db2c0-e66d-4b56-9a80-309e5c2b72c3/1759320000.0_mean_300.0_v3" "tx21e3b9f1213f4f6cb3e94-0068dffe1e" "object-server 22" 0.0004 "-" 23 0
Oct 3 16:47:26 standalone object-server[130063]: 172.20.0.100 - - [03/Oct/2025:16:47:26 +0000] "PUT /d1/518/AUTH_ce18edd7d4214c89bce7bbc869acf587/gnocchi.9f5db2c0-e66d-4b56-9a80-309e5c2b72c3/1759320000.0_mean_300.0_v3" 201 - "PUT http://172.18.0.2:8080/v1/AUTH_ce18edd7d4214c89bce7bbc869acf587/gnocchi.9f5db2c0-e66d-4b56-9a80-309e5c2b72c3/1759320000.0_mean_300.0_v3" "tx21e3b9f1213f4f6cb3e94-0068dffe1e" "proxy-server 20" 0.0088 "-" 22 0
Oct 3 16:47:26 standalone proxy-server[132077]: 172.18.0.2 172.18.0.100 03/Oct/2025/16/47/26 PUT /v1/AUTH_ce18edd7d4214c89bce7bbc869acf587/gnocchi.9f5db2c0-e66d-4b56-9a80-309e5c2b72c3/1759320000.0_mean_300.0_v3 HTTP/1.0 201 - python-swiftclient-3.11.1 gAAAAABo3_1uBlzC... 16 - - tx21e3b9f1213f4f6cb3e94-0068dffe1e - 0.0145 - - 1759510046.582668543 1759510046.597171545 0
Oct 3 16:47:26 standalone container-server[129876]: 172.20.0.100 - - [03/Oct/2025:16:47:26 +0000] "PUT /d1/61/AUTH_ce18edd7d4214c89bce7bbc869acf587/gnocchi.7e541390-44c5-498d-a9d5-ec79f806b4c3/none_v3" 201 - "PUT http://172.18.0.2:8080/d1/1013/AUTH_ce18edd7d4214c89bce7bbc869acf587/gnocchi.7e541390-44c5-498d-a9d5-ec79f806b4c3/none_v3" "tx9e2186137f854edfbbd03-0068dffe1e" "object-server 22" 0.0004 "-" 23 0
Oct 3 16:47:26 standalone object-server[130063]: 172.20.0.100 - - [03/Oct/2025:16:47:26 +0000] "PUT /d1/1013/AUTH_ce18edd7d4214c89bce7bbc869acf587/gnocchi.7e541390-44c5-498d-a9d5-ec79f806b4c3/none_v3" 201 - "PUT http://172.18.0.2:8080/v1/AUTH_ce18edd7d4214c89bce7bbc869acf587/gnocchi.7e541390-44c5-498d-a9d5-ec79f806b4c3/none_v3" "tx9e2186137f854edfbbd03-0068dffe1e" "proxy-server 20" 0.0100 "-" 22 0
Oct 3 16:47:26 standalone proxy-server[132077]: 172.18.0.2 172.18.0.100 03/Oct/2025/16/47/26 PUT /v1/AUTH_ce18edd7d4214c89bce7bbc869acf587/gnocchi.7e541390-44c5-498d-a9d5-ec79f806b4c3/none_v3 HTTP/1.0 201 - python-swiftclient-3.11.1 gAAAAABo3_1uBlzC... 22 - - tx9e2186137f854edfbbd03-0068dffe1e - 0.0148 - - 1759510046.600206137 1759510046.615028143 0
Oct 3 16:47:26 standalone container-server[129876]: 172.20.0.100 - - [03/Oct/2025:16:47:26 +0000] "PUT /d1/838/AUTH_ce18edd7d4214c89bce7bbc869acf587/gnocchi.9f5db2c0-e66d-4b56-9a80-309e5c2b72c3/none_v3" 201 - "PUT http://172.18.0.2:8080/d1/307/AUTH_ce18edd7d4214c89bce7bbc869acf587/gnocchi.9f5db2c0-e66d-4b56-9a80-309e5c2b72c3/none_v3" "tx81e93231fbbf49e0ae86c-0068dffe1e" "object-server 21" 0.0003 "-" 23 0
Oct 3 16:47:26 standalone object-server[130058]: 172.20.0.100 - - [03/Oct/2025:16:47:26 +0000] "PUT /d1/307/AUTH_ce18edd7d4214c89bce7bbc869acf587/gnocchi.9f5db2c0-e66d-4b56-9a80-309e5c2b72c3/none_v3" 201 - "PUT http://172.18.0.2:8080/v1/AUTH_ce18edd7d4214c89bce7bbc869acf587/gnocchi.9f5db2c0-e66d-4b56-9a80-309e5c2b72c3/none_v3" "tx81e93231fbbf49e0ae86c-0068dffe1e" "proxy-server 20" 0.0084 "-" 21 0
Oct 3 16:47:26 standalone proxy-server[132077]: 172.18.0.2 172.18.0.100 03/Oct/2025/16/47/26 PUT /v1/AUTH_ce18edd7d4214c89bce7bbc869acf587/gnocchi.9f5db2c0-e66d-4b56-9a80-309e5c2b72c3/none_v3 HTTP/1.0 201 - python-swiftclient-3.11.1 gAAAAABo3_1uBlzC... 22 - - tx81e93231fbbf49e0ae86c-0068dffe1e - 0.0133 - - 1759510046.618372202 1759510046.631696224 0
Oct 3 16:47:26 standalone container-server[129844]: 172.20.0.100 - - [03/Oct/2025:16:47:26 +0000] "HEAD /d1/264/AUTH_ce18edd7d4214c89bce7bbc869acf587/gnocchi.a9cda197-21d5-4d87-b744-bfd350d4a7a3" 404 - "HEAD http://172.18.0.2:8080/v1/AUTH_ce18edd7d4214c89bce7bbc869acf587/gnocchi.a9cda197-21d5-4d87-b744-bfd350d4a7a3?format=json&states=listing" "tx77a3e3402ed848349855b-0068dffe1e" "proxy-server 20" 0.0009 "-" 21 0
Oct 3 16:47:26 standalone object-server[130063]: 172.20.0.100 - - [03/Oct/2025:16:47:26 +0000] "GET /d1/357/AUTH_ce18edd7d4214c89bce7bbc869acf587/gnocchi.a9cda197-21d5-4d87-b744-bfd350d4a7a3/none_v3" 404 70 "GET http://172.18.0.2:8080/v1/AUTH_ce18edd7d4214c89bce7bbc869acf587/gnocchi.a9cda197-21d5-4d87-b744-bfd350d4a7a3/none_v3" "tx77a3e3402ed848349855b-0068dffe1e" "proxy-server 20" 0.0005 "-" 22 0
Oct 3 16:47:26 standalone proxy-server[132077]: 172.18.0.2 172.18.0.100 03/Oct/2025/16/47/26 GET /v1/AUTH_ce18edd7d4214c89bce7bbc869acf587/gnocchi.a9cda197-21d5-4d87-b744-bfd350d4a7a3/none_v3 HTTP/1.0 404 - python-swiftclient-3.11.1 gAAAAABo3_1uBlzC... - 70 - tx77a3e3402ed848349855b-0068dffe1e - 0.0148 - - 1759510046.645041466 1759510046.659877300 0
