Oct 3 16:32:26 standalone account-server[129436]: Starting 2
Oct 3 16:32:26 standalone account-server[129572]: Started child 20 from parent 2
Oct 3 16:32:26 standalone account-server[129572]: Started child 21 from parent 2
Oct 3 16:32:26 standalone account-server[129572]: Started child 22 from parent 2
Oct 3 16:32:26 standalone account-server[129572]: Started child 23 from parent 2
Oct 3 16:32:26 standalone container-server[129593]: Option allow_versions is deprecated. Configure the versioned_writes middleware in the proxy-server instead. This option will be ignored in a future release.
Oct 3 16:32:27 standalone container-server[129842]: Option allow_versions is deprecated. Configure the versioned_writes middleware in the proxy-server instead. This option will be ignored in a future release.
Oct 3 16:32:27 standalone container-server[129593]: Started child 20 from parent 2
Oct 3 16:32:27 standalone container-server[129844]: Option allow_versions is deprecated. Configure the versioned_writes middleware in the proxy-server instead. This option will be ignored in a future release.
Oct 3 16:32:27 standalone container-server[129593]: Started child 21 from parent 2
Oct 3 16:32:27 standalone container-server[129872]: Option allow_versions is deprecated. Configure the versioned_writes middleware in the proxy-server instead. This option will be ignored in a future release.
Oct 3 16:32:27 standalone container-server[129593]: Started child 22 from parent 2
Oct 3 16:32:27 standalone container-server[129626]: Starting 2
Oct 3 16:32:27 standalone container-server[129876]: Option allow_versions is deprecated. Configure the versioned_writes middleware in the proxy-server instead. This option will be ignored in a future release.
Oct 3 16:32:27 standalone container-server[129593]: Started child 23 from parent 2
Oct 3 16:32:27 standalone object-expirer[129806]: Starting 2
Oct 3 16:32:27 standalone object-expirer[129806]: Option auto_create_account_prefix is deprecated. Configure auto_create_account_prefix under the swift-constraints section of swift.conf. This option will be ignored in a future release.
Oct 3 16:32:27 standalone object-server[129983]: Starting 2
Oct 3 16:32:27 standalone object-server[129955]: Started child 21 from parent 2
Oct 3 16:32:27 standalone object-server[129955]: Started child 22 from parent 2
Oct 3 16:32:27 standalone object-server[129955]: Started child 23 from parent 2
Oct 3 16:32:27 standalone object-server[129955]: Started child 24 from parent 2
Oct 3 16:32:35 standalone proxy-server[131771]: Starting Keystone auth_token middleware
Oct 3 16:32:35 standalone proxy-server[131771]: AuthToken middleware is set with keystone_authtoken.service_token_roles_required set to False. This is backwards compatible but deprecated behaviour. Please set this to True.
Oct 3 16:32:35 standalone proxy-server[132077]: Starting Keystone auth_token middleware
Oct 3 16:32:35 standalone proxy-server[132077]: STDERR: The option "bind_port" is not known to keystonemiddleware
Oct 3 16:32:35 standalone proxy-server[132077]: STDERR: The option "workers" is not known to keystonemiddleware
Oct 3 16:32:35 standalone proxy-server[132077]: STDERR: The option "user" is not known to keystonemiddleware
Oct 3 16:32:35 standalone proxy-server[132077]: STDERR: The option "bind_ip" is not known to keystonemiddleware
Oct 3 16:32:35 standalone proxy-server[132077]: STDERR: The option "log_name" is not known to keystonemiddleware
Oct 3 16:32:35 standalone proxy-server[132077]: STDERR: The option "log_facility" is not known to keystonemiddleware
Oct 3 16:32:35 standalone proxy-server[132077]: STDERR: The option "log_level" is not known to keystonemiddleware
Oct 3 16:32:35 standalone proxy-server[132077]: STDERR: The option "log_headers" is not known to keystonemiddleware
Oct 3 16:32:35 standalone proxy-server[132077]: STDERR: The option "log_address" is not known to keystonemiddleware
Oct 3 16:32:35 standalone proxy-server[132077]: STDERR: The option "project_name" is not known to keystonemiddleware
Oct 3 16:32:35 standalone proxy-server[132077]: STDERR: The option "username" is not known to keystonemiddleware
Oct 3 16:32:35 standalone proxy-server[132077]: STDERR: The option "password" is not known to keystonemiddleware
Oct 3 16:32:35 standalone proxy-server[132077]: STDERR: The option "auth_url" is not known to keystonemiddleware
Oct 3 16:32:35 standalone proxy-server[132077]: STDERR: The option "signing_dir" is not known to keystonemiddleware
Oct 3 16:32:35 standalone proxy-server[132077]: STDERR: The option "project_domain_id" is not known to keystonemiddleware
Oct 3 16:32:35 standalone proxy-server[132077]: STDERR: The option "user_domain_id" is not known to keystonemiddleware
Oct 3 16:32:35 standalone proxy-server[132077]: STDERR: The option "__name__" is not known to keystonemiddleware
Oct 3 16:32:35 standalone proxy-server[132077]: AuthToken middleware is set with keystone_authtoken.service_token_roles_required set to False. This is backwards compatible but deprecated behaviour. Please set this to True.
Oct 3 16:32:35 standalone proxy-server[131771]: Started child 20 from parent 2
Oct 3 16:34:00 standalone object-server[129983]: Begin object update sweep
Oct 3 16:34:00 standalone object-server[141949]: Object update sweep starting on /srv/node/d1 (pid: 11)
Oct 3 16:34:00 standalone object-server[141949]: Object update sweep completed on /srv/node/d1 in 0.00s seconds:, 0 successes, 0 failures, 0 quarantines, 0 unlinks, 0 errors, 0 redirects (pid: 11)
Oct 3 16:34:00 standalone object-server[141949]: Object update sweep of d1 completed: 0.00s, 0 successes, 0 failures, 0 quarantines, 0 unlinks, 0 errors, 0 redirects
Oct 3 16:34:00 standalone object-server[129983]: Object update sweep completed: 0.08s
Oct 3 16:35:25 standalone account-server[129821]: 172.20.0.100 - - [03/Oct/2025:16:35:25 +0000] "HEAD /d1/218/.expiring_objects" 404 - "HEAD http://localhost/v1/.expiring_objects?format=json" "txd9c286496af744969b64d-0068dffb4d" "proxy-server 2" 0.0015 "-" 21 -
Oct 3 16:35:25 standalone object-expirer[129806]: Pass completed in 0s; 0 objects expired (txn: txd9c286496af744969b64d-0068dffb4d)
Oct 3 16:35:37 standalone container-server[129626]: Begin container update sweep
Oct 3 16:35:37 standalone container-server[129626]: Container update sweep completed: 0.00s
Oct 3 16:38:29 standalone account-server[129826]: 172.20.0.100 - - [03/Oct/2025:16:38:29 +0000] "HEAD /d1/218/.expiring_objects" 404 - "HEAD http://localhost/v1/.expiring_objects?format=json" "tx5e48b11a988148c88a82e-0068dffc05" "proxy-server 2" 0.0010 "-" 23 -
Oct 3 16:38:29 standalone object-expirer[129806]: Pass completed in 0s; 0 objects expired (txn: tx5e48b11a988148c88a82e-0068dffc05)
Oct 3 16:39:00 standalone object-server[129983]: Begin object update sweep
Oct 3 16:39:00 standalone object-server[178880]: Object update sweep starting on /srv/node/d1 (pid: 13)
Oct 3 16:39:00 standalone object-server[178880]: Object update sweep completed on /srv/node/d1 in 0.00s seconds:, 0 successes, 0 failures, 0 quarantines, 0 unlinks, 0 errors, 0 redirects (pid: 13)
Oct 3 16:39:00 standalone object-server[178880]: Object update sweep of d1 completed: 0.00s, 0 successes, 0 failures, 0 quarantines, 0 unlinks, 0 errors, 0 redirects
Oct 3 16:39:00 standalone object-server[129983]: Object update sweep completed: 0.09s
Oct 3 16:40:32 standalone account-server[129826]: 172.20.0.100 - - [03/Oct/2025:16:40:32 +0000] "HEAD /d1/218/.expiring_objects" 404 - "HEAD http://localhost/v1/.expiring_objects?format=json" "tx7700bc53b86a41b0b7696-0068dffc80" "proxy-server 2" 0.0005 "-" 23 -
Oct 3 16:40:32 standalone object-expirer[129806]: Pass completed in 0s; 0 objects expired (txn: tx7700bc53b86a41b0b7696-0068dffc80)
Oct 3 16:40:37 standalone container-server[129626]: Begin container update sweep
Oct 3 16:40:37 standalone container-server[129626]: Container update sweep completed: 0.00s
Oct 3 16:42:23 standalone account-server[129803]: 172.20.0.100 - - [03/Oct/2025:16:42:23 +0000] "HEAD /d1/218/.expiring_objects" 404 - "HEAD http://localhost/v1/.expiring_objects?format=json" "tx33216e18dbb74f83a3182-0068dffcef" "proxy-server 2" 0.0017 "-" 20 -
Oct 3 16:42:23 standalone object-expirer[129806]: Pass completed in 0s; 0 objects expired (txn: tx33216e18dbb74f83a3182-0068dffcef)
Oct 3 16:44:00 standalone object-server[129983]: Begin object update sweep
Oct 3 16:44:00 standalone object-server[218598]: Object update sweep starting on /srv/node/d1 (pid: 14)
Oct 3 16:44:00 standalone object-server[218598]: Object update sweep completed on /srv/node/d1 in 0.00s seconds:, 0 successes, 0 failures, 0 quarantines, 0 unlinks, 0 errors, 0 redirects (pid: 14)
Oct 3 16:44:00 standalone object-server[218598]: Object update sweep of d1 completed: 0.00s, 0 successes, 0 failures, 0 quarantines, 0 unlinks, 0 errors, 0 redirects
Oct 3 16:44:00 standalone object-server[129983]: Object update sweep completed: 0.07s
Oct 3 16:44:30 standalone account-server[129826]: 172.20.0.100 - - [03/Oct/2025:16:44:30 +0000] "HEAD /d1/335/AUTH_ce18edd7d4214c89bce7bbc869acf587" 404 - "HEAD http://172.18.0.2:8080/v1/AUTH_ce18edd7d4214c89bce7bbc869acf587?format=json" "txa1894d15a4a14cabbeb52-0068dffd6e" "proxy-server 20" 0.0008 "-" 23 -
Oct 3 16:44:30 standalone proxy-server[132077]: - - 03/Oct/2025/16/44/30 HEAD /v1/AUTH_ce18edd7d4214c89bce7bbc869acf587%3Fformat%3Djson HTTP/1.0 200 - Swift - - - - txa1894d15a4a14cabbeb52-0068dffd6e - 0.0082 RL - 1759509870.117803574 1759509870.126011610 -
Oct 3 16:44:30 standalone object-server[130063]: 172.20.0.100 - - [03/Oct/2025:16:44:30 +0000] "GET /d1/208/AUTH_ce18edd7d4214c89bce7bbc869acf587/gnocchi.7768b1d7-59b4-41d7-9524-34e67e6e41c4/none_v3" 404 70 "GET http://172.18.0.2:8080/v1/AUTH_ce18edd7d4214c89bce7bbc869acf587/gnocchi.7768b1d7-59b4-41d7-9524-34e67e6e41c4/none_v3" "txa1894d15a4a14cabbeb52-0068dffd6e" "proxy-server 20" 0.0011 "-" 22 0
Oct 3 16:44:30 standalone proxy-server[132077]: 172.18.0.2 172.18.0.100 03/Oct/2025/16/44/30 GET /v1/AUTH_ce18edd7d4214c89bce7bbc869acf587/gnocchi.7768b1d7-59b4-41d7-9524-34e67e6e41c4/none_v3 HTTP/1.0 404 - python-swiftclient-3.11.1 gAAAAABo3_1uBlzC... - 70 - txa1894d15a4a14cabbeb52-0068dffd6e - 0.3958 - - 1759509870.112878561 1759509870.508662701 0
Oct 3 16:44:30 standalone account-server[129824]: 172.20.0.100 - - [03/Oct/2025:16:44:30 +0000] "PUT /d1/335/AUTH_ce18edd7d4214c89bce7bbc869acf587" 201 - "-" "tx6895e9a844cf47f680108-0068dffd6e" "-" 0.0192 "-" 22 -
Oct 3 16:44:30 standalone proxy-server[132077]: autocreate account '/AUTH_ce18edd7d4214c89bce7bbc869acf587' (txn: tx6895e9a844cf47f680108-0068dffd6e)
Oct 3 16:44:30 standalone account-server[129826]: 172.20.0.100 - - [03/Oct/2025:16:44:30 +0000] "HEAD /d1/335/AUTH_ce18edd7d4214c89bce7bbc869acf587" 204 - "HEAD http://172.18.0.2:8080/v1/AUTH_ce18edd7d4214c89bce7bbc869acf587?format=json" "tx6895e9a844cf47f680108-0068dffd6e" "proxy-server 20" 0.0021 "-" 23 -
Oct 3 16:44:30 standalone account-server[129821]: 172.20.0.100 - - [03/Oct/2025:16:44:30 +0000] "PUT /d1/335/AUTH_ce18edd7d4214c89bce7bbc869acf587/gnocchi.7768b1d7-59b4-41d7-9524-34e67e6e41c4" 201 - "PUT http://172.20.0.100:6001/d1/869/AUTH_ce18edd7d4214c89bce7bbc869acf587/gnocchi.7768b1d7-59b4-41d7-9524-34e67e6e41c4" "tx6895e9a844cf47f680108-0068dffd6e" "container-server 22" 0.0015 "-" 21 0
Oct 3 16:44:30 standalone container-server[129872]: 172.20.0.100 - - [03/Oct/2025:16:44:30 +0000] "PUT /d1/869/AUTH_ce18edd7d4214c89bce7bbc869acf587/gnocchi.7768b1d7-59b4-41d7-9524-34e67e6e41c4" 201 - "PUT http://172.18.0.2:8080/v1/AUTH_ce18edd7d4214c89bce7bbc869acf587/gnocchi.7768b1d7-59b4-41d7-9524-34e67e6e41c4" "tx6895e9a844cf47f680108-0068dffd6e" "proxy-server 20" 0.0168 "-" 22 0
Oct 3 16:44:30 standalone proxy-server[132077]: 172.18.0.2 172.18.0.100 03/Oct/2025/16/44/30 PUT /v1/AUTH_ce18edd7d4214c89bce7bbc869acf587/gnocchi.7768b1d7-59b4-41d7-9524-34e67e6e41c4 HTTP/1.0 201 - python-swiftclient-3.11.1 gAAAAABo3_1uBlzC... - - - tx6895e9a844cf47f680108-0068dffd6e - 0.0526 - - 1759509870.511957169 1759509870.564536095 0
Oct 3 16:44:30 standalone container-server[129844]: 172.20.0.100 - - [03/Oct/2025:16:44:30 +0000] "HEAD /d1/869/AUTH_ce18edd7d4214c89bce7bbc869acf587/gnocchi.7768b1d7-59b4-41d7-9524-34e67e6e41c4" 204 - "HEAD http://172.18.0.2:8080/v1/AUTH_ce18edd7d4214c89bce7bbc869acf587/gnocchi.7768b1d7-59b4-41d7-9524-34e67e6e41c4?format=json&states=listing" "txd3e00b3eb1004a68a728c-0068dffd6e" "proxy-server 20" 0.0045 "-" 21 0
Oct 3 16:44:30 standalone proxy-server[132077]: - - 03/Oct/2025/16/44/30 HEAD /v1/AUTH_ce18edd7d4214c89bce7bbc869acf587/gnocchi.7768b1d7-59b4-41d7-9524-34e67e6e41c4%3Fformat%3Djson%26states%3Dlisting HTTP/1.0 204 - Swift - - - - txd3e00b3eb1004a68a728c-0068dffd6e - 0.0092 RL - 1759509870.568960905 1759509870.578202963 0
Oct 3 16:44:30 standalone container-server[129844]: 172.20.0.100 - - [03/Oct/2025:16:44:30 +0000] "GET /d1/869/AUTH_ce18edd7d4214c89bce7bbc869acf587/gnocchi.7768b1d7-59b4-41d7-9524-34e67e6e41c4" 200 2 "GET http://172.18.0.2:8080/v1/AUTH_ce18edd7d4214c89bce7bbc869acf587/gnocchi.7768b1d7-59b4-41d7-9524-34e67e6e41c4?format=json&states=listing" "txd3e00b3eb1004a68a728c-0068dffd6e" "proxy-server 20" 0.0040 "-" 21 0
Oct 3 16:44:30 standalone proxy-server[132077]: 172.18.0.2 172.18.0.100 03/Oct/2025/16/44/30 GET /v1/AUTH_ce18edd7d4214c89bce7bbc869acf587/gnocchi.7768b1d7-59b4-41d7-9524-34e67e6e41c4%3Fformat%3Djson%26states%3Dlisting HTTP/1.0 200 - python-swiftclient-3.11.1 gAAAAABo3_1uBlzC... - 2 - txd3e00b3eb1004a68a728c-0068dffd6e - 0.0216 - - 1759509870.567660093 1759509870.589298248 0
Oct 3 16:44:30 standalone object-server[130058]: 172.20.0.100 - - [03/Oct/2025:16:44:30 +0000] "GET /d1/717/AUTH_ce18edd7d4214c89bce7bbc869acf587/gnocchi.7768b1d7-59b4-41d7-9524-34e67e6e41c4/1759320000.0_mean_300.0_v3" 404 70 "GET http://172.18.0.2:8080/v1/AUTH_ce18edd7d4214c89bce7bbc869acf587/gnocchi.7768b1d7-59b4-41d7-9524-34e67e6e41c4/1759320000.0_mean_300.0_v3" "tx32eaeaa2b65041238601c-0068dffd6e" "proxy-server 20" 0.0008 "-" 21 0
Oct 3 16:44:30 standalone proxy-server[132077]: 172.18.0.2 172.18.0.100 03/Oct/2025/16/44/30 GET /v1/AUTH_ce18edd7d4214c89bce7bbc869acf587/gnocchi.7768b1d7-59b4-41d7-9524-34e67e6e41c4/1759320000.0_mean_300.0_v3 HTTP/1.0 404 - python-swiftclient-3.11.1 gAAAAABo3_1uBlzC... - 70 - tx32eaeaa2b65041238601c-0068dffd6e - 0.0068 - - 1759509870.593122244 1759509870.599933863 0
Oct 3 16:44:30 standalone container-server[129842]: 172.20.0.100 - - [03/Oct/2025:16:44:30 +0000] "PUT /d1/869/AUTH_ce18edd7d4214c89bce7bbc869acf587/gnocchi.7768b1d7-59b4-41d7-9524-34e67e6e41c4/1759320000.0_mean_300.0_v3" 201 - "PUT http://172.18.0.2:8080/d1/717/AUTH_ce18edd7d4214c89bce7bbc869acf587/gnocchi.7768b1d7-59b4-41d7-9524-34e67e6e41c4/1759320000.0_mean_300.0_v3" "txa3733a701de244b0baa3e-0068dffd6e" "object-server 21" 0.0014 "-" 20 0
Oct 3 16:44:30 standalone object-server[130058]: 172.20.0.100 - - [03/Oct/2025:16:44:30 +0000] "PUT /d1/717/AUTH_ce18edd7d4214c89bce7bbc869acf587/gnocchi.7768b1d7-59b4-41d7-9524-34e67e6e41c4/1759320000.0_mean_300.0_v3" 201 - "PUT http://172.18.0.2:8080/v1/AUTH_ce18edd7d4214c89bce7bbc869acf587/gnocchi.7768b1d7-59b4-41d7-9524-34e67e6e41c4/1759320000.0_mean_300.0_v3" "txa3733a701de244b0baa3e-0068dffd6e" "proxy-server 20" 0.0309 "-" 21 0
Oct 3 16:44:30 standalone proxy-server[132077]: 172.18.0.2 172.18.0.100 03/Oct/2025/16/44/30 PUT /v1/AUTH_ce18edd7d4214c89bce7bbc869acf587/gnocchi.7768b1d7-59b4-41d7-9524-34e67e6e41c4/1759320000.0_mean_300.0_v3 HTTP/1.0 201 - python-swiftclient-3.11.1 gAAAAABo3_1uBlzC... 16 - - txa3733a701de244b0baa3e-0068dffd6e - 0.0374 - - 1759509870.602241039 1759509870.639658928 0
Oct 3 16:44:30 standalone container-server[129876]: 172.20.0.100 - - [03/Oct/2025:16:44:30 +0000] "PUT /d1/869/AUTH_ce18edd7d4214c89bce7bbc869acf587/gnocchi.7768b1d7-59b4-41d7-9524-34e67e6e41c4/none_v3" 201 - "PUT http://172.18.0.2:8080/d1/208/AUTH_ce18edd7d4214c89bce7bbc869acf587/gnocchi.7768b1d7-59b4-41d7-9524-34e67e6e41c4/none_v3" "tx497931f0008c4372bb21c-0068dffd6e" "object-server 22" 0.0009 "-" 23 0
Oct 3 16:44:30 standalone object-server[130063]: 172.20.0.100 - - [03/Oct/2025:16:44:30 +0000] "PUT /d1/208/AUTH_ce18edd7d4214c89bce7bbc869acf587/gnocchi.7768b1d7-59b4-41d7-9524-34e67e6e41c4/none_v3" 201 - "PUT http://172.18.0.2:8080/v1/AUTH_ce18edd7d4214c89bce7bbc869acf587/gnocchi.7768b1d7-59b4-41d7-9524-34e67e6e41c4/none_v3" "tx497931f0008c4372bb21c-0068dffd6e" "proxy-server 20" 0.0269 "-" 22 0
Oct 3 16:44:30 standalone proxy-server[132077]: 172.18.0.2 172.18.0.100 03/Oct/2025/16/44/30 PUT /v1/AUTH_ce18edd7d4214c89bce7bbc869acf587/gnocchi.7768b1d7-59b4-41d7-9524-34e67e6e41c4/none_v3 HTTP/1.0 201 - python-swiftclient-3.11.1 gAAAAABo3_1uBlzC... 22 - - tx497931f0008c4372bb21c-0068dffd6e - 0.0326 - - 1759509870.642383099 1759509870.674943209 0
Oct 3 16:44:59 standalone object-server[130063]: 172.20.0.100 - - [03/Oct/2025:16:44:59 +0000] "GET /d1/208/AUTH_ce18edd7d4214c89bce7bbc869acf587/gnocchi.7768b1d7-59b4-41d7-9524-34e67e6e41c4/none_v3" 200 22 "GET http://172.18.0.2:8080/v1/AUTH_ce18edd7d4214c89bce7bbc869acf587/gnocchi.7768b1d7-59b4-41d7-9524-34e67e6e41c4/none_v3" "tx396f54dbc1764083bf4eb-0068dffd8b" "proxy-server 20" 0.0010 "-" 22 0
Oct 3 16:44:59 standalone proxy-server[132077]: 172.18.0.2 172.18.0.100 03/Oct/2025/16/44/59 GET /v1/AUTH_ce18edd7d4214c89bce7bbc869acf587/gnocchi.7768b1d7-59b4-41d7-9524-34e67e6e41c4/none_v3 HTTP/1.0 200 - python-swiftclient-3.11.1 gAAAAABo3_1uBlzC... - 22 - tx396f54dbc1764083bf4eb-0068dffd8b - 0.0111 - - 1759509899.822271585 1759509899.833383322 0
Oct 3 16:44:59 standalone container-server[129876]: 172.20.0.100 - - [03/Oct/2025:16:44:59 +0000] "GET /d1/869/AUTH_ce18edd7d4214c89bce7bbc869acf587/gnocchi.7768b1d7-59b4-41d7-9524-34e67e6e41c4" 200 357 "GET http://172.18.0.2:8080/v1/AUTH_ce18edd7d4214c89bce7bbc869acf587/gnocchi.7768b1d7-59b4-41d7-9524-34e67e6e41c4?format=json&states=listing" "tx69bb4b741d8c4543a2c14-0068dffd8b" "proxy-server 20" 0.0120 "-" 23 0
Oct 3 16:44:59 standalone proxy-server[132077]: 172.18.0.2 172.18.0.100 03/Oct/2025/16/44/59 GET /v1/AUTH_ce18edd7d4214c89bce7bbc869acf587/gnocchi.7768b1d7-59b4-41d7-9524-34e67e6e41c4%3Fformat%3Djson%26states%3Dlisting HTTP/1.0 200 - python-swiftclient-3.11.1 gAAAAABo3_1uBlzC... - 357 - tx69bb4b741d8c4543a2c14-0068dffd8b - 0.0209 - - 1759509899.841752052 1759509899.862630129 0
Oct 3 16:44:59 standalone container-server[129844]: 172.20.0.100 - - [03/Oct/2025:16:44:59 +0000] "GET /d1/869/AUTH_ce18edd7d4214c89bce7bbc869acf587/gnocchi.7768b1d7-59b4-41d7-9524-34e67e6e41c4" 200 2 "GET http://172.18.0.2:8080/v1/AUTH_ce18edd7d4214c89bce7bbc869acf587/gnocchi.7768b1d7-59b4-41d7-9524-34e67e6e41c4?format=json&marker=none_v3&states=listing" "tx942adf25f7e1443aaad71-0068dffd8b" "proxy-server 20" 0.0023 "-" 21 0
Oct 3 16:44:59 standalone proxy-server[132077]: 172.18.0.2 172.18.0.100 03/Oct/2025/16/44/59 GET /v1/AUTH_ce18edd7d4214c89bce7bbc869acf587/gnocchi.7768b1d7-59b4-41d7-9524-34e67e6e41c4%3Fformat%3Djson%26marker%3Dnone_v3%26states%3Dlisting HTTP/1.0 200 - python-swiftclient-3.11.1 gAAAAABo3_1uBlzC... - 2 - tx942adf25f7e1443aaad71-0068dffd8b - 0.0112 - - 1759509899.865761995 1759509899.876964092 0
Oct 3 16:44:59 standalone object-server[130064]: 172.20.0.100 - - [03/Oct/2025:16:44:59 +0000] "GET /d1/717/AUTH_ce18edd7d4214c89bce7bbc869acf587/gnocchi.7768b1d7-59b4-41d7-9524-34e67e6e41c4/1759320000.0_mean_300.0_v3" 200 16 "GET http://172.18.0.2:8080/v1/AUTH_ce18edd7d4214c89bce7bbc869acf587/gnocchi.7768b1d7-59b4-41d7-9524-34e67e6e41c4/1759320000.0_mean_300.0_v3" "tx518ce542ea95412ab0be2-0068dffd8b" "proxy-server 20" 0.0020 "-" 23 0
Oct 3 16:44:59 standalone proxy-server[132077]: 172.18.0.2 172.18.0.100 03/Oct/2025/16/44/59 GET /v1/AUTH_ce18edd7d4214c89bce7bbc869acf587/gnocchi.7768b1d7-59b4-41d7-9524-34e67e6e41c4/1759320000.0_mean_300.0_v3 HTTP/1.0 200 - python-swiftclient-3.11.1 gAAAAABo3_1uBlzC... - 16 - tx518ce542ea95412ab0be2-0068dffd8b - 0.0189 - - 1759509899.881048203 1759509899.899995089 0
Oct 3 16:44:59 standalone container-server[129876]: 172.20.0.100 - - [03/Oct/2025:16:44:59 +0000] "PUT /d1/869/AUTH_ce18edd7d4214c89bce7bbc869acf587/gnocchi.7768b1d7-59b4-41d7-9524-34e67e6e41c4/1759320000.0_mean_300.0_v3" 201 - "PUT http://172.18.0.2:8080/d1/717/AUTH_ce18edd7d4214c89bce7bbc869acf587/gnocchi.7768b1d7-59b4-41d7-9524-34e67e6e41c4/1759320000.0_mean_300.0_v3" "txc2473d324b2346e986db2-0068dffd8b" "object-server 22" 0.0006 "-" 23 0
Oct 3 16:44:59 standalone object-server[130063]: 172.20.0.100 - - [03/Oct/2025:16:44:59 +0000] "PUT /d1/717/AUTH_ce18edd7d4214c89bce7bbc869acf587/gnocchi.7768b1d7-59b4-41d7-9524-34e67e6e41c4/1759320000.0_mean_300.0_v3" 201 - "PUT http://172.18.0.2:8080/v1/AUTH_ce18edd7d4214c89bce7bbc869acf587/gnocchi.7768b1d7-59b4-41d7-9524-34e67e6e41c4/1759320000.0_mean_300.0_v3" "txc2473d324b2346e986db2-0068dffd8b" "proxy-server 20" 0.0125 "-" 22 0
Oct 3 16:44:59 standalone proxy-server[132077]: 172.18.0.2 172.18.0.100 03/Oct/2025/16/44/59 PUT /v1/AUTH_ce18edd7d4214c89bce7bbc869acf587/gnocchi.7768b1d7-59b4-41d7-9524-34e67e6e41c4/1759320000.0_mean_300.0_v3 HTTP/1.0 201 - python-swiftclient-3.11.1 gAAAAABo3_1uBlzC... 16 - - txc2473d324b2346e986db2-0068dffd8b - 0.0218 - - 1759509899.903916597 1759509899.925747871 0
Oct 3 16:44:59 standalone container-server[129876]: 172.20.0.100 - - [03/Oct/2025:16:44:59 +0000] "PUT /d1/869/AUTH_ce18edd7d4214c89bce7bbc869acf587/gnocchi.7768b1d7-59b4-41d7-9524-34e67e6e41c4/none_v3" 201 - "PUT http://172.18.0.2:8080/d1/208/AUTH_ce18edd7d4214c89bce7bbc869acf587/gnocchi.7768b1d7-59b4-41d7-9524-34e67e6e41c4/none_v3" "tx1e4a0a735302445481a7d-0068dffd8b" "object-server 23" 0.0007 "-" 23 0
Oct 3 16:44:59 standalone object-server[130064]: 172.20.0.100 - - [03/Oct/2025:16:44:59 +0000] "PUT /d1/208/AUTH_ce18edd7d4214c89bce7bbc869acf587/gnocchi.7768b1d7-59b4-41d7-9524-34e67e6e41c4/none_v3" 201 - "PUT http://172.18.0.2:8080/v1/AUTH_ce18edd7d4214c89bce7bbc869acf587/gnocchi.7768b1d7-59b4-41d7-9524-34e67e6e41c4/none_v3" "tx1e4a0a735302445481a7d-0068dffd8b" "proxy-server 20" 0.0212 "-" 23 0
Oct 3 16:44:59 standalone proxy-server[132077]: 172.18.0.2 172.18.0.100 03/Oct/2025/16/44/59 PUT /v1/AUTH_ce18edd7d4214c89bce7bbc869acf587/gnocchi.7768b1d7-59b4-41d7-9524-34e67e6e41c4/none_v3 HTTP/1.0 201 - python-swiftclient-3.11.1 gAAAAABo3_1uBlzC... 32 - - tx1e4a0a735302445481a7d-0068dffd8b - 0.0285 - - 1759509899.929295301 1759509899.957784891 0
Oct 3 16:45:10 standalone account-server[129824]: 172.20.0.100 - - [03/Oct/2025:16:45:10 +0000] "HEAD /d1/218/.expiring_objects" 404 - "HEAD http://localhost/v1/.expiring_objects?format=json" "tx503d5cdd4c6e4efa94c47-0068dffd96" "proxy-server 2" 0.0010 "-" 22 -
Oct 3 16:45:10 standalone object-expirer[129806]: Pass completed in 0s; 0 objects expired (txn: tx503d5cdd4c6e4efa94c47-0068dffd96)
Oct 3 16:45:17 standalone account-server[129826]: 172.20.0.100 - - [03/Oct/2025:16:45:17 +0000] "HEAD /d1/218/.expiring_objects" 404 - "HEAD http://localhost/v1/.expiring_objects?format=json" "tx4fd49badd1f44815b6710-0068dffd9d" "proxy-server 2" 0.0008 "-" 23 -
Oct 3 16:45:17 standalone object-expirer[129806]: Pass completed in 0s; 0 objects expired (txn: tx4fd49badd1f44815b6710-0068dffd9d)
Oct 3 16:45:29 standalone container-server[129844]: 172.20.0.100 - - [03/Oct/2025:16:45:29 +0000] "HEAD /d1/165/AUTH_ce18edd7d4214c89bce7bbc869acf587/gnocchi.c5cbd494-2fbe-4804-abc2-fea0d966f8eb" 404 - "HEAD http://172.18.0.2:8080/v1/AUTH_ce18edd7d4214c89bce7bbc869acf587/gnocchi.c5cbd494-2fbe-4804-abc2-fea0d966f8eb?format=json&states=listing" "tx54f57887601947a38ac3a-0068dffda9" "proxy-server 20" 0.0006 "-" 21 0
Oct 3 16:45:29 standalone object-server[130058]: 172.20.0.100 - - [03/Oct/2025:16:45:29 +0000] "GET /d1/358/AUTH_ce18edd7d4214c89bce7bbc869acf587/gnocchi.c5cbd494-2fbe-4804-abc2-fea0d966f8eb/none_v3" 404 70 "GET http://172.18.0.2:8080/v1/AUTH_ce18edd7d4214c89bce7bbc869acf587/gnocchi.c5cbd494-2fbe-4804-abc2-fea0d966f8eb/none_v3" "tx54f57887601947a38ac3a-0068dffda9" "proxy-server 20" 0.0009 "-" 21 0
Oct 3 16:45:29 standalone proxy-server[132077]: 172.18.0.2 172.18.0.100 03/Oct/2025/16/45/29 GET /v1/AUTH_ce18edd7d4214c89bce7bbc869acf587/gnocchi.c5cbd494-2fbe-4804-abc2-fea0d966f8eb/none_v3 HTTP/1.0 404 - python-swiftclient-3.11.1 gAAAAABo3_1uBlzC... - 70 - tx54f57887601947a38ac3a-0068dffda9 - 0.0107 - - 1759509929.901798248 1759509929.912495375 0
Oct 3 16:45:29 standalone account-server[129821]: 172.20.0.100 - - [03/Oct/2025:16:45:29 +0000] "PUT /d1/335/AUTH_ce18edd7d4214c89bce7bbc869acf587/gnocchi.c5cbd494-2fbe-4804-abc2-fea0d966f8eb" 201 - "PUT http://172.20.0.100:6001/d1/165/AUTH_ce18edd7d4214c89bce7bbc869acf587/gnocchi.c5cbd494-2fbe-4804-abc2-fea0d966f8eb" "tx2b63aac2f29e4814ad18a-0068dffda9" "container-server 23" 0.0120 "-" 21 0
Oct 3 16:45:29 standalone container-server[129876]: 172.20.0.100 - - [03/Oct/2025:16:45:29 +0000] "PUT /d1/165/AUTH_ce18edd7d4214c89bce7bbc869acf587/gnocchi.c5cbd494-2fbe-4804-abc2-fea0d966f8eb" 201 - "PUT http://172.18.0.2:8080/v1/AUTH_ce18edd7d4214c89bce7bbc869acf587/gnocchi.c5cbd494-2fbe-4804-abc2-fea0d966f8eb" "tx2b63aac2f29e4814ad18a-0068dffda9" "proxy-server 20" 0.0347 "-" 23 0
Oct 3 16:45:29 standalone proxy-server[132077]: 172.18.0.2 172.18.0.100 03/Oct/2025/16/45/29 PUT /v1/AUTH_ce18edd7d4214c89bce7bbc869acf587/gnocchi.c5cbd494-2fbe-4804-abc2-fea0d966f8eb HTTP/1.0 201 - python-swiftclient-3.11.1 gAAAAABo3_1uBlzC... - - - tx2b63aac2f29e4814ad18a-0068dffda9 - 0.0394 - - 1759509929.915346622 1759509929.954701662 0
Oct 3 16:45:29 standalone container-server[129872]: 172.20.0.100 - - [03/Oct/2025:16:45:29 +0000] "HEAD /d1/165/AUTH_ce18edd7d4214c89bce7bbc869acf587/gnocchi.c5cbd494-2fbe-4804-abc2-fea0d966f8eb" 204 - "HEAD http://172.18.0.2:8080/v1/AUTH_ce18edd7d4214c89bce7bbc869acf587/gnocchi.c5cbd494-2fbe-4804-abc2-fea0d966f8eb?format=json&states=listing" "tx14f212067f4c4488a733f-0068dffda9" "proxy-server 20" 0.0028 "-" 22 0
Oct 3 16:45:29 standalone proxy-server[132077]: - - 03/Oct/2025/16/45/29 HEAD /v1/AUTH_ce18edd7d4214c89bce7bbc869acf587/gnocchi.c5cbd494-2fbe-4804-abc2-fea0d966f8eb%3Fformat%3Djson%26states%3Dlisting HTTP/1.0 204 - Swift - - - - tx14f212067f4c4488a733f-0068dffda9 - 0.0069 RL - 1759509929.960697174 1759509929.967580318 0
Oct 3 16:45:29 standalone container-server[129876]: 172.20.0.100 - - [03/Oct/2025:16:45:29 +0000] "GET /d1/165/AUTH_ce18edd7d4214c89bce7bbc869acf587/gnocchi.c5cbd494-2fbe-4804-abc2-fea0d966f8eb" 200 2 "GET http://172.18.0.2:8080/v1/AUTH_ce18edd7d4214c89bce7bbc869acf587/gnocchi.c5cbd494-2fbe-4804-abc2-fea0d966f8eb?format=json&states=listing" "tx14f212067f4c4488a733f-0068dffda9" "proxy-server 20" 0.0019 "-" 23 0
Oct 3 16:45:29 standalone proxy-server[132077]: 172.18.0.2 172.18.0.100 03/Oct/2025/16/45/29 GET /v1/AUTH_ce18edd7d4214c89bce7bbc869acf587/gnocchi.c5cbd494-2fbe-4804-abc2-fea0d966f8eb%3Fformat%3Djson%26states%3Dlisting HTTP/1.0 200 - python-swiftclient-3.11.1 gAAAAABo3_1uBlzC... - 2 - tx14f212067f4c4488a733f-0068dffda9 - 0.0182 - - 1759509929.959381819 1759509929.977574587 0
Oct 3 16:45:29 standalone object-server[130063]: 172.20.0.100 - - [03/Oct/2025:16:45:29 +0000] "GET /d1/388/AUTH_ce18edd7d4214c89bce7bbc869acf587/gnocchi.c5cbd494-2fbe-4804-abc2-fea0d966f8eb/1759320000.0_mean_300.0_v3" 404 70 "GET http://172.18.0.2:8080/v1/AUTH_ce18edd7d4214c89bce7bbc869acf587/gnocchi.c5cbd494-2fbe-4804-abc2-fea0d966f8eb/1759320000.0_mean_300.0_v3" "txc6dc08a70870462d989e5-0068dffda9" "proxy-server 20" 0.0003 "-" 22 0
Oct 3 16:45:29 standalone proxy-server[132077]: 172.18.0.2 172.18.0.100 03/Oct/2025/16/45/29 GET /v1/AUTH_ce18edd7d4214c89bce7bbc869acf587/gnocchi.c5cbd494-2fbe-4804-abc2-fea0d966f8eb/1759320000.0_mean_300.0_v3 HTTP/1.0 404 - python-swiftclient-3.11.1 gAAAAABo3_1uBlzC... - 70 - txc6dc08a70870462d989e5-0068dffda9 - 0.0058 - - 1759509929.982422590 1759509929.988254070 0
Oct 3 16:45:30 standalone container-server[129844]: 172.20.0.100 - - [03/Oct/2025:16:45:30 +0000] "PUT /d1/165/AUTH_ce18edd7d4214c89bce7bbc869acf587/gnocchi.c5cbd494-2fbe-4804-abc2-fea0d966f8eb/1759320000.0_mean_300.0_v3" 201 - "PUT http://172.18.0.2:8080/d1/388/AUTH_ce18edd7d4214c89bce7bbc869acf587/gnocchi.c5cbd494-2fbe-4804-abc2-fea0d966f8eb/1759320000.0_mean_300.0_v3" "tx74893330e48246e98f2de-0068dffda9" "object-server 21" 0.0009 "-" 21 0
Oct 3 16:45:30 standalone object-server[130058]: 172.20.0.100 - - [03/Oct/2025:16:45:30 +0000] "PUT /d1/388/AUTH_ce18edd7d4214c89bce7bbc869acf587/gnocchi.c5cbd494-2fbe-4804-abc2-fea0d966f8eb/1759320000.0_mean_300.0_v3" 201 - "PUT http://172.18.0.2:8080/v1/AUTH_ce18edd7d4214c89bce7bbc869acf587/gnocchi.c5cbd494-2fbe-4804-abc2-fea0d966f8eb/1759320000.0_mean_300.0_v3" "tx74893330e48246e98f2de-0068dffda9" "proxy-server 20" 0.0231 "-" 21 0
Oct 3 16:45:30 standalone proxy-server[132077]: 172.18.0.2 172.18.0.100 03/Oct/2025/16/45/30 PUT /v1/AUTH_ce18edd7d4214c89bce7bbc869acf587/gnocchi.c5cbd494-2fbe-4804-abc2-fea0d966f8eb/1759320000.0_mean_300.0_v3 HTTP/1.0 201 - python-swiftclient-3.11.1 gAAAAABo3_1uBlzC... 16 - - tx74893330e48246e98f2de-0068dffda9 - 0.0351 - - 1759509929.991457462 1759509930.026516199 0
Oct 3 16:45:30 standalone container-server[129876]: 172.20.0.100 - - [03/Oct/2025:16:45:30 +0000] "PUT /d1/165/AUTH_ce18edd7d4214c89bce7bbc869acf587/gnocchi.c5cbd494-2fbe-4804-abc2-fea0d966f8eb/none_v3" 201 - "PUT http://172.18.0.2:8080/d1/358/AUTH_ce18edd7d4214c89bce7bbc869acf587/gnocchi.c5cbd494-2fbe-4804-abc2-fea0d966f8eb/none_v3" "txc671f244eddd4f68bd8ae-0068dffdaa" "object-server 24" 0.0005 "-" 23 0
Oct 3 16:45:30 standalone object-server[130066]: 172.20.0.100 - - [03/Oct/2025:16:45:30 +0000] "PUT /d1/358/AUTH_ce18edd7d4214c89bce7bbc869acf587/gnocchi.c5cbd494-2fbe-4804-abc2-fea0d966f8eb/none_v3" 201 - "PUT http://172.18.0.2:8080/v1/AUTH_ce18edd7d4214c89bce7bbc869acf587/gnocchi.c5cbd494-2fbe-4804-abc2-fea0d966f8eb/none_v3" "txc671f244eddd4f68bd8ae-0068dffdaa" "proxy-server 20" 0.0420 "-" 24 0
Oct 3 16:45:30 standalone proxy-server[132077]: 172.18.0.2 172.18.0.100 03/Oct/2025/16/45/30 PUT /v1/AUTH_ce18edd7d4214c89bce7bbc869acf587/gnocchi.c5cbd494-2fbe-4804-abc2-fea0d966f8eb/none_v3 HTTP/1.0 201 - python-swiftclient-3.11.1 gAAAAABo3_1uBlzC... 22 - - txc671f244eddd4f68bd8ae-0068dffdaa - 0.0519 - - 1759509930.029339075 1759509930.081214666 0
Oct 3 16:45:30 standalone container-server[129844]: 172.20.0.100 - - [03/Oct/2025:16:45:30 +0000] "HEAD /d1/709/AUTH_ce18edd7d4214c89bce7bbc869acf587/gnocchi.c9e26526-d57e-47aa-aecb-ec916f6d60b1" 404 - "HEAD http://172.18.0.2:8080/v1/AUTH_ce18edd7d4214c89bce7bbc869acf587/gnocchi.c9e26526-d57e-47aa-aecb-ec916f6d60b1?format=json&states=listing" "tx8c65cfb6dacd4aae9dd6f-0068dffdaa" "proxy-server 20" 0.0004 "-" 21 0
Oct 3 16:45:30 standalone object-server[130066]: 172.20.0.100 - - [03/Oct/2025:16:45:30 +0000] "GET /d1/560/AUTH_ce18edd7d4214c89bce7bbc869acf587/gnocchi.c9e26526-d57e-47aa-aecb-ec916f6d60b1/none_v3" 404 70 "GET http://172.18.0.2:8080/v1/AUTH_ce18edd7d4214c89bce7bbc869acf587/gnocchi.c9e26526-d57e-47aa-aecb-ec916f6d60b1/none_v3" "tx8c65cfb6dacd4aae9dd6f-0068dffdaa" "proxy-server 20" 0.0005 "-" 24 0
Oct 3 16:45:30 standalone proxy-server[132077]: 172.18.0.2 172.18.0.100 03/Oct/2025/16/45/30 GET /v1/AUTH_ce18edd7d4214c89bce7bbc869acf587/gnocchi.c9e26526-d57e-47aa-aecb-ec916f6d60b1/none_v3 HTTP/1.0 404 - python-swiftclient-3.11.1 gAAAAABo3_1uBlzC... - 70 - tx8c65cfb6dacd4aae9dd6f-0068dffdaa - 0.0136 - - 1759509930.136355877 1759509930.150002480 0
Oct 3 16:45:30 standalone account-server[129821]: 172.20.0.100 - - [03/Oct/2025:16:45:30 +0000] "PUT /d1/335/AUTH_ce18edd7d4214c89bce7bbc869acf587/gnocchi.c9e26526-d57e-47aa-aecb-ec916f6d60b1" 201 - "PUT http://172.20.0.100:6001/d1/709/AUTH_ce18edd7d4214c89bce7bbc869acf587/gnocchi.c9e26526-d57e-47aa-aecb-ec916f6d60b1" "tx6049fbb6cb90433d9a64d-0068dffdaa" "container-server 21" 0.0122 "-" 21 0
Oct 3 16:45:30 standalone container-server[129844]: 172.20.0.100 - - [03/Oct/2025:16:45:30 +0000] "PUT /d1/709/AUTH_ce18edd7d4214c89bce7bbc869acf587/gnocchi.c9e26526-d57e-47aa-aecb-ec916f6d60b1" 201 - "PUT http://172.18.0.2:8080/v1/AUTH_ce18edd7d4214c89bce7bbc869acf587/gnocchi.c9e26526-d57e-47aa-aecb-ec916f6d60b1" "tx6049fbb6cb90433d9a64d-0068dffdaa" "proxy-server 20" 0.0313 "-" 21 0
Oct 3 16:45:30 standalone proxy-server[132077]: 172.18.0.2 172.18.0.100 03/Oct/2025/16/45/30 PUT /v1/AUTH_ce18edd7d4214c89bce7bbc869acf587/gnocchi.c9e26526-d57e-47aa-aecb-ec916f6d60b1 HTTP/1.0 201 - python-swiftclient-3.11.1 gAAAAABo3_1uBlzC... - - - tx6049fbb6cb90433d9a64d-0068dffdaa - 0.0398 - - 1759509930.155823469 1759509930.195663452 0
Oct 3 16:45:30 standalone container-server[129872]: 172.20.0.100 - - [03/Oct/2025:16:45:30 +0000] "HEAD /d1/709/AUTH_ce18edd7d4214c89bce7bbc869acf587/gnocchi.c9e26526-d57e-47aa-aecb-ec916f6d60b1" 204 - "HEAD http://172.18.0.2:8080/v1/AUTH_ce18edd7d4214c89bce7bbc869acf587/gnocchi.c9e26526-d57e-47aa-aecb-ec916f6d60b1?format=json&states=listing" "txb19ba728ac4e45ab86ebb-0068dffdaa" "proxy-server 20" 0.0016 "-" 22 0
Oct 3 16:45:30 standalone proxy-server[132077]: - - 03/Oct/2025/16/45/30 HEAD /v1/AUTH_ce18edd7d4214c89bce7bbc869acf587/gnocchi.c9e26526-d57e-47aa-aecb-ec916f6d60b1%3Fformat%3Djson%26states%3Dlisting HTTP/1.0 204 - Swift - - - - txb19ba728ac4e45ab86ebb-0068dffdaa - 0.0075 RL - 1759509930.202386141 1759509930.209849358 0
Oct 3 16:45:30 standalone container-server[129872]: 172.20.0.100 - - [03/Oct/2025:16:45:30 +0000] "GET /d1/709/AUTH_ce18edd7d4214c89bce7bbc869acf587/gnocchi.c9e26526-d57e-47aa-aecb-ec916f6d60b1" 200 2 "GET http://172.18.0.2:8080/v1/AUTH_ce18edd7d4214c89bce7bbc869acf587/gnocchi.c9e26526-d57e-47aa-aecb-ec916f6d60b1?format=json&states=listing" "txb19ba728ac4e45ab86ebb-0068dffdaa" "proxy-server 20" 0.0026 "-" 22 0
Oct 3 16:45:30 standalone proxy-server[132077]: 172.18.0.2 172.18.0.100 03/Oct/2025/16/45/30 GET /v1/AUTH_ce18edd7d4214c89bce7bbc869acf587/gnocchi.c9e26526-d57e-47aa-aecb-ec916f6d60b1%3Fformat%3Djson%26states%3Dlisting HTTP/1.0 200 - python-swiftclient-3.11.1 gAAAAABo3_1uBlzC... - 2 - txb19ba728ac4e45ab86ebb-0068dffdaa - 0.0218 - - 1759509930.200046539 1759509930.221832991 0
Oct 3 16:45:30 standalone account-server[129826]: 172.20.0.100 - - [03/Oct/2025:16:45:30 +0000] "HEAD /d1/335/AUTH_ce18edd7d4214c89bce7bbc869acf587" 204 - "HEAD http://172.18.0.2:8080/v1/AUTH_ce18edd7d4214c89bce7bbc869acf587?format=json" "txbefa7ac760424e3492907-0068dffdaa" "proxy-server 20" 0.0126 "-" 23 -
Oct 3 16:45:30 standalone proxy-server[132077]: - - 03/Oct/2025/16/45/30 HEAD /v1/AUTH_ce18edd7d4214c89bce7bbc869acf587%3Fformat%3Djson HTTP/1.0 204 - Swift - - - - txbefa7ac760424e3492907-0068dffdaa - 0.0172 RL - 1759509930.227702618 1759509930.244854689 -
Oct 3 16:45:30 standalone object-server[130058]: 172.20.0.100 - - [03/Oct/2025:16:45:30 +0000] "GET /d1/653/AUTH_ce18edd7d4214c89bce7bbc869acf587/gnocchi.c9e26526-d57e-47aa-aecb-ec916f6d60b1/1759320000.0_mean_300.0_v3" 404 70 "GET http://172.18.0.2:8080/v1/AUTH_ce18edd7d4214c89bce7bbc869acf587/gnocchi.c9e26526-d57e-47aa-aecb-ec916f6d60b1/1759320000.0_mean_300.0_v3" "txbefa7ac760424e3492907-0068dffdaa" "proxy-server 20" 0.0006 "-" 21 0
Oct 3 16:45:30 standalone proxy-server[132077]: 172.18.0.2 172.18.0.100 03/Oct/2025/16/45/30 GET /v1/AUTH_ce18edd7d4214c89bce7bbc869acf587/gnocchi.c9e26526-d57e-47aa-aecb-ec916f6d60b1/1759320000.0_mean_300.0_v3 HTTP/1.0 404 - python-swiftclient-3.11.1 gAAAAABo3_1uBlzC... - 70 - txbefa7ac760424e3492907-0068dffdaa - 0.0250 - - 1759509930.226916790 1759509930.251926899 0
Oct 3 16:45:30 standalone container-server[129844]: 172.20.0.100 - - [03/Oct/2025:16:45:30 +0000] "PUT /d1/709/AUTH_ce18edd7d4214c89bce7bbc869acf587/gnocchi.c9e26526-d57e-47aa-aecb-ec916f6d60b1/1759320000.0_mean_300.0_v3" 201 - "PUT http://172.18.0.2:8080/d1/653/AUTH_ce18edd7d4214c89bce7bbc869acf587/gnocchi.c9e26526-d57e-47aa-aecb-ec916f6d60b1/1759320000.0_mean_300.0_v3" "txd38fde4878624d808beaa-0068dffdaa" "object-server 24" 0.0008 "-" 21 0
Oct 3 16:45:30 standalone object-server[130066]: 172.20.0.100 - - [03/Oct/2025:16:45:30 +0000] "PUT /d1/653/AUTH_ce18edd7d4214c89bce7bbc869acf587/gnocchi.c9e26526-d57e-47aa-aecb-ec916f6d60b1/1759320000.0_mean_300.0_v3" 201 - "PUT http://172.18.0.2:8080/v1/AUTH_ce18edd7d4214c89bce7bbc869acf587/gnocchi.c9e26526-d57e-47aa-aecb-ec916f6d60b1/1759320000.0_mean_300.0_v3" "txd38fde4878624d808beaa-0068dffdaa" "proxy-server 20" 0.0097 "-" 24 0
Oct 3 16:45:30 standalone proxy-server[132077]: 172.18.0.2 172.18.0.100 03/Oct/2025/16/45/30 PUT /v1/AUTH_ce18edd7d4214c89bce7bbc869acf587/gnocchi.c9e26526-d57e-47aa-aecb-ec916f6d60b1/1759320000.0_mean_300.0_v3 HTTP/1.0 201 - python-swiftclient-3.11.1 gAAAAABo3_1uBlzC... 16 - - txd38fde4878624d808beaa-0068dffdaa - 0.0166 - - 1759509930.258810282 1759509930.275400162 0
Oct 3 16:45:30 standalone container-server[129844]: 172.20.0.100 - - [03/Oct/2025:16:45:30 +0000] "PUT /d1/709/AUTH_ce18edd7d4214c89bce7bbc869acf587/gnocchi.c9e26526-d57e-47aa-aecb-ec916f6d60b1/none_v3" 201 - "PUT http://172.18.0.2:8080/d1/560/AUTH_ce18edd7d4214c89bce7bbc869acf587/gnocchi.c9e26526-d57e-47aa-aecb-ec916f6d60b1/none_v3" "tx945d3c984ed74fb9b0b15-0068dffdaa" "object-server 23" 0.0006 "-" 21 0
Oct 3 16:45:30 standalone object-server[130064]: 172.20.0.100 - - [03/Oct/2025:16:45:30 +0000] "PUT /d1/560/AUTH_ce18edd7d4214c89bce7bbc869acf587/gnocchi.c9e26526-d57e-47aa-aecb-ec916f6d60b1/none_v3" 201 - "PUT http://172.18.0.2:8080/v1/AUTH_ce18edd7d4214c89bce7bbc869acf587/gnocchi.c9e26526-d57e-47aa-aecb-ec916f6d60b1/none_v3" "tx945d3c984ed74fb9b0b15-0068dffdaa" "proxy-server 20" 0.0089 "-" 23 0
Oct 3 16:45:30 standalone proxy-server[132077]: 172.18.0.2 172.18.0.100 03/Oct/2025/16/45/30 PUT /v1/AUTH_ce18edd7d4214c89bce7bbc869acf587/gnocchi.c9e26526-d57e-47aa-aecb-ec916f6d60b1/none_v3 HTTP/1.0 201 - python-swiftclient-3.11.1 gAAAAABo3_1uBlzC... 22 - - tx945d3c984ed74fb9b0b15-0068dffdaa - 0.0193 - - 1759509930.281099558 1759509930.300426960 0
Oct 3 16:45:37 standalone container-server[129626]: Begin container update sweep
Oct 3 16:45:37 standalone account-server[129826]: 172.20.0.100 - - [03/Oct/2025:16:45:37 +0000] "PUT /d1/335/AUTH_ce18edd7d4214c89bce7bbc869acf587/gnocchi.c9e26526-d57e-47aa-aecb-ec916f6d60b1" 201 - "-" "-" "container-updater 2" 0.0010 "-" 23 0
Oct 3 16:45:38 standalone account-server[129824]: 172.20.0.100 - - [03/Oct/2025:16:45:38 +0000] "PUT /d1/335/AUTH_ce18edd7d4214c89bce7bbc869acf587/gnocchi.7768b1d7-59b4-41d7-9524-34e67e6e41c4" 201 - "-" "-" "container-updater 2" 0.0009 "-" 22 0
Oct 3 16:45:38 standalone account-server[129821]: 172.20.0.100 - - [03/Oct/2025:16:45:38 +0000] "PUT /d1/335/AUTH_ce18edd7d4214c89bce7bbc869acf587/gnocchi.c5cbd494-2fbe-4804-abc2-fea0d966f8eb" 201 - "-" "-" "container-updater 2" 0.0007 "-" 21 0
Oct 3 16:45:38 standalone container-server[129626]: Container update sweep completed: 0.31s
Oct 3 16:45:38 standalone container-server[129844]: 172.20.0.100 - - [03/Oct/2025:16:45:38 +0000] "HEAD /d1/402/AUTH_ce18edd7d4214c89bce7bbc869acf587/gnocchi.7bcc6f9f-762a-49a3-b4b1-aefde3477ba7" 404 - "HEAD http://172.18.0.2:8080/v1/AUTH_ce18edd7d4214c89bce7bbc869acf587/gnocchi.7bcc6f9f-762a-49a3-b4b1-aefde3477ba7?format=json&states=listing" "tx6e70f65262c24b45ae1e3-0068dffdb2" "proxy-server 20" 0.0007 "-" 21 0
Oct 3 16:45:38 standalone object-server[130066]: 172.20.0.100 - - [03/Oct/2025:16:45:38 +0000] "GET /d1/541/AUTH_ce18edd7d4214c89bce7bbc869acf587/gnocchi.7bcc6f9f-762a-49a3-b4b1-aefde3477ba7/none_v3" 404 70 "GET http://172.18.0.2:8080/v1/AUTH_ce18edd7d4214c89bce7bbc869acf587/gnocchi.7bcc6f9f-762a-49a3-b4b1-aefde3477ba7/none_v3" "tx6e70f65262c24b45ae1e3-0068dffdb2" "proxy-server 20" 0.0006 "-" 24 0
Oct 3 16:45:38 standalone proxy-server[132077]: 172.18.0.2 172.18.0.100 03/Oct/2025/16/45/38 GET /v1/AUTH_ce18edd7d4214c89bce7bbc869acf587/gnocchi.7bcc6f9f-762a-49a3-b4b1-aefde3477ba7/none_v3 HTTP/1.0 404 - python-swiftclient-3.11.1 gAAAAABo3_1uBlzC... - 70 - tx6e70f65262c24b45ae1e3-0068dffdb2 - 0.0110 - - 1759509938.367841005 1759509938.378866196 0
Oct 3 16:45:38 standalone account-server[129821]: 172.20.0.100 - - [03/Oct/2025:16:45:38 +0000] "PUT /d1/335/AUTH_ce18edd7d4214c89bce7bbc869acf587/gnocchi.7bcc6f9f-762a-49a3-b4b1-aefde3477ba7" 201 - "PUT http://172.20.0.100:6001/d1/402/AUTH_ce18edd7d4214c89bce7bbc869acf587/gnocchi.7bcc6f9f-762a-49a3-b4b1-aefde3477ba7" "tx3320a6f7f34f4702a27fa-0068dffdb2" "container-server 21" 0.0067 "-" 21 0
Oct 3 16:45:38 standalone container-server[129844]: 172.20.0.100 - - [03/Oct/2025:16:45:38 +0000] "PUT /d1/402/AUTH_ce18edd7d4214c89bce7bbc869acf587/gnocchi.7bcc6f9f-762a-49a3-b4b1-aefde3477ba7" 201 - "PUT http://172.18.0.2:8080/v1/AUTH_ce18edd7d4214c89bce7bbc869acf587/gnocchi.7bcc6f9f-762a-49a3-b4b1-aefde3477ba7" "tx3320a6f7f34f4702a27fa-0068dffdb2" "proxy-server 20" 0.0278 "-" 21 0
Oct 3 16:45:38 standalone proxy-server[132077]: 172.18.0.2 172.18.0.100 03/Oct/2025/16/45/38 PUT /v1/AUTH_ce18edd7d4214c89bce7bbc869acf587/gnocchi.7bcc6f9f-762a-49a3-b4b1-aefde3477ba7 HTTP/1.0 201 - python-swiftclient-3.11.1 gAAAAABo3_1uBlzC... - - - tx3320a6f7f34f4702a27fa-0068dffdb2 - 0.0332 - - 1759509938.381690741 1759509938.414901257 0
Oct 3 16:45:38 standalone container-server[129876]: 172.20.0.100 - - [03/Oct/2025:16:45:38 +0000] "HEAD /d1/402/AUTH_ce18edd7d4214c89bce7bbc869acf587/gnocchi.7bcc6f9f-762a-49a3-b4b1-aefde3477ba7" 204 - "HEAD http://172.18.0.2:8080/v1/AUTH_ce18edd7d4214c89bce7bbc869acf587/gnocchi.7bcc6f9f-762a-49a3-b4b1-aefde3477ba7?format=json&states=listing" "txb4eaa13244994f29aea60-0068dffdb2" "proxy-server 20" 0.0025 "-" 23 0
Oct 3 16:45:38 standalone proxy-server[132077]: - - 03/Oct/2025/16/45/38 HEAD /v1/AUTH_ce18edd7d4214c89bce7bbc869acf587/gnocchi.7bcc6f9f-762a-49a3-b4b1-aefde3477ba7%3Fformat%3Djson%26states%3Dlisting HTTP/1.0 204 - Swift - - - - txb4eaa13244994f29aea60-0068dffdb2 - 0.0064 RL - 1759509938.419562817 1759509938.425922632 0
Oct 3 16:45:38 standalone container-server[129876]: 172.20.0.100 - - [03/Oct/2025:16:45:38 +0000] "GET /d1/402/AUTH_ce18edd7d4214c89bce7bbc869acf587/gnocchi.7bcc6f9f-762a-49a3-b4b1-aefde3477ba7" 200 2 "GET http://172.18.0.2:8080/v1/AUTH_ce18edd7d4214c89bce7bbc869acf587/gnocchi.7bcc6f9f-762a-49a3-b4b1-aefde3477ba7?format=json&states=listing" "txb4eaa13244994f29aea60-0068dffdb2" "proxy-server 20" 0.0044 "-" 23 0
Oct 3 16:45:38 standalone proxy-server[132077]: 172.18.0.2 172.18.0.100 03/Oct/2025/16/45/38 GET /v1/AUTH_ce18edd7d4214c89bce7bbc869acf587/gnocchi.7bcc6f9f-762a-49a3-b4b1-aefde3477ba7%3Fformat%3Djson%26states%3Dlisting HTTP/1.0 200 - python-swiftclient-3.11.1 gAAAAABo3_1uBlzC... - 2 - txb4eaa13244994f29aea60-0068dffdb2 - 0.0176 - - 1759509938.418504715 1759509938.436100006 0
Oct 3 16:45:38 standalone object-server[130064]: 172.20.0.100 - - [03/Oct/2025:16:45:38 +0000] "GET /d1/321/AUTH_ce18edd7d4214c89bce7bbc869acf587/gnocchi.7bcc6f9f-762a-49a3-b4b1-aefde3477ba7/1759320000.0_mean_300.0_v3" 404 70 "GET http://172.18.0.2:8080/v1/AUTH_ce18edd7d4214c89bce7bbc869acf587/gnocchi.7bcc6f9f-762a-49a3-b4b1-aefde3477ba7/1759320000.0_mean_300.0_v3" "tx332c0e3232ab49e6968ad-0068dffdb2" "proxy-server 20" 0.0004 "-" 23 0
Oct 3 16:45:38 standalone proxy-server[132077]: 172.18.0.2 172.18.0.100 03/Oct/2025/16/45/38 GET /v1/AUTH_ce18edd7d4214c89bce7bbc869acf587/gnocchi.7bcc6f9f-762a-49a3-b4b1-aefde3477ba7/1759320000.0_mean_300.0_v3 HTTP/1.0 404 - python-swiftclient-3.11.1 gAAAAABo3_1uBlzC... - 70 - tx332c0e3232ab49e6968ad-0068dffdb2 - 0.0054 - - 1759509938.438861847 1759509938.444232941 0
Oct 3 16:45:38 standalone container-server[129872]: 172.20.0.100 - - [03/Oct/2025:16:45:38 +0000] "PUT /d1/402/AUTH_ce18edd7d4214c89bce7bbc869acf587/gnocchi.7bcc6f9f-762a-49a3-b4b1-aefde3477ba7/1759320000.0_mean_300.0_v3" 201 - "PUT http://172.18.0.2:8080/d1/321/AUTH_ce18edd7d4214c89bce7bbc869acf587/gnocchi.7bcc6f9f-762a-49a3-b4b1-aefde3477ba7/1759320000.0_mean_300.0_v3" "txf109e63d15da46eba39d1-0068dffdb2" "object-server 21" 0.0012 "-" 22 0
Oct 3 16:45:38 standalone object-server[130058]: 172.20.0.100 - - [03/Oct/2025:16:45:38 +0000] "PUT /d1/321/AUTH_ce18edd7d4214c89bce7bbc869acf587/gnocchi.7bcc6f9f-762a-49a3-b4b1-aefde3477ba7/1759320000.0_mean_300.0_v3" 201 - "PUT http://172.18.0.2:8080/v1/AUTH_ce18edd7d4214c89bce7bbc869acf587/gnocchi.7bcc6f9f-762a-49a3-b4b1-aefde3477ba7/1759320000.0_mean_300.0_v3" "txf109e63d15da46eba39d1-0068dffdb2" "proxy-server 20" 0.0147 "-" 21 0
Oct 3 16:45:38 standalone proxy-server[132077]: 172.18.0.2 172.18.0.100 03/Oct/2025/16/45/38 PUT /v1/AUTH_ce18edd7d4214c89bce7bbc869acf587/gnocchi.7bcc6f9f-762a-49a3-b4b1-aefde3477ba7/1759320000.0_mean_300.0_v3 HTTP/1.0 201 - python-swiftclient-3.11.1 gAAAAABo3_1uBlzC... 16 - - txf109e63d15da46eba39d1-0068dffdb2 - 0.0213 - - 1759509938.446899891 1759509938.468181133 0
Oct 3 16:45:38 standalone container-server[129844]: 172.20.0.100 - - [03/Oct/2025:16:45:38 +0000] "PUT /d1/402/AUTH_ce18edd7d4214c89bce7bbc869acf587/gnocchi.7bcc6f9f-762a-49a3-b4b1-aefde3477ba7/none_v3" 201 - "PUT http://172.18.0.2:8080/d1/541/AUTH_ce18edd7d4214c89bce7bbc869acf587/gnocchi.7bcc6f9f-762a-49a3-b4b1-aefde3477ba7/none_v3" "txf22afcb0ba6e4001ac06b-0068dffdb2" "object-server 24" 0.0009 "-" 21 0
Oct 3 16:45:38 standalone object-server[130066]: 172.20.0.100 - - [03/Oct/2025:16:45:38 +0000] "PUT /d1/541/AUTH_ce18edd7d4214c89bce7bbc869acf587/gnocchi.7bcc6f9f-762a-49a3-b4b1-aefde3477ba7/none_v3" 201 - "PUT http://172.18.0.2:8080/v1/AUTH_ce18edd7d4214c89bce7bbc869acf587/gnocchi.7bcc6f9f-762a-49a3-b4b1-aefde3477ba7/none_v3" "txf22afcb0ba6e4001ac06b-0068dffdb2" "proxy-server 20" 0.0179 "-" 24 0
Oct 3 16:45:38 standalone proxy-server[132077]: 172.18.0.2 172.18.0.100 03/Oct/2025/16/45/38 PUT /v1/AUTH_ce18edd7d4214c89bce7bbc869acf587/gnocchi.7bcc6f9f-762a-49a3-b4b1-aefde3477ba7/none_v3 HTTP/1.0 201 - python-swiftclient-3.11.1 gAAAAABo3_1uBlzC... 22 - - txf22afcb0ba6e4001ac06b-0068dffdb2 - 0.0266 - - 1759509938.471681833 1759509938.498271704 0
Oct 3 16:45:38 standalone container-server[129844]: 172.20.0.100 - - [03/Oct/2025:16:45:38 +0000] "HEAD /d1/173/AUTH_ce18edd7d4214c89bce7bbc869acf587/gnocchi.d7494d3e-a54b-4c86-ab78-db64809ffb26" 404 - "HEAD http://172.18.0.2:8080/v1/AUTH_ce18edd7d4214c89bce7bbc869acf587/gnocchi.d7494d3e-a54b-4c86-ab78-db64809ffb26?format=json&states=listing" "tx1b332664171d4f5b892a5-0068dffdb2" "proxy-server 20" 0.0007 "-" 21 0
Oct 3 16:45:38 standalone object-server[130064]: 172.20.0.100 - - [03/Oct/2025:16:45:38 +0000] "GET /d1/329/AUTH_ce18edd7d4214c89bce7bbc869acf587/gnocchi.d7494d3e-a54b-4c86-ab78-db64809ffb26/none_v3" 404 70 "GET http://172.18.0.2:8080/v1/AUTH_ce18edd7d4214c89bce7bbc869acf587/gnocchi.d7494d3e-a54b-4c86-ab78-db64809ffb26/none_v3" "tx1b332664171d4f5b892a5-0068dffdb2" "proxy-server 20" 0.0004 "-" 23 0
Oct 3 16:45:38 standalone proxy-server[132077]: 172.18.0.2 172.18.0.100 03/Oct/2025/16/45/38 GET /v1/AUTH_ce18edd7d4214c89bce7bbc869acf587/gnocchi.d7494d3e-a54b-4c86-ab78-db64809ffb26/none_v3 HTTP/1.0 404 - python-swiftclient-3.11.1 gAAAAABo3_1uBlzC... - 70 - tx1b332664171d4f5b892a5-0068dffdb2 - 0.0140 - - 1759509938.511655331 1759509938.525701523 0
Oct 3 16:45:38 standalone account-server[129824]: 172.20.0.100 - - [03/Oct/2025:16:45:38 +0000] "PUT /d1/335/AUTH_ce18edd7d4214c89bce7bbc869acf587/gnocchi.d7494d3e-a54b-4c86-ab78-db64809ffb26" 201 - "PUT http://172.20.0.100:6001/d1/173/AUTH_ce18edd7d4214c89bce7bbc869acf587/gnocchi.d7494d3e-a54b-4c86-ab78-db64809ffb26" "tx40d1f4b0b0e3445492c47-0068dffdb2" "container-server 21" 0.0038 "-" 22 0
Oct 3 16:45:38 standalone container-server[129844]: 172.20.0.100 - - [03/Oct/2025:16:45:38 +0000] "PUT /d1/173/AUTH_ce18edd7d4214c89bce7bbc869acf587/gnocchi.d7494d3e-a54b-4c86-ab78-db64809ffb26" 201 - "PUT http://172.18.0.2:8080/v1/AUTH_ce18edd7d4214c89bce7bbc869acf587/gnocchi.d7494d3e-a54b-4c86-ab78-db64809ffb26" "tx40d1f4b0b0e3445492c47-0068dffdb2" "proxy-server 20" 0.0236 "-" 21 0
Oct 3 16:45:38 standalone proxy-server[132077]: 172.18.0.2 172.18.0.100 03/Oct/2025/16/45/38 PUT /v1/AUTH_ce18edd7d4214c89bce7bbc869acf587/gnocchi.d7494d3e-a54b-4c86-ab78-db64809ffb26 HTTP/1.0 201 - python-swiftclient-3.11.1 gAAAAABo3_1uBlzC... - - - tx40d1f4b0b0e3445492c47-0068dffdb2 - 0.0298 - - 1759509938.527777195 1759509938.557579994 0
Oct 3 16:45:38 standalone container-server[129876]: 172.20.0.100 - - [03/Oct/2025:16:45:38 +0000] "HEAD /d1/173/AUTH_ce18edd7d4214c89bce7bbc869acf587/gnocchi.d7494d3e-a54b-4c86-ab78-db64809ffb26" 204 - "HEAD http://172.18.0.2:8080/v1/AUTH_ce18edd7d4214c89bce7bbc869acf587/gnocchi.d7494d3e-a54b-4c86-ab78-db64809ffb26?format=json&states=listing" "tx53a62a2e383548a5aaf2f-0068dffdb2" "proxy-server 20" 0.0029 "-" 23 0
Oct 3 16:45:38 standalone proxy-server[132077]: - - 03/Oct/2025/16/45/38 HEAD /v1/AUTH_ce18edd7d4214c89bce7bbc869acf587/gnocchi.d7494d3e-a54b-4c86-ab78-db64809ffb26%3Fformat%3Djson%26states%3Dlisting HTTP/1.0 204 - Swift - - - - tx53a62a2e383548a5aaf2f-0068dffdb2 - 0.0077 RL - 1759509938.561248064 1759509938.568956137 0
Oct 3 16:45:38 standalone container-server[129876]: 172.20.0.100 - - [03/Oct/2025:16:45:38 +0000] "GET /d1/173/AUTH_ce18edd7d4214c89bce7bbc869acf587/gnocchi.d7494d3e-a54b-4c86-ab78-db64809ffb26" 200 2 "GET http://172.18.0.2:8080/v1/AUTH_ce18edd7d4214c89bce7bbc869acf587/gnocchi.d7494d3e-a54b-4c86-ab78-db64809ffb26?format=json&states=listing" "tx53a62a2e383548a5aaf2f-0068dffdb2" "proxy-server 20" 0.0034 "-" 23 0
Oct 3 16:45:38 standalone proxy-server[132077]: 172.18.0.2 172.18.0.100 03/Oct/2025/16/45/38 GET /v1/AUTH_ce18edd7d4214c89bce7bbc869acf587/gnocchi.d7494d3e-a54b-4c86-ab78-db64809ffb26%3Fformat%3Djson%26states%3Dlisting HTTP/1.0 200 - python-swiftclient-3.11.1 gAAAAABo3_1uBlzC... - 2 - tx53a62a2e383548a5aaf2f-0068dffdb2 - 0.0252 - - 1759509938.560197830 1759509938.585384369 0
