Oct 3 16:46:34 standalone proxy-server[132077]: 172.18.0.2 172.18.0.100 03/Oct/2025/16/46/34 GET /v1/AUTH_ce18edd7d4214c89bce7bbc869acf587/gnocchi.84a7025b-9715-4e4c-a76b-69a665e9d48a/1759320000.0_mean_300.0_v3 HTTP/1.0 404 - python-swiftclient-3.11.1 gAAAAABo3_1uBlzC... - 70 - tx66fe2a8cf4ff47b78032b-0068dffdea - 0.0093 - - 1759509994.161934853 1759509994.171269655 0
Oct 3 16:46:34 standalone container-server[129872]: 172.20.0.100 - - [03/Oct/2025:16:46:34 +0000] "PUT /d1/344/AUTH_ce18edd7d4214c89bce7bbc869acf587/gnocchi.84a7025b-9715-4e4c-a76b-69a665e9d48a/1759320000.0_mean_300.0_v3" 201 - "PUT http://172.18.0.2:8080/d1/386/AUTH_ce18edd7d4214c89bce7bbc869acf587/gnocchi.84a7025b-9715-4e4c-a76b-69a665e9d48a/1759320000.0_mean_300.0_v3" "tx86ee5c7140ee4c498829e-0068dffdea" "object-server 24" 0.0006 "-" 22 0
Oct 3 16:46:34 standalone object-server[130066]: 172.20.0.100 - - [03/Oct/2025:16:46:34 +0000] "PUT /d1/386/AUTH_ce18edd7d4214c89bce7bbc869acf587/gnocchi.84a7025b-9715-4e4c-a76b-69a665e9d48a/1759320000.0_mean_300.0_v3" 201 - "PUT http://172.18.0.2:8080/v1/AUTH_ce18edd7d4214c89bce7bbc869acf587/gnocchi.84a7025b-9715-4e4c-a76b-69a665e9d48a/1759320000.0_mean_300.0_v3" "tx86ee5c7140ee4c498829e-0068dffdea" "proxy-server 20" 0.0130 "-" 24 0
Oct 3 16:46:34 standalone proxy-server[132077]: 172.18.0.2 172.18.0.100 03/Oct/2025/16/46/34 PUT /v1/AUTH_ce18edd7d4214c89bce7bbc869acf587/gnocchi.84a7025b-9715-4e4c-a76b-69a665e9d48a/1759320000.0_mean_300.0_v3 HTTP/1.0 201 - python-swiftclient-3.11.1 gAAAAABo3_1uBlzC... 16 - - tx86ee5c7140ee4c498829e-0068dffdea - 0.0225 - - 1759509994.175063610 1759509994.197594404 0
Oct 3 16:46:34 standalone container-server[129844]: 172.20.0.100 - - [03/Oct/2025:16:46:34 +0000] "PUT /d1/344/AUTH_ce18edd7d4214c89bce7bbc869acf587/gnocchi.84a7025b-9715-4e4c-a76b-69a665e9d48a/none_v3" 201 - "PUT http://172.18.0.2:8080/d1/765/AUTH_ce18edd7d4214c89bce7bbc869acf587/gnocchi.84a7025b-9715-4e4c-a76b-69a665e9d48a/none_v3" "tx6ec5ff02989f40178aa16-0068dffdea" "object-server 21" 0.0005 "-" 21 0
Oct 3 16:46:34 standalone object-server[130058]: 172.20.0.100 - - [03/Oct/2025:16:46:34 +0000] "PUT /d1/765/AUTH_ce18edd7d4214c89bce7bbc869acf587/gnocchi.84a7025b-9715-4e4c-a76b-69a665e9d48a/none_v3" 201 - "PUT http://172.18.0.2:8080/v1/AUTH_ce18edd7d4214c89bce7bbc869acf587/gnocchi.84a7025b-9715-4e4c-a76b-69a665e9d48a/none_v3" "tx6ec5ff02989f40178aa16-0068dffdea" "proxy-server 20" 0.0116 "-" 21 0
Oct 3 16:46:34 standalone proxy-server[132077]: 172.18.0.2 172.18.0.100 03/Oct/2025/16/46/34 PUT /v1/AUTH_ce18edd7d4214c89bce7bbc869acf587/gnocchi.84a7025b-9715-4e4c-a76b-69a665e9d48a/none_v3 HTTP/1.0 201 - python-swiftclient-3.11.1 gAAAAABo3_1uBlzC... 22 - - tx6ec5ff02989f40178aa16-0068dffdea - 0.0167 - - 1759509994.201295376 1759509994.217998028 0
Oct 3 16:46:34 standalone object-server[130063]: 172.20.0.100 - - [03/Oct/2025:16:46:34 +0000] "GET /d1/358/AUTH_ce18edd7d4214c89bce7bbc869acf587/gnocchi.c5cbd494-2fbe-4804-abc2-fea0d966f8eb/none_v3" 200 33 "GET http://172.18.0.2:8080/v1/AUTH_ce18edd7d4214c89bce7bbc869acf587/gnocchi.c5cbd494-2fbe-4804-abc2-fea0d966f8eb/none_v3" "tx1ade650266864a9a8c836-0068dffdea" "proxy-server 20" 0.0013 "-" 22 0
Oct 3 16:46:34 standalone proxy-server[132077]: 172.18.0.2 172.18.0.100 03/Oct/2025/16/46/34 GET /v1/AUTH_ce18edd7d4214c89bce7bbc869acf587/gnocchi.c5cbd494-2fbe-4804-abc2-fea0d966f8eb/none_v3 HTTP/1.0 200 - python-swiftclient-3.11.1 gAAAAABo3_1uBlzC... - 33 - tx1ade650266864a9a8c836-0068dffdea - 0.0092 - - 1759509994.327068329 1759509994.336269855 0
Oct 3 16:46:34 standalone container-server[129844]: 172.20.0.100 - - [03/Oct/2025:16:46:34 +0000] "GET /d1/165/AUTH_ce18edd7d4214c89bce7bbc869acf587/gnocchi.c5cbd494-2fbe-4804-abc2-fea0d966f8eb" 200 357 "GET http://172.18.0.2:8080/v1/AUTH_ce18edd7d4214c89bce7bbc869acf587/gnocchi.c5cbd494-2fbe-4804-abc2-fea0d966f8eb?format=json&states=listing" "tx9cf0a3874d194c5d99092-0068dffdea" "proxy-server 20" 0.0184 "-" 21 0
Oct 3 16:46:34 standalone proxy-server[132077]: 172.18.0.2 172.18.0.100 03/Oct/2025/16/46/34 GET /v1/AUTH_ce18edd7d4214c89bce7bbc869acf587/gnocchi.c5cbd494-2fbe-4804-abc2-fea0d966f8eb%3Fformat%3Djson%26states%3Dlisting HTTP/1.0 200 - python-swiftclient-3.11.1 gAAAAABo3_1uBlzC... - 357 - tx9cf0a3874d194c5d99092-0068dffdea - 0.0254 - - 1759509994.341413975 1759509994.366855621 0
Oct 3 16:46:34 standalone container-server[129842]: 172.20.0.100 - - [03/Oct/2025:16:46:34 +0000] "GET /d1/165/AUTH_ce18edd7d4214c89bce7bbc869acf587/gnocchi.c5cbd494-2fbe-4804-abc2-fea0d966f8eb" 200 2 "GET http://172.18.0.2:8080/v1/AUTH_ce18edd7d4214c89bce7bbc869acf587/gnocchi.c5cbd494-2fbe-4804-abc2-fea0d966f8eb?format=json&marker=none_v3&states=listing" "tx4eb7e97a44504728809a8-0068dffdea" "proxy-server 20" 0.0039 "-" 20 0
Oct 3 16:46:34 standalone proxy-server[132077]: 172.18.0.2 172.18.0.100 03/Oct/2025/16/46/34 GET /v1/AUTH_ce18edd7d4214c89bce7bbc869acf587/gnocchi.c5cbd494-2fbe-4804-abc2-fea0d966f8eb%3Fformat%3Djson%26marker%3Dnone_v3%26states%3Dlisting HTTP/1.0 200 - python-swiftclient-3.11.1 gAAAAABo3_1uBlzC... - 2 - tx4eb7e97a44504728809a8-0068dffdea - 0.0119 - - 1759509994.370888948 1759509994.382817030 0
Oct 3 16:46:34 standalone object-server[130064]: 172.20.0.100 - - [03/Oct/2025:16:46:34 +0000] "GET /d1/388/AUTH_ce18edd7d4214c89bce7bbc869acf587/gnocchi.c5cbd494-2fbe-4804-abc2-fea0d966f8eb/1759320000.0_mean_300.0_v3" 200 16 "GET http://172.18.0.2:8080/v1/AUTH_ce18edd7d4214c89bce7bbc869acf587/gnocchi.c5cbd494-2fbe-4804-abc2-fea0d966f8eb/1759320000.0_mean_300.0_v3" "txd6c26ebb61834f68bf15d-0068dffdea" "proxy-server 20" 0.0009 "-" 23 0
Oct 3 16:46:34 standalone proxy-server[132077]: 172.18.0.2 172.18.0.100 03/Oct/2025/16/46/34 GET /v1/AUTH_ce18edd7d4214c89bce7bbc869acf587/gnocchi.c5cbd494-2fbe-4804-abc2-fea0d966f8eb/1759320000.0_mean_300.0_v3 HTTP/1.0 200 - python-swiftclient-3.11.1 gAAAAABo3_1uBlzC... - 16 - txd6c26ebb61834f68bf15d-0068dffdea - 0.0082 - - 1759509994.387926817 1759509994.396090984 0
Oct 3 16:46:34 standalone container-server[129872]: 172.20.0.100 - - [03/Oct/2025:16:46:34 +0000] "PUT /d1/165/AUTH_ce18edd7d4214c89bce7bbc869acf587/gnocchi.c5cbd494-2fbe-4804-abc2-fea0d966f8eb/1759320000.0_mean_300.0_v3" 201 - "PUT http://172.18.0.2:8080/d1/388/AUTH_ce18edd7d4214c89bce7bbc869acf587/gnocchi.c5cbd494-2fbe-4804-abc2-fea0d966f8eb/1759320000.0_mean_300.0_v3" "txd2fd140c90524336a64d3-0068dffdea" "object-server 21" 0.0008 "-" 22 0
Oct 3 16:46:34 standalone object-server[130058]: 172.20.0.100 - - [03/Oct/2025:16:46:34 +0000] "PUT /d1/388/AUTH_ce18edd7d4214c89bce7bbc869acf587/gnocchi.c5cbd494-2fbe-4804-abc2-fea0d966f8eb/1759320000.0_mean_300.0_v3" 201 - "PUT http://172.18.0.2:8080/v1/AUTH_ce18edd7d4214c89bce7bbc869acf587/gnocchi.c5cbd494-2fbe-4804-abc2-fea0d966f8eb/1759320000.0_mean_300.0_v3" "txd2fd140c90524336a64d3-0068dffdea" "proxy-server 20" 0.0116 "-" 21 0
Oct 3 16:46:34 standalone proxy-server[132077]: 172.18.0.2 172.18.0.100 03/Oct/2025/16/46/34 PUT /v1/AUTH_ce18edd7d4214c89bce7bbc869acf587/gnocchi.c5cbd494-2fbe-4804-abc2-fea0d966f8eb/1759320000.0_mean_300.0_v3 HTTP/1.0 201 - python-swiftclient-3.11.1 gAAAAABo3_1uBlzC... 16 - - txd2fd140c90524336a64d3-0068dffdea - 0.0177 - - 1759509994.400764227 1759509994.418455362 0
Oct 3 16:46:34 standalone container-server[129842]: 172.20.0.100 - - [03/Oct/2025:16:46:34 +0000] "PUT /d1/165/AUTH_ce18edd7d4214c89bce7bbc869acf587/gnocchi.c5cbd494-2fbe-4804-abc2-fea0d966f8eb/none_v3" 201 - "PUT http://172.18.0.2:8080/d1/358/AUTH_ce18edd7d4214c89bce7bbc869acf587/gnocchi.c5cbd494-2fbe-4804-abc2-fea0d966f8eb/none_v3" "tx208115b5b6cd46b4b1c2c-0068dffdea" "object-server 23" 0.0007 "-" 20 0
Oct 3 16:46:34 standalone object-server[130064]: 172.20.0.100 - - [03/Oct/2025:16:46:34 +0000] "PUT /d1/358/AUTH_ce18edd7d4214c89bce7bbc869acf587/gnocchi.c5cbd494-2fbe-4804-abc2-fea0d966f8eb/none_v3" 201 - "PUT http://172.18.0.2:8080/v1/AUTH_ce18edd7d4214c89bce7bbc869acf587/gnocchi.c5cbd494-2fbe-4804-abc2-fea0d966f8eb/none_v3" "tx208115b5b6cd46b4b1c2c-0068dffdea" "proxy-server 20" 0.0113 "-" 23 0
Oct 3 16:46:34 standalone proxy-server[132077]: 172.18.0.2 172.18.0.100 03/Oct/2025/16/46/34 PUT /v1/AUTH_ce18edd7d4214c89bce7bbc869acf587/gnocchi.c5cbd494-2fbe-4804-abc2-fea0d966f8eb/none_v3 HTTP/1.0 201 - python-swiftclient-3.11.1 gAAAAABo3_1uBlzC... 48 - - tx208115b5b6cd46b4b1c2c-0068dffdea - 0.0186 - - 1759509994.422561646 1759509994.441128969 0
Oct 3 16:46:34 standalone object-server[130063]: 172.20.0.100 - - [03/Oct/2025:16:46:34 +0000] "GET /d1/560/AUTH_ce18edd7d4214c89bce7bbc869acf587/gnocchi.c9e26526-d57e-47aa-aecb-ec916f6d60b1/none_v3" 200 33 "GET http://172.18.0.2:8080/v1/AUTH_ce18edd7d4214c89bce7bbc869acf587/gnocchi.c9e26526-d57e-47aa-aecb-ec916f6d60b1/none_v3" "txfb48975d8c2e43da99255-0068dffdea" "proxy-server 20" 0.0013 "-" 22 0
Oct 3 16:46:34 standalone proxy-server[132077]: 172.18.0.2 172.18.0.100 03/Oct/2025/16/46/34 GET /v1/AUTH_ce18edd7d4214c89bce7bbc869acf587/gnocchi.c9e26526-d57e-47aa-aecb-ec916f6d60b1/none_v3 HTTP/1.0 200 - python-swiftclient-3.11.1 gAAAAABo3_1uBlzC... - 33 - txfb48975d8c2e43da99255-0068dffdea - 0.0083 - - 1759509994.454408407 1759509994.462718010 0
Oct 3 16:46:34 standalone container-server[129876]: 172.20.0.100 - - [03/Oct/2025:16:46:34 +0000] "GET /d1/709/AUTH_ce18edd7d4214c89bce7bbc869acf587/gnocchi.c9e26526-d57e-47aa-aecb-ec916f6d60b1" 200 357 "GET http://172.18.0.2:8080/v1/AUTH_ce18edd7d4214c89bce7bbc869acf587/gnocchi.c9e26526-d57e-47aa-aecb-ec916f6d60b1?format=json&states=listing" "tx942808f7a44843c8975e5-0068dffdea" "proxy-server 20" 0.0091 "-" 23 0
Oct 3 16:46:34 standalone proxy-server[132077]: 172.18.0.2 172.18.0.100 03/Oct/2025/16/46/34 GET /v1/AUTH_ce18edd7d4214c89bce7bbc869acf587/gnocchi.c9e26526-d57e-47aa-aecb-ec916f6d60b1%3Fformat%3Djson%26states%3Dlisting HTTP/1.0 200 - python-swiftclient-3.11.1 gAAAAABo3_1uBlzC... - 357 - tx942808f7a44843c8975e5-0068dffdea - 0.0161 - - 1759509994.467578888 1759509994.483674765 0
Oct 3 16:46:34 standalone container-server[129872]: 172.20.0.100 - - [03/Oct/2025:16:46:34 +0000] "GET /d1/709/AUTH_ce18edd7d4214c89bce7bbc869acf587/gnocchi.c9e26526-d57e-47aa-aecb-ec916f6d60b1" 200 2 "GET http://172.18.0.2:8080/v1/AUTH_ce18edd7d4214c89bce7bbc869acf587/gnocchi.c9e26526-d57e-47aa-aecb-ec916f6d60b1?format=json&marker=none_v3&states=listing" "txdb5b074e33804255ad8c7-0068dffdea" "proxy-server 20" 0.0044 "-" 22 0
Oct 3 16:46:34 standalone proxy-server[132077]: 172.18.0.2 172.18.0.100 03/Oct/2025/16/46/34 GET /v1/AUTH_ce18edd7d4214c89bce7bbc869acf587/gnocchi.c9e26526-d57e-47aa-aecb-ec916f6d60b1%3Fformat%3Djson%26marker%3Dnone_v3%26states%3Dlisting HTTP/1.0 200 - python-swiftclient-3.11.1 gAAAAABo3_1uBlzC... - 2 - txdb5b074e33804255ad8c7-0068dffdea - 0.0117 - - 1759509994.487521887 1759509994.499198675 0
Oct 3 16:46:34 standalone object-server[130064]: 172.20.0.100 - - [03/Oct/2025:16:46:34 +0000] "GET /d1/653/AUTH_ce18edd7d4214c89bce7bbc869acf587/gnocchi.c9e26526-d57e-47aa-aecb-ec916f6d60b1/1759320000.0_mean_300.0_v3" 200 16 "GET http://172.18.0.2:8080/v1/AUTH_ce18edd7d4214c89bce7bbc869acf587/gnocchi.c9e26526-d57e-47aa-aecb-ec916f6d60b1/1759320000.0_mean_300.0_v3" "tx3e48b785c3b9415ebc317-0068dffdea" "proxy-server 20" 0.0008 "-" 23 0
Oct 3 16:46:34 standalone proxy-server[132077]: 172.18.0.2 172.18.0.100 03/Oct/2025/16/46/34 GET /v1/AUTH_ce18edd7d4214c89bce7bbc869acf587/gnocchi.c9e26526-d57e-47aa-aecb-ec916f6d60b1/1759320000.0_mean_300.0_v3 HTTP/1.0 200 - python-swiftclient-3.11.1 gAAAAABo3_1uBlzC... - 16 - tx3e48b785c3b9415ebc317-0068dffdea - 0.0074 - - 1759509994.503963709 1759509994.511336088 0
Oct 3 16:46:34 standalone container-server[129842]: 172.20.0.100 - - [03/Oct/2025:16:46:34 +0000] "PUT /d1/709/AUTH_ce18edd7d4214c89bce7bbc869acf587/gnocchi.c9e26526-d57e-47aa-aecb-ec916f6d60b1/1759320000.0_mean_300.0_v3" 201 - "PUT http://172.18.0.2:8080/d1/653/AUTH_ce18edd7d4214c89bce7bbc869acf587/gnocchi.c9e26526-d57e-47aa-aecb-ec916f6d60b1/1759320000.0_mean_300.0_v3" "tx8b56ba403a054f55bef99-0068dffdea" "object-server 23" 0.0008 "-" 20 0
Oct 3 16:46:34 standalone object-server[130064]: 172.20.0.100 - - [03/Oct/2025:16:46:34 +0000] "PUT /d1/653/AUTH_ce18edd7d4214c89bce7bbc869acf587/gnocchi.c9e26526-d57e-47aa-aecb-ec916f6d60b1/1759320000.0_mean_300.0_v3" 201 - "PUT http://172.18.0.2:8080/v1/AUTH_ce18edd7d4214c89bce7bbc869acf587/gnocchi.c9e26526-d57e-47aa-aecb-ec916f6d60b1/1759320000.0_mean_300.0_v3" "tx8b56ba403a054f55bef99-0068dffdea" "proxy-server 20" 0.0122 "-" 23 0
Oct 3 16:46:34 standalone proxy-server[132077]: 172.18.0.2 172.18.0.100 03/Oct/2025/16/46/34 PUT /v1/AUTH_ce18edd7d4214c89bce7bbc869acf587/gnocchi.c9e26526-d57e-47aa-aecb-ec916f6d60b1/1759320000.0_mean_300.0_v3 HTTP/1.0 201 - python-swiftclient-3.11.1 gAAAAABo3_1uBlzC... 16 - - tx8b56ba403a054f55bef99-0068dffdea - 0.0188 - - 1759509994.515523911 1759509994.534277201 0
Oct 3 16:46:34 standalone container-server[129872]: 172.20.0.100 - - [03/Oct/2025:16:46:34 +0000] "PUT /d1/709/AUTH_ce18edd7d4214c89bce7bbc869acf587/gnocchi.c9e26526-d57e-47aa-aecb-ec916f6d60b1/none_v3" 201 - "PUT http://172.18.0.2:8080/d1/560/AUTH_ce18edd7d4214c89bce7bbc869acf587/gnocchi.c9e26526-d57e-47aa-aecb-ec916f6d60b1/none_v3" "txf404967088434aa59c754-0068dffdea" "object-server 22" 0.0008 "-" 22 0
Oct 3 16:46:34 standalone object-server[130063]: 172.20.0.100 - - [03/Oct/2025:16:46:34 +0000] "PUT /d1/560/AUTH_ce18edd7d4214c89bce7bbc869acf587/gnocchi.c9e26526-d57e-47aa-aecb-ec916f6d60b1/none_v3" 201 - "PUT http://172.18.0.2:8080/v1/AUTH_ce18edd7d4214c89bce7bbc869acf587/gnocchi.c9e26526-d57e-47aa-aecb-ec916f6d60b1/none_v3" "txf404967088434aa59c754-0068dffdea" "proxy-server 20" 0.0114 "-" 22 0
Oct 3 16:46:34 standalone proxy-server[132077]: 172.18.0.2 172.18.0.100 03/Oct/2025/16/46/34 PUT /v1/AUTH_ce18edd7d4214c89bce7bbc869acf587/gnocchi.c9e26526-d57e-47aa-aecb-ec916f6d60b1/none_v3 HTTP/1.0 201 - python-swiftclient-3.11.1 gAAAAABo3_1uBlzC... 48 - - txf404967088434aa59c754-0068dffdea - 0.0179 - - 1759509994.538054466 1759509994.555921078 0
Oct 3 16:46:35 standalone object-server[130058]: 172.20.0.100 - - [03/Oct/2025:16:46:35 +0000] "GET /d1/765/AUTH_ce18edd7d4214c89bce7bbc869acf587/gnocchi.84a7025b-9715-4e4c-a76b-69a665e9d48a/none_v3" 200 22 "GET http://172.18.0.2:8080/v1/AUTH_ce18edd7d4214c89bce7bbc869acf587/gnocchi.84a7025b-9715-4e4c-a76b-69a665e9d48a/none_v3" "tx0d01d1366b6448a7a6c9c-0068dffdeb" "proxy-server 20" 0.0012 "-" 21 0
Oct 3 16:46:35 standalone proxy-server[132077]: 172.18.0.2 172.18.0.100 03/Oct/2025/16/46/35 GET /v1/AUTH_ce18edd7d4214c89bce7bbc869acf587/gnocchi.84a7025b-9715-4e4c-a76b-69a665e9d48a/none_v3 HTTP/1.0 200 - python-swiftclient-3.11.1 gAAAAABo3_1uBlzC... - 22 - tx0d01d1366b6448a7a6c9c-0068dffdeb - 0.0085 - - 1759509995.756278276 1759509995.764732838 0
Oct 3 16:46:35 standalone container-server[129872]: 172.20.0.100 - - [03/Oct/2025:16:46:35 +0000] "GET /d1/344/AUTH_ce18edd7d4214c89bce7bbc869acf587/gnocchi.84a7025b-9715-4e4c-a76b-69a665e9d48a" 200 357 "GET http://172.18.0.2:8080/v1/AUTH_ce18edd7d4214c89bce7bbc869acf587/gnocchi.84a7025b-9715-4e4c-a76b-69a665e9d48a?format=json&states=listing" "tx8432dbe4e4bf4a32ad0eb-0068dffdeb" "proxy-server 20" 0.0109 "-" 22 0
Oct 3 16:46:35 standalone proxy-server[132077]: 172.18.0.2 172.18.0.100 03/Oct/2025/16/46/35 GET /v1/AUTH_ce18edd7d4214c89bce7bbc869acf587/gnocchi.84a7025b-9715-4e4c-a76b-69a665e9d48a%3Fformat%3Djson%26states%3Dlisting HTTP/1.0 200 - python-swiftclient-3.11.1 gAAAAABo3_1uBlzC... - 357 - tx8432dbe4e4bf4a32ad0eb-0068dffdeb - 0.0174 - - 1759509995.769165039 1759509995.786566734 0
Oct 3 16:46:35 standalone container-server[129844]: 172.20.0.100 - - [03/Oct/2025:16:46:35 +0000] "GET /d1/344/AUTH_ce18edd7d4214c89bce7bbc869acf587/gnocchi.84a7025b-9715-4e4c-a76b-69a665e9d48a" 200 2 "GET http://172.18.0.2:8080/v1/AUTH_ce18edd7d4214c89bce7bbc869acf587/gnocchi.84a7025b-9715-4e4c-a76b-69a665e9d48a?format=json&marker=none_v3&states=listing" "txdc579e69a27e4571a036d-0068dffdeb" "proxy-server 20" 0.0031 "-" 21 0
Oct 3 16:46:35 standalone proxy-server[132077]: 172.18.0.2 172.18.0.100 03/Oct/2025/16/46/35 GET /v1/AUTH_ce18edd7d4214c89bce7bbc869acf587/gnocchi.84a7025b-9715-4e4c-a76b-69a665e9d48a%3Fformat%3Djson%26marker%3Dnone_v3%26states%3Dlisting HTTP/1.0 200 - python-swiftclient-3.11.1 gAAAAABo3_1uBlzC... - 2 - txdc579e69a27e4571a036d-0068dffdeb - 0.0091 - - 1759509995.790077925 1759509995.799196482 0
Oct 3 16:46:35 standalone object-server[130058]: 172.20.0.100 - - [03/Oct/2025:16:46:35 +0000] "GET /d1/386/AUTH_ce18edd7d4214c89bce7bbc869acf587/gnocchi.84a7025b-9715-4e4c-a76b-69a665e9d48a/1759320000.0_mean_300.0_v3" 200 16 "GET http://172.18.0.2:8080/v1/AUTH_ce18edd7d4214c89bce7bbc869acf587/gnocchi.84a7025b-9715-4e4c-a76b-69a665e9d48a/1759320000.0_mean_300.0_v3" "tx35e51d184e6549cbbe946-0068dffdeb" "proxy-server 20" 0.0013 "-" 21 0
Oct 3 16:46:35 standalone proxy-server[132077]: 172.18.0.2 172.18.0.100 03/Oct/2025/16/46/35 GET /v1/AUTH_ce18edd7d4214c89bce7bbc869acf587/gnocchi.84a7025b-9715-4e4c-a76b-69a665e9d48a/1759320000.0_mean_300.0_v3 HTTP/1.0 200 - python-swiftclient-3.11.1 gAAAAABo3_1uBlzC... - 16 - tx35e51d184e6549cbbe946-0068dffdeb - 0.0071 - - 1759509995.804920912 1759509995.811972618 0
Oct 3 16:46:35 standalone container-server[129872]: 172.20.0.100 - - [03/Oct/2025:16:46:35 +0000] "PUT /d1/344/AUTH_ce18edd7d4214c89bce7bbc869acf587/gnocchi.84a7025b-9715-4e4c-a76b-69a665e9d48a/1759320000.0_mean_300.0_v3" 201 - "PUT http://172.18.0.2:8080/d1/386/AUTH_ce18edd7d4214c89bce7bbc869acf587/gnocchi.84a7025b-9715-4e4c-a76b-69a665e9d48a/1759320000.0_mean_300.0_v3" "txf31c6d7f8187431aa31da-0068dffdeb" "object-server 24" 0.0008 "-" 22 0
Oct 3 16:46:35 standalone object-server[130066]: 172.20.0.100 - - [03/Oct/2025:16:46:35 +0000] "PUT /d1/386/AUTH_ce18edd7d4214c89bce7bbc869acf587/gnocchi.84a7025b-9715-4e4c-a76b-69a665e9d48a/1759320000.0_mean_300.0_v3" 201 - "PUT http://172.18.0.2:8080/v1/AUTH_ce18edd7d4214c89bce7bbc869acf587/gnocchi.84a7025b-9715-4e4c-a76b-69a665e9d48a/1759320000.0_mean_300.0_v3" "txf31c6d7f8187431aa31da-0068dffdeb" "proxy-server 20" 0.0119 "-" 24 0
Oct 3 16:46:35 standalone proxy-server[132077]: 172.18.0.2 172.18.0.100 03/Oct/2025/16/46/35 PUT /v1/AUTH_ce18edd7d4214c89bce7bbc869acf587/gnocchi.84a7025b-9715-4e4c-a76b-69a665e9d48a/1759320000.0_mean_300.0_v3 HTTP/1.0 201 - python-swiftclient-3.11.1 gAAAAABo3_1uBlzC... 16 - - txf31c6d7f8187431aa31da-0068dffdeb - 0.0205 - - 1759509995.816741943 1759509995.837287426 0
Oct 3 16:46:35 standalone container-server[129844]: 172.20.0.100 - - [03/Oct/2025:16:46:35 +0000] "PUT /d1/344/AUTH_ce18edd7d4214c89bce7bbc869acf587/gnocchi.84a7025b-9715-4e4c-a76b-69a665e9d48a/none_v3" 201 - "PUT http://172.18.0.2:8080/d1/765/AUTH_ce18edd7d4214c89bce7bbc869acf587/gnocchi.84a7025b-9715-4e4c-a76b-69a665e9d48a/none_v3" "txc9b10fff0ca64e7fbd97e-0068dffdeb" "object-server 22" 0.0009 "-" 21 0
Oct 3 16:46:35 standalone object-server[130063]: 172.20.0.100 - - [03/Oct/2025:16:46:35 +0000] "PUT /d1/765/AUTH_ce18edd7d4214c89bce7bbc869acf587/gnocchi.84a7025b-9715-4e4c-a76b-69a665e9d48a/none_v3" 201 - "PUT http://172.18.0.2:8080/v1/AUTH_ce18edd7d4214c89bce7bbc869acf587/gnocchi.84a7025b-9715-4e4c-a76b-69a665e9d48a/none_v3" "txc9b10fff0ca64e7fbd97e-0068dffdeb" "proxy-server 20" 0.0110 "-" 22 0
Oct 3 16:46:35 standalone proxy-server[132077]: 172.18.0.2 172.18.0.100 03/Oct/2025/16/46/35 PUT /v1/AUTH_ce18edd7d4214c89bce7bbc869acf587/gnocchi.84a7025b-9715-4e4c-a76b-69a665e9d48a/none_v3 HTTP/1.0 201 - python-swiftclient-3.11.1 gAAAAABo3_1uBlzC... 31 - - txc9b10fff0ca64e7fbd97e-0068dffdeb - 0.0187 - - 1759509995.842030048 1759509995.860715628 0
Oct 3 16:46:43 standalone object-server[130058]: 172.20.0.100 - - [03/Oct/2025:16:46:43 +0000] "GET /d1/765/AUTH_ce18edd7d4214c89bce7bbc869acf587/gnocchi.84a7025b-9715-4e4c-a76b-69a665e9d48a/none_v3" 200 31 "GET http://172.18.0.2:8080/v1/AUTH_ce18edd7d4214c89bce7bbc869acf587/gnocchi.84a7025b-9715-4e4c-a76b-69a665e9d48a/none_v3" "txd0093fd500d14b4aab530-0068dffdf3" "proxy-server 20" 0.0012 "-" 21 0
Oct 3 16:46:43 standalone proxy-server[132077]: 172.18.0.2 172.18.0.100 03/Oct/2025/16/46/43 GET /v1/AUTH_ce18edd7d4214c89bce7bbc869acf587/gnocchi.84a7025b-9715-4e4c-a76b-69a665e9d48a/none_v3 HTTP/1.0 200 - python-swiftclient-3.11.1 gAAAAABo3_1uBlzC... - 31 - txd0093fd500d14b4aab530-0068dffdf3 - 0.0071 - - 1759510003.857863426 1759510003.864945650 0
Oct 3 16:46:43 standalone container-server[129872]: 172.20.0.100 - - [03/Oct/2025:16:46:43 +0000] "GET /d1/344/AUTH_ce18edd7d4214c89bce7bbc869acf587/gnocchi.84a7025b-9715-4e4c-a76b-69a665e9d48a" 200 357 "GET http://172.18.0.2:8080/v1/AUTH_ce18edd7d4214c89bce7bbc869acf587/gnocchi.84a7025b-9715-4e4c-a76b-69a665e9d48a?format=json&states=listing" "txde22e3fdb1ca4059980f6-0068dffdf3" "proxy-server 20" 0.0076 "-" 22 0
Oct 3 16:46:43 standalone proxy-server[132077]: 172.18.0.2 172.18.0.100 03/Oct/2025/16/46/43 GET /v1/AUTH_ce18edd7d4214c89bce7bbc869acf587/gnocchi.84a7025b-9715-4e4c-a76b-69a665e9d48a%3Fformat%3Djson%26states%3Dlisting HTTP/1.0 200 - python-swiftclient-3.11.1 gAAAAABo3_1uBlzC... - 357 - txde22e3fdb1ca4059980f6-0068dffdf3 - 0.0131 - - 1759510003.868054390 1759510003.881119728 0
Oct 3 16:46:43 standalone container-server[129844]: 172.20.0.100 - - [03/Oct/2025:16:46:43 +0000] "GET /d1/344/AUTH_ce18edd7d4214c89bce7bbc869acf587/gnocchi.84a7025b-9715-4e4c-a76b-69a665e9d48a" 200 2 "GET http://172.18.0.2:8080/v1/AUTH_ce18edd7d4214c89bce7bbc869acf587/gnocchi.84a7025b-9715-4e4c-a76b-69a665e9d48a?format=json&marker=none_v3&states=listing" "txb28cd1a964454b8391c12-0068dffdf3" "proxy-server 20" 0.0019 "-" 21 0
Oct 3 16:46:43 standalone proxy-server[132077]: 172.18.0.2 172.18.0.100 03/Oct/2025/16/46/43 GET /v1/AUTH_ce18edd7d4214c89bce7bbc869acf587/gnocchi.84a7025b-9715-4e4c-a76b-69a665e9d48a%3Fformat%3Djson%26marker%3Dnone_v3%26states%3Dlisting HTTP/1.0 200 - python-swiftclient-3.11.1 gAAAAABo3_1uBlzC... - 2 - txb28cd1a964454b8391c12-0068dffdf3 - 0.0069 - - 1759510003.883901596 1759510003.890763521 0
Oct 3 16:46:43 standalone object-server[130063]: 172.20.0.100 - - [03/Oct/2025:16:46:43 +0000] "GET /d1/386/AUTH_ce18edd7d4214c89bce7bbc869acf587/gnocchi.84a7025b-9715-4e4c-a76b-69a665e9d48a/1759320000.0_mean_300.0_v3" 200 16 "GET http://172.18.0.2:8080/v1/AUTH_ce18edd7d4214c89bce7bbc869acf587/gnocchi.84a7025b-9715-4e4c-a76b-69a665e9d48a/1759320000.0_mean_300.0_v3" "tx992593e6a3ca41ad80c49-0068dffdf3" "proxy-server 20" 0.0008 "-" 22 0
Oct 3 16:46:43 standalone proxy-server[132077]: 172.18.0.2 172.18.0.100 03/Oct/2025/16/46/43 GET /v1/AUTH_ce18edd7d4214c89bce7bbc869acf587/gnocchi.84a7025b-9715-4e4c-a76b-69a665e9d48a/1759320000.0_mean_300.0_v3 HTTP/1.0 200 - python-swiftclient-3.11.1 gAAAAABo3_1uBlzC... - 16 - tx992593e6a3ca41ad80c49-0068dffdf3 - 0.0055 - - 1759510003.894494295 1759510003.899951458 0
Oct 3 16:46:43 standalone container-server[129872]: 172.20.0.100 - - [03/Oct/2025:16:46:43 +0000] "PUT /d1/344/AUTH_ce18edd7d4214c89bce7bbc869acf587/gnocchi.84a7025b-9715-4e4c-a76b-69a665e9d48a/1759320000.0_mean_300.0_v3" 201 - "PUT http://172.18.0.2:8080/d1/386/AUTH_ce18edd7d4214c89bce7bbc869acf587/gnocchi.84a7025b-9715-4e4c-a76b-69a665e9d48a/1759320000.0_mean_300.0_v3" "txacf90b7805b44248addc0-0068dffdf3" "object-server 24" 0.0010 "-" 22 0
Oct 3 16:46:43 standalone object-server[130066]: 172.20.0.100 - - [03/Oct/2025:16:46:43 +0000] "PUT /d1/386/AUTH_ce18edd7d4214c89bce7bbc869acf587/gnocchi.84a7025b-9715-4e4c-a76b-69a665e9d48a/1759320000.0_mean_300.0_v3" 201 - "PUT http://172.18.0.2:8080/v1/AUTH_ce18edd7d4214c89bce7bbc869acf587/gnocchi.84a7025b-9715-4e4c-a76b-69a665e9d48a/1759320000.0_mean_300.0_v3" "txacf90b7805b44248addc0-0068dffdf3" "proxy-server 20" 0.0088 "-" 24 0
Oct 3 16:46:43 standalone proxy-server[132077]: 172.18.0.2 172.18.0.100 03/Oct/2025/16/46/43 PUT /v1/AUTH_ce18edd7d4214c89bce7bbc869acf587/gnocchi.84a7025b-9715-4e4c-a76b-69a665e9d48a/1759320000.0_mean_300.0_v3 HTTP/1.0 201 - python-swiftclient-3.11.1 gAAAAABo3_1uBlzC... 16 - - txacf90b7805b44248addc0-0068dffdf3 - 0.0125 - - 1759510003.902272463 1759510003.914742947 0
Oct 3 16:46:43 standalone container-server[129844]: 172.20.0.100 - - [03/Oct/2025:16:46:43 +0000] "PUT /d1/344/AUTH_ce18edd7d4214c89bce7bbc869acf587/gnocchi.84a7025b-9715-4e4c-a76b-69a665e9d48a/none_v3" 201 - "PUT http://172.18.0.2:8080/d1/765/AUTH_ce18edd7d4214c89bce7bbc869acf587/gnocchi.84a7025b-9715-4e4c-a76b-69a665e9d48a/none_v3" "txbd121b3f6f224070aacdc-0068dffdf3" "object-server 21" 0.0004 "-" 21 0
Oct 3 16:46:43 standalone object-server[130058]: 172.20.0.100 - - [03/Oct/2025:16:46:43 +0000] "PUT /d1/765/AUTH_ce18edd7d4214c89bce7bbc869acf587/gnocchi.84a7025b-9715-4e4c-a76b-69a665e9d48a/none_v3" 201 - "PUT http://172.18.0.2:8080/v1/AUTH_ce18edd7d4214c89bce7bbc869acf587/gnocchi.84a7025b-9715-4e4c-a76b-69a665e9d48a/none_v3" "txbd121b3f6f224070aacdc-0068dffdf3" "proxy-server 20" 0.0091 "-" 21 0
Oct 3 16:46:43 standalone proxy-server[132077]: 172.18.0.2 172.18.0.100 03/Oct/2025/16/46/43 PUT /v1/AUTH_ce18edd7d4214c89bce7bbc869acf587/gnocchi.84a7025b-9715-4e4c-a76b-69a665e9d48a/none_v3 HTTP/1.0 201 - python-swiftclient-3.11.1 gAAAAABo3_1uBlzC... 46 - - txbd121b3f6f224070aacdc-0068dffdf3 - 0.0135 - - 1759510003.917345524 1759510003.930836201 0
Oct 3 16:46:44 standalone object-server[130066]: 172.20.0.100 - - [03/Oct/2025:16:46:44 +0000] "GET /d1/765/AUTH_ce18edd7d4214c89bce7bbc869acf587/gnocchi.84a7025b-9715-4e4c-a76b-69a665e9d48a/none_v3" 200 46 "GET http://172.18.0.2:8080/v1/AUTH_ce18edd7d4214c89bce7bbc869acf587/gnocchi.84a7025b-9715-4e4c-a76b-69a665e9d48a/none_v3" "tx70196bddbcdd49619babe-0068dffdf4" "proxy-server 20" 0.0009 "-" 24 0
Oct 3 16:46:44 standalone proxy-server[132077]: 172.18.0.2 172.18.0.100 03/Oct/2025/16/46/44 GET /v1/AUTH_ce18edd7d4214c89bce7bbc869acf587/gnocchi.84a7025b-9715-4e4c-a76b-69a665e9d48a/none_v3 HTTP/1.0 200 - python-swiftclient-3.11.1 gAAAAABo3_1uBlzC... - 46 - tx70196bddbcdd49619babe-0068dffdf4 - 0.0060 - - 1759510004.555541515 1759510004.561497927 0
Oct 3 16:46:44 standalone container-server[129872]: 172.20.0.100 - - [03/Oct/2025:16:46:44 +0000] "GET /d1/344/AUTH_ce18edd7d4214c89bce7bbc869acf587/gnocchi.84a7025b-9715-4e4c-a76b-69a665e9d48a" 200 357 "GET http://172.18.0.2:8080/v1/AUTH_ce18edd7d4214c89bce7bbc869acf587/gnocchi.84a7025b-9715-4e4c-a76b-69a665e9d48a?format=json&states=listing" "txebf4c15ea9c0480788178-0068dffdf4" "proxy-server 20" 0.0095 "-" 22 0
Oct 3 16:46:44 standalone proxy-server[132077]: 172.18.0.2 172.18.0.100 03/Oct/2025/16/46/44 GET /v1/AUTH_ce18edd7d4214c89bce7bbc869acf587/gnocchi.84a7025b-9715-4e4c-a76b-69a665e9d48a%3Fformat%3Djson%26states%3Dlisting HTTP/1.0 200 - python-swiftclient-3.11.1 gAAAAABo3_1uBlzC... - 357 - txebf4c15ea9c0480788178-0068dffdf4 - 0.0157 - - 1759510004.565190315 1759510004.580877542 0
Oct 3 16:46:44 standalone container-server[129844]: 172.20.0.100 - - [03/Oct/2025:16:46:44 +0000] "GET /d1/344/AUTH_ce18edd7d4214c89bce7bbc869acf587/gnocchi.84a7025b-9715-4e4c-a76b-69a665e9d48a" 200 2 "GET http://172.18.0.2:8080/v1/AUTH_ce18edd7d4214c89bce7bbc869acf587/gnocchi.84a7025b-9715-4e4c-a76b-69a665e9d48a?format=json&marker=none_v3&states=listing" "tx2138661c6b254de9ab903-0068dffdf4" "proxy-server 20" 0.0019 "-" 21 0
Oct 3 16:46:44 standalone proxy-server[132077]: 172.18.0.2 172.18.0.100 03/Oct/2025/16/46/44 GET /v1/AUTH_ce18edd7d4214c89bce7bbc869acf587/gnocchi.84a7025b-9715-4e4c-a76b-69a665e9d48a%3Fformat%3Djson%26marker%3Dnone_v3%26states%3Dlisting HTTP/1.0 200 - python-swiftclient-3.11.1 gAAAAABo3_1uBlzC... - 2 - tx2138661c6b254de9ab903-0068dffdf4 - 0.0070 - - 1759510004.584943295 1759510004.591944218 0
Oct 3 16:46:44 standalone object-server[130058]: 172.20.0.100 - - [03/Oct/2025:16:46:44 +0000] "GET /d1/386/AUTH_ce18edd7d4214c89bce7bbc869acf587/gnocchi.84a7025b-9715-4e4c-a76b-69a665e9d48a/1759320000.0_mean_300.0_v3" 200 16 "GET http://172.18.0.2:8080/v1/AUTH_ce18edd7d4214c89bce7bbc869acf587/gnocchi.84a7025b-9715-4e4c-a76b-69a665e9d48a/1759320000.0_mean_300.0_v3" "tx9c35563913ae4ca5beaf6-0068dffdf4" "proxy-server 20" 0.0006 "-" 21 0
Oct 3 16:46:44 standalone proxy-server[132077]: 172.18.0.2 172.18.0.100 03/Oct/2025/16/46/44 GET /v1/AUTH_ce18edd7d4214c89bce7bbc869acf587/gnocchi.84a7025b-9715-4e4c-a76b-69a665e9d48a/1759320000.0_mean_300.0_v3 HTTP/1.0 200 - python-swiftclient-3.11.1 gAAAAABo3_1uBlzC... - 16 - tx9c35563913ae4ca5beaf6-0068dffdf4 - 0.0059 - - 1759510004.601021767 1759510004.606963158 0
Oct 3 16:46:44 standalone container-server[129872]: 172.20.0.100 - - [03/Oct/2025:16:46:44 +0000] "PUT /d1/344/AUTH_ce18edd7d4214c89bce7bbc869acf587/gnocchi.84a7025b-9715-4e4c-a76b-69a665e9d48a/1759320000.0_mean_300.0_v3" 201 - "PUT http://172.18.0.2:8080/d1/386/AUTH_ce18edd7d4214c89bce7bbc869acf587/gnocchi.84a7025b-9715-4e4c-a76b-69a665e9d48a/1759320000.0_mean_300.0_v3" "txf8b4f360e934438982a9c-0068dffdf4" "object-server 24" 0.0005 "-" 22 0
Oct 3 16:46:44 standalone object-server[130066]: 172.20.0.100 - - [03/Oct/2025:16:46:44 +0000] "PUT /d1/386/AUTH_ce18edd7d4214c89bce7bbc869acf587/gnocchi.84a7025b-9715-4e4c-a76b-69a665e9d48a/1759320000.0_mean_300.0_v3" 201 - "PUT http://172.18.0.2:8080/v1/AUTH_ce18edd7d4214c89bce7bbc869acf587/gnocchi.84a7025b-9715-4e4c-a76b-69a665e9d48a/1759320000.0_mean_300.0_v3" "txf8b4f360e934438982a9c-0068dffdf4" "proxy-server 20" 0.0099 "-" 24 0
Oct 3 16:46:44 standalone proxy-server[132077]: 172.18.0.2 172.18.0.100 03/Oct/2025/16/46/44 PUT /v1/AUTH_ce18edd7d4214c89bce7bbc869acf587/gnocchi.84a7025b-9715-4e4c-a76b-69a665e9d48a/1759320000.0_mean_300.0_v3 HTTP/1.0 201 - python-swiftclient-3.11.1 gAAAAABo3_1uBlzC... 16 - - txf8b4f360e934438982a9c-0068dffdf4 - 0.0160 - - 1759510004.615765095 1759510004.631789684 0
Oct 3 16:46:44 standalone container-server[129876]: 172.20.0.100 - - [03/Oct/2025:16:46:44 +0000] "PUT /d1/344/AUTH_ce18edd7d4214c89bce7bbc869acf587/gnocchi.84a7025b-9715-4e4c-a76b-69a665e9d48a/none_v3" 201 - "PUT http://172.18.0.2:8080/d1/765/AUTH_ce18edd7d4214c89bce7bbc869acf587/gnocchi.84a7025b-9715-4e4c-a76b-69a665e9d48a/none_v3" "txcd17daf3a9c141d694545-0068dffdf4" "object-server 24" 0.0008 "-" 23 0
Oct 3 16:46:44 standalone object-server[130066]: 172.20.0.100 - - [03/Oct/2025:16:46:44 +0000] "PUT /d1/765/AUTH_ce18edd7d4214c89bce7bbc869acf587/gnocchi.84a7025b-9715-4e4c-a76b-69a665e9d48a/none_v3" 201 - "PUT http://172.18.0.2:8080/v1/AUTH_ce18edd7d4214c89bce7bbc869acf587/gnocchi.84a7025b-9715-4e4c-a76b-69a665e9d48a/none_v3" "txcd17daf3a9c141d694545-0068dffdf4" "proxy-server 20" 0.0143 "-" 24 0
Oct 3 16:46:44 standalone proxy-server[132077]: 172.18.0.2 172.18.0.100 03/Oct/2025/16/46/44 PUT /v1/AUTH_ce18edd7d4214c89bce7bbc869acf587/gnocchi.84a7025b-9715-4e4c-a76b-69a665e9d48a/none_v3 HTTP/1.0 201 - python-swiftclient-3.11.1 gAAAAABo3_1uBlzC... 51 - - txcd17daf3a9c141d694545-0068dffdf4 - 0.0231 - - 1759510004.635904312 1759510004.659005165 0
Oct 3 16:46:47 standalone container-server[129872]: 172.20.0.100 - - [03/Oct/2025:16:46:47 +0000] "HEAD /d1/891/AUTH_ce18edd7d4214c89bce7bbc869acf587/gnocchi.438485cd-aa51-453b-b1d7-b542c53d6b70" 404 - "HEAD http://172.18.0.2:8080/v1/AUTH_ce18edd7d4214c89bce7bbc869acf587/gnocchi.438485cd-aa51-453b-b1d7-b542c53d6b70?format=json&states=listing" "tx1e142052fcf446b7b8ca6-0068dffdf7" "proxy-server 20" 0.0008 "-" 22 0
Oct 3 16:46:47 standalone object-server[130066]: 172.20.0.100 - - [03/Oct/2025:16:46:47 +0000] "GET /d1/886/AUTH_ce18edd7d4214c89bce7bbc869acf587/gnocchi.438485cd-aa51-453b-b1d7-b542c53d6b70/none_v3" 404 70 "GET http://172.18.0.2:8080/v1/AUTH_ce18edd7d4214c89bce7bbc869acf587/gnocchi.438485cd-aa51-453b-b1d7-b542c53d6b70/none_v3" "tx1e142052fcf446b7b8ca6-0068dffdf7" "proxy-server 20" 0.0006 "-" 24 0
Oct 3 16:46:47 standalone proxy-server[132077]: 172.18.0.2 172.18.0.100 03/Oct/2025/16/46/47 GET /v1/AUTH_ce18edd7d4214c89bce7bbc869acf587/gnocchi.438485cd-aa51-453b-b1d7-b542c53d6b70/none_v3 HTTP/1.0 404 - python-swiftclient-3.11.1 gAAAAABo3_1uBlzC... - 70 - tx1e142052fcf446b7b8ca6-0068dffdf7 - 0.0165 - - 1759510007.344062567 1759510007.360516787 0
Oct 3 16:46:47 standalone account-server[129821]: 172.20.0.100 - - [03/Oct/2025:16:46:47 +0000] "PUT /d1/335/AUTH_ce18edd7d4214c89bce7bbc869acf587/gnocchi.438485cd-aa51-453b-b1d7-b542c53d6b70" 201 - "PUT http://172.20.0.100:6001/d1/891/AUTH_ce18edd7d4214c89bce7bbc869acf587/gnocchi.438485cd-aa51-453b-b1d7-b542c53d6b70" "tx3be60ee67bf84ea18716a-0068dffdf7" "container-server 20" 0.0060 "-" 21 0
Oct 3 16:46:47 standalone container-server[129842]: 172.20.0.100 - - [03/Oct/2025:16:46:47 +0000] "PUT /d1/891/AUTH_ce18edd7d4214c89bce7bbc869acf587/gnocchi.438485cd-aa51-453b-b1d7-b542c53d6b70" 201 - "PUT http://172.18.0.2:8080/v1/AUTH_ce18edd7d4214c89bce7bbc869acf587/gnocchi.438485cd-aa51-453b-b1d7-b542c53d6b70" "tx3be60ee67bf84ea18716a-0068dffdf7" "proxy-server 20" 0.0265 "-" 20 0
Oct 3 16:46:47 standalone proxy-server[132077]: 172.18.0.2 172.18.0.100 03/Oct/2025/16/46/47 PUT /v1/AUTH_ce18edd7d4214c89bce7bbc869acf587/gnocchi.438485cd-aa51-453b-b1d7-b542c53d6b70 HTTP/1.0 201 - python-swiftclient-3.11.1 gAAAAABo3_1uBlzC... - - - tx3be60ee67bf84ea18716a-0068dffdf7 - 0.0370 - - 1759510007.364946604 1759510007.401957750 0
Oct 3 16:46:47 standalone container-server[129872]: 172.20.0.100 - - [03/Oct/2025:16:46:47 +0000] "HEAD /d1/891/AUTH_ce18edd7d4214c89bce7bbc869acf587/gnocchi.438485cd-aa51-453b-b1d7-b542c53d6b70" 204 - "HEAD http://172.18.0.2:8080/v1/AUTH_ce18edd7d4214c89bce7bbc869acf587/gnocchi.438485cd-aa51-453b-b1d7-b542c53d6b70?format=json&states=listing" "tx829f059e71fd436698b6d-0068dffdf7" "proxy-server 20" 0.0036 "-" 22 0
Oct 3 16:46:47 standalone proxy-server[132077]: - - 03/Oct/2025/16/46/47 HEAD /v1/AUTH_ce18edd7d4214c89bce7bbc869acf587/gnocchi.438485cd-aa51-453b-b1d7-b542c53d6b70%3Fformat%3Djson%26states%3Dlisting HTTP/1.0 204 - Swift - - - - tx829f059e71fd436698b6d-0068dffdf7 - 0.0123 RL - 1759510007.426944256 1759510007.439223051 0
Oct 3 16:46:47 standalone container-server[129876]: 172.20.0.100 - - [03/Oct/2025:16:46:47 +0000] "GET /d1/891/AUTH_ce18edd7d4214c89bce7bbc869acf587/gnocchi.438485cd-aa51-453b-b1d7-b542c53d6b70" 200 2 "GET http://172.18.0.2:8080/v1/AUTH_ce18edd7d4214c89bce7bbc869acf587/gnocchi.438485cd-aa51-453b-b1d7-b542c53d6b70?format=json&states=listing" "tx829f059e71fd436698b6d-0068dffdf7" "proxy-server 20" 0.0028 "-" 23 0
Oct 3 16:46:47 standalone proxy-server[132077]: 172.18.0.2 172.18.0.100 03/Oct/2025/16/46/47 GET /v1/AUTH_ce18edd7d4214c89bce7bbc869acf587/gnocchi.438485cd-aa51-453b-b1d7-b542c53d6b70%3Fformat%3Djson%26states%3Dlisting HTTP/1.0 200 - python-swiftclient-3.11.1 gAAAAABo3_1uBlzC... - 2 - tx829f059e71fd436698b6d-0068dffdf7 - 0.0337 - - 1759510007.423773527 1759510007.457442760 0
Oct 3 16:46:47 standalone object-server[130058]: 172.20.0.100 - - [03/Oct/2025:16:46:47 +0000] "GET /d1/435/AUTH_ce18edd7d4214c89bce7bbc869acf587/gnocchi.438485cd-aa51-453b-b1d7-b542c53d6b70/1759320000.0_mean_300.0_v3" 404 70 "GET http://172.18.0.2:8080/v1/AUTH_ce18edd7d4214c89bce7bbc869acf587/gnocchi.438485cd-aa51-453b-b1d7-b542c53d6b70/1759320000.0_mean_300.0_v3" "tx1fc1223ae0b144cc9d1ab-0068dffdf7" "proxy-server 20" 0.0008 "-" 21 0
Oct 3 16:46:47 standalone proxy-server[132077]: 172.18.0.2 172.18.0.100 03/Oct/2025/16/46/47 GET /v1/AUTH_ce18edd7d4214c89bce7bbc869acf587/gnocchi.438485cd-aa51-453b-b1d7-b542c53d6b70/1759320000.0_mean_300.0_v3 HTTP/1.0 404 - python-swiftclient-3.11.1 gAAAAABo3_1uBlzC... - 70 - tx1fc1223ae0b144cc9d1ab-0068dffdf7 - 0.0139 - - 1759510007.465425014 1759510007.479354858 0
Oct 3 16:46:47 standalone container-server[129844]: 172.20.0.100 - - [03/Oct/2025:16:46:47 +0000] "PUT /d1/891/AUTH_ce18edd7d4214c89bce7bbc869acf587/gnocchi.438485cd-aa51-453b-b1d7-b542c53d6b70/1759320000.0_mean_300.0_v3" 201 - "PUT http://172.18.0.2:8080/d1/435/AUTH_ce18edd7d4214c89bce7bbc869acf587/gnocchi.438485cd-aa51-453b-b1d7-b542c53d6b70/1759320000.0_mean_300.0_v3" "txceaba9db3658490a99f6c-0068dffdf7" "object-server 24" 0.0006 "-" 21 0
Oct 3 16:46:47 standalone object-server[130066]: 172.20.0.100 - - [03/Oct/2025:16:46:47 +0000] "PUT /d1/435/AUTH_ce18edd7d4214c89bce7bbc869acf587/gnocchi.438485cd-aa51-453b-b1d7-b542c53d6b70/1759320000.0_mean_300.0_v3" 201 - "PUT http://172.18.0.2:8080/v1/AUTH_ce18edd7d4214c89bce7bbc869acf587/gnocchi.438485cd-aa51-453b-b1d7-b542c53d6b70/1759320000.0_mean_300.0_v3" "txceaba9db3658490a99f6c-0068dffdf7" "proxy-server 20" 0.0489 "-" 24 0
Oct 3 16:46:47 standalone proxy-server[132077]: 172.18.0.2 172.18.0.100 03/Oct/2025/16/46/47 PUT /v1/AUTH_ce18edd7d4214c89bce7bbc869acf587/gnocchi.438485cd-aa51-453b-b1d7-b542c53d6b70/1759320000.0_mean_300.0_v3 HTTP/1.0 201 - python-swiftclient-3.11.1 gAAAAABo3_1uBlzC... 16 - - txceaba9db3658490a99f6c-0068dffdf7 - 0.0626 - - 1759510007.485620022 1759510007.548177242 0
Oct 3 16:46:47 standalone container-server[129844]: 172.20.0.100 - - [03/Oct/2025:16:46:47 +0000] "PUT /d1/891/AUTH_ce18edd7d4214c89bce7bbc869acf587/gnocchi.438485cd-aa51-453b-b1d7-b542c53d6b70/none_v3" 201 - "PUT http://172.18.0.2:8080/d1/886/AUTH_ce18edd7d4214c89bce7bbc869acf587/gnocchi.438485cd-aa51-453b-b1d7-b542c53d6b70/none_v3" "txb76ef586a5e5400397205-0068dffdf7" "object-server 24" 0.0006 "-" 21 0
Oct 3 16:46:47 standalone object-server[130066]: 172.20.0.100 - - [03/Oct/2025:16:46:47 +0000] "PUT /d1/886/AUTH_ce18edd7d4214c89bce7bbc869acf587/gnocchi.438485cd-aa51-453b-b1d7-b542c53d6b70/none_v3" 201 - "PUT http://172.18.0.2:8080/v1/AUTH_ce18edd7d4214c89bce7bbc869acf587/gnocchi.438485cd-aa51-453b-b1d7-b542c53d6b70/none_v3" "txb76ef586a5e5400397205-0068dffdf7" "proxy-server 20" 0.0135 "-" 24 0
Oct 3 16:46:47 standalone proxy-server[132077]: 172.18.0.2 172.18.0.100 03/Oct/2025/16/46/47 PUT /v1/AUTH_ce18edd7d4214c89bce7bbc869acf587/gnocchi.438485cd-aa51-453b-b1d7-b542c53d6b70/none_v3 HTTP/1.0 201 - python-swiftclient-3.11.1 gAAAAABo3_1uBlzC... 22 - - txb76ef586a5e5400397205-0068dffdf7 - 0.0213 - - 1759510007.551651955 1759510007.572984457 0
Oct 3 16:46:47 standalone container-server[129876]: 172.20.0.100 - - [03/Oct/2025:16:46:47 +0000] "HEAD /d1/376/AUTH_ce18edd7d4214c89bce7bbc869acf587/gnocchi.6d76e8a6-99a8-4de3-9846-acaf37bb5f80" 404 - "HEAD http://172.18.0.2:8080/v1/AUTH_ce18edd7d4214c89bce7bbc869acf587/gnocchi.6d76e8a6-99a8-4de3-9846-acaf37bb5f80?format=json&states=listing" "tx71d74ca153294fd698ddf-0068dffdf7" "proxy-server 20" 0.0006 "-" 23 0
Oct 3 16:46:47 standalone object-server[130058]: 172.20.0.100 - - [03/Oct/2025:16:46:47 +0000] "GET /d1/696/AUTH_ce18edd7d4214c89bce7bbc869acf587/gnocchi.6d76e8a6-99a8-4de3-9846-acaf37bb5f80/none_v3" 404 70 "GET http://172.18.0.2:8080/v1/AUTH_ce18edd7d4214c89bce7bbc869acf587/gnocchi.6d76e8a6-99a8-4de3-9846-acaf37bb5f80/none_v3" "tx71d74ca153294fd698ddf-0068dffdf7" "proxy-server 20" 0.0004 "-" 21 0
Oct 3 16:46:47 standalone proxy-server[132077]: 172.18.0.2 172.18.0.100 03/Oct/2025/16/46/47 GET /v1/AUTH_ce18edd7d4214c89bce7bbc869acf587/gnocchi.6d76e8a6-99a8-4de3-9846-acaf37bb5f80/none_v3 HTTP/1.0 404 - python-swiftclient-3.11.1 gAAAAABo3_1uBlzC... - 70 - tx71d74ca153294fd698ddf-0068dffdf7 - 0.0172 - - 1759510007.585533619 1759510007.602758646 0
Oct 3 16:46:47 standalone account-server[129824]: 172.20.0.100 - - [03/Oct/2025:16:46:47 +0000] "PUT /d1/335/AUTH_ce18edd7d4214c89bce7bbc869acf587/gnocchi.6d76e8a6-99a8-4de3-9846-acaf37bb5f80" 201 - "PUT http://172.20.0.100:6001/d1/376/AUTH_ce18edd7d4214c89bce7bbc869acf587/gnocchi.6d76e8a6-99a8-4de3-9846-acaf37bb5f80" "txd612800907124e3492936-0068dffdf7" "container-server 23" 0.0066 "-" 22 0
Oct 3 16:46:47 standalone container-server[129876]: 172.20.0.100 - - [03/Oct/2025:16:46:47 +0000] "PUT /d1/376/AUTH_ce18edd7d4214c89bce7bbc869acf587/gnocchi.6d76e8a6-99a8-4de3-9846-acaf37bb5f80" 201 - "PUT http://172.18.0.2:8080/v1/AUTH_ce18edd7d4214c89bce7bbc869acf587/gnocchi.6d76e8a6-99a8-4de3-9846-acaf37bb5f80" "txd612800907124e3492936-0068dffdf7" "proxy-server 20" 0.0209 "-" 23 0
Oct 3 16:46:47 standalone proxy-server[132077]: 172.18.0.2 172.18.0.100 03/Oct/2025/16/46/47 PUT /v1/AUTH_ce18edd7d4214c89bce7bbc869acf587/gnocchi.6d76e8a6-99a8-4de3-9846-acaf37bb5f80 HTTP/1.0 201 - python-swiftclient-3.11.1 gAAAAABo3_1uBlzC... - - - txd612800907124e3492936-0068dffdf7 - 0.0282 - - 1759510007.606765032 1759510007.634967089 0
Oct 3 16:46:47 standalone container-server[129842]: 172.20.0.100 - - [03/Oct/2025:16:46:47 +0000] "HEAD /d1/376/AUTH_ce18edd7d4214c89bce7bbc869acf587/gnocchi.6d76e8a6-99a8-4de3-9846-acaf37bb5f80" 204 - "HEAD http://172.18.0.2:8080/v1/AUTH_ce18edd7d4214c89bce7bbc869acf587/gnocchi.6d76e8a6-99a8-4de3-9846-acaf37bb5f80?format=json&states=listing" "txcaaae5c346a94c6291184-0068dffdf7" "proxy-server 20" 0.0030 "-" 20 0
Oct 3 16:46:47 standalone proxy-server[132077]: - - 03/Oct/2025/16/46/47 HEAD /v1/AUTH_ce18edd7d4214c89bce7bbc869acf587/gnocchi.6d76e8a6-99a8-4de3-9846-acaf37bb5f80%3Fformat%3Djson%26states%3Dlisting HTTP/1.0 204 - Swift - - - - txcaaae5c346a94c6291184-0068dffdf7 - 0.0093 RL - 1759510007.641282558 1759510007.650536299 0
Oct 3 16:46:47 standalone container-server[129872]: 172.20.0.100 - - [03/Oct/2025:16:46:47 +0000] "GET /d1/376/AUTH_ce18edd7d4214c89bce7bbc869acf587/gnocchi.6d76e8a6-99a8-4de3-9846-acaf37bb5f80" 200 2 "GET http://172.18.0.2:8080/v1/AUTH_ce18edd7d4214c89bce7bbc869acf587/gnocchi.6d76e8a6-99a8-4de3-9846-acaf37bb5f80?format=json&states=listing" "txcaaae5c346a94c6291184-0068dffdf7" "proxy-server 20" 0.0034 "-" 22 0
Oct 3 16:46:47 standalone proxy-server[132077]: 172.18.0.2 172.18.0.100 03/Oct/2025/16/46/47 GET /v1/AUTH_ce18edd7d4214c89bce7bbc869acf587/gnocchi.6d76e8a6-99a8-4de3-9846-acaf37bb5f80%3Fformat%3Djson%26states%3Dlisting HTTP/1.0 200 - python-swiftclient-3.11.1 gAAAAABo3_1uBlzC... - 2 - txcaaae5c346a94c6291184-0068dffdf7 - 0.0295 - - 1759510007.639574528 1759510007.669046640 0
Oct 3 16:46:47 standalone object-server[130066]: 172.20.0.100 - - [03/Oct/2025:16:46:47 +0000] "GET /d1/783/AUTH_ce18edd7d4214c89bce7bbc869acf587/gnocchi.6d76e8a6-99a8-4de3-9846-acaf37bb5f80/1759320000.0_mean_300.0_v3" 404 70 "GET http://172.18.0.2:8080/v1/AUTH_ce18edd7d4214c89bce7bbc869acf587/gnocchi.6d76e8a6-99a8-4de3-9846-acaf37bb5f80/1759320000.0_mean_300.0_v3" "txcad5c1030ede4796ad7fc-0068dffdf7" "proxy-server 20" 0.0005 "-" 24 0
Oct 3 16:46:47 standalone proxy-server[132077]: 172.18.0.2 172.18.0.100 03/Oct/2025/16/46/47 GET /v1/AUTH_ce18edd7d4214c89bce7bbc869acf587/gnocchi.6d76e8a6-99a8-4de3-9846-acaf37bb5f80/1759320000.0_mean_300.0_v3 HTTP/1.0 404 - python-swiftclient-3.11.1 gAAAAABo3_1uBlzC... - 70 - txcad5c1030ede4796ad7fc-0068dffdf7 - 0.0073 - - 1759510007.674847841 1759510007.682129145 0
Oct 3 16:46:47 standalone container-server[129842]: 172.20.0.100 - - [03/Oct/2025:16:46:47 +0000] "PUT /d1/376/AUTH_ce18edd7d4214c89bce7bbc869acf587/gnocchi.6d76e8a6-99a8-4de3-9846-acaf37bb5f80/1759320000.0_mean_300.0_v3" 201 - "PUT http://172.18.0.2:8080/d1/783/AUTH_ce18edd7d4214c89bce7bbc869acf587/gnocchi.6d76e8a6-99a8-4de3-9846-acaf37bb5f80/1759320000.0_mean_300.0_v3" "txd10e969e128446cf8a640-0068dffdf7" "object-server 23" 0.0009 "-" 20 0
Oct 3 16:46:47 standalone object-server[130064]: 172.20.0.100 - - [03/Oct/2025:16:46:47 +0000] "PUT /d1/783/AUTH_ce18edd7d4214c89bce7bbc869acf587/gnocchi.6d76e8a6-99a8-4de3-9846-acaf37bb5f80/1759320000.0_mean_300.0_v3" 201 - "PUT http://172.18.0.2:8080/v1/AUTH_ce18edd7d4214c89bce7bbc869acf587/gnocchi.6d76e8a6-99a8-4de3-9846-acaf37bb5f80/1759320000.0_mean_300.0_v3" "txd10e969e128446cf8a640-0068dffdf7" "proxy-server 20" 0.0132 "-" 23 0
Oct 3 16:46:47 standalone proxy-server[132077]: 172.18.0.2 172.18.0.100 03/Oct/2025/16/46/47 PUT /v1/AUTH_ce18edd7d4214c89bce7bbc869acf587/gnocchi.6d76e8a6-99a8-4de3-9846-acaf37bb5f80/1759320000.0_mean_300.0_v3 HTTP/1.0 201 - python-swiftclient-3.11.1 gAAAAABo3_1uBlzC... 16 - - txd10e969e128446cf8a640-0068dffdf7 - 0.0288 - - 1759510007.686906576 1759510007.715726852 0
Oct 3 16:46:47 standalone container-server[129844]: 172.20.0.100 - - [03/Oct/2025:16:46:47 +0000] "PUT /d1/376/AUTH_ce18edd7d4214c89bce7bbc869acf587/gnocchi.6d76e8a6-99a8-4de3-9846-acaf37bb5f80/none_v3" 201 - "PUT http://172.18.0.2:8080/d1/696/AUTH_ce18edd7d4214c89bce7bbc869acf587/gnocchi.6d76e8a6-99a8-4de3-9846-acaf37bb5f80/none_v3" "txa7082f9fec7646e99c22e-0068dffdf7" "object-server 24" 0.0005 "-" 21 0
Oct 3 16:46:47 standalone object-server[130066]: 172.20.0.100 - - [03/Oct/2025:16:46:47 +0000] "PUT /d1/696/AUTH_ce18edd7d4214c89bce7bbc869acf587/gnocchi.6d76e8a6-99a8-4de3-9846-acaf37bb5f80/none_v3" 201 - "PUT http://172.18.0.2:8080/v1/AUTH_ce18edd7d4214c89bce7bbc869acf587/gnocchi.6d76e8a6-99a8-4de3-9846-acaf37bb5f80/none_v3" "txa7082f9fec7646e99c22e-0068dffdf7" "proxy-server 20" 0.0096 "-" 24 0
Oct 3 16:46:47 standalone proxy-server[132077]: 172.18.0.2 172.18.0.100 03/Oct/2025/16/46/47 PUT /v1/AUTH_ce18edd7d4214c89bce7bbc869acf587/gnocchi.6d76e8a6-99a8-4de3-9846-acaf37bb5f80/none_v3 HTTP/1.0 201 - python-swiftclient-3.11.1 gAAAAABo3_1uBlzC... 22 - - txa7082f9fec7646e99c22e-0068dffdf7 - 0.0187 - - 1759510007.719643354 1759510007.738368750 0
Oct 3 16:46:47 standalone container-server[129876]: 172.20.0.100 - - [03/Oct/2025:16:46:47 +0000] "HEAD /d1/316/AUTH_ce18edd7d4214c89bce7bbc869acf587/gnocchi.d23b42ca-b91d-44c9-90a7-7a4800acf418" 404 - "HEAD http://172.18.0.2:8080/v1/AUTH_ce18edd7d4214c89bce7bbc869acf587/gnocchi.d23b42ca-b91d-44c9-90a7-7a4800acf418?format=json&states=listing" "txaf7900b23aae42e9b566a-0068dffdf7" "proxy-server 20" 0.0004 "-" 23 0
Oct 3 16:46:47 standalone object-server[130064]: 172.20.0.100 - - [03/Oct/2025:16:46:47 +0000] "GET /d1/124/AUTH_ce18edd7d4214c89bce7bbc869acf587/gnocchi.d23b42ca-b91d-44c9-90a7-7a4800acf418/none_v3" 404 70 "GET http://172.18.0.2:8080/v1/AUTH_ce18edd7d4214c89bce7bbc869acf587/gnocchi.d23b42ca-b91d-44c9-90a7-7a4800acf418/none_v3" "txaf7900b23aae42e9b566a-0068dffdf7" "proxy-server 20" 0.0004 "-" 23 0
Oct 3 16:46:47 standalone proxy-server[132077]: 172.18.0.2 172.18.0.100 03/Oct/2025/16/46/47 GET /v1/AUTH_ce18edd7d4214c89bce7bbc869acf587/gnocchi.d23b42ca-b91d-44c9-90a7-7a4800acf418/none_v3 HTTP/1.0 404 - python-swiftclient-3.11.1 gAAAAABo3_1uBlzC... - 70 - txaf7900b23aae42e9b566a-0068dffdf7 - 0.0140 - - 1759510007.753931761 1759510007.767980099 0
Oct 3 16:46:47 standalone account-server[129803]: 172.20.0.100 - - [03/Oct/2025:16:46:47 +0000] "PUT /d1/335/AUTH_ce18edd7d4214c89bce7bbc869acf587/gnocchi.d23b42ca-b91d-44c9-90a7-7a4800acf418" 201 - "PUT http://172.20.0.100:6001/d1/316/AUTH_ce18edd7d4214c89bce7bbc869acf587/gnocchi.d23b42ca-b91d-44c9-90a7-7a4800acf418" "tx8f86552a6f7e4b92b76d5-0068dffdf7" "container-server 22" 0.0045 "-" 20 0
Oct 3 16:46:47 standalone container-server[129872]: 172.20.0.100 - - [03/Oct/2025:16:46:47 +0000] "PUT /d1/316/AUTH_ce18edd7d4214c89bce7bbc869acf587/gnocchi.d23b42ca-b91d-44c9-90a7-7a4800acf418" 201 - "PUT http://172.18.0.2:8080/v1/AUTH_ce18edd7d4214c89bce7bbc869acf587/gnocchi.d23b42ca-b91d-44c9-90a7-7a4800acf418" "tx8f86552a6f7e4b92b76d5-0068dffdf7" "proxy-server 20" 0.0213 "-" 22 0
Oct 3 16:46:47 standalone proxy-server[132077]: 172.18.0.2 172.18.0.100 03/Oct/2025/16/46/47 PUT /v1/AUTH_ce18edd7d4214c89bce7bbc869acf587/gnocchi.d23b42ca-b91d-44c9-90a7-7a4800acf418 HTTP/1.0 201 - python-swiftclient-3.11.1 gAAAAABo3_1uBlzC... - - - tx8f86552a6f7e4b92b76d5-0068dffdf7 - 0.0309 - - 1759510007.773468971 1759510007.804417133 0
Oct 3 16:46:47 standalone container-server[129844]: 172.20.0.100 - - [03/Oct/2025:16:46:47 +0000] "HEAD /d1/316/AUTH_ce18edd7d4214c89bce7bbc869acf587/gnocchi.d23b42ca-b91d-44c9-90a7-7a4800acf418" 204 - "HEAD http://172.18.0.2:8080/v1/AUTH_ce18edd7d4214c89bce7bbc869acf587/gnocchi.d23b42ca-b91d-44c9-90a7-7a4800acf418?format=json&states=listing" "tx3d2a6898f735454fb93ce-0068dffdf7" "proxy-server 20" 0.0013 "-" 21 0
Oct 3 16:46:47 standalone proxy-server[132077]: - - 03/Oct/2025/16/46/47 HEAD /v1/AUTH_ce18edd7d4214c89bce7bbc869acf587/gnocchi.d23b42ca-b91d-44c9-90a7-7a4800acf418%3Fformat%3Djson%26states%3Dlisting HTTP/1.0 204 - Swift - - - - tx3d2a6898f735454fb93ce-0068dffdf7 - 0.0057 RL - 1759510007.811835766 1759510007.817584038 0
Oct 3 16:46:47 standalone container-server[129872]: 172.20.0.100 - - [03/Oct/2025:16:46:47 +0000] "GET /d1/316/AUTH_ce18edd7d4214c89bce7bbc869acf587/gnocchi.d23b42ca-b91d-44c9-90a7-7a4800acf418" 200 2 "GET http://172.18.0.2:8080/v1/AUTH_ce18edd7d4214c89bce7bbc869acf587/gnocchi.d23b42ca-b91d-44c9-90a7-7a4800acf418?format=json&states=listing" "tx3d2a6898f735454fb93ce-0068dffdf7" "proxy-server 20" 0.0030 "-" 22 0
Oct 3 16:46:47 standalone proxy-server[132077]: 172.18.0.2 172.18.0.100 03/Oct/2025/16/46/47 GET /v1/AUTH_ce18edd7d4214c89bce7bbc869acf587/gnocchi.d23b42ca-b91d-44c9-90a7-7a4800acf418%3Fformat%3Djson%26states%3Dlisting HTTP/1.0 200 - python-swiftclient-3.11.1 gAAAAABo3_1uBlzC... - 2 - tx3d2a6898f735454fb93ce-0068dffdf7 - 0.0229 - - 1759510007.809653997 1759510007.832547665 0
Oct 3 16:46:47 standalone object-server[130064]: 172.20.0.100 - - [03/Oct/2025:16:46:47 +0000] "GET /d1/338/AUTH_ce18edd7d4214c89bce7bbc869acf587/gnocchi.d23b42ca-b91d-44c9-90a7-7a4800acf418/1759320000.0_mean_300.0_v3" 404 70 "GET http://172.18.0.2:8080/v1/AUTH_ce18edd7d4214c89bce7bbc869acf587/gnocchi.d23b42ca-b91d-44c9-90a7-7a4800acf418/1759320000.0_mean_300.0_v3" "tx44936f3329fc43c89a234-0068dffdf7" "proxy-server 20" 0.0004 "-" 23 0
Oct 3 16:46:47 standalone proxy-server[132077]: 172.18.0.2 172.18.0.100 03/Oct/2025/16/46/47 GET /v1/AUTH_ce18edd7d4214c89bce7bbc869acf587/gnocchi.d23b42ca-b91d-44c9-90a7-7a4800acf418/1759320000.0_mean_300.0_v3 HTTP/1.0 404 - python-swiftclient-3.11.1 gAAAAABo3_1uBlzC... - 70 - tx44936f3329fc43c89a234-0068dffdf7 - 0.0099 - - 1759510007.839583397 1759510007.849476814 0
Oct 3 16:46:47 standalone container-server[129876]: 172.20.0.100 - - [03/Oct/2025:16:46:47 +0000] "PUT /d1/316/AUTH_ce18edd7d4214c89bce7bbc869acf587/gnocchi.d23b42ca-b91d-44c9-90a7-7a4800acf418/1759320000.0_mean_300.0_v3" 201 - "PUT http://172.18.0.2:8080/d1/338/AUTH_ce18edd7d4214c89bce7bbc869acf587/gnocchi.d23b42ca-b91d-44c9-90a7-7a4800acf418/1759320000.0_mean_300.0_v3" "txf27753b9f41649308e33e-0068dffdf7" "object-server 22" 0.0015 "-" 23 0
