Oct 3 16:47:23 standalone container-server[129876]: 172.20.0.100 - - [03/Oct/2025:16:47:23 +0000] "HEAD /d1/224/AUTH_ce18edd7d4214c89bce7bbc869acf587/gnocchi.4461b36a-d3d4-4869-aa22-7718f4de2a4c" 404 - "HEAD http://172.18.0.2:8080/v1/AUTH_ce18edd7d4214c89bce7bbc869acf587/gnocchi.4461b36a-d3d4-4869-aa22-7718f4de2a4c?format=json&states=listing" "txa3ef6b01b62343dea3603-0068dffe1b" "proxy-server 20" 0.0004 "-" 23 0
Oct 3 16:47:23 standalone object-server[130066]: 172.20.0.100 - - [03/Oct/2025:16:47:23 +0000] "GET /d1/984/AUTH_ce18edd7d4214c89bce7bbc869acf587/gnocchi.4461b36a-d3d4-4869-aa22-7718f4de2a4c/none_v3" 404 70 "GET http://172.18.0.2:8080/v1/AUTH_ce18edd7d4214c89bce7bbc869acf587/gnocchi.4461b36a-d3d4-4869-aa22-7718f4de2a4c/none_v3" "txa3ef6b01b62343dea3603-0068dffe1b" "proxy-server 20" 0.0002 "-" 24 0
Oct 3 16:47:23 standalone proxy-server[132077]: 172.18.0.2 172.18.0.100 03/Oct/2025/16/47/23 GET /v1/AUTH_ce18edd7d4214c89bce7bbc869acf587/gnocchi.4461b36a-d3d4-4869-aa22-7718f4de2a4c/none_v3 HTTP/1.0 404 - python-swiftclient-3.11.1 gAAAAABo3_1uBlzC... - 70 - txa3ef6b01b62343dea3603-0068dffe1b - 0.0105 - - 1759510043.664604425 1759510043.675145626 0
Oct 3 16:47:23 standalone account-server[129821]: 172.20.0.100 - - [03/Oct/2025:16:47:23 +0000] "PUT /d1/335/AUTH_ce18edd7d4214c89bce7bbc869acf587/gnocchi.4461b36a-d3d4-4869-aa22-7718f4de2a4c" 201 - "PUT http://172.20.0.100:6001/d1/224/AUTH_ce18edd7d4214c89bce7bbc869acf587/gnocchi.4461b36a-d3d4-4869-aa22-7718f4de2a4c" "txac3b143c307048f5af7e7-0068dffe1b" "container-server 21" 0.0043 "-" 21 0
Oct 3 16:47:23 standalone container-server[129844]: 172.20.0.100 - - [03/Oct/2025:16:47:23 +0000] "PUT /d1/224/AUTH_ce18edd7d4214c89bce7bbc869acf587/gnocchi.4461b36a-d3d4-4869-aa22-7718f4de2a4c" 201 - "PUT http://172.18.0.2:8080/v1/AUTH_ce18edd7d4214c89bce7bbc869acf587/gnocchi.4461b36a-d3d4-4869-aa22-7718f4de2a4c" "txac3b143c307048f5af7e7-0068dffe1b" "proxy-server 20" 0.0178 "-" 21 0
Oct 3 16:47:23 standalone proxy-server[132077]: 172.18.0.2 172.18.0.100 03/Oct/2025/16/47/23 PUT /v1/AUTH_ce18edd7d4214c89bce7bbc869acf587/gnocchi.4461b36a-d3d4-4869-aa22-7718f4de2a4c HTTP/1.0 201 - python-swiftclient-3.11.1 gAAAAABo3_1uBlzC... - - - txac3b143c307048f5af7e7-0068dffe1b - 0.0249 - - 1759510043.677844286 1759510043.702741861 0
Oct 3 16:47:23 standalone container-server[129872]: 172.20.0.100 - - [03/Oct/2025:16:47:23 +0000] "HEAD /d1/224/AUTH_ce18edd7d4214c89bce7bbc869acf587/gnocchi.4461b36a-d3d4-4869-aa22-7718f4de2a4c" 204 - "HEAD http://172.18.0.2:8080/v1/AUTH_ce18edd7d4214c89bce7bbc869acf587/gnocchi.4461b36a-d3d4-4869-aa22-7718f4de2a4c?format=json&states=listing" "txda943a5946554545952ec-0068dffe1b" "proxy-server 20" 0.0012 "-" 22 0
Oct 3 16:47:23 standalone proxy-server[132077]: - - 03/Oct/2025/16/47/23 HEAD /v1/AUTH_ce18edd7d4214c89bce7bbc869acf587/gnocchi.4461b36a-d3d4-4869-aa22-7718f4de2a4c%3Fformat%3Djson%26states%3Dlisting HTTP/1.0 204 - Swift - - - - txda943a5946554545952ec-0068dffe1b - 0.0056 RL - 1759510043.709145784 1759510043.714746475 0
Oct 3 16:47:23 standalone container-server[129872]: 172.20.0.100 - - [03/Oct/2025:16:47:23 +0000] "GET /d1/224/AUTH_ce18edd7d4214c89bce7bbc869acf587/gnocchi.4461b36a-d3d4-4869-aa22-7718f4de2a4c" 200 2 "GET http://172.18.0.2:8080/v1/AUTH_ce18edd7d4214c89bce7bbc869acf587/gnocchi.4461b36a-d3d4-4869-aa22-7718f4de2a4c?format=json&states=listing" "txda943a5946554545952ec-0068dffe1b" "proxy-server 20" 0.0016 "-" 22 0
Oct 3 16:47:23 standalone proxy-server[132077]: 172.18.0.2 172.18.0.100 03/Oct/2025/16/47/23 GET /v1/AUTH_ce18edd7d4214c89bce7bbc869acf587/gnocchi.4461b36a-d3d4-4869-aa22-7718f4de2a4c%3Fformat%3Djson%26states%3Dlisting HTTP/1.0 200 - python-swiftclient-3.11.1 gAAAAABo3_1uBlzC... - 2 - txda943a5946554545952ec-0068dffe1b - 0.0162 - - 1759510043.707663298 1759510043.723861933 0
Oct 3 16:47:23 standalone object-server[130066]: 172.20.0.100 - - [03/Oct/2025:16:47:23 +0000] "GET /d1/686/AUTH_ce18edd7d4214c89bce7bbc869acf587/gnocchi.4461b36a-d3d4-4869-aa22-7718f4de2a4c/1759320000.0_mean_300.0_v3" 404 70 "GET http://172.18.0.2:8080/v1/AUTH_ce18edd7d4214c89bce7bbc869acf587/gnocchi.4461b36a-d3d4-4869-aa22-7718f4de2a4c/1759320000.0_mean_300.0_v3" "txa5f467d9db46422090b3b-0068dffe1b" "proxy-server 20" 0.0003 "-" 24 0
Oct 3 16:47:23 standalone proxy-server[132077]: 172.18.0.2 172.18.0.100 03/Oct/2025/16/47/23 GET /v1/AUTH_ce18edd7d4214c89bce7bbc869acf587/gnocchi.4461b36a-d3d4-4869-aa22-7718f4de2a4c/1759320000.0_mean_300.0_v3 HTTP/1.0 404 - python-swiftclient-3.11.1 gAAAAABo3_1uBlzC... - 70 - txa5f467d9db46422090b3b-0068dffe1b - 0.0064 - - 1759510043.728862047 1759510043.735302210 0
Oct 3 16:47:23 standalone container-server[129842]: 172.20.0.100 - - [03/Oct/2025:16:47:23 +0000] "PUT /d1/224/AUTH_ce18edd7d4214c89bce7bbc869acf587/gnocchi.4461b36a-d3d4-4869-aa22-7718f4de2a4c/1759320000.0_mean_300.0_v3" 201 - "PUT http://172.18.0.2:8080/d1/686/AUTH_ce18edd7d4214c89bce7bbc869acf587/gnocchi.4461b36a-d3d4-4869-aa22-7718f4de2a4c/1759320000.0_mean_300.0_v3" "tx751262b443fa4aee82d4a-0068dffe1b" "object-server 23" 0.0007 "-" 20 0
Oct 3 16:47:23 standalone object-server[130064]: 172.20.0.100 - - [03/Oct/2025:16:47:23 +0000] "PUT /d1/686/AUTH_ce18edd7d4214c89bce7bbc869acf587/gnocchi.4461b36a-d3d4-4869-aa22-7718f4de2a4c/1759320000.0_mean_300.0_v3" 201 - "PUT http://172.18.0.2:8080/v1/AUTH_ce18edd7d4214c89bce7bbc869acf587/gnocchi.4461b36a-d3d4-4869-aa22-7718f4de2a4c/1759320000.0_mean_300.0_v3" "tx751262b443fa4aee82d4a-0068dffe1b" "proxy-server 20" 0.0094 "-" 23 0
Oct 3 16:47:23 standalone proxy-server[132077]: 172.18.0.2 172.18.0.100 03/Oct/2025/16/47/23 PUT /v1/AUTH_ce18edd7d4214c89bce7bbc869acf587/gnocchi.4461b36a-d3d4-4869-aa22-7718f4de2a4c/1759320000.0_mean_300.0_v3 HTTP/1.0 201 - python-swiftclient-3.11.1 gAAAAABo3_1uBlzC... 16 - - tx751262b443fa4aee82d4a-0068dffe1b - 0.0185 - - 1759510043.739887476 1759510043.758415222 0
Oct 3 16:47:23 standalone container-server[129872]: 172.20.0.100 - - [03/Oct/2025:16:47:23 +0000] "PUT /d1/224/AUTH_ce18edd7d4214c89bce7bbc869acf587/gnocchi.4461b36a-d3d4-4869-aa22-7718f4de2a4c/none_v3" 201 - "PUT http://172.18.0.2:8080/d1/984/AUTH_ce18edd7d4214c89bce7bbc869acf587/gnocchi.4461b36a-d3d4-4869-aa22-7718f4de2a4c/none_v3" "tx0564c27b90ae41cdb9e80-0068dffe1b" "object-server 23" 0.0004 "-" 22 0
Oct 3 16:47:23 standalone object-server[130064]: 172.20.0.100 - - [03/Oct/2025:16:47:23 +0000] "PUT /d1/984/AUTH_ce18edd7d4214c89bce7bbc869acf587/gnocchi.4461b36a-d3d4-4869-aa22-7718f4de2a4c/none_v3" 201 - "PUT http://172.18.0.2:8080/v1/AUTH_ce18edd7d4214c89bce7bbc869acf587/gnocchi.4461b36a-d3d4-4869-aa22-7718f4de2a4c/none_v3" "tx0564c27b90ae41cdb9e80-0068dffe1b" "proxy-server 20" 0.0089 "-" 23 0
Oct 3 16:47:23 standalone proxy-server[132077]: 172.18.0.2 172.18.0.100 03/Oct/2025/16/47/23 PUT /v1/AUTH_ce18edd7d4214c89bce7bbc869acf587/gnocchi.4461b36a-d3d4-4869-aa22-7718f4de2a4c/none_v3 HTTP/1.0 201 - python-swiftclient-3.11.1 gAAAAABo3_1uBlzC... 22 - - tx0564c27b90ae41cdb9e80-0068dffe1b - 0.0137 - - 1759510043.761233091 1759510043.774932146 0
Oct 3 16:47:23 standalone container-server[129876]: 172.20.0.100 - - [03/Oct/2025:16:47:23 +0000] "HEAD /d1/605/AUTH_ce18edd7d4214c89bce7bbc869acf587/gnocchi.fb67ed0f-ddde-4c48-8e3a-db65e98b3bd2" 404 - "HEAD http://172.18.0.2:8080/v1/AUTH_ce18edd7d4214c89bce7bbc869acf587/gnocchi.fb67ed0f-ddde-4c48-8e3a-db65e98b3bd2?format=json&states=listing" "tx17f150bcbd3749d1975ff-0068dffe1b" "proxy-server 20" 0.0006 "-" 23 0
Oct 3 16:47:23 standalone object-server[130063]: 172.20.0.100 - - [03/Oct/2025:16:47:23 +0000] "GET /d1/32/AUTH_ce18edd7d4214c89bce7bbc869acf587/gnocchi.fb67ed0f-ddde-4c48-8e3a-db65e98b3bd2/none_v3" 404 70 "GET http://172.18.0.2:8080/v1/AUTH_ce18edd7d4214c89bce7bbc869acf587/gnocchi.fb67ed0f-ddde-4c48-8e3a-db65e98b3bd2/none_v3" "tx17f150bcbd3749d1975ff-0068dffe1b" "proxy-server 20" 0.0007 "-" 22 0
Oct 3 16:47:23 standalone proxy-server[132077]: 172.18.0.2 172.18.0.100 03/Oct/2025/16/47/23 GET /v1/AUTH_ce18edd7d4214c89bce7bbc869acf587/gnocchi.fb67ed0f-ddde-4c48-8e3a-db65e98b3bd2/none_v3 HTTP/1.0 404 - python-swiftclient-3.11.1 gAAAAABo3_1uBlzC... - 70 - tx17f150bcbd3749d1975ff-0068dffe1b - 0.0130 - - 1759510043.795846462 1759510043.808880568 0
Oct 3 16:47:23 standalone account-server[129826]: 172.20.0.100 - - [03/Oct/2025:16:47:23 +0000] "PUT /d1/335/AUTH_ce18edd7d4214c89bce7bbc869acf587/gnocchi.fb67ed0f-ddde-4c48-8e3a-db65e98b3bd2" 201 - "PUT http://172.20.0.100:6001/d1/605/AUTH_ce18edd7d4214c89bce7bbc869acf587/gnocchi.fb67ed0f-ddde-4c48-8e3a-db65e98b3bd2" "txc7c9985a1c384f5681ba2-0068dffe1b" "container-server 21" 0.0059 "-" 23 0
Oct 3 16:47:23 standalone container-server[129844]: 172.20.0.100 - - [03/Oct/2025:16:47:23 +0000] "PUT /d1/605/AUTH_ce18edd7d4214c89bce7bbc869acf587/gnocchi.fb67ed0f-ddde-4c48-8e3a-db65e98b3bd2" 201 - "PUT http://172.18.0.2:8080/v1/AUTH_ce18edd7d4214c89bce7bbc869acf587/gnocchi.fb67ed0f-ddde-4c48-8e3a-db65e98b3bd2" "txc7c9985a1c384f5681ba2-0068dffe1b" "proxy-server 20" 0.0198 "-" 21 0
Oct 3 16:47:23 standalone proxy-server[132077]: 172.18.0.2 172.18.0.100 03/Oct/2025/16/47/23 PUT /v1/AUTH_ce18edd7d4214c89bce7bbc869acf587/gnocchi.fb67ed0f-ddde-4c48-8e3a-db65e98b3bd2 HTTP/1.0 201 - python-swiftclient-3.11.1 gAAAAABo3_1uBlzC... - - - txc7c9985a1c384f5681ba2-0068dffe1b - 0.0271 - - 1759510043.813132763 1759510043.840242386 0
Oct 3 16:47:23 standalone container-server[129872]: 172.20.0.100 - - [03/Oct/2025:16:47:23 +0000] "HEAD /d1/605/AUTH_ce18edd7d4214c89bce7bbc869acf587/gnocchi.fb67ed0f-ddde-4c48-8e3a-db65e98b3bd2" 204 - "HEAD http://172.18.0.2:8080/v1/AUTH_ce18edd7d4214c89bce7bbc869acf587/gnocchi.fb67ed0f-ddde-4c48-8e3a-db65e98b3bd2?format=json&states=listing" "txd8d190997fc5454c9aa0a-0068dffe1b" "proxy-server 20" 0.0023 "-" 22 0
Oct 3 16:47:23 standalone proxy-server[132077]: - - 03/Oct/2025/16/47/23 HEAD /v1/AUTH_ce18edd7d4214c89bce7bbc869acf587/gnocchi.fb67ed0f-ddde-4c48-8e3a-db65e98b3bd2%3Fformat%3Djson%26states%3Dlisting HTTP/1.0 204 - Swift - - - - txd8d190997fc5454c9aa0a-0068dffe1b - 0.0076 RL - 1759510043.846951962 1759510043.854564428 0
Oct 3 16:47:23 standalone container-server[129876]: 172.20.0.100 - - [03/Oct/2025:16:47:23 +0000] "GET /d1/605/AUTH_ce18edd7d4214c89bce7bbc869acf587/gnocchi.fb67ed0f-ddde-4c48-8e3a-db65e98b3bd2" 200 2 "GET http://172.18.0.2:8080/v1/AUTH_ce18edd7d4214c89bce7bbc869acf587/gnocchi.fb67ed0f-ddde-4c48-8e3a-db65e98b3bd2?format=json&states=listing" "txd8d190997fc5454c9aa0a-0068dffe1b" "proxy-server 20" 0.0034 "-" 23 0
Oct 3 16:47:23 standalone proxy-server[132077]: 172.18.0.2 172.18.0.100 03/Oct/2025/16/47/23 GET /v1/AUTH_ce18edd7d4214c89bce7bbc869acf587/gnocchi.fb67ed0f-ddde-4c48-8e3a-db65e98b3bd2%3Fformat%3Djson%26states%3Dlisting HTTP/1.0 200 - python-swiftclient-3.11.1 gAAAAABo3_1uBlzC... - 2 - txd8d190997fc5454c9aa0a-0068dffe1b - 0.0223 - - 1759510043.845335007 1759510043.867635727 0
Oct 3 16:47:23 standalone object-server[130064]: 172.20.0.100 - - [03/Oct/2025:16:47:23 +0000] "GET /d1/844/AUTH_ce18edd7d4214c89bce7bbc869acf587/gnocchi.fb67ed0f-ddde-4c48-8e3a-db65e98b3bd2/1759320000.0_mean_300.0_v3" 404 70 "GET http://172.18.0.2:8080/v1/AUTH_ce18edd7d4214c89bce7bbc869acf587/gnocchi.fb67ed0f-ddde-4c48-8e3a-db65e98b3bd2/1759320000.0_mean_300.0_v3" "txdda9fe85a17f4e509c822-0068dffe1b" "proxy-server 20" 0.0005 "-" 23 0
Oct 3 16:47:23 standalone proxy-server[132077]: 172.18.0.2 172.18.0.100 03/Oct/2025/16/47/23 GET /v1/AUTH_ce18edd7d4214c89bce7bbc869acf587/gnocchi.fb67ed0f-ddde-4c48-8e3a-db65e98b3bd2/1759320000.0_mean_300.0_v3 HTTP/1.0 404 - python-swiftclient-3.11.1 gAAAAABo3_1uBlzC... - 70 - txdda9fe85a17f4e509c822-0068dffe1b - 0.0083 - - 1759510043.873495579 1759510043.881830454 0
Oct 3 16:47:23 standalone container-server[129872]: 172.20.0.100 - - [03/Oct/2025:16:47:23 +0000] "PUT /d1/605/AUTH_ce18edd7d4214c89bce7bbc869acf587/gnocchi.fb67ed0f-ddde-4c48-8e3a-db65e98b3bd2/1759320000.0_mean_300.0_v3" 201 - "PUT http://172.18.0.2:8080/d1/844/AUTH_ce18edd7d4214c89bce7bbc869acf587/gnocchi.fb67ed0f-ddde-4c48-8e3a-db65e98b3bd2/1759320000.0_mean_300.0_v3" "tx146e698f6f0b430ab4a65-0068dffe1b" "object-server 22" 0.0009 "-" 22 0
Oct 3 16:47:23 standalone object-server[130063]: 172.20.0.100 - - [03/Oct/2025:16:47:23 +0000] "PUT /d1/844/AUTH_ce18edd7d4214c89bce7bbc869acf587/gnocchi.fb67ed0f-ddde-4c48-8e3a-db65e98b3bd2/1759320000.0_mean_300.0_v3" 201 - "PUT http://172.18.0.2:8080/v1/AUTH_ce18edd7d4214c89bce7bbc869acf587/gnocchi.fb67ed0f-ddde-4c48-8e3a-db65e98b3bd2/1759320000.0_mean_300.0_v3" "tx146e698f6f0b430ab4a65-0068dffe1b" "proxy-server 20" 0.0104 "-" 22 0
Oct 3 16:47:23 standalone proxy-server[132077]: 172.18.0.2 172.18.0.100 03/Oct/2025/16/47/23 PUT /v1/AUTH_ce18edd7d4214c89bce7bbc869acf587/gnocchi.fb67ed0f-ddde-4c48-8e3a-db65e98b3bd2/1759320000.0_mean_300.0_v3 HTTP/1.0 201 - python-swiftclient-3.11.1 gAAAAABo3_1uBlzC... 16 - - tx146e698f6f0b430ab4a65-0068dffe1b - 0.0190 - - 1759510043.886285782 1759510043.905278921 0
Oct 3 16:47:23 standalone container-server[129842]: 172.20.0.100 - - [03/Oct/2025:16:47:23 +0000] "PUT /d1/605/AUTH_ce18edd7d4214c89bce7bbc869acf587/gnocchi.fb67ed0f-ddde-4c48-8e3a-db65e98b3bd2/none_v3" 201 - "PUT http://172.18.0.2:8080/d1/32/AUTH_ce18edd7d4214c89bce7bbc869acf587/gnocchi.fb67ed0f-ddde-4c48-8e3a-db65e98b3bd2/none_v3" "tx71fd55248a404d1c833af-0068dffe1b" "object-server 22" 0.0005 "-" 20 0
Oct 3 16:47:23 standalone object-server[130063]: 172.20.0.100 - - [03/Oct/2025:16:47:23 +0000] "PUT /d1/32/AUTH_ce18edd7d4214c89bce7bbc869acf587/gnocchi.fb67ed0f-ddde-4c48-8e3a-db65e98b3bd2/none_v3" 201 - "PUT http://172.18.0.2:8080/v1/AUTH_ce18edd7d4214c89bce7bbc869acf587/gnocchi.fb67ed0f-ddde-4c48-8e3a-db65e98b3bd2/none_v3" "tx71fd55248a404d1c833af-0068dffe1b" "proxy-server 20" 0.0100 "-" 22 0
Oct 3 16:47:23 standalone proxy-server[132077]: 172.18.0.2 172.18.0.100 03/Oct/2025/16/47/23 PUT /v1/AUTH_ce18edd7d4214c89bce7bbc869acf587/gnocchi.fb67ed0f-ddde-4c48-8e3a-db65e98b3bd2/none_v3 HTTP/1.0 201 - python-swiftclient-3.11.1 gAAAAABo3_1uBlzC... 22 - - tx71fd55248a404d1c833af-0068dffe1b - 0.0180 - - 1759510043.910147429 1759510043.928121567 0
Oct 3 16:47:23 standalone container-server[129844]: 172.20.0.100 - - [03/Oct/2025:16:47:23 +0000] "HEAD /d1/247/AUTH_ce18edd7d4214c89bce7bbc869acf587/gnocchi.0f1ef11f-1bdf-4003-a679-58bef4dfa3d5" 404 - "HEAD http://172.18.0.2:8080/v1/AUTH_ce18edd7d4214c89bce7bbc869acf587/gnocchi.0f1ef11f-1bdf-4003-a679-58bef4dfa3d5?format=json&states=listing" "tx33ee5bd3e7314ef395512-0068dffe1b" "proxy-server 20" 0.0007 "-" 21 0
Oct 3 16:47:23 standalone object-server[130063]: 172.20.0.100 - - [03/Oct/2025:16:47:23 +0000] "GET /d1/772/AUTH_ce18edd7d4214c89bce7bbc869acf587/gnocchi.0f1ef11f-1bdf-4003-a679-58bef4dfa3d5/none_v3" 404 70 "GET http://172.18.0.2:8080/v1/AUTH_ce18edd7d4214c89bce7bbc869acf587/gnocchi.0f1ef11f-1bdf-4003-a679-58bef4dfa3d5/none_v3" "tx33ee5bd3e7314ef395512-0068dffe1b" "proxy-server 20" 0.0005 "-" 22 0
Oct 3 16:47:23 standalone proxy-server[132077]: 172.18.0.2 172.18.0.100 03/Oct/2025/16/47/23 GET /v1/AUTH_ce18edd7d4214c89bce7bbc869acf587/gnocchi.0f1ef11f-1bdf-4003-a679-58bef4dfa3d5/none_v3 HTTP/1.0 404 - python-swiftclient-3.11.1 gAAAAABo3_1uBlzC... - 70 - tx33ee5bd3e7314ef395512-0068dffe1b - 0.0139 - - 1759510043.945720911 1759510043.959618092 0
Oct 3 16:47:23 standalone account-server[129824]: 172.20.0.100 - - [03/Oct/2025:16:47:23 +0000] "PUT /d1/335/AUTH_ce18edd7d4214c89bce7bbc869acf587/gnocchi.0f1ef11f-1bdf-4003-a679-58bef4dfa3d5" 201 - "PUT http://172.20.0.100:6001/d1/247/AUTH_ce18edd7d4214c89bce7bbc869acf587/gnocchi.0f1ef11f-1bdf-4003-a679-58bef4dfa3d5" "txbd51fde098f84599a9ab8-0068dffe1b" "container-server 20" 0.0063 "-" 22 0
Oct 3 16:47:23 standalone container-server[129842]: 172.20.0.100 - - [03/Oct/2025:16:47:23 +0000] "PUT /d1/247/AUTH_ce18edd7d4214c89bce7bbc869acf587/gnocchi.0f1ef11f-1bdf-4003-a679-58bef4dfa3d5" 201 - "PUT http://172.18.0.2:8080/v1/AUTH_ce18edd7d4214c89bce7bbc869acf587/gnocchi.0f1ef11f-1bdf-4003-a679-58bef4dfa3d5" "txbd51fde098f84599a9ab8-0068dffe1b" "proxy-server 20" 0.0161 "-" 20 0
Oct 3 16:47:23 standalone proxy-server[132077]: 172.18.0.2 172.18.0.100 03/Oct/2025/16/47/23 PUT /v1/AUTH_ce18edd7d4214c89bce7bbc869acf587/gnocchi.0f1ef11f-1bdf-4003-a679-58bef4dfa3d5 HTTP/1.0 201 - python-swiftclient-3.11.1 gAAAAABo3_1uBlzC... - - - txbd51fde098f84599a9ab8-0068dffe1b - 0.0233 - - 1759510043.963896036 1759510043.987204790 0
Oct 3 16:47:23 standalone container-server[129842]: 172.20.0.100 - - [03/Oct/2025:16:47:23 +0000] "HEAD /d1/247/AUTH_ce18edd7d4214c89bce7bbc869acf587/gnocchi.0f1ef11f-1bdf-4003-a679-58bef4dfa3d5" 204 - "HEAD http://172.18.0.2:8080/v1/AUTH_ce18edd7d4214c89bce7bbc869acf587/gnocchi.0f1ef11f-1bdf-4003-a679-58bef4dfa3d5?format=json&states=listing" "txc0a6fc9217d84b5695f59-0068dffe1b" "proxy-server 20" 0.0015 "-" 20 0
Oct 3 16:47:24 standalone proxy-server[132077]: - - 03/Oct/2025/16/47/23 HEAD /v1/AUTH_ce18edd7d4214c89bce7bbc869acf587/gnocchi.0f1ef11f-1bdf-4003-a679-58bef4dfa3d5%3Fformat%3Djson%26states%3Dlisting HTTP/1.0 204 - Swift - - - - txc0a6fc9217d84b5695f59-0068dffe1b - 0.0063 RL - 1759510043.993739367 1759510043.999991894 0
Oct 3 16:47:24 standalone container-server[129872]: 172.20.0.100 - - [03/Oct/2025:16:47:24 +0000] "GET /d1/247/AUTH_ce18edd7d4214c89bce7bbc869acf587/gnocchi.0f1ef11f-1bdf-4003-a679-58bef4dfa3d5" 200 2 "GET http://172.18.0.2:8080/v1/AUTH_ce18edd7d4214c89bce7bbc869acf587/gnocchi.0f1ef11f-1bdf-4003-a679-58bef4dfa3d5?format=json&states=listing" "txc0a6fc9217d84b5695f59-0068dffe1b" "proxy-server 20" 0.0034 "-" 22 0
Oct 3 16:47:24 standalone proxy-server[132077]: 172.18.0.2 172.18.0.100 03/Oct/2025/16/47/24 GET /v1/AUTH_ce18edd7d4214c89bce7bbc869acf587/gnocchi.0f1ef11f-1bdf-4003-a679-58bef4dfa3d5%3Fformat%3Djson%26states%3Dlisting HTTP/1.0 200 - python-swiftclient-3.11.1 gAAAAABo3_1uBlzC... - 2 - txc0a6fc9217d84b5695f59-0068dffe1b - 0.0205 - - 1759510043.991906404 1759510044.012389898 0
Oct 3 16:47:24 standalone object-server[130058]: 172.20.0.100 - - [03/Oct/2025:16:47:24 +0000] "GET /d1/545/AUTH_ce18edd7d4214c89bce7bbc869acf587/gnocchi.0f1ef11f-1bdf-4003-a679-58bef4dfa3d5/1759320000.0_mean_300.0_v3" 404 70 "GET http://172.18.0.2:8080/v1/AUTH_ce18edd7d4214c89bce7bbc869acf587/gnocchi.0f1ef11f-1bdf-4003-a679-58bef4dfa3d5/1759320000.0_mean_300.0_v3" "tx813ea8d4210c4624bcdc4-0068dffe1c" "proxy-server 20" 0.0005 "-" 21 0
Oct 3 16:47:24 standalone proxy-server[132077]: 172.18.0.2 172.18.0.100 03/Oct/2025/16/47/24 GET /v1/AUTH_ce18edd7d4214c89bce7bbc869acf587/gnocchi.0f1ef11f-1bdf-4003-a679-58bef4dfa3d5/1759320000.0_mean_300.0_v3 HTTP/1.0 404 - python-swiftclient-3.11.1 gAAAAABo3_1uBlzC... - 70 - tx813ea8d4210c4624bcdc4-0068dffe1c - 0.0077 - - 1759510044.017377377 1759510044.025111914 0
Oct 3 16:47:24 standalone container-server[129872]: 172.20.0.100 - - [03/Oct/2025:16:47:24 +0000] "PUT /d1/247/AUTH_ce18edd7d4214c89bce7bbc869acf587/gnocchi.0f1ef11f-1bdf-4003-a679-58bef4dfa3d5/1759320000.0_mean_300.0_v3" 201 - "PUT http://172.18.0.2:8080/d1/545/AUTH_ce18edd7d4214c89bce7bbc869acf587/gnocchi.0f1ef11f-1bdf-4003-a679-58bef4dfa3d5/1759320000.0_mean_300.0_v3" "txb0342735bd604d51bb701-0068dffe1c" "object-server 22" 0.0008 "-" 22 0
Oct 3 16:47:24 standalone object-server[130063]: 172.20.0.100 - - [03/Oct/2025:16:47:24 +0000] "PUT /d1/545/AUTH_ce18edd7d4214c89bce7bbc869acf587/gnocchi.0f1ef11f-1bdf-4003-a679-58bef4dfa3d5/1759320000.0_mean_300.0_v3" 201 - "PUT http://172.18.0.2:8080/v1/AUTH_ce18edd7d4214c89bce7bbc869acf587/gnocchi.0f1ef11f-1bdf-4003-a679-58bef4dfa3d5/1759320000.0_mean_300.0_v3" "txb0342735bd604d51bb701-0068dffe1c" "proxy-server 20" 0.0118 "-" 22 0
Oct 3 16:47:24 standalone proxy-server[132077]: 172.18.0.2 172.18.0.100 03/Oct/2025/16/47/24 PUT /v1/AUTH_ce18edd7d4214c89bce7bbc869acf587/gnocchi.0f1ef11f-1bdf-4003-a679-58bef4dfa3d5/1759320000.0_mean_300.0_v3 HTTP/1.0 201 - python-swiftclient-3.11.1 gAAAAABo3_1uBlzC... 16 - - txb0342735bd604d51bb701-0068dffe1c - 0.0206 - - 1759510044.029258251 1759510044.049888849 0
Oct 3 16:47:24 standalone container-server[129876]: 172.20.0.100 - - [03/Oct/2025:16:47:24 +0000] "PUT /d1/247/AUTH_ce18edd7d4214c89bce7bbc869acf587/gnocchi.0f1ef11f-1bdf-4003-a679-58bef4dfa3d5/none_v3" 201 - "PUT http://172.18.0.2:8080/d1/772/AUTH_ce18edd7d4214c89bce7bbc869acf587/gnocchi.0f1ef11f-1bdf-4003-a679-58bef4dfa3d5/none_v3" "txc63c667a8e26487181188-0068dffe1c" "object-server 21" 0.0008 "-" 23 0
Oct 3 16:47:24 standalone object-server[130058]: 172.20.0.100 - - [03/Oct/2025:16:47:24 +0000] "PUT /d1/772/AUTH_ce18edd7d4214c89bce7bbc869acf587/gnocchi.0f1ef11f-1bdf-4003-a679-58bef4dfa3d5/none_v3" 201 - "PUT http://172.18.0.2:8080/v1/AUTH_ce18edd7d4214c89bce7bbc869acf587/gnocchi.0f1ef11f-1bdf-4003-a679-58bef4dfa3d5/none_v3" "txc63c667a8e26487181188-0068dffe1c" "proxy-server 20" 0.0125 "-" 21 0
Oct 3 16:47:24 standalone proxy-server[132077]: 172.18.0.2 172.18.0.100 03/Oct/2025/16/47/24 PUT /v1/AUTH_ce18edd7d4214c89bce7bbc869acf587/gnocchi.0f1ef11f-1bdf-4003-a679-58bef4dfa3d5/none_v3 HTTP/1.0 201 - python-swiftclient-3.11.1 gAAAAABo3_1uBlzC... 22 - - txc63c667a8e26487181188-0068dffe1c - 0.0221 - - 1759510044.054469347 1759510044.076548100 0
Oct 3 16:47:24 standalone container-server[129872]: 172.20.0.100 - - [03/Oct/2025:16:47:24 +0000] "HEAD /d1/651/AUTH_ce18edd7d4214c89bce7bbc869acf587/gnocchi.69971d6f-c6fb-4476-a0ee-8175d291dde0" 404 - "HEAD http://172.18.0.2:8080/v1/AUTH_ce18edd7d4214c89bce7bbc869acf587/gnocchi.69971d6f-c6fb-4476-a0ee-8175d291dde0?format=json&states=listing" "txaa15cfb0be464f899e071-0068dffe1c" "proxy-server 20" 0.0009 "-" 22 0
Oct 3 16:47:24 standalone object-server[130066]: 172.20.0.100 - - [03/Oct/2025:16:47:24 +0000] "GET /d1/315/AUTH_ce18edd7d4214c89bce7bbc869acf587/gnocchi.69971d6f-c6fb-4476-a0ee-8175d291dde0/none_v3" 404 70 "GET http://172.18.0.2:8080/v1/AUTH_ce18edd7d4214c89bce7bbc869acf587/gnocchi.69971d6f-c6fb-4476-a0ee-8175d291dde0/none_v3" "txaa15cfb0be464f899e071-0068dffe1c" "proxy-server 20" 0.0006 "-" 24 0
Oct 3 16:47:24 standalone proxy-server[132077]: 172.18.0.2 172.18.0.100 03/Oct/2025/16/47/24 GET /v1/AUTH_ce18edd7d4214c89bce7bbc869acf587/gnocchi.69971d6f-c6fb-4476-a0ee-8175d291dde0/none_v3 HTTP/1.0 404 - python-swiftclient-3.11.1 gAAAAABo3_1uBlzC... - 70 - txaa15cfb0be464f899e071-0068dffe1c - 0.0202 - - 1759510044.113414764 1759510044.133647919 0
Oct 3 16:47:24 standalone account-server[129803]: 172.20.0.100 - - [03/Oct/2025:16:47:24 +0000] "PUT /d1/335/AUTH_ce18edd7d4214c89bce7bbc869acf587/gnocchi.69971d6f-c6fb-4476-a0ee-8175d291dde0" 201 - "PUT http://172.20.0.100:6001/d1/651/AUTH_ce18edd7d4214c89bce7bbc869acf587/gnocchi.69971d6f-c6fb-4476-a0ee-8175d291dde0" "txcb93aba44f7d41c9899ac-0068dffe1c" "container-server 21" 0.0062 "-" 20 0
Oct 3 16:47:24 standalone container-server[129844]: 172.20.0.100 - - [03/Oct/2025:16:47:24 +0000] "PUT /d1/651/AUTH_ce18edd7d4214c89bce7bbc869acf587/gnocchi.69971d6f-c6fb-4476-a0ee-8175d291dde0" 201 - "PUT http://172.18.0.2:8080/v1/AUTH_ce18edd7d4214c89bce7bbc869acf587/gnocchi.69971d6f-c6fb-4476-a0ee-8175d291dde0" "txcb93aba44f7d41c9899ac-0068dffe1c" "proxy-server 20" 0.0197 "-" 21 0
Oct 3 16:47:24 standalone proxy-server[132077]: 172.18.0.2 172.18.0.100 03/Oct/2025/16/47/24 PUT /v1/AUTH_ce18edd7d4214c89bce7bbc869acf587/gnocchi.69971d6f-c6fb-4476-a0ee-8175d291dde0 HTTP/1.0 201 - python-swiftclient-3.11.1 gAAAAABo3_1uBlzC... - - - txcb93aba44f7d41c9899ac-0068dffe1c - 0.0261 - - 1759510044.137842178 1759510044.163963795 0
Oct 3 16:47:24 standalone container-server[129844]: 172.20.0.100 - - [03/Oct/2025:16:47:24 +0000] "HEAD /d1/651/AUTH_ce18edd7d4214c89bce7bbc869acf587/gnocchi.69971d6f-c6fb-4476-a0ee-8175d291dde0" 204 - "HEAD http://172.18.0.2:8080/v1/AUTH_ce18edd7d4214c89bce7bbc869acf587/gnocchi.69971d6f-c6fb-4476-a0ee-8175d291dde0?format=json&states=listing" "tx68a797e17d4f44fba854d-0068dffe1c" "proxy-server 20" 0.0021 "-" 21 0
Oct 3 16:47:24 standalone proxy-server[132077]: - - 03/Oct/2025/16/47/24 HEAD /v1/AUTH_ce18edd7d4214c89bce7bbc869acf587/gnocchi.69971d6f-c6fb-4476-a0ee-8175d291dde0%3Fformat%3Djson%26states%3Dlisting HTTP/1.0 204 - Swift - - - - tx68a797e17d4f44fba854d-0068dffe1c - 0.0071 RL - 1759510044.171176910 1759510044.178297520 0
Oct 3 16:47:24 standalone container-server[129844]: 172.20.0.100 - - [03/Oct/2025:16:47:24 +0000] "GET /d1/651/AUTH_ce18edd7d4214c89bce7bbc869acf587/gnocchi.69971d6f-c6fb-4476-a0ee-8175d291dde0" 200 2 "GET http://172.18.0.2:8080/v1/AUTH_ce18edd7d4214c89bce7bbc869acf587/gnocchi.69971d6f-c6fb-4476-a0ee-8175d291dde0?format=json&states=listing" "tx68a797e17d4f44fba854d-0068dffe1c" "proxy-server 20" 0.0027 "-" 21 0
Oct 3 16:47:24 standalone proxy-server[132077]: 172.18.0.2 172.18.0.100 03/Oct/2025/16/47/24 GET /v1/AUTH_ce18edd7d4214c89bce7bbc869acf587/gnocchi.69971d6f-c6fb-4476-a0ee-8175d291dde0%3Fformat%3Djson%26states%3Dlisting HTTP/1.0 200 - python-swiftclient-3.11.1 gAAAAABo3_1uBlzC... - 2 - tx68a797e17d4f44fba854d-0068dffe1c - 0.0193 - - 1759510044.169664860 1759510044.188947439 0
Oct 3 16:47:24 standalone object-server[130063]: 172.20.0.100 - - [03/Oct/2025:16:47:24 +0000] "GET /d1/734/AUTH_ce18edd7d4214c89bce7bbc869acf587/gnocchi.69971d6f-c6fb-4476-a0ee-8175d291dde0/1759320000.0_mean_300.0_v3" 404 70 "GET http://172.18.0.2:8080/v1/AUTH_ce18edd7d4214c89bce7bbc869acf587/gnocchi.69971d6f-c6fb-4476-a0ee-8175d291dde0/1759320000.0_mean_300.0_v3" "tx2b0dc5320f1a42b288bbe-0068dffe1c" "proxy-server 20" 0.0005 "-" 22 0
Oct 3 16:47:24 standalone proxy-server[132077]: 172.18.0.2 172.18.0.100 03/Oct/2025/16/47/24 GET /v1/AUTH_ce18edd7d4214c89bce7bbc869acf587/gnocchi.69971d6f-c6fb-4476-a0ee-8175d291dde0/1759320000.0_mean_300.0_v3 HTTP/1.0 404 - python-swiftclient-3.11.1 gAAAAABo3_1uBlzC... - 70 - tx2b0dc5320f1a42b288bbe-0068dffe1c - 0.0077 - - 1759510044.194370747 1759510044.202118158 0
Oct 3 16:47:24 standalone container-server[129876]: 172.20.0.100 - - [03/Oct/2025:16:47:24 +0000] "PUT /d1/651/AUTH_ce18edd7d4214c89bce7bbc869acf587/gnocchi.69971d6f-c6fb-4476-a0ee-8175d291dde0/1759320000.0_mean_300.0_v3" 201 - "PUT http://172.18.0.2:8080/d1/734/AUTH_ce18edd7d4214c89bce7bbc869acf587/gnocchi.69971d6f-c6fb-4476-a0ee-8175d291dde0/1759320000.0_mean_300.0_v3" "tx027618649999486ba80ef-0068dffe1c" "object-server 22" 0.0009 "-" 23 0
Oct 3 16:47:24 standalone object-server[130063]: 172.20.0.100 - - [03/Oct/2025:16:47:24 +0000] "PUT /d1/734/AUTH_ce18edd7d4214c89bce7bbc869acf587/gnocchi.69971d6f-c6fb-4476-a0ee-8175d291dde0/1759320000.0_mean_300.0_v3" 201 - "PUT http://172.18.0.2:8080/v1/AUTH_ce18edd7d4214c89bce7bbc869acf587/gnocchi.69971d6f-c6fb-4476-a0ee-8175d291dde0/1759320000.0_mean_300.0_v3" "tx027618649999486ba80ef-0068dffe1c" "proxy-server 20" 0.0107 "-" 22 0
Oct 3 16:47:24 standalone proxy-server[132077]: 172.18.0.2 172.18.0.100 03/Oct/2025/16/47/24 PUT /v1/AUTH_ce18edd7d4214c89bce7bbc869acf587/gnocchi.69971d6f-c6fb-4476-a0ee-8175d291dde0/1759320000.0_mean_300.0_v3 HTTP/1.0 201 - python-swiftclient-3.11.1 gAAAAABo3_1uBlzC... 16 - - tx027618649999486ba80ef-0068dffe1c - 0.0178 - - 1759510044.205986500 1759510044.223776579 0
Oct 3 16:47:24 standalone container-server[129842]: 172.20.0.100 - - [03/Oct/2025:16:47:24 +0000] "PUT /d1/651/AUTH_ce18edd7d4214c89bce7bbc869acf587/gnocchi.69971d6f-c6fb-4476-a0ee-8175d291dde0/none_v3" 201 - "PUT http://172.18.0.2:8080/d1/315/AUTH_ce18edd7d4214c89bce7bbc869acf587/gnocchi.69971d6f-c6fb-4476-a0ee-8175d291dde0/none_v3" "tx42aec1d3313d4652b7839-0068dffe1c" "object-server 23" 0.0006 "-" 20 0
Oct 3 16:47:24 standalone object-server[130064]: 172.20.0.100 - - [03/Oct/2025:16:47:24 +0000] "PUT /d1/315/AUTH_ce18edd7d4214c89bce7bbc869acf587/gnocchi.69971d6f-c6fb-4476-a0ee-8175d291dde0/none_v3" 201 - "PUT http://172.18.0.2:8080/v1/AUTH_ce18edd7d4214c89bce7bbc869acf587/gnocchi.69971d6f-c6fb-4476-a0ee-8175d291dde0/none_v3" "tx42aec1d3313d4652b7839-0068dffe1c" "proxy-server 20" 0.0116 "-" 23 0
Oct 3 16:47:24 standalone proxy-server[132077]: 172.18.0.2 172.18.0.100 03/Oct/2025/16/47/24 PUT /v1/AUTH_ce18edd7d4214c89bce7bbc869acf587/gnocchi.69971d6f-c6fb-4476-a0ee-8175d291dde0/none_v3 HTTP/1.0 201 - python-swiftclient-3.11.1 gAAAAABo3_1uBlzC... 22 - - tx42aec1d3313d4652b7839-0068dffe1c - 0.0211 - - 1759510044.227696419 1759510044.248798609 0
Oct 3 16:47:24 standalone container-server[129842]: 172.20.0.100 - - [03/Oct/2025:16:47:24 +0000] "HEAD /d1/956/AUTH_ce18edd7d4214c89bce7bbc869acf587/gnocchi.b6186880-cb83-4c88-b4c1-c06318c66e64" 404 - "HEAD http://172.18.0.2:8080/v1/AUTH_ce18edd7d4214c89bce7bbc869acf587/gnocchi.b6186880-cb83-4c88-b4c1-c06318c66e64?format=json&states=listing" "txd06da35296ff42c0bc48f-0068dffe1c" "proxy-server 20" 0.0004 "-" 20 0
Oct 3 16:47:24 standalone object-server[130058]: 172.20.0.100 - - [03/Oct/2025:16:47:24 +0000] "GET /d1/149/AUTH_ce18edd7d4214c89bce7bbc869acf587/gnocchi.b6186880-cb83-4c88-b4c1-c06318c66e64/none_v3" 404 70 "GET http://172.18.0.2:8080/v1/AUTH_ce18edd7d4214c89bce7bbc869acf587/gnocchi.b6186880-cb83-4c88-b4c1-c06318c66e64/none_v3" "txd06da35296ff42c0bc48f-0068dffe1c" "proxy-server 20" 0.0005 "-" 21 0
Oct 3 16:47:24 standalone proxy-server[132077]: 172.18.0.2 172.18.0.100 03/Oct/2025/16/47/24 GET /v1/AUTH_ce18edd7d4214c89bce7bbc869acf587/gnocchi.b6186880-cb83-4c88-b4c1-c06318c66e64/none_v3 HTTP/1.0 404 - python-swiftclient-3.11.1 gAAAAABo3_1uBlzC... - 70 - txd06da35296ff42c0bc48f-0068dffe1c - 0.0142 - - 1759510044.267776728 1759510044.281968594 0
Oct 3 16:47:24 standalone account-server[129824]: 172.20.0.100 - - [03/Oct/2025:16:47:24 +0000] "PUT /d1/335/AUTH_ce18edd7d4214c89bce7bbc869acf587/gnocchi.b6186880-cb83-4c88-b4c1-c06318c66e64" 201 - "PUT http://172.20.0.100:6001/d1/956/AUTH_ce18edd7d4214c89bce7bbc869acf587/gnocchi.b6186880-cb83-4c88-b4c1-c06318c66e64" "txc6910e0689b24017a1212-0068dffe1c" "container-server 23" 0.0059 "-" 22 0
Oct 3 16:47:24 standalone container-server[129876]: 172.20.0.100 - - [03/Oct/2025:16:47:24 +0000] "PUT /d1/956/AUTH_ce18edd7d4214c89bce7bbc869acf587/gnocchi.b6186880-cb83-4c88-b4c1-c06318c66e64" 201 - "PUT http://172.18.0.2:8080/v1/AUTH_ce18edd7d4214c89bce7bbc869acf587/gnocchi.b6186880-cb83-4c88-b4c1-c06318c66e64" "txc6910e0689b24017a1212-0068dffe1c" "proxy-server 20" 0.0211 "-" 23 0
Oct 3 16:47:24 standalone proxy-server[132077]: 172.18.0.2 172.18.0.100 03/Oct/2025/16/47/24 PUT /v1/AUTH_ce18edd7d4214c89bce7bbc869acf587/gnocchi.b6186880-cb83-4c88-b4c1-c06318c66e64 HTTP/1.0 201 - python-swiftclient-3.11.1 gAAAAABo3_1uBlzC... - - - txc6910e0689b24017a1212-0068dffe1c - 0.0282 - - 1759510044.286081553 1759510044.314281225 0
Oct 3 16:47:24 standalone container-server[129876]: 172.20.0.100 - - [03/Oct/2025:16:47:24 +0000] "HEAD /d1/956/AUTH_ce18edd7d4214c89bce7bbc869acf587/gnocchi.b6186880-cb83-4c88-b4c1-c06318c66e64" 204 - "HEAD http://172.18.0.2:8080/v1/AUTH_ce18edd7d4214c89bce7bbc869acf587/gnocchi.b6186880-cb83-4c88-b4c1-c06318c66e64?format=json&states=listing" "tx9f6b4a99a1664ef4a5584-0068dffe1c" "proxy-server 20" 0.0021 "-" 23 0
Oct 3 16:47:24 standalone proxy-server[132077]: - - 03/Oct/2025/16/47/24 HEAD /v1/AUTH_ce18edd7d4214c89bce7bbc869acf587/gnocchi.b6186880-cb83-4c88-b4c1-c06318c66e64%3Fformat%3Djson%26states%3Dlisting HTTP/1.0 204 - Swift - - - - tx9f6b4a99a1664ef4a5584-0068dffe1c - 0.0051 RL - 1759510044.319616318 1759510044.324717522 0
Oct 3 16:47:24 standalone container-server[129844]: 172.20.0.100 - - [03/Oct/2025:16:47:24 +0000] "GET /d1/956/AUTH_ce18edd7d4214c89bce7bbc869acf587/gnocchi.b6186880-cb83-4c88-b4c1-c06318c66e64" 200 2 "GET http://172.18.0.2:8080/v1/AUTH_ce18edd7d4214c89bce7bbc869acf587/gnocchi.b6186880-cb83-4c88-b4c1-c06318c66e64?format=json&states=listing" "tx9f6b4a99a1664ef4a5584-0068dffe1c" "proxy-server 20" 0.0034 "-" 21 0
Oct 3 16:47:24 standalone proxy-server[132077]: 172.18.0.2 172.18.0.100 03/Oct/2025/16/47/24 GET /v1/AUTH_ce18edd7d4214c89bce7bbc869acf587/gnocchi.b6186880-cb83-4c88-b4c1-c06318c66e64%3Fformat%3Djson%26states%3Dlisting HTTP/1.0 200 - python-swiftclient-3.11.1 gAAAAABo3_1uBlzC... - 2 - tx9f6b4a99a1664ef4a5584-0068dffe1c - 0.0143 - - 1759510044.318657398 1759510044.332936049 0
Oct 3 16:47:24 standalone object-server[130066]: 172.20.0.100 - - [03/Oct/2025:16:47:24 +0000] "GET /d1/197/AUTH_ce18edd7d4214c89bce7bbc869acf587/gnocchi.b6186880-cb83-4c88-b4c1-c06318c66e64/1759320000.0_mean_300.0_v3" 404 70 "GET http://172.18.0.2:8080/v1/AUTH_ce18edd7d4214c89bce7bbc869acf587/gnocchi.b6186880-cb83-4c88-b4c1-c06318c66e64/1759320000.0_mean_300.0_v3" "txc8c8800e8b9244e199bf6-0068dffe1c" "proxy-server 20" 0.0006 "-" 24 0
Oct 3 16:47:24 standalone proxy-server[132077]: 172.18.0.2 172.18.0.100 03/Oct/2025/16/47/24 GET /v1/AUTH_ce18edd7d4214c89bce7bbc869acf587/gnocchi.b6186880-cb83-4c88-b4c1-c06318c66e64/1759320000.0_mean_300.0_v3 HTTP/1.0 404 - python-swiftclient-3.11.1 gAAAAABo3_1uBlzC... - 70 - txc8c8800e8b9244e199bf6-0068dffe1c - 0.0051 - - 1759510044.337478161 1759510044.342532396 0
Oct 3 16:47:24 standalone container-server[129842]: 172.20.0.100 - - [03/Oct/2025:16:47:24 +0000] "PUT /d1/956/AUTH_ce18edd7d4214c89bce7bbc869acf587/gnocchi.b6186880-cb83-4c88-b4c1-c06318c66e64/1759320000.0_mean_300.0_v3" 201 - "PUT http://172.18.0.2:8080/d1/197/AUTH_ce18edd7d4214c89bce7bbc869acf587/gnocchi.b6186880-cb83-4c88-b4c1-c06318c66e64/1759320000.0_mean_300.0_v3" "tx47893512efeb4f58969c7-0068dffe1c" "object-server 24" 0.0008 "-" 20 0
Oct 3 16:47:24 standalone object-server[130066]: 172.20.0.100 - - [03/Oct/2025:16:47:24 +0000] "PUT /d1/197/AUTH_ce18edd7d4214c89bce7bbc869acf587/gnocchi.b6186880-cb83-4c88-b4c1-c06318c66e64/1759320000.0_mean_300.0_v3" 201 - "PUT http://172.18.0.2:8080/v1/AUTH_ce18edd7d4214c89bce7bbc869acf587/gnocchi.b6186880-cb83-4c88-b4c1-c06318c66e64/1759320000.0_mean_300.0_v3" "tx47893512efeb4f58969c7-0068dffe1c" "proxy-server 20" 0.0112 "-" 24 0
Oct 3 16:47:24 standalone proxy-server[132077]: 172.18.0.2 172.18.0.100 03/Oct/2025/16/47/24 PUT /v1/AUTH_ce18edd7d4214c89bce7bbc869acf587/gnocchi.b6186880-cb83-4c88-b4c1-c06318c66e64/1759320000.0_mean_300.0_v3 HTTP/1.0 201 - python-swiftclient-3.11.1 gAAAAABo3_1uBlzC... 16 - - tx47893512efeb4f58969c7-0068dffe1c - 0.0164 - - 1759510044.346054077 1759510044.362425327 0
Oct 3 16:47:24 standalone container-server[129872]: 172.20.0.100 - - [03/Oct/2025:16:47:24 +0000] "PUT /d1/956/AUTH_ce18edd7d4214c89bce7bbc869acf587/gnocchi.b6186880-cb83-4c88-b4c1-c06318c66e64/none_v3" 201 - "PUT http://172.18.0.2:8080/d1/149/AUTH_ce18edd7d4214c89bce7bbc869acf587/gnocchi.b6186880-cb83-4c88-b4c1-c06318c66e64/none_v3" "txa6b47ada786043f4b5bda-0068dffe1c" "object-server 24" 0.0008 "-" 22 0
Oct 3 16:47:24 standalone object-server[130066]: 172.20.0.100 - - [03/Oct/2025:16:47:24 +0000] "PUT /d1/149/AUTH_ce18edd7d4214c89bce7bbc869acf587/gnocchi.b6186880-cb83-4c88-b4c1-c06318c66e64/none_v3" 201 - "PUT http://172.18.0.2:8080/v1/AUTH_ce18edd7d4214c89bce7bbc869acf587/gnocchi.b6186880-cb83-4c88-b4c1-c06318c66e64/none_v3" "txa6b47ada786043f4b5bda-0068dffe1c" "proxy-server 20" 0.0112 "-" 24 0
Oct 3 16:47:24 standalone proxy-server[132077]: 172.18.0.2 172.18.0.100 03/Oct/2025/16/47/24 PUT /v1/AUTH_ce18edd7d4214c89bce7bbc869acf587/gnocchi.b6186880-cb83-4c88-b4c1-c06318c66e64/none_v3 HTTP/1.0 201 - python-swiftclient-3.11.1 gAAAAABo3_1uBlzC... 22 - - txa6b47ada786043f4b5bda-0068dffe1c - 0.0157 - - 1759510044.365643263 1759510044.381390333 0
Oct 3 16:47:24 standalone container-server[129876]: 172.20.0.100 - - [03/Oct/2025:16:47:24 +0000] "HEAD /d1/34/AUTH_ce18edd7d4214c89bce7bbc869acf587/gnocchi.fd97311b-3e64-4cf9-9d84-cb4d5b6202e8" 404 - "HEAD http://172.18.0.2:8080/v1/AUTH_ce18edd7d4214c89bce7bbc869acf587/gnocchi.fd97311b-3e64-4cf9-9d84-cb4d5b6202e8?format=json&states=listing" "txb1b09b1f42c24551a6a12-0068dffe1c" "proxy-server 20" 0.0004 "-" 23 0
Oct 3 16:47:24 standalone object-server[130064]: 172.20.0.100 - - [03/Oct/2025:16:47:24 +0000] "GET /d1/395/AUTH_ce18edd7d4214c89bce7bbc869acf587/gnocchi.fd97311b-3e64-4cf9-9d84-cb4d5b6202e8/none_v3" 404 70 "GET http://172.18.0.2:8080/v1/AUTH_ce18edd7d4214c89bce7bbc869acf587/gnocchi.fd97311b-3e64-4cf9-9d84-cb4d5b6202e8/none_v3" "txb1b09b1f42c24551a6a12-0068dffe1c" "proxy-server 20" 0.0005 "-" 23 0
Oct 3 16:47:24 standalone proxy-server[132077]: 172.18.0.2 172.18.0.100 03/Oct/2025/16/47/24 GET /v1/AUTH_ce18edd7d4214c89bce7bbc869acf587/gnocchi.fd97311b-3e64-4cf9-9d84-cb4d5b6202e8/none_v3 HTTP/1.0 404 - python-swiftclient-3.11.1 gAAAAABo3_1uBlzC... - 70 - txb1b09b1f42c24551a6a12-0068dffe1c - 0.0130 - - 1759510044.399074316 1759510044.412054539 0
Oct 3 16:47:24 standalone account-server[129803]: 172.20.0.100 - - [03/Oct/2025:16:47:24 +0000] "PUT /d1/335/AUTH_ce18edd7d4214c89bce7bbc869acf587/gnocchi.fd97311b-3e64-4cf9-9d84-cb4d5b6202e8" 201 - "PUT http://172.20.0.100:6001/d1/34/AUTH_ce18edd7d4214c89bce7bbc869acf587/gnocchi.fd97311b-3e64-4cf9-9d84-cb4d5b6202e8" "tx71f7bf33098f404dbf62d-0068dffe1c" "container-server 23" 0.0057 "-" 20 0
Oct 3 16:47:24 standalone container-server[129876]: 172.20.0.100 - - [03/Oct/2025:16:47:24 +0000] "PUT /d1/34/AUTH_ce18edd7d4214c89bce7bbc869acf587/gnocchi.fd97311b-3e64-4cf9-9d84-cb4d5b6202e8" 201 - "PUT http://172.18.0.2:8080/v1/AUTH_ce18edd7d4214c89bce7bbc869acf587/gnocchi.fd97311b-3e64-4cf9-9d84-cb4d5b6202e8" "tx71f7bf33098f404dbf62d-0068dffe1c" "proxy-server 20" 0.0157 "-" 23 0
Oct 3 16:47:24 standalone proxy-server[132077]: 172.18.0.2 172.18.0.100 03/Oct/2025/16/47/24 PUT /v1/AUTH_ce18edd7d4214c89bce7bbc869acf587/gnocchi.fd97311b-3e64-4cf9-9d84-cb4d5b6202e8 HTTP/1.0 201 - python-swiftclient-3.11.1 gAAAAABo3_1uBlzC... - - - tx71f7bf33098f404dbf62d-0068dffe1c - 0.0218 - - 1759510044.415847063 1759510044.437615156 0
Oct 3 16:47:24 standalone container-server[129842]: 172.20.0.100 - - [03/Oct/2025:16:47:24 +0000] "HEAD /d1/34/AUTH_ce18edd7d4214c89bce7bbc869acf587/gnocchi.fd97311b-3e64-4cf9-9d84-cb4d5b6202e8" 204 - "HEAD http://172.18.0.2:8080/v1/AUTH_ce18edd7d4214c89bce7bbc869acf587/gnocchi.fd97311b-3e64-4cf9-9d84-cb4d5b6202e8?format=json&states=listing" "tx9ef89358e51f4e609e05a-0068dffe1c" "proxy-server 20" 0.0022 "-" 20 0
Oct 3 16:47:24 standalone proxy-server[132077]: - - 03/Oct/2025/16/47/24 HEAD /v1/AUTH_ce18edd7d4214c89bce7bbc869acf587/gnocchi.fd97311b-3e64-4cf9-9d84-cb4d5b6202e8%3Fformat%3Djson%26states%3Dlisting HTTP/1.0 204 - Swift - - - - tx9ef89358e51f4e609e05a-0068dffe1c - 0.0072 RL - 1759510044.476483345 1759510044.483679056 0
Oct 3 16:47:24 standalone container-server[129872]: 172.20.0.100 - - [03/Oct/2025:16:47:24 +0000] "GET /d1/34/AUTH_ce18edd7d4214c89bce7bbc869acf587/gnocchi.fd97311b-3e64-4cf9-9d84-cb4d5b6202e8" 200 2 "GET http://172.18.0.2:8080/v1/AUTH_ce18edd7d4214c89bce7bbc869acf587/gnocchi.fd97311b-3e64-4cf9-9d84-cb4d5b6202e8?format=json&states=listing" "tx9ef89358e51f4e609e05a-0068dffe1c" "proxy-server 20" 0.0034 "-" 22 0
Oct 3 16:47:24 standalone proxy-server[132077]: 172.18.0.2 172.18.0.100 03/Oct/2025/16/47/24 GET /v1/AUTH_ce18edd7d4214c89bce7bbc869acf587/gnocchi.fd97311b-3e64-4cf9-9d84-cb4d5b6202e8%3Fformat%3Djson%26states%3Dlisting HTTP/1.0 200 - python-swiftclient-3.11.1 gAAAAABo3_1uBlzC... - 2 - tx9ef89358e51f4e609e05a-0068dffe1c - 0.0216 - - 1759510044.474436522 1759510044.496021986 0
Oct 3 16:47:24 standalone object-server[130058]: 172.20.0.100 - - [03/Oct/2025:16:47:24 +0000] "GET /d1/396/AUTH_ce18edd7d4214c89bce7bbc869acf587/gnocchi.fd97311b-3e64-4cf9-9d84-cb4d5b6202e8/1759320000.0_mean_300.0_v3" 404 70 "GET http://172.18.0.2:8080/v1/AUTH_ce18edd7d4214c89bce7bbc869acf587/gnocchi.fd97311b-3e64-4cf9-9d84-cb4d5b6202e8/1759320000.0_mean_300.0_v3" "txf7e8323ae24f4552b8e1c-0068dffe1c" "proxy-server 20" 0.0004 "-" 21 0
Oct 3 16:47:24 standalone proxy-server[132077]: 172.18.0.2 172.18.0.100 03/Oct/2025/16/47/24 GET /v1/AUTH_ce18edd7d4214c89bce7bbc869acf587/gnocchi.fd97311b-3e64-4cf9-9d84-cb4d5b6202e8/1759320000.0_mean_300.0_v3 HTTP/1.0 404 - python-swiftclient-3.11.1 gAAAAABo3_1uBlzC... - 70 - txf7e8323ae24f4552b8e1c-0068dffe1c - 0.0113 - - 1759510044.501888275 1759510044.513171673 0
Oct 3 16:47:24 standalone container-server[129872]: 172.20.0.100 - - [03/Oct/2025:16:47:24 +0000] "PUT /d1/34/AUTH_ce18edd7d4214c89bce7bbc869acf587/gnocchi.fd97311b-3e64-4cf9-9d84-cb4d5b6202e8/1759320000.0_mean_300.0_v3" 201 - "PUT http://172.18.0.2:8080/d1/396/AUTH_ce18edd7d4214c89bce7bbc869acf587/gnocchi.fd97311b-3e64-4cf9-9d84-cb4d5b6202e8/1759320000.0_mean_300.0_v3" "txee2c50b6b16643fea0165-0068dffe1c" "object-server 24" 0.0009 "-" 22 0
Oct 3 16:47:24 standalone object-server[130066]: 172.20.0.100 - - [03/Oct/2025:16:47:24 +0000] "PUT /d1/396/AUTH_ce18edd7d4214c89bce7bbc869acf587/gnocchi.fd97311b-3e64-4cf9-9d84-cb4d5b6202e8/1759320000.0_mean_300.0_v3" 201 - "PUT http://172.18.0.2:8080/v1/AUTH_ce18edd7d4214c89bce7bbc869acf587/gnocchi.fd97311b-3e64-4cf9-9d84-cb4d5b6202e8/1759320000.0_mean_300.0_v3" "txee2c50b6b16643fea0165-0068dffe1c" "proxy-server 20" 0.0110 "-" 24 0
Oct 3 16:47:24 standalone proxy-server[132077]: 172.18.0.2 172.18.0.100 03/Oct/2025/16/47/24 PUT /v1/AUTH_ce18edd7d4214c89bce7bbc869acf587/gnocchi.fd97311b-3e64-4cf9-9d84-cb4d5b6202e8/1759320000.0_mean_300.0_v3 HTTP/1.0 201 - python-swiftclient-3.11.1 gAAAAABo3_1uBlzC... 16 - - txee2c50b6b16643fea0165-0068dffe1c - 0.0184 - - 1759510044.517442465 1759510044.535866976 0
Oct 3 16:47:24 standalone container-server[129844]: 172.20.0.100 - - [03/Oct/2025:16:47:24 +0000] "PUT /d1/34/AUTH_ce18edd7d4214c89bce7bbc869acf587/gnocchi.fd97311b-3e64-4cf9-9d84-cb4d5b6202e8/none_v3" 201 - "PUT http://172.18.0.2:8080/d1/395/AUTH_ce18edd7d4214c89bce7bbc869acf587/gnocchi.fd97311b-3e64-4cf9-9d84-cb4d5b6202e8/none_v3" "txea60b09d99334190a8aa3-0068dffe1c" "object-server 23" 0.0010 "-" 21 0
Oct 3 16:47:24 standalone object-server[130064]: 172.20.0.100 - - [03/Oct/2025:16:47:24 +0000] "PUT /d1/395/AUTH_ce18edd7d4214c89bce7bbc869acf587/gnocchi.fd97311b-3e64-4cf9-9d84-cb4d5b6202e8/none_v3" 201 - "PUT http://172.18.0.2:8080/v1/AUTH_ce18edd7d4214c89bce7bbc869acf587/gnocchi.fd97311b-3e64-4cf9-9d84-cb4d5b6202e8/none_v3" "txea60b09d99334190a8aa3-0068dffe1c" "proxy-server 20" 0.0125 "-" 23 0
Oct 3 16:47:24 standalone proxy-server[132077]: 172.18.0.2 172.18.0.100 03/Oct/2025/16/47/24 PUT /v1/AUTH_ce18edd7d4214c89bce7bbc869acf587/gnocchi.fd97311b-3e64-4cf9-9d84-cb4d5b6202e8/none_v3 HTTP/1.0 201 - python-swiftclient-3.11.1 gAAAAABo3_1uBlzC... 22 - - txea60b09d99334190a8aa3-0068dffe1c - 0.0211 - - 1759510044.539749622 1759510044.560884953 0
Oct 3 16:47:24 standalone container-server[129842]: 172.20.0.100 - - [03/Oct/2025:16:47:24 +0000] "HEAD /d1/389/AUTH_ce18edd7d4214c89bce7bbc869acf587/gnocchi.7c9e0a59-1465-43e6-b2a1-9e87818fe0ea" 404 - "HEAD http://172.18.0.2:8080/v1/AUTH_ce18edd7d4214c89bce7bbc869acf587/gnocchi.7c9e0a59-1465-43e6-b2a1-9e87818fe0ea?format=json&states=listing" "txd06572af964d4a7fbf052-0068dffe1c" "proxy-server 20" 0.0006 "-" 20 0
Oct 3 16:47:24 standalone object-server[130064]: 172.20.0.100 - - [03/Oct/2025:16:47:24 +0000] "GET /d1/797/AUTH_ce18edd7d4214c89bce7bbc869acf587/gnocchi.7c9e0a59-1465-43e6-b2a1-9e87818fe0ea/none_v3" 404 70 "GET http://172.18.0.2:8080/v1/AUTH_ce18edd7d4214c89bce7bbc869acf587/gnocchi.7c9e0a59-1465-43e6-b2a1-9e87818fe0ea/none_v3" "txd06572af964d4a7fbf052-0068dffe1c" "proxy-server 20" 0.0006 "-" 23 0
Oct 3 16:47:24 standalone proxy-server[132077]: 172.18.0.2 172.18.0.100 03/Oct/2025/16/47/24 GET /v1/AUTH_ce18edd7d4214c89bce7bbc869acf587/gnocchi.7c9e0a59-1465-43e6-b2a1-9e87818fe0ea/none_v3 HTTP/1.0 404 - python-swiftclient-3.11.1 gAAAAABo3_1uBlzC... - 70 - txd06572af964d4a7fbf052-0068dffe1c - 0.0143 - - 1759510044.575382471 1759510044.589719057 0
Oct 3 16:47:24 standalone account-server[129826]: 172.20.0.100 - - [03/Oct/2025:16:47:24 +0000] "PUT /d1/335/AUTH_ce18edd7d4214c89bce7bbc869acf587/gnocchi.7c9e0a59-1465-43e6-b2a1-9e87818fe0ea" 201 - "PUT http://172.20.0.100:6001/d1/389/AUTH_ce18edd7d4214c89bce7bbc869acf587/gnocchi.7c9e0a59-1465-43e6-b2a1-9e87818fe0ea" "tx9e0b55db4cae4129b45b3-0068dffe1c" "container-server 22" 0.0060 "-" 23 0
Oct 3 16:47:24 standalone container-server[129872]: 172.20.0.100 - - [03/Oct/2025:16:47:24 +0000] "PUT /d1/389/AUTH_ce18edd7d4214c89bce7bbc869acf587/gnocchi.7c9e0a59-1465-43e6-b2a1-9e87818fe0ea" 201 - "PUT http://172.18.0.2:8080/v1/AUTH_ce18edd7d4214c89bce7bbc869acf587/gnocchi.7c9e0a59-1465-43e6-b2a1-9e87818fe0ea" "tx9e0b55db4cae4129b45b3-0068dffe1c" "proxy-server 20" 0.0187 "-" 22 0
Oct 3 16:47:24 standalone proxy-server[132077]: 172.18.0.2 172.18.0.100 03/Oct/2025/16/47/24 PUT /v1/AUTH_ce18edd7d4214c89bce7bbc869acf587/gnocchi.7c9e0a59-1465-43e6-b2a1-9e87818fe0ea HTTP/1.0 201 - python-swiftclient-3.11.1 gAAAAABo3_1uBlzC... - - - tx9e0b55db4cae4129b45b3-0068dffe1c - 0.0270 - - 1759510044.593459606 1759510044.620505810 0
Oct 3 16:47:24 standalone container-server[129872]: 172.20.0.100 - - [03/Oct/2025:16:47:24 +0000] "HEAD /d1/389/AUTH_ce18edd7d4214c89bce7bbc869acf587/gnocchi.7c9e0a59-1465-43e6-b2a1-9e87818fe0ea" 204 - "HEAD http://172.18.0.2:8080/v1/AUTH_ce18edd7d4214c89bce7bbc869acf587/gnocchi.7c9e0a59-1465-43e6-b2a1-9e87818fe0ea?format=json&states=listing" "tx7f5a383e8a274263bd14f-0068dffe1c" "proxy-server 20" 0.0022 "-" 22 0
Oct 3 16:47:24 standalone proxy-server[132077]: - - 03/Oct/2025/16/47/24 HEAD /v1/AUTH_ce18edd7d4214c89bce7bbc869acf587/gnocchi.7c9e0a59-1465-43e6-b2a1-9e87818fe0ea%3Fformat%3Djson%26states%3Dlisting HTTP/1.0 204 - Swift - - - - tx7f5a383e8a274263bd14f-0068dffe1c - 0.0080 RL - 1759510044.627161741 1759510044.635112762 0
Oct 3 16:47:24 standalone container-server[129872]: 172.20.0.100 - - [03/Oct/2025:16:47:24 +0000] "GET /d1/389/AUTH_ce18edd7d4214c89bce7bbc869acf587/gnocchi.7c9e0a59-1465-43e6-b2a1-9e87818fe0ea" 200 2 "GET http://172.18.0.2:8080/v1/AUTH_ce18edd7d4214c89bce7bbc869acf587/gnocchi.7c9e0a59-1465-43e6-b2a1-9e87818fe0ea?format=json&states=listing" "tx7f5a383e8a274263bd14f-0068dffe1c" "proxy-server 20" 0.0031 "-" 22 0
Oct 3 16:47:24 standalone proxy-server[132077]: 172.18.0.2 172.18.0.100 03/Oct/2025/16/47/24 GET /v1/AUTH_ce18edd7d4214c89bce7bbc869acf587/gnocchi.7c9e0a59-1465-43e6-b2a1-9e87818fe0ea%3Fformat%3Djson%26states%3Dlisting HTTP/1.0 200 - python-swiftclient-3.11.1 gAAAAABo3_1uBlzC... - 2 - tx7f5a383e8a274263bd14f-0068dffe1c - 0.0223 - - 1759510044.625486612 1759510044.647832870 0
Oct 3 16:47:24 standalone object-server[130066]: 172.20.0.100 - - [03/Oct/2025:16:47:24 +0000] "GET /d1/912/AUTH_ce18edd7d4214c89bce7bbc869acf587/gnocchi.7c9e0a59-1465-43e6-b2a1-9e87818fe0ea/1759320000.0_mean_300.0_v3" 404 70 "GET http://172.18.0.2:8080/v1/AUTH_ce18edd7d4214c89bce7bbc869acf587/gnocchi.7c9e0a59-1465-43e6-b2a1-9e87818fe0ea/1759320000.0_mean_300.0_v3" "tx1fe2471a45b24083b123e-0068dffe1c" "proxy-server 20" 0.0003 "-" 24 0
Oct 3 16:47:24 standalone proxy-server[132077]: 172.18.0.2 172.18.0.100 03/Oct/2025/16/47/24 GET /v1/AUTH_ce18edd7d4214c89bce7bbc869acf587/gnocchi.7c9e0a59-1465-43e6-b2a1-9e87818fe0ea/1759320000.0_mean_300.0_v3 HTTP/1.0 404 - python-swiftclient-3.11.1 gAAAAABo3_1uBlzC... - 70 - tx1fe2471a45b24083b123e-0068dffe1c - 0.0077 - - 1759510044.654066086 1759510044.661798000 0
Oct 3 16:47:24 standalone container-server[129842]: 172.20.0.100 - - [03/Oct/2025:16:47:24 +0000] "PUT /d1/389/AUTH_ce18edd7d4214c89bce7bbc869acf587/gnocchi.7c9e0a59-1465-43e6-b2a1-9e87818fe0ea/1759320000.0_mean_300.0_v3" 201 - "PUT http://172.18.0.2:8080/d1/912/AUTH_ce18edd7d4214c89bce7bbc869acf587/gnocchi.7c9e0a59-1465-43e6-b2a1-9e87818fe0ea/1759320000.0_mean_300.0_v3" "tx23cdb44f79df49a7b44a9-0068dffe1c" "object-server 24" 0.0008 "-" 20 0
Oct 3 16:47:24 standalone object-server[130066]: 172.20.0.100 - - [03/Oct/2025:16:47:24 +0000] "PUT /d1/912/AUTH_ce18edd7d4214c89bce7bbc869acf587/gnocchi.7c9e0a59-1465-43e6-b2a1-9e87818fe0ea/1759320000.0_mean_300.0_v3" 201 - "PUT http://172.18.0.2:8080/v1/AUTH_ce18edd7d4214c89bce7bbc869acf587/gnocchi.7c9e0a59-1465-43e6-b2a1-9e87818fe0ea/1759320000.0_mean_300.0_v3" "tx23cdb44f79df49a7b44a9-0068dffe1c" "proxy-server 20" 0.0114 "-" 24 0
Oct 3 16:47:24 standalone proxy-server[132077]: 172.18.0.2 172.18.0.100 03/Oct/2025/16/47/24 PUT /v1/AUTH_ce18edd7d4214c89bce7bbc869acf587/gnocchi.7c9e0a59-1465-43e6-b2a1-9e87818fe0ea/1759320000.0_mean_300.0_v3 HTTP/1.0 201 - python-swiftclient-3.11.1 gAAAAABo3_1uBlzC... 16 - - tx23cdb44f79df49a7b44a9-0068dffe1c - 0.0191 - - 1759510044.666405678 1759510044.685531616 0
Oct 3 16:47:24 standalone container-server[129872]: 172.20.0.100 - - [03/Oct/2025:16:47:24 +0000] "PUT /d1/389/AUTH_ce18edd7d4214c89bce7bbc869acf587/gnocchi.7c9e0a59-1465-43e6-b2a1-9e87818fe0ea/none_v3" 201 - "PUT http://172.18.0.2:8080/d1/797/AUTH_ce18edd7d4214c89bce7bbc869acf587/gnocchi.7c9e0a59-1465-43e6-b2a1-9e87818fe0ea/none_v3" "tx812a6dee4ca1430ab7678-0068dffe1c" "object-server 22" 0.0008 "-" 22 0
Oct 3 16:47:24 standalone object-server[130063]: 172.20.0.100 - - [03/Oct/2025:16:47:24 +0000] "PUT /d1/797/AUTH_ce18edd7d4214c89bce7bbc869acf587/gnocchi.7c9e0a59-1465-43e6-b2a1-9e87818fe0ea/none_v3" 201 - "PUT http://172.18.0.2:8080/v1/AUTH_ce18edd7d4214c89bce7bbc869acf587/gnocchi.7c9e0a59-1465-43e6-b2a1-9e87818fe0ea/none_v3" "tx812a6dee4ca1430ab7678-0068dffe1c" "proxy-server 20" 0.0152 "-" 22 0
Oct 3 16:47:24 standalone proxy-server[132077]: 172.18.0.2 172.18.0.100 03/Oct/2025/16/47/24 PUT /v1/AUTH_ce18edd7d4214c89bce7bbc869acf587/gnocchi.7c9e0a59-1465-43e6-b2a1-9e87818fe0ea/none_v3 HTTP/1.0 201 - python-swiftclient-3.11.1 gAAAAABo3_1uBlzC... 22 - - tx812a6dee4ca1430ab7678-0068dffe1c - 0.0240 - - 1759510044.689512491 1759510044.713495970 0
Oct 3 16:47:24 standalone container-server[129844]: 172.20.0.100 - - [03/Oct/2025:16:47:24 +0000] "HEAD /d1/1017/AUTH_ce18edd7d4214c89bce7bbc869acf587/gnocchi.e486769a-515e-4f50-87db-b2a1bd7f3b6c" 404 - "HEAD http://172.18.0.2:8080/v1/AUTH_ce18edd7d4214c89bce7bbc869acf587/gnocchi.e486769a-515e-4f50-87db-b2a1bd7f3b6c?format=json&states=listing" "tx310c6e34ff8d4a56a30d0-0068dffe1c" "proxy-server 20" 0.0006 "-" 21 0
