Oct 3 16:45:38 standalone object-server[130064]: 172.20.0.100 - - [03/Oct/2025:16:45:38 +0000] "GET /d1/87/AUTH_ce18edd7d4214c89bce7bbc869acf587/gnocchi.d7494d3e-a54b-4c86-ab78-db64809ffb26/1759320000.0_mean_300.0_v3" 404 70 "GET http://172.18.0.2:8080/v1/AUTH_ce18edd7d4214c89bce7bbc869acf587/gnocchi.d7494d3e-a54b-4c86-ab78-db64809ffb26/1759320000.0_mean_300.0_v3" "txb79954b6b53e44b5afdc8-0068dffdb2" "proxy-server 20" 0.0003 "-" 23 0
Oct 3 16:45:38 standalone proxy-server[132077]: 172.18.0.2 172.18.0.100 03/Oct/2025/16/45/38 GET /v1/AUTH_ce18edd7d4214c89bce7bbc869acf587/gnocchi.d7494d3e-a54b-4c86-ab78-db64809ffb26/1759320000.0_mean_300.0_v3 HTTP/1.0 404 - python-swiftclient-3.11.1 gAAAAABo3_1uBlzC... - 70 - txb79954b6b53e44b5afdc8-0068dffdb2 - 0.0498 - - 1759509938.588830471 1759509938.638623714 0
Oct 3 16:45:38 standalone container-server[129876]: 172.20.0.100 - - [03/Oct/2025:16:45:38 +0000] "PUT /d1/173/AUTH_ce18edd7d4214c89bce7bbc869acf587/gnocchi.d7494d3e-a54b-4c86-ab78-db64809ffb26/1759320000.0_mean_300.0_v3" 201 - "PUT http://172.18.0.2:8080/d1/87/AUTH_ce18edd7d4214c89bce7bbc869acf587/gnocchi.d7494d3e-a54b-4c86-ab78-db64809ffb26/1759320000.0_mean_300.0_v3" "txc32cdfce3cc4486b92c28-0068dffdb2" "object-server 22" 0.0006 "-" 23 0
Oct 3 16:45:38 standalone object-server[130063]: 172.20.0.100 - - [03/Oct/2025:16:45:38 +0000] "PUT /d1/87/AUTH_ce18edd7d4214c89bce7bbc869acf587/gnocchi.d7494d3e-a54b-4c86-ab78-db64809ffb26/1759320000.0_mean_300.0_v3" 201 - "PUT http://172.18.0.2:8080/v1/AUTH_ce18edd7d4214c89bce7bbc869acf587/gnocchi.d7494d3e-a54b-4c86-ab78-db64809ffb26/1759320000.0_mean_300.0_v3" "txc32cdfce3cc4486b92c28-0068dffdb2" "proxy-server 20" 0.0258 "-" 22 0
Oct 3 16:45:38 standalone proxy-server[132077]: 172.18.0.2 172.18.0.100 03/Oct/2025/16/45/38 PUT /v1/AUTH_ce18edd7d4214c89bce7bbc869acf587/gnocchi.d7494d3e-a54b-4c86-ab78-db64809ffb26/1759320000.0_mean_300.0_v3 HTTP/1.0 201 - python-swiftclient-3.11.1 gAAAAABo3_1uBlzC... 16 - - txc32cdfce3cc4486b92c28-0068dffdb2 - 0.0327 - - 1759509938.642172337 1759509938.674856901 0
Oct 3 16:45:38 standalone container-server[129876]: 172.20.0.100 - - [03/Oct/2025:16:45:38 +0000] "PUT /d1/173/AUTH_ce18edd7d4214c89bce7bbc869acf587/gnocchi.d7494d3e-a54b-4c86-ab78-db64809ffb26/none_v3" 201 - "PUT http://172.18.0.2:8080/d1/329/AUTH_ce18edd7d4214c89bce7bbc869acf587/gnocchi.d7494d3e-a54b-4c86-ab78-db64809ffb26/none_v3" "tx412fd1bdc02f4e48837c8-0068dffdb2" "object-server 24" 0.0010 "-" 23 0
Oct 3 16:45:38 standalone object-server[130066]: 172.20.0.100 - - [03/Oct/2025:16:45:38 +0000] "PUT /d1/329/AUTH_ce18edd7d4214c89bce7bbc869acf587/gnocchi.d7494d3e-a54b-4c86-ab78-db64809ffb26/none_v3" 201 - "PUT http://172.18.0.2:8080/v1/AUTH_ce18edd7d4214c89bce7bbc869acf587/gnocchi.d7494d3e-a54b-4c86-ab78-db64809ffb26/none_v3" "tx412fd1bdc02f4e48837c8-0068dffdb2" "proxy-server 20" 0.0146 "-" 24 0
Oct 3 16:45:38 standalone proxy-server[132077]: 172.18.0.2 172.18.0.100 03/Oct/2025/16/45/38 PUT /v1/AUTH_ce18edd7d4214c89bce7bbc869acf587/gnocchi.d7494d3e-a54b-4c86-ab78-db64809ffb26/none_v3 HTTP/1.0 201 - python-swiftclient-3.11.1 gAAAAABo3_1uBlzC... 22 - - tx412fd1bdc02f4e48837c8-0068dffdb2 - 0.0275 - - 1759509938.689049244 1759509938.716557026 0
Oct 3 16:45:38 standalone container-server[129844]: 172.20.0.100 - - [03/Oct/2025:16:45:38 +0000] "HEAD /d1/978/AUTH_ce18edd7d4214c89bce7bbc869acf587/gnocchi.9e891410-a6b5-4e78-a480-3d1594e944d7" 404 - "HEAD http://172.18.0.2:8080/v1/AUTH_ce18edd7d4214c89bce7bbc869acf587/gnocchi.9e891410-a6b5-4e78-a480-3d1594e944d7?format=json&states=listing" "txaff8a4f3cabe4097881d6-0068dffdb2" "proxy-server 20" 0.0006 "-" 21 0
Oct 3 16:45:38 standalone object-server[130063]: 172.20.0.100 - - [03/Oct/2025:16:45:38 +0000] "GET /d1/576/AUTH_ce18edd7d4214c89bce7bbc869acf587/gnocchi.9e891410-a6b5-4e78-a480-3d1594e944d7/none_v3" 404 70 "GET http://172.18.0.2:8080/v1/AUTH_ce18edd7d4214c89bce7bbc869acf587/gnocchi.9e891410-a6b5-4e78-a480-3d1594e944d7/none_v3" "txaff8a4f3cabe4097881d6-0068dffdb2" "proxy-server 20" 0.0005 "-" 22 0
Oct 3 16:45:38 standalone proxy-server[132077]: 172.18.0.2 172.18.0.100 03/Oct/2025/16/45/38 GET /v1/AUTH_ce18edd7d4214c89bce7bbc869acf587/gnocchi.9e891410-a6b5-4e78-a480-3d1594e944d7/none_v3 HTTP/1.0 404 - python-swiftclient-3.11.1 gAAAAABo3_1uBlzC... - 70 - txaff8a4f3cabe4097881d6-0068dffdb2 - 0.0104 - - 1759509938.744909525 1759509938.755332708 0
Oct 3 16:45:38 standalone account-server[129826]: 172.20.0.100 - - [03/Oct/2025:16:45:38 +0000] "PUT /d1/335/AUTH_ce18edd7d4214c89bce7bbc869acf587/gnocchi.9e891410-a6b5-4e78-a480-3d1594e944d7" 201 - "PUT http://172.20.0.100:6001/d1/978/AUTH_ce18edd7d4214c89bce7bbc869acf587/gnocchi.9e891410-a6b5-4e78-a480-3d1594e944d7" "txe2a73eec0531416b870db-0068dffdb2" "container-server 21" 0.0050 "-" 23 0
Oct 3 16:45:38 standalone container-server[129844]: 172.20.0.100 - - [03/Oct/2025:16:45:38 +0000] "PUT /d1/978/AUTH_ce18edd7d4214c89bce7bbc869acf587/gnocchi.9e891410-a6b5-4e78-a480-3d1594e944d7" 201 - "PUT http://172.18.0.2:8080/v1/AUTH_ce18edd7d4214c89bce7bbc869acf587/gnocchi.9e891410-a6b5-4e78-a480-3d1594e944d7" "txe2a73eec0531416b870db-0068dffdb2" "proxy-server 20" 0.0171 "-" 21 0
Oct 3 16:45:38 standalone proxy-server[132077]: 172.18.0.2 172.18.0.100 03/Oct/2025/16/45/38 PUT /v1/AUTH_ce18edd7d4214c89bce7bbc869acf587/gnocchi.9e891410-a6b5-4e78-a480-3d1594e944d7 HTTP/1.0 201 - python-swiftclient-3.11.1 gAAAAABo3_1uBlzC... - - - txe2a73eec0531416b870db-0068dffdb2 - 0.0217 - - 1759509938.763275623 1759509938.784999609 0
Oct 3 16:45:38 standalone container-server[129842]: 172.20.0.100 - - [03/Oct/2025:16:45:38 +0000] "HEAD /d1/978/AUTH_ce18edd7d4214c89bce7bbc869acf587/gnocchi.9e891410-a6b5-4e78-a480-3d1594e944d7" 204 - "HEAD http://172.18.0.2:8080/v1/AUTH_ce18edd7d4214c89bce7bbc869acf587/gnocchi.9e891410-a6b5-4e78-a480-3d1594e944d7?format=json&states=listing" "tx444f4385a6e646d3a3827-0068dffdb2" "proxy-server 20" 0.0047 "-" 20 0
Oct 3 16:45:38 standalone proxy-server[132077]: - - 03/Oct/2025/16/45/38 HEAD /v1/AUTH_ce18edd7d4214c89bce7bbc869acf587/gnocchi.9e891410-a6b5-4e78-a480-3d1594e944d7%3Fformat%3Djson%26states%3Dlisting HTTP/1.0 204 - Swift - - - - tx444f4385a6e646d3a3827-0068dffdb2 - 0.0087 RL - 1759509938.790909290 1759509938.799609184 0
Oct 3 16:45:38 standalone container-server[129844]: 172.20.0.100 - - [03/Oct/2025:16:45:38 +0000] "GET /d1/978/AUTH_ce18edd7d4214c89bce7bbc869acf587/gnocchi.9e891410-a6b5-4e78-a480-3d1594e944d7" 200 2 "GET http://172.18.0.2:8080/v1/AUTH_ce18edd7d4214c89bce7bbc869acf587/gnocchi.9e891410-a6b5-4e78-a480-3d1594e944d7?format=json&states=listing" "tx444f4385a6e646d3a3827-0068dffdb2" "proxy-server 20" 0.0027 "-" 21 0
Oct 3 16:45:38 standalone proxy-server[132077]: 172.18.0.2 172.18.0.100 03/Oct/2025/16/45/38 GET /v1/AUTH_ce18edd7d4214c89bce7bbc869acf587/gnocchi.9e891410-a6b5-4e78-a480-3d1594e944d7%3Fformat%3Djson%26states%3Dlisting HTTP/1.0 200 - python-swiftclient-3.11.1 gAAAAABo3_1uBlzC... - 2 - tx444f4385a6e646d3a3827-0068dffdb2 - 0.0180 - - 1759509938.789853096 1759509938.807828188 0
Oct 3 16:45:38 standalone object-server[130066]: 172.20.0.100 - - [03/Oct/2025:16:45:38 +0000] "GET /d1/899/AUTH_ce18edd7d4214c89bce7bbc869acf587/gnocchi.9e891410-a6b5-4e78-a480-3d1594e944d7/1759320000.0_mean_300.0_v3" 404 70 "GET http://172.18.0.2:8080/v1/AUTH_ce18edd7d4214c89bce7bbc869acf587/gnocchi.9e891410-a6b5-4e78-a480-3d1594e944d7/1759320000.0_mean_300.0_v3" "txdbed226912cf452883ce5-0068dffdb2" "proxy-server 20" 0.0005 "-" 24 0
Oct 3 16:45:38 standalone proxy-server[132077]: 172.18.0.2 172.18.0.100 03/Oct/2025/16/45/38 GET /v1/AUTH_ce18edd7d4214c89bce7bbc869acf587/gnocchi.9e891410-a6b5-4e78-a480-3d1594e944d7/1759320000.0_mean_300.0_v3 HTTP/1.0 404 - python-swiftclient-3.11.1 gAAAAABo3_1uBlzC... - 70 - txdbed226912cf452883ce5-0068dffdb2 - 0.0072 - - 1759509938.812816620 1759509938.819966793 0
Oct 3 16:45:38 standalone container-server[129842]: 172.20.0.100 - - [03/Oct/2025:16:45:38 +0000] "PUT /d1/978/AUTH_ce18edd7d4214c89bce7bbc869acf587/gnocchi.9e891410-a6b5-4e78-a480-3d1594e944d7/1759320000.0_mean_300.0_v3" 201 - "PUT http://172.18.0.2:8080/d1/899/AUTH_ce18edd7d4214c89bce7bbc869acf587/gnocchi.9e891410-a6b5-4e78-a480-3d1594e944d7/1759320000.0_mean_300.0_v3" "tx6136d771c5524e93a13d7-0068dffdb2" "object-server 21" 0.0010 "-" 20 0
Oct 3 16:45:38 standalone object-server[130058]: 172.20.0.100 - - [03/Oct/2025:16:45:38 +0000] "PUT /d1/899/AUTH_ce18edd7d4214c89bce7bbc869acf587/gnocchi.9e891410-a6b5-4e78-a480-3d1594e944d7/1759320000.0_mean_300.0_v3" 201 - "PUT http://172.18.0.2:8080/v1/AUTH_ce18edd7d4214c89bce7bbc869acf587/gnocchi.9e891410-a6b5-4e78-a480-3d1594e944d7/1759320000.0_mean_300.0_v3" "tx6136d771c5524e93a13d7-0068dffdb2" "proxy-server 20" 0.0136 "-" 21 0
Oct 3 16:45:38 standalone proxy-server[132077]: 172.18.0.2 172.18.0.100 03/Oct/2025/16/45/38 PUT /v1/AUTH_ce18edd7d4214c89bce7bbc869acf587/gnocchi.9e891410-a6b5-4e78-a480-3d1594e944d7/1759320000.0_mean_300.0_v3 HTTP/1.0 201 - python-swiftclient-3.11.1 gAAAAABo3_1uBlzC... 16 - - tx6136d771c5524e93a13d7-0068dffdb2 - 0.0197 - - 1759509938.824142694 1759509938.843819618 0
Oct 3 16:45:38 standalone container-server[129872]: 172.20.0.100 - - [03/Oct/2025:16:45:38 +0000] "PUT /d1/978/AUTH_ce18edd7d4214c89bce7bbc869acf587/gnocchi.9e891410-a6b5-4e78-a480-3d1594e944d7/none_v3" 201 - "PUT http://172.18.0.2:8080/d1/576/AUTH_ce18edd7d4214c89bce7bbc869acf587/gnocchi.9e891410-a6b5-4e78-a480-3d1594e944d7/none_v3" "tx92400613cad84b3289ddc-0068dffdb2" "object-server 21" 0.0015 "-" 22 0
Oct 3 16:45:38 standalone object-server[130058]: 172.20.0.100 - - [03/Oct/2025:16:45:38 +0000] "PUT /d1/576/AUTH_ce18edd7d4214c89bce7bbc869acf587/gnocchi.9e891410-a6b5-4e78-a480-3d1594e944d7/none_v3" 201 - "PUT http://172.18.0.2:8080/v1/AUTH_ce18edd7d4214c89bce7bbc869acf587/gnocchi.9e891410-a6b5-4e78-a480-3d1594e944d7/none_v3" "tx92400613cad84b3289ddc-0068dffdb2" "proxy-server 20" 0.0138 "-" 21 0
Oct 3 16:45:38 standalone proxy-server[132077]: 172.18.0.2 172.18.0.100 03/Oct/2025/16/45/38 PUT /v1/AUTH_ce18edd7d4214c89bce7bbc869acf587/gnocchi.9e891410-a6b5-4e78-a480-3d1594e944d7/none_v3 HTTP/1.0 201 - python-swiftclient-3.11.1 gAAAAABo3_1uBlzC... 22 - - tx92400613cad84b3289ddc-0068dffdb2 - 0.0206 - - 1759509938.848194838 1759509938.868823767 0
Oct 3 16:45:38 standalone container-server[129872]: 172.20.0.100 - - [03/Oct/2025:16:45:38 +0000] "HEAD /d1/672/AUTH_ce18edd7d4214c89bce7bbc869acf587/gnocchi.23f5f317-0d21-4ecc-bd6c-b7405f8e775e" 404 - "HEAD http://172.18.0.2:8080/v1/AUTH_ce18edd7d4214c89bce7bbc869acf587/gnocchi.23f5f317-0d21-4ecc-bd6c-b7405f8e775e?format=json&states=listing" "txe5451f4aa1224c0e8ac66-0068dffdb2" "proxy-server 20" 0.0009 "-" 22 0
Oct 3 16:45:38 standalone object-server[130066]: 172.20.0.100 - - [03/Oct/2025:16:45:38 +0000] "GET /d1/580/AUTH_ce18edd7d4214c89bce7bbc869acf587/gnocchi.23f5f317-0d21-4ecc-bd6c-b7405f8e775e/none_v3" 404 70 "GET http://172.18.0.2:8080/v1/AUTH_ce18edd7d4214c89bce7bbc869acf587/gnocchi.23f5f317-0d21-4ecc-bd6c-b7405f8e775e/none_v3" "txe5451f4aa1224c0e8ac66-0068dffdb2" "proxy-server 20" 0.0004 "-" 24 0
Oct 3 16:45:38 standalone proxy-server[132077]: 172.18.0.2 172.18.0.100 03/Oct/2025/16/45/38 GET /v1/AUTH_ce18edd7d4214c89bce7bbc869acf587/gnocchi.23f5f317-0d21-4ecc-bd6c-b7405f8e775e/none_v3 HTTP/1.0 404 - python-swiftclient-3.11.1 gAAAAABo3_1uBlzC... - 70 - txe5451f4aa1224c0e8ac66-0068dffdb2 - 0.0114 - - 1759509938.886162519 1759509938.897551537 0
Oct 3 16:45:38 standalone account-server[129803]: 172.20.0.100 - - [03/Oct/2025:16:45:38 +0000] "PUT /d1/335/AUTH_ce18edd7d4214c89bce7bbc869acf587/gnocchi.23f5f317-0d21-4ecc-bd6c-b7405f8e775e" 201 - "PUT http://172.20.0.100:6001/d1/672/AUTH_ce18edd7d4214c89bce7bbc869acf587/gnocchi.23f5f317-0d21-4ecc-bd6c-b7405f8e775e" "tx3e6e1a6de7d440848c1ec-0068dffdb2" "container-server 22" 0.0050 "-" 20 0
Oct 3 16:45:38 standalone container-server[129872]: 172.20.0.100 - - [03/Oct/2025:16:45:38 +0000] "PUT /d1/672/AUTH_ce18edd7d4214c89bce7bbc869acf587/gnocchi.23f5f317-0d21-4ecc-bd6c-b7405f8e775e" 201 - "PUT http://172.18.0.2:8080/v1/AUTH_ce18edd7d4214c89bce7bbc869acf587/gnocchi.23f5f317-0d21-4ecc-bd6c-b7405f8e775e" "tx3e6e1a6de7d440848c1ec-0068dffdb2" "proxy-server 20" 0.0217 "-" 22 0
Oct 3 16:45:38 standalone proxy-server[132077]: 172.18.0.2 172.18.0.100 03/Oct/2025/16/45/38 PUT /v1/AUTH_ce18edd7d4214c89bce7bbc869acf587/gnocchi.23f5f317-0d21-4ecc-bd6c-b7405f8e775e HTTP/1.0 201 - python-swiftclient-3.11.1 gAAAAABo3_1uBlzC... - - - tx3e6e1a6de7d440848c1ec-0068dffdb2 - 0.0314 - - 1759509938.900550127 1759509938.931943178 0
Oct 3 16:45:38 standalone container-server[129876]: 172.20.0.100 - - [03/Oct/2025:16:45:38 +0000] "HEAD /d1/672/AUTH_ce18edd7d4214c89bce7bbc869acf587/gnocchi.23f5f317-0d21-4ecc-bd6c-b7405f8e775e" 204 - "HEAD http://172.18.0.2:8080/v1/AUTH_ce18edd7d4214c89bce7bbc869acf587/gnocchi.23f5f317-0d21-4ecc-bd6c-b7405f8e775e?format=json&states=listing" "tx1e042354379b45419cef4-0068dffdb2" "proxy-server 20" 0.0015 "-" 23 0
Oct 3 16:45:38 standalone proxy-server[132077]: - - 03/Oct/2025/16/45/38 HEAD /v1/AUTH_ce18edd7d4214c89bce7bbc869acf587/gnocchi.23f5f317-0d21-4ecc-bd6c-b7405f8e775e%3Fformat%3Djson%26states%3Dlisting HTTP/1.0 204 - Swift - - - - tx1e042354379b45419cef4-0068dffdb2 - 0.0068 RL - 1759509938.938287258 1759509938.945123672 0
Oct 3 16:45:38 standalone container-server[129876]: 172.20.0.100 - - [03/Oct/2025:16:45:38 +0000] "GET /d1/672/AUTH_ce18edd7d4214c89bce7bbc869acf587/gnocchi.23f5f317-0d21-4ecc-bd6c-b7405f8e775e" 200 2 "GET http://172.18.0.2:8080/v1/AUTH_ce18edd7d4214c89bce7bbc869acf587/gnocchi.23f5f317-0d21-4ecc-bd6c-b7405f8e775e?format=json&states=listing" "tx1e042354379b45419cef4-0068dffdb2" "proxy-server 20" 0.0022 "-" 23 0
Oct 3 16:45:38 standalone proxy-server[132077]: 172.18.0.2 172.18.0.100 03/Oct/2025/16/45/38 GET /v1/AUTH_ce18edd7d4214c89bce7bbc869acf587/gnocchi.23f5f317-0d21-4ecc-bd6c-b7405f8e775e%3Fformat%3Djson%26states%3Dlisting HTTP/1.0 200 - python-swiftclient-3.11.1 gAAAAABo3_1uBlzC... - 2 - tx1e042354379b45419cef4-0068dffdb2 - 0.0205 - - 1759509938.936393738 1759509938.956903696 0
Oct 3 16:45:38 standalone object-server[130058]: 172.20.0.100 - - [03/Oct/2025:16:45:38 +0000] "GET /d1/295/AUTH_ce18edd7d4214c89bce7bbc869acf587/gnocchi.23f5f317-0d21-4ecc-bd6c-b7405f8e775e/1759320000.0_mean_300.0_v3" 404 70 "GET http://172.18.0.2:8080/v1/AUTH_ce18edd7d4214c89bce7bbc869acf587/gnocchi.23f5f317-0d21-4ecc-bd6c-b7405f8e775e/1759320000.0_mean_300.0_v3" "tx94f364b8a1884e51b14b7-0068dffdb2" "proxy-server 20" 0.0007 "-" 21 0
Oct 3 16:45:38 standalone proxy-server[132077]: 172.18.0.2 172.18.0.100 03/Oct/2025/16/45/38 GET /v1/AUTH_ce18edd7d4214c89bce7bbc869acf587/gnocchi.23f5f317-0d21-4ecc-bd6c-b7405f8e775e/1759320000.0_mean_300.0_v3 HTTP/1.0 404 - python-swiftclient-3.11.1 gAAAAABo3_1uBlzC... - 70 - tx94f364b8a1884e51b14b7-0068dffdb2 - 0.0098 - - 1759509938.964828253 1759509938.974653244 0
Oct 3 16:45:39 standalone container-server[129872]: 172.20.0.100 - - [03/Oct/2025:16:45:39 +0000] "PUT /d1/672/AUTH_ce18edd7d4214c89bce7bbc869acf587/gnocchi.23f5f317-0d21-4ecc-bd6c-b7405f8e775e/1759320000.0_mean_300.0_v3" 201 - "PUT http://172.18.0.2:8080/d1/295/AUTH_ce18edd7d4214c89bce7bbc869acf587/gnocchi.23f5f317-0d21-4ecc-bd6c-b7405f8e775e/1759320000.0_mean_300.0_v3" "txf275b13c67ab4105b1882-0068dffdb2" "object-server 22" 0.0011 "-" 22 0
Oct 3 16:45:39 standalone object-server[130063]: 172.20.0.100 - - [03/Oct/2025:16:45:39 +0000] "PUT /d1/295/AUTH_ce18edd7d4214c89bce7bbc869acf587/gnocchi.23f5f317-0d21-4ecc-bd6c-b7405f8e775e/1759320000.0_mean_300.0_v3" 201 - "PUT http://172.18.0.2:8080/v1/AUTH_ce18edd7d4214c89bce7bbc869acf587/gnocchi.23f5f317-0d21-4ecc-bd6c-b7405f8e775e/1759320000.0_mean_300.0_v3" "txf275b13c67ab4105b1882-0068dffdb2" "proxy-server 20" 0.0196 "-" 22 0
Oct 3 16:45:39 standalone proxy-server[132077]: 172.18.0.2 172.18.0.100 03/Oct/2025/16/45/39 PUT /v1/AUTH_ce18edd7d4214c89bce7bbc869acf587/gnocchi.23f5f317-0d21-4ecc-bd6c-b7405f8e775e/1759320000.0_mean_300.0_v3 HTTP/1.0 201 - python-swiftclient-3.11.1 gAAAAABo3_1uBlzC... 16 - - txf275b13c67ab4105b1882-0068dffdb2 - 0.0292 - - 1759509938.980162621 1759509939.009412050 0
Oct 3 16:45:39 standalone container-server[129876]: 172.20.0.100 - - [03/Oct/2025:16:45:39 +0000] "PUT /d1/672/AUTH_ce18edd7d4214c89bce7bbc869acf587/gnocchi.23f5f317-0d21-4ecc-bd6c-b7405f8e775e/none_v3" 201 - "PUT http://172.18.0.2:8080/d1/580/AUTH_ce18edd7d4214c89bce7bbc869acf587/gnocchi.23f5f317-0d21-4ecc-bd6c-b7405f8e775e/none_v3" "txe3415f1ea7484bbd80077-0068dffdb3" "object-server 24" 0.0012 "-" 23 0
Oct 3 16:45:39 standalone object-server[130066]: 172.20.0.100 - - [03/Oct/2025:16:45:39 +0000] "PUT /d1/580/AUTH_ce18edd7d4214c89bce7bbc869acf587/gnocchi.23f5f317-0d21-4ecc-bd6c-b7405f8e775e/none_v3" 201 - "PUT http://172.18.0.2:8080/v1/AUTH_ce18edd7d4214c89bce7bbc869acf587/gnocchi.23f5f317-0d21-4ecc-bd6c-b7405f8e775e/none_v3" "txe3415f1ea7484bbd80077-0068dffdb3" "proxy-server 20" 0.0157 "-" 24 0
Oct 3 16:45:39 standalone proxy-server[132077]: 172.18.0.2 172.18.0.100 03/Oct/2025/16/45/39 PUT /v1/AUTH_ce18edd7d4214c89bce7bbc869acf587/gnocchi.23f5f317-0d21-4ecc-bd6c-b7405f8e775e/none_v3 HTTP/1.0 201 - python-swiftclient-3.11.1 gAAAAABo3_1uBlzC... 22 - - txe3415f1ea7484bbd80077-0068dffdb3 - 0.0253 - - 1759509939.016416788 1759509939.041682959 0
Oct 3 16:45:39 standalone container-server[129844]: 172.20.0.100 - - [03/Oct/2025:16:45:39 +0000] "HEAD /d1/923/AUTH_ce18edd7d4214c89bce7bbc869acf587/gnocchi.ef16023d-1fd5-4709-b82b-c02caffe36fc" 404 - "HEAD http://172.18.0.2:8080/v1/AUTH_ce18edd7d4214c89bce7bbc869acf587/gnocchi.ef16023d-1fd5-4709-b82b-c02caffe36fc?format=json&states=listing" "tx9c0cfb7b3e8e480495aab-0068dffdb3" "proxy-server 20" 0.0009 "-" 21 0
Oct 3 16:45:39 standalone object-server[130058]: 172.20.0.100 - - [03/Oct/2025:16:45:39 +0000] "GET /d1/740/AUTH_ce18edd7d4214c89bce7bbc869acf587/gnocchi.ef16023d-1fd5-4709-b82b-c02caffe36fc/none_v3" 404 70 "GET http://172.18.0.2:8080/v1/AUTH_ce18edd7d4214c89bce7bbc869acf587/gnocchi.ef16023d-1fd5-4709-b82b-c02caffe36fc/none_v3" "tx9c0cfb7b3e8e480495aab-0068dffdb3" "proxy-server 20" 0.0007 "-" 21 0
Oct 3 16:45:39 standalone proxy-server[132077]: 172.18.0.2 172.18.0.100 03/Oct/2025/16/45/39 GET /v1/AUTH_ce18edd7d4214c89bce7bbc869acf587/gnocchi.ef16023d-1fd5-4709-b82b-c02caffe36fc/none_v3 HTTP/1.0 404 - python-swiftclient-3.11.1 gAAAAABo3_1uBlzC... - 70 - tx9c0cfb7b3e8e480495aab-0068dffdb3 - 0.0167 - - 1759509939.066372156 1759509939.083090067 0
Oct 3 16:45:39 standalone account-server[129824]: 172.20.0.100 - - [03/Oct/2025:16:45:39 +0000] "PUT /d1/335/AUTH_ce18edd7d4214c89bce7bbc869acf587/gnocchi.ef16023d-1fd5-4709-b82b-c02caffe36fc" 201 - "PUT http://172.20.0.100:6001/d1/923/AUTH_ce18edd7d4214c89bce7bbc869acf587/gnocchi.ef16023d-1fd5-4709-b82b-c02caffe36fc" "tx427efea23ca147ae93bf3-0068dffdb3" "container-server 23" 0.0088 "-" 22 0
Oct 3 16:45:39 standalone container-server[129876]: 172.20.0.100 - - [03/Oct/2025:16:45:39 +0000] "PUT /d1/923/AUTH_ce18edd7d4214c89bce7bbc869acf587/gnocchi.ef16023d-1fd5-4709-b82b-c02caffe36fc" 201 - "PUT http://172.18.0.2:8080/v1/AUTH_ce18edd7d4214c89bce7bbc869acf587/gnocchi.ef16023d-1fd5-4709-b82b-c02caffe36fc" "tx427efea23ca147ae93bf3-0068dffdb3" "proxy-server 20" 0.0242 "-" 23 0
Oct 3 16:45:39 standalone proxy-server[132077]: 172.18.0.2 172.18.0.100 03/Oct/2025/16/45/39 PUT /v1/AUTH_ce18edd7d4214c89bce7bbc869acf587/gnocchi.ef16023d-1fd5-4709-b82b-c02caffe36fc HTTP/1.0 201 - python-swiftclient-3.11.1 gAAAAABo3_1uBlzC... - - - tx427efea23ca147ae93bf3-0068dffdb3 - 0.0333 - - 1759509939.089035034 1759509939.122300863 0
Oct 3 16:45:39 standalone container-server[129876]: 172.20.0.100 - - [03/Oct/2025:16:45:39 +0000] "HEAD /d1/923/AUTH_ce18edd7d4214c89bce7bbc869acf587/gnocchi.ef16023d-1fd5-4709-b82b-c02caffe36fc" 204 - "HEAD http://172.18.0.2:8080/v1/AUTH_ce18edd7d4214c89bce7bbc869acf587/gnocchi.ef16023d-1fd5-4709-b82b-c02caffe36fc?format=json&states=listing" "txeb92a77c0bd449558eade-0068dffdb3" "proxy-server 20" 0.0026 "-" 23 0
Oct 3 16:45:39 standalone proxy-server[132077]: - - 03/Oct/2025/16/45/39 HEAD /v1/AUTH_ce18edd7d4214c89bce7bbc869acf587/gnocchi.ef16023d-1fd5-4709-b82b-c02caffe36fc%3Fformat%3Djson%26states%3Dlisting HTTP/1.0 204 - Swift - - - - txeb92a77c0bd449558eade-0068dffdb3 - 0.0088 RL - 1759509939.130674124 1759509939.139425516 0
Oct 3 16:45:39 standalone container-server[129876]: 172.20.0.100 - - [03/Oct/2025:16:45:39 +0000] "GET /d1/923/AUTH_ce18edd7d4214c89bce7bbc869acf587/gnocchi.ef16023d-1fd5-4709-b82b-c02caffe36fc" 200 2 "GET http://172.18.0.2:8080/v1/AUTH_ce18edd7d4214c89bce7bbc869acf587/gnocchi.ef16023d-1fd5-4709-b82b-c02caffe36fc?format=json&states=listing" "txeb92a77c0bd449558eade-0068dffdb3" "proxy-server 20" 0.0047 "-" 23 0
Oct 3 16:45:39 standalone proxy-server[132077]: 172.18.0.2 172.18.0.100 03/Oct/2025/16/45/39 GET /v1/AUTH_ce18edd7d4214c89bce7bbc869acf587/gnocchi.ef16023d-1fd5-4709-b82b-c02caffe36fc%3Fformat%3Djson%26states%3Dlisting HTTP/1.0 200 - python-swiftclient-3.11.1 gAAAAABo3_1uBlzC... - 2 - txeb92a77c0bd449558eade-0068dffdb3 - 0.0272 - - 1759509939.128636360 1759509939.155869961 0
Oct 3 16:45:39 standalone object-server[130066]: 172.20.0.100 - - [03/Oct/2025:16:45:39 +0000] "GET /d1/310/AUTH_ce18edd7d4214c89bce7bbc869acf587/gnocchi.ef16023d-1fd5-4709-b82b-c02caffe36fc/1759320000.0_mean_300.0_v3" 404 70 "GET http://172.18.0.2:8080/v1/AUTH_ce18edd7d4214c89bce7bbc869acf587/gnocchi.ef16023d-1fd5-4709-b82b-c02caffe36fc/1759320000.0_mean_300.0_v3" "tx9a2a5f2b3c1f4b4194d4c-0068dffdb3" "proxy-server 20" 0.0005 "-" 24 0
Oct 3 16:45:39 standalone proxy-server[132077]: 172.18.0.2 172.18.0.100 03/Oct/2025/16/45/39 GET /v1/AUTH_ce18edd7d4214c89bce7bbc869acf587/gnocchi.ef16023d-1fd5-4709-b82b-c02caffe36fc/1759320000.0_mean_300.0_v3 HTTP/1.0 404 - python-swiftclient-3.11.1 gAAAAABo3_1uBlzC... - 70 - tx9a2a5f2b3c1f4b4194d4c-0068dffdb3 - 0.0104 - - 1759509939.163612843 1759509939.173996687 0
Oct 3 16:45:39 standalone container-server[129844]: 172.20.0.100 - - [03/Oct/2025:16:45:39 +0000] "PUT /d1/923/AUTH_ce18edd7d4214c89bce7bbc869acf587/gnocchi.ef16023d-1fd5-4709-b82b-c02caffe36fc/1759320000.0_mean_300.0_v3" 201 - "PUT http://172.18.0.2:8080/d1/310/AUTH_ce18edd7d4214c89bce7bbc869acf587/gnocchi.ef16023d-1fd5-4709-b82b-c02caffe36fc/1759320000.0_mean_300.0_v3" "tx169a86283ed749e9ac40c-0068dffdb3" "object-server 23" 0.0006 "-" 21 0
Oct 3 16:45:39 standalone object-server[130064]: 172.20.0.100 - - [03/Oct/2025:16:45:39 +0000] "PUT /d1/310/AUTH_ce18edd7d4214c89bce7bbc869acf587/gnocchi.ef16023d-1fd5-4709-b82b-c02caffe36fc/1759320000.0_mean_300.0_v3" 201 - "PUT http://172.18.0.2:8080/v1/AUTH_ce18edd7d4214c89bce7bbc869acf587/gnocchi.ef16023d-1fd5-4709-b82b-c02caffe36fc/1759320000.0_mean_300.0_v3" "tx169a86283ed749e9ac40c-0068dffdb3" "proxy-server 20" 0.0119 "-" 23 0
Oct 3 16:45:39 standalone proxy-server[132077]: 172.18.0.2 172.18.0.100 03/Oct/2025/16/45/39 PUT /v1/AUTH_ce18edd7d4214c89bce7bbc869acf587/gnocchi.ef16023d-1fd5-4709-b82b-c02caffe36fc/1759320000.0_mean_300.0_v3 HTTP/1.0 201 - python-swiftclient-3.11.1 gAAAAABo3_1uBlzC... 16 - - tx169a86283ed749e9ac40c-0068dffdb3 - 0.0210 - - 1759509939.179952145 1759509939.200998545 0
Oct 3 16:45:39 standalone container-server[129872]: 172.20.0.100 - - [03/Oct/2025:16:45:39 +0000] "PUT /d1/923/AUTH_ce18edd7d4214c89bce7bbc869acf587/gnocchi.ef16023d-1fd5-4709-b82b-c02caffe36fc/none_v3" 201 - "PUT http://172.18.0.2:8080/d1/740/AUTH_ce18edd7d4214c89bce7bbc869acf587/gnocchi.ef16023d-1fd5-4709-b82b-c02caffe36fc/none_v3" "txb007396e914641968f9a0-0068dffdb3" "object-server 24" 0.0007 "-" 22 0
Oct 3 16:45:39 standalone object-server[130066]: 172.20.0.100 - - [03/Oct/2025:16:45:39 +0000] "PUT /d1/740/AUTH_ce18edd7d4214c89bce7bbc869acf587/gnocchi.ef16023d-1fd5-4709-b82b-c02caffe36fc/none_v3" 201 - "PUT http://172.18.0.2:8080/v1/AUTH_ce18edd7d4214c89bce7bbc869acf587/gnocchi.ef16023d-1fd5-4709-b82b-c02caffe36fc/none_v3" "txb007396e914641968f9a0-0068dffdb3" "proxy-server 20" 0.0148 "-" 24 0
Oct 3 16:45:39 standalone proxy-server[132077]: 172.18.0.2 172.18.0.100 03/Oct/2025/16/45/39 PUT /v1/AUTH_ce18edd7d4214c89bce7bbc869acf587/gnocchi.ef16023d-1fd5-4709-b82b-c02caffe36fc/none_v3 HTTP/1.0 201 - python-swiftclient-3.11.1 gAAAAABo3_1uBlzC... 22 - - txb007396e914641968f9a0-0068dffdb3 - 0.0257 - - 1759509939.206861019 1759509939.232572556 0
Oct 3 16:46:05 standalone container-server[129842]: 172.20.0.100 - - [03/Oct/2025:16:46:05 +0000] "HEAD /d1/373/AUTH_ce18edd7d4214c89bce7bbc869acf587/gnocchi.c9630526-f297-4a86-9b80-8a1a9cc5f846" 404 - "HEAD http://172.18.0.2:8080/v1/AUTH_ce18edd7d4214c89bce7bbc869acf587/gnocchi.c9630526-f297-4a86-9b80-8a1a9cc5f846?format=json&states=listing" "tx241bea5b8a21403fa7f8d-0068dffdcd" "proxy-server 20" 0.0007 "-" 20 0
Oct 3 16:46:05 standalone object-server[130058]: 172.20.0.100 - - [03/Oct/2025:16:46:05 +0000] "GET /d1/473/AUTH_ce18edd7d4214c89bce7bbc869acf587/gnocchi.c9630526-f297-4a86-9b80-8a1a9cc5f846/none_v3" 404 70 "GET http://172.18.0.2:8080/v1/AUTH_ce18edd7d4214c89bce7bbc869acf587/gnocchi.c9630526-f297-4a86-9b80-8a1a9cc5f846/none_v3" "tx241bea5b8a21403fa7f8d-0068dffdcd" "proxy-server 20" 0.0004 "-" 21 0
Oct 3 16:46:05 standalone proxy-server[132077]: 172.18.0.2 172.18.0.100 03/Oct/2025/16/46/05 GET /v1/AUTH_ce18edd7d4214c89bce7bbc869acf587/gnocchi.c9630526-f297-4a86-9b80-8a1a9cc5f846/none_v3 HTTP/1.0 404 - python-swiftclient-3.11.1 gAAAAABo3_1uBlzC... - 70 - tx241bea5b8a21403fa7f8d-0068dffdcd - 0.0139 - - 1759509965.675280333 1759509965.689182043 0
Oct 3 16:46:05 standalone account-server[129821]: 172.20.0.100 - - [03/Oct/2025:16:46:05 +0000] "PUT /d1/335/AUTH_ce18edd7d4214c89bce7bbc869acf587/gnocchi.c9630526-f297-4a86-9b80-8a1a9cc5f846" 201 - "PUT http://172.20.0.100:6001/d1/373/AUTH_ce18edd7d4214c89bce7bbc869acf587/gnocchi.c9630526-f297-4a86-9b80-8a1a9cc5f846" "tx37f7c273a61e43aa8ded1-0068dffdcd" "container-server 21" 0.0048 "-" 21 0
Oct 3 16:46:05 standalone container-server[129844]: 172.20.0.100 - - [03/Oct/2025:16:46:05 +0000] "PUT /d1/373/AUTH_ce18edd7d4214c89bce7bbc869acf587/gnocchi.c9630526-f297-4a86-9b80-8a1a9cc5f846" 201 - "PUT http://172.18.0.2:8080/v1/AUTH_ce18edd7d4214c89bce7bbc869acf587/gnocchi.c9630526-f297-4a86-9b80-8a1a9cc5f846" "tx37f7c273a61e43aa8ded1-0068dffdcd" "proxy-server 20" 0.0203 "-" 21 0
Oct 3 16:46:05 standalone proxy-server[132077]: 172.18.0.2 172.18.0.100 03/Oct/2025/16/46/05 PUT /v1/AUTH_ce18edd7d4214c89bce7bbc869acf587/gnocchi.c9630526-f297-4a86-9b80-8a1a9cc5f846 HTTP/1.0 201 - python-swiftclient-3.11.1 gAAAAABo3_1uBlzC... - - - tx37f7c273a61e43aa8ded1-0068dffdcd - 0.0357 - - 1759509965.692518234 1759509965.728241205 0
Oct 3 16:46:05 standalone container-server[129872]: 172.20.0.100 - - [03/Oct/2025:16:46:05 +0000] "HEAD /d1/373/AUTH_ce18edd7d4214c89bce7bbc869acf587/gnocchi.c9630526-f297-4a86-9b80-8a1a9cc5f846" 204 - "HEAD http://172.18.0.2:8080/v1/AUTH_ce18edd7d4214c89bce7bbc869acf587/gnocchi.c9630526-f297-4a86-9b80-8a1a9cc5f846?format=json&states=listing" "tx4be4911c0a0c463883b80-0068dffdcd" "proxy-server 20" 0.0011 "-" 22 0
Oct 3 16:46:05 standalone proxy-server[132077]: - - 03/Oct/2025/16/46/05 HEAD /v1/AUTH_ce18edd7d4214c89bce7bbc869acf587/gnocchi.c9630526-f297-4a86-9b80-8a1a9cc5f846%3Fformat%3Djson%26states%3Dlisting HTTP/1.0 204 - Swift - - - - tx4be4911c0a0c463883b80-0068dffdcd - 0.0060 RL - 1759509965.733609438 1759509965.739629269 0
Oct 3 16:46:05 standalone container-server[129872]: 172.20.0.100 - - [03/Oct/2025:16:46:05 +0000] "GET /d1/373/AUTH_ce18edd7d4214c89bce7bbc869acf587/gnocchi.c9630526-f297-4a86-9b80-8a1a9cc5f846" 200 2 "GET http://172.18.0.2:8080/v1/AUTH_ce18edd7d4214c89bce7bbc869acf587/gnocchi.c9630526-f297-4a86-9b80-8a1a9cc5f846?format=json&states=listing" "tx4be4911c0a0c463883b80-0068dffdcd" "proxy-server 20" 0.0036 "-" 22 0
Oct 3 16:46:05 standalone proxy-server[132077]: 172.18.0.2 172.18.0.100 03/Oct/2025/16/46/05 GET /v1/AUTH_ce18edd7d4214c89bce7bbc869acf587/gnocchi.c9630526-f297-4a86-9b80-8a1a9cc5f846%3Fformat%3Djson%26states%3Dlisting HTTP/1.0 200 - python-swiftclient-3.11.1 gAAAAABo3_1uBlzC... - 2 - tx4be4911c0a0c463883b80-0068dffdcd - 0.0205 - - 1759509965.732016325 1759509965.752536297 0
Oct 3 16:46:05 standalone object-server[130063]: 172.20.0.100 - - [03/Oct/2025:16:46:05 +0000] "GET /d1/587/AUTH_ce18edd7d4214c89bce7bbc869acf587/gnocchi.c9630526-f297-4a86-9b80-8a1a9cc5f846/1759320000.0_mean_300.0_v3" 404 70 "GET http://172.18.0.2:8080/v1/AUTH_ce18edd7d4214c89bce7bbc869acf587/gnocchi.c9630526-f297-4a86-9b80-8a1a9cc5f846/1759320000.0_mean_300.0_v3" "tx4d460580b601489dafc9f-0068dffdcd" "proxy-server 20" 0.0009 "-" 22 0
Oct 3 16:46:05 standalone proxy-server[132077]: 172.18.0.2 172.18.0.100 03/Oct/2025/16/46/05 GET /v1/AUTH_ce18edd7d4214c89bce7bbc869acf587/gnocchi.c9630526-f297-4a86-9b80-8a1a9cc5f846/1759320000.0_mean_300.0_v3 HTTP/1.0 404 - python-swiftclient-3.11.1 gAAAAABo3_1uBlzC... - 70 - tx4d460580b601489dafc9f-0068dffdcd - 0.0076 - - 1759509965.757721186 1759509965.765363455 0
Oct 3 16:46:05 standalone container-server[129876]: 172.20.0.100 - - [03/Oct/2025:16:46:05 +0000] "PUT /d1/373/AUTH_ce18edd7d4214c89bce7bbc869acf587/gnocchi.c9630526-f297-4a86-9b80-8a1a9cc5f846/1759320000.0_mean_300.0_v3" 201 - "PUT http://172.18.0.2:8080/d1/587/AUTH_ce18edd7d4214c89bce7bbc869acf587/gnocchi.c9630526-f297-4a86-9b80-8a1a9cc5f846/1759320000.0_mean_300.0_v3" "txe593643ed1504c7390052-0068dffdcd" "object-server 23" 0.0010 "-" 23 0
Oct 3 16:46:05 standalone object-server[130064]: 172.20.0.100 - - [03/Oct/2025:16:46:05 +0000] "PUT /d1/587/AUTH_ce18edd7d4214c89bce7bbc869acf587/gnocchi.c9630526-f297-4a86-9b80-8a1a9cc5f846/1759320000.0_mean_300.0_v3" 201 - "PUT http://172.18.0.2:8080/v1/AUTH_ce18edd7d4214c89bce7bbc869acf587/gnocchi.c9630526-f297-4a86-9b80-8a1a9cc5f846/1759320000.0_mean_300.0_v3" "txe593643ed1504c7390052-0068dffdcd" "proxy-server 20" 0.0128 "-" 23 0
Oct 3 16:46:05 standalone proxy-server[132077]: 172.18.0.2 172.18.0.100 03/Oct/2025/16/46/05 PUT /v1/AUTH_ce18edd7d4214c89bce7bbc869acf587/gnocchi.c9630526-f297-4a86-9b80-8a1a9cc5f846/1759320000.0_mean_300.0_v3 HTTP/1.0 201 - python-swiftclient-3.11.1 gAAAAABo3_1uBlzC... 16 - - txe593643ed1504c7390052-0068dffdcd - 0.0222 - - 1759509965.770054340 1759509965.792292595 0
Oct 3 16:46:05 standalone container-server[129844]: 172.20.0.100 - - [03/Oct/2025:16:46:05 +0000] "PUT /d1/373/AUTH_ce18edd7d4214c89bce7bbc869acf587/gnocchi.c9630526-f297-4a86-9b80-8a1a9cc5f846/none_v3" 201 - "PUT http://172.18.0.2:8080/d1/473/AUTH_ce18edd7d4214c89bce7bbc869acf587/gnocchi.c9630526-f297-4a86-9b80-8a1a9cc5f846/none_v3" "tx9f700bdddeec46abb8492-0068dffdcd" "object-server 21" 0.0007 "-" 21 0
Oct 3 16:46:05 standalone object-server[130058]: 172.20.0.100 - - [03/Oct/2025:16:46:05 +0000] "PUT /d1/473/AUTH_ce18edd7d4214c89bce7bbc869acf587/gnocchi.c9630526-f297-4a86-9b80-8a1a9cc5f846/none_v3" 201 - "PUT http://172.18.0.2:8080/v1/AUTH_ce18edd7d4214c89bce7bbc869acf587/gnocchi.c9630526-f297-4a86-9b80-8a1a9cc5f846/none_v3" "tx9f700bdddeec46abb8492-0068dffdcd" "proxy-server 20" 0.0097 "-" 21 0
Oct 3 16:46:05 standalone proxy-server[132077]: 172.18.0.2 172.18.0.100 03/Oct/2025/16/46/05 PUT /v1/AUTH_ce18edd7d4214c89bce7bbc869acf587/gnocchi.c9630526-f297-4a86-9b80-8a1a9cc5f846/none_v3 HTTP/1.0 201 - python-swiftclient-3.11.1 gAAAAABo3_1uBlzC... 22 - - tx9f700bdddeec46abb8492-0068dffdcd - 0.0175 - - 1759509965.796072245 1759509965.813564301 0
Oct 3 16:46:05 standalone object-server[130063]: 172.20.0.100 - - [03/Oct/2025:16:46:05 +0000] "GET /d1/358/AUTH_ce18edd7d4214c89bce7bbc869acf587/gnocchi.c5cbd494-2fbe-4804-abc2-fea0d966f8eb/none_v3" 200 22 "GET http://172.18.0.2:8080/v1/AUTH_ce18edd7d4214c89bce7bbc869acf587/gnocchi.c5cbd494-2fbe-4804-abc2-fea0d966f8eb/none_v3" "tx4d20f3cf9a514cb7bfe06-0068dffdcd" "proxy-server 20" 0.0008 "-" 22 0
Oct 3 16:46:05 standalone proxy-server[132077]: 172.18.0.2 172.18.0.100 03/Oct/2025/16/46/05 GET /v1/AUTH_ce18edd7d4214c89bce7bbc869acf587/gnocchi.c5cbd494-2fbe-4804-abc2-fea0d966f8eb/none_v3 HTTP/1.0 200 - python-swiftclient-3.11.1 gAAAAABo3_1uBlzC... - 22 - tx4d20f3cf9a514cb7bfe06-0068dffdcd - 0.0091 - - 1759509965.862019777 1759509965.871138334 0
Oct 3 16:46:05 standalone container-server[129872]: 172.20.0.100 - - [03/Oct/2025:16:46:05 +0000] "GET /d1/165/AUTH_ce18edd7d4214c89bce7bbc869acf587/gnocchi.c5cbd494-2fbe-4804-abc2-fea0d966f8eb" 200 357 "GET http://172.18.0.2:8080/v1/AUTH_ce18edd7d4214c89bce7bbc869acf587/gnocchi.c5cbd494-2fbe-4804-abc2-fea0d966f8eb?format=json&states=listing" "txbc0527dcad8646daa24ee-0068dffdcd" "proxy-server 20" 0.0022 "-" 22 0
Oct 3 16:46:05 standalone proxy-server[132077]: 172.18.0.2 172.18.0.100 03/Oct/2025/16/46/05 GET /v1/AUTH_ce18edd7d4214c89bce7bbc869acf587/gnocchi.c5cbd494-2fbe-4804-abc2-fea0d966f8eb%3Fformat%3Djson%26states%3Dlisting HTTP/1.0 200 - python-swiftclient-3.11.1 gAAAAABo3_1uBlzC... - 357 - txbc0527dcad8646daa24ee-0068dffdcd - 0.0107 - - 1759509965.875188112 1759509965.885918617 0
Oct 3 16:46:05 standalone container-server[129872]: 172.20.0.100 - - [03/Oct/2025:16:46:05 +0000] "GET /d1/165/AUTH_ce18edd7d4214c89bce7bbc869acf587/gnocchi.c5cbd494-2fbe-4804-abc2-fea0d966f8eb" 200 2 "GET http://172.18.0.2:8080/v1/AUTH_ce18edd7d4214c89bce7bbc869acf587/gnocchi.c5cbd494-2fbe-4804-abc2-fea0d966f8eb?format=json&marker=none_v3&states=listing" "txe408d5f442cf43e885983-0068dffdcd" "proxy-server 20" 0.0024 "-" 22 0
Oct 3 16:46:05 standalone proxy-server[132077]: 172.18.0.2 172.18.0.100 03/Oct/2025/16/46/05 GET /v1/AUTH_ce18edd7d4214c89bce7bbc869acf587/gnocchi.c5cbd494-2fbe-4804-abc2-fea0d966f8eb%3Fformat%3Djson%26marker%3Dnone_v3%26states%3Dlisting HTTP/1.0 200 - python-swiftclient-3.11.1 gAAAAABo3_1uBlzC... - 2 - txe408d5f442cf43e885983-0068dffdcd - 0.0109 - - 1759509965.888969183 1759509965.899890423 0
Oct 3 16:46:05 standalone object-server[130066]: 172.20.0.100 - - [03/Oct/2025:16:46:05 +0000] "GET /d1/388/AUTH_ce18edd7d4214c89bce7bbc869acf587/gnocchi.c5cbd494-2fbe-4804-abc2-fea0d966f8eb/1759320000.0_mean_300.0_v3" 200 16 "GET http://172.18.0.2:8080/v1/AUTH_ce18edd7d4214c89bce7bbc869acf587/gnocchi.c5cbd494-2fbe-4804-abc2-fea0d966f8eb/1759320000.0_mean_300.0_v3" "txba49f8222326446594e35-0068dffdcd" "proxy-server 20" 0.0012 "-" 24 0
Oct 3 16:46:05 standalone proxy-server[132077]: 172.18.0.2 172.18.0.100 03/Oct/2025/16/46/05 GET /v1/AUTH_ce18edd7d4214c89bce7bbc869acf587/gnocchi.c5cbd494-2fbe-4804-abc2-fea0d966f8eb/1759320000.0_mean_300.0_v3 HTTP/1.0 200 - python-swiftclient-3.11.1 gAAAAABo3_1uBlzC... - 16 - txba49f8222326446594e35-0068dffdcd - 0.0134 - - 1759509965.903670073 1759509965.917087793 0
Oct 3 16:46:05 standalone container-server[129842]: 172.20.0.100 - - [03/Oct/2025:16:46:05 +0000] "PUT /d1/165/AUTH_ce18edd7d4214c89bce7bbc869acf587/gnocchi.c5cbd494-2fbe-4804-abc2-fea0d966f8eb/1759320000.0_mean_300.0_v3" 201 - "PUT http://172.18.0.2:8080/d1/388/AUTH_ce18edd7d4214c89bce7bbc869acf587/gnocchi.c5cbd494-2fbe-4804-abc2-fea0d966f8eb/1759320000.0_mean_300.0_v3" "txe8ee4f9b82c74df1b3477-0068dffdcd" "object-server 21" 0.0005 "-" 20 0
Oct 3 16:46:05 standalone object-server[130058]: 172.20.0.100 - - [03/Oct/2025:16:46:05 +0000] "PUT /d1/388/AUTH_ce18edd7d4214c89bce7bbc869acf587/gnocchi.c5cbd494-2fbe-4804-abc2-fea0d966f8eb/1759320000.0_mean_300.0_v3" 201 - "PUT http://172.18.0.2:8080/v1/AUTH_ce18edd7d4214c89bce7bbc869acf587/gnocchi.c5cbd494-2fbe-4804-abc2-fea0d966f8eb/1759320000.0_mean_300.0_v3" "txe8ee4f9b82c74df1b3477-0068dffdcd" "proxy-server 20" 0.0087 "-" 21 0
Oct 3 16:46:05 standalone proxy-server[132077]: 172.18.0.2 172.18.0.100 03/Oct/2025/16/46/05 PUT /v1/AUTH_ce18edd7d4214c89bce7bbc869acf587/gnocchi.c5cbd494-2fbe-4804-abc2-fea0d966f8eb/1759320000.0_mean_300.0_v3 HTTP/1.0 201 - python-swiftclient-3.11.1 gAAAAABo3_1uBlzC... 16 - - txe8ee4f9b82c74df1b3477-0068dffdcd - 0.0181 - - 1759509965.920114756 1759509965.938190222 0
Oct 3 16:46:05 standalone container-server[129842]: 172.20.0.100 - - [03/Oct/2025:16:46:05 +0000] "PUT /d1/165/AUTH_ce18edd7d4214c89bce7bbc869acf587/gnocchi.c5cbd494-2fbe-4804-abc2-fea0d966f8eb/none_v3" 201 - "PUT http://172.18.0.2:8080/d1/358/AUTH_ce18edd7d4214c89bce7bbc869acf587/gnocchi.c5cbd494-2fbe-4804-abc2-fea0d966f8eb/none_v3" "txedc45f09baf94047b7ecc-0068dffdcd" "object-server 21" 0.0011 "-" 20 0
Oct 3 16:46:05 standalone object-server[130058]: 172.20.0.100 - - [03/Oct/2025:16:46:05 +0000] "PUT /d1/358/AUTH_ce18edd7d4214c89bce7bbc869acf587/gnocchi.c5cbd494-2fbe-4804-abc2-fea0d966f8eb/none_v3" 201 - "PUT http://172.18.0.2:8080/v1/AUTH_ce18edd7d4214c89bce7bbc869acf587/gnocchi.c5cbd494-2fbe-4804-abc2-fea0d966f8eb/none_v3" "txedc45f09baf94047b7ecc-0068dffdcd" "proxy-server 20" 0.0113 "-" 21 0
Oct 3 16:46:05 standalone proxy-server[132077]: 172.18.0.2 172.18.0.100 03/Oct/2025/16/46/05 PUT /v1/AUTH_ce18edd7d4214c89bce7bbc869acf587/gnocchi.c5cbd494-2fbe-4804-abc2-fea0d966f8eb/none_v3 HTTP/1.0 201 - python-swiftclient-3.11.1 gAAAAABo3_1uBlzC... 33 - - txedc45f09baf94047b7ecc-0068dffdcd - 0.0187 - - 1759509965.941120625 1759509965.959839582 0
Oct 3 16:46:06 standalone object-server[130066]: 172.20.0.100 - - [03/Oct/2025:16:46:06 +0000] "GET /d1/560/AUTH_ce18edd7d4214c89bce7bbc869acf587/gnocchi.c9e26526-d57e-47aa-aecb-ec916f6d60b1/none_v3" 200 22 "GET http://172.18.0.2:8080/v1/AUTH_ce18edd7d4214c89bce7bbc869acf587/gnocchi.c9e26526-d57e-47aa-aecb-ec916f6d60b1/none_v3" "tx60b186b54f0647aea26bc-0068dffdce" "proxy-server 20" 0.0007 "-" 24 0
Oct 3 16:46:06 standalone proxy-server[132077]: 172.18.0.2 172.18.0.100 03/Oct/2025/16/46/06 GET /v1/AUTH_ce18edd7d4214c89bce7bbc869acf587/gnocchi.c9e26526-d57e-47aa-aecb-ec916f6d60b1/none_v3 HTTP/1.0 200 - python-swiftclient-3.11.1 gAAAAABo3_1uBlzC... - 22 - tx60b186b54f0647aea26bc-0068dffdce - 0.0112 - - 1759509966.003332138 1759509966.014569521 0
Oct 3 16:46:06 standalone container-server[129844]: 172.20.0.100 - - [03/Oct/2025:16:46:06 +0000] "GET /d1/709/AUTH_ce18edd7d4214c89bce7bbc869acf587/gnocchi.c9e26526-d57e-47aa-aecb-ec916f6d60b1" 200 357 "GET http://172.18.0.2:8080/v1/AUTH_ce18edd7d4214c89bce7bbc869acf587/gnocchi.c9e26526-d57e-47aa-aecb-ec916f6d60b1?format=json&states=listing" "txc0d38927f3ef427688bd4-0068dffdce" "proxy-server 20" 0.0025 "-" 21 0
Oct 3 16:46:06 standalone proxy-server[132077]: 172.18.0.2 172.18.0.100 03/Oct/2025/16/46/06 GET /v1/AUTH_ce18edd7d4214c89bce7bbc869acf587/gnocchi.c9e26526-d57e-47aa-aecb-ec916f6d60b1%3Fformat%3Djson%26states%3Dlisting HTTP/1.0 200 - python-swiftclient-3.11.1 gAAAAABo3_1uBlzC... - 357 - txc0d38927f3ef427688bd4-0068dffdce - 0.0089 - - 1759509966.017471790 1759509966.026367426 0
Oct 3 16:46:06 standalone container-server[129872]: 172.20.0.100 - - [03/Oct/2025:16:46:06 +0000] "GET /d1/709/AUTH_ce18edd7d4214c89bce7bbc869acf587/gnocchi.c9e26526-d57e-47aa-aecb-ec916f6d60b1" 200 2 "GET http://172.18.0.2:8080/v1/AUTH_ce18edd7d4214c89bce7bbc869acf587/gnocchi.c9e26526-d57e-47aa-aecb-ec916f6d60b1?format=json&marker=none_v3&states=listing" "txdbb8e67f542147acb1940-0068dffdce" "proxy-server 20" 0.0019 "-" 22 0
Oct 3 16:46:06 standalone proxy-server[132077]: 172.18.0.2 172.18.0.100 03/Oct/2025/16/46/06 GET /v1/AUTH_ce18edd7d4214c89bce7bbc869acf587/gnocchi.c9e26526-d57e-47aa-aecb-ec916f6d60b1%3Fformat%3Djson%26marker%3Dnone_v3%26states%3Dlisting HTTP/1.0 200 - python-swiftclient-3.11.1 gAAAAABo3_1uBlzC... - 2 - txdbb8e67f542147acb1940-0068dffdce - 0.0077 - - 1759509966.028765440 1759509966.036443949 0
Oct 3 16:46:06 standalone object-server[130064]: 172.20.0.100 - - [03/Oct/2025:16:46:06 +0000] "GET /d1/653/AUTH_ce18edd7d4214c89bce7bbc869acf587/gnocchi.c9e26526-d57e-47aa-aecb-ec916f6d60b1/1759320000.0_mean_300.0_v3" 200 16 "GET http://172.18.0.2:8080/v1/AUTH_ce18edd7d4214c89bce7bbc869acf587/gnocchi.c9e26526-d57e-47aa-aecb-ec916f6d60b1/1759320000.0_mean_300.0_v3" "tx26ba511d2a464835b8c95-0068dffdce" "proxy-server 20" 0.0009 "-" 23 0
Oct 3 16:46:06 standalone proxy-server[132077]: 172.18.0.2 172.18.0.100 03/Oct/2025/16/46/06 GET /v1/AUTH_ce18edd7d4214c89bce7bbc869acf587/gnocchi.c9e26526-d57e-47aa-aecb-ec916f6d60b1/1759320000.0_mean_300.0_v3 HTTP/1.0 200 - python-swiftclient-3.11.1 gAAAAABo3_1uBlzC... - 16 - tx26ba511d2a464835b8c95-0068dffdce - 0.0073 - - 1759509966.040106773 1759509966.047399521 0
Oct 3 16:46:06 standalone container-server[129844]: 172.20.0.100 - - [03/Oct/2025:16:46:06 +0000] "PUT /d1/709/AUTH_ce18edd7d4214c89bce7bbc869acf587/gnocchi.c9e26526-d57e-47aa-aecb-ec916f6d60b1/1759320000.0_mean_300.0_v3" 201 - "PUT http://172.18.0.2:8080/d1/653/AUTH_ce18edd7d4214c89bce7bbc869acf587/gnocchi.c9e26526-d57e-47aa-aecb-ec916f6d60b1/1759320000.0_mean_300.0_v3" "tx15c4ac84dcf441d3bff12-0068dffdce" "object-server 21" 0.0004 "-" 21 0
Oct 3 16:46:06 standalone object-server[130058]: 172.20.0.100 - - [03/Oct/2025:16:46:06 +0000] "PUT /d1/653/AUTH_ce18edd7d4214c89bce7bbc869acf587/gnocchi.c9e26526-d57e-47aa-aecb-ec916f6d60b1/1759320000.0_mean_300.0_v3" 201 - "PUT http://172.18.0.2:8080/v1/AUTH_ce18edd7d4214c89bce7bbc869acf587/gnocchi.c9e26526-d57e-47aa-aecb-ec916f6d60b1/1759320000.0_mean_300.0_v3" "tx15c4ac84dcf441d3bff12-0068dffdce" "proxy-server 20" 0.0079 "-" 21 0
Oct 3 16:46:06 standalone proxy-server[132077]: 172.18.0.2 172.18.0.100 03/Oct/2025/16/46/06 PUT /v1/AUTH_ce18edd7d4214c89bce7bbc869acf587/gnocchi.c9e26526-d57e-47aa-aecb-ec916f6d60b1/1759320000.0_mean_300.0_v3 HTTP/1.0 201 - python-swiftclient-3.11.1 gAAAAABo3_1uBlzC... 16 - - tx15c4ac84dcf441d3bff12-0068dffdce - 0.0131 - - 1759509966.050458908 1759509966.063515186 0
Oct 3 16:46:06 standalone container-server[129842]: 172.20.0.100 - - [03/Oct/2025:16:46:06 +0000] "PUT /d1/709/AUTH_ce18edd7d4214c89bce7bbc869acf587/gnocchi.c9e26526-d57e-47aa-aecb-ec916f6d60b1/none_v3" 201 - "PUT http://172.18.0.2:8080/d1/560/AUTH_ce18edd7d4214c89bce7bbc869acf587/gnocchi.c9e26526-d57e-47aa-aecb-ec916f6d60b1/none_v3" "tx1db308af448e4cc0a15c1-0068dffdce" "object-server 23" 0.0006 "-" 20 0
Oct 3 16:46:06 standalone object-server[130064]: 172.20.0.100 - - [03/Oct/2025:16:46:06 +0000] "PUT /d1/560/AUTH_ce18edd7d4214c89bce7bbc869acf587/gnocchi.c9e26526-d57e-47aa-aecb-ec916f6d60b1/none_v3" 201 - "PUT http://172.18.0.2:8080/v1/AUTH_ce18edd7d4214c89bce7bbc869acf587/gnocchi.c9e26526-d57e-47aa-aecb-ec916f6d60b1/none_v3" "tx1db308af448e4cc0a15c1-0068dffdce" "proxy-server 20" 0.0100 "-" 23 0
Oct 3 16:46:06 standalone proxy-server[132077]: 172.18.0.2 172.18.0.100 03/Oct/2025/16/46/06 PUT /v1/AUTH_ce18edd7d4214c89bce7bbc869acf587/gnocchi.c9e26526-d57e-47aa-aecb-ec916f6d60b1/none_v3 HTTP/1.0 201 - python-swiftclient-3.11.1 gAAAAABo3_1uBlzC... 33 - - tx1db308af448e4cc0a15c1-0068dffdce - 0.0166 - - 1759509966.066015005 1759509966.082662821 0
Oct 3 16:46:09 standalone object-server[130066]: 172.20.0.100 - - [03/Oct/2025:16:46:09 +0000] "GET /d1/473/AUTH_ce18edd7d4214c89bce7bbc869acf587/gnocchi.c9630526-f297-4a86-9b80-8a1a9cc5f846/none_v3" 200 22 "GET http://172.18.0.2:8080/v1/AUTH_ce18edd7d4214c89bce7bbc869acf587/gnocchi.c9630526-f297-4a86-9b80-8a1a9cc5f846/none_v3" "txac476921d8fa4cf2a428a-0068dffdd1" "proxy-server 20" 0.0015 "-" 24 0
Oct 3 16:46:09 standalone proxy-server[132077]: 172.18.0.2 172.18.0.100 03/Oct/2025/16/46/09 GET /v1/AUTH_ce18edd7d4214c89bce7bbc869acf587/gnocchi.c9630526-f297-4a86-9b80-8a1a9cc5f846/none_v3 HTTP/1.0 200 - python-swiftclient-3.11.1 gAAAAABo3_1uBlzC... - 22 - txac476921d8fa4cf2a428a-0068dffdd1 - 0.0119 - - 1759509969.664818525 1759509969.676707268 0
Oct 3 16:46:09 standalone container-server[129872]: 172.20.0.100 - - [03/Oct/2025:16:46:09 +0000] "GET /d1/373/AUTH_ce18edd7d4214c89bce7bbc869acf587/gnocchi.c9630526-f297-4a86-9b80-8a1a9cc5f846" 200 357 "GET http://172.18.0.2:8080/v1/AUTH_ce18edd7d4214c89bce7bbc869acf587/gnocchi.c9630526-f297-4a86-9b80-8a1a9cc5f846?format=json&states=listing" "tx7df74201289a4b88a1378-0068dffdd1" "proxy-server 20" 0.0196 "-" 22 0
Oct 3 16:46:09 standalone proxy-server[132077]: 172.18.0.2 172.18.0.100 03/Oct/2025/16/46/09 GET /v1/AUTH_ce18edd7d4214c89bce7bbc869acf587/gnocchi.c9630526-f297-4a86-9b80-8a1a9cc5f846%3Fformat%3Djson%26states%3Dlisting HTTP/1.0 200 - python-swiftclient-3.11.1 gAAAAABo3_1uBlzC... - 357 - tx7df74201289a4b88a1378-0068dffdd1 - 0.0314 - - 1759509969.682610273 1759509969.714039803 0
Oct 3 16:46:09 standalone container-server[129842]: 172.20.0.100 - - [03/Oct/2025:16:46:09 +0000] "GET /d1/373/AUTH_ce18edd7d4214c89bce7bbc869acf587/gnocchi.c9630526-f297-4a86-9b80-8a1a9cc5f846" 200 2 "GET http://172.18.0.2:8080/v1/AUTH_ce18edd7d4214c89bce7bbc869acf587/gnocchi.c9630526-f297-4a86-9b80-8a1a9cc5f846?format=json&marker=none_v3&states=listing" "tx70eb365eb0a9403cb6b11-0068dffdd1" "proxy-server 20" 0.0041 "-" 20 0
Oct 3 16:46:09 standalone proxy-server[132077]: 172.18.0.2 172.18.0.100 03/Oct/2025/16/46/09 GET /v1/AUTH_ce18edd7d4214c89bce7bbc869acf587/gnocchi.c9630526-f297-4a86-9b80-8a1a9cc5f846%3Fformat%3Djson%26marker%3Dnone_v3%26states%3Dlisting HTTP/1.0 200 - python-swiftclient-3.11.1 gAAAAABo3_1uBlzC... - 2 - tx70eb365eb0a9403cb6b11-0068dffdd1 - 0.0140 - - 1759509969.718471766 1759509969.732452393 0
Oct 3 16:46:09 standalone object-server[130064]: 172.20.0.100 - - [03/Oct/2025:16:46:09 +0000] "GET /d1/587/AUTH_ce18edd7d4214c89bce7bbc869acf587/gnocchi.c9630526-f297-4a86-9b80-8a1a9cc5f846/1759320000.0_mean_300.0_v3" 200 16 "GET http://172.18.0.2:8080/v1/AUTH_ce18edd7d4214c89bce7bbc869acf587/gnocchi.c9630526-f297-4a86-9b80-8a1a9cc5f846/1759320000.0_mean_300.0_v3" "txea6b9ae429514caa904ce-0068dffdd1" "proxy-server 20" 0.0011 "-" 23 0
Oct 3 16:46:09 standalone proxy-server[132077]: 172.18.0.2 172.18.0.100 03/Oct/2025/16/46/09 GET /v1/AUTH_ce18edd7d4214c89bce7bbc869acf587/gnocchi.c9630526-f297-4a86-9b80-8a1a9cc5f846/1759320000.0_mean_300.0_v3 HTTP/1.0 200 - python-swiftclient-3.11.1 gAAAAABo3_1uBlzC... - 16 - txea6b9ae429514caa904ce-0068dffdd1 - 0.0115 - - 1759509969.737960339 1759509969.749483109 0
Oct 3 16:46:09 standalone container-server[129842]: 172.20.0.100 - - [03/Oct/2025:16:46:09 +0000] "PUT /d1/373/AUTH_ce18edd7d4214c89bce7bbc869acf587/gnocchi.c9630526-f297-4a86-9b80-8a1a9cc5f846/1759320000.0_mean_300.0_v3" 201 - "PUT http://172.18.0.2:8080/d1/587/AUTH_ce18edd7d4214c89bce7bbc869acf587/gnocchi.c9630526-f297-4a86-9b80-8a1a9cc5f846/1759320000.0_mean_300.0_v3" "txb762bc387256478a84d11-0068dffdd1" "object-server 21" 0.0007 "-" 20 0
Oct 3 16:46:09 standalone object-server[130058]: 172.20.0.100 - - [03/Oct/2025:16:46:09 +0000] "PUT /d1/587/AUTH_ce18edd7d4214c89bce7bbc869acf587/gnocchi.c9630526-f297-4a86-9b80-8a1a9cc5f846/1759320000.0_mean_300.0_v3" 201 - "PUT http://172.18.0.2:8080/v1/AUTH_ce18edd7d4214c89bce7bbc869acf587/gnocchi.c9630526-f297-4a86-9b80-8a1a9cc5f846/1759320000.0_mean_300.0_v3" "txb762bc387256478a84d11-0068dffdd1" "proxy-server 20" 0.0106 "-" 21 0
Oct 3 16:46:09 standalone proxy-server[132077]: 172.18.0.2 172.18.0.100 03/Oct/2025/16/46/09 PUT /v1/AUTH_ce18edd7d4214c89bce7bbc869acf587/gnocchi.c9630526-f297-4a86-9b80-8a1a9cc5f846/1759320000.0_mean_300.0_v3 HTTP/1.0 201 - python-swiftclient-3.11.1 gAAAAABo3_1uBlzC... 16 - - txb762bc387256478a84d11-0068dffdd1 - 0.0158 - - 1759509969.752252579 1759509969.768075228 0
Oct 3 16:46:09 standalone container-server[129842]: 172.20.0.100 - - [03/Oct/2025:16:46:09 +0000] "PUT /d1/373/AUTH_ce18edd7d4214c89bce7bbc869acf587/gnocchi.c9630526-f297-4a86-9b80-8a1a9cc5f846/none_v3" 201 - "PUT http://172.18.0.2:8080/d1/473/AUTH_ce18edd7d4214c89bce7bbc869acf587/gnocchi.c9630526-f297-4a86-9b80-8a1a9cc5f846/none_v3" "txd918233965054577b38c0-0068dffdd1" "object-server 24" 0.0004 "-" 20 0
Oct 3 16:46:09 standalone object-server[130066]: 172.20.0.100 - - [03/Oct/2025:16:46:09 +0000] "PUT /d1/473/AUTH_ce18edd7d4214c89bce7bbc869acf587/gnocchi.c9630526-f297-4a86-9b80-8a1a9cc5f846/none_v3" 201 - "PUT http://172.18.0.2:8080/v1/AUTH_ce18edd7d4214c89bce7bbc869acf587/gnocchi.c9630526-f297-4a86-9b80-8a1a9cc5f846/none_v3" "txd918233965054577b38c0-0068dffdd1" "proxy-server 20" 0.0074 "-" 24 0
Oct 3 16:46:09 standalone proxy-server[132077]: 172.18.0.2 172.18.0.100 03/Oct/2025/16/46/09 PUT /v1/AUTH_ce18edd7d4214c89bce7bbc869acf587/gnocchi.c9630526-f297-4a86-9b80-8a1a9cc5f846/none_v3 HTTP/1.0 201 - python-swiftclient-3.11.1 gAAAAABo3_1uBlzC... 31 - - txd918233965054577b38c0-0068dffdd1 - 0.0124 - - 1759509969.771282673 1759509969.783651114 0
Oct 3 16:46:12 standalone account-server[129821]: 172.20.0.100 - - [03/Oct/2025:16:46:12 +0000] "HEAD /d1/218/.expiring_objects" 404 - "HEAD http://localhost/v1/.expiring_objects?format=json" "txc3037fc86ab148df8f1d5-0068dffdd4" "proxy-server 2" 0.0006 "-" 21 -
Oct 3 16:46:12 standalone object-expirer[129806]: Pass completed in 0s; 0 objects expired (txn: txc3037fc86ab148df8f1d5-0068dffdd4)
Oct 3 16:46:19 standalone container-server[129842]: 172.20.0.100 - - [03/Oct/2025:16:46:19 +0000] "HEAD /d1/283/AUTH_ce18edd7d4214c89bce7bbc869acf587/gnocchi.795331f1-17de-42d9-aa56-12afbcb1be13" 404 - "HEAD http://172.18.0.2:8080/v1/AUTH_ce18edd7d4214c89bce7bbc869acf587/gnocchi.795331f1-17de-42d9-aa56-12afbcb1be13?format=json&states=listing" "tx6fbe82338def425eb7d96-0068dffddb" "proxy-server 20" 0.0006 "-" 20 0
Oct 3 16:46:19 standalone object-server[130066]: 172.20.0.100 - - [03/Oct/2025:16:46:19 +0000] "GET /d1/487/AUTH_ce18edd7d4214c89bce7bbc869acf587/gnocchi.795331f1-17de-42d9-aa56-12afbcb1be13/none_v3" 404 70 "GET http://172.18.0.2:8080/v1/AUTH_ce18edd7d4214c89bce7bbc869acf587/gnocchi.795331f1-17de-42d9-aa56-12afbcb1be13/none_v3" "tx6fbe82338def425eb7d96-0068dffddb" "proxy-server 20" 0.0006 "-" 24 0
Oct 3 16:46:19 standalone proxy-server[132077]: 172.18.0.2 172.18.0.100 03/Oct/2025/16/46/19 GET /v1/AUTH_ce18edd7d4214c89bce7bbc869acf587/gnocchi.795331f1-17de-42d9-aa56-12afbcb1be13/none_v3 HTTP/1.0 404 - python-swiftclient-3.11.1 gAAAAABo3_1uBlzC... - 70 - tx6fbe82338def425eb7d96-0068dffddb - 0.0101 - - 1759509979.932551622 1759509979.942650318 0
