Dec 1 16:01:05 standalone object-server[124081]: 172.20.0.100 - - [01/Dec/2025:16:01:05 +0000] "PUT /d1/292/AUTH_3d58405511e14ef397d27a04aabe13a3/gnocchi.816b8844-729c-4a34-a05d-b9976e16fc3e/none_v3" 201 - "PUT http://localhost:8080/v1/AUTH_3d58405511e14ef397d27a04aabe13a3/gnocchi.816b8844-729c-4a34-a05d-b9976e16fc3e/none_v3" "txe16a9794d06a4ae6820b6-00692dbbc1" "proxy-server 12" 0.0127 "-" 20 0
Dec 1 16:01:05 standalone proxy-server[125787]: 172.18.0.2 ::1 01/Dec/2025/16/01/05 PUT /v1/AUTH_3d58405511e14ef397d27a04aabe13a3/gnocchi.816b8844-729c-4a34-a05d-b9976e16fc3e/none_v3 HTTP/1.0 201 - python-swiftclient-3.11.1 gAAAAABpLbsIGd3W... 22 - - txe16a9794d06a4ae6820b6-00692dbbc1 - 0.0209 - - 1764604865.036147118 1764604865.057057619 0
Dec 1 16:01:05 standalone container-server[123820]: 172.20.0.100 - - [01/Dec/2025:16:01:05 +0000] "HEAD /d1/1013/AUTH_3d58405511e14ef397d27a04aabe13a3/gnocchi.a9daab76-1a5d-419e-822f-e6b0221a84bc" 404 - "HEAD http://localhost:8080/v1/AUTH_3d58405511e14ef397d27a04aabe13a3/gnocchi.a9daab76-1a5d-419e-822f-e6b0221a84bc?format=json&states=listing" "tx6f1e8a0440f74b1f9352e-00692dbbc1" "proxy-server 12" 0.0006 "-" 17 0
Dec 1 16:01:05 standalone object-server[124085]: 172.20.0.100 - - [01/Dec/2025:16:01:05 +0000] "GET /d1/606/AUTH_3d58405511e14ef397d27a04aabe13a3/gnocchi.a9daab76-1a5d-419e-822f-e6b0221a84bc/none_v3" 404 70 "GET http://localhost:8080/v1/AUTH_3d58405511e14ef397d27a04aabe13a3/gnocchi.a9daab76-1a5d-419e-822f-e6b0221a84bc/none_v3" "tx6f1e8a0440f74b1f9352e-00692dbbc1" "proxy-server 12" 0.0007 "-" 22 0
Dec 1 16:01:05 standalone proxy-server[125787]: 172.18.0.2 ::1 01/Dec/2025/16/01/05 GET /v1/AUTH_3d58405511e14ef397d27a04aabe13a3/gnocchi.a9daab76-1a5d-419e-822f-e6b0221a84bc/none_v3 HTTP/1.0 404 - python-swiftclient-3.11.1 gAAAAABpLbsIGd3W... - 70 - tx6f1e8a0440f74b1f9352e-00692dbbc1 - 0.0174 - - 1764604865.072360039 1764604865.089791775 0
Dec 1 16:01:05 standalone account-server[123839]: 172.20.0.100 - - [01/Dec/2025:16:01:05 +0000] "PUT /d1/660/AUTH_3d58405511e14ef397d27a04aabe13a3/gnocchi.a9daab76-1a5d-419e-822f-e6b0221a84bc" 201 - "PUT http://172.20.0.100:6001/d1/1013/AUTH_3d58405511e14ef397d27a04aabe13a3/gnocchi.a9daab76-1a5d-419e-822f-e6b0221a84bc" "tx3af1dab54e03444d99da2-00692dbbc1" "container-server 14" 0.0061 "-" 20 0
Dec 1 16:01:05 standalone container-server[123790]: 172.20.0.100 - - [01/Dec/2025:16:01:05 +0000] "PUT /d1/1013/AUTH_3d58405511e14ef397d27a04aabe13a3/gnocchi.a9daab76-1a5d-419e-822f-e6b0221a84bc" 201 - "PUT http://localhost:8080/v1/AUTH_3d58405511e14ef397d27a04aabe13a3/gnocchi.a9daab76-1a5d-419e-822f-e6b0221a84bc" "tx3af1dab54e03444d99da2-00692dbbc1" "proxy-server 12" 0.0213 "-" 14 0
Dec 1 16:01:05 standalone proxy-server[125787]: 172.18.0.2 ::1 01/Dec/2025/16/01/05 PUT /v1/AUTH_3d58405511e14ef397d27a04aabe13a3/gnocchi.a9daab76-1a5d-419e-822f-e6b0221a84bc HTTP/1.0 201 - python-swiftclient-3.11.1 gAAAAABpLbsIGd3W... - - - tx3af1dab54e03444d99da2-00692dbbc1 - 0.0285 - - 1764604865.094208479 1764604865.122682333 0
Dec 1 16:01:05 standalone container-server[123806]: 172.20.0.100 - - [01/Dec/2025:16:01:05 +0000] "HEAD /d1/1013/AUTH_3d58405511e14ef397d27a04aabe13a3/gnocchi.a9daab76-1a5d-419e-822f-e6b0221a84bc" 204 - "HEAD http://localhost:8080/v1/AUTH_3d58405511e14ef397d27a04aabe13a3/gnocchi.a9daab76-1a5d-419e-822f-e6b0221a84bc?format=json&states=listing" "tx9a988f96a2ea40d8a8a65-00692dbbc1" "proxy-server 12" 0.0018 "-" 16 0
Dec 1 16:01:05 standalone proxy-server[125787]: - - 01/Dec/2025/16/01/05 HEAD /v1/AUTH_3d58405511e14ef397d27a04aabe13a3/gnocchi.a9daab76-1a5d-419e-822f-e6b0221a84bc%3Fformat%3Djson%26states%3Dlisting HTTP/1.0 204 - Swift - - - - tx9a988f96a2ea40d8a8a65-00692dbbc1 - 0.0067 RL - 1764604865.129585743 1764604865.136245251 0
Dec 1 16:01:05 standalone container-server[123790]: 172.20.0.100 - - [01/Dec/2025:16:01:05 +0000] "GET /d1/1013/AUTH_3d58405511e14ef397d27a04aabe13a3/gnocchi.a9daab76-1a5d-419e-822f-e6b0221a84bc" 200 2 "GET http://localhost:8080/v1/AUTH_3d58405511e14ef397d27a04aabe13a3/gnocchi.a9daab76-1a5d-419e-822f-e6b0221a84bc?format=json&states=listing" "tx9a988f96a2ea40d8a8a65-00692dbbc1" "proxy-server 12" 0.0039 "-" 14 0
Dec 1 16:01:05 standalone proxy-server[125787]: 172.18.0.2 ::1 01/Dec/2025/16/01/05 GET /v1/AUTH_3d58405511e14ef397d27a04aabe13a3/gnocchi.a9daab76-1a5d-419e-822f-e6b0221a84bc%3Fformat%3Djson%26states%3Dlisting HTTP/1.0 200 - python-swiftclient-3.11.1 gAAAAABpLbsIGd3W... - 2 - tx9a988f96a2ea40d8a8a65-00692dbbc1 - 0.0207 - - 1764604865.127820015 1764604865.148497105 0
Dec 1 16:01:05 standalone object-server[124083]: 172.20.0.100 - - [01/Dec/2025:16:01:05 +0000] "GET /d1/763/AUTH_3d58405511e14ef397d27a04aabe13a3/gnocchi.a9daab76-1a5d-419e-822f-e6b0221a84bc/1763640000.0_mean_300.0_v3" 404 70 "GET http://localhost:8080/v1/AUTH_3d58405511e14ef397d27a04aabe13a3/gnocchi.a9daab76-1a5d-419e-822f-e6b0221a84bc/1763640000.0_mean_300.0_v3" "tx08b916bafabf4147bc874-00692dbbc1" "proxy-server 12" 0.0006 "-" 21 0
Dec 1 16:01:05 standalone proxy-server[125787]: 172.18.0.2 ::1 01/Dec/2025/16/01/05 GET /v1/AUTH_3d58405511e14ef397d27a04aabe13a3/gnocchi.a9daab76-1a5d-419e-822f-e6b0221a84bc/1763640000.0_mean_300.0_v3 HTTP/1.0 404 - python-swiftclient-3.11.1 gAAAAABpLbsIGd3W... - 70 - tx08b916bafabf4147bc874-00692dbbc1 - 0.0087 - - 1764604865.153786898 1764604865.162449598 0
Dec 1 16:01:05 standalone container-server[123795]: 172.20.0.100 - - [01/Dec/2025:16:01:05 +0000] "PUT /d1/1013/AUTH_3d58405511e14ef397d27a04aabe13a3/gnocchi.a9daab76-1a5d-419e-822f-e6b0221a84bc/1763640000.0_mean_300.0_v3" 201 - "PUT http://localhost:8080/d1/763/AUTH_3d58405511e14ef397d27a04aabe13a3/gnocchi.a9daab76-1a5d-419e-822f-e6b0221a84bc/1763640000.0_mean_300.0_v3" "tx5dd132708dc64b2e803b2-00692dbbc1" "object-server 22" 0.0012 "-" 15 0
Dec 1 16:01:05 standalone object-server[124085]: 172.20.0.100 - - [01/Dec/2025:16:01:05 +0000] "PUT /d1/763/AUTH_3d58405511e14ef397d27a04aabe13a3/gnocchi.a9daab76-1a5d-419e-822f-e6b0221a84bc/1763640000.0_mean_300.0_v3" 201 - "PUT http://localhost:8080/v1/AUTH_3d58405511e14ef397d27a04aabe13a3/gnocchi.a9daab76-1a5d-419e-822f-e6b0221a84bc/1763640000.0_mean_300.0_v3" "tx5dd132708dc64b2e803b2-00692dbbc1" "proxy-server 12" 0.0136 "-" 22 0
Dec 1 16:01:05 standalone proxy-server[125787]: 172.18.0.2 ::1 01/Dec/2025/16/01/05 PUT /v1/AUTH_3d58405511e14ef397d27a04aabe13a3/gnocchi.a9daab76-1a5d-419e-822f-e6b0221a84bc/1763640000.0_mean_300.0_v3 HTTP/1.0 201 - python-swiftclient-3.11.1 gAAAAABpLbsIGd3W... 16 - - tx5dd132708dc64b2e803b2-00692dbbc1 - 0.0230 - - 1764604865.167318344 1764604865.190360308 0
Dec 1 16:01:05 standalone container-server[123795]: 172.20.0.100 - - [01/Dec/2025:16:01:05 +0000] "PUT /d1/1013/AUTH_3d58405511e14ef397d27a04aabe13a3/gnocchi.a9daab76-1a5d-419e-822f-e6b0221a84bc/none_v3" 201 - "PUT http://localhost:8080/d1/606/AUTH_3d58405511e14ef397d27a04aabe13a3/gnocchi.a9daab76-1a5d-419e-822f-e6b0221a84bc/none_v3" "tx30d365892fec41f2a33dd-00692dbbc1" "object-server 21" 0.0006 "-" 15 0
Dec 1 16:01:05 standalone object-server[124083]: 172.20.0.100 - - [01/Dec/2025:16:01:05 +0000] "PUT /d1/606/AUTH_3d58405511e14ef397d27a04aabe13a3/gnocchi.a9daab76-1a5d-419e-822f-e6b0221a84bc/none_v3" 201 - "PUT http://localhost:8080/v1/AUTH_3d58405511e14ef397d27a04aabe13a3/gnocchi.a9daab76-1a5d-419e-822f-e6b0221a84bc/none_v3" "tx30d365892fec41f2a33dd-00692dbbc1" "proxy-server 12" 0.0196 "-" 21 0
Dec 1 16:01:05 standalone proxy-server[125787]: 172.18.0.2 ::1 01/Dec/2025/16/01/05 PUT /v1/AUTH_3d58405511e14ef397d27a04aabe13a3/gnocchi.a9daab76-1a5d-419e-822f-e6b0221a84bc/none_v3 HTTP/1.0 201 - python-swiftclient-3.11.1 gAAAAABpLbsIGd3W... 22 - - tx30d365892fec41f2a33dd-00692dbbc1 - 0.0283 - - 1764604865.194911480 1764604865.223186493 0
Dec 1 16:01:05 standalone container-server[123806]: 172.20.0.100 - - [01/Dec/2025:16:01:05 +0000] "HEAD /d1/925/AUTH_3d58405511e14ef397d27a04aabe13a3/gnocchi.c6fb9bb4-32bf-4eeb-a9af-50e06d372a1b" 404 - "HEAD http://localhost:8080/v1/AUTH_3d58405511e14ef397d27a04aabe13a3/gnocchi.c6fb9bb4-32bf-4eeb-a9af-50e06d372a1b?format=json&states=listing" "txc4d57ba7cf9f4b4bb8fc4-00692dbbc1" "proxy-server 12" 0.0007 "-" 16 0
Dec 1 16:01:05 standalone object-server[124073]: 172.20.0.100 - - [01/Dec/2025:16:01:05 +0000] "GET /d1/830/AUTH_3d58405511e14ef397d27a04aabe13a3/gnocchi.c6fb9bb4-32bf-4eeb-a9af-50e06d372a1b/none_v3" 404 70 "GET http://localhost:8080/v1/AUTH_3d58405511e14ef397d27a04aabe13a3/gnocchi.c6fb9bb4-32bf-4eeb-a9af-50e06d372a1b/none_v3" "txc4d57ba7cf9f4b4bb8fc4-00692dbbc1" "proxy-server 12" 0.0005 "-" 19 0
Dec 1 16:01:05 standalone proxy-server[125787]: 172.18.0.2 ::1 01/Dec/2025/16/01/05 GET /v1/AUTH_3d58405511e14ef397d27a04aabe13a3/gnocchi.c6fb9bb4-32bf-4eeb-a9af-50e06d372a1b/none_v3 HTTP/1.0 404 - python-swiftclient-3.11.1 gAAAAABpLbsIGd3W... - 70 - txc4d57ba7cf9f4b4bb8fc4-00692dbbc1 - 0.0142 - - 1764604865.239867926 1764604865.254098654 0
Dec 1 16:01:05 standalone account-server[123839]: 172.20.0.100 - - [01/Dec/2025:16:01:05 +0000] "PUT /d1/660/AUTH_3d58405511e14ef397d27a04aabe13a3/gnocchi.c6fb9bb4-32bf-4eeb-a9af-50e06d372a1b" 201 - "PUT http://172.20.0.100:6001/d1/925/AUTH_3d58405511e14ef397d27a04aabe13a3/gnocchi.c6fb9bb4-32bf-4eeb-a9af-50e06d372a1b" "tx84c7ef64d38c45089bc33-00692dbbc1" "container-server 17" 0.0048 "-" 20 0
Dec 1 16:01:05 standalone container-server[123820]: 172.20.0.100 - - [01/Dec/2025:16:01:05 +0000] "PUT /d1/925/AUTH_3d58405511e14ef397d27a04aabe13a3/gnocchi.c6fb9bb4-32bf-4eeb-a9af-50e06d372a1b" 201 - "PUT http://localhost:8080/v1/AUTH_3d58405511e14ef397d27a04aabe13a3/gnocchi.c6fb9bb4-32bf-4eeb-a9af-50e06d372a1b" "tx84c7ef64d38c45089bc33-00692dbbc1" "proxy-server 12" 0.0156 "-" 17 0
Dec 1 16:01:05 standalone proxy-server[125787]: 172.18.0.2 ::1 01/Dec/2025/16/01/05 PUT /v1/AUTH_3d58405511e14ef397d27a04aabe13a3/gnocchi.c6fb9bb4-32bf-4eeb-a9af-50e06d372a1b HTTP/1.0 201 - python-swiftclient-3.11.1 gAAAAABpLbsIGd3W... - - - tx84c7ef64d38c45089bc33-00692dbbc1 - 0.0219 - - 1764604865.258520365 1764604865.280446529 0
Dec 1 16:01:05 standalone container-server[123795]: 172.20.0.100 - - [01/Dec/2025:16:01:05 +0000] "HEAD /d1/925/AUTH_3d58405511e14ef397d27a04aabe13a3/gnocchi.c6fb9bb4-32bf-4eeb-a9af-50e06d372a1b" 204 - "HEAD http://localhost:8080/v1/AUTH_3d58405511e14ef397d27a04aabe13a3/gnocchi.c6fb9bb4-32bf-4eeb-a9af-50e06d372a1b?format=json&states=listing" "txdaef6bd8d3f4415c9dfa7-00692dbbc1" "proxy-server 12" 0.0024 "-" 15 0
Dec 1 16:01:05 standalone proxy-server[125787]: - - 01/Dec/2025/16/01/05 HEAD /v1/AUTH_3d58405511e14ef397d27a04aabe13a3/gnocchi.c6fb9bb4-32bf-4eeb-a9af-50e06d372a1b%3Fformat%3Djson%26states%3Dlisting HTTP/1.0 204 - Swift - - - - txdaef6bd8d3f4415c9dfa7-00692dbbc1 - 0.0083 RL - 1764604865.289149523 1764604865.297451735 0
Dec 1 16:01:05 standalone container-server[123790]: 172.20.0.100 - - [01/Dec/2025:16:01:05 +0000] "GET /d1/925/AUTH_3d58405511e14ef397d27a04aabe13a3/gnocchi.c6fb9bb4-32bf-4eeb-a9af-50e06d372a1b" 200 2 "GET http://localhost:8080/v1/AUTH_3d58405511e14ef397d27a04aabe13a3/gnocchi.c6fb9bb4-32bf-4eeb-a9af-50e06d372a1b?format=json&states=listing" "txdaef6bd8d3f4415c9dfa7-00692dbbc1" "proxy-server 12" 0.0021 "-" 14 0
Dec 1 16:01:05 standalone proxy-server[125787]: 172.18.0.2 ::1 01/Dec/2025/16/01/05 GET /v1/AUTH_3d58405511e14ef397d27a04aabe13a3/gnocchi.c6fb9bb4-32bf-4eeb-a9af-50e06d372a1b%3Fformat%3Djson%26states%3Dlisting HTTP/1.0 200 - python-swiftclient-3.11.1 gAAAAABpLbsIGd3W... - 2 - txdaef6bd8d3f4415c9dfa7-00692dbbc1 - 0.0210 - - 1764604865.286834240 1764604865.307874918 0
Dec 1 16:01:05 standalone object-server[124073]: 172.20.0.100 - - [01/Dec/2025:16:01:05 +0000] "GET /d1/320/AUTH_3d58405511e14ef397d27a04aabe13a3/gnocchi.c6fb9bb4-32bf-4eeb-a9af-50e06d372a1b/1763640000.0_mean_300.0_v3" 404 70 "GET http://localhost:8080/v1/AUTH_3d58405511e14ef397d27a04aabe13a3/gnocchi.c6fb9bb4-32bf-4eeb-a9af-50e06d372a1b/1763640000.0_mean_300.0_v3" "txb72455faa7d5404fa05bb-00692dbbc1" "proxy-server 12" 0.0005 "-" 19 0
Dec 1 16:01:05 standalone proxy-server[125787]: 172.18.0.2 ::1 01/Dec/2025/16/01/05 GET /v1/AUTH_3d58405511e14ef397d27a04aabe13a3/gnocchi.c6fb9bb4-32bf-4eeb-a9af-50e06d372a1b/1763640000.0_mean_300.0_v3 HTTP/1.0 404 - python-swiftclient-3.11.1 gAAAAABpLbsIGd3W... - 70 - txb72455faa7d5404fa05bb-00692dbbc1 - 0.0080 - - 1764604865.313543081 1764604865.321582317 0
Dec 1 16:01:05 standalone container-server[123820]: 172.20.0.100 - - [01/Dec/2025:16:01:05 +0000] "PUT /d1/925/AUTH_3d58405511e14ef397d27a04aabe13a3/gnocchi.c6fb9bb4-32bf-4eeb-a9af-50e06d372a1b/1763640000.0_mean_300.0_v3" 201 - "PUT http://localhost:8080/d1/320/AUTH_3d58405511e14ef397d27a04aabe13a3/gnocchi.c6fb9bb4-32bf-4eeb-a9af-50e06d372a1b/1763640000.0_mean_300.0_v3" "txe3b7a4e94047461897097-00692dbbc1" "object-server 21" 0.0009 "-" 17 0
Dec 1 16:01:05 standalone object-server[124083]: 172.20.0.100 - - [01/Dec/2025:16:01:05 +0000] "PUT /d1/320/AUTH_3d58405511e14ef397d27a04aabe13a3/gnocchi.c6fb9bb4-32bf-4eeb-a9af-50e06d372a1b/1763640000.0_mean_300.0_v3" 201 - "PUT http://localhost:8080/v1/AUTH_3d58405511e14ef397d27a04aabe13a3/gnocchi.c6fb9bb4-32bf-4eeb-a9af-50e06d372a1b/1763640000.0_mean_300.0_v3" "txe3b7a4e94047461897097-00692dbbc1" "proxy-server 12" 0.0142 "-" 21 0
Dec 1 16:01:05 standalone proxy-server[125787]: 172.18.0.2 ::1 01/Dec/2025/16/01/05 PUT /v1/AUTH_3d58405511e14ef397d27a04aabe13a3/gnocchi.c6fb9bb4-32bf-4eeb-a9af-50e06d372a1b/1763640000.0_mean_300.0_v3 HTTP/1.0 201 - python-swiftclient-3.11.1 gAAAAABpLbsIGd3W... 16 - - txe3b7a4e94047461897097-00692dbbc1 - 0.0230 - - 1764604865.326710463 1764604865.349690914 0
Dec 1 16:01:05 standalone container-server[123806]: 172.20.0.100 - - [01/Dec/2025:16:01:05 +0000] "PUT /d1/925/AUTH_3d58405511e14ef397d27a04aabe13a3/gnocchi.c6fb9bb4-32bf-4eeb-a9af-50e06d372a1b/none_v3" 201 - "PUT http://localhost:8080/d1/830/AUTH_3d58405511e14ef397d27a04aabe13a3/gnocchi.c6fb9bb4-32bf-4eeb-a9af-50e06d372a1b/none_v3" "tx711411abb4224ad389f7a-00692dbbc1" "object-server 19" 0.0007 "-" 16 0
Dec 1 16:01:05 standalone object-server[124073]: 172.20.0.100 - - [01/Dec/2025:16:01:05 +0000] "PUT /d1/830/AUTH_3d58405511e14ef397d27a04aabe13a3/gnocchi.c6fb9bb4-32bf-4eeb-a9af-50e06d372a1b/none_v3" 201 - "PUT http://localhost:8080/v1/AUTH_3d58405511e14ef397d27a04aabe13a3/gnocchi.c6fb9bb4-32bf-4eeb-a9af-50e06d372a1b/none_v3" "tx711411abb4224ad389f7a-00692dbbc1" "proxy-server 12" 0.0112 "-" 19 0
Dec 1 16:01:05 standalone proxy-server[125787]: 172.18.0.2 ::1 01/Dec/2025/16/01/05 PUT /v1/AUTH_3d58405511e14ef397d27a04aabe13a3/gnocchi.c6fb9bb4-32bf-4eeb-a9af-50e06d372a1b/none_v3 HTTP/1.0 201 - python-swiftclient-3.11.1 gAAAAABpLbsIGd3W... 22 - - tx711411abb4224ad389f7a-00692dbbc1 - 0.0187 - - 1764604865.355093479 1764604865.373834133 0
Dec 1 16:01:05 standalone container-server[123820]: 172.20.0.100 - - [01/Dec/2025:16:01:05 +0000] "HEAD /d1/532/AUTH_3d58405511e14ef397d27a04aabe13a3/gnocchi.8d4019c5-e573-49ff-a2ce-0f660d86c97c" 404 - "HEAD http://localhost:8080/v1/AUTH_3d58405511e14ef397d27a04aabe13a3/gnocchi.8d4019c5-e573-49ff-a2ce-0f660d86c97c?format=json&states=listing" "tx1a58e27fc55a417d84dd5-00692dbbc1" "proxy-server 12" 0.0004 "-" 17 0
Dec 1 16:01:05 standalone object-server[124085]: 172.20.0.100 - - [01/Dec/2025:16:01:05 +0000] "GET /d1/538/AUTH_3d58405511e14ef397d27a04aabe13a3/gnocchi.8d4019c5-e573-49ff-a2ce-0f660d86c97c/none_v3" 404 70 "GET http://localhost:8080/v1/AUTH_3d58405511e14ef397d27a04aabe13a3/gnocchi.8d4019c5-e573-49ff-a2ce-0f660d86c97c/none_v3" "tx1a58e27fc55a417d84dd5-00692dbbc1" "proxy-server 12" 0.0005 "-" 22 0
Dec 1 16:01:05 standalone proxy-server[125787]: 172.18.0.2 ::1 01/Dec/2025/16/01/05 GET /v1/AUTH_3d58405511e14ef397d27a04aabe13a3/gnocchi.8d4019c5-e573-49ff-a2ce-0f660d86c97c/none_v3 HTTP/1.0 404 - python-swiftclient-3.11.1 gAAAAABpLbsIGd3W... - 70 - tx1a58e27fc55a417d84dd5-00692dbbc1 - 0.0146 - - 1764604865.391363859 1764604865.406000853 0
Dec 1 16:01:05 standalone account-server[123851]: 172.20.0.100 - - [01/Dec/2025:16:01:05 +0000] "PUT /d1/660/AUTH_3d58405511e14ef397d27a04aabe13a3/gnocchi.8d4019c5-e573-49ff-a2ce-0f660d86c97c" 201 - "PUT http://172.20.0.100:6001/d1/532/AUTH_3d58405511e14ef397d27a04aabe13a3/gnocchi.8d4019c5-e573-49ff-a2ce-0f660d86c97c" "tx541be7e3919b43738de3a-00692dbbc1" "container-server 15" 0.0055 "-" 22 0
Dec 1 16:01:05 standalone container-server[123795]: 172.20.0.100 - - [01/Dec/2025:16:01:05 +0000] "PUT /d1/532/AUTH_3d58405511e14ef397d27a04aabe13a3/gnocchi.8d4019c5-e573-49ff-a2ce-0f660d86c97c" 201 - "PUT http://localhost:8080/v1/AUTH_3d58405511e14ef397d27a04aabe13a3/gnocchi.8d4019c5-e573-49ff-a2ce-0f660d86c97c" "tx541be7e3919b43738de3a-00692dbbc1" "proxy-server 12" 0.0187 "-" 15 0
Dec 1 16:01:05 standalone proxy-server[125787]: 172.18.0.2 ::1 01/Dec/2025/16/01/05 PUT /v1/AUTH_3d58405511e14ef397d27a04aabe13a3/gnocchi.8d4019c5-e573-49ff-a2ce-0f660d86c97c HTTP/1.0 201 - python-swiftclient-3.11.1 gAAAAABpLbsIGd3W... - - - tx541be7e3919b43738de3a-00692dbbc1 - 0.0269 - - 1764604865.410382032 1764604865.437319517 0
Dec 1 16:01:05 standalone container-server[123795]: 172.20.0.100 - - [01/Dec/2025:16:01:05 +0000] "HEAD /d1/532/AUTH_3d58405511e14ef397d27a04aabe13a3/gnocchi.8d4019c5-e573-49ff-a2ce-0f660d86c97c" 204 - "HEAD http://localhost:8080/v1/AUTH_3d58405511e14ef397d27a04aabe13a3/gnocchi.8d4019c5-e573-49ff-a2ce-0f660d86c97c?format=json&states=listing" "tx721eae2c13fd4ae499079-00692dbbc1" "proxy-server 12" 0.0019 "-" 15 0
Dec 1 16:01:05 standalone proxy-server[125787]: - - 01/Dec/2025/16/01/05 HEAD /v1/AUTH_3d58405511e14ef397d27a04aabe13a3/gnocchi.8d4019c5-e573-49ff-a2ce-0f660d86c97c%3Fformat%3Djson%26states%3Dlisting HTTP/1.0 204 - Swift - - - - tx721eae2c13fd4ae499079-00692dbbc1 - 0.0067 RL - 1764604865.446126699 1764604865.452862740 0
Dec 1 16:01:05 standalone container-server[123806]: 172.20.0.100 - - [01/Dec/2025:16:01:05 +0000] "GET /d1/532/AUTH_3d58405511e14ef397d27a04aabe13a3/gnocchi.8d4019c5-e573-49ff-a2ce-0f660d86c97c" 200 2 "GET http://localhost:8080/v1/AUTH_3d58405511e14ef397d27a04aabe13a3/gnocchi.8d4019c5-e573-49ff-a2ce-0f660d86c97c?format=json&states=listing" "tx721eae2c13fd4ae499079-00692dbbc1" "proxy-server 12" 0.0025 "-" 16 0
Dec 1 16:01:05 standalone proxy-server[125787]: 172.18.0.2 ::1 01/Dec/2025/16/01/05 GET /v1/AUTH_3d58405511e14ef397d27a04aabe13a3/gnocchi.8d4019c5-e573-49ff-a2ce-0f660d86c97c%3Fformat%3Djson%26states%3Dlisting HTTP/1.0 200 - python-swiftclient-3.11.1 gAAAAABpLbsIGd3W... - 2 - tx721eae2c13fd4ae499079-00692dbbc1 - 0.0219 - - 1764604865.443314791 1764604865.465236664 0
Dec 1 16:01:05 standalone object-server[124085]: 172.20.0.100 - - [01/Dec/2025:16:01:05 +0000] "GET /d1/590/AUTH_3d58405511e14ef397d27a04aabe13a3/gnocchi.8d4019c5-e573-49ff-a2ce-0f660d86c97c/1763640000.0_mean_300.0_v3" 404 70 "GET http://localhost:8080/v1/AUTH_3d58405511e14ef397d27a04aabe13a3/gnocchi.8d4019c5-e573-49ff-a2ce-0f660d86c97c/1763640000.0_mean_300.0_v3" "tx096f2f7201ee43bb869c5-00692dbbc1" "proxy-server 12" 0.0005 "-" 22 0
Dec 1 16:01:05 standalone proxy-server[125787]: 172.18.0.2 ::1 01/Dec/2025/16/01/05 GET /v1/AUTH_3d58405511e14ef397d27a04aabe13a3/gnocchi.8d4019c5-e573-49ff-a2ce-0f660d86c97c/1763640000.0_mean_300.0_v3 HTTP/1.0 404 - python-swiftclient-3.11.1 gAAAAABpLbsIGd3W... - 70 - tx096f2f7201ee43bb869c5-00692dbbc1 - 0.0079 - - 1764604865.471090794 1764604865.479006529 0
Dec 1 16:01:05 standalone container-server[123795]: 172.20.0.100 - - [01/Dec/2025:16:01:05 +0000] "PUT /d1/532/AUTH_3d58405511e14ef397d27a04aabe13a3/gnocchi.8d4019c5-e573-49ff-a2ce-0f660d86c97c/1763640000.0_mean_300.0_v3" 201 - "PUT http://localhost:8080/d1/590/AUTH_3d58405511e14ef397d27a04aabe13a3/gnocchi.8d4019c5-e573-49ff-a2ce-0f660d86c97c/1763640000.0_mean_300.0_v3" "tx78c7f41ae69e459b98de4-00692dbbc1" "object-server 20" 0.0010 "-" 15 0
Dec 1 16:01:05 standalone object-server[124081]: 172.20.0.100 - - [01/Dec/2025:16:01:05 +0000] "PUT /d1/590/AUTH_3d58405511e14ef397d27a04aabe13a3/gnocchi.8d4019c5-e573-49ff-a2ce-0f660d86c97c/1763640000.0_mean_300.0_v3" 201 - "PUT http://localhost:8080/v1/AUTH_3d58405511e14ef397d27a04aabe13a3/gnocchi.8d4019c5-e573-49ff-a2ce-0f660d86c97c/1763640000.0_mean_300.0_v3" "tx78c7f41ae69e459b98de4-00692dbbc1" "proxy-server 12" 0.0132 "-" 20 0
Dec 1 16:01:05 standalone proxy-server[125787]: 172.18.0.2 ::1 01/Dec/2025/16/01/05 PUT /v1/AUTH_3d58405511e14ef397d27a04aabe13a3/gnocchi.8d4019c5-e573-49ff-a2ce-0f660d86c97c/1763640000.0_mean_300.0_v3 HTTP/1.0 201 - python-swiftclient-3.11.1 gAAAAABpLbsIGd3W... 16 - - tx78c7f41ae69e459b98de4-00692dbbc1 - 0.0219 - - 1764604865.484076738 1764604865.505928993 0
Dec 1 16:01:05 standalone container-server[123820]: 172.20.0.100 - - [01/Dec/2025:16:01:05 +0000] "PUT /d1/532/AUTH_3d58405511e14ef397d27a04aabe13a3/gnocchi.8d4019c5-e573-49ff-a2ce-0f660d86c97c/none_v3" 201 - "PUT http://localhost:8080/d1/538/AUTH_3d58405511e14ef397d27a04aabe13a3/gnocchi.8d4019c5-e573-49ff-a2ce-0f660d86c97c/none_v3" "txc79cae4e873644489c275-00692dbbc1" "object-server 19" 0.0014 "-" 17 0
Dec 1 16:01:05 standalone object-server[124073]: 172.20.0.100 - - [01/Dec/2025:16:01:05 +0000] "PUT /d1/538/AUTH_3d58405511e14ef397d27a04aabe13a3/gnocchi.8d4019c5-e573-49ff-a2ce-0f660d86c97c/none_v3" 201 - "PUT http://localhost:8080/v1/AUTH_3d58405511e14ef397d27a04aabe13a3/gnocchi.8d4019c5-e573-49ff-a2ce-0f660d86c97c/none_v3" "txc79cae4e873644489c275-00692dbbc1" "proxy-server 12" 0.0161 "-" 19 0
Dec 1 16:01:05 standalone proxy-server[125787]: 172.18.0.2 ::1 01/Dec/2025/16/01/05 PUT /v1/AUTH_3d58405511e14ef397d27a04aabe13a3/gnocchi.8d4019c5-e573-49ff-a2ce-0f660d86c97c/none_v3 HTTP/1.0 201 - python-swiftclient-3.11.1 gAAAAABpLbsIGd3W... 22 - - txc79cae4e873644489c275-00692dbbc1 - 0.0270 - - 1764604865.509496927 1764604865.536485195 0
Dec 1 16:01:05 standalone container-server[123806]: 172.20.0.100 - - [01/Dec/2025:16:01:05 +0000] "HEAD /d1/498/AUTH_3d58405511e14ef397d27a04aabe13a3/gnocchi.8d16d50a-7a8f-499d-818d-5f10be516381" 404 - "HEAD http://localhost:8080/v1/AUTH_3d58405511e14ef397d27a04aabe13a3/gnocchi.8d16d50a-7a8f-499d-818d-5f10be516381?format=json&states=listing" "txcc38c2b95fb54f148192a-00692dbbc1" "proxy-server 12" 0.0007 "-" 16 0
Dec 1 16:01:05 standalone object-server[124085]: 172.20.0.100 - - [01/Dec/2025:16:01:05 +0000] "GET /d1/188/AUTH_3d58405511e14ef397d27a04aabe13a3/gnocchi.8d16d50a-7a8f-499d-818d-5f10be516381/none_v3" 404 70 "GET http://localhost:8080/v1/AUTH_3d58405511e14ef397d27a04aabe13a3/gnocchi.8d16d50a-7a8f-499d-818d-5f10be516381/none_v3" "txcc38c2b95fb54f148192a-00692dbbc1" "proxy-server 12" 0.0006 "-" 22 0
Dec 1 16:01:05 standalone proxy-server[125787]: 172.18.0.2 ::1 01/Dec/2025/16/01/05 GET /v1/AUTH_3d58405511e14ef397d27a04aabe13a3/gnocchi.8d16d50a-7a8f-499d-818d-5f10be516381/none_v3 HTTP/1.0 404 - python-swiftclient-3.11.1 gAAAAABpLbsIGd3W... - 70 - txcc38c2b95fb54f148192a-00692dbbc1 - 0.0142 - - 1764604865.548307657 1764604865.562551260 0
Dec 1 16:01:05 standalone account-server[123844]: 172.20.0.100 - - [01/Dec/2025:16:01:05 +0000] "PUT /d1/660/AUTH_3d58405511e14ef397d27a04aabe13a3/gnocchi.8d16d50a-7a8f-499d-818d-5f10be516381" 201 - "PUT http://172.20.0.100:6001/d1/498/AUTH_3d58405511e14ef397d27a04aabe13a3/gnocchi.8d16d50a-7a8f-499d-818d-5f10be516381" "tx8d04e7eda9d041ae8013a-00692dbbc1" "container-server 15" 0.0048 "-" 21 0
Dec 1 16:01:05 standalone container-server[123795]: 172.20.0.100 - - [01/Dec/2025:16:01:05 +0000] "PUT /d1/498/AUTH_3d58405511e14ef397d27a04aabe13a3/gnocchi.8d16d50a-7a8f-499d-818d-5f10be516381" 201 - "PUT http://localhost:8080/v1/AUTH_3d58405511e14ef397d27a04aabe13a3/gnocchi.8d16d50a-7a8f-499d-818d-5f10be516381" "tx8d04e7eda9d041ae8013a-00692dbbc1" "proxy-server 12" 0.0189 "-" 15 0
Dec 1 16:01:05 standalone proxy-server[125787]: 172.18.0.2 ::1 01/Dec/2025/16/01/05 PUT /v1/AUTH_3d58405511e14ef397d27a04aabe13a3/gnocchi.8d16d50a-7a8f-499d-818d-5f10be516381 HTTP/1.0 201 - python-swiftclient-3.11.1 gAAAAABpLbsIGd3W... - - - tx8d04e7eda9d041ae8013a-00692dbbc1 - 0.0258 - - 1764604865.565794468 1764604865.591643095 0
Dec 1 16:01:05 standalone container-server[123795]: 172.20.0.100 - - [01/Dec/2025:16:01:05 +0000] "HEAD /d1/498/AUTH_3d58405511e14ef397d27a04aabe13a3/gnocchi.8d16d50a-7a8f-499d-818d-5f10be516381" 204 - "HEAD http://localhost:8080/v1/AUTH_3d58405511e14ef397d27a04aabe13a3/gnocchi.8d16d50a-7a8f-499d-818d-5f10be516381?format=json&states=listing" "tx248270a1cc1844b692bd7-00692dbbc1" "proxy-server 12" 0.0019 "-" 15 0
Dec 1 16:01:05 standalone proxy-server[125787]: - - 01/Dec/2025/16/01/05 HEAD /v1/AUTH_3d58405511e14ef397d27a04aabe13a3/gnocchi.8d16d50a-7a8f-499d-818d-5f10be516381%3Fformat%3Djson%26states%3Dlisting HTTP/1.0 204 - Swift - - - - tx248270a1cc1844b692bd7-00692dbbc1 - 0.0061 RL - 1764604865.598102331 1764604865.604193211 0
Dec 1 16:01:05 standalone container-server[123790]: 172.20.0.100 - - [01/Dec/2025:16:01:05 +0000] "GET /d1/498/AUTH_3d58405511e14ef397d27a04aabe13a3/gnocchi.8d16d50a-7a8f-499d-818d-5f10be516381" 200 2 "GET http://localhost:8080/v1/AUTH_3d58405511e14ef397d27a04aabe13a3/gnocchi.8d16d50a-7a8f-499d-818d-5f10be516381?format=json&states=listing" "tx248270a1cc1844b692bd7-00692dbbc1" "proxy-server 12" 0.0019 "-" 14 0
Dec 1 16:01:05 standalone proxy-server[125787]: 172.18.0.2 ::1 01/Dec/2025/16/01/05 GET /v1/AUTH_3d58405511e14ef397d27a04aabe13a3/gnocchi.8d16d50a-7a8f-499d-818d-5f10be516381%3Fformat%3Djson%26states%3Dlisting HTTP/1.0 200 - python-swiftclient-3.11.1 gAAAAABpLbsIGd3W... - 2 - tx248270a1cc1844b692bd7-00692dbbc1 - 0.0173 - - 1764604865.596532106 1764604865.613788605 0
Dec 1 16:01:05 standalone object-server[124073]: 172.20.0.100 - - [01/Dec/2025:16:01:05 +0000] "GET /d1/850/AUTH_3d58405511e14ef397d27a04aabe13a3/gnocchi.8d16d50a-7a8f-499d-818d-5f10be516381/1763640000.0_mean_300.0_v3" 404 70 "GET http://localhost:8080/v1/AUTH_3d58405511e14ef397d27a04aabe13a3/gnocchi.8d16d50a-7a8f-499d-818d-5f10be516381/1763640000.0_mean_300.0_v3" "txe19176729db746c688b36-00692dbbc1" "proxy-server 12" 0.0006 "-" 19 0
Dec 1 16:01:05 standalone proxy-server[125787]: 172.18.0.2 ::1 01/Dec/2025/16/01/05 GET /v1/AUTH_3d58405511e14ef397d27a04aabe13a3/gnocchi.8d16d50a-7a8f-499d-818d-5f10be516381/1763640000.0_mean_300.0_v3 HTTP/1.0 404 - python-swiftclient-3.11.1 gAAAAABpLbsIGd3W... - 70 - txe19176729db746c688b36-00692dbbc1 - 0.0083 - - 1764604865.618976355 1764604865.627238035 0
Dec 1 16:01:05 standalone container-server[123795]: 172.20.0.100 - - [01/Dec/2025:16:01:05 +0000] "PUT /d1/498/AUTH_3d58405511e14ef397d27a04aabe13a3/gnocchi.8d16d50a-7a8f-499d-818d-5f10be516381/1763640000.0_mean_300.0_v3" 201 - "PUT http://localhost:8080/d1/850/AUTH_3d58405511e14ef397d27a04aabe13a3/gnocchi.8d16d50a-7a8f-499d-818d-5f10be516381/1763640000.0_mean_300.0_v3" "tx67c6a5045f154b1793941-00692dbbc1" "object-server 21" 0.0011 "-" 15 0
Dec 1 16:01:05 standalone object-server[124083]: 172.20.0.100 - - [01/Dec/2025:16:01:05 +0000] "PUT /d1/850/AUTH_3d58405511e14ef397d27a04aabe13a3/gnocchi.8d16d50a-7a8f-499d-818d-5f10be516381/1763640000.0_mean_300.0_v3" 201 - "PUT http://localhost:8080/v1/AUTH_3d58405511e14ef397d27a04aabe13a3/gnocchi.8d16d50a-7a8f-499d-818d-5f10be516381/1763640000.0_mean_300.0_v3" "tx67c6a5045f154b1793941-00692dbbc1" "proxy-server 12" 0.0120 "-" 21 0
Dec 1 16:01:05 standalone proxy-server[125787]: 172.18.0.2 ::1 01/Dec/2025/16/01/05 PUT /v1/AUTH_3d58405511e14ef397d27a04aabe13a3/gnocchi.8d16d50a-7a8f-499d-818d-5f10be516381/1763640000.0_mean_300.0_v3 HTTP/1.0 201 - python-swiftclient-3.11.1 gAAAAABpLbsIGd3W... 16 - - tx67c6a5045f154b1793941-00692dbbc1 - 0.0199 - - 1764604865.632431984 1764604865.652318716 0
Dec 1 16:01:05 standalone container-server[123790]: 172.20.0.100 - - [01/Dec/2025:16:01:05 +0000] "PUT /d1/498/AUTH_3d58405511e14ef397d27a04aabe13a3/gnocchi.8d16d50a-7a8f-499d-818d-5f10be516381/none_v3" 201 - "PUT http://localhost:8080/d1/188/AUTH_3d58405511e14ef397d27a04aabe13a3/gnocchi.8d16d50a-7a8f-499d-818d-5f10be516381/none_v3" "tx78e6437d3d254030bd9a9-00692dbbc1" "object-server 20" 0.0007 "-" 14 0
Dec 1 16:01:05 standalone object-server[124081]: 172.20.0.100 - - [01/Dec/2025:16:01:05 +0000] "PUT /d1/188/AUTH_3d58405511e14ef397d27a04aabe13a3/gnocchi.8d16d50a-7a8f-499d-818d-5f10be516381/none_v3" 201 - "PUT http://localhost:8080/v1/AUTH_3d58405511e14ef397d27a04aabe13a3/gnocchi.8d16d50a-7a8f-499d-818d-5f10be516381/none_v3" "tx78e6437d3d254030bd9a9-00692dbbc1" "proxy-server 12" 0.0115 "-" 20 0
Dec 1 16:01:05 standalone proxy-server[125787]: 172.18.0.2 ::1 01/Dec/2025/16/01/05 PUT /v1/AUTH_3d58405511e14ef397d27a04aabe13a3/gnocchi.8d16d50a-7a8f-499d-818d-5f10be516381/none_v3 HTTP/1.0 201 - python-swiftclient-3.11.1 gAAAAABpLbsIGd3W... 22 - - tx78e6437d3d254030bd9a9-00692dbbc1 - 0.0193 - - 1764604865.656996250 1764604865.676291227 0
Dec 1 16:01:05 standalone container-server[123820]: 172.20.0.100 - - [01/Dec/2025:16:01:05 +0000] "HEAD /d1/288/AUTH_3d58405511e14ef397d27a04aabe13a3/gnocchi.5a673685-7a0d-47c7-b2db-c2f979c8b827" 404 - "HEAD http://localhost:8080/v1/AUTH_3d58405511e14ef397d27a04aabe13a3/gnocchi.5a673685-7a0d-47c7-b2db-c2f979c8b827?format=json&states=listing" "tx3050c69b94864447951ef-00692dbbc1" "proxy-server 12" 0.0005 "-" 17 0
Dec 1 16:01:05 standalone object-server[124083]: 172.20.0.100 - - [01/Dec/2025:16:01:05 +0000] "GET /d1/633/AUTH_3d58405511e14ef397d27a04aabe13a3/gnocchi.5a673685-7a0d-47c7-b2db-c2f979c8b827/none_v3" 404 70 "GET http://localhost:8080/v1/AUTH_3d58405511e14ef397d27a04aabe13a3/gnocchi.5a673685-7a0d-47c7-b2db-c2f979c8b827/none_v3" "tx3050c69b94864447951ef-00692dbbc1" "proxy-server 12" 0.0005 "-" 21 0
Dec 1 16:01:05 standalone proxy-server[125787]: 172.18.0.2 ::1 01/Dec/2025/16/01/05 GET /v1/AUTH_3d58405511e14ef397d27a04aabe13a3/gnocchi.5a673685-7a0d-47c7-b2db-c2f979c8b827/none_v3 HTTP/1.0 404 - python-swiftclient-3.11.1 gAAAAABpLbsIGd3W... - 70 - tx3050c69b94864447951ef-00692dbbc1 - 0.0134 - - 1764604865.690881729 1764604865.704262972 0
Dec 1 16:01:05 standalone account-server[123853]: 172.20.0.100 - - [01/Dec/2025:16:01:05 +0000] "PUT /d1/660/AUTH_3d58405511e14ef397d27a04aabe13a3/gnocchi.5a673685-7a0d-47c7-b2db-c2f979c8b827" 201 - "PUT http://172.20.0.100:6001/d1/288/AUTH_3d58405511e14ef397d27a04aabe13a3/gnocchi.5a673685-7a0d-47c7-b2db-c2f979c8b827" "tx7ab87e4a8b604781a3ac0-00692dbbc1" "container-server 16" 0.0058 "-" 23 0
Dec 1 16:01:05 standalone container-server[123806]: 172.20.0.100 - - [01/Dec/2025:16:01:05 +0000] "PUT /d1/288/AUTH_3d58405511e14ef397d27a04aabe13a3/gnocchi.5a673685-7a0d-47c7-b2db-c2f979c8b827" 201 - "PUT http://localhost:8080/v1/AUTH_3d58405511e14ef397d27a04aabe13a3/gnocchi.5a673685-7a0d-47c7-b2db-c2f979c8b827" "tx7ab87e4a8b604781a3ac0-00692dbbc1" "proxy-server 12" 0.0222 "-" 16 0
Dec 1 16:01:05 standalone proxy-server[125787]: 172.18.0.2 ::1 01/Dec/2025/16/01/05 PUT /v1/AUTH_3d58405511e14ef397d27a04aabe13a3/gnocchi.5a673685-7a0d-47c7-b2db-c2f979c8b827 HTTP/1.0 201 - python-swiftclient-3.11.1 gAAAAABpLbsIGd3W... - - - tx7ab87e4a8b604781a3ac0-00692dbbc1 - 0.0296 - - 1764604865.708243132 1764604865.737864494 0
Dec 1 16:01:05 standalone container-server[123795]: 172.20.0.100 - - [01/Dec/2025:16:01:05 +0000] "HEAD /d1/288/AUTH_3d58405511e14ef397d27a04aabe13a3/gnocchi.5a673685-7a0d-47c7-b2db-c2f979c8b827" 204 - "HEAD http://localhost:8080/v1/AUTH_3d58405511e14ef397d27a04aabe13a3/gnocchi.5a673685-7a0d-47c7-b2db-c2f979c8b827?format=json&states=listing" "tx5c4506bd9580417f998cd-00692dbbc1" "proxy-server 12" 0.0018 "-" 15 0
Dec 1 16:01:05 standalone proxy-server[125787]: - - 01/Dec/2025/16/01/05 HEAD /v1/AUTH_3d58405511e14ef397d27a04aabe13a3/gnocchi.5a673685-7a0d-47c7-b2db-c2f979c8b827%3Fformat%3Djson%26states%3Dlisting HTTP/1.0 204 - Swift - - - - tx5c4506bd9580417f998cd-00692dbbc1 - 0.0069 RL - 1764604865.747113228 1764604865.754018545 0
Dec 1 16:01:05 standalone container-server[123806]: 172.20.0.100 - - [01/Dec/2025:16:01:05 +0000] "GET /d1/288/AUTH_3d58405511e14ef397d27a04aabe13a3/gnocchi.5a673685-7a0d-47c7-b2db-c2f979c8b827" 200 2 "GET http://localhost:8080/v1/AUTH_3d58405511e14ef397d27a04aabe13a3/gnocchi.5a673685-7a0d-47c7-b2db-c2f979c8b827?format=json&states=listing" "tx5c4506bd9580417f998cd-00692dbbc1" "proxy-server 12" 0.0036 "-" 16 0
Dec 1 16:01:05 standalone proxy-server[125787]: 172.18.0.2 ::1 01/Dec/2025/16/01/05 GET /v1/AUTH_3d58405511e14ef397d27a04aabe13a3/gnocchi.5a673685-7a0d-47c7-b2db-c2f979c8b827%3Fformat%3Djson%26states%3Dlisting HTTP/1.0 200 - python-swiftclient-3.11.1 gAAAAABpLbsIGd3W... - 2 - tx5c4506bd9580417f998cd-00692dbbc1 - 0.0216 - - 1764604865.744905233 1764604865.766506195 0
Dec 1 16:01:05 standalone object-server[124073]: 172.20.0.100 - - [01/Dec/2025:16:01:05 +0000] "GET /d1/194/AUTH_3d58405511e14ef397d27a04aabe13a3/gnocchi.5a673685-7a0d-47c7-b2db-c2f979c8b827/1763640000.0_mean_300.0_v3" 404 70 "GET http://localhost:8080/v1/AUTH_3d58405511e14ef397d27a04aabe13a3/gnocchi.5a673685-7a0d-47c7-b2db-c2f979c8b827/1763640000.0_mean_300.0_v3" "txbde8fbe7f0c342cdac653-00692dbbc1" "proxy-server 12" 0.0005 "-" 19 0
Dec 1 16:01:05 standalone proxy-server[125787]: 172.18.0.2 ::1 01/Dec/2025/16/01/05 GET /v1/AUTH_3d58405511e14ef397d27a04aabe13a3/gnocchi.5a673685-7a0d-47c7-b2db-c2f979c8b827/1763640000.0_mean_300.0_v3 HTTP/1.0 404 - python-swiftclient-3.11.1 gAAAAABpLbsIGd3W... - 70 - txbde8fbe7f0c342cdac653-00692dbbc1 - 0.0104 - - 1764604865.775106907 1764604865.785500050 0
Dec 1 16:01:05 standalone container-server[123806]: 172.20.0.100 - - [01/Dec/2025:16:01:05 +0000] "PUT /d1/288/AUTH_3d58405511e14ef397d27a04aabe13a3/gnocchi.5a673685-7a0d-47c7-b2db-c2f979c8b827/1763640000.0_mean_300.0_v3" 201 - "PUT http://localhost:8080/d1/194/AUTH_3d58405511e14ef397d27a04aabe13a3/gnocchi.5a673685-7a0d-47c7-b2db-c2f979c8b827/1763640000.0_mean_300.0_v3" "tx99a757a7513a46758ac7f-00692dbbc1" "object-server 21" 0.0012 "-" 16 0
Dec 1 16:01:05 standalone object-server[124083]: 172.20.0.100 - - [01/Dec/2025:16:01:05 +0000] "PUT /d1/194/AUTH_3d58405511e14ef397d27a04aabe13a3/gnocchi.5a673685-7a0d-47c7-b2db-c2f979c8b827/1763640000.0_mean_300.0_v3" 201 - "PUT http://localhost:8080/v1/AUTH_3d58405511e14ef397d27a04aabe13a3/gnocchi.5a673685-7a0d-47c7-b2db-c2f979c8b827/1763640000.0_mean_300.0_v3" "tx99a757a7513a46758ac7f-00692dbbc1" "proxy-server 12" 0.0127 "-" 21 0
Dec 1 16:01:05 standalone proxy-server[125787]: 172.18.0.2 ::1 01/Dec/2025/16/01/05 PUT /v1/AUTH_3d58405511e14ef397d27a04aabe13a3/gnocchi.5a673685-7a0d-47c7-b2db-c2f979c8b827/1763640000.0_mean_300.0_v3 HTTP/1.0 201 - python-swiftclient-3.11.1 gAAAAABpLbsIGd3W... 16 - - tx99a757a7513a46758ac7f-00692dbbc1 - 0.0759 - - 1764604865.790512323 1764604865.866454840 0
Dec 1 16:01:05 standalone container-server[123806]: 172.20.0.100 - - [01/Dec/2025:16:01:05 +0000] "PUT /d1/288/AUTH_3d58405511e14ef397d27a04aabe13a3/gnocchi.5a673685-7a0d-47c7-b2db-c2f979c8b827/none_v3" 201 - "PUT http://localhost:8080/d1/633/AUTH_3d58405511e14ef397d27a04aabe13a3/gnocchi.5a673685-7a0d-47c7-b2db-c2f979c8b827/none_v3" "txdda5307a237b457db2dc9-00692dbbc1" "object-server 22" 0.0012 "-" 16 0
Dec 1 16:01:05 standalone object-server[124085]: 172.20.0.100 - - [01/Dec/2025:16:01:05 +0000] "PUT /d1/633/AUTH_3d58405511e14ef397d27a04aabe13a3/gnocchi.5a673685-7a0d-47c7-b2db-c2f979c8b827/none_v3" 201 - "PUT http://localhost:8080/v1/AUTH_3d58405511e14ef397d27a04aabe13a3/gnocchi.5a673685-7a0d-47c7-b2db-c2f979c8b827/none_v3" "txdda5307a237b457db2dc9-00692dbbc1" "proxy-server 12" 0.0151 "-" 22 0
Dec 1 16:01:05 standalone proxy-server[125787]: 172.18.0.2 ::1 01/Dec/2025/16/01/05 PUT /v1/AUTH_3d58405511e14ef397d27a04aabe13a3/gnocchi.5a673685-7a0d-47c7-b2db-c2f979c8b827/none_v3 HTTP/1.0 201 - python-swiftclient-3.11.1 gAAAAABpLbsIGd3W... 22 - - txdda5307a237b457db2dc9-00692dbbc1 - 0.0227 - - 1764604865.888050318 1764604865.910747051 0
Dec 1 16:01:05 standalone container-server[123795]: 172.20.0.100 - - [01/Dec/2025:16:01:05 +0000] "HEAD /d1/639/AUTH_3d58405511e14ef397d27a04aabe13a3/gnocchi.c6fd8895-89c6-483a-9e73-e546415a9e32" 404 - "HEAD http://localhost:8080/v1/AUTH_3d58405511e14ef397d27a04aabe13a3/gnocchi.c6fd8895-89c6-483a-9e73-e546415a9e32?format=json&states=listing" "txa02fa98767d54b5abf878-00692dbbc1" "proxy-server 12" 0.0008 "-" 15 0
Dec 1 16:01:05 standalone object-server[124081]: 172.20.0.100 - - [01/Dec/2025:16:01:05 +0000] "GET /d1/772/AUTH_3d58405511e14ef397d27a04aabe13a3/gnocchi.c6fd8895-89c6-483a-9e73-e546415a9e32/none_v3" 404 70 "GET http://localhost:8080/v1/AUTH_3d58405511e14ef397d27a04aabe13a3/gnocchi.c6fd8895-89c6-483a-9e73-e546415a9e32/none_v3" "txa02fa98767d54b5abf878-00692dbbc1" "proxy-server 12" 0.0007 "-" 20 0
Dec 1 16:01:05 standalone proxy-server[125787]: 172.18.0.2 ::1 01/Dec/2025/16/01/05 GET /v1/AUTH_3d58405511e14ef397d27a04aabe13a3/gnocchi.c6fd8895-89c6-483a-9e73-e546415a9e32/none_v3 HTTP/1.0 404 - python-swiftclient-3.11.1 gAAAAABpLbsIGd3W... - 70 - txa02fa98767d54b5abf878-00692dbbc1 - 0.0131 - - 1764604865.926532269 1764604865.939629793 0
Dec 1 16:01:05 standalone account-server[123844]: 172.20.0.100 - - [01/Dec/2025:16:01:05 +0000] "PUT /d1/660/AUTH_3d58405511e14ef397d27a04aabe13a3/gnocchi.c6fd8895-89c6-483a-9e73-e546415a9e32" 201 - "PUT http://172.20.0.100:6001/d1/639/AUTH_3d58405511e14ef397d27a04aabe13a3/gnocchi.c6fd8895-89c6-483a-9e73-e546415a9e32" "tx8335cb9d38584832ae1fa-00692dbbc1" "container-server 16" 0.0070 "-" 21 0
Dec 1 16:01:05 standalone container-server[123806]: 172.20.0.100 - - [01/Dec/2025:16:01:05 +0000] "PUT /d1/639/AUTH_3d58405511e14ef397d27a04aabe13a3/gnocchi.c6fd8895-89c6-483a-9e73-e546415a9e32" 201 - "PUT http://localhost:8080/v1/AUTH_3d58405511e14ef397d27a04aabe13a3/gnocchi.c6fd8895-89c6-483a-9e73-e546415a9e32" "tx8335cb9d38584832ae1fa-00692dbbc1" "proxy-server 12" 0.0221 "-" 16 0
Dec 1 16:01:05 standalone proxy-server[125787]: 172.18.0.2 ::1 01/Dec/2025/16/01/05 PUT /v1/AUTH_3d58405511e14ef397d27a04aabe13a3/gnocchi.c6fd8895-89c6-483a-9e73-e546415a9e32 HTTP/1.0 201 - python-swiftclient-3.11.1 gAAAAABpLbsIGd3W... - - - tx8335cb9d38584832ae1fa-00692dbbc1 - 0.0275 - - 1764604865.943207026 1764604865.970662117 0
Dec 1 16:01:05 standalone container-server[123820]: 172.20.0.100 - - [01/Dec/2025:16:01:05 +0000] "HEAD /d1/639/AUTH_3d58405511e14ef397d27a04aabe13a3/gnocchi.c6fd8895-89c6-483a-9e73-e546415a9e32" 204 - "HEAD http://localhost:8080/v1/AUTH_3d58405511e14ef397d27a04aabe13a3/gnocchi.c6fd8895-89c6-483a-9e73-e546415a9e32?format=json&states=listing" "tx817b3259c54d422bb982d-00692dbbc1" "proxy-server 12" 0.0045 "-" 17 0
Dec 1 16:01:05 standalone proxy-server[125787]: - - 01/Dec/2025/16/01/05 HEAD /v1/AUTH_3d58405511e14ef397d27a04aabe13a3/gnocchi.c6fd8895-89c6-483a-9e73-e546415a9e32%3Fformat%3Djson%26states%3Dlisting HTTP/1.0 204 - Swift - - - - tx817b3259c54d422bb982d-00692dbbc1 - 0.0089 RL - 1764604865.976651192 1764604865.985566616 0
Dec 1 16:01:05 standalone container-server[123795]: 172.20.0.100 - - [01/Dec/2025:16:01:05 +0000] "GET /d1/639/AUTH_3d58405511e14ef397d27a04aabe13a3/gnocchi.c6fd8895-89c6-483a-9e73-e546415a9e32" 200 2 "GET http://localhost:8080/v1/AUTH_3d58405511e14ef397d27a04aabe13a3/gnocchi.c6fd8895-89c6-483a-9e73-e546415a9e32?format=json&states=listing" "tx817b3259c54d422bb982d-00692dbbc1" "proxy-server 12" 0.0040 "-" 15 0
Dec 1 16:01:05 standalone proxy-server[125787]: 172.18.0.2 ::1 01/Dec/2025/16/01/05 GET /v1/AUTH_3d58405511e14ef397d27a04aabe13a3/gnocchi.c6fd8895-89c6-483a-9e73-e546415a9e32%3Fformat%3Djson%26states%3Dlisting HTTP/1.0 200 - python-swiftclient-3.11.1 gAAAAABpLbsIGd3W... - 2 - tx817b3259c54d422bb982d-00692dbbc1 - 0.0237 - - 1764604865.975565195 1764604865.999246836 0
Dec 1 16:01:06 standalone object-server[124073]: 172.20.0.100 - - [01/Dec/2025:16:01:06 +0000] "GET /d1/739/AUTH_3d58405511e14ef397d27a04aabe13a3/gnocchi.c6fd8895-89c6-483a-9e73-e546415a9e32/1763640000.0_mean_300.0_v3" 404 70 "GET http://localhost:8080/v1/AUTH_3d58405511e14ef397d27a04aabe13a3/gnocchi.c6fd8895-89c6-483a-9e73-e546415a9e32/1763640000.0_mean_300.0_v3" "tx6e48f4395f6a4c2fb1bb3-00692dbbc2" "proxy-server 12" 0.0004 "-" 19 0
Dec 1 16:01:06 standalone proxy-server[125787]: 172.18.0.2 ::1 01/Dec/2025/16/01/06 GET /v1/AUTH_3d58405511e14ef397d27a04aabe13a3/gnocchi.c6fd8895-89c6-483a-9e73-e546415a9e32/1763640000.0_mean_300.0_v3 HTTP/1.0 404 - python-swiftclient-3.11.1 gAAAAABpLbsIGd3W... - 70 - tx6e48f4395f6a4c2fb1bb3-00692dbbc2 - 0.0074 - - 1764604866.004618168 1764604866.012002707 0
Dec 1 16:01:06 standalone container-server[123795]: 172.20.0.100 - - [01/Dec/2025:16:01:06 +0000] "PUT /d1/639/AUTH_3d58405511e14ef397d27a04aabe13a3/gnocchi.c6fd8895-89c6-483a-9e73-e546415a9e32/1763640000.0_mean_300.0_v3" 201 - "PUT http://localhost:8080/d1/739/AUTH_3d58405511e14ef397d27a04aabe13a3/gnocchi.c6fd8895-89c6-483a-9e73-e546415a9e32/1763640000.0_mean_300.0_v3" "tx04db91ed12fd402b85f07-00692dbbc2" "object-server 21" 0.0016 "-" 15 0
Dec 1 16:01:06 standalone object-server[124083]: 172.20.0.100 - - [01/Dec/2025:16:01:06 +0000] "PUT /d1/739/AUTH_3d58405511e14ef397d27a04aabe13a3/gnocchi.c6fd8895-89c6-483a-9e73-e546415a9e32/1763640000.0_mean_300.0_v3" 201 - "PUT http://localhost:8080/v1/AUTH_3d58405511e14ef397d27a04aabe13a3/gnocchi.c6fd8895-89c6-483a-9e73-e546415a9e32/1763640000.0_mean_300.0_v3" "tx04db91ed12fd402b85f07-00692dbbc2" "proxy-server 12" 0.0156 "-" 21 0
Dec 1 16:01:06 standalone proxy-server[125787]: 172.18.0.2 ::1 01/Dec/2025/16/01/06 PUT /v1/AUTH_3d58405511e14ef397d27a04aabe13a3/gnocchi.c6fd8895-89c6-483a-9e73-e546415a9e32/1763640000.0_mean_300.0_v3 HTTP/1.0 201 - python-swiftclient-3.11.1 gAAAAABpLbsIGd3W... 16 - - tx04db91ed12fd402b85f07-00692dbbc2 - 0.0253 - - 1764604866.016500950 1764604866.041759253 0
Dec 1 16:01:06 standalone container-server[123806]: 172.20.0.100 - - [01/Dec/2025:16:01:06 +0000] "PUT /d1/639/AUTH_3d58405511e14ef397d27a04aabe13a3/gnocchi.c6fd8895-89c6-483a-9e73-e546415a9e32/none_v3" 201 - "PUT http://localhost:8080/d1/772/AUTH_3d58405511e14ef397d27a04aabe13a3/gnocchi.c6fd8895-89c6-483a-9e73-e546415a9e32/none_v3" "tx9512f1814b2d4a2dbf136-00692dbbc2" "object-server 19" 0.0008 "-" 16 0
Dec 1 16:01:06 standalone object-server[124073]: 172.20.0.100 - - [01/Dec/2025:16:01:06 +0000] "PUT /d1/772/AUTH_3d58405511e14ef397d27a04aabe13a3/gnocchi.c6fd8895-89c6-483a-9e73-e546415a9e32/none_v3" 201 - "PUT http://localhost:8080/v1/AUTH_3d58405511e14ef397d27a04aabe13a3/gnocchi.c6fd8895-89c6-483a-9e73-e546415a9e32/none_v3" "tx9512f1814b2d4a2dbf136-00692dbbc2" "proxy-server 12" 0.0137 "-" 19 0
Dec 1 16:01:06 standalone proxy-server[125787]: 172.18.0.2 ::1 01/Dec/2025/16/01/06 PUT /v1/AUTH_3d58405511e14ef397d27a04aabe13a3/gnocchi.c6fd8895-89c6-483a-9e73-e546415a9e32/none_v3 HTTP/1.0 201 - python-swiftclient-3.11.1 gAAAAABpLbsIGd3W... 22 - - tx9512f1814b2d4a2dbf136-00692dbbc2 - 0.0286 - - 1764604866.047085285 1764604866.075658798 0
Dec 1 16:01:06 standalone container-server[123820]: 172.20.0.100 - - [01/Dec/2025:16:01:06 +0000] "HEAD /d1/266/AUTH_3d58405511e14ef397d27a04aabe13a3/gnocchi.4ffb9e66-cd03-48fd-a281-ea364a6a1af3" 404 - "HEAD http://localhost:8080/v1/AUTH_3d58405511e14ef397d27a04aabe13a3/gnocchi.4ffb9e66-cd03-48fd-a281-ea364a6a1af3?format=json&states=listing" "tx606d8753eea444c888522-00692dbbc2" "proxy-server 12" 0.0005 "-" 17 0
Dec 1 16:01:06 standalone object-server[124081]: 172.20.0.100 - - [01/Dec/2025:16:01:06 +0000] "GET /d1/668/AUTH_3d58405511e14ef397d27a04aabe13a3/gnocchi.4ffb9e66-cd03-48fd-a281-ea364a6a1af3/none_v3" 404 70 "GET http://localhost:8080/v1/AUTH_3d58405511e14ef397d27a04aabe13a3/gnocchi.4ffb9e66-cd03-48fd-a281-ea364a6a1af3/none_v3" "tx606d8753eea444c888522-00692dbbc2" "proxy-server 12" 0.0006 "-" 20 0
Dec 1 16:01:06 standalone proxy-server[125787]: 172.18.0.2 ::1 01/Dec/2025/16/01/06 GET /v1/AUTH_3d58405511e14ef397d27a04aabe13a3/gnocchi.4ffb9e66-cd03-48fd-a281-ea364a6a1af3/none_v3 HTTP/1.0 404 - python-swiftclient-3.11.1 gAAAAABpLbsIGd3W... - 70 - tx606d8753eea444c888522-00692dbbc2 - 0.0175 - - 1764604866.093250990 1764604866.110728741 0
Dec 1 16:01:06 standalone account-server[123839]: 172.20.0.100 - - [01/Dec/2025:16:01:06 +0000] "PUT /d1/660/AUTH_3d58405511e14ef397d27a04aabe13a3/gnocchi.4ffb9e66-cd03-48fd-a281-ea364a6a1af3" 201 - "PUT http://172.20.0.100:6001/d1/266/AUTH_3d58405511e14ef397d27a04aabe13a3/gnocchi.4ffb9e66-cd03-48fd-a281-ea364a6a1af3" "tx1a542f39ead24951911b3-00692dbbc2" "container-server 15" 0.0070 "-" 20 0
Dec 1 16:01:06 standalone container-server[123795]: 172.20.0.100 - - [01/Dec/2025:16:01:06 +0000] "PUT /d1/266/AUTH_3d58405511e14ef397d27a04aabe13a3/gnocchi.4ffb9e66-cd03-48fd-a281-ea364a6a1af3" 201 - "PUT http://localhost:8080/v1/AUTH_3d58405511e14ef397d27a04aabe13a3/gnocchi.4ffb9e66-cd03-48fd-a281-ea364a6a1af3" "tx1a542f39ead24951911b3-00692dbbc2" "proxy-server 12" 0.0215 "-" 15 0
Dec 1 16:01:06 standalone proxy-server[125787]: 172.18.0.2 ::1 01/Dec/2025/16/01/06 PUT /v1/AUTH_3d58405511e14ef397d27a04aabe13a3/gnocchi.4ffb9e66-cd03-48fd-a281-ea364a6a1af3 HTTP/1.0 201 - python-swiftclient-3.11.1 gAAAAABpLbsIGd3W... - - - tx1a542f39ead24951911b3-00692dbbc2 - 0.0303 - - 1764604866.115196943 1764604866.145491123 0
Dec 1 16:01:06 standalone container-server[123790]: 172.20.0.100 - - [01/Dec/2025:16:01:06 +0000] "HEAD /d1/266/AUTH_3d58405511e14ef397d27a04aabe13a3/gnocchi.4ffb9e66-cd03-48fd-a281-ea364a6a1af3" 204 - "HEAD http://localhost:8080/v1/AUTH_3d58405511e14ef397d27a04aabe13a3/gnocchi.4ffb9e66-cd03-48fd-a281-ea364a6a1af3?format=json&states=listing" "txb329bc3b5dab4fdd902fb-00692dbbc2" "proxy-server 12" 0.0024 "-" 14 0
Dec 1 16:01:06 standalone proxy-server[125787]: - - 01/Dec/2025/16/01/06 HEAD /v1/AUTH_3d58405511e14ef397d27a04aabe13a3/gnocchi.4ffb9e66-cd03-48fd-a281-ea364a6a1af3%3Fformat%3Djson%26states%3Dlisting HTTP/1.0 204 - Swift - - - - txb329bc3b5dab4fdd902fb-00692dbbc2 - 0.0079 RL - 1764604866.154785633 1764604866.162715673 0
Dec 1 16:01:06 standalone container-server[123790]: 172.20.0.100 - - [01/Dec/2025:16:01:06 +0000] "GET /d1/266/AUTH_3d58405511e14ef397d27a04aabe13a3/gnocchi.4ffb9e66-cd03-48fd-a281-ea364a6a1af3" 200 2 "GET http://localhost:8080/v1/AUTH_3d58405511e14ef397d27a04aabe13a3/gnocchi.4ffb9e66-cd03-48fd-a281-ea364a6a1af3?format=json&states=listing" "txb329bc3b5dab4fdd902fb-00692dbbc2" "proxy-server 12" 0.0034 "-" 14 0
Dec 1 16:01:06 standalone proxy-server[125787]: 172.18.0.2 ::1 01/Dec/2025/16/01/06 GET /v1/AUTH_3d58405511e14ef397d27a04aabe13a3/gnocchi.4ffb9e66-cd03-48fd-a281-ea364a6a1af3%3Fformat%3Djson%26states%3Dlisting HTTP/1.0 200 - python-swiftclient-3.11.1 gAAAAABpLbsIGd3W... - 2 - txb329bc3b5dab4fdd902fb-00692dbbc2 - 0.0220 - - 1764604866.152740002 1764604866.174734116 0
Dec 1 16:01:06 standalone object-server[124073]: 172.20.0.100 - - [01/Dec/2025:16:01:06 +0000] "GET /d1/49/AUTH_3d58405511e14ef397d27a04aabe13a3/gnocchi.4ffb9e66-cd03-48fd-a281-ea364a6a1af3/1763640000.0_mean_300.0_v3" 404 70 "GET http://localhost:8080/v1/AUTH_3d58405511e14ef397d27a04aabe13a3/gnocchi.4ffb9e66-cd03-48fd-a281-ea364a6a1af3/1763640000.0_mean_300.0_v3" "tx26314cdf89a5423989002-00692dbbc2" "proxy-server 12" 0.0007 "-" 19 0
Dec 1 16:01:06 standalone proxy-server[125787]: 172.18.0.2 ::1 01/Dec/2025/16/01/06 GET /v1/AUTH_3d58405511e14ef397d27a04aabe13a3/gnocchi.4ffb9e66-cd03-48fd-a281-ea364a6a1af3/1763640000.0_mean_300.0_v3 HTTP/1.0 404 - python-swiftclient-3.11.1 gAAAAABpLbsIGd3W... - 70 - tx26314cdf89a5423989002-00692dbbc2 - 0.0088 - - 1764604866.180326223 1764604866.189087152 0
Dec 1 16:01:06 standalone container-server[123790]: 172.20.0.100 - - [01/Dec/2025:16:01:06 +0000] "PUT /d1/266/AUTH_3d58405511e14ef397d27a04aabe13a3/gnocchi.4ffb9e66-cd03-48fd-a281-ea364a6a1af3/1763640000.0_mean_300.0_v3" 201 - "PUT http://localhost:8080/d1/49/AUTH_3d58405511e14ef397d27a04aabe13a3/gnocchi.4ffb9e66-cd03-48fd-a281-ea364a6a1af3/1763640000.0_mean_300.0_v3" "tx55fe7311040f4872a4497-00692dbbc2" "object-server 22" 0.0008 "-" 14 0
Dec 1 16:01:06 standalone object-server[124085]: 172.20.0.100 - - [01/Dec/2025:16:01:06 +0000] "PUT /d1/49/AUTH_3d58405511e14ef397d27a04aabe13a3/gnocchi.4ffb9e66-cd03-48fd-a281-ea364a6a1af3/1763640000.0_mean_300.0_v3" 201 - "PUT http://localhost:8080/v1/AUTH_3d58405511e14ef397d27a04aabe13a3/gnocchi.4ffb9e66-cd03-48fd-a281-ea364a6a1af3/1763640000.0_mean_300.0_v3" "tx55fe7311040f4872a4497-00692dbbc2" "proxy-server 12" 0.0112 "-" 22 0
Dec 1 16:01:06 standalone proxy-server[125787]: 172.18.0.2 ::1 01/Dec/2025/16/01/06 PUT /v1/AUTH_3d58405511e14ef397d27a04aabe13a3/gnocchi.4ffb9e66-cd03-48fd-a281-ea364a6a1af3/1763640000.0_mean_300.0_v3 HTTP/1.0 201 - python-swiftclient-3.11.1 gAAAAABpLbsIGd3W... 16 - - tx55fe7311040f4872a4497-00692dbbc2 - 0.0190 - - 1764604866.193590164 1764604866.212638140 0
Dec 1 16:01:06 standalone container-server[123790]: 172.20.0.100 - - [01/Dec/2025:16:01:06 +0000] "PUT /d1/266/AUTH_3d58405511e14ef397d27a04aabe13a3/gnocchi.4ffb9e66-cd03-48fd-a281-ea364a6a1af3/none_v3" 201 - "PUT http://localhost:8080/d1/668/AUTH_3d58405511e14ef397d27a04aabe13a3/gnocchi.4ffb9e66-cd03-48fd-a281-ea364a6a1af3/none_v3" "tx15bfadf6338b4ed988a6b-00692dbbc2" "object-server 20" 0.0006 "-" 14 0
Dec 1 16:01:06 standalone object-server[124081]: 172.20.0.100 - - [01/Dec/2025:16:01:06 +0000] "PUT /d1/668/AUTH_3d58405511e14ef397d27a04aabe13a3/gnocchi.4ffb9e66-cd03-48fd-a281-ea364a6a1af3/none_v3" 201 - "PUT http://localhost:8080/v1/AUTH_3d58405511e14ef397d27a04aabe13a3/gnocchi.4ffb9e66-cd03-48fd-a281-ea364a6a1af3/none_v3" "tx15bfadf6338b4ed988a6b-00692dbbc2" "proxy-server 12" 0.0103 "-" 20 0
Dec 1 16:01:06 standalone proxy-server[125787]: 172.18.0.2 ::1 01/Dec/2025/16/01/06 PUT /v1/AUTH_3d58405511e14ef397d27a04aabe13a3/gnocchi.4ffb9e66-cd03-48fd-a281-ea364a6a1af3/none_v3 HTTP/1.0 201 - python-swiftclient-3.11.1 gAAAAABpLbsIGd3W... 22 - - tx15bfadf6338b4ed988a6b-00692dbbc2 - 0.0190 - - 1764604866.216926575 1764604866.235889196 0
