Dec 1 15:59:07 standalone proxy-server[125787]: 172.18.0.2 ::1 01/Dec/2025/15/59/07 GET /v1/AUTH_3d58405511e14ef397d27a04aabe13a3/gnocchi.9e6e242b-2396-462f-8f11-245dc2115f07%3Fformat%3Djson%26states%3Dlisting HTTP/1.0 200 - python-swiftclient-3.11.1 gAAAAABpLbsIGd3W... - 2 - tx6ea84328efad4d54b1815-00692dbb4b - 0.0433 - - 1764604747.930724859 1764604747.973985195 0
Dec 1 15:59:07 standalone object-server[124083]: 172.20.0.100 - - [01/Dec/2025:15:59:07 +0000] "GET /d1/1008/AUTH_3d58405511e14ef397d27a04aabe13a3/gnocchi.9e6e242b-2396-462f-8f11-245dc2115f07/1763640000.0_mean_300.0_v3" 404 70 "GET http://localhost:8080/v1/AUTH_3d58405511e14ef397d27a04aabe13a3/gnocchi.9e6e242b-2396-462f-8f11-245dc2115f07/1763640000.0_mean_300.0_v3" "txd307ae074c404c5ba5be2-00692dbb4b" "proxy-server 12" 0.0006 "-" 21 0
Dec 1 15:59:07 standalone proxy-server[125787]: 172.18.0.2 ::1 01/Dec/2025/15/59/07 GET /v1/AUTH_3d58405511e14ef397d27a04aabe13a3/gnocchi.9e6e242b-2396-462f-8f11-245dc2115f07/1763640000.0_mean_300.0_v3 HTTP/1.0 404 - python-swiftclient-3.11.1 gAAAAABpLbsIGd3W... - 70 - txd307ae074c404c5ba5be2-00692dbb4b - 0.0106 - - 1764604747.980160236 1764604747.990798473 0
Dec 1 15:59:08 standalone container-server[123806]: 172.20.0.100 - - [01/Dec/2025:15:59:08 +0000] "PUT /d1/83/AUTH_3d58405511e14ef397d27a04aabe13a3/gnocchi.9e6e242b-2396-462f-8f11-245dc2115f07/1763640000.0_mean_300.0_v3" 201 - "PUT http://localhost:8080/d1/1008/AUTH_3d58405511e14ef397d27a04aabe13a3/gnocchi.9e6e242b-2396-462f-8f11-245dc2115f07/1763640000.0_mean_300.0_v3" "tx4ee0afa7ea7c4cd68544d-00692dbb4b" "object-server 22" 0.0008 "-" 16 0
Dec 1 15:59:08 standalone object-server[124085]: 172.20.0.100 - - [01/Dec/2025:15:59:08 +0000] "PUT /d1/1008/AUTH_3d58405511e14ef397d27a04aabe13a3/gnocchi.9e6e242b-2396-462f-8f11-245dc2115f07/1763640000.0_mean_300.0_v3" 201 - "PUT http://localhost:8080/v1/AUTH_3d58405511e14ef397d27a04aabe13a3/gnocchi.9e6e242b-2396-462f-8f11-245dc2115f07/1763640000.0_mean_300.0_v3" "tx4ee0afa7ea7c4cd68544d-00692dbb4b" "proxy-server 12" 0.0321 "-" 22 0
Dec 1 15:59:08 standalone proxy-server[125787]: 172.18.0.2 ::1 01/Dec/2025/15/59/08 PUT /v1/AUTH_3d58405511e14ef397d27a04aabe13a3/gnocchi.9e6e242b-2396-462f-8f11-245dc2115f07/1763640000.0_mean_300.0_v3 HTTP/1.0 201 - python-swiftclient-3.11.1 gAAAAABpLbsIGd3W... 16 - - tx4ee0afa7ea7c4cd68544d-00692dbb4b - 0.0429 - - 1764604747.995034695 1764604748.037901163 0
Dec 1 15:59:08 standalone container-server[123806]: 172.20.0.100 - - [01/Dec/2025:15:59:08 +0000] "PUT /d1/83/AUTH_3d58405511e14ef397d27a04aabe13a3/gnocchi.9e6e242b-2396-462f-8f11-245dc2115f07/none_v3" 201 - "PUT http://localhost:8080/d1/768/AUTH_3d58405511e14ef397d27a04aabe13a3/gnocchi.9e6e242b-2396-462f-8f11-245dc2115f07/none_v3" "tx29ff8b3ca6e449b693aff-00692dbb4c" "object-server 20" 0.0011 "-" 16 0
Dec 1 15:59:08 standalone object-server[124081]: 172.20.0.100 - - [01/Dec/2025:15:59:08 +0000] "PUT /d1/768/AUTH_3d58405511e14ef397d27a04aabe13a3/gnocchi.9e6e242b-2396-462f-8f11-245dc2115f07/none_v3" 201 - "PUT http://localhost:8080/v1/AUTH_3d58405511e14ef397d27a04aabe13a3/gnocchi.9e6e242b-2396-462f-8f11-245dc2115f07/none_v3" "tx29ff8b3ca6e449b693aff-00692dbb4c" "proxy-server 12" 0.0176 "-" 20 0
Dec 1 15:59:08 standalone proxy-server[125787]: 172.18.0.2 ::1 01/Dec/2025/15/59/08 PUT /v1/AUTH_3d58405511e14ef397d27a04aabe13a3/gnocchi.9e6e242b-2396-462f-8f11-245dc2115f07/none_v3 HTTP/1.0 201 - python-swiftclient-3.11.1 gAAAAABpLbsIGd3W... 22 - - tx29ff8b3ca6e449b693aff-00692dbb4c - 0.0367 - - 1764604748.046417236 1764604748.083156586 0
Dec 1 15:59:08 standalone container-server[123820]: 172.20.0.100 - - [01/Dec/2025:15:59:08 +0000] "HEAD /d1/372/AUTH_3d58405511e14ef397d27a04aabe13a3/gnocchi.bbf25278-5f7d-449a-a00b-3db2912ddebd" 404 - "HEAD http://localhost:8080/v1/AUTH_3d58405511e14ef397d27a04aabe13a3/gnocchi.bbf25278-5f7d-449a-a00b-3db2912ddebd?format=json&states=listing" "tx574cc88adebe4bef8795e-00692dbb4c" "proxy-server 12" 0.0008 "-" 17 0
Dec 1 15:59:08 standalone object-server[124073]: 172.20.0.100 - - [01/Dec/2025:15:59:08 +0000] "GET /d1/590/AUTH_3d58405511e14ef397d27a04aabe13a3/gnocchi.bbf25278-5f7d-449a-a00b-3db2912ddebd/none_v3" 404 70 "GET http://localhost:8080/v1/AUTH_3d58405511e14ef397d27a04aabe13a3/gnocchi.bbf25278-5f7d-449a-a00b-3db2912ddebd/none_v3" "tx574cc88adebe4bef8795e-00692dbb4c" "proxy-server 12" 0.0004 "-" 19 0
Dec 1 15:59:08 standalone proxy-server[125787]: 172.18.0.2 ::1 01/Dec/2025/15/59/08 GET /v1/AUTH_3d58405511e14ef397d27a04aabe13a3/gnocchi.bbf25278-5f7d-449a-a00b-3db2912ddebd/none_v3 HTTP/1.0 404 - python-swiftclient-3.11.1 gAAAAABpLbsIGd3W... - 70 - tx574cc88adebe4bef8795e-00692dbb4c - 0.0218 - - 1764604748.110739708 1764604748.132514000 0
Dec 1 15:59:08 standalone account-server[123851]: 172.20.0.100 - - [01/Dec/2025:15:59:08 +0000] "PUT /d1/660/AUTH_3d58405511e14ef397d27a04aabe13a3/gnocchi.bbf25278-5f7d-449a-a00b-3db2912ddebd" 201 - "PUT http://172.20.0.100:6001/d1/372/AUTH_3d58405511e14ef397d27a04aabe13a3/gnocchi.bbf25278-5f7d-449a-a00b-3db2912ddebd" "txfe54119f21eb4dc097de2-00692dbb4c" "container-server 14" 0.0061 "-" 22 0
Dec 1 15:59:08 standalone container-server[123790]: 172.20.0.100 - - [01/Dec/2025:15:59:08 +0000] "PUT /d1/372/AUTH_3d58405511e14ef397d27a04aabe13a3/gnocchi.bbf25278-5f7d-449a-a00b-3db2912ddebd" 201 - "PUT http://localhost:8080/v1/AUTH_3d58405511e14ef397d27a04aabe13a3/gnocchi.bbf25278-5f7d-449a-a00b-3db2912ddebd" "txfe54119f21eb4dc097de2-00692dbb4c" "proxy-server 12" 0.0238 "-" 14 0
Dec 1 15:59:08 standalone proxy-server[125787]: 172.18.0.2 ::1 01/Dec/2025/15/59/08 PUT /v1/AUTH_3d58405511e14ef397d27a04aabe13a3/gnocchi.bbf25278-5f7d-449a-a00b-3db2912ddebd HTTP/1.0 201 - python-swiftclient-3.11.1 gAAAAABpLbsIGd3W... - - - txfe54119f21eb4dc097de2-00692dbb4c - 0.0393 - - 1764604748.142109394 1764604748.181369305 0
Dec 1 15:59:08 standalone container-server[123806]: 172.20.0.100 - - [01/Dec/2025:15:59:08 +0000] "HEAD /d1/372/AUTH_3d58405511e14ef397d27a04aabe13a3/gnocchi.bbf25278-5f7d-449a-a00b-3db2912ddebd" 204 - "HEAD http://localhost:8080/v1/AUTH_3d58405511e14ef397d27a04aabe13a3/gnocchi.bbf25278-5f7d-449a-a00b-3db2912ddebd?format=json&states=listing" "tx5131487a7f7e4740be4aa-00692dbb4c" "proxy-server 12" 0.0015 "-" 16 0
Dec 1 15:59:08 standalone proxy-server[125787]: - - 01/Dec/2025/15/59/08 HEAD /v1/AUTH_3d58405511e14ef397d27a04aabe13a3/gnocchi.bbf25278-5f7d-449a-a00b-3db2912ddebd%3Fformat%3Djson%26states%3Dlisting HTTP/1.0 204 - Swift - - - - tx5131487a7f7e4740be4aa-00692dbb4c - 0.0096 RL - 1764604748.192746639 1764604748.202338457 0
Dec 1 15:59:08 standalone container-server[123806]: 172.20.0.100 - - [01/Dec/2025:15:59:08 +0000] "GET /d1/372/AUTH_3d58405511e14ef397d27a04aabe13a3/gnocchi.bbf25278-5f7d-449a-a00b-3db2912ddebd" 200 2 "GET http://localhost:8080/v1/AUTH_3d58405511e14ef397d27a04aabe13a3/gnocchi.bbf25278-5f7d-449a-a00b-3db2912ddebd?format=json&states=listing" "tx5131487a7f7e4740be4aa-00692dbb4c" "proxy-server 12" 0.0020 "-" 16 0
Dec 1 15:59:08 standalone proxy-server[125787]: 172.18.0.2 ::1 01/Dec/2025/15/59/08 GET /v1/AUTH_3d58405511e14ef397d27a04aabe13a3/gnocchi.bbf25278-5f7d-449a-a00b-3db2912ddebd%3Fformat%3Djson%26states%3Dlisting HTTP/1.0 200 - python-swiftclient-3.11.1 gAAAAABpLbsIGd3W... - 2 - tx5131487a7f7e4740be4aa-00692dbb4c - 0.0275 - - 1764604748.189628601 1764604748.217171669 0
Dec 1 15:59:08 standalone object-server[124085]: 172.20.0.100 - - [01/Dec/2025:15:59:08 +0000] "GET /d1/785/AUTH_3d58405511e14ef397d27a04aabe13a3/gnocchi.bbf25278-5f7d-449a-a00b-3db2912ddebd/1763640000.0_mean_300.0_v3" 404 70 "GET http://localhost:8080/v1/AUTH_3d58405511e14ef397d27a04aabe13a3/gnocchi.bbf25278-5f7d-449a-a00b-3db2912ddebd/1763640000.0_mean_300.0_v3" "txddcfd88439ef4bc79f483-00692dbb4c" "proxy-server 12" 0.0008 "-" 22 0
Dec 1 15:59:08 standalone proxy-server[125787]: 172.18.0.2 ::1 01/Dec/2025/15/59/08 GET /v1/AUTH_3d58405511e14ef397d27a04aabe13a3/gnocchi.bbf25278-5f7d-449a-a00b-3db2912ddebd/1763640000.0_mean_300.0_v3 HTTP/1.0 404 - python-swiftclient-3.11.1 gAAAAABpLbsIGd3W... - 70 - txddcfd88439ef4bc79f483-00692dbb4c - 0.0140 - - 1764604748.223703623 1764604748.237673998 0
Dec 1 15:59:08 standalone container-server[123795]: 172.20.0.100 - - [01/Dec/2025:15:59:08 +0000] "PUT /d1/372/AUTH_3d58405511e14ef397d27a04aabe13a3/gnocchi.bbf25278-5f7d-449a-a00b-3db2912ddebd/1763640000.0_mean_300.0_v3" 201 - "PUT http://localhost:8080/d1/785/AUTH_3d58405511e14ef397d27a04aabe13a3/gnocchi.bbf25278-5f7d-449a-a00b-3db2912ddebd/1763640000.0_mean_300.0_v3" "tx51853a740a164e9bac959-00692dbb4c" "object-server 19" 0.0013 "-" 15 0
Dec 1 15:59:08 standalone object-server[124073]: 172.20.0.100 - - [01/Dec/2025:15:59:08 +0000] "PUT /d1/785/AUTH_3d58405511e14ef397d27a04aabe13a3/gnocchi.bbf25278-5f7d-449a-a00b-3db2912ddebd/1763640000.0_mean_300.0_v3" 201 - "PUT http://localhost:8080/v1/AUTH_3d58405511e14ef397d27a04aabe13a3/gnocchi.bbf25278-5f7d-449a-a00b-3db2912ddebd/1763640000.0_mean_300.0_v3" "tx51853a740a164e9bac959-00692dbb4c" "proxy-server 12" 0.0116 "-" 19 0
Dec 1 15:59:08 standalone proxy-server[125787]: 172.18.0.2 ::1 01/Dec/2025/15/59/08 PUT /v1/AUTH_3d58405511e14ef397d27a04aabe13a3/gnocchi.bbf25278-5f7d-449a-a00b-3db2912ddebd/1763640000.0_mean_300.0_v3 HTTP/1.0 201 - python-swiftclient-3.11.1 gAAAAABpLbsIGd3W... 16 - - tx51853a740a164e9bac959-00692dbb4c - 0.0225 - - 1764604748.245502949 1764604748.267999172 0
Dec 1 15:59:08 standalone container-server[123790]: 172.20.0.100 - - [01/Dec/2025:15:59:08 +0000] "PUT /d1/372/AUTH_3d58405511e14ef397d27a04aabe13a3/gnocchi.bbf25278-5f7d-449a-a00b-3db2912ddebd/none_v3" 201 - "PUT http://localhost:8080/d1/590/AUTH_3d58405511e14ef397d27a04aabe13a3/gnocchi.bbf25278-5f7d-449a-a00b-3db2912ddebd/none_v3" "txedaf2d0613e148288eea9-00692dbb4c" "object-server 22" 0.0017 "-" 14 0
Dec 1 15:59:08 standalone object-server[124085]: 172.20.0.100 - - [01/Dec/2025:15:59:08 +0000] "PUT /d1/590/AUTH_3d58405511e14ef397d27a04aabe13a3/gnocchi.bbf25278-5f7d-449a-a00b-3db2912ddebd/none_v3" 201 - "PUT http://localhost:8080/v1/AUTH_3d58405511e14ef397d27a04aabe13a3/gnocchi.bbf25278-5f7d-449a-a00b-3db2912ddebd/none_v3" "txedaf2d0613e148288eea9-00692dbb4c" "proxy-server 12" 0.0174 "-" 22 0
Dec 1 15:59:08 standalone proxy-server[125787]: 172.18.0.2 ::1 01/Dec/2025/15/59/08 PUT /v1/AUTH_3d58405511e14ef397d27a04aabe13a3/gnocchi.bbf25278-5f7d-449a-a00b-3db2912ddebd/none_v3 HTTP/1.0 201 - python-swiftclient-3.11.1 gAAAAABpLbsIGd3W... 22 - - txedaf2d0613e148288eea9-00692dbb4c - 0.0250 - - 1764604748.272583723 1764604748.297546387 0
Dec 1 15:59:08 standalone container-server[123795]: 172.20.0.100 - - [01/Dec/2025:15:59:08 +0000] "HEAD /d1/531/AUTH_3d58405511e14ef397d27a04aabe13a3/gnocchi.418bce9e-bb4d-4cf7-9a89-a37115691b37" 404 - "HEAD http://localhost:8080/v1/AUTH_3d58405511e14ef397d27a04aabe13a3/gnocchi.418bce9e-bb4d-4cf7-9a89-a37115691b37?format=json&states=listing" "tx5da0f26498734243acbe6-00692dbb4c" "proxy-server 12" 0.0007 "-" 15 0
Dec 1 15:59:08 standalone object-server[124085]: 172.20.0.100 - - [01/Dec/2025:15:59:08 +0000] "GET /d1/203/AUTH_3d58405511e14ef397d27a04aabe13a3/gnocchi.418bce9e-bb4d-4cf7-9a89-a37115691b37/none_v3" 404 70 "GET http://localhost:8080/v1/AUTH_3d58405511e14ef397d27a04aabe13a3/gnocchi.418bce9e-bb4d-4cf7-9a89-a37115691b37/none_v3" "tx5da0f26498734243acbe6-00692dbb4c" "proxy-server 12" 0.0006 "-" 22 0
Dec 1 15:59:08 standalone proxy-server[125787]: 172.18.0.2 ::1 01/Dec/2025/15/59/08 GET /v1/AUTH_3d58405511e14ef397d27a04aabe13a3/gnocchi.418bce9e-bb4d-4cf7-9a89-a37115691b37/none_v3 HTTP/1.0 404 - python-swiftclient-3.11.1 gAAAAABpLbsIGd3W... - 70 - tx5da0f26498734243acbe6-00692dbb4c - 0.0138 - - 1764604748.387635469 1764604748.401463509 0
Dec 1 15:59:08 standalone account-server[123844]: 172.20.0.100 - - [01/Dec/2025:15:59:08 +0000] "PUT /d1/660/AUTH_3d58405511e14ef397d27a04aabe13a3/gnocchi.418bce9e-bb4d-4cf7-9a89-a37115691b37" 201 - "PUT http://172.20.0.100:6001/d1/531/AUTH_3d58405511e14ef397d27a04aabe13a3/gnocchi.418bce9e-bb4d-4cf7-9a89-a37115691b37" "tx064ba12871f74b83b3d37-00692dbb4c" "container-server 17" 0.0082 "-" 21 0
Dec 1 15:59:08 standalone container-server[123820]: 172.20.0.100 - - [01/Dec/2025:15:59:08 +0000] "PUT /d1/531/AUTH_3d58405511e14ef397d27a04aabe13a3/gnocchi.418bce9e-bb4d-4cf7-9a89-a37115691b37" 201 - "PUT http://localhost:8080/v1/AUTH_3d58405511e14ef397d27a04aabe13a3/gnocchi.418bce9e-bb4d-4cf7-9a89-a37115691b37" "tx064ba12871f74b83b3d37-00692dbb4c" "proxy-server 12" 0.0292 "-" 17 0
Dec 1 15:59:08 standalone proxy-server[125787]: 172.18.0.2 ::1 01/Dec/2025/15/59/08 PUT /v1/AUTH_3d58405511e14ef397d27a04aabe13a3/gnocchi.418bce9e-bb4d-4cf7-9a89-a37115691b37 HTTP/1.0 201 - python-swiftclient-3.11.1 gAAAAABpLbsIGd3W... - - - tx064ba12871f74b83b3d37-00692dbb4c - 0.0361 - - 1764604748.405400038 1764604748.441520214 0
Dec 1 15:59:08 standalone container-server[123790]: 172.20.0.100 - - [01/Dec/2025:15:59:08 +0000] "HEAD /d1/531/AUTH_3d58405511e14ef397d27a04aabe13a3/gnocchi.418bce9e-bb4d-4cf7-9a89-a37115691b37" 204 - "HEAD http://localhost:8080/v1/AUTH_3d58405511e14ef397d27a04aabe13a3/gnocchi.418bce9e-bb4d-4cf7-9a89-a37115691b37?format=json&states=listing" "tx34526890b1cc4498b11b4-00692dbb4c" "proxy-server 12" 0.0030 "-" 14 0
Dec 1 15:59:08 standalone proxy-server[125787]: - - 01/Dec/2025/15/59/08 HEAD /v1/AUTH_3d58405511e14ef397d27a04aabe13a3/gnocchi.418bce9e-bb4d-4cf7-9a89-a37115691b37%3Fformat%3Djson%26states%3Dlisting HTTP/1.0 204 - Swift - - - - tx34526890b1cc4498b11b4-00692dbb4c - 0.0112 RL - 1764604748.451355934 1764604748.462553263 0
Dec 1 15:59:08 standalone container-server[123806]: 172.20.0.100 - - [01/Dec/2025:15:59:08 +0000] "GET /d1/531/AUTH_3d58405511e14ef397d27a04aabe13a3/gnocchi.418bce9e-bb4d-4cf7-9a89-a37115691b37" 200 2 "GET http://localhost:8080/v1/AUTH_3d58405511e14ef397d27a04aabe13a3/gnocchi.418bce9e-bb4d-4cf7-9a89-a37115691b37?format=json&states=listing" "tx34526890b1cc4498b11b4-00692dbb4c" "proxy-server 12" 0.0032 "-" 16 0
Dec 1 15:59:08 standalone proxy-server[125787]: 172.18.0.2 ::1 01/Dec/2025/15/59/08 GET /v1/AUTH_3d58405511e14ef397d27a04aabe13a3/gnocchi.418bce9e-bb4d-4cf7-9a89-a37115691b37%3Fformat%3Djson%26states%3Dlisting HTTP/1.0 200 - python-swiftclient-3.11.1 gAAAAABpLbsIGd3W... - 2 - tx34526890b1cc4498b11b4-00692dbb4c - 0.0269 - - 1764604748.449196577 1764604748.476076841 0
Dec 1 15:59:08 standalone object-server[124085]: 172.20.0.100 - - [01/Dec/2025:15:59:08 +0000] "GET /d1/950/AUTH_3d58405511e14ef397d27a04aabe13a3/gnocchi.418bce9e-bb4d-4cf7-9a89-a37115691b37/1763640000.0_mean_300.0_v3" 404 70 "GET http://localhost:8080/v1/AUTH_3d58405511e14ef397d27a04aabe13a3/gnocchi.418bce9e-bb4d-4cf7-9a89-a37115691b37/1763640000.0_mean_300.0_v3" "tx6767d0cea97049c79f4d0-00692dbb4c" "proxy-server 12" 0.0006 "-" 22 0
Dec 1 15:59:08 standalone proxy-server[125787]: 172.18.0.2 ::1 01/Dec/2025/15/59/08 GET /v1/AUTH_3d58405511e14ef397d27a04aabe13a3/gnocchi.418bce9e-bb4d-4cf7-9a89-a37115691b37/1763640000.0_mean_300.0_v3 HTTP/1.0 404 - python-swiftclient-3.11.1 gAAAAABpLbsIGd3W... - 70 - tx6767d0cea97049c79f4d0-00692dbb4c - 0.0104 - - 1764604748.484536171 1764604748.494943142 0
Dec 1 15:59:08 standalone container-server[123820]: 172.20.0.100 - - [01/Dec/2025:15:59:08 +0000] "PUT /d1/531/AUTH_3d58405511e14ef397d27a04aabe13a3/gnocchi.418bce9e-bb4d-4cf7-9a89-a37115691b37/1763640000.0_mean_300.0_v3" 201 - "PUT http://localhost:8080/d1/950/AUTH_3d58405511e14ef397d27a04aabe13a3/gnocchi.418bce9e-bb4d-4cf7-9a89-a37115691b37/1763640000.0_mean_300.0_v3" "txa638fd800c36413fbd338-00692dbb4c" "object-server 21" 0.0012 "-" 17 0
Dec 1 15:59:08 standalone object-server[124083]: 172.20.0.100 - - [01/Dec/2025:15:59:08 +0000] "PUT /d1/950/AUTH_3d58405511e14ef397d27a04aabe13a3/gnocchi.418bce9e-bb4d-4cf7-9a89-a37115691b37/1763640000.0_mean_300.0_v3" 201 - "PUT http://localhost:8080/v1/AUTH_3d58405511e14ef397d27a04aabe13a3/gnocchi.418bce9e-bb4d-4cf7-9a89-a37115691b37/1763640000.0_mean_300.0_v3" "txa638fd800c36413fbd338-00692dbb4c" "proxy-server 12" 0.0163 "-" 21 0
Dec 1 15:59:08 standalone proxy-server[125787]: 172.18.0.2 ::1 01/Dec/2025/15/59/08 PUT /v1/AUTH_3d58405511e14ef397d27a04aabe13a3/gnocchi.418bce9e-bb4d-4cf7-9a89-a37115691b37/1763640000.0_mean_300.0_v3 HTTP/1.0 201 - python-swiftclient-3.11.1 gAAAAABpLbsIGd3W... 16 - - txa638fd800c36413fbd338-00692dbb4c - 0.0265 - - 1764604748.502077103 1764604748.528614759 0
Dec 1 15:59:08 standalone container-server[123806]: 172.20.0.100 - - [01/Dec/2025:15:59:08 +0000] "PUT /d1/531/AUTH_3d58405511e14ef397d27a04aabe13a3/gnocchi.418bce9e-bb4d-4cf7-9a89-a37115691b37/none_v3" 201 - "PUT http://localhost:8080/d1/203/AUTH_3d58405511e14ef397d27a04aabe13a3/gnocchi.418bce9e-bb4d-4cf7-9a89-a37115691b37/none_v3" "tx5eb6d3fbfecd4ecb84b5e-00692dbb4c" "object-server 20" 0.0009 "-" 16 0
Dec 1 15:59:08 standalone object-server[124081]: 172.20.0.100 - - [01/Dec/2025:15:59:08 +0000] "PUT /d1/203/AUTH_3d58405511e14ef397d27a04aabe13a3/gnocchi.418bce9e-bb4d-4cf7-9a89-a37115691b37/none_v3" 201 - "PUT http://localhost:8080/v1/AUTH_3d58405511e14ef397d27a04aabe13a3/gnocchi.418bce9e-bb4d-4cf7-9a89-a37115691b37/none_v3" "tx5eb6d3fbfecd4ecb84b5e-00692dbb4c" "proxy-server 12" 0.0132 "-" 20 0
Dec 1 15:59:08 standalone proxy-server[125787]: 172.18.0.2 ::1 01/Dec/2025/15/59/08 PUT /v1/AUTH_3d58405511e14ef397d27a04aabe13a3/gnocchi.418bce9e-bb4d-4cf7-9a89-a37115691b37/none_v3 HTTP/1.0 201 - python-swiftclient-3.11.1 gAAAAABpLbsIGd3W... 22 - - tx5eb6d3fbfecd4ecb84b5e-00692dbb4c - 0.0208 - - 1764604748.534698725 1764604748.555481911 0
Dec 1 15:59:08 standalone container-server[123790]: 172.20.0.100 - - [01/Dec/2025:15:59:08 +0000] "HEAD /d1/296/AUTH_3d58405511e14ef397d27a04aabe13a3/gnocchi.c7930ade-986d-4046-9a27-25258c4562b3" 404 - "HEAD http://localhost:8080/v1/AUTH_3d58405511e14ef397d27a04aabe13a3/gnocchi.c7930ade-986d-4046-9a27-25258c4562b3?format=json&states=listing" "tx96348a2d12994f05a4ac2-00692dbb4c" "proxy-server 12" 0.0011 "-" 14 0
Dec 1 15:59:08 standalone object-server[124085]: 172.20.0.100 - - [01/Dec/2025:15:59:08 +0000] "GET /d1/958/AUTH_3d58405511e14ef397d27a04aabe13a3/gnocchi.c7930ade-986d-4046-9a27-25258c4562b3/none_v3" 404 70 "GET http://localhost:8080/v1/AUTH_3d58405511e14ef397d27a04aabe13a3/gnocchi.c7930ade-986d-4046-9a27-25258c4562b3/none_v3" "tx96348a2d12994f05a4ac2-00692dbb4c" "proxy-server 12" 0.0008 "-" 22 0
Dec 1 15:59:08 standalone proxy-server[125787]: 172.18.0.2 ::1 01/Dec/2025/15/59/08 GET /v1/AUTH_3d58405511e14ef397d27a04aabe13a3/gnocchi.c7930ade-986d-4046-9a27-25258c4562b3/none_v3 HTTP/1.0 404 - python-swiftclient-3.11.1 gAAAAABpLbsIGd3W... - 70 - tx96348a2d12994f05a4ac2-00692dbb4c - 0.0158 - - 1764604748.576774120 1764604748.592615128 0
Dec 1 15:59:08 standalone account-server[123839]: 172.20.0.100 - - [01/Dec/2025:15:59:08 +0000] "PUT /d1/660/AUTH_3d58405511e14ef397d27a04aabe13a3/gnocchi.c7930ade-986d-4046-9a27-25258c4562b3" 201 - "PUT http://172.20.0.100:6001/d1/296/AUTH_3d58405511e14ef397d27a04aabe13a3/gnocchi.c7930ade-986d-4046-9a27-25258c4562b3" "tx0cf5a5ca3f7a4598a1e47-00692dbb4c" "container-server 15" 0.0051 "-" 20 0
Dec 1 15:59:08 standalone container-server[123795]: 172.20.0.100 - - [01/Dec/2025:15:59:08 +0000] "PUT /d1/296/AUTH_3d58405511e14ef397d27a04aabe13a3/gnocchi.c7930ade-986d-4046-9a27-25258c4562b3" 201 - "PUT http://localhost:8080/v1/AUTH_3d58405511e14ef397d27a04aabe13a3/gnocchi.c7930ade-986d-4046-9a27-25258c4562b3" "tx0cf5a5ca3f7a4598a1e47-00692dbb4c" "proxy-server 12" 0.0240 "-" 15 0
Dec 1 15:59:08 standalone proxy-server[125787]: 172.18.0.2 ::1 01/Dec/2025/15/59/08 PUT /v1/AUTH_3d58405511e14ef397d27a04aabe13a3/gnocchi.c7930ade-986d-4046-9a27-25258c4562b3 HTTP/1.0 201 - python-swiftclient-3.11.1 gAAAAABpLbsIGd3W... - - - tx0cf5a5ca3f7a4598a1e47-00692dbb4c - 0.0305 - - 1764604748.597117424 1764604748.627577305 0
Dec 1 15:59:08 standalone container-server[123820]: 172.20.0.100 - - [01/Dec/2025:15:59:08 +0000] "HEAD /d1/296/AUTH_3d58405511e14ef397d27a04aabe13a3/gnocchi.c7930ade-986d-4046-9a27-25258c4562b3" 204 - "HEAD http://localhost:8080/v1/AUTH_3d58405511e14ef397d27a04aabe13a3/gnocchi.c7930ade-986d-4046-9a27-25258c4562b3?format=json&states=listing" "tx14859054d75944ad9c960-00692dbb4c" "proxy-server 12" 0.0038 "-" 17 0
Dec 1 15:59:08 standalone proxy-server[125787]: - - 01/Dec/2025/15/59/08 HEAD /v1/AUTH_3d58405511e14ef397d27a04aabe13a3/gnocchi.c7930ade-986d-4046-9a27-25258c4562b3%3Fformat%3Djson%26states%3Dlisting HTTP/1.0 204 - Swift - - - - tx14859054d75944ad9c960-00692dbb4c - 0.0107 RL - 1764604748.636703968 1764604748.647373915 0
Dec 1 15:59:08 standalone container-server[123795]: 172.20.0.100 - - [01/Dec/2025:15:59:08 +0000] "GET /d1/296/AUTH_3d58405511e14ef397d27a04aabe13a3/gnocchi.c7930ade-986d-4046-9a27-25258c4562b3" 200 2 "GET http://localhost:8080/v1/AUTH_3d58405511e14ef397d27a04aabe13a3/gnocchi.c7930ade-986d-4046-9a27-25258c4562b3?format=json&states=listing" "tx14859054d75944ad9c960-00692dbb4c" "proxy-server 12" 0.0058 "-" 15 0
Dec 1 15:59:08 standalone proxy-server[125787]: 172.18.0.2 ::1 01/Dec/2025/15/59/08 GET /v1/AUTH_3d58405511e14ef397d27a04aabe13a3/gnocchi.c7930ade-986d-4046-9a27-25258c4562b3%3Fformat%3Djson%26states%3Dlisting HTTP/1.0 200 - python-swiftclient-3.11.1 gAAAAABpLbsIGd3W... - 2 - tx14859054d75944ad9c960-00692dbb4c - 0.0306 - - 1764604748.634526491 1764604748.665148973 0
Dec 1 15:59:08 standalone object-server[124083]: 172.20.0.100 - - [01/Dec/2025:15:59:08 +0000] "GET /d1/171/AUTH_3d58405511e14ef397d27a04aabe13a3/gnocchi.c7930ade-986d-4046-9a27-25258c4562b3/1763640000.0_mean_300.0_v3" 404 70 "GET http://localhost:8080/v1/AUTH_3d58405511e14ef397d27a04aabe13a3/gnocchi.c7930ade-986d-4046-9a27-25258c4562b3/1763640000.0_mean_300.0_v3" "tx5b65fb817b614b698300e-00692dbb4c" "proxy-server 12" 0.0007 "-" 21 0
Dec 1 15:59:08 standalone proxy-server[125787]: 172.18.0.2 ::1 01/Dec/2025/15/59/08 GET /v1/AUTH_3d58405511e14ef397d27a04aabe13a3/gnocchi.c7930ade-986d-4046-9a27-25258c4562b3/1763640000.0_mean_300.0_v3 HTTP/1.0 404 - python-swiftclient-3.11.1 gAAAAABpLbsIGd3W... - 70 - tx5b65fb817b614b698300e-00692dbb4c - 0.0109 - - 1764604748.672869682 1764604748.683786392 0
Dec 1 15:59:08 standalone container-server[123820]: 172.20.0.100 - - [01/Dec/2025:15:59:08 +0000] "PUT /d1/296/AUTH_3d58405511e14ef397d27a04aabe13a3/gnocchi.c7930ade-986d-4046-9a27-25258c4562b3/1763640000.0_mean_300.0_v3" 201 - "PUT http://localhost:8080/d1/171/AUTH_3d58405511e14ef397d27a04aabe13a3/gnocchi.c7930ade-986d-4046-9a27-25258c4562b3/1763640000.0_mean_300.0_v3" "tx49f88dc70c8440e1b40b6-00692dbb4c" "object-server 20" 0.0013 "-" 17 0
Dec 1 15:59:08 standalone object-server[124081]: 172.20.0.100 - - [01/Dec/2025:15:59:08 +0000] "PUT /d1/171/AUTH_3d58405511e14ef397d27a04aabe13a3/gnocchi.c7930ade-986d-4046-9a27-25258c4562b3/1763640000.0_mean_300.0_v3" 201 - "PUT http://localhost:8080/v1/AUTH_3d58405511e14ef397d27a04aabe13a3/gnocchi.c7930ade-986d-4046-9a27-25258c4562b3/1763640000.0_mean_300.0_v3" "tx49f88dc70c8440e1b40b6-00692dbb4c" "proxy-server 12" 0.0178 "-" 20 0
Dec 1 15:59:08 standalone proxy-server[125787]: 172.18.0.2 ::1 01/Dec/2025/15/59/08 PUT /v1/AUTH_3d58405511e14ef397d27a04aabe13a3/gnocchi.c7930ade-986d-4046-9a27-25258c4562b3/1763640000.0_mean_300.0_v3 HTTP/1.0 201 - python-swiftclient-3.11.1 gAAAAABpLbsIGd3W... 16 - - tx49f88dc70c8440e1b40b6-00692dbb4c - 0.0278 - - 1764604748.691058636 1764604748.718823195 0
Dec 1 15:59:08 standalone container-server[123820]: 172.20.0.100 - - [01/Dec/2025:15:59:08 +0000] "PUT /d1/296/AUTH_3d58405511e14ef397d27a04aabe13a3/gnocchi.c7930ade-986d-4046-9a27-25258c4562b3/none_v3" 201 - "PUT http://localhost:8080/d1/958/AUTH_3d58405511e14ef397d27a04aabe13a3/gnocchi.c7930ade-986d-4046-9a27-25258c4562b3/none_v3" "tx7dcc8769fbd14b05ab0e0-00692dbb4c" "object-server 22" 0.0011 "-" 17 0
Dec 1 15:59:08 standalone object-server[124085]: 172.20.0.100 - - [01/Dec/2025:15:59:08 +0000] "PUT /d1/958/AUTH_3d58405511e14ef397d27a04aabe13a3/gnocchi.c7930ade-986d-4046-9a27-25258c4562b3/none_v3" 201 - "PUT http://localhost:8080/v1/AUTH_3d58405511e14ef397d27a04aabe13a3/gnocchi.c7930ade-986d-4046-9a27-25258c4562b3/none_v3" "tx7dcc8769fbd14b05ab0e0-00692dbb4c" "proxy-server 12" 0.0180 "-" 22 0
Dec 1 15:59:08 standalone proxy-server[125787]: 172.18.0.2 ::1 01/Dec/2025/15/59/08 PUT /v1/AUTH_3d58405511e14ef397d27a04aabe13a3/gnocchi.c7930ade-986d-4046-9a27-25258c4562b3/none_v3 HTTP/1.0 201 - python-swiftclient-3.11.1 gAAAAABpLbsIGd3W... 22 - - tx7dcc8769fbd14b05ab0e0-00692dbb4c - 0.0271 - - 1764604748.724463940 1764604748.751549006 0
Dec 1 15:59:08 standalone container-server[123790]: 172.20.0.100 - - [01/Dec/2025:15:59:08 +0000] "HEAD /d1/941/AUTH_3d58405511e14ef397d27a04aabe13a3/gnocchi.f0d132e2-7e38-483f-9120-de537b7a3931" 404 - "HEAD http://localhost:8080/v1/AUTH_3d58405511e14ef397d27a04aabe13a3/gnocchi.f0d132e2-7e38-483f-9120-de537b7a3931?format=json&states=listing" "tx5864c9e69f1f41338e593-00692dbb4c" "proxy-server 12" 0.0007 "-" 14 0
Dec 1 15:59:08 standalone object-server[124081]: 172.20.0.100 - - [01/Dec/2025:15:59:08 +0000] "GET /d1/101/AUTH_3d58405511e14ef397d27a04aabe13a3/gnocchi.f0d132e2-7e38-483f-9120-de537b7a3931/none_v3" 404 70 "GET http://localhost:8080/v1/AUTH_3d58405511e14ef397d27a04aabe13a3/gnocchi.f0d132e2-7e38-483f-9120-de537b7a3931/none_v3" "tx5864c9e69f1f41338e593-00692dbb4c" "proxy-server 12" 0.0004 "-" 20 0
Dec 1 15:59:08 standalone proxy-server[125787]: 172.18.0.2 ::1 01/Dec/2025/15/59/08 GET /v1/AUTH_3d58405511e14ef397d27a04aabe13a3/gnocchi.f0d132e2-7e38-483f-9120-de537b7a3931/none_v3 HTTP/1.0 404 - python-swiftclient-3.11.1 gAAAAABpLbsIGd3W... - 70 - tx5864c9e69f1f41338e593-00692dbb4c - 0.0192 - - 1764604748.778875589 1764604748.798112154 0
Dec 1 15:59:08 standalone account-server[123853]: 172.20.0.100 - - [01/Dec/2025:15:59:08 +0000] "PUT /d1/660/AUTH_3d58405511e14ef397d27a04aabe13a3/gnocchi.f0d132e2-7e38-483f-9120-de537b7a3931" 201 - "PUT http://172.20.0.100:6001/d1/941/AUTH_3d58405511e14ef397d27a04aabe13a3/gnocchi.f0d132e2-7e38-483f-9120-de537b7a3931" "tx8bbb9b88901c41638619f-00692dbb4c" "container-server 15" 0.0052 "-" 23 0
Dec 1 15:59:08 standalone container-server[123795]: 172.20.0.100 - - [01/Dec/2025:15:59:08 +0000] "PUT /d1/941/AUTH_3d58405511e14ef397d27a04aabe13a3/gnocchi.f0d132e2-7e38-483f-9120-de537b7a3931" 201 - "PUT http://localhost:8080/v1/AUTH_3d58405511e14ef397d27a04aabe13a3/gnocchi.f0d132e2-7e38-483f-9120-de537b7a3931" "tx8bbb9b88901c41638619f-00692dbb4c" "proxy-server 12" 0.0248 "-" 15 0
Dec 1 15:59:08 standalone proxy-server[125787]: 172.18.0.2 ::1 01/Dec/2025/15/59/08 PUT /v1/AUTH_3d58405511e14ef397d27a04aabe13a3/gnocchi.f0d132e2-7e38-483f-9120-de537b7a3931 HTTP/1.0 201 - python-swiftclient-3.11.1 gAAAAABpLbsIGd3W... - - - tx8bbb9b88901c41638619f-00692dbb4c - 0.0334 - - 1764604748.803691864 1764604748.837045908 0
Dec 1 15:59:08 standalone container-server[123790]: 172.20.0.100 - - [01/Dec/2025:15:59:08 +0000] "HEAD /d1/941/AUTH_3d58405511e14ef397d27a04aabe13a3/gnocchi.f0d132e2-7e38-483f-9120-de537b7a3931" 204 - "HEAD http://localhost:8080/v1/AUTH_3d58405511e14ef397d27a04aabe13a3/gnocchi.f0d132e2-7e38-483f-9120-de537b7a3931?format=json&states=listing" "txeb9a802239d6494cabc8c-00692dbb4c" "proxy-server 12" 0.0033 "-" 14 0
Dec 1 15:59:08 standalone proxy-server[125787]: - - 01/Dec/2025/15/59/08 HEAD /v1/AUTH_3d58405511e14ef397d27a04aabe13a3/gnocchi.f0d132e2-7e38-483f-9120-de537b7a3931%3Fformat%3Djson%26states%3Dlisting HTTP/1.0 204 - Swift - - - - txeb9a802239d6494cabc8c-00692dbb4c - 0.0084 RL - 1764604748.845897198 1764604748.854328871 0
Dec 1 15:59:08 standalone container-server[123795]: 172.20.0.100 - - [01/Dec/2025:15:59:08 +0000] "GET /d1/941/AUTH_3d58405511e14ef397d27a04aabe13a3/gnocchi.f0d132e2-7e38-483f-9120-de537b7a3931" 200 2 "GET http://localhost:8080/v1/AUTH_3d58405511e14ef397d27a04aabe13a3/gnocchi.f0d132e2-7e38-483f-9120-de537b7a3931?format=json&states=listing" "txeb9a802239d6494cabc8c-00692dbb4c" "proxy-server 12" 0.0050 "-" 15 0
Dec 1 15:59:08 standalone proxy-server[125787]: 172.18.0.2 ::1 01/Dec/2025/15/59/08 GET /v1/AUTH_3d58405511e14ef397d27a04aabe13a3/gnocchi.f0d132e2-7e38-483f-9120-de537b7a3931%3Fformat%3Djson%26states%3Dlisting HTTP/1.0 200 - python-swiftclient-3.11.1 gAAAAABpLbsIGd3W... - 2 - txeb9a802239d6494cabc8c-00692dbb4c - 0.0285 - - 1764604748.844111919 1764604748.872636080 0
Dec 1 15:59:08 standalone object-server[124081]: 172.20.0.100 - - [01/Dec/2025:15:59:08 +0000] "GET /d1/519/AUTH_3d58405511e14ef397d27a04aabe13a3/gnocchi.f0d132e2-7e38-483f-9120-de537b7a3931/1763640000.0_mean_300.0_v3" 404 70 "GET http://localhost:8080/v1/AUTH_3d58405511e14ef397d27a04aabe13a3/gnocchi.f0d132e2-7e38-483f-9120-de537b7a3931/1763640000.0_mean_300.0_v3" "tx85f2700e1b764b40928fc-00692dbb4c" "proxy-server 12" 0.0005 "-" 20 0
Dec 1 15:59:08 standalone proxy-server[125787]: 172.18.0.2 ::1 01/Dec/2025/15/59/08 GET /v1/AUTH_3d58405511e14ef397d27a04aabe13a3/gnocchi.f0d132e2-7e38-483f-9120-de537b7a3931/1763640000.0_mean_300.0_v3 HTTP/1.0 404 - python-swiftclient-3.11.1 gAAAAABpLbsIGd3W... - 70 - tx85f2700e1b764b40928fc-00692dbb4c - 0.0108 - - 1764604748.879678965 1764604748.890516043 0
Dec 1 15:59:08 standalone container-server[123820]: 172.20.0.100 - - [01/Dec/2025:15:59:08 +0000] "PUT /d1/941/AUTH_3d58405511e14ef397d27a04aabe13a3/gnocchi.f0d132e2-7e38-483f-9120-de537b7a3931/1763640000.0_mean_300.0_v3" 201 - "PUT http://localhost:8080/d1/519/AUTH_3d58405511e14ef397d27a04aabe13a3/gnocchi.f0d132e2-7e38-483f-9120-de537b7a3931/1763640000.0_mean_300.0_v3" "txc4dcbdcbde1645e59c0ae-00692dbb4c" "object-server 21" 0.0013 "-" 17 0
Dec 1 15:59:08 standalone object-server[124083]: 172.20.0.100 - - [01/Dec/2025:15:59:08 +0000] "PUT /d1/519/AUTH_3d58405511e14ef397d27a04aabe13a3/gnocchi.f0d132e2-7e38-483f-9120-de537b7a3931/1763640000.0_mean_300.0_v3" 201 - "PUT http://localhost:8080/v1/AUTH_3d58405511e14ef397d27a04aabe13a3/gnocchi.f0d132e2-7e38-483f-9120-de537b7a3931/1763640000.0_mean_300.0_v3" "txc4dcbdcbde1645e59c0ae-00692dbb4c" "proxy-server 12" 0.0172 "-" 21 0
Dec 1 15:59:08 standalone proxy-server[125787]: 172.18.0.2 ::1 01/Dec/2025/15/59/08 PUT /v1/AUTH_3d58405511e14ef397d27a04aabe13a3/gnocchi.f0d132e2-7e38-483f-9120-de537b7a3931/1763640000.0_mean_300.0_v3 HTTP/1.0 201 - python-swiftclient-3.11.1 gAAAAABpLbsIGd3W... 16 - - txc4dcbdcbde1645e59c0ae-00692dbb4c - 0.0284 - - 1764604748.897435427 1764604748.925844193 0
Dec 1 15:59:08 standalone container-server[123795]: 172.20.0.100 - - [01/Dec/2025:15:59:08 +0000] "PUT /d1/941/AUTH_3d58405511e14ef397d27a04aabe13a3/gnocchi.f0d132e2-7e38-483f-9120-de537b7a3931/none_v3" 201 - "PUT http://localhost:8080/d1/101/AUTH_3d58405511e14ef397d27a04aabe13a3/gnocchi.f0d132e2-7e38-483f-9120-de537b7a3931/none_v3" "tx8fe85a58fba34e5dab030-00692dbb4c" "object-server 21" 0.0013 "-" 15 0
Dec 1 15:59:08 standalone object-server[124083]: 172.20.0.100 - - [01/Dec/2025:15:59:08 +0000] "PUT /d1/101/AUTH_3d58405511e14ef397d27a04aabe13a3/gnocchi.f0d132e2-7e38-483f-9120-de537b7a3931/none_v3" 201 - "PUT http://localhost:8080/v1/AUTH_3d58405511e14ef397d27a04aabe13a3/gnocchi.f0d132e2-7e38-483f-9120-de537b7a3931/none_v3" "tx8fe85a58fba34e5dab030-00692dbb4c" "proxy-server 12" 0.0163 "-" 21 0
Dec 1 15:59:08 standalone proxy-server[125787]: 172.18.0.2 ::1 01/Dec/2025/15/59/08 PUT /v1/AUTH_3d58405511e14ef397d27a04aabe13a3/gnocchi.f0d132e2-7e38-483f-9120-de537b7a3931/none_v3 HTTP/1.0 201 - python-swiftclient-3.11.1 gAAAAABpLbsIGd3W... 22 - - tx8fe85a58fba34e5dab030-00692dbb4c - 0.0269 - - 1764604748.931120634 1764604748.957979679 0
Dec 1 15:59:22 standalone account-server[123839]: 172.20.0.100 - - [01/Dec/2025:15:59:22 +0000] "HEAD /d1/143/.expiring_objects" 404 - "HEAD http://localhost/v1/.expiring_objects?format=json" "tx6e7e154111524873be122-00692dbb5a" "proxy-server 2" 0.0007 "-" 20 -
Dec 1 15:59:22 standalone object-expirer[123693]: Pass completed in 0s; 0 objects expired (txn: tx6e7e154111524873be122-00692dbb5a)
Dec 1 15:59:34 standalone container-server[123621]: Begin container update sweep
Dec 1 15:59:34 standalone account-server[123851]: 172.20.0.100 - - [01/Dec/2025:15:59:34 +0000] "PUT /d1/660/AUTH_3d58405511e14ef397d27a04aabe13a3/gnocchi.80a9f38d-cc9b-4ce3-ae6b-858bcb95eda1" 201 - "-" "-" "container-updater 2" 0.0012 "-" 22 0
Dec 1 15:59:34 standalone account-server[123851]: 172.20.0.100 - - [01/Dec/2025:15:59:34 +0000] "PUT /d1/660/AUTH_3d58405511e14ef397d27a04aabe13a3/gnocchi.c7930ade-986d-4046-9a27-25258c4562b3" 201 - "-" "-" "container-updater 2" 0.0007 "-" 22 0
Dec 1 15:59:34 standalone account-server[123839]: 172.20.0.100 - - [01/Dec/2025:15:59:34 +0000] "PUT /d1/660/AUTH_3d58405511e14ef397d27a04aabe13a3/gnocchi.bbf25278-5f7d-449a-a00b-3db2912ddebd" 201 - "-" "-" "container-updater 2" 0.0007 "-" 20 0
Dec 1 15:59:34 standalone account-server[123839]: 172.20.0.100 - - [01/Dec/2025:15:59:34 +0000] "PUT /d1/660/AUTH_3d58405511e14ef397d27a04aabe13a3/gnocchi.9e6e242b-2396-462f-8f11-245dc2115f07" 201 - "-" "-" "container-updater 2" 0.0007 "-" 20 0
Dec 1 15:59:34 standalone account-server[123853]: 172.20.0.100 - - [01/Dec/2025:15:59:34 +0000] "PUT /d1/660/AUTH_3d58405511e14ef397d27a04aabe13a3/gnocchi.4ed0d8d4-bf19-430d-a844-b29d8c0782fd" 201 - "-" "-" "container-updater 2" 0.0017 "-" 23 0
Dec 1 15:59:34 standalone account-server[123851]: 172.20.0.100 - - [01/Dec/2025:15:59:34 +0000] "PUT /d1/660/AUTH_3d58405511e14ef397d27a04aabe13a3/glance" 201 - "-" "-" "container-updater 2" 0.0010 "-" 22 0
Dec 1 15:59:34 standalone account-server[123844]: 172.20.0.100 - - [01/Dec/2025:15:59:34 +0000] "PUT /d1/660/AUTH_3d58405511e14ef397d27a04aabe13a3/gnocchi.418bce9e-bb4d-4cf7-9a89-a37115691b37" 201 - "-" "-" "container-updater 2" 0.0008 "-" 21 0
Dec 1 15:59:34 standalone account-server[123844]: 172.20.0.100 - - [01/Dec/2025:15:59:34 +0000] "PUT /d1/660/AUTH_3d58405511e14ef397d27a04aabe13a3/gnocchi.f0d132e2-7e38-483f-9120-de537b7a3931" 201 - "-" "-" "container-updater 2" 0.0007 "-" 21 0
Dec 1 15:59:34 standalone account-server[123851]: 172.20.0.100 - - [01/Dec/2025:15:59:34 +0000] "PUT /d1/660/AUTH_3d58405511e14ef397d27a04aabe13a3/gnocchi.6bdeae00-9065-401a-bfd4-fa82bf97802a" 201 - "-" "-" "container-updater 2" 0.0005 "-" 22 0
Dec 1 15:59:35 standalone container-server[123621]: Container update sweep completed: 0.83s
Dec 1 16:00:13 standalone account-server[123839]: 172.20.0.100 - - [01/Dec/2025:16:00:13 +0000] "HEAD /d1/660/AUTH_3d58405511e14ef397d27a04aabe13a3" 204 - "HEAD http://localhost:8080/v1/AUTH_3d58405511e14ef397d27a04aabe13a3?format=json" "tx493875d07a5a4bc68acf7-00692dbb8d" "proxy-server 12" 0.0093 "-" 20 -
Dec 1 16:00:13 standalone proxy-server[125787]: - - 01/Dec/2025/16/00/13 HEAD /v1/AUTH_3d58405511e14ef397d27a04aabe13a3%3Fformat%3Djson HTTP/1.0 204 - Swift - - - - tx493875d07a5a4bc68acf7-00692dbb8d - 0.0158 RL - 1764604813.703233004 1764604813.719032764 -
Dec 1 16:00:13 standalone container-server[123795]: 172.20.0.100 - - [01/Dec/2025:16:00:13 +0000] "HEAD /d1/83/AUTH_3d58405511e14ef397d27a04aabe13a3/gnocchi.9e6e242b-2396-462f-8f11-245dc2115f07" 204 - "HEAD http://localhost:8080/v1/AUTH_3d58405511e14ef397d27a04aabe13a3/gnocchi.9e6e242b-2396-462f-8f11-245dc2115f07?format=json&states=listing" "tx493875d07a5a4bc68acf7-00692dbb8d" "proxy-server 12" 0.0025 "-" 15 0
Dec 1 16:00:13 standalone object-server[124081]: 172.20.0.100 - - [01/Dec/2025:16:00:13 +0000] "GET /d1/768/AUTH_3d58405511e14ef397d27a04aabe13a3/gnocchi.9e6e242b-2396-462f-8f11-245dc2115f07/none_v3" 200 22 "GET http://localhost:8080/v1/AUTH_3d58405511e14ef397d27a04aabe13a3/gnocchi.9e6e242b-2396-462f-8f11-245dc2115f07/none_v3" "tx493875d07a5a4bc68acf7-00692dbb8d" "proxy-server 12" 0.0018 "-" 20 0
Dec 1 16:00:13 standalone proxy-server[125787]: 172.18.0.2 ::1 01/Dec/2025/16/00/13 GET /v1/AUTH_3d58405511e14ef397d27a04aabe13a3/gnocchi.9e6e242b-2396-462f-8f11-245dc2115f07/none_v3 HTTP/1.0 200 - python-swiftclient-3.11.1 gAAAAABpLbsIGd3W... - 22 - tx493875d07a5a4bc68acf7-00692dbb8d - 0.0343 - - 1764604813.701918125 1764604813.736211538 0
Dec 1 16:00:13 standalone container-server[123790]: 172.20.0.100 - - [01/Dec/2025:16:00:13 +0000] "GET /d1/83/AUTH_3d58405511e14ef397d27a04aabe13a3/gnocchi.9e6e242b-2396-462f-8f11-245dc2115f07" 200 357 "GET http://localhost:8080/v1/AUTH_3d58405511e14ef397d27a04aabe13a3/gnocchi.9e6e242b-2396-462f-8f11-245dc2115f07?format=json&states=listing" "tx584c6c9e52f7418ca7286-00692dbb8d" "proxy-server 12" 0.0030 "-" 14 0
Dec 1 16:00:13 standalone proxy-server[125787]: 172.18.0.2 ::1 01/Dec/2025/16/00/13 GET /v1/AUTH_3d58405511e14ef397d27a04aabe13a3/gnocchi.9e6e242b-2396-462f-8f11-245dc2115f07%3Fformat%3Djson%26states%3Dlisting HTTP/1.0 200 - python-swiftclient-3.11.1 gAAAAABpLbsIGd3W... - 357 - tx584c6c9e52f7418ca7286-00692dbb8d - 0.0110 - - 1764604813.741912127 1764604813.752928257 0
Dec 1 16:00:13 standalone container-server[123795]: 172.20.0.100 - - [01/Dec/2025:16:00:13 +0000] "GET /d1/83/AUTH_3d58405511e14ef397d27a04aabe13a3/gnocchi.9e6e242b-2396-462f-8f11-245dc2115f07" 200 2 "GET http://localhost:8080/v1/AUTH_3d58405511e14ef397d27a04aabe13a3/gnocchi.9e6e242b-2396-462f-8f11-245dc2115f07?format=json&marker=none_v3&states=listing" "txae2efc0f9ceb47b3af53d-00692dbb8d" "proxy-server 12" 0.0032 "-" 15 0
Dec 1 16:00:13 standalone proxy-server[125787]: 172.18.0.2 ::1 01/Dec/2025/16/00/13 GET /v1/AUTH_3d58405511e14ef397d27a04aabe13a3/gnocchi.9e6e242b-2396-462f-8f11-245dc2115f07%3Fformat%3Djson%26marker%3Dnone_v3%26states%3Dlisting HTTP/1.0 200 - python-swiftclient-3.11.1 gAAAAABpLbsIGd3W... - 2 - txae2efc0f9ceb47b3af53d-00692dbb8d - 0.0101 - - 1764604813.757004023 1764604813.767078400 0
Dec 1 16:00:13 standalone object-server[124083]: 172.20.0.100 - - [01/Dec/2025:16:00:13 +0000] "GET /d1/1008/AUTH_3d58405511e14ef397d27a04aabe13a3/gnocchi.9e6e242b-2396-462f-8f11-245dc2115f07/1763640000.0_mean_300.0_v3" 200 16 "GET http://localhost:8080/v1/AUTH_3d58405511e14ef397d27a04aabe13a3/gnocchi.9e6e242b-2396-462f-8f11-245dc2115f07/1763640000.0_mean_300.0_v3" "tx5fe9c942184244899f6a4-00692dbb8d" "proxy-server 12" 0.0012 "-" 21 0
Dec 1 16:00:13 standalone proxy-server[125787]: 172.18.0.2 ::1 01/Dec/2025/16/00/13 GET /v1/AUTH_3d58405511e14ef397d27a04aabe13a3/gnocchi.9e6e242b-2396-462f-8f11-245dc2115f07/1763640000.0_mean_300.0_v3 HTTP/1.0 200 - python-swiftclient-3.11.1 gAAAAABpLbsIGd3W... - 16 - tx5fe9c942184244899f6a4-00692dbb8d - 0.0077 - - 1764604813.772291899 1764604813.779980183 0
Dec 1 16:00:13 standalone container-server[123806]: 172.20.0.100 - - [01/Dec/2025:16:00:13 +0000] "PUT /d1/83/AUTH_3d58405511e14ef397d27a04aabe13a3/gnocchi.9e6e242b-2396-462f-8f11-245dc2115f07/1763640000.0_mean_300.0_v3" 201 - "PUT http://localhost:8080/d1/1008/AUTH_3d58405511e14ef397d27a04aabe13a3/gnocchi.9e6e242b-2396-462f-8f11-245dc2115f07/1763640000.0_mean_300.0_v3" "txe6eb8744d4bf4ea68ded2-00692dbb8d" "object-server 19" 0.0010 "-" 16 0
Dec 1 16:00:13 standalone object-server[124073]: 172.20.0.100 - - [01/Dec/2025:16:00:13 +0000] "PUT /d1/1008/AUTH_3d58405511e14ef397d27a04aabe13a3/gnocchi.9e6e242b-2396-462f-8f11-245dc2115f07/1763640000.0_mean_300.0_v3" 201 - "PUT http://localhost:8080/v1/AUTH_3d58405511e14ef397d27a04aabe13a3/gnocchi.9e6e242b-2396-462f-8f11-245dc2115f07/1763640000.0_mean_300.0_v3" "txe6eb8744d4bf4ea68ded2-00692dbb8d" "proxy-server 12" 0.0137 "-" 19 0
Dec 1 16:00:13 standalone proxy-server[125787]: 172.18.0.2 ::1 01/Dec/2025/16/00/13 PUT /v1/AUTH_3d58405511e14ef397d27a04aabe13a3/gnocchi.9e6e242b-2396-462f-8f11-245dc2115f07/1763640000.0_mean_300.0_v3 HTTP/1.0 201 - python-swiftclient-3.11.1 gAAAAABpLbsIGd3W... 23 - - txe6eb8744d4bf4ea68ded2-00692dbb8d - 0.0203 - - 1764604813.784353018 1764604813.804686546 0
Dec 1 16:00:13 standalone container-server[123806]: 172.20.0.100 - - [01/Dec/2025:16:00:13 +0000] "PUT /d1/83/AUTH_3d58405511e14ef397d27a04aabe13a3/gnocchi.9e6e242b-2396-462f-8f11-245dc2115f07/none_v3" 201 - "PUT http://localhost:8080/d1/768/AUTH_3d58405511e14ef397d27a04aabe13a3/gnocchi.9e6e242b-2396-462f-8f11-245dc2115f07/none_v3" "tx59b7646234f84fbd8ee32-00692dbb8d" "object-server 20" 0.0007 "-" 16 0
Dec 1 16:00:13 standalone object-server[124081]: 172.20.0.100 - - [01/Dec/2025:16:00:13 +0000] "PUT /d1/768/AUTH_3d58405511e14ef397d27a04aabe13a3/gnocchi.9e6e242b-2396-462f-8f11-245dc2115f07/none_v3" 201 - "PUT http://localhost:8080/v1/AUTH_3d58405511e14ef397d27a04aabe13a3/gnocchi.9e6e242b-2396-462f-8f11-245dc2115f07/none_v3" "tx59b7646234f84fbd8ee32-00692dbb8d" "proxy-server 12" 0.0117 "-" 20 0
Dec 1 16:00:13 standalone proxy-server[125787]: 172.18.0.2 ::1 01/Dec/2025/16/00/13 PUT /v1/AUTH_3d58405511e14ef397d27a04aabe13a3/gnocchi.9e6e242b-2396-462f-8f11-245dc2115f07/none_v3 HTTP/1.0 201 - python-swiftclient-3.11.1 gAAAAABpLbsIGd3W... 22 - - tx59b7646234f84fbd8ee32-00692dbb8d - 0.0183 - - 1764604813.808800459 1764604813.827133894 0
Dec 1 16:00:13 standalone container-server[123790]: 172.20.0.100 - - [01/Dec/2025:16:00:13 +0000] "HEAD /d1/531/AUTH_3d58405511e14ef397d27a04aabe13a3/gnocchi.418bce9e-bb4d-4cf7-9a89-a37115691b37" 204 - "HEAD http://localhost:8080/v1/AUTH_3d58405511e14ef397d27a04aabe13a3/gnocchi.418bce9e-bb4d-4cf7-9a89-a37115691b37?format=json&states=listing" "txf190ecdd9c7948d1883fe-00692dbb8d" "proxy-server 12" 0.0025 "-" 14 0
Dec 1 16:00:13 standalone object-server[124073]: 172.20.0.100 - - [01/Dec/2025:16:00:13 +0000] "GET /d1/203/AUTH_3d58405511e14ef397d27a04aabe13a3/gnocchi.418bce9e-bb4d-4cf7-9a89-a37115691b37/none_v3" 200 22 "GET http://localhost:8080/v1/AUTH_3d58405511e14ef397d27a04aabe13a3/gnocchi.418bce9e-bb4d-4cf7-9a89-a37115691b37/none_v3" "txf190ecdd9c7948d1883fe-00692dbb8d" "proxy-server 12" 0.0013 "-" 19 0
Dec 1 16:00:13 standalone proxy-server[125787]: 172.18.0.2 ::1 01/Dec/2025/16/00/13 GET /v1/AUTH_3d58405511e14ef397d27a04aabe13a3/gnocchi.418bce9e-bb4d-4cf7-9a89-a37115691b37/none_v3 HTTP/1.0 200 - python-swiftclient-3.11.1 gAAAAABpLbsIGd3W... - 22 - txf190ecdd9c7948d1883fe-00692dbb8d - 0.0155 - - 1764604813.841079235 1764604813.856595278 0
Dec 1 16:00:13 standalone container-server[123790]: 172.20.0.100 - - [01/Dec/2025:16:00:13 +0000] "GET /d1/531/AUTH_3d58405511e14ef397d27a04aabe13a3/gnocchi.418bce9e-bb4d-4cf7-9a89-a37115691b37" 200 357 "GET http://localhost:8080/v1/AUTH_3d58405511e14ef397d27a04aabe13a3/gnocchi.418bce9e-bb4d-4cf7-9a89-a37115691b37?format=json&states=listing" "txff7ff75a2c5548ebbd4ba-00692dbb8d" "proxy-server 12" 0.0044 "-" 14 0
Dec 1 16:00:13 standalone proxy-server[125787]: 172.18.0.2 ::1 01/Dec/2025/16/00/13 GET /v1/AUTH_3d58405511e14ef397d27a04aabe13a3/gnocchi.418bce9e-bb4d-4cf7-9a89-a37115691b37%3Fformat%3Djson%26states%3Dlisting HTTP/1.0 200 - python-swiftclient-3.11.1 gAAAAABpLbsIGd3W... - 357 - txff7ff75a2c5548ebbd4ba-00692dbb8d - 0.0118 - - 1764604813.862770796 1764604813.874607801 0
Dec 1 16:00:13 standalone container-server[123790]: 172.20.0.100 - - [01/Dec/2025:16:00:13 +0000] "GET /d1/531/AUTH_3d58405511e14ef397d27a04aabe13a3/gnocchi.418bce9e-bb4d-4cf7-9a89-a37115691b37" 200 2 "GET http://localhost:8080/v1/AUTH_3d58405511e14ef397d27a04aabe13a3/gnocchi.418bce9e-bb4d-4cf7-9a89-a37115691b37?format=json&marker=none_v3&states=listing" "tx17ebafd247eb4beeab852-00692dbb8d" "proxy-server 12" 0.0035 "-" 14 0
Dec 1 16:00:13 standalone proxy-server[125787]: 172.18.0.2 ::1 01/Dec/2025/16/00/13 GET /v1/AUTH_3d58405511e14ef397d27a04aabe13a3/gnocchi.418bce9e-bb4d-4cf7-9a89-a37115691b37%3Fformat%3Djson%26marker%3Dnone_v3%26states%3Dlisting HTTP/1.0 200 - python-swiftclient-3.11.1 gAAAAABpLbsIGd3W... - 2 - tx17ebafd247eb4beeab852-00692dbb8d - 0.0106 - - 1764604813.880180836 1764604813.890780449 0
Dec 1 16:00:13 standalone object-server[124085]: 172.20.0.100 - - [01/Dec/2025:16:00:13 +0000] "GET /d1/950/AUTH_3d58405511e14ef397d27a04aabe13a3/gnocchi.418bce9e-bb4d-4cf7-9a89-a37115691b37/1763640000.0_mean_300.0_v3" 200 16 "GET http://localhost:8080/v1/AUTH_3d58405511e14ef397d27a04aabe13a3/gnocchi.418bce9e-bb4d-4cf7-9a89-a37115691b37/1763640000.0_mean_300.0_v3" "tx663da927b4594de996446-00692dbb8d" "proxy-server 12" 0.0014 "-" 22 0
Dec 1 16:00:13 standalone proxy-server[125787]: 172.18.0.2 ::1 01/Dec/2025/16/00/13 GET /v1/AUTH_3d58405511e14ef397d27a04aabe13a3/gnocchi.418bce9e-bb4d-4cf7-9a89-a37115691b37/1763640000.0_mean_300.0_v3 HTTP/1.0 200 - python-swiftclient-3.11.1 gAAAAABpLbsIGd3W... - 16 - tx663da927b4594de996446-00692dbb8d - 0.0081 - - 1764604813.895763159 1764604813.903847456 0
Dec 1 16:00:13 standalone container-server[123820]: 172.20.0.100 - - [01/Dec/2025:16:00:13 +0000] "PUT /d1/531/AUTH_3d58405511e14ef397d27a04aabe13a3/gnocchi.418bce9e-bb4d-4cf7-9a89-a37115691b37/1763640000.0_mean_300.0_v3" 201 - "PUT http://localhost:8080/d1/950/AUTH_3d58405511e14ef397d27a04aabe13a3/gnocchi.418bce9e-bb4d-4cf7-9a89-a37115691b37/1763640000.0_mean_300.0_v3" "tx7afb77df86d345718cb86-00692dbb8d" "object-server 19" 0.0009 "-" 17 0
Dec 1 16:00:13 standalone object-server[124073]: 172.20.0.100 - - [01/Dec/2025:16:00:13 +0000] "PUT /d1/950/AUTH_3d58405511e14ef397d27a04aabe13a3/gnocchi.418bce9e-bb4d-4cf7-9a89-a37115691b37/1763640000.0_mean_300.0_v3" 201 - "PUT http://localhost:8080/v1/AUTH_3d58405511e14ef397d27a04aabe13a3/gnocchi.418bce9e-bb4d-4cf7-9a89-a37115691b37/1763640000.0_mean_300.0_v3" "tx7afb77df86d345718cb86-00692dbb8d" "proxy-server 12" 0.0136 "-" 19 0
Dec 1 16:00:13 standalone proxy-server[125787]: 172.18.0.2 ::1 01/Dec/2025/16/00/13 PUT /v1/AUTH_3d58405511e14ef397d27a04aabe13a3/gnocchi.418bce9e-bb4d-4cf7-9a89-a37115691b37/1763640000.0_mean_300.0_v3 HTTP/1.0 201 - python-swiftclient-3.11.1 gAAAAABpLbsIGd3W... 23 - - tx7afb77df86d345718cb86-00692dbb8d - 0.0197 - - 1764604813.908531904 1764604813.928226709 0
Dec 1 16:00:13 standalone container-server[123820]: 172.20.0.100 - - [01/Dec/2025:16:00:13 +0000] "PUT /d1/531/AUTH_3d58405511e14ef397d27a04aabe13a3/gnocchi.418bce9e-bb4d-4cf7-9a89-a37115691b37/none_v3" 201 - "PUT http://localhost:8080/d1/203/AUTH_3d58405511e14ef397d27a04aabe13a3/gnocchi.418bce9e-bb4d-4cf7-9a89-a37115691b37/none_v3" "tx0418645d8aa8487dae77f-00692dbb8d" "object-server 19" 0.0006 "-" 17 0
Dec 1 16:00:13 standalone object-server[124073]: 172.20.0.100 - - [01/Dec/2025:16:00:13 +0000] "PUT /d1/203/AUTH_3d58405511e14ef397d27a04aabe13a3/gnocchi.418bce9e-bb4d-4cf7-9a89-a37115691b37/none_v3" 201 - "PUT http://localhost:8080/v1/AUTH_3d58405511e14ef397d27a04aabe13a3/gnocchi.418bce9e-bb4d-4cf7-9a89-a37115691b37/none_v3" "tx0418645d8aa8487dae77f-00692dbb8d" "proxy-server 12" 0.0103 "-" 19 0
Dec 1 16:00:13 standalone proxy-server[125787]: 172.18.0.2 ::1 01/Dec/2025/16/00/13 PUT /v1/AUTH_3d58405511e14ef397d27a04aabe13a3/gnocchi.418bce9e-bb4d-4cf7-9a89-a37115691b37/none_v3 HTTP/1.0 201 - python-swiftclient-3.11.1 gAAAAABpLbsIGd3W... 22 - - tx0418645d8aa8487dae77f-00692dbb8d - 0.0158 - - 1764604813.932970285 1764604813.948795080 0
Dec 1 16:00:13 standalone container-server[123806]: 172.20.0.100 - - [01/Dec/2025:16:00:13 +0000] "HEAD /d1/296/AUTH_3d58405511e14ef397d27a04aabe13a3/gnocchi.c7930ade-986d-4046-9a27-25258c4562b3" 204 - "HEAD http://localhost:8080/v1/AUTH_3d58405511e14ef397d27a04aabe13a3/gnocchi.c7930ade-986d-4046-9a27-25258c4562b3?format=json&states=listing" "tx45899908a8664f1eb80f7-00692dbb8d" "proxy-server 12" 0.0026 "-" 16 0
Dec 1 16:00:13 standalone object-server[124083]: 172.20.0.100 - - [01/Dec/2025:16:00:13 +0000] "GET /d1/958/AUTH_3d58405511e14ef397d27a04aabe13a3/gnocchi.c7930ade-986d-4046-9a27-25258c4562b3/none_v3" 200 22 "GET http://localhost:8080/v1/AUTH_3d58405511e14ef397d27a04aabe13a3/gnocchi.c7930ade-986d-4046-9a27-25258c4562b3/none_v3" "tx45899908a8664f1eb80f7-00692dbb8d" "proxy-server 12" 0.0011 "-" 21 0
Dec 1 16:00:13 standalone proxy-server[125787]: 172.18.0.2 ::1 01/Dec/2025/16/00/13 GET /v1/AUTH_3d58405511e14ef397d27a04aabe13a3/gnocchi.c7930ade-986d-4046-9a27-25258c4562b3/none_v3 HTTP/1.0 200 - python-swiftclient-3.11.1 gAAAAABpLbsIGd3W... - 22 - tx45899908a8664f1eb80f7-00692dbb8d - 0.0169 - - 1764604813.964160442 1764604813.981071949 0
Dec 1 16:00:13 standalone container-server[123790]: 172.20.0.100 - - [01/Dec/2025:16:00:13 +0000] "GET /d1/296/AUTH_3d58405511e14ef397d27a04aabe13a3/gnocchi.c7930ade-986d-4046-9a27-25258c4562b3" 200 357 "GET http://localhost:8080/v1/AUTH_3d58405511e14ef397d27a04aabe13a3/gnocchi.c7930ade-986d-4046-9a27-25258c4562b3?format=json&states=listing" "txad1b4fe00dd54fb3bd923-00692dbb8d" "proxy-server 12" 0.0040 "-" 14 0
Dec 1 16:00:14 standalone proxy-server[125787]: 172.18.0.2 ::1 01/Dec/2025/16/00/14 GET /v1/AUTH_3d58405511e14ef397d27a04aabe13a3/gnocchi.c7930ade-986d-4046-9a27-25258c4562b3%3Fformat%3Djson%26states%3Dlisting HTTP/1.0 200 - python-swiftclient-3.11.1 gAAAAABpLbsIGd3W... - 357 - txad1b4fe00dd54fb3bd923-00692dbb8d - 0.0132 - - 1764604813.987618923 1764604814.000825167 0
Dec 1 16:00:14 standalone container-server[123820]: 172.20.0.100 - - [01/Dec/2025:16:00:14 +0000] "GET /d1/296/AUTH_3d58405511e14ef397d27a04aabe13a3/gnocchi.c7930ade-986d-4046-9a27-25258c4562b3" 200 2 "GET http://localhost:8080/v1/AUTH_3d58405511e14ef397d27a04aabe13a3/gnocchi.c7930ade-986d-4046-9a27-25258c4562b3?format=json&marker=none_v3&states=listing" "tx2b05d46c44334b8a9a7b6-00692dbb8e" "proxy-server 12" 0.0039 "-" 17 0
Dec 1 16:00:14 standalone proxy-server[125787]: 172.18.0.2 ::1 01/Dec/2025/16/00/14 GET /v1/AUTH_3d58405511e14ef397d27a04aabe13a3/gnocchi.c7930ade-986d-4046-9a27-25258c4562b3%3Fformat%3Djson%26marker%3Dnone_v3%26states%3Dlisting HTTP/1.0 200 - python-swiftclient-3.11.1 gAAAAABpLbsIGd3W... - 2 - tx2b05d46c44334b8a9a7b6-00692dbb8e - 0.0131 - - 1764604814.005455732 1764604814.018506050 0
Dec 1 16:00:14 standalone object-server[124083]: 172.20.0.100 - - [01/Dec/2025:16:00:14 +0000] "GET /d1/171/AUTH_3d58405511e14ef397d27a04aabe13a3/gnocchi.c7930ade-986d-4046-9a27-25258c4562b3/1763640000.0_mean_300.0_v3" 200 16 "GET http://localhost:8080/v1/AUTH_3d58405511e14ef397d27a04aabe13a3/gnocchi.c7930ade-986d-4046-9a27-25258c4562b3/1763640000.0_mean_300.0_v3" "tx6cd6bf1e86224adc85a01-00692dbb8e" "proxy-server 12" 0.0011 "-" 21 0
