Dec 1 16:01:06 standalone container-server[123790]: 172.20.0.100 - - [01/Dec/2025:16:01:06 +0000] "HEAD /d1/167/AUTH_3d58405511e14ef397d27a04aabe13a3/gnocchi.f289440e-008d-4601-a90e-beb225cecc8b" 404 - "HEAD http://localhost:8080/v1/AUTH_3d58405511e14ef397d27a04aabe13a3/gnocchi.f289440e-008d-4601-a90e-beb225cecc8b?format=json&states=listing" "tx5ca99b39b7b9401d8a8c1-00692dbbc2" "proxy-server 12" 0.0005 "-" 14 0
Dec 1 16:01:06 standalone object-server[124085]: 172.20.0.100 - - [01/Dec/2025:16:01:06 +0000] "GET /d1/27/AUTH_3d58405511e14ef397d27a04aabe13a3/gnocchi.f289440e-008d-4601-a90e-beb225cecc8b/none_v3" 404 70 "GET http://localhost:8080/v1/AUTH_3d58405511e14ef397d27a04aabe13a3/gnocchi.f289440e-008d-4601-a90e-beb225cecc8b/none_v3" "tx5ca99b39b7b9401d8a8c1-00692dbbc2" "proxy-server 12" 0.0006 "-" 22 0
Dec 1 16:01:06 standalone proxy-server[125787]: 172.18.0.2 ::1 01/Dec/2025/16/01/06 GET /v1/AUTH_3d58405511e14ef397d27a04aabe13a3/gnocchi.f289440e-008d-4601-a90e-beb225cecc8b/none_v3 HTTP/1.0 404 - python-swiftclient-3.11.1 gAAAAABpLbsIGd3W... - 70 - tx5ca99b39b7b9401d8a8c1-00692dbbc2 - 0.0138 - - 1764604866.255742550 1764604866.269592047 0
Dec 1 16:01:06 standalone account-server[123844]: 172.20.0.100 - - [01/Dec/2025:16:01:06 +0000] "PUT /d1/660/AUTH_3d58405511e14ef397d27a04aabe13a3/gnocchi.f289440e-008d-4601-a90e-beb225cecc8b" 201 - "PUT http://172.20.0.100:6001/d1/167/AUTH_3d58405511e14ef397d27a04aabe13a3/gnocchi.f289440e-008d-4601-a90e-beb225cecc8b" "txc501493ddde54c749aac1-00692dbbc2" "container-server 17" 0.0062 "-" 21 0
Dec 1 16:01:06 standalone container-server[123820]: 172.20.0.100 - - [01/Dec/2025:16:01:06 +0000] "PUT /d1/167/AUTH_3d58405511e14ef397d27a04aabe13a3/gnocchi.f289440e-008d-4601-a90e-beb225cecc8b" 201 - "PUT http://localhost:8080/v1/AUTH_3d58405511e14ef397d27a04aabe13a3/gnocchi.f289440e-008d-4601-a90e-beb225cecc8b" "txc501493ddde54c749aac1-00692dbbc2" "proxy-server 12" 0.0207 "-" 17 0
Dec 1 16:01:06 standalone proxy-server[125787]: 172.18.0.2 ::1 01/Dec/2025/16/01/06 PUT /v1/AUTH_3d58405511e14ef397d27a04aabe13a3/gnocchi.f289440e-008d-4601-a90e-beb225cecc8b HTTP/1.0 201 - python-swiftclient-3.11.1 gAAAAABpLbsIGd3W... - - - txc501493ddde54c749aac1-00692dbbc2 - 0.0278 - - 1764604866.274243355 1764604866.302079439 0
Dec 1 16:01:06 standalone container-server[123795]: 172.20.0.100 - - [01/Dec/2025:16:01:06 +0000] "HEAD /d1/167/AUTH_3d58405511e14ef397d27a04aabe13a3/gnocchi.f289440e-008d-4601-a90e-beb225cecc8b" 204 - "HEAD http://localhost:8080/v1/AUTH_3d58405511e14ef397d27a04aabe13a3/gnocchi.f289440e-008d-4601-a90e-beb225cecc8b?format=json&states=listing" "tx0dd9fa77dfb947a9b1b6d-00692dbbc2" "proxy-server 12" 0.0029 "-" 15 0
Dec 1 16:01:06 standalone proxy-server[125787]: - - 01/Dec/2025/16/01/06 HEAD /v1/AUTH_3d58405511e14ef397d27a04aabe13a3/gnocchi.f289440e-008d-4601-a90e-beb225cecc8b%3Fformat%3Djson%26states%3Dlisting HTTP/1.0 204 - Swift - - - - tx0dd9fa77dfb947a9b1b6d-00692dbbc2 - 0.0080 RL - 1764604866.309599638 1764604866.317560911 0
Dec 1 16:01:06 standalone container-server[123806]: 172.20.0.100 - - [01/Dec/2025:16:01:06 +0000] "GET /d1/167/AUTH_3d58405511e14ef397d27a04aabe13a3/gnocchi.f289440e-008d-4601-a90e-beb225cecc8b" 200 2 "GET http://localhost:8080/v1/AUTH_3d58405511e14ef397d27a04aabe13a3/gnocchi.f289440e-008d-4601-a90e-beb225cecc8b?format=json&states=listing" "tx0dd9fa77dfb947a9b1b6d-00692dbbc2" "proxy-server 12" 0.0044 "-" 16 0
Dec 1 16:01:06 standalone proxy-server[125787]: 172.18.0.2 ::1 01/Dec/2025/16/01/06 GET /v1/AUTH_3d58405511e14ef397d27a04aabe13a3/gnocchi.f289440e-008d-4601-a90e-beb225cecc8b%3Fformat%3Djson%26states%3Dlisting HTTP/1.0 200 - python-swiftclient-3.11.1 gAAAAABpLbsIGd3W... - 2 - tx0dd9fa77dfb947a9b1b6d-00692dbbc2 - 0.0248 - - 1764604866.308066130 1764604866.332853317 0
Dec 1 16:01:06 standalone object-server[124081]: 172.20.0.100 - - [01/Dec/2025:16:01:06 +0000] "GET /d1/633/AUTH_3d58405511e14ef397d27a04aabe13a3/gnocchi.f289440e-008d-4601-a90e-beb225cecc8b/1763640000.0_mean_300.0_v3" 404 70 "GET http://localhost:8080/v1/AUTH_3d58405511e14ef397d27a04aabe13a3/gnocchi.f289440e-008d-4601-a90e-beb225cecc8b/1763640000.0_mean_300.0_v3" "txbb781d463c5f46aaa990d-00692dbbc2" "proxy-server 12" 0.0009 "-" 20 0
Dec 1 16:01:06 standalone proxy-server[125787]: 172.18.0.2 ::1 01/Dec/2025/16/01/06 GET /v1/AUTH_3d58405511e14ef397d27a04aabe13a3/gnocchi.f289440e-008d-4601-a90e-beb225cecc8b/1763640000.0_mean_300.0_v3 HTTP/1.0 404 - python-swiftclient-3.11.1 gAAAAABpLbsIGd3W... - 70 - txbb781d463c5f46aaa990d-00692dbbc2 - 0.0116 - - 1764604866.339353561 1764604866.350927591 0
Dec 1 16:01:06 standalone container-server[123806]: 172.20.0.100 - - [01/Dec/2025:16:01:06 +0000] "PUT /d1/167/AUTH_3d58405511e14ef397d27a04aabe13a3/gnocchi.f289440e-008d-4601-a90e-beb225cecc8b/1763640000.0_mean_300.0_v3" 201 - "PUT http://localhost:8080/d1/633/AUTH_3d58405511e14ef397d27a04aabe13a3/gnocchi.f289440e-008d-4601-a90e-beb225cecc8b/1763640000.0_mean_300.0_v3" "tx4db0b3fbc65343158a45b-00692dbbc2" "object-server 22" 0.0009 "-" 16 0
Dec 1 16:01:06 standalone object-server[124085]: 172.20.0.100 - - [01/Dec/2025:16:01:06 +0000] "PUT /d1/633/AUTH_3d58405511e14ef397d27a04aabe13a3/gnocchi.f289440e-008d-4601-a90e-beb225cecc8b/1763640000.0_mean_300.0_v3" 201 - "PUT http://localhost:8080/v1/AUTH_3d58405511e14ef397d27a04aabe13a3/gnocchi.f289440e-008d-4601-a90e-beb225cecc8b/1763640000.0_mean_300.0_v3" "tx4db0b3fbc65343158a45b-00692dbbc2" "proxy-server 12" 0.0128 "-" 22 0
Dec 1 16:01:06 standalone proxy-server[125787]: 172.18.0.2 ::1 01/Dec/2025/16/01/06 PUT /v1/AUTH_3d58405511e14ef397d27a04aabe13a3/gnocchi.f289440e-008d-4601-a90e-beb225cecc8b/1763640000.0_mean_300.0_v3 HTTP/1.0 201 - python-swiftclient-3.11.1 gAAAAABpLbsIGd3W... 16 - - tx4db0b3fbc65343158a45b-00692dbbc2 - 0.0210 - - 1764604866.355750084 1764604866.376734257 0
Dec 1 16:01:06 standalone container-server[123790]: 172.20.0.100 - - [01/Dec/2025:16:01:06 +0000] "PUT /d1/167/AUTH_3d58405511e14ef397d27a04aabe13a3/gnocchi.f289440e-008d-4601-a90e-beb225cecc8b/none_v3" 201 - "PUT http://localhost:8080/d1/27/AUTH_3d58405511e14ef397d27a04aabe13a3/gnocchi.f289440e-008d-4601-a90e-beb225cecc8b/none_v3" "tx1b1785ff4a854a6282bac-00692dbbc2" "object-server 20" 0.0009 "-" 14 0
Dec 1 16:01:06 standalone object-server[124081]: 172.20.0.100 - - [01/Dec/2025:16:01:06 +0000] "PUT /d1/27/AUTH_3d58405511e14ef397d27a04aabe13a3/gnocchi.f289440e-008d-4601-a90e-beb225cecc8b/none_v3" 201 - "PUT http://localhost:8080/v1/AUTH_3d58405511e14ef397d27a04aabe13a3/gnocchi.f289440e-008d-4601-a90e-beb225cecc8b/none_v3" "tx1b1785ff4a854a6282bac-00692dbbc2" "proxy-server 12" 0.0172 "-" 20 0
Dec 1 16:01:06 standalone proxy-server[125787]: 172.18.0.2 ::1 01/Dec/2025/16/01/06 PUT /v1/AUTH_3d58405511e14ef397d27a04aabe13a3/gnocchi.f289440e-008d-4601-a90e-beb225cecc8b/none_v3 HTTP/1.0 201 - python-swiftclient-3.11.1 gAAAAABpLbsIGd3W... 22 - - tx1b1785ff4a854a6282bac-00692dbbc2 - 0.0267 - - 1764604866.381532431 1764604866.408239603 0
Dec 1 16:01:52 standalone account-server[123851]: 172.20.0.100 - - [01/Dec/2025:16:01:52 +0000] "HEAD /d1/143/.expiring_objects" 404 - "HEAD http://localhost/v1/.expiring_objects?format=json" "tx116da3785c2b4bc99638c-00692dbbf0" "proxy-server 2" 0.0006 "-" 22 -
Dec 1 16:01:52 standalone object-expirer[123693]: Pass completed in 0s; 0 objects expired (txn: tx116da3785c2b4bc99638c-00692dbbf0)
Dec 1 16:02:11 standalone object-server[123981]: Begin object update sweep
Dec 1 16:02:11 standalone object-server[235136]: Object update sweep starting on /srv/node/d1 (pid: 15)
Dec 1 16:02:11 standalone object-server[235136]: Object update sweep completed on /srv/node/d1 in 0.00s seconds:, 0 successes, 0 failures, 0 quarantines, 0 unlinks, 0 errors, 0 redirects (pid: 15)
Dec 1 16:02:11 standalone object-server[235136]: Object update sweep of d1 completed: 0.00s, 0 successes, 0 failures, 0 quarantines, 0 unlinks, 0 errors, 0 redirects
Dec 1 16:02:11 standalone object-server[123981]: Object update sweep completed: 0.10s
Dec 1 16:03:52 standalone account-server[123839]: 172.20.0.100 - - [01/Dec/2025:16:03:52 +0000] "HEAD /d1/143/.expiring_objects" 404 - "HEAD http://localhost/v1/.expiring_objects?format=json" "tx3fb437486ede46e989730-00692dbc68" "proxy-server 2" 0.0008 "-" 20 -
Dec 1 16:03:52 standalone object-expirer[123693]: Pass completed in 0s; 0 objects expired (txn: tx3fb437486ede46e989730-00692dbc68)
Dec 1 16:04:34 standalone container-server[123621]: Begin container update sweep
Dec 1 16:04:34 standalone account-server[123839]: 172.20.0.100 - - [01/Dec/2025:16:04:34 +0000] "PUT /d1/660/AUTH_3d58405511e14ef397d27a04aabe13a3/gnocchi.c7930ade-986d-4046-9a27-25258c4562b3" 201 - "-" "-" "container-updater 2" 0.0012 "-" 20 0
Dec 1 16:04:34 standalone account-server[123844]: 172.20.0.100 - - [01/Dec/2025:16:04:34 +0000] "PUT /d1/660/AUTH_3d58405511e14ef397d27a04aabe13a3/gnocchi.c6fb9bb4-32bf-4eeb-a9af-50e06d372a1b" 201 - "-" "-" "container-updater 2" 0.0007 "-" 21 0
Dec 1 16:04:34 standalone account-server[123851]: 172.20.0.100 - - [01/Dec/2025:16:04:34 +0000] "PUT /d1/660/AUTH_3d58405511e14ef397d27a04aabe13a3/gnocchi.12982b54-9fab-4591-8d35-488a4e2ac22a" 201 - "-" "-" "container-updater 2" 0.0007 "-" 22 0
Dec 1 16:04:34 standalone account-server[123839]: 172.20.0.100 - - [01/Dec/2025:16:04:34 +0000] "PUT /d1/660/AUTH_3d58405511e14ef397d27a04aabe13a3/gnocchi.bbf25278-5f7d-449a-a00b-3db2912ddebd" 201 - "-" "-" "container-updater 2" 0.0006 "-" 20 0
Dec 1 16:04:34 standalone account-server[123844]: 172.20.0.100 - - [01/Dec/2025:16:04:34 +0000] "PUT /d1/660/AUTH_3d58405511e14ef397d27a04aabe13a3/gnocchi.a970f52a-82c3-407b-a655-c29f5e1d13a9" 201 - "-" "-" "container-updater 2" 0.0011 "-" 21 0
Dec 1 16:04:34 standalone account-server[123853]: 172.20.0.100 - - [01/Dec/2025:16:04:34 +0000] "PUT /d1/660/AUTH_3d58405511e14ef397d27a04aabe13a3/gnocchi.816b8844-729c-4a34-a05d-b9976e16fc3e" 201 - "-" "-" "container-updater 2" 0.0006 "-" 23 0
Dec 1 16:04:34 standalone account-server[123853]: 172.20.0.100 - - [01/Dec/2025:16:04:34 +0000] "PUT /d1/660/AUTH_3d58405511e14ef397d27a04aabe13a3/gnocchi.8d4019c5-e573-49ff-a2ce-0f660d86c97c" 201 - "-" "-" "container-updater 2" 0.0005 "-" 23 0
Dec 1 16:04:35 standalone account-server[123851]: 172.20.0.100 - - [01/Dec/2025:16:04:35 +0000] "PUT /d1/660/AUTH_3d58405511e14ef397d27a04aabe13a3/gnocchi.5a673685-7a0d-47c7-b2db-c2f979c8b827" 201 - "-" "-" "container-updater 2" 0.0005 "-" 22 0
Dec 1 16:04:35 standalone account-server[123844]: 172.20.0.100 - - [01/Dec/2025:16:04:35 +0000] "PUT /d1/660/AUTH_3d58405511e14ef397d27a04aabe13a3/gnocchi.f289440e-008d-4601-a90e-beb225cecc8b" 201 - "-" "-" "container-updater 2" 0.0009 "-" 21 0
Dec 1 16:04:35 standalone account-server[123839]: 172.20.0.100 - - [01/Dec/2025:16:04:35 +0000] "PUT /d1/660/AUTH_3d58405511e14ef397d27a04aabe13a3/gnocchi.9110b6ee-a829-4a82-8765-21236c3a129f" 201 - "-" "-" "container-updater 2" 0.0008 "-" 20 0
Dec 1 16:04:35 standalone account-server[123844]: 172.20.0.100 - - [01/Dec/2025:16:04:35 +0000] "PUT /d1/660/AUTH_3d58405511e14ef397d27a04aabe13a3/gnocchi.8d16d50a-7a8f-499d-818d-5f10be516381" 201 - "-" "-" "container-updater 2" 0.0008 "-" 21 0
Dec 1 16:04:35 standalone account-server[123853]: 172.20.0.100 - - [01/Dec/2025:16:04:35 +0000] "PUT /d1/660/AUTH_3d58405511e14ef397d27a04aabe13a3/gnocchi.425bb78a-293f-4045-ac82-6f9c9d348c50" 201 - "-" "-" "container-updater 2" 0.0008 "-" 23 0
Dec 1 16:04:35 standalone account-server[123853]: 172.20.0.100 - - [01/Dec/2025:16:04:35 +0000] "PUT /d1/660/AUTH_3d58405511e14ef397d27a04aabe13a3/gnocchi.a9daab76-1a5d-419e-822f-e6b0221a84bc" 201 - "-" "-" "container-updater 2" 0.0007 "-" 23 0
Dec 1 16:04:35 standalone account-server[123853]: 172.20.0.100 - - [01/Dec/2025:16:04:35 +0000] "PUT /d1/660/AUTH_3d58405511e14ef397d27a04aabe13a3/gnocchi.9e6e242b-2396-462f-8f11-245dc2115f07" 201 - "-" "-" "container-updater 2" 0.0005 "-" 23 0
Dec 1 16:04:35 standalone account-server[123839]: 172.20.0.100 - - [01/Dec/2025:16:04:35 +0000] "PUT /d1/660/AUTH_3d58405511e14ef397d27a04aabe13a3/gnocchi.418bce9e-bb4d-4cf7-9a89-a37115691b37" 201 - "-" "-" "container-updater 2" 0.0008 "-" 20 0
Dec 1 16:04:36 standalone account-server[123844]: 172.20.0.100 - - [01/Dec/2025:16:04:36 +0000] "PUT /d1/660/AUTH_3d58405511e14ef397d27a04aabe13a3/gnocchi.c6fd8895-89c6-483a-9e73-e546415a9e32" 201 - "-" "-" "container-updater 2" 0.0005 "-" 21 0
Dec 1 16:04:36 standalone account-server[123839]: 172.20.0.100 - - [01/Dec/2025:16:04:36 +0000] "PUT /d1/660/AUTH_3d58405511e14ef397d27a04aabe13a3/gnocchi.4ffb9e66-cd03-48fd-a281-ea364a6a1af3" 201 - "-" "-" "container-updater 2" 0.0006 "-" 20 0
Dec 1 16:04:36 standalone account-server[123844]: 172.20.0.100 - - [01/Dec/2025:16:04:36 +0000] "PUT /d1/660/AUTH_3d58405511e14ef397d27a04aabe13a3/gnocchi.3bd9613c-8897-42d9-b7d1-ce1818ce9c92" 201 - "-" "-" "container-updater 2" 0.0005 "-" 21 0
Dec 1 16:04:36 standalone container-server[123621]: Container update sweep completed: 2.10s
Dec 1 16:07:11 standalone object-server[123981]: Begin object update sweep
Dec 1 16:07:11 standalone object-server[264659]: Object update sweep starting on /srv/node/d1 (pid: 16)
Dec 1 16:07:11 standalone object-server[264659]: Object update sweep completed on /srv/node/d1 in 0.00s seconds:, 0 successes, 0 failures, 0 quarantines, 0 unlinks, 0 errors, 0 redirects (pid: 16)
Dec 1 16:07:11 standalone object-server[264659]: Object update sweep of d1 completed: 0.00s, 0 successes, 0 failures, 0 quarantines, 0 unlinks, 0 errors, 0 redirects
Dec 1 16:07:11 standalone object-server[123981]: Object update sweep completed: 0.07s
Dec 1 16:07:31 standalone account-server[123851]: 172.20.0.100 - - [01/Dec/2025:16:07:31 +0000] "HEAD /d1/143/.expiring_objects" 404 - "HEAD http://localhost/v1/.expiring_objects?format=json" "tx3d67f090f44a44f4acb83-00692dbd43" "proxy-server 2" 0.0009 "-" 22 -
Dec 1 16:07:31 standalone object-expirer[123693]: Pass completed in 0s; 0 objects expired (txn: tx3d67f090f44a44f4acb83-00692dbd43)
Dec 1 16:09:00 standalone account-server[123851]: 172.20.0.100 - - [01/Dec/2025:16:09:00 +0000] "HEAD /d1/143/.expiring_objects" 404 - "HEAD http://localhost/v1/.expiring_objects?format=json" "tx53632aa1f54e4789ba89c-00692dbd9c" "proxy-server 2" 0.0006 "-" 22 -
Dec 1 16:09:00 standalone object-expirer[123693]: Pass completed in 0s; 0 objects expired (txn: tx53632aa1f54e4789ba89c-00692dbd9c)
Dec 1 16:09:34 standalone container-server[123621]: Begin container update sweep
Dec 1 16:09:35 standalone container-server[123621]: Container update sweep completed: 1.56s
Dec 1 16:11:57 standalone account-server[123839]: 172.20.0.31 - - [01/Dec/2025:16:11:57 +0000] "HEAD /d1/368/AUTH_a6a49156a29f4f4a9575dd8b022e8848" 404 - "HEAD http://swift-public-openstack.apps-crc.testing/v1/AUTH_a6a49156a29f4f4a9575dd8b022e8848?format=json" "tx483e77081e7c4f29a9dbb-00692dbe4d" "proxy-server 16" 0.0011 "-" 20 -
Dec 1 16:11:58 standalone account-server[123844]: 172.20.0.31 - - [01/Dec/2025:16:11:58 +0000] "GET /d1/368/AUTH_a6a49156a29f4f4a9575dd8b022e8848" 404 - "GET http://swift-public-openstack.apps-crc.testing/v1/AUTH_a6a49156a29f4f4a9575dd8b022e8848?format=json" "tx483e77081e7c4f29a9dbb-00692dbe4d" "proxy-server 16" 0.0008 "-" 21 -
Dec 1 16:12:11 standalone object-server[123981]: Begin object update sweep
Dec 1 16:12:11 standalone object-server[284998]: Object update sweep starting on /srv/node/d1 (pid: 17)
Dec 1 16:12:11 standalone object-server[284998]: Object update sweep completed on /srv/node/d1 in 0.00s seconds:, 0 successes, 0 failures, 0 quarantines, 0 unlinks, 0 errors, 0 redirects (pid: 17)
Dec 1 16:12:11 standalone object-server[284998]: Object update sweep of d1 completed: 0.00s, 0 successes, 0 failures, 0 quarantines, 0 unlinks, 0 errors, 0 redirects
Dec 1 16:12:11 standalone object-server[123981]: Object update sweep completed: 0.08s
Dec 1 16:12:47 standalone account-server[123839]: 172.20.0.100 - - [01/Dec/2025:16:12:47 +0000] "HEAD /d1/143/.expiring_objects" 404 - "HEAD http://localhost/v1/.expiring_objects?format=json" "tx32d345b7004f4ed7b9eaa-00692dbe7f" "proxy-server 2" 0.0010 "-" 20 -
Dec 1 16:12:47 standalone object-expirer[123693]: Pass completed in 0s; 0 objects expired (txn: tx32d345b7004f4ed7b9eaa-00692dbe7f)
Dec 1 16:13:29 standalone account-server[123844]: 172.20.0.100 - - [01/Dec/2025:16:13:29 +0000] "HEAD /d1/143/.expiring_objects" 404 - "HEAD http://localhost/v1/.expiring_objects?format=json" "tx9402d61e34d24dc59e699-00692dbea9" "proxy-server 2" 0.0008 "-" 21 -
Dec 1 16:13:29 standalone object-expirer[123693]: Pass completed in 0s; 0 objects expired (txn: tx9402d61e34d24dc59e699-00692dbea9)
Dec 1 16:14:34 standalone container-server[123621]: Begin container update sweep
Dec 1 16:14:35 standalone container-server[123621]: Container update sweep completed: 1.50s
Dec 1 16:17:11 standalone object-server[123981]: Begin object update sweep
Dec 1 16:17:11 standalone object-server[305759]: Object update sweep starting on /srv/node/d1 (pid: 18)
Dec 1 16:17:11 standalone object-server[305759]: Object update sweep completed on /srv/node/d1 in 0.00s seconds:, 0 successes, 0 failures, 0 quarantines, 0 unlinks, 0 errors, 0 redirects (pid: 18)
Dec 1 16:17:11 standalone object-server[305759]: Object update sweep of d1 completed: 0.00s, 0 successes, 0 failures, 0 quarantines, 0 unlinks, 0 errors, 0 redirects
Dec 1 16:17:11 standalone object-server[123981]: Object update sweep completed: 0.08s
Dec 1 16:17:51 standalone account-server[123844]: 172.20.0.100 - - [01/Dec/2025:16:17:51 +0000] "HEAD /d1/143/.expiring_objects" 404 - "HEAD http://localhost/v1/.expiring_objects?format=json" "tx2f687bc8318848a9bc905-00692dbfaf" "proxy-server 2" 0.0008 "-" 21 -
Dec 1 16:17:51 standalone object-expirer[123693]: Pass completed in 0s; 0 objects expired (txn: tx2f687bc8318848a9bc905-00692dbfaf)
Dec 1 16:18:02 standalone account-server[123844]: 172.20.0.100 - - [01/Dec/2025:16:18:02 +0000] "HEAD /d1/143/.expiring_objects" 404 - "HEAD http://localhost/v1/.expiring_objects?format=json" "tx92c808de1bfd47f9a9ab6-00692dbfba" "proxy-server 2" 0.0009 "-" 21 -
Dec 1 16:18:02 standalone object-expirer[123693]: Pass completed in 0s; 0 objects expired (txn: tx92c808de1bfd47f9a9ab6-00692dbfba)
Dec 1 16:18:12 standalone account-server[123853]: 172.20.0.31 - - [01/Dec/2025:16:18:12 +0000] "HEAD /d1/660/AUTH_3d58405511e14ef397d27a04aabe13a3" 204 - "HEAD http://swift-internal.openstack.svc:8080/v1/AUTH_3d58405511e14ef397d27a04aabe13a3?format=json" "tx0a6472b755e04a418570a-00692dbfc4" "proxy-server 5" 0.0235 "-" 23 -
Dec 1 16:18:13 standalone container-server[123806]: 172.20.0.31 - - [01/Dec/2025:16:18:13 +0000] "HEAD /d1/332/AUTH_3d58405511e14ef397d27a04aabe13a3/glance" 204 - "HEAD http://swift-internal.openstack.svc:8080/v1/AUTH_3d58405511e14ef397d27a04aabe13a3/glance?format=json&states=listing" "tx0a6472b755e04a418570a-00692dbfc4" "proxy-server 5" 0.0031 "-" 16 0
Dec 1 16:18:16 standalone container-server[123790]: 172.20.0.100 - - [01/Dec/2025:16:18:16 +0000] "PUT /d1/332/AUTH_3d58405511e14ef397d27a04aabe13a3/glance/fcf0da99-b2fe-404c-9f3e-05b88e45ff51-00001" 201 - "PUT http://swift-internal.openstack.svc:8080/d1/136/AUTH_3d58405511e14ef397d27a04aabe13a3/glance/fcf0da99-b2fe-404c-9f3e-05b88e45ff51-00001" "txa5b84f4fd75345228a5a6-00692dbfc5" "object-server 21" 0.0017 "-" 14 0
Dec 1 16:18:16 standalone object-server[124083]: 172.20.0.31 - - [01/Dec/2025:16:18:16 +0000] "PUT /d1/136/AUTH_3d58405511e14ef397d27a04aabe13a3/glance/fcf0da99-b2fe-404c-9f3e-05b88e45ff51-00001" 201 - "PUT http://swift-internal.openstack.svc:8080/v1/AUTH_3d58405511e14ef397d27a04aabe13a3/glance/fcf0da99-b2fe-404c-9f3e-05b88e45ff51-00001" "txa5b84f4fd75345228a5a6-00692dbfc5" "proxy-server 5" 3.0146 "-" 21 0
Dec 1 16:18:18 standalone container-server[123790]: 172.20.0.100 - - [01/Dec/2025:16:18:18 +0000] "PUT /d1/332/AUTH_3d58405511e14ef397d27a04aabe13a3/glance/fcf0da99-b2fe-404c-9f3e-05b88e45ff51-00002" 201 - "PUT http://swift-internal.openstack.svc:8080/d1/673/AUTH_3d58405511e14ef397d27a04aabe13a3/glance/fcf0da99-b2fe-404c-9f3e-05b88e45ff51-00002" "tx7393374ac9104aa191adb-00692dbfc8" "object-server 20" 0.0011 "-" 14 0
Dec 1 16:18:18 standalone object-server[124081]: 172.20.0.31 - - [01/Dec/2025:16:18:18 +0000] "PUT /d1/673/AUTH_3d58405511e14ef397d27a04aabe13a3/glance/fcf0da99-b2fe-404c-9f3e-05b88e45ff51-00002" 201 - "PUT http://swift-internal.openstack.svc:8080/v1/AUTH_3d58405511e14ef397d27a04aabe13a3/glance/fcf0da99-b2fe-404c-9f3e-05b88e45ff51-00002" "tx7393374ac9104aa191adb-00692dbfc8" "proxy-server 5" 2.4749 "-" 20 0
Dec 1 16:18:20 standalone container-server[123790]: 172.20.0.100 - - [01/Dec/2025:16:18:20 +0000] "PUT /d1/332/AUTH_3d58405511e14ef397d27a04aabe13a3/glance/fcf0da99-b2fe-404c-9f3e-05b88e45ff51-00003" 201 - "PUT http://swift-internal.openstack.svc:8080/d1/150/AUTH_3d58405511e14ef397d27a04aabe13a3/glance/fcf0da99-b2fe-404c-9f3e-05b88e45ff51-00003" "tx0d5b5c59c7db40fa82378-00692dbfca" "object-server 21" 0.0012 "-" 14 0
Dec 1 16:18:20 standalone object-server[124083]: 172.20.0.31 - - [01/Dec/2025:16:18:20 +0000] "PUT /d1/150/AUTH_3d58405511e14ef397d27a04aabe13a3/glance/fcf0da99-b2fe-404c-9f3e-05b88e45ff51-00003" 201 - "PUT http://swift-internal.openstack.svc:8080/v1/AUTH_3d58405511e14ef397d27a04aabe13a3/glance/fcf0da99-b2fe-404c-9f3e-05b88e45ff51-00003" "tx0d5b5c59c7db40fa82378-00692dbfca" "proxy-server 5" 1.7772 "-" 21 0
Dec 1 16:18:20 standalone container-server[123790]: 172.20.0.100 - - [01/Dec/2025:16:18:20 +0000] "PUT /d1/332/AUTH_3d58405511e14ef397d27a04aabe13a3/glance/fcf0da99-b2fe-404c-9f3e-05b88e45ff51" 201 - "PUT http://swift-internal.openstack.svc:8080/d1/383/AUTH_3d58405511e14ef397d27a04aabe13a3/glance/fcf0da99-b2fe-404c-9f3e-05b88e45ff51" "txb37d517bc6a243f5bf49e-00692dbfcc" "object-server 22" 0.0008 "-" 14 0
Dec 1 16:18:20 standalone object-server[124085]: 172.20.0.31 - - [01/Dec/2025:16:18:20 +0000] "PUT /d1/383/AUTH_3d58405511e14ef397d27a04aabe13a3/glance/fcf0da99-b2fe-404c-9f3e-05b88e45ff51" 201 - "PUT http://swift-internal.openstack.svc:8080/v1/AUTH_3d58405511e14ef397d27a04aabe13a3/glance/fcf0da99-b2fe-404c-9f3e-05b88e45ff51" "txb37d517bc6a243f5bf49e-00692dbfcc" "proxy-server 5" 0.0114 "-" 22 0
Dec 1 16:19:34 standalone container-server[123621]: Begin container update sweep
Dec 1 16:19:35 standalone account-server[123839]: 172.20.0.100 - - [01/Dec/2025:16:19:35 +0000] "PUT /d1/660/AUTH_3d58405511e14ef397d27a04aabe13a3/glance" 201 - "-" "-" "container-updater 2" 0.0012 "-" 20 0
Dec 1 16:19:36 standalone container-server[123621]: Container update sweep completed: 1.55s
Dec 1 16:22:11 standalone object-server[123981]: Begin object update sweep
Dec 1 16:22:11 standalone object-server[326348]: Object update sweep starting on /srv/node/d1 (pid: 19)
Dec 1 16:22:11 standalone object-server[326348]: Object update sweep completed on /srv/node/d1 in 0.00s seconds:, 0 successes, 0 failures, 0 quarantines, 0 unlinks, 0 errors, 0 redirects (pid: 19)
Dec 1 16:22:11 standalone object-server[326348]: Object update sweep of d1 completed: 0.00s, 0 successes, 0 failures, 0 quarantines, 0 unlinks, 0 errors, 0 redirects
Dec 1 16:22:12 standalone object-server[123981]: Object update sweep completed: 0.11s
Dec 1 16:22:39 standalone account-server[123839]: 172.20.0.100 - - [01/Dec/2025:16:22:39 +0000] "HEAD /d1/143/.expiring_objects" 404 - "HEAD http://localhost/v1/.expiring_objects?format=json" "tx4e220f42d002444ca5a66-00692dc0cf" "proxy-server 2" 0.0008 "-" 20 -
Dec 1 16:22:39 standalone object-expirer[123693]: Pass completed in 0s; 0 objects expired (txn: tx4e220f42d002444ca5a66-00692dc0cf)
Dec 1 16:23:44 standalone account-server[123844]: 172.20.0.100 - - [01/Dec/2025:16:23:44 +0000] "HEAD /d1/143/.expiring_objects" 404 - "HEAD http://localhost/v1/.expiring_objects?format=json" "txd31dcd5afb1544ec9158a-00692dc110" "proxy-server 2" 0.0008 "-" 21 -
Dec 1 16:23:44 standalone object-expirer[123693]: Pass completed in 0s; 0 objects expired (txn: txd31dcd5afb1544ec9158a-00692dc110)
Dec 1 16:23:58 standalone account-server[123853]: 172.20.0.31 - - [01/Dec/2025:16:23:58 +0000] "HEAD /d1/368/AUTH_a6a49156a29f4f4a9575dd8b022e8848" 404 - "HEAD http://swift-internal.openstack.svc:8080/v1/AUTH_a6a49156a29f4f4a9575dd8b022e8848?format=json" "txd0b83d1f0a17407ab7e7d-00692dc11e" "proxy-server 5" 0.0009 "-" 23 -
Dec 1 16:23:58 standalone account-server[123839]: 172.20.0.31 - - [01/Dec/2025:16:23:58 +0000] "HEAD /d1/368/AUTH_a6a49156a29f4f4a9575dd8b022e8848" 404 - "HEAD http://swift-internal.openstack.svc:8080/v1/AUTH_a6a49156a29f4f4a9575dd8b022e8848?format=json" "txd0b83d1f0a17407ab7e7d-00692dc11e" "proxy-server 5" 0.0009 "-" 20 -
Dec 1 16:23:58 standalone account-server[123839]: 172.20.0.31 - - [01/Dec/2025:16:23:58 +0000] "HEAD /d1/660/AUTH_3d58405511e14ef397d27a04aabe13a3" 204 - "HEAD http://swift-internal.openstack.svc:8080/v1/AUTH_3d58405511e14ef397d27a04aabe13a3?format=json" "txe8aeb77fdedc4d408b6fb-00692dc11e" "proxy-server 16" 0.0090 "-" 20 -
Dec 1 16:23:58 standalone account-server[123839]: 172.20.0.31 - - [01/Dec/2025:16:23:58 +0000] "HEAD /d1/660/AUTH_3d58405511e14ef397d27a04aabe13a3" 204 - "HEAD http://swift-internal.openstack.svc:8080/v1/AUTH_3d58405511e14ef397d27a04aabe13a3?format=json" "txe8aeb77fdedc4d408b6fb-00692dc11e" "proxy-server 16" 0.0021 "-" 20 -
Dec 1 16:23:59 standalone account-server[123844]: 172.20.0.31 - - [01/Dec/2025:16:23:59 +0000] "GET /d1/368/AUTH_a6a49156a29f4f4a9575dd8b022e8848" 404 - "GET http://swift-internal.openstack.svc:8080/v1/AUTH_a6a49156a29f4f4a9575dd8b022e8848?format=json" "tx04a3dafa35114d408bb79-00692dc11e" "proxy-server 10" 0.0006 "-" 21 -
Dec 1 16:23:59 standalone account-server[123851]: 172.20.0.31 - - [01/Dec/2025:16:23:59 +0000] "GET /d1/660/AUTH_3d58405511e14ef397d27a04aabe13a3" 200 2960 "GET http://swift-internal.openstack.svc:8080/v1/AUTH_3d58405511e14ef397d27a04aabe13a3?format=json" "txaf586f44225f4d45b9afc-00692dc11f" "proxy-server 5" 0.0034 "-" 22 -
Dec 1 16:24:01 standalone account-server[123851]: 172.20.0.100 - - [01/Dec/2025:16:24:01 +0000] "HEAD /d1/143/.expiring_objects" 404 - "HEAD http://localhost/v1/.expiring_objects?format=json" "tx66a60804f42945538bf9f-00692dc121" "proxy-server 2" 0.0005 "-" 22 -
Dec 1 16:24:01 standalone object-expirer[123693]: Pass completed in 0s; 0 objects expired (txn: tx66a60804f42945538bf9f-00692dc121)
Dec 1 16:24:34 standalone container-server[123621]: Begin container update sweep
Dec 1 16:24:36 standalone container-server[123621]: Container update sweep completed: 1.38s
Dec 1 16:24:37 standalone account-server[123851]: 172.20.0.31 - - [01/Dec/2025:16:24:37 +0000] "GET /d1/368/AUTH_a6a49156a29f4f4a9575dd8b022e8848" 404 - "GET http://swift-internal.openstack.svc:8080/v1/AUTH_a6a49156a29f4f4a9575dd8b022e8848?format=json" "tx2f05d4e84a0844d2953bd-00692dc145" "proxy-server 5" 0.0011 "-" 22 -
Dec 1 16:24:37 standalone account-server[123853]: 172.20.0.31 - - [01/Dec/2025:16:24:37 +0000] "GET /d1/660/AUTH_3d58405511e14ef397d27a04aabe13a3" 200 2960 "GET http://swift-internal.openstack.svc:8080/v1/AUTH_3d58405511e14ef397d27a04aabe13a3?format=json" "tx82a56ab9bd4d4d5e9d697-00692dc145" "proxy-server 5" 0.0023 "-" 23 -
Dec 1 16:24:38 standalone account-server[123853]: 172.20.0.100 - - [01/Dec/2025:16:24:38 +0000] "HEAD /d1/143/.expiring_objects" 404 - "HEAD http://localhost/v1/.expiring_objects?format=json" "tx6cce2211998c411390872-00692dc146" "proxy-server 2" 0.0007 "-" 23 -
Dec 1 16:24:38 standalone object-expirer[123693]: Pass completed in 0s; 0 objects expired (txn: tx6cce2211998c411390872-00692dc146)
Dec 1 16:24:38 standalone account-server[123851]: 172.20.0.31 - - [01/Dec/2025:16:24:38 +0000] "HEAD /d1/368/AUTH_a6a49156a29f4f4a9575dd8b022e8848" 404 - "HEAD http://swift-internal.openstack.svc:8080/v1/AUTH_a6a49156a29f4f4a9575dd8b022e8848?format=json" "txbe6316efd24b4db296923-00692dc146" "proxy-server 5" 0.0004 "-" 22 -
Dec 1 16:24:38 standalone account-server[123844]: 172.20.0.31 - - [01/Dec/2025:16:24:38 +0000] "HEAD /d1/660/AUTH_3d58405511e14ef397d27a04aabe13a3" 204 - "HEAD http://swift-internal.openstack.svc:8080/v1/AUTH_3d58405511e14ef397d27a04aabe13a3?format=json" "txfa00d6bef7bb436db2c0b-00692dc146" "proxy-server 5" 0.0027 "-" 21 -
Dec 1 16:24:42 standalone account-server[123851]: 172.20.0.100 - - [01/Dec/2025:16:24:42 +0000] "HEAD /d1/143/.expiring_objects" 404 - "HEAD http://localhost/v1/.expiring_objects?format=json" "tx4d814b1d9ef24fe289b38-00692dc14a" "proxy-server 2" 0.0009 "-" 22 -
Dec 1 16:24:42 standalone object-expirer[123693]: Pass completed in 0s; 0 objects expired (txn: tx4d814b1d9ef24fe289b38-00692dc14a)
Dec 1 16:27:12 standalone object-server[123981]: Begin object update sweep
Dec 1 16:27:12 standalone object-server[345436]: Object update sweep starting on /srv/node/d1 (pid: 20)
Dec 1 16:27:12 standalone object-server[345436]: Object update sweep completed on /srv/node/d1 in 0.00s seconds:, 0 successes, 0 failures, 0 quarantines, 0 unlinks, 0 errors, 0 redirects (pid: 20)
Dec 1 16:27:12 standalone object-server[345436]: Object update sweep of d1 completed: 0.00s, 0 successes, 0 failures, 0 quarantines, 0 unlinks, 0 errors, 0 redirects
Dec 1 16:27:12 standalone object-server[123981]: Object update sweep completed: 0.09s
Dec 1 16:27:59 standalone account-server[123844]: 172.20.0.100 - - [01/Dec/2025:16:27:59 +0000] "HEAD /d1/143/.expiring_objects" 404 - "HEAD http://localhost/v1/.expiring_objects?format=json" "txccc7925b2a924aedb7cb1-00692dc20f" "proxy-server 2" 0.0007 "-" 21 -
Dec 1 16:27:59 standalone object-expirer[123693]: Pass completed in 0s; 0 objects expired (txn: txccc7925b2a924aedb7cb1-00692dc20f)
Dec 1 16:29:34 standalone container-server[123621]: Begin container update sweep
Dec 1 16:29:36 standalone container-server[123621]: Container update sweep completed: 1.51s
Dec 1 16:29:38 standalone account-server[123839]: 172.20.0.31 - - [01/Dec/2025:16:29:38 +0000] "HEAD /d1/368/AUTH_a6a49156a29f4f4a9575dd8b022e8848" 404 - "HEAD http://swift-internal.openstack.svc:8080/v1/AUTH_a6a49156a29f4f4a9575dd8b022e8848?format=json" "tx82683fc21ef84dc098a02-00692dc272" "proxy-server 5" 0.0009 "-" 20 -
Dec 1 16:29:38 standalone account-server[123844]: 172.20.0.31 - - [01/Dec/2025:16:29:38 +0000] "GET /d1/368/AUTH_a6a49156a29f4f4a9575dd8b022e8848" 404 - "GET http://swift-internal.openstack.svc:8080/v1/AUTH_a6a49156a29f4f4a9575dd8b022e8848?format=json" "tx82683fc21ef84dc098a02-00692dc272" "proxy-server 5" 0.0005 "-" 21 -
Dec 1 16:29:38 standalone account-server[123844]: 172.20.0.31 - - [01/Dec/2025:16:29:38 +0000] "HEAD /d1/660/AUTH_3d58405511e14ef397d27a04aabe13a3" 204 - "HEAD http://swift-internal.openstack.svc:8080/v1/AUTH_3d58405511e14ef397d27a04aabe13a3?format=json" "tx4ca54020fde849739d129-00692dc272" "proxy-server 6" 0.0025 "-" 21 -
Dec 1 16:29:38 standalone account-server[123844]: 172.20.0.31 - - [01/Dec/2025:16:29:38 +0000] "GET /d1/660/AUTH_3d58405511e14ef397d27a04aabe13a3" 200 2960 "GET http://swift-internal.openstack.svc:8080/v1/AUTH_3d58405511e14ef397d27a04aabe13a3?format=json" "tx4ca54020fde849739d129-00692dc272" "proxy-server 6" 0.0034 "-" 21 -
Dec 1 16:29:38 standalone account-server[123839]: 172.20.0.31 - - [01/Dec/2025:16:29:38 +0000] "HEAD /d1/368/AUTH_a6a49156a29f4f4a9575dd8b022e8848" 404 - "HEAD http://swift-internal.openstack.svc:8080/v1/AUTH_a6a49156a29f4f4a9575dd8b022e8848?format=json" "tx1d74af36a2bd47dabd61f-00692dc272" "proxy-server 5" 0.0005 "-" 20 -
Dec 1 16:29:38 standalone account-server[123851]: 172.20.0.31 - - [01/Dec/2025:16:29:38 +0000] "HEAD /d1/660/AUTH_3d58405511e14ef397d27a04aabe13a3" 204 - "HEAD http://swift-internal.openstack.svc:8080/v1/AUTH_3d58405511e14ef397d27a04aabe13a3?format=json" "tx6a281935897e44d19b730-00692dc272" "proxy-server 6" 0.0021 "-" 22 -
Dec 1 16:31:28 standalone account-server[123853]: 172.20.0.100 - - [01/Dec/2025:16:31:28 +0000] "HEAD /d1/143/.expiring_objects" 404 - "HEAD http://localhost/v1/.expiring_objects?format=json" "txa65549dd4ca94f398e22a-00692dc2e0" "proxy-server 2" 0.0009 "-" 23 -
Dec 1 16:31:28 standalone object-expirer[123693]: Pass completed in 0s; 0 objects expired (txn: txa65549dd4ca94f398e22a-00692dc2e0)
Dec 1 16:32:12 standalone object-server[123981]: Begin object update sweep
Dec 1 16:32:12 standalone object-server[352315]: Object update sweep starting on /srv/node/d1 (pid: 21)
Dec 1 16:32:12 standalone object-server[352315]: Object update sweep completed on /srv/node/d1 in 0.00s seconds:, 0 successes, 0 failures, 0 quarantines, 0 unlinks, 0 errors, 0 redirects (pid: 21)
Dec 1 16:32:12 standalone object-server[352315]: Object update sweep of d1 completed: 0.00s, 0 successes, 0 failures, 0 quarantines, 0 unlinks, 0 errors, 0 redirects
Dec 1 16:32:12 standalone object-server[123981]: Object update sweep completed: 0.08s
Dec 1 16:34:19 standalone account-server[123839]: 172.20.0.100 - - [01/Dec/2025:16:34:19 +0000] "HEAD /d1/143/.expiring_objects" 404 - "HEAD http://localhost/v1/.expiring_objects?format=json" "tx61bbd6331bce4153b79eb-00692dc38b" "proxy-server 2" 0.0009 "-" 20 -
Dec 1 16:34:19 standalone object-expirer[123693]: Pass completed in 0s; 0 objects expired (txn: tx61bbd6331bce4153b79eb-00692dc38b)
Dec 1 16:34:34 standalone container-server[123621]: Begin container update sweep
Dec 1 16:34:36 standalone container-server[123621]: Container update sweep completed: 1.50s
Dec 1 16:34:37 standalone account-server[123839]: 172.20.0.31 - - [01/Dec/2025:16:34:37 +0000] "HEAD /d1/368/AUTH_a6a49156a29f4f4a9575dd8b022e8848" 404 - "HEAD http://swift-internal.openstack.svc:8080/v1/AUTH_a6a49156a29f4f4a9575dd8b022e8848?format=json" "tx806070d298a54fa4ae8fd-00692dc39d" "proxy-server 15" 0.0009 "-" 20 -
Dec 1 16:34:37 standalone account-server[123853]: 172.20.0.31 - - [01/Dec/2025:16:34:37 +0000] "GET /d1/368/AUTH_a6a49156a29f4f4a9575dd8b022e8848" 404 - "GET http://swift-internal.openstack.svc:8080/v1/AUTH_a6a49156a29f4f4a9575dd8b022e8848?format=json" "tx806070d298a54fa4ae8fd-00692dc39d" "proxy-server 15" 0.0005 "-" 23 -
Dec 1 16:34:37 standalone account-server[123839]: 172.20.0.31 - - [01/Dec/2025:16:34:37 +0000] "HEAD /d1/660/AUTH_3d58405511e14ef397d27a04aabe13a3" 204 - "HEAD http://swift-internal.openstack.svc:8080/v1/AUTH_3d58405511e14ef397d27a04aabe13a3?format=json" "txf6c68e45b764488880875-00692dc39d" "proxy-server 15" 0.0026 "-" 20 -
Dec 1 16:34:37 standalone account-server[123851]: 172.20.0.31 - - [01/Dec/2025:16:34:37 +0000] "GET /d1/660/AUTH_3d58405511e14ef397d27a04aabe13a3" 200 2960 "GET http://swift-internal.openstack.svc:8080/v1/AUTH_3d58405511e14ef397d27a04aabe13a3?format=json" "txf6c68e45b764488880875-00692dc39d" "proxy-server 15" 0.0031 "-" 22 -
Dec 1 16:34:37 standalone account-server[123839]: 172.20.0.31 - - [01/Dec/2025:16:34:37 +0000] "HEAD /d1/368/AUTH_a6a49156a29f4f4a9575dd8b022e8848" 404 - "HEAD http://swift-internal.openstack.svc:8080/v1/AUTH_a6a49156a29f4f4a9575dd8b022e8848?format=json" "txbb3755ce807042e697d99-00692dc39d" "proxy-server 15" 0.0005 "-" 20 -
Dec 1 16:34:37 standalone account-server[123851]: 172.20.0.31 - - [01/Dec/2025:16:34:37 +0000] "HEAD /d1/660/AUTH_3d58405511e14ef397d27a04aabe13a3" 204 - "HEAD http://swift-internal.openstack.svc:8080/v1/AUTH_3d58405511e14ef397d27a04aabe13a3?format=json" "tx77ed54f8460c47c89eaf4-00692dc39d" "proxy-server 6" 0.0022 "-" 22 -
Dec 1 16:34:41 standalone account-server[123839]: 172.20.0.100 - - [01/Dec/2025:16:34:41 +0000] "HEAD /d1/143/.expiring_objects" 404 - "HEAD http://localhost/v1/.expiring_objects?format=json" "tx51cb88815f4a451ca9c3c-00692dc3a1" "proxy-server 2" 0.0006 "-" 20 -
Dec 1 16:34:41 standalone object-expirer[123693]: Pass completed in 0s; 0 objects expired (txn: tx51cb88815f4a451ca9c3c-00692dc3a1)
Dec 1 16:36:10 standalone account-server[123853]: 172.20.0.100 - - [01/Dec/2025:16:36:10 +0000] "HEAD /d1/143/.expiring_objects" 404 - "HEAD http://localhost/v1/.expiring_objects?format=json" "tx33ad25b067f34ea698dac-00692dc3fa" "proxy-server 2" 0.0007 "-" 23 -
Dec 1 16:36:10 standalone object-expirer[123693]: Pass completed in 0s; 0 objects expired (txn: tx33ad25b067f34ea698dac-00692dc3fa)
Dec 1 16:36:22 standalone proxy-server[125624]: SIGTERM received (2)
Dec 1 16:36:22 standalone proxy-server[125624]: Exited (2)
Dec 1 16:37:12 standalone object-server[123981]: Begin object update sweep
Dec 1 16:37:12 standalone object-server[365679]: Object update sweep starting on /srv/node/d1 (pid: 22)
Dec 1 16:37:12 standalone object-server[365679]: Object update sweep completed on /srv/node/d1 in 0.00s seconds:, 0 successes, 0 failures, 0 quarantines, 0 unlinks, 0 errors, 0 redirects (pid: 22)
Dec 1 16:37:12 standalone object-server[365679]: Object update sweep of d1 completed: 0.00s, 0 successes, 0 failures, 0 quarantines, 0 unlinks, 0 errors, 0 redirects
Dec 1 16:37:12 standalone object-server[123981]: Object update sweep completed: 0.09s
Dec 1 16:38:39 standalone account-server[123225]: Devices pass completed: 0.00s
Dec 1 16:39:34 standalone container-server[123621]: Begin container update sweep
Dec 1 16:39:36 standalone container-server[123621]: Container update sweep completed: 1.54s
Dec 1 16:39:37 standalone account-server[123844]: 172.20.0.31 - - [01/Dec/2025:16:39:37 +0000] "HEAD /d1/368/AUTH_a6a49156a29f4f4a9575dd8b022e8848" 404 - "HEAD http://swift-internal.openstack.svc:8080/v1/AUTH_a6a49156a29f4f4a9575dd8b022e8848?format=json" "tx923271ab38ad49eba5b28-00692dc4c9" "proxy-server 6" 0.0009 "-" 21 -
Dec 1 16:39:37 standalone account-server[123853]: 172.20.0.31 - - [01/Dec/2025:16:39:37 +0000] "GET /d1/368/AUTH_a6a49156a29f4f4a9575dd8b022e8848" 404 - "GET http://swift-internal.openstack.svc:8080/v1/AUTH_a6a49156a29f4f4a9575dd8b022e8848?format=json" "tx923271ab38ad49eba5b28-00692dc4c9" "proxy-server 6" 0.0007 "-" 23 -
Dec 1 16:39:37 standalone account-server[123853]: 172.20.0.31 - - [01/Dec/2025:16:39:37 +0000] "HEAD /d1/660/AUTH_3d58405511e14ef397d27a04aabe13a3" 204 - "HEAD http://swift-internal.openstack.svc:8080/v1/AUTH_3d58405511e14ef397d27a04aabe13a3?format=json" "tx6190df836f804147ba4a0-00692dc4c9" "proxy-server 11" 0.0030 "-" 23 -
Dec 1 16:39:37 standalone account-server[123839]: 172.20.0.31 - - [01/Dec/2025:16:39:37 +0000] "GET /d1/660/AUTH_3d58405511e14ef397d27a04aabe13a3" 200 2960 "GET http://swift-internal.openstack.svc:8080/v1/AUTH_3d58405511e14ef397d27a04aabe13a3?format=json" "tx6190df836f804147ba4a0-00692dc4c9" "proxy-server 11" 0.0034 "-" 20 -
Dec 1 16:39:38 standalone account-server[123839]: 172.20.0.31 - - [01/Dec/2025:16:39:38 +0000] "HEAD /d1/368/AUTH_a6a49156a29f4f4a9575dd8b022e8848" 404 - "HEAD http://swift-internal.openstack.svc:8080/v1/AUTH_a6a49156a29f4f4a9575dd8b022e8848?format=json" "txbc2557220cad428486a72-00692dc4c9" "proxy-server 15" 0.0054 "-" 20 -
Dec 1 16:39:38 standalone account-server[123853]: 172.20.0.31 - - [01/Dec/2025:16:39:38 +0000] "HEAD /d1/660/AUTH_3d58405511e14ef397d27a04aabe13a3" 204 - "HEAD http://swift-internal.openstack.svc:8080/v1/AUTH_3d58405511e14ef397d27a04aabe13a3?format=json" "txfeaf03cc20d040f8b6f79-00692dc4ca" "proxy-server 15" 0.0028 "-" 23 -
Dec 1 16:41:08 standalone account-server[123853]: 172.20.0.100 - - [01/Dec/2025:16:41:08 +0000] "HEAD /d1/143/.expiring_objects" 404 - "HEAD http://localhost/v1/.expiring_objects?format=json" "txa613e82a91d74e1787844-00692dc524" "proxy-server 2" 0.0006 "-" 23 -
Dec 1 16:41:08 standalone object-expirer[123693]: Pass completed in 0s; 0 objects expired (txn: txa613e82a91d74e1787844-00692dc524)
Dec 1 16:42:12 standalone object-server[123981]: Begin object update sweep
Dec 1 16:42:12 standalone object-server[388139]: Object update sweep starting on /srv/node/d1 (pid: 23)
Dec 1 16:42:12 standalone object-server[388139]: Object update sweep completed on /srv/node/d1 in 0.00s seconds:, 0 successes, 0 failures, 0 quarantines, 0 unlinks, 0 errors, 0 redirects (pid: 23)
Dec 1 16:42:12 standalone object-server[388139]: Object update sweep of d1 completed: 0.00s, 0 successes, 0 failures, 0 quarantines, 0 unlinks, 0 errors, 0 redirects
Dec 1 16:42:12 standalone object-server[123981]: Object update sweep completed: 0.07s
Dec 1 16:44:35 standalone container-server[123621]: Begin container update sweep
Dec 1 16:44:36 standalone container-server[123621]: Container update sweep completed: 1.55s
Dec 1 16:45:56 standalone account-server[123853]: 172.20.0.100 - - [01/Dec/2025:16:45:56 +0000] "HEAD /d1/143/.expiring_objects" 404 - "HEAD http://localhost/v1/.expiring_objects?format=json" "txe3cff0f360994683a2555-00692dc644" "proxy-server 2" 0.0009 "-" 23 -
Dec 1 16:45:56 standalone object-expirer[123693]: Pass completed in 0s; 0 objects expired (txn: txe3cff0f360994683a2555-00692dc644)
Dec 1 16:47:12 standalone object-server[123981]: Begin object update sweep
Dec 1 16:47:12 standalone object-server[407749]: Object update sweep starting on /srv/node/d1 (pid: 24)
Dec 1 16:47:12 standalone object-server[407749]: Object update sweep completed on /srv/node/d1 in 0.00s seconds:, 0 successes, 0 failures, 0 quarantines, 0 unlinks, 0 errors, 0 redirects (pid: 24)
Dec 1 16:47:12 standalone object-server[407749]: Object update sweep of d1 completed: 0.00s, 0 successes, 0 failures, 0 quarantines, 0 unlinks, 0 errors, 0 redirects
Dec 1 16:47:12 standalone object-server[123981]: Object update sweep completed: 0.08s
Dec 1 16:48:59 standalone account-server[123839]: 172.20.0.100 - - [01/Dec/2025:16:48:59 +0000] "HEAD /d1/143/.expiring_objects" 404 - "HEAD http://localhost/v1/.expiring_objects?format=json" "txb104073de6084887aae3a-00692dc6fb" "proxy-server 2" 0.0004 "-" 20 -
Dec 1 16:48:59 standalone object-expirer[123693]: Pass completed in 0s; 0 objects expired (txn: txb104073de6084887aae3a-00692dc6fb)
Dec 1 16:49:35 standalone container-server[123621]: Begin container update sweep
Dec 1 16:49:36 standalone container-server[123621]: Container update sweep completed: 1.39s
Dec 1 16:49:37 standalone account-server[123853]: 172.20.0.31 - - [01/Dec/2025:16:49:37 +0000] "HEAD /d1/368/AUTH_a6a49156a29f4f4a9575dd8b022e8848" 404 - "HEAD http://swift-internal.openstack.svc:8080/v1/AUTH_a6a49156a29f4f4a9575dd8b022e8848?format=json" "txd21a8bb3ab2f4a849ff9e-00692dc721" "proxy-server 16" 0.0008 "-" 23 -
Dec 1 16:49:37 standalone account-server[123844]: 172.20.0.31 - - [01/Dec/2025:16:49:37 +0000] "HEAD /d1/368/AUTH_a6a49156a29f4f4a9575dd8b022e8848" 404 - "HEAD http://swift-internal.openstack.svc:8080/v1/AUTH_a6a49156a29f4f4a9575dd8b022e8848?format=json" "txd21a8bb3ab2f4a849ff9e-00692dc721" "proxy-server 16" 0.0005 "-" 21 -
Dec 1 16:49:37 standalone account-server[123853]: 172.20.0.31 - - [01/Dec/2025:16:49:37 +0000] "HEAD /d1/660/AUTH_3d58405511e14ef397d27a04aabe13a3" 204 - "HEAD http://swift-internal.openstack.svc:8080/v1/AUTH_3d58405511e14ef397d27a04aabe13a3?format=json" "tx2c370556c0934440ab01b-00692dc721" "proxy-server 16" 0.0024 "-" 23 -
Dec 1 16:49:37 standalone account-server[123853]: 172.20.0.31 - - [01/Dec/2025:16:49:37 +0000] "HEAD /d1/660/AUTH_3d58405511e14ef397d27a04aabe13a3" 204 - "HEAD http://swift-internal.openstack.svc:8080/v1/AUTH_3d58405511e14ef397d27a04aabe13a3?format=json" "tx2c370556c0934440ab01b-00692dc721" "proxy-server 16" 0.0018 "-" 23 -
Dec 1 16:49:37 standalone account-server[123853]: 172.20.0.31 - - [01/Dec/2025:16:49:37 +0000] "GET /d1/368/AUTH_a6a49156a29f4f4a9575dd8b022e8848" 404 - "GET http://swift-internal.openstack.svc:8080/v1/AUTH_a6a49156a29f4f4a9575dd8b022e8848?format=json" "tx794c27e094cd487aa4141-00692dc721" "proxy-server 16" 0.0006 "-" 23 -
Dec 1 16:49:37 standalone account-server[123851]: 172.20.0.31 - - [01/Dec/2025:16:49:37 +0000] "GET /d1/660/AUTH_3d58405511e14ef397d27a04aabe13a3" 200 2960 "GET http://swift-internal.openstack.svc:8080/v1/AUTH_3d58405511e14ef397d27a04aabe13a3?format=json" "txbe9aa7139c9044b9aee5f-00692dc721" "proxy-server 16" 0.0031 "-" 22 -
Dec 1 16:52:12 standalone object-server[123981]: Begin object update sweep
Dec 1 16:52:12 standalone object-server[431955]: Object update sweep starting on /srv/node/d1 (pid: 25)
Dec 1 16:52:12 standalone object-server[431955]: Object update sweep completed on /srv/node/d1 in 0.00s seconds:, 0 successes, 0 failures, 0 quarantines, 0 unlinks, 0 errors, 0 redirects (pid: 25)
Dec 1 16:52:12 standalone object-server[431955]: Object update sweep of d1 completed: 0.00s, 0 successes, 0 failures, 0 quarantines, 0 unlinks, 0 errors, 0 redirects
Dec 1 16:52:12 standalone object-server[123981]: Object update sweep completed: 0.08s
Dec 1 16:53:16 standalone account-server[123853]: 172.20.0.100 - - [01/Dec/2025:16:53:16 +0000] "HEAD /d1/143/.expiring_objects" 404 - "HEAD http://localhost/v1/.expiring_objects?format=json" "tx7915ce31406a4bd885456-00692dc7fc" "proxy-server 2" 0.0007 "-" 23 -
Dec 1 16:53:16 standalone object-expirer[123693]: Pass completed in 0s; 0 objects expired (txn: tx7915ce31406a4bd885456-00692dc7fc)
Dec 1 16:54:35 standalone container-server[123621]: Begin container update sweep
Dec 1 16:54:36 standalone container-server[123621]: Container update sweep completed: 1.62s
Dec 1 16:54:38 standalone account-server[123839]: 172.20.0.31 - - [01/Dec/2025:16:54:38 +0000] "HEAD /d1/368/AUTH_a6a49156a29f4f4a9575dd8b022e8848" 404 - "HEAD http://swift-internal.openstack.svc:8080/v1/AUTH_a6a49156a29f4f4a9575dd8b022e8848?format=json" "tx1910d082f6cf4b1d9fd1f-00692dc84e" "proxy-server 7" 0.0009 "-" 20 -
Dec 1 16:54:38 standalone account-server[123839]: 172.20.0.31 - - [01/Dec/2025:16:54:38 +0000] "GET /d1/368/AUTH_a6a49156a29f4f4a9575dd8b022e8848" 404 - "GET http://swift-internal.openstack.svc:8080/v1/AUTH_a6a49156a29f4f4a9575dd8b022e8848?format=json" "tx1910d082f6cf4b1d9fd1f-00692dc84e" "proxy-server 7" 0.0007 "-" 20 -
Dec 1 16:54:38 standalone account-server[123839]: 172.20.0.31 - - [01/Dec/2025:16:54:38 +0000] "HEAD /d1/660/AUTH_3d58405511e14ef397d27a04aabe13a3" 204 - "HEAD http://swift-internal.openstack.svc:8080/v1/AUTH_3d58405511e14ef397d27a04aabe13a3?format=json" "tx99f95abf597f4ac1aea30-00692dc84e" "proxy-server 7" 0.0024 "-" 20 -
Dec 1 16:54:38 standalone account-server[123851]: 172.20.0.31 - - [01/Dec/2025:16:54:38 +0000] "GET /d1/660/AUTH_3d58405511e14ef397d27a04aabe13a3" 200 2960 "GET http://swift-internal.openstack.svc:8080/v1/AUTH_3d58405511e14ef397d27a04aabe13a3?format=json" "tx99f95abf597f4ac1aea30-00692dc84e" "proxy-server 7" 0.0031 "-" 22 -
Dec 1 16:54:38 standalone account-server[123844]: 172.20.0.31 - - [01/Dec/2025:16:54:38 +0000] "HEAD /d1/368/AUTH_a6a49156a29f4f4a9575dd8b022e8848" 404 - "HEAD http://swift-internal.openstack.svc:8080/v1/AUTH_a6a49156a29f4f4a9575dd8b022e8848?format=json" "tx9fe7518f64d349ebb6a8b-00692dc84e" "proxy-server 7" 0.0006 "-" 21 -
Dec 1 16:54:39 standalone account-server[123839]: 172.20.0.31 - - [01/Dec/2025:16:54:39 +0000] "HEAD /d1/660/AUTH_3d58405511e14ef397d27a04aabe13a3" 204 - "HEAD http://swift-internal.openstack.svc:8080/v1/AUTH_3d58405511e14ef397d27a04aabe13a3?format=json" "tx1dc768ac4a8b4621b2250-00692dc84f" "proxy-server 16" 0.0024 "-" 20 -
Dec 1 16:57:12 standalone object-server[123981]: Begin object update sweep
Dec 1 16:57:12 standalone object-server[488882]: Object update sweep starting on /srv/node/d1 (pid: 26)
Dec 1 16:57:12 standalone object-server[488882]: Object update sweep completed on /srv/node/d1 in 0.00s seconds:, 0 successes, 0 failures, 0 quarantines, 0 unlinks, 0 errors, 0 redirects (pid: 26)
Dec 1 16:57:12 standalone object-server[488882]: Object update sweep of d1 completed: 0.00s, 0 successes, 0 failures, 0 quarantines, 0 unlinks, 0 errors, 0 redirects
Dec 1 16:57:12 standalone object-server[123981]: Object update sweep completed: 0.08s
Dec 1 16:57:44 standalone account-server[123839]: 172.20.0.100 - - [01/Dec/2025:16:57:44 +0000] "HEAD /d1/143/.expiring_objects" 404 - "HEAD http://localhost/v1/.expiring_objects?format=json" "tx1e602b6bf2b04ee2a84f5-00692dc908" "proxy-server 2" 0.0004 "-" 20 -
Dec 1 16:57:44 standalone object-expirer[123693]: Pass completed in 0s; 0 objects expired (txn: tx1e602b6bf2b04ee2a84f5-00692dc908)
Dec 1 16:59:35 standalone container-server[123621]: Begin container update sweep
Dec 1 16:59:36 standalone container-server[123621]: Container update sweep completed: 1.23s
Dec 1 16:59:38 standalone account-server[123851]: 172.20.0.31 - - [01/Dec/2025:16:59:38 +0000] "HEAD /d1/368/AUTH_a6a49156a29f4f4a9575dd8b022e8848" 404 - "HEAD http://swift-internal.openstack.svc:8080/v1/AUTH_a6a49156a29f4f4a9575dd8b022e8848?format=json" "tx738e9b7865434271be3ec-00692dc97a" "proxy-server 15" 0.0008 "-" 22 -
Dec 1 16:59:38 standalone account-server[123844]: 172.20.0.31 - - [01/Dec/2025:16:59:38 +0000] "HEAD /d1/368/AUTH_a6a49156a29f4f4a9575dd8b022e8848" 404 - "HEAD http://swift-internal.openstack.svc:8080/v1/AUTH_a6a49156a29f4f4a9575dd8b022e8848?format=json" "tx738e9b7865434271be3ec-00692dc97a" "proxy-server 15" 0.0005 "-" 21 -
Dec 1 16:59:38 standalone account-server[123844]: 172.20.0.31 - - [01/Dec/2025:16:59:38 +0000] "HEAD /d1/660/AUTH_3d58405511e14ef397d27a04aabe13a3" 204 - "HEAD http://swift-internal.openstack.svc:8080/v1/AUTH_3d58405511e14ef397d27a04aabe13a3?format=json" "tx4a8df43f685c4f838eaaa-00692dc97a" "proxy-server 7" 0.0022 "-" 21 -
Dec 1 16:59:38 standalone account-server[123844]: 172.20.0.31 - - [01/Dec/2025:16:59:38 +0000] "HEAD /d1/660/AUTH_3d58405511e14ef397d27a04aabe13a3" 204 - "HEAD http://swift-internal.openstack.svc:8080/v1/AUTH_3d58405511e14ef397d27a04aabe13a3?format=json" "tx4a8df43f685c4f838eaaa-00692dc97a" "proxy-server 7" 0.0020 "-" 21 -
Dec 1 16:59:38 standalone account-server[123844]: 172.20.0.31 - - [01/Dec/2025:16:59:38 +0000] "GET /d1/368/AUTH_a6a49156a29f4f4a9575dd8b022e8848" 404 - "GET http://swift-internal.openstack.svc:8080/v1/AUTH_a6a49156a29f4f4a9575dd8b022e8848?format=json" "tx8a569a4482d14827a0107-00692dc97a" "proxy-server 10" 0.0005 "-" 21 -
