Dec 1 16:00:14 standalone proxy-server[125787]: 172.18.0.2 ::1 01/Dec/2025/16/00/14 GET /v1/AUTH_3d58405511e14ef397d27a04aabe13a3/gnocchi.c7930ade-986d-4046-9a27-25258c4562b3/1763640000.0_mean_300.0_v3 HTTP/1.0 200 - python-swiftclient-3.11.1 gAAAAABpLbsIGd3W... - 16 - tx6cd6bf1e86224adc85a01-00692dbb8e - 0.0093 - - 1764604814.027237177 1764604814.036518812 0
Dec 1 16:00:14 standalone container-server[123790]: 172.20.0.100 - - [01/Dec/2025:16:00:14 +0000] "PUT /d1/296/AUTH_3d58405511e14ef397d27a04aabe13a3/gnocchi.c7930ade-986d-4046-9a27-25258c4562b3/1763640000.0_mean_300.0_v3" 201 - "PUT http://localhost:8080/d1/171/AUTH_3d58405511e14ef397d27a04aabe13a3/gnocchi.c7930ade-986d-4046-9a27-25258c4562b3/1763640000.0_mean_300.0_v3" "tx8a805a1a5c324c12a88c4-00692dbb8e" "object-server 21" 0.0009 "-" 14 0
Dec 1 16:00:14 standalone object-server[124083]: 172.20.0.100 - - [01/Dec/2025:16:00:14 +0000] "PUT /d1/171/AUTH_3d58405511e14ef397d27a04aabe13a3/gnocchi.c7930ade-986d-4046-9a27-25258c4562b3/1763640000.0_mean_300.0_v3" 201 - "PUT http://localhost:8080/v1/AUTH_3d58405511e14ef397d27a04aabe13a3/gnocchi.c7930ade-986d-4046-9a27-25258c4562b3/1763640000.0_mean_300.0_v3" "tx8a805a1a5c324c12a88c4-00692dbb8e" "proxy-server 12" 0.0114 "-" 21 0
Dec 1 16:00:14 standalone proxy-server[125787]: 172.18.0.2 ::1 01/Dec/2025/16/00/14 PUT /v1/AUTH_3d58405511e14ef397d27a04aabe13a3/gnocchi.c7930ade-986d-4046-9a27-25258c4562b3/1763640000.0_mean_300.0_v3 HTTP/1.0 201 - python-swiftclient-3.11.1 gAAAAABpLbsIGd3W... 23 - - tx8a805a1a5c324c12a88c4-00692dbb8e - 0.0193 - - 1764604814.041673183 1764604814.060972691 0
Dec 1 16:00:14 standalone container-server[123795]: 172.20.0.100 - - [01/Dec/2025:16:00:14 +0000] "PUT /d1/296/AUTH_3d58405511e14ef397d27a04aabe13a3/gnocchi.c7930ade-986d-4046-9a27-25258c4562b3/none_v3" 201 - "PUT http://localhost:8080/d1/958/AUTH_3d58405511e14ef397d27a04aabe13a3/gnocchi.c7930ade-986d-4046-9a27-25258c4562b3/none_v3" "tx70871bbe69464403b6d22-00692dbb8e" "object-server 19" 0.0006 "-" 15 0
Dec 1 16:00:14 standalone object-server[124073]: 172.20.0.100 - - [01/Dec/2025:16:00:14 +0000] "PUT /d1/958/AUTH_3d58405511e14ef397d27a04aabe13a3/gnocchi.c7930ade-986d-4046-9a27-25258c4562b3/none_v3" 201 - "PUT http://localhost:8080/v1/AUTH_3d58405511e14ef397d27a04aabe13a3/gnocchi.c7930ade-986d-4046-9a27-25258c4562b3/none_v3" "tx70871bbe69464403b6d22-00692dbb8e" "proxy-server 12" 0.0112 "-" 19 0
Dec 1 16:00:14 standalone proxy-server[125787]: 172.18.0.2 ::1 01/Dec/2025/16/00/14 PUT /v1/AUTH_3d58405511e14ef397d27a04aabe13a3/gnocchi.c7930ade-986d-4046-9a27-25258c4562b3/none_v3 HTTP/1.0 201 - python-swiftclient-3.11.1 gAAAAABpLbsIGd3W... 22 - - tx70871bbe69464403b6d22-00692dbb8e - 0.0217 - - 1764604814.065956593 1764604814.087631464 0
Dec 1 16:00:14 standalone container-server[123795]: 172.20.0.100 - - [01/Dec/2025:16:00:14 +0000] "HEAD /d1/372/AUTH_3d58405511e14ef397d27a04aabe13a3/gnocchi.bbf25278-5f7d-449a-a00b-3db2912ddebd" 204 - "HEAD http://localhost:8080/v1/AUTH_3d58405511e14ef397d27a04aabe13a3/gnocchi.bbf25278-5f7d-449a-a00b-3db2912ddebd?format=json&states=listing" "txe593a2792a12444494526-00692dbb8e" "proxy-server 12" 0.0024 "-" 15 0
Dec 1 16:00:14 standalone object-server[124085]: 172.20.0.100 - - [01/Dec/2025:16:00:14 +0000] "GET /d1/590/AUTH_3d58405511e14ef397d27a04aabe13a3/gnocchi.bbf25278-5f7d-449a-a00b-3db2912ddebd/none_v3" 200 22 "GET http://localhost:8080/v1/AUTH_3d58405511e14ef397d27a04aabe13a3/gnocchi.bbf25278-5f7d-449a-a00b-3db2912ddebd/none_v3" "txe593a2792a12444494526-00692dbb8e" "proxy-server 12" 0.0011 "-" 22 0
Dec 1 16:00:14 standalone proxy-server[125787]: 172.18.0.2 ::1 01/Dec/2025/16/00/14 GET /v1/AUTH_3d58405511e14ef397d27a04aabe13a3/gnocchi.bbf25278-5f7d-449a-a00b-3db2912ddebd/none_v3 HTTP/1.0 200 - python-swiftclient-3.11.1 gAAAAABpLbsIGd3W... - 22 - txe593a2792a12444494526-00692dbb8e - 0.0177 - - 1764604814.104154110 1764604814.121901035 0
Dec 1 16:00:14 standalone container-server[123806]: 172.20.0.100 - - [01/Dec/2025:16:00:14 +0000] "GET /d1/372/AUTH_3d58405511e14ef397d27a04aabe13a3/gnocchi.bbf25278-5f7d-449a-a00b-3db2912ddebd" 200 357 "GET http://localhost:8080/v1/AUTH_3d58405511e14ef397d27a04aabe13a3/gnocchi.bbf25278-5f7d-449a-a00b-3db2912ddebd?format=json&states=listing" "txefec8eed4d48488981345-00692dbb8e" "proxy-server 12" 0.0043 "-" 16 0
Dec 1 16:00:14 standalone proxy-server[125787]: 172.18.0.2 ::1 01/Dec/2025/16/00/14 GET /v1/AUTH_3d58405511e14ef397d27a04aabe13a3/gnocchi.bbf25278-5f7d-449a-a00b-3db2912ddebd%3Fformat%3Djson%26states%3Dlisting HTTP/1.0 200 - python-swiftclient-3.11.1 gAAAAABpLbsIGd3W... - 357 - txefec8eed4d48488981345-00692dbb8e - 0.0153 - - 1764604814.129934311 1764604814.145276308 0
Dec 1 16:00:14 standalone container-server[123790]: 172.20.0.100 - - [01/Dec/2025:16:00:14 +0000] "GET /d1/372/AUTH_3d58405511e14ef397d27a04aabe13a3/gnocchi.bbf25278-5f7d-449a-a00b-3db2912ddebd" 200 2 "GET http://localhost:8080/v1/AUTH_3d58405511e14ef397d27a04aabe13a3/gnocchi.bbf25278-5f7d-449a-a00b-3db2912ddebd?format=json&marker=none_v3&states=listing" "txfd8185fc30a9415093d80-00692dbb8e" "proxy-server 12" 0.0039 "-" 14 0
Dec 1 16:00:14 standalone proxy-server[125787]: 172.18.0.2 ::1 01/Dec/2025/16/00/14 GET /v1/AUTH_3d58405511e14ef397d27a04aabe13a3/gnocchi.bbf25278-5f7d-449a-a00b-3db2912ddebd%3Fformat%3Djson%26marker%3Dnone_v3%26states%3Dlisting HTTP/1.0 200 - python-swiftclient-3.11.1 gAAAAABpLbsIGd3W... - 2 - txfd8185fc30a9415093d80-00692dbb8e - 0.0138 - - 1764604814.151314020 1764604814.165134192 0
Dec 1 16:00:14 standalone object-server[124081]: 172.20.0.100 - - [01/Dec/2025:16:00:14 +0000] "GET /d1/785/AUTH_3d58405511e14ef397d27a04aabe13a3/gnocchi.bbf25278-5f7d-449a-a00b-3db2912ddebd/1763640000.0_mean_300.0_v3" 200 16 "GET http://localhost:8080/v1/AUTH_3d58405511e14ef397d27a04aabe13a3/gnocchi.bbf25278-5f7d-449a-a00b-3db2912ddebd/1763640000.0_mean_300.0_v3" "txd5ebde4c863841d79cc7f-00692dbb8e" "proxy-server 12" 0.0012 "-" 20 0
Dec 1 16:00:14 standalone proxy-server[125787]: 172.18.0.2 ::1 01/Dec/2025/16/00/14 GET /v1/AUTH_3d58405511e14ef397d27a04aabe13a3/gnocchi.bbf25278-5f7d-449a-a00b-3db2912ddebd/1763640000.0_mean_300.0_v3 HTTP/1.0 200 - python-swiftclient-3.11.1 gAAAAABpLbsIGd3W... - 16 - txd5ebde4c863841d79cc7f-00692dbb8e - 0.0110 - - 1764604814.171479702 1764604814.182452679 0
Dec 1 16:00:14 standalone container-server[123790]: 172.20.0.100 - - [01/Dec/2025:16:00:14 +0000] "PUT /d1/372/AUTH_3d58405511e14ef397d27a04aabe13a3/gnocchi.bbf25278-5f7d-449a-a00b-3db2912ddebd/1763640000.0_mean_300.0_v3" 201 - "PUT http://localhost:8080/d1/785/AUTH_3d58405511e14ef397d27a04aabe13a3/gnocchi.bbf25278-5f7d-449a-a00b-3db2912ddebd/1763640000.0_mean_300.0_v3" "tx176c0642f0424427a6ed4-00692dbb8e" "object-server 22" 0.0008 "-" 14 0
Dec 1 16:00:14 standalone object-server[124085]: 172.20.0.100 - - [01/Dec/2025:16:00:14 +0000] "PUT /d1/785/AUTH_3d58405511e14ef397d27a04aabe13a3/gnocchi.bbf25278-5f7d-449a-a00b-3db2912ddebd/1763640000.0_mean_300.0_v3" 201 - "PUT http://localhost:8080/v1/AUTH_3d58405511e14ef397d27a04aabe13a3/gnocchi.bbf25278-5f7d-449a-a00b-3db2912ddebd/1763640000.0_mean_300.0_v3" "tx176c0642f0424427a6ed4-00692dbb8e" "proxy-server 12" 0.0137 "-" 22 0
Dec 1 16:00:14 standalone proxy-server[125787]: 172.18.0.2 ::1 01/Dec/2025/16/00/14 PUT /v1/AUTH_3d58405511e14ef397d27a04aabe13a3/gnocchi.bbf25278-5f7d-449a-a00b-3db2912ddebd/1763640000.0_mean_300.0_v3 HTTP/1.0 201 - python-swiftclient-3.11.1 gAAAAABpLbsIGd3W... 23 - - tx176c0642f0424427a6ed4-00692dbb8e - 0.0227 - - 1764604814.187780857 1764604814.210442066 0
Dec 1 16:00:14 standalone container-server[123795]: 172.20.0.100 - - [01/Dec/2025:16:00:14 +0000] "PUT /d1/372/AUTH_3d58405511e14ef397d27a04aabe13a3/gnocchi.bbf25278-5f7d-449a-a00b-3db2912ddebd/none_v3" 201 - "PUT http://localhost:8080/d1/590/AUTH_3d58405511e14ef397d27a04aabe13a3/gnocchi.bbf25278-5f7d-449a-a00b-3db2912ddebd/none_v3" "txab08656852424e4abf207-00692dbb8e" "object-server 22" 0.0009 "-" 15 0
Dec 1 16:00:14 standalone object-server[124085]: 172.20.0.100 - - [01/Dec/2025:16:00:14 +0000] "PUT /d1/590/AUTH_3d58405511e14ef397d27a04aabe13a3/gnocchi.bbf25278-5f7d-449a-a00b-3db2912ddebd/none_v3" 201 - "PUT http://localhost:8080/v1/AUTH_3d58405511e14ef397d27a04aabe13a3/gnocchi.bbf25278-5f7d-449a-a00b-3db2912ddebd/none_v3" "txab08656852424e4abf207-00692dbb8e" "proxy-server 12" 0.0124 "-" 22 0
Dec 1 16:00:14 standalone proxy-server[125787]: 172.18.0.2 ::1 01/Dec/2025/16/00/14 PUT /v1/AUTH_3d58405511e14ef397d27a04aabe13a3/gnocchi.bbf25278-5f7d-449a-a00b-3db2912ddebd/none_v3 HTTP/1.0 201 - python-swiftclient-3.11.1 gAAAAABpLbsIGd3W... 22 - - txab08656852424e4abf207-00692dbb8e - 0.0214 - - 1764604814.215543747 1764604814.236917734 0
Dec 1 16:01:04 standalone container-server[123795]: 172.20.0.100 - - [01/Dec/2025:16:01:04 +0000] "HEAD /d1/963/AUTH_3d58405511e14ef397d27a04aabe13a3/gnocchi.425bb78a-293f-4045-ac82-6f9c9d348c50" 404 - "HEAD http://localhost:8080/v1/AUTH_3d58405511e14ef397d27a04aabe13a3/gnocchi.425bb78a-293f-4045-ac82-6f9c9d348c50?format=json&states=listing" "tx301416dd893e4efb9bbe8-00692dbbc0" "proxy-server 12" 0.0009 "-" 15 0
Dec 1 16:01:04 standalone object-server[124085]: 172.20.0.100 - - [01/Dec/2025:16:01:04 +0000] "GET /d1/734/AUTH_3d58405511e14ef397d27a04aabe13a3/gnocchi.425bb78a-293f-4045-ac82-6f9c9d348c50/none_v3" 404 70 "GET http://localhost:8080/v1/AUTH_3d58405511e14ef397d27a04aabe13a3/gnocchi.425bb78a-293f-4045-ac82-6f9c9d348c50/none_v3" "tx301416dd893e4efb9bbe8-00692dbbc0" "proxy-server 12" 0.0006 "-" 22 0
Dec 1 16:01:04 standalone proxy-server[125787]: 172.18.0.2 ::1 01/Dec/2025/16/01/04 GET /v1/AUTH_3d58405511e14ef397d27a04aabe13a3/gnocchi.425bb78a-293f-4045-ac82-6f9c9d348c50/none_v3 HTTP/1.0 404 - python-swiftclient-3.11.1 gAAAAABpLbsIGd3W... - 70 - tx301416dd893e4efb9bbe8-00692dbbc0 - 0.0212 - - 1764604864.270796537 1764604864.291965961 0
Dec 1 16:01:04 standalone account-server[123853]: 172.20.0.100 - - [01/Dec/2025:16:01:04 +0000] "PUT /d1/660/AUTH_3d58405511e14ef397d27a04aabe13a3/gnocchi.425bb78a-293f-4045-ac82-6f9c9d348c50" 201 - "PUT http://172.20.0.100:6001/d1/963/AUTH_3d58405511e14ef397d27a04aabe13a3/gnocchi.425bb78a-293f-4045-ac82-6f9c9d348c50" "tx50387182ae4b4d7e8b0ae-00692dbbc0" "container-server 14" 0.0013 "-" 23 0
Dec 1 16:01:04 standalone container-server[123790]: 172.20.0.100 - - [01/Dec/2025:16:01:04 +0000] "PUT /d1/963/AUTH_3d58405511e14ef397d27a04aabe13a3/gnocchi.425bb78a-293f-4045-ac82-6f9c9d348c50" 201 - "PUT http://localhost:8080/v1/AUTH_3d58405511e14ef397d27a04aabe13a3/gnocchi.425bb78a-293f-4045-ac82-6f9c9d348c50" "tx50387182ae4b4d7e8b0ae-00692dbbc0" "proxy-server 12" 0.0451 "-" 14 0
Dec 1 16:01:04 standalone proxy-server[125787]: 172.18.0.2 ::1 01/Dec/2025/16/01/04 PUT /v1/AUTH_3d58405511e14ef397d27a04aabe13a3/gnocchi.425bb78a-293f-4045-ac82-6f9c9d348c50 HTTP/1.0 201 - python-swiftclient-3.11.1 gAAAAABpLbsIGd3W... - - - tx50387182ae4b4d7e8b0ae-00692dbbc0 - 0.0530 - - 1764604864.300036907 1764604864.353048086 0
Dec 1 16:01:04 standalone container-server[123806]: 172.20.0.100 - - [01/Dec/2025:16:01:04 +0000] "HEAD /d1/963/AUTH_3d58405511e14ef397d27a04aabe13a3/gnocchi.425bb78a-293f-4045-ac82-6f9c9d348c50" 204 - "HEAD http://localhost:8080/v1/AUTH_3d58405511e14ef397d27a04aabe13a3/gnocchi.425bb78a-293f-4045-ac82-6f9c9d348c50?format=json&states=listing" "tx86f99ab0e48348e4b8c69-00692dbbc0" "proxy-server 12" 0.0016 "-" 16 0
Dec 1 16:01:04 standalone proxy-server[125787]: - - 01/Dec/2025/16/01/04 HEAD /v1/AUTH_3d58405511e14ef397d27a04aabe13a3/gnocchi.425bb78a-293f-4045-ac82-6f9c9d348c50%3Fformat%3Djson%26states%3Dlisting HTTP/1.0 204 - Swift - - - - tx86f99ab0e48348e4b8c69-00692dbbc0 - 0.0054 RL - 1764604864.358102322 1764604864.363543034 0
Dec 1 16:01:04 standalone container-server[123795]: 172.20.0.100 - - [01/Dec/2025:16:01:04 +0000] "GET /d1/963/AUTH_3d58405511e14ef397d27a04aabe13a3/gnocchi.425bb78a-293f-4045-ac82-6f9c9d348c50" 200 2 "GET http://localhost:8080/v1/AUTH_3d58405511e14ef397d27a04aabe13a3/gnocchi.425bb78a-293f-4045-ac82-6f9c9d348c50?format=json&states=listing" "tx86f99ab0e48348e4b8c69-00692dbbc0" "proxy-server 12" 0.0023 "-" 15 0
Dec 1 16:01:04 standalone proxy-server[125787]: 172.18.0.2 ::1 01/Dec/2025/16/01/04 GET /v1/AUTH_3d58405511e14ef397d27a04aabe13a3/gnocchi.425bb78a-293f-4045-ac82-6f9c9d348c50%3Fformat%3Djson%26states%3Dlisting HTTP/1.0 200 - python-swiftclient-3.11.1 gAAAAABpLbsIGd3W... - 2 - tx86f99ab0e48348e4b8c69-00692dbbc0 - 0.0158 - - 1764604864.357136965 1764604864.372925043 0
Dec 1 16:01:04 standalone object-server[124081]: 172.20.0.100 - - [01/Dec/2025:16:01:04 +0000] "GET /d1/407/AUTH_3d58405511e14ef397d27a04aabe13a3/gnocchi.425bb78a-293f-4045-ac82-6f9c9d348c50/1763640000.0_mean_300.0_v3" 404 70 "GET http://localhost:8080/v1/AUTH_3d58405511e14ef397d27a04aabe13a3/gnocchi.425bb78a-293f-4045-ac82-6f9c9d348c50/1763640000.0_mean_300.0_v3" "tx6c798ca43bbe4cc998ff5-00692dbbc0" "proxy-server 12" 0.0004 "-" 20 0
Dec 1 16:01:04 standalone proxy-server[125787]: 172.18.0.2 ::1 01/Dec/2025/16/01/04 GET /v1/AUTH_3d58405511e14ef397d27a04aabe13a3/gnocchi.425bb78a-293f-4045-ac82-6f9c9d348c50/1763640000.0_mean_300.0_v3 HTTP/1.0 404 - python-swiftclient-3.11.1 gAAAAABpLbsIGd3W... - 70 - tx6c798ca43bbe4cc998ff5-00692dbbc0 - 0.0086 - - 1764604864.377061605 1764604864.385698795 0
Dec 1 16:01:04 standalone container-server[123795]: 172.20.0.100 - - [01/Dec/2025:16:01:04 +0000] "PUT /d1/963/AUTH_3d58405511e14ef397d27a04aabe13a3/gnocchi.425bb78a-293f-4045-ac82-6f9c9d348c50/1763640000.0_mean_300.0_v3" 201 - "PUT http://localhost:8080/d1/407/AUTH_3d58405511e14ef397d27a04aabe13a3/gnocchi.425bb78a-293f-4045-ac82-6f9c9d348c50/1763640000.0_mean_300.0_v3" "txe52698dc1e7d42e9a797e-00692dbbc0" "object-server 21" 0.0009 "-" 15 0
Dec 1 16:01:04 standalone object-server[124083]: 172.20.0.100 - - [01/Dec/2025:16:01:04 +0000] "PUT /d1/407/AUTH_3d58405511e14ef397d27a04aabe13a3/gnocchi.425bb78a-293f-4045-ac82-6f9c9d348c50/1763640000.0_mean_300.0_v3" 201 - "PUT http://localhost:8080/v1/AUTH_3d58405511e14ef397d27a04aabe13a3/gnocchi.425bb78a-293f-4045-ac82-6f9c9d348c50/1763640000.0_mean_300.0_v3" "txe52698dc1e7d42e9a797e-00692dbbc0" "proxy-server 12" 0.0110 "-" 21 0
Dec 1 16:01:04 standalone proxy-server[125787]: 172.18.0.2 ::1 01/Dec/2025/16/01/04 PUT /v1/AUTH_3d58405511e14ef397d27a04aabe13a3/gnocchi.425bb78a-293f-4045-ac82-6f9c9d348c50/1763640000.0_mean_300.0_v3 HTTP/1.0 201 - python-swiftclient-3.11.1 gAAAAABpLbsIGd3W... 16 - - txe52698dc1e7d42e9a797e-00692dbbc0 - 0.0190 - - 1764604864.396173000 1764604864.415133953 0
Dec 1 16:01:04 standalone container-server[123795]: 172.20.0.100 - - [01/Dec/2025:16:01:04 +0000] "PUT /d1/963/AUTH_3d58405511e14ef397d27a04aabe13a3/gnocchi.425bb78a-293f-4045-ac82-6f9c9d348c50/none_v3" 201 - "PUT http://localhost:8080/d1/734/AUTH_3d58405511e14ef397d27a04aabe13a3/gnocchi.425bb78a-293f-4045-ac82-6f9c9d348c50/none_v3" "txaeb7cea95ef2492ab1b45-00692dbbc0" "object-server 19" 0.0012 "-" 15 0
Dec 1 16:01:04 standalone object-server[124073]: 172.20.0.100 - - [01/Dec/2025:16:01:04 +0000] "PUT /d1/734/AUTH_3d58405511e14ef397d27a04aabe13a3/gnocchi.425bb78a-293f-4045-ac82-6f9c9d348c50/none_v3" 201 - "PUT http://localhost:8080/v1/AUTH_3d58405511e14ef397d27a04aabe13a3/gnocchi.425bb78a-293f-4045-ac82-6f9c9d348c50/none_v3" "txaeb7cea95ef2492ab1b45-00692dbbc0" "proxy-server 12" 0.0137 "-" 19 0
Dec 1 16:01:04 standalone proxy-server[125787]: 172.18.0.2 ::1 01/Dec/2025/16/01/04 PUT /v1/AUTH_3d58405511e14ef397d27a04aabe13a3/gnocchi.425bb78a-293f-4045-ac82-6f9c9d348c50/none_v3 HTTP/1.0 201 - python-swiftclient-3.11.1 gAAAAABpLbsIGd3W... 22 - - txaeb7cea95ef2492ab1b45-00692dbbc0 - 0.0195 - - 1764604864.421883583 1764604864.441411257 0
Dec 1 16:01:04 standalone container-server[123790]: 172.20.0.100 - - [01/Dec/2025:16:01:04 +0000] "HEAD /d1/99/AUTH_3d58405511e14ef397d27a04aabe13a3/gnocchi.3bd9613c-8897-42d9-b7d1-ce1818ce9c92" 404 - "HEAD http://localhost:8080/v1/AUTH_3d58405511e14ef397d27a04aabe13a3/gnocchi.3bd9613c-8897-42d9-b7d1-ce1818ce9c92?format=json&states=listing" "tx8dca2e479ef243bea49d6-00692dbbc0" "proxy-server 12" 0.0006 "-" 14 0
Dec 1 16:01:04 standalone object-server[124083]: 172.20.0.100 - - [01/Dec/2025:16:01:04 +0000] "GET /d1/296/AUTH_3d58405511e14ef397d27a04aabe13a3/gnocchi.3bd9613c-8897-42d9-b7d1-ce1818ce9c92/none_v3" 404 70 "GET http://localhost:8080/v1/AUTH_3d58405511e14ef397d27a04aabe13a3/gnocchi.3bd9613c-8897-42d9-b7d1-ce1818ce9c92/none_v3" "tx8dca2e479ef243bea49d6-00692dbbc0" "proxy-server 12" 0.0006 "-" 21 0
Dec 1 16:01:04 standalone proxy-server[125787]: 172.18.0.2 ::1 01/Dec/2025/16/01/04 GET /v1/AUTH_3d58405511e14ef397d27a04aabe13a3/gnocchi.3bd9613c-8897-42d9-b7d1-ce1818ce9c92/none_v3 HTTP/1.0 404 - python-swiftclient-3.11.1 gAAAAABpLbsIGd3W... - 70 - tx8dca2e479ef243bea49d6-00692dbbc0 - 0.0126 - - 1764604864.465112686 1764604864.477756500 0
Dec 1 16:01:04 standalone account-server[123839]: 172.20.0.100 - - [01/Dec/2025:16:01:04 +0000] "PUT /d1/660/AUTH_3d58405511e14ef397d27a04aabe13a3/gnocchi.3bd9613c-8897-42d9-b7d1-ce1818ce9c92" 201 - "PUT http://172.20.0.100:6001/d1/99/AUTH_3d58405511e14ef397d27a04aabe13a3/gnocchi.3bd9613c-8897-42d9-b7d1-ce1818ce9c92" "tx70b1e82bcc834fbbb312d-00692dbbc0" "container-server 16" 0.0071 "-" 20 0
Dec 1 16:01:04 standalone container-server[123806]: 172.20.0.100 - - [01/Dec/2025:16:01:04 +0000] "PUT /d1/99/AUTH_3d58405511e14ef397d27a04aabe13a3/gnocchi.3bd9613c-8897-42d9-b7d1-ce1818ce9c92" 201 - "PUT http://localhost:8080/v1/AUTH_3d58405511e14ef397d27a04aabe13a3/gnocchi.3bd9613c-8897-42d9-b7d1-ce1818ce9c92" "tx70b1e82bcc834fbbb312d-00692dbbc0" "proxy-server 12" 0.0173 "-" 16 0
Dec 1 16:01:04 standalone proxy-server[125787]: 172.18.0.2 ::1 01/Dec/2025/16/01/04 PUT /v1/AUTH_3d58405511e14ef397d27a04aabe13a3/gnocchi.3bd9613c-8897-42d9-b7d1-ce1818ce9c92 HTTP/1.0 201 - python-swiftclient-3.11.1 gAAAAABpLbsIGd3W... - - - tx70b1e82bcc834fbbb312d-00692dbbc0 - 0.0236 - - 1764604864.484099627 1764604864.507703543 0
Dec 1 16:01:04 standalone container-server[123820]: 172.20.0.100 - - [01/Dec/2025:16:01:04 +0000] "HEAD /d1/99/AUTH_3d58405511e14ef397d27a04aabe13a3/gnocchi.3bd9613c-8897-42d9-b7d1-ce1818ce9c92" 204 - "HEAD http://localhost:8080/v1/AUTH_3d58405511e14ef397d27a04aabe13a3/gnocchi.3bd9613c-8897-42d9-b7d1-ce1818ce9c92?format=json&states=listing" "tx6b3f6fdbe6ad4c88abfa2-00692dbbc0" "proxy-server 12" 0.0014 "-" 17 0
Dec 1 16:01:04 standalone proxy-server[125787]: - - 01/Dec/2025/16/01/04 HEAD /v1/AUTH_3d58405511e14ef397d27a04aabe13a3/gnocchi.3bd9613c-8897-42d9-b7d1-ce1818ce9c92%3Fformat%3Djson%26states%3Dlisting HTTP/1.0 204 - Swift - - - - tx6b3f6fdbe6ad4c88abfa2-00692dbbc0 - 0.0047 RL - 1764604864.516439199 1764604864.521105766 0
Dec 1 16:01:04 standalone container-server[123795]: 172.20.0.100 - - [01/Dec/2025:16:01:04 +0000] "GET /d1/99/AUTH_3d58405511e14ef397d27a04aabe13a3/gnocchi.3bd9613c-8897-42d9-b7d1-ce1818ce9c92" 200 2 "GET http://localhost:8080/v1/AUTH_3d58405511e14ef397d27a04aabe13a3/gnocchi.3bd9613c-8897-42d9-b7d1-ce1818ce9c92?format=json&states=listing" "tx6b3f6fdbe6ad4c88abfa2-00692dbbc0" "proxy-server 12" 0.0026 "-" 15 0
Dec 1 16:01:04 standalone proxy-server[125787]: 172.18.0.2 ::1 01/Dec/2025/16/01/04 GET /v1/AUTH_3d58405511e14ef397d27a04aabe13a3/gnocchi.3bd9613c-8897-42d9-b7d1-ce1818ce9c92%3Fformat%3Djson%26states%3Dlisting HTTP/1.0 200 - python-swiftclient-3.11.1 gAAAAABpLbsIGd3W... - 2 - tx6b3f6fdbe6ad4c88abfa2-00692dbbc0 - 0.0136 - - 1764604864.515525103 1764604864.529156208 0
Dec 1 16:01:04 standalone object-server[124073]: 172.20.0.100 - - [01/Dec/2025:16:01:04 +0000] "GET /d1/464/AUTH_3d58405511e14ef397d27a04aabe13a3/gnocchi.3bd9613c-8897-42d9-b7d1-ce1818ce9c92/1763640000.0_mean_300.0_v3" 404 70 "GET http://localhost:8080/v1/AUTH_3d58405511e14ef397d27a04aabe13a3/gnocchi.3bd9613c-8897-42d9-b7d1-ce1818ce9c92/1763640000.0_mean_300.0_v3" "txcce36f47f4eb432f9b6c4-00692dbbc0" "proxy-server 12" 0.0004 "-" 19 0
Dec 1 16:01:04 standalone proxy-server[125787]: 172.18.0.2 ::1 01/Dec/2025/16/01/04 GET /v1/AUTH_3d58405511e14ef397d27a04aabe13a3/gnocchi.3bd9613c-8897-42d9-b7d1-ce1818ce9c92/1763640000.0_mean_300.0_v3 HTTP/1.0 404 - python-swiftclient-3.11.1 gAAAAABpLbsIGd3W... - 70 - txcce36f47f4eb432f9b6c4-00692dbbc0 - 0.0047 - - 1764604864.534095526 1764604864.538770437 0
Dec 1 16:01:04 standalone container-server[123806]: 172.20.0.100 - - [01/Dec/2025:16:01:04 +0000] "PUT /d1/99/AUTH_3d58405511e14ef397d27a04aabe13a3/gnocchi.3bd9613c-8897-42d9-b7d1-ce1818ce9c92/1763640000.0_mean_300.0_v3" 201 - "PUT http://localhost:8080/d1/464/AUTH_3d58405511e14ef397d27a04aabe13a3/gnocchi.3bd9613c-8897-42d9-b7d1-ce1818ce9c92/1763640000.0_mean_300.0_v3" "tx879e3d8e2c0d4f969c1e3-00692dbbc0" "object-server 19" 0.0008 "-" 16 0
Dec 1 16:01:04 standalone object-server[124073]: 172.20.0.100 - - [01/Dec/2025:16:01:04 +0000] "PUT /d1/464/AUTH_3d58405511e14ef397d27a04aabe13a3/gnocchi.3bd9613c-8897-42d9-b7d1-ce1818ce9c92/1763640000.0_mean_300.0_v3" 201 - "PUT http://localhost:8080/v1/AUTH_3d58405511e14ef397d27a04aabe13a3/gnocchi.3bd9613c-8897-42d9-b7d1-ce1818ce9c92/1763640000.0_mean_300.0_v3" "tx879e3d8e2c0d4f969c1e3-00692dbbc0" "proxy-server 12" 0.0122 "-" 19 0
Dec 1 16:01:04 standalone proxy-server[125787]: 172.18.0.2 ::1 01/Dec/2025/16/01/04 PUT /v1/AUTH_3d58405511e14ef397d27a04aabe13a3/gnocchi.3bd9613c-8897-42d9-b7d1-ce1818ce9c92/1763640000.0_mean_300.0_v3 HTTP/1.0 201 - python-swiftclient-3.11.1 gAAAAABpLbsIGd3W... 16 - - tx879e3d8e2c0d4f969c1e3-00692dbbc0 - 0.0187 - - 1764604864.541261196 1764604864.559961319 0
Dec 1 16:01:04 standalone container-server[123820]: 172.20.0.100 - - [01/Dec/2025:16:01:04 +0000] "PUT /d1/99/AUTH_3d58405511e14ef397d27a04aabe13a3/gnocchi.3bd9613c-8897-42d9-b7d1-ce1818ce9c92/none_v3" 201 - "PUT http://localhost:8080/d1/296/AUTH_3d58405511e14ef397d27a04aabe13a3/gnocchi.3bd9613c-8897-42d9-b7d1-ce1818ce9c92/none_v3" "txdd0d31f7b91a474da0234-00692dbbc0" "object-server 20" 0.0011 "-" 17 0
Dec 1 16:01:04 standalone object-server[124081]: 172.20.0.100 - - [01/Dec/2025:16:01:04 +0000] "PUT /d1/296/AUTH_3d58405511e14ef397d27a04aabe13a3/gnocchi.3bd9613c-8897-42d9-b7d1-ce1818ce9c92/none_v3" 201 - "PUT http://localhost:8080/v1/AUTH_3d58405511e14ef397d27a04aabe13a3/gnocchi.3bd9613c-8897-42d9-b7d1-ce1818ce9c92/none_v3" "txdd0d31f7b91a474da0234-00692dbbc0" "proxy-server 12" 0.0113 "-" 20 0
Dec 1 16:01:04 standalone proxy-server[125787]: 172.18.0.2 ::1 01/Dec/2025/16/01/04 PUT /v1/AUTH_3d58405511e14ef397d27a04aabe13a3/gnocchi.3bd9613c-8897-42d9-b7d1-ce1818ce9c92/none_v3 HTTP/1.0 201 - python-swiftclient-3.11.1 gAAAAABpLbsIGd3W... 22 - - txdd0d31f7b91a474da0234-00692dbbc0 - 0.0160 - - 1764604864.562886477 1764604864.578861475 0
Dec 1 16:01:04 standalone container-server[123820]: 172.20.0.100 - - [01/Dec/2025:16:01:04 +0000] "HEAD /d1/659/AUTH_3d58405511e14ef397d27a04aabe13a3/gnocchi.12982b54-9fab-4591-8d35-488a4e2ac22a" 404 - "HEAD http://localhost:8080/v1/AUTH_3d58405511e14ef397d27a04aabe13a3/gnocchi.12982b54-9fab-4591-8d35-488a4e2ac22a?format=json&states=listing" "txc3164a9243f54ec39036f-00692dbbc0" "proxy-server 12" 0.0003 "-" 17 0
Dec 1 16:01:04 standalone object-server[124073]: 172.20.0.100 - - [01/Dec/2025:16:01:04 +0000] "GET /d1/472/AUTH_3d58405511e14ef397d27a04aabe13a3/gnocchi.12982b54-9fab-4591-8d35-488a4e2ac22a/none_v3" 404 70 "GET http://localhost:8080/v1/AUTH_3d58405511e14ef397d27a04aabe13a3/gnocchi.12982b54-9fab-4591-8d35-488a4e2ac22a/none_v3" "txc3164a9243f54ec39036f-00692dbbc0" "proxy-server 12" 0.0003 "-" 19 0
Dec 1 16:01:04 standalone proxy-server[125787]: 172.18.0.2 ::1 01/Dec/2025/16/01/04 GET /v1/AUTH_3d58405511e14ef397d27a04aabe13a3/gnocchi.12982b54-9fab-4591-8d35-488a4e2ac22a/none_v3 HTTP/1.0 404 - python-swiftclient-3.11.1 gAAAAABpLbsIGd3W... - 70 - txc3164a9243f54ec39036f-00692dbbc0 - 0.0165 - - 1764604864.593098164 1764604864.609612703 0
Dec 1 16:01:04 standalone account-server[123839]: 172.20.0.100 - - [01/Dec/2025:16:01:04 +0000] "PUT /d1/660/AUTH_3d58405511e14ef397d27a04aabe13a3/gnocchi.12982b54-9fab-4591-8d35-488a4e2ac22a" 201 - "PUT http://172.20.0.100:6001/d1/659/AUTH_3d58405511e14ef397d27a04aabe13a3/gnocchi.12982b54-9fab-4591-8d35-488a4e2ac22a" "txd958f9f32e5a49a5b2848-00692dbbc0" "container-server 14" 0.0056 "-" 20 0
Dec 1 16:01:04 standalone container-server[123790]: 172.20.0.100 - - [01/Dec/2025:16:01:04 +0000] "PUT /d1/659/AUTH_3d58405511e14ef397d27a04aabe13a3/gnocchi.12982b54-9fab-4591-8d35-488a4e2ac22a" 201 - "PUT http://localhost:8080/v1/AUTH_3d58405511e14ef397d27a04aabe13a3/gnocchi.12982b54-9fab-4591-8d35-488a4e2ac22a" "txd958f9f32e5a49a5b2848-00692dbbc0" "proxy-server 12" 0.0145 "-" 14 0
Dec 1 16:01:04 standalone proxy-server[125787]: 172.18.0.2 ::1 01/Dec/2025/16/01/04 PUT /v1/AUTH_3d58405511e14ef397d27a04aabe13a3/gnocchi.12982b54-9fab-4591-8d35-488a4e2ac22a HTTP/1.0 201 - python-swiftclient-3.11.1 gAAAAABpLbsIGd3W... - - - txd958f9f32e5a49a5b2848-00692dbbc0 - 0.0194 - - 1764604864.613359690 1764604864.632800341 0
Dec 1 16:01:04 standalone container-server[123806]: 172.20.0.100 - - [01/Dec/2025:16:01:04 +0000] "HEAD /d1/659/AUTH_3d58405511e14ef397d27a04aabe13a3/gnocchi.12982b54-9fab-4591-8d35-488a4e2ac22a" 204 - "HEAD http://localhost:8080/v1/AUTH_3d58405511e14ef397d27a04aabe13a3/gnocchi.12982b54-9fab-4591-8d35-488a4e2ac22a?format=json&states=listing" "tx195e82b4f9bb41ad8b34b-00692dbbc0" "proxy-server 12" 0.0016 "-" 16 0
Dec 1 16:01:04 standalone proxy-server[125787]: - - 01/Dec/2025/16/01/04 HEAD /v1/AUTH_3d58405511e14ef397d27a04aabe13a3/gnocchi.12982b54-9fab-4591-8d35-488a4e2ac22a%3Fformat%3Djson%26states%3Dlisting HTTP/1.0 204 - Swift - - - - tx195e82b4f9bb41ad8b34b-00692dbbc0 - 0.0046 RL - 1764604864.637318611 1764604864.641930342 0
Dec 1 16:01:04 standalone container-server[123790]: 172.20.0.100 - - [01/Dec/2025:16:01:04 +0000] "GET /d1/659/AUTH_3d58405511e14ef397d27a04aabe13a3/gnocchi.12982b54-9fab-4591-8d35-488a4e2ac22a" 200 2 "GET http://localhost:8080/v1/AUTH_3d58405511e14ef397d27a04aabe13a3/gnocchi.12982b54-9fab-4591-8d35-488a4e2ac22a?format=json&states=listing" "tx195e82b4f9bb41ad8b34b-00692dbbc0" "proxy-server 12" 0.0016 "-" 14 0
Dec 1 16:01:04 standalone proxy-server[125787]: 172.18.0.2 ::1 01/Dec/2025/16/01/04 GET /v1/AUTH_3d58405511e14ef397d27a04aabe13a3/gnocchi.12982b54-9fab-4591-8d35-488a4e2ac22a%3Fformat%3Djson%26states%3Dlisting HTTP/1.0 200 - python-swiftclient-3.11.1 gAAAAABpLbsIGd3W... - 2 - tx195e82b4f9bb41ad8b34b-00692dbbc0 - 0.0112 - - 1764604864.636479378 1764604864.647680283 0
Dec 1 16:01:04 standalone object-server[124083]: 172.20.0.100 - - [01/Dec/2025:16:01:04 +0000] "GET /d1/720/AUTH_3d58405511e14ef397d27a04aabe13a3/gnocchi.12982b54-9fab-4591-8d35-488a4e2ac22a/1763640000.0_mean_300.0_v3" 404 70 "GET http://localhost:8080/v1/AUTH_3d58405511e14ef397d27a04aabe13a3/gnocchi.12982b54-9fab-4591-8d35-488a4e2ac22a/1763640000.0_mean_300.0_v3" "tx2a2cae6cca0547e3859bb-00692dbbc0" "proxy-server 12" 0.0004 "-" 21 0
Dec 1 16:01:04 standalone proxy-server[125787]: 172.18.0.2 ::1 01/Dec/2025/16/01/04 GET /v1/AUTH_3d58405511e14ef397d27a04aabe13a3/gnocchi.12982b54-9fab-4591-8d35-488a4e2ac22a/1763640000.0_mean_300.0_v3 HTTP/1.0 404 - python-swiftclient-3.11.1 gAAAAABpLbsIGd3W... - 70 - tx2a2cae6cca0547e3859bb-00692dbbc0 - 0.0047 - - 1764604864.650820255 1764604864.655552864 0
Dec 1 16:01:04 standalone container-server[123820]: 172.20.0.100 - - [01/Dec/2025:16:01:04 +0000] "PUT /d1/659/AUTH_3d58405511e14ef397d27a04aabe13a3/gnocchi.12982b54-9fab-4591-8d35-488a4e2ac22a/1763640000.0_mean_300.0_v3" 201 - "PUT http://localhost:8080/d1/720/AUTH_3d58405511e14ef397d27a04aabe13a3/gnocchi.12982b54-9fab-4591-8d35-488a4e2ac22a/1763640000.0_mean_300.0_v3" "txfbc0cc21b51f4ce8b1575-00692dbbc0" "object-server 21" 0.0007 "-" 17 0
Dec 1 16:01:04 standalone object-server[124083]: 172.20.0.100 - - [01/Dec/2025:16:01:04 +0000] "PUT /d1/720/AUTH_3d58405511e14ef397d27a04aabe13a3/gnocchi.12982b54-9fab-4591-8d35-488a4e2ac22a/1763640000.0_mean_300.0_v3" 201 - "PUT http://localhost:8080/v1/AUTH_3d58405511e14ef397d27a04aabe13a3/gnocchi.12982b54-9fab-4591-8d35-488a4e2ac22a/1763640000.0_mean_300.0_v3" "txfbc0cc21b51f4ce8b1575-00692dbbc0" "proxy-server 12" 0.0081 "-" 21 0
Dec 1 16:01:04 standalone proxy-server[125787]: 172.18.0.2 ::1 01/Dec/2025/16/01/04 PUT /v1/AUTH_3d58405511e14ef397d27a04aabe13a3/gnocchi.12982b54-9fab-4591-8d35-488a4e2ac22a/1763640000.0_mean_300.0_v3 HTTP/1.0 201 - python-swiftclient-3.11.1 gAAAAABpLbsIGd3W... 16 - - txfbc0cc21b51f4ce8b1575-00692dbbc0 - 0.0120 - - 1764604864.657635689 1764604864.669607401 0
Dec 1 16:01:04 standalone container-server[123795]: 172.20.0.100 - - [01/Dec/2025:16:01:04 +0000] "PUT /d1/659/AUTH_3d58405511e14ef397d27a04aabe13a3/gnocchi.12982b54-9fab-4591-8d35-488a4e2ac22a/none_v3" 201 - "PUT http://localhost:8080/d1/472/AUTH_3d58405511e14ef397d27a04aabe13a3/gnocchi.12982b54-9fab-4591-8d35-488a4e2ac22a/none_v3" "tx832528a19e8e483f9d8d8-00692dbbc0" "object-server 21" 0.0009 "-" 15 0
Dec 1 16:01:04 standalone object-server[124083]: 172.20.0.100 - - [01/Dec/2025:16:01:04 +0000] "PUT /d1/472/AUTH_3d58405511e14ef397d27a04aabe13a3/gnocchi.12982b54-9fab-4591-8d35-488a4e2ac22a/none_v3" 201 - "PUT http://localhost:8080/v1/AUTH_3d58405511e14ef397d27a04aabe13a3/gnocchi.12982b54-9fab-4591-8d35-488a4e2ac22a/none_v3" "tx832528a19e8e483f9d8d8-00692dbbc0" "proxy-server 12" 0.0088 "-" 21 0
Dec 1 16:01:04 standalone proxy-server[125787]: 172.18.0.2 ::1 01/Dec/2025/16/01/04 PUT /v1/AUTH_3d58405511e14ef397d27a04aabe13a3/gnocchi.12982b54-9fab-4591-8d35-488a4e2ac22a/none_v3 HTTP/1.0 201 - python-swiftclient-3.11.1 gAAAAABpLbsIGd3W... 22 - - tx832528a19e8e483f9d8d8-00692dbbc0 - 0.0125 - - 1764604864.672306776 1764604864.684775591 0
Dec 1 16:01:04 standalone container-server[123795]: 172.20.0.100 - - [01/Dec/2025:16:01:04 +0000] "HEAD /d1/460/AUTH_3d58405511e14ef397d27a04aabe13a3/gnocchi.9110b6ee-a829-4a82-8765-21236c3a129f" 404 - "HEAD http://localhost:8080/v1/AUTH_3d58405511e14ef397d27a04aabe13a3/gnocchi.9110b6ee-a829-4a82-8765-21236c3a129f?format=json&states=listing" "tx3524433dc1bf42c2a4312-00692dbbc0" "proxy-server 12" 0.0004 "-" 15 0
Dec 1 16:01:04 standalone object-server[124081]: 172.20.0.100 - - [01/Dec/2025:16:01:04 +0000] "GET /d1/967/AUTH_3d58405511e14ef397d27a04aabe13a3/gnocchi.9110b6ee-a829-4a82-8765-21236c3a129f/none_v3" 404 70 "GET http://localhost:8080/v1/AUTH_3d58405511e14ef397d27a04aabe13a3/gnocchi.9110b6ee-a829-4a82-8765-21236c3a129f/none_v3" "tx3524433dc1bf42c2a4312-00692dbbc0" "proxy-server 12" 0.0004 "-" 20 0
Dec 1 16:01:04 standalone proxy-server[125787]: 172.18.0.2 ::1 01/Dec/2025/16/01/04 GET /v1/AUTH_3d58405511e14ef397d27a04aabe13a3/gnocchi.9110b6ee-a829-4a82-8765-21236c3a129f/none_v3 HTTP/1.0 404 - python-swiftclient-3.11.1 gAAAAABpLbsIGd3W... - 70 - tx3524433dc1bf42c2a4312-00692dbbc0 - 0.0106 - - 1764604864.696716785 1764604864.707353354 0
Dec 1 16:01:04 standalone account-server[123851]: 172.20.0.100 - - [01/Dec/2025:16:01:04 +0000] "PUT /d1/660/AUTH_3d58405511e14ef397d27a04aabe13a3/gnocchi.9110b6ee-a829-4a82-8765-21236c3a129f" 201 - "PUT http://172.20.0.100:6001/d1/460/AUTH_3d58405511e14ef397d27a04aabe13a3/gnocchi.9110b6ee-a829-4a82-8765-21236c3a129f" "tx75875f2ccb194d16bd0a3-00692dbbc0" "container-server 14" 0.0047 "-" 22 0
Dec 1 16:01:04 standalone container-server[123790]: 172.20.0.100 - - [01/Dec/2025:16:01:04 +0000] "PUT /d1/460/AUTH_3d58405511e14ef397d27a04aabe13a3/gnocchi.9110b6ee-a829-4a82-8765-21236c3a129f" 201 - "PUT http://localhost:8080/v1/AUTH_3d58405511e14ef397d27a04aabe13a3/gnocchi.9110b6ee-a829-4a82-8765-21236c3a129f" "tx75875f2ccb194d16bd0a3-00692dbbc0" "proxy-server 12" 0.0168 "-" 14 0
Dec 1 16:01:04 standalone proxy-server[125787]: 172.18.0.2 ::1 01/Dec/2025/16/01/04 PUT /v1/AUTH_3d58405511e14ef397d27a04aabe13a3/gnocchi.9110b6ee-a829-4a82-8765-21236c3a129f HTTP/1.0 201 - python-swiftclient-3.11.1 gAAAAABpLbsIGd3W... - - - tx75875f2ccb194d16bd0a3-00692dbbc0 - 0.0205 - - 1764604864.709985256 1764604864.730474234 0
Dec 1 16:01:04 standalone container-server[123790]: 172.20.0.100 - - [01/Dec/2025:16:01:04 +0000] "HEAD /d1/460/AUTH_3d58405511e14ef397d27a04aabe13a3/gnocchi.9110b6ee-a829-4a82-8765-21236c3a129f" 204 - "HEAD http://localhost:8080/v1/AUTH_3d58405511e14ef397d27a04aabe13a3/gnocchi.9110b6ee-a829-4a82-8765-21236c3a129f?format=json&states=listing" "tx40935a7884ed458cb7464-00692dbbc0" "proxy-server 12" 0.0012 "-" 14 0
Dec 1 16:01:04 standalone proxy-server[125787]: - - 01/Dec/2025/16/01/04 HEAD /v1/AUTH_3d58405511e14ef397d27a04aabe13a3/gnocchi.9110b6ee-a829-4a82-8765-21236c3a129f%3Fformat%3Djson%26states%3Dlisting HTTP/1.0 204 - Swift - - - - tx40935a7884ed458cb7464-00692dbbc0 - 0.0038 RL - 1764604864.734909773 1764604864.738714933 0
Dec 1 16:01:04 standalone container-server[123795]: 172.20.0.100 - - [01/Dec/2025:16:01:04 +0000] "GET /d1/460/AUTH_3d58405511e14ef397d27a04aabe13a3/gnocchi.9110b6ee-a829-4a82-8765-21236c3a129f" 200 2 "GET http://localhost:8080/v1/AUTH_3d58405511e14ef397d27a04aabe13a3/gnocchi.9110b6ee-a829-4a82-8765-21236c3a129f?format=json&states=listing" "tx40935a7884ed458cb7464-00692dbbc0" "proxy-server 12" 0.0039 "-" 15 0
Dec 1 16:01:04 standalone proxy-server[125787]: 172.18.0.2 ::1 01/Dec/2025/16/01/04 GET /v1/AUTH_3d58405511e14ef397d27a04aabe13a3/gnocchi.9110b6ee-a829-4a82-8765-21236c3a129f%3Fformat%3Djson%26states%3Dlisting HTTP/1.0 200 - python-swiftclient-3.11.1 gAAAAABpLbsIGd3W... - 2 - tx40935a7884ed458cb7464-00692dbbc0 - 0.0156 - - 1764604864.733937979 1764604864.749565840 0
Dec 1 16:01:04 standalone object-server[124073]: 172.20.0.100 - - [01/Dec/2025:16:01:04 +0000] "GET /d1/190/AUTH_3d58405511e14ef397d27a04aabe13a3/gnocchi.9110b6ee-a829-4a82-8765-21236c3a129f/1763640000.0_mean_300.0_v3" 404 70 "GET http://localhost:8080/v1/AUTH_3d58405511e14ef397d27a04aabe13a3/gnocchi.9110b6ee-a829-4a82-8765-21236c3a129f/1763640000.0_mean_300.0_v3" "tx8dcc763bde5a482a93a67-00692dbbc0" "proxy-server 12" 0.0005 "-" 19 0
Dec 1 16:01:04 standalone proxy-server[125787]: 172.18.0.2 ::1 01/Dec/2025/16/01/04 GET /v1/AUTH_3d58405511e14ef397d27a04aabe13a3/gnocchi.9110b6ee-a829-4a82-8765-21236c3a129f/1763640000.0_mean_300.0_v3 HTTP/1.0 404 - python-swiftclient-3.11.1 gAAAAABpLbsIGd3W... - 70 - tx8dcc763bde5a482a93a67-00692dbbc0 - 0.0059 - - 1764604864.753798723 1764604864.759654045 0
Dec 1 16:01:04 standalone container-server[123790]: 172.20.0.100 - - [01/Dec/2025:16:01:04 +0000] "PUT /d1/460/AUTH_3d58405511e14ef397d27a04aabe13a3/gnocchi.9110b6ee-a829-4a82-8765-21236c3a129f/1763640000.0_mean_300.0_v3" 201 - "PUT http://localhost:8080/d1/190/AUTH_3d58405511e14ef397d27a04aabe13a3/gnocchi.9110b6ee-a829-4a82-8765-21236c3a129f/1763640000.0_mean_300.0_v3" "tx190efded0c8d4c6d8b8aa-00692dbbc0" "object-server 20" 0.0006 "-" 14 0
Dec 1 16:01:04 standalone object-server[124081]: 172.20.0.100 - - [01/Dec/2025:16:01:04 +0000] "PUT /d1/190/AUTH_3d58405511e14ef397d27a04aabe13a3/gnocchi.9110b6ee-a829-4a82-8765-21236c3a129f/1763640000.0_mean_300.0_v3" 201 - "PUT http://localhost:8080/v1/AUTH_3d58405511e14ef397d27a04aabe13a3/gnocchi.9110b6ee-a829-4a82-8765-21236c3a129f/1763640000.0_mean_300.0_v3" "tx190efded0c8d4c6d8b8aa-00692dbbc0" "proxy-server 12" 0.0136 "-" 20 0
Dec 1 16:01:04 standalone proxy-server[125787]: 172.18.0.2 ::1 01/Dec/2025/16/01/04 PUT /v1/AUTH_3d58405511e14ef397d27a04aabe13a3/gnocchi.9110b6ee-a829-4a82-8765-21236c3a129f/1763640000.0_mean_300.0_v3 HTTP/1.0 201 - python-swiftclient-3.11.1 gAAAAABpLbsIGd3W... 16 - - tx190efded0c8d4c6d8b8aa-00692dbbc0 - 0.0186 - - 1764604864.762562037 1764604864.781211853 0
Dec 1 16:01:04 standalone container-server[123795]: 172.20.0.100 - - [01/Dec/2025:16:01:04 +0000] "PUT /d1/460/AUTH_3d58405511e14ef397d27a04aabe13a3/gnocchi.9110b6ee-a829-4a82-8765-21236c3a129f/none_v3" 201 - "PUT http://localhost:8080/d1/967/AUTH_3d58405511e14ef397d27a04aabe13a3/gnocchi.9110b6ee-a829-4a82-8765-21236c3a129f/none_v3" "txc25283b666dd4f62a86fe-00692dbbc0" "object-server 21" 0.0010 "-" 15 0
Dec 1 16:01:04 standalone object-server[124083]: 172.20.0.100 - - [01/Dec/2025:16:01:04 +0000] "PUT /d1/967/AUTH_3d58405511e14ef397d27a04aabe13a3/gnocchi.9110b6ee-a829-4a82-8765-21236c3a129f/none_v3" 201 - "PUT http://localhost:8080/v1/AUTH_3d58405511e14ef397d27a04aabe13a3/gnocchi.9110b6ee-a829-4a82-8765-21236c3a129f/none_v3" "txc25283b666dd4f62a86fe-00692dbbc0" "proxy-server 12" 0.0121 "-" 21 0
Dec 1 16:01:04 standalone proxy-server[125787]: 172.18.0.2 ::1 01/Dec/2025/16/01/04 PUT /v1/AUTH_3d58405511e14ef397d27a04aabe13a3/gnocchi.9110b6ee-a829-4a82-8765-21236c3a129f/none_v3 HTTP/1.0 201 - python-swiftclient-3.11.1 gAAAAABpLbsIGd3W... 22 - - txc25283b666dd4f62a86fe-00692dbbc0 - 0.0175 - - 1764604864.784780741 1764604864.802274466 0
Dec 1 16:01:04 standalone container-server[123790]: 172.20.0.100 - - [01/Dec/2025:16:01:04 +0000] "HEAD /d1/893/AUTH_3d58405511e14ef397d27a04aabe13a3/gnocchi.a970f52a-82c3-407b-a655-c29f5e1d13a9" 404 - "HEAD http://localhost:8080/v1/AUTH_3d58405511e14ef397d27a04aabe13a3/gnocchi.a970f52a-82c3-407b-a655-c29f5e1d13a9?format=json&states=listing" "tx4773a309e98f4c20baed1-00692dbbc0" "proxy-server 12" 0.0004 "-" 14 0
Dec 1 16:01:04 standalone object-server[124085]: 172.20.0.100 - - [01/Dec/2025:16:01:04 +0000] "GET /d1/798/AUTH_3d58405511e14ef397d27a04aabe13a3/gnocchi.a970f52a-82c3-407b-a655-c29f5e1d13a9/none_v3" 404 70 "GET http://localhost:8080/v1/AUTH_3d58405511e14ef397d27a04aabe13a3/gnocchi.a970f52a-82c3-407b-a655-c29f5e1d13a9/none_v3" "tx4773a309e98f4c20baed1-00692dbbc0" "proxy-server 12" 0.0003 "-" 22 0
Dec 1 16:01:04 standalone proxy-server[125787]: 172.18.0.2 ::1 01/Dec/2025/16/01/04 GET /v1/AUTH_3d58405511e14ef397d27a04aabe13a3/gnocchi.a970f52a-82c3-407b-a655-c29f5e1d13a9/none_v3 HTTP/1.0 404 - python-swiftclient-3.11.1 gAAAAABpLbsIGd3W... - 70 - tx4773a309e98f4c20baed1-00692dbbc0 - 0.0069 - - 1764604864.812840939 1764604864.819771051 0
Dec 1 16:01:04 standalone account-server[123853]: 172.20.0.100 - - [01/Dec/2025:16:01:04 +0000] "PUT /d1/660/AUTH_3d58405511e14ef397d27a04aabe13a3/gnocchi.a970f52a-82c3-407b-a655-c29f5e1d13a9" 201 - "PUT http://172.20.0.100:6001/d1/893/AUTH_3d58405511e14ef397d27a04aabe13a3/gnocchi.a970f52a-82c3-407b-a655-c29f5e1d13a9" "txaf7031b2148643c2b1911-00692dbbc0" "container-server 14" 0.0059 "-" 23 0
Dec 1 16:01:04 standalone container-server[123790]: 172.20.0.100 - - [01/Dec/2025:16:01:04 +0000] "PUT /d1/893/AUTH_3d58405511e14ef397d27a04aabe13a3/gnocchi.a970f52a-82c3-407b-a655-c29f5e1d13a9" 201 - "PUT http://localhost:8080/v1/AUTH_3d58405511e14ef397d27a04aabe13a3/gnocchi.a970f52a-82c3-407b-a655-c29f5e1d13a9" "txaf7031b2148643c2b1911-00692dbbc0" "proxy-server 12" 0.0155 "-" 14 0
Dec 1 16:01:04 standalone proxy-server[125787]: 172.18.0.2 ::1 01/Dec/2025/16/01/04 PUT /v1/AUTH_3d58405511e14ef397d27a04aabe13a3/gnocchi.a970f52a-82c3-407b-a655-c29f5e1d13a9 HTTP/1.0 201 - python-swiftclient-3.11.1 gAAAAABpLbsIGd3W... - - - txaf7031b2148643c2b1911-00692dbbc0 - 0.0193 - - 1764604864.822445869 1764604864.841778755 0
Dec 1 16:01:04 standalone container-server[123820]: 172.20.0.100 - - [01/Dec/2025:16:01:04 +0000] "HEAD /d1/893/AUTH_3d58405511e14ef397d27a04aabe13a3/gnocchi.a970f52a-82c3-407b-a655-c29f5e1d13a9" 204 - "HEAD http://localhost:8080/v1/AUTH_3d58405511e14ef397d27a04aabe13a3/gnocchi.a970f52a-82c3-407b-a655-c29f5e1d13a9?format=json&states=listing" "txc942a46790f64b9bae8cc-00692dbbc0" "proxy-server 12" 0.0028 "-" 17 0
Dec 1 16:01:04 standalone proxy-server[125787]: - - 01/Dec/2025/16/01/04 HEAD /v1/AUTH_3d58405511e14ef397d27a04aabe13a3/gnocchi.a970f52a-82c3-407b-a655-c29f5e1d13a9%3Fformat%3Djson%26states%3Dlisting HTTP/1.0 204 - Swift - - - - txc942a46790f64b9bae8cc-00692dbbc0 - 0.0060 RL - 1764604864.846673727 1764604864.852638006 0
Dec 1 16:01:04 standalone container-server[123795]: 172.20.0.100 - - [01/Dec/2025:16:01:04 +0000] "GET /d1/893/AUTH_3d58405511e14ef397d27a04aabe13a3/gnocchi.a970f52a-82c3-407b-a655-c29f5e1d13a9" 200 2 "GET http://localhost:8080/v1/AUTH_3d58405511e14ef397d27a04aabe13a3/gnocchi.a970f52a-82c3-407b-a655-c29f5e1d13a9?format=json&states=listing" "txc942a46790f64b9bae8cc-00692dbbc0" "proxy-server 12" 0.0039 "-" 15 0
Dec 1 16:01:04 standalone proxy-server[125787]: 172.18.0.2 ::1 01/Dec/2025/16/01/04 GET /v1/AUTH_3d58405511e14ef397d27a04aabe13a3/gnocchi.a970f52a-82c3-407b-a655-c29f5e1d13a9%3Fformat%3Djson%26states%3Dlisting HTTP/1.0 200 - python-swiftclient-3.11.1 gAAAAABpLbsIGd3W... - 2 - txc942a46790f64b9bae8cc-00692dbbc0 - 0.0164 - - 1764604864.845730305 1764604864.862178087 0
Dec 1 16:01:04 standalone object-server[124073]: 172.20.0.100 - - [01/Dec/2025:16:01:04 +0000] "GET /d1/697/AUTH_3d58405511e14ef397d27a04aabe13a3/gnocchi.a970f52a-82c3-407b-a655-c29f5e1d13a9/1763640000.0_mean_300.0_v3" 404 70 "GET http://localhost:8080/v1/AUTH_3d58405511e14ef397d27a04aabe13a3/gnocchi.a970f52a-82c3-407b-a655-c29f5e1d13a9/1763640000.0_mean_300.0_v3" "tx964442bf83f147c98cf96-00692dbbc0" "proxy-server 12" 0.0005 "-" 19 0
Dec 1 16:01:04 standalone proxy-server[125787]: 172.18.0.2 ::1 01/Dec/2025/16/01/04 GET /v1/AUTH_3d58405511e14ef397d27a04aabe13a3/gnocchi.a970f52a-82c3-407b-a655-c29f5e1d13a9/1763640000.0_mean_300.0_v3 HTTP/1.0 404 - python-swiftclient-3.11.1 gAAAAABpLbsIGd3W... - 70 - tx964442bf83f147c98cf96-00692dbbc0 - 0.0047 - - 1764604864.865445137 1764604864.870110989 0
Dec 1 16:01:04 standalone container-server[123820]: 172.20.0.100 - - [01/Dec/2025:16:01:04 +0000] "PUT /d1/893/AUTH_3d58405511e14ef397d27a04aabe13a3/gnocchi.a970f52a-82c3-407b-a655-c29f5e1d13a9/1763640000.0_mean_300.0_v3" 201 - "PUT http://localhost:8080/d1/697/AUTH_3d58405511e14ef397d27a04aabe13a3/gnocchi.a970f52a-82c3-407b-a655-c29f5e1d13a9/1763640000.0_mean_300.0_v3" "txfc0b9b1b5e654dfa95e24-00692dbbc0" "object-server 19" 0.0007 "-" 17 0
Dec 1 16:01:04 standalone object-server[124073]: 172.20.0.100 - - [01/Dec/2025:16:01:04 +0000] "PUT /d1/697/AUTH_3d58405511e14ef397d27a04aabe13a3/gnocchi.a970f52a-82c3-407b-a655-c29f5e1d13a9/1763640000.0_mean_300.0_v3" 201 - "PUT http://localhost:8080/v1/AUTH_3d58405511e14ef397d27a04aabe13a3/gnocchi.a970f52a-82c3-407b-a655-c29f5e1d13a9/1763640000.0_mean_300.0_v3" "txfc0b9b1b5e654dfa95e24-00692dbbc0" "proxy-server 12" 0.0101 "-" 19 0
Dec 1 16:01:04 standalone proxy-server[125787]: 172.18.0.2 ::1 01/Dec/2025/16/01/04 PUT /v1/AUTH_3d58405511e14ef397d27a04aabe13a3/gnocchi.a970f52a-82c3-407b-a655-c29f5e1d13a9/1763640000.0_mean_300.0_v3 HTTP/1.0 201 - python-swiftclient-3.11.1 gAAAAABpLbsIGd3W... 16 - - txfc0b9b1b5e654dfa95e24-00692dbbc0 - 0.0138 - - 1764604864.872936487 1764604864.886734247 0
Dec 1 16:01:04 standalone container-server[123806]: 172.20.0.100 - - [01/Dec/2025:16:01:04 +0000] "PUT /d1/893/AUTH_3d58405511e14ef397d27a04aabe13a3/gnocchi.a970f52a-82c3-407b-a655-c29f5e1d13a9/none_v3" 201 - "PUT http://localhost:8080/d1/798/AUTH_3d58405511e14ef397d27a04aabe13a3/gnocchi.a970f52a-82c3-407b-a655-c29f5e1d13a9/none_v3" "tx9d3c38e541d54d88a7c26-00692dbbc0" "object-server 21" 0.0006 "-" 16 0
Dec 1 16:01:04 standalone object-server[124083]: 172.20.0.100 - - [01/Dec/2025:16:01:04 +0000] "PUT /d1/798/AUTH_3d58405511e14ef397d27a04aabe13a3/gnocchi.a970f52a-82c3-407b-a655-c29f5e1d13a9/none_v3" 201 - "PUT http://localhost:8080/v1/AUTH_3d58405511e14ef397d27a04aabe13a3/gnocchi.a970f52a-82c3-407b-a655-c29f5e1d13a9/none_v3" "tx9d3c38e541d54d88a7c26-00692dbbc0" "proxy-server 12" 0.0102 "-" 21 0
Dec 1 16:01:04 standalone proxy-server[125787]: 172.18.0.2 ::1 01/Dec/2025/16/01/04 PUT /v1/AUTH_3d58405511e14ef397d27a04aabe13a3/gnocchi.a970f52a-82c3-407b-a655-c29f5e1d13a9/none_v3 HTTP/1.0 201 - python-swiftclient-3.11.1 gAAAAABpLbsIGd3W... 22 - - tx9d3c38e541d54d88a7c26-00692dbbc0 - 0.0154 - - 1764604864.889378309 1764604864.904729605 0
Dec 1 16:01:04 standalone container-server[123820]: 172.20.0.100 - - [01/Dec/2025:16:01:04 +0000] "HEAD /d1/893/AUTH_3d58405511e14ef397d27a04aabe13a3/gnocchi.816b8844-729c-4a34-a05d-b9976e16fc3e" 404 - "HEAD http://localhost:8080/v1/AUTH_3d58405511e14ef397d27a04aabe13a3/gnocchi.816b8844-729c-4a34-a05d-b9976e16fc3e?format=json&states=listing" "tx33f103e5cdec48ffbb309-00692dbbc0" "proxy-server 12" 0.0003 "-" 17 0
Dec 1 16:01:04 standalone object-server[124081]: 172.20.0.100 - - [01/Dec/2025:16:01:04 +0000] "GET /d1/292/AUTH_3d58405511e14ef397d27a04aabe13a3/gnocchi.816b8844-729c-4a34-a05d-b9976e16fc3e/none_v3" 404 70 "GET http://localhost:8080/v1/AUTH_3d58405511e14ef397d27a04aabe13a3/gnocchi.816b8844-729c-4a34-a05d-b9976e16fc3e/none_v3" "tx33f103e5cdec48ffbb309-00692dbbc0" "proxy-server 12" 0.0005 "-" 20 0
Dec 1 16:01:04 standalone proxy-server[125787]: 172.18.0.2 ::1 01/Dec/2025/16/01/04 GET /v1/AUTH_3d58405511e14ef397d27a04aabe13a3/gnocchi.816b8844-729c-4a34-a05d-b9976e16fc3e/none_v3 HTTP/1.0 404 - python-swiftclient-3.11.1 gAAAAABpLbsIGd3W... - 70 - tx33f103e5cdec48ffbb309-00692dbbc0 - 0.0144 - - 1764604864.919148207 1764604864.933505535 0
Dec 1 16:01:04 standalone account-server[123853]: 172.20.0.100 - - [01/Dec/2025:16:01:04 +0000] "PUT /d1/660/AUTH_3d58405511e14ef397d27a04aabe13a3/gnocchi.816b8844-729c-4a34-a05d-b9976e16fc3e" 201 - "PUT http://172.20.0.100:6001/d1/893/AUTH_3d58405511e14ef397d27a04aabe13a3/gnocchi.816b8844-729c-4a34-a05d-b9976e16fc3e" "txbb4b93564e91477d89df0-00692dbbc0" "container-server 16" 0.0050 "-" 23 0
Dec 1 16:01:04 standalone container-server[123806]: 172.20.0.100 - - [01/Dec/2025:16:01:04 +0000] "PUT /d1/893/AUTH_3d58405511e14ef397d27a04aabe13a3/gnocchi.816b8844-729c-4a34-a05d-b9976e16fc3e" 201 - "PUT http://localhost:8080/v1/AUTH_3d58405511e14ef397d27a04aabe13a3/gnocchi.816b8844-729c-4a34-a05d-b9976e16fc3e" "txbb4b93564e91477d89df0-00692dbbc0" "proxy-server 12" 0.0156 "-" 16 0
Dec 1 16:01:04 standalone proxy-server[125787]: 172.18.0.2 ::1 01/Dec/2025/16/01/04 PUT /v1/AUTH_3d58405511e14ef397d27a04aabe13a3/gnocchi.816b8844-729c-4a34-a05d-b9976e16fc3e HTTP/1.0 201 - python-swiftclient-3.11.1 gAAAAABpLbsIGd3W... - - - txbb4b93564e91477d89df0-00692dbbc0 - 0.0223 - - 1764604864.936770201 1764604864.959081650 0
Dec 1 16:01:04 standalone container-server[123790]: 172.20.0.100 - - [01/Dec/2025:16:01:04 +0000] "HEAD /d1/893/AUTH_3d58405511e14ef397d27a04aabe13a3/gnocchi.816b8844-729c-4a34-a05d-b9976e16fc3e" 204 - "HEAD http://localhost:8080/v1/AUTH_3d58405511e14ef397d27a04aabe13a3/gnocchi.816b8844-729c-4a34-a05d-b9976e16fc3e?format=json&states=listing" "tx76f5c596aedd413c99ecb-00692dbbc0" "proxy-server 12" 0.0025 "-" 14 0
Dec 1 16:01:04 standalone proxy-server[125787]: - - 01/Dec/2025/16/01/04 HEAD /v1/AUTH_3d58405511e14ef397d27a04aabe13a3/gnocchi.816b8844-729c-4a34-a05d-b9976e16fc3e%3Fformat%3Djson%26states%3Dlisting HTTP/1.0 204 - Swift - - - - tx76f5c596aedd413c99ecb-00692dbbc0 - 0.0074 RL - 1764604864.967184305 1764604864.974586010 0
Dec 1 16:01:04 standalone container-server[123806]: 172.20.0.100 - - [01/Dec/2025:16:01:04 +0000] "GET /d1/893/AUTH_3d58405511e14ef397d27a04aabe13a3/gnocchi.816b8844-729c-4a34-a05d-b9976e16fc3e" 200 2 "GET http://localhost:8080/v1/AUTH_3d58405511e14ef397d27a04aabe13a3/gnocchi.816b8844-729c-4a34-a05d-b9976e16fc3e?format=json&states=listing" "tx76f5c596aedd413c99ecb-00692dbbc0" "proxy-server 12" 0.0029 "-" 16 0
Dec 1 16:01:04 standalone proxy-server[125787]: 172.18.0.2 ::1 01/Dec/2025/16/01/04 GET /v1/AUTH_3d58405511e14ef397d27a04aabe13a3/gnocchi.816b8844-729c-4a34-a05d-b9976e16fc3e%3Fformat%3Djson%26states%3Dlisting HTTP/1.0 200 - python-swiftclient-3.11.1 gAAAAABpLbsIGd3W... - 2 - tx76f5c596aedd413c99ecb-00692dbbc0 - 0.0201 - - 1764604864.965615034 1764604864.985738993 0
Dec 1 16:01:04 standalone object-server[124085]: 172.20.0.100 - - [01/Dec/2025:16:01:04 +0000] "GET /d1/920/AUTH_3d58405511e14ef397d27a04aabe13a3/gnocchi.816b8844-729c-4a34-a05d-b9976e16fc3e/1763640000.0_mean_300.0_v3" 404 70 "GET http://localhost:8080/v1/AUTH_3d58405511e14ef397d27a04aabe13a3/gnocchi.816b8844-729c-4a34-a05d-b9976e16fc3e/1763640000.0_mean_300.0_v3" "tx45feab9fce4e4d27a4a28-00692dbbc0" "proxy-server 12" 0.0005 "-" 22 0
Dec 1 16:01:05 standalone proxy-server[125787]: 172.18.0.2 ::1 01/Dec/2025/16/01/05 GET /v1/AUTH_3d58405511e14ef397d27a04aabe13a3/gnocchi.816b8844-729c-4a34-a05d-b9976e16fc3e/1763640000.0_mean_300.0_v3 HTTP/1.0 404 - python-swiftclient-3.11.1 gAAAAABpLbsIGd3W... - 70 - tx45feab9fce4e4d27a4a28-00692dbbc0 - 0.0096 - - 1764604864.991740704 1764604865.001368999 0
Dec 1 16:01:05 standalone container-server[123790]: 172.20.0.100 - - [01/Dec/2025:16:01:05 +0000] "PUT /d1/893/AUTH_3d58405511e14ef397d27a04aabe13a3/gnocchi.816b8844-729c-4a34-a05d-b9976e16fc3e/1763640000.0_mean_300.0_v3" 201 - "PUT http://localhost:8080/d1/920/AUTH_3d58405511e14ef397d27a04aabe13a3/gnocchi.816b8844-729c-4a34-a05d-b9976e16fc3e/1763640000.0_mean_300.0_v3" "txd3340e2fb002462498fb6-00692dbbc1" "object-server 21" 0.0008 "-" 14 0
Dec 1 16:01:05 standalone object-server[124083]: 172.20.0.100 - - [01/Dec/2025:16:01:05 +0000] "PUT /d1/920/AUTH_3d58405511e14ef397d27a04aabe13a3/gnocchi.816b8844-729c-4a34-a05d-b9976e16fc3e/1763640000.0_mean_300.0_v3" 201 - "PUT http://localhost:8080/v1/AUTH_3d58405511e14ef397d27a04aabe13a3/gnocchi.816b8844-729c-4a34-a05d-b9976e16fc3e/1763640000.0_mean_300.0_v3" "txd3340e2fb002462498fb6-00692dbbc1" "proxy-server 12" 0.0124 "-" 21 0
Dec 1 16:01:05 standalone proxy-server[125787]: 172.18.0.2 ::1 01/Dec/2025/16/01/05 PUT /v1/AUTH_3d58405511e14ef397d27a04aabe13a3/gnocchi.816b8844-729c-4a34-a05d-b9976e16fc3e/1763640000.0_mean_300.0_v3 HTTP/1.0 201 - python-swiftclient-3.11.1 gAAAAABpLbsIGd3W... 16 - - txd3340e2fb002462498fb6-00692dbbc1 - 0.0255 - - 1764604865.006299496 1764604865.031792879 0
Dec 1 16:01:05 standalone container-server[123806]: 172.20.0.100 - - [01/Dec/2025:16:01:05 +0000] "PUT /d1/893/AUTH_3d58405511e14ef397d27a04aabe13a3/gnocchi.816b8844-729c-4a34-a05d-b9976e16fc3e/none_v3" 201 - "PUT http://localhost:8080/d1/292/AUTH_3d58405511e14ef397d27a04aabe13a3/gnocchi.816b8844-729c-4a34-a05d-b9976e16fc3e/none_v3" "txe16a9794d06a4ae6820b6-00692dbbc1" "object-server 20" 0.0010 "-" 16 0
