Dec 1 15:46:06 standalone account-server[123225]: Starting 2
Dec 1 15:46:06 standalone container-server[123476]: Option allow_versions is deprecated. Configure the versioned_writes middleware in the proxy-server instead. This option will be ignored in a future release.
Dec 1 15:46:06 standalone container-server[123790]: Option allow_versions is deprecated. Configure the versioned_writes middleware in the proxy-server instead. This option will be ignored in a future release.
Dec 1 15:46:06 standalone container-server[123476]: Started child 14 from parent 2
Dec 1 15:46:06 standalone container-server[123795]: Option allow_versions is deprecated. Configure the versioned_writes middleware in the proxy-server instead. This option will be ignored in a future release.
Dec 1 15:46:06 standalone container-server[123476]: Started child 15 from parent 2
Dec 1 15:46:07 standalone container-server[123806]: Option allow_versions is deprecated. Configure the versioned_writes middleware in the proxy-server instead. This option will be ignored in a future release.
Dec 1 15:46:07 standalone container-server[123476]: Started child 16 from parent 2
Dec 1 15:46:07 standalone container-server[123820]: Option allow_versions is deprecated. Configure the versioned_writes middleware in the proxy-server instead. This option will be ignored in a future release.
Dec 1 15:46:07 standalone container-server[123476]: Started child 17 from parent 2
Dec 1 15:46:07 standalone account-server[123500]: Started child 20 from parent 2
Dec 1 15:46:07 standalone account-server[123500]: Started child 21 from parent 2
Dec 1 15:46:07 standalone account-server[123500]: Started child 22 from parent 2
Dec 1 15:46:07 standalone account-server[123500]: Started child 23 from parent 2
Dec 1 15:46:07 standalone container-server[123621]: Starting 2
Dec 1 15:46:07 standalone object-expirer[123693]: Starting 2
Dec 1 15:46:07 standalone object-expirer[123693]: Option auto_create_account_prefix is deprecated. Configure auto_create_account_prefix under the swift-constraints section of swift.conf. This option will be ignored in a future release.
Dec 1 15:46:07 standalone object-server[123981]: Starting 2
Dec 1 15:46:08 standalone object-server[123961]: Started child 19 from parent 2
Dec 1 15:46:08 standalone object-server[123961]: Started child 20 from parent 2
Dec 1 15:46:08 standalone object-server[123961]: Started child 21 from parent 2
Dec 1 15:46:08 standalone object-server[123961]: Started child 22 from parent 2
Dec 1 15:46:14 standalone proxy-server[125624]: Starting Keystone auth_token middleware
Dec 1 15:46:14 standalone proxy-server[125624]: AuthToken middleware is set with keystone_authtoken.service_token_roles_required set to False. This is backwards compatible but deprecated behaviour. Please set this to True.
Dec 1 15:46:14 standalone proxy-server[125787]: Starting Keystone auth_token middleware
Dec 1 15:46:14 standalone proxy-server[125787]: STDERR: The option "bind_port" is not known to keystonemiddleware
Dec 1 15:46:14 standalone proxy-server[125787]: STDERR: The option "workers" is not known to keystonemiddleware
Dec 1 15:46:14 standalone proxy-server[125787]: STDERR: The option "user" is not known to keystonemiddleware
Dec 1 15:46:14 standalone proxy-server[125787]: STDERR: The option "bind_ip" is not known to keystonemiddleware
Dec 1 15:46:14 standalone proxy-server[125787]: STDERR: The option "log_name" is not known to keystonemiddleware
Dec 1 15:46:14 standalone proxy-server[125787]: STDERR: The option "log_facility" is not known to keystonemiddleware
Dec 1 15:46:14 standalone proxy-server[125787]: STDERR: The option "log_level" is not known to keystonemiddleware
Dec 1 15:46:14 standalone proxy-server[125787]: STDERR: The option "log_headers" is not known to keystonemiddleware
Dec 1 15:46:14 standalone proxy-server[125787]: STDERR: The option "log_address" is not known to keystonemiddleware
Dec 1 15:46:14 standalone proxy-server[125787]: STDERR: The option "project_name" is not known to keystonemiddleware
Dec 1 15:46:14 standalone proxy-server[125787]: STDERR: The option "username" is not known to keystonemiddleware
Dec 1 15:46:14 standalone proxy-server[125787]: STDERR: The option "password" is not known to keystonemiddleware
Dec 1 15:46:14 standalone proxy-server[125787]: STDERR: The option "auth_url" is not known to keystonemiddleware
Dec 1 15:46:14 standalone proxy-server[125787]: STDERR: The option "signing_dir" is not known to keystonemiddleware
Dec 1 15:46:14 standalone proxy-server[125787]: STDERR: The option "project_domain_id" is not known to keystonemiddleware
Dec 1 15:46:14 standalone proxy-server[125787]: STDERR: The option "user_domain_id" is not known to keystonemiddleware
Dec 1 15:46:14 standalone proxy-server[125787]: STDERR: The option "__name__" is not known to keystonemiddleware
Dec 1 15:46:14 standalone proxy-server[125787]: AuthToken middleware is set with keystone_authtoken.service_token_roles_required set to False. This is backwards compatible but deprecated behaviour. Please set this to True.
Dec 1 15:46:14 standalone proxy-server[125624]: Started child 12 from parent 2
Dec 1 15:47:11 standalone object-server[123981]: Begin object update sweep
Dec 1 15:47:11 standalone object-server[132098]: Object update sweep starting on /srv/node/d1 (pid: 11)
Dec 1 15:47:11 standalone object-server[132098]: Object update sweep completed on /srv/node/d1 in 0.00s seconds:, 0 successes, 0 failures, 0 quarantines, 0 unlinks, 0 errors, 0 redirects (pid: 11)
Dec 1 15:47:11 standalone object-server[132098]: Object update sweep of d1 completed: 0.00s, 0 successes, 0 failures, 0 quarantines, 0 unlinks, 0 errors, 0 redirects
Dec 1 15:47:11 standalone object-server[123981]: Object update sweep completed: 0.08s
Dec 1 15:49:09 standalone account-server[123844]: 172.20.0.100 - - [01/Dec/2025:15:49:09 +0000] "HEAD /d1/143/.expiring_objects" 404 - "HEAD http://localhost/v1/.expiring_objects?format=json" "tx1668209fd0f54dc892607-00692db8f5" "proxy-server 2" 0.0016 "-" 21 -
Dec 1 15:49:09 standalone object-expirer[123693]: Pass completed in 0s; 0 objects expired (txn: tx1668209fd0f54dc892607-00692db8f5)
Dec 1 15:49:34 standalone container-server[123621]: Begin container update sweep
Dec 1 15:49:34 standalone container-server[123621]: Container update sweep completed: 0.00s
Dec 1 15:50:12 standalone account-server[123853]: 172.20.0.100 - - [01/Dec/2025:15:50:12 +0000] "HEAD /d1/143/.expiring_objects" 404 - "HEAD http://localhost/v1/.expiring_objects?format=json" "tx05564c58685c4a1e90692-00692db934" "proxy-server 2" 0.0019 "-" 23 -
Dec 1 15:50:12 standalone object-expirer[123693]: Pass completed in 0s; 0 objects expired (txn: tx05564c58685c4a1e90692-00692db934)
Dec 1 15:52:11 standalone object-server[123981]: Begin object update sweep
Dec 1 15:52:11 standalone object-server[166780]: Object update sweep starting on /srv/node/d1 (pid: 13)
Dec 1 15:52:11 standalone object-server[166780]: Object update sweep completed on /srv/node/d1 in 0.00s seconds:, 0 successes, 0 failures, 0 quarantines, 0 unlinks, 0 errors, 0 redirects (pid: 13)
Dec 1 15:52:11 standalone object-server[166780]: Object update sweep of d1 completed: 0.00s, 0 successes, 0 failures, 0 quarantines, 0 unlinks, 0 errors, 0 redirects
Dec 1 15:52:11 standalone object-server[123981]: Object update sweep completed: 0.11s
Dec 1 15:52:49 standalone account-server[123844]: 172.20.0.100 - - [01/Dec/2025:15:52:49 +0000] "HEAD /d1/660/AUTH_3d58405511e14ef397d27a04aabe13a3" 404 - "HEAD http://localhost:8080/v1/AUTH_3d58405511e14ef397d27a04aabe13a3?format=json" "txe17fa44ff5db4c3794262-00692db9d1" "proxy-server 12" 0.0010 "-" 21 -
Dec 1 15:52:49 standalone proxy-server[125787]: - - 01/Dec/2025/15/52/49 HEAD /v1/AUTH_3d58405511e14ef397d27a04aabe13a3%3Fformat%3Djson HTTP/1.0 200 - Swift - - - - txe17fa44ff5db4c3794262-00692db9d1 - 0.0110 RL - 1764604369.977106333 1764604369.988057137 -
Dec 1 15:52:50 standalone proxy-server[125787]: 172.18.0.2 ::1 01/Dec/2025/15/52/50 HEAD /v1/AUTH_3d58405511e14ef397d27a04aabe13a3/glance%3Fformat%3Djson HTTP/1.0 404 - python-swiftclient-3.11.1 gAAAAABpLbnREs42... - - - txe17fa44ff5db4c3794262-00692db9d1 - 0.4425 - - 1764604369.967048168 1764604370.409596920 -
Dec 1 15:52:50 standalone account-server[123853]: 172.20.0.100 - - [01/Dec/2025:15:52:50 +0000] "PUT /d1/660/AUTH_3d58405511e14ef397d27a04aabe13a3" 201 - "-" "tx91b7d302dc1b43bcaffea-00692db9d2" "-" 0.0213 "-" 23 -
Dec 1 15:52:50 standalone proxy-server[125787]: autocreate account '/AUTH_3d58405511e14ef397d27a04aabe13a3' (txn: tx91b7d302dc1b43bcaffea-00692db9d2)
Dec 1 15:52:50 standalone account-server[123851]: 172.20.0.100 - - [01/Dec/2025:15:52:50 +0000] "HEAD /d1/660/AUTH_3d58405511e14ef397d27a04aabe13a3" 204 - "HEAD http://localhost:8080/v1/AUTH_3d58405511e14ef397d27a04aabe13a3?format=json" "tx91b7d302dc1b43bcaffea-00692db9d2" "proxy-server 12" 0.0048 "-" 22 -
Dec 1 15:52:50 standalone account-server[123844]: 172.20.0.100 - - [01/Dec/2025:15:52:50 +0000] "PUT /d1/660/AUTH_3d58405511e14ef397d27a04aabe13a3/glance" 201 - "PUT http://172.20.0.100:6001/d1/332/AUTH_3d58405511e14ef397d27a04aabe13a3/glance" "tx91b7d302dc1b43bcaffea-00692db9d2" "container-server 15" 0.0025 "-" 21 0
Dec 1 15:52:50 standalone container-server[123795]: 172.20.0.100 - - [01/Dec/2025:15:52:50 +0000] "PUT /d1/332/AUTH_3d58405511e14ef397d27a04aabe13a3/glance" 201 - "PUT http://localhost:8080/v1/AUTH_3d58405511e14ef397d27a04aabe13a3/glance" "tx91b7d302dc1b43bcaffea-00692db9d2" "proxy-server 12" 0.0323 "-" 15 0
Dec 1 15:52:50 standalone proxy-server[125787]: 172.18.0.2 ::1 01/Dec/2025/15/52/50 PUT /v1/AUTH_3d58405511e14ef397d27a04aabe13a3/glance HTTP/1.0 201 - python-swiftclient-3.11.1 gAAAAABpLbnREs42... - - - tx91b7d302dc1b43bcaffea-00692db9d2 - 0.0757 - - 1764604370.419073820 1764604370.494745016 0
Dec 1 15:52:50 standalone container-server[123790]: 172.20.0.100 - - [01/Dec/2025:15:52:50 +0000] "HEAD /d1/332/AUTH_3d58405511e14ef397d27a04aabe13a3/glance" 204 - "HEAD http://localhost:8080/v1/AUTH_3d58405511e14ef397d27a04aabe13a3/glance?format=json&states=listing" "tx0e064b0248294ad3a73aa-00692db9d2" "proxy-server 12" 0.0028 "-" 14 0
Dec 1 15:52:50 standalone proxy-server[125787]: - - 01/Dec/2025/15/52/50 HEAD /v1/AUTH_3d58405511e14ef397d27a04aabe13a3/glance%3Fformat%3Djson%26states%3Dlisting HTTP/1.0 204 - Swift - - - - tx0e064b0248294ad3a73aa-00692db9d2 - 0.0115 RL - 1764604370.511530399 1764604370.523029327 0
Dec 1 15:53:09 standalone container-server[123795]: 172.20.0.100 - - [01/Dec/2025:15:53:09 +0000] "PUT /d1/332/AUTH_3d58405511e14ef397d27a04aabe13a3/glance/d6de9041-725f-46c3-aa10-b1d81d378f5e" 201 - "PUT http://localhost:8080/d1/1011/AUTH_3d58405511e14ef397d27a04aabe13a3/glance/d6de9041-725f-46c3-aa10-b1d81d378f5e" "tx0e064b0248294ad3a73aa-00692db9d2" "object-server 19" 0.0016 "-" 15 0
Dec 1 15:53:09 standalone object-server[124073]: 172.20.0.100 - - [01/Dec/2025:15:53:09 +0000] "PUT /d1/1011/AUTH_3d58405511e14ef397d27a04aabe13a3/glance/d6de9041-725f-46c3-aa10-b1d81d378f5e" 201 - "PUT http://localhost:8080/v1/AUTH_3d58405511e14ef397d27a04aabe13a3/glance/d6de9041-725f-46c3-aa10-b1d81d378f5e" "tx0e064b0248294ad3a73aa-00692db9d2" "proxy-server 12" 18.8385 "-" 19 0
Dec 1 15:53:09 standalone proxy-server[125787]: 172.18.0.2 ::1 01/Dec/2025/15/53/09 PUT /v1/AUTH_3d58405511e14ef397d27a04aabe13a3/glance/d6de9041-725f-46c3-aa10-b1d81d378f5e HTTP/1.0 201 - python-swiftclient-3.11.1 gAAAAABpLbnREs42... 1472724992 - - tx0e064b0248294ad3a73aa-00692db9d2 - 18.8699 - - 1764604370.502162933 1764604389.372025251 0
Dec 1 15:54:34 standalone container-server[123621]: Begin container update sweep
Dec 1 15:54:34 standalone account-server[123844]: 172.20.0.100 - - [01/Dec/2025:15:54:34 +0000] "PUT /d1/660/AUTH_3d58405511e14ef397d27a04aabe13a3/glance" 201 - "-" "-" "container-updater 2" 0.0014 "-" 21 0
Dec 1 15:54:34 standalone container-server[123621]: Container update sweep completed: 0.11s
Dec 1 15:54:35 standalone account-server[123851]: 172.20.0.100 - - [01/Dec/2025:15:54:35 +0000] "HEAD /d1/143/.expiring_objects" 404 - "HEAD http://localhost/v1/.expiring_objects?format=json" "tx00528fcd42234815b9eb0-00692dba3b" "proxy-server 2" 0.0008 "-" 22 -
Dec 1 15:54:35 standalone object-expirer[123693]: Pass completed in 0s; 0 objects expired (txn: tx00528fcd42234815b9eb0-00692dba3b)
Dec 1 15:55:35 standalone account-server[123853]: 172.20.0.100 - - [01/Dec/2025:15:55:35 +0000] "HEAD /d1/143/.expiring_objects" 404 - "HEAD http://localhost/v1/.expiring_objects?format=json" "tx601d9f75f4004ad791b67-00692dba77" "proxy-server 2" 0.0008 "-" 23 -
Dec 1 15:55:35 standalone object-expirer[123693]: Pass completed in 0s; 0 objects expired (txn: tx601d9f75f4004ad791b67-00692dba77)
Dec 1 15:57:11 standalone object-server[123981]: Begin object update sweep
Dec 1 15:57:11 standalone object-server[204315]: Object update sweep starting on /srv/node/d1 (pid: 14)
Dec 1 15:57:11 standalone object-server[204315]: Object update sweep completed on /srv/node/d1 in 0.00s seconds:, 0 successes, 0 failures, 0 quarantines, 0 unlinks, 0 errors, 0 redirects (pid: 14)
Dec 1 15:57:11 standalone object-server[204315]: Object update sweep of d1 completed: 0.00s, 0 successes, 0 failures, 0 quarantines, 0 unlinks, 0 errors, 0 redirects
Dec 1 15:57:11 standalone object-server[123981]: Object update sweep completed: 0.09s
Dec 1 15:57:56 standalone account-server[123839]: 172.20.0.100 - - [01/Dec/2025:15:57:56 +0000] "HEAD /d1/660/AUTH_3d58405511e14ef397d27a04aabe13a3" 204 - "HEAD http://localhost:8080/v1/AUTH_3d58405511e14ef397d27a04aabe13a3?format=json" "tx8276e59441214d7691468-00692dbb04" "proxy-server 12" 0.0079 "-" 20 -
Dec 1 15:57:56 standalone proxy-server[125787]: - - 01/Dec/2025/15/57/56 HEAD /v1/AUTH_3d58405511e14ef397d27a04aabe13a3%3Fformat%3Djson HTTP/1.0 204 - Swift - - - - tx8276e59441214d7691468-00692dbb04 - 0.0133 RL - 1764604676.616246223 1764604676.629502535 -
Dec 1 15:57:56 standalone container-server[123790]: 172.20.0.100 - - [01/Dec/2025:15:57:56 +0000] "HEAD /d1/332/AUTH_3d58405511e14ef397d27a04aabe13a3/glance" 204 - "HEAD http://localhost:8080/v1/AUTH_3d58405511e14ef397d27a04aabe13a3/glance?format=json&states=listing" "tx8276e59441214d7691468-00692dbb04" "proxy-server 12" 0.0026 "-" 14 0
Dec 1 15:57:56 standalone proxy-server[125787]: 172.18.0.2 ::1 01/Dec/2025/15/57/56 HEAD /v1/AUTH_3d58405511e14ef397d27a04aabe13a3/glance%3Fformat%3Djson%26states%3Dlisting HTTP/1.0 204 - python-swiftclient-3.11.1 gAAAAABpLbsEl-4K... - - - tx8276e59441214d7691468-00692dbb04 - 0.1100 - - 1764604676.614916563 1764604676.724889755 0
Dec 1 15:57:59 standalone container-server[123790]: 172.20.0.100 - - [01/Dec/2025:15:57:59 +0000] "PUT /d1/332/AUTH_3d58405511e14ef397d27a04aabe13a3/glance/027afc57-9329-416a-894c-019fd9c3761f-00001" 201 - "PUT http://localhost:8080/d1/762/AUTH_3d58405511e14ef397d27a04aabe13a3/glance/027afc57-9329-416a-894c-019fd9c3761f-00001" "txd72a4a5f0fd64145ae867-00692dbb04" "object-server 19" 0.0008 "-" 14 0
Dec 1 15:57:59 standalone object-server[124073]: 172.20.0.100 - - [01/Dec/2025:15:57:59 +0000] "PUT /d1/762/AUTH_3d58405511e14ef397d27a04aabe13a3/glance/027afc57-9329-416a-894c-019fd9c3761f-00001" 201 - "PUT http://localhost:8080/v1/AUTH_3d58405511e14ef397d27a04aabe13a3/glance/027afc57-9329-416a-894c-019fd9c3761f-00001" "txd72a4a5f0fd64145ae867-00692dbb04" "proxy-server 12" 2.7436 "-" 19 0
Dec 1 15:57:59 standalone proxy-server[125787]: 172.18.0.2 ::1 01/Dec/2025/15/57/59 PUT /v1/AUTH_3d58405511e14ef397d27a04aabe13a3/glance/027afc57-9329-416a-894c-019fd9c3761f-00001 HTTP/1.0 201 - python-swiftclient-3.11.1 gAAAAABpLbsEl-4K... 21692416 - - txd72a4a5f0fd64145ae867-00692dbb04 - 2.7559 - - 1764604676.730330944 1764604679.486222506 0
Dec 1 15:57:59 standalone container-server[123820]: 172.20.0.100 - - [01/Dec/2025:15:57:59 +0000] "PUT /d1/332/AUTH_3d58405511e14ef397d27a04aabe13a3/glance/027afc57-9329-416a-894c-019fd9c3761f" 201 - "PUT http://localhost:8080/d1/619/AUTH_3d58405511e14ef397d27a04aabe13a3/glance/027afc57-9329-416a-894c-019fd9c3761f" "tx34d63823dcec43ff9d4d4-00692dbb07" "object-server 19" 0.0024 "-" 17 0
Dec 1 15:57:59 standalone object-server[124073]: 172.20.0.100 - - [01/Dec/2025:15:57:59 +0000] "PUT /d1/619/AUTH_3d58405511e14ef397d27a04aabe13a3/glance/027afc57-9329-416a-894c-019fd9c3761f" 201 - "PUT http://localhost:8080/v1/AUTH_3d58405511e14ef397d27a04aabe13a3/glance/027afc57-9329-416a-894c-019fd9c3761f" "tx34d63823dcec43ff9d4d4-00692dbb07" "proxy-server 12" 0.0131 "-" 19 0
Dec 1 15:57:59 standalone proxy-server[125787]: 172.18.0.2 ::1 01/Dec/2025/15/57/59 PUT /v1/AUTH_3d58405511e14ef397d27a04aabe13a3/glance/027afc57-9329-416a-894c-019fd9c3761f HTTP/1.0 201 - python-swiftclient-3.11.1 gAAAAABpLbsEl-4K... - - - tx34d63823dcec43ff9d4d4-00692dbb07 - 0.0207 - - 1764604679.492635489 1764604679.513383389 0
Dec 1 15:58:00 standalone container-server[123820]: 172.20.0.100 - - [01/Dec/2025:15:58:00 +0000] "HEAD /d1/577/AUTH_3d58405511e14ef397d27a04aabe13a3/gnocchi.80a9f38d-cc9b-4ce3-ae6b-858bcb95eda1" 404 - "HEAD http://localhost:8080/v1/AUTH_3d58405511e14ef397d27a04aabe13a3/gnocchi.80a9f38d-cc9b-4ce3-ae6b-858bcb95eda1?format=json&states=listing" "tx077dc2cd2ba3458eb075d-00692dbb08" "proxy-server 12" 0.0016 "-" 17 0
Dec 1 15:58:00 standalone object-server[124073]: 172.20.0.100 - - [01/Dec/2025:15:58:00 +0000] "GET /d1/867/AUTH_3d58405511e14ef397d27a04aabe13a3/gnocchi.80a9f38d-cc9b-4ce3-ae6b-858bcb95eda1/none_v3" 404 70 "GET http://localhost:8080/v1/AUTH_3d58405511e14ef397d27a04aabe13a3/gnocchi.80a9f38d-cc9b-4ce3-ae6b-858bcb95eda1/none_v3" "tx077dc2cd2ba3458eb075d-00692dbb08" "proxy-server 12" 0.0009 "-" 19 0
Dec 1 15:58:00 standalone proxy-server[125787]: 172.18.0.2 ::1 01/Dec/2025/15/58/00 GET /v1/AUTH_3d58405511e14ef397d27a04aabe13a3/gnocchi.80a9f38d-cc9b-4ce3-ae6b-858bcb95eda1/none_v3 HTTP/1.0 404 - python-swiftclient-3.11.1 gAAAAABpLbsIGd3W... - 70 - tx077dc2cd2ba3458eb075d-00692dbb08 - 0.0667 - - 1764604680.167949200 1764604680.234638929 0
Dec 1 15:58:00 standalone account-server[123851]: 172.20.0.100 - - [01/Dec/2025:15:58:00 +0000] "PUT /d1/660/AUTH_3d58405511e14ef397d27a04aabe13a3/gnocchi.80a9f38d-cc9b-4ce3-ae6b-858bcb95eda1" 201 - "PUT http://172.20.0.100:6001/d1/577/AUTH_3d58405511e14ef397d27a04aabe13a3/gnocchi.80a9f38d-cc9b-4ce3-ae6b-858bcb95eda1" "tx808a7ee9da1f45a1888f1-00692dbb08" "container-server 15" 0.0017 "-" 22 0
Dec 1 15:58:00 standalone container-server[123795]: 172.20.0.100 - - [01/Dec/2025:15:58:00 +0000] "PUT /d1/577/AUTH_3d58405511e14ef397d27a04aabe13a3/gnocchi.80a9f38d-cc9b-4ce3-ae6b-858bcb95eda1" 201 - "PUT http://localhost:8080/v1/AUTH_3d58405511e14ef397d27a04aabe13a3/gnocchi.80a9f38d-cc9b-4ce3-ae6b-858bcb95eda1" "tx808a7ee9da1f45a1888f1-00692dbb08" "proxy-server 12" 0.0168 "-" 15 0
Dec 1 15:58:00 standalone proxy-server[125787]: 172.18.0.2 ::1 01/Dec/2025/15/58/00 PUT /v1/AUTH_3d58405511e14ef397d27a04aabe13a3/gnocchi.80a9f38d-cc9b-4ce3-ae6b-858bcb95eda1 HTTP/1.0 201 - python-swiftclient-3.11.1 gAAAAABpLbsIGd3W... - - - tx808a7ee9da1f45a1888f1-00692dbb08 - 0.0251 - - 1764604680.239029169 1764604680.264135122 0
Dec 1 15:58:00 standalone container-server[123795]: 172.20.0.100 - - [01/Dec/2025:15:58:00 +0000] "HEAD /d1/577/AUTH_3d58405511e14ef397d27a04aabe13a3/gnocchi.80a9f38d-cc9b-4ce3-ae6b-858bcb95eda1" 204 - "HEAD http://localhost:8080/v1/AUTH_3d58405511e14ef397d27a04aabe13a3/gnocchi.80a9f38d-cc9b-4ce3-ae6b-858bcb95eda1?format=json&states=listing" "tx4dcc096dbc85436a8e1ee-00692dbb08" "proxy-server 12" 0.0027 "-" 15 0
Dec 1 15:58:00 standalone proxy-server[125787]: - - 01/Dec/2025/15/58/00 HEAD /v1/AUTH_3d58405511e14ef397d27a04aabe13a3/gnocchi.80a9f38d-cc9b-4ce3-ae6b-858bcb95eda1%3Fformat%3Djson%26states%3Dlisting HTTP/1.0 204 - Swift - - - - tx4dcc096dbc85436a8e1ee-00692dbb08 - 0.0083 RL - 1764604680.272186041 1764604680.280531883 0
Dec 1 15:58:00 standalone container-server[123790]: 172.20.0.100 - - [01/Dec/2025:15:58:00 +0000] "GET /d1/577/AUTH_3d58405511e14ef397d27a04aabe13a3/gnocchi.80a9f38d-cc9b-4ce3-ae6b-858bcb95eda1" 200 2 "GET http://localhost:8080/v1/AUTH_3d58405511e14ef397d27a04aabe13a3/gnocchi.80a9f38d-cc9b-4ce3-ae6b-858bcb95eda1?format=json&states=listing" "tx4dcc096dbc85436a8e1ee-00692dbb08" "proxy-server 12" 0.0041 "-" 14 0
Dec 1 15:58:00 standalone proxy-server[125787]: 172.18.0.2 ::1 01/Dec/2025/15/58/00 GET /v1/AUTH_3d58405511e14ef397d27a04aabe13a3/gnocchi.80a9f38d-cc9b-4ce3-ae6b-858bcb95eda1%3Fformat%3Djson%26states%3Dlisting HTTP/1.0 200 - python-swiftclient-3.11.1 gAAAAABpLbsIGd3W... - 2 - tx4dcc096dbc85436a8e1ee-00692dbb08 - 0.0234 - - 1764604680.270543098 1764604680.293911219 0
Dec 1 15:58:00 standalone object-server[124085]: 172.20.0.100 - - [01/Dec/2025:15:58:00 +0000] "GET /d1/1011/AUTH_3d58405511e14ef397d27a04aabe13a3/gnocchi.80a9f38d-cc9b-4ce3-ae6b-858bcb95eda1/1763640000.0_mean_300.0_v3" 404 70 "GET http://localhost:8080/v1/AUTH_3d58405511e14ef397d27a04aabe13a3/gnocchi.80a9f38d-cc9b-4ce3-ae6b-858bcb95eda1/1763640000.0_mean_300.0_v3" "txfb2e47c5bc7e4d0e940d0-00692dbb08" "proxy-server 12" 0.0012 "-" 22 0
Dec 1 15:58:00 standalone proxy-server[125787]: 172.18.0.2 ::1 01/Dec/2025/15/58/00 GET /v1/AUTH_3d58405511e14ef397d27a04aabe13a3/gnocchi.80a9f38d-cc9b-4ce3-ae6b-858bcb95eda1/1763640000.0_mean_300.0_v3 HTTP/1.0 404 - python-swiftclient-3.11.1 gAAAAABpLbsIGd3W... - 70 - txfb2e47c5bc7e4d0e940d0-00692dbb08 - 0.0101 - - 1764604680.300119638 1764604680.310239077 0
Dec 1 15:58:00 standalone container-server[123820]: 172.20.0.100 - - [01/Dec/2025:15:58:00 +0000] "PUT /d1/577/AUTH_3d58405511e14ef397d27a04aabe13a3/gnocchi.80a9f38d-cc9b-4ce3-ae6b-858bcb95eda1/1763640000.0_mean_300.0_v3" 201 - "PUT http://localhost:8080/d1/1011/AUTH_3d58405511e14ef397d27a04aabe13a3/gnocchi.80a9f38d-cc9b-4ce3-ae6b-858bcb95eda1/1763640000.0_mean_300.0_v3" "tx2563a3403dd04d6ab6b63-00692dbb08" "object-server 19" 0.0011 "-" 17 0
Dec 1 15:58:00 standalone object-server[124073]: 172.20.0.100 - - [01/Dec/2025:15:58:00 +0000] "PUT /d1/1011/AUTH_3d58405511e14ef397d27a04aabe13a3/gnocchi.80a9f38d-cc9b-4ce3-ae6b-858bcb95eda1/1763640000.0_mean_300.0_v3" 201 - "PUT http://localhost:8080/v1/AUTH_3d58405511e14ef397d27a04aabe13a3/gnocchi.80a9f38d-cc9b-4ce3-ae6b-858bcb95eda1/1763640000.0_mean_300.0_v3" "tx2563a3403dd04d6ab6b63-00692dbb08" "proxy-server 12" 0.0133 "-" 19 0
Dec 1 15:58:00 standalone proxy-server[125787]: 172.18.0.2 ::1 01/Dec/2025/15/58/00 PUT /v1/AUTH_3d58405511e14ef397d27a04aabe13a3/gnocchi.80a9f38d-cc9b-4ce3-ae6b-858bcb95eda1/1763640000.0_mean_300.0_v3 HTTP/1.0 201 - python-swiftclient-3.11.1 gAAAAABpLbsIGd3W... 16 - - tx2563a3403dd04d6ab6b63-00692dbb08 - 0.0216 - - 1764604680.315065622 1764604680.336678505 0
Dec 1 15:58:00 standalone container-server[123820]: 172.20.0.100 - - [01/Dec/2025:15:58:00 +0000] "PUT /d1/577/AUTH_3d58405511e14ef397d27a04aabe13a3/gnocchi.80a9f38d-cc9b-4ce3-ae6b-858bcb95eda1/none_v3" 201 - "PUT http://localhost:8080/d1/867/AUTH_3d58405511e14ef397d27a04aabe13a3/gnocchi.80a9f38d-cc9b-4ce3-ae6b-858bcb95eda1/none_v3" "txba57f48182ab483e96f05-00692dbb08" "object-server 21" 0.0010 "-" 17 0
Dec 1 15:58:00 standalone object-server[124083]: 172.20.0.100 - - [01/Dec/2025:15:58:00 +0000] "PUT /d1/867/AUTH_3d58405511e14ef397d27a04aabe13a3/gnocchi.80a9f38d-cc9b-4ce3-ae6b-858bcb95eda1/none_v3" 201 - "PUT http://localhost:8080/v1/AUTH_3d58405511e14ef397d27a04aabe13a3/gnocchi.80a9f38d-cc9b-4ce3-ae6b-858bcb95eda1/none_v3" "txba57f48182ab483e96f05-00692dbb08" "proxy-server 12" 0.0406 "-" 21 0
Dec 1 15:58:00 standalone proxy-server[125787]: 172.18.0.2 ::1 01/Dec/2025/15/58/00 PUT /v1/AUTH_3d58405511e14ef397d27a04aabe13a3/gnocchi.80a9f38d-cc9b-4ce3-ae6b-858bcb95eda1/none_v3 HTTP/1.0 201 - python-swiftclient-3.11.1 gAAAAABpLbsIGd3W... 22 - - txba57f48182ab483e96f05-00692dbb08 - 0.0506 - - 1764604680.341367245 1764604680.391946316 0
Dec 1 15:58:29 standalone object-server[124085]: 172.20.0.100 - - [01/Dec/2025:15:58:29 +0000] "GET /d1/867/AUTH_3d58405511e14ef397d27a04aabe13a3/gnocchi.80a9f38d-cc9b-4ce3-ae6b-858bcb95eda1/none_v3" 200 22 "GET http://localhost:8080/v1/AUTH_3d58405511e14ef397d27a04aabe13a3/gnocchi.80a9f38d-cc9b-4ce3-ae6b-858bcb95eda1/none_v3" "tx5b0dbf3155864b908ab08-00692dbb25" "proxy-server 12" 0.0013 "-" 22 0
Dec 1 15:58:29 standalone proxy-server[125787]: 172.18.0.2 ::1 01/Dec/2025/15/58/29 GET /v1/AUTH_3d58405511e14ef397d27a04aabe13a3/gnocchi.80a9f38d-cc9b-4ce3-ae6b-858bcb95eda1/none_v3 HTTP/1.0 200 - python-swiftclient-3.11.1 gAAAAABpLbsIGd3W... - 22 - tx5b0dbf3155864b908ab08-00692dbb25 - 0.0323 - - 1764604709.912778378 1764604709.945080519 0
Dec 1 15:58:29 standalone container-server[123795]: 172.20.0.100 - - [01/Dec/2025:15:58:29 +0000] "GET /d1/577/AUTH_3d58405511e14ef397d27a04aabe13a3/gnocchi.80a9f38d-cc9b-4ce3-ae6b-858bcb95eda1" 200 357 "GET http://localhost:8080/v1/AUTH_3d58405511e14ef397d27a04aabe13a3/gnocchi.80a9f38d-cc9b-4ce3-ae6b-858bcb95eda1?format=json&states=listing" "tx85d1495290d1476897dbd-00692dbb25" "proxy-server 12" 0.0285 "-" 15 0
Dec 1 15:58:30 standalone proxy-server[125787]: 172.18.0.2 ::1 01/Dec/2025/15/58/30 GET /v1/AUTH_3d58405511e14ef397d27a04aabe13a3/gnocchi.80a9f38d-cc9b-4ce3-ae6b-858bcb95eda1%3Fformat%3Djson%26states%3Dlisting HTTP/1.0 200 - python-swiftclient-3.11.1 gAAAAABpLbsIGd3W... - 357 - tx85d1495290d1476897dbd-00692dbb25 - 0.0490 - - 1764604709.953256845 1764604710.002274513 0
Dec 1 15:58:30 standalone container-server[123795]: 172.20.0.100 - - [01/Dec/2025:15:58:30 +0000] "GET /d1/577/AUTH_3d58405511e14ef397d27a04aabe13a3/gnocchi.80a9f38d-cc9b-4ce3-ae6b-858bcb95eda1" 200 2 "GET http://localhost:8080/v1/AUTH_3d58405511e14ef397d27a04aabe13a3/gnocchi.80a9f38d-cc9b-4ce3-ae6b-858bcb95eda1?format=json&marker=none_v3&states=listing" "txc9269330a7744a499a679-00692dbb26" "proxy-server 12" 0.0026 "-" 15 0
Dec 1 15:58:30 standalone proxy-server[125787]: 172.18.0.2 ::1 01/Dec/2025/15/58/30 GET /v1/AUTH_3d58405511e14ef397d27a04aabe13a3/gnocchi.80a9f38d-cc9b-4ce3-ae6b-858bcb95eda1%3Fformat%3Djson%26marker%3Dnone_v3%26states%3Dlisting HTTP/1.0 200 - python-swiftclient-3.11.1 gAAAAABpLbsIGd3W... - 2 - txc9269330a7744a499a679-00692dbb26 - 0.0275 - - 1764604710.007952452 1764604710.035423756 0
Dec 1 15:58:30 standalone object-server[124083]: 172.20.0.100 - - [01/Dec/2025:15:58:30 +0000] "GET /d1/1011/AUTH_3d58405511e14ef397d27a04aabe13a3/gnocchi.80a9f38d-cc9b-4ce3-ae6b-858bcb95eda1/1763640000.0_mean_300.0_v3" 200 16 "GET http://localhost:8080/v1/AUTH_3d58405511e14ef397d27a04aabe13a3/gnocchi.80a9f38d-cc9b-4ce3-ae6b-858bcb95eda1/1763640000.0_mean_300.0_v3" "tx57955c6385b047cc87bc3-00692dbb26" "proxy-server 12" 0.0010 "-" 21 0
Dec 1 15:58:30 standalone proxy-server[125787]: 172.18.0.2 ::1 01/Dec/2025/15/58/30 GET /v1/AUTH_3d58405511e14ef397d27a04aabe13a3/gnocchi.80a9f38d-cc9b-4ce3-ae6b-858bcb95eda1/1763640000.0_mean_300.0_v3 HTTP/1.0 200 - python-swiftclient-3.11.1 gAAAAABpLbsIGd3W... - 16 - tx57955c6385b047cc87bc3-00692dbb26 - 0.0079 - - 1764604710.041319132 1764604710.049202204 0
Dec 1 15:58:30 standalone container-server[123806]: 172.20.0.100 - - [01/Dec/2025:15:58:30 +0000] "PUT /d1/577/AUTH_3d58405511e14ef397d27a04aabe13a3/gnocchi.80a9f38d-cc9b-4ce3-ae6b-858bcb95eda1/1763640000.0_mean_300.0_v3" 201 - "PUT http://localhost:8080/d1/1011/AUTH_3d58405511e14ef397d27a04aabe13a3/gnocchi.80a9f38d-cc9b-4ce3-ae6b-858bcb95eda1/1763640000.0_mean_300.0_v3" "tx305fe221f4224d23b21d8-00692dbb26" "object-server 20" 0.0013 "-" 16 0
Dec 1 15:58:30 standalone object-server[124081]: 172.20.0.100 - - [01/Dec/2025:15:58:30 +0000] "PUT /d1/1011/AUTH_3d58405511e14ef397d27a04aabe13a3/gnocchi.80a9f38d-cc9b-4ce3-ae6b-858bcb95eda1/1763640000.0_mean_300.0_v3" 201 - "PUT http://localhost:8080/v1/AUTH_3d58405511e14ef397d27a04aabe13a3/gnocchi.80a9f38d-cc9b-4ce3-ae6b-858bcb95eda1/1763640000.0_mean_300.0_v3" "tx305fe221f4224d23b21d8-00692dbb26" "proxy-server 12" 0.0291 "-" 20 0
Dec 1 15:58:30 standalone proxy-server[125787]: 172.18.0.2 ::1 01/Dec/2025/15/58/30 PUT /v1/AUTH_3d58405511e14ef397d27a04aabe13a3/gnocchi.80a9f38d-cc9b-4ce3-ae6b-858bcb95eda1/1763640000.0_mean_300.0_v3 HTTP/1.0 201 - python-swiftclient-3.11.1 gAAAAABpLbsIGd3W... 16 - - tx305fe221f4224d23b21d8-00692dbb26 - 0.0357 - - 1764604710.052330971 1764604710.088047266 0
Dec 1 15:58:30 standalone container-server[123806]: 172.20.0.100 - - [01/Dec/2025:15:58:30 +0000] "PUT /d1/577/AUTH_3d58405511e14ef397d27a04aabe13a3/gnocchi.80a9f38d-cc9b-4ce3-ae6b-858bcb95eda1/none_v3" 201 - "PUT http://localhost:8080/d1/867/AUTH_3d58405511e14ef397d27a04aabe13a3/gnocchi.80a9f38d-cc9b-4ce3-ae6b-858bcb95eda1/none_v3" "tx804cc0989ed8424ca8eb7-00692dbb26" "object-server 19" 0.0004 "-" 16 0
Dec 1 15:58:30 standalone object-server[124073]: 172.20.0.100 - - [01/Dec/2025:15:58:30 +0000] "PUT /d1/867/AUTH_3d58405511e14ef397d27a04aabe13a3/gnocchi.80a9f38d-cc9b-4ce3-ae6b-858bcb95eda1/none_v3" 201 - "PUT http://localhost:8080/v1/AUTH_3d58405511e14ef397d27a04aabe13a3/gnocchi.80a9f38d-cc9b-4ce3-ae6b-858bcb95eda1/none_v3" "tx804cc0989ed8424ca8eb7-00692dbb26" "proxy-server 12" 0.0157 "-" 19 0
Dec 1 15:58:30 standalone proxy-server[125787]: 172.18.0.2 ::1 01/Dec/2025/15/58/30 PUT /v1/AUTH_3d58405511e14ef397d27a04aabe13a3/gnocchi.80a9f38d-cc9b-4ce3-ae6b-858bcb95eda1/none_v3 HTTP/1.0 201 - python-swiftclient-3.11.1 gAAAAABpLbsIGd3W... 32 - - tx804cc0989ed8424ca8eb7-00692dbb26 - 0.0229 - - 1764604710.091313601 1764604710.114203453 0
Dec 1 15:59:02 standalone account-server[123839]: 172.20.0.100 - - [01/Dec/2025:15:59:02 +0000] "HEAD /d1/660/AUTH_3d58405511e14ef397d27a04aabe13a3" 204 - "HEAD http://localhost:8080/v1/AUTH_3d58405511e14ef397d27a04aabe13a3?format=json" "tx2d779d95fc6a4a6d9a91a-00692dbb46" "proxy-server 12" 0.0071 "-" 20 -
Dec 1 15:59:02 standalone proxy-server[125787]: - - 01/Dec/2025/15/59/02 HEAD /v1/AUTH_3d58405511e14ef397d27a04aabe13a3%3Fformat%3Djson HTTP/1.0 204 - Swift - - - - tx2d779d95fc6a4a6d9a91a-00692dbb46 - 0.0124 RL - 1764604742.386819601 1764604742.399236441 -
Dec 1 15:59:02 standalone container-server[123806]: 172.20.0.100 - - [01/Dec/2025:15:59:02 +0000] "HEAD /d1/332/AUTH_3d58405511e14ef397d27a04aabe13a3/glance" 204 - "HEAD http://localhost:8080/v1/AUTH_3d58405511e14ef397d27a04aabe13a3/glance?format=json&states=listing" "tx2d779d95fc6a4a6d9a91a-00692dbb46" "proxy-server 12" 0.0189 "-" 16 0
Dec 1 15:59:02 standalone object-server[124081]: 172.20.0.100 - - [01/Dec/2025:15:59:02 +0000] "GET /d1/619/AUTH_3d58405511e14ef397d27a04aabe13a3/glance/027afc57-9329-416a-894c-019fd9c3761f" 200 - "GET http://localhost:8080/v1/AUTH_3d58405511e14ef397d27a04aabe13a3/glance/027afc57-9329-416a-894c-019fd9c3761f" "tx2d779d95fc6a4a6d9a91a-00692dbb46" "proxy-server 12" 0.0013 "-" 20 0
Dec 1 15:59:02 standalone container-server[123795]: 172.20.0.100 - - [01/Dec/2025:15:59:02 +0000] "GET /d1/332/AUTH_3d58405511e14ef397d27a04aabe13a3/glance" 200 210 "GET http://localhost:8080/v1/AUTH_3d58405511e14ef397d27a04aabe13a3/glance?prefix=027afc57-9329-416a-894c-019fd9c3761f-&format=json&states=listing" "tx2d779d95fc6a4a6d9a91a-00692dbb46" "proxy-server 12" 0.0023 "-" 15 0
Dec 1 15:59:02 standalone proxy-server[125787]: - - 01/Dec/2025/15/59/02 GET /v1/AUTH_3d58405511e14ef397d27a04aabe13a3/glance%3Fprefix%3D027afc57-9329-416a-894c-019fd9c3761f-%26format%3Djson%26states%3Dlisting HTTP/1.0 200 - python-swiftclient-3.11.1%20DLO%20MultipartGET gAAAAABpLbtGRCj_... - 210 - tx2d779d95fc6a4a6d9a91a-00692dbb46 - 0.0065 DLO - 1764604742.505627871 1764604742.512159348 0
Dec 1 15:59:02 standalone object-server[124081]: 172.20.0.100 - - [01/Dec/2025:15:59:02 +0000] "GET /d1/762/AUTH_3d58405511e14ef397d27a04aabe13a3/glance/027afc57-9329-416a-894c-019fd9c3761f-00001" 200 21692416 "GET http://localhost:8080/v1/AUTH_3d58405511e14ef397d27a04aabe13a3/glance/027afc57-9329-416a-894c-019fd9c3761f-00001?multipart-manifest=get" "tx2d779d95fc6a4a6d9a91a-00692dbb46" "proxy-server 12" 0.0006 "-" 20 0
Dec 1 15:59:02 standalone proxy-server[125787]: - - 01/Dec/2025/15/59/02 GET /v1/AUTH_3d58405511e14ef397d27a04aabe13a3/glance/027afc57-9329-416a-894c-019fd9c3761f-00001%3Fmultipart-manifest%3Dget HTTP/1.0 200 - python-swiftclient-3.11.1%20%20DLO%20MultipartGET gAAAAABpLbtGRCj_... - 21692416 - tx2d779d95fc6a4a6d9a91a-00692dbb46 - 0.1348 DLO - 1764604742.512915611 1764604742.647701979 0
Dec 1 15:59:02 standalone proxy-server[125787]: 172.18.0.2 ::1 01/Dec/2025/15/59/02 GET /v1/AUTH_3d58405511e14ef397d27a04aabe13a3/glance/027afc57-9329-416a-894c-019fd9c3761f HTTP/1.0 200 - python-swiftclient-3.11.1 gAAAAABpLbtGRCj_... - 21692416 - tx2d779d95fc6a4a6d9a91a-00692dbb46 - 0.2624 - - 1764604742.385811090 1764604742.648200035 0
Dec 1 15:59:03 standalone container-server[123790]: 172.20.0.100 - - [01/Dec/2025:15:59:03 +0000] "HEAD /d1/238/AUTH_3d58405511e14ef397d27a04aabe13a3/gnocchi.6bdeae00-9065-401a-bfd4-fa82bf97802a" 404 - "HEAD http://localhost:8080/v1/AUTH_3d58405511e14ef397d27a04aabe13a3/gnocchi.6bdeae00-9065-401a-bfd4-fa82bf97802a?format=json&states=listing" "tx7b064b1649204c29b4393-00692dbb47" "proxy-server 12" 0.0006 "-" 14 0
Dec 1 15:59:03 standalone object-server[124085]: 172.20.0.100 - - [01/Dec/2025:15:59:03 +0000] "GET /d1/830/AUTH_3d58405511e14ef397d27a04aabe13a3/gnocchi.6bdeae00-9065-401a-bfd4-fa82bf97802a/none_v3" 404 70 "GET http://localhost:8080/v1/AUTH_3d58405511e14ef397d27a04aabe13a3/gnocchi.6bdeae00-9065-401a-bfd4-fa82bf97802a/none_v3" "tx7b064b1649204c29b4393-00692dbb47" "proxy-server 12" 0.0009 "-" 22 0
Dec 1 15:59:03 standalone proxy-server[125787]: 172.18.0.2 ::1 01/Dec/2025/15/59/03 GET /v1/AUTH_3d58405511e14ef397d27a04aabe13a3/gnocchi.6bdeae00-9065-401a-bfd4-fa82bf97802a/none_v3 HTTP/1.0 404 - python-swiftclient-3.11.1 gAAAAABpLbsIGd3W... - 70 - tx7b064b1649204c29b4393-00692dbb47 - 0.0154 - - 1764604743.350980043 1764604743.366363287 0
Dec 1 15:59:03 standalone account-server[123853]: 172.20.0.100 - - [01/Dec/2025:15:59:03 +0000] "PUT /d1/660/AUTH_3d58405511e14ef397d27a04aabe13a3/gnocchi.6bdeae00-9065-401a-bfd4-fa82bf97802a" 201 - "PUT http://172.20.0.100:6001/d1/238/AUTH_3d58405511e14ef397d27a04aabe13a3/gnocchi.6bdeae00-9065-401a-bfd4-fa82bf97802a" "tx45879ba4cfbd4d129c845-00692dbb47" "container-server 14" 0.0023 "-" 23 0
Dec 1 15:59:03 standalone container-server[123790]: 172.20.0.100 - - [01/Dec/2025:15:59:03 +0000] "PUT /d1/238/AUTH_3d58405511e14ef397d27a04aabe13a3/gnocchi.6bdeae00-9065-401a-bfd4-fa82bf97802a" 201 - "PUT http://localhost:8080/v1/AUTH_3d58405511e14ef397d27a04aabe13a3/gnocchi.6bdeae00-9065-401a-bfd4-fa82bf97802a" "tx45879ba4cfbd4d129c845-00692dbb47" "proxy-server 12" 0.0158 "-" 14 0
Dec 1 15:59:03 standalone proxy-server[125787]: 172.18.0.2 ::1 01/Dec/2025/15/59/03 PUT /v1/AUTH_3d58405511e14ef397d27a04aabe13a3/gnocchi.6bdeae00-9065-401a-bfd4-fa82bf97802a HTTP/1.0 201 - python-swiftclient-3.11.1 gAAAAABpLbsIGd3W... - - - tx45879ba4cfbd4d129c845-00692dbb47 - 0.0254 - - 1764604743.372045755 1764604743.397467375 0
Dec 1 15:59:03 standalone container-server[123795]: 172.20.0.100 - - [01/Dec/2025:15:59:03 +0000] "HEAD /d1/238/AUTH_3d58405511e14ef397d27a04aabe13a3/gnocchi.6bdeae00-9065-401a-bfd4-fa82bf97802a" 204 - "HEAD http://localhost:8080/v1/AUTH_3d58405511e14ef397d27a04aabe13a3/gnocchi.6bdeae00-9065-401a-bfd4-fa82bf97802a?format=json&states=listing" "txdc10b8949991464f8a662-00692dbb47" "proxy-server 12" 0.0014 "-" 15 0
Dec 1 15:59:03 standalone proxy-server[125787]: - - 01/Dec/2025/15/59/03 HEAD /v1/AUTH_3d58405511e14ef397d27a04aabe13a3/gnocchi.6bdeae00-9065-401a-bfd4-fa82bf97802a%3Fformat%3Djson%26states%3Dlisting HTTP/1.0 204 - Swift - - - - txdc10b8949991464f8a662-00692dbb47 - 0.0056 RL - 1764604743.405191660 1764604743.410786867 0
Dec 1 15:59:03 standalone container-server[123795]: 172.20.0.100 - - [01/Dec/2025:15:59:03 +0000] "GET /d1/238/AUTH_3d58405511e14ef397d27a04aabe13a3/gnocchi.6bdeae00-9065-401a-bfd4-fa82bf97802a" 200 2 "GET http://localhost:8080/v1/AUTH_3d58405511e14ef397d27a04aabe13a3/gnocchi.6bdeae00-9065-401a-bfd4-fa82bf97802a?format=json&states=listing" "txdc10b8949991464f8a662-00692dbb47" "proxy-server 12" 0.0022 "-" 15 0
Dec 1 15:59:03 standalone proxy-server[125787]: 172.18.0.2 ::1 01/Dec/2025/15/59/03 GET /v1/AUTH_3d58405511e14ef397d27a04aabe13a3/gnocchi.6bdeae00-9065-401a-bfd4-fa82bf97802a%3Fformat%3Djson%26states%3Dlisting HTTP/1.0 200 - python-swiftclient-3.11.1 gAAAAABpLbsIGd3W... - 2 - txdc10b8949991464f8a662-00692dbb47 - 0.0170 - - 1764604743.403638601 1764604743.420599222 0
Dec 1 15:59:03 standalone object-server[124081]: 172.20.0.100 - - [01/Dec/2025:15:59:03 +0000] "GET /d1/753/AUTH_3d58405511e14ef397d27a04aabe13a3/gnocchi.6bdeae00-9065-401a-bfd4-fa82bf97802a/1763640000.0_mean_300.0_v3" 404 70 "GET http://localhost:8080/v1/AUTH_3d58405511e14ef397d27a04aabe13a3/gnocchi.6bdeae00-9065-401a-bfd4-fa82bf97802a/1763640000.0_mean_300.0_v3" "tx51cb6dd7d48248ac8a951-00692dbb47" "proxy-server 12" 0.0006 "-" 20 0
Dec 1 15:59:03 standalone proxy-server[125787]: 172.18.0.2 ::1 01/Dec/2025/15/59/03 GET /v1/AUTH_3d58405511e14ef397d27a04aabe13a3/gnocchi.6bdeae00-9065-401a-bfd4-fa82bf97802a/1763640000.0_mean_300.0_v3 HTTP/1.0 404 - python-swiftclient-3.11.1 gAAAAABpLbsIGd3W... - 70 - tx51cb6dd7d48248ac8a951-00692dbb47 - 0.0090 - - 1764604743.427374363 1764604743.436370373 0
Dec 1 15:59:03 standalone container-server[123790]: 172.20.0.100 - - [01/Dec/2025:15:59:03 +0000] "PUT /d1/238/AUTH_3d58405511e14ef397d27a04aabe13a3/gnocchi.6bdeae00-9065-401a-bfd4-fa82bf97802a/1763640000.0_mean_300.0_v3" 201 - "PUT http://localhost:8080/d1/753/AUTH_3d58405511e14ef397d27a04aabe13a3/gnocchi.6bdeae00-9065-401a-bfd4-fa82bf97802a/1763640000.0_mean_300.0_v3" "txc8ed38970e8e4aeb8d1a7-00692dbb47" "object-server 19" 0.0005 "-" 14 0
Dec 1 15:59:03 standalone object-server[124073]: 172.20.0.100 - - [01/Dec/2025:15:59:03 +0000] "PUT /d1/753/AUTH_3d58405511e14ef397d27a04aabe13a3/gnocchi.6bdeae00-9065-401a-bfd4-fa82bf97802a/1763640000.0_mean_300.0_v3" 201 - "PUT http://localhost:8080/v1/AUTH_3d58405511e14ef397d27a04aabe13a3/gnocchi.6bdeae00-9065-401a-bfd4-fa82bf97802a/1763640000.0_mean_300.0_v3" "txc8ed38970e8e4aeb8d1a7-00692dbb47" "proxy-server 12" 0.0114 "-" 19 0
Dec 1 15:59:03 standalone proxy-server[125787]: 172.18.0.2 ::1 01/Dec/2025/15/59/03 PUT /v1/AUTH_3d58405511e14ef397d27a04aabe13a3/gnocchi.6bdeae00-9065-401a-bfd4-fa82bf97802a/1763640000.0_mean_300.0_v3 HTTP/1.0 201 - python-swiftclient-3.11.1 gAAAAABpLbsIGd3W... 16 - - txc8ed38970e8e4aeb8d1a7-00692dbb47 - 0.0202 - - 1764604743.442358494 1764604743.462513447 0
Dec 1 15:59:03 standalone container-server[123820]: 172.20.0.100 - - [01/Dec/2025:15:59:03 +0000] "PUT /d1/238/AUTH_3d58405511e14ef397d27a04aabe13a3/gnocchi.6bdeae00-9065-401a-bfd4-fa82bf97802a/none_v3" 201 - "PUT http://localhost:8080/d1/830/AUTH_3d58405511e14ef397d27a04aabe13a3/gnocchi.6bdeae00-9065-401a-bfd4-fa82bf97802a/none_v3" "tx0c59ddaf98054d17a62d1-00692dbb47" "object-server 21" 0.0007 "-" 17 0
Dec 1 15:59:03 standalone object-server[124083]: 172.20.0.100 - - [01/Dec/2025:15:59:03 +0000] "PUT /d1/830/AUTH_3d58405511e14ef397d27a04aabe13a3/gnocchi.6bdeae00-9065-401a-bfd4-fa82bf97802a/none_v3" 201 - "PUT http://localhost:8080/v1/AUTH_3d58405511e14ef397d27a04aabe13a3/gnocchi.6bdeae00-9065-401a-bfd4-fa82bf97802a/none_v3" "tx0c59ddaf98054d17a62d1-00692dbb47" "proxy-server 12" 0.0746 "-" 21 0
Dec 1 15:59:03 standalone proxy-server[125787]: 172.18.0.2 ::1 01/Dec/2025/15/59/03 PUT /v1/AUTH_3d58405511e14ef397d27a04aabe13a3/gnocchi.6bdeae00-9065-401a-bfd4-fa82bf97802a/none_v3 HTTP/1.0 201 - python-swiftclient-3.11.1 gAAAAABpLbsIGd3W... 22 - - tx0c59ddaf98054d17a62d1-00692dbb47 - 0.0846 - - 1764604743.468277216 1764604743.552877426 0
Dec 1 15:59:03 standalone container-server[123795]: 172.20.0.100 - - [01/Dec/2025:15:59:03 +0000] "HEAD /d1/551/AUTH_3d58405511e14ef397d27a04aabe13a3/gnocchi.4ed0d8d4-bf19-430d-a844-b29d8c0782fd" 404 - "HEAD http://localhost:8080/v1/AUTH_3d58405511e14ef397d27a04aabe13a3/gnocchi.4ed0d8d4-bf19-430d-a844-b29d8c0782fd?format=json&states=listing" "tx520f6a5e53234aedaa4aa-00692dbb47" "proxy-server 12" 0.0007 "-" 15 0
Dec 1 15:59:03 standalone object-server[124081]: 172.20.0.100 - - [01/Dec/2025:15:59:03 +0000] "GET /d1/278/AUTH_3d58405511e14ef397d27a04aabe13a3/gnocchi.4ed0d8d4-bf19-430d-a844-b29d8c0782fd/none_v3" 404 70 "GET http://localhost:8080/v1/AUTH_3d58405511e14ef397d27a04aabe13a3/gnocchi.4ed0d8d4-bf19-430d-a844-b29d8c0782fd/none_v3" "tx520f6a5e53234aedaa4aa-00692dbb47" "proxy-server 12" 0.0006 "-" 20 0
Dec 1 15:59:03 standalone proxy-server[125787]: 172.18.0.2 ::1 01/Dec/2025/15/59/03 GET /v1/AUTH_3d58405511e14ef397d27a04aabe13a3/gnocchi.4ed0d8d4-bf19-430d-a844-b29d8c0782fd/none_v3 HTTP/1.0 404 - python-swiftclient-3.11.1 gAAAAABpLbsIGd3W... - 70 - tx520f6a5e53234aedaa4aa-00692dbb47 - 0.0141 - - 1764604743.572701454 1764604743.586841106 0
Dec 1 15:59:03 standalone account-server[123853]: 172.20.0.100 - - [01/Dec/2025:15:59:03 +0000] "PUT /d1/660/AUTH_3d58405511e14ef397d27a04aabe13a3/gnocchi.4ed0d8d4-bf19-430d-a844-b29d8c0782fd" 201 - "PUT http://172.20.0.100:6001/d1/551/AUTH_3d58405511e14ef397d27a04aabe13a3/gnocchi.4ed0d8d4-bf19-430d-a844-b29d8c0782fd" "tx2324265a8fd64901b9bd6-00692dbb47" "container-server 14" 0.0062 "-" 23 0
Dec 1 15:59:03 standalone container-server[123790]: 172.20.0.100 - - [01/Dec/2025:15:59:03 +0000] "PUT /d1/551/AUTH_3d58405511e14ef397d27a04aabe13a3/gnocchi.4ed0d8d4-bf19-430d-a844-b29d8c0782fd" 201 - "PUT http://localhost:8080/v1/AUTH_3d58405511e14ef397d27a04aabe13a3/gnocchi.4ed0d8d4-bf19-430d-a844-b29d8c0782fd" "tx2324265a8fd64901b9bd6-00692dbb47" "proxy-server 12" 0.0206 "-" 14 0
Dec 1 15:59:03 standalone proxy-server[125787]: 172.18.0.2 ::1 01/Dec/2025/15/59/03 PUT /v1/AUTH_3d58405511e14ef397d27a04aabe13a3/gnocchi.4ed0d8d4-bf19-430d-a844-b29d8c0782fd HTTP/1.0 201 - python-swiftclient-3.11.1 gAAAAABpLbsIGd3W... - - - tx2324265a8fd64901b9bd6-00692dbb47 - 0.0264 - - 1764604743.591496229 1764604743.617921352 0
Dec 1 15:59:03 standalone container-server[123806]: 172.20.0.100 - - [01/Dec/2025:15:59:03 +0000] "HEAD /d1/551/AUTH_3d58405511e14ef397d27a04aabe13a3/gnocchi.4ed0d8d4-bf19-430d-a844-b29d8c0782fd" 204 - "HEAD http://localhost:8080/v1/AUTH_3d58405511e14ef397d27a04aabe13a3/gnocchi.4ed0d8d4-bf19-430d-a844-b29d8c0782fd?format=json&states=listing" "tx1fb201e0a132441b9eecb-00692dbb47" "proxy-server 12" 0.0013 "-" 16 0
Dec 1 15:59:03 standalone proxy-server[125787]: - - 01/Dec/2025/15/59/03 HEAD /v1/AUTH_3d58405511e14ef397d27a04aabe13a3/gnocchi.4ed0d8d4-bf19-430d-a844-b29d8c0782fd%3Fformat%3Djson%26states%3Dlisting HTTP/1.0 204 - Swift - - - - tx1fb201e0a132441b9eecb-00692dbb47 - 0.0052 RL - 1764604743.624415636 1764604743.629661798 0
Dec 1 15:59:03 standalone container-server[123790]: 172.20.0.100 - - [01/Dec/2025:15:59:03 +0000] "GET /d1/551/AUTH_3d58405511e14ef397d27a04aabe13a3/gnocchi.4ed0d8d4-bf19-430d-a844-b29d8c0782fd" 200 2 "GET http://localhost:8080/v1/AUTH_3d58405511e14ef397d27a04aabe13a3/gnocchi.4ed0d8d4-bf19-430d-a844-b29d8c0782fd?format=json&states=listing" "tx1fb201e0a132441b9eecb-00692dbb47" "proxy-server 12" 0.0026 "-" 14 0
Dec 1 15:59:03 standalone proxy-server[125787]: 172.18.0.2 ::1 01/Dec/2025/15/59/03 GET /v1/AUTH_3d58405511e14ef397d27a04aabe13a3/gnocchi.4ed0d8d4-bf19-430d-a844-b29d8c0782fd%3Fformat%3Djson%26states%3Dlisting HTTP/1.0 200 - python-swiftclient-3.11.1 gAAAAABpLbsIGd3W... - 2 - tx1fb201e0a132441b9eecb-00692dbb47 - 0.0157 - - 1764604743.623126507 1764604743.638787508 0
Dec 1 15:59:03 standalone object-server[124081]: 172.20.0.100 - - [01/Dec/2025:15:59:03 +0000] "GET /d1/101/AUTH_3d58405511e14ef397d27a04aabe13a3/gnocchi.4ed0d8d4-bf19-430d-a844-b29d8c0782fd/1763640000.0_mean_300.0_v3" 404 70 "GET http://localhost:8080/v1/AUTH_3d58405511e14ef397d27a04aabe13a3/gnocchi.4ed0d8d4-bf19-430d-a844-b29d8c0782fd/1763640000.0_mean_300.0_v3" "tx9cf24cc21ac24c66b3560-00692dbb47" "proxy-server 12" 0.0004 "-" 20 0
Dec 1 15:59:03 standalone proxy-server[125787]: 172.18.0.2 ::1 01/Dec/2025/15/59/03 GET /v1/AUTH_3d58405511e14ef397d27a04aabe13a3/gnocchi.4ed0d8d4-bf19-430d-a844-b29d8c0782fd/1763640000.0_mean_300.0_v3 HTTP/1.0 404 - python-swiftclient-3.11.1 gAAAAABpLbsIGd3W... - 70 - tx9cf24cc21ac24c66b3560-00692dbb47 - 0.0070 - - 1764604743.644226789 1764604743.651216269 0
Dec 1 15:59:03 standalone container-server[123790]: 172.20.0.100 - - [01/Dec/2025:15:59:03 +0000] "PUT /d1/551/AUTH_3d58405511e14ef397d27a04aabe13a3/gnocchi.4ed0d8d4-bf19-430d-a844-b29d8c0782fd/1763640000.0_mean_300.0_v3" 201 - "PUT http://localhost:8080/d1/101/AUTH_3d58405511e14ef397d27a04aabe13a3/gnocchi.4ed0d8d4-bf19-430d-a844-b29d8c0782fd/1763640000.0_mean_300.0_v3" "txd575d4243fb9465d859c9-00692dbb47" "object-server 19" 0.0006 "-" 14 0
Dec 1 15:59:03 standalone object-server[124073]: 172.20.0.100 - - [01/Dec/2025:15:59:03 +0000] "PUT /d1/101/AUTH_3d58405511e14ef397d27a04aabe13a3/gnocchi.4ed0d8d4-bf19-430d-a844-b29d8c0782fd/1763640000.0_mean_300.0_v3" 201 - "PUT http://localhost:8080/v1/AUTH_3d58405511e14ef397d27a04aabe13a3/gnocchi.4ed0d8d4-bf19-430d-a844-b29d8c0782fd/1763640000.0_mean_300.0_v3" "txd575d4243fb9465d859c9-00692dbb47" "proxy-server 12" 0.0105 "-" 19 0
Dec 1 15:59:03 standalone proxy-server[125787]: 172.18.0.2 ::1 01/Dec/2025/15/59/03 PUT /v1/AUTH_3d58405511e14ef397d27a04aabe13a3/gnocchi.4ed0d8d4-bf19-430d-a844-b29d8c0782fd/1763640000.0_mean_300.0_v3 HTTP/1.0 201 - python-swiftclient-3.11.1 gAAAAABpLbsIGd3W... 16 - - txd575d4243fb9465d859c9-00692dbb47 - 0.0172 - - 1764604743.655663967 1764604743.672855377 0
Dec 1 15:59:03 standalone container-server[123806]: 172.20.0.100 - - [01/Dec/2025:15:59:03 +0000] "PUT /d1/551/AUTH_3d58405511e14ef397d27a04aabe13a3/gnocchi.4ed0d8d4-bf19-430d-a844-b29d8c0782fd/none_v3" 201 - "PUT http://localhost:8080/d1/278/AUTH_3d58405511e14ef397d27a04aabe13a3/gnocchi.4ed0d8d4-bf19-430d-a844-b29d8c0782fd/none_v3" "tx5134144ec6c14d91a29bb-00692dbb47" "object-server 21" 0.0005 "-" 16 0
Dec 1 15:59:03 standalone object-server[124083]: 172.20.0.100 - - [01/Dec/2025:15:59:03 +0000] "PUT /d1/278/AUTH_3d58405511e14ef397d27a04aabe13a3/gnocchi.4ed0d8d4-bf19-430d-a844-b29d8c0782fd/none_v3" 201 - "PUT http://localhost:8080/v1/AUTH_3d58405511e14ef397d27a04aabe13a3/gnocchi.4ed0d8d4-bf19-430d-a844-b29d8c0782fd/none_v3" "tx5134144ec6c14d91a29bb-00692dbb47" "proxy-server 12" 0.0106 "-" 21 0
Dec 1 15:59:03 standalone proxy-server[125787]: 172.18.0.2 ::1 01/Dec/2025/15/59/03 PUT /v1/AUTH_3d58405511e14ef397d27a04aabe13a3/gnocchi.4ed0d8d4-bf19-430d-a844-b29d8c0782fd/none_v3 HTTP/1.0 201 - python-swiftclient-3.11.1 gAAAAABpLbsIGd3W... 22 - - tx5134144ec6c14d91a29bb-00692dbb47 - 0.0187 - - 1764604743.676566124 1764604743.695293188 0
Dec 1 15:59:07 standalone container-server[123820]: 172.20.0.100 - - [01/Dec/2025:15:59:07 +0000] "HEAD /d1/83/AUTH_3d58405511e14ef397d27a04aabe13a3/gnocchi.9e6e242b-2396-462f-8f11-245dc2115f07" 404 - "HEAD http://localhost:8080/v1/AUTH_3d58405511e14ef397d27a04aabe13a3/gnocchi.9e6e242b-2396-462f-8f11-245dc2115f07?format=json&states=listing" "txf1bd1ad9afcb4044a26a7-00692dbb4b" "proxy-server 12" 0.0009 "-" 17 0
Dec 1 15:59:07 standalone object-server[124083]: 172.20.0.100 - - [01/Dec/2025:15:59:07 +0000] "GET /d1/768/AUTH_3d58405511e14ef397d27a04aabe13a3/gnocchi.9e6e242b-2396-462f-8f11-245dc2115f07/none_v3" 404 70 "GET http://localhost:8080/v1/AUTH_3d58405511e14ef397d27a04aabe13a3/gnocchi.9e6e242b-2396-462f-8f11-245dc2115f07/none_v3" "txf1bd1ad9afcb4044a26a7-00692dbb4b" "proxy-server 12" 0.0008 "-" 21 0
Dec 1 15:59:07 standalone proxy-server[125787]: 172.18.0.2 ::1 01/Dec/2025/15/59/07 GET /v1/AUTH_3d58405511e14ef397d27a04aabe13a3/gnocchi.9e6e242b-2396-462f-8f11-245dc2115f07/none_v3 HTTP/1.0 404 - python-swiftclient-3.11.1 gAAAAABpLbsIGd3W... - 70 - txf1bd1ad9afcb4044a26a7-00692dbb4b - 0.0124 - - 1764604747.882045984 1764604747.894474030 0
Dec 1 15:59:07 standalone account-server[123839]: 172.20.0.100 - - [01/Dec/2025:15:59:07 +0000] "PUT /d1/660/AUTH_3d58405511e14ef397d27a04aabe13a3/gnocchi.9e6e242b-2396-462f-8f11-245dc2115f07" 201 - "PUT http://172.20.0.100:6001/d1/83/AUTH_3d58405511e14ef397d27a04aabe13a3/gnocchi.9e6e242b-2396-462f-8f11-245dc2115f07" "tx8b12484dad93442582a7c-00692dbb4b" "container-server 16" 0.0071 "-" 20 0
Dec 1 15:59:07 standalone container-server[123806]: 172.20.0.100 - - [01/Dec/2025:15:59:07 +0000] "PUT /d1/83/AUTH_3d58405511e14ef397d27a04aabe13a3/gnocchi.9e6e242b-2396-462f-8f11-245dc2115f07" 201 - "PUT http://localhost:8080/v1/AUTH_3d58405511e14ef397d27a04aabe13a3/gnocchi.9e6e242b-2396-462f-8f11-245dc2115f07" "tx8b12484dad93442582a7c-00692dbb4b" "proxy-server 12" 0.0201 "-" 16 0
Dec 1 15:59:07 standalone proxy-server[125787]: 172.18.0.2 ::1 01/Dec/2025/15/59/07 PUT /v1/AUTH_3d58405511e14ef397d27a04aabe13a3/gnocchi.9e6e242b-2396-462f-8f11-245dc2115f07 HTTP/1.0 201 - python-swiftclient-3.11.1 gAAAAABpLbsIGd3W... - - - tx8b12484dad93442582a7c-00692dbb4b - 0.0250 - - 1764604747.900779963 1764604747.925790548 0
Dec 1 15:59:07 standalone container-server[123820]: 172.20.0.100 - - [01/Dec/2025:15:59:07 +0000] "HEAD /d1/83/AUTH_3d58405511e14ef397d27a04aabe13a3/gnocchi.9e6e242b-2396-462f-8f11-245dc2115f07" 204 - "HEAD http://localhost:8080/v1/AUTH_3d58405511e14ef397d27a04aabe13a3/gnocchi.9e6e242b-2396-462f-8f11-245dc2115f07?format=json&states=listing" "tx6ea84328efad4d54b1815-00692dbb4b" "proxy-server 12" 0.0035 "-" 17 0
Dec 1 15:59:07 standalone proxy-server[125787]: - - 01/Dec/2025/15/59/07 HEAD /v1/AUTH_3d58405511e14ef397d27a04aabe13a3/gnocchi.9e6e242b-2396-462f-8f11-245dc2115f07%3Fformat%3Djson%26states%3Dlisting HTTP/1.0 204 - Swift - - - - tx6ea84328efad4d54b1815-00692dbb4b - 0.0128 RL - 1764604747.937511206 1764604747.950276852 0
Dec 1 15:59:07 standalone container-server[123820]: 172.20.0.100 - - [01/Dec/2025:15:59:07 +0000] "GET /d1/83/AUTH_3d58405511e14ef397d27a04aabe13a3/gnocchi.9e6e242b-2396-462f-8f11-245dc2115f07" 200 2 "GET http://localhost:8080/v1/AUTH_3d58405511e14ef397d27a04aabe13a3/gnocchi.9e6e242b-2396-462f-8f11-245dc2115f07?format=json&states=listing" "tx6ea84328efad4d54b1815-00692dbb4b" "proxy-server 12" 0.0043 "-" 17 0
