Nov 30 13:40:09 np0005540243.novalocal container-server[96671]: Removed 0 dbs
Nov 30 13:40:09 np0005540243.novalocal container-server[96671]: 66 successes, 0 failures
Nov 30 13:40:09 np0005540243.novalocal container-server[96671]: diff:0 diff_capped:0 empty:0 hashmatch:0 no_change:66 remote_merge:0 rsync:0 ts_repl:0
Nov 30 13:40:11 np0005540243.novalocal object-server[96900]: ::1 - - [30/Nov/2025:18:40:11 +0000] "GET /3/1094/AUTH_d8c5e0069fac460689fc06414f238cc2/gnocchi.97077a28-e73a-4783-9633-ae4cccd67e3d/none_v3" 200 26 "GET http://[::1]:8080/v1/AUTH_d8c5e0069fac460689fc06414f238cc2/gnocchi.97077a28-e73a-4783-9633-ae4cccd67e3d/none_v3" "tx471435ea1c954afbbcf58-00692c8f8b" "proxy-server 92966" 0.0007 "-" 96900 0
Nov 30 13:40:11 np0005540243.novalocal proxy-server[92966]: ::1 ::1 30/Nov/2025/18/40/11 GET /v1/AUTH_d8c5e0069fac460689fc06414f238cc2/gnocchi.97077a28-e73a-4783-9633-ae4cccd67e3d/none_v3 HTTP/1.0 200 - python-swiftclient-4.2.0 gAAAAABpLI9eQPaN... - 26 - tx471435ea1c954afbbcf58-00692c8f8b - 0.0117 - - 1764528011.632548332 1764528011.644291162 0
Nov 30 13:40:11 np0005540243.novalocal container-server[96607]: ::1 - - [30/Nov/2025:18:40:11 +0000] "GET /1/38936/AUTH_d8c5e0069fac460689fc06414f238cc2/gnocchi.97077a28-e73a-4783-9633-ae4cccd67e3d" 200 357 "GET http://[::1]:8080/v1/AUTH_d8c5e0069fac460689fc06414f238cc2/gnocchi.97077a28-e73a-4783-9633-ae4cccd67e3d?format=json&states=listing" "tx55f7436228ef4985b52eb-00692c8f8b" "proxy-server 92966" 0.0036 "-" 96607 0
Nov 30 13:40:11 np0005540243.novalocal proxy-server[92966]: ::1 ::1 30/Nov/2025/18/40/11 GET /v1/AUTH_d8c5e0069fac460689fc06414f238cc2/gnocchi.97077a28-e73a-4783-9633-ae4cccd67e3d%3Fformat%3Djson%26states%3Dlisting HTTP/1.0 200 - python-swiftclient-4.2.0 gAAAAABpLI9eQPaN... - 357 - tx55f7436228ef4985b52eb-00692c8f8b - 0.0143 - - 1764528011.646679640 1764528011.661029577 0
Nov 30 13:40:11 np0005540243.novalocal object-server[96902]: ::1 - - [30/Nov/2025:18:40:11 +0000] "GET /3/157054/AUTH_d8c5e0069fac460689fc06414f238cc2/gnocchi.753ecd46-7d3e-4de3-b956-5597e9ec0fc3/none_v3" 200 30 "GET http://[::1]:8080/v1/AUTH_d8c5e0069fac460689fc06414f238cc2/gnocchi.753ecd46-7d3e-4de3-b956-5597e9ec0fc3/none_v3" "txcfc14a4e58c146acb2aad-00692c8f8b" "proxy-server 92965" 0.0008 "-" 96902 0
Nov 30 13:40:11 np0005540243.novalocal proxy-server[92965]: ::1 ::1 30/Nov/2025/18/40/11 GET /v1/AUTH_d8c5e0069fac460689fc06414f238cc2/gnocchi.753ecd46-7d3e-4de3-b956-5597e9ec0fc3/none_v3 HTTP/1.0 200 - python-swiftclient-4.2.0 gAAAAABpLI9luiBC... - 30 - txcfc14a4e58c146acb2aad-00692c8f8b - 0.0090 - - 1764528011.656732082 1764528011.665742159 0
Nov 30 13:40:11 np0005540243.novalocal container-server[96605]: ::1 - - [30/Nov/2025:18:40:11 +0000] "GET /1/38936/AUTH_d8c5e0069fac460689fc06414f238cc2/gnocchi.97077a28-e73a-4783-9633-ae4cccd67e3d" 200 2 "GET http://[::1]:8080/v1/AUTH_d8c5e0069fac460689fc06414f238cc2/gnocchi.97077a28-e73a-4783-9633-ae4cccd67e3d?format=json&marker=none_v3&states=listing" "tx162688fec4394a608f120-00692c8f8b" "proxy-server 92966" 0.0032 "-" 96605 0
Nov 30 13:40:11 np0005540243.novalocal container-server[96608]: ::1 - - [30/Nov/2025:18:40:11 +0000] "GET /1/67019/AUTH_d8c5e0069fac460689fc06414f238cc2/gnocchi.753ecd46-7d3e-4de3-b956-5597e9ec0fc3" 200 357 "GET http://[::1]:8080/v1/AUTH_d8c5e0069fac460689fc06414f238cc2/gnocchi.753ecd46-7d3e-4de3-b956-5597e9ec0fc3?format=json&states=listing" "txd7e9522bd1964e12a698b-00692c8f8b" "proxy-server 92965" 0.0034 "-" 96608 0
Nov 30 13:40:11 np0005540243.novalocal proxy-server[92965]: ::1 ::1 30/Nov/2025/18/40/11 GET /v1/AUTH_d8c5e0069fac460689fc06414f238cc2/gnocchi.753ecd46-7d3e-4de3-b956-5597e9ec0fc3%3Fformat%3Djson%26states%3Dlisting HTTP/1.0 200 - python-swiftclient-4.2.0 gAAAAABpLI9luiBC... - 357 - txd7e9522bd1964e12a698b-00692c8f8b - 0.0116 - - 1764528011.668595791 1764528011.680163145 0
Nov 30 13:40:11 np0005540243.novalocal proxy-server[92966]: ::1 ::1 30/Nov/2025/18/40/11 GET /v1/AUTH_d8c5e0069fac460689fc06414f238cc2/gnocchi.97077a28-e73a-4783-9633-ae4cccd67e3d%3Fformat%3Djson%26marker%3Dnone_v3%26states%3Dlisting HTTP/1.0 200 - python-swiftclient-4.2.0 gAAAAABpLI9eQPaN... - 2 - tx162688fec4394a608f120-00692c8f8b - 0.0174 - - 1764528011.663469315 1764528011.680830479 0
Nov 30 13:40:11 np0005540243.novalocal container-server[96605]: ::1 - - [30/Nov/2025:18:40:11 +0000] "GET /3/67019/AUTH_d8c5e0069fac460689fc06414f238cc2/gnocchi.753ecd46-7d3e-4de3-b956-5597e9ec0fc3" 200 2 "GET http://[::1]:8080/v1/AUTH_d8c5e0069fac460689fc06414f238cc2/gnocchi.753ecd46-7d3e-4de3-b956-5597e9ec0fc3?format=json&marker=none_v3&states=listing" "tx02872e219a3b48bdb371a-00692c8f8b" "proxy-server 92965" 0.0034 "-" 96605 0
Nov 30 13:40:11 np0005540243.novalocal object-server[96899]: ::1 - - [30/Nov/2025:18:40:11 +0000] "GET /3/195089/AUTH_d8c5e0069fac460689fc06414f238cc2/gnocchi.97077a28-e73a-4783-9633-ae4cccd67e3d/1763640000.0_mean_300.0_v3" 200 18 "GET http://[::1]:8080/v1/AUTH_d8c5e0069fac460689fc06414f238cc2/gnocchi.97077a28-e73a-4783-9633-ae4cccd67e3d/1763640000.0_mean_300.0_v3" "txe0e512f86fe84a89a0b18-00692c8f8b" "proxy-server 92966" 0.0008 "-" 96899 0
Nov 30 13:40:11 np0005540243.novalocal proxy-server[92965]: ::1 ::1 30/Nov/2025/18/40/11 GET /v1/AUTH_d8c5e0069fac460689fc06414f238cc2/gnocchi.753ecd46-7d3e-4de3-b956-5597e9ec0fc3%3Fformat%3Djson%26marker%3Dnone_v3%26states%3Dlisting HTTP/1.0 200 - python-swiftclient-4.2.0 gAAAAABpLI9luiBC... - 2 - tx02872e219a3b48bdb371a-00692c8f8b - 0.0105 - - 1764528011.682037830 1764528011.692517519 0
Nov 30 13:40:11 np0005540243.novalocal proxy-server[92966]: ::1 ::1 30/Nov/2025/18/40/11 GET /v1/AUTH_d8c5e0069fac460689fc06414f238cc2/gnocchi.97077a28-e73a-4783-9633-ae4cccd67e3d/1763640000.0_mean_300.0_v3 HTTP/1.0 200 - python-swiftclient-4.2.0 gAAAAABpLI9eQPaN... - 18 - txe0e512f86fe84a89a0b18-00692c8f8b - 0.0097 - - 1764528011.684322119 1764528011.694041491 0
Nov 30 13:40:11 np0005540243.novalocal object-server[96899]: ::1 - - [30/Nov/2025:18:40:11 +0000] "GET /2/20822/AUTH_d8c5e0069fac460689fc06414f238cc2/gnocchi.753ecd46-7d3e-4de3-b956-5597e9ec0fc3/1763640000.0_mean_300.0_v3" 200 22 "GET http://[::1]:8080/v1/AUTH_d8c5e0069fac460689fc06414f238cc2/gnocchi.753ecd46-7d3e-4de3-b956-5597e9ec0fc3/1763640000.0_mean_300.0_v3" "txbda688764cd34b1dabd5c-00692c8f8b" "proxy-server 92965" 0.0007 "-" 96899 0
Nov 30 13:40:11 np0005540243.novalocal proxy-server[92965]: ::1 ::1 30/Nov/2025/18/40/11 GET /v1/AUTH_d8c5e0069fac460689fc06414f238cc2/gnocchi.753ecd46-7d3e-4de3-b956-5597e9ec0fc3/1763640000.0_mean_300.0_v3 HTTP/1.0 200 - python-swiftclient-4.2.0 gAAAAABpLI9luiBC... - 22 - txbda688764cd34b1dabd5c-00692c8f8b - 0.0072 - - 1764528011.694982290 1764528011.702223539 0
Nov 30 13:40:11 np0005540243.novalocal container-server[96606]: ::1 - - [30/Nov/2025:18:40:11 +0000] "PUT /2/67019/AUTH_d8c5e0069fac460689fc06414f238cc2/gnocchi.753ecd46-7d3e-4de3-b956-5597e9ec0fc3/1763640000.0_mean_300.0_v3" 201 - "PUT http://[::1]:8080/1/20822/AUTH_d8c5e0069fac460689fc06414f238cc2/gnocchi.753ecd46-7d3e-4de3-b956-5597e9ec0fc3/1763640000.0_mean_300.0_v3" "tx2782fa5201e0490393739-00692c8f8b" "object-server 96900" 0.0008 "-" 96606 0
Nov 30 13:40:11 np0005540243.novalocal object-server[96900]: ::1 - - [30/Nov/2025:18:40:11 +0000] "PUT /1/20822/AUTH_d8c5e0069fac460689fc06414f238cc2/gnocchi.753ecd46-7d3e-4de3-b956-5597e9ec0fc3/1763640000.0_mean_300.0_v3" 201 - "PUT http://[::1]:8080/v1/AUTH_d8c5e0069fac460689fc06414f238cc2/gnocchi.753ecd46-7d3e-4de3-b956-5597e9ec0fc3/1763640000.0_mean_300.0_v3" "tx2782fa5201e0490393739-00692c8f8b" "proxy-server 92965" 0.0138 "-" 96900 0
Nov 30 13:40:11 np0005540243.novalocal container-server[96608]: ::1 - - [30/Nov/2025:18:40:11 +0000] "PUT /3/67019/AUTH_d8c5e0069fac460689fc06414f238cc2/gnocchi.753ecd46-7d3e-4de3-b956-5597e9ec0fc3/1763640000.0_mean_300.0_v3" 201 - "PUT http://[::1]:8080/3/20822/AUTH_d8c5e0069fac460689fc06414f238cc2/gnocchi.753ecd46-7d3e-4de3-b956-5597e9ec0fc3/1763640000.0_mean_300.0_v3" "tx2782fa5201e0490393739-00692c8f8b" "object-server 96900" 0.0005 "-" 96608 0
Nov 30 13:40:11 np0005540243.novalocal container-server[96606]: ::1 - - [30/Nov/2025:18:40:11 +0000] "PUT /1/38936/AUTH_d8c5e0069fac460689fc06414f238cc2/gnocchi.97077a28-e73a-4783-9633-ae4cccd67e3d/1763640000.0_mean_300.0_v3" 201 - "PUT http://[::1]:8080/3/195089/AUTH_d8c5e0069fac460689fc06414f238cc2/gnocchi.97077a28-e73a-4783-9633-ae4cccd67e3d/1763640000.0_mean_300.0_v3" "tx7646020a15514a15917df-00692c8f8b" "object-server 96901" 0.0004 "-" 96606 0
Nov 30 13:40:11 np0005540243.novalocal object-server[96900]: ::1 - - [30/Nov/2025:18:40:11 +0000] "PUT /3/20822/AUTH_d8c5e0069fac460689fc06414f238cc2/gnocchi.753ecd46-7d3e-4de3-b956-5597e9ec0fc3/1763640000.0_mean_300.0_v3" 201 - "PUT http://[::1]:8080/v1/AUTH_d8c5e0069fac460689fc06414f238cc2/gnocchi.753ecd46-7d3e-4de3-b956-5597e9ec0fc3/1763640000.0_mean_300.0_v3" "tx2782fa5201e0490393739-00692c8f8b" "proxy-server 92965" 0.0167 "-" 96900 0
Nov 30 13:40:11 np0005540243.novalocal container-server[96606]: ::1 - - [30/Nov/2025:18:40:11 +0000] "PUT /1/67019/AUTH_d8c5e0069fac460689fc06414f238cc2/gnocchi.753ecd46-7d3e-4de3-b956-5597e9ec0fc3/1763640000.0_mean_300.0_v3" 201 - "PUT http://[::1]:8080/2/20822/AUTH_d8c5e0069fac460689fc06414f238cc2/gnocchi.753ecd46-7d3e-4de3-b956-5597e9ec0fc3/1763640000.0_mean_300.0_v3" "tx2782fa5201e0490393739-00692c8f8b" "object-server 96900" 0.0004 "-" 96606 0
Nov 30 13:40:11 np0005540243.novalocal object-server[96901]: ::1 - - [30/Nov/2025:18:40:11 +0000] "PUT /3/195089/AUTH_d8c5e0069fac460689fc06414f238cc2/gnocchi.97077a28-e73a-4783-9633-ae4cccd67e3d/1763640000.0_mean_300.0_v3" 201 - "PUT http://[::1]:8080/v1/AUTH_d8c5e0069fac460689fc06414f238cc2/gnocchi.97077a28-e73a-4783-9633-ae4cccd67e3d/1763640000.0_mean_300.0_v3" "tx7646020a15514a15917df-00692c8f8b" "proxy-server 92966" 0.0157 "-" 96901 0
Nov 30 13:40:11 np0005540243.novalocal container-server[96608]: ::1 - - [30/Nov/2025:18:40:11 +0000] "PUT /3/38936/AUTH_d8c5e0069fac460689fc06414f238cc2/gnocchi.97077a28-e73a-4783-9633-ae4cccd67e3d/1763640000.0_mean_300.0_v3" 201 - "PUT http://[::1]:8080/1/195089/AUTH_d8c5e0069fac460689fc06414f238cc2/gnocchi.97077a28-e73a-4783-9633-ae4cccd67e3d/1763640000.0_mean_300.0_v3" "tx7646020a15514a15917df-00692c8f8b" "object-server 96902" 0.0005 "-" 96608 0
Nov 30 13:40:11 np0005540243.novalocal object-server[96900]: ::1 - - [30/Nov/2025:18:40:11 +0000] "PUT /2/20822/AUTH_d8c5e0069fac460689fc06414f238cc2/gnocchi.753ecd46-7d3e-4de3-b956-5597e9ec0fc3/1763640000.0_mean_300.0_v3" 201 - "PUT http://[::1]:8080/v1/AUTH_d8c5e0069fac460689fc06414f238cc2/gnocchi.753ecd46-7d3e-4de3-b956-5597e9ec0fc3/1763640000.0_mean_300.0_v3" "tx2782fa5201e0490393739-00692c8f8b" "proxy-server 92965" 0.0153 "-" 96900 0
Nov 30 13:40:11 np0005540243.novalocal object-server[96902]: ::1 - - [30/Nov/2025:18:40:11 +0000] "PUT /1/195089/AUTH_d8c5e0069fac460689fc06414f238cc2/gnocchi.97077a28-e73a-4783-9633-ae4cccd67e3d/1763640000.0_mean_300.0_v3" 201 - "PUT http://[::1]:8080/v1/AUTH_d8c5e0069fac460689fc06414f238cc2/gnocchi.97077a28-e73a-4783-9633-ae4cccd67e3d/1763640000.0_mean_300.0_v3" "tx7646020a15514a15917df-00692c8f8b" "proxy-server 92966" 0.0142 "-" 96902 0
Nov 30 13:40:11 np0005540243.novalocal proxy-server[92965]: ::1 ::1 30/Nov/2025/18/40/11 PUT /v1/AUTH_d8c5e0069fac460689fc06414f238cc2/gnocchi.753ecd46-7d3e-4de3-b956-5597e9ec0fc3/1763640000.0_mean_300.0_v3 HTTP/1.0 201 - python-swiftclient-4.2.0 gAAAAABpLI9luiBC... 22 - - tx2782fa5201e0490393739-00692c8f8b - 0.0254 - - 1764528011.704218388 1764528011.729594946 0
Nov 30 13:40:11 np0005540243.novalocal container-server[96605]: ::1 - - [30/Nov/2025:18:40:11 +0000] "PUT /2/38936/AUTH_d8c5e0069fac460689fc06414f238cc2/gnocchi.97077a28-e73a-4783-9633-ae4cccd67e3d/1763640000.0_mean_300.0_v3" 201 - "PUT http://[::1]:8080/2/195089/AUTH_d8c5e0069fac460689fc06414f238cc2/gnocchi.97077a28-e73a-4783-9633-ae4cccd67e3d/1763640000.0_mean_300.0_v3" "tx7646020a15514a15917df-00692c8f8b" "object-server 96901" 0.0006 "-" 96605 0
Nov 30 13:40:11 np0005540243.novalocal object-server[96901]: ::1 - - [30/Nov/2025:18:40:11 +0000] "PUT /2/195089/AUTH_d8c5e0069fac460689fc06414f238cc2/gnocchi.97077a28-e73a-4783-9633-ae4cccd67e3d/1763640000.0_mean_300.0_v3" 201 - "PUT http://[::1]:8080/v1/AUTH_d8c5e0069fac460689fc06414f238cc2/gnocchi.97077a28-e73a-4783-9633-ae4cccd67e3d/1763640000.0_mean_300.0_v3" "tx7646020a15514a15917df-00692c8f8b" "proxy-server 92966" 0.0232 "-" 96901 0
Nov 30 13:40:11 np0005540243.novalocal proxy-server[92966]: ::1 ::1 30/Nov/2025/18/40/11 PUT /v1/AUTH_d8c5e0069fac460689fc06414f238cc2/gnocchi.97077a28-e73a-4783-9633-ae4cccd67e3d/1763640000.0_mean_300.0_v3 HTTP/1.0 201 - python-swiftclient-4.2.0 gAAAAABpLI9eQPaN... 18 - - tx7646020a15514a15917df-00692c8f8b - 0.0371 - - 1764528011.697203636 1764528011.734258890 0
Nov 30 13:40:11 np0005540243.novalocal container-server[96607]: ::1 - - [30/Nov/2025:18:40:11 +0000] "PUT /2/67019/AUTH_d8c5e0069fac460689fc06414f238cc2/gnocchi.753ecd46-7d3e-4de3-b956-5597e9ec0fc3/none_v3" 201 - "PUT http://[::1]:8080/2/157054/AUTH_d8c5e0069fac460689fc06414f238cc2/gnocchi.753ecd46-7d3e-4de3-b956-5597e9ec0fc3/none_v3" "txb324047157ef4525a6d37-00692c8f8b" "object-server 96902" 0.0008 "-" 96607 0
Nov 30 13:40:11 np0005540243.novalocal object-server[96902]: ::1 - - [30/Nov/2025:18:40:11 +0000] "PUT /2/157054/AUTH_d8c5e0069fac460689fc06414f238cc2/gnocchi.753ecd46-7d3e-4de3-b956-5597e9ec0fc3/none_v3" 201 - "PUT http://[::1]:8080/v1/AUTH_d8c5e0069fac460689fc06414f238cc2/gnocchi.753ecd46-7d3e-4de3-b956-5597e9ec0fc3/none_v3" "txb324047157ef4525a6d37-00692c8f8b" "proxy-server 92965" 0.0111 "-" 96902 0
Nov 30 13:40:11 np0005540243.novalocal container-server[96607]: ::1 - - [30/Nov/2025:18:40:11 +0000] "PUT /3/67019/AUTH_d8c5e0069fac460689fc06414f238cc2/gnocchi.753ecd46-7d3e-4de3-b956-5597e9ec0fc3/none_v3" 201 - "PUT http://[::1]:8080/3/157054/AUTH_d8c5e0069fac460689fc06414f238cc2/gnocchi.753ecd46-7d3e-4de3-b956-5597e9ec0fc3/none_v3" "txb324047157ef4525a6d37-00692c8f8b" "object-server 96899" 0.0009 "-" 96607 0
Nov 30 13:40:11 np0005540243.novalocal object-server[96899]: ::1 - - [30/Nov/2025:18:40:11 +0000] "PUT /3/157054/AUTH_d8c5e0069fac460689fc06414f238cc2/gnocchi.753ecd46-7d3e-4de3-b956-5597e9ec0fc3/none_v3" 201 - "PUT http://[::1]:8080/v1/AUTH_d8c5e0069fac460689fc06414f238cc2/gnocchi.753ecd46-7d3e-4de3-b956-5597e9ec0fc3/none_v3" "txb324047157ef4525a6d37-00692c8f8b" "proxy-server 92965" 0.0151 "-" 96899 0
Nov 30 13:40:11 np0005540243.novalocal container-server[96606]: ::1 - - [30/Nov/2025:18:40:11 +0000] "PUT /1/67019/AUTH_d8c5e0069fac460689fc06414f238cc2/gnocchi.753ecd46-7d3e-4de3-b956-5597e9ec0fc3/none_v3" 201 - "PUT http://[::1]:8080/1/157054/AUTH_d8c5e0069fac460689fc06414f238cc2/gnocchi.753ecd46-7d3e-4de3-b956-5597e9ec0fc3/none_v3" "txb324047157ef4525a6d37-00692c8f8b" "object-server 96899" 0.0005 "-" 96606 0
Nov 30 13:40:11 np0005540243.novalocal object-server[96899]: ::1 - - [30/Nov/2025:18:40:11 +0000] "PUT /1/157054/AUTH_d8c5e0069fac460689fc06414f238cc2/gnocchi.753ecd46-7d3e-4de3-b956-5597e9ec0fc3/none_v3" 201 - "PUT http://[::1]:8080/v1/AUTH_d8c5e0069fac460689fc06414f238cc2/gnocchi.753ecd46-7d3e-4de3-b956-5597e9ec0fc3/none_v3" "txb324047157ef4525a6d37-00692c8f8b" "proxy-server 92965" 0.0195 "-" 96899 0
Nov 30 13:40:11 np0005540243.novalocal proxy-server[92965]: ::1 ::1 30/Nov/2025/18/40/11 PUT /v1/AUTH_d8c5e0069fac460689fc06414f238cc2/gnocchi.753ecd46-7d3e-4de3-b956-5597e9ec0fc3/none_v3 HTTP/1.0 201 - python-swiftclient-4.2.0 gAAAAABpLI9luiBC... 44 - - txb324047157ef4525a6d37-00692c8f8b - 0.0305 - - 1764528011.733044386 1764528011.763589144 0
Nov 30 13:40:11 np0005540243.novalocal container-server[96608]: ::1 - - [30/Nov/2025:18:40:11 +0000] "PUT /3/38936/AUTH_d8c5e0069fac460689fc06414f238cc2/gnocchi.97077a28-e73a-4783-9633-ae4cccd67e3d/none_v3" 201 - "PUT http://[::1]:8080/1/1094/AUTH_d8c5e0069fac460689fc06414f238cc2/gnocchi.97077a28-e73a-4783-9633-ae4cccd67e3d/none_v3" "txdf0734d2a66645b19e123-00692c8f8b" "object-server 96902" 0.0006 "-" 96608 0
Nov 30 13:40:11 np0005540243.novalocal container-server[96608]: ::1 - - [30/Nov/2025:18:40:11 +0000] "PUT /2/38936/AUTH_d8c5e0069fac460689fc06414f238cc2/gnocchi.97077a28-e73a-4783-9633-ae4cccd67e3d/none_v3" 201 - "PUT http://[::1]:8080/3/1094/AUTH_d8c5e0069fac460689fc06414f238cc2/gnocchi.97077a28-e73a-4783-9633-ae4cccd67e3d/none_v3" "txdf0734d2a66645b19e123-00692c8f8b" "object-server 96899" 0.0003 "-" 96608 0
Nov 30 13:40:11 np0005540243.novalocal object-server[96899]: ::1 - - [30/Nov/2025:18:40:11 +0000] "PUT /3/1094/AUTH_d8c5e0069fac460689fc06414f238cc2/gnocchi.97077a28-e73a-4783-9633-ae4cccd67e3d/none_v3" 201 - "PUT http://[::1]:8080/v1/AUTH_d8c5e0069fac460689fc06414f238cc2/gnocchi.97077a28-e73a-4783-9633-ae4cccd67e3d/none_v3" "txdf0734d2a66645b19e123-00692c8f8b" "proxy-server 92966" 0.0108 "-" 96899 0
Nov 30 13:40:11 np0005540243.novalocal object-server[96902]: ::1 - - [30/Nov/2025:18:40:11 +0000] "PUT /1/1094/AUTH_d8c5e0069fac460689fc06414f238cc2/gnocchi.97077a28-e73a-4783-9633-ae4cccd67e3d/none_v3" 201 - "PUT http://[::1]:8080/v1/AUTH_d8c5e0069fac460689fc06414f238cc2/gnocchi.97077a28-e73a-4783-9633-ae4cccd67e3d/none_v3" "txdf0734d2a66645b19e123-00692c8f8b" "proxy-server 92966" 0.0108 "-" 96902 0
Nov 30 13:40:11 np0005540243.novalocal container-server[96606]: ::1 - - [30/Nov/2025:18:40:11 +0000] "PUT /1/38936/AUTH_d8c5e0069fac460689fc06414f238cc2/gnocchi.97077a28-e73a-4783-9633-ae4cccd67e3d/none_v3" 201 - "PUT http://[::1]:8080/2/1094/AUTH_d8c5e0069fac460689fc06414f238cc2/gnocchi.97077a28-e73a-4783-9633-ae4cccd67e3d/none_v3" "txdf0734d2a66645b19e123-00692c8f8b" "object-server 96902" 0.0005 "-" 96606 0
Nov 30 13:40:11 np0005540243.novalocal object-server[96902]: ::1 - - [30/Nov/2025:18:40:11 +0000] "PUT /2/1094/AUTH_d8c5e0069fac460689fc06414f238cc2/gnocchi.97077a28-e73a-4783-9633-ae4cccd67e3d/none_v3" 201 - "PUT http://[::1]:8080/v1/AUTH_d8c5e0069fac460689fc06414f238cc2/gnocchi.97077a28-e73a-4783-9633-ae4cccd67e3d/none_v3" "txdf0734d2a66645b19e123-00692c8f8b" "proxy-server 92966" 0.0138 "-" 96902 0
Nov 30 13:40:11 np0005540243.novalocal proxy-server[92966]: ::1 ::1 30/Nov/2025/18/40/11 PUT /v1/AUTH_d8c5e0069fac460689fc06414f238cc2/gnocchi.97077a28-e73a-4783-9633-ae4cccd67e3d/none_v3 HTTP/1.0 201 - python-swiftclient-4.2.0 gAAAAABpLI9eQPaN... 37 - - txdf0734d2a66645b19e123-00692c8f8b - 0.0334 - - 1764528011.736867189 1764528011.770293951 0
Nov 30 13:40:11 np0005540243.novalocal object-server[96899]: ::1 - - [30/Nov/2025:18:40:11 +0000] "GET /3/62369/AUTH_d8c5e0069fac460689fc06414f238cc2/gnocchi.f08f6324-915b-4918-9ac5-73947eb38c6f/none_v3" 200 31 "GET http://[::1]:8080/v1/AUTH_d8c5e0069fac460689fc06414f238cc2/gnocchi.f08f6324-915b-4918-9ac5-73947eb38c6f/none_v3" "tx258571e40a19411ab7680-00692c8f8b" "proxy-server 92966" 0.0011 "-" 96899 0
Nov 30 13:40:11 np0005540243.novalocal proxy-server[92966]: ::1 ::1 30/Nov/2025/18/40/11 GET /v1/AUTH_d8c5e0069fac460689fc06414f238cc2/gnocchi.f08f6324-915b-4918-9ac5-73947eb38c6f/none_v3 HTTP/1.0 200 - python-swiftclient-4.2.0 gAAAAABpLI9eQPaN... - 31 - tx258571e40a19411ab7680-00692c8f8b - 0.0122 - - 1764528011.820247412 1764528011.832449436 0
Nov 30 13:40:11 np0005540243.novalocal container-server[96607]: ::1 - - [30/Nov/2025:18:40:11 +0000] "GET /3/134055/AUTH_d8c5e0069fac460689fc06414f238cc2/gnocchi.f08f6324-915b-4918-9ac5-73947eb38c6f" 200 357 "GET http://[::1]:8080/v1/AUTH_d8c5e0069fac460689fc06414f238cc2/gnocchi.f08f6324-915b-4918-9ac5-73947eb38c6f?format=json&states=listing" "tx99f6385414b14f5ca81bc-00692c8f8b" "proxy-server 92966" 0.0031 "-" 96607 0
Nov 30 13:40:11 np0005540243.novalocal proxy-server[92966]: ::1 ::1 30/Nov/2025/18/40/11 GET /v1/AUTH_d8c5e0069fac460689fc06414f238cc2/gnocchi.f08f6324-915b-4918-9ac5-73947eb38c6f%3Fformat%3Djson%26states%3Dlisting HTTP/1.0 200 - python-swiftclient-4.2.0 gAAAAABpLI9eQPaN... - 357 - tx99f6385414b14f5ca81bc-00692c8f8b - 0.0098 - - 1764528011.836212873 1764528011.845978260 0
Nov 30 13:40:11 np0005540243.novalocal object-server[96900]: ::1 - - [30/Nov/2025:18:40:11 +0000] "GET /3/123285/AUTH_d8c5e0069fac460689fc06414f238cc2/gnocchi.dd1a5807-80b2-4d56-bf22-ba2e54c32d7b/none_v3" 200 31 "GET http://[::1]:8080/v1/AUTH_d8c5e0069fac460689fc06414f238cc2/gnocchi.dd1a5807-80b2-4d56-bf22-ba2e54c32d7b/none_v3" "tx98243a7eafc1437caca80-00692c8f8b" "proxy-server 92965" 0.0008 "-" 96900 0
Nov 30 13:40:11 np0005540243.novalocal proxy-server[92965]: ::1 ::1 30/Nov/2025/18/40/11 GET /v1/AUTH_d8c5e0069fac460689fc06414f238cc2/gnocchi.dd1a5807-80b2-4d56-bf22-ba2e54c32d7b/none_v3 HTTP/1.0 200 - python-swiftclient-4.2.0 gAAAAABpLI9luiBC... - 31 - tx98243a7eafc1437caca80-00692c8f8b - 0.0072 - - 1764528011.840944529 1764528011.848121166 0
Nov 30 13:40:11 np0005540243.novalocal container-server[96607]: ::1 - - [30/Nov/2025:18:40:11 +0000] "GET /2/134055/AUTH_d8c5e0069fac460689fc06414f238cc2/gnocchi.f08f6324-915b-4918-9ac5-73947eb38c6f" 200 2 "GET http://[::1]:8080/v1/AUTH_d8c5e0069fac460689fc06414f238cc2/gnocchi.f08f6324-915b-4918-9ac5-73947eb38c6f?format=json&marker=none_v3&states=listing" "tx39a3a4fe167840ceb4e55-00692c8f8b" "proxy-server 92966" 0.0024 "-" 96607 0
Nov 30 13:40:11 np0005540243.novalocal proxy-server[92966]: ::1 ::1 30/Nov/2025/18/40/11 GET /v1/AUTH_d8c5e0069fac460689fc06414f238cc2/gnocchi.f08f6324-915b-4918-9ac5-73947eb38c6f%3Fformat%3Djson%26marker%3Dnone_v3%26states%3Dlisting HTTP/1.0 200 - python-swiftclient-4.2.0 gAAAAABpLI9eQPaN... - 2 - tx39a3a4fe167840ceb4e55-00692c8f8b - 0.0083 - - 1764528011.847925901 1764528011.856212139 0
Nov 30 13:40:11 np0005540243.novalocal container-server[96607]: ::1 - - [30/Nov/2025:18:40:11 +0000] "GET /3/202977/AUTH_d8c5e0069fac460689fc06414f238cc2/gnocchi.dd1a5807-80b2-4d56-bf22-ba2e54c32d7b" 200 357 "GET http://[::1]:8080/v1/AUTH_d8c5e0069fac460689fc06414f238cc2/gnocchi.dd1a5807-80b2-4d56-bf22-ba2e54c32d7b?format=json&states=listing" "tx421d84316b6a4025b4c6c-00692c8f8b" "proxy-server 92965" 0.0024 "-" 96607 0
Nov 30 13:40:11 np0005540243.novalocal proxy-server[92965]: ::1 ::1 30/Nov/2025/18/40/11 GET /v1/AUTH_d8c5e0069fac460689fc06414f238cc2/gnocchi.dd1a5807-80b2-4d56-bf22-ba2e54c32d7b%3Fformat%3Djson%26states%3Dlisting HTTP/1.0 200 - python-swiftclient-4.2.0 gAAAAABpLI9luiBC... - 357 - tx421d84316b6a4025b4c6c-00692c8f8b - 0.0090 - - 1764528011.851369381 1764528011.860345125 0
Nov 30 13:40:11 np0005540243.novalocal object-server[96899]: ::1 - - [30/Nov/2025:18:40:11 +0000] "GET /1/234918/AUTH_d8c5e0069fac460689fc06414f238cc2/gnocchi.f08f6324-915b-4918-9ac5-73947eb38c6f/1763640000.0_mean_300.0_v3" 200 23 "GET http://[::1]:8080/v1/AUTH_d8c5e0069fac460689fc06414f238cc2/gnocchi.f08f6324-915b-4918-9ac5-73947eb38c6f/1763640000.0_mean_300.0_v3" "tx6256704136d144f2bc65e-00692c8f8b" "proxy-server 92966" 0.0007 "-" 96899 0
Nov 30 13:40:11 np0005540243.novalocal container-server[96606]: ::1 - - [30/Nov/2025:18:40:11 +0000] "GET /3/202977/AUTH_d8c5e0069fac460689fc06414f238cc2/gnocchi.dd1a5807-80b2-4d56-bf22-ba2e54c32d7b" 200 2 "GET http://[::1]:8080/v1/AUTH_d8c5e0069fac460689fc06414f238cc2/gnocchi.dd1a5807-80b2-4d56-bf22-ba2e54c32d7b?format=json&marker=none_v3&states=listing" "tx06df58376b764891bee5d-00692c8f8b" "proxy-server 92965" 0.0029 "-" 96606 0
Nov 30 13:40:11 np0005540243.novalocal proxy-server[92966]: ::1 ::1 30/Nov/2025/18/40/11 GET /v1/AUTH_d8c5e0069fac460689fc06414f238cc2/gnocchi.f08f6324-915b-4918-9ac5-73947eb38c6f/1763640000.0_mean_300.0_v3 HTTP/1.0 200 - python-swiftclient-4.2.0 gAAAAABpLI9eQPaN... - 23 - tx6256704136d144f2bc65e-00692c8f8b - 0.0116 - - 1764528011.859384060 1764528011.870939970 0
Nov 30 13:40:11 np0005540243.novalocal proxy-server[92965]: ::1 ::1 30/Nov/2025/18/40/11 GET /v1/AUTH_d8c5e0069fac460689fc06414f238cc2/gnocchi.dd1a5807-80b2-4d56-bf22-ba2e54c32d7b%3Fformat%3Djson%26marker%3Dnone_v3%26states%3Dlisting HTTP/1.0 200 - python-swiftclient-4.2.0 gAAAAABpLI9luiBC... - 2 - tx06df58376b764891bee5d-00692c8f8b - 0.0096 - - 1764528011.862644434 1764528011.872269630 0
Nov 30 13:40:11 np0005540243.novalocal object-server[96900]: ::1 - - [30/Nov/2025:18:40:11 +0000] "GET /3/49582/AUTH_d8c5e0069fac460689fc06414f238cc2/gnocchi.dd1a5807-80b2-4d56-bf22-ba2e54c32d7b/1763640000.0_mean_300.0_v3" 200 23 "GET http://[::1]:8080/v1/AUTH_d8c5e0069fac460689fc06414f238cc2/gnocchi.dd1a5807-80b2-4d56-bf22-ba2e54c32d7b/1763640000.0_mean_300.0_v3" "txd4932ab0805542458ec2b-00692c8f8b" "proxy-server 92965" 0.0010 "-" 96900 0
Nov 30 13:40:11 np0005540243.novalocal proxy-server[92965]: ::1 ::1 30/Nov/2025/18/40/11 GET /v1/AUTH_d8c5e0069fac460689fc06414f238cc2/gnocchi.dd1a5807-80b2-4d56-bf22-ba2e54c32d7b/1763640000.0_mean_300.0_v3 HTTP/1.0 200 - python-swiftclient-4.2.0 gAAAAABpLI9luiBC... - 23 - txd4932ab0805542458ec2b-00692c8f8b - 0.0069 - - 1764528011.875046968 1764528011.881951094 0
Nov 30 13:40:11 np0005540243.novalocal container-server[96608]: ::1 - - [30/Nov/2025:18:40:11 +0000] "PUT /2/134055/AUTH_d8c5e0069fac460689fc06414f238cc2/gnocchi.f08f6324-915b-4918-9ac5-73947eb38c6f/1763640000.0_mean_300.0_v3" 201 - "PUT http://[::1]:8080/2/234918/AUTH_d8c5e0069fac460689fc06414f238cc2/gnocchi.f08f6324-915b-4918-9ac5-73947eb38c6f/1763640000.0_mean_300.0_v3" "tx6e9f923ce284433fa3e30-00692c8f8b" "object-server 96901" 0.0005 "-" 96608 0
Nov 30 13:40:11 np0005540243.novalocal container-server[96608]: ::1 - - [30/Nov/2025:18:40:11 +0000] "PUT /1/134055/AUTH_d8c5e0069fac460689fc06414f238cc2/gnocchi.f08f6324-915b-4918-9ac5-73947eb38c6f/1763640000.0_mean_300.0_v3" 201 - "PUT http://[::1]:8080/3/234918/AUTH_d8c5e0069fac460689fc06414f238cc2/gnocchi.f08f6324-915b-4918-9ac5-73947eb38c6f/1763640000.0_mean_300.0_v3" "tx6e9f923ce284433fa3e30-00692c8f8b" "object-server 96899" 0.0003 "-" 96608 0
Nov 30 13:40:11 np0005540243.novalocal object-server[96899]: ::1 - - [30/Nov/2025:18:40:11 +0000] "PUT /3/234918/AUTH_d8c5e0069fac460689fc06414f238cc2/gnocchi.f08f6324-915b-4918-9ac5-73947eb38c6f/1763640000.0_mean_300.0_v3" 201 - "PUT http://[::1]:8080/v1/AUTH_d8c5e0069fac460689fc06414f238cc2/gnocchi.f08f6324-915b-4918-9ac5-73947eb38c6f/1763640000.0_mean_300.0_v3" "tx6e9f923ce284433fa3e30-00692c8f8b" "proxy-server 92966" 0.0100 "-" 96899 0
Nov 30 13:40:11 np0005540243.novalocal container-server[96607]: ::1 - - [30/Nov/2025:18:40:11 +0000] "PUT /3/134055/AUTH_d8c5e0069fac460689fc06414f238cc2/gnocchi.f08f6324-915b-4918-9ac5-73947eb38c6f/1763640000.0_mean_300.0_v3" 201 - "PUT http://[::1]:8080/1/234918/AUTH_d8c5e0069fac460689fc06414f238cc2/gnocchi.f08f6324-915b-4918-9ac5-73947eb38c6f/1763640000.0_mean_300.0_v3" "tx6e9f923ce284433fa3e30-00692c8f8b" "object-server 96900" 0.0006 "-" 96607 0
Nov 30 13:40:11 np0005540243.novalocal object-server[96900]: ::1 - - [30/Nov/2025:18:40:11 +0000] "PUT /1/234918/AUTH_d8c5e0069fac460689fc06414f238cc2/gnocchi.f08f6324-915b-4918-9ac5-73947eb38c6f/1763640000.0_mean_300.0_v3" 201 - "PUT http://[::1]:8080/v1/AUTH_d8c5e0069fac460689fc06414f238cc2/gnocchi.f08f6324-915b-4918-9ac5-73947eb38c6f/1763640000.0_mean_300.0_v3" "tx6e9f923ce284433fa3e30-00692c8f8b" "proxy-server 92966" 0.0125 "-" 96900 0
Nov 30 13:40:11 np0005540243.novalocal object-server[96901]: ::1 - - [30/Nov/2025:18:40:11 +0000] "PUT /2/234918/AUTH_d8c5e0069fac460689fc06414f238cc2/gnocchi.f08f6324-915b-4918-9ac5-73947eb38c6f/1763640000.0_mean_300.0_v3" 201 - "PUT http://[::1]:8080/v1/AUTH_d8c5e0069fac460689fc06414f238cc2/gnocchi.f08f6324-915b-4918-9ac5-73947eb38c6f/1763640000.0_mean_300.0_v3" "tx6e9f923ce284433fa3e30-00692c8f8b" "proxy-server 92966" 0.0149 "-" 96901 0
Nov 30 13:40:11 np0005540243.novalocal proxy-server[92966]: ::1 ::1 30/Nov/2025/18/40/11 PUT /v1/AUTH_d8c5e0069fac460689fc06414f238cc2/gnocchi.f08f6324-915b-4918-9ac5-73947eb38c6f/1763640000.0_mean_300.0_v3 HTTP/1.0 201 - python-swiftclient-4.2.0 gAAAAABpLI9eQPaN... 23 - - tx6e9f923ce284433fa3e30-00692c8f8b - 0.0227 - - 1764528011.873710871 1764528011.896396875 0
Nov 30 13:40:11 np0005540243.novalocal container-server[96605]: ::1 - - [30/Nov/2025:18:40:11 +0000] "PUT /2/202977/AUTH_d8c5e0069fac460689fc06414f238cc2/gnocchi.dd1a5807-80b2-4d56-bf22-ba2e54c32d7b/1763640000.0_mean_300.0_v3" 201 - "PUT http://[::1]:8080/1/49582/AUTH_d8c5e0069fac460689fc06414f238cc2/gnocchi.dd1a5807-80b2-4d56-bf22-ba2e54c32d7b/1763640000.0_mean_300.0_v3" "tx0cd13591db1843de9799e-00692c8f8b" "object-server 96901" 0.0006 "-" 96605 0
Nov 30 13:40:11 np0005540243.novalocal container-server[96605]: ::1 - - [30/Nov/2025:18:40:11 +0000] "PUT /1/202977/AUTH_d8c5e0069fac460689fc06414f238cc2/gnocchi.dd1a5807-80b2-4d56-bf22-ba2e54c32d7b/1763640000.0_mean_300.0_v3" 201 - "PUT http://[::1]:8080/3/49582/AUTH_d8c5e0069fac460689fc06414f238cc2/gnocchi.dd1a5807-80b2-4d56-bf22-ba2e54c32d7b/1763640000.0_mean_300.0_v3" "tx0cd13591db1843de9799e-00692c8f8b" "object-server 96901" 0.0003 "-" 96605 0
Nov 30 13:40:11 np0005540243.novalocal container-server[96605]: ::1 - - [30/Nov/2025:18:40:11 +0000] "PUT /3/202977/AUTH_d8c5e0069fac460689fc06414f238cc2/gnocchi.dd1a5807-80b2-4d56-bf22-ba2e54c32d7b/1763640000.0_mean_300.0_v3" 201 - "PUT http://[::1]:8080/2/49582/AUTH_d8c5e0069fac460689fc06414f238cc2/gnocchi.dd1a5807-80b2-4d56-bf22-ba2e54c32d7b/1763640000.0_mean_300.0_v3" "tx0cd13591db1843de9799e-00692c8f8b" "object-server 96900" 0.0004 "-" 96605 0
Nov 30 13:40:11 np0005540243.novalocal object-server[96900]: ::1 - - [30/Nov/2025:18:40:11 +0000] "PUT /2/49582/AUTH_d8c5e0069fac460689fc06414f238cc2/gnocchi.dd1a5807-80b2-4d56-bf22-ba2e54c32d7b/1763640000.0_mean_300.0_v3" 201 - "PUT http://[::1]:8080/v1/AUTH_d8c5e0069fac460689fc06414f238cc2/gnocchi.dd1a5807-80b2-4d56-bf22-ba2e54c32d7b/1763640000.0_mean_300.0_v3" "tx0cd13591db1843de9799e-00692c8f8b" "proxy-server 92965" 0.0166 "-" 96900 0
Nov 30 13:40:11 np0005540243.novalocal object-server[96901]: ::1 - - [30/Nov/2025:18:40:11 +0000] "PUT /3/49582/AUTH_d8c5e0069fac460689fc06414f238cc2/gnocchi.dd1a5807-80b2-4d56-bf22-ba2e54c32d7b/1763640000.0_mean_300.0_v3" 201 - "PUT http://[::1]:8080/v1/AUTH_d8c5e0069fac460689fc06414f238cc2/gnocchi.dd1a5807-80b2-4d56-bf22-ba2e54c32d7b/1763640000.0_mean_300.0_v3" "tx0cd13591db1843de9799e-00692c8f8b" "proxy-server 92965" 0.0153 "-" 96901 0
Nov 30 13:40:11 np0005540243.novalocal object-server[96901]: ::1 - - [30/Nov/2025:18:40:11 +0000] "PUT /1/49582/AUTH_d8c5e0069fac460689fc06414f238cc2/gnocchi.dd1a5807-80b2-4d56-bf22-ba2e54c32d7b/1763640000.0_mean_300.0_v3" 201 - "PUT http://[::1]:8080/v1/AUTH_d8c5e0069fac460689fc06414f238cc2/gnocchi.dd1a5807-80b2-4d56-bf22-ba2e54c32d7b/1763640000.0_mean_300.0_v3" "tx0cd13591db1843de9799e-00692c8f8b" "proxy-server 92965" 0.0179 "-" 96901 0
Nov 30 13:40:11 np0005540243.novalocal proxy-server[92965]: ::1 ::1 30/Nov/2025/18/40/11 PUT /v1/AUTH_d8c5e0069fac460689fc06414f238cc2/gnocchi.dd1a5807-80b2-4d56-bf22-ba2e54c32d7b/1763640000.0_mean_300.0_v3 HTTP/1.0 201 - python-swiftclient-4.2.0 gAAAAABpLI9luiBC... 23 - - tx0cd13591db1843de9799e-00692c8f8b - 0.0261 - - 1764528011.884654999 1764528011.910732746 0
Nov 30 13:40:11 np0005540243.novalocal container-server[96605]: ::1 - - [30/Nov/2025:18:40:11 +0000] "PUT /3/134055/AUTH_d8c5e0069fac460689fc06414f238cc2/gnocchi.f08f6324-915b-4918-9ac5-73947eb38c6f/none_v3" 201 - "PUT http://[::1]:8080/3/62369/AUTH_d8c5e0069fac460689fc06414f238cc2/gnocchi.f08f6324-915b-4918-9ac5-73947eb38c6f/none_v3" "tx9fd88a6368ff49f58aed4-00692c8f8b" "object-server 96902" 0.0005 "-" 96605 0
Nov 30 13:40:11 np0005540243.novalocal object-server[96902]: ::1 - - [30/Nov/2025:18:40:11 +0000] "PUT /3/62369/AUTH_d8c5e0069fac460689fc06414f238cc2/gnocchi.f08f6324-915b-4918-9ac5-73947eb38c6f/none_v3" 201 - "PUT http://[::1]:8080/v1/AUTH_d8c5e0069fac460689fc06414f238cc2/gnocchi.f08f6324-915b-4918-9ac5-73947eb38c6f/none_v3" "tx9fd88a6368ff49f58aed4-00692c8f8b" "proxy-server 92966" 0.0085 "-" 96902 0
Nov 30 13:40:11 np0005540243.novalocal container-server[96607]: ::1 - - [30/Nov/2025:18:40:11 +0000] "PUT /2/134055/AUTH_d8c5e0069fac460689fc06414f238cc2/gnocchi.f08f6324-915b-4918-9ac5-73947eb38c6f/none_v3" 201 - "PUT http://[::1]:8080/1/62369/AUTH_d8c5e0069fac460689fc06414f238cc2/gnocchi.f08f6324-915b-4918-9ac5-73947eb38c6f/none_v3" "tx9fd88a6368ff49f58aed4-00692c8f8b" "object-server 96899" 0.0015 "-" 96607 0
Nov 30 13:40:11 np0005540243.novalocal object-server[96899]: ::1 - - [30/Nov/2025:18:40:11 +0000] "PUT /1/62369/AUTH_d8c5e0069fac460689fc06414f238cc2/gnocchi.f08f6324-915b-4918-9ac5-73947eb38c6f/none_v3" 201 - "PUT http://[::1]:8080/v1/AUTH_d8c5e0069fac460689fc06414f238cc2/gnocchi.f08f6324-915b-4918-9ac5-73947eb38c6f/none_v3" "tx9fd88a6368ff49f58aed4-00692c8f8b" "proxy-server 92966" 0.0103 "-" 96899 0
Nov 30 13:40:11 np0005540243.novalocal container-server[96607]: ::1 - - [30/Nov/2025:18:40:11 +0000] "PUT /1/134055/AUTH_d8c5e0069fac460689fc06414f238cc2/gnocchi.f08f6324-915b-4918-9ac5-73947eb38c6f/none_v3" 201 - "PUT http://[::1]:8080/2/62369/AUTH_d8c5e0069fac460689fc06414f238cc2/gnocchi.f08f6324-915b-4918-9ac5-73947eb38c6f/none_v3" "tx9fd88a6368ff49f58aed4-00692c8f8b" "object-server 96900" 0.0004 "-" 96607 0
Nov 30 13:40:11 np0005540243.novalocal object-server[96900]: ::1 - - [30/Nov/2025:18:40:11 +0000] "PUT /2/62369/AUTH_d8c5e0069fac460689fc06414f238cc2/gnocchi.f08f6324-915b-4918-9ac5-73947eb38c6f/none_v3" 201 - "PUT http://[::1]:8080/v1/AUTH_d8c5e0069fac460689fc06414f238cc2/gnocchi.f08f6324-915b-4918-9ac5-73947eb38c6f/none_v3" "tx9fd88a6368ff49f58aed4-00692c8f8b" "proxy-server 92966" 0.0113 "-" 96900 0
Nov 30 13:40:11 np0005540243.novalocal proxy-server[92966]: ::1 ::1 30/Nov/2025/18/40/11 PUT /v1/AUTH_d8c5e0069fac460689fc06414f238cc2/gnocchi.f08f6324-915b-4918-9ac5-73947eb38c6f/none_v3 HTTP/1.0 201 - python-swiftclient-4.2.0 gAAAAABpLI9eQPaN... 46 - - tx9fd88a6368ff49f58aed4-00692c8f8b - 0.0200 - - 1764528011.898683071 1764528011.918707132 0
Nov 30 13:40:11 np0005540243.novalocal container-server[96606]: ::1 - - [30/Nov/2025:18:40:11 +0000] "PUT /1/202977/AUTH_d8c5e0069fac460689fc06414f238cc2/gnocchi.dd1a5807-80b2-4d56-bf22-ba2e54c32d7b/none_v3" 201 - "PUT http://[::1]:8080/3/123285/AUTH_d8c5e0069fac460689fc06414f238cc2/gnocchi.dd1a5807-80b2-4d56-bf22-ba2e54c32d7b/none_v3" "tx77bae9029a9344699268c-00692c8f8b" "object-server 96902" 0.0004 "-" 96606 0
Nov 30 13:40:11 np0005540243.novalocal object-server[96902]: ::1 - - [30/Nov/2025:18:40:11 +0000] "PUT /3/123285/AUTH_d8c5e0069fac460689fc06414f238cc2/gnocchi.dd1a5807-80b2-4d56-bf22-ba2e54c32d7b/none_v3" 201 - "PUT http://[::1]:8080/v1/AUTH_d8c5e0069fac460689fc06414f238cc2/gnocchi.dd1a5807-80b2-4d56-bf22-ba2e54c32d7b/none_v3" "tx77bae9029a9344699268c-00692c8f8b" "proxy-server 92965" 0.0131 "-" 96902 0
Nov 30 13:40:11 np0005540243.novalocal container-server[96605]: ::1 - - [30/Nov/2025:18:40:11 +0000] "PUT /3/202977/AUTH_d8c5e0069fac460689fc06414f238cc2/gnocchi.dd1a5807-80b2-4d56-bf22-ba2e54c32d7b/none_v3" 201 - "PUT http://[::1]:8080/1/123285/AUTH_d8c5e0069fac460689fc06414f238cc2/gnocchi.dd1a5807-80b2-4d56-bf22-ba2e54c32d7b/none_v3" "tx77bae9029a9344699268c-00692c8f8b" "object-server 96900" 0.0005 "-" 96605 0
Nov 30 13:40:11 np0005540243.novalocal container-server[96606]: ::1 - - [30/Nov/2025:18:40:11 +0000] "PUT /2/202977/AUTH_d8c5e0069fac460689fc06414f238cc2/gnocchi.dd1a5807-80b2-4d56-bf22-ba2e54c32d7b/none_v3" 201 - "PUT http://[::1]:8080/2/123285/AUTH_d8c5e0069fac460689fc06414f238cc2/gnocchi.dd1a5807-80b2-4d56-bf22-ba2e54c32d7b/none_v3" "tx77bae9029a9344699268c-00692c8f8b" "object-server 96900" 0.0004 "-" 96606 0
Nov 30 13:40:11 np0005540243.novalocal object-server[96900]: ::1 - - [30/Nov/2025:18:40:11 +0000] "PUT /1/123285/AUTH_d8c5e0069fac460689fc06414f238cc2/gnocchi.dd1a5807-80b2-4d56-bf22-ba2e54c32d7b/none_v3" 201 - "PUT http://[::1]:8080/v1/AUTH_d8c5e0069fac460689fc06414f238cc2/gnocchi.dd1a5807-80b2-4d56-bf22-ba2e54c32d7b/none_v3" "tx77bae9029a9344699268c-00692c8f8b" "proxy-server 92965" 0.0176 "-" 96900 0
Nov 30 13:40:11 np0005540243.novalocal object-server[96900]: ::1 - - [30/Nov/2025:18:40:11 +0000] "PUT /2/123285/AUTH_d8c5e0069fac460689fc06414f238cc2/gnocchi.dd1a5807-80b2-4d56-bf22-ba2e54c32d7b/none_v3" 201 - "PUT http://[::1]:8080/v1/AUTH_d8c5e0069fac460689fc06414f238cc2/gnocchi.dd1a5807-80b2-4d56-bf22-ba2e54c32d7b/none_v3" "tx77bae9029a9344699268c-00692c8f8b" "proxy-server 92965" 0.0160 "-" 96900 0
Nov 30 13:40:11 np0005540243.novalocal proxy-server[92965]: ::1 ::1 30/Nov/2025/18/40/11 PUT /v1/AUTH_d8c5e0069fac460689fc06414f238cc2/gnocchi.dd1a5807-80b2-4d56-bf22-ba2e54c32d7b/none_v3 HTTP/1.0 201 - python-swiftclient-4.2.0 gAAAAABpLI9luiBC... 46 - - tx77bae9029a9344699268c-00692c8f8b - 0.0255 - - 1764528011.914684534 1764528011.940167904 0
Nov 30 13:40:12 np0005540243.novalocal dnsmasq[103026]: read /var/lib/neutron/dhcp/72c895a1-95d7-46e9-84a3-6cc2c1c01136/addn_hosts - 2 addresses
Nov 30 13:40:12 np0005540243.novalocal dnsmasq-dhcp[103026]: read /var/lib/neutron/dhcp/72c895a1-95d7-46e9-84a3-6cc2c1c01136/host
Nov 30 13:40:12 np0005540243.novalocal dnsmasq-dhcp[103026]: read /var/lib/neutron/dhcp/72c895a1-95d7-46e9-84a3-6cc2c1c01136/opts
Nov 30 13:40:18 np0005540243.novalocal object-server[93603]: Starting object reconstruction pass.
Nov 30 13:40:18 np0005540243.novalocal object-server[93603]: Nothing reconstructed for 0.0003390312194824219 seconds.
Nov 30 13:40:18 np0005540243.novalocal object-server[93603]: Object reconstruction complete. (0.00 minutes)
Nov 30 13:40:19 np0005540243.novalocal account-server[96377]: Beginning replication run
Nov 30 13:40:19 np0005540243.novalocal account-server[96377]: Replication run OVER
Nov 30 13:40:19 np0005540243.novalocal account-server[96377]: Attempted to replicate 3 dbs in 0.05458 seconds (54.96103/s)
Nov 30 13:40:19 np0005540243.novalocal account-server[96377]: Removed 0 dbs
Nov 30 13:40:19 np0005540243.novalocal account-server[96377]: 6 successes, 0 failures
Nov 30 13:40:19 np0005540243.novalocal account-server[96377]: diff:0 diff_capped:0 empty:0 hashmatch:0 no_change:6 remote_merge:0 rsync:0 ts_repl:0
Nov 30 13:40:21 np0005540243.novalocal kernel: qbr94d44bd1-94: port 2(tap94d44bd1-94) entered disabled state
Nov 30 13:40:21 np0005540243.novalocal kernel: tap94d44bd1-94 (unregistering): left allmulticast mode
Nov 30 13:40:21 np0005540243.novalocal kernel: tap94d44bd1-94 (unregistering): left promiscuous mode
Nov 30 13:40:21 np0005540243.novalocal kernel: qbr94d44bd1-94: port 2(tap94d44bd1-94) entered disabled state
Nov 30 13:40:21 np0005540243.novalocal NetworkManager[856]: [1764528021.7660] device (tap94d44bd1-94): state change: activated -> unmanaged (reason 'unmanaged', managed-type: 'removed')
Nov 30 13:40:21 np0005540243.novalocal NetworkManager[856]: [1764528021.7685] device (tap94d44bd1-94): released from controller device qbr94d44bd1-94
Nov 30 13:40:21 np0005540243.novalocal object-server[96899]: ::1 - - [30/Nov/2025:18:40:21 +0000] "GET /3/157054/AUTH_d8c5e0069fac460689fc06414f238cc2/gnocchi.753ecd46-7d3e-4de3-b956-5597e9ec0fc3/none_v3" 200 44 "GET http://[::1]:8080/v1/AUTH_d8c5e0069fac460689fc06414f238cc2/gnocchi.753ecd46-7d3e-4de3-b956-5597e9ec0fc3/none_v3" "tx7f6d7ce42deb4b9aac388-00692c8f95" "proxy-server 92965" 0.0010 "-" 96899 0
Nov 30 13:40:21 np0005540243.novalocal proxy-server[92965]: ::1 ::1 30/Nov/2025/18/40/21 GET /v1/AUTH_d8c5e0069fac460689fc06414f238cc2/gnocchi.753ecd46-7d3e-4de3-b956-5597e9ec0fc3/none_v3 HTTP/1.0 200 - python-swiftclient-4.2.0 gAAAAABpLI9luiBC... - 44 - tx7f6d7ce42deb4b9aac388-00692c8f95 - 0.0119 - - 1764528021.774712086 1764528021.786642313 0
Nov 30 13:40:21 np0005540243.novalocal object-server[96902]: ::1 - - [30/Nov/2025:18:40:21 +0000] "GET /1/1094/AUTH_d8c5e0069fac460689fc06414f238cc2/gnocchi.97077a28-e73a-4783-9633-ae4cccd67e3d/none_v3" 200 37 "GET http://[::1]:8080/v1/AUTH_d8c5e0069fac460689fc06414f238cc2/gnocchi.97077a28-e73a-4783-9633-ae4cccd67e3d/none_v3" "tx66e1d2e729794851bc17e-00692c8f95" "proxy-server 92966" 0.0008 "-" 96902 0
Nov 30 13:40:21 np0005540243.novalocal proxy-server[92966]: ::1 ::1 30/Nov/2025/18/40/21 GET /v1/AUTH_d8c5e0069fac460689fc06414f238cc2/gnocchi.97077a28-e73a-4783-9633-ae4cccd67e3d/none_v3 HTTP/1.0 200 - python-swiftclient-4.2.0 gAAAAABpLI9eQPaN... - 37 - tx66e1d2e729794851bc17e-00692c8f95 - 0.0076 - - 1764528021.782947779 1764528021.790551901 0
Nov 30 13:40:21 np0005540243.novalocal systemd[1]: Starting Network Manager Script Dispatcher Service...
Nov 30 13:40:21 np0005540243.novalocal systemd[1]: machine-qemu\x2d1\x2dinstance\x2d00000001.scope: Deactivated successfully.
Nov 30 13:40:21 np0005540243.novalocal systemd[1]: machine-qemu\x2d1\x2dinstance\x2d00000001.scope: Consumed 14.056s CPU time.
Nov 30 13:40:21 np0005540243.novalocal systemd-machined[94307]: Machine qemu-1-instance-00000001 terminated.
Nov 30 13:40:21 np0005540243.novalocal container-server[96606]: ::1 - - [30/Nov/2025:18:40:21 +0000] "GET /3/67019/AUTH_d8c5e0069fac460689fc06414f238cc2/gnocchi.753ecd46-7d3e-4de3-b956-5597e9ec0fc3" 200 357 "GET http://[::1]:8080/v1/AUTH_d8c5e0069fac460689fc06414f238cc2/gnocchi.753ecd46-7d3e-4de3-b956-5597e9ec0fc3?format=json&states=listing" "tx83c2edf6e43c4a5599067-00692c8f95" "proxy-server 92965" 0.0128 "-" 96606 0
Nov 30 13:40:21 np0005540243.novalocal proxy-server[92965]: ::1 ::1 30/Nov/2025/18/40/21 GET /v1/AUTH_d8c5e0069fac460689fc06414f238cc2/gnocchi.753ecd46-7d3e-4de3-b956-5597e9ec0fc3%3Fformat%3Djson%26states%3Dlisting HTTP/1.0 200 - python-swiftclient-4.2.0 gAAAAABpLI9luiBC... - 357 - tx83c2edf6e43c4a5599067-00692c8f95 - 0.0219 - - 1764528021.790282488 1764528021.812210798 0
Nov 30 13:40:21 np0005540243.novalocal container-server[96606]: ::1 - - [30/Nov/2025:18:40:21 +0000] "GET /2/38936/AUTH_d8c5e0069fac460689fc06414f238cc2/gnocchi.97077a28-e73a-4783-9633-ae4cccd67e3d" 200 357 "GET http://[::1]:8080/v1/AUTH_d8c5e0069fac460689fc06414f238cc2/gnocchi.97077a28-e73a-4783-9633-ae4cccd67e3d?format=json&states=listing" "txbfdcaaa246b04be1803bf-00692c8f95" "proxy-server 92966" 0.0071 "-" 96606 0
Nov 30 13:40:21 np0005540243.novalocal proxy-server[92966]: ::1 ::1 30/Nov/2025/18/40/21 GET /v1/AUTH_d8c5e0069fac460689fc06414f238cc2/gnocchi.97077a28-e73a-4783-9633-ae4cccd67e3d%3Fformat%3Djson%26states%3Dlisting HTTP/1.0 200 - python-swiftclient-4.2.0 gAAAAABpLI9eQPaN... - 357 - txbfdcaaa246b04be1803bf-00692c8f95 - 0.0196 - - 1764528021.799358606 1764528021.818960190 0
Nov 30 13:40:21 np0005540243.novalocal container-server[96607]: ::1 - - [30/Nov/2025:18:40:21 +0000] "GET /1/67019/AUTH_d8c5e0069fac460689fc06414f238cc2/gnocchi.753ecd46-7d3e-4de3-b956-5597e9ec0fc3" 200 2 "GET http://[::1]:8080/v1/AUTH_d8c5e0069fac460689fc06414f238cc2/gnocchi.753ecd46-7d3e-4de3-b956-5597e9ec0fc3?format=json&marker=none_v3&states=listing" "tx48b93f9ccc334c16a72a0-00692c8f95" "proxy-server 92965" 0.0077 "-" 96607 0
Nov 30 13:40:21 np0005540243.novalocal proxy-server[92965]: ::1 ::1 30/Nov/2025/18/40/21 GET /v1/AUTH_d8c5e0069fac460689fc06414f238cc2/gnocchi.753ecd46-7d3e-4de3-b956-5597e9ec0fc3%3Fformat%3Djson%26marker%3Dnone_v3%26states%3Dlisting HTTP/1.0 200 - python-swiftclient-4.2.0 gAAAAABpLI9luiBC... - 2 - tx48b93f9ccc334c16a72a0-00692c8f95 - 0.0137 - - 1764528021.815048933 1764528021.828783274 0
Nov 30 13:40:21 np0005540243.novalocal container-server[96606]: ::1 - - [30/Nov/2025:18:40:21 +0000] "GET /2/38936/AUTH_d8c5e0069fac460689fc06414f238cc2/gnocchi.97077a28-e73a-4783-9633-ae4cccd67e3d" 200 2 "GET http://[::1]:8080/v1/AUTH_d8c5e0069fac460689fc06414f238cc2/gnocchi.97077a28-e73a-4783-9633-ae4cccd67e3d?format=json&marker=none_v3&states=listing" "txfb1ffc05e07d4ed3a4aad-00692c8f95" "proxy-server 92966" 0.0018 "-" 96606 0
Nov 30 13:40:21 np0005540243.novalocal proxy-server[92966]: ::1 ::1 30/Nov/2025/18/40/21 GET /v1/AUTH_d8c5e0069fac460689fc06414f238cc2/gnocchi.97077a28-e73a-4783-9633-ae4cccd67e3d%3Fformat%3Djson%26marker%3Dnone_v3%26states%3Dlisting HTTP/1.0 200 - python-swiftclient-4.2.0 gAAAAABpLI9eQPaN... - 2 - txfb1ffc05e07d4ed3a4aad-00692c8f95 - 0.0104 - - 1764528021.822988272 1764528021.833362341 0
Nov 30 13:40:21 np0005540243.novalocal object-server[96902]: ::1 - - [30/Nov/2025:18:40:21 +0000] "GET /2/20822/AUTH_d8c5e0069fac460689fc06414f238cc2/gnocchi.753ecd46-7d3e-4de3-b956-5597e9ec0fc3/1763640000.0_mean_300.0_v3" 200 22 "GET http://[::1]:8080/v1/AUTH_d8c5e0069fac460689fc06414f238cc2/gnocchi.753ecd46-7d3e-4de3-b956-5597e9ec0fc3/1763640000.0_mean_300.0_v3" "tx0061cfa93f524bec86c1d-00692c8f95" "proxy-server 92965" 0.0006 "-" 96902 0
Nov 30 13:40:21 np0005540243.novalocal proxy-server[92965]: ::1 ::1 30/Nov/2025/18/40/21 GET /v1/AUTH_d8c5e0069fac460689fc06414f238cc2/gnocchi.753ecd46-7d3e-4de3-b956-5597e9ec0fc3/1763640000.0_mean_300.0_v3 HTTP/1.0 200 - python-swiftclient-4.2.0 gAAAAABpLI9luiBC... - 22 - tx0061cfa93f524bec86c1d-00692c8f95 - 0.0050 - - 1764528021.832146645 1764528021.837130547 0
Nov 30 13:40:21 np0005540243.novalocal object-server[96900]: ::1 - - [30/Nov/2025:18:40:21 +0000] "GET /2/195089/AUTH_d8c5e0069fac460689fc06414f238cc2/gnocchi.97077a28-e73a-4783-9633-ae4cccd67e3d/1763640000.0_mean_300.0_v3" 200 18 "GET http://[::1]:8080/v1/AUTH_d8c5e0069fac460689fc06414f238cc2/gnocchi.97077a28-e73a-4783-9633-ae4cccd67e3d/1763640000.0_mean_300.0_v3" "txeb10d052ac3a4faebd8a0-00692c8f95" "proxy-server 92966" 0.0008 "-" 96900 0
Nov 30 13:40:21 np0005540243.novalocal proxy-server[92966]: ::1 ::1 30/Nov/2025/18/40/21 GET /v1/AUTH_d8c5e0069fac460689fc06414f238cc2/gnocchi.97077a28-e73a-4783-9633-ae4cccd67e3d/1763640000.0_mean_300.0_v3 HTTP/1.0 200 - python-swiftclient-4.2.0 gAAAAABpLI9eQPaN... - 18 - txeb10d052ac3a4faebd8a0-00692c8f95 - 0.0081 - - 1764528021.836488247 1764528021.844553947 0
Nov 30 13:40:21 np0005540243.novalocal container-server[96606]: ::1 - - [30/Nov/2025:18:40:21 +0000] "PUT /2/67019/AUTH_d8c5e0069fac460689fc06414f238cc2/gnocchi.753ecd46-7d3e-4de3-b956-5597e9ec0fc3/1763640000.0_mean_300.0_v3" 201 - "PUT http://[::1]:8080/1/20822/AUTH_d8c5e0069fac460689fc06414f238cc2/gnocchi.753ecd46-7d3e-4de3-b956-5597e9ec0fc3/1763640000.0_mean_300.0_v3" "tx70d7b4648d3e4089a05f6-00692c8f95" "object-server 96902" 0.0005 "-" 96606 0
Nov 30 13:40:21 np0005540243.novalocal container-server[96605]: ::1 - - [30/Nov/2025:18:40:21 +0000] "PUT /3/67019/AUTH_d8c5e0069fac460689fc06414f238cc2/gnocchi.753ecd46-7d3e-4de3-b956-5597e9ec0fc3/1763640000.0_mean_300.0_v3" 201 - "PUT http://[::1]:8080/2/20822/AUTH_d8c5e0069fac460689fc06414f238cc2/gnocchi.753ecd46-7d3e-4de3-b956-5597e9ec0fc3/1763640000.0_mean_300.0_v3" "tx70d7b4648d3e4089a05f6-00692c8f95" "object-server 96900" 0.0004 "-" 96605 0
Nov 30 13:40:21 np0005540243.novalocal container-server[96608]: ::1 - - [30/Nov/2025:18:40:21 +0000] "PUT /1/67019/AUTH_d8c5e0069fac460689fc06414f238cc2/gnocchi.753ecd46-7d3e-4de3-b956-5597e9ec0fc3/1763640000.0_mean_300.0_v3" 201 - "PUT http://[::1]:8080/3/20822/AUTH_d8c5e0069fac460689fc06414f238cc2/gnocchi.753ecd46-7d3e-4de3-b956-5597e9ec0fc3/1763640000.0_mean_300.0_v3" "tx70d7b4648d3e4089a05f6-00692c8f95" "object-server 96902" 0.0004 "-" 96608 0
Nov 30 13:40:21 np0005540243.novalocal object-server[96902]: ::1 - - [30/Nov/2025:18:40:21 +0000] "PUT /3/20822/AUTH_d8c5e0069fac460689fc06414f238cc2/gnocchi.753ecd46-7d3e-4de3-b956-5597e9ec0fc3/1763640000.0_mean_300.0_v3" 201 - "PUT http://[::1]:8080/v1/AUTH_d8c5e0069fac460689fc06414f238cc2/gnocchi.753ecd46-7d3e-4de3-b956-5597e9ec0fc3/1763640000.0_mean_300.0_v3" "tx70d7b4648d3e4089a05f6-00692c8f95" "proxy-server 92965" 0.0153 "-" 96902 0
Nov 30 13:40:21 np0005540243.novalocal object-server[96902]: ::1 - - [30/Nov/2025:18:40:21 +0000] "PUT /1/20822/AUTH_d8c5e0069fac460689fc06414f238cc2/gnocchi.753ecd46-7d3e-4de3-b956-5597e9ec0fc3/1763640000.0_mean_300.0_v3" 201 - "PUT http://[::1]:8080/v1/AUTH_d8c5e0069fac460689fc06414f238cc2/gnocchi.753ecd46-7d3e-4de3-b956-5597e9ec0fc3/1763640000.0_mean_300.0_v3" "tx70d7b4648d3e4089a05f6-00692c8f95" "proxy-server 92965" 0.0148 "-" 96902 0
Nov 30 13:40:21 np0005540243.novalocal object-server[96900]: ::1 - - [30/Nov/2025:18:40:21 +0000] "PUT /2/20822/AUTH_d8c5e0069fac460689fc06414f238cc2/gnocchi.753ecd46-7d3e-4de3-b956-5597e9ec0fc3/1763640000.0_mean_300.0_v3" 201 - "PUT http://[::1]:8080/v1/AUTH_d8c5e0069fac460689fc06414f238cc2/gnocchi.753ecd46-7d3e-4de3-b956-5597e9ec0fc3/1763640000.0_mean_300.0_v3" "tx70d7b4648d3e4089a05f6-00692c8f95" "proxy-server 92965" 0.0138 "-" 96900 0
Nov 30 13:40:21 np0005540243.novalocal proxy-server[92965]: ::1 ::1 30/Nov/2025/18/40/21 PUT /v1/AUTH_d8c5e0069fac460689fc06414f238cc2/gnocchi.753ecd46-7d3e-4de3-b956-5597e9ec0fc3/1763640000.0_mean_300.0_v3 HTTP/1.0 201 - python-swiftclient-4.2.0 gAAAAABpLI9luiBC... 22 - - tx70d7b4648d3e4089a05f6-00692c8f95 - 0.0227 - - 1764528021.839498281 1764528021.862214088 0
Nov 30 13:40:21 np0005540243.novalocal systemd[1]: Started Network Manager Script Dispatcher Service.
Nov 30 13:40:21 np0005540243.novalocal container-server[96606]: ::1 - - [30/Nov/2025:18:40:21 +0000] "PUT /2/38936/AUTH_d8c5e0069fac460689fc06414f238cc2/gnocchi.97077a28-e73a-4783-9633-ae4cccd67e3d/1763640000.0_mean_300.0_v3" 201 - "PUT http://[::1]:8080/2/195089/AUTH_d8c5e0069fac460689fc06414f238cc2/gnocchi.97077a28-e73a-4783-9633-ae4cccd67e3d/1763640000.0_mean_300.0_v3" "tx8afe61e607cd49ae8b180-00692c8f95" "object-server 96902" 0.0004 "-" 96606 0
Nov 30 13:40:21 np0005540243.novalocal object-server[96902]: ::1 - - [30/Nov/2025:18:40:21 +0000] "PUT /2/195089/AUTH_d8c5e0069fac460689fc06414f238cc2/gnocchi.97077a28-e73a-4783-9633-ae4cccd67e3d/1763640000.0_mean_300.0_v3" 201 - "PUT http://[::1]:8080/v1/AUTH_d8c5e0069fac460689fc06414f238cc2/gnocchi.97077a28-e73a-4783-9633-ae4cccd67e3d/1763640000.0_mean_300.0_v3" "tx8afe61e607cd49ae8b180-00692c8f95" "proxy-server 92966" 0.0101 "-" 96902 0
Nov 30 13:40:21 np0005540243.novalocal container-server[96606]: ::1 - - [30/Nov/2025:18:40:21 +0000] "PUT /3/38936/AUTH_d8c5e0069fac460689fc06414f238cc2/gnocchi.97077a28-e73a-4783-9633-ae4cccd67e3d/1763640000.0_mean_300.0_v3" 201 - "PUT http://[::1]:8080/1/195089/AUTH_d8c5e0069fac460689fc06414f238cc2/gnocchi.97077a28-e73a-4783-9633-ae4cccd67e3d/1763640000.0_mean_300.0_v3" "tx8afe61e607cd49ae8b180-00692c8f95" "object-server 96901" 0.0003 "-" 96606 0
