Nov 30 13:40:44 np0005540243.novalocal kernel: qbr622255ff-1f: port 2(tap622255ff-1f) entered blocking state
Nov 30 13:40:44 np0005540243.novalocal kernel: qbr622255ff-1f: port 2(tap622255ff-1f) entered forwarding state
Nov 30 13:40:44 np0005540243.novalocal NetworkManager[856]: [1764528044.4895] manager: (tap622255ff-1f): new Tun device (/org/freedesktop/NetworkManager/Devices/36)
Nov 30 13:40:44 np0005540243.novalocal libvirtd[98951]: Domain id=3 name='instance-00000003' uuid=b14cdd5b-e657-4fbe-962f-0d43aea1dd93 is tainted: deprecated-config (machine type 'pc-i440fx-rhel7.6.0')
Nov 30 13:40:44 np0005540243.novalocal libvirtd[98951]: Domain id=3 name='instance-00000003' uuid=b14cdd5b-e657-4fbe-962f-0d43aea1dd93 is tainted: deprecated-config (CPU model 'qemu64')
Nov 30 13:40:44 np0005540243.novalocal NetworkManager[856]: [1764528044.5114] device (tap622255ff-1f): state change: unmanaged -> unavailable (reason 'connection-assumed', managed-type: 'external')
Nov 30 13:40:44 np0005540243.novalocal NetworkManager[856]: [1764528044.5120] device (tap622255ff-1f): state change: unavailable -> disconnected (reason 'connection-assumed', managed-type: 'external')
Nov 30 13:40:44 np0005540243.novalocal NetworkManager[856]: [1764528044.5125] device (tap622255ff-1f): Activation: starting connection 'tap622255ff-1f' (474931f5-1d0f-4ee2-b885-78973db6da1f)
Nov 30 13:40:44 np0005540243.novalocal NetworkManager[856]: [1764528044.5125] device (tap622255ff-1f): state change: disconnected -> prepare (reason 'none', managed-type: 'external')
Nov 30 13:40:44 np0005540243.novalocal NetworkManager[856]: [1764528044.5127] device (tap622255ff-1f): state change: prepare -> config (reason 'none', managed-type: 'external')
Nov 30 13:40:44 np0005540243.novalocal NetworkManager[856]: [1764528044.5128] device (tap622255ff-1f): state change: config -> ip-config (reason 'none', managed-type: 'external')
Nov 30 13:40:44 np0005540243.novalocal NetworkManager[856]: [1764528044.5129] device (qbr622255ff-1f): bridge port tap622255ff-1f was attached
Nov 30 13:40:44 np0005540243.novalocal NetworkManager[856]: [1764528044.5129] device (tap622255ff-1f): Activation: connection 'tap622255ff-1f' attached as port, continuing activation
Nov 30 13:40:44 np0005540243.novalocal NetworkManager[856]: [1764528044.5131] device (tap622255ff-1f): state change: ip-config -> ip-check (reason 'none', managed-type: 'external')
Nov 30 13:40:44 np0005540243.novalocal NetworkManager[856]: [1764528044.5142] device (tap622255ff-1f): state change: ip-check -> secondaries (reason 'none', managed-type: 'external')
Nov 30 13:40:44 np0005540243.novalocal NetworkManager[856]: [1764528044.5143] device (tap622255ff-1f): state change: secondaries -> activated (reason 'none', managed-type: 'external')
Nov 30 13:40:44 np0005540243.novalocal NetworkManager[856]: [1764528044.5147] device (tap622255ff-1f): Activation: successful, device activated.
Nov 30 13:40:44 np0005540243.novalocal systemd-machined[94307]: New machine qemu-3-instance-00000003.
Nov 30 13:40:44 np0005540243.novalocal systemd[1]: Started Virtual Machine qemu-3-instance-00000003.
Nov 30 13:40:44 np0005540243.novalocal systemd[1]: iscsi.service: Unit cannot be reloaded because it is inactive.
Nov 30 13:40:46 np0005540243.novalocal object-server[104437]: Object audit (ALL) "forever" mode completed: 10.81s. Total quarantined: 0, Total errors: 0, Total files/sec: 6.11, Total bytes/sec: 9072752.25, Auditing time: 10.79, Rate: 1.00
Nov 30 13:40:46 np0005540243.novalocal account-server[96312]: ::1 - - [30/Nov/2025:18:40:46 +0000] "HEAD /3/36782/AUTH_d8c5e0069fac460689fc06414f238cc2" 204 - "HEAD http://[::1]:8080/v1/AUTH_d8c5e0069fac460689fc06414f238cc2?format=json" "tx9e08b0164d73485891109-00692c8fae" "proxy-server 92965" 0.0099 "-" 96312 -
Nov 30 13:40:46 np0005540243.novalocal account-server[96312]: ::1 - - [30/Nov/2025:18:40:46 +0000] "HEAD /2/36782/AUTH_d8c5e0069fac460689fc06414f238cc2" 204 - "HEAD http://[::1]:8080/v1/AUTH_d8c5e0069fac460689fc06414f238cc2?format=json" "tx791beefa6aba4023a86fc-00692c8fae" "proxy-server 92966" 0.0012 "-" 96312 -
Nov 30 13:40:46 np0005540243.novalocal container-server[96608]: ::1 - - [30/Nov/2025:18:40:46 +0000] "HEAD /3/259252/AUTH_d8c5e0069fac460689fc06414f238cc2/gnocchi.7f782626-7bb0-4713-9f9f-56562dfc34f2" 404 - "HEAD http://[::1]:8080/v1/AUTH_d8c5e0069fac460689fc06414f238cc2/gnocchi.7f782626-7bb0-4713-9f9f-56562dfc34f2?format=json&states=listing" "tx9e08b0164d73485891109-00692c8fae" "proxy-server 92965" 0.0004 "-" 96608 0
Nov 30 13:40:46 np0005540243.novalocal container-server[96608]: ::1 - - [30/Nov/2025:18:40:46 +0000] "HEAD /1/259252/AUTH_d8c5e0069fac460689fc06414f238cc2/gnocchi.7f782626-7bb0-4713-9f9f-56562dfc34f2" 404 - "HEAD http://[::1]:8080/v1/AUTH_d8c5e0069fac460689fc06414f238cc2/gnocchi.7f782626-7bb0-4713-9f9f-56562dfc34f2?format=json&states=listing" "tx9e08b0164d73485891109-00692c8fae" "proxy-server 92965" 0.0003 "-" 96608 0
Nov 30 13:40:46 np0005540243.novalocal container-server[96607]: ::1 - - [30/Nov/2025:18:40:46 +0000] "HEAD /2/259252/AUTH_d8c5e0069fac460689fc06414f238cc2/gnocchi.7f782626-7bb0-4713-9f9f-56562dfc34f2" 404 - "HEAD http://[::1]:8080/v1/AUTH_d8c5e0069fac460689fc06414f238cc2/gnocchi.7f782626-7bb0-4713-9f9f-56562dfc34f2?format=json&states=listing" "tx9e08b0164d73485891109-00692c8fae" "proxy-server 92965" 0.0003 "-" 96607 0
Nov 30 13:40:46 np0005540243.novalocal container-server[96607]: ::1 - - [30/Nov/2025:18:40:46 +0000] "HEAD /3/135310/AUTH_d8c5e0069fac460689fc06414f238cc2/gnocchi.d96897a9-8a9c-40da-8c8d-ed5dd0330f6f" 404 - "HEAD http://[::1]:8080/v1/AUTH_d8c5e0069fac460689fc06414f238cc2/gnocchi.d96897a9-8a9c-40da-8c8d-ed5dd0330f6f?format=json&states=listing" "tx791beefa6aba4023a86fc-00692c8fae" "proxy-server 92966" 0.0002 "-" 96607 0
Nov 30 13:40:46 np0005540243.novalocal container-server[96608]: ::1 - - [30/Nov/2025:18:40:46 +0000] "HEAD /1/135310/AUTH_d8c5e0069fac460689fc06414f238cc2/gnocchi.d96897a9-8a9c-40da-8c8d-ed5dd0330f6f" 404 - "HEAD http://[::1]:8080/v1/AUTH_d8c5e0069fac460689fc06414f238cc2/gnocchi.d96897a9-8a9c-40da-8c8d-ed5dd0330f6f?format=json&states=listing" "tx791beefa6aba4023a86fc-00692c8fae" "proxy-server 92966" 0.0003 "-" 96608 0
Nov 30 13:40:46 np0005540243.novalocal object-server[96902]: ::1 - - [30/Nov/2025:18:40:46 +0000] "GET /3/164864/AUTH_d8c5e0069fac460689fc06414f238cc2/gnocchi.7f782626-7bb0-4713-9f9f-56562dfc34f2/none_v3" 404 70 "GET http://[::1]:8080/v1/AUTH_d8c5e0069fac460689fc06414f238cc2/gnocchi.7f782626-7bb0-4713-9f9f-56562dfc34f2/none_v3" "tx9e08b0164d73485891109-00692c8fae" "proxy-server 92965" 0.0003 "-" 96902 0
Nov 30 13:40:46 np0005540243.novalocal container-server[96608]: ::1 - - [30/Nov/2025:18:40:46 +0000] "HEAD /2/135310/AUTH_d8c5e0069fac460689fc06414f238cc2/gnocchi.d96897a9-8a9c-40da-8c8d-ed5dd0330f6f" 404 - "HEAD http://[::1]:8080/v1/AUTH_d8c5e0069fac460689fc06414f238cc2/gnocchi.d96897a9-8a9c-40da-8c8d-ed5dd0330f6f?format=json&states=listing" "tx791beefa6aba4023a86fc-00692c8fae" "proxy-server 92966" 0.0003 "-" 96608 0
Nov 30 13:40:46 np0005540243.novalocal object-server[96899]: ::1 - - [30/Nov/2025:18:40:46 +0000] "GET /2/164864/AUTH_d8c5e0069fac460689fc06414f238cc2/gnocchi.7f782626-7bb0-4713-9f9f-56562dfc34f2/none_v3" 404 70 "GET http://[::1]:8080/v1/AUTH_d8c5e0069fac460689fc06414f238cc2/gnocchi.7f782626-7bb0-4713-9f9f-56562dfc34f2/none_v3" "tx9e08b0164d73485891109-00692c8fae" "proxy-server 92965" 0.0003 "-" 96899 0
Nov 30 13:40:46 np0005540243.novalocal object-server[96900]: ::1 - - [30/Nov/2025:18:40:46 +0000] "GET /1/164864/AUTH_d8c5e0069fac460689fc06414f238cc2/gnocchi.7f782626-7bb0-4713-9f9f-56562dfc34f2/none_v3" 404 70 "GET http://[::1]:8080/v1/AUTH_d8c5e0069fac460689fc06414f238cc2/gnocchi.7f782626-7bb0-4713-9f9f-56562dfc34f2/none_v3" "tx9e08b0164d73485891109-00692c8fae" "proxy-server 92965" 0.0003 "-" 96900 0
Nov 30 13:40:46 np0005540243.novalocal proxy-server[92965]: ::1 ::1 30/Nov/2025/18/40/46 GET /v1/AUTH_d8c5e0069fac460689fc06414f238cc2/gnocchi.7f782626-7bb0-4713-9f9f-56562dfc34f2/none_v3 HTTP/1.0 404 - python-swiftclient-4.2.0 gAAAAABpLI9luiBC... - 70 - tx9e08b0164d73485891109-00692c8fae - 0.0479 - - 1764528046.073089838 1764528046.120973110 0
Nov 30 13:40:46 np0005540243.novalocal object-server[96899]: ::1 - - [30/Nov/2025:18:40:46 +0000] "GET /3/730/AUTH_d8c5e0069fac460689fc06414f238cc2/gnocchi.d96897a9-8a9c-40da-8c8d-ed5dd0330f6f/none_v3" 404 70 "GET http://[::1]:8080/v1/AUTH_d8c5e0069fac460689fc06414f238cc2/gnocchi.d96897a9-8a9c-40da-8c8d-ed5dd0330f6f/none_v3" "tx791beefa6aba4023a86fc-00692c8fae" "proxy-server 92966" 0.0003 "-" 96899 0
Nov 30 13:40:46 np0005540243.novalocal object-server[96901]: ::1 - - [30/Nov/2025:18:40:46 +0000] "GET /2/730/AUTH_d8c5e0069fac460689fc06414f238cc2/gnocchi.d96897a9-8a9c-40da-8c8d-ed5dd0330f6f/none_v3" 404 70 "GET http://[::1]:8080/v1/AUTH_d8c5e0069fac460689fc06414f238cc2/gnocchi.d96897a9-8a9c-40da-8c8d-ed5dd0330f6f/none_v3" "tx791beefa6aba4023a86fc-00692c8fae" "proxy-server 92966" 0.0003 "-" 96901 0
Nov 30 13:40:46 np0005540243.novalocal object-server[96900]: ::1 - - [30/Nov/2025:18:40:46 +0000] "GET /1/730/AUTH_d8c5e0069fac460689fc06414f238cc2/gnocchi.d96897a9-8a9c-40da-8c8d-ed5dd0330f6f/none_v3" 404 70 "GET http://[::1]:8080/v1/AUTH_d8c5e0069fac460689fc06414f238cc2/gnocchi.d96897a9-8a9c-40da-8c8d-ed5dd0330f6f/none_v3" "tx791beefa6aba4023a86fc-00692c8fae" "proxy-server 92966" 0.0003 "-" 96900 0
Nov 30 13:40:46 np0005540243.novalocal proxy-server[92966]: ::1 ::1 30/Nov/2025/18/40/46 GET /v1/AUTH_d8c5e0069fac460689fc06414f238cc2/gnocchi.d96897a9-8a9c-40da-8c8d-ed5dd0330f6f/none_v3 HTTP/1.0 404 - python-swiftclient-4.2.0 gAAAAABpLI9eQPaN... - 70 - tx791beefa6aba4023a86fc-00692c8fae - 0.0560 - - 1764528046.079895020 1764528046.135939121 0
Nov 30 13:40:46 np0005540243.novalocal account-server[96311]: ::1 - - [30/Nov/2025:18:40:46 +0000] "PUT /3/36782/AUTH_d8c5e0069fac460689fc06414f238cc2/gnocchi.7f782626-7bb0-4713-9f9f-56562dfc34f2" 201 - "PUT http://[::1]:6001/2/259252/AUTH_d8c5e0069fac460689fc06414f238cc2/gnocchi.7f782626-7bb0-4713-9f9f-56562dfc34f2" "tx534a20942d314a3d90108-00692c8fae" "container-server 96607" 0.0012 "-" 96311 0
Nov 30 13:40:46 np0005540243.novalocal container-server[96607]: ::1 - - [30/Nov/2025:18:40:46 +0000] "PUT /2/259252/AUTH_d8c5e0069fac460689fc06414f238cc2/gnocchi.7f782626-7bb0-4713-9f9f-56562dfc34f2" 201 - "PUT http://[::1]:8080/v1/AUTH_d8c5e0069fac460689fc06414f238cc2/gnocchi.7f782626-7bb0-4713-9f9f-56562dfc34f2" "tx534a20942d314a3d90108-00692c8fae" "proxy-server 92965" 0.0184 "-" 96607 0
Nov 30 13:40:46 np0005540243.novalocal account-server[96312]: ::1 - - [30/Nov/2025:18:40:46 +0000] "PUT /1/36782/AUTH_d8c5e0069fac460689fc06414f238cc2/gnocchi.7f782626-7bb0-4713-9f9f-56562dfc34f2" 201 - "PUT http://[::1]:6001/1/259252/AUTH_d8c5e0069fac460689fc06414f238cc2/gnocchi.7f782626-7bb0-4713-9f9f-56562dfc34f2" "tx534a20942d314a3d90108-00692c8fae" "container-server 96608" 0.0013 "-" 96312 0
Nov 30 13:40:46 np0005540243.novalocal account-server[96312]: ::1 - - [30/Nov/2025:18:40:46 +0000] "PUT /2/36782/AUTH_d8c5e0069fac460689fc06414f238cc2/gnocchi.7f782626-7bb0-4713-9f9f-56562dfc34f2" 201 - "PUT http://[::1]:6001/3/259252/AUTH_d8c5e0069fac460689fc06414f238cc2/gnocchi.7f782626-7bb0-4713-9f9f-56562dfc34f2" "tx534a20942d314a3d90108-00692c8fae" "container-server 96608" 0.0013 "-" 96312 0
Nov 30 13:40:46 np0005540243.novalocal account-server[96312]: ::1 - - [30/Nov/2025:18:40:46 +0000] "PUT /2/36782/AUTH_d8c5e0069fac460689fc06414f238cc2/gnocchi.d96897a9-8a9c-40da-8c8d-ed5dd0330f6f" 201 - "PUT http://[::1]:6001/1/135310/AUTH_d8c5e0069fac460689fc06414f238cc2/gnocchi.d96897a9-8a9c-40da-8c8d-ed5dd0330f6f" "tx15ce60ce1895469980f8a-00692c8fae" "container-server 96605" 0.0067 "-" 96312 0
Nov 30 13:40:46 np0005540243.novalocal container-server[96605]: ::1 - - [30/Nov/2025:18:40:46 +0000] "PUT /1/135310/AUTH_d8c5e0069fac460689fc06414f238cc2/gnocchi.d96897a9-8a9c-40da-8c8d-ed5dd0330f6f" 201 - "PUT http://[::1]:8080/v1/AUTH_d8c5e0069fac460689fc06414f238cc2/gnocchi.d96897a9-8a9c-40da-8c8d-ed5dd0330f6f" "tx15ce60ce1895469980f8a-00692c8fae" "proxy-server 92966" 0.0219 "-" 96605 0
Nov 30 13:40:46 np0005540243.novalocal container-server[96608]: ::1 - - [30/Nov/2025:18:40:46 +0000] "PUT /1/259252/AUTH_d8c5e0069fac460689fc06414f238cc2/gnocchi.7f782626-7bb0-4713-9f9f-56562dfc34f2" 201 - "PUT http://[::1]:8080/v1/AUTH_d8c5e0069fac460689fc06414f238cc2/gnocchi.7f782626-7bb0-4713-9f9f-56562dfc34f2" "tx534a20942d314a3d90108-00692c8fae" "proxy-server 92965" 0.0253 "-" 96608 0
Nov 30 13:40:46 np0005540243.novalocal container-server[96608]: ::1 - - [30/Nov/2025:18:40:46 +0000] "PUT /3/259252/AUTH_d8c5e0069fac460689fc06414f238cc2/gnocchi.7f782626-7bb0-4713-9f9f-56562dfc34f2" 201 - "PUT http://[::1]:8080/v1/AUTH_d8c5e0069fac460689fc06414f238cc2/gnocchi.7f782626-7bb0-4713-9f9f-56562dfc34f2" "tx534a20942d314a3d90108-00692c8fae" "proxy-server 92965" 0.0387 "-" 96608 0
Nov 30 13:40:46 np0005540243.novalocal proxy-server[92965]: ::1 ::1 30/Nov/2025/18/40/46 PUT /v1/AUTH_d8c5e0069fac460689fc06414f238cc2/gnocchi.7f782626-7bb0-4713-9f9f-56562dfc34f2 HTTP/1.0 201 - python-swiftclient-4.2.0 gAAAAABpLI9luiBC... - - - tx534a20942d314a3d90108-00692c8fae - 0.0515 - - 1764528046.124095917 1764528046.175570250 0
Nov 30 13:40:46 np0005540243.novalocal account-server[96311]: ::1 - - [30/Nov/2025:18:40:46 +0000] "PUT /1/36782/AUTH_d8c5e0069fac460689fc06414f238cc2/gnocchi.d96897a9-8a9c-40da-8c8d-ed5dd0330f6f" 201 - "PUT http://[::1]:6001/3/135310/AUTH_d8c5e0069fac460689fc06414f238cc2/gnocchi.d96897a9-8a9c-40da-8c8d-ed5dd0330f6f" "tx15ce60ce1895469980f8a-00692c8fae" "container-server 96608" 0.0077 "-" 96311 0
Nov 30 13:40:46 np0005540243.novalocal container-server[96608]: ::1 - - [30/Nov/2025:18:40:46 +0000] "PUT /3/135310/AUTH_d8c5e0069fac460689fc06414f238cc2/gnocchi.d96897a9-8a9c-40da-8c8d-ed5dd0330f6f" 201 - "PUT http://[::1]:8080/v1/AUTH_d8c5e0069fac460689fc06414f238cc2/gnocchi.d96897a9-8a9c-40da-8c8d-ed5dd0330f6f" "tx15ce60ce1895469980f8a-00692c8fae" "proxy-server 92966" 0.0159 "-" 96608 0
Nov 30 13:40:46 np0005540243.novalocal container-server[96606]: ::1 - - [30/Nov/2025:18:40:46 +0000] "HEAD /2/259252/AUTH_d8c5e0069fac460689fc06414f238cc2/gnocchi.7f782626-7bb0-4713-9f9f-56562dfc34f2" 204 - "HEAD http://[::1]:8080/v1/AUTH_d8c5e0069fac460689fc06414f238cc2/gnocchi.7f782626-7bb0-4713-9f9f-56562dfc34f2?format=json&states=listing" "tx3e12199efb0f4056ae653-00692c8fae" "proxy-server 92965" 0.0016 "-" 96606 0
Nov 30 13:40:46 np0005540243.novalocal account-server[96311]: ::1 - - [30/Nov/2025:18:40:46 +0000] "PUT /3/36782/AUTH_d8c5e0069fac460689fc06414f238cc2/gnocchi.d96897a9-8a9c-40da-8c8d-ed5dd0330f6f" 201 - "PUT http://[::1]:6001/2/135310/AUTH_d8c5e0069fac460689fc06414f238cc2/gnocchi.d96897a9-8a9c-40da-8c8d-ed5dd0330f6f" "tx15ce60ce1895469980f8a-00692c8fae" "container-server 96608" 0.0089 "-" 96311 0
Nov 30 13:40:46 np0005540243.novalocal container-server[96608]: ::1 - - [30/Nov/2025:18:40:46 +0000] "PUT /2/135310/AUTH_d8c5e0069fac460689fc06414f238cc2/gnocchi.d96897a9-8a9c-40da-8c8d-ed5dd0330f6f" 201 - "PUT http://[::1]:8080/v1/AUTH_d8c5e0069fac460689fc06414f238cc2/gnocchi.d96897a9-8a9c-40da-8c8d-ed5dd0330f6f" "tx15ce60ce1895469980f8a-00692c8fae" "proxy-server 92966" 0.0354 "-" 96608 0
Nov 30 13:40:46 np0005540243.novalocal proxy-server[92966]: ::1 ::1 30/Nov/2025/18/40/46 PUT /v1/AUTH_d8c5e0069fac460689fc06414f238cc2/gnocchi.d96897a9-8a9c-40da-8c8d-ed5dd0330f6f HTTP/1.0 201 - python-swiftclient-4.2.0 gAAAAABpLI9eQPaN... - - - tx15ce60ce1895469980f8a-00692c8fae - 0.0537 - - 1764528046.140423059 1764528046.194081783 0
Nov 30 13:40:46 np0005540243.novalocal container-server[96605]: ::1 - - [30/Nov/2025:18:40:46 +0000] "GET /1/259252/AUTH_d8c5e0069fac460689fc06414f238cc2/gnocchi.7f782626-7bb0-4713-9f9f-56562dfc34f2" 200 2 "GET http://[::1]:8080/v1/AUTH_d8c5e0069fac460689fc06414f238cc2/gnocchi.7f782626-7bb0-4713-9f9f-56562dfc34f2?format=json&states=listing" "tx3e12199efb0f4056ae653-00692c8fae" "proxy-server 92965" 0.0034 "-" 96605 0
Nov 30 13:40:46 np0005540243.novalocal container-server[96607]: ::1 - - [30/Nov/2025:18:40:46 +0000] "HEAD /2/135310/AUTH_d8c5e0069fac460689fc06414f238cc2/gnocchi.d96897a9-8a9c-40da-8c8d-ed5dd0330f6f" 204 - "HEAD http://[::1]:8080/v1/AUTH_d8c5e0069fac460689fc06414f238cc2/gnocchi.d96897a9-8a9c-40da-8c8d-ed5dd0330f6f?format=json&states=listing" "txe7c49f8a489e4835a388b-00692c8fae" "proxy-server 92966" 0.0020 "-" 96607 0
Nov 30 13:40:46 np0005540243.novalocal proxy-server[92965]: ::1 ::1 30/Nov/2025/18/40/46 GET /v1/AUTH_d8c5e0069fac460689fc06414f238cc2/gnocchi.7f782626-7bb0-4713-9f9f-56562dfc34f2%3Fformat%3Djson%26states%3Dlisting HTTP/1.0 200 - python-swiftclient-4.2.0 gAAAAABpLI9luiBC... - 2 - tx3e12199efb0f4056ae653-00692c8fae - 0.0223 - - 1764528046.183188438 1764528046.205450535 0
Nov 30 13:40:46 np0005540243.novalocal container-server[96608]: ::1 - - [30/Nov/2025:18:40:46 +0000] "GET /3/135310/AUTH_d8c5e0069fac460689fc06414f238cc2/gnocchi.d96897a9-8a9c-40da-8c8d-ed5dd0330f6f" 200 2 "GET http://[::1]:8080/v1/AUTH_d8c5e0069fac460689fc06414f238cc2/gnocchi.d96897a9-8a9c-40da-8c8d-ed5dd0330f6f?format=json&states=listing" "txe7c49f8a489e4835a388b-00692c8fae" "proxy-server 92966" 0.0027 "-" 96608 0
Nov 30 13:40:46 np0005540243.novalocal object-server[96901]: ::1 - - [30/Nov/2025:18:40:46 +0000] "GET /1/63086/AUTH_d8c5e0069fac460689fc06414f238cc2/gnocchi.7f782626-7bb0-4713-9f9f-56562dfc34f2/1763640000.0_mean_300.0_v3" 404 70 "GET http://[::1]:8080/v1/AUTH_d8c5e0069fac460689fc06414f238cc2/gnocchi.7f782626-7bb0-4713-9f9f-56562dfc34f2/1763640000.0_mean_300.0_v3" "txb590e40b76df4e1aad0f6-00692c8fae" "proxy-server 92965" 0.0004 "-" 96901 0
Nov 30 13:40:46 np0005540243.novalocal proxy-server[92966]: ::1 ::1 30/Nov/2025/18/40/46 GET /v1/AUTH_d8c5e0069fac460689fc06414f238cc2/gnocchi.d96897a9-8a9c-40da-8c8d-ed5dd0330f6f%3Fformat%3Djson%26states%3Dlisting HTTP/1.0 200 - python-swiftclient-4.2.0 gAAAAABpLI9eQPaN... - 2 - txe7c49f8a489e4835a388b-00692c8fae - 0.0196 - - 1764528046.197284460 1764528046.216867924 0
Nov 30 13:40:46 np0005540243.novalocal object-server[96899]: ::1 - - [30/Nov/2025:18:40:46 +0000] "GET /3/63086/AUTH_d8c5e0069fac460689fc06414f238cc2/gnocchi.7f782626-7bb0-4713-9f9f-56562dfc34f2/1763640000.0_mean_300.0_v3" 404 70 "GET http://[::1]:8080/v1/AUTH_d8c5e0069fac460689fc06414f238cc2/gnocchi.7f782626-7bb0-4713-9f9f-56562dfc34f2/1763640000.0_mean_300.0_v3" "txb590e40b76df4e1aad0f6-00692c8fae" "proxy-server 92965" 0.0003 "-" 96899 0
Nov 30 13:40:46 np0005540243.novalocal object-server[96900]: ::1 - - [30/Nov/2025:18:40:46 +0000] "GET /2/63086/AUTH_d8c5e0069fac460689fc06414f238cc2/gnocchi.7f782626-7bb0-4713-9f9f-56562dfc34f2/1763640000.0_mean_300.0_v3" 404 70 "GET http://[::1]:8080/v1/AUTH_d8c5e0069fac460689fc06414f238cc2/gnocchi.7f782626-7bb0-4713-9f9f-56562dfc34f2/1763640000.0_mean_300.0_v3" "txb590e40b76df4e1aad0f6-00692c8fae" "proxy-server 92965" 0.0004 "-" 96900 0
Nov 30 13:40:46 np0005540243.novalocal proxy-server[92965]: ::1 ::1 30/Nov/2025/18/40/46 GET /v1/AUTH_d8c5e0069fac460689fc06414f238cc2/gnocchi.7f782626-7bb0-4713-9f9f-56562dfc34f2/1763640000.0_mean_300.0_v3 HTTP/1.0 404 - python-swiftclient-4.2.0 gAAAAABpLI9luiBC... - 70 - txb590e40b76df4e1aad0f6-00692c8fae - 0.0120 - - 1764528046.209557533 1764528046.221508503 0
Nov 30 13:40:46 np0005540243.novalocal object-server[96901]: ::1 - - [30/Nov/2025:18:40:46 +0000] "GET /1/146340/AUTH_d8c5e0069fac460689fc06414f238cc2/gnocchi.d96897a9-8a9c-40da-8c8d-ed5dd0330f6f/1763640000.0_mean_300.0_v3" 404 70 "GET http://[::1]:8080/v1/AUTH_d8c5e0069fac460689fc06414f238cc2/gnocchi.d96897a9-8a9c-40da-8c8d-ed5dd0330f6f/1763640000.0_mean_300.0_v3" "tx0c86725bd1b64fa5b38c0-00692c8fae" "proxy-server 92966" 0.0004 "-" 96901 0
Nov 30 13:40:46 np0005540243.novalocal object-server[96899]: ::1 - - [30/Nov/2025:18:40:46 +0000] "GET /2/146340/AUTH_d8c5e0069fac460689fc06414f238cc2/gnocchi.d96897a9-8a9c-40da-8c8d-ed5dd0330f6f/1763640000.0_mean_300.0_v3" 404 70 "GET http://[::1]:8080/v1/AUTH_d8c5e0069fac460689fc06414f238cc2/gnocchi.d96897a9-8a9c-40da-8c8d-ed5dd0330f6f/1763640000.0_mean_300.0_v3" "tx0c86725bd1b64fa5b38c0-00692c8fae" "proxy-server 92966" 0.0002 "-" 96899 0
Nov 30 13:40:46 np0005540243.novalocal object-server[96901]: ::1 - - [30/Nov/2025:18:40:46 +0000] "GET /3/146340/AUTH_d8c5e0069fac460689fc06414f238cc2/gnocchi.d96897a9-8a9c-40da-8c8d-ed5dd0330f6f/1763640000.0_mean_300.0_v3" 404 70 "GET http://[::1]:8080/v1/AUTH_d8c5e0069fac460689fc06414f238cc2/gnocchi.d96897a9-8a9c-40da-8c8d-ed5dd0330f6f/1763640000.0_mean_300.0_v3" "tx0c86725bd1b64fa5b38c0-00692c8fae" "proxy-server 92966" 0.0002 "-" 96901 0
Nov 30 13:40:46 np0005540243.novalocal container-server[96607]: ::1 - - [30/Nov/2025:18:40:46 +0000] "PUT /2/259252/AUTH_d8c5e0069fac460689fc06414f238cc2/gnocchi.7f782626-7bb0-4713-9f9f-56562dfc34f2/1763640000.0_mean_300.0_v3" 201 - "PUT http://[::1]:8080/1/63086/AUTH_d8c5e0069fac460689fc06414f238cc2/gnocchi.7f782626-7bb0-4713-9f9f-56562dfc34f2/1763640000.0_mean_300.0_v3" "tx13e170ee702442f48163f-00692c8fae" "object-server 96899" 0.0011 "-" 96607 0
Nov 30 13:40:46 np0005540243.novalocal container-server[96608]: ::1 - - [30/Nov/2025:18:40:46 +0000] "PUT /3/259252/AUTH_d8c5e0069fac460689fc06414f238cc2/gnocchi.7f782626-7bb0-4713-9f9f-56562dfc34f2/1763640000.0_mean_300.0_v3" 201 - "PUT http://[::1]:8080/3/63086/AUTH_d8c5e0069fac460689fc06414f238cc2/gnocchi.7f782626-7bb0-4713-9f9f-56562dfc34f2/1763640000.0_mean_300.0_v3" "tx13e170ee702442f48163f-00692c8fae" "object-server 96901" 0.0008 "-" 96608 0
Nov 30 13:40:46 np0005540243.novalocal object-server[96899]: ::1 - - [30/Nov/2025:18:40:46 +0000] "PUT /1/63086/AUTH_d8c5e0069fac460689fc06414f238cc2/gnocchi.7f782626-7bb0-4713-9f9f-56562dfc34f2/1763640000.0_mean_300.0_v3" 201 - "PUT http://[::1]:8080/v1/AUTH_d8c5e0069fac460689fc06414f238cc2/gnocchi.7f782626-7bb0-4713-9f9f-56562dfc34f2/1763640000.0_mean_300.0_v3" "tx13e170ee702442f48163f-00692c8fae" "proxy-server 92965" 0.0124 "-" 96899 0
Nov 30 13:40:46 np0005540243.novalocal proxy-server[92966]: ::1 ::1 30/Nov/2025/18/40/46 GET /v1/AUTH_d8c5e0069fac460689fc06414f238cc2/gnocchi.d96897a9-8a9c-40da-8c8d-ed5dd0330f6f/1763640000.0_mean_300.0_v3 HTTP/1.0 404 - python-swiftclient-4.2.0 gAAAAABpLI9eQPaN... - 70 - tx0c86725bd1b64fa5b38c0-00692c8fae - 0.0206 - - 1764528046.221579790 1764528046.242156029 0
Nov 30 13:40:46 np0005540243.novalocal object-server[96901]: ::1 - - [30/Nov/2025:18:40:46 +0000] "PUT /3/63086/AUTH_d8c5e0069fac460689fc06414f238cc2/gnocchi.7f782626-7bb0-4713-9f9f-56562dfc34f2/1763640000.0_mean_300.0_v3" 201 - "PUT http://[::1]:8080/v1/AUTH_d8c5e0069fac460689fc06414f238cc2/gnocchi.7f782626-7bb0-4713-9f9f-56562dfc34f2/1763640000.0_mean_300.0_v3" "tx13e170ee702442f48163f-00692c8fae" "proxy-server 92965" 0.0126 "-" 96901 0
Nov 30 13:40:46 np0005540243.novalocal container-server[96607]: ::1 - - [30/Nov/2025:18:40:46 +0000] "PUT /1/259252/AUTH_d8c5e0069fac460689fc06414f238cc2/gnocchi.7f782626-7bb0-4713-9f9f-56562dfc34f2/1763640000.0_mean_300.0_v3" 201 - "PUT http://[::1]:8080/2/63086/AUTH_d8c5e0069fac460689fc06414f238cc2/gnocchi.7f782626-7bb0-4713-9f9f-56562dfc34f2/1763640000.0_mean_300.0_v3" "tx13e170ee702442f48163f-00692c8fae" "object-server 96900" 0.0007 "-" 96607 0
Nov 30 13:40:46 np0005540243.novalocal object-server[96900]: ::1 - - [30/Nov/2025:18:40:46 +0000] "PUT /2/63086/AUTH_d8c5e0069fac460689fc06414f238cc2/gnocchi.7f782626-7bb0-4713-9f9f-56562dfc34f2/1763640000.0_mean_300.0_v3" 201 - "PUT http://[::1]:8080/v1/AUTH_d8c5e0069fac460689fc06414f238cc2/gnocchi.7f782626-7bb0-4713-9f9f-56562dfc34f2/1763640000.0_mean_300.0_v3" "tx13e170ee702442f48163f-00692c8fae" "proxy-server 92965" 0.0158 "-" 96900 0
Nov 30 13:40:46 np0005540243.novalocal proxy-server[92965]: ::1 ::1 30/Nov/2025/18/40/46 PUT /v1/AUTH_d8c5e0069fac460689fc06414f238cc2/gnocchi.7f782626-7bb0-4713-9f9f-56562dfc34f2/1763640000.0_mean_300.0_v3 HTTP/1.0 201 - python-swiftclient-4.2.0 gAAAAABpLI9luiBC... 16 - - tx13e170ee702442f48163f-00692c8fae - 0.0230 - - 1764528046.223800421 1764528046.246819258 0
Nov 30 13:40:46 np0005540243.novalocal container-server[96606]: ::1 - - [30/Nov/2025:18:40:46 +0000] "PUT /1/135310/AUTH_d8c5e0069fac460689fc06414f238cc2/gnocchi.d96897a9-8a9c-40da-8c8d-ed5dd0330f6f/1763640000.0_mean_300.0_v3" 201 - "PUT http://[::1]:8080/1/146340/AUTH_d8c5e0069fac460689fc06414f238cc2/gnocchi.d96897a9-8a9c-40da-8c8d-ed5dd0330f6f/1763640000.0_mean_300.0_v3" "tx5b50fe1a7f2942bd9cdf3-00692c8fae" "object-server 96902" 0.0008 "-" 96606 0
Nov 30 13:40:46 np0005540243.novalocal container-server[96605]: ::1 - - [30/Nov/2025:18:40:46 +0000] "PUT /1/259252/AUTH_d8c5e0069fac460689fc06414f238cc2/gnocchi.7f782626-7bb0-4713-9f9f-56562dfc34f2/none_v3" 201 - "PUT http://[::1]:8080/1/164864/AUTH_d8c5e0069fac460689fc06414f238cc2/gnocchi.7f782626-7bb0-4713-9f9f-56562dfc34f2/none_v3" "tx477002db60c24da0bdc65-00692c8fae" "object-server 96899" 0.0007 "-" 96605 0
Nov 30 13:40:46 np0005540243.novalocal object-server[96902]: ::1 - - [30/Nov/2025:18:40:46 +0000] "PUT /1/146340/AUTH_d8c5e0069fac460689fc06414f238cc2/gnocchi.d96897a9-8a9c-40da-8c8d-ed5dd0330f6f/1763640000.0_mean_300.0_v3" 201 - "PUT http://[::1]:8080/v1/AUTH_d8c5e0069fac460689fc06414f238cc2/gnocchi.d96897a9-8a9c-40da-8c8d-ed5dd0330f6f/1763640000.0_mean_300.0_v3" "tx5b50fe1a7f2942bd9cdf3-00692c8fae" "proxy-server 92966" 0.0140 "-" 96902 0
Nov 30 13:40:46 np0005540243.novalocal container-server[96607]: ::1 - - [30/Nov/2025:18:40:46 +0000] "PUT /3/135310/AUTH_d8c5e0069fac460689fc06414f238cc2/gnocchi.d96897a9-8a9c-40da-8c8d-ed5dd0330f6f/1763640000.0_mean_300.0_v3" 201 - "PUT http://[::1]:8080/2/146340/AUTH_d8c5e0069fac460689fc06414f238cc2/gnocchi.d96897a9-8a9c-40da-8c8d-ed5dd0330f6f/1763640000.0_mean_300.0_v3" "tx5b50fe1a7f2942bd9cdf3-00692c8fae" "object-server 96901" 0.0007 "-" 96607 0
Nov 30 13:40:46 np0005540243.novalocal object-server[96899]: ::1 - - [30/Nov/2025:18:40:46 +0000] "PUT /1/164864/AUTH_d8c5e0069fac460689fc06414f238cc2/gnocchi.7f782626-7bb0-4713-9f9f-56562dfc34f2/none_v3" 201 - "PUT http://[::1]:8080/v1/AUTH_d8c5e0069fac460689fc06414f238cc2/gnocchi.7f782626-7bb0-4713-9f9f-56562dfc34f2/none_v3" "tx477002db60c24da0bdc65-00692c8fae" "proxy-server 92965" 0.0180 "-" 96899 0
Nov 30 13:40:46 np0005540243.novalocal object-server[96901]: ::1 - - [30/Nov/2025:18:40:46 +0000] "PUT /2/146340/AUTH_d8c5e0069fac460689fc06414f238cc2/gnocchi.d96897a9-8a9c-40da-8c8d-ed5dd0330f6f/1763640000.0_mean_300.0_v3" 201 - "PUT http://[::1]:8080/v1/AUTH_d8c5e0069fac460689fc06414f238cc2/gnocchi.d96897a9-8a9c-40da-8c8d-ed5dd0330f6f/1763640000.0_mean_300.0_v3" "tx5b50fe1a7f2942bd9cdf3-00692c8fae" "proxy-server 92966" 0.0163 "-" 96901 0
Nov 30 13:40:46 np0005540243.novalocal container-server[96607]: ::1 - - [30/Nov/2025:18:40:46 +0000] "PUT /2/135310/AUTH_d8c5e0069fac460689fc06414f238cc2/gnocchi.d96897a9-8a9c-40da-8c8d-ed5dd0330f6f/1763640000.0_mean_300.0_v3" 201 - "PUT http://[::1]:8080/3/146340/AUTH_d8c5e0069fac460689fc06414f238cc2/gnocchi.d96897a9-8a9c-40da-8c8d-ed5dd0330f6f/1763640000.0_mean_300.0_v3" "tx5b50fe1a7f2942bd9cdf3-00692c8fae" "object-server 96899" 0.0006 "-" 96607 0
Nov 30 13:40:46 np0005540243.novalocal container-server[96608]: ::1 - - [30/Nov/2025:18:40:46 +0000] "PUT /3/259252/AUTH_d8c5e0069fac460689fc06414f238cc2/gnocchi.7f782626-7bb0-4713-9f9f-56562dfc34f2/none_v3" 201 - "PUT http://[::1]:8080/2/164864/AUTH_d8c5e0069fac460689fc06414f238cc2/gnocchi.7f782626-7bb0-4713-9f9f-56562dfc34f2/none_v3" "tx477002db60c24da0bdc65-00692c8fae" "object-server 96900" 0.0007 "-" 96608 0
Nov 30 13:40:46 np0005540243.novalocal object-server[96899]: ::1 - - [30/Nov/2025:18:40:46 +0000] "PUT /3/146340/AUTH_d8c5e0069fac460689fc06414f238cc2/gnocchi.d96897a9-8a9c-40da-8c8d-ed5dd0330f6f/1763640000.0_mean_300.0_v3" 201 - "PUT http://[::1]:8080/v1/AUTH_d8c5e0069fac460689fc06414f238cc2/gnocchi.d96897a9-8a9c-40da-8c8d-ed5dd0330f6f/1763640000.0_mean_300.0_v3" "tx5b50fe1a7f2942bd9cdf3-00692c8fae" "proxy-server 92966" 0.0177 "-" 96899 0
Nov 30 13:40:46 np0005540243.novalocal object-server[96900]: ::1 - - [30/Nov/2025:18:40:46 +0000] "PUT /2/164864/AUTH_d8c5e0069fac460689fc06414f238cc2/gnocchi.7f782626-7bb0-4713-9f9f-56562dfc34f2/none_v3" 201 - "PUT http://[::1]:8080/v1/AUTH_d8c5e0069fac460689fc06414f238cc2/gnocchi.7f782626-7bb0-4713-9f9f-56562dfc34f2/none_v3" "tx477002db60c24da0bdc65-00692c8fae" "proxy-server 92965" 0.0203 "-" 96900 0
Nov 30 13:40:46 np0005540243.novalocal container-server[96607]: ::1 - - [30/Nov/2025:18:40:46 +0000] "PUT /2/259252/AUTH_d8c5e0069fac460689fc06414f238cc2/gnocchi.7f782626-7bb0-4713-9f9f-56562dfc34f2/none_v3" 201 - "PUT http://[::1]:8080/3/164864/AUTH_d8c5e0069fac460689fc06414f238cc2/gnocchi.7f782626-7bb0-4713-9f9f-56562dfc34f2/none_v3" "tx477002db60c24da0bdc65-00692c8fae" "object-server 96900" 0.0005 "-" 96607 0
Nov 30 13:40:46 np0005540243.novalocal proxy-server[92966]: ::1 ::1 30/Nov/2025/18/40/46 PUT /v1/AUTH_d8c5e0069fac460689fc06414f238cc2/gnocchi.d96897a9-8a9c-40da-8c8d-ed5dd0330f6f/1763640000.0_mean_300.0_v3 HTTP/1.0 201 - python-swiftclient-4.2.0 gAAAAABpLI9eQPaN... 16 - - tx5b50fe1a7f2942bd9cdf3-00692c8fae - 0.0297 - - 1764528046.246502161 1764528046.276175976 0
Nov 30 13:40:46 np0005540243.novalocal object-server[96900]: ::1 - - [30/Nov/2025:18:40:46 +0000] "PUT /3/164864/AUTH_d8c5e0069fac460689fc06414f238cc2/gnocchi.7f782626-7bb0-4713-9f9f-56562dfc34f2/none_v3" 201 - "PUT http://[::1]:8080/v1/AUTH_d8c5e0069fac460689fc06414f238cc2/gnocchi.7f782626-7bb0-4713-9f9f-56562dfc34f2/none_v3" "tx477002db60c24da0bdc65-00692c8fae" "proxy-server 92965" 0.0175 "-" 96900 0
Nov 30 13:40:46 np0005540243.novalocal proxy-server[92965]: ::1 ::1 30/Nov/2025/18/40/46 PUT /v1/AUTH_d8c5e0069fac460689fc06414f238cc2/gnocchi.7f782626-7bb0-4713-9f9f-56562dfc34f2/none_v3 HTTP/1.0 201 - python-swiftclient-4.2.0 gAAAAABpLI9luiBC... 22 - - tx477002db60c24da0bdc65-00692c8fae - 0.0284 - - 1764528046.249609470 1764528046.278028727 0
Nov 30 13:40:46 np0005540243.novalocal container-server[96608]: ::1 - - [30/Nov/2025:18:40:46 +0000] "HEAD /2/95630/AUTH_d8c5e0069fac460689fc06414f238cc2/gnocchi.5038ce83-fbe0-4318-8628-9f0e6376a298" 404 - "HEAD http://[::1]:8080/v1/AUTH_d8c5e0069fac460689fc06414f238cc2/gnocchi.5038ce83-fbe0-4318-8628-9f0e6376a298?format=json&states=listing" "txdd8cf2635dee4a07a6bc4-00692c8fae" "proxy-server 92965" 0.0004 "-" 96608 0
Nov 30 13:40:46 np0005540243.novalocal container-server[96605]: ::1 - - [30/Nov/2025:18:40:46 +0000] "HEAD /1/95630/AUTH_d8c5e0069fac460689fc06414f238cc2/gnocchi.5038ce83-fbe0-4318-8628-9f0e6376a298" 404 - "HEAD http://[::1]:8080/v1/AUTH_d8c5e0069fac460689fc06414f238cc2/gnocchi.5038ce83-fbe0-4318-8628-9f0e6376a298?format=json&states=listing" "txdd8cf2635dee4a07a6bc4-00692c8fae" "proxy-server 92965" 0.0004 "-" 96605 0
Nov 30 13:40:46 np0005540243.novalocal container-server[96607]: ::1 - - [30/Nov/2025:18:40:46 +0000] "HEAD /3/95630/AUTH_d8c5e0069fac460689fc06414f238cc2/gnocchi.5038ce83-fbe0-4318-8628-9f0e6376a298" 404 - "HEAD http://[::1]:8080/v1/AUTH_d8c5e0069fac460689fc06414f238cc2/gnocchi.5038ce83-fbe0-4318-8628-9f0e6376a298?format=json&states=listing" "txdd8cf2635dee4a07a6bc4-00692c8fae" "proxy-server 92965" 0.0004 "-" 96607 0
Nov 30 13:40:46 np0005540243.novalocal container-server[96605]: ::1 - - [30/Nov/2025:18:40:46 +0000] "PUT /2/135310/AUTH_d8c5e0069fac460689fc06414f238cc2/gnocchi.d96897a9-8a9c-40da-8c8d-ed5dd0330f6f/none_v3" 201 - "PUT http://[::1]:8080/2/730/AUTH_d8c5e0069fac460689fc06414f238cc2/gnocchi.d96897a9-8a9c-40da-8c8d-ed5dd0330f6f/none_v3" "txe833e4ef1d9d42928462c-00692c8fae" "object-server 96901" 0.0004 "-" 96605 0
Nov 30 13:40:46 np0005540243.novalocal container-server[96608]: ::1 - - [30/Nov/2025:18:40:46 +0000] "PUT /1/135310/AUTH_d8c5e0069fac460689fc06414f238cc2/gnocchi.d96897a9-8a9c-40da-8c8d-ed5dd0330f6f/none_v3" 201 - "PUT http://[::1]:8080/3/730/AUTH_d8c5e0069fac460689fc06414f238cc2/gnocchi.d96897a9-8a9c-40da-8c8d-ed5dd0330f6f/none_v3" "txe833e4ef1d9d42928462c-00692c8fae" "object-server 96902" 0.0005 "-" 96608 0
Nov 30 13:40:46 np0005540243.novalocal object-server[96901]: ::1 - - [30/Nov/2025:18:40:46 +0000] "GET /2/37226/AUTH_d8c5e0069fac460689fc06414f238cc2/gnocchi.5038ce83-fbe0-4318-8628-9f0e6376a298/none_v3" 404 70 "GET http://[::1]:8080/v1/AUTH_d8c5e0069fac460689fc06414f238cc2/gnocchi.5038ce83-fbe0-4318-8628-9f0e6376a298/none_v3" "txdd8cf2635dee4a07a6bc4-00692c8fae" "proxy-server 92965" 0.0003 "-" 96901 0
Nov 30 13:40:46 np0005540243.novalocal container-server[96608]: ::1 - - [30/Nov/2025:18:40:46 +0000] "PUT /3/135310/AUTH_d8c5e0069fac460689fc06414f238cc2/gnocchi.d96897a9-8a9c-40da-8c8d-ed5dd0330f6f/none_v3" 201 - "PUT http://[::1]:8080/1/730/AUTH_d8c5e0069fac460689fc06414f238cc2/gnocchi.d96897a9-8a9c-40da-8c8d-ed5dd0330f6f/none_v3" "txe833e4ef1d9d42928462c-00692c8fae" "object-server 96901" 0.0004 "-" 96608 0
Nov 30 13:40:46 np0005540243.novalocal object-server[96901]: ::1 - - [30/Nov/2025:18:40:46 +0000] "PUT /2/730/AUTH_d8c5e0069fac460689fc06414f238cc2/gnocchi.d96897a9-8a9c-40da-8c8d-ed5dd0330f6f/none_v3" 201 - "PUT http://[::1]:8080/v1/AUTH_d8c5e0069fac460689fc06414f238cc2/gnocchi.d96897a9-8a9c-40da-8c8d-ed5dd0330f6f/none_v3" "txe833e4ef1d9d42928462c-00692c8fae" "proxy-server 92966" 0.0122 "-" 96901 0
Nov 30 13:40:46 np0005540243.novalocal object-server[96901]: ::1 - - [30/Nov/2025:18:40:46 +0000] "PUT /1/730/AUTH_d8c5e0069fac460689fc06414f238cc2/gnocchi.d96897a9-8a9c-40da-8c8d-ed5dd0330f6f/none_v3" 201 - "PUT http://[::1]:8080/v1/AUTH_d8c5e0069fac460689fc06414f238cc2/gnocchi.d96897a9-8a9c-40da-8c8d-ed5dd0330f6f/none_v3" "txe833e4ef1d9d42928462c-00692c8fae" "proxy-server 92966" 0.0116 "-" 96901 0
Nov 30 13:40:46 np0005540243.novalocal object-server[96902]: ::1 - - [30/Nov/2025:18:40:46 +0000] "PUT /3/730/AUTH_d8c5e0069fac460689fc06414f238cc2/gnocchi.d96897a9-8a9c-40da-8c8d-ed5dd0330f6f/none_v3" 201 - "PUT http://[::1]:8080/v1/AUTH_d8c5e0069fac460689fc06414f238cc2/gnocchi.d96897a9-8a9c-40da-8c8d-ed5dd0330f6f/none_v3" "txe833e4ef1d9d42928462c-00692c8fae" "proxy-server 92966" 0.0135 "-" 96902 0
Nov 30 13:40:46 np0005540243.novalocal proxy-server[92966]: ::1 ::1 30/Nov/2025/18/40/46 PUT /v1/AUTH_d8c5e0069fac460689fc06414f238cc2/gnocchi.d96897a9-8a9c-40da-8c8d-ed5dd0330f6f/none_v3 HTTP/1.0 201 - python-swiftclient-4.2.0 gAAAAABpLI9eQPaN... 22 - - txe833e4ef1d9d42928462c-00692c8fae - 0.0296 - - 1764528046.278883696 1764528046.308503628 0
Nov 30 13:40:46 np0005540243.novalocal object-server[96900]: ::1 - - [30/Nov/2025:18:40:46 +0000] "GET /3/37226/AUTH_d8c5e0069fac460689fc06414f238cc2/gnocchi.5038ce83-fbe0-4318-8628-9f0e6376a298/none_v3" 404 70 "GET http://[::1]:8080/v1/AUTH_d8c5e0069fac460689fc06414f238cc2/gnocchi.5038ce83-fbe0-4318-8628-9f0e6376a298/none_v3" "txdd8cf2635dee4a07a6bc4-00692c8fae" "proxy-server 92965" 0.0003 "-" 96900 0
Nov 30 13:40:46 np0005540243.novalocal object-server[96899]: ::1 - - [30/Nov/2025:18:40:46 +0000] "GET /1/37226/AUTH_d8c5e0069fac460689fc06414f238cc2/gnocchi.5038ce83-fbe0-4318-8628-9f0e6376a298/none_v3" 404 70 "GET http://[::1]:8080/v1/AUTH_d8c5e0069fac460689fc06414f238cc2/gnocchi.5038ce83-fbe0-4318-8628-9f0e6376a298/none_v3" "txdd8cf2635dee4a07a6bc4-00692c8fae" "proxy-server 92965" 0.0003 "-" 96899 0
Nov 30 13:40:46 np0005540243.novalocal proxy-server[92965]: ::1 ::1 30/Nov/2025/18/40/46 GET /v1/AUTH_d8c5e0069fac460689fc06414f238cc2/gnocchi.5038ce83-fbe0-4318-8628-9f0e6376a298/none_v3 HTTP/1.0 404 - python-swiftclient-4.2.0 gAAAAABpLI9luiBC... - 70 - txdd8cf2635dee4a07a6bc4-00692c8fae - 0.0266 - - 1764528046.288975954 1764528046.315572023 0
Nov 30 13:40:46 np0005540243.novalocal container-server[96607]: ::1 - - [30/Nov/2025:18:40:46 +0000] "HEAD /2/231667/AUTH_d8c5e0069fac460689fc06414f238cc2/gnocchi.d4c1e6ac-7fc6-4006-8895-8ae0ba3d3cff" 404 - "HEAD http://[::1]:8080/v1/AUTH_d8c5e0069fac460689fc06414f238cc2/gnocchi.d4c1e6ac-7fc6-4006-8895-8ae0ba3d3cff?format=json&states=listing" "tx9bd222016c9a4a9184c42-00692c8fae" "proxy-server 92966" 0.0004 "-" 96607 0
Nov 30 13:40:46 np0005540243.novalocal account-server[96312]: ::1 - - [30/Nov/2025:18:40:46 +0000] "PUT /1/36782/AUTH_d8c5e0069fac460689fc06414f238cc2/gnocchi.5038ce83-fbe0-4318-8628-9f0e6376a298" 201 - "PUT http://[::1]:6001/2/95630/AUTH_d8c5e0069fac460689fc06414f238cc2/gnocchi.5038ce83-fbe0-4318-8628-9f0e6376a298" "txf05f6ad806134d55ba5cb-00692c8fae" "container-server 96605" 0.0033 "-" 96312 0
Nov 30 13:40:46 np0005540243.novalocal account-server[96310]: ::1 - - [30/Nov/2025:18:40:46 +0000] "PUT /2/36782/AUTH_d8c5e0069fac460689fc06414f238cc2/gnocchi.5038ce83-fbe0-4318-8628-9f0e6376a298" 201 - "PUT http://[::1]:6001/1/95630/AUTH_d8c5e0069fac460689fc06414f238cc2/gnocchi.5038ce83-fbe0-4318-8628-9f0e6376a298" "txf05f6ad806134d55ba5cb-00692c8fae" "container-server 96607" 0.0045 "-" 96310 0
Nov 30 13:40:46 np0005540243.novalocal container-server[96607]: ::1 - - [30/Nov/2025:18:40:46 +0000] "PUT /1/95630/AUTH_d8c5e0069fac460689fc06414f238cc2/gnocchi.5038ce83-fbe0-4318-8628-9f0e6376a298" 201 - "PUT http://[::1]:8080/v1/AUTH_d8c5e0069fac460689fc06414f238cc2/gnocchi.5038ce83-fbe0-4318-8628-9f0e6376a298" "txf05f6ad806134d55ba5cb-00692c8fae" "proxy-server 92965" 0.0170 "-" 96607 0
Nov 30 13:40:46 np0005540243.novalocal container-server[96605]: ::1 - - [30/Nov/2025:18:40:46 +0000] "HEAD /3/231667/AUTH_d8c5e0069fac460689fc06414f238cc2/gnocchi.d4c1e6ac-7fc6-4006-8895-8ae0ba3d3cff" 404 - "HEAD http://[::1]:8080/v1/AUTH_d8c5e0069fac460689fc06414f238cc2/gnocchi.d4c1e6ac-7fc6-4006-8895-8ae0ba3d3cff?format=json&states=listing" "tx9bd222016c9a4a9184c42-00692c8fae" "proxy-server 92966" 0.0004 "-" 96605 0
Nov 30 13:40:46 np0005540243.novalocal container-server[96605]: ::1 - - [30/Nov/2025:18:40:46 +0000] "PUT /2/95630/AUTH_d8c5e0069fac460689fc06414f238cc2/gnocchi.5038ce83-fbe0-4318-8628-9f0e6376a298" 201 - "PUT http://[::1]:8080/v1/AUTH_d8c5e0069fac460689fc06414f238cc2/gnocchi.5038ce83-fbe0-4318-8628-9f0e6376a298" "txf05f6ad806134d55ba5cb-00692c8fae" "proxy-server 92965" 0.0307 "-" 96605 0
Nov 30 13:40:46 np0005540243.novalocal container-server[96608]: ::1 - - [30/Nov/2025:18:40:46 +0000] "HEAD /1/231667/AUTH_d8c5e0069fac460689fc06414f238cc2/gnocchi.d4c1e6ac-7fc6-4006-8895-8ae0ba3d3cff" 404 - "HEAD http://[::1]:8080/v1/AUTH_d8c5e0069fac460689fc06414f238cc2/gnocchi.d4c1e6ac-7fc6-4006-8895-8ae0ba3d3cff?format=json&states=listing" "tx9bd222016c9a4a9184c42-00692c8fae" "proxy-server 92966" 0.0004 "-" 96608 0
Nov 30 13:40:46 np0005540243.novalocal account-server[96312]: ::1 - - [30/Nov/2025:18:40:46 +0000] "PUT /3/36782/AUTH_d8c5e0069fac460689fc06414f238cc2/gnocchi.5038ce83-fbe0-4318-8628-9f0e6376a298" 201 - "PUT http://[::1]:6001/3/95630/AUTH_d8c5e0069fac460689fc06414f238cc2/gnocchi.5038ce83-fbe0-4318-8628-9f0e6376a298" "txf05f6ad806134d55ba5cb-00692c8fae" "container-server 96605" 0.0042 "-" 96312 0
Nov 30 13:40:46 np0005540243.novalocal object-server[96899]: ::1 - - [30/Nov/2025:18:40:46 +0000] "GET /2/81435/AUTH_d8c5e0069fac460689fc06414f238cc2/gnocchi.d4c1e6ac-7fc6-4006-8895-8ae0ba3d3cff/none_v3" 404 70 "GET http://[::1]:8080/v1/AUTH_d8c5e0069fac460689fc06414f238cc2/gnocchi.d4c1e6ac-7fc6-4006-8895-8ae0ba3d3cff/none_v3" "tx9bd222016c9a4a9184c42-00692c8fae" "proxy-server 92966" 0.0003 "-" 96899 0
Nov 30 13:40:46 np0005540243.novalocal container-server[96605]: ::1 - - [30/Nov/2025:18:40:46 +0000] "PUT /3/95630/AUTH_d8c5e0069fac460689fc06414f238cc2/gnocchi.5038ce83-fbe0-4318-8628-9f0e6376a298" 201 - "PUT http://[::1]:8080/v1/AUTH_d8c5e0069fac460689fc06414f238cc2/gnocchi.5038ce83-fbe0-4318-8628-9f0e6376a298" "txf05f6ad806134d55ba5cb-00692c8fae" "proxy-server 92965" 0.0293 "-" 96605 0
Nov 30 13:40:46 np0005540243.novalocal object-server[96902]: ::1 - - [30/Nov/2025:18:40:46 +0000] "GET /3/81435/AUTH_d8c5e0069fac460689fc06414f238cc2/gnocchi.d4c1e6ac-7fc6-4006-8895-8ae0ba3d3cff/none_v3" 404 70 "GET http://[::1]:8080/v1/AUTH_d8c5e0069fac460689fc06414f238cc2/gnocchi.d4c1e6ac-7fc6-4006-8895-8ae0ba3d3cff/none_v3" "tx9bd222016c9a4a9184c42-00692c8fae" "proxy-server 92966" 0.0003 "-" 96902 0
Nov 30 13:40:46 np0005540243.novalocal object-server[96900]: ::1 - - [30/Nov/2025:18:40:46 +0000] "GET /1/81435/AUTH_d8c5e0069fac460689fc06414f238cc2/gnocchi.d4c1e6ac-7fc6-4006-8895-8ae0ba3d3cff/none_v3" 404 70 "GET http://[::1]:8080/v1/AUTH_d8c5e0069fac460689fc06414f238cc2/gnocchi.d4c1e6ac-7fc6-4006-8895-8ae0ba3d3cff/none_v3" "tx9bd222016c9a4a9184c42-00692c8fae" "proxy-server 92966" 0.0005 "-" 96900 0
Nov 30 13:40:46 np0005540243.novalocal proxy-server[92966]: ::1 ::1 30/Nov/2025/18/40/46 GET /v1/AUTH_d8c5e0069fac460689fc06414f238cc2/gnocchi.d4c1e6ac-7fc6-4006-8895-8ae0ba3d3cff/none_v3 HTTP/1.0 404 - python-swiftclient-4.2.0 gAAAAABpLI9eQPaN... - 70 - tx9bd222016c9a4a9184c42-00692c8fae - 0.0487 - - 1764528046.319594145 1764528046.368278503 0
Nov 30 13:40:46 np0005540243.novalocal proxy-server[92965]: ::1 ::1 30/Nov/2025/18/40/46 PUT /v1/AUTH_d8c5e0069fac460689fc06414f238cc2/gnocchi.5038ce83-fbe0-4318-8628-9f0e6376a298 HTTP/1.0 201 - python-swiftclient-4.2.0 gAAAAABpLI9luiBC... - - - txf05f6ad806134d55ba5cb-00692c8fae - 0.0508 - - 1764528046.318082094 1764528046.368857145 0
Nov 30 13:40:46 np0005540243.novalocal container-server[96606]: ::1 - - [30/Nov/2025:18:40:46 +0000] "HEAD /2/95630/AUTH_d8c5e0069fac460689fc06414f238cc2/gnocchi.5038ce83-fbe0-4318-8628-9f0e6376a298" 204 - "HEAD http://[::1]:8080/v1/AUTH_d8c5e0069fac460689fc06414f238cc2/gnocchi.5038ce83-fbe0-4318-8628-9f0e6376a298?format=json&states=listing" "txceb35cfa336147bdbeaa1-00692c8fae" "proxy-server 92965" 0.0012 "-" 96606 0
Nov 30 13:40:46 np0005540243.novalocal container-server[96607]: ::1 - - [30/Nov/2025:18:40:46 +0000] "GET /3/95630/AUTH_d8c5e0069fac460689fc06414f238cc2/gnocchi.5038ce83-fbe0-4318-8628-9f0e6376a298" 200 2 "GET http://[::1]:8080/v1/AUTH_d8c5e0069fac460689fc06414f238cc2/gnocchi.5038ce83-fbe0-4318-8628-9f0e6376a298?format=json&states=listing" "txceb35cfa336147bdbeaa1-00692c8fae" "proxy-server 92965" 0.0016 "-" 96607 0
Nov 30 13:40:46 np0005540243.novalocal proxy-server[92965]: ::1 ::1 30/Nov/2025/18/40/46 GET /v1/AUTH_d8c5e0069fac460689fc06414f238cc2/gnocchi.5038ce83-fbe0-4318-8628-9f0e6376a298%3Fformat%3Djson%26states%3Dlisting HTTP/1.0 200 - python-swiftclient-4.2.0 gAAAAABpLI9luiBC... - 2 - txceb35cfa336147bdbeaa1-00692c8fae - 0.0209 - - 1764528046.372807503 1764528046.393706083 0
Nov 30 13:40:46 np0005540243.novalocal account-server[96311]: ::1 - - [30/Nov/2025:18:40:46 +0000] "PUT /2/36782/AUTH_d8c5e0069fac460689fc06414f238cc2/gnocchi.d4c1e6ac-7fc6-4006-8895-8ae0ba3d3cff" 201 - "PUT http://[::1]:6001/2/231667/AUTH_d8c5e0069fac460689fc06414f238cc2/gnocchi.d4c1e6ac-7fc6-4006-8895-8ae0ba3d3cff" "tx1380a0cea4964521935f6-00692c8fae" "container-server 96608" 0.0042 "-" 96311 0
Nov 30 13:40:46 np0005540243.novalocal container-server[96608]: ::1 - - [30/Nov/2025:18:40:46 +0000] "PUT /2/231667/AUTH_d8c5e0069fac460689fc06414f238cc2/gnocchi.d4c1e6ac-7fc6-4006-8895-8ae0ba3d3cff" 201 - "PUT http://[::1]:8080/v1/AUTH_d8c5e0069fac460689fc06414f238cc2/gnocchi.d4c1e6ac-7fc6-4006-8895-8ae0ba3d3cff" "tx1380a0cea4964521935f6-00692c8fae" "proxy-server 92966" 0.0180 "-" 96608 0
Nov 30 13:40:46 np0005540243.novalocal account-server[96310]: ::1 - - [30/Nov/2025:18:40:46 +0000] "PUT /3/36782/AUTH_d8c5e0069fac460689fc06414f238cc2/gnocchi.d4c1e6ac-7fc6-4006-8895-8ae0ba3d3cff" 201 - "PUT http://[::1]:6001/1/231667/AUTH_d8c5e0069fac460689fc06414f238cc2/gnocchi.d4c1e6ac-7fc6-4006-8895-8ae0ba3d3cff" "tx1380a0cea4964521935f6-00692c8fae" "container-server 96605" 0.0093 "-" 96310 0
Nov 30 13:40:46 np0005540243.novalocal container-server[96605]: ::1 - - [30/Nov/2025:18:40:46 +0000] "PUT /1/231667/AUTH_d8c5e0069fac460689fc06414f238cc2/gnocchi.d4c1e6ac-7fc6-4006-8895-8ae0ba3d3cff" 201 - "PUT http://[::1]:8080/v1/AUTH_d8c5e0069fac460689fc06414f238cc2/gnocchi.d4c1e6ac-7fc6-4006-8895-8ae0ba3d3cff" "tx1380a0cea4964521935f6-00692c8fae" "proxy-server 92966" 0.0208 "-" 96605 0
Nov 30 13:40:46 np0005540243.novalocal account-server[96312]: ::1 - - [30/Nov/2025:18:40:46 +0000] "PUT /1/36782/AUTH_d8c5e0069fac460689fc06414f238cc2/gnocchi.d4c1e6ac-7fc6-4006-8895-8ae0ba3d3cff" 201 - "PUT http://[::1]:6001/3/231667/AUTH_d8c5e0069fac460689fc06414f238cc2/gnocchi.d4c1e6ac-7fc6-4006-8895-8ae0ba3d3cff" "tx1380a0cea4964521935f6-00692c8fae" "container-server 96607" 0.0118 "-" 96312 0
Nov 30 13:40:46 np0005540243.novalocal container-server[96607]: ::1 - - [30/Nov/2025:18:40:46 +0000] "PUT /3/231667/AUTH_d8c5e0069fac460689fc06414f238cc2/gnocchi.d4c1e6ac-7fc6-4006-8895-8ae0ba3d3cff" 201 - "PUT http://[::1]:8080/v1/AUTH_d8c5e0069fac460689fc06414f238cc2/gnocchi.d4c1e6ac-7fc6-4006-8895-8ae0ba3d3cff" "tx1380a0cea4964521935f6-00692c8fae" "proxy-server 92966" 0.0238 "-" 96607 0
Nov 30 13:40:46 np0005540243.novalocal object-server[96899]: ::1 - - [30/Nov/2025:18:40:46 +0000] "GET /3/41584/AUTH_d8c5e0069fac460689fc06414f238cc2/gnocchi.5038ce83-fbe0-4318-8628-9f0e6376a298/1763640000.0_mean_300.0_v3" 404 70 "GET http://[::1]:8080/v1/AUTH_d8c5e0069fac460689fc06414f238cc2/gnocchi.5038ce83-fbe0-4318-8628-9f0e6376a298/1763640000.0_mean_300.0_v3" "tx23731fced6d3479b99423-00692c8fae" "proxy-server 92965" 0.0004 "-" 96899 0
Nov 30 13:40:46 np0005540243.novalocal proxy-server[92966]: ::1 ::1 30/Nov/2025/18/40/46 PUT /v1/AUTH_d8c5e0069fac460689fc06414f238cc2/gnocchi.d4c1e6ac-7fc6-4006-8895-8ae0ba3d3cff HTTP/1.0 201 - python-swiftclient-4.2.0 gAAAAABpLI9eQPaN... - - - tx1380a0cea4964521935f6-00692c8fae - 0.0312 - - 1764528046.372765541 1764528046.403980732 0
Nov 30 13:40:46 np0005540243.novalocal object-server[96902]: ::1 - - [30/Nov/2025:18:40:46 +0000] "GET /1/41584/AUTH_d8c5e0069fac460689fc06414f238cc2/gnocchi.5038ce83-fbe0-4318-8628-9f0e6376a298/1763640000.0_mean_300.0_v3" 404 70 "GET http://[::1]:8080/v1/AUTH_d8c5e0069fac460689fc06414f238cc2/gnocchi.5038ce83-fbe0-4318-8628-9f0e6376a298/1763640000.0_mean_300.0_v3" "tx23731fced6d3479b99423-00692c8fae" "proxy-server 92965" 0.0003 "-" 96902 0
Nov 30 13:40:46 np0005540243.novalocal object-server[96902]: ::1 - - [30/Nov/2025:18:40:46 +0000] "GET /2/41584/AUTH_d8c5e0069fac460689fc06414f238cc2/gnocchi.5038ce83-fbe0-4318-8628-9f0e6376a298/1763640000.0_mean_300.0_v3" 404 70 "GET http://[::1]:8080/v1/AUTH_d8c5e0069fac460689fc06414f238cc2/gnocchi.5038ce83-fbe0-4318-8628-9f0e6376a298/1763640000.0_mean_300.0_v3" "tx23731fced6d3479b99423-00692c8fae" "proxy-server 92965" 0.0002 "-" 96902 0
Nov 30 13:40:46 np0005540243.novalocal container-server[96605]: ::1 - - [30/Nov/2025:18:40:46 +0000] "HEAD /1/231667/AUTH_d8c5e0069fac460689fc06414f238cc2/gnocchi.d4c1e6ac-7fc6-4006-8895-8ae0ba3d3cff" 204 - "HEAD http://[::1]:8080/v1/AUTH_d8c5e0069fac460689fc06414f238cc2/gnocchi.d4c1e6ac-7fc6-4006-8895-8ae0ba3d3cff?format=json&states=listing" "tx71177c32bcda4ed493298-00692c8fae" "proxy-server 92966" 0.0010 "-" 96605 0
Nov 30 13:40:46 np0005540243.novalocal proxy-server[92965]: ::1 ::1 30/Nov/2025/18/40/46 GET /v1/AUTH_d8c5e0069fac460689fc06414f238cc2/gnocchi.5038ce83-fbe0-4318-8628-9f0e6376a298/1763640000.0_mean_300.0_v3 HTTP/1.0 404 - python-swiftclient-4.2.0 gAAAAABpLI9luiBC... - 70 - tx23731fced6d3479b99423-00692c8fae - 0.0154 - - 1764528046.397996902 1764528046.413383245 0
Nov 30 13:40:46 np0005540243.novalocal container-server[96606]: ::1 - - [30/Nov/2025:18:40:46 +0000] "GET /2/231667/AUTH_d8c5e0069fac460689fc06414f238cc2/gnocchi.d4c1e6ac-7fc6-4006-8895-8ae0ba3d3cff" 200 2 "GET http://[::1]:8080/v1/AUTH_d8c5e0069fac460689fc06414f238cc2/gnocchi.d4c1e6ac-7fc6-4006-8895-8ae0ba3d3cff?format=json&states=listing" "tx71177c32bcda4ed493298-00692c8fae" "proxy-server 92966" 0.0016 "-" 96606 0
Nov 30 13:40:46 np0005540243.novalocal proxy-server[92966]: ::1 ::1 30/Nov/2025/18/40/46 GET /v1/AUTH_d8c5e0069fac460689fc06414f238cc2/gnocchi.d4c1e6ac-7fc6-4006-8895-8ae0ba3d3cff%3Fformat%3Djson%26states%3Dlisting HTTP/1.0 200 - python-swiftclient-4.2.0 gAAAAABpLI9eQPaN... - 2 - tx71177c32bcda4ed493298-00692c8fae - 0.0149 - - 1764528046.409199715 1764528046.424063444 0
Nov 30 13:40:46 np0005540243.novalocal object-server[96899]: ::1 - - [30/Nov/2025:18:40:46 +0000] "GET /3/138501/AUTH_d8c5e0069fac460689fc06414f238cc2/gnocchi.d4c1e6ac-7fc6-4006-8895-8ae0ba3d3cff/1763640000.0_mean_300.0_v3" 404 70 "GET http://[::1]:8080/v1/AUTH_d8c5e0069fac460689fc06414f238cc2/gnocchi.d4c1e6ac-7fc6-4006-8895-8ae0ba3d3cff/1763640000.0_mean_300.0_v3" "tx5a2ffaa82461490da6fe0-00692c8fae" "proxy-server 92966" 0.0003 "-" 96899 0
Nov 30 13:40:46 np0005540243.novalocal object-server[96899]: ::1 - - [30/Nov/2025:18:40:46 +0000] "GET /2/138501/AUTH_d8c5e0069fac460689fc06414f238cc2/gnocchi.d4c1e6ac-7fc6-4006-8895-8ae0ba3d3cff/1763640000.0_mean_300.0_v3" 404 70 "GET http://[::1]:8080/v1/AUTH_d8c5e0069fac460689fc06414f238cc2/gnocchi.d4c1e6ac-7fc6-4006-8895-8ae0ba3d3cff/1763640000.0_mean_300.0_v3" "tx5a2ffaa82461490da6fe0-00692c8fae" "proxy-server 92966" 0.0002 "-" 96899 0
Nov 30 13:40:46 np0005540243.novalocal container-server[96606]: ::1 - - [30/Nov/2025:18:40:46 +0000] "PUT /2/95630/AUTH_d8c5e0069fac460689fc06414f238cc2/gnocchi.5038ce83-fbe0-4318-8628-9f0e6376a298/1763640000.0_mean_300.0_v3" 201 - "PUT http://[::1]:8080/2/41584/AUTH_d8c5e0069fac460689fc06414f238cc2/gnocchi.5038ce83-fbe0-4318-8628-9f0e6376a298/1763640000.0_mean_300.0_v3" "txe3ebd59983404523bfef9-00692c8fae" "object-server 96900" 0.0004 "-" 96606 0
Nov 30 13:40:46 np0005540243.novalocal object-server[96900]: ::1 - - [30/Nov/2025:18:40:46 +0000] "GET /1/138501/AUTH_d8c5e0069fac460689fc06414f238cc2/gnocchi.d4c1e6ac-7fc6-4006-8895-8ae0ba3d3cff/1763640000.0_mean_300.0_v3" 404 70 "GET http://[::1]:8080/v1/AUTH_d8c5e0069fac460689fc06414f238cc2/gnocchi.d4c1e6ac-7fc6-4006-8895-8ae0ba3d3cff/1763640000.0_mean_300.0_v3" "tx5a2ffaa82461490da6fe0-00692c8fae" "proxy-server 92966" 0.0003 "-" 96900 0
