Nov 30 13:39:47 np0005540243.novalocal object-server[96900]: ::1 - - [30/Nov/2025:18:39:47 +0000] "PUT /1/239627/AUTH_d8c5e0069fac460689fc06414f238cc2/gnocchi.4eeab45b-25a8-47d3-b715-c893ebe09e4d/1763640000.0_mean_300.0_v3" 201 - "PUT http://[::1]:8080/v1/AUTH_d8c5e0069fac460689fc06414f238cc2/gnocchi.4eeab45b-25a8-47d3-b715-c893ebe09e4d/1763640000.0_mean_300.0_v3" "txb9830447951f4916b497a-00692c8f73" "proxy-server 92966" 0.0084 "-" 96900 0
Nov 30 13:39:47 np0005540243.novalocal container-server[96606]: ::1 - - [30/Nov/2025:18:39:47 +0000] "PUT /3/58645/AUTH_d8c5e0069fac460689fc06414f238cc2/gnocchi.4eeab45b-25a8-47d3-b715-c893ebe09e4d/1763640000.0_mean_300.0_v3" 201 - "PUT http://[::1]:8080/2/239627/AUTH_d8c5e0069fac460689fc06414f238cc2/gnocchi.4eeab45b-25a8-47d3-b715-c893ebe09e4d/1763640000.0_mean_300.0_v3" "txb9830447951f4916b497a-00692c8f73" "object-server 96901" 0.0004 "-" 96606 0
Nov 30 13:39:47 np0005540243.novalocal object-server[96901]: ::1 - - [30/Nov/2025:18:39:47 +0000] "PUT /2/239627/AUTH_d8c5e0069fac460689fc06414f238cc2/gnocchi.4eeab45b-25a8-47d3-b715-c893ebe09e4d/1763640000.0_mean_300.0_v3" 201 - "PUT http://[::1]:8080/v1/AUTH_d8c5e0069fac460689fc06414f238cc2/gnocchi.4eeab45b-25a8-47d3-b715-c893ebe09e4d/1763640000.0_mean_300.0_v3" "txb9830447951f4916b497a-00692c8f73" "proxy-server 92966" 0.0094 "-" 96901 0
Nov 30 13:39:47 np0005540243.novalocal container-server[96607]: ::1 - - [30/Nov/2025:18:39:47 +0000] "PUT /2/58645/AUTH_d8c5e0069fac460689fc06414f238cc2/gnocchi.4eeab45b-25a8-47d3-b715-c893ebe09e4d/1763640000.0_mean_300.0_v3" 201 - "PUT http://[::1]:8080/3/239627/AUTH_d8c5e0069fac460689fc06414f238cc2/gnocchi.4eeab45b-25a8-47d3-b715-c893ebe09e4d/1763640000.0_mean_300.0_v3" "txb9830447951f4916b497a-00692c8f73" "object-server 96902" 0.0009 "-" 96607 0
Nov 30 13:39:47 np0005540243.novalocal object-server[96902]: ::1 - - [30/Nov/2025:18:39:47 +0000] "PUT /3/239627/AUTH_d8c5e0069fac460689fc06414f238cc2/gnocchi.4eeab45b-25a8-47d3-b715-c893ebe09e4d/1763640000.0_mean_300.0_v3" 201 - "PUT http://[::1]:8080/v1/AUTH_d8c5e0069fac460689fc06414f238cc2/gnocchi.4eeab45b-25a8-47d3-b715-c893ebe09e4d/1763640000.0_mean_300.0_v3" "txb9830447951f4916b497a-00692c8f73" "proxy-server 92966" 0.0121 "-" 96902 0
Nov 30 13:39:47 np0005540243.novalocal proxy-server[92966]: ::1 ::1 30/Nov/2025/18/39/47 PUT /v1/AUTH_d8c5e0069fac460689fc06414f238cc2/gnocchi.4eeab45b-25a8-47d3-b715-c893ebe09e4d/1763640000.0_mean_300.0_v3 HTTP/1.0 201 - python-swiftclient-4.2.0 gAAAAABpLI9eQPaN... 16 - - txb9830447951f4916b497a-00692c8f73 - 0.0264 - - 1764527987.727572441 1764527987.753973246 0
Nov 30 13:39:47 np0005540243.novalocal container-server[96608]: ::1 - - [30/Nov/2025:18:39:47 +0000] "GET /2/177751/AUTH_d8c5e0069fac460689fc06414f238cc2/gnocchi.37db4433-4d68-4d04-8bda-4a1931ea08c8" 200 2 "GET http://[::1]:8080/v1/AUTH_d8c5e0069fac460689fc06414f238cc2/gnocchi.37db4433-4d68-4d04-8bda-4a1931ea08c8?format=json&marker=none_v3&states=listing" "txb3f46d7eab044cccab06c-00692c8f73" "proxy-server 92965" 0.0077 "-" 96608 0
Nov 30 13:39:47 np0005540243.novalocal proxy-server[92965]: ::1 ::1 30/Nov/2025/18/39/47 GET /v1/AUTH_d8c5e0069fac460689fc06414f238cc2/gnocchi.37db4433-4d68-4d04-8bda-4a1931ea08c8%3Fformat%3Djson%26marker%3Dnone_v3%26states%3Dlisting HTTP/1.0 200 - python-swiftclient-4.2.0 gAAAAABpLI9luiBC... - 2 - txb3f46d7eab044cccab06c-00692c8f73 - 0.0147 - - 1764527987.745232105 1764527987.759978533 0
Nov 30 13:39:47 np0005540243.novalocal object-server[96901]: ::1 - - [30/Nov/2025:18:39:47 +0000] "GET /3/219463/AUTH_d8c5e0069fac460689fc06414f238cc2/gnocchi.37db4433-4d68-4d04-8bda-4a1931ea08c8/1763640000.0_mean_300.0_v3" 200 16 "GET http://[::1]:8080/v1/AUTH_d8c5e0069fac460689fc06414f238cc2/gnocchi.37db4433-4d68-4d04-8bda-4a1931ea08c8/1763640000.0_mean_300.0_v3" "tx5eae8e2ec1294abfaa4cb-00692c8f73" "proxy-server 92965" 0.0012 "-" 96901 0
Nov 30 13:39:47 np0005540243.novalocal proxy-server[92965]: ::1 ::1 30/Nov/2025/18/39/47 GET /v1/AUTH_d8c5e0069fac460689fc06414f238cc2/gnocchi.37db4433-4d68-4d04-8bda-4a1931ea08c8/1763640000.0_mean_300.0_v3 HTTP/1.0 200 - python-swiftclient-4.2.0 gAAAAABpLI9luiBC... - 16 - tx5eae8e2ec1294abfaa4cb-00692c8f73 - 0.0110 - - 1764527987.764837980 1764527987.775826931 0
Nov 30 13:39:47 np0005540243.novalocal container-server[96607]: ::1 - - [30/Nov/2025:18:39:47 +0000] "PUT /3/58645/AUTH_d8c5e0069fac460689fc06414f238cc2/gnocchi.4eeab45b-25a8-47d3-b715-c893ebe09e4d/none_v3" 201 - "PUT http://[::1]:8080/2/65563/AUTH_d8c5e0069fac460689fc06414f238cc2/gnocchi.4eeab45b-25a8-47d3-b715-c893ebe09e4d/none_v3" "txc71bf66acd154c80aa292-00692c8f73" "object-server 96900" 0.0010 "-" 96607 0
Nov 30 13:39:47 np0005540243.novalocal object-server[96900]: ::1 - - [30/Nov/2025:18:39:47 +0000] "PUT /2/65563/AUTH_d8c5e0069fac460689fc06414f238cc2/gnocchi.4eeab45b-25a8-47d3-b715-c893ebe09e4d/none_v3" 201 - "PUT http://[::1]:8080/v1/AUTH_d8c5e0069fac460689fc06414f238cc2/gnocchi.4eeab45b-25a8-47d3-b715-c893ebe09e4d/none_v3" "txc71bf66acd154c80aa292-00692c8f73" "proxy-server 92966" 0.0102 "-" 96900 0
Nov 30 13:39:47 np0005540243.novalocal container-server[96605]: ::1 - - [30/Nov/2025:18:39:47 +0000] "PUT /1/58645/AUTH_d8c5e0069fac460689fc06414f238cc2/gnocchi.4eeab45b-25a8-47d3-b715-c893ebe09e4d/none_v3" 201 - "PUT http://[::1]:8080/3/65563/AUTH_d8c5e0069fac460689fc06414f238cc2/gnocchi.4eeab45b-25a8-47d3-b715-c893ebe09e4d/none_v3" "txc71bf66acd154c80aa292-00692c8f73" "object-server 96901" 0.0005 "-" 96605 0
Nov 30 13:39:47 np0005540243.novalocal container-server[96607]: ::1 - - [30/Nov/2025:18:39:47 +0000] "PUT /2/58645/AUTH_d8c5e0069fac460689fc06414f238cc2/gnocchi.4eeab45b-25a8-47d3-b715-c893ebe09e4d/none_v3" 201 - "PUT http://[::1]:8080/1/65563/AUTH_d8c5e0069fac460689fc06414f238cc2/gnocchi.4eeab45b-25a8-47d3-b715-c893ebe09e4d/none_v3" "txc71bf66acd154c80aa292-00692c8f73" "object-server 96902" 0.0014 "-" 96607 0
Nov 30 13:39:47 np0005540243.novalocal object-server[96901]: ::1 - - [30/Nov/2025:18:39:47 +0000] "PUT /3/65563/AUTH_d8c5e0069fac460689fc06414f238cc2/gnocchi.4eeab45b-25a8-47d3-b715-c893ebe09e4d/none_v3" 201 - "PUT http://[::1]:8080/v1/AUTH_d8c5e0069fac460689fc06414f238cc2/gnocchi.4eeab45b-25a8-47d3-b715-c893ebe09e4d/none_v3" "txc71bf66acd154c80aa292-00692c8f73" "proxy-server 92966" 0.0147 "-" 96901 0
Nov 30 13:39:47 np0005540243.novalocal object-server[96902]: ::1 - - [30/Nov/2025:18:39:47 +0000] "PUT /1/65563/AUTH_d8c5e0069fac460689fc06414f238cc2/gnocchi.4eeab45b-25a8-47d3-b715-c893ebe09e4d/none_v3" 201 - "PUT http://[::1]:8080/v1/AUTH_d8c5e0069fac460689fc06414f238cc2/gnocchi.4eeab45b-25a8-47d3-b715-c893ebe09e4d/none_v3" "txc71bf66acd154c80aa292-00692c8f73" "proxy-server 92966" 0.0156 "-" 96902 0
Nov 30 13:39:47 np0005540243.novalocal proxy-server[92966]: ::1 ::1 30/Nov/2025/18/39/47 PUT /v1/AUTH_d8c5e0069fac460689fc06414f238cc2/gnocchi.4eeab45b-25a8-47d3-b715-c893ebe09e4d/none_v3 HTTP/1.0 201 - python-swiftclient-4.2.0 gAAAAABpLI9eQPaN... 31 - - txc71bf66acd154c80aa292-00692c8f73 - 0.0242 - - 1764527987.762313128 1764527987.786558151 0
Nov 30 13:39:47 np0005540243.novalocal container-server[96608]: ::1 - - [30/Nov/2025:18:39:47 +0000] "PUT /1/177751/AUTH_d8c5e0069fac460689fc06414f238cc2/gnocchi.37db4433-4d68-4d04-8bda-4a1931ea08c8/1763640000.0_mean_300.0_v3" 201 - "PUT http://[::1]:8080/2/219463/AUTH_d8c5e0069fac460689fc06414f238cc2/gnocchi.37db4433-4d68-4d04-8bda-4a1931ea08c8/1763640000.0_mean_300.0_v3" "txe95d215752dd4995b9809-00692c8f73" "object-server 96900" 0.0008 "-" 96608 0
Nov 30 13:39:47 np0005540243.novalocal container-server[96605]: ::1 - - [30/Nov/2025:18:39:47 +0000] "PUT /2/177751/AUTH_d8c5e0069fac460689fc06414f238cc2/gnocchi.37db4433-4d68-4d04-8bda-4a1931ea08c8/1763640000.0_mean_300.0_v3" 201 - "PUT http://[::1]:8080/3/219463/AUTH_d8c5e0069fac460689fc06414f238cc2/gnocchi.37db4433-4d68-4d04-8bda-4a1931ea08c8/1763640000.0_mean_300.0_v3" "txe95d215752dd4995b9809-00692c8f73" "object-server 96902" 0.0005 "-" 96605 0
Nov 30 13:39:47 np0005540243.novalocal object-server[96900]: ::1 - - [30/Nov/2025:18:39:47 +0000] "PUT /2/219463/AUTH_d8c5e0069fac460689fc06414f238cc2/gnocchi.37db4433-4d68-4d04-8bda-4a1931ea08c8/1763640000.0_mean_300.0_v3" 201 - "PUT http://[::1]:8080/v1/AUTH_d8c5e0069fac460689fc06414f238cc2/gnocchi.37db4433-4d68-4d04-8bda-4a1931ea08c8/1763640000.0_mean_300.0_v3" "txe95d215752dd4995b9809-00692c8f73" "proxy-server 92965" 0.0126 "-" 96900 0
Nov 30 13:39:47 np0005540243.novalocal object-server[96902]: ::1 - - [30/Nov/2025:18:39:47 +0000] "PUT /3/219463/AUTH_d8c5e0069fac460689fc06414f238cc2/gnocchi.37db4433-4d68-4d04-8bda-4a1931ea08c8/1763640000.0_mean_300.0_v3" 201 - "PUT http://[::1]:8080/v1/AUTH_d8c5e0069fac460689fc06414f238cc2/gnocchi.37db4433-4d68-4d04-8bda-4a1931ea08c8/1763640000.0_mean_300.0_v3" "txe95d215752dd4995b9809-00692c8f73" "proxy-server 92965" 0.0104 "-" 96902 0
Nov 30 13:39:47 np0005540243.novalocal container-server[96606]: ::1 - - [30/Nov/2025:18:39:47 +0000] "PUT /3/177751/AUTH_d8c5e0069fac460689fc06414f238cc2/gnocchi.37db4433-4d68-4d04-8bda-4a1931ea08c8/1763640000.0_mean_300.0_v3" 201 - "PUT http://[::1]:8080/1/219463/AUTH_d8c5e0069fac460689fc06414f238cc2/gnocchi.37db4433-4d68-4d04-8bda-4a1931ea08c8/1763640000.0_mean_300.0_v3" "txe95d215752dd4995b9809-00692c8f73" "object-server 96902" 0.0007 "-" 96606 0
Nov 30 13:39:47 np0005540243.novalocal object-server[96902]: ::1 - - [30/Nov/2025:18:39:47 +0000] "PUT /1/219463/AUTH_d8c5e0069fac460689fc06414f238cc2/gnocchi.37db4433-4d68-4d04-8bda-4a1931ea08c8/1763640000.0_mean_300.0_v3" 201 - "PUT http://[::1]:8080/v1/AUTH_d8c5e0069fac460689fc06414f238cc2/gnocchi.37db4433-4d68-4d04-8bda-4a1931ea08c8/1763640000.0_mean_300.0_v3" "txe95d215752dd4995b9809-00692c8f73" "proxy-server 92965" 0.0151 "-" 96902 0
Nov 30 13:39:47 np0005540243.novalocal proxy-server[92965]: ::1 ::1 30/Nov/2025/18/39/47 PUT /v1/AUTH_d8c5e0069fac460689fc06414f238cc2/gnocchi.37db4433-4d68-4d04-8bda-4a1931ea08c8/1763640000.0_mean_300.0_v3 HTTP/1.0 201 - python-swiftclient-4.2.0 gAAAAABpLI9luiBC... 16 - - txe95d215752dd4995b9809-00692c8f73 - 0.0233 - - 1764527987.789911270 1764527987.813200474 0
Nov 30 13:39:47 np0005540243.novalocal container-server[96607]: ::1 - - [30/Nov/2025:18:39:47 +0000] "PUT /2/177751/AUTH_d8c5e0069fac460689fc06414f238cc2/gnocchi.37db4433-4d68-4d04-8bda-4a1931ea08c8/none_v3" 201 - "PUT http://[::1]:8080/2/95762/AUTH_d8c5e0069fac460689fc06414f238cc2/gnocchi.37db4433-4d68-4d04-8bda-4a1931ea08c8/none_v3" "tx617bc5451cec46c9b4778-00692c8f73" "object-server 96900" 0.0008 "-" 96607 0
Nov 30 13:39:47 np0005540243.novalocal object-server[96900]: ::1 - - [30/Nov/2025:18:39:47 +0000] "PUT /2/95762/AUTH_d8c5e0069fac460689fc06414f238cc2/gnocchi.37db4433-4d68-4d04-8bda-4a1931ea08c8/none_v3" 201 - "PUT http://[::1]:8080/v1/AUTH_d8c5e0069fac460689fc06414f238cc2/gnocchi.37db4433-4d68-4d04-8bda-4a1931ea08c8/none_v3" "tx617bc5451cec46c9b4778-00692c8f73" "proxy-server 92965" 0.0121 "-" 96900 0
Nov 30 13:39:47 np0005540243.novalocal container-server[96605]: ::1 - - [30/Nov/2025:18:39:47 +0000] "PUT /1/177751/AUTH_d8c5e0069fac460689fc06414f238cc2/gnocchi.37db4433-4d68-4d04-8bda-4a1931ea08c8/none_v3" 201 - "PUT http://[::1]:8080/3/95762/AUTH_d8c5e0069fac460689fc06414f238cc2/gnocchi.37db4433-4d68-4d04-8bda-4a1931ea08c8/none_v3" "tx617bc5451cec46c9b4778-00692c8f73" "object-server 96902" 0.0004 "-" 96605 0
Nov 30 13:39:47 np0005540243.novalocal object-server[96902]: ::1 - - [30/Nov/2025:18:39:47 +0000] "PUT /3/95762/AUTH_d8c5e0069fac460689fc06414f238cc2/gnocchi.37db4433-4d68-4d04-8bda-4a1931ea08c8/none_v3" 201 - "PUT http://[::1]:8080/v1/AUTH_d8c5e0069fac460689fc06414f238cc2/gnocchi.37db4433-4d68-4d04-8bda-4a1931ea08c8/none_v3" "tx617bc5451cec46c9b4778-00692c8f73" "proxy-server 92965" 0.0205 "-" 96902 0
Nov 30 13:39:47 np0005540243.novalocal container-server[96607]: ::1 - - [30/Nov/2025:18:39:47 +0000] "PUT /3/177751/AUTH_d8c5e0069fac460689fc06414f238cc2/gnocchi.37db4433-4d68-4d04-8bda-4a1931ea08c8/none_v3" 201 - "PUT http://[::1]:8080/1/95762/AUTH_d8c5e0069fac460689fc06414f238cc2/gnocchi.37db4433-4d68-4d04-8bda-4a1931ea08c8/none_v3" "tx617bc5451cec46c9b4778-00692c8f73" "object-server 96902" 0.0009 "-" 96607 0
Nov 30 13:39:47 np0005540243.novalocal object-server[96902]: ::1 - - [30/Nov/2025:18:39:47 +0000] "PUT /1/95762/AUTH_d8c5e0069fac460689fc06414f238cc2/gnocchi.37db4433-4d68-4d04-8bda-4a1931ea08c8/none_v3" 201 - "PUT http://[::1]:8080/v1/AUTH_d8c5e0069fac460689fc06414f238cc2/gnocchi.37db4433-4d68-4d04-8bda-4a1931ea08c8/none_v3" "tx617bc5451cec46c9b4778-00692c8f73" "proxy-server 92965" 0.0259 "-" 96902 0
Nov 30 13:39:47 np0005540243.novalocal proxy-server[92965]: ::1 ::1 30/Nov/2025/18/39/47 PUT /v1/AUTH_d8c5e0069fac460689fc06414f238cc2/gnocchi.37db4433-4d68-4d04-8bda-4a1931ea08c8/none_v3 HTTP/1.0 201 - python-swiftclient-4.2.0 gAAAAABpLI9luiBC... 30 - - tx617bc5451cec46c9b4778-00692c8f73 - 0.0346 - - 1764527987.816775084 1764527987.851352692 0
Nov 30 13:39:47 np0005540243.novalocal dnsmasq[102807]: read /var/lib/neutron/dhcp/3d4dcc88-f845-4113-9e67-30c8126e1d36/addn_hosts - 1 addresses
Nov 30 13:39:47 np0005540243.novalocal dnsmasq-dhcp[102807]: read /var/lib/neutron/dhcp/3d4dcc88-f845-4113-9e67-30c8126e1d36/host
Nov 30 13:39:47 np0005540243.novalocal dnsmasq-dhcp[102807]: read /var/lib/neutron/dhcp/3d4dcc88-f845-4113-9e67-30c8126e1d36/opts
Nov 30 13:39:48 np0005540243.novalocal systemd[1]: Starting SETroubleshoot daemon for processing new SELinux denial logs...
Nov 30 13:39:48 np0005540243.novalocal sudo[104050]: cinder : PWD=/ ; USER=root ; COMMAND=/usr/bin/cinder-rootwrap /etc/cinder/rootwrap.conf cinder-rtstool delete-initiator iqn.2010-10.org.openstack:volume-dcbf258c-d7fc-49f3-8713-e9b7f35842b0 iqn.1994-05.com.redhat:9a8f36efdecf
Nov 30 13:39:48 np0005540243.novalocal systemd[1]: Started Session c130 of User root.
Nov 30 13:39:48 np0005540243.novalocal sudo[104050]: pam_unix(sudo:session): session opened for user root(uid=0) by (uid=165)
Nov 30 13:39:48 np0005540243.novalocal object-server[93603]: Starting object reconstruction pass.
Nov 30 13:39:48 np0005540243.novalocal object-server[93603]: Nothing reconstructed for 0.00026988983154296875 seconds.
Nov 30 13:39:48 np0005540243.novalocal object-server[93603]: Object reconstruction complete. (0.00 minutes)
Nov 30 13:39:48 np0005540243.novalocal sudo[104050]: pam_unix(sudo:session): session closed for user root
Nov 30 13:39:48 np0005540243.novalocal systemd[1]: session-c130.scope: Deactivated successfully.
Nov 30 13:39:48 np0005540243.novalocal sudo[104066]: cinder : PWD=/ ; USER=root ; COMMAND=/usr/bin/cinder-rootwrap /etc/cinder/rootwrap.conf cinder-rtstool save
Nov 30 13:39:48 np0005540243.novalocal systemd[1]: Started SETroubleshoot daemon for processing new SELinux denial logs.
Nov 30 13:39:48 np0005540243.novalocal systemd[1]: Started Session c131 of User root.
Nov 30 13:39:48 np0005540243.novalocal sudo[104066]: pam_unix(sudo:session): session opened for user root(uid=0) by (uid=165)
Nov 30 13:39:49 np0005540243.novalocal account-server[96377]: Beginning replication run
Nov 30 13:39:49 np0005540243.novalocal sudo[104066]: pam_unix(sudo:session): session closed for user root
Nov 30 13:39:49 np0005540243.novalocal systemd[1]: session-c131.scope: Deactivated successfully.
Nov 30 13:39:49 np0005540243.novalocal sudo[104079]: cinder : PWD=/ ; USER=root ; COMMAND=/usr/bin/cinder-rootwrap /etc/cinder/rootwrap.conf cinder-rtstool get-targets
Nov 30 13:39:49 np0005540243.novalocal systemd[1]: Started dbus-:1.1-org.fedoraproject.SetroubleshootPrivileged@9.service.
Nov 30 13:39:49 np0005540243.novalocal systemd[1]: Started Session c132 of User root.
Nov 30 13:39:49 np0005540243.novalocal sudo[104079]: pam_unix(sudo:session): session opened for user root(uid=0) by (uid=165)
Nov 30 13:39:49 np0005540243.novalocal account-server[96377]: Replication run OVER
Nov 30 13:39:49 np0005540243.novalocal account-server[96377]: Attempted to replicate 3 dbs in 0.14252 seconds (21.04900/s)
Nov 30 13:39:49 np0005540243.novalocal account-server[96377]: Removed 0 dbs
Nov 30 13:39:49 np0005540243.novalocal account-server[96377]: 6 successes, 0 failures
Nov 30 13:39:49 np0005540243.novalocal account-server[96377]: diff:0 diff_capped:0 empty:0 hashmatch:0 no_change:6 remote_merge:0 rsync:0 ts_repl:0
Nov 30 13:39:49 np0005540243.novalocal sudo[104079]: pam_unix(sudo:session): session closed for user root
Nov 30 13:39:49 np0005540243.novalocal systemd[1]: session-c132.scope: Deactivated successfully.
Nov 30 13:39:49 np0005540243.novalocal sudo[104093]: cinder : PWD=/ ; USER=root ; COMMAND=/usr/bin/cinder-rootwrap /etc/cinder/rootwrap.conf cinder-rtstool delete iqn.2010-10.org.openstack:volume-dcbf258c-d7fc-49f3-8713-e9b7f35842b0
Nov 30 13:39:49 np0005540243.novalocal systemd[1]: Started Session c133 of User root.
Nov 30 13:39:49 np0005540243.novalocal sudo[104093]: pam_unix(sudo:session): session opened for user root(uid=0) by (uid=165)
Nov 30 13:39:50 np0005540243.novalocal sudo[104093]: pam_unix(sudo:session): session closed for user root
Nov 30 13:39:50 np0005540243.novalocal systemd[1]: session-c133.scope: Deactivated successfully.
Nov 30 13:39:50 np0005540243.novalocal sudo[104100]: cinder : PWD=/ ; USER=root ; COMMAND=/usr/bin/cinder-rootwrap /etc/cinder/rootwrap.conf cinder-rtstool save
Nov 30 13:39:50 np0005540243.novalocal systemd[1]: Started Session c134 of User root.
Nov 30 13:39:50 np0005540243.novalocal sudo[104100]: pam_unix(sudo:session): session opened for user root(uid=0) by (uid=165)
Nov 30 13:39:50 np0005540243.novalocal setroubleshoot[104044]: SELinux is preventing /usr/sbin/httpd from read access on the file 02569fd8dc3ab957ce57a3b662c7a8b920180a96ebba2b7cb98c9d1a917bc1c5. For complete SELinux messages run: sealert -l c226dffe-3fa3-4650-bcde-d1bf44682bb7
Nov 30 13:39:50 np0005540243.novalocal setroubleshoot[104044]: SELinux is preventing /usr/sbin/httpd from read access on the file 02569fd8dc3ab957ce57a3b662c7a8b920180a96ebba2b7cb98c9d1a917bc1c5. ***** Plugin catchall (100. confidence) suggests ************************** If you believe that httpd should be allowed read access on the 02569fd8dc3ab957ce57a3b662c7a8b920180a96ebba2b7cb98c9d1a917bc1c5 file by default. Then you should report this as a bug. You can generate a local policy module to allow this access. Do allow this access for now by executing: # ausearch -c 'httpd' --raw | audit2allow -M my-httpd # semodule -X 300 -i my-httpd.pp
Nov 30 13:39:50 np0005540243.novalocal setroubleshoot[104044]: failed to retrieve rpm info for path '/var/lib/nova/.cache/python-entrypoints/02569fd8dc3ab957ce57a3b662c7a8b920180a96ebba2b7cb98c9d1a917bc1c5':
Nov 30 13:39:50 np0005540243.novalocal setroubleshoot[104044]: SELinux is preventing /usr/sbin/httpd from open access on the file /var/lib/nova/.cache/python-entrypoints/02569fd8dc3ab957ce57a3b662c7a8b920180a96ebba2b7cb98c9d1a917bc1c5. For complete SELinux messages run: sealert -l 29ee09e9-dbe3-49c6-9588-c634bcd51345
Nov 30 13:39:50 np0005540243.novalocal setroubleshoot[104044]: SELinux is preventing /usr/sbin/httpd from open access on the file /var/lib/nova/.cache/python-entrypoints/02569fd8dc3ab957ce57a3b662c7a8b920180a96ebba2b7cb98c9d1a917bc1c5. ***** Plugin catchall (100. confidence) suggests ************************** If you believe that httpd should be allowed open access on the 02569fd8dc3ab957ce57a3b662c7a8b920180a96ebba2b7cb98c9d1a917bc1c5 file by default. Then you should report this as a bug. You can generate a local policy module to allow this access. Do allow this access for now by executing: # ausearch -c 'httpd' --raw | audit2allow -M my-httpd # semodule -X 300 -i my-httpd.pp
Nov 30 13:39:50 np0005540243.novalocal setroubleshoot[104044]: SELinux is preventing /usr/sbin/httpd from getattr access on the file /var/lib/nova/.cache/python-entrypoints/02569fd8dc3ab957ce57a3b662c7a8b920180a96ebba2b7cb98c9d1a917bc1c5. For complete SELinux messages run: sealert -l d6993403-21ed-49d5-ba64-3242659aeed7
Nov 30 13:39:50 np0005540243.novalocal setroubleshoot[104044]: SELinux is preventing /usr/sbin/httpd from getattr access on the file /var/lib/nova/.cache/python-entrypoints/02569fd8dc3ab957ce57a3b662c7a8b920180a96ebba2b7cb98c9d1a917bc1c5. ***** Plugin catchall (100. confidence) suggests ************************** If you believe that httpd should be allowed getattr access on the 02569fd8dc3ab957ce57a3b662c7a8b920180a96ebba2b7cb98c9d1a917bc1c5 file by default. Then you should report this as a bug. You can generate a local policy module to allow this access. Do allow this access for now by executing: # ausearch -c 'httpd' --raw | audit2allow -M my-httpd # semodule -X 300 -i my-httpd.pp
Nov 30 13:39:50 np0005540243.novalocal setroubleshoot[104044]: SELinux is preventing /usr/sbin/httpd from ioctl access on the file /var/lib/nova/.cache/python-entrypoints/02569fd8dc3ab957ce57a3b662c7a8b920180a96ebba2b7cb98c9d1a917bc1c5. For complete SELinux messages run: sealert -l 112382f0-06ae-470a-abe5-7afc2a948e87
Nov 30 13:39:50 np0005540243.novalocal setroubleshoot[104044]: SELinux is preventing /usr/sbin/httpd from ioctl access on the file /var/lib/nova/.cache/python-entrypoints/02569fd8dc3ab957ce57a3b662c7a8b920180a96ebba2b7cb98c9d1a917bc1c5. ***** Plugin catchall (100. confidence) suggests ************************** If you believe that httpd should be allowed ioctl access on the 02569fd8dc3ab957ce57a3b662c7a8b920180a96ebba2b7cb98c9d1a917bc1c5 file by default. Then you should report this as a bug. You can generate a local policy module to allow this access. Do allow this access for now by executing: # ausearch -c 'httpd' --raw | audit2allow -M my-httpd # semodule -X 300 -i my-httpd.pp
Nov 30 13:39:50 np0005540243.novalocal sudo[104100]: pam_unix(sudo:session): session closed for user root
Nov 30 13:39:50 np0005540243.novalocal systemd[1]: session-c134.scope: Deactivated successfully.
Nov 30 13:39:50 np0005540243.novalocal object-server[96902]: ::1 - - [30/Nov/2025:18:39:50 +0000] "GET /1/32625/AUTH_d8c5e0069fac460689fc06414f238cc2/gnocchi.bba9cd9d-4882-4e04-beb8-01154e01f8fa/none_v3" 200 51 "GET http://[::1]:8080/v1/AUTH_d8c5e0069fac460689fc06414f238cc2/gnocchi.bba9cd9d-4882-4e04-beb8-01154e01f8fa/none_v3" "tx747305cd98cc4b6fad482-00692c8f76" "proxy-server 92965" 0.0009 "-" 96902 0
Nov 30 13:39:50 np0005540243.novalocal object-server[96899]: ::1 - - [30/Nov/2025:18:39:50 +0000] "GET /3/240494/AUTH_d8c5e0069fac460689fc06414f238cc2/gnocchi.128507fc-f932-4a11-b38f-60383873f84a/none_v3" 200 26 "GET http://[::1]:8080/v1/AUTH_d8c5e0069fac460689fc06414f238cc2/gnocchi.128507fc-f932-4a11-b38f-60383873f84a/none_v3" "tx00266abc9fdc4a47af75d-00692c8f76" "proxy-server 92966" 0.0011 "-" 96899 0
Nov 30 13:39:50 np0005540243.novalocal proxy-server[92966]: ::1 ::1 30/Nov/2025/18/39/50 GET /v1/AUTH_d8c5e0069fac460689fc06414f238cc2/gnocchi.128507fc-f932-4a11-b38f-60383873f84a/none_v3 HTTP/1.0 200 - python-swiftclient-4.2.0 gAAAAABpLI9eQPaN... - 26 - tx00266abc9fdc4a47af75d-00692c8f76 - 0.0107 - - 1764527990.960506916 1764527990.971240520 0
Nov 30 13:39:50 np0005540243.novalocal proxy-server[92965]: ::1 ::1 30/Nov/2025/18/39/50 GET /v1/AUTH_d8c5e0069fac460689fc06414f238cc2/gnocchi.bba9cd9d-4882-4e04-beb8-01154e01f8fa/none_v3 HTTP/1.0 200 - python-swiftclient-4.2.0 gAAAAABpLI9luiBC... - 51 - tx747305cd98cc4b6fad482-00692c8f76 - 0.0134 - - 1764527990.958087444 1764527990.971495390 0
Nov 30 13:39:50 np0005540243.novalocal container-server[96608]: ::1 - - [30/Nov/2025:18:39:50 +0000] "GET /3/212916/AUTH_d8c5e0069fac460689fc06414f238cc2/gnocchi.bba9cd9d-4882-4e04-beb8-01154e01f8fa" 200 357 "GET http://[::1]:8080/v1/AUTH_d8c5e0069fac460689fc06414f238cc2/gnocchi.bba9cd9d-4882-4e04-beb8-01154e01f8fa?format=json&states=listing" "tx58594c5323fa44d7bf9f2-00692c8f76" "proxy-server 92965" 0.0074 "-" 96608 0
Nov 30 13:39:50 np0005540243.novalocal container-server[96606]: ::1 - - [30/Nov/2025:18:39:50 +0000] "GET /2/170511/AUTH_d8c5e0069fac460689fc06414f238cc2/gnocchi.128507fc-f932-4a11-b38f-60383873f84a" 200 357 "GET http://[::1]:8080/v1/AUTH_d8c5e0069fac460689fc06414f238cc2/gnocchi.128507fc-f932-4a11-b38f-60383873f84a?format=json&states=listing" "txb157d38fb28c4f9b99f5f-00692c8f76" "proxy-server 92966" 0.0104 "-" 96606 0
Nov 30 13:39:50 np0005540243.novalocal proxy-server[92966]: ::1 ::1 30/Nov/2025/18/39/50 GET /v1/AUTH_d8c5e0069fac460689fc06414f238cc2/gnocchi.128507fc-f932-4a11-b38f-60383873f84a%3Fformat%3Djson%26states%3Dlisting HTTP/1.0 200 - python-swiftclient-4.2.0 gAAAAABpLI9eQPaN... - 357 - txb157d38fb28c4f9b99f5f-00692c8f76 - 0.0205 - - 1764527990.977228403 1764527990.997760773 0
Nov 30 13:39:50 np0005540243.novalocal proxy-server[92965]: ::1 ::1 30/Nov/2025/18/39/50 GET /v1/AUTH_d8c5e0069fac460689fc06414f238cc2/gnocchi.bba9cd9d-4882-4e04-beb8-01154e01f8fa%3Fformat%3Djson%26states%3Dlisting HTTP/1.0 200 - python-swiftclient-4.2.0 gAAAAABpLI9luiBC... - 357 - tx58594c5323fa44d7bf9f2-00692c8f76 - 0.0198 - - 1764527990.978528023 1764527990.998334408 0
Nov 30 13:39:51 np0005540243.novalocal container-server[96608]: ::1 - - [30/Nov/2025:18:39:51 +0000] "GET /3/212916/AUTH_d8c5e0069fac460689fc06414f238cc2/gnocchi.bba9cd9d-4882-4e04-beb8-01154e01f8fa" 200 2 "GET http://[::1]:8080/v1/AUTH_d8c5e0069fac460689fc06414f238cc2/gnocchi.bba9cd9d-4882-4e04-beb8-01154e01f8fa?format=json&marker=none_v3&states=listing" "tx19aea4abefcf400ea3ff5-00692c8f77" "proxy-server 92965" 0.0022 "-" 96608 0
Nov 30 13:39:51 np0005540243.novalocal proxy-server[92965]: ::1 ::1 30/Nov/2025/18/39/51 GET /v1/AUTH_d8c5e0069fac460689fc06414f238cc2/gnocchi.bba9cd9d-4882-4e04-beb8-01154e01f8fa%3Fformat%3Djson%26marker%3Dnone_v3%26states%3Dlisting HTTP/1.0 200 - python-swiftclient-4.2.0 gAAAAABpLI9luiBC... - 2 - tx19aea4abefcf400ea3ff5-00692c8f77 - 0.0100 - - 1764527991.001166344 1764527991.011133909 0
Nov 30 13:39:51 np0005540243.novalocal container-server[96608]: ::1 - - [30/Nov/2025:18:39:51 +0000] "GET /3/170511/AUTH_d8c5e0069fac460689fc06414f238cc2/gnocchi.128507fc-f932-4a11-b38f-60383873f84a" 200 2 "GET http://[::1]:8080/v1/AUTH_d8c5e0069fac460689fc06414f238cc2/gnocchi.128507fc-f932-4a11-b38f-60383873f84a?format=json&marker=none_v3&states=listing" "txd86e4c8629d944d2a6762-00692c8f77" "proxy-server 92966" 0.0067 "-" 96608 0
Nov 30 13:39:51 np0005540243.novalocal proxy-server[92966]: ::1 ::1 30/Nov/2025/18/39/51 GET /v1/AUTH_d8c5e0069fac460689fc06414f238cc2/gnocchi.128507fc-f932-4a11-b38f-60383873f84a%3Fformat%3Djson%26marker%3Dnone_v3%26states%3Dlisting HTTP/1.0 200 - python-swiftclient-4.2.0 gAAAAABpLI9eQPaN... - 2 - txd86e4c8629d944d2a6762-00692c8f77 - 0.0126 - - 1764527991.000920534 1764527991.013529301 0
Nov 30 13:39:51 np0005540243.novalocal object-server[96899]: ::1 - - [30/Nov/2025:18:39:51 +0000] "GET /3/49529/AUTH_d8c5e0069fac460689fc06414f238cc2/gnocchi.bba9cd9d-4882-4e04-beb8-01154e01f8fa/1763640000.0_mean_300.0_v3" 200 16 "GET http://[::1]:8080/v1/AUTH_d8c5e0069fac460689fc06414f238cc2/gnocchi.bba9cd9d-4882-4e04-beb8-01154e01f8fa/1763640000.0_mean_300.0_v3" "txe61edb214d9e4b9bb4555-00692c8f77" "proxy-server 92965" 0.0008 "-" 96899 0
Nov 30 13:39:51 np0005540243.novalocal object-server[96899]: ::1 - - [30/Nov/2025:18:39:51 +0000] "GET /2/57973/AUTH_d8c5e0069fac460689fc06414f238cc2/gnocchi.128507fc-f932-4a11-b38f-60383873f84a/1763640000.0_mean_300.0_v3" 200 16 "GET http://[::1]:8080/v1/AUTH_d8c5e0069fac460689fc06414f238cc2/gnocchi.128507fc-f932-4a11-b38f-60383873f84a/1763640000.0_mean_300.0_v3" "tx11f6140a503f416c8db89-00692c8f77" "proxy-server 92966" 0.0006 "-" 96899 0
Nov 30 13:39:51 np0005540243.novalocal proxy-server[92965]: ::1 ::1 30/Nov/2025/18/39/51 GET /v1/AUTH_d8c5e0069fac460689fc06414f238cc2/gnocchi.bba9cd9d-4882-4e04-beb8-01154e01f8fa/1763640000.0_mean_300.0_v3 HTTP/1.0 200 - python-swiftclient-4.2.0 gAAAAABpLI9luiBC... - 16 - txe61edb214d9e4b9bb4555-00692c8f77 - 0.0078 - - 1764527991.016138315 1764527991.023924112 0
Nov 30 13:39:51 np0005540243.novalocal proxy-server[92966]: ::1 ::1 30/Nov/2025/18/39/51 GET /v1/AUTH_d8c5e0069fac460689fc06414f238cc2/gnocchi.128507fc-f932-4a11-b38f-60383873f84a/1763640000.0_mean_300.0_v3 HTTP/1.0 200 - python-swiftclient-4.2.0 gAAAAABpLI9eQPaN... - 16 - tx11f6140a503f416c8db89-00692c8f77 - 0.0073 - - 1764527991.018091679 1764527991.025375128 0
Nov 30 13:39:51 np0005540243.novalocal container-server[96607]: ::1 - - [30/Nov/2025:18:39:51 +0000] "PUT /2/212916/AUTH_d8c5e0069fac460689fc06414f238cc2/gnocchi.bba9cd9d-4882-4e04-beb8-01154e01f8fa/1763640000.0_mean_300.0_v3" 201 - "PUT http://[::1]:8080/3/49529/AUTH_d8c5e0069fac460689fc06414f238cc2/gnocchi.bba9cd9d-4882-4e04-beb8-01154e01f8fa/1763640000.0_mean_300.0_v3" "tx8eb469c342fa4838aa7ed-00692c8f77" "object-server 96901" 0.0009 "-" 96607 0
Nov 30 13:39:51 np0005540243.novalocal container-server[96605]: ::1 - - [30/Nov/2025:18:39:51 +0000] "PUT /3/170511/AUTH_d8c5e0069fac460689fc06414f238cc2/gnocchi.128507fc-f932-4a11-b38f-60383873f84a/1763640000.0_mean_300.0_v3" 201 - "PUT http://[::1]:8080/3/57973/AUTH_d8c5e0069fac460689fc06414f238cc2/gnocchi.128507fc-f932-4a11-b38f-60383873f84a/1763640000.0_mean_300.0_v3" "tx737d32ebe71e4c87b930b-00692c8f77" "object-server 96900" 0.0007 "-" 96605 0
Nov 30 13:39:51 np0005540243.novalocal object-server[96901]: ::1 - - [30/Nov/2025:18:39:51 +0000] "PUT /3/49529/AUTH_d8c5e0069fac460689fc06414f238cc2/gnocchi.bba9cd9d-4882-4e04-beb8-01154e01f8fa/1763640000.0_mean_300.0_v3" 201 - "PUT http://[::1]:8080/v1/AUTH_d8c5e0069fac460689fc06414f238cc2/gnocchi.bba9cd9d-4882-4e04-beb8-01154e01f8fa/1763640000.0_mean_300.0_v3" "tx8eb469c342fa4838aa7ed-00692c8f77" "proxy-server 92965" 0.0137 "-" 96901 0
Nov 30 13:39:51 np0005540243.novalocal container-server[96607]: ::1 - - [30/Nov/2025:18:39:51 +0000] "PUT /1/212916/AUTH_d8c5e0069fac460689fc06414f238cc2/gnocchi.bba9cd9d-4882-4e04-beb8-01154e01f8fa/1763640000.0_mean_300.0_v3" 201 - "PUT http://[::1]:8080/2/49529/AUTH_d8c5e0069fac460689fc06414f238cc2/gnocchi.bba9cd9d-4882-4e04-beb8-01154e01f8fa/1763640000.0_mean_300.0_v3" "tx8eb469c342fa4838aa7ed-00692c8f77" "object-server 96901" 0.0006 "-" 96607 0
Nov 30 13:39:51 np0005540243.novalocal object-server[96900]: ::1 - - [30/Nov/2025:18:39:51 +0000] "PUT /3/57973/AUTH_d8c5e0069fac460689fc06414f238cc2/gnocchi.128507fc-f932-4a11-b38f-60383873f84a/1763640000.0_mean_300.0_v3" 201 - "PUT http://[::1]:8080/v1/AUTH_d8c5e0069fac460689fc06414f238cc2/gnocchi.128507fc-f932-4a11-b38f-60383873f84a/1763640000.0_mean_300.0_v3" "tx737d32ebe71e4c87b930b-00692c8f77" "proxy-server 92966" 0.0145 "-" 96900 0
Nov 30 13:39:51 np0005540243.novalocal object-server[96901]: ::1 - - [30/Nov/2025:18:39:51 +0000] "PUT /2/49529/AUTH_d8c5e0069fac460689fc06414f238cc2/gnocchi.bba9cd9d-4882-4e04-beb8-01154e01f8fa/1763640000.0_mean_300.0_v3" 201 - "PUT http://[::1]:8080/v1/AUTH_d8c5e0069fac460689fc06414f238cc2/gnocchi.bba9cd9d-4882-4e04-beb8-01154e01f8fa/1763640000.0_mean_300.0_v3" "tx8eb469c342fa4838aa7ed-00692c8f77" "proxy-server 92965" 0.0174 "-" 96901 0
Nov 30 13:39:51 np0005540243.novalocal container-server[96606]: ::1 - - [30/Nov/2025:18:39:51 +0000] "PUT /1/170511/AUTH_d8c5e0069fac460689fc06414f238cc2/gnocchi.128507fc-f932-4a11-b38f-60383873f84a/1763640000.0_mean_300.0_v3" 201 - "PUT http://[::1]:8080/2/57973/AUTH_d8c5e0069fac460689fc06414f238cc2/gnocchi.128507fc-f932-4a11-b38f-60383873f84a/1763640000.0_mean_300.0_v3" "tx737d32ebe71e4c87b930b-00692c8f77" "object-server 96902" 0.0005 "-" 96606 0
Nov 30 13:39:51 np0005540243.novalocal object-server[96902]: ::1 - - [30/Nov/2025:18:39:51 +0000] "PUT /2/57973/AUTH_d8c5e0069fac460689fc06414f238cc2/gnocchi.128507fc-f932-4a11-b38f-60383873f84a/1763640000.0_mean_300.0_v3" 201 - "PUT http://[::1]:8080/v1/AUTH_d8c5e0069fac460689fc06414f238cc2/gnocchi.128507fc-f932-4a11-b38f-60383873f84a/1763640000.0_mean_300.0_v3" "tx737d32ebe71e4c87b930b-00692c8f77" "proxy-server 92966" 0.0151 "-" 96902 0
Nov 30 13:39:51 np0005540243.novalocal container-server[96606]: ::1 - - [30/Nov/2025:18:39:51 +0000] "PUT /2/170511/AUTH_d8c5e0069fac460689fc06414f238cc2/gnocchi.128507fc-f932-4a11-b38f-60383873f84a/1763640000.0_mean_300.0_v3" 201 - "PUT http://[::1]:8080/1/57973/AUTH_d8c5e0069fac460689fc06414f238cc2/gnocchi.128507fc-f932-4a11-b38f-60383873f84a/1763640000.0_mean_300.0_v3" "tx737d32ebe71e4c87b930b-00692c8f77" "object-server 96901" 0.0005 "-" 96606 0
Nov 30 13:39:51 np0005540243.novalocal container-server[96605]: ::1 - - [30/Nov/2025:18:39:51 +0000] "PUT /3/212916/AUTH_d8c5e0069fac460689fc06414f238cc2/gnocchi.bba9cd9d-4882-4e04-beb8-01154e01f8fa/1763640000.0_mean_300.0_v3" 201 - "PUT http://[::1]:8080/1/49529/AUTH_d8c5e0069fac460689fc06414f238cc2/gnocchi.bba9cd9d-4882-4e04-beb8-01154e01f8fa/1763640000.0_mean_300.0_v3" "tx8eb469c342fa4838aa7ed-00692c8f77" "object-server 96901" 0.0005 "-" 96605 0
Nov 30 13:39:51 np0005540243.novalocal object-server[96901]: ::1 - - [30/Nov/2025:18:39:51 +0000] "PUT /1/57973/AUTH_d8c5e0069fac460689fc06414f238cc2/gnocchi.128507fc-f932-4a11-b38f-60383873f84a/1763640000.0_mean_300.0_v3" 201 - "PUT http://[::1]:8080/v1/AUTH_d8c5e0069fac460689fc06414f238cc2/gnocchi.128507fc-f932-4a11-b38f-60383873f84a/1763640000.0_mean_300.0_v3" "tx737d32ebe71e4c87b930b-00692c8f77" "proxy-server 92966" 0.0179 "-" 96901 0
Nov 30 13:39:51 np0005540243.novalocal object-server[96901]: ::1 - - [30/Nov/2025:18:39:51 +0000] "PUT /1/49529/AUTH_d8c5e0069fac460689fc06414f238cc2/gnocchi.bba9cd9d-4882-4e04-beb8-01154e01f8fa/1763640000.0_mean_300.0_v3" 201 - "PUT http://[::1]:8080/v1/AUTH_d8c5e0069fac460689fc06414f238cc2/gnocchi.bba9cd9d-4882-4e04-beb8-01154e01f8fa/1763640000.0_mean_300.0_v3" "tx8eb469c342fa4838aa7ed-00692c8f77" "proxy-server 92965" 0.0212 "-" 96901 0
Nov 30 13:39:51 np0005540243.novalocal proxy-server[92966]: ::1 ::1 30/Nov/2025/18/39/51 PUT /v1/AUTH_d8c5e0069fac460689fc06414f238cc2/gnocchi.128507fc-f932-4a11-b38f-60383873f84a/1763640000.0_mean_300.0_v3 HTTP/1.0 201 - python-swiftclient-4.2.0 gAAAAABpLI9eQPaN... 16 - - tx737d32ebe71e4c87b930b-00692c8f77 - 0.0286 - - 1764527991.028851748 1764527991.057481527 0
Nov 30 13:39:51 np0005540243.novalocal proxy-server[92965]: ::1 ::1 30/Nov/2025/18/39/51 PUT /v1/AUTH_d8c5e0069fac460689fc06414f238cc2/gnocchi.bba9cd9d-4882-4e04-beb8-01154e01f8fa/1763640000.0_mean_300.0_v3 HTTP/1.0 201 - python-swiftclient-4.2.0 gAAAAABpLI9luiBC... 16 - - tx8eb469c342fa4838aa7ed-00692c8f77 - 0.0315 - - 1764527991.026520014 1764527991.058047533 0
Nov 30 13:39:51 np0005540243.novalocal sudo[104110]: cinder : PWD=/ ; USER=root ; COMMAND=/usr/bin/cinder-rootwrap /etc/cinder/rootwrap.conf cinder-rtstool get-targets
Nov 30 13:39:51 np0005540243.novalocal haproxy-metadata-proxy-19afdf8b-b8df-4e4e-ae7c-de66367a52a9[103239]: ::ffff:10.100.0.5:51122 [30/Nov/2025:13:39:46.319] listener listener/metadata 0/0/0/4757/4757 200 130 - - ---- 1/1/0/0/0 0/0 "GET /2009-04-04/meta-data/instance-id HTTP/1.1"
Nov 30 13:39:51 np0005540243.novalocal container-server[96607]: ::1 - - [30/Nov/2025:18:39:51 +0000] "PUT /1/212916/AUTH_d8c5e0069fac460689fc06414f238cc2/gnocchi.bba9cd9d-4882-4e04-beb8-01154e01f8fa/none_v3" 201 - "PUT http://[::1]:8080/1/32625/AUTH_d8c5e0069fac460689fc06414f238cc2/gnocchi.bba9cd9d-4882-4e04-beb8-01154e01f8fa/none_v3" "tx66deee70ec7b4ab3b9543-00692c8f77" "object-server 96901" 0.0007 "-" 96607 0
Nov 30 13:39:51 np0005540243.novalocal container-server[96606]: ::1 - - [30/Nov/2025:18:39:51 +0000] "PUT /3/212916/AUTH_d8c5e0069fac460689fc06414f238cc2/gnocchi.bba9cd9d-4882-4e04-beb8-01154e01f8fa/none_v3" 201 - "PUT http://[::1]:8080/3/32625/AUTH_d8c5e0069fac460689fc06414f238cc2/gnocchi.bba9cd9d-4882-4e04-beb8-01154e01f8fa/none_v3" "tx66deee70ec7b4ab3b9543-00692c8f77" "object-server 96902" 0.0005 "-" 96606 0
Nov 30 13:39:51 np0005540243.novalocal object-server[96901]: ::1 - - [30/Nov/2025:18:39:51 +0000] "PUT /1/32625/AUTH_d8c5e0069fac460689fc06414f238cc2/gnocchi.bba9cd9d-4882-4e04-beb8-01154e01f8fa/none_v3" 201 - "PUT http://[::1]:8080/v1/AUTH_d8c5e0069fac460689fc06414f238cc2/gnocchi.bba9cd9d-4882-4e04-beb8-01154e01f8fa/none_v3" "tx66deee70ec7b4ab3b9543-00692c8f77" "proxy-server 92965" 0.0121 "-" 96901 0
Nov 30 13:39:51 np0005540243.novalocal object-server[96902]: ::1 - - [30/Nov/2025:18:39:51 +0000] "PUT /3/32625/AUTH_d8c5e0069fac460689fc06414f238cc2/gnocchi.bba9cd9d-4882-4e04-beb8-01154e01f8fa/none_v3" 201 - "PUT http://[::1]:8080/v1/AUTH_d8c5e0069fac460689fc06414f238cc2/gnocchi.bba9cd9d-4882-4e04-beb8-01154e01f8fa/none_v3" "tx66deee70ec7b4ab3b9543-00692c8f77" "proxy-server 92965" 0.0129 "-" 96902 0
Nov 30 13:39:51 np0005540243.novalocal container-server[96608]: ::1 - - [30/Nov/2025:18:39:51 +0000] "PUT /2/212916/AUTH_d8c5e0069fac460689fc06414f238cc2/gnocchi.bba9cd9d-4882-4e04-beb8-01154e01f8fa/none_v3" 201 - "PUT http://[::1]:8080/2/32625/AUTH_d8c5e0069fac460689fc06414f238cc2/gnocchi.bba9cd9d-4882-4e04-beb8-01154e01f8fa/none_v3" "tx66deee70ec7b4ab3b9543-00692c8f77" "object-server 96899" 0.0007 "-" 96608 0
Nov 30 13:39:51 np0005540243.novalocal object-server[96899]: ::1 - - [30/Nov/2025:18:39:51 +0000] "PUT /2/32625/AUTH_d8c5e0069fac460689fc06414f238cc2/gnocchi.bba9cd9d-4882-4e04-beb8-01154e01f8fa/none_v3" 201 - "PUT http://[::1]:8080/v1/AUTH_d8c5e0069fac460689fc06414f238cc2/gnocchi.bba9cd9d-4882-4e04-beb8-01154e01f8fa/none_v3" "tx66deee70ec7b4ab3b9543-00692c8f77" "proxy-server 92965" 0.0204 "-" 96899 0
Nov 30 13:39:51 np0005540243.novalocal container-server[96608]: ::1 - - [30/Nov/2025:18:39:51 +0000] "PUT /1/170511/AUTH_d8c5e0069fac460689fc06414f238cc2/gnocchi.128507fc-f932-4a11-b38f-60383873f84a/none_v3" 201 - "PUT http://[::1]:8080/3/240494/AUTH_d8c5e0069fac460689fc06414f238cc2/gnocchi.128507fc-f932-4a11-b38f-60383873f84a/none_v3" "tx14861536bfc046349c471-00692c8f77" "object-server 96900" 0.0005 "-" 96608 0
Nov 30 13:39:51 np0005540243.novalocal object-server[96900]: ::1 - - [30/Nov/2025:18:39:51 +0000] "PUT /3/240494/AUTH_d8c5e0069fac460689fc06414f238cc2/gnocchi.128507fc-f932-4a11-b38f-60383873f84a/none_v3" 201 - "PUT http://[::1]:8080/v1/AUTH_d8c5e0069fac460689fc06414f238cc2/gnocchi.128507fc-f932-4a11-b38f-60383873f84a/none_v3" "tx14861536bfc046349c471-00692c8f77" "proxy-server 92966" 0.0154 "-" 96900 0
Nov 30 13:39:51 np0005540243.novalocal proxy-server[92965]: ::1 ::1 30/Nov/2025/18/39/51 PUT /v1/AUTH_d8c5e0069fac460689fc06414f238cc2/gnocchi.bba9cd9d-4882-4e04-beb8-01154e01f8fa/none_v3 HTTP/1.0 201 - python-swiftclient-4.2.0 gAAAAABpLI9luiBC... 61 - - tx66deee70ec7b4ab3b9543-00692c8f77 - 0.0333 - - 1764527991.061923504 1764527991.095205545 0
Nov 30 13:39:51 np0005540243.novalocal container-server[96607]: ::1 - - [30/Nov/2025:18:39:51 +0000] "PUT /2/170511/AUTH_d8c5e0069fac460689fc06414f238cc2/gnocchi.128507fc-f932-4a11-b38f-60383873f84a/none_v3" 201 - "PUT http://[::1]:8080/2/240494/AUTH_d8c5e0069fac460689fc06414f238cc2/gnocchi.128507fc-f932-4a11-b38f-60383873f84a/none_v3" "tx14861536bfc046349c471-00692c8f77" "object-server 96899" 0.0006 "-" 96607 0
Nov 30 13:39:51 np0005540243.novalocal systemd[1]: Started Session c135 of User root.
Nov 30 13:39:51 np0005540243.novalocal object-server[96899]: ::1 - - [30/Nov/2025:18:39:51 +0000] "PUT /2/240494/AUTH_d8c5e0069fac460689fc06414f238cc2/gnocchi.128507fc-f932-4a11-b38f-60383873f84a/none_v3" 201 - "PUT http://[::1]:8080/v1/AUTH_d8c5e0069fac460689fc06414f238cc2/gnocchi.128507fc-f932-4a11-b38f-60383873f84a/none_v3" "tx14861536bfc046349c471-00692c8f77" "proxy-server 92966" 0.0176 "-" 96899 0
Nov 30 13:39:51 np0005540243.novalocal container-server[96608]: ::1 - - [30/Nov/2025:18:39:51 +0000] "PUT /3/170511/AUTH_d8c5e0069fac460689fc06414f238cc2/gnocchi.128507fc-f932-4a11-b38f-60383873f84a/none_v3" 201 - "PUT http://[::1]:8080/1/240494/AUTH_d8c5e0069fac460689fc06414f238cc2/gnocchi.128507fc-f932-4a11-b38f-60383873f84a/none_v3" "tx14861536bfc046349c471-00692c8f77" "object-server 96899" 0.0034 "-" 96608 0
Nov 30 13:39:51 np0005540243.novalocal object-server[96899]: ::1 - - [30/Nov/2025:18:39:51 +0000] "PUT /1/240494/AUTH_d8c5e0069fac460689fc06414f238cc2/gnocchi.128507fc-f932-4a11-b38f-60383873f84a/none_v3" 201 - "PUT http://[::1]:8080/v1/AUTH_d8c5e0069fac460689fc06414f238cc2/gnocchi.128507fc-f932-4a11-b38f-60383873f84a/none_v3" "tx14861536bfc046349c471-00692c8f77" "proxy-server 92966" 0.0214 "-" 96899 0
Nov 30 13:39:51 np0005540243.novalocal proxy-server[92966]: ::1 ::1 30/Nov/2025/18/39/51 PUT /v1/AUTH_d8c5e0069fac460689fc06414f238cc2/gnocchi.128507fc-f932-4a11-b38f-60383873f84a/none_v3 HTTP/1.0 201 - python-swiftclient-4.2.0 gAAAAABpLI9eQPaN... 36 - - tx14861536bfc046349c471-00692c8f77 - 0.0371 - - 1764527991.063344717 1764527991.100465298 0
Nov 30 13:39:51 np0005540243.novalocal sudo[104110]: pam_unix(sudo:session): session opened for user root(uid=0) by (uid=165)
Nov 30 13:39:51 np0005540243.novalocal object-server[96900]: ::1 - - [30/Nov/2025:18:39:51 +0000] "GET /3/65563/AUTH_d8c5e0069fac460689fc06414f238cc2/gnocchi.4eeab45b-25a8-47d3-b715-c893ebe09e4d/none_v3" 200 31 "GET http://[::1]:8080/v1/AUTH_d8c5e0069fac460689fc06414f238cc2/gnocchi.4eeab45b-25a8-47d3-b715-c893ebe09e4d/none_v3" "tx665809906eea43c6a9a2e-00692c8f77" "proxy-server 92965" 0.0009 "-" 96900 0
Nov 30 13:39:51 np0005540243.novalocal proxy-server[92965]: ::1 ::1 30/Nov/2025/18/39/51 GET /v1/AUTH_d8c5e0069fac460689fc06414f238cc2/gnocchi.4eeab45b-25a8-47d3-b715-c893ebe09e4d/none_v3 HTTP/1.0 200 - python-swiftclient-4.2.0 gAAAAABpLI9luiBC... - 31 - tx665809906eea43c6a9a2e-00692c8f77 - 0.0068 - - 1764527991.104100704 1764527991.110870600 0
Nov 30 13:39:51 np0005540243.novalocal container-server[96606]: ::1 - - [30/Nov/2025:18:39:51 +0000] "GET /2/58645/AUTH_d8c5e0069fac460689fc06414f238cc2/gnocchi.4eeab45b-25a8-47d3-b715-c893ebe09e4d" 200 357 "GET http://[::1]:8080/v1/AUTH_d8c5e0069fac460689fc06414f238cc2/gnocchi.4eeab45b-25a8-47d3-b715-c893ebe09e4d?format=json&states=listing" "tx6d3d27f9bee44e7e8ef50-00692c8f77" "proxy-server 92965" 0.0071 "-" 96606 0
Nov 30 13:39:51 np0005540243.novalocal proxy-server[92965]: ::1 ::1 30/Nov/2025/18/39/51 GET /v1/AUTH_d8c5e0069fac460689fc06414f238cc2/gnocchi.4eeab45b-25a8-47d3-b715-c893ebe09e4d%3Fformat%3Djson%26states%3Dlisting HTTP/1.0 200 - python-swiftclient-4.2.0 gAAAAABpLI9luiBC... - 357 - tx6d3d27f9bee44e7e8ef50-00692c8f77 - 0.0144 - - 1764527991.113224030 1764527991.127639055 0
Nov 30 13:39:51 np0005540243.novalocal object-server[96901]: ::1 - - [30/Nov/2025:18:39:51 +0000] "GET /3/95762/AUTH_d8c5e0069fac460689fc06414f238cc2/gnocchi.37db4433-4d68-4d04-8bda-4a1931ea08c8/none_v3" 200 30 "GET http://[::1]:8080/v1/AUTH_d8c5e0069fac460689fc06414f238cc2/gnocchi.37db4433-4d68-4d04-8bda-4a1931ea08c8/none_v3" "txd01dfb1122dd4562a3495-00692c8f77" "proxy-server 92966" 0.0007 "-" 96901 0
Nov 30 13:39:51 np0005540243.novalocal proxy-server[92966]: ::1 ::1 30/Nov/2025/18/39/51 GET /v1/AUTH_d8c5e0069fac460689fc06414f238cc2/gnocchi.37db4433-4d68-4d04-8bda-4a1931ea08c8/none_v3 HTTP/1.0 200 - python-swiftclient-4.2.0 gAAAAABpLI9eQPaN... - 30 - txd01dfb1122dd4562a3495-00692c8f77 - 0.0105 - - 1764527991.122622013 1764527991.133139372 0
Nov 30 13:39:51 np0005540243.novalocal container-server[96608]: ::1 - - [30/Nov/2025:18:39:51 +0000] "GET /3/58645/AUTH_d8c5e0069fac460689fc06414f238cc2/gnocchi.4eeab45b-25a8-47d3-b715-c893ebe09e4d" 200 2 "GET http://[::1]:8080/v1/AUTH_d8c5e0069fac460689fc06414f238cc2/gnocchi.4eeab45b-25a8-47d3-b715-c893ebe09e4d?format=json&marker=none_v3&states=listing" "tx1467ba43bfff466fbb95b-00692c8f77" "proxy-server 92965" 0.0091 "-" 96608 0
Nov 30 13:39:51 np0005540243.novalocal proxy-server[92965]: ::1 ::1 30/Nov/2025/18/39/51 GET /v1/AUTH_d8c5e0069fac460689fc06414f238cc2/gnocchi.4eeab45b-25a8-47d3-b715-c893ebe09e4d%3Fformat%3Djson%26marker%3Dnone_v3%26states%3Dlisting HTTP/1.0 200 - python-swiftclient-4.2.0 gAAAAABpLI9luiBC... - 2 - tx1467ba43bfff466fbb95b-00692c8f77 - 0.0176 - - 1764527991.131017447 1764527991.148591518 0
Nov 30 13:39:51 np0005540243.novalocal container-server[96607]: ::1 - - [30/Nov/2025:18:39:51 +0000] "GET /3/177751/AUTH_d8c5e0069fac460689fc06414f238cc2/gnocchi.37db4433-4d68-4d04-8bda-4a1931ea08c8" 200 357 "GET http://[::1]:8080/v1/AUTH_d8c5e0069fac460689fc06414f238cc2/gnocchi.37db4433-4d68-4d04-8bda-4a1931ea08c8?format=json&states=listing" "txf5f39317a30b4bbdb4426-00692c8f77" "proxy-server 92966" 0.0069 "-" 96607 0
Nov 30 13:39:51 np0005540243.novalocal proxy-server[92966]: ::1 ::1 30/Nov/2025/18/39/51 GET /v1/AUTH_d8c5e0069fac460689fc06414f238cc2/gnocchi.37db4433-4d68-4d04-8bda-4a1931ea08c8%3Fformat%3Djson%26states%3Dlisting HTTP/1.0 200 - python-swiftclient-4.2.0 gAAAAABpLI9eQPaN... - 357 - txf5f39317a30b4bbdb4426-00692c8f77 - 0.0166 - - 1764527991.138576746 1764527991.155141830 0
Nov 30 13:39:51 np0005540243.novalocal object-server[96901]: ::1 - - [30/Nov/2025:18:39:51 +0000] "GET /2/239627/AUTH_d8c5e0069fac460689fc06414f238cc2/gnocchi.4eeab45b-25a8-47d3-b715-c893ebe09e4d/1763640000.0_mean_300.0_v3" 200 16 "GET http://[::1]:8080/v1/AUTH_d8c5e0069fac460689fc06414f238cc2/gnocchi.4eeab45b-25a8-47d3-b715-c893ebe09e4d/1763640000.0_mean_300.0_v3" "tx0d439e6aaec84a32aecd4-00692c8f77" "proxy-server 92965" 0.0022 "-" 96901 0
Nov 30 13:39:51 np0005540243.novalocal proxy-server[92965]: ::1 ::1 30/Nov/2025/18/39/51 GET /v1/AUTH_d8c5e0069fac460689fc06414f238cc2/gnocchi.4eeab45b-25a8-47d3-b715-c893ebe09e4d/1763640000.0_mean_300.0_v3 HTTP/1.0 200 - python-swiftclient-4.2.0 gAAAAABpLI9luiBC... - 16 - tx0d439e6aaec84a32aecd4-00692c8f77 - 0.0114 - - 1764527991.153916597 1764527991.165291071 0
Nov 30 13:39:51 np0005540243.novalocal container-server[96608]: ::1 - - [30/Nov/2025:18:39:51 +0000] "GET /3/177751/AUTH_d8c5e0069fac460689fc06414f238cc2/gnocchi.37db4433-4d68-4d04-8bda-4a1931ea08c8" 200 2 "GET http://[::1]:8080/v1/AUTH_d8c5e0069fac460689fc06414f238cc2/gnocchi.37db4433-4d68-4d04-8bda-4a1931ea08c8?format=json&marker=none_v3&states=listing" "txd61e9f21c05040a69c822-00692c8f77" "proxy-server 92966" 0.0027 "-" 96608 0
Nov 30 13:39:51 np0005540243.novalocal proxy-server[92966]: ::1 ::1 30/Nov/2025/18/39/51 GET /v1/AUTH_d8c5e0069fac460689fc06414f238cc2/gnocchi.37db4433-4d68-4d04-8bda-4a1931ea08c8%3Fformat%3Djson%26marker%3Dnone_v3%26states%3Dlisting HTTP/1.0 200 - python-swiftclient-4.2.0 gAAAAABpLI9eQPaN... - 2 - txd61e9f21c05040a69c822-00692c8f77 - 0.0102 - - 1764527991.159326553 1764527991.169564009 0
Nov 30 13:39:51 np0005540243.novalocal object-server[96899]: ::1 - - [30/Nov/2025:18:39:51 +0000] "GET /2/219463/AUTH_d8c5e0069fac460689fc06414f238cc2/gnocchi.37db4433-4d68-4d04-8bda-4a1931ea08c8/1763640000.0_mean_300.0_v3" 200 16 "GET http://[::1]:8080/v1/AUTH_d8c5e0069fac460689fc06414f238cc2/gnocchi.37db4433-4d68-4d04-8bda-4a1931ea08c8/1763640000.0_mean_300.0_v3" "tx1139df323dc448b8badf2-00692c8f77" "proxy-server 92966" 0.0005 "-" 96899 0
Nov 30 13:39:51 np0005540243.novalocal container-server[96605]: ::1 - - [30/Nov/2025:18:39:51 +0000] "PUT /2/58645/AUTH_d8c5e0069fac460689fc06414f238cc2/gnocchi.4eeab45b-25a8-47d3-b715-c893ebe09e4d/1763640000.0_mean_300.0_v3" 201 - "PUT http://[::1]:8080/2/239627/AUTH_d8c5e0069fac460689fc06414f238cc2/gnocchi.4eeab45b-25a8-47d3-b715-c893ebe09e4d/1763640000.0_mean_300.0_v3" "txfb373f7957b043da9204a-00692c8f77" "object-server 96900" 0.0004 "-" 96605 0
Nov 30 13:39:51 np0005540243.novalocal container-server[96606]: ::1 - - [30/Nov/2025:18:39:51 +0000] "PUT /1/58645/AUTH_d8c5e0069fac460689fc06414f238cc2/gnocchi.4eeab45b-25a8-47d3-b715-c893ebe09e4d/1763640000.0_mean_300.0_v3" 201 - "PUT http://[::1]:8080/1/239627/AUTH_d8c5e0069fac460689fc06414f238cc2/gnocchi.4eeab45b-25a8-47d3-b715-c893ebe09e4d/1763640000.0_mean_300.0_v3" "txfb373f7957b043da9204a-00692c8f77" "object-server 96899" 0.0005 "-" 96606 0
Nov 30 13:39:51 np0005540243.novalocal object-server[96900]: ::1 - - [30/Nov/2025:18:39:51 +0000] "PUT /2/239627/AUTH_d8c5e0069fac460689fc06414f238cc2/gnocchi.4eeab45b-25a8-47d3-b715-c893ebe09e4d/1763640000.0_mean_300.0_v3" 201 - "PUT http://[::1]:8080/v1/AUTH_d8c5e0069fac460689fc06414f238cc2/gnocchi.4eeab45b-25a8-47d3-b715-c893ebe09e4d/1763640000.0_mean_300.0_v3" "txfb373f7957b043da9204a-00692c8f77" "proxy-server 92965" 0.0105 "-" 96900 0
Nov 30 13:39:51 np0005540243.novalocal object-server[96899]: ::1 - - [30/Nov/2025:18:39:51 +0000] "PUT /1/239627/AUTH_d8c5e0069fac460689fc06414f238cc2/gnocchi.4eeab45b-25a8-47d3-b715-c893ebe09e4d/1763640000.0_mean_300.0_v3" 201 - "PUT http://[::1]:8080/v1/AUTH_d8c5e0069fac460689fc06414f238cc2/gnocchi.4eeab45b-25a8-47d3-b715-c893ebe09e4d/1763640000.0_mean_300.0_v3" "txfb373f7957b043da9204a-00692c8f77" "proxy-server 92965" 0.0118 "-" 96899 0
Nov 30 13:39:51 np0005540243.novalocal container-server[96606]: ::1 - - [30/Nov/2025:18:39:51 +0000] "PUT /3/58645/AUTH_d8c5e0069fac460689fc06414f238cc2/gnocchi.4eeab45b-25a8-47d3-b715-c893ebe09e4d/1763640000.0_mean_300.0_v3" 201 - "PUT http://[::1]:8080/3/239627/AUTH_d8c5e0069fac460689fc06414f238cc2/gnocchi.4eeab45b-25a8-47d3-b715-c893ebe09e4d/1763640000.0_mean_300.0_v3" "txfb373f7957b043da9204a-00692c8f77" "object-server 96902" 0.0005 "-" 96606 0
Nov 30 13:39:51 np0005540243.novalocal object-server[96902]: ::1 - - [30/Nov/2025:18:39:51 +0000] "PUT /3/239627/AUTH_d8c5e0069fac460689fc06414f238cc2/gnocchi.4eeab45b-25a8-47d3-b715-c893ebe09e4d/1763640000.0_mean_300.0_v3" 201 - "PUT http://[::1]:8080/v1/AUTH_d8c5e0069fac460689fc06414f238cc2/gnocchi.4eeab45b-25a8-47d3-b715-c893ebe09e4d/1763640000.0_mean_300.0_v3" "txfb373f7957b043da9204a-00692c8f77" "proxy-server 92965" 0.0126 "-" 96902 0
Nov 30 13:39:51 np0005540243.novalocal proxy-server[92966]: ::1 ::1 30/Nov/2025/18/39/51 GET /v1/AUTH_d8c5e0069fac460689fc06414f238cc2/gnocchi.37db4433-4d68-4d04-8bda-4a1931ea08c8/1763640000.0_mean_300.0_v3 HTTP/1.0 200 - python-swiftclient-4.2.0 gAAAAABpLI9eQPaN... - 16 - tx1139df323dc448b8badf2-00692c8f77 - 0.0134 - - 1764527991.173807859 1764527991.187212944 0
