Nov 30 13:40:53 np0005540243.novalocal proxy-server[92965]: ::1 ::1 30/Nov/2025/18/40/53 GET /v1/AUTH_d8c5e0069fac460689fc06414f238cc2/gnocchi.09cede7e-e172-4fbe-bf05-50a59beaf51d/none_v3 HTTP/1.0 200 - python-swiftclient-4.2.0 gAAAAABpLI9luiBC... - 22 - txb1c43d55efd5404081d62-00692c8fb5 - 0.0094 - - 1764528053.631851673 1764528053.641286135 0
Nov 30 13:40:53 np0005540243.novalocal container-server[96607]: ::1 - - [30/Nov/2025:18:40:53 +0000] "GET /2/19863/AUTH_d8c5e0069fac460689fc06414f238cc2/gnocchi.09cede7e-e172-4fbe-bf05-50a59beaf51d" 200 357 "GET http://[::1]:8080/v1/AUTH_d8c5e0069fac460689fc06414f238cc2/gnocchi.09cede7e-e172-4fbe-bf05-50a59beaf51d?format=json&states=listing" "tx18bd8c753d0443fdb1b22-00692c8fb5" "proxy-server 92965" 0.0088 "-" 96607 0
Nov 30 13:40:53 np0005540243.novalocal proxy-server[92965]: ::1 ::1 30/Nov/2025/18/40/53 GET /v1/AUTH_d8c5e0069fac460689fc06414f238cc2/gnocchi.09cede7e-e172-4fbe-bf05-50a59beaf51d%3Fformat%3Djson%26states%3Dlisting HTTP/1.0 200 - python-swiftclient-4.2.0 gAAAAABpLI9luiBC... - 357 - tx18bd8c753d0443fdb1b22-00692c8fb5 - 0.0135 - - 1764528053.643848419 1764528053.657393217 0
Nov 30 13:40:53 np0005540243.novalocal container-server[96605]: ::1 - - [30/Nov/2025:18:40:53 +0000] "GET /1/95630/AUTH_d8c5e0069fac460689fc06414f238cc2/gnocchi.5038ce83-fbe0-4318-8628-9f0e6376a298" 200 357 "GET http://[::1]:8080/v1/AUTH_d8c5e0069fac460689fc06414f238cc2/gnocchi.5038ce83-fbe0-4318-8628-9f0e6376a298?format=json&states=listing" "tx3ca70e94cf914c8fb919f-00692c8fb5" "proxy-server 92966" 0.0117 "-" 96605 0
Nov 30 13:40:53 np0005540243.novalocal proxy-server[92966]: ::1 ::1 30/Nov/2025/18/40/53 GET /v1/AUTH_d8c5e0069fac460689fc06414f238cc2/gnocchi.5038ce83-fbe0-4318-8628-9f0e6376a298%3Fformat%3Djson%26states%3Dlisting HTTP/1.0 200 - python-swiftclient-4.2.0 gAAAAABpLI9eQPaN... - 357 - tx3ca70e94cf914c8fb919f-00692c8fb5 - 0.0232 - - 1764528053.637727261 1764528053.660915375 0
Nov 30 13:40:53 np0005540243.novalocal container-server[96608]: ::1 - - [30/Nov/2025:18:40:53 +0000] "GET /3/19863/AUTH_d8c5e0069fac460689fc06414f238cc2/gnocchi.09cede7e-e172-4fbe-bf05-50a59beaf51d" 200 2 "GET http://[::1]:8080/v1/AUTH_d8c5e0069fac460689fc06414f238cc2/gnocchi.09cede7e-e172-4fbe-bf05-50a59beaf51d?format=json&marker=none_v3&states=listing" "txfe321f2b432245278342f-00692c8fb5" "proxy-server 92965" 0.0071 "-" 96608 0
Nov 30 13:40:53 np0005540243.novalocal proxy-server[92965]: ::1 ::1 30/Nov/2025/18/40/53 GET /v1/AUTH_d8c5e0069fac460689fc06414f238cc2/gnocchi.09cede7e-e172-4fbe-bf05-50a59beaf51d%3Fformat%3Djson%26marker%3Dnone_v3%26states%3Dlisting HTTP/1.0 200 - python-swiftclient-4.2.0 gAAAAABpLI9luiBC... - 2 - txfe321f2b432245278342f-00692c8fb5 - 0.0119 - - 1764528053.659748793 1764528053.671695471 0
Nov 30 13:40:53 np0005540243.novalocal container-server[96605]: ::1 - - [30/Nov/2025:18:40:53 +0000] "GET /3/95630/AUTH_d8c5e0069fac460689fc06414f238cc2/gnocchi.5038ce83-fbe0-4318-8628-9f0e6376a298" 200 2 "GET http://[::1]:8080/v1/AUTH_d8c5e0069fac460689fc06414f238cc2/gnocchi.5038ce83-fbe0-4318-8628-9f0e6376a298?format=json&marker=none_v3&states=listing" "tx696c5a3181fd4def8a363-00692c8fb5" "proxy-server 92966" 0.0100 "-" 96605 0
Nov 30 13:40:53 np0005540243.novalocal proxy-server[92966]: ::1 ::1 30/Nov/2025/18/40/53 GET /v1/AUTH_d8c5e0069fac460689fc06414f238cc2/gnocchi.5038ce83-fbe0-4318-8628-9f0e6376a298%3Fformat%3Djson%26marker%3Dnone_v3%26states%3Dlisting HTTP/1.0 200 - python-swiftclient-4.2.0 gAAAAABpLI9eQPaN... - 2 - tx696c5a3181fd4def8a363-00692c8fb5 - 0.0161 - - 1764528053.663194180 1764528053.679268599 0
Nov 30 13:40:53 np0005540243.novalocal object-server[96901]: ::1 - - [30/Nov/2025:18:40:53 +0000] "GET /3/137999/AUTH_d8c5e0069fac460689fc06414f238cc2/gnocchi.09cede7e-e172-4fbe-bf05-50a59beaf51d/1763640000.0_mean_300.0_v3" 200 16 "GET http://[::1]:8080/v1/AUTH_d8c5e0069fac460689fc06414f238cc2/gnocchi.09cede7e-e172-4fbe-bf05-50a59beaf51d/1763640000.0_mean_300.0_v3" "txa650bd75626341c5bb7a1-00692c8fb5" "proxy-server 92965" 0.0006 "-" 96901 0
Nov 30 13:40:53 np0005540243.novalocal object-server[96902]: ::1 - - [30/Nov/2025:18:40:53 +0000] "GET /1/41584/AUTH_d8c5e0069fac460689fc06414f238cc2/gnocchi.5038ce83-fbe0-4318-8628-9f0e6376a298/1763640000.0_mean_300.0_v3" 200 16 "GET http://[::1]:8080/v1/AUTH_d8c5e0069fac460689fc06414f238cc2/gnocchi.5038ce83-fbe0-4318-8628-9f0e6376a298/1763640000.0_mean_300.0_v3" "tx23f007e2ef3a4d5e96d4d-00692c8fb5" "proxy-server 92966" 0.0008 "-" 96902 0
Nov 30 13:40:53 np0005540243.novalocal proxy-server[92965]: ::1 ::1 30/Nov/2025/18/40/53 GET /v1/AUTH_d8c5e0069fac460689fc06414f238cc2/gnocchi.09cede7e-e172-4fbe-bf05-50a59beaf51d/1763640000.0_mean_300.0_v3 HTTP/1.0 200 - python-swiftclient-4.2.0 gAAAAABpLI9luiBC... - 16 - txa650bd75626341c5bb7a1-00692c8fb5 - 0.0072 - - 1764528053.681751013 1764528053.688975811 0
Nov 30 13:40:53 np0005540243.novalocal proxy-server[92966]: ::1 ::1 30/Nov/2025/18/40/53 GET /v1/AUTH_d8c5e0069fac460689fc06414f238cc2/gnocchi.5038ce83-fbe0-4318-8628-9f0e6376a298/1763640000.0_mean_300.0_v3 HTTP/1.0 200 - python-swiftclient-4.2.0 gAAAAABpLI9eQPaN... - 16 - tx23f007e2ef3a4d5e96d4d-00692c8fb5 - 0.0067 - - 1764528053.682818651 1764528053.689488649 0
Nov 30 13:40:53 np0005540243.novalocal container-server[96605]: ::1 - - [30/Nov/2025:18:40:53 +0000] "PUT /1/19863/AUTH_d8c5e0069fac460689fc06414f238cc2/gnocchi.09cede7e-e172-4fbe-bf05-50a59beaf51d/1763640000.0_mean_300.0_v3" 201 - "PUT http://[::1]:8080/2/137999/AUTH_d8c5e0069fac460689fc06414f238cc2/gnocchi.09cede7e-e172-4fbe-bf05-50a59beaf51d/1763640000.0_mean_300.0_v3" "tx73df45c9a699477693301-00692c8fb5" "object-server 96900" 0.0004 "-" 96605 0
Nov 30 13:40:53 np0005540243.novalocal container-server[96608]: ::1 - - [30/Nov/2025:18:40:53 +0000] "PUT /2/19863/AUTH_d8c5e0069fac460689fc06414f238cc2/gnocchi.09cede7e-e172-4fbe-bf05-50a59beaf51d/1763640000.0_mean_300.0_v3" 201 - "PUT http://[::1]:8080/1/137999/AUTH_d8c5e0069fac460689fc06414f238cc2/gnocchi.09cede7e-e172-4fbe-bf05-50a59beaf51d/1763640000.0_mean_300.0_v3" "tx73df45c9a699477693301-00692c8fb5" "object-server 96899" 0.0004 "-" 96608 0
Nov 30 13:40:53 np0005540243.novalocal container-server[96605]: ::1 - - [30/Nov/2025:18:40:53 +0000] "PUT /3/95630/AUTH_d8c5e0069fac460689fc06414f238cc2/gnocchi.5038ce83-fbe0-4318-8628-9f0e6376a298/1763640000.0_mean_300.0_v3" 201 - "PUT http://[::1]:8080/3/41584/AUTH_d8c5e0069fac460689fc06414f238cc2/gnocchi.5038ce83-fbe0-4318-8628-9f0e6376a298/1763640000.0_mean_300.0_v3" "tx535e6579ac9c4457ba46b-00692c8fb5" "object-server 96901" 0.0003 "-" 96605 0
Nov 30 13:40:53 np0005540243.novalocal object-server[96900]: ::1 - - [30/Nov/2025:18:40:53 +0000] "PUT /2/137999/AUTH_d8c5e0069fac460689fc06414f238cc2/gnocchi.09cede7e-e172-4fbe-bf05-50a59beaf51d/1763640000.0_mean_300.0_v3" 201 - "PUT http://[::1]:8080/v1/AUTH_d8c5e0069fac460689fc06414f238cc2/gnocchi.09cede7e-e172-4fbe-bf05-50a59beaf51d/1763640000.0_mean_300.0_v3" "tx73df45c9a699477693301-00692c8fb5" "proxy-server 92965" 0.0110 "-" 96900 0
Nov 30 13:40:53 np0005540243.novalocal container-server[96606]: ::1 - - [30/Nov/2025:18:40:53 +0000] "PUT /1/95630/AUTH_d8c5e0069fac460689fc06414f238cc2/gnocchi.5038ce83-fbe0-4318-8628-9f0e6376a298/1763640000.0_mean_300.0_v3" 201 - "PUT http://[::1]:8080/1/41584/AUTH_d8c5e0069fac460689fc06414f238cc2/gnocchi.5038ce83-fbe0-4318-8628-9f0e6376a298/1763640000.0_mean_300.0_v3" "tx535e6579ac9c4457ba46b-00692c8fb5" "object-server 96901" 0.0007 "-" 96606 0
Nov 30 13:40:53 np0005540243.novalocal container-server[96608]: ::1 - - [30/Nov/2025:18:40:53 +0000] "PUT /2/95630/AUTH_d8c5e0069fac460689fc06414f238cc2/gnocchi.5038ce83-fbe0-4318-8628-9f0e6376a298/1763640000.0_mean_300.0_v3" 201 - "PUT http://[::1]:8080/2/41584/AUTH_d8c5e0069fac460689fc06414f238cc2/gnocchi.5038ce83-fbe0-4318-8628-9f0e6376a298/1763640000.0_mean_300.0_v3" "tx535e6579ac9c4457ba46b-00692c8fb5" "object-server 96902" 0.0003 "-" 96608 0
Nov 30 13:40:53 np0005540243.novalocal object-server[96899]: ::1 - - [30/Nov/2025:18:40:53 +0000] "PUT /1/137999/AUTH_d8c5e0069fac460689fc06414f238cc2/gnocchi.09cede7e-e172-4fbe-bf05-50a59beaf51d/1763640000.0_mean_300.0_v3" 201 - "PUT http://[::1]:8080/v1/AUTH_d8c5e0069fac460689fc06414f238cc2/gnocchi.09cede7e-e172-4fbe-bf05-50a59beaf51d/1763640000.0_mean_300.0_v3" "tx73df45c9a699477693301-00692c8fb5" "proxy-server 92965" 0.0125 "-" 96899 0
Nov 30 13:40:53 np0005540243.novalocal container-server[96608]: ::1 - - [30/Nov/2025:18:40:53 +0000] "PUT /3/19863/AUTH_d8c5e0069fac460689fc06414f238cc2/gnocchi.09cede7e-e172-4fbe-bf05-50a59beaf51d/1763640000.0_mean_300.0_v3" 201 - "PUT http://[::1]:8080/3/137999/AUTH_d8c5e0069fac460689fc06414f238cc2/gnocchi.09cede7e-e172-4fbe-bf05-50a59beaf51d/1763640000.0_mean_300.0_v3" "tx73df45c9a699477693301-00692c8fb5" "object-server 96900" 0.0003 "-" 96608 0
Nov 30 13:40:53 np0005540243.novalocal object-server[96902]: ::1 - - [30/Nov/2025:18:40:53 +0000] "PUT /2/41584/AUTH_d8c5e0069fac460689fc06414f238cc2/gnocchi.5038ce83-fbe0-4318-8628-9f0e6376a298/1763640000.0_mean_300.0_v3" 201 - "PUT http://[::1]:8080/v1/AUTH_d8c5e0069fac460689fc06414f238cc2/gnocchi.5038ce83-fbe0-4318-8628-9f0e6376a298/1763640000.0_mean_300.0_v3" "tx535e6579ac9c4457ba46b-00692c8fb5" "proxy-server 92966" 0.0113 "-" 96902 0
Nov 30 13:40:53 np0005540243.novalocal object-server[96901]: ::1 - - [30/Nov/2025:18:40:53 +0000] "PUT /3/41584/AUTH_d8c5e0069fac460689fc06414f238cc2/gnocchi.5038ce83-fbe0-4318-8628-9f0e6376a298/1763640000.0_mean_300.0_v3" 201 - "PUT http://[::1]:8080/v1/AUTH_d8c5e0069fac460689fc06414f238cc2/gnocchi.5038ce83-fbe0-4318-8628-9f0e6376a298/1763640000.0_mean_300.0_v3" "tx535e6579ac9c4457ba46b-00692c8fb5" "proxy-server 92966" 0.0126 "-" 96901 0
Nov 30 13:40:53 np0005540243.novalocal object-server[96900]: ::1 - - [30/Nov/2025:18:40:53 +0000] "PUT /3/137999/AUTH_d8c5e0069fac460689fc06414f238cc2/gnocchi.09cede7e-e172-4fbe-bf05-50a59beaf51d/1763640000.0_mean_300.0_v3" 201 - "PUT http://[::1]:8080/v1/AUTH_d8c5e0069fac460689fc06414f238cc2/gnocchi.09cede7e-e172-4fbe-bf05-50a59beaf51d/1763640000.0_mean_300.0_v3" "tx73df45c9a699477693301-00692c8fb5" "proxy-server 92965" 0.0118 "-" 96900 0
Nov 30 13:40:53 np0005540243.novalocal object-server[96901]: ::1 - - [30/Nov/2025:18:40:53 +0000] "PUT /1/41584/AUTH_d8c5e0069fac460689fc06414f238cc2/gnocchi.5038ce83-fbe0-4318-8628-9f0e6376a298/1763640000.0_mean_300.0_v3" 201 - "PUT http://[::1]:8080/v1/AUTH_d8c5e0069fac460689fc06414f238cc2/gnocchi.5038ce83-fbe0-4318-8628-9f0e6376a298/1763640000.0_mean_300.0_v3" "tx535e6579ac9c4457ba46b-00692c8fb5" "proxy-server 92966" 0.0121 "-" 96901 0
Nov 30 13:40:53 np0005540243.novalocal proxy-server[92965]: ::1 ::1 30/Nov/2025/18/40/53 PUT /v1/AUTH_d8c5e0069fac460689fc06414f238cc2/gnocchi.09cede7e-e172-4fbe-bf05-50a59beaf51d/1763640000.0_mean_300.0_v3 HTTP/1.0 201 - python-swiftclient-4.2.0 gAAAAABpLI9luiBC... 16 - - tx73df45c9a699477693301-00692c8fb5 - 0.0210 - - 1764528053.691236496 1764528053.712205648 0
Nov 30 13:40:53 np0005540243.novalocal proxy-server[92966]: ::1 ::1 30/Nov/2025/18/40/53 PUT /v1/AUTH_d8c5e0069fac460689fc06414f238cc2/gnocchi.5038ce83-fbe0-4318-8628-9f0e6376a298/1763640000.0_mean_300.0_v3 HTTP/1.0 201 - python-swiftclient-4.2.0 gAAAAABpLI9eQPaN... 16 - - tx535e6579ac9c4457ba46b-00692c8fb5 - 0.0201 - - 1764528053.692277908 1764528053.712426662 0
Nov 30 13:40:53 np0005540243.novalocal container-server[96607]: ::1 - - [30/Nov/2025:18:40:53 +0000] "PUT /3/95630/AUTH_d8c5e0069fac460689fc06414f238cc2/gnocchi.5038ce83-fbe0-4318-8628-9f0e6376a298/none_v3" 201 - "PUT http://[::1]:8080/3/37226/AUTH_d8c5e0069fac460689fc06414f238cc2/gnocchi.5038ce83-fbe0-4318-8628-9f0e6376a298/none_v3" "txdc6b75ffdf5d4ce487fc7-00692c8fb5" "object-server 96901" 0.0007 "-" 96607 0
Nov 30 13:40:53 np0005540243.novalocal object-server[96901]: ::1 - - [30/Nov/2025:18:40:53 +0000] "PUT /3/37226/AUTH_d8c5e0069fac460689fc06414f238cc2/gnocchi.5038ce83-fbe0-4318-8628-9f0e6376a298/none_v3" 201 - "PUT http://[::1]:8080/v1/AUTH_d8c5e0069fac460689fc06414f238cc2/gnocchi.5038ce83-fbe0-4318-8628-9f0e6376a298/none_v3" "txdc6b75ffdf5d4ce487fc7-00692c8fb5" "proxy-server 92966" 0.0085 "-" 96901 0
Nov 30 13:40:53 np0005540243.novalocal container-server[96605]: ::1 - - [30/Nov/2025:18:40:53 +0000] "PUT /2/95630/AUTH_d8c5e0069fac460689fc06414f238cc2/gnocchi.5038ce83-fbe0-4318-8628-9f0e6376a298/none_v3" 201 - "PUT http://[::1]:8080/2/37226/AUTH_d8c5e0069fac460689fc06414f238cc2/gnocchi.5038ce83-fbe0-4318-8628-9f0e6376a298/none_v3" "txdc6b75ffdf5d4ce487fc7-00692c8fb5" "object-server 96899" 0.0004 "-" 96605 0
Nov 30 13:40:53 np0005540243.novalocal object-server[96899]: ::1 - - [30/Nov/2025:18:40:53 +0000] "PUT /2/37226/AUTH_d8c5e0069fac460689fc06414f238cc2/gnocchi.5038ce83-fbe0-4318-8628-9f0e6376a298/none_v3" 201 - "PUT http://[::1]:8080/v1/AUTH_d8c5e0069fac460689fc06414f238cc2/gnocchi.5038ce83-fbe0-4318-8628-9f0e6376a298/none_v3" "txdc6b75ffdf5d4ce487fc7-00692c8fb5" "proxy-server 92966" 0.0115 "-" 96899 0
Nov 30 13:40:53 np0005540243.novalocal container-server[96608]: ::1 - - [30/Nov/2025:18:40:53 +0000] "PUT /1/95630/AUTH_d8c5e0069fac460689fc06414f238cc2/gnocchi.5038ce83-fbe0-4318-8628-9f0e6376a298/none_v3" 201 - "PUT http://[::1]:8080/1/37226/AUTH_d8c5e0069fac460689fc06414f238cc2/gnocchi.5038ce83-fbe0-4318-8628-9f0e6376a298/none_v3" "txdc6b75ffdf5d4ce487fc7-00692c8fb5" "object-server 96899" 0.0007 "-" 96608 0
Nov 30 13:40:53 np0005540243.novalocal object-server[96899]: ::1 - - [30/Nov/2025:18:40:53 +0000] "PUT /1/37226/AUTH_d8c5e0069fac460689fc06414f238cc2/gnocchi.5038ce83-fbe0-4318-8628-9f0e6376a298/none_v3" 201 - "PUT http://[::1]:8080/v1/AUTH_d8c5e0069fac460689fc06414f238cc2/gnocchi.5038ce83-fbe0-4318-8628-9f0e6376a298/none_v3" "txdc6b75ffdf5d4ce487fc7-00692c8fb5" "proxy-server 92966" 0.0146 "-" 96899 0
Nov 30 13:40:53 np0005540243.novalocal kernel: qvb622255ff-1f: left allmulticast mode
Nov 30 13:40:53 np0005540243.novalocal kernel: qvb622255ff-1f: left promiscuous mode
Nov 30 13:40:53 np0005540243.novalocal kernel: qbr622255ff-1f: port 1(qvb622255ff-1f) entered disabled state
Nov 30 13:40:53 np0005540243.novalocal container-server[96608]: ::1 - - [30/Nov/2025:18:40:53 +0000] "PUT /2/19863/AUTH_d8c5e0069fac460689fc06414f238cc2/gnocchi.09cede7e-e172-4fbe-bf05-50a59beaf51d/none_v3" 201 - "PUT http://[::1]:8080/2/67148/AUTH_d8c5e0069fac460689fc06414f238cc2/gnocchi.09cede7e-e172-4fbe-bf05-50a59beaf51d/none_v3" "tx440962ae21ca416a92b8a-00692c8fb5" "object-server 96901" 0.0005 "-" 96608 0
Nov 30 13:40:53 np0005540243.novalocal proxy-server[92966]: ::1 ::1 30/Nov/2025/18/40/53 PUT /v1/AUTH_d8c5e0069fac460689fc06414f238cc2/gnocchi.5038ce83-fbe0-4318-8628-9f0e6376a298/none_v3 HTTP/1.0 201 - python-swiftclient-4.2.0 gAAAAABpLI9eQPaN... 31 - - txdc6b75ffdf5d4ce487fc7-00692c8fb5 - 0.0222 - - 1764528053.714860439 1764528053.737082958 0
Nov 30 13:40:53 np0005540243.novalocal object-server[96901]: ::1 - - [30/Nov/2025:18:40:53 +0000] "PUT /2/67148/AUTH_d8c5e0069fac460689fc06414f238cc2/gnocchi.09cede7e-e172-4fbe-bf05-50a59beaf51d/none_v3" 201 - "PUT http://[::1]:8080/v1/AUTH_d8c5e0069fac460689fc06414f238cc2/gnocchi.09cede7e-e172-4fbe-bf05-50a59beaf51d/none_v3" "tx440962ae21ca416a92b8a-00692c8fb5" "proxy-server 92965" 0.0128 "-" 96901 0
Nov 30 13:40:53 np0005540243.novalocal container-server[96607]: ::1 - - [30/Nov/2025:18:40:53 +0000] "PUT /3/19863/AUTH_d8c5e0069fac460689fc06414f238cc2/gnocchi.09cede7e-e172-4fbe-bf05-50a59beaf51d/none_v3" 201 - "PUT http://[::1]:8080/1/67148/AUTH_d8c5e0069fac460689fc06414f238cc2/gnocchi.09cede7e-e172-4fbe-bf05-50a59beaf51d/none_v3" "tx440962ae21ca416a92b8a-00692c8fb5" "object-server 96900" 0.0005 "-" 96607 0
Nov 30 13:40:53 np0005540243.novalocal object-server[96900]: ::1 - - [30/Nov/2025:18:40:53 +0000] "PUT /1/67148/AUTH_d8c5e0069fac460689fc06414f238cc2/gnocchi.09cede7e-e172-4fbe-bf05-50a59beaf51d/none_v3" 201 - "PUT http://[::1]:8080/v1/AUTH_d8c5e0069fac460689fc06414f238cc2/gnocchi.09cede7e-e172-4fbe-bf05-50a59beaf51d/none_v3" "tx440962ae21ca416a92b8a-00692c8fb5" "proxy-server 92965" 0.0191 "-" 96900 0
Nov 30 13:40:53 np0005540243.novalocal container-server[96605]: ::1 - - [30/Nov/2025:18:40:53 +0000] "PUT /1/19863/AUTH_d8c5e0069fac460689fc06414f238cc2/gnocchi.09cede7e-e172-4fbe-bf05-50a59beaf51d/none_v3" 201 - "PUT http://[::1]:8080/3/67148/AUTH_d8c5e0069fac460689fc06414f238cc2/gnocchi.09cede7e-e172-4fbe-bf05-50a59beaf51d/none_v3" "tx440962ae21ca416a92b8a-00692c8fb5" "object-server 96902" 0.0005 "-" 96605 0
Nov 30 13:40:53 np0005540243.novalocal object-server[96902]: ::1 - - [30/Nov/2025:18:40:53 +0000] "PUT /3/67148/AUTH_d8c5e0069fac460689fc06414f238cc2/gnocchi.09cede7e-e172-4fbe-bf05-50a59beaf51d/none_v3" 201 - "PUT http://[::1]:8080/v1/AUTH_d8c5e0069fac460689fc06414f238cc2/gnocchi.09cede7e-e172-4fbe-bf05-50a59beaf51d/none_v3" "tx440962ae21ca416a92b8a-00692c8fb5" "proxy-server 92965" 0.0242 "-" 96902 0
Nov 30 13:40:53 np0005540243.novalocal proxy-server[92965]: ::1 ::1 30/Nov/2025/18/40/53 PUT /v1/AUTH_d8c5e0069fac460689fc06414f238cc2/gnocchi.09cede7e-e172-4fbe-bf05-50a59beaf51d/none_v3 HTTP/1.0 201 - python-swiftclient-4.2.0 gAAAAABpLI9luiBC... 27 - - tx440962ae21ca416a92b8a-00692c8fb5 - 0.0330 - - 1764528053.716303349 1764528053.749285221 0
Nov 30 13:40:53 np0005540243.novalocal NetworkManager[856]: [1764528053.7557] device (qbr622255ff-1f): bridge port qvb622255ff-1f was detached
Nov 30 13:40:53 np0005540243.novalocal NetworkManager[856]: [1764528053.7569] device (qbr622255ff-1f): state change: activated -> unmanaged (reason 'unmanaged', managed-type: 'removed')
Nov 30 13:40:53 np0005540243.novalocal kernel: qvo622255ff-1f: left promiscuous mode
Nov 30 13:40:54 np0005540243.novalocal dnsmasq[104510]: read /var/lib/neutron/dhcp/701654a9-be22-46b0-8a48-7a83a498868d/addn_hosts - 1 addresses
Nov 30 13:40:54 np0005540243.novalocal dnsmasq-dhcp[104510]: read /var/lib/neutron/dhcp/701654a9-be22-46b0-8a48-7a83a498868d/host
Nov 30 13:40:54 np0005540243.novalocal dnsmasq-dhcp[104510]: read /var/lib/neutron/dhcp/701654a9-be22-46b0-8a48-7a83a498868d/opts
Nov 30 13:40:54 np0005540243.novalocal object-server[96899]: ::1 - - [30/Nov/2025:18:40:54 +0000] "GET /2/164864/AUTH_d8c5e0069fac460689fc06414f238cc2/gnocchi.7f782626-7bb0-4713-9f9f-56562dfc34f2/none_v3" 200 32 "GET http://[::1]:8080/v1/AUTH_d8c5e0069fac460689fc06414f238cc2/gnocchi.7f782626-7bb0-4713-9f9f-56562dfc34f2/none_v3" "txbf7a07e0d1ca4f30beed8-00692c8fb6" "proxy-server 92965" 0.0006 "-" 96899 0
Nov 30 13:40:54 np0005540243.novalocal proxy-server[92965]: ::1 ::1 30/Nov/2025/18/40/54 GET /v1/AUTH_d8c5e0069fac460689fc06414f238cc2/gnocchi.7f782626-7bb0-4713-9f9f-56562dfc34f2/none_v3 HTTP/1.0 200 - python-swiftclient-4.2.0 gAAAAABpLI9luiBC... - 32 - txbf7a07e0d1ca4f30beed8-00692c8fb6 - 0.0052 - - 1764528054.349162579 1764528054.354382753 0
Nov 30 13:40:54 np0005540243.novalocal object-server[96900]: ::1 - - [30/Nov/2025:18:40:54 +0000] "GET /3/81435/AUTH_d8c5e0069fac460689fc06414f238cc2/gnocchi.d4c1e6ac-7fc6-4006-8895-8ae0ba3d3cff/none_v3" 200 32 "GET http://[::1]:8080/v1/AUTH_d8c5e0069fac460689fc06414f238cc2/gnocchi.d4c1e6ac-7fc6-4006-8895-8ae0ba3d3cff/none_v3" "txb7e97f2ff4c84db18dff7-00692c8fb6" "proxy-server 92966" 0.0007 "-" 96900 0
Nov 30 13:40:54 np0005540243.novalocal proxy-server[92966]: ::1 ::1 30/Nov/2025/18/40/54 GET /v1/AUTH_d8c5e0069fac460689fc06414f238cc2/gnocchi.d4c1e6ac-7fc6-4006-8895-8ae0ba3d3cff/none_v3 HTTP/1.0 200 - python-swiftclient-4.2.0 gAAAAABpLI9eQPaN... - 32 - txb7e97f2ff4c84db18dff7-00692c8fb6 - 0.0056 - - 1764528054.350226164 1764528054.355862856 0
Nov 30 13:40:54 np0005540243.novalocal container-server[96607]: ::1 - - [30/Nov/2025:18:40:54 +0000] "GET /2/231667/AUTH_d8c5e0069fac460689fc06414f238cc2/gnocchi.d4c1e6ac-7fc6-4006-8895-8ae0ba3d3cff" 200 357 "GET http://[::1]:8080/v1/AUTH_d8c5e0069fac460689fc06414f238cc2/gnocchi.d4c1e6ac-7fc6-4006-8895-8ae0ba3d3cff?format=json&states=listing" "tx3ba6e9f14da14f8eac037-00692c8fb6" "proxy-server 92966" 0.0065 "-" 96607 0
Nov 30 13:40:54 np0005540243.novalocal container-server[96606]: ::1 - - [30/Nov/2025:18:40:54 +0000] "GET /2/259252/AUTH_d8c5e0069fac460689fc06414f238cc2/gnocchi.7f782626-7bb0-4713-9f9f-56562dfc34f2" 200 357 "GET http://[::1]:8080/v1/AUTH_d8c5e0069fac460689fc06414f238cc2/gnocchi.7f782626-7bb0-4713-9f9f-56562dfc34f2?format=json&states=listing" "tx36f80b2ea2144c27b01bb-00692c8fb6" "proxy-server 92965" 0.0101 "-" 96606 0
Nov 30 13:40:54 np0005540243.novalocal proxy-server[92965]: ::1 ::1 30/Nov/2025/18/40/54 GET /v1/AUTH_d8c5e0069fac460689fc06414f238cc2/gnocchi.7f782626-7bb0-4713-9f9f-56562dfc34f2%3Fformat%3Djson%26states%3Dlisting HTTP/1.0 200 - python-swiftclient-4.2.0 gAAAAABpLI9luiBC... - 357 - tx36f80b2ea2144c27b01bb-00692c8fb6 - 0.0166 - - 1764528054.357403040 1764528054.374000549 0
Nov 30 13:40:54 np0005540243.novalocal proxy-server[92966]: ::1 ::1 30/Nov/2025/18/40/54 GET /v1/AUTH_d8c5e0069fac460689fc06414f238cc2/gnocchi.d4c1e6ac-7fc6-4006-8895-8ae0ba3d3cff%3Fformat%3Djson%26states%3Dlisting HTTP/1.0 200 - python-swiftclient-4.2.0 gAAAAABpLI9eQPaN... - 357 - tx3ba6e9f14da14f8eac037-00692c8fb6 - 0.0132 - - 1764528054.360802889 1764528054.373961210 0
Nov 30 13:40:54 np0005540243.novalocal container-server[96607]: ::1 - - [30/Nov/2025:18:40:54 +0000] "GET /2/259252/AUTH_d8c5e0069fac460689fc06414f238cc2/gnocchi.7f782626-7bb0-4713-9f9f-56562dfc34f2" 200 2 "GET http://[::1]:8080/v1/AUTH_d8c5e0069fac460689fc06414f238cc2/gnocchi.7f782626-7bb0-4713-9f9f-56562dfc34f2?format=json&marker=none_v3&states=listing" "tx1901593994754da69183f-00692c8fb6" "proxy-server 92965" 0.0029 "-" 96607 0
Nov 30 13:40:54 np0005540243.novalocal proxy-server[92965]: ::1 ::1 30/Nov/2025/18/40/54 GET /v1/AUTH_d8c5e0069fac460689fc06414f238cc2/gnocchi.7f782626-7bb0-4713-9f9f-56562dfc34f2%3Fformat%3Djson%26marker%3Dnone_v3%26states%3Dlisting HTTP/1.0 200 - python-swiftclient-4.2.0 gAAAAABpLI9luiBC... - 2 - tx1901593994754da69183f-00692c8fb6 - 0.0088 - - 1764528054.376060963 1764528054.384862900 0
Nov 30 13:40:54 np0005540243.novalocal container-server[96608]: ::1 - - [30/Nov/2025:18:40:54 +0000] "GET /2/231667/AUTH_d8c5e0069fac460689fc06414f238cc2/gnocchi.d4c1e6ac-7fc6-4006-8895-8ae0ba3d3cff" 200 2 "GET http://[::1]:8080/v1/AUTH_d8c5e0069fac460689fc06414f238cc2/gnocchi.d4c1e6ac-7fc6-4006-8895-8ae0ba3d3cff?format=json&marker=none_v3&states=listing" "txd70d8756c0b642da949b4-00692c8fb6" "proxy-server 92966" 0.0025 "-" 96608 0
Nov 30 13:40:54 np0005540243.novalocal proxy-server[92966]: ::1 ::1 30/Nov/2025/18/40/54 GET /v1/AUTH_d8c5e0069fac460689fc06414f238cc2/gnocchi.d4c1e6ac-7fc6-4006-8895-8ae0ba3d3cff%3Fformat%3Djson%26marker%3Dnone_v3%26states%3Dlisting HTTP/1.0 200 - python-swiftclient-4.2.0 gAAAAABpLI9eQPaN... - 2 - txd70d8756c0b642da949b4-00692c8fb6 - 0.0123 - - 1764528054.376736164 1764528054.389040470 0
Nov 30 13:40:54 np0005540243.novalocal object-server[96902]: ::1 - - [30/Nov/2025:18:40:54 +0000] "GET /3/63086/AUTH_d8c5e0069fac460689fc06414f238cc2/gnocchi.7f782626-7bb0-4713-9f9f-56562dfc34f2/1763640000.0_mean_300.0_v3" 200 16 "GET http://[::1]:8080/v1/AUTH_d8c5e0069fac460689fc06414f238cc2/gnocchi.7f782626-7bb0-4713-9f9f-56562dfc34f2/1763640000.0_mean_300.0_v3" "tx6af72c43bd5a4b69932a4-00692c8fb6" "proxy-server 92965" 0.0005 "-" 96902 0
Nov 30 13:40:54 np0005540243.novalocal proxy-server[92965]: ::1 ::1 30/Nov/2025/18/40/54 GET /v1/AUTH_d8c5e0069fac460689fc06414f238cc2/gnocchi.7f782626-7bb0-4713-9f9f-56562dfc34f2/1763640000.0_mean_300.0_v3 HTTP/1.0 200 - python-swiftclient-4.2.0 gAAAAABpLI9luiBC... - 16 - tx6af72c43bd5a4b69932a4-00692c8fb6 - 0.0051 - - 1764528054.388223648 1764528054.393282890 0
Nov 30 13:40:54 np0005540243.novalocal object-server[96902]: ::1 - - [30/Nov/2025:18:40:54 +0000] "GET /1/138501/AUTH_d8c5e0069fac460689fc06414f238cc2/gnocchi.d4c1e6ac-7fc6-4006-8895-8ae0ba3d3cff/1763640000.0_mean_300.0_v3" 200 16 "GET http://[::1]:8080/v1/AUTH_d8c5e0069fac460689fc06414f238cc2/gnocchi.d4c1e6ac-7fc6-4006-8895-8ae0ba3d3cff/1763640000.0_mean_300.0_v3" "txa882d1fbc12d4d0f8edec-00692c8fb6" "proxy-server 92966" 0.0006 "-" 96902 0
Nov 30 13:40:54 np0005540243.novalocal proxy-server[92966]: ::1 ::1 30/Nov/2025/18/40/54 GET /v1/AUTH_d8c5e0069fac460689fc06414f238cc2/gnocchi.d4c1e6ac-7fc6-4006-8895-8ae0ba3d3cff/1763640000.0_mean_300.0_v3 HTTP/1.0 200 - python-swiftclient-4.2.0 gAAAAABpLI9eQPaN... - 16 - txa882d1fbc12d4d0f8edec-00692c8fb6 - 0.0070 - - 1764528054.392039537 1764528054.399071455 0
Nov 30 13:40:54 np0005540243.novalocal container-server[96608]: ::1 - - [30/Nov/2025:18:40:54 +0000] "PUT /2/259252/AUTH_d8c5e0069fac460689fc06414f238cc2/gnocchi.7f782626-7bb0-4713-9f9f-56562dfc34f2/1763640000.0_mean_300.0_v3" 201 - "PUT http://[::1]:8080/1/63086/AUTH_d8c5e0069fac460689fc06414f238cc2/gnocchi.7f782626-7bb0-4713-9f9f-56562dfc34f2/1763640000.0_mean_300.0_v3" "tx50a92cb8d5324d64b339b-00692c8fb6" "object-server 96900" 0.0005 "-" 96608 0
Nov 30 13:40:54 np0005540243.novalocal object-server[96900]: ::1 - - [30/Nov/2025:18:40:54 +0000] "PUT /1/63086/AUTH_d8c5e0069fac460689fc06414f238cc2/gnocchi.7f782626-7bb0-4713-9f9f-56562dfc34f2/1763640000.0_mean_300.0_v3" 201 - "PUT http://[::1]:8080/v1/AUTH_d8c5e0069fac460689fc06414f238cc2/gnocchi.7f782626-7bb0-4713-9f9f-56562dfc34f2/1763640000.0_mean_300.0_v3" "tx50a92cb8d5324d64b339b-00692c8fb6" "proxy-server 92965" 0.0072 "-" 96900 0
Nov 30 13:40:54 np0005540243.novalocal container-server[96606]: ::1 - - [30/Nov/2025:18:40:54 +0000] "PUT /1/259252/AUTH_d8c5e0069fac460689fc06414f238cc2/gnocchi.7f782626-7bb0-4713-9f9f-56562dfc34f2/1763640000.0_mean_300.0_v3" 201 - "PUT http://[::1]:8080/3/63086/AUTH_d8c5e0069fac460689fc06414f238cc2/gnocchi.7f782626-7bb0-4713-9f9f-56562dfc34f2/1763640000.0_mean_300.0_v3" "tx50a92cb8d5324d64b339b-00692c8fb6" "object-server 96902" 0.0005 "-" 96606 0
Nov 30 13:40:54 np0005540243.novalocal object-server[96902]: ::1 - - [30/Nov/2025:18:40:54 +0000] "PUT /3/63086/AUTH_d8c5e0069fac460689fc06414f238cc2/gnocchi.7f782626-7bb0-4713-9f9f-56562dfc34f2/1763640000.0_mean_300.0_v3" 201 - "PUT http://[::1]:8080/v1/AUTH_d8c5e0069fac460689fc06414f238cc2/gnocchi.7f782626-7bb0-4713-9f9f-56562dfc34f2/1763640000.0_mean_300.0_v3" "tx50a92cb8d5324d64b339b-00692c8fb6" "proxy-server 92965" 0.0080 "-" 96902 0
Nov 30 13:40:54 np0005540243.novalocal container-server[96608]: ::1 - - [30/Nov/2025:18:40:54 +0000] "PUT /3/259252/AUTH_d8c5e0069fac460689fc06414f238cc2/gnocchi.7f782626-7bb0-4713-9f9f-56562dfc34f2/1763640000.0_mean_300.0_v3" 201 - "PUT http://[::1]:8080/2/63086/AUTH_d8c5e0069fac460689fc06414f238cc2/gnocchi.7f782626-7bb0-4713-9f9f-56562dfc34f2/1763640000.0_mean_300.0_v3" "tx50a92cb8d5324d64b339b-00692c8fb6" "object-server 96899" 0.0004 "-" 96608 0
Nov 30 13:40:54 np0005540243.novalocal object-server[96899]: ::1 - - [30/Nov/2025:18:40:54 +0000] "PUT /2/63086/AUTH_d8c5e0069fac460689fc06414f238cc2/gnocchi.7f782626-7bb0-4713-9f9f-56562dfc34f2/1763640000.0_mean_300.0_v3" 201 - "PUT http://[::1]:8080/v1/AUTH_d8c5e0069fac460689fc06414f238cc2/gnocchi.7f782626-7bb0-4713-9f9f-56562dfc34f2/1763640000.0_mean_300.0_v3" "tx50a92cb8d5324d64b339b-00692c8fb6" "proxy-server 92965" 0.0116 "-" 96899 0
Nov 30 13:40:54 np0005540243.novalocal container-server[96608]: ::1 - - [30/Nov/2025:18:40:54 +0000] "PUT /2/231667/AUTH_d8c5e0069fac460689fc06414f238cc2/gnocchi.d4c1e6ac-7fc6-4006-8895-8ae0ba3d3cff/1763640000.0_mean_300.0_v3" 201 - "PUT http://[::1]:8080/2/138501/AUTH_d8c5e0069fac460689fc06414f238cc2/gnocchi.d4c1e6ac-7fc6-4006-8895-8ae0ba3d3cff/1763640000.0_mean_300.0_v3" "tx36445cc33aaa48d9a4253-00692c8fb6" "object-server 96901" 0.0003 "-" 96608 0
Nov 30 13:40:54 np0005540243.novalocal proxy-server[92965]: ::1 ::1 30/Nov/2025/18/40/54 PUT /v1/AUTH_d8c5e0069fac460689fc06414f238cc2/gnocchi.7f782626-7bb0-4713-9f9f-56562dfc34f2/1763640000.0_mean_300.0_v3 HTTP/1.0 201 - python-swiftclient-4.2.0 gAAAAABpLI9luiBC... 16 - - tx50a92cb8d5324d64b339b-00692c8fb6 - 0.0198 - - 1764528054.400696754 1764528054.420526505 0
Nov 30 13:40:54 np0005540243.novalocal object-server[96901]: ::1 - - [30/Nov/2025:18:40:54 +0000] "PUT /2/138501/AUTH_d8c5e0069fac460689fc06414f238cc2/gnocchi.d4c1e6ac-7fc6-4006-8895-8ae0ba3d3cff/1763640000.0_mean_300.0_v3" 201 - "PUT http://[::1]:8080/v1/AUTH_d8c5e0069fac460689fc06414f238cc2/gnocchi.d4c1e6ac-7fc6-4006-8895-8ae0ba3d3cff/1763640000.0_mean_300.0_v3" "tx36445cc33aaa48d9a4253-00692c8fb6" "proxy-server 92966" 0.0076 "-" 96901 0
Nov 30 13:40:54 np0005540243.novalocal container-server[96608]: ::1 - - [30/Nov/2025:18:40:54 +0000] "PUT /3/231667/AUTH_d8c5e0069fac460689fc06414f238cc2/gnocchi.d4c1e6ac-7fc6-4006-8895-8ae0ba3d3cff/1763640000.0_mean_300.0_v3" 201 - "PUT http://[::1]:8080/3/138501/AUTH_d8c5e0069fac460689fc06414f238cc2/gnocchi.d4c1e6ac-7fc6-4006-8895-8ae0ba3d3cff/1763640000.0_mean_300.0_v3" "tx36445cc33aaa48d9a4253-00692c8fb6" "object-server 96901" 0.0003 "-" 96608 0
Nov 30 13:40:54 np0005540243.novalocal object-server[96901]: ::1 - - [30/Nov/2025:18:40:54 +0000] "PUT /3/138501/AUTH_d8c5e0069fac460689fc06414f238cc2/gnocchi.d4c1e6ac-7fc6-4006-8895-8ae0ba3d3cff/1763640000.0_mean_300.0_v3" 201 - "PUT http://[::1]:8080/v1/AUTH_d8c5e0069fac460689fc06414f238cc2/gnocchi.d4c1e6ac-7fc6-4006-8895-8ae0ba3d3cff/1763640000.0_mean_300.0_v3" "tx36445cc33aaa48d9a4253-00692c8fb6" "proxy-server 92966" 0.0117 "-" 96901 0
Nov 30 13:40:54 np0005540243.novalocal container-server[96605]: ::1 - - [30/Nov/2025:18:40:54 +0000] "PUT /1/231667/AUTH_d8c5e0069fac460689fc06414f238cc2/gnocchi.d4c1e6ac-7fc6-4006-8895-8ae0ba3d3cff/1763640000.0_mean_300.0_v3" 201 - "PUT http://[::1]:8080/1/138501/AUTH_d8c5e0069fac460689fc06414f238cc2/gnocchi.d4c1e6ac-7fc6-4006-8895-8ae0ba3d3cff/1763640000.0_mean_300.0_v3" "tx36445cc33aaa48d9a4253-00692c8fb6" "object-server 96899" 0.0005 "-" 96605 0
Nov 30 13:40:54 np0005540243.novalocal object-server[96899]: ::1 - - [30/Nov/2025:18:40:54 +0000] "PUT /1/138501/AUTH_d8c5e0069fac460689fc06414f238cc2/gnocchi.d4c1e6ac-7fc6-4006-8895-8ae0ba3d3cff/1763640000.0_mean_300.0_v3" 201 - "PUT http://[::1]:8080/v1/AUTH_d8c5e0069fac460689fc06414f238cc2/gnocchi.d4c1e6ac-7fc6-4006-8895-8ae0ba3d3cff/1763640000.0_mean_300.0_v3" "tx36445cc33aaa48d9a4253-00692c8fb6" "proxy-server 92966" 0.0148 "-" 96899 0
Nov 30 13:40:54 np0005540243.novalocal proxy-server[92966]: ::1 ::1 30/Nov/2025/18/40/54 PUT /v1/AUTH_d8c5e0069fac460689fc06414f238cc2/gnocchi.d4c1e6ac-7fc6-4006-8895-8ae0ba3d3cff/1763640000.0_mean_300.0_v3 HTTP/1.0 201 - python-swiftclient-4.2.0 gAAAAABpLI9eQPaN... 16 - - tx36445cc33aaa48d9a4253-00692c8fb6 - 0.0287 - - 1764528054.401540041 1764528054.430207491 0
Nov 30 13:40:54 np0005540243.novalocal container-server[96606]: ::1 - - [30/Nov/2025:18:40:54 +0000] "PUT /2/259252/AUTH_d8c5e0069fac460689fc06414f238cc2/gnocchi.7f782626-7bb0-4713-9f9f-56562dfc34f2/none_v3" 201 - "PUT http://[::1]:8080/2/164864/AUTH_d8c5e0069fac460689fc06414f238cc2/gnocchi.7f782626-7bb0-4713-9f9f-56562dfc34f2/none_v3" "tx8f6c8bef861a4055b1115-00692c8fb6" "object-server 96901" 0.0005 "-" 96606 0
Nov 30 13:40:54 np0005540243.novalocal object-server[96901]: ::1 - - [30/Nov/2025:18:40:54 +0000] "PUT /2/164864/AUTH_d8c5e0069fac460689fc06414f238cc2/gnocchi.7f782626-7bb0-4713-9f9f-56562dfc34f2/none_v3" 201 - "PUT http://[::1]:8080/v1/AUTH_d8c5e0069fac460689fc06414f238cc2/gnocchi.7f782626-7bb0-4713-9f9f-56562dfc34f2/none_v3" "tx8f6c8bef861a4055b1115-00692c8fb6" "proxy-server 92965" 0.0137 "-" 96901 0
Nov 30 13:40:54 np0005540243.novalocal container-server[96606]: ::1 - - [30/Nov/2025:18:40:54 +0000] "PUT /3/259252/AUTH_d8c5e0069fac460689fc06414f238cc2/gnocchi.7f782626-7bb0-4713-9f9f-56562dfc34f2/none_v3" 201 - "PUT http://[::1]:8080/1/164864/AUTH_d8c5e0069fac460689fc06414f238cc2/gnocchi.7f782626-7bb0-4713-9f9f-56562dfc34f2/none_v3" "tx8f6c8bef861a4055b1115-00692c8fb6" "object-server 96902" 0.0005 "-" 96606 0
Nov 30 13:40:54 np0005540243.novalocal object-server[96902]: ::1 - - [30/Nov/2025:18:40:54 +0000] "PUT /1/164864/AUTH_d8c5e0069fac460689fc06414f238cc2/gnocchi.7f782626-7bb0-4713-9f9f-56562dfc34f2/none_v3" 201 - "PUT http://[::1]:8080/v1/AUTH_d8c5e0069fac460689fc06414f238cc2/gnocchi.7f782626-7bb0-4713-9f9f-56562dfc34f2/none_v3" "tx8f6c8bef861a4055b1115-00692c8fb6" "proxy-server 92965" 0.0159 "-" 96902 0
Nov 30 13:40:54 np0005540243.novalocal container-server[96605]: ::1 - - [30/Nov/2025:18:40:54 +0000] "PUT /1/259252/AUTH_d8c5e0069fac460689fc06414f238cc2/gnocchi.7f782626-7bb0-4713-9f9f-56562dfc34f2/none_v3" 201 - "PUT http://[::1]:8080/3/164864/AUTH_d8c5e0069fac460689fc06414f238cc2/gnocchi.7f782626-7bb0-4713-9f9f-56562dfc34f2/none_v3" "tx8f6c8bef861a4055b1115-00692c8fb6" "object-server 96902" 0.0005 "-" 96605 0
Nov 30 13:40:54 np0005540243.novalocal object-server[96902]: ::1 - - [30/Nov/2025:18:40:54 +0000] "PUT /3/164864/AUTH_d8c5e0069fac460689fc06414f238cc2/gnocchi.7f782626-7bb0-4713-9f9f-56562dfc34f2/none_v3" 201 - "PUT http://[::1]:8080/v1/AUTH_d8c5e0069fac460689fc06414f238cc2/gnocchi.7f782626-7bb0-4713-9f9f-56562dfc34f2/none_v3" "tx8f6c8bef861a4055b1115-00692c8fb6" "proxy-server 92965" 0.0185 "-" 96902 0
Nov 30 13:40:54 np0005540243.novalocal proxy-server[92965]: ::1 ::1 30/Nov/2025/18/40/54 PUT /v1/AUTH_d8c5e0069fac460689fc06414f238cc2/gnocchi.7f782626-7bb0-4713-9f9f-56562dfc34f2/none_v3 HTTP/1.0 201 - python-swiftclient-4.2.0 gAAAAABpLI9luiBC... 45 - - tx8f6c8bef861a4055b1115-00692c8fb6 - 0.0255 - - 1764528054.424862146 1764528054.450351715 0
Nov 30 13:40:54 np0005540243.novalocal container-server[96607]: ::1 - - [30/Nov/2025:18:40:54 +0000] "PUT /2/231667/AUTH_d8c5e0069fac460689fc06414f238cc2/gnocchi.d4c1e6ac-7fc6-4006-8895-8ae0ba3d3cff/none_v3" 201 - "PUT http://[::1]:8080/3/81435/AUTH_d8c5e0069fac460689fc06414f238cc2/gnocchi.d4c1e6ac-7fc6-4006-8895-8ae0ba3d3cff/none_v3" "tx01b042e29e9441dd813fe-00692c8fb6" "object-server 96899" 0.0005 "-" 96607 0
Nov 30 13:40:54 np0005540243.novalocal container-server[96605]: ::1 - - [30/Nov/2025:18:40:54 +0000] "PUT /1/231667/AUTH_d8c5e0069fac460689fc06414f238cc2/gnocchi.d4c1e6ac-7fc6-4006-8895-8ae0ba3d3cff/none_v3" 201 - "PUT http://[::1]:8080/2/81435/AUTH_d8c5e0069fac460689fc06414f238cc2/gnocchi.d4c1e6ac-7fc6-4006-8895-8ae0ba3d3cff/none_v3" "tx01b042e29e9441dd813fe-00692c8fb6" "object-server 96899" 0.0005 "-" 96605 0
Nov 30 13:40:54 np0005540243.novalocal object-server[96899]: ::1 - - [30/Nov/2025:18:40:54 +0000] "PUT /3/81435/AUTH_d8c5e0069fac460689fc06414f238cc2/gnocchi.d4c1e6ac-7fc6-4006-8895-8ae0ba3d3cff/none_v3" 201 - "PUT http://[::1]:8080/v1/AUTH_d8c5e0069fac460689fc06414f238cc2/gnocchi.d4c1e6ac-7fc6-4006-8895-8ae0ba3d3cff/none_v3" "tx01b042e29e9441dd813fe-00692c8fb6" "proxy-server 92966" 0.0138 "-" 96899 0
Nov 30 13:40:54 np0005540243.novalocal container-server[96608]: ::1 - - [30/Nov/2025:18:40:54 +0000] "PUT /3/231667/AUTH_d8c5e0069fac460689fc06414f238cc2/gnocchi.d4c1e6ac-7fc6-4006-8895-8ae0ba3d3cff/none_v3" 201 - "PUT http://[::1]:8080/1/81435/AUTH_d8c5e0069fac460689fc06414f238cc2/gnocchi.d4c1e6ac-7fc6-4006-8895-8ae0ba3d3cff/none_v3" "tx01b042e29e9441dd813fe-00692c8fb6" "object-server 96902" 0.0004 "-" 96608 0
Nov 30 13:40:54 np0005540243.novalocal object-server[96902]: ::1 - - [30/Nov/2025:18:40:54 +0000] "PUT /1/81435/AUTH_d8c5e0069fac460689fc06414f238cc2/gnocchi.d4c1e6ac-7fc6-4006-8895-8ae0ba3d3cff/none_v3" 201 - "PUT http://[::1]:8080/v1/AUTH_d8c5e0069fac460689fc06414f238cc2/gnocchi.d4c1e6ac-7fc6-4006-8895-8ae0ba3d3cff/none_v3" "tx01b042e29e9441dd813fe-00692c8fb6" "proxy-server 92966" 0.0155 "-" 96902 0
Nov 30 13:40:54 np0005540243.novalocal object-server[96899]: ::1 - - [30/Nov/2025:18:40:54 +0000] "PUT /2/81435/AUTH_d8c5e0069fac460689fc06414f238cc2/gnocchi.d4c1e6ac-7fc6-4006-8895-8ae0ba3d3cff/none_v3" 201 - "PUT http://[::1]:8080/v1/AUTH_d8c5e0069fac460689fc06414f238cc2/gnocchi.d4c1e6ac-7fc6-4006-8895-8ae0ba3d3cff/none_v3" "tx01b042e29e9441dd813fe-00692c8fb6" "proxy-server 92966" 0.0130 "-" 96899 0
Nov 30 13:40:54 np0005540243.novalocal proxy-server[92966]: ::1 ::1 30/Nov/2025/18/40/54 PUT /v1/AUTH_d8c5e0069fac460689fc06414f238cc2/gnocchi.d4c1e6ac-7fc6-4006-8895-8ae0ba3d3cff/none_v3 HTTP/1.0 201 - python-swiftclient-4.2.0 gAAAAABpLI9eQPaN... 45 - - tx01b042e29e9441dd813fe-00692c8fb6 - 0.0235 - - 1764528054.432399511 1764528054.455899715 0
Nov 30 13:40:54 np0005540243.novalocal object-server[96900]: ::1 - - [30/Nov/2025:18:40:54 +0000] "GET /3/37226/AUTH_d8c5e0069fac460689fc06414f238cc2/gnocchi.5038ce83-fbe0-4318-8628-9f0e6376a298/none_v3" 200 31 "GET http://[::1]:8080/v1/AUTH_d8c5e0069fac460689fc06414f238cc2/gnocchi.5038ce83-fbe0-4318-8628-9f0e6376a298/none_v3" "tx1e12f610a7d14d618cbd7-00692c8fb6" "proxy-server 92965" 0.0008 "-" 96900 0
Nov 30 13:40:54 np0005540243.novalocal proxy-server[92965]: ::1 ::1 30/Nov/2025/18/40/54 GET /v1/AUTH_d8c5e0069fac460689fc06414f238cc2/gnocchi.5038ce83-fbe0-4318-8628-9f0e6376a298/none_v3 HTTP/1.0 200 - python-swiftclient-4.2.0 gAAAAABpLI9luiBC... - 31 - tx1e12f610a7d14d618cbd7-00692c8fb6 - 0.0064 - - 1764528054.460982800 1764528054.467384815 0
Nov 30 13:40:54 np0005540243.novalocal object-server[96901]: ::1 - - [30/Nov/2025:18:40:54 +0000] "GET /2/67148/AUTH_d8c5e0069fac460689fc06414f238cc2/gnocchi.09cede7e-e172-4fbe-bf05-50a59beaf51d/none_v3" 200 27 "GET http://[::1]:8080/v1/AUTH_d8c5e0069fac460689fc06414f238cc2/gnocchi.09cede7e-e172-4fbe-bf05-50a59beaf51d/none_v3" "tx0b5f1898f33d4992a476b-00692c8fb6" "proxy-server 92966" 0.0020 "-" 96901 0
Nov 30 13:40:54 np0005540243.novalocal proxy-server[92966]: ::1 ::1 30/Nov/2025/18/40/54 GET /v1/AUTH_d8c5e0069fac460689fc06414f238cc2/gnocchi.09cede7e-e172-4fbe-bf05-50a59beaf51d/none_v3 HTTP/1.0 200 - python-swiftclient-4.2.0 gAAAAABpLI9eQPaN... - 27 - tx0b5f1898f33d4992a476b-00692c8fb6 - 0.0103 - - 1764528054.466492891 1764528054.476799250 0
Nov 30 13:40:54 np0005540243.novalocal container-server[96606]: ::1 - - [30/Nov/2025:18:40:54 +0000] "GET /1/19863/AUTH_d8c5e0069fac460689fc06414f238cc2/gnocchi.09cede7e-e172-4fbe-bf05-50a59beaf51d" 200 357 "GET http://[::1]:8080/v1/AUTH_d8c5e0069fac460689fc06414f238cc2/gnocchi.09cede7e-e172-4fbe-bf05-50a59beaf51d?format=json&states=listing" "tx7154cfbba90f4c91a33e1-00692c8fb6" "proxy-server 92966" 0.0081 "-" 96606 0
Nov 30 13:40:54 np0005540243.novalocal container-server[96607]: ::1 - - [30/Nov/2025:18:40:54 +0000] "GET /2/95630/AUTH_d8c5e0069fac460689fc06414f238cc2/gnocchi.5038ce83-fbe0-4318-8628-9f0e6376a298" 200 357 "GET http://[::1]:8080/v1/AUTH_d8c5e0069fac460689fc06414f238cc2/gnocchi.5038ce83-fbe0-4318-8628-9f0e6376a298?format=json&states=listing" "txd6628ea81b914ffaacffa-00692c8fb6" "proxy-server 92965" 0.0086 "-" 96607 0
Nov 30 13:40:54 np0005540243.novalocal proxy-server[92965]: ::1 ::1 30/Nov/2025/18/40/54 GET /v1/AUTH_d8c5e0069fac460689fc06414f238cc2/gnocchi.5038ce83-fbe0-4318-8628-9f0e6376a298%3Fformat%3Djson%26states%3Dlisting HTTP/1.0 200 - python-swiftclient-4.2.0 gAAAAABpLI9luiBC... - 357 - txd6628ea81b914ffaacffa-00692c8fb6 - 0.0227 - - 1764528054.471017838 1764528054.493668556 0
Nov 30 13:40:54 np0005540243.novalocal proxy-server[92966]: ::1 ::1 30/Nov/2025/18/40/54 GET /v1/AUTH_d8c5e0069fac460689fc06414f238cc2/gnocchi.09cede7e-e172-4fbe-bf05-50a59beaf51d%3Fformat%3Djson%26states%3Dlisting HTTP/1.0 200 - python-swiftclient-4.2.0 gAAAAABpLI9eQPaN... - 357 - tx7154cfbba90f4c91a33e1-00692c8fb6 - 0.0143 - - 1764528054.479653358 1764528054.493985176 0
Nov 30 13:40:54 np0005540243.novalocal container-server[96607]: ::1 - - [30/Nov/2025:18:40:54 +0000] "GET /2/95630/AUTH_d8c5e0069fac460689fc06414f238cc2/gnocchi.5038ce83-fbe0-4318-8628-9f0e6376a298" 200 2 "GET http://[::1]:8080/v1/AUTH_d8c5e0069fac460689fc06414f238cc2/gnocchi.5038ce83-fbe0-4318-8628-9f0e6376a298?format=json&marker=none_v3&states=listing" "txa288809573104011a8586-00692c8fb6" "proxy-server 92965" 0.0020 "-" 96607 0
Nov 30 13:40:54 np0005540243.novalocal proxy-server[92965]: ::1 ::1 30/Nov/2025/18/40/54 GET /v1/AUTH_d8c5e0069fac460689fc06414f238cc2/gnocchi.5038ce83-fbe0-4318-8628-9f0e6376a298%3Fformat%3Djson%26marker%3Dnone_v3%26states%3Dlisting HTTP/1.0 200 - python-swiftclient-4.2.0 gAAAAABpLI9luiBC... - 2 - txa288809573104011a8586-00692c8fb6 - 0.0066 - - 1764528054.496931314 1764528054.503517389 0
Nov 30 13:40:54 np0005540243.novalocal container-server[96608]: ::1 - - [30/Nov/2025:18:40:54 +0000] "GET /1/19863/AUTH_d8c5e0069fac460689fc06414f238cc2/gnocchi.09cede7e-e172-4fbe-bf05-50a59beaf51d" 200 2 "GET http://[::1]:8080/v1/AUTH_d8c5e0069fac460689fc06414f238cc2/gnocchi.09cede7e-e172-4fbe-bf05-50a59beaf51d?format=json&marker=none_v3&states=listing" "tx91f93756605a4a959d7c4-00692c8fb6" "proxy-server 92966" 0.0025 "-" 96608 0
Nov 30 13:40:54 np0005540243.novalocal proxy-server[92966]: ::1 ::1 30/Nov/2025/18/40/54 GET /v1/AUTH_d8c5e0069fac460689fc06414f238cc2/gnocchi.09cede7e-e172-4fbe-bf05-50a59beaf51d%3Fformat%3Djson%26marker%3Dnone_v3%26states%3Dlisting HTTP/1.0 200 - python-swiftclient-4.2.0 gAAAAABpLI9eQPaN... - 2 - tx91f93756605a4a959d7c4-00692c8fb6 - 0.0108 - - 1764528054.496901035 1764528054.507742882 0
Nov 30 13:40:54 np0005540243.novalocal object-server[96899]: ::1 - - [30/Nov/2025:18:40:54 +0000] "GET /3/41584/AUTH_d8c5e0069fac460689fc06414f238cc2/gnocchi.5038ce83-fbe0-4318-8628-9f0e6376a298/1763640000.0_mean_300.0_v3" 200 16 "GET http://[::1]:8080/v1/AUTH_d8c5e0069fac460689fc06414f238cc2/gnocchi.5038ce83-fbe0-4318-8628-9f0e6376a298/1763640000.0_mean_300.0_v3" "txd08cb36f091d49c99bfe8-00692c8fb6" "proxy-server 92965" 0.0021 "-" 96899 0
Nov 30 13:40:54 np0005540243.novalocal proxy-server[92965]: ::1 ::1 30/Nov/2025/18/40/54 GET /v1/AUTH_d8c5e0069fac460689fc06414f238cc2/gnocchi.5038ce83-fbe0-4318-8628-9f0e6376a298/1763640000.0_mean_300.0_v3 HTTP/1.0 200 - python-swiftclient-4.2.0 gAAAAABpLI9luiBC... - 16 - txd08cb36f091d49c99bfe8-00692c8fb6 - 0.0072 - - 1764528054.506372452 1764528054.513576269 0
Nov 30 13:40:54 np0005540243.novalocal object-server[96900]: ::1 - - [30/Nov/2025:18:40:54 +0000] "GET /3/137999/AUTH_d8c5e0069fac460689fc06414f238cc2/gnocchi.09cede7e-e172-4fbe-bf05-50a59beaf51d/1763640000.0_mean_300.0_v3" 200 16 "GET http://[::1]:8080/v1/AUTH_d8c5e0069fac460689fc06414f238cc2/gnocchi.09cede7e-e172-4fbe-bf05-50a59beaf51d/1763640000.0_mean_300.0_v3" "tx30f2e0d1544f4198bb33a-00692c8fb6" "proxy-server 92966" 0.0007 "-" 96900 0
Nov 30 13:40:54 np0005540243.novalocal proxy-server[92966]: ::1 ::1 30/Nov/2025/18/40/54 GET /v1/AUTH_d8c5e0069fac460689fc06414f238cc2/gnocchi.09cede7e-e172-4fbe-bf05-50a59beaf51d/1763640000.0_mean_300.0_v3 HTTP/1.0 200 - python-swiftclient-4.2.0 gAAAAABpLI9eQPaN... - 16 - tx30f2e0d1544f4198bb33a-00692c8fb6 - 0.0109 - - 1764528054.511522055 1764528054.522386074 0
Nov 30 13:40:54 np0005540243.novalocal container-server[96605]: ::1 - - [30/Nov/2025:18:40:54 +0000] "PUT /2/95630/AUTH_d8c5e0069fac460689fc06414f238cc2/gnocchi.5038ce83-fbe0-4318-8628-9f0e6376a298/1763640000.0_mean_300.0_v3" 201 - "PUT http://[::1]:8080/1/41584/AUTH_d8c5e0069fac460689fc06414f238cc2/gnocchi.5038ce83-fbe0-4318-8628-9f0e6376a298/1763640000.0_mean_300.0_v3" "tx40f0a00090d14a9e8bf84-00692c8fb6" "object-server 96899" 0.0004 "-" 96605 0
Nov 30 13:40:54 np0005540243.novalocal object-server[96899]: ::1 - - [30/Nov/2025:18:40:54 +0000] "PUT /1/41584/AUTH_d8c5e0069fac460689fc06414f238cc2/gnocchi.5038ce83-fbe0-4318-8628-9f0e6376a298/1763640000.0_mean_300.0_v3" 201 - "PUT http://[::1]:8080/v1/AUTH_d8c5e0069fac460689fc06414f238cc2/gnocchi.5038ce83-fbe0-4318-8628-9f0e6376a298/1763640000.0_mean_300.0_v3" "tx40f0a00090d14a9e8bf84-00692c8fb6" "proxy-server 92965" 0.0096 "-" 96899 0
Nov 30 13:40:54 np0005540243.novalocal container-server[96608]: ::1 - - [30/Nov/2025:18:40:54 +0000] "PUT /3/95630/AUTH_d8c5e0069fac460689fc06414f238cc2/gnocchi.5038ce83-fbe0-4318-8628-9f0e6376a298/1763640000.0_mean_300.0_v3" 201 - "PUT http://[::1]:8080/3/41584/AUTH_d8c5e0069fac460689fc06414f238cc2/gnocchi.5038ce83-fbe0-4318-8628-9f0e6376a298/1763640000.0_mean_300.0_v3" "tx40f0a00090d14a9e8bf84-00692c8fb6" "object-server 96900" 0.0006 "-" 96608 0
Nov 30 13:40:54 np0005540243.novalocal object-server[96900]: ::1 - - [30/Nov/2025:18:40:54 +0000] "PUT /3/41584/AUTH_d8c5e0069fac460689fc06414f238cc2/gnocchi.5038ce83-fbe0-4318-8628-9f0e6376a298/1763640000.0_mean_300.0_v3" 201 - "PUT http://[::1]:8080/v1/AUTH_d8c5e0069fac460689fc06414f238cc2/gnocchi.5038ce83-fbe0-4318-8628-9f0e6376a298/1763640000.0_mean_300.0_v3" "tx40f0a00090d14a9e8bf84-00692c8fb6" "proxy-server 92965" 0.0143 "-" 96900 0
Nov 30 13:40:54 np0005540243.novalocal container-server[96608]: ::1 - - [30/Nov/2025:18:40:54 +0000] "PUT /1/95630/AUTH_d8c5e0069fac460689fc06414f238cc2/gnocchi.5038ce83-fbe0-4318-8628-9f0e6376a298/1763640000.0_mean_300.0_v3" 201 - "PUT http://[::1]:8080/2/41584/AUTH_d8c5e0069fac460689fc06414f238cc2/gnocchi.5038ce83-fbe0-4318-8628-9f0e6376a298/1763640000.0_mean_300.0_v3" "tx40f0a00090d14a9e8bf84-00692c8fb6" "object-server 96899" 0.0004 "-" 96608 0
Nov 30 13:40:54 np0005540243.novalocal object-server[96899]: ::1 - - [30/Nov/2025:18:40:54 +0000] "PUT /2/41584/AUTH_d8c5e0069fac460689fc06414f238cc2/gnocchi.5038ce83-fbe0-4318-8628-9f0e6376a298/1763640000.0_mean_300.0_v3" 201 - "PUT http://[::1]:8080/v1/AUTH_d8c5e0069fac460689fc06414f238cc2/gnocchi.5038ce83-fbe0-4318-8628-9f0e6376a298/1763640000.0_mean_300.0_v3" "tx40f0a00090d14a9e8bf84-00692c8fb6" "proxy-server 92965" 0.0151 "-" 96899 0
Nov 30 13:40:54 np0005540243.novalocal container-server[96606]: ::1 - - [30/Nov/2025:18:40:54 +0000] "PUT /3/19863/AUTH_d8c5e0069fac460689fc06414f238cc2/gnocchi.09cede7e-e172-4fbe-bf05-50a59beaf51d/1763640000.0_mean_300.0_v3" 201 - "PUT http://[::1]:8080/2/137999/AUTH_d8c5e0069fac460689fc06414f238cc2/gnocchi.09cede7e-e172-4fbe-bf05-50a59beaf51d/1763640000.0_mean_300.0_v3" "txccecb5b8ac1b41dd90831-00692c8fb6" "object-server 96901" 0.0006 "-" 96606 0
Nov 30 13:40:54 np0005540243.novalocal proxy-server[92965]: ::1 ::1 30/Nov/2025/18/40/54 PUT /v1/AUTH_d8c5e0069fac460689fc06414f238cc2/gnocchi.5038ce83-fbe0-4318-8628-9f0e6376a298/1763640000.0_mean_300.0_v3 HTTP/1.0 201 - python-swiftclient-4.2.0 gAAAAABpLI9luiBC... 16 - - tx40f0a00090d14a9e8bf84-00692c8fb6 - 0.0254 - - 1764528054.516375303 1764528054.541811228 0
Nov 30 13:40:54 np0005540243.novalocal container-server[96607]: ::1 - - [30/Nov/2025:18:40:54 +0000] "PUT /1/19863/AUTH_d8c5e0069fac460689fc06414f238cc2/gnocchi.09cede7e-e172-4fbe-bf05-50a59beaf51d/1763640000.0_mean_300.0_v3" 201 - "PUT http://[::1]:8080/1/137999/AUTH_d8c5e0069fac460689fc06414f238cc2/gnocchi.09cede7e-e172-4fbe-bf05-50a59beaf51d/1763640000.0_mean_300.0_v3" "txccecb5b8ac1b41dd90831-00692c8fb6" "object-server 96899" 0.0004 "-" 96607 0
Nov 30 13:40:54 np0005540243.novalocal object-server[96901]: ::1 - - [30/Nov/2025:18:40:54 +0000] "PUT /2/137999/AUTH_d8c5e0069fac460689fc06414f238cc2/gnocchi.09cede7e-e172-4fbe-bf05-50a59beaf51d/1763640000.0_mean_300.0_v3" 201 - "PUT http://[::1]:8080/v1/AUTH_d8c5e0069fac460689fc06414f238cc2/gnocchi.09cede7e-e172-4fbe-bf05-50a59beaf51d/1763640000.0_mean_300.0_v3" "txccecb5b8ac1b41dd90831-00692c8fb6" "proxy-server 92966" 0.0092 "-" 96901 0
Nov 30 13:40:54 np0005540243.novalocal container-server[96606]: ::1 - - [30/Nov/2025:18:40:54 +0000] "PUT /2/19863/AUTH_d8c5e0069fac460689fc06414f238cc2/gnocchi.09cede7e-e172-4fbe-bf05-50a59beaf51d/1763640000.0_mean_300.0_v3" 201 - "PUT http://[::1]:8080/3/137999/AUTH_d8c5e0069fac460689fc06414f238cc2/gnocchi.09cede7e-e172-4fbe-bf05-50a59beaf51d/1763640000.0_mean_300.0_v3" "txccecb5b8ac1b41dd90831-00692c8fb6" "object-server 96900" 0.0004 "-" 96606 0
Nov 30 13:40:54 np0005540243.novalocal object-server[96899]: ::1 - - [30/Nov/2025:18:40:54 +0000] "PUT /1/137999/AUTH_d8c5e0069fac460689fc06414f238cc2/gnocchi.09cede7e-e172-4fbe-bf05-50a59beaf51d/1763640000.0_mean_300.0_v3" 201 - "PUT http://[::1]:8080/v1/AUTH_d8c5e0069fac460689fc06414f238cc2/gnocchi.09cede7e-e172-4fbe-bf05-50a59beaf51d/1763640000.0_mean_300.0_v3" "txccecb5b8ac1b41dd90831-00692c8fb6" "proxy-server 92966" 0.0107 "-" 96899 0
Nov 30 13:40:54 np0005540243.novalocal object-server[96900]: ::1 - - [30/Nov/2025:18:40:54 +0000] "PUT /3/137999/AUTH_d8c5e0069fac460689fc06414f238cc2/gnocchi.09cede7e-e172-4fbe-bf05-50a59beaf51d/1763640000.0_mean_300.0_v3" 201 - "PUT http://[::1]:8080/v1/AUTH_d8c5e0069fac460689fc06414f238cc2/gnocchi.09cede7e-e172-4fbe-bf05-50a59beaf51d/1763640000.0_mean_300.0_v3" "txccecb5b8ac1b41dd90831-00692c8fb6" "proxy-server 92966" 0.0126 "-" 96900 0
Nov 30 13:40:54 np0005540243.novalocal proxy-server[92966]: ::1 ::1 30/Nov/2025/18/40/54 PUT /v1/AUTH_d8c5e0069fac460689fc06414f238cc2/gnocchi.09cede7e-e172-4fbe-bf05-50a59beaf51d/1763640000.0_mean_300.0_v3 HTTP/1.0 201 - python-swiftclient-4.2.0 gAAAAABpLI9eQPaN... 16 - - txccecb5b8ac1b41dd90831-00692c8fb6 - 0.0221 - - 1764528054.525470734 1764528054.547539473 0
Nov 30 13:40:54 np0005540243.novalocal container-server[96607]: ::1 - - [30/Nov/2025:18:40:54 +0000] "PUT /1/95630/AUTH_d8c5e0069fac460689fc06414f238cc2/gnocchi.5038ce83-fbe0-4318-8628-9f0e6376a298/none_v3" 201 - "PUT http://[::1]:8080/3/37226/AUTH_d8c5e0069fac460689fc06414f238cc2/gnocchi.5038ce83-fbe0-4318-8628-9f0e6376a298/none_v3" "txc7c9294f6e9f4e6884c3a-00692c8fb6" "object-server 96901" 0.0006 "-" 96607 0
Nov 30 13:40:54 np0005540243.novalocal container-server[96606]: ::1 - - [30/Nov/2025:18:40:54 +0000] "PUT /3/95630/AUTH_d8c5e0069fac460689fc06414f238cc2/gnocchi.5038ce83-fbe0-4318-8628-9f0e6376a298/none_v3" 201 - "PUT http://[::1]:8080/2/37226/AUTH_d8c5e0069fac460689fc06414f238cc2/gnocchi.5038ce83-fbe0-4318-8628-9f0e6376a298/none_v3" "txc7c9294f6e9f4e6884c3a-00692c8fb6" "object-server 96902" 0.0004 "-" 96606 0
Nov 30 13:40:54 np0005540243.novalocal object-server[96901]: ::1 - - [30/Nov/2025:18:40:54 +0000] "PUT /3/37226/AUTH_d8c5e0069fac460689fc06414f238cc2/gnocchi.5038ce83-fbe0-4318-8628-9f0e6376a298/none_v3" 201 - "PUT http://[::1]:8080/v1/AUTH_d8c5e0069fac460689fc06414f238cc2/gnocchi.5038ce83-fbe0-4318-8628-9f0e6376a298/none_v3" "txc7c9294f6e9f4e6884c3a-00692c8fb6" "proxy-server 92965" 0.0104 "-" 96901 0
