Nov 30 13:40:01 np0005540243.novalocal proxy-server[92966]: ::1 ::1 30/Nov/2025/18/40/01 GET /v1/AUTH_d8c5e0069fac460689fc06414f238cc2/gnocchi.dd1a5807-80b2-4d56-bf22-ba2e54c32d7b/1763640000.0_mean_300.0_v3 HTTP/1.0 200 - python-swiftclient-4.2.0 gAAAAABpLI9eQPaN... - 16 - tx2830b87f1f524bed9a544-00692c8f81 - 0.0087 - - 1764528001.294073820 1764528001.302757263 0
Nov 30 13:40:01 np0005540243.novalocal container-server[96605]: ::1 - - [30/Nov/2025:18:40:01 +0000] "PUT /3/134055/AUTH_d8c5e0069fac460689fc06414f238cc2/gnocchi.f08f6324-915b-4918-9ac5-73947eb38c6f/none_v3" 201 - "PUT http://[::1]:8080/2/62369/AUTH_d8c5e0069fac460689fc06414f238cc2/gnocchi.f08f6324-915b-4918-9ac5-73947eb38c6f/none_v3" "txb587ee316eae46f2951c9-00692c8f81" "object-server 96901" 0.0008 "-" 96605 0
Nov 30 13:40:01 np0005540243.novalocal object-server[96901]: ::1 - - [30/Nov/2025:18:40:01 +0000] "PUT /2/62369/AUTH_d8c5e0069fac460689fc06414f238cc2/gnocchi.f08f6324-915b-4918-9ac5-73947eb38c6f/none_v3" 201 - "PUT http://[::1]:8080/v1/AUTH_d8c5e0069fac460689fc06414f238cc2/gnocchi.f08f6324-915b-4918-9ac5-73947eb38c6f/none_v3" "txb587ee316eae46f2951c9-00692c8f81" "proxy-server 92965" 0.0099 "-" 96901 0
Nov 30 13:40:01 np0005540243.novalocal container-server[96607]: ::1 - - [30/Nov/2025:18:40:01 +0000] "PUT /2/134055/AUTH_d8c5e0069fac460689fc06414f238cc2/gnocchi.f08f6324-915b-4918-9ac5-73947eb38c6f/none_v3" 201 - "PUT http://[::1]:8080/3/62369/AUTH_d8c5e0069fac460689fc06414f238cc2/gnocchi.f08f6324-915b-4918-9ac5-73947eb38c6f/none_v3" "txb587ee316eae46f2951c9-00692c8f81" "object-server 96902" 0.0004 "-" 96607 0
Nov 30 13:40:01 np0005540243.novalocal object-server[96902]: ::1 - - [30/Nov/2025:18:40:01 +0000] "PUT /3/62369/AUTH_d8c5e0069fac460689fc06414f238cc2/gnocchi.f08f6324-915b-4918-9ac5-73947eb38c6f/none_v3" 201 - "PUT http://[::1]:8080/v1/AUTH_d8c5e0069fac460689fc06414f238cc2/gnocchi.f08f6324-915b-4918-9ac5-73947eb38c6f/none_v3" "txb587ee316eae46f2951c9-00692c8f81" "proxy-server 92965" 0.0110 "-" 96902 0
Nov 30 13:40:01 np0005540243.novalocal container-server[96607]: ::1 - - [30/Nov/2025:18:40:01 +0000] "PUT /3/202977/AUTH_d8c5e0069fac460689fc06414f238cc2/gnocchi.dd1a5807-80b2-4d56-bf22-ba2e54c32d7b/1763640000.0_mean_300.0_v3" 201 - "PUT http://[::1]:8080/3/49582/AUTH_d8c5e0069fac460689fc06414f238cc2/gnocchi.dd1a5807-80b2-4d56-bf22-ba2e54c32d7b/1763640000.0_mean_300.0_v3" "tx9e3d433f97b1441993ad4-00692c8f81" "object-server 96900" 0.0003 "-" 96607 0
Nov 30 13:40:01 np0005540243.novalocal object-server[96900]: ::1 - - [30/Nov/2025:18:40:01 +0000] "PUT /3/49582/AUTH_d8c5e0069fac460689fc06414f238cc2/gnocchi.dd1a5807-80b2-4d56-bf22-ba2e54c32d7b/1763640000.0_mean_300.0_v3" 201 - "PUT http://[::1]:8080/v1/AUTH_d8c5e0069fac460689fc06414f238cc2/gnocchi.dd1a5807-80b2-4d56-bf22-ba2e54c32d7b/1763640000.0_mean_300.0_v3" "tx9e3d433f97b1441993ad4-00692c8f81" "proxy-server 92966" 0.0084 "-" 96900 0
Nov 30 13:40:01 np0005540243.novalocal container-server[96605]: ::1 - - [30/Nov/2025:18:40:01 +0000] "PUT /1/134055/AUTH_d8c5e0069fac460689fc06414f238cc2/gnocchi.f08f6324-915b-4918-9ac5-73947eb38c6f/none_v3" 201 - "PUT http://[::1]:8080/1/62369/AUTH_d8c5e0069fac460689fc06414f238cc2/gnocchi.f08f6324-915b-4918-9ac5-73947eb38c6f/none_v3" "txb587ee316eae46f2951c9-00692c8f81" "object-server 96902" 0.0003 "-" 96605 0
Nov 30 13:40:01 np0005540243.novalocal object-server[96902]: ::1 - - [30/Nov/2025:18:40:01 +0000] "PUT /1/62369/AUTH_d8c5e0069fac460689fc06414f238cc2/gnocchi.f08f6324-915b-4918-9ac5-73947eb38c6f/none_v3" 201 - "PUT http://[::1]:8080/v1/AUTH_d8c5e0069fac460689fc06414f238cc2/gnocchi.f08f6324-915b-4918-9ac5-73947eb38c6f/none_v3" "txb587ee316eae46f2951c9-00692c8f81" "proxy-server 92965" 0.0134 "-" 96902 0
Nov 30 13:40:01 np0005540243.novalocal proxy-server[92965]: ::1 ::1 30/Nov/2025/18/40/01 PUT /v1/AUTH_d8c5e0069fac460689fc06414f238cc2/gnocchi.f08f6324-915b-4918-9ac5-73947eb38c6f/none_v3 HTTP/1.0 201 - python-swiftclient-4.2.0 gAAAAABpLI9luiBC... 22 - - txb587ee316eae46f2951c9-00692c8f81 - 0.0221 - - 1764528001.299949884 1764528001.322027445 0
Nov 30 13:40:01 np0005540243.novalocal container-server[96608]: ::1 - - [30/Nov/2025:18:40:01 +0000] "PUT /2/202977/AUTH_d8c5e0069fac460689fc06414f238cc2/gnocchi.dd1a5807-80b2-4d56-bf22-ba2e54c32d7b/1763640000.0_mean_300.0_v3" 201 - "PUT http://[::1]:8080/2/49582/AUTH_d8c5e0069fac460689fc06414f238cc2/gnocchi.dd1a5807-80b2-4d56-bf22-ba2e54c32d7b/1763640000.0_mean_300.0_v3" "tx9e3d433f97b1441993ad4-00692c8f81" "object-server 96902" 0.0005 "-" 96608 0
Nov 30 13:40:01 np0005540243.novalocal container-server[96606]: ::1 - - [30/Nov/2025:18:40:01 +0000] "PUT /1/202977/AUTH_d8c5e0069fac460689fc06414f238cc2/gnocchi.dd1a5807-80b2-4d56-bf22-ba2e54c32d7b/1763640000.0_mean_300.0_v3" 201 - "PUT http://[::1]:8080/1/49582/AUTH_d8c5e0069fac460689fc06414f238cc2/gnocchi.dd1a5807-80b2-4d56-bf22-ba2e54c32d7b/1763640000.0_mean_300.0_v3" "tx9e3d433f97b1441993ad4-00692c8f81" "object-server 96902" 0.0004 "-" 96606 0
Nov 30 13:40:01 np0005540243.novalocal object-server[96902]: ::1 - - [30/Nov/2025:18:40:01 +0000] "PUT /2/49582/AUTH_d8c5e0069fac460689fc06414f238cc2/gnocchi.dd1a5807-80b2-4d56-bf22-ba2e54c32d7b/1763640000.0_mean_300.0_v3" 201 - "PUT http://[::1]:8080/v1/AUTH_d8c5e0069fac460689fc06414f238cc2/gnocchi.dd1a5807-80b2-4d56-bf22-ba2e54c32d7b/1763640000.0_mean_300.0_v3" "tx9e3d433f97b1441993ad4-00692c8f81" "proxy-server 92966" 0.0141 "-" 96902 0
Nov 30 13:40:01 np0005540243.novalocal object-server[96902]: ::1 - - [30/Nov/2025:18:40:01 +0000] "PUT /1/49582/AUTH_d8c5e0069fac460689fc06414f238cc2/gnocchi.dd1a5807-80b2-4d56-bf22-ba2e54c32d7b/1763640000.0_mean_300.0_v3" 201 - "PUT http://[::1]:8080/v1/AUTH_d8c5e0069fac460689fc06414f238cc2/gnocchi.dd1a5807-80b2-4d56-bf22-ba2e54c32d7b/1763640000.0_mean_300.0_v3" "tx9e3d433f97b1441993ad4-00692c8f81" "proxy-server 92966" 0.0133 "-" 96902 0
Nov 30 13:40:01 np0005540243.novalocal proxy-server[92966]: ::1 ::1 30/Nov/2025/18/40/01 PUT /v1/AUTH_d8c5e0069fac460689fc06414f238cc2/gnocchi.dd1a5807-80b2-4d56-bf22-ba2e54c32d7b/1763640000.0_mean_300.0_v3 HTTP/1.0 201 - python-swiftclient-4.2.0 gAAAAABpLI9eQPaN... 23 - - tx9e3d433f97b1441993ad4-00692c8f81 - 0.0203 - - 1764528001.304816723 1764528001.325071573 0
Nov 30 13:40:01 np0005540243.novalocal container-server[96606]: ::1 - - [30/Nov/2025:18:40:01 +0000] "PUT /1/202977/AUTH_d8c5e0069fac460689fc06414f238cc2/gnocchi.dd1a5807-80b2-4d56-bf22-ba2e54c32d7b/none_v3" 201 - "PUT http://[::1]:8080/1/123285/AUTH_d8c5e0069fac460689fc06414f238cc2/gnocchi.dd1a5807-80b2-4d56-bf22-ba2e54c32d7b/none_v3" "tx7c0223587d664a0486657-00692c8f81" "object-server 96899" 0.0005 "-" 96606 0
Nov 30 13:40:01 np0005540243.novalocal object-server[96899]: ::1 - - [30/Nov/2025:18:40:01 +0000] "PUT /1/123285/AUTH_d8c5e0069fac460689fc06414f238cc2/gnocchi.dd1a5807-80b2-4d56-bf22-ba2e54c32d7b/none_v3" 201 - "PUT http://[::1]:8080/v1/AUTH_d8c5e0069fac460689fc06414f238cc2/gnocchi.dd1a5807-80b2-4d56-bf22-ba2e54c32d7b/none_v3" "tx7c0223587d664a0486657-00692c8f81" "proxy-server 92966" 0.0076 "-" 96899 0
Nov 30 13:40:01 np0005540243.novalocal container-server[96605]: ::1 - - [30/Nov/2025:18:40:01 +0000] "PUT /3/202977/AUTH_d8c5e0069fac460689fc06414f238cc2/gnocchi.dd1a5807-80b2-4d56-bf22-ba2e54c32d7b/none_v3" 201 - "PUT http://[::1]:8080/2/123285/AUTH_d8c5e0069fac460689fc06414f238cc2/gnocchi.dd1a5807-80b2-4d56-bf22-ba2e54c32d7b/none_v3" "tx7c0223587d664a0486657-00692c8f81" "object-server 96901" 0.0006 "-" 96605 0
Nov 30 13:40:01 np0005540243.novalocal container-server[96605]: ::1 - - [30/Nov/2025:18:40:01 +0000] "PUT /2/202977/AUTH_d8c5e0069fac460689fc06414f238cc2/gnocchi.dd1a5807-80b2-4d56-bf22-ba2e54c32d7b/none_v3" 201 - "PUT http://[::1]:8080/3/123285/AUTH_d8c5e0069fac460689fc06414f238cc2/gnocchi.dd1a5807-80b2-4d56-bf22-ba2e54c32d7b/none_v3" "tx7c0223587d664a0486657-00692c8f81" "object-server 96900" 0.0003 "-" 96605 0
Nov 30 13:40:01 np0005540243.novalocal object-server[96901]: ::1 - - [30/Nov/2025:18:40:01 +0000] "PUT /2/123285/AUTH_d8c5e0069fac460689fc06414f238cc2/gnocchi.dd1a5807-80b2-4d56-bf22-ba2e54c32d7b/none_v3" 201 - "PUT http://[::1]:8080/v1/AUTH_d8c5e0069fac460689fc06414f238cc2/gnocchi.dd1a5807-80b2-4d56-bf22-ba2e54c32d7b/none_v3" "tx7c0223587d664a0486657-00692c8f81" "proxy-server 92966" 0.0091 "-" 96901 0
Nov 30 13:40:01 np0005540243.novalocal object-server[96900]: ::1 - - [30/Nov/2025:18:40:01 +0000] "PUT /3/123285/AUTH_d8c5e0069fac460689fc06414f238cc2/gnocchi.dd1a5807-80b2-4d56-bf22-ba2e54c32d7b/none_v3" 201 - "PUT http://[::1]:8080/v1/AUTH_d8c5e0069fac460689fc06414f238cc2/gnocchi.dd1a5807-80b2-4d56-bf22-ba2e54c32d7b/none_v3" "tx7c0223587d664a0486657-00692c8f81" "proxy-server 92966" 0.0102 "-" 96900 0
Nov 30 13:40:01 np0005540243.novalocal proxy-server[92966]: ::1 ::1 30/Nov/2025/18/40/01 PUT /v1/AUTH_d8c5e0069fac460689fc06414f238cc2/gnocchi.dd1a5807-80b2-4d56-bf22-ba2e54c32d7b/none_v3 HTTP/1.0 201 - python-swiftclient-4.2.0 gAAAAABpLI9eQPaN... 22 - - tx7c0223587d664a0486657-00692c8f81 - 0.0156 - - 1764528001.327133894 1764528001.342702866 0
Nov 30 13:40:01 np0005540243.novalocal dnsmasq[103026]: read /var/lib/neutron/dhcp/72c895a1-95d7-46e9-84a3-6cc2c1c01136/addn_hosts - 3 addresses
Nov 30 13:40:01 np0005540243.novalocal dnsmasq-dhcp[103026]: read /var/lib/neutron/dhcp/72c895a1-95d7-46e9-84a3-6cc2c1c01136/host
Nov 30 13:40:01 np0005540243.novalocal dnsmasq-dhcp[103026]: read /var/lib/neutron/dhcp/72c895a1-95d7-46e9-84a3-6cc2c1c01136/opts
Nov 30 13:40:02 np0005540243.novalocal object-server[96902]: ::1 - - [30/Nov/2025:18:40:02 +0000] "GET /3/1094/AUTH_d8c5e0069fac460689fc06414f238cc2/gnocchi.97077a28-e73a-4783-9633-ae4cccd67e3d/none_v3" 200 22 "GET http://[::1]:8080/v1/AUTH_d8c5e0069fac460689fc06414f238cc2/gnocchi.97077a28-e73a-4783-9633-ae4cccd67e3d/none_v3" "tx92c905e9e6a442aea30a6-00692c8f82" "proxy-server 92965" 0.0011 "-" 96902 0
Nov 30 13:40:02 np0005540243.novalocal proxy-server[92965]: ::1 ::1 30/Nov/2025/18/40/02 GET /v1/AUTH_d8c5e0069fac460689fc06414f238cc2/gnocchi.97077a28-e73a-4783-9633-ae4cccd67e3d/none_v3 HTTP/1.0 200 - python-swiftclient-4.2.0 gAAAAABpLI9luiBC... - 22 - tx92c905e9e6a442aea30a6-00692c8f82 - 0.0106 - - 1764528002.079821348 1764528002.090429544 0
Nov 30 13:40:02 np0005540243.novalocal container-server[96608]: ::1 - - [30/Nov/2025:18:40:02 +0000] "GET /1/38936/AUTH_d8c5e0069fac460689fc06414f238cc2/gnocchi.97077a28-e73a-4783-9633-ae4cccd67e3d" 200 357 "GET http://[::1]:8080/v1/AUTH_d8c5e0069fac460689fc06414f238cc2/gnocchi.97077a28-e73a-4783-9633-ae4cccd67e3d?format=json&states=listing" "tx934a80875cc2426d91074-00692c8f82" "proxy-server 92965" 0.0099 "-" 96608 0
Nov 30 13:40:02 np0005540243.novalocal proxy-server[92965]: ::1 ::1 30/Nov/2025/18/40/02 GET /v1/AUTH_d8c5e0069fac460689fc06414f238cc2/gnocchi.97077a28-e73a-4783-9633-ae4cccd67e3d%3Fformat%3Djson%26states%3Dlisting HTTP/1.0 200 - python-swiftclient-4.2.0 gAAAAABpLI9luiBC... - 357 - tx934a80875cc2426d91074-00692c8f82 - 0.0194 - - 1764528002.094789982 1764528002.114176035 0
Nov 30 13:40:02 np0005540243.novalocal object-server[96899]: ::1 - - [30/Nov/2025:18:40:02 +0000] "GET /1/157054/AUTH_d8c5e0069fac460689fc06414f238cc2/gnocchi.753ecd46-7d3e-4de3-b956-5597e9ec0fc3/none_v3" 200 22 "GET http://[::1]:8080/v1/AUTH_d8c5e0069fac460689fc06414f238cc2/gnocchi.753ecd46-7d3e-4de3-b956-5597e9ec0fc3/none_v3" "txfea151ebe6bb4d69a5e57-00692c8f82" "proxy-server 92966" 0.0010 "-" 96899 0
Nov 30 13:40:02 np0005540243.novalocal proxy-server[92966]: ::1 ::1 30/Nov/2025/18/40/02 GET /v1/AUTH_d8c5e0069fac460689fc06414f238cc2/gnocchi.753ecd46-7d3e-4de3-b956-5597e9ec0fc3/none_v3 HTTP/1.0 200 - python-swiftclient-4.2.0 gAAAAABpLI9eQPaN... - 22 - txfea151ebe6bb4d69a5e57-00692c8f82 - 0.0081 - - 1764528002.108760834 1764528002.116848230 0
Nov 30 13:40:02 np0005540243.novalocal container-server[96605]: ::1 - - [30/Nov/2025:18:40:02 +0000] "GET /3/38936/AUTH_d8c5e0069fac460689fc06414f238cc2/gnocchi.97077a28-e73a-4783-9633-ae4cccd67e3d" 200 2 "GET http://[::1]:8080/v1/AUTH_d8c5e0069fac460689fc06414f238cc2/gnocchi.97077a28-e73a-4783-9633-ae4cccd67e3d?format=json&marker=none_v3&states=listing" "tx65b38efea88848bcbd63f-00692c8f82" "proxy-server 92965" 0.0076 "-" 96605 0
Nov 30 13:40:02 np0005540243.novalocal container-server[96606]: ::1 - - [30/Nov/2025:18:40:02 +0000] "GET /3/67019/AUTH_d8c5e0069fac460689fc06414f238cc2/gnocchi.753ecd46-7d3e-4de3-b956-5597e9ec0fc3" 200 357 "GET http://[::1]:8080/v1/AUTH_d8c5e0069fac460689fc06414f238cc2/gnocchi.753ecd46-7d3e-4de3-b956-5597e9ec0fc3?format=json&states=listing" "tx87413b4fc8b44b0c9fe3e-00692c8f82" "proxy-server 92966" 0.0083 "-" 96606 0
Nov 30 13:40:02 np0005540243.novalocal proxy-server[92965]: ::1 ::1 30/Nov/2025/18/40/02 GET /v1/AUTH_d8c5e0069fac460689fc06414f238cc2/gnocchi.97077a28-e73a-4783-9633-ae4cccd67e3d%3Fformat%3Djson%26marker%3Dnone_v3%26states%3Dlisting HTTP/1.0 200 - python-swiftclient-4.2.0 gAAAAABpLI9luiBC... - 2 - tx65b38efea88848bcbd63f-00692c8f82 - 0.0179 - - 1764528002.117494106 1764528002.135418177 0
Nov 30 13:40:02 np0005540243.novalocal proxy-server[92966]: ::1 ::1 30/Nov/2025/18/40/02 GET /v1/AUTH_d8c5e0069fac460689fc06414f238cc2/gnocchi.753ecd46-7d3e-4de3-b956-5597e9ec0fc3%3Fformat%3Djson%26states%3Dlisting HTTP/1.0 200 - python-swiftclient-4.2.0 gAAAAABpLI9eQPaN... - 357 - tx87413b4fc8b44b0c9fe3e-00692c8f82 - 0.0155 - - 1764528002.120294094 1764528002.135775566 0
Nov 30 13:40:02 np0005540243.novalocal container-server[96606]: ::1 - - [30/Nov/2025:18:40:02 +0000] "GET /3/67019/AUTH_d8c5e0069fac460689fc06414f238cc2/gnocchi.753ecd46-7d3e-4de3-b956-5597e9ec0fc3" 200 2 "GET http://[::1]:8080/v1/AUTH_d8c5e0069fac460689fc06414f238cc2/gnocchi.753ecd46-7d3e-4de3-b956-5597e9ec0fc3?format=json&marker=none_v3&states=listing" "tx6d25fef00cf34c5fa75d8-00692c8f82" "proxy-server 92966" 0.0018 "-" 96606 0
Nov 30 13:40:02 np0005540243.novalocal proxy-server[92966]: ::1 ::1 30/Nov/2025/18/40/02 GET /v1/AUTH_d8c5e0069fac460689fc06414f238cc2/gnocchi.753ecd46-7d3e-4de3-b956-5597e9ec0fc3%3Fformat%3Djson%26marker%3Dnone_v3%26states%3Dlisting HTTP/1.0 200 - python-swiftclient-4.2.0 gAAAAABpLI9eQPaN... - 2 - tx6d25fef00cf34c5fa75d8-00692c8f82 - 0.0078 - - 1764528002.138564587 1764528002.146315575 0
Nov 30 13:40:02 np0005540243.novalocal object-server[96899]: ::1 - - [30/Nov/2025:18:40:02 +0000] "GET /1/195089/AUTH_d8c5e0069fac460689fc06414f238cc2/gnocchi.97077a28-e73a-4783-9633-ae4cccd67e3d/1763640000.0_mean_300.0_v3" 200 18 "GET http://[::1]:8080/v1/AUTH_d8c5e0069fac460689fc06414f238cc2/gnocchi.97077a28-e73a-4783-9633-ae4cccd67e3d/1763640000.0_mean_300.0_v3" "tx745a117ad4a74023b6f81-00692c8f82" "proxy-server 92965" 0.0012 "-" 96899 0
Nov 30 13:40:02 np0005540243.novalocal proxy-server[92965]: ::1 ::1 30/Nov/2025/18/40/02 GET /v1/AUTH_d8c5e0069fac460689fc06414f238cc2/gnocchi.97077a28-e73a-4783-9633-ae4cccd67e3d/1763640000.0_mean_300.0_v3 HTTP/1.0 200 - python-swiftclient-4.2.0 gAAAAABpLI9luiBC... - 18 - tx745a117ad4a74023b6f81-00692c8f82 - 0.0100 - - 1764528002.140073061 1764528002.150027752 0
Nov 30 13:40:02 np0005540243.novalocal object-server[96900]: ::1 - - [30/Nov/2025:18:40:02 +0000] "GET /1/20822/AUTH_d8c5e0069fac460689fc06414f238cc2/gnocchi.753ecd46-7d3e-4de3-b956-5597e9ec0fc3/1763640000.0_mean_300.0_v3" 200 22 "GET http://[::1]:8080/v1/AUTH_d8c5e0069fac460689fc06414f238cc2/gnocchi.753ecd46-7d3e-4de3-b956-5597e9ec0fc3/1763640000.0_mean_300.0_v3" "txb0467a6711654ee8adc19-00692c8f82" "proxy-server 92966" 0.0008 "-" 96900 0
Nov 30 13:40:02 np0005540243.novalocal proxy-server[92966]: ::1 ::1 30/Nov/2025/18/40/02 GET /v1/AUTH_d8c5e0069fac460689fc06414f238cc2/gnocchi.753ecd46-7d3e-4de3-b956-5597e9ec0fc3/1763640000.0_mean_300.0_v3 HTTP/1.0 200 - python-swiftclient-4.2.0 gAAAAABpLI9eQPaN... - 22 - txb0467a6711654ee8adc19-00692c8f82 - 0.0069 - - 1764528002.149631739 1764528002.156509638 0
Nov 30 13:40:02 np0005540243.novalocal container-server[96605]: ::1 - - [30/Nov/2025:18:40:02 +0000] "PUT /3/38936/AUTH_d8c5e0069fac460689fc06414f238cc2/gnocchi.97077a28-e73a-4783-9633-ae4cccd67e3d/1763640000.0_mean_300.0_v3" 201 - "PUT http://[::1]:8080/2/195089/AUTH_d8c5e0069fac460689fc06414f238cc2/gnocchi.97077a28-e73a-4783-9633-ae4cccd67e3d/1763640000.0_mean_300.0_v3" "tx75e29f2193de4a02b01ba-00692c8f82" "object-server 96901" 0.0005 "-" 96605 0
Nov 30 13:40:02 np0005540243.novalocal object-server[96901]: ::1 - - [30/Nov/2025:18:40:02 +0000] "PUT /2/195089/AUTH_d8c5e0069fac460689fc06414f238cc2/gnocchi.97077a28-e73a-4783-9633-ae4cccd67e3d/1763640000.0_mean_300.0_v3" 201 - "PUT http://[::1]:8080/v1/AUTH_d8c5e0069fac460689fc06414f238cc2/gnocchi.97077a28-e73a-4783-9633-ae4cccd67e3d/1763640000.0_mean_300.0_v3" "tx75e29f2193de4a02b01ba-00692c8f82" "proxy-server 92965" 0.0089 "-" 96901 0
Nov 30 13:40:02 np0005540243.novalocal container-server[96606]: ::1 - - [30/Nov/2025:18:40:02 +0000] "PUT /2/38936/AUTH_d8c5e0069fac460689fc06414f238cc2/gnocchi.97077a28-e73a-4783-9633-ae4cccd67e3d/1763640000.0_mean_300.0_v3" 201 - "PUT http://[::1]:8080/1/195089/AUTH_d8c5e0069fac460689fc06414f238cc2/gnocchi.97077a28-e73a-4783-9633-ae4cccd67e3d/1763640000.0_mean_300.0_v3" "tx75e29f2193de4a02b01ba-00692c8f82" "object-server 96900" 0.0004 "-" 96606 0
Nov 30 13:40:02 np0005540243.novalocal container-server[96606]: ::1 - - [30/Nov/2025:18:40:02 +0000] "PUT /1/38936/AUTH_d8c5e0069fac460689fc06414f238cc2/gnocchi.97077a28-e73a-4783-9633-ae4cccd67e3d/1763640000.0_mean_300.0_v3" 201 - "PUT http://[::1]:8080/3/195089/AUTH_d8c5e0069fac460689fc06414f238cc2/gnocchi.97077a28-e73a-4783-9633-ae4cccd67e3d/1763640000.0_mean_300.0_v3" "tx75e29f2193de4a02b01ba-00692c8f82" "object-server 96900" 0.0003 "-" 96606 0
Nov 30 13:40:02 np0005540243.novalocal object-server[96900]: ::1 - - [30/Nov/2025:18:40:02 +0000] "PUT /1/195089/AUTH_d8c5e0069fac460689fc06414f238cc2/gnocchi.97077a28-e73a-4783-9633-ae4cccd67e3d/1763640000.0_mean_300.0_v3" 201 - "PUT http://[::1]:8080/v1/AUTH_d8c5e0069fac460689fc06414f238cc2/gnocchi.97077a28-e73a-4783-9633-ae4cccd67e3d/1763640000.0_mean_300.0_v3" "tx75e29f2193de4a02b01ba-00692c8f82" "proxy-server 92965" 0.0128 "-" 96900 0
Nov 30 13:40:02 np0005540243.novalocal object-server[96900]: ::1 - - [30/Nov/2025:18:40:02 +0000] "PUT /3/195089/AUTH_d8c5e0069fac460689fc06414f238cc2/gnocchi.97077a28-e73a-4783-9633-ae4cccd67e3d/1763640000.0_mean_300.0_v3" 201 - "PUT http://[::1]:8080/v1/AUTH_d8c5e0069fac460689fc06414f238cc2/gnocchi.97077a28-e73a-4783-9633-ae4cccd67e3d/1763640000.0_mean_300.0_v3" "tx75e29f2193de4a02b01ba-00692c8f82" "proxy-server 92965" 0.0149 "-" 96900 0
Nov 30 13:40:02 np0005540243.novalocal proxy-server[92965]: ::1 ::1 30/Nov/2025/18/40/02 PUT /v1/AUTH_d8c5e0069fac460689fc06414f238cc2/gnocchi.97077a28-e73a-4783-9633-ae4cccd67e3d/1763640000.0_mean_300.0_v3 HTTP/1.0 201 - python-swiftclient-4.2.0 gAAAAABpLI9luiBC... 18 - - tx75e29f2193de4a02b01ba-00692c8f82 - 0.0252 - - 1764528002.153689146 1764528002.178901434 0
Nov 30 13:40:02 np0005540243.novalocal container-server[96605]: ::1 - - [30/Nov/2025:18:40:02 +0000] "PUT /1/67019/AUTH_d8c5e0069fac460689fc06414f238cc2/gnocchi.753ecd46-7d3e-4de3-b956-5597e9ec0fc3/1763640000.0_mean_300.0_v3" 201 - "PUT http://[::1]:8080/3/20822/AUTH_d8c5e0069fac460689fc06414f238cc2/gnocchi.753ecd46-7d3e-4de3-b956-5597e9ec0fc3/1763640000.0_mean_300.0_v3" "txbb7392a2562c476ead30e-00692c8f82" "object-server 96901" 0.0004 "-" 96605 0
Nov 30 13:40:02 np0005540243.novalocal container-server[96606]: ::1 - - [30/Nov/2025:18:40:02 +0000] "PUT /3/67019/AUTH_d8c5e0069fac460689fc06414f238cc2/gnocchi.753ecd46-7d3e-4de3-b956-5597e9ec0fc3/1763640000.0_mean_300.0_v3" 201 - "PUT http://[::1]:8080/1/20822/AUTH_d8c5e0069fac460689fc06414f238cc2/gnocchi.753ecd46-7d3e-4de3-b956-5597e9ec0fc3/1763640000.0_mean_300.0_v3" "txbb7392a2562c476ead30e-00692c8f82" "object-server 96900" 0.0006 "-" 96606 0
Nov 30 13:40:02 np0005540243.novalocal object-server[96900]: ::1 - - [30/Nov/2025:18:40:02 +0000] "PUT /1/20822/AUTH_d8c5e0069fac460689fc06414f238cc2/gnocchi.753ecd46-7d3e-4de3-b956-5597e9ec0fc3/1763640000.0_mean_300.0_v3" 201 - "PUT http://[::1]:8080/v1/AUTH_d8c5e0069fac460689fc06414f238cc2/gnocchi.753ecd46-7d3e-4de3-b956-5597e9ec0fc3/1763640000.0_mean_300.0_v3" "txbb7392a2562c476ead30e-00692c8f82" "proxy-server 92966" 0.0144 "-" 96900 0
Nov 30 13:40:02 np0005540243.novalocal container-server[96606]: ::1 - - [30/Nov/2025:18:40:02 +0000] "PUT /2/67019/AUTH_d8c5e0069fac460689fc06414f238cc2/gnocchi.753ecd46-7d3e-4de3-b956-5597e9ec0fc3/1763640000.0_mean_300.0_v3" 201 - "PUT http://[::1]:8080/2/20822/AUTH_d8c5e0069fac460689fc06414f238cc2/gnocchi.753ecd46-7d3e-4de3-b956-5597e9ec0fc3/1763640000.0_mean_300.0_v3" "txbb7392a2562c476ead30e-00692c8f82" "object-server 96900" 0.0003 "-" 96606 0
Nov 30 13:40:02 np0005540243.novalocal object-server[96900]: ::1 - - [30/Nov/2025:18:40:02 +0000] "PUT /2/20822/AUTH_d8c5e0069fac460689fc06414f238cc2/gnocchi.753ecd46-7d3e-4de3-b956-5597e9ec0fc3/1763640000.0_mean_300.0_v3" 201 - "PUT http://[::1]:8080/v1/AUTH_d8c5e0069fac460689fc06414f238cc2/gnocchi.753ecd46-7d3e-4de3-b956-5597e9ec0fc3/1763640000.0_mean_300.0_v3" "txbb7392a2562c476ead30e-00692c8f82" "proxy-server 92966" 0.0114 "-" 96900 0
Nov 30 13:40:02 np0005540243.novalocal object-server[96901]: ::1 - - [30/Nov/2025:18:40:02 +0000] "PUT /3/20822/AUTH_d8c5e0069fac460689fc06414f238cc2/gnocchi.753ecd46-7d3e-4de3-b956-5597e9ec0fc3/1763640000.0_mean_300.0_v3" 201 - "PUT http://[::1]:8080/v1/AUTH_d8c5e0069fac460689fc06414f238cc2/gnocchi.753ecd46-7d3e-4de3-b956-5597e9ec0fc3/1763640000.0_mean_300.0_v3" "txbb7392a2562c476ead30e-00692c8f82" "proxy-server 92966" 0.0120 "-" 96901 0
Nov 30 13:40:02 np0005540243.novalocal proxy-server[92966]: ::1 ::1 30/Nov/2025/18/40/02 PUT /v1/AUTH_d8c5e0069fac460689fc06414f238cc2/gnocchi.753ecd46-7d3e-4de3-b956-5597e9ec0fc3/1763640000.0_mean_300.0_v3 HTTP/1.0 201 - python-swiftclient-4.2.0 gAAAAABpLI9eQPaN... 22 - - txbb7392a2562c476ead30e-00692c8f82 - 0.0291 - - 1764528002.159359455 1764528002.188444614 0
Nov 30 13:40:02 np0005540243.novalocal container-server[96606]: ::1 - - [30/Nov/2025:18:40:02 +0000] "PUT /3/38936/AUTH_d8c5e0069fac460689fc06414f238cc2/gnocchi.97077a28-e73a-4783-9633-ae4cccd67e3d/none_v3" 201 - "PUT http://[::1]:8080/1/1094/AUTH_d8c5e0069fac460689fc06414f238cc2/gnocchi.97077a28-e73a-4783-9633-ae4cccd67e3d/none_v3" "txd2aedef0b10940f791bd0-00692c8f82" "object-server 96901" 0.0005 "-" 96606 0
Nov 30 13:40:02 np0005540243.novalocal object-server[96901]: ::1 - - [30/Nov/2025:18:40:02 +0000] "PUT /1/1094/AUTH_d8c5e0069fac460689fc06414f238cc2/gnocchi.97077a28-e73a-4783-9633-ae4cccd67e3d/none_v3" 201 - "PUT http://[::1]:8080/v1/AUTH_d8c5e0069fac460689fc06414f238cc2/gnocchi.97077a28-e73a-4783-9633-ae4cccd67e3d/none_v3" "txd2aedef0b10940f791bd0-00692c8f82" "proxy-server 92965" 0.0122 "-" 96901 0
Nov 30 13:40:02 np0005540243.novalocal container-server[96605]: ::1 - - [30/Nov/2025:18:40:02 +0000] "PUT /2/67019/AUTH_d8c5e0069fac460689fc06414f238cc2/gnocchi.753ecd46-7d3e-4de3-b956-5597e9ec0fc3/none_v3" 201 - "PUT http://[::1]:8080/2/157054/AUTH_d8c5e0069fac460689fc06414f238cc2/gnocchi.753ecd46-7d3e-4de3-b956-5597e9ec0fc3/none_v3" "tx75831f43db894b7d9f1d0-00692c8f82" "object-server 96900" 0.0004 "-" 96605 0
Nov 30 13:40:02 np0005540243.novalocal container-server[96605]: ::1 - - [30/Nov/2025:18:40:02 +0000] "PUT /1/67019/AUTH_d8c5e0069fac460689fc06414f238cc2/gnocchi.753ecd46-7d3e-4de3-b956-5597e9ec0fc3/none_v3" 201 - "PUT http://[::1]:8080/1/157054/AUTH_d8c5e0069fac460689fc06414f238cc2/gnocchi.753ecd46-7d3e-4de3-b956-5597e9ec0fc3/none_v3" "tx75831f43db894b7d9f1d0-00692c8f82" "object-server 96900" 0.0003 "-" 96605 0
Nov 30 13:40:02 np0005540243.novalocal object-server[96900]: ::1 - - [30/Nov/2025:18:40:02 +0000] "PUT /2/157054/AUTH_d8c5e0069fac460689fc06414f238cc2/gnocchi.753ecd46-7d3e-4de3-b956-5597e9ec0fc3/none_v3" 201 - "PUT http://[::1]:8080/v1/AUTH_d8c5e0069fac460689fc06414f238cc2/gnocchi.753ecd46-7d3e-4de3-b956-5597e9ec0fc3/none_v3" "tx75831f43db894b7d9f1d0-00692c8f82" "proxy-server 92966" 0.0095 "-" 96900 0
Nov 30 13:40:02 np0005540243.novalocal object-server[96900]: ::1 - - [30/Nov/2025:18:40:02 +0000] "PUT /1/157054/AUTH_d8c5e0069fac460689fc06414f238cc2/gnocchi.753ecd46-7d3e-4de3-b956-5597e9ec0fc3/none_v3" 201 - "PUT http://[::1]:8080/v1/AUTH_d8c5e0069fac460689fc06414f238cc2/gnocchi.753ecd46-7d3e-4de3-b956-5597e9ec0fc3/none_v3" "tx75831f43db894b7d9f1d0-00692c8f82" "proxy-server 92966" 0.0118 "-" 96900 0
Nov 30 13:40:02 np0005540243.novalocal container-server[96606]: ::1 - - [30/Nov/2025:18:40:02 +0000] "PUT /2/38936/AUTH_d8c5e0069fac460689fc06414f238cc2/gnocchi.97077a28-e73a-4783-9633-ae4cccd67e3d/none_v3" 201 - "PUT http://[::1]:8080/2/1094/AUTH_d8c5e0069fac460689fc06414f238cc2/gnocchi.97077a28-e73a-4783-9633-ae4cccd67e3d/none_v3" "txd2aedef0b10940f791bd0-00692c8f82" "object-server 96902" 0.0004 "-" 96606 0
Nov 30 13:40:02 np0005540243.novalocal container-server[96607]: ::1 - - [30/Nov/2025:18:40:02 +0000] "PUT /1/38936/AUTH_d8c5e0069fac460689fc06414f238cc2/gnocchi.97077a28-e73a-4783-9633-ae4cccd67e3d/none_v3" 201 - "PUT http://[::1]:8080/3/1094/AUTH_d8c5e0069fac460689fc06414f238cc2/gnocchi.97077a28-e73a-4783-9633-ae4cccd67e3d/none_v3" "txd2aedef0b10940f791bd0-00692c8f82" "object-server 96902" 0.0005 "-" 96607 0
Nov 30 13:40:02 np0005540243.novalocal container-server[96608]: ::1 - - [30/Nov/2025:18:40:02 +0000] "PUT /3/67019/AUTH_d8c5e0069fac460689fc06414f238cc2/gnocchi.753ecd46-7d3e-4de3-b956-5597e9ec0fc3/none_v3" 201 - "PUT http://[::1]:8080/3/157054/AUTH_d8c5e0069fac460689fc06414f238cc2/gnocchi.753ecd46-7d3e-4de3-b956-5597e9ec0fc3/none_v3" "tx75831f43db894b7d9f1d0-00692c8f82" "object-server 96902" 0.0008 "-" 96608 0
Nov 30 13:40:02 np0005540243.novalocal object-server[96902]: ::1 - - [30/Nov/2025:18:40:02 +0000] "PUT /3/1094/AUTH_d8c5e0069fac460689fc06414f238cc2/gnocchi.97077a28-e73a-4783-9633-ae4cccd67e3d/none_v3" 201 - "PUT http://[::1]:8080/v1/AUTH_d8c5e0069fac460689fc06414f238cc2/gnocchi.97077a28-e73a-4783-9633-ae4cccd67e3d/none_v3" "txd2aedef0b10940f791bd0-00692c8f82" "proxy-server 92965" 0.0161 "-" 96902 0
Nov 30 13:40:02 np0005540243.novalocal object-server[96902]: ::1 - - [30/Nov/2025:18:40:02 +0000] "PUT /2/1094/AUTH_d8c5e0069fac460689fc06414f238cc2/gnocchi.97077a28-e73a-4783-9633-ae4cccd67e3d/none_v3" 201 - "PUT http://[::1]:8080/v1/AUTH_d8c5e0069fac460689fc06414f238cc2/gnocchi.97077a28-e73a-4783-9633-ae4cccd67e3d/none_v3" "txd2aedef0b10940f791bd0-00692c8f82" "proxy-server 92965" 0.0202 "-" 96902 0
Nov 30 13:40:02 np0005540243.novalocal object-server[96902]: ::1 - - [30/Nov/2025:18:40:02 +0000] "PUT /3/157054/AUTH_d8c5e0069fac460689fc06414f238cc2/gnocchi.753ecd46-7d3e-4de3-b956-5597e9ec0fc3/none_v3" 201 - "PUT http://[::1]:8080/v1/AUTH_d8c5e0069fac460689fc06414f238cc2/gnocchi.753ecd46-7d3e-4de3-b956-5597e9ec0fc3/none_v3" "tx75831f43db894b7d9f1d0-00692c8f82" "proxy-server 92966" 0.0160 "-" 96902 0
Nov 30 13:40:02 np0005540243.novalocal proxy-server[92966]: ::1 ::1 30/Nov/2025/18/40/02 PUT /v1/AUTH_d8c5e0069fac460689fc06414f238cc2/gnocchi.753ecd46-7d3e-4de3-b956-5597e9ec0fc3/none_v3 HTTP/1.0 201 - python-swiftclient-4.2.0 gAAAAABpLI9eQPaN... 30 - - tx75831f43db894b7d9f1d0-00692c8f82 - 0.0232 - - 1764528002.190751791 1764528002.213924408 0
Nov 30 13:40:02 np0005540243.novalocal proxy-server[92965]: ::1 ::1 30/Nov/2025/18/40/02 PUT /v1/AUTH_d8c5e0069fac460689fc06414f238cc2/gnocchi.97077a28-e73a-4783-9633-ae4cccd67e3d/none_v3 HTTP/1.0 201 - python-swiftclient-4.2.0 gAAAAABpLI9luiBC... 26 - - txd2aedef0b10940f791bd0-00692c8f82 - 0.0312 - - 1764528002.182462215 1764528002.213669777 0
Nov 30 13:40:02 np0005540243.novalocal object-server[96899]: ::1 - - [30/Nov/2025:18:40:02 +0000] "GET /1/62369/AUTH_d8c5e0069fac460689fc06414f238cc2/gnocchi.f08f6324-915b-4918-9ac5-73947eb38c6f/none_v3" 200 22 "GET http://[::1]:8080/v1/AUTH_d8c5e0069fac460689fc06414f238cc2/gnocchi.f08f6324-915b-4918-9ac5-73947eb38c6f/none_v3" "txe64232433e0a440092b60-00692c8f82" "proxy-server 92966" 0.0007 "-" 96899 0
Nov 30 13:40:02 np0005540243.novalocal proxy-server[92966]: ::1 ::1 30/Nov/2025/18/40/02 GET /v1/AUTH_d8c5e0069fac460689fc06414f238cc2/gnocchi.f08f6324-915b-4918-9ac5-73947eb38c6f/none_v3 HTTP/1.0 200 - python-swiftclient-4.2.0 gAAAAABpLI9eQPaN... - 22 - txe64232433e0a440092b60-00692c8f82 - 0.0069 - - 1764528002.268837929 1764528002.275744438 0
Nov 30 13:40:02 np0005540243.novalocal container-server[96605]: ::1 - - [30/Nov/2025:18:40:02 +0000] "GET /1/134055/AUTH_d8c5e0069fac460689fc06414f238cc2/gnocchi.f08f6324-915b-4918-9ac5-73947eb38c6f" 200 357 "GET http://[::1]:8080/v1/AUTH_d8c5e0069fac460689fc06414f238cc2/gnocchi.f08f6324-915b-4918-9ac5-73947eb38c6f?format=json&states=listing" "tx806b73d57d0f4e0980e6b-00692c8f82" "proxy-server 92966" 0.0086 "-" 96605 0
Nov 30 13:40:02 np0005540243.novalocal proxy-server[92966]: ::1 ::1 30/Nov/2025/18/40/02 GET /v1/AUTH_d8c5e0069fac460689fc06414f238cc2/gnocchi.f08f6324-915b-4918-9ac5-73947eb38c6f%3Fformat%3Djson%26states%3Dlisting HTTP/1.0 200 - python-swiftclient-4.2.0 gAAAAABpLI9eQPaN... - 357 - tx806b73d57d0f4e0980e6b-00692c8f82 - 0.0143 - - 1764528002.278371096 1764528002.292688131 0
Nov 30 13:40:02 np0005540243.novalocal object-server[96902]: ::1 - - [30/Nov/2025:18:40:02 +0000] "GET /3/123285/AUTH_d8c5e0069fac460689fc06414f238cc2/gnocchi.dd1a5807-80b2-4d56-bf22-ba2e54c32d7b/none_v3" 200 22 "GET http://[::1]:8080/v1/AUTH_d8c5e0069fac460689fc06414f238cc2/gnocchi.dd1a5807-80b2-4d56-bf22-ba2e54c32d7b/none_v3" "txe7f67edf806e4e0692066-00692c8f82" "proxy-server 92965" 0.0009 "-" 96902 0
Nov 30 13:40:02 np0005540243.novalocal container-server[96605]: ::1 - - [30/Nov/2025:18:40:02 +0000] "GET /1/134055/AUTH_d8c5e0069fac460689fc06414f238cc2/gnocchi.f08f6324-915b-4918-9ac5-73947eb38c6f" 200 2 "GET http://[::1]:8080/v1/AUTH_d8c5e0069fac460689fc06414f238cc2/gnocchi.f08f6324-915b-4918-9ac5-73947eb38c6f?format=json&marker=none_v3&states=listing" "txb3d00faaf62f4727bcbf7-00692c8f82" "proxy-server 92966" 0.0018 "-" 96605 0
Nov 30 13:40:02 np0005540243.novalocal proxy-server[92966]: ::1 ::1 30/Nov/2025/18/40/02 GET /v1/AUTH_d8c5e0069fac460689fc06414f238cc2/gnocchi.f08f6324-915b-4918-9ac5-73947eb38c6f%3Fformat%3Djson%26marker%3Dnone_v3%26states%3Dlisting HTTP/1.0 200 - python-swiftclient-4.2.0 gAAAAABpLI9eQPaN... - 2 - txb3d00faaf62f4727bcbf7-00692c8f82 - 0.0074 - - 1764528002.294710636 1764528002.302132130 0
Nov 30 13:40:02 np0005540243.novalocal proxy-server[92965]: ::1 ::1 30/Nov/2025/18/40/02 GET /v1/AUTH_d8c5e0069fac460689fc06414f238cc2/gnocchi.dd1a5807-80b2-4d56-bf22-ba2e54c32d7b/none_v3 HTTP/1.0 200 - python-swiftclient-4.2.0 gAAAAABpLI9luiBC... - 22 - txe7f67edf806e4e0692066-00692c8f82 - 0.0110 - - 1764528002.290750027 1764528002.301720858 0
Nov 30 13:40:02 np0005540243.novalocal object-server[96900]: ::1 - - [30/Nov/2025:18:40:02 +0000] "GET /2/234918/AUTH_d8c5e0069fac460689fc06414f238cc2/gnocchi.f08f6324-915b-4918-9ac5-73947eb38c6f/1763640000.0_mean_300.0_v3" 200 23 "GET http://[::1]:8080/v1/AUTH_d8c5e0069fac460689fc06414f238cc2/gnocchi.f08f6324-915b-4918-9ac5-73947eb38c6f/1763640000.0_mean_300.0_v3" "txe89568984b6640d5a54c6-00692c8f82" "proxy-server 92966" 0.0006 "-" 96900 0
Nov 30 13:40:02 np0005540243.novalocal proxy-server[92966]: ::1 ::1 30/Nov/2025/18/40/02 GET /v1/AUTH_d8c5e0069fac460689fc06414f238cc2/gnocchi.f08f6324-915b-4918-9ac5-73947eb38c6f/1763640000.0_mean_300.0_v3 HTTP/1.0 200 - python-swiftclient-4.2.0 gAAAAABpLI9eQPaN... - 23 - txe89568984b6640d5a54c6-00692c8f82 - 0.0058 - - 1764528002.305924177 1764528002.311706066 0
Nov 30 13:40:02 np0005540243.novalocal container-server[96608]: ::1 - - [30/Nov/2025:18:40:02 +0000] "GET /3/202977/AUTH_d8c5e0069fac460689fc06414f238cc2/gnocchi.dd1a5807-80b2-4d56-bf22-ba2e54c32d7b" 200 357 "GET http://[::1]:8080/v1/AUTH_d8c5e0069fac460689fc06414f238cc2/gnocchi.dd1a5807-80b2-4d56-bf22-ba2e54c32d7b?format=json&states=listing" "tx78dfc11a76d34dbb81641-00692c8f82" "proxy-server 92965" 0.0077 "-" 96608 0
Nov 30 13:40:02 np0005540243.novalocal proxy-server[92965]: ::1 ::1 30/Nov/2025/18/40/02 GET /v1/AUTH_d8c5e0069fac460689fc06414f238cc2/gnocchi.dd1a5807-80b2-4d56-bf22-ba2e54c32d7b%3Fformat%3Djson%26states%3Dlisting HTTP/1.0 200 - python-swiftclient-4.2.0 gAAAAABpLI9luiBC... - 357 - tx78dfc11a76d34dbb81641-00692c8f82 - 0.0189 - - 1764528002.305285931 1764528002.324153185 0
Nov 30 13:40:02 np0005540243.novalocal container-server[96606]: ::1 - - [30/Nov/2025:18:40:02 +0000] "PUT /2/134055/AUTH_d8c5e0069fac460689fc06414f238cc2/gnocchi.f08f6324-915b-4918-9ac5-73947eb38c6f/1763640000.0_mean_300.0_v3" 201 - "PUT http://[::1]:8080/1/234918/AUTH_d8c5e0069fac460689fc06414f238cc2/gnocchi.f08f6324-915b-4918-9ac5-73947eb38c6f/1763640000.0_mean_300.0_v3" "txcaf8adc028d7449cb119b-00692c8f82" "object-server 96899" 0.0005 "-" 96606 0
Nov 30 13:40:02 np0005540243.novalocal object-server[96899]: ::1 - - [30/Nov/2025:18:40:02 +0000] "PUT /1/234918/AUTH_d8c5e0069fac460689fc06414f238cc2/gnocchi.f08f6324-915b-4918-9ac5-73947eb38c6f/1763640000.0_mean_300.0_v3" 201 - "PUT http://[::1]:8080/v1/AUTH_d8c5e0069fac460689fc06414f238cc2/gnocchi.f08f6324-915b-4918-9ac5-73947eb38c6f/1763640000.0_mean_300.0_v3" "txcaf8adc028d7449cb119b-00692c8f82" "proxy-server 92966" 0.0098 "-" 96899 0
Nov 30 13:40:02 np0005540243.novalocal container-server[96605]: ::1 - - [30/Nov/2025:18:40:02 +0000] "PUT /1/134055/AUTH_d8c5e0069fac460689fc06414f238cc2/gnocchi.f08f6324-915b-4918-9ac5-73947eb38c6f/1763640000.0_mean_300.0_v3" 201 - "PUT http://[::1]:8080/2/234918/AUTH_d8c5e0069fac460689fc06414f238cc2/gnocchi.f08f6324-915b-4918-9ac5-73947eb38c6f/1763640000.0_mean_300.0_v3" "txcaf8adc028d7449cb119b-00692c8f82" "object-server 96901" 0.0004 "-" 96605 0
Nov 30 13:40:02 np0005540243.novalocal container-server[96606]: ::1 - - [30/Nov/2025:18:40:02 +0000] "PUT /3/134055/AUTH_d8c5e0069fac460689fc06414f238cc2/gnocchi.f08f6324-915b-4918-9ac5-73947eb38c6f/1763640000.0_mean_300.0_v3" 201 - "PUT http://[::1]:8080/3/234918/AUTH_d8c5e0069fac460689fc06414f238cc2/gnocchi.f08f6324-915b-4918-9ac5-73947eb38c6f/1763640000.0_mean_300.0_v3" "txcaf8adc028d7449cb119b-00692c8f82" "object-server 96901" 0.0005 "-" 96606 0
Nov 30 13:40:02 np0005540243.novalocal object-server[96901]: ::1 - - [30/Nov/2025:18:40:02 +0000] "PUT /3/234918/AUTH_d8c5e0069fac460689fc06414f238cc2/gnocchi.f08f6324-915b-4918-9ac5-73947eb38c6f/1763640000.0_mean_300.0_v3" 201 - "PUT http://[::1]:8080/v1/AUTH_d8c5e0069fac460689fc06414f238cc2/gnocchi.f08f6324-915b-4918-9ac5-73947eb38c6f/1763640000.0_mean_300.0_v3" "txcaf8adc028d7449cb119b-00692c8f82" "proxy-server 92966" 0.0107 "-" 96901 0
Nov 30 13:40:02 np0005540243.novalocal object-server[96901]: ::1 - - [30/Nov/2025:18:40:02 +0000] "PUT /2/234918/AUTH_d8c5e0069fac460689fc06414f238cc2/gnocchi.f08f6324-915b-4918-9ac5-73947eb38c6f/1763640000.0_mean_300.0_v3" 201 - "PUT http://[::1]:8080/v1/AUTH_d8c5e0069fac460689fc06414f238cc2/gnocchi.f08f6324-915b-4918-9ac5-73947eb38c6f/1763640000.0_mean_300.0_v3" "txcaf8adc028d7449cb119b-00692c8f82" "proxy-server 92966" 0.0125 "-" 96901 0
Nov 30 13:40:02 np0005540243.novalocal proxy-server[92966]: ::1 ::1 30/Nov/2025/18/40/02 PUT /v1/AUTH_d8c5e0069fac460689fc06414f238cc2/gnocchi.f08f6324-915b-4918-9ac5-73947eb38c6f/1763640000.0_mean_300.0_v3 HTTP/1.0 201 - python-swiftclient-4.2.0 gAAAAABpLI9eQPaN... 23 - - txcaf8adc028d7449cb119b-00692c8f82 - 0.0183 - - 1764528002.313872576 1764528002.332218409 0
Nov 30 13:40:02 np0005540243.novalocal container-server[96607]: ::1 - - [30/Nov/2025:18:40:02 +0000] "GET /3/202977/AUTH_d8c5e0069fac460689fc06414f238cc2/gnocchi.dd1a5807-80b2-4d56-bf22-ba2e54c32d7b" 200 2 "GET http://[::1]:8080/v1/AUTH_d8c5e0069fac460689fc06414f238cc2/gnocchi.dd1a5807-80b2-4d56-bf22-ba2e54c32d7b?format=json&marker=none_v3&states=listing" "tx13e2a64509c4446b84ac2-00692c8f82" "proxy-server 92965" 0.0018 "-" 96607 0
Nov 30 13:40:02 np0005540243.novalocal proxy-server[92965]: ::1 ::1 30/Nov/2025/18/40/02 GET /v1/AUTH_d8c5e0069fac460689fc06414f238cc2/gnocchi.dd1a5807-80b2-4d56-bf22-ba2e54c32d7b%3Fformat%3Djson%26marker%3Dnone_v3%26states%3Dlisting HTTP/1.0 200 - python-swiftclient-4.2.0 gAAAAABpLI9luiBC... - 2 - tx13e2a64509c4446b84ac2-00692c8f82 - 0.0109 - - 1764528002.327815771 1764528002.338765383 0
Nov 30 13:40:02 np0005540243.novalocal object-server[96899]: ::1 - - [30/Nov/2025:18:40:02 +0000] "GET /2/49582/AUTH_d8c5e0069fac460689fc06414f238cc2/gnocchi.dd1a5807-80b2-4d56-bf22-ba2e54c32d7b/1763640000.0_mean_300.0_v3" 200 23 "GET http://[::1]:8080/v1/AUTH_d8c5e0069fac460689fc06414f238cc2/gnocchi.dd1a5807-80b2-4d56-bf22-ba2e54c32d7b/1763640000.0_mean_300.0_v3" "txf4a44f6470284f32b80fc-00692c8f82" "proxy-server 92965" 0.0012 "-" 96899 0
Nov 30 13:40:02 np0005540243.novalocal container-server[96606]: ::1 - - [30/Nov/2025:18:40:02 +0000] "PUT /1/134055/AUTH_d8c5e0069fac460689fc06414f238cc2/gnocchi.f08f6324-915b-4918-9ac5-73947eb38c6f/none_v3" 201 - "PUT http://[::1]:8080/1/62369/AUTH_d8c5e0069fac460689fc06414f238cc2/gnocchi.f08f6324-915b-4918-9ac5-73947eb38c6f/none_v3" "txf37d75a147cb4e92883aa-00692c8f82" "object-server 96901" 0.0004 "-" 96606 0
Nov 30 13:40:02 np0005540243.novalocal object-server[96901]: ::1 - - [30/Nov/2025:18:40:02 +0000] "PUT /1/62369/AUTH_d8c5e0069fac460689fc06414f238cc2/gnocchi.f08f6324-915b-4918-9ac5-73947eb38c6f/none_v3" 201 - "PUT http://[::1]:8080/v1/AUTH_d8c5e0069fac460689fc06414f238cc2/gnocchi.f08f6324-915b-4918-9ac5-73947eb38c6f/none_v3" "txf37d75a147cb4e92883aa-00692c8f82" "proxy-server 92966" 0.0088 "-" 96901 0
Nov 30 13:40:02 np0005540243.novalocal container-server[96608]: ::1 - - [30/Nov/2025:18:40:02 +0000] "PUT /2/134055/AUTH_d8c5e0069fac460689fc06414f238cc2/gnocchi.f08f6324-915b-4918-9ac5-73947eb38c6f/none_v3" 201 - "PUT http://[::1]:8080/2/62369/AUTH_d8c5e0069fac460689fc06414f238cc2/gnocchi.f08f6324-915b-4918-9ac5-73947eb38c6f/none_v3" "txf37d75a147cb4e92883aa-00692c8f82" "object-server 96901" 0.0007 "-" 96608 0
Nov 30 13:40:02 np0005540243.novalocal proxy-server[92965]: ::1 ::1 30/Nov/2025/18/40/02 GET /v1/AUTH_d8c5e0069fac460689fc06414f238cc2/gnocchi.dd1a5807-80b2-4d56-bf22-ba2e54c32d7b/1763640000.0_mean_300.0_v3 HTTP/1.0 200 - python-swiftclient-4.2.0 gAAAAABpLI9luiBC... - 23 - txf4a44f6470284f32b80fc-00692c8f82 - 0.0089 - - 1764528002.342440605 1764528002.351326942 0
Nov 30 13:40:02 np0005540243.novalocal object-server[96901]: ::1 - - [30/Nov/2025:18:40:02 +0000] "PUT /2/62369/AUTH_d8c5e0069fac460689fc06414f238cc2/gnocchi.f08f6324-915b-4918-9ac5-73947eb38c6f/none_v3" 201 - "PUT http://[::1]:8080/v1/AUTH_d8c5e0069fac460689fc06414f238cc2/gnocchi.f08f6324-915b-4918-9ac5-73947eb38c6f/none_v3" "txf37d75a147cb4e92883aa-00692c8f82" "proxy-server 92966" 0.0112 "-" 96901 0
Nov 30 13:40:02 np0005540243.novalocal container-server[96608]: ::1 - - [30/Nov/2025:18:40:02 +0000] "PUT /3/134055/AUTH_d8c5e0069fac460689fc06414f238cc2/gnocchi.f08f6324-915b-4918-9ac5-73947eb38c6f/none_v3" 201 - "PUT http://[::1]:8080/3/62369/AUTH_d8c5e0069fac460689fc06414f238cc2/gnocchi.f08f6324-915b-4918-9ac5-73947eb38c6f/none_v3" "txf37d75a147cb4e92883aa-00692c8f82" "object-server 96900" 0.0005 "-" 96608 0
Nov 30 13:40:02 np0005540243.novalocal object-server[96900]: ::1 - - [30/Nov/2025:18:40:02 +0000] "PUT /3/62369/AUTH_d8c5e0069fac460689fc06414f238cc2/gnocchi.f08f6324-915b-4918-9ac5-73947eb38c6f/none_v3" 201 - "PUT http://[::1]:8080/v1/AUTH_d8c5e0069fac460689fc06414f238cc2/gnocchi.f08f6324-915b-4918-9ac5-73947eb38c6f/none_v3" "txf37d75a147cb4e92883aa-00692c8f82" "proxy-server 92966" 0.0148 "-" 96900 0
Nov 30 13:40:02 np0005540243.novalocal proxy-server[92966]: ::1 ::1 30/Nov/2025/18/40/02 PUT /v1/AUTH_d8c5e0069fac460689fc06414f238cc2/gnocchi.f08f6324-915b-4918-9ac5-73947eb38c6f/none_v3 HTTP/1.0 201 - python-swiftclient-4.2.0 gAAAAABpLI9eQPaN... 31 - - txf37d75a147cb4e92883aa-00692c8f82 - 0.0202 - - 1764528002.334896803 1764528002.355119944 0
Nov 30 13:40:02 np0005540243.novalocal container-server[96605]: ::1 - - [30/Nov/2025:18:40:02 +0000] "PUT /3/202977/AUTH_d8c5e0069fac460689fc06414f238cc2/gnocchi.dd1a5807-80b2-4d56-bf22-ba2e54c32d7b/1763640000.0_mean_300.0_v3" 201 - "PUT http://[::1]:8080/1/49582/AUTH_d8c5e0069fac460689fc06414f238cc2/gnocchi.dd1a5807-80b2-4d56-bf22-ba2e54c32d7b/1763640000.0_mean_300.0_v3" "txc9bd2ce5405f4ea4b9790-00692c8f82" "object-server 96900" 0.0004 "-" 96605 0
Nov 30 13:40:02 np0005540243.novalocal container-server[96608]: ::1 - - [30/Nov/2025:18:40:02 +0000] "PUT /1/202977/AUTH_d8c5e0069fac460689fc06414f238cc2/gnocchi.dd1a5807-80b2-4d56-bf22-ba2e54c32d7b/1763640000.0_mean_300.0_v3" 201 - "PUT http://[::1]:8080/3/49582/AUTH_d8c5e0069fac460689fc06414f238cc2/gnocchi.dd1a5807-80b2-4d56-bf22-ba2e54c32d7b/1763640000.0_mean_300.0_v3" "txc9bd2ce5405f4ea4b9790-00692c8f82" "object-server 96902" 0.0008 "-" 96608 0
Nov 30 13:40:02 np0005540243.novalocal object-server[96902]: ::1 - - [30/Nov/2025:18:40:02 +0000] "PUT /3/49582/AUTH_d8c5e0069fac460689fc06414f238cc2/gnocchi.dd1a5807-80b2-4d56-bf22-ba2e54c32d7b/1763640000.0_mean_300.0_v3" 201 - "PUT http://[::1]:8080/v1/AUTH_d8c5e0069fac460689fc06414f238cc2/gnocchi.dd1a5807-80b2-4d56-bf22-ba2e54c32d7b/1763640000.0_mean_300.0_v3" "txc9bd2ce5405f4ea4b9790-00692c8f82" "proxy-server 92965" 0.0131 "-" 96902 0
Nov 30 13:40:02 np0005540243.novalocal object-server[96900]: ::1 - - [30/Nov/2025:18:40:02 +0000] "PUT /1/49582/AUTH_d8c5e0069fac460689fc06414f238cc2/gnocchi.dd1a5807-80b2-4d56-bf22-ba2e54c32d7b/1763640000.0_mean_300.0_v3" 201 - "PUT http://[::1]:8080/v1/AUTH_d8c5e0069fac460689fc06414f238cc2/gnocchi.dd1a5807-80b2-4d56-bf22-ba2e54c32d7b/1763640000.0_mean_300.0_v3" "txc9bd2ce5405f4ea4b9790-00692c8f82" "proxy-server 92965" 0.0124 "-" 96900 0
Nov 30 13:40:02 np0005540243.novalocal container-server[96606]: ::1 - - [30/Nov/2025:18:40:02 +0000] "PUT /2/202977/AUTH_d8c5e0069fac460689fc06414f238cc2/gnocchi.dd1a5807-80b2-4d56-bf22-ba2e54c32d7b/1763640000.0_mean_300.0_v3" 201 - "PUT http://[::1]:8080/2/49582/AUTH_d8c5e0069fac460689fc06414f238cc2/gnocchi.dd1a5807-80b2-4d56-bf22-ba2e54c32d7b/1763640000.0_mean_300.0_v3" "txc9bd2ce5405f4ea4b9790-00692c8f82" "object-server 96900" 0.0004 "-" 96606 0
Nov 30 13:40:02 np0005540243.novalocal object-server[96900]: ::1 - - [30/Nov/2025:18:40:02 +0000] "PUT /2/49582/AUTH_d8c5e0069fac460689fc06414f238cc2/gnocchi.dd1a5807-80b2-4d56-bf22-ba2e54c32d7b/1763640000.0_mean_300.0_v3" 201 - "PUT http://[::1]:8080/v1/AUTH_d8c5e0069fac460689fc06414f238cc2/gnocchi.dd1a5807-80b2-4d56-bf22-ba2e54c32d7b/1763640000.0_mean_300.0_v3" "txc9bd2ce5405f4ea4b9790-00692c8f82" "proxy-server 92965" 0.0119 "-" 96900 0
Nov 30 13:40:02 np0005540243.novalocal proxy-server[92965]: ::1 ::1 30/Nov/2025/18/40/02 PUT /v1/AUTH_d8c5e0069fac460689fc06414f238cc2/gnocchi.dd1a5807-80b2-4d56-bf22-ba2e54c32d7b/1763640000.0_mean_300.0_v3 HTTP/1.0 201 - python-swiftclient-4.2.0 gAAAAABpLI9luiBC... 23 - - txc9bd2ce5405f4ea4b9790-00692c8f82 - 0.0263 - - 1764528002.353582382 1764528002.379926443 0
Nov 30 13:40:02 np0005540243.novalocal container-server[96607]: ::1 - - [30/Nov/2025:18:40:02 +0000] "PUT /3/202977/AUTH_d8c5e0069fac460689fc06414f238cc2/gnocchi.dd1a5807-80b2-4d56-bf22-ba2e54c32d7b/none_v3" 201 - "PUT http://[::1]:8080/1/123285/AUTH_d8c5e0069fac460689fc06414f238cc2/gnocchi.dd1a5807-80b2-4d56-bf22-ba2e54c32d7b/none_v3" "tx183a43e0a641404c89c2f-00692c8f82" "object-server 96899" 0.0005 "-" 96607 0
Nov 30 13:40:02 np0005540243.novalocal container-server[96605]: ::1 - - [30/Nov/2025:18:40:02 +0000] "PUT /2/202977/AUTH_d8c5e0069fac460689fc06414f238cc2/gnocchi.dd1a5807-80b2-4d56-bf22-ba2e54c32d7b/none_v3" 201 - "PUT http://[::1]:8080/3/123285/AUTH_d8c5e0069fac460689fc06414f238cc2/gnocchi.dd1a5807-80b2-4d56-bf22-ba2e54c32d7b/none_v3" "tx183a43e0a641404c89c2f-00692c8f82" "object-server 96901" 0.0005 "-" 96605 0
Nov 30 13:40:02 np0005540243.novalocal object-server[96901]: ::1 - - [30/Nov/2025:18:40:02 +0000] "PUT /3/123285/AUTH_d8c5e0069fac460689fc06414f238cc2/gnocchi.dd1a5807-80b2-4d56-bf22-ba2e54c32d7b/none_v3" 201 - "PUT http://[::1]:8080/v1/AUTH_d8c5e0069fac460689fc06414f238cc2/gnocchi.dd1a5807-80b2-4d56-bf22-ba2e54c32d7b/none_v3" "tx183a43e0a641404c89c2f-00692c8f82" "proxy-server 92965" 0.0073 "-" 96901 0
Nov 30 13:40:02 np0005540243.novalocal object-server[96899]: ::1 - - [30/Nov/2025:18:40:02 +0000] "PUT /1/123285/AUTH_d8c5e0069fac460689fc06414f238cc2/gnocchi.dd1a5807-80b2-4d56-bf22-ba2e54c32d7b/none_v3" 201 - "PUT http://[::1]:8080/v1/AUTH_d8c5e0069fac460689fc06414f238cc2/gnocchi.dd1a5807-80b2-4d56-bf22-ba2e54c32d7b/none_v3" "tx183a43e0a641404c89c2f-00692c8f82" "proxy-server 92965" 0.0072 "-" 96899 0
Nov 30 13:40:02 np0005540243.novalocal container-server[96607]: ::1 - - [30/Nov/2025:18:40:02 +0000] "PUT /1/202977/AUTH_d8c5e0069fac460689fc06414f238cc2/gnocchi.dd1a5807-80b2-4d56-bf22-ba2e54c32d7b/none_v3" 201 - "PUT http://[::1]:8080/2/123285/AUTH_d8c5e0069fac460689fc06414f238cc2/gnocchi.dd1a5807-80b2-4d56-bf22-ba2e54c32d7b/none_v3" "tx183a43e0a641404c89c2f-00692c8f82" "object-server 96900" 0.0002 "-" 96607 0
Nov 30 13:40:02 np0005540243.novalocal object-server[96900]: ::1 - - [30/Nov/2025:18:40:02 +0000] "PUT /2/123285/AUTH_d8c5e0069fac460689fc06414f238cc2/gnocchi.dd1a5807-80b2-4d56-bf22-ba2e54c32d7b/none_v3" 201 - "PUT http://[::1]:8080/v1/AUTH_d8c5e0069fac460689fc06414f238cc2/gnocchi.dd1a5807-80b2-4d56-bf22-ba2e54c32d7b/none_v3" "tx183a43e0a641404c89c2f-00692c8f82" "proxy-server 92965" 0.0086 "-" 96900 0
Nov 30 13:40:02 np0005540243.novalocal proxy-server[92965]: ::1 ::1 30/Nov/2025/18/40/02 PUT /v1/AUTH_d8c5e0069fac460689fc06414f238cc2/gnocchi.dd1a5807-80b2-4d56-bf22-ba2e54c32d7b/none_v3 HTTP/1.0 201 - python-swiftclient-4.2.0 gAAAAABpLI9luiBC... 31 - - tx183a43e0a641404c89c2f-00692c8f82 - 0.0143 - - 1764528002.382586002 1764528002.396843195 0
Nov 30 13:40:02 np0005540243.novalocal systemd[1]: dbus-:1.1-org.fedoraproject.SetroubleshootPrivileged@9.service: Deactivated successfully.
Nov 30 13:40:02 np0005540243.novalocal systemd[1]: dbus-:1.1-org.fedoraproject.SetroubleshootPrivileged@9.service: Consumed 1.229s CPU time.
Nov 30 13:40:02 np0005540243.novalocal systemd[1]: Starting system activity accounting tool...
Nov 30 13:40:02 np0005540243.novalocal systemd[1]: sysstat-collect.service: Deactivated successfully.
Nov 30 13:40:02 np0005540243.novalocal systemd[1]: Finished system activity accounting tool.
Nov 30 13:40:02 np0005540243.novalocal systemd[1]: setroubleshootd.service: Deactivated successfully.
Nov 30 13:40:02 np0005540243.novalocal systemd[1]: setroubleshootd.service: Consumed 1.613s CPU time.
Nov 30 13:40:03 np0005540243.novalocal object-server[103460]: Begin object audit "forever" mode (ZBF)
Nov 30 13:40:03 np0005540243.novalocal object-server[103460]: Object audit (ZBF). Since Sun Nov 30 18:40:03 2025: Locally: 1 passed, 0 quarantined, 0 errors, files/sec: 141.08, bytes/sec: 0.00, Total time: 0.01, Auditing time: 0.00, Rate: 0.00
Nov 30 13:40:04 np0005540243.novalocal object-server[103460]: Object audit (ZBF) "forever" mode completed: 1.31s. Total quarantined: 0, Total errors: 0, Total files/sec: 50.47, Total bytes/sec: 0.00, Auditing time: 1.28, Rate: 0.98
Nov 30 13:40:07 np0005540243.novalocal sudo[104267]: cinder : PWD=/ ; USER=root ; COMMAND=/usr/bin/cinder-rootwrap /etc/cinder/rootwrap.conf env LC_ALL=C vgs --noheadings --unit=g -o name,size,free,lv_count,uuid --separator : --nosuffix cinder-volumes
Nov 30 13:40:07 np0005540243.novalocal systemd[1]: Started Session c143 of User root.
Nov 30 13:40:07 np0005540243.novalocal sudo[104267]: pam_unix(sudo:session): session opened for user root(uid=0) by (uid=165)
Nov 30 13:40:07 np0005540243.novalocal sudo[104267]: pam_unix(sudo:session): session closed for user root
Nov 30 13:40:07 np0005540243.novalocal systemd[1]: session-c143.scope: Deactivated successfully.
Nov 30 13:40:07 np0005540243.novalocal sudo[104273]: cinder : PWD=/ ; USER=root ; COMMAND=/usr/bin/cinder-rootwrap /etc/cinder/rootwrap.conf env LC_ALL=C lvs --noheadings --unit=g -o vg_name,name,size --nosuffix --readonly cinder-volumes
Nov 30 13:40:07 np0005540243.novalocal systemd[1]: Started Session c144 of User root.
Nov 30 13:40:07 np0005540243.novalocal sudo[104273]: pam_unix(sudo:session): session opened for user root(uid=0) by (uid=165)
Nov 30 13:40:08 np0005540243.novalocal sudo[104273]: pam_unix(sudo:session): session closed for user root
Nov 30 13:40:08 np0005540243.novalocal systemd[1]: session-c144.scope: Deactivated successfully.
Nov 30 13:40:08 np0005540243.novalocal sudo[104277]: cinder : PWD=/ ; USER=root ; COMMAND=/usr/bin/cinder-rootwrap /etc/cinder/rootwrap.conf env LC_ALL=C lvs --noheadings --unit=g -o size,data_percent --separator : --nosuffix /dev/cinder-volumes/cinder-volumes-pool
Nov 30 13:40:08 np0005540243.novalocal container-server[96671]: Beginning replication run
Nov 30 13:40:08 np0005540243.novalocal systemd[1]: Started Session c145 of User root.
Nov 30 13:40:08 np0005540243.novalocal sudo[104277]: pam_unix(sudo:session): session opened for user root(uid=0) by (uid=165)
Nov 30 13:40:08 np0005540243.novalocal sudo[104277]: pam_unix(sudo:session): session closed for user root
Nov 30 13:40:08 np0005540243.novalocal systemd[1]: session-c145.scope: Deactivated successfully.
Nov 30 13:40:08 np0005540243.novalocal sudo[104281]: cinder : PWD=/ ; USER=root ; COMMAND=/usr/bin/cinder-rootwrap /etc/cinder/rootwrap.conf env LC_ALL=C lvs --noheadings --unit=g -o vg_name,name,size --nosuffix --readonly cinder-volumes
Nov 30 13:40:08 np0005540243.novalocal systemd[1]: Started Session c146 of User root.
Nov 30 13:40:08 np0005540243.novalocal sudo[104281]: pam_unix(sudo:session): session opened for user root(uid=0) by (uid=165)
Nov 30 13:40:08 np0005540243.novalocal sudo[104281]: pam_unix(sudo:session): session closed for user root
Nov 30 13:40:08 np0005540243.novalocal systemd[1]: session-c146.scope: Deactivated successfully.
Nov 30 13:40:09 np0005540243.novalocal container-server[96671]: Replication run OVER
Nov 30 13:40:09 np0005540243.novalocal container-server[96671]: Attempted to replicate 33 dbs in 0.94721 seconds (34.83928/s)
