Nov 30 13:39:47 np0005540243.novalocal object-server[96902]: ::1 - - [30/Nov/2025:18:39:47 +0000] "GET /3/65563/AUTH_d8c5e0069fac460689fc06414f238cc2/gnocchi.4eeab45b-25a8-47d3-b715-c893ebe09e4d/none_v3" 404 70 "GET http://[::1]:8080/v1/AUTH_d8c5e0069fac460689fc06414f238cc2/gnocchi.4eeab45b-25a8-47d3-b715-c893ebe09e4d/none_v3" "txf11b978c0ec945bd9d3f5-00692c8f73" "proxy-server 92965" 0.0003 "-" 96902 0
Nov 30 13:39:47 np0005540243.novalocal object-server[96901]: ::1 - - [30/Nov/2025:18:39:47 +0000] "GET /3/95762/AUTH_d8c5e0069fac460689fc06414f238cc2/gnocchi.37db4433-4d68-4d04-8bda-4a1931ea08c8/none_v3" 404 70 "GET http://[::1]:8080/v1/AUTH_d8c5e0069fac460689fc06414f238cc2/gnocchi.37db4433-4d68-4d04-8bda-4a1931ea08c8/none_v3" "tx8f2e95586c874b7699419-00692c8f73" "proxy-server 92966" 0.0003 "-" 96901 0
Nov 30 13:39:47 np0005540243.novalocal object-server[96902]: ::1 - - [30/Nov/2025:18:39:47 +0000] "GET /1/65563/AUTH_d8c5e0069fac460689fc06414f238cc2/gnocchi.4eeab45b-25a8-47d3-b715-c893ebe09e4d/none_v3" 404 70 "GET http://[::1]:8080/v1/AUTH_d8c5e0069fac460689fc06414f238cc2/gnocchi.4eeab45b-25a8-47d3-b715-c893ebe09e4d/none_v3" "txf11b978c0ec945bd9d3f5-00692c8f73" "proxy-server 92965" 0.0003 "-" 96902 0
Nov 30 13:39:47 np0005540243.novalocal object-server[96900]: ::1 - - [30/Nov/2025:18:39:47 +0000] "GET /1/95762/AUTH_d8c5e0069fac460689fc06414f238cc2/gnocchi.37db4433-4d68-4d04-8bda-4a1931ea08c8/none_v3" 404 70 "GET http://[::1]:8080/v1/AUTH_d8c5e0069fac460689fc06414f238cc2/gnocchi.37db4433-4d68-4d04-8bda-4a1931ea08c8/none_v3" "tx8f2e95586c874b7699419-00692c8f73" "proxy-server 92966" 0.0003 "-" 96900 0
Nov 30 13:39:47 np0005540243.novalocal proxy-server[92965]: ::1 ::1 30/Nov/2025/18/39/47 GET /v1/AUTH_d8c5e0069fac460689fc06414f238cc2/gnocchi.4eeab45b-25a8-47d3-b715-c893ebe09e4d/none_v3 HTTP/1.0 404 - python-swiftclient-4.2.0 gAAAAABpLI9luiBC... - 70 - txf11b978c0ec945bd9d3f5-00692c8f73 - 0.0267 - - 1764527987.119359493 1764527987.146077156 0
Nov 30 13:39:47 np0005540243.novalocal object-server[96899]: ::1 - - [30/Nov/2025:18:39:47 +0000] "GET /2/95762/AUTH_d8c5e0069fac460689fc06414f238cc2/gnocchi.37db4433-4d68-4d04-8bda-4a1931ea08c8/none_v3" 404 70 "GET http://[::1]:8080/v1/AUTH_d8c5e0069fac460689fc06414f238cc2/gnocchi.37db4433-4d68-4d04-8bda-4a1931ea08c8/none_v3" "tx8f2e95586c874b7699419-00692c8f73" "proxy-server 92966" 0.0003 "-" 96899 0
Nov 30 13:39:47 np0005540243.novalocal proxy-server[92966]: ::1 ::1 30/Nov/2025/18/39/47 GET /v1/AUTH_d8c5e0069fac460689fc06414f238cc2/gnocchi.37db4433-4d68-4d04-8bda-4a1931ea08c8/none_v3 HTTP/1.0 404 - python-swiftclient-4.2.0 gAAAAABpLI9eQPaN... - 70 - tx8f2e95586c874b7699419-00692c8f73 - 0.0293 - - 1764527987.122629881 1764527987.151914835 0
Nov 30 13:39:47 np0005540243.novalocal account-server[96311]: ::1 - - [30/Nov/2025:18:39:47 +0000] "PUT /1/36782/AUTH_d8c5e0069fac460689fc06414f238cc2/gnocchi.4eeab45b-25a8-47d3-b715-c893ebe09e4d" 201 - "PUT http://[::1]:6001/2/58645/AUTH_d8c5e0069fac460689fc06414f238cc2/gnocchi.4eeab45b-25a8-47d3-b715-c893ebe09e4d" "txa3cb30ba738d4966a208b-00692c8f73" "container-server 96608" 0.0053 "-" 96311 0
Nov 30 13:39:47 np0005540243.novalocal account-server[96312]: ::1 - - [30/Nov/2025:18:39:47 +0000] "PUT /3/36782/AUTH_d8c5e0069fac460689fc06414f238cc2/gnocchi.4eeab45b-25a8-47d3-b715-c893ebe09e4d" 201 - "PUT http://[::1]:6001/1/58645/AUTH_d8c5e0069fac460689fc06414f238cc2/gnocchi.4eeab45b-25a8-47d3-b715-c893ebe09e4d" "txa3cb30ba738d4966a208b-00692c8f73" "container-server 96607" 0.0049 "-" 96312 0
Nov 30 13:39:47 np0005540243.novalocal container-server[96607]: ::1 - - [30/Nov/2025:18:39:47 +0000] "PUT /1/58645/AUTH_d8c5e0069fac460689fc06414f238cc2/gnocchi.4eeab45b-25a8-47d3-b715-c893ebe09e4d" 201 - "PUT http://[::1]:8080/v1/AUTH_d8c5e0069fac460689fc06414f238cc2/gnocchi.4eeab45b-25a8-47d3-b715-c893ebe09e4d" "txa3cb30ba738d4966a208b-00692c8f73" "proxy-server 92965" 0.0242 "-" 96607 0
Nov 30 13:39:47 np0005540243.novalocal account-server[96310]: ::1 - - [30/Nov/2025:18:39:47 +0000] "PUT /2/36782/AUTH_d8c5e0069fac460689fc06414f238cc2/gnocchi.4eeab45b-25a8-47d3-b715-c893ebe09e4d" 201 - "PUT http://[::1]:6001/3/58645/AUTH_d8c5e0069fac460689fc06414f238cc2/gnocchi.4eeab45b-25a8-47d3-b715-c893ebe09e4d" "txa3cb30ba738d4966a208b-00692c8f73" "container-server 96605" 0.0081 "-" 96310 0
Nov 30 13:39:47 np0005540243.novalocal account-server[96311]: ::1 - - [30/Nov/2025:18:39:47 +0000] "PUT /1/36782/AUTH_d8c5e0069fac460689fc06414f238cc2/gnocchi.37db4433-4d68-4d04-8bda-4a1931ea08c8" 201 - "PUT http://[::1]:6001/2/177751/AUTH_d8c5e0069fac460689fc06414f238cc2/gnocchi.37db4433-4d68-4d04-8bda-4a1931ea08c8" "tx78bc6cc8e45b4f09bb53a-00692c8f73" "container-server 96607" 0.0056 "-" 96311 0
Nov 30 13:39:47 np0005540243.novalocal container-server[96607]: ::1 - - [30/Nov/2025:18:39:47 +0000] "PUT /2/177751/AUTH_d8c5e0069fac460689fc06414f238cc2/gnocchi.37db4433-4d68-4d04-8bda-4a1931ea08c8" 201 - "PUT http://[::1]:8080/v1/AUTH_d8c5e0069fac460689fc06414f238cc2/gnocchi.37db4433-4d68-4d04-8bda-4a1931ea08c8" "tx78bc6cc8e45b4f09bb53a-00692c8f73" "proxy-server 92966" 0.0162 "-" 96607 0
Nov 30 13:39:47 np0005540243.novalocal container-server[96608]: ::1 - - [30/Nov/2025:18:39:47 +0000] "PUT /2/58645/AUTH_d8c5e0069fac460689fc06414f238cc2/gnocchi.4eeab45b-25a8-47d3-b715-c893ebe09e4d" 201 - "PUT http://[::1]:8080/v1/AUTH_d8c5e0069fac460689fc06414f238cc2/gnocchi.4eeab45b-25a8-47d3-b715-c893ebe09e4d" "txa3cb30ba738d4966a208b-00692c8f73" "proxy-server 92965" 0.0305 "-" 96608 0
Nov 30 13:39:47 np0005540243.novalocal container-server[96605]: ::1 - - [30/Nov/2025:18:39:47 +0000] "PUT /3/58645/AUTH_d8c5e0069fac460689fc06414f238cc2/gnocchi.4eeab45b-25a8-47d3-b715-c893ebe09e4d" 201 - "PUT http://[::1]:8080/v1/AUTH_d8c5e0069fac460689fc06414f238cc2/gnocchi.4eeab45b-25a8-47d3-b715-c893ebe09e4d" "txa3cb30ba738d4966a208b-00692c8f73" "proxy-server 92965" 0.0361 "-" 96605 0
Nov 30 13:39:47 np0005540243.novalocal proxy-server[92965]: ::1 ::1 30/Nov/2025/18/39/47 PUT /v1/AUTH_d8c5e0069fac460689fc06414f238cc2/gnocchi.4eeab45b-25a8-47d3-b715-c893ebe09e4d HTTP/1.0 201 - python-swiftclient-4.2.0 gAAAAABpLI9luiBC... - - - txa3cb30ba738d4966a208b-00692c8f73 - 0.0428 - - 1764527987.149889708 1764527987.192664146 0
Nov 30 13:39:47 np0005540243.novalocal account-server[96312]: ::1 - - [30/Nov/2025:18:39:47 +0000] "PUT /2/36782/AUTH_d8c5e0069fac460689fc06414f238cc2/gnocchi.37db4433-4d68-4d04-8bda-4a1931ea08c8" 201 - "PUT http://[::1]:6001/3/177751/AUTH_d8c5e0069fac460689fc06414f238cc2/gnocchi.37db4433-4d68-4d04-8bda-4a1931ea08c8" "tx78bc6cc8e45b4f09bb53a-00692c8f73" "container-server 96605" 0.0053 "-" 96312 0
Nov 30 13:39:47 np0005540243.novalocal account-server[96309]: ::1 - - [30/Nov/2025:18:39:47 +0000] "PUT /3/36782/AUTH_d8c5e0069fac460689fc06414f238cc2/gnocchi.37db4433-4d68-4d04-8bda-4a1931ea08c8" 201 - "PUT http://[::1]:6001/1/177751/AUTH_d8c5e0069fac460689fc06414f238cc2/gnocchi.37db4433-4d68-4d04-8bda-4a1931ea08c8" "tx78bc6cc8e45b4f09bb53a-00692c8f73" "container-server 96608" 0.0064 "-" 96309 0
Nov 30 13:39:47 np0005540243.novalocal container-server[96605]: ::1 - - [30/Nov/2025:18:39:47 +0000] "PUT /3/177751/AUTH_d8c5e0069fac460689fc06414f238cc2/gnocchi.37db4433-4d68-4d04-8bda-4a1931ea08c8" 201 - "PUT http://[::1]:8080/v1/AUTH_d8c5e0069fac460689fc06414f238cc2/gnocchi.37db4433-4d68-4d04-8bda-4a1931ea08c8" "tx78bc6cc8e45b4f09bb53a-00692c8f73" "proxy-server 92966" 0.0229 "-" 96605 0
Nov 30 13:39:47 np0005540243.novalocal container-server[96608]: ::1 - - [30/Nov/2025:18:39:47 +0000] "PUT /1/177751/AUTH_d8c5e0069fac460689fc06414f238cc2/gnocchi.37db4433-4d68-4d04-8bda-4a1931ea08c8" 201 - "PUT http://[::1]:8080/v1/AUTH_d8c5e0069fac460689fc06414f238cc2/gnocchi.37db4433-4d68-4d04-8bda-4a1931ea08c8" "tx78bc6cc8e45b4f09bb53a-00692c8f73" "proxy-server 92966" 0.0304 "-" 96608 0
Nov 30 13:39:47 np0005540243.novalocal proxy-server[92966]: ::1 ::1 30/Nov/2025/18/39/47 PUT /v1/AUTH_d8c5e0069fac460689fc06414f238cc2/gnocchi.37db4433-4d68-4d04-8bda-4a1931ea08c8 HTTP/1.0 201 - python-swiftclient-4.2.0 gAAAAABpLI9eQPaN... - - - tx78bc6cc8e45b4f09bb53a-00692c8f73 - 0.0473 - - 1764527987.154195786 1764527987.201473475 0
Nov 30 13:39:47 np0005540243.novalocal container-server[96607]: ::1 - - [30/Nov/2025:18:39:47 +0000] "HEAD /3/58645/AUTH_d8c5e0069fac460689fc06414f238cc2/gnocchi.4eeab45b-25a8-47d3-b715-c893ebe09e4d" 204 - "HEAD http://[::1]:8080/v1/AUTH_d8c5e0069fac460689fc06414f238cc2/gnocchi.4eeab45b-25a8-47d3-b715-c893ebe09e4d?format=json&states=listing" "txbab03042513042fdbd82c-00692c8f73" "proxy-server 92965" 0.0011 "-" 96607 0
Nov 30 13:39:47 np0005540243.novalocal container-server[96606]: ::1 - - [30/Nov/2025:18:39:47 +0000] "HEAD /1/177751/AUTH_d8c5e0069fac460689fc06414f238cc2/gnocchi.37db4433-4d68-4d04-8bda-4a1931ea08c8" 204 - "HEAD http://[::1]:8080/v1/AUTH_d8c5e0069fac460689fc06414f238cc2/gnocchi.37db4433-4d68-4d04-8bda-4a1931ea08c8?format=json&states=listing" "txe570befa4f9c46b2bf841-00692c8f73" "proxy-server 92966" 0.0011 "-" 96606 0
Nov 30 13:39:47 np0005540243.novalocal container-server[96605]: ::1 - - [30/Nov/2025:18:39:47 +0000] "GET /3/58645/AUTH_d8c5e0069fac460689fc06414f238cc2/gnocchi.4eeab45b-25a8-47d3-b715-c893ebe09e4d" 200 2 "GET http://[::1]:8080/v1/AUTH_d8c5e0069fac460689fc06414f238cc2/gnocchi.4eeab45b-25a8-47d3-b715-c893ebe09e4d?format=json&states=listing" "txbab03042513042fdbd82c-00692c8f73" "proxy-server 92965" 0.0017 "-" 96605 0
Nov 30 13:39:47 np0005540243.novalocal proxy-server[92965]: ::1 ::1 30/Nov/2025/18/39/47 GET /v1/AUTH_d8c5e0069fac460689fc06414f238cc2/gnocchi.4eeab45b-25a8-47d3-b715-c893ebe09e4d%3Fformat%3Djson%26states%3Dlisting HTTP/1.0 200 - python-swiftclient-4.2.0 gAAAAABpLI9luiBC... - 2 - txbab03042513042fdbd82c-00692c8f73 - 0.0205 - - 1764527987.195698500 1764527987.216185331 0
Nov 30 13:39:47 np0005540243.novalocal container-server[96605]: ::1 - - [30/Nov/2025:18:39:47 +0000] "GET /1/177751/AUTH_d8c5e0069fac460689fc06414f238cc2/gnocchi.37db4433-4d68-4d04-8bda-4a1931ea08c8" 200 2 "GET http://[::1]:8080/v1/AUTH_d8c5e0069fac460689fc06414f238cc2/gnocchi.37db4433-4d68-4d04-8bda-4a1931ea08c8?format=json&states=listing" "txe570befa4f9c46b2bf841-00692c8f73" "proxy-server 92966" 0.0026 "-" 96605 0
Nov 30 13:39:47 np0005540243.novalocal proxy-server[92966]: ::1 ::1 30/Nov/2025/18/39/47 GET /v1/AUTH_d8c5e0069fac460689fc06414f238cc2/gnocchi.37db4433-4d68-4d04-8bda-4a1931ea08c8%3Fformat%3Djson%26states%3Dlisting HTTP/1.0 200 - python-swiftclient-4.2.0 gAAAAABpLI9eQPaN... - 2 - txe570befa4f9c46b2bf841-00692c8f73 - 0.0147 - - 1764527987.205649376 1764527987.220314980 0
Nov 30 13:39:47 np0005540243.novalocal object-server[96902]: ::1 - - [30/Nov/2025:18:39:47 +0000] "GET /1/239627/AUTH_d8c5e0069fac460689fc06414f238cc2/gnocchi.4eeab45b-25a8-47d3-b715-c893ebe09e4d/1763640000.0_mean_300.0_v3" 404 70 "GET http://[::1]:8080/v1/AUTH_d8c5e0069fac460689fc06414f238cc2/gnocchi.4eeab45b-25a8-47d3-b715-c893ebe09e4d/1763640000.0_mean_300.0_v3" "tx49b20196ae7544a988625-00692c8f73" "proxy-server 92965" 0.0003 "-" 96902 0
Nov 30 13:39:47 np0005540243.novalocal object-server[96900]: ::1 - - [30/Nov/2025:18:39:47 +0000] "GET /3/239627/AUTH_d8c5e0069fac460689fc06414f238cc2/gnocchi.4eeab45b-25a8-47d3-b715-c893ebe09e4d/1763640000.0_mean_300.0_v3" 404 70 "GET http://[::1]:8080/v1/AUTH_d8c5e0069fac460689fc06414f238cc2/gnocchi.4eeab45b-25a8-47d3-b715-c893ebe09e4d/1763640000.0_mean_300.0_v3" "tx49b20196ae7544a988625-00692c8f73" "proxy-server 92965" 0.0003 "-" 96900 0
Nov 30 13:39:47 np0005540243.novalocal object-server[96899]: ::1 - - [30/Nov/2025:18:39:47 +0000] "GET /2/219463/AUTH_d8c5e0069fac460689fc06414f238cc2/gnocchi.37db4433-4d68-4d04-8bda-4a1931ea08c8/1763640000.0_mean_300.0_v3" 404 70 "GET http://[::1]:8080/v1/AUTH_d8c5e0069fac460689fc06414f238cc2/gnocchi.37db4433-4d68-4d04-8bda-4a1931ea08c8/1763640000.0_mean_300.0_v3" "txdf02dbedff2844269d164-00692c8f73" "proxy-server 92966" 0.0002 "-" 96899 0
Nov 30 13:39:47 np0005540243.novalocal object-server[96900]: ::1 - - [30/Nov/2025:18:39:47 +0000] "GET /2/239627/AUTH_d8c5e0069fac460689fc06414f238cc2/gnocchi.4eeab45b-25a8-47d3-b715-c893ebe09e4d/1763640000.0_mean_300.0_v3" 404 70 "GET http://[::1]:8080/v1/AUTH_d8c5e0069fac460689fc06414f238cc2/gnocchi.4eeab45b-25a8-47d3-b715-c893ebe09e4d/1763640000.0_mean_300.0_v3" "tx49b20196ae7544a988625-00692c8f73" "proxy-server 92965" 0.0004 "-" 96900 0
Nov 30 13:39:47 np0005540243.novalocal object-server[96901]: ::1 - - [30/Nov/2025:18:39:47 +0000] "GET /1/219463/AUTH_d8c5e0069fac460689fc06414f238cc2/gnocchi.37db4433-4d68-4d04-8bda-4a1931ea08c8/1763640000.0_mean_300.0_v3" 404 70 "GET http://[::1]:8080/v1/AUTH_d8c5e0069fac460689fc06414f238cc2/gnocchi.37db4433-4d68-4d04-8bda-4a1931ea08c8/1763640000.0_mean_300.0_v3" "txdf02dbedff2844269d164-00692c8f73" "proxy-server 92966" 0.0003 "-" 96901 0
Nov 30 13:39:47 np0005540243.novalocal proxy-server[92965]: ::1 ::1 30/Nov/2025/18/39/47 GET /v1/AUTH_d8c5e0069fac460689fc06414f238cc2/gnocchi.4eeab45b-25a8-47d3-b715-c893ebe09e4d/1763640000.0_mean_300.0_v3 HTTP/1.0 404 - python-swiftclient-4.2.0 gAAAAABpLI9luiBC... - 70 - tx49b20196ae7544a988625-00692c8f73 - 0.0146 - - 1764527987.219757080 1764527987.234363079 0
Nov 30 13:39:47 np0005540243.novalocal object-server[96902]: ::1 - - [30/Nov/2025:18:39:47 +0000] "GET /3/219463/AUTH_d8c5e0069fac460689fc06414f238cc2/gnocchi.37db4433-4d68-4d04-8bda-4a1931ea08c8/1763640000.0_mean_300.0_v3" 404 70 "GET http://[::1]:8080/v1/AUTH_d8c5e0069fac460689fc06414f238cc2/gnocchi.37db4433-4d68-4d04-8bda-4a1931ea08c8/1763640000.0_mean_300.0_v3" "txdf02dbedff2844269d164-00692c8f73" "proxy-server 92966" 0.0004 "-" 96902 0
Nov 30 13:39:47 np0005540243.novalocal proxy-server[92966]: ::1 ::1 30/Nov/2025/18/39/47 GET /v1/AUTH_d8c5e0069fac460689fc06414f238cc2/gnocchi.37db4433-4d68-4d04-8bda-4a1931ea08c8/1763640000.0_mean_300.0_v3 HTTP/1.0 404 - python-swiftclient-4.2.0 gAAAAABpLI9eQPaN... - 70 - txdf02dbedff2844269d164-00692c8f73 - 0.0141 - - 1764527987.226231813 1764527987.240374565 0
Nov 30 13:39:47 np0005540243.novalocal container-server[96607]: ::1 - - [30/Nov/2025:18:39:47 +0000] "PUT /1/58645/AUTH_d8c5e0069fac460689fc06414f238cc2/gnocchi.4eeab45b-25a8-47d3-b715-c893ebe09e4d/1763640000.0_mean_300.0_v3" 201 - "PUT http://[::1]:8080/3/239627/AUTH_d8c5e0069fac460689fc06414f238cc2/gnocchi.4eeab45b-25a8-47d3-b715-c893ebe09e4d/1763640000.0_mean_300.0_v3" "tx73f500f71d574db7ba802-00692c8f73" "object-server 96901" 0.0005 "-" 96607 0
Nov 30 13:39:47 np0005540243.novalocal container-server[96605]: ::1 - - [30/Nov/2025:18:39:47 +0000] "PUT /3/58645/AUTH_d8c5e0069fac460689fc06414f238cc2/gnocchi.4eeab45b-25a8-47d3-b715-c893ebe09e4d/1763640000.0_mean_300.0_v3" 201 - "PUT http://[::1]:8080/1/239627/AUTH_d8c5e0069fac460689fc06414f238cc2/gnocchi.4eeab45b-25a8-47d3-b715-c893ebe09e4d/1763640000.0_mean_300.0_v3" "tx73f500f71d574db7ba802-00692c8f73" "object-server 96900" 0.0005 "-" 96605 0
Nov 30 13:39:47 np0005540243.novalocal object-server[96901]: ::1 - - [30/Nov/2025:18:39:47 +0000] "PUT /3/239627/AUTH_d8c5e0069fac460689fc06414f238cc2/gnocchi.4eeab45b-25a8-47d3-b715-c893ebe09e4d/1763640000.0_mean_300.0_v3" 201 - "PUT http://[::1]:8080/v1/AUTH_d8c5e0069fac460689fc06414f238cc2/gnocchi.4eeab45b-25a8-47d3-b715-c893ebe09e4d/1763640000.0_mean_300.0_v3" "tx73f500f71d574db7ba802-00692c8f73" "proxy-server 92965" 0.0121 "-" 96901 0
Nov 30 13:39:47 np0005540243.novalocal object-server[96900]: ::1 - - [30/Nov/2025:18:39:47 +0000] "PUT /1/239627/AUTH_d8c5e0069fac460689fc06414f238cc2/gnocchi.4eeab45b-25a8-47d3-b715-c893ebe09e4d/1763640000.0_mean_300.0_v3" 201 - "PUT http://[::1]:8080/v1/AUTH_d8c5e0069fac460689fc06414f238cc2/gnocchi.4eeab45b-25a8-47d3-b715-c893ebe09e4d/1763640000.0_mean_300.0_v3" "tx73f500f71d574db7ba802-00692c8f73" "proxy-server 92965" 0.0123 "-" 96900 0
Nov 30 13:39:47 np0005540243.novalocal container-server[96607]: ::1 - - [30/Nov/2025:18:39:47 +0000] "PUT /2/58645/AUTH_d8c5e0069fac460689fc06414f238cc2/gnocchi.4eeab45b-25a8-47d3-b715-c893ebe09e4d/1763640000.0_mean_300.0_v3" 201 - "PUT http://[::1]:8080/2/239627/AUTH_d8c5e0069fac460689fc06414f238cc2/gnocchi.4eeab45b-25a8-47d3-b715-c893ebe09e4d/1763640000.0_mean_300.0_v3" "tx73f500f71d574db7ba802-00692c8f73" "object-server 96902" 0.0003 "-" 96607 0
Nov 30 13:39:47 np0005540243.novalocal object-server[96902]: ::1 - - [30/Nov/2025:18:39:47 +0000] "PUT /2/239627/AUTH_d8c5e0069fac460689fc06414f238cc2/gnocchi.4eeab45b-25a8-47d3-b715-c893ebe09e4d/1763640000.0_mean_300.0_v3" 201 - "PUT http://[::1]:8080/v1/AUTH_d8c5e0069fac460689fc06414f238cc2/gnocchi.4eeab45b-25a8-47d3-b715-c893ebe09e4d/1763640000.0_mean_300.0_v3" "tx73f500f71d574db7ba802-00692c8f73" "proxy-server 92965" 0.0153 "-" 96902 0
Nov 30 13:39:47 np0005540243.novalocal proxy-server[92965]: ::1 ::1 30/Nov/2025/18/39/47 PUT /v1/AUTH_d8c5e0069fac460689fc06414f238cc2/gnocchi.4eeab45b-25a8-47d3-b715-c893ebe09e4d/1763640000.0_mean_300.0_v3 HTTP/1.0 201 - python-swiftclient-4.2.0 gAAAAABpLI9luiBC... 16 - - tx73f500f71d574db7ba802-00692c8f73 - 0.0228 - - 1764527987.237325668 1764527987.260082245 0
Nov 30 13:39:47 np0005540243.novalocal kernel: sd 2:0:0:0: [sda] Synchronizing SCSI cache
Nov 30 13:39:47 np0005540243.novalocal container-server[96607]: ::1 - - [30/Nov/2025:18:39:47 +0000] "PUT /2/177751/AUTH_d8c5e0069fac460689fc06414f238cc2/gnocchi.37db4433-4d68-4d04-8bda-4a1931ea08c8/1763640000.0_mean_300.0_v3" 201 - "PUT http://[::1]:8080/1/219463/AUTH_d8c5e0069fac460689fc06414f238cc2/gnocchi.37db4433-4d68-4d04-8bda-4a1931ea08c8/1763640000.0_mean_300.0_v3" "txd05423e3085944dbbceff-00692c8f73" "object-server 96900" 0.0003 "-" 96607 0
Nov 30 13:39:47 np0005540243.novalocal container-server[96607]: ::1 - - [30/Nov/2025:18:39:47 +0000] "PUT /1/177751/AUTH_d8c5e0069fac460689fc06414f238cc2/gnocchi.37db4433-4d68-4d04-8bda-4a1931ea08c8/1763640000.0_mean_300.0_v3" 201 - "PUT http://[::1]:8080/3/219463/AUTH_d8c5e0069fac460689fc06414f238cc2/gnocchi.37db4433-4d68-4d04-8bda-4a1931ea08c8/1763640000.0_mean_300.0_v3" "txd05423e3085944dbbceff-00692c8f73" "object-server 96901" 0.0003 "-" 96607 0
Nov 30 13:39:47 np0005540243.novalocal container-server[96606]: ::1 - - [30/Nov/2025:18:39:47 +0000] "PUT /3/177751/AUTH_d8c5e0069fac460689fc06414f238cc2/gnocchi.37db4433-4d68-4d04-8bda-4a1931ea08c8/1763640000.0_mean_300.0_v3" 201 - "PUT http://[::1]:8080/2/219463/AUTH_d8c5e0069fac460689fc06414f238cc2/gnocchi.37db4433-4d68-4d04-8bda-4a1931ea08c8/1763640000.0_mean_300.0_v3" "txd05423e3085944dbbceff-00692c8f73" "object-server 96902" 0.0006 "-" 96606 0
Nov 30 13:39:47 np0005540243.novalocal object-server[96901]: ::1 - - [30/Nov/2025:18:39:47 +0000] "PUT /3/219463/AUTH_d8c5e0069fac460689fc06414f238cc2/gnocchi.37db4433-4d68-4d04-8bda-4a1931ea08c8/1763640000.0_mean_300.0_v3" 201 - "PUT http://[::1]:8080/v1/AUTH_d8c5e0069fac460689fc06414f238cc2/gnocchi.37db4433-4d68-4d04-8bda-4a1931ea08c8/1763640000.0_mean_300.0_v3" "txd05423e3085944dbbceff-00692c8f73" "proxy-server 92966" 0.0116 "-" 96901 0
Nov 30 13:39:47 np0005540243.novalocal object-server[96902]: ::1 - - [30/Nov/2025:18:39:47 +0000] "PUT /2/219463/AUTH_d8c5e0069fac460689fc06414f238cc2/gnocchi.37db4433-4d68-4d04-8bda-4a1931ea08c8/1763640000.0_mean_300.0_v3" 201 - "PUT http://[::1]:8080/v1/AUTH_d8c5e0069fac460689fc06414f238cc2/gnocchi.37db4433-4d68-4d04-8bda-4a1931ea08c8/1763640000.0_mean_300.0_v3" "txd05423e3085944dbbceff-00692c8f73" "proxy-server 92966" 0.0108 "-" 96902 0
Nov 30 13:39:47 np0005540243.novalocal object-server[96900]: ::1 - - [30/Nov/2025:18:39:47 +0000] "PUT /1/219463/AUTH_d8c5e0069fac460689fc06414f238cc2/gnocchi.37db4433-4d68-4d04-8bda-4a1931ea08c8/1763640000.0_mean_300.0_v3" 201 - "PUT http://[::1]:8080/v1/AUTH_d8c5e0069fac460689fc06414f238cc2/gnocchi.37db4433-4d68-4d04-8bda-4a1931ea08c8/1763640000.0_mean_300.0_v3" "txd05423e3085944dbbceff-00692c8f73" "proxy-server 92966" 0.0162 "-" 96900 0
Nov 30 13:39:47 np0005540243.novalocal kernel: scsi 2:0:0:0: alua: Detached
Nov 30 13:39:47 np0005540243.novalocal proxy-server[92966]: ::1 ::1 30/Nov/2025/18/39/47 PUT /v1/AUTH_d8c5e0069fac460689fc06414f238cc2/gnocchi.37db4433-4d68-4d04-8bda-4a1931ea08c8/1763640000.0_mean_300.0_v3 HTTP/1.0 201 - python-swiftclient-4.2.0 gAAAAABpLI9eQPaN... 16 - - txd05423e3085944dbbceff-00692c8f73 - 0.0265 - - 1764527987.244372368 1764527987.270891428 0
Nov 30 13:39:47 np0005540243.novalocal systemd-udevd[103944]: sda1: Failed to process device, ignoring: No such file or directory
Nov 30 13:39:47 np0005540243.novalocal systemd-udevd[104004]: sda15: Failed to process device, ignoring: No such file or directory
Nov 30 13:39:47 np0005540243.novalocal container-server[96608]: ::1 - - [30/Nov/2025:18:39:47 +0000] "PUT /3/58645/AUTH_d8c5e0069fac460689fc06414f238cc2/gnocchi.4eeab45b-25a8-47d3-b715-c893ebe09e4d/none_v3" 201 - "PUT http://[::1]:8080/3/65563/AUTH_d8c5e0069fac460689fc06414f238cc2/gnocchi.4eeab45b-25a8-47d3-b715-c893ebe09e4d/none_v3" "tx8e874801ccd14d0590c16-00692c8f73" "object-server 96900" 0.0005 "-" 96608 0
Nov 30 13:39:47 np0005540243.novalocal container-server[96605]: ::1 - - [30/Nov/2025:18:39:47 +0000] "PUT /1/58645/AUTH_d8c5e0069fac460689fc06414f238cc2/gnocchi.4eeab45b-25a8-47d3-b715-c893ebe09e4d/none_v3" 201 - "PUT http://[::1]:8080/1/65563/AUTH_d8c5e0069fac460689fc06414f238cc2/gnocchi.4eeab45b-25a8-47d3-b715-c893ebe09e4d/none_v3" "tx8e874801ccd14d0590c16-00692c8f73" "object-server 96900" 0.0005 "-" 96605 0
Nov 30 13:39:47 np0005540243.novalocal object-server[96900]: ::1 - - [30/Nov/2025:18:39:47 +0000] "PUT /3/65563/AUTH_d8c5e0069fac460689fc06414f238cc2/gnocchi.4eeab45b-25a8-47d3-b715-c893ebe09e4d/none_v3" 201 - "PUT http://[::1]:8080/v1/AUTH_d8c5e0069fac460689fc06414f238cc2/gnocchi.4eeab45b-25a8-47d3-b715-c893ebe09e4d/none_v3" "tx8e874801ccd14d0590c16-00692c8f73" "proxy-server 92965" 0.0115 "-" 96900 0
Nov 30 13:39:47 np0005540243.novalocal container-server[96607]: ::1 - - [30/Nov/2025:18:39:47 +0000] "PUT /3/177751/AUTH_d8c5e0069fac460689fc06414f238cc2/gnocchi.37db4433-4d68-4d04-8bda-4a1931ea08c8/none_v3" 201 - "PUT http://[::1]:8080/2/95762/AUTH_d8c5e0069fac460689fc06414f238cc2/gnocchi.37db4433-4d68-4d04-8bda-4a1931ea08c8/none_v3" "txdc0bd14fe46c4e58ba6d1-00692c8f73" "object-server 96902" 0.0004 "-" 96607 0
Nov 30 13:39:47 np0005540243.novalocal container-server[96608]: ::1 - - [30/Nov/2025:18:39:47 +0000] "PUT /2/58645/AUTH_d8c5e0069fac460689fc06414f238cc2/gnocchi.4eeab45b-25a8-47d3-b715-c893ebe09e4d/none_v3" 201 - "PUT http://[::1]:8080/2/65563/AUTH_d8c5e0069fac460689fc06414f238cc2/gnocchi.4eeab45b-25a8-47d3-b715-c893ebe09e4d/none_v3" "tx8e874801ccd14d0590c16-00692c8f73" "object-server 96900" 0.0003 "-" 96608 0
Nov 30 13:39:47 np0005540243.novalocal object-server[96900]: ::1 - - [30/Nov/2025:18:39:47 +0000] "PUT /1/65563/AUTH_d8c5e0069fac460689fc06414f238cc2/gnocchi.4eeab45b-25a8-47d3-b715-c893ebe09e4d/none_v3" 201 - "PUT http://[::1]:8080/v1/AUTH_d8c5e0069fac460689fc06414f238cc2/gnocchi.4eeab45b-25a8-47d3-b715-c893ebe09e4d/none_v3" "tx8e874801ccd14d0590c16-00692c8f73" "proxy-server 92965" 0.0149 "-" 96900 0
Nov 30 13:39:47 np0005540243.novalocal container-server[96607]: ::1 - - [30/Nov/2025:18:39:47 +0000] "PUT /1/177751/AUTH_d8c5e0069fac460689fc06414f238cc2/gnocchi.37db4433-4d68-4d04-8bda-4a1931ea08c8/none_v3" 201 - "PUT http://[::1]:8080/1/95762/AUTH_d8c5e0069fac460689fc06414f238cc2/gnocchi.37db4433-4d68-4d04-8bda-4a1931ea08c8/none_v3" "txdc0bd14fe46c4e58ba6d1-00692c8f73" "object-server 96899" 0.0003 "-" 96607 0
Nov 30 13:39:47 np0005540243.novalocal object-server[96900]: ::1 - - [30/Nov/2025:18:39:47 +0000] "PUT /2/65563/AUTH_d8c5e0069fac460689fc06414f238cc2/gnocchi.4eeab45b-25a8-47d3-b715-c893ebe09e4d/none_v3" 201 - "PUT http://[::1]:8080/v1/AUTH_d8c5e0069fac460689fc06414f238cc2/gnocchi.4eeab45b-25a8-47d3-b715-c893ebe09e4d/none_v3" "tx8e874801ccd14d0590c16-00692c8f73" "proxy-server 92965" 0.0174 "-" 96900 0
Nov 30 13:39:47 np0005540243.novalocal object-server[96899]: ::1 - - [30/Nov/2025:18:39:47 +0000] "PUT /1/95762/AUTH_d8c5e0069fac460689fc06414f238cc2/gnocchi.37db4433-4d68-4d04-8bda-4a1931ea08c8/none_v3" 201 - "PUT http://[::1]:8080/v1/AUTH_d8c5e0069fac460689fc06414f238cc2/gnocchi.37db4433-4d68-4d04-8bda-4a1931ea08c8/none_v3" "txdc0bd14fe46c4e58ba6d1-00692c8f73" "proxy-server 92966" 0.0096 "-" 96899 0
Nov 30 13:39:47 np0005540243.novalocal object-server[96902]: ::1 - - [30/Nov/2025:18:39:47 +0000] "PUT /2/95762/AUTH_d8c5e0069fac460689fc06414f238cc2/gnocchi.37db4433-4d68-4d04-8bda-4a1931ea08c8/none_v3" 201 - "PUT http://[::1]:8080/v1/AUTH_d8c5e0069fac460689fc06414f238cc2/gnocchi.37db4433-4d68-4d04-8bda-4a1931ea08c8/none_v3" "txdc0bd14fe46c4e58ba6d1-00692c8f73" "proxy-server 92966" 0.0081 "-" 96902 0
Nov 30 13:39:47 np0005540243.novalocal proxy-server[92965]: ::1 ::1 30/Nov/2025/18/39/47 PUT /v1/AUTH_d8c5e0069fac460689fc06414f238cc2/gnocchi.4eeab45b-25a8-47d3-b715-c893ebe09e4d/none_v3 HTTP/1.0 201 - python-swiftclient-4.2.0 gAAAAABpLI9luiBC... 22 - - tx8e874801ccd14d0590c16-00692c8f73 - 0.0267 - - 1764527987.262327671 1764527987.289060593 0
Nov 30 13:39:47 np0005540243.novalocal container-server[96608]: ::1 - - [30/Nov/2025:18:39:47 +0000] "PUT /2/177751/AUTH_d8c5e0069fac460689fc06414f238cc2/gnocchi.37db4433-4d68-4d04-8bda-4a1931ea08c8/none_v3" 201 - "PUT http://[::1]:8080/3/95762/AUTH_d8c5e0069fac460689fc06414f238cc2/gnocchi.37db4433-4d68-4d04-8bda-4a1931ea08c8/none_v3" "txdc0bd14fe46c4e58ba6d1-00692c8f73" "object-server 96901" 0.0003 "-" 96608 0
Nov 30 13:39:47 np0005540243.novalocal object-server[96901]: ::1 - - [30/Nov/2025:18:39:47 +0000] "PUT /3/95762/AUTH_d8c5e0069fac460689fc06414f238cc2/gnocchi.37db4433-4d68-4d04-8bda-4a1931ea08c8/none_v3" 201 - "PUT http://[::1]:8080/v1/AUTH_d8c5e0069fac460689fc06414f238cc2/gnocchi.37db4433-4d68-4d04-8bda-4a1931ea08c8/none_v3" "txdc0bd14fe46c4e58ba6d1-00692c8f73" "proxy-server 92966" 0.0111 "-" 96901 0
Nov 30 13:39:47 np0005540243.novalocal proxy-server[92966]: ::1 ::1 30/Nov/2025/18/39/47 PUT /v1/AUTH_d8c5e0069fac460689fc06414f238cc2/gnocchi.37db4433-4d68-4d04-8bda-4a1931ea08c8/none_v3 HTTP/1.0 201 - python-swiftclient-4.2.0 gAAAAABpLI9eQPaN... 22 - - txdc0bd14fe46c4e58ba6d1-00692c8f73 - 0.0178 - - 1764527987.273900747 1764527987.291749954 0
Nov 30 13:39:47 np0005540243.novalocal iscsid[79293]: iscsid: Connection1:0 to [target: iqn.2010-10.org.openstack:volume-dcbf258c-d7fc-49f3-8713-e9b7f35842b0, portal: ::1,3260] through [iface: default] is shutdown.
Nov 30 13:39:47 np0005540243.novalocal object-server[96899]: ::1 - - [30/Nov/2025:18:39:47 +0000] "GET /1/153156/AUTH_d8c5e0069fac460689fc06414f238cc2/gnocchi.b8fc4f0e-dfa3-4eed-9d27-cd0edcd7c719/none_v3" 200 22 "GET http://[::1]:8080/v1/AUTH_d8c5e0069fac460689fc06414f238cc2/gnocchi.b8fc4f0e-dfa3-4eed-9d27-cd0edcd7c719/none_v3" "tx299242e611674a9f94ea3-00692c8f73" "proxy-server 92966" 0.0006 "-" 96899 0
Nov 30 13:39:47 np0005540243.novalocal proxy-server[92966]: ::1 ::1 30/Nov/2025/18/39/47 GET /v1/AUTH_d8c5e0069fac460689fc06414f238cc2/gnocchi.b8fc4f0e-dfa3-4eed-9d27-cd0edcd7c719/none_v3 HTTP/1.0 200 - python-swiftclient-4.2.0 gAAAAABpLI9eQPaN... - 22 - tx299242e611674a9f94ea3-00692c8f73 - 0.0055 - - 1764527987.584345579 1764527987.589811563 0
Nov 30 13:39:47 np0005540243.novalocal object-server[96902]: ::1 - - [30/Nov/2025:18:39:47 +0000] "GET /1/240494/AUTH_d8c5e0069fac460689fc06414f238cc2/gnocchi.128507fc-f932-4a11-b38f-60383873f84a/none_v3" 200 22 "GET http://[::1]:8080/v1/AUTH_d8c5e0069fac460689fc06414f238cc2/gnocchi.128507fc-f932-4a11-b38f-60383873f84a/none_v3" "txcf62083b70ef4664bc029-00692c8f73" "proxy-server 92965" 0.0014 "-" 96902 0
Nov 30 13:39:47 np0005540243.novalocal proxy-server[92965]: ::1 ::1 30/Nov/2025/18/39/47 GET /v1/AUTH_d8c5e0069fac460689fc06414f238cc2/gnocchi.128507fc-f932-4a11-b38f-60383873f84a/none_v3 HTTP/1.0 200 - python-swiftclient-4.2.0 gAAAAABpLI9luiBC... - 22 - txcf62083b70ef4664bc029-00692c8f73 - 0.0081 - - 1764527987.592317104 1764527987.600463867 0
Nov 30 13:39:47 np0005540243.novalocal container-server[96608]: ::1 - - [30/Nov/2025:18:39:47 +0000] "GET /3/30558/AUTH_d8c5e0069fac460689fc06414f238cc2/gnocchi.b8fc4f0e-dfa3-4eed-9d27-cd0edcd7c719" 200 357 "GET http://[::1]:8080/v1/AUTH_d8c5e0069fac460689fc06414f238cc2/gnocchi.b8fc4f0e-dfa3-4eed-9d27-cd0edcd7c719?format=json&states=listing" "txb9b9b290b9524c29a4e4d-00692c8f73" "proxy-server 92966" 0.0054 "-" 96608 0
Nov 30 13:39:47 np0005540243.novalocal proxy-server[92966]: ::1 ::1 30/Nov/2025/18/39/47 GET /v1/AUTH_d8c5e0069fac460689fc06414f238cc2/gnocchi.b8fc4f0e-dfa3-4eed-9d27-cd0edcd7c719%3Fformat%3Djson%26states%3Dlisting HTTP/1.0 200 - python-swiftclient-4.2.0 gAAAAABpLI9eQPaN... - 357 - txb9b9b290b9524c29a4e4d-00692c8f73 - 0.0111 - - 1764527987.592517853 1764527987.603579044 0
Nov 30 13:39:47 np0005540243.novalocal container-server[96608]: ::1 - - [30/Nov/2025:18:39:47 +0000] "GET /3/30558/AUTH_d8c5e0069fac460689fc06414f238cc2/gnocchi.b8fc4f0e-dfa3-4eed-9d27-cd0edcd7c719" 200 2 "GET http://[::1]:8080/v1/AUTH_d8c5e0069fac460689fc06414f238cc2/gnocchi.b8fc4f0e-dfa3-4eed-9d27-cd0edcd7c719?format=json&marker=none_v3&states=listing" "tx9d35dd0427d84b8da7e41-00692c8f73" "proxy-server 92966" 0.0041 "-" 96608 0
Nov 30 13:39:47 np0005540243.novalocal proxy-server[92966]: ::1 ::1 30/Nov/2025/18/39/47 GET /v1/AUTH_d8c5e0069fac460689fc06414f238cc2/gnocchi.b8fc4f0e-dfa3-4eed-9d27-cd0edcd7c719%3Fformat%3Djson%26marker%3Dnone_v3%26states%3Dlisting HTTP/1.0 200 - python-swiftclient-4.2.0 gAAAAABpLI9eQPaN... - 2 - tx9d35dd0427d84b8da7e41-00692c8f73 - 0.0081 - - 1764527987.605402708 1764527987.613523483 0
Nov 30 13:39:47 np0005540243.novalocal container-server[96606]: ::1 - - [30/Nov/2025:18:39:47 +0000] "GET /2/170511/AUTH_d8c5e0069fac460689fc06414f238cc2/gnocchi.128507fc-f932-4a11-b38f-60383873f84a" 200 357 "GET http://[::1]:8080/v1/AUTH_d8c5e0069fac460689fc06414f238cc2/gnocchi.128507fc-f932-4a11-b38f-60383873f84a?format=json&states=listing" "tx949c46e734eb49449c0ea-00692c8f73" "proxy-server 92965" 0.0069 "-" 96606 0
Nov 30 13:39:47 np0005540243.novalocal proxy-server[92965]: ::1 ::1 30/Nov/2025/18/39/47 GET /v1/AUTH_d8c5e0069fac460689fc06414f238cc2/gnocchi.128507fc-f932-4a11-b38f-60383873f84a%3Fformat%3Djson%26states%3Dlisting HTTP/1.0 200 - python-swiftclient-4.2.0 gAAAAABpLI9luiBC... - 357 - tx949c46e734eb49449c0ea-00692c8f73 - 0.0133 - - 1764527987.604945183 1764527987.618281126 0
Nov 30 13:39:47 np0005540243.novalocal object-server[96899]: ::1 - - [30/Nov/2025:18:39:47 +0000] "GET /3/139188/AUTH_d8c5e0069fac460689fc06414f238cc2/gnocchi.b8fc4f0e-dfa3-4eed-9d27-cd0edcd7c719/1763640000.0_mean_300.0_v3" 200 16 "GET http://[::1]:8080/v1/AUTH_d8c5e0069fac460689fc06414f238cc2/gnocchi.b8fc4f0e-dfa3-4eed-9d27-cd0edcd7c719/1763640000.0_mean_300.0_v3" "tx7baba5b062c94ba9b72e5-00692c8f73" "proxy-server 92966" 0.0006 "-" 96899 0
Nov 30 13:39:47 np0005540243.novalocal proxy-server[92966]: ::1 ::1 30/Nov/2025/18/39/47 GET /v1/AUTH_d8c5e0069fac460689fc06414f238cc2/gnocchi.b8fc4f0e-dfa3-4eed-9d27-cd0edcd7c719/1763640000.0_mean_300.0_v3 HTTP/1.0 200 - python-swiftclient-4.2.0 gAAAAABpLI9eQPaN... - 16 - tx7baba5b062c94ba9b72e5-00692c8f73 - 0.0045 - - 1764527987.619233608 1764527987.623753071 0
Nov 30 13:39:47 np0005540243.novalocal container-server[96605]: ::1 - - [30/Nov/2025:18:39:47 +0000] "GET /1/170511/AUTH_d8c5e0069fac460689fc06414f238cc2/gnocchi.128507fc-f932-4a11-b38f-60383873f84a" 200 2 "GET http://[::1]:8080/v1/AUTH_d8c5e0069fac460689fc06414f238cc2/gnocchi.128507fc-f932-4a11-b38f-60383873f84a?format=json&marker=none_v3&states=listing" "tx1f0a60b877854d678c84f-00692c8f73" "proxy-server 92965" 0.0068 "-" 96605 0
Nov 30 13:39:47 np0005540243.novalocal proxy-server[92965]: ::1 ::1 30/Nov/2025/18/39/47 GET /v1/AUTH_d8c5e0069fac460689fc06414f238cc2/gnocchi.128507fc-f932-4a11-b38f-60383873f84a%3Fformat%3Djson%26marker%3Dnone_v3%26states%3Dlisting HTTP/1.0 200 - python-swiftclient-4.2.0 gAAAAABpLI9luiBC... - 2 - tx1f0a60b877854d678c84f-00692c8f73 - 0.0149 - - 1764527987.621262312 1764527987.636121511 0
Nov 30 13:39:47 np0005540243.novalocal container-server[96606]: ::1 - - [30/Nov/2025:18:39:47 +0000] "PUT /1/30558/AUTH_d8c5e0069fac460689fc06414f238cc2/gnocchi.b8fc4f0e-dfa3-4eed-9d27-cd0edcd7c719/1763640000.0_mean_300.0_v3" 201 - "PUT http://[::1]:8080/2/139188/AUTH_d8c5e0069fac460689fc06414f238cc2/gnocchi.b8fc4f0e-dfa3-4eed-9d27-cd0edcd7c719/1763640000.0_mean_300.0_v3" "tx64d0884a65c4495f9ddd5-00692c8f73" "object-server 96900" 0.0004 "-" 96606 0
Nov 30 13:39:47 np0005540243.novalocal object-server[96900]: ::1 - - [30/Nov/2025:18:39:47 +0000] "PUT /2/139188/AUTH_d8c5e0069fac460689fc06414f238cc2/gnocchi.b8fc4f0e-dfa3-4eed-9d27-cd0edcd7c719/1763640000.0_mean_300.0_v3" 201 - "PUT http://[::1]:8080/v1/AUTH_d8c5e0069fac460689fc06414f238cc2/gnocchi.b8fc4f0e-dfa3-4eed-9d27-cd0edcd7c719/1763640000.0_mean_300.0_v3" "tx64d0884a65c4495f9ddd5-00692c8f73" "proxy-server 92966" 0.0083 "-" 96900 0
Nov 30 13:39:47 np0005540243.novalocal container-server[96606]: ::1 - - [30/Nov/2025:18:39:47 +0000] "PUT /2/30558/AUTH_d8c5e0069fac460689fc06414f238cc2/gnocchi.b8fc4f0e-dfa3-4eed-9d27-cd0edcd7c719/1763640000.0_mean_300.0_v3" 201 - "PUT http://[::1]:8080/3/139188/AUTH_d8c5e0069fac460689fc06414f238cc2/gnocchi.b8fc4f0e-dfa3-4eed-9d27-cd0edcd7c719/1763640000.0_mean_300.0_v3" "tx64d0884a65c4495f9ddd5-00692c8f73" "object-server 96899" 0.0003 "-" 96606 0
Nov 30 13:39:47 np0005540243.novalocal object-server[96899]: ::1 - - [30/Nov/2025:18:39:47 +0000] "PUT /3/139188/AUTH_d8c5e0069fac460689fc06414f238cc2/gnocchi.b8fc4f0e-dfa3-4eed-9d27-cd0edcd7c719/1763640000.0_mean_300.0_v3" 201 - "PUT http://[::1]:8080/v1/AUTH_d8c5e0069fac460689fc06414f238cc2/gnocchi.b8fc4f0e-dfa3-4eed-9d27-cd0edcd7c719/1763640000.0_mean_300.0_v3" "tx64d0884a65c4495f9ddd5-00692c8f73" "proxy-server 92966" 0.0097 "-" 96899 0
Nov 30 13:39:47 np0005540243.novalocal container-server[96606]: ::1 - - [30/Nov/2025:18:39:47 +0000] "PUT /3/30558/AUTH_d8c5e0069fac460689fc06414f238cc2/gnocchi.b8fc4f0e-dfa3-4eed-9d27-cd0edcd7c719/1763640000.0_mean_300.0_v3" 201 - "PUT http://[::1]:8080/1/139188/AUTH_d8c5e0069fac460689fc06414f238cc2/gnocchi.b8fc4f0e-dfa3-4eed-9d27-cd0edcd7c719/1763640000.0_mean_300.0_v3" "tx64d0884a65c4495f9ddd5-00692c8f73" "object-server 96899" 0.0003 "-" 96606 0
Nov 30 13:39:47 np0005540243.novalocal object-server[96899]: ::1 - - [30/Nov/2025:18:39:47 +0000] "PUT /1/139188/AUTH_d8c5e0069fac460689fc06414f238cc2/gnocchi.b8fc4f0e-dfa3-4eed-9d27-cd0edcd7c719/1763640000.0_mean_300.0_v3" 201 - "PUT http://[::1]:8080/v1/AUTH_d8c5e0069fac460689fc06414f238cc2/gnocchi.b8fc4f0e-dfa3-4eed-9d27-cd0edcd7c719/1763640000.0_mean_300.0_v3" "tx64d0884a65c4495f9ddd5-00692c8f73" "proxy-server 92966" 0.0122 "-" 96899 0
Nov 30 13:39:47 np0005540243.novalocal object-server[96900]: ::1 - - [30/Nov/2025:18:39:47 +0000] "GET /1/57973/AUTH_d8c5e0069fac460689fc06414f238cc2/gnocchi.128507fc-f932-4a11-b38f-60383873f84a/1763640000.0_mean_300.0_v3" 200 16 "GET http://[::1]:8080/v1/AUTH_d8c5e0069fac460689fc06414f238cc2/gnocchi.128507fc-f932-4a11-b38f-60383873f84a/1763640000.0_mean_300.0_v3" "tx0e9ddcc60e364c26a4004-00692c8f73" "proxy-server 92965" 0.0007 "-" 96900 0
Nov 30 13:39:47 np0005540243.novalocal proxy-server[92966]: ::1 ::1 30/Nov/2025/18/39/47 PUT /v1/AUTH_d8c5e0069fac460689fc06414f238cc2/gnocchi.b8fc4f0e-dfa3-4eed-9d27-cd0edcd7c719/1763640000.0_mean_300.0_v3 HTTP/1.0 201 - python-swiftclient-4.2.0 gAAAAABpLI9eQPaN... 16 - - tx64d0884a65c4495f9ddd5-00692c8f73 - 0.0191 - - 1764527987.627041101 1764527987.646129131 0
Nov 30 13:39:47 np0005540243.novalocal proxy-server[92965]: ::1 ::1 30/Nov/2025/18/39/47 GET /v1/AUTH_d8c5e0069fac460689fc06414f238cc2/gnocchi.128507fc-f932-4a11-b38f-60383873f84a/1763640000.0_mean_300.0_v3 HTTP/1.0 200 - python-swiftclient-4.2.0 gAAAAABpLI9luiBC... - 16 - tx0e9ddcc60e364c26a4004-00692c8f73 - 0.0062 - - 1764527987.641310692 1764527987.647496939 0
Nov 30 13:39:47 np0005540243.novalocal container-server[96605]: ::1 - - [30/Nov/2025:18:39:47 +0000] "PUT /2/30558/AUTH_d8c5e0069fac460689fc06414f238cc2/gnocchi.b8fc4f0e-dfa3-4eed-9d27-cd0edcd7c719/none_v3" 201 - "PUT http://[::1]:8080/1/153156/AUTH_d8c5e0069fac460689fc06414f238cc2/gnocchi.b8fc4f0e-dfa3-4eed-9d27-cd0edcd7c719/none_v3" "txecd39f5b4a8b4876a1410-00692c8f73" "object-server 96900" 0.0004 "-" 96605 0
Nov 30 13:39:47 np0005540243.novalocal object-server[96900]: ::1 - - [30/Nov/2025:18:39:47 +0000] "PUT /1/153156/AUTH_d8c5e0069fac460689fc06414f238cc2/gnocchi.b8fc4f0e-dfa3-4eed-9d27-cd0edcd7c719/none_v3" 201 - "PUT http://[::1]:8080/v1/AUTH_d8c5e0069fac460689fc06414f238cc2/gnocchi.b8fc4f0e-dfa3-4eed-9d27-cd0edcd7c719/none_v3" "txecd39f5b4a8b4876a1410-00692c8f73" "proxy-server 92966" 0.0086 "-" 96900 0
Nov 30 13:39:47 np0005540243.novalocal container-server[96608]: ::1 - - [30/Nov/2025:18:39:47 +0000] "PUT /3/30558/AUTH_d8c5e0069fac460689fc06414f238cc2/gnocchi.b8fc4f0e-dfa3-4eed-9d27-cd0edcd7c719/none_v3" 201 - "PUT http://[::1]:8080/2/153156/AUTH_d8c5e0069fac460689fc06414f238cc2/gnocchi.b8fc4f0e-dfa3-4eed-9d27-cd0edcd7c719/none_v3" "txecd39f5b4a8b4876a1410-00692c8f73" "object-server 96900" 0.0004 "-" 96608 0
Nov 30 13:39:47 np0005540243.novalocal object-server[96900]: ::1 - - [30/Nov/2025:18:39:47 +0000] "PUT /2/153156/AUTH_d8c5e0069fac460689fc06414f238cc2/gnocchi.b8fc4f0e-dfa3-4eed-9d27-cd0edcd7c719/none_v3" 201 - "PUT http://[::1]:8080/v1/AUTH_d8c5e0069fac460689fc06414f238cc2/gnocchi.b8fc4f0e-dfa3-4eed-9d27-cd0edcd7c719/none_v3" "txecd39f5b4a8b4876a1410-00692c8f73" "proxy-server 92966" 0.0082 "-" 96900 0
Nov 30 13:39:47 np0005540243.novalocal container-server[96607]: ::1 - - [30/Nov/2025:18:39:47 +0000] "PUT /1/30558/AUTH_d8c5e0069fac460689fc06414f238cc2/gnocchi.b8fc4f0e-dfa3-4eed-9d27-cd0edcd7c719/none_v3" 201 - "PUT http://[::1]:8080/3/153156/AUTH_d8c5e0069fac460689fc06414f238cc2/gnocchi.b8fc4f0e-dfa3-4eed-9d27-cd0edcd7c719/none_v3" "txecd39f5b4a8b4876a1410-00692c8f73" "object-server 96901" 0.0009 "-" 96607 0
Nov 30 13:39:47 np0005540243.novalocal object-server[96901]: ::1 - - [30/Nov/2025:18:39:47 +0000] "PUT /3/153156/AUTH_d8c5e0069fac460689fc06414f238cc2/gnocchi.b8fc4f0e-dfa3-4eed-9d27-cd0edcd7c719/none_v3" 201 - "PUT http://[::1]:8080/v1/AUTH_d8c5e0069fac460689fc06414f238cc2/gnocchi.b8fc4f0e-dfa3-4eed-9d27-cd0edcd7c719/none_v3" "txecd39f5b4a8b4876a1410-00692c8f73" "proxy-server 92966" 0.0159 "-" 96901 0
Nov 30 13:39:47 np0005540243.novalocal proxy-server[92966]: ::1 ::1 30/Nov/2025/18/39/47 PUT /v1/AUTH_d8c5e0069fac460689fc06414f238cc2/gnocchi.b8fc4f0e-dfa3-4eed-9d27-cd0edcd7c719/none_v3 HTTP/1.0 201 - python-swiftclient-4.2.0 gAAAAABpLI9eQPaN... 31 - - txecd39f5b4a8b4876a1410-00692c8f73 - 0.0211 - - 1764527987.647707462 1764527987.668814182 0
Nov 30 13:39:47 np0005540243.novalocal container-server[96605]: ::1 - - [30/Nov/2025:18:39:47 +0000] "PUT /1/170511/AUTH_d8c5e0069fac460689fc06414f238cc2/gnocchi.128507fc-f932-4a11-b38f-60383873f84a/1763640000.0_mean_300.0_v3" 201 - "PUT http://[::1]:8080/2/57973/AUTH_d8c5e0069fac460689fc06414f238cc2/gnocchi.128507fc-f932-4a11-b38f-60383873f84a/1763640000.0_mean_300.0_v3" "tx106d9029d8a2437683c0c-00692c8f73" "object-server 96902" 0.0003 "-" 96605 0
Nov 30 13:39:47 np0005540243.novalocal container-server[96608]: ::1 - - [30/Nov/2025:18:39:47 +0000] "PUT /2/170511/AUTH_d8c5e0069fac460689fc06414f238cc2/gnocchi.128507fc-f932-4a11-b38f-60383873f84a/1763640000.0_mean_300.0_v3" 201 - "PUT http://[::1]:8080/3/57973/AUTH_d8c5e0069fac460689fc06414f238cc2/gnocchi.128507fc-f932-4a11-b38f-60383873f84a/1763640000.0_mean_300.0_v3" "tx106d9029d8a2437683c0c-00692c8f73" "object-server 96899" 0.0004 "-" 96608 0
Nov 30 13:39:47 np0005540243.novalocal object-server[96902]: ::1 - - [30/Nov/2025:18:39:47 +0000] "PUT /2/57973/AUTH_d8c5e0069fac460689fc06414f238cc2/gnocchi.128507fc-f932-4a11-b38f-60383873f84a/1763640000.0_mean_300.0_v3" 201 - "PUT http://[::1]:8080/v1/AUTH_d8c5e0069fac460689fc06414f238cc2/gnocchi.128507fc-f932-4a11-b38f-60383873f84a/1763640000.0_mean_300.0_v3" "tx106d9029d8a2437683c0c-00692c8f73" "proxy-server 92965" 0.0118 "-" 96902 0
Nov 30 13:39:47 np0005540243.novalocal object-server[96899]: ::1 - - [30/Nov/2025:18:39:47 +0000] "PUT /3/57973/AUTH_d8c5e0069fac460689fc06414f238cc2/gnocchi.128507fc-f932-4a11-b38f-60383873f84a/1763640000.0_mean_300.0_v3" 201 - "PUT http://[::1]:8080/v1/AUTH_d8c5e0069fac460689fc06414f238cc2/gnocchi.128507fc-f932-4a11-b38f-60383873f84a/1763640000.0_mean_300.0_v3" "tx106d9029d8a2437683c0c-00692c8f73" "proxy-server 92965" 0.0124 "-" 96899 0
Nov 30 13:39:47 np0005540243.novalocal container-server[96607]: ::1 - - [30/Nov/2025:18:39:47 +0000] "PUT /3/170511/AUTH_d8c5e0069fac460689fc06414f238cc2/gnocchi.128507fc-f932-4a11-b38f-60383873f84a/1763640000.0_mean_300.0_v3" 201 - "PUT http://[::1]:8080/1/57973/AUTH_d8c5e0069fac460689fc06414f238cc2/gnocchi.128507fc-f932-4a11-b38f-60383873f84a/1763640000.0_mean_300.0_v3" "tx106d9029d8a2437683c0c-00692c8f73" "object-server 96899" 0.0008 "-" 96607 0
Nov 30 13:39:47 np0005540243.novalocal object-server[96899]: ::1 - - [30/Nov/2025:18:39:47 +0000] "PUT /1/57973/AUTH_d8c5e0069fac460689fc06414f238cc2/gnocchi.128507fc-f932-4a11-b38f-60383873f84a/1763640000.0_mean_300.0_v3" 201 - "PUT http://[::1]:8080/v1/AUTH_d8c5e0069fac460689fc06414f238cc2/gnocchi.128507fc-f932-4a11-b38f-60383873f84a/1763640000.0_mean_300.0_v3" "tx106d9029d8a2437683c0c-00692c8f73" "proxy-server 92965" 0.0170 "-" 96899 0
Nov 30 13:39:47 np0005540243.novalocal proxy-server[92965]: ::1 ::1 30/Nov/2025/18/39/47 PUT /v1/AUTH_d8c5e0069fac460689fc06414f238cc2/gnocchi.128507fc-f932-4a11-b38f-60383873f84a/1763640000.0_mean_300.0_v3 HTTP/1.0 201 - python-swiftclient-4.2.0 gAAAAABpLI9luiBC... 16 - - tx106d9029d8a2437683c0c-00692c8f73 - 0.0269 - - 1764527987.654382706 1764527987.681263685 0
Nov 30 13:39:47 np0005540243.novalocal object-server[96901]: ::1 - - [30/Nov/2025:18:39:47 +0000] "GET /3/65563/AUTH_d8c5e0069fac460689fc06414f238cc2/gnocchi.4eeab45b-25a8-47d3-b715-c893ebe09e4d/none_v3" 200 22 "GET http://[::1]:8080/v1/AUTH_d8c5e0069fac460689fc06414f238cc2/gnocchi.4eeab45b-25a8-47d3-b715-c893ebe09e4d/none_v3" "tx2ed9ac8270bb4382b9a50-00692c8f73" "proxy-server 92966" 0.0010 "-" 96901 0
Nov 30 13:39:47 np0005540243.novalocal proxy-server[92966]: ::1 ::1 30/Nov/2025/18/39/47 GET /v1/AUTH_d8c5e0069fac460689fc06414f238cc2/gnocchi.4eeab45b-25a8-47d3-b715-c893ebe09e4d/none_v3 HTTP/1.0 200 - python-swiftclient-4.2.0 gAAAAABpLI9eQPaN... - 22 - tx2ed9ac8270bb4382b9a50-00692c8f73 - 0.0059 - - 1764527987.679678202 1764527987.685597897 0
Nov 30 13:39:47 np0005540243.novalocal container-server[96605]: ::1 - - [30/Nov/2025:18:39:47 +0000] "GET /3/58645/AUTH_d8c5e0069fac460689fc06414f238cc2/gnocchi.4eeab45b-25a8-47d3-b715-c893ebe09e4d" 200 357 "GET http://[::1]:8080/v1/AUTH_d8c5e0069fac460689fc06414f238cc2/gnocchi.4eeab45b-25a8-47d3-b715-c893ebe09e4d?format=json&states=listing" "tx4949666383d8488885cf6-00692c8f73" "proxy-server 92966" 0.0077 "-" 96605 0
Nov 30 13:39:47 np0005540243.novalocal container-server[96608]: ::1 - - [30/Nov/2025:18:39:47 +0000] "PUT /2/170511/AUTH_d8c5e0069fac460689fc06414f238cc2/gnocchi.128507fc-f932-4a11-b38f-60383873f84a/none_v3" 201 - "PUT http://[::1]:8080/1/240494/AUTH_d8c5e0069fac460689fc06414f238cc2/gnocchi.128507fc-f932-4a11-b38f-60383873f84a/none_v3" "tx9deb3528d3404261bdfd7-00692c8f73" "object-server 96901" 0.0005 "-" 96608 0
Nov 30 13:39:47 np0005540243.novalocal container-server[96605]: ::1 - - [30/Nov/2025:18:39:47 +0000] "PUT /3/170511/AUTH_d8c5e0069fac460689fc06414f238cc2/gnocchi.128507fc-f932-4a11-b38f-60383873f84a/none_v3" 201 - "PUT http://[::1]:8080/3/240494/AUTH_d8c5e0069fac460689fc06414f238cc2/gnocchi.128507fc-f932-4a11-b38f-60383873f84a/none_v3" "tx9deb3528d3404261bdfd7-00692c8f73" "object-server 96900" 0.0004 "-" 96605 0
Nov 30 13:39:47 np0005540243.novalocal container-server[96607]: ::1 - - [30/Nov/2025:18:39:47 +0000] "PUT /1/170511/AUTH_d8c5e0069fac460689fc06414f238cc2/gnocchi.128507fc-f932-4a11-b38f-60383873f84a/none_v3" 201 - "PUT http://[::1]:8080/2/240494/AUTH_d8c5e0069fac460689fc06414f238cc2/gnocchi.128507fc-f932-4a11-b38f-60383873f84a/none_v3" "tx9deb3528d3404261bdfd7-00692c8f73" "object-server 96899" 0.0009 "-" 96607 0
Nov 30 13:39:47 np0005540243.novalocal object-server[96900]: ::1 - - [30/Nov/2025:18:39:47 +0000] "PUT /3/240494/AUTH_d8c5e0069fac460689fc06414f238cc2/gnocchi.128507fc-f932-4a11-b38f-60383873f84a/none_v3" 201 - "PUT http://[::1]:8080/v1/AUTH_d8c5e0069fac460689fc06414f238cc2/gnocchi.128507fc-f932-4a11-b38f-60383873f84a/none_v3" "tx9deb3528d3404261bdfd7-00692c8f73" "proxy-server 92965" 0.0105 "-" 96900 0
Nov 30 13:39:47 np0005540243.novalocal object-server[96901]: ::1 - - [30/Nov/2025:18:39:47 +0000] "PUT /1/240494/AUTH_d8c5e0069fac460689fc06414f238cc2/gnocchi.128507fc-f932-4a11-b38f-60383873f84a/none_v3" 201 - "PUT http://[::1]:8080/v1/AUTH_d8c5e0069fac460689fc06414f238cc2/gnocchi.128507fc-f932-4a11-b38f-60383873f84a/none_v3" "tx9deb3528d3404261bdfd7-00692c8f73" "proxy-server 92965" 0.0085 "-" 96901 0
Nov 30 13:39:47 np0005540243.novalocal object-server[96899]: ::1 - - [30/Nov/2025:18:39:47 +0000] "PUT /2/240494/AUTH_d8c5e0069fac460689fc06414f238cc2/gnocchi.128507fc-f932-4a11-b38f-60383873f84a/none_v3" 201 - "PUT http://[::1]:8080/v1/AUTH_d8c5e0069fac460689fc06414f238cc2/gnocchi.128507fc-f932-4a11-b38f-60383873f84a/none_v3" "tx9deb3528d3404261bdfd7-00692c8f73" "proxy-server 92965" 0.0094 "-" 96899 0
Nov 30 13:39:47 np0005540243.novalocal proxy-server[92965]: ::1 ::1 30/Nov/2025/18/39/47 PUT /v1/AUTH_d8c5e0069fac460689fc06414f238cc2/gnocchi.128507fc-f932-4a11-b38f-60383873f84a/none_v3 HTTP/1.0 201 - python-swiftclient-4.2.0 gAAAAABpLI9luiBC... 26 - - tx9deb3528d3404261bdfd7-00692c8f73 - 0.0167 - - 1764527987.684813738 1764527987.701543093 0
Nov 30 13:39:47 np0005540243.novalocal proxy-server[92966]: ::1 ::1 30/Nov/2025/18/39/47 GET /v1/AUTH_d8c5e0069fac460689fc06414f238cc2/gnocchi.4eeab45b-25a8-47d3-b715-c893ebe09e4d%3Fformat%3Djson%26states%3Dlisting HTTP/1.0 200 - python-swiftclient-4.2.0 gAAAAABpLI9eQPaN... - 357 - tx4949666383d8488885cf6-00692c8f73 - 0.0147 - - 1764527987.687518358 1764527987.702184200 0
Nov 30 13:39:47 np0005540243.novalocal container-server[96606]: ::1 - - [30/Nov/2025:18:39:47 +0000] "GET /2/58645/AUTH_d8c5e0069fac460689fc06414f238cc2/gnocchi.4eeab45b-25a8-47d3-b715-c893ebe09e4d" 200 2 "GET http://[::1]:8080/v1/AUTH_d8c5e0069fac460689fc06414f238cc2/gnocchi.4eeab45b-25a8-47d3-b715-c893ebe09e4d?format=json&marker=none_v3&states=listing" "tx073239d035b74deb92a61-00692c8f73" "proxy-server 92966" 0.0065 "-" 96606 0
Nov 30 13:39:47 np0005540243.novalocal proxy-server[92966]: ::1 ::1 30/Nov/2025/18/39/47 GET /v1/AUTH_d8c5e0069fac460689fc06414f238cc2/gnocchi.4eeab45b-25a8-47d3-b715-c893ebe09e4d%3Fformat%3Djson%26marker%3Dnone_v3%26states%3Dlisting HTTP/1.0 200 - python-swiftclient-4.2.0 gAAAAABpLI9eQPaN... - 2 - tx073239d035b74deb92a61-00692c8f73 - 0.0121 - - 1764527987.704205990 1764527987.716256142 0
Nov 30 13:39:47 np0005540243.novalocal object-server[96900]: ::1 - - [30/Nov/2025:18:39:47 +0000] "GET /3/95762/AUTH_d8c5e0069fac460689fc06414f238cc2/gnocchi.37db4433-4d68-4d04-8bda-4a1931ea08c8/none_v3" 200 22 "GET http://[::1]:8080/v1/AUTH_d8c5e0069fac460689fc06414f238cc2/gnocchi.37db4433-4d68-4d04-8bda-4a1931ea08c8/none_v3" "tx501db8cb13c44e0c9800a-00692c8f73" "proxy-server 92965" 0.0006 "-" 96900 0
Nov 30 13:39:47 np0005540243.novalocal proxy-server[92965]: ::1 ::1 30/Nov/2025/18/39/47 GET /v1/AUTH_d8c5e0069fac460689fc06414f238cc2/gnocchi.37db4433-4d68-4d04-8bda-4a1931ea08c8/none_v3 HTTP/1.0 200 - python-swiftclient-4.2.0 gAAAAABpLI9luiBC... - 22 - tx501db8cb13c44e0c9800a-00692c8f73 - 0.0056 - - 1764527987.717430353 1764527987.723053455 0
Nov 30 13:39:47 np0005540243.novalocal object-server[96901]: ::1 - - [30/Nov/2025:18:39:47 +0000] "GET /2/239627/AUTH_d8c5e0069fac460689fc06414f238cc2/gnocchi.4eeab45b-25a8-47d3-b715-c893ebe09e4d/1763640000.0_mean_300.0_v3" 200 16 "GET http://[::1]:8080/v1/AUTH_d8c5e0069fac460689fc06414f238cc2/gnocchi.4eeab45b-25a8-47d3-b715-c893ebe09e4d/1763640000.0_mean_300.0_v3" "txeb1b44a7cb494c31afc4b-00692c8f73" "proxy-server 92966" 0.0010 "-" 96901 0
Nov 30 13:39:47 np0005540243.novalocal proxy-server[92966]: ::1 ::1 30/Nov/2025/18/39/47 GET /v1/AUTH_d8c5e0069fac460689fc06414f238cc2/gnocchi.4eeab45b-25a8-47d3-b715-c893ebe09e4d/1763640000.0_mean_300.0_v3 HTTP/1.0 200 - python-swiftclient-4.2.0 gAAAAABpLI9eQPaN... - 16 - txeb1b44a7cb494c31afc4b-00692c8f73 - 0.0071 - - 1764527987.718631506 1764527987.725723982 0
Nov 30 13:39:47 np0005540243.novalocal container-server[96605]: ::1 - - [30/Nov/2025:18:39:47 +0000] "GET /3/177751/AUTH_d8c5e0069fac460689fc06414f238cc2/gnocchi.37db4433-4d68-4d04-8bda-4a1931ea08c8" 200 357 "GET http://[::1]:8080/v1/AUTH_d8c5e0069fac460689fc06414f238cc2/gnocchi.37db4433-4d68-4d04-8bda-4a1931ea08c8?format=json&states=listing" "txdb8f9b5312674d1db60ca-00692c8f73" "proxy-server 92965" 0.0065 "-" 96605 0
Nov 30 13:39:47 np0005540243.novalocal proxy-server[92965]: ::1 ::1 30/Nov/2025/18/39/47 GET /v1/AUTH_d8c5e0069fac460689fc06414f238cc2/gnocchi.37db4433-4d68-4d04-8bda-4a1931ea08c8%3Fformat%3Djson%26states%3Dlisting HTTP/1.0 200 - python-swiftclient-4.2.0 gAAAAABpLI9luiBC... - 357 - txdb8f9b5312674d1db60ca-00692c8f73 - 0.0113 - - 1764527987.727233171 1764527987.738565207 0
Nov 30 13:39:47 np0005540243.novalocal container-server[96608]: ::1 - - [30/Nov/2025:18:39:47 +0000] "PUT /1/58645/AUTH_d8c5e0069fac460689fc06414f238cc2/gnocchi.4eeab45b-25a8-47d3-b715-c893ebe09e4d/1763640000.0_mean_300.0_v3" 201 - "PUT http://[::1]:8080/1/239627/AUTH_d8c5e0069fac460689fc06414f238cc2/gnocchi.4eeab45b-25a8-47d3-b715-c893ebe09e4d/1763640000.0_mean_300.0_v3" "txb9830447951f4916b497a-00692c8f73" "object-server 96900" 0.0004 "-" 96608 0
