Nov 30 13:41:25 np0005540243.novalocal object-server[96900]: ::1 - - [30/Nov/2025:18:41:25 +0000] "GET /2/167796/AUTH_d8c5e0069fac460689fc06414f238cc2/gnocchi.1267bdb5-27b8-4cfe-aff6-5e6a21640663/none_v3" 200 22 "GET http://[::1]:8080/v1/AUTH_d8c5e0069fac460689fc06414f238cc2/gnocchi.1267bdb5-27b8-4cfe-aff6-5e6a21640663/none_v3" "tx336dce6f58974513852b6-00692c8fd5" "proxy-server 92966" 0.0007 "-" 96900 0
Nov 30 13:41:25 np0005540243.novalocal proxy-server[92966]: ::1 ::1 30/Nov/2025/18/41/25 GET /v1/AUTH_d8c5e0069fac460689fc06414f238cc2/gnocchi.1267bdb5-27b8-4cfe-aff6-5e6a21640663/none_v3 HTTP/1.0 200 - python-swiftclient-4.2.0 gAAAAABpLI9eQPaN... - 22 - tx336dce6f58974513852b6-00692c8fd5 - 0.0070 - - 1764528085.348192692 1764528085.355183840 0
Nov 30 13:41:25 np0005540243.novalocal object-server[96902]: ::1 - - [30/Nov/2025:18:41:25 +0000] "GET /3/203298/AUTH_d8c5e0069fac460689fc06414f238cc2/gnocchi.25f2c51a-7221-40ce-90b8-2f6501028393/none_v3" 200 22 "GET http://[::1]:8080/v1/AUTH_d8c5e0069fac460689fc06414f238cc2/gnocchi.25f2c51a-7221-40ce-90b8-2f6501028393/none_v3" "tx9ea94c4cd88e4a32aeb63-00692c8fd5" "proxy-server 92965" 0.0007 "-" 96902 0
Nov 30 13:41:25 np0005540243.novalocal proxy-server[92965]: ::1 ::1 30/Nov/2025/18/41/25 GET /v1/AUTH_d8c5e0069fac460689fc06414f238cc2/gnocchi.25f2c51a-7221-40ce-90b8-2f6501028393/none_v3 HTTP/1.0 200 - python-swiftclient-4.2.0 gAAAAABpLI9luiBC... - 22 - tx9ea94c4cd88e4a32aeb63-00692c8fd5 - 0.0056 - - 1764528085.352920294 1764528085.358523846 0
Nov 30 13:41:25 np0005540243.novalocal container-server[96606]: ::1 - - [30/Nov/2025:18:41:25 +0000] "GET /3/138793/AUTH_d8c5e0069fac460689fc06414f238cc2/gnocchi.1267bdb5-27b8-4cfe-aff6-5e6a21640663" 200 357 "GET http://[::1]:8080/v1/AUTH_d8c5e0069fac460689fc06414f238cc2/gnocchi.1267bdb5-27b8-4cfe-aff6-5e6a21640663?format=json&states=listing" "tx0dd97aa5153a43f3978b3-00692c8fd5" "proxy-server 92966" 0.0086 "-" 96606 0
Nov 30 13:41:25 np0005540243.novalocal container-server[96605]: ::1 - - [30/Nov/2025:18:41:25 +0000] "GET /3/51984/AUTH_d8c5e0069fac460689fc06414f238cc2/gnocchi.25f2c51a-7221-40ce-90b8-2f6501028393" 200 357 "GET http://[::1]:8080/v1/AUTH_d8c5e0069fac460689fc06414f238cc2/gnocchi.25f2c51a-7221-40ce-90b8-2f6501028393?format=json&states=listing" "tx1aaff85b5f8c4220ab100-00692c8fd5" "proxy-server 92965" 0.0144 "-" 96605 0
Nov 30 13:41:25 np0005540243.novalocal proxy-server[92966]: ::1 ::1 30/Nov/2025/18/41/25 GET /v1/AUTH_d8c5e0069fac460689fc06414f238cc2/gnocchi.1267bdb5-27b8-4cfe-aff6-5e6a21640663%3Fformat%3Djson%26states%3Dlisting HTTP/1.0 200 - python-swiftclient-4.2.0 gAAAAABpLI9eQPaN... - 357 - tx0dd97aa5153a43f3978b3-00692c8fd5 - 0.0191 - - 1764528085.363680363 1764528085.382799864 0
Nov 30 13:41:25 np0005540243.novalocal proxy-server[92965]: ::1 ::1 30/Nov/2025/18/41/25 GET /v1/AUTH_d8c5e0069fac460689fc06414f238cc2/gnocchi.25f2c51a-7221-40ce-90b8-2f6501028393%3Fformat%3Djson%26states%3Dlisting HTTP/1.0 200 - python-swiftclient-4.2.0 gAAAAABpLI9luiBC... - 357 - tx1aaff85b5f8c4220ab100-00692c8fd5 - 0.0225 - - 1764528085.361100435 1764528085.383598566 0
Nov 30 13:41:25 np0005540243.novalocal container-server[96606]: ::1 - - [30/Nov/2025:18:41:25 +0000] "GET /2/138793/AUTH_d8c5e0069fac460689fc06414f238cc2/gnocchi.1267bdb5-27b8-4cfe-aff6-5e6a21640663" 200 2 "GET http://[::1]:8080/v1/AUTH_d8c5e0069fac460689fc06414f238cc2/gnocchi.1267bdb5-27b8-4cfe-aff6-5e6a21640663?format=json&marker=none_v3&states=listing" "tx164078d69bb0412086463-00692c8fd5" "proxy-server 92966" 0.0072 "-" 96606 0
Nov 30 13:41:25 np0005540243.novalocal container-server[96607]: ::1 - - [30/Nov/2025:18:41:25 +0000] "GET /1/51984/AUTH_d8c5e0069fac460689fc06414f238cc2/gnocchi.25f2c51a-7221-40ce-90b8-2f6501028393" 200 2 "GET http://[::1]:8080/v1/AUTH_d8c5e0069fac460689fc06414f238cc2/gnocchi.25f2c51a-7221-40ce-90b8-2f6501028393?format=json&marker=none_v3&states=listing" "tx06aee084e6d7422fb1df2-00692c8fd5" "proxy-server 92965" 0.0070 "-" 96607 0
Nov 30 13:41:25 np0005540243.novalocal proxy-server[92966]: ::1 ::1 30/Nov/2025/18/41/25 GET /v1/AUTH_d8c5e0069fac460689fc06414f238cc2/gnocchi.1267bdb5-27b8-4cfe-aff6-5e6a21640663%3Fformat%3Djson%26marker%3Dnone_v3%26states%3Dlisting HTTP/1.0 200 - python-swiftclient-4.2.0 gAAAAABpLI9eQPaN... - 2 - tx164078d69bb0412086463-00692c8fd5 - 0.0132 - - 1764528085.385331392 1764528085.398504496 0
Nov 30 13:41:25 np0005540243.novalocal proxy-server[92965]: ::1 ::1 30/Nov/2025/18/41/25 GET /v1/AUTH_d8c5e0069fac460689fc06414f238cc2/gnocchi.25f2c51a-7221-40ce-90b8-2f6501028393%3Fformat%3Djson%26marker%3Dnone_v3%26states%3Dlisting HTTP/1.0 200 - python-swiftclient-4.2.0 gAAAAABpLI9luiBC... - 2 - tx06aee084e6d7422fb1df2-00692c8fd5 - 0.0128 - - 1764528085.385771036 1764528085.398535490 0
Nov 30 13:41:25 np0005540243.novalocal object-server[96900]: ::1 - - [30/Nov/2025:18:41:25 +0000] "GET /3/43396/AUTH_d8c5e0069fac460689fc06414f238cc2/gnocchi.1267bdb5-27b8-4cfe-aff6-5e6a21640663/1763640000.0_mean_300.0_v3" 200 16 "GET http://[::1]:8080/v1/AUTH_d8c5e0069fac460689fc06414f238cc2/gnocchi.1267bdb5-27b8-4cfe-aff6-5e6a21640663/1763640000.0_mean_300.0_v3" "txbf3b534420af456a8b6d2-00692c8fd5" "proxy-server 92966" 0.0006 "-" 96900 0
Nov 30 13:41:25 np0005540243.novalocal proxy-server[92966]: ::1 ::1 30/Nov/2025/18/41/25 GET /v1/AUTH_d8c5e0069fac460689fc06414f238cc2/gnocchi.1267bdb5-27b8-4cfe-aff6-5e6a21640663/1763640000.0_mean_300.0_v3 HTTP/1.0 200 - python-swiftclient-4.2.0 gAAAAABpLI9eQPaN... - 16 - txbf3b534420af456a8b6d2-00692c8fd5 - 0.0052 - - 1764528085.401719093 1764528085.406875849 0
Nov 30 13:41:25 np0005540243.novalocal object-server[96900]: ::1 - - [30/Nov/2025:18:41:25 +0000] "GET /2/204728/AUTH_d8c5e0069fac460689fc06414f238cc2/gnocchi.25f2c51a-7221-40ce-90b8-2f6501028393/1763640000.0_mean_300.0_v3" 200 16 "GET http://[::1]:8080/v1/AUTH_d8c5e0069fac460689fc06414f238cc2/gnocchi.25f2c51a-7221-40ce-90b8-2f6501028393/1763640000.0_mean_300.0_v3" "txdabeebbbbdf54fb3b5714-00692c8fd5" "proxy-server 92965" 0.0004 "-" 96900 0
Nov 30 13:41:25 np0005540243.novalocal proxy-server[92965]: ::1 ::1 30/Nov/2025/18/41/25 GET /v1/AUTH_d8c5e0069fac460689fc06414f238cc2/gnocchi.25f2c51a-7221-40ce-90b8-2f6501028393/1763640000.0_mean_300.0_v3 HTTP/1.0 200 - python-swiftclient-4.2.0 gAAAAABpLI9luiBC... - 16 - txdabeebbbbdf54fb3b5714-00692c8fd5 - 0.0047 - - 1764528085.405979633 1764528085.410637140 0
Nov 30 13:41:25 np0005540243.novalocal container-server[96607]: ::1 - - [30/Nov/2025:18:41:25 +0000] "PUT /2/138793/AUTH_d8c5e0069fac460689fc06414f238cc2/gnocchi.1267bdb5-27b8-4cfe-aff6-5e6a21640663/1763640000.0_mean_300.0_v3" 201 - "PUT http://[::1]:8080/2/43396/AUTH_d8c5e0069fac460689fc06414f238cc2/gnocchi.1267bdb5-27b8-4cfe-aff6-5e6a21640663/1763640000.0_mean_300.0_v3" "txc07b089516a54907b5cd3-00692c8fd5" "object-server 96902" 0.0004 "-" 96607 0
Nov 30 13:41:25 np0005540243.novalocal container-server[96606]: ::1 - - [30/Nov/2025:18:41:25 +0000] "PUT /1/138793/AUTH_d8c5e0069fac460689fc06414f238cc2/gnocchi.1267bdb5-27b8-4cfe-aff6-5e6a21640663/1763640000.0_mean_300.0_v3" 201 - "PUT http://[::1]:8080/3/43396/AUTH_d8c5e0069fac460689fc06414f238cc2/gnocchi.1267bdb5-27b8-4cfe-aff6-5e6a21640663/1763640000.0_mean_300.0_v3" "txc07b089516a54907b5cd3-00692c8fd5" "object-server 96902" 0.0006 "-" 96606 0
Nov 30 13:41:25 np0005540243.novalocal container-server[96605]: ::1 - - [30/Nov/2025:18:41:25 +0000] "PUT /3/51984/AUTH_d8c5e0069fac460689fc06414f238cc2/gnocchi.25f2c51a-7221-40ce-90b8-2f6501028393/1763640000.0_mean_300.0_v3" 201 - "PUT http://[::1]:8080/1/204728/AUTH_d8c5e0069fac460689fc06414f238cc2/gnocchi.25f2c51a-7221-40ce-90b8-2f6501028393/1763640000.0_mean_300.0_v3" "tx30932ea7e14745e9aa4cf-00692c8fd5" "object-server 96899" 0.0005 "-" 96605 0
Nov 30 13:41:25 np0005540243.novalocal object-server[96899]: ::1 - - [30/Nov/2025:18:41:25 +0000] "PUT /1/204728/AUTH_d8c5e0069fac460689fc06414f238cc2/gnocchi.25f2c51a-7221-40ce-90b8-2f6501028393/1763640000.0_mean_300.0_v3" 201 - "PUT http://[::1]:8080/v1/AUTH_d8c5e0069fac460689fc06414f238cc2/gnocchi.25f2c51a-7221-40ce-90b8-2f6501028393/1763640000.0_mean_300.0_v3" "tx30932ea7e14745e9aa4cf-00692c8fd5" "proxy-server 92965" 0.0093 "-" 96899 0
Nov 30 13:41:25 np0005540243.novalocal object-server[96902]: ::1 - - [30/Nov/2025:18:41:25 +0000] "PUT /2/43396/AUTH_d8c5e0069fac460689fc06414f238cc2/gnocchi.1267bdb5-27b8-4cfe-aff6-5e6a21640663/1763640000.0_mean_300.0_v3" 201 - "PUT http://[::1]:8080/v1/AUTH_d8c5e0069fac460689fc06414f238cc2/gnocchi.1267bdb5-27b8-4cfe-aff6-5e6a21640663/1763640000.0_mean_300.0_v3" "txc07b089516a54907b5cd3-00692c8fd5" "proxy-server 92966" 0.0175 "-" 96902 0
Nov 30 13:41:25 np0005540243.novalocal container-server[96607]: ::1 - - [30/Nov/2025:18:41:25 +0000] "PUT /1/51984/AUTH_d8c5e0069fac460689fc06414f238cc2/gnocchi.25f2c51a-7221-40ce-90b8-2f6501028393/1763640000.0_mean_300.0_v3" 201 - "PUT http://[::1]:8080/2/204728/AUTH_d8c5e0069fac460689fc06414f238cc2/gnocchi.25f2c51a-7221-40ce-90b8-2f6501028393/1763640000.0_mean_300.0_v3" "tx30932ea7e14745e9aa4cf-00692c8fd5" "object-server 96901" 0.0004 "-" 96607 0
Nov 30 13:41:25 np0005540243.novalocal object-server[96902]: ::1 - - [30/Nov/2025:18:41:25 +0000] "PUT /3/43396/AUTH_d8c5e0069fac460689fc06414f238cc2/gnocchi.1267bdb5-27b8-4cfe-aff6-5e6a21640663/1763640000.0_mean_300.0_v3" 201 - "PUT http://[::1]:8080/v1/AUTH_d8c5e0069fac460689fc06414f238cc2/gnocchi.1267bdb5-27b8-4cfe-aff6-5e6a21640663/1763640000.0_mean_300.0_v3" "txc07b089516a54907b5cd3-00692c8fd5" "proxy-server 92966" 0.0172 "-" 96902 0
Nov 30 13:41:25 np0005540243.novalocal object-server[96901]: ::1 - - [30/Nov/2025:18:41:25 +0000] "PUT /2/204728/AUTH_d8c5e0069fac460689fc06414f238cc2/gnocchi.25f2c51a-7221-40ce-90b8-2f6501028393/1763640000.0_mean_300.0_v3" 201 - "PUT http://[::1]:8080/v1/AUTH_d8c5e0069fac460689fc06414f238cc2/gnocchi.25f2c51a-7221-40ce-90b8-2f6501028393/1763640000.0_mean_300.0_v3" "tx30932ea7e14745e9aa4cf-00692c8fd5" "proxy-server 92965" 0.0093 "-" 96901 0
Nov 30 13:41:25 np0005540243.novalocal container-server[96606]: ::1 - - [30/Nov/2025:18:41:25 +0000] "PUT /2/51984/AUTH_d8c5e0069fac460689fc06414f238cc2/gnocchi.25f2c51a-7221-40ce-90b8-2f6501028393/1763640000.0_mean_300.0_v3" 201 - "PUT http://[::1]:8080/3/204728/AUTH_d8c5e0069fac460689fc06414f238cc2/gnocchi.25f2c51a-7221-40ce-90b8-2f6501028393/1763640000.0_mean_300.0_v3" "tx30932ea7e14745e9aa4cf-00692c8fd5" "object-server 96902" 0.0005 "-" 96606 0
Nov 30 13:41:25 np0005540243.novalocal container-server[96605]: ::1 - - [30/Nov/2025:18:41:25 +0000] "PUT /3/138793/AUTH_d8c5e0069fac460689fc06414f238cc2/gnocchi.1267bdb5-27b8-4cfe-aff6-5e6a21640663/1763640000.0_mean_300.0_v3" 201 - "PUT http://[::1]:8080/1/43396/AUTH_d8c5e0069fac460689fc06414f238cc2/gnocchi.1267bdb5-27b8-4cfe-aff6-5e6a21640663/1763640000.0_mean_300.0_v3" "txc07b089516a54907b5cd3-00692c8fd5" "object-server 96902" 0.0004 "-" 96605 0
Nov 30 13:41:25 np0005540243.novalocal object-server[96902]: ::1 - - [30/Nov/2025:18:41:25 +0000] "PUT /3/204728/AUTH_d8c5e0069fac460689fc06414f238cc2/gnocchi.25f2c51a-7221-40ce-90b8-2f6501028393/1763640000.0_mean_300.0_v3" 201 - "PUT http://[::1]:8080/v1/AUTH_d8c5e0069fac460689fc06414f238cc2/gnocchi.25f2c51a-7221-40ce-90b8-2f6501028393/1763640000.0_mean_300.0_v3" "tx30932ea7e14745e9aa4cf-00692c8fd5" "proxy-server 92965" 0.0139 "-" 96902 0
Nov 30 13:41:25 np0005540243.novalocal object-server[96902]: ::1 - - [30/Nov/2025:18:41:25 +0000] "PUT /1/43396/AUTH_d8c5e0069fac460689fc06414f238cc2/gnocchi.1267bdb5-27b8-4cfe-aff6-5e6a21640663/1763640000.0_mean_300.0_v3" 201 - "PUT http://[::1]:8080/v1/AUTH_d8c5e0069fac460689fc06414f238cc2/gnocchi.1267bdb5-27b8-4cfe-aff6-5e6a21640663/1763640000.0_mean_300.0_v3" "txc07b089516a54907b5cd3-00692c8fd5" "proxy-server 92966" 0.0209 "-" 96902 0
Nov 30 13:41:25 np0005540243.novalocal proxy-server[92965]: ::1 ::1 30/Nov/2025/18/41/25 PUT /v1/AUTH_d8c5e0069fac460689fc06414f238cc2/gnocchi.25f2c51a-7221-40ce-90b8-2f6501028393/1763640000.0_mean_300.0_v3 HTTP/1.0 201 - python-swiftclient-4.2.0 gAAAAABpLI9luiBC... 16 - - tx30932ea7e14745e9aa4cf-00692c8fd5 - 0.0243 - - 1764528085.413060188 1764528085.437336922 0
Nov 30 13:41:25 np0005540243.novalocal proxy-server[92966]: ::1 ::1 30/Nov/2025/18/41/25 PUT /v1/AUTH_d8c5e0069fac460689fc06414f238cc2/gnocchi.1267bdb5-27b8-4cfe-aff6-5e6a21640663/1763640000.0_mean_300.0_v3 HTTP/1.0 201 - python-swiftclient-4.2.0 gAAAAABpLI9eQPaN... 16 - - txc07b089516a54907b5cd3-00692c8fd5 - 0.0286 - - 1764528085.409040689 1764528085.437653303 0
Nov 30 13:41:25 np0005540243.novalocal container-server[96607]: ::1 - - [30/Nov/2025:18:41:25 +0000] "PUT /2/138793/AUTH_d8c5e0069fac460689fc06414f238cc2/gnocchi.1267bdb5-27b8-4cfe-aff6-5e6a21640663/none_v3" 201 - "PUT http://[::1]:8080/3/167796/AUTH_d8c5e0069fac460689fc06414f238cc2/gnocchi.1267bdb5-27b8-4cfe-aff6-5e6a21640663/none_v3" "txc8165448ee1c4252be8e8-00692c8fd5" "object-server 96900" 0.0004 "-" 96607 0
Nov 30 13:41:25 np0005540243.novalocal container-server[96608]: ::1 - - [30/Nov/2025:18:41:25 +0000] "PUT /1/138793/AUTH_d8c5e0069fac460689fc06414f238cc2/gnocchi.1267bdb5-27b8-4cfe-aff6-5e6a21640663/none_v3" 201 - "PUT http://[::1]:8080/1/167796/AUTH_d8c5e0069fac460689fc06414f238cc2/gnocchi.1267bdb5-27b8-4cfe-aff6-5e6a21640663/none_v3" "txc8165448ee1c4252be8e8-00692c8fd5" "object-server 96900" 0.0005 "-" 96608 0
Nov 30 13:41:25 np0005540243.novalocal container-server[96606]: ::1 - - [30/Nov/2025:18:41:25 +0000] "PUT /3/138793/AUTH_d8c5e0069fac460689fc06414f238cc2/gnocchi.1267bdb5-27b8-4cfe-aff6-5e6a21640663/none_v3" 201 - "PUT http://[::1]:8080/2/167796/AUTH_d8c5e0069fac460689fc06414f238cc2/gnocchi.1267bdb5-27b8-4cfe-aff6-5e6a21640663/none_v3" "txc8165448ee1c4252be8e8-00692c8fd5" "object-server 96902" 0.0005 "-" 96606 0
Nov 30 13:41:25 np0005540243.novalocal object-server[96900]: ::1 - - [30/Nov/2025:18:41:25 +0000] "PUT /3/167796/AUTH_d8c5e0069fac460689fc06414f238cc2/gnocchi.1267bdb5-27b8-4cfe-aff6-5e6a21640663/none_v3" 201 - "PUT http://[::1]:8080/v1/AUTH_d8c5e0069fac460689fc06414f238cc2/gnocchi.1267bdb5-27b8-4cfe-aff6-5e6a21640663/none_v3" "txc8165448ee1c4252be8e8-00692c8fd5" "proxy-server 92966" 0.0112 "-" 96900 0
Nov 30 13:41:25 np0005540243.novalocal container-server[96605]: ::1 - - [30/Nov/2025:18:41:25 +0000] "PUT /2/51984/AUTH_d8c5e0069fac460689fc06414f238cc2/gnocchi.25f2c51a-7221-40ce-90b8-2f6501028393/none_v3" 201 - "PUT http://[::1]:8080/2/203298/AUTH_d8c5e0069fac460689fc06414f238cc2/gnocchi.25f2c51a-7221-40ce-90b8-2f6501028393/none_v3" "tx5ead10aedda94861994c4-00692c8fd5" "object-server 96901" 0.0004 "-" 96605 0
Nov 30 13:41:25 np0005540243.novalocal object-server[96900]: ::1 - - [30/Nov/2025:18:41:25 +0000] "PUT /1/167796/AUTH_d8c5e0069fac460689fc06414f238cc2/gnocchi.1267bdb5-27b8-4cfe-aff6-5e6a21640663/none_v3" 201 - "PUT http://[::1]:8080/v1/AUTH_d8c5e0069fac460689fc06414f238cc2/gnocchi.1267bdb5-27b8-4cfe-aff6-5e6a21640663/none_v3" "txc8165448ee1c4252be8e8-00692c8fd5" "proxy-server 92966" 0.0107 "-" 96900 0
Nov 30 13:41:25 np0005540243.novalocal object-server[96902]: ::1 - - [30/Nov/2025:18:41:25 +0000] "PUT /2/167796/AUTH_d8c5e0069fac460689fc06414f238cc2/gnocchi.1267bdb5-27b8-4cfe-aff6-5e6a21640663/none_v3" 201 - "PUT http://[::1]:8080/v1/AUTH_d8c5e0069fac460689fc06414f238cc2/gnocchi.1267bdb5-27b8-4cfe-aff6-5e6a21640663/none_v3" "txc8165448ee1c4252be8e8-00692c8fd5" "proxy-server 92966" 0.0109 "-" 96902 0
Nov 30 13:41:25 np0005540243.novalocal object-server[96901]: ::1 - - [30/Nov/2025:18:41:25 +0000] "PUT /2/203298/AUTH_d8c5e0069fac460689fc06414f238cc2/gnocchi.25f2c51a-7221-40ce-90b8-2f6501028393/none_v3" 201 - "PUT http://[::1]:8080/v1/AUTH_d8c5e0069fac460689fc06414f238cc2/gnocchi.25f2c51a-7221-40ce-90b8-2f6501028393/none_v3" "tx5ead10aedda94861994c4-00692c8fd5" "proxy-server 92965" 0.0091 "-" 96901 0
Nov 30 13:41:25 np0005540243.novalocal proxy-server[92966]: ::1 ::1 30/Nov/2025/18/41/25 PUT /v1/AUTH_d8c5e0069fac460689fc06414f238cc2/gnocchi.1267bdb5-27b8-4cfe-aff6-5e6a21640663/none_v3 HTTP/1.0 201 - python-swiftclient-4.2.0 gAAAAABpLI9eQPaN... 32 - - txc8165448ee1c4252be8e8-00692c8fd5 - 0.0184 - - 1764528085.442326546 1764528085.460769653 0
Nov 30 13:41:25 np0005540243.novalocal container-server[96606]: ::1 - - [30/Nov/2025:18:41:25 +0000] "PUT /1/51984/AUTH_d8c5e0069fac460689fc06414f238cc2/gnocchi.25f2c51a-7221-40ce-90b8-2f6501028393/none_v3" 201 - "PUT http://[::1]:8080/3/203298/AUTH_d8c5e0069fac460689fc06414f238cc2/gnocchi.25f2c51a-7221-40ce-90b8-2f6501028393/none_v3" "tx5ead10aedda94861994c4-00692c8fd5" "object-server 96902" 0.0004 "-" 96606 0
Nov 30 13:41:25 np0005540243.novalocal object-server[96902]: ::1 - - [30/Nov/2025:18:41:25 +0000] "PUT /3/203298/AUTH_d8c5e0069fac460689fc06414f238cc2/gnocchi.25f2c51a-7221-40ce-90b8-2f6501028393/none_v3" 201 - "PUT http://[::1]:8080/v1/AUTH_d8c5e0069fac460689fc06414f238cc2/gnocchi.25f2c51a-7221-40ce-90b8-2f6501028393/none_v3" "tx5ead10aedda94861994c4-00692c8fd5" "proxy-server 92965" 0.0142 "-" 96902 0
Nov 30 13:41:25 np0005540243.novalocal container-server[96608]: ::1 - - [30/Nov/2025:18:41:25 +0000] "PUT /3/51984/AUTH_d8c5e0069fac460689fc06414f238cc2/gnocchi.25f2c51a-7221-40ce-90b8-2f6501028393/none_v3" 201 - "PUT http://[::1]:8080/1/203298/AUTH_d8c5e0069fac460689fc06414f238cc2/gnocchi.25f2c51a-7221-40ce-90b8-2f6501028393/none_v3" "tx5ead10aedda94861994c4-00692c8fd5" "object-server 96902" 0.0005 "-" 96608 0
Nov 30 13:41:25 np0005540243.novalocal object-server[96902]: ::1 - - [30/Nov/2025:18:41:25 +0000] "PUT /1/203298/AUTH_d8c5e0069fac460689fc06414f238cc2/gnocchi.25f2c51a-7221-40ce-90b8-2f6501028393/none_v3" 201 - "PUT http://[::1]:8080/v1/AUTH_d8c5e0069fac460689fc06414f238cc2/gnocchi.25f2c51a-7221-40ce-90b8-2f6501028393/none_v3" "tx5ead10aedda94861994c4-00692c8fd5" "proxy-server 92965" 0.0192 "-" 96902 0
Nov 30 13:41:25 np0005540243.novalocal proxy-server[92965]: ::1 ::1 30/Nov/2025/18/41/25 PUT /v1/AUTH_d8c5e0069fac460689fc06414f238cc2/gnocchi.25f2c51a-7221-40ce-90b8-2f6501028393/none_v3 HTTP/1.0 201 - python-swiftclient-4.2.0 gAAAAABpLI9luiBC... 32 - - tx5ead10aedda94861994c4-00692c8fd5 - 0.0272 - - 1764528085.439364910 1764528085.466585159 0
Nov 30 13:41:25 np0005540243.novalocal object-server[96902]: ::1 - - [30/Nov/2025:18:41:25 +0000] "GET /1/54093/AUTH_d8c5e0069fac460689fc06414f238cc2/gnocchi.f88415a5-2e15-4328-8e1c-25199d96126a/none_v3" 200 22 "GET http://[::1]:8080/v1/AUTH_d8c5e0069fac460689fc06414f238cc2/gnocchi.f88415a5-2e15-4328-8e1c-25199d96126a/none_v3" "tx71058ed808ca4564af108-00692c8fd5" "proxy-server 92966" 0.0010 "-" 96902 0
Nov 30 13:41:25 np0005540243.novalocal proxy-server[92966]: ::1 ::1 30/Nov/2025/18/41/25 GET /v1/AUTH_d8c5e0069fac460689fc06414f238cc2/gnocchi.f88415a5-2e15-4328-8e1c-25199d96126a/none_v3 HTTP/1.0 200 - python-swiftclient-4.2.0 gAAAAABpLI9eQPaN... - 22 - tx71058ed808ca4564af108-00692c8fd5 - 0.0087 - - 1764528085.468548536 1764528085.477221012 0
Nov 30 13:41:25 np0005540243.novalocal object-server[96902]: ::1 - - [30/Nov/2025:18:41:25 +0000] "GET /3/77384/AUTH_d8c5e0069fac460689fc06414f238cc2/gnocchi.17d8f2c2-3599-4991-a4a8-6eef16e0edc0/none_v3" 200 22 "GET http://[::1]:8080/v1/AUTH_d8c5e0069fac460689fc06414f238cc2/gnocchi.17d8f2c2-3599-4991-a4a8-6eef16e0edc0/none_v3" "tx9bdce8b5ac114f089f643-00692c8fd5" "proxy-server 92965" 0.0007 "-" 96902 0
Nov 30 13:41:25 np0005540243.novalocal proxy-server[92965]: ::1 ::1 30/Nov/2025/18/41/25 GET /v1/AUTH_d8c5e0069fac460689fc06414f238cc2/gnocchi.17d8f2c2-3599-4991-a4a8-6eef16e0edc0/none_v3 HTTP/1.0 200 - python-swiftclient-4.2.0 gAAAAABpLI9luiBC... - 22 - tx9bdce8b5ac114f089f643-00692c8fd5 - 0.0083 - - 1764528085.476621389 1764528085.484914541 0
Nov 30 13:41:25 np0005540243.novalocal kernel: qvb88b749cb-be: left allmulticast mode
Nov 30 13:41:25 np0005540243.novalocal kernel: qvb88b749cb-be: left promiscuous mode
Nov 30 13:41:25 np0005540243.novalocal kernel: qbr88b749cb-be: port 1(qvb88b749cb-be) entered disabled state
Nov 30 13:41:25 np0005540243.novalocal container-server[96607]: ::1 - - [30/Nov/2025:18:41:25 +0000] "GET /2/16009/AUTH_d8c5e0069fac460689fc06414f238cc2/gnocchi.f88415a5-2e15-4328-8e1c-25199d96126a" 200 357 "GET http://[::1]:8080/v1/AUTH_d8c5e0069fac460689fc06414f238cc2/gnocchi.f88415a5-2e15-4328-8e1c-25199d96126a?format=json&states=listing" "txa5597c2cb88e4950821b5-00692c8fd5" "proxy-server 92966" 0.0136 "-" 96607 0
Nov 30 13:41:25 np0005540243.novalocal proxy-server[92966]: ::1 ::1 30/Nov/2025/18/41/25 GET /v1/AUTH_d8c5e0069fac460689fc06414f238cc2/gnocchi.f88415a5-2e15-4328-8e1c-25199d96126a%3Fformat%3Djson%26states%3Dlisting HTTP/1.0 200 - python-swiftclient-4.2.0 gAAAAABpLI9eQPaN... - 357 - txa5597c2cb88e4950821b5-00692c8fd5 - 0.0201 - - 1764528085.481420994 1764528085.501533508 0
Nov 30 13:41:25 np0005540243.novalocal NetworkManager[856]: [1764528085.5060] device (qbr88b749cb-be): bridge port qvb88b749cb-be was detached
Nov 30 13:41:25 np0005540243.novalocal NetworkManager[856]: [1764528085.5065] device (qbr88b749cb-be): state change: activated -> unmanaged (reason 'unmanaged', managed-type: 'removed')
Nov 30 13:41:25 np0005540243.novalocal container-server[96607]: ::1 - - [30/Nov/2025:18:41:25 +0000] "GET /1/229104/AUTH_d8c5e0069fac460689fc06414f238cc2/gnocchi.17d8f2c2-3599-4991-a4a8-6eef16e0edc0" 200 357 "GET http://[::1]:8080/v1/AUTH_d8c5e0069fac460689fc06414f238cc2/gnocchi.17d8f2c2-3599-4991-a4a8-6eef16e0edc0?format=json&states=listing" "txdb42f63c91bc4c9a92911-00692c8fd5" "proxy-server 92965" 0.0113 "-" 96607 0
Nov 30 13:41:25 np0005540243.novalocal container-server[96608]: ::1 - - [30/Nov/2025:18:41:25 +0000] "GET /2/16009/AUTH_d8c5e0069fac460689fc06414f238cc2/gnocchi.f88415a5-2e15-4328-8e1c-25199d96126a" 200 2 "GET http://[::1]:8080/v1/AUTH_d8c5e0069fac460689fc06414f238cc2/gnocchi.f88415a5-2e15-4328-8e1c-25199d96126a?format=json&marker=none_v3&states=listing" "tx1de5d3c3645b4c7f85506-00692c8fd5" "proxy-server 92966" 0.0026 "-" 96608 0
Nov 30 13:41:25 np0005540243.novalocal proxy-server[92965]: ::1 ::1 30/Nov/2025/18/41/25 GET /v1/AUTH_d8c5e0069fac460689fc06414f238cc2/gnocchi.17d8f2c2-3599-4991-a4a8-6eef16e0edc0%3Fformat%3Djson%26states%3Dlisting HTTP/1.0 200 - python-swiftclient-4.2.0 gAAAAABpLI9luiBC... - 357 - txdb42f63c91bc4c9a92911-00692c8fd5 - 0.0250 - - 1764528085.488449097 1764528085.513489962 0
Nov 30 13:41:25 np0005540243.novalocal proxy-server[92966]: ::1 ::1 30/Nov/2025/18/41/25 GET /v1/AUTH_d8c5e0069fac460689fc06414f238cc2/gnocchi.f88415a5-2e15-4328-8e1c-25199d96126a%3Fformat%3Djson%26marker%3Dnone_v3%26states%3Dlisting HTTP/1.0 200 - python-swiftclient-4.2.0 gAAAAABpLI9eQPaN... - 2 - tx1de5d3c3645b4c7f85506-00692c8fd5 - 0.0110 - - 1764528085.503416300 1764528085.514458895 0
Nov 30 13:41:25 np0005540243.novalocal kernel: qvo88b749cb-be: left promiscuous mode
Nov 30 13:41:25 np0005540243.novalocal object-server[96902]: ::1 - - [30/Nov/2025:18:41:25 +0000] "GET /3/171175/AUTH_d8c5e0069fac460689fc06414f238cc2/gnocchi.f88415a5-2e15-4328-8e1c-25199d96126a/1763640000.0_mean_300.0_v3" 200 16 "GET http://[::1]:8080/v1/AUTH_d8c5e0069fac460689fc06414f238cc2/gnocchi.f88415a5-2e15-4328-8e1c-25199d96126a/1763640000.0_mean_300.0_v3" "txd7661123a63645ceb9b85-00692c8fd5" "proxy-server 92966" 0.0008 "-" 96902 0
Nov 30 13:41:25 np0005540243.novalocal proxy-server[92966]: ::1 ::1 30/Nov/2025/18/41/25 GET /v1/AUTH_d8c5e0069fac460689fc06414f238cc2/gnocchi.f88415a5-2e15-4328-8e1c-25199d96126a/1763640000.0_mean_300.0_v3 HTTP/1.0 200 - python-swiftclient-4.2.0 gAAAAABpLI9eQPaN... - 16 - txd7661123a63645ceb9b85-00692c8fd5 - 0.0094 - - 1764528085.518279076 1764528085.527721882 0
Nov 30 13:41:25 np0005540243.novalocal container-server[96607]: ::1 - - [30/Nov/2025:18:41:25 +0000] "GET /3/229104/AUTH_d8c5e0069fac460689fc06414f238cc2/gnocchi.17d8f2c2-3599-4991-a4a8-6eef16e0edc0" 200 2 "GET http://[::1]:8080/v1/AUTH_d8c5e0069fac460689fc06414f238cc2/gnocchi.17d8f2c2-3599-4991-a4a8-6eef16e0edc0?format=json&marker=none_v3&states=listing" "tx6dc9a3c203714e2a913d5-00692c8fd5" "proxy-server 92965" 0.0079 "-" 96607 0
Nov 30 13:41:25 np0005540243.novalocal proxy-server[92965]: ::1 ::1 30/Nov/2025/18/41/25 GET /v1/AUTH_d8c5e0069fac460689fc06414f238cc2/gnocchi.17d8f2c2-3599-4991-a4a8-6eef16e0edc0%3Fformat%3Djson%26marker%3Dnone_v3%26states%3Dlisting HTTP/1.0 200 - python-swiftclient-4.2.0 gAAAAABpLI9luiBC... - 2 - tx6dc9a3c203714e2a913d5-00692c8fd5 - 0.0138 - - 1764528085.517470360 1764528085.531287670 0
Nov 30 13:41:25 np0005540243.novalocal object-server[96901]: ::1 - - [30/Nov/2025:18:41:25 +0000] "GET /2/255334/AUTH_d8c5e0069fac460689fc06414f238cc2/gnocchi.17d8f2c2-3599-4991-a4a8-6eef16e0edc0/1763640000.0_mean_300.0_v3" 200 16 "GET http://[::1]:8080/v1/AUTH_d8c5e0069fac460689fc06414f238cc2/gnocchi.17d8f2c2-3599-4991-a4a8-6eef16e0edc0/1763640000.0_mean_300.0_v3" "txf751268205324a2e94e5c-00692c8fd5" "proxy-server 92965" 0.0007 "-" 96901 0
Nov 30 13:41:25 np0005540243.novalocal proxy-server[92965]: ::1 ::1 30/Nov/2025/18/41/25 GET /v1/AUTH_d8c5e0069fac460689fc06414f238cc2/gnocchi.17d8f2c2-3599-4991-a4a8-6eef16e0edc0/1763640000.0_mean_300.0_v3 HTTP/1.0 200 - python-swiftclient-4.2.0 gAAAAABpLI9luiBC... - 16 - txf751268205324a2e94e5c-00692c8fd5 - 0.0072 - - 1764528085.533986330 1764528085.541187525 0
Nov 30 13:41:25 np0005540243.novalocal container-server[96607]: ::1 - - [30/Nov/2025:18:41:25 +0000] "PUT /3/16009/AUTH_d8c5e0069fac460689fc06414f238cc2/gnocchi.f88415a5-2e15-4328-8e1c-25199d96126a/1763640000.0_mean_300.0_v3" 201 - "PUT http://[::1]:8080/3/171175/AUTH_d8c5e0069fac460689fc06414f238cc2/gnocchi.f88415a5-2e15-4328-8e1c-25199d96126a/1763640000.0_mean_300.0_v3" "tx3b7cbb4c58e1478cbd13f-00692c8fd5" "object-server 96901" 0.0005 "-" 96607 0
Nov 30 13:41:25 np0005540243.novalocal object-server[96901]: ::1 - - [30/Nov/2025:18:41:25 +0000] "PUT /3/171175/AUTH_d8c5e0069fac460689fc06414f238cc2/gnocchi.f88415a5-2e15-4328-8e1c-25199d96126a/1763640000.0_mean_300.0_v3" 201 - "PUT http://[::1]:8080/v1/AUTH_d8c5e0069fac460689fc06414f238cc2/gnocchi.f88415a5-2e15-4328-8e1c-25199d96126a/1763640000.0_mean_300.0_v3" "tx3b7cbb4c58e1478cbd13f-00692c8fd5" "proxy-server 92966" 0.0112 "-" 96901 0
Nov 30 13:41:25 np0005540243.novalocal container-server[96608]: ::1 - - [30/Nov/2025:18:41:25 +0000] "PUT /1/16009/AUTH_d8c5e0069fac460689fc06414f238cc2/gnocchi.f88415a5-2e15-4328-8e1c-25199d96126a/1763640000.0_mean_300.0_v3" 201 - "PUT http://[::1]:8080/1/171175/AUTH_d8c5e0069fac460689fc06414f238cc2/gnocchi.f88415a5-2e15-4328-8e1c-25199d96126a/1763640000.0_mean_300.0_v3" "tx3b7cbb4c58e1478cbd13f-00692c8fd5" "object-server 96899" 0.0005 "-" 96608 0
Nov 30 13:41:25 np0005540243.novalocal object-server[96899]: ::1 - - [30/Nov/2025:18:41:25 +0000] "PUT /1/171175/AUTH_d8c5e0069fac460689fc06414f238cc2/gnocchi.f88415a5-2e15-4328-8e1c-25199d96126a/1763640000.0_mean_300.0_v3" 201 - "PUT http://[::1]:8080/v1/AUTH_d8c5e0069fac460689fc06414f238cc2/gnocchi.f88415a5-2e15-4328-8e1c-25199d96126a/1763640000.0_mean_300.0_v3" "tx3b7cbb4c58e1478cbd13f-00692c8fd5" "proxy-server 92966" 0.0164 "-" 96899 0
Nov 30 13:41:25 np0005540243.novalocal container-server[96608]: ::1 - - [30/Nov/2025:18:41:25 +0000] "PUT /2/16009/AUTH_d8c5e0069fac460689fc06414f238cc2/gnocchi.f88415a5-2e15-4328-8e1c-25199d96126a/1763640000.0_mean_300.0_v3" 201 - "PUT http://[::1]:8080/2/171175/AUTH_d8c5e0069fac460689fc06414f238cc2/gnocchi.f88415a5-2e15-4328-8e1c-25199d96126a/1763640000.0_mean_300.0_v3" "tx3b7cbb4c58e1478cbd13f-00692c8fd5" "object-server 96901" 0.0016 "-" 96608 0
Nov 30 13:41:25 np0005540243.novalocal object-server[96901]: ::1 - - [30/Nov/2025:18:41:25 +0000] "PUT /2/171175/AUTH_d8c5e0069fac460689fc06414f238cc2/gnocchi.f88415a5-2e15-4328-8e1c-25199d96126a/1763640000.0_mean_300.0_v3" 201 - "PUT http://[::1]:8080/v1/AUTH_d8c5e0069fac460689fc06414f238cc2/gnocchi.f88415a5-2e15-4328-8e1c-25199d96126a/1763640000.0_mean_300.0_v3" "tx3b7cbb4c58e1478cbd13f-00692c8fd5" "proxy-server 92966" 0.0163 "-" 96901 0
Nov 30 13:41:25 np0005540243.novalocal proxy-server[92966]: ::1 ::1 30/Nov/2025/18/41/25 PUT /v1/AUTH_d8c5e0069fac460689fc06414f238cc2/gnocchi.f88415a5-2e15-4328-8e1c-25199d96126a/1763640000.0_mean_300.0_v3 HTTP/1.0 201 - python-swiftclient-4.2.0 gAAAAABpLI9eQPaN... 16 - - tx3b7cbb4c58e1478cbd13f-00692c8fd5 - 0.0289 - - 1764528085.530095339 1764528085.558966875 0
Nov 30 13:41:25 np0005540243.novalocal container-server[96608]: ::1 - - [30/Nov/2025:18:41:25 +0000] "PUT /2/229104/AUTH_d8c5e0069fac460689fc06414f238cc2/gnocchi.17d8f2c2-3599-4991-a4a8-6eef16e0edc0/1763640000.0_mean_300.0_v3" 201 - "PUT http://[::1]:8080/2/255334/AUTH_d8c5e0069fac460689fc06414f238cc2/gnocchi.17d8f2c2-3599-4991-a4a8-6eef16e0edc0/1763640000.0_mean_300.0_v3" "txbeea53848a3b40c1a25f9-00692c8fd5" "object-server 96900" 0.0005 "-" 96608 0
Nov 30 13:41:25 np0005540243.novalocal container-server[96605]: ::1 - - [30/Nov/2025:18:41:25 +0000] "PUT /3/229104/AUTH_d8c5e0069fac460689fc06414f238cc2/gnocchi.17d8f2c2-3599-4991-a4a8-6eef16e0edc0/1763640000.0_mean_300.0_v3" 201 - "PUT http://[::1]:8080/1/255334/AUTH_d8c5e0069fac460689fc06414f238cc2/gnocchi.17d8f2c2-3599-4991-a4a8-6eef16e0edc0/1763640000.0_mean_300.0_v3" "txbeea53848a3b40c1a25f9-00692c8fd5" "object-server 96901" 0.0005 "-" 96605 0
Nov 30 13:41:25 np0005540243.novalocal object-server[96901]: ::1 - - [30/Nov/2025:18:41:25 +0000] "PUT /1/255334/AUTH_d8c5e0069fac460689fc06414f238cc2/gnocchi.17d8f2c2-3599-4991-a4a8-6eef16e0edc0/1763640000.0_mean_300.0_v3" 201 - "PUT http://[::1]:8080/v1/AUTH_d8c5e0069fac460689fc06414f238cc2/gnocchi.17d8f2c2-3599-4991-a4a8-6eef16e0edc0/1763640000.0_mean_300.0_v3" "txbeea53848a3b40c1a25f9-00692c8fd5" "proxy-server 92965" 0.0094 "-" 96901 0
Nov 30 13:41:25 np0005540243.novalocal object-server[96900]: ::1 - - [30/Nov/2025:18:41:25 +0000] "PUT /2/255334/AUTH_d8c5e0069fac460689fc06414f238cc2/gnocchi.17d8f2c2-3599-4991-a4a8-6eef16e0edc0/1763640000.0_mean_300.0_v3" 201 - "PUT http://[::1]:8080/v1/AUTH_d8c5e0069fac460689fc06414f238cc2/gnocchi.17d8f2c2-3599-4991-a4a8-6eef16e0edc0/1763640000.0_mean_300.0_v3" "txbeea53848a3b40c1a25f9-00692c8fd5" "proxy-server 92965" 0.0100 "-" 96900 0
Nov 30 13:41:25 np0005540243.novalocal container-server[96605]: ::1 - - [30/Nov/2025:18:41:25 +0000] "PUT /1/229104/AUTH_d8c5e0069fac460689fc06414f238cc2/gnocchi.17d8f2c2-3599-4991-a4a8-6eef16e0edc0/1763640000.0_mean_300.0_v3" 201 - "PUT http://[::1]:8080/3/255334/AUTH_d8c5e0069fac460689fc06414f238cc2/gnocchi.17d8f2c2-3599-4991-a4a8-6eef16e0edc0/1763640000.0_mean_300.0_v3" "txbeea53848a3b40c1a25f9-00692c8fd5" "object-server 96902" 0.0004 "-" 96605 0
Nov 30 13:41:25 np0005540243.novalocal object-server[96902]: ::1 - - [30/Nov/2025:18:41:25 +0000] "PUT /3/255334/AUTH_d8c5e0069fac460689fc06414f238cc2/gnocchi.17d8f2c2-3599-4991-a4a8-6eef16e0edc0/1763640000.0_mean_300.0_v3" 201 - "PUT http://[::1]:8080/v1/AUTH_d8c5e0069fac460689fc06414f238cc2/gnocchi.17d8f2c2-3599-4991-a4a8-6eef16e0edc0/1763640000.0_mean_300.0_v3" "txbeea53848a3b40c1a25f9-00692c8fd5" "proxy-server 92965" 0.0200 "-" 96902 0
Nov 30 13:41:25 np0005540243.novalocal proxy-server[92965]: ::1 ::1 30/Nov/2025/18/41/25 PUT /v1/AUTH_d8c5e0069fac460689fc06414f238cc2/gnocchi.17d8f2c2-3599-4991-a4a8-6eef16e0edc0/1763640000.0_mean_300.0_v3 HTTP/1.0 201 - python-swiftclient-4.2.0 gAAAAABpLI9luiBC... 16 - - txbeea53848a3b40c1a25f9-00692c8fd5 - 0.0307 - - 1764528085.542908192 1764528085.573610783 0
Nov 30 13:41:25 np0005540243.novalocal container-server[96608]: ::1 - - [30/Nov/2025:18:41:25 +0000] "PUT /3/16009/AUTH_d8c5e0069fac460689fc06414f238cc2/gnocchi.f88415a5-2e15-4328-8e1c-25199d96126a/none_v3" 201 - "PUT http://[::1]:8080/1/54093/AUTH_d8c5e0069fac460689fc06414f238cc2/gnocchi.f88415a5-2e15-4328-8e1c-25199d96126a/none_v3" "tx784aff817f1a432fae802-00692c8fd5" "object-server 96901" 0.0005 "-" 96608 0
Nov 30 13:41:25 np0005540243.novalocal object-server[96901]: ::1 - - [30/Nov/2025:18:41:25 +0000] "PUT /1/54093/AUTH_d8c5e0069fac460689fc06414f238cc2/gnocchi.f88415a5-2e15-4328-8e1c-25199d96126a/none_v3" 201 - "PUT http://[::1]:8080/v1/AUTH_d8c5e0069fac460689fc06414f238cc2/gnocchi.f88415a5-2e15-4328-8e1c-25199d96126a/none_v3" "tx784aff817f1a432fae802-00692c8fd5" "proxy-server 92966" 0.0088 "-" 96901 0
Nov 30 13:41:25 np0005540243.novalocal container-server[96605]: ::1 - - [30/Nov/2025:18:41:25 +0000] "PUT /2/16009/AUTH_d8c5e0069fac460689fc06414f238cc2/gnocchi.f88415a5-2e15-4328-8e1c-25199d96126a/none_v3" 201 - "PUT http://[::1]:8080/2/54093/AUTH_d8c5e0069fac460689fc06414f238cc2/gnocchi.f88415a5-2e15-4328-8e1c-25199d96126a/none_v3" "tx784aff817f1a432fae802-00692c8fd5" "object-server 96902" 0.0004 "-" 96605 0
Nov 30 13:41:25 np0005540243.novalocal container-server[96607]: ::1 - - [30/Nov/2025:18:41:25 +0000] "PUT /1/16009/AUTH_d8c5e0069fac460689fc06414f238cc2/gnocchi.f88415a5-2e15-4328-8e1c-25199d96126a/none_v3" 201 - "PUT http://[::1]:8080/3/54093/AUTH_d8c5e0069fac460689fc06414f238cc2/gnocchi.f88415a5-2e15-4328-8e1c-25199d96126a/none_v3" "tx784aff817f1a432fae802-00692c8fd5" "object-server 96902" 0.0005 "-" 96607 0
Nov 30 13:41:25 np0005540243.novalocal object-server[96902]: ::1 - - [30/Nov/2025:18:41:25 +0000] "PUT /3/54093/AUTH_d8c5e0069fac460689fc06414f238cc2/gnocchi.f88415a5-2e15-4328-8e1c-25199d96126a/none_v3" 201 - "PUT http://[::1]:8080/v1/AUTH_d8c5e0069fac460689fc06414f238cc2/gnocchi.f88415a5-2e15-4328-8e1c-25199d96126a/none_v3" "tx784aff817f1a432fae802-00692c8fd5" "proxy-server 92966" 0.0122 "-" 96902 0
Nov 30 13:41:25 np0005540243.novalocal object-server[96902]: ::1 - - [30/Nov/2025:18:41:25 +0000] "PUT /2/54093/AUTH_d8c5e0069fac460689fc06414f238cc2/gnocchi.f88415a5-2e15-4328-8e1c-25199d96126a/none_v3" 201 - "PUT http://[::1]:8080/v1/AUTH_d8c5e0069fac460689fc06414f238cc2/gnocchi.f88415a5-2e15-4328-8e1c-25199d96126a/none_v3" "tx784aff817f1a432fae802-00692c8fd5" "proxy-server 92966" 0.0154 "-" 96902 0
Nov 30 13:41:25 np0005540243.novalocal proxy-server[92966]: ::1 ::1 30/Nov/2025/18/41/25 PUT /v1/AUTH_d8c5e0069fac460689fc06414f238cc2/gnocchi.f88415a5-2e15-4328-8e1c-25199d96126a/none_v3 HTTP/1.0 201 - python-swiftclient-4.2.0 gAAAAABpLI9eQPaN... 31 - - tx784aff817f1a432fae802-00692c8fd5 - 0.0222 - - 1764528085.562372208 1764528085.584529638 0
Nov 30 13:41:25 np0005540243.novalocal container-server[96607]: ::1 - - [30/Nov/2025:18:41:25 +0000] "PUT /2/229104/AUTH_d8c5e0069fac460689fc06414f238cc2/gnocchi.17d8f2c2-3599-4991-a4a8-6eef16e0edc0/none_v3" 201 - "PUT http://[::1]:8080/2/77384/AUTH_d8c5e0069fac460689fc06414f238cc2/gnocchi.17d8f2c2-3599-4991-a4a8-6eef16e0edc0/none_v3" "txeb90b332a1e8419cbc89a-00692c8fd5" "object-server 96902" 0.0004 "-" 96607 0
Nov 30 13:41:25 np0005540243.novalocal object-server[96902]: ::1 - - [30/Nov/2025:18:41:25 +0000] "PUT /2/77384/AUTH_d8c5e0069fac460689fc06414f238cc2/gnocchi.17d8f2c2-3599-4991-a4a8-6eef16e0edc0/none_v3" 201 - "PUT http://[::1]:8080/v1/AUTH_d8c5e0069fac460689fc06414f238cc2/gnocchi.17d8f2c2-3599-4991-a4a8-6eef16e0edc0/none_v3" "txeb90b332a1e8419cbc89a-00692c8fd5" "proxy-server 92965" 0.0094 "-" 96902 0
Nov 30 13:41:25 np0005540243.novalocal container-server[96606]: ::1 - - [30/Nov/2025:18:41:25 +0000] "PUT /1/229104/AUTH_d8c5e0069fac460689fc06414f238cc2/gnocchi.17d8f2c2-3599-4991-a4a8-6eef16e0edc0/none_v3" 201 - "PUT http://[::1]:8080/1/77384/AUTH_d8c5e0069fac460689fc06414f238cc2/gnocchi.17d8f2c2-3599-4991-a4a8-6eef16e0edc0/none_v3" "txeb90b332a1e8419cbc89a-00692c8fd5" "object-server 96901" 0.0005 "-" 96606 0
Nov 30 13:41:25 np0005540243.novalocal object-server[96901]: ::1 - - [30/Nov/2025:18:41:25 +0000] "PUT /1/77384/AUTH_d8c5e0069fac460689fc06414f238cc2/gnocchi.17d8f2c2-3599-4991-a4a8-6eef16e0edc0/none_v3" 201 - "PUT http://[::1]:8080/v1/AUTH_d8c5e0069fac460689fc06414f238cc2/gnocchi.17d8f2c2-3599-4991-a4a8-6eef16e0edc0/none_v3" "txeb90b332a1e8419cbc89a-00692c8fd5" "proxy-server 92965" 0.0133 "-" 96901 0
Nov 30 13:41:25 np0005540243.novalocal container-server[96608]: ::1 - - [30/Nov/2025:18:41:25 +0000] "PUT /3/229104/AUTH_d8c5e0069fac460689fc06414f238cc2/gnocchi.17d8f2c2-3599-4991-a4a8-6eef16e0edc0/none_v3" 201 - "PUT http://[::1]:8080/3/77384/AUTH_d8c5e0069fac460689fc06414f238cc2/gnocchi.17d8f2c2-3599-4991-a4a8-6eef16e0edc0/none_v3" "txeb90b332a1e8419cbc89a-00692c8fd5" "object-server 96899" 0.0007 "-" 96608 0
Nov 30 13:41:25 np0005540243.novalocal object-server[96899]: ::1 - - [30/Nov/2025:18:41:25 +0000] "PUT /3/77384/AUTH_d8c5e0069fac460689fc06414f238cc2/gnocchi.17d8f2c2-3599-4991-a4a8-6eef16e0edc0/none_v3" 201 - "PUT http://[::1]:8080/v1/AUTH_d8c5e0069fac460689fc06414f238cc2/gnocchi.17d8f2c2-3599-4991-a4a8-6eef16e0edc0/none_v3" "txeb90b332a1e8419cbc89a-00692c8fd5" "proxy-server 92965" 0.0149 "-" 96899 0
Nov 30 13:41:25 np0005540243.novalocal proxy-server[92965]: ::1 ::1 30/Nov/2025/18/41/25 PUT /v1/AUTH_d8c5e0069fac460689fc06414f238cc2/gnocchi.17d8f2c2-3599-4991-a4a8-6eef16e0edc0/none_v3 HTTP/1.0 201 - python-swiftclient-4.2.0 gAAAAABpLI9luiBC... 27 - - txeb90b332a1e8419cbc89a-00692c8fd5 - 0.0228 - - 1764528085.575968742 1764528085.598791122 0
Nov 30 13:41:26 np0005540243.novalocal kernel: tap9ea17d2d-45: entered promiscuous mode
Nov 30 13:41:26 np0005540243.novalocal NetworkManager[856]: [1764528086.5320] manager: (tap9ea17d2d-45): 'openvswitch' plugin not available; creating generic device
Nov 30 13:41:26 np0005540243.novalocal NetworkManager[856]: [1764528086.5339] manager: (tap9ea17d2d-45): new Generic device (/org/freedesktop/NetworkManager/Devices/49)
Nov 30 13:41:26 np0005540243.novalocal systemd-udevd[105702]: Network interface NamePolicy= disabled on kernel command line.
Nov 30 13:41:26 np0005540243.novalocal kernel: tap630e93ec-dc: entered promiscuous mode
Nov 30 13:41:26 np0005540243.novalocal NetworkManager[856]: [1764528086.7027] manager: (tap630e93ec-dc): 'openvswitch' plugin not available; creating generic device
Nov 30 13:41:26 np0005540243.novalocal NetworkManager[856]: [1764528086.7039] manager: (tap630e93ec-dc): new Generic device (/org/freedesktop/NetworkManager/Devices/50)
Nov 30 13:41:26 np0005540243.novalocal dnsmasq[105245]: read /var/lib/neutron/dhcp/7c78a580-36b4-4fe4-b020-6b19fcbfd3b0/addn_hosts - 1 addresses
Nov 30 13:41:26 np0005540243.novalocal dnsmasq-dhcp[105245]: read /var/lib/neutron/dhcp/7c78a580-36b4-4fe4-b020-6b19fcbfd3b0/host
Nov 30 13:41:26 np0005540243.novalocal dnsmasq-dhcp[105245]: read /var/lib/neutron/dhcp/7c78a580-36b4-4fe4-b020-6b19fcbfd3b0/opts
Nov 30 13:41:26 np0005540243.novalocal object-server[96902]: ::1 - - [30/Nov/2025:18:41:26 +0000] "GET /3/167796/AUTH_d8c5e0069fac460689fc06414f238cc2/gnocchi.1267bdb5-27b8-4cfe-aff6-5e6a21640663/none_v3" 200 32 "GET http://[::1]:8080/v1/AUTH_d8c5e0069fac460689fc06414f238cc2/gnocchi.1267bdb5-27b8-4cfe-aff6-5e6a21640663/none_v3" "txb4c108c157f14a11af28d-00692c8fd6" "proxy-server 92965" 0.0006 "-" 96902 0
Nov 30 13:41:26 np0005540243.novalocal proxy-server[92965]: ::1 ::1 30/Nov/2025/18/41/26 GET /v1/AUTH_d8c5e0069fac460689fc06414f238cc2/gnocchi.1267bdb5-27b8-4cfe-aff6-5e6a21640663/none_v3 HTTP/1.0 200 - python-swiftclient-4.2.0 gAAAAABpLI9luiBC... - 32 - txb4c108c157f14a11af28d-00692c8fd6 - 0.0090 - - 1764528086.845971346 1764528086.854927540 0
Nov 30 13:41:26 np0005540243.novalocal object-server[96902]: ::1 - - [30/Nov/2025:18:41:26 +0000] "GET /3/203298/AUTH_d8c5e0069fac460689fc06414f238cc2/gnocchi.25f2c51a-7221-40ce-90b8-2f6501028393/none_v3" 200 32 "GET http://[::1]:8080/v1/AUTH_d8c5e0069fac460689fc06414f238cc2/gnocchi.25f2c51a-7221-40ce-90b8-2f6501028393/none_v3" "tx9c0df482172b426794b65-00692c8fd6" "proxy-server 92966" 0.0005 "-" 96902 0
Nov 30 13:41:26 np0005540243.novalocal proxy-server[92966]: ::1 ::1 30/Nov/2025/18/41/26 GET /v1/AUTH_d8c5e0069fac460689fc06414f238cc2/gnocchi.25f2c51a-7221-40ce-90b8-2f6501028393/none_v3 HTTP/1.0 200 - python-swiftclient-4.2.0 gAAAAABpLI9eQPaN... - 32 - tx9c0df482172b426794b65-00692c8fd6 - 0.0093 - - 1764528086.850524664 1764528086.859871387 0
Nov 30 13:41:26 np0005540243.novalocal container-server[96606]: ::1 - - [30/Nov/2025:18:41:26 +0000] "GET /1/138793/AUTH_d8c5e0069fac460689fc06414f238cc2/gnocchi.1267bdb5-27b8-4cfe-aff6-5e6a21640663" 200 357 "GET http://[::1]:8080/v1/AUTH_d8c5e0069fac460689fc06414f238cc2/gnocchi.1267bdb5-27b8-4cfe-aff6-5e6a21640663?format=json&states=listing" "tx8e23cbbe32c34f02a4f83-00692c8fd6" "proxy-server 92965" 0.0153 "-" 96606 0
Nov 30 13:41:26 np0005540243.novalocal container-server[96606]: ::1 - - [30/Nov/2025:18:41:26 +0000] "GET /1/51984/AUTH_d8c5e0069fac460689fc06414f238cc2/gnocchi.25f2c51a-7221-40ce-90b8-2f6501028393" 200 357 "GET http://[::1]:8080/v1/AUTH_d8c5e0069fac460689fc06414f238cc2/gnocchi.25f2c51a-7221-40ce-90b8-2f6501028393?format=json&states=listing" "tx899e97e09e7948e79fc4d-00692c8fd6" "proxy-server 92966" 0.0108 "-" 96606 0
Nov 30 13:41:26 np0005540243.novalocal proxy-server[92965]: ::1 ::1 30/Nov/2025/18/41/26 GET /v1/AUTH_d8c5e0069fac460689fc06414f238cc2/gnocchi.1267bdb5-27b8-4cfe-aff6-5e6a21640663%3Fformat%3Djson%26states%3Dlisting HTTP/1.0 200 - python-swiftclient-4.2.0 gAAAAABpLI9luiBC... - 357 - tx8e23cbbe32c34f02a4f83-00692c8fd6 - 0.0260 - - 1764528086.859370470 1764528086.885399818 0
Nov 30 13:41:26 np0005540243.novalocal proxy-server[92966]: ::1 ::1 30/Nov/2025/18/41/26 GET /v1/AUTH_d8c5e0069fac460689fc06414f238cc2/gnocchi.25f2c51a-7221-40ce-90b8-2f6501028393%3Fformat%3Djson%26states%3Dlisting HTTP/1.0 200 - python-swiftclient-4.2.0 gAAAAABpLI9eQPaN... - 357 - tx899e97e09e7948e79fc4d-00692c8fd6 - 0.0262 - - 1764528086.863516569 1764528086.889743805 0
Nov 30 13:41:26 np0005540243.novalocal container-server[96608]: ::1 - - [30/Nov/2025:18:41:26 +0000] "GET /3/138793/AUTH_d8c5e0069fac460689fc06414f238cc2/gnocchi.1267bdb5-27b8-4cfe-aff6-5e6a21640663" 200 2 "GET http://[::1]:8080/v1/AUTH_d8c5e0069fac460689fc06414f238cc2/gnocchi.1267bdb5-27b8-4cfe-aff6-5e6a21640663?format=json&marker=none_v3&states=listing" "tx95f8cd2fa7bf4fb6a6e9b-00692c8fd6" "proxy-server 92965" 0.0066 "-" 96608 0
Nov 30 13:41:26 np0005540243.novalocal proxy-server[92965]: ::1 ::1 30/Nov/2025/18/41/26 GET /v1/AUTH_d8c5e0069fac460689fc06414f238cc2/gnocchi.1267bdb5-27b8-4cfe-aff6-5e6a21640663%3Fformat%3Djson%26marker%3Dnone_v3%26states%3Dlisting HTTP/1.0 200 - python-swiftclient-4.2.0 gAAAAABpLI9luiBC... - 2 - tx95f8cd2fa7bf4fb6a6e9b-00692c8fd6 - 0.0127 - - 1764528086.887561798 1764528086.900266647 0
Nov 30 13:41:26 np0005540243.novalocal container-server[96605]: ::1 - - [30/Nov/2025:18:41:26 +0000] "GET /2/51984/AUTH_d8c5e0069fac460689fc06414f238cc2/gnocchi.25f2c51a-7221-40ce-90b8-2f6501028393" 200 2 "GET http://[::1]:8080/v1/AUTH_d8c5e0069fac460689fc06414f238cc2/gnocchi.25f2c51a-7221-40ce-90b8-2f6501028393?format=json&marker=none_v3&states=listing" "tx7f5f7897bdb4442aaf9d2-00692c8fd6" "proxy-server 92966" 0.0070 "-" 96605 0
Nov 30 13:41:26 np0005540243.novalocal proxy-server[92966]: ::1 ::1 30/Nov/2025/18/41/26 GET /v1/AUTH_d8c5e0069fac460689fc06414f238cc2/gnocchi.25f2c51a-7221-40ce-90b8-2f6501028393%3Fformat%3Djson%26marker%3Dnone_v3%26states%3Dlisting HTTP/1.0 200 - python-swiftclient-4.2.0 gAAAAABpLI9eQPaN... - 2 - tx7f5f7897bdb4442aaf9d2-00692c8fd6 - 0.0127 - - 1764528086.892527342 1764528086.905247450 0
Nov 30 13:41:26 np0005540243.novalocal object-server[96901]: ::1 - - [30/Nov/2025:18:41:26 +0000] "GET /3/43396/AUTH_d8c5e0069fac460689fc06414f238cc2/gnocchi.1267bdb5-27b8-4cfe-aff6-5e6a21640663/1763640000.0_mean_300.0_v3" 200 16 "GET http://[::1]:8080/v1/AUTH_d8c5e0069fac460689fc06414f238cc2/gnocchi.1267bdb5-27b8-4cfe-aff6-5e6a21640663/1763640000.0_mean_300.0_v3" "tx6ee4557ee28e4295be196-00692c8fd6" "proxy-server 92965" 0.0006 "-" 96901 0
Nov 30 13:41:26 np0005540243.novalocal proxy-server[92965]: ::1 ::1 30/Nov/2025/18/41/26 GET /v1/AUTH_d8c5e0069fac460689fc06414f238cc2/gnocchi.1267bdb5-27b8-4cfe-aff6-5e6a21640663/1763640000.0_mean_300.0_v3 HTTP/1.0 200 - python-swiftclient-4.2.0 gAAAAABpLI9luiBC... - 16 - tx6ee4557ee28e4295be196-00692c8fd6 - 0.0075 - - 1764528086.903190613 1764528086.910725594 0
Nov 30 13:41:26 np0005540243.novalocal object-server[96900]: ::1 - - [30/Nov/2025:18:41:26 +0000] "GET /1/204728/AUTH_d8c5e0069fac460689fc06414f238cc2/gnocchi.25f2c51a-7221-40ce-90b8-2f6501028393/1763640000.0_mean_300.0_v3" 200 16 "GET http://[::1]:8080/v1/AUTH_d8c5e0069fac460689fc06414f238cc2/gnocchi.25f2c51a-7221-40ce-90b8-2f6501028393/1763640000.0_mean_300.0_v3" "tx4eca75581abd4f4f9b51d-00692c8fd6" "proxy-server 92966" 0.0006 "-" 96900 0
Nov 30 13:41:26 np0005540243.novalocal proxy-server[92966]: ::1 ::1 30/Nov/2025/18/41/26 GET /v1/AUTH_d8c5e0069fac460689fc06414f238cc2/gnocchi.25f2c51a-7221-40ce-90b8-2f6501028393/1763640000.0_mean_300.0_v3 HTTP/1.0 200 - python-swiftclient-4.2.0 gAAAAABpLI9eQPaN... - 16 - tx4eca75581abd4f4f9b51d-00692c8fd6 - 0.0064 - - 1764528086.907613516 1764528086.913994789 0
Nov 30 13:41:26 np0005540243.novalocal container-server[96605]: ::1 - - [30/Nov/2025:18:41:26 +0000] "PUT /1/138793/AUTH_d8c5e0069fac460689fc06414f238cc2/gnocchi.1267bdb5-27b8-4cfe-aff6-5e6a21640663/1763640000.0_mean_300.0_v3" 201 - "PUT http://[::1]:8080/2/43396/AUTH_d8c5e0069fac460689fc06414f238cc2/gnocchi.1267bdb5-27b8-4cfe-aff6-5e6a21640663/1763640000.0_mean_300.0_v3" "tx0df9f09a5335455383582-00692c8fd6" "object-server 96899" 0.0006 "-" 96605 0
Nov 30 13:41:26 np0005540243.novalocal container-server[96607]: ::1 - - [30/Nov/2025:18:41:26 +0000] "PUT /2/138793/AUTH_d8c5e0069fac460689fc06414f238cc2/gnocchi.1267bdb5-27b8-4cfe-aff6-5e6a21640663/1763640000.0_mean_300.0_v3" 201 - "PUT http://[::1]:8080/1/43396/AUTH_d8c5e0069fac460689fc06414f238cc2/gnocchi.1267bdb5-27b8-4cfe-aff6-5e6a21640663/1763640000.0_mean_300.0_v3" "tx0df9f09a5335455383582-00692c8fd6" "object-server 96899" 0.0006 "-" 96607 0
Nov 30 13:41:26 np0005540243.novalocal object-server[96899]: ::1 - - [30/Nov/2025:18:41:26 +0000] "PUT /2/43396/AUTH_d8c5e0069fac460689fc06414f238cc2/gnocchi.1267bdb5-27b8-4cfe-aff6-5e6a21640663/1763640000.0_mean_300.0_v3" 201 - "PUT http://[::1]:8080/v1/AUTH_d8c5e0069fac460689fc06414f238cc2/gnocchi.1267bdb5-27b8-4cfe-aff6-5e6a21640663/1763640000.0_mean_300.0_v3" "tx0df9f09a5335455383582-00692c8fd6" "proxy-server 92965" 0.0100 "-" 96899 0
Nov 30 13:41:26 np0005540243.novalocal object-server[96899]: ::1 - - [30/Nov/2025:18:41:26 +0000] "PUT /1/43396/AUTH_d8c5e0069fac460689fc06414f238cc2/gnocchi.1267bdb5-27b8-4cfe-aff6-5e6a21640663/1763640000.0_mean_300.0_v3" 201 - "PUT http://[::1]:8080/v1/AUTH_d8c5e0069fac460689fc06414f238cc2/gnocchi.1267bdb5-27b8-4cfe-aff6-5e6a21640663/1763640000.0_mean_300.0_v3" "tx0df9f09a5335455383582-00692c8fd6" "proxy-server 92965" 0.0123 "-" 96899 0
Nov 30 13:41:26 np0005540243.novalocal container-server[96607]: ::1 - - [30/Nov/2025:18:41:26 +0000] "PUT /3/138793/AUTH_d8c5e0069fac460689fc06414f238cc2/gnocchi.1267bdb5-27b8-4cfe-aff6-5e6a21640663/1763640000.0_mean_300.0_v3" 201 - "PUT http://[::1]:8080/3/43396/AUTH_d8c5e0069fac460689fc06414f238cc2/gnocchi.1267bdb5-27b8-4cfe-aff6-5e6a21640663/1763640000.0_mean_300.0_v3" "tx0df9f09a5335455383582-00692c8fd6" "object-server 96900" 0.0005 "-" 96607 0
Nov 30 13:41:26 np0005540243.novalocal object-server[96900]: ::1 - - [30/Nov/2025:18:41:26 +0000] "PUT /3/43396/AUTH_d8c5e0069fac460689fc06414f238cc2/gnocchi.1267bdb5-27b8-4cfe-aff6-5e6a21640663/1763640000.0_mean_300.0_v3" 201 - "PUT http://[::1]:8080/v1/AUTH_d8c5e0069fac460689fc06414f238cc2/gnocchi.1267bdb5-27b8-4cfe-aff6-5e6a21640663/1763640000.0_mean_300.0_v3" "tx0df9f09a5335455383582-00692c8fd6" "proxy-server 92965" 0.0146 "-" 96900 0
Nov 30 13:41:26 np0005540243.novalocal container-server[96605]: ::1 - - [30/Nov/2025:18:41:26 +0000] "PUT /3/51984/AUTH_d8c5e0069fac460689fc06414f238cc2/gnocchi.25f2c51a-7221-40ce-90b8-2f6501028393/1763640000.0_mean_300.0_v3" 201 - "PUT http://[::1]:8080/1/204728/AUTH_d8c5e0069fac460689fc06414f238cc2/gnocchi.25f2c51a-7221-40ce-90b8-2f6501028393/1763640000.0_mean_300.0_v3" "txa52a619fda5440ca897cb-00692c8fd6" "object-server 96899" 0.0004 "-" 96605 0
Nov 30 13:41:26 np0005540243.novalocal proxy-server[92965]: ::1 ::1 30/Nov/2025/18/41/26 PUT /v1/AUTH_d8c5e0069fac460689fc06414f238cc2/gnocchi.1267bdb5-27b8-4cfe-aff6-5e6a21640663/1763640000.0_mean_300.0_v3 HTTP/1.0 201 - python-swiftclient-4.2.0 gAAAAABpLI9luiBC... 16 - - tx0df9f09a5335455383582-00692c8fd6 - 0.0218 - - 1764528086.913194895 1764528086.934995413 0
Nov 30 13:41:26 np0005540243.novalocal container-server[96607]: ::1 - - [30/Nov/2025:18:41:26 +0000] "PUT /2/51984/AUTH_d8c5e0069fac460689fc06414f238cc2/gnocchi.25f2c51a-7221-40ce-90b8-2f6501028393/1763640000.0_mean_300.0_v3" 201 - "PUT http://[::1]:8080/3/204728/AUTH_d8c5e0069fac460689fc06414f238cc2/gnocchi.25f2c51a-7221-40ce-90b8-2f6501028393/1763640000.0_mean_300.0_v3" "txa52a619fda5440ca897cb-00692c8fd6" "object-server 96900" 0.0005 "-" 96607 0
Nov 30 13:41:26 np0005540243.novalocal object-server[96899]: ::1 - - [30/Nov/2025:18:41:26 +0000] "PUT /1/204728/AUTH_d8c5e0069fac460689fc06414f238cc2/gnocchi.25f2c51a-7221-40ce-90b8-2f6501028393/1763640000.0_mean_300.0_v3" 201 - "PUT http://[::1]:8080/v1/AUTH_d8c5e0069fac460689fc06414f238cc2/gnocchi.25f2c51a-7221-40ce-90b8-2f6501028393/1763640000.0_mean_300.0_v3" "txa52a619fda5440ca897cb-00692c8fd6" "proxy-server 92966" 0.0111 "-" 96899 0
Nov 30 13:41:26 np0005540243.novalocal object-server[96900]: ::1 - - [30/Nov/2025:18:41:26 +0000] "PUT /3/204728/AUTH_d8c5e0069fac460689fc06414f238cc2/gnocchi.25f2c51a-7221-40ce-90b8-2f6501028393/1763640000.0_mean_300.0_v3" 201 - "PUT http://[::1]:8080/v1/AUTH_d8c5e0069fac460689fc06414f238cc2/gnocchi.25f2c51a-7221-40ce-90b8-2f6501028393/1763640000.0_mean_300.0_v3" "txa52a619fda5440ca897cb-00692c8fd6" "proxy-server 92966" 0.0170 "-" 96900 0
Nov 30 13:41:26 np0005540243.novalocal container-server[96605]: ::1 - - [30/Nov/2025:18:41:26 +0000] "PUT /1/51984/AUTH_d8c5e0069fac460689fc06414f238cc2/gnocchi.25f2c51a-7221-40ce-90b8-2f6501028393/1763640000.0_mean_300.0_v3" 201 - "PUT http://[::1]:8080/2/204728/AUTH_d8c5e0069fac460689fc06414f238cc2/gnocchi.25f2c51a-7221-40ce-90b8-2f6501028393/1763640000.0_mean_300.0_v3" "txa52a619fda5440ca897cb-00692c8fd6" "object-server 96902" 0.0005 "-" 96605 0
