Nov 30 13:39:51 np0005540243.novalocal proxy-server[92965]: ::1 ::1 30/Nov/2025/18/39/51 PUT /v1/AUTH_d8c5e0069fac460689fc06414f238cc2/gnocchi.4eeab45b-25a8-47d3-b715-c893ebe09e4d/1763640000.0_mean_300.0_v3 HTTP/1.0 201 - python-swiftclient-4.2.0 gAAAAABpLI9luiBC... 16 - - txfb373f7957b043da9204a-00692c8f77 - 0.0232 - - 1764527991.169585466 1764527991.192827225 0
Nov 30 13:39:51 np0005540243.novalocal container-server[96606]: ::1 - - [30/Nov/2025:18:39:51 +0000] "PUT /2/177751/AUTH_d8c5e0069fac460689fc06414f238cc2/gnocchi.37db4433-4d68-4d04-8bda-4a1931ea08c8/1763640000.0_mean_300.0_v3" 201 - "PUT http://[::1]:8080/2/219463/AUTH_d8c5e0069fac460689fc06414f238cc2/gnocchi.37db4433-4d68-4d04-8bda-4a1931ea08c8/1763640000.0_mean_300.0_v3" "tx1a35a51c7c404f0fb6295-00692c8f77" "object-server 96901" 0.0006 "-" 96606 0
Nov 30 13:39:51 np0005540243.novalocal container-server[96605]: ::1 - - [30/Nov/2025:18:39:51 +0000] "PUT /2/58645/AUTH_d8c5e0069fac460689fc06414f238cc2/gnocchi.4eeab45b-25a8-47d3-b715-c893ebe09e4d/none_v3" 201 - "PUT http://[::1]:8080/3/65563/AUTH_d8c5e0069fac460689fc06414f238cc2/gnocchi.4eeab45b-25a8-47d3-b715-c893ebe09e4d/none_v3" "tx077024f545ae479eaa87e-00692c8f77" "object-server 96900" 0.0007 "-" 96605 0
Nov 30 13:39:51 np0005540243.novalocal container-server[96606]: ::1 - - [30/Nov/2025:18:39:51 +0000] "PUT /1/58645/AUTH_d8c5e0069fac460689fc06414f238cc2/gnocchi.4eeab45b-25a8-47d3-b715-c893ebe09e4d/none_v3" 201 - "PUT http://[::1]:8080/2/65563/AUTH_d8c5e0069fac460689fc06414f238cc2/gnocchi.4eeab45b-25a8-47d3-b715-c893ebe09e4d/none_v3" "tx077024f545ae479eaa87e-00692c8f77" "object-server 96900" 0.0004 "-" 96606 0
Nov 30 13:39:51 np0005540243.novalocal container-server[96607]: ::1 - - [30/Nov/2025:18:39:51 +0000] "PUT /1/177751/AUTH_d8c5e0069fac460689fc06414f238cc2/gnocchi.37db4433-4d68-4d04-8bda-4a1931ea08c8/1763640000.0_mean_300.0_v3" 201 - "PUT http://[::1]:8080/3/219463/AUTH_d8c5e0069fac460689fc06414f238cc2/gnocchi.37db4433-4d68-4d04-8bda-4a1931ea08c8/1763640000.0_mean_300.0_v3" "tx1a35a51c7c404f0fb6295-00692c8f77" "object-server 96901" 0.0005 "-" 96607 0
Nov 30 13:39:51 np0005540243.novalocal object-server[96900]: ::1 - - [30/Nov/2025:18:39:51 +0000] "PUT /3/65563/AUTH_d8c5e0069fac460689fc06414f238cc2/gnocchi.4eeab45b-25a8-47d3-b715-c893ebe09e4d/none_v3" 201 - "PUT http://[::1]:8080/v1/AUTH_d8c5e0069fac460689fc06414f238cc2/gnocchi.4eeab45b-25a8-47d3-b715-c893ebe09e4d/none_v3" "tx077024f545ae479eaa87e-00692c8f77" "proxy-server 92965" 0.0161 "-" 96900 0
Nov 30 13:39:51 np0005540243.novalocal object-server[96900]: ::1 - - [30/Nov/2025:18:39:51 +0000] "PUT /2/65563/AUTH_d8c5e0069fac460689fc06414f238cc2/gnocchi.4eeab45b-25a8-47d3-b715-c893ebe09e4d/none_v3" 201 - "PUT http://[::1]:8080/v1/AUTH_d8c5e0069fac460689fc06414f238cc2/gnocchi.4eeab45b-25a8-47d3-b715-c893ebe09e4d/none_v3" "tx077024f545ae479eaa87e-00692c8f77" "proxy-server 92965" 0.0163 "-" 96900 0
Nov 30 13:39:51 np0005540243.novalocal object-server[96901]: ::1 - - [30/Nov/2025:18:39:51 +0000] "PUT /2/219463/AUTH_d8c5e0069fac460689fc06414f238cc2/gnocchi.37db4433-4d68-4d04-8bda-4a1931ea08c8/1763640000.0_mean_300.0_v3" 201 - "PUT http://[::1]:8080/v1/AUTH_d8c5e0069fac460689fc06414f238cc2/gnocchi.37db4433-4d68-4d04-8bda-4a1931ea08c8/1763640000.0_mean_300.0_v3" "tx1a35a51c7c404f0fb6295-00692c8f77" "proxy-server 92966" 0.0176 "-" 96901 0
Nov 30 13:39:51 np0005540243.novalocal object-server[96901]: ::1 - - [30/Nov/2025:18:39:51 +0000] "PUT /3/219463/AUTH_d8c5e0069fac460689fc06414f238cc2/gnocchi.37db4433-4d68-4d04-8bda-4a1931ea08c8/1763640000.0_mean_300.0_v3" 201 - "PUT http://[::1]:8080/v1/AUTH_d8c5e0069fac460689fc06414f238cc2/gnocchi.37db4433-4d68-4d04-8bda-4a1931ea08c8/1763640000.0_mean_300.0_v3" "tx1a35a51c7c404f0fb6295-00692c8f77" "proxy-server 92966" 0.0170 "-" 96901 0
Nov 30 13:39:51 np0005540243.novalocal container-server[96608]: ::1 - - [30/Nov/2025:18:39:51 +0000] "PUT /3/177751/AUTH_d8c5e0069fac460689fc06414f238cc2/gnocchi.37db4433-4d68-4d04-8bda-4a1931ea08c8/1763640000.0_mean_300.0_v3" 201 - "PUT http://[::1]:8080/1/219463/AUTH_d8c5e0069fac460689fc06414f238cc2/gnocchi.37db4433-4d68-4d04-8bda-4a1931ea08c8/1763640000.0_mean_300.0_v3" "tx1a35a51c7c404f0fb6295-00692c8f77" "object-server 96900" 0.0007 "-" 96608 0
Nov 30 13:39:51 np0005540243.novalocal object-server[96900]: ::1 - - [30/Nov/2025:18:39:51 +0000] "PUT /1/219463/AUTH_d8c5e0069fac460689fc06414f238cc2/gnocchi.37db4433-4d68-4d04-8bda-4a1931ea08c8/1763640000.0_mean_300.0_v3" 201 - "PUT http://[::1]:8080/v1/AUTH_d8c5e0069fac460689fc06414f238cc2/gnocchi.37db4433-4d68-4d04-8bda-4a1931ea08c8/1763640000.0_mean_300.0_v3" "tx1a35a51c7c404f0fb6295-00692c8f77" "proxy-server 92966" 0.0219 "-" 96900 0
Nov 30 13:39:51 np0005540243.novalocal container-server[96608]: ::1 - - [30/Nov/2025:18:39:51 +0000] "PUT /3/58645/AUTH_d8c5e0069fac460689fc06414f238cc2/gnocchi.4eeab45b-25a8-47d3-b715-c893ebe09e4d/none_v3" 201 - "PUT http://[::1]:8080/1/65563/AUTH_d8c5e0069fac460689fc06414f238cc2/gnocchi.4eeab45b-25a8-47d3-b715-c893ebe09e4d/none_v3" "tx077024f545ae479eaa87e-00692c8f77" "object-server 96900" 0.0004 "-" 96608 0
Nov 30 13:39:51 np0005540243.novalocal proxy-server[92966]: ::1 ::1 30/Nov/2025/18/39/51 PUT /v1/AUTH_d8c5e0069fac460689fc06414f238cc2/gnocchi.37db4433-4d68-4d04-8bda-4a1931ea08c8/1763640000.0_mean_300.0_v3 HTTP/1.0 201 - python-swiftclient-4.2.0 gAAAAABpLI9eQPaN... 16 - - tx1a35a51c7c404f0fb6295-00692c8f77 - 0.0316 - - 1764527991.198212862 1764527991.229772806 0
Nov 30 13:39:51 np0005540243.novalocal object-server[96900]: ::1 - - [30/Nov/2025:18:39:51 +0000] "PUT /1/65563/AUTH_d8c5e0069fac460689fc06414f238cc2/gnocchi.4eeab45b-25a8-47d3-b715-c893ebe09e4d/none_v3" 201 - "PUT http://[::1]:8080/v1/AUTH_d8c5e0069fac460689fc06414f238cc2/gnocchi.4eeab45b-25a8-47d3-b715-c893ebe09e4d/none_v3" "tx077024f545ae479eaa87e-00692c8f77" "proxy-server 92965" 0.0184 "-" 96900 0
Nov 30 13:39:51 np0005540243.novalocal proxy-server[92965]: ::1 ::1 30/Nov/2025/18/39/51 PUT /v1/AUTH_d8c5e0069fac460689fc06414f238cc2/gnocchi.4eeab45b-25a8-47d3-b715-c893ebe09e4d/none_v3 HTTP/1.0 201 - python-swiftclient-4.2.0 gAAAAABpLI9luiBC... 45 - - tx077024f545ae479eaa87e-00692c8f77 - 0.0391 - - 1764527991.196060181 1764527991.235192060 0
Nov 30 13:39:51 np0005540243.novalocal container-server[96608]: ::1 - - [30/Nov/2025:18:39:51 +0000] "PUT /3/177751/AUTH_d8c5e0069fac460689fc06414f238cc2/gnocchi.37db4433-4d68-4d04-8bda-4a1931ea08c8/none_v3" 201 - "PUT http://[::1]:8080/3/95762/AUTH_d8c5e0069fac460689fc06414f238cc2/gnocchi.37db4433-4d68-4d04-8bda-4a1931ea08c8/none_v3" "tx52c9d518ad154c22b3be0-00692c8f77" "object-server 96902" 0.0005 "-" 96608 0
Nov 30 13:39:51 np0005540243.novalocal object-server[96902]: ::1 - - [30/Nov/2025:18:39:51 +0000] "PUT /3/95762/AUTH_d8c5e0069fac460689fc06414f238cc2/gnocchi.37db4433-4d68-4d04-8bda-4a1931ea08c8/none_v3" 201 - "PUT http://[::1]:8080/v1/AUTH_d8c5e0069fac460689fc06414f238cc2/gnocchi.37db4433-4d68-4d04-8bda-4a1931ea08c8/none_v3" "tx52c9d518ad154c22b3be0-00692c8f77" "proxy-server 92966" 0.0292 "-" 96902 0
Nov 30 13:39:51 np0005540243.novalocal container-server[96608]: ::1 - - [30/Nov/2025:18:39:51 +0000] "PUT /2/177751/AUTH_d8c5e0069fac460689fc06414f238cc2/gnocchi.37db4433-4d68-4d04-8bda-4a1931ea08c8/none_v3" 201 - "PUT http://[::1]:8080/1/95762/AUTH_d8c5e0069fac460689fc06414f238cc2/gnocchi.37db4433-4d68-4d04-8bda-4a1931ea08c8/none_v3" "tx52c9d518ad154c22b3be0-00692c8f77" "object-server 96901" 0.0013 "-" 96608 0
Nov 30 13:39:51 np0005540243.novalocal object-server[96901]: ::1 - - [30/Nov/2025:18:39:51 +0000] "PUT /1/95762/AUTH_d8c5e0069fac460689fc06414f238cc2/gnocchi.37db4433-4d68-4d04-8bda-4a1931ea08c8/none_v3" 201 - "PUT http://[::1]:8080/v1/AUTH_d8c5e0069fac460689fc06414f238cc2/gnocchi.37db4433-4d68-4d04-8bda-4a1931ea08c8/none_v3" "tx52c9d518ad154c22b3be0-00692c8f77" "proxy-server 92966" 0.0338 "-" 96901 0
Nov 30 13:39:51 np0005540243.novalocal container-server[96607]: ::1 - - [30/Nov/2025:18:39:51 +0000] "PUT /1/177751/AUTH_d8c5e0069fac460689fc06414f238cc2/gnocchi.37db4433-4d68-4d04-8bda-4a1931ea08c8/none_v3" 201 - "PUT http://[::1]:8080/2/95762/AUTH_d8c5e0069fac460689fc06414f238cc2/gnocchi.37db4433-4d68-4d04-8bda-4a1931ea08c8/none_v3" "tx52c9d518ad154c22b3be0-00692c8f77" "object-server 96900" 0.0005 "-" 96607 0
Nov 30 13:39:51 np0005540243.novalocal object-server[96900]: ::1 - - [30/Nov/2025:18:39:51 +0000] "PUT /2/95762/AUTH_d8c5e0069fac460689fc06414f238cc2/gnocchi.37db4433-4d68-4d04-8bda-4a1931ea08c8/none_v3" 201 - "PUT http://[::1]:8080/v1/AUTH_d8c5e0069fac460689fc06414f238cc2/gnocchi.37db4433-4d68-4d04-8bda-4a1931ea08c8/none_v3" "tx52c9d518ad154c22b3be0-00692c8f77" "proxy-server 92966" 0.0287 "-" 96900 0
Nov 30 13:39:51 np0005540243.novalocal proxy-server[92966]: ::1 ::1 30/Nov/2025/18/39/51 PUT /v1/AUTH_d8c5e0069fac460689fc06414f238cc2/gnocchi.37db4433-4d68-4d04-8bda-4a1931ea08c8/none_v3 HTTP/1.0 201 - python-swiftclient-4.2.0 gAAAAABpLI9eQPaN... 43 - - tx52c9d518ad154c22b3be0-00692c8f77 - 0.0627 - - 1764527991.233856916 1764527991.296594381 0
Nov 30 13:39:51 np0005540243.novalocal object-server[96901]: ::1 - - [30/Nov/2025:18:39:51 +0000] "GET /1/153156/AUTH_d8c5e0069fac460689fc06414f238cc2/gnocchi.b8fc4f0e-dfa3-4eed-9d27-cd0edcd7c719/none_v3" 200 31 "GET http://[::1]:8080/v1/AUTH_d8c5e0069fac460689fc06414f238cc2/gnocchi.b8fc4f0e-dfa3-4eed-9d27-cd0edcd7c719/none_v3" "tx588417fd9ed745eb83695-00692c8f77" "proxy-server 92965" 0.0006 "-" 96901 0
Nov 30 13:39:51 np0005540243.novalocal proxy-server[92965]: ::1 ::1 30/Nov/2025/18/39/51 GET /v1/AUTH_d8c5e0069fac460689fc06414f238cc2/gnocchi.b8fc4f0e-dfa3-4eed-9d27-cd0edcd7c719/none_v3 HTTP/1.0 200 - python-swiftclient-4.2.0 gAAAAABpLI9luiBC... - 31 - tx588417fd9ed745eb83695-00692c8f77 - 0.0096 - - 1764527991.294079065 1764527991.303696394 0
Nov 30 13:39:51 np0005540243.novalocal container-server[96608]: ::1 - - [30/Nov/2025:18:39:51 +0000] "GET /3/30558/AUTH_d8c5e0069fac460689fc06414f238cc2/gnocchi.b8fc4f0e-dfa3-4eed-9d27-cd0edcd7c719" 200 357 "GET http://[::1]:8080/v1/AUTH_d8c5e0069fac460689fc06414f238cc2/gnocchi.b8fc4f0e-dfa3-4eed-9d27-cd0edcd7c719?format=json&states=listing" "tx836e60becb764ef6a15d0-00692c8f77" "proxy-server 92965" 0.0082 "-" 96608 0
Nov 30 13:39:51 np0005540243.novalocal proxy-server[92965]: ::1 ::1 30/Nov/2025/18/39/51 GET /v1/AUTH_d8c5e0069fac460689fc06414f238cc2/gnocchi.b8fc4f0e-dfa3-4eed-9d27-cd0edcd7c719%3Fformat%3Djson%26states%3Dlisting HTTP/1.0 200 - python-swiftclient-4.2.0 gAAAAABpLI9luiBC... - 357 - tx836e60becb764ef6a15d0-00692c8f77 - 0.0246 - - 1764527991.311298847 1764527991.335947275 0
Nov 30 13:39:51 np0005540243.novalocal container-server[96608]: ::1 - - [30/Nov/2025:18:39:51 +0000] "GET /2/30558/AUTH_d8c5e0069fac460689fc06414f238cc2/gnocchi.b8fc4f0e-dfa3-4eed-9d27-cd0edcd7c719" 200 2 "GET http://[::1]:8080/v1/AUTH_d8c5e0069fac460689fc06414f238cc2/gnocchi.b8fc4f0e-dfa3-4eed-9d27-cd0edcd7c719?format=json&marker=none_v3&states=listing" "tx4b88d259cb85450680778-00692c8f77" "proxy-server 92965" 0.0162 "-" 96608 0
Nov 30 13:39:51 np0005540243.novalocal proxy-server[92965]: ::1 ::1 30/Nov/2025/18/39/51 GET /v1/AUTH_d8c5e0069fac460689fc06414f238cc2/gnocchi.b8fc4f0e-dfa3-4eed-9d27-cd0edcd7c719%3Fformat%3Djson%26marker%3Dnone_v3%26states%3Dlisting HTTP/1.0 200 - python-swiftclient-4.2.0 gAAAAABpLI9luiBC... - 2 - tx4b88d259cb85450680778-00692c8f77 - 0.0266 - - 1764527991.339102983 1764527991.365654469 0
Nov 30 13:39:51 np0005540243.novalocal object-server[96901]: ::1 - - [30/Nov/2025:18:39:51 +0000] "GET /2/139188/AUTH_d8c5e0069fac460689fc06414f238cc2/gnocchi.b8fc4f0e-dfa3-4eed-9d27-cd0edcd7c719/1763640000.0_mean_300.0_v3" 200 16 "GET http://[::1]:8080/v1/AUTH_d8c5e0069fac460689fc06414f238cc2/gnocchi.b8fc4f0e-dfa3-4eed-9d27-cd0edcd7c719/1763640000.0_mean_300.0_v3" "tx05ab116e47e946feaa28f-00692c8f77" "proxy-server 92965" 0.0007 "-" 96901 0
Nov 30 13:39:51 np0005540243.novalocal proxy-server[92965]: ::1 ::1 30/Nov/2025/18/39/51 GET /v1/AUTH_d8c5e0069fac460689fc06414f238cc2/gnocchi.b8fc4f0e-dfa3-4eed-9d27-cd0edcd7c719/1763640000.0_mean_300.0_v3 HTTP/1.0 200 - python-swiftclient-4.2.0 gAAAAABpLI9luiBC... - 16 - tx05ab116e47e946feaa28f-00692c8f77 - 0.0093 - - 1764527991.370900154 1764527991.380249023 0
Nov 30 13:39:51 np0005540243.novalocal object-server[96900]: ::1 - - [30/Nov/2025:18:39:51 +0000] "GET /1/95762/AUTH_d8c5e0069fac460689fc06414f238cc2/gnocchi.37db4433-4d68-4d04-8bda-4a1931ea08c8/none_v3" 200 43 "GET http://[::1]:8080/v1/AUTH_d8c5e0069fac460689fc06414f238cc2/gnocchi.37db4433-4d68-4d04-8bda-4a1931ea08c8/none_v3" "txe9af1c834f8a4777bab94-00692c8f77" "proxy-server 92966" 0.0008 "-" 96900 0
Nov 30 13:39:51 np0005540243.novalocal container-server[96606]: ::1 - - [30/Nov/2025:18:39:51 +0000] "PUT /1/30558/AUTH_d8c5e0069fac460689fc06414f238cc2/gnocchi.b8fc4f0e-dfa3-4eed-9d27-cd0edcd7c719/1763640000.0_mean_300.0_v3" 201 - "PUT http://[::1]:8080/1/139188/AUTH_d8c5e0069fac460689fc06414f238cc2/gnocchi.b8fc4f0e-dfa3-4eed-9d27-cd0edcd7c719/1763640000.0_mean_300.0_v3" "tx91c9a77bb13846df899b4-00692c8f77" "object-server 96901" 0.0007 "-" 96606 0
Nov 30 13:39:51 np0005540243.novalocal container-server[96605]: ::1 - - [30/Nov/2025:18:39:51 +0000] "PUT /3/30558/AUTH_d8c5e0069fac460689fc06414f238cc2/gnocchi.b8fc4f0e-dfa3-4eed-9d27-cd0edcd7c719/1763640000.0_mean_300.0_v3" 201 - "PUT http://[::1]:8080/2/139188/AUTH_d8c5e0069fac460689fc06414f238cc2/gnocchi.b8fc4f0e-dfa3-4eed-9d27-cd0edcd7c719/1763640000.0_mean_300.0_v3" "tx91c9a77bb13846df899b4-00692c8f77" "object-server 96901" 0.0005 "-" 96605 0
Nov 30 13:39:51 np0005540243.novalocal object-server[96901]: ::1 - - [30/Nov/2025:18:39:51 +0000] "PUT /1/139188/AUTH_d8c5e0069fac460689fc06414f238cc2/gnocchi.b8fc4f0e-dfa3-4eed-9d27-cd0edcd7c719/1763640000.0_mean_300.0_v3" 201 - "PUT http://[::1]:8080/v1/AUTH_d8c5e0069fac460689fc06414f238cc2/gnocchi.b8fc4f0e-dfa3-4eed-9d27-cd0edcd7c719/1763640000.0_mean_300.0_v3" "tx91c9a77bb13846df899b4-00692c8f77" "proxy-server 92965" 0.0120 "-" 96901 0
Nov 30 13:39:51 np0005540243.novalocal object-server[96901]: ::1 - - [30/Nov/2025:18:39:51 +0000] "PUT /2/139188/AUTH_d8c5e0069fac460689fc06414f238cc2/gnocchi.b8fc4f0e-dfa3-4eed-9d27-cd0edcd7c719/1763640000.0_mean_300.0_v3" 201 - "PUT http://[::1]:8080/v1/AUTH_d8c5e0069fac460689fc06414f238cc2/gnocchi.b8fc4f0e-dfa3-4eed-9d27-cd0edcd7c719/1763640000.0_mean_300.0_v3" "tx91c9a77bb13846df899b4-00692c8f77" "proxy-server 92965" 0.0148 "-" 96901 0
Nov 30 13:39:51 np0005540243.novalocal container-server[96606]: ::1 - - [30/Nov/2025:18:39:51 +0000] "PUT /2/30558/AUTH_d8c5e0069fac460689fc06414f238cc2/gnocchi.b8fc4f0e-dfa3-4eed-9d27-cd0edcd7c719/1763640000.0_mean_300.0_v3" 201 - "PUT http://[::1]:8080/3/139188/AUTH_d8c5e0069fac460689fc06414f238cc2/gnocchi.b8fc4f0e-dfa3-4eed-9d27-cd0edcd7c719/1763640000.0_mean_300.0_v3" "tx91c9a77bb13846df899b4-00692c8f77" "object-server 96901" 0.0004 "-" 96606 0
Nov 30 13:39:51 np0005540243.novalocal proxy-server[92966]: ::1 ::1 30/Nov/2025/18/39/51 GET /v1/AUTH_d8c5e0069fac460689fc06414f238cc2/gnocchi.37db4433-4d68-4d04-8bda-4a1931ea08c8/none_v3 HTTP/1.0 200 - python-swiftclient-4.2.0 gAAAAABpLI9eQPaN... - 43 - txe9af1c834f8a4777bab94-00692c8f77 - 0.0076 - - 1764527991.393738031 1764527991.401311398 0
Nov 30 13:39:51 np0005540243.novalocal object-server[96901]: ::1 - - [30/Nov/2025:18:39:51 +0000] "PUT /3/139188/AUTH_d8c5e0069fac460689fc06414f238cc2/gnocchi.b8fc4f0e-dfa3-4eed-9d27-cd0edcd7c719/1763640000.0_mean_300.0_v3" 201 - "PUT http://[::1]:8080/v1/AUTH_d8c5e0069fac460689fc06414f238cc2/gnocchi.b8fc4f0e-dfa3-4eed-9d27-cd0edcd7c719/1763640000.0_mean_300.0_v3" "tx91c9a77bb13846df899b4-00692c8f77" "proxy-server 92965" 0.0127 "-" 96901 0
Nov 30 13:39:51 np0005540243.novalocal proxy-server[92965]: ::1 ::1 30/Nov/2025/18/39/51 PUT /v1/AUTH_d8c5e0069fac460689fc06414f238cc2/gnocchi.b8fc4f0e-dfa3-4eed-9d27-cd0edcd7c719/1763640000.0_mean_300.0_v3 HTTP/1.0 201 - python-swiftclient-4.2.0 gAAAAABpLI9luiBC... 16 - - tx91c9a77bb13846df899b4-00692c8f77 - 0.0246 - - 1764527991.382890463 1764527991.407474756 0
Nov 30 13:39:51 np0005540243.novalocal container-server[96605]: ::1 - - [30/Nov/2025:18:39:51 +0000] "PUT /2/30558/AUTH_d8c5e0069fac460689fc06414f238cc2/gnocchi.b8fc4f0e-dfa3-4eed-9d27-cd0edcd7c719/none_v3" 201 - "PUT http://[::1]:8080/2/153156/AUTH_d8c5e0069fac460689fc06414f238cc2/gnocchi.b8fc4f0e-dfa3-4eed-9d27-cd0edcd7c719/none_v3" "txef172a0c91ef40e6b4376-00692c8f77" "object-server 96902" 0.0005 "-" 96605 0
Nov 30 13:39:51 np0005540243.novalocal object-server[96902]: ::1 - - [30/Nov/2025:18:39:51 +0000] "PUT /2/153156/AUTH_d8c5e0069fac460689fc06414f238cc2/gnocchi.b8fc4f0e-dfa3-4eed-9d27-cd0edcd7c719/none_v3" 201 - "PUT http://[::1]:8080/v1/AUTH_d8c5e0069fac460689fc06414f238cc2/gnocchi.b8fc4f0e-dfa3-4eed-9d27-cd0edcd7c719/none_v3" "txef172a0c91ef40e6b4376-00692c8f77" "proxy-server 92965" 0.0117 "-" 96902 0
Nov 30 13:39:51 np0005540243.novalocal container-server[96608]: ::1 - - [30/Nov/2025:18:39:51 +0000] "GET /2/177751/AUTH_d8c5e0069fac460689fc06414f238cc2/gnocchi.37db4433-4d68-4d04-8bda-4a1931ea08c8" 200 357 "GET http://[::1]:8080/v1/AUTH_d8c5e0069fac460689fc06414f238cc2/gnocchi.37db4433-4d68-4d04-8bda-4a1931ea08c8?format=json&states=listing" "tx642066453b3046599f9fd-00692c8f77" "proxy-server 92966" 0.0159 "-" 96608 0
Nov 30 13:39:51 np0005540243.novalocal container-server[96607]: ::1 - - [30/Nov/2025:18:39:51 +0000] "PUT /1/30558/AUTH_d8c5e0069fac460689fc06414f238cc2/gnocchi.b8fc4f0e-dfa3-4eed-9d27-cd0edcd7c719/none_v3" 201 - "PUT http://[::1]:8080/1/153156/AUTH_d8c5e0069fac460689fc06414f238cc2/gnocchi.b8fc4f0e-dfa3-4eed-9d27-cd0edcd7c719/none_v3" "txef172a0c91ef40e6b4376-00692c8f77" "object-server 96899" 0.0004 "-" 96607 0
Nov 30 13:39:51 np0005540243.novalocal object-server[96899]: ::1 - - [30/Nov/2025:18:39:51 +0000] "PUT /1/153156/AUTH_d8c5e0069fac460689fc06414f238cc2/gnocchi.b8fc4f0e-dfa3-4eed-9d27-cd0edcd7c719/none_v3" 201 - "PUT http://[::1]:8080/v1/AUTH_d8c5e0069fac460689fc06414f238cc2/gnocchi.b8fc4f0e-dfa3-4eed-9d27-cd0edcd7c719/none_v3" "txef172a0c91ef40e6b4376-00692c8f77" "proxy-server 92965" 0.0161 "-" 96899 0
Nov 30 13:39:51 np0005540243.novalocal container-server[96608]: ::1 - - [30/Nov/2025:18:39:51 +0000] "PUT /3/30558/AUTH_d8c5e0069fac460689fc06414f238cc2/gnocchi.b8fc4f0e-dfa3-4eed-9d27-cd0edcd7c719/none_v3" 201 - "PUT http://[::1]:8080/3/153156/AUTH_d8c5e0069fac460689fc06414f238cc2/gnocchi.b8fc4f0e-dfa3-4eed-9d27-cd0edcd7c719/none_v3" "txef172a0c91ef40e6b4376-00692c8f77" "object-server 96900" 0.0006 "-" 96608 0
Nov 30 13:39:51 np0005540243.novalocal proxy-server[92966]: ::1 ::1 30/Nov/2025/18/39/51 GET /v1/AUTH_d8c5e0069fac460689fc06414f238cc2/gnocchi.37db4433-4d68-4d04-8bda-4a1931ea08c8%3Fformat%3Djson%26states%3Dlisting HTTP/1.0 200 - python-swiftclient-4.2.0 gAAAAABpLI9eQPaN... - 357 - tx642066453b3046599f9fd-00692c8f77 - 0.0234 - - 1764527991.410333157 1764527991.433700562 0
Nov 30 13:39:51 np0005540243.novalocal object-server[96900]: ::1 - - [30/Nov/2025:18:39:51 +0000] "PUT /3/153156/AUTH_d8c5e0069fac460689fc06414f238cc2/gnocchi.b8fc4f0e-dfa3-4eed-9d27-cd0edcd7c719/none_v3" 201 - "PUT http://[::1]:8080/v1/AUTH_d8c5e0069fac460689fc06414f238cc2/gnocchi.b8fc4f0e-dfa3-4eed-9d27-cd0edcd7c719/none_v3" "txef172a0c91ef40e6b4376-00692c8f77" "proxy-server 92965" 0.0155 "-" 96900 0
Nov 30 13:39:51 np0005540243.novalocal proxy-server[92965]: ::1 ::1 30/Nov/2025/18/39/51 PUT /v1/AUTH_d8c5e0069fac460689fc06414f238cc2/gnocchi.b8fc4f0e-dfa3-4eed-9d27-cd0edcd7c719/none_v3 HTTP/1.0 201 - python-swiftclient-4.2.0 gAAAAABpLI9luiBC... 45 - - txef172a0c91ef40e6b4376-00692c8f77 - 0.0257 - - 1764527991.409461021 1764527991.435200930 0
Nov 30 13:39:51 np0005540243.novalocal container-server[96605]: ::1 - - [30/Nov/2025:18:39:51 +0000] "GET /2/177751/AUTH_d8c5e0069fac460689fc06414f238cc2/gnocchi.37db4433-4d68-4d04-8bda-4a1931ea08c8" 200 2 "GET http://[::1]:8080/v1/AUTH_d8c5e0069fac460689fc06414f238cc2/gnocchi.37db4433-4d68-4d04-8bda-4a1931ea08c8?format=json&marker=none_v3&states=listing" "tx6e9f97e7e75849b0bc92a-00692c8f77" "proxy-server 92966" 0.0029 "-" 96605 0
Nov 30 13:39:51 np0005540243.novalocal proxy-server[92966]: ::1 ::1 30/Nov/2025/18/39/51 GET /v1/AUTH_d8c5e0069fac460689fc06414f238cc2/gnocchi.37db4433-4d68-4d04-8bda-4a1931ea08c8%3Fformat%3Djson%26marker%3Dnone_v3%26states%3Dlisting HTTP/1.0 200 - python-swiftclient-4.2.0 gAAAAABpLI9eQPaN... - 2 - tx6e9f97e7e75849b0bc92a-00692c8f77 - 0.0130 - - 1764527991.437578201 1764527991.450551987 0
Nov 30 13:39:51 np0005540243.novalocal object-server[96901]: ::1 - - [30/Nov/2025:18:39:51 +0000] "GET /3/219463/AUTH_d8c5e0069fac460689fc06414f238cc2/gnocchi.37db4433-4d68-4d04-8bda-4a1931ea08c8/1763640000.0_mean_300.0_v3" 200 16 "GET http://[::1]:8080/v1/AUTH_d8c5e0069fac460689fc06414f238cc2/gnocchi.37db4433-4d68-4d04-8bda-4a1931ea08c8/1763640000.0_mean_300.0_v3" "txa10a5ed9e0e349af8491e-00692c8f77" "proxy-server 92966" 0.0010 "-" 96901 0
Nov 30 13:39:51 np0005540243.novalocal proxy-server[92966]: ::1 ::1 30/Nov/2025/18/39/51 GET /v1/AUTH_d8c5e0069fac460689fc06414f238cc2/gnocchi.37db4433-4d68-4d04-8bda-4a1931ea08c8/1763640000.0_mean_300.0_v3 HTTP/1.0 200 - python-swiftclient-4.2.0 gAAAAABpLI9eQPaN... - 16 - txa10a5ed9e0e349af8491e-00692c8f77 - 0.0122 - - 1764527991.455608845 1764527991.467850447 0
Nov 30 13:39:51 np0005540243.novalocal sudo[104110]: pam_unix(sudo:session): session closed for user root
Nov 30 13:39:51 np0005540243.novalocal systemd[1]: session-c135.scope: Deactivated successfully.
Nov 30 13:39:51 np0005540243.novalocal container-server[96608]: ::1 - - [30/Nov/2025:18:39:51 +0000] "PUT /3/177751/AUTH_d8c5e0069fac460689fc06414f238cc2/gnocchi.37db4433-4d68-4d04-8bda-4a1931ea08c8/1763640000.0_mean_300.0_v3" 201 - "PUT http://[::1]:8080/1/219463/AUTH_d8c5e0069fac460689fc06414f238cc2/gnocchi.37db4433-4d68-4d04-8bda-4a1931ea08c8/1763640000.0_mean_300.0_v3" "tx1a66b369d1d34732b4f91-00692c8f77" "object-server 96900" 0.0007 "-" 96608 0
Nov 30 13:39:51 np0005540243.novalocal object-server[96900]: ::1 - - [30/Nov/2025:18:39:51 +0000] "GET /3/240494/AUTH_d8c5e0069fac460689fc06414f238cc2/gnocchi.128507fc-f932-4a11-b38f-60383873f84a/none_v3" 200 36 "GET http://[::1]:8080/v1/AUTH_d8c5e0069fac460689fc06414f238cc2/gnocchi.128507fc-f932-4a11-b38f-60383873f84a/none_v3" "tx32a2b379b99f4af38652b-00692c8f77" "proxy-server 92965" 0.0009 "-" 96900 0
Nov 30 13:39:51 np0005540243.novalocal proxy-server[92965]: ::1 ::1 30/Nov/2025/18/39/51 GET /v1/AUTH_d8c5e0069fac460689fc06414f238cc2/gnocchi.128507fc-f932-4a11-b38f-60383873f84a/none_v3 HTTP/1.0 200 - python-swiftclient-4.2.0 gAAAAABpLI9luiBC... - 36 - tx32a2b379b99f4af38652b-00692c8f77 - 0.0099 - - 1764527991.495205402 1764527991.505055666 0
Nov 30 13:39:51 np0005540243.novalocal container-server[96605]: ::1 - - [30/Nov/2025:18:39:51 +0000] "PUT /2/177751/AUTH_d8c5e0069fac460689fc06414f238cc2/gnocchi.37db4433-4d68-4d04-8bda-4a1931ea08c8/1763640000.0_mean_300.0_v3" 201 - "PUT http://[::1]:8080/2/219463/AUTH_d8c5e0069fac460689fc06414f238cc2/gnocchi.37db4433-4d68-4d04-8bda-4a1931ea08c8/1763640000.0_mean_300.0_v3" "tx1a66b369d1d34732b4f91-00692c8f77" "object-server 96901" 0.0008 "-" 96605 0
Nov 30 13:39:51 np0005540243.novalocal object-server[96900]: ::1 - - [30/Nov/2025:18:39:51 +0000] "PUT /1/219463/AUTH_d8c5e0069fac460689fc06414f238cc2/gnocchi.37db4433-4d68-4d04-8bda-4a1931ea08c8/1763640000.0_mean_300.0_v3" 201 - "PUT http://[::1]:8080/v1/AUTH_d8c5e0069fac460689fc06414f238cc2/gnocchi.37db4433-4d68-4d04-8bda-4a1931ea08c8/1763640000.0_mean_300.0_v3" "tx1a66b369d1d34732b4f91-00692c8f77" "proxy-server 92966" 0.0251 "-" 96900 0
Nov 30 13:39:51 np0005540243.novalocal object-server[96901]: ::1 - - [30/Nov/2025:18:39:51 +0000] "PUT /2/219463/AUTH_d8c5e0069fac460689fc06414f238cc2/gnocchi.37db4433-4d68-4d04-8bda-4a1931ea08c8/1763640000.0_mean_300.0_v3" 201 - "PUT http://[::1]:8080/v1/AUTH_d8c5e0069fac460689fc06414f238cc2/gnocchi.37db4433-4d68-4d04-8bda-4a1931ea08c8/1763640000.0_mean_300.0_v3" "tx1a66b369d1d34732b4f91-00692c8f77" "proxy-server 92966" 0.0266 "-" 96901 0
Nov 30 13:39:51 np0005540243.novalocal container-server[96607]: ::1 - - [30/Nov/2025:18:39:51 +0000] "PUT /1/177751/AUTH_d8c5e0069fac460689fc06414f238cc2/gnocchi.37db4433-4d68-4d04-8bda-4a1931ea08c8/1763640000.0_mean_300.0_v3" 201 - "PUT http://[::1]:8080/3/219463/AUTH_d8c5e0069fac460689fc06414f238cc2/gnocchi.37db4433-4d68-4d04-8bda-4a1931ea08c8/1763640000.0_mean_300.0_v3" "tx1a66b369d1d34732b4f91-00692c8f77" "object-server 96901" 0.0005 "-" 96607 0
Nov 30 13:39:51 np0005540243.novalocal object-server[96901]: ::1 - - [30/Nov/2025:18:39:51 +0000] "PUT /3/219463/AUTH_d8c5e0069fac460689fc06414f238cc2/gnocchi.37db4433-4d68-4d04-8bda-4a1931ea08c8/1763640000.0_mean_300.0_v3" 201 - "PUT http://[::1]:8080/v1/AUTH_d8c5e0069fac460689fc06414f238cc2/gnocchi.37db4433-4d68-4d04-8bda-4a1931ea08c8/1763640000.0_mean_300.0_v3" "tx1a66b369d1d34732b4f91-00692c8f77" "proxy-server 92966" 0.0242 "-" 96901 0
Nov 30 13:39:51 np0005540243.novalocal proxy-server[92966]: ::1 ::1 30/Nov/2025/18/39/51 PUT /v1/AUTH_d8c5e0069fac460689fc06414f238cc2/gnocchi.37db4433-4d68-4d04-8bda-4a1931ea08c8/1763640000.0_mean_300.0_v3 HTTP/1.0 201 - python-swiftclient-4.2.0 gAAAAABpLI9eQPaN... 16 - - tx1a66b369d1d34732b4f91-00692c8f77 - 0.0385 - - 1764527991.471780539 1764527991.510319710 0
Nov 30 13:39:51 np0005540243.novalocal container-server[96608]: ::1 - - [30/Nov/2025:18:39:51 +0000] "GET /3/170511/AUTH_d8c5e0069fac460689fc06414f238cc2/gnocchi.128507fc-f932-4a11-b38f-60383873f84a" 200 357 "GET http://[::1]:8080/v1/AUTH_d8c5e0069fac460689fc06414f238cc2/gnocchi.128507fc-f932-4a11-b38f-60383873f84a?format=json&states=listing" "tx4bc935fe0615452a9a6c5-00692c8f77" "proxy-server 92965" 0.0087 "-" 96608 0
Nov 30 13:39:51 np0005540243.novalocal proxy-server[92965]: ::1 ::1 30/Nov/2025/18/39/51 GET /v1/AUTH_d8c5e0069fac460689fc06414f238cc2/gnocchi.128507fc-f932-4a11-b38f-60383873f84a%3Fformat%3Djson%26states%3Dlisting HTTP/1.0 200 - python-swiftclient-4.2.0 gAAAAABpLI9luiBC... - 357 - tx4bc935fe0615452a9a6c5-00692c8f77 - 0.0146 - - 1764527991.507836580 1764527991.522478342 0
Nov 30 13:39:51 np0005540243.novalocal container-server[96605]: ::1 - - [30/Nov/2025:18:39:51 +0000] "PUT /3/177751/AUTH_d8c5e0069fac460689fc06414f238cc2/gnocchi.37db4433-4d68-4d04-8bda-4a1931ea08c8/none_v3" 201 - "PUT http://[::1]:8080/3/95762/AUTH_d8c5e0069fac460689fc06414f238cc2/gnocchi.37db4433-4d68-4d04-8bda-4a1931ea08c8/none_v3" "tx8603315a936e471986613-00692c8f77" "object-server 96902" 0.0006 "-" 96605 0
Nov 30 13:39:51 np0005540243.novalocal object-server[96902]: ::1 - - [30/Nov/2025:18:39:51 +0000] "PUT /3/95762/AUTH_d8c5e0069fac460689fc06414f238cc2/gnocchi.37db4433-4d68-4d04-8bda-4a1931ea08c8/none_v3" 201 - "PUT http://[::1]:8080/v1/AUTH_d8c5e0069fac460689fc06414f238cc2/gnocchi.37db4433-4d68-4d04-8bda-4a1931ea08c8/none_v3" "tx8603315a936e471986613-00692c8f77" "proxy-server 92966" 0.0087 "-" 96902 0
Nov 30 13:39:51 np0005540243.novalocal container-server[96606]: ::1 - - [30/Nov/2025:18:39:51 +0000] "GET /3/170511/AUTH_d8c5e0069fac460689fc06414f238cc2/gnocchi.128507fc-f932-4a11-b38f-60383873f84a" 200 2 "GET http://[::1]:8080/v1/AUTH_d8c5e0069fac460689fc06414f238cc2/gnocchi.128507fc-f932-4a11-b38f-60383873f84a?format=json&marker=none_v3&states=listing" "tx39206db7ee524b878fe2a-00692c8f77" "proxy-server 92965" 0.0020 "-" 96606 0
Nov 30 13:39:51 np0005540243.novalocal container-server[96607]: ::1 - - [30/Nov/2025:18:39:51 +0000] "PUT /2/177751/AUTH_d8c5e0069fac460689fc06414f238cc2/gnocchi.37db4433-4d68-4d04-8bda-4a1931ea08c8/none_v3" 201 - "PUT http://[::1]:8080/2/95762/AUTH_d8c5e0069fac460689fc06414f238cc2/gnocchi.37db4433-4d68-4d04-8bda-4a1931ea08c8/none_v3" "tx8603315a936e471986613-00692c8f77" "object-server 96901" 0.0004 "-" 96607 0
Nov 30 13:39:51 np0005540243.novalocal container-server[96606]: ::1 - - [30/Nov/2025:18:39:51 +0000] "PUT /1/177751/AUTH_d8c5e0069fac460689fc06414f238cc2/gnocchi.37db4433-4d68-4d04-8bda-4a1931ea08c8/none_v3" 201 - "PUT http://[::1]:8080/1/95762/AUTH_d8c5e0069fac460689fc06414f238cc2/gnocchi.37db4433-4d68-4d04-8bda-4a1931ea08c8/none_v3" "tx8603315a936e471986613-00692c8f77" "object-server 96899" 0.0003 "-" 96606 0
Nov 30 13:39:51 np0005540243.novalocal object-server[96901]: ::1 - - [30/Nov/2025:18:39:51 +0000] "PUT /2/95762/AUTH_d8c5e0069fac460689fc06414f238cc2/gnocchi.37db4433-4d68-4d04-8bda-4a1931ea08c8/none_v3" 201 - "PUT http://[::1]:8080/v1/AUTH_d8c5e0069fac460689fc06414f238cc2/gnocchi.37db4433-4d68-4d04-8bda-4a1931ea08c8/none_v3" "tx8603315a936e471986613-00692c8f77" "proxy-server 92966" 0.0109 "-" 96901 0
Nov 30 13:39:51 np0005540243.novalocal object-server[96899]: ::1 - - [30/Nov/2025:18:39:51 +0000] "PUT /1/95762/AUTH_d8c5e0069fac460689fc06414f238cc2/gnocchi.37db4433-4d68-4d04-8bda-4a1931ea08c8/none_v3" 201 - "PUT http://[::1]:8080/v1/AUTH_d8c5e0069fac460689fc06414f238cc2/gnocchi.37db4433-4d68-4d04-8bda-4a1931ea08c8/none_v3" "tx8603315a936e471986613-00692c8f77" "proxy-server 92966" 0.0112 "-" 96899 0
Nov 30 13:39:51 np0005540243.novalocal proxy-server[92965]: ::1 ::1 30/Nov/2025/18/39/51 GET /v1/AUTH_d8c5e0069fac460689fc06414f238cc2/gnocchi.128507fc-f932-4a11-b38f-60383873f84a%3Fformat%3Djson%26marker%3Dnone_v3%26states%3Dlisting HTTP/1.0 200 - python-swiftclient-4.2.0 gAAAAABpLI9luiBC... - 2 - tx39206db7ee524b878fe2a-00692c8f77 - 0.0080 - - 1764527991.524554253 1764527991.532538891 0
Nov 30 13:39:51 np0005540243.novalocal proxy-server[92966]: ::1 ::1 30/Nov/2025/18/39/51 PUT /v1/AUTH_d8c5e0069fac460689fc06414f238cc2/gnocchi.37db4433-4d68-4d04-8bda-4a1931ea08c8/none_v3 HTTP/1.0 201 - python-swiftclient-4.2.0 gAAAAABpLI9eQPaN... 50 - - tx8603315a936e471986613-00692c8f77 - 0.0201 - - 1764527991.513538361 1764527991.533626080 0
Nov 30 13:39:51 np0005540243.novalocal sudo[104157]: cinder : PWD=/ ; USER=root ; COMMAND=/usr/bin/cinder-rootwrap /etc/cinder/rootwrap.conf env LC_ALL=C lvs --noheadings --unit=g -o vg_name,name,size --nosuffix --readonly cinder-volumes/volume-dcbf258c-d7fc-49f3-8713-e9b7f35842b0
Nov 30 13:39:51 np0005540243.novalocal object-server[96901]: ::1 - - [30/Nov/2025:18:39:51 +0000] "GET /1/57973/AUTH_d8c5e0069fac460689fc06414f238cc2/gnocchi.128507fc-f932-4a11-b38f-60383873f84a/1763640000.0_mean_300.0_v3" 200 16 "GET http://[::1]:8080/v1/AUTH_d8c5e0069fac460689fc06414f238cc2/gnocchi.128507fc-f932-4a11-b38f-60383873f84a/1763640000.0_mean_300.0_v3" "tx9d7e0cb94e414bd28b1cc-00692c8f77" "proxy-server 92965" 0.0018 "-" 96901 0
Nov 30 13:39:51 np0005540243.novalocal proxy-server[92965]: ::1 ::1 30/Nov/2025/18/39/51 GET /v1/AUTH_d8c5e0069fac460689fc06414f238cc2/gnocchi.128507fc-f932-4a11-b38f-60383873f84a/1763640000.0_mean_300.0_v3 HTTP/1.0 200 - python-swiftclient-4.2.0 gAAAAABpLI9luiBC... - 16 - tx9d7e0cb94e414bd28b1cc-00692c8f77 - 0.0106 - - 1764527991.539041758 1764527991.549672365 0
Nov 30 13:39:51 np0005540243.novalocal object-server[96901]: ::1 - - [30/Nov/2025:18:39:51 +0000] "GET /2/65563/AUTH_d8c5e0069fac460689fc06414f238cc2/gnocchi.4eeab45b-25a8-47d3-b715-c893ebe09e4d/none_v3" 200 45 "GET http://[::1]:8080/v1/AUTH_d8c5e0069fac460689fc06414f238cc2/gnocchi.4eeab45b-25a8-47d3-b715-c893ebe09e4d/none_v3" "tx183795204491438d8ce20-00692c8f77" "proxy-server 92966" 0.0009 "-" 96901 0
Nov 30 13:39:51 np0005540243.novalocal proxy-server[92966]: ::1 ::1 30/Nov/2025/18/39/51 GET /v1/AUTH_d8c5e0069fac460689fc06414f238cc2/gnocchi.4eeab45b-25a8-47d3-b715-c893ebe09e4d/none_v3 HTTP/1.0 200 - python-swiftclient-4.2.0 gAAAAABpLI9eQPaN... - 45 - tx183795204491438d8ce20-00692c8f77 - 0.0054 - - 1764527991.550394058 1764527991.555799961 0
Nov 30 13:39:51 np0005540243.novalocal systemd[1]: Started Session c136 of User root.
Nov 30 13:39:51 np0005540243.novalocal sudo[104157]: pam_unix(sudo:session): session opened for user root(uid=0) by (uid=165)
Nov 30 13:39:51 np0005540243.novalocal container-server[96606]: ::1 - - [30/Nov/2025:18:39:51 +0000] "GET /3/58645/AUTH_d8c5e0069fac460689fc06414f238cc2/gnocchi.4eeab45b-25a8-47d3-b715-c893ebe09e4d" 200 357 "GET http://[::1]:8080/v1/AUTH_d8c5e0069fac460689fc06414f238cc2/gnocchi.4eeab45b-25a8-47d3-b715-c893ebe09e4d?format=json&states=listing" "tx5cc36d0ae6b847859e98d-00692c8f77" "proxy-server 92966" 0.0070 "-" 96606 0
Nov 30 13:39:51 np0005540243.novalocal proxy-server[92966]: ::1 ::1 30/Nov/2025/18/39/51 GET /v1/AUTH_d8c5e0069fac460689fc06414f238cc2/gnocchi.4eeab45b-25a8-47d3-b715-c893ebe09e4d%3Fformat%3Djson%26states%3Dlisting HTTP/1.0 200 - python-swiftclient-4.2.0 gAAAAABpLI9eQPaN... - 357 - tx5cc36d0ae6b847859e98d-00692c8f77 - 0.0114 - - 1764527991.558366060 1764527991.569795609 0
Nov 30 13:39:51 np0005540243.novalocal container-server[96606]: ::1 - - [30/Nov/2025:18:39:51 +0000] "PUT /1/170511/AUTH_d8c5e0069fac460689fc06414f238cc2/gnocchi.128507fc-f932-4a11-b38f-60383873f84a/1763640000.0_mean_300.0_v3" 201 - "PUT http://[::1]:8080/1/57973/AUTH_d8c5e0069fac460689fc06414f238cc2/gnocchi.128507fc-f932-4a11-b38f-60383873f84a/1763640000.0_mean_300.0_v3" "txea99832b70694af98ddd1-00692c8f77" "object-server 96902" 0.0003 "-" 96606 0
Nov 30 13:39:51 np0005540243.novalocal object-server[96902]: ::1 - - [30/Nov/2025:18:39:51 +0000] "PUT /1/57973/AUTH_d8c5e0069fac460689fc06414f238cc2/gnocchi.128507fc-f932-4a11-b38f-60383873f84a/1763640000.0_mean_300.0_v3" 201 - "PUT http://[::1]:8080/v1/AUTH_d8c5e0069fac460689fc06414f238cc2/gnocchi.128507fc-f932-4a11-b38f-60383873f84a/1763640000.0_mean_300.0_v3" "txea99832b70694af98ddd1-00692c8f77" "proxy-server 92965" 0.0130 "-" 96902 0
Nov 30 13:39:51 np0005540243.novalocal container-server[96607]: ::1 - - [30/Nov/2025:18:39:51 +0000] "PUT /2/170511/AUTH_d8c5e0069fac460689fc06414f238cc2/gnocchi.128507fc-f932-4a11-b38f-60383873f84a/1763640000.0_mean_300.0_v3" 201 - "PUT http://[::1]:8080/2/57973/AUTH_d8c5e0069fac460689fc06414f238cc2/gnocchi.128507fc-f932-4a11-b38f-60383873f84a/1763640000.0_mean_300.0_v3" "txea99832b70694af98ddd1-00692c8f77" "object-server 96901" 0.0005 "-" 96607 0
Nov 30 13:39:51 np0005540243.novalocal container-server[96607]: ::1 - - [30/Nov/2025:18:39:51 +0000] "PUT /3/170511/AUTH_d8c5e0069fac460689fc06414f238cc2/gnocchi.128507fc-f932-4a11-b38f-60383873f84a/1763640000.0_mean_300.0_v3" 201 - "PUT http://[::1]:8080/3/57973/AUTH_d8c5e0069fac460689fc06414f238cc2/gnocchi.128507fc-f932-4a11-b38f-60383873f84a/1763640000.0_mean_300.0_v3" "txea99832b70694af98ddd1-00692c8f77" "object-server 96902" 0.0004 "-" 96607 0
Nov 30 13:39:51 np0005540243.novalocal object-server[96901]: ::1 - - [30/Nov/2025:18:39:51 +0000] "PUT /2/57973/AUTH_d8c5e0069fac460689fc06414f238cc2/gnocchi.128507fc-f932-4a11-b38f-60383873f84a/1763640000.0_mean_300.0_v3" 201 - "PUT http://[::1]:8080/v1/AUTH_d8c5e0069fac460689fc06414f238cc2/gnocchi.128507fc-f932-4a11-b38f-60383873f84a/1763640000.0_mean_300.0_v3" "txea99832b70694af98ddd1-00692c8f77" "proxy-server 92965" 0.0145 "-" 96901 0
Nov 30 13:39:51 np0005540243.novalocal object-server[96902]: ::1 - - [30/Nov/2025:18:39:51 +0000] "PUT /3/57973/AUTH_d8c5e0069fac460689fc06414f238cc2/gnocchi.128507fc-f932-4a11-b38f-60383873f84a/1763640000.0_mean_300.0_v3" 201 - "PUT http://[::1]:8080/v1/AUTH_d8c5e0069fac460689fc06414f238cc2/gnocchi.128507fc-f932-4a11-b38f-60383873f84a/1763640000.0_mean_300.0_v3" "txea99832b70694af98ddd1-00692c8f77" "proxy-server 92965" 0.0137 "-" 96902 0
Nov 30 13:39:51 np0005540243.novalocal proxy-server[92965]: ::1 ::1 30/Nov/2025/18/39/51 PUT /v1/AUTH_d8c5e0069fac460689fc06414f238cc2/gnocchi.128507fc-f932-4a11-b38f-60383873f84a/1763640000.0_mean_300.0_v3 HTTP/1.0 201 - python-swiftclient-4.2.0 gAAAAABpLI9luiBC... 16 - - txea99832b70694af98ddd1-00692c8f77 - 0.0227 - - 1764527991.553514481 1764527991.576189756 0
Nov 30 13:39:51 np0005540243.novalocal container-server[96605]: ::1 - - [30/Nov/2025:18:39:51 +0000] "GET /1/58645/AUTH_d8c5e0069fac460689fc06414f238cc2/gnocchi.4eeab45b-25a8-47d3-b715-c893ebe09e4d" 200 2 "GET http://[::1]:8080/v1/AUTH_d8c5e0069fac460689fc06414f238cc2/gnocchi.4eeab45b-25a8-47d3-b715-c893ebe09e4d?format=json&marker=none_v3&states=listing" "tx67a461b5c8c84709afebc-00692c8f77" "proxy-server 92966" 0.0066 "-" 96605 0
Nov 30 13:39:51 np0005540243.novalocal proxy-server[92966]: ::1 ::1 30/Nov/2025/18/39/51 GET /v1/AUTH_d8c5e0069fac460689fc06414f238cc2/gnocchi.4eeab45b-25a8-47d3-b715-c893ebe09e4d%3Fformat%3Djson%26marker%3Dnone_v3%26states%3Dlisting HTTP/1.0 200 - python-swiftclient-4.2.0 gAAAAABpLI9eQPaN... - 2 - tx67a461b5c8c84709afebc-00692c8f77 - 0.0119 - - 1764527991.571458340 1764527991.583395004 0
Nov 30 13:39:51 np0005540243.novalocal object-server[96900]: ::1 - - [30/Nov/2025:18:39:51 +0000] "GET /3/239627/AUTH_d8c5e0069fac460689fc06414f238cc2/gnocchi.4eeab45b-25a8-47d3-b715-c893ebe09e4d/1763640000.0_mean_300.0_v3" 200 16 "GET http://[::1]:8080/v1/AUTH_d8c5e0069fac460689fc06414f238cc2/gnocchi.4eeab45b-25a8-47d3-b715-c893ebe09e4d/1763640000.0_mean_300.0_v3" "tx4991c974914848bf99017-00692c8f77" "proxy-server 92966" 0.0013 "-" 96900 0
Nov 30 13:39:51 np0005540243.novalocal proxy-server[92966]: ::1 ::1 30/Nov/2025/18/39/51 GET /v1/AUTH_d8c5e0069fac460689fc06414f238cc2/gnocchi.4eeab45b-25a8-47d3-b715-c893ebe09e4d/1763640000.0_mean_300.0_v3 HTTP/1.0 200 - python-swiftclient-4.2.0 gAAAAABpLI9eQPaN... - 16 - tx4991c974914848bf99017-00692c8f77 - 0.0058 - - 1764527991.586037874 1764527991.591826200 0
Nov 30 13:39:51 np0005540243.novalocal container-server[96605]: ::1 - - [30/Nov/2025:18:39:51 +0000] "PUT /1/170511/AUTH_d8c5e0069fac460689fc06414f238cc2/gnocchi.128507fc-f932-4a11-b38f-60383873f84a/none_v3" 201 - "PUT http://[::1]:8080/1/240494/AUTH_d8c5e0069fac460689fc06414f238cc2/gnocchi.128507fc-f932-4a11-b38f-60383873f84a/none_v3" "tx1d528a65df9b4ccfa5166-00692c8f77" "object-server 96902" 0.0006 "-" 96605 0
Nov 30 13:39:51 np0005540243.novalocal container-server[96608]: ::1 - - [30/Nov/2025:18:39:51 +0000] "PUT /2/170511/AUTH_d8c5e0069fac460689fc06414f238cc2/gnocchi.128507fc-f932-4a11-b38f-60383873f84a/none_v3" 201 - "PUT http://[::1]:8080/3/240494/AUTH_d8c5e0069fac460689fc06414f238cc2/gnocchi.128507fc-f932-4a11-b38f-60383873f84a/none_v3" "tx1d528a65df9b4ccfa5166-00692c8f77" "object-server 96901" 0.0007 "-" 96608 0
Nov 30 13:39:51 np0005540243.novalocal object-server[96902]: ::1 - - [30/Nov/2025:18:39:51 +0000] "PUT /1/240494/AUTH_d8c5e0069fac460689fc06414f238cc2/gnocchi.128507fc-f932-4a11-b38f-60383873f84a/none_v3" 201 - "PUT http://[::1]:8080/v1/AUTH_d8c5e0069fac460689fc06414f238cc2/gnocchi.128507fc-f932-4a11-b38f-60383873f84a/none_v3" "tx1d528a65df9b4ccfa5166-00692c8f77" "proxy-server 92965" 0.0081 "-" 96902 0
Nov 30 13:39:51 np0005540243.novalocal container-server[96607]: ::1 - - [30/Nov/2025:18:39:51 +0000] "PUT /3/170511/AUTH_d8c5e0069fac460689fc06414f238cc2/gnocchi.128507fc-f932-4a11-b38f-60383873f84a/none_v3" 201 - "PUT http://[::1]:8080/2/240494/AUTH_d8c5e0069fac460689fc06414f238cc2/gnocchi.128507fc-f932-4a11-b38f-60383873f84a/none_v3" "tx1d528a65df9b4ccfa5166-00692c8f77" "object-server 96902" 0.0005 "-" 96607 0
Nov 30 13:39:51 np0005540243.novalocal object-server[96901]: ::1 - - [30/Nov/2025:18:39:51 +0000] "PUT /3/240494/AUTH_d8c5e0069fac460689fc06414f238cc2/gnocchi.128507fc-f932-4a11-b38f-60383873f84a/none_v3" 201 - "PUT http://[::1]:8080/v1/AUTH_d8c5e0069fac460689fc06414f238cc2/gnocchi.128507fc-f932-4a11-b38f-60383873f84a/none_v3" "tx1d528a65df9b4ccfa5166-00692c8f77" "proxy-server 92965" 0.0090 "-" 96901 0
Nov 30 13:39:51 np0005540243.novalocal object-server[96902]: ::1 - - [30/Nov/2025:18:39:51 +0000] "PUT /2/240494/AUTH_d8c5e0069fac460689fc06414f238cc2/gnocchi.128507fc-f932-4a11-b38f-60383873f84a/none_v3" 201 - "PUT http://[::1]:8080/v1/AUTH_d8c5e0069fac460689fc06414f238cc2/gnocchi.128507fc-f932-4a11-b38f-60383873f84a/none_v3" "tx1d528a65df9b4ccfa5166-00692c8f77" "proxy-server 92965" 0.0100 "-" 96902 0
Nov 30 13:39:51 np0005540243.novalocal proxy-server[92965]: ::1 ::1 30/Nov/2025/18/39/51 PUT /v1/AUTH_d8c5e0069fac460689fc06414f238cc2/gnocchi.128507fc-f932-4a11-b38f-60383873f84a/none_v3 HTTP/1.0 201 - python-swiftclient-4.2.0 gAAAAABpLI9luiBC... 44 - - tx1d528a65df9b4ccfa5166-00692c8f77 - 0.0180 - - 1764527991.579145193 1764527991.597164631 0
Nov 30 13:39:51 np0005540243.novalocal container-server[96605]: ::1 - - [30/Nov/2025:18:39:51 +0000] "PUT /2/58645/AUTH_d8c5e0069fac460689fc06414f238cc2/gnocchi.4eeab45b-25a8-47d3-b715-c893ebe09e4d/1763640000.0_mean_300.0_v3" 201 - "PUT http://[::1]:8080/1/239627/AUTH_d8c5e0069fac460689fc06414f238cc2/gnocchi.4eeab45b-25a8-47d3-b715-c893ebe09e4d/1763640000.0_mean_300.0_v3" "tx3fe55b0ec13d4029a57df-00692c8f77" "object-server 96901" 0.0004 "-" 96605 0
Nov 30 13:39:51 np0005540243.novalocal object-server[96901]: ::1 - - [30/Nov/2025:18:39:51 +0000] "PUT /1/239627/AUTH_d8c5e0069fac460689fc06414f238cc2/gnocchi.4eeab45b-25a8-47d3-b715-c893ebe09e4d/1763640000.0_mean_300.0_v3" 201 - "PUT http://[::1]:8080/v1/AUTH_d8c5e0069fac460689fc06414f238cc2/gnocchi.4eeab45b-25a8-47d3-b715-c893ebe09e4d/1763640000.0_mean_300.0_v3" "tx3fe55b0ec13d4029a57df-00692c8f77" "proxy-server 92966" 0.0078 "-" 96901 0
Nov 30 13:39:51 np0005540243.novalocal container-server[96605]: ::1 - - [30/Nov/2025:18:39:51 +0000] "PUT /3/58645/AUTH_d8c5e0069fac460689fc06414f238cc2/gnocchi.4eeab45b-25a8-47d3-b715-c893ebe09e4d/1763640000.0_mean_300.0_v3" 201 - "PUT http://[::1]:8080/3/239627/AUTH_d8c5e0069fac460689fc06414f238cc2/gnocchi.4eeab45b-25a8-47d3-b715-c893ebe09e4d/1763640000.0_mean_300.0_v3" "tx3fe55b0ec13d4029a57df-00692c8f77" "object-server 96901" 0.0004 "-" 96605 0
Nov 30 13:39:51 np0005540243.novalocal object-server[96901]: ::1 - - [30/Nov/2025:18:39:51 +0000] "PUT /3/239627/AUTH_d8c5e0069fac460689fc06414f238cc2/gnocchi.4eeab45b-25a8-47d3-b715-c893ebe09e4d/1763640000.0_mean_300.0_v3" 201 - "PUT http://[::1]:8080/v1/AUTH_d8c5e0069fac460689fc06414f238cc2/gnocchi.4eeab45b-25a8-47d3-b715-c893ebe09e4d/1763640000.0_mean_300.0_v3" "tx3fe55b0ec13d4029a57df-00692c8f77" "proxy-server 92966" 0.0082 "-" 96901 0
Nov 30 13:39:51 np0005540243.novalocal container-server[96605]: ::1 - - [30/Nov/2025:18:39:51 +0000] "PUT /1/58645/AUTH_d8c5e0069fac460689fc06414f238cc2/gnocchi.4eeab45b-25a8-47d3-b715-c893ebe09e4d/1763640000.0_mean_300.0_v3" 201 - "PUT http://[::1]:8080/2/239627/AUTH_d8c5e0069fac460689fc06414f238cc2/gnocchi.4eeab45b-25a8-47d3-b715-c893ebe09e4d/1763640000.0_mean_300.0_v3" "tx3fe55b0ec13d4029a57df-00692c8f77" "object-server 96899" 0.0004 "-" 96605 0
Nov 30 13:39:51 np0005540243.novalocal object-server[96899]: ::1 - - [30/Nov/2025:18:39:51 +0000] "PUT /2/239627/AUTH_d8c5e0069fac460689fc06414f238cc2/gnocchi.4eeab45b-25a8-47d3-b715-c893ebe09e4d/1763640000.0_mean_300.0_v3" 201 - "PUT http://[::1]:8080/v1/AUTH_d8c5e0069fac460689fc06414f238cc2/gnocchi.4eeab45b-25a8-47d3-b715-c893ebe09e4d/1763640000.0_mean_300.0_v3" "tx3fe55b0ec13d4029a57df-00692c8f77" "proxy-server 92966" 0.0102 "-" 96899 0
Nov 30 13:39:51 np0005540243.novalocal proxy-server[92966]: ::1 ::1 30/Nov/2025/18/39/51 PUT /v1/AUTH_d8c5e0069fac460689fc06414f238cc2/gnocchi.4eeab45b-25a8-47d3-b715-c893ebe09e4d/1763640000.0_mean_300.0_v3 HTTP/1.0 201 - python-swiftclient-4.2.0 gAAAAABpLI9eQPaN... 16 - - tx3fe55b0ec13d4029a57df-00692c8f77 - 0.0153 - - 1764527991.595720768 1764527991.611035109 0
Nov 30 13:39:51 np0005540243.novalocal container-server[96607]: ::1 - - [30/Nov/2025:18:39:51 +0000] "PUT /2/58645/AUTH_d8c5e0069fac460689fc06414f238cc2/gnocchi.4eeab45b-25a8-47d3-b715-c893ebe09e4d/none_v3" 201 - "PUT http://[::1]:8080/2/65563/AUTH_d8c5e0069fac460689fc06414f238cc2/gnocchi.4eeab45b-25a8-47d3-b715-c893ebe09e4d/none_v3" "txe1437962d7a2429493d0a-00692c8f77" "object-server 96901" 0.0005 "-" 96607 0
Nov 30 13:39:51 np0005540243.novalocal container-server[96608]: ::1 - - [30/Nov/2025:18:39:51 +0000] "PUT /3/58645/AUTH_d8c5e0069fac460689fc06414f238cc2/gnocchi.4eeab45b-25a8-47d3-b715-c893ebe09e4d/none_v3" 201 - "PUT http://[::1]:8080/1/65563/AUTH_d8c5e0069fac460689fc06414f238cc2/gnocchi.4eeab45b-25a8-47d3-b715-c893ebe09e4d/none_v3" "txe1437962d7a2429493d0a-00692c8f77" "object-server 96901" 0.0004 "-" 96608 0
Nov 30 13:39:51 np0005540243.novalocal container-server[96605]: ::1 - - [30/Nov/2025:18:39:51 +0000] "PUT /1/58645/AUTH_d8c5e0069fac460689fc06414f238cc2/gnocchi.4eeab45b-25a8-47d3-b715-c893ebe09e4d/none_v3" 201 - "PUT http://[::1]:8080/3/65563/AUTH_d8c5e0069fac460689fc06414f238cc2/gnocchi.4eeab45b-25a8-47d3-b715-c893ebe09e4d/none_v3" "txe1437962d7a2429493d0a-00692c8f77" "object-server 96902" 0.0004 "-" 96605 0
Nov 30 13:39:51 np0005540243.novalocal object-server[96901]: ::1 - - [30/Nov/2025:18:39:51 +0000] "PUT /1/65563/AUTH_d8c5e0069fac460689fc06414f238cc2/gnocchi.4eeab45b-25a8-47d3-b715-c893ebe09e4d/none_v3" 201 - "PUT http://[::1]:8080/v1/AUTH_d8c5e0069fac460689fc06414f238cc2/gnocchi.4eeab45b-25a8-47d3-b715-c893ebe09e4d/none_v3" "txe1437962d7a2429493d0a-00692c8f77" "proxy-server 92966" 0.0087 "-" 96901 0
Nov 30 13:39:51 np0005540243.novalocal object-server[96902]: ::1 - - [30/Nov/2025:18:39:51 +0000] "PUT /3/65563/AUTH_d8c5e0069fac460689fc06414f238cc2/gnocchi.4eeab45b-25a8-47d3-b715-c893ebe09e4d/none_v3" 201 - "PUT http://[::1]:8080/v1/AUTH_d8c5e0069fac460689fc06414f238cc2/gnocchi.4eeab45b-25a8-47d3-b715-c893ebe09e4d/none_v3" "txe1437962d7a2429493d0a-00692c8f77" "proxy-server 92966" 0.0098 "-" 96902 0
Nov 30 13:39:51 np0005540243.novalocal object-server[96901]: ::1 - - [30/Nov/2025:18:39:51 +0000] "PUT /2/65563/AUTH_d8c5e0069fac460689fc06414f238cc2/gnocchi.4eeab45b-25a8-47d3-b715-c893ebe09e4d/none_v3" 201 - "PUT http://[::1]:8080/v1/AUTH_d8c5e0069fac460689fc06414f238cc2/gnocchi.4eeab45b-25a8-47d3-b715-c893ebe09e4d/none_v3" "txe1437962d7a2429493d0a-00692c8f77" "proxy-server 92966" 0.0104 "-" 96901 0
Nov 30 13:39:51 np0005540243.novalocal proxy-server[92966]: ::1 ::1 30/Nov/2025/18/39/51 PUT /v1/AUTH_d8c5e0069fac460689fc06414f238cc2/gnocchi.4eeab45b-25a8-47d3-b715-c893ebe09e4d/none_v3 HTTP/1.0 201 - python-swiftclient-4.2.0 gAAAAABpLI9eQPaN... 51 - - txe1437962d7a2429493d0a-00692c8f77 - 0.0183 - - 1764527991.613669157 1764527991.631929874 0
Nov 30 13:39:51 np0005540243.novalocal object-server[96900]: ::1 - - [30/Nov/2025:18:39:51 +0000] "GET /3/153156/AUTH_d8c5e0069fac460689fc06414f238cc2/gnocchi.b8fc4f0e-dfa3-4eed-9d27-cd0edcd7c719/none_v3" 200 45 "GET http://[::1]:8080/v1/AUTH_d8c5e0069fac460689fc06414f238cc2/gnocchi.b8fc4f0e-dfa3-4eed-9d27-cd0edcd7c719/none_v3" "tx7e50ca93dc6040a88721c-00692c8f77" "proxy-server 92966" 0.0008 "-" 96900 0
Nov 30 13:39:51 np0005540243.novalocal proxy-server[92966]: ::1 ::1 30/Nov/2025/18/39/51 GET /v1/AUTH_d8c5e0069fac460689fc06414f238cc2/gnocchi.b8fc4f0e-dfa3-4eed-9d27-cd0edcd7c719/none_v3 HTTP/1.0 200 - python-swiftclient-4.2.0 gAAAAABpLI9eQPaN... - 45 - tx7e50ca93dc6040a88721c-00692c8f77 - 0.0072 - - 1764527991.670469284 1764527991.677664995 0
Nov 30 13:39:51 np0005540243.novalocal container-server[96606]: ::1 - - [30/Nov/2025:18:39:51 +0000] "GET /2/30558/AUTH_d8c5e0069fac460689fc06414f238cc2/gnocchi.b8fc4f0e-dfa3-4eed-9d27-cd0edcd7c719" 200 357 "GET http://[::1]:8080/v1/AUTH_d8c5e0069fac460689fc06414f238cc2/gnocchi.b8fc4f0e-dfa3-4eed-9d27-cd0edcd7c719?format=json&states=listing" "tx863446b51a814ed2aa92a-00692c8f77" "proxy-server 92966" 0.0062 "-" 96606 0
Nov 30 13:39:51 np0005540243.novalocal proxy-server[92966]: ::1 ::1 30/Nov/2025/18/39/51 GET /v1/AUTH_d8c5e0069fac460689fc06414f238cc2/gnocchi.b8fc4f0e-dfa3-4eed-9d27-cd0edcd7c719%3Fformat%3Djson%26states%3Dlisting HTTP/1.0 200 - python-swiftclient-4.2.0 gAAAAABpLI9eQPaN... - 357 - tx863446b51a814ed2aa92a-00692c8f77 - 0.0134 - - 1764527991.679965496 1764527991.693376541 0
Nov 30 13:39:51 np0005540243.novalocal container-server[96608]: ::1 - - [30/Nov/2025:18:39:51 +0000] "GET /2/30558/AUTH_d8c5e0069fac460689fc06414f238cc2/gnocchi.b8fc4f0e-dfa3-4eed-9d27-cd0edcd7c719" 200 2 "GET http://[::1]:8080/v1/AUTH_d8c5e0069fac460689fc06414f238cc2/gnocchi.b8fc4f0e-dfa3-4eed-9d27-cd0edcd7c719?format=json&marker=none_v3&states=listing" "txa22172f3c73d4e5586c34-00692c8f77" "proxy-server 92966" 0.0020 "-" 96608 0
Nov 30 13:39:51 np0005540243.novalocal proxy-server[92966]: ::1 ::1 30/Nov/2025/18/39/51 GET /v1/AUTH_d8c5e0069fac460689fc06414f238cc2/gnocchi.b8fc4f0e-dfa3-4eed-9d27-cd0edcd7c719%3Fformat%3Djson%26marker%3Dnone_v3%26states%3Dlisting HTTP/1.0 200 - python-swiftclient-4.2.0 gAAAAABpLI9eQPaN... - 2 - txa22172f3c73d4e5586c34-00692c8f77 - 0.0121 - - 1764527991.696011543 1764527991.708091021 0
Nov 30 13:39:51 np0005540243.novalocal object-server[96901]: ::1 - - [30/Nov/2025:18:39:51 +0000] "GET /2/139188/AUTH_d8c5e0069fac460689fc06414f238cc2/gnocchi.b8fc4f0e-dfa3-4eed-9d27-cd0edcd7c719/1763640000.0_mean_300.0_v3" 200 16 "GET http://[::1]:8080/v1/AUTH_d8c5e0069fac460689fc06414f238cc2/gnocchi.b8fc4f0e-dfa3-4eed-9d27-cd0edcd7c719/1763640000.0_mean_300.0_v3" "txb8d0ecaeed8c4d1c8e712-00692c8f77" "proxy-server 92966" 0.0007 "-" 96901 0
Nov 30 13:39:51 np0005540243.novalocal proxy-server[92966]: ::1 ::1 30/Nov/2025/18/39/51 GET /v1/AUTH_d8c5e0069fac460689fc06414f238cc2/gnocchi.b8fc4f0e-dfa3-4eed-9d27-cd0edcd7c719/1763640000.0_mean_300.0_v3 HTTP/1.0 200 - python-swiftclient-4.2.0 gAAAAABpLI9eQPaN... - 16 - txb8d0ecaeed8c4d1c8e712-00692c8f77 - 0.0081 - - 1764527991.711196899 1764527991.719252110 0
Nov 30 13:39:51 np0005540243.novalocal container-server[96607]: ::1 - - [30/Nov/2025:18:39:51 +0000] "PUT /2/30558/AUTH_d8c5e0069fac460689fc06414f238cc2/gnocchi.b8fc4f0e-dfa3-4eed-9d27-cd0edcd7c719/1763640000.0_mean_300.0_v3" 201 - "PUT http://[::1]:8080/3/139188/AUTH_d8c5e0069fac460689fc06414f238cc2/gnocchi.b8fc4f0e-dfa3-4eed-9d27-cd0edcd7c719/1763640000.0_mean_300.0_v3" "tx37e645bb51d9478e9e7f5-00692c8f77" "object-server 96901" 0.0007 "-" 96607 0
