Nov 30 13:39:39 np0005540243.novalocal object-server[96901]: ::1 - - [30/Nov/2025:18:39:39 +0000] "PUT /1/62369/AUTH_d8c5e0069fac460689fc06414f238cc2/gnocchi.f08f6324-915b-4918-9ac5-73947eb38c6f/none_v3" 201 - "PUT http://[::1]:8080/v1/AUTH_d8c5e0069fac460689fc06414f238cc2/gnocchi.f08f6324-915b-4918-9ac5-73947eb38c6f/none_v3" "txcd0e298010de4bcf8b794-00692c8f6b" "proxy-server 92965" 0.0114 "-" 96901 0
Nov 30 13:39:39 np0005540243.novalocal container-server[96606]: ::1 - - [30/Nov/2025:18:39:39 +0000] "PUT /2/134055/AUTH_d8c5e0069fac460689fc06414f238cc2/gnocchi.f08f6324-915b-4918-9ac5-73947eb38c6f/none_v3" 201 - "PUT http://[::1]:8080/2/62369/AUTH_d8c5e0069fac460689fc06414f238cc2/gnocchi.f08f6324-915b-4918-9ac5-73947eb38c6f/none_v3" "txcd0e298010de4bcf8b794-00692c8f6b" "object-server 96899" 0.0006 "-" 96606 0
Nov 30 13:39:39 np0005540243.novalocal object-server[96900]: ::1 - - [30/Nov/2025:18:39:39 +0000] "GET /2/157054/AUTH_d8c5e0069fac460689fc06414f238cc2/gnocchi.753ecd46-7d3e-4de3-b956-5597e9ec0fc3/none_v3" 404 70 "GET http://[::1]:8080/v1/AUTH_d8c5e0069fac460689fc06414f238cc2/gnocchi.753ecd46-7d3e-4de3-b956-5597e9ec0fc3/none_v3" "tx7a408fa6a989417b9884c-00692c8f6b" "proxy-server 92966" 0.0003 "-" 96900 0
Nov 30 13:39:39 np0005540243.novalocal object-server[96899]: ::1 - - [30/Nov/2025:18:39:39 +0000] "PUT /2/62369/AUTH_d8c5e0069fac460689fc06414f238cc2/gnocchi.f08f6324-915b-4918-9ac5-73947eb38c6f/none_v3" 201 - "PUT http://[::1]:8080/v1/AUTH_d8c5e0069fac460689fc06414f238cc2/gnocchi.f08f6324-915b-4918-9ac5-73947eb38c6f/none_v3" "txcd0e298010de4bcf8b794-00692c8f6b" "proxy-server 92965" 0.0181 "-" 96899 0
Nov 30 13:39:39 np0005540243.novalocal object-server[96902]: ::1 - - [30/Nov/2025:18:39:39 +0000] "GET /3/157054/AUTH_d8c5e0069fac460689fc06414f238cc2/gnocchi.753ecd46-7d3e-4de3-b956-5597e9ec0fc3/none_v3" 404 70 "GET http://[::1]:8080/v1/AUTH_d8c5e0069fac460689fc06414f238cc2/gnocchi.753ecd46-7d3e-4de3-b956-5597e9ec0fc3/none_v3" "tx7a408fa6a989417b9884c-00692c8f6b" "proxy-server 92966" 0.0002 "-" 96902 0
Nov 30 13:39:39 np0005540243.novalocal proxy-server[92965]: ::1 ::1 30/Nov/2025/18/39/39 PUT /v1/AUTH_d8c5e0069fac460689fc06414f238cc2/gnocchi.f08f6324-915b-4918-9ac5-73947eb38c6f/none_v3 HTTP/1.0 201 - python-swiftclient-4.2.0 gAAAAABpLI9luiBC... 22 - - txcd0e298010de4bcf8b794-00692c8f6b - 0.0334 - - 1764527979.332848310 1764527979.366267204 0
Nov 30 13:39:39 np0005540243.novalocal object-server[96902]: ::1 - - [30/Nov/2025:18:39:39 +0000] "GET /1/157054/AUTH_d8c5e0069fac460689fc06414f238cc2/gnocchi.753ecd46-7d3e-4de3-b956-5597e9ec0fc3/none_v3" 404 70 "GET http://[::1]:8080/v1/AUTH_d8c5e0069fac460689fc06414f238cc2/gnocchi.753ecd46-7d3e-4de3-b956-5597e9ec0fc3/none_v3" "tx7a408fa6a989417b9884c-00692c8f6b" "proxy-server 92966" 0.0002 "-" 96902 0
Nov 30 13:39:39 np0005540243.novalocal proxy-server[92966]: ::1 ::1 30/Nov/2025/18/39/39 GET /v1/AUTH_d8c5e0069fac460689fc06414f238cc2/gnocchi.753ecd46-7d3e-4de3-b956-5597e9ec0fc3/none_v3 HTTP/1.0 404 - python-swiftclient-4.2.0 gAAAAABpLI9eQPaN... - 70 - tx7a408fa6a989417b9884c-00692c8f6b - 0.0292 - - 1764527979.340121269 1764527979.369366169 0
Nov 30 13:39:39 np0005540243.novalocal sudo[103725]: cinder : PWD=/ ; USER=root ; COMMAND=/usr/bin/cinder-rootwrap /etc/cinder/rootwrap.conf cinder-rtstool save
Nov 30 13:39:39 np0005540243.novalocal account-server[96312]: ::1 - - [30/Nov/2025:18:39:39 +0000] "PUT /2/36782/AUTH_d8c5e0069fac460689fc06414f238cc2/gnocchi.753ecd46-7d3e-4de3-b956-5597e9ec0fc3" 201 - "PUT http://[::1]:6001/1/67019/AUTH_d8c5e0069fac460689fc06414f238cc2/gnocchi.753ecd46-7d3e-4de3-b956-5597e9ec0fc3" "txdd108d7c849248f5ab4a4-00692c8f6b" "container-server 96607" 0.0067 "-" 96312 0
Nov 30 13:39:39 np0005540243.novalocal container-server[96607]: ::1 - - [30/Nov/2025:18:39:39 +0000] "HEAD /2/202977/AUTH_d8c5e0069fac460689fc06414f238cc2/gnocchi.dd1a5807-80b2-4d56-bf22-ba2e54c32d7b" 404 - "HEAD http://[::1]:8080/v1/AUTH_d8c5e0069fac460689fc06414f238cc2/gnocchi.dd1a5807-80b2-4d56-bf22-ba2e54c32d7b?format=json&states=listing" "tx26bf263014e54806ae209-00692c8f6b" "proxy-server 92965" 0.0002 "-" 96607 0
Nov 30 13:39:39 np0005540243.novalocal container-server[96607]: ::1 - - [30/Nov/2025:18:39:39 +0000] "PUT /1/67019/AUTH_d8c5e0069fac460689fc06414f238cc2/gnocchi.753ecd46-7d3e-4de3-b956-5597e9ec0fc3" 201 - "PUT http://[::1]:8080/v1/AUTH_d8c5e0069fac460689fc06414f238cc2/gnocchi.753ecd46-7d3e-4de3-b956-5597e9ec0fc3" "txdd108d7c849248f5ab4a4-00692c8f6b" "proxy-server 92966" 0.0174 "-" 96607 0
Nov 30 13:39:39 np0005540243.novalocal systemd[1]: Started Session c127 of User root.
Nov 30 13:39:39 np0005540243.novalocal account-server[96311]: ::1 - - [30/Nov/2025:18:39:39 +0000] "PUT /1/36782/AUTH_d8c5e0069fac460689fc06414f238cc2/gnocchi.753ecd46-7d3e-4de3-b956-5597e9ec0fc3" 201 - "PUT http://[::1]:6001/2/67019/AUTH_d8c5e0069fac460689fc06414f238cc2/gnocchi.753ecd46-7d3e-4de3-b956-5597e9ec0fc3" "txdd108d7c849248f5ab4a4-00692c8f6b" "container-server 96607" 0.0063 "-" 96311 0
Nov 30 13:39:39 np0005540243.novalocal container-server[96607]: ::1 - - [30/Nov/2025:18:39:39 +0000] "PUT /2/67019/AUTH_d8c5e0069fac460689fc06414f238cc2/gnocchi.753ecd46-7d3e-4de3-b956-5597e9ec0fc3" 201 - "PUT http://[::1]:8080/v1/AUTH_d8c5e0069fac460689fc06414f238cc2/gnocchi.753ecd46-7d3e-4de3-b956-5597e9ec0fc3" "txdd108d7c849248f5ab4a4-00692c8f6b" "proxy-server 92966" 0.0171 "-" 96607 0
Nov 30 13:39:39 np0005540243.novalocal container-server[96606]: ::1 - - [30/Nov/2025:18:39:39 +0000] "HEAD /1/202977/AUTH_d8c5e0069fac460689fc06414f238cc2/gnocchi.dd1a5807-80b2-4d56-bf22-ba2e54c32d7b" 404 - "HEAD http://[::1]:8080/v1/AUTH_d8c5e0069fac460689fc06414f238cc2/gnocchi.dd1a5807-80b2-4d56-bf22-ba2e54c32d7b?format=json&states=listing" "tx26bf263014e54806ae209-00692c8f6b" "proxy-server 92965" 0.0004 "-" 96606 0
Nov 30 13:39:39 np0005540243.novalocal account-server[96312]: ::1 - - [30/Nov/2025:18:39:39 +0000] "PUT /3/36782/AUTH_d8c5e0069fac460689fc06414f238cc2/gnocchi.753ecd46-7d3e-4de3-b956-5597e9ec0fc3" 201 - "PUT http://[::1]:6001/3/67019/AUTH_d8c5e0069fac460689fc06414f238cc2/gnocchi.753ecd46-7d3e-4de3-b956-5597e9ec0fc3" "txdd108d7c849248f5ab4a4-00692c8f6b" "container-server 96605" 0.0111 "-" 96312 0
Nov 30 13:39:39 np0005540243.novalocal container-server[96605]: ::1 - - [30/Nov/2025:18:39:39 +0000] "PUT /3/67019/AUTH_d8c5e0069fac460689fc06414f238cc2/gnocchi.753ecd46-7d3e-4de3-b956-5597e9ec0fc3" 201 - "PUT http://[::1]:8080/v1/AUTH_d8c5e0069fac460689fc06414f238cc2/gnocchi.753ecd46-7d3e-4de3-b956-5597e9ec0fc3" "txdd108d7c849248f5ab4a4-00692c8f6b" "proxy-server 92966" 0.0272 "-" 96605 0
Nov 30 13:39:39 np0005540243.novalocal proxy-server[92966]: ::1 ::1 30/Nov/2025/18/39/39 PUT /v1/AUTH_d8c5e0069fac460689fc06414f238cc2/gnocchi.753ecd46-7d3e-4de3-b956-5597e9ec0fc3 HTTP/1.0 201 - python-swiftclient-4.2.0 gAAAAABpLI9eQPaN... - - - txdd108d7c849248f5ab4a4-00692c8f6b - 0.0330 - - 1764527979.371358871 1764527979.404380083 0
Nov 30 13:39:39 np0005540243.novalocal sudo[103725]: pam_unix(sudo:session): session opened for user root(uid=0) by (uid=165)
Nov 30 13:39:39 np0005540243.novalocal container-server[96607]: ::1 - - [30/Nov/2025:18:39:39 +0000] "HEAD /3/202977/AUTH_d8c5e0069fac460689fc06414f238cc2/gnocchi.dd1a5807-80b2-4d56-bf22-ba2e54c32d7b" 404 - "HEAD http://[::1]:8080/v1/AUTH_d8c5e0069fac460689fc06414f238cc2/gnocchi.dd1a5807-80b2-4d56-bf22-ba2e54c32d7b?format=json&states=listing" "tx26bf263014e54806ae209-00692c8f6b" "proxy-server 92965" 0.0004 "-" 96607 0
Nov 30 13:39:39 np0005540243.novalocal container-server[96605]: ::1 - - [30/Nov/2025:18:39:39 +0000] "HEAD /3/67019/AUTH_d8c5e0069fac460689fc06414f238cc2/gnocchi.753ecd46-7d3e-4de3-b956-5597e9ec0fc3" 204 - "HEAD http://[::1]:8080/v1/AUTH_d8c5e0069fac460689fc06414f238cc2/gnocchi.753ecd46-7d3e-4de3-b956-5597e9ec0fc3?format=json&states=listing" "tx83b3311813db47f8b53c2-00692c8f6b" "proxy-server 92966" 0.0011 "-" 96605 0
Nov 30 13:39:39 np0005540243.novalocal object-server[96902]: ::1 - - [30/Nov/2025:18:39:39 +0000] "GET /2/123285/AUTH_d8c5e0069fac460689fc06414f238cc2/gnocchi.dd1a5807-80b2-4d56-bf22-ba2e54c32d7b/none_v3" 404 70 "GET http://[::1]:8080/v1/AUTH_d8c5e0069fac460689fc06414f238cc2/gnocchi.dd1a5807-80b2-4d56-bf22-ba2e54c32d7b/none_v3" "tx26bf263014e54806ae209-00692c8f6b" "proxy-server 92965" 0.0002 "-" 96902 0
Nov 30 13:39:39 np0005540243.novalocal object-server[96899]: ::1 - - [30/Nov/2025:18:39:39 +0000] "GET /1/123285/AUTH_d8c5e0069fac460689fc06414f238cc2/gnocchi.dd1a5807-80b2-4d56-bf22-ba2e54c32d7b/none_v3" 404 70 "GET http://[::1]:8080/v1/AUTH_d8c5e0069fac460689fc06414f238cc2/gnocchi.dd1a5807-80b2-4d56-bf22-ba2e54c32d7b/none_v3" "tx26bf263014e54806ae209-00692c8f6b" "proxy-server 92965" 0.0003 "-" 96899 0
Nov 30 13:39:39 np0005540243.novalocal container-server[96605]: ::1 - - [30/Nov/2025:18:39:39 +0000] "GET /1/67019/AUTH_d8c5e0069fac460689fc06414f238cc2/gnocchi.753ecd46-7d3e-4de3-b956-5597e9ec0fc3" 200 2 "GET http://[::1]:8080/v1/AUTH_d8c5e0069fac460689fc06414f238cc2/gnocchi.753ecd46-7d3e-4de3-b956-5597e9ec0fc3?format=json&states=listing" "tx83b3311813db47f8b53c2-00692c8f6b" "proxy-server 92966" 0.0022 "-" 96605 0
Nov 30 13:39:39 np0005540243.novalocal object-server[96900]: ::1 - - [30/Nov/2025:18:39:39 +0000] "GET /3/123285/AUTH_d8c5e0069fac460689fc06414f238cc2/gnocchi.dd1a5807-80b2-4d56-bf22-ba2e54c32d7b/none_v3" 404 70 "GET http://[::1]:8080/v1/AUTH_d8c5e0069fac460689fc06414f238cc2/gnocchi.dd1a5807-80b2-4d56-bf22-ba2e54c32d7b/none_v3" "tx26bf263014e54806ae209-00692c8f6b" "proxy-server 92965" 0.0002 "-" 96900 0
Nov 30 13:39:39 np0005540243.novalocal proxy-server[92965]: ::1 ::1 30/Nov/2025/18/39/39 GET /v1/AUTH_d8c5e0069fac460689fc06414f238cc2/gnocchi.dd1a5807-80b2-4d56-bf22-ba2e54c32d7b/none_v3 HTTP/1.0 404 - python-swiftclient-4.2.0 gAAAAABpLI9luiBC... - 70 - tx26bf263014e54806ae209-00692c8f6b - 0.0440 - - 1764527979.376887321 1764527979.420911074 0
Nov 30 13:39:39 np0005540243.novalocal proxy-server[92966]: ::1 ::1 30/Nov/2025/18/39/39 GET /v1/AUTH_d8c5e0069fac460689fc06414f238cc2/gnocchi.753ecd46-7d3e-4de3-b956-5597e9ec0fc3%3Fformat%3Djson%26states%3Dlisting HTTP/1.0 200 - python-swiftclient-4.2.0 gAAAAABpLI9eQPaN... - 2 - tx83b3311813db47f8b53c2-00692c8f6b - 0.0150 - - 1764527979.406707525 1764527979.421701193 0
Nov 30 13:39:39 np0005540243.novalocal object-server[96901]: ::1 - - [30/Nov/2025:18:39:39 +0000] "GET /3/20822/AUTH_d8c5e0069fac460689fc06414f238cc2/gnocchi.753ecd46-7d3e-4de3-b956-5597e9ec0fc3/1763640000.0_mean_300.0_v3" 404 70 "GET http://[::1]:8080/v1/AUTH_d8c5e0069fac460689fc06414f238cc2/gnocchi.753ecd46-7d3e-4de3-b956-5597e9ec0fc3/1763640000.0_mean_300.0_v3" "txad1f99405b664210a730e-00692c8f6b" "proxy-server 92966" 0.0003 "-" 96901 0
Nov 30 13:39:39 np0005540243.novalocal object-server[96899]: ::1 - - [30/Nov/2025:18:39:39 +0000] "GET /1/20822/AUTH_d8c5e0069fac460689fc06414f238cc2/gnocchi.753ecd46-7d3e-4de3-b956-5597e9ec0fc3/1763640000.0_mean_300.0_v3" 404 70 "GET http://[::1]:8080/v1/AUTH_d8c5e0069fac460689fc06414f238cc2/gnocchi.753ecd46-7d3e-4de3-b956-5597e9ec0fc3/1763640000.0_mean_300.0_v3" "txad1f99405b664210a730e-00692c8f6b" "proxy-server 92966" 0.0003 "-" 96899 0
Nov 30 13:39:39 np0005540243.novalocal object-server[96900]: ::1 - - [30/Nov/2025:18:39:39 +0000] "GET /2/20822/AUTH_d8c5e0069fac460689fc06414f238cc2/gnocchi.753ecd46-7d3e-4de3-b956-5597e9ec0fc3/1763640000.0_mean_300.0_v3" 404 70 "GET http://[::1]:8080/v1/AUTH_d8c5e0069fac460689fc06414f238cc2/gnocchi.753ecd46-7d3e-4de3-b956-5597e9ec0fc3/1763640000.0_mean_300.0_v3" "txad1f99405b664210a730e-00692c8f6b" "proxy-server 92966" 0.0003 "-" 96900 0
Nov 30 13:39:39 np0005540243.novalocal proxy-server[92966]: ::1 ::1 30/Nov/2025/18/39/39 GET /v1/AUTH_d8c5e0069fac460689fc06414f238cc2/gnocchi.753ecd46-7d3e-4de3-b956-5597e9ec0fc3/1763640000.0_mean_300.0_v3 HTTP/1.0 404 - python-swiftclient-4.2.0 gAAAAABpLI9eQPaN... - 70 - txad1f99405b664210a730e-00692c8f6b - 0.0158 - - 1764527979.424555302 1764527979.440362453 0
Nov 30 13:39:39 np0005540243.novalocal account-server[96312]: ::1 - - [30/Nov/2025:18:39:39 +0000] "PUT /1/36782/AUTH_d8c5e0069fac460689fc06414f238cc2/gnocchi.dd1a5807-80b2-4d56-bf22-ba2e54c32d7b" 201 - "PUT http://[::1]:6001/2/202977/AUTH_d8c5e0069fac460689fc06414f238cc2/gnocchi.dd1a5807-80b2-4d56-bf22-ba2e54c32d7b" "tx1cf85ac3c36449dfbe7a9-00692c8f6b" "container-server 96605" 0.0042 "-" 96312 0
Nov 30 13:39:39 np0005540243.novalocal container-server[96605]: ::1 - - [30/Nov/2025:18:39:39 +0000] "PUT /2/202977/AUTH_d8c5e0069fac460689fc06414f238cc2/gnocchi.dd1a5807-80b2-4d56-bf22-ba2e54c32d7b" 201 - "PUT http://[::1]:8080/v1/AUTH_d8c5e0069fac460689fc06414f238cc2/gnocchi.dd1a5807-80b2-4d56-bf22-ba2e54c32d7b" "tx1cf85ac3c36449dfbe7a9-00692c8f6b" "proxy-server 92965" 0.0154 "-" 96605 0
Nov 30 13:39:39 np0005540243.novalocal account-server[96311]: ::1 - - [30/Nov/2025:18:39:39 +0000] "PUT /2/36782/AUTH_d8c5e0069fac460689fc06414f238cc2/gnocchi.dd1a5807-80b2-4d56-bf22-ba2e54c32d7b" 201 - "PUT http://[::1]:6001/3/202977/AUTH_d8c5e0069fac460689fc06414f238cc2/gnocchi.dd1a5807-80b2-4d56-bf22-ba2e54c32d7b" "tx1cf85ac3c36449dfbe7a9-00692c8f6b" "container-server 96606" 0.0041 "-" 96311 0
Nov 30 13:39:39 np0005540243.novalocal account-server[96312]: ::1 - - [30/Nov/2025:18:39:39 +0000] "PUT /3/36782/AUTH_d8c5e0069fac460689fc06414f238cc2/gnocchi.dd1a5807-80b2-4d56-bf22-ba2e54c32d7b" 201 - "PUT http://[::1]:6001/1/202977/AUTH_d8c5e0069fac460689fc06414f238cc2/gnocchi.dd1a5807-80b2-4d56-bf22-ba2e54c32d7b" "tx1cf85ac3c36449dfbe7a9-00692c8f6b" "container-server 96606" 0.0048 "-" 96312 0
Nov 30 13:39:39 np0005540243.novalocal container-server[96606]: ::1 - - [30/Nov/2025:18:39:39 +0000] "PUT /3/202977/AUTH_d8c5e0069fac460689fc06414f238cc2/gnocchi.dd1a5807-80b2-4d56-bf22-ba2e54c32d7b" 201 - "PUT http://[::1]:8080/v1/AUTH_d8c5e0069fac460689fc06414f238cc2/gnocchi.dd1a5807-80b2-4d56-bf22-ba2e54c32d7b" "tx1cf85ac3c36449dfbe7a9-00692c8f6b" "proxy-server 92965" 0.0258 "-" 96606 0
Nov 30 13:39:39 np0005540243.novalocal container-server[96606]: ::1 - - [30/Nov/2025:18:39:39 +0000] "PUT /1/202977/AUTH_d8c5e0069fac460689fc06414f238cc2/gnocchi.dd1a5807-80b2-4d56-bf22-ba2e54c32d7b" 201 - "PUT http://[::1]:8080/v1/AUTH_d8c5e0069fac460689fc06414f238cc2/gnocchi.dd1a5807-80b2-4d56-bf22-ba2e54c32d7b" "tx1cf85ac3c36449dfbe7a9-00692c8f6b" "proxy-server 92965" 0.0160 "-" 96606 0
Nov 30 13:39:39 np0005540243.novalocal proxy-server[92965]: ::1 ::1 30/Nov/2025/18/39/39 PUT /v1/AUTH_d8c5e0069fac460689fc06414f238cc2/gnocchi.dd1a5807-80b2-4d56-bf22-ba2e54c32d7b HTTP/1.0 201 - python-swiftclient-4.2.0 gAAAAABpLI9luiBC... - - - tx1cf85ac3c36449dfbe7a9-00692c8f6b - 0.0336 - - 1764527979.423271894 1764527979.456895113 0
Nov 30 13:39:39 np0005540243.novalocal container-server[96605]: ::1 - - [30/Nov/2025:18:39:39 +0000] "PUT /2/67019/AUTH_d8c5e0069fac460689fc06414f238cc2/gnocchi.753ecd46-7d3e-4de3-b956-5597e9ec0fc3/1763640000.0_mean_300.0_v3" 201 - "PUT http://[::1]:8080/1/20822/AUTH_d8c5e0069fac460689fc06414f238cc2/gnocchi.753ecd46-7d3e-4de3-b956-5597e9ec0fc3/1763640000.0_mean_300.0_v3" "txe28071b6e9f54b52beb93-00692c8f6b" "object-server 96900" 0.0005 "-" 96605 0
Nov 30 13:39:39 np0005540243.novalocal container-server[96607]: ::1 - - [30/Nov/2025:18:39:39 +0000] "PUT /3/67019/AUTH_d8c5e0069fac460689fc06414f238cc2/gnocchi.753ecd46-7d3e-4de3-b956-5597e9ec0fc3/1763640000.0_mean_300.0_v3" 201 - "PUT http://[::1]:8080/3/20822/AUTH_d8c5e0069fac460689fc06414f238cc2/gnocchi.753ecd46-7d3e-4de3-b956-5597e9ec0fc3/1763640000.0_mean_300.0_v3" "txe28071b6e9f54b52beb93-00692c8f6b" "object-server 96902" 0.0006 "-" 96607 0
Nov 30 13:39:39 np0005540243.novalocal object-server[96902]: ::1 - - [30/Nov/2025:18:39:39 +0000] "PUT /3/20822/AUTH_d8c5e0069fac460689fc06414f238cc2/gnocchi.753ecd46-7d3e-4de3-b956-5597e9ec0fc3/1763640000.0_mean_300.0_v3" 201 - "PUT http://[::1]:8080/v1/AUTH_d8c5e0069fac460689fc06414f238cc2/gnocchi.753ecd46-7d3e-4de3-b956-5597e9ec0fc3/1763640000.0_mean_300.0_v3" "txe28071b6e9f54b52beb93-00692c8f6b" "proxy-server 92966" 0.0135 "-" 96902 0
Nov 30 13:39:39 np0005540243.novalocal container-server[96607]: ::1 - - [30/Nov/2025:18:39:39 +0000] "PUT /1/67019/AUTH_d8c5e0069fac460689fc06414f238cc2/gnocchi.753ecd46-7d3e-4de3-b956-5597e9ec0fc3/1763640000.0_mean_300.0_v3" 201 - "PUT http://[::1]:8080/2/20822/AUTH_d8c5e0069fac460689fc06414f238cc2/gnocchi.753ecd46-7d3e-4de3-b956-5597e9ec0fc3/1763640000.0_mean_300.0_v3" "txe28071b6e9f54b52beb93-00692c8f6b" "object-server 96900" 0.0005 "-" 96607 0
Nov 30 13:39:39 np0005540243.novalocal object-server[96900]: ::1 - - [30/Nov/2025:18:39:39 +0000] "PUT /1/20822/AUTH_d8c5e0069fac460689fc06414f238cc2/gnocchi.753ecd46-7d3e-4de3-b956-5597e9ec0fc3/1763640000.0_mean_300.0_v3" 201 - "PUT http://[::1]:8080/v1/AUTH_d8c5e0069fac460689fc06414f238cc2/gnocchi.753ecd46-7d3e-4de3-b956-5597e9ec0fc3/1763640000.0_mean_300.0_v3" "txe28071b6e9f54b52beb93-00692c8f6b" "proxy-server 92966" 0.0130 "-" 96900 0
Nov 30 13:39:39 np0005540243.novalocal object-server[96900]: ::1 - - [30/Nov/2025:18:39:39 +0000] "PUT /2/20822/AUTH_d8c5e0069fac460689fc06414f238cc2/gnocchi.753ecd46-7d3e-4de3-b956-5597e9ec0fc3/1763640000.0_mean_300.0_v3" 201 - "PUT http://[::1]:8080/v1/AUTH_d8c5e0069fac460689fc06414f238cc2/gnocchi.753ecd46-7d3e-4de3-b956-5597e9ec0fc3/1763640000.0_mean_300.0_v3" "txe28071b6e9f54b52beb93-00692c8f6b" "proxy-server 92966" 0.0127 "-" 96900 0
Nov 30 13:39:39 np0005540243.novalocal container-server[96606]: ::1 - - [30/Nov/2025:18:39:39 +0000] "HEAD /3/202977/AUTH_d8c5e0069fac460689fc06414f238cc2/gnocchi.dd1a5807-80b2-4d56-bf22-ba2e54c32d7b" 204 - "HEAD http://[::1]:8080/v1/AUTH_d8c5e0069fac460689fc06414f238cc2/gnocchi.dd1a5807-80b2-4d56-bf22-ba2e54c32d7b?format=json&states=listing" "txeab89386c221439f817a2-00692c8f6b" "proxy-server 92965" 0.0028 "-" 96606 0
Nov 30 13:39:39 np0005540243.novalocal proxy-server[92966]: ::1 ::1 30/Nov/2025/18/39/39 PUT /v1/AUTH_d8c5e0069fac460689fc06414f238cc2/gnocchi.753ecd46-7d3e-4de3-b956-5597e9ec0fc3/1763640000.0_mean_300.0_v3 HTTP/1.0 201 - python-swiftclient-4.2.0 gAAAAABpLI9eQPaN... 16 - - txe28071b6e9f54b52beb93-00692c8f6b - 0.0245 - - 1764527979.442853451 1764527979.467340469 0
Nov 30 13:39:39 np0005540243.novalocal container-server[96606]: ::1 - - [30/Nov/2025:18:39:39 +0000] "GET /1/202977/AUTH_d8c5e0069fac460689fc06414f238cc2/gnocchi.dd1a5807-80b2-4d56-bf22-ba2e54c32d7b" 200 2 "GET http://[::1]:8080/v1/AUTH_d8c5e0069fac460689fc06414f238cc2/gnocchi.dd1a5807-80b2-4d56-bf22-ba2e54c32d7b?format=json&states=listing" "txeab89386c221439f817a2-00692c8f6b" "proxy-server 92965" 0.0023 "-" 96606 0
Nov 30 13:39:39 np0005540243.novalocal proxy-server[92965]: ::1 ::1 30/Nov/2025/18/39/39 GET /v1/AUTH_d8c5e0069fac460689fc06414f238cc2/gnocchi.dd1a5807-80b2-4d56-bf22-ba2e54c32d7b%3Fformat%3Djson%26states%3Dlisting HTTP/1.0 200 - python-swiftclient-4.2.0 gAAAAABpLI9luiBC... - 2 - txeab89386c221439f817a2-00692c8f6b - 0.0175 - - 1764527979.459879637 1764527979.477340698 0
Nov 30 13:39:39 np0005540243.novalocal object-server[96899]: ::1 - - [30/Nov/2025:18:39:39 +0000] "GET /3/49582/AUTH_d8c5e0069fac460689fc06414f238cc2/gnocchi.dd1a5807-80b2-4d56-bf22-ba2e54c32d7b/1763640000.0_mean_300.0_v3" 404 70 "GET http://[::1]:8080/v1/AUTH_d8c5e0069fac460689fc06414f238cc2/gnocchi.dd1a5807-80b2-4d56-bf22-ba2e54c32d7b/1763640000.0_mean_300.0_v3" "txdeb69aae739043a7ade9c-00692c8f6b" "proxy-server 92965" 0.0003 "-" 96899 0
Nov 30 13:39:39 np0005540243.novalocal container-server[96606]: ::1 - - [30/Nov/2025:18:39:39 +0000] "PUT /3/67019/AUTH_d8c5e0069fac460689fc06414f238cc2/gnocchi.753ecd46-7d3e-4de3-b956-5597e9ec0fc3/none_v3" 201 - "PUT http://[::1]:8080/1/157054/AUTH_d8c5e0069fac460689fc06414f238cc2/gnocchi.753ecd46-7d3e-4de3-b956-5597e9ec0fc3/none_v3" "tx549c74e1c35341a1bd155-00692c8f6b" "object-server 96902" 0.0005 "-" 96606 0
Nov 30 13:39:39 np0005540243.novalocal container-server[96608]: ::1 - - [30/Nov/2025:18:39:39 +0000] "PUT /1/67019/AUTH_d8c5e0069fac460689fc06414f238cc2/gnocchi.753ecd46-7d3e-4de3-b956-5597e9ec0fc3/none_v3" 201 - "PUT http://[::1]:8080/2/157054/AUTH_d8c5e0069fac460689fc06414f238cc2/gnocchi.753ecd46-7d3e-4de3-b956-5597e9ec0fc3/none_v3" "tx549c74e1c35341a1bd155-00692c8f6b" "object-server 96902" 0.0005 "-" 96608 0
Nov 30 13:39:39 np0005540243.novalocal object-server[96902]: ::1 - - [30/Nov/2025:18:39:39 +0000] "PUT /1/157054/AUTH_d8c5e0069fac460689fc06414f238cc2/gnocchi.753ecd46-7d3e-4de3-b956-5597e9ec0fc3/none_v3" 201 - "PUT http://[::1]:8080/v1/AUTH_d8c5e0069fac460689fc06414f238cc2/gnocchi.753ecd46-7d3e-4de3-b956-5597e9ec0fc3/none_v3" "tx549c74e1c35341a1bd155-00692c8f6b" "proxy-server 92966" 0.0101 "-" 96902 0
Nov 30 13:39:39 np0005540243.novalocal object-server[96902]: ::1 - - [30/Nov/2025:18:39:39 +0000] "PUT /2/157054/AUTH_d8c5e0069fac460689fc06414f238cc2/gnocchi.753ecd46-7d3e-4de3-b956-5597e9ec0fc3/none_v3" 201 - "PUT http://[::1]:8080/v1/AUTH_d8c5e0069fac460689fc06414f238cc2/gnocchi.753ecd46-7d3e-4de3-b956-5597e9ec0fc3/none_v3" "tx549c74e1c35341a1bd155-00692c8f6b" "proxy-server 92966" 0.0117 "-" 96902 0
Nov 30 13:39:39 np0005540243.novalocal object-server[96902]: ::1 - - [30/Nov/2025:18:39:39 +0000] "GET /1/49582/AUTH_d8c5e0069fac460689fc06414f238cc2/gnocchi.dd1a5807-80b2-4d56-bf22-ba2e54c32d7b/1763640000.0_mean_300.0_v3" 404 70 "GET http://[::1]:8080/v1/AUTH_d8c5e0069fac460689fc06414f238cc2/gnocchi.dd1a5807-80b2-4d56-bf22-ba2e54c32d7b/1763640000.0_mean_300.0_v3" "txdeb69aae739043a7ade9c-00692c8f6b" "proxy-server 92965" 0.0002 "-" 96902 0
Nov 30 13:39:39 np0005540243.novalocal container-server[96607]: ::1 - - [30/Nov/2025:18:39:39 +0000] "PUT /2/67019/AUTH_d8c5e0069fac460689fc06414f238cc2/gnocchi.753ecd46-7d3e-4de3-b956-5597e9ec0fc3/none_v3" 201 - "PUT http://[::1]:8080/3/157054/AUTH_d8c5e0069fac460689fc06414f238cc2/gnocchi.753ecd46-7d3e-4de3-b956-5597e9ec0fc3/none_v3" "tx549c74e1c35341a1bd155-00692c8f6b" "object-server 96902" 0.0005 "-" 96607 0
Nov 30 13:39:39 np0005540243.novalocal object-server[96900]: ::1 - - [30/Nov/2025:18:39:39 +0000] "GET /2/49582/AUTH_d8c5e0069fac460689fc06414f238cc2/gnocchi.dd1a5807-80b2-4d56-bf22-ba2e54c32d7b/1763640000.0_mean_300.0_v3" 404 70 "GET http://[::1]:8080/v1/AUTH_d8c5e0069fac460689fc06414f238cc2/gnocchi.dd1a5807-80b2-4d56-bf22-ba2e54c32d7b/1763640000.0_mean_300.0_v3" "txdeb69aae739043a7ade9c-00692c8f6b" "proxy-server 92965" 0.0002 "-" 96900 0
Nov 30 13:39:39 np0005540243.novalocal object-server[96902]: ::1 - - [30/Nov/2025:18:39:39 +0000] "PUT /3/157054/AUTH_d8c5e0069fac460689fc06414f238cc2/gnocchi.753ecd46-7d3e-4de3-b956-5597e9ec0fc3/none_v3" 201 - "PUT http://[::1]:8080/v1/AUTH_d8c5e0069fac460689fc06414f238cc2/gnocchi.753ecd46-7d3e-4de3-b956-5597e9ec0fc3/none_v3" "tx549c74e1c35341a1bd155-00692c8f6b" "proxy-server 92966" 0.0167 "-" 96902 0
Nov 30 13:39:39 np0005540243.novalocal proxy-server[92965]: ::1 ::1 30/Nov/2025/18/39/39 GET /v1/AUTH_d8c5e0069fac460689fc06414f238cc2/gnocchi.dd1a5807-80b2-4d56-bf22-ba2e54c32d7b/1763640000.0_mean_300.0_v3 HTTP/1.0 404 - python-swiftclient-4.2.0 gAAAAABpLI9luiBC... - 70 - txdeb69aae739043a7ade9c-00692c8f6b - 0.0120 - - 1764527979.480902433 1764527979.492939472 0
Nov 30 13:39:39 np0005540243.novalocal proxy-server[92966]: ::1 ::1 30/Nov/2025/18/39/39 PUT /v1/AUTH_d8c5e0069fac460689fc06414f238cc2/gnocchi.753ecd46-7d3e-4de3-b956-5597e9ec0fc3/none_v3 HTTP/1.0 201 - python-swiftclient-4.2.0 gAAAAABpLI9eQPaN... 22 - - tx549c74e1c35341a1bd155-00692c8f6b - 0.0231 - - 1764527979.470577717 1764527979.493677855 0
Nov 30 13:39:39 np0005540243.novalocal container-server[96606]: ::1 - - [30/Nov/2025:18:39:39 +0000] "PUT /1/202977/AUTH_d8c5e0069fac460689fc06414f238cc2/gnocchi.dd1a5807-80b2-4d56-bf22-ba2e54c32d7b/1763640000.0_mean_300.0_v3" 201 - "PUT http://[::1]:8080/2/49582/AUTH_d8c5e0069fac460689fc06414f238cc2/gnocchi.dd1a5807-80b2-4d56-bf22-ba2e54c32d7b/1763640000.0_mean_300.0_v3" "txeff47bac85d247f7aa449-00692c8f6b" "object-server 96901" 0.0006 "-" 96606 0
Nov 30 13:39:39 np0005540243.novalocal container-server[96605]: ::1 - - [30/Nov/2025:18:39:39 +0000] "PUT /2/202977/AUTH_d8c5e0069fac460689fc06414f238cc2/gnocchi.dd1a5807-80b2-4d56-bf22-ba2e54c32d7b/1763640000.0_mean_300.0_v3" 201 - "PUT http://[::1]:8080/1/49582/AUTH_d8c5e0069fac460689fc06414f238cc2/gnocchi.dd1a5807-80b2-4d56-bf22-ba2e54c32d7b/1763640000.0_mean_300.0_v3" "txeff47bac85d247f7aa449-00692c8f6b" "object-server 96899" 0.0005 "-" 96605 0
Nov 30 13:39:39 np0005540243.novalocal container-server[96606]: ::1 - - [30/Nov/2025:18:39:39 +0000] "PUT /3/202977/AUTH_d8c5e0069fac460689fc06414f238cc2/gnocchi.dd1a5807-80b2-4d56-bf22-ba2e54c32d7b/1763640000.0_mean_300.0_v3" 201 - "PUT http://[::1]:8080/3/49582/AUTH_d8c5e0069fac460689fc06414f238cc2/gnocchi.dd1a5807-80b2-4d56-bf22-ba2e54c32d7b/1763640000.0_mean_300.0_v3" "txeff47bac85d247f7aa449-00692c8f6b" "object-server 96901" 0.0004 "-" 96606 0
Nov 30 13:39:39 np0005540243.novalocal object-server[96899]: ::1 - - [30/Nov/2025:18:39:39 +0000] "PUT /1/49582/AUTH_d8c5e0069fac460689fc06414f238cc2/gnocchi.dd1a5807-80b2-4d56-bf22-ba2e54c32d7b/1763640000.0_mean_300.0_v3" 201 - "PUT http://[::1]:8080/v1/AUTH_d8c5e0069fac460689fc06414f238cc2/gnocchi.dd1a5807-80b2-4d56-bf22-ba2e54c32d7b/1763640000.0_mean_300.0_v3" "txeff47bac85d247f7aa449-00692c8f6b" "proxy-server 92965" 0.0112 "-" 96899 0
Nov 30 13:39:39 np0005540243.novalocal object-server[96901]: ::1 - - [30/Nov/2025:18:39:39 +0000] "PUT /2/49582/AUTH_d8c5e0069fac460689fc06414f238cc2/gnocchi.dd1a5807-80b2-4d56-bf22-ba2e54c32d7b/1763640000.0_mean_300.0_v3" 201 - "PUT http://[::1]:8080/v1/AUTH_d8c5e0069fac460689fc06414f238cc2/gnocchi.dd1a5807-80b2-4d56-bf22-ba2e54c32d7b/1763640000.0_mean_300.0_v3" "txeff47bac85d247f7aa449-00692c8f6b" "proxy-server 92965" 0.0096 "-" 96901 0
Nov 30 13:39:39 np0005540243.novalocal object-server[96901]: ::1 - - [30/Nov/2025:18:39:39 +0000] "PUT /3/49582/AUTH_d8c5e0069fac460689fc06414f238cc2/gnocchi.dd1a5807-80b2-4d56-bf22-ba2e54c32d7b/1763640000.0_mean_300.0_v3" 201 - "PUT http://[::1]:8080/v1/AUTH_d8c5e0069fac460689fc06414f238cc2/gnocchi.dd1a5807-80b2-4d56-bf22-ba2e54c32d7b/1763640000.0_mean_300.0_v3" "txeff47bac85d247f7aa449-00692c8f6b" "proxy-server 92965" 0.0120 "-" 96901 0
Nov 30 13:39:39 np0005540243.novalocal proxy-server[92965]: ::1 ::1 30/Nov/2025/18/39/39 PUT /v1/AUTH_d8c5e0069fac460689fc06414f238cc2/gnocchi.dd1a5807-80b2-4d56-bf22-ba2e54c32d7b/1763640000.0_mean_300.0_v3 HTTP/1.0 201 - python-swiftclient-4.2.0 gAAAAABpLI9luiBC... 16 - - txeff47bac85d247f7aa449-00692c8f6b - 0.0200 - - 1764527979.496673107 1764527979.516674995 0
Nov 30 13:39:39 np0005540243.novalocal container-server[96605]: ::1 - - [30/Nov/2025:18:39:39 +0000] "HEAD /2/192276/AUTH_d8c5e0069fac460689fc06414f238cc2/gnocchi.55073994-0183-4fda-8a8c-417ae84ea163" 404 - "HEAD http://[::1]:8080/v1/AUTH_d8c5e0069fac460689fc06414f238cc2/gnocchi.55073994-0183-4fda-8a8c-417ae84ea163?format=json&states=listing" "tx796d0d0509e14bff9633a-00692c8f6b" "proxy-server 92966" 0.0002 "-" 96605 0
Nov 30 13:39:39 np0005540243.novalocal container-server[96605]: ::1 - - [30/Nov/2025:18:39:39 +0000] "HEAD /1/192276/AUTH_d8c5e0069fac460689fc06414f238cc2/gnocchi.55073994-0183-4fda-8a8c-417ae84ea163" 404 - "HEAD http://[::1]:8080/v1/AUTH_d8c5e0069fac460689fc06414f238cc2/gnocchi.55073994-0183-4fda-8a8c-417ae84ea163?format=json&states=listing" "tx796d0d0509e14bff9633a-00692c8f6b" "proxy-server 92966" 0.0003 "-" 96605 0
Nov 30 13:39:39 np0005540243.novalocal container-server[96606]: ::1 - - [30/Nov/2025:18:39:39 +0000] "HEAD /3/192276/AUTH_d8c5e0069fac460689fc06414f238cc2/gnocchi.55073994-0183-4fda-8a8c-417ae84ea163" 404 - "HEAD http://[::1]:8080/v1/AUTH_d8c5e0069fac460689fc06414f238cc2/gnocchi.55073994-0183-4fda-8a8c-417ae84ea163?format=json&states=listing" "tx796d0d0509e14bff9633a-00692c8f6b" "proxy-server 92966" 0.0004 "-" 96606 0
Nov 30 13:39:39 np0005540243.novalocal object-server[96899]: ::1 - - [30/Nov/2025:18:39:39 +0000] "GET /1/143016/AUTH_d8c5e0069fac460689fc06414f238cc2/gnocchi.55073994-0183-4fda-8a8c-417ae84ea163/none_v3" 404 70 "GET http://[::1]:8080/v1/AUTH_d8c5e0069fac460689fc06414f238cc2/gnocchi.55073994-0183-4fda-8a8c-417ae84ea163/none_v3" "tx796d0d0509e14bff9633a-00692c8f6b" "proxy-server 92966" 0.0002 "-" 96899 0
Nov 30 13:39:39 np0005540243.novalocal object-server[96902]: ::1 - - [30/Nov/2025:18:39:39 +0000] "GET /3/143016/AUTH_d8c5e0069fac460689fc06414f238cc2/gnocchi.55073994-0183-4fda-8a8c-417ae84ea163/none_v3" 404 70 "GET http://[::1]:8080/v1/AUTH_d8c5e0069fac460689fc06414f238cc2/gnocchi.55073994-0183-4fda-8a8c-417ae84ea163/none_v3" "tx796d0d0509e14bff9633a-00692c8f6b" "proxy-server 92966" 0.0002 "-" 96902 0
Nov 30 13:39:39 np0005540243.novalocal object-server[96901]: ::1 - - [30/Nov/2025:18:39:39 +0000] "GET /2/143016/AUTH_d8c5e0069fac460689fc06414f238cc2/gnocchi.55073994-0183-4fda-8a8c-417ae84ea163/none_v3" 404 70 "GET http://[::1]:8080/v1/AUTH_d8c5e0069fac460689fc06414f238cc2/gnocchi.55073994-0183-4fda-8a8c-417ae84ea163/none_v3" "tx796d0d0509e14bff9633a-00692c8f6b" "proxy-server 92966" 0.0002 "-" 96901 0
Nov 30 13:39:39 np0005540243.novalocal container-server[96608]: ::1 - - [30/Nov/2025:18:39:39 +0000] "PUT /2/202977/AUTH_d8c5e0069fac460689fc06414f238cc2/gnocchi.dd1a5807-80b2-4d56-bf22-ba2e54c32d7b/none_v3" 201 - "PUT http://[::1]:8080/3/123285/AUTH_d8c5e0069fac460689fc06414f238cc2/gnocchi.dd1a5807-80b2-4d56-bf22-ba2e54c32d7b/none_v3" "txf3c49a8a16214b10ab79c-00692c8f6b" "object-server 96901" 0.0005 "-" 96608 0
Nov 30 13:39:39 np0005540243.novalocal container-server[96608]: ::1 - - [30/Nov/2025:18:39:39 +0000] "PUT /3/202977/AUTH_d8c5e0069fac460689fc06414f238cc2/gnocchi.dd1a5807-80b2-4d56-bf22-ba2e54c32d7b/none_v3" 201 - "PUT http://[::1]:8080/1/123285/AUTH_d8c5e0069fac460689fc06414f238cc2/gnocchi.dd1a5807-80b2-4d56-bf22-ba2e54c32d7b/none_v3" "txf3c49a8a16214b10ab79c-00692c8f6b" "object-server 96899" 0.0004 "-" 96608 0
Nov 30 13:39:39 np0005540243.novalocal object-server[96901]: ::1 - - [30/Nov/2025:18:39:39 +0000] "PUT /3/123285/AUTH_d8c5e0069fac460689fc06414f238cc2/gnocchi.dd1a5807-80b2-4d56-bf22-ba2e54c32d7b/none_v3" 201 - "PUT http://[::1]:8080/v1/AUTH_d8c5e0069fac460689fc06414f238cc2/gnocchi.dd1a5807-80b2-4d56-bf22-ba2e54c32d7b/none_v3" "txf3c49a8a16214b10ab79c-00692c8f6b" "proxy-server 92965" 0.0099 "-" 96901 0
Nov 30 13:39:39 np0005540243.novalocal container-server[96606]: ::1 - - [30/Nov/2025:18:39:39 +0000] "PUT /1/202977/AUTH_d8c5e0069fac460689fc06414f238cc2/gnocchi.dd1a5807-80b2-4d56-bf22-ba2e54c32d7b/none_v3" 201 - "PUT http://[::1]:8080/2/123285/AUTH_d8c5e0069fac460689fc06414f238cc2/gnocchi.dd1a5807-80b2-4d56-bf22-ba2e54c32d7b/none_v3" "txf3c49a8a16214b10ab79c-00692c8f6b" "object-server 96900" 0.0005 "-" 96606 0
Nov 30 13:39:39 np0005540243.novalocal proxy-server[92966]: ::1 ::1 30/Nov/2025/18/39/39 GET /v1/AUTH_d8c5e0069fac460689fc06414f238cc2/gnocchi.55073994-0183-4fda-8a8c-417ae84ea163/none_v3 HTTP/1.0 404 - python-swiftclient-4.2.0 gAAAAABpLI9eQPaN... - 70 - tx796d0d0509e14bff9633a-00692c8f6b - 0.0256 - - 1764527979.513996363 1764527979.539625406 0
Nov 30 13:39:39 np0005540243.novalocal object-server[96900]: ::1 - - [30/Nov/2025:18:39:39 +0000] "PUT /2/123285/AUTH_d8c5e0069fac460689fc06414f238cc2/gnocchi.dd1a5807-80b2-4d56-bf22-ba2e54c32d7b/none_v3" 201 - "PUT http://[::1]:8080/v1/AUTH_d8c5e0069fac460689fc06414f238cc2/gnocchi.dd1a5807-80b2-4d56-bf22-ba2e54c32d7b/none_v3" "txf3c49a8a16214b10ab79c-00692c8f6b" "proxy-server 92965" 0.0129 "-" 96900 0
Nov 30 13:39:39 np0005540243.novalocal object-server[96899]: ::1 - - [30/Nov/2025:18:39:39 +0000] "PUT /1/123285/AUTH_d8c5e0069fac460689fc06414f238cc2/gnocchi.dd1a5807-80b2-4d56-bf22-ba2e54c32d7b/none_v3" 201 - "PUT http://[::1]:8080/v1/AUTH_d8c5e0069fac460689fc06414f238cc2/gnocchi.dd1a5807-80b2-4d56-bf22-ba2e54c32d7b/none_v3" "txf3c49a8a16214b10ab79c-00692c8f6b" "proxy-server 92965" 0.0136 "-" 96899 0
Nov 30 13:39:39 np0005540243.novalocal proxy-server[92965]: ::1 ::1 30/Nov/2025/18/39/39 PUT /v1/AUTH_d8c5e0069fac460689fc06414f238cc2/gnocchi.dd1a5807-80b2-4d56-bf22-ba2e54c32d7b/none_v3 HTTP/1.0 201 - python-swiftclient-4.2.0 gAAAAABpLI9luiBC... 22 - - txf3c49a8a16214b10ab79c-00692c8f6b - 0.0232 - - 1764527979.519503593 1764527979.542718410 0
Nov 30 13:39:39 np0005540243.novalocal account-server[96311]: ::1 - - [30/Nov/2025:18:39:39 +0000] "PUT /1/36782/AUTH_d8c5e0069fac460689fc06414f238cc2/gnocchi.55073994-0183-4fda-8a8c-417ae84ea163" 201 - "PUT http://[::1]:6001/3/192276/AUTH_d8c5e0069fac460689fc06414f238cc2/gnocchi.55073994-0183-4fda-8a8c-417ae84ea163" "tx0515b2b7f0fc4fe1b484b-00692c8f6b" "container-server 96607" 0.0042 "-" 96311 0
Nov 30 13:39:39 np0005540243.novalocal container-server[96607]: ::1 - - [30/Nov/2025:18:39:39 +0000] "PUT /3/192276/AUTH_d8c5e0069fac460689fc06414f238cc2/gnocchi.55073994-0183-4fda-8a8c-417ae84ea163" 201 - "PUT http://[::1]:8080/v1/AUTH_d8c5e0069fac460689fc06414f238cc2/gnocchi.55073994-0183-4fda-8a8c-417ae84ea163" "tx0515b2b7f0fc4fe1b484b-00692c8f6b" "proxy-server 92966" 0.0165 "-" 96607 0
Nov 30 13:39:39 np0005540243.novalocal account-server[96312]: ::1 - - [30/Nov/2025:18:39:39 +0000] "PUT /2/36782/AUTH_d8c5e0069fac460689fc06414f238cc2/gnocchi.55073994-0183-4fda-8a8c-417ae84ea163" 201 - "PUT http://[::1]:6001/2/192276/AUTH_d8c5e0069fac460689fc06414f238cc2/gnocchi.55073994-0183-4fda-8a8c-417ae84ea163" "tx0515b2b7f0fc4fe1b484b-00692c8f6b" "container-server 96606" 0.0048 "-" 96312 0
Nov 30 13:39:39 np0005540243.novalocal container-server[96606]: ::1 - - [30/Nov/2025:18:39:39 +0000] "PUT /2/192276/AUTH_d8c5e0069fac460689fc06414f238cc2/gnocchi.55073994-0183-4fda-8a8c-417ae84ea163" 201 - "PUT http://[::1]:8080/v1/AUTH_d8c5e0069fac460689fc06414f238cc2/gnocchi.55073994-0183-4fda-8a8c-417ae84ea163" "tx0515b2b7f0fc4fe1b484b-00692c8f6b" "proxy-server 92966" 0.0179 "-" 96606 0
Nov 30 13:39:39 np0005540243.novalocal account-server[96311]: ::1 - - [30/Nov/2025:18:39:39 +0000] "PUT /3/36782/AUTH_d8c5e0069fac460689fc06414f238cc2/gnocchi.55073994-0183-4fda-8a8c-417ae84ea163" 201 - "PUT http://[::1]:6001/1/192276/AUTH_d8c5e0069fac460689fc06414f238cc2/gnocchi.55073994-0183-4fda-8a8c-417ae84ea163" "tx0515b2b7f0fc4fe1b484b-00692c8f6b" "container-server 96605" 0.0049 "-" 96311 0
Nov 30 13:39:39 np0005540243.novalocal container-server[96605]: ::1 - - [30/Nov/2025:18:39:39 +0000] "PUT /1/192276/AUTH_d8c5e0069fac460689fc06414f238cc2/gnocchi.55073994-0183-4fda-8a8c-417ae84ea163" 201 - "PUT http://[::1]:8080/v1/AUTH_d8c5e0069fac460689fc06414f238cc2/gnocchi.55073994-0183-4fda-8a8c-417ae84ea163" "tx0515b2b7f0fc4fe1b484b-00692c8f6b" "proxy-server 92966" 0.0218 "-" 96605 0
Nov 30 13:39:39 np0005540243.novalocal proxy-server[92966]: ::1 ::1 30/Nov/2025/18/39/39 PUT /v1/AUTH_d8c5e0069fac460689fc06414f238cc2/gnocchi.55073994-0183-4fda-8a8c-417ae84ea163 HTTP/1.0 201 - python-swiftclient-4.2.0 gAAAAABpLI9eQPaN... - - - tx0515b2b7f0fc4fe1b484b-00692c8f6b - 0.0295 - - 1764527979.543084621 1764527979.572587729 0
Nov 30 13:39:39 np0005540243.novalocal container-server[96606]: ::1 - - [30/Nov/2025:18:39:39 +0000] "HEAD /2/192276/AUTH_d8c5e0069fac460689fc06414f238cc2/gnocchi.55073994-0183-4fda-8a8c-417ae84ea163" 204 - "HEAD http://[::1]:8080/v1/AUTH_d8c5e0069fac460689fc06414f238cc2/gnocchi.55073994-0183-4fda-8a8c-417ae84ea163?format=json&states=listing" "txb99646aa57be46768ddfc-00692c8f6b" "proxy-server 92966" 0.0017 "-" 96606 0
Nov 30 13:39:39 np0005540243.novalocal container-server[96607]: ::1 - - [30/Nov/2025:18:39:39 +0000] "GET /2/192276/AUTH_d8c5e0069fac460689fc06414f238cc2/gnocchi.55073994-0183-4fda-8a8c-417ae84ea163" 200 2 "GET http://[::1]:8080/v1/AUTH_d8c5e0069fac460689fc06414f238cc2/gnocchi.55073994-0183-4fda-8a8c-417ae84ea163?format=json&states=listing" "txb99646aa57be46768ddfc-00692c8f6b" "proxy-server 92966" 0.0017 "-" 96607 0
Nov 30 13:39:39 np0005540243.novalocal proxy-server[92966]: ::1 ::1 30/Nov/2025/18/39/39 GET /v1/AUTH_d8c5e0069fac460689fc06414f238cc2/gnocchi.55073994-0183-4fda-8a8c-417ae84ea163%3Fformat%3Djson%26states%3Dlisting HTTP/1.0 200 - python-swiftclient-4.2.0 gAAAAABpLI9eQPaN... - 2 - txb99646aa57be46768ddfc-00692c8f6b - 0.0140 - - 1764527979.575374126 1764527979.589371920 0
Nov 30 13:39:39 np0005540243.novalocal object-server[96901]: ::1 - - [30/Nov/2025:18:39:39 +0000] "GET /1/166748/AUTH_d8c5e0069fac460689fc06414f238cc2/gnocchi.55073994-0183-4fda-8a8c-417ae84ea163/1763640000.0_mean_300.0_v3" 404 70 "GET http://[::1]:8080/v1/AUTH_d8c5e0069fac460689fc06414f238cc2/gnocchi.55073994-0183-4fda-8a8c-417ae84ea163/1763640000.0_mean_300.0_v3" "tx2f233a76f4c14de590c93-00692c8f6b" "proxy-server 92966" 0.0003 "-" 96901 0
Nov 30 13:39:39 np0005540243.novalocal object-server[96901]: ::1 - - [30/Nov/2025:18:39:39 +0000] "GET /3/166748/AUTH_d8c5e0069fac460689fc06414f238cc2/gnocchi.55073994-0183-4fda-8a8c-417ae84ea163/1763640000.0_mean_300.0_v3" 404 70 "GET http://[::1]:8080/v1/AUTH_d8c5e0069fac460689fc06414f238cc2/gnocchi.55073994-0183-4fda-8a8c-417ae84ea163/1763640000.0_mean_300.0_v3" "tx2f233a76f4c14de590c93-00692c8f6b" "proxy-server 92966" 0.0001 "-" 96901 0
Nov 30 13:39:39 np0005540243.novalocal object-server[96899]: ::1 - - [30/Nov/2025:18:39:39 +0000] "GET /2/166748/AUTH_d8c5e0069fac460689fc06414f238cc2/gnocchi.55073994-0183-4fda-8a8c-417ae84ea163/1763640000.0_mean_300.0_v3" 404 70 "GET http://[::1]:8080/v1/AUTH_d8c5e0069fac460689fc06414f238cc2/gnocchi.55073994-0183-4fda-8a8c-417ae84ea163/1763640000.0_mean_300.0_v3" "tx2f233a76f4c14de590c93-00692c8f6b" "proxy-server 92966" 0.0002 "-" 96899 0
Nov 30 13:39:39 np0005540243.novalocal proxy-server[92966]: ::1 ::1 30/Nov/2025/18/39/39 GET /v1/AUTH_d8c5e0069fac460689fc06414f238cc2/gnocchi.55073994-0183-4fda-8a8c-417ae84ea163/1763640000.0_mean_300.0_v3 HTTP/1.0 404 - python-swiftclient-4.2.0 gAAAAABpLI9eQPaN... - 70 - tx2f233a76f4c14de590c93-00692c8f6b - 0.0100 - - 1764527979.591981888 1764527979.602013111 0
Nov 30 13:39:39 np0005540243.novalocal container-server[96608]: ::1 - - [30/Nov/2025:18:39:39 +0000] "PUT /2/192276/AUTH_d8c5e0069fac460689fc06414f238cc2/gnocchi.55073994-0183-4fda-8a8c-417ae84ea163/1763640000.0_mean_300.0_v3" 201 - "PUT http://[::1]:8080/1/166748/AUTH_d8c5e0069fac460689fc06414f238cc2/gnocchi.55073994-0183-4fda-8a8c-417ae84ea163/1763640000.0_mean_300.0_v3" "txf2664d918cea4474b0f1e-00692c8f6b" "object-server 96902" 0.0007 "-" 96608 0
Nov 30 13:39:39 np0005540243.novalocal object-server[96902]: ::1 - - [30/Nov/2025:18:39:39 +0000] "PUT /1/166748/AUTH_d8c5e0069fac460689fc06414f238cc2/gnocchi.55073994-0183-4fda-8a8c-417ae84ea163/1763640000.0_mean_300.0_v3" 201 - "PUT http://[::1]:8080/v1/AUTH_d8c5e0069fac460689fc06414f238cc2/gnocchi.55073994-0183-4fda-8a8c-417ae84ea163/1763640000.0_mean_300.0_v3" "txf2664d918cea4474b0f1e-00692c8f6b" "proxy-server 92966" 0.0125 "-" 96902 0
Nov 30 13:39:39 np0005540243.novalocal container-server[96605]: ::1 - - [30/Nov/2025:18:39:39 +0000] "PUT /3/192276/AUTH_d8c5e0069fac460689fc06414f238cc2/gnocchi.55073994-0183-4fda-8a8c-417ae84ea163/1763640000.0_mean_300.0_v3" 201 - "PUT http://[::1]:8080/3/166748/AUTH_d8c5e0069fac460689fc06414f238cc2/gnocchi.55073994-0183-4fda-8a8c-417ae84ea163/1763640000.0_mean_300.0_v3" "txf2664d918cea4474b0f1e-00692c8f6b" "object-server 96901" 0.0016 "-" 96605 0
Nov 30 13:39:39 np0005540243.novalocal object-server[96901]: ::1 - - [30/Nov/2025:18:39:39 +0000] "PUT /3/166748/AUTH_d8c5e0069fac460689fc06414f238cc2/gnocchi.55073994-0183-4fda-8a8c-417ae84ea163/1763640000.0_mean_300.0_v3" 201 - "PUT http://[::1]:8080/v1/AUTH_d8c5e0069fac460689fc06414f238cc2/gnocchi.55073994-0183-4fda-8a8c-417ae84ea163/1763640000.0_mean_300.0_v3" "txf2664d918cea4474b0f1e-00692c8f6b" "proxy-server 92966" 0.0129 "-" 96901 0
Nov 30 13:39:39 np0005540243.novalocal container-server[96607]: ::1 - - [30/Nov/2025:18:39:39 +0000] "PUT /1/192276/AUTH_d8c5e0069fac460689fc06414f238cc2/gnocchi.55073994-0183-4fda-8a8c-417ae84ea163/1763640000.0_mean_300.0_v3" 201 - "PUT http://[::1]:8080/2/166748/AUTH_d8c5e0069fac460689fc06414f238cc2/gnocchi.55073994-0183-4fda-8a8c-417ae84ea163/1763640000.0_mean_300.0_v3" "txf2664d918cea4474b0f1e-00692c8f6b" "object-server 96900" 0.0006 "-" 96607 0
Nov 30 13:39:39 np0005540243.novalocal object-server[96900]: ::1 - - [30/Nov/2025:18:39:39 +0000] "PUT /2/166748/AUTH_d8c5e0069fac460689fc06414f238cc2/gnocchi.55073994-0183-4fda-8a8c-417ae84ea163/1763640000.0_mean_300.0_v3" 201 - "PUT http://[::1]:8080/v1/AUTH_d8c5e0069fac460689fc06414f238cc2/gnocchi.55073994-0183-4fda-8a8c-417ae84ea163/1763640000.0_mean_300.0_v3" "txf2664d918cea4474b0f1e-00692c8f6b" "proxy-server 92966" 0.0224 "-" 96900 0
Nov 30 13:39:39 np0005540243.novalocal proxy-server[92966]: ::1 ::1 30/Nov/2025/18/39/39 PUT /v1/AUTH_d8c5e0069fac460689fc06414f238cc2/gnocchi.55073994-0183-4fda-8a8c-417ae84ea163/1763640000.0_mean_300.0_v3 HTTP/1.0 201 - python-swiftclient-4.2.0 gAAAAABpLI9eQPaN... 16 - - txf2664d918cea4474b0f1e-00692c8f6b - 0.0301 - - 1764527979.604360819 1764527979.634427547 0
Nov 30 13:39:39 np0005540243.novalocal container-server[96607]: ::1 - - [30/Nov/2025:18:39:39 +0000] "PUT /3/192276/AUTH_d8c5e0069fac460689fc06414f238cc2/gnocchi.55073994-0183-4fda-8a8c-417ae84ea163/none_v3" 201 - "PUT http://[::1]:8080/1/143016/AUTH_d8c5e0069fac460689fc06414f238cc2/gnocchi.55073994-0183-4fda-8a8c-417ae84ea163/none_v3" "tx7774c3d55f8e469b891bb-00692c8f6b" "object-server 96899" 0.0005 "-" 96607 0
Nov 30 13:39:39 np0005540243.novalocal container-server[96608]: ::1 - - [30/Nov/2025:18:39:39 +0000] "PUT /1/192276/AUTH_d8c5e0069fac460689fc06414f238cc2/gnocchi.55073994-0183-4fda-8a8c-417ae84ea163/none_v3" 201 - "PUT http://[::1]:8080/2/143016/AUTH_d8c5e0069fac460689fc06414f238cc2/gnocchi.55073994-0183-4fda-8a8c-417ae84ea163/none_v3" "tx7774c3d55f8e469b891bb-00692c8f6b" "object-server 96901" 0.0005 "-" 96608 0
Nov 30 13:39:39 np0005540243.novalocal container-server[96605]: ::1 - - [30/Nov/2025:18:39:39 +0000] "PUT /2/192276/AUTH_d8c5e0069fac460689fc06414f238cc2/gnocchi.55073994-0183-4fda-8a8c-417ae84ea163/none_v3" 201 - "PUT http://[::1]:8080/3/143016/AUTH_d8c5e0069fac460689fc06414f238cc2/gnocchi.55073994-0183-4fda-8a8c-417ae84ea163/none_v3" "tx7774c3d55f8e469b891bb-00692c8f6b" "object-server 96901" 0.0010 "-" 96605 0
Nov 30 13:39:39 np0005540243.novalocal object-server[96901]: ::1 - - [30/Nov/2025:18:39:39 +0000] "PUT /3/143016/AUTH_d8c5e0069fac460689fc06414f238cc2/gnocchi.55073994-0183-4fda-8a8c-417ae84ea163/none_v3" 201 - "PUT http://[::1]:8080/v1/AUTH_d8c5e0069fac460689fc06414f238cc2/gnocchi.55073994-0183-4fda-8a8c-417ae84ea163/none_v3" "tx7774c3d55f8e469b891bb-00692c8f6b" "proxy-server 92966" 0.0149 "-" 96901 0
Nov 30 13:39:39 np0005540243.novalocal object-server[96899]: ::1 - - [30/Nov/2025:18:39:39 +0000] "PUT /1/143016/AUTH_d8c5e0069fac460689fc06414f238cc2/gnocchi.55073994-0183-4fda-8a8c-417ae84ea163/none_v3" 201 - "PUT http://[::1]:8080/v1/AUTH_d8c5e0069fac460689fc06414f238cc2/gnocchi.55073994-0183-4fda-8a8c-417ae84ea163/none_v3" "tx7774c3d55f8e469b891bb-00692c8f6b" "proxy-server 92966" 0.0149 "-" 96899 0
Nov 30 13:39:39 np0005540243.novalocal object-server[96901]: ::1 - - [30/Nov/2025:18:39:39 +0000] "PUT /2/143016/AUTH_d8c5e0069fac460689fc06414f238cc2/gnocchi.55073994-0183-4fda-8a8c-417ae84ea163/none_v3" 201 - "PUT http://[::1]:8080/v1/AUTH_d8c5e0069fac460689fc06414f238cc2/gnocchi.55073994-0183-4fda-8a8c-417ae84ea163/none_v3" "tx7774c3d55f8e469b891bb-00692c8f6b" "proxy-server 92966" 0.0143 "-" 96901 0
Nov 30 13:39:39 np0005540243.novalocal proxy-server[92966]: ::1 ::1 30/Nov/2025/18/39/39 PUT /v1/AUTH_d8c5e0069fac460689fc06414f238cc2/gnocchi.55073994-0183-4fda-8a8c-417ae84ea163/none_v3 HTTP/1.0 201 - python-swiftclient-4.2.0 gAAAAABpLI9eQPaN... 22 - - tx7774c3d55f8e469b891bb-00692c8f6b - 0.0240 - - 1764527979.636836767 1764527979.660832882 0
Nov 30 13:39:39 np0005540243.novalocal sudo[103725]: pam_unix(sudo:session): session closed for user root
Nov 30 13:39:39 np0005540243.novalocal systemd[1]: session-c127.scope: Deactivated successfully.
Nov 30 13:39:39 np0005540243.novalocal sudo[103731]: cinder : PWD=/ ; USER=root ; COMMAND=/usr/bin/cinder-rootwrap /etc/cinder/rootwrap.conf cinder-rtstool add-initiator iqn.2010-10.org.openstack:volume-dcbf258c-d7fc-49f3-8713-e9b7f35842b0 QDbqtfLzLvr9RjJ4ADbP 7g5E9dAWGKKe7rEH iqn.1994-05.com.redhat:9a8f36efdecf
Nov 30 13:39:39 np0005540243.novalocal systemd[1]: Started Session c128 of User root.
Nov 30 13:39:39 np0005540243.novalocal sudo[103731]: pam_unix(sudo:session): session opened for user root(uid=0) by (uid=165)
Nov 30 13:39:40 np0005540243.novalocal sudo[103731]: pam_unix(sudo:session): session closed for user root
Nov 30 13:39:40 np0005540243.novalocal systemd[1]: session-c128.scope: Deactivated successfully.
Nov 30 13:39:40 np0005540243.novalocal sudo[103737]: cinder : PWD=/ ; USER=root ; COMMAND=/usr/bin/cinder-rootwrap /etc/cinder/rootwrap.conf cinder-rtstool save
Nov 30 13:39:40 np0005540243.novalocal systemd[1]: Started Session c129 of User root.
Nov 30 13:39:40 np0005540243.novalocal sudo[103737]: pam_unix(sudo:session): session opened for user root(uid=0) by (uid=165)
Nov 30 13:39:40 np0005540243.novalocal sudo[103737]: pam_unix(sudo:session): session closed for user root
Nov 30 13:39:40 np0005540243.novalocal systemd[1]: session-c129.scope: Deactivated successfully.
Nov 30 13:39:41 np0005540243.novalocal object-server[96899]: ::1 - - [30/Nov/2025:18:39:41 +0000] "GET /2/32625/AUTH_d8c5e0069fac460689fc06414f238cc2/gnocchi.bba9cd9d-4882-4e04-beb8-01154e01f8fa/none_v3" 200 48 "GET http://[::1]:8080/v1/AUTH_d8c5e0069fac460689fc06414f238cc2/gnocchi.bba9cd9d-4882-4e04-beb8-01154e01f8fa/none_v3" "tx4bedb79ac1aa486492790-00692c8f6d" "proxy-server 92965" 0.0007 "-" 96899 0
Nov 30 13:39:41 np0005540243.novalocal proxy-server[92965]: ::1 ::1 30/Nov/2025/18/39/41 GET /v1/AUTH_d8c5e0069fac460689fc06414f238cc2/gnocchi.bba9cd9d-4882-4e04-beb8-01154e01f8fa/none_v3 HTTP/1.0 200 - python-swiftclient-4.2.0 gAAAAABpLI9luiBC... - 48 - tx4bedb79ac1aa486492790-00692c8f6d - 0.0103 - - 1764527981.101650238 1764527981.111977100 0
Nov 30 13:39:41 np0005540243.novalocal container-server[96605]: ::1 - - [30/Nov/2025:18:39:41 +0000] "GET /1/212916/AUTH_d8c5e0069fac460689fc06414f238cc2/gnocchi.bba9cd9d-4882-4e04-beb8-01154e01f8fa" 200 357 "GET http://[::1]:8080/v1/AUTH_d8c5e0069fac460689fc06414f238cc2/gnocchi.bba9cd9d-4882-4e04-beb8-01154e01f8fa?format=json&states=listing" "tx03617f6360ba45c891c13-00692c8f6d" "proxy-server 92965" 0.0020 "-" 96605 0
Nov 30 13:39:41 np0005540243.novalocal proxy-server[92965]: ::1 ::1 30/Nov/2025/18/39/41 GET /v1/AUTH_d8c5e0069fac460689fc06414f238cc2/gnocchi.bba9cd9d-4882-4e04-beb8-01154e01f8fa%3Fformat%3Djson%26states%3Dlisting HTTP/1.0 200 - python-swiftclient-4.2.0 gAAAAABpLI9luiBC... - 357 - tx03617f6360ba45c891c13-00692c8f6d - 0.0118 - - 1764527981.119664192 1764527981.131455421 0
Nov 30 13:39:41 np0005540243.novalocal container-server[96607]: ::1 - - [30/Nov/2025:18:39:41 +0000] "GET /2/212916/AUTH_d8c5e0069fac460689fc06414f238cc2/gnocchi.bba9cd9d-4882-4e04-beb8-01154e01f8fa" 200 2 "GET http://[::1]:8080/v1/AUTH_d8c5e0069fac460689fc06414f238cc2/gnocchi.bba9cd9d-4882-4e04-beb8-01154e01f8fa?format=json&marker=none_v3&states=listing" "tx345d589d4fcc43c58b019-00692c8f6d" "proxy-server 92965" 0.0025 "-" 96607 0
Nov 30 13:39:41 np0005540243.novalocal proxy-server[92965]: ::1 ::1 30/Nov/2025/18/39/41 GET /v1/AUTH_d8c5e0069fac460689fc06414f238cc2/gnocchi.bba9cd9d-4882-4e04-beb8-01154e01f8fa%3Fformat%3Djson%26marker%3Dnone_v3%26states%3Dlisting HTTP/1.0 200 - python-swiftclient-4.2.0 gAAAAABpLI9luiBC... - 2 - tx345d589d4fcc43c58b019-00692c8f6d - 0.0171 - - 1764527981.134196043 1764527981.151310444 0
Nov 30 13:39:41 np0005540243.novalocal object-server[96902]: ::1 - - [30/Nov/2025:18:39:41 +0000] "GET /1/49529/AUTH_d8c5e0069fac460689fc06414f238cc2/gnocchi.bba9cd9d-4882-4e04-beb8-01154e01f8fa/1763640000.0_mean_300.0_v3" 200 16 "GET http://[::1]:8080/v1/AUTH_d8c5e0069fac460689fc06414f238cc2/gnocchi.bba9cd9d-4882-4e04-beb8-01154e01f8fa/1763640000.0_mean_300.0_v3" "tx5721f6d005d0451d9f8a3-00692c8f6d" "proxy-server 92965" 0.0007 "-" 96902 0
Nov 30 13:39:41 np0005540243.novalocal proxy-server[92965]: ::1 ::1 30/Nov/2025/18/39/41 GET /v1/AUTH_d8c5e0069fac460689fc06414f238cc2/gnocchi.bba9cd9d-4882-4e04-beb8-01154e01f8fa/1763640000.0_mean_300.0_v3 HTTP/1.0 200 - python-swiftclient-4.2.0 gAAAAABpLI9luiBC... - 16 - tx5721f6d005d0451d9f8a3-00692c8f6d - 0.0115 - - 1764527981.155695677 1764527981.167216301 0
Nov 30 13:39:41 np0005540243.novalocal container-server[96606]: ::1 - - [30/Nov/2025:18:39:41 +0000] "PUT /1/212916/AUTH_d8c5e0069fac460689fc06414f238cc2/gnocchi.bba9cd9d-4882-4e04-beb8-01154e01f8fa/1763640000.0_mean_300.0_v3" 201 - "PUT http://[::1]:8080/1/49529/AUTH_d8c5e0069fac460689fc06414f238cc2/gnocchi.bba9cd9d-4882-4e04-beb8-01154e01f8fa/1763640000.0_mean_300.0_v3" "txb700b19e81ba4c1bb630c-00692c8f6d" "object-server 96899" 0.0008 "-" 96606 0
Nov 30 13:39:41 np0005540243.novalocal container-server[96608]: ::1 - - [30/Nov/2025:18:39:41 +0000] "PUT /3/212916/AUTH_d8c5e0069fac460689fc06414f238cc2/gnocchi.bba9cd9d-4882-4e04-beb8-01154e01f8fa/1763640000.0_mean_300.0_v3" 201 - "PUT http://[::1]:8080/2/49529/AUTH_d8c5e0069fac460689fc06414f238cc2/gnocchi.bba9cd9d-4882-4e04-beb8-01154e01f8fa/1763640000.0_mean_300.0_v3" "txb700b19e81ba4c1bb630c-00692c8f6d" "object-server 96902" 0.0005 "-" 96608 0
Nov 30 13:39:41 np0005540243.novalocal container-server[96607]: ::1 - - [30/Nov/2025:18:39:41 +0000] "PUT /2/212916/AUTH_d8c5e0069fac460689fc06414f238cc2/gnocchi.bba9cd9d-4882-4e04-beb8-01154e01f8fa/1763640000.0_mean_300.0_v3" 201 - "PUT http://[::1]:8080/3/49529/AUTH_d8c5e0069fac460689fc06414f238cc2/gnocchi.bba9cd9d-4882-4e04-beb8-01154e01f8fa/1763640000.0_mean_300.0_v3" "txb700b19e81ba4c1bb630c-00692c8f6d" "object-server 96900" 0.0005 "-" 96607 0
