Nov 30 13:40:21 np0005540243.novalocal container-server[96605]: ::1 - - [30/Nov/2025:18:40:21 +0000] "PUT /1/38936/AUTH_d8c5e0069fac460689fc06414f238cc2/gnocchi.97077a28-e73a-4783-9633-ae4cccd67e3d/1763640000.0_mean_300.0_v3" 201 - "PUT http://[::1]:8080/3/195089/AUTH_d8c5e0069fac460689fc06414f238cc2/gnocchi.97077a28-e73a-4783-9633-ae4cccd67e3d/1763640000.0_mean_300.0_v3" "tx8afe61e607cd49ae8b180-00692c8f95" "object-server 96900" 0.0006 "-" 96605 0
Nov 30 13:40:21 np0005540243.novalocal object-server[96900]: ::1 - - [30/Nov/2025:18:40:21 +0000] "PUT /3/195089/AUTH_d8c5e0069fac460689fc06414f238cc2/gnocchi.97077a28-e73a-4783-9633-ae4cccd67e3d/1763640000.0_mean_300.0_v3" 201 - "PUT http://[::1]:8080/v1/AUTH_d8c5e0069fac460689fc06414f238cc2/gnocchi.97077a28-e73a-4783-9633-ae4cccd67e3d/1763640000.0_mean_300.0_v3" "tx8afe61e607cd49ae8b180-00692c8f95" "proxy-server 92966" 0.0160 "-" 96900 0
Nov 30 13:40:21 np0005540243.novalocal object-server[96901]: ::1 - - [30/Nov/2025:18:40:21 +0000] "PUT /1/195089/AUTH_d8c5e0069fac460689fc06414f238cc2/gnocchi.97077a28-e73a-4783-9633-ae4cccd67e3d/1763640000.0_mean_300.0_v3" 201 - "PUT http://[::1]:8080/v1/AUTH_d8c5e0069fac460689fc06414f238cc2/gnocchi.97077a28-e73a-4783-9633-ae4cccd67e3d/1763640000.0_mean_300.0_v3" "tx8afe61e607cd49ae8b180-00692c8f95" "proxy-server 92966" 0.0152 "-" 96901 0
Nov 30 13:40:21 np0005540243.novalocal proxy-server[92966]: ::1 ::1 30/Nov/2025/18/40/21 PUT /v1/AUTH_d8c5e0069fac460689fc06414f238cc2/gnocchi.97077a28-e73a-4783-9633-ae4cccd67e3d/1763640000.0_mean_300.0_v3 HTTP/1.0 201 - python-swiftclient-4.2.0 gAAAAABpLI9eQPaN... 18 - - tx8afe61e607cd49ae8b180-00692c8f95 - 0.0328 - - 1764528021.846994877 1764528021.879753590 0
Nov 30 13:40:21 np0005540243.novalocal container-server[96605]: ::1 - - [30/Nov/2025:18:40:21 +0000] "PUT /1/67019/AUTH_d8c5e0069fac460689fc06414f238cc2/gnocchi.753ecd46-7d3e-4de3-b956-5597e9ec0fc3/none_v3" 201 - "PUT http://[::1]:8080/1/157054/AUTH_d8c5e0069fac460689fc06414f238cc2/gnocchi.753ecd46-7d3e-4de3-b956-5597e9ec0fc3/none_v3" "tx415b3ac395b34ac999146-00692c8f95" "object-server 96901" 0.0004 "-" 96605 0
Nov 30 13:40:21 np0005540243.novalocal object-server[96901]: ::1 - - [30/Nov/2025:18:40:21 +0000] "PUT /1/157054/AUTH_d8c5e0069fac460689fc06414f238cc2/gnocchi.753ecd46-7d3e-4de3-b956-5597e9ec0fc3/none_v3" 201 - "PUT http://[::1]:8080/v1/AUTH_d8c5e0069fac460689fc06414f238cc2/gnocchi.753ecd46-7d3e-4de3-b956-5597e9ec0fc3/none_v3" "tx415b3ac395b34ac999146-00692c8f95" "proxy-server 92965" 0.0104 "-" 96901 0
Nov 30 13:40:21 np0005540243.novalocal container-server[96606]: ::1 - - [30/Nov/2025:18:40:21 +0000] "PUT /2/67019/AUTH_d8c5e0069fac460689fc06414f238cc2/gnocchi.753ecd46-7d3e-4de3-b956-5597e9ec0fc3/none_v3" 201 - "PUT http://[::1]:8080/3/157054/AUTH_d8c5e0069fac460689fc06414f238cc2/gnocchi.753ecd46-7d3e-4de3-b956-5597e9ec0fc3/none_v3" "tx415b3ac395b34ac999146-00692c8f95" "object-server 96899" 0.0004 "-" 96606 0
Nov 30 13:40:21 np0005540243.novalocal object-server[96899]: ::1 - - [30/Nov/2025:18:40:21 +0000] "PUT /3/157054/AUTH_d8c5e0069fac460689fc06414f238cc2/gnocchi.753ecd46-7d3e-4de3-b956-5597e9ec0fc3/none_v3" 201 - "PUT http://[::1]:8080/v1/AUTH_d8c5e0069fac460689fc06414f238cc2/gnocchi.753ecd46-7d3e-4de3-b956-5597e9ec0fc3/none_v3" "tx415b3ac395b34ac999146-00692c8f95" "proxy-server 92965" 0.0140 "-" 96899 0
Nov 30 13:40:21 np0005540243.novalocal container-server[96607]: ::1 - - [30/Nov/2025:18:40:21 +0000] "PUT /3/67019/AUTH_d8c5e0069fac460689fc06414f238cc2/gnocchi.753ecd46-7d3e-4de3-b956-5597e9ec0fc3/none_v3" 201 - "PUT http://[::1]:8080/2/157054/AUTH_d8c5e0069fac460689fc06414f238cc2/gnocchi.753ecd46-7d3e-4de3-b956-5597e9ec0fc3/none_v3" "tx415b3ac395b34ac999146-00692c8f95" "object-server 96899" 0.0006 "-" 96607 0
Nov 30 13:40:21 np0005540243.novalocal object-server[96899]: ::1 - - [30/Nov/2025:18:40:21 +0000] "PUT /2/157054/AUTH_d8c5e0069fac460689fc06414f238cc2/gnocchi.753ecd46-7d3e-4de3-b956-5597e9ec0fc3/none_v3" 201 - "PUT http://[::1]:8080/v1/AUTH_d8c5e0069fac460689fc06414f238cc2/gnocchi.753ecd46-7d3e-4de3-b956-5597e9ec0fc3/none_v3" "tx415b3ac395b34ac999146-00692c8f95" "proxy-server 92965" 0.0157 "-" 96899 0
Nov 30 13:40:21 np0005540243.novalocal proxy-server[92965]: ::1 ::1 30/Nov/2025/18/40/21 PUT /v1/AUTH_d8c5e0069fac460689fc06414f238cc2/gnocchi.753ecd46-7d3e-4de3-b956-5597e9ec0fc3/none_v3 HTTP/1.0 201 - python-swiftclient-4.2.0 gAAAAABpLI9luiBC... 51 - - tx415b3ac395b34ac999146-00692c8f95 - 0.0290 - - 1764528021.866022110 1764528021.895004988 0
Nov 30 13:40:21 np0005540243.novalocal container-server[96605]: ::1 - - [30/Nov/2025:18:40:21 +0000] "PUT /1/38936/AUTH_d8c5e0069fac460689fc06414f238cc2/gnocchi.97077a28-e73a-4783-9633-ae4cccd67e3d/none_v3" 201 - "PUT http://[::1]:8080/1/1094/AUTH_d8c5e0069fac460689fc06414f238cc2/gnocchi.97077a28-e73a-4783-9633-ae4cccd67e3d/none_v3" "tx6b82fb03c3d8402db1930-00692c8f95" "object-server 96901" 0.0006 "-" 96605 0
Nov 30 13:40:21 np0005540243.novalocal container-server[96608]: ::1 - - [30/Nov/2025:18:40:21 +0000] "PUT /2/38936/AUTH_d8c5e0069fac460689fc06414f238cc2/gnocchi.97077a28-e73a-4783-9633-ae4cccd67e3d/none_v3" 201 - "PUT http://[::1]:8080/2/1094/AUTH_d8c5e0069fac460689fc06414f238cc2/gnocchi.97077a28-e73a-4783-9633-ae4cccd67e3d/none_v3" "tx6b82fb03c3d8402db1930-00692c8f95" "object-server 96902" 0.0004 "-" 96608 0
Nov 30 13:40:21 np0005540243.novalocal object-server[96902]: ::1 - - [30/Nov/2025:18:40:21 +0000] "PUT /2/1094/AUTH_d8c5e0069fac460689fc06414f238cc2/gnocchi.97077a28-e73a-4783-9633-ae4cccd67e3d/none_v3" 201 - "PUT http://[::1]:8080/v1/AUTH_d8c5e0069fac460689fc06414f238cc2/gnocchi.97077a28-e73a-4783-9633-ae4cccd67e3d/none_v3" "tx6b82fb03c3d8402db1930-00692c8f95" "proxy-server 92966" 0.0111 "-" 96902 0
Nov 30 13:40:21 np0005540243.novalocal object-server[96901]: ::1 - - [30/Nov/2025:18:40:21 +0000] "PUT /1/1094/AUTH_d8c5e0069fac460689fc06414f238cc2/gnocchi.97077a28-e73a-4783-9633-ae4cccd67e3d/none_v3" 201 - "PUT http://[::1]:8080/v1/AUTH_d8c5e0069fac460689fc06414f238cc2/gnocchi.97077a28-e73a-4783-9633-ae4cccd67e3d/none_v3" "tx6b82fb03c3d8402db1930-00692c8f95" "proxy-server 92966" 0.0134 "-" 96901 0
Nov 30 13:40:21 np0005540243.novalocal container-server[96605]: ::1 - - [30/Nov/2025:18:40:21 +0000] "PUT /3/38936/AUTH_d8c5e0069fac460689fc06414f238cc2/gnocchi.97077a28-e73a-4783-9633-ae4cccd67e3d/none_v3" 201 - "PUT http://[::1]:8080/3/1094/AUTH_d8c5e0069fac460689fc06414f238cc2/gnocchi.97077a28-e73a-4783-9633-ae4cccd67e3d/none_v3" "tx6b82fb03c3d8402db1930-00692c8f95" "object-server 96902" 0.0005 "-" 96605 0
Nov 30 13:40:21 np0005540243.novalocal object-server[96902]: ::1 - - [30/Nov/2025:18:40:21 +0000] "PUT /3/1094/AUTH_d8c5e0069fac460689fc06414f238cc2/gnocchi.97077a28-e73a-4783-9633-ae4cccd67e3d/none_v3" 201 - "PUT http://[::1]:8080/v1/AUTH_d8c5e0069fac460689fc06414f238cc2/gnocchi.97077a28-e73a-4783-9633-ae4cccd67e3d/none_v3" "tx6b82fb03c3d8402db1930-00692c8f95" "proxy-server 92966" 0.0104 "-" 96902 0
Nov 30 13:40:21 np0005540243.novalocal proxy-server[92966]: ::1 ::1 30/Nov/2025/18/40/21 PUT /v1/AUTH_d8c5e0069fac460689fc06414f238cc2/gnocchi.97077a28-e73a-4783-9633-ae4cccd67e3d/none_v3 HTTP/1.0 201 - python-swiftclient-4.2.0 gAAAAABpLI9eQPaN... 45 - - tx6b82fb03c3d8402db1930-00692c8f95 - 0.0257 - - 1764528021.883347988 1764528021.909018517 0
Nov 30 13:40:21 np0005540243.novalocal object-server[96900]: ::1 - - [30/Nov/2025:18:40:21 +0000] "GET /1/62369/AUTH_d8c5e0069fac460689fc06414f238cc2/gnocchi.f08f6324-915b-4918-9ac5-73947eb38c6f/none_v3" 200 46 "GET http://[::1]:8080/v1/AUTH_d8c5e0069fac460689fc06414f238cc2/gnocchi.f08f6324-915b-4918-9ac5-73947eb38c6f/none_v3" "txdea14d006565400381173-00692c8f95" "proxy-server 92965" 0.0006 "-" 96900 0
Nov 30 13:40:21 np0005540243.novalocal proxy-server[92965]: ::1 ::1 30/Nov/2025/18/40/21 GET /v1/AUTH_d8c5e0069fac460689fc06414f238cc2/gnocchi.f08f6324-915b-4918-9ac5-73947eb38c6f/none_v3 HTTP/1.0 200 - python-swiftclient-4.2.0 gAAAAABpLI9luiBC... - 46 - txdea14d006565400381173-00692c8f95 - 0.0097 - - 1764528021.908992767 1764528021.918657780 0
Nov 30 13:40:21 np0005540243.novalocal object-server[96902]: ::1 - - [30/Nov/2025:18:40:21 +0000] "GET /3/157054/AUTH_d8c5e0069fac460689fc06414f238cc2/gnocchi.753ecd46-7d3e-4de3-b956-5597e9ec0fc3/none_v3" 200 51 "GET http://[::1]:8080/v1/AUTH_d8c5e0069fac460689fc06414f238cc2/gnocchi.753ecd46-7d3e-4de3-b956-5597e9ec0fc3/none_v3" "tx7fabd3551a9a4faeb5fc5-00692c8f95" "proxy-server 92966" 0.0006 "-" 96902 0
Nov 30 13:40:21 np0005540243.novalocal proxy-server[92966]: ::1 ::1 30/Nov/2025/18/40/21 GET /v1/AUTH_d8c5e0069fac460689fc06414f238cc2/gnocchi.753ecd46-7d3e-4de3-b956-5597e9ec0fc3/none_v3 HTTP/1.0 200 - python-swiftclient-4.2.0 gAAAAABpLI9eQPaN... - 51 - tx7fabd3551a9a4faeb5fc5-00692c8f95 - 0.0061 - - 1764528021.918019056 1764528021.924154043 0
Nov 30 13:40:21 np0005540243.novalocal container-server[96606]: ::1 - - [30/Nov/2025:18:40:21 +0000] "GET /3/134055/AUTH_d8c5e0069fac460689fc06414f238cc2/gnocchi.f08f6324-915b-4918-9ac5-73947eb38c6f" 200 357 "GET http://[::1]:8080/v1/AUTH_d8c5e0069fac460689fc06414f238cc2/gnocchi.f08f6324-915b-4918-9ac5-73947eb38c6f?format=json&states=listing" "txc77e667df5d94a719e822-00692c8f95" "proxy-server 92965" 0.0078 "-" 96606 0
Nov 30 13:40:21 np0005540243.novalocal container-server[96607]: ::1 - - [30/Nov/2025:18:40:21 +0000] "GET /1/67019/AUTH_d8c5e0069fac460689fc06414f238cc2/gnocchi.753ecd46-7d3e-4de3-b956-5597e9ec0fc3" 200 357 "GET http://[::1]:8080/v1/AUTH_d8c5e0069fac460689fc06414f238cc2/gnocchi.753ecd46-7d3e-4de3-b956-5597e9ec0fc3?format=json&states=listing" "txf9088e897aad41ddb46a3-00692c8f95" "proxy-server 92966" 0.0072 "-" 96607 0
Nov 30 13:40:21 np0005540243.novalocal proxy-server[92966]: ::1 ::1 30/Nov/2025/18/40/21 GET /v1/AUTH_d8c5e0069fac460689fc06414f238cc2/gnocchi.753ecd46-7d3e-4de3-b956-5597e9ec0fc3%3Fformat%3Djson%26states%3Dlisting HTTP/1.0 200 - python-swiftclient-4.2.0 gAAAAABpLI9eQPaN... - 357 - txf9088e897aad41ddb46a3-00692c8f95 - 0.0134 - - 1764528021.926439524 1764528021.939884901 0
Nov 30 13:40:21 np0005540243.novalocal proxy-server[92965]: ::1 ::1 30/Nov/2025/18/40/21 GET /v1/AUTH_d8c5e0069fac460689fc06414f238cc2/gnocchi.f08f6324-915b-4918-9ac5-73947eb38c6f%3Fformat%3Djson%26states%3Dlisting HTTP/1.0 200 - python-swiftclient-4.2.0 gAAAAABpLI9luiBC... - 357 - txc77e667df5d94a719e822-00692c8f95 - 0.0183 - - 1764528021.921731234 1764528021.940061331 0
Nov 30 13:40:21 np0005540243.novalocal container-server[96608]: ::1 - - [30/Nov/2025:18:40:21 +0000] "GET /3/67019/AUTH_d8c5e0069fac460689fc06414f238cc2/gnocchi.753ecd46-7d3e-4de3-b956-5597e9ec0fc3" 200 2 "GET http://[::1]:8080/v1/AUTH_d8c5e0069fac460689fc06414f238cc2/gnocchi.753ecd46-7d3e-4de3-b956-5597e9ec0fc3?format=json&marker=none_v3&states=listing" "tx04da0c799d924d3a904e9-00692c8f95" "proxy-server 92966" 0.0066 "-" 96608 0
Nov 30 13:40:21 np0005540243.novalocal proxy-server[92966]: ::1 ::1 30/Nov/2025/18/40/21 GET /v1/AUTH_d8c5e0069fac460689fc06414f238cc2/gnocchi.753ecd46-7d3e-4de3-b956-5597e9ec0fc3%3Fformat%3Djson%26marker%3Dnone_v3%26states%3Dlisting HTTP/1.0 200 - python-swiftclient-4.2.0 gAAAAABpLI9eQPaN... - 2 - tx04da0c799d924d3a904e9-00692c8f95 - 0.0143 - - 1764528021.941438198 1764528021.955760956 0
Nov 30 13:40:21 np0005540243.novalocal container-server[96607]: ::1 - - [30/Nov/2025:18:40:21 +0000] "GET /1/134055/AUTH_d8c5e0069fac460689fc06414f238cc2/gnocchi.f08f6324-915b-4918-9ac5-73947eb38c6f" 200 2 "GET http://[::1]:8080/v1/AUTH_d8c5e0069fac460689fc06414f238cc2/gnocchi.f08f6324-915b-4918-9ac5-73947eb38c6f?format=json&marker=none_v3&states=listing" "txe2254abd44b54b85bf538-00692c8f95" "proxy-server 92965" 0.0086 "-" 96607 0
Nov 30 13:40:21 np0005540243.novalocal object-server[96901]: ::1 - - [30/Nov/2025:18:40:21 +0000] "GET /1/20822/AUTH_d8c5e0069fac460689fc06414f238cc2/gnocchi.753ecd46-7d3e-4de3-b956-5597e9ec0fc3/1763640000.0_mean_300.0_v3" 200 22 "GET http://[::1]:8080/v1/AUTH_d8c5e0069fac460689fc06414f238cc2/gnocchi.753ecd46-7d3e-4de3-b956-5597e9ec0fc3/1763640000.0_mean_300.0_v3" "txce2824a2a3984bc38402f-00692c8f95" "proxy-server 92966" 0.0007 "-" 96901 0
Nov 30 13:40:21 np0005540243.novalocal proxy-server[92965]: ::1 ::1 30/Nov/2025/18/40/21 GET /v1/AUTH_d8c5e0069fac460689fc06414f238cc2/gnocchi.f08f6324-915b-4918-9ac5-73947eb38c6f%3Fformat%3Djson%26marker%3Dnone_v3%26states%3Dlisting HTTP/1.0 200 - python-swiftclient-4.2.0 gAAAAABpLI9luiBC... - 2 - txe2254abd44b54b85bf538-00692c8f95 - 0.0209 - - 1764528021.942695379 1764528021.963553190 0
Nov 30 13:40:21 np0005540243.novalocal proxy-server[92966]: ::1 ::1 30/Nov/2025/18/40/21 GET /v1/AUTH_d8c5e0069fac460689fc06414f238cc2/gnocchi.753ecd46-7d3e-4de3-b956-5597e9ec0fc3/1763640000.0_mean_300.0_v3 HTTP/1.0 200 - python-swiftclient-4.2.0 gAAAAABpLI9eQPaN... - 22 - txce2824a2a3984bc38402f-00692c8f95 - 0.0061 - - 1764528021.958746672 1764528021.964884281 0
Nov 30 13:40:21 np0005540243.novalocal object-server[96899]: ::1 - - [30/Nov/2025:18:40:21 +0000] "GET /1/234918/AUTH_d8c5e0069fac460689fc06414f238cc2/gnocchi.f08f6324-915b-4918-9ac5-73947eb38c6f/1763640000.0_mean_300.0_v3" 200 23 "GET http://[::1]:8080/v1/AUTH_d8c5e0069fac460689fc06414f238cc2/gnocchi.f08f6324-915b-4918-9ac5-73947eb38c6f/1763640000.0_mean_300.0_v3" "tx534be2ca113a41678596f-00692c8f95" "proxy-server 92965" 0.0009 "-" 96899 0
Nov 30 13:40:21 np0005540243.novalocal proxy-server[92965]: ::1 ::1 30/Nov/2025/18/40/21 GET /v1/AUTH_d8c5e0069fac460689fc06414f238cc2/gnocchi.f08f6324-915b-4918-9ac5-73947eb38c6f/1763640000.0_mean_300.0_v3 HTTP/1.0 200 - python-swiftclient-4.2.0 gAAAAABpLI9luiBC... - 23 - tx534be2ca113a41678596f-00692c8f95 - 0.0080 - - 1764528021.967655659 1764528021.975618839 0
Nov 30 13:40:22 np0005540243.novalocal container-server[96608]: ::1 - - [30/Nov/2025:18:40:22 +0000] "PUT /3/67019/AUTH_d8c5e0069fac460689fc06414f238cc2/gnocchi.753ecd46-7d3e-4de3-b956-5597e9ec0fc3/1763640000.0_mean_300.0_v3" 201 - "PUT http://[::1]:8080/1/20822/AUTH_d8c5e0069fac460689fc06414f238cc2/gnocchi.753ecd46-7d3e-4de3-b956-5597e9ec0fc3/1763640000.0_mean_300.0_v3" "tx920a1ed7834246c9a7966-00692c8f95" "object-server 96899" 0.0006 "-" 96608 0
Nov 30 13:40:22 np0005540243.novalocal kernel: qvb94d44bd1-94: left allmulticast mode
Nov 30 13:40:22 np0005540243.novalocal kernel: qvb94d44bd1-94: left promiscuous mode
Nov 30 13:40:22 np0005540243.novalocal kernel: qbr94d44bd1-94: port 1(qvb94d44bd1-94) entered disabled state
Nov 30 13:40:22 np0005540243.novalocal container-server[96608]: ::1 - - [30/Nov/2025:18:40:22 +0000] "PUT /1/67019/AUTH_d8c5e0069fac460689fc06414f238cc2/gnocchi.753ecd46-7d3e-4de3-b956-5597e9ec0fc3/1763640000.0_mean_300.0_v3" 201 - "PUT http://[::1]:8080/3/20822/AUTH_d8c5e0069fac460689fc06414f238cc2/gnocchi.753ecd46-7d3e-4de3-b956-5597e9ec0fc3/1763640000.0_mean_300.0_v3" "tx920a1ed7834246c9a7966-00692c8f95" "object-server 96899" 0.0004 "-" 96608 0
Nov 30 13:40:22 np0005540243.novalocal object-server[96899]: ::1 - - [30/Nov/2025:18:40:22 +0000] "PUT /1/20822/AUTH_d8c5e0069fac460689fc06414f238cc2/gnocchi.753ecd46-7d3e-4de3-b956-5597e9ec0fc3/1763640000.0_mean_300.0_v3" 201 - "PUT http://[::1]:8080/v1/AUTH_d8c5e0069fac460689fc06414f238cc2/gnocchi.753ecd46-7d3e-4de3-b956-5597e9ec0fc3/1763640000.0_mean_300.0_v3" "tx920a1ed7834246c9a7966-00692c8f95" "proxy-server 92966" 0.0232 "-" 96899 0
Nov 30 13:40:22 np0005540243.novalocal container-server[96605]: ::1 - - [30/Nov/2025:18:40:22 +0000] "PUT /2/67019/AUTH_d8c5e0069fac460689fc06414f238cc2/gnocchi.753ecd46-7d3e-4de3-b956-5597e9ec0fc3/1763640000.0_mean_300.0_v3" 201 - "PUT http://[::1]:8080/2/20822/AUTH_d8c5e0069fac460689fc06414f238cc2/gnocchi.753ecd46-7d3e-4de3-b956-5597e9ec0fc3/1763640000.0_mean_300.0_v3" "tx920a1ed7834246c9a7966-00692c8f95" "object-server 96899" 0.0007 "-" 96605 0
Nov 30 13:40:22 np0005540243.novalocal object-server[96899]: ::1 - - [30/Nov/2025:18:40:22 +0000] "PUT /3/20822/AUTH_d8c5e0069fac460689fc06414f238cc2/gnocchi.753ecd46-7d3e-4de3-b956-5597e9ec0fc3/1763640000.0_mean_300.0_v3" 201 - "PUT http://[::1]:8080/v1/AUTH_d8c5e0069fac460689fc06414f238cc2/gnocchi.753ecd46-7d3e-4de3-b956-5597e9ec0fc3/1763640000.0_mean_300.0_v3" "tx920a1ed7834246c9a7966-00692c8f95" "proxy-server 92966" 0.0278 "-" 96899 0
Nov 30 13:40:22 np0005540243.novalocal container-server[96605]: ::1 - - [30/Nov/2025:18:40:22 +0000] "PUT /2/134055/AUTH_d8c5e0069fac460689fc06414f238cc2/gnocchi.f08f6324-915b-4918-9ac5-73947eb38c6f/1763640000.0_mean_300.0_v3" 201 - "PUT http://[::1]:8080/2/234918/AUTH_d8c5e0069fac460689fc06414f238cc2/gnocchi.f08f6324-915b-4918-9ac5-73947eb38c6f/1763640000.0_mean_300.0_v3" "tx1d3081dea0bd49b49cb98-00692c8f95" "object-server 96900" 0.0005 "-" 96605 0
Nov 30 13:40:22 np0005540243.novalocal object-server[96900]: ::1 - - [30/Nov/2025:18:40:22 +0000] "PUT /2/234918/AUTH_d8c5e0069fac460689fc06414f238cc2/gnocchi.f08f6324-915b-4918-9ac5-73947eb38c6f/1763640000.0_mean_300.0_v3" 201 - "PUT http://[::1]:8080/v1/AUTH_d8c5e0069fac460689fc06414f238cc2/gnocchi.f08f6324-915b-4918-9ac5-73947eb38c6f/1763640000.0_mean_300.0_v3" "tx1d3081dea0bd49b49cb98-00692c8f95" "proxy-server 92965" 0.0205 "-" 96900 0
Nov 30 13:40:22 np0005540243.novalocal container-server[96607]: ::1 - - [30/Nov/2025:18:40:22 +0000] "PUT /1/134055/AUTH_d8c5e0069fac460689fc06414f238cc2/gnocchi.f08f6324-915b-4918-9ac5-73947eb38c6f/1763640000.0_mean_300.0_v3" 201 - "PUT http://[::1]:8080/3/234918/AUTH_d8c5e0069fac460689fc06414f238cc2/gnocchi.f08f6324-915b-4918-9ac5-73947eb38c6f/1763640000.0_mean_300.0_v3" "tx1d3081dea0bd49b49cb98-00692c8f95" "object-server 96899" 0.0005 "-" 96607 0
Nov 30 13:40:22 np0005540243.novalocal object-server[96899]: ::1 - - [30/Nov/2025:18:40:22 +0000] "PUT /3/234918/AUTH_d8c5e0069fac460689fc06414f238cc2/gnocchi.f08f6324-915b-4918-9ac5-73947eb38c6f/1763640000.0_mean_300.0_v3" 201 - "PUT http://[::1]:8080/v1/AUTH_d8c5e0069fac460689fc06414f238cc2/gnocchi.f08f6324-915b-4918-9ac5-73947eb38c6f/1763640000.0_mean_300.0_v3" "tx1d3081dea0bd49b49cb98-00692c8f95" "proxy-server 92965" 0.0209 "-" 96899 0
Nov 30 13:40:22 np0005540243.novalocal object-server[96899]: ::1 - - [30/Nov/2025:18:40:22 +0000] "PUT /2/20822/AUTH_d8c5e0069fac460689fc06414f238cc2/gnocchi.753ecd46-7d3e-4de3-b956-5597e9ec0fc3/1763640000.0_mean_300.0_v3" 201 - "PUT http://[::1]:8080/v1/AUTH_d8c5e0069fac460689fc06414f238cc2/gnocchi.753ecd46-7d3e-4de3-b956-5597e9ec0fc3/1763640000.0_mean_300.0_v3" "tx920a1ed7834246c9a7966-00692c8f95" "proxy-server 92966" 0.0338 "-" 96899 0
Nov 30 13:40:22 np0005540243.novalocal proxy-server[92966]: ::1 ::1 30/Nov/2025/18/40/22 PUT /v1/AUTH_d8c5e0069fac460689fc06414f238cc2/gnocchi.753ecd46-7d3e-4de3-b956-5597e9ec0fc3/1763640000.0_mean_300.0_v3 HTTP/1.0 201 - python-swiftclient-4.2.0 gAAAAABpLI9eQPaN... 22 - - tx920a1ed7834246c9a7966-00692c8f95 - 0.0434 - - 1764528021.966991663 1764528022.010407209 0
Nov 30 13:40:22 np0005540243.novalocal container-server[96607]: ::1 - - [30/Nov/2025:18:40:22 +0000] "PUT /3/134055/AUTH_d8c5e0069fac460689fc06414f238cc2/gnocchi.f08f6324-915b-4918-9ac5-73947eb38c6f/1763640000.0_mean_300.0_v3" 201 - "PUT http://[::1]:8080/1/234918/AUTH_d8c5e0069fac460689fc06414f238cc2/gnocchi.f08f6324-915b-4918-9ac5-73947eb38c6f/1763640000.0_mean_300.0_v3" "tx1d3081dea0bd49b49cb98-00692c8f95" "object-server 96899" 0.0007 "-" 96607 0
Nov 30 13:40:22 np0005540243.novalocal object-server[96899]: ::1 - - [30/Nov/2025:18:40:22 +0000] "PUT /1/234918/AUTH_d8c5e0069fac460689fc06414f238cc2/gnocchi.f08f6324-915b-4918-9ac5-73947eb38c6f/1763640000.0_mean_300.0_v3" 201 - "PUT http://[::1]:8080/v1/AUTH_d8c5e0069fac460689fc06414f238cc2/gnocchi.f08f6324-915b-4918-9ac5-73947eb38c6f/1763640000.0_mean_300.0_v3" "tx1d3081dea0bd49b49cb98-00692c8f95" "proxy-server 92965" 0.0230 "-" 96899 0
Nov 30 13:40:22 np0005540243.novalocal proxy-server[92965]: ::1 ::1 30/Nov/2025/18/40/22 PUT /v1/AUTH_d8c5e0069fac460689fc06414f238cc2/gnocchi.f08f6324-915b-4918-9ac5-73947eb38c6f/1763640000.0_mean_300.0_v3 HTTP/1.0 201 - python-swiftclient-4.2.0 gAAAAABpLI9luiBC... 23 - - tx1d3081dea0bd49b49cb98-00692c8f95 - 0.0371 - - 1764528021.978624344 1764528022.015697956 0
Nov 30 13:40:22 np0005540243.novalocal NetworkManager[856]: [1764528022.0230] device (qbr94d44bd1-94): bridge port qvb94d44bd1-94 was detached
Nov 30 13:40:22 np0005540243.novalocal NetworkManager[856]: [1764528022.0250] device (qbr94d44bd1-94): state change: activated -> unmanaged (reason 'unmanaged', managed-type: 'removed')
Nov 30 13:40:22 np0005540243.novalocal container-server[96606]: ::1 - - [30/Nov/2025:18:40:22 +0000] "PUT /2/67019/AUTH_d8c5e0069fac460689fc06414f238cc2/gnocchi.753ecd46-7d3e-4de3-b956-5597e9ec0fc3/none_v3" 201 - "PUT http://[::1]:8080/1/157054/AUTH_d8c5e0069fac460689fc06414f238cc2/gnocchi.753ecd46-7d3e-4de3-b956-5597e9ec0fc3/none_v3" "tx14481589e8a547bfa046a-00692c8f96" "object-server 96902" 0.0007 "-" 96606 0
Nov 30 13:40:22 np0005540243.novalocal object-server[96902]: ::1 - - [30/Nov/2025:18:40:22 +0000] "PUT /1/157054/AUTH_d8c5e0069fac460689fc06414f238cc2/gnocchi.753ecd46-7d3e-4de3-b956-5597e9ec0fc3/none_v3" 201 - "PUT http://[::1]:8080/v1/AUTH_d8c5e0069fac460689fc06414f238cc2/gnocchi.753ecd46-7d3e-4de3-b956-5597e9ec0fc3/none_v3" "tx14481589e8a547bfa046a-00692c8f96" "proxy-server 92966" 0.0147 "-" 96902 0
Nov 30 13:40:22 np0005540243.novalocal container-server[96608]: ::1 - - [30/Nov/2025:18:40:22 +0000] "PUT /1/67019/AUTH_d8c5e0069fac460689fc06414f238cc2/gnocchi.753ecd46-7d3e-4de3-b956-5597e9ec0fc3/none_v3" 201 - "PUT http://[::1]:8080/2/157054/AUTH_d8c5e0069fac460689fc06414f238cc2/gnocchi.753ecd46-7d3e-4de3-b956-5597e9ec0fc3/none_v3" "tx14481589e8a547bfa046a-00692c8f96" "object-server 96901" 0.0005 "-" 96608 0
Nov 30 13:40:22 np0005540243.novalocal container-server[96607]: ::1 - - [30/Nov/2025:18:40:22 +0000] "PUT /3/67019/AUTH_d8c5e0069fac460689fc06414f238cc2/gnocchi.753ecd46-7d3e-4de3-b956-5597e9ec0fc3/none_v3" 201 - "PUT http://[::1]:8080/3/157054/AUTH_d8c5e0069fac460689fc06414f238cc2/gnocchi.753ecd46-7d3e-4de3-b956-5597e9ec0fc3/none_v3" "tx14481589e8a547bfa046a-00692c8f96" "object-server 96900" 0.0005 "-" 96607 0
Nov 30 13:40:22 np0005540243.novalocal object-server[96901]: ::1 - - [30/Nov/2025:18:40:22 +0000] "PUT /2/157054/AUTH_d8c5e0069fac460689fc06414f238cc2/gnocchi.753ecd46-7d3e-4de3-b956-5597e9ec0fc3/none_v3" 201 - "PUT http://[::1]:8080/v1/AUTH_d8c5e0069fac460689fc06414f238cc2/gnocchi.753ecd46-7d3e-4de3-b956-5597e9ec0fc3/none_v3" "tx14481589e8a547bfa046a-00692c8f96" "proxy-server 92966" 0.0187 "-" 96901 0
Nov 30 13:40:22 np0005540243.novalocal container-server[96605]: ::1 - - [30/Nov/2025:18:40:22 +0000] "PUT /3/134055/AUTH_d8c5e0069fac460689fc06414f238cc2/gnocchi.f08f6324-915b-4918-9ac5-73947eb38c6f/none_v3" 201 - "PUT http://[::1]:8080/2/62369/AUTH_d8c5e0069fac460689fc06414f238cc2/gnocchi.f08f6324-915b-4918-9ac5-73947eb38c6f/none_v3" "tx9067d9b59c2046d5aaa75-00692c8f96" "object-server 96899" 0.0007 "-" 96605 0
Nov 30 13:40:22 np0005540243.novalocal object-server[96900]: ::1 - - [30/Nov/2025:18:40:22 +0000] "PUT /3/157054/AUTH_d8c5e0069fac460689fc06414f238cc2/gnocchi.753ecd46-7d3e-4de3-b956-5597e9ec0fc3/none_v3" 201 - "PUT http://[::1]:8080/v1/AUTH_d8c5e0069fac460689fc06414f238cc2/gnocchi.753ecd46-7d3e-4de3-b956-5597e9ec0fc3/none_v3" "tx14481589e8a547bfa046a-00692c8f96" "proxy-server 92966" 0.0183 "-" 96900 0
Nov 30 13:40:22 np0005540243.novalocal container-server[96608]: ::1 - - [30/Nov/2025:18:40:22 +0000] "PUT /2/134055/AUTH_d8c5e0069fac460689fc06414f238cc2/gnocchi.f08f6324-915b-4918-9ac5-73947eb38c6f/none_v3" 201 - "PUT http://[::1]:8080/3/62369/AUTH_d8c5e0069fac460689fc06414f238cc2/gnocchi.f08f6324-915b-4918-9ac5-73947eb38c6f/none_v3" "tx9067d9b59c2046d5aaa75-00692c8f96" "object-server 96901" 0.0004 "-" 96608 0
Nov 30 13:40:22 np0005540243.novalocal object-server[96899]: ::1 - - [30/Nov/2025:18:40:22 +0000] "PUT /2/62369/AUTH_d8c5e0069fac460689fc06414f238cc2/gnocchi.f08f6324-915b-4918-9ac5-73947eb38c6f/none_v3" 201 - "PUT http://[::1]:8080/v1/AUTH_d8c5e0069fac460689fc06414f238cc2/gnocchi.f08f6324-915b-4918-9ac5-73947eb38c6f/none_v3" "tx9067d9b59c2046d5aaa75-00692c8f96" "proxy-server 92965" 0.0136 "-" 96899 0
Nov 30 13:40:22 np0005540243.novalocal proxy-server[92966]: ::1 ::1 30/Nov/2025/18/40/22 PUT /v1/AUTH_d8c5e0069fac460689fc06414f238cc2/gnocchi.753ecd46-7d3e-4de3-b956-5597e9ec0fc3/none_v3 HTTP/1.0 201 - python-swiftclient-4.2.0 gAAAAABpLI9eQPaN... 58 - - tx14481589e8a547bfa046a-00692c8f96 - 0.0314 - - 1764528022.012771845 1764528022.044176102 0
Nov 30 13:40:22 np0005540243.novalocal object-server[96901]: ::1 - - [30/Nov/2025:18:40:22 +0000] "PUT /3/62369/AUTH_d8c5e0069fac460689fc06414f238cc2/gnocchi.f08f6324-915b-4918-9ac5-73947eb38c6f/none_v3" 201 - "PUT http://[::1]:8080/v1/AUTH_d8c5e0069fac460689fc06414f238cc2/gnocchi.f08f6324-915b-4918-9ac5-73947eb38c6f/none_v3" "tx9067d9b59c2046d5aaa75-00692c8f96" "proxy-server 92965" 0.0160 "-" 96901 0
Nov 30 13:40:22 np0005540243.novalocal container-server[96608]: ::1 - - [30/Nov/2025:18:40:22 +0000] "PUT /1/134055/AUTH_d8c5e0069fac460689fc06414f238cc2/gnocchi.f08f6324-915b-4918-9ac5-73947eb38c6f/none_v3" 201 - "PUT http://[::1]:8080/1/62369/AUTH_d8c5e0069fac460689fc06414f238cc2/gnocchi.f08f6324-915b-4918-9ac5-73947eb38c6f/none_v3" "tx9067d9b59c2046d5aaa75-00692c8f96" "object-server 96900" 0.0004 "-" 96608 0
Nov 30 13:40:22 np0005540243.novalocal kernel: qvo94d44bd1-94: left promiscuous mode
Nov 30 13:40:22 np0005540243.novalocal object-server[96900]: ::1 - - [30/Nov/2025:18:40:22 +0000] "PUT /1/62369/AUTH_d8c5e0069fac460689fc06414f238cc2/gnocchi.f08f6324-915b-4918-9ac5-73947eb38c6f/none_v3" 201 - "PUT http://[::1]:8080/v1/AUTH_d8c5e0069fac460689fc06414f238cc2/gnocchi.f08f6324-915b-4918-9ac5-73947eb38c6f/none_v3" "tx9067d9b59c2046d5aaa75-00692c8f96" "proxy-server 92965" 0.0182 "-" 96900 0
Nov 30 13:40:22 np0005540243.novalocal proxy-server[92965]: ::1 ::1 30/Nov/2025/18/40/22 PUT /v1/AUTH_d8c5e0069fac460689fc06414f238cc2/gnocchi.f08f6324-915b-4918-9ac5-73947eb38c6f/none_v3 HTTP/1.0 201 - python-swiftclient-4.2.0 gAAAAABpLI9luiBC... 59 - - tx9067d9b59c2046d5aaa75-00692c8f96 - 0.0333 - - 1764528022.018897295 1764528022.052226782 0
Nov 30 13:40:22 np0005540243.novalocal object-server[96899]: ::1 - - [30/Nov/2025:18:40:22 +0000] "GET /3/123285/AUTH_d8c5e0069fac460689fc06414f238cc2/gnocchi.dd1a5807-80b2-4d56-bf22-ba2e54c32d7b/none_v3" 200 46 "GET http://[::1]:8080/v1/AUTH_d8c5e0069fac460689fc06414f238cc2/gnocchi.dd1a5807-80b2-4d56-bf22-ba2e54c32d7b/none_v3" "tx23cb92341d7d43429d536-00692c8f96" "proxy-server 92966" 0.0009 "-" 96899 0
Nov 30 13:40:22 np0005540243.novalocal proxy-server[92966]: ::1 ::1 30/Nov/2025/18/40/22 GET /v1/AUTH_d8c5e0069fac460689fc06414f238cc2/gnocchi.dd1a5807-80b2-4d56-bf22-ba2e54c32d7b/none_v3 HTTP/1.0 200 - python-swiftclient-4.2.0 gAAAAABpLI9eQPaN... - 46 - tx23cb92341d7d43429d536-00692c8f96 - 0.0122 - - 1764528022.063246489 1764528022.075451374 0
Nov 30 13:40:22 np0005540243.novalocal object-server[96900]: ::1 - - [30/Nov/2025:18:40:22 +0000] "GET /2/1094/AUTH_d8c5e0069fac460689fc06414f238cc2/gnocchi.97077a28-e73a-4783-9633-ae4cccd67e3d/none_v3" 200 45 "GET http://[::1]:8080/v1/AUTH_d8c5e0069fac460689fc06414f238cc2/gnocchi.97077a28-e73a-4783-9633-ae4cccd67e3d/none_v3" "txa6231adb4a164876ad7a5-00692c8f96" "proxy-server 92965" 0.0008 "-" 96900 0
Nov 30 13:40:22 np0005540243.novalocal proxy-server[92965]: ::1 ::1 30/Nov/2025/18/40/22 GET /v1/AUTH_d8c5e0069fac460689fc06414f238cc2/gnocchi.97077a28-e73a-4783-9633-ae4cccd67e3d/none_v3 HTTP/1.0 200 - python-swiftclient-4.2.0 gAAAAABpLI9luiBC... - 45 - txa6231adb4a164876ad7a5-00692c8f96 - 0.0144 - - 1764528022.073569775 1764528022.087921143 0
Nov 30 13:40:22 np0005540243.novalocal container-server[96607]: ::1 - - [30/Nov/2025:18:40:22 +0000] "GET /1/202977/AUTH_d8c5e0069fac460689fc06414f238cc2/gnocchi.dd1a5807-80b2-4d56-bf22-ba2e54c32d7b" 200 357 "GET http://[::1]:8080/v1/AUTH_d8c5e0069fac460689fc06414f238cc2/gnocchi.dd1a5807-80b2-4d56-bf22-ba2e54c32d7b?format=json&states=listing" "tx45ff3861dd7547d8869b8-00692c8f96" "proxy-server 92966" 0.0086 "-" 96607 0
Nov 30 13:40:22 np0005540243.novalocal proxy-server[92966]: ::1 ::1 30/Nov/2025/18/40/22 GET /v1/AUTH_d8c5e0069fac460689fc06414f238cc2/gnocchi.dd1a5807-80b2-4d56-bf22-ba2e54c32d7b%3Fformat%3Djson%26states%3Dlisting HTTP/1.0 200 - python-swiftclient-4.2.0 gAAAAABpLI9eQPaN... - 357 - tx45ff3861dd7547d8869b8-00692c8f96 - 0.0198 - - 1764528022.078409910 1764528022.098204374 0
Nov 30 13:40:22 np0005540243.novalocal container-server[96607]: ::1 - - [30/Nov/2025:18:40:22 +0000] "GET /3/38936/AUTH_d8c5e0069fac460689fc06414f238cc2/gnocchi.97077a28-e73a-4783-9633-ae4cccd67e3d" 200 357 "GET http://[::1]:8080/v1/AUTH_d8c5e0069fac460689fc06414f238cc2/gnocchi.97077a28-e73a-4783-9633-ae4cccd67e3d?format=json&states=listing" "txb18d538d38d84a4b83e58-00692c8f96" "proxy-server 92965" 0.0097 "-" 96607 0
Nov 30 13:40:22 np0005540243.novalocal proxy-server[92965]: ::1 ::1 30/Nov/2025/18/40/22 GET /v1/AUTH_d8c5e0069fac460689fc06414f238cc2/gnocchi.97077a28-e73a-4783-9633-ae4cccd67e3d%3Fformat%3Djson%26states%3Dlisting HTTP/1.0 200 - python-swiftclient-4.2.0 gAAAAABpLI9luiBC... - 357 - txb18d538d38d84a4b83e58-00692c8f96 - 0.0179 - - 1764528022.091469288 1764528022.109357357 0
Nov 30 13:40:22 np0005540243.novalocal container-server[96608]: ::1 - - [30/Nov/2025:18:40:22 +0000] "GET /1/202977/AUTH_d8c5e0069fac460689fc06414f238cc2/gnocchi.dd1a5807-80b2-4d56-bf22-ba2e54c32d7b" 200 2 "GET http://[::1]:8080/v1/AUTH_d8c5e0069fac460689fc06414f238cc2/gnocchi.dd1a5807-80b2-4d56-bf22-ba2e54c32d7b?format=json&marker=none_v3&states=listing" "tx3758140c0ca94efa8437a-00692c8f96" "proxy-server 92966" 0.0028 "-" 96608 0
Nov 30 13:40:22 np0005540243.novalocal proxy-server[92966]: ::1 ::1 30/Nov/2025/18/40/22 GET /v1/AUTH_d8c5e0069fac460689fc06414f238cc2/gnocchi.dd1a5807-80b2-4d56-bf22-ba2e54c32d7b%3Fformat%3Djson%26marker%3Dnone_v3%26states%3Dlisting HTTP/1.0 200 - python-swiftclient-4.2.0 gAAAAABpLI9eQPaN... - 2 - tx3758140c0ca94efa8437a-00692c8f96 - 0.0138 - - 1764528022.103325129 1764528022.117150307 0
Nov 30 13:40:22 np0005540243.novalocal object-server[96900]: ::1 - - [30/Nov/2025:18:40:22 +0000] "GET /3/49582/AUTH_d8c5e0069fac460689fc06414f238cc2/gnocchi.dd1a5807-80b2-4d56-bf22-ba2e54c32d7b/1763640000.0_mean_300.0_v3" 200 23 "GET http://[::1]:8080/v1/AUTH_d8c5e0069fac460689fc06414f238cc2/gnocchi.dd1a5807-80b2-4d56-bf22-ba2e54c32d7b/1763640000.0_mean_300.0_v3" "tx08b64b5bc3b3435cb711d-00692c8f96" "proxy-server 92966" 0.0010 "-" 96900 0
Nov 30 13:40:22 np0005540243.novalocal container-server[96606]: ::1 - - [30/Nov/2025:18:40:22 +0000] "GET /2/38936/AUTH_d8c5e0069fac460689fc06414f238cc2/gnocchi.97077a28-e73a-4783-9633-ae4cccd67e3d" 200 2 "GET http://[::1]:8080/v1/AUTH_d8c5e0069fac460689fc06414f238cc2/gnocchi.97077a28-e73a-4783-9633-ae4cccd67e3d?format=json&marker=none_v3&states=listing" "txfb1607ccc0374d4184465-00692c8f96" "proxy-server 92965" 0.0083 "-" 96606 0
Nov 30 13:40:22 np0005540243.novalocal proxy-server[92965]: ::1 ::1 30/Nov/2025/18/40/22 GET /v1/AUTH_d8c5e0069fac460689fc06414f238cc2/gnocchi.97077a28-e73a-4783-9633-ae4cccd67e3d%3Fformat%3Djson%26marker%3Dnone_v3%26states%3Dlisting HTTP/1.0 200 - python-swiftclient-4.2.0 gAAAAABpLI9luiBC... - 2 - txfb1607ccc0374d4184465-00692c8f96 - 0.0171 - - 1764528022.111659050 1764528022.128762960 0
Nov 30 13:40:22 np0005540243.novalocal proxy-server[92966]: ::1 ::1 30/Nov/2025/18/40/22 GET /v1/AUTH_d8c5e0069fac460689fc06414f238cc2/gnocchi.dd1a5807-80b2-4d56-bf22-ba2e54c32d7b/1763640000.0_mean_300.0_v3 HTTP/1.0 200 - python-swiftclient-4.2.0 gAAAAABpLI9eQPaN... - 23 - tx08b64b5bc3b3435cb711d-00692c8f96 - 0.0116 - - 1764528022.120794773 1764528022.132427931 0
Nov 30 13:40:22 np0005540243.novalocal object-server[96901]: ::1 - - [30/Nov/2025:18:40:22 +0000] "GET /2/195089/AUTH_d8c5e0069fac460689fc06414f238cc2/gnocchi.97077a28-e73a-4783-9633-ae4cccd67e3d/1763640000.0_mean_300.0_v3" 200 18 "GET http://[::1]:8080/v1/AUTH_d8c5e0069fac460689fc06414f238cc2/gnocchi.97077a28-e73a-4783-9633-ae4cccd67e3d/1763640000.0_mean_300.0_v3" "tx814557aa67384ffd85895-00692c8f96" "proxy-server 92965" 0.0008 "-" 96901 0
Nov 30 13:40:22 np0005540243.novalocal proxy-server[92965]: ::1 ::1 30/Nov/2025/18/40/22 GET /v1/AUTH_d8c5e0069fac460689fc06414f238cc2/gnocchi.97077a28-e73a-4783-9633-ae4cccd67e3d/1763640000.0_mean_300.0_v3 HTTP/1.0 200 - python-swiftclient-4.2.0 gAAAAABpLI9luiBC... - 18 - tx814557aa67384ffd85895-00692c8f96 - 0.0085 - - 1764528022.131570578 1764528022.140073061 0
Nov 30 13:40:22 np0005540243.novalocal container-server[96608]: ::1 - - [30/Nov/2025:18:40:22 +0000] "PUT /2/202977/AUTH_d8c5e0069fac460689fc06414f238cc2/gnocchi.dd1a5807-80b2-4d56-bf22-ba2e54c32d7b/1763640000.0_mean_300.0_v3" 201 - "PUT http://[::1]:8080/2/49582/AUTH_d8c5e0069fac460689fc06414f238cc2/gnocchi.dd1a5807-80b2-4d56-bf22-ba2e54c32d7b/1763640000.0_mean_300.0_v3" "tx143a3383f1204d61af36d-00692c8f96" "object-server 96902" 0.0005 "-" 96608 0
Nov 30 13:40:22 np0005540243.novalocal object-server[96902]: ::1 - - [30/Nov/2025:18:40:22 +0000] "PUT /2/49582/AUTH_d8c5e0069fac460689fc06414f238cc2/gnocchi.dd1a5807-80b2-4d56-bf22-ba2e54c32d7b/1763640000.0_mean_300.0_v3" 201 - "PUT http://[::1]:8080/v1/AUTH_d8c5e0069fac460689fc06414f238cc2/gnocchi.dd1a5807-80b2-4d56-bf22-ba2e54c32d7b/1763640000.0_mean_300.0_v3" "tx143a3383f1204d61af36d-00692c8f96" "proxy-server 92966" 0.0115 "-" 96902 0
Nov 30 13:40:22 np0005540243.novalocal container-server[96606]: ::1 - - [30/Nov/2025:18:40:22 +0000] "PUT /1/202977/AUTH_d8c5e0069fac460689fc06414f238cc2/gnocchi.dd1a5807-80b2-4d56-bf22-ba2e54c32d7b/1763640000.0_mean_300.0_v3" 201 - "PUT http://[::1]:8080/3/49582/AUTH_d8c5e0069fac460689fc06414f238cc2/gnocchi.dd1a5807-80b2-4d56-bf22-ba2e54c32d7b/1763640000.0_mean_300.0_v3" "tx143a3383f1204d61af36d-00692c8f96" "object-server 96899" 0.0006 "-" 96606 0
Nov 30 13:40:22 np0005540243.novalocal object-server[96899]: ::1 - - [30/Nov/2025:18:40:22 +0000] "PUT /3/49582/AUTH_d8c5e0069fac460689fc06414f238cc2/gnocchi.dd1a5807-80b2-4d56-bf22-ba2e54c32d7b/1763640000.0_mean_300.0_v3" 201 - "PUT http://[::1]:8080/v1/AUTH_d8c5e0069fac460689fc06414f238cc2/gnocchi.dd1a5807-80b2-4d56-bf22-ba2e54c32d7b/1763640000.0_mean_300.0_v3" "tx143a3383f1204d61af36d-00692c8f96" "proxy-server 92966" 0.0134 "-" 96899 0
Nov 30 13:40:22 np0005540243.novalocal container-server[96607]: ::1 - - [30/Nov/2025:18:40:22 +0000] "PUT /3/202977/AUTH_d8c5e0069fac460689fc06414f238cc2/gnocchi.dd1a5807-80b2-4d56-bf22-ba2e54c32d7b/1763640000.0_mean_300.0_v3" 201 - "PUT http://[::1]:8080/1/49582/AUTH_d8c5e0069fac460689fc06414f238cc2/gnocchi.dd1a5807-80b2-4d56-bf22-ba2e54c32d7b/1763640000.0_mean_300.0_v3" "tx143a3383f1204d61af36d-00692c8f96" "object-server 96899" 0.0008 "-" 96607 0
Nov 30 13:40:22 np0005540243.novalocal object-server[96899]: ::1 - - [30/Nov/2025:18:40:22 +0000] "PUT /1/49582/AUTH_d8c5e0069fac460689fc06414f238cc2/gnocchi.dd1a5807-80b2-4d56-bf22-ba2e54c32d7b/1763640000.0_mean_300.0_v3" 201 - "PUT http://[::1]:8080/v1/AUTH_d8c5e0069fac460689fc06414f238cc2/gnocchi.dd1a5807-80b2-4d56-bf22-ba2e54c32d7b/1763640000.0_mean_300.0_v3" "tx143a3383f1204d61af36d-00692c8f96" "proxy-server 92966" 0.0125 "-" 96899 0
Nov 30 13:40:22 np0005540243.novalocal proxy-server[92966]: ::1 ::1 30/Nov/2025/18/40/22 PUT /v1/AUTH_d8c5e0069fac460689fc06414f238cc2/gnocchi.dd1a5807-80b2-4d56-bf22-ba2e54c32d7b/1763640000.0_mean_300.0_v3 HTTP/1.0 201 - python-swiftclient-4.2.0 gAAAAABpLI9eQPaN... 23 - - tx143a3383f1204d61af36d-00692c8f96 - 0.0220 - - 1764528022.136456966 1764528022.158502579 0
Nov 30 13:40:22 np0005540243.novalocal container-server[96606]: ::1 - - [30/Nov/2025:18:40:22 +0000] "PUT /1/38936/AUTH_d8c5e0069fac460689fc06414f238cc2/gnocchi.97077a28-e73a-4783-9633-ae4cccd67e3d/1763640000.0_mean_300.0_v3" 201 - "PUT http://[::1]:8080/3/195089/AUTH_d8c5e0069fac460689fc06414f238cc2/gnocchi.97077a28-e73a-4783-9633-ae4cccd67e3d/1763640000.0_mean_300.0_v3" "txe6b7de14502f497baf1bb-00692c8f96" "object-server 96900" 0.0004 "-" 96606 0
Nov 30 13:40:22 np0005540243.novalocal object-server[96900]: ::1 - - [30/Nov/2025:18:40:22 +0000] "PUT /3/195089/AUTH_d8c5e0069fac460689fc06414f238cc2/gnocchi.97077a28-e73a-4783-9633-ae4cccd67e3d/1763640000.0_mean_300.0_v3" 201 - "PUT http://[::1]:8080/v1/AUTH_d8c5e0069fac460689fc06414f238cc2/gnocchi.97077a28-e73a-4783-9633-ae4cccd67e3d/1763640000.0_mean_300.0_v3" "txe6b7de14502f497baf1bb-00692c8f96" "proxy-server 92965" 0.0102 "-" 96900 0
Nov 30 13:40:22 np0005540243.novalocal container-server[96607]: ::1 - - [30/Nov/2025:18:40:22 +0000] "PUT /3/38936/AUTH_d8c5e0069fac460689fc06414f238cc2/gnocchi.97077a28-e73a-4783-9633-ae4cccd67e3d/1763640000.0_mean_300.0_v3" 201 - "PUT http://[::1]:8080/1/195089/AUTH_d8c5e0069fac460689fc06414f238cc2/gnocchi.97077a28-e73a-4783-9633-ae4cccd67e3d/1763640000.0_mean_300.0_v3" "txe6b7de14502f497baf1bb-00692c8f96" "object-server 96899" 0.0009 "-" 96607 0
Nov 30 13:40:22 np0005540243.novalocal container-server[96606]: ::1 - - [30/Nov/2025:18:40:22 +0000] "PUT /2/38936/AUTH_d8c5e0069fac460689fc06414f238cc2/gnocchi.97077a28-e73a-4783-9633-ae4cccd67e3d/1763640000.0_mean_300.0_v3" 201 - "PUT http://[::1]:8080/2/195089/AUTH_d8c5e0069fac460689fc06414f238cc2/gnocchi.97077a28-e73a-4783-9633-ae4cccd67e3d/1763640000.0_mean_300.0_v3" "txe6b7de14502f497baf1bb-00692c8f96" "object-server 96899" 0.0008 "-" 96606 0
Nov 30 13:40:22 np0005540243.novalocal object-server[96899]: ::1 - - [30/Nov/2025:18:40:22 +0000] "PUT /2/195089/AUTH_d8c5e0069fac460689fc06414f238cc2/gnocchi.97077a28-e73a-4783-9633-ae4cccd67e3d/1763640000.0_mean_300.0_v3" 201 - "PUT http://[::1]:8080/v1/AUTH_d8c5e0069fac460689fc06414f238cc2/gnocchi.97077a28-e73a-4783-9633-ae4cccd67e3d/1763640000.0_mean_300.0_v3" "txe6b7de14502f497baf1bb-00692c8f96" "proxy-server 92965" 0.0138 "-" 96899 0
Nov 30 13:40:22 np0005540243.novalocal object-server[96899]: ::1 - - [30/Nov/2025:18:40:22 +0000] "PUT /1/195089/AUTH_d8c5e0069fac460689fc06414f238cc2/gnocchi.97077a28-e73a-4783-9633-ae4cccd67e3d/1763640000.0_mean_300.0_v3" 201 - "PUT http://[::1]:8080/v1/AUTH_d8c5e0069fac460689fc06414f238cc2/gnocchi.97077a28-e73a-4783-9633-ae4cccd67e3d/1763640000.0_mean_300.0_v3" "txe6b7de14502f497baf1bb-00692c8f96" "proxy-server 92965" 0.0163 "-" 96899 0
Nov 30 13:40:22 np0005540243.novalocal proxy-server[92965]: ::1 ::1 30/Nov/2025/18/40/22 PUT /v1/AUTH_d8c5e0069fac460689fc06414f238cc2/gnocchi.97077a28-e73a-4783-9633-ae4cccd67e3d/1763640000.0_mean_300.0_v3 HTTP/1.0 201 - python-swiftclient-4.2.0 gAAAAABpLI9luiBC... 18 - - txe6b7de14502f497baf1bb-00692c8f96 - 0.0253 - - 1764528022.143375158 1764528022.168707371 0
Nov 30 13:40:22 np0005540243.novalocal container-server[96605]: ::1 - - [30/Nov/2025:18:40:22 +0000] "PUT /2/202977/AUTH_d8c5e0069fac460689fc06414f238cc2/gnocchi.dd1a5807-80b2-4d56-bf22-ba2e54c32d7b/none_v3" 201 - "PUT http://[::1]:8080/1/123285/AUTH_d8c5e0069fac460689fc06414f238cc2/gnocchi.dd1a5807-80b2-4d56-bf22-ba2e54c32d7b/none_v3" "tx85df263951614613890be-00692c8f96" "object-server 96901" 0.0006 "-" 96605 0
Nov 30 13:40:22 np0005540243.novalocal container-server[96605]: ::1 - - [30/Nov/2025:18:40:22 +0000] "PUT /1/202977/AUTH_d8c5e0069fac460689fc06414f238cc2/gnocchi.dd1a5807-80b2-4d56-bf22-ba2e54c32d7b/none_v3" 201 - "PUT http://[::1]:8080/3/123285/AUTH_d8c5e0069fac460689fc06414f238cc2/gnocchi.dd1a5807-80b2-4d56-bf22-ba2e54c32d7b/none_v3" "tx85df263951614613890be-00692c8f96" "object-server 96902" 0.0004 "-" 96605 0
Nov 30 13:40:22 np0005540243.novalocal object-server[96901]: ::1 - - [30/Nov/2025:18:40:22 +0000] "PUT /1/123285/AUTH_d8c5e0069fac460689fc06414f238cc2/gnocchi.dd1a5807-80b2-4d56-bf22-ba2e54c32d7b/none_v3" 201 - "PUT http://[::1]:8080/v1/AUTH_d8c5e0069fac460689fc06414f238cc2/gnocchi.dd1a5807-80b2-4d56-bf22-ba2e54c32d7b/none_v3" "tx85df263951614613890be-00692c8f96" "proxy-server 92966" 0.0136 "-" 96901 0
Nov 30 13:40:22 np0005540243.novalocal object-server[96902]: ::1 - - [30/Nov/2025:18:40:22 +0000] "PUT /3/123285/AUTH_d8c5e0069fac460689fc06414f238cc2/gnocchi.dd1a5807-80b2-4d56-bf22-ba2e54c32d7b/none_v3" 201 - "PUT http://[::1]:8080/v1/AUTH_d8c5e0069fac460689fc06414f238cc2/gnocchi.dd1a5807-80b2-4d56-bf22-ba2e54c32d7b/none_v3" "tx85df263951614613890be-00692c8f96" "proxy-server 92966" 0.0132 "-" 96902 0
Nov 30 13:40:22 np0005540243.novalocal container-server[96607]: ::1 - - [30/Nov/2025:18:40:22 +0000] "PUT /3/202977/AUTH_d8c5e0069fac460689fc06414f238cc2/gnocchi.dd1a5807-80b2-4d56-bf22-ba2e54c32d7b/none_v3" 201 - "PUT http://[::1]:8080/2/123285/AUTH_d8c5e0069fac460689fc06414f238cc2/gnocchi.dd1a5807-80b2-4d56-bf22-ba2e54c32d7b/none_v3" "tx85df263951614613890be-00692c8f96" "object-server 96902" 0.0008 "-" 96607 0
Nov 30 13:40:22 np0005540243.novalocal object-server[96902]: ::1 - - [30/Nov/2025:18:40:22 +0000] "PUT /2/123285/AUTH_d8c5e0069fac460689fc06414f238cc2/gnocchi.dd1a5807-80b2-4d56-bf22-ba2e54c32d7b/none_v3" 201 - "PUT http://[::1]:8080/v1/AUTH_d8c5e0069fac460689fc06414f238cc2/gnocchi.dd1a5807-80b2-4d56-bf22-ba2e54c32d7b/none_v3" "tx85df263951614613890be-00692c8f96" "proxy-server 92966" 0.0175 "-" 96902 0
Nov 30 13:40:22 np0005540243.novalocal proxy-server[92966]: ::1 ::1 30/Nov/2025/18/40/22 PUT /v1/AUTH_d8c5e0069fac460689fc06414f238cc2/gnocchi.dd1a5807-80b2-4d56-bf22-ba2e54c32d7b/none_v3 HTTP/1.0 201 - python-swiftclient-4.2.0 gAAAAABpLI9eQPaN... 59 - - tx85df263951614613890be-00692c8f96 - 0.0293 - - 1764528022.162255287 1764528022.191543818 0
Nov 30 13:40:22 np0005540243.novalocal container-server[96606]: ::1 - - [30/Nov/2025:18:40:22 +0000] "PUT /1/38936/AUTH_d8c5e0069fac460689fc06414f238cc2/gnocchi.97077a28-e73a-4783-9633-ae4cccd67e3d/none_v3" 201 - "PUT http://[::1]:8080/1/1094/AUTH_d8c5e0069fac460689fc06414f238cc2/gnocchi.97077a28-e73a-4783-9633-ae4cccd67e3d/none_v3" "txcc0fc2b13cd7432a8678c-00692c8f96" "object-server 96900" 0.0008 "-" 96606 0
Nov 30 13:40:22 np0005540243.novalocal container-server[96605]: ::1 - - [30/Nov/2025:18:40:22 +0000] "PUT /2/38936/AUTH_d8c5e0069fac460689fc06414f238cc2/gnocchi.97077a28-e73a-4783-9633-ae4cccd67e3d/none_v3" 201 - "PUT http://[::1]:8080/2/1094/AUTH_d8c5e0069fac460689fc06414f238cc2/gnocchi.97077a28-e73a-4783-9633-ae4cccd67e3d/none_v3" "txcc0fc2b13cd7432a8678c-00692c8f96" "object-server 96902" 0.0004 "-" 96605 0
Nov 30 13:40:22 np0005540243.novalocal object-server[96900]: ::1 - - [30/Nov/2025:18:40:22 +0000] "PUT /1/1094/AUTH_d8c5e0069fac460689fc06414f238cc2/gnocchi.97077a28-e73a-4783-9633-ae4cccd67e3d/none_v3" 201 - "PUT http://[::1]:8080/v1/AUTH_d8c5e0069fac460689fc06414f238cc2/gnocchi.97077a28-e73a-4783-9633-ae4cccd67e3d/none_v3" "txcc0fc2b13cd7432a8678c-00692c8f96" "proxy-server 92965" 0.0130 "-" 96900 0
Nov 30 13:40:22 np0005540243.novalocal container-server[96607]: ::1 - - [30/Nov/2025:18:40:22 +0000] "PUT /3/38936/AUTH_d8c5e0069fac460689fc06414f238cc2/gnocchi.97077a28-e73a-4783-9633-ae4cccd67e3d/none_v3" 201 - "PUT http://[::1]:8080/3/1094/AUTH_d8c5e0069fac460689fc06414f238cc2/gnocchi.97077a28-e73a-4783-9633-ae4cccd67e3d/none_v3" "txcc0fc2b13cd7432a8678c-00692c8f96" "object-server 96900" 0.0008 "-" 96607 0
Nov 30 13:40:22 np0005540243.novalocal object-server[96902]: ::1 - - [30/Nov/2025:18:40:22 +0000] "PUT /2/1094/AUTH_d8c5e0069fac460689fc06414f238cc2/gnocchi.97077a28-e73a-4783-9633-ae4cccd67e3d/none_v3" 201 - "PUT http://[::1]:8080/v1/AUTH_d8c5e0069fac460689fc06414f238cc2/gnocchi.97077a28-e73a-4783-9633-ae4cccd67e3d/none_v3" "txcc0fc2b13cd7432a8678c-00692c8f96" "proxy-server 92965" 0.0126 "-" 96902 0
Nov 30 13:40:22 np0005540243.novalocal object-server[96900]: ::1 - - [30/Nov/2025:18:40:22 +0000] "PUT /3/1094/AUTH_d8c5e0069fac460689fc06414f238cc2/gnocchi.97077a28-e73a-4783-9633-ae4cccd67e3d/none_v3" 201 - "PUT http://[::1]:8080/v1/AUTH_d8c5e0069fac460689fc06414f238cc2/gnocchi.97077a28-e73a-4783-9633-ae4cccd67e3d/none_v3" "txcc0fc2b13cd7432a8678c-00692c8f96" "proxy-server 92965" 0.0127 "-" 96900 0
Nov 30 13:40:22 np0005540243.novalocal proxy-server[92965]: ::1 ::1 30/Nov/2025/18/40/22 PUT /v1/AUTH_d8c5e0069fac460689fc06414f238cc2/gnocchi.97077a28-e73a-4783-9633-ae4cccd67e3d/none_v3 HTTP/1.0 201 - python-swiftclient-4.2.0 gAAAAABpLI9luiBC... 51 - - txcc0fc2b13cd7432a8678c-00692c8f96 - 0.0247 - - 1764528022.172693729 1764528022.197376251 0
Nov 30 13:40:22 np0005540243.novalocal sudo[104350]: neutron : PWD=/ ; USER=root ; COMMAND=/usr/bin/neutron-rootwrap /etc/neutron/rootwrap.conf privsep-helper --config-file /usr/share/neutron/neutron-dist.conf --config-file /etc/neutron/neutron.conf --config-file /etc/neutron/dhcp_agent.ini --config-dir /etc/neutron/conf.d/neutron-dhcp-agent --privsep_context neutron.privileged.dhcp_release_cmd --privsep_sock_path /tmp/tmpomkd1xjy/privsep.sock
Nov 30 13:40:22 np0005540243.novalocal systemd[1]: Started Session c147 of User root.
Nov 30 13:40:22 np0005540243.novalocal sudo[104350]: pam_unix(sudo:session): session opened for user root(uid=0) by (uid=981)
Nov 30 13:40:22 np0005540243.novalocal object-server[96901]: ::1 - - [30/Nov/2025:18:40:22 +0000] "GET /2/157054/AUTH_d8c5e0069fac460689fc06414f238cc2/gnocchi.753ecd46-7d3e-4de3-b956-5597e9ec0fc3/none_v3" 200 58 "GET http://[::1]:8080/v1/AUTH_d8c5e0069fac460689fc06414f238cc2/gnocchi.753ecd46-7d3e-4de3-b956-5597e9ec0fc3/none_v3" "tx6806ebe3284847b69c46c-00692c8f96" "proxy-server 92966" 0.0008 "-" 96901 0
Nov 30 13:40:22 np0005540243.novalocal proxy-server[92966]: ::1 ::1 30/Nov/2025/18/40/22 GET /v1/AUTH_d8c5e0069fac460689fc06414f238cc2/gnocchi.753ecd46-7d3e-4de3-b956-5597e9ec0fc3/none_v3 HTTP/1.0 200 - python-swiftclient-4.2.0 gAAAAABpLI9eQPaN... - 58 - tx6806ebe3284847b69c46c-00692c8f96 - 0.0057 - - 1764528022.859405518 1764528022.865098476 0
Nov 30 13:40:22 np0005540243.novalocal container-server[96605]: ::1 - - [30/Nov/2025:18:40:22 +0000] "GET /3/67019/AUTH_d8c5e0069fac460689fc06414f238cc2/gnocchi.753ecd46-7d3e-4de3-b956-5597e9ec0fc3" 200 357 "GET http://[::1]:8080/v1/AUTH_d8c5e0069fac460689fc06414f238cc2/gnocchi.753ecd46-7d3e-4de3-b956-5597e9ec0fc3?format=json&states=listing" "txdcf8251ef4194ad4b8e9d-00692c8f96" "proxy-server 92966" 0.0067 "-" 96605 0
Nov 30 13:40:22 np0005540243.novalocal proxy-server[92966]: ::1 ::1 30/Nov/2025/18/40/22 GET /v1/AUTH_d8c5e0069fac460689fc06414f238cc2/gnocchi.753ecd46-7d3e-4de3-b956-5597e9ec0fc3%3Fformat%3Djson%26states%3Dlisting HTTP/1.0 200 - python-swiftclient-4.2.0 gAAAAABpLI9eQPaN... - 357 - txdcf8251ef4194ad4b8e9d-00692c8f96 - 0.0121 - - 1764528022.867844820 1764528022.879957438 0
Nov 30 13:40:22 np0005540243.novalocal container-server[96605]: ::1 - - [30/Nov/2025:18:40:22 +0000] "GET /2/67019/AUTH_d8c5e0069fac460689fc06414f238cc2/gnocchi.753ecd46-7d3e-4de3-b956-5597e9ec0fc3" 200 2 "GET http://[::1]:8080/v1/AUTH_d8c5e0069fac460689fc06414f238cc2/gnocchi.753ecd46-7d3e-4de3-b956-5597e9ec0fc3?format=json&marker=none_v3&states=listing" "txb483c6d186464709aff79-00692c8f96" "proxy-server 92966" 0.0057 "-" 96605 0
Nov 30 13:40:22 np0005540243.novalocal proxy-server[92966]: ::1 ::1 30/Nov/2025/18/40/22 GET /v1/AUTH_d8c5e0069fac460689fc06414f238cc2/gnocchi.753ecd46-7d3e-4de3-b956-5597e9ec0fc3%3Fformat%3Djson%26marker%3Dnone_v3%26states%3Dlisting HTTP/1.0 200 - python-swiftclient-4.2.0 gAAAAABpLI9eQPaN... - 2 - txb483c6d186464709aff79-00692c8f96 - 0.0109 - - 1764528022.882358551 1764528022.893291473 0
Nov 30 13:40:22 np0005540243.novalocal object-server[96902]: ::1 - - [30/Nov/2025:18:40:22 +0000] "GET /1/20822/AUTH_d8c5e0069fac460689fc06414f238cc2/gnocchi.753ecd46-7d3e-4de3-b956-5597e9ec0fc3/1763640000.0_mean_300.0_v3" 200 22 "GET http://[::1]:8080/v1/AUTH_d8c5e0069fac460689fc06414f238cc2/gnocchi.753ecd46-7d3e-4de3-b956-5597e9ec0fc3/1763640000.0_mean_300.0_v3" "txa230aabf786544e4b13c6-00692c8f96" "proxy-server 92966" 0.0008 "-" 96902 0
Nov 30 13:40:22 np0005540243.novalocal proxy-server[92966]: ::1 ::1 30/Nov/2025/18/40/22 GET /v1/AUTH_d8c5e0069fac460689fc06414f238cc2/gnocchi.753ecd46-7d3e-4de3-b956-5597e9ec0fc3/1763640000.0_mean_300.0_v3 HTTP/1.0 200 - python-swiftclient-4.2.0 gAAAAABpLI9eQPaN... - 22 - txa230aabf786544e4b13c6-00692c8f96 - 0.0131 - - 1764528022.896055222 1764528022.909177542 0
Nov 30 13:40:22 np0005540243.novalocal object-server[96900]: ::1 - - [30/Nov/2025:18:40:22 +0000] "GET /3/1094/AUTH_d8c5e0069fac460689fc06414f238cc2/gnocchi.97077a28-e73a-4783-9633-ae4cccd67e3d/none_v3" 200 51 "GET http://[::1]:8080/v1/AUTH_d8c5e0069fac460689fc06414f238cc2/gnocchi.97077a28-e73a-4783-9633-ae4cccd67e3d/none_v3" "txc58e990f77b945d28b397-00692c8f96" "proxy-server 92965" 0.0008 "-" 96900 0
Nov 30 13:40:22 np0005540243.novalocal proxy-server[92965]: ::1 ::1 30/Nov/2025/18/40/22 GET /v1/AUTH_d8c5e0069fac460689fc06414f238cc2/gnocchi.97077a28-e73a-4783-9633-ae4cccd67e3d/none_v3 HTTP/1.0 200 - python-swiftclient-4.2.0 gAAAAABpLI9luiBC... - 51 - txc58e990f77b945d28b397-00692c8f96 - 0.0064 - - 1764528022.905425072 1764528022.911869287 0
Nov 30 13:40:22 np0005540243.novalocal container-server[96607]: ::1 - - [30/Nov/2025:18:40:22 +0000] "GET /1/38936/AUTH_d8c5e0069fac460689fc06414f238cc2/gnocchi.97077a28-e73a-4783-9633-ae4cccd67e3d" 200 357 "GET http://[::1]:8080/v1/AUTH_d8c5e0069fac460689fc06414f238cc2/gnocchi.97077a28-e73a-4783-9633-ae4cccd67e3d?format=json&states=listing" "tx526f5487b9ae43b5b7c71-00692c8f96" "proxy-server 92965" 0.0075 "-" 96607 0
Nov 30 13:40:22 np0005540243.novalocal proxy-server[92965]: ::1 ::1 30/Nov/2025/18/40/22 GET /v1/AUTH_d8c5e0069fac460689fc06414f238cc2/gnocchi.97077a28-e73a-4783-9633-ae4cccd67e3d%3Fformat%3Djson%26states%3Dlisting HTTP/1.0 200 - python-swiftclient-4.2.0 gAAAAABpLI9luiBC... - 357 - tx526f5487b9ae43b5b7c71-00692c8f96 - 0.0123 - - 1764528022.915226460 1764528022.927507162 0
