Nov 30 13:41:26 np0005540243.novalocal object-server[96902]: ::1 - - [30/Nov/2025:18:41:26 +0000] "PUT /2/204728/AUTH_d8c5e0069fac460689fc06414f238cc2/gnocchi.25f2c51a-7221-40ce-90b8-2f6501028393/1763640000.0_mean_300.0_v3" 201 - "PUT http://[::1]:8080/v1/AUTH_d8c5e0069fac460689fc06414f238cc2/gnocchi.25f2c51a-7221-40ce-90b8-2f6501028393/1763640000.0_mean_300.0_v3" "txa52a619fda5440ca897cb-00692c8fd6" "proxy-server 92966" 0.0201 "-" 96902 0
Nov 30 13:41:26 np0005540243.novalocal proxy-server[92966]: ::1 ::1 30/Nov/2025/18/41/26 PUT /v1/AUTH_d8c5e0069fac460689fc06414f238cc2/gnocchi.25f2c51a-7221-40ce-90b8-2f6501028393/1763640000.0_mean_300.0_v3 HTTP/1.0 201 - python-swiftclient-4.2.0 gAAAAABpLI9eQPaN... 16 - - txa52a619fda5440ca897cb-00692c8fd6 - 0.0281 - - 1764528086.917631388 1764528086.945741892 0
Nov 30 13:41:26 np0005540243.novalocal container-server[96608]: ::1 - - [30/Nov/2025:18:41:26 +0000] "PUT /2/51984/AUTH_d8c5e0069fac460689fc06414f238cc2/gnocchi.25f2c51a-7221-40ce-90b8-2f6501028393/none_v3" 201 - "PUT http://[::1]:8080/1/203298/AUTH_d8c5e0069fac460689fc06414f238cc2/gnocchi.25f2c51a-7221-40ce-90b8-2f6501028393/none_v3" "txa2937b19d2f843f394ea4-00692c8fd6" "object-server 96902" 0.0004 "-" 96608 0
Nov 30 13:41:26 np0005540243.novalocal container-server[96606]: ::1 - - [30/Nov/2025:18:41:26 +0000] "PUT /3/138793/AUTH_d8c5e0069fac460689fc06414f238cc2/gnocchi.1267bdb5-27b8-4cfe-aff6-5e6a21640663/none_v3" 201 - "PUT http://[::1]:8080/3/167796/AUTH_d8c5e0069fac460689fc06414f238cc2/gnocchi.1267bdb5-27b8-4cfe-aff6-5e6a21640663/none_v3" "tx8f76739eb8274dbc97b25-00692c8fd6" "object-server 96901" 0.0004 "-" 96606 0
Nov 30 13:41:26 np0005540243.novalocal container-server[96607]: ::1 - - [30/Nov/2025:18:41:26 +0000] "PUT /3/51984/AUTH_d8c5e0069fac460689fc06414f238cc2/gnocchi.25f2c51a-7221-40ce-90b8-2f6501028393/none_v3" 201 - "PUT http://[::1]:8080/3/203298/AUTH_d8c5e0069fac460689fc06414f238cc2/gnocchi.25f2c51a-7221-40ce-90b8-2f6501028393/none_v3" "txa2937b19d2f843f394ea4-00692c8fd6" "object-server 96900" 0.0006 "-" 96607 0
Nov 30 13:41:26 np0005540243.novalocal object-server[96902]: ::1 - - [30/Nov/2025:18:41:26 +0000] "PUT /1/203298/AUTH_d8c5e0069fac460689fc06414f238cc2/gnocchi.25f2c51a-7221-40ce-90b8-2f6501028393/none_v3" 201 - "PUT http://[::1]:8080/v1/AUTH_d8c5e0069fac460689fc06414f238cc2/gnocchi.25f2c51a-7221-40ce-90b8-2f6501028393/none_v3" "txa2937b19d2f843f394ea4-00692c8fd6" "proxy-server 92966" 0.0106 "-" 96902 0
Nov 30 13:41:26 np0005540243.novalocal object-server[96900]: ::1 - - [30/Nov/2025:18:41:26 +0000] "PUT /3/203298/AUTH_d8c5e0069fac460689fc06414f238cc2/gnocchi.25f2c51a-7221-40ce-90b8-2f6501028393/none_v3" 201 - "PUT http://[::1]:8080/v1/AUTH_d8c5e0069fac460689fc06414f238cc2/gnocchi.25f2c51a-7221-40ce-90b8-2f6501028393/none_v3" "txa2937b19d2f843f394ea4-00692c8fd6" "proxy-server 92966" 0.0104 "-" 96900 0
Nov 30 13:41:26 np0005540243.novalocal object-server[96901]: ::1 - - [30/Nov/2025:18:41:26 +0000] "PUT /3/167796/AUTH_d8c5e0069fac460689fc06414f238cc2/gnocchi.1267bdb5-27b8-4cfe-aff6-5e6a21640663/none_v3" 201 - "PUT http://[::1]:8080/v1/AUTH_d8c5e0069fac460689fc06414f238cc2/gnocchi.1267bdb5-27b8-4cfe-aff6-5e6a21640663/none_v3" "tx8f76739eb8274dbc97b25-00692c8fd6" "proxy-server 92965" 0.0203 "-" 96901 0
Nov 30 13:41:26 np0005540243.novalocal container-server[96606]: ::1 - - [30/Nov/2025:18:41:26 +0000] "PUT /1/138793/AUTH_d8c5e0069fac460689fc06414f238cc2/gnocchi.1267bdb5-27b8-4cfe-aff6-5e6a21640663/none_v3" 201 - "PUT http://[::1]:8080/1/167796/AUTH_d8c5e0069fac460689fc06414f238cc2/gnocchi.1267bdb5-27b8-4cfe-aff6-5e6a21640663/none_v3" "tx8f76739eb8274dbc97b25-00692c8fd6" "object-server 96899" 0.0004 "-" 96606 0
Nov 30 13:41:26 np0005540243.novalocal object-server[96899]: ::1 - - [30/Nov/2025:18:41:26 +0000] "PUT /1/167796/AUTH_d8c5e0069fac460689fc06414f238cc2/gnocchi.1267bdb5-27b8-4cfe-aff6-5e6a21640663/none_v3" 201 - "PUT http://[::1]:8080/v1/AUTH_d8c5e0069fac460689fc06414f238cc2/gnocchi.1267bdb5-27b8-4cfe-aff6-5e6a21640663/none_v3" "tx8f76739eb8274dbc97b25-00692c8fd6" "proxy-server 92965" 0.0159 "-" 96899 0
Nov 30 13:41:26 np0005540243.novalocal container-server[96608]: ::1 - - [30/Nov/2025:18:41:26 +0000] "PUT /2/138793/AUTH_d8c5e0069fac460689fc06414f238cc2/gnocchi.1267bdb5-27b8-4cfe-aff6-5e6a21640663/none_v3" 201 - "PUT http://[::1]:8080/2/167796/AUTH_d8c5e0069fac460689fc06414f238cc2/gnocchi.1267bdb5-27b8-4cfe-aff6-5e6a21640663/none_v3" "tx8f76739eb8274dbc97b25-00692c8fd6" "object-server 96899" 0.0005 "-" 96608 0
Nov 30 13:41:26 np0005540243.novalocal object-server[96899]: ::1 - - [30/Nov/2025:18:41:26 +0000] "PUT /2/167796/AUTH_d8c5e0069fac460689fc06414f238cc2/gnocchi.1267bdb5-27b8-4cfe-aff6-5e6a21640663/none_v3" 201 - "PUT http://[::1]:8080/v1/AUTH_d8c5e0069fac460689fc06414f238cc2/gnocchi.1267bdb5-27b8-4cfe-aff6-5e6a21640663/none_v3" "tx8f76739eb8274dbc97b25-00692c8fd6" "proxy-server 92965" 0.0259 "-" 96899 0
Nov 30 13:41:26 np0005540243.novalocal proxy-server[92965]: ::1 ::1 30/Nov/2025/18/41/26 PUT /v1/AUTH_d8c5e0069fac460689fc06414f238cc2/gnocchi.1267bdb5-27b8-4cfe-aff6-5e6a21640663/none_v3 HTTP/1.0 201 - python-swiftclient-4.2.0 gAAAAABpLI9luiBC... 45 - - tx8f76739eb8274dbc97b25-00692c8fd6 - 0.0413 - - 1764528086.937294006 1764528086.978552818 0
Nov 30 13:41:26 np0005540243.novalocal container-server[96607]: ::1 - - [30/Nov/2025:18:41:26 +0000] "PUT /1/51984/AUTH_d8c5e0069fac460689fc06414f238cc2/gnocchi.25f2c51a-7221-40ce-90b8-2f6501028393/none_v3" 201 - "PUT http://[::1]:8080/2/203298/AUTH_d8c5e0069fac460689fc06414f238cc2/gnocchi.25f2c51a-7221-40ce-90b8-2f6501028393/none_v3" "txa2937b19d2f843f394ea4-00692c8fd6" "object-server 96899" 0.0008 "-" 96607 0
Nov 30 13:41:26 np0005540243.novalocal object-server[96899]: ::1 - - [30/Nov/2025:18:41:26 +0000] "PUT /2/203298/AUTH_d8c5e0069fac460689fc06414f238cc2/gnocchi.25f2c51a-7221-40ce-90b8-2f6501028393/none_v3" 201 - "PUT http://[::1]:8080/v1/AUTH_d8c5e0069fac460689fc06414f238cc2/gnocchi.25f2c51a-7221-40ce-90b8-2f6501028393/none_v3" "txa2937b19d2f843f394ea4-00692c8fd6" "proxy-server 92966" 0.0253 "-" 96899 0
Nov 30 13:41:26 np0005540243.novalocal proxy-server[92966]: ::1 ::1 30/Nov/2025/18/41/26 PUT /v1/AUTH_d8c5e0069fac460689fc06414f238cc2/gnocchi.25f2c51a-7221-40ce-90b8-2f6501028393/none_v3 HTTP/1.0 201 - python-swiftclient-4.2.0 gAAAAABpLI9eQPaN... 45 - - txa2937b19d2f843f394ea4-00692c8fd6 - 0.0328 - - 1764528086.947784185 1764528086.980587244 0
Nov 30 13:41:26 np0005540243.novalocal object-server[96899]: ::1 - - [30/Nov/2025:18:41:26 +0000] "GET /3/54093/AUTH_d8c5e0069fac460689fc06414f238cc2/gnocchi.f88415a5-2e15-4328-8e1c-25199d96126a/none_v3" 200 31 "GET http://[::1]:8080/v1/AUTH_d8c5e0069fac460689fc06414f238cc2/gnocchi.f88415a5-2e15-4328-8e1c-25199d96126a/none_v3" "tx6dc16c1d7a4f40a49600b-00692c8fd6" "proxy-server 92965" 0.0008 "-" 96899 0
Nov 30 13:41:26 np0005540243.novalocal proxy-server[92965]: ::1 ::1 30/Nov/2025/18/41/26 GET /v1/AUTH_d8c5e0069fac460689fc06414f238cc2/gnocchi.f88415a5-2e15-4328-8e1c-25199d96126a/none_v3 HTTP/1.0 200 - python-swiftclient-4.2.0 gAAAAABpLI9luiBC... - 31 - tx6dc16c1d7a4f40a49600b-00692c8fd6 - 0.0084 - - 1764528086.987158537 1764528086.995591879 0
Nov 30 13:41:26 np0005540243.novalocal object-server[96900]: ::1 - - [30/Nov/2025:18:41:26 +0000] "GET /2/77384/AUTH_d8c5e0069fac460689fc06414f238cc2/gnocchi.17d8f2c2-3599-4991-a4a8-6eef16e0edc0/none_v3" 200 27 "GET http://[::1]:8080/v1/AUTH_d8c5e0069fac460689fc06414f238cc2/gnocchi.17d8f2c2-3599-4991-a4a8-6eef16e0edc0/none_v3" "txd62f32d9ae1e45d193acb-00692c8fd6" "proxy-server 92966" 0.0007 "-" 96900 0
Nov 30 13:41:26 np0005540243.novalocal proxy-server[92966]: ::1 ::1 30/Nov/2025/18/41/26 GET /v1/AUTH_d8c5e0069fac460689fc06414f238cc2/gnocchi.17d8f2c2-3599-4991-a4a8-6eef16e0edc0/none_v3 HTTP/1.0 200 - python-swiftclient-4.2.0 gAAAAABpLI9eQPaN... - 27 - txd62f32d9ae1e45d193acb-00692c8fd6 - 0.0063 - - 1764528086.992865086 1764528086.999157429 0
Nov 30 13:41:27 np0005540243.novalocal container-server[96608]: ::1 - - [30/Nov/2025:18:41:27 +0000] "GET /1/16009/AUTH_d8c5e0069fac460689fc06414f238cc2/gnocchi.f88415a5-2e15-4328-8e1c-25199d96126a" 200 357 "GET http://[::1]:8080/v1/AUTH_d8c5e0069fac460689fc06414f238cc2/gnocchi.f88415a5-2e15-4328-8e1c-25199d96126a?format=json&states=listing" "tx8322c04976be4110bd5a1-00692c8fd6" "proxy-server 92965" 0.0058 "-" 96608 0
Nov 30 13:41:27 np0005540243.novalocal proxy-server[92965]: ::1 ::1 30/Nov/2025/18/41/27 GET /v1/AUTH_d8c5e0069fac460689fc06414f238cc2/gnocchi.f88415a5-2e15-4328-8e1c-25199d96126a%3Fformat%3Djson%26states%3Dlisting HTTP/1.0 200 - python-swiftclient-4.2.0 gAAAAABpLI9luiBC... - 357 - tx8322c04976be4110bd5a1-00692c8fd6 - 0.0118 - - 1764528086.997765303 1764528087.009539843 0
Nov 30 13:41:27 np0005540243.novalocal container-server[96607]: ::1 - - [30/Nov/2025:18:41:27 +0000] "GET /3/229104/AUTH_d8c5e0069fac460689fc06414f238cc2/gnocchi.17d8f2c2-3599-4991-a4a8-6eef16e0edc0" 200 357 "GET http://[::1]:8080/v1/AUTH_d8c5e0069fac460689fc06414f238cc2/gnocchi.17d8f2c2-3599-4991-a4a8-6eef16e0edc0?format=json&states=listing" "tx7fa7f5b9a6fb459f99cc2-00692c8fd7" "proxy-server 92966" 0.0084 "-" 96607 0
Nov 30 13:41:27 np0005540243.novalocal container-server[96608]: ::1 - - [30/Nov/2025:18:41:27 +0000] "GET /1/16009/AUTH_d8c5e0069fac460689fc06414f238cc2/gnocchi.f88415a5-2e15-4328-8e1c-25199d96126a" 200 2 "GET http://[::1]:8080/v1/AUTH_d8c5e0069fac460689fc06414f238cc2/gnocchi.f88415a5-2e15-4328-8e1c-25199d96126a?format=json&marker=none_v3&states=listing" "txac255946c6144ee3a093f-00692c8fd7" "proxy-server 92965" 0.0017 "-" 96608 0
Nov 30 13:41:27 np0005540243.novalocal proxy-server[92966]: ::1 ::1 30/Nov/2025/18/41/27 GET /v1/AUTH_d8c5e0069fac460689fc06414f238cc2/gnocchi.17d8f2c2-3599-4991-a4a8-6eef16e0edc0%3Fformat%3Djson%26states%3Dlisting HTTP/1.0 200 - python-swiftclient-4.2.0 gAAAAABpLI9eQPaN... - 357 - tx7fa7f5b9a6fb459f99cc2-00692c8fd7 - 0.0161 - - 1764528087.001761436 1764528087.017895460 0
Nov 30 13:41:27 np0005540243.novalocal proxy-server[92965]: ::1 ::1 30/Nov/2025/18/41/27 GET /v1/AUTH_d8c5e0069fac460689fc06414f238cc2/gnocchi.f88415a5-2e15-4328-8e1c-25199d96126a%3Fformat%3Djson%26marker%3Dnone_v3%26states%3Dlisting HTTP/1.0 200 - python-swiftclient-4.2.0 gAAAAABpLI9luiBC... - 2 - txac255946c6144ee3a093f-00692c8fd7 - 0.0093 - - 1764528087.011332273 1764528087.020627499 0
Nov 30 13:41:27 np0005540243.novalocal object-server[96899]: ::1 - - [30/Nov/2025:18:41:27 +0000] "GET /3/171175/AUTH_d8c5e0069fac460689fc06414f238cc2/gnocchi.f88415a5-2e15-4328-8e1c-25199d96126a/1763640000.0_mean_300.0_v3" 200 16 "GET http://[::1]:8080/v1/AUTH_d8c5e0069fac460689fc06414f238cc2/gnocchi.f88415a5-2e15-4328-8e1c-25199d96126a/1763640000.0_mean_300.0_v3" "tx7e1c0c72ef184f20bfedf-00692c8fd7" "proxy-server 92965" 0.0006 "-" 96899 0
Nov 30 13:41:27 np0005540243.novalocal proxy-server[92965]: ::1 ::1 30/Nov/2025/18/41/27 GET /v1/AUTH_d8c5e0069fac460689fc06414f238cc2/gnocchi.f88415a5-2e15-4328-8e1c-25199d96126a/1763640000.0_mean_300.0_v3 HTTP/1.0 200 - python-swiftclient-4.2.0 gAAAAABpLI9luiBC... - 16 - tx7e1c0c72ef184f20bfedf-00692c8fd7 - 0.0063 - - 1764528087.023047924 1764528087.029366970 0
Nov 30 13:41:27 np0005540243.novalocal container-server[96606]: ::1 - - [30/Nov/2025:18:41:27 +0000] "GET /2/229104/AUTH_d8c5e0069fac460689fc06414f238cc2/gnocchi.17d8f2c2-3599-4991-a4a8-6eef16e0edc0" 200 2 "GET http://[::1]:8080/v1/AUTH_d8c5e0069fac460689fc06414f238cc2/gnocchi.17d8f2c2-3599-4991-a4a8-6eef16e0edc0?format=json&marker=none_v3&states=listing" "txbf38a764cc4f441fa916b-00692c8fd7" "proxy-server 92966" 0.0084 "-" 96606 0
Nov 30 13:41:27 np0005540243.novalocal proxy-server[92966]: ::1 ::1 30/Nov/2025/18/41/27 GET /v1/AUTH_d8c5e0069fac460689fc06414f238cc2/gnocchi.17d8f2c2-3599-4991-a4a8-6eef16e0edc0%3Fformat%3Djson%26marker%3Dnone_v3%26states%3Dlisting HTTP/1.0 200 - python-swiftclient-4.2.0 gAAAAABpLI9eQPaN... - 2 - txbf38a764cc4f441fa916b-00692c8fd7 - 0.0166 - - 1764528087.020851135 1764528087.037432909 0
Nov 30 13:41:27 np0005540243.novalocal container-server[96606]: ::1 - - [30/Nov/2025:18:41:27 +0000] "PUT /2/16009/AUTH_d8c5e0069fac460689fc06414f238cc2/gnocchi.f88415a5-2e15-4328-8e1c-25199d96126a/1763640000.0_mean_300.0_v3" 201 - "PUT http://[::1]:8080/1/171175/AUTH_d8c5e0069fac460689fc06414f238cc2/gnocchi.f88415a5-2e15-4328-8e1c-25199d96126a/1763640000.0_mean_300.0_v3" "txf441a3a9ecfc49e7a6f6a-00692c8fd7" "object-server 96899" 0.0003 "-" 96606 0
Nov 30 13:41:27 np0005540243.novalocal object-server[96899]: ::1 - - [30/Nov/2025:18:41:27 +0000] "PUT /1/171175/AUTH_d8c5e0069fac460689fc06414f238cc2/gnocchi.f88415a5-2e15-4328-8e1c-25199d96126a/1763640000.0_mean_300.0_v3" 201 - "PUT http://[::1]:8080/v1/AUTH_d8c5e0069fac460689fc06414f238cc2/gnocchi.f88415a5-2e15-4328-8e1c-25199d96126a/1763640000.0_mean_300.0_v3" "txf441a3a9ecfc49e7a6f6a-00692c8fd7" "proxy-server 92965" 0.0094 "-" 96899 0
Nov 30 13:41:27 np0005540243.novalocal object-server[96902]: ::1 - - [30/Nov/2025:18:41:27 +0000] "GET /1/255334/AUTH_d8c5e0069fac460689fc06414f238cc2/gnocchi.17d8f2c2-3599-4991-a4a8-6eef16e0edc0/1763640000.0_mean_300.0_v3" 200 16 "GET http://[::1]:8080/v1/AUTH_d8c5e0069fac460689fc06414f238cc2/gnocchi.17d8f2c2-3599-4991-a4a8-6eef16e0edc0/1763640000.0_mean_300.0_v3" "txb126acb19c5d460593b91-00692c8fd7" "proxy-server 92966" 0.0006 "-" 96902 0
Nov 30 13:41:27 np0005540243.novalocal container-server[96607]: ::1 - - [30/Nov/2025:18:41:27 +0000] "PUT /3/16009/AUTH_d8c5e0069fac460689fc06414f238cc2/gnocchi.f88415a5-2e15-4328-8e1c-25199d96126a/1763640000.0_mean_300.0_v3" 201 - "PUT http://[::1]:8080/3/171175/AUTH_d8c5e0069fac460689fc06414f238cc2/gnocchi.f88415a5-2e15-4328-8e1c-25199d96126a/1763640000.0_mean_300.0_v3" "txf441a3a9ecfc49e7a6f6a-00692c8fd7" "object-server 96901" 0.0006 "-" 96607 0
Nov 30 13:41:27 np0005540243.novalocal container-server[96608]: ::1 - - [30/Nov/2025:18:41:27 +0000] "PUT /1/16009/AUTH_d8c5e0069fac460689fc06414f238cc2/gnocchi.f88415a5-2e15-4328-8e1c-25199d96126a/1763640000.0_mean_300.0_v3" 201 - "PUT http://[::1]:8080/2/171175/AUTH_d8c5e0069fac460689fc06414f238cc2/gnocchi.f88415a5-2e15-4328-8e1c-25199d96126a/1763640000.0_mean_300.0_v3" "txf441a3a9ecfc49e7a6f6a-00692c8fd7" "object-server 96901" 0.0004 "-" 96608 0
Nov 30 13:41:27 np0005540243.novalocal object-server[96901]: ::1 - - [30/Nov/2025:18:41:27 +0000] "PUT /3/171175/AUTH_d8c5e0069fac460689fc06414f238cc2/gnocchi.f88415a5-2e15-4328-8e1c-25199d96126a/1763640000.0_mean_300.0_v3" 201 - "PUT http://[::1]:8080/v1/AUTH_d8c5e0069fac460689fc06414f238cc2/gnocchi.f88415a5-2e15-4328-8e1c-25199d96126a/1763640000.0_mean_300.0_v3" "txf441a3a9ecfc49e7a6f6a-00692c8fd7" "proxy-server 92965" 0.0095 "-" 96901 0
Nov 30 13:41:27 np0005540243.novalocal object-server[96901]: ::1 - - [30/Nov/2025:18:41:27 +0000] "PUT /2/171175/AUTH_d8c5e0069fac460689fc06414f238cc2/gnocchi.f88415a5-2e15-4328-8e1c-25199d96126a/1763640000.0_mean_300.0_v3" 201 - "PUT http://[::1]:8080/v1/AUTH_d8c5e0069fac460689fc06414f238cc2/gnocchi.f88415a5-2e15-4328-8e1c-25199d96126a/1763640000.0_mean_300.0_v3" "txf441a3a9ecfc49e7a6f6a-00692c8fd7" "proxy-server 92965" 0.0115 "-" 96901 0
Nov 30 13:41:27 np0005540243.novalocal proxy-server[92965]: ::1 ::1 30/Nov/2025/18/41/27 PUT /v1/AUTH_d8c5e0069fac460689fc06414f238cc2/gnocchi.f88415a5-2e15-4328-8e1c-25199d96126a/1763640000.0_mean_300.0_v3 HTTP/1.0 201 - python-swiftclient-4.2.0 gAAAAABpLI9luiBC... 16 - - txf441a3a9ecfc49e7a6f6a-00692c8fd7 - 0.0165 - - 1764528087.031189919 1764528087.047703028 0
Nov 30 13:41:27 np0005540243.novalocal proxy-server[92966]: ::1 ::1 30/Nov/2025/18/41/27 GET /v1/AUTH_d8c5e0069fac460689fc06414f238cc2/gnocchi.17d8f2c2-3599-4991-a4a8-6eef16e0edc0/1763640000.0_mean_300.0_v3 HTTP/1.0 200 - python-swiftclient-4.2.0 gAAAAABpLI9eQPaN... - 16 - txb126acb19c5d460593b91-00692c8fd7 - 0.0093 - - 1764528087.040413618 1764528087.049729824 0
Nov 30 13:41:27 np0005540243.novalocal container-server[96605]: ::1 - - [30/Nov/2025:18:41:27 +0000] "PUT /2/16009/AUTH_d8c5e0069fac460689fc06414f238cc2/gnocchi.f88415a5-2e15-4328-8e1c-25199d96126a/none_v3" 201 - "PUT http://[::1]:8080/2/54093/AUTH_d8c5e0069fac460689fc06414f238cc2/gnocchi.f88415a5-2e15-4328-8e1c-25199d96126a/none_v3" "tx166e87878fa941268b7c5-00692c8fd7" "object-server 96900" 0.0004 "-" 96605 0
Nov 30 13:41:27 np0005540243.novalocal container-server[96606]: ::1 - - [30/Nov/2025:18:41:27 +0000] "PUT /1/16009/AUTH_d8c5e0069fac460689fc06414f238cc2/gnocchi.f88415a5-2e15-4328-8e1c-25199d96126a/none_v3" 201 - "PUT http://[::1]:8080/3/54093/AUTH_d8c5e0069fac460689fc06414f238cc2/gnocchi.f88415a5-2e15-4328-8e1c-25199d96126a/none_v3" "tx166e87878fa941268b7c5-00692c8fd7" "object-server 96899" 0.0004 "-" 96606 0
Nov 30 13:41:27 np0005540243.novalocal object-server[96900]: ::1 - - [30/Nov/2025:18:41:27 +0000] "PUT /2/54093/AUTH_d8c5e0069fac460689fc06414f238cc2/gnocchi.f88415a5-2e15-4328-8e1c-25199d96126a/none_v3" 201 - "PUT http://[::1]:8080/v1/AUTH_d8c5e0069fac460689fc06414f238cc2/gnocchi.f88415a5-2e15-4328-8e1c-25199d96126a/none_v3" "tx166e87878fa941268b7c5-00692c8fd7" "proxy-server 92965" 0.0082 "-" 96900 0
Nov 30 13:41:27 np0005540243.novalocal object-server[96899]: ::1 - - [30/Nov/2025:18:41:27 +0000] "PUT /3/54093/AUTH_d8c5e0069fac460689fc06414f238cc2/gnocchi.f88415a5-2e15-4328-8e1c-25199d96126a/none_v3" 201 - "PUT http://[::1]:8080/v1/AUTH_d8c5e0069fac460689fc06414f238cc2/gnocchi.f88415a5-2e15-4328-8e1c-25199d96126a/none_v3" "tx166e87878fa941268b7c5-00692c8fd7" "proxy-server 92965" 0.0082 "-" 96899 0
Nov 30 13:41:27 np0005540243.novalocal container-server[96606]: ::1 - - [30/Nov/2025:18:41:27 +0000] "PUT /3/16009/AUTH_d8c5e0069fac460689fc06414f238cc2/gnocchi.f88415a5-2e15-4328-8e1c-25199d96126a/none_v3" 201 - "PUT http://[::1]:8080/1/54093/AUTH_d8c5e0069fac460689fc06414f238cc2/gnocchi.f88415a5-2e15-4328-8e1c-25199d96126a/none_v3" "tx166e87878fa941268b7c5-00692c8fd7" "object-server 96901" 0.0002 "-" 96606 0
Nov 30 13:41:27 np0005540243.novalocal object-server[96901]: ::1 - - [30/Nov/2025:18:41:27 +0000] "PUT /1/54093/AUTH_d8c5e0069fac460689fc06414f238cc2/gnocchi.f88415a5-2e15-4328-8e1c-25199d96126a/none_v3" 201 - "PUT http://[::1]:8080/v1/AUTH_d8c5e0069fac460689fc06414f238cc2/gnocchi.f88415a5-2e15-4328-8e1c-25199d96126a/none_v3" "tx166e87878fa941268b7c5-00692c8fd7" "proxy-server 92965" 0.0092 "-" 96901 0
Nov 30 13:41:27 np0005540243.novalocal proxy-server[92965]: ::1 ::1 30/Nov/2025/18/41/27 PUT /v1/AUTH_d8c5e0069fac460689fc06414f238cc2/gnocchi.f88415a5-2e15-4328-8e1c-25199d96126a/none_v3 HTTP/1.0 201 - python-swiftclient-4.2.0 gAAAAABpLI9luiBC... 43 - - tx166e87878fa941268b7c5-00692c8fd7 - 0.0145 - - 1764528087.049704075 1764528087.064163923 0
Nov 30 13:41:27 np0005540243.novalocal container-server[96607]: ::1 - - [30/Nov/2025:18:41:27 +0000] "PUT /2/229104/AUTH_d8c5e0069fac460689fc06414f238cc2/gnocchi.17d8f2c2-3599-4991-a4a8-6eef16e0edc0/1763640000.0_mean_300.0_v3" 201 - "PUT http://[::1]:8080/1/255334/AUTH_d8c5e0069fac460689fc06414f238cc2/gnocchi.17d8f2c2-3599-4991-a4a8-6eef16e0edc0/1763640000.0_mean_300.0_v3" "txbea06f33ba014501a5dca-00692c8fd7" "object-server 96900" 0.0005 "-" 96607 0
Nov 30 13:41:27 np0005540243.novalocal container-server[96606]: ::1 - - [30/Nov/2025:18:41:27 +0000] "PUT /1/229104/AUTH_d8c5e0069fac460689fc06414f238cc2/gnocchi.17d8f2c2-3599-4991-a4a8-6eef16e0edc0/1763640000.0_mean_300.0_v3" 201 - "PUT http://[::1]:8080/2/255334/AUTH_d8c5e0069fac460689fc06414f238cc2/gnocchi.17d8f2c2-3599-4991-a4a8-6eef16e0edc0/1763640000.0_mean_300.0_v3" "txbea06f33ba014501a5dca-00692c8fd7" "object-server 96902" 0.0003 "-" 96606 0
Nov 30 13:41:27 np0005540243.novalocal object-server[96900]: ::1 - - [30/Nov/2025:18:41:27 +0000] "PUT /1/255334/AUTH_d8c5e0069fac460689fc06414f238cc2/gnocchi.17d8f2c2-3599-4991-a4a8-6eef16e0edc0/1763640000.0_mean_300.0_v3" 201 - "PUT http://[::1]:8080/v1/AUTH_d8c5e0069fac460689fc06414f238cc2/gnocchi.17d8f2c2-3599-4991-a4a8-6eef16e0edc0/1763640000.0_mean_300.0_v3" "txbea06f33ba014501a5dca-00692c8fd7" "proxy-server 92966" 0.0084 "-" 96900 0
Nov 30 13:41:27 np0005540243.novalocal container-server[96607]: ::1 - - [30/Nov/2025:18:41:27 +0000] "PUT /3/229104/AUTH_d8c5e0069fac460689fc06414f238cc2/gnocchi.17d8f2c2-3599-4991-a4a8-6eef16e0edc0/1763640000.0_mean_300.0_v3" 201 - "PUT http://[::1]:8080/3/255334/AUTH_d8c5e0069fac460689fc06414f238cc2/gnocchi.17d8f2c2-3599-4991-a4a8-6eef16e0edc0/1763640000.0_mean_300.0_v3" "txbea06f33ba014501a5dca-00692c8fd7" "object-server 96902" 0.0003 "-" 96607 0
Nov 30 13:41:27 np0005540243.novalocal object-server[96902]: ::1 - - [30/Nov/2025:18:41:27 +0000] "PUT /2/255334/AUTH_d8c5e0069fac460689fc06414f238cc2/gnocchi.17d8f2c2-3599-4991-a4a8-6eef16e0edc0/1763640000.0_mean_300.0_v3" 201 - "PUT http://[::1]:8080/v1/AUTH_d8c5e0069fac460689fc06414f238cc2/gnocchi.17d8f2c2-3599-4991-a4a8-6eef16e0edc0/1763640000.0_mean_300.0_v3" "txbea06f33ba014501a5dca-00692c8fd7" "proxy-server 92966" 0.0113 "-" 96902 0
Nov 30 13:41:27 np0005540243.novalocal object-server[96902]: ::1 - - [30/Nov/2025:18:41:27 +0000] "PUT /3/255334/AUTH_d8c5e0069fac460689fc06414f238cc2/gnocchi.17d8f2c2-3599-4991-a4a8-6eef16e0edc0/1763640000.0_mean_300.0_v3" 201 - "PUT http://[::1]:8080/v1/AUTH_d8c5e0069fac460689fc06414f238cc2/gnocchi.17d8f2c2-3599-4991-a4a8-6eef16e0edc0/1763640000.0_mean_300.0_v3" "txbea06f33ba014501a5dca-00692c8fd7" "proxy-server 92966" 0.0103 "-" 96902 0
Nov 30 13:41:27 np0005540243.novalocal proxy-server[92966]: ::1 ::1 30/Nov/2025/18/41/27 PUT /v1/AUTH_d8c5e0069fac460689fc06414f238cc2/gnocchi.17d8f2c2-3599-4991-a4a8-6eef16e0edc0/1763640000.0_mean_300.0_v3 HTTP/1.0 201 - python-swiftclient-4.2.0 gAAAAABpLI9eQPaN... 16 - - txbea06f33ba014501a5dca-00692c8fd7 - 0.0196 - - 1764528087.052302122 1764528087.071856499 0
Nov 30 13:41:27 np0005540243.novalocal container-server[96606]: ::1 - - [30/Nov/2025:18:41:27 +0000] "PUT /2/229104/AUTH_d8c5e0069fac460689fc06414f238cc2/gnocchi.17d8f2c2-3599-4991-a4a8-6eef16e0edc0/none_v3" 201 - "PUT http://[::1]:8080/3/77384/AUTH_d8c5e0069fac460689fc06414f238cc2/gnocchi.17d8f2c2-3599-4991-a4a8-6eef16e0edc0/none_v3" "tx950c7c7d9bc5440dbce65-00692c8fd7" "object-server 96900" 0.0003 "-" 96606 0
Nov 30 13:41:27 np0005540243.novalocal object-server[96900]: ::1 - - [30/Nov/2025:18:41:27 +0000] "PUT /3/77384/AUTH_d8c5e0069fac460689fc06414f238cc2/gnocchi.17d8f2c2-3599-4991-a4a8-6eef16e0edc0/none_v3" 201 - "PUT http://[::1]:8080/v1/AUTH_d8c5e0069fac460689fc06414f238cc2/gnocchi.17d8f2c2-3599-4991-a4a8-6eef16e0edc0/none_v3" "tx950c7c7d9bc5440dbce65-00692c8fd7" "proxy-server 92966" 0.0084 "-" 96900 0
Nov 30 13:41:27 np0005540243.novalocal container-server[96606]: ::1 - - [30/Nov/2025:18:41:27 +0000] "PUT /1/229104/AUTH_d8c5e0069fac460689fc06414f238cc2/gnocchi.17d8f2c2-3599-4991-a4a8-6eef16e0edc0/none_v3" 201 - "PUT http://[::1]:8080/1/77384/AUTH_d8c5e0069fac460689fc06414f238cc2/gnocchi.17d8f2c2-3599-4991-a4a8-6eef16e0edc0/none_v3" "tx950c7c7d9bc5440dbce65-00692c8fd7" "object-server 96899" 0.0002 "-" 96606 0
Nov 30 13:41:27 np0005540243.novalocal object-server[96899]: ::1 - - [30/Nov/2025:18:41:27 +0000] "PUT /1/77384/AUTH_d8c5e0069fac460689fc06414f238cc2/gnocchi.17d8f2c2-3599-4991-a4a8-6eef16e0edc0/none_v3" 201 - "PUT http://[::1]:8080/v1/AUTH_d8c5e0069fac460689fc06414f238cc2/gnocchi.17d8f2c2-3599-4991-a4a8-6eef16e0edc0/none_v3" "tx950c7c7d9bc5440dbce65-00692c8fd7" "proxy-server 92966" 0.0089 "-" 96899 0
Nov 30 13:41:27 np0005540243.novalocal container-server[96606]: ::1 - - [30/Nov/2025:18:41:27 +0000] "PUT /3/229104/AUTH_d8c5e0069fac460689fc06414f238cc2/gnocchi.17d8f2c2-3599-4991-a4a8-6eef16e0edc0/none_v3" 201 - "PUT http://[::1]:8080/2/77384/AUTH_d8c5e0069fac460689fc06414f238cc2/gnocchi.17d8f2c2-3599-4991-a4a8-6eef16e0edc0/none_v3" "tx950c7c7d9bc5440dbce65-00692c8fd7" "object-server 96899" 0.0002 "-" 96606 0
Nov 30 13:41:27 np0005540243.novalocal object-server[96899]: ::1 - - [30/Nov/2025:18:41:27 +0000] "PUT /2/77384/AUTH_d8c5e0069fac460689fc06414f238cc2/gnocchi.17d8f2c2-3599-4991-a4a8-6eef16e0edc0/none_v3" 201 - "PUT http://[::1]:8080/v1/AUTH_d8c5e0069fac460689fc06414f238cc2/gnocchi.17d8f2c2-3599-4991-a4a8-6eef16e0edc0/none_v3" "tx950c7c7d9bc5440dbce65-00692c8fd7" "proxy-server 92966" 0.0083 "-" 96899 0
Nov 30 13:41:27 np0005540243.novalocal proxy-server[92966]: ::1 ::1 30/Nov/2025/18/41/27 PUT /v1/AUTH_d8c5e0069fac460689fc06414f238cc2/gnocchi.17d8f2c2-3599-4991-a4a8-6eef16e0edc0/none_v3 HTTP/1.0 201 - python-swiftclient-4.2.0 gAAAAABpLI9eQPaN... 36 - - tx950c7c7d9bc5440dbce65-00692c8fd7 - 0.0157 - - 1764528087.074497461 1764528087.090162277 0
Nov 30 13:41:27 np0005540243.novalocal dnsmasq[105814]: started, version 2.85 cachesize 150
Nov 30 13:41:27 np0005540243.novalocal dnsmasq[105814]: DNS service limited to local subnets
Nov 30 13:41:27 np0005540243.novalocal dnsmasq[105814]: compile time options: IPv6 GNU-getopt DBus no-UBus no-i18n IDN2 DHCP DHCPv6 no-Lua TFTP no-conntrack ipset auth cryptohash DNSSEC loop-detect inotify dumpfile
Nov 30 13:41:27 np0005540243.novalocal dnsmasq[105814]: warning: no upstream servers configured
Nov 30 13:41:27 np0005540243.novalocal dnsmasq-dhcp[105814]: DHCP, static leases only on 10.100.0.0, lease time 1d
Nov 30 13:41:27 np0005540243.novalocal dnsmasq[105814]: read /var/lib/neutron/dhcp/cce2e7e1-a2fc-4faf-a654-8367d4e8d562/addn_hosts - 0 addresses
Nov 30 13:41:27 np0005540243.novalocal dnsmasq-dhcp[105814]: read /var/lib/neutron/dhcp/cce2e7e1-a2fc-4faf-a654-8367d4e8d562/host
Nov 30 13:41:27 np0005540243.novalocal dnsmasq-dhcp[105814]: read /var/lib/neutron/dhcp/cce2e7e1-a2fc-4faf-a654-8367d4e8d562/opts
Nov 30 13:41:27 np0005540243.novalocal dnsmasq[105827]: started, version 2.85 cachesize 150
Nov 30 13:41:27 np0005540243.novalocal dnsmasq[105827]: DNS service limited to local subnets
Nov 30 13:41:27 np0005540243.novalocal dnsmasq[105827]: compile time options: IPv6 GNU-getopt DBus no-UBus no-i18n IDN2 DHCP DHCPv6 no-Lua TFTP no-conntrack ipset auth cryptohash DNSSEC loop-detect inotify dumpfile
Nov 30 13:41:27 np0005540243.novalocal dnsmasq[105827]: warning: no upstream servers configured
Nov 30 13:41:27 np0005540243.novalocal dnsmasq-dhcp[105827]: DHCP, static leases only on 10.101.0.0, lease time 1d
Nov 30 13:41:27 np0005540243.novalocal dnsmasq[105827]: read /var/lib/neutron/dhcp/d8231033-1e77-4277-8851-5a4482b0c9e6/addn_hosts - 0 addresses
Nov 30 13:41:27 np0005540243.novalocal dnsmasq-dhcp[105827]: read /var/lib/neutron/dhcp/d8231033-1e77-4277-8851-5a4482b0c9e6/host
Nov 30 13:41:27 np0005540243.novalocal dnsmasq-dhcp[105827]: read /var/lib/neutron/dhcp/d8231033-1e77-4277-8851-5a4482b0c9e6/opts
Nov 30 13:41:27 np0005540243.novalocal dnsmasq[105814]: read /var/lib/neutron/dhcp/cce2e7e1-a2fc-4faf-a654-8367d4e8d562/addn_hosts - 1 addresses
Nov 30 13:41:27 np0005540243.novalocal dnsmasq-dhcp[105814]: read /var/lib/neutron/dhcp/cce2e7e1-a2fc-4faf-a654-8367d4e8d562/host
Nov 30 13:41:27 np0005540243.novalocal dnsmasq-dhcp[105814]: read /var/lib/neutron/dhcp/cce2e7e1-a2fc-4faf-a654-8367d4e8d562/opts
Nov 30 13:41:27 np0005540243.novalocal dnsmasq[105827]: read /var/lib/neutron/dhcp/d8231033-1e77-4277-8851-5a4482b0c9e6/addn_hosts - 0 addresses
Nov 30 13:41:27 np0005540243.novalocal dnsmasq-dhcp[105827]: read /var/lib/neutron/dhcp/d8231033-1e77-4277-8851-5a4482b0c9e6/host
Nov 30 13:41:27 np0005540243.novalocal dnsmasq-dhcp[105827]: read /var/lib/neutron/dhcp/d8231033-1e77-4277-8851-5a4482b0c9e6/opts
Nov 30 13:41:27 np0005540243.novalocal dnsmasq[105814]: read /var/lib/neutron/dhcp/cce2e7e1-a2fc-4faf-a654-8367d4e8d562/addn_hosts - 1 addresses
Nov 30 13:41:27 np0005540243.novalocal dnsmasq-dhcp[105814]: read /var/lib/neutron/dhcp/cce2e7e1-a2fc-4faf-a654-8367d4e8d562/host
Nov 30 13:41:27 np0005540243.novalocal dnsmasq-dhcp[105814]: read /var/lib/neutron/dhcp/cce2e7e1-a2fc-4faf-a654-8367d4e8d562/opts
Nov 30 13:41:28 np0005540243.novalocal dnsmasq[105827]: read /var/lib/neutron/dhcp/d8231033-1e77-4277-8851-5a4482b0c9e6/addn_hosts - 1 addresses
Nov 30 13:41:28 np0005540243.novalocal dnsmasq-dhcp[105827]: read /var/lib/neutron/dhcp/d8231033-1e77-4277-8851-5a4482b0c9e6/host
Nov 30 13:41:28 np0005540243.novalocal dnsmasq-dhcp[105827]: read /var/lib/neutron/dhcp/d8231033-1e77-4277-8851-5a4482b0c9e6/opts
Nov 30 13:41:28 np0005540243.novalocal dnsmasq[105814]: read /var/lib/neutron/dhcp/cce2e7e1-a2fc-4faf-a654-8367d4e8d562/addn_hosts - 1 addresses
Nov 30 13:41:28 np0005540243.novalocal dnsmasq-dhcp[105814]: read /var/lib/neutron/dhcp/cce2e7e1-a2fc-4faf-a654-8367d4e8d562/host
Nov 30 13:41:28 np0005540243.novalocal dnsmasq-dhcp[105814]: read /var/lib/neutron/dhcp/cce2e7e1-a2fc-4faf-a654-8367d4e8d562/opts
Nov 30 13:41:28 np0005540243.novalocal dnsmasq[105827]: read /var/lib/neutron/dhcp/d8231033-1e77-4277-8851-5a4482b0c9e6/addn_hosts - 1 addresses
Nov 30 13:41:28 np0005540243.novalocal dnsmasq-dhcp[105827]: read /var/lib/neutron/dhcp/d8231033-1e77-4277-8851-5a4482b0c9e6/host
Nov 30 13:41:28 np0005540243.novalocal dnsmasq-dhcp[105827]: read /var/lib/neutron/dhcp/d8231033-1e77-4277-8851-5a4482b0c9e6/opts
Nov 30 13:41:28 np0005540243.novalocal object-server[96965]: Starting object replication pass.
Nov 30 13:41:28 np0005540243.novalocal container-server[93406]: Container sharder cycle starting, auto-sharding False
Nov 30 13:41:28 np0005540243.novalocal dnsmasq[105827]: read /var/lib/neutron/dhcp/d8231033-1e77-4277-8851-5a4482b0c9e6/addn_hosts - 0 addresses
Nov 30 13:41:28 np0005540243.novalocal dnsmasq-dhcp[105827]: read /var/lib/neutron/dhcp/d8231033-1e77-4277-8851-5a4482b0c9e6/host
Nov 30 13:41:28 np0005540243.novalocal dnsmasq-dhcp[105827]: read /var/lib/neutron/dhcp/d8231033-1e77-4277-8851-5a4482b0c9e6/opts
Nov 30 13:41:29 np0005540243.novalocal object-server[96965]: 126/126 (100.00%) partitions replicated in 1.04s (121.39/sec, 0s remaining)
Nov 30 13:41:29 np0005540243.novalocal object-server[96965]: 252 successes, 0 failures
Nov 30 13:41:29 np0005540243.novalocal object-server[96965]: 126 suffixes checked - 7.94% hashed, 0.00% synced
Nov 30 13:41:29 np0005540243.novalocal object-server[96965]: Partition times: max 0.0365s, min 0.0034s, med 0.0063s
Nov 30 13:41:29 np0005540243.novalocal object-server[96965]: Object replication complete. (0.02 minutes)
Nov 30 13:41:29 np0005540243.novalocal dnsmasq[105814]: read /var/lib/neutron/dhcp/cce2e7e1-a2fc-4faf-a654-8367d4e8d562/addn_hosts - 0 addresses
Nov 30 13:41:29 np0005540243.novalocal dnsmasq-dhcp[105814]: read /var/lib/neutron/dhcp/cce2e7e1-a2fc-4faf-a654-8367d4e8d562/host
Nov 30 13:41:29 np0005540243.novalocal dnsmasq-dhcp[105814]: read /var/lib/neutron/dhcp/cce2e7e1-a2fc-4faf-a654-8367d4e8d562/opts
Nov 30 13:41:29 np0005540243.novalocal systemd[1]: dbus-:1.1-org.fedoraproject.SetroubleshootPrivileged@11.service: Deactivated successfully.
Nov 30 13:41:29 np0005540243.novalocal systemd[1]: dbus-:1.1-org.fedoraproject.SetroubleshootPrivileged@11.service: Consumed 1.300s CPU time.
Nov 30 13:41:29 np0005540243.novalocal systemd[1]: setroubleshootd.service: Deactivated successfully.
Nov 30 13:41:29 np0005540243.novalocal systemd[1]: setroubleshootd.service: Consumed 1.278s CPU time.
Nov 30 13:41:30 np0005540243.novalocal container-server[93406]: Since Sun Nov 30 18:41:28 2025 visited - attempted:0 success:0 failure:0 skipped:63 completed:0
Nov 30 13:41:30 np0005540243.novalocal container-server[93406]: Since Sun Nov 30 18:41:28 2025 scanned - attempted:0 success:0 failure:0 found:0 min_time:0 max_time:0
Nov 30 13:41:30 np0005540243.novalocal container-server[93406]: Since Sun Nov 30 18:41:28 2025 created - attempted:0 success:0 failure:0
Nov 30 13:41:30 np0005540243.novalocal container-server[93406]: Since Sun Nov 30 18:41:28 2025 cleaved - attempted:0 success:0 failure:0 min_time:0 max_time:0
Nov 30 13:41:30 np0005540243.novalocal container-server[93406]: Since Sun Nov 30 18:41:28 2025 misplaced - attempted:0 success:0 failure:0 found:0 placed:0 unplaced:0
Nov 30 13:41:30 np0005540243.novalocal container-server[93406]: Since Sun Nov 30 18:41:28 2025 audit_root - attempted:0 success:0 failure:0 has_overlap:0 num_overlap:0
Nov 30 13:41:30 np0005540243.novalocal container-server[93406]: Since Sun Nov 30 18:41:28 2025 audit_shard - attempted:0 success:0 failure:0
Nov 30 13:41:30 np0005540243.novalocal container-server[93406]: Container sharder cycle completed: 1.25s
Nov 30 13:41:30 np0005540243.novalocal dnsmasq[105827]: exiting on receipt of SIGTERM
Nov 30 13:41:30 np0005540243.novalocal kernel: tap630e93ec-dc: left promiscuous mode
Nov 30 13:41:30 np0005540243.novalocal systemd[1]: run-netns-qdhcp\x2dd8231033\x2d1e77\x2d4277\x2d8851\x2d5a4482b0c9e6.mount: Deactivated successfully.
Nov 30 13:41:30 np0005540243.novalocal dnsmasq[105814]: exiting on receipt of SIGTERM
Nov 30 13:41:30 np0005540243.novalocal kernel: tap9ea17d2d-45: left promiscuous mode
Nov 30 13:41:30 np0005540243.novalocal systemd[1]: run-netns-qdhcp\x2dcce2e7e1\x2da2fc\x2d4faf\x2da654\x2d8367d4e8d562.mount: Deactivated successfully.
Nov 30 13:41:30 np0005540243.novalocal container-server[93203]: Begin container update sweep
Nov 30 13:41:31 np0005540243.novalocal account-server[96312]: ::1 - - [30/Nov/2025:18:41:31 +0000] "PUT /2/36782/AUTH_d8c5e0069fac460689fc06414f238cc2/gnocchi.d4c1e6ac-7fc6-4006-8895-8ae0ba3d3cff" 201 - "-" "-" "container-updater 93203" 0.0006 "-" 96312 0
Nov 30 13:41:31 np0005540243.novalocal account-server[96311]: ::1 - - [30/Nov/2025:18:41:31 +0000] "PUT /3/36782/AUTH_d8c5e0069fac460689fc06414f238cc2/gnocchi.d4c1e6ac-7fc6-4006-8895-8ae0ba3d3cff" 201 - "-" "-" "container-updater 93203" 0.0007 "-" 96311 0
Nov 30 13:41:31 np0005540243.novalocal account-server[96311]: ::1 - - [30/Nov/2025:18:41:31 +0000] "PUT /1/36782/AUTH_d8c5e0069fac460689fc06414f238cc2/gnocchi.d4c1e6ac-7fc6-4006-8895-8ae0ba3d3cff" 201 - "-" "-" "container-updater 93203" 0.0005 "-" 96311 0
Nov 30 13:41:31 np0005540243.novalocal account-server[96312]: ::1 - - [30/Nov/2025:18:41:31 +0000] "PUT /2/36782/AUTH_d8c5e0069fac460689fc06414f238cc2/gnocchi.dd1a5807-80b2-4d56-bf22-ba2e54c32d7b" 201 - "-" "-" "container-updater 93203" 0.0004 "-" 96312 0
Nov 30 13:41:31 np0005540243.novalocal account-server[96309]: ::1 - - [30/Nov/2025:18:41:31 +0000] "PUT /3/36782/AUTH_d8c5e0069fac460689fc06414f238cc2/gnocchi.dd1a5807-80b2-4d56-bf22-ba2e54c32d7b" 201 - "-" "-" "container-updater 93203" 0.0007 "-" 96309 0
Nov 30 13:41:31 np0005540243.novalocal account-server[96310]: ::1 - - [30/Nov/2025:18:41:31 +0000] "PUT /1/36782/AUTH_d8c5e0069fac460689fc06414f238cc2/gnocchi.dd1a5807-80b2-4d56-bf22-ba2e54c32d7b" 201 - "-" "-" "container-updater 93203" 0.0007 "-" 96310 0
Nov 30 13:41:31 np0005540243.novalocal account-server[96311]: ::1 - - [30/Nov/2025:18:41:31 +0000] "PUT /3/36782/AUTH_d8c5e0069fac460689fc06414f238cc2/gnocchi.17d8f2c2-3599-4991-a4a8-6eef16e0edc0" 201 - "-" "-" "container-updater 93203" 0.0004 "-" 96311 0
Nov 30 13:41:31 np0005540243.novalocal account-server[96312]: ::1 - - [30/Nov/2025:18:41:31 +0000] "PUT /2/36782/AUTH_d8c5e0069fac460689fc06414f238cc2/gnocchi.17d8f2c2-3599-4991-a4a8-6eef16e0edc0" 201 - "-" "-" "container-updater 93203" 0.0005 "-" 96312 0
Nov 30 13:41:31 np0005540243.novalocal account-server[96311]: ::1 - - [30/Nov/2025:18:41:31 +0000] "PUT /1/36782/AUTH_d8c5e0069fac460689fc06414f238cc2/gnocchi.17d8f2c2-3599-4991-a4a8-6eef16e0edc0" 201 - "-" "-" "container-updater 93203" 0.0002 "-" 96311 0
Nov 30 13:41:31 np0005540243.novalocal account-server[96310]: ::1 - - [30/Nov/2025:18:41:31 +0000] "PUT /3/36782/AUTH_d8c5e0069fac460689fc06414f238cc2/gnocchi.dd1a5807-80b2-4d56-bf22-ba2e54c32d7b" 201 - "-" "-" "container-updater 93203" 0.0005 "-" 96310 0
Nov 30 13:41:31 np0005540243.novalocal account-server[96311]: ::1 - - [30/Nov/2025:18:41:31 +0000] "PUT /1/36782/AUTH_d8c5e0069fac460689fc06414f238cc2/gnocchi.dd1a5807-80b2-4d56-bf22-ba2e54c32d7b" 201 - "-" "-" "container-updater 93203" 0.0004 "-" 96311 0
Nov 30 13:41:31 np0005540243.novalocal account-server[96309]: ::1 - - [30/Nov/2025:18:41:31 +0000] "PUT /2/36782/AUTH_d8c5e0069fac460689fc06414f238cc2/gnocchi.dd1a5807-80b2-4d56-bf22-ba2e54c32d7b" 201 - "-" "-" "container-updater 93203" 0.0005 "-" 96309 0
Nov 30 13:41:31 np0005540243.novalocal account-server[96310]: ::1 - - [30/Nov/2025:18:41:31 +0000] "PUT /2/36782/AUTH_d8c5e0069fac460689fc06414f238cc2/gnocchi.e7de8178-1f45-41bd-a939-6b8d1b92349c" 201 - "-" "-" "container-updater 93203" 0.0005 "-" 96310 0
Nov 30 13:41:31 np0005540243.novalocal account-server[96311]: ::1 - - [30/Nov/2025:18:41:31 +0000] "PUT /1/36782/AUTH_d8c5e0069fac460689fc06414f238cc2/gnocchi.e7de8178-1f45-41bd-a939-6b8d1b92349c" 201 - "-" "-" "container-updater 93203" 0.0004 "-" 96311 0
Nov 30 13:41:31 np0005540243.novalocal account-server[96309]: ::1 - - [30/Nov/2025:18:41:31 +0000] "PUT /3/36782/AUTH_d8c5e0069fac460689fc06414f238cc2/gnocchi.e7de8178-1f45-41bd-a939-6b8d1b92349c" 201 - "-" "-" "container-updater 93203" 0.0009 "-" 96309 0
Nov 30 13:41:31 np0005540243.novalocal account-server[96311]: ::1 - - [30/Nov/2025:18:41:31 +0000] "PUT /2/36782/AUTH_d8c5e0069fac460689fc06414f238cc2/gnocchi.5038ce83-fbe0-4318-8628-9f0e6376a298" 201 - "-" "-" "container-updater 93203" 0.0004 "-" 96311 0
Nov 30 13:41:31 np0005540243.novalocal account-server[96309]: ::1 - - [30/Nov/2025:18:41:31 +0000] "PUT /3/36782/AUTH_d8c5e0069fac460689fc06414f238cc2/gnocchi.5038ce83-fbe0-4318-8628-9f0e6376a298" 201 - "-" "-" "container-updater 93203" 0.0006 "-" 96309 0
Nov 30 13:41:31 np0005540243.novalocal account-server[96311]: ::1 - - [30/Nov/2025:18:41:31 +0000] "PUT /1/36782/AUTH_d8c5e0069fac460689fc06414f238cc2/gnocchi.5038ce83-fbe0-4318-8628-9f0e6376a298" 201 - "-" "-" "container-updater 93203" 0.0003 "-" 96311 0
Nov 30 13:41:31 np0005540243.novalocal account-server[96310]: ::1 - - [30/Nov/2025:18:41:31 +0000] "PUT /1/36782/AUTH_d8c5e0069fac460689fc06414f238cc2/gnocchi.09cede7e-e172-4fbe-bf05-50a59beaf51d" 201 - "-" "-" "container-updater 93203" 0.0003 "-" 96310 0
Nov 30 13:41:31 np0005540243.novalocal account-server[96309]: ::1 - - [30/Nov/2025:18:41:31 +0000] "PUT /2/36782/AUTH_d8c5e0069fac460689fc06414f238cc2/gnocchi.09cede7e-e172-4fbe-bf05-50a59beaf51d" 201 - "-" "-" "container-updater 93203" 0.0004 "-" 96309 0
Nov 30 13:41:31 np0005540243.novalocal account-server[96309]: ::1 - - [30/Nov/2025:18:41:31 +0000] "PUT /3/36782/AUTH_d8c5e0069fac460689fc06414f238cc2/gnocchi.09cede7e-e172-4fbe-bf05-50a59beaf51d" 201 - "-" "-" "container-updater 93203" 0.0003 "-" 96309 0
Nov 30 13:41:31 np0005540243.novalocal kernel: tap7db505ff-76: entered promiscuous mode
Nov 30 13:41:31 np0005540243.novalocal NetworkManager[856]: [1764528091.7225] manager: (tap7db505ff-76): 'openvswitch' plugin not available; creating generic device
Nov 30 13:41:31 np0005540243.novalocal NetworkManager[856]: [1764528091.7246] manager: (tap7db505ff-76): new Generic device (/org/freedesktop/NetworkManager/Devices/51)
Nov 30 13:41:31 np0005540243.novalocal account-server[96309]: ::1 - - [30/Nov/2025:18:41:31 +0000] "PUT /2/36782/AUTH_d8c5e0069fac460689fc06414f238cc2/gnocchi.7f782626-7bb0-4713-9f9f-56562dfc34f2" 201 - "-" "-" "container-updater 93203" 0.0005 "-" 96309 0
Nov 30 13:41:31 np0005540243.novalocal account-server[96310]: ::1 - - [30/Nov/2025:18:41:31 +0000] "PUT /1/36782/AUTH_d8c5e0069fac460689fc06414f238cc2/gnocchi.7f782626-7bb0-4713-9f9f-56562dfc34f2" 201 - "-" "-" "container-updater 93203" 0.0004 "-" 96310 0
Nov 30 13:41:31 np0005540243.novalocal account-server[96309]: ::1 - - [30/Nov/2025:18:41:31 +0000] "PUT /3/36782/AUTH_d8c5e0069fac460689fc06414f238cc2/gnocchi.7f782626-7bb0-4713-9f9f-56562dfc34f2" 201 - "-" "-" "container-updater 93203" 0.0003 "-" 96309 0
Nov 30 13:41:31 np0005540243.novalocal account-server[96310]: ::1 - - [30/Nov/2025:18:41:31 +0000] "PUT /2/36782/AUTH_d8c5e0069fac460689fc06414f238cc2/gnocchi.1267bdb5-27b8-4cfe-aff6-5e6a21640663" 201 - "-" "-" "container-updater 93203" 0.0004 "-" 96310 0
Nov 30 13:41:31 np0005540243.novalocal account-server[96309]: ::1 - - [30/Nov/2025:18:41:31 +0000] "PUT /3/36782/AUTH_d8c5e0069fac460689fc06414f238cc2/gnocchi.1267bdb5-27b8-4cfe-aff6-5e6a21640663" 201 - "-" "-" "container-updater 93203" 0.0003 "-" 96309 0
Nov 30 13:41:31 np0005540243.novalocal account-server[96312]: ::1 - - [30/Nov/2025:18:41:31 +0000] "PUT /1/36782/AUTH_d8c5e0069fac460689fc06414f238cc2/gnocchi.1267bdb5-27b8-4cfe-aff6-5e6a21640663" 201 - "-" "-" "container-updater 93203" 0.0012 "-" 96312 0
Nov 30 13:41:31 np0005540243.novalocal account-server[96311]: ::1 - - [30/Nov/2025:18:41:31 +0000] "PUT /2/36782/AUTH_d8c5e0069fac460689fc06414f238cc2/gnocchi.bba9cd9d-4882-4e04-beb8-01154e01f8fa" 201 - "-" "-" "container-updater 93203" 0.0004 "-" 96311 0
Nov 30 13:41:31 np0005540243.novalocal account-server[96311]: ::1 - - [30/Nov/2025:18:41:31 +0000] "PUT /3/36782/AUTH_d8c5e0069fac460689fc06414f238cc2/gnocchi.bba9cd9d-4882-4e04-beb8-01154e01f8fa" 201 - "-" "-" "container-updater 93203" 0.0002 "-" 96311 0
Nov 30 13:41:31 np0005540243.novalocal account-server[96311]: ::1 - - [30/Nov/2025:18:41:31 +0000] "PUT /1/36782/AUTH_d8c5e0069fac460689fc06414f238cc2/gnocchi.bba9cd9d-4882-4e04-beb8-01154e01f8fa" 201 - "-" "-" "container-updater 93203" 0.0002 "-" 96311 0
Nov 30 13:41:32 np0005540243.novalocal account-server[96311]: ::1 - - [30/Nov/2025:18:41:32 +0000] "PUT /3/36782/AUTH_d8c5e0069fac460689fc06414f238cc2/gnocchi.dd1a5807-80b2-4d56-bf22-ba2e54c32d7b" 201 - "-" "-" "container-updater 93203" 0.0004 "-" 96311 0
Nov 30 13:41:32 np0005540243.novalocal account-server[96309]: ::1 - - [30/Nov/2025:18:41:32 +0000] "PUT /2/36782/AUTH_d8c5e0069fac460689fc06414f238cc2/gnocchi.dd1a5807-80b2-4d56-bf22-ba2e54c32d7b" 201 - "-" "-" "container-updater 93203" 0.0006 "-" 96309 0
Nov 30 13:41:32 np0005540243.novalocal account-server[96312]: ::1 - - [30/Nov/2025:18:41:32 +0000] "PUT /1/36782/AUTH_d8c5e0069fac460689fc06414f238cc2/gnocchi.dd1a5807-80b2-4d56-bf22-ba2e54c32d7b" 201 - "-" "-" "container-updater 93203" 0.0004 "-" 96312 0
Nov 30 13:41:32 np0005540243.novalocal account-server[96310]: ::1 - - [30/Nov/2025:18:41:32 +0000] "PUT /1/36782/AUTH_d8c5e0069fac460689fc06414f238cc2/gnocchi.37db4433-4d68-4d04-8bda-4a1931ea08c8" 201 - "-" "-" "container-updater 93203" 0.0004 "-" 96310 0
Nov 30 13:41:32 np0005540243.novalocal account-server[96309]: ::1 - - [30/Nov/2025:18:41:32 +0000] "PUT /2/36782/AUTH_d8c5e0069fac460689fc06414f238cc2/gnocchi.37db4433-4d68-4d04-8bda-4a1931ea08c8" 201 - "-" "-" "container-updater 93203" 0.0006 "-" 96309 0
Nov 30 13:41:32 np0005540243.novalocal account-server[96309]: ::1 - - [30/Nov/2025:18:41:32 +0000] "PUT /3/36782/AUTH_d8c5e0069fac460689fc06414f238cc2/gnocchi.37db4433-4d68-4d04-8bda-4a1931ea08c8" 201 - "-" "-" "container-updater 93203" 0.0004 "-" 96309 0
Nov 30 13:41:32 np0005540243.novalocal account-server[96311]: ::1 - - [30/Nov/2025:18:41:32 +0000] "PUT /2/36782/AUTH_d8c5e0069fac460689fc06414f238cc2/gnocchi.25f2c51a-7221-40ce-90b8-2f6501028393" 201 - "-" "-" "container-updater 93203" 0.0004 "-" 96311 0
Nov 30 13:41:32 np0005540243.novalocal account-server[96312]: ::1 - - [30/Nov/2025:18:41:32 +0000] "PUT /3/36782/AUTH_d8c5e0069fac460689fc06414f238cc2/gnocchi.25f2c51a-7221-40ce-90b8-2f6501028393" 201 - "-" "-" "container-updater 93203" 0.0004 "-" 96312 0
Nov 30 13:41:32 np0005540243.novalocal account-server[96309]: ::1 - - [30/Nov/2025:18:41:32 +0000] "PUT /1/36782/AUTH_d8c5e0069fac460689fc06414f238cc2/gnocchi.25f2c51a-7221-40ce-90b8-2f6501028393" 201 - "-" "-" "container-updater 93203" 0.0006 "-" 96309 0
Nov 30 13:41:32 np0005540243.novalocal account-server[96312]: ::1 - - [30/Nov/2025:18:41:32 +0000] "PUT /2/36782/AUTH_d8c5e0069fac460689fc06414f238cc2/gnocchi.128507fc-f932-4a11-b38f-60383873f84a" 201 - "-" "-" "container-updater 93203" 0.0004 "-" 96312 0
Nov 30 13:41:32 np0005540243.novalocal account-server[96312]: ::1 - - [30/Nov/2025:18:41:32 +0000] "PUT /1/36782/AUTH_d8c5e0069fac460689fc06414f238cc2/gnocchi.128507fc-f932-4a11-b38f-60383873f84a" 201 - "-" "-" "container-updater 93203" 0.0002 "-" 96312 0
Nov 30 13:41:32 np0005540243.novalocal account-server[96309]: ::1 - - [30/Nov/2025:18:41:32 +0000] "PUT /3/36782/AUTH_d8c5e0069fac460689fc06414f238cc2/gnocchi.128507fc-f932-4a11-b38f-60383873f84a" 201 - "-" "-" "container-updater 93203" 0.0007 "-" 96309 0
Nov 30 13:41:32 np0005540243.novalocal account-server[96312]: ::1 - - [30/Nov/2025:18:41:32 +0000] "PUT /1/36782/AUTH_d8c5e0069fac460689fc06414f238cc2/gnocchi.17d8f2c2-3599-4991-a4a8-6eef16e0edc0" 201 - "-" "-" "container-updater 93203" 0.0004 "-" 96312 0
Nov 30 13:41:32 np0005540243.novalocal account-server[96309]: ::1 - - [30/Nov/2025:18:41:32 +0000] "PUT /2/36782/AUTH_d8c5e0069fac460689fc06414f238cc2/gnocchi.17d8f2c2-3599-4991-a4a8-6eef16e0edc0" 201 - "-" "-" "container-updater 93203" 0.0006 "-" 96309 0
Nov 30 13:41:32 np0005540243.novalocal account-server[96309]: ::1 - - [30/Nov/2025:18:41:32 +0000] "PUT /3/36782/AUTH_d8c5e0069fac460689fc06414f238cc2/gnocchi.17d8f2c2-3599-4991-a4a8-6eef16e0edc0" 201 - "-" "-" "container-updater 93203" 0.0005 "-" 96309 0
Nov 30 13:41:32 np0005540243.novalocal dnsmasq[105996]: started, version 2.85 cachesize 150
Nov 30 13:41:32 np0005540243.novalocal dnsmasq[105996]: DNS service limited to local subnets
Nov 30 13:41:32 np0005540243.novalocal dnsmasq[105996]: compile time options: IPv6 GNU-getopt DBus no-UBus no-i18n IDN2 DHCP DHCPv6 no-Lua TFTP no-conntrack ipset auth cryptohash DNSSEC loop-detect inotify dumpfile
Nov 30 13:41:32 np0005540243.novalocal dnsmasq[105996]: warning: no upstream servers configured
Nov 30 13:41:32 np0005540243.novalocal dnsmasq-dhcp[105996]: DHCP, static leases only on 10.100.0.0, lease time 1d
Nov 30 13:41:32 np0005540243.novalocal dnsmasq[105996]: read /var/lib/neutron/dhcp/4c1794d4-fa03-4adf-af55-ec91e9667288/addn_hosts - 0 addresses
Nov 30 13:41:32 np0005540243.novalocal dnsmasq-dhcp[105996]: read /var/lib/neutron/dhcp/4c1794d4-fa03-4adf-af55-ec91e9667288/host
Nov 30 13:41:32 np0005540243.novalocal dnsmasq-dhcp[105996]: read /var/lib/neutron/dhcp/4c1794d4-fa03-4adf-af55-ec91e9667288/opts
Nov 30 13:41:32 np0005540243.novalocal account-server[96312]: ::1 - - [30/Nov/2025:18:41:32 +0000] "PUT /2/36782/AUTH_d8c5e0069fac460689fc06414f238cc2/gnocchi.e7de8178-1f45-41bd-a939-6b8d1b92349c" 201 - "-" "-" "container-updater 93203" 0.0004 "-" 96312 0
Nov 30 13:41:32 np0005540243.novalocal account-server[96310]: ::1 - - [30/Nov/2025:18:41:32 +0000] "PUT /3/36782/AUTH_d8c5e0069fac460689fc06414f238cc2/gnocchi.e7de8178-1f45-41bd-a939-6b8d1b92349c" 201 - "-" "-" "container-updater 93203" 0.0006 "-" 96310 0
Nov 30 13:41:32 np0005540243.novalocal account-server[96309]: ::1 - - [30/Nov/2025:18:41:32 +0000] "PUT /1/36782/AUTH_d8c5e0069fac460689fc06414f238cc2/gnocchi.e7de8178-1f45-41bd-a939-6b8d1b92349c" 201 - "-" "-" "container-updater 93203" 0.0006 "-" 96309 0
Nov 30 13:41:32 np0005540243.novalocal account-server[96312]: ::1 - - [30/Nov/2025:18:41:32 +0000] "PUT /3/36782/AUTH_d8c5e0069fac460689fc06414f238cc2/gnocchi.4eeab45b-25a8-47d3-b715-c893ebe09e4d" 201 - "-" "-" "container-updater 93203" 0.0004 "-" 96312 0
Nov 30 13:41:32 np0005540243.novalocal account-server[96310]: ::1 - - [30/Nov/2025:18:41:32 +0000] "PUT /1/36782/AUTH_d8c5e0069fac460689fc06414f238cc2/gnocchi.4eeab45b-25a8-47d3-b715-c893ebe09e4d" 201 - "-" "-" "container-updater 93203" 0.0004 "-" 96310 0
Nov 30 13:41:32 np0005540243.novalocal account-server[96309]: ::1 - - [30/Nov/2025:18:41:32 +0000] "PUT /2/36782/AUTH_d8c5e0069fac460689fc06414f238cc2/gnocchi.4eeab45b-25a8-47d3-b715-c893ebe09e4d" 201 - "-" "-" "container-updater 93203" 0.0006 "-" 96309 0
Nov 30 13:41:32 np0005540243.novalocal dnsmasq[105996]: read /var/lib/neutron/dhcp/4c1794d4-fa03-4adf-af55-ec91e9667288/addn_hosts - 1 addresses
Nov 30 13:41:32 np0005540243.novalocal dnsmasq-dhcp[105996]: read /var/lib/neutron/dhcp/4c1794d4-fa03-4adf-af55-ec91e9667288/host
Nov 30 13:41:32 np0005540243.novalocal dnsmasq-dhcp[105996]: read /var/lib/neutron/dhcp/4c1794d4-fa03-4adf-af55-ec91e9667288/opts
Nov 30 13:41:32 np0005540243.novalocal account-server[96310]: ::1 - - [30/Nov/2025:18:41:32 +0000] "PUT /2/36782/AUTH_d8c5e0069fac460689fc06414f238cc2/gnocchi.7f782626-7bb0-4713-9f9f-56562dfc34f2" 201 - "-" "-" "container-updater 93203" 0.0004 "-" 96310 0
Nov 30 13:41:32 np0005540243.novalocal account-server[96310]: ::1 - - [30/Nov/2025:18:41:32 +0000] "PUT /3/36782/AUTH_d8c5e0069fac460689fc06414f238cc2/gnocchi.7f782626-7bb0-4713-9f9f-56562dfc34f2" 201 - "-" "-" "container-updater 93203" 0.0002 "-" 96310 0
Nov 30 13:41:32 np0005540243.novalocal account-server[96309]: ::1 - - [30/Nov/2025:18:41:32 +0000] "PUT /1/36782/AUTH_d8c5e0069fac460689fc06414f238cc2/gnocchi.7f782626-7bb0-4713-9f9f-56562dfc34f2" 201 - "-" "-" "container-updater 93203" 0.0006 "-" 96309 0
Nov 30 13:41:32 np0005540243.novalocal account-server[96311]: ::1 - - [30/Nov/2025:18:41:32 +0000] "PUT /1/36782/AUTH_d8c5e0069fac460689fc06414f238cc2/gnocchi.37db4433-4d68-4d04-8bda-4a1931ea08c8" 201 - "-" "-" "container-updater 93203" 0.0008 "-" 96311 0
Nov 30 13:41:32 np0005540243.novalocal account-server[96311]: ::1 - - [30/Nov/2025:18:41:32 +0000] "PUT /2/36782/AUTH_d8c5e0069fac460689fc06414f238cc2/gnocchi.37db4433-4d68-4d04-8bda-4a1931ea08c8" 201 - "-" "-" "container-updater 93203" 0.0008 "-" 96311 0
Nov 30 13:41:32 np0005540243.novalocal account-server[96311]: ::1 - - [30/Nov/2025:18:41:32 +0000] "PUT /3/36782/AUTH_d8c5e0069fac460689fc06414f238cc2/gnocchi.37db4433-4d68-4d04-8bda-4a1931ea08c8" 201 - "-" "-" "container-updater 93203" 0.0007 "-" 96311 0
Nov 30 13:41:32 np0005540243.novalocal dnsmasq[105996]: read /var/lib/neutron/dhcp/4c1794d4-fa03-4adf-af55-ec91e9667288/addn_hosts - 1 addresses
Nov 30 13:41:32 np0005540243.novalocal dnsmasq-dhcp[105996]: read /var/lib/neutron/dhcp/4c1794d4-fa03-4adf-af55-ec91e9667288/host
Nov 30 13:41:32 np0005540243.novalocal dnsmasq-dhcp[105996]: read /var/lib/neutron/dhcp/4c1794d4-fa03-4adf-af55-ec91e9667288/opts
