Nov 30 13:39:41 np0005540243.novalocal object-server[96900]: ::1 - - [30/Nov/2025:18:39:41 +0000] "PUT /3/49529/AUTH_d8c5e0069fac460689fc06414f238cc2/gnocchi.bba9cd9d-4882-4e04-beb8-01154e01f8fa/1763640000.0_mean_300.0_v3" 201 - "PUT http://[::1]:8080/v1/AUTH_d8c5e0069fac460689fc06414f238cc2/gnocchi.bba9cd9d-4882-4e04-beb8-01154e01f8fa/1763640000.0_mean_300.0_v3" "txb700b19e81ba4c1bb630c-00692c8f6d" "proxy-server 92965" 0.0139 "-" 96900 0
Nov 30 13:39:41 np0005540243.novalocal object-server[96902]: ::1 - - [30/Nov/2025:18:39:41 +0000] "PUT /2/49529/AUTH_d8c5e0069fac460689fc06414f238cc2/gnocchi.bba9cd9d-4882-4e04-beb8-01154e01f8fa/1763640000.0_mean_300.0_v3" 201 - "PUT http://[::1]:8080/v1/AUTH_d8c5e0069fac460689fc06414f238cc2/gnocchi.bba9cd9d-4882-4e04-beb8-01154e01f8fa/1763640000.0_mean_300.0_v3" "txb700b19e81ba4c1bb630c-00692c8f6d" "proxy-server 92965" 0.0137 "-" 96902 0
Nov 30 13:39:41 np0005540243.novalocal object-server[96899]: ::1 - - [30/Nov/2025:18:39:41 +0000] "PUT /1/49529/AUTH_d8c5e0069fac460689fc06414f238cc2/gnocchi.bba9cd9d-4882-4e04-beb8-01154e01f8fa/1763640000.0_mean_300.0_v3" 201 - "PUT http://[::1]:8080/v1/AUTH_d8c5e0069fac460689fc06414f238cc2/gnocchi.bba9cd9d-4882-4e04-beb8-01154e01f8fa/1763640000.0_mean_300.0_v3" "txb700b19e81ba4c1bb630c-00692c8f6d" "proxy-server 92965" 0.0144 "-" 96899 0
Nov 30 13:39:41 np0005540243.novalocal proxy-server[92965]: ::1 ::1 30/Nov/2025/18/39/41 PUT /v1/AUTH_d8c5e0069fac460689fc06414f238cc2/gnocchi.bba9cd9d-4882-4e04-beb8-01154e01f8fa/1763640000.0_mean_300.0_v3 HTTP/1.0 201 - python-swiftclient-4.2.0 gAAAAABpLI9luiBC... 16 - - txb700b19e81ba4c1bb630c-00692c8f6d - 0.0222 - - 1764527981.169971228 1764527981.192150593 0
Nov 30 13:39:41 np0005540243.novalocal container-server[96607]: ::1 - - [30/Nov/2025:18:39:41 +0000] "PUT /3/212916/AUTH_d8c5e0069fac460689fc06414f238cc2/gnocchi.bba9cd9d-4882-4e04-beb8-01154e01f8fa/none_v3" 201 - "PUT http://[::1]:8080/2/32625/AUTH_d8c5e0069fac460689fc06414f238cc2/gnocchi.bba9cd9d-4882-4e04-beb8-01154e01f8fa/none_v3" "txf403397e9d6b4c42a3d4f-00692c8f6d" "object-server 96899" 0.0005 "-" 96607 0
Nov 30 13:39:41 np0005540243.novalocal object-server[96899]: ::1 - - [30/Nov/2025:18:39:41 +0000] "PUT /2/32625/AUTH_d8c5e0069fac460689fc06414f238cc2/gnocchi.bba9cd9d-4882-4e04-beb8-01154e01f8fa/none_v3" 201 - "PUT http://[::1]:8080/v1/AUTH_d8c5e0069fac460689fc06414f238cc2/gnocchi.bba9cd9d-4882-4e04-beb8-01154e01f8fa/none_v3" "txf403397e9d6b4c42a3d4f-00692c8f6d" "proxy-server 92965" 0.0106 "-" 96899 0
Nov 30 13:39:41 np0005540243.novalocal container-server[96606]: ::1 - - [30/Nov/2025:18:39:41 +0000] "PUT /1/212916/AUTH_d8c5e0069fac460689fc06414f238cc2/gnocchi.bba9cd9d-4882-4e04-beb8-01154e01f8fa/none_v3" 201 - "PUT http://[::1]:8080/1/32625/AUTH_d8c5e0069fac460689fc06414f238cc2/gnocchi.bba9cd9d-4882-4e04-beb8-01154e01f8fa/none_v3" "txf403397e9d6b4c42a3d4f-00692c8f6d" "object-server 96900" 0.0004 "-" 96606 0
Nov 30 13:39:41 np0005540243.novalocal object-server[96900]: ::1 - - [30/Nov/2025:18:39:41 +0000] "PUT /1/32625/AUTH_d8c5e0069fac460689fc06414f238cc2/gnocchi.bba9cd9d-4882-4e04-beb8-01154e01f8fa/none_v3" 201 - "PUT http://[::1]:8080/v1/AUTH_d8c5e0069fac460689fc06414f238cc2/gnocchi.bba9cd9d-4882-4e04-beb8-01154e01f8fa/none_v3" "txf403397e9d6b4c42a3d4f-00692c8f6d" "proxy-server 92965" 0.0113 "-" 96900 0
Nov 30 13:39:41 np0005540243.novalocal container-server[96606]: ::1 - - [30/Nov/2025:18:39:41 +0000] "PUT /2/212916/AUTH_d8c5e0069fac460689fc06414f238cc2/gnocchi.bba9cd9d-4882-4e04-beb8-01154e01f8fa/none_v3" 201 - "PUT http://[::1]:8080/3/32625/AUTH_d8c5e0069fac460689fc06414f238cc2/gnocchi.bba9cd9d-4882-4e04-beb8-01154e01f8fa/none_v3" "txf403397e9d6b4c42a3d4f-00692c8f6d" "object-server 96902" 0.0003 "-" 96606 0
Nov 30 13:39:41 np0005540243.novalocal object-server[96902]: ::1 - - [30/Nov/2025:18:39:41 +0000] "PUT /3/32625/AUTH_d8c5e0069fac460689fc06414f238cc2/gnocchi.bba9cd9d-4882-4e04-beb8-01154e01f8fa/none_v3" 201 - "PUT http://[::1]:8080/v1/AUTH_d8c5e0069fac460689fc06414f238cc2/gnocchi.bba9cd9d-4882-4e04-beb8-01154e01f8fa/none_v3" "txf403397e9d6b4c42a3d4f-00692c8f6d" "proxy-server 92965" 0.0120 "-" 96902 0
Nov 30 13:39:41 np0005540243.novalocal proxy-server[92965]: ::1 ::1 30/Nov/2025/18/39/41 PUT /v1/AUTH_d8c5e0069fac460689fc06414f238cc2/gnocchi.bba9cd9d-4882-4e04-beb8-01154e01f8fa/none_v3 HTTP/1.0 201 - python-swiftclient-4.2.0 gAAAAABpLI9luiBC... 51 - - txf403397e9d6b4c42a3d4f-00692c8f6d - 0.0238 - - 1764527981.194646358 1764527981.218421459 0
Nov 30 13:39:41 np0005540243.novalocal kernel: iscsi: registered transport (tcp)
Nov 30 13:39:41 np0005540243.novalocal kernel: scsi host2: iSCSI Initiator over TCP/IP
Nov 30 13:39:41 np0005540243.novalocal iscsid[79293]: iscsid: Connection1:0 to [target: iqn.2010-10.org.openstack:volume-dcbf258c-d7fc-49f3-8713-e9b7f35842b0, portal: ::1,3260] through [iface: default] is operational now
Nov 30 13:39:41 np0005540243.novalocal kernel: scsi 2:0:0:0: Direct-Access LIO-ORG IBLOCK 4.0 PQ: 0 ANSI: 6
Nov 30 13:39:41 np0005540243.novalocal kernel: scsi 2:0:0:0: alua: supports implicit and explicit TPGS
Nov 30 13:39:41 np0005540243.novalocal kernel: scsi 2:0:0:0: alua: device naa.600140555160d3375ab47e891fafcce2 port group 0 rel port 1
Nov 30 13:39:41 np0005540243.novalocal kernel: scsi 2:0:0:0: Attached scsi generic sg1 type 0
Nov 30 13:39:41 np0005540243.novalocal kernel: scsi 2:0:0:0: alua: transition timeout set to 60 seconds
Nov 30 13:39:41 np0005540243.novalocal kernel: scsi 2:0:0:0: alua: port group 00 state A non-preferred supports TOlUSNA
Nov 30 13:39:41 np0005540243.novalocal kernel: sd 2:0:0:0: [sda] 2097152 512-byte logical blocks: (1.07 GB/1.00 GiB)
Nov 30 13:39:41 np0005540243.novalocal kernel: sd 2:0:0:0: [sda] Write Protect is off
Nov 30 13:39:41 np0005540243.novalocal kernel: sd 2:0:0:0: [sda] Mode Sense: 43 00 10 08
Nov 30 13:39:41 np0005540243.novalocal kernel: sd 2:0:0:0: [sda] Write cache: enabled, read cache: enabled, supports DPO and FUA
Nov 30 13:39:41 np0005540243.novalocal kernel: MODE SENSE: unimplemented page/subpage: 0x0a/0x05
Nov 30 13:39:41 np0005540243.novalocal kernel: sd 2:0:0:0: [sda] Preferred minimum I/O size 65536 bytes
Nov 30 13:39:41 np0005540243.novalocal kernel: sd 2:0:0:0: [sda] Optimal transfer size 65536 bytes
Nov 30 13:39:41 np0005540243.novalocal kernel: MODE SENSE: unimplemented page/subpage: 0x0a/0x05
Nov 30 13:39:41 np0005540243.novalocal kernel: GPT:Primary header thinks Alt. header is not at the end of the disk.
Nov 30 13:39:41 np0005540243.novalocal kernel: GPT:229375 != 2097151
Nov 30 13:39:41 np0005540243.novalocal kernel: GPT:Alternate GPT header not at the end of the disk.
Nov 30 13:39:41 np0005540243.novalocal kernel: GPT:229375 != 2097151
Nov 30 13:39:41 np0005540243.novalocal kernel: GPT: Use GNU Parted to correct GPT errors.
Nov 30 13:39:41 np0005540243.novalocal kernel: sda: sda1 sda15
Nov 30 13:39:41 np0005540243.novalocal kernel: sd 2:0:0:0: [sda] Attached SCSI disk
Nov 30 13:39:42 np0005540243.novalocal NetworkManager[856]: [1764527982.4237] manager: (qbr53e487be-e8): new Bridge device (/org/freedesktop/NetworkManager/Devices/26)
Nov 30 13:39:42 np0005540243.novalocal NetworkManager[856]: [1764527982.4364] manager: (qvo53e487be-e8): new Veth device (/org/freedesktop/NetworkManager/Devices/27)
Nov 30 13:39:42 np0005540243.novalocal NetworkManager[856]: [1764527982.4379] manager: (qvb53e487be-e8): new Veth device (/org/freedesktop/NetworkManager/Devices/28)
Nov 30 13:39:42 np0005540243.novalocal NetworkManager[856]: [1764527982.4475] device (qvo53e487be-e8): carrier: link connected
Nov 30 13:39:42 np0005540243.novalocal NetworkManager[856]: [1764527982.4483] device (qvb53e487be-e8): carrier: link connected
Nov 30 13:39:42 np0005540243.novalocal kernel: qbr53e487be-e8: port 1(qvb53e487be-e8) entered blocking state
Nov 30 13:39:42 np0005540243.novalocal kernel: qbr53e487be-e8: port 1(qvb53e487be-e8) entered disabled state
Nov 30 13:39:42 np0005540243.novalocal kernel: qvb53e487be-e8: entered allmulticast mode
Nov 30 13:39:42 np0005540243.novalocal kernel: qvb53e487be-e8: entered promiscuous mode
Nov 30 13:39:42 np0005540243.novalocal kernel: qbr53e487be-e8: port 1(qvb53e487be-e8) entered blocking state
Nov 30 13:39:42 np0005540243.novalocal kernel: qbr53e487be-e8: port 1(qvb53e487be-e8) entered forwarding state
Nov 30 13:39:42 np0005540243.novalocal NetworkManager[856]: [1764527982.4683] device (qbr53e487be-e8): carrier: link connected
Nov 30 13:39:42 np0005540243.novalocal kernel: qvo53e487be-e8: entered promiscuous mode
Nov 30 13:39:42 np0005540243.novalocal systemd-udevd[103821]: Network interface NamePolicy= disabled on kernel command line.
Nov 30 13:39:42 np0005540243.novalocal systemd-udevd[103823]: Network interface NamePolicy= disabled on kernel command line.
Nov 30 13:39:42 np0005540243.novalocal systemd-udevd[103822]: Network interface NamePolicy= disabled on kernel command line.
Nov 30 13:39:42 np0005540243.novalocal NetworkManager[856]: [1764527982.5268] device (qbr53e487be-e8): state change: unmanaged -> unavailable (reason 'connection-assumed', managed-type: 'external')
Nov 30 13:39:42 np0005540243.novalocal NetworkManager[856]: [1764527982.5283] device (qbr53e487be-e8): state change: unavailable -> disconnected (reason 'connection-assumed', managed-type: 'external')
Nov 30 13:39:42 np0005540243.novalocal NetworkManager[856]: [1764527982.5299] device (qbr53e487be-e8): Activation: starting connection 'qbr53e487be-e8' (21c57a2f-26e5-4561-85fd-ad37aa56c685)
Nov 30 13:39:42 np0005540243.novalocal NetworkManager[856]: [1764527982.5318] device (qbr53e487be-e8): state change: disconnected -> prepare (reason 'none', managed-type: 'external')
Nov 30 13:39:42 np0005540243.novalocal NetworkManager[856]: [1764527982.5331] device (qbr53e487be-e8): state change: prepare -> config (reason 'none', managed-type: 'external')
Nov 30 13:39:42 np0005540243.novalocal NetworkManager[856]: [1764527982.5336] device (qbr53e487be-e8): state change: config -> ip-config (reason 'none', managed-type: 'external')
Nov 30 13:39:42 np0005540243.novalocal NetworkManager[856]: [1764527982.5341] device (qbr53e487be-e8): state change: ip-config -> ip-check (reason 'none', managed-type: 'external')
Nov 30 13:39:42 np0005540243.novalocal NetworkManager[856]: [1764527982.5446] device (qbr53e487be-e8): state change: ip-check -> secondaries (reason 'none', managed-type: 'external')
Nov 30 13:39:42 np0005540243.novalocal NetworkManager[856]: [1764527982.5465] device (qbr53e487be-e8): state change: secondaries -> activated (reason 'none', managed-type: 'external')
Nov 30 13:39:42 np0005540243.novalocal NetworkManager[856]: [1764527982.5479] device (qbr53e487be-e8): Activation: successful, device activated.
Nov 30 13:39:42 np0005540243.novalocal systemd[1]: iscsi.service: Unit cannot be reloaded because it is inactive.
Nov 30 13:39:42 np0005540243.novalocal kernel: qbr53e487be-e8: port 2(tap53e487be-e8) entered blocking state
Nov 30 13:39:42 np0005540243.novalocal kernel: qbr53e487be-e8: port 2(tap53e487be-e8) entered disabled state
Nov 30 13:39:42 np0005540243.novalocal kernel: tap53e487be-e8: entered allmulticast mode
Nov 30 13:39:42 np0005540243.novalocal kernel: tap53e487be-e8: entered promiscuous mode
Nov 30 13:39:42 np0005540243.novalocal kernel: qbr53e487be-e8: port 2(tap53e487be-e8) entered blocking state
Nov 30 13:39:42 np0005540243.novalocal kernel: qbr53e487be-e8: port 2(tap53e487be-e8) entered forwarding state
Nov 30 13:39:42 np0005540243.novalocal systemd-udevd[103837]: Network interface NamePolicy= disabled on kernel command line.
Nov 30 13:39:42 np0005540243.novalocal NetworkManager[856]: [1764527982.6432] manager: (tap53e487be-e8): new Tun device (/org/freedesktop/NetworkManager/Devices/29)
Nov 30 13:39:42 np0005540243.novalocal libvirtd[98951]: Domain id=2 name='instance-00000002' uuid=d6a6c0d0-0bf1-4db8-94fd-5d089cddb0a5 is tainted: deprecated-config (machine type 'pc-i440fx-rhel7.6.0')
Nov 30 13:39:42 np0005540243.novalocal libvirtd[98951]: Domain id=2 name='instance-00000002' uuid=d6a6c0d0-0bf1-4db8-94fd-5d089cddb0a5 is tainted: deprecated-config (CPU model 'qemu64')
Nov 30 13:39:42 np0005540243.novalocal NetworkManager[856]: [1764527982.6648] device (tap53e487be-e8): state change: unmanaged -> unavailable (reason 'connection-assumed', managed-type: 'external')
Nov 30 13:39:42 np0005540243.novalocal NetworkManager[856]: [1764527982.6659] device (tap53e487be-e8): state change: unavailable -> disconnected (reason 'connection-assumed', managed-type: 'external')
Nov 30 13:39:42 np0005540243.novalocal NetworkManager[856]: [1764527982.6664] device (tap53e487be-e8): Activation: starting connection 'tap53e487be-e8' (14e30b52-fdae-4b6c-8a6e-bb520b1d3e65)
Nov 30 13:39:42 np0005540243.novalocal NetworkManager[856]: [1764527982.6668] device (tap53e487be-e8): state change: disconnected -> prepare (reason 'none', managed-type: 'external')
Nov 30 13:39:42 np0005540243.novalocal NetworkManager[856]: [1764527982.6670] device (tap53e487be-e8): state change: prepare -> config (reason 'none', managed-type: 'external')
Nov 30 13:39:42 np0005540243.novalocal NetworkManager[856]: [1764527982.6671] device (tap53e487be-e8): state change: config -> ip-config (reason 'none', managed-type: 'external')
Nov 30 13:39:42 np0005540243.novalocal NetworkManager[856]: [1764527982.6672] device (qbr53e487be-e8): bridge port tap53e487be-e8 was attached
Nov 30 13:39:42 np0005540243.novalocal NetworkManager[856]: [1764527982.6672] device (tap53e487be-e8): Activation: connection 'tap53e487be-e8' attached as port, continuing activation
Nov 30 13:39:42 np0005540243.novalocal NetworkManager[856]: [1764527982.6674] device (tap53e487be-e8): state change: ip-config -> ip-check (reason 'none', managed-type: 'external')
Nov 30 13:39:42 np0005540243.novalocal NetworkManager[856]: [1764527982.6683] device (tap53e487be-e8): state change: ip-check -> secondaries (reason 'none', managed-type: 'external')
Nov 30 13:39:42 np0005540243.novalocal NetworkManager[856]: [1764527982.6685] device (tap53e487be-e8): state change: secondaries -> activated (reason 'none', managed-type: 'external')
Nov 30 13:39:42 np0005540243.novalocal NetworkManager[856]: [1764527982.6689] device (tap53e487be-e8): Activation: successful, device activated.
Nov 30 13:39:42 np0005540243.novalocal systemd-machined[94307]: New machine qemu-2-instance-00000002.
Nov 30 13:39:42 np0005540243.novalocal systemd[1]: Started Virtual Machine qemu-2-instance-00000002.
Nov 30 13:39:42 np0005540243.novalocal systemd[1]: iscsi.service: Unit cannot be reloaded because it is inactive.
Nov 30 13:39:43 np0005540243.novalocal object-server[103456]: Object audit (ALL) "forever" mode completed: 9.81s. Total quarantined: 0, Total errors: 0, Total files/sec: 2.24, Total bytes/sec: 9989075.17, Auditing time: 9.81, Rate: 1.00
Nov 30 13:39:45 np0005540243.novalocal dnsmasq-dhcp[103026]: DHCPDISCOVER(tap2b8e5971-52) fa:16:3e:d4:f4:72
Nov 30 13:39:45 np0005540243.novalocal dnsmasq-dhcp[103026]: DHCPOFFER(tap2b8e5971-52) 10.100.0.5 fa:16:3e:d4:f4:72
Nov 30 13:39:45 np0005540243.novalocal dnsmasq-dhcp[103026]: DHCPREQUEST(tap2b8e5971-52) 10.100.0.5 fa:16:3e:d4:f4:72
Nov 30 13:39:45 np0005540243.novalocal dnsmasq-dhcp[103026]: DHCPACK(tap2b8e5971-52) 10.100.0.5 fa:16:3e:d4:f4:72 host-10-100-0-5
Nov 30 13:39:46 np0005540243.novalocal kernel: qbr53e487be-e8: port 2(tap53e487be-e8) entered disabled state
Nov 30 13:39:46 np0005540243.novalocal kernel: tap53e487be-e8 (unregistering): left allmulticast mode
Nov 30 13:39:46 np0005540243.novalocal kernel: tap53e487be-e8 (unregistering): left promiscuous mode
Nov 30 13:39:46 np0005540243.novalocal kernel: qbr53e487be-e8: port 2(tap53e487be-e8) entered disabled state
Nov 30 13:39:46 np0005540243.novalocal NetworkManager[856]: [1764527986.8294] device (tap53e487be-e8): state change: activated -> unmanaged (reason 'unmanaged', managed-type: 'removed')
Nov 30 13:39:46 np0005540243.novalocal NetworkManager[856]: [1764527986.8298] device (tap53e487be-e8): released from controller device qbr53e487be-e8
Nov 30 13:39:46 np0005540243.novalocal systemd[1]: machine-qemu\x2d2\x2dinstance\x2d00000002.scope: Deactivated successfully.
Nov 30 13:39:46 np0005540243.novalocal systemd[1]: machine-qemu\x2d2\x2dinstance\x2d00000002.scope: Consumed 2.616s CPU time.
Nov 30 13:39:46 np0005540243.novalocal systemd-machined[94307]: Machine qemu-2-instance-00000002 terminated.
Nov 30 13:39:46 np0005540243.novalocal container-server[96605]: ::1 - - [30/Nov/2025:18:39:46 +0000] "HEAD /2/170511/AUTH_d8c5e0069fac460689fc06414f238cc2/gnocchi.128507fc-f932-4a11-b38f-60383873f84a" 404 - "HEAD http://[::1]:8080/v1/AUTH_d8c5e0069fac460689fc06414f238cc2/gnocchi.128507fc-f932-4a11-b38f-60383873f84a?format=json&states=listing" "tx246a00f9e1ca4cfc84861-00692c8f72" "proxy-server 92966" 0.0003 "-" 96605 0
Nov 30 13:39:46 np0005540243.novalocal container-server[96605]: ::1 - - [30/Nov/2025:18:39:46 +0000] "HEAD /3/170511/AUTH_d8c5e0069fac460689fc06414f238cc2/gnocchi.128507fc-f932-4a11-b38f-60383873f84a" 404 - "HEAD http://[::1]:8080/v1/AUTH_d8c5e0069fac460689fc06414f238cc2/gnocchi.128507fc-f932-4a11-b38f-60383873f84a?format=json&states=listing" "tx246a00f9e1ca4cfc84861-00692c8f72" "proxy-server 92966" 0.0002 "-" 96605 0
Nov 30 13:39:46 np0005540243.novalocal container-server[96606]: ::1 - - [30/Nov/2025:18:39:46 +0000] "HEAD /2/30558/AUTH_d8c5e0069fac460689fc06414f238cc2/gnocchi.b8fc4f0e-dfa3-4eed-9d27-cd0edcd7c719" 404 - "HEAD http://[::1]:8080/v1/AUTH_d8c5e0069fac460689fc06414f238cc2/gnocchi.b8fc4f0e-dfa3-4eed-9d27-cd0edcd7c719?format=json&states=listing" "tx382584a89f8e43d3a24de-00692c8f72" "proxy-server 92965" 0.0002 "-" 96606 0
Nov 30 13:39:46 np0005540243.novalocal container-server[96606]: ::1 - - [30/Nov/2025:18:39:46 +0000] "HEAD /1/30558/AUTH_d8c5e0069fac460689fc06414f238cc2/gnocchi.b8fc4f0e-dfa3-4eed-9d27-cd0edcd7c719" 404 - "HEAD http://[::1]:8080/v1/AUTH_d8c5e0069fac460689fc06414f238cc2/gnocchi.b8fc4f0e-dfa3-4eed-9d27-cd0edcd7c719?format=json&states=listing" "tx382584a89f8e43d3a24de-00692c8f72" "proxy-server 92965" 0.0002 "-" 96606 0
Nov 30 13:39:46 np0005540243.novalocal container-server[96605]: ::1 - - [30/Nov/2025:18:39:46 +0000] "HEAD /1/170511/AUTH_d8c5e0069fac460689fc06414f238cc2/gnocchi.128507fc-f932-4a11-b38f-60383873f84a" 404 - "HEAD http://[::1]:8080/v1/AUTH_d8c5e0069fac460689fc06414f238cc2/gnocchi.128507fc-f932-4a11-b38f-60383873f84a?format=json&states=listing" "tx246a00f9e1ca4cfc84861-00692c8f72" "proxy-server 92966" 0.0002 "-" 96605 0
Nov 30 13:39:46 np0005540243.novalocal container-server[96606]: ::1 - - [30/Nov/2025:18:39:46 +0000] "HEAD /3/30558/AUTH_d8c5e0069fac460689fc06414f238cc2/gnocchi.b8fc4f0e-dfa3-4eed-9d27-cd0edcd7c719" 404 - "HEAD http://[::1]:8080/v1/AUTH_d8c5e0069fac460689fc06414f238cc2/gnocchi.b8fc4f0e-dfa3-4eed-9d27-cd0edcd7c719?format=json&states=listing" "tx382584a89f8e43d3a24de-00692c8f72" "proxy-server 92965" 0.0002 "-" 96606 0
Nov 30 13:39:46 np0005540243.novalocal object-server[96902]: ::1 - - [30/Nov/2025:18:39:46 +0000] "GET /1/153156/AUTH_d8c5e0069fac460689fc06414f238cc2/gnocchi.b8fc4f0e-dfa3-4eed-9d27-cd0edcd7c719/none_v3" 404 70 "GET http://[::1]:8080/v1/AUTH_d8c5e0069fac460689fc06414f238cc2/gnocchi.b8fc4f0e-dfa3-4eed-9d27-cd0edcd7c719/none_v3" "tx382584a89f8e43d3a24de-00692c8f72" "proxy-server 92965" 0.0005 "-" 96902 0
Nov 30 13:39:46 np0005540243.novalocal object-server[96901]: ::1 - - [30/Nov/2025:18:39:46 +0000] "GET /3/240494/AUTH_d8c5e0069fac460689fc06414f238cc2/gnocchi.128507fc-f932-4a11-b38f-60383873f84a/none_v3" 404 70 "GET http://[::1]:8080/v1/AUTH_d8c5e0069fac460689fc06414f238cc2/gnocchi.128507fc-f932-4a11-b38f-60383873f84a/none_v3" "tx246a00f9e1ca4cfc84861-00692c8f72" "proxy-server 92966" 0.0003 "-" 96901 0
Nov 30 13:39:46 np0005540243.novalocal object-server[96902]: ::1 - - [30/Nov/2025:18:39:46 +0000] "GET /3/153156/AUTH_d8c5e0069fac460689fc06414f238cc2/gnocchi.b8fc4f0e-dfa3-4eed-9d27-cd0edcd7c719/none_v3" 404 70 "GET http://[::1]:8080/v1/AUTH_d8c5e0069fac460689fc06414f238cc2/gnocchi.b8fc4f0e-dfa3-4eed-9d27-cd0edcd7c719/none_v3" "tx382584a89f8e43d3a24de-00692c8f72" "proxy-server 92965" 0.0003 "-" 96902 0
Nov 30 13:39:46 np0005540243.novalocal object-server[96900]: ::1 - - [30/Nov/2025:18:39:46 +0000] "GET /1/240494/AUTH_d8c5e0069fac460689fc06414f238cc2/gnocchi.128507fc-f932-4a11-b38f-60383873f84a/none_v3" 404 70 "GET http://[::1]:8080/v1/AUTH_d8c5e0069fac460689fc06414f238cc2/gnocchi.128507fc-f932-4a11-b38f-60383873f84a/none_v3" "tx246a00f9e1ca4cfc84861-00692c8f72" "proxy-server 92966" 0.0002 "-" 96900 0
Nov 30 13:39:46 np0005540243.novalocal object-server[96901]: ::1 - - [30/Nov/2025:18:39:46 +0000] "GET /2/240494/AUTH_d8c5e0069fac460689fc06414f238cc2/gnocchi.128507fc-f932-4a11-b38f-60383873f84a/none_v3" 404 70 "GET http://[::1]:8080/v1/AUTH_d8c5e0069fac460689fc06414f238cc2/gnocchi.128507fc-f932-4a11-b38f-60383873f84a/none_v3" "tx246a00f9e1ca4cfc84861-00692c8f72" "proxy-server 92966" 0.0002 "-" 96901 0
Nov 30 13:39:46 np0005540243.novalocal object-server[96902]: ::1 - - [30/Nov/2025:18:39:46 +0000] "GET /2/153156/AUTH_d8c5e0069fac460689fc06414f238cc2/gnocchi.b8fc4f0e-dfa3-4eed-9d27-cd0edcd7c719/none_v3" 404 70 "GET http://[::1]:8080/v1/AUTH_d8c5e0069fac460689fc06414f238cc2/gnocchi.b8fc4f0e-dfa3-4eed-9d27-cd0edcd7c719/none_v3" "tx382584a89f8e43d3a24de-00692c8f72" "proxy-server 92965" 0.0003 "-" 96902 0
Nov 30 13:39:46 np0005540243.novalocal proxy-server[92966]: ::1 ::1 30/Nov/2025/18/39/46 GET /v1/AUTH_d8c5e0069fac460689fc06414f238cc2/gnocchi.128507fc-f932-4a11-b38f-60383873f84a/none_v3 HTTP/1.0 404 - python-swiftclient-4.2.0 gAAAAABpLI9eQPaN... - 70 - tx246a00f9e1ca4cfc84861-00692c8f72 - 0.0268 - - 1764527986.899888039 1764527986.926717281 0
Nov 30 13:39:46 np0005540243.novalocal proxy-server[92965]: ::1 ::1 30/Nov/2025/18/39/46 GET /v1/AUTH_d8c5e0069fac460689fc06414f238cc2/gnocchi.b8fc4f0e-dfa3-4eed-9d27-cd0edcd7c719/none_v3 HTTP/1.0 404 - python-swiftclient-4.2.0 gAAAAABpLI9luiBC... - 70 - tx382584a89f8e43d3a24de-00692c8f72 - 0.0251 - - 1764527986.904523849 1764527986.929634333 0
Nov 30 13:39:46 np0005540243.novalocal account-server[96310]: ::1 - - [30/Nov/2025:18:39:46 +0000] "PUT /2/36782/AUTH_d8c5e0069fac460689fc06414f238cc2/gnocchi.b8fc4f0e-dfa3-4eed-9d27-cd0edcd7c719" 201 - "PUT http://[::1]:6001/1/30558/AUTH_d8c5e0069fac460689fc06414f238cc2/gnocchi.b8fc4f0e-dfa3-4eed-9d27-cd0edcd7c719" "txe4699115ffea4a74a903e-00692c8f72" "container-server 96606" 0.0056 "-" 96310 0
Nov 30 13:39:46 np0005540243.novalocal container-server[96606]: ::1 - - [30/Nov/2025:18:39:46 +0000] "PUT /1/30558/AUTH_d8c5e0069fac460689fc06414f238cc2/gnocchi.b8fc4f0e-dfa3-4eed-9d27-cd0edcd7c719" 201 - "PUT http://[::1]:8080/v1/AUTH_d8c5e0069fac460689fc06414f238cc2/gnocchi.b8fc4f0e-dfa3-4eed-9d27-cd0edcd7c719" "txe4699115ffea4a74a903e-00692c8f72" "proxy-server 92965" 0.0188 "-" 96606 0
Nov 30 13:39:46 np0005540243.novalocal account-server[96311]: ::1 - - [30/Nov/2025:18:39:46 +0000] "PUT /3/36782/AUTH_d8c5e0069fac460689fc06414f238cc2/gnocchi.b8fc4f0e-dfa3-4eed-9d27-cd0edcd7c719" 201 - "PUT http://[::1]:6001/3/30558/AUTH_d8c5e0069fac460689fc06414f238cc2/gnocchi.b8fc4f0e-dfa3-4eed-9d27-cd0edcd7c719" "txe4699115ffea4a74a903e-00692c8f72" "container-server 96607" 0.0150 "-" 96311 0
Nov 30 13:39:46 np0005540243.novalocal account-server[96309]: ::1 - - [30/Nov/2025:18:39:46 +0000] "PUT /2/36782/AUTH_d8c5e0069fac460689fc06414f238cc2/gnocchi.128507fc-f932-4a11-b38f-60383873f84a" 201 - "PUT http://[::1]:6001/1/170511/AUTH_d8c5e0069fac460689fc06414f238cc2/gnocchi.128507fc-f932-4a11-b38f-60383873f84a" "tx24ae6125ae704609a28d8-00692c8f72" "container-server 96605" 0.0049 "-" 96309 0
Nov 30 13:39:46 np0005540243.novalocal container-server[96607]: ::1 - - [30/Nov/2025:18:39:46 +0000] "PUT /3/30558/AUTH_d8c5e0069fac460689fc06414f238cc2/gnocchi.b8fc4f0e-dfa3-4eed-9d27-cd0edcd7c719" 201 - "PUT http://[::1]:8080/v1/AUTH_d8c5e0069fac460689fc06414f238cc2/gnocchi.b8fc4f0e-dfa3-4eed-9d27-cd0edcd7c719" "txe4699115ffea4a74a903e-00692c8f72" "proxy-server 92965" 0.0334 "-" 96607 0
Nov 30 13:39:46 np0005540243.novalocal container-server[96605]: ::1 - - [30/Nov/2025:18:39:46 +0000] "PUT /1/170511/AUTH_d8c5e0069fac460689fc06414f238cc2/gnocchi.128507fc-f932-4a11-b38f-60383873f84a" 201 - "PUT http://[::1]:8080/v1/AUTH_d8c5e0069fac460689fc06414f238cc2/gnocchi.128507fc-f932-4a11-b38f-60383873f84a" "tx24ae6125ae704609a28d8-00692c8f72" "proxy-server 92966" 0.0183 "-" 96605 0
Nov 30 13:39:46 np0005540243.novalocal account-server[96312]: ::1 - - [30/Nov/2025:18:39:46 +0000] "PUT /1/36782/AUTH_d8c5e0069fac460689fc06414f238cc2/gnocchi.b8fc4f0e-dfa3-4eed-9d27-cd0edcd7c719" 201 - "PUT http://[::1]:6001/2/30558/AUTH_d8c5e0069fac460689fc06414f238cc2/gnocchi.b8fc4f0e-dfa3-4eed-9d27-cd0edcd7c719" "txe4699115ffea4a74a903e-00692c8f72" "container-server 96605" 0.0085 "-" 96312 0
Nov 30 13:39:46 np0005540243.novalocal container-server[96605]: ::1 - - [30/Nov/2025:18:39:46 +0000] "PUT /2/30558/AUTH_d8c5e0069fac460689fc06414f238cc2/gnocchi.b8fc4f0e-dfa3-4eed-9d27-cd0edcd7c719" 201 - "PUT http://[::1]:8080/v1/AUTH_d8c5e0069fac460689fc06414f238cc2/gnocchi.b8fc4f0e-dfa3-4eed-9d27-cd0edcd7c719" "txe4699115ffea4a74a903e-00692c8f72" "proxy-server 92965" 0.0368 "-" 96605 0
Nov 30 13:39:46 np0005540243.novalocal account-server[96312]: ::1 - - [30/Nov/2025:18:39:46 +0000] "PUT /3/36782/AUTH_d8c5e0069fac460689fc06414f238cc2/gnocchi.128507fc-f932-4a11-b38f-60383873f84a" 201 - "PUT http://[::1]:6001/3/170511/AUTH_d8c5e0069fac460689fc06414f238cc2/gnocchi.128507fc-f932-4a11-b38f-60383873f84a" "tx24ae6125ae704609a28d8-00692c8f72" "container-server 96608" 0.0036 "-" 96312 0
Nov 30 13:39:46 np0005540243.novalocal proxy-server[92965]: ::1 ::1 30/Nov/2025/18/39/46 PUT /v1/AUTH_d8c5e0069fac460689fc06414f238cc2/gnocchi.b8fc4f0e-dfa3-4eed-9d27-cd0edcd7c719 HTTP/1.0 201 - python-swiftclient-4.2.0 gAAAAABpLI9luiBC... - - - txe4699115ffea4a74a903e-00692c8f72 - 0.0466 - - 1764527986.932361841 1764527986.978916407 0
Nov 30 13:39:46 np0005540243.novalocal container-server[96608]: ::1 - - [30/Nov/2025:18:39:46 +0000] "PUT /3/170511/AUTH_d8c5e0069fac460689fc06414f238cc2/gnocchi.128507fc-f932-4a11-b38f-60383873f84a" 201 - "PUT http://[::1]:8080/v1/AUTH_d8c5e0069fac460689fc06414f238cc2/gnocchi.128507fc-f932-4a11-b38f-60383873f84a" "tx24ae6125ae704609a28d8-00692c8f72" "proxy-server 92966" 0.0441 "-" 96608 0
Nov 30 13:39:46 np0005540243.novalocal account-server[96309]: ::1 - - [30/Nov/2025:18:39:46 +0000] "PUT /1/36782/AUTH_d8c5e0069fac460689fc06414f238cc2/gnocchi.128507fc-f932-4a11-b38f-60383873f84a" 201 - "PUT http://[::1]:6001/2/170511/AUTH_d8c5e0069fac460689fc06414f238cc2/gnocchi.128507fc-f932-4a11-b38f-60383873f84a" "tx24ae6125ae704609a28d8-00692c8f72" "container-server 96607" 0.0098 "-" 96309 0
Nov 30 13:39:46 np0005540243.novalocal container-server[96607]: ::1 - - [30/Nov/2025:18:39:46 +0000] "PUT /2/170511/AUTH_d8c5e0069fac460689fc06414f238cc2/gnocchi.128507fc-f932-4a11-b38f-60383873f84a" 201 - "PUT http://[::1]:8080/v1/AUTH_d8c5e0069fac460689fc06414f238cc2/gnocchi.128507fc-f932-4a11-b38f-60383873f84a" "tx24ae6125ae704609a28d8-00692c8f72" "proxy-server 92966" 0.0334 "-" 96607 0
Nov 30 13:39:46 np0005540243.novalocal proxy-server[92966]: ::1 ::1 30/Nov/2025/18/39/46 PUT /v1/AUTH_d8c5e0069fac460689fc06414f238cc2/gnocchi.128507fc-f932-4a11-b38f-60383873f84a HTTP/1.0 201 - python-swiftclient-4.2.0 gAAAAABpLI9eQPaN... - - - tx24ae6125ae704609a28d8-00692c8f72 - 0.0572 - - 1764527986.929162264 1764527986.986387968 0
Nov 30 13:39:46 np0005540243.novalocal container-server[96606]: ::1 - - [30/Nov/2025:18:39:46 +0000] "HEAD /2/30558/AUTH_d8c5e0069fac460689fc06414f238cc2/gnocchi.b8fc4f0e-dfa3-4eed-9d27-cd0edcd7c719" 204 - "HEAD http://[::1]:8080/v1/AUTH_d8c5e0069fac460689fc06414f238cc2/gnocchi.b8fc4f0e-dfa3-4eed-9d27-cd0edcd7c719?format=json&states=listing" "txa062490a62d54ae7a3c20-00692c8f72" "proxy-server 92965" 0.0046 "-" 96606 0
Nov 30 13:39:46 np0005540243.novalocal container-server[96605]: ::1 - - [30/Nov/2025:18:39:46 +0000] "HEAD /1/170511/AUTH_d8c5e0069fac460689fc06414f238cc2/gnocchi.128507fc-f932-4a11-b38f-60383873f84a" 204 - "HEAD http://[::1]:8080/v1/AUTH_d8c5e0069fac460689fc06414f238cc2/gnocchi.128507fc-f932-4a11-b38f-60383873f84a?format=json&states=listing" "txb04e7ffe822f4db0aa68d-00692c8f72" "proxy-server 92966" 0.0015 "-" 96605 0
Nov 30 13:39:47 np0005540243.novalocal container-server[96605]: ::1 - - [30/Nov/2025:18:39:47 +0000] "GET /1/170511/AUTH_d8c5e0069fac460689fc06414f238cc2/gnocchi.128507fc-f932-4a11-b38f-60383873f84a" 200 2 "GET http://[::1]:8080/v1/AUTH_d8c5e0069fac460689fc06414f238cc2/gnocchi.128507fc-f932-4a11-b38f-60383873f84a?format=json&states=listing" "txb04e7ffe822f4db0aa68d-00692c8f72" "proxy-server 92966" 0.0022 "-" 96605 0
Nov 30 13:39:47 np0005540243.novalocal proxy-server[92966]: ::1 ::1 30/Nov/2025/18/39/47 GET /v1/AUTH_d8c5e0069fac460689fc06414f238cc2/gnocchi.128507fc-f932-4a11-b38f-60383873f84a%3Fformat%3Djson%26states%3Dlisting HTTP/1.0 200 - python-swiftclient-4.2.0 gAAAAABpLI9eQPaN... - 2 - txb04e7ffe822f4db0aa68d-00692c8f72 - 0.0170 - - 1764527986.989460468 1764527987.006437302 0
Nov 30 13:39:47 np0005540243.novalocal container-server[96606]: ::1 - - [30/Nov/2025:18:39:47 +0000] "GET /3/30558/AUTH_d8c5e0069fac460689fc06414f238cc2/gnocchi.b8fc4f0e-dfa3-4eed-9d27-cd0edcd7c719" 200 2 "GET http://[::1]:8080/v1/AUTH_d8c5e0069fac460689fc06414f238cc2/gnocchi.b8fc4f0e-dfa3-4eed-9d27-cd0edcd7c719?format=json&states=listing" "txa062490a62d54ae7a3c20-00692c8f72" "proxy-server 92965" 0.0065 "-" 96606 0
Nov 30 13:39:47 np0005540243.novalocal proxy-server[92965]: ::1 ::1 30/Nov/2025/18/39/47 GET /v1/AUTH_d8c5e0069fac460689fc06414f238cc2/gnocchi.b8fc4f0e-dfa3-4eed-9d27-cd0edcd7c719%3Fformat%3Djson%26states%3Dlisting HTTP/1.0 200 - python-swiftclient-4.2.0 gAAAAABpLI9luiBC... - 2 - txa062490a62d54ae7a3c20-00692c8f72 - 0.0278 - - 1764527986.982995033 1764527987.010745049 0
Nov 30 13:39:47 np0005540243.novalocal object-server[96899]: ::1 - - [30/Nov/2025:18:39:47 +0000] "GET /2/57973/AUTH_d8c5e0069fac460689fc06414f238cc2/gnocchi.128507fc-f932-4a11-b38f-60383873f84a/1763640000.0_mean_300.0_v3" 404 70 "GET http://[::1]:8080/v1/AUTH_d8c5e0069fac460689fc06414f238cc2/gnocchi.128507fc-f932-4a11-b38f-60383873f84a/1763640000.0_mean_300.0_v3" "tx0060ba0e2c7b47f3a6979-00692c8f73" "proxy-server 92966" 0.0003 "-" 96899 0
Nov 30 13:39:47 np0005540243.novalocal object-server[96901]: ::1 - - [30/Nov/2025:18:39:47 +0000] "GET /1/57973/AUTH_d8c5e0069fac460689fc06414f238cc2/gnocchi.128507fc-f932-4a11-b38f-60383873f84a/1763640000.0_mean_300.0_v3" 404 70 "GET http://[::1]:8080/v1/AUTH_d8c5e0069fac460689fc06414f238cc2/gnocchi.128507fc-f932-4a11-b38f-60383873f84a/1763640000.0_mean_300.0_v3" "tx0060ba0e2c7b47f3a6979-00692c8f73" "proxy-server 92966" 0.0003 "-" 96901 0
Nov 30 13:39:47 np0005540243.novalocal object-server[96900]: ::1 - - [30/Nov/2025:18:39:47 +0000] "GET /1/139188/AUTH_d8c5e0069fac460689fc06414f238cc2/gnocchi.b8fc4f0e-dfa3-4eed-9d27-cd0edcd7c719/1763640000.0_mean_300.0_v3" 404 70 "GET http://[::1]:8080/v1/AUTH_d8c5e0069fac460689fc06414f238cc2/gnocchi.b8fc4f0e-dfa3-4eed-9d27-cd0edcd7c719/1763640000.0_mean_300.0_v3" "txea2ff6cf838345319fbe8-00692c8f73" "proxy-server 92965" 0.0002 "-" 96900 0
Nov 30 13:39:47 np0005540243.novalocal object-server[96900]: ::1 - - [30/Nov/2025:18:39:47 +0000] "GET /3/57973/AUTH_d8c5e0069fac460689fc06414f238cc2/gnocchi.128507fc-f932-4a11-b38f-60383873f84a/1763640000.0_mean_300.0_v3" 404 70 "GET http://[::1]:8080/v1/AUTH_d8c5e0069fac460689fc06414f238cc2/gnocchi.128507fc-f932-4a11-b38f-60383873f84a/1763640000.0_mean_300.0_v3" "tx0060ba0e2c7b47f3a6979-00692c8f73" "proxy-server 92966" 0.0001 "-" 96900 0
Nov 30 13:39:47 np0005540243.novalocal object-server[96901]: ::1 - - [30/Nov/2025:18:39:47 +0000] "GET /2/139188/AUTH_d8c5e0069fac460689fc06414f238cc2/gnocchi.b8fc4f0e-dfa3-4eed-9d27-cd0edcd7c719/1763640000.0_mean_300.0_v3" 404 70 "GET http://[::1]:8080/v1/AUTH_d8c5e0069fac460689fc06414f238cc2/gnocchi.b8fc4f0e-dfa3-4eed-9d27-cd0edcd7c719/1763640000.0_mean_300.0_v3" "txea2ff6cf838345319fbe8-00692c8f73" "proxy-server 92965" 0.0002 "-" 96901 0
Nov 30 13:39:47 np0005540243.novalocal object-server[96901]: ::1 - - [30/Nov/2025:18:39:47 +0000] "GET /3/139188/AUTH_d8c5e0069fac460689fc06414f238cc2/gnocchi.b8fc4f0e-dfa3-4eed-9d27-cd0edcd7c719/1763640000.0_mean_300.0_v3" 404 70 "GET http://[::1]:8080/v1/AUTH_d8c5e0069fac460689fc06414f238cc2/gnocchi.b8fc4f0e-dfa3-4eed-9d27-cd0edcd7c719/1763640000.0_mean_300.0_v3" "txea2ff6cf838345319fbe8-00692c8f73" "proxy-server 92965" 0.0002 "-" 96901 0
Nov 30 13:39:47 np0005540243.novalocal proxy-server[92966]: ::1 ::1 30/Nov/2025/18/39/47 GET /v1/AUTH_d8c5e0069fac460689fc06414f238cc2/gnocchi.128507fc-f932-4a11-b38f-60383873f84a/1763640000.0_mean_300.0_v3 HTTP/1.0 404 - python-swiftclient-4.2.0 gAAAAABpLI9eQPaN... - 70 - tx0060ba0e2c7b47f3a6979-00692c8f73 - 0.0141 - - 1764527987.008771420 1764527987.022915840 0
Nov 30 13:39:47 np0005540243.novalocal proxy-server[92965]: ::1 ::1 30/Nov/2025/18/39/47 GET /v1/AUTH_d8c5e0069fac460689fc06414f238cc2/gnocchi.b8fc4f0e-dfa3-4eed-9d27-cd0edcd7c719/1763640000.0_mean_300.0_v3 HTTP/1.0 404 - python-swiftclient-4.2.0 gAAAAABpLI9luiBC... - 70 - txea2ff6cf838345319fbe8-00692c8f73 - 0.0091 - - 1764527987.014467478 1764527987.023519516 0
Nov 30 13:39:47 np0005540243.novalocal kernel: MODE SENSE: unimplemented page/subpage: 0x0a/0x05
Nov 30 13:39:47 np0005540243.novalocal kernel: GPT:Primary header thinks Alt. header is not at the end of the disk.
Nov 30 13:39:47 np0005540243.novalocal kernel: GPT:229375 != 2097151
Nov 30 13:39:47 np0005540243.novalocal kernel: GPT:Alternate GPT header not at the end of the disk.
Nov 30 13:39:47 np0005540243.novalocal kernel: GPT:229375 != 2097151
Nov 30 13:39:47 np0005540243.novalocal kernel: GPT: Use GNU Parted to correct GPT errors.
Nov 30 13:39:47 np0005540243.novalocal kernel: sda: sda1 sda15
Nov 30 13:39:47 np0005540243.novalocal container-server[96606]: ::1 - - [30/Nov/2025:18:39:47 +0000] "PUT /3/30558/AUTH_d8c5e0069fac460689fc06414f238cc2/gnocchi.b8fc4f0e-dfa3-4eed-9d27-cd0edcd7c719/1763640000.0_mean_300.0_v3" 201 - "PUT http://[::1]:8080/3/139188/AUTH_d8c5e0069fac460689fc06414f238cc2/gnocchi.b8fc4f0e-dfa3-4eed-9d27-cd0edcd7c719/1763640000.0_mean_300.0_v3" "txaf6a8e579e6c48a79ff6b-00692c8f73" "object-server 96902" 0.0008 "-" 96606 0
Nov 30 13:39:47 np0005540243.novalocal object-server[96902]: ::1 - - [30/Nov/2025:18:39:47 +0000] "PUT /3/139188/AUTH_d8c5e0069fac460689fc06414f238cc2/gnocchi.b8fc4f0e-dfa3-4eed-9d27-cd0edcd7c719/1763640000.0_mean_300.0_v3" 201 - "PUT http://[::1]:8080/v1/AUTH_d8c5e0069fac460689fc06414f238cc2/gnocchi.b8fc4f0e-dfa3-4eed-9d27-cd0edcd7c719/1763640000.0_mean_300.0_v3" "txaf6a8e579e6c48a79ff6b-00692c8f73" "proxy-server 92965" 0.0103 "-" 96902 0
Nov 30 13:39:47 np0005540243.novalocal container-server[96606]: ::1 - - [30/Nov/2025:18:39:47 +0000] "PUT /1/30558/AUTH_d8c5e0069fac460689fc06414f238cc2/gnocchi.b8fc4f0e-dfa3-4eed-9d27-cd0edcd7c719/1763640000.0_mean_300.0_v3" 201 - "PUT http://[::1]:8080/1/139188/AUTH_d8c5e0069fac460689fc06414f238cc2/gnocchi.b8fc4f0e-dfa3-4eed-9d27-cd0edcd7c719/1763640000.0_mean_300.0_v3" "txaf6a8e579e6c48a79ff6b-00692c8f73" "object-server 96899" 0.0005 "-" 96606 0
Nov 30 13:39:47 np0005540243.novalocal kernel: MODE SENSE: unimplemented page/subpage: 0x0a/0x05
Nov 30 13:39:47 np0005540243.novalocal object-server[96899]: ::1 - - [30/Nov/2025:18:39:47 +0000] "PUT /1/139188/AUTH_d8c5e0069fac460689fc06414f238cc2/gnocchi.b8fc4f0e-dfa3-4eed-9d27-cd0edcd7c719/1763640000.0_mean_300.0_v3" 201 - "PUT http://[::1]:8080/v1/AUTH_d8c5e0069fac460689fc06414f238cc2/gnocchi.b8fc4f0e-dfa3-4eed-9d27-cd0edcd7c719/1763640000.0_mean_300.0_v3" "txaf6a8e579e6c48a79ff6b-00692c8f73" "proxy-server 92965" 0.0160 "-" 96899 0
Nov 30 13:39:47 np0005540243.novalocal container-server[96607]: ::1 - - [30/Nov/2025:18:39:47 +0000] "PUT /2/170511/AUTH_d8c5e0069fac460689fc06414f238cc2/gnocchi.128507fc-f932-4a11-b38f-60383873f84a/1763640000.0_mean_300.0_v3" 201 - "PUT http://[::1]:8080/1/57973/AUTH_d8c5e0069fac460689fc06414f238cc2/gnocchi.128507fc-f932-4a11-b38f-60383873f84a/1763640000.0_mean_300.0_v3" "tx7037500e105348d999a5b-00692c8f73" "object-server 96901" 0.0005 "-" 96607 0
Nov 30 13:39:47 np0005540243.novalocal object-server[96901]: ::1 - - [30/Nov/2025:18:39:47 +0000] "PUT /1/57973/AUTH_d8c5e0069fac460689fc06414f238cc2/gnocchi.128507fc-f932-4a11-b38f-60383873f84a/1763640000.0_mean_300.0_v3" 201 - "PUT http://[::1]:8080/v1/AUTH_d8c5e0069fac460689fc06414f238cc2/gnocchi.128507fc-f932-4a11-b38f-60383873f84a/1763640000.0_mean_300.0_v3" "tx7037500e105348d999a5b-00692c8f73" "proxy-server 92966" 0.0181 "-" 96901 0
Nov 30 13:39:47 np0005540243.novalocal container-server[96605]: ::1 - - [30/Nov/2025:18:39:47 +0000] "PUT /3/170511/AUTH_d8c5e0069fac460689fc06414f238cc2/gnocchi.128507fc-f932-4a11-b38f-60383873f84a/1763640000.0_mean_300.0_v3" 201 - "PUT http://[::1]:8080/2/57973/AUTH_d8c5e0069fac460689fc06414f238cc2/gnocchi.128507fc-f932-4a11-b38f-60383873f84a/1763640000.0_mean_300.0_v3" "tx7037500e105348d999a5b-00692c8f73" "object-server 96901" 0.0006 "-" 96605 0
Nov 30 13:39:47 np0005540243.novalocal object-server[96901]: ::1 - - [30/Nov/2025:18:39:47 +0000] "PUT /2/57973/AUTH_d8c5e0069fac460689fc06414f238cc2/gnocchi.128507fc-f932-4a11-b38f-60383873f84a/1763640000.0_mean_300.0_v3" 201 - "PUT http://[::1]:8080/v1/AUTH_d8c5e0069fac460689fc06414f238cc2/gnocchi.128507fc-f932-4a11-b38f-60383873f84a/1763640000.0_mean_300.0_v3" "tx7037500e105348d999a5b-00692c8f73" "proxy-server 92966" 0.0185 "-" 96901 0
Nov 30 13:39:47 np0005540243.novalocal container-server[96605]: ::1 - - [30/Nov/2025:18:39:47 +0000] "PUT /1/170511/AUTH_d8c5e0069fac460689fc06414f238cc2/gnocchi.128507fc-f932-4a11-b38f-60383873f84a/1763640000.0_mean_300.0_v3" 201 - "PUT http://[::1]:8080/3/57973/AUTH_d8c5e0069fac460689fc06414f238cc2/gnocchi.128507fc-f932-4a11-b38f-60383873f84a/1763640000.0_mean_300.0_v3" "tx7037500e105348d999a5b-00692c8f73" "object-server 96899" 0.0004 "-" 96605 0
Nov 30 13:39:47 np0005540243.novalocal object-server[96899]: ::1 - - [30/Nov/2025:18:39:47 +0000] "PUT /3/57973/AUTH_d8c5e0069fac460689fc06414f238cc2/gnocchi.128507fc-f932-4a11-b38f-60383873f84a/1763640000.0_mean_300.0_v3" 201 - "PUT http://[::1]:8080/v1/AUTH_d8c5e0069fac460689fc06414f238cc2/gnocchi.128507fc-f932-4a11-b38f-60383873f84a/1763640000.0_mean_300.0_v3" "tx7037500e105348d999a5b-00692c8f73" "proxy-server 92966" 0.0195 "-" 96899 0
Nov 30 13:39:47 np0005540243.novalocal proxy-server[92966]: ::1 ::1 30/Nov/2025/18/39/47 PUT /v1/AUTH_d8c5e0069fac460689fc06414f238cc2/gnocchi.128507fc-f932-4a11-b38f-60383873f84a/1763640000.0_mean_300.0_v3 HTTP/1.0 201 - python-swiftclient-4.2.0 gAAAAABpLI9eQPaN... 16 - - tx7037500e105348d999a5b-00692c8f73 - 0.0326 - - 1764527987.028605223 1764527987.061182737 0
Nov 30 13:39:47 np0005540243.novalocal kernel: GPT:Primary header thinks Alt. header is not at the end of the disk.
Nov 30 13:39:47 np0005540243.novalocal kernel: GPT:229375 != 2097151
Nov 30 13:39:47 np0005540243.novalocal kernel: GPT:Alternate GPT header not at the end of the disk.
Nov 30 13:39:47 np0005540243.novalocal kernel: GPT:229375 != 2097151
Nov 30 13:39:47 np0005540243.novalocal kernel: GPT: Use GNU Parted to correct GPT errors.
Nov 30 13:39:47 np0005540243.novalocal kernel: sda: sda1 sda15
Nov 30 13:39:47 np0005540243.novalocal container-server[96606]: ::1 - - [30/Nov/2025:18:39:47 +0000] "PUT /2/30558/AUTH_d8c5e0069fac460689fc06414f238cc2/gnocchi.b8fc4f0e-dfa3-4eed-9d27-cd0edcd7c719/1763640000.0_mean_300.0_v3" 201 - "PUT http://[::1]:8080/2/139188/AUTH_d8c5e0069fac460689fc06414f238cc2/gnocchi.b8fc4f0e-dfa3-4eed-9d27-cd0edcd7c719/1763640000.0_mean_300.0_v3" "txaf6a8e579e6c48a79ff6b-00692c8f73" "object-server 96900" 0.0144 "-" 96606 0
Nov 30 13:39:47 np0005540243.novalocal object-server[96900]: ::1 - - [30/Nov/2025:18:39:47 +0000] "PUT /2/139188/AUTH_d8c5e0069fac460689fc06414f238cc2/gnocchi.b8fc4f0e-dfa3-4eed-9d27-cd0edcd7c719/1763640000.0_mean_300.0_v3" 201 - "PUT http://[::1]:8080/v1/AUTH_d8c5e0069fac460689fc06414f238cc2/gnocchi.b8fc4f0e-dfa3-4eed-9d27-cd0edcd7c719/1763640000.0_mean_300.0_v3" "txaf6a8e579e6c48a79ff6b-00692c8f73" "proxy-server 92965" 0.0395 "-" 96900 0
Nov 30 13:39:47 np0005540243.novalocal proxy-server[92965]: ::1 ::1 30/Nov/2025/18/39/47 PUT /v1/AUTH_d8c5e0069fac460689fc06414f238cc2/gnocchi.b8fc4f0e-dfa3-4eed-9d27-cd0edcd7c719/1763640000.0_mean_300.0_v3 HTTP/1.0 201 - python-swiftclient-4.2.0 gAAAAABpLI9luiBC... 16 - - txaf6a8e579e6c48a79ff6b-00692c8f73 - 0.0500 - - 1764527987.025990963 1764527987.076011419 0
Nov 30 13:39:47 np0005540243.novalocal container-server[96605]: ::1 - - [30/Nov/2025:18:39:47 +0000] "PUT /1/170511/AUTH_d8c5e0069fac460689fc06414f238cc2/gnocchi.128507fc-f932-4a11-b38f-60383873f84a/none_v3" 201 - "PUT http://[::1]:8080/1/240494/AUTH_d8c5e0069fac460689fc06414f238cc2/gnocchi.128507fc-f932-4a11-b38f-60383873f84a/none_v3" "tx9f0adf30288d42cc8c136-00692c8f73" "object-server 96900" 0.0004 "-" 96605 0
Nov 30 13:39:47 np0005540243.novalocal object-server[96900]: ::1 - - [30/Nov/2025:18:39:47 +0000] "PUT /1/240494/AUTH_d8c5e0069fac460689fc06414f238cc2/gnocchi.128507fc-f932-4a11-b38f-60383873f84a/none_v3" 201 - "PUT http://[::1]:8080/v1/AUTH_d8c5e0069fac460689fc06414f238cc2/gnocchi.128507fc-f932-4a11-b38f-60383873f84a/none_v3" "tx9f0adf30288d42cc8c136-00692c8f73" "proxy-server 92966" 0.0156 "-" 96900 0
Nov 30 13:39:47 np0005540243.novalocal kernel: qvb53e487be-e8: left allmulticast mode
Nov 30 13:39:47 np0005540243.novalocal kernel: qvb53e487be-e8: left promiscuous mode
Nov 30 13:39:47 np0005540243.novalocal kernel: qbr53e487be-e8: port 1(qvb53e487be-e8) entered disabled state
Nov 30 13:39:47 np0005540243.novalocal container-server[96607]: ::1 - - [30/Nov/2025:18:39:47 +0000] "PUT /2/30558/AUTH_d8c5e0069fac460689fc06414f238cc2/gnocchi.b8fc4f0e-dfa3-4eed-9d27-cd0edcd7c719/none_v3" 201 - "PUT http://[::1]:8080/3/153156/AUTH_d8c5e0069fac460689fc06414f238cc2/gnocchi.b8fc4f0e-dfa3-4eed-9d27-cd0edcd7c719/none_v3" "tx3bd9fb92f0c74cdb9b15c-00692c8f73" "object-server 96902" 0.0018 "-" 96607 0
Nov 30 13:39:47 np0005540243.novalocal container-server[96608]: ::1 - - [30/Nov/2025:18:39:47 +0000] "PUT /3/30558/AUTH_d8c5e0069fac460689fc06414f238cc2/gnocchi.b8fc4f0e-dfa3-4eed-9d27-cd0edcd7c719/none_v3" 201 - "PUT http://[::1]:8080/1/153156/AUTH_d8c5e0069fac460689fc06414f238cc2/gnocchi.b8fc4f0e-dfa3-4eed-9d27-cd0edcd7c719/none_v3" "tx3bd9fb92f0c74cdb9b15c-00692c8f73" "object-server 96899" 0.0004 "-" 96608 0
Nov 30 13:39:47 np0005540243.novalocal object-server[96902]: ::1 - - [30/Nov/2025:18:39:47 +0000] "PUT /3/153156/AUTH_d8c5e0069fac460689fc06414f238cc2/gnocchi.b8fc4f0e-dfa3-4eed-9d27-cd0edcd7c719/none_v3" 201 - "PUT http://[::1]:8080/v1/AUTH_d8c5e0069fac460689fc06414f238cc2/gnocchi.b8fc4f0e-dfa3-4eed-9d27-cd0edcd7c719/none_v3" "tx3bd9fb92f0c74cdb9b15c-00692c8f73" "proxy-server 92965" 0.0151 "-" 96902 0
Nov 30 13:39:47 np0005540243.novalocal container-server[96607]: ::1 - - [30/Nov/2025:18:39:47 +0000] "PUT /2/170511/AUTH_d8c5e0069fac460689fc06414f238cc2/gnocchi.128507fc-f932-4a11-b38f-60383873f84a/none_v3" 201 - "PUT http://[::1]:8080/3/240494/AUTH_d8c5e0069fac460689fc06414f238cc2/gnocchi.128507fc-f932-4a11-b38f-60383873f84a/none_v3" "tx9f0adf30288d42cc8c136-00692c8f73" "object-server 96902" 0.0004 "-" 96607 0
Nov 30 13:39:47 np0005540243.novalocal object-server[96902]: ::1 - - [30/Nov/2025:18:39:47 +0000] "PUT /3/240494/AUTH_d8c5e0069fac460689fc06414f238cc2/gnocchi.128507fc-f932-4a11-b38f-60383873f84a/none_v3" 201 - "PUT http://[::1]:8080/v1/AUTH_d8c5e0069fac460689fc06414f238cc2/gnocchi.128507fc-f932-4a11-b38f-60383873f84a/none_v3" "tx9f0adf30288d42cc8c136-00692c8f73" "proxy-server 92966" 0.0194 "-" 96902 0
Nov 30 13:39:47 np0005540243.novalocal container-server[96607]: ::1 - - [30/Nov/2025:18:39:47 +0000] "PUT /3/170511/AUTH_d8c5e0069fac460689fc06414f238cc2/gnocchi.128507fc-f932-4a11-b38f-60383873f84a/none_v3" 201 - "PUT http://[::1]:8080/2/240494/AUTH_d8c5e0069fac460689fc06414f238cc2/gnocchi.128507fc-f932-4a11-b38f-60383873f84a/none_v3" "tx9f0adf30288d42cc8c136-00692c8f73" "object-server 96901" 0.0003 "-" 96607 0
Nov 30 13:39:47 np0005540243.novalocal object-server[96899]: ::1 - - [30/Nov/2025:18:39:47 +0000] "PUT /1/153156/AUTH_d8c5e0069fac460689fc06414f238cc2/gnocchi.b8fc4f0e-dfa3-4eed-9d27-cd0edcd7c719/none_v3" 201 - "PUT http://[::1]:8080/v1/AUTH_d8c5e0069fac460689fc06414f238cc2/gnocchi.b8fc4f0e-dfa3-4eed-9d27-cd0edcd7c719/none_v3" "tx3bd9fb92f0c74cdb9b15c-00692c8f73" "proxy-server 92965" 0.0179 "-" 96899 0
Nov 30 13:39:47 np0005540243.novalocal object-server[96901]: ::1 - - [30/Nov/2025:18:39:47 +0000] "PUT /2/240494/AUTH_d8c5e0069fac460689fc06414f238cc2/gnocchi.128507fc-f932-4a11-b38f-60383873f84a/none_v3" 201 - "PUT http://[::1]:8080/v1/AUTH_d8c5e0069fac460689fc06414f238cc2/gnocchi.128507fc-f932-4a11-b38f-60383873f84a/none_v3" "tx9f0adf30288d42cc8c136-00692c8f73" "proxy-server 92966" 0.0236 "-" 96901 0
Nov 30 13:39:47 np0005540243.novalocal container-server[96605]: ::1 - - [30/Nov/2025:18:39:47 +0000] "PUT /1/30558/AUTH_d8c5e0069fac460689fc06414f238cc2/gnocchi.b8fc4f0e-dfa3-4eed-9d27-cd0edcd7c719/none_v3" 201 - "PUT http://[::1]:8080/2/153156/AUTH_d8c5e0069fac460689fc06414f238cc2/gnocchi.b8fc4f0e-dfa3-4eed-9d27-cd0edcd7c719/none_v3" "tx3bd9fb92f0c74cdb9b15c-00692c8f73" "object-server 96899" 0.0004 "-" 96605 0
Nov 30 13:39:47 np0005540243.novalocal object-server[96899]: ::1 - - [30/Nov/2025:18:39:47 +0000] "PUT /2/153156/AUTH_d8c5e0069fac460689fc06414f238cc2/gnocchi.b8fc4f0e-dfa3-4eed-9d27-cd0edcd7c719/none_v3" 201 - "PUT http://[::1]:8080/v1/AUTH_d8c5e0069fac460689fc06414f238cc2/gnocchi.b8fc4f0e-dfa3-4eed-9d27-cd0edcd7c719/none_v3" "tx3bd9fb92f0c74cdb9b15c-00692c8f73" "proxy-server 92965" 0.0196 "-" 96899 0
Nov 30 13:39:47 np0005540243.novalocal proxy-server[92965]: ::1 ::1 30/Nov/2025/18/39/47 PUT /v1/AUTH_d8c5e0069fac460689fc06414f238cc2/gnocchi.b8fc4f0e-dfa3-4eed-9d27-cd0edcd7c719/none_v3 HTTP/1.0 201 - python-swiftclient-4.2.0 gAAAAABpLI9luiBC... 22 - - tx3bd9fb92f0c74cdb9b15c-00692c8f73 - 0.0284 - - 1764527987.079167604 1764527987.107578039 0
Nov 30 13:39:47 np0005540243.novalocal proxy-server[92966]: ::1 ::1 30/Nov/2025/18/39/47 PUT /v1/AUTH_d8c5e0069fac460689fc06414f238cc2/gnocchi.128507fc-f932-4a11-b38f-60383873f84a/none_v3 HTTP/1.0 201 - python-swiftclient-4.2.0 gAAAAABpLI9eQPaN... 22 - - tx9f0adf30288d42cc8c136-00692c8f73 - 0.0417 - - 1764527987.067300558 1764527987.108972311 0
Nov 30 13:39:47 np0005540243.novalocal NetworkManager[856]: [1764527987.1162] device (qbr53e487be-e8): bridge port qvb53e487be-e8 was detached
Nov 30 13:39:47 np0005540243.novalocal NetworkManager[856]: [1764527987.1168] device (qbr53e487be-e8): state change: activated -> unmanaged (reason 'unmanaged', managed-type: 'removed')
Nov 30 13:39:47 np0005540243.novalocal container-server[96606]: ::1 - - [30/Nov/2025:18:39:47 +0000] "HEAD /3/58645/AUTH_d8c5e0069fac460689fc06414f238cc2/gnocchi.4eeab45b-25a8-47d3-b715-c893ebe09e4d" 404 - "HEAD http://[::1]:8080/v1/AUTH_d8c5e0069fac460689fc06414f238cc2/gnocchi.4eeab45b-25a8-47d3-b715-c893ebe09e4d?format=json&states=listing" "txf11b978c0ec945bd9d3f5-00692c8f73" "proxy-server 92965" 0.0003 "-" 96606 0
Nov 30 13:39:47 np0005540243.novalocal container-server[96608]: ::1 - - [30/Nov/2025:18:39:47 +0000] "HEAD /1/58645/AUTH_d8c5e0069fac460689fc06414f238cc2/gnocchi.4eeab45b-25a8-47d3-b715-c893ebe09e4d" 404 - "HEAD http://[::1]:8080/v1/AUTH_d8c5e0069fac460689fc06414f238cc2/gnocchi.4eeab45b-25a8-47d3-b715-c893ebe09e4d?format=json&states=listing" "txf11b978c0ec945bd9d3f5-00692c8f73" "proxy-server 92965" 0.0003 "-" 96608 0
Nov 30 13:39:47 np0005540243.novalocal kernel: qvo53e487be-e8: left promiscuous mode
Nov 30 13:39:47 np0005540243.novalocal container-server[96606]: ::1 - - [30/Nov/2025:18:39:47 +0000] "HEAD /2/177751/AUTH_d8c5e0069fac460689fc06414f238cc2/gnocchi.37db4433-4d68-4d04-8bda-4a1931ea08c8" 404 - "HEAD http://[::1]:8080/v1/AUTH_d8c5e0069fac460689fc06414f238cc2/gnocchi.37db4433-4d68-4d04-8bda-4a1931ea08c8?format=json&states=listing" "tx8f2e95586c874b7699419-00692c8f73" "proxy-server 92966" 0.0003 "-" 96606 0
Nov 30 13:39:47 np0005540243.novalocal container-server[96606]: ::1 - - [30/Nov/2025:18:39:47 +0000] "HEAD /2/58645/AUTH_d8c5e0069fac460689fc06414f238cc2/gnocchi.4eeab45b-25a8-47d3-b715-c893ebe09e4d" 404 - "HEAD http://[::1]:8080/v1/AUTH_d8c5e0069fac460689fc06414f238cc2/gnocchi.4eeab45b-25a8-47d3-b715-c893ebe09e4d?format=json&states=listing" "txf11b978c0ec945bd9d3f5-00692c8f73" "proxy-server 92965" 0.0002 "-" 96606 0
Nov 30 13:39:47 np0005540243.novalocal container-server[96607]: ::1 - - [30/Nov/2025:18:39:47 +0000] "HEAD /3/177751/AUTH_d8c5e0069fac460689fc06414f238cc2/gnocchi.37db4433-4d68-4d04-8bda-4a1931ea08c8" 404 - "HEAD http://[::1]:8080/v1/AUTH_d8c5e0069fac460689fc06414f238cc2/gnocchi.37db4433-4d68-4d04-8bda-4a1931ea08c8?format=json&states=listing" "tx8f2e95586c874b7699419-00692c8f73" "proxy-server 92966" 0.0003 "-" 96607 0
Nov 30 13:39:47 np0005540243.novalocal object-server[96900]: ::1 - - [30/Nov/2025:18:39:47 +0000] "GET /2/65563/AUTH_d8c5e0069fac460689fc06414f238cc2/gnocchi.4eeab45b-25a8-47d3-b715-c893ebe09e4d/none_v3" 404 70 "GET http://[::1]:8080/v1/AUTH_d8c5e0069fac460689fc06414f238cc2/gnocchi.4eeab45b-25a8-47d3-b715-c893ebe09e4d/none_v3" "txf11b978c0ec945bd9d3f5-00692c8f73" "proxy-server 92965" 0.0003 "-" 96900 0
Nov 30 13:39:47 np0005540243.novalocal container-server[96607]: ::1 - - [30/Nov/2025:18:39:47 +0000] "HEAD /1/177751/AUTH_d8c5e0069fac460689fc06414f238cc2/gnocchi.37db4433-4d68-4d04-8bda-4a1931ea08c8" 404 - "HEAD http://[::1]:8080/v1/AUTH_d8c5e0069fac460689fc06414f238cc2/gnocchi.37db4433-4d68-4d04-8bda-4a1931ea08c8?format=json&states=listing" "tx8f2e95586c874b7699419-00692c8f73" "proxy-server 92966" 0.0003 "-" 96607 0
