Nov 30 13:40:54 np0005540243.novalocal object-server[96902]: ::1 - - [30/Nov/2025:18:40:54 +0000] "PUT /2/37226/AUTH_d8c5e0069fac460689fc06414f238cc2/gnocchi.5038ce83-fbe0-4318-8628-9f0e6376a298/none_v3" 201 - "PUT http://[::1]:8080/v1/AUTH_d8c5e0069fac460689fc06414f238cc2/gnocchi.5038ce83-fbe0-4318-8628-9f0e6376a298/none_v3" "txc7c9294f6e9f4e6884c3a-00692c8fb6" "proxy-server 92965" 0.0124 "-" 96902 0
Nov 30 13:40:54 np0005540243.novalocal container-server[96607]: ::1 - - [30/Nov/2025:18:40:54 +0000] "PUT /3/19863/AUTH_d8c5e0069fac460689fc06414f238cc2/gnocchi.09cede7e-e172-4fbe-bf05-50a59beaf51d/none_v3" 201 - "PUT http://[::1]:8080/2/67148/AUTH_d8c5e0069fac460689fc06414f238cc2/gnocchi.09cede7e-e172-4fbe-bf05-50a59beaf51d/none_v3" "tx0ee179d2155a45a393bbb-00692c8fb6" "object-server 96901" 0.0004 "-" 96607 0
Nov 30 13:40:54 np0005540243.novalocal object-server[96901]: ::1 - - [30/Nov/2025:18:40:54 +0000] "PUT /2/67148/AUTH_d8c5e0069fac460689fc06414f238cc2/gnocchi.09cede7e-e172-4fbe-bf05-50a59beaf51d/none_v3" 201 - "PUT http://[::1]:8080/v1/AUTH_d8c5e0069fac460689fc06414f238cc2/gnocchi.09cede7e-e172-4fbe-bf05-50a59beaf51d/none_v3" "tx0ee179d2155a45a393bbb-00692c8fb6" "proxy-server 92966" 0.0126 "-" 96901 0
Nov 30 13:40:54 np0005540243.novalocal container-server[96606]: ::1 - - [30/Nov/2025:18:40:54 +0000] "PUT /1/19863/AUTH_d8c5e0069fac460689fc06414f238cc2/gnocchi.09cede7e-e172-4fbe-bf05-50a59beaf51d/none_v3" 201 - "PUT http://[::1]:8080/1/67148/AUTH_d8c5e0069fac460689fc06414f238cc2/gnocchi.09cede7e-e172-4fbe-bf05-50a59beaf51d/none_v3" "tx0ee179d2155a45a393bbb-00692c8fb6" "object-server 96902" 0.0004 "-" 96606 0
Nov 30 13:40:54 np0005540243.novalocal container-server[96608]: ::1 - - [30/Nov/2025:18:40:54 +0000] "PUT /2/19863/AUTH_d8c5e0069fac460689fc06414f238cc2/gnocchi.09cede7e-e172-4fbe-bf05-50a59beaf51d/none_v3" 201 - "PUT http://[::1]:8080/3/67148/AUTH_d8c5e0069fac460689fc06414f238cc2/gnocchi.09cede7e-e172-4fbe-bf05-50a59beaf51d/none_v3" "tx0ee179d2155a45a393bbb-00692c8fb6" "object-server 96902" 0.0005 "-" 96608 0
Nov 30 13:40:54 np0005540243.novalocal object-server[96902]: ::1 - - [30/Nov/2025:18:40:54 +0000] "PUT /1/67148/AUTH_d8c5e0069fac460689fc06414f238cc2/gnocchi.09cede7e-e172-4fbe-bf05-50a59beaf51d/none_v3" 201 - "PUT http://[::1]:8080/v1/AUTH_d8c5e0069fac460689fc06414f238cc2/gnocchi.09cede7e-e172-4fbe-bf05-50a59beaf51d/none_v3" "tx0ee179d2155a45a393bbb-00692c8fb6" "proxy-server 92966" 0.0141 "-" 96902 0
Nov 30 13:40:54 np0005540243.novalocal object-server[96902]: ::1 - - [30/Nov/2025:18:40:54 +0000] "PUT /3/67148/AUTH_d8c5e0069fac460689fc06414f238cc2/gnocchi.09cede7e-e172-4fbe-bf05-50a59beaf51d/none_v3" 201 - "PUT http://[::1]:8080/v1/AUTH_d8c5e0069fac460689fc06414f238cc2/gnocchi.09cede7e-e172-4fbe-bf05-50a59beaf51d/none_v3" "tx0ee179d2155a45a393bbb-00692c8fb6" "proxy-server 92966" 0.0133 "-" 96902 0
Nov 30 13:40:54 np0005540243.novalocal proxy-server[92966]: ::1 ::1 30/Nov/2025/18/40/54 PUT /v1/AUTH_d8c5e0069fac460689fc06414f238cc2/gnocchi.09cede7e-e172-4fbe-bf05-50a59beaf51d/none_v3 HTTP/1.0 201 - python-swiftclient-4.2.0 gAAAAABpLI9eQPaN... 36 - - tx0ee179d2155a45a393bbb-00692c8fb6 - 0.0229 - - 1764528054.550240040 1764528054.573123693 0
Nov 30 13:40:54 np0005540243.novalocal container-server[96607]: ::1 - - [30/Nov/2025:18:40:54 +0000] "PUT /2/95630/AUTH_d8c5e0069fac460689fc06414f238cc2/gnocchi.5038ce83-fbe0-4318-8628-9f0e6376a298/none_v3" 201 - "PUT http://[::1]:8080/1/37226/AUTH_d8c5e0069fac460689fc06414f238cc2/gnocchi.5038ce83-fbe0-4318-8628-9f0e6376a298/none_v3" "txc7c9294f6e9f4e6884c3a-00692c8fb6" "object-server 96902" 0.0005 "-" 96607 0
Nov 30 13:40:54 np0005540243.novalocal object-server[96902]: ::1 - - [30/Nov/2025:18:40:54 +0000] "PUT /1/37226/AUTH_d8c5e0069fac460689fc06414f238cc2/gnocchi.5038ce83-fbe0-4318-8628-9f0e6376a298/none_v3" 201 - "PUT http://[::1]:8080/v1/AUTH_d8c5e0069fac460689fc06414f238cc2/gnocchi.5038ce83-fbe0-4318-8628-9f0e6376a298/none_v3" "txc7c9294f6e9f4e6884c3a-00692c8fb6" "proxy-server 92965" 0.0252 "-" 96902 0
Nov 30 13:40:54 np0005540243.novalocal proxy-server[92965]: ::1 ::1 30/Nov/2025/18/40/54 PUT /v1/AUTH_d8c5e0069fac460689fc06414f238cc2/gnocchi.5038ce83-fbe0-4318-8628-9f0e6376a298/none_v3 HTTP/1.0 201 - python-swiftclient-4.2.0 gAAAAABpLI9luiBC... 43 - - txc7c9294f6e9f4e6884c3a-00692c8fb6 - 0.0332 - - 1764528054.544204473 1764528054.577418566 0
Nov 30 13:40:54 np0005540243.novalocal object-server[96901]: ::1 - - [30/Nov/2025:18:40:54 +0000] "GET /1/81435/AUTH_d8c5e0069fac460689fc06414f238cc2/gnocchi.d4c1e6ac-7fc6-4006-8895-8ae0ba3d3cff/none_v3" 200 45 "GET http://[::1]:8080/v1/AUTH_d8c5e0069fac460689fc06414f238cc2/gnocchi.d4c1e6ac-7fc6-4006-8895-8ae0ba3d3cff/none_v3" "tx583678b4e24a4de39a0eb-00692c8fb6" "proxy-server 92965" 0.0006 "-" 96901 0
Nov 30 13:40:54 np0005540243.novalocal object-server[96902]: ::1 - - [30/Nov/2025:18:40:54 +0000] "GET /1/164864/AUTH_d8c5e0069fac460689fc06414f238cc2/gnocchi.7f782626-7bb0-4713-9f9f-56562dfc34f2/none_v3" 200 45 "GET http://[::1]:8080/v1/AUTH_d8c5e0069fac460689fc06414f238cc2/gnocchi.7f782626-7bb0-4713-9f9f-56562dfc34f2/none_v3" "tx34c50485ec144377aa566-00692c8fb6" "proxy-server 92966" 0.0006 "-" 96902 0
Nov 30 13:40:54 np0005540243.novalocal proxy-server[92965]: ::1 ::1 30/Nov/2025/18/40/54 GET /v1/AUTH_d8c5e0069fac460689fc06414f238cc2/gnocchi.d4c1e6ac-7fc6-4006-8895-8ae0ba3d3cff/none_v3 HTTP/1.0 200 - python-swiftclient-4.2.0 gAAAAABpLI9luiBC... - 45 - tx583678b4e24a4de39a0eb-00692c8fb6 - 0.0052 - - 1764528054.613931179 1764528054.619172335 0
Nov 30 13:40:54 np0005540243.novalocal proxy-server[92966]: ::1 ::1 30/Nov/2025/18/40/54 GET /v1/AUTH_d8c5e0069fac460689fc06414f238cc2/gnocchi.7f782626-7bb0-4713-9f9f-56562dfc34f2/none_v3 HTTP/1.0 200 - python-swiftclient-4.2.0 gAAAAABpLI9eQPaN... - 45 - tx34c50485ec144377aa566-00692c8fb6 - 0.0072 - - 1764528054.613496780 1764528054.620724678 0
Nov 30 13:40:54 np0005540243.novalocal container-server[96606]: ::1 - - [30/Nov/2025:18:40:54 +0000] "GET /1/231667/AUTH_d8c5e0069fac460689fc06414f238cc2/gnocchi.d4c1e6ac-7fc6-4006-8895-8ae0ba3d3cff" 200 357 "GET http://[::1]:8080/v1/AUTH_d8c5e0069fac460689fc06414f238cc2/gnocchi.d4c1e6ac-7fc6-4006-8895-8ae0ba3d3cff?format=json&states=listing" "txf7532c92d6bd4bf5aa097-00692c8fb6" "proxy-server 92965" 0.0051 "-" 96606 0
Nov 30 13:40:54 np0005540243.novalocal proxy-server[92965]: ::1 ::1 30/Nov/2025/18/40/54 GET /v1/AUTH_d8c5e0069fac460689fc06414f238cc2/gnocchi.d4c1e6ac-7fc6-4006-8895-8ae0ba3d3cff%3Fformat%3Djson%26states%3Dlisting HTTP/1.0 200 - python-swiftclient-4.2.0 gAAAAABpLI9luiBC... - 357 - txf7532c92d6bd4bf5aa097-00692c8fb6 - 0.0094 - - 1764528054.622796774 1764528054.632217407 0
Nov 30 13:40:54 np0005540243.novalocal container-server[96607]: ::1 - - [30/Nov/2025:18:40:54 +0000] "GET /2/259252/AUTH_d8c5e0069fac460689fc06414f238cc2/gnocchi.7f782626-7bb0-4713-9f9f-56562dfc34f2" 200 357 "GET http://[::1]:8080/v1/AUTH_d8c5e0069fac460689fc06414f238cc2/gnocchi.7f782626-7bb0-4713-9f9f-56562dfc34f2?format=json&states=listing" "tx549a6a36011d4562bfa38-00692c8fb6" "proxy-server 92966" 0.0066 "-" 96607 0
Nov 30 13:40:54 np0005540243.novalocal proxy-server[92966]: ::1 ::1 30/Nov/2025/18/40/54 GET /v1/AUTH_d8c5e0069fac460689fc06414f238cc2/gnocchi.7f782626-7bb0-4713-9f9f-56562dfc34f2%3Fformat%3Djson%26states%3Dlisting HTTP/1.0 200 - python-swiftclient-4.2.0 gAAAAABpLI9eQPaN... - 357 - tx549a6a36011d4562bfa38-00692c8fb6 - 0.0144 - - 1764528054.624763966 1764528054.639172792 0
Nov 30 13:40:54 np0005540243.novalocal container-server[96606]: ::1 - - [30/Nov/2025:18:40:54 +0000] "GET /3/231667/AUTH_d8c5e0069fac460689fc06414f238cc2/gnocchi.d4c1e6ac-7fc6-4006-8895-8ae0ba3d3cff" 200 2 "GET http://[::1]:8080/v1/AUTH_d8c5e0069fac460689fc06414f238cc2/gnocchi.d4c1e6ac-7fc6-4006-8895-8ae0ba3d3cff?format=json&marker=none_v3&states=listing" "tx8602aa8c534a4a9d8cb36-00692c8fb6" "proxy-server 92965" 0.0054 "-" 96606 0
Nov 30 13:40:54 np0005540243.novalocal proxy-server[92965]: ::1 ::1 30/Nov/2025/18/40/54 GET /v1/AUTH_d8c5e0069fac460689fc06414f238cc2/gnocchi.d4c1e6ac-7fc6-4006-8895-8ae0ba3d3cff%3Fformat%3Djson%26marker%3Dnone_v3%26states%3Dlisting HTTP/1.0 200 - python-swiftclient-4.2.0 gAAAAABpLI9luiBC... - 2 - tx8602aa8c534a4a9d8cb36-00692c8fb6 - 0.0092 - - 1764528054.634423018 1764528054.643597841 0
Nov 30 13:40:54 np0005540243.novalocal object-server[96902]: ::1 - - [30/Nov/2025:18:40:54 +0000] "GET /2/138501/AUTH_d8c5e0069fac460689fc06414f238cc2/gnocchi.d4c1e6ac-7fc6-4006-8895-8ae0ba3d3cff/1763640000.0_mean_300.0_v3" 200 16 "GET http://[::1]:8080/v1/AUTH_d8c5e0069fac460689fc06414f238cc2/gnocchi.d4c1e6ac-7fc6-4006-8895-8ae0ba3d3cff/1763640000.0_mean_300.0_v3" "tx4061d55326ea488f8d5ec-00692c8fb6" "proxy-server 92965" 0.0006 "-" 96902 0
Nov 30 13:40:54 np0005540243.novalocal proxy-server[92965]: ::1 ::1 30/Nov/2025/18/40/54 GET /v1/AUTH_d8c5e0069fac460689fc06414f238cc2/gnocchi.d4c1e6ac-7fc6-4006-8895-8ae0ba3d3cff/1763640000.0_mean_300.0_v3 HTTP/1.0 200 - python-swiftclient-4.2.0 gAAAAABpLI9luiBC... - 16 - tx4061d55326ea488f8d5ec-00692c8fb6 - 0.0052 - - 1764528054.646108627 1764528054.651299953 0
Nov 30 13:40:54 np0005540243.novalocal container-server[96605]: ::1 - - [30/Nov/2025:18:40:54 +0000] "GET /3/259252/AUTH_d8c5e0069fac460689fc06414f238cc2/gnocchi.7f782626-7bb0-4713-9f9f-56562dfc34f2" 200 2 "GET http://[::1]:8080/v1/AUTH_d8c5e0069fac460689fc06414f238cc2/gnocchi.7f782626-7bb0-4713-9f9f-56562dfc34f2?format=json&marker=none_v3&states=listing" "txee6085c6dda34bb7abda5-00692c8fb6" "proxy-server 92966" 0.0069 "-" 96605 0
Nov 30 13:40:54 np0005540243.novalocal proxy-server[92966]: ::1 ::1 30/Nov/2025/18/40/54 GET /v1/AUTH_d8c5e0069fac460689fc06414f238cc2/gnocchi.7f782626-7bb0-4713-9f9f-56562dfc34f2%3Fformat%3Djson%26marker%3Dnone_v3%26states%3Dlisting HTTP/1.0 200 - python-swiftclient-4.2.0 gAAAAABpLI9eQPaN... - 2 - txee6085c6dda34bb7abda5-00692c8fb6 - 0.0155 - - 1764528054.641444445 1764528054.656972647 0
Nov 30 13:40:54 np0005540243.novalocal container-server[96605]: ::1 - - [30/Nov/2025:18:40:54 +0000] "PUT /2/231667/AUTH_d8c5e0069fac460689fc06414f238cc2/gnocchi.d4c1e6ac-7fc6-4006-8895-8ae0ba3d3cff/1763640000.0_mean_300.0_v3" 201 - "PUT http://[::1]:8080/2/138501/AUTH_d8c5e0069fac460689fc06414f238cc2/gnocchi.d4c1e6ac-7fc6-4006-8895-8ae0ba3d3cff/1763640000.0_mean_300.0_v3" "tx1d401d0abd7d42d79556e-00692c8fb6" "object-server 96901" 0.0006 "-" 96605 0
Nov 30 13:40:54 np0005540243.novalocal object-server[96901]: ::1 - - [30/Nov/2025:18:40:54 +0000] "PUT /2/138501/AUTH_d8c5e0069fac460689fc06414f238cc2/gnocchi.d4c1e6ac-7fc6-4006-8895-8ae0ba3d3cff/1763640000.0_mean_300.0_v3" 201 - "PUT http://[::1]:8080/v1/AUTH_d8c5e0069fac460689fc06414f238cc2/gnocchi.d4c1e6ac-7fc6-4006-8895-8ae0ba3d3cff/1763640000.0_mean_300.0_v3" "tx1d401d0abd7d42d79556e-00692c8fb6" "proxy-server 92965" 0.0101 "-" 96901 0
Nov 30 13:40:54 np0005540243.novalocal container-server[96607]: ::1 - - [30/Nov/2025:18:40:54 +0000] "PUT /3/231667/AUTH_d8c5e0069fac460689fc06414f238cc2/gnocchi.d4c1e6ac-7fc6-4006-8895-8ae0ba3d3cff/1763640000.0_mean_300.0_v3" 201 - "PUT http://[::1]:8080/1/138501/AUTH_d8c5e0069fac460689fc06414f238cc2/gnocchi.d4c1e6ac-7fc6-4006-8895-8ae0ba3d3cff/1763640000.0_mean_300.0_v3" "tx1d401d0abd7d42d79556e-00692c8fb6" "object-server 96899" 0.0005 "-" 96607 0
Nov 30 13:40:54 np0005540243.novalocal container-server[96606]: ::1 - - [30/Nov/2025:18:40:54 +0000] "PUT /1/231667/AUTH_d8c5e0069fac460689fc06414f238cc2/gnocchi.d4c1e6ac-7fc6-4006-8895-8ae0ba3d3cff/1763640000.0_mean_300.0_v3" 201 - "PUT http://[::1]:8080/3/138501/AUTH_d8c5e0069fac460689fc06414f238cc2/gnocchi.d4c1e6ac-7fc6-4006-8895-8ae0ba3d3cff/1763640000.0_mean_300.0_v3" "tx1d401d0abd7d42d79556e-00692c8fb6" "object-server 96899" 0.0005 "-" 96606 0
Nov 30 13:40:54 np0005540243.novalocal object-server[96902]: ::1 - - [30/Nov/2025:18:40:54 +0000] "GET /3/63086/AUTH_d8c5e0069fac460689fc06414f238cc2/gnocchi.7f782626-7bb0-4713-9f9f-56562dfc34f2/1763640000.0_mean_300.0_v3" 200 16 "GET http://[::1]:8080/v1/AUTH_d8c5e0069fac460689fc06414f238cc2/gnocchi.7f782626-7bb0-4713-9f9f-56562dfc34f2/1763640000.0_mean_300.0_v3" "txc16915260b9f45b289279-00692c8fb6" "proxy-server 92966" 0.0005 "-" 96902 0
Nov 30 13:40:54 np0005540243.novalocal object-server[96899]: ::1 - - [30/Nov/2025:18:40:54 +0000] "PUT /1/138501/AUTH_d8c5e0069fac460689fc06414f238cc2/gnocchi.d4c1e6ac-7fc6-4006-8895-8ae0ba3d3cff/1763640000.0_mean_300.0_v3" 201 - "PUT http://[::1]:8080/v1/AUTH_d8c5e0069fac460689fc06414f238cc2/gnocchi.d4c1e6ac-7fc6-4006-8895-8ae0ba3d3cff/1763640000.0_mean_300.0_v3" "tx1d401d0abd7d42d79556e-00692c8fb6" "proxy-server 92965" 0.0111 "-" 96899 0
Nov 30 13:40:54 np0005540243.novalocal object-server[96899]: ::1 - - [30/Nov/2025:18:40:54 +0000] "PUT /3/138501/AUTH_d8c5e0069fac460689fc06414f238cc2/gnocchi.d4c1e6ac-7fc6-4006-8895-8ae0ba3d3cff/1763640000.0_mean_300.0_v3" 201 - "PUT http://[::1]:8080/v1/AUTH_d8c5e0069fac460689fc06414f238cc2/gnocchi.d4c1e6ac-7fc6-4006-8895-8ae0ba3d3cff/1763640000.0_mean_300.0_v3" "tx1d401d0abd7d42d79556e-00692c8fb6" "proxy-server 92965" 0.0136 "-" 96899 0
Nov 30 13:40:54 np0005540243.novalocal proxy-server[92966]: ::1 ::1 30/Nov/2025/18/40/54 GET /v1/AUTH_d8c5e0069fac460689fc06414f238cc2/gnocchi.7f782626-7bb0-4713-9f9f-56562dfc34f2/1763640000.0_mean_300.0_v3 HTTP/1.0 200 - python-swiftclient-4.2.0 gAAAAABpLI9eQPaN... - 16 - txc16915260b9f45b289279-00692c8fb6 - 0.0105 - - 1764528054.661316156 1764528054.671855688 0
Nov 30 13:40:54 np0005540243.novalocal proxy-server[92965]: ::1 ::1 30/Nov/2025/18/40/54 PUT /v1/AUTH_d8c5e0069fac460689fc06414f238cc2/gnocchi.d4c1e6ac-7fc6-4006-8895-8ae0ba3d3cff/1763640000.0_mean_300.0_v3 HTTP/1.0 201 - python-swiftclient-4.2.0 gAAAAABpLI9luiBC... 16 - - tx1d401d0abd7d42d79556e-00692c8fb6 - 0.0193 - - 1764528054.653315306 1764528054.672645330 0
Nov 30 13:40:54 np0005540243.novalocal container-server[96607]: ::1 - - [30/Nov/2025:18:40:54 +0000] "PUT /2/231667/AUTH_d8c5e0069fac460689fc06414f238cc2/gnocchi.d4c1e6ac-7fc6-4006-8895-8ae0ba3d3cff/none_v3" 201 - "PUT http://[::1]:8080/2/81435/AUTH_d8c5e0069fac460689fc06414f238cc2/gnocchi.d4c1e6ac-7fc6-4006-8895-8ae0ba3d3cff/none_v3" "txfcda73d0d15c496d8b671-00692c8fb6" "object-server 96900" 0.0009 "-" 96607 0
Nov 30 13:40:54 np0005540243.novalocal container-server[96605]: ::1 - - [30/Nov/2025:18:40:54 +0000] "PUT /1/259252/AUTH_d8c5e0069fac460689fc06414f238cc2/gnocchi.7f782626-7bb0-4713-9f9f-56562dfc34f2/1763640000.0_mean_300.0_v3" 201 - "PUT http://[::1]:8080/2/63086/AUTH_d8c5e0069fac460689fc06414f238cc2/gnocchi.7f782626-7bb0-4713-9f9f-56562dfc34f2/1763640000.0_mean_300.0_v3" "tx5c6784eef4024900a679d-00692c8fb6" "object-server 96901" 0.0005 "-" 96605 0
Nov 30 13:40:54 np0005540243.novalocal object-server[96900]: ::1 - - [30/Nov/2025:18:40:54 +0000] "PUT /2/81435/AUTH_d8c5e0069fac460689fc06414f238cc2/gnocchi.d4c1e6ac-7fc6-4006-8895-8ae0ba3d3cff/none_v3" 201 - "PUT http://[::1]:8080/v1/AUTH_d8c5e0069fac460689fc06414f238cc2/gnocchi.d4c1e6ac-7fc6-4006-8895-8ae0ba3d3cff/none_v3" "txfcda73d0d15c496d8b671-00692c8fb6" "proxy-server 92965" 0.0116 "-" 96900 0
Nov 30 13:40:54 np0005540243.novalocal object-server[96901]: ::1 - - [30/Nov/2025:18:40:54 +0000] "PUT /2/63086/AUTH_d8c5e0069fac460689fc06414f238cc2/gnocchi.7f782626-7bb0-4713-9f9f-56562dfc34f2/1763640000.0_mean_300.0_v3" 201 - "PUT http://[::1]:8080/v1/AUTH_d8c5e0069fac460689fc06414f238cc2/gnocchi.7f782626-7bb0-4713-9f9f-56562dfc34f2/1763640000.0_mean_300.0_v3" "tx5c6784eef4024900a679d-00692c8fb6" "proxy-server 92966" 0.0096 "-" 96901 0
Nov 30 13:40:54 np0005540243.novalocal container-server[96607]: ::1 - - [30/Nov/2025:18:40:54 +0000] "PUT /1/231667/AUTH_d8c5e0069fac460689fc06414f238cc2/gnocchi.d4c1e6ac-7fc6-4006-8895-8ae0ba3d3cff/none_v3" 201 - "PUT http://[::1]:8080/3/81435/AUTH_d8c5e0069fac460689fc06414f238cc2/gnocchi.d4c1e6ac-7fc6-4006-8895-8ae0ba3d3cff/none_v3" "txfcda73d0d15c496d8b671-00692c8fb6" "object-server 96900" 0.0012 "-" 96607 0
Nov 30 13:40:54 np0005540243.novalocal container-server[96606]: ::1 - - [30/Nov/2025:18:40:54 +0000] "PUT /3/259252/AUTH_d8c5e0069fac460689fc06414f238cc2/gnocchi.7f782626-7bb0-4713-9f9f-56562dfc34f2/1763640000.0_mean_300.0_v3" 201 - "PUT http://[::1]:8080/3/63086/AUTH_d8c5e0069fac460689fc06414f238cc2/gnocchi.7f782626-7bb0-4713-9f9f-56562dfc34f2/1763640000.0_mean_300.0_v3" "tx5c6784eef4024900a679d-00692c8fb6" "object-server 96901" 0.0004 "-" 96606 0
Nov 30 13:40:54 np0005540243.novalocal object-server[96900]: ::1 - - [30/Nov/2025:18:40:54 +0000] "PUT /3/81435/AUTH_d8c5e0069fac460689fc06414f238cc2/gnocchi.d4c1e6ac-7fc6-4006-8895-8ae0ba3d3cff/none_v3" 201 - "PUT http://[::1]:8080/v1/AUTH_d8c5e0069fac460689fc06414f238cc2/gnocchi.d4c1e6ac-7fc6-4006-8895-8ae0ba3d3cff/none_v3" "txfcda73d0d15c496d8b671-00692c8fb6" "proxy-server 92965" 0.0126 "-" 96900 0
Nov 30 13:40:54 np0005540243.novalocal object-server[96901]: ::1 - - [30/Nov/2025:18:40:54 +0000] "PUT /3/63086/AUTH_d8c5e0069fac460689fc06414f238cc2/gnocchi.7f782626-7bb0-4713-9f9f-56562dfc34f2/1763640000.0_mean_300.0_v3" 201 - "PUT http://[::1]:8080/v1/AUTH_d8c5e0069fac460689fc06414f238cc2/gnocchi.7f782626-7bb0-4713-9f9f-56562dfc34f2/1763640000.0_mean_300.0_v3" "tx5c6784eef4024900a679d-00692c8fb6" "proxy-server 92966" 0.0104 "-" 96901 0
Nov 30 13:40:54 np0005540243.novalocal container-server[96607]: ::1 - - [30/Nov/2025:18:40:54 +0000] "PUT /2/259252/AUTH_d8c5e0069fac460689fc06414f238cc2/gnocchi.7f782626-7bb0-4713-9f9f-56562dfc34f2/1763640000.0_mean_300.0_v3" 201 - "PUT http://[::1]:8080/1/63086/AUTH_d8c5e0069fac460689fc06414f238cc2/gnocchi.7f782626-7bb0-4713-9f9f-56562dfc34f2/1763640000.0_mean_300.0_v3" "tx5c6784eef4024900a679d-00692c8fb6" "object-server 96899" 0.0008 "-" 96607 0
Nov 30 13:40:54 np0005540243.novalocal object-server[96899]: ::1 - - [30/Nov/2025:18:40:54 +0000] "PUT /1/63086/AUTH_d8c5e0069fac460689fc06414f238cc2/gnocchi.7f782626-7bb0-4713-9f9f-56562dfc34f2/1763640000.0_mean_300.0_v3" 201 - "PUT http://[::1]:8080/v1/AUTH_d8c5e0069fac460689fc06414f238cc2/gnocchi.7f782626-7bb0-4713-9f9f-56562dfc34f2/1763640000.0_mean_300.0_v3" "tx5c6784eef4024900a679d-00692c8fb6" "proxy-server 92966" 0.0153 "-" 96899 0
Nov 30 13:40:54 np0005540243.novalocal proxy-server[92966]: ::1 ::1 30/Nov/2025/18/40/54 PUT /v1/AUTH_d8c5e0069fac460689fc06414f238cc2/gnocchi.7f782626-7bb0-4713-9f9f-56562dfc34f2/1763640000.0_mean_300.0_v3 HTTP/1.0 201 - python-swiftclient-4.2.0 gAAAAABpLI9eQPaN... 16 - - tx5c6784eef4024900a679d-00692c8fb6 - 0.0216 - - 1764528054.675672293 1764528054.697309971 0
Nov 30 13:40:54 np0005540243.novalocal container-server[96607]: ::1 - - [30/Nov/2025:18:40:54 +0000] "PUT /3/231667/AUTH_d8c5e0069fac460689fc06414f238cc2/gnocchi.d4c1e6ac-7fc6-4006-8895-8ae0ba3d3cff/none_v3" 201 - "PUT http://[::1]:8080/1/81435/AUTH_d8c5e0069fac460689fc06414f238cc2/gnocchi.d4c1e6ac-7fc6-4006-8895-8ae0ba3d3cff/none_v3" "txfcda73d0d15c496d8b671-00692c8fb6" "object-server 96901" 0.0007 "-" 96607 0
Nov 30 13:40:54 np0005540243.novalocal object-server[96901]: ::1 - - [30/Nov/2025:18:40:54 +0000] "PUT /1/81435/AUTH_d8c5e0069fac460689fc06414f238cc2/gnocchi.d4c1e6ac-7fc6-4006-8895-8ae0ba3d3cff/none_v3" 201 - "PUT http://[::1]:8080/v1/AUTH_d8c5e0069fac460689fc06414f238cc2/gnocchi.d4c1e6ac-7fc6-4006-8895-8ae0ba3d3cff/none_v3" "txfcda73d0d15c496d8b671-00692c8fb6" "proxy-server 92965" 0.0200 "-" 96901 0
Nov 30 13:40:54 np0005540243.novalocal proxy-server[92965]: ::1 ::1 30/Nov/2025/18/40/54 PUT /v1/AUTH_d8c5e0069fac460689fc06414f238cc2/gnocchi.d4c1e6ac-7fc6-4006-8895-8ae0ba3d3cff/none_v3 HTTP/1.0 201 - python-swiftclient-4.2.0 gAAAAABpLI9luiBC... 51 - - txfcda73d0d15c496d8b671-00692c8fb6 - 0.0261 - - 1764528054.675210238 1764528054.701349735 0
Nov 30 13:40:54 np0005540243.novalocal container-server[96608]: ::1 - - [30/Nov/2025:18:40:54 +0000] "PUT /1/259252/AUTH_d8c5e0069fac460689fc06414f238cc2/gnocchi.7f782626-7bb0-4713-9f9f-56562dfc34f2/none_v3" 201 - "PUT http://[::1]:8080/2/164864/AUTH_d8c5e0069fac460689fc06414f238cc2/gnocchi.7f782626-7bb0-4713-9f9f-56562dfc34f2/none_v3" "txa517600f9fa648f1a9604-00692c8fb6" "object-server 96900" 0.0006 "-" 96608 0
Nov 30 13:40:54 np0005540243.novalocal container-server[96607]: ::1 - - [30/Nov/2025:18:40:54 +0000] "PUT /2/259252/AUTH_d8c5e0069fac460689fc06414f238cc2/gnocchi.7f782626-7bb0-4713-9f9f-56562dfc34f2/none_v3" 201 - "PUT http://[::1]:8080/3/164864/AUTH_d8c5e0069fac460689fc06414f238cc2/gnocchi.7f782626-7bb0-4713-9f9f-56562dfc34f2/none_v3" "txa517600f9fa648f1a9604-00692c8fb6" "object-server 96902" 0.0004 "-" 96607 0
Nov 30 13:40:54 np0005540243.novalocal container-server[96605]: ::1 - - [30/Nov/2025:18:40:54 +0000] "PUT /3/259252/AUTH_d8c5e0069fac460689fc06414f238cc2/gnocchi.7f782626-7bb0-4713-9f9f-56562dfc34f2/none_v3" 201 - "PUT http://[::1]:8080/1/164864/AUTH_d8c5e0069fac460689fc06414f238cc2/gnocchi.7f782626-7bb0-4713-9f9f-56562dfc34f2/none_v3" "txa517600f9fa648f1a9604-00692c8fb6" "object-server 96902" 0.0004 "-" 96605 0
Nov 30 13:40:54 np0005540243.novalocal object-server[96900]: ::1 - - [30/Nov/2025:18:40:54 +0000] "GET /2/37226/AUTH_d8c5e0069fac460689fc06414f238cc2/gnocchi.5038ce83-fbe0-4318-8628-9f0e6376a298/none_v3" 200 43 "GET http://[::1]:8080/v1/AUTH_d8c5e0069fac460689fc06414f238cc2/gnocchi.5038ce83-fbe0-4318-8628-9f0e6376a298/none_v3" "txe5d4b0c801754e0ca7f12-00692c8fb6" "proxy-server 92965" 0.0018 "-" 96900 0
Nov 30 13:40:54 np0005540243.novalocal object-server[96902]: ::1 - - [30/Nov/2025:18:40:54 +0000] "PUT /3/164864/AUTH_d8c5e0069fac460689fc06414f238cc2/gnocchi.7f782626-7bb0-4713-9f9f-56562dfc34f2/none_v3" 201 - "PUT http://[::1]:8080/v1/AUTH_d8c5e0069fac460689fc06414f238cc2/gnocchi.7f782626-7bb0-4713-9f9f-56562dfc34f2/none_v3" "txa517600f9fa648f1a9604-00692c8fb6" "proxy-server 92966" 0.0108 "-" 96902 0
Nov 30 13:40:54 np0005540243.novalocal object-server[96902]: ::1 - - [30/Nov/2025:18:40:54 +0000] "PUT /1/164864/AUTH_d8c5e0069fac460689fc06414f238cc2/gnocchi.7f782626-7bb0-4713-9f9f-56562dfc34f2/none_v3" 201 - "PUT http://[::1]:8080/v1/AUTH_d8c5e0069fac460689fc06414f238cc2/gnocchi.7f782626-7bb0-4713-9f9f-56562dfc34f2/none_v3" "txa517600f9fa648f1a9604-00692c8fb6" "proxy-server 92966" 0.0103 "-" 96902 0
Nov 30 13:40:54 np0005540243.novalocal object-server[96900]: ::1 - - [30/Nov/2025:18:40:54 +0000] "PUT /2/164864/AUTH_d8c5e0069fac460689fc06414f238cc2/gnocchi.7f782626-7bb0-4713-9f9f-56562dfc34f2/none_v3" 201 - "PUT http://[::1]:8080/v1/AUTH_d8c5e0069fac460689fc06414f238cc2/gnocchi.7f782626-7bb0-4713-9f9f-56562dfc34f2/none_v3" "txa517600f9fa648f1a9604-00692c8fb6" "proxy-server 92966" 0.0118 "-" 96900 0
Nov 30 13:40:54 np0005540243.novalocal proxy-server[92965]: ::1 ::1 30/Nov/2025/18/40/54 GET /v1/AUTH_d8c5e0069fac460689fc06414f238cc2/gnocchi.5038ce83-fbe0-4318-8628-9f0e6376a298/none_v3 HTTP/1.0 200 - python-swiftclient-4.2.0 gAAAAABpLI9luiBC... - 43 - txe5d4b0c801754e0ca7f12-00692c8fb6 - 0.0075 - - 1764528054.710125685 1764528054.717594147 0
Nov 30 13:40:54 np0005540243.novalocal proxy-server[92966]: ::1 ::1 30/Nov/2025/18/40/54 PUT /v1/AUTH_d8c5e0069fac460689fc06414f238cc2/gnocchi.7f782626-7bb0-4713-9f9f-56562dfc34f2/none_v3 HTTP/1.0 201 - python-swiftclient-4.2.0 gAAAAABpLI9eQPaN... 51 - - txa517600f9fa648f1a9604-00692c8fb6 - 0.0190 - - 1764528054.699398994 1764528054.718414545 0
Nov 30 13:40:54 np0005540243.novalocal container-server[96606]: ::1 - - [30/Nov/2025:18:40:54 +0000] "GET /3/95630/AUTH_d8c5e0069fac460689fc06414f238cc2/gnocchi.5038ce83-fbe0-4318-8628-9f0e6376a298" 200 357 "GET http://[::1]:8080/v1/AUTH_d8c5e0069fac460689fc06414f238cc2/gnocchi.5038ce83-fbe0-4318-8628-9f0e6376a298?format=json&states=listing" "tx09e2062fc6c44f4c989e8-00692c8fb6" "proxy-server 92965" 0.0055 "-" 96606 0
Nov 30 13:40:54 np0005540243.novalocal proxy-server[92965]: ::1 ::1 30/Nov/2025/18/40/54 GET /v1/AUTH_d8c5e0069fac460689fc06414f238cc2/gnocchi.5038ce83-fbe0-4318-8628-9f0e6376a298%3Fformat%3Djson%26states%3Dlisting HTTP/1.0 200 - python-swiftclient-4.2.0 gAAAAABpLI9luiBC... - 357 - tx09e2062fc6c44f4c989e8-00692c8fb6 - 0.0103 - - 1764528054.719969749 1764528054.730313778 0
Nov 30 13:40:54 np0005540243.novalocal object-server[96899]: ::1 - - [30/Nov/2025:18:40:54 +0000] "GET /3/67148/AUTH_d8c5e0069fac460689fc06414f238cc2/gnocchi.09cede7e-e172-4fbe-bf05-50a59beaf51d/none_v3" 200 36 "GET http://[::1]:8080/v1/AUTH_d8c5e0069fac460689fc06414f238cc2/gnocchi.09cede7e-e172-4fbe-bf05-50a59beaf51d/none_v3" "tx18119aec0fe044efa63c2-00692c8fb6" "proxy-server 92966" 0.0011 "-" 96899 0
Nov 30 13:40:54 np0005540243.novalocal proxy-server[92966]: ::1 ::1 30/Nov/2025/18/40/54 GET /v1/AUTH_d8c5e0069fac460689fc06414f238cc2/gnocchi.09cede7e-e172-4fbe-bf05-50a59beaf51d/none_v3 HTTP/1.0 200 - python-swiftclient-4.2.0 gAAAAABpLI9eQPaN... - 36 - tx18119aec0fe044efa63c2-00692c8fb6 - 0.0065 - - 1764528054.729244471 1764528054.735753775 0
Nov 30 13:40:54 np0005540243.novalocal container-server[96606]: ::1 - - [30/Nov/2025:18:40:54 +0000] "GET /2/95630/AUTH_d8c5e0069fac460689fc06414f238cc2/gnocchi.5038ce83-fbe0-4318-8628-9f0e6376a298" 200 2 "GET http://[::1]:8080/v1/AUTH_d8c5e0069fac460689fc06414f238cc2/gnocchi.5038ce83-fbe0-4318-8628-9f0e6376a298?format=json&marker=none_v3&states=listing" "tx2074009569bb48bb9ff01-00692c8fb6" "proxy-server 92965" 0.0052 "-" 96606 0
Nov 30 13:40:54 np0005540243.novalocal proxy-server[92965]: ::1 ::1 30/Nov/2025/18/40/54 GET /v1/AUTH_d8c5e0069fac460689fc06414f238cc2/gnocchi.5038ce83-fbe0-4318-8628-9f0e6376a298%3Fformat%3Djson%26marker%3Dnone_v3%26states%3Dlisting HTTP/1.0 200 - python-swiftclient-4.2.0 gAAAAABpLI9luiBC... - 2 - tx2074009569bb48bb9ff01-00692c8fb6 - 0.0097 - - 1764528054.732911825 1764528054.742622375 0
Nov 30 13:40:54 np0005540243.novalocal container-server[96606]: ::1 - - [30/Nov/2025:18:40:54 +0000] "GET /2/19863/AUTH_d8c5e0069fac460689fc06414f238cc2/gnocchi.09cede7e-e172-4fbe-bf05-50a59beaf51d" 200 357 "GET http://[::1]:8080/v1/AUTH_d8c5e0069fac460689fc06414f238cc2/gnocchi.09cede7e-e172-4fbe-bf05-50a59beaf51d?format=json&states=listing" "txce1446cad330439495d8c-00692c8fb6" "proxy-server 92966" 0.0059 "-" 96606 0
Nov 30 13:40:54 np0005540243.novalocal object-server[96900]: ::1 - - [30/Nov/2025:18:40:54 +0000] "GET /1/41584/AUTH_d8c5e0069fac460689fc06414f238cc2/gnocchi.5038ce83-fbe0-4318-8628-9f0e6376a298/1763640000.0_mean_300.0_v3" 200 16 "GET http://[::1]:8080/v1/AUTH_d8c5e0069fac460689fc06414f238cc2/gnocchi.5038ce83-fbe0-4318-8628-9f0e6376a298/1763640000.0_mean_300.0_v3" "txfd28404eca074179b1c40-00692c8fb6" "proxy-server 92965" 0.0007 "-" 96900 0
Nov 30 13:40:54 np0005540243.novalocal proxy-server[92965]: ::1 ::1 30/Nov/2025/18/40/54 GET /v1/AUTH_d8c5e0069fac460689fc06414f238cc2/gnocchi.5038ce83-fbe0-4318-8628-9f0e6376a298/1763640000.0_mean_300.0_v3 HTTP/1.0 200 - python-swiftclient-4.2.0 gAAAAABpLI9luiBC... - 16 - txfd28404eca074179b1c40-00692c8fb6 - 0.0052 - - 1764528054.746526480 1764528054.751767874 0
Nov 30 13:40:54 np0005540243.novalocal proxy-server[92966]: ::1 ::1 30/Nov/2025/18/40/54 GET /v1/AUTH_d8c5e0069fac460689fc06414f238cc2/gnocchi.09cede7e-e172-4fbe-bf05-50a59beaf51d%3Fformat%3Djson%26states%3Dlisting HTTP/1.0 200 - python-swiftclient-4.2.0 gAAAAABpLI9eQPaN... - 357 - txce1446cad330439495d8c-00692c8fb6 - 0.0122 - - 1764528054.739545107 1764528054.751716137 0
Nov 30 13:40:54 np0005540243.novalocal container-server[96608]: ::1 - - [30/Nov/2025:18:40:54 +0000] "GET /3/19863/AUTH_d8c5e0069fac460689fc06414f238cc2/gnocchi.09cede7e-e172-4fbe-bf05-50a59beaf51d" 200 2 "GET http://[::1]:8080/v1/AUTH_d8c5e0069fac460689fc06414f238cc2/gnocchi.09cede7e-e172-4fbe-bf05-50a59beaf51d?format=json&marker=none_v3&states=listing" "tx5e1951989c51493eac6c1-00692c8fb6" "proxy-server 92966" 0.0079 "-" 96608 0
Nov 30 13:40:54 np0005540243.novalocal container-server[96607]: ::1 - - [30/Nov/2025:18:40:54 +0000] "PUT /3/95630/AUTH_d8c5e0069fac460689fc06414f238cc2/gnocchi.5038ce83-fbe0-4318-8628-9f0e6376a298/1763640000.0_mean_300.0_v3" 201 - "PUT http://[::1]:8080/2/41584/AUTH_d8c5e0069fac460689fc06414f238cc2/gnocchi.5038ce83-fbe0-4318-8628-9f0e6376a298/1763640000.0_mean_300.0_v3" "tx3db383b249424a9b81ccd-00692c8fb6" "object-server 96899" 0.0005 "-" 96607 0
Nov 30 13:40:54 np0005540243.novalocal container-server[96608]: ::1 - - [30/Nov/2025:18:40:54 +0000] "PUT /2/95630/AUTH_d8c5e0069fac460689fc06414f238cc2/gnocchi.5038ce83-fbe0-4318-8628-9f0e6376a298/1763640000.0_mean_300.0_v3" 201 - "PUT http://[::1]:8080/3/41584/AUTH_d8c5e0069fac460689fc06414f238cc2/gnocchi.5038ce83-fbe0-4318-8628-9f0e6376a298/1763640000.0_mean_300.0_v3" "tx3db383b249424a9b81ccd-00692c8fb6" "object-server 96902" 0.0006 "-" 96608 0
Nov 30 13:40:54 np0005540243.novalocal proxy-server[92966]: ::1 ::1 30/Nov/2025/18/40/54 GET /v1/AUTH_d8c5e0069fac460689fc06414f238cc2/gnocchi.09cede7e-e172-4fbe-bf05-50a59beaf51d%3Fformat%3Djson%26marker%3Dnone_v3%26states%3Dlisting HTTP/1.0 200 - python-swiftclient-4.2.0 gAAAAABpLI9eQPaN... - 2 - tx5e1951989c51493eac6c1-00692c8fb6 - 0.0127 - - 1764528054.753495455 1764528054.766172886 0
Nov 30 13:40:54 np0005540243.novalocal object-server[96899]: ::1 - - [30/Nov/2025:18:40:54 +0000] "PUT /2/41584/AUTH_d8c5e0069fac460689fc06414f238cc2/gnocchi.5038ce83-fbe0-4318-8628-9f0e6376a298/1763640000.0_mean_300.0_v3" 201 - "PUT http://[::1]:8080/v1/AUTH_d8c5e0069fac460689fc06414f238cc2/gnocchi.5038ce83-fbe0-4318-8628-9f0e6376a298/1763640000.0_mean_300.0_v3" "tx3db383b249424a9b81ccd-00692c8fb6" "proxy-server 92965" 0.0085 "-" 96899 0
Nov 30 13:40:54 np0005540243.novalocal object-server[96902]: ::1 - - [30/Nov/2025:18:40:54 +0000] "PUT /3/41584/AUTH_d8c5e0069fac460689fc06414f238cc2/gnocchi.5038ce83-fbe0-4318-8628-9f0e6376a298/1763640000.0_mean_300.0_v3" 201 - "PUT http://[::1]:8080/v1/AUTH_d8c5e0069fac460689fc06414f238cc2/gnocchi.5038ce83-fbe0-4318-8628-9f0e6376a298/1763640000.0_mean_300.0_v3" "tx3db383b249424a9b81ccd-00692c8fb6" "proxy-server 92965" 0.0087 "-" 96902 0
Nov 30 13:40:54 np0005540243.novalocal container-server[96608]: ::1 - - [30/Nov/2025:18:40:54 +0000] "PUT /1/95630/AUTH_d8c5e0069fac460689fc06414f238cc2/gnocchi.5038ce83-fbe0-4318-8628-9f0e6376a298/1763640000.0_mean_300.0_v3" 201 - "PUT http://[::1]:8080/1/41584/AUTH_d8c5e0069fac460689fc06414f238cc2/gnocchi.5038ce83-fbe0-4318-8628-9f0e6376a298/1763640000.0_mean_300.0_v3" "tx3db383b249424a9b81ccd-00692c8fb6" "object-server 96901" 0.0005 "-" 96608 0
Nov 30 13:40:54 np0005540243.novalocal object-server[96901]: ::1 - - [30/Nov/2025:18:40:54 +0000] "PUT /1/41584/AUTH_d8c5e0069fac460689fc06414f238cc2/gnocchi.5038ce83-fbe0-4318-8628-9f0e6376a298/1763640000.0_mean_300.0_v3" 201 - "PUT http://[::1]:8080/v1/AUTH_d8c5e0069fac460689fc06414f238cc2/gnocchi.5038ce83-fbe0-4318-8628-9f0e6376a298/1763640000.0_mean_300.0_v3" "tx3db383b249424a9b81ccd-00692c8fb6" "proxy-server 92965" 0.0110 "-" 96901 0
Nov 30 13:40:54 np0005540243.novalocal proxy-server[92965]: ::1 ::1 30/Nov/2025/18/40/54 PUT /v1/AUTH_d8c5e0069fac460689fc06414f238cc2/gnocchi.5038ce83-fbe0-4318-8628-9f0e6376a298/1763640000.0_mean_300.0_v3 HTTP/1.0 201 - python-swiftclient-4.2.0 gAAAAABpLI9luiBC... 16 - - tx3db383b249424a9b81ccd-00692c8fb6 - 0.0159 - - 1764528054.753487587 1764528054.769377708 0
Nov 30 13:40:54 np0005540243.novalocal object-server[96900]: ::1 - - [30/Nov/2025:18:40:54 +0000] "GET /1/137999/AUTH_d8c5e0069fac460689fc06414f238cc2/gnocchi.09cede7e-e172-4fbe-bf05-50a59beaf51d/1763640000.0_mean_300.0_v3" 200 16 "GET http://[::1]:8080/v1/AUTH_d8c5e0069fac460689fc06414f238cc2/gnocchi.09cede7e-e172-4fbe-bf05-50a59beaf51d/1763640000.0_mean_300.0_v3" "txa378f267faa74111905a2-00692c8fb6" "proxy-server 92966" 0.0006 "-" 96900 0
Nov 30 13:40:54 np0005540243.novalocal proxy-server[92966]: ::1 ::1 30/Nov/2025/18/40/54 GET /v1/AUTH_d8c5e0069fac460689fc06414f238cc2/gnocchi.09cede7e-e172-4fbe-bf05-50a59beaf51d/1763640000.0_mean_300.0_v3 HTTP/1.0 200 - python-swiftclient-4.2.0 gAAAAABpLI9eQPaN... - 16 - txa378f267faa74111905a2-00692c8fb6 - 0.0072 - - 1764528054.768820763 1764528054.776010036 0
Nov 30 13:40:54 np0005540243.novalocal container-server[96606]: ::1 - - [30/Nov/2025:18:40:54 +0000] "PUT /2/95630/AUTH_d8c5e0069fac460689fc06414f238cc2/gnocchi.5038ce83-fbe0-4318-8628-9f0e6376a298/none_v3" 201 - "PUT http://[::1]:8080/1/37226/AUTH_d8c5e0069fac460689fc06414f238cc2/gnocchi.5038ce83-fbe0-4318-8628-9f0e6376a298/none_v3" "tx4647021929484ea1a10ed-00692c8fb6" "object-server 96900" 0.0007 "-" 96606 0
Nov 30 13:40:54 np0005540243.novalocal object-server[96900]: ::1 - - [30/Nov/2025:18:40:54 +0000] "PUT /1/37226/AUTH_d8c5e0069fac460689fc06414f238cc2/gnocchi.5038ce83-fbe0-4318-8628-9f0e6376a298/none_v3" 201 - "PUT http://[::1]:8080/v1/AUTH_d8c5e0069fac460689fc06414f238cc2/gnocchi.5038ce83-fbe0-4318-8628-9f0e6376a298/none_v3" "tx4647021929484ea1a10ed-00692c8fb6" "proxy-server 92965" 0.0098 "-" 96900 0
Nov 30 13:40:54 np0005540243.novalocal container-server[96606]: ::1 - - [30/Nov/2025:18:40:54 +0000] "PUT /1/95630/AUTH_d8c5e0069fac460689fc06414f238cc2/gnocchi.5038ce83-fbe0-4318-8628-9f0e6376a298/none_v3" 201 - "PUT http://[::1]:8080/2/37226/AUTH_d8c5e0069fac460689fc06414f238cc2/gnocchi.5038ce83-fbe0-4318-8628-9f0e6376a298/none_v3" "tx4647021929484ea1a10ed-00692c8fb6" "object-server 96902" 0.0003 "-" 96606 0
Nov 30 13:40:54 np0005540243.novalocal object-server[96902]: ::1 - - [30/Nov/2025:18:40:54 +0000] "PUT /2/37226/AUTH_d8c5e0069fac460689fc06414f238cc2/gnocchi.5038ce83-fbe0-4318-8628-9f0e6376a298/none_v3" 201 - "PUT http://[::1]:8080/v1/AUTH_d8c5e0069fac460689fc06414f238cc2/gnocchi.5038ce83-fbe0-4318-8628-9f0e6376a298/none_v3" "tx4647021929484ea1a10ed-00692c8fb6" "proxy-server 92965" 0.0112 "-" 96902 0
Nov 30 13:40:54 np0005540243.novalocal container-server[96608]: ::1 - - [30/Nov/2025:18:40:54 +0000] "PUT /3/95630/AUTH_d8c5e0069fac460689fc06414f238cc2/gnocchi.5038ce83-fbe0-4318-8628-9f0e6376a298/none_v3" 201 - "PUT http://[::1]:8080/3/37226/AUTH_d8c5e0069fac460689fc06414f238cc2/gnocchi.5038ce83-fbe0-4318-8628-9f0e6376a298/none_v3" "tx4647021929484ea1a10ed-00692c8fb6" "object-server 96901" 0.0005 "-" 96608 0
Nov 30 13:40:54 np0005540243.novalocal object-server[96901]: ::1 - - [30/Nov/2025:18:40:54 +0000] "PUT /3/37226/AUTH_d8c5e0069fac460689fc06414f238cc2/gnocchi.5038ce83-fbe0-4318-8628-9f0e6376a298/none_v3" 201 - "PUT http://[::1]:8080/v1/AUTH_d8c5e0069fac460689fc06414f238cc2/gnocchi.5038ce83-fbe0-4318-8628-9f0e6376a298/none_v3" "tx4647021929484ea1a10ed-00692c8fb6" "proxy-server 92965" 0.0158 "-" 96901 0
Nov 30 13:40:54 np0005540243.novalocal proxy-server[92965]: ::1 ::1 30/Nov/2025/18/40/54 PUT /v1/AUTH_d8c5e0069fac460689fc06414f238cc2/gnocchi.5038ce83-fbe0-4318-8628-9f0e6376a298/none_v3 HTTP/1.0 201 - python-swiftclient-4.2.0 gAAAAABpLI9luiBC... 50 - - tx4647021929484ea1a10ed-00692c8fb6 - 0.0220 - - 1764528054.771090508 1764528054.793099403 0
Nov 30 13:40:54 np0005540243.novalocal container-server[96605]: ::1 - - [30/Nov/2025:18:40:54 +0000] "PUT /2/19863/AUTH_d8c5e0069fac460689fc06414f238cc2/gnocchi.09cede7e-e172-4fbe-bf05-50a59beaf51d/1763640000.0_mean_300.0_v3" 201 - "PUT http://[::1]:8080/1/137999/AUTH_d8c5e0069fac460689fc06414f238cc2/gnocchi.09cede7e-e172-4fbe-bf05-50a59beaf51d/1763640000.0_mean_300.0_v3" "tx8e1ae61e0f4c46379342c-00692c8fb6" "object-server 96902" 0.0004 "-" 96605 0
Nov 30 13:40:54 np0005540243.novalocal object-server[96902]: ::1 - - [30/Nov/2025:18:40:54 +0000] "PUT /1/137999/AUTH_d8c5e0069fac460689fc06414f238cc2/gnocchi.09cede7e-e172-4fbe-bf05-50a59beaf51d/1763640000.0_mean_300.0_v3" 201 - "PUT http://[::1]:8080/v1/AUTH_d8c5e0069fac460689fc06414f238cc2/gnocchi.09cede7e-e172-4fbe-bf05-50a59beaf51d/1763640000.0_mean_300.0_v3" "tx8e1ae61e0f4c46379342c-00692c8fb6" "proxy-server 92966" 0.0114 "-" 96902 0
Nov 30 13:40:54 np0005540243.novalocal container-server[96605]: ::1 - - [30/Nov/2025:18:40:54 +0000] "PUT /3/19863/AUTH_d8c5e0069fac460689fc06414f238cc2/gnocchi.09cede7e-e172-4fbe-bf05-50a59beaf51d/1763640000.0_mean_300.0_v3" 201 - "PUT http://[::1]:8080/3/137999/AUTH_d8c5e0069fac460689fc06414f238cc2/gnocchi.09cede7e-e172-4fbe-bf05-50a59beaf51d/1763640000.0_mean_300.0_v3" "tx8e1ae61e0f4c46379342c-00692c8fb6" "object-server 96899" 0.0003 "-" 96605 0
Nov 30 13:40:54 np0005540243.novalocal object-server[96899]: ::1 - - [30/Nov/2025:18:40:54 +0000] "PUT /3/137999/AUTH_d8c5e0069fac460689fc06414f238cc2/gnocchi.09cede7e-e172-4fbe-bf05-50a59beaf51d/1763640000.0_mean_300.0_v3" 201 - "PUT http://[::1]:8080/v1/AUTH_d8c5e0069fac460689fc06414f238cc2/gnocchi.09cede7e-e172-4fbe-bf05-50a59beaf51d/1763640000.0_mean_300.0_v3" "tx8e1ae61e0f4c46379342c-00692c8fb6" "proxy-server 92966" 0.0123 "-" 96899 0
Nov 30 13:40:54 np0005540243.novalocal container-server[96607]: ::1 - - [30/Nov/2025:18:40:54 +0000] "PUT /1/19863/AUTH_d8c5e0069fac460689fc06414f238cc2/gnocchi.09cede7e-e172-4fbe-bf05-50a59beaf51d/1763640000.0_mean_300.0_v3" 201 - "PUT http://[::1]:8080/2/137999/AUTH_d8c5e0069fac460689fc06414f238cc2/gnocchi.09cede7e-e172-4fbe-bf05-50a59beaf51d/1763640000.0_mean_300.0_v3" "tx8e1ae61e0f4c46379342c-00692c8fb6" "object-server 96901" 0.0004 "-" 96607 0
Nov 30 13:40:54 np0005540243.novalocal object-server[96901]: ::1 - - [30/Nov/2025:18:40:54 +0000] "PUT /2/137999/AUTH_d8c5e0069fac460689fc06414f238cc2/gnocchi.09cede7e-e172-4fbe-bf05-50a59beaf51d/1763640000.0_mean_300.0_v3" 201 - "PUT http://[::1]:8080/v1/AUTH_d8c5e0069fac460689fc06414f238cc2/gnocchi.09cede7e-e172-4fbe-bf05-50a59beaf51d/1763640000.0_mean_300.0_v3" "tx8e1ae61e0f4c46379342c-00692c8fb6" "proxy-server 92966" 0.0145 "-" 96901 0
Nov 30 13:40:54 np0005540243.novalocal proxy-server[92966]: ::1 ::1 30/Nov/2025/18/40/54 PUT /v1/AUTH_d8c5e0069fac460689fc06414f238cc2/gnocchi.09cede7e-e172-4fbe-bf05-50a59beaf51d/1763640000.0_mean_300.0_v3 HTTP/1.0 201 - python-swiftclient-4.2.0 gAAAAABpLI9eQPaN... 16 - - tx8e1ae61e0f4c46379342c-00692c8fb6 - 0.0227 - - 1764528054.779787064 1764528054.802520275 0
Nov 30 13:40:54 np0005540243.novalocal container-server[96605]: ::1 - - [30/Nov/2025:18:40:54 +0000] "PUT /3/19863/AUTH_d8c5e0069fac460689fc06414f238cc2/gnocchi.09cede7e-e172-4fbe-bf05-50a59beaf51d/none_v3" 201 - "PUT http://[::1]:8080/3/67148/AUTH_d8c5e0069fac460689fc06414f238cc2/gnocchi.09cede7e-e172-4fbe-bf05-50a59beaf51d/none_v3" "txce99621e4b4e4b74894ae-00692c8fb6" "object-server 96901" 0.0004 "-" 96605 0
Nov 30 13:40:54 np0005540243.novalocal container-server[96607]: ::1 - - [30/Nov/2025:18:40:54 +0000] "PUT /1/19863/AUTH_d8c5e0069fac460689fc06414f238cc2/gnocchi.09cede7e-e172-4fbe-bf05-50a59beaf51d/none_v3" 201 - "PUT http://[::1]:8080/2/67148/AUTH_d8c5e0069fac460689fc06414f238cc2/gnocchi.09cede7e-e172-4fbe-bf05-50a59beaf51d/none_v3" "txce99621e4b4e4b74894ae-00692c8fb6" "object-server 96902" 0.0005 "-" 96607 0
Nov 30 13:40:54 np0005540243.novalocal object-server[96902]: ::1 - - [30/Nov/2025:18:40:54 +0000] "PUT /2/67148/AUTH_d8c5e0069fac460689fc06414f238cc2/gnocchi.09cede7e-e172-4fbe-bf05-50a59beaf51d/none_v3" 201 - "PUT http://[::1]:8080/v1/AUTH_d8c5e0069fac460689fc06414f238cc2/gnocchi.09cede7e-e172-4fbe-bf05-50a59beaf51d/none_v3" "txce99621e4b4e4b74894ae-00692c8fb6" "proxy-server 92966" 0.0089 "-" 96902 0
Nov 30 13:40:54 np0005540243.novalocal container-server[96607]: ::1 - - [30/Nov/2025:18:40:54 +0000] "PUT /2/19863/AUTH_d8c5e0069fac460689fc06414f238cc2/gnocchi.09cede7e-e172-4fbe-bf05-50a59beaf51d/none_v3" 201 - "PUT http://[::1]:8080/1/67148/AUTH_d8c5e0069fac460689fc06414f238cc2/gnocchi.09cede7e-e172-4fbe-bf05-50a59beaf51d/none_v3" "txce99621e4b4e4b74894ae-00692c8fb6" "object-server 96900" 0.0003 "-" 96607 0
Nov 30 13:40:54 np0005540243.novalocal object-server[96901]: ::1 - - [30/Nov/2025:18:40:54 +0000] "PUT /3/67148/AUTH_d8c5e0069fac460689fc06414f238cc2/gnocchi.09cede7e-e172-4fbe-bf05-50a59beaf51d/none_v3" 201 - "PUT http://[::1]:8080/v1/AUTH_d8c5e0069fac460689fc06414f238cc2/gnocchi.09cede7e-e172-4fbe-bf05-50a59beaf51d/none_v3" "txce99621e4b4e4b74894ae-00692c8fb6" "proxy-server 92966" 0.0096 "-" 96901 0
Nov 30 13:40:54 np0005540243.novalocal object-server[96900]: ::1 - - [30/Nov/2025:18:40:54 +0000] "PUT /1/67148/AUTH_d8c5e0069fac460689fc06414f238cc2/gnocchi.09cede7e-e172-4fbe-bf05-50a59beaf51d/none_v3" 201 - "PUT http://[::1]:8080/v1/AUTH_d8c5e0069fac460689fc06414f238cc2/gnocchi.09cede7e-e172-4fbe-bf05-50a59beaf51d/none_v3" "txce99621e4b4e4b74894ae-00692c8fb6" "proxy-server 92966" 0.0106 "-" 96900 0
Nov 30 13:40:54 np0005540243.novalocal proxy-server[92966]: ::1 ::1 30/Nov/2025/18/40/54 PUT /v1/AUTH_d8c5e0069fac460689fc06414f238cc2/gnocchi.09cede7e-e172-4fbe-bf05-50a59beaf51d/none_v3 HTTP/1.0 201 - python-swiftclient-4.2.0 gAAAAABpLI9eQPaN... 44 - - txce99621e4b4e4b74894ae-00692c8fb6 - 0.0153 - - 1764528054.804405928 1764528054.819674969 0
Nov 30 13:40:57 np0005540243.novalocal object-server[96965]: Starting object replication pass.
Nov 30 13:40:58 np0005540243.novalocal object-server[96965]: 96/96 (100.00%) partitions replicated in 0.90s (106.38/sec, 0s remaining)
Nov 30 13:40:58 np0005540243.novalocal object-server[96965]: 192 successes, 0 failures
Nov 30 13:40:58 np0005540243.novalocal object-server[96965]: 96 suffixes checked - 10.42% hashed, 0.00% synced
Nov 30 13:40:58 np0005540243.novalocal object-server[96965]: Partition times: max 0.0353s, min 0.0041s, med 0.0072s
Nov 30 13:40:58 np0005540243.novalocal object-server[96965]: Object replication complete. (0.02 minutes)
Nov 30 13:40:58 np0005540243.novalocal container-server[93406]: Container sharder cycle starting, auto-sharding False
Nov 30 13:40:59 np0005540243.novalocal container-server[93406]: Since Sun Nov 30 18:40:58 2025 visited - attempted:0 success:0 failure:0 skipped:48 completed:0
Nov 30 13:40:59 np0005540243.novalocal container-server[93406]: Since Sun Nov 30 18:40:58 2025 scanned - attempted:0 success:0 failure:0 found:0 min_time:0 max_time:0
Nov 30 13:40:59 np0005540243.novalocal container-server[93406]: Since Sun Nov 30 18:40:58 2025 created - attempted:0 success:0 failure:0
Nov 30 13:40:59 np0005540243.novalocal container-server[93406]: Since Sun Nov 30 18:40:58 2025 cleaved - attempted:0 success:0 failure:0 min_time:0 max_time:0
Nov 30 13:40:59 np0005540243.novalocal container-server[93406]: Since Sun Nov 30 18:40:58 2025 misplaced - attempted:0 success:0 failure:0 found:0 placed:0 unplaced:0
Nov 30 13:40:59 np0005540243.novalocal container-server[93406]: Since Sun Nov 30 18:40:58 2025 audit_root - attempted:0 success:0 failure:0 has_overlap:0 num_overlap:0
Nov 30 13:40:59 np0005540243.novalocal container-server[93406]: Since Sun Nov 30 18:40:58 2025 audit_shard - attempted:0 success:0 failure:0
Nov 30 13:40:59 np0005540243.novalocal container-server[93406]: Container sharder cycle completed: 0.95s
Nov 30 13:41:01 np0005540243.novalocal systemd[1]: Starting system activity accounting tool...
Nov 30 13:41:01 np0005540243.novalocal systemd[1]: sysstat-collect.service: Deactivated successfully.
Nov 30 13:41:01 np0005540243.novalocal systemd[1]: Finished system activity accounting tool.
Nov 30 13:41:01 np0005540243.novalocal kernel: tape9b2905e-3b: entered promiscuous mode
Nov 30 13:41:01 np0005540243.novalocal NetworkManager[856]: [1764528061.3712] manager: (tape9b2905e-3b): 'openvswitch' plugin not available; creating generic device
Nov 30 13:41:01 np0005540243.novalocal NetworkManager[856]: [1764528061.3732] manager: (tape9b2905e-3b): new Generic device (/org/freedesktop/NetworkManager/Devices/37)
Nov 30 13:41:02 np0005540243.novalocal dnsmasq[105025]: started, version 2.85 cachesize 150
Nov 30 13:41:02 np0005540243.novalocal dnsmasq[105025]: DNS service limited to local subnets
Nov 30 13:41:02 np0005540243.novalocal dnsmasq[105025]: compile time options: IPv6 GNU-getopt DBus no-UBus no-i18n IDN2 DHCP DHCPv6 no-Lua TFTP no-conntrack ipset auth cryptohash DNSSEC loop-detect inotify dumpfile
Nov 30 13:41:02 np0005540243.novalocal dnsmasq[105025]: warning: no upstream servers configured
Nov 30 13:41:02 np0005540243.novalocal dnsmasq-dhcp[105025]: DHCPv6, static leases only on 2001:db8:0:1::, lease time 1d
Nov 30 13:41:02 np0005540243.novalocal dnsmasq[105025]: read /var/lib/neutron/dhcp/12779d0e-db59-467f-bb7f-54e9a58dd7fc/addn_hosts - 0 addresses
Nov 30 13:41:02 np0005540243.novalocal dnsmasq-dhcp[105025]: read /var/lib/neutron/dhcp/12779d0e-db59-467f-bb7f-54e9a58dd7fc/host
Nov 30 13:41:02 np0005540243.novalocal dnsmasq-dhcp[105025]: read /var/lib/neutron/dhcp/12779d0e-db59-467f-bb7f-54e9a58dd7fc/opts
Nov 30 13:41:02 np0005540243.novalocal dnsmasq[105025]: exiting on receipt of SIGTERM
Nov 30 13:41:02 np0005540243.novalocal kernel: tape9b2905e-3b: left promiscuous mode
Nov 30 13:41:02 np0005540243.novalocal systemd[1]: Starting SETroubleshoot daemon for processing new SELinux denial logs...
Nov 30 13:41:02 np0005540243.novalocal systemd[1]: run-netns-qdhcp\x2d12779d0e\x2ddb59\x2d467f\x2dbb7f\x2d54e9a58dd7fc.mount: Deactivated successfully.
Nov 30 13:41:02 np0005540243.novalocal systemd[1]: Started SETroubleshoot daemon for processing new SELinux denial logs.
Nov 30 13:41:03 np0005540243.novalocal systemd[1]: Started dbus-:1.1-org.fedoraproject.SetroubleshootPrivileged@11.service.
Nov 30 13:41:03 np0005540243.novalocal systemd[1]: NetworkManager-dispatcher.service: Deactivated successfully.
Nov 30 13:41:04 np0005540243.novalocal dnsmasq[104510]: read /var/lib/neutron/dhcp/701654a9-be22-46b0-8a48-7a83a498868d/addn_hosts - 0 addresses
Nov 30 13:41:04 np0005540243.novalocal dnsmasq-dhcp[104510]: read /var/lib/neutron/dhcp/701654a9-be22-46b0-8a48-7a83a498868d/host
Nov 30 13:41:04 np0005540243.novalocal dnsmasq-dhcp[104510]: read /var/lib/neutron/dhcp/701654a9-be22-46b0-8a48-7a83a498868d/opts
Nov 30 13:41:04 np0005540243.novalocal setroubleshoot[105027]: SELinux is preventing /usr/sbin/dnsmasq from using the dac_override capability. For complete SELinux messages run: sealert -l 5de37038-6c6c-46f4-83d9-caa6991b2fd3
Nov 30 13:41:04 np0005540243.novalocal setroubleshoot[105027]: SELinux is preventing /usr/sbin/dnsmasq from using the dac_override capability. ***** Plugin dac_override (53.1 confidence) suggests ********************** If you want to help identify if domain needs this access or you have a file with the wrong permissions on your system Then turn on full auditing to get path information about the offending file and generate the error again. Do Turn on full auditing # auditctl -w /etc/shadow -p w Try to recreate AVC. Then execute # ausearch -m avc -ts recent If you see PATH record check ownership/permissions on file, and fix it, otherwise report as a bugzilla. ***** Plugin catchall_boolean (42.6 confidence) suggests ****************** If you want to allow os to dnsmasq dac override Then you must tell SELinux about this by enabling the 'os_dnsmasq_dac_override' boolean. Do setsebool -P os_dnsmasq_dac_override 1 ***** Plugin catchall (5.76 confidence) suggests ************************** If you believe that dnsmasq should have the dac_override capability by default. Then you should report this as a bug. You can generate a local policy module to allow this access. Do allow this access for now by executing: # ausearch -c 'dnsmasq' --raw | audit2allow -M my-dnsmasq # semodule -X 300 -i my-dnsmasq.pp
Nov 30 13:41:05 np0005540243.novalocal kernel: qr-b56dbe4e-6f: left promiscuous mode
Nov 30 13:41:05 np0005540243.novalocal dnsmasq[104510]: exiting on receipt of SIGTERM
Nov 30 13:41:05 np0005540243.novalocal kernel: tap9fb947f3-f4: left promiscuous mode
Nov 30 13:41:05 np0005540243.novalocal systemd[1]: run-netns-qdhcp\x2d701654a9\x2dbe22\x2d46b0\x2d8a48\x2d7a83a498868d.mount: Deactivated successfully.
Nov 30 13:41:05 np0005540243.novalocal kernel: qg-5eb1d457-e3: left promiscuous mode
Nov 30 13:41:05 np0005540243.novalocal systemd[1]: run-netns-qrouter\x2d22701153\x2da3cd\x2d4c8a\x2d8a5c\x2d9a38be0d7edf.mount: Deactivated successfully.
Nov 30 13:41:06 np0005540243.novalocal object-server[104446]: Begin object audit "forever" mode (ZBF)
Nov 30 13:41:06 np0005540243.novalocal object-server[104446]: Object audit (ZBF). Since Sun Nov 30 18:41:06 2025: Locally: 1 passed, 0 quarantined, 0 errors, files/sec: 478.42, bytes/sec: 0.00, Total time: 0.00, Auditing time: 0.00, Rate: 0.00
Nov 30 13:41:07 np0005540243.novalocal sudo[105084]: cinder : PWD=/ ; USER=root ; COMMAND=/usr/bin/cinder-rootwrap /etc/cinder/rootwrap.conf env LC_ALL=C vgs --noheadings --unit=g -o name,size,free,lv_count,uuid --separator : --nosuffix cinder-volumes
Nov 30 13:41:07 np0005540243.novalocal systemd[1]: Started Session c148 of User root.
Nov 30 13:41:07 np0005540243.novalocal sudo[105084]: pam_unix(sudo:session): session opened for user root(uid=0) by (uid=165)
Nov 30 13:41:07 np0005540243.novalocal sudo[105084]: pam_unix(sudo:session): session closed for user root
Nov 30 13:41:07 np0005540243.novalocal systemd[1]: session-c148.scope: Deactivated successfully.
Nov 30 13:41:07 np0005540243.novalocal sudo[105090]: cinder : PWD=/ ; USER=root ; COMMAND=/usr/bin/cinder-rootwrap /etc/cinder/rootwrap.conf env LC_ALL=C lvs --noheadings --unit=g -o vg_name,name,size --nosuffix --readonly cinder-volumes
Nov 30 13:41:07 np0005540243.novalocal systemd[1]: Started Session c149 of User root.
Nov 30 13:41:08 np0005540243.novalocal sudo[105090]: pam_unix(sudo:session): session opened for user root(uid=0) by (uid=165)
Nov 30 13:41:08 np0005540243.novalocal sudo[105090]: pam_unix(sudo:session): session closed for user root
Nov 30 13:41:08 np0005540243.novalocal systemd[1]: session-c149.scope: Deactivated successfully.
Nov 30 13:41:08 np0005540243.novalocal sudo[105094]: cinder : PWD=/ ; USER=root ; COMMAND=/usr/bin/cinder-rootwrap /etc/cinder/rootwrap.conf env LC_ALL=C lvs --noheadings --unit=g -o size,data_percent --separator : --nosuffix /dev/cinder-volumes/cinder-volumes-pool
Nov 30 13:41:08 np0005540243.novalocal container-server[96671]: Beginning replication run
Nov 30 13:41:08 np0005540243.novalocal systemd[1]: Started Session c150 of User root.
Nov 30 13:41:08 np0005540243.novalocal sudo[105094]: pam_unix(sudo:session): session opened for user root(uid=0) by (uid=165)
