Dec 4 11:23:15 standalone account-server[123140]: 172.20.0.100 - - [04/Dec/2025:11:23:15 +0000] "PUT /d1/191/AUTH_206ed0cfcabb48c18271f8cdcb1ada82/gnocchi.a7fbe8f5-72a4-4322-a4af-53b02d00265e" 201 - "PUT http://172.20.0.100:6001/d1/482/AUTH_206ed0cfcabb48c18271f8cdcb1ada82/gnocchi.a7fbe8f5-72a4-4322-a4af-53b02d00265e" "tx598ae899a73346db97739-0069316f23" "container-server 23" 0.0039 "-" 23 0
Dec 4 11:23:15 standalone container-server[123114]: 172.20.0.100 - - [04/Dec/2025:11:23:15 +0000] "PUT /d1/482/AUTH_206ed0cfcabb48c18271f8cdcb1ada82/gnocchi.a7fbe8f5-72a4-4322-a4af-53b02d00265e" 201 - "PUT http://localhost:8080/v1/AUTH_206ed0cfcabb48c18271f8cdcb1ada82/gnocchi.a7fbe8f5-72a4-4322-a4af-53b02d00265e" "tx598ae899a73346db97739-0069316f23" "proxy-server 12" 0.0132 "-" 23 0
Dec 4 11:23:15 standalone proxy-server[125180]: 172.18.0.2 ::1 04/Dec/2025/11/23/15 PUT /v1/AUTH_206ed0cfcabb48c18271f8cdcb1ada82/gnocchi.a7fbe8f5-72a4-4322-a4af-53b02d00265e HTTP/1.0 201 - python-swiftclient-3.11.1 gAAAAABpMW5W4_k8... - - - tx598ae899a73346db97739-0069316f23 - 0.0164 - - 1764847395.717258692 1764847395.733701468 0
Dec 4 11:23:15 standalone container-server[123111]: 172.20.0.100 - - [04/Dec/2025:11:23:15 +0000] "HEAD /d1/482/AUTH_206ed0cfcabb48c18271f8cdcb1ada82/gnocchi.a7fbe8f5-72a4-4322-a4af-53b02d00265e" 204 - "HEAD http://localhost:8080/v1/AUTH_206ed0cfcabb48c18271f8cdcb1ada82/gnocchi.a7fbe8f5-72a4-4322-a4af-53b02d00265e?format=json&states=listing" "tx57e1509cdc7a429e9cbf4-0069316f23" "proxy-server 12" 0.0017 "-" 21 0
Dec 4 11:23:15 standalone proxy-server[125180]: - - 04/Dec/2025/11/23/15 HEAD /v1/AUTH_206ed0cfcabb48c18271f8cdcb1ada82/gnocchi.a7fbe8f5-72a4-4322-a4af-53b02d00265e%3Fformat%3Djson%26states%3Dlisting HTTP/1.0 204 - Swift - - - - tx57e1509cdc7a429e9cbf4-0069316f23 - 0.0045 RL - 1764847395.737383842 1764847395.741882086 0
Dec 4 11:23:15 standalone container-server[123109]: 172.20.0.100 - - [04/Dec/2025:11:23:15 +0000] "GET /d1/482/AUTH_206ed0cfcabb48c18271f8cdcb1ada82/gnocchi.a7fbe8f5-72a4-4322-a4af-53b02d00265e" 200 2 "GET http://localhost:8080/v1/AUTH_206ed0cfcabb48c18271f8cdcb1ada82/gnocchi.a7fbe8f5-72a4-4322-a4af-53b02d00265e?format=json&states=listing" "tx57e1509cdc7a429e9cbf4-0069316f23" "proxy-server 12" 0.0016 "-" 20 0
Dec 4 11:23:15 standalone proxy-server[125180]: 172.18.0.2 ::1 04/Dec/2025/11/23/15 GET /v1/AUTH_206ed0cfcabb48c18271f8cdcb1ada82/gnocchi.a7fbe8f5-72a4-4322-a4af-53b02d00265e%3Fformat%3Djson%26states%3Dlisting HTTP/1.0 200 - python-swiftclient-3.11.1 gAAAAABpMW5W4_k8... - 2 - tx57e1509cdc7a429e9cbf4-0069316f23 - 0.0113 - - 1764847395.736627817 1764847395.747909784 0
Dec 4 11:23:15 standalone object-server[123264]: 172.20.0.100 - - [04/Dec/2025:11:23:15 +0000] "GET /d1/742/AUTH_206ed0cfcabb48c18271f8cdcb1ada82/gnocchi.a7fbe8f5-72a4-4322-a4af-53b02d00265e/1764720000.0_mean_300.0_v3" 404 70 "GET http://localhost:8080/v1/AUTH_206ed0cfcabb48c18271f8cdcb1ada82/gnocchi.a7fbe8f5-72a4-4322-a4af-53b02d00265e/1764720000.0_mean_300.0_v3" "tx4e588735d08d45e7a251e-0069316f23" "proxy-server 12" 0.0005 "-" 23 0
Dec 4 11:23:15 standalone proxy-server[125180]: 172.18.0.2 ::1 04/Dec/2025/11/23/15 GET /v1/AUTH_206ed0cfcabb48c18271f8cdcb1ada82/gnocchi.a7fbe8f5-72a4-4322-a4af-53b02d00265e/1764720000.0_mean_300.0_v3 HTTP/1.0 404 - python-swiftclient-3.11.1 gAAAAABpMW5W4_k8... - 70 - tx4e588735d08d45e7a251e-0069316f23 - 0.0046 - - 1764847395.750846863 1764847395.755485773 0
Dec 4 11:23:15 standalone container-server[123112]: 172.20.0.100 - - [04/Dec/2025:11:23:15 +0000] "PUT /d1/482/AUTH_206ed0cfcabb48c18271f8cdcb1ada82/gnocchi.a7fbe8f5-72a4-4322-a4af-53b02d00265e/1764720000.0_mean_300.0_v3" 201 - "PUT http://localhost:8080/d1/742/AUTH_206ed0cfcabb48c18271f8cdcb1ada82/gnocchi.a7fbe8f5-72a4-4322-a4af-53b02d00265e/1764720000.0_mean_300.0_v3" "txcca7c966e76e41159cb30-0069316f23" "object-server 25" 0.0004 "-" 22 0
Dec 4 11:23:15 standalone object-server[123268]: 172.20.0.100 - - [04/Dec/2025:11:23:15 +0000] "PUT /d1/742/AUTH_206ed0cfcabb48c18271f8cdcb1ada82/gnocchi.a7fbe8f5-72a4-4322-a4af-53b02d00265e/1764720000.0_mean_300.0_v3" 201 - "PUT http://localhost:8080/v1/AUTH_206ed0cfcabb48c18271f8cdcb1ada82/gnocchi.a7fbe8f5-72a4-4322-a4af-53b02d00265e/1764720000.0_mean_300.0_v3" "txcca7c966e76e41159cb30-0069316f23" "proxy-server 12" 0.0099 "-" 25 0
Dec 4 11:23:15 standalone proxy-server[125180]: 172.18.0.2 ::1 04/Dec/2025/11/23/15 PUT /v1/AUTH_206ed0cfcabb48c18271f8cdcb1ada82/gnocchi.a7fbe8f5-72a4-4322-a4af-53b02d00265e/1764720000.0_mean_300.0_v3 HTTP/1.0 201 - python-swiftclient-3.11.1 gAAAAABpMW5W4_k8... 16 - - txcca7c966e76e41159cb30-0069316f23 - 0.0143 - - 1764847395.757956266 1764847395.772297144 0
Dec 4 11:23:15 standalone container-server[123111]: 172.20.0.100 - - [04/Dec/2025:11:23:15 +0000] "PUT /d1/482/AUTH_206ed0cfcabb48c18271f8cdcb1ada82/gnocchi.a7fbe8f5-72a4-4322-a4af-53b02d00265e/none_v3" 201 - "PUT http://localhost:8080/d1/132/AUTH_206ed0cfcabb48c18271f8cdcb1ada82/gnocchi.a7fbe8f5-72a4-4322-a4af-53b02d00265e/none_v3" "txe44d04873aca43f6ae2ee-0069316f23" "object-server 23" 0.0006 "-" 21 0
Dec 4 11:23:15 standalone object-server[123264]: 172.20.0.100 - - [04/Dec/2025:11:23:15 +0000] "PUT /d1/132/AUTH_206ed0cfcabb48c18271f8cdcb1ada82/gnocchi.a7fbe8f5-72a4-4322-a4af-53b02d00265e/none_v3" 201 - "PUT http://localhost:8080/v1/AUTH_206ed0cfcabb48c18271f8cdcb1ada82/gnocchi.a7fbe8f5-72a4-4322-a4af-53b02d00265e/none_v3" "txe44d04873aca43f6ae2ee-0069316f23" "proxy-server 12" 0.0092 "-" 23 0
Dec 4 11:23:15 standalone proxy-server[125180]: 172.18.0.2 ::1 04/Dec/2025/11/23/15 PUT /v1/AUTH_206ed0cfcabb48c18271f8cdcb1ada82/gnocchi.a7fbe8f5-72a4-4322-a4af-53b02d00265e/none_v3 HTTP/1.0 201 - python-swiftclient-3.11.1 gAAAAABpMW5W4_k8... 22 - - txe44d04873aca43f6ae2ee-0069316f23 - 0.0134 - - 1764847395.774899006 1764847395.788324118 0
Dec 4 11:23:15 standalone container-server[123112]: 172.20.0.100 - - [04/Dec/2025:11:23:15 +0000] "HEAD /d1/967/AUTH_206ed0cfcabb48c18271f8cdcb1ada82/gnocchi.efe20c88-d408-475e-a922-45b67ba93a42" 404 - "HEAD http://localhost:8080/v1/AUTH_206ed0cfcabb48c18271f8cdcb1ada82/gnocchi.efe20c88-d408-475e-a922-45b67ba93a42?format=json&states=listing" "tx4ee0a0a2fef146f8b92f3-0069316f23" "proxy-server 12" 0.0002 "-" 22 0
Dec 4 11:23:15 standalone object-server[123266]: 172.20.0.100 - - [04/Dec/2025:11:23:15 +0000] "GET /d1/194/AUTH_206ed0cfcabb48c18271f8cdcb1ada82/gnocchi.efe20c88-d408-475e-a922-45b67ba93a42/none_v3" 404 70 "GET http://localhost:8080/v1/AUTH_206ed0cfcabb48c18271f8cdcb1ada82/gnocchi.efe20c88-d408-475e-a922-45b67ba93a42/none_v3" "tx4ee0a0a2fef146f8b92f3-0069316f23" "proxy-server 12" 0.0004 "-" 24 0
Dec 4 11:23:15 standalone proxy-server[125180]: 172.18.0.2 ::1 04/Dec/2025/11/23/15 GET /v1/AUTH_206ed0cfcabb48c18271f8cdcb1ada82/gnocchi.efe20c88-d408-475e-a922-45b67ba93a42/none_v3 HTTP/1.0 404 - python-swiftclient-3.11.1 gAAAAABpMW5W4_k8... - 70 - tx4ee0a0a2fef146f8b92f3-0069316f23 - 0.0069 - - 1764847395.797676086 1764847395.804599762 0
Dec 4 11:23:15 standalone account-server[123129]: 172.20.0.100 - - [04/Dec/2025:11:23:15 +0000] "PUT /d1/191/AUTH_206ed0cfcabb48c18271f8cdcb1ada82/gnocchi.efe20c88-d408-475e-a922-45b67ba93a42" 201 - "PUT http://172.20.0.100:6001/d1/967/AUTH_206ed0cfcabb48c18271f8cdcb1ada82/gnocchi.efe20c88-d408-475e-a922-45b67ba93a42" "tx7d2cf773e4df4bc4a3e28-0069316f23" "container-server 20" 0.0039 "-" 22 0
Dec 4 11:23:15 standalone container-server[123109]: 172.20.0.100 - - [04/Dec/2025:11:23:15 +0000] "PUT /d1/967/AUTH_206ed0cfcabb48c18271f8cdcb1ada82/gnocchi.efe20c88-d408-475e-a922-45b67ba93a42" 201 - "PUT http://localhost:8080/v1/AUTH_206ed0cfcabb48c18271f8cdcb1ada82/gnocchi.efe20c88-d408-475e-a922-45b67ba93a42" "tx7d2cf773e4df4bc4a3e28-0069316f23" "proxy-server 12" 0.0121 "-" 20 0
Dec 4 11:23:15 standalone proxy-server[125180]: 172.18.0.2 ::1 04/Dec/2025/11/23/15 PUT /v1/AUTH_206ed0cfcabb48c18271f8cdcb1ada82/gnocchi.efe20c88-d408-475e-a922-45b67ba93a42 HTTP/1.0 201 - python-swiftclient-3.11.1 gAAAAABpMW5W4_k8... - - - tx7d2cf773e4df4bc4a3e28-0069316f23 - 0.0158 - - 1764847395.806588650 1764847395.822389603 0
Dec 4 11:23:15 standalone container-server[123114]: 172.20.0.100 - - [04/Dec/2025:11:23:15 +0000] "HEAD /d1/967/AUTH_206ed0cfcabb48c18271f8cdcb1ada82/gnocchi.efe20c88-d408-475e-a922-45b67ba93a42" 204 - "HEAD http://localhost:8080/v1/AUTH_206ed0cfcabb48c18271f8cdcb1ada82/gnocchi.efe20c88-d408-475e-a922-45b67ba93a42?format=json&states=listing" "txade5e2d8f9d64cd1999ce-0069316f23" "proxy-server 12" 0.0013 "-" 23 0
Dec 4 11:23:15 standalone proxy-server[125180]: - - 04/Dec/2025/11/23/15 HEAD /v1/AUTH_206ed0cfcabb48c18271f8cdcb1ada82/gnocchi.efe20c88-d408-475e-a922-45b67ba93a42%3Fformat%3Djson%26states%3Dlisting HTTP/1.0 204 - Swift - - - - txade5e2d8f9d64cd1999ce-0069316f23 - 0.0039 RL - 1764847395.825956106 1764847395.829806566 0
Dec 4 11:23:15 standalone container-server[123111]: 172.20.0.100 - - [04/Dec/2025:11:23:15 +0000] "GET /d1/967/AUTH_206ed0cfcabb48c18271f8cdcb1ada82/gnocchi.efe20c88-d408-475e-a922-45b67ba93a42" 200 2 "GET http://localhost:8080/v1/AUTH_206ed0cfcabb48c18271f8cdcb1ada82/gnocchi.efe20c88-d408-475e-a922-45b67ba93a42?format=json&states=listing" "txade5e2d8f9d64cd1999ce-0069316f23" "proxy-server 12" 0.0024 "-" 21 0
Dec 4 11:23:15 standalone proxy-server[125180]: 172.18.0.2 ::1 04/Dec/2025/11/23/15 GET /v1/AUTH_206ed0cfcabb48c18271f8cdcb1ada82/gnocchi.efe20c88-d408-475e-a922-45b67ba93a42%3Fformat%3Djson%26states%3Dlisting HTTP/1.0 200 - python-swiftclient-3.11.1 gAAAAABpMW5W4_k8... - 2 - txade5e2d8f9d64cd1999ce-0069316f23 - 0.0113 - - 1764847395.825170279 1764847395.836476564 0
Dec 4 11:23:15 standalone object-server[123266]: 172.20.0.100 - - [04/Dec/2025:11:23:15 +0000] "GET /d1/75/AUTH_206ed0cfcabb48c18271f8cdcb1ada82/gnocchi.efe20c88-d408-475e-a922-45b67ba93a42/1764720000.0_mean_300.0_v3" 404 70 "GET http://localhost:8080/v1/AUTH_206ed0cfcabb48c18271f8cdcb1ada82/gnocchi.efe20c88-d408-475e-a922-45b67ba93a42/1764720000.0_mean_300.0_v3" "tx91b14ae45fcb4e568d919-0069316f23" "proxy-server 12" 0.0002 "-" 24 0
Dec 4 11:23:15 standalone proxy-server[125180]: 172.18.0.2 ::1 04/Dec/2025/11/23/15 GET /v1/AUTH_206ed0cfcabb48c18271f8cdcb1ada82/gnocchi.efe20c88-d408-475e-a922-45b67ba93a42/1764720000.0_mean_300.0_v3 HTTP/1.0 404 - python-swiftclient-3.11.1 gAAAAABpMW5W4_k8... - 70 - tx91b14ae45fcb4e568d919-0069316f23 - 0.0033 - - 1764847395.839061260 1764847395.842339277 0
Dec 4 11:23:15 standalone container-server[123112]: 172.20.0.100 - - [04/Dec/2025:11:23:15 +0000] "PUT /d1/967/AUTH_206ed0cfcabb48c18271f8cdcb1ada82/gnocchi.efe20c88-d408-475e-a922-45b67ba93a42/1764720000.0_mean_300.0_v3" 201 - "PUT http://localhost:8080/d1/75/AUTH_206ed0cfcabb48c18271f8cdcb1ada82/gnocchi.efe20c88-d408-475e-a922-45b67ba93a42/1764720000.0_mean_300.0_v3" "tx988dd0c1dd3c4e4e994a1-0069316f23" "object-server 24" 0.0004 "-" 22 0
Dec 4 11:23:15 standalone object-server[123266]: 172.20.0.100 - - [04/Dec/2025:11:23:15 +0000] "PUT /d1/75/AUTH_206ed0cfcabb48c18271f8cdcb1ada82/gnocchi.efe20c88-d408-475e-a922-45b67ba93a42/1764720000.0_mean_300.0_v3" 201 - "PUT http://localhost:8080/v1/AUTH_206ed0cfcabb48c18271f8cdcb1ada82/gnocchi.efe20c88-d408-475e-a922-45b67ba93a42/1764720000.0_mean_300.0_v3" "tx988dd0c1dd3c4e4e994a1-0069316f23" "proxy-server 12" 0.0069 "-" 24 0
Dec 4 11:23:15 standalone proxy-server[125180]: 172.18.0.2 ::1 04/Dec/2025/11/23/15 PUT /v1/AUTH_206ed0cfcabb48c18271f8cdcb1ada82/gnocchi.efe20c88-d408-475e-a922-45b67ba93a42/1764720000.0_mean_300.0_v3 HTTP/1.0 201 - python-swiftclient-3.11.1 gAAAAABpMW5W4_k8... 16 - - tx988dd0c1dd3c4e4e994a1-0069316f23 - 0.0102 - - 1764847395.844368219 1764847395.854583502 0
Dec 4 11:23:15 standalone container-server[123109]: 172.20.0.100 - - [04/Dec/2025:11:23:15 +0000] "PUT /d1/967/AUTH_206ed0cfcabb48c18271f8cdcb1ada82/gnocchi.efe20c88-d408-475e-a922-45b67ba93a42/none_v3" 201 - "PUT http://localhost:8080/d1/194/AUTH_206ed0cfcabb48c18271f8cdcb1ada82/gnocchi.efe20c88-d408-475e-a922-45b67ba93a42/none_v3" "tx7e64eaa74c56479aacf16-0069316f23" "object-server 22" 0.0010 "-" 20 0
Dec 4 11:23:15 standalone object-server[123262]: 172.20.0.100 - - [04/Dec/2025:11:23:15 +0000] "PUT /d1/194/AUTH_206ed0cfcabb48c18271f8cdcb1ada82/gnocchi.efe20c88-d408-475e-a922-45b67ba93a42/none_v3" 201 - "PUT http://localhost:8080/v1/AUTH_206ed0cfcabb48c18271f8cdcb1ada82/gnocchi.efe20c88-d408-475e-a922-45b67ba93a42/none_v3" "tx7e64eaa74c56479aacf16-0069316f23" "proxy-server 12" 0.0152 "-" 22 0
Dec 4 11:23:15 standalone proxy-server[125180]: 172.18.0.2 ::1 04/Dec/2025/11/23/15 PUT /v1/AUTH_206ed0cfcabb48c18271f8cdcb1ada82/gnocchi.efe20c88-d408-475e-a922-45b67ba93a42/none_v3 HTTP/1.0 201 - python-swiftclient-3.11.1 gAAAAABpMW5W4_k8... 22 - - tx7e64eaa74c56479aacf16-0069316f23 - 0.0258 - - 1764847395.856453180 1764847395.882299185 0
Dec 4 11:23:15 standalone container-server[123111]: 172.20.0.100 - - [04/Dec/2025:11:23:15 +0000] "HEAD /d1/522/AUTH_206ed0cfcabb48c18271f8cdcb1ada82/gnocchi.263c56dd-bd88-4e14-8640-2ca52c6cf278" 404 - "HEAD http://localhost:8080/v1/AUTH_206ed0cfcabb48c18271f8cdcb1ada82/gnocchi.263c56dd-bd88-4e14-8640-2ca52c6cf278?format=json&states=listing" "txbeffd8debaa74bf8b4f53-0069316f23" "proxy-server 12" 0.0004 "-" 21 0
Dec 4 11:23:15 standalone object-server[123266]: 172.20.0.100 - - [04/Dec/2025:11:23:15 +0000] "GET /d1/450/AUTH_206ed0cfcabb48c18271f8cdcb1ada82/gnocchi.263c56dd-bd88-4e14-8640-2ca52c6cf278/none_v3" 404 70 "GET http://localhost:8080/v1/AUTH_206ed0cfcabb48c18271f8cdcb1ada82/gnocchi.263c56dd-bd88-4e14-8640-2ca52c6cf278/none_v3" "txbeffd8debaa74bf8b4f53-0069316f23" "proxy-server 12" 0.0006 "-" 24 0
Dec 4 11:23:15 standalone proxy-server[125180]: 172.18.0.2 ::1 04/Dec/2025/11/23/15 GET /v1/AUTH_206ed0cfcabb48c18271f8cdcb1ada82/gnocchi.263c56dd-bd88-4e14-8640-2ca52c6cf278/none_v3 HTTP/1.0 404 - python-swiftclient-3.11.1 gAAAAABpMW5W4_k8... - 70 - txbeffd8debaa74bf8b4f53-0069316f23 - 0.0112 - - 1764847395.892348528 1764847395.903580904 0
Dec 4 11:23:15 standalone account-server[123118]: 172.20.0.100 - - [04/Dec/2025:11:23:15 +0000] "PUT /d1/191/AUTH_206ed0cfcabb48c18271f8cdcb1ada82/gnocchi.263c56dd-bd88-4e14-8640-2ca52c6cf278" 201 - "PUT http://172.20.0.100:6001/d1/522/AUTH_206ed0cfcabb48c18271f8cdcb1ada82/gnocchi.263c56dd-bd88-4e14-8640-2ca52c6cf278" "txb8c5d96394e34797a2daa-0069316f23" "container-server 23" 0.0045 "-" 20 0
Dec 4 11:23:15 standalone container-server[123114]: 172.20.0.100 - - [04/Dec/2025:11:23:15 +0000] "PUT /d1/522/AUTH_206ed0cfcabb48c18271f8cdcb1ada82/gnocchi.263c56dd-bd88-4e14-8640-2ca52c6cf278" 201 - "PUT http://localhost:8080/v1/AUTH_206ed0cfcabb48c18271f8cdcb1ada82/gnocchi.263c56dd-bd88-4e14-8640-2ca52c6cf278" "txb8c5d96394e34797a2daa-0069316f23" "proxy-server 12" 0.0132 "-" 23 0
Dec 4 11:23:15 standalone proxy-server[125180]: 172.18.0.2 ::1 04/Dec/2025/11/23/15 PUT /v1/AUTH_206ed0cfcabb48c18271f8cdcb1ada82/gnocchi.263c56dd-bd88-4e14-8640-2ca52c6cf278 HTTP/1.0 201 - python-swiftclient-3.11.1 gAAAAABpMW5W4_k8... - - - txb8c5d96394e34797a2daa-0069316f23 - 0.0168 - - 1764847395.905642986 1764847395.922490358 0
Dec 4 11:23:15 standalone container-server[123109]: 172.20.0.100 - - [04/Dec/2025:11:23:15 +0000] "HEAD /d1/522/AUTH_206ed0cfcabb48c18271f8cdcb1ada82/gnocchi.263c56dd-bd88-4e14-8640-2ca52c6cf278" 204 - "HEAD http://localhost:8080/v1/AUTH_206ed0cfcabb48c18271f8cdcb1ada82/gnocchi.263c56dd-bd88-4e14-8640-2ca52c6cf278?format=json&states=listing" "txe895fa46e89643e497750-0069316f23" "proxy-server 12" 0.0013 "-" 20 0
Dec 4 11:23:15 standalone proxy-server[125180]: - - 04/Dec/2025/11/23/15 HEAD /v1/AUTH_206ed0cfcabb48c18271f8cdcb1ada82/gnocchi.263c56dd-bd88-4e14-8640-2ca52c6cf278%3Fformat%3Djson%26states%3Dlisting HTTP/1.0 204 - Swift - - - - txe895fa46e89643e497750-0069316f23 - 0.0059 RL - 1764847395.927701235 1764847395.933559179 0
Dec 4 11:23:15 standalone container-server[123109]: 172.20.0.100 - - [04/Dec/2025:11:23:15 +0000] "GET /d1/522/AUTH_206ed0cfcabb48c18271f8cdcb1ada82/gnocchi.263c56dd-bd88-4e14-8640-2ca52c6cf278" 200 2 "GET http://localhost:8080/v1/AUTH_206ed0cfcabb48c18271f8cdcb1ada82/gnocchi.263c56dd-bd88-4e14-8640-2ca52c6cf278?format=json&states=listing" "txe895fa46e89643e497750-0069316f23" "proxy-server 12" 0.0014 "-" 20 0
Dec 4 11:23:15 standalone proxy-server[125180]: 172.18.0.2 ::1 04/Dec/2025/11/23/15 GET /v1/AUTH_206ed0cfcabb48c18271f8cdcb1ada82/gnocchi.263c56dd-bd88-4e14-8640-2ca52c6cf278%3Fformat%3Djson%26states%3Dlisting HTTP/1.0 200 - python-swiftclient-3.11.1 gAAAAABpMW5W4_k8... - 2 - txe895fa46e89643e497750-0069316f23 - 0.0127 - - 1764847395.926876307 1764847395.939602852 0
Dec 4 11:23:15 standalone object-server[123264]: 172.20.0.100 - - [04/Dec/2025:11:23:15 +0000] "GET /d1/337/AUTH_206ed0cfcabb48c18271f8cdcb1ada82/gnocchi.263c56dd-bd88-4e14-8640-2ca52c6cf278/1764720000.0_mean_300.0_v3" 404 70 "GET http://localhost:8080/v1/AUTH_206ed0cfcabb48c18271f8cdcb1ada82/gnocchi.263c56dd-bd88-4e14-8640-2ca52c6cf278/1764720000.0_mean_300.0_v3" "tx8e286b2f61ce4dee8f9e0-0069316f23" "proxy-server 12" 0.0004 "-" 23 0
Dec 4 11:23:15 standalone proxy-server[125180]: 172.18.0.2 ::1 04/Dec/2025/11/23/15 GET /v1/AUTH_206ed0cfcabb48c18271f8cdcb1ada82/gnocchi.263c56dd-bd88-4e14-8640-2ca52c6cf278/1764720000.0_mean_300.0_v3 HTTP/1.0 404 - python-swiftclient-3.11.1 gAAAAABpMW5W4_k8... - 70 - tx8e286b2f61ce4dee8f9e0-0069316f23 - 0.0046 - - 1764847395.944262981 1764847395.948813677 0
Dec 4 11:23:15 standalone container-server[123114]: 172.20.0.100 - - [04/Dec/2025:11:23:15 +0000] "PUT /d1/522/AUTH_206ed0cfcabb48c18271f8cdcb1ada82/gnocchi.263c56dd-bd88-4e14-8640-2ca52c6cf278/1764720000.0_mean_300.0_v3" 201 - "PUT http://localhost:8080/d1/337/AUTH_206ed0cfcabb48c18271f8cdcb1ada82/gnocchi.263c56dd-bd88-4e14-8640-2ca52c6cf278/1764720000.0_mean_300.0_v3" "tx6de4e42d17e94354b3634-0069316f23" "object-server 24" 0.0006 "-" 23 0
Dec 4 11:23:15 standalone object-server[123266]: 172.20.0.100 - - [04/Dec/2025:11:23:15 +0000] "PUT /d1/337/AUTH_206ed0cfcabb48c18271f8cdcb1ada82/gnocchi.263c56dd-bd88-4e14-8640-2ca52c6cf278/1764720000.0_mean_300.0_v3" 201 - "PUT http://localhost:8080/v1/AUTH_206ed0cfcabb48c18271f8cdcb1ada82/gnocchi.263c56dd-bd88-4e14-8640-2ca52c6cf278/1764720000.0_mean_300.0_v3" "tx6de4e42d17e94354b3634-0069316f23" "proxy-server 12" 0.0116 "-" 24 0
Dec 4 11:23:15 standalone proxy-server[125180]: 172.18.0.2 ::1 04/Dec/2025/11/23/15 PUT /v1/AUTH_206ed0cfcabb48c18271f8cdcb1ada82/gnocchi.263c56dd-bd88-4e14-8640-2ca52c6cf278/1764720000.0_mean_300.0_v3 HTTP/1.0 201 - python-swiftclient-3.11.1 gAAAAABpMW5W4_k8... 16 - - tx6de4e42d17e94354b3634-0069316f23 - 0.0171 - - 1764847395.952363253 1764847395.969475031 0
Dec 4 11:23:15 standalone container-server[123112]: 172.20.0.100 - - [04/Dec/2025:11:23:15 +0000] "PUT /d1/522/AUTH_206ed0cfcabb48c18271f8cdcb1ada82/gnocchi.263c56dd-bd88-4e14-8640-2ca52c6cf278/none_v3" 201 - "PUT http://localhost:8080/d1/450/AUTH_206ed0cfcabb48c18271f8cdcb1ada82/gnocchi.263c56dd-bd88-4e14-8640-2ca52c6cf278/none_v3" "tx0d899816acdd4b008661b-0069316f23" "object-server 24" 0.0006 "-" 22 0
Dec 4 11:23:15 standalone object-server[123266]: 172.20.0.100 - - [04/Dec/2025:11:23:15 +0000] "PUT /d1/450/AUTH_206ed0cfcabb48c18271f8cdcb1ada82/gnocchi.263c56dd-bd88-4e14-8640-2ca52c6cf278/none_v3" 201 - "PUT http://localhost:8080/v1/AUTH_206ed0cfcabb48c18271f8cdcb1ada82/gnocchi.263c56dd-bd88-4e14-8640-2ca52c6cf278/none_v3" "tx0d899816acdd4b008661b-0069316f23" "proxy-server 12" 0.0104 "-" 24 0
Dec 4 11:23:15 standalone proxy-server[125180]: 172.18.0.2 ::1 04/Dec/2025/11/23/15 PUT /v1/AUTH_206ed0cfcabb48c18271f8cdcb1ada82/gnocchi.263c56dd-bd88-4e14-8640-2ca52c6cf278/none_v3 HTTP/1.0 201 - python-swiftclient-3.11.1 gAAAAABpMW5W4_k8... 22 - - tx0d899816acdd4b008661b-0069316f23 - 0.0197 - - 1764847395.976223230 1764847395.995959520 0
Dec 4 11:23:16 standalone container-server[123114]: 172.20.0.100 - - [04/Dec/2025:11:23:16 +0000] "HEAD /d1/726/AUTH_206ed0cfcabb48c18271f8cdcb1ada82/gnocchi.1f471f88-7f6e-4ae0-96fb-d5c3f5491dc3" 404 - "HEAD http://localhost:8080/v1/AUTH_206ed0cfcabb48c18271f8cdcb1ada82/gnocchi.1f471f88-7f6e-4ae0-96fb-d5c3f5491dc3?format=json&states=listing" "tx34e12f6ff3ca461eaf963-0069316f24" "proxy-server 12" 0.0005 "-" 23 0
Dec 4 11:23:16 standalone object-server[123266]: 172.20.0.100 - - [04/Dec/2025:11:23:16 +0000] "GET /d1/375/AUTH_206ed0cfcabb48c18271f8cdcb1ada82/gnocchi.1f471f88-7f6e-4ae0-96fb-d5c3f5491dc3/none_v3" 404 70 "GET http://localhost:8080/v1/AUTH_206ed0cfcabb48c18271f8cdcb1ada82/gnocchi.1f471f88-7f6e-4ae0-96fb-d5c3f5491dc3/none_v3" "tx34e12f6ff3ca461eaf963-0069316f24" "proxy-server 12" 0.0008 "-" 24 0
Dec 4 11:23:16 standalone proxy-server[125180]: 172.18.0.2 ::1 04/Dec/2025/11/23/16 GET /v1/AUTH_206ed0cfcabb48c18271f8cdcb1ada82/gnocchi.1f471f88-7f6e-4ae0-96fb-d5c3f5491dc3/none_v3 HTTP/1.0 404 - python-swiftclient-3.11.1 gAAAAABpMW5W4_k8... - 70 - tx34e12f6ff3ca461eaf963-0069316f24 - 0.0191 - - 1764847396.012494087 1764847396.031580448 0
Dec 4 11:23:16 standalone account-server[123118]: 172.20.0.100 - - [04/Dec/2025:11:23:16 +0000] "PUT /d1/191/AUTH_206ed0cfcabb48c18271f8cdcb1ada82/gnocchi.1f471f88-7f6e-4ae0-96fb-d5c3f5491dc3" 201 - "PUT http://172.20.0.100:6001/d1/726/AUTH_206ed0cfcabb48c18271f8cdcb1ada82/gnocchi.1f471f88-7f6e-4ae0-96fb-d5c3f5491dc3" "tx73c782150a464d9dbbaa4-0069316f24" "container-server 21" 0.0051 "-" 20 0
Dec 4 11:23:16 standalone container-server[123111]: 172.20.0.100 - - [04/Dec/2025:11:23:16 +0000] "PUT /d1/726/AUTH_206ed0cfcabb48c18271f8cdcb1ada82/gnocchi.1f471f88-7f6e-4ae0-96fb-d5c3f5491dc3" 201 - "PUT http://localhost:8080/v1/AUTH_206ed0cfcabb48c18271f8cdcb1ada82/gnocchi.1f471f88-7f6e-4ae0-96fb-d5c3f5491dc3" "tx73c782150a464d9dbbaa4-0069316f24" "proxy-server 12" 0.0174 "-" 21 0
Dec 4 11:23:16 standalone proxy-server[125180]: 172.18.0.2 ::1 04/Dec/2025/11/23/16 PUT /v1/AUTH_206ed0cfcabb48c18271f8cdcb1ada82/gnocchi.1f471f88-7f6e-4ae0-96fb-d5c3f5491dc3 HTTP/1.0 201 - python-swiftclient-3.11.1 gAAAAABpMW5W4_k8... - - - tx73c782150a464d9dbbaa4-0069316f24 - 0.0253 - - 1764847396.036715508 1764847396.061968803 0
Dec 4 11:23:16 standalone container-server[123112]: 172.20.0.100 - - [04/Dec/2025:11:23:16 +0000] "HEAD /d1/726/AUTH_206ed0cfcabb48c18271f8cdcb1ada82/gnocchi.1f471f88-7f6e-4ae0-96fb-d5c3f5491dc3" 204 - "HEAD http://localhost:8080/v1/AUTH_206ed0cfcabb48c18271f8cdcb1ada82/gnocchi.1f471f88-7f6e-4ae0-96fb-d5c3f5491dc3?format=json&states=listing" "txfda82113cd864fbdb0a38-0069316f24" "proxy-server 12" 0.0017 "-" 22 0
Dec 4 11:23:16 standalone proxy-server[125180]: - - 04/Dec/2025/11/23/16 HEAD /v1/AUTH_206ed0cfcabb48c18271f8cdcb1ada82/gnocchi.1f471f88-7f6e-4ae0-96fb-d5c3f5491dc3%3Fformat%3Djson%26states%3Dlisting HTTP/1.0 204 - Swift - - - - txfda82113cd864fbdb0a38-0069316f24 - 0.0053 RL - 1764847396.067897320 1764847396.073206186 0
Dec 4 11:23:16 standalone container-server[123112]: 172.20.0.100 - - [04/Dec/2025:11:23:16 +0000] "GET /d1/726/AUTH_206ed0cfcabb48c18271f8cdcb1ada82/gnocchi.1f471f88-7f6e-4ae0-96fb-d5c3f5491dc3" 200 2 "GET http://localhost:8080/v1/AUTH_206ed0cfcabb48c18271f8cdcb1ada82/gnocchi.1f471f88-7f6e-4ae0-96fb-d5c3f5491dc3?format=json&states=listing" "txfda82113cd864fbdb0a38-0069316f24" "proxy-server 12" 0.0024 "-" 22 0
Dec 4 11:23:16 standalone proxy-server[125180]: 172.18.0.2 ::1 04/Dec/2025/11/23/16 GET /v1/AUTH_206ed0cfcabb48c18271f8cdcb1ada82/gnocchi.1f471f88-7f6e-4ae0-96fb-d5c3f5491dc3%3Fformat%3Djson%26states%3Dlisting HTTP/1.0 200 - python-swiftclient-3.11.1 gAAAAABpMW5W4_k8... - 2 - txfda82113cd864fbdb0a38-0069316f24 - 0.0158 - - 1764847396.066633940 1764847396.082406759 0
Dec 4 11:23:16 standalone object-server[123268]: 172.20.0.100 - - [04/Dec/2025:11:23:16 +0000] "GET /d1/415/AUTH_206ed0cfcabb48c18271f8cdcb1ada82/gnocchi.1f471f88-7f6e-4ae0-96fb-d5c3f5491dc3/1764720000.0_mean_300.0_v3" 404 70 "GET http://localhost:8080/v1/AUTH_206ed0cfcabb48c18271f8cdcb1ada82/gnocchi.1f471f88-7f6e-4ae0-96fb-d5c3f5491dc3/1764720000.0_mean_300.0_v3" "tx2613080c57c54b6f8ccca-0069316f24" "proxy-server 12" 0.0007 "-" 25 0
Dec 4 11:23:16 standalone proxy-server[125180]: 172.18.0.2 ::1 04/Dec/2025/11/23/16 GET /v1/AUTH_206ed0cfcabb48c18271f8cdcb1ada82/gnocchi.1f471f88-7f6e-4ae0-96fb-d5c3f5491dc3/1764720000.0_mean_300.0_v3 HTTP/1.0 404 - python-swiftclient-3.11.1 gAAAAABpMW5W4_k8... - 70 - tx2613080c57c54b6f8ccca-0069316f24 - 0.0092 - - 1764847396.086401224 1764847396.095621586 0
Dec 4 11:23:16 standalone container-server[123114]: 172.20.0.100 - - [04/Dec/2025:11:23:16 +0000] "PUT /d1/726/AUTH_206ed0cfcabb48c18271f8cdcb1ada82/gnocchi.1f471f88-7f6e-4ae0-96fb-d5c3f5491dc3/1764720000.0_mean_300.0_v3" 201 - "PUT http://localhost:8080/d1/415/AUTH_206ed0cfcabb48c18271f8cdcb1ada82/gnocchi.1f471f88-7f6e-4ae0-96fb-d5c3f5491dc3/1764720000.0_mean_300.0_v3" "txe0b474c039974f77839d1-0069316f24" "object-server 25" 0.0008 "-" 23 0
Dec 4 11:23:16 standalone object-server[123268]: 172.20.0.100 - - [04/Dec/2025:11:23:16 +0000] "PUT /d1/415/AUTH_206ed0cfcabb48c18271f8cdcb1ada82/gnocchi.1f471f88-7f6e-4ae0-96fb-d5c3f5491dc3/1764720000.0_mean_300.0_v3" 201 - "PUT http://localhost:8080/v1/AUTH_206ed0cfcabb48c18271f8cdcb1ada82/gnocchi.1f471f88-7f6e-4ae0-96fb-d5c3f5491dc3/1764720000.0_mean_300.0_v3" "txe0b474c039974f77839d1-0069316f24" "proxy-server 12" 0.0144 "-" 25 0
Dec 4 11:23:16 standalone proxy-server[125180]: 172.18.0.2 ::1 04/Dec/2025/11/23/16 PUT /v1/AUTH_206ed0cfcabb48c18271f8cdcb1ada82/gnocchi.1f471f88-7f6e-4ae0-96fb-d5c3f5491dc3/1764720000.0_mean_300.0_v3 HTTP/1.0 201 - python-swiftclient-3.11.1 gAAAAABpMW5W4_k8... 16 - - txe0b474c039974f77839d1-0069316f24 - 0.0210 - - 1764847396.099471569 1764847396.120485067 0
Dec 4 11:23:16 standalone container-server[123109]: 172.20.0.100 - - [04/Dec/2025:11:23:16 +0000] "PUT /d1/726/AUTH_206ed0cfcabb48c18271f8cdcb1ada82/gnocchi.1f471f88-7f6e-4ae0-96fb-d5c3f5491dc3/none_v3" 201 - "PUT http://localhost:8080/d1/375/AUTH_206ed0cfcabb48c18271f8cdcb1ada82/gnocchi.1f471f88-7f6e-4ae0-96fb-d5c3f5491dc3/none_v3" "txc5b646018a2d41c48b8e7-0069316f24" "object-server 24" 0.0006 "-" 20 0
Dec 4 11:23:16 standalone object-server[123266]: 172.20.0.100 - - [04/Dec/2025:11:23:16 +0000] "PUT /d1/375/AUTH_206ed0cfcabb48c18271f8cdcb1ada82/gnocchi.1f471f88-7f6e-4ae0-96fb-d5c3f5491dc3/none_v3" 201 - "PUT http://localhost:8080/v1/AUTH_206ed0cfcabb48c18271f8cdcb1ada82/gnocchi.1f471f88-7f6e-4ae0-96fb-d5c3f5491dc3/none_v3" "txc5b646018a2d41c48b8e7-0069316f24" "proxy-server 12" 0.0235 "-" 24 0
Dec 4 11:23:16 standalone proxy-server[125180]: 172.18.0.2 ::1 04/Dec/2025/11/23/16 PUT /v1/AUTH_206ed0cfcabb48c18271f8cdcb1ada82/gnocchi.1f471f88-7f6e-4ae0-96fb-d5c3f5491dc3/none_v3 HTTP/1.0 201 - python-swiftclient-3.11.1 gAAAAABpMW5W4_k8... 22 - - txc5b646018a2d41c48b8e7-0069316f24 - 0.0310 - - 1764847396.125448227 1764847396.156485081 0
Dec 4 11:23:16 standalone container-server[123111]: 172.20.0.100 - - [04/Dec/2025:11:23:16 +0000] "HEAD /d1/761/AUTH_206ed0cfcabb48c18271f8cdcb1ada82/gnocchi.d4625438-1bf4-4a45-9c45-189583b29679" 404 - "HEAD http://localhost:8080/v1/AUTH_206ed0cfcabb48c18271f8cdcb1ada82/gnocchi.d4625438-1bf4-4a45-9c45-189583b29679?format=json&states=listing" "tx2e842e4ca5b94b5eb24e8-0069316f24" "proxy-server 12" 0.0004 "-" 21 0
Dec 4 11:23:16 standalone object-server[123264]: 172.20.0.100 - - [04/Dec/2025:11:23:16 +0000] "GET /d1/312/AUTH_206ed0cfcabb48c18271f8cdcb1ada82/gnocchi.d4625438-1bf4-4a45-9c45-189583b29679/none_v3" 404 70 "GET http://localhost:8080/v1/AUTH_206ed0cfcabb48c18271f8cdcb1ada82/gnocchi.d4625438-1bf4-4a45-9c45-189583b29679/none_v3" "tx2e842e4ca5b94b5eb24e8-0069316f24" "proxy-server 12" 0.0004 "-" 23 0
Dec 4 11:23:16 standalone proxy-server[125180]: 172.18.0.2 ::1 04/Dec/2025/11/23/16 GET /v1/AUTH_206ed0cfcabb48c18271f8cdcb1ada82/gnocchi.d4625438-1bf4-4a45-9c45-189583b29679/none_v3 HTTP/1.0 404 - python-swiftclient-3.11.1 gAAAAABpMW5W4_k8... - 70 - tx2e842e4ca5b94b5eb24e8-0069316f24 - 0.0086 - - 1764847396.168459892 1764847396.177067995 0
Dec 4 11:23:16 standalone account-server[123129]: 172.20.0.100 - - [04/Dec/2025:11:23:16 +0000] "PUT /d1/191/AUTH_206ed0cfcabb48c18271f8cdcb1ada82/gnocchi.d4625438-1bf4-4a45-9c45-189583b29679" 201 - "PUT http://172.20.0.100:6001/d1/761/AUTH_206ed0cfcabb48c18271f8cdcb1ada82/gnocchi.d4625438-1bf4-4a45-9c45-189583b29679" "tx4feb34e1a23c4d0ab0102-0069316f24" "container-server 22" 0.0049 "-" 22 0
Dec 4 11:23:16 standalone container-server[123112]: 172.20.0.100 - - [04/Dec/2025:11:23:16 +0000] "PUT /d1/761/AUTH_206ed0cfcabb48c18271f8cdcb1ada82/gnocchi.d4625438-1bf4-4a45-9c45-189583b29679" 201 - "PUT http://localhost:8080/v1/AUTH_206ed0cfcabb48c18271f8cdcb1ada82/gnocchi.d4625438-1bf4-4a45-9c45-189583b29679" "tx4feb34e1a23c4d0ab0102-0069316f24" "proxy-server 12" 0.0167 "-" 22 0
Dec 4 11:23:16 standalone proxy-server[125180]: 172.18.0.2 ::1 04/Dec/2025/11/23/16 PUT /v1/AUTH_206ed0cfcabb48c18271f8cdcb1ada82/gnocchi.d4625438-1bf4-4a45-9c45-189583b29679 HTTP/1.0 201 - python-swiftclient-3.11.1 gAAAAABpMW5W4_k8... - - - tx4feb34e1a23c4d0ab0102-0069316f24 - 0.0214 - - 1764847396.179843664 1764847396.201251030 0
Dec 4 11:23:16 standalone container-server[123111]: 172.20.0.100 - - [04/Dec/2025:11:23:16 +0000] "HEAD /d1/761/AUTH_206ed0cfcabb48c18271f8cdcb1ada82/gnocchi.d4625438-1bf4-4a45-9c45-189583b29679" 204 - "HEAD http://localhost:8080/v1/AUTH_206ed0cfcabb48c18271f8cdcb1ada82/gnocchi.d4625438-1bf4-4a45-9c45-189583b29679?format=json&states=listing" "txab77ce3aceae442ea210d-0069316f24" "proxy-server 12" 0.0042 "-" 21 0
Dec 4 11:23:16 standalone proxy-server[125180]: - - 04/Dec/2025/11/23/16 HEAD /v1/AUTH_206ed0cfcabb48c18271f8cdcb1ada82/gnocchi.d4625438-1bf4-4a45-9c45-189583b29679%3Fformat%3Djson%26states%3Dlisting HTTP/1.0 204 - Swift - - - - txab77ce3aceae442ea210d-0069316f24 - 0.0120 RL - 1764847396.208821535 1764847396.220829725 0
Dec 4 11:23:16 standalone container-server[123112]: 172.20.0.100 - - [04/Dec/2025:11:23:16 +0000] "GET /d1/761/AUTH_206ed0cfcabb48c18271f8cdcb1ada82/gnocchi.d4625438-1bf4-4a45-9c45-189583b29679" 200 2 "GET http://localhost:8080/v1/AUTH_206ed0cfcabb48c18271f8cdcb1ada82/gnocchi.d4625438-1bf4-4a45-9c45-189583b29679?format=json&states=listing" "txab77ce3aceae442ea210d-0069316f24" "proxy-server 12" 0.0025 "-" 22 0
Dec 4 11:23:16 standalone proxy-server[125180]: 172.18.0.2 ::1 04/Dec/2025/11/23/16 GET /v1/AUTH_206ed0cfcabb48c18271f8cdcb1ada82/gnocchi.d4625438-1bf4-4a45-9c45-189583b29679%3Fformat%3Djson%26states%3Dlisting HTTP/1.0 200 - python-swiftclient-3.11.1 gAAAAABpMW5W4_k8... - 2 - txab77ce3aceae442ea210d-0069316f24 - 0.0223 - - 1764847396.207953215 1764847396.230214596 0
Dec 4 11:23:16 standalone object-server[123268]: 172.20.0.100 - - [04/Dec/2025:11:23:16 +0000] "GET /d1/526/AUTH_206ed0cfcabb48c18271f8cdcb1ada82/gnocchi.d4625438-1bf4-4a45-9c45-189583b29679/1764720000.0_mean_300.0_v3" 404 70 "GET http://localhost:8080/v1/AUTH_206ed0cfcabb48c18271f8cdcb1ada82/gnocchi.d4625438-1bf4-4a45-9c45-189583b29679/1764720000.0_mean_300.0_v3" "tx50a3e5d27089450a8faa3-0069316f24" "proxy-server 12" 0.0004 "-" 25 0
Dec 4 11:23:16 standalone proxy-server[125180]: 172.18.0.2 ::1 04/Dec/2025/11/23/16 GET /v1/AUTH_206ed0cfcabb48c18271f8cdcb1ada82/gnocchi.d4625438-1bf4-4a45-9c45-189583b29679/1764720000.0_mean_300.0_v3 HTTP/1.0 404 - python-swiftclient-3.11.1 gAAAAABpMW5W4_k8... - 70 - tx50a3e5d27089450a8faa3-0069316f24 - 0.0054 - - 1764847396.234425545 1764847396.239839792 0
Dec 4 11:23:16 standalone container-server[123112]: 172.20.0.100 - - [04/Dec/2025:11:23:16 +0000] "PUT /d1/761/AUTH_206ed0cfcabb48c18271f8cdcb1ada82/gnocchi.d4625438-1bf4-4a45-9c45-189583b29679/1764720000.0_mean_300.0_v3" 201 - "PUT http://localhost:8080/d1/526/AUTH_206ed0cfcabb48c18271f8cdcb1ada82/gnocchi.d4625438-1bf4-4a45-9c45-189583b29679/1764720000.0_mean_300.0_v3" "tx25d9a1fa374246668e7d7-0069316f24" "object-server 24" 0.0005 "-" 22 0
Dec 4 11:23:16 standalone object-server[123266]: 172.20.0.100 - - [04/Dec/2025:11:23:16 +0000] "PUT /d1/526/AUTH_206ed0cfcabb48c18271f8cdcb1ada82/gnocchi.d4625438-1bf4-4a45-9c45-189583b29679/1764720000.0_mean_300.0_v3" 201 - "PUT http://localhost:8080/v1/AUTH_206ed0cfcabb48c18271f8cdcb1ada82/gnocchi.d4625438-1bf4-4a45-9c45-189583b29679/1764720000.0_mean_300.0_v3" "tx25d9a1fa374246668e7d7-0069316f24" "proxy-server 12" 0.0106 "-" 24 0
Dec 4 11:23:16 standalone proxy-server[125180]: 172.18.0.2 ::1 04/Dec/2025/11/23/16 PUT /v1/AUTH_206ed0cfcabb48c18271f8cdcb1ada82/gnocchi.d4625438-1bf4-4a45-9c45-189583b29679/1764720000.0_mean_300.0_v3 HTTP/1.0 201 - python-swiftclient-3.11.1 gAAAAABpMW5W4_k8... 16 - - tx25d9a1fa374246668e7d7-0069316f24 - 0.0153 - - 1764847396.243713617 1764847396.259024858 0
Dec 4 11:23:16 standalone container-server[123112]: 172.20.0.100 - - [04/Dec/2025:11:23:16 +0000] "PUT /d1/761/AUTH_206ed0cfcabb48c18271f8cdcb1ada82/gnocchi.d4625438-1bf4-4a45-9c45-189583b29679/none_v3" 201 - "PUT http://localhost:8080/d1/312/AUTH_206ed0cfcabb48c18271f8cdcb1ada82/gnocchi.d4625438-1bf4-4a45-9c45-189583b29679/none_v3" "tx76c9189931c24825a281d-0069316f24" "object-server 22" 0.0003 "-" 22 0
Dec 4 11:23:16 standalone object-server[123262]: 172.20.0.100 - - [04/Dec/2025:11:23:16 +0000] "PUT /d1/312/AUTH_206ed0cfcabb48c18271f8cdcb1ada82/gnocchi.d4625438-1bf4-4a45-9c45-189583b29679/none_v3" 201 - "PUT http://localhost:8080/v1/AUTH_206ed0cfcabb48c18271f8cdcb1ada82/gnocchi.d4625438-1bf4-4a45-9c45-189583b29679/none_v3" "tx76c9189931c24825a281d-0069316f24" "proxy-server 12" 0.0340 "-" 22 0
Dec 4 11:23:16 standalone proxy-server[125180]: 172.18.0.2 ::1 04/Dec/2025/11/23/16 PUT /v1/AUTH_206ed0cfcabb48c18271f8cdcb1ada82/gnocchi.d4625438-1bf4-4a45-9c45-189583b29679/none_v3 HTTP/1.0 201 - python-swiftclient-3.11.1 gAAAAABpMW5W4_k8... 22 - - tx76c9189931c24825a281d-0069316f24 - 0.0390 - - 1764847396.263187647 1764847396.302186728 0
Dec 4 11:23:16 standalone container-server[123114]: 172.20.0.100 - - [04/Dec/2025:11:23:16 +0000] "HEAD /d1/990/AUTH_206ed0cfcabb48c18271f8cdcb1ada82/gnocchi.71e36625-f181-4efc-bd66-5d3a1ba0e56e" 404 - "HEAD http://localhost:8080/v1/AUTH_206ed0cfcabb48c18271f8cdcb1ada82/gnocchi.71e36625-f181-4efc-bd66-5d3a1ba0e56e?format=json&states=listing" "tx4608a96095a4415b9bfe6-0069316f24" "proxy-server 12" 0.0005 "-" 23 0
Dec 4 11:23:16 standalone object-server[123264]: 172.20.0.100 - - [04/Dec/2025:11:23:16 +0000] "GET /d1/598/AUTH_206ed0cfcabb48c18271f8cdcb1ada82/gnocchi.71e36625-f181-4efc-bd66-5d3a1ba0e56e/none_v3" 404 70 "GET http://localhost:8080/v1/AUTH_206ed0cfcabb48c18271f8cdcb1ada82/gnocchi.71e36625-f181-4efc-bd66-5d3a1ba0e56e/none_v3" "tx4608a96095a4415b9bfe6-0069316f24" "proxy-server 12" 0.0003 "-" 23 0
Dec 4 11:23:16 standalone proxy-server[125180]: 172.18.0.2 ::1 04/Dec/2025/11/23/16 GET /v1/AUTH_206ed0cfcabb48c18271f8cdcb1ada82/gnocchi.71e36625-f181-4efc-bd66-5d3a1ba0e56e/none_v3 HTTP/1.0 404 - python-swiftclient-3.11.1 gAAAAABpMW5W4_k8... - 70 - tx4608a96095a4415b9bfe6-0069316f24 - 0.0114 - - 1764847396.317275763 1764847396.328718662 0
Dec 4 11:23:16 standalone account-server[123121]: 172.20.0.100 - - [04/Dec/2025:11:23:16 +0000] "PUT /d1/191/AUTH_206ed0cfcabb48c18271f8cdcb1ada82/gnocchi.71e36625-f181-4efc-bd66-5d3a1ba0e56e" 201 - "PUT http://172.20.0.100:6001/d1/990/AUTH_206ed0cfcabb48c18271f8cdcb1ada82/gnocchi.71e36625-f181-4efc-bd66-5d3a1ba0e56e" "tx7feb3cc7a8e14bc08e219-0069316f24" "container-server 20" 0.0052 "-" 21 0
Dec 4 11:23:16 standalone container-server[123109]: 172.20.0.100 - - [04/Dec/2025:11:23:16 +0000] "PUT /d1/990/AUTH_206ed0cfcabb48c18271f8cdcb1ada82/gnocchi.71e36625-f181-4efc-bd66-5d3a1ba0e56e" 201 - "PUT http://localhost:8080/v1/AUTH_206ed0cfcabb48c18271f8cdcb1ada82/gnocchi.71e36625-f181-4efc-bd66-5d3a1ba0e56e" "tx7feb3cc7a8e14bc08e219-0069316f24" "proxy-server 12" 0.0153 "-" 20 0
Dec 4 11:23:16 standalone proxy-server[125180]: 172.18.0.2 ::1 04/Dec/2025/11/23/16 PUT /v1/AUTH_206ed0cfcabb48c18271f8cdcb1ada82/gnocchi.71e36625-f181-4efc-bd66-5d3a1ba0e56e HTTP/1.0 201 - python-swiftclient-3.11.1 gAAAAABpMW5W4_k8... - - - tx7feb3cc7a8e14bc08e219-0069316f24 - 0.0208 - - 1764847396.332896709 1764847396.353683472 0
Dec 4 11:23:16 standalone container-server[123109]: 172.20.0.100 - - [04/Dec/2025:11:23:16 +0000] "HEAD /d1/990/AUTH_206ed0cfcabb48c18271f8cdcb1ada82/gnocchi.71e36625-f181-4efc-bd66-5d3a1ba0e56e" 204 - "HEAD http://localhost:8080/v1/AUTH_206ed0cfcabb48c18271f8cdcb1ada82/gnocchi.71e36625-f181-4efc-bd66-5d3a1ba0e56e?format=json&states=listing" "txaab7dd68f13d49b0b800c-0069316f24" "proxy-server 12" 0.0012 "-" 20 0
Dec 4 11:23:16 standalone proxy-server[125180]: - - 04/Dec/2025/11/23/16 HEAD /v1/AUTH_206ed0cfcabb48c18271f8cdcb1ada82/gnocchi.71e36625-f181-4efc-bd66-5d3a1ba0e56e%3Fformat%3Djson%26states%3Dlisting HTTP/1.0 204 - Swift - - - - txaab7dd68f13d49b0b800c-0069316f24 - 0.0069 RL - 1764847396.364444733 1764847396.371376753 0
Dec 4 11:23:16 standalone container-server[123112]: 172.20.0.100 - - [04/Dec/2025:11:23:16 +0000] "GET /d1/990/AUTH_206ed0cfcabb48c18271f8cdcb1ada82/gnocchi.71e36625-f181-4efc-bd66-5d3a1ba0e56e" 200 2 "GET http://localhost:8080/v1/AUTH_206ed0cfcabb48c18271f8cdcb1ada82/gnocchi.71e36625-f181-4efc-bd66-5d3a1ba0e56e?format=json&states=listing" "txaab7dd68f13d49b0b800c-0069316f24" "proxy-server 12" 0.0018 "-" 22 0
Dec 4 11:23:16 standalone proxy-server[125180]: 172.18.0.2 ::1 04/Dec/2025/11/23/16 GET /v1/AUTH_206ed0cfcabb48c18271f8cdcb1ada82/gnocchi.71e36625-f181-4efc-bd66-5d3a1ba0e56e%3Fformat%3Djson%26states%3Dlisting HTTP/1.0 200 - python-swiftclient-3.11.1 gAAAAABpMW5W4_k8... - 2 - txaab7dd68f13d49b0b800c-0069316f24 - 0.0203 - - 1764847396.361393213 1764847396.381661654 0
Dec 4 11:23:16 standalone object-server[123268]: 172.20.0.100 - - [04/Dec/2025:11:23:16 +0000] "GET /d1/875/AUTH_206ed0cfcabb48c18271f8cdcb1ada82/gnocchi.71e36625-f181-4efc-bd66-5d3a1ba0e56e/1764720000.0_mean_300.0_v3" 404 70 "GET http://localhost:8080/v1/AUTH_206ed0cfcabb48c18271f8cdcb1ada82/gnocchi.71e36625-f181-4efc-bd66-5d3a1ba0e56e/1764720000.0_mean_300.0_v3" "tx18453beb9bb74a8e89cf5-0069316f24" "proxy-server 12" 0.0005 "-" 25 0
Dec 4 11:23:16 standalone proxy-server[125180]: 172.18.0.2 ::1 04/Dec/2025/11/23/16 GET /v1/AUTH_206ed0cfcabb48c18271f8cdcb1ada82/gnocchi.71e36625-f181-4efc-bd66-5d3a1ba0e56e/1764720000.0_mean_300.0_v3 HTTP/1.0 404 - python-swiftclient-3.11.1 gAAAAABpMW5W4_k8... - 70 - tx18453beb9bb74a8e89cf5-0069316f24 - 0.0082 - - 1764847396.387308359 1764847396.395479441 0
Dec 4 11:23:16 standalone container-server[123111]: 172.20.0.100 - - [04/Dec/2025:11:23:16 +0000] "PUT /d1/990/AUTH_206ed0cfcabb48c18271f8cdcb1ada82/gnocchi.71e36625-f181-4efc-bd66-5d3a1ba0e56e/1764720000.0_mean_300.0_v3" 201 - "PUT http://localhost:8080/d1/875/AUTH_206ed0cfcabb48c18271f8cdcb1ada82/gnocchi.71e36625-f181-4efc-bd66-5d3a1ba0e56e/1764720000.0_mean_300.0_v3" "txe0c7fe173be6424297288-0069316f24" "object-server 25" 0.0006 "-" 21 0
Dec 4 11:23:16 standalone object-server[123268]: 172.20.0.100 - - [04/Dec/2025:11:23:16 +0000] "PUT /d1/875/AUTH_206ed0cfcabb48c18271f8cdcb1ada82/gnocchi.71e36625-f181-4efc-bd66-5d3a1ba0e56e/1764720000.0_mean_300.0_v3" 201 - "PUT http://localhost:8080/v1/AUTH_206ed0cfcabb48c18271f8cdcb1ada82/gnocchi.71e36625-f181-4efc-bd66-5d3a1ba0e56e/1764720000.0_mean_300.0_v3" "txe0c7fe173be6424297288-0069316f24" "proxy-server 12" 0.0091 "-" 25 0
Dec 4 11:23:16 standalone proxy-server[125180]: 172.18.0.2 ::1 04/Dec/2025/11/23/16 PUT /v1/AUTH_206ed0cfcabb48c18271f8cdcb1ada82/gnocchi.71e36625-f181-4efc-bd66-5d3a1ba0e56e/1764720000.0_mean_300.0_v3 HTTP/1.0 201 - python-swiftclient-3.11.1 gAAAAABpMW5W4_k8... 16 - - txe0c7fe173be6424297288-0069316f24 - 0.0171 - - 1764847396.403572559 1764847396.420661926 0
Dec 4 11:23:16 standalone container-server[123114]: 172.20.0.100 - - [04/Dec/2025:11:23:16 +0000] "PUT /d1/990/AUTH_206ed0cfcabb48c18271f8cdcb1ada82/gnocchi.71e36625-f181-4efc-bd66-5d3a1ba0e56e/none_v3" 201 - "PUT http://localhost:8080/d1/598/AUTH_206ed0cfcabb48c18271f8cdcb1ada82/gnocchi.71e36625-f181-4efc-bd66-5d3a1ba0e56e/none_v3" "txd1096a75cb4d453783207-0069316f24" "object-server 22" 0.0006 "-" 23 0
Dec 4 11:23:16 standalone object-server[123262]: 172.20.0.100 - - [04/Dec/2025:11:23:16 +0000] "PUT /d1/598/AUTH_206ed0cfcabb48c18271f8cdcb1ada82/gnocchi.71e36625-f181-4efc-bd66-5d3a1ba0e56e/none_v3" 201 - "PUT http://localhost:8080/v1/AUTH_206ed0cfcabb48c18271f8cdcb1ada82/gnocchi.71e36625-f181-4efc-bd66-5d3a1ba0e56e/none_v3" "txd1096a75cb4d453783207-0069316f24" "proxy-server 12" 0.0087 "-" 22 0
Dec 4 11:23:16 standalone proxy-server[125180]: 172.18.0.2 ::1 04/Dec/2025/11/23/16 PUT /v1/AUTH_206ed0cfcabb48c18271f8cdcb1ada82/gnocchi.71e36625-f181-4efc-bd66-5d3a1ba0e56e/none_v3 HTTP/1.0 201 - python-swiftclient-3.11.1 gAAAAABpMW5W4_k8... 22 - - txd1096a75cb4d453783207-0069316f24 - 0.0141 - - 1764847396.425139904 1764847396.439240932 0
Dec 4 11:23:16 standalone container-server[123111]: 172.20.0.100 - - [04/Dec/2025:11:23:16 +0000] "HEAD /d1/689/AUTH_206ed0cfcabb48c18271f8cdcb1ada82/gnocchi.75db7a71-b199-4d9a-9cb2-0615d0fe8b61" 404 - "HEAD http://localhost:8080/v1/AUTH_206ed0cfcabb48c18271f8cdcb1ada82/gnocchi.75db7a71-b199-4d9a-9cb2-0615d0fe8b61?format=json&states=listing" "tx8699359e74234be2974ee-0069316f24" "proxy-server 12" 0.0005 "-" 21 0
Dec 4 11:23:16 standalone object-server[123262]: 172.20.0.100 - - [04/Dec/2025:11:23:16 +0000] "GET /d1/334/AUTH_206ed0cfcabb48c18271f8cdcb1ada82/gnocchi.75db7a71-b199-4d9a-9cb2-0615d0fe8b61/none_v3" 404 70 "GET http://localhost:8080/v1/AUTH_206ed0cfcabb48c18271f8cdcb1ada82/gnocchi.75db7a71-b199-4d9a-9cb2-0615d0fe8b61/none_v3" "tx8699359e74234be2974ee-0069316f24" "proxy-server 12" 0.0005 "-" 22 0
Dec 4 11:23:16 standalone proxy-server[125180]: 172.18.0.2 ::1 04/Dec/2025/11/23/16 GET /v1/AUTH_206ed0cfcabb48c18271f8cdcb1ada82/gnocchi.75db7a71-b199-4d9a-9cb2-0615d0fe8b61/none_v3 HTTP/1.0 404 - python-swiftclient-3.11.1 gAAAAABpMW5W4_k8... - 70 - tx8699359e74234be2974ee-0069316f24 - 0.0150 - - 1764847396.451316118 1764847396.466266155 0
Dec 4 11:23:16 standalone account-server[123121]: 172.20.0.100 - - [04/Dec/2025:11:23:16 +0000] "PUT /d1/191/AUTH_206ed0cfcabb48c18271f8cdcb1ada82/gnocchi.75db7a71-b199-4d9a-9cb2-0615d0fe8b61" 201 - "PUT http://172.20.0.100:6001/d1/689/AUTH_206ed0cfcabb48c18271f8cdcb1ada82/gnocchi.75db7a71-b199-4d9a-9cb2-0615d0fe8b61" "tx8e853650546b424d905cd-0069316f24" "container-server 23" 0.0059 "-" 21 0
Dec 4 11:23:16 standalone container-server[123114]: 172.20.0.100 - - [04/Dec/2025:11:23:16 +0000] "PUT /d1/689/AUTH_206ed0cfcabb48c18271f8cdcb1ada82/gnocchi.75db7a71-b199-4d9a-9cb2-0615d0fe8b61" 201 - "PUT http://localhost:8080/v1/AUTH_206ed0cfcabb48c18271f8cdcb1ada82/gnocchi.75db7a71-b199-4d9a-9cb2-0615d0fe8b61" "tx8e853650546b424d905cd-0069316f24" "proxy-server 12" 0.0174 "-" 23 0
Dec 4 11:23:16 standalone proxy-server[125180]: 172.18.0.2 ::1 04/Dec/2025/11/23/16 PUT /v1/AUTH_206ed0cfcabb48c18271f8cdcb1ada82/gnocchi.75db7a71-b199-4d9a-9cb2-0615d0fe8b61 HTTP/1.0 201 - python-swiftclient-3.11.1 gAAAAABpMW5W4_k8... - - - tx8e853650546b424d905cd-0069316f24 - 0.0247 - - 1764847396.470558643 1764847396.495213032 0
Dec 4 11:23:16 standalone container-server[123109]: 172.20.0.100 - - [04/Dec/2025:11:23:16 +0000] "HEAD /d1/689/AUTH_206ed0cfcabb48c18271f8cdcb1ada82/gnocchi.75db7a71-b199-4d9a-9cb2-0615d0fe8b61" 204 - "HEAD http://localhost:8080/v1/AUTH_206ed0cfcabb48c18271f8cdcb1ada82/gnocchi.75db7a71-b199-4d9a-9cb2-0615d0fe8b61?format=json&states=listing" "tx39b2bb90d4f046bd9d93a-0069316f24" "proxy-server 12" 0.0024 "-" 20 0
Dec 4 11:23:16 standalone proxy-server[125180]: - - 04/Dec/2025/11/23/16 HEAD /v1/AUTH_206ed0cfcabb48c18271f8cdcb1ada82/gnocchi.75db7a71-b199-4d9a-9cb2-0615d0fe8b61%3Fformat%3Djson%26states%3Dlisting HTTP/1.0 204 - Swift - - - - tx39b2bb90d4f046bd9d93a-0069316f24 - 0.0078 RL - 1764847396.502140045 1764847396.509918451 0
Dec 4 11:23:16 standalone container-server[123112]: 172.20.0.100 - - [04/Dec/2025:11:23:16 +0000] "GET /d1/689/AUTH_206ed0cfcabb48c18271f8cdcb1ada82/gnocchi.75db7a71-b199-4d9a-9cb2-0615d0fe8b61" 200 2 "GET http://localhost:8080/v1/AUTH_206ed0cfcabb48c18271f8cdcb1ada82/gnocchi.75db7a71-b199-4d9a-9cb2-0615d0fe8b61?format=json&states=listing" "tx39b2bb90d4f046bd9d93a-0069316f24" "proxy-server 12" 0.0040 "-" 22 0
Dec 4 11:23:16 standalone proxy-server[125180]: 172.18.0.2 ::1 04/Dec/2025/11/23/16 GET /v1/AUTH_206ed0cfcabb48c18271f8cdcb1ada82/gnocchi.75db7a71-b199-4d9a-9cb2-0615d0fe8b61%3Fformat%3Djson%26states%3Dlisting HTTP/1.0 200 - python-swiftclient-3.11.1 gAAAAABpMW5W4_k8... - 2 - tx39b2bb90d4f046bd9d93a-0069316f24 - 0.0296 - - 1764847396.499804020 1764847396.529409170 0
Dec 4 11:23:16 standalone object-server[123262]: 172.20.0.100 - - [04/Dec/2025:11:23:16 +0000] "GET /d1/487/AUTH_206ed0cfcabb48c18271f8cdcb1ada82/gnocchi.75db7a71-b199-4d9a-9cb2-0615d0fe8b61/1764720000.0_mean_300.0_v3" 404 70 "GET http://localhost:8080/v1/AUTH_206ed0cfcabb48c18271f8cdcb1ada82/gnocchi.75db7a71-b199-4d9a-9cb2-0615d0fe8b61/1764720000.0_mean_300.0_v3" "tx329396b675f6414fa3da0-0069316f24" "proxy-server 12" 0.0005 "-" 22 0
Dec 4 11:23:16 standalone proxy-server[125180]: 172.18.0.2 ::1 04/Dec/2025/11/23/16 GET /v1/AUTH_206ed0cfcabb48c18271f8cdcb1ada82/gnocchi.75db7a71-b199-4d9a-9cb2-0615d0fe8b61/1764720000.0_mean_300.0_v3 HTTP/1.0 404 - python-swiftclient-3.11.1 gAAAAABpMW5W4_k8... - 70 - tx329396b675f6414fa3da0-0069316f24 - 0.0102 - - 1764847396.537165403 1764847396.547400236 0
Dec 4 11:23:16 standalone container-server[123112]: 172.20.0.100 - - [04/Dec/2025:11:23:16 +0000] "PUT /d1/689/AUTH_206ed0cfcabb48c18271f8cdcb1ada82/gnocchi.75db7a71-b199-4d9a-9cb2-0615d0fe8b61/1764720000.0_mean_300.0_v3" 201 - "PUT http://localhost:8080/d1/487/AUTH_206ed0cfcabb48c18271f8cdcb1ada82/gnocchi.75db7a71-b199-4d9a-9cb2-0615d0fe8b61/1764720000.0_mean_300.0_v3" "tx8889bca3f9d64e9d8f4fc-0069316f24" "object-server 24" 0.0011 "-" 22 0
Dec 4 11:23:16 standalone object-server[123266]: 172.20.0.100 - - [04/Dec/2025:11:23:16 +0000] "PUT /d1/487/AUTH_206ed0cfcabb48c18271f8cdcb1ada82/gnocchi.75db7a71-b199-4d9a-9cb2-0615d0fe8b61/1764720000.0_mean_300.0_v3" 201 - "PUT http://localhost:8080/v1/AUTH_206ed0cfcabb48c18271f8cdcb1ada82/gnocchi.75db7a71-b199-4d9a-9cb2-0615d0fe8b61/1764720000.0_mean_300.0_v3" "tx8889bca3f9d64e9d8f4fc-0069316f24" "proxy-server 12" 0.0125 "-" 24 0
Dec 4 11:23:16 standalone proxy-server[125180]: 172.18.0.2 ::1 04/Dec/2025/11/23/16 PUT /v1/AUTH_206ed0cfcabb48c18271f8cdcb1ada82/gnocchi.75db7a71-b199-4d9a-9cb2-0615d0fe8b61/1764720000.0_mean_300.0_v3 HTTP/1.0 201 - python-swiftclient-3.11.1 gAAAAABpMW5W4_k8... 16 - - tx8889bca3f9d64e9d8f4fc-0069316f24 - 0.0244 - - 1764847396.553449154 1764847396.577832937 0
Dec 4 11:23:16 standalone container-server[123112]: 172.20.0.100 - - [04/Dec/2025:11:23:16 +0000] "PUT /d1/689/AUTH_206ed0cfcabb48c18271f8cdcb1ada82/gnocchi.75db7a71-b199-4d9a-9cb2-0615d0fe8b61/none_v3" 201 - "PUT http://localhost:8080/d1/334/AUTH_206ed0cfcabb48c18271f8cdcb1ada82/gnocchi.75db7a71-b199-4d9a-9cb2-0615d0fe8b61/none_v3" "tx5714560a49c745a392734-0069316f24" "object-server 23" 0.0012 "-" 22 0
Dec 4 11:23:16 standalone object-server[123264]: 172.20.0.100 - - [04/Dec/2025:11:23:16 +0000] "PUT /d1/334/AUTH_206ed0cfcabb48c18271f8cdcb1ada82/gnocchi.75db7a71-b199-4d9a-9cb2-0615d0fe8b61/none_v3" 201 - "PUT http://localhost:8080/v1/AUTH_206ed0cfcabb48c18271f8cdcb1ada82/gnocchi.75db7a71-b199-4d9a-9cb2-0615d0fe8b61/none_v3" "tx5714560a49c745a392734-0069316f24" "proxy-server 12" 0.0135 "-" 23 0
Dec 4 11:23:16 standalone proxy-server[125180]: 172.18.0.2 ::1 04/Dec/2025/11/23/16 PUT /v1/AUTH_206ed0cfcabb48c18271f8cdcb1ada82/gnocchi.75db7a71-b199-4d9a-9cb2-0615d0fe8b61/none_v3 HTTP/1.0 201 - python-swiftclient-3.11.1 gAAAAABpMW5W4_k8... 22 - - tx5714560a49c745a392734-0069316f24 - 0.0214 - - 1764847396.583106279 1764847396.604534626 0
Dec 4 11:23:16 standalone container-server[123112]: 172.20.0.100 - - [04/Dec/2025:11:23:16 +0000] "HEAD /d1/518/AUTH_206ed0cfcabb48c18271f8cdcb1ada82/gnocchi.c1a27f20-7e22-4976-b9fc-76125c47ac98" 404 - "HEAD http://localhost:8080/v1/AUTH_206ed0cfcabb48c18271f8cdcb1ada82/gnocchi.c1a27f20-7e22-4976-b9fc-76125c47ac98?format=json&states=listing" "tx607e858f19d645618420f-0069316f24" "proxy-server 12" 0.0007 "-" 22 0
Dec 4 11:23:16 standalone object-server[123264]: 172.20.0.100 - - [04/Dec/2025:11:23:16 +0000] "GET /d1/651/AUTH_206ed0cfcabb48c18271f8cdcb1ada82/gnocchi.c1a27f20-7e22-4976-b9fc-76125c47ac98/none_v3" 404 70 "GET http://localhost:8080/v1/AUTH_206ed0cfcabb48c18271f8cdcb1ada82/gnocchi.c1a27f20-7e22-4976-b9fc-76125c47ac98/none_v3" "tx607e858f19d645618420f-0069316f24" "proxy-server 12" 0.0007 "-" 23 0
Dec 4 11:23:16 standalone proxy-server[125180]: 172.18.0.2 ::1 04/Dec/2025/11/23/16 GET /v1/AUTH_206ed0cfcabb48c18271f8cdcb1ada82/gnocchi.c1a27f20-7e22-4976-b9fc-76125c47ac98/none_v3 HTTP/1.0 404 - python-swiftclient-3.11.1 gAAAAABpMW5W4_k8... - 70 - tx607e858f19d645618420f-0069316f24 - 0.0126 - - 1764847396.622785091 1764847396.635407209 0
Dec 4 11:23:16 standalone account-server[123129]: 172.20.0.100 - - [04/Dec/2025:11:23:16 +0000] "PUT /d1/191/AUTH_206ed0cfcabb48c18271f8cdcb1ada82/gnocchi.c1a27f20-7e22-4976-b9fc-76125c47ac98" 201 - "PUT http://172.20.0.100:6001/d1/518/AUTH_206ed0cfcabb48c18271f8cdcb1ada82/gnocchi.c1a27f20-7e22-4976-b9fc-76125c47ac98" "tx21b24d6b2f1047d08c4ab-0069316f24" "container-server 21" 0.0061 "-" 22 0
Dec 4 11:23:16 standalone container-server[123111]: 172.20.0.100 - - [04/Dec/2025:11:23:16 +0000] "PUT /d1/518/AUTH_206ed0cfcabb48c18271f8cdcb1ada82/gnocchi.c1a27f20-7e22-4976-b9fc-76125c47ac98" 201 - "PUT http://localhost:8080/v1/AUTH_206ed0cfcabb48c18271f8cdcb1ada82/gnocchi.c1a27f20-7e22-4976-b9fc-76125c47ac98" "tx21b24d6b2f1047d08c4ab-0069316f24" "proxy-server 12" 0.0194 "-" 21 0
