Dec 4 11:20:59 standalone proxy-server[125180]: 172.18.0.2 ::1 04/Dec/2025/11/20/59 GET /v1/AUTH_206ed0cfcabb48c18271f8cdcb1ada82/gnocchi.d174e8a6-1670-4399-81f5-53e89e374aa3%3Fformat%3Djson%26states%3Dlisting HTTP/1.0 200 - python-swiftclient-3.11.1 gAAAAABpMW5W4_k8... - 2 - tx5b88e48847a741f8afd86-0069316e9b - 0.0188 - - 1764847259.534631252 1764847259.553399086 0
Dec 4 11:20:59 standalone object-server[123266]: 172.20.0.100 - - [04/Dec/2025:11:20:59 +0000] "GET /d1/76/AUTH_206ed0cfcabb48c18271f8cdcb1ada82/gnocchi.d174e8a6-1670-4399-81f5-53e89e374aa3/1764720000.0_mean_300.0_v3" 404 70 "GET http://localhost:8080/v1/AUTH_206ed0cfcabb48c18271f8cdcb1ada82/gnocchi.d174e8a6-1670-4399-81f5-53e89e374aa3/1764720000.0_mean_300.0_v3" "txd65cef03909e4a8d9dcfb-0069316e9b" "proxy-server 12" 0.0005 "-" 24 0
Dec 4 11:20:59 standalone proxy-server[125180]: 172.18.0.2 ::1 04/Dec/2025/11/20/59 GET /v1/AUTH_206ed0cfcabb48c18271f8cdcb1ada82/gnocchi.d174e8a6-1670-4399-81f5-53e89e374aa3/1764720000.0_mean_300.0_v3 HTTP/1.0 404 - python-swiftclient-3.11.1 gAAAAABpMW5W4_k8... - 70 - txd65cef03909e4a8d9dcfb-0069316e9b - 0.0071 - - 1764847259.568677425 1764847259.575756073 0
Dec 4 11:20:59 standalone container-server[123112]: 172.20.0.100 - - [04/Dec/2025:11:20:59 +0000] "PUT /d1/198/AUTH_206ed0cfcabb48c18271f8cdcb1ada82/gnocchi.d174e8a6-1670-4399-81f5-53e89e374aa3/1764720000.0_mean_300.0_v3" 201 - "PUT http://localhost:8080/d1/76/AUTH_206ed0cfcabb48c18271f8cdcb1ada82/gnocchi.d174e8a6-1670-4399-81f5-53e89e374aa3/1764720000.0_mean_300.0_v3" "tx739f76d491b44dd299901-0069316e9b" "object-server 22" 0.0007 "-" 22 0
Dec 4 11:20:59 standalone object-server[123262]: 172.20.0.100 - - [04/Dec/2025:11:20:59 +0000] "PUT /d1/76/AUTH_206ed0cfcabb48c18271f8cdcb1ada82/gnocchi.d174e8a6-1670-4399-81f5-53e89e374aa3/1764720000.0_mean_300.0_v3" 201 - "PUT http://localhost:8080/v1/AUTH_206ed0cfcabb48c18271f8cdcb1ada82/gnocchi.d174e8a6-1670-4399-81f5-53e89e374aa3/1764720000.0_mean_300.0_v3" "tx739f76d491b44dd299901-0069316e9b" "proxy-server 12" 0.0088 "-" 22 0
Dec 4 11:20:59 standalone proxy-server[125180]: 172.18.0.2 ::1 04/Dec/2025/11/20/59 PUT /v1/AUTH_206ed0cfcabb48c18271f8cdcb1ada82/gnocchi.d174e8a6-1670-4399-81f5-53e89e374aa3/1764720000.0_mean_300.0_v3 HTTP/1.0 201 - python-swiftclient-3.11.1 gAAAAABpMW5W4_k8... 16 - - tx739f76d491b44dd299901-0069316e9b - 0.0149 - - 1764847259.580214024 1764847259.595102549 0
Dec 4 11:20:59 standalone container-server[123112]: 172.20.0.100 - - [04/Dec/2025:11:20:59 +0000] "PUT /d1/198/AUTH_206ed0cfcabb48c18271f8cdcb1ada82/gnocchi.d174e8a6-1670-4399-81f5-53e89e374aa3/none_v3" 201 - "PUT http://localhost:8080/d1/222/AUTH_206ed0cfcabb48c18271f8cdcb1ada82/gnocchi.d174e8a6-1670-4399-81f5-53e89e374aa3/none_v3" "txf57e7cadf7da4353a2e81-0069316e9b" "object-server 22" 0.0008 "-" 22 0
Dec 4 11:20:59 standalone object-server[123262]: 172.20.0.100 - - [04/Dec/2025:11:20:59 +0000] "PUT /d1/222/AUTH_206ed0cfcabb48c18271f8cdcb1ada82/gnocchi.d174e8a6-1670-4399-81f5-53e89e374aa3/none_v3" 201 - "PUT http://localhost:8080/v1/AUTH_206ed0cfcabb48c18271f8cdcb1ada82/gnocchi.d174e8a6-1670-4399-81f5-53e89e374aa3/none_v3" "txf57e7cadf7da4353a2e81-0069316e9b" "proxy-server 12" 0.0092 "-" 22 0
Dec 4 11:20:59 standalone proxy-server[125180]: 172.18.0.2 ::1 04/Dec/2025/11/20/59 PUT /v1/AUTH_206ed0cfcabb48c18271f8cdcb1ada82/gnocchi.d174e8a6-1670-4399-81f5-53e89e374aa3/none_v3 HTTP/1.0 201 - python-swiftclient-3.11.1 gAAAAABpMW5W4_k8... 22 - - txf57e7cadf7da4353a2e81-0069316e9b - 0.0168 - - 1764847259.598222494 1764847259.614988089 0
Dec 4 11:20:59 standalone container-server[123109]: 172.20.0.100 - - [04/Dec/2025:11:20:59 +0000] "HEAD /d1/392/AUTH_206ed0cfcabb48c18271f8cdcb1ada82/gnocchi.9ee3b3dc-e14c-4044-b4ad-8e578fb446eb" 404 - "HEAD http://localhost:8080/v1/AUTH_206ed0cfcabb48c18271f8cdcb1ada82/gnocchi.9ee3b3dc-e14c-4044-b4ad-8e578fb446eb?format=json&states=listing" "tx8dcddf662c1544928d784-0069316e9b" "proxy-server 12" 0.0006 "-" 20 0
Dec 4 11:20:59 standalone object-server[123262]: 172.20.0.100 - - [04/Dec/2025:11:20:59 +0000] "GET /d1/168/AUTH_206ed0cfcabb48c18271f8cdcb1ada82/gnocchi.9ee3b3dc-e14c-4044-b4ad-8e578fb446eb/none_v3" 404 70 "GET http://localhost:8080/v1/AUTH_206ed0cfcabb48c18271f8cdcb1ada82/gnocchi.9ee3b3dc-e14c-4044-b4ad-8e578fb446eb/none_v3" "tx8dcddf662c1544928d784-0069316e9b" "proxy-server 12" 0.0003 "-" 22 0
Dec 4 11:20:59 standalone proxy-server[125180]: 172.18.0.2 ::1 04/Dec/2025/11/20/59 GET /v1/AUTH_206ed0cfcabb48c18271f8cdcb1ada82/gnocchi.9ee3b3dc-e14c-4044-b4ad-8e578fb446eb/none_v3 HTTP/1.0 404 - python-swiftclient-3.11.1 gAAAAABpMW5W4_k8... - 70 - tx8dcddf662c1544928d784-0069316e9b - 0.0094 - - 1764847259.632048607 1764847259.641494274 0
Dec 4 11:20:59 standalone account-server[123140]: 172.20.0.100 - - [04/Dec/2025:11:20:59 +0000] "PUT /d1/191/AUTH_206ed0cfcabb48c18271f8cdcb1ada82/gnocchi.9ee3b3dc-e14c-4044-b4ad-8e578fb446eb" 201 - "PUT http://172.20.0.100:6001/d1/392/AUTH_206ed0cfcabb48c18271f8cdcb1ada82/gnocchi.9ee3b3dc-e14c-4044-b4ad-8e578fb446eb" "tx189f089dfd174adcb45eb-0069316e9b" "container-server 23" 0.0065 "-" 23 0
Dec 4 11:20:59 standalone container-server[123114]: 172.20.0.100 - - [04/Dec/2025:11:20:59 +0000] "PUT /d1/392/AUTH_206ed0cfcabb48c18271f8cdcb1ada82/gnocchi.9ee3b3dc-e14c-4044-b4ad-8e578fb446eb" 201 - "PUT http://localhost:8080/v1/AUTH_206ed0cfcabb48c18271f8cdcb1ada82/gnocchi.9ee3b3dc-e14c-4044-b4ad-8e578fb446eb" "tx189f089dfd174adcb45eb-0069316e9b" "proxy-server 12" 0.0187 "-" 23 0
Dec 4 11:20:59 standalone proxy-server[125180]: 172.18.0.2 ::1 04/Dec/2025/11/20/59 PUT /v1/AUTH_206ed0cfcabb48c18271f8cdcb1ada82/gnocchi.9ee3b3dc-e14c-4044-b4ad-8e578fb446eb HTTP/1.0 201 - python-swiftclient-3.11.1 gAAAAABpMW5W4_k8... - - - tx189f089dfd174adcb45eb-0069316e9b - 0.0243 - - 1764847259.647041321 1764847259.671316385 0
Dec 4 11:20:59 standalone container-server[123112]: 172.20.0.100 - - [04/Dec/2025:11:20:59 +0000] "HEAD /d1/392/AUTH_206ed0cfcabb48c18271f8cdcb1ada82/gnocchi.9ee3b3dc-e14c-4044-b4ad-8e578fb446eb" 204 - "HEAD http://localhost:8080/v1/AUTH_206ed0cfcabb48c18271f8cdcb1ada82/gnocchi.9ee3b3dc-e14c-4044-b4ad-8e578fb446eb?format=json&states=listing" "tx30eed94fd12f4bc89b4b2-0069316e9b" "proxy-server 12" 0.0021 "-" 22 0
Dec 4 11:20:59 standalone proxy-server[125180]: - - 04/Dec/2025/11/20/59 HEAD /v1/AUTH_206ed0cfcabb48c18271f8cdcb1ada82/gnocchi.9ee3b3dc-e14c-4044-b4ad-8e578fb446eb%3Fformat%3Djson%26states%3Dlisting HTTP/1.0 204 - Swift - - - - tx30eed94fd12f4bc89b4b2-0069316e9b - 0.0071 RL - 1764847259.679461002 1764847259.686581612 0
Dec 4 11:20:59 standalone container-server[123114]: 172.20.0.100 - - [04/Dec/2025:11:20:59 +0000] "GET /d1/392/AUTH_206ed0cfcabb48c18271f8cdcb1ada82/gnocchi.9ee3b3dc-e14c-4044-b4ad-8e578fb446eb" 200 2 "GET http://localhost:8080/v1/AUTH_206ed0cfcabb48c18271f8cdcb1ada82/gnocchi.9ee3b3dc-e14c-4044-b4ad-8e578fb446eb?format=json&states=listing" "tx30eed94fd12f4bc89b4b2-0069316e9b" "proxy-server 12" 0.0019 "-" 23 0
Dec 4 11:20:59 standalone proxy-server[125180]: 172.18.0.2 ::1 04/Dec/2025/11/20/59 GET /v1/AUTH_206ed0cfcabb48c18271f8cdcb1ada82/gnocchi.9ee3b3dc-e14c-4044-b4ad-8e578fb446eb%3Fformat%3Djson%26states%3Dlisting HTTP/1.0 200 - python-swiftclient-3.11.1 gAAAAABpMW5W4_k8... - 2 - tx30eed94fd12f4bc89b4b2-0069316e9b - 0.0161 - - 1764847259.677746058 1764847259.693869829 0
Dec 4 11:20:59 standalone object-server[123262]: 172.20.0.100 - - [04/Dec/2025:11:20:59 +0000] "GET /d1/915/AUTH_206ed0cfcabb48c18271f8cdcb1ada82/gnocchi.9ee3b3dc-e14c-4044-b4ad-8e578fb446eb/1764720000.0_mean_300.0_v3" 404 70 "GET http://localhost:8080/v1/AUTH_206ed0cfcabb48c18271f8cdcb1ada82/gnocchi.9ee3b3dc-e14c-4044-b4ad-8e578fb446eb/1764720000.0_mean_300.0_v3" "txf087a34896214dda86f96-0069316e9b" "proxy-server 12" 0.0004 "-" 22 0
Dec 4 11:20:59 standalone proxy-server[125180]: 172.18.0.2 ::1 04/Dec/2025/11/20/59 GET /v1/AUTH_206ed0cfcabb48c18271f8cdcb1ada82/gnocchi.9ee3b3dc-e14c-4044-b4ad-8e578fb446eb/1764720000.0_mean_300.0_v3 HTTP/1.0 404 - python-swiftclient-3.11.1 gAAAAABpMW5W4_k8... - 70 - txf087a34896214dda86f96-0069316e9b - 0.0051 - - 1764847259.701552153 1764847259.706613541 0
Dec 4 11:20:59 standalone container-server[123112]: 172.20.0.100 - - [04/Dec/2025:11:20:59 +0000] "PUT /d1/392/AUTH_206ed0cfcabb48c18271f8cdcb1ada82/gnocchi.9ee3b3dc-e14c-4044-b4ad-8e578fb446eb/1764720000.0_mean_300.0_v3" 201 - "PUT http://localhost:8080/d1/915/AUTH_206ed0cfcabb48c18271f8cdcb1ada82/gnocchi.9ee3b3dc-e14c-4044-b4ad-8e578fb446eb/1764720000.0_mean_300.0_v3" "tx44e563a79a5e4d4a911fe-0069316e9b" "object-server 24" 0.0010 "-" 22 0
Dec 4 11:20:59 standalone object-server[123266]: 172.20.0.100 - - [04/Dec/2025:11:20:59 +0000] "PUT /d1/915/AUTH_206ed0cfcabb48c18271f8cdcb1ada82/gnocchi.9ee3b3dc-e14c-4044-b4ad-8e578fb446eb/1764720000.0_mean_300.0_v3" 201 - "PUT http://localhost:8080/v1/AUTH_206ed0cfcabb48c18271f8cdcb1ada82/gnocchi.9ee3b3dc-e14c-4044-b4ad-8e578fb446eb/1764720000.0_mean_300.0_v3" "tx44e563a79a5e4d4a911fe-0069316e9b" "proxy-server 12" 0.0350 "-" 24 0
Dec 4 11:20:59 standalone proxy-server[125180]: 172.18.0.2 ::1 04/Dec/2025/11/20/59 PUT /v1/AUTH_206ed0cfcabb48c18271f8cdcb1ada82/gnocchi.9ee3b3dc-e14c-4044-b4ad-8e578fb446eb/1764720000.0_mean_300.0_v3 HTTP/1.0 201 - python-swiftclient-3.11.1 gAAAAABpMW5W4_k8... 16 - - tx44e563a79a5e4d4a911fe-0069316e9b - 0.0429 - - 1764847259.715484858 1764847259.758433580 0
Dec 4 11:20:59 standalone container-server[123112]: 172.20.0.100 - - [04/Dec/2025:11:20:59 +0000] "PUT /d1/392/AUTH_206ed0cfcabb48c18271f8cdcb1ada82/gnocchi.9ee3b3dc-e14c-4044-b4ad-8e578fb446eb/none_v3" 201 - "PUT http://localhost:8080/d1/168/AUTH_206ed0cfcabb48c18271f8cdcb1ada82/gnocchi.9ee3b3dc-e14c-4044-b4ad-8e578fb446eb/none_v3" "tx39784963474c412595c1c-0069316e9b" "object-server 25" 0.0026 "-" 22 0
Dec 4 11:20:59 standalone object-server[123268]: 172.20.0.100 - - [04/Dec/2025:11:20:59 +0000] "PUT /d1/168/AUTH_206ed0cfcabb48c18271f8cdcb1ada82/gnocchi.9ee3b3dc-e14c-4044-b4ad-8e578fb446eb/none_v3" 201 - "PUT http://localhost:8080/v1/AUTH_206ed0cfcabb48c18271f8cdcb1ada82/gnocchi.9ee3b3dc-e14c-4044-b4ad-8e578fb446eb/none_v3" "tx39784963474c412595c1c-0069316e9b" "proxy-server 12" 0.0203 "-" 25 0
Dec 4 11:20:59 standalone proxy-server[125180]: 172.18.0.2 ::1 04/Dec/2025/11/20/59 PUT /v1/AUTH_206ed0cfcabb48c18271f8cdcb1ada82/gnocchi.9ee3b3dc-e14c-4044-b4ad-8e578fb446eb/none_v3 HTTP/1.0 201 - python-swiftclient-3.11.1 gAAAAABpMW5W4_k8... 22 - - tx39784963474c412595c1c-0069316e9b - 0.0297 - - 1764847259.766650200 1764847259.796382904 0
Dec 4 11:20:59 standalone container-server[123111]: 172.20.0.100 - - [04/Dec/2025:11:20:59 +0000] "HEAD /d1/22/AUTH_206ed0cfcabb48c18271f8cdcb1ada82/gnocchi.38ff586a-a716-49da-9455-094d25b7c783" 404 - "HEAD http://localhost:8080/v1/AUTH_206ed0cfcabb48c18271f8cdcb1ada82/gnocchi.38ff586a-a716-49da-9455-094d25b7c783?format=json&states=listing" "tx0436e09cf66c42a2a5df2-0069316e9b" "proxy-server 12" 0.0003 "-" 21 0
Dec 4 11:20:59 standalone object-server[123262]: 172.20.0.100 - - [04/Dec/2025:11:20:59 +0000] "GET /d1/204/AUTH_206ed0cfcabb48c18271f8cdcb1ada82/gnocchi.38ff586a-a716-49da-9455-094d25b7c783/none_v3" 404 70 "GET http://localhost:8080/v1/AUTH_206ed0cfcabb48c18271f8cdcb1ada82/gnocchi.38ff586a-a716-49da-9455-094d25b7c783/none_v3" "tx0436e09cf66c42a2a5df2-0069316e9b" "proxy-server 12" 0.0003 "-" 22 0
Dec 4 11:20:59 standalone proxy-server[125180]: 172.18.0.2 ::1 04/Dec/2025/11/20/59 GET /v1/AUTH_206ed0cfcabb48c18271f8cdcb1ada82/gnocchi.38ff586a-a716-49da-9455-094d25b7c783/none_v3 HTTP/1.0 404 - python-swiftclient-3.11.1 gAAAAABpMW5W4_k8... - 70 - tx0436e09cf66c42a2a5df2-0069316e9b - 0.0094 - - 1764847259.829811811 1764847259.839238167 0
Dec 4 11:20:59 standalone account-server[123121]: 172.20.0.100 - - [04/Dec/2025:11:20:59 +0000] "PUT /d1/191/AUTH_206ed0cfcabb48c18271f8cdcb1ada82/gnocchi.38ff586a-a716-49da-9455-094d25b7c783" 201 - "PUT http://172.20.0.100:6001/d1/22/AUTH_206ed0cfcabb48c18271f8cdcb1ada82/gnocchi.38ff586a-a716-49da-9455-094d25b7c783" "txd619b323ec964058be51b-0069316e9b" "container-server 21" 0.0044 "-" 21 0
Dec 4 11:20:59 standalone container-server[123111]: 172.20.0.100 - - [04/Dec/2025:11:20:59 +0000] "PUT /d1/22/AUTH_206ed0cfcabb48c18271f8cdcb1ada82/gnocchi.38ff586a-a716-49da-9455-094d25b7c783" 201 - "PUT http://localhost:8080/v1/AUTH_206ed0cfcabb48c18271f8cdcb1ada82/gnocchi.38ff586a-a716-49da-9455-094d25b7c783" "txd619b323ec964058be51b-0069316e9b" "proxy-server 12" 0.0143 "-" 21 0
Dec 4 11:20:59 standalone proxy-server[125180]: 172.18.0.2 ::1 04/Dec/2025/11/20/59 PUT /v1/AUTH_206ed0cfcabb48c18271f8cdcb1ada82/gnocchi.38ff586a-a716-49da-9455-094d25b7c783 HTTP/1.0 201 - python-swiftclient-3.11.1 gAAAAABpMW5W4_k8... - - - txd619b323ec964058be51b-0069316e9b - 0.0191 - - 1764847259.844979286 1764847259.864075184 0
Dec 4 11:20:59 standalone container-server[123111]: 172.20.0.100 - - [04/Dec/2025:11:20:59 +0000] "HEAD /d1/22/AUTH_206ed0cfcabb48c18271f8cdcb1ada82/gnocchi.38ff586a-a716-49da-9455-094d25b7c783" 204 - "HEAD http://localhost:8080/v1/AUTH_206ed0cfcabb48c18271f8cdcb1ada82/gnocchi.38ff586a-a716-49da-9455-094d25b7c783?format=json&states=listing" "tx1c7654b494ca4064833d6-0069316e9b" "proxy-server 12" 0.0016 "-" 21 0
Dec 4 11:20:59 standalone proxy-server[125180]: - - 04/Dec/2025/11/20/59 HEAD /v1/AUTH_206ed0cfcabb48c18271f8cdcb1ada82/gnocchi.38ff586a-a716-49da-9455-094d25b7c783%3Fformat%3Djson%26states%3Dlisting HTTP/1.0 204 - Swift - - - - tx1c7654b494ca4064833d6-0069316e9b - 0.0071 RL - 1764847259.884868860 1764847259.891920805 0
Dec 4 11:20:59 standalone container-server[123111]: 172.20.0.100 - - [04/Dec/2025:11:20:59 +0000] "GET /d1/22/AUTH_206ed0cfcabb48c18271f8cdcb1ada82/gnocchi.38ff586a-a716-49da-9455-094d25b7c783" 200 2 "GET http://localhost:8080/v1/AUTH_206ed0cfcabb48c18271f8cdcb1ada82/gnocchi.38ff586a-a716-49da-9455-094d25b7c783?format=json&states=listing" "tx1c7654b494ca4064833d6-0069316e9b" "proxy-server 12" 0.0024 "-" 21 0
Dec 4 11:20:59 standalone proxy-server[125180]: 172.18.0.2 ::1 04/Dec/2025/11/20/59 GET /v1/AUTH_206ed0cfcabb48c18271f8cdcb1ada82/gnocchi.38ff586a-a716-49da-9455-094d25b7c783%3Fformat%3Djson%26states%3Dlisting HTTP/1.0 200 - python-swiftclient-3.11.1 gAAAAABpMW5W4_k8... - 2 - tx1c7654b494ca4064833d6-0069316e9b - 0.0356 - - 1764847259.874493122 1764847259.910107136 0
Dec 4 11:20:59 standalone object-server[123266]: 172.20.0.100 - - [04/Dec/2025:11:20:59 +0000] "GET /d1/568/AUTH_206ed0cfcabb48c18271f8cdcb1ada82/gnocchi.38ff586a-a716-49da-9455-094d25b7c783/1764720000.0_mean_300.0_v3" 404 70 "GET http://localhost:8080/v1/AUTH_206ed0cfcabb48c18271f8cdcb1ada82/gnocchi.38ff586a-a716-49da-9455-094d25b7c783/1764720000.0_mean_300.0_v3" "tx6e694e6cb2964ebe8c4b3-0069316e9b" "proxy-server 12" 0.0013 "-" 24 0
Dec 4 11:20:59 standalone proxy-server[125180]: 172.18.0.2 ::1 04/Dec/2025/11/20/59 GET /v1/AUTH_206ed0cfcabb48c18271f8cdcb1ada82/gnocchi.38ff586a-a716-49da-9455-094d25b7c783/1764720000.0_mean_300.0_v3 HTTP/1.0 404 - python-swiftclient-3.11.1 gAAAAABpMW5W4_k8... - 70 - tx6e694e6cb2964ebe8c4b3-0069316e9b - 0.0181 - - 1764847259.918313980 1764847259.936428308 0
Dec 4 11:20:59 standalone container-server[123112]: 172.20.0.100 - - [04/Dec/2025:11:20:59 +0000] "PUT /d1/22/AUTH_206ed0cfcabb48c18271f8cdcb1ada82/gnocchi.38ff586a-a716-49da-9455-094d25b7c783/1764720000.0_mean_300.0_v3" 201 - "PUT http://localhost:8080/d1/568/AUTH_206ed0cfcabb48c18271f8cdcb1ada82/gnocchi.38ff586a-a716-49da-9455-094d25b7c783/1764720000.0_mean_300.0_v3" "txe6792752d8cd4c0b97ca5-0069316e9b" "object-server 24" 0.0016 "-" 22 0
Dec 4 11:20:59 standalone object-server[123266]: 172.20.0.100 - - [04/Dec/2025:11:20:59 +0000] "PUT /d1/568/AUTH_206ed0cfcabb48c18271f8cdcb1ada82/gnocchi.38ff586a-a716-49da-9455-094d25b7c783/1764720000.0_mean_300.0_v3" 201 - "PUT http://localhost:8080/v1/AUTH_206ed0cfcabb48c18271f8cdcb1ada82/gnocchi.38ff586a-a716-49da-9455-094d25b7c783/1764720000.0_mean_300.0_v3" "txe6792752d8cd4c0b97ca5-0069316e9b" "proxy-server 12" 0.0190 "-" 24 0
Dec 4 11:20:59 standalone proxy-server[125180]: 172.18.0.2 ::1 04/Dec/2025/11/20/59 PUT /v1/AUTH_206ed0cfcabb48c18271f8cdcb1ada82/gnocchi.38ff586a-a716-49da-9455-094d25b7c783/1764720000.0_mean_300.0_v3 HTTP/1.0 201 - python-swiftclient-3.11.1 gAAAAABpMW5W4_k8... 16 - - txe6792752d8cd4c0b97ca5-0069316e9b - 0.0427 - - 1764847259.949648142 1764847259.992347240 0
Dec 4 11:21:00 standalone container-server[123112]: 172.20.0.100 - - [04/Dec/2025:11:21:00 +0000] "PUT /d1/22/AUTH_206ed0cfcabb48c18271f8cdcb1ada82/gnocchi.38ff586a-a716-49da-9455-094d25b7c783/none_v3" 201 - "PUT http://localhost:8080/d1/204/AUTH_206ed0cfcabb48c18271f8cdcb1ada82/gnocchi.38ff586a-a716-49da-9455-094d25b7c783/none_v3" "tx10eba75fcc99454385cf5-0069316e9c" "object-server 25" 0.0009 "-" 22 0
Dec 4 11:21:00 standalone object-server[123268]: 172.20.0.100 - - [04/Dec/2025:11:21:00 +0000] "PUT /d1/204/AUTH_206ed0cfcabb48c18271f8cdcb1ada82/gnocchi.38ff586a-a716-49da-9455-094d25b7c783/none_v3" 201 - "PUT http://localhost:8080/v1/AUTH_206ed0cfcabb48c18271f8cdcb1ada82/gnocchi.38ff586a-a716-49da-9455-094d25b7c783/none_v3" "tx10eba75fcc99454385cf5-0069316e9c" "proxy-server 12" 0.0111 "-" 25 0
Dec 4 11:21:00 standalone proxy-server[125180]: 172.18.0.2 ::1 04/Dec/2025/11/21/00 PUT /v1/AUTH_206ed0cfcabb48c18271f8cdcb1ada82/gnocchi.38ff586a-a716-49da-9455-094d25b7c783/none_v3 HTTP/1.0 201 - python-swiftclient-3.11.1 gAAAAABpMW5W4_k8... 22 - - tx10eba75fcc99454385cf5-0069316e9c - 0.0259 - - 1764847260.003766060 1764847260.029675722 0
Dec 4 11:21:00 standalone container-server[123109]: 172.20.0.100 - - [04/Dec/2025:11:21:00 +0000] "HEAD /d1/402/AUTH_206ed0cfcabb48c18271f8cdcb1ada82/gnocchi.c3a6a522-214c-4919-93eb-4700162f59a9" 404 - "HEAD http://localhost:8080/v1/AUTH_206ed0cfcabb48c18271f8cdcb1ada82/gnocchi.c3a6a522-214c-4919-93eb-4700162f59a9?format=json&states=listing" "tx246c5fca79864dcf8e64f-0069316e9c" "proxy-server 12" 0.0007 "-" 20 0
Dec 4 11:21:00 standalone object-server[123266]: 172.20.0.100 - - [04/Dec/2025:11:21:00 +0000] "GET /d1/122/AUTH_206ed0cfcabb48c18271f8cdcb1ada82/gnocchi.c3a6a522-214c-4919-93eb-4700162f59a9/none_v3" 404 70 "GET http://localhost:8080/v1/AUTH_206ed0cfcabb48c18271f8cdcb1ada82/gnocchi.c3a6a522-214c-4919-93eb-4700162f59a9/none_v3" "tx246c5fca79864dcf8e64f-0069316e9c" "proxy-server 12" 0.0006 "-" 24 0
Dec 4 11:21:00 standalone proxy-server[125180]: 172.18.0.2 ::1 04/Dec/2025/11/21/00 GET /v1/AUTH_206ed0cfcabb48c18271f8cdcb1ada82/gnocchi.c3a6a522-214c-4919-93eb-4700162f59a9/none_v3 HTTP/1.0 404 - python-swiftclient-3.11.1 gAAAAABpMW5W4_k8... - 70 - tx246c5fca79864dcf8e64f-0069316e9c - 0.0132 - - 1764847260.053077698 1764847260.066274881 0
Dec 4 11:21:00 standalone account-server[123129]: 172.20.0.100 - - [04/Dec/2025:11:21:00 +0000] "PUT /d1/191/AUTH_206ed0cfcabb48c18271f8cdcb1ada82/gnocchi.c3a6a522-214c-4919-93eb-4700162f59a9" 201 - "PUT http://172.20.0.100:6001/d1/402/AUTH_206ed0cfcabb48c18271f8cdcb1ada82/gnocchi.c3a6a522-214c-4919-93eb-4700162f59a9" "tx61b07a385bae436b93998-0069316e9c" "container-server 22" 0.0066 "-" 22 0
Dec 4 11:21:00 standalone container-server[123112]: 172.20.0.100 - - [04/Dec/2025:11:21:00 +0000] "PUT /d1/402/AUTH_206ed0cfcabb48c18271f8cdcb1ada82/gnocchi.c3a6a522-214c-4919-93eb-4700162f59a9" 201 - "PUT http://localhost:8080/v1/AUTH_206ed0cfcabb48c18271f8cdcb1ada82/gnocchi.c3a6a522-214c-4919-93eb-4700162f59a9" "tx61b07a385bae436b93998-0069316e9c" "proxy-server 12" 0.0237 "-" 22 0
Dec 4 11:21:00 standalone proxy-server[125180]: 172.18.0.2 ::1 04/Dec/2025/11/21/00 PUT /v1/AUTH_206ed0cfcabb48c18271f8cdcb1ada82/gnocchi.c3a6a522-214c-4919-93eb-4700162f59a9 HTTP/1.0 201 - python-swiftclient-3.11.1 gAAAAABpMW5W4_k8... - - - tx61b07a385bae436b93998-0069316e9c - 0.0297 - - 1764847260.071986675 1764847260.101732492 0
Dec 4 11:21:00 standalone container-server[123109]: 172.20.0.100 - - [04/Dec/2025:11:21:00 +0000] "HEAD /d1/402/AUTH_206ed0cfcabb48c18271f8cdcb1ada82/gnocchi.c3a6a522-214c-4919-93eb-4700162f59a9" 204 - "HEAD http://localhost:8080/v1/AUTH_206ed0cfcabb48c18271f8cdcb1ada82/gnocchi.c3a6a522-214c-4919-93eb-4700162f59a9?format=json&states=listing" "tx90e8d037fd2d481daa8bf-0069316e9c" "proxy-server 12" 0.0032 "-" 20 0
Dec 4 11:21:00 standalone proxy-server[125180]: - - 04/Dec/2025/11/21/00 HEAD /v1/AUTH_206ed0cfcabb48c18271f8cdcb1ada82/gnocchi.c3a6a522-214c-4919-93eb-4700162f59a9%3Fformat%3Djson%26states%3Dlisting HTTP/1.0 204 - Swift - - - - tx90e8d037fd2d481daa8bf-0069316e9c - 0.0073 RL - 1764847260.108905792 1764847260.116175413 0
Dec 4 11:21:00 standalone container-server[123111]: 172.20.0.100 - - [04/Dec/2025:11:21:00 +0000] "GET /d1/402/AUTH_206ed0cfcabb48c18271f8cdcb1ada82/gnocchi.c3a6a522-214c-4919-93eb-4700162f59a9" 200 2 "GET http://localhost:8080/v1/AUTH_206ed0cfcabb48c18271f8cdcb1ada82/gnocchi.c3a6a522-214c-4919-93eb-4700162f59a9?format=json&states=listing" "tx90e8d037fd2d481daa8bf-0069316e9c" "proxy-server 12" 0.0034 "-" 21 0
Dec 4 11:21:00 standalone proxy-server[125180]: 172.18.0.2 ::1 04/Dec/2025/11/21/00 GET /v1/AUTH_206ed0cfcabb48c18271f8cdcb1ada82/gnocchi.c3a6a522-214c-4919-93eb-4700162f59a9%3Fformat%3Djson%26states%3Dlisting HTTP/1.0 200 - python-swiftclient-3.11.1 gAAAAABpMW5W4_k8... - 2 - tx90e8d037fd2d481daa8bf-0069316e9c - 0.0186 - - 1764847260.107563972 1764847260.126199245 0
Dec 4 11:21:00 standalone object-server[123262]: 172.20.0.100 - - [04/Dec/2025:11:21:00 +0000] "GET /d1/1018/AUTH_206ed0cfcabb48c18271f8cdcb1ada82/gnocchi.c3a6a522-214c-4919-93eb-4700162f59a9/1764720000.0_mean_300.0_v3" 404 70 "GET http://localhost:8080/v1/AUTH_206ed0cfcabb48c18271f8cdcb1ada82/gnocchi.c3a6a522-214c-4919-93eb-4700162f59a9/1764720000.0_mean_300.0_v3" "tx3b6b02ae379e420280be8-0069316e9c" "proxy-server 12" 0.0003 "-" 22 0
Dec 4 11:21:00 standalone proxy-server[125180]: 172.18.0.2 ::1 04/Dec/2025/11/21/00 GET /v1/AUTH_206ed0cfcabb48c18271f8cdcb1ada82/gnocchi.c3a6a522-214c-4919-93eb-4700162f59a9/1764720000.0_mean_300.0_v3 HTTP/1.0 404 - python-swiftclient-3.11.1 gAAAAABpMW5W4_k8... - 70 - tx3b6b02ae379e420280be8-0069316e9c - 0.0056 - - 1764847260.136823654 1764847260.142435312 0
Dec 4 11:21:00 standalone container-server[123109]: 172.20.0.100 - - [04/Dec/2025:11:21:00 +0000] "PUT /d1/402/AUTH_206ed0cfcabb48c18271f8cdcb1ada82/gnocchi.c3a6a522-214c-4919-93eb-4700162f59a9/1764720000.0_mean_300.0_v3" 201 - "PUT http://localhost:8080/d1/1018/AUTH_206ed0cfcabb48c18271f8cdcb1ada82/gnocchi.c3a6a522-214c-4919-93eb-4700162f59a9/1764720000.0_mean_300.0_v3" "tx57a467c3440848fcbecdf-0069316e9c" "object-server 22" 0.0011 "-" 20 0
Dec 4 11:21:00 standalone object-server[123262]: 172.20.0.100 - - [04/Dec/2025:11:21:00 +0000] "PUT /d1/1018/AUTH_206ed0cfcabb48c18271f8cdcb1ada82/gnocchi.c3a6a522-214c-4919-93eb-4700162f59a9/1764720000.0_mean_300.0_v3" 201 - "PUT http://localhost:8080/v1/AUTH_206ed0cfcabb48c18271f8cdcb1ada82/gnocchi.c3a6a522-214c-4919-93eb-4700162f59a9/1764720000.0_mean_300.0_v3" "tx57a467c3440848fcbecdf-0069316e9c" "proxy-server 12" 0.0109 "-" 22 0
Dec 4 11:21:00 standalone proxy-server[125180]: 172.18.0.2 ::1 04/Dec/2025/11/21/00 PUT /v1/AUTH_206ed0cfcabb48c18271f8cdcb1ada82/gnocchi.c3a6a522-214c-4919-93eb-4700162f59a9/1764720000.0_mean_300.0_v3 HTTP/1.0 201 - python-swiftclient-3.11.1 gAAAAABpMW5W4_k8... 16 - - tx57a467c3440848fcbecdf-0069316e9c - 0.0165 - - 1764847260.147207737 1764847260.163667679 0
Dec 4 11:21:00 standalone container-server[123114]: 172.20.0.100 - - [04/Dec/2025:11:21:00 +0000] "PUT /d1/402/AUTH_206ed0cfcabb48c18271f8cdcb1ada82/gnocchi.c3a6a522-214c-4919-93eb-4700162f59a9/none_v3" 201 - "PUT http://localhost:8080/d1/122/AUTH_206ed0cfcabb48c18271f8cdcb1ada82/gnocchi.c3a6a522-214c-4919-93eb-4700162f59a9/none_v3" "txa28a454ca6254ab39970a-0069316e9c" "object-server 23" 0.0009 "-" 23 0
Dec 4 11:21:00 standalone object-server[123264]: 172.20.0.100 - - [04/Dec/2025:11:21:00 +0000] "PUT /d1/122/AUTH_206ed0cfcabb48c18271f8cdcb1ada82/gnocchi.c3a6a522-214c-4919-93eb-4700162f59a9/none_v3" 201 - "PUT http://localhost:8080/v1/AUTH_206ed0cfcabb48c18271f8cdcb1ada82/gnocchi.c3a6a522-214c-4919-93eb-4700162f59a9/none_v3" "txa28a454ca6254ab39970a-0069316e9c" "proxy-server 12" 0.0141 "-" 23 0
Dec 4 11:21:00 standalone proxy-server[125180]: 172.18.0.2 ::1 04/Dec/2025/11/21/00 PUT /v1/AUTH_206ed0cfcabb48c18271f8cdcb1ada82/gnocchi.c3a6a522-214c-4919-93eb-4700162f59a9/none_v3 HTTP/1.0 201 - python-swiftclient-3.11.1 gAAAAABpMW5W4_k8... 22 - - txa28a454ca6254ab39970a-0069316e9c - 0.0222 - - 1764847260.167851210 1764847260.190014839 0
Dec 4 11:21:00 standalone container-server[123109]: 172.20.0.100 - - [04/Dec/2025:11:21:00 +0000] "HEAD /d1/228/AUTH_206ed0cfcabb48c18271f8cdcb1ada82/gnocchi.1191f968-5345-4c75-9f15-923112ce5f2b" 404 - "HEAD http://localhost:8080/v1/AUTH_206ed0cfcabb48c18271f8cdcb1ada82/gnocchi.1191f968-5345-4c75-9f15-923112ce5f2b?format=json&states=listing" "tx2beaa9ef533f495dab56d-0069316e9c" "proxy-server 12" 0.0008 "-" 20 0
Dec 4 11:21:00 standalone object-server[123266]: 172.20.0.100 - - [04/Dec/2025:11:21:00 +0000] "GET /d1/31/AUTH_206ed0cfcabb48c18271f8cdcb1ada82/gnocchi.1191f968-5345-4c75-9f15-923112ce5f2b/none_v3" 404 70 "GET http://localhost:8080/v1/AUTH_206ed0cfcabb48c18271f8cdcb1ada82/gnocchi.1191f968-5345-4c75-9f15-923112ce5f2b/none_v3" "tx2beaa9ef533f495dab56d-0069316e9c" "proxy-server 12" 0.0007 "-" 24 0
Dec 4 11:21:00 standalone proxy-server[125180]: 172.18.0.2 ::1 04/Dec/2025/11/21/00 GET /v1/AUTH_206ed0cfcabb48c18271f8cdcb1ada82/gnocchi.1191f968-5345-4c75-9f15-923112ce5f2b/none_v3 HTTP/1.0 404 - python-swiftclient-3.11.1 gAAAAABpMW5W4_k8... - 70 - tx2beaa9ef533f495dab56d-0069316e9c - 0.0156 - - 1764847260.212239504 1764847260.227888107 0
Dec 4 11:21:00 standalone account-server[123118]: 172.20.0.100 - - [04/Dec/2025:11:21:00 +0000] "PUT /d1/191/AUTH_206ed0cfcabb48c18271f8cdcb1ada82/gnocchi.1191f968-5345-4c75-9f15-923112ce5f2b" 201 - "PUT http://172.20.0.100:6001/d1/228/AUTH_206ed0cfcabb48c18271f8cdcb1ada82/gnocchi.1191f968-5345-4c75-9f15-923112ce5f2b" "tx30997ab879d14c79ae6fc-0069316e9c" "container-server 23" 0.0049 "-" 20 0
Dec 4 11:21:00 standalone container-server[123114]: 172.20.0.100 - - [04/Dec/2025:11:21:00 +0000] "PUT /d1/228/AUTH_206ed0cfcabb48c18271f8cdcb1ada82/gnocchi.1191f968-5345-4c75-9f15-923112ce5f2b" 201 - "PUT http://localhost:8080/v1/AUTH_206ed0cfcabb48c18271f8cdcb1ada82/gnocchi.1191f968-5345-4c75-9f15-923112ce5f2b" "tx30997ab879d14c79ae6fc-0069316e9c" "proxy-server 12" 0.0179 "-" 23 0
Dec 4 11:21:00 standalone proxy-server[125180]: 172.18.0.2 ::1 04/Dec/2025/11/21/00 PUT /v1/AUTH_206ed0cfcabb48c18271f8cdcb1ada82/gnocchi.1191f968-5345-4c75-9f15-923112ce5f2b HTTP/1.0 201 - python-swiftclient-3.11.1 gAAAAABpMW5W4_k8... - - - tx30997ab879d14c79ae6fc-0069316e9c - 0.0256 - - 1764847260.234580278 1764847260.260201931 0
Dec 4 11:21:00 standalone container-server[123111]: 172.20.0.100 - - [04/Dec/2025:11:21:00 +0000] "HEAD /d1/228/AUTH_206ed0cfcabb48c18271f8cdcb1ada82/gnocchi.1191f968-5345-4c75-9f15-923112ce5f2b" 204 - "HEAD http://localhost:8080/v1/AUTH_206ed0cfcabb48c18271f8cdcb1ada82/gnocchi.1191f968-5345-4c75-9f15-923112ce5f2b?format=json&states=listing" "txbda2a23c74864827b0686-0069316e9c" "proxy-server 12" 0.0014 "-" 21 0
Dec 4 11:21:00 standalone proxy-server[125180]: - - 04/Dec/2025/11/21/00 HEAD /v1/AUTH_206ed0cfcabb48c18271f8cdcb1ada82/gnocchi.1191f968-5345-4c75-9f15-923112ce5f2b%3Fformat%3Djson%26states%3Dlisting HTTP/1.0 204 - Swift - - - - txbda2a23c74864827b0686-0069316e9c - 0.0069 RL - 1764847260.268829584 1764847260.275729656 0
Dec 4 11:21:00 standalone container-server[123109]: 172.20.0.100 - - [04/Dec/2025:11:21:00 +0000] "GET /d1/228/AUTH_206ed0cfcabb48c18271f8cdcb1ada82/gnocchi.1191f968-5345-4c75-9f15-923112ce5f2b" 200 2 "GET http://localhost:8080/v1/AUTH_206ed0cfcabb48c18271f8cdcb1ada82/gnocchi.1191f968-5345-4c75-9f15-923112ce5f2b?format=json&states=listing" "txbda2a23c74864827b0686-0069316e9c" "proxy-server 12" 0.0048 "-" 20 0
Dec 4 11:21:00 standalone proxy-server[125180]: 172.18.0.2 ::1 04/Dec/2025/11/21/00 GET /v1/AUTH_206ed0cfcabb48c18271f8cdcb1ada82/gnocchi.1191f968-5345-4c75-9f15-923112ce5f2b%3Fformat%3Djson%26states%3Dlisting HTTP/1.0 200 - python-swiftclient-3.11.1 gAAAAABpMW5W4_k8... - 2 - txbda2a23c74864827b0686-0069316e9c - 0.0239 - - 1764847260.267327070 1764847260.291219234 0
Dec 4 11:21:00 standalone object-server[123264]: 172.20.0.100 - - [04/Dec/2025:11:21:00 +0000] "GET /d1/139/AUTH_206ed0cfcabb48c18271f8cdcb1ada82/gnocchi.1191f968-5345-4c75-9f15-923112ce5f2b/1764720000.0_mean_300.0_v3" 404 70 "GET http://localhost:8080/v1/AUTH_206ed0cfcabb48c18271f8cdcb1ada82/gnocchi.1191f968-5345-4c75-9f15-923112ce5f2b/1764720000.0_mean_300.0_v3" "txe2f52c270dbd4434837a3-0069316e9c" "proxy-server 12" 0.0008 "-" 23 0
Dec 4 11:21:00 standalone proxy-server[125180]: 172.18.0.2 ::1 04/Dec/2025/11/21/00 GET /v1/AUTH_206ed0cfcabb48c18271f8cdcb1ada82/gnocchi.1191f968-5345-4c75-9f15-923112ce5f2b/1764720000.0_mean_300.0_v3 HTTP/1.0 404 - python-swiftclient-3.11.1 gAAAAABpMW5W4_k8... - 70 - txe2f52c270dbd4434837a3-0069316e9c - 0.0097 - - 1764847260.299761295 1764847260.309435368 0
Dec 4 11:21:00 standalone container-server[123111]: 172.20.0.100 - - [04/Dec/2025:11:21:00 +0000] "PUT /d1/228/AUTH_206ed0cfcabb48c18271f8cdcb1ada82/gnocchi.1191f968-5345-4c75-9f15-923112ce5f2b/1764720000.0_mean_300.0_v3" 201 - "PUT http://localhost:8080/d1/139/AUTH_206ed0cfcabb48c18271f8cdcb1ada82/gnocchi.1191f968-5345-4c75-9f15-923112ce5f2b/1764720000.0_mean_300.0_v3" "txc824e057887c4110b969f-0069316e9c" "object-server 22" 0.0010 "-" 21 0
Dec 4 11:21:00 standalone object-server[123262]: 172.20.0.100 - - [04/Dec/2025:11:21:00 +0000] "PUT /d1/139/AUTH_206ed0cfcabb48c18271f8cdcb1ada82/gnocchi.1191f968-5345-4c75-9f15-923112ce5f2b/1764720000.0_mean_300.0_v3" 201 - "PUT http://localhost:8080/v1/AUTH_206ed0cfcabb48c18271f8cdcb1ada82/gnocchi.1191f968-5345-4c75-9f15-923112ce5f2b/1764720000.0_mean_300.0_v3" "txc824e057887c4110b969f-0069316e9c" "proxy-server 12" 0.0110 "-" 22 0
Dec 4 11:21:00 standalone proxy-server[125180]: 172.18.0.2 ::1 04/Dec/2025/11/21/00 PUT /v1/AUTH_206ed0cfcabb48c18271f8cdcb1ada82/gnocchi.1191f968-5345-4c75-9f15-923112ce5f2b/1764720000.0_mean_300.0_v3 HTTP/1.0 201 - python-swiftclient-3.11.1 gAAAAABpMW5W4_k8... 16 - - txc824e057887c4110b969f-0069316e9c - 0.0194 - - 1764847260.317543507 1764847260.336986780 0
Dec 4 11:21:00 standalone container-server[123114]: 172.20.0.100 - - [04/Dec/2025:11:21:00 +0000] "PUT /d1/228/AUTH_206ed0cfcabb48c18271f8cdcb1ada82/gnocchi.1191f968-5345-4c75-9f15-923112ce5f2b/none_v3" 201 - "PUT http://localhost:8080/d1/31/AUTH_206ed0cfcabb48c18271f8cdcb1ada82/gnocchi.1191f968-5345-4c75-9f15-923112ce5f2b/none_v3" "tx5e4b03636c334c7badd94-0069316e9c" "object-server 22" 0.0007 "-" 23 0
Dec 4 11:21:00 standalone object-server[123262]: 172.20.0.100 - - [04/Dec/2025:11:21:00 +0000] "PUT /d1/31/AUTH_206ed0cfcabb48c18271f8cdcb1ada82/gnocchi.1191f968-5345-4c75-9f15-923112ce5f2b/none_v3" 201 - "PUT http://localhost:8080/v1/AUTH_206ed0cfcabb48c18271f8cdcb1ada82/gnocchi.1191f968-5345-4c75-9f15-923112ce5f2b/none_v3" "tx5e4b03636c334c7badd94-0069316e9c" "proxy-server 12" 0.0105 "-" 22 0
Dec 4 11:21:00 standalone proxy-server[125180]: 172.18.0.2 ::1 04/Dec/2025/11/21/00 PUT /v1/AUTH_206ed0cfcabb48c18271f8cdcb1ada82/gnocchi.1191f968-5345-4c75-9f15-923112ce5f2b/none_v3 HTTP/1.0 201 - python-swiftclient-3.11.1 gAAAAABpMW5W4_k8... 22 - - tx5e4b03636c334c7badd94-0069316e9c - 0.0182 - - 1764847260.341691494 1764847260.359844446 0
Dec 4 11:21:07 standalone container-server[122924]: Begin container update sweep
Dec 4 11:21:07 standalone account-server[123140]: 172.20.0.100 - - [04/Dec/2025:11:21:07 +0000] "PUT /d1/191/AUTH_206ed0cfcabb48c18271f8cdcb1ada82/gnocchi.1a130a7b-f376-42c2-a082-f02a003b9f57" 201 - "-" "-" "container-updater 2" 0.0013 "-" 23 0
Dec 4 11:21:07 standalone account-server[123121]: 172.20.0.100 - - [04/Dec/2025:11:21:07 +0000] "PUT /d1/191/AUTH_206ed0cfcabb48c18271f8cdcb1ada82/gnocchi.38ff586a-a716-49da-9455-094d25b7c783" 201 - "-" "-" "container-updater 2" 0.0004 "-" 21 0
Dec 4 11:21:07 standalone account-server[123129]: 172.20.0.100 - - [04/Dec/2025:11:21:07 +0000] "PUT /d1/191/AUTH_206ed0cfcabb48c18271f8cdcb1ada82/gnocchi.ad5ed756-6c18-4a2c-a1de-b7627906cba3" 201 - "-" "-" "container-updater 2" 0.0005 "-" 22 0
Dec 4 11:21:07 standalone account-server[123121]: 172.20.0.100 - - [04/Dec/2025:11:21:07 +0000] "PUT /d1/191/AUTH_206ed0cfcabb48c18271f8cdcb1ada82/gnocchi.9ee3b3dc-e14c-4044-b4ad-8e578fb446eb" 201 - "-" "-" "container-updater 2" 0.0004 "-" 21 0
Dec 4 11:21:07 standalone account-server[123118]: 172.20.0.100 - - [04/Dec/2025:11:21:07 +0000] "PUT /d1/191/AUTH_206ed0cfcabb48c18271f8cdcb1ada82/gnocchi.c3a6a522-214c-4919-93eb-4700162f59a9" 201 - "-" "-" "container-updater 2" 0.0027 "-" 20 0
Dec 4 11:21:07 standalone account-server[123118]: 172.20.0.100 - - [04/Dec/2025:11:21:07 +0000] "PUT /d1/191/AUTH_206ed0cfcabb48c18271f8cdcb1ada82/gnocchi.d8d47f94-0861-4b6d-ab7f-d8f522e2736c" 201 - "-" "-" "container-updater 2" 0.0007 "-" 20 0
Dec 4 11:21:07 standalone account-server[123140]: 172.20.0.100 - - [04/Dec/2025:11:21:07 +0000] "PUT /d1/191/AUTH_206ed0cfcabb48c18271f8cdcb1ada82/gnocchi.1191f968-5345-4c75-9f15-923112ce5f2b" 201 - "-" "-" "container-updater 2" 0.0008 "-" 23 0
Dec 4 11:21:07 standalone account-server[123140]: 172.20.0.100 - - [04/Dec/2025:11:21:07 +0000] "PUT /d1/191/AUTH_206ed0cfcabb48c18271f8cdcb1ada82/glance" 201 - "-" "-" "container-updater 2" 0.0014 "-" 23 0
Dec 4 11:21:07 standalone account-server[123140]: 172.20.0.100 - - [04/Dec/2025:11:21:07 +0000] "PUT /d1/191/AUTH_206ed0cfcabb48c18271f8cdcb1ada82/gnocchi.d174e8a6-1670-4399-81f5-53e89e374aa3" 201 - "-" "-" "container-updater 2" 0.0007 "-" 23 0
Dec 4 11:21:08 standalone container-server[122924]: Container update sweep completed: 0.76s
Dec 4 11:21:39 standalone account-server[123129]: 172.20.0.100 - - [04/Dec/2025:11:21:39 +0000] "HEAD /d1/617/.expiring_objects" 404 - "HEAD http://localhost/v1/.expiring_objects?format=json" "txc28818ad8e424e128723a-0069316ec3" "proxy-server 2" 0.0008 "-" 22 -
Dec 4 11:21:39 standalone object-expirer[123092]: Pass completed in 0s; 0 objects expired (txn: txc28818ad8e424e128723a-0069316ec3)
Dec 4 11:23:15 standalone account-server[123129]: 172.20.0.100 - - [04/Dec/2025:11:23:15 +0000] "HEAD /d1/191/AUTH_206ed0cfcabb48c18271f8cdcb1ada82" 204 - "HEAD http://localhost:8080/v1/AUTH_206ed0cfcabb48c18271f8cdcb1ada82?format=json" "tx3a5e27871b9f4b63aefa4-0069316f23" "proxy-server 12" 0.0067 "-" 22 -
Dec 4 11:23:15 standalone proxy-server[125180]: - - 04/Dec/2025/11/23/15 HEAD /v1/AUTH_206ed0cfcabb48c18271f8cdcb1ada82%3Fformat%3Djson HTTP/1.0 204 - Swift - - - - tx3a5e27871b9f4b63aefa4-0069316f23 - 0.0103 RL - 1764847395.468633175 1764847395.478970766 -
Dec 4 11:23:15 standalone container-server[123112]: 172.20.0.100 - - [04/Dec/2025:11:23:15 +0000] "HEAD /d1/181/AUTH_206ed0cfcabb48c18271f8cdcb1ada82/gnocchi.6a7de939-ca07-4c53-9026-ae39996e72d7" 404 - "HEAD http://localhost:8080/v1/AUTH_206ed0cfcabb48c18271f8cdcb1ada82/gnocchi.6a7de939-ca07-4c53-9026-ae39996e72d7?format=json&states=listing" "tx3a5e27871b9f4b63aefa4-0069316f23" "proxy-server 12" 0.0004 "-" 22 0
Dec 4 11:23:15 standalone object-server[123268]: 172.20.0.100 - - [04/Dec/2025:11:23:15 +0000] "GET /d1/169/AUTH_206ed0cfcabb48c18271f8cdcb1ada82/gnocchi.6a7de939-ca07-4c53-9026-ae39996e72d7/none_v3" 404 70 "GET http://localhost:8080/v1/AUTH_206ed0cfcabb48c18271f8cdcb1ada82/gnocchi.6a7de939-ca07-4c53-9026-ae39996e72d7/none_v3" "tx3a5e27871b9f4b63aefa4-0069316f23" "proxy-server 12" 0.0015 "-" 25 0
Dec 4 11:23:15 standalone proxy-server[125180]: 172.18.0.2 ::1 04/Dec/2025/11/23/15 GET /v1/AUTH_206ed0cfcabb48c18271f8cdcb1ada82/gnocchi.6a7de939-ca07-4c53-9026-ae39996e72d7/none_v3 HTTP/1.0 404 - python-swiftclient-3.11.1 gAAAAABpMW5W4_k8... - 70 - tx3a5e27871b9f4b63aefa4-0069316f23 - 0.0248 - - 1764847395.467745543 1764847395.492570877 0
Dec 4 11:23:15 standalone account-server[123140]: 172.20.0.100 - - [04/Dec/2025:11:23:15 +0000] "PUT /d1/191/AUTH_206ed0cfcabb48c18271f8cdcb1ada82/gnocchi.6a7de939-ca07-4c53-9026-ae39996e72d7" 201 - "PUT http://172.20.0.100:6001/d1/181/AUTH_206ed0cfcabb48c18271f8cdcb1ada82/gnocchi.6a7de939-ca07-4c53-9026-ae39996e72d7" "txd078c1728651478da507c-0069316f23" "container-server 21" 0.0011 "-" 23 0
Dec 4 11:23:15 standalone container-server[123111]: 172.20.0.100 - - [04/Dec/2025:11:23:15 +0000] "PUT /d1/181/AUTH_206ed0cfcabb48c18271f8cdcb1ada82/gnocchi.6a7de939-ca07-4c53-9026-ae39996e72d7" 201 - "PUT http://localhost:8080/v1/AUTH_206ed0cfcabb48c18271f8cdcb1ada82/gnocchi.6a7de939-ca07-4c53-9026-ae39996e72d7" "txd078c1728651478da507c-0069316f23" "proxy-server 12" 0.0096 "-" 21 0
Dec 4 11:23:15 standalone proxy-server[125180]: 172.18.0.2 ::1 04/Dec/2025/11/23/15 PUT /v1/AUTH_206ed0cfcabb48c18271f8cdcb1ada82/gnocchi.6a7de939-ca07-4c53-9026-ae39996e72d7 HTTP/1.0 201 - python-swiftclient-3.11.1 gAAAAABpMW5W4_k8... - - - txd078c1728651478da507c-0069316f23 - 0.0136 - - 1764847395.495201826 1764847395.508818388 0
Dec 4 11:23:15 standalone container-server[123109]: 172.20.0.100 - - [04/Dec/2025:11:23:15 +0000] "HEAD /d1/181/AUTH_206ed0cfcabb48c18271f8cdcb1ada82/gnocchi.6a7de939-ca07-4c53-9026-ae39996e72d7" 204 - "HEAD http://localhost:8080/v1/AUTH_206ed0cfcabb48c18271f8cdcb1ada82/gnocchi.6a7de939-ca07-4c53-9026-ae39996e72d7?format=json&states=listing" "tx64834df06e694915be5a7-0069316f23" "proxy-server 12" 0.0011 "-" 20 0
Dec 4 11:23:15 standalone proxy-server[125180]: - - 04/Dec/2025/11/23/15 HEAD /v1/AUTH_206ed0cfcabb48c18271f8cdcb1ada82/gnocchi.6a7de939-ca07-4c53-9026-ae39996e72d7%3Fformat%3Djson%26states%3Dlisting HTTP/1.0 204 - Swift - - - - tx64834df06e694915be5a7-0069316f23 - 0.0037 RL - 1764847395.513958931 1764847395.517649889 0
Dec 4 11:23:15 standalone container-server[123111]: 172.20.0.100 - - [04/Dec/2025:11:23:15 +0000] "GET /d1/181/AUTH_206ed0cfcabb48c18271f8cdcb1ada82/gnocchi.6a7de939-ca07-4c53-9026-ae39996e72d7" 200 2 "GET http://localhost:8080/v1/AUTH_206ed0cfcabb48c18271f8cdcb1ada82/gnocchi.6a7de939-ca07-4c53-9026-ae39996e72d7?format=json&states=listing" "tx64834df06e694915be5a7-0069316f23" "proxy-server 12" 0.0015 "-" 21 0
Dec 4 11:23:15 standalone proxy-server[125180]: 172.18.0.2 ::1 04/Dec/2025/11/23/15 GET /v1/AUTH_206ed0cfcabb48c18271f8cdcb1ada82/gnocchi.6a7de939-ca07-4c53-9026-ae39996e72d7%3Fformat%3Djson%26states%3Dlisting HTTP/1.0 200 - python-swiftclient-3.11.1 gAAAAABpMW5W4_k8... - 2 - tx64834df06e694915be5a7-0069316f23 - 0.0101 - - 1764847395.513145924 1764847395.523242950 0
Dec 4 11:23:15 standalone object-server[123268]: 172.20.0.100 - - [04/Dec/2025:11:23:15 +0000] "GET /d1/83/AUTH_206ed0cfcabb48c18271f8cdcb1ada82/gnocchi.6a7de939-ca07-4c53-9026-ae39996e72d7/1764720000.0_mean_300.0_v3" 404 70 "GET http://localhost:8080/v1/AUTH_206ed0cfcabb48c18271f8cdcb1ada82/gnocchi.6a7de939-ca07-4c53-9026-ae39996e72d7/1764720000.0_mean_300.0_v3" "txf8992887a7ca41c3b31a1-0069316f23" "proxy-server 12" 0.0003 "-" 25 0
Dec 4 11:23:15 standalone proxy-server[125180]: 172.18.0.2 ::1 04/Dec/2025/11/23/15 GET /v1/AUTH_206ed0cfcabb48c18271f8cdcb1ada82/gnocchi.6a7de939-ca07-4c53-9026-ae39996e72d7/1764720000.0_mean_300.0_v3 HTTP/1.0 404 - python-swiftclient-3.11.1 gAAAAABpMW5W4_k8... - 70 - txf8992887a7ca41c3b31a1-0069316f23 - 0.0041 - - 1764847395.526028872 1764847395.530088425 0
Dec 4 11:23:15 standalone container-server[123109]: 172.20.0.100 - - [04/Dec/2025:11:23:15 +0000] "PUT /d1/181/AUTH_206ed0cfcabb48c18271f8cdcb1ada82/gnocchi.6a7de939-ca07-4c53-9026-ae39996e72d7/1764720000.0_mean_300.0_v3" 201 - "PUT http://localhost:8080/d1/83/AUTH_206ed0cfcabb48c18271f8cdcb1ada82/gnocchi.6a7de939-ca07-4c53-9026-ae39996e72d7/1764720000.0_mean_300.0_v3" "tx892b0030c7e74680941db-0069316f23" "object-server 25" 0.0005 "-" 20 0
Dec 4 11:23:15 standalone object-server[123268]: 172.20.0.100 - - [04/Dec/2025:11:23:15 +0000] "PUT /d1/83/AUTH_206ed0cfcabb48c18271f8cdcb1ada82/gnocchi.6a7de939-ca07-4c53-9026-ae39996e72d7/1764720000.0_mean_300.0_v3" 201 - "PUT http://localhost:8080/v1/AUTH_206ed0cfcabb48c18271f8cdcb1ada82/gnocchi.6a7de939-ca07-4c53-9026-ae39996e72d7/1764720000.0_mean_300.0_v3" "tx892b0030c7e74680941db-0069316f23" "proxy-server 12" 0.0090 "-" 25 0
Dec 4 11:23:15 standalone proxy-server[125180]: 172.18.0.2 ::1 04/Dec/2025/11/23/15 PUT /v1/AUTH_206ed0cfcabb48c18271f8cdcb1ada82/gnocchi.6a7de939-ca07-4c53-9026-ae39996e72d7/1764720000.0_mean_300.0_v3 HTTP/1.0 201 - python-swiftclient-3.11.1 gAAAAABpMW5W4_k8... 16 - - tx892b0030c7e74680941db-0069316f23 - 0.0125 - - 1764847395.533617496 1764847395.546108723 0
Dec 4 11:23:15 standalone container-server[123112]: 172.20.0.100 - - [04/Dec/2025:11:23:15 +0000] "PUT /d1/181/AUTH_206ed0cfcabb48c18271f8cdcb1ada82/gnocchi.6a7de939-ca07-4c53-9026-ae39996e72d7/none_v3" 201 - "PUT http://localhost:8080/d1/169/AUTH_206ed0cfcabb48c18271f8cdcb1ada82/gnocchi.6a7de939-ca07-4c53-9026-ae39996e72d7/none_v3" "tx293693659c6447acb470f-0069316f23" "object-server 23" 0.0004 "-" 22 0
Dec 4 11:23:15 standalone object-server[123264]: 172.20.0.100 - - [04/Dec/2025:11:23:15 +0000] "PUT /d1/169/AUTH_206ed0cfcabb48c18271f8cdcb1ada82/gnocchi.6a7de939-ca07-4c53-9026-ae39996e72d7/none_v3" 201 - "PUT http://localhost:8080/v1/AUTH_206ed0cfcabb48c18271f8cdcb1ada82/gnocchi.6a7de939-ca07-4c53-9026-ae39996e72d7/none_v3" "tx293693659c6447acb470f-0069316f23" "proxy-server 12" 0.0096 "-" 23 0
Dec 4 11:23:15 standalone proxy-server[125180]: 172.18.0.2 ::1 04/Dec/2025/11/23/15 PUT /v1/AUTH_206ed0cfcabb48c18271f8cdcb1ada82/gnocchi.6a7de939-ca07-4c53-9026-ae39996e72d7/none_v3 HTTP/1.0 201 - python-swiftclient-3.11.1 gAAAAABpMW5W4_k8... 22 - - tx293693659c6447acb470f-0069316f23 - 0.0155 - - 1764847395.548906088 1764847395.564360619 0
Dec 4 11:23:15 standalone container-server[123114]: 172.20.0.100 - - [04/Dec/2025:11:23:15 +0000] "HEAD /d1/376/AUTH_206ed0cfcabb48c18271f8cdcb1ada82/gnocchi.0bd1c851-0d1c-482b-9b08-b8772b882abb" 404 - "HEAD http://localhost:8080/v1/AUTH_206ed0cfcabb48c18271f8cdcb1ada82/gnocchi.0bd1c851-0d1c-482b-9b08-b8772b882abb?format=json&states=listing" "txa52a988adef44df4a1381-0069316f23" "proxy-server 12" 0.0004 "-" 23 0
Dec 4 11:23:15 standalone object-server[123268]: 172.20.0.100 - - [04/Dec/2025:11:23:15 +0000] "GET /d1/346/AUTH_206ed0cfcabb48c18271f8cdcb1ada82/gnocchi.0bd1c851-0d1c-482b-9b08-b8772b882abb/none_v3" 404 70 "GET http://localhost:8080/v1/AUTH_206ed0cfcabb48c18271f8cdcb1ada82/gnocchi.0bd1c851-0d1c-482b-9b08-b8772b882abb/none_v3" "txa52a988adef44df4a1381-0069316f23" "proxy-server 12" 0.0015 "-" 25 0
Dec 4 11:23:15 standalone proxy-server[125180]: 172.18.0.2 ::1 04/Dec/2025/11/23/15 GET /v1/AUTH_206ed0cfcabb48c18271f8cdcb1ada82/gnocchi.0bd1c851-0d1c-482b-9b08-b8772b882abb/none_v3 HTTP/1.0 404 - python-swiftclient-3.11.1 gAAAAABpMW5W4_k8... - 70 - txa52a988adef44df4a1381-0069316f23 - 0.0095 - - 1764847395.610613346 1764847395.620098591 0
Dec 4 11:23:15 standalone account-server[123121]: 172.20.0.100 - - [04/Dec/2025:11:23:15 +0000] "PUT /d1/191/AUTH_206ed0cfcabb48c18271f8cdcb1ada82/gnocchi.0bd1c851-0d1c-482b-9b08-b8772b882abb" 201 - "PUT http://172.20.0.100:6001/d1/376/AUTH_206ed0cfcabb48c18271f8cdcb1ada82/gnocchi.0bd1c851-0d1c-482b-9b08-b8772b882abb" "txf0d90dd34f674e2daa749-0069316f23" "container-server 22" 0.0075 "-" 21 0
Dec 4 11:23:15 standalone container-server[123112]: 172.20.0.100 - - [04/Dec/2025:11:23:15 +0000] "PUT /d1/376/AUTH_206ed0cfcabb48c18271f8cdcb1ada82/gnocchi.0bd1c851-0d1c-482b-9b08-b8772b882abb" 201 - "PUT http://localhost:8080/v1/AUTH_206ed0cfcabb48c18271f8cdcb1ada82/gnocchi.0bd1c851-0d1c-482b-9b08-b8772b882abb" "txf0d90dd34f674e2daa749-0069316f23" "proxy-server 12" 0.0164 "-" 22 0
Dec 4 11:23:15 standalone proxy-server[125180]: 172.18.0.2 ::1 04/Dec/2025/11/23/15 PUT /v1/AUTH_206ed0cfcabb48c18271f8cdcb1ada82/gnocchi.0bd1c851-0d1c-482b-9b08-b8772b882abb HTTP/1.0 201 - python-swiftclient-3.11.1 gAAAAABpMW5W4_k8... - - - txf0d90dd34f674e2daa749-0069316f23 - 0.0209 - - 1764847395.622835159 1764847395.643690825 0
Dec 4 11:23:15 standalone container-server[123114]: 172.20.0.100 - - [04/Dec/2025:11:23:15 +0000] "HEAD /d1/376/AUTH_206ed0cfcabb48c18271f8cdcb1ada82/gnocchi.0bd1c851-0d1c-482b-9b08-b8772b882abb" 204 - "HEAD http://localhost:8080/v1/AUTH_206ed0cfcabb48c18271f8cdcb1ada82/gnocchi.0bd1c851-0d1c-482b-9b08-b8772b882abb?format=json&states=listing" "tx2079d1c9accf48efbe5f0-0069316f23" "proxy-server 12" 0.0012 "-" 23 0
Dec 4 11:23:15 standalone proxy-server[125180]: - - 04/Dec/2025/11/23/15 HEAD /v1/AUTH_206ed0cfcabb48c18271f8cdcb1ada82/gnocchi.0bd1c851-0d1c-482b-9b08-b8772b882abb%3Fformat%3Djson%26states%3Dlisting HTTP/1.0 204 - Swift - - - - tx2079d1c9accf48efbe5f0-0069316f23 - 0.0039 RL - 1764847395.647717476 1764847395.651638746 0
Dec 4 11:23:15 standalone container-server[123109]: 172.20.0.100 - - [04/Dec/2025:11:23:15 +0000] "GET /d1/376/AUTH_206ed0cfcabb48c18271f8cdcb1ada82/gnocchi.0bd1c851-0d1c-482b-9b08-b8772b882abb" 200 2 "GET http://localhost:8080/v1/AUTH_206ed0cfcabb48c18271f8cdcb1ada82/gnocchi.0bd1c851-0d1c-482b-9b08-b8772b882abb?format=json&states=listing" "tx2079d1c9accf48efbe5f0-0069316f23" "proxy-server 12" 0.0017 "-" 20 0
Dec 4 11:23:15 standalone proxy-server[125180]: 172.18.0.2 ::1 04/Dec/2025/11/23/15 GET /v1/AUTH_206ed0cfcabb48c18271f8cdcb1ada82/gnocchi.0bd1c851-0d1c-482b-9b08-b8772b882abb%3Fformat%3Djson%26states%3Dlisting HTTP/1.0 200 - python-swiftclient-3.11.1 gAAAAABpMW5W4_k8... - 2 - tx2079d1c9accf48efbe5f0-0069316f23 - 0.0117 - - 1764847395.646805763 1764847395.658494473 0
Dec 4 11:23:15 standalone object-server[123264]: 172.20.0.100 - - [04/Dec/2025:11:23:15 +0000] "GET /d1/293/AUTH_206ed0cfcabb48c18271f8cdcb1ada82/gnocchi.0bd1c851-0d1c-482b-9b08-b8772b882abb/1764720000.0_mean_300.0_v3" 404 70 "GET http://localhost:8080/v1/AUTH_206ed0cfcabb48c18271f8cdcb1ada82/gnocchi.0bd1c851-0d1c-482b-9b08-b8772b882abb/1764720000.0_mean_300.0_v3" "txe80419aca3414346b3164-0069316f23" "proxy-server 12" 0.0004 "-" 23 0
Dec 4 11:23:15 standalone proxy-server[125180]: 172.18.0.2 ::1 04/Dec/2025/11/23/15 GET /v1/AUTH_206ed0cfcabb48c18271f8cdcb1ada82/gnocchi.0bd1c851-0d1c-482b-9b08-b8772b882abb/1764720000.0_mean_300.0_v3 HTTP/1.0 404 - python-swiftclient-3.11.1 gAAAAABpMW5W4_k8... - 70 - txe80419aca3414346b3164-0069316f23 - 0.0058 - - 1764847395.662467003 1764847395.668240309 0
Dec 4 11:23:15 standalone container-server[123114]: 172.20.0.100 - - [04/Dec/2025:11:23:15 +0000] "PUT /d1/376/AUTH_206ed0cfcabb48c18271f8cdcb1ada82/gnocchi.0bd1c851-0d1c-482b-9b08-b8772b882abb/1764720000.0_mean_300.0_v3" 201 - "PUT http://localhost:8080/d1/293/AUTH_206ed0cfcabb48c18271f8cdcb1ada82/gnocchi.0bd1c851-0d1c-482b-9b08-b8772b882abb/1764720000.0_mean_300.0_v3" "tx7bebc5cdad984ec2867ac-0069316f23" "object-server 25" 0.0007 "-" 23 0
Dec 4 11:23:15 standalone object-server[123268]: 172.20.0.100 - - [04/Dec/2025:11:23:15 +0000] "PUT /d1/293/AUTH_206ed0cfcabb48c18271f8cdcb1ada82/gnocchi.0bd1c851-0d1c-482b-9b08-b8772b882abb/1764720000.0_mean_300.0_v3" 201 - "PUT http://localhost:8080/v1/AUTH_206ed0cfcabb48c18271f8cdcb1ada82/gnocchi.0bd1c851-0d1c-482b-9b08-b8772b882abb/1764720000.0_mean_300.0_v3" "tx7bebc5cdad984ec2867ac-0069316f23" "proxy-server 12" 0.0086 "-" 25 0
Dec 4 11:23:15 standalone proxy-server[125180]: 172.18.0.2 ::1 04/Dec/2025/11/23/15 PUT /v1/AUTH_206ed0cfcabb48c18271f8cdcb1ada82/gnocchi.0bd1c851-0d1c-482b-9b08-b8772b882abb/1764720000.0_mean_300.0_v3 HTTP/1.0 201 - python-swiftclient-3.11.1 gAAAAABpMW5W4_k8... 16 - - tx7bebc5cdad984ec2867ac-0069316f23 - 0.0135 - - 1764847395.670739651 1764847395.684225321 0
Dec 4 11:23:15 standalone container-server[123114]: 172.20.0.100 - - [04/Dec/2025:11:23:15 +0000] "PUT /d1/376/AUTH_206ed0cfcabb48c18271f8cdcb1ada82/gnocchi.0bd1c851-0d1c-482b-9b08-b8772b882abb/none_v3" 201 - "PUT http://localhost:8080/d1/346/AUTH_206ed0cfcabb48c18271f8cdcb1ada82/gnocchi.0bd1c851-0d1c-482b-9b08-b8772b882abb/none_v3" "tx50650396bd6d4f8d962ca-0069316f23" "object-server 23" 0.0003 "-" 23 0
Dec 4 11:23:15 standalone object-server[123264]: 172.20.0.100 - - [04/Dec/2025:11:23:15 +0000] "PUT /d1/346/AUTH_206ed0cfcabb48c18271f8cdcb1ada82/gnocchi.0bd1c851-0d1c-482b-9b08-b8772b882abb/none_v3" 201 - "PUT http://localhost:8080/v1/AUTH_206ed0cfcabb48c18271f8cdcb1ada82/gnocchi.0bd1c851-0d1c-482b-9b08-b8772b882abb/none_v3" "tx50650396bd6d4f8d962ca-0069316f23" "proxy-server 12" 0.0083 "-" 23 0
Dec 4 11:23:15 standalone proxy-server[125180]: 172.18.0.2 ::1 04/Dec/2025/11/23/15 PUT /v1/AUTH_206ed0cfcabb48c18271f8cdcb1ada82/gnocchi.0bd1c851-0d1c-482b-9b08-b8772b882abb/none_v3 HTTP/1.0 201 - python-swiftclient-3.11.1 gAAAAABpMW5W4_k8... 22 - - tx50650396bd6d4f8d962ca-0069316f23 - 0.0130 - - 1764847395.687433481 1764847395.700464725 0
Dec 4 11:23:15 standalone container-server[123112]: 172.20.0.100 - - [04/Dec/2025:11:23:15 +0000] "HEAD /d1/482/AUTH_206ed0cfcabb48c18271f8cdcb1ada82/gnocchi.a7fbe8f5-72a4-4322-a4af-53b02d00265e" 404 - "HEAD http://localhost:8080/v1/AUTH_206ed0cfcabb48c18271f8cdcb1ada82/gnocchi.a7fbe8f5-72a4-4322-a4af-53b02d00265e?format=json&states=listing" "tx49a7790bf3194e8ab728d-0069316f23" "proxy-server 12" 0.0003 "-" 22 0
Dec 4 11:23:15 standalone object-server[123268]: 172.20.0.100 - - [04/Dec/2025:11:23:15 +0000] "GET /d1/132/AUTH_206ed0cfcabb48c18271f8cdcb1ada82/gnocchi.a7fbe8f5-72a4-4322-a4af-53b02d00265e/none_v3" 404 70 "GET http://localhost:8080/v1/AUTH_206ed0cfcabb48c18271f8cdcb1ada82/gnocchi.a7fbe8f5-72a4-4322-a4af-53b02d00265e/none_v3" "tx49a7790bf3194e8ab728d-0069316f23" "proxy-server 12" 0.0002 "-" 25 0
Dec 4 11:23:15 standalone proxy-server[125180]: 172.18.0.2 ::1 04/Dec/2025/11/23/15 GET /v1/AUTH_206ed0cfcabb48c18271f8cdcb1ada82/gnocchi.a7fbe8f5-72a4-4322-a4af-53b02d00265e/none_v3 HTTP/1.0 404 - python-swiftclient-3.11.1 gAAAAABpMW5W4_k8... - 70 - tx49a7790bf3194e8ab728d-0069316f23 - 0.0065 - - 1764847395.708826542 1764847395.715285778 0
