Dec 4 11:08:18 standalone account-server[122763]: Starting 2
Dec 4 11:08:18 standalone container-server[122924]: Starting 2
Dec 4 11:08:18 standalone container-server[122810]: Option allow_versions is deprecated. Configure the versioned_writes middleware in the proxy-server instead. This option will be ignored in a future release.
Dec 4 11:08:18 standalone container-server[123109]: Option allow_versions is deprecated. Configure the versioned_writes middleware in the proxy-server instead. This option will be ignored in a future release.
Dec 4 11:08:18 standalone container-server[122810]: Started child 20 from parent 2
Dec 4 11:08:18 standalone container-server[123111]: Option allow_versions is deprecated. Configure the versioned_writes middleware in the proxy-server instead. This option will be ignored in a future release.
Dec 4 11:08:18 standalone container-server[122810]: Started child 21 from parent 2
Dec 4 11:08:18 standalone container-server[123112]: Option allow_versions is deprecated. Configure the versioned_writes middleware in the proxy-server instead. This option will be ignored in a future release.
Dec 4 11:08:18 standalone container-server[122810]: Started child 22 from parent 2
Dec 4 11:08:18 standalone container-server[123114]: Option allow_versions is deprecated. Configure the versioned_writes middleware in the proxy-server instead. This option will be ignored in a future release.
Dec 4 11:08:18 standalone container-server[122810]: Started child 23 from parent 2
Dec 4 11:08:18 standalone account-server[122795]: Started child 20 from parent 2
Dec 4 11:08:18 standalone account-server[122795]: Started child 21 from parent 2
Dec 4 11:08:18 standalone account-server[122795]: Started child 22 from parent 2
Dec 4 11:08:18 standalone account-server[122795]: Started child 23 from parent 2
Dec 4 11:08:18 standalone object-expirer[123092]: Starting 2
Dec 4 11:08:18 standalone object-expirer[123092]: Option auto_create_account_prefix is deprecated. Configure auto_create_account_prefix under the swift-constraints section of swift.conf. This option will be ignored in a future release.
Dec 4 11:08:19 standalone object-server[123151]: Starting 2
Dec 4 11:08:19 standalone object-server[123147]: Started child 22 from parent 2
Dec 4 11:08:19 standalone object-server[123147]: Started child 23 from parent 2
Dec 4 11:08:19 standalone object-server[123147]: Started child 24 from parent 2
Dec 4 11:08:19 standalone object-server[123147]: Started child 25 from parent 2
Dec 4 11:08:25 standalone proxy-server[124992]: Starting Keystone auth_token middleware
Dec 4 11:08:25 standalone proxy-server[124992]: AuthToken middleware is set with keystone_authtoken.service_token_roles_required set to False. This is backwards compatible but deprecated behaviour. Please set this to True.
Dec 4 11:08:25 standalone proxy-server[125180]: Starting Keystone auth_token middleware
Dec 4 11:08:25 standalone proxy-server[125180]: STDERR: The option "bind_port" is not known to keystonemiddleware
Dec 4 11:08:25 standalone proxy-server[125180]: STDERR: The option "workers" is not known to keystonemiddleware
Dec 4 11:08:25 standalone proxy-server[125180]: STDERR: The option "user" is not known to keystonemiddleware
Dec 4 11:08:25 standalone proxy-server[125180]: STDERR: The option "bind_ip" is not known to keystonemiddleware
Dec 4 11:08:25 standalone proxy-server[125180]: STDERR: The option "log_name" is not known to keystonemiddleware
Dec 4 11:08:25 standalone proxy-server[125180]: STDERR: The option "log_facility" is not known to keystonemiddleware
Dec 4 11:08:25 standalone proxy-server[125180]: STDERR: The option "log_level" is not known to keystonemiddleware
Dec 4 11:08:25 standalone proxy-server[125180]: STDERR: The option "log_headers" is not known to keystonemiddleware
Dec 4 11:08:25 standalone proxy-server[125180]: STDERR: The option "log_address" is not known to keystonemiddleware
Dec 4 11:08:25 standalone proxy-server[125180]: STDERR: The option "project_name" is not known to keystonemiddleware
Dec 4 11:08:25 standalone proxy-server[125180]: STDERR: The option "username" is not known to keystonemiddleware
Dec 4 11:08:25 standalone proxy-server[125180]: STDERR: The option "password" is not known to keystonemiddleware
Dec 4 11:08:25 standalone proxy-server[125180]: STDERR: The option "auth_url" is not known to keystonemiddleware
Dec 4 11:08:25 standalone proxy-server[125180]: STDERR: The option "signing_dir" is not known to keystonemiddleware
Dec 4 11:08:25 standalone proxy-server[125180]: STDERR: The option "project_domain_id" is not known to keystonemiddleware
Dec 4 11:08:25 standalone proxy-server[125180]: STDERR: The option "user_domain_id" is not known to keystonemiddleware
Dec 4 11:08:25 standalone proxy-server[125180]: STDERR: The option "__name__" is not known to keystonemiddleware
Dec 4 11:08:25 standalone proxy-server[125180]: AuthToken middleware is set with keystone_authtoken.service_token_roles_required set to False. This is backwards compatible but deprecated behaviour. Please set this to True.
Dec 4 11:08:25 standalone proxy-server[124992]: Started child 12 from parent 2
Dec 4 11:09:34 standalone object-server[123151]: Begin object update sweep
Dec 4 11:09:34 standalone object-server[132858]: Object update sweep starting on /srv/node/d1 (pid: 11)
Dec 4 11:09:34 standalone object-server[132858]: Object update sweep completed on /srv/node/d1 in 0.00s seconds:, 0 successes, 0 failures, 0 quarantines, 0 unlinks, 0 errors, 0 redirects (pid: 11)
Dec 4 11:09:34 standalone object-server[132858]: Object update sweep of d1 completed: 0.00s, 0 successes, 0 failures, 0 quarantines, 0 unlinks, 0 errors, 0 redirects
Dec 4 11:09:34 standalone object-server[123151]: Object update sweep completed: 0.06s
Dec 4 11:10:35 standalone account-server[123140]: 172.20.0.100 - - [04/Dec/2025:11:10:35 +0000] "HEAD /d1/617/.expiring_objects" 404 - "HEAD http://localhost/v1/.expiring_objects?format=json" "txcb1eb50722e2431884e9c-0069316c2b" "proxy-server 2" 0.0010 "-" 23 -
Dec 4 11:10:35 standalone object-expirer[123092]: Pass completed in 0s; 0 objects expired (txn: txcb1eb50722e2431884e9c-0069316c2b)
Dec 4 11:11:07 standalone container-server[122924]: Begin container update sweep
Dec 4 11:11:07 standalone container-server[122924]: Container update sweep completed: 0.00s
Dec 4 11:12:36 standalone account-server[122763]: Devices pass completed: 0.00s
Dec 4 11:13:56 standalone account-server[123140]: 172.20.0.100 - - [04/Dec/2025:11:13:56 +0000] "HEAD /d1/617/.expiring_objects" 404 - "HEAD http://localhost/v1/.expiring_objects?format=json" "txa2cdd1289a164ef48f39a-0069316cf4" "proxy-server 2" 0.0004 "-" 23 -
Dec 4 11:13:56 standalone object-expirer[123092]: Pass completed in 0s; 0 objects expired (txn: txa2cdd1289a164ef48f39a-0069316cf4)
Dec 4 11:14:34 standalone object-server[123151]: Begin object update sweep
Dec 4 11:14:34 standalone object-server[168278]: Object update sweep starting on /srv/node/d1 (pid: 13)
Dec 4 11:14:34 standalone object-server[168278]: Object update sweep completed on /srv/node/d1 in 0.00s seconds:, 0 successes, 0 failures, 0 quarantines, 0 unlinks, 0 errors, 0 redirects (pid: 13)
Dec 4 11:14:34 standalone object-server[168278]: Object update sweep of d1 completed: 0.00s, 0 successes, 0 failures, 0 quarantines, 0 unlinks, 0 errors, 0 redirects
Dec 4 11:14:35 standalone object-server[123151]: Object update sweep completed: 0.07s
Dec 4 11:14:48 standalone account-server[123140]: 172.20.0.100 - - [04/Dec/2025:11:14:48 +0000] "HEAD /d1/191/AUTH_206ed0cfcabb48c18271f8cdcb1ada82" 404 - "HEAD http://localhost:8080/v1/AUTH_206ed0cfcabb48c18271f8cdcb1ada82?format=json" "tx9015fcdf3cc641f3bcd69-0069316d28" "proxy-server 12" 0.0005 "-" 23 -
Dec 4 11:14:48 standalone proxy-server[125180]: - - 04/Dec/2025/11/14/48 HEAD /v1/AUTH_206ed0cfcabb48c18271f8cdcb1ada82%3Fformat%3Djson HTTP/1.0 200 - Swift - - - - tx9015fcdf3cc641f3bcd69-0069316d28 - 0.0045 RL - 1764846888.191763163 1764846888.196307182 -
Dec 4 11:14:48 standalone proxy-server[125180]: 172.18.0.2 ::1 04/Dec/2025/11/14/48 HEAD /v1/AUTH_206ed0cfcabb48c18271f8cdcb1ada82/glance%3Fformat%3Djson HTTP/1.0 404 - python-swiftclient-3.11.1 gAAAAABpMW0oXpeO... - - - tx9015fcdf3cc641f3bcd69-0069316d28 - 0.4651 - - 1764846888.187201977 1764846888.652320623 -
Dec 4 11:14:48 standalone account-server[123129]: 172.20.0.100 - - [04/Dec/2025:11:14:48 +0000] "PUT /d1/191/AUTH_206ed0cfcabb48c18271f8cdcb1ada82" 201 - "-" "txe1b966f11c83435f87994-0069316d28" "-" 0.0141 "-" 22 -
Dec 4 11:14:48 standalone proxy-server[125180]: autocreate account '/AUTH_206ed0cfcabb48c18271f8cdcb1ada82' (txn: txe1b966f11c83435f87994-0069316d28)
Dec 4 11:14:48 standalone account-server[123140]: 172.20.0.100 - - [04/Dec/2025:11:14:48 +0000] "HEAD /d1/191/AUTH_206ed0cfcabb48c18271f8cdcb1ada82" 204 - "HEAD http://localhost:8080/v1/AUTH_206ed0cfcabb48c18271f8cdcb1ada82?format=json" "txe1b966f11c83435f87994-0069316d28" "proxy-server 12" 0.0033 "-" 23 -
Dec 4 11:14:48 standalone account-server[123118]: 172.20.0.100 - - [04/Dec/2025:11:14:48 +0000] "PUT /d1/191/AUTH_206ed0cfcabb48c18271f8cdcb1ada82/glance" 201 - "PUT http://172.20.0.100:6001/d1/379/AUTH_206ed0cfcabb48c18271f8cdcb1ada82/glance" "txe1b966f11c83435f87994-0069316d28" "container-server 23" 0.0021 "-" 20 0
Dec 4 11:14:48 standalone container-server[123114]: 172.20.0.100 - - [04/Dec/2025:11:14:48 +0000] "PUT /d1/379/AUTH_206ed0cfcabb48c18271f8cdcb1ada82/glance" 201 - "PUT http://localhost:8080/v1/AUTH_206ed0cfcabb48c18271f8cdcb1ada82/glance" "txe1b966f11c83435f87994-0069316d28" "proxy-server 12" 0.0117 "-" 23 0
Dec 4 11:14:48 standalone proxy-server[125180]: 172.18.0.2 ::1 04/Dec/2025/11/14/48 PUT /v1/AUTH_206ed0cfcabb48c18271f8cdcb1ada82/glance HTTP/1.0 201 - python-swiftclient-3.11.1 gAAAAABpMW0oXpeO... - - - txe1b966f11c83435f87994-0069316d28 - 0.0442 - - 1764846888.656915188 1764846888.701125145 0
Dec 4 11:14:48 standalone container-server[123112]: 172.20.0.100 - - [04/Dec/2025:11:14:48 +0000] "HEAD /d1/379/AUTH_206ed0cfcabb48c18271f8cdcb1ada82/glance" 204 - "HEAD http://localhost:8080/v1/AUTH_206ed0cfcabb48c18271f8cdcb1ada82/glance?format=json&states=listing" "tx4fcbc8eb7827464299d8f-0069316d28" "proxy-server 12" 0.0041 "-" 22 0
Dec 4 11:14:48 standalone proxy-server[125180]: - - 04/Dec/2025/11/14/48 HEAD /v1/AUTH_206ed0cfcabb48c18271f8cdcb1ada82/glance%3Fformat%3Djson%26states%3Dlisting HTTP/1.0 204 - Swift - - - - tx4fcbc8eb7827464299d8f-0069316d28 - 0.0194 RL - 1764846888.712245703 1764846888.731604338 0
Dec 4 11:15:08 standalone container-server[123111]: 172.20.0.100 - - [04/Dec/2025:11:15:08 +0000] "PUT /d1/379/AUTH_206ed0cfcabb48c18271f8cdcb1ada82/glance/cf8fcc53-3841-4625-8100-6ee551630fbb" 201 - "PUT http://localhost:8080/d1/950/AUTH_206ed0cfcabb48c18271f8cdcb1ada82/glance/cf8fcc53-3841-4625-8100-6ee551630fbb" "tx4fcbc8eb7827464299d8f-0069316d28" "object-server 22" 0.0022 "-" 21 0
Dec 4 11:15:08 standalone object-server[123262]: 172.20.0.100 - - [04/Dec/2025:11:15:08 +0000] "PUT /d1/950/AUTH_206ed0cfcabb48c18271f8cdcb1ada82/glance/cf8fcc53-3841-4625-8100-6ee551630fbb" 201 - "PUT http://localhost:8080/v1/AUTH_206ed0cfcabb48c18271f8cdcb1ada82/glance/cf8fcc53-3841-4625-8100-6ee551630fbb" "tx4fcbc8eb7827464299d8f-0069316d28" "proxy-server 12" 19.7773 "-" 22 0
Dec 4 11:15:08 standalone proxy-server[125180]: 172.18.0.2 ::1 04/Dec/2025/11/15/08 PUT /v1/AUTH_206ed0cfcabb48c18271f8cdcb1ada82/glance/cf8fcc53-3841-4625-8100-6ee551630fbb HTTP/1.0 201 - python-swiftclient-3.11.1 gAAAAABpMW0oXpeO... 1472724992 - - tx4fcbc8eb7827464299d8f-0069316d28 - 19.8284 - - 1764846888.710882664 1764846908.539292574 0
Dec 4 11:16:07 standalone container-server[122924]: Begin container update sweep
Dec 4 11:16:07 standalone account-server[123140]: 172.20.0.100 - - [04/Dec/2025:11:16:07 +0000] "PUT /d1/191/AUTH_206ed0cfcabb48c18271f8cdcb1ada82/glance" 201 - "-" "-" "container-updater 2" 0.0008 "-" 23 0
Dec 4 11:16:07 standalone container-server[122924]: Container update sweep completed: 0.11s
Dec 4 11:18:45 standalone account-server[123121]: 172.20.0.100 - - [04/Dec/2025:11:18:45 +0000] "HEAD /d1/617/.expiring_objects" 404 - "HEAD http://localhost/v1/.expiring_objects?format=json" "tx4d9e213299d24843820dd-0069316e15" "proxy-server 2" 0.0011 "-" 21 -
Dec 4 11:18:45 standalone object-expirer[123092]: Pass completed in 0s; 0 objects expired (txn: tx4d9e213299d24843820dd-0069316e15)
Dec 4 11:19:35 standalone object-server[123151]: Begin object update sweep
Dec 4 11:19:35 standalone object-server[205437]: Object update sweep starting on /srv/node/d1 (pid: 14)
Dec 4 11:19:35 standalone object-server[205437]: Object update sweep completed on /srv/node/d1 in 0.00s seconds:, 0 successes, 0 failures, 0 quarantines, 0 unlinks, 0 errors, 0 redirects (pid: 14)
Dec 4 11:19:35 standalone object-server[205437]: Object update sweep of d1 completed: 0.00s, 0 successes, 0 failures, 0 quarantines, 0 unlinks, 0 errors, 0 redirects
Dec 4 11:19:35 standalone object-server[123151]: Object update sweep completed: 0.08s
Dec 4 11:19:47 standalone account-server[123129]: 172.20.0.100 - - [04/Dec/2025:11:19:47 +0000] "HEAD /d1/191/AUTH_206ed0cfcabb48c18271f8cdcb1ada82" 204 - "HEAD http://localhost:8080/v1/AUTH_206ed0cfcabb48c18271f8cdcb1ada82?format=json" "txf470b1ce43fa490d8364f-0069316e53" "proxy-server 12" 0.0077 "-" 22 -
Dec 4 11:19:47 standalone proxy-server[125180]: - - 04/Dec/2025/11/19/47 HEAD /v1/AUTH_206ed0cfcabb48c18271f8cdcb1ada82%3Fformat%3Djson HTTP/1.0 204 - Swift - - - - txf470b1ce43fa490d8364f-0069316e53 - 0.0127 RL - 1764847187.203246355 1764847187.215955257 -
Dec 4 11:19:47 standalone container-server[123114]: 172.20.0.100 - - [04/Dec/2025:11:19:47 +0000] "HEAD /d1/379/AUTH_206ed0cfcabb48c18271f8cdcb1ada82/glance" 204 - "HEAD http://localhost:8080/v1/AUTH_206ed0cfcabb48c18271f8cdcb1ada82/glance?format=json&states=listing" "txf470b1ce43fa490d8364f-0069316e53" "proxy-server 12" 0.0033 "-" 23 0
Dec 4 11:19:47 standalone proxy-server[125180]: 172.18.0.2 ::1 04/Dec/2025/11/19/47 HEAD /v1/AUTH_206ed0cfcabb48c18271f8cdcb1ada82/glance%3Fformat%3Djson%26states%3Dlisting HTTP/1.0 204 - python-swiftclient-3.11.1 gAAAAABpMW5TLpCk... - - - txf470b1ce43fa490d8364f-0069316e53 - 0.1041 - - 1764847187.202227831 1764847187.306346178 0
Dec 4 11:19:50 standalone container-server[123114]: 172.20.0.100 - - [04/Dec/2025:11:19:50 +0000] "PUT /d1/379/AUTH_206ed0cfcabb48c18271f8cdcb1ada82/glance/ca11aecd-e91e-407b-9617-7a1ff56566b6-00001" 201 - "PUT http://localhost:8080/d1/254/AUTH_206ed0cfcabb48c18271f8cdcb1ada82/glance/ca11aecd-e91e-407b-9617-7a1ff56566b6-00001" "txbc0c15216f264d6fba0d7-0069316e53" "object-server 25" 0.0014 "-" 23 0
Dec 4 11:19:50 standalone object-server[123268]: 172.20.0.100 - - [04/Dec/2025:11:19:50 +0000] "PUT /d1/254/AUTH_206ed0cfcabb48c18271f8cdcb1ada82/glance/ca11aecd-e91e-407b-9617-7a1ff56566b6-00001" 201 - "PUT http://localhost:8080/v1/AUTH_206ed0cfcabb48c18271f8cdcb1ada82/glance/ca11aecd-e91e-407b-9617-7a1ff56566b6-00001" "txbc0c15216f264d6fba0d7-0069316e53" "proxy-server 12" 2.9175 "-" 25 0
Dec 4 11:19:50 standalone proxy-server[125180]: 172.18.0.2 ::1 04/Dec/2025/11/19/50 PUT /v1/AUTH_206ed0cfcabb48c18271f8cdcb1ada82/glance/ca11aecd-e91e-407b-9617-7a1ff56566b6-00001 HTTP/1.0 201 - python-swiftclient-3.11.1 gAAAAABpMW5TLpCk... 21692416 - - txbc0c15216f264d6fba0d7-0069316e53 - 2.9239 - - 1764847187.314981699 1764847190.238834620 0
Dec 4 11:19:50 standalone container-server[123111]: 172.20.0.100 - - [04/Dec/2025:11:19:50 +0000] "PUT /d1/379/AUTH_206ed0cfcabb48c18271f8cdcb1ada82/glance/ca11aecd-e91e-407b-9617-7a1ff56566b6" 201 - "PUT http://localhost:8080/d1/69/AUTH_206ed0cfcabb48c18271f8cdcb1ada82/glance/ca11aecd-e91e-407b-9617-7a1ff56566b6" "tx14eb6aa1de8f4cae84ed2-0069316e56" "object-server 22" 0.0008 "-" 21 0
Dec 4 11:19:50 standalone object-server[123262]: 172.20.0.100 - - [04/Dec/2025:11:19:50 +0000] "PUT /d1/69/AUTH_206ed0cfcabb48c18271f8cdcb1ada82/glance/ca11aecd-e91e-407b-9617-7a1ff56566b6" 201 - "PUT http://localhost:8080/v1/AUTH_206ed0cfcabb48c18271f8cdcb1ada82/glance/ca11aecd-e91e-407b-9617-7a1ff56566b6" "tx14eb6aa1de8f4cae84ed2-0069316e56" "proxy-server 12" 0.0107 "-" 22 0
Dec 4 11:19:50 standalone proxy-server[125180]: 172.18.0.2 ::1 04/Dec/2025/11/19/50 PUT /v1/AUTH_206ed0cfcabb48c18271f8cdcb1ada82/glance/ca11aecd-e91e-407b-9617-7a1ff56566b6 HTTP/1.0 201 - python-swiftclient-3.11.1 gAAAAABpMW5TLpCk... - - - tx14eb6aa1de8f4cae84ed2-0069316e56 - 0.0167 - - 1764847190.246731281 1764847190.263428688 0
Dec 4 11:19:50 standalone container-server[123114]: 172.20.0.100 - - [04/Dec/2025:11:19:50 +0000] "HEAD /d1/132/AUTH_206ed0cfcabb48c18271f8cdcb1ada82/gnocchi.ad5ed756-6c18-4a2c-a1de-b7627906cba3" 404 - "HEAD http://localhost:8080/v1/AUTH_206ed0cfcabb48c18271f8cdcb1ada82/gnocchi.ad5ed756-6c18-4a2c-a1de-b7627906cba3?format=json&states=listing" "tx741b26b6c42d4805aa40f-0069316e56" "proxy-server 12" 0.0008 "-" 23 0
Dec 4 11:19:50 standalone object-server[123264]: 172.20.0.100 - - [04/Dec/2025:11:19:50 +0000] "GET /d1/476/AUTH_206ed0cfcabb48c18271f8cdcb1ada82/gnocchi.ad5ed756-6c18-4a2c-a1de-b7627906cba3/none_v3" 404 70 "GET http://localhost:8080/v1/AUTH_206ed0cfcabb48c18271f8cdcb1ada82/gnocchi.ad5ed756-6c18-4a2c-a1de-b7627906cba3/none_v3" "tx741b26b6c42d4805aa40f-0069316e56" "proxy-server 12" 0.0012 "-" 23 0
Dec 4 11:19:50 standalone proxy-server[125180]: 172.18.0.2 ::1 04/Dec/2025/11/19/50 GET /v1/AUTH_206ed0cfcabb48c18271f8cdcb1ada82/gnocchi.ad5ed756-6c18-4a2c-a1de-b7627906cba3/none_v3 HTTP/1.0 404 - python-swiftclient-3.11.1 gAAAAABpMW5W4_k8... - 70 - tx741b26b6c42d4805aa40f-0069316e56 - 0.0473 - - 1764847190.923768759 1764847190.971086025 0
Dec 4 11:19:50 standalone account-server[123121]: 172.20.0.100 - - [04/Dec/2025:11:19:50 +0000] "PUT /d1/191/AUTH_206ed0cfcabb48c18271f8cdcb1ada82/gnocchi.ad5ed756-6c18-4a2c-a1de-b7627906cba3" 201 - "PUT http://172.20.0.100:6001/d1/132/AUTH_206ed0cfcabb48c18271f8cdcb1ada82/gnocchi.ad5ed756-6c18-4a2c-a1de-b7627906cba3" "tx947cab99038c424b9aa7e-0069316e56" "container-server 20" 0.0021 "-" 21 0
Dec 4 11:19:50 standalone container-server[123109]: 172.20.0.100 - - [04/Dec/2025:11:19:50 +0000] "PUT /d1/132/AUTH_206ed0cfcabb48c18271f8cdcb1ada82/gnocchi.ad5ed756-6c18-4a2c-a1de-b7627906cba3" 201 - "PUT http://localhost:8080/v1/AUTH_206ed0cfcabb48c18271f8cdcb1ada82/gnocchi.ad5ed756-6c18-4a2c-a1de-b7627906cba3" "tx947cab99038c424b9aa7e-0069316e56" "proxy-server 12" 0.0150 "-" 20 0
Dec 4 11:19:50 standalone proxy-server[125180]: 172.18.0.2 ::1 04/Dec/2025/11/19/50 PUT /v1/AUTH_206ed0cfcabb48c18271f8cdcb1ada82/gnocchi.ad5ed756-6c18-4a2c-a1de-b7627906cba3 HTTP/1.0 201 - python-swiftclient-3.11.1 gAAAAABpMW5W4_k8... - - - tx947cab99038c424b9aa7e-0069316e56 - 0.0216 - - 1764847190.975581169 1764847190.997194529 0
Dec 4 11:19:51 standalone container-server[123109]: 172.20.0.100 - - [04/Dec/2025:11:19:51 +0000] "HEAD /d1/132/AUTH_206ed0cfcabb48c18271f8cdcb1ada82/gnocchi.ad5ed756-6c18-4a2c-a1de-b7627906cba3" 204 - "HEAD http://localhost:8080/v1/AUTH_206ed0cfcabb48c18271f8cdcb1ada82/gnocchi.ad5ed756-6c18-4a2c-a1de-b7627906cba3?format=json&states=listing" "tx90725aa5263d40a699082-0069316e57" "proxy-server 12" 0.0018 "-" 20 0
Dec 4 11:19:51 standalone proxy-server[125180]: - - 04/Dec/2025/11/19/51 HEAD /v1/AUTH_206ed0cfcabb48c18271f8cdcb1ada82/gnocchi.ad5ed756-6c18-4a2c-a1de-b7627906cba3%3Fformat%3Djson%26states%3Dlisting HTTP/1.0 204 - Swift - - - - tx90725aa5263d40a699082-0069316e57 - 0.0043 RL - 1764847191.002920628 1764847191.007197857 0
Dec 4 11:19:51 standalone container-server[123109]: 172.20.0.100 - - [04/Dec/2025:11:19:51 +0000] "GET /d1/132/AUTH_206ed0cfcabb48c18271f8cdcb1ada82/gnocchi.ad5ed756-6c18-4a2c-a1de-b7627906cba3" 200 2 "GET http://localhost:8080/v1/AUTH_206ed0cfcabb48c18271f8cdcb1ada82/gnocchi.ad5ed756-6c18-4a2c-a1de-b7627906cba3?format=json&states=listing" "tx90725aa5263d40a699082-0069316e57" "proxy-server 12" 0.0022 "-" 20 0
Dec 4 11:19:51 standalone proxy-server[125180]: 172.18.0.2 ::1 04/Dec/2025/11/19/51 GET /v1/AUTH_206ed0cfcabb48c18271f8cdcb1ada82/gnocchi.ad5ed756-6c18-4a2c-a1de-b7627906cba3%3Fformat%3Djson%26states%3Dlisting HTTP/1.0 200 - python-swiftclient-3.11.1 gAAAAABpMW5W4_k8... - 2 - tx90725aa5263d40a699082-0069316e57 - 0.0117 - - 1764847191.002017498 1764847191.013736010 0
Dec 4 11:19:51 standalone object-server[123262]: 172.20.0.100 - - [04/Dec/2025:11:19:51 +0000] "GET /d1/666/AUTH_206ed0cfcabb48c18271f8cdcb1ada82/gnocchi.ad5ed756-6c18-4a2c-a1de-b7627906cba3/1764720000.0_mean_300.0_v3" 404 70 "GET http://localhost:8080/v1/AUTH_206ed0cfcabb48c18271f8cdcb1ada82/gnocchi.ad5ed756-6c18-4a2c-a1de-b7627906cba3/1764720000.0_mean_300.0_v3" "txfc0c54ae8e224a98be04a-0069316e57" "proxy-server 12" 0.0004 "-" 22 0
Dec 4 11:19:51 standalone proxy-server[125180]: 172.18.0.2 ::1 04/Dec/2025/11/19/51 GET /v1/AUTH_206ed0cfcabb48c18271f8cdcb1ada82/gnocchi.ad5ed756-6c18-4a2c-a1de-b7627906cba3/1764720000.0_mean_300.0_v3 HTTP/1.0 404 - python-swiftclient-3.11.1 gAAAAABpMW5W4_k8... - 70 - txfc0c54ae8e224a98be04a-0069316e57 - 0.0043 - - 1764847191.017620087 1764847191.021950722 0
Dec 4 11:19:51 standalone container-server[123114]: 172.20.0.100 - - [04/Dec/2025:11:19:51 +0000] "PUT /d1/132/AUTH_206ed0cfcabb48c18271f8cdcb1ada82/gnocchi.ad5ed756-6c18-4a2c-a1de-b7627906cba3/1764720000.0_mean_300.0_v3" 201 - "PUT http://localhost:8080/d1/666/AUTH_206ed0cfcabb48c18271f8cdcb1ada82/gnocchi.ad5ed756-6c18-4a2c-a1de-b7627906cba3/1764720000.0_mean_300.0_v3" "txd8f0d2c651c54861b32a3-0069316e57" "object-server 23" 0.0008 "-" 23 0
Dec 4 11:19:51 standalone object-server[123264]: 172.20.0.100 - - [04/Dec/2025:11:19:51 +0000] "PUT /d1/666/AUTH_206ed0cfcabb48c18271f8cdcb1ada82/gnocchi.ad5ed756-6c18-4a2c-a1de-b7627906cba3/1764720000.0_mean_300.0_v3" 201 - "PUT http://localhost:8080/v1/AUTH_206ed0cfcabb48c18271f8cdcb1ada82/gnocchi.ad5ed756-6c18-4a2c-a1de-b7627906cba3/1764720000.0_mean_300.0_v3" "txd8f0d2c651c54861b32a3-0069316e57" "proxy-server 12" 0.0219 "-" 23 0
Dec 4 11:19:51 standalone proxy-server[125180]: 172.18.0.2 ::1 04/Dec/2025/11/19/51 PUT /v1/AUTH_206ed0cfcabb48c18271f8cdcb1ada82/gnocchi.ad5ed756-6c18-4a2c-a1de-b7627906cba3/1764720000.0_mean_300.0_v3 HTTP/1.0 201 - python-swiftclient-3.11.1 gAAAAABpMW5W4_k8... 16 - - txd8f0d2c651c54861b32a3-0069316e57 - 0.0262 - - 1764847191.024825335 1764847191.051066160 0
Dec 4 11:19:51 standalone container-server[123114]: 172.20.0.100 - - [04/Dec/2025:11:19:51 +0000] "PUT /d1/132/AUTH_206ed0cfcabb48c18271f8cdcb1ada82/gnocchi.ad5ed756-6c18-4a2c-a1de-b7627906cba3/none_v3" 201 - "PUT http://localhost:8080/d1/476/AUTH_206ed0cfcabb48c18271f8cdcb1ada82/gnocchi.ad5ed756-6c18-4a2c-a1de-b7627906cba3/none_v3" "tx462e623bf6c04c3190e41-0069316e57" "object-server 23" 0.0007 "-" 23 0
Dec 4 11:19:51 standalone object-server[123264]: 172.20.0.100 - - [04/Dec/2025:11:19:51 +0000] "PUT /d1/476/AUTH_206ed0cfcabb48c18271f8cdcb1ada82/gnocchi.ad5ed756-6c18-4a2c-a1de-b7627906cba3/none_v3" 201 - "PUT http://localhost:8080/v1/AUTH_206ed0cfcabb48c18271f8cdcb1ada82/gnocchi.ad5ed756-6c18-4a2c-a1de-b7627906cba3/none_v3" "tx462e623bf6c04c3190e41-0069316e57" "proxy-server 12" 0.0099 "-" 23 0
Dec 4 11:19:51 standalone proxy-server[125180]: 172.18.0.2 ::1 04/Dec/2025/11/19/51 PUT /v1/AUTH_206ed0cfcabb48c18271f8cdcb1ada82/gnocchi.ad5ed756-6c18-4a2c-a1de-b7627906cba3/none_v3 HTTP/1.0 201 - python-swiftclient-3.11.1 gAAAAABpMW5W4_k8... 22 - - tx462e623bf6c04c3190e41-0069316e57 - 0.0144 - - 1764847191.054381371 1764847191.068825483 0
Dec 4 11:20:20 standalone object-server[123262]: 172.20.0.100 - - [04/Dec/2025:11:20:20 +0000] "GET /d1/476/AUTH_206ed0cfcabb48c18271f8cdcb1ada82/gnocchi.ad5ed756-6c18-4a2c-a1de-b7627906cba3/none_v3" 200 22 "GET http://localhost:8080/v1/AUTH_206ed0cfcabb48c18271f8cdcb1ada82/gnocchi.ad5ed756-6c18-4a2c-a1de-b7627906cba3/none_v3" "tx5fa6ee0ad91c452a9f228-0069316e74" "proxy-server 12" 0.0011 "-" 22 0
Dec 4 11:20:20 standalone proxy-server[125180]: 172.18.0.2 ::1 04/Dec/2025/11/20/20 GET /v1/AUTH_206ed0cfcabb48c18271f8cdcb1ada82/gnocchi.ad5ed756-6c18-4a2c-a1de-b7627906cba3/none_v3 HTTP/1.0 200 - python-swiftclient-3.11.1 gAAAAABpMW5W4_k8... - 22 - tx5fa6ee0ad91c452a9f228-0069316e74 - 0.0084 - - 1764847220.629266977 1764847220.637680292 0
Dec 4 11:20:20 standalone container-server[123114]: 172.20.0.100 - - [04/Dec/2025:11:20:20 +0000] "GET /d1/132/AUTH_206ed0cfcabb48c18271f8cdcb1ada82/gnocchi.ad5ed756-6c18-4a2c-a1de-b7627906cba3" 200 357 "GET http://localhost:8080/v1/AUTH_206ed0cfcabb48c18271f8cdcb1ada82/gnocchi.ad5ed756-6c18-4a2c-a1de-b7627906cba3?format=json&states=listing" "txd23ed5787e604e8ca804c-0069316e74" "proxy-server 12" 0.0168 "-" 23 0
Dec 4 11:20:20 standalone proxy-server[125180]: 172.18.0.2 ::1 04/Dec/2025/11/20/20 GET /v1/AUTH_206ed0cfcabb48c18271f8cdcb1ada82/gnocchi.ad5ed756-6c18-4a2c-a1de-b7627906cba3%3Fformat%3Djson%26states%3Dlisting HTTP/1.0 200 - python-swiftclient-3.11.1 gAAAAABpMW5W4_k8... - 357 - txd23ed5787e604e8ca804c-0069316e74 - 0.0283 - - 1764847220.642385960 1764847220.670735836 0
Dec 4 11:20:20 standalone container-server[123111]: 172.20.0.100 - - [04/Dec/2025:11:20:20 +0000] "GET /d1/132/AUTH_206ed0cfcabb48c18271f8cdcb1ada82/gnocchi.ad5ed756-6c18-4a2c-a1de-b7627906cba3" 200 2 "GET http://localhost:8080/v1/AUTH_206ed0cfcabb48c18271f8cdcb1ada82/gnocchi.ad5ed756-6c18-4a2c-a1de-b7627906cba3?format=json&marker=none_v3&states=listing" "tx39d5430efb904b4484070-0069316e74" "proxy-server 12" 0.0049 "-" 21 0
Dec 4 11:20:20 standalone proxy-server[125180]: 172.18.0.2 ::1 04/Dec/2025/11/20/20 GET /v1/AUTH_206ed0cfcabb48c18271f8cdcb1ada82/gnocchi.ad5ed756-6c18-4a2c-a1de-b7627906cba3%3Fformat%3Djson%26marker%3Dnone_v3%26states%3Dlisting HTTP/1.0 200 - python-swiftclient-3.11.1 gAAAAABpMW5W4_k8... - 2 - tx39d5430efb904b4484070-0069316e74 - 0.0149 - - 1764847220.675154448 1764847220.690047741 0
Dec 4 11:20:20 standalone object-server[123268]: 172.20.0.100 - - [04/Dec/2025:11:20:20 +0000] "GET /d1/666/AUTH_206ed0cfcabb48c18271f8cdcb1ada82/gnocchi.ad5ed756-6c18-4a2c-a1de-b7627906cba3/1764720000.0_mean_300.0_v3" 200 16 "GET http://localhost:8080/v1/AUTH_206ed0cfcabb48c18271f8cdcb1ada82/gnocchi.ad5ed756-6c18-4a2c-a1de-b7627906cba3/1764720000.0_mean_300.0_v3" "txb906662a5dec425d92397-0069316e74" "proxy-server 12" 0.0010 "-" 25 0
Dec 4 11:20:20 standalone proxy-server[125180]: 172.18.0.2 ::1 04/Dec/2025/11/20/20 GET /v1/AUTH_206ed0cfcabb48c18271f8cdcb1ada82/gnocchi.ad5ed756-6c18-4a2c-a1de-b7627906cba3/1764720000.0_mean_300.0_v3 HTTP/1.0 200 - python-swiftclient-3.11.1 gAAAAABpMW5W4_k8... - 16 - txb906662a5dec425d92397-0069316e74 - 0.0105 - - 1764847220.694952965 1764847220.705498934 0
Dec 4 11:20:20 standalone container-server[123112]: 172.20.0.100 - - [04/Dec/2025:11:20:20 +0000] "PUT /d1/132/AUTH_206ed0cfcabb48c18271f8cdcb1ada82/gnocchi.ad5ed756-6c18-4a2c-a1de-b7627906cba3/1764720000.0_mean_300.0_v3" 201 - "PUT http://localhost:8080/d1/666/AUTH_206ed0cfcabb48c18271f8cdcb1ada82/gnocchi.ad5ed756-6c18-4a2c-a1de-b7627906cba3/1764720000.0_mean_300.0_v3" "tx69a108c4094e4a8da542b-0069316e74" "object-server 22" 0.0010 "-" 22 0
Dec 4 11:20:20 standalone object-server[123262]: 172.20.0.100 - - [04/Dec/2025:11:20:20 +0000] "PUT /d1/666/AUTH_206ed0cfcabb48c18271f8cdcb1ada82/gnocchi.ad5ed756-6c18-4a2c-a1de-b7627906cba3/1764720000.0_mean_300.0_v3" 201 - "PUT http://localhost:8080/v1/AUTH_206ed0cfcabb48c18271f8cdcb1ada82/gnocchi.ad5ed756-6c18-4a2c-a1de-b7627906cba3/1764720000.0_mean_300.0_v3" "tx69a108c4094e4a8da542b-0069316e74" "proxy-server 12" 0.0114 "-" 22 0
Dec 4 11:20:20 standalone proxy-server[125180]: 172.18.0.2 ::1 04/Dec/2025/11/20/20 PUT /v1/AUTH_206ed0cfcabb48c18271f8cdcb1ada82/gnocchi.ad5ed756-6c18-4a2c-a1de-b7627906cba3/1764720000.0_mean_300.0_v3 HTTP/1.0 201 - python-swiftclient-3.11.1 gAAAAABpMW5W4_k8... 16 - - tx69a108c4094e4a8da542b-0069316e74 - 0.0170 - - 1764847220.708944559 1764847220.725920916 0
Dec 4 11:20:20 standalone container-server[123109]: 172.20.0.100 - - [04/Dec/2025:11:20:20 +0000] "PUT /d1/132/AUTH_206ed0cfcabb48c18271f8cdcb1ada82/gnocchi.ad5ed756-6c18-4a2c-a1de-b7627906cba3/none_v3" 201 - "PUT http://localhost:8080/d1/476/AUTH_206ed0cfcabb48c18271f8cdcb1ada82/gnocchi.ad5ed756-6c18-4a2c-a1de-b7627906cba3/none_v3" "tx42e68647904f4eed9ddc8-0069316e74" "object-server 23" 0.0006 "-" 20 0
Dec 4 11:20:20 standalone object-server[123264]: 172.20.0.100 - - [04/Dec/2025:11:20:20 +0000] "PUT /d1/476/AUTH_206ed0cfcabb48c18271f8cdcb1ada82/gnocchi.ad5ed756-6c18-4a2c-a1de-b7627906cba3/none_v3" 201 - "PUT http://localhost:8080/v1/AUTH_206ed0cfcabb48c18271f8cdcb1ada82/gnocchi.ad5ed756-6c18-4a2c-a1de-b7627906cba3/none_v3" "tx42e68647904f4eed9ddc8-0069316e74" "proxy-server 12" 0.0105 "-" 23 0
Dec 4 11:20:20 standalone proxy-server[125180]: 172.18.0.2 ::1 04/Dec/2025/11/20/20 PUT /v1/AUTH_206ed0cfcabb48c18271f8cdcb1ada82/gnocchi.ad5ed756-6c18-4a2c-a1de-b7627906cba3/none_v3 HTTP/1.0 201 - python-swiftclient-3.11.1 gAAAAABpMW5W4_k8... 32 - - tx42e68647904f4eed9ddc8-0069316e74 - 0.0178 - - 1764847220.729442358 1764847220.747229338 0
Dec 4 11:20:54 standalone account-server[123140]: 172.20.0.100 - - [04/Dec/2025:11:20:54 +0000] "HEAD /d1/191/AUTH_206ed0cfcabb48c18271f8cdcb1ada82" 204 - "HEAD http://localhost:8080/v1/AUTH_206ed0cfcabb48c18271f8cdcb1ada82?format=json" "tx23ec1dff710e46b994b7d-0069316e96" "proxy-server 12" 0.0081 "-" 23 -
Dec 4 11:20:54 standalone proxy-server[125180]: - - 04/Dec/2025/11/20/54 HEAD /v1/AUTH_206ed0cfcabb48c18271f8cdcb1ada82%3Fformat%3Djson HTTP/1.0 204 - Swift - - - - tx23ec1dff710e46b994b7d-0069316e96 - 0.0156 RL - 1764847254.100305557 1764847254.115954876 -
Dec 4 11:20:54 standalone container-server[123114]: 172.20.0.100 - - [04/Dec/2025:11:20:54 +0000] "HEAD /d1/379/AUTH_206ed0cfcabb48c18271f8cdcb1ada82/glance" 204 - "HEAD http://localhost:8080/v1/AUTH_206ed0cfcabb48c18271f8cdcb1ada82/glance?format=json&states=listing" "tx23ec1dff710e46b994b7d-0069316e96" "proxy-server 12" 0.0054 "-" 23 0
Dec 4 11:20:54 standalone object-server[123266]: 172.20.0.100 - - [04/Dec/2025:11:20:54 +0000] "GET /d1/69/AUTH_206ed0cfcabb48c18271f8cdcb1ada82/glance/ca11aecd-e91e-407b-9617-7a1ff56566b6" 200 - "GET http://localhost:8080/v1/AUTH_206ed0cfcabb48c18271f8cdcb1ada82/glance/ca11aecd-e91e-407b-9617-7a1ff56566b6" "tx23ec1dff710e46b994b7d-0069316e96" "proxy-server 12" 0.0021 "-" 24 0
Dec 4 11:20:54 standalone container-server[123112]: 172.20.0.100 - - [04/Dec/2025:11:20:54 +0000] "GET /d1/379/AUTH_206ed0cfcabb48c18271f8cdcb1ada82/glance" 200 210 "GET http://localhost:8080/v1/AUTH_206ed0cfcabb48c18271f8cdcb1ada82/glance?prefix=ca11aecd-e91e-407b-9617-7a1ff56566b6-&format=json&states=listing" "tx23ec1dff710e46b994b7d-0069316e96" "proxy-server 12" 0.0043 "-" 22 0
Dec 4 11:20:54 standalone proxy-server[125180]: - - 04/Dec/2025/11/20/54 GET /v1/AUTH_206ed0cfcabb48c18271f8cdcb1ada82/glance%3Fprefix%3Dca11aecd-e91e-407b-9617-7a1ff56566b6-%26format%3Djson%26states%3Dlisting HTTP/1.0 200 - python-swiftclient-3.11.1%20DLO%20MultipartGET gAAAAABpMW6WzXPn... - 210 - tx23ec1dff710e46b994b7d-0069316e96 - 0.0085 DLO - 1764847254.253245354 1764847254.261716843 0
Dec 4 11:20:54 standalone object-server[123266]: 172.20.0.100 - - [04/Dec/2025:11:20:54 +0000] "GET /d1/254/AUTH_206ed0cfcabb48c18271f8cdcb1ada82/glance/ca11aecd-e91e-407b-9617-7a1ff56566b6-00001" 200 21692416 "GET http://localhost:8080/v1/AUTH_206ed0cfcabb48c18271f8cdcb1ada82/glance/ca11aecd-e91e-407b-9617-7a1ff56566b6-00001?multipart-manifest=get" "tx23ec1dff710e46b994b7d-0069316e96" "proxy-server 12" 0.0012 "-" 24 0
Dec 4 11:20:54 standalone proxy-server[125180]: - - 04/Dec/2025/11/20/54 GET /v1/AUTH_206ed0cfcabb48c18271f8cdcb1ada82/glance/ca11aecd-e91e-407b-9617-7a1ff56566b6-00001%3Fmultipart-manifest%3Dget HTTP/1.0 200 - python-swiftclient-3.11.1%20%20DLO%20MultipartGET gAAAAABpMW6WzXPn... - 21692416 - tx23ec1dff710e46b994b7d-0069316e96 - 0.0953 DLO - 1764847254.262398005 1764847254.357680321 0
Dec 4 11:20:54 standalone proxy-server[125180]: 172.18.0.2 ::1 04/Dec/2025/11/20/54 GET /v1/AUTH_206ed0cfcabb48c18271f8cdcb1ada82/glance/ca11aecd-e91e-407b-9617-7a1ff56566b6 HTTP/1.0 200 - python-swiftclient-3.11.1 gAAAAABpMW6WzXPn... - 21692416 - tx23ec1dff710e46b994b7d-0069316e96 - 0.2592 - - 1764847254.099030733 1764847254.358280420 0
Dec 4 11:20:55 standalone container-server[123114]: 172.20.0.100 - - [04/Dec/2025:11:20:55 +0000] "HEAD /d1/536/AUTH_206ed0cfcabb48c18271f8cdcb1ada82/gnocchi.1a130a7b-f376-42c2-a082-f02a003b9f57" 404 - "HEAD http://localhost:8080/v1/AUTH_206ed0cfcabb48c18271f8cdcb1ada82/gnocchi.1a130a7b-f376-42c2-a082-f02a003b9f57?format=json&states=listing" "txc4b9dc717ca44ad186a67-0069316e97" "proxy-server 12" 0.0005 "-" 23 0
Dec 4 11:20:55 standalone object-server[123264]: 172.20.0.100 - - [04/Dec/2025:11:20:55 +0000] "GET /d1/51/AUTH_206ed0cfcabb48c18271f8cdcb1ada82/gnocchi.1a130a7b-f376-42c2-a082-f02a003b9f57/none_v3" 404 70 "GET http://localhost:8080/v1/AUTH_206ed0cfcabb48c18271f8cdcb1ada82/gnocchi.1a130a7b-f376-42c2-a082-f02a003b9f57/none_v3" "txc4b9dc717ca44ad186a67-0069316e97" "proxy-server 12" 0.0006 "-" 23 0
Dec 4 11:20:55 standalone proxy-server[125180]: 172.18.0.2 ::1 04/Dec/2025/11/20/55 GET /v1/AUTH_206ed0cfcabb48c18271f8cdcb1ada82/gnocchi.1a130a7b-f376-42c2-a082-f02a003b9f57/none_v3 HTTP/1.0 404 - python-swiftclient-3.11.1 gAAAAABpMW5W4_k8... - 70 - txc4b9dc717ca44ad186a67-0069316e97 - 0.0130 - - 1764847255.075332403 1764847255.088331461 0
Dec 4 11:20:55 standalone account-server[123121]: 172.20.0.100 - - [04/Dec/2025:11:20:55 +0000] "PUT /d1/191/AUTH_206ed0cfcabb48c18271f8cdcb1ada82/gnocchi.1a130a7b-f376-42c2-a082-f02a003b9f57" 201 - "PUT http://172.20.0.100:6001/d1/536/AUTH_206ed0cfcabb48c18271f8cdcb1ada82/gnocchi.1a130a7b-f376-42c2-a082-f02a003b9f57" "tx05813f9cb66e4647bd3b0-0069316e97" "container-server 22" 0.0021 "-" 21 0
Dec 4 11:20:55 standalone container-server[123112]: 172.20.0.100 - - [04/Dec/2025:11:20:55 +0000] "PUT /d1/536/AUTH_206ed0cfcabb48c18271f8cdcb1ada82/gnocchi.1a130a7b-f376-42c2-a082-f02a003b9f57" 201 - "PUT http://localhost:8080/v1/AUTH_206ed0cfcabb48c18271f8cdcb1ada82/gnocchi.1a130a7b-f376-42c2-a082-f02a003b9f57" "tx05813f9cb66e4647bd3b0-0069316e97" "proxy-server 12" 0.0172 "-" 22 0
Dec 4 11:20:55 standalone proxy-server[125180]: 172.18.0.2 ::1 04/Dec/2025/11/20/55 PUT /v1/AUTH_206ed0cfcabb48c18271f8cdcb1ada82/gnocchi.1a130a7b-f376-42c2-a082-f02a003b9f57 HTTP/1.0 201 - python-swiftclient-3.11.1 gAAAAABpMW5W4_k8... - - - tx05813f9cb66e4647bd3b0-0069316e97 - 0.0239 - - 1764847255.091590881 1764847255.115481377 0
Dec 4 11:20:55 standalone container-server[123112]: 172.20.0.100 - - [04/Dec/2025:11:20:55 +0000] "HEAD /d1/536/AUTH_206ed0cfcabb48c18271f8cdcb1ada82/gnocchi.1a130a7b-f376-42c2-a082-f02a003b9f57" 204 - "HEAD http://localhost:8080/v1/AUTH_206ed0cfcabb48c18271f8cdcb1ada82/gnocchi.1a130a7b-f376-42c2-a082-f02a003b9f57?format=json&states=listing" "tx012bcf4b25d847e694f34-0069316e97" "proxy-server 12" 0.0020 "-" 22 0
Dec 4 11:20:55 standalone proxy-server[125180]: - - 04/Dec/2025/11/20/55 HEAD /v1/AUTH_206ed0cfcabb48c18271f8cdcb1ada82/gnocchi.1a130a7b-f376-42c2-a082-f02a003b9f57%3Fformat%3Djson%26states%3Dlisting HTTP/1.0 204 - Swift - - - - tx012bcf4b25d847e694f34-0069316e97 - 0.0069 RL - 1764847255.121997356 1764847255.128936291 0
Dec 4 11:20:55 standalone container-server[123112]: 172.20.0.100 - - [04/Dec/2025:11:20:55 +0000] "GET /d1/536/AUTH_206ed0cfcabb48c18271f8cdcb1ada82/gnocchi.1a130a7b-f376-42c2-a082-f02a003b9f57" 200 2 "GET http://localhost:8080/v1/AUTH_206ed0cfcabb48c18271f8cdcb1ada82/gnocchi.1a130a7b-f376-42c2-a082-f02a003b9f57?format=json&states=listing" "tx012bcf4b25d847e694f34-0069316e97" "proxy-server 12" 0.0031 "-" 22 0
Dec 4 11:20:55 standalone proxy-server[125180]: 172.18.0.2 ::1 04/Dec/2025/11/20/55 GET /v1/AUTH_206ed0cfcabb48c18271f8cdcb1ada82/gnocchi.1a130a7b-f376-42c2-a082-f02a003b9f57%3Fformat%3Djson%26states%3Dlisting HTTP/1.0 200 - python-swiftclient-3.11.1 gAAAAABpMW5W4_k8... - 2 - tx012bcf4b25d847e694f34-0069316e97 - 0.0196 - - 1764847255.120357275 1764847255.139925718 0
Dec 4 11:20:55 standalone object-server[123266]: 172.20.0.100 - - [04/Dec/2025:11:20:55 +0000] "GET /d1/972/AUTH_206ed0cfcabb48c18271f8cdcb1ada82/gnocchi.1a130a7b-f376-42c2-a082-f02a003b9f57/1764720000.0_mean_300.0_v3" 404 70 "GET http://localhost:8080/v1/AUTH_206ed0cfcabb48c18271f8cdcb1ada82/gnocchi.1a130a7b-f376-42c2-a082-f02a003b9f57/1764720000.0_mean_300.0_v3" "txf7fab1ecc5024d978660d-0069316e97" "proxy-server 12" 0.0003 "-" 24 0
Dec 4 11:20:55 standalone proxy-server[125180]: 172.18.0.2 ::1 04/Dec/2025/11/20/55 GET /v1/AUTH_206ed0cfcabb48c18271f8cdcb1ada82/gnocchi.1a130a7b-f376-42c2-a082-f02a003b9f57/1764720000.0_mean_300.0_v3 HTTP/1.0 404 - python-swiftclient-3.11.1 gAAAAABpMW5W4_k8... - 70 - txf7fab1ecc5024d978660d-0069316e97 - 0.0061 - - 1764847255.143661022 1764847255.149775505 0
Dec 4 11:20:55 standalone container-server[123109]: 172.20.0.100 - - [04/Dec/2025:11:20:55 +0000] "PUT /d1/536/AUTH_206ed0cfcabb48c18271f8cdcb1ada82/gnocchi.1a130a7b-f376-42c2-a082-f02a003b9f57/1764720000.0_mean_300.0_v3" 201 - "PUT http://localhost:8080/d1/972/AUTH_206ed0cfcabb48c18271f8cdcb1ada82/gnocchi.1a130a7b-f376-42c2-a082-f02a003b9f57/1764720000.0_mean_300.0_v3" "tx652af355d8d242399280c-0069316e97" "object-server 25" 0.0009 "-" 20 0
Dec 4 11:20:55 standalone object-server[123268]: 172.20.0.100 - - [04/Dec/2025:11:20:55 +0000] "PUT /d1/972/AUTH_206ed0cfcabb48c18271f8cdcb1ada82/gnocchi.1a130a7b-f376-42c2-a082-f02a003b9f57/1764720000.0_mean_300.0_v3" 201 - "PUT http://localhost:8080/v1/AUTH_206ed0cfcabb48c18271f8cdcb1ada82/gnocchi.1a130a7b-f376-42c2-a082-f02a003b9f57/1764720000.0_mean_300.0_v3" "tx652af355d8d242399280c-0069316e97" "proxy-server 12" 0.0163 "-" 25 0
Dec 4 11:20:55 standalone proxy-server[125180]: 172.18.0.2 ::1 04/Dec/2025/11/20/55 PUT /v1/AUTH_206ed0cfcabb48c18271f8cdcb1ada82/gnocchi.1a130a7b-f376-42c2-a082-f02a003b9f57/1764720000.0_mean_300.0_v3 HTTP/1.0 201 - python-swiftclient-3.11.1 gAAAAABpMW5W4_k8... 16 - - tx652af355d8d242399280c-0069316e97 - 0.0233 - - 1764847255.153024197 1764847255.176309109 0
Dec 4 11:20:55 standalone container-server[123114]: 172.20.0.100 - - [04/Dec/2025:11:20:55 +0000] "PUT /d1/536/AUTH_206ed0cfcabb48c18271f8cdcb1ada82/gnocchi.1a130a7b-f376-42c2-a082-f02a003b9f57/none_v3" 201 - "PUT http://localhost:8080/d1/51/AUTH_206ed0cfcabb48c18271f8cdcb1ada82/gnocchi.1a130a7b-f376-42c2-a082-f02a003b9f57/none_v3" "tx835df64bfd4a4ed48227d-0069316e97" "object-server 23" 0.0008 "-" 23 0
Dec 4 11:20:55 standalone object-server[123264]: 172.20.0.100 - - [04/Dec/2025:11:20:55 +0000] "PUT /d1/51/AUTH_206ed0cfcabb48c18271f8cdcb1ada82/gnocchi.1a130a7b-f376-42c2-a082-f02a003b9f57/none_v3" 201 - "PUT http://localhost:8080/v1/AUTH_206ed0cfcabb48c18271f8cdcb1ada82/gnocchi.1a130a7b-f376-42c2-a082-f02a003b9f57/none_v3" "tx835df64bfd4a4ed48227d-0069316e97" "proxy-server 12" 0.0127 "-" 23 0
Dec 4 11:20:55 standalone proxy-server[125180]: 172.18.0.2 ::1 04/Dec/2025/11/20/55 PUT /v1/AUTH_206ed0cfcabb48c18271f8cdcb1ada82/gnocchi.1a130a7b-f376-42c2-a082-f02a003b9f57/none_v3 HTTP/1.0 201 - python-swiftclient-3.11.1 gAAAAABpMW5W4_k8... 22 - - tx835df64bfd4a4ed48227d-0069316e97 - 0.0234 - - 1764847255.180803299 1764847255.204252481 0
Dec 4 11:20:55 standalone container-server[123114]: 172.20.0.100 - - [04/Dec/2025:11:20:55 +0000] "HEAD /d1/2/AUTH_206ed0cfcabb48c18271f8cdcb1ada82/gnocchi.d8d47f94-0861-4b6d-ab7f-d8f522e2736c" 404 - "HEAD http://localhost:8080/v1/AUTH_206ed0cfcabb48c18271f8cdcb1ada82/gnocchi.d8d47f94-0861-4b6d-ab7f-d8f522e2736c?format=json&states=listing" "tx89d45bb81c4144038dda4-0069316e97" "proxy-server 12" 0.0005 "-" 23 0
Dec 4 11:20:55 standalone object-server[123264]: 172.20.0.100 - - [04/Dec/2025:11:20:55 +0000] "GET /d1/189/AUTH_206ed0cfcabb48c18271f8cdcb1ada82/gnocchi.d8d47f94-0861-4b6d-ab7f-d8f522e2736c/none_v3" 404 70 "GET http://localhost:8080/v1/AUTH_206ed0cfcabb48c18271f8cdcb1ada82/gnocchi.d8d47f94-0861-4b6d-ab7f-d8f522e2736c/none_v3" "tx89d45bb81c4144038dda4-0069316e97" "proxy-server 12" 0.0004 "-" 23 0
Dec 4 11:20:55 standalone proxy-server[125180]: 172.18.0.2 ::1 04/Dec/2025/11/20/55 GET /v1/AUTH_206ed0cfcabb48c18271f8cdcb1ada82/gnocchi.d8d47f94-0861-4b6d-ab7f-d8f522e2736c/none_v3 HTTP/1.0 404 - python-swiftclient-3.11.1 gAAAAABpMW5W4_k8... - 70 - tx89d45bb81c4144038dda4-0069316e97 - 0.0126 - - 1764847255.227628708 1764847255.240222931 0
Dec 4 11:20:55 standalone account-server[123121]: 172.20.0.100 - - [04/Dec/2025:11:20:55 +0000] "PUT /d1/191/AUTH_206ed0cfcabb48c18271f8cdcb1ada82/gnocchi.d8d47f94-0861-4b6d-ab7f-d8f522e2736c" 201 - "PUT http://172.20.0.100:6001/d1/2/AUTH_206ed0cfcabb48c18271f8cdcb1ada82/gnocchi.d8d47f94-0861-4b6d-ab7f-d8f522e2736c" "txf54b37a2cbf740d88f47f-0069316e97" "container-server 23" 0.0063 "-" 21 0
Dec 4 11:20:55 standalone container-server[123114]: 172.20.0.100 - - [04/Dec/2025:11:20:55 +0000] "PUT /d1/2/AUTH_206ed0cfcabb48c18271f8cdcb1ada82/gnocchi.d8d47f94-0861-4b6d-ab7f-d8f522e2736c" 201 - "PUT http://localhost:8080/v1/AUTH_206ed0cfcabb48c18271f8cdcb1ada82/gnocchi.d8d47f94-0861-4b6d-ab7f-d8f522e2736c" "txf54b37a2cbf740d88f47f-0069316e97" "proxy-server 12" 0.0208 "-" 23 0
Dec 4 11:20:55 standalone proxy-server[125180]: 172.18.0.2 ::1 04/Dec/2025/11/20/55 PUT /v1/AUTH_206ed0cfcabb48c18271f8cdcb1ada82/gnocchi.d8d47f94-0861-4b6d-ab7f-d8f522e2736c HTTP/1.0 201 - python-swiftclient-3.11.1 gAAAAABpMW5W4_k8... - - - txf54b37a2cbf740d88f47f-0069316e97 - 0.0282 - - 1764847255.244798183 1764847255.273001909 0
Dec 4 11:20:55 standalone container-server[123114]: 172.20.0.100 - - [04/Dec/2025:11:20:55 +0000] "HEAD /d1/2/AUTH_206ed0cfcabb48c18271f8cdcb1ada82/gnocchi.d8d47f94-0861-4b6d-ab7f-d8f522e2736c" 204 - "HEAD http://localhost:8080/v1/AUTH_206ed0cfcabb48c18271f8cdcb1ada82/gnocchi.d8d47f94-0861-4b6d-ab7f-d8f522e2736c?format=json&states=listing" "txba9c263fdfa2432d97667-0069316e97" "proxy-server 12" 0.0020 "-" 23 0
Dec 4 11:20:55 standalone proxy-server[125180]: - - 04/Dec/2025/11/20/55 HEAD /v1/AUTH_206ed0cfcabb48c18271f8cdcb1ada82/gnocchi.d8d47f94-0861-4b6d-ab7f-d8f522e2736c%3Fformat%3Djson%26states%3Dlisting HTTP/1.0 204 - Swift - - - - txba9c263fdfa2432d97667-0069316e97 - 0.0064 RL - 1764847255.278755426 1764847255.285165548 0
Dec 4 11:20:55 standalone container-server[123109]: 172.20.0.100 - - [04/Dec/2025:11:20:55 +0000] "GET /d1/2/AUTH_206ed0cfcabb48c18271f8cdcb1ada82/gnocchi.d8d47f94-0861-4b6d-ab7f-d8f522e2736c" 200 2 "GET http://localhost:8080/v1/AUTH_206ed0cfcabb48c18271f8cdcb1ada82/gnocchi.d8d47f94-0861-4b6d-ab7f-d8f522e2736c?format=json&states=listing" "txba9c263fdfa2432d97667-0069316e97" "proxy-server 12" 0.0018 "-" 20 0
Dec 4 11:20:55 standalone proxy-server[125180]: 172.18.0.2 ::1 04/Dec/2025/11/20/55 GET /v1/AUTH_206ed0cfcabb48c18271f8cdcb1ada82/gnocchi.d8d47f94-0861-4b6d-ab7f-d8f522e2736c%3Fformat%3Djson%26states%3Dlisting HTTP/1.0 200 - python-swiftclient-3.11.1 gAAAAABpMW5W4_k8... - 2 - txba9c263fdfa2432d97667-0069316e97 - 0.0171 - - 1764847255.277248859 1764847255.294314384 0
Dec 4 11:20:55 standalone object-server[123268]: 172.20.0.100 - - [04/Dec/2025:11:20:55 +0000] "GET /d1/779/AUTH_206ed0cfcabb48c18271f8cdcb1ada82/gnocchi.d8d47f94-0861-4b6d-ab7f-d8f522e2736c/1764720000.0_mean_300.0_v3" 404 70 "GET http://localhost:8080/v1/AUTH_206ed0cfcabb48c18271f8cdcb1ada82/gnocchi.d8d47f94-0861-4b6d-ab7f-d8f522e2736c/1764720000.0_mean_300.0_v3" "tx4f3b03fe0c7843dca94cc-0069316e97" "proxy-server 12" 0.0005 "-" 25 0
Dec 4 11:20:55 standalone proxy-server[125180]: 172.18.0.2 ::1 04/Dec/2025/11/20/55 GET /v1/AUTH_206ed0cfcabb48c18271f8cdcb1ada82/gnocchi.d8d47f94-0861-4b6d-ab7f-d8f522e2736c/1764720000.0_mean_300.0_v3 HTTP/1.0 404 - python-swiftclient-3.11.1 gAAAAABpMW5W4_k8... - 70 - tx4f3b03fe0c7843dca94cc-0069316e97 - 0.0073 - - 1764847255.298728228 1764847255.306031466 0
Dec 4 11:20:55 standalone container-server[123111]: 172.20.0.100 - - [04/Dec/2025:11:20:55 +0000] "PUT /d1/2/AUTH_206ed0cfcabb48c18271f8cdcb1ada82/gnocchi.d8d47f94-0861-4b6d-ab7f-d8f522e2736c/1764720000.0_mean_300.0_v3" 201 - "PUT http://localhost:8080/d1/779/AUTH_206ed0cfcabb48c18271f8cdcb1ada82/gnocchi.d8d47f94-0861-4b6d-ab7f-d8f522e2736c/1764720000.0_mean_300.0_v3" "txa8ae5229a57344daae1b2-0069316e97" "object-server 22" 0.0011 "-" 21 0
Dec 4 11:20:55 standalone object-server[123262]: 172.20.0.100 - - [04/Dec/2025:11:20:55 +0000] "PUT /d1/779/AUTH_206ed0cfcabb48c18271f8cdcb1ada82/gnocchi.d8d47f94-0861-4b6d-ab7f-d8f522e2736c/1764720000.0_mean_300.0_v3" 201 - "PUT http://localhost:8080/v1/AUTH_206ed0cfcabb48c18271f8cdcb1ada82/gnocchi.d8d47f94-0861-4b6d-ab7f-d8f522e2736c/1764720000.0_mean_300.0_v3" "txa8ae5229a57344daae1b2-0069316e97" "proxy-server 12" 0.0130 "-" 22 0
Dec 4 11:20:55 standalone proxy-server[125180]: 172.18.0.2 ::1 04/Dec/2025/11/20/55 PUT /v1/AUTH_206ed0cfcabb48c18271f8cdcb1ada82/gnocchi.d8d47f94-0861-4b6d-ab7f-d8f522e2736c/1764720000.0_mean_300.0_v3 HTTP/1.0 201 - python-swiftclient-3.11.1 gAAAAABpMW5W4_k8... 16 - - txa8ae5229a57344daae1b2-0069316e97 - 0.0206 - - 1764847255.309798241 1764847255.330409050 0
Dec 4 11:20:55 standalone container-server[123109]: 172.20.0.100 - - [04/Dec/2025:11:20:55 +0000] "PUT /d1/2/AUTH_206ed0cfcabb48c18271f8cdcb1ada82/gnocchi.d8d47f94-0861-4b6d-ab7f-d8f522e2736c/none_v3" 201 - "PUT http://localhost:8080/d1/189/AUTH_206ed0cfcabb48c18271f8cdcb1ada82/gnocchi.d8d47f94-0861-4b6d-ab7f-d8f522e2736c/none_v3" "tx39365e66a67e4b038091a-0069316e97" "object-server 22" 0.0008 "-" 20 0
Dec 4 11:20:55 standalone object-server[123262]: 172.20.0.100 - - [04/Dec/2025:11:20:55 +0000] "PUT /d1/189/AUTH_206ed0cfcabb48c18271f8cdcb1ada82/gnocchi.d8d47f94-0861-4b6d-ab7f-d8f522e2736c/none_v3" 201 - "PUT http://localhost:8080/v1/AUTH_206ed0cfcabb48c18271f8cdcb1ada82/gnocchi.d8d47f94-0861-4b6d-ab7f-d8f522e2736c/none_v3" "tx39365e66a67e4b038091a-0069316e97" "proxy-server 12" 0.0108 "-" 22 0
Dec 4 11:20:55 standalone proxy-server[125180]: 172.18.0.2 ::1 04/Dec/2025/11/20/55 PUT /v1/AUTH_206ed0cfcabb48c18271f8cdcb1ada82/gnocchi.d8d47f94-0861-4b6d-ab7f-d8f522e2736c/none_v3 HTTP/1.0 201 - python-swiftclient-3.11.1 gAAAAABpMW5W4_k8... 22 - - tx39365e66a67e4b038091a-0069316e97 - 0.0184 - - 1764847255.336245537 1764847255.354691505 0
Dec 4 11:20:59 standalone container-server[123109]: 172.20.0.100 - - [04/Dec/2025:11:20:59 +0000] "HEAD /d1/198/AUTH_206ed0cfcabb48c18271f8cdcb1ada82/gnocchi.d174e8a6-1670-4399-81f5-53e89e374aa3" 404 - "HEAD http://localhost:8080/v1/AUTH_206ed0cfcabb48c18271f8cdcb1ada82/gnocchi.d174e8a6-1670-4399-81f5-53e89e374aa3?format=json&states=listing" "tx17419637a6d3476f98443-0069316e9b" "proxy-server 12" 0.0009 "-" 20 0
Dec 4 11:20:59 standalone object-server[123264]: 172.20.0.100 - - [04/Dec/2025:11:20:59 +0000] "GET /d1/222/AUTH_206ed0cfcabb48c18271f8cdcb1ada82/gnocchi.d174e8a6-1670-4399-81f5-53e89e374aa3/none_v3" 404 70 "GET http://localhost:8080/v1/AUTH_206ed0cfcabb48c18271f8cdcb1ada82/gnocchi.d174e8a6-1670-4399-81f5-53e89e374aa3/none_v3" "tx17419637a6d3476f98443-0069316e9b" "proxy-server 12" 0.0007 "-" 23 0
Dec 4 11:20:59 standalone proxy-server[125180]: 172.18.0.2 ::1 04/Dec/2025/11/20/59 GET /v1/AUTH_206ed0cfcabb48c18271f8cdcb1ada82/gnocchi.d174e8a6-1670-4399-81f5-53e89e374aa3/none_v3 HTTP/1.0 404 - python-swiftclient-3.11.1 gAAAAABpMW5W4_k8... - 70 - tx17419637a6d3476f98443-0069316e9b - 0.0137 - - 1764847259.477927685 1764847259.491662741 0
Dec 4 11:20:59 standalone account-server[123129]: 172.20.0.100 - - [04/Dec/2025:11:20:59 +0000] "PUT /d1/191/AUTH_206ed0cfcabb48c18271f8cdcb1ada82/gnocchi.d174e8a6-1670-4399-81f5-53e89e374aa3" 201 - "PUT http://172.20.0.100:6001/d1/198/AUTH_206ed0cfcabb48c18271f8cdcb1ada82/gnocchi.d174e8a6-1670-4399-81f5-53e89e374aa3" "tx451379479043498a83289-0069316e9b" "container-server 20" 0.0085 "-" 22 0
Dec 4 11:20:59 standalone container-server[123109]: 172.20.0.100 - - [04/Dec/2025:11:20:59 +0000] "PUT /d1/198/AUTH_206ed0cfcabb48c18271f8cdcb1ada82/gnocchi.d174e8a6-1670-4399-81f5-53e89e374aa3" 201 - "PUT http://localhost:8080/v1/AUTH_206ed0cfcabb48c18271f8cdcb1ada82/gnocchi.d174e8a6-1670-4399-81f5-53e89e374aa3" "tx451379479043498a83289-0069316e9b" "proxy-server 12" 0.0230 "-" 20 0
Dec 4 11:20:59 standalone proxy-server[125180]: 172.18.0.2 ::1 04/Dec/2025/11/20/59 PUT /v1/AUTH_206ed0cfcabb48c18271f8cdcb1ada82/gnocchi.d174e8a6-1670-4399-81f5-53e89e374aa3 HTTP/1.0 201 - python-swiftclient-3.11.1 gAAAAABpMW5W4_k8... - - - tx451379479043498a83289-0069316e9b - 0.0303 - - 1764847259.496679306 1764847259.527015448 0
Dec 4 11:20:59 standalone container-server[123111]: 172.20.0.100 - - [04/Dec/2025:11:20:59 +0000] "HEAD /d1/198/AUTH_206ed0cfcabb48c18271f8cdcb1ada82/gnocchi.d174e8a6-1670-4399-81f5-53e89e374aa3" 204 - "HEAD http://localhost:8080/v1/AUTH_206ed0cfcabb48c18271f8cdcb1ada82/gnocchi.d174e8a6-1670-4399-81f5-53e89e374aa3?format=json&states=listing" "tx5b88e48847a741f8afd86-0069316e9b" "proxy-server 12" 0.0018 "-" 21 0
Dec 4 11:20:59 standalone proxy-server[125180]: - - 04/Dec/2025/11/20/59 HEAD /v1/AUTH_206ed0cfcabb48c18271f8cdcb1ada82/gnocchi.d174e8a6-1670-4399-81f5-53e89e374aa3%3Fformat%3Djson%26states%3Dlisting HTTP/1.0 204 - Swift - - - - tx5b88e48847a741f8afd86-0069316e9b - 0.0064 RL - 1764847259.536431789 1764847259.542809486 0
Dec 4 11:20:59 standalone container-server[123114]: 172.20.0.100 - - [04/Dec/2025:11:20:59 +0000] "GET /d1/198/AUTH_206ed0cfcabb48c18271f8cdcb1ada82/gnocchi.d174e8a6-1670-4399-81f5-53e89e374aa3" 200 2 "GET http://localhost:8080/v1/AUTH_206ed0cfcabb48c18271f8cdcb1ada82/gnocchi.d174e8a6-1670-4399-81f5-53e89e374aa3?format=json&states=listing" "tx5b88e48847a741f8afd86-0069316e9b" "proxy-server 12" 0.0027 "-" 23 0
