Dec 4 11:23:16 standalone proxy-server[125180]: 172.18.0.2 ::1 04/Dec/2025/11/23/16 PUT /v1/AUTH_206ed0cfcabb48c18271f8cdcb1ada82/gnocchi.c1a27f20-7e22-4976-b9fc-76125c47ac98 HTTP/1.0 201 - python-swiftclient-3.11.1 gAAAAABpMW5W4_k8... - - - tx21b24d6b2f1047d08c4ab-0069316f24 - 0.0267 - - 1764847396.642749548 1764847396.669424057 0
Dec 4 11:23:16 standalone container-server[123112]: 172.20.0.100 - - [04/Dec/2025:11:23:16 +0000] "HEAD /d1/518/AUTH_206ed0cfcabb48c18271f8cdcb1ada82/gnocchi.c1a27f20-7e22-4976-b9fc-76125c47ac98" 204 - "HEAD http://localhost:8080/v1/AUTH_206ed0cfcabb48c18271f8cdcb1ada82/gnocchi.c1a27f20-7e22-4976-b9fc-76125c47ac98?format=json&states=listing" "tx2a47f161d6c443588ed58-0069316f24" "proxy-server 12" 0.0026 "-" 22 0
Dec 4 11:23:16 standalone proxy-server[125180]: - - 04/Dec/2025/11/23/16 HEAD /v1/AUTH_206ed0cfcabb48c18271f8cdcb1ada82/gnocchi.c1a27f20-7e22-4976-b9fc-76125c47ac98%3Fformat%3Djson%26states%3Dlisting HTTP/1.0 204 - Swift - - - - tx2a47f161d6c443588ed58-0069316f24 - 0.0072 RL - 1764847396.677717447 1764847396.684913158 0
Dec 4 11:23:16 standalone container-server[123109]: 172.20.0.100 - - [04/Dec/2025:11:23:16 +0000] "GET /d1/518/AUTH_206ed0cfcabb48c18271f8cdcb1ada82/gnocchi.c1a27f20-7e22-4976-b9fc-76125c47ac98" 200 2 "GET http://localhost:8080/v1/AUTH_206ed0cfcabb48c18271f8cdcb1ada82/gnocchi.c1a27f20-7e22-4976-b9fc-76125c47ac98?format=json&states=listing" "tx2a47f161d6c443588ed58-0069316f24" "proxy-server 12" 0.0049 "-" 20 0
Dec 4 11:23:16 standalone proxy-server[125180]: 172.18.0.2 ::1 04/Dec/2025/11/23/16 GET /v1/AUTH_206ed0cfcabb48c18271f8cdcb1ada82/gnocchi.c1a27f20-7e22-4976-b9fc-76125c47ac98%3Fformat%3Djson%26states%3Dlisting HTTP/1.0 200 - python-swiftclient-3.11.1 gAAAAABpMW5W4_k8... - 2 - tx2a47f161d6c443588ed58-0069316f24 - 0.0215 - - 1764847396.675866127 1764847396.697345972 0
Dec 4 11:23:16 standalone object-server[123262]: 172.20.0.100 - - [04/Dec/2025:11:23:16 +0000] "GET /d1/455/AUTH_206ed0cfcabb48c18271f8cdcb1ada82/gnocchi.c1a27f20-7e22-4976-b9fc-76125c47ac98/1764720000.0_mean_300.0_v3" 404 70 "GET http://localhost:8080/v1/AUTH_206ed0cfcabb48c18271f8cdcb1ada82/gnocchi.c1a27f20-7e22-4976-b9fc-76125c47ac98/1764720000.0_mean_300.0_v3" "tx190ba3997c47418683184-0069316f24" "proxy-server 12" 0.0003 "-" 22 0
Dec 4 11:23:16 standalone proxy-server[125180]: 172.18.0.2 ::1 04/Dec/2025/11/23/16 GET /v1/AUTH_206ed0cfcabb48c18271f8cdcb1ada82/gnocchi.c1a27f20-7e22-4976-b9fc-76125c47ac98/1764720000.0_mean_300.0_v3 HTTP/1.0 404 - python-swiftclient-3.11.1 gAAAAABpMW5W4_k8... - 70 - tx190ba3997c47418683184-0069316f24 - 0.0063 - - 1764847396.703142881 1764847396.709418297 0
Dec 4 11:23:16 standalone container-server[123114]: 172.20.0.100 - - [04/Dec/2025:11:23:16 +0000] "PUT /d1/518/AUTH_206ed0cfcabb48c18271f8cdcb1ada82/gnocchi.c1a27f20-7e22-4976-b9fc-76125c47ac98/1764720000.0_mean_300.0_v3" 201 - "PUT http://localhost:8080/d1/455/AUTH_206ed0cfcabb48c18271f8cdcb1ada82/gnocchi.c1a27f20-7e22-4976-b9fc-76125c47ac98/1764720000.0_mean_300.0_v3" "tx0bd174df06a6486ab377a-0069316f24" "object-server 24" 0.0007 "-" 23 0
Dec 4 11:23:16 standalone object-server[123266]: 172.20.0.100 - - [04/Dec/2025:11:23:16 +0000] "PUT /d1/455/AUTH_206ed0cfcabb48c18271f8cdcb1ada82/gnocchi.c1a27f20-7e22-4976-b9fc-76125c47ac98/1764720000.0_mean_300.0_v3" 201 - "PUT http://localhost:8080/v1/AUTH_206ed0cfcabb48c18271f8cdcb1ada82/gnocchi.c1a27f20-7e22-4976-b9fc-76125c47ac98/1764720000.0_mean_300.0_v3" "tx0bd174df06a6486ab377a-0069316f24" "proxy-server 12" 0.0155 "-" 24 0
Dec 4 11:23:16 standalone proxy-server[125180]: 172.18.0.2 ::1 04/Dec/2025/11/23/16 PUT /v1/AUTH_206ed0cfcabb48c18271f8cdcb1ada82/gnocchi.c1a27f20-7e22-4976-b9fc-76125c47ac98/1764720000.0_mean_300.0_v3 HTTP/1.0 201 - python-swiftclient-3.11.1 gAAAAABpMW5W4_k8... 16 - - tx0bd174df06a6486ab377a-0069316f24 - 0.0226 - - 1764847396.713869810 1764847396.736466646 0
Dec 4 11:23:16 standalone container-server[123109]: 172.20.0.100 - - [04/Dec/2025:11:23:16 +0000] "PUT /d1/518/AUTH_206ed0cfcabb48c18271f8cdcb1ada82/gnocchi.c1a27f20-7e22-4976-b9fc-76125c47ac98/none_v3" 201 - "PUT http://localhost:8080/d1/651/AUTH_206ed0cfcabb48c18271f8cdcb1ada82/gnocchi.c1a27f20-7e22-4976-b9fc-76125c47ac98/none_v3" "txb3e8f2d8d40243868b7fd-0069316f24" "object-server 25" 0.0006 "-" 20 0
Dec 4 11:23:16 standalone object-server[123268]: 172.20.0.100 - - [04/Dec/2025:11:23:16 +0000] "PUT /d1/651/AUTH_206ed0cfcabb48c18271f8cdcb1ada82/gnocchi.c1a27f20-7e22-4976-b9fc-76125c47ac98/none_v3" 201 - "PUT http://localhost:8080/v1/AUTH_206ed0cfcabb48c18271f8cdcb1ada82/gnocchi.c1a27f20-7e22-4976-b9fc-76125c47ac98/none_v3" "txb3e8f2d8d40243868b7fd-0069316f24" "proxy-server 12" 0.0129 "-" 25 0
Dec 4 11:23:16 standalone proxy-server[125180]: 172.18.0.2 ::1 04/Dec/2025/11/23/16 PUT /v1/AUTH_206ed0cfcabb48c18271f8cdcb1ada82/gnocchi.c1a27f20-7e22-4976-b9fc-76125c47ac98/none_v3 HTTP/1.0 201 - python-swiftclient-3.11.1 gAAAAABpMW5W4_k8... 22 - - txb3e8f2d8d40243868b7fd-0069316f24 - 0.0209 - - 1764847396.740385056 1764847396.761291742 0
Dec 4 11:23:16 standalone container-server[123112]: 172.20.0.100 - - [04/Dec/2025:11:23:16 +0000] "HEAD /d1/737/AUTH_206ed0cfcabb48c18271f8cdcb1ada82/gnocchi.ca728b2c-4ec9-41f8-b931-0501b463547d" 404 - "HEAD http://localhost:8080/v1/AUTH_206ed0cfcabb48c18271f8cdcb1ada82/gnocchi.ca728b2c-4ec9-41f8-b931-0501b463547d?format=json&states=listing" "txb4631351d082442f88783-0069316f24" "proxy-server 12" 0.0009 "-" 22 0
Dec 4 11:23:16 standalone object-server[123262]: 172.20.0.100 - - [04/Dec/2025:11:23:16 +0000] "GET /d1/973/AUTH_206ed0cfcabb48c18271f8cdcb1ada82/gnocchi.ca728b2c-4ec9-41f8-b931-0501b463547d/none_v3" 404 70 "GET http://localhost:8080/v1/AUTH_206ed0cfcabb48c18271f8cdcb1ada82/gnocchi.ca728b2c-4ec9-41f8-b931-0501b463547d/none_v3" "txb4631351d082442f88783-0069316f24" "proxy-server 12" 0.0002 "-" 22 0
Dec 4 11:23:16 standalone proxy-server[125180]: 172.18.0.2 ::1 04/Dec/2025/11/23/16 GET /v1/AUTH_206ed0cfcabb48c18271f8cdcb1ada82/gnocchi.ca728b2c-4ec9-41f8-b931-0501b463547d/none_v3 HTTP/1.0 404 - python-swiftclient-3.11.1 gAAAAABpMW5W4_k8... - 70 - txb4631351d082442f88783-0069316f24 - 0.0118 - - 1764847396.774770737 1764847396.786530733 0
Dec 4 11:23:16 standalone account-server[123118]: 172.20.0.100 - - [04/Dec/2025:11:23:16 +0000] "PUT /d1/191/AUTH_206ed0cfcabb48c18271f8cdcb1ada82/gnocchi.ca728b2c-4ec9-41f8-b931-0501b463547d" 201 - "PUT http://172.20.0.100:6001/d1/737/AUTH_206ed0cfcabb48c18271f8cdcb1ada82/gnocchi.ca728b2c-4ec9-41f8-b931-0501b463547d" "tx4d40c32975c74574a84db-0069316f24" "container-server 20" 0.0056 "-" 20 0
Dec 4 11:23:16 standalone container-server[123109]: 172.20.0.100 - - [04/Dec/2025:11:23:16 +0000] "PUT /d1/737/AUTH_206ed0cfcabb48c18271f8cdcb1ada82/gnocchi.ca728b2c-4ec9-41f8-b931-0501b463547d" 201 - "PUT http://localhost:8080/v1/AUTH_206ed0cfcabb48c18271f8cdcb1ada82/gnocchi.ca728b2c-4ec9-41f8-b931-0501b463547d" "tx4d40c32975c74574a84db-0069316f24" "proxy-server 12" 0.0158 "-" 20 0
Dec 4 11:23:16 standalone proxy-server[125180]: 172.18.0.2 ::1 04/Dec/2025/11/23/16 PUT /v1/AUTH_206ed0cfcabb48c18271f8cdcb1ada82/gnocchi.ca728b2c-4ec9-41f8-b931-0501b463547d HTTP/1.0 201 - python-swiftclient-3.11.1 gAAAAABpMW5W4_k8... - - - tx4d40c32975c74574a84db-0069316f24 - 0.0222 - - 1764847396.790423155 1764847396.812584162 0
Dec 4 11:23:16 standalone container-server[123111]: 172.20.0.100 - - [04/Dec/2025:11:23:16 +0000] "HEAD /d1/737/AUTH_206ed0cfcabb48c18271f8cdcb1ada82/gnocchi.ca728b2c-4ec9-41f8-b931-0501b463547d" 204 - "HEAD http://localhost:8080/v1/AUTH_206ed0cfcabb48c18271f8cdcb1ada82/gnocchi.ca728b2c-4ec9-41f8-b931-0501b463547d?format=json&states=listing" "txb93c152a1878475b8b872-0069316f24" "proxy-server 12" 0.0025 "-" 21 0
Dec 4 11:23:16 standalone proxy-server[125180]: - - 04/Dec/2025/11/23/16 HEAD /v1/AUTH_206ed0cfcabb48c18271f8cdcb1ada82/gnocchi.ca728b2c-4ec9-41f8-b931-0501b463547d%3Fformat%3Djson%26states%3Dlisting HTTP/1.0 204 - Swift - - - - txb93c152a1878475b8b872-0069316f24 - 0.0069 RL - 1764847396.818396091 1764847396.825273037 0
Dec 4 11:23:16 standalone container-server[123109]: 172.20.0.100 - - [04/Dec/2025:11:23:16 +0000] "GET /d1/737/AUTH_206ed0cfcabb48c18271f8cdcb1ada82/gnocchi.ca728b2c-4ec9-41f8-b931-0501b463547d" 200 2 "GET http://localhost:8080/v1/AUTH_206ed0cfcabb48c18271f8cdcb1ada82/gnocchi.ca728b2c-4ec9-41f8-b931-0501b463547d?format=json&states=listing" "txb93c152a1878475b8b872-0069316f24" "proxy-server 12" 0.0017 "-" 20 0
Dec 4 11:23:16 standalone proxy-server[125180]: 172.18.0.2 ::1 04/Dec/2025/11/23/16 GET /v1/AUTH_206ed0cfcabb48c18271f8cdcb1ada82/gnocchi.ca728b2c-4ec9-41f8-b931-0501b463547d%3Fformat%3Djson%26states%3Dlisting HTTP/1.0 200 - python-swiftclient-3.11.1 gAAAAABpMW5W4_k8... - 2 - txb93c152a1878475b8b872-0069316f24 - 0.0200 - - 1764847396.816761971 1764847396.836792946 0
Dec 4 11:23:16 standalone object-server[123264]: 172.20.0.100 - - [04/Dec/2025:11:23:16 +0000] "GET /d1/237/AUTH_206ed0cfcabb48c18271f8cdcb1ada82/gnocchi.ca728b2c-4ec9-41f8-b931-0501b463547d/1764720000.0_mean_300.0_v3" 404 70 "GET http://localhost:8080/v1/AUTH_206ed0cfcabb48c18271f8cdcb1ada82/gnocchi.ca728b2c-4ec9-41f8-b931-0501b463547d/1764720000.0_mean_300.0_v3" "tx0005b6ed2979436689cf1-0069316f24" "proxy-server 12" 0.0008 "-" 23 0
Dec 4 11:23:16 standalone proxy-server[125180]: 172.18.0.2 ::1 04/Dec/2025/11/23/16 GET /v1/AUTH_206ed0cfcabb48c18271f8cdcb1ada82/gnocchi.ca728b2c-4ec9-41f8-b931-0501b463547d/1764720000.0_mean_300.0_v3 HTTP/1.0 404 - python-swiftclient-3.11.1 gAAAAABpMW5W4_k8... - 70 - tx0005b6ed2979436689cf1-0069316f24 - 0.0074 - - 1764847396.840474129 1764847396.847858667 0
Dec 4 11:23:16 standalone container-server[123114]: 172.20.0.100 - - [04/Dec/2025:11:23:16 +0000] "PUT /d1/737/AUTH_206ed0cfcabb48c18271f8cdcb1ada82/gnocchi.ca728b2c-4ec9-41f8-b931-0501b463547d/1764720000.0_mean_300.0_v3" 201 - "PUT http://localhost:8080/d1/237/AUTH_206ed0cfcabb48c18271f8cdcb1ada82/gnocchi.ca728b2c-4ec9-41f8-b931-0501b463547d/1764720000.0_mean_300.0_v3" "txa7cf048172f649c6a650f-0069316f24" "object-server 22" 0.0006 "-" 23 0
Dec 4 11:23:16 standalone object-server[123262]: 172.20.0.100 - - [04/Dec/2025:11:23:16 +0000] "PUT /d1/237/AUTH_206ed0cfcabb48c18271f8cdcb1ada82/gnocchi.ca728b2c-4ec9-41f8-b931-0501b463547d/1764720000.0_mean_300.0_v3" 201 - "PUT http://localhost:8080/v1/AUTH_206ed0cfcabb48c18271f8cdcb1ada82/gnocchi.ca728b2c-4ec9-41f8-b931-0501b463547d/1764720000.0_mean_300.0_v3" "txa7cf048172f649c6a650f-0069316f24" "proxy-server 12" 0.0101 "-" 22 0
Dec 4 11:23:16 standalone proxy-server[125180]: 172.18.0.2 ::1 04/Dec/2025/11/23/16 PUT /v1/AUTH_206ed0cfcabb48c18271f8cdcb1ada82/gnocchi.ca728b2c-4ec9-41f8-b931-0501b463547d/1764720000.0_mean_300.0_v3 HTTP/1.0 201 - python-swiftclient-3.11.1 gAAAAABpMW5W4_k8... 16 - - txa7cf048172f649c6a650f-0069316f24 - 0.0164 - - 1764847396.850841999 1764847396.867225647 0
Dec 4 11:23:16 standalone container-server[123111]: 172.20.0.100 - - [04/Dec/2025:11:23:16 +0000] "PUT /d1/737/AUTH_206ed0cfcabb48c18271f8cdcb1ada82/gnocchi.ca728b2c-4ec9-41f8-b931-0501b463547d/none_v3" 201 - "PUT http://localhost:8080/d1/973/AUTH_206ed0cfcabb48c18271f8cdcb1ada82/gnocchi.ca728b2c-4ec9-41f8-b931-0501b463547d/none_v3" "tx2a23c56f70ed42f7b0eb0-0069316f24" "object-server 23" 0.0009 "-" 21 0
Dec 4 11:23:16 standalone object-server[123264]: 172.20.0.100 - - [04/Dec/2025:11:23:16 +0000] "PUT /d1/973/AUTH_206ed0cfcabb48c18271f8cdcb1ada82/gnocchi.ca728b2c-4ec9-41f8-b931-0501b463547d/none_v3" 201 - "PUT http://localhost:8080/v1/AUTH_206ed0cfcabb48c18271f8cdcb1ada82/gnocchi.ca728b2c-4ec9-41f8-b931-0501b463547d/none_v3" "tx2a23c56f70ed42f7b0eb0-0069316f24" "proxy-server 12" 0.0115 "-" 23 0
Dec 4 11:23:16 standalone proxy-server[125180]: 172.18.0.2 ::1 04/Dec/2025/11/23/16 PUT /v1/AUTH_206ed0cfcabb48c18271f8cdcb1ada82/gnocchi.ca728b2c-4ec9-41f8-b931-0501b463547d/none_v3 HTTP/1.0 201 - python-swiftclient-3.11.1 gAAAAABpMW5W4_k8... 22 - - tx2a23c56f70ed42f7b0eb0-0069316f24 - 0.0187 - - 1764847396.871640921 1764847396.890324116 0
Dec 4 11:23:16 standalone container-server[123111]: 172.20.0.100 - - [04/Dec/2025:11:23:16 +0000] "HEAD /d1/670/AUTH_206ed0cfcabb48c18271f8cdcb1ada82/gnocchi.971bdd53-7fb4-4b4f-99a1-3a69b684d0ef" 404 - "HEAD http://localhost:8080/v1/AUTH_206ed0cfcabb48c18271f8cdcb1ada82/gnocchi.971bdd53-7fb4-4b4f-99a1-3a69b684d0ef?format=json&states=listing" "tx7a0302c9555247019397b-0069316f24" "proxy-server 12" 0.0007 "-" 21 0
Dec 4 11:23:16 standalone object-server[123262]: 172.20.0.100 - - [04/Dec/2025:11:23:16 +0000] "GET /d1/188/AUTH_206ed0cfcabb48c18271f8cdcb1ada82/gnocchi.971bdd53-7fb4-4b4f-99a1-3a69b684d0ef/none_v3" 404 70 "GET http://localhost:8080/v1/AUTH_206ed0cfcabb48c18271f8cdcb1ada82/gnocchi.971bdd53-7fb4-4b4f-99a1-3a69b684d0ef/none_v3" "tx7a0302c9555247019397b-0069316f24" "proxy-server 12" 0.0004 "-" 22 0
Dec 4 11:23:16 standalone proxy-server[125180]: 172.18.0.2 ::1 04/Dec/2025/11/23/16 GET /v1/AUTH_206ed0cfcabb48c18271f8cdcb1ada82/gnocchi.971bdd53-7fb4-4b4f-99a1-3a69b684d0ef/none_v3 HTTP/1.0 404 - python-swiftclient-3.11.1 gAAAAABpMW5W4_k8... - 70 - tx7a0302c9555247019397b-0069316f24 - 0.0125 - - 1764847396.905359983 1764847396.917813301 0
Dec 4 11:23:16 standalone account-server[123129]: 172.20.0.100 - - [04/Dec/2025:11:23:16 +0000] "PUT /d1/191/AUTH_206ed0cfcabb48c18271f8cdcb1ada82/gnocchi.971bdd53-7fb4-4b4f-99a1-3a69b684d0ef" 201 - "PUT http://172.20.0.100:6001/d1/670/AUTH_206ed0cfcabb48c18271f8cdcb1ada82/gnocchi.971bdd53-7fb4-4b4f-99a1-3a69b684d0ef" "txeae3b80c21af4e80bc9c5-0069316f24" "container-server 21" 0.0060 "-" 22 0
Dec 4 11:23:16 standalone container-server[123111]: 172.20.0.100 - - [04/Dec/2025:11:23:16 +0000] "PUT /d1/670/AUTH_206ed0cfcabb48c18271f8cdcb1ada82/gnocchi.971bdd53-7fb4-4b4f-99a1-3a69b684d0ef" 201 - "PUT http://localhost:8080/v1/AUTH_206ed0cfcabb48c18271f8cdcb1ada82/gnocchi.971bdd53-7fb4-4b4f-99a1-3a69b684d0ef" "txeae3b80c21af4e80bc9c5-0069316f24" "proxy-server 12" 0.0233 "-" 21 0
Dec 4 11:23:16 standalone proxy-server[125180]: 172.18.0.2 ::1 04/Dec/2025/11/23/16 PUT /v1/AUTH_206ed0cfcabb48c18271f8cdcb1ada82/gnocchi.971bdd53-7fb4-4b4f-99a1-3a69b684d0ef HTTP/1.0 201 - python-swiftclient-3.11.1 gAAAAABpMW5W4_k8... - - - txeae3b80c21af4e80bc9c5-0069316f24 - 0.0288 - - 1764847396.922315836 1764847396.951110363 0
Dec 4 11:23:16 standalone container-server[123114]: 172.20.0.100 - - [04/Dec/2025:11:23:16 +0000] "HEAD /d1/670/AUTH_206ed0cfcabb48c18271f8cdcb1ada82/gnocchi.971bdd53-7fb4-4b4f-99a1-3a69b684d0ef" 204 - "HEAD http://localhost:8080/v1/AUTH_206ed0cfcabb48c18271f8cdcb1ada82/gnocchi.971bdd53-7fb4-4b4f-99a1-3a69b684d0ef?format=json&states=listing" "txe011206ac9c74aa4bf86a-0069316f24" "proxy-server 12" 0.0016 "-" 23 0
Dec 4 11:23:16 standalone proxy-server[125180]: - - 04/Dec/2025/11/23/16 HEAD /v1/AUTH_206ed0cfcabb48c18271f8cdcb1ada82/gnocchi.971bdd53-7fb4-4b4f-99a1-3a69b684d0ef%3Fformat%3Djson%26states%3Dlisting HTTP/1.0 204 - Swift - - - - txe011206ac9c74aa4bf86a-0069316f24 - 0.0061 RL - 1764847396.958008289 1764847396.964128494 0
Dec 4 11:23:16 standalone container-server[123111]: 172.20.0.100 - - [04/Dec/2025:11:23:16 +0000] "GET /d1/670/AUTH_206ed0cfcabb48c18271f8cdcb1ada82/gnocchi.971bdd53-7fb4-4b4f-99a1-3a69b684d0ef" 200 2 "GET http://localhost:8080/v1/AUTH_206ed0cfcabb48c18271f8cdcb1ada82/gnocchi.971bdd53-7fb4-4b4f-99a1-3a69b684d0ef?format=json&states=listing" "txe011206ac9c74aa4bf86a-0069316f24" "proxy-server 12" 0.0048 "-" 21 0
Dec 4 11:23:16 standalone proxy-server[125180]: 172.18.0.2 ::1 04/Dec/2025/11/23/16 GET /v1/AUTH_206ed0cfcabb48c18271f8cdcb1ada82/gnocchi.971bdd53-7fb4-4b4f-99a1-3a69b684d0ef%3Fformat%3Djson%26states%3Dlisting HTTP/1.0 200 - python-swiftclient-3.11.1 gAAAAABpMW5W4_k8... - 2 - txe011206ac9c74aa4bf86a-0069316f24 - 0.0234 - - 1764847396.956757307 1764847396.980133533 0
Dec 4 11:23:16 standalone object-server[123264]: 172.20.0.100 - - [04/Dec/2025:11:23:16 +0000] "GET /d1/211/AUTH_206ed0cfcabb48c18271f8cdcb1ada82/gnocchi.971bdd53-7fb4-4b4f-99a1-3a69b684d0ef/1764720000.0_mean_300.0_v3" 404 70 "GET http://localhost:8080/v1/AUTH_206ed0cfcabb48c18271f8cdcb1ada82/gnocchi.971bdd53-7fb4-4b4f-99a1-3a69b684d0ef/1764720000.0_mean_300.0_v3" "tx6fbe0ae9274d4e0697d9a-0069316f24" "proxy-server 12" 0.0004 "-" 23 0
Dec 4 11:23:16 standalone proxy-server[125180]: 172.18.0.2 ::1 04/Dec/2025/11/23/16 GET /v1/AUTH_206ed0cfcabb48c18271f8cdcb1ada82/gnocchi.971bdd53-7fb4-4b4f-99a1-3a69b684d0ef/1764720000.0_mean_300.0_v3 HTTP/1.0 404 - python-swiftclient-3.11.1 gAAAAABpMW5W4_k8... - 70 - tx6fbe0ae9274d4e0697d9a-0069316f24 - 0.0087 - - 1764847396.987618446 1764847396.996365070 0
Dec 4 11:23:17 standalone container-server[123111]: 172.20.0.100 - - [04/Dec/2025:11:23:17 +0000] "PUT /d1/670/AUTH_206ed0cfcabb48c18271f8cdcb1ada82/gnocchi.971bdd53-7fb4-4b4f-99a1-3a69b684d0ef/1764720000.0_mean_300.0_v3" 201 - "PUT http://localhost:8080/d1/211/AUTH_206ed0cfcabb48c18271f8cdcb1ada82/gnocchi.971bdd53-7fb4-4b4f-99a1-3a69b684d0ef/1764720000.0_mean_300.0_v3" "tx899261048fe24dc3ab0a6-0069316f25" "object-server 22" 0.0010 "-" 21 0
Dec 4 11:23:17 standalone object-server[123262]: 172.20.0.100 - - [04/Dec/2025:11:23:17 +0000] "PUT /d1/211/AUTH_206ed0cfcabb48c18271f8cdcb1ada82/gnocchi.971bdd53-7fb4-4b4f-99a1-3a69b684d0ef/1764720000.0_mean_300.0_v3" 201 - "PUT http://localhost:8080/v1/AUTH_206ed0cfcabb48c18271f8cdcb1ada82/gnocchi.971bdd53-7fb4-4b4f-99a1-3a69b684d0ef/1764720000.0_mean_300.0_v3" "tx899261048fe24dc3ab0a6-0069316f25" "proxy-server 12" 0.0153 "-" 22 0
Dec 4 11:23:17 standalone proxy-server[125180]: 172.18.0.2 ::1 04/Dec/2025/11/23/17 PUT /v1/AUTH_206ed0cfcabb48c18271f8cdcb1ada82/gnocchi.971bdd53-7fb4-4b4f-99a1-3a69b684d0ef/1764720000.0_mean_300.0_v3 HTTP/1.0 201 - python-swiftclient-3.11.1 gAAAAABpMW5W4_k8... 16 - - tx899261048fe24dc3ab0a6-0069316f25 - 0.0243 - - 1764847397.001088142 1764847397.025352955 0
Dec 4 11:23:17 standalone container-server[123109]: 172.20.0.100 - - [04/Dec/2025:11:23:17 +0000] "PUT /d1/670/AUTH_206ed0cfcabb48c18271f8cdcb1ada82/gnocchi.971bdd53-7fb4-4b4f-99a1-3a69b684d0ef/none_v3" 201 - "PUT http://localhost:8080/d1/188/AUTH_206ed0cfcabb48c18271f8cdcb1ada82/gnocchi.971bdd53-7fb4-4b4f-99a1-3a69b684d0ef/none_v3" "txb4887212df764faf98a3c-0069316f25" "object-server 22" 0.0005 "-" 20 0
Dec 4 11:23:17 standalone object-server[123262]: 172.20.0.100 - - [04/Dec/2025:11:23:17 +0000] "PUT /d1/188/AUTH_206ed0cfcabb48c18271f8cdcb1ada82/gnocchi.971bdd53-7fb4-4b4f-99a1-3a69b684d0ef/none_v3" 201 - "PUT http://localhost:8080/v1/AUTH_206ed0cfcabb48c18271f8cdcb1ada82/gnocchi.971bdd53-7fb4-4b4f-99a1-3a69b684d0ef/none_v3" "txb4887212df764faf98a3c-0069316f25" "proxy-server 12" 0.0117 "-" 22 0
Dec 4 11:23:17 standalone proxy-server[125180]: 172.18.0.2 ::1 04/Dec/2025/11/23/17 PUT /v1/AUTH_206ed0cfcabb48c18271f8cdcb1ada82/gnocchi.971bdd53-7fb4-4b4f-99a1-3a69b684d0ef/none_v3 HTTP/1.0 201 - python-swiftclient-3.11.1 gAAAAABpMW5W4_k8... 22 - - txb4887212df764faf98a3c-0069316f25 - 0.0224 - - 1764847397.030935049 1764847397.053316116 0
Dec 4 11:23:17 standalone container-server[123114]: 172.20.0.100 - - [04/Dec/2025:11:23:17 +0000] "HEAD /d1/772/AUTH_206ed0cfcabb48c18271f8cdcb1ada82/gnocchi.4f6682c1-96f4-4fb7-a438-34a7a718d3dd" 404 - "HEAD http://localhost:8080/v1/AUTH_206ed0cfcabb48c18271f8cdcb1ada82/gnocchi.4f6682c1-96f4-4fb7-a438-34a7a718d3dd?format=json&states=listing" "tx94cfd4e09a064eabbf9ab-0069316f25" "proxy-server 12" 0.0004 "-" 23 0
Dec 4 11:23:17 standalone object-server[123268]: 172.20.0.100 - - [04/Dec/2025:11:23:17 +0000] "GET /d1/240/AUTH_206ed0cfcabb48c18271f8cdcb1ada82/gnocchi.4f6682c1-96f4-4fb7-a438-34a7a718d3dd/none_v3" 404 70 "GET http://localhost:8080/v1/AUTH_206ed0cfcabb48c18271f8cdcb1ada82/gnocchi.4f6682c1-96f4-4fb7-a438-34a7a718d3dd/none_v3" "tx94cfd4e09a064eabbf9ab-0069316f25" "proxy-server 12" 0.0005 "-" 25 0
Dec 4 11:23:17 standalone proxy-server[125180]: 172.18.0.2 ::1 04/Dec/2025/11/23/17 GET /v1/AUTH_206ed0cfcabb48c18271f8cdcb1ada82/gnocchi.4f6682c1-96f4-4fb7-a438-34a7a718d3dd/none_v3 HTTP/1.0 404 - python-swiftclient-3.11.1 gAAAAABpMW5W4_k8... - 70 - tx94cfd4e09a064eabbf9ab-0069316f25 - 0.0135 - - 1764847397.070366144 1764847397.083853245 0
Dec 4 11:23:17 standalone account-server[123121]: 172.20.0.100 - - [04/Dec/2025:11:23:17 +0000] "PUT /d1/191/AUTH_206ed0cfcabb48c18271f8cdcb1ada82/gnocchi.4f6682c1-96f4-4fb7-a438-34a7a718d3dd" 201 - "PUT http://172.20.0.100:6001/d1/772/AUTH_206ed0cfcabb48c18271f8cdcb1ada82/gnocchi.4f6682c1-96f4-4fb7-a438-34a7a718d3dd" "tx31c2166d0f94437ea97f0-0069316f25" "container-server 21" 0.0071 "-" 21 0
Dec 4 11:23:17 standalone container-server[123111]: 172.20.0.100 - - [04/Dec/2025:11:23:17 +0000] "PUT /d1/772/AUTH_206ed0cfcabb48c18271f8cdcb1ada82/gnocchi.4f6682c1-96f4-4fb7-a438-34a7a718d3dd" 201 - "PUT http://localhost:8080/v1/AUTH_206ed0cfcabb48c18271f8cdcb1ada82/gnocchi.4f6682c1-96f4-4fb7-a438-34a7a718d3dd" "tx31c2166d0f94437ea97f0-0069316f25" "proxy-server 12" 0.0259 "-" 21 0
Dec 4 11:23:17 standalone proxy-server[125180]: 172.18.0.2 ::1 04/Dec/2025/11/23/17 PUT /v1/AUTH_206ed0cfcabb48c18271f8cdcb1ada82/gnocchi.4f6682c1-96f4-4fb7-a438-34a7a718d3dd HTTP/1.0 201 - python-swiftclient-3.11.1 gAAAAABpMW5W4_k8... - - - tx31c2166d0f94437ea97f0-0069316f25 - 0.0356 - - 1764847397.088397980 1764847397.124017239 0
Dec 4 11:23:17 standalone container-server[123109]: 172.20.0.100 - - [04/Dec/2025:11:23:17 +0000] "HEAD /d1/772/AUTH_206ed0cfcabb48c18271f8cdcb1ada82/gnocchi.4f6682c1-96f4-4fb7-a438-34a7a718d3dd" 204 - "HEAD http://localhost:8080/v1/AUTH_206ed0cfcabb48c18271f8cdcb1ada82/gnocchi.4f6682c1-96f4-4fb7-a438-34a7a718d3dd?format=json&states=listing" "tx6f528574e86f40b1b4621-0069316f25" "proxy-server 12" 0.0025 "-" 20 0
Dec 4 11:23:17 standalone proxy-server[125180]: - - 04/Dec/2025/11/23/17 HEAD /v1/AUTH_206ed0cfcabb48c18271f8cdcb1ada82/gnocchi.4f6682c1-96f4-4fb7-a438-34a7a718d3dd%3Fformat%3Djson%26states%3Dlisting HTTP/1.0 204 - Swift - - - - tx6f528574e86f40b1b4621-0069316f25 - 0.0092 RL - 1764847397.133191824 1764847397.142394543 0
Dec 4 11:23:17 standalone container-server[123114]: 172.20.0.100 - - [04/Dec/2025:11:23:17 +0000] "GET /d1/772/AUTH_206ed0cfcabb48c18271f8cdcb1ada82/gnocchi.4f6682c1-96f4-4fb7-a438-34a7a718d3dd" 200 2 "GET http://localhost:8080/v1/AUTH_206ed0cfcabb48c18271f8cdcb1ada82/gnocchi.4f6682c1-96f4-4fb7-a438-34a7a718d3dd?format=json&states=listing" "tx6f528574e86f40b1b4621-0069316f25" "proxy-server 12" 0.0034 "-" 23 0
Dec 4 11:23:17 standalone proxy-server[125180]: 172.18.0.2 ::1 04/Dec/2025/11/23/17 GET /v1/AUTH_206ed0cfcabb48c18271f8cdcb1ada82/gnocchi.4f6682c1-96f4-4fb7-a438-34a7a718d3dd%3Fformat%3Djson%26states%3Dlisting HTTP/1.0 200 - python-swiftclient-3.11.1 gAAAAABpMW5W4_k8... - 2 - tx6f528574e86f40b1b4621-0069316f25 - 0.0226 - - 1764847397.130849123 1764847397.153496504 0
Dec 4 11:23:17 standalone object-server[123266]: 172.20.0.100 - - [04/Dec/2025:11:23:17 +0000] "GET /d1/510/AUTH_206ed0cfcabb48c18271f8cdcb1ada82/gnocchi.4f6682c1-96f4-4fb7-a438-34a7a718d3dd/1764720000.0_mean_300.0_v3" 404 70 "GET http://localhost:8080/v1/AUTH_206ed0cfcabb48c18271f8cdcb1ada82/gnocchi.4f6682c1-96f4-4fb7-a438-34a7a718d3dd/1764720000.0_mean_300.0_v3" "txf218f8f811b64f93b3fbe-0069316f25" "proxy-server 12" 0.0007 "-" 24 0
Dec 4 11:23:17 standalone proxy-server[125180]: 172.18.0.2 ::1 04/Dec/2025/11/23/17 GET /v1/AUTH_206ed0cfcabb48c18271f8cdcb1ada82/gnocchi.4f6682c1-96f4-4fb7-a438-34a7a718d3dd/1764720000.0_mean_300.0_v3 HTTP/1.0 404 - python-swiftclient-3.11.1 gAAAAABpMW5W4_k8... - 70 - txf218f8f811b64f93b3fbe-0069316f25 - 0.0072 - - 1764847397.158855677 1764847397.166010618 0
Dec 4 11:23:17 standalone container-server[123114]: 172.20.0.100 - - [04/Dec/2025:11:23:17 +0000] "PUT /d1/772/AUTH_206ed0cfcabb48c18271f8cdcb1ada82/gnocchi.4f6682c1-96f4-4fb7-a438-34a7a718d3dd/1764720000.0_mean_300.0_v3" 201 - "PUT http://localhost:8080/d1/510/AUTH_206ed0cfcabb48c18271f8cdcb1ada82/gnocchi.4f6682c1-96f4-4fb7-a438-34a7a718d3dd/1764720000.0_mean_300.0_v3" "txa631dc00d68e40b9abcd7-0069316f25" "object-server 22" 0.0009 "-" 23 0
Dec 4 11:23:17 standalone object-server[123262]: 172.20.0.100 - - [04/Dec/2025:11:23:17 +0000] "PUT /d1/510/AUTH_206ed0cfcabb48c18271f8cdcb1ada82/gnocchi.4f6682c1-96f4-4fb7-a438-34a7a718d3dd/1764720000.0_mean_300.0_v3" 201 - "PUT http://localhost:8080/v1/AUTH_206ed0cfcabb48c18271f8cdcb1ada82/gnocchi.4f6682c1-96f4-4fb7-a438-34a7a718d3dd/1764720000.0_mean_300.0_v3" "txa631dc00d68e40b9abcd7-0069316f25" "proxy-server 12" 0.0478 "-" 22 0
Dec 4 11:23:17 standalone proxy-server[125180]: 172.18.0.2 ::1 04/Dec/2025/11/23/17 PUT /v1/AUTH_206ed0cfcabb48c18271f8cdcb1ada82/gnocchi.4f6682c1-96f4-4fb7-a438-34a7a718d3dd/1764720000.0_mean_300.0_v3 HTTP/1.0 201 - python-swiftclient-3.11.1 gAAAAABpMW5W4_k8... 16 - - txa631dc00d68e40b9abcd7-0069316f25 - 0.0557 - - 1764847397.170399666 1764847397.226089954 0
Dec 4 11:23:17 standalone container-server[123112]: 172.20.0.100 - - [04/Dec/2025:11:23:17 +0000] "PUT /d1/772/AUTH_206ed0cfcabb48c18271f8cdcb1ada82/gnocchi.4f6682c1-96f4-4fb7-a438-34a7a718d3dd/none_v3" 201 - "PUT http://localhost:8080/d1/240/AUTH_206ed0cfcabb48c18271f8cdcb1ada82/gnocchi.4f6682c1-96f4-4fb7-a438-34a7a718d3dd/none_v3" "tx93f09daa6aa9422d9331b-0069316f25" "object-server 25" 0.0007 "-" 22 0
Dec 4 11:23:17 standalone object-server[123268]: 172.20.0.100 - - [04/Dec/2025:11:23:17 +0000] "PUT /d1/240/AUTH_206ed0cfcabb48c18271f8cdcb1ada82/gnocchi.4f6682c1-96f4-4fb7-a438-34a7a718d3dd/none_v3" 201 - "PUT http://localhost:8080/v1/AUTH_206ed0cfcabb48c18271f8cdcb1ada82/gnocchi.4f6682c1-96f4-4fb7-a438-34a7a718d3dd/none_v3" "tx93f09daa6aa9422d9331b-0069316f25" "proxy-server 12" 0.0115 "-" 25 0
Dec 4 11:23:17 standalone proxy-server[125180]: 172.18.0.2 ::1 04/Dec/2025/11/23/17 PUT /v1/AUTH_206ed0cfcabb48c18271f8cdcb1ada82/gnocchi.4f6682c1-96f4-4fb7-a438-34a7a718d3dd/none_v3 HTTP/1.0 201 - python-swiftclient-3.11.1 gAAAAABpMW5W4_k8... 22 - - tx93f09daa6aa9422d9331b-0069316f25 - 0.0214 - - 1764847397.231749058 1764847397.253186226 0
Dec 4 11:23:17 standalone container-server[123111]: 172.20.0.100 - - [04/Dec/2025:11:23:17 +0000] "HEAD /d1/988/AUTH_206ed0cfcabb48c18271f8cdcb1ada82/gnocchi.6272b099-84da-4c56-80d6-3d0017126dd4" 404 - "HEAD http://localhost:8080/v1/AUTH_206ed0cfcabb48c18271f8cdcb1ada82/gnocchi.6272b099-84da-4c56-80d6-3d0017126dd4?format=json&states=listing" "tx3356f7bd56ff41e8aa324-0069316f25" "proxy-server 12" 0.0006 "-" 21 0
Dec 4 11:23:17 standalone object-server[123266]: 172.20.0.100 - - [04/Dec/2025:11:23:17 +0000] "GET /d1/698/AUTH_206ed0cfcabb48c18271f8cdcb1ada82/gnocchi.6272b099-84da-4c56-80d6-3d0017126dd4/none_v3" 404 70 "GET http://localhost:8080/v1/AUTH_206ed0cfcabb48c18271f8cdcb1ada82/gnocchi.6272b099-84da-4c56-80d6-3d0017126dd4/none_v3" "tx3356f7bd56ff41e8aa324-0069316f25" "proxy-server 12" 0.0006 "-" 24 0
Dec 4 11:23:17 standalone proxy-server[125180]: 172.18.0.2 ::1 04/Dec/2025/11/23/17 GET /v1/AUTH_206ed0cfcabb48c18271f8cdcb1ada82/gnocchi.6272b099-84da-4c56-80d6-3d0017126dd4/none_v3 HTTP/1.0 404 - python-swiftclient-3.11.1 gAAAAABpMW5W4_k8... - 70 - tx3356f7bd56ff41e8aa324-0069316f25 - 0.0169 - - 1764847397.272146940 1764847397.289033890 0
Dec 4 11:23:17 standalone account-server[123118]: 172.20.0.100 - - [04/Dec/2025:11:23:17 +0000] "PUT /d1/191/AUTH_206ed0cfcabb48c18271f8cdcb1ada82/gnocchi.6272b099-84da-4c56-80d6-3d0017126dd4" 201 - "PUT http://172.20.0.100:6001/d1/988/AUTH_206ed0cfcabb48c18271f8cdcb1ada82/gnocchi.6272b099-84da-4c56-80d6-3d0017126dd4" "tx99a0ce860f7d4418b5abf-0069316f25" "container-server 23" 0.0077 "-" 20 0
Dec 4 11:23:17 standalone container-server[123114]: 172.20.0.100 - - [04/Dec/2025:11:23:17 +0000] "PUT /d1/988/AUTH_206ed0cfcabb48c18271f8cdcb1ada82/gnocchi.6272b099-84da-4c56-80d6-3d0017126dd4" 201 - "PUT http://localhost:8080/v1/AUTH_206ed0cfcabb48c18271f8cdcb1ada82/gnocchi.6272b099-84da-4c56-80d6-3d0017126dd4" "tx99a0ce860f7d4418b5abf-0069316f25" "proxy-server 12" 0.0219 "-" 23 0
Dec 4 11:23:17 standalone proxy-server[125180]: 172.18.0.2 ::1 04/Dec/2025/11/23/17 PUT /v1/AUTH_206ed0cfcabb48c18271f8cdcb1ada82/gnocchi.6272b099-84da-4c56-80d6-3d0017126dd4 HTTP/1.0 201 - python-swiftclient-3.11.1 gAAAAABpMW5W4_k8... - - - tx99a0ce860f7d4418b5abf-0069316f25 - 0.0326 - - 1764847397.295844793 1764847397.328465700 0
Dec 4 11:23:17 standalone container-server[123111]: 172.20.0.100 - - [04/Dec/2025:11:23:17 +0000] "HEAD /d1/988/AUTH_206ed0cfcabb48c18271f8cdcb1ada82/gnocchi.6272b099-84da-4c56-80d6-3d0017126dd4" 204 - "HEAD http://localhost:8080/v1/AUTH_206ed0cfcabb48c18271f8cdcb1ada82/gnocchi.6272b099-84da-4c56-80d6-3d0017126dd4?format=json&states=listing" "txa6b371e1330842b7afba4-0069316f25" "proxy-server 12" 0.0025 "-" 21 0
Dec 4 11:23:17 standalone proxy-server[125180]: - - 04/Dec/2025/11/23/17 HEAD /v1/AUTH_206ed0cfcabb48c18271f8cdcb1ada82/gnocchi.6272b099-84da-4c56-80d6-3d0017126dd4%3Fformat%3Djson%26states%3Dlisting HTTP/1.0 204 - Swift - - - - txa6b371e1330842b7afba4-0069316f25 - 0.0096 RL - 1764847397.338141680 1764847397.347696781 0
Dec 4 11:23:17 standalone container-server[123112]: 172.20.0.100 - - [04/Dec/2025:11:23:17 +0000] "GET /d1/988/AUTH_206ed0cfcabb48c18271f8cdcb1ada82/gnocchi.6272b099-84da-4c56-80d6-3d0017126dd4" 200 2 "GET http://localhost:8080/v1/AUTH_206ed0cfcabb48c18271f8cdcb1ada82/gnocchi.6272b099-84da-4c56-80d6-3d0017126dd4?format=json&states=listing" "txa6b371e1330842b7afba4-0069316f25" "proxy-server 12" 0.0041 "-" 22 0
Dec 4 11:23:17 standalone proxy-server[125180]: 172.18.0.2 ::1 04/Dec/2025/11/23/17 GET /v1/AUTH_206ed0cfcabb48c18271f8cdcb1ada82/gnocchi.6272b099-84da-4c56-80d6-3d0017126dd4%3Fformat%3Djson%26states%3Dlisting HTTP/1.0 200 - python-swiftclient-3.11.1 gAAAAABpMW5W4_k8... - 2 - txa6b371e1330842b7afba4-0069316f25 - 0.0269 - - 1764847397.335966110 1764847397.362819910 0
Dec 4 11:23:17 standalone object-server[123262]: 172.20.0.100 - - [04/Dec/2025:11:23:17 +0000] "GET /d1/158/AUTH_206ed0cfcabb48c18271f8cdcb1ada82/gnocchi.6272b099-84da-4c56-80d6-3d0017126dd4/1764720000.0_mean_300.0_v3" 404 70 "GET http://localhost:8080/v1/AUTH_206ed0cfcabb48c18271f8cdcb1ada82/gnocchi.6272b099-84da-4c56-80d6-3d0017126dd4/1764720000.0_mean_300.0_v3" "tx769d2f22189242c987aab-0069316f25" "proxy-server 12" 0.0006 "-" 22 0
Dec 4 11:23:17 standalone proxy-server[125180]: 172.18.0.2 ::1 04/Dec/2025/11/23/17 GET /v1/AUTH_206ed0cfcabb48c18271f8cdcb1ada82/gnocchi.6272b099-84da-4c56-80d6-3d0017126dd4/1764720000.0_mean_300.0_v3 HTTP/1.0 404 - python-swiftclient-3.11.1 gAAAAABpMW5W4_k8... - 70 - tx769d2f22189242c987aab-0069316f25 - 0.0087 - - 1764847397.368834496 1764847397.377571344 0
Dec 4 11:23:17 standalone container-server[123109]: 172.20.0.100 - - [04/Dec/2025:11:23:17 +0000] "PUT /d1/988/AUTH_206ed0cfcabb48c18271f8cdcb1ada82/gnocchi.6272b099-84da-4c56-80d6-3d0017126dd4/1764720000.0_mean_300.0_v3" 201 - "PUT http://localhost:8080/d1/158/AUTH_206ed0cfcabb48c18271f8cdcb1ada82/gnocchi.6272b099-84da-4c56-80d6-3d0017126dd4/1764720000.0_mean_300.0_v3" "txdeb657748274458cb9355-0069316f25" "object-server 22" 0.0010 "-" 20 0
Dec 4 11:23:17 standalone object-server[123262]: 172.20.0.100 - - [04/Dec/2025:11:23:17 +0000] "PUT /d1/158/AUTH_206ed0cfcabb48c18271f8cdcb1ada82/gnocchi.6272b099-84da-4c56-80d6-3d0017126dd4/1764720000.0_mean_300.0_v3" 201 - "PUT http://localhost:8080/v1/AUTH_206ed0cfcabb48c18271f8cdcb1ada82/gnocchi.6272b099-84da-4c56-80d6-3d0017126dd4/1764720000.0_mean_300.0_v3" "txdeb657748274458cb9355-0069316f25" "proxy-server 12" 0.0125 "-" 22 0
Dec 4 11:23:17 standalone proxy-server[125180]: 172.18.0.2 ::1 04/Dec/2025/11/23/17 PUT /v1/AUTH_206ed0cfcabb48c18271f8cdcb1ada82/gnocchi.6272b099-84da-4c56-80d6-3d0017126dd4/1764720000.0_mean_300.0_v3 HTTP/1.0 201 - python-swiftclient-3.11.1 gAAAAABpMW5W4_k8... 16 - - txdeb657748274458cb9355-0069316f25 - 0.0204 - - 1764847397.382406712 1764847397.402821779 0
Dec 4 11:23:17 standalone container-server[123109]: 172.20.0.100 - - [04/Dec/2025:11:23:17 +0000] "PUT /d1/988/AUTH_206ed0cfcabb48c18271f8cdcb1ada82/gnocchi.6272b099-84da-4c56-80d6-3d0017126dd4/none_v3" 201 - "PUT http://localhost:8080/d1/698/AUTH_206ed0cfcabb48c18271f8cdcb1ada82/gnocchi.6272b099-84da-4c56-80d6-3d0017126dd4/none_v3" "txde5ed507d72a4ec3bc6d5-0069316f25" "object-server 25" 0.0006 "-" 20 0
Dec 4 11:23:17 standalone object-server[123268]: 172.20.0.100 - - [04/Dec/2025:11:23:17 +0000] "PUT /d1/698/AUTH_206ed0cfcabb48c18271f8cdcb1ada82/gnocchi.6272b099-84da-4c56-80d6-3d0017126dd4/none_v3" 201 - "PUT http://localhost:8080/v1/AUTH_206ed0cfcabb48c18271f8cdcb1ada82/gnocchi.6272b099-84da-4c56-80d6-3d0017126dd4/none_v3" "txde5ed507d72a4ec3bc6d5-0069316f25" "proxy-server 12" 0.0120 "-" 25 0
Dec 4 11:23:17 standalone proxy-server[125180]: 172.18.0.2 ::1 04/Dec/2025/11/23/17 PUT /v1/AUTH_206ed0cfcabb48c18271f8cdcb1ada82/gnocchi.6272b099-84da-4c56-80d6-3d0017126dd4/none_v3 HTTP/1.0 201 - python-swiftclient-3.11.1 gAAAAABpMW5W4_k8... 22 - - txde5ed507d72a4ec3bc6d5-0069316f25 - 0.0218 - - 1764847397.409557343 1764847397.431395769 0
Dec 4 11:24:35 standalone object-server[123151]: Begin object update sweep
Dec 4 11:24:35 standalone object-server[235959]: Object update sweep starting on /srv/node/d1 (pid: 15)
Dec 4 11:24:35 standalone object-server[235959]: Object update sweep completed on /srv/node/d1 in 0.00s seconds:, 0 successes, 0 failures, 0 quarantines, 0 unlinks, 0 errors, 0 redirects (pid: 15)
Dec 4 11:24:35 standalone object-server[235959]: Object update sweep of d1 completed: 0.00s, 0 successes, 0 failures, 0 quarantines, 0 unlinks, 0 errors, 0 redirects
Dec 4 11:24:35 standalone object-server[123151]: Object update sweep completed: 0.08s
Dec 4 11:26:07 standalone container-server[122924]: Begin container update sweep
Dec 4 11:26:07 standalone account-server[123121]: 172.20.0.100 - - [04/Dec/2025:11:26:07 +0000] "PUT /d1/191/AUTH_206ed0cfcabb48c18271f8cdcb1ada82/gnocchi.1f471f88-7f6e-4ae0-96fb-d5c3f5491dc3" 201 - "-" "-" "container-updater 2" 0.0010 "-" 21 0
Dec 4 11:26:07 standalone account-server[123129]: 172.20.0.100 - - [04/Dec/2025:11:26:07 +0000] "PUT /d1/191/AUTH_206ed0cfcabb48c18271f8cdcb1ada82/gnocchi.efe20c88-d408-475e-a922-45b67ba93a42" 201 - "-" "-" "container-updater 2" 0.0006 "-" 22 0
Dec 4 11:26:07 standalone account-server[123121]: 172.20.0.100 - - [04/Dec/2025:11:26:07 +0000] "PUT /d1/191/AUTH_206ed0cfcabb48c18271f8cdcb1ada82/gnocchi.971bdd53-7fb4-4b4f-99a1-3a69b684d0ef" 201 - "-" "-" "container-updater 2" 0.0010 "-" 21 0
Dec 4 11:26:07 standalone account-server[123118]: 172.20.0.100 - - [04/Dec/2025:11:26:07 +0000] "PUT /d1/191/AUTH_206ed0cfcabb48c18271f8cdcb1ada82/gnocchi.ca728b2c-4ec9-41f8-b931-0501b463547d" 201 - "-" "-" "container-updater 2" 0.0013 "-" 20 0
Dec 4 11:26:07 standalone account-server[123121]: 172.20.0.100 - - [04/Dec/2025:11:26:07 +0000] "PUT /d1/191/AUTH_206ed0cfcabb48c18271f8cdcb1ada82/gnocchi.0bd1c851-0d1c-482b-9b08-b8772b882abb" 201 - "-" "-" "container-updater 2" 0.0007 "-" 21 0
Dec 4 11:26:08 standalone account-server[123118]: 172.20.0.100 - - [04/Dec/2025:11:26:08 +0000] "PUT /d1/191/AUTH_206ed0cfcabb48c18271f8cdcb1ada82/gnocchi.6a7de939-ca07-4c53-9026-ae39996e72d7" 201 - "-" "-" "container-updater 2" 0.0007 "-" 20 0
Dec 4 11:26:08 standalone account-server[123118]: 172.20.0.100 - - [04/Dec/2025:11:26:08 +0000] "PUT /d1/191/AUTH_206ed0cfcabb48c18271f8cdcb1ada82/gnocchi.6272b099-84da-4c56-80d6-3d0017126dd4" 201 - "-" "-" "container-updater 2" 0.0014 "-" 20 0
Dec 4 11:26:08 standalone account-server[123140]: 172.20.0.100 - - [04/Dec/2025:11:26:08 +0000] "PUT /d1/191/AUTH_206ed0cfcabb48c18271f8cdcb1ada82/gnocchi.75db7a71-b199-4d9a-9cb2-0615d0fe8b61" 201 - "-" "-" "container-updater 2" 0.0006 "-" 23 0
Dec 4 11:26:08 standalone account-server[123129]: 172.20.0.100 - - [04/Dec/2025:11:26:08 +0000] "PUT /d1/191/AUTH_206ed0cfcabb48c18271f8cdcb1ada82/gnocchi.263c56dd-bd88-4e14-8640-2ca52c6cf278" 201 - "-" "-" "container-updater 2" 0.0004 "-" 22 0
Dec 4 11:26:08 standalone account-server[123118]: 172.20.0.100 - - [04/Dec/2025:11:26:08 +0000] "PUT /d1/191/AUTH_206ed0cfcabb48c18271f8cdcb1ada82/gnocchi.4f6682c1-96f4-4fb7-a438-34a7a718d3dd" 201 - "-" "-" "container-updater 2" 0.0009 "-" 20 0
Dec 4 11:26:08 standalone account-server[123129]: 172.20.0.100 - - [04/Dec/2025:11:26:08 +0000] "PUT /d1/191/AUTH_206ed0cfcabb48c18271f8cdcb1ada82/gnocchi.c1a27f20-7e22-4976-b9fc-76125c47ac98" 201 - "-" "-" "container-updater 2" 0.0005 "-" 22 0
Dec 4 11:26:08 standalone account-server[123140]: 172.20.0.100 - - [04/Dec/2025:11:26:08 +0000] "PUT /d1/191/AUTH_206ed0cfcabb48c18271f8cdcb1ada82/gnocchi.a7fbe8f5-72a4-4322-a4af-53b02d00265e" 201 - "-" "-" "container-updater 2" 0.0007 "-" 23 0
Dec 4 11:26:08 standalone account-server[123129]: 172.20.0.100 - - [04/Dec/2025:11:26:08 +0000] "PUT /d1/191/AUTH_206ed0cfcabb48c18271f8cdcb1ada82/gnocchi.d4625438-1bf4-4a45-9c45-189583b29679" 201 - "-" "-" "container-updater 2" 0.0006 "-" 22 0
Dec 4 11:26:09 standalone account-server[123121]: 172.20.0.100 - - [04/Dec/2025:11:26:09 +0000] "PUT /d1/191/AUTH_206ed0cfcabb48c18271f8cdcb1ada82/gnocchi.71e36625-f181-4efc-bd66-5d3a1ba0e56e" 201 - "-" "-" "container-updater 2" 0.0005 "-" 21 0
Dec 4 11:26:09 standalone container-server[122924]: Container update sweep completed: 1.98s
Dec 4 11:26:36 standalone account-server[123140]: 172.20.0.100 - - [04/Dec/2025:11:26:36 +0000] "HEAD /d1/617/.expiring_objects" 404 - "HEAD http://localhost/v1/.expiring_objects?format=json" "tx6a419ffe009e47bf8f962-0069316fec" "proxy-server 2" 0.0009 "-" 23 -
Dec 4 11:26:36 standalone object-expirer[123092]: Pass completed in 0s; 0 objects expired (txn: tx6a419ffe009e47bf8f962-0069316fec)
Dec 4 11:27:09 standalone account-server[123129]: 172.20.0.100 - - [04/Dec/2025:11:27:09 +0000] "HEAD /d1/617/.expiring_objects" 404 - "HEAD http://localhost/v1/.expiring_objects?format=json" "tx8cf22e8da3e64ac188656-006931700d" "proxy-server 2" 0.0013 "-" 22 -
Dec 4 11:27:09 standalone object-expirer[123092]: Pass completed in 0s; 0 objects expired (txn: tx8cf22e8da3e64ac188656-006931700d)
Dec 4 11:29:35 standalone object-server[123151]: Begin object update sweep
Dec 4 11:29:35 standalone object-server[264259]: Object update sweep starting on /srv/node/d1 (pid: 16)
Dec 4 11:29:35 standalone object-server[264259]: Object update sweep completed on /srv/node/d1 in 0.00s seconds:, 0 successes, 0 failures, 0 quarantines, 0 unlinks, 0 errors, 0 redirects (pid: 16)
Dec 4 11:29:35 standalone object-server[264259]: Object update sweep of d1 completed: 0.00s, 0 successes, 0 failures, 0 quarantines, 0 unlinks, 0 errors, 0 redirects
Dec 4 11:29:35 standalone object-server[123151]: Object update sweep completed: 0.09s
Dec 4 11:30:25 standalone account-server[123140]: 172.20.0.100 - - [04/Dec/2025:11:30:25 +0000] "HEAD /d1/617/.expiring_objects" 404 - "HEAD http://localhost/v1/.expiring_objects?format=json" "txb8e30cb7d07f400983bd9-00693170d1" "proxy-server 2" 0.0008 "-" 23 -
Dec 4 11:30:25 standalone object-expirer[123092]: Pass completed in 0s; 0 objects expired (txn: txb8e30cb7d07f400983bd9-00693170d1)
Dec 4 11:31:07 standalone container-server[122924]: Begin container update sweep
Dec 4 11:31:08 standalone container-server[122924]: Container update sweep completed: 1.41s
Dec 4 11:33:11 standalone account-server[123129]: 172.20.0.100 - - [04/Dec/2025:11:33:11 +0000] "HEAD /d1/617/.expiring_objects" 404 - "HEAD http://localhost/v1/.expiring_objects?format=json" "tx06a6c817195d41b2a0ee4-0069317177" "proxy-server 2" 0.0008 "-" 22 -
Dec 4 11:33:11 standalone object-expirer[123092]: Pass completed in 0s; 0 objects expired (txn: tx06a6c817195d41b2a0ee4-0069317177)
Dec 4 11:33:20 standalone account-server[123118]: 172.20.0.30 - - [04/Dec/2025:11:33:20 +0000] "HEAD /d1/1002/AUTH_c471d294cae744c0a55a704e9e41905d" 404 - "HEAD http://swift-public-openstack.apps-crc.testing/v1/AUTH_c471d294cae744c0a55a704e9e41905d?format=json" "txba69856a0e94462d99aa5-0069317180" "proxy-server 10" 0.0009 "-" 20 -
Dec 4 11:33:20 standalone account-server[123129]: 172.20.0.30 - - [04/Dec/2025:11:33:20 +0000] "GET /d1/1002/AUTH_c471d294cae744c0a55a704e9e41905d" 404 - "GET http://swift-public-openstack.apps-crc.testing/v1/AUTH_c471d294cae744c0a55a704e9e41905d?format=json" "txba69856a0e94462d99aa5-0069317180" "proxy-server 10" 0.0005 "-" 22 -
Dec 4 11:34:35 standalone object-server[123151]: Begin object update sweep
Dec 4 11:34:35 standalone object-server[284828]: Object update sweep starting on /srv/node/d1 (pid: 17)
Dec 4 11:34:35 standalone object-server[284828]: Object update sweep completed on /srv/node/d1 in 0.00s seconds:, 0 successes, 0 failures, 0 quarantines, 0 unlinks, 0 errors, 0 redirects (pid: 17)
Dec 4 11:34:35 standalone object-server[284828]: Object update sweep of d1 completed: 0.00s, 0 successes, 0 failures, 0 quarantines, 0 unlinks, 0 errors, 0 redirects
Dec 4 11:34:35 standalone object-server[123151]: Object update sweep completed: 0.08s
Dec 4 11:36:07 standalone container-server[122924]: Begin container update sweep
Dec 4 11:36:09 standalone container-server[122924]: Container update sweep completed: 1.52s
Dec 4 11:38:06 standalone account-server[123140]: 172.20.0.100 - - [04/Dec/2025:11:38:06 +0000] "HEAD /d1/617/.expiring_objects" 404 - "HEAD http://localhost/v1/.expiring_objects?format=json" "tx28f218dc8eca4be4836ba-006931729e" "proxy-server 2" 0.0006 "-" 23 -
Dec 4 11:38:06 standalone object-expirer[123092]: Pass completed in 0s; 0 objects expired (txn: tx28f218dc8eca4be4836ba-006931729e)
Dec 4 11:39:35 standalone object-server[123151]: Begin object update sweep
Dec 4 11:39:35 standalone object-server[305475]: Object update sweep starting on /srv/node/d1 (pid: 18)
Dec 4 11:39:35 standalone object-server[305475]: Object update sweep completed on /srv/node/d1 in 0.00s seconds:, 0 successes, 0 failures, 0 quarantines, 0 unlinks, 0 errors, 0 redirects (pid: 18)
Dec 4 11:39:35 standalone object-server[305475]: Object update sweep of d1 completed: 0.00s, 0 successes, 0 failures, 0 quarantines, 0 unlinks, 0 errors, 0 redirects
Dec 4 11:39:35 standalone object-server[123151]: Object update sweep completed: 0.08s
Dec 4 11:41:03 standalone account-server[123129]: 172.20.0.30 - - [04/Dec/2025:11:41:03 +0000] "HEAD /d1/191/AUTH_206ed0cfcabb48c18271f8cdcb1ada82" 204 - "HEAD http://swift-internal.openstack.svc:8080/v1/AUTH_206ed0cfcabb48c18271f8cdcb1ada82?format=json" "txc197bf6b0ac34c04909b0-006931734f" "proxy-server 11" 0.0133 "-" 22 -
Dec 4 11:41:04 standalone container-server[123114]: 172.20.0.30 - - [04/Dec/2025:11:41:04 +0000] "HEAD /d1/379/AUTH_206ed0cfcabb48c18271f8cdcb1ada82/glance" 204 - "HEAD http://swift-internal.openstack.svc:8080/v1/AUTH_206ed0cfcabb48c18271f8cdcb1ada82/glance?format=json&states=listing" "txc197bf6b0ac34c04909b0-006931734f" "proxy-server 11" 0.0035 "-" 23 0
Dec 4 11:41:07 standalone container-server[123109]: 172.20.0.100 - - [04/Dec/2025:11:41:07 +0000] "PUT /d1/379/AUTH_206ed0cfcabb48c18271f8cdcb1ada82/glance/15536239-abfe-4c16-a4b8-59bd7a35284a-00001" 201 - "PUT http://swift-internal.openstack.svc:8080/d1/865/AUTH_206ed0cfcabb48c18271f8cdcb1ada82/glance/15536239-abfe-4c16-a4b8-59bd7a35284a-00001" "tx79816ebcf3c0457aa62a2-0069317350" "object-server 23" 0.0008 "-" 20 0
Dec 4 11:41:07 standalone object-server[123264]: 172.20.0.30 - - [04/Dec/2025:11:41:07 +0000] "PUT /d1/865/AUTH_206ed0cfcabb48c18271f8cdcb1ada82/glance/15536239-abfe-4c16-a4b8-59bd7a35284a-00001" 201 - "PUT http://swift-internal.openstack.svc:8080/v1/AUTH_206ed0cfcabb48c18271f8cdcb1ada82/glance/15536239-abfe-4c16-a4b8-59bd7a35284a-00001" "tx79816ebcf3c0457aa62a2-0069317350" "proxy-server 11" 2.6805 "-" 23 0
Dec 4 11:41:07 standalone container-server[122924]: Begin container update sweep
Dec 4 11:41:08 standalone account-server[123129]: 172.20.0.100 - - [04/Dec/2025:11:41:08 +0000] "PUT /d1/191/AUTH_206ed0cfcabb48c18271f8cdcb1ada82/glance" 201 - "-" "-" "container-updater 2" 0.0009 "-" 22 0
Dec 4 11:41:09 standalone container-server[122924]: Container update sweep completed: 1.81s
Dec 4 11:41:09 standalone container-server[123112]: 172.20.0.100 - - [04/Dec/2025:11:41:09 +0000] "PUT /d1/379/AUTH_206ed0cfcabb48c18271f8cdcb1ada82/glance/15536239-abfe-4c16-a4b8-59bd7a35284a-00002" 201 - "PUT http://swift-internal.openstack.svc:8080/d1/616/AUTH_206ed0cfcabb48c18271f8cdcb1ada82/glance/15536239-abfe-4c16-a4b8-59bd7a35284a-00002" "txe1f03a2c873e4444be64f-0069317353" "object-server 22" 0.0010 "-" 22 0
Dec 4 11:41:09 standalone object-server[123262]: 172.20.0.30 - - [04/Dec/2025:11:41:09 +0000] "PUT /d1/616/AUTH_206ed0cfcabb48c18271f8cdcb1ada82/glance/15536239-abfe-4c16-a4b8-59bd7a35284a-00002" 201 - "PUT http://swift-internal.openstack.svc:8080/v1/AUTH_206ed0cfcabb48c18271f8cdcb1ada82/glance/15536239-abfe-4c16-a4b8-59bd7a35284a-00002" "txe1f03a2c873e4444be64f-0069317353" "proxy-server 11" 2.4289 "-" 22 0
Dec 4 11:41:11 standalone container-server[123111]: 172.20.0.100 - - [04/Dec/2025:11:41:11 +0000] "PUT /d1/379/AUTH_206ed0cfcabb48c18271f8cdcb1ada82/glance/15536239-abfe-4c16-a4b8-59bd7a35284a-00003" 201 - "PUT http://swift-internal.openstack.svc:8080/d1/382/AUTH_206ed0cfcabb48c18271f8cdcb1ada82/glance/15536239-abfe-4c16-a4b8-59bd7a35284a-00003" "tx81542ae47eb14c06973d7-0069317355" "object-server 24" 0.0008 "-" 21 0
Dec 4 11:41:11 standalone object-server[123266]: 172.20.0.30 - - [04/Dec/2025:11:41:11 +0000] "PUT /d1/382/AUTH_206ed0cfcabb48c18271f8cdcb1ada82/glance/15536239-abfe-4c16-a4b8-59bd7a35284a-00003" 201 - "PUT http://swift-internal.openstack.svc:8080/v1/AUTH_206ed0cfcabb48c18271f8cdcb1ada82/glance/15536239-abfe-4c16-a4b8-59bd7a35284a-00003" "tx81542ae47eb14c06973d7-0069317355" "proxy-server 11" 1.7256 "-" 24 0
Dec 4 11:41:11 standalone container-server[123109]: 172.20.0.100 - - [04/Dec/2025:11:41:11 +0000] "PUT /d1/379/AUTH_206ed0cfcabb48c18271f8cdcb1ada82/glance/15536239-abfe-4c16-a4b8-59bd7a35284a" 201 - "PUT http://swift-internal.openstack.svc:8080/d1/878/AUTH_206ed0cfcabb48c18271f8cdcb1ada82/glance/15536239-abfe-4c16-a4b8-59bd7a35284a" "txaefdda0554634e8fb0564-0069317357" "object-server 22" 0.0008 "-" 20 0
Dec 4 11:41:11 standalone object-server[123262]: 172.20.0.30 - - [04/Dec/2025:11:41:11 +0000] "PUT /d1/878/AUTH_206ed0cfcabb48c18271f8cdcb1ada82/glance/15536239-abfe-4c16-a4b8-59bd7a35284a" 201 - "PUT http://swift-internal.openstack.svc:8080/v1/AUTH_206ed0cfcabb48c18271f8cdcb1ada82/glance/15536239-abfe-4c16-a4b8-59bd7a35284a" "txaefdda0554634e8fb0564-0069317357" "proxy-server 11" 0.0108 "-" 22 0
Dec 4 11:42:40 standalone account-server[123121]: 172.20.0.100 - - [04/Dec/2025:11:42:40 +0000] "HEAD /d1/617/.expiring_objects" 404 - "HEAD http://localhost/v1/.expiring_objects?format=json" "tx23262940e2674990a7f48-00693173b0" "proxy-server 2" 0.0006 "-" 21 -
Dec 4 11:42:40 standalone object-expirer[123092]: Pass completed in 0s; 0 objects expired (txn: tx23262940e2674990a7f48-00693173b0)
Dec 4 11:44:35 standalone object-server[123151]: Begin object update sweep
Dec 4 11:44:35 standalone object-server[326013]: Object update sweep starting on /srv/node/d1 (pid: 19)
Dec 4 11:44:35 standalone object-server[326013]: Object update sweep completed on /srv/node/d1 in 0.00s seconds:, 0 successes, 0 failures, 0 quarantines, 0 unlinks, 0 errors, 0 redirects (pid: 19)
Dec 4 11:44:35 standalone object-server[326013]: Object update sweep of d1 completed: 0.00s, 0 successes, 0 failures, 0 quarantines, 0 unlinks, 0 errors, 0 redirects
Dec 4 11:44:35 standalone object-server[123151]: Object update sweep completed: 0.08s
Dec 4 11:44:46 standalone account-server[123118]: 172.20.0.100 - - [04/Dec/2025:11:44:46 +0000] "HEAD /d1/617/.expiring_objects" 404 - "HEAD http://localhost/v1/.expiring_objects?format=json" "tx5754b7467277497d9b6c8-006931742e" "proxy-server 2" 0.0005 "-" 20 -
Dec 4 11:44:46 standalone object-expirer[123092]: Pass completed in 0s; 0 objects expired (txn: tx5754b7467277497d9b6c8-006931742e)
Dec 4 11:46:07 standalone container-server[122924]: Begin container update sweep
Dec 4 11:46:08 standalone account-server[123121]: 172.20.0.100 - - [04/Dec/2025:11:46:08 +0000] "PUT /d1/191/AUTH_206ed0cfcabb48c18271f8cdcb1ada82/glance" 201 - "-" "-" "container-updater 2" 0.0012 "-" 21 0
Dec 4 11:46:09 standalone container-server[122924]: Container update sweep completed: 1.56s
Dec 4 11:47:10 standalone account-server[123118]: 172.20.0.100 - - [04/Dec/2025:11:47:10 +0000] "HEAD /d1/617/.expiring_objects" 404 - "HEAD http://localhost/v1/.expiring_objects?format=json" "txa46e88ebaddf427ebd2b0-00693174be" "proxy-server 2" 0.0006 "-" 20 -
Dec 4 11:47:10 standalone object-expirer[123092]: Pass completed in 0s; 0 objects expired (txn: txa46e88ebaddf427ebd2b0-00693174be)
Dec 4 11:47:14 standalone account-server[123140]: 172.20.0.30 - - [04/Dec/2025:11:47:14 +0000] "HEAD /d1/1002/AUTH_c471d294cae744c0a55a704e9e41905d" 404 - "HEAD http://swift-internal.openstack.svc:8080/v1/AUTH_c471d294cae744c0a55a704e9e41905d?format=json" "tx3e0bcb16d03a4fd2bf125-00693174c2" "proxy-server 15" 0.0006 "-" 23 -
Dec 4 11:47:15 standalone account-server[123129]: 172.20.0.30 - - [04/Dec/2025:11:47:15 +0000] "HEAD /d1/1002/AUTH_c471d294cae744c0a55a704e9e41905d" 404 - "HEAD http://swift-internal.openstack.svc:8080/v1/AUTH_c471d294cae744c0a55a704e9e41905d?format=json" "tx3e0bcb16d03a4fd2bf125-00693174c2" "proxy-server 15" 0.0005 "-" 22 -
Dec 4 11:47:15 standalone account-server[123121]: 172.20.0.30 - - [04/Dec/2025:11:47:15 +0000] "HEAD /d1/191/AUTH_206ed0cfcabb48c18271f8cdcb1ada82" 204 - "HEAD http://swift-internal.openstack.svc:8080/v1/AUTH_206ed0cfcabb48c18271f8cdcb1ada82?format=json" "txa0c776797bf8470cbd5d5-00693174c3" "proxy-server 8" 0.0094 "-" 21 -
Dec 4 11:47:16 standalone account-server[123140]: 172.20.0.30 - - [04/Dec/2025:11:47:16 +0000] "HEAD /d1/191/AUTH_206ed0cfcabb48c18271f8cdcb1ada82" 204 - "HEAD http://swift-internal.openstack.svc:8080/v1/AUTH_206ed0cfcabb48c18271f8cdcb1ada82?format=json" "txa0c776797bf8470cbd5d5-00693174c3" "proxy-server 8" 0.0017 "-" 23 -
