Jan 30 14:21:59 standalone proxy-server[129720]: - - 30/Jan/2026/14/21/59 HEAD /v1/AUTH_5b4b45fa43af4f24bc89f2a65143b996/gnocchi.dbe00397-b163-4490-ac04-e6c8050ffab0%3Fformat%3Djson%26states%3Dlisting HTTP/1.0 204 - Swift - - - - txee71147e28834adda90cc-00697cbe87 - 0.0064 RL - 1769782919.953268528 1769782919.959619522 0
Jan 30 14:21:59 standalone container-server[127732]: 172.20.0.100 - - [30/Jan/2026:14:21:59 +0000] "GET /d1/74/AUTH_5b4b45fa43af4f24bc89f2a65143b996/gnocchi.dbe00397-b163-4490-ac04-e6c8050ffab0" 200 2 "GET http://172.18.0.2:8080/v1/AUTH_5b4b45fa43af4f24bc89f2a65143b996/gnocchi.dbe00397-b163-4490-ac04-e6c8050ffab0?format=json&states=listing" "txee71147e28834adda90cc-00697cbe87" "proxy-server 20" 0.0019 "-" 17 0
Jan 30 14:21:59 standalone proxy-server[129720]: 172.18.0.2 172.18.0.100 30/Jan/2026/14/21/59 GET /v1/AUTH_5b4b45fa43af4f24bc89f2a65143b996/gnocchi.dbe00397-b163-4490-ac04-e6c8050ffab0%3Fformat%3Djson%26states%3Dlisting HTTP/1.0 200 - python-swiftclient-3.11.1 gAAAAABpfL4XpeS_... - 2 - txee71147e28834adda90cc-00697cbe87 - 0.0175 - - 1769782919.951619864 1769782919.969121695 0
Jan 30 14:21:59 standalone object-server[127893]: 172.20.0.100 - - [30/Jan/2026:14:21:59 +0000] "GET /d1/687/AUTH_5b4b45fa43af4f24bc89f2a65143b996/gnocchi.dbe00397-b163-4490-ac04-e6c8050ffab0/1769040000.0_mean_300.0_v3" 404 70 "GET http://172.18.0.2:8080/v1/AUTH_5b4b45fa43af4f24bc89f2a65143b996/gnocchi.dbe00397-b163-4490-ac04-e6c8050ffab0/1769040000.0_mean_300.0_v3" "tx66992260fc3249b582fb0-00697cbe87" "proxy-server 20" 0.0008 "-" 24 0
Jan 30 14:21:59 standalone proxy-server[129720]: 172.18.0.2 172.18.0.100 30/Jan/2026/14/21/59 GET /v1/AUTH_5b4b45fa43af4f24bc89f2a65143b996/gnocchi.dbe00397-b163-4490-ac04-e6c8050ffab0/1769040000.0_mean_300.0_v3 HTTP/1.0 404 - python-swiftclient-3.11.1 gAAAAABpfL4XpeS_... - 70 - tx66992260fc3249b582fb0-00697cbe87 - 0.0118 - - 1769782919.973566771 1769782919.985378027 0
Jan 30 14:22:00 standalone container-server[127698]: 172.20.0.100 - - [30/Jan/2026:14:22:00 +0000] "PUT /d1/74/AUTH_5b4b45fa43af4f24bc89f2a65143b996/gnocchi.dbe00397-b163-4490-ac04-e6c8050ffab0/1769040000.0_mean_300.0_v3" 201 - "PUT http://172.18.0.2:8080/d1/687/AUTH_5b4b45fa43af4f24bc89f2a65143b996/gnocchi.dbe00397-b163-4490-ac04-e6c8050ffab0/1769040000.0_mean_300.0_v3" "txdd71bb2997c84882961f3-00697cbe87" "object-server 23" 0.0006 "-" 15 0
Jan 30 14:22:00 standalone object-server[127892]: 172.20.0.100 - - [30/Jan/2026:14:22:00 +0000] "PUT /d1/687/AUTH_5b4b45fa43af4f24bc89f2a65143b996/gnocchi.dbe00397-b163-4490-ac04-e6c8050ffab0/1769040000.0_mean_300.0_v3" 201 - "PUT http://172.18.0.2:8080/v1/AUTH_5b4b45fa43af4f24bc89f2a65143b996/gnocchi.dbe00397-b163-4490-ac04-e6c8050ffab0/1769040000.0_mean_300.0_v3" "txdd71bb2997c84882961f3-00697cbe87" "proxy-server 20" 0.0243 "-" 23 0
Jan 30 14:22:00 standalone proxy-server[129720]: 172.18.0.2 172.18.0.100 30/Jan/2026/14/22/00 PUT /v1/AUTH_5b4b45fa43af4f24bc89f2a65143b996/gnocchi.dbe00397-b163-4490-ac04-e6c8050ffab0/1769040000.0_mean_300.0_v3 HTTP/1.0 201 - python-swiftclient-3.11.1 gAAAAABpfL4XpeS_... 16 - - txdd71bb2997c84882961f3-00697cbe87 - 0.0332 - - 1769782919.989725590 1769782920.022915363 0
Jan 30 14:22:00 standalone container-server[127712]: 172.20.0.100 - - [30/Jan/2026:14:22:00 +0000] "PUT /d1/74/AUTH_5b4b45fa43af4f24bc89f2a65143b996/gnocchi.dbe00397-b163-4490-ac04-e6c8050ffab0/none_v3" 201 - "PUT http://172.18.0.2:8080/d1/582/AUTH_5b4b45fa43af4f24bc89f2a65143b996/gnocchi.dbe00397-b163-4490-ac04-e6c8050ffab0/none_v3" "tx832d7246a3c842b8bb7ab-00697cbe88" "object-server 22" 0.0007 "-" 16 0
Jan 30 14:22:00 standalone object-server[127891]: 172.20.0.100 - - [30/Jan/2026:14:22:00 +0000] "PUT /d1/582/AUTH_5b4b45fa43af4f24bc89f2a65143b996/gnocchi.dbe00397-b163-4490-ac04-e6c8050ffab0/none_v3" 201 - "PUT http://172.18.0.2:8080/v1/AUTH_5b4b45fa43af4f24bc89f2a65143b996/gnocchi.dbe00397-b163-4490-ac04-e6c8050ffab0/none_v3" "tx832d7246a3c842b8bb7ab-00697cbe88" "proxy-server 20" 0.0380 "-" 22 0
Jan 30 14:22:00 standalone proxy-server[129720]: 172.18.0.2 172.18.0.100 30/Jan/2026/14/22/00 PUT /v1/AUTH_5b4b45fa43af4f24bc89f2a65143b996/gnocchi.dbe00397-b163-4490-ac04-e6c8050ffab0/none_v3 HTTP/1.0 201 - python-swiftclient-3.11.1 gAAAAABpfL4XpeS_... 22 - - tx832d7246a3c842b8bb7ab-00697cbe88 - 0.0455 - - 1769782920.027827263 1769782920.073365688 0
Jan 30 14:22:00 standalone object-server[127894]: 172.20.0.100 - - [30/Jan/2026:14:22:00 +0000] "GET /d1/582/AUTH_5b4b45fa43af4f24bc89f2a65143b996/gnocchi.dbe00397-b163-4490-ac04-e6c8050ffab0/none_v3" 200 22 "GET http://172.18.0.2:8080/v1/AUTH_5b4b45fa43af4f24bc89f2a65143b996/gnocchi.dbe00397-b163-4490-ac04-e6c8050ffab0/none_v3" "txb655cc8a651345c0b6308-00697cbe88" "proxy-server 20" 0.0006 "-" 25 0
Jan 30 14:22:00 standalone proxy-server[129720]: 172.18.0.2 172.18.0.100 30/Jan/2026/14/22/00 GET /v1/AUTH_5b4b45fa43af4f24bc89f2a65143b996/gnocchi.dbe00397-b163-4490-ac04-e6c8050ffab0/none_v3 HTTP/1.0 200 - python-swiftclient-3.11.1 gAAAAABpfL4XpeS_... - 22 - txb655cc8a651345c0b6308-00697cbe88 - 0.0134 - - 1769782920.846971989 1769782920.860363483 0
Jan 30 14:22:00 standalone container-server[127712]: 172.20.0.100 - - [30/Jan/2026:14:22:00 +0000] "GET /d1/74/AUTH_5b4b45fa43af4f24bc89f2a65143b996/gnocchi.dbe00397-b163-4490-ac04-e6c8050ffab0" 200 357 "GET http://172.18.0.2:8080/v1/AUTH_5b4b45fa43af4f24bc89f2a65143b996/gnocchi.dbe00397-b163-4490-ac04-e6c8050ffab0?format=json&states=listing" "tx6fa6c90b2fcf48f2ad010-00697cbe88" "proxy-server 20" 0.0105 "-" 16 0
Jan 30 14:22:00 standalone proxy-server[129720]: 172.18.0.2 172.18.0.100 30/Jan/2026/14/22/00 GET /v1/AUTH_5b4b45fa43af4f24bc89f2a65143b996/gnocchi.dbe00397-b163-4490-ac04-e6c8050ffab0%3Fformat%3Djson%26states%3Dlisting HTTP/1.0 200 - python-swiftclient-3.11.1 gAAAAABpfL4XpeS_... - 357 - tx6fa6c90b2fcf48f2ad010-00697cbe88 - 0.0176 - - 1769782920.864543200 1769782920.882118940 0
Jan 30 14:22:00 standalone container-server[127732]: 172.20.0.100 - - [30/Jan/2026:14:22:00 +0000] "GET /d1/74/AUTH_5b4b45fa43af4f24bc89f2a65143b996/gnocchi.dbe00397-b163-4490-ac04-e6c8050ffab0" 200 2 "GET http://172.18.0.2:8080/v1/AUTH_5b4b45fa43af4f24bc89f2a65143b996/gnocchi.dbe00397-b163-4490-ac04-e6c8050ffab0?format=json&marker=none_v3&states=listing" "tx0d8f4e4a6fb84f1786b90-00697cbe88" "proxy-server 20" 0.0025 "-" 17 0
Jan 30 14:22:00 standalone proxy-server[129720]: 172.18.0.2 172.18.0.100 30/Jan/2026/14/22/00 GET /v1/AUTH_5b4b45fa43af4f24bc89f2a65143b996/gnocchi.dbe00397-b163-4490-ac04-e6c8050ffab0%3Fformat%3Djson%26marker%3Dnone_v3%26states%3Dlisting HTTP/1.0 200 - python-swiftclient-3.11.1 gAAAAABpfL4XpeS_... - 2 - tx0d8f4e4a6fb84f1786b90-00697cbe88 - 0.0091 - - 1769782920.885806084 1769782920.894938707 0
Jan 30 14:22:00 standalone object-server[127894]: 172.20.0.100 - - [30/Jan/2026:14:22:00 +0000] "GET /d1/687/AUTH_5b4b45fa43af4f24bc89f2a65143b996/gnocchi.dbe00397-b163-4490-ac04-e6c8050ffab0/1769040000.0_mean_300.0_v3" 200 16 "GET http://172.18.0.2:8080/v1/AUTH_5b4b45fa43af4f24bc89f2a65143b996/gnocchi.dbe00397-b163-4490-ac04-e6c8050ffab0/1769040000.0_mean_300.0_v3" "tx96db513ebeda431b9d348-00697cbe88" "proxy-server 20" 0.0008 "-" 25 0
Jan 30 14:22:00 standalone proxy-server[129720]: 172.18.0.2 172.18.0.100 30/Jan/2026/14/22/00 GET /v1/AUTH_5b4b45fa43af4f24bc89f2a65143b996/gnocchi.dbe00397-b163-4490-ac04-e6c8050ffab0/1769040000.0_mean_300.0_v3 HTTP/1.0 200 - python-swiftclient-3.11.1 gAAAAABpfL4XpeS_... - 16 - tx96db513ebeda431b9d348-00697cbe88 - 0.0099 - - 1769782920.898969650 1769782920.908883572 0
Jan 30 14:22:00 standalone container-server[127696]: 172.20.0.100 - - [30/Jan/2026:14:22:00 +0000] "PUT /d1/74/AUTH_5b4b45fa43af4f24bc89f2a65143b996/gnocchi.dbe00397-b163-4490-ac04-e6c8050ffab0/1769040000.0_mean_300.0_v3" 201 - "PUT http://172.18.0.2:8080/d1/687/AUTH_5b4b45fa43af4f24bc89f2a65143b996/gnocchi.dbe00397-b163-4490-ac04-e6c8050ffab0/1769040000.0_mean_300.0_v3" "tx61c5cb4c7c044be3b2d53-00697cbe88" "object-server 23" 0.0013 "-" 14 0
Jan 30 14:22:00 standalone object-server[127892]: 172.20.0.100 - - [30/Jan/2026:14:22:00 +0000] "PUT /d1/687/AUTH_5b4b45fa43af4f24bc89f2a65143b996/gnocchi.dbe00397-b163-4490-ac04-e6c8050ffab0/1769040000.0_mean_300.0_v3" 201 - "PUT http://172.18.0.2:8080/v1/AUTH_5b4b45fa43af4f24bc89f2a65143b996/gnocchi.dbe00397-b163-4490-ac04-e6c8050ffab0/1769040000.0_mean_300.0_v3" "tx61c5cb4c7c044be3b2d53-00697cbe88" "proxy-server 20" 0.0117 "-" 23 0
Jan 30 14:22:00 standalone proxy-server[129720]: 172.18.0.2 172.18.0.100 30/Jan/2026/14/22/00 PUT /v1/AUTH_5b4b45fa43af4f24bc89f2a65143b996/gnocchi.dbe00397-b163-4490-ac04-e6c8050ffab0/1769040000.0_mean_300.0_v3 HTTP/1.0 201 - python-swiftclient-3.11.1 gAAAAABpfL4XpeS_... 16 - - tx61c5cb4c7c044be3b2d53-00697cbe88 - 0.0182 - - 1769782920.912811995 1769782920.931006193 0
Jan 30 14:22:00 standalone container-server[127712]: 172.20.0.100 - - [30/Jan/2026:14:22:00 +0000] "PUT /d1/74/AUTH_5b4b45fa43af4f24bc89f2a65143b996/gnocchi.dbe00397-b163-4490-ac04-e6c8050ffab0/none_v3" 201 - "PUT http://172.18.0.2:8080/d1/582/AUTH_5b4b45fa43af4f24bc89f2a65143b996/gnocchi.dbe00397-b163-4490-ac04-e6c8050ffab0/none_v3" "tx6f7ca7ced7904939bfa1d-00697cbe88" "object-server 23" 0.0007 "-" 16 0
Jan 30 14:22:00 standalone object-server[127892]: 172.20.0.100 - - [30/Jan/2026:14:22:00 +0000] "PUT /d1/582/AUTH_5b4b45fa43af4f24bc89f2a65143b996/gnocchi.dbe00397-b163-4490-ac04-e6c8050ffab0/none_v3" 201 - "PUT http://172.18.0.2:8080/v1/AUTH_5b4b45fa43af4f24bc89f2a65143b996/gnocchi.dbe00397-b163-4490-ac04-e6c8050ffab0/none_v3" "tx6f7ca7ced7904939bfa1d-00697cbe88" "proxy-server 20" 0.0117 "-" 23 0
Jan 30 14:22:00 standalone proxy-server[129720]: 172.18.0.2 172.18.0.100 30/Jan/2026/14/22/00 PUT /v1/AUTH_5b4b45fa43af4f24bc89f2a65143b996/gnocchi.dbe00397-b163-4490-ac04-e6c8050ffab0/none_v3 HTTP/1.0 201 - python-swiftclient-3.11.1 gAAAAABpfL4XpeS_... 31 - - tx6f7ca7ced7904939bfa1d-00697cbe88 - 0.0184 - - 1769782920.934141159 1769782920.952521324 0
Jan 30 14:22:09 standalone account-server[127589]: 172.20.0.100 - - [30/Jan/2026:14:22:09 +0000] "HEAD /d1/347/AUTH_5b4b45fa43af4f24bc89f2a65143b996" 204 - "HEAD http://172.18.0.2:8080/v1/AUTH_5b4b45fa43af4f24bc89f2a65143b996?format=json" "tx452c8e8bcb48400fb4ef2-00697cbe91" "proxy-server 20" 0.0061 "-" 23 -
Jan 30 14:22:09 standalone proxy-server[129720]: - - 30/Jan/2026/14/22/09 HEAD /v1/AUTH_5b4b45fa43af4f24bc89f2a65143b996%3Fformat%3Djson HTTP/1.0 204 - Swift - - - - tx452c8e8bcb48400fb4ef2-00697cbe91 - 0.0119 RL - 1769782929.743308067 1769782929.755205154 -
Jan 30 14:22:09 standalone object-server[127893]: 172.20.0.100 - - [30/Jan/2026:14:22:09 +0000] "GET /d1/961/AUTH_5b4b45fa43af4f24bc89f2a65143b996/gnocchi.6aecf728-787f-49e1-a21e-d3222a8d15e9/none_v3" 200 32 "GET http://172.18.0.2:8080/v1/AUTH_5b4b45fa43af4f24bc89f2a65143b996/gnocchi.6aecf728-787f-49e1-a21e-d3222a8d15e9/none_v3" "tx452c8e8bcb48400fb4ef2-00697cbe91" "proxy-server 20" 0.0012 "-" 24 0
Jan 30 14:22:09 standalone proxy-server[129720]: 172.18.0.2 172.18.0.100 30/Jan/2026/14/22/09 GET /v1/AUTH_5b4b45fa43af4f24bc89f2a65143b996/gnocchi.6aecf728-787f-49e1-a21e-d3222a8d15e9/none_v3 HTTP/1.0 200 - python-swiftclient-3.11.1 gAAAAABpfL4XpeS_... - 32 - tx452c8e8bcb48400fb4ef2-00697cbe91 - 0.0244 - - 1769782929.741981506 1769782929.766349316 0
Jan 30 14:22:09 standalone container-server[127712]: 172.20.0.100 - - [30/Jan/2026:14:22:09 +0000] "GET /d1/665/AUTH_5b4b45fa43af4f24bc89f2a65143b996/gnocchi.6aecf728-787f-49e1-a21e-d3222a8d15e9" 200 357 "GET http://172.18.0.2:8080/v1/AUTH_5b4b45fa43af4f24bc89f2a65143b996/gnocchi.6aecf728-787f-49e1-a21e-d3222a8d15e9?format=json&states=listing" "txded00039f0e7424f84cd2-00697cbe91" "proxy-server 20" 0.0088 "-" 16 0
Jan 30 14:22:09 standalone proxy-server[129720]: 172.18.0.2 172.18.0.100 30/Jan/2026/14/22/09 GET /v1/AUTH_5b4b45fa43af4f24bc89f2a65143b996/gnocchi.6aecf728-787f-49e1-a21e-d3222a8d15e9%3Fformat%3Djson%26states%3Dlisting HTTP/1.0 200 - python-swiftclient-3.11.1 gAAAAABpfL4XpeS_... - 357 - txded00039f0e7424f84cd2-00697cbe91 - 0.0188 - - 1769782929.769985199 1769782929.788810492 0
Jan 30 14:22:09 standalone container-server[127696]: 172.20.0.100 - - [30/Jan/2026:14:22:09 +0000] "GET /d1/665/AUTH_5b4b45fa43af4f24bc89f2a65143b996/gnocchi.6aecf728-787f-49e1-a21e-d3222a8d15e9" 200 2 "GET http://172.18.0.2:8080/v1/AUTH_5b4b45fa43af4f24bc89f2a65143b996/gnocchi.6aecf728-787f-49e1-a21e-d3222a8d15e9?format=json&marker=none_v3&states=listing" "tx0efca801d86e4aca8ce91-00697cbe91" "proxy-server 20" 0.0048 "-" 14 0
Jan 30 14:22:09 standalone proxy-server[129720]: 172.18.0.2 172.18.0.100 30/Jan/2026/14/22/09 GET /v1/AUTH_5b4b45fa43af4f24bc89f2a65143b996/gnocchi.6aecf728-787f-49e1-a21e-d3222a8d15e9%3Fformat%3Djson%26marker%3Dnone_v3%26states%3Dlisting HTTP/1.0 200 - python-swiftclient-3.11.1 gAAAAABpfL4XpeS_... - 2 - tx0efca801d86e4aca8ce91-00697cbe91 - 0.0166 - - 1769782929.792475462 1769782929.809113264 0
Jan 30 14:22:09 standalone object-server[127893]: 172.20.0.100 - - [30/Jan/2026:14:22:09 +0000] "GET /d1/96/AUTH_5b4b45fa43af4f24bc89f2a65143b996/gnocchi.6aecf728-787f-49e1-a21e-d3222a8d15e9/1769040000.0_mean_300.0_v3" 200 16 "GET http://172.18.0.2:8080/v1/AUTH_5b4b45fa43af4f24bc89f2a65143b996/gnocchi.6aecf728-787f-49e1-a21e-d3222a8d15e9/1769040000.0_mean_300.0_v3" "tx2e8f6c60cfe94bd689af8-00697cbe91" "proxy-server 20" 0.0009 "-" 24 0
Jan 30 14:22:09 standalone proxy-server[129720]: 172.18.0.2 172.18.0.100 30/Jan/2026/14/22/09 GET /v1/AUTH_5b4b45fa43af4f24bc89f2a65143b996/gnocchi.6aecf728-787f-49e1-a21e-d3222a8d15e9/1769040000.0_mean_300.0_v3 HTTP/1.0 200 - python-swiftclient-3.11.1 gAAAAABpfL4XpeS_... - 16 - tx2e8f6c60cfe94bd689af8-00697cbe91 - 0.0098 - - 1769782929.814297199 1769782929.824143648 0
Jan 30 14:22:09 standalone container-server[127698]: 172.20.0.100 - - [30/Jan/2026:14:22:09 +0000] "PUT /d1/665/AUTH_5b4b45fa43af4f24bc89f2a65143b996/gnocchi.6aecf728-787f-49e1-a21e-d3222a8d15e9/1769040000.0_mean_300.0_v3" 201 - "PUT http://172.18.0.2:8080/d1/96/AUTH_5b4b45fa43af4f24bc89f2a65143b996/gnocchi.6aecf728-787f-49e1-a21e-d3222a8d15e9/1769040000.0_mean_300.0_v3" "tx2ae1acc6cdd64c71a9625-00697cbe91" "object-server 25" 0.0006 "-" 15 0
Jan 30 14:22:09 standalone object-server[127894]: 172.20.0.100 - - [30/Jan/2026:14:22:09 +0000] "PUT /d1/96/AUTH_5b4b45fa43af4f24bc89f2a65143b996/gnocchi.6aecf728-787f-49e1-a21e-d3222a8d15e9/1769040000.0_mean_300.0_v3" 201 - "PUT http://172.18.0.2:8080/v1/AUTH_5b4b45fa43af4f24bc89f2a65143b996/gnocchi.6aecf728-787f-49e1-a21e-d3222a8d15e9/1769040000.0_mean_300.0_v3" "tx2ae1acc6cdd64c71a9625-00697cbe91" "proxy-server 20" 0.0098 "-" 25 0
Jan 30 14:22:09 standalone proxy-server[129720]: 172.18.0.2 172.18.0.100 30/Jan/2026/14/22/09 PUT /v1/AUTH_5b4b45fa43af4f24bc89f2a65143b996/gnocchi.6aecf728-787f-49e1-a21e-d3222a8d15e9/1769040000.0_mean_300.0_v3 HTTP/1.0 201 - python-swiftclient-3.11.1 gAAAAABpfL4XpeS_... 16 - - tx2ae1acc6cdd64c71a9625-00697cbe91 - 0.0178 - - 1769782929.829086304 1769782929.846929550 0
Jan 30 14:22:09 standalone container-server[127732]: 172.20.0.100 - - [30/Jan/2026:14:22:09 +0000] "PUT /d1/665/AUTH_5b4b45fa43af4f24bc89f2a65143b996/gnocchi.6aecf728-787f-49e1-a21e-d3222a8d15e9/none_v3" 201 - "PUT http://172.18.0.2:8080/d1/961/AUTH_5b4b45fa43af4f24bc89f2a65143b996/gnocchi.6aecf728-787f-49e1-a21e-d3222a8d15e9/none_v3" "txf5d1496f1e174845a9521-00697cbe91" "object-server 22" 0.0006 "-" 17 0
Jan 30 14:22:09 standalone object-server[127891]: 172.20.0.100 - - [30/Jan/2026:14:22:09 +0000] "PUT /d1/961/AUTH_5b4b45fa43af4f24bc89f2a65143b996/gnocchi.6aecf728-787f-49e1-a21e-d3222a8d15e9/none_v3" 201 - "PUT http://172.18.0.2:8080/v1/AUTH_5b4b45fa43af4f24bc89f2a65143b996/gnocchi.6aecf728-787f-49e1-a21e-d3222a8d15e9/none_v3" "txf5d1496f1e174845a9521-00697cbe91" "proxy-server 20" 0.0110 "-" 22 0
Jan 30 14:22:09 standalone proxy-server[129720]: 172.18.0.2 172.18.0.100 30/Jan/2026/14/22/09 PUT /v1/AUTH_5b4b45fa43af4f24bc89f2a65143b996/gnocchi.6aecf728-787f-49e1-a21e-d3222a8d15e9/none_v3 HTTP/1.0 201 - python-swiftclient-3.11.1 gAAAAABpfL4XpeS_... 46 - - txf5d1496f1e174845a9521-00697cbe91 - 0.0200 - - 1769782929.851013422 1769782929.871016026 0
Jan 30 14:22:10 standalone object-server[127894]: 172.20.0.100 - - [30/Jan/2026:14:22:10 +0000] "GET /d1/961/AUTH_5b4b45fa43af4f24bc89f2a65143b996/gnocchi.6aecf728-787f-49e1-a21e-d3222a8d15e9/none_v3" 200 46 "GET http://172.18.0.2:8080/v1/AUTH_5b4b45fa43af4f24bc89f2a65143b996/gnocchi.6aecf728-787f-49e1-a21e-d3222a8d15e9/none_v3" "tx849b429c9e4645b5b4075-00697cbe92" "proxy-server 20" 0.0014 "-" 25 0
Jan 30 14:22:10 standalone proxy-server[129720]: 172.18.0.2 172.18.0.100 30/Jan/2026/14/22/10 GET /v1/AUTH_5b4b45fa43af4f24bc89f2a65143b996/gnocchi.6aecf728-787f-49e1-a21e-d3222a8d15e9/none_v3 HTTP/1.0 200 - python-swiftclient-3.11.1 gAAAAABpfL4XpeS_... - 46 - tx849b429c9e4645b5b4075-00697cbe92 - 0.0096 - - 1769782930.777759552 1769782930.787355423 0
Jan 30 14:22:10 standalone container-server[127712]: 172.20.0.100 - - [30/Jan/2026:14:22:10 +0000] "GET /d1/665/AUTH_5b4b45fa43af4f24bc89f2a65143b996/gnocchi.6aecf728-787f-49e1-a21e-d3222a8d15e9" 200 357 "GET http://172.18.0.2:8080/v1/AUTH_5b4b45fa43af4f24bc89f2a65143b996/gnocchi.6aecf728-787f-49e1-a21e-d3222a8d15e9?format=json&states=listing" "tx3472bda3dcfe46e692243-00697cbe92" "proxy-server 20" 0.0117 "-" 16 0
Jan 30 14:22:10 standalone proxy-server[129720]: 172.18.0.2 172.18.0.100 30/Jan/2026/14/22/10 GET /v1/AUTH_5b4b45fa43af4f24bc89f2a65143b996/gnocchi.6aecf728-787f-49e1-a21e-d3222a8d15e9%3Fformat%3Djson%26states%3Dlisting HTTP/1.0 200 - python-swiftclient-3.11.1 gAAAAABpfL4XpeS_... - 357 - tx3472bda3dcfe46e692243-00697cbe92 - 0.0201 - - 1769782930.792492390 1769782930.812606096 0
Jan 30 14:22:10 standalone container-server[127696]: 172.20.0.100 - - [30/Jan/2026:14:22:10 +0000] "GET /d1/665/AUTH_5b4b45fa43af4f24bc89f2a65143b996/gnocchi.6aecf728-787f-49e1-a21e-d3222a8d15e9" 200 2 "GET http://172.18.0.2:8080/v1/AUTH_5b4b45fa43af4f24bc89f2a65143b996/gnocchi.6aecf728-787f-49e1-a21e-d3222a8d15e9?format=json&marker=none_v3&states=listing" "txe13f75e01767480bafc47-00697cbe92" "proxy-server 20" 0.0024 "-" 14 0
Jan 30 14:22:10 standalone proxy-server[129720]: 172.18.0.2 172.18.0.100 30/Jan/2026/14/22/10 GET /v1/AUTH_5b4b45fa43af4f24bc89f2a65143b996/gnocchi.6aecf728-787f-49e1-a21e-d3222a8d15e9%3Fformat%3Djson%26marker%3Dnone_v3%26states%3Dlisting HTTP/1.0 200 - python-swiftclient-3.11.1 gAAAAABpfL4XpeS_... - 2 - txe13f75e01767480bafc47-00697cbe92 - 0.0093 - - 1769782930.817782164 1769782930.827111244 0
Jan 30 14:22:10 standalone object-server[127892]: 172.20.0.100 - - [30/Jan/2026:14:22:10 +0000] "GET /d1/96/AUTH_5b4b45fa43af4f24bc89f2a65143b996/gnocchi.6aecf728-787f-49e1-a21e-d3222a8d15e9/1769040000.0_mean_300.0_v3" 200 16 "GET http://172.18.0.2:8080/v1/AUTH_5b4b45fa43af4f24bc89f2a65143b996/gnocchi.6aecf728-787f-49e1-a21e-d3222a8d15e9/1769040000.0_mean_300.0_v3" "tx4a53f689129840308b93f-00697cbe92" "proxy-server 20" 0.0014 "-" 23 0
Jan 30 14:22:10 standalone proxy-server[129720]: 172.18.0.2 172.18.0.100 30/Jan/2026/14/22/10 GET /v1/AUTH_5b4b45fa43af4f24bc89f2a65143b996/gnocchi.6aecf728-787f-49e1-a21e-d3222a8d15e9/1769040000.0_mean_300.0_v3 HTTP/1.0 200 - python-swiftclient-3.11.1 gAAAAABpfL4XpeS_... - 16 - tx4a53f689129840308b93f-00697cbe92 - 0.0109 - - 1769782930.833028555 1769782930.843927860 0
Jan 30 14:22:10 standalone container-server[127712]: 172.20.0.100 - - [30/Jan/2026:14:22:10 +0000] "PUT /d1/665/AUTH_5b4b45fa43af4f24bc89f2a65143b996/gnocchi.6aecf728-787f-49e1-a21e-d3222a8d15e9/1769040000.0_mean_300.0_v3" 201 - "PUT http://172.18.0.2:8080/d1/96/AUTH_5b4b45fa43af4f24bc89f2a65143b996/gnocchi.6aecf728-787f-49e1-a21e-d3222a8d15e9/1769040000.0_mean_300.0_v3" "tx3e1db8fa0ff542e0aaaf9-00697cbe92" "object-server 22" 0.0009 "-" 16 0
Jan 30 14:22:10 standalone object-server[127891]: 172.20.0.100 - - [30/Jan/2026:14:22:10 +0000] "PUT /d1/96/AUTH_5b4b45fa43af4f24bc89f2a65143b996/gnocchi.6aecf728-787f-49e1-a21e-d3222a8d15e9/1769040000.0_mean_300.0_v3" 201 - "PUT http://172.18.0.2:8080/v1/AUTH_5b4b45fa43af4f24bc89f2a65143b996/gnocchi.6aecf728-787f-49e1-a21e-d3222a8d15e9/1769040000.0_mean_300.0_v3" "tx3e1db8fa0ff542e0aaaf9-00697cbe92" "proxy-server 20" 0.0497 "-" 22 0
Jan 30 14:22:10 standalone proxy-server[129720]: 172.18.0.2 172.18.0.100 30/Jan/2026/14/22/10 PUT /v1/AUTH_5b4b45fa43af4f24bc89f2a65143b996/gnocchi.6aecf728-787f-49e1-a21e-d3222a8d15e9/1769040000.0_mean_300.0_v3 HTTP/1.0 201 - python-swiftclient-3.11.1 gAAAAABpfL4XpeS_... 16 - - tx3e1db8fa0ff542e0aaaf9-00697cbe92 - 0.0633 - - 1769782930.852580786 1769782930.915888786 0
Jan 30 14:22:10 standalone container-server[127698]: 172.20.0.100 - - [30/Jan/2026:14:22:10 +0000] "PUT /d1/665/AUTH_5b4b45fa43af4f24bc89f2a65143b996/gnocchi.6aecf728-787f-49e1-a21e-d3222a8d15e9/none_v3" 201 - "PUT http://172.18.0.2:8080/d1/961/AUTH_5b4b45fa43af4f24bc89f2a65143b996/gnocchi.6aecf728-787f-49e1-a21e-d3222a8d15e9/none_v3" "txd400da4a968042cb90cd4-00697cbe92" "object-server 22" 0.0009 "-" 15 0
Jan 30 14:22:10 standalone object-server[127891]: 172.20.0.100 - - [30/Jan/2026:14:22:10 +0000] "PUT /d1/961/AUTH_5b4b45fa43af4f24bc89f2a65143b996/gnocchi.6aecf728-787f-49e1-a21e-d3222a8d15e9/none_v3" 201 - "PUT http://172.18.0.2:8080/v1/AUTH_5b4b45fa43af4f24bc89f2a65143b996/gnocchi.6aecf728-787f-49e1-a21e-d3222a8d15e9/none_v3" "txd400da4a968042cb90cd4-00697cbe92" "proxy-server 20" 0.0206 "-" 22 0
Jan 30 14:22:10 standalone proxy-server[129720]: 172.18.0.2 172.18.0.100 30/Jan/2026/14/22/10 PUT /v1/AUTH_5b4b45fa43af4f24bc89f2a65143b996/gnocchi.6aecf728-787f-49e1-a21e-d3222a8d15e9/none_v3 HTTP/1.0 201 - python-swiftclient-3.11.1 gAAAAABpfL4XpeS_... 51 - - txd400da4a968042cb90cd4-00697cbe92 - 0.0282 - - 1769782930.920080900 1769782930.948234797 0
Jan 30 14:22:10 standalone object-server[127894]: 172.20.0.100 - - [30/Jan/2026:14:22:10 +0000] "GET /d1/442/AUTH_5b4b45fa43af4f24bc89f2a65143b996/gnocchi.79942623-13e2-4dd5-b801-ebcf11eefb6f/none_v3" 200 22 "GET http://172.18.0.2:8080/v1/AUTH_5b4b45fa43af4f24bc89f2a65143b996/gnocchi.79942623-13e2-4dd5-b801-ebcf11eefb6f/none_v3" "tx4138dab3ce0a431bbc449-00697cbe92" "proxy-server 20" 0.0013 "-" 25 0
Jan 30 14:22:10 standalone proxy-server[129720]: 172.18.0.2 172.18.0.100 30/Jan/2026/14/22/10 GET /v1/AUTH_5b4b45fa43af4f24bc89f2a65143b996/gnocchi.79942623-13e2-4dd5-b801-ebcf11eefb6f/none_v3 HTTP/1.0 200 - python-swiftclient-3.11.1 gAAAAABpfL4XpeS_... - 22 - tx4138dab3ce0a431bbc449-00697cbe92 - 0.0113 - - 1769782930.961164236 1769782930.972484350 0
Jan 30 14:22:11 standalone container-server[127712]: 172.20.0.100 - - [30/Jan/2026:14:22:11 +0000] "GET /d1/112/AUTH_5b4b45fa43af4f24bc89f2a65143b996/gnocchi.79942623-13e2-4dd5-b801-ebcf11eefb6f" 200 357 "GET http://172.18.0.2:8080/v1/AUTH_5b4b45fa43af4f24bc89f2a65143b996/gnocchi.79942623-13e2-4dd5-b801-ebcf11eefb6f?format=json&states=listing" "tx5eef1e9efcaa4eb8b419f-00697cbe92" "proxy-server 20" 0.0310 "-" 16 0
Jan 30 14:22:11 standalone proxy-server[129720]: 172.18.0.2 172.18.0.100 30/Jan/2026/14/22/11 GET /v1/AUTH_5b4b45fa43af4f24bc89f2a65143b996/gnocchi.79942623-13e2-4dd5-b801-ebcf11eefb6f%3Fformat%3Djson%26states%3Dlisting HTTP/1.0 200 - python-swiftclient-3.11.1 gAAAAABpfL4XpeS_... - 357 - tx5eef1e9efcaa4eb8b419f-00697cbe92 - 0.0415 - - 1769782930.976252317 1769782931.017766476 0
Jan 30 14:22:11 standalone container-server[127732]: 172.20.0.100 - - [30/Jan/2026:14:22:11 +0000] "GET /d1/112/AUTH_5b4b45fa43af4f24bc89f2a65143b996/gnocchi.79942623-13e2-4dd5-b801-ebcf11eefb6f" 200 2 "GET http://172.18.0.2:8080/v1/AUTH_5b4b45fa43af4f24bc89f2a65143b996/gnocchi.79942623-13e2-4dd5-b801-ebcf11eefb6f?format=json&marker=none_v3&states=listing" "txaa0c83f22b324ea099ae3-00697cbe93" "proxy-server 20" 0.0039 "-" 17 0
Jan 30 14:22:11 standalone proxy-server[129720]: 172.18.0.2 172.18.0.100 30/Jan/2026/14/22/11 GET /v1/AUTH_5b4b45fa43af4f24bc89f2a65143b996/gnocchi.79942623-13e2-4dd5-b801-ebcf11eefb6f%3Fformat%3Djson%26marker%3Dnone_v3%26states%3Dlisting HTTP/1.0 200 - python-swiftclient-3.11.1 gAAAAABpfL4XpeS_... - 2 - txaa0c83f22b324ea099ae3-00697cbe93 - 0.0133 - - 1769782931.022928238 1769782931.036220789 0
Jan 30 14:22:11 standalone object-server[127894]: 172.20.0.100 - - [30/Jan/2026:14:22:11 +0000] "GET /d1/573/AUTH_5b4b45fa43af4f24bc89f2a65143b996/gnocchi.79942623-13e2-4dd5-b801-ebcf11eefb6f/1769040000.0_mean_300.0_v3" 200 16 "GET http://172.18.0.2:8080/v1/AUTH_5b4b45fa43af4f24bc89f2a65143b996/gnocchi.79942623-13e2-4dd5-b801-ebcf11eefb6f/1769040000.0_mean_300.0_v3" "tx18b29b8eb05041c886c52-00697cbe93" "proxy-server 20" 0.0014 "-" 25 0
Jan 30 14:22:11 standalone proxy-server[129720]: 172.18.0.2 172.18.0.100 30/Jan/2026/14/22/11 GET /v1/AUTH_5b4b45fa43af4f24bc89f2a65143b996/gnocchi.79942623-13e2-4dd5-b801-ebcf11eefb6f/1769040000.0_mean_300.0_v3 HTTP/1.0 200 - python-swiftclient-3.11.1 gAAAAABpfL4XpeS_... - 16 - tx18b29b8eb05041c886c52-00697cbe93 - 0.0514 - - 1769782931.042636871 1769782931.094022751 0
Jan 30 14:22:11 standalone container-server[127696]: 172.20.0.100 - - [30/Jan/2026:14:22:11 +0000] "PUT /d1/112/AUTH_5b4b45fa43af4f24bc89f2a65143b996/gnocchi.79942623-13e2-4dd5-b801-ebcf11eefb6f/1769040000.0_mean_300.0_v3" 201 - "PUT http://172.18.0.2:8080/d1/573/AUTH_5b4b45fa43af4f24bc89f2a65143b996/gnocchi.79942623-13e2-4dd5-b801-ebcf11eefb6f/1769040000.0_mean_300.0_v3" "tx5231a8f9cd71409286aa4-00697cbe93" "object-server 22" 0.0008 "-" 14 0
Jan 30 14:22:11 standalone object-server[127891]: 172.20.0.100 - - [30/Jan/2026:14:22:11 +0000] "PUT /d1/573/AUTH_5b4b45fa43af4f24bc89f2a65143b996/gnocchi.79942623-13e2-4dd5-b801-ebcf11eefb6f/1769040000.0_mean_300.0_v3" 201 - "PUT http://172.18.0.2:8080/v1/AUTH_5b4b45fa43af4f24bc89f2a65143b996/gnocchi.79942623-13e2-4dd5-b801-ebcf11eefb6f/1769040000.0_mean_300.0_v3" "tx5231a8f9cd71409286aa4-00697cbe93" "proxy-server 20" 0.0240 "-" 22 0
Jan 30 14:22:11 standalone proxy-server[129720]: 172.18.0.2 172.18.0.100 30/Jan/2026/14/22/11 PUT /v1/AUTH_5b4b45fa43af4f24bc89f2a65143b996/gnocchi.79942623-13e2-4dd5-b801-ebcf11eefb6f/1769040000.0_mean_300.0_v3 HTTP/1.0 201 - python-swiftclient-3.11.1 gAAAAABpfL4XpeS_... 16 - - tx5231a8f9cd71409286aa4-00697cbe93 - 0.0297 - - 1769782931.097507477 1769782931.127236128 0
Jan 30 14:22:11 standalone container-server[127732]: 172.20.0.100 - - [30/Jan/2026:14:22:11 +0000] "PUT /d1/112/AUTH_5b4b45fa43af4f24bc89f2a65143b996/gnocchi.79942623-13e2-4dd5-b801-ebcf11eefb6f/none_v3" 201 - "PUT http://172.18.0.2:8080/d1/442/AUTH_5b4b45fa43af4f24bc89f2a65143b996/gnocchi.79942623-13e2-4dd5-b801-ebcf11eefb6f/none_v3" "txf7adeb0c10474c04a5948-00697cbe93" "object-server 24" 0.0006 "-" 17 0
Jan 30 14:22:11 standalone object-server[127893]: 172.20.0.100 - - [30/Jan/2026:14:22:11 +0000] "PUT /d1/442/AUTH_5b4b45fa43af4f24bc89f2a65143b996/gnocchi.79942623-13e2-4dd5-b801-ebcf11eefb6f/none_v3" 201 - "PUT http://172.18.0.2:8080/v1/AUTH_5b4b45fa43af4f24bc89f2a65143b996/gnocchi.79942623-13e2-4dd5-b801-ebcf11eefb6f/none_v3" "txf7adeb0c10474c04a5948-00697cbe93" "proxy-server 20" 0.0166 "-" 24 0
Jan 30 14:22:11 standalone proxy-server[129720]: 172.18.0.2 172.18.0.100 30/Jan/2026/14/22/11 PUT /v1/AUTH_5b4b45fa43af4f24bc89f2a65143b996/gnocchi.79942623-13e2-4dd5-b801-ebcf11eefb6f/none_v3 HTTP/1.0 201 - python-swiftclient-3.11.1 gAAAAABpfL4XpeS_... 32 - - txf7adeb0c10474c04a5948-00697cbe93 - 0.0223 - - 1769782931.129990101 1769782931.152336121 0
Jan 30 14:22:11 standalone object-server[127891]: 172.20.0.100 - - [30/Jan/2026:14:22:11 +0000] "GET /d1/532/AUTH_5b4b45fa43af4f24bc89f2a65143b996/gnocchi.f4ed8fa3-1ec1-4d50-8058-e843b9867a27/none_v3" 200 22 "GET http://172.18.0.2:8080/v1/AUTH_5b4b45fa43af4f24bc89f2a65143b996/gnocchi.f4ed8fa3-1ec1-4d50-8058-e843b9867a27/none_v3" "tx1253821b33a740978606f-00697cbe93" "proxy-server 20" 0.0023 "-" 22 0
Jan 30 14:22:11 standalone proxy-server[129720]: 172.18.0.2 172.18.0.100 30/Jan/2026/14/22/11 GET /v1/AUTH_5b4b45fa43af4f24bc89f2a65143b996/gnocchi.f4ed8fa3-1ec1-4d50-8058-e843b9867a27/none_v3 HTTP/1.0 200 - python-swiftclient-3.11.1 gAAAAABpfL4XpeS_... - 22 - tx1253821b33a740978606f-00697cbe93 - 0.0103 - - 1769782931.161696196 1769782931.172042847 0
Jan 30 14:22:11 standalone container-server[127712]: 172.20.0.100 - - [30/Jan/2026:14:22:11 +0000] "GET /d1/735/AUTH_5b4b45fa43af4f24bc89f2a65143b996/gnocchi.f4ed8fa3-1ec1-4d50-8058-e843b9867a27" 200 357 "GET http://172.18.0.2:8080/v1/AUTH_5b4b45fa43af4f24bc89f2a65143b996/gnocchi.f4ed8fa3-1ec1-4d50-8058-e843b9867a27?format=json&states=listing" "tx4e187409410c429080f01-00697cbe93" "proxy-server 20" 0.0100 "-" 16 0
Jan 30 14:22:11 standalone proxy-server[129720]: 172.18.0.2 172.18.0.100 30/Jan/2026/14/22/11 GET /v1/AUTH_5b4b45fa43af4f24bc89f2a65143b996/gnocchi.f4ed8fa3-1ec1-4d50-8058-e843b9867a27%3Fformat%3Djson%26states%3Dlisting HTTP/1.0 200 - python-swiftclient-3.11.1 gAAAAABpfL4XpeS_... - 357 - tx4e187409410c429080f01-00697cbe93 - 0.0176 - - 1769782931.175594330 1769782931.193148851 0
Jan 30 14:22:11 standalone container-server[127696]: 172.20.0.100 - - [30/Jan/2026:14:22:11 +0000] "GET /d1/735/AUTH_5b4b45fa43af4f24bc89f2a65143b996/gnocchi.f4ed8fa3-1ec1-4d50-8058-e843b9867a27" 200 2 "GET http://172.18.0.2:8080/v1/AUTH_5b4b45fa43af4f24bc89f2a65143b996/gnocchi.f4ed8fa3-1ec1-4d50-8058-e843b9867a27?format=json&marker=none_v3&states=listing" "tx779192d198fa48c4bb1f2-00697cbe93" "proxy-server 20" 0.0024 "-" 14 0
Jan 30 14:22:11 standalone proxy-server[129720]: 172.18.0.2 172.18.0.100 30/Jan/2026/14/22/11 GET /v1/AUTH_5b4b45fa43af4f24bc89f2a65143b996/gnocchi.f4ed8fa3-1ec1-4d50-8058-e843b9867a27%3Fformat%3Djson%26marker%3Dnone_v3%26states%3Dlisting HTTP/1.0 200 - python-swiftclient-3.11.1 gAAAAABpfL4XpeS_... - 2 - tx779192d198fa48c4bb1f2-00697cbe93 - 0.0108 - - 1769782931.196465969 1769782931.207311392 0
Jan 30 14:22:11 standalone object-server[127892]: 172.20.0.100 - - [30/Jan/2026:14:22:11 +0000] "GET /d1/375/AUTH_5b4b45fa43af4f24bc89f2a65143b996/gnocchi.f4ed8fa3-1ec1-4d50-8058-e843b9867a27/1769040000.0_mean_300.0_v3" 200 16 "GET http://172.18.0.2:8080/v1/AUTH_5b4b45fa43af4f24bc89f2a65143b996/gnocchi.f4ed8fa3-1ec1-4d50-8058-e843b9867a27/1769040000.0_mean_300.0_v3" "txa8de50a2851c4dcd9d415-00697cbe93" "proxy-server 20" 0.0006 "-" 23 0
Jan 30 14:22:11 standalone proxy-server[129720]: 172.18.0.2 172.18.0.100 30/Jan/2026/14/22/11 GET /v1/AUTH_5b4b45fa43af4f24bc89f2a65143b996/gnocchi.f4ed8fa3-1ec1-4d50-8058-e843b9867a27/1769040000.0_mean_300.0_v3 HTTP/1.0 200 - python-swiftclient-3.11.1 gAAAAABpfL4XpeS_... - 16 - txa8de50a2851c4dcd9d415-00697cbe93 - 0.0113 - - 1769782931.210761070 1769782931.222033739 0
Jan 30 14:22:11 standalone container-server[127696]: 172.20.0.100 - - [30/Jan/2026:14:22:11 +0000] "PUT /d1/735/AUTH_5b4b45fa43af4f24bc89f2a65143b996/gnocchi.f4ed8fa3-1ec1-4d50-8058-e843b9867a27/1769040000.0_mean_300.0_v3" 201 - "PUT http://172.18.0.2:8080/d1/375/AUTH_5b4b45fa43af4f24bc89f2a65143b996/gnocchi.f4ed8fa3-1ec1-4d50-8058-e843b9867a27/1769040000.0_mean_300.0_v3" "tx4799056045c8416683841-00697cbe93" "object-server 24" 0.0010 "-" 14 0
Jan 30 14:22:11 standalone object-server[127893]: 172.20.0.100 - - [30/Jan/2026:14:22:11 +0000] "PUT /d1/375/AUTH_5b4b45fa43af4f24bc89f2a65143b996/gnocchi.f4ed8fa3-1ec1-4d50-8058-e843b9867a27/1769040000.0_mean_300.0_v3" 201 - "PUT http://172.18.0.2:8080/v1/AUTH_5b4b45fa43af4f24bc89f2a65143b996/gnocchi.f4ed8fa3-1ec1-4d50-8058-e843b9867a27/1769040000.0_mean_300.0_v3" "tx4799056045c8416683841-00697cbe93" "proxy-server 20" 0.0226 "-" 24 0
Jan 30 14:22:11 standalone proxy-server[129720]: 172.18.0.2 172.18.0.100 30/Jan/2026/14/22/11 PUT /v1/AUTH_5b4b45fa43af4f24bc89f2a65143b996/gnocchi.f4ed8fa3-1ec1-4d50-8058-e843b9867a27/1769040000.0_mean_300.0_v3 HTTP/1.0 201 - python-swiftclient-3.11.1 gAAAAABpfL4XpeS_... 16 - - tx4799056045c8416683841-00697cbe93 - 0.0289 - - 1769782931.224983215 1769782931.253931999 0
Jan 30 14:22:11 standalone container-server[127712]: 172.20.0.100 - - [30/Jan/2026:14:22:11 +0000] "PUT /d1/735/AUTH_5b4b45fa43af4f24bc89f2a65143b996/gnocchi.f4ed8fa3-1ec1-4d50-8058-e843b9867a27/none_v3" 201 - "PUT http://172.18.0.2:8080/d1/532/AUTH_5b4b45fa43af4f24bc89f2a65143b996/gnocchi.f4ed8fa3-1ec1-4d50-8058-e843b9867a27/none_v3" "txfbe2d1da6b0d4a2f88025-00697cbe93" "object-server 24" 0.0006 "-" 16 0
Jan 30 14:22:11 standalone object-server[127893]: 172.20.0.100 - - [30/Jan/2026:14:22:11 +0000] "PUT /d1/532/AUTH_5b4b45fa43af4f24bc89f2a65143b996/gnocchi.f4ed8fa3-1ec1-4d50-8058-e843b9867a27/none_v3" 201 - "PUT http://172.18.0.2:8080/v1/AUTH_5b4b45fa43af4f24bc89f2a65143b996/gnocchi.f4ed8fa3-1ec1-4d50-8058-e843b9867a27/none_v3" "txfbe2d1da6b0d4a2f88025-00697cbe93" "proxy-server 20" 0.0263 "-" 24 0
Jan 30 14:22:11 standalone proxy-server[129720]: 172.18.0.2 172.18.0.100 30/Jan/2026/14/22/11 PUT /v1/AUTH_5b4b45fa43af4f24bc89f2a65143b996/gnocchi.f4ed8fa3-1ec1-4d50-8058-e843b9867a27/none_v3 HTTP/1.0 201 - python-swiftclient-3.11.1 gAAAAABpfL4XpeS_... 32 - - txfbe2d1da6b0d4a2f88025-00697cbe93 - 0.0327 - - 1769782931.255827665 1769782931.288518667 0
Jan 30 14:22:11 standalone object-server[127892]: 172.20.0.100 - - [30/Jan/2026:14:22:11 +0000] "GET /d1/171/AUTH_5b4b45fa43af4f24bc89f2a65143b996/gnocchi.21b4c1de-ea0e-496c-9128-768f8091f673/none_v3" 200 22 "GET http://172.18.0.2:8080/v1/AUTH_5b4b45fa43af4f24bc89f2a65143b996/gnocchi.21b4c1de-ea0e-496c-9128-768f8091f673/none_v3" "txb3d52ecb3e9e4dbb90989-00697cbe93" "proxy-server 20" 0.0010 "-" 23 0
Jan 30 14:22:11 standalone proxy-server[129720]: 172.18.0.2 172.18.0.100 30/Jan/2026/14/22/11 GET /v1/AUTH_5b4b45fa43af4f24bc89f2a65143b996/gnocchi.21b4c1de-ea0e-496c-9128-768f8091f673/none_v3 HTTP/1.0 200 - python-swiftclient-3.11.1 gAAAAABpfL4XpeS_... - 22 - txb3d52ecb3e9e4dbb90989-00697cbe93 - 0.0102 - - 1769782931.302436829 1769782931.312664270 0
Jan 30 14:22:11 standalone container-server[127698]: 172.20.0.100 - - [30/Jan/2026:14:22:11 +0000] "GET /d1/689/AUTH_5b4b45fa43af4f24bc89f2a65143b996/gnocchi.21b4c1de-ea0e-496c-9128-768f8091f673" 200 357 "GET http://172.18.0.2:8080/v1/AUTH_5b4b45fa43af4f24bc89f2a65143b996/gnocchi.21b4c1de-ea0e-496c-9128-768f8091f673?format=json&states=listing" "txed0fedae16ec42408c06e-00697cbe93" "proxy-server 20" 0.0106 "-" 15 0
Jan 30 14:22:11 standalone proxy-server[129720]: 172.18.0.2 172.18.0.100 30/Jan/2026/14/22/11 GET /v1/AUTH_5b4b45fa43af4f24bc89f2a65143b996/gnocchi.21b4c1de-ea0e-496c-9128-768f8091f673%3Fformat%3Djson%26states%3Dlisting HTTP/1.0 200 - python-swiftclient-3.11.1 gAAAAABpfL4XpeS_... - 357 - txed0fedae16ec42408c06e-00697cbe93 - 0.0203 - - 1769782931.317975760 1769782931.338298798 0
Jan 30 14:22:11 standalone container-server[127698]: 172.20.0.100 - - [30/Jan/2026:14:22:11 +0000] "GET /d1/689/AUTH_5b4b45fa43af4f24bc89f2a65143b996/gnocchi.21b4c1de-ea0e-496c-9128-768f8091f673" 200 2 "GET http://172.18.0.2:8080/v1/AUTH_5b4b45fa43af4f24bc89f2a65143b996/gnocchi.21b4c1de-ea0e-496c-9128-768f8091f673?format=json&marker=none_v3&states=listing" "tx64ce5b174a1e4cce83e2e-00697cbe93" "proxy-server 20" 0.0040 "-" 15 0
Jan 30 14:22:11 standalone proxy-server[129720]: 172.18.0.2 172.18.0.100 30/Jan/2026/14/22/11 GET /v1/AUTH_5b4b45fa43af4f24bc89f2a65143b996/gnocchi.21b4c1de-ea0e-496c-9128-768f8091f673%3Fformat%3Djson%26marker%3Dnone_v3%26states%3Dlisting HTTP/1.0 200 - python-swiftclient-3.11.1 gAAAAABpfL4XpeS_... - 2 - tx64ce5b174a1e4cce83e2e-00697cbe93 - 0.0137 - - 1769782931.342795610 1769782931.356524229 0
Jan 30 14:22:11 standalone object-server[127892]: 172.20.0.100 - - [30/Jan/2026:14:22:11 +0000] "GET /d1/309/AUTH_5b4b45fa43af4f24bc89f2a65143b996/gnocchi.21b4c1de-ea0e-496c-9128-768f8091f673/1769040000.0_mean_300.0_v3" 200 16 "GET http://172.18.0.2:8080/v1/AUTH_5b4b45fa43af4f24bc89f2a65143b996/gnocchi.21b4c1de-ea0e-496c-9128-768f8091f673/1769040000.0_mean_300.0_v3" "tx1656e6d328404b08a7cd5-00697cbe93" "proxy-server 20" 0.0013 "-" 23 0
Jan 30 14:22:11 standalone proxy-server[129720]: 172.18.0.2 172.18.0.100 30/Jan/2026/14/22/11 GET /v1/AUTH_5b4b45fa43af4f24bc89f2a65143b996/gnocchi.21b4c1de-ea0e-496c-9128-768f8091f673/1769040000.0_mean_300.0_v3 HTTP/1.0 200 - python-swiftclient-3.11.1 gAAAAABpfL4XpeS_... - 16 - tx1656e6d328404b08a7cd5-00697cbe93 - 0.0106 - - 1769782931.361840010 1769782931.372486115 0
Jan 30 14:22:11 standalone container-server[127712]: 172.20.0.100 - - [30/Jan/2026:14:22:11 +0000] "PUT /d1/689/AUTH_5b4b45fa43af4f24bc89f2a65143b996/gnocchi.21b4c1de-ea0e-496c-9128-768f8091f673/1769040000.0_mean_300.0_v3" 201 - "PUT http://172.18.0.2:8080/d1/309/AUTH_5b4b45fa43af4f24bc89f2a65143b996/gnocchi.21b4c1de-ea0e-496c-9128-768f8091f673/1769040000.0_mean_300.0_v3" "tx7052590d73c544f1a4eed-00697cbe93" "object-server 25" 0.0008 "-" 16 0
Jan 30 14:22:11 standalone object-server[127894]: 172.20.0.100 - - [30/Jan/2026:14:22:11 +0000] "PUT /d1/309/AUTH_5b4b45fa43af4f24bc89f2a65143b996/gnocchi.21b4c1de-ea0e-496c-9128-768f8091f673/1769040000.0_mean_300.0_v3" 201 - "PUT http://172.18.0.2:8080/v1/AUTH_5b4b45fa43af4f24bc89f2a65143b996/gnocchi.21b4c1de-ea0e-496c-9128-768f8091f673/1769040000.0_mean_300.0_v3" "tx7052590d73c544f1a4eed-00697cbe93" "proxy-server 20" 0.0140 "-" 25 0
Jan 30 14:22:11 standalone proxy-server[129720]: 172.18.0.2 172.18.0.100 30/Jan/2026/14/22/11 PUT /v1/AUTH_5b4b45fa43af4f24bc89f2a65143b996/gnocchi.21b4c1de-ea0e-496c-9128-768f8091f673/1769040000.0_mean_300.0_v3 HTTP/1.0 201 - python-swiftclient-3.11.1 gAAAAABpfL4XpeS_... 16 - - tx7052590d73c544f1a4eed-00697cbe93 - 0.0273 - - 1769782931.376478195 1769782931.403741360 0
Jan 30 14:22:11 standalone container-server[127712]: 172.20.0.100 - - [30/Jan/2026:14:22:11 +0000] "PUT /d1/689/AUTH_5b4b45fa43af4f24bc89f2a65143b996/gnocchi.21b4c1de-ea0e-496c-9128-768f8091f673/none_v3" 201 - "PUT http://172.18.0.2:8080/d1/171/AUTH_5b4b45fa43af4f24bc89f2a65143b996/gnocchi.21b4c1de-ea0e-496c-9128-768f8091f673/none_v3" "txde1c40f281c94f1d9a00f-00697cbe93" "object-server 25" 0.0008 "-" 16 0
Jan 30 14:22:11 standalone object-server[127894]: 172.20.0.100 - - [30/Jan/2026:14:22:11 +0000] "PUT /d1/171/AUTH_5b4b45fa43af4f24bc89f2a65143b996/gnocchi.21b4c1de-ea0e-496c-9128-768f8091f673/none_v3" 201 - "PUT http://172.18.0.2:8080/v1/AUTH_5b4b45fa43af4f24bc89f2a65143b996/gnocchi.21b4c1de-ea0e-496c-9128-768f8091f673/none_v3" "txde1c40f281c94f1d9a00f-00697cbe93" "proxy-server 20" 0.0150 "-" 25 0
Jan 30 14:22:11 standalone proxy-server[129720]: 172.18.0.2 172.18.0.100 30/Jan/2026/14/22/11 PUT /v1/AUTH_5b4b45fa43af4f24bc89f2a65143b996/gnocchi.21b4c1de-ea0e-496c-9128-768f8091f673/none_v3 HTTP/1.0 201 - python-swiftclient-3.11.1 gAAAAABpfL4XpeS_... 32 - - txde1c40f281c94f1d9a00f-00697cbe93 - 0.0244 - - 1769782931.407314539 1769782931.431729317 0
Jan 30 14:22:11 standalone object-server[127891]: 172.20.0.100 - - [30/Jan/2026:14:22:11 +0000] "GET /d1/495/AUTH_5b4b45fa43af4f24bc89f2a65143b996/gnocchi.13b9776c-4ba1-40d3-a34b-5ff04bf0fe79/none_v3" 200 22 "GET http://172.18.0.2:8080/v1/AUTH_5b4b45fa43af4f24bc89f2a65143b996/gnocchi.13b9776c-4ba1-40d3-a34b-5ff04bf0fe79/none_v3" "tx857a714432694319ab581-00697cbe93" "proxy-server 20" 0.0011 "-" 22 0
Jan 30 14:22:11 standalone proxy-server[129720]: 172.18.0.2 172.18.0.100 30/Jan/2026/14/22/11 GET /v1/AUTH_5b4b45fa43af4f24bc89f2a65143b996/gnocchi.13b9776c-4ba1-40d3-a34b-5ff04bf0fe79/none_v3 HTTP/1.0 200 - python-swiftclient-3.11.1 gAAAAABpfL4XpeS_... - 22 - tx857a714432694319ab581-00697cbe93 - 0.0113 - - 1769782931.447129250 1769782931.458477974 0
Jan 30 14:22:11 standalone container-server[127698]: 172.20.0.100 - - [30/Jan/2026:14:22:11 +0000] "GET /d1/273/AUTH_5b4b45fa43af4f24bc89f2a65143b996/gnocchi.13b9776c-4ba1-40d3-a34b-5ff04bf0fe79" 200 357 "GET http://172.18.0.2:8080/v1/AUTH_5b4b45fa43af4f24bc89f2a65143b996/gnocchi.13b9776c-4ba1-40d3-a34b-5ff04bf0fe79?format=json&states=listing" "txfd8e1b00b97542a690b05-00697cbe93" "proxy-server 20" 0.0102 "-" 15 0
Jan 30 14:22:11 standalone proxy-server[129720]: 172.18.0.2 172.18.0.100 30/Jan/2026/14/22/11 GET /v1/AUTH_5b4b45fa43af4f24bc89f2a65143b996/gnocchi.13b9776c-4ba1-40d3-a34b-5ff04bf0fe79%3Fformat%3Djson%26states%3Dlisting HTTP/1.0 200 - python-swiftclient-3.11.1 gAAAAABpfL4XpeS_... - 357 - txfd8e1b00b97542a690b05-00697cbe93 - 0.0226 - - 1769782931.464258909 1769782931.486887217 0
Jan 30 14:22:11 standalone container-server[127698]: 172.20.0.100 - - [30/Jan/2026:14:22:11 +0000] "GET /d1/273/AUTH_5b4b45fa43af4f24bc89f2a65143b996/gnocchi.13b9776c-4ba1-40d3-a34b-5ff04bf0fe79" 200 2 "GET http://172.18.0.2:8080/v1/AUTH_5b4b45fa43af4f24bc89f2a65143b996/gnocchi.13b9776c-4ba1-40d3-a34b-5ff04bf0fe79?format=json&marker=none_v3&states=listing" "txe2ad4e44adbb449eacc54-00697cbe93" "proxy-server 20" 0.0038 "-" 15 0
Jan 30 14:22:11 standalone proxy-server[129720]: 172.18.0.2 172.18.0.100 30/Jan/2026/14/22/11 GET /v1/AUTH_5b4b45fa43af4f24bc89f2a65143b996/gnocchi.13b9776c-4ba1-40d3-a34b-5ff04bf0fe79%3Fformat%3Djson%26marker%3Dnone_v3%26states%3Dlisting HTTP/1.0 200 - python-swiftclient-3.11.1 gAAAAABpfL4XpeS_... - 2 - txe2ad4e44adbb449eacc54-00697cbe93 - 0.0157 - - 1769782931.491193295 1769782931.506919861 0
Jan 30 14:22:11 standalone object-server[127892]: 172.20.0.100 - - [30/Jan/2026:14:22:11 +0000] "GET /d1/211/AUTH_5b4b45fa43af4f24bc89f2a65143b996/gnocchi.13b9776c-4ba1-40d3-a34b-5ff04bf0fe79/1769040000.0_mean_300.0_v3" 200 16 "GET http://172.18.0.2:8080/v1/AUTH_5b4b45fa43af4f24bc89f2a65143b996/gnocchi.13b9776c-4ba1-40d3-a34b-5ff04bf0fe79/1769040000.0_mean_300.0_v3" "tx1bda389d2ddd47868ec84-00697cbe93" "proxy-server 20" 0.0013 "-" 23 0
Jan 30 14:22:11 standalone proxy-server[129720]: 172.18.0.2 172.18.0.100 30/Jan/2026/14/22/11 GET /v1/AUTH_5b4b45fa43af4f24bc89f2a65143b996/gnocchi.13b9776c-4ba1-40d3-a34b-5ff04bf0fe79/1769040000.0_mean_300.0_v3 HTTP/1.0 200 - python-swiftclient-3.11.1 gAAAAABpfL4XpeS_... - 16 - tx1bda389d2ddd47868ec84-00697cbe93 - 0.0112 - - 1769782931.514088154 1769782931.525329351 0
Jan 30 14:22:11 standalone container-server[127732]: 172.20.0.100 - - [30/Jan/2026:14:22:11 +0000] "PUT /d1/273/AUTH_5b4b45fa43af4f24bc89f2a65143b996/gnocchi.13b9776c-4ba1-40d3-a34b-5ff04bf0fe79/1769040000.0_mean_300.0_v3" 201 - "PUT http://172.18.0.2:8080/d1/211/AUTH_5b4b45fa43af4f24bc89f2a65143b996/gnocchi.13b9776c-4ba1-40d3-a34b-5ff04bf0fe79/1769040000.0_mean_300.0_v3" "tx42effabb3f2044b6b966d-00697cbe93" "object-server 24" 0.0011 "-" 17 0
Jan 30 14:22:11 standalone object-server[127893]: 172.20.0.100 - - [30/Jan/2026:14:22:11 +0000] "PUT /d1/211/AUTH_5b4b45fa43af4f24bc89f2a65143b996/gnocchi.13b9776c-4ba1-40d3-a34b-5ff04bf0fe79/1769040000.0_mean_300.0_v3" 201 - "PUT http://172.18.0.2:8080/v1/AUTH_5b4b45fa43af4f24bc89f2a65143b996/gnocchi.13b9776c-4ba1-40d3-a34b-5ff04bf0fe79/1769040000.0_mean_300.0_v3" "tx42effabb3f2044b6b966d-00697cbe93" "proxy-server 20" 0.0120 "-" 24 0
Jan 30 14:22:11 standalone proxy-server[129720]: 172.18.0.2 172.18.0.100 30/Jan/2026/14/22/11 PUT /v1/AUTH_5b4b45fa43af4f24bc89f2a65143b996/gnocchi.13b9776c-4ba1-40d3-a34b-5ff04bf0fe79/1769040000.0_mean_300.0_v3 HTTP/1.0 201 - python-swiftclient-3.11.1 gAAAAABpfL4XpeS_... 16 - - tx42effabb3f2044b6b966d-00697cbe93 - 0.0209 - - 1769782931.530452251 1769782931.551331758 0
Jan 30 14:22:11 standalone container-server[127698]: 172.20.0.100 - - [30/Jan/2026:14:22:11 +0000] "PUT /d1/273/AUTH_5b4b45fa43af4f24bc89f2a65143b996/gnocchi.13b9776c-4ba1-40d3-a34b-5ff04bf0fe79/none_v3" 201 - "PUT http://172.18.0.2:8080/d1/495/AUTH_5b4b45fa43af4f24bc89f2a65143b996/gnocchi.13b9776c-4ba1-40d3-a34b-5ff04bf0fe79/none_v3" "tx4e9d06c70fc848108f966-00697cbe93" "object-server 22" 0.0008 "-" 15 0
Jan 30 14:22:11 standalone object-server[127891]: 172.20.0.100 - - [30/Jan/2026:14:22:11 +0000] "PUT /d1/495/AUTH_5b4b45fa43af4f24bc89f2a65143b996/gnocchi.13b9776c-4ba1-40d3-a34b-5ff04bf0fe79/none_v3" 201 - "PUT http://172.18.0.2:8080/v1/AUTH_5b4b45fa43af4f24bc89f2a65143b996/gnocchi.13b9776c-4ba1-40d3-a34b-5ff04bf0fe79/none_v3" "tx4e9d06c70fc848108f966-00697cbe93" "proxy-server 20" 0.0149 "-" 22 0
Jan 30 14:22:11 standalone proxy-server[129720]: 172.18.0.2 172.18.0.100 30/Jan/2026/14/22/11 PUT /v1/AUTH_5b4b45fa43af4f24bc89f2a65143b996/gnocchi.13b9776c-4ba1-40d3-a34b-5ff04bf0fe79/none_v3 HTTP/1.0 201 - python-swiftclient-3.11.1 gAAAAABpfL4XpeS_... 32 - - tx4e9d06c70fc848108f966-00697cbe93 - 0.0254 - - 1769782931.555881500 1769782931.581300735 0
Jan 30 14:22:14 standalone container-server[127712]: 172.20.0.100 - - [30/Jan/2026:14:22:14 +0000] "HEAD /d1/221/AUTH_5b4b45fa43af4f24bc89f2a65143b996/gnocchi.922b48f0-f950-4851-a132-ffb8e90893b9" 404 - "HEAD http://172.18.0.2:8080/v1/AUTH_5b4b45fa43af4f24bc89f2a65143b996/gnocchi.922b48f0-f950-4851-a132-ffb8e90893b9?format=json&states=listing" "txdb06da3de03645668bc18-00697cbe96" "proxy-server 20" 0.0006 "-" 16 0
Jan 30 14:22:14 standalone object-server[127894]: 172.20.0.100 - - [30/Jan/2026:14:22:14 +0000] "GET /d1/797/AUTH_5b4b45fa43af4f24bc89f2a65143b996/gnocchi.922b48f0-f950-4851-a132-ffb8e90893b9/none_v3" 404 70 "GET http://172.18.0.2:8080/v1/AUTH_5b4b45fa43af4f24bc89f2a65143b996/gnocchi.922b48f0-f950-4851-a132-ffb8e90893b9/none_v3" "txdb06da3de03645668bc18-00697cbe96" "proxy-server 20" 0.0004 "-" 25 0
Jan 30 14:22:14 standalone proxy-server[129720]: 172.18.0.2 172.18.0.100 30/Jan/2026/14/22/14 GET /v1/AUTH_5b4b45fa43af4f24bc89f2a65143b996/gnocchi.922b48f0-f950-4851-a132-ffb8e90893b9/none_v3 HTTP/1.0 404 - python-swiftclient-3.11.1 gAAAAABpfL4XpeS_... - 70 - txdb06da3de03645668bc18-00697cbe96 - 0.0086 - - 1769782934.518954515 1769782934.527553320 0
Jan 30 14:22:14 standalone account-server[127582]: 172.20.0.100 - - [30/Jan/2026:14:22:14 +0000] "PUT /d1/347/AUTH_5b4b45fa43af4f24bc89f2a65143b996/gnocchi.922b48f0-f950-4851-a132-ffb8e90893b9" 201 - "PUT http://172.20.0.100:6001/d1/221/AUTH_5b4b45fa43af4f24bc89f2a65143b996/gnocchi.922b48f0-f950-4851-a132-ffb8e90893b9" "tx8e3528f7ee0f485b8bd33-00697cbe96" "container-server 15" 0.0013 "-" 22 0
Jan 30 14:22:14 standalone container-server[127698]: 172.20.0.100 - - [30/Jan/2026:14:22:14 +0000] "PUT /d1/221/AUTH_5b4b45fa43af4f24bc89f2a65143b996/gnocchi.922b48f0-f950-4851-a132-ffb8e90893b9" 201 - "PUT http://172.18.0.2:8080/v1/AUTH_5b4b45fa43af4f24bc89f2a65143b996/gnocchi.922b48f0-f950-4851-a132-ffb8e90893b9" "tx8e3528f7ee0f485b8bd33-00697cbe96" "proxy-server 20" 0.0134 "-" 15 0
Jan 30 14:22:14 standalone proxy-server[129720]: 172.18.0.2 172.18.0.100 30/Jan/2026/14/22/14 PUT /v1/AUTH_5b4b45fa43af4f24bc89f2a65143b996/gnocchi.922b48f0-f950-4851-a132-ffb8e90893b9 HTTP/1.0 201 - python-swiftclient-3.11.1 gAAAAABpfL4XpeS_... - - - tx8e3528f7ee0f485b8bd33-00697cbe96 - 0.0197 - - 1769782934.530233622 1769782934.549891949 0
Jan 30 14:22:14 standalone container-server[127698]: 172.20.0.100 - - [30/Jan/2026:14:22:14 +0000] "HEAD /d1/221/AUTH_5b4b45fa43af4f24bc89f2a65143b996/gnocchi.922b48f0-f950-4851-a132-ffb8e90893b9" 204 - "HEAD http://172.18.0.2:8080/v1/AUTH_5b4b45fa43af4f24bc89f2a65143b996/gnocchi.922b48f0-f950-4851-a132-ffb8e90893b9?format=json&states=listing" "tx994b5496bf24430297b20-00697cbe96" "proxy-server 20" 0.0013 "-" 15 0
Jan 30 14:22:14 standalone proxy-server[129720]: - - 30/Jan/2026/14/22/14 HEAD /v1/AUTH_5b4b45fa43af4f24bc89f2a65143b996/gnocchi.922b48f0-f950-4851-a132-ffb8e90893b9%3Fformat%3Djson%26states%3Dlisting HTTP/1.0 204 - Swift - - - - tx994b5496bf24430297b20-00697cbe96 - 0.0082 RL - 1769782934.559583664 1769782934.567815542 0
Jan 30 14:22:14 standalone container-server[127698]: 172.20.0.100 - - [30/Jan/2026:14:22:14 +0000] "GET /d1/221/AUTH_5b4b45fa43af4f24bc89f2a65143b996/gnocchi.922b48f0-f950-4851-a132-ffb8e90893b9" 200 2 "GET http://172.18.0.2:8080/v1/AUTH_5b4b45fa43af4f24bc89f2a65143b996/gnocchi.922b48f0-f950-4851-a132-ffb8e90893b9?format=json&states=listing" "tx994b5496bf24430297b20-00697cbe96" "proxy-server 20" 0.0015 "-" 15 0
Jan 30 14:22:14 standalone proxy-server[129720]: 172.18.0.2 172.18.0.100 30/Jan/2026/14/22/14 GET /v1/AUTH_5b4b45fa43af4f24bc89f2a65143b996/gnocchi.922b48f0-f950-4851-a132-ffb8e90893b9%3Fformat%3Djson%26states%3Dlisting HTTP/1.0 200 - python-swiftclient-3.11.1 gAAAAABpfL4XpeS_... - 2 - tx994b5496bf24430297b20-00697cbe96 - 0.0215 - - 1769782934.556368351 1769782934.577901363 0
Jan 30 14:22:14 standalone object-server[127891]: 172.20.0.100 - - [30/Jan/2026:14:22:14 +0000] "GET /d1/523/AUTH_5b4b45fa43af4f24bc89f2a65143b996/gnocchi.922b48f0-f950-4851-a132-ffb8e90893b9/1769040000.0_mean_300.0_v3" 404 70 "GET http://172.18.0.2:8080/v1/AUTH_5b4b45fa43af4f24bc89f2a65143b996/gnocchi.922b48f0-f950-4851-a132-ffb8e90893b9/1769040000.0_mean_300.0_v3" "tx3591f878edc54fe7a2cca-00697cbe96" "proxy-server 20" 0.0005 "-" 22 0
Jan 30 14:22:14 standalone proxy-server[129720]: 172.18.0.2 172.18.0.100 30/Jan/2026/14/22/14 GET /v1/AUTH_5b4b45fa43af4f24bc89f2a65143b996/gnocchi.922b48f0-f950-4851-a132-ffb8e90893b9/1769040000.0_mean_300.0_v3 HTTP/1.0 404 - python-swiftclient-3.11.1 gAAAAABpfL4XpeS_... - 70 - tx3591f878edc54fe7a2cca-00697cbe96 - 0.0066 - - 1769782934.581470013 1769782934.588061810 0
Jan 30 14:22:14 standalone container-server[127696]: 172.20.0.100 - - [30/Jan/2026:14:22:14 +0000] "PUT /d1/221/AUTH_5b4b45fa43af4f24bc89f2a65143b996/gnocchi.922b48f0-f950-4851-a132-ffb8e90893b9/1769040000.0_mean_300.0_v3" 201 - "PUT http://172.18.0.2:8080/d1/523/AUTH_5b4b45fa43af4f24bc89f2a65143b996/gnocchi.922b48f0-f950-4851-a132-ffb8e90893b9/1769040000.0_mean_300.0_v3" "tx92824515bf22408eb8313-00697cbe96" "object-server 24" 0.0006 "-" 14 0
Jan 30 14:22:14 standalone object-server[127893]: 172.20.0.100 - - [30/Jan/2026:14:22:14 +0000] "PUT /d1/523/AUTH_5b4b45fa43af4f24bc89f2a65143b996/gnocchi.922b48f0-f950-4851-a132-ffb8e90893b9/1769040000.0_mean_300.0_v3" 201 - "PUT http://172.18.0.2:8080/v1/AUTH_5b4b45fa43af4f24bc89f2a65143b996/gnocchi.922b48f0-f950-4851-a132-ffb8e90893b9/1769040000.0_mean_300.0_v3" "tx92824515bf22408eb8313-00697cbe96" "proxy-server 20" 0.0130 "-" 24 0
