Jan 30 14:07:56 standalone account-server[127225]: Starting 2
Jan 30 14:07:56 standalone account-server[127263]: Started child 20 from parent 2
Jan 30 14:07:56 standalone account-server[127263]: Started child 21 from parent 2
Jan 30 14:07:56 standalone account-server[127263]: Started child 22 from parent 2
Jan 30 14:07:56 standalone account-server[127263]: Started child 23 from parent 2
Jan 30 14:07:56 standalone container-server[127492]: Option allow_versions is deprecated. Configure the versioned_writes middleware in the proxy-server instead. This option will be ignored in a future release.
Jan 30 14:07:56 standalone container-server[127696]: Option allow_versions is deprecated. Configure the versioned_writes middleware in the proxy-server instead. This option will be ignored in a future release.
Jan 30 14:07:56 standalone container-server[127492]: Started child 14 from parent 2
Jan 30 14:07:57 standalone container-server[127698]: Option allow_versions is deprecated. Configure the versioned_writes middleware in the proxy-server instead. This option will be ignored in a future release.
Jan 30 14:07:57 standalone container-server[127492]: Started child 15 from parent 2
Jan 30 14:07:57 standalone container-server[127530]: Starting 2
Jan 30 14:07:57 standalone container-server[127712]: Option allow_versions is deprecated. Configure the versioned_writes middleware in the proxy-server instead. This option will be ignored in a future release.
Jan 30 14:07:57 standalone container-server[127492]: Started child 16 from parent 2
Jan 30 14:07:57 standalone container-server[127732]: Option allow_versions is deprecated. Configure the versioned_writes middleware in the proxy-server instead. This option will be ignored in a future release.
Jan 30 14:07:57 standalone container-server[127492]: Started child 17 from parent 2
Jan 30 14:07:57 standalone object-expirer[127656]: Starting 2
Jan 30 14:07:57 standalone object-expirer[127656]: Option auto_create_account_prefix is deprecated. Configure auto_create_account_prefix under the swift-constraints section of swift.conf. This option will be ignored in a future release.
Jan 30 14:07:57 standalone object-server[127730]: Started child 22 from parent 2
Jan 30 14:07:57 standalone object-server[127730]: Started child 23 from parent 2
Jan 30 14:07:57 standalone object-server[127730]: Started child 24 from parent 2
Jan 30 14:07:57 standalone object-server[127730]: Started child 25 from parent 2
Jan 30 14:07:57 standalone object-server[127819]: Starting 2
Jan 30 14:08:04 standalone proxy-server[129450]: Starting Keystone auth_token middleware
Jan 30 14:08:04 standalone proxy-server[129450]: AuthToken middleware is set with keystone_authtoken.service_token_roles_required set to False. This is backwards compatible but deprecated behaviour. Please set this to True.
Jan 30 14:08:04 standalone proxy-server[129720]: Starting Keystone auth_token middleware
Jan 30 14:08:04 standalone proxy-server[129720]: STDERR: The option "bind_port" is not known to keystonemiddleware
Jan 30 14:08:04 standalone proxy-server[129720]: STDERR: The option "workers" is not known to keystonemiddleware
Jan 30 14:08:04 standalone proxy-server[129720]: STDERR: The option "user" is not known to keystonemiddleware
Jan 30 14:08:04 standalone proxy-server[129720]: STDERR: The option "bind_ip" is not known to keystonemiddleware
Jan 30 14:08:04 standalone proxy-server[129720]: STDERR: The option "log_name" is not known to keystonemiddleware
Jan 30 14:08:04 standalone proxy-server[129720]: STDERR: The option "log_facility" is not known to keystonemiddleware
Jan 30 14:08:04 standalone proxy-server[129720]: STDERR: The option "log_level" is not known to keystonemiddleware
Jan 30 14:08:04 standalone proxy-server[129720]: STDERR: The option "log_headers" is not known to keystonemiddleware
Jan 30 14:08:04 standalone proxy-server[129720]: STDERR: The option "log_address" is not known to keystonemiddleware
Jan 30 14:08:04 standalone proxy-server[129720]: STDERR: The option "project_name" is not known to keystonemiddleware
Jan 30 14:08:04 standalone proxy-server[129720]: STDERR: The option "username" is not known to keystonemiddleware
Jan 30 14:08:04 standalone proxy-server[129720]: STDERR: The option "password" is not known to keystonemiddleware
Jan 30 14:08:04 standalone proxy-server[129720]: STDERR: The option "auth_url" is not known to keystonemiddleware
Jan 30 14:08:04 standalone proxy-server[129720]: STDERR: The option "signing_dir" is not known to keystonemiddleware
Jan 30 14:08:04 standalone proxy-server[129720]: STDERR: The option "project_domain_id" is not known to keystonemiddleware
Jan 30 14:08:04 standalone proxy-server[129720]: STDERR: The option "user_domain_id" is not known to keystonemiddleware
Jan 30 14:08:04 standalone proxy-server[129720]: STDERR: The option "__name__" is not known to keystonemiddleware
Jan 30 14:08:04 standalone proxy-server[129720]: AuthToken middleware is set with keystone_authtoken.service_token_roles_required set to False. This is backwards compatible but deprecated behaviour. Please set this to True.
Jan 30 14:08:04 standalone proxy-server[129450]: Started child 20 from parent 2
Jan 30 14:09:21 standalone account-server[127575]: 172.20.0.100 - - [30/Jan/2026:14:09:21 +0000] "HEAD /d1/951/.expiring_objects" 404 - "HEAD http://localhost/v1/.expiring_objects?format=json" "txf32f6b815ea74daea1ae3-00697cbb91" "proxy-server 2" 0.0010 "-" 21 -
Jan 30 14:09:21 standalone object-expirer[127656]: Pass completed in 0s; 0 objects expired (txn: txf32f6b815ea74daea1ae3-00697cbb91)
Jan 30 14:10:02 standalone object-server[127819]: Begin object update sweep
Jan 30 14:10:02 standalone object-server[143458]: Object update sweep starting on /srv/node/d1 (pid: 11)
Jan 30 14:10:02 standalone object-server[143458]: Object update sweep completed on /srv/node/d1 in 0.00s seconds:, 0 successes, 0 failures, 0 quarantines, 0 unlinks, 0 errors, 0 redirects (pid: 11)
Jan 30 14:10:02 standalone object-server[143458]: Object update sweep of d1 completed: 0.00s, 0 successes, 0 failures, 0 quarantines, 0 unlinks, 0 errors, 0 redirects
Jan 30 14:10:02 standalone object-server[127819]: Object update sweep completed: 0.07s
Jan 30 14:10:27 standalone container-server[127530]: Begin container update sweep
Jan 30 14:10:27 standalone container-server[127530]: Container update sweep completed: 0.00s
Jan 30 14:13:36 standalone account-server[127582]: 172.20.0.100 - - [30/Jan/2026:14:13:36 +0000] "HEAD /d1/951/.expiring_objects" 404 - "HEAD http://localhost/v1/.expiring_objects?format=json" "tx37442af5aab64b94b81df-00697cbc90" "proxy-server 2" 0.0014 "-" 22 -
Jan 30 14:13:36 standalone object-expirer[127656]: Pass completed in 0s; 0 objects expired (txn: tx37442af5aab64b94b81df-00697cbc90)
Jan 30 14:15:02 standalone object-server[127819]: Begin object update sweep
Jan 30 14:15:02 standalone object-server[180751]: Object update sweep starting on /srv/node/d1 (pid: 13)
Jan 30 14:15:02 standalone object-server[180751]: Object update sweep completed on /srv/node/d1 in 0.00s seconds:, 0 successes, 0 failures, 0 quarantines, 0 unlinks, 0 errors, 0 redirects (pid: 13)
Jan 30 14:15:02 standalone object-server[180751]: Object update sweep of d1 completed: 0.00s, 0 successes, 0 failures, 0 quarantines, 0 unlinks, 0 errors, 0 redirects
Jan 30 14:15:02 standalone object-server[127819]: Object update sweep completed: 0.12s
Jan 30 14:15:27 standalone container-server[127530]: Begin container update sweep
Jan 30 14:15:27 standalone container-server[127530]: Container update sweep completed: 0.00s
Jan 30 14:15:50 standalone account-server[127589]: 172.20.0.100 - - [30/Jan/2026:14:15:50 +0000] "HEAD /d1/951/.expiring_objects" 404 - "HEAD http://localhost/v1/.expiring_objects?format=json" "tx754a46425a9d4d9bacc53-00697cbd16" "proxy-server 2" 0.0014 "-" 23 -
Jan 30 14:15:50 standalone object-expirer[127656]: Pass completed in 0s; 0 objects expired (txn: tx754a46425a9d4d9bacc53-00697cbd16)
Jan 30 14:18:29 standalone account-server[127582]: 172.20.0.100 - - [30/Jan/2026:14:18:29 +0000] "HEAD /d1/951/.expiring_objects" 404 - "HEAD http://localhost/v1/.expiring_objects?format=json" "tx73dea5e9cafe427099624-00697cbdb5" "proxy-server 2" 0.0008 "-" 22 -
Jan 30 14:18:29 standalone object-expirer[127656]: Pass completed in 0s; 0 objects expired (txn: tx73dea5e9cafe427099624-00697cbdb5)
Jan 30 14:20:02 standalone object-server[127819]: Begin object update sweep
Jan 30 14:20:02 standalone object-server[219463]: Object update sweep starting on /srv/node/d1 (pid: 14)
Jan 30 14:20:02 standalone object-server[219463]: Object update sweep completed on /srv/node/d1 in 0.00s seconds:, 0 successes, 0 failures, 0 quarantines, 0 unlinks, 0 errors, 0 redirects (pid: 14)
Jan 30 14:20:02 standalone object-server[219463]: Object update sweep of d1 completed: 0.00s, 0 successes, 0 failures, 0 quarantines, 0 unlinks, 0 errors, 0 redirects
Jan 30 14:20:02 standalone object-server[127819]: Object update sweep completed: 0.09s
Jan 30 14:20:07 standalone account-server[127575]: 172.20.0.100 - - [30/Jan/2026:14:20:07 +0000] "HEAD /d1/347/AUTH_5b4b45fa43af4f24bc89f2a65143b996" 404 - "HEAD http://172.18.0.2:8080/v1/AUTH_5b4b45fa43af4f24bc89f2a65143b996?format=json" "txb75f9d51112445738cb72-00697cbe17" "proxy-server 20" 0.0005 "-" 21 -
Jan 30 14:20:07 standalone proxy-server[129720]: - - 30/Jan/2026/14/20/07 HEAD /v1/AUTH_5b4b45fa43af4f24bc89f2a65143b996%3Fformat%3Djson HTTP/1.0 200 - Swift - - - - txb75f9d51112445738cb72-00697cbe17 - 0.0043 RL - 1769782807.272365093 1769782807.276649714 -
Jan 30 14:20:07 standalone object-server[127894]: 172.20.0.100 - - [30/Jan/2026:14:20:07 +0000] "GET /d1/224/AUTH_5b4b45fa43af4f24bc89f2a65143b996/gnocchi.093b7830-af62-4318-ad2f-3d57ae17eae3/none_v3" 404 70 "GET http://172.18.0.2:8080/v1/AUTH_5b4b45fa43af4f24bc89f2a65143b996/gnocchi.093b7830-af62-4318-ad2f-3d57ae17eae3/none_v3" "txb75f9d51112445738cb72-00697cbe17" "proxy-server 20" 0.0013 "-" 25 0
Jan 30 14:20:07 standalone proxy-server[129720]: 172.18.0.2 172.18.0.100 30/Jan/2026/14/20/07 GET /v1/AUTH_5b4b45fa43af4f24bc89f2a65143b996/gnocchi.093b7830-af62-4318-ad2f-3d57ae17eae3/none_v3 HTTP/1.0 404 - python-swiftclient-3.11.1 gAAAAABpfL4XpeS_... - 70 - txb75f9d51112445738cb72-00697cbe17 - 0.3915 - - 1769782807.270134687 1769782807.661596775 0
Jan 30 14:20:07 standalone account-server[127571]: 172.20.0.100 - - [30/Jan/2026:14:20:07 +0000] "PUT /d1/347/AUTH_5b4b45fa43af4f24bc89f2a65143b996" 201 - "-" "tx2cda986122684dd7aa883-00697cbe17" "-" 0.0164 "-" 20 -
Jan 30 14:20:07 standalone proxy-server[129720]: autocreate account '/AUTH_5b4b45fa43af4f24bc89f2a65143b996' (txn: tx2cda986122684dd7aa883-00697cbe17)
Jan 30 14:20:07 standalone account-server[127589]: 172.20.0.100 - - [30/Jan/2026:14:20:07 +0000] "HEAD /d1/347/AUTH_5b4b45fa43af4f24bc89f2a65143b996" 204 - "HEAD http://172.18.0.2:8080/v1/AUTH_5b4b45fa43af4f24bc89f2a65143b996?format=json" "tx2cda986122684dd7aa883-00697cbe17" "proxy-server 20" 0.0022 "-" 23 -
Jan 30 14:20:07 standalone account-server[127571]: 172.20.0.100 - - [30/Jan/2026:14:20:07 +0000] "PUT /d1/347/AUTH_5b4b45fa43af4f24bc89f2a65143b996/gnocchi.093b7830-af62-4318-ad2f-3d57ae17eae3" 201 - "PUT http://172.20.0.100:6001/d1/565/AUTH_5b4b45fa43af4f24bc89f2a65143b996/gnocchi.093b7830-af62-4318-ad2f-3d57ae17eae3" "tx2cda986122684dd7aa883-00697cbe17" "container-server 15" 0.0018 "-" 20 0
Jan 30 14:20:07 standalone container-server[127698]: 172.20.0.100 - - [30/Jan/2026:14:20:07 +0000] "PUT /d1/565/AUTH_5b4b45fa43af4f24bc89f2a65143b996/gnocchi.093b7830-af62-4318-ad2f-3d57ae17eae3" 201 - "PUT http://172.18.0.2:8080/v1/AUTH_5b4b45fa43af4f24bc89f2a65143b996/gnocchi.093b7830-af62-4318-ad2f-3d57ae17eae3" "tx2cda986122684dd7aa883-00697cbe17" "proxy-server 20" 0.0148 "-" 15 0
Jan 30 14:20:07 standalone proxy-server[129720]: 172.18.0.2 172.18.0.100 30/Jan/2026/14/20/07 PUT /v1/AUTH_5b4b45fa43af4f24bc89f2a65143b996/gnocchi.093b7830-af62-4318-ad2f-3d57ae17eae3 HTTP/1.0 201 - python-swiftclient-3.11.1 gAAAAABpfL4XpeS_... - - - tx2cda986122684dd7aa883-00697cbe17 - 0.0480 - - 1769782807.665600061 1769782807.713570833 0
Jan 30 14:20:07 standalone container-server[127696]: 172.20.0.100 - - [30/Jan/2026:14:20:07 +0000] "HEAD /d1/565/AUTH_5b4b45fa43af4f24bc89f2a65143b996/gnocchi.093b7830-af62-4318-ad2f-3d57ae17eae3" 204 - "HEAD http://172.18.0.2:8080/v1/AUTH_5b4b45fa43af4f24bc89f2a65143b996/gnocchi.093b7830-af62-4318-ad2f-3d57ae17eae3?format=json&states=listing" "txe7f5780dfccb4cb9a345a-00697cbe17" "proxy-server 20" 0.0034 "-" 14 0
Jan 30 14:20:07 standalone proxy-server[129720]: - - 30/Jan/2026/14/20/07 HEAD /v1/AUTH_5b4b45fa43af4f24bc89f2a65143b996/gnocchi.093b7830-af62-4318-ad2f-3d57ae17eae3%3Fformat%3Djson%26states%3Dlisting HTTP/1.0 204 - Swift - - - - txe7f5780dfccb4cb9a345a-00697cbe17 - 0.0071 RL - 1769782807.719438791 1769782807.726550102 0
Jan 30 14:20:07 standalone container-server[127712]: 172.20.0.100 - - [30/Jan/2026:14:20:07 +0000] "GET /d1/565/AUTH_5b4b45fa43af4f24bc89f2a65143b996/gnocchi.093b7830-af62-4318-ad2f-3d57ae17eae3" 200 2 "GET http://172.18.0.2:8080/v1/AUTH_5b4b45fa43af4f24bc89f2a65143b996/gnocchi.093b7830-af62-4318-ad2f-3d57ae17eae3?format=json&states=listing" "txe7f5780dfccb4cb9a345a-00697cbe17" "proxy-server 20" 0.0043 "-" 16 0
Jan 30 14:20:07 standalone proxy-server[129720]: 172.18.0.2 172.18.0.100 30/Jan/2026/14/20/07 GET /v1/AUTH_5b4b45fa43af4f24bc89f2a65143b996/gnocchi.093b7830-af62-4318-ad2f-3d57ae17eae3%3Fformat%3Djson%26states%3Dlisting HTTP/1.0 200 - python-swiftclient-3.11.1 gAAAAABpfL4XpeS_... - 2 - txe7f5780dfccb4cb9a345a-00697cbe17 - 0.0188 - - 1769782807.718246698 1769782807.737069845 0
Jan 30 14:20:07 standalone object-server[127894]: 172.20.0.100 - - [30/Jan/2026:14:20:07 +0000] "GET /d1/7/AUTH_5b4b45fa43af4f24bc89f2a65143b996/gnocchi.093b7830-af62-4318-ad2f-3d57ae17eae3/1769040000.0_mean_300.0_v3" 404 70 "GET http://172.18.0.2:8080/v1/AUTH_5b4b45fa43af4f24bc89f2a65143b996/gnocchi.093b7830-af62-4318-ad2f-3d57ae17eae3/1769040000.0_mean_300.0_v3" "tx3cdc373d1c7a4d479d400-00697cbe17" "proxy-server 20" 0.0003 "-" 25 0
Jan 30 14:20:07 standalone proxy-server[129720]: 172.18.0.2 172.18.0.100 30/Jan/2026/14/20/07 GET /v1/AUTH_5b4b45fa43af4f24bc89f2a65143b996/gnocchi.093b7830-af62-4318-ad2f-3d57ae17eae3/1769040000.0_mean_300.0_v3 HTTP/1.0 404 - python-swiftclient-3.11.1 gAAAAABpfL4XpeS_... - 70 - tx3cdc373d1c7a4d479d400-00697cbe17 - 0.0060 - - 1769782807.742547750 1769782807.748595476 0
Jan 30 14:20:07 standalone container-server[127712]: 172.20.0.100 - - [30/Jan/2026:14:20:07 +0000] "PUT /d1/565/AUTH_5b4b45fa43af4f24bc89f2a65143b996/gnocchi.093b7830-af62-4318-ad2f-3d57ae17eae3/1769040000.0_mean_300.0_v3" 201 - "PUT http://172.18.0.2:8080/d1/7/AUTH_5b4b45fa43af4f24bc89f2a65143b996/gnocchi.093b7830-af62-4318-ad2f-3d57ae17eae3/1769040000.0_mean_300.0_v3" "txe0b495d7a7e5409daedc7-00697cbe17" "object-server 23" 0.0009 "-" 16 0
Jan 30 14:20:07 standalone object-server[127892]: 172.20.0.100 - - [30/Jan/2026:14:20:07 +0000] "PUT /d1/7/AUTH_5b4b45fa43af4f24bc89f2a65143b996/gnocchi.093b7830-af62-4318-ad2f-3d57ae17eae3/1769040000.0_mean_300.0_v3" 201 - "PUT http://172.18.0.2:8080/v1/AUTH_5b4b45fa43af4f24bc89f2a65143b996/gnocchi.093b7830-af62-4318-ad2f-3d57ae17eae3/1769040000.0_mean_300.0_v3" "txe0b495d7a7e5409daedc7-00697cbe17" "proxy-server 20" 0.0323 "-" 23 0
Jan 30 14:20:07 standalone proxy-server[129720]: 172.18.0.2 172.18.0.100 30/Jan/2026/14/20/07 PUT /v1/AUTH_5b4b45fa43af4f24bc89f2a65143b996/gnocchi.093b7830-af62-4318-ad2f-3d57ae17eae3/1769040000.0_mean_300.0_v3 HTTP/1.0 201 - python-swiftclient-3.11.1 gAAAAABpfL4XpeS_... 16 - - txe0b495d7a7e5409daedc7-00697cbe17 - 0.0385 - - 1769782807.752001286 1769782807.790534258 0
Jan 30 14:20:07 standalone container-server[127698]: 172.20.0.100 - - [30/Jan/2026:14:20:07 +0000] "PUT /d1/565/AUTH_5b4b45fa43af4f24bc89f2a65143b996/gnocchi.093b7830-af62-4318-ad2f-3d57ae17eae3/none_v3" 201 - "PUT http://172.18.0.2:8080/d1/224/AUTH_5b4b45fa43af4f24bc89f2a65143b996/gnocchi.093b7830-af62-4318-ad2f-3d57ae17eae3/none_v3" "tx756c4a540a7c4eb6908d6-00697cbe17" "object-server 25" 0.0006 "-" 15 0
Jan 30 14:20:07 standalone object-server[127894]: 172.20.0.100 - - [30/Jan/2026:14:20:07 +0000] "PUT /d1/224/AUTH_5b4b45fa43af4f24bc89f2a65143b996/gnocchi.093b7830-af62-4318-ad2f-3d57ae17eae3/none_v3" 201 - "PUT http://172.18.0.2:8080/v1/AUTH_5b4b45fa43af4f24bc89f2a65143b996/gnocchi.093b7830-af62-4318-ad2f-3d57ae17eae3/none_v3" "tx756c4a540a7c4eb6908d6-00697cbe17" "proxy-server 20" 0.0275 "-" 25 0
Jan 30 14:20:07 standalone proxy-server[129720]: 172.18.0.2 172.18.0.100 30/Jan/2026/14/20/07 PUT /v1/AUTH_5b4b45fa43af4f24bc89f2a65143b996/gnocchi.093b7830-af62-4318-ad2f-3d57ae17eae3/none_v3 HTTP/1.0 201 - python-swiftclient-3.11.1 gAAAAABpfL4XpeS_... 22 - - tx756c4a540a7c4eb6908d6-00697cbe17 - 0.0335 - - 1769782807.796139717 1769782807.829687357 0
Jan 30 14:20:27 standalone container-server[127530]: Begin container update sweep
Jan 30 14:20:27 standalone account-server[127571]: 172.20.0.100 - - [30/Jan/2026:14:20:27 +0000] "PUT /d1/347/AUTH_5b4b45fa43af4f24bc89f2a65143b996/gnocchi.093b7830-af62-4318-ad2f-3d57ae17eae3" 201 - "-" "-" "container-updater 2" 0.0010 "-" 20 0
Jan 30 14:20:28 standalone container-server[127530]: Container update sweep completed: 0.10s
Jan 30 14:20:37 standalone object-server[127891]: 172.20.0.100 - - [30/Jan/2026:14:20:37 +0000] "GET /d1/224/AUTH_5b4b45fa43af4f24bc89f2a65143b996/gnocchi.093b7830-af62-4318-ad2f-3d57ae17eae3/none_v3" 200 22 "GET http://172.18.0.2:8080/v1/AUTH_5b4b45fa43af4f24bc89f2a65143b996/gnocchi.093b7830-af62-4318-ad2f-3d57ae17eae3/none_v3" "tx0621db5716b944e7a0f41-00697cbe35" "proxy-server 20" 0.0013 "-" 22 0
Jan 30 14:20:37 standalone proxy-server[129720]: 172.18.0.2 172.18.0.100 30/Jan/2026/14/20/37 GET /v1/AUTH_5b4b45fa43af4f24bc89f2a65143b996/gnocchi.093b7830-af62-4318-ad2f-3d57ae17eae3/none_v3 HTTP/1.0 200 - python-swiftclient-3.11.1 gAAAAABpfL4XpeS_... - 22 - tx0621db5716b944e7a0f41-00697cbe35 - 0.0155 - - 1769782837.058467150 1769782837.074015379 0
Jan 30 14:20:37 standalone container-server[127712]: 172.20.0.100 - - [30/Jan/2026:14:20:37 +0000] "GET /d1/565/AUTH_5b4b45fa43af4f24bc89f2a65143b996/gnocchi.093b7830-af62-4318-ad2f-3d57ae17eae3" 200 357 "GET http://172.18.0.2:8080/v1/AUTH_5b4b45fa43af4f24bc89f2a65143b996/gnocchi.093b7830-af62-4318-ad2f-3d57ae17eae3?format=json&states=listing" "tx4646d38fa95a40d2bf303-00697cbe35" "proxy-server 20" 0.0024 "-" 16 0
Jan 30 14:20:37 standalone proxy-server[129720]: 172.18.0.2 172.18.0.100 30/Jan/2026/14/20/37 GET /v1/AUTH_5b4b45fa43af4f24bc89f2a65143b996/gnocchi.093b7830-af62-4318-ad2f-3d57ae17eae3%3Fformat%3Djson%26states%3Dlisting HTTP/1.0 200 - python-swiftclient-3.11.1 gAAAAABpfL4XpeS_... - 357 - tx4646d38fa95a40d2bf303-00697cbe35 - 0.0091 - - 1769782837.077715397 1769782837.086773396 0
Jan 30 14:20:37 standalone container-server[127696]: 172.20.0.100 - - [30/Jan/2026:14:20:37 +0000] "GET /d1/565/AUTH_5b4b45fa43af4f24bc89f2a65143b996/gnocchi.093b7830-af62-4318-ad2f-3d57ae17eae3" 200 2 "GET http://172.18.0.2:8080/v1/AUTH_5b4b45fa43af4f24bc89f2a65143b996/gnocchi.093b7830-af62-4318-ad2f-3d57ae17eae3?format=json&marker=none_v3&states=listing" "txd08a93107c7f479781fc2-00697cbe35" "proxy-server 20" 0.0023 "-" 14 0
Jan 30 14:20:37 standalone proxy-server[129720]: 172.18.0.2 172.18.0.100 30/Jan/2026/14/20/37 GET /v1/AUTH_5b4b45fa43af4f24bc89f2a65143b996/gnocchi.093b7830-af62-4318-ad2f-3d57ae17eae3%3Fformat%3Djson%26marker%3Dnone_v3%26states%3Dlisting HTTP/1.0 200 - python-swiftclient-3.11.1 gAAAAABpfL4XpeS_... - 2 - txd08a93107c7f479781fc2-00697cbe35 - 0.0080 - - 1769782837.089472055 1769782837.097464085 0
Jan 30 14:20:37 standalone object-server[127891]: 172.20.0.100 - - [30/Jan/2026:14:20:37 +0000] "GET /d1/7/AUTH_5b4b45fa43af4f24bc89f2a65143b996/gnocchi.093b7830-af62-4318-ad2f-3d57ae17eae3/1769040000.0_mean_300.0_v3" 200 16 "GET http://172.18.0.2:8080/v1/AUTH_5b4b45fa43af4f24bc89f2a65143b996/gnocchi.093b7830-af62-4318-ad2f-3d57ae17eae3/1769040000.0_mean_300.0_v3" "txdc81f3bcccc5466094db9-00697cbe35" "proxy-server 20" 0.0011 "-" 22 0
Jan 30 14:20:37 standalone proxy-server[129720]: 172.18.0.2 172.18.0.100 30/Jan/2026/14/20/37 GET /v1/AUTH_5b4b45fa43af4f24bc89f2a65143b996/gnocchi.093b7830-af62-4318-ad2f-3d57ae17eae3/1769040000.0_mean_300.0_v3 HTTP/1.0 200 - python-swiftclient-3.11.1 gAAAAABpfL4XpeS_... - 16 - txdc81f3bcccc5466094db9-00697cbe35 - 0.0096 - - 1769782837.100837708 1769782837.110441923 0
Jan 30 14:20:37 standalone container-server[127698]: 172.20.0.100 - - [30/Jan/2026:14:20:37 +0000] "PUT /d1/565/AUTH_5b4b45fa43af4f24bc89f2a65143b996/gnocchi.093b7830-af62-4318-ad2f-3d57ae17eae3/1769040000.0_mean_300.0_v3" 201 - "PUT http://172.18.0.2:8080/d1/7/AUTH_5b4b45fa43af4f24bc89f2a65143b996/gnocchi.093b7830-af62-4318-ad2f-3d57ae17eae3/1769040000.0_mean_300.0_v3" "tx4ad6b35df6b847a6b2cab-00697cbe35" "object-server 23" 0.0006 "-" 15 0
Jan 30 14:20:37 standalone object-server[127892]: 172.20.0.100 - - [30/Jan/2026:14:20:37 +0000] "PUT /d1/7/AUTH_5b4b45fa43af4f24bc89f2a65143b996/gnocchi.093b7830-af62-4318-ad2f-3d57ae17eae3/1769040000.0_mean_300.0_v3" 201 - "PUT http://172.18.0.2:8080/v1/AUTH_5b4b45fa43af4f24bc89f2a65143b996/gnocchi.093b7830-af62-4318-ad2f-3d57ae17eae3/1769040000.0_mean_300.0_v3" "tx4ad6b35df6b847a6b2cab-00697cbe35" "proxy-server 20" 0.0127 "-" 23 0
Jan 30 14:20:37 standalone proxy-server[129720]: 172.18.0.2 172.18.0.100 30/Jan/2026/14/20/37 PUT /v1/AUTH_5b4b45fa43af4f24bc89f2a65143b996/gnocchi.093b7830-af62-4318-ad2f-3d57ae17eae3/1769040000.0_mean_300.0_v3 HTTP/1.0 201 - python-swiftclient-3.11.1 gAAAAABpfL4XpeS_... 16 - - tx4ad6b35df6b847a6b2cab-00697cbe35 - 0.0270 - - 1769782837.113676310 1769782837.140694857 0
Jan 30 14:20:37 standalone container-server[127698]: 172.20.0.100 - - [30/Jan/2026:14:20:37 +0000] "PUT /d1/565/AUTH_5b4b45fa43af4f24bc89f2a65143b996/gnocchi.093b7830-af62-4318-ad2f-3d57ae17eae3/none_v3" 201 - "PUT http://172.18.0.2:8080/d1/224/AUTH_5b4b45fa43af4f24bc89f2a65143b996/gnocchi.093b7830-af62-4318-ad2f-3d57ae17eae3/none_v3" "tx4f6d357343994fa6a860a-00697cbe35" "object-server 25" 0.0005 "-" 15 0
Jan 30 14:20:37 standalone object-server[127894]: 172.20.0.100 - - [30/Jan/2026:14:20:37 +0000] "PUT /d1/224/AUTH_5b4b45fa43af4f24bc89f2a65143b996/gnocchi.093b7830-af62-4318-ad2f-3d57ae17eae3/none_v3" 201 - "PUT http://172.18.0.2:8080/v1/AUTH_5b4b45fa43af4f24bc89f2a65143b996/gnocchi.093b7830-af62-4318-ad2f-3d57ae17eae3/none_v3" "tx4f6d357343994fa6a860a-00697cbe35" "proxy-server 20" 0.0082 "-" 25 0
Jan 30 14:20:37 standalone proxy-server[129720]: 172.18.0.2 172.18.0.100 30/Jan/2026/14/20/37 PUT /v1/AUTH_5b4b45fa43af4f24bc89f2a65143b996/gnocchi.093b7830-af62-4318-ad2f-3d57ae17eae3/none_v3 HTTP/1.0 201 - python-swiftclient-3.11.1 gAAAAABpfL4XpeS_... 32 - - tx4f6d357343994fa6a860a-00697cbe35 - 0.0182 - - 1769782837.143945217 1769782837.162099361 0
Jan 30 14:21:08 standalone account-server[127571]: 172.20.0.100 - - [30/Jan/2026:14:21:08 +0000] "HEAD /d1/347/AUTH_5b4b45fa43af4f24bc89f2a65143b996" 204 - "HEAD http://172.18.0.2:8080/v1/AUTH_5b4b45fa43af4f24bc89f2a65143b996?format=json" "tx0ac69da35a8147b2bfbd9-00697cbe54" "proxy-server 20" 0.2194 "-" 20 -
Jan 30 14:21:08 standalone proxy-server[129720]: - - 30/Jan/2026/14/21/08 HEAD /v1/AUTH_5b4b45fa43af4f24bc89f2a65143b996%3Fformat%3Djson HTTP/1.0 204 - Swift - - - - tx0ac69da35a8147b2bfbd9-00697cbe54 - 0.2252 RL - 1769782868.568940401 1769782868.794179916 -
Jan 30 14:21:08 standalone container-server[127712]: 172.20.0.100 - - [30/Jan/2026:14:21:08 +0000] "HEAD /d1/170/AUTH_5b4b45fa43af4f24bc89f2a65143b996/gnocchi.899dcdda-0a00-40d2-bfaa-7cba0f5facb6" 404 - "HEAD http://172.18.0.2:8080/v1/AUTH_5b4b45fa43af4f24bc89f2a65143b996/gnocchi.899dcdda-0a00-40d2-bfaa-7cba0f5facb6?format=json&states=listing" "tx0ac69da35a8147b2bfbd9-00697cbe54" "proxy-server 20" 0.0010 "-" 16 0
Jan 30 14:21:08 standalone object-server[127893]: 172.20.0.100 - - [30/Jan/2026:14:21:08 +0000] "GET /d1/30/AUTH_5b4b45fa43af4f24bc89f2a65143b996/gnocchi.899dcdda-0a00-40d2-bfaa-7cba0f5facb6/none_v3" 404 70 "GET http://172.18.0.2:8080/v1/AUTH_5b4b45fa43af4f24bc89f2a65143b996/gnocchi.899dcdda-0a00-40d2-bfaa-7cba0f5facb6/none_v3" "tx0ac69da35a8147b2bfbd9-00697cbe54" "proxy-server 20" 0.0016 "-" 24 0
Jan 30 14:21:08 standalone proxy-server[129720]: 172.18.0.2 172.18.0.100 30/Jan/2026/14/21/08 GET /v1/AUTH_5b4b45fa43af4f24bc89f2a65143b996/gnocchi.899dcdda-0a00-40d2-bfaa-7cba0f5facb6/none_v3 HTTP/1.0 404 - python-swiftclient-3.11.1 gAAAAABpfL4XpeS_... - 70 - tx0ac69da35a8147b2bfbd9-00697cbe54 - 0.2408 - - 1769782868.567765713 1769782868.808600664 0
Jan 30 14:21:08 standalone account-server[127582]: 172.20.0.100 - - [30/Jan/2026:14:21:08 +0000] "PUT /d1/347/AUTH_5b4b45fa43af4f24bc89f2a65143b996/gnocchi.899dcdda-0a00-40d2-bfaa-7cba0f5facb6" 201 - "PUT http://172.20.0.100:6001/d1/170/AUTH_5b4b45fa43af4f24bc89f2a65143b996/gnocchi.899dcdda-0a00-40d2-bfaa-7cba0f5facb6" "txbc0bd002aa56450392b58-00697cbe54" "container-server 16" 0.0023 "-" 22 0
Jan 30 14:21:08 standalone container-server[127712]: 172.20.0.100 - - [30/Jan/2026:14:21:08 +0000] "PUT /d1/170/AUTH_5b4b45fa43af4f24bc89f2a65143b996/gnocchi.899dcdda-0a00-40d2-bfaa-7cba0f5facb6" 201 - "PUT http://172.18.0.2:8080/v1/AUTH_5b4b45fa43af4f24bc89f2a65143b996/gnocchi.899dcdda-0a00-40d2-bfaa-7cba0f5facb6" "txbc0bd002aa56450392b58-00697cbe54" "proxy-server 20" 0.1447 "-" 16 0
Jan 30 14:21:08 standalone proxy-server[129720]: 172.18.0.2 172.18.0.100 30/Jan/2026/14/21/08 PUT /v1/AUTH_5b4b45fa43af4f24bc89f2a65143b996/gnocchi.899dcdda-0a00-40d2-bfaa-7cba0f5facb6 HTTP/1.0 201 - python-swiftclient-3.11.1 gAAAAABpfL4XpeS_... - - - txbc0bd002aa56450392b58-00697cbe54 - 0.1494 - - 1769782868.810989857 1769782868.960379124 0
Jan 30 14:21:08 standalone container-server[127712]: 172.20.0.100 - - [30/Jan/2026:14:21:08 +0000] "HEAD /d1/170/AUTH_5b4b45fa43af4f24bc89f2a65143b996/gnocchi.899dcdda-0a00-40d2-bfaa-7cba0f5facb6" 204 - "HEAD http://172.18.0.2:8080/v1/AUTH_5b4b45fa43af4f24bc89f2a65143b996/gnocchi.899dcdda-0a00-40d2-bfaa-7cba0f5facb6?format=json&states=listing" "tx612a3b698a8d4ecda1c41-00697cbe54" "proxy-server 20" 0.0022 "-" 16 0
Jan 30 14:21:08 standalone proxy-server[129720]: - - 30/Jan/2026/14/21/08 HEAD /v1/AUTH_5b4b45fa43af4f24bc89f2a65143b996/gnocchi.899dcdda-0a00-40d2-bfaa-7cba0f5facb6%3Fformat%3Djson%26states%3Dlisting HTTP/1.0 204 - Swift - - - - tx612a3b698a8d4ecda1c41-00697cbe54 - 0.0070 RL - 1769782868.967103004 1769782868.974127293 0
Jan 30 14:21:08 standalone container-server[127698]: 172.20.0.100 - - [30/Jan/2026:14:21:08 +0000] "GET /d1/170/AUTH_5b4b45fa43af4f24bc89f2a65143b996/gnocchi.899dcdda-0a00-40d2-bfaa-7cba0f5facb6" 200 2 "GET http://172.18.0.2:8080/v1/AUTH_5b4b45fa43af4f24bc89f2a65143b996/gnocchi.899dcdda-0a00-40d2-bfaa-7cba0f5facb6?format=json&states=listing" "tx612a3b698a8d4ecda1c41-00697cbe54" "proxy-server 20" 0.0043 "-" 15 0
Jan 30 14:21:08 standalone proxy-server[129720]: 172.18.0.2 172.18.0.100 30/Jan/2026/14/21/08 GET /v1/AUTH_5b4b45fa43af4f24bc89f2a65143b996/gnocchi.899dcdda-0a00-40d2-bfaa-7cba0f5facb6%3Fformat%3Djson%26states%3Dlisting HTTP/1.0 200 - python-swiftclient-3.11.1 gAAAAABpfL4XpeS_... - 2 - tx612a3b698a8d4ecda1c41-00697cbe54 - 0.0241 - - 1769782868.965385675 1769782868.989452362 0
Jan 30 14:21:09 standalone object-server[127891]: 172.20.0.100 - - [30/Jan/2026:14:21:09 +0000] "GET /d1/414/AUTH_5b4b45fa43af4f24bc89f2a65143b996/gnocchi.899dcdda-0a00-40d2-bfaa-7cba0f5facb6/1769040000.0_mean_300.0_v3" 404 70 "GET http://172.18.0.2:8080/v1/AUTH_5b4b45fa43af4f24bc89f2a65143b996/gnocchi.899dcdda-0a00-40d2-bfaa-7cba0f5facb6/1769040000.0_mean_300.0_v3" "txaff2340ae18b4ed3b2491-00697cbe54" "proxy-server 20" 0.0005 "-" 22 0
Jan 30 14:21:09 standalone proxy-server[129720]: 172.18.0.2 172.18.0.100 30/Jan/2026/14/21/09 GET /v1/AUTH_5b4b45fa43af4f24bc89f2a65143b996/gnocchi.899dcdda-0a00-40d2-bfaa-7cba0f5facb6/1769040000.0_mean_300.0_v3 HTTP/1.0 404 - python-swiftclient-3.11.1 gAAAAABpfL4XpeS_... - 70 - txaff2340ae18b4ed3b2491-00697cbe54 - 0.0068 - - 1769782868.995055199 1769782869.001901150 0
Jan 30 14:21:09 standalone container-server[127712]: 172.20.0.100 - - [30/Jan/2026:14:21:09 +0000] "PUT /d1/170/AUTH_5b4b45fa43af4f24bc89f2a65143b996/gnocchi.899dcdda-0a00-40d2-bfaa-7cba0f5facb6/1769040000.0_mean_300.0_v3" 201 - "PUT http://172.18.0.2:8080/d1/414/AUTH_5b4b45fa43af4f24bc89f2a65143b996/gnocchi.899dcdda-0a00-40d2-bfaa-7cba0f5facb6/1769040000.0_mean_300.0_v3" "tx23a93907f37b4647a8831-00697cbe55" "object-server 25" 0.0012 "-" 16 0
Jan 30 14:21:09 standalone object-server[127894]: 172.20.0.100 - - [30/Jan/2026:14:21:09 +0000] "PUT /d1/414/AUTH_5b4b45fa43af4f24bc89f2a65143b996/gnocchi.899dcdda-0a00-40d2-bfaa-7cba0f5facb6/1769040000.0_mean_300.0_v3" 201 - "PUT http://172.18.0.2:8080/v1/AUTH_5b4b45fa43af4f24bc89f2a65143b996/gnocchi.899dcdda-0a00-40d2-bfaa-7cba0f5facb6/1769040000.0_mean_300.0_v3" "tx23a93907f37b4647a8831-00697cbe55" "proxy-server 20" 0.0299 "-" 25 0
Jan 30 14:21:09 standalone proxy-server[129720]: 172.18.0.2 172.18.0.100 30/Jan/2026/14/21/09 PUT /v1/AUTH_5b4b45fa43af4f24bc89f2a65143b996/gnocchi.899dcdda-0a00-40d2-bfaa-7cba0f5facb6/1769040000.0_mean_300.0_v3 HTTP/1.0 201 - python-swiftclient-3.11.1 gAAAAABpfL4XpeS_... 16 - - tx23a93907f37b4647a8831-00697cbe55 - 0.0376 - - 1769782869.006731033 1769782869.044332743 0
Jan 30 14:21:09 standalone container-server[127732]: 172.20.0.100 - - [30/Jan/2026:14:21:09 +0000] "PUT /d1/170/AUTH_5b4b45fa43af4f24bc89f2a65143b996/gnocchi.899dcdda-0a00-40d2-bfaa-7cba0f5facb6/none_v3" 201 - "PUT http://172.18.0.2:8080/d1/30/AUTH_5b4b45fa43af4f24bc89f2a65143b996/gnocchi.899dcdda-0a00-40d2-bfaa-7cba0f5facb6/none_v3" "txd7a38ad753ff45f69f856-00697cbe55" "object-server 25" 0.0019 "-" 17 0
Jan 30 14:21:09 standalone object-server[127894]: 172.20.0.100 - - [30/Jan/2026:14:21:09 +0000] "PUT /d1/30/AUTH_5b4b45fa43af4f24bc89f2a65143b996/gnocchi.899dcdda-0a00-40d2-bfaa-7cba0f5facb6/none_v3" 201 - "PUT http://172.18.0.2:8080/v1/AUTH_5b4b45fa43af4f24bc89f2a65143b996/gnocchi.899dcdda-0a00-40d2-bfaa-7cba0f5facb6/none_v3" "txd7a38ad753ff45f69f856-00697cbe55" "proxy-server 20" 0.0637 "-" 25 0
Jan 30 14:21:09 standalone proxy-server[129720]: 172.18.0.2 172.18.0.100 30/Jan/2026/14/21/09 PUT /v1/AUTH_5b4b45fa43af4f24bc89f2a65143b996/gnocchi.899dcdda-0a00-40d2-bfaa-7cba0f5facb6/none_v3 HTTP/1.0 201 - python-swiftclient-3.11.1 gAAAAABpfL4XpeS_... 22 - - txd7a38ad753ff45f69f856-00697cbe55 - 0.0717 - - 1769782869.050643921 1769782869.122381687 0
Jan 30 14:21:09 standalone container-server[127696]: 172.20.0.100 - - [30/Jan/2026:14:21:09 +0000] "HEAD /d1/585/AUTH_5b4b45fa43af4f24bc89f2a65143b996/gnocchi.edd28e70-d539-4919-abb0-656e6d47d1c4" 404 - "HEAD http://172.18.0.2:8080/v1/AUTH_5b4b45fa43af4f24bc89f2a65143b996/gnocchi.edd28e70-d539-4919-abb0-656e6d47d1c4?format=json&states=listing" "tx6ba7bbbb5a8146c6aa322-00697cbe55" "proxy-server 20" 0.0005 "-" 14 0
Jan 30 14:21:09 standalone object-server[127893]: 172.20.0.100 - - [30/Jan/2026:14:21:09 +0000] "GET /d1/830/AUTH_5b4b45fa43af4f24bc89f2a65143b996/gnocchi.edd28e70-d539-4919-abb0-656e6d47d1c4/none_v3" 404 70 "GET http://172.18.0.2:8080/v1/AUTH_5b4b45fa43af4f24bc89f2a65143b996/gnocchi.edd28e70-d539-4919-abb0-656e6d47d1c4/none_v3" "tx6ba7bbbb5a8146c6aa322-00697cbe55" "proxy-server 20" 0.0005 "-" 24 0
Jan 30 14:21:09 standalone proxy-server[129720]: 172.18.0.2 172.18.0.100 30/Jan/2026/14/21/09 GET /v1/AUTH_5b4b45fa43af4f24bc89f2a65143b996/gnocchi.edd28e70-d539-4919-abb0-656e6d47d1c4/none_v3 HTTP/1.0 404 - python-swiftclient-3.11.1 gAAAAABpfL4XpeS_... - 70 - tx6ba7bbbb5a8146c6aa322-00697cbe55 - 0.0183 - - 1769782869.132475138 1769782869.150785685 0
Jan 30 14:21:09 standalone account-server[127575]: 172.20.0.100 - - [30/Jan/2026:14:21:09 +0000] "PUT /d1/347/AUTH_5b4b45fa43af4f24bc89f2a65143b996/gnocchi.edd28e70-d539-4919-abb0-656e6d47d1c4" 201 - "PUT http://172.20.0.100:6001/d1/585/AUTH_5b4b45fa43af4f24bc89f2a65143b996/gnocchi.edd28e70-d539-4919-abb0-656e6d47d1c4" "tx6e658d01c7f145eca7140-00697cbe55" "container-server 15" 0.0491 "-" 21 0
Jan 30 14:21:09 standalone container-server[127698]: 172.20.0.100 - - [30/Jan/2026:14:21:09 +0000] "PUT /d1/585/AUTH_5b4b45fa43af4f24bc89f2a65143b996/gnocchi.edd28e70-d539-4919-abb0-656e6d47d1c4" 201 - "PUT http://172.18.0.2:8080/v1/AUTH_5b4b45fa43af4f24bc89f2a65143b996/gnocchi.edd28e70-d539-4919-abb0-656e6d47d1c4" "tx6e658d01c7f145eca7140-00697cbe55" "proxy-server 20" 0.0805 "-" 15 0
Jan 30 14:21:09 standalone proxy-server[129720]: 172.18.0.2 172.18.0.100 30/Jan/2026/14/21/09 PUT /v1/AUTH_5b4b45fa43af4f24bc89f2a65143b996/gnocchi.edd28e70-d539-4919-abb0-656e6d47d1c4 HTTP/1.0 201 - python-swiftclient-3.11.1 gAAAAABpfL4XpeS_... - - - tx6e658d01c7f145eca7140-00697cbe55 - 0.0878 - - 1769782869.154263496 1769782869.242050409 0
Jan 30 14:21:09 standalone container-server[127732]: 172.20.0.100 - - [30/Jan/2026:14:21:09 +0000] "HEAD /d1/585/AUTH_5b4b45fa43af4f24bc89f2a65143b996/gnocchi.edd28e70-d539-4919-abb0-656e6d47d1c4" 204 - "HEAD http://172.18.0.2:8080/v1/AUTH_5b4b45fa43af4f24bc89f2a65143b996/gnocchi.edd28e70-d539-4919-abb0-656e6d47d1c4?format=json&states=listing" "tx654aebf326724baf8ba3a-00697cbe55" "proxy-server 20" 0.0027 "-" 17 0
Jan 30 14:21:09 standalone proxy-server[129720]: - - 30/Jan/2026/14/21/09 HEAD /v1/AUTH_5b4b45fa43af4f24bc89f2a65143b996/gnocchi.edd28e70-d539-4919-abb0-656e6d47d1c4%3Fformat%3Djson%26states%3Dlisting HTTP/1.0 204 - Swift - - - - tx654aebf326724baf8ba3a-00697cbe55 - 0.0065 RL - 1769782869.246542931 1769782869.253087759 0
Jan 30 14:21:09 standalone container-server[127732]: 172.20.0.100 - - [30/Jan/2026:14:21:09 +0000] "GET /d1/585/AUTH_5b4b45fa43af4f24bc89f2a65143b996/gnocchi.edd28e70-d539-4919-abb0-656e6d47d1c4" 200 2 "GET http://172.18.0.2:8080/v1/AUTH_5b4b45fa43af4f24bc89f2a65143b996/gnocchi.edd28e70-d539-4919-abb0-656e6d47d1c4?format=json&states=listing" "tx654aebf326724baf8ba3a-00697cbe55" "proxy-server 20" 0.0020 "-" 17 0
Jan 30 14:21:09 standalone proxy-server[129720]: 172.18.0.2 172.18.0.100 30/Jan/2026/14/21/09 GET /v1/AUTH_5b4b45fa43af4f24bc89f2a65143b996/gnocchi.edd28e70-d539-4919-abb0-656e6d47d1c4%3Fformat%3Djson%26states%3Dlisting HTTP/1.0 200 - python-swiftclient-3.11.1 gAAAAABpfL4XpeS_... - 2 - tx654aebf326724baf8ba3a-00697cbe55 - 0.0157 - - 1769782869.245339632 1769782869.261029482 0
Jan 30 14:21:09 standalone object-server[127894]: 172.20.0.100 - - [30/Jan/2026:14:21:09 +0000] "GET /d1/752/AUTH_5b4b45fa43af4f24bc89f2a65143b996/gnocchi.edd28e70-d539-4919-abb0-656e6d47d1c4/1769040000.0_mean_300.0_v3" 404 70 "GET http://172.18.0.2:8080/v1/AUTH_5b4b45fa43af4f24bc89f2a65143b996/gnocchi.edd28e70-d539-4919-abb0-656e6d47d1c4/1769040000.0_mean_300.0_v3" "tx115909ba7a9c46fc98410-00697cbe55" "proxy-server 20" 0.0006 "-" 25 0
Jan 30 14:21:09 standalone proxy-server[129720]: 172.18.0.2 172.18.0.100 30/Jan/2026/14/21/09 GET /v1/AUTH_5b4b45fa43af4f24bc89f2a65143b996/gnocchi.edd28e70-d539-4919-abb0-656e6d47d1c4/1769040000.0_mean_300.0_v3 HTTP/1.0 404 - python-swiftclient-3.11.1 gAAAAABpfL4XpeS_... - 70 - tx115909ba7a9c46fc98410-00697cbe55 - 0.0073 - - 1769782869.264492273 1769782869.271762848 0
Jan 30 14:21:09 standalone container-server[127696]: 172.20.0.100 - - [30/Jan/2026:14:21:09 +0000] "PUT /d1/585/AUTH_5b4b45fa43af4f24bc89f2a65143b996/gnocchi.edd28e70-d539-4919-abb0-656e6d47d1c4/1769040000.0_mean_300.0_v3" 201 - "PUT http://172.18.0.2:8080/d1/752/AUTH_5b4b45fa43af4f24bc89f2a65143b996/gnocchi.edd28e70-d539-4919-abb0-656e6d47d1c4/1769040000.0_mean_300.0_v3" "tx89000e2345064c56a929b-00697cbe55" "object-server 25" 0.0006 "-" 14 0
Jan 30 14:21:09 standalone object-server[127894]: 172.20.0.100 - - [30/Jan/2026:14:21:09 +0000] "PUT /d1/752/AUTH_5b4b45fa43af4f24bc89f2a65143b996/gnocchi.edd28e70-d539-4919-abb0-656e6d47d1c4/1769040000.0_mean_300.0_v3" 201 - "PUT http://172.18.0.2:8080/v1/AUTH_5b4b45fa43af4f24bc89f2a65143b996/gnocchi.edd28e70-d539-4919-abb0-656e6d47d1c4/1769040000.0_mean_300.0_v3" "tx89000e2345064c56a929b-00697cbe55" "proxy-server 20" 0.0790 "-" 25 0
Jan 30 14:21:09 standalone proxy-server[129720]: 172.18.0.2 172.18.0.100 30/Jan/2026/14/21/09 PUT /v1/AUTH_5b4b45fa43af4f24bc89f2a65143b996/gnocchi.edd28e70-d539-4919-abb0-656e6d47d1c4/1769040000.0_mean_300.0_v3 HTTP/1.0 201 - python-swiftclient-3.11.1 gAAAAABpfL4XpeS_... 16 - - tx89000e2345064c56a929b-00697cbe55 - 0.0851 - - 1769782869.274949074 1769782869.360006332 0
Jan 30 14:21:09 standalone container-server[127732]: 172.20.0.100 - - [30/Jan/2026:14:21:09 +0000] "PUT /d1/585/AUTH_5b4b45fa43af4f24bc89f2a65143b996/gnocchi.edd28e70-d539-4919-abb0-656e6d47d1c4/none_v3" 201 - "PUT http://172.18.0.2:8080/d1/830/AUTH_5b4b45fa43af4f24bc89f2a65143b996/gnocchi.edd28e70-d539-4919-abb0-656e6d47d1c4/none_v3" "tx67b2dc5010004ac5ab7d8-00697cbe55" "object-server 22" 0.0009 "-" 17 0
Jan 30 14:21:09 standalone object-server[127891]: 172.20.0.100 - - [30/Jan/2026:14:21:09 +0000] "PUT /d1/830/AUTH_5b4b45fa43af4f24bc89f2a65143b996/gnocchi.edd28e70-d539-4919-abb0-656e6d47d1c4/none_v3" 201 - "PUT http://172.18.0.2:8080/v1/AUTH_5b4b45fa43af4f24bc89f2a65143b996/gnocchi.edd28e70-d539-4919-abb0-656e6d47d1c4/none_v3" "tx67b2dc5010004ac5ab7d8-00697cbe55" "proxy-server 20" 0.0906 "-" 22 0
Jan 30 14:21:09 standalone proxy-server[129720]: 172.18.0.2 172.18.0.100 30/Jan/2026/14/21/09 PUT /v1/AUTH_5b4b45fa43af4f24bc89f2a65143b996/gnocchi.edd28e70-d539-4919-abb0-656e6d47d1c4/none_v3 HTTP/1.0 201 - python-swiftclient-3.11.1 gAAAAABpfL4XpeS_... 22 - - tx67b2dc5010004ac5ab7d8-00697cbe55 - 0.0976 - - 1769782869.363365650 1769782869.461000919 0
Jan 30 14:21:16 standalone container-server[127732]: 172.20.0.100 - - [30/Jan/2026:14:21:16 +0000] "HEAD /d1/312/AUTH_5b4b45fa43af4f24bc89f2a65143b996/gnocchi.28b81d72-88a4-4e68-88db-f42b86a1898a" 404 - "HEAD http://172.18.0.2:8080/v1/AUTH_5b4b45fa43af4f24bc89f2a65143b996/gnocchi.28b81d72-88a4-4e68-88db-f42b86a1898a?format=json&states=listing" "tx73f5c6135fd9409cb175f-00697cbe5c" "proxy-server 20" 0.0010 "-" 17 0
Jan 30 14:21:16 standalone object-server[127891]: 172.20.0.100 - - [30/Jan/2026:14:21:16 +0000] "GET /d1/281/AUTH_5b4b45fa43af4f24bc89f2a65143b996/gnocchi.28b81d72-88a4-4e68-88db-f42b86a1898a/none_v3" 404 70 "GET http://172.18.0.2:8080/v1/AUTH_5b4b45fa43af4f24bc89f2a65143b996/gnocchi.28b81d72-88a4-4e68-88db-f42b86a1898a/none_v3" "tx73f5c6135fd9409cb175f-00697cbe5c" "proxy-server 20" 0.0010 "-" 22 0
Jan 30 14:21:16 standalone proxy-server[129720]: 172.18.0.2 172.18.0.100 30/Jan/2026/14/21/16 GET /v1/AUTH_5b4b45fa43af4f24bc89f2a65143b996/gnocchi.28b81d72-88a4-4e68-88db-f42b86a1898a/none_v3 HTTP/1.0 404 - python-swiftclient-3.11.1 gAAAAABpfL4XpeS_... - 70 - tx73f5c6135fd9409cb175f-00697cbe5c - 0.0170 - - 1769782876.215561390 1769782876.232512712 0
Jan 30 14:21:16 standalone account-server[127575]: 172.20.0.100 - - [30/Jan/2026:14:21:16 +0000] "PUT /d1/347/AUTH_5b4b45fa43af4f24bc89f2a65143b996/gnocchi.28b81d72-88a4-4e68-88db-f42b86a1898a" 201 - "PUT http://172.20.0.100:6001/d1/312/AUTH_5b4b45fa43af4f24bc89f2a65143b996/gnocchi.28b81d72-88a4-4e68-88db-f42b86a1898a" "txd3b59e79fa5646479f932-00697cbe5c" "container-server 16" 0.0057 "-" 21 0
Jan 30 14:21:16 standalone container-server[127712]: 172.20.0.100 - - [30/Jan/2026:14:21:16 +0000] "PUT /d1/312/AUTH_5b4b45fa43af4f24bc89f2a65143b996/gnocchi.28b81d72-88a4-4e68-88db-f42b86a1898a" 201 - "PUT http://172.18.0.2:8080/v1/AUTH_5b4b45fa43af4f24bc89f2a65143b996/gnocchi.28b81d72-88a4-4e68-88db-f42b86a1898a" "txd3b59e79fa5646479f932-00697cbe5c" "proxy-server 20" 0.0217 "-" 16 0
Jan 30 14:21:16 standalone proxy-server[129720]: 172.18.0.2 172.18.0.100 30/Jan/2026/14/21/16 PUT /v1/AUTH_5b4b45fa43af4f24bc89f2a65143b996/gnocchi.28b81d72-88a4-4e68-88db-f42b86a1898a HTTP/1.0 201 - python-swiftclient-3.11.1 gAAAAABpfL4XpeS_... - - - txd3b59e79fa5646479f932-00697cbe5c - 0.0325 - - 1769782876.237343550 1769782876.269828796 0
Jan 30 14:21:16 standalone container-server[127696]: 172.20.0.100 - - [30/Jan/2026:14:21:16 +0000] "HEAD /d1/312/AUTH_5b4b45fa43af4f24bc89f2a65143b996/gnocchi.28b81d72-88a4-4e68-88db-f42b86a1898a" 204 - "HEAD http://172.18.0.2:8080/v1/AUTH_5b4b45fa43af4f24bc89f2a65143b996/gnocchi.28b81d72-88a4-4e68-88db-f42b86a1898a?format=json&states=listing" "tx8d4ee7e3580f4205836aa-00697cbe5c" "proxy-server 20" 0.0020 "-" 14 0
Jan 30 14:21:16 standalone proxy-server[129720]: - - 30/Jan/2026/14/21/16 HEAD /v1/AUTH_5b4b45fa43af4f24bc89f2a65143b996/gnocchi.28b81d72-88a4-4e68-88db-f42b86a1898a%3Fformat%3Djson%26states%3Dlisting HTTP/1.0 204 - Swift - - - - tx8d4ee7e3580f4205836aa-00697cbe5c - 0.0091 RL - 1769782876.277248621 1769782876.286304951 0
Jan 30 14:21:16 standalone container-server[127696]: 172.20.0.100 - - [30/Jan/2026:14:21:16 +0000] "GET /d1/312/AUTH_5b4b45fa43af4f24bc89f2a65143b996/gnocchi.28b81d72-88a4-4e68-88db-f42b86a1898a" 200 2 "GET http://172.18.0.2:8080/v1/AUTH_5b4b45fa43af4f24bc89f2a65143b996/gnocchi.28b81d72-88a4-4e68-88db-f42b86a1898a?format=json&states=listing" "tx8d4ee7e3580f4205836aa-00697cbe5c" "proxy-server 20" 0.0025 "-" 14 0
Jan 30 14:21:16 standalone proxy-server[129720]: 172.18.0.2 172.18.0.100 30/Jan/2026/14/21/16 GET /v1/AUTH_5b4b45fa43af4f24bc89f2a65143b996/gnocchi.28b81d72-88a4-4e68-88db-f42b86a1898a%3Fformat%3Djson%26states%3Dlisting HTTP/1.0 200 - python-swiftclient-3.11.1 gAAAAABpfL4XpeS_... - 2 - tx8d4ee7e3580f4205836aa-00697cbe5c - 0.0253 - - 1769782876.275590420 1769782876.300864458 0
Jan 30 14:21:16 standalone object-server[127891]: 172.20.0.100 - - [30/Jan/2026:14:21:16 +0000] "GET /d1/219/AUTH_5b4b45fa43af4f24bc89f2a65143b996/gnocchi.28b81d72-88a4-4e68-88db-f42b86a1898a/1769040000.0_mean_300.0_v3" 404 70 "GET http://172.18.0.2:8080/v1/AUTH_5b4b45fa43af4f24bc89f2a65143b996/gnocchi.28b81d72-88a4-4e68-88db-f42b86a1898a/1769040000.0_mean_300.0_v3" "tx115b67f3b0ca4a3ba7f54-00697cbe5c" "proxy-server 20" 0.0007 "-" 22 0
Jan 30 14:21:16 standalone proxy-server[129720]: 172.18.0.2 172.18.0.100 30/Jan/2026/14/21/16 GET /v1/AUTH_5b4b45fa43af4f24bc89f2a65143b996/gnocchi.28b81d72-88a4-4e68-88db-f42b86a1898a/1769040000.0_mean_300.0_v3 HTTP/1.0 404 - python-swiftclient-3.11.1 gAAAAABpfL4XpeS_... - 70 - tx115b67f3b0ca4a3ba7f54-00697cbe5c - 0.0079 - - 1769782876.306105375 1769782876.314044476 0
Jan 30 14:21:16 standalone container-server[127696]: 172.20.0.100 - - [30/Jan/2026:14:21:16 +0000] "PUT /d1/312/AUTH_5b4b45fa43af4f24bc89f2a65143b996/gnocchi.28b81d72-88a4-4e68-88db-f42b86a1898a/1769040000.0_mean_300.0_v3" 201 - "PUT http://172.18.0.2:8080/d1/219/AUTH_5b4b45fa43af4f24bc89f2a65143b996/gnocchi.28b81d72-88a4-4e68-88db-f42b86a1898a/1769040000.0_mean_300.0_v3" "tx9e96aa2081df4ae293a20-00697cbe5c" "object-server 25" 0.0016 "-" 14 0
Jan 30 14:21:16 standalone object-server[127894]: 172.20.0.100 - - [30/Jan/2026:14:21:16 +0000] "PUT /d1/219/AUTH_5b4b45fa43af4f24bc89f2a65143b996/gnocchi.28b81d72-88a4-4e68-88db-f42b86a1898a/1769040000.0_mean_300.0_v3" 201 - "PUT http://172.18.0.2:8080/v1/AUTH_5b4b45fa43af4f24bc89f2a65143b996/gnocchi.28b81d72-88a4-4e68-88db-f42b86a1898a/1769040000.0_mean_300.0_v3" "tx9e96aa2081df4ae293a20-00697cbe5c" "proxy-server 20" 0.0179 "-" 25 0
Jan 30 14:21:16 standalone proxy-server[129720]: 172.18.0.2 172.18.0.100 30/Jan/2026/14/21/16 PUT /v1/AUTH_5b4b45fa43af4f24bc89f2a65143b996/gnocchi.28b81d72-88a4-4e68-88db-f42b86a1898a/1769040000.0_mean_300.0_v3 HTTP/1.0 201 - python-swiftclient-3.11.1 gAAAAABpfL4XpeS_... 16 - - tx9e96aa2081df4ae293a20-00697cbe5c - 0.0292 - - 1769782876.318630457 1769782876.347870350 0
Jan 30 14:21:16 standalone container-server[127698]: 172.20.0.100 - - [30/Jan/2026:14:21:16 +0000] "PUT /d1/312/AUTH_5b4b45fa43af4f24bc89f2a65143b996/gnocchi.28b81d72-88a4-4e68-88db-f42b86a1898a/none_v3" 201 - "PUT http://172.18.0.2:8080/d1/281/AUTH_5b4b45fa43af4f24bc89f2a65143b996/gnocchi.28b81d72-88a4-4e68-88db-f42b86a1898a/none_v3" "txd45fe32231654ffd8344e-00697cbe5c" "object-server 25" 0.0008 "-" 15 0
Jan 30 14:21:16 standalone object-server[127894]: 172.20.0.100 - - [30/Jan/2026:14:21:16 +0000] "PUT /d1/281/AUTH_5b4b45fa43af4f24bc89f2a65143b996/gnocchi.28b81d72-88a4-4e68-88db-f42b86a1898a/none_v3" 201 - "PUT http://172.18.0.2:8080/v1/AUTH_5b4b45fa43af4f24bc89f2a65143b996/gnocchi.28b81d72-88a4-4e68-88db-f42b86a1898a/none_v3" "txd45fe32231654ffd8344e-00697cbe5c" "proxy-server 20" 0.0281 "-" 25 0
Jan 30 14:21:16 standalone proxy-server[129720]: 172.18.0.2 172.18.0.100 30/Jan/2026/14/21/16 PUT /v1/AUTH_5b4b45fa43af4f24bc89f2a65143b996/gnocchi.28b81d72-88a4-4e68-88db-f42b86a1898a/none_v3 HTTP/1.0 201 - python-swiftclient-3.11.1 gAAAAABpfL4XpeS_... 22 - - txd45fe32231654ffd8344e-00697cbe5c - 0.0372 - - 1769782876.351097345 1769782876.388345957 0
Jan 30 14:21:16 standalone container-server[127698]: 172.20.0.100 - - [30/Jan/2026:14:21:16 +0000] "HEAD /d1/735/AUTH_5b4b45fa43af4f24bc89f2a65143b996/gnocchi.f4ed8fa3-1ec1-4d50-8058-e843b9867a27" 404 - "HEAD http://172.18.0.2:8080/v1/AUTH_5b4b45fa43af4f24bc89f2a65143b996/gnocchi.f4ed8fa3-1ec1-4d50-8058-e843b9867a27?format=json&states=listing" "txc0e1213a23254f20a926f-00697cbe5c" "proxy-server 20" 0.0006 "-" 15 0
Jan 30 14:21:16 standalone object-server[127893]: 172.20.0.100 - - [30/Jan/2026:14:21:16 +0000] "GET /d1/532/AUTH_5b4b45fa43af4f24bc89f2a65143b996/gnocchi.f4ed8fa3-1ec1-4d50-8058-e843b9867a27/none_v3" 404 70 "GET http://172.18.0.2:8080/v1/AUTH_5b4b45fa43af4f24bc89f2a65143b996/gnocchi.f4ed8fa3-1ec1-4d50-8058-e843b9867a27/none_v3" "txc0e1213a23254f20a926f-00697cbe5c" "proxy-server 20" 0.0007 "-" 24 0
Jan 30 14:21:16 standalone proxy-server[129720]: 172.18.0.2 172.18.0.100 30/Jan/2026/14/21/16 GET /v1/AUTH_5b4b45fa43af4f24bc89f2a65143b996/gnocchi.f4ed8fa3-1ec1-4d50-8058-e843b9867a27/none_v3 HTTP/1.0 404 - python-swiftclient-3.11.1 gAAAAABpfL4XpeS_... - 70 - txc0e1213a23254f20a926f-00697cbe5c - 0.0142 - - 1769782876.401330948 1769782876.415505886 0
Jan 30 14:21:16 standalone account-server[127571]: 172.20.0.100 - - [30/Jan/2026:14:21:16 +0000] "PUT /d1/347/AUTH_5b4b45fa43af4f24bc89f2a65143b996/gnocchi.f4ed8fa3-1ec1-4d50-8058-e843b9867a27" 201 - "PUT http://172.20.0.100:6001/d1/735/AUTH_5b4b45fa43af4f24bc89f2a65143b996/gnocchi.f4ed8fa3-1ec1-4d50-8058-e843b9867a27" "txe7480cbf50fd46ffb1086-00697cbe5c" "container-server 17" 0.0101 "-" 20 0
Jan 30 14:21:16 standalone container-server[127732]: 172.20.0.100 - - [30/Jan/2026:14:21:16 +0000] "PUT /d1/735/AUTH_5b4b45fa43af4f24bc89f2a65143b996/gnocchi.f4ed8fa3-1ec1-4d50-8058-e843b9867a27" 201 - "PUT http://172.18.0.2:8080/v1/AUTH_5b4b45fa43af4f24bc89f2a65143b996/gnocchi.f4ed8fa3-1ec1-4d50-8058-e843b9867a27" "txe7480cbf50fd46ffb1086-00697cbe5c" "proxy-server 20" 0.0290 "-" 17 0
Jan 30 14:21:16 standalone proxy-server[129720]: 172.18.0.2 172.18.0.100 30/Jan/2026/14/21/16 PUT /v1/AUTH_5b4b45fa43af4f24bc89f2a65143b996/gnocchi.f4ed8fa3-1ec1-4d50-8058-e843b9867a27 HTTP/1.0 201 - python-swiftclient-3.11.1 gAAAAABpfL4XpeS_... - - - txe7480cbf50fd46ffb1086-00697cbe5c - 0.0375 - - 1769782876.418680429 1769782876.456199884 0
Jan 30 14:21:16 standalone container-server[127698]: 172.20.0.100 - - [30/Jan/2026:14:21:16 +0000] "HEAD /d1/735/AUTH_5b4b45fa43af4f24bc89f2a65143b996/gnocchi.f4ed8fa3-1ec1-4d50-8058-e843b9867a27" 204 - "HEAD http://172.18.0.2:8080/v1/AUTH_5b4b45fa43af4f24bc89f2a65143b996/gnocchi.f4ed8fa3-1ec1-4d50-8058-e843b9867a27?format=json&states=listing" "tx1c4d829f35404fd49624c-00697cbe5c" "proxy-server 20" 0.0046 "-" 15 0
Jan 30 14:21:16 standalone proxy-server[129720]: - - 30/Jan/2026/14/21/16 HEAD /v1/AUTH_5b4b45fa43af4f24bc89f2a65143b996/gnocchi.f4ed8fa3-1ec1-4d50-8058-e843b9867a27%3Fformat%3Djson%26states%3Dlisting HTTP/1.0 204 - Swift - - - - tx1c4d829f35404fd49624c-00697cbe5c - 0.0094 RL - 1769782876.462596893 1769782876.471995354 0
Jan 30 14:21:16 standalone container-server[127732]: 172.20.0.100 - - [30/Jan/2026:14:21:16 +0000] "GET /d1/735/AUTH_5b4b45fa43af4f24bc89f2a65143b996/gnocchi.f4ed8fa3-1ec1-4d50-8058-e843b9867a27" 200 2 "GET http://172.18.0.2:8080/v1/AUTH_5b4b45fa43af4f24bc89f2a65143b996/gnocchi.f4ed8fa3-1ec1-4d50-8058-e843b9867a27?format=json&states=listing" "tx1c4d829f35404fd49624c-00697cbe5c" "proxy-server 20" 0.0050 "-" 17 0
Jan 30 14:21:16 standalone proxy-server[129720]: 172.18.0.2 172.18.0.100 30/Jan/2026/14/21/16 GET /v1/AUTH_5b4b45fa43af4f24bc89f2a65143b996/gnocchi.f4ed8fa3-1ec1-4d50-8058-e843b9867a27%3Fformat%3Djson%26states%3Dlisting HTTP/1.0 200 - python-swiftclient-3.11.1 gAAAAABpfL4XpeS_... - 2 - tx1c4d829f35404fd49624c-00697cbe5c - 0.0300 - - 1769782876.460971355 1769782876.490971565 0
Jan 30 14:21:16 standalone object-server[127893]: 172.20.0.100 - - [30/Jan/2026:14:21:16 +0000] "GET /d1/375/AUTH_5b4b45fa43af4f24bc89f2a65143b996/gnocchi.f4ed8fa3-1ec1-4d50-8058-e843b9867a27/1769040000.0_mean_300.0_v3" 404 70 "GET http://172.18.0.2:8080/v1/AUTH_5b4b45fa43af4f24bc89f2a65143b996/gnocchi.f4ed8fa3-1ec1-4d50-8058-e843b9867a27/1769040000.0_mean_300.0_v3" "txb2b1b177dcdc4451bc475-00697cbe5c" "proxy-server 20" 0.0015 "-" 24 0
Jan 30 14:21:16 standalone proxy-server[129720]: 172.18.0.2 172.18.0.100 30/Jan/2026/14/21/16 GET /v1/AUTH_5b4b45fa43af4f24bc89f2a65143b996/gnocchi.f4ed8fa3-1ec1-4d50-8058-e843b9867a27/1769040000.0_mean_300.0_v3 HTTP/1.0 404 - python-swiftclient-3.11.1 gAAAAABpfL4XpeS_... - 70 - txb2b1b177dcdc4451bc475-00697cbe5c - 0.0524 - - 1769782876.496834040 1769782876.549224854 0
Jan 30 14:21:16 standalone container-server[127732]: 172.20.0.100 - - [30/Jan/2026:14:21:16 +0000] "PUT /d1/735/AUTH_5b4b45fa43af4f24bc89f2a65143b996/gnocchi.f4ed8fa3-1ec1-4d50-8058-e843b9867a27/1769040000.0_mean_300.0_v3" 201 - "PUT http://172.18.0.2:8080/d1/375/AUTH_5b4b45fa43af4f24bc89f2a65143b996/gnocchi.f4ed8fa3-1ec1-4d50-8058-e843b9867a27/1769040000.0_mean_300.0_v3" "txf4d74bafa4314199a5a1b-00697cbe5c" "object-server 23" 0.0009 "-" 17 0
