Jan 30 14:22:58 standalone object-server[127894]: 172.20.0.100 - - [30/Jan/2026:14:22:58 +0000] "GET /d1/861/AUTH_5b4b45fa43af4f24bc89f2a65143b996/gnocchi.1f498c3b-e255-451f-9ba4-74fd0601dca0/none_v3" 404 70 "GET http://172.18.0.2:8080/v1/AUTH_5b4b45fa43af4f24bc89f2a65143b996/gnocchi.1f498c3b-e255-451f-9ba4-74fd0601dca0/none_v3" "txec36fcb125ac408389da3-00697cbec2" "proxy-server 20" 0.0005 "-" 25 0
Jan 30 14:22:58 standalone proxy-server[129720]: 172.18.0.2 172.18.0.100 30/Jan/2026/14/22/58 GET /v1/AUTH_5b4b45fa43af4f24bc89f2a65143b996/gnocchi.1f498c3b-e255-451f-9ba4-74fd0601dca0/none_v3 HTTP/1.0 404 - python-swiftclient-3.11.1 gAAAAABpfL4XpeS_... - 70 - txec36fcb125ac408389da3-00697cbec2 - 0.0167 - - 1769782978.154908657 1769782978.171627522 0
Jan 30 14:22:58 standalone account-server[127589]: 172.20.0.100 - - [30/Jan/2026:14:22:58 +0000] "PUT /d1/347/AUTH_5b4b45fa43af4f24bc89f2a65143b996/gnocchi.1f498c3b-e255-451f-9ba4-74fd0601dca0" 201 - "PUT http://172.20.0.100:6001/d1/939/AUTH_5b4b45fa43af4f24bc89f2a65143b996/gnocchi.1f498c3b-e255-451f-9ba4-74fd0601dca0" "tx970c1360832b46f4b7603-00697cbec2" "container-server 17" 0.0086 "-" 23 0
Jan 30 14:22:58 standalone container-server[127732]: 172.20.0.100 - - [30/Jan/2026:14:22:58 +0000] "PUT /d1/939/AUTH_5b4b45fa43af4f24bc89f2a65143b996/gnocchi.1f498c3b-e255-451f-9ba4-74fd0601dca0" 201 - "PUT http://172.18.0.2:8080/v1/AUTH_5b4b45fa43af4f24bc89f2a65143b996/gnocchi.1f498c3b-e255-451f-9ba4-74fd0601dca0" "tx970c1360832b46f4b7603-00697cbec2" "proxy-server 20" 0.0413 "-" 17 0
Jan 30 14:22:58 standalone proxy-server[129720]: 172.18.0.2 172.18.0.100 30/Jan/2026/14/22/58 PUT /v1/AUTH_5b4b45fa43af4f24bc89f2a65143b996/gnocchi.1f498c3b-e255-451f-9ba4-74fd0601dca0 HTTP/1.0 201 - python-swiftclient-3.11.1 gAAAAABpfL4XpeS_... - - - tx970c1360832b46f4b7603-00697cbec2 - 0.0483 - - 1769782978.174860716 1769782978.223129511 0
Jan 30 14:22:58 standalone container-server[127732]: 172.20.0.100 - - [30/Jan/2026:14:22:58 +0000] "HEAD /d1/939/AUTH_5b4b45fa43af4f24bc89f2a65143b996/gnocchi.1f498c3b-e255-451f-9ba4-74fd0601dca0" 204 - "HEAD http://172.18.0.2:8080/v1/AUTH_5b4b45fa43af4f24bc89f2a65143b996/gnocchi.1f498c3b-e255-451f-9ba4-74fd0601dca0?format=json&states=listing" "txa23f46f58b1e4109ad5ee-00697cbec2" "proxy-server 20" 0.0022 "-" 17 0
Jan 30 14:22:58 standalone proxy-server[129720]: - - 30/Jan/2026/14/22/58 HEAD /v1/AUTH_5b4b45fa43af4f24bc89f2a65143b996/gnocchi.1f498c3b-e255-451f-9ba4-74fd0601dca0%3Fformat%3Djson%26states%3Dlisting HTTP/1.0 204 - Swift - - - - txa23f46f58b1e4109ad5ee-00697cbec2 - 0.0056 RL - 1769782978.227735043 1769782978.233314753 0
Jan 30 14:22:58 standalone container-server[127732]: 172.20.0.100 - - [30/Jan/2026:14:22:58 +0000] "GET /d1/939/AUTH_5b4b45fa43af4f24bc89f2a65143b996/gnocchi.1f498c3b-e255-451f-9ba4-74fd0601dca0" 200 2 "GET http://172.18.0.2:8080/v1/AUTH_5b4b45fa43af4f24bc89f2a65143b996/gnocchi.1f498c3b-e255-451f-9ba4-74fd0601dca0?format=json&states=listing" "txa23f46f58b1e4109ad5ee-00697cbec2" "proxy-server 20" 0.0033 "-" 17 0
Jan 30 14:22:58 standalone proxy-server[129720]: 172.18.0.2 172.18.0.100 30/Jan/2026/14/22/58 GET /v1/AUTH_5b4b45fa43af4f24bc89f2a65143b996/gnocchi.1f498c3b-e255-451f-9ba4-74fd0601dca0%3Fformat%3Djson%26states%3Dlisting HTTP/1.0 200 - python-swiftclient-3.11.1 gAAAAABpfL4XpeS_... - 2 - txa23f46f58b1e4109ad5ee-00697cbec2 - 0.0151 - - 1769782978.226765871 1769782978.241892099 0
Jan 30 14:22:58 standalone object-server[127891]: 172.20.0.100 - - [30/Jan/2026:14:22:58 +0000] "GET /d1/743/AUTH_5b4b45fa43af4f24bc89f2a65143b996/gnocchi.1f498c3b-e255-451f-9ba4-74fd0601dca0/1769040000.0_mean_300.0_v3" 404 70 "GET http://172.18.0.2:8080/v1/AUTH_5b4b45fa43af4f24bc89f2a65143b996/gnocchi.1f498c3b-e255-451f-9ba4-74fd0601dca0/1769040000.0_mean_300.0_v3" "tx2266aa86e29546b886823-00697cbec2" "proxy-server 20" 0.0003 "-" 22 0
Jan 30 14:22:58 standalone proxy-server[129720]: 172.18.0.2 172.18.0.100 30/Jan/2026/14/22/58 GET /v1/AUTH_5b4b45fa43af4f24bc89f2a65143b996/gnocchi.1f498c3b-e255-451f-9ba4-74fd0601dca0/1769040000.0_mean_300.0_v3 HTTP/1.0 404 - python-swiftclient-3.11.1 gAAAAABpfL4XpeS_... - 70 - tx2266aa86e29546b886823-00697cbec2 - 0.0049 - - 1769782978.245528221 1769782978.250434399 0
Jan 30 14:22:58 standalone container-server[127698]: 172.20.0.100 - - [30/Jan/2026:14:22:58 +0000] "PUT /d1/939/AUTH_5b4b45fa43af4f24bc89f2a65143b996/gnocchi.1f498c3b-e255-451f-9ba4-74fd0601dca0/1769040000.0_mean_300.0_v3" 201 - "PUT http://172.18.0.2:8080/d1/743/AUTH_5b4b45fa43af4f24bc89f2a65143b996/gnocchi.1f498c3b-e255-451f-9ba4-74fd0601dca0/1769040000.0_mean_300.0_v3" "txbc117da730ea477ba7e8c-00697cbec2" "object-server 23" 0.0008 "-" 15 0
Jan 30 14:22:58 standalone object-server[127892]: 172.20.0.100 - - [30/Jan/2026:14:22:58 +0000] "PUT /d1/743/AUTH_5b4b45fa43af4f24bc89f2a65143b996/gnocchi.1f498c3b-e255-451f-9ba4-74fd0601dca0/1769040000.0_mean_300.0_v3" 201 - "PUT http://172.18.0.2:8080/v1/AUTH_5b4b45fa43af4f24bc89f2a65143b996/gnocchi.1f498c3b-e255-451f-9ba4-74fd0601dca0/1769040000.0_mean_300.0_v3" "txbc117da730ea477ba7e8c-00697cbec2" "proxy-server 20" 0.0117 "-" 23 0
Jan 30 14:22:58 standalone proxy-server[129720]: 172.18.0.2 172.18.0.100 30/Jan/2026/14/22/58 PUT /v1/AUTH_5b4b45fa43af4f24bc89f2a65143b996/gnocchi.1f498c3b-e255-451f-9ba4-74fd0601dca0/1769040000.0_mean_300.0_v3 HTTP/1.0 201 - python-swiftclient-3.11.1 gAAAAABpfL4XpeS_... 16 - - txbc117da730ea477ba7e8c-00697cbec2 - 0.0164 - - 1769782978.253272057 1769782978.269708633 0
Jan 30 14:22:58 standalone container-server[127732]: 172.20.0.100 - - [30/Jan/2026:14:22:58 +0000] "PUT /d1/939/AUTH_5b4b45fa43af4f24bc89f2a65143b996/gnocchi.1f498c3b-e255-451f-9ba4-74fd0601dca0/none_v3" 201 - "PUT http://172.18.0.2:8080/d1/861/AUTH_5b4b45fa43af4f24bc89f2a65143b996/gnocchi.1f498c3b-e255-451f-9ba4-74fd0601dca0/none_v3" "tx590b6e27eb8f4431953f0-00697cbec2" "object-server 25" 0.0009 "-" 17 0
Jan 30 14:22:58 standalone object-server[127894]: 172.20.0.100 - - [30/Jan/2026:14:22:58 +0000] "PUT /d1/861/AUTH_5b4b45fa43af4f24bc89f2a65143b996/gnocchi.1f498c3b-e255-451f-9ba4-74fd0601dca0/none_v3" 201 - "PUT http://172.18.0.2:8080/v1/AUTH_5b4b45fa43af4f24bc89f2a65143b996/gnocchi.1f498c3b-e255-451f-9ba4-74fd0601dca0/none_v3" "tx590b6e27eb8f4431953f0-00697cbec2" "proxy-server 20" 0.0179 "-" 25 0
Jan 30 14:22:58 standalone proxy-server[129720]: 172.18.0.2 172.18.0.100 30/Jan/2026/14/22/58 PUT /v1/AUTH_5b4b45fa43af4f24bc89f2a65143b996/gnocchi.1f498c3b-e255-451f-9ba4-74fd0601dca0/none_v3 HTTP/1.0 201 - python-swiftclient-3.11.1 gAAAAABpfL4XpeS_... 22 - - tx590b6e27eb8f4431953f0-00697cbec2 - 0.0227 - - 1769782978.273641825 1769782978.296312094 0
Jan 30 14:22:58 standalone container-server[127712]: 172.20.0.100 - - [30/Jan/2026:14:22:58 +0000] "HEAD /d1/0/AUTH_5b4b45fa43af4f24bc89f2a65143b996/gnocchi.e1d7852b-5220-4909-a19e-823ac94908a1" 404 - "HEAD http://172.18.0.2:8080/v1/AUTH_5b4b45fa43af4f24bc89f2a65143b996/gnocchi.e1d7852b-5220-4909-a19e-823ac94908a1?format=json&states=listing" "tx174277b352af4779a2897-00697cbec2" "proxy-server 20" 0.0004 "-" 16 0
Jan 30 14:22:58 standalone object-server[127891]: 172.20.0.100 - - [30/Jan/2026:14:22:58 +0000] "GET /d1/994/AUTH_5b4b45fa43af4f24bc89f2a65143b996/gnocchi.e1d7852b-5220-4909-a19e-823ac94908a1/none_v3" 404 70 "GET http://172.18.0.2:8080/v1/AUTH_5b4b45fa43af4f24bc89f2a65143b996/gnocchi.e1d7852b-5220-4909-a19e-823ac94908a1/none_v3" "tx174277b352af4779a2897-00697cbec2" "proxy-server 20" 0.0005 "-" 22 0
Jan 30 14:22:58 standalone proxy-server[129720]: 172.18.0.2 172.18.0.100 30/Jan/2026/14/22/58 GET /v1/AUTH_5b4b45fa43af4f24bc89f2a65143b996/gnocchi.e1d7852b-5220-4909-a19e-823ac94908a1/none_v3 HTTP/1.0 404 - python-swiftclient-3.11.1 gAAAAABpfL4XpeS_... - 70 - tx174277b352af4779a2897-00697cbec2 - 0.0112 - - 1769782978.305735826 1769782978.316919565 0
Jan 30 14:22:58 standalone account-server[127589]: 172.20.0.100 - - [30/Jan/2026:14:22:58 +0000] "PUT /d1/347/AUTH_5b4b45fa43af4f24bc89f2a65143b996/gnocchi.e1d7852b-5220-4909-a19e-823ac94908a1" 201 - "PUT http://172.20.0.100:6001/d1/0/AUTH_5b4b45fa43af4f24bc89f2a65143b996/gnocchi.e1d7852b-5220-4909-a19e-823ac94908a1" "tx8a14cbf934c74e76beaa3-00697cbec2" "container-server 15" 0.0246 "-" 23 0
Jan 30 14:22:58 standalone container-server[127698]: 172.20.0.100 - - [30/Jan/2026:14:22:58 +0000] "PUT /d1/0/AUTH_5b4b45fa43af4f24bc89f2a65143b996/gnocchi.e1d7852b-5220-4909-a19e-823ac94908a1" 201 - "PUT http://172.18.0.2:8080/v1/AUTH_5b4b45fa43af4f24bc89f2a65143b996/gnocchi.e1d7852b-5220-4909-a19e-823ac94908a1" "tx8a14cbf934c74e76beaa3-00697cbec2" "proxy-server 20" 0.1183 "-" 15 0
Jan 30 14:22:58 standalone proxy-server[129720]: 172.18.0.2 172.18.0.100 30/Jan/2026/14/22/58 PUT /v1/AUTH_5b4b45fa43af4f24bc89f2a65143b996/gnocchi.e1d7852b-5220-4909-a19e-823ac94908a1 HTTP/1.0 201 - python-swiftclient-3.11.1 gAAAAABpfL4XpeS_... - - - tx8a14cbf934c74e76beaa3-00697cbec2 - 0.1255 - - 1769782978.320496798 1769782978.446019650 0
Jan 30 14:22:58 standalone container-server[127712]: 172.20.0.100 - - [30/Jan/2026:14:22:58 +0000] "HEAD /d1/0/AUTH_5b4b45fa43af4f24bc89f2a65143b996/gnocchi.e1d7852b-5220-4909-a19e-823ac94908a1" 204 - "HEAD http://172.18.0.2:8080/v1/AUTH_5b4b45fa43af4f24bc89f2a65143b996/gnocchi.e1d7852b-5220-4909-a19e-823ac94908a1?format=json&states=listing" "txca77dfc7ca56481a818b0-00697cbec2" "proxy-server 20" 0.0025 "-" 16 0
Jan 30 14:22:58 standalone proxy-server[129720]: - - 30/Jan/2026/14/22/58 HEAD /v1/AUTH_5b4b45fa43af4f24bc89f2a65143b996/gnocchi.e1d7852b-5220-4909-a19e-823ac94908a1%3Fformat%3Djson%26states%3Dlisting HTTP/1.0 204 - Swift - - - - txca77dfc7ca56481a818b0-00697cbec2 - 0.0085 RL - 1769782978.455959558 1769782978.464486837 0
Jan 30 14:22:58 standalone container-server[127732]: 172.20.0.100 - - [30/Jan/2026:14:22:58 +0000] "GET /d1/0/AUTH_5b4b45fa43af4f24bc89f2a65143b996/gnocchi.e1d7852b-5220-4909-a19e-823ac94908a1" 200 2 "GET http://172.18.0.2:8080/v1/AUTH_5b4b45fa43af4f24bc89f2a65143b996/gnocchi.e1d7852b-5220-4909-a19e-823ac94908a1?format=json&states=listing" "txca77dfc7ca56481a818b0-00697cbec2" "proxy-server 20" 0.0037 "-" 17 0
Jan 30 14:22:58 standalone proxy-server[129720]: 172.18.0.2 172.18.0.100 30/Jan/2026/14/22/58 GET /v1/AUTH_5b4b45fa43af4f24bc89f2a65143b996/gnocchi.e1d7852b-5220-4909-a19e-823ac94908a1%3Fformat%3Djson%26states%3Dlisting HTTP/1.0 200 - python-swiftclient-3.11.1 gAAAAABpfL4XpeS_... - 2 - txca77dfc7ca56481a818b0-00697cbec2 - 0.0595 - - 1769782978.453750849 1769782978.513270617 0
Jan 30 14:22:58 standalone object-server[127893]: 172.20.0.100 - - [30/Jan/2026:14:22:58 +0000] "GET /d1/417/AUTH_5b4b45fa43af4f24bc89f2a65143b996/gnocchi.e1d7852b-5220-4909-a19e-823ac94908a1/1769040000.0_mean_300.0_v3" 404 70 "GET http://172.18.0.2:8080/v1/AUTH_5b4b45fa43af4f24bc89f2a65143b996/gnocchi.e1d7852b-5220-4909-a19e-823ac94908a1/1769040000.0_mean_300.0_v3" "txcc8cb46da46d4ea9b22d4-00697cbec2" "proxy-server 20" 0.0003 "-" 24 0
Jan 30 14:22:58 standalone proxy-server[129720]: 172.18.0.2 172.18.0.100 30/Jan/2026/14/22/58 GET /v1/AUTH_5b4b45fa43af4f24bc89f2a65143b996/gnocchi.e1d7852b-5220-4909-a19e-823ac94908a1/1769040000.0_mean_300.0_v3 HTTP/1.0 404 - python-swiftclient-3.11.1 gAAAAABpfL4XpeS_... - 70 - txcc8cb46da46d4ea9b22d4-00697cbec2 - 0.0066 - - 1769782978.517469406 1769782978.524095297 0
Jan 30 14:22:58 standalone container-server[127698]: 172.20.0.100 - - [30/Jan/2026:14:22:58 +0000] "PUT /d1/0/AUTH_5b4b45fa43af4f24bc89f2a65143b996/gnocchi.e1d7852b-5220-4909-a19e-823ac94908a1/1769040000.0_mean_300.0_v3" 201 - "PUT http://172.18.0.2:8080/d1/417/AUTH_5b4b45fa43af4f24bc89f2a65143b996/gnocchi.e1d7852b-5220-4909-a19e-823ac94908a1/1769040000.0_mean_300.0_v3" "tx1f5c2e468c5a412c9a85e-00697cbec2" "object-server 23" 0.0007 "-" 15 0
Jan 30 14:22:58 standalone object-server[127892]: 172.20.0.100 - - [30/Jan/2026:14:22:58 +0000] "PUT /d1/417/AUTH_5b4b45fa43af4f24bc89f2a65143b996/gnocchi.e1d7852b-5220-4909-a19e-823ac94908a1/1769040000.0_mean_300.0_v3" 201 - "PUT http://172.18.0.2:8080/v1/AUTH_5b4b45fa43af4f24bc89f2a65143b996/gnocchi.e1d7852b-5220-4909-a19e-823ac94908a1/1769040000.0_mean_300.0_v3" "tx1f5c2e468c5a412c9a85e-00697cbec2" "proxy-server 20" 0.2691 "-" 23 0
Jan 30 14:22:58 standalone proxy-server[129720]: 172.18.0.2 172.18.0.100 30/Jan/2026/14/22/58 PUT /v1/AUTH_5b4b45fa43af4f24bc89f2a65143b996/gnocchi.e1d7852b-5220-4909-a19e-823ac94908a1/1769040000.0_mean_300.0_v3 HTTP/1.0 201 - python-swiftclient-3.11.1 gAAAAABpfL4XpeS_... 16 - - tx1f5c2e468c5a412c9a85e-00697cbec2 - 0.2770 - - 1769782978.528538704 1769782978.805508137 0
Jan 30 14:22:58 standalone container-server[127698]: 172.20.0.100 - - [30/Jan/2026:14:22:58 +0000] "PUT /d1/0/AUTH_5b4b45fa43af4f24bc89f2a65143b996/gnocchi.e1d7852b-5220-4909-a19e-823ac94908a1/none_v3" 201 - "PUT http://172.18.0.2:8080/d1/994/AUTH_5b4b45fa43af4f24bc89f2a65143b996/gnocchi.e1d7852b-5220-4909-a19e-823ac94908a1/none_v3" "txa5fbdba48973499681a4b-00697cbec2" "object-server 22" 0.0006 "-" 15 0
Jan 30 14:22:58 standalone object-server[127891]: 172.20.0.100 - - [30/Jan/2026:14:22:58 +0000] "PUT /d1/994/AUTH_5b4b45fa43af4f24bc89f2a65143b996/gnocchi.e1d7852b-5220-4909-a19e-823ac94908a1/none_v3" 201 - "PUT http://172.18.0.2:8080/v1/AUTH_5b4b45fa43af4f24bc89f2a65143b996/gnocchi.e1d7852b-5220-4909-a19e-823ac94908a1/none_v3" "txa5fbdba48973499681a4b-00697cbec2" "proxy-server 20" 0.0117 "-" 22 0
Jan 30 14:22:58 standalone proxy-server[129720]: 172.18.0.2 172.18.0.100 30/Jan/2026/14/22/58 PUT /v1/AUTH_5b4b45fa43af4f24bc89f2a65143b996/gnocchi.e1d7852b-5220-4909-a19e-823ac94908a1/none_v3 HTTP/1.0 201 - python-swiftclient-3.11.1 gAAAAABpfL4XpeS_... 22 - - txa5fbdba48973499681a4b-00697cbec2 - 0.0215 - - 1769782978.811858654 1769782978.833352089 0
Jan 30 14:22:58 standalone container-server[127712]: 172.20.0.100 - - [30/Jan/2026:14:22:58 +0000] "HEAD /d1/340/AUTH_5b4b45fa43af4f24bc89f2a65143b996/gnocchi.c8fa125b-dcea-4dbe-8395-7d94cc332a8c" 404 - "HEAD http://172.18.0.2:8080/v1/AUTH_5b4b45fa43af4f24bc89f2a65143b996/gnocchi.c8fa125b-dcea-4dbe-8395-7d94cc332a8c?format=json&states=listing" "txa496b0b2e420416492bf0-00697cbec2" "proxy-server 20" 0.0005 "-" 16 0
Jan 30 14:22:58 standalone object-server[127892]: 172.20.0.100 - - [30/Jan/2026:14:22:58 +0000] "GET /d1/687/AUTH_5b4b45fa43af4f24bc89f2a65143b996/gnocchi.c8fa125b-dcea-4dbe-8395-7d94cc332a8c/none_v3" 404 70 "GET http://172.18.0.2:8080/v1/AUTH_5b4b45fa43af4f24bc89f2a65143b996/gnocchi.c8fa125b-dcea-4dbe-8395-7d94cc332a8c/none_v3" "txa496b0b2e420416492bf0-00697cbec2" "proxy-server 20" 0.0003 "-" 23 0
Jan 30 14:22:58 standalone proxy-server[129720]: 172.18.0.2 172.18.0.100 30/Jan/2026/14/22/58 GET /v1/AUTH_5b4b45fa43af4f24bc89f2a65143b996/gnocchi.c8fa125b-dcea-4dbe-8395-7d94cc332a8c/none_v3 HTTP/1.0 404 - python-swiftclient-3.11.1 gAAAAABpfL4XpeS_... - 70 - txa496b0b2e420416492bf0-00697cbec2 - 0.0109 - - 1769782978.842709780 1769782978.853595734 0
Jan 30 14:22:58 standalone account-server[127575]: 172.20.0.100 - - [30/Jan/2026:14:22:58 +0000] "PUT /d1/347/AUTH_5b4b45fa43af4f24bc89f2a65143b996/gnocchi.c8fa125b-dcea-4dbe-8395-7d94cc332a8c" 201 - "PUT http://172.20.0.100:6001/d1/340/AUTH_5b4b45fa43af4f24bc89f2a65143b996/gnocchi.c8fa125b-dcea-4dbe-8395-7d94cc332a8c" "tx79c3bbc7219043a5b473d-00697cbec2" "container-server 14" 0.0060 "-" 21 0
Jan 30 14:22:58 standalone container-server[127696]: 172.20.0.100 - - [30/Jan/2026:14:22:58 +0000] "PUT /d1/340/AUTH_5b4b45fa43af4f24bc89f2a65143b996/gnocchi.c8fa125b-dcea-4dbe-8395-7d94cc332a8c" 201 - "PUT http://172.18.0.2:8080/v1/AUTH_5b4b45fa43af4f24bc89f2a65143b996/gnocchi.c8fa125b-dcea-4dbe-8395-7d94cc332a8c" "tx79c3bbc7219043a5b473d-00697cbec2" "proxy-server 20" 0.0207 "-" 14 0
Jan 30 14:22:58 standalone proxy-server[129720]: 172.18.0.2 172.18.0.100 30/Jan/2026/14/22/58 PUT /v1/AUTH_5b4b45fa43af4f24bc89f2a65143b996/gnocchi.c8fa125b-dcea-4dbe-8395-7d94cc332a8c HTTP/1.0 201 - python-swiftclient-3.11.1 gAAAAABpfL4XpeS_... - - - tx79c3bbc7219043a5b473d-00697cbec2 - 0.0285 - - 1769782978.857519865 1769782978.886044741 0
Jan 30 14:22:58 standalone container-server[127732]: 172.20.0.100 - - [30/Jan/2026:14:22:58 +0000] "HEAD /d1/340/AUTH_5b4b45fa43af4f24bc89f2a65143b996/gnocchi.c8fa125b-dcea-4dbe-8395-7d94cc332a8c" 204 - "HEAD http://172.18.0.2:8080/v1/AUTH_5b4b45fa43af4f24bc89f2a65143b996/gnocchi.c8fa125b-dcea-4dbe-8395-7d94cc332a8c?format=json&states=listing" "tx7dc626f853b94c7e8adaa-00697cbec2" "proxy-server 20" 0.0026 "-" 17 0
Jan 30 14:22:58 standalone proxy-server[129720]: - - 30/Jan/2026/14/22/58 HEAD /v1/AUTH_5b4b45fa43af4f24bc89f2a65143b996/gnocchi.c8fa125b-dcea-4dbe-8395-7d94cc332a8c%3Fformat%3Djson%26states%3Dlisting HTTP/1.0 204 - Swift - - - - tx7dc626f853b94c7e8adaa-00697cbec2 - 0.0066 RL - 1769782978.890591383 1769782978.897194386 0
Jan 30 14:22:58 standalone container-server[127696]: 172.20.0.100 - - [30/Jan/2026:14:22:58 +0000] "GET /d1/340/AUTH_5b4b45fa43af4f24bc89f2a65143b996/gnocchi.c8fa125b-dcea-4dbe-8395-7d94cc332a8c" 200 2 "GET http://172.18.0.2:8080/v1/AUTH_5b4b45fa43af4f24bc89f2a65143b996/gnocchi.c8fa125b-dcea-4dbe-8395-7d94cc332a8c?format=json&states=listing" "tx7dc626f853b94c7e8adaa-00697cbec2" "proxy-server 20" 0.0048 "-" 14 0
Jan 30 14:22:58 standalone proxy-server[129720]: 172.18.0.2 172.18.0.100 30/Jan/2026/14/22/58 GET /v1/AUTH_5b4b45fa43af4f24bc89f2a65143b996/gnocchi.c8fa125b-dcea-4dbe-8395-7d94cc332a8c%3Fformat%3Djson%26states%3Dlisting HTTP/1.0 200 - python-swiftclient-3.11.1 gAAAAABpfL4XpeS_... - 2 - tx7dc626f853b94c7e8adaa-00697cbec2 - 0.0208 - - 1769782978.889667988 1769782978.910429478 0
Jan 30 14:22:58 standalone object-server[127893]: 172.20.0.100 - - [30/Jan/2026:14:22:58 +0000] "GET /d1/216/AUTH_5b4b45fa43af4f24bc89f2a65143b996/gnocchi.c8fa125b-dcea-4dbe-8395-7d94cc332a8c/1769040000.0_mean_300.0_v3" 404 70 "GET http://172.18.0.2:8080/v1/AUTH_5b4b45fa43af4f24bc89f2a65143b996/gnocchi.c8fa125b-dcea-4dbe-8395-7d94cc332a8c/1769040000.0_mean_300.0_v3" "txa95d25aa6b1148f480aeb-00697cbec2" "proxy-server 20" 0.0005 "-" 24 0
Jan 30 14:22:58 standalone proxy-server[129720]: 172.18.0.2 172.18.0.100 30/Jan/2026/14/22/58 GET /v1/AUTH_5b4b45fa43af4f24bc89f2a65143b996/gnocchi.c8fa125b-dcea-4dbe-8395-7d94cc332a8c/1769040000.0_mean_300.0_v3 HTTP/1.0 404 - python-swiftclient-3.11.1 gAAAAABpfL4XpeS_... - 70 - txa95d25aa6b1148f480aeb-00697cbec2 - 0.0082 - - 1769782978.915173292 1769782978.923383713 0
Jan 30 14:22:58 standalone container-server[127732]: 172.20.0.100 - - [30/Jan/2026:14:22:58 +0000] "PUT /d1/340/AUTH_5b4b45fa43af4f24bc89f2a65143b996/gnocchi.c8fa125b-dcea-4dbe-8395-7d94cc332a8c/1769040000.0_mean_300.0_v3" 201 - "PUT http://172.18.0.2:8080/d1/216/AUTH_5b4b45fa43af4f24bc89f2a65143b996/gnocchi.c8fa125b-dcea-4dbe-8395-7d94cc332a8c/1769040000.0_mean_300.0_v3" "txce760e859db8476bbcfa9-00697cbec2" "object-server 25" 0.0010 "-" 17 0
Jan 30 14:22:58 standalone object-server[127894]: 172.20.0.100 - - [30/Jan/2026:14:22:58 +0000] "PUT /d1/216/AUTH_5b4b45fa43af4f24bc89f2a65143b996/gnocchi.c8fa125b-dcea-4dbe-8395-7d94cc332a8c/1769040000.0_mean_300.0_v3" 201 - "PUT http://172.18.0.2:8080/v1/AUTH_5b4b45fa43af4f24bc89f2a65143b996/gnocchi.c8fa125b-dcea-4dbe-8395-7d94cc332a8c/1769040000.0_mean_300.0_v3" "txce760e859db8476bbcfa9-00697cbec2" "proxy-server 20" 0.0123 "-" 25 0
Jan 30 14:22:58 standalone proxy-server[129720]: 172.18.0.2 172.18.0.100 30/Jan/2026/14/22/58 PUT /v1/AUTH_5b4b45fa43af4f24bc89f2a65143b996/gnocchi.c8fa125b-dcea-4dbe-8395-7d94cc332a8c/1769040000.0_mean_300.0_v3 HTTP/1.0 201 - python-swiftclient-3.11.1 gAAAAABpfL4XpeS_... 16 - - txce760e859db8476bbcfa9-00697cbec2 - 0.0212 - - 1769782978.927148342 1769782978.948334932 0
Jan 30 14:22:58 standalone container-server[127712]: 172.20.0.100 - - [30/Jan/2026:14:22:58 +0000] "PUT /d1/340/AUTH_5b4b45fa43af4f24bc89f2a65143b996/gnocchi.c8fa125b-dcea-4dbe-8395-7d94cc332a8c/none_v3" 201 - "PUT http://172.18.0.2:8080/d1/687/AUTH_5b4b45fa43af4f24bc89f2a65143b996/gnocchi.c8fa125b-dcea-4dbe-8395-7d94cc332a8c/none_v3" "tx918a108aeda44ddb98db4-00697cbec2" "object-server 22" 0.0012 "-" 16 0
Jan 30 14:22:58 standalone object-server[127891]: 172.20.0.100 - - [30/Jan/2026:14:22:58 +0000] "PUT /d1/687/AUTH_5b4b45fa43af4f24bc89f2a65143b996/gnocchi.c8fa125b-dcea-4dbe-8395-7d94cc332a8c/none_v3" 201 - "PUT http://172.18.0.2:8080/v1/AUTH_5b4b45fa43af4f24bc89f2a65143b996/gnocchi.c8fa125b-dcea-4dbe-8395-7d94cc332a8c/none_v3" "tx918a108aeda44ddb98db4-00697cbec2" "proxy-server 20" 0.0155 "-" 22 0
Jan 30 14:22:58 standalone proxy-server[129720]: 172.18.0.2 172.18.0.100 30/Jan/2026/14/22/58 PUT /v1/AUTH_5b4b45fa43af4f24bc89f2a65143b996/gnocchi.c8fa125b-dcea-4dbe-8395-7d94cc332a8c/none_v3 HTTP/1.0 201 - python-swiftclient-3.11.1 gAAAAABpfL4XpeS_... 22 - - tx918a108aeda44ddb98db4-00697cbec2 - 0.0227 - - 1769782978.951989174 1769782978.974654913 0
Jan 30 14:22:59 standalone container-server[127732]: 172.20.0.100 - - [30/Jan/2026:14:22:59 +0000] "HEAD /d1/808/AUTH_5b4b45fa43af4f24bc89f2a65143b996/gnocchi.9581b1f1-edc4-484a-bd7c-ae374f973cca" 404 - "HEAD http://172.18.0.2:8080/v1/AUTH_5b4b45fa43af4f24bc89f2a65143b996/gnocchi.9581b1f1-edc4-484a-bd7c-ae374f973cca?format=json&states=listing" "tx8aa7450ce2cd4ae0b6abe-00697cbec2" "proxy-server 20" 0.0007 "-" 17 0
Jan 30 14:22:59 standalone object-server[127892]: 172.20.0.100 - - [30/Jan/2026:14:22:59 +0000] "GET /d1/569/AUTH_5b4b45fa43af4f24bc89f2a65143b996/gnocchi.9581b1f1-edc4-484a-bd7c-ae374f973cca/none_v3" 404 70 "GET http://172.18.0.2:8080/v1/AUTH_5b4b45fa43af4f24bc89f2a65143b996/gnocchi.9581b1f1-edc4-484a-bd7c-ae374f973cca/none_v3" "tx8aa7450ce2cd4ae0b6abe-00697cbec2" "proxy-server 20" 0.0007 "-" 23 0
Jan 30 14:22:59 standalone proxy-server[129720]: 172.18.0.2 172.18.0.100 30/Jan/2026/14/22/59 GET /v1/AUTH_5b4b45fa43af4f24bc89f2a65143b996/gnocchi.9581b1f1-edc4-484a-bd7c-ae374f973cca/none_v3 HTTP/1.0 404 - python-swiftclient-3.11.1 gAAAAABpfL4XpeS_... - 70 - tx8aa7450ce2cd4ae0b6abe-00697cbec2 - 0.0134 - - 1769782978.994921446 1769782979.008280754 0
Jan 30 14:22:59 standalone account-server[127575]: 172.20.0.100 - - [30/Jan/2026:14:22:59 +0000] "PUT /d1/347/AUTH_5b4b45fa43af4f24bc89f2a65143b996/gnocchi.9581b1f1-edc4-484a-bd7c-ae374f973cca" 201 - "PUT http://172.20.0.100:6001/d1/808/AUTH_5b4b45fa43af4f24bc89f2a65143b996/gnocchi.9581b1f1-edc4-484a-bd7c-ae374f973cca" "txbf43c8036da2462792008-00697cbec3" "container-server 14" 0.0210 "-" 21 0
Jan 30 14:22:59 standalone container-server[127696]: 172.20.0.100 - - [30/Jan/2026:14:22:59 +0000] "PUT /d1/808/AUTH_5b4b45fa43af4f24bc89f2a65143b996/gnocchi.9581b1f1-edc4-484a-bd7c-ae374f973cca" 201 - "PUT http://172.18.0.2:8080/v1/AUTH_5b4b45fa43af4f24bc89f2a65143b996/gnocchi.9581b1f1-edc4-484a-bd7c-ae374f973cca" "txbf43c8036da2462792008-00697cbec3" "proxy-server 20" 0.0389 "-" 14 0
Jan 30 14:22:59 standalone proxy-server[129720]: 172.18.0.2 172.18.0.100 30/Jan/2026/14/22/59 PUT /v1/AUTH_5b4b45fa43af4f24bc89f2a65143b996/gnocchi.9581b1f1-edc4-484a-bd7c-ae374f973cca HTTP/1.0 201 - python-swiftclient-3.11.1 gAAAAABpfL4XpeS_... - - - txbf43c8036da2462792008-00697cbec3 - 0.0452 - - 1769782979.014342070 1769782979.059580326 0
Jan 30 14:22:59 standalone container-server[127712]: 172.20.0.100 - - [30/Jan/2026:14:22:59 +0000] "HEAD /d1/808/AUTH_5b4b45fa43af4f24bc89f2a65143b996/gnocchi.9581b1f1-edc4-484a-bd7c-ae374f973cca" 204 - "HEAD http://172.18.0.2:8080/v1/AUTH_5b4b45fa43af4f24bc89f2a65143b996/gnocchi.9581b1f1-edc4-484a-bd7c-ae374f973cca?format=json&states=listing" "tx41f1413c042c4cc0b1a0b-00697cbec3" "proxy-server 20" 0.0017 "-" 16 0
Jan 30 14:22:59 standalone proxy-server[129720]: - - 30/Jan/2026/14/22/59 HEAD /v1/AUTH_5b4b45fa43af4f24bc89f2a65143b996/gnocchi.9581b1f1-edc4-484a-bd7c-ae374f973cca%3Fformat%3Djson%26states%3Dlisting HTTP/1.0 204 - Swift - - - - tx41f1413c042c4cc0b1a0b-00697cbec3 - 0.0056 RL - 1769782979.066030502 1769782979.071631670 0
Jan 30 14:22:59 standalone container-server[127732]: 172.20.0.100 - - [30/Jan/2026:14:22:59 +0000] "GET /d1/808/AUTH_5b4b45fa43af4f24bc89f2a65143b996/gnocchi.9581b1f1-edc4-484a-bd7c-ae374f973cca" 200 2 "GET http://172.18.0.2:8080/v1/AUTH_5b4b45fa43af4f24bc89f2a65143b996/gnocchi.9581b1f1-edc4-484a-bd7c-ae374f973cca?format=json&states=listing" "tx41f1413c042c4cc0b1a0b-00697cbec3" "proxy-server 20" 0.0058 "-" 17 0
Jan 30 14:22:59 standalone proxy-server[129720]: 172.18.0.2 172.18.0.100 30/Jan/2026/14/22/59 GET /v1/AUTH_5b4b45fa43af4f24bc89f2a65143b996/gnocchi.9581b1f1-edc4-484a-bd7c-ae374f973cca%3Fformat%3Djson%26states%3Dlisting HTTP/1.0 200 - python-swiftclient-3.11.1 gAAAAABpfL4XpeS_... - 2 - tx41f1413c042c4cc0b1a0b-00697cbec3 - 0.0203 - - 1769782979.064692020 1769782979.084995270 0
Jan 30 14:22:59 standalone object-server[127891]: 172.20.0.100 - - [30/Jan/2026:14:22:59 +0000] "GET /d1/716/AUTH_5b4b45fa43af4f24bc89f2a65143b996/gnocchi.9581b1f1-edc4-484a-bd7c-ae374f973cca/1769040000.0_mean_300.0_v3" 404 70 "GET http://172.18.0.2:8080/v1/AUTH_5b4b45fa43af4f24bc89f2a65143b996/gnocchi.9581b1f1-edc4-484a-bd7c-ae374f973cca/1769040000.0_mean_300.0_v3" "tx9fbf72e585024aa1b559b-00697cbec3" "proxy-server 20" 0.0005 "-" 22 0
Jan 30 14:22:59 standalone proxy-server[129720]: 172.18.0.2 172.18.0.100 30/Jan/2026/14/22/59 GET /v1/AUTH_5b4b45fa43af4f24bc89f2a65143b996/gnocchi.9581b1f1-edc4-484a-bd7c-ae374f973cca/1769040000.0_mean_300.0_v3 HTTP/1.0 404 - python-swiftclient-3.11.1 gAAAAABpfL4XpeS_... - 70 - tx9fbf72e585024aa1b559b-00697cbec3 - 0.0095 - - 1769782979.090291500 1769782979.099826574 0
Jan 30 14:22:59 standalone container-server[127696]: 172.20.0.100 - - [30/Jan/2026:14:22:59 +0000] "PUT /d1/808/AUTH_5b4b45fa43af4f24bc89f2a65143b996/gnocchi.9581b1f1-edc4-484a-bd7c-ae374f973cca/1769040000.0_mean_300.0_v3" 201 - "PUT http://172.18.0.2:8080/d1/716/AUTH_5b4b45fa43af4f24bc89f2a65143b996/gnocchi.9581b1f1-edc4-484a-bd7c-ae374f973cca/1769040000.0_mean_300.0_v3" "txbe151ecba47c4c55b3333-00697cbec3" "object-server 22" 0.0007 "-" 14 0
Jan 30 14:22:59 standalone object-server[127891]: 172.20.0.100 - - [30/Jan/2026:14:22:59 +0000] "PUT /d1/716/AUTH_5b4b45fa43af4f24bc89f2a65143b996/gnocchi.9581b1f1-edc4-484a-bd7c-ae374f973cca/1769040000.0_mean_300.0_v3" 201 - "PUT http://172.18.0.2:8080/v1/AUTH_5b4b45fa43af4f24bc89f2a65143b996/gnocchi.9581b1f1-edc4-484a-bd7c-ae374f973cca/1769040000.0_mean_300.0_v3" "txbe151ecba47c4c55b3333-00697cbec3" "proxy-server 20" 0.0204 "-" 22 0
Jan 30 14:22:59 standalone proxy-server[129720]: 172.18.0.2 172.18.0.100 30/Jan/2026/14/22/59 PUT /v1/AUTH_5b4b45fa43af4f24bc89f2a65143b996/gnocchi.9581b1f1-edc4-484a-bd7c-ae374f973cca/1769040000.0_mean_300.0_v3 HTTP/1.0 201 - python-swiftclient-3.11.1 gAAAAABpfL4XpeS_... 16 - - txbe151ecba47c4c55b3333-00697cbec3 - 0.0300 - - 1769782979.105110645 1769782979.135124683 0
Jan 30 14:22:59 standalone container-server[127712]: 172.20.0.100 - - [30/Jan/2026:14:22:59 +0000] "PUT /d1/808/AUTH_5b4b45fa43af4f24bc89f2a65143b996/gnocchi.9581b1f1-edc4-484a-bd7c-ae374f973cca/none_v3" 201 - "PUT http://172.18.0.2:8080/d1/569/AUTH_5b4b45fa43af4f24bc89f2a65143b996/gnocchi.9581b1f1-edc4-484a-bd7c-ae374f973cca/none_v3" "tx6a568bd3d897466790779-00697cbec3" "object-server 23" 0.0007 "-" 16 0
Jan 30 14:22:59 standalone object-server[127892]: 172.20.0.100 - - [30/Jan/2026:14:22:59 +0000] "PUT /d1/569/AUTH_5b4b45fa43af4f24bc89f2a65143b996/gnocchi.9581b1f1-edc4-484a-bd7c-ae374f973cca/none_v3" 201 - "PUT http://172.18.0.2:8080/v1/AUTH_5b4b45fa43af4f24bc89f2a65143b996/gnocchi.9581b1f1-edc4-484a-bd7c-ae374f973cca/none_v3" "tx6a568bd3d897466790779-00697cbec3" "proxy-server 20" 0.0129 "-" 23 0
Jan 30 14:22:59 standalone proxy-server[129720]: 172.18.0.2 172.18.0.100 30/Jan/2026/14/22/59 PUT /v1/AUTH_5b4b45fa43af4f24bc89f2a65143b996/gnocchi.9581b1f1-edc4-484a-bd7c-ae374f973cca/none_v3 HTTP/1.0 201 - python-swiftclient-3.11.1 gAAAAABpfL4XpeS_... 22 - - tx6a568bd3d897466790779-00697cbec3 - 0.0223 - - 1769782979.139672756 1769782979.161996603 0
Jan 30 14:22:59 standalone container-server[127732]: 172.20.0.100 - - [30/Jan/2026:14:22:59 +0000] "HEAD /d1/546/AUTH_5b4b45fa43af4f24bc89f2a65143b996/gnocchi.32665210-6f5c-48a6-a985-c12434dcb509" 404 - "HEAD http://172.18.0.2:8080/v1/AUTH_5b4b45fa43af4f24bc89f2a65143b996/gnocchi.32665210-6f5c-48a6-a985-c12434dcb509?format=json&states=listing" "tx6fdc725b403c4f468869c-00697cbec3" "proxy-server 20" 0.0006 "-" 17 0
Jan 30 14:22:59 standalone object-server[127894]: 172.20.0.100 - - [30/Jan/2026:14:22:59 +0000] "GET /d1/78/AUTH_5b4b45fa43af4f24bc89f2a65143b996/gnocchi.32665210-6f5c-48a6-a985-c12434dcb509/none_v3" 404 70 "GET http://172.18.0.2:8080/v1/AUTH_5b4b45fa43af4f24bc89f2a65143b996/gnocchi.32665210-6f5c-48a6-a985-c12434dcb509/none_v3" "tx6fdc725b403c4f468869c-00697cbec3" "proxy-server 20" 0.0006 "-" 25 0
Jan 30 14:22:59 standalone proxy-server[129720]: 172.18.0.2 172.18.0.100 30/Jan/2026/14/22/59 GET /v1/AUTH_5b4b45fa43af4f24bc89f2a65143b996/gnocchi.32665210-6f5c-48a6-a985-c12434dcb509/none_v3 HTTP/1.0 404 - python-swiftclient-3.11.1 gAAAAABpfL4XpeS_... - 70 - tx6fdc725b403c4f468869c-00697cbec3 - 0.0161 - - 1769782979.177093029 1769782979.193239212 0
Jan 30 14:22:59 standalone account-server[127571]: 172.20.0.100 - - [30/Jan/2026:14:22:59 +0000] "PUT /d1/347/AUTH_5b4b45fa43af4f24bc89f2a65143b996/gnocchi.32665210-6f5c-48a6-a985-c12434dcb509" 201 - "PUT http://172.20.0.100:6001/d1/546/AUTH_5b4b45fa43af4f24bc89f2a65143b996/gnocchi.32665210-6f5c-48a6-a985-c12434dcb509" "tx908e6036ea83432dada88-00697cbec3" "container-server 15" 0.0130 "-" 20 0
Jan 30 14:22:59 standalone container-server[127698]: 172.20.0.100 - - [30/Jan/2026:14:22:59 +0000] "PUT /d1/546/AUTH_5b4b45fa43af4f24bc89f2a65143b996/gnocchi.32665210-6f5c-48a6-a985-c12434dcb509" 201 - "PUT http://172.18.0.2:8080/v1/AUTH_5b4b45fa43af4f24bc89f2a65143b996/gnocchi.32665210-6f5c-48a6-a985-c12434dcb509" "tx908e6036ea83432dada88-00697cbec3" "proxy-server 20" 0.0306 "-" 15 0
Jan 30 14:22:59 standalone proxy-server[129720]: 172.18.0.2 172.18.0.100 30/Jan/2026/14/22/59 PUT /v1/AUTH_5b4b45fa43af4f24bc89f2a65143b996/gnocchi.32665210-6f5c-48a6-a985-c12434dcb509 HTTP/1.0 201 - python-swiftclient-3.11.1 gAAAAABpfL4XpeS_... - - - tx908e6036ea83432dada88-00697cbec3 - 0.0393 - - 1769782979.197601795 1769782979.236852407 0
Jan 30 14:22:59 standalone container-server[127732]: 172.20.0.100 - - [30/Jan/2026:14:22:59 +0000] "HEAD /d1/546/AUTH_5b4b45fa43af4f24bc89f2a65143b996/gnocchi.32665210-6f5c-48a6-a985-c12434dcb509" 204 - "HEAD http://172.18.0.2:8080/v1/AUTH_5b4b45fa43af4f24bc89f2a65143b996/gnocchi.32665210-6f5c-48a6-a985-c12434dcb509?format=json&states=listing" "tx0d80a7cbafa94f1f8e4b9-00697cbec3" "proxy-server 20" 0.0018 "-" 17 0
Jan 30 14:22:59 standalone proxy-server[129720]: - - 30/Jan/2026/14/22/59 HEAD /v1/AUTH_5b4b45fa43af4f24bc89f2a65143b996/gnocchi.32665210-6f5c-48a6-a985-c12434dcb509%3Fformat%3Djson%26states%3Dlisting HTTP/1.0 204 - Swift - - - - tx0d80a7cbafa94f1f8e4b9-00697cbec3 - 0.0060 RL - 1769782979.244009733 1769782979.250016212 0
Jan 30 14:22:59 standalone container-server[127732]: 172.20.0.100 - - [30/Jan/2026:14:22:59 +0000] "GET /d1/546/AUTH_5b4b45fa43af4f24bc89f2a65143b996/gnocchi.32665210-6f5c-48a6-a985-c12434dcb509" 200 2 "GET http://172.18.0.2:8080/v1/AUTH_5b4b45fa43af4f24bc89f2a65143b996/gnocchi.32665210-6f5c-48a6-a985-c12434dcb509?format=json&states=listing" "tx0d80a7cbafa94f1f8e4b9-00697cbec3" "proxy-server 20" 0.0036 "-" 17 0
Jan 30 14:22:59 standalone proxy-server[129720]: 172.18.0.2 172.18.0.100 30/Jan/2026/14/22/59 GET /v1/AUTH_5b4b45fa43af4f24bc89f2a65143b996/gnocchi.32665210-6f5c-48a6-a985-c12434dcb509%3Fformat%3Djson%26states%3Dlisting HTTP/1.0 200 - python-swiftclient-3.11.1 gAAAAABpfL4XpeS_... - 2 - tx0d80a7cbafa94f1f8e4b9-00697cbec3 - 0.0291 - - 1769782979.242464781 1769782979.271612406 0
Jan 30 14:22:59 standalone object-server[127891]: 172.20.0.100 - - [30/Jan/2026:14:22:59 +0000] "GET /d1/853/AUTH_5b4b45fa43af4f24bc89f2a65143b996/gnocchi.32665210-6f5c-48a6-a985-c12434dcb509/1769040000.0_mean_300.0_v3" 404 70 "GET http://172.18.0.2:8080/v1/AUTH_5b4b45fa43af4f24bc89f2a65143b996/gnocchi.32665210-6f5c-48a6-a985-c12434dcb509/1769040000.0_mean_300.0_v3" "tx507f4962ac03462e84e74-00697cbec3" "proxy-server 20" 0.0004 "-" 22 0
Jan 30 14:22:59 standalone proxy-server[129720]: 172.18.0.2 172.18.0.100 30/Jan/2026/14/22/59 GET /v1/AUTH_5b4b45fa43af4f24bc89f2a65143b996/gnocchi.32665210-6f5c-48a6-a985-c12434dcb509/1769040000.0_mean_300.0_v3 HTTP/1.0 404 - python-swiftclient-3.11.1 gAAAAABpfL4XpeS_... - 70 - tx507f4962ac03462e84e74-00697cbec3 - 0.0081 - - 1769782979.276106358 1769782979.284214020 0
Jan 30 14:22:59 standalone container-server[127712]: 172.20.0.100 - - [30/Jan/2026:14:22:59 +0000] "PUT /d1/546/AUTH_5b4b45fa43af4f24bc89f2a65143b996/gnocchi.32665210-6f5c-48a6-a985-c12434dcb509/1769040000.0_mean_300.0_v3" 201 - "PUT http://172.18.0.2:8080/d1/853/AUTH_5b4b45fa43af4f24bc89f2a65143b996/gnocchi.32665210-6f5c-48a6-a985-c12434dcb509/1769040000.0_mean_300.0_v3" "tx46b9449d79ca4c17ab0a6-00697cbec3" "object-server 25" 0.0010 "-" 16 0
Jan 30 14:22:59 standalone object-server[127894]: 172.20.0.100 - - [30/Jan/2026:14:22:59 +0000] "PUT /d1/853/AUTH_5b4b45fa43af4f24bc89f2a65143b996/gnocchi.32665210-6f5c-48a6-a985-c12434dcb509/1769040000.0_mean_300.0_v3" 201 - "PUT http://172.18.0.2:8080/v1/AUTH_5b4b45fa43af4f24bc89f2a65143b996/gnocchi.32665210-6f5c-48a6-a985-c12434dcb509/1769040000.0_mean_300.0_v3" "tx46b9449d79ca4c17ab0a6-00697cbec3" "proxy-server 20" 0.0210 "-" 25 0
Jan 30 14:22:59 standalone proxy-server[129720]: 172.18.0.2 172.18.0.100 30/Jan/2026/14/22/59 PUT /v1/AUTH_5b4b45fa43af4f24bc89f2a65143b996/gnocchi.32665210-6f5c-48a6-a985-c12434dcb509/1769040000.0_mean_300.0_v3 HTTP/1.0 201 - python-swiftclient-3.11.1 gAAAAABpfL4XpeS_... 16 - - tx46b9449d79ca4c17ab0a6-00697cbec3 - 0.0289 - - 1769782979.287833452 1769782979.316768885 0
Jan 30 14:22:59 standalone container-server[127696]: 172.20.0.100 - - [30/Jan/2026:14:22:59 +0000] "PUT /d1/546/AUTH_5b4b45fa43af4f24bc89f2a65143b996/gnocchi.32665210-6f5c-48a6-a985-c12434dcb509/none_v3" 201 - "PUT http://172.18.0.2:8080/d1/78/AUTH_5b4b45fa43af4f24bc89f2a65143b996/gnocchi.32665210-6f5c-48a6-a985-c12434dcb509/none_v3" "txa45f3b2f69914435b6589-00697cbec3" "object-server 24" 0.0006 "-" 14 0
Jan 30 14:22:59 standalone object-server[127893]: 172.20.0.100 - - [30/Jan/2026:14:22:59 +0000] "PUT /d1/78/AUTH_5b4b45fa43af4f24bc89f2a65143b996/gnocchi.32665210-6f5c-48a6-a985-c12434dcb509/none_v3" 201 - "PUT http://172.18.0.2:8080/v1/AUTH_5b4b45fa43af4f24bc89f2a65143b996/gnocchi.32665210-6f5c-48a6-a985-c12434dcb509/none_v3" "txa45f3b2f69914435b6589-00697cbec3" "proxy-server 20" 0.0232 "-" 24 0
Jan 30 14:22:59 standalone proxy-server[129720]: 172.18.0.2 172.18.0.100 30/Jan/2026/14/22/59 PUT /v1/AUTH_5b4b45fa43af4f24bc89f2a65143b996/gnocchi.32665210-6f5c-48a6-a985-c12434dcb509/none_v3 HTTP/1.0 201 - python-swiftclient-3.11.1 gAAAAABpfL4XpeS_... 22 - - txa45f3b2f69914435b6589-00697cbec3 - 0.0308 - - 1769782979.321738243 1769782979.352518797 0
Jan 30 14:22:59 standalone container-server[127712]: 172.20.0.100 - - [30/Jan/2026:14:22:59 +0000] "HEAD /d1/359/AUTH_5b4b45fa43af4f24bc89f2a65143b996/gnocchi.bcafbd5e-c9be-4b70-8322-177d84da4182" 404 - "HEAD http://172.18.0.2:8080/v1/AUTH_5b4b45fa43af4f24bc89f2a65143b996/gnocchi.bcafbd5e-c9be-4b70-8322-177d84da4182?format=json&states=listing" "txdbebb8312d884ed8a70a6-00697cbec3" "proxy-server 20" 0.0004 "-" 16 0
Jan 30 14:22:59 standalone object-server[127893]: 172.20.0.100 - - [30/Jan/2026:14:22:59 +0000] "GET /d1/960/AUTH_5b4b45fa43af4f24bc89f2a65143b996/gnocchi.bcafbd5e-c9be-4b70-8322-177d84da4182/none_v3" 404 70 "GET http://172.18.0.2:8080/v1/AUTH_5b4b45fa43af4f24bc89f2a65143b996/gnocchi.bcafbd5e-c9be-4b70-8322-177d84da4182/none_v3" "txdbebb8312d884ed8a70a6-00697cbec3" "proxy-server 20" 0.0003 "-" 24 0
Jan 30 14:22:59 standalone proxy-server[129720]: 172.18.0.2 172.18.0.100 30/Jan/2026/14/22/59 GET /v1/AUTH_5b4b45fa43af4f24bc89f2a65143b996/gnocchi.bcafbd5e-c9be-4b70-8322-177d84da4182/none_v3 HTTP/1.0 404 - python-swiftclient-3.11.1 gAAAAABpfL4XpeS_... - 70 - txdbebb8312d884ed8a70a6-00697cbec3 - 0.0090 - - 1769782979.367594957 1769782979.376622915 0
Jan 30 14:22:59 standalone account-server[127571]: 172.20.0.100 - - [30/Jan/2026:14:22:59 +0000] "PUT /d1/347/AUTH_5b4b45fa43af4f24bc89f2a65143b996/gnocchi.bcafbd5e-c9be-4b70-8322-177d84da4182" 201 - "PUT http://172.20.0.100:6001/d1/359/AUTH_5b4b45fa43af4f24bc89f2a65143b996/gnocchi.bcafbd5e-c9be-4b70-8322-177d84da4182" "tx5ab97ba5546b4ef091c07-00697cbec3" "container-server 17" 0.0082 "-" 20 0
Jan 30 14:22:59 standalone container-server[127732]: 172.20.0.100 - - [30/Jan/2026:14:22:59 +0000] "PUT /d1/359/AUTH_5b4b45fa43af4f24bc89f2a65143b996/gnocchi.bcafbd5e-c9be-4b70-8322-177d84da4182" 201 - "PUT http://172.18.0.2:8080/v1/AUTH_5b4b45fa43af4f24bc89f2a65143b996/gnocchi.bcafbd5e-c9be-4b70-8322-177d84da4182" "tx5ab97ba5546b4ef091c07-00697cbec3" "proxy-server 20" 0.0236 "-" 17 0
Jan 30 14:22:59 standalone proxy-server[129720]: 172.18.0.2 172.18.0.100 30/Jan/2026/14/22/59 PUT /v1/AUTH_5b4b45fa43af4f24bc89f2a65143b996/gnocchi.bcafbd5e-c9be-4b70-8322-177d84da4182 HTTP/1.0 201 - python-swiftclient-3.11.1 gAAAAABpfL4XpeS_... - - - tx5ab97ba5546b4ef091c07-00697cbec3 - 0.0308 - - 1769782979.380143642 1769782979.410949230 0
Jan 30 14:22:59 standalone container-server[127712]: 172.20.0.100 - - [30/Jan/2026:14:22:59 +0000] "HEAD /d1/359/AUTH_5b4b45fa43af4f24bc89f2a65143b996/gnocchi.bcafbd5e-c9be-4b70-8322-177d84da4182" 204 - "HEAD http://172.18.0.2:8080/v1/AUTH_5b4b45fa43af4f24bc89f2a65143b996/gnocchi.bcafbd5e-c9be-4b70-8322-177d84da4182?format=json&states=listing" "tx2ac24f124c634ddbb5148-00697cbec3" "proxy-server 20" 0.0013 "-" 16 0
Jan 30 14:22:59 standalone proxy-server[129720]: - - 30/Jan/2026/14/22/59 HEAD /v1/AUTH_5b4b45fa43af4f24bc89f2a65143b996/gnocchi.bcafbd5e-c9be-4b70-8322-177d84da4182%3Fformat%3Djson%26states%3Dlisting HTTP/1.0 204 - Swift - - - - tx2ac24f124c634ddbb5148-00697cbec3 - 0.0048 RL - 1769782979.418230534 1769782979.423073292 0
Jan 30 14:22:59 standalone container-server[127696]: 172.20.0.100 - - [30/Jan/2026:14:22:59 +0000] "GET /d1/359/AUTH_5b4b45fa43af4f24bc89f2a65143b996/gnocchi.bcafbd5e-c9be-4b70-8322-177d84da4182" 200 2 "GET http://172.18.0.2:8080/v1/AUTH_5b4b45fa43af4f24bc89f2a65143b996/gnocchi.bcafbd5e-c9be-4b70-8322-177d84da4182?format=json&states=listing" "tx2ac24f124c634ddbb5148-00697cbec3" "proxy-server 20" 0.0031 "-" 14 0
Jan 30 14:22:59 standalone proxy-server[129720]: 172.18.0.2 172.18.0.100 30/Jan/2026/14/22/59 GET /v1/AUTH_5b4b45fa43af4f24bc89f2a65143b996/gnocchi.bcafbd5e-c9be-4b70-8322-177d84da4182%3Fformat%3Djson%26states%3Dlisting HTTP/1.0 200 - python-swiftclient-3.11.1 gAAAAABpfL4XpeS_... - 2 - tx2ac24f124c634ddbb5148-00697cbec3 - 0.0173 - - 1769782979.417026043 1769782979.434310913 0
Jan 30 14:22:59 standalone object-server[127893]: 172.20.0.100 - - [30/Jan/2026:14:22:59 +0000] "GET /d1/475/AUTH_5b4b45fa43af4f24bc89f2a65143b996/gnocchi.bcafbd5e-c9be-4b70-8322-177d84da4182/1769040000.0_mean_300.0_v3" 404 70 "GET http://172.18.0.2:8080/v1/AUTH_5b4b45fa43af4f24bc89f2a65143b996/gnocchi.bcafbd5e-c9be-4b70-8322-177d84da4182/1769040000.0_mean_300.0_v3" "tx790f710039a44619b1614-00697cbec3" "proxy-server 20" 0.0004 "-" 24 0
Jan 30 14:22:59 standalone proxy-server[129720]: 172.18.0.2 172.18.0.100 30/Jan/2026/14/22/59 GET /v1/AUTH_5b4b45fa43af4f24bc89f2a65143b996/gnocchi.bcafbd5e-c9be-4b70-8322-177d84da4182/1769040000.0_mean_300.0_v3 HTTP/1.0 404 - python-swiftclient-3.11.1 gAAAAABpfL4XpeS_... - 70 - tx790f710039a44619b1614-00697cbec3 - 0.0061 - - 1769782979.438444614 1769782979.444514036 0
Jan 30 14:22:59 standalone container-server[127712]: 172.20.0.100 - - [30/Jan/2026:14:22:59 +0000] "PUT /d1/359/AUTH_5b4b45fa43af4f24bc89f2a65143b996/gnocchi.bcafbd5e-c9be-4b70-8322-177d84da4182/1769040000.0_mean_300.0_v3" 201 - "PUT http://172.18.0.2:8080/d1/475/AUTH_5b4b45fa43af4f24bc89f2a65143b996/gnocchi.bcafbd5e-c9be-4b70-8322-177d84da4182/1769040000.0_mean_300.0_v3" "tx7af4f467009c45a9aecc8-00697cbec3" "object-server 25" 0.0009 "-" 16 0
Jan 30 14:22:59 standalone object-server[127894]: 172.20.0.100 - - [30/Jan/2026:14:22:59 +0000] "PUT /d1/475/AUTH_5b4b45fa43af4f24bc89f2a65143b996/gnocchi.bcafbd5e-c9be-4b70-8322-177d84da4182/1769040000.0_mean_300.0_v3" 201 - "PUT http://172.18.0.2:8080/v1/AUTH_5b4b45fa43af4f24bc89f2a65143b996/gnocchi.bcafbd5e-c9be-4b70-8322-177d84da4182/1769040000.0_mean_300.0_v3" "tx7af4f467009c45a9aecc8-00697cbec3" "proxy-server 20" 0.0091 "-" 25 0
Jan 30 14:22:59 standalone proxy-server[129720]: 172.18.0.2 172.18.0.100 30/Jan/2026/14/22/59 PUT /v1/AUTH_5b4b45fa43af4f24bc89f2a65143b996/gnocchi.bcafbd5e-c9be-4b70-8322-177d84da4182/1769040000.0_mean_300.0_v3 HTTP/1.0 201 - python-swiftclient-3.11.1 gAAAAABpfL4XpeS_... 16 - - tx7af4f467009c45a9aecc8-00697cbec3 - 0.0151 - - 1769782979.447780371 1769782979.462830782 0
Jan 30 14:22:59 standalone container-server[127712]: 172.20.0.100 - - [30/Jan/2026:14:22:59 +0000] "PUT /d1/359/AUTH_5b4b45fa43af4f24bc89f2a65143b996/gnocchi.bcafbd5e-c9be-4b70-8322-177d84da4182/none_v3" 201 - "PUT http://172.18.0.2:8080/d1/960/AUTH_5b4b45fa43af4f24bc89f2a65143b996/gnocchi.bcafbd5e-c9be-4b70-8322-177d84da4182/none_v3" "txe8c3ee47cd074477ac85e-00697cbec3" "object-server 22" 0.0006 "-" 16 0
Jan 30 14:22:59 standalone object-server[127891]: 172.20.0.100 - - [30/Jan/2026:14:22:59 +0000] "PUT /d1/960/AUTH_5b4b45fa43af4f24bc89f2a65143b996/gnocchi.bcafbd5e-c9be-4b70-8322-177d84da4182/none_v3" 201 - "PUT http://172.18.0.2:8080/v1/AUTH_5b4b45fa43af4f24bc89f2a65143b996/gnocchi.bcafbd5e-c9be-4b70-8322-177d84da4182/none_v3" "txe8c3ee47cd074477ac85e-00697cbec3" "proxy-server 20" 0.0082 "-" 22 0
Jan 30 14:22:59 standalone proxy-server[129720]: 172.18.0.2 172.18.0.100 30/Jan/2026/14/22/59 PUT /v1/AUTH_5b4b45fa43af4f24bc89f2a65143b996/gnocchi.bcafbd5e-c9be-4b70-8322-177d84da4182/none_v3 HTTP/1.0 201 - python-swiftclient-3.11.1 gAAAAABpfL4XpeS_... 22 - - txe8c3ee47cd074477ac85e-00697cbec3 - 0.0140 - - 1769782979.465597391 1769782979.479607821 0
Jan 30 14:22:59 standalone container-server[127698]: 172.20.0.100 - - [30/Jan/2026:14:22:59 +0000] "HEAD /d1/740/AUTH_5b4b45fa43af4f24bc89f2a65143b996/gnocchi.0ce260b5-c149-43ae-8c11-09fbb610556b" 404 - "HEAD http://172.18.0.2:8080/v1/AUTH_5b4b45fa43af4f24bc89f2a65143b996/gnocchi.0ce260b5-c149-43ae-8c11-09fbb610556b?format=json&states=listing" "tx3f6721ec706a47b98da45-00697cbec3" "proxy-server 20" 0.0005 "-" 15 0
Jan 30 14:22:59 standalone object-server[127891]: 172.20.0.100 - - [30/Jan/2026:14:22:59 +0000] "GET /d1/237/AUTH_5b4b45fa43af4f24bc89f2a65143b996/gnocchi.0ce260b5-c149-43ae-8c11-09fbb610556b/none_v3" 404 70 "GET http://172.18.0.2:8080/v1/AUTH_5b4b45fa43af4f24bc89f2a65143b996/gnocchi.0ce260b5-c149-43ae-8c11-09fbb610556b/none_v3" "tx3f6721ec706a47b98da45-00697cbec3" "proxy-server 20" 0.0003 "-" 22 0
Jan 30 14:22:59 standalone proxy-server[129720]: 172.18.0.2 172.18.0.100 30/Jan/2026/14/22/59 GET /v1/AUTH_5b4b45fa43af4f24bc89f2a65143b996/gnocchi.0ce260b5-c149-43ae-8c11-09fbb610556b/none_v3 HTTP/1.0 404 - python-swiftclient-3.11.1 gAAAAABpfL4XpeS_... - 70 - tx3f6721ec706a47b98da45-00697cbec3 - 0.0093 - - 1769782979.488918543 1769782979.498217106 0
Jan 30 14:22:59 standalone account-server[127575]: 172.20.0.100 - - [30/Jan/2026:14:22:59 +0000] "PUT /d1/347/AUTH_5b4b45fa43af4f24bc89f2a65143b996/gnocchi.0ce260b5-c149-43ae-8c11-09fbb610556b" 201 - "PUT http://172.20.0.100:6001/d1/740/AUTH_5b4b45fa43af4f24bc89f2a65143b996/gnocchi.0ce260b5-c149-43ae-8c11-09fbb610556b" "tx00277c97a8dc4d07a924f-00697cbec3" "container-server 16" 0.0065 "-" 21 0
Jan 30 14:22:59 standalone container-server[127712]: 172.20.0.100 - - [30/Jan/2026:14:22:59 +0000] "PUT /d1/740/AUTH_5b4b45fa43af4f24bc89f2a65143b996/gnocchi.0ce260b5-c149-43ae-8c11-09fbb610556b" 201 - "PUT http://172.18.0.2:8080/v1/AUTH_5b4b45fa43af4f24bc89f2a65143b996/gnocchi.0ce260b5-c149-43ae-8c11-09fbb610556b" "tx00277c97a8dc4d07a924f-00697cbec3" "proxy-server 20" 0.0169 "-" 16 0
Jan 30 14:22:59 standalone proxy-server[129720]: 172.18.0.2 172.18.0.100 30/Jan/2026/14/22/59 PUT /v1/AUTH_5b4b45fa43af4f24bc89f2a65143b996/gnocchi.0ce260b5-c149-43ae-8c11-09fbb610556b HTTP/1.0 201 - python-swiftclient-3.11.1 gAAAAABpfL4XpeS_... - - - tx00277c97a8dc4d07a924f-00697cbec3 - 0.0211 - - 1769782979.500933647 1769782979.522069693 0
Jan 30 14:22:59 standalone container-server[127698]: 172.20.0.100 - - [30/Jan/2026:14:22:59 +0000] "HEAD /d1/740/AUTH_5b4b45fa43af4f24bc89f2a65143b996/gnocchi.0ce260b5-c149-43ae-8c11-09fbb610556b" 204 - "HEAD http://172.18.0.2:8080/v1/AUTH_5b4b45fa43af4f24bc89f2a65143b996/gnocchi.0ce260b5-c149-43ae-8c11-09fbb610556b?format=json&states=listing" "tx3247f6d5fbff4a0e874d2-00697cbec3" "proxy-server 20" 0.0014 "-" 15 0
Jan 30 14:22:59 standalone proxy-server[129720]: - - 30/Jan/2026/14/22/59 HEAD /v1/AUTH_5b4b45fa43af4f24bc89f2a65143b996/gnocchi.0ce260b5-c149-43ae-8c11-09fbb610556b%3Fformat%3Djson%26states%3Dlisting HTTP/1.0 204 - Swift - - - - tx3247f6d5fbff4a0e874d2-00697cbec3 - 0.0046 RL - 1769782979.526178837 1769782979.530777693 0
Jan 30 14:22:59 standalone container-server[127696]: 172.20.0.100 - - [30/Jan/2026:14:22:59 +0000] "GET /d1/740/AUTH_5b4b45fa43af4f24bc89f2a65143b996/gnocchi.0ce260b5-c149-43ae-8c11-09fbb610556b" 200 2 "GET http://172.18.0.2:8080/v1/AUTH_5b4b45fa43af4f24bc89f2a65143b996/gnocchi.0ce260b5-c149-43ae-8c11-09fbb610556b?format=json&states=listing" "tx3247f6d5fbff4a0e874d2-00697cbec3" "proxy-server 20" 0.0018 "-" 14 0
Jan 30 14:22:59 standalone proxy-server[129720]: 172.18.0.2 172.18.0.100 30/Jan/2026/14/22/59 GET /v1/AUTH_5b4b45fa43af4f24bc89f2a65143b996/gnocchi.0ce260b5-c149-43ae-8c11-09fbb610556b%3Fformat%3Djson%26states%3Dlisting HTTP/1.0 200 - python-swiftclient-3.11.1 gAAAAABpfL4XpeS_... - 2 - tx3247f6d5fbff4a0e874d2-00697cbec3 - 0.0126 - - 1769782979.525159359 1769782979.537806034 0
Jan 30 14:22:59 standalone object-server[127893]: 172.20.0.100 - - [30/Jan/2026:14:22:59 +0000] "GET /d1/270/AUTH_5b4b45fa43af4f24bc89f2a65143b996/gnocchi.0ce260b5-c149-43ae-8c11-09fbb610556b/1769040000.0_mean_300.0_v3" 404 70 "GET http://172.18.0.2:8080/v1/AUTH_5b4b45fa43af4f24bc89f2a65143b996/gnocchi.0ce260b5-c149-43ae-8c11-09fbb610556b/1769040000.0_mean_300.0_v3" "tx29f3826869c64f3e81939-00697cbec3" "proxy-server 20" 0.0004 "-" 24 0
Jan 30 14:22:59 standalone proxy-server[129720]: 172.18.0.2 172.18.0.100 30/Jan/2026/14/22/59 GET /v1/AUTH_5b4b45fa43af4f24bc89f2a65143b996/gnocchi.0ce260b5-c149-43ae-8c11-09fbb610556b/1769040000.0_mean_300.0_v3 HTTP/1.0 404 - python-swiftclient-3.11.1 gAAAAABpfL4XpeS_... - 70 - tx29f3826869c64f3e81939-00697cbec3 - 0.0056 - - 1769782979.540945053 1769782979.546554089 0
Jan 30 14:22:59 standalone container-server[127712]: 172.20.0.100 - - [30/Jan/2026:14:22:59 +0000] "PUT /d1/740/AUTH_5b4b45fa43af4f24bc89f2a65143b996/gnocchi.0ce260b5-c149-43ae-8c11-09fbb610556b/1769040000.0_mean_300.0_v3" 201 - "PUT http://172.18.0.2:8080/d1/270/AUTH_5b4b45fa43af4f24bc89f2a65143b996/gnocchi.0ce260b5-c149-43ae-8c11-09fbb610556b/1769040000.0_mean_300.0_v3" "tx16fd14c7f58949d8bf5be-00697cbec3" "object-server 23" 0.0006 "-" 16 0
Jan 30 14:22:59 standalone object-server[127892]: 172.20.0.100 - - [30/Jan/2026:14:22:59 +0000] "PUT /d1/270/AUTH_5b4b45fa43af4f24bc89f2a65143b996/gnocchi.0ce260b5-c149-43ae-8c11-09fbb610556b/1769040000.0_mean_300.0_v3" 201 - "PUT http://172.18.0.2:8080/v1/AUTH_5b4b45fa43af4f24bc89f2a65143b996/gnocchi.0ce260b5-c149-43ae-8c11-09fbb610556b/1769040000.0_mean_300.0_v3" "tx16fd14c7f58949d8bf5be-00697cbec3" "proxy-server 20" 0.0112 "-" 23 0
Jan 30 14:22:59 standalone proxy-server[129720]: 172.18.0.2 172.18.0.100 30/Jan/2026/14/22/59 PUT /v1/AUTH_5b4b45fa43af4f24bc89f2a65143b996/gnocchi.0ce260b5-c149-43ae-8c11-09fbb610556b/1769040000.0_mean_300.0_v3 HTTP/1.0 201 - python-swiftclient-3.11.1 gAAAAABpfL4XpeS_... 16 - - tx16fd14c7f58949d8bf5be-00697cbec3 - 0.0178 - - 1769782979.548806667 1769782979.566557407 0
Jan 30 14:22:59 standalone container-server[127732]: 172.20.0.100 - - [30/Jan/2026:14:22:59 +0000] "PUT /d1/740/AUTH_5b4b45fa43af4f24bc89f2a65143b996/gnocchi.0ce260b5-c149-43ae-8c11-09fbb610556b/none_v3" 201 - "PUT http://172.18.0.2:8080/d1/237/AUTH_5b4b45fa43af4f24bc89f2a65143b996/gnocchi.0ce260b5-c149-43ae-8c11-09fbb610556b/none_v3" "tx25d6b081f8a941b483f04-00697cbec3" "object-server 25" 0.0008 "-" 17 0
Jan 30 14:22:59 standalone object-server[127894]: 172.20.0.100 - - [30/Jan/2026:14:22:59 +0000] "PUT /d1/237/AUTH_5b4b45fa43af4f24bc89f2a65143b996/gnocchi.0ce260b5-c149-43ae-8c11-09fbb610556b/none_v3" 201 - "PUT http://172.18.0.2:8080/v1/AUTH_5b4b45fa43af4f24bc89f2a65143b996/gnocchi.0ce260b5-c149-43ae-8c11-09fbb610556b/none_v3" "tx25d6b081f8a941b483f04-00697cbec3" "proxy-server 20" 0.0136 "-" 25 0
Jan 30 14:22:59 standalone proxy-server[129720]: 172.18.0.2 172.18.0.100 30/Jan/2026/14/22/59 PUT /v1/AUTH_5b4b45fa43af4f24bc89f2a65143b996/gnocchi.0ce260b5-c149-43ae-8c11-09fbb610556b/none_v3 HTTP/1.0 201 - python-swiftclient-3.11.1 gAAAAABpfL4XpeS_... 22 - - tx25d6b081f8a941b483f04-00697cbec3 - 0.0207 - - 1769782979.570003033 1769782979.590705156 0
Jan 30 14:22:59 standalone object-server[127894]: 172.20.0.100 - - [30/Jan/2026:14:22:59 +0000] "GET /d1/628/AUTH_5b4b45fa43af4f24bc89f2a65143b996/gnocchi.8b58c457-4ff1-49ba-a5c4-658552494781/none_v3" 200 22 "GET http://172.18.0.2:8080/v1/AUTH_5b4b45fa43af4f24bc89f2a65143b996/gnocchi.8b58c457-4ff1-49ba-a5c4-658552494781/none_v3" "txc3a21a3407c241d4ad259-00697cbec3" "proxy-server 20" 0.0015 "-" 25 0
Jan 30 14:22:59 standalone proxy-server[129720]: 172.18.0.2 172.18.0.100 30/Jan/2026/14/22/59 GET /v1/AUTH_5b4b45fa43af4f24bc89f2a65143b996/gnocchi.8b58c457-4ff1-49ba-a5c4-658552494781/none_v3 HTTP/1.0 200 - python-swiftclient-3.11.1 gAAAAABpfL4XpeS_... - 22 - txc3a21a3407c241d4ad259-00697cbec3 - 0.0093 - - 1769782979.606078148 1769782979.615363121 0
