Jan 30 14:21:16 standalone object-server[127892]: 172.20.0.100 - - [30/Jan/2026:14:21:16 +0000] "PUT /d1/375/AUTH_5b4b45fa43af4f24bc89f2a65143b996/gnocchi.f4ed8fa3-1ec1-4d50-8058-e843b9867a27/1769040000.0_mean_300.0_v3" 201 - "PUT http://172.18.0.2:8080/v1/AUTH_5b4b45fa43af4f24bc89f2a65143b996/gnocchi.f4ed8fa3-1ec1-4d50-8058-e843b9867a27/1769040000.0_mean_300.0_v3" "txf4d74bafa4314199a5a1b-00697cbe5c" "proxy-server 20" 0.0140 "-" 23 0
Jan 30 14:21:16 standalone proxy-server[129720]: 172.18.0.2 172.18.0.100 30/Jan/2026/14/21/16 PUT /v1/AUTH_5b4b45fa43af4f24bc89f2a65143b996/gnocchi.f4ed8fa3-1ec1-4d50-8058-e843b9867a27/1769040000.0_mean_300.0_v3 HTTP/1.0 201 - python-swiftclient-3.11.1 gAAAAABpfL4XpeS_... 16 - - txf4d74bafa4314199a5a1b-00697cbe5c - 0.0205 - - 1769782876.552810431 1769782876.573281288 0
Jan 30 14:21:16 standalone container-server[127712]: 172.20.0.100 - - [30/Jan/2026:14:21:16 +0000] "PUT /d1/735/AUTH_5b4b45fa43af4f24bc89f2a65143b996/gnocchi.f4ed8fa3-1ec1-4d50-8058-e843b9867a27/none_v3" 201 - "PUT http://172.18.0.2:8080/d1/532/AUTH_5b4b45fa43af4f24bc89f2a65143b996/gnocchi.f4ed8fa3-1ec1-4d50-8058-e843b9867a27/none_v3" "tx9bbd5a40906c4cce82147-00697cbe5c" "object-server 25" 0.0010 "-" 16 0
Jan 30 14:21:16 standalone object-server[127894]: 172.20.0.100 - - [30/Jan/2026:14:21:16 +0000] "PUT /d1/532/AUTH_5b4b45fa43af4f24bc89f2a65143b996/gnocchi.f4ed8fa3-1ec1-4d50-8058-e843b9867a27/none_v3" 201 - "PUT http://172.18.0.2:8080/v1/AUTH_5b4b45fa43af4f24bc89f2a65143b996/gnocchi.f4ed8fa3-1ec1-4d50-8058-e843b9867a27/none_v3" "tx9bbd5a40906c4cce82147-00697cbe5c" "proxy-server 20" 0.0172 "-" 25 0
Jan 30 14:21:16 standalone proxy-server[129720]: 172.18.0.2 172.18.0.100 30/Jan/2026/14/21/16 PUT /v1/AUTH_5b4b45fa43af4f24bc89f2a65143b996/gnocchi.f4ed8fa3-1ec1-4d50-8058-e843b9867a27/none_v3 HTTP/1.0 201 - python-swiftclient-3.11.1 gAAAAABpfL4XpeS_... 22 - - tx9bbd5a40906c4cce82147-00697cbe5c - 0.0243 - - 1769782876.576465607 1769782876.600727320 0
Jan 30 14:21:16 standalone container-server[127732]: 172.20.0.100 - - [30/Jan/2026:14:21:16 +0000] "HEAD /d1/112/AUTH_5b4b45fa43af4f24bc89f2a65143b996/gnocchi.79942623-13e2-4dd5-b801-ebcf11eefb6f" 404 - "HEAD http://172.18.0.2:8080/v1/AUTH_5b4b45fa43af4f24bc89f2a65143b996/gnocchi.79942623-13e2-4dd5-b801-ebcf11eefb6f?format=json&states=listing" "txb5072d444a1e44ce9e006-00697cbe5c" "proxy-server 20" 0.0005 "-" 17 0
Jan 30 14:21:16 standalone object-server[127893]: 172.20.0.100 - - [30/Jan/2026:14:21:16 +0000] "GET /d1/442/AUTH_5b4b45fa43af4f24bc89f2a65143b996/gnocchi.79942623-13e2-4dd5-b801-ebcf11eefb6f/none_v3" 404 70 "GET http://172.18.0.2:8080/v1/AUTH_5b4b45fa43af4f24bc89f2a65143b996/gnocchi.79942623-13e2-4dd5-b801-ebcf11eefb6f/none_v3" "txb5072d444a1e44ce9e006-00697cbe5c" "proxy-server 20" 0.0006 "-" 24 0
Jan 30 14:21:16 standalone proxy-server[129720]: 172.18.0.2 172.18.0.100 30/Jan/2026/14/21/16 GET /v1/AUTH_5b4b45fa43af4f24bc89f2a65143b996/gnocchi.79942623-13e2-4dd5-b801-ebcf11eefb6f/none_v3 HTTP/1.0 404 - python-swiftclient-3.11.1 gAAAAABpfL4XpeS_... - 70 - txb5072d444a1e44ce9e006-00697cbe5c - 0.0179 - - 1769782876.618252039 1769782876.636113167 0
Jan 30 14:21:16 standalone account-server[127575]: 172.20.0.100 - - [30/Jan/2026:14:21:16 +0000] "PUT /d1/347/AUTH_5b4b45fa43af4f24bc89f2a65143b996/gnocchi.79942623-13e2-4dd5-b801-ebcf11eefb6f" 201 - "PUT http://172.20.0.100:6001/d1/112/AUTH_5b4b45fa43af4f24bc89f2a65143b996/gnocchi.79942623-13e2-4dd5-b801-ebcf11eefb6f" "txf71cdfe12fe8481a911e7-00697cbe5c" "container-server 14" 0.0067 "-" 21 0
Jan 30 14:21:16 standalone container-server[127696]: 172.20.0.100 - - [30/Jan/2026:14:21:16 +0000] "PUT /d1/112/AUTH_5b4b45fa43af4f24bc89f2a65143b996/gnocchi.79942623-13e2-4dd5-b801-ebcf11eefb6f" 201 - "PUT http://172.18.0.2:8080/v1/AUTH_5b4b45fa43af4f24bc89f2a65143b996/gnocchi.79942623-13e2-4dd5-b801-ebcf11eefb6f" "txf71cdfe12fe8481a911e7-00697cbe5c" "proxy-server 20" 0.0216 "-" 14 0
Jan 30 14:21:16 standalone proxy-server[129720]: 172.18.0.2 172.18.0.100 30/Jan/2026/14/21/16 PUT /v1/AUTH_5b4b45fa43af4f24bc89f2a65143b996/gnocchi.79942623-13e2-4dd5-b801-ebcf11eefb6f HTTP/1.0 201 - python-swiftclient-3.11.1 gAAAAABpfL4XpeS_... - - - txf71cdfe12fe8481a911e7-00697cbe5c - 0.0292 - - 1769782876.640758991 1769782876.669916153 0
Jan 30 14:21:16 standalone container-server[127696]: 172.20.0.100 - - [30/Jan/2026:14:21:16 +0000] "HEAD /d1/112/AUTH_5b4b45fa43af4f24bc89f2a65143b996/gnocchi.79942623-13e2-4dd5-b801-ebcf11eefb6f" 204 - "HEAD http://172.18.0.2:8080/v1/AUTH_5b4b45fa43af4f24bc89f2a65143b996/gnocchi.79942623-13e2-4dd5-b801-ebcf11eefb6f?format=json&states=listing" "tx448560797ab9410c95990-00697cbe5c" "proxy-server 20" 0.0019 "-" 14 0
Jan 30 14:21:16 standalone proxy-server[129720]: - - 30/Jan/2026/14/21/16 HEAD /v1/AUTH_5b4b45fa43af4f24bc89f2a65143b996/gnocchi.79942623-13e2-4dd5-b801-ebcf11eefb6f%3Fformat%3Djson%26states%3Dlisting HTTP/1.0 204 - Swift - - - - tx448560797ab9410c95990-00697cbe5c - 0.0067 RL - 1769782876.677012682 1769782876.683752537 0
Jan 30 14:21:16 standalone container-server[127698]: 172.20.0.100 - - [30/Jan/2026:14:21:16 +0000] "GET /d1/112/AUTH_5b4b45fa43af4f24bc89f2a65143b996/gnocchi.79942623-13e2-4dd5-b801-ebcf11eefb6f" 200 2 "GET http://172.18.0.2:8080/v1/AUTH_5b4b45fa43af4f24bc89f2a65143b996/gnocchi.79942623-13e2-4dd5-b801-ebcf11eefb6f?format=json&states=listing" "tx448560797ab9410c95990-00697cbe5c" "proxy-server 20" 0.0030 "-" 15 0
Jan 30 14:21:16 standalone proxy-server[129720]: 172.18.0.2 172.18.0.100 30/Jan/2026/14/21/16 GET /v1/AUTH_5b4b45fa43af4f24bc89f2a65143b996/gnocchi.79942623-13e2-4dd5-b801-ebcf11eefb6f%3Fformat%3Djson%26states%3Dlisting HTTP/1.0 200 - python-swiftclient-3.11.1 gAAAAABpfL4XpeS_... - 2 - tx448560797ab9410c95990-00697cbe5c - 0.0209 - - 1769782876.675336123 1769782876.696204662 0
Jan 30 14:21:16 standalone object-server[127891]: 172.20.0.100 - - [30/Jan/2026:14:21:16 +0000] "GET /d1/573/AUTH_5b4b45fa43af4f24bc89f2a65143b996/gnocchi.79942623-13e2-4dd5-b801-ebcf11eefb6f/1769040000.0_mean_300.0_v3" 404 70 "GET http://172.18.0.2:8080/v1/AUTH_5b4b45fa43af4f24bc89f2a65143b996/gnocchi.79942623-13e2-4dd5-b801-ebcf11eefb6f/1769040000.0_mean_300.0_v3" "tx75437fb9e6b849acb3e11-00697cbe5c" "proxy-server 20" 0.0006 "-" 22 0
Jan 30 14:21:16 standalone proxy-server[129720]: 172.18.0.2 172.18.0.100 30/Jan/2026/14/21/16 GET /v1/AUTH_5b4b45fa43af4f24bc89f2a65143b996/gnocchi.79942623-13e2-4dd5-b801-ebcf11eefb6f/1769040000.0_mean_300.0_v3 HTTP/1.0 404 - python-swiftclient-3.11.1 gAAAAABpfL4XpeS_... - 70 - tx75437fb9e6b849acb3e11-00697cbe5c - 0.0084 - - 1769782876.701689243 1769782876.710107803 0
Jan 30 14:21:16 standalone container-server[127698]: 172.20.0.100 - - [30/Jan/2026:14:21:16 +0000] "PUT /d1/112/AUTH_5b4b45fa43af4f24bc89f2a65143b996/gnocchi.79942623-13e2-4dd5-b801-ebcf11eefb6f/1769040000.0_mean_300.0_v3" 201 - "PUT http://172.18.0.2:8080/d1/573/AUTH_5b4b45fa43af4f24bc89f2a65143b996/gnocchi.79942623-13e2-4dd5-b801-ebcf11eefb6f/1769040000.0_mean_300.0_v3" "tx4dd85db8786d42e4a8bff-00697cbe5c" "object-server 23" 0.0008 "-" 15 0
Jan 30 14:21:16 standalone object-server[127892]: 172.20.0.100 - - [30/Jan/2026:14:21:16 +0000] "PUT /d1/573/AUTH_5b4b45fa43af4f24bc89f2a65143b996/gnocchi.79942623-13e2-4dd5-b801-ebcf11eefb6f/1769040000.0_mean_300.0_v3" 201 - "PUT http://172.18.0.2:8080/v1/AUTH_5b4b45fa43af4f24bc89f2a65143b996/gnocchi.79942623-13e2-4dd5-b801-ebcf11eefb6f/1769040000.0_mean_300.0_v3" "tx4dd85db8786d42e4a8bff-00697cbe5c" "proxy-server 20" 0.0097 "-" 23 0
Jan 30 14:21:16 standalone proxy-server[129720]: 172.18.0.2 172.18.0.100 30/Jan/2026/14/21/16 PUT /v1/AUTH_5b4b45fa43af4f24bc89f2a65143b996/gnocchi.79942623-13e2-4dd5-b801-ebcf11eefb6f/1769040000.0_mean_300.0_v3 HTTP/1.0 201 - python-swiftclient-3.11.1 gAAAAABpfL4XpeS_... 16 - - tx4dd85db8786d42e4a8bff-00697cbe5c - 0.0172 - - 1769782876.713983297 1769782876.731133699 0
Jan 30 14:21:16 standalone container-server[127698]: 172.20.0.100 - - [30/Jan/2026:14:21:16 +0000] "PUT /d1/112/AUTH_5b4b45fa43af4f24bc89f2a65143b996/gnocchi.79942623-13e2-4dd5-b801-ebcf11eefb6f/none_v3" 201 - "PUT http://172.18.0.2:8080/d1/442/AUTH_5b4b45fa43af4f24bc89f2a65143b996/gnocchi.79942623-13e2-4dd5-b801-ebcf11eefb6f/none_v3" "tx6f003f49a0f54f6793f42-00697cbe5c" "object-server 25" 0.0108 "-" 15 0
Jan 30 14:21:16 standalone object-server[127894]: 172.20.0.100 - - [30/Jan/2026:14:21:16 +0000] "PUT /d1/442/AUTH_5b4b45fa43af4f24bc89f2a65143b996/gnocchi.79942623-13e2-4dd5-b801-ebcf11eefb6f/none_v3" 201 - "PUT http://172.18.0.2:8080/v1/AUTH_5b4b45fa43af4f24bc89f2a65143b996/gnocchi.79942623-13e2-4dd5-b801-ebcf11eefb6f/none_v3" "tx6f003f49a0f54f6793f42-00697cbe5c" "proxy-server 20" 0.0303 "-" 25 0
Jan 30 14:21:16 standalone proxy-server[129720]: 172.18.0.2 172.18.0.100 30/Jan/2026/14/21/16 PUT /v1/AUTH_5b4b45fa43af4f24bc89f2a65143b996/gnocchi.79942623-13e2-4dd5-b801-ebcf11eefb6f/none_v3 HTTP/1.0 201 - python-swiftclient-3.11.1 gAAAAABpfL4XpeS_... 22 - - tx6f003f49a0f54f6793f42-00697cbe5c - 0.0384 - - 1769782876.735126019 1769782876.773487568 0
Jan 30 14:21:16 standalone container-server[127698]: 172.20.0.100 - - [30/Jan/2026:14:21:16 +0000] "HEAD /d1/689/AUTH_5b4b45fa43af4f24bc89f2a65143b996/gnocchi.21b4c1de-ea0e-496c-9128-768f8091f673" 404 - "HEAD http://172.18.0.2:8080/v1/AUTH_5b4b45fa43af4f24bc89f2a65143b996/gnocchi.21b4c1de-ea0e-496c-9128-768f8091f673?format=json&states=listing" "txf33c3c2e2ff84fb2b7923-00697cbe5c" "proxy-server 20" 0.0007 "-" 15 0
Jan 30 14:21:16 standalone object-server[127892]: 172.20.0.100 - - [30/Jan/2026:14:21:16 +0000] "GET /d1/171/AUTH_5b4b45fa43af4f24bc89f2a65143b996/gnocchi.21b4c1de-ea0e-496c-9128-768f8091f673/none_v3" 404 70 "GET http://172.18.0.2:8080/v1/AUTH_5b4b45fa43af4f24bc89f2a65143b996/gnocchi.21b4c1de-ea0e-496c-9128-768f8091f673/none_v3" "txf33c3c2e2ff84fb2b7923-00697cbe5c" "proxy-server 20" 0.0005 "-" 23 0
Jan 30 14:21:16 standalone proxy-server[129720]: 172.18.0.2 172.18.0.100 30/Jan/2026/14/21/16 GET /v1/AUTH_5b4b45fa43af4f24bc89f2a65143b996/gnocchi.21b4c1de-ea0e-496c-9128-768f8091f673/none_v3 HTTP/1.0 404 - python-swiftclient-3.11.1 gAAAAABpfL4XpeS_... - 70 - txf33c3c2e2ff84fb2b7923-00697cbe5c - 0.0123 - - 1769782876.787757635 1769782876.800033569 0
Jan 30 14:21:16 standalone account-server[127589]: 172.20.0.100 - - [30/Jan/2026:14:21:16 +0000] "PUT /d1/347/AUTH_5b4b45fa43af4f24bc89f2a65143b996/gnocchi.21b4c1de-ea0e-496c-9128-768f8091f673" 201 - "PUT http://172.20.0.100:6001/d1/689/AUTH_5b4b45fa43af4f24bc89f2a65143b996/gnocchi.21b4c1de-ea0e-496c-9128-768f8091f673" "tx43ea9251ca0b476588aa8-00697cbe5c" "container-server 15" 0.0062 "-" 23 0
Jan 30 14:21:16 standalone container-server[127698]: 172.20.0.100 - - [30/Jan/2026:14:21:16 +0000] "PUT /d1/689/AUTH_5b4b45fa43af4f24bc89f2a65143b996/gnocchi.21b4c1de-ea0e-496c-9128-768f8091f673" 201 - "PUT http://172.18.0.2:8080/v1/AUTH_5b4b45fa43af4f24bc89f2a65143b996/gnocchi.21b4c1de-ea0e-496c-9128-768f8091f673" "tx43ea9251ca0b476588aa8-00697cbe5c" "proxy-server 20" 0.0237 "-" 15 0
Jan 30 14:21:16 standalone proxy-server[129720]: 172.18.0.2 172.18.0.100 30/Jan/2026/14/21/16 PUT /v1/AUTH_5b4b45fa43af4f24bc89f2a65143b996/gnocchi.21b4c1de-ea0e-496c-9128-768f8091f673 HTTP/1.0 201 - python-swiftclient-3.11.1 gAAAAABpfL4XpeS_... - - - tx43ea9251ca0b476588aa8-00697cbe5c - 0.0310 - - 1769782876.803640127 1769782876.834631443 0
Jan 30 14:21:16 standalone container-server[127732]: 172.20.0.100 - - [30/Jan/2026:14:21:16 +0000] "HEAD /d1/689/AUTH_5b4b45fa43af4f24bc89f2a65143b996/gnocchi.21b4c1de-ea0e-496c-9128-768f8091f673" 204 - "HEAD http://172.18.0.2:8080/v1/AUTH_5b4b45fa43af4f24bc89f2a65143b996/gnocchi.21b4c1de-ea0e-496c-9128-768f8091f673?format=json&states=listing" "tx7cb2fdf24f3e4c5183cde-00697cbe5c" "proxy-server 20" 0.0023 "-" 17 0
Jan 30 14:21:16 standalone proxy-server[129720]: - - 30/Jan/2026/14/21/16 HEAD /v1/AUTH_5b4b45fa43af4f24bc89f2a65143b996/gnocchi.21b4c1de-ea0e-496c-9128-768f8091f673%3Fformat%3Djson%26states%3Dlisting HTTP/1.0 204 - Swift - - - - tx7cb2fdf24f3e4c5183cde-00697cbe5c - 0.0073 RL - 1769782876.840989351 1769782876.848319292 0
Jan 30 14:21:16 standalone container-server[127732]: 172.20.0.100 - - [30/Jan/2026:14:21:16 +0000] "GET /d1/689/AUTH_5b4b45fa43af4f24bc89f2a65143b996/gnocchi.21b4c1de-ea0e-496c-9128-768f8091f673" 200 2 "GET http://172.18.0.2:8080/v1/AUTH_5b4b45fa43af4f24bc89f2a65143b996/gnocchi.21b4c1de-ea0e-496c-9128-768f8091f673?format=json&states=listing" "tx7cb2fdf24f3e4c5183cde-00697cbe5c" "proxy-server 20" 0.0027 "-" 17 0
Jan 30 14:21:16 standalone proxy-server[129720]: 172.18.0.2 172.18.0.100 30/Jan/2026/14/21/16 GET /v1/AUTH_5b4b45fa43af4f24bc89f2a65143b996/gnocchi.21b4c1de-ea0e-496c-9128-768f8091f673%3Fformat%3Djson%26states%3Dlisting HTTP/1.0 200 - python-swiftclient-3.11.1 gAAAAABpfL4XpeS_... - 2 - tx7cb2fdf24f3e4c5183cde-00697cbe5c - 0.0192 - - 1769782876.839467764 1769782876.858700514 0
Jan 30 14:21:16 standalone object-server[127891]: 172.20.0.100 - - [30/Jan/2026:14:21:16 +0000] "GET /d1/309/AUTH_5b4b45fa43af4f24bc89f2a65143b996/gnocchi.21b4c1de-ea0e-496c-9128-768f8091f673/1769040000.0_mean_300.0_v3" 404 70 "GET http://172.18.0.2:8080/v1/AUTH_5b4b45fa43af4f24bc89f2a65143b996/gnocchi.21b4c1de-ea0e-496c-9128-768f8091f673/1769040000.0_mean_300.0_v3" "txa9c4629688ac4f5c92347-00697cbe5c" "proxy-server 20" 0.0004 "-" 22 0
Jan 30 14:21:16 standalone proxy-server[129720]: 172.18.0.2 172.18.0.100 30/Jan/2026/14/21/16 GET /v1/AUTH_5b4b45fa43af4f24bc89f2a65143b996/gnocchi.21b4c1de-ea0e-496c-9128-768f8091f673/1769040000.0_mean_300.0_v3 HTTP/1.0 404 - python-swiftclient-3.11.1 gAAAAABpfL4XpeS_... - 70 - txa9c4629688ac4f5c92347-00697cbe5c - 0.0068 - - 1769782876.863158703 1769782876.869910479 0
Jan 30 14:21:16 standalone container-server[127696]: 172.20.0.100 - - [30/Jan/2026:14:21:16 +0000] "PUT /d1/689/AUTH_5b4b45fa43af4f24bc89f2a65143b996/gnocchi.21b4c1de-ea0e-496c-9128-768f8091f673/1769040000.0_mean_300.0_v3" 201 - "PUT http://172.18.0.2:8080/d1/309/AUTH_5b4b45fa43af4f24bc89f2a65143b996/gnocchi.21b4c1de-ea0e-496c-9128-768f8091f673/1769040000.0_mean_300.0_v3" "tx2a9909ab6f6a4f65bfc77-00697cbe5c" "object-server 22" 0.0013 "-" 14 0
Jan 30 14:21:16 standalone object-server[127891]: 172.20.0.100 - - [30/Jan/2026:14:21:16 +0000] "PUT /d1/309/AUTH_5b4b45fa43af4f24bc89f2a65143b996/gnocchi.21b4c1de-ea0e-496c-9128-768f8091f673/1769040000.0_mean_300.0_v3" 201 - "PUT http://172.18.0.2:8080/v1/AUTH_5b4b45fa43af4f24bc89f2a65143b996/gnocchi.21b4c1de-ea0e-496c-9128-768f8091f673/1769040000.0_mean_300.0_v3" "tx2a9909ab6f6a4f65bfc77-00697cbe5c" "proxy-server 20" 0.0172 "-" 22 0
Jan 30 14:21:16 standalone proxy-server[129720]: 172.18.0.2 172.18.0.100 30/Jan/2026/14/21/16 PUT /v1/AUTH_5b4b45fa43af4f24bc89f2a65143b996/gnocchi.21b4c1de-ea0e-496c-9128-768f8091f673/1769040000.0_mean_300.0_v3 HTTP/1.0 201 - python-swiftclient-3.11.1 gAAAAABpfL4XpeS_... 16 - - tx2a9909ab6f6a4f65bfc77-00697cbe5c - 0.0266 - - 1769782876.874358416 1769782876.900939941 0
Jan 30 14:21:16 standalone container-server[127696]: 172.20.0.100 - - [30/Jan/2026:14:21:16 +0000] "PUT /d1/689/AUTH_5b4b45fa43af4f24bc89f2a65143b996/gnocchi.21b4c1de-ea0e-496c-9128-768f8091f673/none_v3" 201 - "PUT http://172.18.0.2:8080/d1/171/AUTH_5b4b45fa43af4f24bc89f2a65143b996/gnocchi.21b4c1de-ea0e-496c-9128-768f8091f673/none_v3" "tx2eabaabca6e4470f808fe-00697cbe5c" "object-server 24" 0.0015 "-" 14 0
Jan 30 14:21:16 standalone object-server[127893]: 172.20.0.100 - - [30/Jan/2026:14:21:16 +0000] "PUT /d1/171/AUTH_5b4b45fa43af4f24bc89f2a65143b996/gnocchi.21b4c1de-ea0e-496c-9128-768f8091f673/none_v3" 201 - "PUT http://172.18.0.2:8080/v1/AUTH_5b4b45fa43af4f24bc89f2a65143b996/gnocchi.21b4c1de-ea0e-496c-9128-768f8091f673/none_v3" "tx2eabaabca6e4470f808fe-00697cbe5c" "proxy-server 20" 0.0522 "-" 24 0
Jan 30 14:21:16 standalone proxy-server[129720]: 172.18.0.2 172.18.0.100 30/Jan/2026/14/21/16 PUT /v1/AUTH_5b4b45fa43af4f24bc89f2a65143b996/gnocchi.21b4c1de-ea0e-496c-9128-768f8091f673/none_v3 HTTP/1.0 201 - python-swiftclient-3.11.1 gAAAAABpfL4XpeS_... 22 - - tx2eabaabca6e4470f808fe-00697cbe5c - 0.0609 - - 1769782876.905638218 1769782876.966583014 0
Jan 30 14:21:16 standalone container-server[127698]: 172.20.0.100 - - [30/Jan/2026:14:21:16 +0000] "HEAD /d1/273/AUTH_5b4b45fa43af4f24bc89f2a65143b996/gnocchi.13b9776c-4ba1-40d3-a34b-5ff04bf0fe79" 404 - "HEAD http://172.18.0.2:8080/v1/AUTH_5b4b45fa43af4f24bc89f2a65143b996/gnocchi.13b9776c-4ba1-40d3-a34b-5ff04bf0fe79?format=json&states=listing" "txc97cfa71d8a3440596612-00697cbe5c" "proxy-server 20" 0.0008 "-" 15 0
Jan 30 14:21:16 standalone object-server[127894]: 172.20.0.100 - - [30/Jan/2026:14:21:16 +0000] "GET /d1/495/AUTH_5b4b45fa43af4f24bc89f2a65143b996/gnocchi.13b9776c-4ba1-40d3-a34b-5ff04bf0fe79/none_v3" 404 70 "GET http://172.18.0.2:8080/v1/AUTH_5b4b45fa43af4f24bc89f2a65143b996/gnocchi.13b9776c-4ba1-40d3-a34b-5ff04bf0fe79/none_v3" "txc97cfa71d8a3440596612-00697cbe5c" "proxy-server 20" 0.0017 "-" 25 0
Jan 30 14:21:16 standalone proxy-server[129720]: 172.18.0.2 172.18.0.100 30/Jan/2026/14/21/16 GET /v1/AUTH_5b4b45fa43af4f24bc89f2a65143b996/gnocchi.13b9776c-4ba1-40d3-a34b-5ff04bf0fe79/none_v3 HTTP/1.0 404 - python-swiftclient-3.11.1 gAAAAABpfL4XpeS_... - 70 - txc97cfa71d8a3440596612-00697cbe5c - 0.0165 - - 1769782876.980346203 1769782876.996866226 0
Jan 30 14:21:17 standalone account-server[127589]: 172.20.0.100 - - [30/Jan/2026:14:21:17 +0000] "PUT /d1/347/AUTH_5b4b45fa43af4f24bc89f2a65143b996/gnocchi.13b9776c-4ba1-40d3-a34b-5ff04bf0fe79" 201 - "PUT http://172.20.0.100:6001/d1/273/AUTH_5b4b45fa43af4f24bc89f2a65143b996/gnocchi.13b9776c-4ba1-40d3-a34b-5ff04bf0fe79" "txaf727005805b4378abafc-00697cbe5d" "container-server 16" 0.0141 "-" 23 0
Jan 30 14:21:17 standalone container-server[127712]: 172.20.0.100 - - [30/Jan/2026:14:21:17 +0000] "PUT /d1/273/AUTH_5b4b45fa43af4f24bc89f2a65143b996/gnocchi.13b9776c-4ba1-40d3-a34b-5ff04bf0fe79" 201 - "PUT http://172.18.0.2:8080/v1/AUTH_5b4b45fa43af4f24bc89f2a65143b996/gnocchi.13b9776c-4ba1-40d3-a34b-5ff04bf0fe79" "txaf727005805b4378abafc-00697cbe5d" "proxy-server 20" 0.0408 "-" 16 0
Jan 30 14:21:17 standalone proxy-server[129720]: 172.18.0.2 172.18.0.100 30/Jan/2026/14/21/17 PUT /v1/AUTH_5b4b45fa43af4f24bc89f2a65143b996/gnocchi.13b9776c-4ba1-40d3-a34b-5ff04bf0fe79 HTTP/1.0 201 - python-swiftclient-3.11.1 gAAAAABpfL4XpeS_... - - - txaf727005805b4378abafc-00697cbe5d - 0.0494 - - 1769782877.001500845 1769782877.050947189 0
Jan 30 14:21:17 standalone container-server[127698]: 172.20.0.100 - - [30/Jan/2026:14:21:17 +0000] "HEAD /d1/273/AUTH_5b4b45fa43af4f24bc89f2a65143b996/gnocchi.13b9776c-4ba1-40d3-a34b-5ff04bf0fe79" 204 - "HEAD http://172.18.0.2:8080/v1/AUTH_5b4b45fa43af4f24bc89f2a65143b996/gnocchi.13b9776c-4ba1-40d3-a34b-5ff04bf0fe79?format=json&states=listing" "tx0025cec4964645a68cd5e-00697cbe5d" "proxy-server 20" 0.0034 "-" 15 0
Jan 30 14:21:17 standalone proxy-server[129720]: - - 30/Jan/2026/14/21/17 HEAD /v1/AUTH_5b4b45fa43af4f24bc89f2a65143b996/gnocchi.13b9776c-4ba1-40d3-a34b-5ff04bf0fe79%3Fformat%3Djson%26states%3Dlisting HTTP/1.0 204 - Swift - - - - tx0025cec4964645a68cd5e-00697cbe5d - 0.0098 RL - 1769782877.055866003 1769782877.065652370 0
Jan 30 14:21:17 standalone container-server[127698]: 172.20.0.100 - - [30/Jan/2026:14:21:17 +0000] "GET /d1/273/AUTH_5b4b45fa43af4f24bc89f2a65143b996/gnocchi.13b9776c-4ba1-40d3-a34b-5ff04bf0fe79" 200 2 "GET http://172.18.0.2:8080/v1/AUTH_5b4b45fa43af4f24bc89f2a65143b996/gnocchi.13b9776c-4ba1-40d3-a34b-5ff04bf0fe79?format=json&states=listing" "tx0025cec4964645a68cd5e-00697cbe5d" "proxy-server 20" 0.0050 "-" 15 0
Jan 30 14:21:17 standalone proxy-server[129720]: 172.18.0.2 172.18.0.100 30/Jan/2026/14/21/17 GET /v1/AUTH_5b4b45fa43af4f24bc89f2a65143b996/gnocchi.13b9776c-4ba1-40d3-a34b-5ff04bf0fe79%3Fformat%3Djson%26states%3Dlisting HTTP/1.0 200 - python-swiftclient-3.11.1 gAAAAABpfL4XpeS_... - 2 - tx0025cec4964645a68cd5e-00697cbe5d - 0.0233 - - 1769782877.054973602 1769782877.078225374 0
Jan 30 14:21:17 standalone object-server[127892]: 172.20.0.100 - - [30/Jan/2026:14:21:17 +0000] "GET /d1/211/AUTH_5b4b45fa43af4f24bc89f2a65143b996/gnocchi.13b9776c-4ba1-40d3-a34b-5ff04bf0fe79/1769040000.0_mean_300.0_v3" 404 70 "GET http://172.18.0.2:8080/v1/AUTH_5b4b45fa43af4f24bc89f2a65143b996/gnocchi.13b9776c-4ba1-40d3-a34b-5ff04bf0fe79/1769040000.0_mean_300.0_v3" "tx0dc267865aad4a1faa450-00697cbe5d" "proxy-server 20" 0.0006 "-" 23 0
Jan 30 14:21:17 standalone proxy-server[129720]: 172.18.0.2 172.18.0.100 30/Jan/2026/14/21/17 GET /v1/AUTH_5b4b45fa43af4f24bc89f2a65143b996/gnocchi.13b9776c-4ba1-40d3-a34b-5ff04bf0fe79/1769040000.0_mean_300.0_v3 HTTP/1.0 404 - python-swiftclient-3.11.1 gAAAAABpfL4XpeS_... - 70 - tx0dc267865aad4a1faa450-00697cbe5d - 0.0069 - - 1769782877.081372261 1769782877.088309050 0
Jan 30 14:21:17 standalone container-server[127732]: 172.20.0.100 - - [30/Jan/2026:14:21:17 +0000] "PUT /d1/273/AUTH_5b4b45fa43af4f24bc89f2a65143b996/gnocchi.13b9776c-4ba1-40d3-a34b-5ff04bf0fe79/1769040000.0_mean_300.0_v3" 201 - "PUT http://172.18.0.2:8080/d1/211/AUTH_5b4b45fa43af4f24bc89f2a65143b996/gnocchi.13b9776c-4ba1-40d3-a34b-5ff04bf0fe79/1769040000.0_mean_300.0_v3" "txd8f4df32229249f8a087e-00697cbe5d" "object-server 24" 0.0009 "-" 17 0
Jan 30 14:21:17 standalone object-server[127893]: 172.20.0.100 - - [30/Jan/2026:14:21:17 +0000] "PUT /d1/211/AUTH_5b4b45fa43af4f24bc89f2a65143b996/gnocchi.13b9776c-4ba1-40d3-a34b-5ff04bf0fe79/1769040000.0_mean_300.0_v3" 201 - "PUT http://172.18.0.2:8080/v1/AUTH_5b4b45fa43af4f24bc89f2a65143b996/gnocchi.13b9776c-4ba1-40d3-a34b-5ff04bf0fe79/1769040000.0_mean_300.0_v3" "txd8f4df32229249f8a087e-00697cbe5d" "proxy-server 20" 0.0169 "-" 24 0
Jan 30 14:21:17 standalone proxy-server[129720]: 172.18.0.2 172.18.0.100 30/Jan/2026/14/21/17 PUT /v1/AUTH_5b4b45fa43af4f24bc89f2a65143b996/gnocchi.13b9776c-4ba1-40d3-a34b-5ff04bf0fe79/1769040000.0_mean_300.0_v3 HTTP/1.0 201 - python-swiftclient-3.11.1 gAAAAABpfL4XpeS_... 16 - - txd8f4df32229249f8a087e-00697cbe5d - 0.0265 - - 1769782877.091327190 1769782877.117848873 0
Jan 30 14:21:17 standalone container-server[127732]: 172.20.0.100 - - [30/Jan/2026:14:21:17 +0000] "PUT /d1/273/AUTH_5b4b45fa43af4f24bc89f2a65143b996/gnocchi.13b9776c-4ba1-40d3-a34b-5ff04bf0fe79/none_v3" 201 - "PUT http://172.18.0.2:8080/d1/495/AUTH_5b4b45fa43af4f24bc89f2a65143b996/gnocchi.13b9776c-4ba1-40d3-a34b-5ff04bf0fe79/none_v3" "tx3342108fbee14b28a042c-00697cbe5d" "object-server 22" 0.0005 "-" 17 0
Jan 30 14:21:17 standalone object-server[127891]: 172.20.0.100 - - [30/Jan/2026:14:21:17 +0000] "PUT /d1/495/AUTH_5b4b45fa43af4f24bc89f2a65143b996/gnocchi.13b9776c-4ba1-40d3-a34b-5ff04bf0fe79/none_v3" 201 - "PUT http://172.18.0.2:8080/v1/AUTH_5b4b45fa43af4f24bc89f2a65143b996/gnocchi.13b9776c-4ba1-40d3-a34b-5ff04bf0fe79/none_v3" "tx3342108fbee14b28a042c-00697cbe5d" "proxy-server 20" 0.0163 "-" 22 0
Jan 30 14:21:17 standalone proxy-server[129720]: 172.18.0.2 172.18.0.100 30/Jan/2026/14/21/17 PUT /v1/AUTH_5b4b45fa43af4f24bc89f2a65143b996/gnocchi.13b9776c-4ba1-40d3-a34b-5ff04bf0fe79/none_v3 HTTP/1.0 201 - python-swiftclient-3.11.1 gAAAAABpfL4XpeS_... 22 - - tx3342108fbee14b28a042c-00697cbe5d - 0.0296 - - 1769782877.122302532 1769782877.151858330 0
Jan 30 14:21:43 standalone container-server[127732]: 172.20.0.100 - - [30/Jan/2026:14:21:43 +0000] "HEAD /d1/665/AUTH_5b4b45fa43af4f24bc89f2a65143b996/gnocchi.6aecf728-787f-49e1-a21e-d3222a8d15e9" 404 - "HEAD http://172.18.0.2:8080/v1/AUTH_5b4b45fa43af4f24bc89f2a65143b996/gnocchi.6aecf728-787f-49e1-a21e-d3222a8d15e9?format=json&states=listing" "tx83867e77d32146ec8a71a-00697cbe77" "proxy-server 20" 0.0004 "-" 17 0
Jan 30 14:21:43 standalone object-server[127892]: 172.20.0.100 - - [30/Jan/2026:14:21:43 +0000] "GET /d1/961/AUTH_5b4b45fa43af4f24bc89f2a65143b996/gnocchi.6aecf728-787f-49e1-a21e-d3222a8d15e9/none_v3" 404 70 "GET http://172.18.0.2:8080/v1/AUTH_5b4b45fa43af4f24bc89f2a65143b996/gnocchi.6aecf728-787f-49e1-a21e-d3222a8d15e9/none_v3" "tx83867e77d32146ec8a71a-00697cbe77" "proxy-server 20" 0.0005 "-" 23 0
Jan 30 14:21:43 standalone proxy-server[129720]: 172.18.0.2 172.18.0.100 30/Jan/2026/14/21/43 GET /v1/AUTH_5b4b45fa43af4f24bc89f2a65143b996/gnocchi.6aecf728-787f-49e1-a21e-d3222a8d15e9/none_v3 HTTP/1.0 404 - python-swiftclient-3.11.1 gAAAAABpfL4XpeS_... - 70 - tx83867e77d32146ec8a71a-00697cbe77 - 0.0211 - - 1769782903.712635756 1769782903.733738899 0
Jan 30 14:21:43 standalone account-server[127589]: 172.20.0.100 - - [30/Jan/2026:14:21:43 +0000] "PUT /d1/347/AUTH_5b4b45fa43af4f24bc89f2a65143b996/gnocchi.6aecf728-787f-49e1-a21e-d3222a8d15e9" 201 - "PUT http://172.20.0.100:6001/d1/665/AUTH_5b4b45fa43af4f24bc89f2a65143b996/gnocchi.6aecf728-787f-49e1-a21e-d3222a8d15e9" "txf4edede7809b43409ad56-00697cbe77" "container-server 17" 0.0069 "-" 23 0
Jan 30 14:21:43 standalone container-server[127732]: 172.20.0.100 - - [30/Jan/2026:14:21:43 +0000] "PUT /d1/665/AUTH_5b4b45fa43af4f24bc89f2a65143b996/gnocchi.6aecf728-787f-49e1-a21e-d3222a8d15e9" 201 - "PUT http://172.18.0.2:8080/v1/AUTH_5b4b45fa43af4f24bc89f2a65143b996/gnocchi.6aecf728-787f-49e1-a21e-d3222a8d15e9" "txf4edede7809b43409ad56-00697cbe77" "proxy-server 20" 0.0179 "-" 17 0
Jan 30 14:21:43 standalone proxy-server[129720]: 172.18.0.2 172.18.0.100 30/Jan/2026/14/21/43 PUT /v1/AUTH_5b4b45fa43af4f24bc89f2a65143b996/gnocchi.6aecf728-787f-49e1-a21e-d3222a8d15e9 HTTP/1.0 201 - python-swiftclient-3.11.1 gAAAAABpfL4XpeS_... - - - txf4edede7809b43409ad56-00697cbe77 - 0.0250 - - 1769782903.737201691 1769782903.762213707 0
Jan 30 14:21:43 standalone container-server[127698]: 172.20.0.100 - - [30/Jan/2026:14:21:43 +0000] "HEAD /d1/665/AUTH_5b4b45fa43af4f24bc89f2a65143b996/gnocchi.6aecf728-787f-49e1-a21e-d3222a8d15e9" 204 - "HEAD http://172.18.0.2:8080/v1/AUTH_5b4b45fa43af4f24bc89f2a65143b996/gnocchi.6aecf728-787f-49e1-a21e-d3222a8d15e9?format=json&states=listing" "tx803267d8821a4565ac72b-00697cbe77" "proxy-server 20" 0.0016 "-" 15 0
Jan 30 14:21:43 standalone proxy-server[129720]: - - 30/Jan/2026/14/21/43 HEAD /v1/AUTH_5b4b45fa43af4f24bc89f2a65143b996/gnocchi.6aecf728-787f-49e1-a21e-d3222a8d15e9%3Fformat%3Djson%26states%3Dlisting HTTP/1.0 204 - Swift - - - - tx803267d8821a4565ac72b-00697cbe77 - 0.0060 RL - 1769782903.768151045 1769782903.774112940 0
Jan 30 14:21:43 standalone container-server[127696]: 172.20.0.100 - - [30/Jan/2026:14:21:43 +0000] "GET /d1/665/AUTH_5b4b45fa43af4f24bc89f2a65143b996/gnocchi.6aecf728-787f-49e1-a21e-d3222a8d15e9" 200 2 "GET http://172.18.0.2:8080/v1/AUTH_5b4b45fa43af4f24bc89f2a65143b996/gnocchi.6aecf728-787f-49e1-a21e-d3222a8d15e9?format=json&states=listing" "tx803267d8821a4565ac72b-00697cbe77" "proxy-server 20" 0.0036 "-" 14 0
Jan 30 14:21:43 standalone proxy-server[129720]: 172.18.0.2 172.18.0.100 30/Jan/2026/14/21/43 GET /v1/AUTH_5b4b45fa43af4f24bc89f2a65143b996/gnocchi.6aecf728-787f-49e1-a21e-d3222a8d15e9%3Fformat%3Djson%26states%3Dlisting HTTP/1.0 200 - python-swiftclient-3.11.1 gAAAAABpfL4XpeS_... - 2 - tx803267d8821a4565ac72b-00697cbe77 - 0.0235 - - 1769782903.766363621 1769782903.789821148 0
Jan 30 14:21:43 standalone object-server[127892]: 172.20.0.100 - - [30/Jan/2026:14:21:43 +0000] "GET /d1/96/AUTH_5b4b45fa43af4f24bc89f2a65143b996/gnocchi.6aecf728-787f-49e1-a21e-d3222a8d15e9/1769040000.0_mean_300.0_v3" 404 70 "GET http://172.18.0.2:8080/v1/AUTH_5b4b45fa43af4f24bc89f2a65143b996/gnocchi.6aecf728-787f-49e1-a21e-d3222a8d15e9/1769040000.0_mean_300.0_v3" "tx47ace5d97ff644588b816-00697cbe77" "proxy-server 20" 0.0003 "-" 23 0
Jan 30 14:21:43 standalone proxy-server[129720]: 172.18.0.2 172.18.0.100 30/Jan/2026/14/21/43 GET /v1/AUTH_5b4b45fa43af4f24bc89f2a65143b996/gnocchi.6aecf728-787f-49e1-a21e-d3222a8d15e9/1769040000.0_mean_300.0_v3 HTTP/1.0 404 - python-swiftclient-3.11.1 gAAAAABpfL4XpeS_... - 70 - tx47ace5d97ff644588b816-00697cbe77 - 0.0047 - - 1769782903.796191216 1769782903.800926685 0
Jan 30 14:21:43 standalone container-server[127732]: 172.20.0.100 - - [30/Jan/2026:14:21:43 +0000] "PUT /d1/665/AUTH_5b4b45fa43af4f24bc89f2a65143b996/gnocchi.6aecf728-787f-49e1-a21e-d3222a8d15e9/1769040000.0_mean_300.0_v3" 201 - "PUT http://172.18.0.2:8080/d1/96/AUTH_5b4b45fa43af4f24bc89f2a65143b996/gnocchi.6aecf728-787f-49e1-a21e-d3222a8d15e9/1769040000.0_mean_300.0_v3" "txe4aa85ba368c4f85b3827-00697cbe77" "object-server 25" 0.0010 "-" 17 0
Jan 30 14:21:43 standalone object-server[127894]: 172.20.0.100 - - [30/Jan/2026:14:21:43 +0000] "PUT /d1/96/AUTH_5b4b45fa43af4f24bc89f2a65143b996/gnocchi.6aecf728-787f-49e1-a21e-d3222a8d15e9/1769040000.0_mean_300.0_v3" 201 - "PUT http://172.18.0.2:8080/v1/AUTH_5b4b45fa43af4f24bc89f2a65143b996/gnocchi.6aecf728-787f-49e1-a21e-d3222a8d15e9/1769040000.0_mean_300.0_v3" "txe4aa85ba368c4f85b3827-00697cbe77" "proxy-server 20" 0.0101 "-" 25 0
Jan 30 14:21:43 standalone proxy-server[129720]: 172.18.0.2 172.18.0.100 30/Jan/2026/14/21/43 PUT /v1/AUTH_5b4b45fa43af4f24bc89f2a65143b996/gnocchi.6aecf728-787f-49e1-a21e-d3222a8d15e9/1769040000.0_mean_300.0_v3 HTTP/1.0 201 - python-swiftclient-3.11.1 gAAAAABpfL4XpeS_... 16 - - txe4aa85ba368c4f85b3827-00697cbe77 - 0.0145 - - 1769782903.804485798 1769782903.818953514 0
Jan 30 14:21:43 standalone container-server[127732]: 172.20.0.100 - - [30/Jan/2026:14:21:43 +0000] "PUT /d1/665/AUTH_5b4b45fa43af4f24bc89f2a65143b996/gnocchi.6aecf728-787f-49e1-a21e-d3222a8d15e9/none_v3" 201 - "PUT http://172.18.0.2:8080/d1/961/AUTH_5b4b45fa43af4f24bc89f2a65143b996/gnocchi.6aecf728-787f-49e1-a21e-d3222a8d15e9/none_v3" "txcb34e386e80e47b388933-00697cbe77" "object-server 23" 0.0006 "-" 17 0
Jan 30 14:21:43 standalone object-server[127892]: 172.20.0.100 - - [30/Jan/2026:14:21:43 +0000] "PUT /d1/961/AUTH_5b4b45fa43af4f24bc89f2a65143b996/gnocchi.6aecf728-787f-49e1-a21e-d3222a8d15e9/none_v3" 201 - "PUT http://172.18.0.2:8080/v1/AUTH_5b4b45fa43af4f24bc89f2a65143b996/gnocchi.6aecf728-787f-49e1-a21e-d3222a8d15e9/none_v3" "txcb34e386e80e47b388933-00697cbe77" "proxy-server 20" 0.0090 "-" 23 0
Jan 30 14:21:43 standalone proxy-server[129720]: 172.18.0.2 172.18.0.100 30/Jan/2026/14/21/43 PUT /v1/AUTH_5b4b45fa43af4f24bc89f2a65143b996/gnocchi.6aecf728-787f-49e1-a21e-d3222a8d15e9/none_v3 HTTP/1.0 201 - python-swiftclient-3.11.1 gAAAAABpfL4XpeS_... 22 - - txcb34e386e80e47b388933-00697cbe77 - 0.0157 - - 1769782903.823467731 1769782903.839126587 0
Jan 30 14:21:43 standalone object-server[127891]: 172.20.0.100 - - [30/Jan/2026:14:21:43 +0000] "GET /d1/30/AUTH_5b4b45fa43af4f24bc89f2a65143b996/gnocchi.899dcdda-0a00-40d2-bfaa-7cba0f5facb6/none_v3" 200 22 "GET http://172.18.0.2:8080/v1/AUTH_5b4b45fa43af4f24bc89f2a65143b996/gnocchi.899dcdda-0a00-40d2-bfaa-7cba0f5facb6/none_v3" "tx7e6192fcc8924a519a09d-00697cbe77" "proxy-server 20" 0.0009 "-" 22 0
Jan 30 14:21:43 standalone proxy-server[129720]: 172.18.0.2 172.18.0.100 30/Jan/2026/14/21/43 GET /v1/AUTH_5b4b45fa43af4f24bc89f2a65143b996/gnocchi.899dcdda-0a00-40d2-bfaa-7cba0f5facb6/none_v3 HTTP/1.0 200 - python-swiftclient-3.11.1 gAAAAABpfL4XpeS_... - 22 - tx7e6192fcc8924a519a09d-00697cbe77 - 0.0058 - - 1769782903.882178545 1769782903.887936115 0
Jan 30 14:21:43 standalone container-server[127698]: 172.20.0.100 - - [30/Jan/2026:14:21:43 +0000] "GET /d1/170/AUTH_5b4b45fa43af4f24bc89f2a65143b996/gnocchi.899dcdda-0a00-40d2-bfaa-7cba0f5facb6" 200 357 "GET http://172.18.0.2:8080/v1/AUTH_5b4b45fa43af4f24bc89f2a65143b996/gnocchi.899dcdda-0a00-40d2-bfaa-7cba0f5facb6?format=json&states=listing" "txa470181f990946afa1f0b-00697cbe77" "proxy-server 20" 0.0137 "-" 15 0
Jan 30 14:21:43 standalone proxy-server[129720]: 172.18.0.2 172.18.0.100 30/Jan/2026/14/21/43 GET /v1/AUTH_5b4b45fa43af4f24bc89f2a65143b996/gnocchi.899dcdda-0a00-40d2-bfaa-7cba0f5facb6%3Fformat%3Djson%26states%3Dlisting HTTP/1.0 200 - python-swiftclient-3.11.1 gAAAAABpfL4XpeS_... - 357 - txa470181f990946afa1f0b-00697cbe77 - 0.0198 - - 1769782903.890909195 1769782903.910662174 0
Jan 30 14:21:43 standalone container-server[127732]: 172.20.0.100 - - [30/Jan/2026:14:21:43 +0000] "GET /d1/170/AUTH_5b4b45fa43af4f24bc89f2a65143b996/gnocchi.899dcdda-0a00-40d2-bfaa-7cba0f5facb6" 200 2 "GET http://172.18.0.2:8080/v1/AUTH_5b4b45fa43af4f24bc89f2a65143b996/gnocchi.899dcdda-0a00-40d2-bfaa-7cba0f5facb6?format=json&marker=none_v3&states=listing" "tx03f67d03f1a74b59b3a7b-00697cbe77" "proxy-server 20" 0.0022 "-" 17 0
Jan 30 14:21:43 standalone proxy-server[129720]: 172.18.0.2 172.18.0.100 30/Jan/2026/14/21/43 GET /v1/AUTH_5b4b45fa43af4f24bc89f2a65143b996/gnocchi.899dcdda-0a00-40d2-bfaa-7cba0f5facb6%3Fformat%3Djson%26marker%3Dnone_v3%26states%3Dlisting HTTP/1.0 200 - python-swiftclient-3.11.1 gAAAAABpfL4XpeS_... - 2 - tx03f67d03f1a74b59b3a7b-00697cbe77 - 0.0079 - - 1769782903.914120436 1769782903.922043562 0
Jan 30 14:21:43 standalone object-server[127892]: 172.20.0.100 - - [30/Jan/2026:14:21:43 +0000] "GET /d1/414/AUTH_5b4b45fa43af4f24bc89f2a65143b996/gnocchi.899dcdda-0a00-40d2-bfaa-7cba0f5facb6/1769040000.0_mean_300.0_v3" 200 16 "GET http://172.18.0.2:8080/v1/AUTH_5b4b45fa43af4f24bc89f2a65143b996/gnocchi.899dcdda-0a00-40d2-bfaa-7cba0f5facb6/1769040000.0_mean_300.0_v3" "tx520c4cee73774d0aad8dc-00697cbe77" "proxy-server 20" 0.0007 "-" 23 0
Jan 30 14:21:43 standalone proxy-server[129720]: 172.18.0.2 172.18.0.100 30/Jan/2026/14/21/43 GET /v1/AUTH_5b4b45fa43af4f24bc89f2a65143b996/gnocchi.899dcdda-0a00-40d2-bfaa-7cba0f5facb6/1769040000.0_mean_300.0_v3 HTTP/1.0 200 - python-swiftclient-3.11.1 gAAAAABpfL4XpeS_... - 16 - tx520c4cee73774d0aad8dc-00697cbe77 - 0.0121 - - 1769782903.926166296 1769782903.938270092 0
Jan 30 14:21:43 standalone container-server[127696]: 172.20.0.100 - - [30/Jan/2026:14:21:43 +0000] "PUT /d1/170/AUTH_5b4b45fa43af4f24bc89f2a65143b996/gnocchi.899dcdda-0a00-40d2-bfaa-7cba0f5facb6/1769040000.0_mean_300.0_v3" 201 - "PUT http://172.18.0.2:8080/d1/414/AUTH_5b4b45fa43af4f24bc89f2a65143b996/gnocchi.899dcdda-0a00-40d2-bfaa-7cba0f5facb6/1769040000.0_mean_300.0_v3" "tx901db98635d34696ab339-00697cbe77" "object-server 22" 0.0005 "-" 14 0
Jan 30 14:21:43 standalone object-server[127891]: 172.20.0.100 - - [30/Jan/2026:14:21:43 +0000] "PUT /d1/414/AUTH_5b4b45fa43af4f24bc89f2a65143b996/gnocchi.899dcdda-0a00-40d2-bfaa-7cba0f5facb6/1769040000.0_mean_300.0_v3" 201 - "PUT http://172.18.0.2:8080/v1/AUTH_5b4b45fa43af4f24bc89f2a65143b996/gnocchi.899dcdda-0a00-40d2-bfaa-7cba0f5facb6/1769040000.0_mean_300.0_v3" "tx901db98635d34696ab339-00697cbe77" "proxy-server 20" 0.0097 "-" 22 0
Jan 30 14:21:43 standalone proxy-server[129720]: 172.18.0.2 172.18.0.100 30/Jan/2026/14/21/43 PUT /v1/AUTH_5b4b45fa43af4f24bc89f2a65143b996/gnocchi.899dcdda-0a00-40d2-bfaa-7cba0f5facb6/1769040000.0_mean_300.0_v3 HTTP/1.0 201 - python-swiftclient-3.11.1 gAAAAABpfL4XpeS_... 16 - - tx901db98635d34696ab339-00697cbe77 - 0.0175 - - 1769782903.942489386 1769782903.960015535 0
Jan 30 14:21:43 standalone container-server[127712]: 172.20.0.100 - - [30/Jan/2026:14:21:43 +0000] "PUT /d1/170/AUTH_5b4b45fa43af4f24bc89f2a65143b996/gnocchi.899dcdda-0a00-40d2-bfaa-7cba0f5facb6/none_v3" 201 - "PUT http://172.18.0.2:8080/d1/30/AUTH_5b4b45fa43af4f24bc89f2a65143b996/gnocchi.899dcdda-0a00-40d2-bfaa-7cba0f5facb6/none_v3" "tx59c2deeb251c403b85e8a-00697cbe77" "object-server 23" 0.0005 "-" 16 0
Jan 30 14:21:43 standalone object-server[127892]: 172.20.0.100 - - [30/Jan/2026:14:21:43 +0000] "PUT /d1/30/AUTH_5b4b45fa43af4f24bc89f2a65143b996/gnocchi.899dcdda-0a00-40d2-bfaa-7cba0f5facb6/none_v3" 201 - "PUT http://172.18.0.2:8080/v1/AUTH_5b4b45fa43af4f24bc89f2a65143b996/gnocchi.899dcdda-0a00-40d2-bfaa-7cba0f5facb6/none_v3" "tx59c2deeb251c403b85e8a-00697cbe77" "proxy-server 20" 0.0074 "-" 23 0
Jan 30 14:21:43 standalone proxy-server[129720]: 172.18.0.2 172.18.0.100 30/Jan/2026/14/21/43 PUT /v1/AUTH_5b4b45fa43af4f24bc89f2a65143b996/gnocchi.899dcdda-0a00-40d2-bfaa-7cba0f5facb6/none_v3 HTTP/1.0 201 - python-swiftclient-3.11.1 gAAAAABpfL4XpeS_... 33 - - tx59c2deeb251c403b85e8a-00697cbe77 - 0.0132 - - 1769782903.963807344 1769782903.977045059 0
Jan 30 14:21:43 standalone object-server[127891]: 172.20.0.100 - - [30/Jan/2026:14:21:43 +0000] "GET /d1/830/AUTH_5b4b45fa43af4f24bc89f2a65143b996/gnocchi.edd28e70-d539-4919-abb0-656e6d47d1c4/none_v3" 200 22 "GET http://172.18.0.2:8080/v1/AUTH_5b4b45fa43af4f24bc89f2a65143b996/gnocchi.edd28e70-d539-4919-abb0-656e6d47d1c4/none_v3" "txad367f13fb814478b26bd-00697cbe77" "proxy-server 20" 0.0007 "-" 22 0
Jan 30 14:21:43 standalone proxy-server[129720]: 172.18.0.2 172.18.0.100 30/Jan/2026/14/21/43 GET /v1/AUTH_5b4b45fa43af4f24bc89f2a65143b996/gnocchi.edd28e70-d539-4919-abb0-656e6d47d1c4/none_v3 HTTP/1.0 200 - python-swiftclient-3.11.1 gAAAAABpfL4XpeS_... - 22 - txad367f13fb814478b26bd-00697cbe77 - 0.0066 - - 1769782903.989122868 1769782903.995732307 0
Jan 30 14:21:44 standalone container-server[127712]: 172.20.0.100 - - [30/Jan/2026:14:21:44 +0000] "GET /d1/585/AUTH_5b4b45fa43af4f24bc89f2a65143b996/gnocchi.edd28e70-d539-4919-abb0-656e6d47d1c4" 200 357 "GET http://172.18.0.2:8080/v1/AUTH_5b4b45fa43af4f24bc89f2a65143b996/gnocchi.edd28e70-d539-4919-abb0-656e6d47d1c4?format=json&states=listing" "txadd327ef198d4f85afd29-00697cbe78" "proxy-server 20" 0.0131 "-" 16 0
Jan 30 14:21:44 standalone proxy-server[129720]: 172.18.0.2 172.18.0.100 30/Jan/2026/14/21/44 GET /v1/AUTH_5b4b45fa43af4f24bc89f2a65143b996/gnocchi.edd28e70-d539-4919-abb0-656e6d47d1c4%3Fformat%3Djson%26states%3Dlisting HTTP/1.0 200 - python-swiftclient-3.11.1 gAAAAABpfL4XpeS_... - 357 - txadd327ef198d4f85afd29-00697cbe78 - 0.0201 - - 1769782904.001499653 1769782904.021560669 0
Jan 30 14:21:44 standalone container-server[127712]: 172.20.0.100 - - [30/Jan/2026:14:21:44 +0000] "GET /d1/585/AUTH_5b4b45fa43af4f24bc89f2a65143b996/gnocchi.edd28e70-d539-4919-abb0-656e6d47d1c4" 200 2 "GET http://172.18.0.2:8080/v1/AUTH_5b4b45fa43af4f24bc89f2a65143b996/gnocchi.edd28e70-d539-4919-abb0-656e6d47d1c4?format=json&marker=none_v3&states=listing" "txbef975595faa4907b2c58-00697cbe78" "proxy-server 20" 0.0019 "-" 16 0
Jan 30 14:21:44 standalone proxy-server[129720]: 172.18.0.2 172.18.0.100 30/Jan/2026/14/21/44 GET /v1/AUTH_5b4b45fa43af4f24bc89f2a65143b996/gnocchi.edd28e70-d539-4919-abb0-656e6d47d1c4%3Fformat%3Djson%26marker%3Dnone_v3%26states%3Dlisting HTTP/1.0 200 - python-swiftclient-3.11.1 gAAAAABpfL4XpeS_... - 2 - txbef975595faa4907b2c58-00697cbe78 - 0.0092 - - 1769782904.025333643 1769782904.034496784 0
Jan 30 14:21:44 standalone object-server[127894]: 172.20.0.100 - - [30/Jan/2026:14:21:44 +0000] "GET /d1/752/AUTH_5b4b45fa43af4f24bc89f2a65143b996/gnocchi.edd28e70-d539-4919-abb0-656e6d47d1c4/1769040000.0_mean_300.0_v3" 200 16 "GET http://172.18.0.2:8080/v1/AUTH_5b4b45fa43af4f24bc89f2a65143b996/gnocchi.edd28e70-d539-4919-abb0-656e6d47d1c4/1769040000.0_mean_300.0_v3" "tx61c7c485c5e3429ebd9c5-00697cbe78" "proxy-server 20" 0.0011 "-" 25 0
Jan 30 14:21:44 standalone proxy-server[129720]: 172.18.0.2 172.18.0.100 30/Jan/2026/14/21/44 GET /v1/AUTH_5b4b45fa43af4f24bc89f2a65143b996/gnocchi.edd28e70-d539-4919-abb0-656e6d47d1c4/1769040000.0_mean_300.0_v3 HTTP/1.0 200 - python-swiftclient-3.11.1 gAAAAABpfL4XpeS_... - 16 - tx61c7c485c5e3429ebd9c5-00697cbe78 - 0.0095 - - 1769782904.040116787 1769782904.049596786 0
Jan 30 14:21:44 standalone container-server[127696]: 172.20.0.100 - - [30/Jan/2026:14:21:44 +0000] "PUT /d1/585/AUTH_5b4b45fa43af4f24bc89f2a65143b996/gnocchi.edd28e70-d539-4919-abb0-656e6d47d1c4/1769040000.0_mean_300.0_v3" 201 - "PUT http://172.18.0.2:8080/d1/752/AUTH_5b4b45fa43af4f24bc89f2a65143b996/gnocchi.edd28e70-d539-4919-abb0-656e6d47d1c4/1769040000.0_mean_300.0_v3" "tx836b15a9943c46b18b568-00697cbe78" "object-server 24" 0.0006 "-" 14 0
Jan 30 14:21:44 standalone object-server[127893]: 172.20.0.100 - - [30/Jan/2026:14:21:44 +0000] "PUT /d1/752/AUTH_5b4b45fa43af4f24bc89f2a65143b996/gnocchi.edd28e70-d539-4919-abb0-656e6d47d1c4/1769040000.0_mean_300.0_v3" 201 - "PUT http://172.18.0.2:8080/v1/AUTH_5b4b45fa43af4f24bc89f2a65143b996/gnocchi.edd28e70-d539-4919-abb0-656e6d47d1c4/1769040000.0_mean_300.0_v3" "tx836b15a9943c46b18b568-00697cbe78" "proxy-server 20" 0.0085 "-" 24 0
Jan 30 14:21:44 standalone proxy-server[129720]: 172.18.0.2 172.18.0.100 30/Jan/2026/14/21/44 PUT /v1/AUTH_5b4b45fa43af4f24bc89f2a65143b996/gnocchi.edd28e70-d539-4919-abb0-656e6d47d1c4/1769040000.0_mean_300.0_v3 HTTP/1.0 201 - python-swiftclient-3.11.1 gAAAAABpfL4XpeS_... 16 - - tx836b15a9943c46b18b568-00697cbe78 - 0.0594 - - 1769782904.053743839 1769782904.113143444 0
Jan 30 14:21:44 standalone container-server[127698]: 172.20.0.100 - - [30/Jan/2026:14:21:44 +0000] "PUT /d1/585/AUTH_5b4b45fa43af4f24bc89f2a65143b996/gnocchi.edd28e70-d539-4919-abb0-656e6d47d1c4/none_v3" 201 - "PUT http://172.18.0.2:8080/d1/830/AUTH_5b4b45fa43af4f24bc89f2a65143b996/gnocchi.edd28e70-d539-4919-abb0-656e6d47d1c4/none_v3" "txf4f09a65a70a41d7b0168-00697cbe78" "object-server 22" 0.0005 "-" 15 0
Jan 30 14:21:44 standalone object-server[127891]: 172.20.0.100 - - [30/Jan/2026:14:21:44 +0000] "PUT /d1/830/AUTH_5b4b45fa43af4f24bc89f2a65143b996/gnocchi.edd28e70-d539-4919-abb0-656e6d47d1c4/none_v3" 201 - "PUT http://172.18.0.2:8080/v1/AUTH_5b4b45fa43af4f24bc89f2a65143b996/gnocchi.edd28e70-d539-4919-abb0-656e6d47d1c4/none_v3" "txf4f09a65a70a41d7b0168-00697cbe78" "proxy-server 20" 0.0155 "-" 22 0
Jan 30 14:21:44 standalone proxy-server[129720]: 172.18.0.2 172.18.0.100 30/Jan/2026/14/21/44 PUT /v1/AUTH_5b4b45fa43af4f24bc89f2a65143b996/gnocchi.edd28e70-d539-4919-abb0-656e6d47d1c4/none_v3 HTTP/1.0 201 - python-swiftclient-3.11.1 gAAAAABpfL4XpeS_... 33 - - txf4f09a65a70a41d7b0168-00697cbe78 - 0.0214 - - 1769782904.117025614 1769782904.138432503 0
Jan 30 14:21:48 standalone object-server[127894]: 172.20.0.100 - - [30/Jan/2026:14:21:48 +0000] "GET /d1/961/AUTH_5b4b45fa43af4f24bc89f2a65143b996/gnocchi.6aecf728-787f-49e1-a21e-d3222a8d15e9/none_v3" 200 22 "GET http://172.18.0.2:8080/v1/AUTH_5b4b45fa43af4f24bc89f2a65143b996/gnocchi.6aecf728-787f-49e1-a21e-d3222a8d15e9/none_v3" "tx929e5176d0a046bea184c-00697cbe7c" "proxy-server 20" 0.0012 "-" 25 0
Jan 30 14:21:48 standalone proxy-server[129720]: 172.18.0.2 172.18.0.100 30/Jan/2026/14/21/48 GET /v1/AUTH_5b4b45fa43af4f24bc89f2a65143b996/gnocchi.6aecf728-787f-49e1-a21e-d3222a8d15e9/none_v3 HTTP/1.0 200 - python-swiftclient-3.11.1 gAAAAABpfL4XpeS_... - 22 - tx929e5176d0a046bea184c-00697cbe7c - 0.0137 - - 1769782908.273368835 1769782908.287032366 0
Jan 30 14:21:48 standalone container-server[127696]: 172.20.0.100 - - [30/Jan/2026:14:21:48 +0000] "GET /d1/665/AUTH_5b4b45fa43af4f24bc89f2a65143b996/gnocchi.6aecf728-787f-49e1-a21e-d3222a8d15e9" 200 357 "GET http://172.18.0.2:8080/v1/AUTH_5b4b45fa43af4f24bc89f2a65143b996/gnocchi.6aecf728-787f-49e1-a21e-d3222a8d15e9?format=json&states=listing" "txc54d82d554e44a8e97822-00697cbe7c" "proxy-server 20" 0.0163 "-" 14 0
Jan 30 14:21:48 standalone proxy-server[129720]: 172.18.0.2 172.18.0.100 30/Jan/2026/14/21/48 GET /v1/AUTH_5b4b45fa43af4f24bc89f2a65143b996/gnocchi.6aecf728-787f-49e1-a21e-d3222a8d15e9%3Fformat%3Djson%26states%3Dlisting HTTP/1.0 200 - python-swiftclient-3.11.1 gAAAAABpfL4XpeS_... - 357 - txc54d82d554e44a8e97822-00697cbe7c - 0.0270 - - 1769782908.292303085 1769782908.319283485 0
Jan 30 14:21:48 standalone container-server[127696]: 172.20.0.100 - - [30/Jan/2026:14:21:48 +0000] "GET /d1/665/AUTH_5b4b45fa43af4f24bc89f2a65143b996/gnocchi.6aecf728-787f-49e1-a21e-d3222a8d15e9" 200 2 "GET http://172.18.0.2:8080/v1/AUTH_5b4b45fa43af4f24bc89f2a65143b996/gnocchi.6aecf728-787f-49e1-a21e-d3222a8d15e9?format=json&marker=none_v3&states=listing" "txead20c417094489b86101-00697cbe7c" "proxy-server 20" 0.0053 "-" 14 0
Jan 30 14:21:48 standalone proxy-server[129720]: 172.18.0.2 172.18.0.100 30/Jan/2026/14/21/48 GET /v1/AUTH_5b4b45fa43af4f24bc89f2a65143b996/gnocchi.6aecf728-787f-49e1-a21e-d3222a8d15e9%3Fformat%3Djson%26marker%3Dnone_v3%26states%3Dlisting HTTP/1.0 200 - python-swiftclient-3.11.1 gAAAAABpfL4XpeS_... - 2 - txead20c417094489b86101-00697cbe7c - 0.0176 - - 1769782908.322542667 1769782908.340169668 0
Jan 30 14:21:48 standalone object-server[127894]: 172.20.0.100 - - [30/Jan/2026:14:21:48 +0000] "GET /d1/96/AUTH_5b4b45fa43af4f24bc89f2a65143b996/gnocchi.6aecf728-787f-49e1-a21e-d3222a8d15e9/1769040000.0_mean_300.0_v3" 200 16 "GET http://172.18.0.2:8080/v1/AUTH_5b4b45fa43af4f24bc89f2a65143b996/gnocchi.6aecf728-787f-49e1-a21e-d3222a8d15e9/1769040000.0_mean_300.0_v3" "tx916afbb5255d4ecf8c58e-00697cbe7c" "proxy-server 20" 0.0008 "-" 25 0
Jan 30 14:21:48 standalone proxy-server[129720]: 172.18.0.2 172.18.0.100 30/Jan/2026/14/21/48 GET /v1/AUTH_5b4b45fa43af4f24bc89f2a65143b996/gnocchi.6aecf728-787f-49e1-a21e-d3222a8d15e9/1769040000.0_mean_300.0_v3 HTTP/1.0 200 - python-swiftclient-3.11.1 gAAAAABpfL4XpeS_... - 16 - tx916afbb5255d4ecf8c58e-00697cbe7c - 0.0112 - - 1769782908.345442295 1769782908.356633425 0
Jan 30 14:21:48 standalone container-server[127712]: 172.20.0.100 - - [30/Jan/2026:14:21:48 +0000] "PUT /d1/665/AUTH_5b4b45fa43af4f24bc89f2a65143b996/gnocchi.6aecf728-787f-49e1-a21e-d3222a8d15e9/1769040000.0_mean_300.0_v3" 201 - "PUT http://172.18.0.2:8080/d1/96/AUTH_5b4b45fa43af4f24bc89f2a65143b996/gnocchi.6aecf728-787f-49e1-a21e-d3222a8d15e9/1769040000.0_mean_300.0_v3" "tx8bccca8fa6cf4eac826e5-00697cbe7c" "object-server 22" 0.0011 "-" 16 0
Jan 30 14:21:48 standalone object-server[127891]: 172.20.0.100 - - [30/Jan/2026:14:21:48 +0000] "PUT /d1/96/AUTH_5b4b45fa43af4f24bc89f2a65143b996/gnocchi.6aecf728-787f-49e1-a21e-d3222a8d15e9/1769040000.0_mean_300.0_v3" 201 - "PUT http://172.18.0.2:8080/v1/AUTH_5b4b45fa43af4f24bc89f2a65143b996/gnocchi.6aecf728-787f-49e1-a21e-d3222a8d15e9/1769040000.0_mean_300.0_v3" "tx8bccca8fa6cf4eac826e5-00697cbe7c" "proxy-server 20" 0.0101 "-" 22 0
Jan 30 14:21:48 standalone proxy-server[129720]: 172.18.0.2 172.18.0.100 30/Jan/2026/14/21/48 PUT /v1/AUTH_5b4b45fa43af4f24bc89f2a65143b996/gnocchi.6aecf728-787f-49e1-a21e-d3222a8d15e9/1769040000.0_mean_300.0_v3 HTTP/1.0 201 - python-swiftclient-3.11.1 gAAAAABpfL4XpeS_... 16 - - tx8bccca8fa6cf4eac826e5-00697cbe7c - 0.0191 - - 1769782908.361124277 1769782908.380241156 0
Jan 30 14:21:48 standalone container-server[127712]: 172.20.0.100 - - [30/Jan/2026:14:21:48 +0000] "PUT /d1/665/AUTH_5b4b45fa43af4f24bc89f2a65143b996/gnocchi.6aecf728-787f-49e1-a21e-d3222a8d15e9/none_v3" 201 - "PUT http://172.18.0.2:8080/d1/961/AUTH_5b4b45fa43af4f24bc89f2a65143b996/gnocchi.6aecf728-787f-49e1-a21e-d3222a8d15e9/none_v3" "tx19f291173872434eb0edf-00697cbe7c" "object-server 25" 0.0009 "-" 16 0
Jan 30 14:21:48 standalone object-server[127894]: 172.20.0.100 - - [30/Jan/2026:14:21:48 +0000] "PUT /d1/961/AUTH_5b4b45fa43af4f24bc89f2a65143b996/gnocchi.6aecf728-787f-49e1-a21e-d3222a8d15e9/none_v3" 201 - "PUT http://172.18.0.2:8080/v1/AUTH_5b4b45fa43af4f24bc89f2a65143b996/gnocchi.6aecf728-787f-49e1-a21e-d3222a8d15e9/none_v3" "tx19f291173872434eb0edf-00697cbe7c" "proxy-server 20" 0.0093 "-" 25 0
Jan 30 14:21:48 standalone proxy-server[129720]: 172.18.0.2 172.18.0.100 30/Jan/2026/14/21/48 PUT /v1/AUTH_5b4b45fa43af4f24bc89f2a65143b996/gnocchi.6aecf728-787f-49e1-a21e-d3222a8d15e9/none_v3 HTTP/1.0 201 - python-swiftclient-3.11.1 gAAAAABpfL4XpeS_... 32 - - tx19f291173872434eb0edf-00697cbe7c - 0.0164 - - 1769782908.383672476 1769782908.400060177 0
Jan 30 14:21:59 standalone container-server[127696]: 172.20.0.100 - - [30/Jan/2026:14:21:59 +0000] "HEAD /d1/74/AUTH_5b4b45fa43af4f24bc89f2a65143b996/gnocchi.dbe00397-b163-4490-ac04-e6c8050ffab0" 404 - "HEAD http://172.18.0.2:8080/v1/AUTH_5b4b45fa43af4f24bc89f2a65143b996/gnocchi.dbe00397-b163-4490-ac04-e6c8050ffab0?format=json&states=listing" "txcc7d9f05cc6048dd9f6b2-00697cbe87" "proxy-server 20" 0.0007 "-" 14 0
Jan 30 14:21:59 standalone object-server[127894]: 172.20.0.100 - - [30/Jan/2026:14:21:59 +0000] "GET /d1/582/AUTH_5b4b45fa43af4f24bc89f2a65143b996/gnocchi.dbe00397-b163-4490-ac04-e6c8050ffab0/none_v3" 404 70 "GET http://172.18.0.2:8080/v1/AUTH_5b4b45fa43af4f24bc89f2a65143b996/gnocchi.dbe00397-b163-4490-ac04-e6c8050ffab0/none_v3" "txcc7d9f05cc6048dd9f6b2-00697cbe87" "proxy-server 20" 0.0006 "-" 25 0
Jan 30 14:21:59 standalone proxy-server[129720]: 172.18.0.2 172.18.0.100 30/Jan/2026/14/21/59 GET /v1/AUTH_5b4b45fa43af4f24bc89f2a65143b996/gnocchi.dbe00397-b163-4490-ac04-e6c8050ffab0/none_v3 HTTP/1.0 404 - python-swiftclient-3.11.1 gAAAAABpfL4XpeS_... - 70 - txcc7d9f05cc6048dd9f6b2-00697cbe87 - 0.0117 - - 1769782919.894668818 1769782919.906353712 0
Jan 30 14:21:59 standalone account-server[127575]: 172.20.0.100 - - [30/Jan/2026:14:21:59 +0000] "PUT /d1/347/AUTH_5b4b45fa43af4f24bc89f2a65143b996/gnocchi.dbe00397-b163-4490-ac04-e6c8050ffab0" 201 - "PUT http://172.20.0.100:6001/d1/74/AUTH_5b4b45fa43af4f24bc89f2a65143b996/gnocchi.dbe00397-b163-4490-ac04-e6c8050ffab0" "txedb96ec7f5ab4c0c95634-00697cbe87" "container-server 14" 0.0109 "-" 21 0
Jan 30 14:21:59 standalone container-server[127696]: 172.20.0.100 - - [30/Jan/2026:14:21:59 +0000] "PUT /d1/74/AUTH_5b4b45fa43af4f24bc89f2a65143b996/gnocchi.dbe00397-b163-4490-ac04-e6c8050ffab0" 201 - "PUT http://172.18.0.2:8080/v1/AUTH_5b4b45fa43af4f24bc89f2a65143b996/gnocchi.dbe00397-b163-4490-ac04-e6c8050ffab0" "txedb96ec7f5ab4c0c95634-00697cbe87" "proxy-server 20" 0.0288 "-" 14 0
Jan 30 14:21:59 standalone proxy-server[129720]: 172.18.0.2 172.18.0.100 30/Jan/2026/14/21/59 PUT /v1/AUTH_5b4b45fa43af4f24bc89f2a65143b996/gnocchi.dbe00397-b163-4490-ac04-e6c8050ffab0 HTTP/1.0 201 - python-swiftclient-3.11.1 gAAAAABpfL4XpeS_... - - - txedb96ec7f5ab4c0c95634-00697cbe87 - 0.0352 - - 1769782919.910768032 1769782919.945943832 0
Jan 30 14:21:59 standalone container-server[127712]: 172.20.0.100 - - [30/Jan/2026:14:21:59 +0000] "HEAD /d1/74/AUTH_5b4b45fa43af4f24bc89f2a65143b996/gnocchi.dbe00397-b163-4490-ac04-e6c8050ffab0" 204 - "HEAD http://172.18.0.2:8080/v1/AUTH_5b4b45fa43af4f24bc89f2a65143b996/gnocchi.dbe00397-b163-4490-ac04-e6c8050ffab0?format=json&states=listing" "txee71147e28834adda90cc-00697cbe87" "proxy-server 20" 0.0017 "-" 16 0
