Jan 30 14:22:14 standalone proxy-server[129720]: 172.18.0.2 172.18.0.100 30/Jan/2026/14/22/14 PUT /v1/AUTH_5b4b45fa43af4f24bc89f2a65143b996/gnocchi.922b48f0-f950-4851-a132-ffb8e90893b9/1769040000.0_mean_300.0_v3 HTTP/1.0 201 - python-swiftclient-3.11.1 gAAAAABpfL4XpeS_... 16 - - tx92824515bf22408eb8313-00697cbe96 - 0.0231 - - 1769782934.590937614 1769782934.614044905 0
Jan 30 14:22:14 standalone container-server[127712]: 172.20.0.100 - - [30/Jan/2026:14:22:14 +0000] "PUT /d1/221/AUTH_5b4b45fa43af4f24bc89f2a65143b996/gnocchi.922b48f0-f950-4851-a132-ffb8e90893b9/none_v3" 201 - "PUT http://172.18.0.2:8080/d1/797/AUTH_5b4b45fa43af4f24bc89f2a65143b996/gnocchi.922b48f0-f950-4851-a132-ffb8e90893b9/none_v3" "tx3ca49c7698904ddda6f5c-00697cbe96" "object-server 22" 0.0008 "-" 16 0
Jan 30 14:22:14 standalone object-server[127891]: 172.20.0.100 - - [30/Jan/2026:14:22:14 +0000] "PUT /d1/797/AUTH_5b4b45fa43af4f24bc89f2a65143b996/gnocchi.922b48f0-f950-4851-a132-ffb8e90893b9/none_v3" 201 - "PUT http://172.18.0.2:8080/v1/AUTH_5b4b45fa43af4f24bc89f2a65143b996/gnocchi.922b48f0-f950-4851-a132-ffb8e90893b9/none_v3" "tx3ca49c7698904ddda6f5c-00697cbe96" "proxy-server 20" 0.0579 "-" 22 0
Jan 30 14:22:14 standalone proxy-server[129720]: 172.18.0.2 172.18.0.100 30/Jan/2026/14/22/14 PUT /v1/AUTH_5b4b45fa43af4f24bc89f2a65143b996/gnocchi.922b48f0-f950-4851-a132-ffb8e90893b9/none_v3 HTTP/1.0 201 - python-swiftclient-3.11.1 gAAAAABpfL4XpeS_... 22 - - tx3ca49c7698904ddda6f5c-00697cbe96 - 0.0658 - - 1769782934.616970778 1769782934.682785988 0
Jan 30 14:22:14 standalone object-server[127894]: 172.20.0.100 - - [30/Jan/2026:14:22:14 +0000] "GET /d1/30/AUTH_5b4b45fa43af4f24bc89f2a65143b996/gnocchi.899dcdda-0a00-40d2-bfaa-7cba0f5facb6/none_v3" 200 33 "GET http://172.18.0.2:8080/v1/AUTH_5b4b45fa43af4f24bc89f2a65143b996/gnocchi.899dcdda-0a00-40d2-bfaa-7cba0f5facb6/none_v3" "tx2a50459eb0d04a03a4804-00697cbe96" "proxy-server 20" 0.0006 "-" 25 0
Jan 30 14:22:14 standalone proxy-server[129720]: 172.18.0.2 172.18.0.100 30/Jan/2026/14/22/14 GET /v1/AUTH_5b4b45fa43af4f24bc89f2a65143b996/gnocchi.899dcdda-0a00-40d2-bfaa-7cba0f5facb6/none_v3 HTTP/1.0 200 - python-swiftclient-3.11.1 gAAAAABpfL4XpeS_... - 33 - tx2a50459eb0d04a03a4804-00697cbe96 - 0.0142 - - 1769782934.816854239 1769782934.831025362 0
Jan 30 14:22:14 standalone container-server[127712]: 172.20.0.100 - - [30/Jan/2026:14:22:14 +0000] "GET /d1/170/AUTH_5b4b45fa43af4f24bc89f2a65143b996/gnocchi.899dcdda-0a00-40d2-bfaa-7cba0f5facb6" 200 357 "GET http://172.18.0.2:8080/v1/AUTH_5b4b45fa43af4f24bc89f2a65143b996/gnocchi.899dcdda-0a00-40d2-bfaa-7cba0f5facb6?format=json&states=listing" "tx597c59a178e2412091b30-00697cbe96" "proxy-server 20" 0.0093 "-" 16 0
Jan 30 14:22:14 standalone proxy-server[129720]: 172.18.0.2 172.18.0.100 30/Jan/2026/14/22/14 GET /v1/AUTH_5b4b45fa43af4f24bc89f2a65143b996/gnocchi.899dcdda-0a00-40d2-bfaa-7cba0f5facb6%3Fformat%3Djson%26states%3Dlisting HTTP/1.0 200 - python-swiftclient-3.11.1 gAAAAABpfL4XpeS_... - 357 - tx597c59a178e2412091b30-00697cbe96 - 0.0190 - - 1769782934.835053921 1769782934.854066372 0
Jan 30 14:22:14 standalone container-server[127712]: 172.20.0.100 - - [30/Jan/2026:14:22:14 +0000] "GET /d1/170/AUTH_5b4b45fa43af4f24bc89f2a65143b996/gnocchi.899dcdda-0a00-40d2-bfaa-7cba0f5facb6" 200 2 "GET http://172.18.0.2:8080/v1/AUTH_5b4b45fa43af4f24bc89f2a65143b996/gnocchi.899dcdda-0a00-40d2-bfaa-7cba0f5facb6?format=json&marker=none_v3&states=listing" "txc40018a1136c45a88e7c4-00697cbe96" "proxy-server 20" 0.0025 "-" 16 0
Jan 30 14:22:14 standalone proxy-server[129720]: 172.18.0.2 172.18.0.100 30/Jan/2026/14/22/14 GET /v1/AUTH_5b4b45fa43af4f24bc89f2a65143b996/gnocchi.899dcdda-0a00-40d2-bfaa-7cba0f5facb6%3Fformat%3Djson%26marker%3Dnone_v3%26states%3Dlisting HTTP/1.0 200 - python-swiftclient-3.11.1 gAAAAABpfL4XpeS_... - 2 - txc40018a1136c45a88e7c4-00697cbe96 - 0.0141 - - 1769782934.859491110 1769782934.873583078 0
Jan 30 14:22:14 standalone object-server[127892]: 172.20.0.100 - - [30/Jan/2026:14:22:14 +0000] "GET /d1/414/AUTH_5b4b45fa43af4f24bc89f2a65143b996/gnocchi.899dcdda-0a00-40d2-bfaa-7cba0f5facb6/1769040000.0_mean_300.0_v3" 200 16 "GET http://172.18.0.2:8080/v1/AUTH_5b4b45fa43af4f24bc89f2a65143b996/gnocchi.899dcdda-0a00-40d2-bfaa-7cba0f5facb6/1769040000.0_mean_300.0_v3" "tx533afccdbf544e0493971-00697cbe96" "proxy-server 20" 0.0011 "-" 23 0
Jan 30 14:22:14 standalone proxy-server[129720]: 172.18.0.2 172.18.0.100 30/Jan/2026/14/22/14 GET /v1/AUTH_5b4b45fa43af4f24bc89f2a65143b996/gnocchi.899dcdda-0a00-40d2-bfaa-7cba0f5facb6/1769040000.0_mean_300.0_v3 HTTP/1.0 200 - python-swiftclient-3.11.1 gAAAAABpfL4XpeS_... - 16 - tx533afccdbf544e0493971-00697cbe96 - 0.0112 - - 1769782934.878047705 1769782934.889234781 0
Jan 30 14:22:14 standalone container-server[127696]: 172.20.0.100 - - [30/Jan/2026:14:22:14 +0000] "PUT /d1/170/AUTH_5b4b45fa43af4f24bc89f2a65143b996/gnocchi.899dcdda-0a00-40d2-bfaa-7cba0f5facb6/1769040000.0_mean_300.0_v3" 201 - "PUT http://172.18.0.2:8080/d1/414/AUTH_5b4b45fa43af4f24bc89f2a65143b996/gnocchi.899dcdda-0a00-40d2-bfaa-7cba0f5facb6/1769040000.0_mean_300.0_v3" "tx80d8e99dee784c828f70a-00697cbe96" "object-server 23" 0.0005 "-" 14 0
Jan 30 14:22:14 standalone object-server[127892]: 172.20.0.100 - - [30/Jan/2026:14:22:14 +0000] "PUT /d1/414/AUTH_5b4b45fa43af4f24bc89f2a65143b996/gnocchi.899dcdda-0a00-40d2-bfaa-7cba0f5facb6/1769040000.0_mean_300.0_v3" 201 - "PUT http://172.18.0.2:8080/v1/AUTH_5b4b45fa43af4f24bc89f2a65143b996/gnocchi.899dcdda-0a00-40d2-bfaa-7cba0f5facb6/1769040000.0_mean_300.0_v3" "tx80d8e99dee784c828f70a-00697cbe96" "proxy-server 20" 0.0714 "-" 23 0
Jan 30 14:22:14 standalone proxy-server[129720]: 172.18.0.2 172.18.0.100 30/Jan/2026/14/22/14 PUT /v1/AUTH_5b4b45fa43af4f24bc89f2a65143b996/gnocchi.899dcdda-0a00-40d2-bfaa-7cba0f5facb6/1769040000.0_mean_300.0_v3 HTTP/1.0 201 - python-swiftclient-3.11.1 gAAAAABpfL4XpeS_... 16 - - tx80d8e99dee784c828f70a-00697cbe96 - 0.0795 - - 1769782934.894307137 1769782934.973828793 0
Jan 30 14:22:15 standalone container-server[127696]: 172.20.0.100 - - [30/Jan/2026:14:22:15 +0000] "PUT /d1/170/AUTH_5b4b45fa43af4f24bc89f2a65143b996/gnocchi.899dcdda-0a00-40d2-bfaa-7cba0f5facb6/none_v3" 201 - "PUT http://172.18.0.2:8080/d1/30/AUTH_5b4b45fa43af4f24bc89f2a65143b996/gnocchi.899dcdda-0a00-40d2-bfaa-7cba0f5facb6/none_v3" "txf94e10dcf3b4445bbbb44-00697cbe96" "object-server 24" 0.0007 "-" 14 0
Jan 30 14:22:15 standalone object-server[127893]: 172.20.0.100 - - [30/Jan/2026:14:22:15 +0000] "PUT /d1/30/AUTH_5b4b45fa43af4f24bc89f2a65143b996/gnocchi.899dcdda-0a00-40d2-bfaa-7cba0f5facb6/none_v3" 201 - "PUT http://172.18.0.2:8080/v1/AUTH_5b4b45fa43af4f24bc89f2a65143b996/gnocchi.899dcdda-0a00-40d2-bfaa-7cba0f5facb6/none_v3" "txf94e10dcf3b4445bbbb44-00697cbe96" "proxy-server 20" 0.0212 "-" 24 0
Jan 30 14:22:15 standalone proxy-server[129720]: 172.18.0.2 172.18.0.100 30/Jan/2026/14/22/15 PUT /v1/AUTH_5b4b45fa43af4f24bc89f2a65143b996/gnocchi.899dcdda-0a00-40d2-bfaa-7cba0f5facb6/none_v3 HTTP/1.0 201 - python-swiftclient-3.11.1 gAAAAABpfL4XpeS_... 48 - - txf94e10dcf3b4445bbbb44-00697cbe96 - 0.0310 - - 1769782934.977472544 1769782935.008481503 0
Jan 30 14:22:15 standalone object-server[127892]: 172.20.0.100 - - [30/Jan/2026:14:22:15 +0000] "GET /d1/830/AUTH_5b4b45fa43af4f24bc89f2a65143b996/gnocchi.edd28e70-d539-4919-abb0-656e6d47d1c4/none_v3" 200 33 "GET http://172.18.0.2:8080/v1/AUTH_5b4b45fa43af4f24bc89f2a65143b996/gnocchi.edd28e70-d539-4919-abb0-656e6d47d1c4/none_v3" "tx2d47b84b000c4afda714f-00697cbe97" "proxy-server 20" 0.0013 "-" 23 0
Jan 30 14:22:15 standalone proxy-server[129720]: 172.18.0.2 172.18.0.100 30/Jan/2026/14/22/15 GET /v1/AUTH_5b4b45fa43af4f24bc89f2a65143b996/gnocchi.edd28e70-d539-4919-abb0-656e6d47d1c4/none_v3 HTTP/1.0 200 - python-swiftclient-3.11.1 gAAAAABpfL4XpeS_... - 33 - tx2d47b84b000c4afda714f-00697cbe97 - 0.0107 - - 1769782935.022482395 1769782935.033161163 0
Jan 30 14:22:15 standalone container-server[127696]: 172.20.0.100 - - [30/Jan/2026:14:22:15 +0000] "GET /d1/585/AUTH_5b4b45fa43af4f24bc89f2a65143b996/gnocchi.edd28e70-d539-4919-abb0-656e6d47d1c4" 200 357 "GET http://172.18.0.2:8080/v1/AUTH_5b4b45fa43af4f24bc89f2a65143b996/gnocchi.edd28e70-d539-4919-abb0-656e6d47d1c4?format=json&states=listing" "txb7a3d206225444e4a2421-00697cbe97" "proxy-server 20" 0.1285 "-" 14 0
Jan 30 14:22:15 standalone proxy-server[129720]: 172.18.0.2 172.18.0.100 30/Jan/2026/14/22/15 GET /v1/AUTH_5b4b45fa43af4f24bc89f2a65143b996/gnocchi.edd28e70-d539-4919-abb0-656e6d47d1c4%3Fformat%3Djson%26states%3Dlisting HTTP/1.0 200 - python-swiftclient-3.11.1 gAAAAABpfL4XpeS_... - 357 - txb7a3d206225444e4a2421-00697cbe97 - 0.1377 - - 1769782935.038377762 1769782935.176122189 0
Jan 30 14:22:15 standalone container-server[127712]: 172.20.0.100 - - [30/Jan/2026:14:22:15 +0000] "GET /d1/585/AUTH_5b4b45fa43af4f24bc89f2a65143b996/gnocchi.edd28e70-d539-4919-abb0-656e6d47d1c4" 200 2 "GET http://172.18.0.2:8080/v1/AUTH_5b4b45fa43af4f24bc89f2a65143b996/gnocchi.edd28e70-d539-4919-abb0-656e6d47d1c4?format=json&marker=none_v3&states=listing" "tx4196ddde614d406789f62-00697cbe97" "proxy-server 20" 0.0041 "-" 16 0
Jan 30 14:22:15 standalone proxy-server[129720]: 172.18.0.2 172.18.0.100 30/Jan/2026/14/22/15 GET /v1/AUTH_5b4b45fa43af4f24bc89f2a65143b996/gnocchi.edd28e70-d539-4919-abb0-656e6d47d1c4%3Fformat%3Djson%26marker%3Dnone_v3%26states%3Dlisting HTTP/1.0 200 - python-swiftclient-3.11.1 gAAAAABpfL4XpeS_... - 2 - tx4196ddde614d406789f62-00697cbe97 - 0.0128 - - 1769782935.181181192 1769782935.194026470 0
Jan 30 14:22:15 standalone object-server[127893]: 172.20.0.100 - - [30/Jan/2026:14:22:15 +0000] "GET /d1/752/AUTH_5b4b45fa43af4f24bc89f2a65143b996/gnocchi.edd28e70-d539-4919-abb0-656e6d47d1c4/1769040000.0_mean_300.0_v3" 200 16 "GET http://172.18.0.2:8080/v1/AUTH_5b4b45fa43af4f24bc89f2a65143b996/gnocchi.edd28e70-d539-4919-abb0-656e6d47d1c4/1769040000.0_mean_300.0_v3" "txa67e89a1d5e04835832ac-00697cbe97" "proxy-server 20" 0.0007 "-" 24 0
Jan 30 14:22:15 standalone proxy-server[129720]: 172.18.0.2 172.18.0.100 30/Jan/2026/14/22/15 GET /v1/AUTH_5b4b45fa43af4f24bc89f2a65143b996/gnocchi.edd28e70-d539-4919-abb0-656e6d47d1c4/1769040000.0_mean_300.0_v3 HTTP/1.0 200 - python-swiftclient-3.11.1 gAAAAABpfL4XpeS_... - 16 - txa67e89a1d5e04835832ac-00697cbe97 - 0.0093 - - 1769782935.199578285 1769782935.208914280 0
Jan 30 14:22:15 standalone container-server[127712]: 172.20.0.100 - - [30/Jan/2026:14:22:15 +0000] "PUT /d1/585/AUTH_5b4b45fa43af4f24bc89f2a65143b996/gnocchi.edd28e70-d539-4919-abb0-656e6d47d1c4/1769040000.0_mean_300.0_v3" 201 - "PUT http://172.18.0.2:8080/d1/752/AUTH_5b4b45fa43af4f24bc89f2a65143b996/gnocchi.edd28e70-d539-4919-abb0-656e6d47d1c4/1769040000.0_mean_300.0_v3" "txfa0dd8a3f6e249f096b46-00697cbe97" "object-server 25" 0.0010 "-" 16 0
Jan 30 14:22:15 standalone object-server[127894]: 172.20.0.100 - - [30/Jan/2026:14:22:15 +0000] "PUT /d1/752/AUTH_5b4b45fa43af4f24bc89f2a65143b996/gnocchi.edd28e70-d539-4919-abb0-656e6d47d1c4/1769040000.0_mean_300.0_v3" 201 - "PUT http://172.18.0.2:8080/v1/AUTH_5b4b45fa43af4f24bc89f2a65143b996/gnocchi.edd28e70-d539-4919-abb0-656e6d47d1c4/1769040000.0_mean_300.0_v3" "txfa0dd8a3f6e249f096b46-00697cbe97" "proxy-server 20" 0.0148 "-" 25 0
Jan 30 14:22:15 standalone proxy-server[129720]: 172.18.0.2 172.18.0.100 30/Jan/2026/14/22/15 PUT /v1/AUTH_5b4b45fa43af4f24bc89f2a65143b996/gnocchi.edd28e70-d539-4919-abb0-656e6d47d1c4/1769040000.0_mean_300.0_v3 HTTP/1.0 201 - python-swiftclient-3.11.1 gAAAAABpfL4XpeS_... 16 - - txfa0dd8a3f6e249f096b46-00697cbe97 - 0.0221 - - 1769782935.214968681 1769782935.237047911 0
Jan 30 14:22:15 standalone container-server[127696]: 172.20.0.100 - - [30/Jan/2026:14:22:15 +0000] "PUT /d1/585/AUTH_5b4b45fa43af4f24bc89f2a65143b996/gnocchi.edd28e70-d539-4919-abb0-656e6d47d1c4/none_v3" 201 - "PUT http://172.18.0.2:8080/d1/830/AUTH_5b4b45fa43af4f24bc89f2a65143b996/gnocchi.edd28e70-d539-4919-abb0-656e6d47d1c4/none_v3" "txaf61ad70de934cb1b3003-00697cbe97" "object-server 23" 0.0008 "-" 14 0
Jan 30 14:22:15 standalone object-server[127892]: 172.20.0.100 - - [30/Jan/2026:14:22:15 +0000] "PUT /d1/830/AUTH_5b4b45fa43af4f24bc89f2a65143b996/gnocchi.edd28e70-d539-4919-abb0-656e6d47d1c4/none_v3" 201 - "PUT http://172.18.0.2:8080/v1/AUTH_5b4b45fa43af4f24bc89f2a65143b996/gnocchi.edd28e70-d539-4919-abb0-656e6d47d1c4/none_v3" "txaf61ad70de934cb1b3003-00697cbe97" "proxy-server 20" 0.0225 "-" 23 0
Jan 30 14:22:15 standalone proxy-server[129720]: 172.18.0.2 172.18.0.100 30/Jan/2026/14/22/15 PUT /v1/AUTH_5b4b45fa43af4f24bc89f2a65143b996/gnocchi.edd28e70-d539-4919-abb0-656e6d47d1c4/none_v3 HTTP/1.0 201 - python-swiftclient-3.11.1 gAAAAABpfL4XpeS_... 48 - - txaf61ad70de934cb1b3003-00697cbe97 - 0.0290 - - 1769782935.241597414 1769782935.270642757 0
Jan 30 14:22:18 standalone object-server[127892]: 172.20.0.100 - - [30/Jan/2026:14:22:18 +0000] "GET /d1/797/AUTH_5b4b45fa43af4f24bc89f2a65143b996/gnocchi.922b48f0-f950-4851-a132-ffb8e90893b9/none_v3" 200 22 "GET http://172.18.0.2:8080/v1/AUTH_5b4b45fa43af4f24bc89f2a65143b996/gnocchi.922b48f0-f950-4851-a132-ffb8e90893b9/none_v3" "txc483e72065fa428daaece-00697cbe9a" "proxy-server 20" 0.0009 "-" 23 0
Jan 30 14:22:18 standalone proxy-server[129720]: 172.18.0.2 172.18.0.100 30/Jan/2026/14/22/18 GET /v1/AUTH_5b4b45fa43af4f24bc89f2a65143b996/gnocchi.922b48f0-f950-4851-a132-ffb8e90893b9/none_v3 HTTP/1.0 200 - python-swiftclient-3.11.1 gAAAAABpfL4XpeS_... - 22 - txc483e72065fa428daaece-00697cbe9a - 0.0089 - - 1769782938.388181448 1769782938.397097826 0
Jan 30 14:22:18 standalone container-server[127696]: 172.20.0.100 - - [30/Jan/2026:14:22:18 +0000] "GET /d1/221/AUTH_5b4b45fa43af4f24bc89f2a65143b996/gnocchi.922b48f0-f950-4851-a132-ffb8e90893b9" 200 357 "GET http://172.18.0.2:8080/v1/AUTH_5b4b45fa43af4f24bc89f2a65143b996/gnocchi.922b48f0-f950-4851-a132-ffb8e90893b9?format=json&states=listing" "txe0cb5b9ee6034fc89c4cf-00697cbe9a" "proxy-server 20" 0.0192 "-" 14 0
Jan 30 14:22:18 standalone proxy-server[129720]: 172.18.0.2 172.18.0.100 30/Jan/2026/14/22/18 GET /v1/AUTH_5b4b45fa43af4f24bc89f2a65143b996/gnocchi.922b48f0-f950-4851-a132-ffb8e90893b9%3Fformat%3Djson%26states%3Dlisting HTTP/1.0 200 - python-swiftclient-3.11.1 gAAAAABpfL4XpeS_... - 357 - txe0cb5b9ee6034fc89c4cf-00697cbe9a - 0.0254 - - 1769782938.400754929 1769782938.426198959 0
Jan 30 14:22:18 standalone container-server[127712]: 172.20.0.100 - - [30/Jan/2026:14:22:18 +0000] "GET /d1/221/AUTH_5b4b45fa43af4f24bc89f2a65143b996/gnocchi.922b48f0-f950-4851-a132-ffb8e90893b9" 200 2 "GET http://172.18.0.2:8080/v1/AUTH_5b4b45fa43af4f24bc89f2a65143b996/gnocchi.922b48f0-f950-4851-a132-ffb8e90893b9?format=json&marker=none_v3&states=listing" "txa3414d6115204479bfd9d-00697cbe9a" "proxy-server 20" 0.0024 "-" 16 0
Jan 30 14:22:18 standalone proxy-server[129720]: 172.18.0.2 172.18.0.100 30/Jan/2026/14/22/18 GET /v1/AUTH_5b4b45fa43af4f24bc89f2a65143b996/gnocchi.922b48f0-f950-4851-a132-ffb8e90893b9%3Fformat%3Djson%26marker%3Dnone_v3%26states%3Dlisting HTTP/1.0 200 - python-swiftclient-3.11.1 gAAAAABpfL4XpeS_... - 2 - txa3414d6115204479bfd9d-00697cbe9a - 0.0071 - - 1769782938.428948164 1769782938.436084747 0
Jan 30 14:22:18 standalone object-server[127892]: 172.20.0.100 - - [30/Jan/2026:14:22:18 +0000] "GET /d1/523/AUTH_5b4b45fa43af4f24bc89f2a65143b996/gnocchi.922b48f0-f950-4851-a132-ffb8e90893b9/1769040000.0_mean_300.0_v3" 200 16 "GET http://172.18.0.2:8080/v1/AUTH_5b4b45fa43af4f24bc89f2a65143b996/gnocchi.922b48f0-f950-4851-a132-ffb8e90893b9/1769040000.0_mean_300.0_v3" "txe442bfd47faa49648a616-00697cbe9a" "proxy-server 20" 0.0009 "-" 23 0
Jan 30 14:22:18 standalone proxy-server[129720]: 172.18.0.2 172.18.0.100 30/Jan/2026/14/22/18 GET /v1/AUTH_5b4b45fa43af4f24bc89f2a65143b996/gnocchi.922b48f0-f950-4851-a132-ffb8e90893b9/1769040000.0_mean_300.0_v3 HTTP/1.0 200 - python-swiftclient-3.11.1 gAAAAABpfL4XpeS_... - 16 - txe442bfd47faa49648a616-00697cbe9a - 0.0113 - - 1769782938.439044952 1769782938.450333834 0
Jan 30 14:22:18 standalone container-server[127732]: 172.20.0.100 - - [30/Jan/2026:14:22:18 +0000] "PUT /d1/221/AUTH_5b4b45fa43af4f24bc89f2a65143b996/gnocchi.922b48f0-f950-4851-a132-ffb8e90893b9/1769040000.0_mean_300.0_v3" 201 - "PUT http://172.18.0.2:8080/d1/523/AUTH_5b4b45fa43af4f24bc89f2a65143b996/gnocchi.922b48f0-f950-4851-a132-ffb8e90893b9/1769040000.0_mean_300.0_v3" "tx0d89270d4b194ad394924-00697cbe9a" "object-server 24" 0.0006 "-" 17 0
Jan 30 14:22:18 standalone object-server[127893]: 172.20.0.100 - - [30/Jan/2026:14:22:18 +0000] "PUT /d1/523/AUTH_5b4b45fa43af4f24bc89f2a65143b996/gnocchi.922b48f0-f950-4851-a132-ffb8e90893b9/1769040000.0_mean_300.0_v3" 201 - "PUT http://172.18.0.2:8080/v1/AUTH_5b4b45fa43af4f24bc89f2a65143b996/gnocchi.922b48f0-f950-4851-a132-ffb8e90893b9/1769040000.0_mean_300.0_v3" "tx0d89270d4b194ad394924-00697cbe9a" "proxy-server 20" 0.0443 "-" 24 0
Jan 30 14:22:18 standalone proxy-server[129720]: 172.18.0.2 172.18.0.100 30/Jan/2026/14/22/18 PUT /v1/AUTH_5b4b45fa43af4f24bc89f2a65143b996/gnocchi.922b48f0-f950-4851-a132-ffb8e90893b9/1769040000.0_mean_300.0_v3 HTTP/1.0 201 - python-swiftclient-3.11.1 gAAAAABpfL4XpeS_... 16 - - tx0d89270d4b194ad394924-00697cbe9a - 0.0494 - - 1769782938.453170538 1769782938.502548218 0
Jan 30 14:22:18 standalone container-server[127696]: 172.20.0.100 - - [30/Jan/2026:14:22:18 +0000] "PUT /d1/221/AUTH_5b4b45fa43af4f24bc89f2a65143b996/gnocchi.922b48f0-f950-4851-a132-ffb8e90893b9/none_v3" 201 - "PUT http://172.18.0.2:8080/d1/797/AUTH_5b4b45fa43af4f24bc89f2a65143b996/gnocchi.922b48f0-f950-4851-a132-ffb8e90893b9/none_v3" "txda69da84011d4fba87e2d-00697cbe9a" "object-server 24" 0.0004 "-" 14 0
Jan 30 14:22:18 standalone object-server[127893]: 172.20.0.100 - - [30/Jan/2026:14:22:18 +0000] "PUT /d1/797/AUTH_5b4b45fa43af4f24bc89f2a65143b996/gnocchi.922b48f0-f950-4851-a132-ffb8e90893b9/none_v3" 201 - "PUT http://172.18.0.2:8080/v1/AUTH_5b4b45fa43af4f24bc89f2a65143b996/gnocchi.922b48f0-f950-4851-a132-ffb8e90893b9/none_v3" "txda69da84011d4fba87e2d-00697cbe9a" "proxy-server 20" 0.0166 "-" 24 0
Jan 30 14:22:18 standalone proxy-server[129720]: 172.18.0.2 172.18.0.100 30/Jan/2026/14/22/18 PUT /v1/AUTH_5b4b45fa43af4f24bc89f2a65143b996/gnocchi.922b48f0-f950-4851-a132-ffb8e90893b9/none_v3 HTTP/1.0 201 - python-swiftclient-3.11.1 gAAAAABpfL4XpeS_... 31 - - txda69da84011d4fba87e2d-00697cbe9a - 0.0220 - - 1769782938.506186247 1769782938.528137207 0
Jan 30 14:22:32 standalone object-server[127894]: 172.20.0.100 - - [30/Jan/2026:14:22:32 +0000] "GET /d1/797/AUTH_5b4b45fa43af4f24bc89f2a65143b996/gnocchi.922b48f0-f950-4851-a132-ffb8e90893b9/none_v3" 200 31 "GET http://172.18.0.2:8080/v1/AUTH_5b4b45fa43af4f24bc89f2a65143b996/gnocchi.922b48f0-f950-4851-a132-ffb8e90893b9/none_v3" "tx477120d613cc4637acc20-00697cbea8" "proxy-server 20" 0.0010 "-" 25 0
Jan 30 14:22:32 standalone proxy-server[129720]: 172.18.0.2 172.18.0.100 30/Jan/2026/14/22/32 GET /v1/AUTH_5b4b45fa43af4f24bc89f2a65143b996/gnocchi.922b48f0-f950-4851-a132-ffb8e90893b9/none_v3 HTTP/1.0 200 - python-swiftclient-3.11.1 gAAAAABpfL4XpeS_... - 31 - tx477120d613cc4637acc20-00697cbea8 - 0.0131 - - 1769782952.387731791 1769782952.400878429 0
Jan 30 14:22:32 standalone container-server[127696]: 172.20.0.100 - - [30/Jan/2026:14:22:32 +0000] "GET /d1/221/AUTH_5b4b45fa43af4f24bc89f2a65143b996/gnocchi.922b48f0-f950-4851-a132-ffb8e90893b9" 200 357 "GET http://172.18.0.2:8080/v1/AUTH_5b4b45fa43af4f24bc89f2a65143b996/gnocchi.922b48f0-f950-4851-a132-ffb8e90893b9?format=json&states=listing" "txa8a91db20b7f487ea21d5-00697cbea8" "proxy-server 20" 0.0382 "-" 14 0
Jan 30 14:22:32 standalone proxy-server[129720]: 172.18.0.2 172.18.0.100 30/Jan/2026/14/22/32 GET /v1/AUTH_5b4b45fa43af4f24bc89f2a65143b996/gnocchi.922b48f0-f950-4851-a132-ffb8e90893b9%3Fformat%3Djson%26states%3Dlisting HTTP/1.0 200 - python-swiftclient-3.11.1 gAAAAABpfL4XpeS_... - 357 - txa8a91db20b7f487ea21d5-00697cbea8 - 0.0531 - - 1769782952.405580282 1769782952.458673716 0
Jan 30 14:22:32 standalone container-server[127698]: 172.20.0.100 - - [30/Jan/2026:14:22:32 +0000] "GET /d1/221/AUTH_5b4b45fa43af4f24bc89f2a65143b996/gnocchi.922b48f0-f950-4851-a132-ffb8e90893b9" 200 2 "GET http://172.18.0.2:8080/v1/AUTH_5b4b45fa43af4f24bc89f2a65143b996/gnocchi.922b48f0-f950-4851-a132-ffb8e90893b9?format=json&marker=none_v3&states=listing" "tx6f4bea9051da471897ac0-00697cbea8" "proxy-server 20" 0.0025 "-" 15 0
Jan 30 14:22:32 standalone proxy-server[129720]: 172.18.0.2 172.18.0.100 30/Jan/2026/14/22/32 GET /v1/AUTH_5b4b45fa43af4f24bc89f2a65143b996/gnocchi.922b48f0-f950-4851-a132-ffb8e90893b9%3Fformat%3Djson%26marker%3Dnone_v3%26states%3Dlisting HTTP/1.0 200 - python-swiftclient-3.11.1 gAAAAABpfL4XpeS_... - 2 - tx6f4bea9051da471897ac0-00697cbea8 - 0.0137 - - 1769782952.462643147 1769782952.476360798 0
Jan 30 14:22:32 standalone object-server[127893]: 172.20.0.100 - - [30/Jan/2026:14:22:32 +0000] "GET /d1/523/AUTH_5b4b45fa43af4f24bc89f2a65143b996/gnocchi.922b48f0-f950-4851-a132-ffb8e90893b9/1769040000.0_mean_300.0_v3" 200 16 "GET http://172.18.0.2:8080/v1/AUTH_5b4b45fa43af4f24bc89f2a65143b996/gnocchi.922b48f0-f950-4851-a132-ffb8e90893b9/1769040000.0_mean_300.0_v3" "tx196c7a92f9e24af3920e3-00697cbea8" "proxy-server 20" 0.0016 "-" 24 0
Jan 30 14:22:32 standalone proxy-server[129720]: 172.18.0.2 172.18.0.100 30/Jan/2026/14/22/32 GET /v1/AUTH_5b4b45fa43af4f24bc89f2a65143b996/gnocchi.922b48f0-f950-4851-a132-ffb8e90893b9/1769040000.0_mean_300.0_v3 HTTP/1.0 200 - python-swiftclient-3.11.1 gAAAAABpfL4XpeS_... - 16 - tx196c7a92f9e24af3920e3-00697cbea8 - 0.0110 - - 1769782952.485578537 1769782952.496549606 0
Jan 30 14:22:32 standalone container-server[127698]: 172.20.0.100 - - [30/Jan/2026:14:22:32 +0000] "PUT /d1/221/AUTH_5b4b45fa43af4f24bc89f2a65143b996/gnocchi.922b48f0-f950-4851-a132-ffb8e90893b9/1769040000.0_mean_300.0_v3" 201 - "PUT http://172.18.0.2:8080/d1/523/AUTH_5b4b45fa43af4f24bc89f2a65143b996/gnocchi.922b48f0-f950-4851-a132-ffb8e90893b9/1769040000.0_mean_300.0_v3" "tx63eacecf7144477f80026-00697cbea8" "object-server 24" 0.0008 "-" 15 0
Jan 30 14:22:32 standalone object-server[127893]: 172.20.0.100 - - [30/Jan/2026:14:22:32 +0000] "PUT /d1/523/AUTH_5b4b45fa43af4f24bc89f2a65143b996/gnocchi.922b48f0-f950-4851-a132-ffb8e90893b9/1769040000.0_mean_300.0_v3" 201 - "PUT http://172.18.0.2:8080/v1/AUTH_5b4b45fa43af4f24bc89f2a65143b996/gnocchi.922b48f0-f950-4851-a132-ffb8e90893b9/1769040000.0_mean_300.0_v3" "tx63eacecf7144477f80026-00697cbea8" "proxy-server 20" 0.0535 "-" 24 0
Jan 30 14:22:32 standalone proxy-server[129720]: 172.18.0.2 172.18.0.100 30/Jan/2026/14/22/32 PUT /v1/AUTH_5b4b45fa43af4f24bc89f2a65143b996/gnocchi.922b48f0-f950-4851-a132-ffb8e90893b9/1769040000.0_mean_300.0_v3 HTTP/1.0 201 - python-swiftclient-3.11.1 gAAAAABpfL4XpeS_... 16 - - tx63eacecf7144477f80026-00697cbea8 - 0.0638 - - 1769782952.500696421 1769782952.564533472 0
Jan 30 14:22:32 standalone container-server[127698]: 172.20.0.100 - - [30/Jan/2026:14:22:32 +0000] "PUT /d1/221/AUTH_5b4b45fa43af4f24bc89f2a65143b996/gnocchi.922b48f0-f950-4851-a132-ffb8e90893b9/none_v3" 201 - "PUT http://172.18.0.2:8080/d1/797/AUTH_5b4b45fa43af4f24bc89f2a65143b996/gnocchi.922b48f0-f950-4851-a132-ffb8e90893b9/none_v3" "tx4a187592bf694aaeb7ed1-00697cbea8" "object-server 25" 0.0008 "-" 15 0
Jan 30 14:22:32 standalone object-server[127894]: 172.20.0.100 - - [30/Jan/2026:14:22:32 +0000] "PUT /d1/797/AUTH_5b4b45fa43af4f24bc89f2a65143b996/gnocchi.922b48f0-f950-4851-a132-ffb8e90893b9/none_v3" 201 - "PUT http://172.18.0.2:8080/v1/AUTH_5b4b45fa43af4f24bc89f2a65143b996/gnocchi.922b48f0-f950-4851-a132-ffb8e90893b9/none_v3" "tx4a187592bf694aaeb7ed1-00697cbea8" "proxy-server 20" 0.0367 "-" 25 0
Jan 30 14:22:32 standalone proxy-server[129720]: 172.18.0.2 172.18.0.100 30/Jan/2026/14/22/32 PUT /v1/AUTH_5b4b45fa43af4f24bc89f2a65143b996/gnocchi.922b48f0-f950-4851-a132-ffb8e90893b9/none_v3 HTTP/1.0 201 - python-swiftclient-3.11.1 gAAAAABpfL4XpeS_... 46 - - tx4a187592bf694aaeb7ed1-00697cbea8 - 0.0443 - - 1769782952.568013906 1769782952.612299204 0
Jan 30 14:22:33 standalone object-server[127893]: 172.20.0.100 - - [30/Jan/2026:14:22:33 +0000] "GET /d1/797/AUTH_5b4b45fa43af4f24bc89f2a65143b996/gnocchi.922b48f0-f950-4851-a132-ffb8e90893b9/none_v3" 200 46 "GET http://172.18.0.2:8080/v1/AUTH_5b4b45fa43af4f24bc89f2a65143b996/gnocchi.922b48f0-f950-4851-a132-ffb8e90893b9/none_v3" "tx599c787a23cb43eea1e17-00697cbea9" "proxy-server 20" 0.0010 "-" 24 0
Jan 30 14:22:33 standalone proxy-server[129720]: 172.18.0.2 172.18.0.100 30/Jan/2026/14/22/33 GET /v1/AUTH_5b4b45fa43af4f24bc89f2a65143b996/gnocchi.922b48f0-f950-4851-a132-ffb8e90893b9/none_v3 HTTP/1.0 200 - python-swiftclient-3.11.1 gAAAAABpfL4XpeS_... - 46 - tx599c787a23cb43eea1e17-00697cbea9 - 0.0072 - - 1769782953.269040823 1769782953.276192427 0
Jan 30 14:22:33 standalone container-server[127698]: 172.20.0.100 - - [30/Jan/2026:14:22:33 +0000] "GET /d1/221/AUTH_5b4b45fa43af4f24bc89f2a65143b996/gnocchi.922b48f0-f950-4851-a132-ffb8e90893b9" 200 357 "GET http://172.18.0.2:8080/v1/AUTH_5b4b45fa43af4f24bc89f2a65143b996/gnocchi.922b48f0-f950-4851-a132-ffb8e90893b9?format=json&states=listing" "tx32f520a8de3c4edca2f0f-00697cbea9" "proxy-server 20" 0.0245 "-" 15 0
Jan 30 14:22:33 standalone proxy-server[129720]: 172.18.0.2 172.18.0.100 30/Jan/2026/14/22/33 GET /v1/AUTH_5b4b45fa43af4f24bc89f2a65143b996/gnocchi.922b48f0-f950-4851-a132-ffb8e90893b9%3Fformat%3Djson%26states%3Dlisting HTTP/1.0 200 - python-swiftclient-3.11.1 gAAAAABpfL4XpeS_... - 357 - tx32f520a8de3c4edca2f0f-00697cbea9 - 0.0316 - - 1769782953.282495499 1769782953.314093828 0
Jan 30 14:22:33 standalone container-server[127712]: 172.20.0.100 - - [30/Jan/2026:14:22:33 +0000] "GET /d1/221/AUTH_5b4b45fa43af4f24bc89f2a65143b996/gnocchi.922b48f0-f950-4851-a132-ffb8e90893b9" 200 2 "GET http://172.18.0.2:8080/v1/AUTH_5b4b45fa43af4f24bc89f2a65143b996/gnocchi.922b48f0-f950-4851-a132-ffb8e90893b9?format=json&marker=none_v3&states=listing" "txf3a9e508ec7d43818a54d-00697cbea9" "proxy-server 20" 0.0020 "-" 16 0
Jan 30 14:22:33 standalone proxy-server[129720]: 172.18.0.2 172.18.0.100 30/Jan/2026/14/22/33 GET /v1/AUTH_5b4b45fa43af4f24bc89f2a65143b996/gnocchi.922b48f0-f950-4851-a132-ffb8e90893b9%3Fformat%3Djson%26marker%3Dnone_v3%26states%3Dlisting HTTP/1.0 200 - python-swiftclient-3.11.1 gAAAAABpfL4XpeS_... - 2 - txf3a9e508ec7d43818a54d-00697cbea9 - 0.0081 - - 1769782953.316637516 1769782953.324706554 0
Jan 30 14:22:33 standalone object-server[127894]: 172.20.0.100 - - [30/Jan/2026:14:22:33 +0000] "GET /d1/523/AUTH_5b4b45fa43af4f24bc89f2a65143b996/gnocchi.922b48f0-f950-4851-a132-ffb8e90893b9/1769040000.0_mean_300.0_v3" 200 16 "GET http://172.18.0.2:8080/v1/AUTH_5b4b45fa43af4f24bc89f2a65143b996/gnocchi.922b48f0-f950-4851-a132-ffb8e90893b9/1769040000.0_mean_300.0_v3" "tx6a673bd77d2a436395e77-00697cbea9" "proxy-server 20" 0.0010 "-" 25 0
Jan 30 14:22:33 standalone proxy-server[129720]: 172.18.0.2 172.18.0.100 30/Jan/2026/14/22/33 GET /v1/AUTH_5b4b45fa43af4f24bc89f2a65143b996/gnocchi.922b48f0-f950-4851-a132-ffb8e90893b9/1769040000.0_mean_300.0_v3 HTTP/1.0 200 - python-swiftclient-3.11.1 gAAAAABpfL4XpeS_... - 16 - tx6a673bd77d2a436395e77-00697cbea9 - 0.0067 - - 1769782953.328233719 1769782953.334889174 0
Jan 30 14:22:33 standalone container-server[127712]: 172.20.0.100 - - [30/Jan/2026:14:22:33 +0000] "PUT /d1/221/AUTH_5b4b45fa43af4f24bc89f2a65143b996/gnocchi.922b48f0-f950-4851-a132-ffb8e90893b9/1769040000.0_mean_300.0_v3" 201 - "PUT http://172.18.0.2:8080/d1/523/AUTH_5b4b45fa43af4f24bc89f2a65143b996/gnocchi.922b48f0-f950-4851-a132-ffb8e90893b9/1769040000.0_mean_300.0_v3" "txb7f354a748dd4c8eb314e-00697cbea9" "object-server 24" 0.0004 "-" 16 0
Jan 30 14:22:33 standalone object-server[127893]: 172.20.0.100 - - [30/Jan/2026:14:22:33 +0000] "PUT /d1/523/AUTH_5b4b45fa43af4f24bc89f2a65143b996/gnocchi.922b48f0-f950-4851-a132-ffb8e90893b9/1769040000.0_mean_300.0_v3" 201 - "PUT http://172.18.0.2:8080/v1/AUTH_5b4b45fa43af4f24bc89f2a65143b996/gnocchi.922b48f0-f950-4851-a132-ffb8e90893b9/1769040000.0_mean_300.0_v3" "txb7f354a748dd4c8eb314e-00697cbea9" "proxy-server 20" 0.0094 "-" 24 0
Jan 30 14:22:33 standalone proxy-server[129720]: 172.18.0.2 172.18.0.100 30/Jan/2026/14/22/33 PUT /v1/AUTH_5b4b45fa43af4f24bc89f2a65143b996/gnocchi.922b48f0-f950-4851-a132-ffb8e90893b9/1769040000.0_mean_300.0_v3 HTTP/1.0 201 - python-swiftclient-3.11.1 gAAAAABpfL4XpeS_... 16 - - txb7f354a748dd4c8eb314e-00697cbea9 - 0.0142 - - 1769782953.337768078 1769782953.351963758 0
Jan 30 14:22:33 standalone container-server[127696]: 172.20.0.100 - - [30/Jan/2026:14:22:33 +0000] "PUT /d1/221/AUTH_5b4b45fa43af4f24bc89f2a65143b996/gnocchi.922b48f0-f950-4851-a132-ffb8e90893b9/none_v3" 201 - "PUT http://172.18.0.2:8080/d1/797/AUTH_5b4b45fa43af4f24bc89f2a65143b996/gnocchi.922b48f0-f950-4851-a132-ffb8e90893b9/none_v3" "tx396d502f5819411191f6b-00697cbea9" "object-server 22" 0.0006 "-" 14 0
Jan 30 14:22:33 standalone object-server[127891]: 172.20.0.100 - - [30/Jan/2026:14:22:33 +0000] "PUT /d1/797/AUTH_5b4b45fa43af4f24bc89f2a65143b996/gnocchi.922b48f0-f950-4851-a132-ffb8e90893b9/none_v3" 201 - "PUT http://172.18.0.2:8080/v1/AUTH_5b4b45fa43af4f24bc89f2a65143b996/gnocchi.922b48f0-f950-4851-a132-ffb8e90893b9/none_v3" "tx396d502f5819411191f6b-00697cbea9" "proxy-server 20" 0.0180 "-" 22 0
Jan 30 14:22:33 standalone proxy-server[129720]: 172.18.0.2 172.18.0.100 30/Jan/2026/14/22/33 PUT /v1/AUTH_5b4b45fa43af4f24bc89f2a65143b996/gnocchi.922b48f0-f950-4851-a132-ffb8e90893b9/none_v3 HTTP/1.0 201 - python-swiftclient-3.11.1 gAAAAABpfL4XpeS_... 51 - - tx396d502f5819411191f6b-00697cbea9 - 0.0229 - - 1769782953.354638338 1769782953.377586365 0
Jan 30 14:22:36 standalone container-server[127698]: 172.20.0.100 - - [30/Jan/2026:14:22:36 +0000] "HEAD /d1/742/AUTH_5b4b45fa43af4f24bc89f2a65143b996/gnocchi.3ebaa174-ea06-482b-9ec5-477ce4171b8e" 404 - "HEAD http://172.18.0.2:8080/v1/AUTH_5b4b45fa43af4f24bc89f2a65143b996/gnocchi.3ebaa174-ea06-482b-9ec5-477ce4171b8e?format=json&states=listing" "tx9eaac1adaf784641aa2a2-00697cbeac" "proxy-server 20" 0.0005 "-" 15 0
Jan 30 14:22:36 standalone object-server[127892]: 172.20.0.100 - - [30/Jan/2026:14:22:36 +0000] "GET /d1/45/AUTH_5b4b45fa43af4f24bc89f2a65143b996/gnocchi.3ebaa174-ea06-482b-9ec5-477ce4171b8e/none_v3" 404 70 "GET http://172.18.0.2:8080/v1/AUTH_5b4b45fa43af4f24bc89f2a65143b996/gnocchi.3ebaa174-ea06-482b-9ec5-477ce4171b8e/none_v3" "tx9eaac1adaf784641aa2a2-00697cbeac" "proxy-server 20" 0.0006 "-" 23 0
Jan 30 14:22:36 standalone proxy-server[129720]: 172.18.0.2 172.18.0.100 30/Jan/2026/14/22/36 GET /v1/AUTH_5b4b45fa43af4f24bc89f2a65143b996/gnocchi.3ebaa174-ea06-482b-9ec5-477ce4171b8e/none_v3 HTTP/1.0 404 - python-swiftclient-3.11.1 gAAAAABpfL4XpeS_... - 70 - tx9eaac1adaf784641aa2a2-00697cbeac - 0.0135 - - 1769782956.385152340 1769782956.398628712 0
Jan 30 14:22:36 standalone account-server[127575]: 172.20.0.100 - - [30/Jan/2026:14:22:36 +0000] "PUT /d1/347/AUTH_5b4b45fa43af4f24bc89f2a65143b996/gnocchi.3ebaa174-ea06-482b-9ec5-477ce4171b8e" 201 - "PUT http://172.20.0.100:6001/d1/742/AUTH_5b4b45fa43af4f24bc89f2a65143b996/gnocchi.3ebaa174-ea06-482b-9ec5-477ce4171b8e" "tx778670739ab3484dba2c4-00697cbeac" "container-server 15" 0.0083 "-" 21 0
Jan 30 14:22:36 standalone container-server[127698]: 172.20.0.100 - - [30/Jan/2026:14:22:36 +0000] "PUT /d1/742/AUTH_5b4b45fa43af4f24bc89f2a65143b996/gnocchi.3ebaa174-ea06-482b-9ec5-477ce4171b8e" 201 - "PUT http://172.18.0.2:8080/v1/AUTH_5b4b45fa43af4f24bc89f2a65143b996/gnocchi.3ebaa174-ea06-482b-9ec5-477ce4171b8e" "tx778670739ab3484dba2c4-00697cbeac" "proxy-server 20" 0.0240 "-" 15 0
Jan 30 14:22:36 standalone proxy-server[129720]: 172.18.0.2 172.18.0.100 30/Jan/2026/14/22/36 PUT /v1/AUTH_5b4b45fa43af4f24bc89f2a65143b996/gnocchi.3ebaa174-ea06-482b-9ec5-477ce4171b8e HTTP/1.0 201 - python-swiftclient-3.11.1 gAAAAABpfL4XpeS_... - - - tx778670739ab3484dba2c4-00697cbeac - 0.0355 - - 1769782956.401734114 1769782956.437215805 0
Jan 30 14:22:36 standalone container-server[127696]: 172.20.0.100 - - [30/Jan/2026:14:22:36 +0000] "HEAD /d1/742/AUTH_5b4b45fa43af4f24bc89f2a65143b996/gnocchi.3ebaa174-ea06-482b-9ec5-477ce4171b8e" 204 - "HEAD http://172.18.0.2:8080/v1/AUTH_5b4b45fa43af4f24bc89f2a65143b996/gnocchi.3ebaa174-ea06-482b-9ec5-477ce4171b8e?format=json&states=listing" "txbe5a6b7f33f242d0a32d0-00697cbeac" "proxy-server 20" 0.0013 "-" 14 0
Jan 30 14:22:36 standalone proxy-server[129720]: - - 30/Jan/2026/14/22/36 HEAD /v1/AUTH_5b4b45fa43af4f24bc89f2a65143b996/gnocchi.3ebaa174-ea06-482b-9ec5-477ce4171b8e%3Fformat%3Djson%26states%3Dlisting HTTP/1.0 204 - Swift - - - - txbe5a6b7f33f242d0a32d0-00697cbeac - 0.0051 RL - 1769782956.443948030 1769782956.449089766 0
Jan 30 14:22:36 standalone container-server[127732]: 172.20.0.100 - - [30/Jan/2026:14:22:36 +0000] "GET /d1/742/AUTH_5b4b45fa43af4f24bc89f2a65143b996/gnocchi.3ebaa174-ea06-482b-9ec5-477ce4171b8e" 200 2 "GET http://172.18.0.2:8080/v1/AUTH_5b4b45fa43af4f24bc89f2a65143b996/gnocchi.3ebaa174-ea06-482b-9ec5-477ce4171b8e?format=json&states=listing" "txbe5a6b7f33f242d0a32d0-00697cbeac" "proxy-server 20" 0.0019 "-" 17 0
Jan 30 14:22:36 standalone proxy-server[129720]: 172.18.0.2 172.18.0.100 30/Jan/2026/14/22/36 GET /v1/AUTH_5b4b45fa43af4f24bc89f2a65143b996/gnocchi.3ebaa174-ea06-482b-9ec5-477ce4171b8e%3Fformat%3Djson%26states%3Dlisting HTTP/1.0 200 - python-swiftclient-3.11.1 gAAAAABpfL4XpeS_... - 2 - txbe5a6b7f33f242d0a32d0-00697cbeac - 0.0134 - - 1769782956.442881823 1769782956.456255913 0
Jan 30 14:22:36 standalone object-server[127893]: 172.20.0.100 - - [30/Jan/2026:14:22:36 +0000] "GET /d1/1013/AUTH_5b4b45fa43af4f24bc89f2a65143b996/gnocchi.3ebaa174-ea06-482b-9ec5-477ce4171b8e/1769040000.0_mean_300.0_v3" 404 70 "GET http://172.18.0.2:8080/v1/AUTH_5b4b45fa43af4f24bc89f2a65143b996/gnocchi.3ebaa174-ea06-482b-9ec5-477ce4171b8e/1769040000.0_mean_300.0_v3" "txfff1828697aa43c585b49-00697cbeac" "proxy-server 20" 0.0005 "-" 24 0
Jan 30 14:22:36 standalone proxy-server[129720]: 172.18.0.2 172.18.0.100 30/Jan/2026/14/22/36 GET /v1/AUTH_5b4b45fa43af4f24bc89f2a65143b996/gnocchi.3ebaa174-ea06-482b-9ec5-477ce4171b8e/1769040000.0_mean_300.0_v3 HTTP/1.0 404 - python-swiftclient-3.11.1 gAAAAABpfL4XpeS_... - 70 - txfff1828697aa43c585b49-00697cbeac - 0.0069 - - 1769782956.462094545 1769782956.468980789 0
Jan 30 14:22:36 standalone container-server[127712]: 172.20.0.100 - - [30/Jan/2026:14:22:36 +0000] "PUT /d1/742/AUTH_5b4b45fa43af4f24bc89f2a65143b996/gnocchi.3ebaa174-ea06-482b-9ec5-477ce4171b8e/1769040000.0_mean_300.0_v3" 201 - "PUT http://172.18.0.2:8080/d1/1013/AUTH_5b4b45fa43af4f24bc89f2a65143b996/gnocchi.3ebaa174-ea06-482b-9ec5-477ce4171b8e/1769040000.0_mean_300.0_v3" "tx35d9dbc254d84dd1a43eb-00697cbeac" "object-server 24" 0.0006 "-" 16 0
Jan 30 14:22:36 standalone object-server[127893]: 172.20.0.100 - - [30/Jan/2026:14:22:36 +0000] "PUT /d1/1013/AUTH_5b4b45fa43af4f24bc89f2a65143b996/gnocchi.3ebaa174-ea06-482b-9ec5-477ce4171b8e/1769040000.0_mean_300.0_v3" 201 - "PUT http://172.18.0.2:8080/v1/AUTH_5b4b45fa43af4f24bc89f2a65143b996/gnocchi.3ebaa174-ea06-482b-9ec5-477ce4171b8e/1769040000.0_mean_300.0_v3" "tx35d9dbc254d84dd1a43eb-00697cbeac" "proxy-server 20" 0.0187 "-" 24 0
Jan 30 14:22:36 standalone proxy-server[129720]: 172.18.0.2 172.18.0.100 30/Jan/2026/14/22/36 PUT /v1/AUTH_5b4b45fa43af4f24bc89f2a65143b996/gnocchi.3ebaa174-ea06-482b-9ec5-477ce4171b8e/1769040000.0_mean_300.0_v3 HTTP/1.0 201 - python-swiftclient-3.11.1 gAAAAABpfL4XpeS_... 16 - - tx35d9dbc254d84dd1a43eb-00697cbeac - 0.0316 - - 1769782956.474435091 1769782956.506076336 0
Jan 30 14:22:36 standalone container-server[127698]: 172.20.0.100 - - [30/Jan/2026:14:22:36 +0000] "PUT /d1/742/AUTH_5b4b45fa43af4f24bc89f2a65143b996/gnocchi.3ebaa174-ea06-482b-9ec5-477ce4171b8e/none_v3" 201 - "PUT http://172.18.0.2:8080/d1/45/AUTH_5b4b45fa43af4f24bc89f2a65143b996/gnocchi.3ebaa174-ea06-482b-9ec5-477ce4171b8e/none_v3" "tx0cd37566f99c49a3ba2c5-00697cbeac" "object-server 24" 0.0016 "-" 15 0
Jan 30 14:22:36 standalone object-server[127893]: 172.20.0.100 - - [30/Jan/2026:14:22:36 +0000] "PUT /d1/45/AUTH_5b4b45fa43af4f24bc89f2a65143b996/gnocchi.3ebaa174-ea06-482b-9ec5-477ce4171b8e/none_v3" 201 - "PUT http://172.18.0.2:8080/v1/AUTH_5b4b45fa43af4f24bc89f2a65143b996/gnocchi.3ebaa174-ea06-482b-9ec5-477ce4171b8e/none_v3" "tx0cd37566f99c49a3ba2c5-00697cbeac" "proxy-server 20" 0.0124 "-" 24 0
Jan 30 14:22:36 standalone proxy-server[129720]: 172.18.0.2 172.18.0.100 30/Jan/2026/14/22/36 PUT /v1/AUTH_5b4b45fa43af4f24bc89f2a65143b996/gnocchi.3ebaa174-ea06-482b-9ec5-477ce4171b8e/none_v3 HTTP/1.0 201 - python-swiftclient-3.11.1 gAAAAABpfL4XpeS_... 22 - - tx0cd37566f99c49a3ba2c5-00697cbeac - 0.0192 - - 1769782956.517696619 1769782956.536858559 0
Jan 30 14:22:36 standalone container-server[127712]: 172.20.0.100 - - [30/Jan/2026:14:22:36 +0000] "HEAD /d1/641/AUTH_5b4b45fa43af4f24bc89f2a65143b996/gnocchi.a78f4e82-a65f-43ec-86bd-8e8df6ed564f" 404 - "HEAD http://172.18.0.2:8080/v1/AUTH_5b4b45fa43af4f24bc89f2a65143b996/gnocchi.a78f4e82-a65f-43ec-86bd-8e8df6ed564f?format=json&states=listing" "tx5ea016fa7f5e43fe84267-00697cbeac" "proxy-server 20" 0.0004 "-" 16 0
Jan 30 14:22:36 standalone object-server[127892]: 172.20.0.100 - - [30/Jan/2026:14:22:36 +0000] "GET /d1/565/AUTH_5b4b45fa43af4f24bc89f2a65143b996/gnocchi.a78f4e82-a65f-43ec-86bd-8e8df6ed564f/none_v3" 404 70 "GET http://172.18.0.2:8080/v1/AUTH_5b4b45fa43af4f24bc89f2a65143b996/gnocchi.a78f4e82-a65f-43ec-86bd-8e8df6ed564f/none_v3" "tx5ea016fa7f5e43fe84267-00697cbeac" "proxy-server 20" 0.0004 "-" 23 0
Jan 30 14:22:36 standalone proxy-server[129720]: 172.18.0.2 172.18.0.100 30/Jan/2026/14/22/36 GET /v1/AUTH_5b4b45fa43af4f24bc89f2a65143b996/gnocchi.a78f4e82-a65f-43ec-86bd-8e8df6ed564f/none_v3 HTTP/1.0 404 - python-swiftclient-3.11.1 gAAAAABpfL4XpeS_... - 70 - tx5ea016fa7f5e43fe84267-00697cbeac - 0.0131 - - 1769782956.553735495 1769782956.566848516 0
Jan 30 14:22:36 standalone account-server[127571]: 172.20.0.100 - - [30/Jan/2026:14:22:36 +0000] "PUT /d1/347/AUTH_5b4b45fa43af4f24bc89f2a65143b996/gnocchi.a78f4e82-a65f-43ec-86bd-8e8df6ed564f" 201 - "PUT http://172.20.0.100:6001/d1/641/AUTH_5b4b45fa43af4f24bc89f2a65143b996/gnocchi.a78f4e82-a65f-43ec-86bd-8e8df6ed564f" "txc54e3010caa94266b72ab-00697cbeac" "container-server 16" 0.0054 "-" 20 0
Jan 30 14:22:36 standalone container-server[127712]: 172.20.0.100 - - [30/Jan/2026:14:22:36 +0000] "PUT /d1/641/AUTH_5b4b45fa43af4f24bc89f2a65143b996/gnocchi.a78f4e82-a65f-43ec-86bd-8e8df6ed564f" 201 - "PUT http://172.18.0.2:8080/v1/AUTH_5b4b45fa43af4f24bc89f2a65143b996/gnocchi.a78f4e82-a65f-43ec-86bd-8e8df6ed564f" "txc54e3010caa94266b72ab-00697cbeac" "proxy-server 20" 0.0235 "-" 16 0
Jan 30 14:22:36 standalone proxy-server[129720]: 172.18.0.2 172.18.0.100 30/Jan/2026/14/22/36 PUT /v1/AUTH_5b4b45fa43af4f24bc89f2a65143b996/gnocchi.a78f4e82-a65f-43ec-86bd-8e8df6ed564f HTTP/1.0 201 - python-swiftclient-3.11.1 gAAAAABpfL4XpeS_... - - - txc54e3010caa94266b72ab-00697cbeac - 0.0294 - - 1769782956.569760084 1769782956.599154472 0
Jan 30 14:22:36 standalone container-server[127712]: 172.20.0.100 - - [30/Jan/2026:14:22:36 +0000] "HEAD /d1/641/AUTH_5b4b45fa43af4f24bc89f2a65143b996/gnocchi.a78f4e82-a65f-43ec-86bd-8e8df6ed564f" 204 - "HEAD http://172.18.0.2:8080/v1/AUTH_5b4b45fa43af4f24bc89f2a65143b996/gnocchi.a78f4e82-a65f-43ec-86bd-8e8df6ed564f?format=json&states=listing" "txa28e3b2199324fc089cca-00697cbeac" "proxy-server 20" 0.0019 "-" 16 0
Jan 30 14:22:36 standalone proxy-server[129720]: - - 30/Jan/2026/14/22/36 HEAD /v1/AUTH_5b4b45fa43af4f24bc89f2a65143b996/gnocchi.a78f4e82-a65f-43ec-86bd-8e8df6ed564f%3Fformat%3Djson%26states%3Dlisting HTTP/1.0 204 - Swift - - - - txa28e3b2199324fc089cca-00697cbeac - 0.0062 RL - 1769782956.604969025 1769782956.611209869 0
Jan 30 14:22:36 standalone container-server[127712]: 172.20.0.100 - - [30/Jan/2026:14:22:36 +0000] "GET /d1/641/AUTH_5b4b45fa43af4f24bc89f2a65143b996/gnocchi.a78f4e82-a65f-43ec-86bd-8e8df6ed564f" 200 2 "GET http://172.18.0.2:8080/v1/AUTH_5b4b45fa43af4f24bc89f2a65143b996/gnocchi.a78f4e82-a65f-43ec-86bd-8e8df6ed564f?format=json&states=listing" "txa28e3b2199324fc089cca-00697cbeac" "proxy-server 20" 0.0018 "-" 16 0
Jan 30 14:22:36 standalone proxy-server[129720]: 172.18.0.2 172.18.0.100 30/Jan/2026/14/22/36 GET /v1/AUTH_5b4b45fa43af4f24bc89f2a65143b996/gnocchi.a78f4e82-a65f-43ec-86bd-8e8df6ed564f%3Fformat%3Djson%26states%3Dlisting HTTP/1.0 200 - python-swiftclient-3.11.1 gAAAAABpfL4XpeS_... - 2 - txa28e3b2199324fc089cca-00697cbeac - 0.0156 - - 1769782956.603757620 1769782956.619327068 0
Jan 30 14:22:36 standalone object-server[127891]: 172.20.0.100 - - [30/Jan/2026:14:22:36 +0000] "GET /d1/617/AUTH_5b4b45fa43af4f24bc89f2a65143b996/gnocchi.a78f4e82-a65f-43ec-86bd-8e8df6ed564f/1769040000.0_mean_300.0_v3" 404 70 "GET http://172.18.0.2:8080/v1/AUTH_5b4b45fa43af4f24bc89f2a65143b996/gnocchi.a78f4e82-a65f-43ec-86bd-8e8df6ed564f/1769040000.0_mean_300.0_v3" "tx1fde51d7ceac42f0b03da-00697cbeac" "proxy-server 20" 0.0003 "-" 22 0
Jan 30 14:22:36 standalone proxy-server[129720]: 172.18.0.2 172.18.0.100 30/Jan/2026/14/22/36 GET /v1/AUTH_5b4b45fa43af4f24bc89f2a65143b996/gnocchi.a78f4e82-a65f-43ec-86bd-8e8df6ed564f/1769040000.0_mean_300.0_v3 HTTP/1.0 404 - python-swiftclient-3.11.1 gAAAAABpfL4XpeS_... - 70 - tx1fde51d7ceac42f0b03da-00697cbeac - 0.0062 - - 1769782956.625599384 1769782956.631807089 0
Jan 30 14:22:36 standalone container-server[127712]: 172.20.0.100 - - [30/Jan/2026:14:22:36 +0000] "PUT /d1/641/AUTH_5b4b45fa43af4f24bc89f2a65143b996/gnocchi.a78f4e82-a65f-43ec-86bd-8e8df6ed564f/1769040000.0_mean_300.0_v3" 201 - "PUT http://172.18.0.2:8080/d1/617/AUTH_5b4b45fa43af4f24bc89f2a65143b996/gnocchi.a78f4e82-a65f-43ec-86bd-8e8df6ed564f/1769040000.0_mean_300.0_v3" "txeeabf2375d4d407692e21-00697cbeac" "object-server 23" 0.0006 "-" 16 0
Jan 30 14:22:36 standalone object-server[127892]: 172.20.0.100 - - [30/Jan/2026:14:22:36 +0000] "PUT /d1/617/AUTH_5b4b45fa43af4f24bc89f2a65143b996/gnocchi.a78f4e82-a65f-43ec-86bd-8e8df6ed564f/1769040000.0_mean_300.0_v3" 201 - "PUT http://172.18.0.2:8080/v1/AUTH_5b4b45fa43af4f24bc89f2a65143b996/gnocchi.a78f4e82-a65f-43ec-86bd-8e8df6ed564f/1769040000.0_mean_300.0_v3" "txeeabf2375d4d407692e21-00697cbeac" "proxy-server 20" 0.0236 "-" 23 0
Jan 30 14:22:36 standalone proxy-server[129720]: 172.18.0.2 172.18.0.100 30/Jan/2026/14/22/36 PUT /v1/AUTH_5b4b45fa43af4f24bc89f2a65143b996/gnocchi.a78f4e82-a65f-43ec-86bd-8e8df6ed564f/1769040000.0_mean_300.0_v3 HTTP/1.0 201 - python-swiftclient-3.11.1 gAAAAABpfL4XpeS_... 16 - - txeeabf2375d4d407692e21-00697cbeac - 0.0309 - - 1769782956.638346910 1769782956.669276953 0
Jan 30 14:22:36 standalone container-server[127732]: 172.20.0.100 - - [30/Jan/2026:14:22:36 +0000] "PUT /d1/641/AUTH_5b4b45fa43af4f24bc89f2a65143b996/gnocchi.a78f4e82-a65f-43ec-86bd-8e8df6ed564f/none_v3" 201 - "PUT http://172.18.0.2:8080/d1/565/AUTH_5b4b45fa43af4f24bc89f2a65143b996/gnocchi.a78f4e82-a65f-43ec-86bd-8e8df6ed564f/none_v3" "tx985cd850a61c49ed93968-00697cbeac" "object-server 25" 0.0005 "-" 17 0
Jan 30 14:22:36 standalone object-server[127894]: 172.20.0.100 - - [30/Jan/2026:14:22:36 +0000] "PUT /d1/565/AUTH_5b4b45fa43af4f24bc89f2a65143b996/gnocchi.a78f4e82-a65f-43ec-86bd-8e8df6ed564f/none_v3" 201 - "PUT http://172.18.0.2:8080/v1/AUTH_5b4b45fa43af4f24bc89f2a65143b996/gnocchi.a78f4e82-a65f-43ec-86bd-8e8df6ed564f/none_v3" "tx985cd850a61c49ed93968-00697cbeac" "proxy-server 20" 0.0150 "-" 25 0
Jan 30 14:22:36 standalone proxy-server[129720]: 172.18.0.2 172.18.0.100 30/Jan/2026/14/22/36 PUT /v1/AUTH_5b4b45fa43af4f24bc89f2a65143b996/gnocchi.a78f4e82-a65f-43ec-86bd-8e8df6ed564f/none_v3 HTTP/1.0 201 - python-swiftclient-3.11.1 gAAAAABpfL4XpeS_... 22 - - tx985cd850a61c49ed93968-00697cbeac - 0.0211 - - 1769782956.673509836 1769782956.694647551 0
Jan 30 14:22:36 standalone container-server[127732]: 172.20.0.100 - - [30/Jan/2026:14:22:36 +0000] "HEAD /d1/981/AUTH_5b4b45fa43af4f24bc89f2a65143b996/gnocchi.6445a5aa-e266-45a1-993b-4164ce418cdb" 404 - "HEAD http://172.18.0.2:8080/v1/AUTH_5b4b45fa43af4f24bc89f2a65143b996/gnocchi.6445a5aa-e266-45a1-993b-4164ce418cdb?format=json&states=listing" "txc6c31d1c483d4fd49194c-00697cbeac" "proxy-server 20" 0.0004 "-" 17 0
Jan 30 14:22:36 standalone object-server[127891]: 172.20.0.100 - - [30/Jan/2026:14:22:36 +0000] "GET /d1/129/AUTH_5b4b45fa43af4f24bc89f2a65143b996/gnocchi.6445a5aa-e266-45a1-993b-4164ce418cdb/none_v3" 404 70 "GET http://172.18.0.2:8080/v1/AUTH_5b4b45fa43af4f24bc89f2a65143b996/gnocchi.6445a5aa-e266-45a1-993b-4164ce418cdb/none_v3" "txc6c31d1c483d4fd49194c-00697cbeac" "proxy-server 20" 0.0005 "-" 22 0
Jan 30 14:22:36 standalone proxy-server[129720]: 172.18.0.2 172.18.0.100 30/Jan/2026/14/22/36 GET /v1/AUTH_5b4b45fa43af4f24bc89f2a65143b996/gnocchi.6445a5aa-e266-45a1-993b-4164ce418cdb/none_v3 HTTP/1.0 404 - python-swiftclient-3.11.1 gAAAAABpfL4XpeS_... - 70 - txc6c31d1c483d4fd49194c-00697cbeac - 0.0107 - - 1769782956.715738058 1769782956.726434469 0
Jan 30 14:22:36 standalone account-server[127575]: 172.20.0.100 - - [30/Jan/2026:14:22:36 +0000] "PUT /d1/347/AUTH_5b4b45fa43af4f24bc89f2a65143b996/gnocchi.6445a5aa-e266-45a1-993b-4164ce418cdb" 201 - "PUT http://172.20.0.100:6001/d1/981/AUTH_5b4b45fa43af4f24bc89f2a65143b996/gnocchi.6445a5aa-e266-45a1-993b-4164ce418cdb" "tx4bc94e1c455b4dc1a65d8-00697cbeac" "container-server 16" 0.0074 "-" 21 0
Jan 30 14:22:36 standalone container-server[127712]: 172.20.0.100 - - [30/Jan/2026:14:22:36 +0000] "PUT /d1/981/AUTH_5b4b45fa43af4f24bc89f2a65143b996/gnocchi.6445a5aa-e266-45a1-993b-4164ce418cdb" 201 - "PUT http://172.18.0.2:8080/v1/AUTH_5b4b45fa43af4f24bc89f2a65143b996/gnocchi.6445a5aa-e266-45a1-993b-4164ce418cdb" "tx4bc94e1c455b4dc1a65d8-00697cbeac" "proxy-server 20" 0.0401 "-" 16 0
Jan 30 14:22:36 standalone proxy-server[129720]: 172.18.0.2 172.18.0.100 30/Jan/2026/14/22/36 PUT /v1/AUTH_5b4b45fa43af4f24bc89f2a65143b996/gnocchi.6445a5aa-e266-45a1-993b-4164ce418cdb HTTP/1.0 201 - python-swiftclient-3.11.1 gAAAAABpfL4XpeS_... - - - tx4bc94e1c455b4dc1a65d8-00697cbeac - 0.0471 - - 1769782956.730648279 1769782956.777796507 0
Jan 30 14:22:36 standalone container-server[127698]: 172.20.0.100 - - [30/Jan/2026:14:22:36 +0000] "HEAD /d1/981/AUTH_5b4b45fa43af4f24bc89f2a65143b996/gnocchi.6445a5aa-e266-45a1-993b-4164ce418cdb" 204 - "HEAD http://172.18.0.2:8080/v1/AUTH_5b4b45fa43af4f24bc89f2a65143b996/gnocchi.6445a5aa-e266-45a1-993b-4164ce418cdb?format=json&states=listing" "tx7c9d4c1cdc4545d789326-00697cbeac" "proxy-server 20" 0.0032 "-" 15 0
Jan 30 14:22:36 standalone proxy-server[129720]: - - 30/Jan/2026/14/22/36 HEAD /v1/AUTH_5b4b45fa43af4f24bc89f2a65143b996/gnocchi.6445a5aa-e266-45a1-993b-4164ce418cdb%3Fformat%3Djson%26states%3Dlisting HTTP/1.0 204 - Swift - - - - tx7c9d4c1cdc4545d789326-00697cbeac - 0.0089 RL - 1769782956.786183596 1769782956.795107841 0
Jan 30 14:22:36 standalone container-server[127732]: 172.20.0.100 - - [30/Jan/2026:14:22:36 +0000] "GET /d1/981/AUTH_5b4b45fa43af4f24bc89f2a65143b996/gnocchi.6445a5aa-e266-45a1-993b-4164ce418cdb" 200 2 "GET http://172.18.0.2:8080/v1/AUTH_5b4b45fa43af4f24bc89f2a65143b996/gnocchi.6445a5aa-e266-45a1-993b-4164ce418cdb?format=json&states=listing" "tx7c9d4c1cdc4545d789326-00697cbeac" "proxy-server 20" 0.0021 "-" 17 0
Jan 30 14:22:36 standalone proxy-server[129720]: 172.18.0.2 172.18.0.100 30/Jan/2026/14/22/36 GET /v1/AUTH_5b4b45fa43af4f24bc89f2a65143b996/gnocchi.6445a5aa-e266-45a1-993b-4164ce418cdb%3Fformat%3Djson%26states%3Dlisting HTTP/1.0 200 - python-swiftclient-3.11.1 gAAAAABpfL4XpeS_... - 2 - tx7c9d4c1cdc4545d789326-00697cbeac - 0.0277 - - 1769782956.784370184 1769782956.812089682 0
Jan 30 14:22:36 standalone object-server[127892]: 172.20.0.100 - - [30/Jan/2026:14:22:36 +0000] "GET /d1/704/AUTH_5b4b45fa43af4f24bc89f2a65143b996/gnocchi.6445a5aa-e266-45a1-993b-4164ce418cdb/1769040000.0_mean_300.0_v3" 404 70 "GET http://172.18.0.2:8080/v1/AUTH_5b4b45fa43af4f24bc89f2a65143b996/gnocchi.6445a5aa-e266-45a1-993b-4164ce418cdb/1769040000.0_mean_300.0_v3" "txdc381e4bd27a4c2f8a55c-00697cbeac" "proxy-server 20" 0.0010 "-" 23 0
Jan 30 14:22:36 standalone proxy-server[129720]: 172.18.0.2 172.18.0.100 30/Jan/2026/14/22/36 GET /v1/AUTH_5b4b45fa43af4f24bc89f2a65143b996/gnocchi.6445a5aa-e266-45a1-993b-4164ce418cdb/1769040000.0_mean_300.0_v3 HTTP/1.0 404 - python-swiftclient-3.11.1 gAAAAABpfL4XpeS_... - 70 - txdc381e4bd27a4c2f8a55c-00697cbeac - 0.0121 - - 1769782956.820226192 1769782956.832279921 0
Jan 30 14:22:36 standalone container-server[127696]: 172.20.0.100 - - [30/Jan/2026:14:22:36 +0000] "PUT /d1/981/AUTH_5b4b45fa43af4f24bc89f2a65143b996/gnocchi.6445a5aa-e266-45a1-993b-4164ce418cdb/1769040000.0_mean_300.0_v3" 201 - "PUT http://172.18.0.2:8080/d1/704/AUTH_5b4b45fa43af4f24bc89f2a65143b996/gnocchi.6445a5aa-e266-45a1-993b-4164ce418cdb/1769040000.0_mean_300.0_v3" "txb1cf8f0d5da64778b123a-00697cbeac" "object-server 25" 0.0010 "-" 14 0
Jan 30 14:22:36 standalone object-server[127894]: 172.20.0.100 - - [30/Jan/2026:14:22:36 +0000] "PUT /d1/704/AUTH_5b4b45fa43af4f24bc89f2a65143b996/gnocchi.6445a5aa-e266-45a1-993b-4164ce418cdb/1769040000.0_mean_300.0_v3" 201 - "PUT http://172.18.0.2:8080/v1/AUTH_5b4b45fa43af4f24bc89f2a65143b996/gnocchi.6445a5aa-e266-45a1-993b-4164ce418cdb/1769040000.0_mean_300.0_v3" "txb1cf8f0d5da64778b123a-00697cbeac" "proxy-server 20" 0.0382 "-" 25 0
Jan 30 14:22:36 standalone proxy-server[129720]: 172.18.0.2 172.18.0.100 30/Jan/2026/14/22/36 PUT /v1/AUTH_5b4b45fa43af4f24bc89f2a65143b996/gnocchi.6445a5aa-e266-45a1-993b-4164ce418cdb/1769040000.0_mean_300.0_v3 HTTP/1.0 201 - python-swiftclient-3.11.1 gAAAAABpfL4XpeS_... 16 - - txb1cf8f0d5da64778b123a-00697cbeac - 0.0483 - - 1769782956.840231657 1769782956.888486624 0
