Jan 30 14:22:55 standalone proxy-server[129720]: 172.18.0.2 172.18.0.100 30/Jan/2026/14/22/55 PUT /v1/AUTH_5b4b45fa43af4f24bc89f2a65143b996/gnocchi.596150e1-b217-40dd-82c6-a6881bf4d3dc/none_v3 HTTP/1.0 201 - python-swiftclient-3.11.1 gAAAAABpfL4XpeS_... 22 - - tx7f783f55aea34831adbd8-00697cbebf - 0.0477 - - 1769782975.491613865 1769782975.539289236 0
Jan 30 14:22:55 standalone container-server[127732]: 172.20.0.100 - - [30/Jan/2026:14:22:55 +0000] "HEAD /d1/577/AUTH_5b4b45fa43af4f24bc89f2a65143b996/gnocchi.1cd514e0-8937-48b6-a854-c835c2d30025" 404 - "HEAD http://172.18.0.2:8080/v1/AUTH_5b4b45fa43af4f24bc89f2a65143b996/gnocchi.1cd514e0-8937-48b6-a854-c835c2d30025?format=json&states=listing" "tx3cefe7a539ae44438742f-00697cbebf" "proxy-server 20" 0.0003 "-" 17 0
Jan 30 14:22:55 standalone object-server[127894]: 172.20.0.100 - - [30/Jan/2026:14:22:55 +0000] "GET /d1/492/AUTH_5b4b45fa43af4f24bc89f2a65143b996/gnocchi.1cd514e0-8937-48b6-a854-c835c2d30025/none_v3" 404 70 "GET http://172.18.0.2:8080/v1/AUTH_5b4b45fa43af4f24bc89f2a65143b996/gnocchi.1cd514e0-8937-48b6-a854-c835c2d30025/none_v3" "tx3cefe7a539ae44438742f-00697cbebf" "proxy-server 20" 0.0004 "-" 25 0
Jan 30 14:22:55 standalone proxy-server[129720]: 172.18.0.2 172.18.0.100 30/Jan/2026/14/22/55 GET /v1/AUTH_5b4b45fa43af4f24bc89f2a65143b996/gnocchi.1cd514e0-8937-48b6-a854-c835c2d30025/none_v3 HTTP/1.0 404 - python-swiftclient-3.11.1 gAAAAABpfL4XpeS_... - 70 - tx3cefe7a539ae44438742f-00697cbebf - 0.0111 - - 1769782975.547536135 1769782975.558614969 0
Jan 30 14:22:55 standalone account-server[127575]: 172.20.0.100 - - [30/Jan/2026:14:22:55 +0000] "PUT /d1/347/AUTH_5b4b45fa43af4f24bc89f2a65143b996/gnocchi.1cd514e0-8937-48b6-a854-c835c2d30025" 201 - "PUT http://172.20.0.100:6001/d1/577/AUTH_5b4b45fa43af4f24bc89f2a65143b996/gnocchi.1cd514e0-8937-48b6-a854-c835c2d30025" "tx2001db1103714250bd4f4-00697cbebf" "container-server 17" 0.0185 "-" 21 0
Jan 30 14:22:55 standalone container-server[127732]: 172.20.0.100 - - [30/Jan/2026:14:22:55 +0000] "PUT /d1/577/AUTH_5b4b45fa43af4f24bc89f2a65143b996/gnocchi.1cd514e0-8937-48b6-a854-c835c2d30025" 201 - "PUT http://172.18.0.2:8080/v1/AUTH_5b4b45fa43af4f24bc89f2a65143b996/gnocchi.1cd514e0-8937-48b6-a854-c835c2d30025" "tx2001db1103714250bd4f4-00697cbebf" "proxy-server 20" 0.0371 "-" 17 0
Jan 30 14:22:55 standalone proxy-server[129720]: 172.18.0.2 172.18.0.100 30/Jan/2026/14/22/55 PUT /v1/AUTH_5b4b45fa43af4f24bc89f2a65143b996/gnocchi.1cd514e0-8937-48b6-a854-c835c2d30025 HTTP/1.0 201 - python-swiftclient-3.11.1 gAAAAABpfL4XpeS_... - - - tx2001db1103714250bd4f4-00697cbebf - 0.0482 - - 1769782975.561471462 1769782975.609658718 0
Jan 30 14:22:55 standalone container-server[127698]: 172.20.0.100 - - [30/Jan/2026:14:22:55 +0000] "HEAD /d1/577/AUTH_5b4b45fa43af4f24bc89f2a65143b996/gnocchi.1cd514e0-8937-48b6-a854-c835c2d30025" 204 - "HEAD http://172.18.0.2:8080/v1/AUTH_5b4b45fa43af4f24bc89f2a65143b996/gnocchi.1cd514e0-8937-48b6-a854-c835c2d30025?format=json&states=listing" "txdf25787684c146c394740-00697cbebf" "proxy-server 20" 0.0015 "-" 15 0
Jan 30 14:22:55 standalone proxy-server[129720]: - - 30/Jan/2026/14/22/55 HEAD /v1/AUTH_5b4b45fa43af4f24bc89f2a65143b996/gnocchi.1cd514e0-8937-48b6-a854-c835c2d30025%3Fformat%3Djson%26states%3Dlisting HTTP/1.0 204 - Swift - - - - txdf25787684c146c394740-00697cbebf - 0.0047 RL - 1769782975.614334345 1769782975.619081736 0
Jan 30 14:22:55 standalone container-server[127696]: 172.20.0.100 - - [30/Jan/2026:14:22:55 +0000] "GET /d1/577/AUTH_5b4b45fa43af4f24bc89f2a65143b996/gnocchi.1cd514e0-8937-48b6-a854-c835c2d30025" 200 2 "GET http://172.18.0.2:8080/v1/AUTH_5b4b45fa43af4f24bc89f2a65143b996/gnocchi.1cd514e0-8937-48b6-a854-c835c2d30025?format=json&states=listing" "txdf25787684c146c394740-00697cbebf" "proxy-server 20" 0.0028 "-" 14 0
Jan 30 14:22:55 standalone proxy-server[129720]: 172.18.0.2 172.18.0.100 30/Jan/2026/14/22/55 GET /v1/AUTH_5b4b45fa43af4f24bc89f2a65143b996/gnocchi.1cd514e0-8937-48b6-a854-c835c2d30025%3Fformat%3Djson%26states%3Dlisting HTTP/1.0 200 - python-swiftclient-3.11.1 gAAAAABpfL4XpeS_... - 2 - txdf25787684c146c394740-00697cbebf - 0.0147 - - 1769782975.613172531 1769782975.627822638 0
Jan 30 14:22:55 standalone object-server[127894]: 172.20.0.100 - - [30/Jan/2026:14:22:55 +0000] "GET /d1/64/AUTH_5b4b45fa43af4f24bc89f2a65143b996/gnocchi.1cd514e0-8937-48b6-a854-c835c2d30025/1769040000.0_mean_300.0_v3" 404 70 "GET http://172.18.0.2:8080/v1/AUTH_5b4b45fa43af4f24bc89f2a65143b996/gnocchi.1cd514e0-8937-48b6-a854-c835c2d30025/1769040000.0_mean_300.0_v3" "tx3666d517567e446ea5c7f-00697cbebf" "proxy-server 20" 0.0003 "-" 25 0
Jan 30 14:22:55 standalone proxy-server[129720]: 172.18.0.2 172.18.0.100 30/Jan/2026/14/22/55 GET /v1/AUTH_5b4b45fa43af4f24bc89f2a65143b996/gnocchi.1cd514e0-8937-48b6-a854-c835c2d30025/1769040000.0_mean_300.0_v3 HTTP/1.0 404 - python-swiftclient-3.11.1 gAAAAABpfL4XpeS_... - 70 - tx3666d517567e446ea5c7f-00697cbebf - 0.0052 - - 1769782975.630945683 1769782975.636190414 0
Jan 30 14:22:55 standalone container-server[127696]: 172.20.0.100 - - [30/Jan/2026:14:22:55 +0000] "PUT /d1/577/AUTH_5b4b45fa43af4f24bc89f2a65143b996/gnocchi.1cd514e0-8937-48b6-a854-c835c2d30025/1769040000.0_mean_300.0_v3" 201 - "PUT http://172.18.0.2:8080/d1/64/AUTH_5b4b45fa43af4f24bc89f2a65143b996/gnocchi.1cd514e0-8937-48b6-a854-c835c2d30025/1769040000.0_mean_300.0_v3" "tx1a9e1f7137cd4f8aa53e2-00697cbebf" "object-server 24" 0.0008 "-" 14 0
Jan 30 14:22:55 standalone object-server[127893]: 172.20.0.100 - - [30/Jan/2026:14:22:55 +0000] "PUT /d1/64/AUTH_5b4b45fa43af4f24bc89f2a65143b996/gnocchi.1cd514e0-8937-48b6-a854-c835c2d30025/1769040000.0_mean_300.0_v3" 201 - "PUT http://172.18.0.2:8080/v1/AUTH_5b4b45fa43af4f24bc89f2a65143b996/gnocchi.1cd514e0-8937-48b6-a854-c835c2d30025/1769040000.0_mean_300.0_v3" "tx1a9e1f7137cd4f8aa53e2-00697cbebf" "proxy-server 20" 0.0117 "-" 24 0
Jan 30 14:22:55 standalone proxy-server[129720]: 172.18.0.2 172.18.0.100 30/Jan/2026/14/22/55 PUT /v1/AUTH_5b4b45fa43af4f24bc89f2a65143b996/gnocchi.1cd514e0-8937-48b6-a854-c835c2d30025/1769040000.0_mean_300.0_v3 HTTP/1.0 201 - python-swiftclient-3.11.1 gAAAAABpfL4XpeS_... 16 - - tx1a9e1f7137cd4f8aa53e2-00697cbebf - 0.0185 - - 1769782975.638475418 1769782975.656947136 0
Jan 30 14:22:55 standalone container-server[127712]: 172.20.0.100 - - [30/Jan/2026:14:22:55 +0000] "PUT /d1/577/AUTH_5b4b45fa43af4f24bc89f2a65143b996/gnocchi.1cd514e0-8937-48b6-a854-c835c2d30025/none_v3" 201 - "PUT http://172.18.0.2:8080/d1/492/AUTH_5b4b45fa43af4f24bc89f2a65143b996/gnocchi.1cd514e0-8937-48b6-a854-c835c2d30025/none_v3" "tx48f8cf9882c743b7b528d-00697cbebf" "object-server 22" 0.0005 "-" 16 0
Jan 30 14:22:55 standalone object-server[127891]: 172.20.0.100 - - [30/Jan/2026:14:22:55 +0000] "PUT /d1/492/AUTH_5b4b45fa43af4f24bc89f2a65143b996/gnocchi.1cd514e0-8937-48b6-a854-c835c2d30025/none_v3" 201 - "PUT http://172.18.0.2:8080/v1/AUTH_5b4b45fa43af4f24bc89f2a65143b996/gnocchi.1cd514e0-8937-48b6-a854-c835c2d30025/none_v3" "tx48f8cf9882c743b7b528d-00697cbebf" "proxy-server 20" 0.0120 "-" 22 0
Jan 30 14:22:55 standalone proxy-server[129720]: 172.18.0.2 172.18.0.100 30/Jan/2026/14/22/55 PUT /v1/AUTH_5b4b45fa43af4f24bc89f2a65143b996/gnocchi.1cd514e0-8937-48b6-a854-c835c2d30025/none_v3 HTTP/1.0 201 - python-swiftclient-3.11.1 gAAAAABpfL4XpeS_... 22 - - tx48f8cf9882c743b7b528d-00697cbebf - 0.0188 - - 1769782975.660269976 1769782975.679024935 0
Jan 30 14:22:55 standalone container-server[127698]: 172.20.0.100 - - [30/Jan/2026:14:22:55 +0000] "HEAD /d1/429/AUTH_5b4b45fa43af4f24bc89f2a65143b996/gnocchi.e4cd9d45-684b-4928-a080-1e2dbae51ec8" 404 - "HEAD http://172.18.0.2:8080/v1/AUTH_5b4b45fa43af4f24bc89f2a65143b996/gnocchi.e4cd9d45-684b-4928-a080-1e2dbae51ec8?format=json&states=listing" "txb09a0159eaa24139b989d-00697cbebf" "proxy-server 20" 0.0004 "-" 15 0
Jan 30 14:22:55 standalone object-server[127894]: 172.20.0.100 - - [30/Jan/2026:14:22:55 +0000] "GET /d1/589/AUTH_5b4b45fa43af4f24bc89f2a65143b996/gnocchi.e4cd9d45-684b-4928-a080-1e2dbae51ec8/none_v3" 404 70 "GET http://172.18.0.2:8080/v1/AUTH_5b4b45fa43af4f24bc89f2a65143b996/gnocchi.e4cd9d45-684b-4928-a080-1e2dbae51ec8/none_v3" "txb09a0159eaa24139b989d-00697cbebf" "proxy-server 20" 0.0004 "-" 25 0
Jan 30 14:22:55 standalone proxy-server[129720]: 172.18.0.2 172.18.0.100 30/Jan/2026/14/22/55 GET /v1/AUTH_5b4b45fa43af4f24bc89f2a65143b996/gnocchi.e4cd9d45-684b-4928-a080-1e2dbae51ec8/none_v3 HTTP/1.0 404 - python-swiftclient-3.11.1 gAAAAABpfL4XpeS_... - 70 - txb09a0159eaa24139b989d-00697cbebf - 0.0095 - - 1769782975.696668863 1769782975.706207514 0
Jan 30 14:22:55 standalone account-server[127582]: 172.20.0.100 - - [30/Jan/2026:14:22:55 +0000] "PUT /d1/347/AUTH_5b4b45fa43af4f24bc89f2a65143b996/gnocchi.e4cd9d45-684b-4928-a080-1e2dbae51ec8" 201 - "PUT http://172.20.0.100:6001/d1/429/AUTH_5b4b45fa43af4f24bc89f2a65143b996/gnocchi.e4cd9d45-684b-4928-a080-1e2dbae51ec8" "tx1bc167f7cbb8496e9a1e9-00697cbebf" "container-server 16" 0.0065 "-" 22 0
Jan 30 14:22:55 standalone container-server[127712]: 172.20.0.100 - - [30/Jan/2026:14:22:55 +0000] "PUT /d1/429/AUTH_5b4b45fa43af4f24bc89f2a65143b996/gnocchi.e4cd9d45-684b-4928-a080-1e2dbae51ec8" 201 - "PUT http://172.18.0.2:8080/v1/AUTH_5b4b45fa43af4f24bc89f2a65143b996/gnocchi.e4cd9d45-684b-4928-a080-1e2dbae51ec8" "tx1bc167f7cbb8496e9a1e9-00697cbebf" "proxy-server 20" 0.0201 "-" 16 0
Jan 30 14:22:55 standalone proxy-server[129720]: 172.18.0.2 172.18.0.100 30/Jan/2026/14/22/55 PUT /v1/AUTH_5b4b45fa43af4f24bc89f2a65143b996/gnocchi.e4cd9d45-684b-4928-a080-1e2dbae51ec8 HTTP/1.0 201 - python-swiftclient-3.11.1 gAAAAABpfL4XpeS_... - - - tx1bc167f7cbb8496e9a1e9-00697cbebf - 0.0254 - - 1769782975.709721327 1769782975.735116243 0
Jan 30 14:22:55 standalone container-server[127696]: 172.20.0.100 - - [30/Jan/2026:14:22:55 +0000] "HEAD /d1/429/AUTH_5b4b45fa43af4f24bc89f2a65143b996/gnocchi.e4cd9d45-684b-4928-a080-1e2dbae51ec8" 204 - "HEAD http://172.18.0.2:8080/v1/AUTH_5b4b45fa43af4f24bc89f2a65143b996/gnocchi.e4cd9d45-684b-4928-a080-1e2dbae51ec8?format=json&states=listing" "tx2ba4a4ad5d4d4d6b9dede-00697cbebf" "proxy-server 20" 0.0025 "-" 14 0
Jan 30 14:22:55 standalone proxy-server[129720]: - - 30/Jan/2026/14/22/55 HEAD /v1/AUTH_5b4b45fa43af4f24bc89f2a65143b996/gnocchi.e4cd9d45-684b-4928-a080-1e2dbae51ec8%3Fformat%3Djson%26states%3Dlisting HTTP/1.0 204 - Swift - - - - tx2ba4a4ad5d4d4d6b9dede-00697cbebf - 0.0065 RL - 1769782975.740987301 1769782975.747470856 0
Jan 30 14:22:55 standalone container-server[127698]: 172.20.0.100 - - [30/Jan/2026:14:22:55 +0000] "GET /d1/429/AUTH_5b4b45fa43af4f24bc89f2a65143b996/gnocchi.e4cd9d45-684b-4928-a080-1e2dbae51ec8" 200 2 "GET http://172.18.0.2:8080/v1/AUTH_5b4b45fa43af4f24bc89f2a65143b996/gnocchi.e4cd9d45-684b-4928-a080-1e2dbae51ec8?format=json&states=listing" "tx2ba4a4ad5d4d4d6b9dede-00697cbebf" "proxy-server 20" 0.0043 "-" 15 0
Jan 30 14:22:55 standalone proxy-server[129720]: 172.18.0.2 172.18.0.100 30/Jan/2026/14/22/55 GET /v1/AUTH_5b4b45fa43af4f24bc89f2a65143b996/gnocchi.e4cd9d45-684b-4928-a080-1e2dbae51ec8%3Fformat%3Djson%26states%3Dlisting HTTP/1.0 200 - python-swiftclient-3.11.1 gAAAAABpfL4XpeS_... - 2 - tx2ba4a4ad5d4d4d6b9dede-00697cbebf - 0.0208 - - 1769782975.739518166 1769782975.760365486 0
Jan 30 14:22:55 standalone object-server[127891]: 172.20.0.100 - - [30/Jan/2026:14:22:55 +0000] "GET /d1/840/AUTH_5b4b45fa43af4f24bc89f2a65143b996/gnocchi.e4cd9d45-684b-4928-a080-1e2dbae51ec8/1769040000.0_mean_300.0_v3" 404 70 "GET http://172.18.0.2:8080/v1/AUTH_5b4b45fa43af4f24bc89f2a65143b996/gnocchi.e4cd9d45-684b-4928-a080-1e2dbae51ec8/1769040000.0_mean_300.0_v3" "tx4605cdba44544598b1fcc-00697cbebf" "proxy-server 20" 0.0005 "-" 22 0
Jan 30 14:22:55 standalone proxy-server[129720]: 172.18.0.2 172.18.0.100 30/Jan/2026/14/22/55 GET /v1/AUTH_5b4b45fa43af4f24bc89f2a65143b996/gnocchi.e4cd9d45-684b-4928-a080-1e2dbae51ec8/1769040000.0_mean_300.0_v3 HTTP/1.0 404 - python-swiftclient-3.11.1 gAAAAABpfL4XpeS_... - 70 - tx4605cdba44544598b1fcc-00697cbebf - 0.0070 - - 1769782975.764778852 1769782975.771820545 0
Jan 30 14:22:55 standalone container-server[127732]: 172.20.0.100 - - [30/Jan/2026:14:22:55 +0000] "PUT /d1/429/AUTH_5b4b45fa43af4f24bc89f2a65143b996/gnocchi.e4cd9d45-684b-4928-a080-1e2dbae51ec8/1769040000.0_mean_300.0_v3" 201 - "PUT http://172.18.0.2:8080/d1/840/AUTH_5b4b45fa43af4f24bc89f2a65143b996/gnocchi.e4cd9d45-684b-4928-a080-1e2dbae51ec8/1769040000.0_mean_300.0_v3" "tx21e993ef81b04bb69e3d5-00697cbebf" "object-server 24" 0.0006 "-" 17 0
Jan 30 14:22:55 standalone object-server[127893]: 172.20.0.100 - - [30/Jan/2026:14:22:55 +0000] "PUT /d1/840/AUTH_5b4b45fa43af4f24bc89f2a65143b996/gnocchi.e4cd9d45-684b-4928-a080-1e2dbae51ec8/1769040000.0_mean_300.0_v3" 201 - "PUT http://172.18.0.2:8080/v1/AUTH_5b4b45fa43af4f24bc89f2a65143b996/gnocchi.e4cd9d45-684b-4928-a080-1e2dbae51ec8/1769040000.0_mean_300.0_v3" "tx21e993ef81b04bb69e3d5-00697cbebf" "proxy-server 20" 0.0169 "-" 24 0
Jan 30 14:22:55 standalone proxy-server[129720]: 172.18.0.2 172.18.0.100 30/Jan/2026/14/22/55 PUT /v1/AUTH_5b4b45fa43af4f24bc89f2a65143b996/gnocchi.e4cd9d45-684b-4928-a080-1e2dbae51ec8/1769040000.0_mean_300.0_v3 HTTP/1.0 201 - python-swiftclient-3.11.1 gAAAAABpfL4XpeS_... 16 - - tx21e993ef81b04bb69e3d5-00697cbebf - 0.0225 - - 1769782975.775506735 1769782975.797971487 0
Jan 30 14:22:55 standalone container-server[127696]: 172.20.0.100 - - [30/Jan/2026:14:22:55 +0000] "PUT /d1/429/AUTH_5b4b45fa43af4f24bc89f2a65143b996/gnocchi.e4cd9d45-684b-4928-a080-1e2dbae51ec8/none_v3" 201 - "PUT http://172.18.0.2:8080/d1/589/AUTH_5b4b45fa43af4f24bc89f2a65143b996/gnocchi.e4cd9d45-684b-4928-a080-1e2dbae51ec8/none_v3" "tx485c675a90174b0ebc357-00697cbebf" "object-server 25" 0.0008 "-" 14 0
Jan 30 14:22:55 standalone object-server[127894]: 172.20.0.100 - - [30/Jan/2026:14:22:55 +0000] "PUT /d1/589/AUTH_5b4b45fa43af4f24bc89f2a65143b996/gnocchi.e4cd9d45-684b-4928-a080-1e2dbae51ec8/none_v3" 201 - "PUT http://172.18.0.2:8080/v1/AUTH_5b4b45fa43af4f24bc89f2a65143b996/gnocchi.e4cd9d45-684b-4928-a080-1e2dbae51ec8/none_v3" "tx485c675a90174b0ebc357-00697cbebf" "proxy-server 20" 0.0189 "-" 25 0
Jan 30 14:22:55 standalone proxy-server[129720]: 172.18.0.2 172.18.0.100 30/Jan/2026/14/22/55 PUT /v1/AUTH_5b4b45fa43af4f24bc89f2a65143b996/gnocchi.e4cd9d45-684b-4928-a080-1e2dbae51ec8/none_v3 HTTP/1.0 201 - python-swiftclient-3.11.1 gAAAAABpfL4XpeS_... 22 - - tx485c675a90174b0ebc357-00697cbebf - 0.0263 - - 1769782975.801482439 1769782975.827810526 0
Jan 30 14:22:55 standalone container-server[127696]: 172.20.0.100 - - [30/Jan/2026:14:22:55 +0000] "HEAD /d1/397/AUTH_5b4b45fa43af4f24bc89f2a65143b996/gnocchi.a40b6382-2e68-4975-a4a2-5e5f65b8a9d8" 404 - "HEAD http://172.18.0.2:8080/v1/AUTH_5b4b45fa43af4f24bc89f2a65143b996/gnocchi.a40b6382-2e68-4975-a4a2-5e5f65b8a9d8?format=json&states=listing" "txb8391d42b70245feb5690-00697cbebf" "proxy-server 20" 0.0005 "-" 14 0
Jan 30 14:22:55 standalone object-server[127892]: 172.20.0.100 - - [30/Jan/2026:14:22:55 +0000] "GET /d1/979/AUTH_5b4b45fa43af4f24bc89f2a65143b996/gnocchi.a40b6382-2e68-4975-a4a2-5e5f65b8a9d8/none_v3" 404 70 "GET http://172.18.0.2:8080/v1/AUTH_5b4b45fa43af4f24bc89f2a65143b996/gnocchi.a40b6382-2e68-4975-a4a2-5e5f65b8a9d8/none_v3" "txb8391d42b70245feb5690-00697cbebf" "proxy-server 20" 0.0004 "-" 23 0
Jan 30 14:22:55 standalone proxy-server[129720]: 172.18.0.2 172.18.0.100 30/Jan/2026/14/22/55 GET /v1/AUTH_5b4b45fa43af4f24bc89f2a65143b996/gnocchi.a40b6382-2e68-4975-a4a2-5e5f65b8a9d8/none_v3 HTTP/1.0 404 - python-swiftclient-3.11.1 gAAAAABpfL4XpeS_... - 70 - txb8391d42b70245feb5690-00697cbebf - 0.0124 - - 1769782975.836713314 1769782975.849128485 0
Jan 30 14:22:55 standalone account-server[127589]: 172.20.0.100 - - [30/Jan/2026:14:22:55 +0000] "PUT /d1/347/AUTH_5b4b45fa43af4f24bc89f2a65143b996/gnocchi.a40b6382-2e68-4975-a4a2-5e5f65b8a9d8" 201 - "PUT http://172.20.0.100:6001/d1/397/AUTH_5b4b45fa43af4f24bc89f2a65143b996/gnocchi.a40b6382-2e68-4975-a4a2-5e5f65b8a9d8" "tx5b863867e36941e097499-00697cbebf" "container-server 16" 0.0234 "-" 23 0
Jan 30 14:22:55 standalone container-server[127712]: 172.20.0.100 - - [30/Jan/2026:14:22:55 +0000] "PUT /d1/397/AUTH_5b4b45fa43af4f24bc89f2a65143b996/gnocchi.a40b6382-2e68-4975-a4a2-5e5f65b8a9d8" 201 - "PUT http://172.18.0.2:8080/v1/AUTH_5b4b45fa43af4f24bc89f2a65143b996/gnocchi.a40b6382-2e68-4975-a4a2-5e5f65b8a9d8" "tx5b863867e36941e097499-00697cbebf" "proxy-server 20" 0.0517 "-" 16 0
Jan 30 14:22:55 standalone proxy-server[129720]: 172.18.0.2 172.18.0.100 30/Jan/2026/14/22/55 PUT /v1/AUTH_5b4b45fa43af4f24bc89f2a65143b996/gnocchi.a40b6382-2e68-4975-a4a2-5e5f65b8a9d8 HTTP/1.0 201 - python-swiftclient-3.11.1 gAAAAABpfL4XpeS_... - - - tx5b863867e36941e097499-00697cbebf - 0.0570 - - 1769782975.855777740 1769782975.912801743 0
Jan 30 14:22:55 standalone container-server[127712]: 172.20.0.100 - - [30/Jan/2026:14:22:55 +0000] "HEAD /d1/397/AUTH_5b4b45fa43af4f24bc89f2a65143b996/gnocchi.a40b6382-2e68-4975-a4a2-5e5f65b8a9d8" 204 - "HEAD http://172.18.0.2:8080/v1/AUTH_5b4b45fa43af4f24bc89f2a65143b996/gnocchi.a40b6382-2e68-4975-a4a2-5e5f65b8a9d8?format=json&states=listing" "tx71f35d58d3a340689f327-00697cbebf" "proxy-server 20" 0.0016 "-" 16 0
Jan 30 14:22:55 standalone proxy-server[129720]: - - 30/Jan/2026/14/22/55 HEAD /v1/AUTH_5b4b45fa43af4f24bc89f2a65143b996/gnocchi.a40b6382-2e68-4975-a4a2-5e5f65b8a9d8%3Fformat%3Djson%26states%3Dlisting HTTP/1.0 204 - Swift - - - - tx71f35d58d3a340689f327-00697cbebf - 0.0051 RL - 1769782975.918310404 1769782975.923452377 0
Jan 30 14:22:55 standalone container-server[127712]: 172.20.0.100 - - [30/Jan/2026:14:22:55 +0000] "GET /d1/397/AUTH_5b4b45fa43af4f24bc89f2a65143b996/gnocchi.a40b6382-2e68-4975-a4a2-5e5f65b8a9d8" 200 2 "GET http://172.18.0.2:8080/v1/AUTH_5b4b45fa43af4f24bc89f2a65143b996/gnocchi.a40b6382-2e68-4975-a4a2-5e5f65b8a9d8?format=json&states=listing" "tx71f35d58d3a340689f327-00697cbebf" "proxy-server 20" 0.0019 "-" 16 0
Jan 30 14:22:55 standalone proxy-server[129720]: 172.18.0.2 172.18.0.100 30/Jan/2026/14/22/55 GET /v1/AUTH_5b4b45fa43af4f24bc89f2a65143b996/gnocchi.a40b6382-2e68-4975-a4a2-5e5f65b8a9d8%3Fformat%3Djson%26states%3Dlisting HTTP/1.0 200 - python-swiftclient-3.11.1 gAAAAABpfL4XpeS_... - 2 - tx71f35d58d3a340689f327-00697cbebf - 0.0141 - - 1769782975.917127132 1769782975.931218624 0
Jan 30 14:22:55 standalone object-server[127892]: 172.20.0.100 - - [30/Jan/2026:14:22:55 +0000] "GET /d1/29/AUTH_5b4b45fa43af4f24bc89f2a65143b996/gnocchi.a40b6382-2e68-4975-a4a2-5e5f65b8a9d8/1769040000.0_mean_300.0_v3" 404 70 "GET http://172.18.0.2:8080/v1/AUTH_5b4b45fa43af4f24bc89f2a65143b996/gnocchi.a40b6382-2e68-4975-a4a2-5e5f65b8a9d8/1769040000.0_mean_300.0_v3" "txb3f856c1de0646e48aa76-00697cbebf" "proxy-server 20" 0.0009 "-" 23 0
Jan 30 14:22:55 standalone proxy-server[129720]: 172.18.0.2 172.18.0.100 30/Jan/2026/14/22/55 GET /v1/AUTH_5b4b45fa43af4f24bc89f2a65143b996/gnocchi.a40b6382-2e68-4975-a4a2-5e5f65b8a9d8/1769040000.0_mean_300.0_v3 HTTP/1.0 404 - python-swiftclient-3.11.1 gAAAAABpfL4XpeS_... - 70 - txb3f856c1de0646e48aa76-00697cbebf - 0.0073 - - 1769782975.935247183 1769782975.942589283 0
Jan 30 14:22:55 standalone container-server[127698]: 172.20.0.100 - - [30/Jan/2026:14:22:55 +0000] "PUT /d1/397/AUTH_5b4b45fa43af4f24bc89f2a65143b996/gnocchi.a40b6382-2e68-4975-a4a2-5e5f65b8a9d8/1769040000.0_mean_300.0_v3" 201 - "PUT http://172.18.0.2:8080/d1/29/AUTH_5b4b45fa43af4f24bc89f2a65143b996/gnocchi.a40b6382-2e68-4975-a4a2-5e5f65b8a9d8/1769040000.0_mean_300.0_v3" "tx6fad0c00f6ca42f191232-00697cbebf" "object-server 24" 0.0007 "-" 15 0
Jan 30 14:22:55 standalone object-server[127893]: 172.20.0.100 - - [30/Jan/2026:14:22:55 +0000] "PUT /d1/29/AUTH_5b4b45fa43af4f24bc89f2a65143b996/gnocchi.a40b6382-2e68-4975-a4a2-5e5f65b8a9d8/1769040000.0_mean_300.0_v3" 201 - "PUT http://172.18.0.2:8080/v1/AUTH_5b4b45fa43af4f24bc89f2a65143b996/gnocchi.a40b6382-2e68-4975-a4a2-5e5f65b8a9d8/1769040000.0_mean_300.0_v3" "tx6fad0c00f6ca42f191232-00697cbebf" "proxy-server 20" 0.0342 "-" 24 0
Jan 30 14:22:55 standalone proxy-server[129720]: 172.18.0.2 172.18.0.100 30/Jan/2026/14/22/55 PUT /v1/AUTH_5b4b45fa43af4f24bc89f2a65143b996/gnocchi.a40b6382-2e68-4975-a4a2-5e5f65b8a9d8/1769040000.0_mean_300.0_v3 HTTP/1.0 201 - python-swiftclient-3.11.1 gAAAAABpfL4XpeS_... 16 - - tx6fad0c00f6ca42f191232-00697cbebf - 0.0421 - - 1769782975.946107864 1769782975.988172054 0
Jan 30 14:22:56 standalone container-server[127732]: 172.20.0.100 - - [30/Jan/2026:14:22:56 +0000] "PUT /d1/397/AUTH_5b4b45fa43af4f24bc89f2a65143b996/gnocchi.a40b6382-2e68-4975-a4a2-5e5f65b8a9d8/none_v3" 201 - "PUT http://172.18.0.2:8080/d1/979/AUTH_5b4b45fa43af4f24bc89f2a65143b996/gnocchi.a40b6382-2e68-4975-a4a2-5e5f65b8a9d8/none_v3" "tx6ce6060b26d34bc6b7459-00697cbebf" "object-server 25" 0.0006 "-" 17 0
Jan 30 14:22:56 standalone object-server[127894]: 172.20.0.100 - - [30/Jan/2026:14:22:56 +0000] "PUT /d1/979/AUTH_5b4b45fa43af4f24bc89f2a65143b996/gnocchi.a40b6382-2e68-4975-a4a2-5e5f65b8a9d8/none_v3" 201 - "PUT http://172.18.0.2:8080/v1/AUTH_5b4b45fa43af4f24bc89f2a65143b996/gnocchi.a40b6382-2e68-4975-a4a2-5e5f65b8a9d8/none_v3" "tx6ce6060b26d34bc6b7459-00697cbebf" "proxy-server 20" 0.0403 "-" 25 0
Jan 30 14:22:56 standalone proxy-server[129720]: 172.18.0.2 172.18.0.100 30/Jan/2026/14/22/56 PUT /v1/AUTH_5b4b45fa43af4f24bc89f2a65143b996/gnocchi.a40b6382-2e68-4975-a4a2-5e5f65b8a9d8/none_v3 HTTP/1.0 201 - python-swiftclient-3.11.1 gAAAAABpfL4XpeS_... 22 - - tx6ce6060b26d34bc6b7459-00697cbebf - 0.0479 - - 1769782975.991962433 1769782976.039821386 0
Jan 30 14:22:56 standalone container-server[127696]: 172.20.0.100 - - [30/Jan/2026:14:22:56 +0000] "HEAD /d1/443/AUTH_5b4b45fa43af4f24bc89f2a65143b996/gnocchi.63f27f46-edbc-42a1-9fec-252c57a4bb8e" 404 - "HEAD http://172.18.0.2:8080/v1/AUTH_5b4b45fa43af4f24bc89f2a65143b996/gnocchi.63f27f46-edbc-42a1-9fec-252c57a4bb8e?format=json&states=listing" "tx466e8b3da8ea4a729b9b4-00697cbec0" "proxy-server 20" 0.0005 "-" 14 0
Jan 30 14:22:56 standalone object-server[127893]: 172.20.0.100 - - [30/Jan/2026:14:22:56 +0000] "GET /d1/823/AUTH_5b4b45fa43af4f24bc89f2a65143b996/gnocchi.63f27f46-edbc-42a1-9fec-252c57a4bb8e/none_v3" 404 70 "GET http://172.18.0.2:8080/v1/AUTH_5b4b45fa43af4f24bc89f2a65143b996/gnocchi.63f27f46-edbc-42a1-9fec-252c57a4bb8e/none_v3" "tx466e8b3da8ea4a729b9b4-00697cbec0" "proxy-server 20" 0.0005 "-" 24 0
Jan 30 14:22:56 standalone proxy-server[129720]: 172.18.0.2 172.18.0.100 30/Jan/2026/14/22/56 GET /v1/AUTH_5b4b45fa43af4f24bc89f2a65143b996/gnocchi.63f27f46-edbc-42a1-9fec-252c57a4bb8e/none_v3 HTTP/1.0 404 - python-swiftclient-3.11.1 gAAAAABpfL4XpeS_... - 70 - tx466e8b3da8ea4a729b9b4-00697cbec0 - 0.0148 - - 1769782976.049239874 1769782976.064051390 0
Jan 30 14:22:56 standalone account-server[127589]: 172.20.0.100 - - [30/Jan/2026:14:22:56 +0000] "PUT /d1/347/AUTH_5b4b45fa43af4f24bc89f2a65143b996/gnocchi.63f27f46-edbc-42a1-9fec-252c57a4bb8e" 201 - "PUT http://172.20.0.100:6001/d1/443/AUTH_5b4b45fa43af4f24bc89f2a65143b996/gnocchi.63f27f46-edbc-42a1-9fec-252c57a4bb8e" "tx95b6e4a740ad49faa034c-00697cbec0" "container-server 17" 0.0183 "-" 23 0
Jan 30 14:22:56 standalone container-server[127732]: 172.20.0.100 - - [30/Jan/2026:14:22:56 +0000] "PUT /d1/443/AUTH_5b4b45fa43af4f24bc89f2a65143b996/gnocchi.63f27f46-edbc-42a1-9fec-252c57a4bb8e" 201 - "PUT http://172.18.0.2:8080/v1/AUTH_5b4b45fa43af4f24bc89f2a65143b996/gnocchi.63f27f46-edbc-42a1-9fec-252c57a4bb8e" "tx95b6e4a740ad49faa034c-00697cbec0" "proxy-server 20" 0.0442 "-" 17 0
Jan 30 14:22:56 standalone proxy-server[129720]: 172.18.0.2 172.18.0.100 30/Jan/2026/14/22/56 PUT /v1/AUTH_5b4b45fa43af4f24bc89f2a65143b996/gnocchi.63f27f46-edbc-42a1-9fec-252c57a4bb8e HTTP/1.0 201 - python-swiftclient-3.11.1 gAAAAABpfL4XpeS_... - - - tx95b6e4a740ad49faa034c-00697cbec0 - 0.0496 - - 1769782976.067241669 1769782976.116801262 0
Jan 30 14:22:56 standalone container-server[127732]: 172.20.0.100 - - [30/Jan/2026:14:22:56 +0000] "HEAD /d1/622/AUTH_5b4b45fa43af4f24bc89f2a65143b996/gnocchi.6c601b43-efc2-4f5a-83b3-5c03d9b75f0e" 404 - "HEAD http://172.18.0.2:8080/v1/AUTH_5b4b45fa43af4f24bc89f2a65143b996/gnocchi.6c601b43-efc2-4f5a-83b3-5c03d9b75f0e?format=json&states=listing" "txe66a732bad954d1ebf394-00697cbec0" "proxy-server 20" 0.0004 "-" 17 0
Jan 30 14:22:56 standalone object-server[127893]: 172.20.0.100 - - [30/Jan/2026:14:22:56 +0000] "GET /d1/974/AUTH_5b4b45fa43af4f24bc89f2a65143b996/gnocchi.6c601b43-efc2-4f5a-83b3-5c03d9b75f0e/none_v3" 404 70 "GET http://172.18.0.2:8080/v1/AUTH_5b4b45fa43af4f24bc89f2a65143b996/gnocchi.6c601b43-efc2-4f5a-83b3-5c03d9b75f0e/none_v3" "txe66a732bad954d1ebf394-00697cbec0" "proxy-server 20" 0.0003 "-" 24 0
Jan 30 14:22:56 standalone proxy-server[129720]: 172.18.0.2 172.18.0.100 30/Jan/2026/14/22/56 GET /v1/AUTH_5b4b45fa43af4f24bc89f2a65143b996/gnocchi.6c601b43-efc2-4f5a-83b3-5c03d9b75f0e/none_v3 HTTP/1.0 404 - python-swiftclient-3.11.1 gAAAAABpfL4XpeS_... - 70 - txe66a732bad954d1ebf394-00697cbec0 - 0.0098 - - 1769782976.120264292 1769782976.130033493 0
Jan 30 14:22:56 standalone account-server[127571]: 172.20.0.100 - - [30/Jan/2026:14:22:56 +0000] "PUT /d1/347/AUTH_5b4b45fa43af4f24bc89f2a65143b996/gnocchi.6c601b43-efc2-4f5a-83b3-5c03d9b75f0e" 201 - "PUT http://172.20.0.100:6001/d1/622/AUTH_5b4b45fa43af4f24bc89f2a65143b996/gnocchi.6c601b43-efc2-4f5a-83b3-5c03d9b75f0e" "tx0482f4cfba1e4521bb45c-00697cbec0" "container-server 14" 0.0080 "-" 20 0
Jan 30 14:22:56 standalone container-server[127696]: 172.20.0.100 - - [30/Jan/2026:14:22:56 +0000] "PUT /d1/622/AUTH_5b4b45fa43af4f24bc89f2a65143b996/gnocchi.6c601b43-efc2-4f5a-83b3-5c03d9b75f0e" 201 - "PUT http://172.18.0.2:8080/v1/AUTH_5b4b45fa43af4f24bc89f2a65143b996/gnocchi.6c601b43-efc2-4f5a-83b3-5c03d9b75f0e" "tx0482f4cfba1e4521bb45c-00697cbec0" "proxy-server 20" 0.0338 "-" 14 0
Jan 30 14:22:56 standalone proxy-server[129720]: 172.18.0.2 172.18.0.100 30/Jan/2026/14/22/56 PUT /v1/AUTH_5b4b45fa43af4f24bc89f2a65143b996/gnocchi.6c601b43-efc2-4f5a-83b3-5c03d9b75f0e HTTP/1.0 201 - python-swiftclient-3.11.1 gAAAAABpfL4XpeS_... - - - tx0482f4cfba1e4521bb45c-00697cbec0 - 0.0400 - - 1769782976.132551432 1769782976.172589064 0
Jan 30 14:22:56 standalone container-server[127696]: 172.20.0.100 - - [30/Jan/2026:14:22:56 +0000] "HEAD /d1/443/AUTH_5b4b45fa43af4f24bc89f2a65143b996/gnocchi.63f27f46-edbc-42a1-9fec-252c57a4bb8e" 204 - "HEAD http://172.18.0.2:8080/v1/AUTH_5b4b45fa43af4f24bc89f2a65143b996/gnocchi.63f27f46-edbc-42a1-9fec-252c57a4bb8e?format=json&states=listing" "tx285c6be1f9b2434c8cba0-00697cbec0" "proxy-server 20" 0.0017 "-" 14 0
Jan 30 14:22:56 standalone proxy-server[129720]: - - 30/Jan/2026/14/22/56 HEAD /v1/AUTH_5b4b45fa43af4f24bc89f2a65143b996/gnocchi.63f27f46-edbc-42a1-9fec-252c57a4bb8e%3Fformat%3Djson%26states%3Dlisting HTTP/1.0 204 - Swift - - - - tx285c6be1f9b2434c8cba0-00697cbec0 - 0.0055 RL - 1769782976.178151846 1769782976.183647156 0
Jan 30 14:22:56 standalone container-server[127712]: 172.20.0.100 - - [30/Jan/2026:14:22:56 +0000] "GET /d1/443/AUTH_5b4b45fa43af4f24bc89f2a65143b996/gnocchi.63f27f46-edbc-42a1-9fec-252c57a4bb8e" 200 2 "GET http://172.18.0.2:8080/v1/AUTH_5b4b45fa43af4f24bc89f2a65143b996/gnocchi.63f27f46-edbc-42a1-9fec-252c57a4bb8e?format=json&states=listing" "tx285c6be1f9b2434c8cba0-00697cbec0" "proxy-server 20" 0.0042 "-" 16 0
Jan 30 14:22:56 standalone proxy-server[129720]: 172.18.0.2 172.18.0.100 30/Jan/2026/14/22/56 GET /v1/AUTH_5b4b45fa43af4f24bc89f2a65143b996/gnocchi.63f27f46-edbc-42a1-9fec-252c57a4bb8e%3Fformat%3Djson%26states%3Dlisting HTTP/1.0 200 - python-swiftclient-3.11.1 gAAAAABpfL4XpeS_... - 2 - tx285c6be1f9b2434c8cba0-00697cbec0 - 0.0184 - - 1769782976.176826000 1769782976.195194960 0
Jan 30 14:22:56 standalone container-server[127698]: 172.20.0.100 - - [30/Jan/2026:14:22:56 +0000] "HEAD /d1/622/AUTH_5b4b45fa43af4f24bc89f2a65143b996/gnocchi.6c601b43-efc2-4f5a-83b3-5c03d9b75f0e" 204 - "HEAD http://172.18.0.2:8080/v1/AUTH_5b4b45fa43af4f24bc89f2a65143b996/gnocchi.6c601b43-efc2-4f5a-83b3-5c03d9b75f0e?format=json&states=listing" "tx703328708be94f1ca85e6-00697cbec0" "proxy-server 20" 0.0022 "-" 15 0
Jan 30 14:22:56 standalone proxy-server[129720]: - - 30/Jan/2026/14/22/56 HEAD /v1/AUTH_5b4b45fa43af4f24bc89f2a65143b996/gnocchi.6c601b43-efc2-4f5a-83b3-5c03d9b75f0e%3Fformat%3Djson%26states%3Dlisting HTTP/1.0 204 - Swift - - - - tx703328708be94f1ca85e6-00697cbec0 - 0.0071 RL - 1769782976.200710297 1769782976.207826614 0
Jan 30 14:22:56 standalone container-server[127732]: 172.20.0.100 - - [30/Jan/2026:14:22:56 +0000] "GET /d1/622/AUTH_5b4b45fa43af4f24bc89f2a65143b996/gnocchi.6c601b43-efc2-4f5a-83b3-5c03d9b75f0e" 200 2 "GET http://172.18.0.2:8080/v1/AUTH_5b4b45fa43af4f24bc89f2a65143b996/gnocchi.6c601b43-efc2-4f5a-83b3-5c03d9b75f0e?format=json&states=listing" "tx703328708be94f1ca85e6-00697cbec0" "proxy-server 20" 0.0037 "-" 17 0
Jan 30 14:22:56 standalone proxy-server[129720]: 172.18.0.2 172.18.0.100 30/Jan/2026/14/22/56 GET /v1/AUTH_5b4b45fa43af4f24bc89f2a65143b996/gnocchi.6c601b43-efc2-4f5a-83b3-5c03d9b75f0e%3Fformat%3Djson%26states%3Dlisting HTTP/1.0 200 - python-swiftclient-3.11.1 gAAAAABpfL4XpeS_... - 2 - tx703328708be94f1ca85e6-00697cbec0 - 0.0227 - - 1769782976.199598312 1769782976.222263813 0
Jan 30 14:22:56 standalone object-server[127893]: 172.20.0.100 - - [30/Jan/2026:14:22:56 +0000] "GET /d1/352/AUTH_5b4b45fa43af4f24bc89f2a65143b996/gnocchi.63f27f46-edbc-42a1-9fec-252c57a4bb8e/1769040000.0_mean_300.0_v3" 404 70 "GET http://172.18.0.2:8080/v1/AUTH_5b4b45fa43af4f24bc89f2a65143b996/gnocchi.63f27f46-edbc-42a1-9fec-252c57a4bb8e/1769040000.0_mean_300.0_v3" "tx3fb26112661e4164b4fea-00697cbec0" "proxy-server 20" 0.0005 "-" 24 0
Jan 30 14:22:56 standalone proxy-server[129720]: 172.18.0.2 172.18.0.100 30/Jan/2026/14/22/56 GET /v1/AUTH_5b4b45fa43af4f24bc89f2a65143b996/gnocchi.63f27f46-edbc-42a1-9fec-252c57a4bb8e/1769040000.0_mean_300.0_v3 HTTP/1.0 404 - python-swiftclient-3.11.1 gAAAAABpfL4XpeS_... - 70 - tx3fb26112661e4164b4fea-00697cbec0 - 0.0081 - - 1769782976.226708412 1769782976.234830618 0
Jan 30 14:22:56 standalone object-server[127894]: 172.20.0.100 - - [30/Jan/2026:14:22:56 +0000] "GET /d1/357/AUTH_5b4b45fa43af4f24bc89f2a65143b996/gnocchi.6c601b43-efc2-4f5a-83b3-5c03d9b75f0e/1769040000.0_mean_300.0_v3" 404 70 "GET http://172.18.0.2:8080/v1/AUTH_5b4b45fa43af4f24bc89f2a65143b996/gnocchi.6c601b43-efc2-4f5a-83b3-5c03d9b75f0e/1769040000.0_mean_300.0_v3" "tx203c6038176441a6b0365-00697cbec0" "proxy-server 20" 0.0006 "-" 25 0
Jan 30 14:22:56 standalone proxy-server[129720]: 172.18.0.2 172.18.0.100 30/Jan/2026/14/22/56 GET /v1/AUTH_5b4b45fa43af4f24bc89f2a65143b996/gnocchi.6c601b43-efc2-4f5a-83b3-5c03d9b75f0e/1769040000.0_mean_300.0_v3 HTTP/1.0 404 - python-swiftclient-3.11.1 gAAAAABpfL4XpeS_... - 70 - tx203c6038176441a6b0365-00697cbec0 - 0.0074 - - 1769782976.238026142 1769782976.245439291 0
Jan 30 14:22:56 standalone container-server[127712]: 172.20.0.100 - - [30/Jan/2026:14:22:56 +0000] "PUT /d1/443/AUTH_5b4b45fa43af4f24bc89f2a65143b996/gnocchi.63f27f46-edbc-42a1-9fec-252c57a4bb8e/1769040000.0_mean_300.0_v3" 201 - "PUT http://172.18.0.2:8080/d1/352/AUTH_5b4b45fa43af4f24bc89f2a65143b996/gnocchi.63f27f46-edbc-42a1-9fec-252c57a4bb8e/1769040000.0_mean_300.0_v3" "txff553fc410db4b0d860ba-00697cbec0" "object-server 22" 0.0007 "-" 16 0
Jan 30 14:22:56 standalone object-server[127891]: 172.20.0.100 - - [30/Jan/2026:14:22:56 +0000] "PUT /d1/352/AUTH_5b4b45fa43af4f24bc89f2a65143b996/gnocchi.63f27f46-edbc-42a1-9fec-252c57a4bb8e/1769040000.0_mean_300.0_v3" 201 - "PUT http://172.18.0.2:8080/v1/AUTH_5b4b45fa43af4f24bc89f2a65143b996/gnocchi.63f27f46-edbc-42a1-9fec-252c57a4bb8e/1769040000.0_mean_300.0_v3" "txff553fc410db4b0d860ba-00697cbec0" "proxy-server 20" 0.0142 "-" 22 0
Jan 30 14:22:56 standalone proxy-server[129720]: 172.18.0.2 172.18.0.100 30/Jan/2026/14/22/56 PUT /v1/AUTH_5b4b45fa43af4f24bc89f2a65143b996/gnocchi.63f27f46-edbc-42a1-9fec-252c57a4bb8e/1769040000.0_mean_300.0_v3 HTTP/1.0 201 - python-swiftclient-3.11.1 gAAAAABpfL4XpeS_... 16 - - txff553fc410db4b0d860ba-00697cbec0 - 0.0201 - - 1769782976.249104023 1769782976.269176722 0
Jan 30 14:22:56 standalone container-server[127732]: 172.20.0.100 - - [30/Jan/2026:14:22:56 +0000] "PUT /d1/622/AUTH_5b4b45fa43af4f24bc89f2a65143b996/gnocchi.6c601b43-efc2-4f5a-83b3-5c03d9b75f0e/1769040000.0_mean_300.0_v3" 201 - "PUT http://172.18.0.2:8080/d1/357/AUTH_5b4b45fa43af4f24bc89f2a65143b996/gnocchi.6c601b43-efc2-4f5a-83b3-5c03d9b75f0e/1769040000.0_mean_300.0_v3" "txb86ef46c360f46618f4c2-00697cbec0" "object-server 24" 0.0007 "-" 17 0
Jan 30 14:22:56 standalone object-server[127893]: 172.20.0.100 - - [30/Jan/2026:14:22:56 +0000] "PUT /d1/357/AUTH_5b4b45fa43af4f24bc89f2a65143b996/gnocchi.6c601b43-efc2-4f5a-83b3-5c03d9b75f0e/1769040000.0_mean_300.0_v3" 201 - "PUT http://172.18.0.2:8080/v1/AUTH_5b4b45fa43af4f24bc89f2a65143b996/gnocchi.6c601b43-efc2-4f5a-83b3-5c03d9b75f0e/1769040000.0_mean_300.0_v3" "txb86ef46c360f46618f4c2-00697cbec0" "proxy-server 20" 0.0249 "-" 24 0
Jan 30 14:22:56 standalone proxy-server[129720]: 172.18.0.2 172.18.0.100 30/Jan/2026/14/22/56 PUT /v1/AUTH_5b4b45fa43af4f24bc89f2a65143b996/gnocchi.6c601b43-efc2-4f5a-83b3-5c03d9b75f0e/1769040000.0_mean_300.0_v3 HTTP/1.0 201 - python-swiftclient-3.11.1 gAAAAABpfL4XpeS_... 16 - - txb86ef46c360f46618f4c2-00697cbec0 - 0.0320 - - 1769782976.274264812 1769782976.306235313 0
Jan 30 14:22:56 standalone container-server[127696]: 172.20.0.100 - - [30/Jan/2026:14:22:56 +0000] "PUT /d1/443/AUTH_5b4b45fa43af4f24bc89f2a65143b996/gnocchi.63f27f46-edbc-42a1-9fec-252c57a4bb8e/none_v3" 201 - "PUT http://172.18.0.2:8080/d1/823/AUTH_5b4b45fa43af4f24bc89f2a65143b996/gnocchi.63f27f46-edbc-42a1-9fec-252c57a4bb8e/none_v3" "tx768bee5088ee41ef850b3-00697cbec0" "object-server 25" 0.0006 "-" 14 0
Jan 30 14:22:56 standalone object-server[127894]: 172.20.0.100 - - [30/Jan/2026:14:22:56 +0000] "PUT /d1/823/AUTH_5b4b45fa43af4f24bc89f2a65143b996/gnocchi.63f27f46-edbc-42a1-9fec-252c57a4bb8e/none_v3" 201 - "PUT http://172.18.0.2:8080/v1/AUTH_5b4b45fa43af4f24bc89f2a65143b996/gnocchi.63f27f46-edbc-42a1-9fec-252c57a4bb8e/none_v3" "tx768bee5088ee41ef850b3-00697cbec0" "proxy-server 20" 0.0303 "-" 25 0
Jan 30 14:22:56 standalone proxy-server[129720]: 172.18.0.2 172.18.0.100 30/Jan/2026/14/22/56 PUT /v1/AUTH_5b4b45fa43af4f24bc89f2a65143b996/gnocchi.63f27f46-edbc-42a1-9fec-252c57a4bb8e/none_v3 HTTP/1.0 201 - python-swiftclient-3.11.1 gAAAAABpfL4XpeS_... 22 - - tx768bee5088ee41ef850b3-00697cbec0 - 0.0360 - - 1769782976.310496330 1769782976.346524715 0
Jan 30 14:22:56 standalone container-server[127712]: 172.20.0.100 - - [30/Jan/2026:14:22:56 +0000] "PUT /d1/622/AUTH_5b4b45fa43af4f24bc89f2a65143b996/gnocchi.6c601b43-efc2-4f5a-83b3-5c03d9b75f0e/none_v3" 201 - "PUT http://172.18.0.2:8080/d1/974/AUTH_5b4b45fa43af4f24bc89f2a65143b996/gnocchi.6c601b43-efc2-4f5a-83b3-5c03d9b75f0e/none_v3" "tx2d0cf836dab34e248e087-00697cbec0" "object-server 25" 0.0006 "-" 16 0
Jan 30 14:22:56 standalone object-server[127894]: 172.20.0.100 - - [30/Jan/2026:14:22:56 +0000] "PUT /d1/974/AUTH_5b4b45fa43af4f24bc89f2a65143b996/gnocchi.6c601b43-efc2-4f5a-83b3-5c03d9b75f0e/none_v3" 201 - "PUT http://172.18.0.2:8080/v1/AUTH_5b4b45fa43af4f24bc89f2a65143b996/gnocchi.6c601b43-efc2-4f5a-83b3-5c03d9b75f0e/none_v3" "tx2d0cf836dab34e248e087-00697cbec0" "proxy-server 20" 0.0087 "-" 25 0
Jan 30 14:22:56 standalone proxy-server[129720]: 172.18.0.2 172.18.0.100 30/Jan/2026/14/22/56 PUT /v1/AUTH_5b4b45fa43af4f24bc89f2a65143b996/gnocchi.6c601b43-efc2-4f5a-83b3-5c03d9b75f0e/none_v3 HTTP/1.0 201 - python-swiftclient-3.11.1 gAAAAABpfL4XpeS_... 22 - - tx2d0cf836dab34e248e087-00697cbec0 - 0.0160 - - 1769782976.350180149 1769782976.366144657 0
Jan 30 14:22:56 standalone container-server[127698]: 172.20.0.100 - - [30/Jan/2026:14:22:56 +0000] "HEAD /d1/596/AUTH_5b4b45fa43af4f24bc89f2a65143b996/gnocchi.f49844cd-7793-4cd9-a477-c0378ca6ea3e" 404 - "HEAD http://172.18.0.2:8080/v1/AUTH_5b4b45fa43af4f24bc89f2a65143b996/gnocchi.f49844cd-7793-4cd9-a477-c0378ca6ea3e?format=json&states=listing" "tx9d64b08995ce414b823dc-00697cbec0" "proxy-server 20" 0.0005 "-" 15 0
Jan 30 14:22:56 standalone object-server[127893]: 172.20.0.100 - - [30/Jan/2026:14:22:56 +0000] "GET /d1/249/AUTH_5b4b45fa43af4f24bc89f2a65143b996/gnocchi.f49844cd-7793-4cd9-a477-c0378ca6ea3e/none_v3" 404 70 "GET http://172.18.0.2:8080/v1/AUTH_5b4b45fa43af4f24bc89f2a65143b996/gnocchi.f49844cd-7793-4cd9-a477-c0378ca6ea3e/none_v3" "tx9d64b08995ce414b823dc-00697cbec0" "proxy-server 20" 0.0004 "-" 24 0
Jan 30 14:22:56 standalone proxy-server[129720]: 172.18.0.2 172.18.0.100 30/Jan/2026/14/22/56 GET /v1/AUTH_5b4b45fa43af4f24bc89f2a65143b996/gnocchi.f49844cd-7793-4cd9-a477-c0378ca6ea3e/none_v3 HTTP/1.0 404 - python-swiftclient-3.11.1 gAAAAABpfL4XpeS_... - 70 - tx9d64b08995ce414b823dc-00697cbec0 - 0.0116 - - 1769782976.389759302 1769782976.401406288 0
Jan 30 14:22:56 standalone account-server[127582]: 172.20.0.100 - - [30/Jan/2026:14:22:56 +0000] "PUT /d1/347/AUTH_5b4b45fa43af4f24bc89f2a65143b996/gnocchi.f49844cd-7793-4cd9-a477-c0378ca6ea3e" 201 - "PUT http://172.20.0.100:6001/d1/596/AUTH_5b4b45fa43af4f24bc89f2a65143b996/gnocchi.f49844cd-7793-4cd9-a477-c0378ca6ea3e" "txacdeb834b5fa4033bc7ef-00697cbec0" "container-server 16" 0.0221 "-" 22 0
Jan 30 14:22:56 standalone container-server[127712]: 172.20.0.100 - - [30/Jan/2026:14:22:56 +0000] "PUT /d1/596/AUTH_5b4b45fa43af4f24bc89f2a65143b996/gnocchi.f49844cd-7793-4cd9-a477-c0378ca6ea3e" 201 - "PUT http://172.18.0.2:8080/v1/AUTH_5b4b45fa43af4f24bc89f2a65143b996/gnocchi.f49844cd-7793-4cd9-a477-c0378ca6ea3e" "txacdeb834b5fa4033bc7ef-00697cbec0" "proxy-server 20" 0.0645 "-" 16 0
Jan 30 14:22:56 standalone proxy-server[129720]: 172.18.0.2 172.18.0.100 30/Jan/2026/14/22/56 PUT /v1/AUTH_5b4b45fa43af4f24bc89f2a65143b996/gnocchi.f49844cd-7793-4cd9-a477-c0378ca6ea3e HTTP/1.0 201 - python-swiftclient-3.11.1 gAAAAABpfL4XpeS_... - - - txacdeb834b5fa4033bc7ef-00697cbec0 - 0.0699 - - 1769782976.405029058 1769782976.474967003 0
Jan 30 14:22:56 standalone container-server[127732]: 172.20.0.100 - - [30/Jan/2026:14:22:56 +0000] "HEAD /d1/596/AUTH_5b4b45fa43af4f24bc89f2a65143b996/gnocchi.f49844cd-7793-4cd9-a477-c0378ca6ea3e" 204 - "HEAD http://172.18.0.2:8080/v1/AUTH_5b4b45fa43af4f24bc89f2a65143b996/gnocchi.f49844cd-7793-4cd9-a477-c0378ca6ea3e?format=json&states=listing" "txb9020ffec7bd48c180bca-00697cbec0" "proxy-server 20" 0.0012 "-" 17 0
Jan 30 14:22:56 standalone proxy-server[129720]: - - 30/Jan/2026/14/22/56 HEAD /v1/AUTH_5b4b45fa43af4f24bc89f2a65143b996/gnocchi.f49844cd-7793-4cd9-a477-c0378ca6ea3e%3Fformat%3Djson%26states%3Dlisting HTTP/1.0 204 - Swift - - - - txb9020ffec7bd48c180bca-00697cbec0 - 0.0040 RL - 1769782976.478810787 1769782976.482782125 0
Jan 30 14:22:56 standalone container-server[127732]: 172.20.0.100 - - [30/Jan/2026:14:22:56 +0000] "GET /d1/596/AUTH_5b4b45fa43af4f24bc89f2a65143b996/gnocchi.f49844cd-7793-4cd9-a477-c0378ca6ea3e" 200 2 "GET http://172.18.0.2:8080/v1/AUTH_5b4b45fa43af4f24bc89f2a65143b996/gnocchi.f49844cd-7793-4cd9-a477-c0378ca6ea3e?format=json&states=listing" "txb9020ffec7bd48c180bca-00697cbec0" "proxy-server 20" 0.0016 "-" 17 0
Jan 30 14:22:56 standalone proxy-server[129720]: 172.18.0.2 172.18.0.100 30/Jan/2026/14/22/56 GET /v1/AUTH_5b4b45fa43af4f24bc89f2a65143b996/gnocchi.f49844cd-7793-4cd9-a477-c0378ca6ea3e%3Fformat%3Djson%26states%3Dlisting HTTP/1.0 200 - python-swiftclient-3.11.1 gAAAAABpfL4XpeS_... - 2 - txb9020ffec7bd48c180bca-00697cbec0 - 0.0106 - - 1769782976.477896452 1769782976.488520384 0
Jan 30 14:22:56 standalone object-server[127894]: 172.20.0.100 - - [30/Jan/2026:14:22:56 +0000] "GET /d1/563/AUTH_5b4b45fa43af4f24bc89f2a65143b996/gnocchi.f49844cd-7793-4cd9-a477-c0378ca6ea3e/1769040000.0_mean_300.0_v3" 404 70 "GET http://172.18.0.2:8080/v1/AUTH_5b4b45fa43af4f24bc89f2a65143b996/gnocchi.f49844cd-7793-4cd9-a477-c0378ca6ea3e/1769040000.0_mean_300.0_v3" "txa902df81dfee46319294a-00697cbec0" "proxy-server 20" 0.0004 "-" 25 0
Jan 30 14:22:56 standalone proxy-server[129720]: 172.18.0.2 172.18.0.100 30/Jan/2026/14/22/56 GET /v1/AUTH_5b4b45fa43af4f24bc89f2a65143b996/gnocchi.f49844cd-7793-4cd9-a477-c0378ca6ea3e/1769040000.0_mean_300.0_v3 HTTP/1.0 404 - python-swiftclient-3.11.1 gAAAAABpfL4XpeS_... - 70 - txa902df81dfee46319294a-00697cbec0 - 0.0047 - - 1769782976.491361856 1769782976.496097088 0
Jan 30 14:22:56 standalone container-server[127712]: 172.20.0.100 - - [30/Jan/2026:14:22:56 +0000] "PUT /d1/596/AUTH_5b4b45fa43af4f24bc89f2a65143b996/gnocchi.f49844cd-7793-4cd9-a477-c0378ca6ea3e/1769040000.0_mean_300.0_v3" 201 - "PUT http://172.18.0.2:8080/d1/563/AUTH_5b4b45fa43af4f24bc89f2a65143b996/gnocchi.f49844cd-7793-4cd9-a477-c0378ca6ea3e/1769040000.0_mean_300.0_v3" "tx83cc68dc0b274008afd0e-00697cbec0" "object-server 24" 0.0007 "-" 16 0
Jan 30 14:22:56 standalone object-server[127893]: 172.20.0.100 - - [30/Jan/2026:14:22:56 +0000] "PUT /d1/563/AUTH_5b4b45fa43af4f24bc89f2a65143b996/gnocchi.f49844cd-7793-4cd9-a477-c0378ca6ea3e/1769040000.0_mean_300.0_v3" 201 - "PUT http://172.18.0.2:8080/v1/AUTH_5b4b45fa43af4f24bc89f2a65143b996/gnocchi.f49844cd-7793-4cd9-a477-c0378ca6ea3e/1769040000.0_mean_300.0_v3" "tx83cc68dc0b274008afd0e-00697cbec0" "proxy-server 20" 0.0217 "-" 24 0
Jan 30 14:22:56 standalone proxy-server[129720]: 172.18.0.2 172.18.0.100 30/Jan/2026/14/22/56 PUT /v1/AUTH_5b4b45fa43af4f24bc89f2a65143b996/gnocchi.f49844cd-7793-4cd9-a477-c0378ca6ea3e/1769040000.0_mean_300.0_v3 HTTP/1.0 201 - python-swiftclient-3.11.1 gAAAAABpfL4XpeS_... 16 - - tx83cc68dc0b274008afd0e-00697cbec0 - 0.0289 - - 1769782976.500088215 1769782976.528947353 0
Jan 30 14:22:56 standalone container-server[127712]: 172.20.0.100 - - [30/Jan/2026:14:22:56 +0000] "PUT /d1/596/AUTH_5b4b45fa43af4f24bc89f2a65143b996/gnocchi.f49844cd-7793-4cd9-a477-c0378ca6ea3e/none_v3" 201 - "PUT http://172.18.0.2:8080/d1/249/AUTH_5b4b45fa43af4f24bc89f2a65143b996/gnocchi.f49844cd-7793-4cd9-a477-c0378ca6ea3e/none_v3" "tx09332dbc7da74a5385446-00697cbec0" "object-server 22" 0.0009 "-" 16 0
Jan 30 14:22:56 standalone object-server[127891]: 172.20.0.100 - - [30/Jan/2026:14:22:56 +0000] "PUT /d1/249/AUTH_5b4b45fa43af4f24bc89f2a65143b996/gnocchi.f49844cd-7793-4cd9-a477-c0378ca6ea3e/none_v3" 201 - "PUT http://172.18.0.2:8080/v1/AUTH_5b4b45fa43af4f24bc89f2a65143b996/gnocchi.f49844cd-7793-4cd9-a477-c0378ca6ea3e/none_v3" "tx09332dbc7da74a5385446-00697cbec0" "proxy-server 20" 0.1140 "-" 22 0
Jan 30 14:22:56 standalone proxy-server[129720]: 172.18.0.2 172.18.0.100 30/Jan/2026/14/22/56 PUT /v1/AUTH_5b4b45fa43af4f24bc89f2a65143b996/gnocchi.f49844cd-7793-4cd9-a477-c0378ca6ea3e/none_v3 HTTP/1.0 201 - python-swiftclient-3.11.1 gAAAAABpfL4XpeS_... 22 - - tx09332dbc7da74a5385446-00697cbec0 - 0.1204 - - 1769782976.532377958 1769782976.652816534 0
Jan 30 14:22:56 standalone container-server[127712]: 172.20.0.100 - - [30/Jan/2026:14:22:56 +0000] "HEAD /d1/168/AUTH_5b4b45fa43af4f24bc89f2a65143b996/gnocchi.e16f5005-2c94-41f0-ae52-bd37f9682112" 404 - "HEAD http://172.18.0.2:8080/v1/AUTH_5b4b45fa43af4f24bc89f2a65143b996/gnocchi.e16f5005-2c94-41f0-ae52-bd37f9682112?format=json&states=listing" "tx1905ef2db2b743a88eed2-00697cbec0" "proxy-server 20" 0.0006 "-" 16 0
Jan 30 14:22:56 standalone object-server[127893]: 172.20.0.100 - - [30/Jan/2026:14:22:56 +0000] "GET /d1/743/AUTH_5b4b45fa43af4f24bc89f2a65143b996/gnocchi.e16f5005-2c94-41f0-ae52-bd37f9682112/none_v3" 404 70 "GET http://172.18.0.2:8080/v1/AUTH_5b4b45fa43af4f24bc89f2a65143b996/gnocchi.e16f5005-2c94-41f0-ae52-bd37f9682112/none_v3" "tx1905ef2db2b743a88eed2-00697cbec0" "proxy-server 20" 0.0009 "-" 24 0
Jan 30 14:22:56 standalone proxy-server[129720]: 172.18.0.2 172.18.0.100 30/Jan/2026/14/22/56 GET /v1/AUTH_5b4b45fa43af4f24bc89f2a65143b996/gnocchi.e16f5005-2c94-41f0-ae52-bd37f9682112/none_v3 HTTP/1.0 404 - python-swiftclient-3.11.1 gAAAAABpfL4XpeS_... - 70 - tx1905ef2db2b743a88eed2-00697cbec0 - 0.0161 - - 1769782976.668640614 1769782976.684740067 0
Jan 30 14:22:56 standalone account-server[127575]: 172.20.0.100 - - [30/Jan/2026:14:22:56 +0000] "PUT /d1/347/AUTH_5b4b45fa43af4f24bc89f2a65143b996/gnocchi.e16f5005-2c94-41f0-ae52-bd37f9682112" 201 - "PUT http://172.20.0.100:6001/d1/168/AUTH_5b4b45fa43af4f24bc89f2a65143b996/gnocchi.e16f5005-2c94-41f0-ae52-bd37f9682112" "tx802c1a40c82e4c3a8ef1a-00697cbec0" "container-server 16" 0.0226 "-" 21 0
Jan 30 14:22:56 standalone container-server[127712]: 172.20.0.100 - - [30/Jan/2026:14:22:56 +0000] "PUT /d1/168/AUTH_5b4b45fa43af4f24bc89f2a65143b996/gnocchi.e16f5005-2c94-41f0-ae52-bd37f9682112" 201 - "PUT http://172.18.0.2:8080/v1/AUTH_5b4b45fa43af4f24bc89f2a65143b996/gnocchi.e16f5005-2c94-41f0-ae52-bd37f9682112" "tx802c1a40c82e4c3a8ef1a-00697cbec0" "proxy-server 20" 0.0694 "-" 16 0
Jan 30 14:22:56 standalone proxy-server[129720]: 172.18.0.2 172.18.0.100 30/Jan/2026/14/22/56 PUT /v1/AUTH_5b4b45fa43af4f24bc89f2a65143b996/gnocchi.e16f5005-2c94-41f0-ae52-bd37f9682112 HTTP/1.0 201 - python-swiftclient-3.11.1 gAAAAABpfL4XpeS_... - - - tx802c1a40c82e4c3a8ef1a-00697cbec0 - 0.0764 - - 1769782976.691098452 1769782976.767522573 0
Jan 30 14:22:56 standalone container-server[127712]: 172.20.0.100 - - [30/Jan/2026:14:22:56 +0000] "HEAD /d1/168/AUTH_5b4b45fa43af4f24bc89f2a65143b996/gnocchi.e16f5005-2c94-41f0-ae52-bd37f9682112" 204 - "HEAD http://172.18.0.2:8080/v1/AUTH_5b4b45fa43af4f24bc89f2a65143b996/gnocchi.e16f5005-2c94-41f0-ae52-bd37f9682112?format=json&states=listing" "tx99eb9ed57abd4fe4840ed-00697cbec0" "proxy-server 20" 0.0024 "-" 16 0
Jan 30 14:22:56 standalone proxy-server[129720]: - - 30/Jan/2026/14/22/56 HEAD /v1/AUTH_5b4b45fa43af4f24bc89f2a65143b996/gnocchi.e16f5005-2c94-41f0-ae52-bd37f9682112%3Fformat%3Djson%26states%3Dlisting HTTP/1.0 204 - Swift - - - - tx99eb9ed57abd4fe4840ed-00697cbec0 - 0.0060 RL - 1769782976.773704052 1769782976.779738903 0
Jan 30 14:22:56 standalone container-server[127696]: 172.20.0.100 - - [30/Jan/2026:14:22:56 +0000] "GET /d1/168/AUTH_5b4b45fa43af4f24bc89f2a65143b996/gnocchi.e16f5005-2c94-41f0-ae52-bd37f9682112" 200 2 "GET http://172.18.0.2:8080/v1/AUTH_5b4b45fa43af4f24bc89f2a65143b996/gnocchi.e16f5005-2c94-41f0-ae52-bd37f9682112?format=json&states=listing" "tx99eb9ed57abd4fe4840ed-00697cbec0" "proxy-server 20" 0.0017 "-" 14 0
Jan 30 14:22:56 standalone proxy-server[129720]: 172.18.0.2 172.18.0.100 30/Jan/2026/14/22/56 GET /v1/AUTH_5b4b45fa43af4f24bc89f2a65143b996/gnocchi.e16f5005-2c94-41f0-ae52-bd37f9682112%3Fformat%3Djson%26states%3Dlisting HTTP/1.0 200 - python-swiftclient-3.11.1 gAAAAABpfL4XpeS_... - 2 - tx99eb9ed57abd4fe4840ed-00697cbec0 - 0.0149 - - 1769782976.772337437 1769782976.787202358 0
Jan 30 14:22:56 standalone object-server[127892]: 172.20.0.100 - - [30/Jan/2026:14:22:56 +0000] "GET /d1/218/AUTH_5b4b45fa43af4f24bc89f2a65143b996/gnocchi.e16f5005-2c94-41f0-ae52-bd37f9682112/1769040000.0_mean_300.0_v3" 404 70 "GET http://172.18.0.2:8080/v1/AUTH_5b4b45fa43af4f24bc89f2a65143b996/gnocchi.e16f5005-2c94-41f0-ae52-bd37f9682112/1769040000.0_mean_300.0_v3" "txdb1d13e39d8d44248ed80-00697cbec0" "proxy-server 20" 0.0006 "-" 23 0
Jan 30 14:22:56 standalone proxy-server[129720]: 172.18.0.2 172.18.0.100 30/Jan/2026/14/22/56 GET /v1/AUTH_5b4b45fa43af4f24bc89f2a65143b996/gnocchi.e16f5005-2c94-41f0-ae52-bd37f9682112/1769040000.0_mean_300.0_v3 HTTP/1.0 404 - python-swiftclient-3.11.1 gAAAAABpfL4XpeS_... - 70 - txdb1d13e39d8d44248ed80-00697cbec0 - 0.0063 - - 1769782976.792028427 1769782976.798299313 0
Jan 30 14:22:56 standalone container-server[127732]: 172.20.0.100 - - [30/Jan/2026:14:22:56 +0000] "PUT /d1/168/AUTH_5b4b45fa43af4f24bc89f2a65143b996/gnocchi.e16f5005-2c94-41f0-ae52-bd37f9682112/1769040000.0_mean_300.0_v3" 201 - "PUT http://172.18.0.2:8080/d1/218/AUTH_5b4b45fa43af4f24bc89f2a65143b996/gnocchi.e16f5005-2c94-41f0-ae52-bd37f9682112/1769040000.0_mean_300.0_v3" "txadd8e8f7758c482990e2b-00697cbec0" "object-server 24" 0.0009 "-" 17 0
Jan 30 14:22:56 standalone object-server[127893]: 172.20.0.100 - - [30/Jan/2026:14:22:56 +0000] "PUT /d1/218/AUTH_5b4b45fa43af4f24bc89f2a65143b996/gnocchi.e16f5005-2c94-41f0-ae52-bd37f9682112/1769040000.0_mean_300.0_v3" 201 - "PUT http://172.18.0.2:8080/v1/AUTH_5b4b45fa43af4f24bc89f2a65143b996/gnocchi.e16f5005-2c94-41f0-ae52-bd37f9682112/1769040000.0_mean_300.0_v3" "txadd8e8f7758c482990e2b-00697cbec0" "proxy-server 20" 0.0198 "-" 24 0
Jan 30 14:22:56 standalone proxy-server[129720]: 172.18.0.2 172.18.0.100 30/Jan/2026/14/22/56 PUT /v1/AUTH_5b4b45fa43af4f24bc89f2a65143b996/gnocchi.e16f5005-2c94-41f0-ae52-bd37f9682112/1769040000.0_mean_300.0_v3 HTTP/1.0 201 - python-swiftclient-3.11.1 gAAAAABpfL4XpeS_... 16 - - txadd8e8f7758c482990e2b-00697cbec0 - 0.0263 - - 1769782976.801610231 1769782976.827931881 0
Jan 30 14:22:56 standalone container-server[127698]: 172.20.0.100 - - [30/Jan/2026:14:22:56 +0000] "PUT /d1/168/AUTH_5b4b45fa43af4f24bc89f2a65143b996/gnocchi.e16f5005-2c94-41f0-ae52-bd37f9682112/none_v3" 201 - "PUT http://172.18.0.2:8080/d1/743/AUTH_5b4b45fa43af4f24bc89f2a65143b996/gnocchi.e16f5005-2c94-41f0-ae52-bd37f9682112/none_v3" "tx61ef88dc96294cfeb081f-00697cbec0" "object-server 24" 0.0008 "-" 15 0
Jan 30 14:22:56 standalone object-server[127893]: 172.20.0.100 - - [30/Jan/2026:14:22:56 +0000] "PUT /d1/743/AUTH_5b4b45fa43af4f24bc89f2a65143b996/gnocchi.e16f5005-2c94-41f0-ae52-bd37f9682112/none_v3" 201 - "PUT http://172.18.0.2:8080/v1/AUTH_5b4b45fa43af4f24bc89f2a65143b996/gnocchi.e16f5005-2c94-41f0-ae52-bd37f9682112/none_v3" "tx61ef88dc96294cfeb081f-00697cbec0" "proxy-server 20" 0.0177 "-" 24 0
Jan 30 14:22:56 standalone proxy-server[129720]: 172.18.0.2 172.18.0.100 30/Jan/2026/14/22/56 PUT /v1/AUTH_5b4b45fa43af4f24bc89f2a65143b996/gnocchi.e16f5005-2c94-41f0-ae52-bd37f9682112/none_v3 HTTP/1.0 201 - python-swiftclient-3.11.1 gAAAAABpfL4XpeS_... 22 - - tx61ef88dc96294cfeb081f-00697cbec0 - 0.0234 - - 1769782976.835856199 1769782976.859261036 0
